180.175.214.200 - - [17/Jul/2020:10:01:06 +0800] "GET /xingrg/check_reg.html?_=1594951470905 HTTP/1.1" 200 22
124.77.243.181 - - [17/Jul/2020:10:01:10 +0800] "GET /xingrg/check_reg.html?_=1594951253546 HTTP/1.1" 200 22
114.88.161.57 - - [17/Jul/2020:10:01:13 +0800] "GET /xingrg/kc/buy/cgsh_order_operate.html?command=get_materiel&rest_code=00111&code=00101015006&supplier_code=00100037&order_time=2020-07-17 HTTP/1.1" 200 412
124.77.236.199 - - [17/Jul/2020:10:01:14 +0800] "GET /xingrg/all/function/internal_message.html?_=1594951263966&CODE_STATE=getMsg HTTP/1.1" 200 27
114.88.161.57 - - [17/Jul/2020:10:01:15 +0800] "GET /xingrg/all/function/internal_message.html?_=1594951294935&CODE_STATE=getMsg HTTP/1.1" 200 27
124.77.236.199 - - [17/Jul/2020:10:01:15 +0800] "GET /xingrg/check_reg.html?_=1594951264296 HTTP/1.1" 200 22
114.88.161.57 - - [17/Jul/2020:10:01:20 +0800] "GET /xingrg/kc/buy/cgsh_order_operate.html?command=get_materiel&rest_code=00111&code=00101008090&supplier_code=00100037&order_time=2020-07-17 HTTP/1.1" 200 408
172.17.0.109 - - [17/Jul/2020:10:01:21 +0800] "GET /xingrg/all/function/internal_message.html?_=1594951276856&CODE_STATE=getMsg HTTP/1.1" 200 27
172.17.200.101 - - [17/Jul/2020:10:01:26 +0800] "GET /xingrg/all/function/internal_message.html?_=1594951285737&CODE_STATE=getMsg HTTP/1.1" 200 27
114.88.161.57 - - [17/Jul/2020:10:01:27 +0800] "GET /xingrg/kc/buy/cgsh_order_operate.html?command=get_materiel&rest_code=00111&code=00101015038&supplier_code=00100037&order_time=2020-07-17 HTTP/1.1" 200 418
222.69.136.210 - - [17/Jul/2020:10:01:28 +0800] "GET /xingrg/all/function/internal_message.html?_=1594951279439&CODE_STATE=getMsg HTTP/1.1" 200 27
114.88.161.57 - - [17/Jul/2020:10:01:34 +0800] "GET /xingrg/kc/buy/cgsh_order_operate.html?command=get_materiel&rest_code=00111&code=00101009016&supplier_code=00100037&order_time=2020-07-17 HTTP/1.1" 200 414
172.17.0.240 - - [17/Jul/2020:10:01:40 +0800] "GET /xingrg/all/function/internal_message.html?_=1594951296996&CODE_STATE=getMsg HTTP/1.1" 200 27
180.175.214.200 - - [17/Jul/2020:10:01:41 +0800] "GET /xingrg/all/function/internal_message.html?_=1594951505924&CODE_STATE=getMsg HTTP/1.1" 200 27
172.17.0.185 - - [17/Jul/2020:10:01:43 +0800] "GET /xingrg/all/function/internal_message.html?_=1594951299929&CODE_STATE=getMsg HTTP/1.1" 200 27
117.184.7.26 - - [17/Jul/2020:10:01:43 +0800] "GET /xingrg/all/function/internal_message.html?_=1594951298471&CODE_STATE=getMsg HTTP/1.1" 200 27
114.88.161.57 - - [17/Jul/2020:10:01:45 +0800] "GET /xingrg/kc/buy/cgsh_order_operate.html?command=get_materiel&rest_code=00111&code=00101009013&supplier_code=00100037&order_time=2020-07-17 HTTP/1.1" 200 439
172.17.0.123 - - [17/Jul/2020:10:01:50 +0800] "GET /xingrg/all/function/internal_message.html?_=1594951251301&CODE_STATE=getMsg HTTP/1.1" 200 27
114.88.161.57 - - [17/Jul/2020:10:01:52 +0800] "GET /xingrg/kc/buy/cgsh_order_operate.html?command=get_materiel&rest_code=00111&code=00101015046&supplier_code=00100037&order_time=2020-07-17 HTTP/1.1" 200 412
124.77.243.181 - - [17/Jul/2020:10:01:54 +0800] "GET /xingrg/all/function/internal_message.html?_=1594951297554&CODE_STATE=getMsg HTTP/1.1" 200 27
114.88.156.166 - - [17/Jul/2020:10:01:56 +0800] "GET /xingrg/check_reg.html?_=1594951310263 HTTP/1.1" 200 22
114.89.80.44 - - [17/Jul/2020:10:01:57 +0800] "GET /xingrg/all/function/internal_message.html?_=1594951312513&CODE_STATE=getMsg HTTP/1.1" 200 27
114.89.80.44 - - [17/Jul/2020:10:01:59 +0800] "GET /xingrg/all/function/internal_message.html?_=1594951449831&CODE_STATE=getMsg HTTP/1.1" 200 27
114.88.161.57 - - [17/Jul/2020:10:01:59 +0800] "GET /xingrg/kc/buy/cgsh_order_operate.html?command=get_materiel&rest_code=00111&code=00101015052&supplier_code=00100037&order_time=2020-07-17 HTTP/1.1" 200 413
58.40.7.146 - - [17/Jul/2020:10:02:02 +0800] "GET /xingrg/all/function/internal_message.html?_=1594951319717&CODE_STATE=getMsg HTTP/1.1" 200 27
58.40.7.146 - - [17/Jul/2020:10:02:02 +0800] "GET /xingrg/check_reg.html?_=1594951319719 HTTP/1.1" 200 22
116.232.54.66 - - [17/Jul/2020:10:02:03 +0800] "GET /xingrg/all/function/internal_message.html?_=1594951351500&CODE_STATE=getMsg HTTP/1.1" 200 27
116.232.54.66 - - [17/Jul/2020:10:02:03 +0800] "GET /xingrg/check_reg.html?_=1594951351500 HTTP/1.1" 200 22
124.77.243.181 - - [17/Jul/2020:10:02:03 +0800] "GET /xingrg/all/function/internal_message.html?_=1594951324748&CODE_STATE=getMsg HTTP/1.1" 200 27
114.88.161.57 - - [17/Jul/2020:10:02:06 +0800] "GET /xingrg/kc/buy/cgsh_order_operate.html?command=get_materiel&rest_code=00111&code=00101008324&supplier_code=00100037&order_time=2020-07-17 HTTP/1.1" 200 412
124.77.236.199 - - [17/Jul/2020:10:02:14 +0800] "GET /xingrg/all/function/internal_message.html?_=1594951323951&CODE_STATE=getMsg HTTP/1.1" 200 27
114.88.161.57 - - [17/Jul/2020:10:02:15 +0800] "GET /xingrg/check_reg.html?_=1594951355509 HTTP/1.1" 200 22
114.88.161.57 - - [17/Jul/2020:10:02:15 +0800] "GET /xingrg/all/function/internal_message.html?_=1594951355511&CODE_STATE=getMsg HTTP/1.1" 200 27
114.88.161.57 - - [17/Jul/2020:10:02:19 +0800] "GET /xingrg/kc/buy/cgsh_order_operate.html?command=get_materiel&rest_code=00111&code=00101008284&supplier_code=00100037&order_time=2020-07-17 HTTP/1.1" 200 412
172.17.0.109 - - [17/Jul/2020:10:02:21 +0800] "GET /xingrg/all/function/internal_message.html?_=1594951336856&CODE_STATE=getMsg HTTP/1.1" 200 27
172.17.200.101 - - [17/Jul/2020:10:02:26 +0800] "GET /xingrg/all/function/internal_message.html?_=1594951345741&CODE_STATE=getMsg HTTP/1.1" 200 27
172.17.200.101 - - [17/Jul/2020:10:02:26 +0800] "GET /xingrg/check_reg.html?_=1594951345745 HTTP/1.1" 200 22
222.69.136.210 - - [17/Jul/2020:10:02:28 +0800] "GET /xingrg/all/function/internal_message.html?_=1594951339442&CODE_STATE=getMsg HTTP/1.1" 200 27
114.88.161.57 - - [17/Jul/2020:10:02:28 +0800] "GET /xingrg/kc/buy/cgsh_order_operate.html?command=get_materiel&rest_code=00111&code=00101009063&supplier_code=00100037&order_time=2020-07-17 HTTP/1.1" 200 409
120.253.135.82 - - [17/Jul/2020:10:02:38 +0800] "GET /xingrg/check_reg.html?_=1594951110549 HTTP/1.1" 200 22
172.17.0.240 - - [17/Jul/2020:10:02:40 +0800] "GET /xingrg/all/function/internal_message.html?_=1594951356998&CODE_STATE=getMsg HTTP/1.1" 200 27
180.175.214.200 - - [17/Jul/2020:10:02:41 +0800] "GET /xingrg/all/function/internal_message.html?_=1594951565939&CODE_STATE=getMsg HTTP/1.1" 200 27
172.17.0.185 - - [17/Jul/2020:10:02:43 +0800] "GET /xingrg/all/function/internal_message.html?_=1594951359939&CODE_STATE=getMsg HTTP/1.1" 200 27
114.88.161.57 - - [17/Jul/2020:10:02:43 +0800] "GET /xingrg/kc/buy/cgsh_order_operate.html?command=get_materiel&rest_code=00111&code=00101012029&supplier_code=00100037&order_time=2020-07-17 HTTP/1.1" 200 412
117.184.7.26 - - [17/Jul/2020:10:02:43 +0800] "GET /xingrg/all/function/internal_message.html?_=1594951358471&CODE_STATE=getMsg HTTP/1.1" 200 27
120.253.135.82 - - [17/Jul/2020:10:02:49 +0800] "POST /xingrg/kc/pszx/mdps_list_operate.html HTTP/1.1" 200 3863
172.17.0.123 - - [17/Jul/2020:10:02:50 +0800] "GET /xingrg/all/function/internal_message.html?_=1594951311305&CODE_STATE=getMsg HTTP/1.1" 200 27
124.77.243.181 - - [17/Jul/2020:10:02:54 +0800] "GET /xingrg/all/function/internal_message.html?_=1594951357565&CODE_STATE=getMsg HTTP/1.1" 200 27
114.89.80.44 - - [17/Jul/2020:10:02:57 +0800] "GET /xingrg/all/function/internal_message.html?_=1594951372529&CODE_STATE=getMsg HTTP/1.1" 200 27
114.89.80.44 - - [17/Jul/2020:10:02:59 +0800] "GET /xingrg/all/function/internal_message.html?_=1594951509833&CODE_STATE=getMsg HTTP/1.1" 200 27
58.40.7.146 - - [17/Jul/2020:10:03:02 +0800] "GET /xingrg/all/function/internal_message.html?_=1594951379721&CODE_STATE=getMsg HTTP/1.1" 200 27
116.232.54.66 - - [17/Jul/2020:10:03:02 +0800] "GET /xingrg/all/function/internal_message.html?_=1594951411499&CODE_STATE=getMsg HTTP/1.1" 200 27
124.77.243.181 - - [17/Jul/2020:10:03:03 +0800] "GET /xingrg/all/function/internal_message.html?_=1594951384788&CODE_STATE=getMsg HTTP/1.1" 200 27
117.131.5.26 - - [17/Jul/2020:10:03:09 +0800] "POST /xingrg/services/DataTransmitService HTTP/1.1" 200 524
117.131.5.26 - - [17/Jul/2020:10:03:09 +0800] "POST /xingrg/services/DataTransmitService HTTP/1.1" 200 501
114.88.156.166 - - [17/Jul/2020:10:03:09 +0800] "GET /xingrg/check_reg.html?_=1594951053421 HTTP/1.1" 302 -
117.131.5.26 - - [17/Jul/2020:10:03:09 +0800] "POST /xingrg/services/DataTransmitService HTTP/1.1" 200 501
117.131.5.26 - - [17/Jul/2020:10:03:10 +0800] "POST /xingrg/services/DataTransmitService HTTP/1.1" 200 412
117.131.5.26 - - [17/Jul/2020:10:03:14 +0800] "GET /xingrg/check_reg.html?_=1594951385579 HTTP/1.1" 200 22
124.77.236.199 - - [17/Jul/2020:10:03:14 +0800] "GET /xingrg/all/function/internal_message.html?_=1594951383935&CODE_STATE=getMsg HTTP/1.1" 200 27
114.88.161.57 - - [17/Jul/2020:10:03:15 +0800] "GET /xingrg/all/function/internal_message.html?_=1594951415487&CODE_STATE=getMsg HTTP/1.1" 200 27
114.88.161.57 - - [17/Jul/2020:10:03:15 +0800] "GET /xingrg/kc/buy/cgsh_order_operate.html?command=get_materiel&rest_code=00111&code=00101016030&supplier_code=00100037&order_time=2020-07-17 HTTP/1.1" 200 412
120.253.135.82 - - [17/Jul/2020:10:03:19 +0800] "POST /xingrg/kc/pszx/mdps_list_operate.html HTTP/1.1" 200 532
120.253.135.82 - - [17/Jul/2020:10:03:21 +0800] "GET /xingrg/kc/pszx/mdps_order_info.html?code=312020071600400 HTTP/1.1" 200 23843
172.17.0.109 - - [17/Jul/2020:10:03:21 +0800] "GET /xingrg/all/function/internal_message.html?_=1594951396855&CODE_STATE=getMsg HTTP/1.1" 200 27
172.17.0.109 - - [17/Jul/2020:10:03:21 +0800] "GET /xingrg/check_reg.html?_=1594951396856 HTTP/1.1" 200 22
120.253.135.82 - - [17/Jul/2020:10:03:21 +0800] "POST /xingrg/kc/pszx/mdps_order_operate.html HTTP/1.1" 200 4297
120.253.135.82 - - [17/Jul/2020:10:03:21 +0800] "GET /xingrg/javascript/easyui/themes/default/validatebox.css HTTP/1.1" 404 1104
114.88.161.57 - - [17/Jul/2020:10:03:24 +0800] "GET /xingrg/kc/buy/cgsh_order_operate.html?command=get_materiel&rest_code=00111&code=00101016025&supplier_code=00100037&order_time=2020-07-17 HTTP/1.1" 200 427
180.175.214.200 - - [17/Jul/2020:10:03:24 +0800] "POST /xingrg/kc/buy/cgsh_list_operate.html HTTP/1.1" 200 568
172.17.200.101 - - [17/Jul/2020:10:03:26 +0800] "GET /xingrg/all/function/internal_message.html?_=1594951405745&CODE_STATE=getMsg HTTP/1.1" 200 27
222.69.136.210 - - [17/Jul/2020:10:03:28 +0800] "GET /xingrg/all/function/internal_message.html?_=1594951399441&CODE_STATE=getMsg HTTP/1.1" 200 27
180.175.214.200 - - [17/Jul/2020:10:03:28 +0800] "GET /xingrg/kc/buy/cgsh_order_info.html?code=212020071706869 HTTP/1.1" 200 59172
180.175.214.200 - - [17/Jul/2020:10:03:29 +0800] "GET /xingrg/javascript/easyui/themes/default/validatebox.css HTTP/1.1" 404 1104
180.175.214.200 - - [17/Jul/2020:10:03:29 +0800] "POST /xingrg/kc/buy/cgsh_order_operate.html HTTP/1.1" 200 16298
120.253.135.82 - - [17/Jul/2020:10:03:33 +0800] "POST /xingrg/kc/pszx/mdps_order_operate.html HTTP/1.1" 200 37
120.253.135.82 - - [17/Jul/2020:10:03:34 +0800] "POST /xingrg/kc/pszx/mdps_order_operate.html HTTP/1.1" 200 12
114.88.161.57 - - [17/Jul/2020:10:03:34 +0800] "GET /xingrg/kc/buy/cgsh_order_operate.html?command=get_materiel&rest_code=00111&code=00101020153&supplier_code=00100037&order_time=2020-07-17 HTTP/1.1" 200 408
120.253.135.82 - - [17/Jul/2020:10:03:37 +0800] "GET /xingrg/kc/pszx/mdps_order_info.html?code=312020071600400 HTTP/1.1" 200 19503
120.253.135.82 - - [17/Jul/2020:10:03:37 +0800] "POST /xingrg/kc/pszx/mdps_order_operate.html HTTP/1.1" 200 2498
120.253.135.82 - - [17/Jul/2020:10:03:37 +0800] "GET /xingrg/javascript/easyui/themes/default/validatebox.css HTTP/1.1" 404 1104
180.175.214.200 - - [17/Jul/2020:10:03:37 +0800] "GET /xingrg/kc/buy/cgsh_order_operate.html?command=get_materiel&rest_code=00102&code=00101009030&supplier_code=00100008&order_time=2020-07-17 HTTP/1.1" 200 412
120.253.135.82 - - [17/Jul/2020:10:03:40 +0800] "POST /xingrg/kc/pszx/mdps_list_operate.html HTTP/1.1" 200 3501
172.17.0.240 - - [17/Jul/2020:10:03:40 +0800] "GET /xingrg/all/function/internal_message.html?_=1594951417003&CODE_STATE=getMsg HTTP/1.1" 200 27
172.17.0.240 - - [17/Jul/2020:10:03:40 +0800] "GET /xingrg/check_reg.html?_=1594951417006 HTTP/1.1" 200 22
180.175.214.200 - - [17/Jul/2020:10:03:41 +0800] "GET /xingrg/all/function/internal_message.html?_=1594951625952&CODE_STATE=getMsg HTTP/1.1" 200 27
114.88.161.57 - - [17/Jul/2020:10:03:42 +0800] "GET /xingrg/kc/buy/cgsh_order_operate.html?command=get_materiel&rest_code=00111&code=00101007109&supplier_code=00100037&order_time=2020-07-17 HTTP/1.1" 200 408
172.17.0.185 - - [17/Jul/2020:10:03:43 +0800] "GET /xingrg/all/function/internal_message.html?_=1594951419932&CODE_STATE=getMsg HTTP/1.1" 200 27
117.184.7.26 - - [17/Jul/2020:10:03:43 +0800] "GET /xingrg/all/function/internal_message.html?_=1594951418472&CODE_STATE=getMsg HTTP/1.1" 200 27
124.77.243.181 - - [17/Jul/2020:10:03:45 +0800] "GET /xingrg/check_reg.html?_=1594951425930 HTTP/1.1" 200 22
172.17.0.123 - - [17/Jul/2020:10:03:50 +0800] "GET /xingrg/all/function/internal_message.html?_=1594951371305&CODE_STATE=getMsg HTTP/1.1" 200 27
172.17.0.123 - - [17/Jul/2020:10:03:50 +0800] "GET /xingrg/check_reg.html?_=1594951371307 HTTP/1.1" 200 22
114.88.161.57 - - [17/Jul/2020:10:03:51 +0800] "GET /xingrg/kc/buy/cgsh_order_operate.html?command=get_materiel&rest_code=00111&code=00101007117&supplier_code=00100037&order_time=2020-07-17 HTTP/1.1" 200 409
180.175.214.200 - - [17/Jul/2020:10:03:51 +0800] "GET /xingrg/kc/buy/cgsh_order_operate.html?command=get_materiel&rest_code=00102&code=00101008137&supplier_code=00100008&order_time=2020-07-17 HTTP/1.1" 200 408
120.253.135.82 - - [17/Jul/2020:10:03:55 +0800] "POST /xingrg/kc/pszx/mdps_list_operate.html HTTP/1.1" 200 589
124.77.243.181 - - [17/Jul/2020:10:03:55 +0800] "GET /xingrg/all/function/internal_message.html?_=1594951418019&CODE_STATE=getMsg HTTP/1.1" 200 27
120.253.135.82 - - [17/Jul/2020:10:03:55 +0800] "GET /xingrg/kc/pszx/mdps_order_info.html?code=312020071600390 HTTP/1.1" 200 23843
120.253.135.82 - - [17/Jul/2020:10:03:56 +0800] "GET /xingrg/javascript/easyui/themes/default/validatebox.css HTTP/1.1" 404 1104
120.253.135.82 - - [17/Jul/2020:10:03:56 +0800] "POST /xingrg/kc/pszx/mdps_order_operate.html HTTP/1.1" 200 15546
114.89.80.44 - - [17/Jul/2020:10:03:57 +0800] "GET /xingrg/all/function/internal_message.html?_=1594951432535&CODE_STATE=getMsg HTTP/1.1" 200 27
114.89.80.44 - - [17/Jul/2020:10:03:59 +0800] "GET /xingrg/all/function/internal_message.html?_=1594951569851&CODE_STATE=getMsg HTTP/1.1" 200 27
116.232.54.66 - - [17/Jul/2020:10:04:01 +0800] "GET /xingrg/all/function/internal_message.html?_=1594951471501&CODE_STATE=getMsg HTTP/1.1" 200 27
58.40.7.146 - - [17/Jul/2020:10:04:02 +0800] "GET /xingrg/all/function/internal_message.html?_=1594951439725&CODE_STATE=getMsg HTTP/1.1" 200 27
124.77.243.181 - - [17/Jul/2020:10:04:03 +0800] "GET /xingrg/all/function/internal_message.html?_=1594951444791&CODE_STATE=getMsg HTTP/1.1" 200 27
180.175.214.200 - - [17/Jul/2020:10:04:04 +0800] "POST /xingrg/kc/buy/cgsh_order_operate.html HTTP/1.1" 200 37
180.175.214.200 - - [17/Jul/2020:10:04:05 +0800] "POST /xingrg/kc/buy/cgsh_order_operate.html HTTP/1.1" 200 17482
120.253.135.82 - - [17/Jul/2020:10:04:11 +0800] "POST /xingrg/kc/pszx/mdps_order_operate.html HTTP/1.1" 200 37
120.253.135.82 - - [17/Jul/2020:10:04:11 +0800] "POST /xingrg/kc/pszx/mdps_order_operate.html HTTP/1.1" 200 12
120.253.135.82 - - [17/Jul/2020:10:04:14 +0800] "GET /xingrg/kc/pszx/mdps_order_info.html?code=312020071600390 HTTP/1.1" 200 19503
120.253.135.82 - - [17/Jul/2020:10:04:14 +0800] "POST /xingrg/kc/pszx/mdps_order_operate.html HTTP/1.1" 200 13658
120.253.135.82 - - [17/Jul/2020:10:04:14 +0800] "GET /xingrg/javascript/easyui/themes/default/validatebox.css HTTP/1.1" 404 1104
124.77.236.199 - - [17/Jul/2020:10:04:14 +0800] "GET /xingrg/all/function/internal_message.html?_=1594951443919&CODE_STATE=getMsg HTTP/1.1" 200 27
114.88.161.57 - - [17/Jul/2020:10:04:15 +0800] "GET /xingrg/all/function/internal_message.html?_=1594951475550&CODE_STATE=getMsg HTTP/1.1" 200 27
120.253.135.82 - - [17/Jul/2020:10:04:18 +0800] "POST /xingrg/kc/pszx/mdps_list_operate.html HTTP/1.1" 200 3135
114.88.161.57 - - [17/Jul/2020:10:04:19 +0800] "GET /xingrg/kc/buy/cgsh_order_operate.html?command=get_materiel&rest_code=00111&code=00101004056&supplier_code=00100037&order_time=2020-07-17 HTTP/1.1" 200 418
172.17.0.109 - - [17/Jul/2020:10:04:21 +0800] "GET /xingrg/all/function/internal_message.html?_=1594951456853&CODE_STATE=getMsg HTTP/1.1" 200 27
180.175.214.200 - - [17/Jul/2020:10:04:23 +0800] "POST /xingrg/kc/buy/cgsh_order_operate.html HTTP/1.1" 200 37
180.175.214.200 - - [17/Jul/2020:10:04:25 +0800] "POST /xingrg/kc/buy/cgsh_order_operate.html HTTP/1.1" 200 17482
172.17.200.101 - - [17/Jul/2020:10:04:26 +0800] "GET /xingrg/all/function/internal_message.html?_=1594951465747&CODE_STATE=getMsg HTTP/1.1" 200 27
222.69.136.210 - - [17/Jul/2020:10:04:28 +0800] "GET /xingrg/all/function/internal_message.html?_=1594951459456&CODE_STATE=getMsg HTTP/1.1" 200 27
222.69.136.210 - - [17/Jul/2020:10:04:28 +0800] "GET /xingrg/check_reg.html?_=1594951459461 HTTP/1.1" 200 22
114.88.161.57 - - [17/Jul/2020:10:04:28 +0800] "GET /xingrg/kc/buy/cgsh_order_operate.html?command=get_materiel&rest_code=00111&code=00101008257&supplier_code=00100037&order_time=2020-07-17 HTTP/1.1" 200 416
180.175.214.200 - - [17/Jul/2020:10:04:29 +0800] "POST /xingrg/kc/buy/cgsh_list_operate.html HTTP/1.1" 200 2385
114.89.80.44 - - [17/Jul/2020:10:04:33 +0800] "GET /xingrg/kc/base/yddb_order_list.html HTTP/1.1" 200 16867
114.89.80.44 - - [17/Jul/2020:10:04:33 +0800] "POST /xingrg/kc/base/yddb_list_operate.html HTTP/1.1" 200 583
180.175.214.200 - - [17/Jul/2020:10:04:37 +0800] "POST /xingrg/kc/buy/cgsh_list_operate.html HTTP/1.1" 200 562
120.253.135.82 - - [17/Jul/2020:10:04:37 +0800] "POST /xingrg/kc/pszx/mdps_list_operate.html HTTP/1.1" 200 202
114.89.80.44 - - [17/Jul/2020:10:04:38 +0800] "POST /xingrg/kc/base/yddb_list_operate.html HTTP/1.1" 200 1251
120.253.135.82 - - [17/Jul/2020:10:04:38 +0800] "GET /xingrg/kc/pszx/mdps_order_info.html?code=312020071500358 HTTP/1.1" 200 23843
120.253.135.82 - - [17/Jul/2020:10:04:38 +0800] "POST /xingrg/kc/pszx/mdps_order_operate.html HTTP/1.1" 200 2285
120.253.135.82 - - [17/Jul/2020:10:04:38 +0800] "GET /xingrg/javascript/easyui/themes/default/validatebox.css HTTP/1.1" 404 1104
114.89.80.44 - - [17/Jul/2020:10:04:40 +0800] "POST /xingrg/kc/base/yddb_list_operate.html HTTP/1.1" 200 207
172.17.0.240 - - [17/Jul/2020:10:04:40 +0800] "GET /xingrg/all/function/internal_message.html?_=1594951477009&CODE_STATE=getMsg HTTP/1.1" 200 27
114.89.80.44 - - [17/Jul/2020:10:04:40 +0800] "GET /xingrg/kc/base/yddb_order_info.html?code=482020071600141 HTTP/1.1" 200 31088
114.89.80.44 - - [17/Jul/2020:10:04:40 +0800] "GET /xingrg/css/blue.css HTTP/1.1" 304 -
114.89.80.44 - - [17/Jul/2020:10:04:40 +0800] "GET /xingrg/dwr/util.js HTTP/1.1" 304 -
114.89.80.44 - - [17/Jul/2020:10:04:40 +0800] "GET /xingrg/javascript/Calendar.js HTTP/1.1" 304 -
114.89.80.44 - - [17/Jul/2020:10:04:40 +0800] "GET /xingrg/javascript/checkform.js HTTP/1.1" 304 -
114.89.80.44 - - [17/Jul/2020:10:04:40 +0800] "GET /xingrg/javascript/myfunction.js HTTP/1.1" 304 -
114.89.80.44 - - [17/Jul/2020:10:04:40 +0800] "GET /xingrg/javascript/ToolTips.js HTTP/1.1" 304 -
114.89.80.44 - - [17/Jul/2020:10:04:40 +0800] "GET /xingrg/javascript/AjaxInfoList.js HTTP/1.1" 304 -
114.89.80.44 - - [17/Jul/2020:10:04:40 +0800] "GET /xingrg/javascript/Grid.js HTTP/1.1" 304 -
114.89.80.44 - - [17/Jul/2020:10:04:40 +0800] "GET /xingrg/dwr/interface/AjaxComOrderService.js HTTP/1.1" 200 18264
114.89.80.44 - - [17/Jul/2020:10:04:40 +0800] "GET /xingrg/dwr/interface/AjaxYddbService.js HTTP/1.1" 200 13201
114.89.80.44 - - [17/Jul/2020:10:04:40 +0800] "GET /xingrg/dwr/engine.js HTTP/1.1" 200 43631
114.89.80.44 - - [17/Jul/2020:10:04:40 +0800] "POST /xingrg/dwr/call/plaincall/AjaxYddbService.loadMaterielItems.dwr HTTP/1.1" 200 399
180.175.214.200 - - [17/Jul/2020:10:04:41 +0800] "GET /xingrg/all/function/internal_message.html?_=1594951686069&CODE_STATE=getMsg HTTP/1.1" 200 27
180.175.214.200 - - [17/Jul/2020:10:04:41 +0800] "GET /xingrg/kc/buy/cgsh_order_info.html?code=212020071706856 HTTP/1.1" 200 59172
120.253.135.82 - - [17/Jul/2020:10:04:42 +0800] "POST /xingrg/kc/pszx/mdps_order_operate.html HTTP/1.1" 200 37
180.175.214.200 - - [17/Jul/2020:10:04:42 +0800] "GET /xingrg/javascript/easyui/themes/default/validatebox.css HTTP/1.1" 404 1104
180.175.214.200 - - [17/Jul/2020:10:04:42 +0800] "POST /xingrg/kc/buy/cgsh_order_operate.html HTTP/1.1" 200 29224
172.17.0.185 - - [17/Jul/2020:10:04:43 +0800] "GET /xingrg/all/function/internal_message.html?_=1594951479941&CODE_STATE=getMsg HTTP/1.1" 200 27
172.17.0.185 - - [17/Jul/2020:10:04:43 +0800] "GET /xingrg/check_reg.html?_=1594951479944 HTTP/1.1" 200 22
120.253.135.82 - - [17/Jul/2020:10:04:43 +0800] "POST /xingrg/kc/pszx/mdps_order_operate.html HTTP/1.1" 200 12
117.184.7.26 - - [17/Jul/2020:10:04:43 +0800] "GET /xingrg/all/function/internal_message.html?_=1594951478479&CODE_STATE=getMsg HTTP/1.1" 200 27
120.253.135.82 - - [17/Jul/2020:10:04:43 +0800] "GET /xingrg/kc/pszx/mdps_order_info.html?code=312020071500358 HTTP/1.1" 200 19503
120.253.135.82 - - [17/Jul/2020:10:04:44 +0800] "POST /xingrg/kc/pszx/mdps_order_operate.html HTTP/1.1" 200 506
120.253.135.82 - - [17/Jul/2020:10:04:44 +0800] "GET /xingrg/javascript/easyui/themes/default/validatebox.css HTTP/1.1" 404 1104
120.253.135.82 - - [17/Jul/2020:10:04:45 +0800] "POST /xingrg/kc/pszx/mdps_list_operate.html HTTP/1.1" 200 2773
114.89.80.44 - - [17/Jul/2020:10:04:47 +0800] "POST /xingrg/dwr/call/plaincall/AjaxYddbService.saveOrder.dwr HTTP/1.1" 200 78
114.88.161.57 - - [17/Jul/2020:10:04:47 +0800] "POST /xingrg/kc/buy/cgsh_order_operate.html HTTP/1.1" 200 2065
172.17.0.123 - - [17/Jul/2020:10:04:50 +0800] "GET /xingrg/all/function/internal_message.html?_=1594951431309&CODE_STATE=getMsg HTTP/1.1" 200 27
114.89.80.44 - - [17/Jul/2020:10:04:52 +0800] "POST /xingrg/dwr/call/plaincall/AjaxYddbService.objCheckOrder.dwr HTTP/1.1" 200 78
114.89.80.44 - - [17/Jul/2020:10:04:53 +0800] "GET /xingrg/kc/base/yddb_order_info.html?code=482020071600141 HTTP/1.1" 200 31213
114.89.80.44 - - [17/Jul/2020:10:04:53 +0800] "GET /xingrg/dwr/interface/AjaxComOrderService.js HTTP/1.1" 200 18264
114.89.80.44 - - [17/Jul/2020:10:04:53 +0800] "GET /xingrg/dwr/interface/AjaxYddbService.js HTTP/1.1" 200 13201
114.89.80.44 - - [17/Jul/2020:10:04:53 +0800] "GET /xingrg/dwr/engine.js HTTP/1.1" 200 43631
114.89.80.44 - - [17/Jul/2020:10:04:53 +0800] "POST /xingrg/dwr/call/plaincall/AjaxYddbService.loadMaterielItems.dwr HTTP/1.1" 200 399
114.88.161.57 - - [17/Jul/2020:10:04:53 +0800] "GET /xingrg/kc/buy/cgsh_order_operate.html?command=get_materiel&rest_code=00111&code=00101007048&supplier_code=00100037&order_time=2020-07-17 HTTP/1.1" 200 428
180.175.214.200 - - [17/Jul/2020:10:04:54 +0800] "POST /xingrg/kc/buy/cgsh_order_operate.html HTTP/1.1" 200 37
124.77.243.181 - - [17/Jul/2020:10:04:55 +0800] "GET /xingrg/all/function/internal_message.html?_=1594951478030&CODE_STATE=getMsg HTTP/1.1" 200 27
114.89.80.44 - - [17/Jul/2020:10:04:57 +0800] "GET /xingrg/all/function/internal_message.html?_=1594951492536&CODE_STATE=getMsg HTTP/1.1" 200 27
120.253.135.82 - - [17/Jul/2020:10:04:58 +0800] "POST /xingrg/kc/pszx/mdps_list_operate.html HTTP/1.1" 200 376
120.253.135.82 - - [17/Jul/2020:10:04:58 +0800] "GET /xingrg/kc/pszx/mdps_order_info.html?code=312020071500357 HTTP/1.1" 200 23847
114.89.80.44 - - [17/Jul/2020:10:04:59 +0800] "GET /xingrg/all/function/internal_message.html?_=1594951629860&CODE_STATE=getMsg HTTP/1.1" 200 27
120.253.135.82 - - [17/Jul/2020:10:04:59 +0800] "POST /xingrg/kc/pszx/mdps_order_operate.html HTTP/1.1" 200 3301
120.253.135.82 - - [17/Jul/2020:10:04:59 +0800] "GET /xingrg/javascript/easyui/themes/default/validatebox.css HTTP/1.1" 404 1104
116.232.54.66 - - [17/Jul/2020:10:05:00 +0800] "GET /xingrg/all/function/internal_message.html?_=1594951531498&CODE_STATE=getMsg HTTP/1.1" 200 27
58.40.7.146 - - [17/Jul/2020:10:05:02 +0800] "GET /xingrg/all/function/internal_message.html?_=1594951499728&CODE_STATE=getMsg HTTP/1.1" 200 27
120.253.135.82 - - [17/Jul/2020:10:05:02 +0800] "POST /xingrg/kc/pszx/mdps_order_operate.html HTTP/1.1" 200 37
180.175.214.200 - - [17/Jul/2020:10:05:02 +0800] "POST /xingrg/kc/buy/cgsh_order_operate.html HTTP/1.1" 200 12
114.88.161.57 - - [17/Jul/2020:10:05:03 +0800] "GET /xingrg/kc/buy/cgsh_order_operate.html?command=get_materiel&rest_code=00111&code=00101008126&supplier_code=00100037&order_time=2020-07-17 HTTP/1.1" 200 412
120.253.135.82 - - [17/Jul/2020:10:05:03 +0800] "POST /xingrg/kc/pszx/mdps_order_operate.html HTTP/1.1" 200 12
124.77.243.181 - - [17/Jul/2020:10:05:03 +0800] "GET /xingrg/all/function/internal_message.html?_=1594951504805&CODE_STATE=getMsg HTTP/1.1" 200 27
180.175.214.200 - - [17/Jul/2020:10:05:04 +0800] "GET /xingrg/kc/buy/cgsh_order_info.html?code=212020071706856 HTTP/1.1" 200 54064
180.175.214.200 - - [17/Jul/2020:10:05:06 +0800] "GET /xingrg/javascript/easyui/themes/default/validatebox.css HTTP/1.1" 404 1104
120.253.135.82 - - [17/Jul/2020:10:05:06 +0800] "GET /xingrg/kc/pszx/mdps_order_info.html?code=312020071500357 HTTP/1.1" 200 19507
180.175.214.200 - - [17/Jul/2020:10:05:07 +0800] "POST /xingrg/kc/buy/cgsh_order_operate.html HTTP/1.1" 200 27168
120.253.135.82 - - [17/Jul/2020:10:05:07 +0800] "POST /xingrg/kc/pszx/mdps_order_operate.html HTTP/1.1" 200 1517
120.253.135.82 - - [17/Jul/2020:10:05:07 +0800] "GET /xingrg/javascript/easyui/themes/default/validatebox.css HTTP/1.1" 404 1104
120.253.135.82 - - [17/Jul/2020:10:05:08 +0800] "POST /xingrg/kc/pszx/mdps_list_operate.html HTTP/1.1" 200 2404
180.175.214.200 - - [17/Jul/2020:10:05:12 +0800] "POST /xingrg/kc/buy/cgsh_list_operate.html HTTP/1.1" 200 2032
180.175.214.200 - - [17/Jul/2020:10:05:13 +0800] "POST /xingrg/kc/buy/cgsh_list_operate.html HTTP/1.1" 200 569
124.77.236.199 - - [17/Jul/2020:10:05:15 +0800] "GET /xingrg/all/function/internal_message.html?_=1594951503903&CODE_STATE=getMsg HTTP/1.1" 200 27
180.175.214.200 - - [17/Jul/2020:10:05:15 +0800] "GET /xingrg/kc/buy/cgsh_order_info.html?code=212020071706866 HTTP/1.1" 200 59172
114.88.161.57 - - [17/Jul/2020:10:05:15 +0800] "GET /xingrg/all/function/internal_message.html?_=1594951535494&CODE_STATE=getMsg HTTP/1.1" 200 27
180.175.214.200 - - [17/Jul/2020:10:05:16 +0800] "GET /xingrg/javascript/easyui/themes/default/validatebox.css HTTP/1.1" 404 1104
180.175.214.200 - - [17/Jul/2020:10:05:16 +0800] "POST /xingrg/kc/buy/cgsh_order_operate.html HTTP/1.1" 200 15667
180.175.214.200 - - [17/Jul/2020:10:05:20 +0800] "POST /xingrg/kc/buy/cgsh_order_operate.html HTTP/1.1" 200 37
172.17.0.109 - - [17/Jul/2020:10:05:21 +0800] "GET /xingrg/all/function/internal_message.html?_=1594951516852&CODE_STATE=getMsg HTTP/1.1" 200 27
120.253.135.82 - - [17/Jul/2020:10:05:21 +0800] "POST /xingrg/kc/pszx/mdps_list_operate.html HTTP/1.1" 200 209
120.253.135.82 - - [17/Jul/2020:10:05:22 +0800] "GET /xingrg/kc/pszx/mdps_order_info.html?code=312020071600403 HTTP/1.1" 200 23841
120.253.135.82 - - [17/Jul/2020:10:05:22 +0800] "GET /xingrg/javascript/easyui/themes/default/validatebox.css HTTP/1.1" 404 1104
180.175.214.200 - - [17/Jul/2020:10:05:22 +0800] "POST /xingrg/kc/buy/cgsh_order_operate.html HTTP/1.1" 200 12
120.253.135.82 - - [17/Jul/2020:10:05:22 +0800] "POST /xingrg/kc/pszx/mdps_order_operate.html HTTP/1.1" 200 2300
180.175.214.200 - - [17/Jul/2020:10:05:23 +0800] "GET /xingrg/kc/buy/cgsh_order_info.html?code=212020071706866 HTTP/1.1" 200 54064
180.175.214.200 - - [17/Jul/2020:10:05:25 +0800] "GET /xingrg/javascript/easyui/themes/default/validatebox.css HTTP/1.1" 404 1104
120.253.135.82 - - [17/Jul/2020:10:05:25 +0800] "POST /xingrg/kc/pszx/mdps_order_operate.html HTTP/1.1" 200 37
180.175.214.200 - - [17/Jul/2020:10:05:25 +0800] "POST /xingrg/kc/buy/cgsh_order_operate.html HTTP/1.1" 200 13612
172.17.200.101 - - [17/Jul/2020:10:05:26 +0800] "GET /xingrg/all/function/internal_message.html?_=1594951525751&CODE_STATE=getMsg HTTP/1.1" 200 27
120.253.135.82 - - [17/Jul/2020:10:05:26 +0800] "POST /xingrg/kc/pszx/mdps_order_operate.html HTTP/1.1" 200 12
120.253.135.82 - - [17/Jul/2020:10:05:26 +0800] "GET /xingrg/kc/pszx/mdps_order_info.html?code=312020071600403 HTTP/1.1" 200 19501
120.253.135.82 - - [17/Jul/2020:10:05:27 +0800] "POST /xingrg/kc/pszx/mdps_order_operate.html HTTP/1.1" 200 521
120.253.135.82 - - [17/Jul/2020:10:05:27 +0800] "GET /xingrg/javascript/easyui/themes/default/validatebox.css HTTP/1.1" 404 1104
222.69.136.210 - - [17/Jul/2020:10:05:28 +0800] "GET /xingrg/all/function/internal_message.html?_=1594951519446&CODE_STATE=getMsg HTTP/1.1" 200 27
120.253.135.82 - - [17/Jul/2020:10:05:28 +0800] "POST /xingrg/kc/pszx/mdps_list_operate.html HTTP/1.1" 200 2045
114.88.161.57 - - [17/Jul/2020:10:05:29 +0800] "GET /xingrg/kc/buy/cgsh_order_operate.html?command=get_materiel&rest_code=00111&code=00101016071&supplier_code=00100037&order_time=2020-07-17 HTTP/1.1" 200 416
180.175.214.200 - - [17/Jul/2020:10:05:30 +0800] "POST /xingrg/kc/buy/cgsh_list_operate.html HTTP/1.1" 200 1679
180.175.214.200 - - [17/Jul/2020:10:05:31 +0800] "POST /xingrg/kc/buy/cgsh_list_operate.html HTTP/1.1" 200 568
180.175.214.200 - - [17/Jul/2020:10:05:31 +0800] "GET /xingrg/kc/buy/cgsh_order_info.html?code=212020071706869 HTTP/1.1" 200 59172
180.175.214.200 - - [17/Jul/2020:10:05:32 +0800] "GET /xingrg/javascript/easyui/themes/default/validatebox.css HTTP/1.1" 404 1104
180.175.214.200 - - [17/Jul/2020:10:05:32 +0800] "POST /xingrg/kc/buy/cgsh_order_operate.html HTTP/1.1" 200 17482
180.175.214.200 - - [17/Jul/2020:10:05:37 +0800] "POST /xingrg/kc/buy/cgsh_order_operate.html HTTP/1.1" 200 37
180.175.214.200 - - [17/Jul/2020:10:05:39 +0800] "POST /xingrg/kc/buy/cgsh_order_operate.html HTTP/1.1" 200 12
180.175.214.200 - - [17/Jul/2020:10:05:40 +0800] "GET /xingrg/kc/buy/cgsh_order_info.html?code=212020071706869 HTTP/1.1" 200 54064
172.17.0.240 - - [17/Jul/2020:10:05:40 +0800] "GET /xingrg/all/function/internal_message.html?_=1594951536995&CODE_STATE=getMsg HTTP/1.1" 200 27
120.253.135.82 - - [17/Jul/2020:10:05:40 +0800] "POST /xingrg/kc/pszx/mdps_list_operate.html HTTP/1.1" 200 317
120.253.135.82 - - [17/Jul/2020:10:05:41 +0800] "GET /xingrg/kc/pszx/mdps_order_info.html?code=312020071600392 HTTP/1.1" 200 23843
120.253.135.82 - - [17/Jul/2020:10:05:41 +0800] "POST /xingrg/kc/pszx/mdps_order_operate.html HTTP/1.1" 200 2846
120.253.135.82 - - [17/Jul/2020:10:05:41 +0800] "GET /xingrg/javascript/easyui/themes/default/validatebox.css HTTP/1.1" 404 1104
180.175.214.200 - - [17/Jul/2020:10:05:41 +0800] "GET /xingrg/javascript/easyui/themes/default/validatebox.css HTTP/1.1" 404 1104
180.175.214.200 - - [17/Jul/2020:10:05:41 +0800] "GET /xingrg/all/function/internal_message.html?_=1594951746562&CODE_STATE=getMsg HTTP/1.1" 200 27
180.175.214.200 - - [17/Jul/2020:10:05:42 +0800] "POST /xingrg/kc/buy/cgsh_order_operate.html HTTP/1.1" 200 15420
172.17.0.185 - - [17/Jul/2020:10:05:43 +0800] "GET /xingrg/all/function/internal_message.html?_=1594951539930&CODE_STATE=getMsg HTTP/1.1" 200 27
117.184.7.26 - - [17/Jul/2020:10:05:43 +0800] "GET /xingrg/check_reg.html?_=1594951538479 HTTP/1.1" 200 22
117.184.7.30 - - [17/Jul/2020:10:05:43 +0800] "GET /xingrg/all/function/internal_message.html?_=1594951538483&CODE_STATE=getMsg HTTP/1.1" 200 27
120.253.135.82 - - [17/Jul/2020:10:05:45 +0800] "POST /xingrg/kc/pszx/mdps_order_operate.html HTTP/1.1" 200 37
120.253.135.82 - - [17/Jul/2020:10:05:46 +0800] "POST /xingrg/kc/pszx/mdps_order_operate.html HTTP/1.1" 200 12
120.253.135.82 - - [17/Jul/2020:10:05:47 +0800] "GET /xingrg/kc/pszx/mdps_order_info.html?code=312020071600392 HTTP/1.1" 200 19503
120.253.135.82 - - [17/Jul/2020:10:05:47 +0800] "POST /xingrg/kc/pszx/mdps_order_operate.html HTTP/1.1" 200 1063
120.253.135.82 - - [17/Jul/2020:10:05:47 +0800] "GET /xingrg/javascript/easyui/themes/default/validatebox.css HTTP/1.1" 404 1104
172.17.0.123 - - [17/Jul/2020:10:05:50 +0800] "GET /xingrg/all/function/internal_message.html?_=1594951491309&CODE_STATE=getMsg HTTP/1.1" 200 27
120.253.135.82 - - [17/Jul/2020:10:05:51 +0800] "POST /xingrg/kc/pszx/mdps_list_operate.html HTTP/1.1" 200 1683
124.77.243.181 - - [17/Jul/2020:10:05:55 +0800] "GET /xingrg/all/function/internal_message.html?_=1594951538489&CODE_STATE=getMsg HTTP/1.1" 200 27
114.89.80.44 - - [17/Jul/2020:10:05:57 +0800] "GET /xingrg/check_reg.html?_=1594951552546 HTTP/1.1" 200 22
114.89.80.44 - - [17/Jul/2020:10:05:57 +0800] "GET /xingrg/all/function/internal_message.html?_=1594951552550&CODE_STATE=getMsg HTTP/1.1" 200 27
114.89.80.44 - - [17/Jul/2020:10:05:58 +0800] "GET /xingrg/check_reg.html?_=1594951689631 HTTP/1.1" 200 22
114.89.80.44 - - [17/Jul/2020:10:05:59 +0800] "GET /xingrg/all/function/internal_message.html?_=1594951689874&CODE_STATE=getMsg HTTP/1.1" 200 27
116.232.54.66 - - [17/Jul/2020:10:05:59 +0800] "GET /xingrg/all/function/internal_message.html?_=1594951591500&CODE_STATE=getMsg HTTP/1.1" 200 27
114.88.161.57 - - [17/Jul/2020:10:06:00 +0800] "POST /xingrg/kc/buy/cgsh_order_operate.html HTTP/1.1" 200 2065
58.40.7.146 - - [17/Jul/2020:10:06:02 +0800] "GET /xingrg/all/function/internal_message.html?_=1594951559731&CODE_STATE=getMsg HTTP/1.1" 200 27
120.253.135.82 - - [17/Jul/2020:10:06:03 +0800] "POST /xingrg/kc/pszx/mdps_list_operate.html HTTP/1.1" 200 281
120.253.135.82 - - [17/Jul/2020:10:06:03 +0800] "GET /xingrg/kc/pszx/mdps_order_info.html?code=312020071600391 HTTP/1.1" 200 23843
124.77.243.181 - - [17/Jul/2020:10:06:03 +0800] "GET /xingrg/all/function/internal_message.html?_=1594951564845&CODE_STATE=getMsg HTTP/1.1" 200 27
120.253.135.82 - - [17/Jul/2020:10:06:04 +0800] "POST /xingrg/kc/pszx/mdps_order_operate.html HTTP/1.1" 200 2781
120.253.135.82 - - [17/Jul/2020:10:06:04 +0800] "GET /xingrg/javascript/easyui/themes/default/validatebox.css HTTP/1.1" 404 1104
180.175.214.200 - - [17/Jul/2020:10:06:06 +0800] "GET /xingrg/check_reg.html?_=1594951770913 HTTP/1.1" 200 22
114.88.161.57 - - [17/Jul/2020:10:06:07 +0800] "GET /xingrg/kc/buy/cgsh_order_operate.html?command=get_materiel&rest_code=00111&code=00101005004&supplier_code=00100037&order_time=2020-07-17 HTTP/1.1" 200 409
120.253.135.82 - - [17/Jul/2020:10:06:09 +0800] "POST /xingrg/kc/pszx/mdps_order_operate.html HTTP/1.1" 200 37
120.253.135.82 - - [17/Jul/2020:10:06:10 +0800] "POST /xingrg/kc/pszx/mdps_order_operate.html HTTP/1.1" 200 12
124.77.243.181 - - [17/Jul/2020:10:06:10 +0800] "GET /xingrg/check_reg.html?_=1594951553556 HTTP/1.1" 200 22
120.253.135.82 - - [17/Jul/2020:10:06:12 +0800] "GET /xingrg/kc/pszx/mdps_order_info.html?code=312020071600391 HTTP/1.1" 200 19503
120.253.135.82 - - [17/Jul/2020:10:06:12 +0800] "POST /xingrg/kc/pszx/mdps_order_operate.html HTTP/1.1" 200 992
120.253.135.82 - - [17/Jul/2020:10:06:12 +0800] "GET /xingrg/javascript/easyui/themes/default/validatebox.css HTTP/1.1" 404 1104
180.175.214.200 - - [17/Jul/2020:10:06:12 +0800] "POST /xingrg/kc/buy/cgsh_list_operate.html HTTP/1.1" 200 876
120.253.135.82 - - [17/Jul/2020:10:06:13 +0800] "POST /xingrg/kc/pszx/mdps_list_operate.html HTTP/1.1" 200 868
180.175.214.200 - - [17/Jul/2020:10:06:14 +0800] "GET /xingrg/kc/buy/cgsh_order_add.html HTTP/1.1" 200 59163
180.175.214.200 - - [17/Jul/2020:10:06:14 +0800] "POST /xingrg/kc/buy/cgsh_order_operate.html HTTP/1.1" 200 8245
124.77.236.199 - - [17/Jul/2020:10:06:14 +0800] "GET /xingrg/all/function/internal_message.html?_=1594951563890&CODE_STATE=getMsg HTTP/1.1" 200 27
180.175.214.200 - - [17/Jul/2020:10:06:15 +0800] "GET /xingrg/javascript/easyui/themes/default/validatebox.css HTTP/1.1" 404 1104
124.77.236.199 - - [17/Jul/2020:10:06:15 +0800] "GET /xingrg/check_reg.html?_=1594951564301 HTTP/1.1" 200 22
114.88.161.57 - - [17/Jul/2020:10:06:15 +0800] "GET /xingrg/all/function/internal_message.html?_=1594951595420&CODE_STATE=getMsg HTTP/1.1" 200 27
114.88.161.57 - - [17/Jul/2020:10:06:21 +0800] "GET /xingrg/kc/buy/cgsh_order_operate.html?command=get_materiel&rest_code=00111&code=00101008155&supplier_code=00100037&order_time=2020-07-17 HTTP/1.1" 200 408
172.17.0.109 - - [17/Jul/2020:10:06:21 +0800] "GET /xingrg/all/function/internal_message.html?_=1594951576851&CODE_STATE=getMsg HTTP/1.1" 200 27
180.175.214.200 - - [17/Jul/2020:10:06:22 +0800] "GET /xingrg/kc/mdqp/pssh_order_list.html HTTP/1.1" 200 17712
180.175.214.200 - - [17/Jul/2020:10:06:23 +0800] "POST /xingrg/kc/mdqp/pssh_list_operate.html HTTP/1.1" 200 5386
172.17.200.101 - - [17/Jul/2020:10:06:26 +0800] "GET /xingrg/all/function/internal_message.html?_=1594951585752&CODE_STATE=getMsg HTTP/1.1" 200 27
222.69.136.210 - - [17/Jul/2020:10:06:28 +0800] "GET /xingrg/all/function/internal_message.html?_=1594951579462&CODE_STATE=getMsg HTTP/1.1" 200 27
180.175.214.200 - - [17/Jul/2020:10:06:32 +0800] "POST /xingrg/kc/mdqp/pssh_list_operate.html HTTP/1.1" 200 266
180.175.214.200 - - [17/Jul/2020:10:06:33 +0800] "POST /xingrg/kc/mdqp/pssh_list_operate.html HTTP/1.1" 200 791
180.175.214.200 - - [17/Jul/2020:10:06:35 +0800] "POST /xingrg/kc/mdqp/pssh_list_operate.html HTTP/1.1" 200 465
114.88.161.57 - - [17/Jul/2020:10:06:36 +0800] "GET /xingrg/kc/buy/cgsh_order_operate.html?command=get_materiel&rest_code=00111&code=00101008357&supplier_code=00100037&order_time=2020-07-17 HTTP/1.1" 200 408
180.175.214.200 - - [17/Jul/2020:10:06:37 +0800] "POST /xingrg/kc/mdqp/pssh_list_operate.html HTTP/1.1" 200 256
180.175.214.200 - - [17/Jul/2020:10:06:38 +0800] "POST /xingrg/kc/mdqp/pssh_list_operate.html HTTP/1.1" 200 369
180.175.214.200 - - [17/Jul/2020:10:06:40 +0800] "POST /xingrg/kc/mdqp/pssh_list_operate.html HTTP/1.1" 200 260
172.17.0.240 - - [17/Jul/2020:10:06:40 +0800] "GET /xingrg/all/function/internal_message.html?_=1594951596997&CODE_STATE=getMsg HTTP/1.1" 200 27
180.175.214.200 - - [17/Jul/2020:10:06:41 +0800] "POST /xingrg/kc/mdqp/pssh_list_operate.html HTTP/1.1" 200 751
180.175.214.200 - - [17/Jul/2020:10:06:41 +0800] "GET /xingrg/all/function/internal_message.html?_=1594951806680&CODE_STATE=getMsg HTTP/1.1" 200 27
172.17.0.185 - - [17/Jul/2020:10:06:43 +0800] "GET /xingrg/all/function/internal_message.html?_=1594951599934&CODE_STATE=getMsg HTTP/1.1" 200 27
117.184.7.30 - - [17/Jul/2020:10:06:43 +0800] "GET /xingrg/all/function/internal_message.html?_=1594951598469&CODE_STATE=getMsg HTTP/1.1" 200 27
180.175.214.200 - - [17/Jul/2020:10:06:44 +0800] "POST /xingrg/kc/mdqp/pssh_list_operate.html HTTP/1.1" 200 269
114.88.161.57 - - [17/Jul/2020:10:06:44 +0800] "GET /xingrg/kc/buy/cgsh_order_operate.html?command=get_materiel&rest_code=00111&code=00101019164&supplier_code=00100037&order_time=2020-07-17 HTTP/1.1" 200 449
180.175.214.200 - - [17/Jul/2020:10:06:45 +0800] "POST /xingrg/kc/mdqp/pssh_list_operate.html HTTP/1.1" 200 259
172.17.0.123 - - [17/Jul/2020:10:06:50 +0800] "GET /xingrg/all/function/internal_message.html?_=1594951551313&CODE_STATE=getMsg HTTP/1.1" 200 27
180.175.214.200 - - [17/Jul/2020:10:06:51 +0800] "GET /xingrg/javascript/easyui/themes/default/tree.css HTTP/1.1" 404 1090
180.175.214.200 - - [17/Jul/2020:10:06:51 +0800] "POST /xingrg/all/common/load_tree.html?tree=supplier_tree_json&isDelete=1 HTTP/1.1" 200 49424
124.77.243.181 - - [17/Jul/2020:10:06:55 +0800] "GET /xingrg/all/function/internal_message.html?_=1594951598494&CODE_STATE=getMsg HTTP/1.1" 200 27
114.88.156.166 - - [17/Jul/2020:10:06:56 +0800] "GET /xingrg/check_reg.html?_=1594951610266 HTTP/1.1" 200 22
114.89.80.44 - - [17/Jul/2020:10:06:57 +0800] "GET /xingrg/all/function/internal_message.html?_=1594951612541&CODE_STATE=getMsg HTTP/1.1" 200 27
116.232.54.66 - - [17/Jul/2020:10:06:58 +0800] "GET /xingrg/all/function/internal_message.html?_=1594951651500&CODE_STATE=getMsg HTTP/1.1" 200 27
116.232.54.66 - - [17/Jul/2020:10:06:58 +0800] "GET /xingrg/check_reg.html?_=1594951651500 HTTP/1.1" 200 22
114.89.80.44 - - [17/Jul/2020:10:06:59 +0800] "GET /xingrg/all/function/internal_message.html?_=1594951749888&CODE_STATE=getMsg HTTP/1.1" 200 27
180.175.214.200 - - [17/Jul/2020:10:07:01 +0800] "GET /xingrg/kc/buy/cgsh_order_operate.html?command=get_materiel&rest_code=00102&code=00101007061&supplier_code=00100002&order_time=2020-07-17 HTTP/1.1" 200 409
58.40.7.146 - - [17/Jul/2020:10:07:02 +0800] "GET /xingrg/check_reg.html?_=1594951619719 HTTP/1.1" 200 22
58.40.7.146 - - [17/Jul/2020:10:07:02 +0800] "GET /xingrg/all/function/internal_message.html?_=1594951619721&CODE_STATE=getMsg HTTP/1.1" 200 27
124.77.243.181 - - [17/Jul/2020:10:07:03 +0800] "GET /xingrg/all/function/internal_message.html?_=1594951624847&CODE_STATE=getMsg HTTP/1.1" 200 27
114.88.161.57 - - [17/Jul/2020:10:07:04 +0800] "GET /xingrg/kc/buy/cgsh_order_operate.html?command=get_materiel&rest_code=00111&code=00101010330&supplier_code=00100037&order_time=2020-07-17 HTTP/1.1" 200 402
120.253.135.82 - - [17/Jul/2020:10:07:06 +0800] "GET /xingrg/kc/pszx/mdqp_order_list.html?state=10 HTTP/1.1" 200 10563
120.253.135.82 - - [17/Jul/2020:10:07:06 +0800] "POST /xingrg/kc/pszx/mdps_list_operate.html HTTP/1.1" 200 868
120.253.135.82 - - [17/Jul/2020:10:07:06 +0800] "GET /xingrg/dwr/interface/AjaxReportQueryService.js HTTP/1.1" 200 13203
120.253.135.82 - - [17/Jul/2020:10:07:06 +0800] "GET /xingrg/dwr/interface/AjaxQqpsService.js HTTP/1.1" 200 16326
120.253.135.82 - - [17/Jul/2020:10:07:06 +0800] "GET /xingrg/dwr/engine.js HTTP/1.1" 200 43631
114.88.161.57 - - [17/Jul/2020:10:07:07 +0800] "POST /xingrg/kc/buy/cgsh_order_operate.html HTTP/1.1" 200 2065
120.253.135.82 - - [17/Jul/2020:10:07:09 +0800] "GET /xingrg/kc/pszx/mdps_order_list.html?orderType=0 HTTP/1.1" 200 21018
120.253.135.82 - - [17/Jul/2020:10:07:09 +0800] "POST /xingrg/kc/pszx/mdps_list_operate.html HTTP/1.1" 200 5452
114.88.161.57 - - [17/Jul/2020:10:07:14 +0800] "GET /xingrg/kc/buy/cgsh_order_operate.html?command=get_materiel&rest_code=00111&code=00101010530&supplier_code=00100037&order_time=2020-07-17 HTTP/1.1" 200 395
124.77.236.199 - - [17/Jul/2020:10:07:14 +0800] "GET /xingrg/all/function/internal_message.html?_=1594951623880&CODE_STATE=getMsg HTTP/1.1" 200 27
114.88.161.57 - - [17/Jul/2020:10:07:15 +0800] "GET /xingrg/all/function/internal_message.html?_=1594951655476&CODE_STATE=getMsg HTTP/1.1" 200 27
114.88.161.57 - - [17/Jul/2020:10:07:15 +0800] "GET /xingrg/check_reg.html?_=1594951655477 HTTP/1.1" 200 22
172.17.0.109 - - [17/Jul/2020:10:07:21 +0800] "GET /xingrg/all/function/internal_message.html?_=1594951636865&CODE_STATE=getMsg HTTP/1.1" 200 27
114.88.161.57 - - [17/Jul/2020:10:07:25 +0800] "GET /xingrg/kc/buy/cgsh_order_operate.html?command=get_materiel&rest_code=00111&code=00101012081&supplier_code=00100037&order_time=2020-07-17 HTTP/1.1" 200 406
172.17.200.101 - - [17/Jul/2020:10:07:26 +0800] "GET /xingrg/check_reg.html?_=1594951645754 HTTP/1.1" 200 22
172.17.200.101 - - [17/Jul/2020:10:07:26 +0800] "GET /xingrg/all/function/internal_message.html?_=1594951645759&CODE_STATE=getMsg HTTP/1.1" 200 27
222.69.136.210 - - [17/Jul/2020:10:07:28 +0800] "GET /xingrg/all/function/internal_message.html?_=1594951639462&CODE_STATE=getMsg HTTP/1.1" 200 27
180.175.214.200 - - [17/Jul/2020:10:07:29 +0800] "GET /xingrg/kc/buy/cgsh_order_add.html HTTP/1.1" 200 59163
180.175.214.200 - - [17/Jul/2020:10:07:31 +0800] "POST /xingrg/kc/buy/cgsh_order_operate.html HTTP/1.1" 200 8245
180.175.214.200 - - [17/Jul/2020:10:07:31 +0800] "GET /xingrg/javascript/easyui/themes/default/validatebox.css HTTP/1.1" 404 1104
114.88.161.57 - - [17/Jul/2020:10:07:33 +0800] "POST /xingrg/kc/buy/cgsh_order_operate.html HTTP/1.1" 200 37
114.88.161.57 - - [17/Jul/2020:10:07:34 +0800] "POST /xingrg/kc/buy/cgsh_order_operate.html HTTP/1.1" 200 20458
120.253.135.82 - - [17/Jul/2020:10:07:38 +0800] "GET /xingrg/check_reg.html?_=1594951410552 HTTP/1.1" 200 22
172.17.0.240 - - [17/Jul/2020:10:07:40 +0800] "GET /xingrg/all/function/internal_message.html?_=1594951656998&CODE_STATE=getMsg HTTP/1.1" 200 27
180.175.214.200 - - [17/Jul/2020:10:07:41 +0800] "GET /xingrg/all/function/internal_message.html?_=1594951866693&CODE_STATE=getMsg HTTP/1.1" 200 27
172.17.0.185 - - [17/Jul/2020:10:07:43 +0800] "GET /xingrg/all/function/internal_message.html?_=1594951659938&CODE_STATE=getMsg HTTP/1.1" 200 27
117.184.7.30 - - [17/Jul/2020:10:07:43 +0800] "GET /xingrg/all/function/internal_message.html?_=1594951658470&CODE_STATE=getMsg HTTP/1.1" 200 27
172.17.0.123 - - [17/Jul/2020:10:07:50 +0800] "GET /xingrg/all/function/internal_message.html?_=1594951611299&CODE_STATE=getMsg HTTP/1.1" 200 27
124.77.243.181 - - [17/Jul/2020:10:07:55 +0800] "GET /xingrg/all/function/internal_message.html?_=1594951658507&CODE_STATE=getMsg HTTP/1.1" 200 27
114.89.80.44 - - [17/Jul/2020:10:07:57 +0800] "GET /xingrg/all/function/internal_message.html?_=1594951672541&CODE_STATE=getMsg HTTP/1.1" 200 27
116.232.54.66 - - [17/Jul/2020:10:07:57 +0800] "GET /xingrg/all/function/internal_message.html?_=1594951711515&CODE_STATE=getMsg HTTP/1.1" 200 27
114.89.80.44 - - [17/Jul/2020:10:07:59 +0800] "GET /xingrg/all/function/internal_message.html?_=1594951809901&CODE_STATE=getMsg HTTP/1.1" 200 27
180.175.214.200 - - [17/Jul/2020:10:07:59 +0800] "GET /xingrg/kc/buy/cgsh_order_operate.html?command=get_materiel&rest_code=00102&code=00101020114&supplier_code=00100151&order_time=2020-07-17 HTTP/1.1" 200 424
58.40.7.146 - - [17/Jul/2020:10:08:02 +0800] "GET /xingrg/all/function/internal_message.html?_=1594951679724&CODE_STATE=getMsg HTTP/1.1" 200 27
124.77.243.181 - - [17/Jul/2020:10:08:03 +0800] "GET /xingrg/all/function/internal_message.html?_=1594951684887&CODE_STATE=getMsg HTTP/1.1" 200 27
101.91.62.99 - - [17/Jul/2020:10:08:05 +0800] "GET /xingrg/check_reg.html?_=1594951610266 HTTP/1.1" 302 -
120.253.135.82 - - [17/Jul/2020:10:08:07 +0800] "POST /xingrg/kc/pszx/mdps_list_operate.html HTTP/1.1" 200 2060
114.88.156.166 - - [17/Jul/2020:10:08:09 +0800] "GET /xingrg/check_reg.html?_=1594951353403 HTTP/1.1" 302 -
101.91.62.99 - - [17/Jul/2020:10:08:10 +0800] "GET /xingrg/login.html HTTP/1.1" 200 7641
120.253.135.82 - - [17/Jul/2020:10:08:11 +0800] "POST /xingrg/kc/pszx/mdps_list_operate.html HTTP/1.1" 200 2060
120.253.135.82 - - [17/Jul/2020:10:08:12 +0800] "POST /xingrg/kc/pszx/mdps_list_operate.html HTTP/1.1" 200 447
120.253.135.82 - - [17/Jul/2020:10:08:14 +0800] "GET /xingrg/kc/pszx/mdps_order_info.html?code=312020061700431 HTTP/1.1" 200 23849
117.131.5.26 - - [17/Jul/2020:10:08:14 +0800] "GET /xingrg/check_reg.html?_=1594951685579 HTTP/1.1" 200 22
120.253.135.82 - - [17/Jul/2020:10:08:14 +0800] "POST /xingrg/kc/pszx/mdps_order_operate.html HTTP/1.1" 200 3763
120.253.135.82 - - [17/Jul/2020:10:08:14 +0800] "GET /xingrg/javascript/easyui/themes/default/validatebox.css HTTP/1.1" 404 1104
124.77.236.199 - - [17/Jul/2020:10:08:14 +0800] "GET /xingrg/all/function/internal_message.html?_=1594951683865&CODE_STATE=getMsg HTTP/1.1" 200 27
114.88.161.57 - - [17/Jul/2020:10:08:15 +0800] "GET /xingrg/all/function/internal_message.html?_=1594951715366&CODE_STATE=getMsg HTTP/1.1" 200 27
172.17.0.109 - - [17/Jul/2020:10:08:21 +0800] "GET /xingrg/check_reg.html?_=1594951696863 HTTP/1.1" 200 22
172.17.0.109 - - [17/Jul/2020:10:08:21 +0800] "GET /xingrg/all/function/internal_message.html?_=1594951696864&CODE_STATE=getMsg HTTP/1.1" 200 27
120.253.135.82 - - [17/Jul/2020:10:08:25 +0800] "GET /xingrg/kc/pszx/mdps_order_add.html HTTP/1.1" 200 28958
120.253.135.82 - - [17/Jul/2020:10:08:25 +0800] "POST /xingrg/kc/pszx/mdps_order_operate.html HTTP/1.1" 200 7126
120.253.135.82 - - [17/Jul/2020:10:08:25 +0800] "GET /xingrg/javascript/easyui/themes/default/validatebox.css HTTP/1.1" 404 1104
172.17.200.101 - - [17/Jul/2020:10:08:26 +0800] "GET /xingrg/all/function/internal_message.html?_=1594951705744&CODE_STATE=getMsg HTTP/1.1" 200 27
222.69.136.210 - - [17/Jul/2020:10:08:28 +0800] "GET /xingrg/all/function/internal_message.html?_=1594951699461&CODE_STATE=getMsg HTTP/1.1" 200 27
114.88.161.57 - - [17/Jul/2020:10:08:31 +0800] "GET /xingrg/kc/buy/cgsh_order_list.html HTTP/1.1" 200 43513
120.253.135.82 - - [17/Jul/2020:10:08:31 +0800] "GET /xingrg/css/images/panel_loading.gif HTTP/1.1" 304 -
120.253.135.82 - - [17/Jul/2020:10:08:32 +0800] "POST /xingrg/all/common/load_combo.html?type=base HTTP/1.1" 200 899
114.88.161.57 - - [17/Jul/2020:10:08:33 +0800] "POST /xingrg/kc/buy/cgsh_list_operate.html HTTP/1.1" 200 2774
124.77.243.181 - - [17/Jul/2020:10:08:33 +0800] "POST /xingrg/services/DataTransmitService HTTP/1.1" 200 524
124.77.243.181 - - [17/Jul/2020:10:08:34 +0800] "POST /xingrg/services/DataTransmitService HTTP/1.1" 200 2147
124.77.243.181 - - [17/Jul/2020:10:08:34 +0800] "POST /xingrg/services/DataTransmitService HTTP/1.1" 200 151239
114.88.161.57 - - [17/Jul/2020:10:08:36 +0800] "POST /xingrg/kc/buy/cgsh_list_operate.html HTTP/1.1" 200 566
114.88.161.57 - - [17/Jul/2020:10:08:37 +0800] "GET /xingrg/kc/buy/cgsh_order_info.html?code=212020071706845 HTTP/1.1" 200 59260
114.88.161.57 - - [17/Jul/2020:10:08:37 +0800] "GET /xingrg/javascript/easyui/themes/default/validatebox.css HTTP/1.1" 404 1104
114.88.161.57 - - [17/Jul/2020:10:08:37 +0800] "POST /xingrg/kc/buy/cgsh_order_operate.html HTTP/1.1" 200 48769
172.17.0.240 - - [17/Jul/2020:10:08:40 +0800] "GET /xingrg/all/function/internal_message.html?_=1594951717003&CODE_STATE=getMsg HTTP/1.1" 200 27
172.17.0.240 - - [17/Jul/2020:10:08:40 +0800] "GET /xingrg/check_reg.html?_=1594951717005 HTTP/1.1" 200 22
180.175.214.200 - - [17/Jul/2020:10:08:41 +0800] "GET /xingrg/all/function/internal_message.html?_=1594951926707&CODE_STATE=getMsg HTTP/1.1" 200 27
172.17.0.185 - - [17/Jul/2020:10:08:43 +0800] "GET /xingrg/all/function/internal_message.html?_=1594951719939&CODE_STATE=getMsg HTTP/1.1" 200 27
