124.77.236.199 - - [17/Jul/2020:10:38:58 +0800] "GET /xingrg/javascript/easyui/themes/default/validatebox.css HTTP/1.1" 404 1104
124.77.236.199 - - [17/Jul/2020:10:38:58 +0800] "POST /xingrg/kc/buy/cgsh_order_operate.html HTTP/1.1" 200 8245
114.89.80.44 - - [17/Jul/2020:10:38:59 +0800] "GET /xingrg/kc/base/wldb_order_operate.html?command=get_materiel&rest_code=00150&base_code=0010446&code=00102002610 HTTP/1.1" 200 431
124.77.236.199 - - [17/Jul/2020:10:38:59 +0800] "GET /xingrg/javascript/easyui/themes/default/tree.css HTTP/1.1" 404 1090
124.77.236.199 - - [17/Jul/2020:10:38:59 +0800] "POST /xingrg/all/common/load_tree.html?tree=supplier_tree_json&isDelete=1 HTTP/1.1" 200 49424
124.77.243.181 - - [17/Jul/2020:10:39:01 +0800] "GET /xingrg/all/function/internal_message.html?_=1594953523891&CODE_STATE=getMsg HTTP/1.1" 200 27
58.40.7.146 - - [17/Jul/2020:10:39:02 +0800] "GET /xingrg/all/function/internal_message.html?_=1594953539774&CODE_STATE=getMsg HTTP/1.1" 200 27
120.204.17.68 - - [17/Jul/2020:10:39:03 +0800] "GET /xingrg/kc/buy/cgsh_order_operate.html?command=get_materiel&rest_code=00106&code=00101008360&supplier_code=00100007&order_time=2020-07-17 HTTP/1.1" 302 -
120.204.17.68 - - [17/Jul/2020:10:39:04 +0800] "GET /xingrg/login.html HTTP/1.1" 200 7641
117.185.32.26 - - [17/Jul/2020:10:39:04 +0800] "GET /xingrg/kc/buy/cgsh_order_operate.html?command=get_materiel&rest_code=00106&code=00101008098&supplier_code=00100007&order_time=2020-07-17 HTTP/1.1" 200 412
124.77.243.181 - - [17/Jul/2020:10:39:04 +0800] "GET /xingrg/all/function/internal_message.html?_=1594953545485&CODE_STATE=getMsg HTTP/1.1" 200 27
114.89.80.44 - - [17/Jul/2020:10:39:05 +0800] "POST /xingrg/kc/base/wldb_order_operate.html HTTP/1.1" 200 37
114.89.80.44 - - [17/Jul/2020:10:39:06 +0800] "POST /xingrg/kc/base/wldb_order_operate.html HTTP/1.1" 200 12
114.89.80.44 - - [17/Jul/2020:10:39:06 +0800] "POST /xingrg/kc/base/wldb_order_operate.html HTTP/1.1" 200 2193
180.175.214.200 - - [17/Jul/2020:10:39:07 +0800] "GET /xingrg/all/function/internal_message.html?_=1594953752770&CODE_STATE=getMsg HTTP/1.1" 200 27
180.157.251.101 - - [17/Jul/2020:10:39:08 +0800] "GET /xingrg/all/function/internal_message.html?_=1594953554513&CODE_STATE=getMsg HTTP/1.1" 200 27
114.89.80.44 - - [17/Jul/2020:10:39:08 +0800] "GET /xingrg/kc/base/wldb_order_info.html?code=422020071701878 HTTP/1.1" 200 26251
114.89.80.44 - - [17/Jul/2020:10:39:08 +0800] "GET /xingrg/javascript/easyui/themes/default/validatebox.css HTTP/1.1" 404 1104
114.89.80.44 - - [17/Jul/2020:10:39:08 +0800] "POST /xingrg/kc/base/wldb_order_operate.html HTTP/1.1" 200 487
120.204.17.68 - - [17/Jul/2020:10:39:09 +0800] "GET /xingrg/login.html HTTP/1.1" 200 7641
61.172.5.115 - - [17/Jul/2020:10:39:10 +0800] "GET /xingrg/kc/buy/cgsh_order_operate.html?command=get_materiel&rest_code=00105&code=00101001032&supplier_code=00100397&order_time=2020-07-17 HTTP/1.1" 200 413
117.185.32.26 - - [17/Jul/2020:10:39:11 +0800] "GET /xingrg/kc/buy/cgsh_order_operate.html?command=get_materiel&rest_code=00106&code=00101008005&supplier_code=00100007&order_time=2020-07-17 HTTP/1.1" 200 414
120.204.17.70 - - [17/Jul/2020:10:39:12 +0800] "GET /xingrg/kc/buy/cgsh_order_operate.html?command=get_materiel&rest_code=00106&code=00101008234&supplier_code=00100007&order_time=2020-07-17 HTTP/1.1" 302 -
124.77.236.199 - - [17/Jul/2020:10:39:14 +0800] "GET /xingrg/all/function/internal_message.html?_=1594953543393&CODE_STATE=getMsg HTTP/1.1" 200 27
114.88.161.57 - - [17/Jul/2020:10:39:15 +0800] "GET /xingrg/all/function/internal_message.html?_=1594953574930&CODE_STATE=getMsg HTTP/1.1" 200 27
117.185.32.26 - - [17/Jul/2020:10:39:15 +0800] "POST /xingrg/kc/buy/cgsh_order_operate.html HTTP/1.1" 200 2065
120.204.17.70 - - [17/Jul/2020:10:39:17 +0800] "GET /xingrg/login.html HTTP/1.1" 200 7641
120.204.17.73 - - [17/Jul/2020:10:39:18 +0800] "GET /xingrg/kc/buy/cgsh_order_operate.html?command=get_materiel&rest_code=00106&code=00101008069&supplier_code=00100007&order_time=2020-07-17 HTTP/1.1" 302 -
117.185.32.26 - - [17/Jul/2020:10:39:19 +0800] "GET /xingrg/kc/buy/cgsh_order_operate.html?command=get_materiel&rest_code=00106&code=00101008271&supplier_code=00100007&order_time=2020-07-17 HTTP/1.1" 200 428
117.184.7.26 - - [17/Jul/2020:10:39:21 +0800] "GET /xingrg/all/function/internal_message.html?_=1594953555384&CODE_STATE=getMsg HTTP/1.1" 200 27
114.88.156.166 - - [17/Jul/2020:10:39:21 +0800] "GET /xingrg/all/function/internal_message.html?_=1594953555765&CODE_STATE=getMsg HTTP/1.1" 200 27
172.17.0.120 - - [17/Jul/2020:10:39:25 +0800] "GET /xingrg/all/function/internal_message.html?_=1594953562090&CODE_STATE=getMsg HTTP/1.1" 200 27
117.185.32.26 - - [17/Jul/2020:10:39:25 +0800] "GET /xingrg/kc/buy/cgsh_order_operate.html?command=get_materiel&rest_code=00106&code=00101008353&supplier_code=00100007&order_time=2020-07-17 HTTP/1.1" 200 428
120.204.17.73 - - [17/Jul/2020:10:39:27 +0800] "GET /xingrg/login.html HTTP/1.1" 200 7641
222.69.136.210 - - [17/Jul/2020:10:39:28 +0800] "GET /xingrg/all/function/internal_message.html?_=1594953559164&CODE_STATE=getMsg HTTP/1.1" 200 27
222.69.136.210 - - [17/Jul/2020:10:39:28 +0800] "GET /xingrg/check_reg.html?_=1594953559496 HTTP/1.1" 200 22
117.185.32.26 - - [17/Jul/2020:10:39:28 +0800] "GET /xingrg/all/function/internal_message.html?_=1594953574857&CODE_STATE=getMsg HTTP/1.1" 200 27
124.77.236.199 - - [17/Jul/2020:10:39:29 +0800] "GET /xingrg/kc/buy/cgsh_order_operate.html?command=get_materiel&rest_code=00107&code=00101016080&supplier_code=00100033&order_time=2020-07-17 HTTP/1.1" 200 408
61.129.8.179 - - [17/Jul/2020:10:39:29 +0800] "GET /xingrg/all/function/internal_message.html?_=1594953495753&CODE_STATE=getMsg HTTP/1.1" 302 -
180.157.251.101 - - [17/Jul/2020:10:39:29 +0800] "GET /xingrg/javascript/easyui/themes/default/images/button_plain_hover.png HTTP/1.1" 304 -
180.157.251.101 - - [17/Jul/2020:10:39:29 +0800] "GET /xingrg/javascript/easyui/themes/default/images/button_plain_hover.png HTTP/1.1" 304 -
180.157.251.101 - - [17/Jul/2020:10:39:29 +0800] "GET /xingrg/javascript/easyui/themes/default/images/button_plain_hover.png HTTP/1.1" 304 -
180.157.251.101 - - [17/Jul/2020:10:39:29 +0800] "GET /xingrg/javascript/easyui/themes/default/images/button_plain_hover.png HTTP/1.1" 304 -
180.157.251.101 - - [17/Jul/2020:10:39:29 +0800] "GET /xingrg/javascript/easyui/themes/default/images/button_plain_hover.png HTTP/1.1" 304 -
116.232.54.66 - - [17/Jul/2020:10:39:30 +0800] "GET /xingrg/all/function/internal_message.html?_=1594953633572&CODE_STATE=getMsg HTTP/1.1" 200 27
61.129.8.179 - - [17/Jul/2020:10:39:31 +0800] "GET /xingrg/login.html HTTP/1.1" 200 7641
117.185.32.26 - - [17/Jul/2020:10:39:37 +0800] "GET /xingrg/kc/buy/cgsh_order_operate.html?command=get_materiel&rest_code=00106&code=00101008125&supplier_code=00100007&order_time=2020-07-17 HTTP/1.1" 200 413
180.157.251.101 - - [17/Jul/2020:10:39:39 +0800] "GET /xingrg/kc/buy/cgsh_order_operate.html?command=get_materiel&rest_code=00148&code=00101007061&supplier_code=00100004&order_time=2020-07-17 HTTP/1.1" 200 409
120.204.17.71 - - [17/Jul/2020:10:39:39 +0800] "GET /xingrg/all/function/internal_message.html?_=1594953514809&CODE_STATE=getMsg HTTP/1.1" 302 -
172.17.0.240 - - [17/Jul/2020:10:39:40 +0800] "GET /xingrg/all/function/internal_message.html?_=1594953576989&CODE_STATE=getMsg HTTP/1.1" 200 27
120.204.17.71 - - [17/Jul/2020:10:39:41 +0800] "GET /xingrg/login.html HTTP/1.1" 200 7641
172.17.0.185 - - [17/Jul/2020:10:39:43 +0800] "GET /xingrg/all/function/internal_message.html?_=1594953579939&CODE_STATE=getMsg HTTP/1.1" 200 27
172.17.0.185 - - [17/Jul/2020:10:39:43 +0800] "GET /xingrg/check_reg.html?_=1594953579943 HTTP/1.1" 200 22
117.184.7.26 - - [17/Jul/2020:10:39:43 +0800] "GET /xingrg/all/function/internal_message.html?_=1594953578521&CODE_STATE=getMsg HTTP/1.1" 200 27
124.77.236.199 - - [17/Jul/2020:10:39:46 +0800] "GET /xingrg/kc/buy/cgsh_order_operate.html?command=get_materiel&rest_code=00107&code=00101016017&supplier_code=00100033&order_time=2020-07-17 HTTP/1.1" 200 408
183.192.164.97 - - [17/Jul/2020:10:39:47 +0800] "GET /xingrg/kc/buy/cgsh_order_operate.html?command=get_materiel&rest_code=00106&code=00101008036&supplier_code=00100007&order_time=2020-07-17 HTTP/1.1" 302 -
172.17.0.123 - - [17/Jul/2020:10:39:50 +0800] "GET /xingrg/all/function/internal_message.html?_=1594953531301&CODE_STATE=getMsg HTTP/1.1" 200 27
180.157.251.101 - - [17/Jul/2020:10:39:50 +0800] "GET /xingrg/kc/buy/cgsh_order_operate.html?command=get_materiel&rest_code=00148&code=00101007049&supplier_code=00100004&order_time=2020-07-17 HTTP/1.1" 200 409
172.17.200.101 - - [17/Jul/2020:10:39:52 +0800] "GET /xingrg/all/function/internal_message.html?_=1594953591754&CODE_STATE=getMsg HTTP/1.1" 200 27
183.192.164.97 - - [17/Jul/2020:10:39:54 +0800] "GET /xingrg/login.html HTTP/1.1" 200 7641
114.89.80.44 - - [17/Jul/2020:10:39:57 +0800] "GET /xingrg/all/function/internal_message.html?_=1594953592095&CODE_STATE=getMsg HTTP/1.1" 200 27
180.157.251.101 - - [17/Jul/2020:10:39:58 +0800] "GET /xingrg/kc/buy/cgsh_order_operate.html?command=get_materiel&rest_code=00148&code=00101007023&supplier_code=00100004&order_time=2020-07-17 HTTP/1.1" 200 429
120.204.17.70 - - [17/Jul/2020:10:39:58 +0800] "GET /xingrg/kc/buy/cgsh_order_operate.html?command=get_materiel&rest_code=00106&code=00101008352&supplier_code=00100007&order_time=2020-07-17 HTTP/1.1" 302 -
124.77.243.181 - - [17/Jul/2020:10:40:00 +0800] "GET /xingrg/kc/buy/cgsh_order_operate.html?command=get_materiel&rest_code=00146&code=00101006161&supplier_code=00100041&order_time=2020-07-17 HTTP/1.1" 200 409
124.77.236.199 - - [17/Jul/2020:10:40:00 +0800] "GET /xingrg/kc/buy/cgsh_order_operate.html?command=get_materiel&rest_code=00107&code=00101016010&supplier_code=00100033&order_time=2020-07-17 HTTP/1.1" 200 408
124.77.243.181 - - [17/Jul/2020:10:40:01 +0800] "GET /xingrg/all/function/internal_message.html?_=1594953583902&CODE_STATE=getMsg HTTP/1.1" 200 27
58.40.7.146 - - [17/Jul/2020:10:40:02 +0800] "GET /xingrg/all/function/internal_message.html?_=1594953599760&CODE_STATE=getMsg HTTP/1.1" 200 27
117.185.32.26 - - [17/Jul/2020:10:40:04 +0800] "GET /xingrg/kc/buy/cgsh_order_operate.html?command=get_materiel&rest_code=00106&code=00101008101&supplier_code=00100007&order_time=2020-07-17 HTTP/1.1" 200 412
124.77.243.181 - - [17/Jul/2020:10:40:04 +0800] "GET /xingrg/all/function/internal_message.html?_=1594953605498&CODE_STATE=getMsg HTTP/1.1" 200 27
180.157.251.101 - - [17/Jul/2020:10:40:04 +0800] "GET /xingrg/javascript/easyui/themes/default/images/button_plain_hover.png HTTP/1.1" 304 -
180.157.251.101 - - [17/Jul/2020:10:40:04 +0800] "GET /xingrg/javascript/easyui/themes/default/images/button_plain_hover.png HTTP/1.1" 304 -
180.157.251.101 - - [17/Jul/2020:10:40:05 +0800] "GET /xingrg/javascript/easyui/themes/default/images/button_plain_hover.png HTTP/1.1" 304 -
114.83.248.64 - - [17/Jul/2020:10:40:05 +0800] "GET /xingrg HTTP/1.1" 302 -
114.83.248.64 - - [17/Jul/2020:10:40:05 +0800] "GET /xingrg/ HTTP/1.1" 200 292
61.172.5.115 - - [17/Jul/2020:10:40:06 +0800] "POST /xingrg/kc/buy/cgsh_order_operate.html HTTP/1.1" 200 37
114.83.248.64 - - [17/Jul/2020:10:40:06 +0800] "GET /xingrg/index.html HTTP/1.1" 302 -
180.157.251.101 - - [17/Jul/2020:10:40:06 +0800] "POST /xingrg/kc/buy/cgsh_order_operate.html HTTP/1.1" 200 88
114.83.248.64 - - [17/Jul/2020:10:40:06 +0800] "GET /xingrg/login.html HTTP/1.1" 200 7641
114.83.248.64 - - [17/Jul/2020:10:40:06 +0800] "GET /favicon.ico HTTP/1.1" 404 -
114.83.248.64 - - [17/Jul/2020:10:40:06 +0800] "GET /xingrg/images/blue/jxLogo.png HTTP/1.1" 200 6156
114.83.248.64 - - [17/Jul/2020:10:40:06 +0800] "GET /xingrg/images/blue/srbg.png HTTP/1.1" 200 138
114.83.248.64 - - [17/Jul/2020:10:40:06 +0800] "GET /xingrg/images/blue/login_bg.png HTTP/1.1" 200 22101
114.83.248.64 - - [17/Jul/2020:10:40:06 +0800] "GET /favicon.ico HTTP/1.1" 404 -
114.83.248.64 - - [17/Jul/2020:10:40:06 +0800] "GET /xingrg/images/blue/hj.png HTTP/1.1" 200 1014
117.185.32.26 - - [17/Jul/2020:10:40:07 +0800] "POST /xingrg/kc/buy/cgsh_order_operate.html HTTP/1.1" 200 2065
61.172.5.115 - - [17/Jul/2020:10:40:07 +0800] "POST /xingrg/kc/buy/cgsh_order_operate.html HTTP/1.1" 200 5612
180.157.251.101 - - [17/Jul/2020:10:40:07 +0800] "GET /xingrg/javascript/easyui/themes/default/images/button_plain_hover.png HTTP/1.1" 304 -
180.157.251.101 - - [17/Jul/2020:10:40:08 +0800] "GET /xingrg/javascript/easyui/themes/default/images/button_plain_hover.png HTTP/1.1" 304 -
180.175.214.200 - - [17/Jul/2020:10:40:08 +0800] "GET /xingrg/all/function/internal_message.html?_=1594953812789&CODE_STATE=getMsg HTTP/1.1" 200 27
180.157.251.101 - - [17/Jul/2020:10:40:08 +0800] "GET /xingrg/javascript/easyui/themes/default/images/button_plain_hover.png HTTP/1.1" 304 -
180.157.251.101 - - [17/Jul/2020:10:40:08 +0800] "GET /xingrg/javascript/easyui/themes/default/images/button_plain_hover.png HTTP/1.1" 304 -
180.157.251.101 - - [17/Jul/2020:10:40:08 +0800] "GET /xingrg/javascript/easyui/themes/default/images/button_plain_hover.png HTTP/1.1" 304 -
180.157.251.101 - - [17/Jul/2020:10:40:08 +0800] "GET /xingrg/javascript/easyui/themes/default/images/button_plain_hover.png HTTP/1.1" 304 -
180.157.251.101 - - [17/Jul/2020:10:40:08 +0800] "GET /xingrg/all/function/internal_message.html?_=1594953614527&CODE_STATE=getMsg HTTP/1.1" 200 27
120.204.17.70 - - [17/Jul/2020:10:40:08 +0800] "GET /xingrg/login.html HTTP/1.1" 200 7641
124.77.236.199 - - [17/Jul/2020:10:40:08 +0800] "GET /xingrg/kc/buy/cgsh_order_operate.html?command=get_materiel&rest_code=00107&code=00101020089&supplier_code=00100033&order_time=2020-07-17 HTTP/1.1" 200 412
120.204.17.70 - - [17/Jul/2020:10:40:09 +0800] "GET /xingrg/kc/buy/cgsh_order_operate.html?command=get_materiel&rest_code=00106&code=00101008098&supplier_code=00100007&order_time=2020-07-17 HTTP/1.1" 302 -
180.157.251.101 - - [17/Jul/2020:10:40:10 +0800] "POST /xingrg/kc/buy/cgsh_order_operate.html HTTP/1.1" 200 37
180.157.251.101 - - [17/Jul/2020:10:40:10 +0800] "POST /xingrg/kc/buy/cgsh_order_operate.html HTTP/1.1" 200 5595
117.185.32.26 - - [17/Jul/2020:10:40:12 +0800] "GET /xingrg/kc/buy/cgsh_order_operate.html?command=get_materiel&rest_code=00106&code=00101008114&supplier_code=00100007&order_time=2020-07-17 HTTP/1.1" 200 412
61.172.5.115 - - [17/Jul/2020:10:40:13 +0800] "GET /xingrg/kc/print/load_data.html?order_code=212020071706891&kc_code=cgsh&condition= HTTP/1.1" 200 1788
124.77.236.199 - - [17/Jul/2020:10:40:14 +0800] "GET /xingrg/all/function/internal_message.html?_=1594953603369&CODE_STATE=getMsg HTTP/1.1" 200 27
120.204.17.70 - - [17/Jul/2020:10:40:14 +0800] "GET /xingrg/login.html HTTP/1.1" 200 7641
114.88.161.57 - - [17/Jul/2020:10:40:15 +0800] "GET /xingrg/all/function/internal_message.html?_=1594953634930&CODE_STATE=getMsg HTTP/1.1" 200 27
124.77.243.181 - - [17/Jul/2020:10:40:15 +0800] "GET /xingrg/kc/buy/cgsh_order_operate.html?command=get_materiel&rest_code=00146&code=00101006067&supplier_code=00100041&order_time=2020-07-17 HTTP/1.1" 200 409
117.185.32.26 - - [17/Jul/2020:10:40:20 +0800] "GET /xingrg/kc/buy/cgsh_order_operate.html?command=get_materiel&rest_code=00106&code=00101008283&supplier_code=00100007&order_time=2020-07-17 HTTP/1.1" 200 408
117.184.7.26 - - [17/Jul/2020:10:40:21 +0800] "GET /xingrg/all/function/internal_message.html?_=1594953615399&CODE_STATE=getMsg HTTP/1.1" 200 27
114.88.156.166 - - [17/Jul/2020:10:40:21 +0800] "GET /xingrg/all/function/internal_message.html?_=1594953615758&CODE_STATE=getMsg HTTP/1.1" 200 27
183.192.164.214 - - [17/Jul/2020:10:40:23 +0800] "GET /xingrg/kc/buy/cgsh_order_operate.html?command=get_materiel&rest_code=00106&code=00101008005&supplier_code=00100007&order_time=2020-07-17 HTTP/1.1" 302 -
124.77.236.199 - - [17/Jul/2020:10:40:24 +0800] "GET /xingrg/kc/buy/cgsh_order_operate.html?command=get_materiel&rest_code=00107&code=00101010136&supplier_code=00100033&order_time=2020-07-17 HTTP/1.1" 200 408
172.17.0.120 - - [17/Jul/2020:10:40:25 +0800] "GET /xingrg/all/function/internal_message.html?_=1594953622095&CODE_STATE=getMsg HTTP/1.1" 200 27
183.192.164.214 - - [17/Jul/2020:10:40:25 +0800] "GET /xingrg/login.html HTTP/1.1" 200 7641
117.185.32.26 - - [17/Jul/2020:10:40:26 +0800] "POST /xingrg/kc/buy/cgsh_order_operate.html HTTP/1.1" 200 37
117.185.32.26 - - [17/Jul/2020:10:40:27 +0800] "POST /xingrg/kc/buy/cgsh_order_operate.html HTTP/1.1" 200 17410
101.91.60.104 - - [17/Jul/2020:10:40:27 +0800] "GET /xingrg/all/function/internal_message.html?_=1594953555765&CODE_STATE=getMsg HTTP/1.1" 302 -
222.69.136.210 - - [17/Jul/2020:10:40:28 +0800] "GET /xingrg/all/function/internal_message.html?_=1594953619149&CODE_STATE=getMsg HTTP/1.1" 200 27
117.185.32.26 - - [17/Jul/2020:10:40:28 +0800] "GET /xingrg/check_reg.html?_=1594953634777 HTTP/1.1" 200 22
117.185.32.26 - - [17/Jul/2020:10:40:28 +0800] "GET /xingrg/all/function/internal_message.html?_=1594953634779&CODE_STATE=getMsg HTTP/1.1" 200 27
116.232.54.66 - - [17/Jul/2020:10:40:29 +0800] "GET /xingrg/all/function/internal_message.html?_=1594953693562&CODE_STATE=getMsg HTTP/1.1" 200 27
124.77.243.181 - - [17/Jul/2020:10:40:31 +0800] "POST /xingrg/kc/buy/cgsh_order_operate.html HTTP/1.1" 200 37
120.204.17.72 - - [17/Jul/2020:10:40:32 +0800] "GET /xingrg/kc/buy/cgsh_order_operate.html?command=get_materiel&rest_code=00106&code=00101008353&supplier_code=00100007&order_time=2020-07-17 HTTP/1.1" 302 -
101.91.60.104 - - [17/Jul/2020:10:40:34 +0800] "GET /xingrg/login.html HTTP/1.1" 200 7641
124.77.243.181 - - [17/Jul/2020:10:40:34 +0800] "POST /xingrg/kc/buy/cgsh_order_operate.html HTTP/1.1" 200 3240
120.204.17.72 - - [17/Jul/2020:10:40:37 +0800] "GET /xingrg/login.html HTTP/1.1" 200 7641
183.192.164.85 - - [17/Jul/2020:10:40:38 +0800] "GET /xingrg/all/function/internal_message.html?_=1594953574857&CODE_STATE=getMsg HTTP/1.1" 302 -
124.77.243.181 - - [17/Jul/2020:10:40:38 +0800] "GET /xingrg/kc/print/load_data.html?order_code=212020071706895&kc_code=cgsh&condition= HTTP/1.1" 200 912
124.77.236.199 - - [17/Jul/2020:10:40:39 +0800] "GET /xingrg/kc/buy/cgsh_order_operate.html?command=get_materiel&rest_code=00107&code=00101012051&supplier_code=00100033&order_time=2020-07-17 HTTP/1.1" 200 408
183.192.164.85 - - [17/Jul/2020:10:40:39 +0800] "GET /xingrg/login.html HTTP/1.1" 200 7641
114.83.248.64 - - [17/Jul/2020:10:40:39 +0800] "GET /xingrg HTTP/1.1" 302 -
114.83.248.64 - - [17/Jul/2020:10:40:40 +0800] "GET /xingrg/index.html HTTP/1.1" 302 -
114.83.248.64 - - [17/Jul/2020:10:40:40 +0800] "GET /xingrg/login.html HTTP/1.1" 200 7641
172.17.0.240 - - [17/Jul/2020:10:40:40 +0800] "GET /xingrg/all/function/internal_message.html?_=1594953637000&CODE_STATE=getMsg HTTP/1.1" 200 27
114.83.248.64 - - [17/Jul/2020:10:40:40 +0800] "GET /favicon.ico HTTP/1.1" 404 -
114.83.248.64 - - [17/Jul/2020:10:40:40 +0800] "GET /favicon.ico HTTP/1.1" 404 -
172.17.0.185 - - [17/Jul/2020:10:40:43 +0800] "GET /xingrg/all/function/internal_message.html?_=1594953639930&CODE_STATE=getMsg HTTP/1.1" 200 27
117.184.7.26 - - [17/Jul/2020:10:40:43 +0800] "GET /xingrg/check_reg.html?_=1594953638528 HTTP/1.1" 200 22
117.184.7.26 - - [17/Jul/2020:10:40:43 +0800] "GET /xingrg/all/function/internal_message.html?_=1594953638531&CODE_STATE=getMsg HTTP/1.1" 200 27
172.17.0.123 - - [17/Jul/2020:10:40:50 +0800] "GET /xingrg/all/function/internal_message.html?_=1594953591305&CODE_STATE=getMsg HTTP/1.1" 200 27
124.77.236.199 - - [17/Jul/2020:10:40:50 +0800] "GET /xingrg/kc/buy/cgsh_order_operate.html?command=get_materiel&rest_code=00107&code=00101016025&supplier_code=00100033&order_time=2020-07-17 HTTP/1.1" 200 427
172.17.200.101 - - [17/Jul/2020:10:40:52 +0800] "GET /xingrg/all/function/internal_message.html?_=1594953651758&CODE_STATE=getMsg HTTP/1.1" 200 27
172.17.200.101 - - [17/Jul/2020:10:40:52 +0800] "GET /xingrg/check_reg.html?_=1594953651754 HTTP/1.1" 200 22
124.77.243.181 - - [17/Jul/2020:10:40:57 +0800] "GET /xingrg/kc/buy/cgsh_order_add.html HTTP/1.1" 200 59257
114.89.80.44 - - [17/Jul/2020:10:40:57 +0800] "GET /xingrg/all/function/internal_message.html?_=1594953652078&CODE_STATE=getMsg HTTP/1.1" 200 27
114.89.80.44 - - [17/Jul/2020:10:40:57 +0800] "GET /xingrg/check_reg.html?_=1594953652711 HTTP/1.1" 200 22
124.77.243.181 - - [17/Jul/2020:10:40:58 +0800] "POST /xingrg/kc/buy/cgsh_order_operate.html HTTP/1.1" 200 8245
124.77.236.199 - - [17/Jul/2020:10:40:58 +0800] "GET /xingrg/kc/buy/cgsh_order_operate.html?command=get_materiel&rest_code=00107&code=00101016100&supplier_code=00100033&order_time=2020-07-17 HTTP/1.1" 200 412
124.77.243.181 - - [17/Jul/2020:10:40:58 +0800] "GET /xingrg/javascript/easyui/themes/default/validatebox.css HTTP/1.1" 404 1104
101.91.60.105 - - [17/Jul/2020:10:40:59 +0800] "GET /xingrg/all/function/internal_message.html?_=1594953435748&CODE_STATE=getMsg HTTP/1.1" 302 -
222.69.136.210 - - [17/Jul/2020:10:41:01 +0800] "GET /xingrg/kc/buy/cgsh_order_add.html HTTP/1.1" 200 59304
124.77.243.181 - - [17/Jul/2020:10:41:01 +0800] "GET /xingrg/all/function/internal_message.html?_=1594953643917&CODE_STATE=getMsg HTTP/1.1" 200 27
222.69.136.210 - - [17/Jul/2020:10:41:01 +0800] "POST /xingrg/kc/buy/cgsh_order_operate.html HTTP/1.1" 200 8245
222.69.136.210 - - [17/Jul/2020:10:41:01 +0800] "GET /xingrg/javascript/easyui/themes/default/validatebox.css HTTP/1.1" 404 1104
58.40.7.146 - - [17/Jul/2020:10:41:02 +0800] "GET /xingrg/all/function/internal_message.html?_=1594953659763&CODE_STATE=getMsg HTTP/1.1" 200 27
101.91.60.105 - - [17/Jul/2020:10:41:04 +0800] "GET /xingrg/login.html HTTP/1.1" 200 7641
124.77.243.181 - - [17/Jul/2020:10:41:04 +0800] "GET /xingrg/all/function/internal_message.html?_=1594953665539&CODE_STATE=getMsg HTTP/1.1" 200 27
180.175.214.200 - - [17/Jul/2020:10:41:07 +0800] "GET /xingrg/check_reg.html?_=1594953872521 HTTP/1.1" 200 22
180.175.214.200 - - [17/Jul/2020:10:41:08 +0800] "GET /xingrg/all/function/internal_message.html?_=1594953872803&CODE_STATE=getMsg HTTP/1.1" 200 27
180.157.251.101 - - [17/Jul/2020:10:41:08 +0800] "GET /xingrg/check_reg.html?_=1594953674478 HTTP/1.1" 200 22
180.157.251.101 - - [17/Jul/2020:10:41:08 +0800] "GET /xingrg/all/function/internal_message.html?_=1594953674540&CODE_STATE=getMsg HTTP/1.1" 200 27
114.88.156.166 - - [17/Jul/2020:10:41:09 +0800] "POST /xingrg/services/DataTransmitService HTTP/1.1" 200 524
114.88.156.166 - - [17/Jul/2020:10:41:09 +0800] "POST /xingrg/services/DataTransmitService HTTP/1.1" 200 2219
114.88.156.166 - - [17/Jul/2020:10:41:10 +0800] "POST /xingrg/services/DataTransmitService HTTP/1.1" 200 174107
124.77.243.181 - - [17/Jul/2020:10:41:10 +0800] "GET /xingrg/check_reg.html?_=1594953653589 HTTP/1.1" 200 22
124.77.236.199 - - [17/Jul/2020:10:41:14 +0800] "GET /xingrg/all/function/internal_message.html?_=1594953663347&CODE_STATE=getMsg HTTP/1.1" 200 27
124.77.243.181 - - [17/Jul/2020:10:41:14 +0800] "GET /xingrg/kc/buy/cgsh_order_operate.html?command=get_materiel&rest_code=00146&code=00101016080&supplier_code=00100033&order_time=2020-07-17 HTTP/1.1" 200 408
114.88.161.57 - - [17/Jul/2020:10:41:15 +0800] "GET /xingrg/all/function/internal_message.html?_=1594953694931&CODE_STATE=getMsg HTTP/1.1" 200 27
124.77.236.199 - - [17/Jul/2020:10:41:15 +0800] "GET /xingrg/check_reg.html?_=1594953664257 HTTP/1.1" 200 22
114.89.80.44 - - [17/Jul/2020:10:41:16 +0800] "GET /xingrg/kc/base/wldb_order_add.html HTTP/1.1" 200 30373
114.89.80.44 - - [17/Jul/2020:10:41:17 +0800] "POST /xingrg/kc/base/wldb_order_operate.html HTTP/1.1" 200 6806
114.89.80.44 - - [17/Jul/2020:10:41:17 +0800] "GET /xingrg/javascript/easyui/themes/default/validatebox.css HTTP/1.1" 404 1104
124.77.236.199 - - [17/Jul/2020:10:41:17 +0800] "GET /xingrg/kc/buy/cgsh_order_operate.html?command=get_materiel&rest_code=00107&code=00101019224&supplier_code=00100033&order_time=2020-07-17 HTTP/1.1" 200 409
114.89.80.44 - - [17/Jul/2020:10:41:21 +0800] "GET /xingrg/kc/base/wldb_order_operate.html?command=get_materiel&rest_code=00150&base_code=0010446&code=00102002314 HTTP/1.1" 200 446
114.88.156.166 - - [17/Jul/2020:10:41:21 +0800] "GET /xingrg/check_reg.html?_=1594953675755 HTTP/1.1" 200 22
114.88.156.166 - - [17/Jul/2020:10:41:22 +0800] "GET /xingrg/all/function/internal_message.html?_=1594953675756&CODE_STATE=getMsg HTTP/1.1" 200 27
172.17.0.120 - - [17/Jul/2020:10:41:25 +0800] "GET /xingrg/check_reg.html?_=1594953682099 HTTP/1.1" 200 22
172.17.0.120 - - [17/Jul/2020:10:41:25 +0800] "GET /xingrg/all/function/internal_message.html?_=1594953682111&CODE_STATE=getMsg HTTP/1.1" 200 27
222.69.136.210 - - [17/Jul/2020:10:41:28 +0800] "GET /xingrg/all/function/internal_message.html?_=1594953679130&CODE_STATE=getMsg HTTP/1.1" 200 27
116.232.54.66 - - [17/Jul/2020:10:41:28 +0800] "GET /xingrg/all/function/internal_message.html?_=1594953753561&CODE_STATE=getMsg HTTP/1.1" 200 27
116.232.54.66 - - [17/Jul/2020:10:41:28 +0800] "GET /xingrg/check_reg.html?_=1594953753561 HTTP/1.1" 200 22
117.185.32.26 - - [17/Jul/2020:10:41:28 +0800] "GET /xingrg/all/function/internal_message.html?_=1594953694857&CODE_STATE=getMsg HTTP/1.1" 200 27
61.172.5.115 - - [17/Jul/2020:10:41:28 +0800] "GET /xingrg/kc/buy/cgsh_order_add.html HTTP/1.1" 200 59251
61.172.5.115 - - [17/Jul/2020:10:41:28 +0800] "POST /xingrg/kc/buy/cgsh_order_operate.html HTTP/1.1" 200 8245
61.172.5.115 - - [17/Jul/2020:10:41:28 +0800] "GET /xingrg/javascript/easyui/themes/default/validatebox.css HTTP/1.1" 404 1104
101.91.60.11 - - [17/Jul/2020:10:41:30 +0800] "GET /xingrg/all/function/internal_message.html?_=1594953615758&CODE_STATE=getMsg HTTP/1.1" 302 -
124.77.236.199 - - [17/Jul/2020:10:41:33 +0800] "POST /xingrg/kc/buy/cgsh_order_operate.html HTTP/1.1" 200 37
124.77.236.199 - - [17/Jul/2020:10:41:34 +0800] "POST /xingrg/kc/buy/cgsh_order_operate.html HTTP/1.1" 200 7367
124.77.236.199 - - [17/Jul/2020:10:41:36 +0800] "GET /xingrg/kc/print/load_data.html?order_code=212020071706896&kc_code=cgsh&condition= HTTP/1.1" 200 2481
101.91.60.11 - - [17/Jul/2020:10:41:36 +0800] "GET /xingrg/login.html HTTP/1.1" 200 7641
120.204.17.72 - - [17/Jul/2020:10:41:37 +0800] "GET /xingrg/all/function/internal_message.html?_=1594953634779&CODE_STATE=getMsg HTTP/1.1" 302 -
172.17.0.240 - - [17/Jul/2020:10:41:40 +0800] "GET /xingrg/all/function/internal_message.html?_=1594953696993&CODE_STATE=getMsg HTTP/1.1" 200 27
124.77.243.181 - - [17/Jul/2020:10:41:41 +0800] "GET /xingrg/kc/buy/cgsh_order_operate.html?command=get_materiel&rest_code=00146&code=00101012003&supplier_code=00100033&order_time=2020-07-17 HTTP/1.1" 200 412
183.192.164.85 - - [17/Jul/2020:10:41:42 +0800] "GET /xingrg/kc/buy/cgsh_order_operate.html?command=get_materiel&rest_code=00106&code=00101008357&supplier_code=00100007&order_time=2020-07-17 HTTP/1.1" 302 -
172.17.0.185 - - [17/Jul/2020:10:41:43 +0800] "GET /xingrg/all/function/internal_message.html?_=1594953699935&CODE_STATE=getMsg HTTP/1.1" 200 27
120.204.17.72 - - [17/Jul/2020:10:41:43 +0800] "GET /xingrg/login.html HTTP/1.1" 200 7641
117.184.7.26 - - [17/Jul/2020:10:41:43 +0800] "GET /xingrg/all/function/internal_message.html?_=1594953698530&CODE_STATE=getMsg HTTP/1.1" 200 27
222.69.136.210 - - [17/Jul/2020:10:41:44 +0800] "GET /xingrg/kc/buy/cgsh_order_operate.html?command=get_materiel&rest_code=00149&code=00101008323&supplier_code=00100005&order_time=2020-07-17 HTTP/1.1" 200 408
183.192.164.85 - - [17/Jul/2020:10:41:47 +0800] "GET /xingrg/login.html HTTP/1.1" 200 7641
172.17.0.123 - - [17/Jul/2020:10:41:50 +0800] "GET /xingrg/all/function/internal_message.html?_=1594953651307&CODE_STATE=getMsg HTTP/1.1" 200 27
172.17.200.101 - - [17/Jul/2020:10:41:52 +0800] "GET /xingrg/all/function/internal_message.html?_=1594953711760&CODE_STATE=getMsg HTTP/1.1" 200 27
124.77.243.181 - - [17/Jul/2020:10:41:52 +0800] "GET /xingrg/kc/buy/cgsh_order_operate.html?command=get_materiel&rest_code=00146&code=00101012025&supplier_code=00100033&order_time=2020-07-17 HTTP/1.1" 200 412
114.89.80.44 - - [17/Jul/2020:10:41:57 +0800] "GET /xingrg/all/function/internal_message.html?_=1594953712073&CODE_STATE=getMsg HTTP/1.1" 200 27
180.157.251.101 - - [17/Jul/2020:10:41:57 +0800] "GET /xingrg/javascript/easyui/themes/default/images/button_plain_hover.png HTTP/1.1" 304 -
180.157.251.101 - - [17/Jul/2020:10:41:57 +0800] "GET /xingrg/javascript/easyui/themes/default/images/button_plain_hover.png HTTP/1.1" 304 -
124.77.243.181 - - [17/Jul/2020:10:42:01 +0800] "GET /xingrg/all/function/internal_message.html?_=1594953703931&CODE_STATE=getMsg HTTP/1.1" 200 27
58.40.7.146 - - [17/Jul/2020:10:42:02 +0800] "GET /xingrg/all/function/internal_message.html?_=1594953719767&CODE_STATE=getMsg HTTP/1.1" 200 27
58.40.7.146 - - [17/Jul/2020:10:42:02 +0800] "GET /xingrg/check_reg.html?_=1594953719769 HTTP/1.1" 200 22
124.77.243.181 - - [17/Jul/2020:10:42:04 +0800] "GET /xingrg/all/function/internal_message.html?_=1594953725541&CODE_STATE=getMsg HTTP/1.1" 200 27
61.172.5.115 - - [17/Jul/2020:10:42:05 +0800] "GET /xingrg/kc/buy/cgsh_order_operate.html?command=get_materiel&rest_code=00105&code=00101018011&supplier_code=00100330&order_time=2020-07-17 HTTP/1.1" 200 413
180.175.214.200 - - [17/Jul/2020:10:42:08 +0800] "GET /xingrg/all/function/internal_message.html?_=1594953932817&CODE_STATE=getMsg HTTP/1.1" 200 27
180.157.251.101 - - [17/Jul/2020:10:42:08 +0800] "GET /xingrg/all/function/internal_message.html?_=1594953734553&CODE_STATE=getMsg HTTP/1.1" 200 27
180.175.214.200 - - [17/Jul/2020:10:42:11 +0800] "GET /xingrg/javascript/auto/indicator.gif HTTP/1.1" 404 1066
124.77.236.199 - - [17/Jul/2020:10:42:11 +0800] "GET /xingrg/kc/buy/cgsh_order_add.html HTTP/1.1" 200 59298
124.77.236.199 - - [17/Jul/2020:10:42:12 +0800] "POST /xingrg/kc/buy/cgsh_order_operate.html HTTP/1.1" 200 8245
124.77.236.199 - - [17/Jul/2020:10:42:12 +0800] "GET /xingrg/javascript/easyui/themes/default/validatebox.css HTTP/1.1" 404 1104
180.175.214.200 - - [17/Jul/2020:10:42:13 +0800] "GET /xingrg/kc/buy/cgsh_order_operate.html?command=get_materiel&rest_code=00102&code=00101012030&supplier_code=00100031&order_time=2020-07-17 HTTP/1.1" 200 416
124.77.236.199 - - [17/Jul/2020:10:42:14 +0800] "GET /xingrg/javascript/easyui/themes/default/tree.css HTTP/1.1" 404 1090
124.77.236.199 - - [17/Jul/2020:10:42:14 +0800] "POST /xingrg/all/common/load_tree.html?tree=supplier_tree_json&isDelete=1 HTTP/1.1" 200 49424
114.88.161.57 - - [17/Jul/2020:10:42:15 +0800] "GET /xingrg/all/function/internal_message.html?_=1594953754931&CODE_STATE=getMsg HTTP/1.1" 200 27
114.88.161.57 - - [17/Jul/2020:10:42:15 +0800] "GET /xingrg/check_reg.html?_=1594953755294 HTTP/1.1" 200 22
114.83.248.64 - - [17/Jul/2020:10:42:15 +0800] "POST /xingrg/login.do HTTP/1.1" 302 -
114.83.248.64 - - [17/Jul/2020:10:42:16 +0800] "GET /xingrg/index.html?sysBaseUrl=http%3A%2F%2F180.169.147.146%3A18081%2Fxingrg%2F&costTime=40×tamp=1594953735962 HTTP/1.1" 200 17179
114.83.248.64 - - [17/Jul/2020:10:42:16 +0800] "GET /xingrg/css/form.css HTTP/1.1" 200 893
114.83.248.64 - - [17/Jul/2020:10:42:16 +0800] "GET /xingrg/javascript/jquery_easy_ui/themes/icon.css HTTP/1.1" 200 3949
114.83.248.64 - - [17/Jul/2020:10:42:16 +0800] "GET /xingrg/javascript/jquery_easy_ui/easyui-lang-zh_CN.js HTTP/1.1" 200 1900
114.83.248.64 - - [17/Jul/2020:10:42:16 +0800] "GET /xingrg/javascript/jquery_easy_ui/jquery.easyui.min.js HTTP/1.1" 200 213662
114.83.248.64 - - [17/Jul/2020:10:42:16 +0800] "GET /xingrg/javascript/jquery.timers.js HTTP/1.1" 200 3532
114.83.248.64 - - [17/Jul/2020:10:42:16 +0800] "GET /xingrg/javascript/jquery-1.4.2.min.js HTTP/1.1" 200 72205
114.83.248.64 - - [17/Jul/2020:10:42:16 +0800] "GET /xingrg/javascript/jquery.utils.js HTTP/1.1" 200 11805
114.83.248.64 - - [17/Jul/2020:10:42:16 +0800] "GET /xingrg/javascript/jquery.form.js HTTP/1.1" 200 23110
114.83.248.64 - - [17/Jul/2020:10:42:16 +0800] "GET /xingrg/javascript/jquery_easy_ui/themes/default/easyui.css HTTP/1.1" 200 26500
114.83.248.64 - - [17/Jul/2020:10:42:16 +0800] "GET /favicon.ico HTTP/1.1" 404 -
114.83.248.64 - - [17/Jul/2020:10:42:16 +0800] "GET /xingrg/javascript/jquery_easy_ui/themes/icons/settle_new.png HTTP/1.1" 200 826
114.83.248.64 - - [17/Jul/2020:10:42:16 +0800] "GET /xingrg/images/blue/navBackgound.jpg HTTP/1.1" 200 12378
114.83.248.64 - - [17/Jul/2020:10:42:16 +0800] "POST /xingrg/all/common/load_tree.html?tree=area_rest_tree_json&manage=1 HTTP/1.1" 200 351
114.83.248.64 - - [17/Jul/2020:10:42:16 +0800] "GET /xingrg/all/function/internal_message.html?_=1594953657912&CODE_STATE=count HTTP/1.1" 200 11
114.83.248.64 - - [17/Jul/2020:10:42:16 +0800] "GET /xingrg/check_reg.html?_=1594953657913 HTTP/1.1" 200 22
114.83.248.64 - - [17/Jul/2020:10:42:16 +0800] "GET /xingrg/images/blue/pingpu.png HTTP/1.1" 200 231
114.83.248.64 - - [17/Jul/2020:10:42:16 +0800] "GET /xingrg/javascript/jquery_easy_ui/themes/default/images/tabs_leftarrow.png HTTP/1.1" 200 389
114.83.248.64 - - [17/Jul/2020:10:42:16 +0800] "GET /xingrg/javascript/jquery_easy_ui/themes/default/images/tabs_rightarrow.png HTTP/1.1" 200 395
114.83.248.64 - - [17/Jul/2020:10:42:16 +0800] "GET /xingrg/javascript/jquery_easy_ui/themes/default/images/panel_tool_collapse.gif HTTP/1.1" 200 246
114.83.248.64 - - [17/Jul/2020:10:42:16 +0800] "POST /xingrg/load_menu.html HTTP/1.1" 200 5138
114.83.248.64 - - [17/Jul/2020:10:42:16 +0800] "GET /xingrg/javascript/jquery_easy_ui/themes/default/images/tree_arrows.gif HTTP/1.1" 200 1043
114.83.248.64 - - [17/Jul/2020:10:42:16 +0800] "GET /xingrg/javascript/jquery_easy_ui/themes/icons/search_new.png HTTP/1.1" 200 586
114.83.248.64 - - [17/Jul/2020:10:42:16 +0800] "GET /xingrg/javascript/jquery_easy_ui/themes/icons/storage_new.png HTTP/1.1" 200 853
114.83.248.64 - - [17/Jul/2020:10:42:16 +0800] "GET /xingrg/javascript/jquery_easy_ui/themes/default/images/tree_folder.gif HTTP/1.1" 200 952
114.83.248.64 - - [17/Jul/2020:10:42:16 +0800] "GET /xingrg/javascript/jquery_easy_ui/themes/icons/forms_new.png HTTP/1.1" 200 350
114.83.248.64 - - [17/Jul/2020:10:42:16 +0800] "GET /xingrg/javascript/jquery_easy_ui/themes/default/images/tree_folder_open.gif HTTP/1.1" 200 956
114.83.248.64 - - [17/Jul/2020:10:42:16 +0800] "GET /xingrg/javascript/jquery_easy_ui/themes/default/images/tree_file.gif HTTP/1.1" 200 118
124.77.236.199 - - [17/Jul/2020:10:42:16 +0800] "GET /xingrg/all/function/internal_message.html?_=1594953725664&CODE_STATE=getMsg HTTP/1.1" 200 27
180.175.214.200 - - [17/Jul/2020:10:42:19 +0800] "GET /xingrg/kc/buy/cgsh_order_operate.html?command=get_materiel&rest_code=00102&code=00101005037&supplier_code=00100031&order_time=2020-07-17 HTTP/1.1" 200 409
124.77.243.181 - - [17/Jul/2020:10:42:19 +0800] "GET /xingrg/kc/buy/cgsh_order_operate.html?command=get_materiel&rest_code=00146&code=00101016025&supplier_code=00100033&order_time=2020-07-17 HTTP/1.1" 200 427
114.88.156.166 - - [17/Jul/2020:10:42:21 +0800] "GET /xingrg/all/function/internal_message.html?_=1594953735754&CODE_STATE=getMsg HTTP/1.1" 200 27
114.83.248.64 - - [17/Jul/2020:10:42:23 +0800] "GET /xingrg/javascript/jquery_easy_ui/themes/default/images/tabs_close.gif HTTP/1.1" 200 829
114.83.248.64 - - [17/Jul/2020:10:42:23 +0800] "GET /xingrg/kc/mdqp/pssh_order_list.html HTTP/1.1" 200 16918
114.83.248.64 - - [17/Jul/2020:10:42:23 +0800] "GET /xingrg/css/base.css HTTP/1.1" 200 2811
114.83.248.64 - - [17/Jul/2020:10:42:23 +0800] "GET /xingrg/javascript/jquery_tools/jquery.tools.hotkey.js HTTP/1.1" 200 3242
114.83.248.64 - - [17/Jul/2020:10:42:23 +0800] "GET /xingrg/javascript/easyui/themes/icon.css HTTP/1.1" 200 4483
114.83.248.64 - - [17/Jul/2020:10:42:23 +0800] "GET /xingrg/javascript/auto/jquery.autocomplete.css HTTP/1.1" 200 587
114.83.248.64 - - [17/Jul/2020:10:42:23 +0800] "GET /xingrg/javascript/jquery_tools/datebox.css HTTP/1.1" 200 2597
114.83.248.64 - - [17/Jul/2020:10:42:23 +0800] "GET /xingrg/javascript/jquery_tools/fix.css HTTP/1.1" 200 1702
114.83.248.64 - - [17/Jul/2020:10:42:23 +0800] "GET /xingrg/javascript/jquery_tools/table.css HTTP/1.1" 200 1032
114.83.248.64 - - [17/Jul/2020:10:42:23 +0800] "GET /xingrg/css/site.css HTTP/1.1" 200 7541
114.83.248.64 - - [17/Jul/2020:10:42:23 +0800] "GET /xingrg/javascript/jquery_tools/jquery.tools.min.js HTTP/1.1" 200 138801
114.83.248.64 - - [17/Jul/2020:10:42:23 +0800] "GET /xingrg/javascript/jquery_tools/jquery.tools.extend.js HTTP/1.1" 200 15385
114.83.248.64 - - [17/Jul/2020:10:42:23 +0800] "GET /xingrg/javascript/jquery_tools/list_manager.js HTTP/1.1" 200 3652
114.83.248.64 - - [17/Jul/2020:10:42:23 +0800] "GET /xingrg/javascript/easyui/easyloader.js HTTP/1.1" 200 5975
114.83.248.64 - - [17/Jul/2020:10:42:23 +0800] "GET /xingrg/javascript/jquery.cookie.js HTTP/1.1" 200 5513
114.83.248.64 - - [17/Jul/2020:10:42:23 +0800] "GET /xingrg/javascript/jquery_tools/jquery.tools.table.js HTTP/1.1" 200 6994
114.83.248.64 - - [17/Jul/2020:10:42:23 +0800] "GET /xingrg/javascript/auto/jquery.autocomplete.js HTTP/1.1" 200 21624
114.83.248.64 - - [17/Jul/2020:10:42:23 +0800] "GET /xingrg/javascript/easyui/themes/default/easyui.css HTTP/1.1" 200 30432
114.83.248.64 - - [17/Jul/2020:10:42:24 +0800] "GET /xingrg/javascript/easyui/themes/icons/field_new.png HTTP/1.1" 200 1097
114.83.248.64 - - [17/Jul/2020:10:42:24 +0800] "GET /xingrg/javascript/easyui/plugins/jquery.parser.js HTTP/1.1" 200 1142
114.83.248.64 - - [17/Jul/2020:10:42:24 +0800] "GET /xingrg/images/control/ajaxLoader.gif HTTP/1.1" 200 4659
114.83.248.64 - - [17/Jul/2020:10:42:24 +0800] "POST /xingrg/kc/mdqp/pssh_list_operate.html HTTP/1.1" 200 5438
180.157.251.101 - - [17/Jul/2020:10:42:24 +0800] "GET /xingrg/javascript/easyui/themes/default/images/button_plain_hover.png HTTP/1.1" 304 -
180.157.251.101 - - [17/Jul/2020:10:42:24 +0800] "GET /xingrg/javascript/easyui/themes/default/images/button_plain_hover.png HTTP/1.1" 304 -
180.157.251.101 - - [17/Jul/2020:10:42:24 +0800] "GET /xingrg/javascript/easyui/themes/default/images/button_plain_hover.png HTTP/1.1" 304 -
180.157.251.101 - - [17/Jul/2020:10:42:24 +0800] "GET /xingrg/javascript/easyui/themes/default/images/button_plain_hover.png HTTP/1.1" 304 -
180.157.251.101 - - [17/Jul/2020:10:42:25 +0800] "GET /xingrg/javascript/easyui/themes/default/images/button_plain_hover.png HTTP/1.1" 304 -
180.175.214.200 - - [17/Jul/2020:10:42:25 +0800] "GET /xingrg/kc/buy/cgsh_order_operate.html?command=get_materiel&rest_code=00102&code=00101016038&supplier_code=00100031&order_time=2020-07-17 HTTP/1.1" 200 408
172.17.0.120 - - [17/Jul/2020:10:42:25 +0800] "GET /xingrg/all/function/internal_message.html?_=1594953742099&CODE_STATE=getMsg HTTP/1.1" 200 27
180.157.251.101 - - [17/Jul/2020:10:42:26 +0800] "GET /xingrg/javascript/easyui/themes/default/images/button_plain_hover.png HTTP/1.1" 304 -
180.157.251.101 - - [17/Jul/2020:10:42:26 +0800] "GET /xingrg/javascript/easyui/themes/default/images/button_plain_hover.png HTTP/1.1" 304 -
180.157.251.101 - - [17/Jul/2020:10:42:27 +0800] "GET /xingrg/kc/buy/cgsh_order_add.html HTTP/1.1" 200 59251
180.157.251.101 - - [17/Jul/2020:10:42:27 +0800] "GET /xingrg/css/base.css HTTP/1.1" 304 -
180.157.251.101 - - [17/Jul/2020:10:42:27 +0800] "GET /xingrg/css/site.css HTTP/1.1" 304 -
180.157.251.101 - - [17/Jul/2020:10:42:27 +0800] "GET /xingrg/javascript/jquery_tools/datebox.css HTTP/1.1" 304 -
180.157.251.101 - - [17/Jul/2020:10:42:27 +0800] "GET /xingrg/javascript/easyui/themes/default/easyui.css HTTP/1.1" 304 -
180.157.251.101 - - [17/Jul/2020:10:42:27 +0800] "GET /xingrg/javascript/easyui/themes/icon.css HTTP/1.1" 304 -
180.157.251.101 - - [17/Jul/2020:10:42:27 +0800] "GET /xingrg/javascript/auto/jquery.autocomplete.css HTTP/1.1" 304 -
180.157.251.101 - - [17/Jul/2020:10:42:27 +0800] "GET /xingrg/javascript/jquery_tools/fix.css HTTP/1.1" 304 -
180.157.251.101 - - [17/Jul/2020:10:42:27 +0800] "GET /xingrg/javascript/jquery_tools/table.css HTTP/1.1" 304 -
180.157.251.101 - - [17/Jul/2020:10:42:27 +0800] "GET /xingrg/javascript/pic_change.js HTTP/1.1" 304 -
180.157.251.101 - - [17/Jul/2020:10:42:27 +0800] "GET /xingrg/javascript/jquery_tools/jquery.tools.min.js HTTP/1.1" 304 -
180.157.251.101 - - [17/Jul/2020:10:42:27 +0800] "GET /xingrg/javascript/jquery_tools/jquery.tools.extend.js HTTP/1.1" 304 -
180.157.251.101 - - [17/Jul/2020:10:42:27 +0800] "GET /xingrg/javascript/jquery_tools/jquery.tools.hotkey.js HTTP/1.1" 304 -
180.157.251.101 - - [17/Jul/2020:10:42:27 +0800] "GET /xingrg/javascript/jquery_tools/jquery.tools.table.js HTTP/1.1" 304 -
180.157.251.101 - - [17/Jul/2020:10:42:27 +0800] "GET /xingrg/javascript/auto/jquery.autocomplete.js HTTP/1.1" 304 -
180.157.251.101 - - [17/Jul/2020:10:42:27 +0800] "GET /xingrg/javascript/easyui/easyloader.js HTTP/1.1" 304 -
180.157.251.101 - - [17/Jul/2020:10:42:27 +0800] "GET /xingrg/javascript/jquery_tools/order_manager.js HTTP/1.1" 304 -
180.157.251.101 - - [17/Jul/2020:10:42:27 +0800] "GET /xingrg/javascript/json2.js HTTP/1.1" 304 -
180.157.251.101 - - [17/Jul/2020:10:42:27 +0800] "GET /xingrg/javascript/print/kc_print.js HTTP/1.1" 304 -
180.157.251.101 - - [17/Jul/2020:10:42:27 +0800] "GET /xingrg/javascript/jquery.utils.js HTTP/1.1" 304 -
180.157.251.101 - - [17/Jul/2020:10:42:27 +0800] "GET /xingrg/javascript/jquery.cookie.js HTTP/1.1" 304 -
180.157.251.101 - - [17/Jul/2020:10:42:27 +0800] "GET /xingrg/javascript/convert.js HTTP/1.1" 304 -
180.157.251.101 - - [17/Jul/2020:10:42:27 +0800] "GET /xingrg/javascript/print/LodopFuncs.js HTTP/1.1" 304 -
180.157.251.101 - - [17/Jul/2020:10:42:27 +0800] "GET /xingrg/words/20200716121639_words.js HTTP/1.1" 304 -
180.157.251.101 - - [17/Jul/2020:10:42:27 +0800] "GET /xingrg/javascript/easyui/themes/icons/template_new.png HTTP/1.1" 304 -
180.157.251.101 - - [17/Jul/2020:10:42:27 +0800] "GET /xingrg/javascript/easyui/themes/icons/copy_new.png HTTP/1.1" 304 -
180.157.251.101 - - [17/Jul/2020:10:42:27 +0800] "GET /xingrg/javascript/easyui/themes/default/images/menu_downarrow.png HTTP/1.1" 304 -
180.157.251.101 - - [17/Jul/2020:10:42:27 +0800] "GET /xingrg/javascript/easyui/themes/icons/ok.png HTTP/1.1" 304 -
180.157.251.101 - - [17/Jul/2020:10:42:27 +0800] "GET /xingrg/javascript/easyui/themes/icons/print.png HTTP/1.1" 304 -
180.157.251.101 - - [17/Jul/2020:10:42:27 +0800] "GET /xingrg/javascript/easyui/themes/icons/cancel.png HTTP/1.1" 304 -
180.157.251.101 - - [17/Jul/2020:10:42:27 +0800] "GET /xingrg/javascript/easyui/plugins/jquery.parser.js HTTP/1.1" 304 -
180.157.251.101 - - [17/Jul/2020:10:42:27 +0800] "POST /xingrg/kc/buy/cgsh_order_operate.html HTTP/1.1" 200 8245
180.157.251.101 - - [17/Jul/2020:10:42:27 +0800] "GET /xingrg/all/common/auto_word.html?type=employee&rest_code=00148 HTTP/1.1" 200 147
180.157.251.101 - - [17/Jul/2020:10:42:27 +0800] "GET /xingrg/all/common/auto_word.html?type=employee&rest_code=00148 HTTP/1.1" 200 147
180.157.251.101 - - [17/Jul/2020:10:42:27 +0800] "GET /xingrg/javascript/easyui/themes/default/images/button_plain_hover.png HTTP/1.1" 304 -
180.157.251.101 - - [17/Jul/2020:10:42:27 +0800] "GET /xingrg/javascript/easyui/themes/default/validatebox.css HTTP/1.1" 404 1104
180.157.251.101 - - [17/Jul/2020:10:42:27 +0800] "GET /xingrg/javascript/easyui/plugins/jquery.validatebox.js HTTP/1.1" 304 -
180.157.251.101 - - [17/Jul/2020:10:42:27 +0800] "GET /xingrg/javascript/easyui/plugins/jquery.numberbox.js HTTP/1.1" 304 -
114.83.248.64 - - [17/Jul/2020:10:42:27 +0800] "POST /xingrg/kc/mdqp/pssh_list_operate.html HTTP/1.1" 200 658
116.232.54.66 - - [17/Jul/2020:10:42:27 +0800] "GET /xingrg/all/function/internal_message.html?_=1594953813561&CODE_STATE=getMsg HTTP/1.1" 200 27
114.83.248.64 - - [17/Jul/2020:10:42:28 +0800] "GET /xingrg/kc/mdqp/pssh_order_info.html?code=312020071700407 HTTP/1.1" 200 17299
114.83.248.64 - - [17/Jul/2020:10:42:28 +0800] "GET /xingrg/javascript/pic_change.js HTTP/1.1" 200 4739
114.83.248.64 - - [17/Jul/2020:10:42:28 +0800] "GET /xingrg/javascript/jquery_tools/jquery-1.4.2.min.js HTTP/1.1" 404 1094
114.83.248.64 - - [17/Jul/2020:10:42:28 +0800] "GET /xingrg/javascript/print/LodopFuncs.js HTTP/1.1" 200 5121
114.83.248.64 - - [17/Jul/2020:10:42:28 +0800] "GET /xingrg/words/20200716121639_words.js HTTP/1.1" 200 750901
114.83.248.64 - - [17/Jul/2020:10:42:28 +0800] "GET /xingrg/javascript/convert.js HTTP/1.1" 200 1239
114.83.248.64 - - [17/Jul/2020:10:42:28 +0800] "GET /xingrg/javascript/json2.js HTTP/1.1" 200 11259
114.83.248.64 - - [17/Jul/2020:10:42:28 +0800] "GET /xingrg/javascript/jquery_tools/order_manager.js HTTP/1.1" 200 11183
114.83.248.64 - - [17/Jul/2020:10:42:28 +0800] "GET /xingrg/javascript/print/kc_print.js HTTP/1.1" 200 11415
222.69.136.210 - - [17/Jul/2020:10:42:28 +0800] "GET /xingrg/all/function/internal_message.html?_=1594953739113&CODE_STATE=getMsg HTTP/1.1" 200 27
61.172.5.115 - - [17/Jul/2020:10:42:28 +0800] "GET /xingrg/check_reg.html?_=1594953743637 HTTP/1.1" 200 22
114.83.248.64 - - [17/Jul/2020:10:42:28 +0800] "GET /xingrg/javascript/easyui/themes/icons/ok.png HTTP/1.1" 200 883
114.83.248.64 - - [17/Jul/2020:10:42:28 +0800] "GET /xingrg/javascript/easyui/themes/icons/cance_new.png HTTP/1.1" 200 3986
114.83.248.64 - - [17/Jul/2020:10:42:28 +0800] "GET /xingrg/javascript/easyui/themes/icons/check_new.png HTTP/1.1" 200 3224
114.83.248.64 - - [17/Jul/2020:10:42:28 +0800] "GET /xingrg/javascript/easyui/themes/icons/back_new.png HTTP/1.1" 200 3414
114.83.248.64 - - [17/Jul/2020:10:42:28 +0800] "GET /xingrg/javascript/easyui/themes/default/images/menu_downarrow.png HTTP/1.1" 200 173
114.83.248.64 - - [17/Jul/2020:10:42:28 +0800] "GET /xingrg/javascript/easyui/themes/icons/print.png HTTP/1.1" 200 1057
117.185.32.26 - - [17/Jul/2020:10:42:28 +0800] "GET /xingrg/all/function/internal_message.html?_=1594953754778&CODE_STATE=getMsg HTTP/1.1" 200 27
114.83.248.64 - - [17/Jul/2020:10:42:28 +0800] "GET /xingrg/all/common/auto_word.html?type=base&rest_code=00142&rest_code=00142 HTTP/1.1" 200 665
114.83.248.64 - - [17/Jul/2020:10:42:28 +0800] "GET /xingrg/javascript/easyui/themes/default/validatebox.css HTTP/1.1" 404 1104
114.83.248.64 - - [17/Jul/2020:10:42:28 +0800] "GET /xingrg/javascript/easyui/plugins/jquery.validatebox.js HTTP/1.1" 200 6103
114.83.248.64 - - [17/Jul/2020:10:42:28 +0800] "GET /xingrg/all/common/auto_word.html?type=employee&rest_code=00142 HTTP/1.1" 200 105
114.83.248.64 - - [17/Jul/2020:10:42:28 +0800] "GET /xingrg/javascript/easyui/plugins/jquery.numberbox.js HTTP/1.1" 200 5213
114.83.248.64 - - [17/Jul/2020:10:42:28 +0800] "POST /xingrg/kc/mdqp/pssh_order_operate.html HTTP/1.1" 200 2633
101.89.29.92 - - [17/Jul/2020:10:42:32 +0800] "GET /xingrg/all/function/internal_message.html?_=1594953675756&CODE_STATE=getMsg HTTP/1.1" 302 -
180.157.251.101 - - [17/Jul/2020:10:42:32 +0800] "GET /xingrg/javascript/pic_change.js HTTP/1.1" 304 -
180.157.251.101 - - [17/Jul/2020:10:42:32 +0800] "GET /xingrg/javascript/jquery_tools/jquery.tools.min.js HTTP/1.1" 304 -
180.157.251.101 - - [17/Jul/2020:10:42:32 +0800] "GET /xingrg/javascript/jquery_tools/jquery.tools.hotkey.js HTTP/1.1" 304 -
180.157.251.101 - - [17/Jul/2020:10:42:32 +0800] "GET /xingrg/javascript/jquery_tools/jquery.tools.extend.js HTTP/1.1" 304 -
180.157.251.101 - - [17/Jul/2020:10:42:32 +0800] "GET /xingrg/javascript/easyui/easyloader.js HTTP/1.1" 304 -
180.157.251.101 - - [17/Jul/2020:10:42:32 +0800] "GET /xingrg/javascript/jquery_tools/jquery.tools.table.js HTTP/1.1" 304 -
180.157.251.101 - - [17/Jul/2020:10:42:32 +0800] "GET /xingrg/javascript/jquery.utils.js HTTP/1.1" 304 -
180.157.251.101 - - [17/Jul/2020:10:42:32 +0800] "GET /xingrg/javascript/auto/jquery.autocomplete.js HTTP/1.1" 304 -
180.157.251.101 - - [17/Jul/2020:10:42:32 +0800] "GET /xingrg/javascript/jquery_tools/order_manager.js HTTP/1.1" 304 -
180.157.251.101 - - [17/Jul/2020:10:42:32 +0800] "GET /xingrg/javascript/json2.js HTTP/1.1" 304 -
180.157.251.101 - - [17/Jul/2020:10:42:32 +0800] "GET /xingrg/javascript/print/kc_print.js HTTP/1.1" 304 -
180.157.251.101 - - [17/Jul/2020:10:42:32 +0800] "GET /xingrg/javascript/easyui/plugins/jquery.parser.js HTTP/1.1" 304 -
180.157.251.101 - - [17/Jul/2020:10:42:32 +0800] "GET /xingrg/javascript/jquery.cookie.js HTTP/1.1" 304 -
180.157.251.101 - - [17/Jul/2020:10:42:32 +0800] "GET /xingrg/javascript/easyui/plugins/jquery.validatebox.js HTTP/1.1" 304 -
180.157.251.101 - - [17/Jul/2020:10:42:32 +0800] "GET /xingrg/javascript/print/LodopFuncs.js HTTP/1.1" 304 -
180.157.251.101 - - [17/Jul/2020:10:42:32 +0800] "GET /xingrg/javascript/easyui/plugins/jquery.numberbox.js HTTP/1.1" 304 -
180.157.251.101 - - [17/Jul/2020:10:42:32 +0800] "GET /xingrg/words/20200716121639_words.js HTTP/1.1" 304 -
180.157.251.101 - - [17/Jul/2020:10:42:32 +0800] "GET /xingrg/javascript/convert.js HTTP/1.1" 304 -
114.88.161.57 - - [17/Jul/2020:10:42:32 +0800] "POST /xingrg/services/DataTransmitService HTTP/1.1" 200 524
180.175.214.200 - - [17/Jul/2020:10:42:32 +0800] "GET /xingrg/kc/buy/cgsh_order_operate.html?command=get_materiel&rest_code=00102&code=00101012029&supplier_code=00100031&order_time=2020-07-17 HTTP/1.1" 200 412
124.77.243.181 - - [17/Jul/2020:10:42:32 +0800] "GET /xingrg/kc/buy/cgsh_order_operate.html?command=get_materiel&rest_code=00146&code=00101019435&supplier_code=00100033&order_time=2020-07-17 HTTP/1.1" 200 417
61.172.5.115 - - [17/Jul/2020:10:42:34 +0800] "GET /xingrg/kc/buy/cgsh_order_operate.html?command=get_materiel&rest_code=00105&code=00101006067&supplier_code=00100330&order_time=2020-07-17 HTTP/1.1" 200 411
101.89.29.92 - - [17/Jul/2020:10:42:37 +0800] "GET /xingrg/login.html HTTP/1.1" 200 7641
120.253.135.82 - - [17/Jul/2020:10:42:38 +0800] "GET /xingrg/check_reg.html?_=1594953510718 HTTP/1.1" 200 22
172.17.0.240 - - [17/Jul/2020:10:42:40 +0800] "GET /xingrg/all/function/internal_message.html?_=1594953757005&CODE_STATE=getMsg HTTP/1.1" 200 27
124.77.236.199 - - [17/Jul/2020:10:42:41 +0800] "GET /xingrg/kc/buy/cgsh_order_operate.html?command=get_materiel&rest_code=00107&code=00101007032&supplier_code=00100328&order_time=2020-07-17 HTTP/1.1" 200 413
