114.89.80.44 - - [17/Jul/2020:09:05:28 +0800] "GET /xingrg/javascript/easyui/themes/default/validatebox.css HTTP/1.1" 404 1104
114.89.80.44 - - [17/Jul/2020:09:05:28 +0800] "GET /xingrg/javascript/easyui/plugins/jquery.validatebox.js HTTP/1.1" 304 -
114.89.80.44 - - [17/Jul/2020:09:05:28 +0800] "GET /xingrg/javascript/easyui/plugins/jquery.numberbox.js HTTP/1.1" 304 -
114.89.80.44 - - [17/Jul/2020:09:05:30 +0800] "GET /xingrg/javascript/auto/indicator.gif HTTP/1.1" 404 1066
116.232.54.66 - - [17/Jul/2020:09:05:30 +0800] "GET /xingrg/all/function/internal_message.html?_=1594948051390&CODE_STATE=getMsg HTTP/1.1" 200 27
114.89.80.44 - - [17/Jul/2020:09:05:32 +0800] "GET /xingrg/kc/buy/cgsh_order_operate.html?command=get_materiel&rest_code=00150&code=00101008357&supplier_code=00100007&order_time=2020-07-17 HTTP/1.1" 200 408
114.89.80.44 - - [17/Jul/2020:09:05:37 +0800] "GET /xingrg/kc/buy/cgsh_order_operate.html?command=get_materiel&rest_code=00150&code=00101007061&supplier_code=00100002&order_time=2020-07-17 HTTP/1.1" 200 409
114.89.80.44 - - [17/Jul/2020:09:05:38 +0800] "GET /xingrg/javascript/jquery_tools/images/prev.gif HTTP/1.1" 404 1086
114.89.80.44 - - [17/Jul/2020:09:05:38 +0800] "GET /xingrg/javascript/jquery_tools/images/next.gif HTTP/1.1" 404 1086
172.17.0.240 - - [17/Jul/2020:09:05:40 +0800] "GET /xingrg/all/function/internal_message.html?_=1594947937000&CODE_STATE=getMsg HTTP/1.1" 200 27
114.88.161.57 - - [17/Jul/2020:09:05:40 +0800] "GET /xingrg/kc/buy/cgsh_order_operate.html?command=get_materiel&rest_code=00111&code=00101008353&supplier_code=00100005&order_time=2020-07-17 HTTP/1.1" 200 428
172.17.0.185 - - [17/Jul/2020:09:05:43 +0800] "GET /xingrg/all/function/internal_message.html?_=1594947939934&CODE_STATE=getMsg HTTP/1.1" 200 27
124.77.243.181 - - [17/Jul/2020:09:05:43 +0800] "GET /xingrg/kc/buy/cgsh_order_operate.html?command=get_materiel&rest_code=00146&code=00101010581&supplier_code=00100005&order_time=2020-07-17 HTTP/1.1" 200 416
114.89.80.44 - - [17/Jul/2020:09:05:44 +0800] "GET /xingrg/kc/buy/cgsh_order_operate.html?command=get_materiel&rest_code=00150&code=00101008069&supplier_code=00100007&order_time=2020-07-17 HTTP/1.1" 200 431
124.77.243.181 - - [17/Jul/2020:09:05:48 +0800] "GET /xingrg/all/function/internal_message.html?_=1594947930989&CODE_STATE=getMsg HTTP/1.1" 200 27
172.17.0.123 - - [17/Jul/2020:09:05:50 +0800] "GET /xingrg/all/function/internal_message.html?_=1594947891297&CODE_STATE=getMsg HTTP/1.1" 200 27
114.89.80.44 - - [17/Jul/2020:09:05:51 +0800] "GET /xingrg/kc/buy/cgsh_order_operate.html?command=get_materiel&rest_code=00150&code=00101007049&supplier_code=00100002&order_time=2020-07-17 HTTP/1.1" 200 409
114.88.161.57 - - [17/Jul/2020:09:05:51 +0800] "GET /xingrg/kc/buy/cgsh_order_operate.html?command=get_materiel&rest_code=00111&code=00101008312&supplier_code=00100005&order_time=2020-07-17 HTTP/1.1" 200 412
114.89.80.44 - - [17/Jul/2020:09:05:57 +0800] "GET /xingrg/kc/buy/cgsh_order_operate.html?command=get_materiel&rest_code=00150&code=00101007048&supplier_code=00100002&order_time=2020-07-17 HTTP/1.1" 200 428
114.88.161.57 - - [17/Jul/2020:09:05:59 +0800] "GET /xingrg/kc/buy/cgsh_order_operate.html?command=get_materiel&rest_code=00111&code=00101008125&supplier_code=00100005&order_time=2020-07-17 HTTP/1.1" 200 413
114.89.80.44 - - [17/Jul/2020:09:05:59 +0800] "GET /xingrg/kc/buy/cgsh_order_operate.html?command=get_materiel&rest_code=00150&code=00101008286&supplier_code=00100007&order_time=2020-07-17 HTTP/1.1" 200 427
116.232.54.66 - - [17/Jul/2020:09:06:00 +0800] "GET /xingrg/javascript/jquery_easy_ui/themes/icons/rest.png HTTP/1.1" 304 -
116.232.54.66 - - [17/Jul/2020:09:06:00 +0800] "GET /xingrg/javascript/jquery_easy_ui/themes/icons/area.png HTTP/1.1" 304 -
58.40.7.146 - - [17/Jul/2020:09:06:02 +0800] "GET /xingrg/all/function/internal_message.html?_=1594947959683&CODE_STATE=getMsg HTTP/1.1" 200 27
124.77.243.181 - - [17/Jul/2020:09:06:02 +0800] "GET /xingrg/all/function/internal_message.html?_=1594947963655&CODE_STATE=getMsg HTTP/1.1" 200 27
114.89.80.44 - - [17/Jul/2020:09:06:04 +0800] "GET /xingrg/kc/buy/cgsh_order_operate.html?command=get_materiel&rest_code=00150&code=00101007083&supplier_code=00100002&order_time=2020-07-17 HTTP/1.1" 200 421
114.89.80.44 - - [17/Jul/2020:09:06:07 +0800] "GET /xingrg/kc/buy/cgsh_order_operate.html?command=get_materiel&rest_code=00150&code=00101008036&supplier_code=00100007&order_time=2020-07-17 HTTP/1.1" 200 408
114.88.161.57 - - [17/Jul/2020:09:06:10 +0800] "GET /xingrg/all/function/internal_message.html?_=1594947990424&CODE_STATE=getMsg HTTP/1.1" 200 27
124.77.243.181 - - [17/Jul/2020:09:06:10 +0800] "GET /xingrg/check_reg.html?_=1594947953082 HTTP/1.1" 200 22
61.172.5.115 - - [17/Jul/2020:09:06:11 +0800] "GET /xingrg/all/function/internal_message.html?_=1594947966364&CODE_STATE=getMsg HTTP/1.1" 200 27
114.89.80.44 - - [17/Jul/2020:09:06:12 +0800] "GET /xingrg/kc/buy/cgsh_order_operate.html?command=get_materiel&rest_code=00150&code=00101007082&supplier_code=00100002&order_time=2020-07-17 HTTP/1.1" 200 427
124.77.243.181 - - [17/Jul/2020:09:06:12 +0800] "GET /xingrg/kc/buy/cgsh_order_operate.html?command=get_materiel&rest_code=00146&code=00101008112&supplier_code=00100005&order_time=2020-07-17 HTTP/1.1" 200 412
124.77.236.199 - - [17/Jul/2020:09:06:14 +0800] "GET /xingrg/check_reg.html?_=1594947962896 HTTP/1.1" 200 22
124.77.236.199 - - [17/Jul/2020:09:06:14 +0800] "GET /xingrg/all/function/internal_message.html?_=1594947962902&CODE_STATE=getMsg HTTP/1.1" 200 27
114.89.80.44 - - [17/Jul/2020:09:06:14 +0800] "GET /xingrg/kc/buy/cgsh_order_operate.html?command=get_materiel&rest_code=00150&code=00101008131&supplier_code=00100007&order_time=2020-07-17 HTTP/1.1" 200 408
222.69.136.210 - - [17/Jul/2020:09:06:15 +0800] "POST /xingrg/services/DataTransmitService HTTP/1.1" 200 524
114.89.80.44 - - [17/Jul/2020:09:06:16 +0800] "POST /xingrg/kc/buy/cgsh_order_operate.html HTTP/1.1" 200 2065
114.89.80.44 - - [17/Jul/2020:09:06:16 +0800] "GET /xingrg/all/function/internal_message.html?_=1594947971563&CODE_STATE=getMsg HTTP/1.1" 200 27
114.89.80.44 - - [17/Jul/2020:09:06:20 +0800] "GET /xingrg/all/function/internal_message.html?_=1594948110962&CODE_STATE=getMsg HTTP/1.1" 200 27
172.17.0.109 - - [17/Jul/2020:09:06:21 +0800] "GET /xingrg/all/function/internal_message.html?_=1594947976810&CODE_STATE=getMsg HTTP/1.1" 200 27
114.89.80.44 - - [17/Jul/2020:09:06:21 +0800] "GET /xingrg/kc/buy/cgsh_order_operate.html?command=get_materiel&rest_code=00150&code=00101008296&supplier_code=00100007&order_time=2020-07-17 HTTP/1.1" 200 416
124.77.243.181 - - [17/Jul/2020:09:06:22 +0800] "GET /xingrg/kc/buy/cgsh_order_operate.html?command=get_materiel&rest_code=00146&code=00101008088&supplier_code=00100005&order_time=2020-07-17 HTTP/1.1" 200 408
222.69.136.210 - - [17/Jul/2020:09:06:23 +0800] "POST /xingrg/services/DataTransmitService HTTP/1.1" 200 501
114.89.80.44 - - [17/Jul/2020:09:06:23 +0800] "GET /xingrg/kc/buy/cgsh_order_operate.html?command=get_materiel&rest_code=00150&code=00101007081&supplier_code=00100002&order_time=2020-07-17 HTTP/1.1" 200 413
222.69.136.210 - - [17/Jul/2020:09:06:26 +0800] "POST /xingrg/services/DataTransmitService HTTP/1.1" 200 524
114.89.80.44 - - [17/Jul/2020:09:06:27 +0800] "GET /xingrg/kc/buy/cgsh_order_operate.html?command=get_materiel&rest_code=00150&code=00101008169&supplier_code=00100007&order_time=2020-07-17 HTTP/1.1" 200 412
116.232.54.66 - - [17/Jul/2020:09:06:29 +0800] "GET /xingrg/all/function/internal_message.html?_=1594948111390&CODE_STATE=getMsg HTTP/1.1" 200 27
222.69.136.210 - - [17/Jul/2020:09:06:31 +0800] "POST /xingrg/services/DataTransmitService HTTP/1.1" 200 501
222.69.136.210 - - [17/Jul/2020:09:06:33 +0800] "POST /xingrg/services/DataTransmitService HTTP/1.1" 200 501
124.77.243.181 - - [17/Jul/2020:09:06:34 +0800] "GET /xingrg/kc/buy/cgsh_order_operate.html?command=get_materiel&rest_code=00146&code=00101008290&supplier_code=00100005&order_time=2020-07-17 HTTP/1.1" 200 416
114.89.80.44 - - [17/Jul/2020:09:06:35 +0800] "GET /xingrg/kc/buy/cgsh_order_operate.html?command=get_materiel&rest_code=00150&code=00101007071&supplier_code=00100002&order_time=2020-07-17 HTTP/1.1" 200 417
114.88.161.57 - - [17/Jul/2020:09:06:39 +0800] "GET /xingrg/kc/buy/cgsh_order_operate.html?command=get_materiel&rest_code=00111&code=00101008101&supplier_code=00100005&order_time=2020-07-17 HTTP/1.1" 200 412
114.89.80.44 - - [17/Jul/2020:09:06:39 +0800] "GET /xingrg/kc/buy/cgsh_order_operate.html?command=get_materiel&rest_code=00150&code=00101008318&supplier_code=00100007&order_time=2020-07-17 HTTP/1.1" 200 408
172.17.0.240 - - [17/Jul/2020:09:06:40 +0800] "GET /xingrg/all/function/internal_message.html?_=1594947997003&CODE_STATE=getMsg HTTP/1.1" 200 27
114.88.161.57 - - [17/Jul/2020:09:06:42 +0800] "POST /xingrg/kc/buy/cgsh_order_operate.html HTTP/1.1" 200 2065
172.17.0.185 - - [17/Jul/2020:09:06:43 +0800] "GET /xingrg/all/function/internal_message.html?_=1594947999938&CODE_STATE=getMsg HTTP/1.1" 200 27
114.89.80.44 - - [17/Jul/2020:09:06:44 +0800] "GET /xingrg/kc/buy/cgsh_order_operate.html?command=get_materiel&rest_code=00150&code=00101007077&supplier_code=00100002&order_time=2020-07-17 HTTP/1.1" 200 415
124.77.243.181 - - [17/Jul/2020:09:06:45 +0800] "GET /xingrg/kc/buy/cgsh_order_operate.html?command=get_materiel&rest_code=00146&code=00101008003&supplier_code=00100005&order_time=2020-07-17 HTTP/1.1" 200 408
124.77.243.181 - - [17/Jul/2020:09:06:48 +0800] "GET /xingrg/all/function/internal_message.html?_=1594947991002&CODE_STATE=getMsg HTTP/1.1" 200 27
114.89.80.44 - - [17/Jul/2020:09:06:49 +0800] "GET /xingrg/kc/buy/cgsh_order_operate.html?command=get_materiel&rest_code=00150&code=00101008352&supplier_code=00100007&order_time=2020-07-17 HTTP/1.1" 200 431
114.88.161.57 - - [17/Jul/2020:09:06:49 +0800] "GET /xingrg/kc/buy/cgsh_order_operate.html?command=get_materiel&rest_code=00111&code=00101008244&supplier_code=00100005&order_time=2020-07-17 HTTP/1.1" 200 428
172.17.0.123 - - [17/Jul/2020:09:06:50 +0800] "GET /xingrg/all/function/internal_message.html?_=1594947951299&CODE_STATE=getMsg HTTP/1.1" 200 27
114.89.80.44 - - [17/Jul/2020:09:06:55 +0800] "POST /xingrg/kc/buy/cgsh_order_operate.html HTTP/1.1" 200 37
124.77.243.181 - - [17/Jul/2020:09:06:56 +0800] "GET /xingrg/kc/buy/cgsh_order_operate.html?command=get_materiel&rest_code=00146&code=00101008067&supplier_code=00100005&order_time=2020-07-17 HTTP/1.1" 200 416
114.88.156.166 - - [17/Jul/2020:09:06:56 +0800] "GET /xingrg/check_reg.html?_=1594948010373 HTTP/1.1" 200 22
114.89.80.44 - - [17/Jul/2020:09:06:56 +0800] "GET /xingrg/kc/buy/cgsh_order_operate.html?command=get_materiel&rest_code=00150&code=00101008005&supplier_code=00100007&order_time=2020-07-17 HTTP/1.1" 200 412
114.89.80.44 - - [17/Jul/2020:09:06:58 +0800] "POST /xingrg/kc/buy/cgsh_order_operate.html HTTP/1.1" 200 12
114.89.80.44 - - [17/Jul/2020:09:06:59 +0800] "GET /xingrg/kc/buy/cgsh_order_info.html?code=212020071706842 HTTP/1.1" 200 54094
114.89.80.44 - - [17/Jul/2020:09:06:59 +0800] "GET /xingrg/javascript/easyui/themes/default/validatebox.css HTTP/1.1" 404 1104
114.89.80.44 - - [17/Jul/2020:09:06:59 +0800] "POST /xingrg/kc/buy/cgsh_order_operate.html HTTP/1.1" 200 4770
114.89.80.44 - - [17/Jul/2020:09:07:01 +0800] "GET /xingrg/kc/print/load_config.html?kc_code=cgsh HTTP/1.1" 200 1845
114.89.80.44 - - [17/Jul/2020:09:07:01 +0800] "GET /xingrg/kc/print/load_data.html?order_code=212020071706842&kc_code=cgsh&condition= HTTP/1.1" 200 2411
58.40.7.146 - - [17/Jul/2020:09:07:02 +0800] "GET /xingrg/check_reg.html?_=1594948019686 HTTP/1.1" 200 22
58.40.7.146 - - [17/Jul/2020:09:07:02 +0800] "GET /xingrg/all/function/internal_message.html?_=1594948019687&CODE_STATE=getMsg HTTP/1.1" 200 27
124.77.243.181 - - [17/Jul/2020:09:07:02 +0800] "GET /xingrg/all/function/internal_message.html?_=1594948023658&CODE_STATE=getMsg HTTP/1.1" 200 27
114.88.161.57 - - [17/Jul/2020:09:07:04 +0800] "GET /xingrg/kc/buy/cgsh_order_operate.html?command=get_materiel&rest_code=00111&code=00101008151&supplier_code=00100005&order_time=2020-07-17 HTTP/1.1" 200 412
114.89.80.44 - - [17/Jul/2020:09:07:06 +0800] "POST /xingrg/kc/buy/cgsh_order_operate.html HTTP/1.1" 200 2065
124.77.243.181 - - [17/Jul/2020:09:07:08 +0800] "GET /xingrg/kc/buy/cgsh_order_operate.html?command=get_materiel&rest_code=00146&code=00101008356&supplier_code=00100005&order_time=2020-07-17 HTTP/1.1" 200 408
114.88.161.57 - - [17/Jul/2020:09:07:10 +0800] "GET /xingrg/check_reg.html?_=1594948050318 HTTP/1.1" 200 22
114.88.161.57 - - [17/Jul/2020:09:07:10 +0800] "GET /xingrg/all/function/internal_message.html?_=1594948050321&CODE_STATE=getMsg HTTP/1.1" 200 27
61.172.5.115 - - [17/Jul/2020:09:07:10 +0800] "GET /xingrg/all/function/internal_message.html?_=1594948026334&CODE_STATE=getMsg HTTP/1.1" 200 27
61.172.5.115 - - [17/Jul/2020:09:07:11 +0800] "GET /xingrg/check_reg.html?_=1594948026368 HTTP/1.1" 200 22
114.89.80.44 - - [17/Jul/2020:09:07:11 +0800] "GET /xingrg/kc/buy/cgsh_order_operate.html?command=get_materiel&rest_code=00150&code=00101008353&supplier_code=00100007&order_time=2020-07-17 HTTP/1.1" 200 428
114.88.161.57 - - [17/Jul/2020:09:07:11 +0800] "GET /xingrg/kc/buy/cgsh_order_operate.html?command=get_materiel&rest_code=00111&code=00101008298&supplier_code=00100005&order_time=2020-07-17 HTTP/1.1" 200 431
124.77.236.199 - - [17/Jul/2020:09:07:14 +0800] "GET /xingrg/all/function/internal_message.html?_=1594948022932&CODE_STATE=getMsg HTTP/1.1" 200 27
222.69.136.210 - - [17/Jul/2020:09:07:15 +0800] "POST /xingrg/services/DataTransmitService HTTP/1.1" 200 501
114.89.80.44 - - [17/Jul/2020:09:07:16 +0800] "GET /xingrg/all/function/internal_message.html?_=1594948031600&CODE_STATE=getMsg HTTP/1.1" 200 27
114.89.80.44 - - [17/Jul/2020:09:07:17 +0800] "GET /xingrg/kc/buy/cgsh_order_operate.html?command=get_materiel&rest_code=00150&code=00101008213&supplier_code=00100007&order_time=2020-07-17 HTTP/1.1" 200 412
124.77.243.181 - - [17/Jul/2020:09:07:19 +0800] "GET /xingrg/kc/buy/cgsh_order_operate.html?command=get_materiel&rest_code=00146&code=00101008212&supplier_code=00100005&order_time=2020-07-17 HTTP/1.1" 200 412
114.89.80.44 - - [17/Jul/2020:09:07:20 +0800] "GET /xingrg/all/function/internal_message.html?_=1594948170976&CODE_STATE=getMsg HTTP/1.1" 200 27
172.17.0.109 - - [17/Jul/2020:09:07:21 +0800] "GET /xingrg/all/function/internal_message.html?_=1594948036810&CODE_STATE=getMsg HTTP/1.1" 200 27
114.88.161.57 - - [17/Jul/2020:09:07:23 +0800] "GET /xingrg/kc/buy/cgsh_order_operate.html?command=get_materiel&rest_code=00111&code=00101008089&supplier_code=00100005&order_time=2020-07-17 HTTP/1.1" 200 408
114.89.80.44 - - [17/Jul/2020:09:07:25 +0800] "GET /xingrg/kc/buy/cgsh_order_add.html HTTP/1.1" 200 59187
114.89.80.44 - - [17/Jul/2020:09:07:26 +0800] "POST /xingrg/kc/buy/cgsh_order_operate.html HTTP/1.1" 200 8245
114.89.80.44 - - [17/Jul/2020:09:07:26 +0800] "GET /xingrg/javascript/easyui/themes/default/validatebox.css HTTP/1.1" 404 1104
116.232.54.66 - - [17/Jul/2020:09:07:28 +0800] "GET /xingrg/all/function/internal_message.html?_=1594948171406&CODE_STATE=getMsg HTTP/1.1" 200 27
114.88.161.57 - - [17/Jul/2020:09:07:33 +0800] "GET /xingrg/kc/buy/cgsh_order_operate.html?command=get_materiel&rest_code=00111&code=00101008323&supplier_code=00100005&order_time=2020-07-17 HTTP/1.1" 200 408
114.89.80.44 - - [17/Jul/2020:09:07:33 +0800] "GET /xingrg/kc/buy/cgsh_order_operate.html?command=get_materiel&rest_code=00150&code=00101008229&supplier_code=00100007&order_time=2020-07-17 HTTP/1.1" 200 420
124.77.243.181 - - [17/Jul/2020:09:07:33 +0800] "GET /xingrg/kc/buy/cgsh_order_operate.html?command=get_materiel&rest_code=00146&code=00101008196&supplier_code=00100005&order_time=2020-07-17 HTTP/1.1" 200 416
114.89.80.44 - - [17/Jul/2020:09:07:35 +0800] "GET /xingrg/kc/buy/cgsh_order_operate.html?command=get_materiel&rest_code=00150&code=00101015076&supplier_code=00100054&order_time=2020-07-17 HTTP/1.1" 200 416
114.88.161.57 - - [17/Jul/2020:09:07:36 +0800] "POST /xingrg/kc/buy/cgsh_order_operate.html HTTP/1.1" 200 2065
172.17.0.240 - - [17/Jul/2020:09:07:40 +0800] "GET /xingrg/all/function/internal_message.html?_=1594948057006&CODE_STATE=getMsg HTTP/1.1" 200 27
172.17.200.101 - - [17/Jul/2020:09:07:41 +0800] "GET /favicon.ico HTTP/1.1" 404 -
114.89.80.44 - - [17/Jul/2020:09:07:42 +0800] "POST /xingrg/kc/buy/cgsh_order_operate.html HTTP/1.1" 200 37
114.88.161.57 - - [17/Jul/2020:09:07:42 +0800] "GET /xingrg/kc/buy/cgsh_order_operate.html?command=get_materiel&rest_code=00111&code=00101008175&supplier_code=00100005&order_time=2020-07-17 HTTP/1.1" 200 412
172.17.0.185 - - [17/Jul/2020:09:07:43 +0800] "GET /xingrg/all/function/internal_message.html?_=1594948059926&CODE_STATE=getMsg HTTP/1.1" 200 27
114.89.80.44 - - [17/Jul/2020:09:07:44 +0800] "POST /xingrg/kc/buy/cgsh_order_operate.html HTTP/1.1" 200 37
124.77.243.181 - - [17/Jul/2020:09:07:44 +0800] "GET /xingrg/kc/buy/cgsh_order_operate.html?command=get_materiel&rest_code=00146&code=00101008357&supplier_code=00100005&order_time=2020-07-17 HTTP/1.1" 200 408
114.89.80.44 - - [17/Jul/2020:09:07:45 +0800] "POST /xingrg/kc/buy/cgsh_order_operate.html HTTP/1.1" 200 18618
114.89.80.44 - - [17/Jul/2020:09:07:46 +0800] "POST /xingrg/kc/buy/cgsh_order_operate.html HTTP/1.1" 200 12
114.89.80.44 - - [17/Jul/2020:09:07:47 +0800] "GET /xingrg/kc/buy/cgsh_order_info.html?code=212020071706843 HTTP/1.1" 200 54092
114.89.80.44 - - [17/Jul/2020:09:07:47 +0800] "GET /xingrg/javascript/easyui/themes/default/validatebox.css HTTP/1.1" 404 1104
114.89.80.44 - - [17/Jul/2020:09:07:48 +0800] "POST /xingrg/kc/buy/cgsh_order_operate.html HTTP/1.1" 200 609
124.77.243.181 - - [17/Jul/2020:09:07:48 +0800] "GET /xingrg/all/function/internal_message.html?_=1594948051015&CODE_STATE=getMsg HTTP/1.1" 200 27
114.88.161.57 - - [17/Jul/2020:09:07:49 +0800] "GET /xingrg/kc/buy/cgsh_order_operate.html?command=get_materiel&rest_code=00111&code=00101008331&supplier_code=00100005&order_time=2020-07-17 HTTP/1.1" 200 416
114.89.80.44 - - [17/Jul/2020:09:07:49 +0800] "GET /xingrg/kc/print/load_data.html?order_code=212020071706843&kc_code=cgsh&condition= HTTP/1.1" 200 724
172.17.0.123 - - [17/Jul/2020:09:07:50 +0800] "GET /xingrg/all/function/internal_message.html?_=1594948011301&CODE_STATE=getMsg HTTP/1.1" 200 27
124.77.243.181 - - [17/Jul/2020:09:07:54 +0800] "GET /xingrg/kc/buy/cgsh_order_operate.html?command=get_materiel&rest_code=00146&code=00101008006&supplier_code=00100005&order_time=2020-07-17 HTTP/1.1" 200 416
61.151.178.175 - - [17/Jul/2020:09:07:59 +0800] "GET /xingrg/check_reg.html?_=1594948010373 HTTP/1.1" 302 -
61.151.178.175 - - [17/Jul/2020:09:08:00 +0800] "GET /xingrg/login.html HTTP/1.1" 200 7641
222.69.136.210 - - [17/Jul/2020:09:08:02 +0800] "POST /xingrg/services/DataTransmitService HTTP/1.1" 200 501
58.40.7.146 - - [17/Jul/2020:09:08:02 +0800] "GET /xingrg/all/function/internal_message.html?_=1594948079674&CODE_STATE=getMsg HTTP/1.1" 200 27
124.77.243.181 - - [17/Jul/2020:09:08:02 +0800] "GET /xingrg/all/function/internal_message.html?_=1594948083697&CODE_STATE=getMsg HTTP/1.1" 200 27
124.77.243.181 - - [17/Jul/2020:09:08:04 +0800] "GET /xingrg/kc/buy/cgsh_order_operate.html?command=get_materiel&rest_code=00146&code=00101008131&supplier_code=00100005&order_time=2020-07-17 HTTP/1.1" 200 408
114.88.161.57 - - [17/Jul/2020:09:08:05 +0800] "GET /xingrg/kc/buy/cgsh_order_operate.html?command=get_materiel&rest_code=00111&code=00101008112&supplier_code=00100005&order_time=2020-07-17 HTTP/1.1" 200 412
124.77.243.181 - - [17/Jul/2020:09:08:06 +0800] "POST /xingrg/kc/buy/cgsh_order_operate.html HTTP/1.1" 200 2065
222.69.136.210 - - [17/Jul/2020:09:08:09 +0800] "POST /xingrg/services/DataTransmitService HTTP/1.1" 200 501
222.69.136.210 - - [17/Jul/2020:09:08:09 +0800] "POST /xingrg/services/DataTransmitService HTTP/1.1" 200 501
222.69.136.210 - - [17/Jul/2020:09:08:09 +0800] "POST /xingrg/services/DataTransmitService HTTP/1.1" 200 501
114.88.161.57 - - [17/Jul/2020:09:08:10 +0800] "GET /xingrg/all/function/internal_message.html?_=1594948110317&CODE_STATE=getMsg HTTP/1.1" 200 27
61.172.5.115 - - [17/Jul/2020:09:08:10 +0800] "GET /xingrg/all/function/internal_message.html?_=1594948086305&CODE_STATE=getMsg HTTP/1.1" 200 27
222.69.136.210 - - [17/Jul/2020:09:08:11 +0800] "POST /xingrg/services/DataTransmitService HTTP/1.1" 200 501
114.88.161.57 - - [17/Jul/2020:09:08:13 +0800] "GET /xingrg/kc/buy/cgsh_order_operate.html?command=get_materiel&rest_code=00111&code=00101008168&supplier_code=00100005&order_time=2020-07-17 HTTP/1.1" 200 413
222.69.136.210 - - [17/Jul/2020:09:08:13 +0800] "POST /xingrg/services/DataTransmitService HTTP/1.1" 200 501
124.77.243.181 - - [17/Jul/2020:09:08:13 +0800] "GET /xingrg/kc/buy/cgsh_order_operate.html?command=get_materiel&rest_code=00146&code=00101008296&supplier_code=00100005&order_time=2020-07-17 HTTP/1.1" 200 416
124.77.236.199 - - [17/Jul/2020:09:08:14 +0800] "GET /xingrg/all/function/internal_message.html?_=1594948082930&CODE_STATE=getMsg HTTP/1.1" 200 27
117.131.5.26 - - [17/Jul/2020:09:08:14 +0800] "GET /xingrg/check_reg.html?_=1594948085579 HTTP/1.1" 200 22
114.88.161.57 - - [17/Jul/2020:09:08:15 +0800] "POST /xingrg/kc/buy/cgsh_order_operate.html HTTP/1.1" 200 2065
114.89.80.44 - - [17/Jul/2020:09:08:16 +0800] "GET /xingrg/check_reg.html?_=1594948091577 HTTP/1.1" 200 22
114.89.80.44 - - [17/Jul/2020:09:08:16 +0800] "GET /xingrg/all/function/internal_message.html?_=1594948091582&CODE_STATE=getMsg HTTP/1.1" 200 27
222.69.136.210 - - [17/Jul/2020:09:08:18 +0800] "POST /xingrg/services/DataTransmitService HTTP/1.1" 200 412
114.88.161.57 - - [17/Jul/2020:09:08:19 +0800] "GET /xingrg/kc/buy/cgsh_order_operate.html?command=get_materiel&rest_code=00111&code=00101008236&supplier_code=00100005&order_time=2020-07-17 HTTP/1.1" 200 416
114.89.80.44 - - [17/Jul/2020:09:08:20 +0800] "GET /xingrg/all/function/internal_message.html?_=1594948230989&CODE_STATE=getMsg HTTP/1.1" 200 27
172.17.0.109 - - [17/Jul/2020:09:08:21 +0800] "GET /xingrg/all/function/internal_message.html?_=1594948096810&CODE_STATE=getMsg HTTP/1.1" 200 27
172.17.0.109 - - [17/Jul/2020:09:08:21 +0800] "GET /xingrg/check_reg.html?_=1594948096811 HTTP/1.1" 200 22
124.77.243.181 - - [17/Jul/2020:09:08:24 +0800] "GET /xingrg/kc/buy/cgsh_order_operate.html?command=get_materiel&rest_code=00146&code=00101008353&supplier_code=00100005&order_time=2020-07-17 HTTP/1.1" 200 428
116.232.54.66 - - [17/Jul/2020:09:08:27 +0800] "GET /xingrg/all/function/internal_message.html?_=1594948231421&CODE_STATE=getMsg HTTP/1.1" 200 27
114.88.161.57 - - [17/Jul/2020:09:08:28 +0800] "GET /xingrg/kc/buy/cgsh_order_operate.html?command=get_materiel&rest_code=00111&code=00101009004&supplier_code=00100005&order_time=2020-07-17 HTTP/1.1" 200 409
124.77.243.181 - - [17/Jul/2020:09:08:33 +0800] "GET /xingrg/kc/buy/cgsh_order_operate.html?command=get_materiel&rest_code=00146&code=00101008213&supplier_code=00100005&order_time=2020-07-17 HTTP/1.1" 200 412
172.17.0.240 - - [17/Jul/2020:09:08:40 +0800] "GET /xingrg/check_reg.html?_=1594948116992 HTTP/1.1" 200 22
172.17.0.240 - - [17/Jul/2020:09:08:40 +0800] "GET /xingrg/all/function/internal_message.html?_=1594948116994&CODE_STATE=getMsg HTTP/1.1" 200 27
172.17.0.185 - - [17/Jul/2020:09:08:43 +0800] "GET /xingrg/all/function/internal_message.html?_=1594948119931&CODE_STATE=getMsg HTTP/1.1" 200 27
124.77.243.181 - - [17/Jul/2020:09:08:44 +0800] "GET /xingrg/kc/buy/cgsh_order_operate.html?command=get_materiel&rest_code=00146&code=00101016122&supplier_code=00100005&order_time=2020-07-17 HTTP/1.1" 200 395
124.77.243.181 - - [17/Jul/2020:09:08:45 +0800] "GET /xingrg/check_reg.html?_=1594948125870 HTTP/1.1" 200 22
124.77.243.181 - - [17/Jul/2020:09:08:48 +0800] "GET /xingrg/all/function/internal_message.html?_=1594948111030&CODE_STATE=getMsg HTTP/1.1" 200 27
172.17.0.123 - - [17/Jul/2020:09:08:50 +0800] "GET /xingrg/all/function/internal_message.html?_=1594948071303&CODE_STATE=getMsg HTTP/1.1" 200 27
172.17.0.123 - - [17/Jul/2020:09:08:50 +0800] "GET /xingrg/check_reg.html?_=1594948071305 HTTP/1.1" 200 22
124.77.243.181 - - [17/Jul/2020:09:08:54 +0800] "GET /xingrg/kc/buy/cgsh_order_operate.html?command=get_materiel&rest_code=00146&code=00101008305&supplier_code=00100005&order_time=2020-07-17 HTTP/1.1" 200 412
124.77.243.181 - - [17/Jul/2020:09:08:57 +0800] "POST /xingrg/kc/buy/cgsh_order_operate.html HTTP/1.1" 200 2065
58.40.7.146 - - [17/Jul/2020:09:09:02 +0800] "GET /xingrg/all/function/internal_message.html?_=1594948139677&CODE_STATE=getMsg HTTP/1.1" 200 27
124.77.243.181 - - [17/Jul/2020:09:09:02 +0800] "GET /xingrg/kc/buy/cgsh_order_operate.html?command=get_materiel&rest_code=00146&code=00101008502&supplier_code=00100005&order_time=2020-07-17 HTTP/1.1" 200 398
124.77.243.181 - - [17/Jul/2020:09:09:02 +0800] "GET /xingrg/all/function/internal_message.html?_=1594948143701&CODE_STATE=getMsg HTTP/1.1" 200 27
114.88.161.57 - - [17/Jul/2020:09:09:10 +0800] "GET /xingrg/all/function/internal_message.html?_=1594948170314&CODE_STATE=getMsg HTTP/1.1" 200 27
61.172.5.115 - - [17/Jul/2020:09:09:10 +0800] "GET /xingrg/all/function/internal_message.html?_=1594948146291&CODE_STATE=getMsg HTTP/1.1" 200 27
124.77.243.181 - - [17/Jul/2020:09:09:12 +0800] "GET /xingrg/kc/buy/cgsh_order_operate.html?command=get_materiel&rest_code=00146&code=00101008017&supplier_code=00100005&order_time=2020-07-17 HTTP/1.1" 200 416
124.77.236.199 - - [17/Jul/2020:09:09:14 +0800] "GET /xingrg/all/function/internal_message.html?_=1594948142917&CODE_STATE=getMsg HTTP/1.1" 200 27
114.89.80.44 - - [17/Jul/2020:09:09:16 +0800] "GET /xingrg/all/function/internal_message.html?_=1594948151589&CODE_STATE=getMsg HTTP/1.1" 200 27
114.88.161.57 - - [17/Jul/2020:09:09:18 +0800] "GET /xingrg/kc/buy/cgsh_order_operate.html?command=get_materiel&rest_code=00111&code=00101020152&supplier_code=00100005&order_time=2020-07-17 HTTP/1.1" 200 416
114.89.80.44 - - [17/Jul/2020:09:09:20 +0800] "GET /xingrg/all/function/internal_message.html?_=1594948291034&CODE_STATE=getMsg HTTP/1.1" 200 27
172.17.0.109 - - [17/Jul/2020:09:09:21 +0800] "GET /xingrg/all/function/internal_message.html?_=1594948156811&CODE_STATE=getMsg HTTP/1.1" 200 27
124.77.243.181 - - [17/Jul/2020:09:09:24 +0800] "GET /xingrg/kc/buy/cgsh_order_operate.html?command=get_materiel&rest_code=00146&code=00101008225&supplier_code=00100005&order_time=2020-07-17 HTTP/1.1" 200 416
116.232.54.66 - - [17/Jul/2020:09:09:26 +0800] "GET /xingrg/check_reg.html?_=1594948291406 HTTP/1.1" 200 22
116.232.54.66 - - [17/Jul/2020:09:09:26 +0800] "GET /xingrg/all/function/internal_message.html?_=1594948291421&CODE_STATE=getMsg HTTP/1.1" 200 27
124.77.243.181 - - [17/Jul/2020:09:09:34 +0800] "GET /xingrg/kc/buy/cgsh_order_operate.html?command=get_materiel&rest_code=00146&code=00101008154&supplier_code=00100005&order_time=2020-07-17 HTTP/1.1" 200 413
114.88.161.57 - - [17/Jul/2020:09:09:37 +0800] "GET /xingrg/kc/buy/cgsh_order_operate.html?command=get_materiel&rest_code=00111&code=00101008223&supplier_code=00100005&order_time=2020-07-17 HTTP/1.1" 200 412
114.88.161.57 - - [17/Jul/2020:09:09:39 +0800] "POST /xingrg/kc/buy/cgsh_order_operate.html HTTP/1.1" 200 2065
172.17.0.240 - - [17/Jul/2020:09:09:40 +0800] "GET /xingrg/all/function/internal_message.html?_=1594948176995&CODE_STATE=getMsg HTTP/1.1" 200 27
172.17.0.185 - - [17/Jul/2020:09:09:43 +0800] "GET /xingrg/check_reg.html?_=1594948179935 HTTP/1.1" 200 22
172.17.0.185 - - [17/Jul/2020:09:09:43 +0800] "GET /xingrg/all/function/internal_message.html?_=1594948179939&CODE_STATE=getMsg HTTP/1.1" 200 27
114.88.161.57 - - [17/Jul/2020:09:09:44 +0800] "GET /xingrg/kc/buy/cgsh_order_operate.html?command=get_materiel&rest_code=00111&code=00101008230&supplier_code=00100005&order_time=2020-07-17 HTTP/1.1" 200 408
124.77.243.181 - - [17/Jul/2020:09:09:45 +0800] "GET /xingrg/kc/buy/cgsh_order_operate.html?command=get_materiel&rest_code=00146&code=00101008201&supplier_code=00100005&order_time=2020-07-17 HTTP/1.1" 200 412
124.77.243.181 - - [17/Jul/2020:09:09:48 +0800] "GET /xingrg/all/function/internal_message.html?_=1594948171087&CODE_STATE=getMsg HTTP/1.1" 200 27
172.17.0.123 - - [17/Jul/2020:09:09:50 +0800] "GET /xingrg/all/function/internal_message.html?_=1594948131305&CODE_STATE=getMsg HTTP/1.1" 200 27
114.89.80.44 - - [17/Jul/2020:09:09:57 +0800] "GET /xingrg/kc/buy/cgsh_order_operate.html?command=get_materiel&rest_code=00150&code=00101008101&supplier_code=00100007&order_time=2020-07-17 HTTP/1.1" 200 412
114.88.161.57 - - [17/Jul/2020:09:09:58 +0800] "GET /xingrg/kc/buy/cgsh_order_operate.html?command=get_materiel&rest_code=00111&code=00101008069&supplier_code=00100005&order_time=2020-07-17 HTTP/1.1" 200 431
58.40.7.146 - - [17/Jul/2020:09:10:02 +0800] "GET /xingrg/all/function/internal_message.html?_=1594948199679&CODE_STATE=getMsg HTTP/1.1" 200 27
124.77.243.181 - - [17/Jul/2020:09:10:02 +0800] "GET /xingrg/all/function/internal_message.html?_=1594948203714&CODE_STATE=getMsg HTTP/1.1" 200 27
114.89.80.44 - - [17/Jul/2020:09:10:04 +0800] "GET /xingrg/kc/buy/cgsh_order_operate.html?command=get_materiel&rest_code=00150&code=00101008238&supplier_code=00100007&order_time=2020-07-17 HTTP/1.1" 200 416
124.77.243.181 - - [17/Jul/2020:09:10:08 +0800] "GET /xingrg/kc/buy/cgsh_order_operate.html?command=get_materiel&rest_code=00146&code=00101008323&supplier_code=00100005&order_time=2020-07-17 HTTP/1.1" 200 408
114.88.161.57 - - [17/Jul/2020:09:10:10 +0800] "GET /xingrg/all/function/internal_message.html?_=1594948230321&CODE_STATE=getMsg HTTP/1.1" 200 27
61.172.5.115 - - [17/Jul/2020:09:10:10 +0800] "GET /xingrg/all/function/internal_message.html?_=1594948206261&CODE_STATE=getMsg HTTP/1.1" 200 27
124.77.243.181 - - [17/Jul/2020:09:10:13 +0800] "POST /xingrg/kc/buy/cgsh_order_operate.html HTTP/1.1" 200 2065
124.77.236.199 - - [17/Jul/2020:09:10:14 +0800] "GET /xingrg/all/function/internal_message.html?_=1594948202923&CODE_STATE=getMsg HTTP/1.1" 200 27
114.89.80.44 - - [17/Jul/2020:09:10:16 +0800] "GET /xingrg/all/function/internal_message.html?_=1594948211594&CODE_STATE=getMsg HTTP/1.1" 200 27
114.89.80.44 - - [17/Jul/2020:09:10:20 +0800] "GET /xingrg/check_reg.html?_=1594948350955 HTTP/1.1" 200 22
114.89.80.44 - - [17/Jul/2020:09:10:20 +0800] "GET /xingrg/all/function/internal_message.html?_=1594948351085&CODE_STATE=getMsg HTTP/1.1" 200 27
172.17.0.109 - - [17/Jul/2020:09:10:21 +0800] "GET /xingrg/all/function/internal_message.html?_=1594948216810&CODE_STATE=getMsg HTTP/1.1" 200 27
124.77.243.181 - - [17/Jul/2020:09:10:21 +0800] "GET /xingrg/kc/buy/cgsh_order_operate.html?command=get_materiel&rest_code=00146&code=00101008156&supplier_code=00100005&order_time=2020-07-17 HTTP/1.1" 200 414
114.88.161.57 - - [17/Jul/2020:09:10:23 +0800] "POST /xingrg/kc/buy/cgsh_order_operate.html HTTP/1.1" 200 2065
117.184.7.26 - - [17/Jul/2020:09:10:23 +0800] "GET /xingrg/login.html HTTP/1.1" 200 7641
116.232.54.66 - - [17/Jul/2020:09:10:25 +0800] "GET /xingrg/all/function/internal_message.html?_=1594948351437&CODE_STATE=getMsg HTTP/1.1" 200 27
117.184.7.26 - - [17/Jul/2020:09:10:29 +0800] "GET /favicon.ico HTTP/1.1" 404 -
114.88.161.57 - - [17/Jul/2020:09:10:29 +0800] "GET /xingrg/kc/buy/cgsh_order_operate.html?command=get_materiel&rest_code=00111&code=00101008061&supplier_code=00100005&order_time=2020-07-17 HTTP/1.1" 200 422
124.77.243.181 - - [17/Jul/2020:09:10:35 +0800] "GET /xingrg/kc/buy/cgsh_order_operate.html?command=get_materiel&rest_code=00146&code=00101008350&supplier_code=00100005&order_time=2020-07-17 HTTP/1.1" 200 408
114.88.161.57 - - [17/Jul/2020:09:10:36 +0800] "GET /xingrg/kc/buy/cgsh_order_operate.html?command=get_materiel&rest_code=00111&code=00101008095&supplier_code=00100005&order_time=2020-07-17 HTTP/1.1" 200 412
172.17.0.240 - - [17/Jul/2020:09:10:40 +0800] "GET /xingrg/all/function/internal_message.html?_=1594948237000&CODE_STATE=getMsg HTTP/1.1" 200 27
117.184.7.26 - - [17/Jul/2020:09:10:42 +0800] "POST /xingrg/login.do HTTP/1.1" 302 -
117.184.7.26 - - [17/Jul/2020:09:10:42 +0800] "GET /xingrg/index.html?sysBaseUrl=http%3A%2F%2F180.169.147.146%3A18081%2Fxingrg%2F&costTime=91×tamp=1594948242290 HTTP/1.1" 200 17173
117.184.7.26 - - [17/Jul/2020:09:10:42 +0800] "GET /favicon.ico HTTP/1.1" 404 -
172.17.0.185 - - [17/Jul/2020:09:10:43 +0800] "GET /xingrg/all/function/internal_message.html?_=1594948239942&CODE_STATE=getMsg HTTP/1.1" 200 27
117.184.7.26 - - [17/Jul/2020:09:10:43 +0800] "POST /xingrg/all/common/load_tree.html?tree=area_rest_tree_json&manage=1 HTTP/1.1" 200 470
117.184.7.26 - - [17/Jul/2020:09:10:43 +0800] "GET /xingrg/all/function/internal_message.html?_=1594948238385&CODE_STATE=count HTTP/1.1" 200 11
117.184.7.26 - - [17/Jul/2020:09:10:43 +0800] "GET /xingrg/check_reg.html?_=1594948238387 HTTP/1.1" 200 22
117.184.7.26 - - [17/Jul/2020:09:10:43 +0800] "POST /xingrg/load_menu.html HTTP/1.1" 200 5138
124.77.243.181 - - [17/Jul/2020:09:10:48 +0800] "GET /xingrg/all/function/internal_message.html?_=1594948231087&CODE_STATE=getMsg HTTP/1.1" 200 27
114.88.161.57 - - [17/Jul/2020:09:10:49 +0800] "GET /xingrg/kc/buy/cgsh_order_operate.html?command=get_materiel&rest_code=00111&code=00101008114&supplier_code=00100005&order_time=2020-07-17 HTTP/1.1" 200 412
124.77.243.181 - - [17/Jul/2020:09:10:50 +0800] "GET /xingrg/kc/buy/cgsh_order_operate.html?command=get_materiel&rest_code=00146&code=00101008313&supplier_code=00100005&order_time=2020-07-17 HTTP/1.1" 200 412
172.17.0.123 - - [17/Jul/2020:09:10:50 +0800] "GET /xingrg/all/function/internal_message.html?_=1594948191307&CODE_STATE=getMsg HTTP/1.1" 200 27
114.89.80.44 - - [17/Jul/2020:09:10:53 +0800] "POST /xingrg/kc/buy/cgsh_order_operate.html HTTP/1.1" 200 37
114.89.80.44 - - [17/Jul/2020:09:10:54 +0800] "POST /xingrg/kc/buy/cgsh_order_operate.html HTTP/1.1" 200 19820
114.88.161.57 - - [17/Jul/2020:09:10:57 +0800] "POST /xingrg/kc/buy/cgsh_order_operate.html HTTP/1.1" 200 2065
124.77.243.181 - - [17/Jul/2020:09:11:00 +0800] "GET /xingrg/kc/buy/cgsh_order_operate.html?command=get_materiel&rest_code=00146&code=00101008185&supplier_code=00100005&order_time=2020-07-17 HTTP/1.1" 200 408
58.40.7.146 - - [17/Jul/2020:09:11:02 +0800] "GET /xingrg/all/function/internal_message.html?_=1594948259681&CODE_STATE=getMsg HTTP/1.1" 200 27
124.77.243.181 - - [17/Jul/2020:09:11:02 +0800] "GET /xingrg/all/function/internal_message.html?_=1594948263754&CODE_STATE=getMsg HTTP/1.1" 200 27
114.88.161.57 - - [17/Jul/2020:09:11:07 +0800] "GET /xingrg/kc/buy/cgsh_order_operate.html?command=get_materiel&rest_code=00111&code=00101008371&supplier_code=00100005&order_time=2020-07-17 HTTP/1.1" 200 412
114.88.161.57 - - [17/Jul/2020:09:11:10 +0800] "GET /xingrg/all/function/internal_message.html?_=1594948290316&CODE_STATE=getMsg HTTP/1.1" 200 27
124.77.243.181 - - [17/Jul/2020:09:11:10 +0800] "GET /xingrg/check_reg.html?_=1594948253108 HTTP/1.1" 200 22
61.172.5.115 - - [17/Jul/2020:09:11:10 +0800] "GET /xingrg/all/function/internal_message.html?_=1594948266242&CODE_STATE=getMsg HTTP/1.1" 200 27
124.77.243.181 - - [17/Jul/2020:09:11:11 +0800] "GET /xingrg/kc/buy/cgsh_order_operate.html?command=get_materiel&rest_code=00146&code=00101008010&supplier_code=00100005&order_time=2020-07-17 HTTP/1.1" 200 412
124.77.236.199 - - [17/Jul/2020:09:11:13 +0800] "GET /xingrg/all/function/internal_message.html?_=1594948262908&CODE_STATE=getMsg HTTP/1.1" 200 27
124.77.236.199 - - [17/Jul/2020:09:11:14 +0800] "GET /xingrg/check_reg.html?_=1594948262910 HTTP/1.1" 200 22
114.89.80.44 - - [17/Jul/2020:09:11:14 +0800] "GET /xingrg/kc/buy/cgsh_order_operate.html?command=get_materiel&rest_code=00150&code=00101008323&supplier_code=00100007&order_time=2020-07-17 HTTP/1.1" 200 408
124.77.243.181 - - [17/Jul/2020:09:11:14 +0800] "POST /xingrg/kc/buy/cgsh_order_operate.html HTTP/1.1" 200 2065
114.89.80.44 - - [17/Jul/2020:09:11:16 +0800] "GET /xingrg/all/function/internal_message.html?_=1594948271591&CODE_STATE=getMsg HTTP/1.1" 200 27
114.89.80.44 - - [17/Jul/2020:09:11:20 +0800] "GET /xingrg/all/function/internal_message.html?_=1594948411092&CODE_STATE=getMsg HTTP/1.1" 200 27
114.88.161.57 - - [17/Jul/2020:09:11:20 +0800] "POST /xingrg/kc/buy/cgsh_order_operate.html HTTP/1.1" 200 37
172.17.0.109 - - [17/Jul/2020:09:11:21 +0800] "GET /xingrg/all/function/internal_message.html?_=1594948276812&CODE_STATE=getMsg HTTP/1.1" 200 27
114.88.161.57 - - [17/Jul/2020:09:11:21 +0800] "POST /xingrg/kc/buy/cgsh_order_operate.html HTTP/1.1" 200 49361
114.89.80.44 - - [17/Jul/2020:09:11:24 +0800] "GET /xingrg/kc/buy/cgsh_order_operate.html?command=get_materiel&rest_code=00150&code=00101008175&supplier_code=00100007&order_time=2020-07-17 HTTP/1.1" 200 412
116.232.54.66 - - [17/Jul/2020:09:11:25 +0800] "GET /xingrg/all/function/internal_message.html?_=1594948411437&CODE_STATE=getMsg HTTP/1.1" 200 27
124.77.243.181 - - [17/Jul/2020:09:11:26 +0800] "GET /xingrg/kc/buy/cgsh_order_operate.html?command=get_materiel&rest_code=00146&code=00101008351&supplier_code=00100005&order_time=2020-07-17 HTTP/1.1" 200 408
114.89.80.44 - - [17/Jul/2020:09:11:29 +0800] "GET /xingrg/kc/buy/cgsh_order_operate.html?command=get_materiel&rest_code=00150&code=00101008337&supplier_code=00100007&order_time=2020-07-17 HTTP/1.1" 200 408
114.89.80.44 - - [17/Jul/2020:09:11:35 +0800] "GET /xingrg/kc/buy/cgsh_order_operate.html?command=get_materiel&rest_code=00150&code=00101008350&supplier_code=00100007&order_time=2020-07-17 HTTP/1.1" 200 408
124.77.243.181 - - [17/Jul/2020:09:11:35 +0800] "GET /xingrg/kc/buy/cgsh_order_operate.html?command=get_materiel&rest_code=00146&code=00101008110&supplier_code=00100005&order_time=2020-07-17 HTTP/1.1" 200 408
172.17.0.240 - - [17/Jul/2020:09:11:40 +0800] "GET /xingrg/all/function/internal_message.html?_=1594948297002&CODE_STATE=getMsg HTTP/1.1" 200 27
114.89.80.44 - - [17/Jul/2020:09:11:41 +0800] "GET /xingrg/kc/buy/cgsh_order_operate.html?command=get_materiel&rest_code=00150&code=00101008096&supplier_code=00100007&order_time=2020-07-17 HTTP/1.1" 200 432
172.17.0.185 - - [17/Jul/2020:09:11:43 +0800] "GET /xingrg/all/function/internal_message.html?_=1594948299930&CODE_STATE=getMsg HTTP/1.1" 200 27
117.184.7.26 - - [17/Jul/2020:09:11:43 +0800] "GET /xingrg/all/function/internal_message.html?_=1594948298411&CODE_STATE=getMsg HTTP/1.1" 200 27
114.89.80.44 - - [17/Jul/2020:09:11:43 +0800] "POST /xingrg/kc/buy/cgsh_order_operate.html HTTP/1.1" 200 2065
124.77.243.181 - - [17/Jul/2020:09:11:48 +0800] "GET /xingrg/all/function/internal_message.html?_=1594948291102&CODE_STATE=getMsg HTTP/1.1" 200 27
124.77.243.181 - - [17/Jul/2020:09:11:49 +0800] "GET /xingrg/kc/buy/cgsh_order_operate.html?command=get_materiel&rest_code=00146&code=00101008096&supplier_code=00100005&order_time=2020-07-17 HTTP/1.1" 200 432
172.17.0.123 - - [17/Jul/2020:09:11:50 +0800] "GET /xingrg/all/function/internal_message.html?_=1594948251309&CODE_STATE=getMsg HTTP/1.1" 200 27
114.89.80.44 - - [17/Jul/2020:09:11:51 +0800] "GET /xingrg/kc/buy/cgsh_order_operate.html?command=get_materiel&rest_code=00150&code=00101008223&supplier_code=00100007&order_time=2020-07-17 HTTP/1.1" 200 412
114.88.156.166 - - [17/Jul/2020:09:11:56 +0800] "GET /xingrg/check_reg.html?_=1594948310352 HTTP/1.1" 200 22
114.89.80.44 - - [17/Jul/2020:09:11:56 +0800] "GET /xingrg/kc/buy/cgsh_order_operate.html?command=get_materiel&rest_code=00150&code=00101008114&supplier_code=00100007&order_time=2020-07-17 HTTP/1.1" 200 412
124.77.243.181 - - [17/Jul/2020:09:12:02 +0800] "GET /xingrg/kc/buy/cgsh_order_operate.html?command=get_materiel&rest_code=00146&code=00101008038&supplier_code=00100005&order_time=2020-07-17 HTTP/1.1" 200 412
58.40.7.146 - - [17/Jul/2020:09:12:02 +0800] "GET /xingrg/all/function/internal_message.html?_=1594948319684&CODE_STATE=getMsg HTTP/1.1" 200 27
58.40.7.146 - - [17/Jul/2020:09:12:02 +0800] "GET /xingrg/check_reg.html?_=1594948319685 HTTP/1.1" 200 22
124.77.243.181 - - [17/Jul/2020:09:12:02 +0800] "GET /xingrg/all/function/internal_message.html?_=1594948323757&CODE_STATE=getMsg HTTP/1.1" 200 27
172.17.200.101 - - [17/Jul/2020:09:12:03 +0800] "GET /xingrg/login.html HTTP/1.1" 200 7636
114.89.80.44 - - [17/Jul/2020:09:12:04 +0800] "GET /xingrg/kc/buy/cgsh_order_operate.html?command=get_materiel&rest_code=00150&code=00101008284&supplier_code=00100007&order_time=2020-07-17 HTTP/1.1" 200 413
117.184.7.26 - - [17/Jul/2020:09:12:07 +0800] "GET /xingrg/kc/buy/buy_main.html HTTP/1.1" 200 12412
117.184.7.26 - - [17/Jul/2020:09:12:07 +0800] "GET /xingrg/css/new_ie.css HTTP/1.1" 404 1036
117.184.7.26 - - [17/Jul/2020:09:12:07 +0800] "GET /xingrg/images/yd/bt.gif HTTP/1.1" 404 1040
117.184.7.26 - - [17/Jul/2020:09:12:08 +0800] "GET /xingrg/kc/buy/cgsh_order_list.html HTTP/1.1" 200 43513
117.184.7.26 - - [17/Jul/2020:09:12:09 +0800] "POST /xingrg/kc/buy/cgsh_list_operate.html HTTP/1.1" 200 876
114.88.161.57 - - [17/Jul/2020:09:12:10 +0800] "GET /xingrg/all/function/internal_message.html?_=1594948350337&CODE_STATE=getMsg HTTP/1.1" 200 27
114.88.161.57 - - [17/Jul/2020:09:12:10 +0800] "GET /xingrg/check_reg.html?_=1594948350343 HTTP/1.1" 200 22
61.172.5.115 - - [17/Jul/2020:09:12:10 +0800] "GET /xingrg/all/function/internal_message.html?_=1594948326218&CODE_STATE=getMsg HTTP/1.1" 200 27
114.89.80.44 - - [17/Jul/2020:09:12:11 +0800] "GET /xingrg/kc/buy/cgsh_order_operate.html?command=get_materiel&rest_code=00150&code=00101015024&supplier_code=00100007&order_time=2020-07-17 HTTP/1.1" 200 413
61.172.5.115 - - [17/Jul/2020:09:12:11 +0800] "GET /xingrg/check_reg.html?_=1594948326361 HTTP/1.1" 200 22
114.89.80.44 - - [17/Jul/2020:09:12:12 +0800] "POST /xingrg/kc/buy/cgsh_order_operate.html HTTP/1.1" 200 2065
172.17.200.101 - - [17/Jul/2020:09:12:13 +0800] "GET /favicon.ico HTTP/1.1" 404 -
117.184.7.26 - - [17/Jul/2020:09:12:13 +0800] "GET /xingrg/kc/buy/cgsh_order_add.html HTTP/1.1" 200 59216
117.184.7.26 - - [17/Jul/2020:09:12:13 +0800] "GET /xingrg/words/20200716121639_words.js HTTP/1.1" 304 -
61.172.5.115 - - [17/Jul/2020:09:12:13 +0800] "GET /xingrg/kc/buy/cgsh_order_add.html HTTP/1.1" 200 59251
117.184.7.26 - - [17/Jul/2020:09:12:13 +0800] "POST /xingrg/kc/buy/cgsh_order_operate.html HTTP/1.1" 200 8245
61.172.5.115 - - [17/Jul/2020:09:12:13 +0800] "POST /xingrg/kc/buy/cgsh_order_operate.html HTTP/1.1" 200 8245
61.172.5.115 - - [17/Jul/2020:09:12:13 +0800] "GET /xingrg/javascript/easyui/themes/default/validatebox.css HTTP/1.1" 404 1104
117.184.7.26 - - [17/Jul/2020:09:12:13 +0800] "GET /xingrg/all/common/auto_word.html?type=employee&rest_code=00108 HTTP/1.1" 200 197
117.184.7.26 - - [17/Jul/2020:09:12:13 +0800] "GET /xingrg/all/common/auto_word.html?type=employee&rest_code=00108 HTTP/1.1" 200 197
117.184.7.26 - - [17/Jul/2020:09:12:13 +0800] "GET /xingrg/javascript/easyui/themes/default/validatebox.css HTTP/1.1" 404 1104
124.77.236.199 - - [17/Jul/2020:09:12:14 +0800] "GET /xingrg/all/function/internal_message.html?_=1594948322919&CODE_STATE=getMsg HTTP/1.1" 200 27
124.77.243.181 - - [17/Jul/2020:09:12:15 +0800] "GET /xingrg/kc/buy/cgsh_order_operate.html?command=get_materiel&rest_code=00146&code=00101008148&supplier_code=00100005&order_time=2020-07-17 HTTP/1.1" 200 416
114.89.80.44 - - [17/Jul/2020:09:12:16 +0800] "GET /xingrg/all/function/internal_message.html?_=1594948331610&CODE_STATE=getMsg HTTP/1.1" 200 27
114.89.80.44 - - [17/Jul/2020:09:12:18 +0800] "GET /xingrg/kc/buy/cgsh_order_operate.html?command=get_materiel&rest_code=00150&code=00101015036&supplier_code=00100007&order_time=2020-07-17 HTTP/1.1" 200 413
124.77.243.181 - - [17/Jul/2020:09:12:19 +0800] "POST /xingrg/kc/buy/cgsh_order_operate.html HTTP/1.1" 200 2065
114.89.80.44 - - [17/Jul/2020:09:12:20 +0800] "GET /xingrg/all/function/internal_message.html?_=1594948471105&CODE_STATE=getMsg HTTP/1.1" 200 27
172.17.0.109 - - [17/Jul/2020:09:12:21 +0800] "GET /xingrg/all/function/internal_message.html?_=1594948336809&CODE_STATE=getMsg HTTP/1.1" 200 27
124.77.236.199 - - [17/Jul/2020:09:12:22 +0800] "POST /xingrg/dwr/call/plaincall/AjaxQqpsService.getMaterielByCode.dwr HTTP/1.1" 200 3381
114.89.80.44 - - [17/Jul/2020:09:12:22 +0800] "GET /xingrg/kc/buy/cgsh_order_operate.html?command=get_materiel&rest_code=00150&code=00101008168&supplier_code=00100007&order_time=2020-07-17 HTTP/1.1" 200 413
116.232.54.66 - - [17/Jul/2020:09:12:24 +0800] "GET /xingrg/all/function/internal_message.html?_=1594948471468&CODE_STATE=getMsg HTTP/1.1" 200 27
124.77.236.199 - - [17/Jul/2020:09:12:24 +0800] "POST /xingrg/dwr/call/plaincall/AjaxQqpsService.saveMaterielItem.dwr HTTP/1.1" 200 78
124.77.243.181 - - [17/Jul/2020:09:12:27 +0800] "GET /xingrg/kc/buy/cgsh_order_operate.html?command=get_materiel&rest_code=00146&code=00101008144&supplier_code=00100005&order_time=2020-07-17 HTTP/1.1" 200 412
117.184.7.26 - - [17/Jul/2020:09:12:28 +0800] "GET /xingrg/javascript/auto/indicator.gif HTTP/1.1" 404 1066
117.184.7.26 - - [17/Jul/2020:09:12:28 +0800] "GET /xingrg/javascript/jquery_tools/images/prev.gif HTTP/1.1" 404 1086
117.184.7.26 - - [17/Jul/2020:09:12:28 +0800] "GET /xingrg/javascript/jquery_tools/images/next.gif HTTP/1.1" 404 1086
117.184.7.26 - - [17/Jul/2020:09:12:33 +0800] "GET /xingrg/kc/buy/cgsh_order_operate.html?command=get_materiel&rest_code=00108&code=00101001075&supplier_code=00100044&order_time=2020-07-17 HTTP/1.1" 200 409
114.89.80.44 - - [17/Jul/2020:09:12:35 +0800] "POST /xingrg/kc/buy/cgsh_order_operate.html HTTP/1.1" 200 37
124.77.236.199 - - [17/Jul/2020:09:12:36 +0800] "POST /xingrg/dwr/call/plaincall/AjaxQqpsService.getMaterielByCode.dwr HTTP/1.1" 200 3440
114.89.80.44 - - [17/Jul/2020:09:12:36 +0800] "POST /xingrg/kc/buy/cgsh_order_operate.html HTTP/1.1" 200 26910
124.77.236.199 - - [17/Jul/2020:09:12:37 +0800] "POST /xingrg/dwr/call/plaincall/AjaxQqpsService.saveMaterielItem.dwr HTTP/1.1" 200 78
124.77.243.181 - - [17/Jul/2020:09:12:37 +0800] "GET /xingrg/kc/buy/cgsh_order_operate.html?command=get_materiel&rest_code=00146&code=00101008264&supplier_code=00100005&order_time=2020-07-17 HTTP/1.1" 200 412
172.17.0.240 - - [17/Jul/2020:09:12:40 +0800] "GET /xingrg/all/function/internal_message.html?_=1594948357004&CODE_STATE=getMsg HTTP/1.1" 200 27
172.17.0.185 - - [17/Jul/2020:09:12:43 +0800] "GET /xingrg/all/function/internal_message.html?_=1594948359934&CODE_STATE=getMsg HTTP/1.1" 200 27
117.184.7.26 - - [17/Jul/2020:09:12:43 +0800] "GET /xingrg/all/function/internal_message.html?_=1594948358407&CODE_STATE=getMsg HTTP/1.1" 200 27
117.184.7.26 - - [17/Jul/2020:09:12:45 +0800] "POST /xingrg/kc/buy/cgsh_order_operate.html HTTP/1.1" 200 37
124.77.236.199 - - [17/Jul/2020:09:12:45 +0800] "POST /xingrg/dwr/call/plaincall/AjaxQqpsService.getMaterielByCode.dwr HTTP/1.1" 200 3443
117.184.7.26 - - [17/Jul/2020:09:12:46 +0800] "POST /xingrg/kc/buy/cgsh_order_operate.html HTTP/1.1" 200 2652
124.77.236.199 - - [17/Jul/2020:09:12:48 +0800] "POST /xingrg/dwr/call/plaincall/AjaxQqpsService.saveMaterielItem.dwr HTTP/1.1" 200 78
124.77.243.181 - - [17/Jul/2020:09:12:48 +0800] "GET /xingrg/all/function/internal_message.html?_=1594948351115&CODE_STATE=getMsg HTTP/1.1" 200 27
172.17.0.123 - - [17/Jul/2020:09:12:50 +0800] "GET /xingrg/all/function/internal_message.html?_=1594948311311&CODE_STATE=getMsg HTTP/1.1" 200 27
124.77.236.199 - - [17/Jul/2020:09:12:54 +0800] "POST /xingrg/dwr/call/plaincall/AjaxQqpsService.getMaterielByCode.dwr HTTP/1.1" 200 3460
124.77.236.199 - - [17/Jul/2020:09:12:55 +0800] "POST /xingrg/dwr/call/plaincall/AjaxQqpsService.saveMaterielItem.dwr HTTP/1.1" 200 79
124.77.243.181 - - [17/Jul/2020:09:12:57 +0800] "GET /xingrg/kc/buy/cgsh_order_operate.html?command=get_materiel&rest_code=00146&code=00101008137&supplier_code=00100005&order_time=2020-07-17 HTTP/1.1" 200 408
101.89.239.230 - - [17/Jul/2020:09:12:57 +0800] "GET /xingrg/check_reg.html?_=1594948310352 HTTP/1.1" 302 -
101.89.239.230 - - [17/Jul/2020:09:12:58 +0800] "GET /xingrg/login.html HTTP/1.1" 200 7641
124.77.236.199 - - [17/Jul/2020:09:13:02 +0800] "POST /xingrg/dwr/call/plaincall/AjaxQqpsService.getMaterielByCode.dwr HTTP/1.1" 200 3438
58.40.7.146 - - [17/Jul/2020:09:13:02 +0800] "GET /xingrg/all/function/internal_message.html?_=1594948379689&CODE_STATE=getMsg HTTP/1.1" 200 27
117.184.7.26 - - [17/Jul/2020:09:13:02 +0800] "GET /xingrg/kc/print/load_config.html?kc_code=cgsh HTTP/1.1" 200 1845
117.184.7.26 - - [17/Jul/2020:09:13:02 +0800] "GET /xingrg/kc/print/load_data.html?order_code=212020071706846&kc_code=cgsh&condition= HTTP/1.1" 200 690
124.77.243.181 - - [17/Jul/2020:09:13:03 +0800] "GET /xingrg/all/function/internal_message.html?_=1594948383798&CODE_STATE=getMsg HTTP/1.1" 200 27
124.77.236.199 - - [17/Jul/2020:09:13:03 +0800] "POST /xingrg/dwr/call/plaincall/AjaxQqpsService.saveMaterielItem.dwr HTTP/1.1" 200 79
124.77.243.181 - - [17/Jul/2020:09:13:09 +0800] "GET /xingrg/kc/buy/cgsh_order_operate.html?command=get_materiel&rest_code=00146&code=00101008360&supplier_code=00100005&order_time=2020-07-17 HTTP/1.1" 200 412
124.77.236.199 - - [17/Jul/2020:09:13:09 +0800] "POST /xingrg/dwr/call/plaincall/AjaxQqpsService.getMaterielByCode.dwr HTTP/1.1" 200 3422
114.88.161.57 - - [17/Jul/2020:09:13:10 +0800] "GET /xingrg/all/function/internal_message.html?_=1594948410327&CODE_STATE=getMsg HTTP/1.1" 200 27
61.172.5.115 - - [17/Jul/2020:09:13:10 +0800] "GET /xingrg/all/function/internal_message.html?_=1594948386215&CODE_STATE=getMsg HTTP/1.1" 200 27
117.184.7.26 - - [17/Jul/2020:09:13:13 +0800] "GET /xingrg/kc/buy/cgsh_order_add.html HTTP/1.1" 200 59216
117.184.7.26 - - [17/Jul/2020:09:13:13 +0800] "POST /xingrg/kc/buy/cgsh_order_operate.html HTTP/1.1" 200 8245
117.184.7.26 - - [17/Jul/2020:09:13:13 +0800] "GET /xingrg/javascript/easyui/themes/default/validatebox.css HTTP/1.1" 404 1104
124.77.236.199 - - [17/Jul/2020:09:13:14 +0800] "GET /xingrg/all/function/internal_message.html?_=1594948382933&CODE_STATE=getMsg HTTP/1.1" 200 27
