117.131.5.26 - - [17/Jul/2020:09:13:14 +0800] "GET /xingrg/check_reg.html?_=1594948385579 HTTP/1.1" 200 22
124.77.243.181 - - [17/Jul/2020:09:13:14 +0800] "POST /xingrg/kc/buy/cgsh_order_operate.html HTTP/1.1" 200 2065
124.77.236.199 - - [17/Jul/2020:09:13:16 +0800] "POST /xingrg/dwr/call/plaincall/AjaxQqpsService.saveMaterielItem.dwr HTTP/1.1" 200 79
124.77.221.17 - - [17/Jul/2020:09:13:16 +0800] "GET /favicon.ico HTTP/1.1" 404 -
114.89.80.44 - - [17/Jul/2020:09:13:16 +0800] "GET /xingrg/check_reg.html?_=1594948391596 HTTP/1.1" 200 22
114.89.80.44 - - [17/Jul/2020:09:13:16 +0800] "GET /xingrg/all/function/internal_message.html?_=1594948391599&CODE_STATE=getMsg HTTP/1.1" 200 27
124.77.221.17 - - [17/Jul/2020:09:13:18 +0800] "GET /xingrg/login_supplier.html HTTP/1.1" 200 3208
124.77.221.17 - - [17/Jul/2020:09:13:18 +0800] "GET /favicon.ico HTTP/1.1" 404 -
114.89.80.44 - - [17/Jul/2020:09:13:20 +0800] "GET /xingrg/all/function/internal_message.html?_=1594948531150&CODE_STATE=getMsg HTTP/1.1" 200 27
114.89.80.44 - - [17/Jul/2020:09:13:20 +0800] "GET /xingrg/kc/base/wldb_order_list.html HTTP/1.1" 200 19261
114.89.80.44 - - [17/Jul/2020:09:13:20 +0800] "POST /xingrg/kc/base/wldb_list_operate.html HTTP/1.1" 200 928
172.17.0.109 - - [17/Jul/2020:09:13:21 +0800] "GET /xingrg/all/function/internal_message.html?_=1594948396825&CODE_STATE=getMsg HTTP/1.1" 200 27
172.17.0.109 - - [17/Jul/2020:09:13:21 +0800] "GET /xingrg/check_reg.html?_=1594948396827 HTTP/1.1" 200 22
114.89.80.44 - - [17/Jul/2020:09:13:21 +0800] "GET /xingrg/kc/base/wldb_order_add.html HTTP/1.1" 200 30373
114.89.80.44 - - [17/Jul/2020:09:13:22 +0800] "POST /xingrg/kc/base/wldb_order_operate.html HTTP/1.1" 200 6806
114.89.80.44 - - [17/Jul/2020:09:13:22 +0800] "GET /xingrg/all/common/auto_word.html?type=base&rest_code=00150 HTTP/1.1" 200 1653
114.89.80.44 - - [17/Jul/2020:09:13:22 +0800] "GET /xingrg/all/common/auto_word.html?type=base&rest_code=00150 HTTP/1.1" 200 1653
114.89.80.44 - - [17/Jul/2020:09:13:22 +0800] "GET /xingrg/javascript/easyui/themes/default/validatebox.css HTTP/1.1" 404 1104
116.232.54.66 - - [17/Jul/2020:09:13:23 +0800] "GET /xingrg/all/function/internal_message.html?_=1594948531484&CODE_STATE=getMsg HTTP/1.1" 200 27
124.77.221.17 - - [17/Jul/2020:09:13:23 +0800] "POST /xingrg/login_supplier.html HTTP/1.1" 200 3224
124.77.221.17 - - [17/Jul/2020:09:13:30 +0800] "POST /xingrg/login_supplier.html HTTP/1.1" 302 -
124.77.221.17 - - [17/Jul/2020:09:13:30 +0800] "GET /xingrg/supplier_index.html?sysBaseUrl=http%3A%2F%2F180.169.147.146%3A18081%2Fxingrg%2F&costTime=11×tamp=1594948410818 HTTP/1.1" 200 9061
124.77.221.17 - - [17/Jul/2020:09:13:31 +0800] "GET /favicon.ico HTTP/1.1" 404 -
124.77.221.17 - - [17/Jul/2020:09:13:32 +0800] "GET /xingrg/supplier/cgsh_order_list.html HTTP/1.1" 200 10896
124.77.221.17 - - [17/Jul/2020:09:13:33 +0800] "POST /xingrg/supplier/cgsh_list_operate.html HTTP/1.1" 200 6081
124.77.221.17 - - [17/Jul/2020:09:13:36 +0800] "GET /xingrg/javascript/jquery_tools/images/next.gif HTTP/1.1" 404 1086
124.77.221.17 - - [17/Jul/2020:09:13:36 +0800] "GET /xingrg/javascript/jquery_tools/images/prev.gif HTTP/1.1" 404 1086
114.89.80.44 - - [17/Jul/2020:09:13:37 +0800] "GET /xingrg/kc/base/wldb_order_operate.html?command=get_materiel&rest_code=00150&base_code=0010446&code=00102002166 HTTP/1.1" 200 455
172.17.0.240 - - [17/Jul/2020:09:13:40 +0800] "GET /xingrg/check_reg.html?_=1594948416993 HTTP/1.1" 200 22
172.17.0.240 - - [17/Jul/2020:09:13:40 +0800] "GET /xingrg/all/function/internal_message.html?_=1594948416995&CODE_STATE=getMsg HTTP/1.1" 200 27
124.77.221.17 - - [17/Jul/2020:09:13:40 +0800] "GET /xingrg/javascript/easyui/themes/default/tree.css HTTP/1.1" 404 1090
124.77.221.17 - - [17/Jul/2020:09:13:40 +0800] "POST /xingrg/all/common/load_tree.html?tree=area_rest_tree_json HTTP/1.1" 200 3216
124.77.236.199 - - [17/Jul/2020:09:13:42 +0800] "POST /xingrg/dwr/call/plaincall/AjaxQqpsService.checkOrder.dwr HTTP/1.1" 200 79
172.17.0.185 - - [17/Jul/2020:09:13:43 +0800] "GET /xingrg/all/function/internal_message.html?_=1594948419939&CODE_STATE=getMsg HTTP/1.1" 200 27
117.184.7.26 - - [17/Jul/2020:09:13:43 +0800] "GET /xingrg/all/function/internal_message.html?_=1594948418400&CODE_STATE=getMsg HTTP/1.1" 200 27
124.77.236.199 - - [17/Jul/2020:09:13:43 +0800] "GET /xingrg/kc/mdqp/qqps_order_info.html?code=302020071700324 HTTP/1.1" 200 26559
124.77.243.181 - - [17/Jul/2020:09:13:43 +0800] "GET /xingrg/kc/buy/cgsh_order_operate.html?command=get_materiel&rest_code=00146&code=00101008197&supplier_code=00100005&order_time=2020-07-17 HTTP/1.1" 200 416
124.77.236.199 - - [17/Jul/2020:09:13:44 +0800] "GET /xingrg/dwr/interface/AjaxComOrderService.js HTTP/1.1" 200 18264
124.77.236.199 - - [17/Jul/2020:09:13:44 +0800] "GET /xingrg/dwr/interface/AjaxQqpsService.js HTTP/1.1" 200 16326
124.77.236.199 - - [17/Jul/2020:09:13:44 +0800] "GET /xingrg/dwr/engine.js HTTP/1.1" 200 43631
124.77.243.181 - - [17/Jul/2020:09:13:45 +0800] "GET /xingrg/check_reg.html?_=1594948425875 HTTP/1.1" 200 22
124.77.236.199 - - [17/Jul/2020:09:13:45 +0800] "POST /xingrg/dwr/call/plaincall/AjaxQqpsService.loadMaterielItems.dwr HTTP/1.1" 200 2193
114.89.80.44 - - [17/Jul/2020:09:13:45 +0800] "POST /xingrg/kc/base/wldb_order_operate.html HTTP/1.1" 200 37
124.77.221.17 - - [17/Jul/2020:09:13:46 +0800] "POST /xingrg/supplier/cgsh_list_operate.html HTTP/1.1" 200 1787
114.89.80.44 - - [17/Jul/2020:09:13:47 +0800] "POST /xingrg/kc/base/wldb_order_operate.html HTTP/1.1" 200 12
114.89.80.44 - - [17/Jul/2020:09:13:47 +0800] "POST /xingrg/kc/base/wldb_order_operate.html HTTP/1.1" 200 2205
114.89.80.44 - - [17/Jul/2020:09:13:48 +0800] "GET /xingrg/kc/base/wldb_order_info.html?code=422020071701873 HTTP/1.1" 200 26250
114.89.80.44 - - [17/Jul/2020:09:13:48 +0800] "GET /xingrg/javascript/easyui/themes/default/validatebox.css HTTP/1.1" 404 1104
114.89.80.44 - - [17/Jul/2020:09:13:48 +0800] "POST /xingrg/kc/base/wldb_order_operate.html HTTP/1.1" 200 497
124.77.243.181 - - [17/Jul/2020:09:13:48 +0800] "GET /xingrg/all/function/internal_message.html?_=1594948411128&CODE_STATE=getMsg HTTP/1.1" 200 27
117.184.7.26 - - [17/Jul/2020:09:13:49 +0800] "GET /xingrg/kc/buy/cgsh_order_operate.html?command=get_materiel&rest_code=00108&code=00101006129&supplier_code=00100010&order_time=2020-07-17 HTTP/1.1" 200 450
172.17.0.123 - - [17/Jul/2020:09:13:50 +0800] "GET /xingrg/check_reg.html?_=1594948371313 HTTP/1.1" 200 22
172.17.0.123 - - [17/Jul/2020:09:13:50 +0800] "GET /xingrg/all/function/internal_message.html?_=1594948371313&CODE_STATE=getMsg HTTP/1.1" 200 27
124.77.236.199 - - [17/Jul/2020:09:13:51 +0800] "GET /xingrg/kc/buy/buy_main.html HTTP/1.1" 200 12412
124.77.236.199 - - [17/Jul/2020:09:13:51 +0800] "GET /xingrg/css/new_ie.css HTTP/1.1" 404 1036
124.77.236.199 - - [17/Jul/2020:09:13:52 +0800] "GET /xingrg/kc/buy/cgsh_order_list.html HTTP/1.1" 200 43519
124.77.236.199 - - [17/Jul/2020:09:13:55 +0800] "POST /xingrg/kc/buy/cgsh_list_operate.html HTTP/1.1" 200 876
114.89.80.44 - - [17/Jul/2020:09:13:58 +0800] "GET /xingrg/kc/base/yddb_order_list.html HTTP/1.1" 200 16867
114.89.80.44 - - [17/Jul/2020:09:13:58 +0800] "POST /xingrg/kc/base/yddb_list_operate.html HTTP/1.1" 200 583
61.172.5.115 - - [17/Jul/2020:09:13:58 +0800] "GET /xingrg/kc/buy/cgsh_order_operate.html?command=get_materiel&rest_code=00105&code=00101007061&supplier_code=00100002&order_time=2020-07-17 HTTP/1.1" 200 409
114.89.80.44 - - [17/Jul/2020:09:13:59 +0800] "GET /xingrg/kc/base/yddb_order_add.html HTTP/1.1" 200 29561
114.89.80.44 - - [17/Jul/2020:09:13:59 +0800] "GET /xingrg/dwr/interface/AjaxComOrderService.js HTTP/1.1" 200 18264
114.89.80.44 - - [17/Jul/2020:09:13:59 +0800] "GET /xingrg/dwr/util.js HTTP/1.1" 304 -
114.89.80.44 - - [17/Jul/2020:09:13:59 +0800] "GET /xingrg/dwr/interface/AjaxYddbService.js HTTP/1.1" 200 13201
114.89.80.44 - - [17/Jul/2020:09:13:59 +0800] "GET /xingrg/dwr/engine.js HTTP/1.1" 200 43631
124.77.236.199 - - [17/Jul/2020:09:14:02 +0800] "GET /xingrg/kc/buy/cgsh_order_add.html HTTP/1.1" 200 59298
58.40.7.146 - - [17/Jul/2020:09:14:02 +0800] "GET /xingrg/all/function/internal_message.html?_=1594948439691&CODE_STATE=getMsg HTTP/1.1" 200 27
114.89.80.44 - - [17/Jul/2020:09:14:02 +0800] "POST /xingrg/dwr/call/plaincall/AjaxYddbService.getRestBases.dwr HTTP/1.1" 200 1514
124.77.243.181 - - [17/Jul/2020:09:14:02 +0800] "GET /xingrg/all/function/internal_message.html?_=1594948443800&CODE_STATE=getMsg HTTP/1.1" 200 27
124.77.236.199 - - [17/Jul/2020:09:14:03 +0800] "GET /xingrg/all/common/auto_word.html?type=employee&rest_code=00107 HTTP/1.1" 200 147
124.77.236.199 - - [17/Jul/2020:09:14:03 +0800] "GET /xingrg/javascript/easyui/themes/default/validatebox.css HTTP/1.1" 404 1104
124.77.236.199 - - [17/Jul/2020:09:14:03 +0800] "GET /xingrg/all/common/auto_word.html?type=employee&rest_code=00107 HTTP/1.1" 200 147
124.77.236.199 - - [17/Jul/2020:09:14:03 +0800] "POST /xingrg/kc/buy/cgsh_order_operate.html HTTP/1.1" 200 8245
124.77.243.181 - - [17/Jul/2020:09:14:06 +0800] "GET /xingrg/kc/buy/cgsh_order_operate.html?command=get_materiel&rest_code=00146&code=00101008069&supplier_code=00100005&order_time=2020-07-17 HTTP/1.1" 200 431
114.89.80.44 - - [17/Jul/2020:09:14:09 +0800] "POST /xingrg/dwr/call/plaincall/AjaxYddbService.saveOrder.dwr HTTP/1.1" 200 78
114.88.161.57 - - [17/Jul/2020:09:14:10 +0800] "GET /xingrg/all/function/internal_message.html?_=1594948470325&CODE_STATE=getMsg HTTP/1.1" 200 27
61.172.5.115 - - [17/Jul/2020:09:14:10 +0800] "GET /xingrg/all/function/internal_message.html?_=1594948446211&CODE_STATE=getMsg HTTP/1.1" 200 27
114.89.80.44 - - [17/Jul/2020:09:14:11 +0800] "GET /xingrg/images/yd/bt.gif HTTP/1.1" 404 1040
124.77.236.199 - - [17/Jul/2020:09:14:14 +0800] "GET /xingrg/all/function/internal_message.html?_=1594948442947&CODE_STATE=getMsg HTTP/1.1" 200 27
114.89.80.44 - - [17/Jul/2020:09:14:16 +0800] "GET /xingrg/all/function/internal_message.html?_=1594948451615&CODE_STATE=getMsg HTTP/1.1" 200 27
117.184.7.26 - - [17/Jul/2020:09:14:18 +0800] "GET /xingrg/kc/buy/cgsh_order_operate.html?command=get_materiel&rest_code=00108&code=00101006184&supplier_code=00100010&order_time=2020-07-17 HTTP/1.1" 200 408
114.89.80.44 - - [17/Jul/2020:09:14:20 +0800] "GET /xingrg/all/function/internal_message.html?_=1594948591164&CODE_STATE=getMsg HTTP/1.1" 200 27
172.17.0.109 - - [17/Jul/2020:09:14:21 +0800] "GET /xingrg/all/function/internal_message.html?_=1594948456826&CODE_STATE=getMsg HTTP/1.1" 200 27
116.232.54.66 - - [17/Jul/2020:09:14:22 +0800] "GET /xingrg/check_reg.html?_=1594948591421 HTTP/1.1" 200 22
116.232.54.66 - - [17/Jul/2020:09:14:22 +0800] "GET /xingrg/all/function/internal_message.html?_=1594948591484&CODE_STATE=getMsg HTTP/1.1" 200 27
124.77.243.181 - - [17/Jul/2020:09:14:24 +0800] "POST /xingrg/kc/buy/cgsh_order_operate.html HTTP/1.1" 200 2065
114.89.80.44 - - [17/Jul/2020:09:14:25 +0800] "POST /xingrg/dwr/call/plaincall/AjaxComOrderService.getMaterielSearchList.dwr HTTP/1.1" 200 16371
114.89.80.44 - - [17/Jul/2020:09:14:26 +0800] "POST /xingrg/dwr/call/plaincall/AjaxComOrderService.getMaterielSearchList.dwr HTTP/1.1" 200 16371
114.89.80.44 - - [17/Jul/2020:09:14:29 +0800] "POST /xingrg/dwr/call/plaincall/AjaxYddbService.getMaterielByMap.dwr HTTP/1.1" 200 3652
124.77.243.181 - - [17/Jul/2020:09:14:31 +0800] "GET /xingrg/kc/buy/cgsh_order_operate.html?command=get_materiel&rest_code=00146&code=00101008036&supplier_code=00100005&order_time=2020-07-17 HTTP/1.1" 200 408
114.89.80.44 - - [17/Jul/2020:09:14:33 +0800] "POST /xingrg/dwr/call/plaincall/AjaxYddbService.saveMaterielItem.dwr HTTP/1.1" 200 78
117.184.7.26 - - [17/Jul/2020:09:14:35 +0800] "GET /xingrg/kc/buy/cgsh_order_operate.html?command=get_materiel&rest_code=00108&code=00101006055&supplier_code=00100010&order_time=2020-07-17 HTTP/1.1" 200 409
114.89.80.44 - - [17/Jul/2020:09:14:36 +0800] "POST /xingrg/dwr/call/plaincall/AjaxYddbService.checkOrder.dwr HTTP/1.1" 200 78
114.89.80.44 - - [17/Jul/2020:09:14:39 +0800] "GET /xingrg/kc/base/yddb_order_info.html?code=482020071700142 HTTP/1.1" 200 29191
114.89.80.44 - - [17/Jul/2020:09:14:39 +0800] "GET /xingrg/dwr/interface/AjaxYddbService.js HTTP/1.1" 200 13201
114.89.80.44 - - [17/Jul/2020:09:14:39 +0800] "GET /xingrg/dwr/interface/AjaxComOrderService.js HTTP/1.1" 200 18264
114.89.80.44 - - [17/Jul/2020:09:14:39 +0800] "GET /xingrg/dwr/engine.js HTTP/1.1" 200 43631
114.89.80.44 - - [17/Jul/2020:09:14:39 +0800] "POST /xingrg/dwr/call/plaincall/AjaxYddbService.loadMaterielItems.dwr HTTP/1.1" 200 383
172.17.0.240 - - [17/Jul/2020:09:14:40 +0800] "GET /xingrg/all/function/internal_message.html?_=1594948476995&CODE_STATE=getMsg HTTP/1.1" 200 27
172.17.0.185 - - [17/Jul/2020:09:14:43 +0800] "GET /xingrg/check_reg.html?_=1594948479928 HTTP/1.1" 200 22
172.17.0.185 - - [17/Jul/2020:09:14:43 +0800] "GET /xingrg/all/function/internal_message.html?_=1594948479932&CODE_STATE=getMsg HTTP/1.1" 200 27
117.184.7.26 - - [17/Jul/2020:09:14:43 +0800] "GET /xingrg/all/function/internal_message.html?_=1594948478410&CODE_STATE=getMsg HTTP/1.1" 200 27
61.172.5.115 - - [17/Jul/2020:09:14:46 +0800] "GET /xingrg/kc/buy/cgsh_order_operate.html?command=get_materiel&rest_code=00105&code=00101007049&supplier_code=00100002&order_time=2020-07-17 HTTP/1.1" 200 409
124.77.243.181 - - [17/Jul/2020:09:14:48 +0800] "GET /xingrg/all/function/internal_message.html?_=1594948471142&CODE_STATE=getMsg HTTP/1.1" 200 27
172.17.0.123 - - [17/Jul/2020:09:14:50 +0800] "GET /xingrg/all/function/internal_message.html?_=1594948431301&CODE_STATE=getMsg HTTP/1.1" 200 27
124.77.243.181 - - [17/Jul/2020:09:14:51 +0800] "GET /xingrg/kc/buy/cgsh_order_operate.html?command=get_materiel&rest_code=00146&code=00101008318&supplier_code=00100005&order_time=2020-07-17 HTTP/1.1" 200 408
114.89.80.44 - - [17/Jul/2020:09:14:54 +0800] "POST /xingrg/all/user/operate.html HTTP/1.1" 200 36
114.89.80.44 - - [17/Jul/2020:09:14:54 +0800] "GET /xingrg/javascript/jquery_easy_ui/themes/default/easyui.css HTTP/1.1" 304 -
114.89.80.44 - - [17/Jul/2020:09:14:54 +0800] "GET /xingrg/index.html?sysBaseUrl=http%3A%2F%2F180.169.147.146%3A18081%2Fxingrg%2F&costTime=40×tamp=1594898746483 HTTP/1.1" 200 17177
114.89.80.44 - - [17/Jul/2020:09:14:54 +0800] "GET /xingrg/javascript/jquery_easy_ui/themes/icon.css HTTP/1.1" 304 -
114.89.80.44 - - [17/Jul/2020:09:14:54 +0800] "GET /xingrg/css/form.css HTTP/1.1" 304 -
114.89.80.44 - - [17/Jul/2020:09:14:54 +0800] "GET /xingrg/javascript/jquery-1.4.2.min.js HTTP/1.1" 304 -
114.89.80.44 - - [17/Jul/2020:09:14:54 +0800] "GET /xingrg/javascript/jquery_easy_ui/jquery.easyui.min.js HTTP/1.1" 304 -
114.89.80.44 - - [17/Jul/2020:09:14:54 +0800] "GET /xingrg/javascript/jquery_easy_ui/easyui-lang-zh_CN.js HTTP/1.1" 304 -
114.89.80.44 - - [17/Jul/2020:09:14:54 +0800] "GET /xingrg/javascript/jquery.form.js HTTP/1.1" 304 -
114.89.80.44 - - [17/Jul/2020:09:14:54 +0800] "GET /xingrg/javascript/jquery.utils.js HTTP/1.1" 304 -
114.89.80.44 - - [17/Jul/2020:09:14:54 +0800] "GET /xingrg/javascript/jquery.timers.js HTTP/1.1" 304 -
114.89.80.44 - - [17/Jul/2020:09:14:55 +0800] "GET /xingrg/images/blue/jxLogo.png HTTP/1.1" 304 -
114.89.80.44 - - [17/Jul/2020:09:14:55 +0800] "GET /xingrg/javascript/jquery_easy_ui/themes/icons/settle_new.png HTTP/1.1" 304 -
114.89.80.44 - - [17/Jul/2020:09:14:55 +0800] "GET /xingrg/images/blue/navBackgound.jpg HTTP/1.1" 304 -
114.89.80.44 - - [17/Jul/2020:09:14:55 +0800] "POST /xingrg/all/common/load_tree.html?tree=area_rest_tree_json&manage=1 HTTP/1.1" 200 476
114.89.80.44 - - [17/Jul/2020:09:14:55 +0800] "GET /xingrg/all/function/internal_message.html?_=1594948490146&CODE_STATE=count HTTP/1.1" 200 11
114.89.80.44 - - [17/Jul/2020:09:14:55 +0800] "GET /xingrg/check_reg.html?_=1594948490148 HTTP/1.1" 200 22
114.89.80.44 - - [17/Jul/2020:09:14:55 +0800] "GET /xingrg/javascript/jquery_easy_ui/themes/default/images/tabs_rightarrow.png HTTP/1.1" 304 -
114.89.80.44 - - [17/Jul/2020:09:14:55 +0800] "GET /xingrg/javascript/jquery_easy_ui/themes/default/images/panel_tool_collapse.gif HTTP/1.1" 304 -
114.89.80.44 - - [17/Jul/2020:09:14:55 +0800] "GET /xingrg/images/blue/pingpu.png HTTP/1.1" 304 -
114.89.80.44 - - [17/Jul/2020:09:14:55 +0800] "GET /xingrg/javascript/jquery_easy_ui/themes/default/images/tabs_leftarrow.png HTTP/1.1" 304 -
114.89.80.44 - - [17/Jul/2020:09:14:55 +0800] "POST /xingrg/load_menu.html HTTP/1.1" 200 5138
114.89.80.44 - - [17/Jul/2020:09:14:57 +0800] "GET /xingrg/kc/base/yddb_order_list.html HTTP/1.1" 200 16865
114.89.80.44 - - [17/Jul/2020:09:14:58 +0800] "POST /xingrg/kc/base/yddb_list_operate.html HTTP/1.1" 200 583
114.89.80.44 - - [17/Jul/2020:09:15:00 +0800] "POST /xingrg/kc/base/yddb_list_operate.html HTTP/1.1" 200 1259
114.89.80.44 - - [17/Jul/2020:09:15:01 +0800] "POST /xingrg/kc/base/yddb_list_operate.html HTTP/1.1" 200 198
114.89.80.44 - - [17/Jul/2020:09:15:01 +0800] "GET /xingrg/kc/base/yddb_order_info.html?code=482020071700142 HTTP/1.1" 200 30756
114.89.80.44 - - [17/Jul/2020:09:15:01 +0800] "GET /xingrg/dwr/interface/AjaxComOrderService.js HTTP/1.1" 200 18264
114.89.80.44 - - [17/Jul/2020:09:15:01 +0800] "GET /xingrg/dwr/interface/AjaxYddbService.js HTTP/1.1" 200 13201
114.89.80.44 - - [17/Jul/2020:09:15:01 +0800] "GET /xingrg/dwr/engine.js HTTP/1.1" 200 43631
114.89.80.44 - - [17/Jul/2020:09:15:01 +0800] "POST /xingrg/dwr/call/plaincall/AjaxYddbService.loadMaterielItems.dwr HTTP/1.1" 200 383
58.40.7.146 - - [17/Jul/2020:09:15:02 +0800] "GET /xingrg/all/function/internal_message.html?_=1594948499678&CODE_STATE=getMsg HTTP/1.1" 200 27
124.77.243.181 - - [17/Jul/2020:09:15:02 +0800] "GET /xingrg/kc/buy/cgsh_order_operate.html?command=get_materiel&rest_code=00146&code=00101008352&supplier_code=00100005&order_time=2020-07-17 HTTP/1.1" 200 431
124.77.243.181 - - [17/Jul/2020:09:15:03 +0800] "GET /xingrg/all/function/internal_message.html?_=1594948503813&CODE_STATE=getMsg HTTP/1.1" 200 27
114.89.80.44 - - [17/Jul/2020:09:15:05 +0800] "POST /xingrg/dwr/call/plaincall/AjaxYddbService.saveOrder.dwr HTTP/1.1" 200 78
114.89.80.44 - - [17/Jul/2020:09:15:08 +0800] "POST /xingrg/dwr/call/plaincall/AjaxYddbService.objCheckOrder.dwr HTTP/1.1" 200 78
114.89.80.44 - - [17/Jul/2020:09:15:09 +0800] "GET /xingrg/kc/base/yddb_order_info.html?code=482020071700142 HTTP/1.1" 200 30877
114.89.80.44 - - [17/Jul/2020:09:15:09 +0800] "GET /xingrg/dwr/interface/AjaxYddbService.js HTTP/1.1" 200 13201
114.89.80.44 - - [17/Jul/2020:09:15:09 +0800] "GET /xingrg/dwr/interface/AjaxComOrderService.js HTTP/1.1" 200 18264
114.89.80.44 - - [17/Jul/2020:09:15:09 +0800] "GET /xingrg/dwr/engine.js HTTP/1.1" 200 43631
114.89.80.44 - - [17/Jul/2020:09:15:09 +0800] "POST /xingrg/dwr/call/plaincall/AjaxYddbService.loadMaterielItems.dwr HTTP/1.1" 200 383
114.88.161.57 - - [17/Jul/2020:09:15:10 +0800] "GET /xingrg/all/function/internal_message.html?_=1594948530323&CODE_STATE=getMsg HTTP/1.1" 200 27
61.172.5.115 - - [17/Jul/2020:09:15:10 +0800] "GET /xingrg/all/function/internal_message.html?_=1594948506209&CODE_STATE=getMsg HTTP/1.1" 200 27
114.89.80.44 - - [17/Jul/2020:09:15:11 +0800] "GET /xingrg/kc/buy/cgsh_order_list.html HTTP/1.1" 200 43517
114.89.80.44 - - [17/Jul/2020:09:15:12 +0800] "POST /xingrg/kc/buy/cgsh_list_operate.html HTTP/1.1" 200 1688
124.77.243.181 - - [17/Jul/2020:09:15:12 +0800] "GET /xingrg/kc/buy/cgsh_order_operate.html?command=get_materiel&rest_code=00146&code=00101008098&supplier_code=00100005&order_time=2020-07-17 HTTP/1.1" 200 412
114.89.80.44 - - [17/Jul/2020:09:15:13 +0800] "GET /xingrg/kc/buy/cgsh_order_add.html HTTP/1.1" 200 58893
114.89.80.44 - - [17/Jul/2020:09:15:13 +0800] "POST /xingrg/kc/buy/cgsh_order_operate.html HTTP/1.1" 200 8245
114.89.80.44 - - [17/Jul/2020:09:15:13 +0800] "GET /xingrg/javascript/easyui/themes/default/validatebox.css HTTP/1.1" 404 1104
124.77.236.199 - - [17/Jul/2020:09:15:14 +0800] "GET /xingrg/all/function/internal_message.html?_=1594948502945&CODE_STATE=getMsg HTTP/1.1" 200 27
117.184.7.26 - - [17/Jul/2020:09:15:15 +0800] "GET /xingrg/kc/buy/cgsh_order_operate.html?command=get_materiel&rest_code=00108&code=00101006144&supplier_code=00100010&order_time=2020-07-17 HTTP/1.1" 200 409
114.89.80.44 - - [17/Jul/2020:09:15:15 +0800] "GET /xingrg/javascript/auto/indicator.gif HTTP/1.1" 404 1066
124.77.243.181 - - [17/Jul/2020:09:15:16 +0800] "POST /xingrg/kc/buy/cgsh_order_operate.html HTTP/1.1" 200 2065
124.77.236.199 - - [17/Jul/2020:09:15:18 +0800] "GET /xingrg/javascript/easyui/themes/default/tree.css HTTP/1.1" 404 1090
124.77.236.199 - - [17/Jul/2020:09:15:18 +0800] "POST /xingrg/all/common/load_tree.html?tree=supplier_tree_json&isDelete=1 HTTP/1.1" 200 49424
61.172.5.115 - - [17/Jul/2020:09:15:19 +0800] "GET /xingrg/kc/buy/cgsh_order_operate.html?command=get_materiel&rest_code=00105&code=00101007023&supplier_code=00100002&order_time=2020-07-17 HTTP/1.1" 200 428
114.89.80.44 - - [17/Jul/2020:09:15:20 +0800] "GET /xingrg/check_reg.html?_=1594948650998 HTTP/1.1" 200 22
114.89.80.44 - - [17/Jul/2020:09:15:20 +0800] "GET /xingrg/all/function/internal_message.html?_=1594948651178&CODE_STATE=getMsg HTTP/1.1" 200 27
172.17.0.109 - - [17/Jul/2020:09:15:21 +0800] "GET /xingrg/all/function/internal_message.html?_=1594948516826&CODE_STATE=getMsg HTTP/1.1" 200 27
116.232.54.66 - - [17/Jul/2020:09:15:21 +0800] "GET /xingrg/all/function/internal_message.html?_=1594948651500&CODE_STATE=getMsg HTTP/1.1" 200 27
124.77.243.181 - - [17/Jul/2020:09:15:23 +0800] "GET /xingrg/kc/buy/cgsh_order_operate.html?command=get_materiel&rest_code=00146&code=00101008005&supplier_code=00100005&order_time=2020-07-17 HTTP/1.1" 200 412
114.89.80.44 - - [17/Jul/2020:09:15:25 +0800] "GET /xingrg/kc/buy/cgsh_order_operate.html?command=get_materiel&rest_code=00151&code=00102030035&supplier_code=00100073&order_time=2020-07-17 HTTP/1.1" 200 411
117.184.7.26 - - [17/Jul/2020:09:15:28 +0800] "GET /xingrg/kc/buy/cgsh_order_operate.html?command=get_materiel&rest_code=00108&code=00101006112&supplier_code=00100010&order_time=2020-07-17 HTTP/1.1" 200 409
124.77.236.199 - - [17/Jul/2020:09:15:30 +0800] "GET /xingrg/javascript/auto/indicator.gif HTTP/1.1" 404 1066
124.77.236.199 - - [17/Jul/2020:09:15:34 +0800] "GET /xingrg/kc/buy/cgsh_order_operate.html?command=get_materiel&rest_code=00107&code=00101008256&supplier_code=00100006&order_time=2020-07-17 HTTP/1.1" 200 412
114.89.80.44 - - [17/Jul/2020:09:15:36 +0800] "POST /xingrg/kc/buy/cgsh_order_operate.html HTTP/1.1" 200 37
61.172.5.115 - - [17/Jul/2020:09:15:37 +0800] "GET /xingrg/kc/buy/cgsh_order_operate.html?command=get_materiel&rest_code=00105&code=00101007024&supplier_code=00100002&order_time=2020-07-17 HTTP/1.1" 200 415
114.89.80.44 - - [17/Jul/2020:09:15:38 +0800] "POST /xingrg/kc/buy/cgsh_order_operate.html HTTP/1.1" 200 12
114.89.80.44 - - [17/Jul/2020:09:15:38 +0800] "GET /xingrg/kc/buy/cgsh_order_info.html?code=212020071706847 HTTP/1.1" 200 53798
114.89.80.44 - - [17/Jul/2020:09:15:38 +0800] "GET /xingrg/javascript/easyui/themes/default/validatebox.css HTTP/1.1" 404 1104
114.89.80.44 - - [17/Jul/2020:09:15:39 +0800] "POST /xingrg/kc/buy/cgsh_order_operate.html HTTP/1.1" 200 626
172.17.0.240 - - [17/Jul/2020:09:15:40 +0800] "GET /xingrg/all/function/internal_message.html?_=1594948536997&CODE_STATE=getMsg HTTP/1.1" 200 27
114.89.80.44 - - [17/Jul/2020:09:15:40 +0800] "GET /xingrg/kc/print/load_config.html?kc_code=cgsh HTTP/1.1" 200 1845
114.89.80.44 - - [17/Jul/2020:09:15:40 +0800] "GET /xingrg/kc/print/load_data.html?order_code=212020071706847&kc_code=cgsh&condition= HTTP/1.1" 200 768
172.17.0.185 - - [17/Jul/2020:09:15:43 +0800] "GET /xingrg/all/function/internal_message.html?_=1594948539935&CODE_STATE=getMsg HTTP/1.1" 200 27
117.184.7.26 - - [17/Jul/2020:09:15:43 +0800] "GET /xingrg/kc/buy/cgsh_order_operate.html?command=get_materiel&rest_code=00108&code=00101006087&supplier_code=00100010&order_time=2020-07-17 HTTP/1.1" 200 409
124.77.236.199 - - [17/Jul/2020:09:15:43 +0800] "GET /xingrg/kc/buy/cgsh_order_operate.html?command=get_materiel&rest_code=00107&code=00101008044&supplier_code=00100006&order_time=2020-07-17 HTTP/1.1" 200 408
117.184.7.26 - - [17/Jul/2020:09:15:43 +0800] "GET /xingrg/check_reg.html?_=1594948538423 HTTP/1.1" 200 22
117.184.7.26 - - [17/Jul/2020:09:15:43 +0800] "GET /xingrg/all/function/internal_message.html?_=1594948538424&CODE_STATE=getMsg HTTP/1.1" 200 27
124.77.243.181 - - [17/Jul/2020:09:15:48 +0800] "GET /xingrg/all/function/internal_message.html?_=1594948531378&CODE_STATE=getMsg HTTP/1.1" 200 27
172.17.0.123 - - [17/Jul/2020:09:15:50 +0800] "GET /xingrg/all/function/internal_message.html?_=1594948491303&CODE_STATE=getMsg HTTP/1.1" 200 27
117.184.7.26 - - [17/Jul/2020:09:15:51 +0800] "GET /xingrg/kc/buy/cgsh_order_operate.html?command=get_materiel&rest_code=00108&code=00101006075&supplier_code=00100010&order_time=2020-07-17 HTTP/1.1" 200 416
124.77.236.199 - - [17/Jul/2020:09:15:54 +0800] "GET /xingrg/kc/buy/cgsh_order_operate.html?command=get_materiel&rest_code=00107&code=00101008234&supplier_code=00100006&order_time=2020-07-17 HTTP/1.1" 200 408
114.89.80.44 - - [17/Jul/2020:09:15:55 +0800] "GET /xingrg/all/function/internal_message.html?_=1594948550161&CODE_STATE=getMsg HTTP/1.1" 200 27
117.184.7.26 - - [17/Jul/2020:09:15:58 +0800] "GET /xingrg/kc/buy/cgsh_order_operate.html?command=get_materiel&rest_code=00108&code=00101007068&supplier_code=00100010&order_time=2020-07-17 HTTP/1.1" 200 409
124.77.243.181 - - [17/Jul/2020:09:15:59 +0800] "GET /xingrg/kc/buy/cgsh_order_operate.html?command=get_materiel&rest_code=00146&code=00101008291&supplier_code=00100005&order_time=2020-07-17 HTTP/1.1" 200 408
58.40.7.146 - - [17/Jul/2020:09:16:02 +0800] "GET /xingrg/all/function/internal_message.html?_=1594948559681&CODE_STATE=getMsg HTTP/1.1" 200 27
124.77.243.181 - - [17/Jul/2020:09:16:03 +0800] "GET /xingrg/all/function/internal_message.html?_=1594948563854&CODE_STATE=getMsg HTTP/1.1" 200 27
124.77.236.199 - - [17/Jul/2020:09:16:05 +0800] "GET /xingrg/kc/buy/cgsh_order_operate.html?command=get_materiel&rest_code=00107&code=00101008155&supplier_code=00100006&order_time=2020-07-17 HTTP/1.1" 200 408
124.77.243.181 - - [17/Jul/2020:09:16:09 +0800] "GET /xingrg/kc/buy/cgsh_order_operate.html?command=get_materiel&rest_code=00146&code=00101008312&supplier_code=00100005&order_time=2020-07-17 HTTP/1.1" 200 412
114.88.161.57 - - [17/Jul/2020:09:16:10 +0800] "GET /xingrg/all/function/internal_message.html?_=1594948590323&CODE_STATE=getMsg HTTP/1.1" 200 27
124.77.243.181 - - [17/Jul/2020:09:16:10 +0800] "GET /xingrg/check_reg.html?_=1594948553104 HTTP/1.1" 200 22
61.172.5.115 - - [17/Jul/2020:09:16:10 +0800] "GET /xingrg/all/function/internal_message.html?_=1594948566186&CODE_STATE=getMsg HTTP/1.1" 200 27
124.77.236.199 - - [17/Jul/2020:09:16:14 +0800] "GET /xingrg/check_reg.html?_=1594948562943 HTTP/1.1" 200 22
124.77.236.199 - - [17/Jul/2020:09:16:14 +0800] "GET /xingrg/all/function/internal_message.html?_=1594948562947&CODE_STATE=getMsg HTTP/1.1" 200 27
117.184.7.26 - - [17/Jul/2020:09:16:14 +0800] "POST /xingrg/kc/buy/cgsh_order_operate.html HTTP/1.1" 200 37
124.77.236.199 - - [17/Jul/2020:09:16:14 +0800] "GET /xingrg/kc/buy/cgsh_order_operate.html?command=get_materiel&rest_code=00107&code=00101008312&supplier_code=00100006&order_time=2020-07-17 HTTP/1.1" 200 412
117.184.7.26 - - [17/Jul/2020:09:16:15 +0800] "POST /xingrg/kc/buy/cgsh_order_operate.html HTTP/1.1" 200 6810
117.184.7.26 - - [17/Jul/2020:09:16:17 +0800] "GET /xingrg/kc/print/load_data.html?order_code=212020071706848&kc_code=cgsh&condition= HTTP/1.1" 200 2315
124.77.243.181 - - [17/Jul/2020:09:16:20 +0800] "GET /xingrg/kc/buy/cgsh_order_operate.html?command=get_materiel&rest_code=00146&code=00101008298&supplier_code=00100005&order_time=2020-07-17 HTTP/1.1" 200 431
114.89.80.44 - - [17/Jul/2020:09:16:20 +0800] "GET /xingrg/all/function/internal_message.html?_=1594948711192&CODE_STATE=getMsg HTTP/1.1" 200 27
116.232.54.66 - - [17/Jul/2020:09:16:20 +0800] "GET /xingrg/all/function/internal_message.html?_=1594948711500&CODE_STATE=getMsg HTTP/1.1" 200 27
172.17.0.109 - - [17/Jul/2020:09:16:21 +0800] "GET /xingrg/all/function/internal_message.html?_=1594948576825&CODE_STATE=getMsg HTTP/1.1" 200 27
120.253.135.82 - - [17/Jul/2020:09:16:21 +0800] "GET /favicon.ico HTTP/1.1" 404 -
124.77.243.181 - - [17/Jul/2020:09:16:23 +0800] "POST /xingrg/kc/buy/cgsh_order_operate.html HTTP/1.1" 200 2065
124.77.236.199 - - [17/Jul/2020:09:16:24 +0800] "GET /xingrg/kc/buy/cgsh_order_operate.html?command=get_materiel&rest_code=00107&code=00101008354&supplier_code=00100006&order_time=2020-07-17 HTTP/1.1" 200 431
117.184.7.26 - - [17/Jul/2020:09:16:25 +0800] "GET /xingrg/kc/buy/cgsh_order_add.html HTTP/1.1" 200 59216
117.184.7.26 - - [17/Jul/2020:09:16:25 +0800] "POST /xingrg/kc/buy/cgsh_order_operate.html HTTP/1.1" 200 8245
117.184.7.26 - - [17/Jul/2020:09:16:25 +0800] "GET /xingrg/javascript/easyui/themes/default/validatebox.css HTTP/1.1" 404 1104
124.77.243.181 - - [17/Jul/2020:09:16:30 +0800] "GET /xingrg/kc/buy/cgsh_order_operate.html?command=get_materiel&rest_code=00146&code=00101008114&supplier_code=00100005&order_time=2020-07-17 HTTP/1.1" 200 412
124.77.236.199 - - [17/Jul/2020:09:16:39 +0800] "GET /xingrg/kc/buy/cgsh_order_operate.html?command=get_materiel&rest_code=00107&code=00101008028&supplier_code=00100006&order_time=2020-07-17 HTTP/1.1" 200 412
172.17.0.240 - - [17/Jul/2020:09:16:40 +0800] "GET /xingrg/all/function/internal_message.html?_=1594948597000&CODE_STATE=getMsg HTTP/1.1" 200 27
172.17.0.185 - - [17/Jul/2020:09:16:43 +0800] "GET /xingrg/all/function/internal_message.html?_=1594948599940&CODE_STATE=getMsg HTTP/1.1" 200 27
117.184.7.26 - - [17/Jul/2020:09:16:43 +0800] "GET /xingrg/all/function/internal_message.html?_=1594948598419&CODE_STATE=getMsg HTTP/1.1" 200 27
124.77.243.181 - - [17/Jul/2020:09:16:48 +0800] "GET /xingrg/all/function/internal_message.html?_=1594948591388&CODE_STATE=getMsg HTTP/1.1" 200 27
172.17.0.123 - - [17/Jul/2020:09:16:50 +0800] "GET /xingrg/all/function/internal_message.html?_=1594948551305&CODE_STATE=getMsg HTTP/1.1" 200 27
124.77.236.199 - - [17/Jul/2020:09:16:50 +0800] "GET /xingrg/kc/buy/cgsh_order_operate.html?command=get_materiel&rest_code=00107&code=00101008351&supplier_code=00100006&order_time=2020-07-17 HTTP/1.1" 200 408
61.172.5.115 - - [17/Jul/2020:09:16:53 +0800] "POST /xingrg/kc/buy/cgsh_order_operate.html HTTP/1.1" 200 37
114.89.80.44 - - [17/Jul/2020:09:16:55 +0800] "GET /xingrg/all/function/internal_message.html?_=1594948610156&CODE_STATE=getMsg HTTP/1.1" 200 27
61.172.5.115 - - [17/Jul/2020:09:16:55 +0800] "POST /xingrg/kc/buy/cgsh_order_operate.html HTTP/1.1" 200 4425
114.88.156.166 - - [17/Jul/2020:09:16:56 +0800] "GET /xingrg/check_reg.html?_=1594948610358 HTTP/1.1" 200 22
124.77.236.199 - - [17/Jul/2020:09:17:00 +0800] "GET /xingrg/kc/buy/cgsh_order_operate.html?command=get_materiel&rest_code=00107&code=00101008096&supplier_code=00100006&order_time=2020-07-17 HTTP/1.1" 200 432
61.172.5.115 - - [17/Jul/2020:09:17:00 +0800] "GET /xingrg/kc/print/load_data.html?order_code=212020071706849&kc_code=cgsh&condition= HTTP/1.1" 200 1413
58.40.7.146 - - [17/Jul/2020:09:17:02 +0800] "GET /xingrg/all/function/internal_message.html?_=1594948619684&CODE_STATE=getMsg HTTP/1.1" 200 27
58.40.7.146 - - [17/Jul/2020:09:17:02 +0800] "GET /xingrg/check_reg.html?_=1594948619686 HTTP/1.1" 200 22
124.77.243.181 - - [17/Jul/2020:09:17:03 +0800] "GET /xingrg/all/function/internal_message.html?_=1594948623856&CODE_STATE=getMsg HTTP/1.1" 200 27
114.88.161.57 - - [17/Jul/2020:09:17:10 +0800] "GET /xingrg/check_reg.html?_=1594948650327 HTTP/1.1" 200 22
114.88.161.57 - - [17/Jul/2020:09:17:10 +0800] "GET /xingrg/all/function/internal_message.html?_=1594948650324&CODE_STATE=getMsg HTTP/1.1" 200 27
61.172.5.115 - - [17/Jul/2020:09:17:10 +0800] "GET /xingrg/all/function/internal_message.html?_=1594948626170&CODE_STATE=getMsg HTTP/1.1" 200 27
61.172.5.115 - - [17/Jul/2020:09:17:11 +0800] "GET /xingrg/check_reg.html?_=1594948626392 HTTP/1.1" 200 22
124.77.236.199 - - [17/Jul/2020:09:17:11 +0800] "GET /xingrg/kc/buy/cgsh_order_operate.html?command=get_materiel&rest_code=00107&code=00101008163&supplier_code=00100006&order_time=2020-07-17 HTTP/1.1" 200 408
124.77.243.181 - - [17/Jul/2020:09:17:13 +0800] "GET /xingrg/kc/buy/cgsh_order_operate.html?command=get_materiel&rest_code=00146&code=00101015038&supplier_code=00100005&order_time=2020-07-17 HTTP/1.1" 200 418
172.17.200.101 - - [17/Jul/2020:09:17:13 +0800] "POST /xingrg/login.do HTTP/1.1" 302 -
172.17.200.101 - - [17/Jul/2020:09:17:13 +0800] "GET /xingrg/index.html?sysBaseUrl=http%3A%2F%2F172.17.0.8%3A18081%2Fxingrg%2F&costTime=41×tamp=1594948633411 HTTP/1.1" 200 17448
124.77.236.199 - - [17/Jul/2020:09:17:14 +0800] "GET /xingrg/all/function/internal_message.html?_=1594948622959&CODE_STATE=getMsg HTTP/1.1" 200 27
117.184.7.26 - - [17/Jul/2020:09:17:14 +0800] "GET /xingrg/kc/buy/cgsh_order_operate.html?command=get_materiel&rest_code=00108&code=00101007061&supplier_code=00100002&order_time=2020-07-17 HTTP/1.1" 200 409
116.232.54.66 - - [17/Jul/2020:09:17:19 +0800] "GET /xingrg/all/function/internal_message.html?_=1594948771515&CODE_STATE=getMsg HTTP/1.1" 200 27
114.89.80.44 - - [17/Jul/2020:09:17:20 +0800] "GET /xingrg/all/function/internal_message.html?_=1594948771205&CODE_STATE=getMsg HTTP/1.1" 200 27
172.17.0.109 - - [17/Jul/2020:09:17:21 +0800] "GET /xingrg/all/function/internal_message.html?_=1594948636823&CODE_STATE=getMsg HTTP/1.1" 200 27
124.77.243.181 - - [17/Jul/2020:09:17:22 +0800] "GET /xingrg/kc/buy/cgsh_order_operate.html?command=get_materiel&rest_code=00146&code=00101008102&supplier_code=00100005&order_time=2020-07-17 HTTP/1.1" 200 412
172.17.200.101 - - [17/Jul/2020:09:17:23 +0800] "POST /xingrg/all/common/load_tree.html?tree=area_rest_tree_json&manage=1 HTTP/1.1" 200 3088
124.77.236.199 - - [17/Jul/2020:09:17:25 +0800] "GET /xingrg/kc/buy/cgsh_order_operate.html?command=get_materiel&rest_code=00107&code=00101008146&supplier_code=00100006&order_time=2020-07-17 HTTP/1.1" 200 416
172.17.200.101 - - [17/Jul/2020:09:17:25 +0800] "GET /xingrg/all/function/internal_message.html?_=1594948645633&CODE_STATE=count HTTP/1.1" 200 11
172.17.200.101 - - [17/Jul/2020:09:17:26 +0800] "GET /xingrg/check_reg.html?_=1594948645634 HTTP/1.1" 200 22
172.17.200.101 - - [17/Jul/2020:09:17:27 +0800] "POST /xingrg/load_menu.html HTTP/1.1" 200 11529
172.17.200.101 - - [17/Jul/2020:09:17:28 +0800] "GET /favicon.ico HTTP/1.1" 404 -
117.184.7.26 - - [17/Jul/2020:09:17:29 +0800] "GET /xingrg/kc/buy/cgsh_order_operate.html?command=get_materiel&rest_code=00108&code=00101007077&supplier_code=00100002&order_time=2020-07-17 HTTP/1.1" 200 415
124.77.243.181 - - [17/Jul/2020:09:17:33 +0800] "GET /xingrg/kc/buy/cgsh_order_operate.html?command=get_materiel&rest_code=00146&code=00101015006&supplier_code=00100005&order_time=2020-07-17 HTTP/1.1" 200 413
172.17.200.101 - - [17/Jul/2020:09:17:35 +0800] "GET /xingrg/kc/report/report_main.html HTTP/1.1" 200 9350
117.184.7.26 - - [17/Jul/2020:09:17:37 +0800] "GET /xingrg/kc/buy/cgsh_order_operate.html?command=get_materiel&rest_code=00108&code=00101007049&supplier_code=00100002&order_time=2020-07-17 HTTP/1.1" 200 409
124.77.243.181 - - [17/Jul/2020:09:17:39 +0800] "POST /xingrg/kc/buy/cgsh_order_operate.html HTTP/1.1" 200 2065
124.77.236.199 - - [17/Jul/2020:09:17:39 +0800] "GET /xingrg/kc/buy/cgsh_order_operate.html?command=get_materiel&rest_code=00107&code=00101008147&supplier_code=00100006&order_time=2020-07-17 HTTP/1.1" 200 416
172.17.200.101 - - [17/Jul/2020:09:17:39 +0800] "GET /xingrg/all/report/report_query.html?fileName=kc/buy/gys_amount_base_rest.xml HTTP/1.1" 200 51589
172.17.0.240 - - [17/Jul/2020:09:17:40 +0800] "GET /xingrg/all/function/internal_message.html?_=1594948657001&CODE_STATE=getMsg HTTP/1.1" 200 27
172.17.200.101 - - [17/Jul/2020:09:17:40 +0800] "GET /xingrg/dwr/interface/AjaxReportQueryService.js HTTP/1.1" 200 13203
172.17.200.101 - - [17/Jul/2020:09:17:40 +0800] "GET /xingrg/dwr/engine.js HTTP/1.1" 200 43631
172.17.200.101 - - [17/Jul/2020:09:17:40 +0800] "GET /xingrg/dwr/util.js HTTP/1.1" 304 -
172.17.0.185 - - [17/Jul/2020:09:17:43 +0800] "GET /xingrg/all/function/internal_message.html?_=1594948659928&CODE_STATE=getMsg HTTP/1.1" 200 27
117.184.7.26 - - [17/Jul/2020:09:17:43 +0800] "GET /xingrg/all/function/internal_message.html?_=1594948658413&CODE_STATE=getMsg HTTP/1.1" 200 27
172.17.200.101 - - [17/Jul/2020:09:17:47 +0800] "POST /xingrg/all/common/load_tree.html?tree=area_rest_tree_json&manage=1 HTTP/1.1" 200 3088
172.17.200.101 - - [17/Jul/2020:09:17:47 +0800] "POST /xingrg/dwr/call/plaincall/AjaxReportQueryService.getFixDate.dwr HTTP/1.1" 200 111
172.17.200.101 - - [17/Jul/2020:09:17:47 +0800] "POST /xingrg/all/common/load_tree.html?tree=supplier_tree_json&manage=1 HTTP/1.1" 200 50157
117.184.7.26 - - [17/Jul/2020:09:17:47 +0800] "POST /xingrg/kc/buy/cgsh_order_operate.html HTTP/1.1" 200 37
124.77.243.181 - - [17/Jul/2020:09:17:48 +0800] "GET /xingrg/all/function/internal_message.html?_=1594948651401&CODE_STATE=getMsg HTTP/1.1" 200 27
124.77.243.181 - - [17/Jul/2020:09:17:49 +0800] "GET /xingrg/kc/buy/cgsh_order_operate.html?command=get_materiel&rest_code=00146&code=00101015044&supplier_code=00100005&order_time=2020-07-17 HTTP/1.1" 200 408
172.17.0.123 - - [17/Jul/2020:09:17:50 +0800] "GET /xingrg/all/function/internal_message.html?_=1594948611305&CODE_STATE=getMsg HTTP/1.1" 200 27
117.184.7.26 - - [17/Jul/2020:09:17:54 +0800] "POST /xingrg/kc/buy/cgsh_order_operate.html HTTP/1.1" 200 3837
114.89.80.44 - - [17/Jul/2020:09:17:55 +0800] "GET /xingrg/all/function/internal_message.html?_=1594948670156&CODE_STATE=getMsg HTTP/1.1" 200 27
101.89.29.78 - - [17/Jul/2020:09:17:57 +0800] "GET /xingrg/check_reg.html?_=1594948610358 HTTP/1.1" 302 -
124.77.236.199 - - [17/Jul/2020:09:17:58 +0800] "GET /xingrg/kc/buy/cgsh_order_operate.html?command=get_materiel&rest_code=00107&code=00101008069&supplier_code=00100006&order_time=2020-07-17 HTTP/1.1" 200 431
124.77.243.181 - - [17/Jul/2020:09:17:58 +0800] "GET /xingrg/kc/buy/cgsh_order_operate.html?command=get_materiel&rest_code=00146&code=00101008354&supplier_code=00100005&order_time=2020-07-17 HTTP/1.1" 200 431
58.40.7.146 - - [17/Jul/2020:09:18:02 +0800] "GET /xingrg/all/function/internal_message.html?_=1594948679687&CODE_STATE=getMsg HTTP/1.1" 200 27
124.77.243.181 - - [17/Jul/2020:09:18:03 +0800] "GET /xingrg/all/function/internal_message.html?_=1594948683896&CODE_STATE=getMsg HTTP/1.1" 200 27
101.89.29.78 - - [17/Jul/2020:09:18:03 +0800] "GET /xingrg/login.html HTTP/1.1" 200 7641
124.77.236.199 - - [17/Jul/2020:09:18:04 +0800] "GET /xingrg/kc/buy/cgsh_order_operate.html?command=get_materiel&rest_code=00107&code=00101008286&supplier_code=00100006&order_time=2020-07-17 HTTP/1.1" 200 427
117.184.7.26 - - [17/Jul/2020:09:18:05 +0800] "GET /xingrg/kc/print/load_data.html?order_code=212020071706850&kc_code=cgsh&condition= HTTP/1.1" 200 1192
172.17.200.101 - - [17/Jul/2020:09:18:05 +0800] "POST /xingrg/dwr/call/plaincall/AjaxReportQueryService.refreshCache.dwr HTTP/1.1" 200 78
172.17.200.101 - - [17/Jul/2020:09:18:06 +0800] "POST /xingrg/all/report/load_report_page.html HTTP/1.1" 200 46683
172.17.200.101 - - [17/Jul/2020:09:18:06 +0800] "GET /xingrg/servlets/image?cache=0.9049888639443749&image=px HTTP/1.1" 200 807
61.172.5.115 - - [17/Jul/2020:09:18:09 +0800] "GET /xingrg/kc/base/base_main.html HTTP/1.1" 200 12142
114.88.161.57 - - [17/Jul/2020:09:18:10 +0800] "GET /xingrg/all/function/internal_message.html?_=1594948710326&CODE_STATE=getMsg HTTP/1.1" 200 27
61.172.5.115 - - [17/Jul/2020:09:18:10 +0800] "GET /xingrg/all/function/internal_message.html?_=1594948686144&CODE_STATE=getMsg HTTP/1.1" 200 27
61.172.5.115 - - [17/Jul/2020:09:18:11 +0800] "GET /xingrg/kc/base/wldb_order_list.html HTTP/1.1" 200 19255
61.172.5.115 - - [17/Jul/2020:09:18:11 +0800] "POST /xingrg/kc/base/wldb_list_operate.html HTTP/1.1" 200 928
180.175.214.200 - - [17/Jul/2020:09:18:12 +0800] "GET /xingrg/login.html HTTP/1.1" 200 7641
180.175.214.200 - - [17/Jul/2020:09:18:13 +0800] "GET /favicon.ico HTTP/1.1" 404 -
124.77.236.199 - - [17/Jul/2020:09:18:13 +0800] "GET /xingrg/kc/buy/cgsh_order_operate.html?command=get_materiel&rest_code=00107&code=00101008131&supplier_code=00100006&order_time=2020-07-17 HTTP/1.1" 200 408
124.77.236.199 - - [17/Jul/2020:09:18:14 +0800] "GET /xingrg/all/function/internal_message.html?_=1594948682947&CODE_STATE=getMsg HTTP/1.1" 200 27
61.172.5.115 - - [17/Jul/2020:09:18:14 +0800] "GET /xingrg/kc/base/wldb_order_add.html HTTP/1.1" 200 30367
61.172.5.115 - - [17/Jul/2020:09:18:14 +0800] "POST /xingrg/kc/base/wldb_order_operate.html HTTP/1.1" 200 6806
61.172.5.115 - - [17/Jul/2020:09:18:14 +0800] "GET /xingrg/all/common/auto_word.html?type=base&rest_code=00105 HTTP/1.1" 200 1753
61.172.5.115 - - [17/Jul/2020:09:18:14 +0800] "GET /xingrg/all/common/auto_word.html?type=base&rest_code=00105 HTTP/1.1" 200 1753
117.131.5.26 - - [17/Jul/2020:09:18:14 +0800] "GET /xingrg/check_reg.html?_=1594948685579 HTTP/1.1" 200 22
61.172.5.115 - - [17/Jul/2020:09:18:14 +0800] "GET /xingrg/javascript/easyui/themes/default/validatebox.css HTTP/1.1" 404 1104
124.77.243.181 - - [17/Jul/2020:09:18:16 +0800] "GET /xingrg/kc/buy/cgsh_order_operate.html?command=get_materiel&rest_code=00146&code=00101008223&supplier_code=00100005&order_time=2020-07-17 HTTP/1.1" 200 412
116.232.54.66 - - [17/Jul/2020:09:18:18 +0800] "GET /xingrg/all/function/internal_message.html?_=1594948831515&CODE_STATE=getMsg HTTP/1.1" 200 27
114.89.80.44 - - [17/Jul/2020:09:18:20 +0800] "GET /xingrg/all/function/internal_message.html?_=1594948831242&CODE_STATE=getMsg HTTP/1.1" 200 27
180.175.214.200 - - [17/Jul/2020:09:18:20 +0800] "POST /xingrg/login.do HTTP/1.1" 302 -
180.175.214.200 - - [17/Jul/2020:09:18:20 +0800] "GET /xingrg/css/form.css HTTP/1.1" 304 -
180.175.214.200 - - [17/Jul/2020:09:18:20 +0800] "GET /xingrg/javascript/jquery_easy_ui/themes/default/easyui.css HTTP/1.1" 304 -
180.175.214.200 - - [17/Jul/2020:09:18:20 +0800] "GET /xingrg/javascript/jquery_easy_ui/themes/icon.css HTTP/1.1" 304 -
180.175.214.200 - - [17/Jul/2020:09:18:20 +0800] "GET /xingrg/index.html?sysBaseUrl=http%3A%2F%2F180.169.147.146%3A18081%2Fxingrg%2F&costTime=40×tamp=1594948700878 HTTP/1.1" 200 17173
180.175.214.200 - - [17/Jul/2020:09:18:20 +0800] "GET /xingrg/javascript/jquery-1.4.2.min.js HTTP/1.1" 304 -
180.175.214.200 - - [17/Jul/2020:09:18:20 +0800] "GET /xingrg/javascript/jquery_easy_ui/jquery.easyui.min.js HTTP/1.1" 304 -
180.175.214.200 - - [17/Jul/2020:09:18:20 +0800] "GET /xingrg/javascript/jquery.utils.js HTTP/1.1" 304 -
180.175.214.200 - - [17/Jul/2020:09:18:20 +0800] "GET /xingrg/javascript/jquery_easy_ui/easyui-lang-zh_CN.js HTTP/1.1" 304 -
180.175.214.200 - - [17/Jul/2020:09:18:20 +0800] "GET /xingrg/javascript/jquery.form.js HTTP/1.1" 304 -
180.175.214.200 - - [17/Jul/2020:09:18:20 +0800] "GET /xingrg/javascript/jquery.timers.js HTTP/1.1" 304 -
180.175.214.200 - - [17/Jul/2020:09:18:21 +0800] "POST /xingrg/all/common/load_tree.html?tree=area_rest_tree_json&manage=1 HTTP/1.1" 200 342
180.175.214.200 - - [17/Jul/2020:09:18:21 +0800] "GET /xingrg/all/function/internal_message.html?_=1594948905971&CODE_STATE=count HTTP/1.1" 200 11
180.175.214.200 - - [17/Jul/2020:09:18:21 +0800] "GET /xingrg/check_reg.html?_=1594948905972 HTTP/1.1" 200 22
172.17.0.109 - - [17/Jul/2020:09:18:21 +0800] "GET /xingrg/all/function/internal_message.html?_=1594948696825&CODE_STATE=getMsg HTTP/1.1" 200 27
172.17.0.109 - - [17/Jul/2020:09:18:21 +0800] "GET /xingrg/check_reg.html?_=1594948696826 HTTP/1.1" 200 22
180.175.214.200 - - [17/Jul/2020:09:18:21 +0800] "POST /xingrg/load_menu.html HTTP/1.1" 200 5138
180.175.214.200 - - [17/Jul/2020:09:18:21 +0800] "GET /favicon.ico HTTP/1.1" 404 -
117.184.7.26 - - [17/Jul/2020:09:18:21 +0800] "POST /xingrg/kc/buy/cgsh_list_operate.html HTTP/1.1" 200 2411
124.77.236.199 - - [17/Jul/2020:09:18:23 +0800] "GET /xingrg/kc/buy/cgsh_order_operate.html?command=get_materiel&rest_code=00107&code=00101008352&supplier_code=00100006&order_time=2020-07-17 HTTP/1.1" 200 431
61.172.5.115 - - [17/Jul/2020:09:18:25 +0800] "POST /xingrg/all/common/load_combo.html?type=base HTTP/1.1" 200 3142
172.17.200.101 - - [17/Jul/2020:09:18:26 +0800] "GET /xingrg/all/function/internal_message.html?_=1594948705700&CODE_STATE=getMsg HTTP/1.1" 200 27
180.175.214.200 - - [17/Jul/2020:09:18:31 +0800] "GET /xingrg/css/base.css HTTP/1.1" 304 -
180.175.214.200 - - [17/Jul/2020:09:18:31 +0800] "GET /xingrg/javascript/jquery_tools/datebox.css HTTP/1.1" 304 -
180.175.214.200 - - [17/Jul/2020:09:18:31 +0800] "GET /xingrg/css/site.css HTTP/1.1" 304 -
180.175.214.200 - - [17/Jul/2020:09:18:31 +0800] "GET /xingrg/javascript/easyui/themes/icon.css HTTP/1.1" 304 -
180.175.214.200 - - [17/Jul/2020:09:18:31 +0800] "GET /xingrg/javascript/easyui/themes/default/easyui.css HTTP/1.1" 304 -
180.175.214.200 - - [17/Jul/2020:09:18:31 +0800] "GET /xingrg/javascript/auto/jquery.autocomplete.css HTTP/1.1" 304 -
180.175.214.200 - - [17/Jul/2020:09:18:31 +0800] "GET /xingrg/javascript/jquery_tools/jquery.tools.min.js HTTP/1.1" 304 -
180.175.214.200 - - [17/Jul/2020:09:18:31 +0800] "GET /xingrg/javascript/jquery_tools/table.css HTTP/1.1" 304 -
180.175.214.200 - - [17/Jul/2020:09:18:31 +0800] "GET /xingrg/javascript/jquery_tools/fix.css HTTP/1.1" 304 -
180.175.214.200 - - [17/Jul/2020:09:18:31 +0800] "GET /xingrg/javascript/jquery_tools/jquery.tools.hotkey.js HTTP/1.1" 304 -
180.175.214.200 - - [17/Jul/2020:09:18:31 +0800] "GET /xingrg/javascript/jquery_tools/jquery.tools.extend.js HTTP/1.1" 304 -
180.175.214.200 - - [17/Jul/2020:09:18:31 +0800] "GET /xingrg/javascript/jquery_tools/list_manager.js HTTP/1.1" 304 -
180.175.214.200 - - [17/Jul/2020:09:18:31 +0800] "GET /xingrg/javascript/print/LodopFuncs.js HTTP/1.1" 304 -
180.175.214.200 - - [17/Jul/2020:09:18:31 +0800] "GET /xingrg/javascript/jquery.cookie.js HTTP/1.1" 304 -
180.175.214.200 - - [17/Jul/2020:09:18:31 +0800] "GET /xingrg/javascript/auto/jquery.autocomplete.js HTTP/1.1" 304 -
180.175.214.200 - - [17/Jul/2020:09:18:31 +0800] "GET /xingrg/javascript/jquery_tools/jquery.tools.table.js HTTP/1.1" 304 -
180.175.214.200 - - [17/Jul/2020:09:18:31 +0800] "GET /xingrg/kc/buy/cgsh_order_list.html HTTP/1.1" 200 43513
180.175.214.200 - - [17/Jul/2020:09:18:31 +0800] "GET /xingrg/javascript/easyui/easyloader.js HTTP/1.1" 304 -
180.175.214.200 - - [17/Jul/2020:09:18:32 +0800] "GET /xingrg/javascript/easyui/plugins/jquery.parser.js HTTP/1.1" 304 -
180.175.214.200 - - [17/Jul/2020:09:18:32 +0800] "POST /xingrg/kc/buy/cgsh_list_operate.html HTTP/1.1" 200 876
124.77.243.181 - - [17/Jul/2020:09:18:32 +0800] "GET /xingrg/kc/buy/cgsh_order_operate.html?command=get_materiel&rest_code=00146&code=00101008168&supplier_code=00100005&order_time=2020-07-17 HTTP/1.1" 200 413
124.77.243.181 - - [17/Jul/2020:09:18:36 +0800] "POST /xingrg/kc/buy/cgsh_order_operate.html HTTP/1.1" 200 2065
172.17.0.240 - - [17/Jul/2020:09:18:40 +0800] "GET /xingrg/check_reg.html?_=1594948717006 HTTP/1.1" 200 22
172.17.0.240 - - [17/Jul/2020:09:18:40 +0800] "GET /xingrg/all/function/internal_message.html?_=1594948717008&CODE_STATE=getMsg HTTP/1.1" 200 27
172.17.0.185 - - [17/Jul/2020:09:18:43 +0800] "GET /xingrg/all/function/internal_message.html?_=1594948719933&CODE_STATE=getMsg HTTP/1.1" 200 27
117.184.7.26 - - [17/Jul/2020:09:18:43 +0800] "GET /xingrg/all/function/internal_message.html?_=1594948718414&CODE_STATE=getMsg HTTP/1.1" 200 27
124.77.243.181 - - [17/Jul/2020:09:18:45 +0800] "GET /xingrg/check_reg.html?_=1594948725885 HTTP/1.1" 200 22
124.77.243.181 - - [17/Jul/2020:09:18:45 +0800] "GET /xingrg/kc/buy/cgsh_order_operate.html?command=get_materiel&rest_code=00146&code=00101008061&supplier_code=00100005&order_time=2020-07-17 HTTP/1.1" 200 422
124.77.236.199 - - [17/Jul/2020:09:18:45 +0800] "GET /xingrg/kc/buy/cgsh_order_operate.html?command=get_materiel&rest_code=00107&code=00101008271&supplier_code=00100006&order_time=2020-07-17 HTTP/1.1" 200 430
61.172.5.115 - - [17/Jul/2020:09:18:45 +0800] "POST /xingrg/all/common/load_combo.html?type=base HTTP/1.1" 200 3142
124.77.243.181 - - [17/Jul/2020:09:18:48 +0800] "GET /xingrg/all/function/internal_message.html?_=1594948711414&CODE_STATE=getMsg HTTP/1.1" 200 27
180.175.214.200 - - [17/Jul/2020:09:18:49 +0800] "GET /xingrg/javascript/pic_change.js HTTP/1.1" 304 -
180.175.214.200 - - [17/Jul/2020:09:18:49 +0800] "GET /xingrg/javascript/convert.js HTTP/1.1" 304 -
180.175.214.200 - - [17/Jul/2020:09:18:49 +0800] "GET /xingrg/javascript/jquery_tools/order_manager.js HTTP/1.1" 304 -
180.175.214.200 - - [17/Jul/2020:09:18:49 +0800] "GET /xingrg/javascript/print/kc_print.js HTTP/1.1" 304 -
180.175.214.200 - - [17/Jul/2020:09:18:49 +0800] "GET /xingrg/javascript/json2.js HTTP/1.1" 304 -
180.175.214.200 - - [17/Jul/2020:09:18:49 +0800] "GET /xingrg/kc/buy/cgsh_order_add.html HTTP/1.1" 200 59163
180.175.214.200 - - [17/Jul/2020:09:18:49 +0800] "GET /xingrg/words/20200716121639_words.js HTTP/1.1" 304 -
172.17.0.123 - - [17/Jul/2020:09:18:50 +0800] "GET /xingrg/all/function/internal_message.html?_=1594948671307&CODE_STATE=getMsg HTTP/1.1" 200 27
172.17.0.123 - - [17/Jul/2020:09:18:50 +0800] "GET /xingrg/check_reg.html?_=1594948671307 HTTP/1.1" 200 22
180.175.214.200 - - [17/Jul/2020:09:18:50 +0800] "POST /xingrg/kc/buy/cgsh_order_operate.html HTTP/1.1" 200 8245
180.175.214.200 - - [17/Jul/2020:09:18:50 +0800] "GET /xingrg/all/common/auto_word.html?type=employee&rest_code=00102 HTTP/1.1" 200 189
180.175.214.200 - - [17/Jul/2020:09:18:50 +0800] "GET /xingrg/all/common/auto_word.html?type=employee&rest_code=00102 HTTP/1.1" 200 189
180.175.214.200 - - [17/Jul/2020:09:18:50 +0800] "GET /xingrg/javascript/easyui/themes/default/validatebox.css HTTP/1.1" 404 1104
