117.184.7.30 - - [15/Jul/2020:08:58:55 +0800] "GET /xingrg/javascript/jquery_tools/images/next.gif HTTP/1.1" 404 1086
114.89.80.44 - - [15/Jul/2020:08:59:00 +0800] "GET /xingrg/all/function/internal_message.html?_=1594774874784&CODE_STATE=getMsg HTTP/1.1" 200 27
114.88.161.57 - - [15/Jul/2020:08:59:01 +0800] "GET /xingrg/kc/buy/buy_main.html HTTP/1.1" 200 12412
114.88.161.57 - - [15/Jul/2020:08:59:01 +0800] "GET /xingrg/javascript/jquery_easy_ui/themes/default/images/tabs_close.gif HTTP/1.1" 304 -
114.88.161.57 - - [15/Jul/2020:08:59:01 +0800] "GET /xingrg/css/new_ie.css HTTP/1.1" 404 1036
114.88.161.57 - - [15/Jul/2020:08:59:01 +0800] "GET /xingrg/javascript/ToolTips.js HTTP/1.1" 304 -
114.88.161.57 - - [15/Jul/2020:08:59:01 +0800] "GET /xingrg/css/blue.css HTTP/1.1" 304 -
114.88.161.57 - - [15/Jul/2020:08:59:01 +0800] "GET /xingrg/javascript/jquery_ui/themes/humanity/humanity.css HTTP/1.1" 304 -
114.88.161.57 - - [15/Jul/2020:08:59:01 +0800] "GET /xingrg/javascript/pic_change.js HTTP/1.1" 304 -
114.88.161.57 - - [15/Jul/2020:08:59:01 +0800] "GET /xingrg/javascript/myfunction.js HTTP/1.1" 304 -
114.88.161.57 - - [15/Jul/2020:08:59:01 +0800] "GET /xingrg/javascript/jquery_ui/jquery-ui.min.js HTTP/1.1" 304 -
114.88.161.57 - - [15/Jul/2020:08:59:01 +0800] "GET /xingrg/images/blue/button/cgxqd.gif HTTP/1.1" 304 -
114.88.161.57 - - [15/Jul/2020:08:59:02 +0800] "GET /xingrg/images/blue/button/cgydd.gif HTTP/1.1" 304 -
114.88.161.57 - - [15/Jul/2020:08:59:02 +0800] "GET /xingrg/images/blue/button/cgshd.gif HTTP/1.1" 304 -
114.88.161.57 - - [15/Jul/2020:08:59:02 +0800] "GET /xingrg/images/blue/button/cgfkd.gif HTTP/1.1" 304 -
114.88.161.57 - - [15/Jul/2020:08:59:02 +0800] "GET /xingrg/images/blue/button/kc.gif HTTP/1.1" 304 -
114.88.161.57 - - [15/Jul/2020:08:59:02 +0800] "GET /xingrg/images/blue/button/ckthd.gif HTTP/1.1" 304 -
114.88.161.57 - - [15/Jul/2020:08:59:02 +0800] "GET /xingrg/images/blue/pic_form2.gif HTTP/1.1" 304 -
114.88.161.57 - - [15/Jul/2020:08:59:02 +0800] "GET /xingrg/images/blue/bg_dotted.jpg HTTP/1.1" 304 -
114.88.161.57 - - [15/Jul/2020:08:59:02 +0800] "GET /xingrg/javascript/jquery_ui/themes/humanity/images/ui-bg_inset-soft_100_f4f0ec_1x100.png HTTP/1.1" 304 -
114.88.161.57 - - [15/Jul/2020:08:59:02 +0800] "GET /xingrg/images/blue/button/right_ah.jpg HTTP/1.1" 304 -
114.88.161.57 - - [15/Jul/2020:08:59:02 +0800] "GET /xingrg/images/blue/button/down_ah.jpg HTTP/1.1" 304 -
114.88.161.57 - - [15/Jul/2020:08:59:02 +0800] "GET /xingrg/javascript/jquery_ui/themes/humanity/images/ui-iconsnew.jpg HTTP/1.1" 304 -
114.88.161.57 - - [15/Jul/2020:08:59:02 +0800] "GET /xingrg/javascript/jquery_ui/themes/humanity/images/ui-icons_ffffff_256x240.png HTTP/1.1" 304 -
114.88.161.57 - - [15/Jul/2020:08:59:02 +0800] "GET /xingrg/javascript/jquery_ui/themes/humanity/images/ui-icons_c47a23_256x240.png HTTP/1.1" 304 -
114.88.161.57 - - [15/Jul/2020:08:59:02 +0800] "GET /xingrg/javascript/jquery_ui/themes/humanity/images/ui-bg_glass_70_ede4d4_1x400.png HTTP/1.1" 304 -
117.184.7.26 - - [15/Jul/2020:08:59:02 +0800] "GET /xingrg/kc/buy/cgsh_order_operate.html?command=get_materiel&rest_code=00108&code=00101008176&supplier_code=00100008&order_time=2020-07-15 HTTP/1.1" 200 412
61.172.5.115 - - [15/Jul/2020:08:59:02 +0800] "GET /xingrg/kc/buy/cgsh_order_operate.html?command=get_materiel&rest_code=00105&code=00101006129&supplier_code=00100013&order_time=2020-07-15 HTTP/1.1" 200 431
114.89.80.44 - - [15/Jul/2020:08:59:02 +0800] "GET /xingrg/kc/buy/cgsh_order_add.html HTTP/1.1" 200 59175
114.88.161.57 - - [15/Jul/2020:08:59:02 +0800] "GET /xingrg/images/yd/bt.gif HTTP/1.1" 404 1040
114.89.80.44 - - [15/Jul/2020:08:59:03 +0800] "POST /xingrg/kc/buy/cgsh_order_operate.html HTTP/1.1" 200 8245
114.89.80.44 - - [15/Jul/2020:08:59:03 +0800] "GET /xingrg/javascript/easyui/themes/default/validatebox.css HTTP/1.1" 404 1104
114.88.161.57 - - [15/Jul/2020:08:59:03 +0800] "GET /xingrg/css/site.css HTTP/1.1" 304 -
114.88.161.57 - - [15/Jul/2020:08:59:03 +0800] "GET /xingrg/css/base.css HTTP/1.1" 304 -
114.88.161.57 - - [15/Jul/2020:08:59:03 +0800] "GET /xingrg/javascript/jquery_tools/datebox.css HTTP/1.1" 304 -
114.88.161.57 - - [15/Jul/2020:08:59:03 +0800] "GET /xingrg/javascript/easyui/themes/icon.css HTTP/1.1" 304 -
114.88.161.57 - - [15/Jul/2020:08:59:03 +0800] "GET /xingrg/javascript/easyui/themes/default/easyui.css HTTP/1.1" 304 -
114.88.161.57 - - [15/Jul/2020:08:59:03 +0800] "GET /xingrg/javascript/auto/jquery.autocomplete.css HTTP/1.1" 304 -
114.88.161.57 - - [15/Jul/2020:08:59:03 +0800] "GET /xingrg/javascript/jquery_tools/jquery.tools.extend.js HTTP/1.1" 304 -
114.88.161.57 - - [15/Jul/2020:08:59:03 +0800] "GET /xingrg/javascript/jquery_tools/jquery.tools.table.js HTTP/1.1" 304 -
114.88.161.57 - - [15/Jul/2020:08:59:03 +0800] "GET /xingrg/javascript/jquery_tools/fix.css HTTP/1.1" 304 -
114.88.161.57 - - [15/Jul/2020:08:59:03 +0800] "GET /xingrg/javascript/jquery_tools/table.css HTTP/1.1" 304 -
114.88.161.57 - - [15/Jul/2020:08:59:03 +0800] "GET /xingrg/javascript/jquery_tools/list_manager.js HTTP/1.1" 304 -
114.88.161.57 - - [15/Jul/2020:08:59:03 +0800] "GET /xingrg/javascript/jquery_tools/jquery.tools.hotkey.js HTTP/1.1" 304 -
114.88.161.57 - - [15/Jul/2020:08:59:03 +0800] "GET /xingrg/javascript/print/LodopFuncs.js HTTP/1.1" 304 -
114.88.161.57 - - [15/Jul/2020:08:59:03 +0800] "GET /xingrg/javascript/easyui/easyloader.js HTTP/1.1" 304 -
114.88.161.57 - - [15/Jul/2020:08:59:03 +0800] "GET /xingrg/javascript/jquery_tools/jquery.tools.min.js HTTP/1.1" 304 -
114.88.161.57 - - [15/Jul/2020:08:59:03 +0800] "GET /xingrg/javascript/jquery.cookie.js HTTP/1.1" 304 -
114.88.161.57 - - [15/Jul/2020:08:59:03 +0800] "GET /xingrg/javascript/auto/jquery.autocomplete.js HTTP/1.1" 304 -
114.88.161.57 - - [15/Jul/2020:08:59:03 +0800] "GET /xingrg/kc/buy/cgsh_order_list.html HTTP/1.1" 200 43513
114.88.161.57 - - [15/Jul/2020:08:59:04 +0800] "GET /xingrg/javascript/easyui/themes/icons/edit_add_new.png HTTP/1.1" 304 -
114.88.161.57 - - [15/Jul/2020:08:59:04 +0800] "GET /xingrg/javascript/easyui/themes/icons/cance_new.png HTTP/1.1" 304 -
114.88.161.57 - - [15/Jul/2020:08:59:04 +0800] "GET /xingrg/javascript/easyui/themes/icons/field_new.png HTTP/1.1" 304 -
114.88.161.57 - - [15/Jul/2020:08:59:04 +0800] "GET /xingrg/javascript/easyui/themes/icons/import_new.png HTTP/1.1" 304 -
114.88.161.57 - - [15/Jul/2020:08:59:04 +0800] "GET /xingrg/javascript/easyui/themes/icons/check_new.png HTTP/1.1" 304 -
114.88.161.57 - - [15/Jul/2020:08:59:04 +0800] "GET /xingrg/javascript/jquery_easy_ui/themes/icons/area.png HTTP/1.1" 304 -
114.88.161.57 - - [15/Jul/2020:08:59:04 +0800] "GET /xingrg/javascript/jquery_easy_ui/themes/icons/rest.png HTTP/1.1" 304 -
114.88.161.57 - - [15/Jul/2020:08:59:04 +0800] "GET /xingrg/javascript/easyui/plugins/jquery.parser.js HTTP/1.1" 304 -
114.88.161.57 - - [15/Jul/2020:08:59:04 +0800] "GET /xingrg/images/control/ajaxLoader.gif HTTP/1.1" 304 -
172.17.0.100 - - [15/Jul/2020:08:59:04 +0800] "GET /xingrg/all/function/internal_message.html?_=1594774744052&CODE_STATE=getMsg HTTP/1.1" 200 27
114.88.161.57 - - [15/Jul/2020:08:59:04 +0800] "POST /xingrg/kc/buy/cgsh_list_operate.html HTTP/1.1" 200 876
172.17.0.100 - - [15/Jul/2020:08:59:07 +0800] "GET /xingrg/kc/buy/cgsh_order_list.html HTTP/1.1" 200 43499
180.175.214.200 - - [15/Jul/2020:08:59:07 +0800] "GET /xingrg/kc/buy/cgsh_order_operate.html?command=get_materiel&rest_code=00102&code=00101008067&supplier_code=00100008&order_time=2020-07-15 HTTP/1.1" 200 416
172.17.0.100 - - [15/Jul/2020:08:59:07 +0800] "POST /xingrg/kc/buy/cgsh_list_operate.html HTTP/1.1" 200 876
117.184.7.26 - - [15/Jul/2020:08:59:10 +0800] "GET /xingrg/kc/buy/cgsh_order_operate.html?command=get_materiel&rest_code=00108&code=00101008256&supplier_code=00100008&order_time=2020-07-15 HTTP/1.1" 200 412
114.89.80.44 - - [15/Jul/2020:08:59:12 +0800] "GET /xingrg/kc/buy/cgsh_order_operate.html?command=get_materiel&rest_code=00150&code=00101008323&supplier_code=00100007&order_time=2020-07-15 HTTP/1.1" 200 408
114.88.161.57 - - [15/Jul/2020:08:59:14 +0800] "GET /xingrg/javascript/easyui/themes/default/images/button_plain_hover.png HTTP/1.1" 304 -
61.172.5.115 - - [15/Jul/2020:08:59:14 +0800] "GET /xingrg/all/function/internal_message.html?_=1594774755840&CODE_STATE=getMsg HTTP/1.1" 200 27
117.184.7.26 - - [15/Jul/2020:08:59:16 +0800] "GET /xingrg/kc/buy/cgsh_order_operate.html?command=get_materiel&rest_code=00108&code=00101008261&supplier_code=00100008&order_time=2020-07-15 HTTP/1.1" 200 408
180.175.214.200 - - [15/Jul/2020:08:59:17 +0800] "GET /xingrg/kc/buy/cgsh_order_operate.html?command=get_materiel&rest_code=00102&code=00101008321&supplier_code=00100008&order_time=2020-07-15 HTTP/1.1" 200 412
117.184.7.30 - - [15/Jul/2020:08:59:18 +0800] "GET /xingrg/all/function/internal_message.html?_=1594774752760&CODE_STATE=getMsg HTTP/1.1" 200 27
61.172.5.115 - - [15/Jul/2020:08:59:18 +0800] "GET /xingrg/kc/buy/cgsh_order_operate.html?command=get_materiel&rest_code=00105&code=00101006063&supplier_code=00100013&order_time=2020-07-15 HTTP/1.1" 200 413
114.88.161.57 - - [15/Jul/2020:08:59:18 +0800] "POST /xingrg/kc/buy/cgsh_list_operate.html HTTP/1.1" 200 5876
124.77.243.181 - - [15/Jul/2020:08:59:18 +0800] "GET /xingrg/all/function/internal_message.html?_=1594774794519&CODE_STATE=getMsg HTTP/1.1" 200 27
116.230.77.149 - - [15/Jul/2020:08:59:18 +0800] "GET /xingrg/kc/buy/cgsh_order_add.html HTTP/1.1" 200 59298
116.230.77.149 - - [15/Jul/2020:08:59:19 +0800] "GET /xingrg/words/20200714151420_words.js HTTP/1.1" 304 -
116.230.77.149 - - [15/Jul/2020:08:59:19 +0800] "GET /xingrg/all/common/auto_word.html?type=employee&rest_code=00107 HTTP/1.1" 200 147
116.230.77.149 - - [15/Jul/2020:08:59:19 +0800] "GET /xingrg/all/common/auto_word.html?type=employee&rest_code=00107 HTTP/1.1" 200 147
116.230.77.149 - - [15/Jul/2020:08:59:19 +0800] "GET /xingrg/javascript/easyui/themes/default/validatebox.css HTTP/1.1" 404 1104
116.230.77.149 - - [15/Jul/2020:08:59:19 +0800] "POST /xingrg/kc/buy/cgsh_order_operate.html HTTP/1.1" 200 8245
114.89.80.44 - - [15/Jul/2020:08:59:21 +0800] "GET /xingrg/kc/buy/cgsh_order_operate.html?command=get_materiel&rest_code=00150&code=00101008027&supplier_code=00100007&order_time=2020-07-15 HTTP/1.1" 200 409
117.184.7.26 - - [15/Jul/2020:08:59:23 +0800] "GET /xingrg/kc/buy/cgsh_order_operate.html?command=get_materiel&rest_code=00108&code=00101008155&supplier_code=00100008&order_time=2020-07-15 HTTP/1.1" 200 408
114.88.161.57 - - [15/Jul/2020:08:59:24 +0800] "POST /xingrg/kc/buy/cgsh_list_operate.html HTTP/1.1" 200 9778
114.88.161.57 - - [15/Jul/2020:08:59:25 +0800] "POST /xingrg/kc/buy/cgsh_list_operate.html HTTP/1.1" 200 343
116.230.77.149 - - [15/Jul/2020:08:59:25 +0800] "GET /xingrg/all/function/internal_message.html?_=1594774758843&CODE_STATE=getMsg HTTP/1.1" 200 27
114.88.161.57 - - [15/Jul/2020:08:59:26 +0800] "GET /xingrg/kc/buy/cgsh_order_info.html?code=212020071405702 HTTP/1.1" 200 54154
114.88.161.57 - - [15/Jul/2020:08:59:26 +0800] "GET /xingrg/javascript/jquery_tools/order_manager.js HTTP/1.1" 304 -
114.88.161.57 - - [15/Jul/2020:08:59:26 +0800] "GET /xingrg/javascript/convert.js HTTP/1.1" 304 -
114.88.161.57 - - [15/Jul/2020:08:59:26 +0800] "GET /xingrg/javascript/json2.js HTTP/1.1" 304 -
114.88.161.57 - - [15/Jul/2020:08:59:26 +0800] "GET /xingrg/javascript/print/kc_print.js HTTP/1.1" 304 -
114.88.161.57 - - [15/Jul/2020:08:59:26 +0800] "GET /xingrg/words/20200714151420_words.js HTTP/1.1" 304 -
114.88.161.57 - - [15/Jul/2020:08:59:26 +0800] "GET /xingrg/javascript/easyui/themes/icons/copy_new.png HTTP/1.1" 304 -
114.88.161.57 - - [15/Jul/2020:08:59:26 +0800] "GET /xingrg/javascript/easyui/themes/icons/print.png HTTP/1.1" 304 -
114.88.161.57 - - [15/Jul/2020:08:59:26 +0800] "GET /xingrg/javascript/easyui/themes/default/images/menu_downarrow.png HTTP/1.1" 304 -
114.88.161.57 - - [15/Jul/2020:08:59:26 +0800] "GET /xingrg/javascript/easyui/themes/icons/cancel.png HTTP/1.1" 304 -
114.88.161.57 - - [15/Jul/2020:08:59:26 +0800] "GET /xingrg/javascript/easyui/themes/default/validatebox.css HTTP/1.1" 404 1104
114.88.161.57 - - [15/Jul/2020:08:59:26 +0800] "GET /xingrg/javascript/easyui/plugins/jquery.validatebox.js HTTP/1.1" 304 -
114.88.161.57 - - [15/Jul/2020:08:59:26 +0800] "GET /xingrg/javascript/easyui/plugins/jquery.numberbox.js HTTP/1.1" 304 -
114.88.161.57 - - [15/Jul/2020:08:59:26 +0800] "GET /xingrg/all/function/internal_message.html?_=1594774765642&CODE_STATE=getMsg HTTP/1.1" 200 27
114.88.161.57 - - [15/Jul/2020:08:59:27 +0800] "POST /xingrg/kc/buy/cgsh_order_operate.html HTTP/1.1" 200 1782
114.88.161.57 - - [15/Jul/2020:08:59:27 +0800] "GET /xingrg/javascript/easyui/themes/icons/edit_remove.png HTTP/1.1" 304 -
117.184.7.26 - - [15/Jul/2020:08:59:28 +0800] "GET /xingrg/kc/buy/cgsh_order_operate.html?command=get_materiel&rest_code=00108&code=00101008331&supplier_code=00100008&order_time=2020-07-15 HTTP/1.1" 200 416
114.89.80.44 - - [15/Jul/2020:08:59:29 +0800] "GET /xingrg/kc/buy/cgsh_order_operate.html?command=get_materiel&rest_code=00150&code=00101008257&supplier_code=00100007&order_time=2020-07-15 HTTP/1.1" 200 416
114.88.161.57 - - [15/Jul/2020:08:59:29 +0800] "GET /xingrg/kc/print/load_config.html?kc_code=cgsh HTTP/1.1" 200 1845
114.88.161.57 - - [15/Jul/2020:08:59:29 +0800] "GET /xingrg/kc/print/load_data.html?order_code=212020071405702&kc_code=cgsh HTTP/1.1" 200 1174
117.184.7.26 - - [15/Jul/2020:08:59:29 +0800] "GET /xingrg/all/function/internal_message.html?_=1594774767892&CODE_STATE=getMsg HTTP/1.1" 200 27
172.17.0.185 - - [15/Jul/2020:08:59:35 +0800] "GET /xingrg/all/function/internal_message.html?_=1594774772746&CODE_STATE=getMsg HTTP/1.1" 200 27
117.184.7.26 - - [15/Jul/2020:08:59:35 +0800] "GET /xingrg/kc/buy/cgsh_order_operate.html?command=get_materiel&rest_code=00108&code=00101008112&supplier_code=00100008&order_time=2020-07-15 HTTP/1.1" 200 412
114.89.80.44 - - [15/Jul/2020:08:59:36 +0800] "GET /xingrg/kc/buy/cgsh_order_operate.html?command=get_materiel&rest_code=00150&code=00101008350&supplier_code=00100007&order_time=2020-07-15 HTTP/1.1" 200 408
180.175.214.200 - - [15/Jul/2020:08:59:36 +0800] "GET /xingrg/check_reg.html?_=1594774983014 HTTP/1.1" 200 22
180.175.214.200 - - [15/Jul/2020:08:59:38 +0800] "GET /xingrg/all/function/internal_message.html?_=1594774984695&CODE_STATE=getMsg HTTP/1.1" 200 27
172.17.0.123 - - [15/Jul/2020:08:59:41 +0800] "GET /xingrg/all/function/internal_message.html?_=1594774727560&CODE_STATE=getMsg HTTP/1.1" 200 27
61.172.5.115 - - [15/Jul/2020:08:59:41 +0800] "POST /xingrg/kc/buy/cgsh_order_operate.html HTTP/1.1" 200 37
117.184.7.26 - - [15/Jul/2020:08:59:41 +0800] "GET /xingrg/kc/buy/cgsh_order_operate.html?command=get_materiel&rest_code=00108&code=00101008185&supplier_code=00100008&order_time=2020-07-15 HTTP/1.1" 200 408
61.172.5.115 - - [15/Jul/2020:08:59:42 +0800] "POST /xingrg/kc/buy/cgsh_order_operate.html HTTP/1.1" 200 7424
114.89.80.44 - - [15/Jul/2020:08:59:42 +0800] "GET /xingrg/all/function/internal_message.html?_=1594774781476&CODE_STATE=getMsg HTTP/1.1" 200 27
116.233.77.90 - - [15/Jul/2020:08:59:42 +0800] "GET /xingrg/all/function/internal_message.html?_=1594774784548&CODE_STATE=getMsg HTTP/1.1" 302 -
61.172.5.115 - - [15/Jul/2020:08:59:43 +0800] "GET /xingrg/kc/print/load_data.html?order_code=212020071505955&kc_code=cgsh&condition= HTTP/1.1" 200 2563
114.89.80.44 - - [15/Jul/2020:08:59:46 +0800] "GET /xingrg/kc/buy/cgsh_order_operate.html?command=get_materiel&rest_code=00150&code=00101008244&supplier_code=00100007&order_time=2020-07-15 HTTP/1.1" 200 428
117.184.7.26 - - [15/Jul/2020:08:59:48 +0800] "GET /xingrg/kc/buy/cgsh_order_operate.html?command=get_materiel&rest_code=00108&code=00101008354&supplier_code=00100008&order_time=2020-07-15 HTTP/1.1" 200 431
114.88.161.57 - - [15/Jul/2020:08:59:50 +0800] "GET /xingrg/all/function/internal_message.html?_=1594774812197&CODE_STATE=getMsg HTTP/1.1" 200 27
116.230.77.149 - - [15/Jul/2020:08:59:51 +0800] "GET /xingrg/javascript/easyui/themes/default/tree.css HTTP/1.1" 404 1090
116.230.77.149 - - [15/Jul/2020:08:59:51 +0800] "POST /xingrg/all/common/load_tree.html?tree=supplier_tree_json&isDelete=1 HTTP/1.1" 200 49424
114.89.80.44 - - [15/Jul/2020:08:59:53 +0800] "GET /xingrg/kc/buy/cgsh_order_operate.html?command=get_materiel&rest_code=00150&code=00101008185&supplier_code=00100007&order_time=2020-07-15 HTTP/1.1" 200 408
117.184.7.26 - - [15/Jul/2020:08:59:54 +0800] "GET /xingrg/kc/buy/cgsh_order_operate.html?command=get_materiel&rest_code=00108&code=00101008010&supplier_code=00100008&order_time=2020-07-15 HTTP/1.1" 200 412
114.89.80.44 - - [15/Jul/2020:09:00:00 +0800] "GET /xingrg/all/function/internal_message.html?_=1594774934798&CODE_STATE=getMsg HTTP/1.1" 200 27
114.89.80.44 - - [15/Jul/2020:09:00:02 +0800] "GET /xingrg/kc/buy/cgsh_order_operate.html?command=get_materiel&rest_code=00150&code=00101008354&supplier_code=00100007&order_time=2020-07-15 HTTP/1.1" 200 431
117.184.7.26 - - [15/Jul/2020:09:00:04 +0800] "GET /xingrg/kc/buy/cgsh_order_operate.html?command=get_materiel&rest_code=00108&code=00101008026&supplier_code=00100008&order_time=2020-07-15 HTTP/1.1" 200 409
172.17.0.100 - - [15/Jul/2020:09:00:04 +0800] "GET /xingrg/check_reg.html?_=1594774804073 HTTP/1.1" 200 22
172.17.0.100 - - [15/Jul/2020:09:00:04 +0800] "GET /xingrg/all/function/internal_message.html?_=1594774804076&CODE_STATE=getMsg HTTP/1.1" 200 27
114.89.80.44 - - [15/Jul/2020:09:00:08 +0800] "GET /xingrg/kc/buy/cgsh_order_operate.html?command=get_materiel&rest_code=00150&code=00101008199&supplier_code=00100007&order_time=2020-07-15 HTTP/1.1" 200 408
116.230.77.149 - - [15/Jul/2020:09:00:08 +0800] "GET /xingrg/javascript/auto/indicator.gif HTTP/1.1" 404 1066
117.184.7.26 - - [15/Jul/2020:09:00:11 +0800] "GET /xingrg/kc/buy/cgsh_order_operate.html?command=get_materiel&rest_code=00108&code=00101008110&supplier_code=00100008&order_time=2020-07-15 HTTP/1.1" 200 408
114.88.161.57 - - [15/Jul/2020:09:00:12 +0800] "POST /xingrg/kc/buy/cgsh_list_operate.html HTTP/1.1" 200 285
114.89.80.44 - - [15/Jul/2020:09:00:13 +0800] "GET /xingrg/kc/buy/cgsh_order_operate.html?command=get_materiel&rest_code=00150&code=00101008190&supplier_code=00100007&order_time=2020-07-15 HTTP/1.1" 200 412
61.172.5.115 - - [15/Jul/2020:09:00:14 +0800] "GET /xingrg/all/function/internal_message.html?_=1594774815840&CODE_STATE=getMsg HTTP/1.1" 200 27
117.184.7.26 - - [15/Jul/2020:09:00:17 +0800] "GET /xingrg/kc/buy/cgsh_order_operate.html?command=get_materiel&rest_code=00108&code=00101008096&supplier_code=00100008&order_time=2020-07-15 HTTP/1.1" 200 432
117.184.7.30 - - [15/Jul/2020:09:00:18 +0800] "GET /xingrg/all/function/internal_message.html?_=1594774812764&CODE_STATE=getMsg HTTP/1.1" 200 27
116.230.77.149 - - [15/Jul/2020:09:00:18 +0800] "GET /xingrg/kc/buy/cgsh_order_operate.html?command=get_materiel&rest_code=00107&code=00101007023&supplier_code=00100002&order_time=2020-07-15 HTTP/1.1" 200 429
124.77.243.181 - - [15/Jul/2020:09:00:18 +0800] "GET /xingrg/all/function/internal_message.html?_=1594774854525&CODE_STATE=getMsg HTTP/1.1" 200 27
114.89.80.44 - - [15/Jul/2020:09:00:20 +0800] "GET /xingrg/kc/buy/cgsh_order_operate.html?command=get_materiel&rest_code=00150&code=00101008361&supplier_code=00100007&order_time=2020-07-15 HTTP/1.1" 200 408
117.184.7.26 - - [15/Jul/2020:09:00:25 +0800] "GET /xingrg/kc/buy/cgsh_order_operate.html?command=get_materiel&rest_code=00108&code=00101008283&supplier_code=00100008&order_time=2020-07-15 HTTP/1.1" 200 408
116.230.77.149 - - [15/Jul/2020:09:00:25 +0800] "GET /xingrg/all/function/internal_message.html?_=1594774818845&CODE_STATE=getMsg HTTP/1.1" 200 27
114.88.161.57 - - [15/Jul/2020:09:00:27 +0800] "GET /xingrg/all/function/internal_message.html?_=1594774825663&CODE_STATE=getMsg HTTP/1.1" 200 27
114.89.80.44 - - [15/Jul/2020:09:00:27 +0800] "GET /xingrg/kc/buy/cgsh_order_operate.html?command=get_materiel&rest_code=00150&code=00101008355&supplier_code=00100007&order_time=2020-07-15 HTTP/1.1" 200 408
114.88.161.57 - - [15/Jul/2020:09:00:27 +0800] "POST /xingrg/kc/buy/cgsh_list_operate.html HTTP/1.1" 200 557
114.88.161.57 - - [15/Jul/2020:09:00:28 +0800] "POST /xingrg/kc/buy/cgsh_list_operate.html HTTP/1.1" 200 566
114.88.161.57 - - [15/Jul/2020:09:00:29 +0800] "GET /xingrg/kc/buy/cgsh_order_info.html?code=212020071405587 HTTP/1.1" 200 54154
117.184.7.26 - - [15/Jul/2020:09:00:29 +0800] "GET /xingrg/all/function/internal_message.html?_=1594774827905&CODE_STATE=getMsg HTTP/1.1" 200 27
114.88.161.57 - - [15/Jul/2020:09:00:29 +0800] "GET /xingrg/javascript/easyui/themes/default/validatebox.css HTTP/1.1" 404 1104
114.88.161.57 - - [15/Jul/2020:09:00:30 +0800] "POST /xingrg/kc/buy/cgsh_order_operate.html HTTP/1.1" 200 44962
116.230.77.149 - - [15/Jul/2020:09:00:31 +0800] "GET /xingrg/kc/buy/cgsh_order_operate.html?command=get_materiel&rest_code=00107&code=00101007077&supplier_code=00100002&order_time=2020-07-15 HTTP/1.1" 200 415
114.88.161.57 - - [15/Jul/2020:09:00:31 +0800] "GET /xingrg/kc/print/load_data.html?order_code=212020071405587&kc_code=cgsh HTTP/1.1" 200 17506
117.184.7.26 - - [15/Jul/2020:09:00:32 +0800] "GET /xingrg/kc/buy/cgsh_order_operate.html?command=get_materiel&rest_code=00108&code=00101008163&supplier_code=00100008&order_time=2020-07-15 HTTP/1.1" 200 408
114.89.80.44 - - [15/Jul/2020:09:00:33 +0800] "GET /xingrg/kc/buy/cgsh_order_operate.html?command=get_materiel&rest_code=00150&code=00101008264&supplier_code=00100007&order_time=2020-07-15 HTTP/1.1" 200 412
114.88.156.166 - - [15/Jul/2020:09:00:35 +0800] "GET /xingrg/check_reg.html?_=1594774830804 HTTP/1.1" 200 22
172.17.0.185 - - [15/Jul/2020:09:00:35 +0800] "GET /xingrg/all/function/internal_message.html?_=1594774832738&CODE_STATE=getMsg HTTP/1.1" 200 27
180.175.214.200 - - [15/Jul/2020:09:00:38 +0800] "GET /xingrg/kc/buy/cgsh_order_operate.html?command=get_materiel&rest_code=00102&code=00101008270&supplier_code=00100008&order_time=2020-07-15 HTTP/1.1" 200 412
180.175.214.200 - - [15/Jul/2020:09:00:39 +0800] "GET /xingrg/all/function/internal_message.html?_=1594775045604&CODE_STATE=getMsg HTTP/1.1" 200 27
117.184.7.26 - - [15/Jul/2020:09:00:41 +0800] "GET /xingrg/kc/buy/cgsh_order_operate.html?command=get_materiel&rest_code=00108&code=00101008246&supplier_code=00100008&order_time=2020-07-15 HTTP/1.1" 200 408
172.17.0.123 - - [15/Jul/2020:09:00:41 +0800] "GET /xingrg/all/function/internal_message.html?_=1594774787562&CODE_STATE=getMsg HTTP/1.1" 200 27
172.17.0.123 - - [15/Jul/2020:09:00:41 +0800] "GET /xingrg/check_reg.html?_=1594774787564 HTTP/1.1" 200 22
114.89.80.44 - - [15/Jul/2020:09:00:42 +0800] "GET /xingrg/all/function/internal_message.html?_=1594774841491&CODE_STATE=getMsg HTTP/1.1" 200 27
116.233.77.90 - - [15/Jul/2020:09:00:42 +0800] "GET /xingrg/all/function/internal_message.html?_=1594774844563&CODE_STATE=getMsg HTTP/1.1" 302 -
116.230.77.149 - - [15/Jul/2020:09:00:45 +0800] "GET /xingrg/kc/buy/cgsh_order_operate.html?command=get_materiel&rest_code=00107&code=00101007048&supplier_code=00100002&order_time=2020-07-15 HTTP/1.1" 200 408
117.184.7.26 - - [15/Jul/2020:09:00:47 +0800] "GET /xingrg/kc/buy/cgsh_order_operate.html?command=get_materiel&rest_code=00108&code=00101008126&supplier_code=00100008&order_time=2020-07-15 HTTP/1.1" 200 412
114.88.161.57 - - [15/Jul/2020:09:00:49 +0800] "POST /xingrg/kc/buy/cgsh_list_operate.html HTTP/1.1" 200 9778
114.88.161.57 - - [15/Jul/2020:09:00:50 +0800] "GET /xingrg/all/function/internal_message.html?_=1594774872200&CODE_STATE=getMsg HTTP/1.1" 200 27
114.88.161.57 - - [15/Jul/2020:09:00:50 +0800] "POST /xingrg/kc/buy/cgsh_list_operate.html HTTP/1.1" 200 557
114.89.80.44 - - [15/Jul/2020:09:00:53 +0800] "GET /xingrg/kc/buy/cgsh_order_operate.html?command=get_materiel&rest_code=00150&code=00101008321&supplier_code=00100007&order_time=2020-07-15 HTTP/1.1" 200 412
117.184.7.26 - - [15/Jul/2020:09:00:54 +0800] "GET /xingrg/kc/buy/cgsh_order_operate.html?command=get_materiel&rest_code=00108&code=00101008087&supplier_code=00100008&order_time=2020-07-15 HTTP/1.1" 200 412
114.88.161.57 - - [15/Jul/2020:09:00:54 +0800] "POST /xingrg/kc/buy/cgsh_list_operate.html HTTP/1.1" 200 491
116.230.77.149 - - [15/Jul/2020:09:00:54 +0800] "GET /xingrg/kc/buy/cgsh_order_operate.html?command=get_materiel&rest_code=00107&code=00101007075&supplier_code=00100002&order_time=2020-07-15 HTTP/1.1" 200 410
114.88.161.57 - - [15/Jul/2020:09:00:55 +0800] "GET /xingrg/kc/buy/cgsh_order_info.html?code=212020071405570 HTTP/1.1" 200 54154
114.88.161.57 - - [15/Jul/2020:09:00:56 +0800] "GET /xingrg/javascript/easyui/themes/default/validatebox.css HTTP/1.1" 404 1104
114.88.161.57 - - [15/Jul/2020:09:00:56 +0800] "POST /xingrg/kc/buy/cgsh_order_operate.html HTTP/1.1" 200 2961
114.88.161.57 - - [15/Jul/2020:09:00:57 +0800] "GET /xingrg/kc/print/load_data.html?order_code=212020071405570&kc_code=cgsh HTTP/1.1" 200 1633
114.89.80.44 - - [15/Jul/2020:09:01:00 +0800] "GET /xingrg/all/function/internal_message.html?_=1594774994811&CODE_STATE=getMsg HTTP/1.1" 200 27
114.89.80.44 - - [15/Jul/2020:09:01:00 +0800] "GET /xingrg/kc/buy/cgsh_order_operate.html?command=get_materiel&rest_code=00150&code=00101008300&supplier_code=00100007&order_time=2020-07-15 HTTP/1.1" 200 432
180.175.214.200 - - [15/Jul/2020:09:01:01 +0800] "POST /xingrg/kc/buy/cgsh_order_operate.html HTTP/1.1" 200 2065
117.184.7.26 - - [15/Jul/2020:09:01:01 +0800] "GET /xingrg/kc/buy/cgsh_order_operate.html?command=get_materiel&rest_code=00108&code=00101008361&supplier_code=00100008&order_time=2020-07-15 HTTP/1.1" 200 408
172.17.0.100 - - [15/Jul/2020:09:01:04 +0800] "GET /xingrg/all/function/internal_message.html?_=1594774864066&CODE_STATE=getMsg HTTP/1.1" 200 27
114.89.80.44 - - [15/Jul/2020:09:01:07 +0800] "GET /xingrg/kc/buy/cgsh_order_operate.html?command=get_materiel&rest_code=00150&code=00101008137&supplier_code=00100007&order_time=2020-07-15 HTTP/1.1" 200 408
180.175.214.200 - - [15/Jul/2020:09:01:08 +0800] "GET /xingrg/kc/buy/cgsh_order_operate.html?command=get_materiel&rest_code=00102&code=00101006026&supplier_code=00100008&order_time=2020-07-15 HTTP/1.1" 200 409
114.88.161.57 - - [15/Jul/2020:09:01:09 +0800] "POST /xingrg/kc/buy/cgsh_list_operate.html HTTP/1.1" 200 9778
114.89.80.44 - - [15/Jul/2020:09:01:12 +0800] "GET /xingrg/kc/buy/cgsh_order_operate.html?command=get_materiel&rest_code=00150&code=00101008360&supplier_code=00100007&order_time=2020-07-15 HTTP/1.1" 200 412
116.230.77.149 - - [15/Jul/2020:09:01:13 +0800] "GET /xingrg/kc/buy/cgsh_order_operate.html?command=get_materiel&rest_code=00107&code=00101007061&supplier_code=00100002&order_time=2020-07-15 HTTP/1.1" 200 409
61.172.5.115 - - [15/Jul/2020:09:01:14 +0800] "GET /xingrg/check_reg.html?_=1594774875842 HTTP/1.1" 200 22
61.172.5.115 - - [15/Jul/2020:09:01:14 +0800] "GET /xingrg/all/function/internal_message.html?_=1594774875844&CODE_STATE=getMsg HTTP/1.1" 200 27
117.184.7.30 - - [15/Jul/2020:09:01:18 +0800] "GET /xingrg/all/function/internal_message.html?_=1594774872764&CODE_STATE=getMsg HTTP/1.1" 200 27
117.184.7.26 - - [15/Jul/2020:09:01:18 +0800] "GET /xingrg/check_reg.html?_=1594774872768 HTTP/1.1" 200 22
124.77.243.181 - - [15/Jul/2020:09:01:18 +0800] "GET /xingrg/all/function/internal_message.html?_=1594774914875&CODE_STATE=getMsg HTTP/1.1" 200 27
114.89.80.44 - - [15/Jul/2020:09:01:20 +0800] "GET /xingrg/kc/buy/cgsh_order_operate.html?command=get_materiel&rest_code=00150&code=00101008286&supplier_code=00100007&order_time=2020-07-15 HTTP/1.1" 200 427
117.184.7.26 - - [15/Jul/2020:09:01:22 +0800] "GET /xingrg/kc/buy/cgsh_order_operate.html?command=get_materiel&rest_code=00108&code=00101008355&supplier_code=00100008&order_time=2020-07-15 HTTP/1.1" 200 408
114.88.161.57 - - [15/Jul/2020:09:01:22 +0800] "POST /xingrg/kc/buy/cgsh_list_operate.html HTTP/1.1" 200 9898
114.88.161.57 - - [15/Jul/2020:09:01:24 +0800] "POST /xingrg/kc/buy/cgsh_list_operate.html HTTP/1.1" 200 498
117.184.7.26 - - [15/Jul/2020:09:01:24 +0800] "POST /xingrg/kc/buy/cgsh_order_operate.html HTTP/1.1" 200 2065
114.88.161.57 - - [15/Jul/2020:09:01:25 +0800] "GET /xingrg/kc/buy/cgsh_order_info.html?code=212020071405894 HTTP/1.1" 200 54158
116.230.77.149 - - [15/Jul/2020:09:01:25 +0800] "GET /xingrg/all/function/internal_message.html?_=1594774878849&CODE_STATE=getMsg HTTP/1.1" 200 27
114.88.161.57 - - [15/Jul/2020:09:01:26 +0800] "GET /xingrg/javascript/easyui/themes/default/validatebox.css HTTP/1.1" 404 1104
114.88.161.57 - - [15/Jul/2020:09:01:26 +0800] "POST /xingrg/kc/buy/cgsh_order_operate.html HTTP/1.1" 200 2984
114.88.161.57 - - [15/Jul/2020:09:01:27 +0800] "GET /xingrg/all/function/internal_message.html?_=1594774885683&CODE_STATE=getMsg HTTP/1.1" 200 27
114.89.80.44 - - [15/Jul/2020:09:01:27 +0800] "GET /xingrg/kc/buy/cgsh_order_operate.html?command=get_materiel&rest_code=00150&code=00101008036&supplier_code=00100007&order_time=2020-07-15 HTTP/1.1" 200 408
114.88.161.57 - - [15/Jul/2020:09:01:27 +0800] "GET /xingrg/kc/print/load_data.html?order_code=212020071405894&kc_code=cgsh HTTP/1.1" 200 1614
117.184.7.26 - - [15/Jul/2020:09:01:28 +0800] "GET /xingrg/kc/buy/cgsh_order_operate.html?command=get_materiel&rest_code=00108&code=00101008004&supplier_code=00100008&order_time=2020-07-15 HTTP/1.1" 200 416
117.184.7.26 - - [15/Jul/2020:09:01:29 +0800] "GET /xingrg/all/function/internal_message.html?_=1594774887919&CODE_STATE=getMsg HTTP/1.1" 200 27
114.89.80.44 - - [15/Jul/2020:09:01:33 +0800] "GET /xingrg/kc/buy/cgsh_order_operate.html?command=get_materiel&rest_code=00150&code=00101008131&supplier_code=00100007&order_time=2020-07-15 HTTP/1.1" 200 408
117.184.7.26 - - [15/Jul/2020:09:01:35 +0800] "GET /xingrg/kc/buy/cgsh_order_operate.html?command=get_materiel&rest_code=00108&code=00101008264&supplier_code=00100008&order_time=2020-07-15 HTTP/1.1" 200 412
172.17.0.185 - - [15/Jul/2020:09:01:35 +0800] "GET /xingrg/all/function/internal_message.html?_=1594774892745&CODE_STATE=getMsg HTTP/1.1" 200 27
172.17.0.185 - - [15/Jul/2020:09:01:35 +0800] "GET /xingrg/check_reg.html?_=1594774892747 HTTP/1.1" 200 22
114.89.80.44 - - [15/Jul/2020:09:01:39 +0800] "GET /xingrg/kc/buy/cgsh_order_operate.html?command=get_materiel&rest_code=00150&code=00101008296&supplier_code=00100007&order_time=2020-07-15 HTTP/1.1" 200 416
180.175.214.200 - - [15/Jul/2020:09:01:40 +0800] "GET /xingrg/all/function/internal_message.html?_=1594775106400&CODE_STATE=getMsg HTTP/1.1" 200 27
117.184.7.26 - - [15/Jul/2020:09:01:40 +0800] "GET /xingrg/kc/buy/cgsh_order_operate.html?command=get_materiel&rest_code=00108&code=00101008059&supplier_code=00100008&order_time=2020-07-15 HTTP/1.1" 200 408
172.17.0.123 - - [15/Jul/2020:09:01:41 +0800] "GET /xingrg/all/function/internal_message.html?_=1594774847565&CODE_STATE=getMsg HTTP/1.1" 200 27
114.89.80.44 - - [15/Jul/2020:09:01:41 +0800] "POST /xingrg/kc/buy/cgsh_order_operate.html HTTP/1.1" 200 2065
114.89.80.44 - - [15/Jul/2020:09:01:42 +0800] "GET /xingrg/check_reg.html?_=1594774901496 HTTP/1.1" 200 22
114.89.80.44 - - [15/Jul/2020:09:01:42 +0800] "GET /xingrg/all/function/internal_message.html?_=1594774901500&CODE_STATE=getMsg HTTP/1.1" 200 27
116.233.77.90 - - [15/Jul/2020:09:01:42 +0800] "GET /xingrg/all/function/internal_message.html?_=1594774904549&CODE_STATE=getMsg HTTP/1.1" 302 -
114.88.161.57 - - [15/Jul/2020:09:01:44 +0800] "POST /xingrg/kc/buy/cgsh_list_operate.html HTTP/1.1" 200 9898
114.89.80.44 - - [15/Jul/2020:09:01:46 +0800] "GET /xingrg/kc/buy/cgsh_order_operate.html?command=get_materiel&rest_code=00150&code=00101008318&supplier_code=00100007&order_time=2020-07-15 HTTP/1.1" 200 408
116.230.77.149 - - [15/Jul/2020:09:01:48 +0800] "GET /xingrg/kc/buy/cgsh_order_operate.html?command=get_materiel&rest_code=00107&code=00101007125&supplier_code=00100002&order_time=2020-07-15 HTTP/1.1" 200 406
117.184.7.26 - - [15/Jul/2020:09:01:48 +0800] "GET /xingrg/kc/buy/cgsh_order_operate.html?command=get_materiel&rest_code=00108&code=00101008357&supplier_code=00100008&order_time=2020-07-15 HTTP/1.1" 200 408
114.88.161.57 - - [15/Jul/2020:09:01:49 +0800] "GET /xingrg/javascript/jquery_easy_ui/themes/default/images/tabs_active.png HTTP/1.1" 304 -
114.88.161.57 - - [15/Jul/2020:09:01:49 +0800] "GET /xingrg/javascript/jquery_easy_ui/themes/default/images/tabs_active.png HTTP/1.1" 304 -
114.88.161.57 - - [15/Jul/2020:09:01:50 +0800] "GET /xingrg/all/function/internal_message.html?_=1594774932200&CODE_STATE=getMsg HTTP/1.1" 200 27
114.89.80.44 - - [15/Jul/2020:09:01:52 +0800] "GET /xingrg/kc/buy/cgsh_order_operate.html?command=get_materiel&rest_code=00150&code=00101015070&supplier_code=00100007&order_time=2020-07-15 HTTP/1.1" 200 412
117.184.7.26 - - [15/Jul/2020:09:01:55 +0800] "GET /xingrg/kc/buy/cgsh_order_operate.html?command=get_materiel&rest_code=00108&code=00101008230&supplier_code=00100008&order_time=2020-07-15 HTTP/1.1" 200 408
124.77.243.181 - - [15/Jul/2020:09:01:56 +0800] "GET /xingrg/check_reg.html?_=1594774952029 HTTP/1.1" 200 22
116.230.77.149 - - [15/Jul/2020:09:01:58 +0800] "POST /xingrg/kc/buy/cgsh_order_operate.html HTTP/1.1" 200 37
116.230.77.149 - - [15/Jul/2020:09:02:00 +0800] "POST /xingrg/kc/buy/cgsh_order_operate.html HTTP/1.1" 200 5601
114.89.80.44 - - [15/Jul/2020:09:02:00 +0800] "GET /xingrg/kc/buy/cgsh_order_operate.html?command=get_materiel&rest_code=00150&code=00101008352&supplier_code=00100007&order_time=2020-07-15 HTTP/1.1" 200 431
114.89.80.44 - - [15/Jul/2020:09:02:00 +0800] "GET /xingrg/all/function/internal_message.html?_=1594775054824&CODE_STATE=getMsg HTTP/1.1" 200 27
116.230.77.149 - - [15/Jul/2020:09:02:02 +0800] "GET /xingrg/kc/print/load_config.html?kc_code=cgsh HTTP/1.1" 200 1845
116.230.77.149 - - [15/Jul/2020:09:02:02 +0800] "GET /xingrg/kc/print/load_data.html?order_code=212020071505956&kc_code=cgsh&condition= HTTP/1.1" 200 1854
117.184.7.26 - - [15/Jul/2020:09:02:02 +0800] "GET /xingrg/kc/buy/cgsh_order_operate.html?command=get_materiel&rest_code=00108&code=00101008286&supplier_code=00100008&order_time=2020-07-15 HTTP/1.1" 200 427
172.17.0.100 - - [15/Jul/2020:09:02:04 +0800] "GET /xingrg/all/function/internal_message.html?_=1594774924075&CODE_STATE=getMsg HTTP/1.1" 200 27
117.184.7.26 - - [15/Jul/2020:09:02:05 +0800] "POST /xingrg/kc/buy/cgsh_order_operate.html HTTP/1.1" 200 2065
114.89.80.44 - - [15/Jul/2020:09:02:06 +0800] "GET /xingrg/kc/buy/cgsh_order_operate.html?command=get_materiel&rest_code=00150&code=00101008271&supplier_code=00100007&order_time=2020-07-15 HTTP/1.1" 200 408
117.184.7.26 - - [15/Jul/2020:09:02:09 +0800] "GET /xingrg/kc/buy/cgsh_order_operate.html?command=get_materiel&rest_code=00108&code=00101008131&supplier_code=00100008&order_time=2020-07-15 HTTP/1.1" 200 408
180.175.214.200 - - [15/Jul/2020:09:02:10 +0800] "GET /xingrg/kc/buy/cgsh_order_operate.html?command=get_materiel&rest_code=00102&code=00101008209&supplier_code=00100008&order_time=2020-07-15 HTTP/1.1" 200 428
116.230.77.149 - - [15/Jul/2020:09:02:11 +0800] "GET /xingrg/kc/buy/cgsh_order_add.html HTTP/1.1" 200 59298
116.230.77.149 - - [15/Jul/2020:09:02:12 +0800] "GET /xingrg/javascript/easyui/themes/default/validatebox.css HTTP/1.1" 404 1104
116.230.77.149 - - [15/Jul/2020:09:02:12 +0800] "POST /xingrg/kc/buy/cgsh_order_operate.html HTTP/1.1" 200 8245
114.89.80.44 - - [15/Jul/2020:09:02:12 +0800] "GET /xingrg/kc/buy/cgsh_order_operate.html?command=get_materiel&rest_code=00150&code=00101008092&supplier_code=00100007&order_time=2020-07-15 HTTP/1.1" 200 412
61.172.5.115 - - [15/Jul/2020:09:02:14 +0800] "GET /xingrg/all/function/internal_message.html?_=1594774935841&CODE_STATE=getMsg HTTP/1.1" 200 27
120.253.135.82 - - [15/Jul/2020:09:02:15 +0800] "GET /xingrg/login.html HTTP/1.1" 200 7641
120.253.135.82 - - [15/Jul/2020:09:02:15 +0800] "GET /xingrg/images/blue/jxLogo.png HTTP/1.1" 304 -
120.253.135.82 - - [15/Jul/2020:09:02:15 +0800] "GET /xingrg/images/blue/login_bg.png HTTP/1.1" 304 -
120.253.135.82 - - [15/Jul/2020:09:02:15 +0800] "GET /xingrg/images/blue/srbg.png HTTP/1.1" 304 -
120.253.135.82 - - [15/Jul/2020:09:02:15 +0800] "GET /favicon.ico HTTP/1.1" 404 -
120.253.135.82 - - [15/Jul/2020:09:02:15 +0800] "GET /xingrg/images/blue/hj.png HTTP/1.1" 304 -
114.89.80.44 - - [15/Jul/2020:09:02:15 +0800] "POST /xingrg/kc/buy/cgsh_order_operate.html HTTP/1.1" 200 2065
117.184.7.26 - - [15/Jul/2020:09:02:16 +0800] "GET /xingrg/kc/buy/cgsh_order_operate.html?command=get_materiel&rest_code=00108&code=00101008352&supplier_code=00100008&order_time=2020-07-15 HTTP/1.1" 200 431
117.184.7.30 - - [15/Jul/2020:09:02:18 +0800] "GET /xingrg/all/function/internal_message.html?_=1594774932769&CODE_STATE=getMsg HTTP/1.1" 200 27
120.253.135.82 - - [15/Jul/2020:09:02:18 +0800] "POST /xingrg/login.do HTTP/1.1" 302 -
120.253.135.82 - - [15/Jul/2020:09:02:18 +0800] "GET /xingrg/javascript/jquery_easy_ui/themes/default/easyui.css HTTP/1.1" 304 -
120.253.135.82 - - [15/Jul/2020:09:02:18 +0800] "GET /xingrg/javascript/jquery_easy_ui/themes/icon.css HTTP/1.1" 304 -
120.253.135.82 - - [15/Jul/2020:09:02:18 +0800] "GET /xingrg/index.html?sysBaseUrl=http%3A%2F%2F180.169.147.146%3A18081%2Fxingrg%2F&costTime=75×tamp=1594774938478 HTTP/1.1" 200 17503
120.253.135.82 - - [15/Jul/2020:09:02:18 +0800] "GET /xingrg/css/form.css HTTP/1.1" 304 -
120.253.135.82 - - [15/Jul/2020:09:02:18 +0800] "GET /xingrg/javascript/jquery.form.js HTTP/1.1" 304 -
120.253.135.82 - - [15/Jul/2020:09:02:18 +0800] "GET /xingrg/javascript/jquery_easy_ui/jquery.easyui.min.js HTTP/1.1" 304 -
120.253.135.82 - - [15/Jul/2020:09:02:18 +0800] "GET /xingrg/javascript/jquery.utils.js HTTP/1.1" 304 -
120.253.135.82 - - [15/Jul/2020:09:02:18 +0800] "GET /xingrg/javascript/jquery.timers.js HTTP/1.1" 304 -
120.253.135.82 - - [15/Jul/2020:09:02:18 +0800] "GET /xingrg/javascript/jquery-1.4.2.min.js HTTP/1.1" 304 -
120.253.135.82 - - [15/Jul/2020:09:02:18 +0800] "GET /xingrg/javascript/jquery_easy_ui/easyui-lang-zh_CN.js HTTP/1.1" 304 -
120.253.135.82 - - [15/Jul/2020:09:02:18 +0800] "GET /xingrg/images/blue/navBackgound.jpg HTTP/1.1" 304 -
120.253.135.82 - - [15/Jul/2020:09:02:18 +0800] "GET /xingrg/javascript/jquery_easy_ui/themes/icons/settle_new.png HTTP/1.1" 304 -
120.253.135.82 - - [15/Jul/2020:09:02:18 +0800] "GET /xingrg/images/blue/pingpu.png HTTP/1.1" 304 -
120.253.135.82 - - [15/Jul/2020:09:02:18 +0800] "POST /xingrg/all/common/load_tree.html?tree=area_rest_tree_json&manage=1 HTTP/1.1" 200 344
120.253.135.82 - - [15/Jul/2020:09:02:18 +0800] "GET /xingrg/javascript/jquery_easy_ui/themes/default/images/tabs_leftarrow.png HTTP/1.1" 304 -
120.253.135.82 - - [15/Jul/2020:09:02:18 +0800] "GET /xingrg/javascript/jquery_easy_ui/themes/default/images/tabs_rightarrow.png HTTP/1.1" 304 -
120.253.135.82 - - [15/Jul/2020:09:02:18 +0800] "GET /xingrg/javascript/jquery_easy_ui/themes/default/images/panel_tool_collapse.gif HTTP/1.1" 304 -
120.253.135.82 - - [15/Jul/2020:09:02:18 +0800] "GET /xingrg/javascript/jquery_easy_ui/themes/default/images/panel_tool_expand.gif HTTP/1.1" 304 -
120.253.135.82 - - [15/Jul/2020:09:02:18 +0800] "GET /favicon.ico HTTP/1.1" 404 -
120.253.135.82 - - [15/Jul/2020:09:02:18 +0800] "GET /xingrg/all/function/internal_message.html?_=1594774691604&CODE_STATE=count HTTP/1.1" 200 11
120.253.135.82 - - [15/Jul/2020:09:02:18 +0800] "GET /xingrg/check_reg.html?_=1594774691605 HTTP/1.1" 200 22
120.253.135.82 - - [15/Jul/2020:09:02:18 +0800] "GET /xingrg/javascript/jquery_easy_ui/themes/default/images/tree_arrows.gif HTTP/1.1" 304 -
120.253.135.82 - - [15/Jul/2020:09:02:18 +0800] "POST /xingrg/load_menu.html HTTP/1.1" 200 11443
124.77.243.181 - - [15/Jul/2020:09:02:18 +0800] "GET /xingrg/all/function/internal_message.html?_=1594774974881&CODE_STATE=getMsg HTTP/1.1" 200 27
120.253.135.82 - - [15/Jul/2020:09:02:19 +0800] "GET /xingrg/javascript/jquery_easy_ui/themes/default/images/tree_folder_open.gif HTTP/1.1" 304 -
120.253.135.82 - - [15/Jul/2020:09:02:19 +0800] "GET /xingrg/javascript/jquery_easy_ui/themes/icons/delivery_new.png HTTP/1.1" 304 -
120.253.135.82 - - [15/Jul/2020:09:02:19 +0800] "GET /xingrg/javascript/jquery_easy_ui/themes/icons/search_new.png HTTP/1.1" 304 -
120.253.135.82 - - [15/Jul/2020:09:02:19 +0800] "GET /xingrg/javascript/jquery_easy_ui/themes/icons/storage_new.png HTTP/1.1" 304 -
120.253.135.82 - - [15/Jul/2020:09:02:19 +0800] "GET /xingrg/javascript/jquery_easy_ui/themes/icons/forms_new.png HTTP/1.1" 304 -
120.253.135.82 - - [15/Jul/2020:09:02:19 +0800] "GET /xingrg/javascript/jquery_easy_ui/themes/icons/checkout_new.png HTTP/1.1" 304 -
120.253.135.82 - - [15/Jul/2020:09:02:19 +0800] "GET /xingrg/javascript/jquery_easy_ui/themes/icons/systemset_new.png HTTP/1.1" 304 -
120.253.135.82 - - [15/Jul/2020:09:02:19 +0800] "GET /xingrg/javascript/jquery_easy_ui/themes/default/images/tree_folder.gif HTTP/1.1" 304 -
120.253.135.82 - - [15/Jul/2020:09:02:19 +0800] "GET /xingrg/javascript/jquery_easy_ui/themes/default/images/tree_file.gif HTTP/1.1" 304 -
120.253.135.82 - - [15/Jul/2020:09:02:19 +0800] "GET /xingrg/javascript/jquery_easy_ui/themes/icons/setting_new.png HTTP/1.1" 304 -
114.89.80.44 - - [15/Jul/2020:09:02:21 +0800] "GET /xingrg/kc/buy/cgsh_order_operate.html?command=get_materiel&rest_code=00150&code=00101008344&supplier_code=00100007&order_time=2020-07-15 HTTP/1.1" 200 412
117.184.7.26 - - [15/Jul/2020:09:02:22 +0800] "GET /xingrg/kc/buy/cgsh_order_operate.html?command=get_materiel&rest_code=00108&code=00101008353&supplier_code=00100008&order_time=2020-07-15 HTTP/1.1" 200 428
120.253.135.82 - - [15/Jul/2020:09:02:24 +0800] "GET /xingrg/javascript/jquery_easy_ui/themes/default/images/tabs_close.gif HTTP/1.1" 304 -
120.253.135.82 - - [15/Jul/2020:09:02:24 +0800] "GET /xingrg/css/blue.css HTTP/1.1" 304 -
120.253.135.82 - - [15/Jul/2020:09:02:24 +0800] "GET /xingrg/dwr/util.js HTTP/1.1" 304 -
120.253.135.82 - - [15/Jul/2020:09:02:24 +0800] "GET /xingrg/javascript/myfunction.js HTTP/1.1" 304 -
120.253.135.82 - - [15/Jul/2020:09:02:24 +0800] "GET /xingrg/javascript/Calendar.js HTTP/1.1" 304 -
120.253.135.82 - - [15/Jul/2020:09:02:24 +0800] "GET /xingrg/javascript/pic_change.js HTTP/1.1" 304 -
120.253.135.82 - - [15/Jul/2020:09:02:24 +0800] "GET /xingrg/kc/pszx/mdqp_order_list.html?state=10 HTTP/1.1" 200 10125
120.253.135.82 - - [15/Jul/2020:09:02:24 +0800] "GET /xingrg/dwr/interface/AjaxReportQueryService.js HTTP/1.1" 200 13203
120.253.135.82 - - [15/Jul/2020:09:02:24 +0800] "GET /xingrg/dwr/engine.js HTTP/1.1" 200 43631
120.253.135.82 - - [15/Jul/2020:09:02:24 +0800] "GET /xingrg/dwr/interface/AjaxQqpsService.js HTTP/1.1" 200 16326
120.253.135.82 - - [15/Jul/2020:09:02:24 +0800] "GET /xingrg/javascript/jquery_easy_ui/themes/icons/uncheck_new.png HTTP/1.1" 304 -
120.253.135.82 - - [15/Jul/2020:09:02:24 +0800] "GET /xingrg/javascript/jquery_easy_ui/themes/icons/back_new.png HTTP/1.1" 304 -
120.253.135.82 - - [15/Jul/2020:09:02:24 +0800] "GET /xingrg/javascript/jquery_easy_ui/themes/icons/check_new.png HTTP/1.1" 304 -
116.230.77.149 - - [15/Jul/2020:09:02:25 +0800] "GET /xingrg/all/function/internal_message.html?_=1594774938849&CODE_STATE=getMsg HTTP/1.1" 200 27
114.89.80.44 - - [15/Jul/2020:09:02:26 +0800] "GET /xingrg/kc/buy/cgsh_order_operate.html?command=get_materiel&rest_code=00150&code=00101008229&supplier_code=00100007&order_time=2020-07-15 HTTP/1.1" 200 420
114.88.161.57 - - [15/Jul/2020:09:02:27 +0800] "GET /xingrg/all/function/internal_message.html?_=1594774945691&CODE_STATE=getMsg HTTP/1.1" 200 27
117.184.7.26 - - [15/Jul/2020:09:02:29 +0800] "GET /xingrg/all/function/internal_message.html?_=1594774947932&CODE_STATE=getMsg HTTP/1.1" 200 27
117.184.7.26 - - [15/Jul/2020:09:02:30 +0800] "GET /xingrg/kc/buy/cgsh_order_operate.html?command=get_materiel&rest_code=00108&code=00101008213&supplier_code=00100008&order_time=2020-07-15 HTTP/1.1" 200 412
114.89.80.44 - - [15/Jul/2020:09:02:33 +0800] "GET /xingrg/kc/buy/cgsh_order_operate.html?command=get_materiel&rest_code=00150&code=00101008101&supplier_code=00100007&order_time=2020-07-15 HTTP/1.1" 200 412
120.253.135.82 - - [15/Jul/2020:09:02:33 +0800] "GET /xingrg/kc/pszx/mdqp_order_list.html?state=10 HTTP/1.1" 200 10125
120.253.135.82 - - [15/Jul/2020:09:02:33 +0800] "GET /xingrg/dwr/interface/AjaxReportQueryService.js HTTP/1.1" 200 13203
120.253.135.82 - - [15/Jul/2020:09:02:33 +0800] "GET /xingrg/dwr/engine.js HTTP/1.1" 200 43631
120.253.135.82 - - [15/Jul/2020:09:02:33 +0800] "GET /xingrg/dwr/interface/AjaxQqpsService.js HTTP/1.1" 200 16326
116.230.77.149 - - [15/Jul/2020:09:02:33 +0800] "GET /xingrg/javascript/easyui/themes/default/tree.css HTTP/1.1" 404 1090
116.230.77.149 - - [15/Jul/2020:09:02:34 +0800] "POST /xingrg/all/common/load_tree.html?tree=supplier_tree_json&isDelete=1 HTTP/1.1" 200 49424
172.17.0.185 - - [15/Jul/2020:09:02:35 +0800] "GET /xingrg/all/function/internal_message.html?_=1594774952748&CODE_STATE=getMsg HTTP/1.1" 200 27
180.175.214.200 - - [15/Jul/2020:09:02:40 +0800] "GET /xingrg/all/function/internal_message.html?_=1594775166893&CODE_STATE=getMsg HTTP/1.1" 200 27
172.17.0.123 - - [15/Jul/2020:09:02:41 +0800] "GET /xingrg/all/function/internal_message.html?_=1594774907569&CODE_STATE=getMsg HTTP/1.1" 200 27
114.88.161.57 - - [15/Jul/2020:09:02:42 +0800] "GET /xingrg/kc/buy/cgsh_order_list.html HTTP/1.1" 200 43513
114.89.80.44 - - [15/Jul/2020:09:02:42 +0800] "GET /xingrg/all/function/internal_message.html?_=1594774961505&CODE_STATE=getMsg HTTP/1.1" 200 27
116.233.77.90 - - [15/Jul/2020:09:02:42 +0800] "GET /xingrg/all/function/internal_message.html?_=1594774964552&CODE_STATE=getMsg HTTP/1.1" 302 -
116.233.77.90 - - [15/Jul/2020:09:02:42 +0800] "GET /xingrg/check_reg.html?_=1594774964557 HTTP/1.1" 302 -
120.253.135.82 - - [15/Jul/2020:09:02:43 +0800] "GET /xingrg/javascript/jquery_easy_ui/themes/icons/area.png HTTP/1.1" 304 -
120.253.135.82 - - [15/Jul/2020:09:02:43 +0800] "GET /xingrg/javascript/jquery_easy_ui/themes/icons/manage.png HTTP/1.1" 304 -
180.175.214.200 - - [15/Jul/2020:09:02:43 +0800] "POST /xingrg/kc/buy/cgsh_order_operate.html HTTP/1.1" 200 37
114.88.161.57 - - [15/Jul/2020:09:02:43 +0800] "POST /xingrg/kc/buy/cgsh_list_operate.html HTTP/1.1" 200 876
180.175.214.200 - - [15/Jul/2020:09:02:45 +0800] "POST /xingrg/kc/buy/cgsh_order_operate.html HTTP/1.1" 200 14528
117.184.7.26 - - [15/Jul/2020:09:02:45 +0800] "GET /xingrg/kc/buy/cgsh_order_operate.html?command=get_materiel&rest_code=00108&code=00101008125&supplier_code=00100008&order_time=2020-07-15 HTTP/1.1" 200 413
116.230.77.149 - - [15/Jul/2020:09:02:48 +0800] "GET /xingrg/kc/buy/cgsh_order_operate.html?command=get_materiel&rest_code=00107&code=00101006144&supplier_code=00100010&order_time=2020-07-15 HTTP/1.1" 200 409
114.88.161.57 - - [15/Jul/2020:09:02:50 +0800] "GET /xingrg/check_reg.html?_=1594774992225 HTTP/1.1" 200 22
114.88.161.57 - - [15/Jul/2020:09:02:50 +0800] "GET /xingrg/all/function/internal_message.html?_=1594774992228&CODE_STATE=getMsg HTTP/1.1" 200 27
114.89.80.44 - - [15/Jul/2020:09:02:51 +0800] "POST /xingrg/kc/buy/cgsh_order_operate.html HTTP/1.1" 200 37
114.89.80.44 - - [15/Jul/2020:09:02:52 +0800] "POST /xingrg/kc/buy/cgsh_order_operate.html HTTP/1.1" 200 18611
120.253.135.82 - - [15/Jul/2020:09:02:56 +0800] "GET /xingrg/kc/pszx/mdps_order_list.html?orderType=0 HTTP/1.1" 200 21018
120.253.135.82 - - [15/Jul/2020:09:02:56 +0800] "GET /xingrg/css/base.css HTTP/1.1" 304 -
120.253.135.82 - - [15/Jul/2020:09:02:56 +0800] "GET /xingrg/css/site.css HTTP/1.1" 304 -
120.253.135.82 - - [15/Jul/2020:09:02:56 +0800] "GET /xingrg/javascript/jquery_tools/datebox.css HTTP/1.1" 304 -
120.253.135.82 - - [15/Jul/2020:09:02:56 +0800] "GET /xingrg/javascript/easyui/themes/default/easyui.css HTTP/1.1" 304 -
120.253.135.82 - - [15/Jul/2020:09:02:56 +0800] "GET /xingrg/javascript/easyui/themes/icon.css HTTP/1.1" 304 -
120.253.135.82 - - [15/Jul/2020:09:02:56 +0800] "GET /xingrg/javascript/auto/jquery.autocomplete.css HTTP/1.1" 304 -
120.253.135.82 - - [15/Jul/2020:09:02:56 +0800] "GET /xingrg/javascript/jquery_tools/fix.css HTTP/1.1" 304 -
120.253.135.82 - - [15/Jul/2020:09:02:56 +0800] "GET /xingrg/javascript/jquery_tools/table.css HTTP/1.1" 304 -
120.253.135.82 - - [15/Jul/2020:09:02:56 +0800] "GET /xingrg/javascript/jquery_tools/jquery.tools.extend.js HTTP/1.1" 304 -
120.253.135.82 - - [15/Jul/2020:09:02:56 +0800] "GET /xingrg/javascript/jquery_tools/list_manager.js HTTP/1.1" 304 -
120.253.135.82 - - [15/Jul/2020:09:02:56 +0800] "GET /xingrg/javascript/jquery_tools/jquery.tools.min.js HTTP/1.1" 304 -
120.253.135.82 - - [15/Jul/2020:09:02:56 +0800] "GET /xingrg/javascript/jquery_tools/jquery.tools.table.js HTTP/1.1" 304 -
120.253.135.82 - - [15/Jul/2020:09:02:56 +0800] "GET /xingrg/javascript/jquery_tools/jquery.tools.hotkey.js HTTP/1.1" 304 -
120.253.135.82 - - [15/Jul/2020:09:02:56 +0800] "GET /xingrg/javascript/auto/jquery.autocomplete.js HTTP/1.1" 304 -
120.253.135.82 - - [15/Jul/2020:09:02:56 +0800] "GET /xingrg/javascript/easyui/easyloader.js HTTP/1.1" 304 -
120.253.135.82 - - [15/Jul/2020:09:02:56 +0800] "GET /xingrg/javascript/print/LodopFuncs.js HTTP/1.1" 304 -
120.253.135.82 - - [15/Jul/2020:09:02:56 +0800] "GET /xingrg/javascript/jquery.cookie.js HTTP/1.1" 304 -
120.253.135.82 - - [15/Jul/2020:09:02:56 +0800] "GET /xingrg/javascript/easyui/themes/icons/edit_add_new.png HTTP/1.1" 304 -
120.253.135.82 - - [15/Jul/2020:09:02:56 +0800] "GET /xingrg/javascript/easyui/themes/icons/uncheck_new.png HTTP/1.1" 304 -
120.253.135.82 - - [15/Jul/2020:09:02:56 +0800] "GET /xingrg/javascript/easyui/themes/icons/check_new.png HTTP/1.1" 304 -
120.253.135.82 - - [15/Jul/2020:09:02:56 +0800] "GET /xingrg/javascript/easyui/themes/icons/cance_new.png HTTP/1.1" 304 -
120.253.135.82 - - [15/Jul/2020:09:02:56 +0800] "GET /xingrg/javascript/easyui/themes/icons/import_new.png HTTP/1.1" 304 -
120.253.135.82 - - [15/Jul/2020:09:02:56 +0800] "GET /xingrg/javascript/easyui/themes/icons/field_new.png HTTP/1.1" 304 -
