114.86.227.105 - - [15/Jul/2020:10:01:23 +0800] "GET /xingrg/kc/buy/buy_main.html HTTP/1.1" 200 12412
114.86.227.105 - - [15/Jul/2020:10:01:23 +0800] "GET /xingrg/css/new_ie.css HTTP/1.1" 404 1036
114.86.227.105 - - [15/Jul/2020:10:01:24 +0800] "GET /xingrg/images/yd/bt.gif HTTP/1.1" 404 1040
114.86.227.105 - - [15/Jul/2020:10:01:25 +0800] "GET /xingrg/kc/buy/cgsh_order_list.html HTTP/1.1" 200 43513
114.86.227.105 - - [15/Jul/2020:10:01:25 +0800] "POST /xingrg/kc/buy/cgsh_list_operate.html HTTP/1.1" 200 876
124.77.243.181 - - [15/Jul/2020:10:01:28 +0800] "GET /xingrg/all/function/internal_message.html?_=1594778524176&CODE_STATE=getMsg HTTP/1.1" 200 27
114.86.227.105 - - [15/Jul/2020:10:01:28 +0800] "GET /xingrg/index.html?sysBaseUrl=http%3A%2F%2F180.169.147.146%3A18081%2Fxingrg%2F&costTime=53×tamp=1594777192333 HTTP/1.1" 200 17173
114.88.161.57 - - [15/Jul/2020:10:01:28 +0800] "GET /xingrg/all/function/internal_message.html?_=1594778486979&CODE_STATE=getMsg HTTP/1.1" 200 27
114.86.227.105 - - [15/Jul/2020:10:01:28 +0800] "POST /xingrg/all/common/load_tree.html?tree=area_rest_tree_json&manage=1 HTTP/1.1" 200 342
114.86.227.105 - - [15/Jul/2020:10:01:28 +0800] "GET /xingrg/all/function/internal_message.html?_=1594778554884&CODE_STATE=count HTTP/1.1" 200 11
114.86.227.105 - - [15/Jul/2020:10:01:28 +0800] "GET /xingrg/check_reg.html?_=1594778554885 HTTP/1.1" 200 22
114.86.227.105 - - [15/Jul/2020:10:01:28 +0800] "POST /xingrg/load_menu.html HTTP/1.1" 200 5138
114.86.227.105 - - [15/Jul/2020:10:01:28 +0800] "GET /favicon.ico HTTP/1.1" 404 -
120.253.135.82 - - [15/Jul/2020:10:01:30 +0800] "POST /xingrg/kc/pszx/mdps_order_operate.html HTTP/1.1" 200 37
114.86.227.105 - - [15/Jul/2020:10:01:30 +0800] "GET /xingrg/kc/mdqp/qp_main.html HTTP/1.1" 200 10633
120.253.135.82 - - [15/Jul/2020:10:01:31 +0800] "GET /xingrg/kc/pszx/mdps_order_info.html?code=312020071500361 HTTP/1.1" 200 23849
120.253.135.82 - - [15/Jul/2020:10:01:31 +0800] "POST /xingrg/kc/pszx/mdps_order_operate.html HTTP/1.1" 200 2281
120.253.135.82 - - [15/Jul/2020:10:01:31 +0800] "GET /xingrg/javascript/easyui/themes/default/validatebox.css HTTP/1.1" 404 1104
114.86.227.105 - - [15/Jul/2020:10:01:32 +0800] "GET /xingrg/kc/base/base_main.html HTTP/1.1" 200 12142
117.184.7.26 - - [15/Jul/2020:10:01:32 +0800] "GET /xingrg/all/function/internal_message.html?_=1594778490564&CODE_STATE=getMsg HTTP/1.1" 200 27
120.253.135.82 - - [15/Jul/2020:10:01:33 +0800] "GET /xingrg/check_reg.html?_=1594778246058 HTTP/1.1" 200 22
58.37.39.191 - - [15/Jul/2020:10:01:33 +0800] "GET /favicon.ico HTTP/1.1" 404 -
120.253.135.82 - - [15/Jul/2020:10:01:33 +0800] "GET /xingrg/all/function/internal_message.html?_=1594778246368&CODE_STATE=getMsg HTTP/1.1" 200 27
172.17.0.185 - - [15/Jul/2020:10:01:35 +0800] "GET /xingrg/check_reg.html?_=1594778492735 HTTP/1.1" 200 22
172.17.0.185 - - [15/Jul/2020:10:01:35 +0800] "GET /xingrg/all/function/internal_message.html?_=1594778492740&CODE_STATE=getMsg HTTP/1.1" 200 27
114.89.80.44 - - [15/Jul/2020:10:01:38 +0800] "GET /xingrg/kc/buy/cgsh_order_operate.html?command=get_materiel&rest_code=00151&code=00101008347&supplier_code=00100007&order_time=2020-07-15 HTTP/1.1" 200 408
172.17.0.123 - - [15/Jul/2020:10:01:41 +0800] "GET /xingrg/all/function/internal_message.html?_=1594778447559&CODE_STATE=getMsg HTTP/1.1" 200 27
116.233.77.90 - - [15/Jul/2020:10:01:42 +0800] "GET /xingrg/all/function/internal_message.html?_=1594778504580&CODE_STATE=getMsg HTTP/1.1" 302 -
116.230.77.149 - - [15/Jul/2020:10:01:45 +0800] "GET /xingrg/all/function/internal_message.html?_=1594778498483&CODE_STATE=getMsg HTTP/1.1" 200 27
116.230.77.149 - - [15/Jul/2020:10:01:46 +0800] "GET /xingrg/check_reg.html?_=1594778499156 HTTP/1.1" 200 22
114.88.161.57 - - [15/Jul/2020:10:01:50 +0800] "GET /xingrg/all/function/internal_message.html?_=1594778532233&CODE_STATE=getMsg HTTP/1.1" 200 27
124.77.243.181 - - [15/Jul/2020:10:01:56 +0800] "GET /xingrg/check_reg.html?_=1594778552093 HTTP/1.1" 200 22
120.253.135.82 - - [15/Jul/2020:10:01:58 +0800] "POST /xingrg/kc/pszx/mdps_order_operate.html HTTP/1.1" 200 37
120.253.135.82 - - [15/Jul/2020:10:01:58 +0800] "GET /xingrg/kc/pszx/mdps_order_info.html?code=312020071500361 HTTP/1.1" 200 23855
120.253.135.82 - - [15/Jul/2020:10:01:59 +0800] "POST /xingrg/kc/pszx/mdps_order_operate.html HTTP/1.1" 200 2281
120.253.135.82 - - [15/Jul/2020:10:01:59 +0800] "GET /xingrg/javascript/easyui/themes/default/validatebox.css HTTP/1.1" 404 1104
114.89.80.44 - - [15/Jul/2020:10:02:00 +0800] "GET /xingrg/check_reg.html?_=1594778654532 HTTP/1.1" 200 22
114.89.80.44 - - [15/Jul/2020:10:02:00 +0800] "GET /xingrg/all/function/internal_message.html?_=1594778654630&CODE_STATE=getMsg HTTP/1.1" 200 27
180.175.214.200 - - [15/Jul/2020:10:02:01 +0800] "GET /xingrg/all/function/internal_message.html?_=1594778728049&CODE_STATE=getMsg HTTP/1.1" 200 27
114.89.80.44 - - [15/Jul/2020:10:02:01 +0800] "GET /xingrg/all/function/internal_message.html?_=1594778520894&CODE_STATE=getMsg HTTP/1.1" 200 27
172.17.0.100 - - [15/Jul/2020:10:02:05 +0800] "GET /xingrg/all/function/internal_message.html?_=1594778524325&CODE_STATE=getMsg HTTP/1.1" 200 27
222.69.137.247 - - [15/Jul/2020:10:02:11 +0800] "GET /xingrg/all/function/internal_message.html?_=1594778529407&CODE_STATE=getMsg HTTP/1.1" 200 27
120.253.135.82 - - [15/Jul/2020:10:02:11 +0800] "POST /xingrg/kc/pszx/mdps_order_operate.html HTTP/1.1" 200 37
120.253.135.82 - - [15/Jul/2020:10:02:11 +0800] "GET /xingrg/kc/pszx/mdps_order_info.html?code=312020071500361 HTTP/1.1" 200 23855
120.253.135.82 - - [15/Jul/2020:10:02:12 +0800] "POST /xingrg/kc/pszx/mdps_order_operate.html HTTP/1.1" 200 2281
120.253.135.82 - - [15/Jul/2020:10:02:12 +0800] "GET /xingrg/javascript/easyui/themes/default/validatebox.css HTTP/1.1" 404 1104
120.253.135.82 - - [15/Jul/2020:10:02:13 +0800] "POST /xingrg/kc/pszx/mdps_list_operate.html HTTP/1.1" 200 1701
61.172.5.115 - - [15/Jul/2020:10:02:15 +0800] "GET /xingrg/all/function/internal_message.html?_=1594778536378&CODE_STATE=getMsg HTTP/1.1" 200 27
117.184.7.30 - - [15/Jul/2020:10:02:18 +0800] "GET /xingrg/all/function/internal_message.html?_=1594778532796&CODE_STATE=getMsg HTTP/1.1" 200 27
120.253.135.82 - - [15/Jul/2020:10:02:23 +0800] "POST /xingrg/kc/pszx/mdps_list_operate.html HTTP/1.1" 200 2056
120.253.135.82 - - [15/Jul/2020:10:02:24 +0800] "POST /xingrg/kc/pszx/mdps_list_operate.html HTTP/1.1" 200 362
114.86.227.105 - - [15/Jul/2020:10:02:27 +0800] "GET /xingrg/all/function/internal_message.html?_=1594778614906&CODE_STATE=getMsg HTTP/1.1" 200 27
124.77.243.181 - - [15/Jul/2020:10:02:28 +0800] "GET /xingrg/all/function/internal_message.html?_=1594778584181&CODE_STATE=getMsg HTTP/1.1" 200 27
114.88.161.57 - - [15/Jul/2020:10:02:28 +0800] "GET /xingrg/all/function/internal_message.html?_=1594778546980&CODE_STATE=getMsg HTTP/1.1" 200 27
117.184.7.26 - - [15/Jul/2020:10:02:32 +0800] "GET /xingrg/all/function/internal_message.html?_=1594778550573&CODE_STATE=getMsg HTTP/1.1" 200 27
120.253.135.82 - - [15/Jul/2020:10:02:33 +0800] "GET /xingrg/all/function/internal_message.html?_=1594778306382&CODE_STATE=getMsg HTTP/1.1" 200 27
172.17.0.185 - - [15/Jul/2020:10:02:35 +0800] "GET /xingrg/all/function/internal_message.html?_=1594778552742&CODE_STATE=getMsg HTTP/1.1" 200 27
172.17.0.123 - - [15/Jul/2020:10:02:41 +0800] "GET /xingrg/all/function/internal_message.html?_=1594778507561&CODE_STATE=getMsg HTTP/1.1" 200 27
116.233.77.90 - - [15/Jul/2020:10:02:42 +0800] "GET /xingrg/check_reg.html?_=1594778564582 HTTP/1.1" 302 -
116.233.77.90 - - [15/Jul/2020:10:02:42 +0800] "GET /xingrg/all/function/internal_message.html?_=1594778564584&CODE_STATE=getMsg HTTP/1.1" 302 -
116.230.77.149 - - [15/Jul/2020:10:02:45 +0800] "GET /xingrg/all/function/internal_message.html?_=1594778558462&CODE_STATE=getMsg HTTP/1.1" 200 27
114.88.161.57 - - [15/Jul/2020:10:02:50 +0800] "GET /xingrg/check_reg.html?_=1594778592236 HTTP/1.1" 200 22
114.88.161.57 - - [15/Jul/2020:10:02:50 +0800] "GET /xingrg/all/function/internal_message.html?_=1594778592239&CODE_STATE=getMsg HTTP/1.1" 200 27
114.89.80.44 - - [15/Jul/2020:10:03:00 +0800] "GET /xingrg/all/function/internal_message.html?_=1594778714640&CODE_STATE=getMsg HTTP/1.1" 200 27
180.175.214.200 - - [15/Jul/2020:10:03:01 +0800] "GET /xingrg/all/function/internal_message.html?_=1594778788061&CODE_STATE=getMsg HTTP/1.1" 200 27
114.89.80.44 - - [15/Jul/2020:10:03:01 +0800] "GET /xingrg/all/function/internal_message.html?_=1594778580895&CODE_STATE=getMsg HTTP/1.1" 200 27
114.88.156.166 - - [15/Jul/2020:10:03:02 +0800] "GET /xingrg/check_reg.html?_=1594778248530 HTTP/1.1" 302 -
120.253.135.82 - - [15/Jul/2020:10:03:04 +0800] "GET /xingrg/kc/pszx/mdps_order_info.html?code=312020070800205 HTTP/1.1" 200 23849
120.253.135.82 - - [15/Jul/2020:10:03:04 +0800] "POST /xingrg/kc/pszx/mdps_order_operate.html HTTP/1.1" 200 3257
120.253.135.82 - - [15/Jul/2020:10:03:04 +0800] "GET /xingrg/javascript/easyui/themes/default/validatebox.css HTTP/1.1" 404 1104
172.17.0.100 - - [15/Jul/2020:10:03:05 +0800] "GET /xingrg/all/function/internal_message.html?_=1594778584334&CODE_STATE=getMsg HTTP/1.1" 200 27
120.253.135.82 - - [15/Jul/2020:10:03:07 +0800] "POST /xingrg/kc/pszx/mdps_list_operate.html HTTP/1.1" 200 2056
120.253.135.82 - - [15/Jul/2020:10:03:10 +0800] "GET /xingrg/kc/pszx/mdps_order_add.html HTTP/1.1" 200 28958
120.253.135.82 - - [15/Jul/2020:10:03:10 +0800] "POST /xingrg/kc/pszx/mdps_order_operate.html HTTP/1.1" 200 7126
120.253.135.82 - - [15/Jul/2020:10:03:10 +0800] "GET /xingrg/javascript/easyui/themes/default/validatebox.css HTTP/1.1" 404 1104
222.69.137.247 - - [15/Jul/2020:10:03:11 +0800] "GET /xingrg/all/function/internal_message.html?_=1594778589415&CODE_STATE=getMsg HTTP/1.1" 200 27
61.172.5.115 - - [15/Jul/2020:10:03:15 +0800] "GET /xingrg/all/function/internal_message.html?_=1594778596352&CODE_STATE=getMsg HTTP/1.1" 200 27
117.131.5.26 - - [15/Jul/2020:10:03:17 +0800] "GET /xingrg/check_reg.html?_=1594778585579 HTTP/1.1" 200 22
117.184.7.30 - - [15/Jul/2020:10:03:18 +0800] "GET /xingrg/all/function/internal_message.html?_=1594778592797&CODE_STATE=getMsg HTTP/1.1" 200 27
114.86.227.105 - - [15/Jul/2020:10:03:26 +0800] "GET /xingrg/all/function/internal_message.html?_=1594778674906&CODE_STATE=getMsg HTTP/1.1" 200 27
114.88.161.57 - - [15/Jul/2020:10:03:27 +0800] "GET /xingrg/check_reg.html?_=1594778606088 HTTP/1.1" 200 22
124.77.243.181 - - [15/Jul/2020:10:03:28 +0800] "GET /xingrg/all/function/internal_message.html?_=1594778644196&CODE_STATE=getMsg HTTP/1.1" 200 27
114.88.161.57 - - [15/Jul/2020:10:03:28 +0800] "GET /xingrg/all/function/internal_message.html?_=1594778606994&CODE_STATE=getMsg HTTP/1.1" 200 27
120.253.135.82 - - [15/Jul/2020:10:03:30 +0800] "POST /xingrg/all/common/load_combo.html?type=base HTTP/1.1" 200 899
117.184.7.26 - - [15/Jul/2020:10:03:31 +0800] "GET /xingrg/check_reg.html?_=1594778609555 HTTP/1.1" 200 22
117.184.7.26 - - [15/Jul/2020:10:03:32 +0800] "GET /xingrg/all/function/internal_message.html?_=1594778610586&CODE_STATE=getMsg HTTP/1.1" 200 27
120.253.135.82 - - [15/Jul/2020:10:03:33 +0800] "GET /xingrg/all/function/internal_message.html?_=1594778366396&CODE_STATE=getMsg HTTP/1.1" 200 27
172.17.0.185 - - [15/Jul/2020:10:03:35 +0800] "GET /xingrg/all/function/internal_message.html?_=1594778612745&CODE_STATE=getMsg HTTP/1.1" 200 27
172.17.0.123 - - [15/Jul/2020:10:03:41 +0800] "GET /xingrg/all/function/internal_message.html?_=1594778567563&CODE_STATE=getMsg HTTP/1.1" 200 27
116.233.77.90 - - [15/Jul/2020:10:03:42 +0800] "GET /xingrg/all/function/internal_message.html?_=1594778624584&CODE_STATE=getMsg HTTP/1.1" 302 -
116.230.77.149 - - [15/Jul/2020:10:03:45 +0800] "GET /xingrg/all/function/internal_message.html?_=1594778618446&CODE_STATE=getMsg HTTP/1.1" 200 27
114.88.161.57 - - [15/Jul/2020:10:03:50 +0800] "GET /xingrg/all/function/internal_message.html?_=1594778652238&CODE_STATE=getMsg HTTP/1.1" 200 27
120.253.135.82 - - [15/Jul/2020:10:03:54 +0800] "GET /xingrg/kc/pszx/mdps_order_operate.html?command=get_materiel&pszx_code=00101&rest_code=00148&base_code=0010246&code=00101006002 HTTP/1.1" 200 440
114.89.80.44 - - [15/Jul/2020:10:04:00 +0800] "GET /xingrg/all/function/internal_message.html?_=1594778774653&CODE_STATE=getMsg HTTP/1.1" 200 27
114.89.80.44 - - [15/Jul/2020:10:04:01 +0800] "GET /xingrg/all/function/internal_message.html?_=1594778640899&CODE_STATE=getMsg HTTP/1.1" 200 27
180.175.214.200 - - [15/Jul/2020:10:04:03 +0800] "GET /xingrg/all/function/internal_message.html?_=1594778850051&CODE_STATE=getMsg HTTP/1.1" 200 27
172.17.0.100 - - [15/Jul/2020:10:04:05 +0800] "GET /xingrg/all/function/internal_message.html?_=1594778644359&CODE_STATE=getMsg HTTP/1.1" 200 27
222.69.137.247 - - [15/Jul/2020:10:04:11 +0800] "GET /xingrg/all/function/internal_message.html?_=1594778649402&CODE_STATE=getMsg HTTP/1.1" 200 27
61.172.5.115 - - [15/Jul/2020:10:04:15 +0800] "GET /xingrg/all/function/internal_message.html?_=1594778656330&CODE_STATE=getMsg HTTP/1.1" 200 27
117.184.7.30 - - [15/Jul/2020:10:04:18 +0800] "GET /xingrg/all/function/internal_message.html?_=1594778652799&CODE_STATE=getMsg HTTP/1.1" 200 27
114.86.227.105 - - [15/Jul/2020:10:04:26 +0800] "GET /xingrg/all/function/internal_message.html?_=1594778734902&CODE_STATE=getMsg HTTP/1.1" 200 27
114.88.161.57 - - [15/Jul/2020:10:04:28 +0800] "GET /xingrg/all/function/internal_message.html?_=1594778667008&CODE_STATE=getMsg HTTP/1.1" 200 27
124.77.243.181 - - [15/Jul/2020:10:04:28 +0800] "GET /xingrg/all/function/internal_message.html?_=1594778704564&CODE_STATE=getMsg HTTP/1.1" 200 27
120.253.135.82 - - [15/Jul/2020:10:04:30 +0800] "GET /xingrg/kc/pszx/mdps_order_operate.html?command=get_materiel&pszx_code=00101&rest_code=00148&base_code=0010246&code=00101007003 HTTP/1.1" 200 423
117.184.7.30 - - [15/Jul/2020:10:04:32 +0800] "GET /xingrg/all/function/internal_message.html?_=1594778670599&CODE_STATE=getMsg HTTP/1.1" 200 27
120.253.135.82 - - [15/Jul/2020:10:04:33 +0800] "GET /xingrg/all/function/internal_message.html?_=1594778426410&CODE_STATE=getMsg HTTP/1.1" 200 27
172.17.0.185 - - [15/Jul/2020:10:04:35 +0800] "GET /xingrg/all/function/internal_message.html?_=1594778672734&CODE_STATE=getMsg HTTP/1.1" 200 27
180.175.214.200 - - [15/Jul/2020:10:04:38 +0800] "GET /xingrg/check_reg.html?_=1594778884583 HTTP/1.1" 200 22
172.17.0.123 - - [15/Jul/2020:10:04:41 +0800] "GET /xingrg/all/function/internal_message.html?_=1594778627564&CODE_STATE=getMsg HTTP/1.1" 200 27
116.233.77.90 - - [15/Jul/2020:10:04:42 +0800] "GET /xingrg/all/function/internal_message.html?_=1594778684583&CODE_STATE=getMsg HTTP/1.1" 302 -
116.230.77.149 - - [15/Jul/2020:10:04:45 +0800] "GET /xingrg/all/function/internal_message.html?_=1594778678419&CODE_STATE=getMsg HTTP/1.1" 200 27
114.88.161.57 - - [15/Jul/2020:10:04:50 +0800] "GET /xingrg/all/function/internal_message.html?_=1594778712227&CODE_STATE=getMsg HTTP/1.1" 200 27
114.89.80.44 - - [15/Jul/2020:10:05:00 +0800] "GET /xingrg/all/function/internal_message.html?_=1594778834682&CODE_STATE=getMsg HTTP/1.1" 200 27
114.89.80.44 - - [15/Jul/2020:10:05:01 +0800] "GET /xingrg/all/function/internal_message.html?_=1594778700891&CODE_STATE=getMsg HTTP/1.1" 200 27
180.175.214.200 - - [15/Jul/2020:10:05:03 +0800] "GET /xingrg/all/function/internal_message.html?_=1594778910054&CODE_STATE=getMsg HTTP/1.1" 200 27
172.17.0.100 - - [15/Jul/2020:10:05:05 +0800] "GET /xingrg/check_reg.html?_=1594778704352 HTTP/1.1" 200 22
172.17.0.100 - - [15/Jul/2020:10:05:05 +0800] "GET /xingrg/all/function/internal_message.html?_=1594778704355&CODE_STATE=getMsg HTTP/1.1" 200 27
222.69.137.247 - - [15/Jul/2020:10:05:11 +0800] "GET /xingrg/all/function/internal_message.html?_=1594778709415&CODE_STATE=getMsg HTTP/1.1" 200 27
61.172.5.115 - - [15/Jul/2020:10:05:15 +0800] "GET /xingrg/all/function/internal_message.html?_=1594778716307&CODE_STATE=getMsg HTTP/1.1" 200 27
117.184.7.30 - - [15/Jul/2020:10:05:18 +0800] "GET /xingrg/all/function/internal_message.html?_=1594778712800&CODE_STATE=getMsg HTTP/1.1" 200 27
114.86.227.105 - - [15/Jul/2020:10:05:26 +0800] "GET /xingrg/all/function/internal_message.html?_=1594778794898&CODE_STATE=getMsg HTTP/1.1" 200 27
114.89.80.44 - - [15/Jul/2020:10:05:26 +0800] "GET /xingrg/kc/buy/cgsh_order_operate.html?command=get_materiel&rest_code=00151&code=00101008372&supplier_code=00100007&order_time=2020-07-15 HTTP/1.1" 200 408
114.88.161.57 - - [15/Jul/2020:10:05:28 +0800] "GET /xingrg/all/function/internal_message.html?_=1594778727021&CODE_STATE=getMsg HTTP/1.1" 200 27
124.77.243.181 - - [15/Jul/2020:10:05:28 +0800] "GET /xingrg/all/function/internal_message.html?_=1594778764566&CODE_STATE=getMsg HTTP/1.1" 200 27
120.253.135.82 - - [15/Jul/2020:10:05:30 +0800] "POST /xingrg/kc/pszx/mdps_order_operate.html HTTP/1.1" 200 37
120.253.135.82 - - [15/Jul/2020:10:05:31 +0800] "GET /xingrg/kc/pszx/mdps_order_info.html?code=312020071500362 HTTP/1.1" 200 23849
120.253.135.82 - - [15/Jul/2020:10:05:31 +0800] "GET /xingrg/javascript/easyui/themes/default/validatebox.css HTTP/1.1" 404 1104
120.253.135.82 - - [15/Jul/2020:10:05:31 +0800] "POST /xingrg/kc/pszx/mdps_order_operate.html HTTP/1.1" 200 2770
117.184.7.26 - - [15/Jul/2020:10:05:32 +0800] "GET /xingrg/all/function/internal_message.html?_=1594778730613&CODE_STATE=getMsg HTTP/1.1" 200 27
120.253.135.82 - - [15/Jul/2020:10:05:33 +0800] "GET /xingrg/all/function/internal_message.html?_=1594778486423&CODE_STATE=getMsg HTTP/1.1" 200 27
114.88.156.166 - - [15/Jul/2020:10:05:34 +0800] "GET /xingrg/check_reg.html?_=1594778730641 HTTP/1.1" 200 22
172.17.0.185 - - [15/Jul/2020:10:05:35 +0800] "GET /xingrg/all/function/internal_message.html?_=1594778732742&CODE_STATE=getMsg HTTP/1.1" 200 27
172.17.0.123 - - [15/Jul/2020:10:05:41 +0800] "GET /xingrg/check_reg.html?_=1594778687565 HTTP/1.1" 200 22
172.17.0.123 - - [15/Jul/2020:10:05:41 +0800] "GET /xingrg/all/function/internal_message.html?_=1594778687568&CODE_STATE=getMsg HTTP/1.1" 200 27
116.233.77.90 - - [15/Jul/2020:10:05:42 +0800] "GET /xingrg/all/function/internal_message.html?_=1594778744582&CODE_STATE=getMsg HTTP/1.1" 302 -
116.230.77.149 - - [15/Jul/2020:10:05:45 +0800] "GET /xingrg/all/function/internal_message.html?_=1594778738416&CODE_STATE=getMsg HTTP/1.1" 200 27
120.253.135.82 - - [15/Jul/2020:10:05:49 +0800] "POST /xingrg/kc/pszx/mdps_order_operate.html HTTP/1.1" 200 37
114.88.161.57 - - [15/Jul/2020:10:05:50 +0800] "GET /xingrg/all/function/internal_message.html?_=1594778772229&CODE_STATE=getMsg HTTP/1.1" 200 27
120.253.135.82 - - [15/Jul/2020:10:05:50 +0800] "GET /xingrg/kc/pszx/mdps_order_info.html?code=312020071500362 HTTP/1.1" 200 23855
120.253.135.82 - - [15/Jul/2020:10:05:51 +0800] "GET /xingrg/javascript/easyui/themes/default/validatebox.css HTTP/1.1" 404 1104
120.253.135.82 - - [15/Jul/2020:10:05:51 +0800] "POST /xingrg/kc/pszx/mdps_order_operate.html HTTP/1.1" 200 2770
114.89.80.44 - - [15/Jul/2020:10:06:00 +0800] "GET /xingrg/all/function/internal_message.html?_=1594778894716&CODE_STATE=getMsg HTTP/1.1" 200 27
120.253.135.82 - - [15/Jul/2020:10:06:01 +0800] "POST /xingrg/kc/pszx/mdps_order_operate.html HTTP/1.1" 200 37
114.89.80.44 - - [15/Jul/2020:10:06:01 +0800] "GET /xingrg/check_reg.html?_=1594778760904 HTTP/1.1" 200 22
114.89.80.44 - - [15/Jul/2020:10:06:01 +0800] "GET /xingrg/all/function/internal_message.html?_=1594778760908&CODE_STATE=getMsg HTTP/1.1" 200 27
120.253.135.82 - - [15/Jul/2020:10:06:02 +0800] "GET /xingrg/kc/pszx/mdps_order_info.html?code=312020071500362 HTTP/1.1" 200 23855
120.253.135.82 - - [15/Jul/2020:10:06:02 +0800] "POST /xingrg/kc/pszx/mdps_order_operate.html HTTP/1.1" 200 2770
120.253.135.82 - - [15/Jul/2020:10:06:02 +0800] "GET /xingrg/javascript/easyui/themes/default/validatebox.css HTTP/1.1" 404 1104
180.175.214.200 - - [15/Jul/2020:10:06:03 +0800] "GET /xingrg/all/function/internal_message.html?_=1594778970071&CODE_STATE=getMsg HTTP/1.1" 200 27
120.253.135.82 - - [15/Jul/2020:10:06:04 +0800] "POST /xingrg/kc/pszx/mdps_list_operate.html HTTP/1.1" 200 2437
172.17.0.100 - - [15/Jul/2020:10:06:05 +0800] "GET /xingrg/all/function/internal_message.html?_=1594778764346&CODE_STATE=getMsg HTTP/1.1" 200 27
120.253.135.82 - - [15/Jul/2020:10:06:06 +0800] "POST /xingrg/kc/pszx/mdps_list_operate.html HTTP/1.1" 200 362
120.253.135.82 - - [15/Jul/2020:10:06:06 +0800] "GET /xingrg/kc/pszx/mdps_order_info.html?code=312020070800205 HTTP/1.1" 200 23849
120.253.135.82 - - [15/Jul/2020:10:06:07 +0800] "POST /xingrg/kc/pszx/mdps_order_operate.html HTTP/1.1" 200 3257
120.253.135.82 - - [15/Jul/2020:10:06:07 +0800] "GET /xingrg/javascript/easyui/themes/default/validatebox.css HTTP/1.1" 404 1104
114.89.80.44 - - [15/Jul/2020:10:06:07 +0800] "POST /xingrg/kc/buy/cgsh_order_operate.html HTTP/1.1" 200 37
114.89.80.44 - - [15/Jul/2020:10:06:10 +0800] "POST /xingrg/kc/buy/cgsh_order_operate.html HTTP/1.1" 200 12
222.69.137.247 - - [15/Jul/2020:10:06:11 +0800] "GET /xingrg/check_reg.html?_=1594778769416 HTTP/1.1" 200 22
222.69.137.247 - - [15/Jul/2020:10:06:11 +0800] "GET /xingrg/all/function/internal_message.html?_=1594778769418&CODE_STATE=getMsg HTTP/1.1" 200 27
114.89.80.44 - - [15/Jul/2020:10:06:11 +0800] "GET /xingrg/kc/buy/cgsh_order_info.html?code=212020071505963 HTTP/1.1" 200 53808
114.89.80.44 - - [15/Jul/2020:10:06:11 +0800] "GET /xingrg/javascript/easyui/themes/default/validatebox.css HTTP/1.1" 404 1104
114.89.80.44 - - [15/Jul/2020:10:06:12 +0800] "POST /xingrg/kc/buy/cgsh_order_operate.html HTTP/1.1" 200 28513
114.89.80.44 - - [15/Jul/2020:10:06:13 +0800] "GET /xingrg/kc/print/load_data.html?order_code=212020071505963&kc_code=cgsh&condition= HTTP/1.1" 200 11395
61.172.5.115 - - [15/Jul/2020:10:06:15 +0800] "GET /xingrg/check_reg.html?_=1594778775916 HTTP/1.1" 200 22
61.172.5.115 - - [15/Jul/2020:10:06:15 +0800] "GET /xingrg/all/function/internal_message.html?_=1594778776280&CODE_STATE=getMsg HTTP/1.1" 200 27
120.253.135.82 - - [15/Jul/2020:10:06:16 +0800] "POST /xingrg/kc/pszx/mdps_order_operate.html HTTP/1.1" 200 37
120.253.135.82 - - [15/Jul/2020:10:06:16 +0800] "GET /xingrg/kc/pszx/mdps_order_info.html?code=312020070800205 HTTP/1.1" 200 23849
120.253.135.82 - - [15/Jul/2020:10:06:17 +0800] "POST /xingrg/kc/pszx/mdps_order_operate.html HTTP/1.1" 200 2279
120.253.135.82 - - [15/Jul/2020:10:06:17 +0800] "GET /xingrg/javascript/easyui/themes/default/validatebox.css HTTP/1.1" 404 1104
117.184.7.30 - - [15/Jul/2020:10:06:18 +0800] "GET /xingrg/check_reg.html?_=1594778772787 HTTP/1.1" 200 22
117.184.7.26 - - [15/Jul/2020:10:06:18 +0800] "GET /xingrg/all/function/internal_message.html?_=1594778772790&CODE_STATE=getMsg HTTP/1.1" 200 27
120.253.135.82 - - [15/Jul/2020:10:06:19 +0800] "POST /xingrg/kc/pszx/mdps_list_operate.html HTTP/1.1" 200 2435
114.89.80.44 - - [15/Jul/2020:10:06:25 +0800] "POST /xingrg/all/user/operate.html HTTP/1.1" 200 36
114.86.227.105 - - [15/Jul/2020:10:06:25 +0800] "GET /xingrg/all/function/internal_message.html?_=1594778854890&CODE_STATE=getMsg HTTP/1.1" 200 27
114.86.227.105 - - [15/Jul/2020:10:06:25 +0800] "GET /xingrg/check_reg.html?_=1594778854890 HTTP/1.1" 200 22
114.89.80.44 - - [15/Jul/2020:10:06:25 +0800] "GET /xingrg/index.html?sysBaseUrl=http%3A%2F%2F180.169.147.146%3A18081%2Fxingrg%2F&costTime=39×tamp=1594628894533 HTTP/1.1" 200 17179
114.89.80.44 - - [15/Jul/2020:10:06:25 +0800] "GET /xingrg/javascript/jquery_easy_ui/themes/default/easyui.css HTTP/1.1" 304 -
114.89.80.44 - - [15/Jul/2020:10:06:25 +0800] "GET /xingrg/javascript/jquery_easy_ui/themes/icon.css HTTP/1.1" 304 -
114.89.80.44 - - [15/Jul/2020:10:06:25 +0800] "GET /xingrg/css/form.css HTTP/1.1" 304 -
114.89.80.44 - - [15/Jul/2020:10:06:25 +0800] "GET /xingrg/javascript/jquery-1.4.2.min.js HTTP/1.1" 304 -
114.89.80.44 - - [15/Jul/2020:10:06:26 +0800] "GET /xingrg/javascript/jquery_easy_ui/jquery.easyui.min.js HTTP/1.1" 304 -
114.89.80.44 - - [15/Jul/2020:10:06:26 +0800] "GET /xingrg/javascript/jquery_easy_ui/easyui-lang-zh_CN.js HTTP/1.1" 304 -
114.89.80.44 - - [15/Jul/2020:10:06:26 +0800] "GET /xingrg/javascript/jquery.form.js HTTP/1.1" 304 -
114.89.80.44 - - [15/Jul/2020:10:06:26 +0800] "GET /xingrg/javascript/jquery.utils.js HTTP/1.1" 304 -
114.89.80.44 - - [15/Jul/2020:10:06:26 +0800] "GET /xingrg/javascript/jquery.timers.js HTTP/1.1" 304 -
114.89.80.44 - - [15/Jul/2020:10:06:26 +0800] "GET /xingrg/images/blue/jxLogo.png HTTP/1.1" 304 -
114.89.80.44 - - [15/Jul/2020:10:06:26 +0800] "GET /xingrg/javascript/jquery_easy_ui/themes/icons/settle_new.png HTTP/1.1" 304 -
114.89.80.44 - - [15/Jul/2020:10:06:26 +0800] "GET /xingrg/images/blue/navBackgound.jpg HTTP/1.1" 304 -
114.89.80.44 - - [15/Jul/2020:10:06:26 +0800] "POST /xingrg/all/common/load_tree.html?tree=area_rest_tree_json&manage=1 HTTP/1.1" 200 476
114.89.80.44 - - [15/Jul/2020:10:06:26 +0800] "GET /xingrg/all/function/internal_message.html?_=1594778785203&CODE_STATE=count HTTP/1.1" 200 11
114.89.80.44 - - [15/Jul/2020:10:06:26 +0800] "GET /xingrg/check_reg.html?_=1594778785204 HTTP/1.1" 200 22
114.89.80.44 - - [15/Jul/2020:10:06:26 +0800] "GET /xingrg/javascript/jquery_easy_ui/themes/default/images/panel_tool_collapse.gif HTTP/1.1" 304 -
114.89.80.44 - - [15/Jul/2020:10:06:26 +0800] "GET /xingrg/javascript/jquery_easy_ui/themes/default/images/tabs_rightarrow.png HTTP/1.1" 304 -
114.89.80.44 - - [15/Jul/2020:10:06:26 +0800] "GET /xingrg/javascript/jquery_easy_ui/themes/default/images/tabs_leftarrow.png HTTP/1.1" 304 -
114.89.80.44 - - [15/Jul/2020:10:06:26 +0800] "GET /xingrg/images/blue/pingpu.png HTTP/1.1" 304 -
114.89.80.44 - - [15/Jul/2020:10:06:26 +0800] "POST /xingrg/load_menu.html HTTP/1.1" 200 5138
114.89.80.44 - - [15/Jul/2020:10:06:28 +0800] "GET /xingrg/kc/buy/cgsh_order_list.html HTTP/1.1" 200 43519
114.88.161.57 - - [15/Jul/2020:10:06:28 +0800] "GET /xingrg/all/function/internal_message.html?_=1594778787069&CODE_STATE=getMsg HTTP/1.1" 200 27
124.77.243.181 - - [15/Jul/2020:10:06:28 +0800] "GET /xingrg/all/function/internal_message.html?_=1594778824922&CODE_STATE=getMsg HTTP/1.1" 200 27
114.89.80.44 - - [15/Jul/2020:10:06:29 +0800] "POST /xingrg/kc/buy/cgsh_list_operate.html HTTP/1.1" 200 1691
120.253.135.82 - - [15/Jul/2020:10:06:29 +0800] "POST /xingrg/kc/pszx/mdps_list_operate.html HTTP/1.1" 200 2043
120.253.135.82 - - [15/Jul/2020:10:06:31 +0800] "POST /xingrg/kc/pszx/mdps_list_operate.html HTTP/1.1" 200 205
114.89.80.44 - - [15/Jul/2020:10:06:31 +0800] "POST /xingrg/kc/buy/cgsh_list_operate.html HTTP/1.1" 200 561
120.253.135.82 - - [15/Jul/2020:10:06:32 +0800] "POST /xingrg/kc/pszx/mdps_list_operate.html HTTP/1.1" 200 212
117.184.7.30 - - [15/Jul/2020:10:06:32 +0800] "GET /xingrg/all/function/internal_message.html?_=1594778790764&CODE_STATE=getMsg HTTP/1.1" 200 27
114.89.80.44 - - [15/Jul/2020:10:06:33 +0800] "GET /xingrg/kc/buy/cgsh_order_info.html?code=212020071505958 HTTP/1.1" 200 59184
120.253.135.82 - - [15/Jul/2020:10:06:33 +0800] "GET /xingrg/check_reg.html?_=1594778546077 HTTP/1.1" 200 22
114.89.80.44 - - [15/Jul/2020:10:06:33 +0800] "GET /xingrg/javascript/easyui/themes/default/validatebox.css HTTP/1.1" 404 1104
120.253.135.82 - - [15/Jul/2020:10:06:33 +0800] "GET /xingrg/all/function/internal_message.html?_=1594778546436&CODE_STATE=getMsg HTTP/1.1" 200 27
114.89.80.44 - - [15/Jul/2020:10:06:33 +0800] "POST /xingrg/kc/buy/cgsh_order_operate.html HTTP/1.1" 200 29279
120.253.135.82 - - [15/Jul/2020:10:06:34 +0800] "GET /xingrg/kc/pszx/mdps_order_info.html?code=312020070500116 HTTP/1.1" 200 23843
120.253.135.82 - - [15/Jul/2020:10:06:34 +0800] "POST /xingrg/kc/pszx/mdps_order_operate.html HTTP/1.1" 200 2281
120.253.135.82 - - [15/Jul/2020:10:06:34 +0800] "GET /xingrg/javascript/easyui/themes/default/validatebox.css HTTP/1.1" 404 1104
172.17.0.185 - - [15/Jul/2020:10:06:35 +0800] "GET /xingrg/check_reg.html?_=1594778792735 HTTP/1.1" 200 22
172.17.0.185 - - [15/Jul/2020:10:06:35 +0800] "GET /xingrg/all/function/internal_message.html?_=1594778792750&CODE_STATE=getMsg HTTP/1.1" 200 27
172.17.0.123 - - [15/Jul/2020:10:06:41 +0800] "GET /xingrg/all/function/internal_message.html?_=1594778747572&CODE_STATE=getMsg HTTP/1.1" 200 27
116.233.77.90 - - [15/Jul/2020:10:06:42 +0800] "GET /xingrg/all/function/internal_message.html?_=1594778804586&CODE_STATE=getMsg HTTP/1.1" 302 -
116.230.77.149 - - [15/Jul/2020:10:06:45 +0800] "GET /xingrg/all/function/internal_message.html?_=1594778798403&CODE_STATE=getMsg HTTP/1.1" 200 27
116.230.77.149 - - [15/Jul/2020:10:06:46 +0800] "GET /xingrg/check_reg.html?_=1594778799170 HTTP/1.1" 200 22
114.88.161.57 - - [15/Jul/2020:10:06:50 +0800] "GET /xingrg/all/function/internal_message.html?_=1594778832229&CODE_STATE=getMsg HTTP/1.1" 200 27
124.77.243.181 - - [15/Jul/2020:10:06:56 +0800] "GET /xingrg/check_reg.html?_=1594778852102 HTTP/1.1" 200 22
120.253.135.82 - - [15/Jul/2020:10:06:59 +0800] "POST /xingrg/kc/pszx/mdps_order_operate.html HTTP/1.1" 200 37
120.253.135.82 - - [15/Jul/2020:10:07:00 +0800] "GET /xingrg/kc/pszx/mdps_order_info.html?code=312020070500116 HTTP/1.1" 200 23843
114.89.80.44 - - [15/Jul/2020:10:07:00 +0800] "GET /xingrg/check_reg.html?_=1594778954544 HTTP/1.1" 200 22
120.253.135.82 - - [15/Jul/2020:10:07:00 +0800] "POST /xingrg/kc/pszx/mdps_order_operate.html HTTP/1.1" 200 2280
120.253.135.82 - - [15/Jul/2020:10:07:00 +0800] "GET /xingrg/javascript/easyui/themes/default/validatebox.css HTTP/1.1" 404 1104
114.89.80.44 - - [15/Jul/2020:10:07:00 +0800] "GET /xingrg/all/function/internal_message.html?_=1594778954725&CODE_STATE=getMsg HTTP/1.1" 200 27
114.89.80.44 - - [15/Jul/2020:10:07:04 +0800] "GET /xingrg/kc/buy/cgsh_order_operate.html?command=get_materiel&rest_code=00151&code=00101001010&supplier_code=00100040&order_time=2020-07-15 HTTP/1.1" 200 408
172.17.0.100 - - [15/Jul/2020:10:07:05 +0800] "GET /xingrg/all/function/internal_message.html?_=1594778824354&CODE_STATE=getMsg HTTP/1.1" 200 27
180.175.214.200 - - [15/Jul/2020:10:07:05 +0800] "GET /xingrg/all/function/internal_message.html?_=1594779031504&CODE_STATE=getMsg HTTP/1.1" 200 27
222.69.137.247 - - [15/Jul/2020:10:07:11 +0800] "GET /xingrg/all/function/internal_message.html?_=1594778829409&CODE_STATE=getMsg HTTP/1.1" 200 27
120.253.135.82 - - [15/Jul/2020:10:07:13 +0800] "POST /xingrg/kc/pszx/mdps_order_operate.html HTTP/1.1" 200 37
120.253.135.82 - - [15/Jul/2020:10:07:14 +0800] "GET /xingrg/kc/pszx/mdps_order_info.html?code=312020070500116 HTTP/1.1" 200 23849
120.253.135.82 - - [15/Jul/2020:10:07:14 +0800] "POST /xingrg/kc/pszx/mdps_order_operate.html HTTP/1.1" 200 2280
120.253.135.82 - - [15/Jul/2020:10:07:14 +0800] "GET /xingrg/javascript/easyui/themes/default/validatebox.css HTTP/1.1" 404 1104
61.172.5.115 - - [15/Jul/2020:10:07:15 +0800] "GET /xingrg/all/function/internal_message.html?_=1594778836251&CODE_STATE=getMsg HTTP/1.1" 200 27
117.184.7.26 - - [15/Jul/2020:10:07:18 +0800] "GET /xingrg/all/function/internal_message.html?_=1594778832788&CODE_STATE=getMsg HTTP/1.1" 200 27
117.131.5.26 - - [15/Jul/2020:10:07:18 +0800] "POST /xingrg/services/DataTransmitService HTTP/1.1" 200 524
117.131.5.26 - - [15/Jul/2020:10:07:18 +0800] "POST /xingrg/services/DataTransmitService HTTP/1.1" 200 501
117.131.5.26 - - [15/Jul/2020:10:07:19 +0800] "POST /xingrg/services/DataTransmitService HTTP/1.1" 200 501
117.131.5.26 - - [15/Jul/2020:10:07:20 +0800] "POST /xingrg/services/DataTransmitService HTTP/1.1" 200 501
117.131.5.26 - - [15/Jul/2020:10:07:21 +0800] "POST /xingrg/services/DataTransmitService HTTP/1.1" 200 501
117.131.5.26 - - [15/Jul/2020:10:07:21 +0800] "POST /xingrg/services/DataTransmitService HTTP/1.1" 200 501
117.131.5.26 - - [15/Jul/2020:10:07:21 +0800] "POST /xingrg/services/DataTransmitService HTTP/1.1" 200 501
117.131.5.26 - - [15/Jul/2020:10:07:21 +0800] "POST /xingrg/services/DataTransmitService HTTP/1.1" 200 501
117.131.5.26 - - [15/Jul/2020:10:07:21 +0800] "POST /xingrg/services/DataTransmitService HTTP/1.1" 200 501
117.131.5.26 - - [15/Jul/2020:10:07:23 +0800] "POST /xingrg/services/DataTransmitService HTTP/1.1" 200 412
114.86.227.105 - - [15/Jul/2020:10:07:25 +0800] "GET /xingrg/all/function/internal_message.html?_=1594778914888&CODE_STATE=getMsg HTTP/1.1" 200 27
114.89.80.44 - - [15/Jul/2020:10:07:26 +0800] "GET /xingrg/all/function/internal_message.html?_=1594778845211&CODE_STATE=getMsg HTTP/1.1" 200 27
114.88.161.57 - - [15/Jul/2020:10:07:28 +0800] "GET /xingrg/all/function/internal_message.html?_=1594778847079&CODE_STATE=getMsg HTTP/1.1" 200 27
124.77.243.181 - - [15/Jul/2020:10:07:28 +0800] "GET /xingrg/all/function/internal_message.html?_=1594778884936&CODE_STATE=getMsg HTTP/1.1" 200 27
120.253.135.82 - - [15/Jul/2020:10:07:31 +0800] "POST /xingrg/kc/pszx/mdps_order_operate.html HTTP/1.1" 200 37
120.253.135.82 - - [15/Jul/2020:10:07:32 +0800] "GET /xingrg/kc/pszx/mdps_order_info.html?code=312020070500116 HTTP/1.1" 200 23849
120.253.135.82 - - [15/Jul/2020:10:07:32 +0800] "POST /xingrg/kc/pszx/mdps_order_operate.html HTTP/1.1" 200 2280
120.253.135.82 - - [15/Jul/2020:10:07:32 +0800] "GET /xingrg/javascript/easyui/themes/default/validatebox.css HTTP/1.1" 404 1104
117.184.7.26 - - [15/Jul/2020:10:07:32 +0800] "GET /xingrg/all/function/internal_message.html?_=1594778850765&CODE_STATE=getMsg HTTP/1.1" 200 27
120.253.135.82 - - [15/Jul/2020:10:07:33 +0800] "GET /xingrg/all/function/internal_message.html?_=1594778606451&CODE_STATE=getMsg HTTP/1.1" 200 27
172.17.0.185 - - [15/Jul/2020:10:07:35 +0800] "GET /xingrg/all/function/internal_message.html?_=1594778852744&CODE_STATE=getMsg HTTP/1.1" 200 27
61.172.5.115 - - [15/Jul/2020:10:07:35 +0800] "POST /xingrg/kc/buy/cgsh_list_operate.html HTTP/1.1" 200 1716
120.253.135.82 - - [15/Jul/2020:10:07:39 +0800] "POST /xingrg/kc/pszx/mdps_order_operate.html HTTP/1.1" 200 37
61.172.5.115 - - [15/Jul/2020:10:07:39 +0800] "GET /xingrg/kc/buy/cgsh_order_list.html HTTP/1.1" 200 43513
120.253.135.82 - - [15/Jul/2020:10:07:40 +0800] "GET /xingrg/kc/pszx/mdps_order_info.html?code=312020070500116 HTTP/1.1" 200 23849
120.253.135.82 - - [15/Jul/2020:10:07:40 +0800] "POST /xingrg/kc/pszx/mdps_order_operate.html HTTP/1.1" 200 2280
120.253.135.82 - - [15/Jul/2020:10:07:40 +0800] "GET /xingrg/javascript/easyui/themes/default/validatebox.css HTTP/1.1" 404 1104
172.17.0.123 - - [15/Jul/2020:10:07:41 +0800] "GET /xingrg/all/function/internal_message.html?_=1594778807557&CODE_STATE=getMsg HTTP/1.1" 200 27
120.253.135.82 - - [15/Jul/2020:10:07:41 +0800] "POST /xingrg/kc/pszx/mdps_list_operate.html HTTP/1.1" 200 2051
116.233.77.90 - - [15/Jul/2020:10:07:42 +0800] "GET /xingrg/check_reg.html?_=1594778864588 HTTP/1.1" 302 -
116.233.77.90 - - [15/Jul/2020:10:07:42 +0800] "GET /xingrg/all/function/internal_message.html?_=1594778864590&CODE_STATE=getMsg HTTP/1.1" 302 -
61.172.5.115 - - [15/Jul/2020:10:07:42 +0800] "POST /xingrg/kc/buy/cgsh_list_operate.html HTTP/1.1" 200 3130
120.253.135.82 - - [15/Jul/2020:10:07:43 +0800] "POST /xingrg/kc/pszx/mdps_list_operate.html HTTP/1.1" 200 212
116.230.77.149 - - [15/Jul/2020:10:07:45 +0800] "GET /xingrg/all/function/internal_message.html?_=1594778858376&CODE_STATE=getMsg HTTP/1.1" 200 27
61.172.5.115 - - [15/Jul/2020:10:07:46 +0800] "GET /xingrg/kc/buy/cgsh_order_add.html HTTP/1.1" 200 59251
61.172.5.115 - - [15/Jul/2020:10:07:46 +0800] "GET /xingrg/javascript/easyui/themes/default/validatebox.css HTTP/1.1" 404 1104
61.172.5.115 - - [15/Jul/2020:10:07:46 +0800] "POST /xingrg/kc/buy/cgsh_order_operate.html HTTP/1.1" 200 8245
114.88.161.57 - - [15/Jul/2020:10:07:50 +0800] "GET /xingrg/check_reg.html?_=1594778892232 HTTP/1.1" 200 22
114.88.161.57 - - [15/Jul/2020:10:07:50 +0800] "GET /xingrg/all/function/internal_message.html?_=1594778892229&CODE_STATE=getMsg HTTP/1.1" 200 27
61.172.5.115 - - [15/Jul/2020:10:07:53 +0800] "GET /xingrg/system/info/materiel_import.html?isSelect=1&singleSelect=false HTTP/1.1" 200 5600
61.172.5.115 - - [15/Jul/2020:10:07:54 +0800] "POST /xingrg/all/common/load_tree.html?tree=materiel_sort_tree_json HTTP/1.1" 200 8666
61.172.5.115 - - [15/Jul/2020:10:07:54 +0800] "GET /favicon.ico HTTP/1.1" 404 -
114.89.80.44 - - [15/Jul/2020:10:08:00 +0800] "GET /xingrg/all/function/internal_message.html?_=1594779014739&CODE_STATE=getMsg HTTP/1.1" 200 27
120.253.135.82 - - [15/Jul/2020:10:08:01 +0800] "POST /xingrg/kc/pszx/mdps_list_operate.html HTTP/1.1" 200 1693
114.88.156.166 - - [15/Jul/2020:10:08:02 +0800] "GET /xingrg/check_reg.html?_=1594778548504 HTTP/1.1" 302 -
120.253.135.82 - - [15/Jul/2020:10:08:02 +0800] "POST /xingrg/kc/pszx/mdps_list_operate.html HTTP/1.1" 200 355
120.253.135.82 - - [15/Jul/2020:10:08:03 +0800] "GET /xingrg/kc/pszx/mdps_order_info.html?code=312020071200301 HTTP/1.1" 200 23849
120.253.135.82 - - [15/Jul/2020:10:08:04 +0800] "POST /xingrg/kc/pszx/mdps_order_operate.html HTTP/1.1" 200 3245
120.253.135.82 - - [15/Jul/2020:10:08:04 +0800] "GET /xingrg/javascript/easyui/themes/default/validatebox.css HTTP/1.1" 404 1104
172.17.0.100 - - [15/Jul/2020:10:08:05 +0800] "GET /xingrg/all/function/internal_message.html?_=1594778884351&CODE_STATE=getMsg HTTP/1.1" 200 27
180.175.214.200 - - [15/Jul/2020:10:08:05 +0800] "GET /xingrg/all/function/internal_message.html?_=1594779091514&CODE_STATE=getMsg HTTP/1.1" 200 27
61.172.5.115 - - [15/Jul/2020:10:08:10 +0800] "GET /xingrg/kc/buy/cgsh_order_operate.html?command=get_materiel&rest_code=00105&code=00101034055&supplier_code=00100361&order_time=2020-07-15 HTTP/1.1" 200 404
222.69.137.247 - - [15/Jul/2020:10:08:11 +0800] "GET /xingrg/all/function/internal_message.html?_=1594778889414&CODE_STATE=getMsg HTTP/1.1" 200 27
120.253.135.82 - - [15/Jul/2020:10:08:12 +0800] "POST /xingrg/kc/pszx/mdps_order_operate.html HTTP/1.1" 200 37
114.89.80.44 - - [15/Jul/2020:10:08:13 +0800] "POST /xingrg/kc/buy/cgsh_order_operate.html HTTP/1.1" 200 37
120.253.135.82 - - [15/Jul/2020:10:08:13 +0800] "GET /xingrg/kc/pszx/mdps_order_info.html?code=312020071200301 HTTP/1.1" 200 23849
120.253.135.82 - - [15/Jul/2020:10:08:14 +0800] "POST /xingrg/kc/pszx/mdps_order_operate.html HTTP/1.1" 200 2754
120.253.135.82 - - [15/Jul/2020:10:08:14 +0800] "GET /xingrg/javascript/easyui/themes/default/validatebox.css HTTP/1.1" 404 1104
120.253.135.82 - - [15/Jul/2020:10:08:15 +0800] "POST /xingrg/kc/pszx/mdps_list_operate.html HTTP/1.1" 200 1690
61.172.5.115 - - [15/Jul/2020:10:08:15 +0800] "GET /xingrg/all/function/internal_message.html?_=1594778896229&CODE_STATE=getMsg HTTP/1.1" 200 27
114.89.80.44 - - [15/Jul/2020:10:08:16 +0800] "POST /xingrg/kc/buy/cgsh_order_operate.html HTTP/1.1" 200 12
120.253.135.82 - - [15/Jul/2020:10:08:16 +0800] "GET /xingrg/kc/pszx/mdps_order_add.html HTTP/1.1" 200 28958
61.172.5.115 - - [15/Jul/2020:10:08:16 +0800] "POST /xingrg/services/DataTransmitService HTTP/1.1" 200 524
61.172.5.115 - - [15/Jul/2020:10:08:16 +0800] "POST /xingrg/services/DataTransmitService HTTP/1.1" 200 2155
120.253.135.82 - - [15/Jul/2020:10:08:16 +0800] "POST /xingrg/kc/pszx/mdps_order_operate.html HTTP/1.1" 200 7126
120.253.135.82 - - [15/Jul/2020:10:08:17 +0800] "GET /xingrg/javascript/easyui/themes/default/validatebox.css HTTP/1.1" 404 1104
61.172.5.115 - - [15/Jul/2020:10:08:17 +0800] "POST /xingrg/services/DataTransmitService HTTP/1.1" 200 146268
117.131.5.26 - - [15/Jul/2020:10:08:17 +0800] "GET /xingrg/check_reg.html?_=1594778885579 HTTP/1.1" 200 22
114.89.80.44 - - [15/Jul/2020:10:08:17 +0800] "GET /xingrg/kc/buy/cgsh_order_info.html?code=212020071505985 HTTP/1.1" 200 53812
114.89.80.44 - - [15/Jul/2020:10:08:17 +0800] "GET /xingrg/javascript/easyui/themes/default/validatebox.css HTTP/1.1" 404 1104
114.89.80.44 - - [15/Jul/2020:10:08:18 +0800] "POST /xingrg/kc/buy/cgsh_order_operate.html HTTP/1.1" 200 1202
117.184.7.26 - - [15/Jul/2020:10:08:18 +0800] "GET /xingrg/all/function/internal_message.html?_=1594778892788&CODE_STATE=getMsg HTTP/1.1" 200 27
114.89.80.44 - - [15/Jul/2020:10:08:21 +0800] "GET /xingrg/kc/print/load_data.html?order_code=212020071505985&kc_code=cgsh&condition= HTTP/1.1" 200 1031
114.86.227.105 - - [15/Jul/2020:10:08:25 +0800] "GET /xingrg/all/function/internal_message.html?_=1594778974892&CODE_STATE=getMsg HTTP/1.1" 200 27
114.89.80.44 - - [15/Jul/2020:10:08:26 +0800] "GET /xingrg/all/function/internal_message.html?_=1594778905215&CODE_STATE=getMsg HTTP/1.1" 200 27
114.88.161.57 - - [15/Jul/2020:10:08:27 +0800] "GET /xingrg/check_reg.html?_=1594778906141 HTTP/1.1" 200 22
114.88.161.57 - - [15/Jul/2020:10:08:28 +0800] "GET /xingrg/all/function/internal_message.html?_=1594778907094&CODE_STATE=getMsg HTTP/1.1" 200 27
124.77.243.181 - - [15/Jul/2020:10:08:28 +0800] "GET /xingrg/all/function/internal_message.html?_=1594778944949&CODE_STATE=getMsg HTTP/1.1" 200 27
120.253.135.82 - - [15/Jul/2020:10:08:29 +0800] "POST /xingrg/all/common/load_combo.html?type=base HTTP/1.1" 200 899
117.184.7.30 - - [15/Jul/2020:10:08:31 +0800] "GET /xingrg/check_reg.html?_=1594778909728 HTTP/1.1" 200 22
117.184.7.30 - - [15/Jul/2020:10:08:32 +0800] "GET /xingrg/all/function/internal_message.html?_=1594778910778&CODE_STATE=getMsg HTTP/1.1" 200 27
120.253.135.82 - - [15/Jul/2020:10:08:33 +0800] "GET /xingrg/all/function/internal_message.html?_=1594778666464&CODE_STATE=getMsg HTTP/1.1" 200 27
172.17.0.185 - - [15/Jul/2020:10:08:35 +0800] "GET /xingrg/all/function/internal_message.html?_=1594778912748&CODE_STATE=getMsg HTTP/1.1" 200 27
61.172.5.115 - - [15/Jul/2020:10:08:37 +0800] "POST /xingrg/kc/buy/cgsh_order_operate.html HTTP/1.1" 200 37
61.172.5.115 - - [15/Jul/2020:10:08:38 +0800] "POST /xingrg/kc/buy/cgsh_order_operate.html HTTP/1.1" 200 2667
61.172.5.115 - - [15/Jul/2020:10:08:40 +0800] "GET /xingrg/kc/print/load_data.html?order_code=212020071505986&kc_code=cgsh&condition= HTTP/1.1" 200 684
124.77.243.181 - - [15/Jul/2020:10:08:41 +0800] "POST /xingrg/services/DataTransmitService HTTP/1.1" 200 524
172.17.0.123 - - [15/Jul/2020:10:08:41 +0800] "GET /xingrg/all/function/internal_message.html?_=1594778867559&CODE_STATE=getMsg HTTP/1.1" 200 27
116.233.77.90 - - [15/Jul/2020:10:08:42 +0800] "GET /xingrg/all/function/internal_message.html?_=1594778924574&CODE_STATE=getMsg HTTP/1.1" 302 -
116.230.77.149 - - [15/Jul/2020:10:08:45 +0800] "GET /xingrg/all/function/internal_message.html?_=1594778918365&CODE_STATE=getMsg HTTP/1.1" 200 27
114.88.161.57 - - [15/Jul/2020:10:08:50 +0800] "GET /xingrg/all/function/internal_message.html?_=1594778952231&CODE_STATE=getMsg HTTP/1.1" 200 27
120.253.135.82 - - [15/Jul/2020:10:08:53 +0800] "GET /xingrg/kc/pszx/mdps_order_operate.html?command=get_materiel&pszx_code=00101&rest_code=00104&base_code=0010246&code=00101006002 HTTP/1.1" 200 440
114.89.80.44 - - [15/Jul/2020:10:09:00 +0800] "GET /xingrg/all/function/internal_message.html?_=1594779074753&CODE_STATE=getMsg HTTP/1.1" 200 27
172.17.0.100 - - [15/Jul/2020:10:09:05 +0800] "GET /xingrg/all/function/internal_message.html?_=1594778944361&CODE_STATE=getMsg HTTP/1.1" 200 27
180.175.214.200 - - [15/Jul/2020:10:09:06 +0800] "GET /xingrg/all/function/internal_message.html?_=1594779152745&CODE_STATE=getMsg HTTP/1.1" 200 27
222.69.137.247 - - [15/Jul/2020:10:09:11 +0800] "GET /xingrg/all/function/internal_message.html?_=1594778949414&CODE_STATE=getMsg HTTP/1.1" 200 27
61.172.5.115 - - [15/Jul/2020:10:09:15 +0800] "GET /xingrg/all/function/internal_message.html?_=1594778956203&CODE_STATE=getMsg HTTP/1.1" 200 27
120.253.135.82 - - [15/Jul/2020:10:09:16 +0800] "POST /xingrg/kc/pszx/mdps_order_operate.html HTTP/1.1" 200 37
120.253.135.82 - - [15/Jul/2020:10:09:17 +0800] "GET /xingrg/kc/pszx/mdps_order_info.html?code=312020071500363 HTTP/1.1" 200 23849
120.253.135.82 - - [15/Jul/2020:10:09:17 +0800] "POST /xingrg/kc/pszx/mdps_order_operate.html HTTP/1.1" 200 2280
120.253.135.82 - - [15/Jul/2020:10:09:17 +0800] "GET /xingrg/javascript/easyui/themes/default/validatebox.css HTTP/1.1" 404 1104
117.184.7.26 - - [15/Jul/2020:10:09:18 +0800] "GET /xingrg/all/function/internal_message.html?_=1594778952792&CODE_STATE=getMsg HTTP/1.1" 200 27
114.89.80.44 - - [15/Jul/2020:10:09:20 +0800] "GET /xingrg/kc/buy/cgsh_order_add.html HTTP/1.1" 200 58905
114.89.80.44 - - [15/Jul/2020:10:09:20 +0800] "POST /xingrg/kc/buy/cgsh_order_operate.html HTTP/1.1" 200 8245
114.89.80.44 - - [15/Jul/2020:10:09:20 +0800] "GET /xingrg/javascript/easyui/themes/default/validatebox.css HTTP/1.1" 404 1104
222.69.137.247 - - [15/Jul/2020:10:09:21 +0800] "GET /xingrg/kc/buy/cgsh_order_operate.html?command=get_materiel&rest_code=00149&code=00101004067&supplier_code=00100083&order_time=2020-07-14 HTTP/1.1" 200 413
114.86.227.105 - - [15/Jul/2020:10:09:25 +0800] "GET /xingrg/all/function/internal_message.html?_=1594779034906&CODE_STATE=getMsg HTTP/1.1" 200 27
114.89.80.44 - - [15/Jul/2020:10:09:26 +0800] "GET /xingrg/all/function/internal_message.html?_=1594778965211&CODE_STATE=getMsg HTTP/1.1" 200 27
114.88.161.57 - - [15/Jul/2020:10:09:28 +0800] "GET /xingrg/all/function/internal_message.html?_=1594778967107&CODE_STATE=getMsg HTTP/1.1" 200 27
124.77.243.181 - - [15/Jul/2020:10:09:29 +0800] "GET /xingrg/all/function/internal_message.html?_=1594779005306&CODE_STATE=getMsg HTTP/1.1" 200 27
114.89.80.44 - - [15/Jul/2020:10:09:30 +0800] "GET /xingrg/kc/buy/cgsh_order_operate.html?command=get_materiel&rest_code=00151&code=00101006168&supplier_code=00100012&order_time=2020-07-15 HTTP/1.1" 200 421
222.69.137.247 - - [15/Jul/2020:10:09:31 +0800] "GET /xingrg/kc/buy/cgsh_order_operate.html?command=get_materiel&rest_code=00149&code=00101004011&supplier_code=00100083&order_time=2020-07-14 HTTP/1.1" 200 433
117.184.7.26 - - [15/Jul/2020:10:09:32 +0800] "GET /xingrg/all/function/internal_message.html?_=1594778970792&CODE_STATE=getMsg HTTP/1.1" 200 27
120.253.135.82 - - [15/Jul/2020:10:09:33 +0800] "GET /xingrg/all/function/internal_message.html?_=1594778726477&CODE_STATE=getMsg HTTP/1.1" 200 27
172.17.0.185 - - [15/Jul/2020:10:09:35 +0800] "GET /xingrg/all/function/internal_message.html?_=1594778972736&CODE_STATE=getMsg HTTP/1.1" 200 27
180.175.214.200 - - [15/Jul/2020:10:09:38 +0800] "GET /xingrg/check_reg.html?_=1594779184584 HTTP/1.1" 200 22
120.253.135.82 - - [15/Jul/2020:10:09:39 +0800] "POST /xingrg/kc/pszx/mdps_order_operate.html HTTP/1.1" 200 37
120.253.135.82 - - [15/Jul/2020:10:09:40 +0800] "GET /xingrg/kc/pszx/mdps_order_info.html?code=312020071500363 HTTP/1.1" 200 23855
120.253.135.82 - - [15/Jul/2020:10:09:40 +0800] "POST /xingrg/kc/pszx/mdps_order_operate.html HTTP/1.1" 200 2280
120.253.135.82 - - [15/Jul/2020:10:09:40 +0800] "GET /xingrg/javascript/easyui/themes/default/validatebox.css HTTP/1.1" 404 1104
222.69.137.247 - - [15/Jul/2020:10:09:41 +0800] "GET /xingrg/kc/buy/cgsh_order_operate.html?command=get_materiel&rest_code=00149&code=00101004030&supplier_code=00100083&order_time=2020-07-14 HTTP/1.1" 200 408
172.17.0.123 - - [15/Jul/2020:10:09:41 +0800] "GET /xingrg/all/function/internal_message.html?_=1594778927561&CODE_STATE=getMsg HTTP/1.1" 200 27
124.77.243.181 - - [15/Jul/2020:10:09:41 +0800] "POST /xingrg/services/DataTransmitService HTTP/1.1" 200 524
124.77.243.181 - - [15/Jul/2020:10:09:42 +0800] "POST /xingrg/services/DataTransmitService HTTP/1.1" 200 501
124.77.243.181 - - [15/Jul/2020:10:09:42 +0800] "POST /xingrg/services/DataTransmitService HTTP/1.1" 200 501
116.233.77.90 - - [15/Jul/2020:10:09:42 +0800] "GET /xingrg/all/function/internal_message.html?_=1594778984575&CODE_STATE=getMsg HTTP/1.1" 302 -
124.77.243.181 - - [15/Jul/2020:10:09:43 +0800] "POST /xingrg/services/DataTransmitService HTTP/1.1" 200 501
124.77.243.181 - - [15/Jul/2020:10:09:45 +0800] "POST /xingrg/services/DataTransmitService HTTP/1.1" 200 501
116.230.77.149 - - [15/Jul/2020:10:09:45 +0800] "GET /xingrg/all/function/internal_message.html?_=1594778978355&CODE_STATE=getMsg HTTP/1.1" 200 27
124.77.243.181 - - [15/Jul/2020:10:09:45 +0800] "POST /xingrg/services/DataTransmitService HTTP/1.1" 200 501
124.77.243.181 - - [15/Jul/2020:10:09:45 +0800] "POST /xingrg/services/DataTransmitService HTTP/1.1" 200 501
114.89.80.44 - - [15/Jul/2020:10:09:45 +0800] "GET /xingrg/kc/buy/cgsh_order_operate.html?command=get_materiel&rest_code=00151&code=00101006013&supplier_code=00100012&order_time=2020-07-15 HTTP/1.1" 200 428
124.77.243.181 - - [15/Jul/2020:10:09:45 +0800] "POST /xingrg/services/DataTransmitService HTTP/1.1" 200 501
124.77.243.181 - - [15/Jul/2020:10:09:46 +0800] "POST /xingrg/services/DataTransmitService HTTP/1.1" 200 501
124.77.243.181 - - [15/Jul/2020:10:09:46 +0800] "POST /xingrg/services/DataTransmitService HTTP/1.1" 200 412
114.88.161.57 - - [15/Jul/2020:10:09:50 +0800] "GET /xingrg/all/function/internal_message.html?_=1594779012232&CODE_STATE=getMsg HTTP/1.1" 200 27
114.89.80.44 - - [15/Jul/2020:10:09:58 +0800] "GET /xingrg/kc/buy/cgsh_order_operate.html?command=get_materiel&rest_code=00151&code=00101006056&supplier_code=00100012&order_time=2020-07-15 HTTP/1.1" 200 413
114.89.80.44 - - [15/Jul/2020:10:10:00 +0800] "GET /xingrg/all/function/internal_message.html?_=1594779134765&CODE_STATE=getMsg HTTP/1.1" 200 27
172.17.0.100 - - [15/Jul/2020:10:10:05 +0800] "GET /xingrg/check_reg.html?_=1594779004355 HTTP/1.1" 200 22
172.17.0.100 - - [15/Jul/2020:10:10:05 +0800] "GET /xingrg/all/function/internal_message.html?_=1594779004357&CODE_STATE=getMsg HTTP/1.1" 200 27
180.175.214.200 - - [15/Jul/2020:10:10:06 +0800] "GET /xingrg/all/function/internal_message.html?_=1594779212775&CODE_STATE=getMsg HTTP/1.1" 200 27
222.69.137.247 - - [15/Jul/2020:10:10:11 +0800] "GET /xingrg/kc/buy/cgsh_order_operate.html?command=get_materiel&rest_code=00149&code=00101004033&supplier_code=00100083&order_time=2020-07-14 HTTP/1.1" 200 439
222.69.137.247 - - [15/Jul/2020:10:10:11 +0800] "GET /xingrg/all/function/internal_message.html?_=1594779009418&CODE_STATE=getMsg HTTP/1.1" 200 27
61.172.5.115 - - [15/Jul/2020:10:10:15 +0800] "GET /xingrg/all/function/internal_message.html?_=1594779016178&CODE_STATE=getMsg HTTP/1.1" 200 27
120.253.135.82 - - [15/Jul/2020:10:10:16 +0800] "POST /xingrg/kc/pszx/mdps_order_operate.html HTTP/1.1" 200 37
