114.89.80.44 - - [13/Jul/2020:09:27:37 +0800] "GET /xingrg/javascript/easyui/themes/default/validatebox.css HTTP/1.1" 404 1104
114.89.80.44 - - [13/Jul/2020:09:27:38 +0800] "POST /xingrg/kc/buy/cgsh_order_operate.html HTTP/1.1" 200 29006
114.89.80.44 - - [13/Jul/2020:09:27:39 +0800] "GET /xingrg/kc/print/load_data.html?order_code=212020071305183&kc_code=cgsh&condition= HTTP/1.1" 200 11504
114.88.170.9 - - [13/Jul/2020:09:27:39 +0800] "GET /xingrg/kc/buy/cgsh_order_add.html HTTP/1.1" 200 59251
114.88.170.9 - - [13/Jul/2020:09:27:40 +0800] "POST /xingrg/kc/buy/cgsh_order_operate.html HTTP/1.1" 200 8245
114.88.170.9 - - [13/Jul/2020:09:27:40 +0800] "GET /xingrg/javascript/easyui/themes/default/validatebox.css HTTP/1.1" 404 1104
116.232.49.26 - - [13/Jul/2020:09:27:40 +0800] "GET /xingrg/javascript/auto/indicator.gif HTTP/1.1" 404 1066
117.184.7.26 - - [13/Jul/2020:09:27:42 +0800] "GET /xingrg/all/function/internal_message.html?_=1594603661756&CODE_STATE=getMsg HTTP/1.1" 200 27
116.233.77.90 - - [13/Jul/2020:09:27:42 +0800] "GET /xingrg/check_reg.html?_=1594603663272 HTTP/1.1" 302 -
116.233.77.90 - - [13/Jul/2020:09:27:42 +0800] "GET /xingrg/all/function/internal_message.html?_=1594603663277&CODE_STATE=getMsg HTTP/1.1" 302 -
116.232.49.26 - - [13/Jul/2020:09:27:42 +0800] "GET /xingrg/kc/buy/cgsh_order_operate.html?command=get_materiel&rest_code=00109&code=00101016071&supplier_code=00100035&order_time=2020-07-13 HTTP/1.1" 200 416
172.17.200.101 - - [13/Jul/2020:09:27:44 +0800] "GET /xingrg/all/function/internal_message.html?_=1594603665384&CODE_STATE=getMsg HTTP/1.1" 200 27
172.17.200.101 - - [13/Jul/2020:09:27:45 +0800] "POST /xingrg/dwr/call/plaincall/AjaxReportQueryService.refreshCache.dwr HTTP/1.1" 200 78
114.86.190.97 - - [13/Jul/2020:09:27:46 +0800] "GET /xingrg/login.html HTTP/1.1" 200 7641
114.86.190.97 - - [13/Jul/2020:09:27:46 +0800] "GET /xingrg/images/blue/jxLogo.png HTTP/1.1" 304 -
114.86.190.97 - - [13/Jul/2020:09:27:46 +0800] "GET /xingrg/images/blue/login_bg.png HTTP/1.1" 304 -
114.86.190.97 - - [13/Jul/2020:09:27:46 +0800] "GET /xingrg/images/blue/hj.png HTTP/1.1" 304 -
114.86.190.97 - - [13/Jul/2020:09:27:46 +0800] "GET /xingrg/images/blue/srbg.png HTTP/1.1" 304 -
61.172.5.115 - - [13/Jul/2020:09:27:46 +0800] "GET /xingrg/all/function/internal_message.html?_=1594603667569&CODE_STATE=getMsg HTTP/1.1" 200 27
114.86.190.97 - - [13/Jul/2020:09:27:46 +0800] "GET /favicon.ico HTTP/1.1" 404 -
114.89.80.44 - - [13/Jul/2020:09:27:47 +0800] "POST /xingrg/all/user/operate.html HTTP/1.1" 200 36
116.232.49.26 - - [13/Jul/2020:09:27:47 +0800] "GET /xingrg/kc/buy/cgsh_order_operate.html?command=get_materiel&rest_code=00109&code=00101016017&supplier_code=00100035&order_time=2020-07-13 HTTP/1.1" 200 408
114.89.80.44 - - [13/Jul/2020:09:27:47 +0800] "GET /xingrg/index.html?sysBaseUrl=http%3A%2F%2F180.169.147.146%3A18081%2Fxingrg%2F&costTime=39×tamp=1594450386989 HTTP/1.1" 200 17177
114.89.80.44 - - [13/Jul/2020:09:27:47 +0800] "GET /xingrg/javascript/jquery_easy_ui/themes/default/easyui.css HTTP/1.1" 304 -
114.89.80.44 - - [13/Jul/2020:09:27:47 +0800] "GET /xingrg/javascript/jquery_easy_ui/themes/icon.css HTTP/1.1" 304 -
114.89.80.44 - - [13/Jul/2020:09:27:47 +0800] "GET /xingrg/css/form.css HTTP/1.1" 304 -
114.89.80.44 - - [13/Jul/2020:09:27:47 +0800] "GET /xingrg/javascript/jquery-1.4.2.min.js HTTP/1.1" 304 -
114.89.80.44 - - [13/Jul/2020:09:27:47 +0800] "GET /xingrg/javascript/jquery_easy_ui/jquery.easyui.min.js HTTP/1.1" 304 -
114.89.80.44 - - [13/Jul/2020:09:27:47 +0800] "GET /xingrg/javascript/jquery_easy_ui/easyui-lang-zh_CN.js HTTP/1.1" 304 -
114.89.80.44 - - [13/Jul/2020:09:27:47 +0800] "GET /xingrg/javascript/jquery.form.js HTTP/1.1" 304 -
114.89.80.44 - - [13/Jul/2020:09:27:47 +0800] "GET /xingrg/javascript/jquery.utils.js HTTP/1.1" 304 -
114.89.80.44 - - [13/Jul/2020:09:27:47 +0800] "GET /xingrg/javascript/jquery.timers.js HTTP/1.1" 304 -
114.89.80.44 - - [13/Jul/2020:09:27:47 +0800] "GET /xingrg/images/blue/jxLogo.png HTTP/1.1" 304 -
114.89.80.44 - - [13/Jul/2020:09:27:47 +0800] "GET /xingrg/images/blue/navBackgound.jpg HTTP/1.1" 304 -
114.89.80.44 - - [13/Jul/2020:09:27:47 +0800] "GET /xingrg/javascript/jquery_easy_ui/themes/icons/settle_new.png HTTP/1.1" 304 -
114.89.80.44 - - [13/Jul/2020:09:27:47 +0800] "POST /xingrg/all/common/load_tree.html?tree=area_rest_tree_json&manage=1 HTTP/1.1" 200 476
172.17.200.101 - - [13/Jul/2020:09:27:47 +0800] "POST /xingrg/all/report/load_report_page.html HTTP/1.1" 200 257252
114.89.80.44 - - [13/Jul/2020:09:27:47 +0800] "GET /xingrg/all/function/internal_message.html?_=1594603667843&CODE_STATE=count HTTP/1.1" 200 11
114.89.80.44 - - [13/Jul/2020:09:27:47 +0800] "GET /xingrg/check_reg.html?_=1594603667844 HTTP/1.1" 200 22
114.89.80.44 - - [13/Jul/2020:09:27:47 +0800] "GET /xingrg/javascript/jquery_easy_ui/themes/default/images/panel_tool_collapse.gif HTTP/1.1" 304 -
114.89.80.44 - - [13/Jul/2020:09:27:47 +0800] "GET /xingrg/images/blue/pingpu.png HTTP/1.1" 304 -
114.89.80.44 - - [13/Jul/2020:09:27:47 +0800] "GET /xingrg/javascript/jquery_easy_ui/themes/default/images/tabs_rightarrow.png HTTP/1.1" 304 -
114.89.80.44 - - [13/Jul/2020:09:27:47 +0800] "GET /xingrg/javascript/jquery_easy_ui/themes/default/images/tabs_leftarrow.png HTTP/1.1" 304 -
114.89.80.44 - - [13/Jul/2020:09:27:47 +0800] "POST /xingrg/load_menu.html HTTP/1.1" 200 5138
114.88.170.9 - - [13/Jul/2020:09:27:47 +0800] "GET /xingrg/kc/buy/cgsh_order_operate.html?command=get_materiel&rest_code=00111&code=00101002027&supplier_code=00100199&order_time=2020-07-13 HTTP/1.1" 200 413
172.17.200.101 - - [13/Jul/2020:09:27:47 +0800] "GET /xingrg/servlets/image?cache=0.8429329919125819&image=px HTTP/1.1" 200 807
114.88.156.166 - - [13/Jul/2020:09:27:48 +0800] "GET /xingrg/all/function/internal_message.html?_=1594603668850&CODE_STATE=getMsg HTTP/1.1" 200 27
116.230.77.149 - - [13/Jul/2020:09:27:48 +0800] "GET /xingrg/kc/buy/cgsh_order_operate.html?command=get_materiel&rest_code=00107&code=00101010136&supplier_code=00100033&order_time=2020-07-13 HTTP/1.1" 200 408
114.89.80.44 - - [13/Jul/2020:09:27:49 +0800] "GET /xingrg/kc/buy/cgsh_order_list.html HTTP/1.1" 200 43517
114.89.80.44 - - [13/Jul/2020:09:27:50 +0800] "POST /xingrg/kc/buy/cgsh_list_operate.html HTTP/1.1" 200 1688
172.17.0.120 - - [13/Jul/2020:09:27:51 +0800] "GET /xingrg/all/function/internal_message.html?_=1594603670108&CODE_STATE=getMsg HTTP/1.1" 200 27
114.86.190.97 - - [13/Jul/2020:09:27:51 +0800] "POST /xingrg/login.do HTTP/1.1" 200 2421
114.86.190.97 - - [13/Jul/2020:09:27:51 +0800] "GET /xingrg/javascript/myfunction.js HTTP/1.1" 304 -
114.86.190.97 - - [13/Jul/2020:09:27:51 +0800] "GET /xingrg/css/blue.css HTTP/1.1" 304 -
114.86.190.97 - - [13/Jul/2020:09:27:51 +0800] "GET /xingrg/images/blue/pic_top.gif HTTP/1.1" 200 3656
114.86.190.97 - - [13/Jul/2020:09:27:51 +0800] "GET /xingrg/images/blue/pic_notice.jpg HTTP/1.1" 200 3583
114.86.190.97 - - [13/Jul/2020:09:27:51 +0800] "GET /xingrg/images/blue/error_top.gif HTTP/1.1" 200 1790
114.86.190.97 - - [13/Jul/2020:09:27:51 +0800] "GET /xingrg/images/blue/error_mid.gif HTTP/1.1" 200 215
114.86.190.97 - - [13/Jul/2020:09:27:51 +0800] "GET /xingrg/images/blue/error_buttom.gif HTTP/1.1" 200 1750
114.86.190.97 - - [13/Jul/2020:09:27:51 +0800] "GET /favicon.ico HTTP/1.1" 404 -
116.232.49.26 - - [13/Jul/2020:09:27:51 +0800] "GET /xingrg/kc/buy/cgsh_order_operate.html?command=get_materiel&rest_code=00109&code=00101019224&supplier_code=00100035&order_time=2020-07-13 HTTP/1.1" 200 408
114.89.80.44 - - [13/Jul/2020:09:27:52 +0800] "GET /xingrg/javascript/jquery_tools/images/next.gif HTTP/1.1" 404 1086
114.89.80.44 - - [13/Jul/2020:09:27:52 +0800] "GET /xingrg/javascript/jquery_tools/images/prev.gif HTTP/1.1" 404 1086
114.86.190.97 - - [13/Jul/2020:09:27:53 +0800] "GET /xingrg/login.html HTTP/1.1" 200 7641
114.86.190.97 - - [13/Jul/2020:09:27:53 +0800] "GET /xingrg/images/blue/jxLogo.png HTTP/1.1" 304 -
114.86.190.97 - - [13/Jul/2020:09:27:53 +0800] "GET /xingrg/images/blue/login_bg.png HTTP/1.1" 304 -
114.86.190.97 - - [13/Jul/2020:09:27:53 +0800] "GET /xingrg/images/blue/hj.png HTTP/1.1" 304 -
114.86.190.97 - - [13/Jul/2020:09:27:53 +0800] "GET /xingrg/images/blue/srbg.png HTTP/1.1" 304 -
114.86.190.97 - - [13/Jul/2020:09:27:53 +0800] "GET /favicon.ico HTTP/1.1" 404 -
114.86.190.97 - - [13/Jul/2020:09:27:55 +0800] "POST /xingrg/login.do HTTP/1.1" 302 -
114.86.190.97 - - [13/Jul/2020:09:27:55 +0800] "GET /xingrg/javascript/jquery_easy_ui/themes/default/easyui.css HTTP/1.1" 304 -
114.86.190.97 - - [13/Jul/2020:09:27:55 +0800] "GET /xingrg/javascript/jquery_easy_ui/themes/icon.css HTTP/1.1" 304 -
114.86.190.97 - - [13/Jul/2020:09:27:55 +0800] "GET /xingrg/index.html?sysBaseUrl=http%3A%2F%2F180.169.147.146%3A18081%2Fxingrg%2F&costTime=39×tamp=1594603675372 HTTP/1.1" 200 17179
114.86.190.97 - - [13/Jul/2020:09:27:55 +0800] "GET /xingrg/css/form.css HTTP/1.1" 304 -
114.86.190.97 - - [13/Jul/2020:09:27:55 +0800] "GET /xingrg/javascript/jquery-1.4.2.min.js HTTP/1.1" 304 -
114.86.190.97 - - [13/Jul/2020:09:27:55 +0800] "GET /xingrg/javascript/jquery_easy_ui/jquery.easyui.min.js HTTP/1.1" 304 -
114.86.190.97 - - [13/Jul/2020:09:27:55 +0800] "GET /xingrg/javascript/jquery.utils.js HTTP/1.1" 304 -
114.86.190.97 - - [13/Jul/2020:09:27:55 +0800] "GET /xingrg/javascript/jquery.timers.js HTTP/1.1" 304 -
114.86.190.97 - - [13/Jul/2020:09:27:55 +0800] "GET /xingrg/javascript/jquery_easy_ui/easyui-lang-zh_CN.js HTTP/1.1" 304 -
114.86.190.97 - - [13/Jul/2020:09:27:55 +0800] "GET /xingrg/javascript/jquery.form.js HTTP/1.1" 304 -
114.86.190.97 - - [13/Jul/2020:09:27:55 +0800] "GET /xingrg/images/blue/jxLogo.png HTTP/1.1" 304 -
114.86.190.97 - - [13/Jul/2020:09:27:55 +0800] "GET /favicon.ico HTTP/1.1" 404 -
114.86.190.97 - - [13/Jul/2020:09:27:55 +0800] "GET /xingrg/images/blue/navBackgound.jpg HTTP/1.1" 304 -
114.86.190.97 - - [13/Jul/2020:09:27:55 +0800] "GET /xingrg/javascript/jquery_easy_ui/themes/icons/settle_new.png HTTP/1.1" 304 -
114.86.190.97 - - [13/Jul/2020:09:27:55 +0800] "POST /xingrg/all/common/load_tree.html?tree=area_rest_tree_json&manage=1 HTTP/1.1" 200 351
114.86.190.97 - - [13/Jul/2020:09:27:55 +0800] "GET /xingrg/images/blue/pingpu.png HTTP/1.1" 304 -
114.86.190.97 - - [13/Jul/2020:09:27:55 +0800] "GET /xingrg/javascript/jquery_easy_ui/themes/default/images/tabs_leftarrow.png HTTP/1.1" 304 -
114.86.190.97 - - [13/Jul/2020:09:27:55 +0800] "GET /xingrg/javascript/jquery_easy_ui/themes/default/images/tabs_rightarrow.png HTTP/1.1" 304 -
114.86.190.97 - - [13/Jul/2020:09:27:55 +0800] "GET /xingrg/javascript/jquery_easy_ui/themes/default/images/panel_tool_collapse.gif HTTP/1.1" 304 -
222.69.128.54 - - [13/Jul/2020:09:27:55 +0800] "GET /xingrg/all/function/internal_message.html?_=1594603674870&CODE_STATE=getMsg HTTP/1.1" 200 27
114.86.190.97 - - [13/Jul/2020:09:27:55 +0800] "GET /xingrg/all/function/internal_message.html?_=1594603677190&CODE_STATE=count HTTP/1.1" 200 11
114.86.190.97 - - [13/Jul/2020:09:27:55 +0800] "GET /xingrg/check_reg.html?_=1594603677191 HTTP/1.1" 200 22
114.86.190.97 - - [13/Jul/2020:09:27:55 +0800] "GET /xingrg/javascript/jquery_easy_ui/themes/default/images/tree_arrows.gif HTTP/1.1" 304 -
114.86.190.97 - - [13/Jul/2020:09:27:55 +0800] "POST /xingrg/load_menu.html HTTP/1.1" 200 5138
172.17.200.101 - - [13/Jul/2020:09:27:55 +0800] "POST /xingrg/all/report/report_print.html HTTP/1.1" 200 26148
114.86.190.97 - - [13/Jul/2020:09:27:55 +0800] "GET /xingrg/javascript/jquery_easy_ui/themes/default/images/tree_folder_open.gif HTTP/1.1" 304 -
114.86.190.97 - - [13/Jul/2020:09:27:55 +0800] "GET /xingrg/javascript/jquery_easy_ui/themes/icons/search_new.png HTTP/1.1" 304 -
114.86.190.97 - - [13/Jul/2020:09:27:55 +0800] "GET /xingrg/javascript/jquery_easy_ui/themes/icons/storage_new.png HTTP/1.1" 304 -
114.86.190.97 - - [13/Jul/2020:09:27:55 +0800] "GET /xingrg/javascript/jquery_easy_ui/themes/default/images/tree_folder.gif HTTP/1.1" 304 -
114.86.190.97 - - [13/Jul/2020:09:27:55 +0800] "GET /xingrg/javascript/jquery_easy_ui/themes/icons/forms_new.png HTTP/1.1" 304 -
114.86.190.97 - - [13/Jul/2020:09:27:55 +0800] "GET /xingrg/javascript/jquery_easy_ui/themes/default/images/tree_file.gif HTTP/1.1" 304 -
116.232.49.26 - - [13/Jul/2020:09:27:56 +0800] "GET /xingrg/kc/buy/cgsh_order_operate.html?command=get_materiel&rest_code=00109&code=00101012026&supplier_code=00100035&order_time=2020-07-13 HTTP/1.1" 200 408
114.86.190.97 - - [13/Jul/2020:09:27:57 +0800] "GET /xingrg/javascript/jquery_easy_ui/themes/default/images/tabs_close.gif HTTP/1.1" 304 -
114.86.190.97 - - [13/Jul/2020:09:27:57 +0800] "GET /xingrg/css/site.css HTTP/1.1" 304 -
114.86.190.97 - - [13/Jul/2020:09:27:57 +0800] "GET /xingrg/css/base.css HTTP/1.1" 304 -
114.86.190.97 - - [13/Jul/2020:09:27:57 +0800] "GET /xingrg/javascript/jquery_tools/datebox.css HTTP/1.1" 304 -
114.86.190.97 - - [13/Jul/2020:09:27:57 +0800] "GET /xingrg/javascript/jquery_tools/jquery.tools.table.js HTTP/1.1" 304 -
114.86.190.97 - - [13/Jul/2020:09:27:57 +0800] "GET /xingrg/javascript/jquery_tools/fix.css HTTP/1.1" 304 -
114.86.190.97 - - [13/Jul/2020:09:27:57 +0800] "GET /xingrg/javascript/jquery_tools/table.css HTTP/1.1" 304 -
114.86.190.97 - - [13/Jul/2020:09:27:57 +0800] "GET /xingrg/javascript/jquery_tools/jquery.tools.min.js HTTP/1.1" 304 -
114.86.190.97 - - [13/Jul/2020:09:27:57 +0800] "GET /xingrg/javascript/jquery_tools/list_manager.js HTTP/1.1" 304 -
114.86.190.97 - - [13/Jul/2020:09:27:57 +0800] "GET /xingrg/javascript/jquery_tools/jquery.tools.extend.js HTTP/1.1" 304 -
114.86.190.97 - - [13/Jul/2020:09:27:57 +0800] "GET /xingrg/javascript/auto/jquery.autocomplete.js HTTP/1.1" 304 -
114.86.190.97 - - [13/Jul/2020:09:27:57 +0800] "GET /xingrg/javascript/jquery_tools/jquery.tools.hotkey.js HTTP/1.1" 304 -
114.86.190.97 - - [13/Jul/2020:09:27:57 +0800] "GET /xingrg/javascript/easyui/themes/default/easyui.css HTTP/1.1" 304 -
114.86.190.97 - - [13/Jul/2020:09:27:57 +0800] "GET /xingrg/javascript/easyui/easyloader.js HTTP/1.1" 304 -
114.86.190.97 - - [13/Jul/2020:09:27:57 +0800] "GET /xingrg/javascript/jquery.utils.js HTTP/1.1" 304 -
114.86.190.97 - - [13/Jul/2020:09:27:57 +0800] "GET /xingrg/javascript/easyui/themes/icon.css HTTP/1.1" 304 -
114.86.190.97 - - [13/Jul/2020:09:27:57 +0800] "GET /xingrg/javascript/auto/jquery.autocomplete.css HTTP/1.1" 304 -
114.86.190.97 - - [13/Jul/2020:09:27:57 +0800] "GET /xingrg/javascript/print/LodopFuncs.js HTTP/1.1" 304 -
114.86.190.97 - - [13/Jul/2020:09:27:57 +0800] "GET /xingrg/javascript/jquery.cookie.js HTTP/1.1" 304 -
114.86.190.97 - - [13/Jul/2020:09:27:57 +0800] "GET /xingrg/kc/buy/cgsh_order_list.html HTTP/1.1" 200 43519
114.86.190.97 - - [13/Jul/2020:09:27:57 +0800] "GET /xingrg/javascript/easyui/themes/icons/field_new.png HTTP/1.1" 304 -
114.86.190.97 - - [13/Jul/2020:09:27:57 +0800] "GET /xingrg/javascript/easyui/themes/icons/edit_add_new.png HTTP/1.1" 304 -
114.86.190.97 - - [13/Jul/2020:09:27:57 +0800] "GET /xingrg/javascript/easyui/themes/icons/cance_new.png HTTP/1.1" 304 -
114.86.190.97 - - [13/Jul/2020:09:27:57 +0800] "GET /xingrg/javascript/easyui/themes/icons/check_new.png HTTP/1.1" 304 -
114.86.190.97 - - [13/Jul/2020:09:27:57 +0800] "GET /xingrg/javascript/easyui/themes/icons/import_new.png HTTP/1.1" 304 -
114.86.190.97 - - [13/Jul/2020:09:27:57 +0800] "GET /xingrg/javascript/jquery_easy_ui/themes/icons/rest.png HTTP/1.1" 304 -
114.86.190.97 - - [13/Jul/2020:09:27:57 +0800] "GET /xingrg/javascript/jquery_easy_ui/themes/icons/area.png HTTP/1.1" 304 -
114.86.190.97 - - [13/Jul/2020:09:27:57 +0800] "GET /xingrg/javascript/easyui/plugins/jquery.parser.js HTTP/1.1" 304 -
114.86.190.97 - - [13/Jul/2020:09:27:57 +0800] "GET /xingrg/images/control/ajaxLoader.gif HTTP/1.1" 304 -
114.86.190.97 - - [13/Jul/2020:09:27:58 +0800] "POST /xingrg/kc/buy/cgsh_list_operate.html HTTP/1.1" 200 876
114.86.190.97 - - [13/Jul/2020:09:27:59 +0800] "GET /xingrg/javascript/easyui/themes/default/images/button_plain_hover.png HTTP/1.1" 304 -
114.86.190.97 - - [13/Jul/2020:09:27:59 +0800] "GET /xingrg/javascript/easyui/themes/default/images/button_plain_hover.png HTTP/1.1" 304 -
114.86.190.97 - - [13/Jul/2020:09:27:59 +0800] "GET /xingrg/javascript/easyui/themes/icon.css HTTP/1.1" 304 -
114.86.190.97 - - [13/Jul/2020:09:27:59 +0800] "GET /xingrg/css/base.css HTTP/1.1" 304 -
114.86.190.97 - - [13/Jul/2020:09:27:59 +0800] "GET /xingrg/css/site.css HTTP/1.1" 304 -
114.86.190.97 - - [13/Jul/2020:09:27:59 +0800] "GET /xingrg/javascript/easyui/themes/default/easyui.css HTTP/1.1" 304 -
114.86.190.97 - - [13/Jul/2020:09:27:59 +0800] "GET /xingrg/javascript/jquery_tools/fix.css HTTP/1.1" 304 -
114.86.190.97 - - [13/Jul/2020:09:27:59 +0800] "GET /xingrg/javascript/auto/jquery.autocomplete.css HTTP/1.1" 304 -
114.86.190.97 - - [13/Jul/2020:09:27:59 +0800] "GET /xingrg/javascript/jquery_tools/datebox.css HTTP/1.1" 304 -
114.86.190.97 - - [13/Jul/2020:09:27:59 +0800] "GET /xingrg/javascript/jquery_tools/table.css HTTP/1.1" 304 -
114.86.190.97 - - [13/Jul/2020:09:27:59 +0800] "GET /xingrg/javascript/pic_change.js HTTP/1.1" 304 -
114.86.190.97 - - [13/Jul/2020:09:27:59 +0800] "GET /xingrg/javascript/jquery_tools/jquery.tools.min.js HTTP/1.1" 304 -
114.86.190.97 - - [13/Jul/2020:09:27:59 +0800] "GET /xingrg/javascript/jquery_tools/jquery.tools.extend.js HTTP/1.1" 304 -
114.86.190.97 - - [13/Jul/2020:09:27:59 +0800] "GET /xingrg/javascript/jquery_tools/jquery.tools.hotkey.js HTTP/1.1" 304 -
114.86.190.97 - - [13/Jul/2020:09:27:59 +0800] "GET /xingrg/javascript/jquery_tools/jquery.tools.table.js HTTP/1.1" 304 -
114.86.190.97 - - [13/Jul/2020:09:27:59 +0800] "GET /xingrg/javascript/jquery.utils.js HTTP/1.1" 304 -
114.86.190.97 - - [13/Jul/2020:09:27:59 +0800] "GET /xingrg/javascript/auto/jquery.autocomplete.js HTTP/1.1" 304 -
114.86.190.97 - - [13/Jul/2020:09:27:59 +0800] "GET /xingrg/javascript/jquery.cookie.js HTTP/1.1" 304 -
114.86.190.97 - - [13/Jul/2020:09:27:59 +0800] "GET /xingrg/javascript/easyui/easyloader.js HTTP/1.1" 304 -
114.86.190.97 - - [13/Jul/2020:09:27:59 +0800] "GET /xingrg/javascript/convert.js HTTP/1.1" 304 -
114.86.190.97 - - [13/Jul/2020:09:27:59 +0800] "GET /xingrg/javascript/print/kc_print.js HTTP/1.1" 304 -
114.86.190.97 - - [13/Jul/2020:09:27:59 +0800] "GET /xingrg/javascript/jquery_tools/order_manager.js HTTP/1.1" 304 -
114.86.190.97 - - [13/Jul/2020:09:27:59 +0800] "GET /xingrg/javascript/json2.js HTTP/1.1" 304 -
114.86.190.97 - - [13/Jul/2020:09:27:59 +0800] "GET /xingrg/javascript/print/LodopFuncs.js HTTP/1.1" 304 -
114.86.190.97 - - [13/Jul/2020:09:27:59 +0800] "GET /xingrg/kc/buy/cgsh_order_add.html HTTP/1.1" 200 59251
114.86.190.97 - - [13/Jul/2020:09:27:59 +0800] "GET /xingrg/words/20200712163612_words.js HTTP/1.1" 304 -
114.86.190.97 - - [13/Jul/2020:09:27:59 +0800] "GET /xingrg/javascript/easyui/themes/icons/copy_new.png HTTP/1.1" 304 -
114.86.190.97 - - [13/Jul/2020:09:27:59 +0800] "GET /xingrg/javascript/easyui/themes/icons/template_new.png HTTP/1.1" 304 -
114.86.190.97 - - [13/Jul/2020:09:27:59 +0800] "GET /xingrg/javascript/easyui/themes/icons/ok.png HTTP/1.1" 304 -
114.86.190.97 - - [13/Jul/2020:09:27:59 +0800] "GET /xingrg/javascript/easyui/themes/icons/print.png HTTP/1.1" 304 -
114.86.190.97 - - [13/Jul/2020:09:27:59 +0800] "GET /xingrg/javascript/easyui/themes/default/images/menu_downarrow.png HTTP/1.1" 304 -
114.86.190.97 - - [13/Jul/2020:09:27:59 +0800] "GET /xingrg/javascript/easyui/themes/icons/cancel.png HTTP/1.1" 304 -
114.86.190.97 - - [13/Jul/2020:09:27:59 +0800] "GET /xingrg/javascript/easyui/plugins/jquery.parser.js HTTP/1.1" 304 -
114.86.190.97 - - [13/Jul/2020:09:27:59 +0800] "POST /xingrg/kc/buy/cgsh_order_operate.html HTTP/1.1" 200 8245
114.86.190.97 - - [13/Jul/2020:09:27:59 +0800] "GET /xingrg/javascript/easyui/themes/icons/edit_remove.png HTTP/1.1" 304 -
114.86.190.97 - - [13/Jul/2020:09:27:59 +0800] "GET /xingrg/javascript/easyui/themes/default/images/button_plain_hover.png HTTP/1.1" 304 -
114.86.190.97 - - [13/Jul/2020:09:27:59 +0800] "GET /xingrg/all/common/auto_word.html?type=employee&rest_code=00148 HTTP/1.1" 200 147
114.86.190.97 - - [13/Jul/2020:09:27:59 +0800] "GET /xingrg/all/common/auto_word.html?type=employee&rest_code=00148 HTTP/1.1" 200 147
114.86.190.97 - - [13/Jul/2020:09:27:59 +0800] "GET /xingrg/javascript/easyui/themes/default/images/button_plain_hover.png HTTP/1.1" 304 -
114.86.190.97 - - [13/Jul/2020:09:27:59 +0800] "GET /xingrg/javascript/easyui/themes/default/validatebox.css HTTP/1.1" 404 1104
114.86.190.97 - - [13/Jul/2020:09:27:59 +0800] "GET /xingrg/javascript/easyui/plugins/jquery.validatebox.js HTTP/1.1" 304 -
114.86.190.97 - - [13/Jul/2020:09:27:59 +0800] "GET /xingrg/javascript/easyui/plugins/jquery.numberbox.js HTTP/1.1" 304 -
114.88.170.9 - - [13/Jul/2020:09:28:00 +0800] "GET /xingrg/check_reg.html?_=1594603704562 HTTP/1.1" 200 22
114.86.190.97 - - [13/Jul/2020:09:28:00 +0800] "GET /xingrg/javascript/auto/indicator.gif HTTP/1.1" 404 1066
114.88.170.9 - - [13/Jul/2020:09:28:00 +0800] "GET /xingrg/kc/buy/cgsh_order_operate.html?command=get_materiel&rest_code=00111&code=00101002006&supplier_code=00100199&order_time=2020-07-13 HTTP/1.1" 200 413
114.86.190.97 - - [13/Jul/2020:09:28:03 +0800] "GET /xingrg/javascript/jquery_tools/images/prev.gif HTTP/1.1" 404 1086
114.86.190.97 - - [13/Jul/2020:09:28:03 +0800] "GET /xingrg/javascript/jquery_tools/images/next.gif HTTP/1.1" 404 1086
114.86.190.97 - - [13/Jul/2020:09:28:03 +0800] "GET /xingrg/javascript/pic_change.js HTTP/1.1" 304 -
114.86.190.97 - - [13/Jul/2020:09:28:03 +0800] "GET /xingrg/javascript/jquery_tools/jquery.tools.min.js HTTP/1.1" 304 -
114.86.190.97 - - [13/Jul/2020:09:28:03 +0800] "GET /xingrg/javascript/jquery_tools/jquery.tools.extend.js HTTP/1.1" 304 -
114.86.190.97 - - [13/Jul/2020:09:28:03 +0800] "GET /xingrg/javascript/jquery_tools/jquery.tools.hotkey.js HTTP/1.1" 304 -
114.86.190.97 - - [13/Jul/2020:09:28:03 +0800] "GET /xingrg/javascript/jquery_tools/jquery.tools.table.js HTTP/1.1" 304 -
114.86.190.97 - - [13/Jul/2020:09:28:03 +0800] "GET /xingrg/javascript/auto/jquery.autocomplete.js HTTP/1.1" 304 -
114.86.190.97 - - [13/Jul/2020:09:28:03 +0800] "GET /xingrg/javascript/easyui/easyloader.js HTTP/1.1" 304 -
114.86.190.97 - - [13/Jul/2020:09:28:03 +0800] "GET /xingrg/javascript/jquery_tools/order_manager.js HTTP/1.1" 304 -
114.86.190.97 - - [13/Jul/2020:09:28:03 +0800] "GET /xingrg/javascript/convert.js HTTP/1.1" 304 -
114.86.190.97 - - [13/Jul/2020:09:28:03 +0800] "GET /xingrg/javascript/jquery.utils.js HTTP/1.1" 304 -
114.86.190.97 - - [13/Jul/2020:09:28:03 +0800] "GET /xingrg/javascript/json2.js HTTP/1.1" 304 -
114.86.190.97 - - [13/Jul/2020:09:28:03 +0800] "GET /xingrg/javascript/jquery.cookie.js HTTP/1.1" 304 -
114.86.190.97 - - [13/Jul/2020:09:28:03 +0800] "GET /xingrg/javascript/print/kc_print.js HTTP/1.1" 304 -
114.86.190.97 - - [13/Jul/2020:09:28:03 +0800] "GET /xingrg/javascript/print/LodopFuncs.js HTTP/1.1" 304 -
114.86.190.97 - - [13/Jul/2020:09:28:03 +0800] "GET /xingrg/javascript/easyui/plugins/jquery.parser.js HTTP/1.1" 304 -
114.86.190.97 - - [13/Jul/2020:09:28:03 +0800] "GET /xingrg/javascript/easyui/plugins/jquery.validatebox.js HTTP/1.1" 304 -
114.86.190.97 - - [13/Jul/2020:09:28:03 +0800] "GET /xingrg/javascript/easyui/plugins/jquery.numberbox.js HTTP/1.1" 304 -
114.86.190.97 - - [13/Jul/2020:09:28:03 +0800] "GET /xingrg/words/20200712163612_words.js HTTP/1.1" 304 -
116.232.49.26 - - [13/Jul/2020:09:28:05 +0800] "GET /xingrg/kc/buy/cgsh_order_operate.html?command=get_materiel&rest_code=00109&code=00101012019&supplier_code=00100035&order_time=2020-07-13 HTTP/1.1" 200 412
124.77.243.181 - - [13/Jul/2020:09:28:06 +0800] "GET /xingrg/all/function/internal_message.html?_=1594603715547&CODE_STATE=getMsg HTTP/1.1" 200 27
116.230.77.149 - - [13/Jul/2020:09:28:10 +0800] "GET /xingrg/kc/buy/cgsh_order_operate.html?command=get_materiel&rest_code=00107&code=00101012070&supplier_code=00100033&order_time=2020-07-13 HTTP/1.1" 200 398
114.86.190.97 - - [13/Jul/2020:09:28:10 +0800] "GET /xingrg/kc/buy/cgsh_order_operate.html?command=get_materiel&rest_code=00148&code=00101008284&supplier_code=00100059&order_time=2020-07-13 HTTP/1.1" 200 413
114.86.190.97 - - [13/Jul/2020:09:28:10 +0800] "GET /xingrg/javascript/easyui/themes/default/images/button_plain_hover.png HTTP/1.1" 304 -
114.89.80.44 - - [13/Jul/2020:09:28:11 +0800] "GET /xingrg/javascript/auto/indicator.gif HTTP/1.1" 404 1066
116.232.49.26 - - [13/Jul/2020:09:28:12 +0800] "GET /xingrg/all/function/internal_message.html?_=1594603750154&CODE_STATE=getMsg HTTP/1.1" 200 27
116.232.49.26 - - [13/Jul/2020:09:28:14 +0800] "POST /xingrg/kc/buy/cgsh_order_operate.html HTTP/1.1" 200 37
116.232.49.26 - - [13/Jul/2020:09:28:15 +0800] "POST /xingrg/kc/buy/cgsh_order_operate.html HTTP/1.1" 200 5603
116.230.77.149 - - [13/Jul/2020:09:28:15 +0800] "GET /xingrg/all/function/internal_message.html?_=1594603693659&CODE_STATE=getMsg HTTP/1.1" 200 27
180.175.214.200 - - [13/Jul/2020:09:28:16 +0800] "GET /xingrg/all/function/internal_message.html?_=1594603903266&CODE_STATE=getMsg HTTP/1.1" 200 27
114.89.80.44 - - [13/Jul/2020:09:28:16 +0800] "POST /xingrg/kc/buy/cgsh_list_operate.html HTTP/1.1" 200 2131
116.232.49.26 - - [13/Jul/2020:09:28:16 +0800] "GET /xingrg/kc/print/load_config.html?kc_code=cgsh HTTP/1.1" 200 1845
116.232.49.26 - - [13/Jul/2020:09:28:16 +0800] "GET /xingrg/kc/print/load_data.html?order_code=212020071305194&kc_code=cgsh&condition= HTTP/1.1" 200 1789
114.86.190.97 - - [13/Jul/2020:09:28:17 +0800] "GET /xingrg/kc/buy/cgsh_order_operate.html?command=get_materiel&rest_code=00148&code=00101008102&supplier_code=00100059&order_time=2020-07-13 HTTP/1.1" 200 413
114.86.190.97 - - [13/Jul/2020:09:28:17 +0800] "GET /xingrg/javascript/easyui/themes/default/images/button_plain_hover.png HTTP/1.1" 304 -
116.230.77.149 - - [13/Jul/2020:09:28:18 +0800] "GET /xingrg/kc/buy/cgsh_order_operate.html?command=get_materiel&rest_code=00107&code=00101012025&supplier_code=00100033&order_time=2020-07-13 HTTP/1.1" 200 412
116.232.49.26 - - [13/Jul/2020:09:28:21 +0800] "GET /xingrg/kc/buy/cgsh_order_add.html HTTP/1.1" 200 59292
116.232.49.26 - - [13/Jul/2020:09:28:22 +0800] "POST /xingrg/kc/buy/cgsh_order_operate.html HTTP/1.1" 200 8245
116.232.49.26 - - [13/Jul/2020:09:28:22 +0800] "GET /xingrg/all/common/auto_word.html?type=employee&rest_code=00109 HTTP/1.1" 200 255
116.232.49.26 - - [13/Jul/2020:09:28:22 +0800] "GET /xingrg/all/common/auto_word.html?type=employee&rest_code=00109 HTTP/1.1" 200 255
116.232.49.26 - - [13/Jul/2020:09:28:22 +0800] "GET /xingrg/javascript/easyui/themes/default/validatebox.css HTTP/1.1" 404 1104
116.232.49.26 - - [13/Jul/2020:09:28:23 +0800] "GET /xingrg/javascript/jquery_tools/images/prev.gif HTTP/1.1" 404 1086
116.232.49.26 - - [13/Jul/2020:09:28:23 +0800] "GET /xingrg/javascript/jquery_tools/images/next.gif HTTP/1.1" 404 1086
114.86.190.97 - - [13/Jul/2020:09:28:24 +0800] "GET /xingrg/kc/buy/cgsh_order_operate.html?command=get_materiel&rest_code=00148&code=00101015044&supplier_code=00100059&order_time=2020-07-13 HTTP/1.1" 200 408
114.86.190.97 - - [13/Jul/2020:09:28:24 +0800] "GET /xingrg/javascript/easyui/themes/default/images/button_plain_hover.png HTTP/1.1" 304 -
116.230.77.149 - - [13/Jul/2020:09:28:26 +0800] "POST /xingrg/kc/buy/cgsh_order_operate.html HTTP/1.1" 200 37
116.232.49.26 - - [13/Jul/2020:09:28:27 +0800] "GET /xingrg/kc/buy/cgsh_order_operate.html?command=get_materiel&rest_code=00109&code=00101006058&supplier_code=00100015&order_time=2020-07-13 HTTP/1.1" 200 413
116.230.77.149 - - [13/Jul/2020:09:28:28 +0800] "POST /xingrg/kc/buy/cgsh_order_operate.html HTTP/1.1" 200 4424
114.88.170.9 - - [13/Jul/2020:09:28:29 +0800] "GET /xingrg/all/function/internal_message.html?_=1594603733285&CODE_STATE=getMsg HTTP/1.1" 200 27
116.230.77.149 - - [13/Jul/2020:09:28:29 +0800] "GET /xingrg/kc/print/load_data.html?order_code=212020071305195&kc_code=cgsh&condition= HTTP/1.1" 200 1381
114.88.170.9 - - [13/Jul/2020:09:28:31 +0800] "GET /xingrg/check_reg.html?_=1594603710045 HTTP/1.1" 200 22
114.88.170.9 - - [13/Jul/2020:09:28:31 +0800] "GET /xingrg/all/function/internal_message.html?_=1594603710103&CODE_STATE=getMsg HTTP/1.1" 200 27
114.86.190.97 - - [13/Jul/2020:09:28:31 +0800] "GET /xingrg/kc/buy/cgsh_order_operate.html?command=get_materiel&rest_code=00148&code=00101015032&supplier_code=00100059&order_time=2020-07-13 HTTP/1.1" 200 419
114.86.190.97 - - [13/Jul/2020:09:28:31 +0800] "GET /xingrg/javascript/easyui/themes/default/images/button_plain_hover.png HTTP/1.1" 304 -
172.17.0.185 - - [13/Jul/2020:09:28:32 +0800] "GET /xingrg/all/function/internal_message.html?_=1594603711314&CODE_STATE=getMsg HTTP/1.1" 200 27
116.232.49.26 - - [13/Jul/2020:09:28:35 +0800] "GET /xingrg/kc/buy/cgsh_order_operate.html?command=get_materiel&rest_code=00109&code=00101006130&supplier_code=00100015&order_time=2020-07-13 HTTP/1.1" 200 427
116.230.77.149 - - [13/Jul/2020:09:28:41 +0800] "GET /xingrg/index.html?sysBaseUrl=http%3A%2F%2F180.169.147.146%3A18081%2Fxingrg%2F&costTime=33×tamp=1585306063269 HTTP/1.1" 302 -
116.230.77.149 - - [13/Jul/2020:09:28:41 +0800] "GET /xingrg/login.html HTTP/1.1" 200 7641
117.184.7.26 - - [13/Jul/2020:09:28:42 +0800] "GET /xingrg/all/function/internal_message.html?_=1594603721756&CODE_STATE=getMsg HTTP/1.1" 200 27
116.233.77.90 - - [13/Jul/2020:09:28:42 +0800] "GET /xingrg/all/function/internal_message.html?_=1594603723264&CODE_STATE=getMsg HTTP/1.1" 302 -
114.88.170.9 - - [13/Jul/2020:09:28:42 +0800] "POST /xingrg/kc/buy/cgsh_order_operate.html HTTP/1.1" 200 37
114.88.170.9 - - [13/Jul/2020:09:28:43 +0800] "POST /xingrg/kc/buy/cgsh_order_operate.html HTTP/1.1" 200 3254
172.17.200.101 - - [13/Jul/2020:09:28:44 +0800] "GET /xingrg/all/function/internal_message.html?_=1594603725385&CODE_STATE=getMsg HTTP/1.1" 200 27
114.88.170.9 - - [13/Jul/2020:09:28:45 +0800] "GET /xingrg/kc/print/load_data.html?order_code=212020071305196&kc_code=cgsh&condition= HTTP/1.1" 200 897
61.172.5.115 - - [13/Jul/2020:09:28:46 +0800] "GET /xingrg/all/function/internal_message.html?_=1594603727570&CODE_STATE=getMsg HTTP/1.1" 200 27
114.86.190.97 - - [13/Jul/2020:09:28:47 +0800] "GET /xingrg/javascript/easyui/themes/default/images/button_plain_hover.png HTTP/1.1" 304 -
114.86.190.97 - - [13/Jul/2020:09:28:47 +0800] "GET /xingrg/javascript/easyui/themes/default/images/button_plain_hover.png HTTP/1.1" 304 -
114.86.190.97 - - [13/Jul/2020:09:28:47 +0800] "GET /xingrg/javascript/easyui/themes/default/images/button_plain_hover.png HTTP/1.1" 304 -
114.89.80.44 - - [13/Jul/2020:09:28:47 +0800] "GET /xingrg/all/function/internal_message.html?_=1594603727862&CODE_STATE=getMsg HTTP/1.1" 200 27
114.86.190.97 - - [13/Jul/2020:09:28:47 +0800] "GET /xingrg/javascript/easyui/themes/default/images/button_plain_hover.png HTTP/1.1" 304 -
114.86.190.97 - - [13/Jul/2020:09:28:47 +0800] "GET /xingrg/javascript/easyui/themes/default/images/button_plain_hover.png HTTP/1.1" 304 -
114.86.190.97 - - [13/Jul/2020:09:28:47 +0800] "GET /xingrg/javascript/easyui/themes/default/images/button_plain_hover.png HTTP/1.1" 304 -
114.88.156.166 - - [13/Jul/2020:09:28:47 +0800] "GET /xingrg/all/function/internal_message.html?_=1594603728846&CODE_STATE=getMsg HTTP/1.1" 200 27
114.86.190.97 - - [13/Jul/2020:09:28:49 +0800] "POST /xingrg/kc/buy/cgsh_order_operate.html HTTP/1.1" 200 37
116.232.49.26 - - [13/Jul/2020:09:28:50 +0800] "GET /xingrg/kc/buy/cgsh_order_operate.html?command=get_materiel&rest_code=00109&code=00101006129&supplier_code=00100015&order_time=2020-07-13 HTTP/1.1" 200 431
114.86.190.97 - - [13/Jul/2020:09:28:50 +0800] "POST /xingrg/kc/buy/cgsh_order_operate.html HTTP/1.1" 200 4429
114.86.190.97 - - [13/Jul/2020:09:28:51 +0800] "GET /xingrg/javascript/easyui/themes/default/images/button_plain_hover.png HTTP/1.1" 304 -
172.17.0.120 - - [13/Jul/2020:09:28:51 +0800] "GET /xingrg/all/function/internal_message.html?_=1594603730105&CODE_STATE=getMsg HTTP/1.1" 200 27
114.86.190.97 - - [13/Jul/2020:09:28:51 +0800] "GET /xingrg/javascript/easyui/themes/default/images/button_plain_hover.png HTTP/1.1" 304 -
114.86.190.97 - - [13/Jul/2020:09:28:51 +0800] "GET /xingrg/javascript/easyui/themes/default/images/button_plain_hover.png HTTP/1.1" 304 -
114.86.190.97 - - [13/Jul/2020:09:28:54 +0800] "GET /xingrg/css/base.css HTTP/1.1" 304 -
114.86.190.97 - - [13/Jul/2020:09:28:54 +0800] "GET /xingrg/css/site.css HTTP/1.1" 304 -
114.86.190.97 - - [13/Jul/2020:09:28:54 +0800] "GET /xingrg/javascript/easyui/themes/default/easyui.css HTTP/1.1" 304 -
114.86.190.97 - - [13/Jul/2020:09:28:54 +0800] "GET /xingrg/javascript/jquery_tools/datebox.css HTTP/1.1" 304 -
114.86.190.97 - - [13/Jul/2020:09:28:54 +0800] "GET /xingrg/javascript/auto/jquery.autocomplete.css HTTP/1.1" 304 -
114.86.190.97 - - [13/Jul/2020:09:28:54 +0800] "GET /xingrg/javascript/easyui/themes/icon.css HTTP/1.1" 304 -
114.86.190.97 - - [13/Jul/2020:09:28:54 +0800] "GET /xingrg/kc/buy/cgsh_order_add.html HTTP/1.1" 200 59251
114.86.190.97 - - [13/Jul/2020:09:28:54 +0800] "GET /xingrg/javascript/jquery_tools/fix.css HTTP/1.1" 304 -
114.86.190.97 - - [13/Jul/2020:09:28:54 +0800] "GET /xingrg/javascript/jquery_tools/table.css HTTP/1.1" 304 -
114.86.190.97 - - [13/Jul/2020:09:28:54 +0800] "GET /xingrg/javascript/jquery_tools/jquery.tools.min.js HTTP/1.1" 304 -
114.86.190.97 - - [13/Jul/2020:09:28:54 +0800] "GET /xingrg/javascript/pic_change.js HTTP/1.1" 304 -
114.86.190.97 - - [13/Jul/2020:09:28:54 +0800] "GET /xingrg/javascript/jquery_tools/jquery.tools.extend.js HTTP/1.1" 304 -
114.86.190.97 - - [13/Jul/2020:09:28:54 +0800] "GET /xingrg/javascript/jquery_tools/jquery.tools.table.js HTTP/1.1" 304 -
114.86.190.97 - - [13/Jul/2020:09:28:54 +0800] "GET /xingrg/javascript/auto/jquery.autocomplete.js HTTP/1.1" 304 -
114.86.190.97 - - [13/Jul/2020:09:28:54 +0800] "GET /xingrg/javascript/jquery_tools/jquery.tools.hotkey.js HTTP/1.1" 304 -
114.86.190.97 - - [13/Jul/2020:09:28:54 +0800] "GET /xingrg/javascript/jquery_tools/order_manager.js HTTP/1.1" 304 -
114.86.190.97 - - [13/Jul/2020:09:28:54 +0800] "GET /xingrg/javascript/easyui/easyloader.js HTTP/1.1" 304 -
114.86.190.97 - - [13/Jul/2020:09:28:54 +0800] "GET /xingrg/javascript/jquery.utils.js HTTP/1.1" 304 -
114.86.190.97 - - [13/Jul/2020:09:28:54 +0800] "GET /xingrg/javascript/json2.js HTTP/1.1" 304 -
114.86.190.97 - - [13/Jul/2020:09:28:54 +0800] "GET /xingrg/javascript/jquery.cookie.js HTTP/1.1" 304 -
114.86.190.97 - - [13/Jul/2020:09:28:54 +0800] "GET /xingrg/javascript/print/kc_print.js HTTP/1.1" 304 -
114.86.190.97 - - [13/Jul/2020:09:28:54 +0800] "GET /xingrg/javascript/print/LodopFuncs.js HTTP/1.1" 304 -
114.86.190.97 - - [13/Jul/2020:09:28:54 +0800] "GET /xingrg/javascript/convert.js HTTP/1.1" 304 -
114.86.190.97 - - [13/Jul/2020:09:28:54 +0800] "GET /xingrg/words/20200712163612_words.js HTTP/1.1" 304 -
114.86.190.97 - - [13/Jul/2020:09:28:54 +0800] "GET /xingrg/javascript/easyui/themes/icons/copy_new.png HTTP/1.1" 304 -
114.86.190.97 - - [13/Jul/2020:09:28:54 +0800] "GET /xingrg/javascript/easyui/themes/icons/template_new.png HTTP/1.1" 304 -
114.86.190.97 - - [13/Jul/2020:09:28:54 +0800] "GET /xingrg/javascript/easyui/themes/icons/ok.png HTTP/1.1" 304 -
114.86.190.97 - - [13/Jul/2020:09:28:54 +0800] "GET /xingrg/javascript/easyui/themes/icons/print.png HTTP/1.1" 304 -
114.86.190.97 - - [13/Jul/2020:09:28:54 +0800] "GET /xingrg/javascript/easyui/themes/default/images/menu_downarrow.png HTTP/1.1" 304 -
114.86.190.97 - - [13/Jul/2020:09:28:54 +0800] "GET /xingrg/javascript/easyui/themes/icons/cancel.png HTTP/1.1" 304 -
114.86.190.97 - - [13/Jul/2020:09:28:54 +0800] "GET /xingrg/javascript/easyui/plugins/jquery.parser.js HTTP/1.1" 304 -
114.86.190.97 - - [13/Jul/2020:09:28:54 +0800] "POST /xingrg/kc/buy/cgsh_order_operate.html HTTP/1.1" 200 8245
114.86.190.97 - - [13/Jul/2020:09:28:54 +0800] "GET /xingrg/javascript/easyui/themes/default/images/button_plain_hover.png HTTP/1.1" 304 -
114.86.190.97 - - [13/Jul/2020:09:28:54 +0800] "GET /xingrg/all/common/auto_word.html?type=employee&rest_code=00148 HTTP/1.1" 200 147
114.86.190.97 - - [13/Jul/2020:09:28:54 +0800] "GET /xingrg/all/common/auto_word.html?type=employee&rest_code=00148 HTTP/1.1" 200 147
114.86.190.97 - - [13/Jul/2020:09:28:54 +0800] "GET /xingrg/javascript/easyui/themes/default/images/button_plain_hover.png HTTP/1.1" 304 -
114.86.190.97 - - [13/Jul/2020:09:28:54 +0800] "GET /xingrg/javascript/easyui/themes/default/validatebox.css HTTP/1.1" 404 1104
114.86.190.97 - - [13/Jul/2020:09:28:54 +0800] "GET /xingrg/javascript/easyui/plugins/jquery.validatebox.js HTTP/1.1" 304 -
114.86.190.97 - - [13/Jul/2020:09:28:54 +0800] "GET /xingrg/javascript/easyui/plugins/jquery.numberbox.js HTTP/1.1" 304 -
114.86.190.97 - - [13/Jul/2020:09:28:55 +0800] "GET /xingrg/all/function/internal_message.html?_=1594603737194&CODE_STATE=getMsg HTTP/1.1" 200 27
222.69.128.54 - - [13/Jul/2020:09:28:55 +0800] "GET /xingrg/check_reg.html?_=1594603734899 HTTP/1.1" 200 22
222.69.128.54 - - [13/Jul/2020:09:28:55 +0800] "GET /xingrg/all/function/internal_message.html?_=1594603734875&CODE_STATE=getMsg HTTP/1.1" 200 27
116.232.49.26 - - [13/Jul/2020:09:28:55 +0800] "GET /xingrg/kc/buy/cgsh_order_operate.html?command=get_materiel&rest_code=00109&code=00101006110&supplier_code=00100015&order_time=2020-07-13 HTTP/1.1" 200 408
114.89.80.44 - - [13/Jul/2020:09:28:56 +0800] "GET /xingrg/kc/buy/cgsh_order_list.html HTTP/1.1" 200 43517
117.184.7.26 - - [13/Jul/2020:09:28:56 +0800] "GET /xingrg/kc/buy/cgsh_order_add.html HTTP/1.1" 200 59216
114.89.80.44 - - [13/Jul/2020:09:28:57 +0800] "POST /xingrg/kc/buy/cgsh_list_operate.html HTTP/1.1" 200 1688
117.184.7.26 - - [13/Jul/2020:09:28:57 +0800] "POST /xingrg/kc/buy/cgsh_order_operate.html HTTP/1.1" 200 8245
117.184.7.26 - - [13/Jul/2020:09:28:57 +0800] "GET /xingrg/javascript/easyui/themes/default/validatebox.css HTTP/1.1" 404 1104
114.89.80.44 - - [13/Jul/2020:09:28:58 +0800] "POST /xingrg/kc/buy/cgsh_list_operate.html HTTP/1.1" 200 560
114.89.80.44 - - [13/Jul/2020:09:29:00 +0800] "GET /xingrg/kc/buy/cgsh_order_info.html?code=212020071305186 HTTP/1.1" 200 58902
114.89.80.44 - - [13/Jul/2020:09:29:00 +0800] "GET /xingrg/javascript/easyui/themes/default/validatebox.css HTTP/1.1" 404 1104
116.232.49.26 - - [13/Jul/2020:09:29:00 +0800] "GET /xingrg/kc/buy/cgsh_order_operate.html?command=get_materiel&rest_code=00109&code=00101006055&supplier_code=00100015&order_time=2020-07-13 HTTP/1.1" 200 409
114.89.80.44 - - [13/Jul/2020:09:29:00 +0800] "POST /xingrg/kc/buy/cgsh_order_operate.html HTTP/1.1" 200 28752
117.184.7.26 - - [13/Jul/2020:09:29:04 +0800] "GET /xingrg/kc/buy/cgsh_order_operate.html?command=get_materiel&rest_code=00108&code=00101008210&supplier_code=00100008&order_time=2020-07-13 HTTP/1.1" 200 408
114.86.190.97 - - [13/Jul/2020:09:29:05 +0800] "GET /xingrg/javascript/jquery_tools/jquery.tools.min.js HTTP/1.1" 304 -
114.86.190.97 - - [13/Jul/2020:09:29:05 +0800] "GET /xingrg/javascript/pic_change.js HTTP/1.1" 304 -
114.86.190.97 - - [13/Jul/2020:09:29:05 +0800] "GET /xingrg/javascript/jquery_tools/jquery.tools.hotkey.js HTTP/1.1" 304 -
114.86.190.97 - - [13/Jul/2020:09:29:05 +0800] "GET /xingrg/javascript/jquery_tools/jquery.tools.extend.js HTTP/1.1" 304 -
114.86.190.97 - - [13/Jul/2020:09:29:05 +0800] "GET /xingrg/javascript/jquery_tools/jquery.tools.table.js HTTP/1.1" 304 -
114.86.190.97 - - [13/Jul/2020:09:29:05 +0800] "GET /xingrg/javascript/auto/jquery.autocomplete.js HTTP/1.1" 304 -
114.86.190.97 - - [13/Jul/2020:09:29:05 +0800] "GET /xingrg/javascript/easyui/easyloader.js HTTP/1.1" 304 -
114.86.190.97 - - [13/Jul/2020:09:29:05 +0800] "GET /xingrg/javascript/jquery.utils.js HTTP/1.1" 304 -
114.86.190.97 - - [13/Jul/2020:09:29:05 +0800] "GET /xingrg/javascript/jquery_tools/order_manager.js HTTP/1.1" 304 -
114.86.190.97 - - [13/Jul/2020:09:29:05 +0800] "GET /xingrg/javascript/json2.js HTTP/1.1" 304 -
114.86.190.97 - - [13/Jul/2020:09:29:05 +0800] "GET /xingrg/javascript/jquery.cookie.js HTTP/1.1" 304 -
114.86.190.97 - - [13/Jul/2020:09:29:05 +0800] "GET /xingrg/javascript/print/LodopFuncs.js HTTP/1.1" 304 -
114.86.190.97 - - [13/Jul/2020:09:29:05 +0800] "GET /xingrg/javascript/print/kc_print.js HTTP/1.1" 304 -
114.86.190.97 - - [13/Jul/2020:09:29:05 +0800] "GET /xingrg/javascript/easyui/plugins/jquery.parser.js HTTP/1.1" 304 -
114.86.190.97 - - [13/Jul/2020:09:29:05 +0800] "GET /xingrg/javascript/easyui/plugins/jquery.validatebox.js HTTP/1.1" 304 -
114.86.190.97 - - [13/Jul/2020:09:29:05 +0800] "GET /xingrg/words/20200712163612_words.js HTTP/1.1" 304 -
114.86.190.97 - - [13/Jul/2020:09:29:05 +0800] "GET /xingrg/javascript/easyui/plugins/jquery.numberbox.js HTTP/1.1" 304 -
114.86.190.97 - - [13/Jul/2020:09:29:05 +0800] "GET /xingrg/javascript/convert.js HTTP/1.1" 304 -
124.77.243.181 - - [13/Jul/2020:09:29:06 +0800] "GET /xingrg/all/function/internal_message.html?_=1594603776088&CODE_STATE=getMsg HTTP/1.1" 200 27
116.232.49.26 - - [13/Jul/2020:09:29:10 +0800] "GET /xingrg/all/function/internal_message.html?_=1594603811655&CODE_STATE=getMsg HTTP/1.1" 200 27
117.184.7.26 - - [13/Jul/2020:09:29:12 +0800] "GET /xingrg/kc/buy/cgsh_order_operate.html?command=get_materiel&rest_code=00108&code=00101008350&supplier_code=00100008&order_time=2020-07-13 HTTP/1.1" 200 408
114.86.190.97 - - [13/Jul/2020:09:29:15 +0800] "GET /xingrg/kc/buy/cgsh_order_operate.html?command=get_materiel&rest_code=00148&code=00101006161&supplier_code=00100036&order_time=2020-07-13 HTTP/1.1" 200 409
114.86.190.97 - - [13/Jul/2020:09:29:15 +0800] "GET /xingrg/javascript/easyui/themes/default/images/button_plain_hover.png HTTP/1.1" 304 -
116.230.77.149 - - [13/Jul/2020:09:29:15 +0800] "GET /xingrg/all/function/internal_message.html?_=1594603753646&CODE_STATE=getMsg HTTP/1.1" 200 27
180.175.214.200 - - [13/Jul/2020:09:29:16 +0800] "GET /xingrg/all/function/internal_message.html?_=1594603963808&CODE_STATE=getMsg HTTP/1.1" 200 27
172.17.0.120 - - [13/Jul/2020:09:29:20 +0800] "POST /xingrg/kc/mdqp/pssh_list_operate.html HTTP/1.1" 200 8693
172.17.0.120 - - [13/Jul/2020:09:29:22 +0800] "POST /xingrg/kc/mdqp/pssh_list_operate.html HTTP/1.1" 200 264
172.17.0.120 - - [13/Jul/2020:09:29:22 +0800] "GET /xingrg/kc/mdqp/pssh_order_info.html?code=312020070600151 HTTP/1.1" 200 14366
172.17.0.120 - - [13/Jul/2020:09:29:22 +0800] "GET /xingrg/javascript/jquery_tools/jquery-1.4.2.min.js HTTP/1.1" 404 1094
172.17.0.120 - - [13/Jul/2020:09:29:22 +0800] "GET /xingrg/words/20200712163612_words.js HTTP/1.1" 200 750461
172.17.0.120 - - [13/Jul/2020:09:29:23 +0800] "POST /xingrg/kc/mdqp/pssh_order_operate.html HTTP/1.1" 200 536
172.17.0.120 - - [13/Jul/2020:09:29:23 +0800] "GET /xingrg/javascript/easyui/themes/default/validatebox.css HTTP/1.1" 404 1104
114.86.190.97 - - [13/Jul/2020:09:29:23 +0800] "GET /xingrg/kc/buy/cgsh_order_operate.html?command=get_materiel&rest_code=00148&code=00101012038&supplier_code=00100036&order_time=2020-07-13 HTTP/1.1" 200 412
114.86.190.97 - - [13/Jul/2020:09:29:23 +0800] "GET /xingrg/javascript/easyui/themes/default/images/button_plain_hover.png HTTP/1.1" 304 -
116.232.49.26 - - [13/Jul/2020:09:29:24 +0800] "GET /xingrg/kc/buy/cgsh_order_operate.html?command=get_materiel&rest_code=00109&code=00101006144&supplier_code=00100015&order_time=2020-07-13 HTTP/1.1" 200 409
172.17.0.120 - - [13/Jul/2020:09:29:26 +0800] "POST /xingrg/kc/mdqp/pssh_list_operate.html HTTP/1.1" 200 8693
117.184.7.26 - - [13/Jul/2020:09:29:27 +0800] "GET /xingrg/kc/buy/cgsh_order_operate.html?command=get_materiel&rest_code=00108&code=00101008049&supplier_code=00100008&order_time=2020-07-13 HTTP/1.1" 200 408
114.88.170.9 - - [13/Jul/2020:09:29:29 +0800] "GET /xingrg/all/function/internal_message.html?_=1594603793265&CODE_STATE=getMsg HTTP/1.1" 200 27
114.88.170.9 - - [13/Jul/2020:09:29:31 +0800] "GET /xingrg/all/function/internal_message.html?_=1594603770185&CODE_STATE=getMsg HTTP/1.1" 200 27
116.232.49.26 - - [13/Jul/2020:09:29:32 +0800] "GET /xingrg/kc/buy/cgsh_order_operate.html?command=get_materiel&rest_code=00109&code=00101006106&supplier_code=00100015&order_time=2020-07-13 HTTP/1.1" 200 421
172.17.0.185 - - [13/Jul/2020:09:29:32 +0800] "GET /xingrg/all/function/internal_message.html?_=1594603771315&CODE_STATE=getMsg HTTP/1.1" 200 27
172.17.0.120 - - [13/Jul/2020:09:29:34 +0800] "POST /xingrg/all/user/operate.html HTTP/1.1" 200 36
172.17.0.120 - - [13/Jul/2020:09:29:34 +0800] "GET /xingrg/index.html?sysBaseUrl=http%3A%2F%2F172.17.0.8%3A18081%2Fxingrg%2F&costTime=41×tamp=1594517431001 HTTP/1.1" 200 17448
172.17.0.120 - - [13/Jul/2020:09:29:34 +0800] "GET /xingrg/javascript/jquery_easy_ui/themes/default/easyui.css HTTP/1.1" 304 -
172.17.0.120 - - [13/Jul/2020:09:29:34 +0800] "GET /xingrg/javascript/jquery_easy_ui/themes/icon.css HTTP/1.1" 304 -
172.17.0.120 - - [13/Jul/2020:09:29:34 +0800] "GET /xingrg/css/form.css HTTP/1.1" 304 -
172.17.0.120 - - [13/Jul/2020:09:29:34 +0800] "GET /xingrg/javascript/jquery-1.4.2.min.js HTTP/1.1" 304 -
172.17.0.120 - - [13/Jul/2020:09:29:34 +0800] "GET /xingrg/javascript/jquery_easy_ui/jquery.easyui.min.js HTTP/1.1" 304 -
172.17.0.120 - - [13/Jul/2020:09:29:34 +0800] "GET /xingrg/javascript/jquery_easy_ui/easyui-lang-zh_CN.js HTTP/1.1" 304 -
172.17.0.120 - - [13/Jul/2020:09:29:34 +0800] "GET /xingrg/javascript/jquery.form.js HTTP/1.1" 304 -
172.17.0.120 - - [13/Jul/2020:09:29:34 +0800] "GET /xingrg/javascript/jquery.utils.js HTTP/1.1" 304 -
172.17.0.120 - - [13/Jul/2020:09:29:34 +0800] "GET /xingrg/javascript/jquery.timers.js HTTP/1.1" 304 -
172.17.0.120 - - [13/Jul/2020:09:29:34 +0800] "GET /xingrg/images/blue/jxLogo.png HTTP/1.1" 304 -
172.17.0.120 - - [13/Jul/2020:09:29:34 +0800] "GET /xingrg/javascript/jquery_easy_ui/themes/icons/settle_new.png HTTP/1.1" 304 -
172.17.0.120 - - [13/Jul/2020:09:29:34 +0800] "GET /xingrg/images/blue/navBackgound.jpg HTTP/1.1" 304 -
172.17.0.120 - - [13/Jul/2020:09:29:34 +0800] "POST /xingrg/all/common/load_tree.html?tree=area_rest_tree_json&manage=1 HTTP/1.1" 200 3216
172.17.0.120 - - [13/Jul/2020:09:29:34 +0800] "GET /xingrg/all/function/internal_message.html?_=1594603773321&CODE_STATE=count HTTP/1.1" 200 11
172.17.0.120 - - [13/Jul/2020:09:29:34 +0800] "GET /xingrg/check_reg.html?_=1594603773322 HTTP/1.1" 200 22
172.17.0.120 - - [13/Jul/2020:09:29:34 +0800] "GET /xingrg/javascript/jquery_easy_ui/themes/default/images/panel_tool_expand.gif HTTP/1.1" 304 -
172.17.0.120 - - [13/Jul/2020:09:29:34 +0800] "GET /xingrg/images/blue/pingpu.png HTTP/1.1" 304 -
172.17.0.120 - - [13/Jul/2020:09:29:34 +0800] "GET /xingrg/javascript/jquery_easy_ui/themes/default/images/tabs_leftarrow.png HTTP/1.1" 304 -
172.17.0.120 - - [13/Jul/2020:09:29:34 +0800] "GET /xingrg/javascript/jquery_easy_ui/themes/default/images/tabs_rightarrow.png HTTP/1.1" 304 -
172.17.0.120 - - [13/Jul/2020:09:29:34 +0800] "GET /xingrg/javascript/jquery_easy_ui/themes/default/images/panel_tool_collapse.gif HTTP/1.1" 304 -
172.17.0.120 - - [13/Jul/2020:09:29:34 +0800] "POST /xingrg/load_menu.html HTTP/1.1" 200 9924
172.17.0.120 - - [13/Jul/2020:09:29:35 +0800] "GET /xingrg/kc/base/base_main.html HTTP/1.1" 200 12132
116.232.49.26 - - [13/Jul/2020:09:29:37 +0800] "GET /xingrg/kc/buy/cgsh_order_operate.html?command=get_materiel&rest_code=00109&code=00101006006&supplier_code=00100015&order_time=2020-07-13 HTTP/1.1" 200 409
172.17.0.120 - - [13/Jul/2020:09:29:39 +0800] "GET /xingrg/kc/base/base_main.html HTTP/1.1" 200 12132
172.17.0.120 - - [13/Jul/2020:09:29:39 +0800] "GET /xingrg/kc/base/check_order_list.html HTTP/1.1" 200 16615
172.17.0.120 - - [13/Jul/2020:09:29:39 +0800] "POST /xingrg/kc/base/check_list_operate.html HTTP/1.1" 200 781
117.184.7.26 - - [13/Jul/2020:09:29:42 +0800] "GET /xingrg/all/function/internal_message.html?_=1594603781759&CODE_STATE=getMsg HTTP/1.1" 200 27
222.69.128.54 - - [13/Jul/2020:09:29:42 +0800] "GET /xingrg/check_reg.html?_=1594603594425 HTTP/1.1" 302 -
116.233.77.90 - - [13/Jul/2020:09:29:42 +0800] "GET /xingrg/all/function/internal_message.html?_=1594603783291&CODE_STATE=getMsg HTTP/1.1" 302 -
116.232.49.26 - - [13/Jul/2020:09:29:42 +0800] "GET /xingrg/kc/buy/cgsh_order_operate.html?command=get_materiel&rest_code=00109&code=00101006122&supplier_code=00100015&order_time=2020-07-13 HTTP/1.1" 200 409
114.86.190.97 - - [13/Jul/2020:09:29:43 +0800] "GET /xingrg/kc/buy/cgsh_order_operate.html?command=get_materiel&rest_code=00148&code=00101010248&supplier_code=00100036&order_time=2020-07-13 HTTP/1.1" 200 430
114.86.190.97 - - [13/Jul/2020:09:29:43 +0800] "GET /xingrg/javascript/easyui/themes/default/images/button_plain_hover.png HTTP/1.1" 304 -
172.17.0.120 - - [13/Jul/2020:09:29:43 +0800] "POST /xingrg/kc/base/check_list_operate.html HTTP/1.1" 200 8886
172.17.200.101 - - [13/Jul/2020:09:29:44 +0800] "GET /xingrg/check_reg.html?_=1594603785373 HTTP/1.1" 200 22
172.17.200.101 - - [13/Jul/2020:09:29:44 +0800] "GET /xingrg/all/function/internal_message.html?_=1594603785376&CODE_STATE=getMsg HTTP/1.1" 200 27
117.184.7.26 - - [13/Jul/2020:09:29:45 +0800] "GET /xingrg/kc/buy/cgsh_order_operate.html?command=get_materiel&rest_code=00108&code=00101008244&supplier_code=00100008&order_time=2020-07-13 HTTP/1.1" 200 408
61.172.5.115 - - [13/Jul/2020:09:29:46 +0800] "GET /xingrg/check_reg.html?_=1594603787570 HTTP/1.1" 200 22
61.172.5.115 - - [13/Jul/2020:09:29:46 +0800] "GET /xingrg/all/function/internal_message.html?_=1594603787574&CODE_STATE=getMsg HTTP/1.1" 200 27
116.232.49.26 - - [13/Jul/2020:09:29:47 +0800] "GET /xingrg/kc/buy/cgsh_order_operate.html?command=get_materiel&rest_code=00109&code=00101006058&supplier_code=00100015&order_time=2020-07-13 HTTP/1.1" 200 413
114.89.80.44 - - [13/Jul/2020:09:29:47 +0800] "GET /xingrg/all/function/internal_message.html?_=1594603787869&CODE_STATE=getMsg HTTP/1.1" 200 27
172.17.0.120 - - [13/Jul/2020:09:29:47 +0800] "POST /xingrg/kc/base/check_list_operate.html HTTP/1.1" 200 8886
