114.88.156.166 - - [13/Jul/2020:09:13:48 +0800] "GET /xingrg/all/function/internal_message.html?_=1594602829153&CODE_STATE=getMsg HTTP/1.1" 200 27
172.17.0.120 - - [13/Jul/2020:09:13:51 +0800] "GET /xingrg/all/function/internal_message.html?_=1594602830111&CODE_STATE=getMsg HTTP/1.1" 200 27
222.69.128.54 - - [13/Jul/2020:09:13:51 +0800] "POST /xingrg/dwr/call/plaincall/AjaxCheckService.setItemNumber.dwr HTTP/1.1" 200 78
222.69.128.54 - - [13/Jul/2020:09:13:52 +0800] "POST /xingrg/dwr/call/plaincall/AjaxCheckService.setItemNumber.dwr HTTP/1.1" 200 78
114.89.80.44 - - [13/Jul/2020:09:13:52 +0800] "GET /xingrg/all/function/internal_message.html?_=1594602832426&CODE_STATE=getMsg HTTP/1.1" 200 27
114.89.80.44 - - [13/Jul/2020:09:13:52 +0800] "GET /xingrg/kc/buy/cgsh_order_operate.html?command=get_materiel&rest_code=00151&code=00101008244&supplier_code=00100007&order_time=2020-07-13 HTTP/1.1" 200 408
222.69.128.54 - - [13/Jul/2020:09:13:53 +0800] "POST /xingrg/dwr/call/plaincall/AjaxCheckService.setItemNumber.dwr HTTP/1.1" 200 78
116.232.49.26 - - [13/Jul/2020:09:13:53 +0800] "GET /xingrg/kc/buy/cgsh_order_operate.html?command=get_materiel&rest_code=00109&code=00101008003&supplier_code=00100005&order_time=2020-07-13 HTTP/1.1" 200 408
116.230.77.149 - - [13/Jul/2020:09:13:53 +0800] "GET /xingrg/kc/buy/cgsh_order_operate.html?command=get_materiel&rest_code=00107&code=00101008353&supplier_code=00100006&order_time=2020-07-13 HTTP/1.1" 200 408
222.69.128.54 - - [13/Jul/2020:09:13:53 +0800] "POST /xingrg/dwr/call/plaincall/AjaxCheckService.setItemNumber.dwr HTTP/1.1" 200 78
222.69.128.54 - - [13/Jul/2020:09:13:55 +0800] "GET /xingrg/check_reg.html?_=1594602834857 HTTP/1.1" 200 22
222.69.128.54 - - [13/Jul/2020:09:13:55 +0800] "GET /xingrg/all/function/internal_message.html?_=1594602834970&CODE_STATE=getMsg HTTP/1.1" 200 27
222.69.128.54 - - [13/Jul/2020:09:13:56 +0800] "POST /xingrg/dwr/call/plaincall/AjaxCheckService.setItemNumber.dwr HTTP/1.1" 200 78
222.69.128.54 - - [13/Jul/2020:09:13:56 +0800] "POST /xingrg/dwr/call/plaincall/AjaxCheckService.setItemNumber.dwr HTTP/1.1" 200 78
222.69.128.54 - - [13/Jul/2020:09:13:57 +0800] "POST /xingrg/dwr/call/plaincall/AjaxCheckService.setItemNumber.dwr HTTP/1.1" 200 78
114.89.80.44 - - [13/Jul/2020:09:13:58 +0800] "POST /xingrg/kc/buy/cgsh_order_operate.html HTTP/1.1" 200 2065
114.89.80.44 - - [13/Jul/2020:09:14:02 +0800] "GET /xingrg/kc/buy/cgsh_order_operate.html?command=get_materiel&rest_code=00151&code=00101016025&supplier_code=00100007&order_time=2020-07-13 HTTP/1.1" 200 408
124.77.243.181 - - [13/Jul/2020:09:14:05 +0800] "GET /xingrg/all/function/internal_message.html?_=1594602874355&CODE_STATE=getMsg HTTP/1.1" 200 27
222.69.128.54 - - [13/Jul/2020:09:14:05 +0800] "POST /xingrg/dwr/call/plaincall/AjaxCheckService.setItemNumber.dwr HTTP/1.1" 200 78
180.175.214.200 - - [13/Jul/2020:09:14:07 +0800] "GET /xingrg/javascript/easyui/themes/default/tree.css HTTP/1.1" 404 1090
180.175.214.200 - - [13/Jul/2020:09:14:07 +0800] "POST /xingrg/all/common/load_tree.html?tree=supplier_tree_json&isDelete=1 HTTP/1.1" 200 49424
116.232.49.26 - - [13/Jul/2020:09:14:09 +0800] "GET /xingrg/kc/buy/cgsh_order_operate.html?command=get_materiel&rest_code=00109&code=00101008156&supplier_code=00100005&order_time=2020-07-13 HTTP/1.1" 200 414
222.69.128.54 - - [13/Jul/2020:09:14:10 +0800] "POST /xingrg/dwr/call/plaincall/AjaxCheckService.setItemNumber.dwr HTTP/1.1" 200 78
114.89.80.44 - - [13/Jul/2020:09:14:11 +0800] "GET /xingrg/kc/buy/cgsh_order_operate.html?command=get_materiel&rest_code=00151&code=00101008137&supplier_code=00100007&order_time=2020-07-13 HTTP/1.1" 200 408
222.69.128.54 - - [13/Jul/2020:09:14:11 +0800] "POST /xingrg/dwr/call/plaincall/AjaxCheckService.setItemNumber.dwr HTTP/1.1" 200 78
180.175.214.200 - - [13/Jul/2020:09:14:11 +0800] "GET /xingrg/all/function/internal_message.html?_=1594603059004&CODE_STATE=getMsg HTTP/1.1" 200 27
222.69.128.54 - - [13/Jul/2020:09:14:13 +0800] "POST /xingrg/dwr/call/plaincall/AjaxCheckService.setItemNumber.dwr HTTP/1.1" 200 78
116.232.49.26 - - [13/Jul/2020:09:14:15 +0800] "GET /xingrg/kc/buy/cgsh_order_operate.html?command=get_materiel&rest_code=00109&code=00101008185&supplier_code=00100005&order_time=2020-07-13 HTTP/1.1" 200 408
116.230.77.149 - - [13/Jul/2020:09:14:15 +0800] "GET /xingrg/all/function/internal_message.html?_=1594602853650&CODE_STATE=getMsg HTTP/1.1" 200 27
222.69.128.54 - - [13/Jul/2020:09:14:17 +0800] "POST /xingrg/dwr/call/plaincall/AjaxCheckService.setItemNumber.dwr HTTP/1.1" 200 78
114.88.170.9 - - [13/Jul/2020:09:14:17 +0800] "GET /xingrg/kc/buy/cgsh_order_operate.html?command=get_materiel&rest_code=00111&code=00101008110&supplier_code=00100005&order_time=2020-07-13 HTTP/1.1" 200 408
222.69.128.54 - - [13/Jul/2020:09:14:18 +0800] "POST /xingrg/dwr/call/plaincall/AjaxCheckService.setItemNumber.dwr HTTP/1.1" 200 78
222.69.128.54 - - [13/Jul/2020:09:14:19 +0800] "POST /xingrg/dwr/call/plaincall/AjaxCheckService.setItemNumber.dwr HTTP/1.1" 200 78
222.69.128.54 - - [13/Jul/2020:09:14:19 +0800] "POST /xingrg/dwr/call/plaincall/AjaxCheckService.setItemNumber.dwr HTTP/1.1" 200 78
222.69.128.54 - - [13/Jul/2020:09:14:20 +0800] "POST /xingrg/dwr/call/plaincall/AjaxCheckService.setItemNumber.dwr HTTP/1.1" 200 78
116.232.49.26 - - [13/Jul/2020:09:14:20 +0800] "GET /xingrg/kc/buy/cgsh_order_operate.html?command=get_materiel&rest_code=00109&code=00101008004&supplier_code=00100005&order_time=2020-07-13 HTTP/1.1" 200 416
222.69.128.54 - - [13/Jul/2020:09:14:21 +0800] "POST /xingrg/dwr/call/plaincall/AjaxCheckService.setItemNumber.dwr HTTP/1.1" 200 78
222.69.128.54 - - [13/Jul/2020:09:14:21 +0800] "POST /xingrg/dwr/call/plaincall/AjaxCheckService.setItemNumber.dwr HTTP/1.1" 200 78
222.69.128.54 - - [13/Jul/2020:09:14:22 +0800] "POST /xingrg/dwr/call/plaincall/AjaxCheckService.setItemNumber.dwr HTTP/1.1" 200 78
116.230.77.149 - - [13/Jul/2020:09:14:22 +0800] "GET /xingrg/kc/buy/cgsh_order_operate.html?command=get_materiel&rest_code=00107&code=00101008085&supplier_code=00100006&order_time=2020-07-13 HTTP/1.1" 200 412
222.69.128.54 - - [13/Jul/2020:09:14:22 +0800] "POST /xingrg/dwr/call/plaincall/AjaxCheckService.setItemNumber.dwr HTTP/1.1" 200 78
116.230.77.149 - - [13/Jul/2020:09:14:24 +0800] "POST /xingrg/kc/buy/cgsh_order_operate.html HTTP/1.1" 200 2065
222.69.128.54 - - [13/Jul/2020:09:14:25 +0800] "POST /xingrg/dwr/call/plaincall/AjaxCheckService.setItemNumber.dwr HTTP/1.1" 200 78
116.232.49.26 - - [13/Jul/2020:09:14:25 +0800] "GET /xingrg/all/function/internal_message.html?_=1594602890137&CODE_STATE=getMsg HTTP/1.1" 200 27
114.88.170.9 - - [13/Jul/2020:09:14:25 +0800] "GET /xingrg/kc/buy/cgsh_order_operate.html?command=get_materiel&rest_code=00111&code=00101008038&supplier_code=00100005&order_time=2020-07-13 HTTP/1.1" 200 412
222.69.128.54 - - [13/Jul/2020:09:14:25 +0800] "POST /xingrg/dwr/call/plaincall/AjaxCheckService.setItemNumber.dwr HTTP/1.1" 200 78
116.232.49.26 - - [13/Jul/2020:09:14:25 +0800] "GET /xingrg/kc/buy/cgsh_order_operate.html?command=get_materiel&rest_code=00109&code=00101008144&supplier_code=00100005&order_time=2020-07-13 HTTP/1.1" 200 412
222.69.128.54 - - [13/Jul/2020:09:14:26 +0800] "POST /xingrg/dwr/call/plaincall/AjaxCheckService.setItemNumber.dwr HTTP/1.1" 200 78
114.89.80.44 - - [13/Jul/2020:09:14:26 +0800] "GET /xingrg/kc/buy/cgsh_order_operate.html?command=get_materiel&rest_code=00151&code=00101008361&supplier_code=00100007&order_time=2020-07-13 HTTP/1.1" 200 408
222.69.128.54 - - [13/Jul/2020:09:14:26 +0800] "POST /xingrg/dwr/call/plaincall/AjaxCheckService.setItemNumber.dwr HTTP/1.1" 200 78
222.69.128.54 - - [13/Jul/2020:09:14:27 +0800] "POST /xingrg/dwr/call/plaincall/AjaxCheckService.setItemNumber.dwr HTTP/1.1" 200 78
222.69.128.54 - - [13/Jul/2020:09:14:28 +0800] "POST /xingrg/dwr/call/plaincall/AjaxCheckService.setItemNumber.dwr HTTP/1.1" 200 78
116.230.77.149 - - [13/Jul/2020:09:14:28 +0800] "POST /xingrg/kc/buy/cgsh_order_operate.html HTTP/1.1" 200 37
222.69.128.54 - - [13/Jul/2020:09:14:29 +0800] "POST /xingrg/dwr/call/plaincall/AjaxCheckService.setItemNumber.dwr HTTP/1.1" 200 78
114.88.170.9 - - [13/Jul/2020:09:14:29 +0800] "GET /xingrg/all/function/internal_message.html?_=1594602893633&CODE_STATE=getMsg HTTP/1.1" 200 27
116.232.49.26 - - [13/Jul/2020:09:14:29 +0800] "GET /xingrg/kc/buy/cgsh_order_operate.html?command=get_materiel&rest_code=00109&code=00101008360&supplier_code=00100005&order_time=2020-07-13 HTTP/1.1" 200 412
222.69.128.54 - - [13/Jul/2020:09:14:30 +0800] "POST /xingrg/dwr/call/plaincall/AjaxCheckService.setItemNumber.dwr HTTP/1.1" 200 78
222.69.128.54 - - [13/Jul/2020:09:14:32 +0800] "POST /xingrg/dwr/call/plaincall/AjaxCheckService.setItemNumber.dwr HTTP/1.1" 200 78
172.17.0.185 - - [13/Jul/2020:09:14:32 +0800] "GET /xingrg/all/function/internal_message.html?_=1594602871309&CODE_STATE=getMsg HTTP/1.1" 200 27
116.230.77.149 - - [13/Jul/2020:09:14:32 +0800] "POST /xingrg/kc/buy/cgsh_order_operate.html HTTP/1.1" 200 22175
222.69.128.54 - - [13/Jul/2020:09:14:33 +0800] "POST /xingrg/dwr/call/plaincall/AjaxCheckService.setItemNumber.dwr HTTP/1.1" 200 78
114.88.170.9 - - [13/Jul/2020:09:14:33 +0800] "GET /xingrg/kc/buy/cgsh_order_operate.html?command=get_materiel&rest_code=00111&code=00101008004&supplier_code=00100005&order_time=2020-07-13 HTTP/1.1" 200 416
222.69.128.54 - - [13/Jul/2020:09:14:34 +0800] "POST /xingrg/dwr/call/plaincall/AjaxCheckService.setItemNumber.dwr HTTP/1.1" 200 78
114.88.170.9 - - [13/Jul/2020:09:14:34 +0800] "GET /xingrg/all/function/internal_message.html?_=1594602873377&CODE_STATE=getMsg HTTP/1.1" 200 27
222.69.128.54 - - [13/Jul/2020:09:14:34 +0800] "POST /xingrg/dwr/call/plaincall/AjaxCheckService.setItemNumber.dwr HTTP/1.1" 200 78
222.69.128.54 - - [13/Jul/2020:09:14:35 +0800] "POST /xingrg/dwr/call/plaincall/AjaxCheckService.setItemNumber.dwr HTTP/1.1" 200 78
222.69.128.54 - - [13/Jul/2020:09:14:35 +0800] "POST /xingrg/dwr/call/plaincall/AjaxCheckService.setItemNumber.dwr HTTP/1.1" 200 78
222.69.128.54 - - [13/Jul/2020:09:14:36 +0800] "POST /xingrg/dwr/call/plaincall/AjaxCheckService.setItemNumber.dwr HTTP/1.1" 200 78
222.69.128.54 - - [13/Jul/2020:09:14:37 +0800] "POST /xingrg/dwr/call/plaincall/AjaxCheckService.setItemNumber.dwr HTTP/1.1" 200 78
222.69.128.54 - - [13/Jul/2020:09:14:37 +0800] "POST /xingrg/dwr/call/plaincall/AjaxCheckService.setItemNumber.dwr HTTP/1.1" 200 78
116.232.49.26 - - [13/Jul/2020:09:14:38 +0800] "GET /xingrg/kc/buy/cgsh_order_operate.html?command=get_materiel&rest_code=00109&code=00101008230&supplier_code=00100005&order_time=2020-07-13 HTTP/1.1" 200 408
222.69.128.54 - - [13/Jul/2020:09:14:38 +0800] "POST /xingrg/dwr/call/plaincall/AjaxCheckService.setItemNumber.dwr HTTP/1.1" 200 78
222.69.128.54 - - [13/Jul/2020:09:14:39 +0800] "POST /xingrg/dwr/call/plaincall/AjaxCheckService.setItemNumber.dwr HTTP/1.1" 200 78
180.175.214.200 - - [13/Jul/2020:09:14:39 +0800] "GET /xingrg/kc/buy/cgsh_order_operate.html?command=get_materiel&rest_code=00102&code=00101031001&supplier_code=00100064&order_time=2020-07-13 HTTP/1.1" 200 419
222.69.128.54 - - [13/Jul/2020:09:14:39 +0800] "POST /xingrg/dwr/call/plaincall/AjaxCheckService.setItemNumber.dwr HTTP/1.1" 200 78
222.69.128.54 - - [13/Jul/2020:09:14:40 +0800] "POST /xingrg/dwr/call/plaincall/AjaxCheckService.setItemNumber.dwr HTTP/1.1" 200 78
114.88.170.9 - - [13/Jul/2020:09:14:40 +0800] "GET /xingrg/kc/buy/cgsh_order_operate.html?command=get_materiel&rest_code=00111&code=00101008144&supplier_code=00100005&order_time=2020-07-13 HTTP/1.1" 200 412
222.69.128.54 - - [13/Jul/2020:09:14:41 +0800] "POST /xingrg/dwr/call/plaincall/AjaxCheckService.setItemNumber.dwr HTTP/1.1" 200 78
117.184.7.30 - - [13/Jul/2020:09:14:42 +0800] "GET /xingrg/all/function/internal_message.html?_=1594602881739&CODE_STATE=getMsg HTTP/1.1" 200 27
222.69.128.54 - - [13/Jul/2020:09:14:42 +0800] "POST /xingrg/dwr/call/plaincall/AjaxCheckService.setItemNumber.dwr HTTP/1.1" 200 78
222.69.128.54 - - [13/Jul/2020:09:14:42 +0800] "GET /xingrg/check_reg.html?_=1594602694459 HTTP/1.1" 302 -
116.232.49.26 - - [13/Jul/2020:09:14:42 +0800] "GET /xingrg/kc/buy/cgsh_order_operate.html?command=get_materiel&rest_code=00109&code=00101008069&supplier_code=00100005&order_time=2020-07-13 HTTP/1.1" 200 412
116.233.77.90 - - [13/Jul/2020:09:14:42 +0800] "GET /xingrg/all/function/internal_message.html?_=1594602883267&CODE_STATE=getMsg HTTP/1.1" 302 -
222.69.128.54 - - [13/Jul/2020:09:14:43 +0800] "POST /xingrg/dwr/call/plaincall/AjaxCheckService.setItemNumber.dwr HTTP/1.1" 200 78
222.69.128.54 - - [13/Jul/2020:09:14:43 +0800] "POST /xingrg/dwr/call/plaincall/AjaxCheckService.setItemNumber.dwr HTTP/1.1" 200 78
222.69.128.54 - - [13/Jul/2020:09:14:44 +0800] "POST /xingrg/dwr/call/plaincall/AjaxCheckService.setItemNumber.dwr HTTP/1.1" 200 78
222.69.128.54 - - [13/Jul/2020:09:14:45 +0800] "POST /xingrg/dwr/call/plaincall/AjaxCheckService.setItemNumber.dwr HTTP/1.1" 200 78
114.89.80.44 - - [13/Jul/2020:09:14:45 +0800] "GET /xingrg/kc/buy/cgsh_order_operate.html?command=get_materiel&rest_code=00151&code=00101008017&supplier_code=00100007&order_time=2020-07-13 HTTP/1.1" 200 416
116.232.49.26 - - [13/Jul/2020:09:14:46 +0800] "GET /xingrg/kc/buy/cgsh_order_operate.html?command=get_materiel&rest_code=00109&code=00101008006&supplier_code=00100005&order_time=2020-07-13 HTTP/1.1" 200 416
61.172.5.115 - - [13/Jul/2020:09:14:46 +0800] "GET /xingrg/check_reg.html?_=1594602887543 HTTP/1.1" 200 22
61.172.5.115 - - [13/Jul/2020:09:14:46 +0800] "GET /xingrg/all/function/internal_message.html?_=1594602887545&CODE_STATE=getMsg HTTP/1.1" 200 27
114.88.156.166 - - [13/Jul/2020:09:14:48 +0800] "GET /xingrg/all/function/internal_message.html?_=1594602889134&CODE_STATE=getMsg HTTP/1.1" 200 27
114.88.170.9 - - [13/Jul/2020:09:14:50 +0800] "GET /xingrg/kc/buy/cgsh_order_operate.html?command=get_materiel&rest_code=00111&code=00101008264&supplier_code=00100005&order_time=2020-07-13 HTTP/1.1" 200 412
172.17.0.120 - - [13/Jul/2020:09:14:51 +0800] "GET /xingrg/check_reg.html?_=1594602890101 HTTP/1.1" 200 22
172.17.0.120 - - [13/Jul/2020:09:14:51 +0800] "GET /xingrg/all/function/internal_message.html?_=1594602890104&CODE_STATE=getMsg HTTP/1.1" 200 27
116.232.49.26 - - [13/Jul/2020:09:14:51 +0800] "GET /xingrg/kc/buy/cgsh_order_operate.html?command=get_materiel&rest_code=00109&code=00101008036&supplier_code=00100005&order_time=2020-07-13 HTTP/1.1" 200 408
222.69.128.54 - - [13/Jul/2020:09:14:51 +0800] "POST /xingrg/dwr/call/plaincall/AjaxCheckService.setItemNumber.dwr HTTP/1.1" 200 78
114.89.80.44 - - [13/Jul/2020:09:14:52 +0800] "GET /xingrg/all/function/internal_message.html?_=1594602892432&CODE_STATE=getMsg HTTP/1.1" 200 27
114.89.80.44 - - [13/Jul/2020:09:14:52 +0800] "GET /xingrg/check_reg.html?_=1594602892429 HTTP/1.1" 200 22
114.89.80.44 - - [13/Jul/2020:09:14:52 +0800] "POST /xingrg/kc/buy/cgsh_order_operate.html HTTP/1.1" 200 2065
116.232.49.26 - - [13/Jul/2020:09:14:54 +0800] "POST /xingrg/kc/buy/cgsh_order_operate.html HTTP/1.1" 200 2065
180.175.214.200 - - [13/Jul/2020:09:14:54 +0800] "POST /xingrg/kc/buy/cgsh_order_operate.html HTTP/1.1" 200 37
222.69.128.54 - - [13/Jul/2020:09:14:55 +0800] "GET /xingrg/all/function/internal_message.html?_=1594602894946&CODE_STATE=getMsg HTTP/1.1" 200 27
180.175.214.200 - - [13/Jul/2020:09:14:56 +0800] "POST /xingrg/kc/buy/cgsh_order_operate.html HTTP/1.1" 200 12
114.88.170.9 - - [13/Jul/2020:09:14:57 +0800] "GET /xingrg/kc/buy/cgsh_order_operate.html?command=get_materiel&rest_code=00111&code=00101008137&supplier_code=00100005&order_time=2020-07-13 HTTP/1.1" 200 408
114.89.80.44 - - [13/Jul/2020:09:14:57 +0800] "GET /xingrg/kc/buy/cgsh_order_operate.html?command=get_materiel&rest_code=00151&code=00101008362&supplier_code=00100007&order_time=2020-07-13 HTTP/1.1" 200 408
180.175.214.200 - - [13/Jul/2020:09:14:57 +0800] "GET /xingrg/kc/buy/cgsh_order_info.html?code=212020071305185 HTTP/1.1" 200 54064
180.175.214.200 - - [13/Jul/2020:09:14:59 +0800] "GET /xingrg/javascript/easyui/themes/default/validatebox.css HTTP/1.1" 404 1104
180.175.214.200 - - [13/Jul/2020:09:14:59 +0800] "POST /xingrg/kc/buy/cgsh_order_operate.html HTTP/1.1" 200 613
116.232.49.26 - - [13/Jul/2020:09:15:01 +0800] "GET /xingrg/kc/buy/cgsh_order_operate.html?command=get_materiel&rest_code=00109&code=00101008196&supplier_code=00100005&order_time=2020-07-13 HTTP/1.1" 200 416
180.175.214.200 - - [13/Jul/2020:09:15:01 +0800] "GET /xingrg/kc/print/load_config.html?kc_code=cgsh HTTP/1.1" 200 1845
180.175.214.200 - - [13/Jul/2020:09:15:01 +0800] "GET /xingrg/kc/print/load_data.html?order_code=212020071305185&kc_code=cgsh&condition= HTTP/1.1" 200 735
114.88.170.9 - - [13/Jul/2020:09:15:04 +0800] "GET /xingrg/kc/buy/cgsh_order_operate.html?command=get_materiel&rest_code=00111&code=00101008362&supplier_code=00100005&order_time=2020-07-13 HTTP/1.1" 200 408
124.77.243.181 - - [13/Jul/2020:09:15:05 +0800] "GET /xingrg/all/function/internal_message.html?_=1594602934357&CODE_STATE=getMsg HTTP/1.1" 200 27
114.89.80.44 - - [13/Jul/2020:09:15:05 +0800] "GET /xingrg/kc/buy/cgsh_order_operate.html?command=get_materiel&rest_code=00151&code=00101008185&supplier_code=00100007&order_time=2020-07-13 HTTP/1.1" 200 408
116.232.49.26 - - [13/Jul/2020:09:15:06 +0800] "GET /xingrg/kc/buy/cgsh_order_operate.html?command=get_materiel&rest_code=00109&code=00101008197&supplier_code=00100005&order_time=2020-07-13 HTTP/1.1" 200 416
180.175.214.200 - - [13/Jul/2020:09:15:10 +0800] "GET /xingrg/check_reg.html?_=1594603118040 HTTP/1.1" 200 22
180.175.214.200 - - [13/Jul/2020:09:15:11 +0800] "GET /xingrg/kc/buy/cgsh_order_add.html HTTP/1.1" 200 59163
116.232.49.26 - - [13/Jul/2020:09:15:11 +0800] "GET /xingrg/kc/buy/cgsh_order_operate.html?command=get_materiel&rest_code=00109&code=00101008027&supplier_code=00100005&order_time=2020-07-13 HTTP/1.1" 200 409
180.175.214.200 - - [13/Jul/2020:09:15:13 +0800] "POST /xingrg/kc/buy/cgsh_order_operate.html HTTP/1.1" 200 8245
180.175.214.200 - - [13/Jul/2020:09:15:13 +0800] "GET /xingrg/all/function/internal_message.html?_=1594603120860&CODE_STATE=getMsg HTTP/1.1" 200 27
180.175.214.200 - - [13/Jul/2020:09:15:13 +0800] "GET /xingrg/javascript/easyui/themes/default/validatebox.css HTTP/1.1" 404 1104
114.88.170.9 - - [13/Jul/2020:09:15:15 +0800] "GET /xingrg/kc/buy/cgsh_order_operate.html?command=get_materiel&rest_code=00111&code=00101008196&supplier_code=00100005&order_time=2020-07-13 HTTP/1.1" 200 416
116.230.77.149 - - [13/Jul/2020:09:15:15 +0800] "GET /xingrg/all/function/internal_message.html?_=1594602913640&CODE_STATE=getMsg HTTP/1.1" 200 27
222.69.128.54 - - [13/Jul/2020:09:15:16 +0800] "POST /xingrg/dwr/call/plaincall/AjaxCheckService.setItemNumber.dwr HTTP/1.1" 200 78
222.69.128.54 - - [13/Jul/2020:09:15:16 +0800] "POST /xingrg/dwr/call/plaincall/AjaxCheckService.setItemNumber.dwr HTTP/1.1" 200 78
114.89.80.44 - - [13/Jul/2020:09:15:16 +0800] "GET /xingrg/kc/buy/cgsh_order_operate.html?command=get_materiel&rest_code=00151&code=00101008332&supplier_code=00100007&order_time=2020-07-13 HTTP/1.1" 200 412
222.69.128.54 - - [13/Jul/2020:09:15:18 +0800] "POST /xingrg/dwr/call/plaincall/AjaxCheckService.setItemNumber.dwr HTTP/1.1" 200 78
222.69.128.54 - - [13/Jul/2020:09:15:19 +0800] "POST /xingrg/dwr/call/plaincall/AjaxCheckService.setItemNumber.dwr HTTP/1.1" 200 78
222.69.128.54 - - [13/Jul/2020:09:15:19 +0800] "POST /xingrg/dwr/call/plaincall/AjaxCheckService.setItemNumber.dwr HTTP/1.1" 200 78
222.69.128.54 - - [13/Jul/2020:09:15:20 +0800] "POST /xingrg/dwr/call/plaincall/AjaxCheckService.setItemNumber.dwr HTTP/1.1" 200 78
222.69.128.54 - - [13/Jul/2020:09:15:21 +0800] "POST /xingrg/dwr/call/plaincall/AjaxCheckService.setItemNumber.dwr HTTP/1.1" 200 78
222.69.128.54 - - [13/Jul/2020:09:15:21 +0800] "POST /xingrg/dwr/call/plaincall/AjaxCheckService.setItemNumber.dwr HTTP/1.1" 200 78
116.232.49.26 - - [13/Jul/2020:09:15:21 +0800] "GET /xingrg/all/function/internal_message.html?_=1594602950140&CODE_STATE=getMsg HTTP/1.1" 200 27
222.69.128.54 - - [13/Jul/2020:09:15:22 +0800] "POST /xingrg/dwr/call/plaincall/AjaxCheckService.setItemNumber.dwr HTTP/1.1" 200 78
58.40.7.146 - - [13/Jul/2020:09:15:22 +0800] "GET /xingrg/check_reg.html?_=1594602922241 HTTP/1.1" 302 -
222.69.128.54 - - [13/Jul/2020:09:15:22 +0800] "POST /xingrg/dwr/call/plaincall/AjaxCheckService.setItemNumber.dwr HTTP/1.1" 200 78
222.69.128.54 - - [13/Jul/2020:09:15:23 +0800] "POST /xingrg/dwr/call/plaincall/AjaxCheckService.setItemNumber.dwr HTTP/1.1" 200 78
222.69.128.54 - - [13/Jul/2020:09:15:23 +0800] "POST /xingrg/dwr/call/plaincall/AjaxCheckService.setItemNumber.dwr HTTP/1.1" 200 78
114.88.170.9 - - [13/Jul/2020:09:15:23 +0800] "GET /xingrg/kc/buy/cgsh_order_operate.html?command=get_materiel&rest_code=00111&code=00101008357&supplier_code=00100005&order_time=2020-07-13 HTTP/1.1" 200 408
222.69.128.54 - - [13/Jul/2020:09:15:24 +0800] "POST /xingrg/dwr/call/plaincall/AjaxCheckService.setItemNumber.dwr HTTP/1.1" 200 78
222.69.128.54 - - [13/Jul/2020:09:15:25 +0800] "POST /xingrg/dwr/call/plaincall/AjaxCheckService.setItemNumber.dwr HTTP/1.1" 200 78
222.69.128.54 - - [13/Jul/2020:09:15:25 +0800] "POST /xingrg/dwr/call/plaincall/AjaxCheckService.setItemNumber.dwr HTTP/1.1" 200 78
180.175.214.200 - - [13/Jul/2020:09:15:26 +0800] "GET /xingrg/javascript/easyui/themes/default/tree.css HTTP/1.1" 404 1090
222.69.128.54 - - [13/Jul/2020:09:15:26 +0800] "POST /xingrg/dwr/call/plaincall/AjaxCheckService.setItemNumber.dwr HTTP/1.1" 200 78
180.175.214.200 - - [13/Jul/2020:09:15:26 +0800] "POST /xingrg/all/common/load_tree.html?tree=supplier_tree_json&isDelete=1 HTTP/1.1" 200 49424
222.69.128.54 - - [13/Jul/2020:09:15:27 +0800] "POST /xingrg/dwr/call/plaincall/AjaxCheckService.setItemNumber.dwr HTTP/1.1" 200 78
222.69.128.54 - - [13/Jul/2020:09:15:27 +0800] "POST /xingrg/dwr/call/plaincall/AjaxCheckService.setItemNumber.dwr HTTP/1.1" 200 78
222.69.128.54 - - [13/Jul/2020:09:15:27 +0800] "POST /xingrg/dwr/call/plaincall/AjaxCheckService.setItemNumber.dwr HTTP/1.1" 200 78
222.69.128.54 - - [13/Jul/2020:09:15:28 +0800] "POST /xingrg/dwr/call/plaincall/AjaxCheckService.setItemNumber.dwr HTTP/1.1" 200 78
222.69.128.54 - - [13/Jul/2020:09:15:28 +0800] "POST /xingrg/dwr/call/plaincall/AjaxCheckService.setItemNumber.dwr HTTP/1.1" 200 78
114.88.170.9 - - [13/Jul/2020:09:15:29 +0800] "GET /xingrg/all/function/internal_message.html?_=1594602953607&CODE_STATE=getMsg HTTP/1.1" 200 27
222.69.128.54 - - [13/Jul/2020:09:15:29 +0800] "POST /xingrg/dwr/call/plaincall/AjaxCheckService.setItemNumber.dwr HTTP/1.1" 200 78
222.69.128.54 - - [13/Jul/2020:09:15:30 +0800] "POST /xingrg/dwr/call/plaincall/AjaxCheckService.setItemNumber.dwr HTTP/1.1" 200 78
114.88.170.9 - - [13/Jul/2020:09:15:30 +0800] "GET /xingrg/kc/buy/cgsh_order_operate.html?command=get_materiel&rest_code=00111&code=00101008131&supplier_code=00100005&order_time=2020-07-13 HTTP/1.1" 200 408
222.69.128.54 - - [13/Jul/2020:09:15:30 +0800] "POST /xingrg/dwr/call/plaincall/AjaxCheckService.setItemNumber.dwr HTTP/1.1" 200 78
222.69.128.54 - - [13/Jul/2020:09:15:31 +0800] "POST /xingrg/dwr/call/plaincall/AjaxCheckService.setItemNumber.dwr HTTP/1.1" 200 78
172.17.0.185 - - [13/Jul/2020:09:15:32 +0800] "GET /xingrg/all/function/internal_message.html?_=1594602931315&CODE_STATE=getMsg HTTP/1.1" 200 27
116.232.49.26 - - [13/Jul/2020:09:15:33 +0800] "GET /xingrg/kc/buy/cgsh_order_operate.html?command=get_materiel&rest_code=00109&code=00101008230&supplier_code=00100005&order_time=2020-07-13 HTTP/1.1" 200 408
114.88.170.9 - - [13/Jul/2020:09:15:34 +0800] "GET /xingrg/all/function/internal_message.html?_=1594602933391&CODE_STATE=getMsg HTTP/1.1" 200 27
180.175.214.200 - - [13/Jul/2020:09:15:36 +0800] "GET /xingrg/kc/buy/cgsh_order_operate.html?command=get_materiel&rest_code=00102&code=00101015029&supplier_code=00100054&order_time=2020-07-13 HTTP/1.1" 200 412
116.230.77.149 - - [13/Jul/2020:09:15:38 +0800] "GET /xingrg/kc/buy/cgsh_order_operate.html?command=get_materiel&rest_code=00107&code=00101008261&supplier_code=00100006&order_time=2020-07-13 HTTP/1.1" 200 408
114.89.80.44 - - [13/Jul/2020:09:15:38 +0800] "POST /xingrg/kc/buy/cgsh_order_operate.html HTTP/1.1" 200 2065
114.88.170.9 - - [13/Jul/2020:09:15:39 +0800] "GET /xingrg/kc/buy/cgsh_order_operate.html?command=get_materiel&rest_code=00111&code=00101008108&supplier_code=00100005&order_time=2020-07-13 HTTP/1.1" 200 412
117.184.7.30 - - [13/Jul/2020:09:15:42 +0800] "GET /xingrg/all/function/internal_message.html?_=1594602941738&CODE_STATE=getMsg HTTP/1.1" 200 27
117.184.7.26 - - [13/Jul/2020:09:15:42 +0800] "GET /xingrg/check_reg.html?_=1594602941742 HTTP/1.1" 200 22
116.233.77.90 - - [13/Jul/2020:09:15:42 +0800] "GET /xingrg/all/function/internal_message.html?_=1594602943268&CODE_STATE=getMsg HTTP/1.1" 302 -
114.89.80.44 - - [13/Jul/2020:09:15:42 +0800] "GET /xingrg/kc/buy/cgsh_order_operate.html?command=get_materiel&rest_code=00151&code=00101015074&supplier_code=00100007&order_time=2020-07-13 HTTP/1.1" 200 408
180.175.214.200 - - [13/Jul/2020:09:15:43 +0800] "GET /xingrg/kc/buy/cgsh_order_operate.html?command=get_materiel&rest_code=00102&code=00101008230&supplier_code=00100054&order_time=2020-07-13 HTTP/1.1" 200 408
116.232.49.26 - - [13/Jul/2020:09:15:45 +0800] "GET /xingrg/kc/buy/cgsh_order_operate.html?command=get_materiel&rest_code=00109&code=00101008132&supplier_code=00100005&order_time=2020-07-13 HTTP/1.1" 200 408
61.172.5.115 - - [13/Jul/2020:09:15:46 +0800] "GET /xingrg/all/function/internal_message.html?_=1594602947543&CODE_STATE=getMsg HTTP/1.1" 200 27
114.88.156.166 - - [13/Jul/2020:09:15:48 +0800] "GET /xingrg/all/function/internal_message.html?_=1594602949111&CODE_STATE=getMsg HTTP/1.1" 200 27
114.89.80.44 - - [13/Jul/2020:09:15:48 +0800] "GET /xingrg/kc/buy/cgsh_order_operate.html?command=get_materiel&rest_code=00151&code=00101015006&supplier_code=00100007&order_time=2020-07-13 HTTP/1.1" 200 413
114.88.170.9 - - [13/Jul/2020:09:15:50 +0800] "GET /xingrg/javascript/jquery_easy_ui/themes/default/images/tabs_active.png HTTP/1.1" 304 -
172.17.0.120 - - [13/Jul/2020:09:15:51 +0800] "GET /xingrg/all/function/internal_message.html?_=1594602950108&CODE_STATE=getMsg HTTP/1.1" 200 27
114.89.80.44 - - [13/Jul/2020:09:15:52 +0800] "GET /xingrg/all/function/internal_message.html?_=1594602952462&CODE_STATE=getMsg HTTP/1.1" 200 27
180.175.214.200 - - [13/Jul/2020:09:15:52 +0800] "GET /xingrg/kc/buy/cgsh_order_operate.html?command=get_materiel&rest_code=00102&code=00101015037&supplier_code=00100054&order_time=2020-07-13 HTTP/1.1" 200 412
222.69.128.54 - - [13/Jul/2020:09:15:55 +0800] "GET /xingrg/all/function/internal_message.html?_=1594602954927&CODE_STATE=getMsg HTTP/1.1" 200 27
116.232.49.26 - - [13/Jul/2020:09:15:58 +0800] "GET /xingrg/kc/buy/cgsh_order_operate.html?command=get_materiel&rest_code=00109&code=00101008350&supplier_code=00100005&order_time=2020-07-13 HTTP/1.1" 200 408
116.230.77.149 - - [13/Jul/2020:09:15:59 +0800] "GET /xingrg/kc/buy/cgsh_order_operate.html?command=get_materiel&rest_code=00107&code=00101008210&supplier_code=00100006&order_time=2020-07-13 HTTP/1.1" 200 408
116.232.49.26 - - [13/Jul/2020:09:16:00 +0800] "POST /xingrg/kc/buy/cgsh_order_operate.html HTTP/1.1" 200 2065
114.89.80.44 - - [13/Jul/2020:09:16:00 +0800] "GET /xingrg/kc/buy/cgsh_order_operate.html?command=get_materiel&rest_code=00151&code=00101008355&supplier_code=00100007&order_time=2020-07-13 HTTP/1.1" 200 408
114.88.170.9 - - [13/Jul/2020:09:16:03 +0800] "GET /xingrg/kc/buy/cgsh_order_operate.html?command=get_materiel&rest_code=00111&code=00101008318&supplier_code=00100005&order_time=2020-07-13 HTTP/1.1" 200 408
116.232.49.26 - - [13/Jul/2020:09:16:04 +0800] "GET /xingrg/kc/buy/cgsh_order_operate.html?command=get_materiel&rest_code=00109&code=00101008244&supplier_code=00100005&order_time=2020-07-13 HTTP/1.1" 200 408
124.77.243.181 - - [13/Jul/2020:09:16:04 +0800] "GET /xingrg/check_reg.html?_=1594602993946 HTTP/1.1" 200 22
124.77.243.181 - - [13/Jul/2020:09:16:05 +0800] "GET /xingrg/all/function/internal_message.html?_=1594602994371&CODE_STATE=getMsg HTTP/1.1" 200 27
180.175.214.200 - - [13/Jul/2020:09:16:07 +0800] "GET /xingrg/kc/buy/cgsh_order_operate.html?command=get_materiel&rest_code=00102&code=00101015042&supplier_code=00100054&order_time=2020-07-13 HTTP/1.1" 200 408
114.89.80.44 - - [13/Jul/2020:09:16:10 +0800] "POST /xingrg/kc/buy/cgsh_order_operate.html HTTP/1.1" 200 37
116.232.49.26 - - [13/Jul/2020:09:16:10 +0800] "GET /xingrg/javascript/auto/indicator.gif HTTP/1.1" 404 1066
116.232.49.26 - - [13/Jul/2020:09:16:11 +0800] "GET /xingrg/kc/buy/cgsh_order_operate.html?command=get_materiel&rest_code=00109&code=00101008096&supplier_code=00100005&order_time=2020-07-13 HTTP/1.1" 200 412
114.89.80.44 - - [13/Jul/2020:09:16:11 +0800] "POST /xingrg/kc/buy/cgsh_order_operate.html HTTP/1.1" 200 28752
116.230.77.149 - - [13/Jul/2020:09:16:11 +0800] "GET /xingrg/kc/buy/cgsh_order_operate.html?command=get_materiel&rest_code=00107&code=00101008358&supplier_code=00100006&order_time=2020-07-13 HTTP/1.1" 200 412
114.88.170.9 - - [13/Jul/2020:09:16:12 +0800] "GET /xingrg/kc/buy/cgsh_order_operate.html?command=get_materiel&rest_code=00111&code=00101008271&supplier_code=00100005&order_time=2020-07-13 HTTP/1.1" 200 410
180.175.214.200 - - [13/Jul/2020:09:16:13 +0800] "GET /xingrg/all/function/internal_message.html?_=1594603180871&CODE_STATE=getMsg HTTP/1.1" 200 27
222.69.128.54 - - [13/Jul/2020:09:16:15 +0800] "POST /xingrg/dwr/call/plaincall/AjaxCheckService.setItemNumber.dwr HTTP/1.1" 200 78
116.230.77.149 - - [13/Jul/2020:09:16:15 +0800] "GET /xingrg/all/function/internal_message.html?_=1594602973640&CODE_STATE=getMsg HTTP/1.1" 200 27
116.232.49.26 - - [13/Jul/2020:09:16:17 +0800] "GET /xingrg/kc/buy/cgsh_order_operate.html?command=get_materiel&rest_code=00109&code=00101008038&supplier_code=00100005&order_time=2020-07-13 HTTP/1.1" 200 412
114.89.80.44 - - [13/Jul/2020:09:16:17 +0800] "POST /xingrg/all/user/operate.html HTTP/1.1" 200 36
114.89.80.44 - - [13/Jul/2020:09:16:18 +0800] "GET /xingrg/index.html?sysBaseUrl=http%3A%2F%2F180.169.147.146%3A18081%2Fxingrg%2F&costTime=39×tamp=1594450386989 HTTP/1.1" 200 17179
114.89.80.44 - - [13/Jul/2020:09:16:18 +0800] "GET /xingrg/javascript/jquery_easy_ui/themes/default/easyui.css HTTP/1.1" 304 -
114.89.80.44 - - [13/Jul/2020:09:16:18 +0800] "GET /xingrg/javascript/jquery_easy_ui/themes/icon.css HTTP/1.1" 304 -
114.89.80.44 - - [13/Jul/2020:09:16:18 +0800] "GET /xingrg/css/form.css HTTP/1.1" 304 -
114.89.80.44 - - [13/Jul/2020:09:16:18 +0800] "GET /xingrg/javascript/jquery-1.4.2.min.js HTTP/1.1" 304 -
114.89.80.44 - - [13/Jul/2020:09:16:18 +0800] "GET /xingrg/javascript/jquery_easy_ui/jquery.easyui.min.js HTTP/1.1" 304 -
114.89.80.44 - - [13/Jul/2020:09:16:18 +0800] "GET /xingrg/javascript/jquery_easy_ui/easyui-lang-zh_CN.js HTTP/1.1" 304 -
114.89.80.44 - - [13/Jul/2020:09:16:18 +0800] "GET /xingrg/javascript/jquery.form.js HTTP/1.1" 304 -
114.89.80.44 - - [13/Jul/2020:09:16:18 +0800] "GET /xingrg/javascript/jquery.utils.js HTTP/1.1" 304 -
114.89.80.44 - - [13/Jul/2020:09:16:18 +0800] "GET /xingrg/javascript/jquery.timers.js HTTP/1.1" 304 -
114.89.80.44 - - [13/Jul/2020:09:16:18 +0800] "GET /xingrg/images/blue/jxLogo.png HTTP/1.1" 304 -
114.89.80.44 - - [13/Jul/2020:09:16:18 +0800] "GET /xingrg/images/blue/navBackgound.jpg HTTP/1.1" 304 -
114.89.80.44 - - [13/Jul/2020:09:16:18 +0800] "GET /xingrg/javascript/jquery_easy_ui/themes/icons/settle_new.png HTTP/1.1" 304 -
114.89.80.44 - - [13/Jul/2020:09:16:18 +0800] "POST /xingrg/all/common/load_tree.html?tree=area_rest_tree_json&manage=1 HTTP/1.1" 200 476
114.89.80.44 - - [13/Jul/2020:09:16:18 +0800] "GET /xingrg/all/function/internal_message.html?_=1594602978684&CODE_STATE=count HTTP/1.1" 200 11
114.89.80.44 - - [13/Jul/2020:09:16:18 +0800] "GET /xingrg/javascript/jquery_easy_ui/themes/default/images/tabs_leftarrow.png HTTP/1.1" 304 -
114.89.80.44 - - [13/Jul/2020:09:16:18 +0800] "GET /xingrg/check_reg.html?_=1594602978685 HTTP/1.1" 200 22
114.89.80.44 - - [13/Jul/2020:09:16:18 +0800] "GET /xingrg/images/blue/pingpu.png HTTP/1.1" 304 -
114.89.80.44 - - [13/Jul/2020:09:16:18 +0800] "GET /xingrg/javascript/jquery_easy_ui/themes/default/images/panel_tool_collapse.gif HTTP/1.1" 304 -
114.89.80.44 - - [13/Jul/2020:09:16:18 +0800] "GET /xingrg/javascript/jquery_easy_ui/themes/default/images/tabs_rightarrow.png HTTP/1.1" 304 -
114.89.80.44 - - [13/Jul/2020:09:16:18 +0800] "POST /xingrg/load_menu.html HTTP/1.1" 200 5138
116.232.49.26 - - [13/Jul/2020:09:16:18 +0800] "GET /xingrg/all/function/internal_message.html?_=1594603010140&CODE_STATE=getMsg HTTP/1.1" 200 27
222.69.128.54 - - [13/Jul/2020:09:16:19 +0800] "POST /xingrg/dwr/call/plaincall/AjaxCheckService.setItemNumber.dwr HTTP/1.1" 200 78
114.89.80.44 - - [13/Jul/2020:09:16:20 +0800] "GET /xingrg/kc/buy/cgsh_order_list.html HTTP/1.1" 200 43519
114.89.80.44 - - [13/Jul/2020:09:16:21 +0800] "POST /xingrg/kc/buy/cgsh_list_operate.html HTTP/1.1" 200 1690
222.69.128.54 - - [13/Jul/2020:09:16:22 +0800] "POST /xingrg/dwr/call/plaincall/AjaxCheckService.setItemNumber.dwr HTTP/1.1" 200 78
114.88.170.9 - - [13/Jul/2020:09:16:22 +0800] "GET /xingrg/kc/buy/cgsh_order_operate.html?command=get_materiel&rest_code=00111&code=00101008353&supplier_code=00100005&order_time=2020-07-13 HTTP/1.1" 200 408
116.230.77.149 - - [13/Jul/2020:09:16:23 +0800] "GET /xingrg/kc/buy/cgsh_order_operate.html?command=get_materiel&rest_code=00107&code=00101008239&supplier_code=00100006&order_time=2020-07-13 HTTP/1.1" 200 416
222.69.128.54 - - [13/Jul/2020:09:16:24 +0800] "POST /xingrg/dwr/call/plaincall/AjaxCheckService.setItemNumber.dwr HTTP/1.1" 200 78
222.69.128.54 - - [13/Jul/2020:09:16:24 +0800] "POST /xingrg/dwr/call/plaincall/AjaxCheckService.setItemNumber.dwr HTTP/1.1" 200 78
114.89.80.44 - - [13/Jul/2020:09:16:25 +0800] "POST /xingrg/kc/buy/cgsh_list_operate.html HTTP/1.1" 200 566
116.232.49.26 - - [13/Jul/2020:09:16:25 +0800] "GET /xingrg/kc/buy/cgsh_order_operate.html?command=get_materiel&rest_code=00109&code=00101008358&supplier_code=00100005&order_time=2020-07-13 HTTP/1.1" 200 412
222.69.128.54 - - [13/Jul/2020:09:16:25 +0800] "POST /xingrg/dwr/call/plaincall/AjaxCheckService.setItemNumber.dwr HTTP/1.1" 200 78
114.89.80.44 - - [13/Jul/2020:09:16:25 +0800] "GET /xingrg/kc/buy/cgsh_order_info.html?code=212020071305183 HTTP/1.1" 200 59184
116.230.77.149 - - [13/Jul/2020:09:16:25 +0800] "POST /xingrg/kc/buy/cgsh_order_operate.html HTTP/1.1" 200 2065
114.89.80.44 - - [13/Jul/2020:09:16:26 +0800] "GET /xingrg/javascript/easyui/themes/default/validatebox.css HTTP/1.1" 404 1104
222.69.128.54 - - [13/Jul/2020:09:16:26 +0800] "POST /xingrg/dwr/call/plaincall/AjaxCheckService.setItemNumber.dwr HTTP/1.1" 200 78
114.89.80.44 - - [13/Jul/2020:09:16:26 +0800] "POST /xingrg/kc/buy/cgsh_order_operate.html HTTP/1.1" 200 23956
222.69.128.54 - - [13/Jul/2020:09:16:26 +0800] "POST /xingrg/dwr/call/plaincall/AjaxCheckService.setItemNumber.dwr HTTP/1.1" 200 78
222.69.128.54 - - [13/Jul/2020:09:16:27 +0800] "POST /xingrg/dwr/call/plaincall/AjaxCheckService.setItemNumber.dwr HTTP/1.1" 200 78
222.69.128.54 - - [13/Jul/2020:09:16:27 +0800] "POST /xingrg/dwr/call/plaincall/AjaxCheckService.setItemNumber.dwr HTTP/1.1" 200 78
222.69.128.54 - - [13/Jul/2020:09:16:28 +0800] "POST /xingrg/dwr/call/plaincall/AjaxCheckService.setItemNumber.dwr HTTP/1.1" 200 78
222.69.128.54 - - [13/Jul/2020:09:16:28 +0800] "POST /xingrg/dwr/call/plaincall/AjaxCheckService.setItemNumber.dwr HTTP/1.1" 200 78
222.69.128.54 - - [13/Jul/2020:09:16:28 +0800] "POST /xingrg/dwr/call/plaincall/AjaxCheckService.setItemNumber.dwr HTTP/1.1" 200 78
114.88.170.9 - - [13/Jul/2020:09:16:29 +0800] "GET /xingrg/all/function/internal_message.html?_=1594603013581&CODE_STATE=getMsg HTTP/1.1" 200 27
116.232.49.26 - - [13/Jul/2020:09:16:30 +0800] "GET /xingrg/kc/buy/cgsh_order_operate.html?command=get_materiel&rest_code=00109&code=00101008290&supplier_code=00100005&order_time=2020-07-13 HTTP/1.1" 200 416
222.69.128.54 - - [13/Jul/2020:09:16:31 +0800] "POST /xingrg/dwr/call/plaincall/AjaxCheckService.setItemNumber.dwr HTTP/1.1" 200 78
116.232.49.26 - - [13/Jul/2020:09:16:31 +0800] "POST /xingrg/kc/buy/cgsh_order_operate.html HTTP/1.1" 200 2065
222.69.128.54 - - [13/Jul/2020:09:16:32 +0800] "POST /xingrg/dwr/call/plaincall/AjaxCheckService.setItemNumber.dwr HTTP/1.1" 200 78
116.230.77.149 - - [13/Jul/2020:09:16:32 +0800] "GET /xingrg/kc/buy/cgsh_order_operate.html?command=get_materiel&rest_code=00107&code=00101008087&supplier_code=00100006&order_time=2020-07-13 HTTP/1.1" 200 412
172.17.0.185 - - [13/Jul/2020:09:16:32 +0800] "GET /xingrg/all/function/internal_message.html?_=1594602991304&CODE_STATE=getMsg HTTP/1.1" 200 27
172.17.0.185 - - [13/Jul/2020:09:16:32 +0800] "GET /xingrg/check_reg.html?_=1594602991319 HTTP/1.1" 200 22
222.69.128.54 - - [13/Jul/2020:09:16:32 +0800] "POST /xingrg/dwr/call/plaincall/AjaxCheckService.setItemNumber.dwr HTTP/1.1" 200 78
222.69.128.54 - - [13/Jul/2020:09:16:33 +0800] "POST /xingrg/dwr/call/plaincall/AjaxCheckService.setItemNumber.dwr HTTP/1.1" 200 78
222.69.128.54 - - [13/Jul/2020:09:16:33 +0800] "POST /xingrg/dwr/call/plaincall/AjaxCheckService.setItemNumber.dwr HTTP/1.1" 200 78
222.69.128.54 - - [13/Jul/2020:09:16:33 +0800] "POST /xingrg/dwr/call/plaincall/AjaxCheckService.setItemNumber.dwr HTTP/1.1" 200 78
114.88.156.166 - - [13/Jul/2020:09:16:33 +0800] "GET /xingrg/check_reg.html?_=1594602994827 HTTP/1.1" 200 22
116.232.49.26 - - [13/Jul/2020:09:16:34 +0800] "GET /xingrg/kc/buy/cgsh_order_operate.html?command=get_materiel&rest_code=00109&code=00101008003&supplier_code=00100005&order_time=2020-07-13 HTTP/1.1" 200 408
222.69.128.54 - - [13/Jul/2020:09:16:34 +0800] "POST /xingrg/dwr/call/plaincall/AjaxCheckService.setItemNumber.dwr HTTP/1.1" 200 78
114.88.170.9 - - [13/Jul/2020:09:16:34 +0800] "GET /xingrg/all/function/internal_message.html?_=1594602993403&CODE_STATE=getMsg HTTP/1.1" 200 27
222.69.128.54 - - [13/Jul/2020:09:16:34 +0800] "POST /xingrg/dwr/call/plaincall/AjaxCheckService.setItemNumber.dwr HTTP/1.1" 200 78
222.69.128.54 - - [13/Jul/2020:09:16:35 +0800] "POST /xingrg/dwr/call/plaincall/AjaxCheckService.setItemNumber.dwr HTTP/1.1" 200 78
222.69.128.54 - - [13/Jul/2020:09:16:35 +0800] "POST /xingrg/dwr/call/plaincall/AjaxCheckService.setItemNumber.dwr HTTP/1.1" 200 78
222.69.128.54 - - [13/Jul/2020:09:16:36 +0800] "POST /xingrg/dwr/call/plaincall/AjaxCheckService.setItemNumber.dwr HTTP/1.1" 200 78
222.69.128.54 - - [13/Jul/2020:09:16:36 +0800] "POST /xingrg/dwr/call/plaincall/AjaxCheckService.setItemNumber.dwr HTTP/1.1" 200 78
222.69.128.54 - - [13/Jul/2020:09:16:37 +0800] "POST /xingrg/dwr/call/plaincall/AjaxCheckService.setItemNumber.dwr HTTP/1.1" 200 78
114.88.170.9 - - [13/Jul/2020:09:16:38 +0800] "GET /xingrg/kc/buy/cgsh_order_operate.html?command=get_materiel&rest_code=00111&code=00101008312&supplier_code=00100005&order_time=2020-07-13 HTTP/1.1" 200 412
116.232.49.26 - - [13/Jul/2020:09:16:40 +0800] "GET /xingrg/kc/buy/cgsh_order_operate.html?command=get_materiel&rest_code=00109&code=00101008148&supplier_code=00100005&order_time=2020-07-13 HTTP/1.1" 200 416
114.89.80.44 - - [13/Jul/2020:09:16:41 +0800] "GET /xingrg/javascript/auto/indicator.gif HTTP/1.1" 404 1066
117.184.7.26 - - [13/Jul/2020:09:16:42 +0800] "GET /xingrg/all/function/internal_message.html?_=1594603001742&CODE_STATE=getMsg HTTP/1.1" 200 27
116.233.77.90 - - [13/Jul/2020:09:16:42 +0800] "GET /xingrg/all/function/internal_message.html?_=1594603003267&CODE_STATE=getMsg HTTP/1.1" 302 -
222.69.128.54 - - [13/Jul/2020:09:16:42 +0800] "POST /xingrg/dwr/call/plaincall/AjaxCheckService.setItemNumber.dwr HTTP/1.1" 200 78
180.175.214.200 - - [13/Jul/2020:09:16:43 +0800] "POST /xingrg/kc/buy/cgsh_order_operate.html HTTP/1.1" 200 37
116.230.77.149 - - [13/Jul/2020:09:16:43 +0800] "GET /xingrg/kc/buy/cgsh_order_operate.html?command=get_materiel&rest_code=00107&code=00101008355&supplier_code=00100006&order_time=2020-07-13 HTTP/1.1" 200 408
222.69.128.54 - - [13/Jul/2020:09:16:45 +0800] "POST /xingrg/dwr/call/plaincall/AjaxCheckService.setItemNumber.dwr HTTP/1.1" 200 78
222.69.128.54 - - [13/Jul/2020:09:16:45 +0800] "POST /xingrg/dwr/call/plaincall/AjaxCheckService.setItemNumber.dwr HTTP/1.1" 200 78
114.88.170.9 - - [13/Jul/2020:09:16:46 +0800] "GET /xingrg/kc/buy/cgsh_order_operate.html?command=get_materiel&rest_code=00111&code=00101008101&supplier_code=00100005&order_time=2020-07-13 HTTP/1.1" 200 412
116.232.49.26 - - [13/Jul/2020:09:16:46 +0800] "GET /xingrg/kc/buy/cgsh_order_operate.html?command=get_materiel&rest_code=00109&code=00101008148&supplier_code=00100005&order_time=2020-07-13 HTTP/1.1" 200 416
61.172.5.115 - - [13/Jul/2020:09:16:46 +0800] "GET /xingrg/all/function/internal_message.html?_=1594603007547&CODE_STATE=getMsg HTTP/1.1" 200 27
222.69.128.54 - - [13/Jul/2020:09:16:46 +0800] "POST /xingrg/dwr/call/plaincall/AjaxCheckService.setItemNumber.dwr HTTP/1.1" 200 78
180.175.214.200 - - [13/Jul/2020:09:16:46 +0800] "POST /xingrg/kc/buy/cgsh_order_operate.html HTTP/1.1" 200 12
222.69.128.54 - - [13/Jul/2020:09:16:46 +0800] "POST /xingrg/dwr/call/plaincall/AjaxCheckService.setItemNumber.dwr HTTP/1.1" 200 78
222.69.128.54 - - [13/Jul/2020:09:16:47 +0800] "POST /xingrg/dwr/call/plaincall/AjaxCheckService.setItemNumber.dwr HTTP/1.1" 200 78
180.175.214.200 - - [13/Jul/2020:09:16:47 +0800] "GET /xingrg/kc/buy/cgsh_order_info.html?code=212020071305187 HTTP/1.1" 200 54062
222.69.128.54 - - [13/Jul/2020:09:16:48 +0800] "POST /xingrg/dwr/call/plaincall/AjaxCheckService.setItemNumber.dwr HTTP/1.1" 200 78
114.88.156.166 - - [13/Jul/2020:09:16:48 +0800] "GET /xingrg/all/function/internal_message.html?_=1594603009080&CODE_STATE=getMsg HTTP/1.1" 200 27
222.69.128.54 - - [13/Jul/2020:09:16:48 +0800] "POST /xingrg/dwr/call/plaincall/AjaxCheckService.setItemNumber.dwr HTTP/1.1" 200 78
114.88.170.9 - - [13/Jul/2020:09:16:48 +0800] "POST /xingrg/kc/buy/cgsh_order_operate.html HTTP/1.1" 200 2065
222.69.128.54 - - [13/Jul/2020:09:16:48 +0800] "POST /xingrg/dwr/call/plaincall/AjaxCheckService.setItemNumber.dwr HTTP/1.1" 200 78
180.175.214.200 - - [13/Jul/2020:09:16:49 +0800] "GET /xingrg/javascript/easyui/themes/default/validatebox.css HTTP/1.1" 404 1104
180.175.214.200 - - [13/Jul/2020:09:16:49 +0800] "POST /xingrg/kc/buy/cgsh_order_operate.html HTTP/1.1" 200 2367
222.69.128.54 - - [13/Jul/2020:09:16:49 +0800] "POST /xingrg/dwr/call/plaincall/AjaxCheckService.setItemNumber.dwr HTTP/1.1" 200 78
222.69.128.54 - - [13/Jul/2020:09:16:49 +0800] "POST /xingrg/dwr/call/plaincall/AjaxCheckService.setItemNumber.dwr HTTP/1.1" 200 78
116.232.49.26 - - [13/Jul/2020:09:16:50 +0800] "GET /xingrg/kc/buy/cgsh_order_operate.html?command=get_materiel&rest_code=00109&code=00101008067&supplier_code=00100005&order_time=2020-07-13 HTTP/1.1" 200 416
222.69.128.54 - - [13/Jul/2020:09:16:50 +0800] "POST /xingrg/dwr/call/plaincall/AjaxCheckService.setItemNumber.dwr HTTP/1.1" 200 78
222.69.128.54 - - [13/Jul/2020:09:16:51 +0800] "POST /xingrg/dwr/call/plaincall/AjaxCheckService.setItemNumber.dwr HTTP/1.1" 200 78
172.17.0.120 - - [13/Jul/2020:09:16:51 +0800] "GET /xingrg/all/function/internal_message.html?_=1594603010110&CODE_STATE=getMsg HTTP/1.1" 200 27
180.175.214.200 - - [13/Jul/2020:09:16:52 +0800] "GET /xingrg/kc/print/load_data.html?order_code=212020071305187&kc_code=cgsh&condition= HTTP/1.1" 200 1336
114.88.170.9 - - [13/Jul/2020:09:16:54 +0800] "GET /xingrg/kc/buy/cgsh_order_operate.html?command=get_materiel&rest_code=00111&code=00101008198&supplier_code=00100005&order_time=2020-07-13 HTTP/1.1" 200 413
222.69.128.54 - - [13/Jul/2020:09:16:55 +0800] "GET /xingrg/all/function/internal_message.html?_=1594603014907&CODE_STATE=getMsg HTTP/1.1" 200 27
116.232.49.26 - - [13/Jul/2020:09:16:57 +0800] "GET /xingrg/kc/buy/cgsh_order_operate.html?command=get_materiel&rest_code=00109&code=00101008360&supplier_code=00100005&order_time=2020-07-13 HTTP/1.1" 200 412
222.69.128.54 - - [13/Jul/2020:09:16:58 +0800] "POST /xingrg/dwr/call/plaincall/AjaxCheckService.setItemNumber.dwr HTTP/1.1" 200 78
222.69.128.54 - - [13/Jul/2020:09:16:59 +0800] "POST /xingrg/dwr/call/plaincall/AjaxCheckService.setItemNumber.dwr HTTP/1.1" 200 78
222.69.128.54 - - [13/Jul/2020:09:16:59 +0800] "POST /xingrg/dwr/call/plaincall/AjaxCheckService.setItemNumber.dwr HTTP/1.1" 200 78
222.69.128.54 - - [13/Jul/2020:09:17:00 +0800] "POST /xingrg/dwr/call/plaincall/AjaxCheckService.setItemNumber.dwr HTTP/1.1" 200 78
180.175.214.200 - - [13/Jul/2020:09:17:01 +0800] "GET /xingrg/kc/buy/cgsh_order_add.html HTTP/1.1" 200 59163
114.88.170.9 - - [13/Jul/2020:09:17:01 +0800] "GET /xingrg/kc/buy/cgsh_order_operate.html?command=get_materiel&rest_code=00111&code=00101008006&supplier_code=00100005&order_time=2020-07-13 HTTP/1.1" 200 416
180.175.214.200 - - [13/Jul/2020:09:17:03 +0800] "POST /xingrg/kc/buy/cgsh_order_operate.html HTTP/1.1" 200 8245
116.232.49.26 - - [13/Jul/2020:09:17:03 +0800] "GET /xingrg/kc/buy/cgsh_order_operate.html?command=get_materiel&rest_code=00109&code=00101008006&supplier_code=00100005&order_time=2020-07-13 HTTP/1.1" 200 416
180.175.214.200 - - [13/Jul/2020:09:17:03 +0800] "GET /xingrg/javascript/easyui/themes/default/validatebox.css HTTP/1.1" 404 1104
222.69.128.54 - - [13/Jul/2020:09:17:03 +0800] "POST /xingrg/dwr/call/plaincall/AjaxCheckService.setItemNumber.dwr HTTP/1.1" 200 78
222.69.128.54 - - [13/Jul/2020:09:17:04 +0800] "POST /xingrg/dwr/call/plaincall/AjaxCheckService.setItemNumber.dwr HTTP/1.1" 200 78
222.69.128.54 - - [13/Jul/2020:09:17:04 +0800] "POST /xingrg/dwr/call/plaincall/AjaxCheckService.setItemNumber.dwr HTTP/1.1" 200 78
116.232.49.26 - - [13/Jul/2020:09:17:05 +0800] "POST /xingrg/kc/buy/cgsh_order_operate.html HTTP/1.1" 200 2065
124.77.243.181 - - [13/Jul/2020:09:17:05 +0800] "GET /xingrg/all/function/internal_message.html?_=1594603054383&CODE_STATE=getMsg HTTP/1.1" 200 27
222.69.128.54 - - [13/Jul/2020:09:17:05 +0800] "POST /xingrg/dwr/call/plaincall/AjaxCheckService.setItemNumber.dwr HTTP/1.1" 200 78
222.69.128.54 - - [13/Jul/2020:09:17:06 +0800] "POST /xingrg/dwr/call/plaincall/AjaxCheckService.setItemNumber.dwr HTTP/1.1" 200 78
222.69.128.54 - - [13/Jul/2020:09:17:07 +0800] "POST /xingrg/dwr/call/plaincall/AjaxCheckService.setItemNumber.dwr HTTP/1.1" 200 78
222.69.128.54 - - [13/Jul/2020:09:17:08 +0800] "POST /xingrg/dwr/call/plaincall/AjaxCheckService.setItemNumber.dwr HTTP/1.1" 200 78
222.69.128.54 - - [13/Jul/2020:09:17:08 +0800] "POST /xingrg/dwr/call/plaincall/AjaxCheckService.setItemNumber.dwr HTTP/1.1" 200 78
116.232.49.26 - - [13/Jul/2020:09:17:09 +0800] "GET /xingrg/kc/buy/cgsh_order_operate.html?command=get_materiel&rest_code=00109&code=00101008131&supplier_code=00100005&order_time=2020-07-13 HTTP/1.1" 200 408
222.69.128.54 - - [13/Jul/2020:09:17:09 +0800] "POST /xingrg/dwr/call/plaincall/AjaxCheckService.setItemNumber.dwr HTTP/1.1" 200 78
180.175.214.200 - - [13/Jul/2020:09:17:13 +0800] "GET /xingrg/all/function/internal_message.html?_=1594603240886&CODE_STATE=getMsg HTTP/1.1" 200 27
116.230.77.149 - - [13/Jul/2020:09:17:14 +0800] "GET /xingrg/check_reg.html?_=1594603032983 HTTP/1.1" 200 22
116.232.49.26 - - [13/Jul/2020:09:17:15 +0800] "GET /xingrg/check_reg.html?_=1594603070128 HTTP/1.1" 200 22
116.232.49.26 - - [13/Jul/2020:09:17:15 +0800] "GET /xingrg/all/function/internal_message.html?_=1594603070128&CODE_STATE=getMsg HTTP/1.1" 200 27
222.69.128.54 - - [13/Jul/2020:09:17:15 +0800] "POST /xingrg/dwr/call/plaincall/AjaxCheckService.setItemNumber.dwr HTTP/1.1" 200 78
116.230.77.149 - - [13/Jul/2020:09:17:15 +0800] "GET /xingrg/all/function/internal_message.html?_=1594603033791&CODE_STATE=getMsg HTTP/1.1" 200 27
116.232.49.26 - - [13/Jul/2020:09:17:15 +0800] "GET /xingrg/kc/buy/cgsh_order_operate.html?command=get_materiel&rest_code=00109&code=00101008296&supplier_code=00100005&order_time=2020-07-13 HTTP/1.1" 200 416
222.69.128.54 - - [13/Jul/2020:09:17:17 +0800] "POST /xingrg/dwr/call/plaincall/AjaxCheckService.setItemNumber.dwr HTTP/1.1" 200 78
114.89.80.44 - - [13/Jul/2020:09:17:18 +0800] "GET /xingrg/all/function/internal_message.html?_=1594603038694&CODE_STATE=getMsg HTTP/1.1" 200 27
114.88.170.9 - - [13/Jul/2020:09:17:20 +0800] "GET /xingrg/kc/buy/cgsh_order_operate.html?command=get_materiel&rest_code=00111&code=00101008296&supplier_code=00100005&order_time=2020-07-13 HTTP/1.1" 200 416
116.232.49.26 - - [13/Jul/2020:09:17:20 +0800] "GET /xingrg/kc/buy/cgsh_order_operate.html?command=get_materiel&rest_code=00109&code=00101008297&supplier_code=00100005&order_time=2020-07-13 HTTP/1.1" 200 412
116.230.77.149 - - [13/Jul/2020:09:17:20 +0800] "GET /xingrg/kc/buy/cgsh_order_operate.html?command=get_materiel&rest_code=00107&code=00101008176&supplier_code=00100006&order_time=2020-07-13 HTTP/1.1" 200 412
116.230.77.149 - - [13/Jul/2020:09:17:23 +0800] "POST /xingrg/kc/buy/cgsh_order_operate.html HTTP/1.1" 200 2065
116.232.49.26 - - [13/Jul/2020:09:17:25 +0800] "GET /xingrg/kc/buy/cgsh_order_operate.html?command=get_materiel&rest_code=00109&code=00101008125&supplier_code=00100005&order_time=2020-07-13 HTTP/1.1" 200 413
114.88.170.9 - - [13/Jul/2020:09:17:27 +0800] "GET /xingrg/kc/buy/cgsh_order_operate.html?command=get_materiel&rest_code=00111&code=00101008323&supplier_code=00100005&order_time=2020-07-13 HTTP/1.1" 200 408
114.88.170.9 - - [13/Jul/2020:09:17:29 +0800] "GET /xingrg/all/function/internal_message.html?_=1594603073559&CODE_STATE=getMsg HTTP/1.1" 200 27
116.230.77.149 - - [13/Jul/2020:09:17:29 +0800] "GET /xingrg/kc/buy/cgsh_order_operate.html?command=get_materiel&rest_code=00107&code=00101008175&supplier_code=00100006&order_time=2020-07-13 HTTP/1.1" 200 412
116.232.49.26 - - [13/Jul/2020:09:17:30 +0800] "GET /xingrg/kc/buy/cgsh_order_operate.html?command=get_materiel&rest_code=00109&code=00101008331&supplier_code=00100005&order_time=2020-07-13 HTTP/1.1" 200 416
