114.89.80.44 - - [13/Jul/2020:09:50:06 +0800] "GET /xingrg/kc/buy/cgsh_order_operate.html?command=get_materiel&rest_code=00150&code=00101012039&supplier_code=00100036&order_time=2020-07-13 HTTP/1.1" 200 408
124.77.243.181 - - [13/Jul/2020:09:50:09 +0800] "GET /xingrg/all/function/internal_message.html?_=1594605038483&CODE_STATE=getMsg HTTP/1.1" 200 27
114.89.80.44 - - [13/Jul/2020:09:50:10 +0800] "GET /xingrg/all/function/internal_message.html?_=1594605132389&CODE_STATE=getMsg HTTP/1.1" 200 27
180.175.214.200 - - [13/Jul/2020:09:50:11 +0800] "GET /xingrg/check_reg.html?_=1594605218670 HTTP/1.1" 200 22
172.17.0.101 - - [13/Jul/2020:09:50:14 +0800] "GET /xingrg/all/function/internal_message.html?_=1594605015021&CODE_STATE=getMsg HTTP/1.1" 200 27
116.230.77.149 - - [13/Jul/2020:09:50:15 +0800] "GET /xingrg/all/function/internal_message.html?_=1594605013317&CODE_STATE=getMsg HTTP/1.1" 200 27
114.89.80.44 - - [13/Jul/2020:09:50:18 +0800] "GET /xingrg/kc/buy/cgsh_order_operate.html?command=get_materiel&rest_code=00150&code=00101016025&supplier_code=00100036&order_time=2020-07-13 HTTP/1.1" 200 408
180.175.214.200 - - [13/Jul/2020:09:50:21 +0800] "GET /xingrg/all/function/internal_message.html?_=1594605229009&CODE_STATE=getMsg HTTP/1.1" 200 27
58.40.7.146 - - [13/Jul/2020:09:50:22 +0800] "GET /xingrg/check_reg.html?_=1594605022084 HTTP/1.1" 302 -
114.88.170.9 - - [13/Jul/2020:09:50:28 +0800] "GET /xingrg/all/function/internal_message.html?_=1594605052728&CODE_STATE=getMsg HTTP/1.1" 200 27
114.88.170.9 - - [13/Jul/2020:09:50:31 +0800] "GET /xingrg/all/function/internal_message.html?_=1594605030667&CODE_STATE=getMsg HTTP/1.1" 200 27
172.17.0.185 - - [13/Jul/2020:09:50:32 +0800] "GET /xingrg/all/function/internal_message.html?_=1594605031319&CODE_STATE=getMsg HTTP/1.1" 200 27
117.184.7.26 - - [13/Jul/2020:09:50:32 +0800] "POST /xingrg/dwr/call/plaincall/AjaxCheckService.setItemNumber.dwr HTTP/1.1" 200 78
114.89.80.44 - - [13/Jul/2020:09:50:33 +0800] "GET /xingrg/check_reg.html?_=1594605033860 HTTP/1.1" 200 22
114.89.80.44 - - [13/Jul/2020:09:50:33 +0800] "GET /xingrg/all/function/internal_message.html?_=1594605033862&CODE_STATE=getMsg HTTP/1.1" 200 27
117.184.7.26 - - [13/Jul/2020:09:50:35 +0800] "POST /xingrg/dwr/call/plaincall/AjaxCheckService.setItemNumber.dwr HTTP/1.1" 200 78
116.232.49.26 - - [13/Jul/2020:09:50:38 +0800] "GET /xingrg/all/function/internal_message.html?_=1594605061484&CODE_STATE=getMsg HTTP/1.1" 200 27
117.184.7.26 - - [13/Jul/2020:09:50:41 +0800] "POST /xingrg/dwr/call/plaincall/AjaxCheckService.setItemNumber.dwr HTTP/1.1" 200 78
116.233.77.90 - - [13/Jul/2020:09:50:42 +0800] "GET /xingrg/all/function/internal_message.html?_=1594605043290&CODE_STATE=getMsg HTTP/1.1" 302 -
117.184.7.26 - - [13/Jul/2020:09:50:42 +0800] "POST /xingrg/dwr/call/plaincall/AjaxCheckService.setItemNumber.dwr HTTP/1.1" 200 78
114.89.80.44 - - [13/Jul/2020:09:50:43 +0800] "POST /xingrg/all/user/operate.html HTTP/1.1" 200 36
114.89.80.44 - - [13/Jul/2020:09:50:44 +0800] "GET /xingrg/javascript/jquery_easy_ui/themes/default/easyui.css HTTP/1.1" 304 -
114.89.80.44 - - [13/Jul/2020:09:50:44 +0800] "GET /xingrg/index.html?sysBaseUrl=http%3A%2F%2F180.169.147.146%3A18081%2Fxingrg%2F&costTime=39×tamp=1594450386989 HTTP/1.1" 200 17177
114.89.80.44 - - [13/Jul/2020:09:50:44 +0800] "GET /xingrg/javascript/jquery_easy_ui/themes/icon.css HTTP/1.1" 304 -
114.89.80.44 - - [13/Jul/2020:09:50:44 +0800] "GET /xingrg/css/form.css HTTP/1.1" 304 -
114.89.80.44 - - [13/Jul/2020:09:50:44 +0800] "GET /xingrg/javascript/jquery-1.4.2.min.js HTTP/1.1" 304 -
114.89.80.44 - - [13/Jul/2020:09:50:44 +0800] "GET /xingrg/javascript/jquery_easy_ui/jquery.easyui.min.js HTTP/1.1" 304 -
114.89.80.44 - - [13/Jul/2020:09:50:44 +0800] "GET /xingrg/javascript/jquery_easy_ui/easyui-lang-zh_CN.js HTTP/1.1" 304 -
114.89.80.44 - - [13/Jul/2020:09:50:44 +0800] "GET /xingrg/javascript/jquery.form.js HTTP/1.1" 304 -
114.89.80.44 - - [13/Jul/2020:09:50:44 +0800] "GET /xingrg/javascript/jquery.utils.js HTTP/1.1" 304 -
114.89.80.44 - - [13/Jul/2020:09:50:44 +0800] "GET /xingrg/javascript/jquery.timers.js HTTP/1.1" 304 -
114.89.80.44 - - [13/Jul/2020:09:50:44 +0800] "GET /xingrg/images/blue/jxLogo.png HTTP/1.1" 304 -
114.89.80.44 - - [13/Jul/2020:09:50:44 +0800] "GET /xingrg/images/blue/navBackgound.jpg HTTP/1.1" 304 -
114.89.80.44 - - [13/Jul/2020:09:50:44 +0800] "GET /xingrg/javascript/jquery_easy_ui/themes/icons/settle_new.png HTTP/1.1" 304 -
114.89.80.44 - - [13/Jul/2020:09:50:44 +0800] "POST /xingrg/all/common/load_tree.html?tree=area_rest_tree_json&manage=1 HTTP/1.1" 200 476
114.89.80.44 - - [13/Jul/2020:09:50:44 +0800] "GET /xingrg/all/function/internal_message.html?_=1594605044505&CODE_STATE=count HTTP/1.1" 200 11
114.89.80.44 - - [13/Jul/2020:09:50:44 +0800] "GET /xingrg/images/blue/pingpu.png HTTP/1.1" 304 -
114.89.80.44 - - [13/Jul/2020:09:50:44 +0800] "GET /xingrg/check_reg.html?_=1594605044506 HTTP/1.1" 200 22
114.89.80.44 - - [13/Jul/2020:09:50:44 +0800] "GET /xingrg/javascript/jquery_easy_ui/themes/default/images/tabs_rightarrow.png HTTP/1.1" 304 -
114.89.80.44 - - [13/Jul/2020:09:50:44 +0800] "GET /xingrg/javascript/jquery_easy_ui/themes/default/images/panel_tool_collapse.gif HTTP/1.1" 304 -
114.89.80.44 - - [13/Jul/2020:09:50:44 +0800] "GET /xingrg/javascript/jquery_easy_ui/themes/default/images/tabs_leftarrow.png HTTP/1.1" 304 -
114.89.80.44 - - [13/Jul/2020:09:50:44 +0800] "POST /xingrg/load_menu.html HTTP/1.1" 200 5138
172.17.200.101 - - [13/Jul/2020:09:50:44 +0800] "GET /xingrg/all/function/internal_message.html?_=1594605045405&CODE_STATE=getMsg HTTP/1.1" 200 27
116.232.49.26 - - [13/Jul/2020:09:50:45 +0800] "GET /xingrg/javascript/easyui/themes/default/images/button_plain_hover.png HTTP/1.1" 304 -
117.184.7.26 - - [13/Jul/2020:09:50:46 +0800] "POST /xingrg/dwr/call/plaincall/AjaxCheckService.setItemNumber.dwr HTTP/1.1" 200 78
61.172.5.115 - - [13/Jul/2020:09:50:46 +0800] "GET /xingrg/all/function/internal_message.html?_=1594605047595&CODE_STATE=getMsg HTTP/1.1" 200 27
114.88.156.166 - - [13/Jul/2020:09:50:47 +0800] "GET /xingrg/all/function/internal_message.html?_=1594605048299&CODE_STATE=getMsg HTTP/1.1" 200 27
114.89.80.44 - - [13/Jul/2020:09:50:48 +0800] "GET /xingrg/kc/buy/cgsh_order_list.html HTTP/1.1" 200 43517
117.184.7.26 - - [13/Jul/2020:09:50:48 +0800] "POST /xingrg/dwr/call/plaincall/AjaxCheckService.setItemNumber.dwr HTTP/1.1" 200 78
114.89.80.44 - - [13/Jul/2020:09:50:49 +0800] "POST /xingrg/kc/buy/cgsh_list_operate.html HTTP/1.1" 200 1688
114.89.80.44 - - [13/Jul/2020:09:50:51 +0800] "POST /xingrg/kc/buy/cgsh_list_operate.html HTTP/1.1" 200 560
114.89.80.44 - - [13/Jul/2020:09:50:51 +0800] "GET /xingrg/kc/buy/cgsh_order_info.html?code=212020071305186 HTTP/1.1" 200 58902
114.89.80.44 - - [13/Jul/2020:09:50:51 +0800] "GET /xingrg/javascript/easyui/themes/default/validatebox.css HTTP/1.1" 404 1104
114.89.80.44 - - [13/Jul/2020:09:50:51 +0800] "POST /xingrg/kc/buy/cgsh_order_operate.html HTTP/1.1" 200 28159
117.184.7.26 - - [13/Jul/2020:09:50:53 +0800] "POST /xingrg/dwr/call/plaincall/AjaxCheckService.setItemNumber.dwr HTTP/1.1" 200 78
114.89.80.44 - - [13/Jul/2020:09:50:54 +0800] "POST /xingrg/kc/buy/cgsh_order_operate.html HTTP/1.1" 200 37
117.184.7.26 - - [13/Jul/2020:09:50:54 +0800] "GET /xingrg/all/function/internal_message.html?_=1594605053813&CODE_STATE=getMsg HTTP/1.1" 200 27
117.184.7.26 - - [13/Jul/2020:09:50:55 +0800] "POST /xingrg/dwr/call/plaincall/AjaxCheckService.setItemNumber.dwr HTTP/1.1" 200 78
222.69.128.54 - - [13/Jul/2020:09:50:55 +0800] "GET /xingrg/all/function/internal_message.html?_=1594605054911&CODE_STATE=getMsg HTTP/1.1" 200 27
114.89.80.44 - - [13/Jul/2020:09:50:56 +0800] "POST /xingrg/kc/buy/cgsh_order_operate.html HTTP/1.1" 200 12
114.89.80.44 - - [13/Jul/2020:09:50:57 +0800] "GET /xingrg/kc/buy/cgsh_order_info.html?code=212020071305208 HTTP/1.1" 200 54096
114.89.80.44 - - [13/Jul/2020:09:50:57 +0800] "GET /xingrg/javascript/easyui/themes/default/validatebox.css HTTP/1.1" 404 1104
114.89.80.44 - - [13/Jul/2020:09:50:57 +0800] "POST /xingrg/kc/buy/cgsh_order_operate.html HTTP/1.1" 200 1188
114.86.190.97 - - [13/Jul/2020:09:50:58 +0800] "GET /xingrg/all/function/internal_message.html?_=1594605059600&CODE_STATE=getMsg HTTP/1.1" 200 27
117.184.7.26 - - [13/Jul/2020:09:50:58 +0800] "POST /xingrg/dwr/call/plaincall/AjaxCheckService.setItemNumber.dwr HTTP/1.1" 200 78
117.184.7.26 - - [13/Jul/2020:09:50:59 +0800] "POST /xingrg/dwr/call/plaincall/AjaxCheckService.setItemNumber.dwr HTTP/1.1" 200 78
114.89.80.44 - - [13/Jul/2020:09:51:00 +0800] "GET /xingrg/kc/print/load_data.html?order_code=212020071305208&kc_code=cgsh&condition= HTTP/1.1" 200 1022
117.184.7.26 - - [13/Jul/2020:09:51:00 +0800] "POST /xingrg/dwr/call/plaincall/AjaxCheckService.setItemNumber.dwr HTTP/1.1" 200 78
117.184.7.26 - - [13/Jul/2020:09:51:02 +0800] "POST /xingrg/dwr/call/plaincall/AjaxCheckService.setItemNumber.dwr HTTP/1.1" 200 78
172.17.0.120 - - [13/Jul/2020:09:51:04 +0800] "GET /xingrg/all/function/internal_message.html?_=1594605063405&CODE_STATE=getMsg HTTP/1.1" 200 27
114.89.80.44 - - [13/Jul/2020:09:51:07 +0800] "GET /xingrg/kc/buy/cgsh_order_add.html HTTP/1.1" 200 59187
114.89.80.44 - - [13/Jul/2020:09:51:08 +0800] "POST /xingrg/kc/buy/cgsh_order_operate.html HTTP/1.1" 200 8245
114.89.80.44 - - [13/Jul/2020:09:51:08 +0800] "GET /xingrg/javascript/easyui/themes/default/validatebox.css HTTP/1.1" 404 1104
124.77.243.181 - - [13/Jul/2020:09:51:08 +0800] "GET /xingrg/check_reg.html?_=1594605097950 HTTP/1.1" 200 22
117.184.7.26 - - [13/Jul/2020:09:51:08 +0800] "POST /xingrg/dwr/call/plaincall/AjaxCheckService.setItemNumber.dwr HTTP/1.1" 200 78
124.77.243.181 - - [13/Jul/2020:09:51:09 +0800] "GET /xingrg/all/function/internal_message.html?_=1594605098496&CODE_STATE=getMsg HTTP/1.1" 200 27
117.184.7.26 - - [13/Jul/2020:09:51:09 +0800] "POST /xingrg/dwr/call/plaincall/AjaxCheckService.setItemNumber.dwr HTTP/1.1" 200 78
114.89.80.44 - - [13/Jul/2020:09:51:10 +0800] "GET /xingrg/all/function/internal_message.html?_=1594605192407&CODE_STATE=getMsg HTTP/1.1" 200 27
117.184.7.26 - - [13/Jul/2020:09:51:12 +0800] "POST /xingrg/dwr/call/plaincall/AjaxCheckService.setItemNumber.dwr HTTP/1.1" 200 78
114.89.80.44 - - [13/Jul/2020:09:51:12 +0800] "GET /xingrg/javascript/auto/indicator.gif HTTP/1.1" 404 1066
117.184.7.26 - - [13/Jul/2020:09:51:13 +0800] "POST /xingrg/dwr/call/plaincall/AjaxCheckService.setItemNumber.dwr HTTP/1.1" 200 78
114.89.80.44 - - [13/Jul/2020:09:51:14 +0800] "GET /xingrg/kc/buy/cgsh_order_operate.html?command=get_materiel&rest_code=00151&code=00101008356&supplier_code=00100007&order_time=2020-07-13 HTTP/1.1" 200 408
117.184.7.26 - - [13/Jul/2020:09:51:14 +0800] "POST /xingrg/dwr/call/plaincall/AjaxCheckService.setItemNumber.dwr HTTP/1.1" 200 78
172.17.0.101 - - [13/Jul/2020:09:51:15 +0800] "GET /xingrg/all/function/internal_message.html?_=1594605075027&CODE_STATE=getMsg HTTP/1.1" 200 27
116.230.77.149 - - [13/Jul/2020:09:51:15 +0800] "GET /xingrg/all/function/internal_message.html?_=1594605073306&CODE_STATE=getMsg HTTP/1.1" 200 27
117.184.7.26 - - [13/Jul/2020:09:51:17 +0800] "POST /xingrg/dwr/call/plaincall/AjaxCheckService.setItemNumber.dwr HTTP/1.1" 200 78
117.184.7.26 - - [13/Jul/2020:09:51:17 +0800] "POST /xingrg/dwr/call/plaincall/AjaxCheckService.setItemNumber.dwr HTTP/1.1" 200 78
117.184.7.26 - - [13/Jul/2020:09:51:18 +0800] "POST /xingrg/dwr/call/plaincall/AjaxCheckService.setItemNumber.dwr HTTP/1.1" 200 78
117.184.7.26 - - [13/Jul/2020:09:51:19 +0800] "POST /xingrg/dwr/call/plaincall/AjaxCheckService.setItemNumber.dwr HTTP/1.1" 200 78
180.175.214.200 - - [13/Jul/2020:09:51:21 +0800] "GET /xingrg/all/function/internal_message.html?_=1594605289023&CODE_STATE=getMsg HTTP/1.1" 200 27
114.89.80.44 - - [13/Jul/2020:09:51:22 +0800] "POST /xingrg/kc/buy/cgsh_order_operate.html HTTP/1.1" 200 37
114.89.80.44 - - [13/Jul/2020:09:51:23 +0800] "POST /xingrg/kc/buy/cgsh_order_operate.html HTTP/1.1" 200 28159
114.89.80.44 - - [13/Jul/2020:09:51:23 +0800] "GET /xingrg/kc/buy/cgsh_order_operate.html?command=get_materiel&rest_code=00150&code=00101001010&supplier_code=00100040&order_time=2020-07-13 HTTP/1.1" 200 408
117.184.7.26 - - [13/Jul/2020:09:51:23 +0800] "POST /xingrg/dwr/call/plaincall/AjaxCheckService.setItemNumber.dwr HTTP/1.1" 200 78
114.88.170.9 - - [13/Jul/2020:09:51:28 +0800] "GET /xingrg/all/function/internal_message.html?_=1594605112708&CODE_STATE=getMsg HTTP/1.1" 200 27
114.88.170.9 - - [13/Jul/2020:09:51:31 +0800] "GET /xingrg/all/function/internal_message.html?_=1594605090729&CODE_STATE=getMsg HTTP/1.1" 200 27
172.17.0.185 - - [13/Jul/2020:09:51:32 +0800] "GET /xingrg/all/function/internal_message.html?_=1594605091309&CODE_STATE=getMsg HTTP/1.1" 200 27
172.17.0.185 - - [13/Jul/2020:09:51:32 +0800] "GET /xingrg/check_reg.html?_=1594605091323 HTTP/1.1" 200 22
117.184.7.26 - - [13/Jul/2020:09:51:32 +0800] "POST /xingrg/dwr/call/plaincall/AjaxCheckService.checkOrder.dwr HTTP/1.1" 200 80
114.88.156.166 - - [13/Jul/2020:09:51:33 +0800] "GET /xingrg/check_reg.html?_=1594605094747 HTTP/1.1" 200 22
114.89.80.44 - - [13/Jul/2020:09:51:34 +0800] "GET /xingrg/kc/buy/cgsh_order_operate.html?command=get_materiel&rest_code=00150&code=00101001161&supplier_code=00100040&order_time=2020-07-13 HTTP/1.1" 200 409
116.232.49.26 - - [13/Jul/2020:09:51:37 +0800] "GET /xingrg/all/function/internal_message.html?_=1594605121484&CODE_STATE=getMsg HTTP/1.1" 200 27
117.184.7.26 - - [13/Jul/2020:09:51:37 +0800] "GET /xingrg/kc/base/check_order_info.html?code=452020071200311 HTTP/1.1" 200 22860
117.184.7.26 - - [13/Jul/2020:09:51:37 +0800] "GET /xingrg/dwr/interface/AjaxComOrderService.js HTTP/1.1" 200 18264
117.184.7.26 - - [13/Jul/2020:09:51:37 +0800] "GET /xingrg/dwr/interface/AjaxCheckService.js HTTP/1.1" 200 14003
117.184.7.26 - - [13/Jul/2020:09:51:37 +0800] "GET /xingrg/dwr/engine.js HTTP/1.1" 200 43631
117.184.7.26 - - [13/Jul/2020:09:51:38 +0800] "POST /xingrg/dwr/call/plaincall/AjaxCheckService.loadOrderItems.dwr HTTP/1.1" 200 52270
116.233.77.90 - - [13/Jul/2020:09:51:42 +0800] "GET /xingrg/all/function/internal_message.html?_=1594605103290&CODE_STATE=getMsg HTTP/1.1" 302 -
117.184.7.26 - - [13/Jul/2020:09:51:42 +0800] "POST /xingrg/kc/base/check_list_operate.html HTTP/1.1" 200 1884
114.89.80.44 - - [13/Jul/2020:09:51:42 +0800] "GET /xingrg/kc/buy/cgsh_order_operate.html?command=get_materiel&rest_code=00150&code=00101001084&supplier_code=00100040&order_time=2020-07-13 HTTP/1.1" 200 413
117.184.7.26 - - [13/Jul/2020:09:51:43 +0800] "GET /xingrg/kc/base/check_order_info.html?code=452020071200296 HTTP/1.1" 200 26404
117.184.7.26 - - [13/Jul/2020:09:51:44 +0800] "GET /xingrg/dwr/interface/AjaxCheckService.js HTTP/1.1" 200 14003
117.184.7.26 - - [13/Jul/2020:09:51:44 +0800] "GET /xingrg/dwr/interface/AjaxComOrderService.js HTTP/1.1" 200 18264
117.184.7.26 - - [13/Jul/2020:09:51:44 +0800] "GET /xingrg/dwr/engine.js HTTP/1.1" 200 43631
117.184.7.26 - - [13/Jul/2020:09:51:44 +0800] "POST /xingrg/dwr/call/plaincall/AjaxCheckService.loadOrderItems.dwr HTTP/1.1" 200 151616
114.89.80.44 - - [13/Jul/2020:09:51:44 +0800] "GET /xingrg/all/function/internal_message.html?_=1594605104517&CODE_STATE=getMsg HTTP/1.1" 200 27
172.17.200.101 - - [13/Jul/2020:09:51:44 +0800] "GET /xingrg/all/function/internal_message.html?_=1594605105414&CODE_STATE=getMsg HTTP/1.1" 200 27
61.172.5.115 - - [13/Jul/2020:09:51:46 +0800] "GET /xingrg/all/function/internal_message.html?_=1594605107596&CODE_STATE=getMsg HTTP/1.1" 200 27
117.131.5.26 - - [13/Jul/2020:09:51:46 +0800] "GET /xingrg/login.html HTTP/1.1" 200 7641
117.131.5.26 - - [13/Jul/2020:09:51:47 +0800] "GET /favicon.ico HTTP/1.1" 404 -
114.88.156.166 - - [13/Jul/2020:09:51:47 +0800] "GET /xingrg/all/function/internal_message.html?_=1594605108279&CODE_STATE=getMsg HTTP/1.1" 200 27
117.184.7.26 - - [13/Jul/2020:09:51:48 +0800] "POST /xingrg/dwr/call/plaincall/AjaxCheckService.setItemNumber.dwr HTTP/1.1" 200 76
117.184.7.26 - - [13/Jul/2020:09:51:49 +0800] "POST /xingrg/dwr/call/plaincall/AjaxCheckService.setItemNumber.dwr HTTP/1.1" 200 76
117.184.7.26 - - [13/Jul/2020:09:51:50 +0800] "POST /xingrg/dwr/call/plaincall/AjaxCheckService.setItemNumber.dwr HTTP/1.1" 200 76
117.184.7.26 - - [13/Jul/2020:09:51:51 +0800] "POST /xingrg/dwr/call/plaincall/AjaxCheckService.setItemNumber.dwr HTTP/1.1" 200 76
117.184.7.26 - - [13/Jul/2020:09:51:53 +0800] "POST /xingrg/dwr/call/plaincall/AjaxCheckService.setItemNumber.dwr HTTP/1.1" 200 76
117.184.7.26 - - [13/Jul/2020:09:51:54 +0800] "GET /xingrg/check_reg.html?_=1594605113783 HTTP/1.1" 200 22
117.184.7.26 - - [13/Jul/2020:09:51:54 +0800] "GET /xingrg/all/function/internal_message.html?_=1594605113800&CODE_STATE=getMsg HTTP/1.1" 200 27
117.184.7.26 - - [13/Jul/2020:09:51:54 +0800] "POST /xingrg/dwr/call/plaincall/AjaxCheckService.setItemNumber.dwr HTTP/1.1" 200 76
117.184.7.26 - - [13/Jul/2020:09:51:55 +0800] "POST /xingrg/dwr/call/plaincall/AjaxCheckService.setItemNumber.dwr HTTP/1.1" 200 76
222.69.128.54 - - [13/Jul/2020:09:51:55 +0800] "GET /xingrg/all/function/internal_message.html?_=1594605114910&CODE_STATE=getMsg HTTP/1.1" 200 27
117.131.5.26 - - [13/Jul/2020:09:51:56 +0800] "POST /xingrg/login.do HTTP/1.1" 302 -
117.131.5.26 - - [13/Jul/2020:09:51:56 +0800] "GET /xingrg/index.html?sysBaseUrl=http%3A%2F%2F180.169.147.146%3A18081%2Fxingrg%2F&costTime=41×tamp=1594605116112 HTTP/1.1" 200 17179
117.131.5.26 - - [13/Jul/2020:09:51:56 +0800] "POST /xingrg/all/common/load_tree.html?tree=area_rest_tree_json&manage=1 HTTP/1.1" 200 351
117.131.5.26 - - [13/Jul/2020:09:51:56 +0800] "GET /xingrg/check_reg.html?_=1594605487854 HTTP/1.1" 200 22
117.131.5.26 - - [13/Jul/2020:09:51:56 +0800] "GET /xingrg/all/function/internal_message.html?_=1594605487853&CODE_STATE=count HTTP/1.1" 200 11
117.131.5.26 - - [13/Jul/2020:09:51:56 +0800] "GET /favicon.ico HTTP/1.1" 404 -
117.131.5.26 - - [13/Jul/2020:09:51:56 +0800] "POST /xingrg/load_menu.html HTTP/1.1" 200 5138
117.184.7.26 - - [13/Jul/2020:09:51:56 +0800] "POST /xingrg/dwr/call/plaincall/AjaxCheckService.setItemNumber.dwr HTTP/1.1" 200 76
114.86.190.97 - - [13/Jul/2020:09:51:58 +0800] "GET /xingrg/all/function/internal_message.html?_=1594605119627&CODE_STATE=getMsg HTTP/1.1" 200 27
117.184.7.26 - - [13/Jul/2020:09:51:59 +0800] "POST /xingrg/dwr/call/plaincall/AjaxCheckService.setItemNumber.dwr HTTP/1.1" 200 76
117.184.7.26 - - [13/Jul/2020:09:52:00 +0800] "POST /xingrg/dwr/call/plaincall/AjaxCheckService.setItemNumber.dwr HTTP/1.1" 200 77
117.184.7.26 - - [13/Jul/2020:09:52:02 +0800] "POST /xingrg/dwr/call/plaincall/AjaxCheckService.setItemNumber.dwr HTTP/1.1" 200 77
117.184.7.26 - - [13/Jul/2020:09:52:03 +0800] "POST /xingrg/dwr/call/plaincall/AjaxCheckService.setItemNumber.dwr HTTP/1.1" 200 77
172.17.0.120 - - [13/Jul/2020:09:52:04 +0800] "GET /xingrg/all/function/internal_message.html?_=1594605123409&CODE_STATE=getMsg HTTP/1.1" 200 27
117.184.7.26 - - [13/Jul/2020:09:52:05 +0800] "POST /xingrg/dwr/call/plaincall/AjaxCheckService.setItemNumber.dwr HTTP/1.1" 200 77
117.184.7.26 - - [13/Jul/2020:09:52:07 +0800] "POST /xingrg/dwr/call/plaincall/AjaxCheckService.setItemNumber.dwr HTTP/1.1" 200 77
117.131.5.26 - - [13/Jul/2020:09:52:07 +0800] "GET /xingrg/kc/mdqp/psth_order_list1.html HTTP/1.1" 200 17938
117.131.5.26 - - [13/Jul/2020:09:52:07 +0800] "POST /xingrg/kc/mdqp/psth_list_operate.html HTTP/1.1" 200 749
117.184.7.26 - - [13/Jul/2020:09:52:08 +0800] "POST /xingrg/dwr/call/plaincall/AjaxCheckService.setItemNumber.dwr HTTP/1.1" 200 77
117.184.7.26 - - [13/Jul/2020:09:52:09 +0800] "POST /xingrg/dwr/call/plaincall/AjaxCheckService.setItemNumber.dwr HTTP/1.1" 200 77
124.77.243.181 - - [13/Jul/2020:09:52:09 +0800] "GET /xingrg/all/function/internal_message.html?_=1594605158509&CODE_STATE=getMsg HTTP/1.1" 200 27
114.86.190.97 - - [13/Jul/2020:09:52:09 +0800] "GET /xingrg/kc/buy/cgsh_order_operate.html?command=get_materiel&rest_code=00148&code=00101008114&supplier_code=00100007&order_time=2020-07-13 HTTP/1.1" 200 412
114.89.80.44 - - [13/Jul/2020:09:52:10 +0800] "GET /xingrg/all/function/internal_message.html?_=1594605252415&CODE_STATE=getMsg HTTP/1.1" 200 27
117.184.7.26 - - [13/Jul/2020:09:52:10 +0800] "POST /xingrg/dwr/call/plaincall/AjaxCheckService.setItemNumber.dwr HTTP/1.1" 200 77
117.131.5.26 - - [13/Jul/2020:09:52:11 +0800] "GET /xingrg/javascript/jquery_tools/images/next.gif HTTP/1.1" 404 1086
117.131.5.26 - - [13/Jul/2020:09:52:11 +0800] "GET /xingrg/javascript/jquery_tools/images/prev.gif HTTP/1.1" 404 1086
117.184.7.26 - - [13/Jul/2020:09:52:11 +0800] "POST /xingrg/dwr/call/plaincall/AjaxCheckService.setItemNumber.dwr HTTP/1.1" 200 77
117.184.7.26 - - [13/Jul/2020:09:52:13 +0800] "POST /xingrg/dwr/call/plaincall/AjaxCheckService.setItemNumber.dwr HTTP/1.1" 200 77
117.184.7.26 - - [13/Jul/2020:09:52:13 +0800] "POST /xingrg/dwr/call/plaincall/AjaxCheckService.setItemNumber.dwr HTTP/1.1" 200 77
117.184.7.26 - - [13/Jul/2020:09:52:14 +0800] "POST /xingrg/dwr/call/plaincall/AjaxCheckService.setItemNumber.dwr HTTP/1.1" 200 77
117.184.7.26 - - [13/Jul/2020:09:52:14 +0800] "POST /xingrg/dwr/call/plaincall/AjaxCheckService.setItemNumber.dwr HTTP/1.1" 200 77
172.17.0.101 - - [13/Jul/2020:09:52:15 +0800] "GET /xingrg/all/function/internal_message.html?_=1594605135027&CODE_STATE=getMsg HTTP/1.1" 200 27
172.17.0.101 - - [13/Jul/2020:09:52:15 +0800] "GET /xingrg/check_reg.html?_=1594605135029 HTTP/1.1" 200 22
116.230.77.149 - - [13/Jul/2020:09:52:15 +0800] "GET /xingrg/check_reg.html?_=1594605133090 HTTP/1.1" 200 22
116.230.77.149 - - [13/Jul/2020:09:52:15 +0800] "GET /xingrg/all/function/internal_message.html?_=1594605133299&CODE_STATE=getMsg HTTP/1.1" 200 27
114.86.190.97 - - [13/Jul/2020:09:52:15 +0800] "GET /xingrg/javascript/easyui/themes/default/images/button_plain_hover.png HTTP/1.1" 304 -
114.86.190.97 - - [13/Jul/2020:09:52:15 +0800] "GET /xingrg/javascript/easyui/themes/default/images/button_plain_hover.png HTTP/1.1" 304 -
114.86.190.97 - - [13/Jul/2020:09:52:15 +0800] "GET /xingrg/javascript/easyui/themes/default/images/button_plain_hover.png HTTP/1.1" 304 -
117.184.7.26 - - [13/Jul/2020:09:52:16 +0800] "POST /xingrg/dwr/call/plaincall/AjaxCheckService.setItemNumber.dwr HTTP/1.1" 200 77
117.184.7.26 - - [13/Jul/2020:09:52:16 +0800] "POST /xingrg/dwr/call/plaincall/AjaxCheckService.setItemNumber.dwr HTTP/1.1" 200 77
117.184.7.26 - - [13/Jul/2020:09:52:18 +0800] "POST /xingrg/dwr/call/plaincall/AjaxCheckService.setItemNumber.dwr HTTP/1.1" 200 77
117.184.7.26 - - [13/Jul/2020:09:52:19 +0800] "POST /xingrg/dwr/call/plaincall/AjaxCheckService.setItemNumber.dwr HTTP/1.1" 200 77
114.86.190.97 - - [13/Jul/2020:09:52:19 +0800] "POST /xingrg/kc/buy/cgsh_order_operate.html HTTP/1.1" 200 37
117.131.5.26 - - [13/Jul/2020:09:52:20 +0800] "POST /xingrg/kc/mdqp/psth_list_operate.html HTTP/1.1" 200 749
114.86.190.97 - - [13/Jul/2020:09:52:20 +0800] "POST /xingrg/kc/buy/cgsh_order_operate.html HTTP/1.1" 200 45768
117.184.7.26 - - [13/Jul/2020:09:52:20 +0800] "POST /xingrg/dwr/call/plaincall/AjaxCheckService.setItemNumber.dwr HTTP/1.1" 200 77
117.131.5.26 - - [13/Jul/2020:09:52:21 +0800] "POST /xingrg/kc/mdqp/psth_list_operate.html HTTP/1.1" 200 749
180.175.214.200 - - [13/Jul/2020:09:52:22 +0800] "GET /xingrg/all/function/internal_message.html?_=1594605349657&CODE_STATE=getMsg HTTP/1.1" 200 27
117.131.5.26 - - [13/Jul/2020:09:52:22 +0800] "POST /xingrg/kc/mdqp/psth_list_operate.html HTTP/1.1" 200 749
117.184.7.26 - - [13/Jul/2020:09:52:23 +0800] "POST /xingrg/dwr/call/plaincall/AjaxCheckService.setItemNumber.dwr HTTP/1.1" 200 77
117.184.7.26 - - [13/Jul/2020:09:52:26 +0800] "POST /xingrg/dwr/call/plaincall/AjaxCheckService.setItemNumber.dwr HTTP/1.1" 200 77
117.131.5.26 - - [13/Jul/2020:09:52:27 +0800] "POST /xingrg/kc/mdqp/psth_list_operate.html HTTP/1.1" 200 2226
117.184.7.26 - - [13/Jul/2020:09:52:28 +0800] "POST /xingrg/dwr/call/plaincall/AjaxCheckService.setItemNumber.dwr HTTP/1.1" 200 77
114.88.170.9 - - [13/Jul/2020:09:52:28 +0800] "GET /xingrg/all/function/internal_message.html?_=1594605172680&CODE_STATE=getMsg HTTP/1.1" 200 27
117.184.7.26 - - [13/Jul/2020:09:52:28 +0800] "POST /xingrg/dwr/call/plaincall/AjaxCheckService.setItemNumber.dwr HTTP/1.1" 200 77
117.184.7.26 - - [13/Jul/2020:09:52:29 +0800] "POST /xingrg/dwr/call/plaincall/AjaxCheckService.setItemNumber.dwr HTTP/1.1" 200 77
117.131.5.26 - - [13/Jul/2020:09:52:29 +0800] "POST /xingrg/kc/mdqp/psth_list_operate.html HTTP/1.1" 200 213
117.131.5.26 - - [13/Jul/2020:09:52:29 +0800] "GET /xingrg/kc/mdqp/psth_order_info1.html?code=322020062200018 HTTP/1.1" 200 22280
117.131.5.26 - - [13/Jul/2020:09:52:29 +0800] "GET /xingrg/javascript/jquery_tools/jquery-1.4.2.min.js HTTP/1.1" 404 1094
117.131.5.26 - - [13/Jul/2020:09:52:29 +0800] "GET /xingrg/words/20200712163612_words.js HTTP/1.1" 304 -
117.131.5.26 - - [13/Jul/2020:09:52:30 +0800] "POST /xingrg/kc/mdqp/psth_order_operate.html HTTP/1.1" 200 510
117.131.5.26 - - [13/Jul/2020:09:52:30 +0800] "GET /xingrg/javascript/easyui/themes/default/validatebox.css HTTP/1.1" 404 1104
117.184.7.26 - - [13/Jul/2020:09:52:30 +0800] "POST /xingrg/dwr/call/plaincall/AjaxCheckService.setItemNumber.dwr HTTP/1.1" 200 77
114.88.170.9 - - [13/Jul/2020:09:52:31 +0800] "GET /xingrg/all/function/internal_message.html?_=1594605150740&CODE_STATE=getMsg HTTP/1.1" 200 27
172.17.0.185 - - [13/Jul/2020:09:52:32 +0800] "GET /xingrg/all/function/internal_message.html?_=1594605151310&CODE_STATE=getMsg HTTP/1.1" 200 27
117.184.7.26 - - [13/Jul/2020:09:52:34 +0800] "POST /xingrg/dwr/call/plaincall/AjaxCheckService.setItemNumber.dwr HTTP/1.1" 200 77
116.232.49.26 - - [13/Jul/2020:09:52:35 +0800] "GET /xingrg/check_reg.html?_=1594605180218 HTTP/1.1" 200 22
117.184.7.26 - - [13/Jul/2020:09:52:35 +0800] "POST /xingrg/dwr/call/plaincall/AjaxCheckService.setItemNumber.dwr HTTP/1.1" 200 77
117.131.5.26 - - [13/Jul/2020:09:52:35 +0800] "POST /xingrg/kc/mdqp/psth_list_operate.html HTTP/1.1" 200 294
117.131.5.26 - - [13/Jul/2020:09:52:35 +0800] "GET /xingrg/kc/mdqp/psth_order_info1.html?code=322020051400011 HTTP/1.1" 200 22280
117.131.5.26 - - [13/Jul/2020:09:52:35 +0800] "GET /xingrg/javascript/jquery_tools/jquery-1.4.2.min.js HTTP/1.1" 404 1094
117.131.5.26 - - [13/Jul/2020:09:52:36 +0800] "GET /xingrg/javascript/easyui/themes/default/validatebox.css HTTP/1.1" 404 1104
117.131.5.26 - - [13/Jul/2020:09:52:36 +0800] "POST /xingrg/kc/mdqp/psth_order_operate.html HTTP/1.1" 200 994
116.232.49.26 - - [13/Jul/2020:09:52:36 +0800] "GET /xingrg/all/function/internal_message.html?_=1594605181484&CODE_STATE=getMsg HTTP/1.1" 200 27
117.184.7.26 - - [13/Jul/2020:09:52:36 +0800] "POST /xingrg/dwr/call/plaincall/AjaxCheckService.setItemNumber.dwr HTTP/1.1" 200 77
117.184.7.26 - - [13/Jul/2020:09:52:39 +0800] "POST /xingrg/dwr/call/plaincall/AjaxCheckService.setItemNumber.dwr HTTP/1.1" 200 77
117.184.7.26 - - [13/Jul/2020:09:52:40 +0800] "POST /xingrg/dwr/call/plaincall/AjaxCheckService.setItemNumber.dwr HTTP/1.1" 200 77
117.184.7.26 - - [13/Jul/2020:09:52:40 +0800] "POST /xingrg/dwr/call/plaincall/AjaxCheckService.setItemNumber.dwr HTTP/1.1" 200 77
117.184.7.26 - - [13/Jul/2020:09:52:41 +0800] "POST /xingrg/dwr/call/plaincall/AjaxCheckService.setItemNumber.dwr HTTP/1.1" 200 77
117.184.7.26 - - [13/Jul/2020:09:52:41 +0800] "POST /xingrg/dwr/call/plaincall/AjaxCheckService.setItemNumber.dwr HTTP/1.1" 200 77
117.184.7.26 - - [13/Jul/2020:09:52:42 +0800] "POST /xingrg/dwr/call/plaincall/AjaxCheckService.setItemNumber.dwr HTTP/1.1" 200 77
116.233.77.90 - - [13/Jul/2020:09:52:42 +0800] "GET /xingrg/all/function/internal_message.html?_=1594605163289&CODE_STATE=getMsg HTTP/1.1" 302 -
116.233.77.90 - - [13/Jul/2020:09:52:42 +0800] "GET /xingrg/check_reg.html?_=1594605163291 HTTP/1.1" 302 -
114.89.80.44 - - [13/Jul/2020:09:52:44 +0800] "GET /xingrg/all/function/internal_message.html?_=1594605164692&CODE_STATE=getMsg HTTP/1.1" 200 27
172.17.200.101 - - [13/Jul/2020:09:52:44 +0800] "GET /xingrg/all/function/internal_message.html?_=1594605165414&CODE_STATE=getMsg HTTP/1.1" 200 27
61.172.5.115 - - [13/Jul/2020:09:52:46 +0800] "GET /xingrg/all/function/internal_message.html?_=1594605167595&CODE_STATE=getMsg HTTP/1.1" 200 27
117.131.5.26 - - [13/Jul/2020:09:52:46 +0800] "POST /xingrg/kc/mdqp/psth_list_operate.html HTTP/1.1" 200 2226
114.88.156.166 - - [13/Jul/2020:09:52:47 +0800] "GET /xingrg/all/function/internal_message.html?_=1594605168255&CODE_STATE=getMsg HTTP/1.1" 200 27
117.184.7.26 - - [13/Jul/2020:09:52:47 +0800] "POST /xingrg/dwr/call/plaincall/AjaxCheckService.setItemNumber.dwr HTTP/1.1" 200 77
117.184.7.26 - - [13/Jul/2020:09:52:48 +0800] "POST /xingrg/dwr/call/plaincall/AjaxCheckService.setItemNumber.dwr HTTP/1.1" 200 77
117.131.5.26 - - [13/Jul/2020:09:52:48 +0800] "POST /xingrg/kc/mdqp/psth_list_operate.html HTTP/1.1" 200 199
117.184.7.26 - - [13/Jul/2020:09:52:49 +0800] "POST /xingrg/dwr/call/plaincall/AjaxCheckService.setItemNumber.dwr HTTP/1.1" 200 77
117.184.7.26 - - [13/Jul/2020:09:52:49 +0800] "POST /xingrg/dwr/call/plaincall/AjaxCheckService.setItemNumber.dwr HTTP/1.1" 200 77
117.184.7.26 - - [13/Jul/2020:09:52:50 +0800] "POST /xingrg/dwr/call/plaincall/AjaxCheckService.setItemNumber.dwr HTTP/1.1" 200 77
117.184.7.26 - - [13/Jul/2020:09:52:51 +0800] "POST /xingrg/dwr/call/plaincall/AjaxCheckService.setItemNumber.dwr HTTP/1.1" 200 77
117.184.7.26 - - [13/Jul/2020:09:52:53 +0800] "POST /xingrg/dwr/call/plaincall/AjaxCheckService.setItemNumber.dwr HTTP/1.1" 200 77
117.131.5.26 - - [13/Jul/2020:09:52:54 +0800] "GET /xingrg/kc/mdqp/psth_order_info1.html?code=322020051300010 HTTP/1.1" 200 22272
117.131.5.26 - - [13/Jul/2020:09:52:54 +0800] "GET /xingrg/javascript/jquery_tools/jquery-1.4.2.min.js HTTP/1.1" 404 1094
117.184.7.26 - - [13/Jul/2020:09:52:54 +0800] "GET /xingrg/all/function/internal_message.html?_=1594605173785&CODE_STATE=getMsg HTTP/1.1" 200 27
117.131.5.26 - - [13/Jul/2020:09:52:54 +0800] "POST /xingrg/kc/mdqp/psth_order_operate.html HTTP/1.1" 200 475
117.131.5.26 - - [13/Jul/2020:09:52:54 +0800] "GET /xingrg/javascript/easyui/themes/default/validatebox.css HTTP/1.1" 404 1104
222.69.128.54 - - [13/Jul/2020:09:52:55 +0800] "GET /xingrg/all/function/internal_message.html?_=1594605174908&CODE_STATE=getMsg HTTP/1.1" 200 27
114.86.190.97 - - [13/Jul/2020:09:52:55 +0800] "GET /xingrg/check_reg.html?_=1594605177506 HTTP/1.1" 200 22
117.131.5.26 - - [13/Jul/2020:09:52:56 +0800] "GET /xingrg/all/function/internal_message.html?_=1594605547863&CODE_STATE=getMsg HTTP/1.1" 200 27
117.184.7.26 - - [13/Jul/2020:09:52:56 +0800] "POST /xingrg/dwr/call/plaincall/AjaxCheckService.setItemNumber.dwr HTTP/1.1" 200 77
114.86.190.97 - - [13/Jul/2020:09:52:58 +0800] "GET /xingrg/all/function/internal_message.html?_=1594605179641&CODE_STATE=getMsg HTTP/1.1" 200 27
117.184.7.26 - - [13/Jul/2020:09:52:58 +0800] "POST /xingrg/dwr/call/plaincall/AjaxCheckService.setItemNumber.dwr HTTP/1.1" 200 77
114.88.170.9 - - [13/Jul/2020:09:53:00 +0800] "GET /xingrg/check_reg.html?_=1594605204569 HTTP/1.1" 200 22
117.184.7.26 - - [13/Jul/2020:09:53:02 +0800] "POST /xingrg/dwr/call/plaincall/AjaxCheckService.setItemNumber.dwr HTTP/1.1" 200 77
117.184.7.26 - - [13/Jul/2020:09:53:03 +0800] "POST /xingrg/dwr/call/plaincall/AjaxCheckService.setItemNumber.dwr HTTP/1.1" 200 77
117.131.5.26 - - [13/Jul/2020:09:53:03 +0800] "POST /xingrg/kc/mdqp/psth_list_operate.html HTTP/1.1" 200 2226
117.184.7.26 - - [13/Jul/2020:09:53:03 +0800] "POST /xingrg/dwr/call/plaincall/AjaxCheckService.setItemNumber.dwr HTTP/1.1" 200 77
172.17.0.120 - - [13/Jul/2020:09:53:04 +0800] "GET /xingrg/all/function/internal_message.html?_=1594605183398&CODE_STATE=getMsg HTTP/1.1" 200 27
117.184.7.26 - - [13/Jul/2020:09:53:06 +0800] "POST /xingrg/dwr/call/plaincall/AjaxCheckService.setItemNumber.dwr HTTP/1.1" 200 77
117.184.7.26 - - [13/Jul/2020:09:53:08 +0800] "POST /xingrg/dwr/call/plaincall/AjaxCheckService.setItemNumber.dwr HTTP/1.1" 200 77
124.77.243.181 - - [13/Jul/2020:09:53:09 +0800] "GET /xingrg/all/function/internal_message.html?_=1594605218543&CODE_STATE=getMsg HTTP/1.1" 200 27
117.184.7.26 - - [13/Jul/2020:09:53:10 +0800] "POST /xingrg/dwr/call/plaincall/AjaxCheckService.setItemNumber.dwr HTTP/1.1" 200 77
114.89.80.44 - - [13/Jul/2020:09:53:10 +0800] "POST /xingrg/kc/buy/cgsh_order_operate.html HTTP/1.1" 200 37
114.89.80.44 - - [13/Jul/2020:09:53:10 +0800] "GET /xingrg/all/function/internal_message.html?_=1594605312429&CODE_STATE=getMsg HTTP/1.1" 200 27
114.89.80.44 - - [13/Jul/2020:09:53:11 +0800] "POST /xingrg/kc/buy/cgsh_order_operate.html HTTP/1.1" 200 37
114.89.80.44 - - [13/Jul/2020:09:53:12 +0800] "POST /xingrg/kc/buy/cgsh_order_operate.html HTTP/1.1" 200 12
114.89.80.44 - - [13/Jul/2020:09:53:13 +0800] "POST /xingrg/kc/buy/cgsh_order_operate.html HTTP/1.1" 200 12
114.89.80.44 - - [13/Jul/2020:09:53:13 +0800] "GET /xingrg/kc/buy/cgsh_order_info.html?code=212020071305186 HTTP/1.1" 200 53796
114.89.80.44 - - [13/Jul/2020:09:53:13 +0800] "GET /xingrg/javascript/easyui/themes/default/validatebox.css HTTP/1.1" 404 1104
114.89.80.44 - - [13/Jul/2020:09:53:13 +0800] "GET /xingrg/kc/buy/cgsh_order_info.html?code=212020071305209 HTTP/1.1" 200 54094
114.89.80.44 - - [13/Jul/2020:09:53:14 +0800] "GET /xingrg/javascript/easyui/themes/default/validatebox.css HTTP/1.1" 404 1104
114.89.80.44 - - [13/Jul/2020:09:53:14 +0800] "POST /xingrg/kc/buy/cgsh_order_operate.html HTTP/1.1" 200 26104
117.184.7.26 - - [13/Jul/2020:09:53:14 +0800] "POST /xingrg/dwr/call/plaincall/AjaxCheckService.setItemNumber.dwr HTTP/1.1" 200 77
114.89.80.44 - - [13/Jul/2020:09:53:14 +0800] "POST /xingrg/kc/buy/cgsh_order_operate.html HTTP/1.1" 200 1782
172.17.0.101 - - [13/Jul/2020:09:53:15 +0800] "GET /xingrg/all/function/internal_message.html?_=1594605195040&CODE_STATE=getMsg HTTP/1.1" 200 27
116.230.77.149 - - [13/Jul/2020:09:53:15 +0800] "GET /xingrg/all/function/internal_message.html?_=1594605193306&CODE_STATE=getMsg HTTP/1.1" 200 27
114.89.80.44 - - [13/Jul/2020:09:53:15 +0800] "GET /xingrg/kc/print/load_data.html?order_code=212020071305186&kc_code=cgsh&condition= HTTP/1.1" 200 10436
114.89.80.44 - - [13/Jul/2020:09:53:15 +0800] "GET /xingrg/kc/print/load_data.html?order_code=212020071305209&kc_code=cgsh&condition= HTTP/1.1" 200 1253
117.184.7.26 - - [13/Jul/2020:09:53:18 +0800] "POST /xingrg/dwr/call/plaincall/AjaxCheckService.setItemNumber.dwr HTTP/1.1" 200 77
117.184.7.26 - - [13/Jul/2020:09:53:19 +0800] "POST /xingrg/dwr/call/plaincall/AjaxCheckService.setItemNumber.dwr HTTP/1.1" 200 77
117.184.7.26 - - [13/Jul/2020:09:53:20 +0800] "POST /xingrg/dwr/call/plaincall/AjaxCheckService.setItemNumber.dwr HTTP/1.1" 200 77
117.184.7.26 - - [13/Jul/2020:09:53:21 +0800] "POST /xingrg/dwr/call/plaincall/AjaxCheckService.setItemNumber.dwr HTTP/1.1" 200 77
180.175.214.200 - - [13/Jul/2020:09:53:22 +0800] "GET /xingrg/all/function/internal_message.html?_=1594605409674&CODE_STATE=getMsg HTTP/1.1" 200 27
117.184.7.26 - - [13/Jul/2020:09:53:28 +0800] "POST /xingrg/dwr/call/plaincall/AjaxCheckService.setItemNumber.dwr HTTP/1.1" 200 77
114.88.170.9 - - [13/Jul/2020:09:53:28 +0800] "GET /xingrg/all/function/internal_message.html?_=1594605232662&CODE_STATE=getMsg HTTP/1.1" 200 27
117.184.7.26 - - [13/Jul/2020:09:53:29 +0800] "POST /xingrg/dwr/call/plaincall/AjaxCheckService.setItemNumber.dwr HTTP/1.1" 200 77
117.184.7.26 - - [13/Jul/2020:09:53:29 +0800] "POST /xingrg/dwr/call/plaincall/AjaxCheckService.setItemNumber.dwr HTTP/1.1" 200 77
117.184.7.26 - - [13/Jul/2020:09:53:30 +0800] "POST /xingrg/dwr/call/plaincall/AjaxCheckService.setItemNumber.dwr HTTP/1.1" 200 77
114.88.170.9 - - [13/Jul/2020:09:53:31 +0800] "GET /xingrg/check_reg.html?_=1594605210340 HTTP/1.1" 200 22
117.184.7.26 - - [13/Jul/2020:09:53:31 +0800] "POST /xingrg/dwr/call/plaincall/AjaxCheckService.setItemNumber.dwr HTTP/1.1" 200 77
114.88.170.9 - - [13/Jul/2020:09:53:31 +0800] "GET /xingrg/all/function/internal_message.html?_=1594605210755&CODE_STATE=getMsg HTTP/1.1" 200 27
117.184.7.26 - - [13/Jul/2020:09:53:32 +0800] "POST /xingrg/dwr/call/plaincall/AjaxCheckService.setItemNumber.dwr HTTP/1.1" 200 77
172.17.0.185 - - [13/Jul/2020:09:53:32 +0800] "GET /xingrg/all/function/internal_message.html?_=1594605211315&CODE_STATE=getMsg HTTP/1.1" 200 27
117.184.7.26 - - [13/Jul/2020:09:53:33 +0800] "POST /xingrg/dwr/call/plaincall/AjaxCheckService.setItemNumber.dwr HTTP/1.1" 200 77
116.232.49.26 - - [13/Jul/2020:09:53:35 +0800] "GET /xingrg/all/function/internal_message.html?_=1594605241500&CODE_STATE=getMsg HTTP/1.1" 200 27
117.184.7.26 - - [13/Jul/2020:09:53:35 +0800] "POST /xingrg/dwr/call/plaincall/AjaxCheckService.setItemNumber.dwr HTTP/1.1" 200 77
114.89.80.44 - - [13/Jul/2020:09:53:37 +0800] "GET /xingrg/kc/buy/cgsh_order_add.html HTTP/1.1" 200 59187
114.89.80.44 - - [13/Jul/2020:09:53:38 +0800] "POST /xingrg/kc/buy/cgsh_order_operate.html HTTP/1.1" 200 8245
114.89.80.44 - - [13/Jul/2020:09:53:38 +0800] "GET /xingrg/javascript/easyui/themes/default/validatebox.css HTTP/1.1" 404 1104
117.184.7.26 - - [13/Jul/2020:09:53:40 +0800] "POST /xingrg/dwr/call/plaincall/AjaxCheckService.setItemNumber.dwr HTTP/1.1" 200 77
116.233.77.90 - - [13/Jul/2020:09:53:42 +0800] "GET /xingrg/all/function/internal_message.html?_=1594605223290&CODE_STATE=getMsg HTTP/1.1" 302 -
117.184.7.26 - - [13/Jul/2020:09:53:42 +0800] "POST /xingrg/dwr/call/plaincall/AjaxCheckService.setItemNumber.dwr HTTP/1.1" 200 77
114.89.80.44 - - [13/Jul/2020:09:53:44 +0800] "GET /xingrg/all/function/internal_message.html?_=1594605224684&CODE_STATE=getMsg HTTP/1.1" 200 27
172.17.200.101 - - [13/Jul/2020:09:53:44 +0800] "GET /xingrg/all/function/internal_message.html?_=1594605225419&CODE_STATE=getMsg HTTP/1.1" 200 27
117.184.7.26 - - [13/Jul/2020:09:53:45 +0800] "POST /xingrg/dwr/call/plaincall/AjaxCheckService.setItemNumber.dwr HTTP/1.1" 200 77
117.184.7.26 - - [13/Jul/2020:09:53:45 +0800] "POST /xingrg/dwr/call/plaincall/AjaxCheckService.setItemNumber.dwr HTTP/1.1" 200 77
117.184.7.26 - - [13/Jul/2020:09:53:46 +0800] "POST /xingrg/dwr/call/plaincall/AjaxCheckService.setItemNumber.dwr HTTP/1.1" 200 77
61.172.5.115 - - [13/Jul/2020:09:53:46 +0800] "GET /xingrg/all/function/internal_message.html?_=1594605227596&CODE_STATE=getMsg HTTP/1.1" 200 27
117.184.7.26 - - [13/Jul/2020:09:53:47 +0800] "POST /xingrg/dwr/call/plaincall/AjaxCheckService.setItemNumber.dwr HTTP/1.1" 200 77
114.88.156.166 - - [13/Jul/2020:09:53:47 +0800] "GET /xingrg/all/function/internal_message.html?_=1594605228229&CODE_STATE=getMsg HTTP/1.1" 200 27
117.184.7.26 - - [13/Jul/2020:09:53:49 +0800] "POST /xingrg/dwr/call/plaincall/AjaxCheckService.setItemNumber.dwr HTTP/1.1" 200 77
114.89.80.44 - - [13/Jul/2020:09:53:49 +0800] "GET /xingrg/kc/buy/cgsh_order_operate.html?command=get_materiel&rest_code=00150&code=00101006133&supplier_code=00100012&order_time=2020-07-13 HTTP/1.1" 200 413
117.184.7.26 - - [13/Jul/2020:09:53:49 +0800] "POST /xingrg/dwr/call/plaincall/AjaxCheckService.setItemNumber.dwr HTTP/1.1" 200 77
117.184.7.26 - - [13/Jul/2020:09:53:49 +0800] "POST /xingrg/dwr/call/plaincall/AjaxCheckService.setItemNumber.dwr HTTP/1.1" 200 77
117.184.7.26 - - [13/Jul/2020:09:53:51 +0800] "POST /xingrg/dwr/call/plaincall/AjaxCheckService.setItemNumber.dwr HTTP/1.1" 200 77
117.184.7.26 - - [13/Jul/2020:09:53:54 +0800] "GET /xingrg/all/function/internal_message.html?_=1594605233794&CODE_STATE=getMsg HTTP/1.1" 200 27
222.69.128.54 - - [13/Jul/2020:09:53:55 +0800] "GET /xingrg/all/function/internal_message.html?_=1594605234898&CODE_STATE=getMsg HTTP/1.1" 200 27
222.69.128.54 - - [13/Jul/2020:09:53:55 +0800] "GET /xingrg/check_reg.html?_=1594605234900 HTTP/1.1" 200 22
117.131.5.26 - - [13/Jul/2020:09:53:56 +0800] "GET /xingrg/all/function/internal_message.html?_=1594605607869&CODE_STATE=getMsg HTTP/1.1" 200 27
114.86.190.97 - - [13/Jul/2020:09:53:58 +0800] "GET /xingrg/all/function/internal_message.html?_=1594605239871&CODE_STATE=getMsg HTTP/1.1" 200 27
114.89.80.44 - - [13/Jul/2020:09:54:03 +0800] "GET /xingrg/kc/buy/cgsh_order_operate.html?command=get_materiel&rest_code=00150&code=00101006068&supplier_code=00100012&order_time=2020-07-13 HTTP/1.1" 200 409
172.17.0.120 - - [13/Jul/2020:09:54:04 +0800] "GET /xingrg/all/function/internal_message.html?_=1594605243403&CODE_STATE=getMsg HTTP/1.1" 200 27
117.184.7.26 - - [13/Jul/2020:09:54:06 +0800] "POST /xingrg/dwr/call/plaincall/AjaxCheckService.setItemNumber.dwr HTTP/1.1" 200 77
117.184.7.26 - - [13/Jul/2020:09:54:07 +0800] "POST /xingrg/dwr/call/plaincall/AjaxCheckService.setItemNumber.dwr HTTP/1.1" 200 77
117.184.7.26 - - [13/Jul/2020:09:54:08 +0800] "POST /xingrg/dwr/call/plaincall/AjaxCheckService.setItemNumber.dwr HTTP/1.1" 200 77
124.77.243.181 - - [13/Jul/2020:09:54:09 +0800] "GET /xingrg/all/function/internal_message.html?_=1594605279109&CODE_STATE=getMsg HTTP/1.1" 200 27
117.184.7.26 - - [13/Jul/2020:09:54:09 +0800] "POST /xingrg/dwr/call/plaincall/AjaxCheckService.setItemNumber.dwr HTTP/1.1" 200 77
114.89.80.44 - - [13/Jul/2020:09:54:10 +0800] "GET /xingrg/check_reg.html?_=1594605372381 HTTP/1.1" 200 22
114.89.80.44 - - [13/Jul/2020:09:54:10 +0800] "GET /xingrg/all/function/internal_message.html?_=1594605372443&CODE_STATE=getMsg HTTP/1.1" 200 27
117.184.7.26 - - [13/Jul/2020:09:54:12 +0800] "POST /xingrg/dwr/call/plaincall/AjaxCheckService.setItemNumber.dwr HTTP/1.1" 200 77
117.184.7.26 - - [13/Jul/2020:09:54:14 +0800] "POST /xingrg/dwr/call/plaincall/AjaxCheckService.setItemNumber.dwr HTTP/1.1" 200 77
172.17.0.101 - - [13/Jul/2020:09:54:15 +0800] "GET /xingrg/all/function/internal_message.html?_=1594605255025&CODE_STATE=getMsg HTTP/1.1" 200 27
116.230.77.149 - - [13/Jul/2020:09:54:15 +0800] "GET /xingrg/all/function/internal_message.html?_=1594605253278&CODE_STATE=getMsg HTTP/1.1" 200 27
117.184.7.26 - - [13/Jul/2020:09:54:16 +0800] "POST /xingrg/dwr/call/plaincall/AjaxCheckService.setItemNumber.dwr HTTP/1.1" 200 77
117.184.7.26 - - [13/Jul/2020:09:54:17 +0800] "POST /xingrg/dwr/call/plaincall/AjaxCheckService.setItemNumber.dwr HTTP/1.1" 200 77
114.89.80.44 - - [13/Jul/2020:09:54:18 +0800] "GET /xingrg/kc/buy/cgsh_order_operate.html?command=get_materiel&rest_code=00150&code=00101006129&supplier_code=00100012&order_time=2020-07-13 HTTP/1.1" 200 431
117.184.7.26 - - [13/Jul/2020:09:54:19 +0800] "POST /xingrg/dwr/call/plaincall/AjaxCheckService.setItemNumber.dwr HTTP/1.1" 200 77
117.184.7.26 - - [13/Jul/2020:09:54:21 +0800] "POST /xingrg/dwr/call/plaincall/AjaxCheckService.setItemNumber.dwr HTTP/1.1" 200 77
117.184.7.26 - - [13/Jul/2020:09:54:21 +0800] "POST /xingrg/dwr/call/plaincall/AjaxCheckService.setItemNumber.dwr HTTP/1.1" 200 77
180.175.214.200 - - [13/Jul/2020:09:54:23 +0800] "GET /xingrg/all/function/internal_message.html?_=1594605470328&CODE_STATE=getMsg HTTP/1.1" 200 27
117.184.7.26 - - [13/Jul/2020:09:54:23 +0800] "POST /xingrg/dwr/call/plaincall/AjaxCheckService.setItemNumber.dwr HTTP/1.1" 200 77
117.184.7.26 - - [13/Jul/2020:09:54:24 +0800] "POST /xingrg/dwr/call/plaincall/AjaxCheckService.setItemNumber.dwr HTTP/1.1" 200 77
117.184.7.26 - - [13/Jul/2020:09:54:25 +0800] "POST /xingrg/dwr/call/plaincall/AjaxCheckService.setItemNumber.dwr HTTP/1.1" 200 77
117.184.7.26 - - [13/Jul/2020:09:54:27 +0800] "POST /xingrg/dwr/call/plaincall/AjaxCheckService.setItemNumber.dwr HTTP/1.1" 200 77
114.88.170.9 - - [13/Jul/2020:09:54:28 +0800] "GET /xingrg/all/function/internal_message.html?_=1594605292632&CODE_STATE=getMsg HTTP/1.1" 200 27
117.184.7.26 - - [13/Jul/2020:09:54:28 +0800] "POST /xingrg/dwr/call/plaincall/AjaxCheckService.setItemNumber.dwr HTTP/1.1" 200 77
114.88.170.9 - - [13/Jul/2020:09:54:31 +0800] "GET /xingrg/all/function/internal_message.html?_=1594605270768&CODE_STATE=getMsg HTTP/1.1" 200 27
172.17.0.185 - - [13/Jul/2020:09:54:32 +0800] "GET /xingrg/all/function/internal_message.html?_=1594605271304&CODE_STATE=getMsg HTTP/1.1" 200 27
117.184.7.26 - - [13/Jul/2020:09:54:32 +0800] "POST /xingrg/dwr/call/plaincall/AjaxCheckService.setItemNumber.dwr HTTP/1.1" 200 77
117.184.7.26 - - [13/Jul/2020:09:54:33 +0800] "POST /xingrg/dwr/call/plaincall/AjaxCheckService.setItemNumber.dwr HTTP/1.1" 200 77
117.184.7.26 - - [13/Jul/2020:09:54:34 +0800] "POST /xingrg/dwr/call/plaincall/AjaxCheckService.setItemNumber.dwr HTTP/1.1" 200 77
116.232.49.26 - - [13/Jul/2020:09:54:34 +0800] "GET /xingrg/all/function/internal_message.html?_=1594605301500&CODE_STATE=getMsg HTTP/1.1" 200 27
117.184.7.26 - - [13/Jul/2020:09:54:35 +0800] "POST /xingrg/dwr/call/plaincall/AjaxCheckService.setItemNumber.dwr HTTP/1.1" 200 78
117.184.7.26 - - [13/Jul/2020:09:54:37 +0800] "POST /xingrg/dwr/call/plaincall/AjaxCheckService.setItemNumber.dwr HTTP/1.1" 200 78
117.184.7.26 - - [13/Jul/2020:09:54:39 +0800] "POST /xingrg/dwr/call/plaincall/AjaxCheckService.setItemNumber.dwr HTTP/1.1" 200 78
117.184.7.26 - - [13/Jul/2020:09:54:40 +0800] "POST /xingrg/dwr/call/plaincall/AjaxCheckService.setItemNumber.dwr HTTP/1.1" 200 78
117.184.7.26 - - [13/Jul/2020:09:54:41 +0800] "POST /xingrg/dwr/call/plaincall/AjaxCheckService.setItemNumber.dwr HTTP/1.1" 200 78
222.69.128.54 - - [13/Jul/2020:09:54:42 +0800] "GET /xingrg/check_reg.html?_=1594605094336 HTTP/1.1" 302 -
116.233.77.90 - - [13/Jul/2020:09:54:42 +0800] "GET /xingrg/all/function/internal_message.html?_=1594605283300&CODE_STATE=getMsg HTTP/1.1" 302 -
117.184.7.26 - - [13/Jul/2020:09:54:44 +0800] "POST /xingrg/dwr/call/plaincall/AjaxCheckService.setItemNumber.dwr HTTP/1.1" 200 78
114.89.80.44 - - [13/Jul/2020:09:54:44 +0800] "GET /xingrg/all/function/internal_message.html?_=1594605284740&CODE_STATE=getMsg HTTP/1.1" 200 27
172.17.200.101 - - [13/Jul/2020:09:54:44 +0800] "GET /xingrg/all/function/internal_message.html?_=1594605285421&CODE_STATE=getMsg HTTP/1.1" 200 27
172.17.200.101 - - [13/Jul/2020:09:54:44 +0800] "GET /xingrg/check_reg.html?_=1594605285424 HTTP/1.1" 200 22
61.172.5.115 - - [13/Jul/2020:09:54:46 +0800] "GET /xingrg/check_reg.html?_=1594605287585 HTTP/1.1" 200 22
61.172.5.115 - - [13/Jul/2020:09:54:46 +0800] "GET /xingrg/all/function/internal_message.html?_=1594605287589&CODE_STATE=getMsg HTTP/1.1" 200 27
114.88.156.166 - - [13/Jul/2020:09:54:47 +0800] "GET /xingrg/all/function/internal_message.html?_=1594605288208&CODE_STATE=getMsg HTTP/1.1" 200 27
117.184.7.26 - - [13/Jul/2020:09:54:47 +0800] "POST /xingrg/dwr/call/plaincall/AjaxCheckService.setItemNumber.dwr HTTP/1.1" 200 78
114.89.80.44 - - [13/Jul/2020:09:54:48 +0800] "POST /xingrg/all/user/operate.html HTTP/1.1" 200 36
114.89.80.44 - - [13/Jul/2020:09:54:48 +0800] "GET /xingrg/javascript/jquery_easy_ui/themes/default/easyui.css HTTP/1.1" 304 -
114.89.80.44 - - [13/Jul/2020:09:54:48 +0800] "GET /xingrg/index.html?sysBaseUrl=http%3A%2F%2F180.169.147.146%3A18081%2Fxingrg%2F&costTime=39×tamp=1594450386989 HTTP/1.1" 200 17179
114.89.80.44 - - [13/Jul/2020:09:54:48 +0800] "GET /xingrg/javascript/jquery_easy_ui/themes/icon.css HTTP/1.1" 304 -
114.89.80.44 - - [13/Jul/2020:09:54:48 +0800] "GET /xingrg/css/form.css HTTP/1.1" 304 -
114.89.80.44 - - [13/Jul/2020:09:54:48 +0800] "GET /xingrg/javascript/jquery-1.4.2.min.js HTTP/1.1" 304 -
114.89.80.44 - - [13/Jul/2020:09:54:48 +0800] "GET /xingrg/javascript/jquery_easy_ui/jquery.easyui.min.js HTTP/1.1" 304 -
114.89.80.44 - - [13/Jul/2020:09:54:48 +0800] "GET /xingrg/javascript/jquery_easy_ui/easyui-lang-zh_CN.js HTTP/1.1" 304 -
114.89.80.44 - - [13/Jul/2020:09:54:48 +0800] "GET /xingrg/javascript/jquery.form.js HTTP/1.1" 304 -
114.89.80.44 - - [13/Jul/2020:09:54:48 +0800] "GET /xingrg/javascript/jquery.utils.js HTTP/1.1" 304 -
114.89.80.44 - - [13/Jul/2020:09:54:48 +0800] "GET /xingrg/javascript/jquery.timers.js HTTP/1.1" 304 -
114.89.80.44 - - [13/Jul/2020:09:54:48 +0800] "GET /xingrg/images/blue/jxLogo.png HTTP/1.1" 304 -
114.89.80.44 - - [13/Jul/2020:09:54:48 +0800] "GET /xingrg/images/blue/navBackgound.jpg HTTP/1.1" 304 -
114.89.80.44 - - [13/Jul/2020:09:54:48 +0800] "GET /xingrg/javascript/jquery_easy_ui/themes/icons/settle_new.png HTTP/1.1" 304 -
114.89.80.44 - - [13/Jul/2020:09:54:48 +0800] "POST /xingrg/all/common/load_tree.html?tree=area_rest_tree_json&manage=1 HTTP/1.1" 200 476
114.89.80.44 - - [13/Jul/2020:09:54:48 +0800] "GET /xingrg/all/function/internal_message.html?_=1594605288756&CODE_STATE=count HTTP/1.1" 200 11
114.89.80.44 - - [13/Jul/2020:09:54:48 +0800] "GET /xingrg/check_reg.html?_=1594605288759 HTTP/1.1" 200 22
114.89.80.44 - - [13/Jul/2020:09:54:48 +0800] "GET /xingrg/javascript/jquery_easy_ui/themes/default/images/panel_tool_collapse.gif HTTP/1.1" 304 -
114.89.80.44 - - [13/Jul/2020:09:54:48 +0800] "GET /xingrg/images/blue/pingpu.png HTTP/1.1" 304 -
114.89.80.44 - - [13/Jul/2020:09:54:48 +0800] "GET /xingrg/javascript/jquery_easy_ui/themes/default/images/tabs_rightarrow.png HTTP/1.1" 304 -
114.89.80.44 - - [13/Jul/2020:09:54:48 +0800] "GET /xingrg/javascript/jquery_easy_ui/themes/default/images/tabs_leftarrow.png HTTP/1.1" 304 -
114.89.80.44 - - [13/Jul/2020:09:54:48 +0800] "POST /xingrg/load_menu.html HTTP/1.1" 200 5138
117.184.7.26 - - [13/Jul/2020:09:54:49 +0800] "POST /xingrg/dwr/call/plaincall/AjaxCheckService.setItemNumber.dwr HTTP/1.1" 200 78
117.184.7.26 - - [13/Jul/2020:09:54:50 +0800] "POST /xingrg/dwr/call/plaincall/AjaxCheckService.setItemNumber.dwr HTTP/1.1" 200 78
114.89.80.44 - - [13/Jul/2020:09:54:51 +0800] "GET /xingrg/kc/base/wldb_order_list.html HTTP/1.1" 200 19261
117.184.7.26 - - [13/Jul/2020:09:54:51 +0800] "POST /xingrg/dwr/call/plaincall/AjaxCheckService.setItemNumber.dwr HTTP/1.1" 200 78
114.89.80.44 - - [13/Jul/2020:09:54:51 +0800] "POST /xingrg/kc/base/wldb_list_operate.html HTTP/1.1" 200 928
114.89.80.44 - - [13/Jul/2020:09:54:52 +0800] "GET /xingrg/kc/base/wldb_order_add.html HTTP/1.1" 200 30373
117.184.7.26 - - [13/Jul/2020:09:54:53 +0800] "POST /xingrg/dwr/call/plaincall/AjaxCheckService.setItemNumber.dwr HTTP/1.1" 200 78
