58.40.7.146 - - [09/Jul/2020:09:35:50 +0800] "GET /xingrg/check_reg.html?_=1594258547988 HTTP/1.1" 302 -
58.40.7.146 - - [09/Jul/2020:09:35:50 +0800] "GET /xingrg/login.html HTTP/1.1" 200 7641
114.88.170.9 - - [09/Jul/2020:09:35:50 +0800] "GET /xingrg/all/function/internal_message.html?_=1594258574444&CODE_STATE=getMsg HTTP/1.1" 200 27
117.184.7.26 - - [09/Jul/2020:09:35:53 +0800] "GET /xingrg/all/function/internal_message.html?_=1594258543567&CODE_STATE=getMsg HTTP/1.1" 200 27
117.131.5.26 - - [09/Jul/2020:09:35:56 +0800] "GET /xingrg/all/function/internal_message.html?_=1594258832502&CODE_STATE=getMsg HTTP/1.1" 200 27
101.85.53.146 - - [09/Jul/2020:09:35:57 +0800] "GET /xingrg/all/function/internal_message.html?_=1594257941210&CODE_STATE=getMsg HTTP/1.1" 200 27
114.88.170.9 - - [09/Jul/2020:09:35:58 +0800] "GET /xingrg/kc/buy/cgsh_order_add.html HTTP/1.1" 200 59251
114.88.170.9 - - [09/Jul/2020:09:35:59 +0800] "POST /xingrg/kc/buy/cgsh_order_operate.html HTTP/1.1" 200 8245
114.88.170.9 - - [09/Jul/2020:09:35:59 +0800] "GET /xingrg/javascript/easyui/themes/default/validatebox.css HTTP/1.1" 404 1104
114.86.190.97 - - [09/Jul/2020:09:35:59 +0800] "GET /xingrg/kc/buy/cgsh_order_operate.html?command=get_materiel&rest_code=00148&code=00101006109&supplier_code=00100010&order_time=2020-07-09 HTTP/1.1" 200 409
114.88.156.166 - - [09/Jul/2020:09:36:03 +0800] "GET /xingrg/check_reg.html?_=1594258555318 HTTP/1.1" 200 22
114.86.190.97 - - [09/Jul/2020:09:36:05 +0800] "GET /xingrg/all/function/internal_message.html?_=1594258570397&CODE_STATE=getMsg HTTP/1.1" 200 27
116.230.77.149 - - [09/Jul/2020:09:36:06 +0800] "GET /xingrg/kc/buy/cgsh_order_operate.html?command=get_materiel&rest_code=00107&code=00101006058&supplier_code=00100010&order_time=2020-07-09 HTTP/1.1" 200 413
114.89.80.44 - - [09/Jul/2020:09:36:07 +0800] "GET /xingrg/check_reg.html?_=1594258691351 HTTP/1.1" 200 22
114.89.80.44 - - [09/Jul/2020:09:36:07 +0800] "GET /xingrg/all/function/internal_message.html?_=1594258691405&CODE_STATE=getMsg HTTP/1.1" 200 27
114.86.190.97 - - [09/Jul/2020:09:36:10 +0800] "GET /xingrg/kc/buy/cgsh_order_operate.html?command=get_materiel&rest_code=00148&code=00101006006&supplier_code=00100010&order_time=2020-07-09 HTTP/1.1" 200 409
124.77.243.181 - - [09/Jul/2020:09:36:12 +0800] "GET /xingrg/all/function/internal_message.html?_=1594258583850&CODE_STATE=getMsg HTTP/1.1" 200 27
114.88.170.9 - - [09/Jul/2020:09:36:14 +0800] "GET /xingrg/kc/buy/cgsh_order_operate.html?command=get_materiel&rest_code=00111&code=00101011005&supplier_code=00100012&order_time=2020-07-09 HTTP/1.1" 200 427
114.89.80.44 - - [09/Jul/2020:09:36:17 +0800] "GET /xingrg/all/function/internal_message.html?_=1594258575286&CODE_STATE=getMsg HTTP/1.1" 200 27
114.88.170.9 - - [09/Jul/2020:09:36:20 +0800] "GET /xingrg/kc/buy/cgsh_order_operate.html?command=get_materiel&rest_code=00111&code=00101008036&supplier_code=00100005&order_time=2020-07-09 HTTP/1.1" 200 408
114.86.190.97 - - [09/Jul/2020:09:36:24 +0800] "GET /xingrg/javascript/easyui/themes/default/images/button_plain_hover.png HTTP/1.1" 304 -
114.86.190.97 - - [09/Jul/2020:09:36:24 +0800] "GET /xingrg/javascript/easyui/themes/default/images/button_plain_hover.png HTTP/1.1" 304 -
61.172.5.115 - - [09/Jul/2020:09:36:24 +0800] "GET /xingrg/all/function/internal_message.html?_=1594258585012&CODE_STATE=getMsg HTTP/1.1" 200 27
172.17.200.101 - - [09/Jul/2020:09:36:25 +0800] "GET /xingrg/check_reg.html?_=1594258584978 HTTP/1.1" 200 22
172.17.200.101 - - [09/Jul/2020:09:36:25 +0800] "GET /xingrg/all/function/internal_message.html?_=1594258584982&CODE_STATE=getMsg HTTP/1.1" 200 27
114.86.190.97 - - [09/Jul/2020:09:36:25 +0800] "GET /xingrg/all/function/internal_message.html?_=1594258586461&CODE_STATE=getMsg HTTP/1.1" 200 27
114.86.190.97 - - [09/Jul/2020:09:36:26 +0800] "POST /xingrg/kc/buy/cgsh_order_operate.html HTTP/1.1" 200 37
114.86.190.97 - - [09/Jul/2020:09:36:27 +0800] "POST /xingrg/kc/buy/cgsh_order_operate.html HTTP/1.1" 200 7410
114.88.156.166 - - [09/Jul/2020:09:36:29 +0800] "GET /xingrg/all/function/internal_message.html?_=1594258581372&CODE_STATE=getMsg HTTP/1.1" 200 27
114.88.170.9 - - [09/Jul/2020:09:36:29 +0800] "GET /xingrg/kc/buy/cgsh_order_operate.html?command=get_materiel&rest_code=00111&code=00101008350&supplier_code=00100005&order_time=2020-07-09 HTTP/1.1" 200 408
116.230.77.149 - - [09/Jul/2020:09:36:32 +0800] "POST /xingrg/kc/buy/cgsh_order_operate.html HTTP/1.1" 200 37
114.88.170.9 - - [09/Jul/2020:09:36:32 +0800] "GET /xingrg/kc/buy/cgsh_order_operate.html?command=get_materiel&rest_code=00111&code=00101006229&supplier_code=00100012&order_time=2020-07-09 HTTP/1.1" 200 412
116.230.77.149 - - [09/Jul/2020:09:36:33 +0800] "POST /xingrg/kc/buy/cgsh_order_operate.html HTTP/1.1" 200 5601
116.230.77.149 - - [09/Jul/2020:09:36:34 +0800] "GET /xingrg/kc/print/load_data.html?order_code=212020070903358&kc_code=cgsh&condition= HTTP/1.1" 200 1836
180.175.214.200 - - [09/Jul/2020:09:36:35 +0800] "GET /xingrg/all/function/internal_message.html?_=1594258799226&CODE_STATE=getMsg HTTP/1.1" 200 27
114.86.190.97 - - [09/Jul/2020:09:36:37 +0800] "GET /xingrg/javascript/easyui/themes/default/images/button_plain_hover.png HTTP/1.1" 304 -
114.86.190.97 - - [09/Jul/2020:09:36:37 +0800] "GET /xingrg/javascript/easyui/themes/default/images/button_plain_hover.png HTTP/1.1" 304 -
114.86.190.97 - - [09/Jul/2020:09:36:37 +0800] "GET /xingrg/javascript/easyui/themes/default/images/button_plain_hover.png HTTP/1.1" 304 -
114.88.170.9 - - [09/Jul/2020:09:36:37 +0800] "GET /xingrg/kc/buy/cgsh_order_operate.html?command=get_materiel&rest_code=00111&code=00101008256&supplier_code=00100005&order_time=2020-07-09 HTTP/1.1" 200 412
114.86.190.97 - - [09/Jul/2020:09:36:37 +0800] "GET /xingrg/css/site.css HTTP/1.1" 304 -
114.86.190.97 - - [09/Jul/2020:09:36:37 +0800] "GET /xingrg/javascript/easyui/themes/icon.css HTTP/1.1" 304 -
114.86.190.97 - - [09/Jul/2020:09:36:37 +0800] "GET /xingrg/javascript/easyui/themes/default/easyui.css HTTP/1.1" 304 -
114.86.190.97 - - [09/Jul/2020:09:36:37 +0800] "GET /xingrg/javascript/jquery_tools/fix.css HTTP/1.1" 304 -
114.86.190.97 - - [09/Jul/2020:09:36:37 +0800] "GET /xingrg/javascript/jquery_tools/table.css HTTP/1.1" 304 -
114.86.190.97 - - [09/Jul/2020:09:36:37 +0800] "GET /xingrg/javascript/pic_change.js HTTP/1.1" 304 -
114.86.190.97 - - [09/Jul/2020:09:36:37 +0800] "GET /xingrg/javascript/jquery_tools/jquery.tools.min.js HTTP/1.1" 304 -
114.86.190.97 - - [09/Jul/2020:09:36:37 +0800] "GET /xingrg/javascript/jquery_tools/jquery.tools.extend.js HTTP/1.1" 304 -
114.86.190.97 - - [09/Jul/2020:09:36:37 +0800] "GET /xingrg/javascript/auto/jquery.autocomplete.css HTTP/1.1" 304 -
114.86.190.97 - - [09/Jul/2020:09:36:37 +0800] "GET /xingrg/javascript/jquery_tools/jquery.tools.hotkey.js HTTP/1.1" 304 -
114.86.190.97 - - [09/Jul/2020:09:36:37 +0800] "GET /xingrg/javascript/jquery_tools/jquery.tools.table.js HTTP/1.1" 304 -
114.86.190.97 - - [09/Jul/2020:09:36:37 +0800] "GET /xingrg/javascript/auto/jquery.autocomplete.js HTTP/1.1" 304 -
114.86.190.97 - - [09/Jul/2020:09:36:37 +0800] "GET /xingrg/javascript/easyui/easyloader.js HTTP/1.1" 304 -
114.86.190.97 - - [09/Jul/2020:09:36:37 +0800] "GET /xingrg/javascript/jquery.utils.js HTTP/1.1" 304 -
114.86.190.97 - - [09/Jul/2020:09:36:37 +0800] "GET /xingrg/javascript/jquery_tools/order_manager.js HTTP/1.1" 304 -
114.86.190.97 - - [09/Jul/2020:09:36:37 +0800] "GET /xingrg/javascript/convert.js HTTP/1.1" 304 -
114.86.190.97 - - [09/Jul/2020:09:36:37 +0800] "GET /xingrg/kc/buy/cgsh_order_add.html HTTP/1.1" 200 59251
114.86.190.97 - - [09/Jul/2020:09:36:37 +0800] "GET /xingrg/javascript/json2.js HTTP/1.1" 304 -
114.86.190.97 - - [09/Jul/2020:09:36:37 +0800] "GET /xingrg/javascript/jquery.cookie.js HTTP/1.1" 304 -
114.86.190.97 - - [09/Jul/2020:09:36:37 +0800] "GET /xingrg/javascript/print/kc_print.js HTTP/1.1" 304 -
114.86.190.97 - - [09/Jul/2020:09:36:37 +0800] "GET /xingrg/javascript/print/LodopFuncs.js HTTP/1.1" 304 -
114.86.190.97 - - [09/Jul/2020:09:36:37 +0800] "GET /xingrg/css/base.css HTTP/1.1" 304 -
114.86.190.97 - - [09/Jul/2020:09:36:37 +0800] "GET /xingrg/javascript/jquery_tools/datebox.css HTTP/1.1" 304 -
114.86.190.97 - - [09/Jul/2020:09:36:37 +0800] "GET /xingrg/words/20200708181253_words.js HTTP/1.1" 304 -
114.86.190.97 - - [09/Jul/2020:09:36:37 +0800] "GET /xingrg/javascript/easyui/themes/icons/template_new.png HTTP/1.1" 304 -
114.86.190.97 - - [09/Jul/2020:09:36:37 +0800] "GET /xingrg/javascript/easyui/themes/icons/copy_new.png HTTP/1.1" 304 -
114.86.190.97 - - [09/Jul/2020:09:36:37 +0800] "GET /xingrg/javascript/easyui/themes/icons/ok.png HTTP/1.1" 304 -
114.86.190.97 - - [09/Jul/2020:09:36:37 +0800] "GET /xingrg/javascript/easyui/themes/icons/print.png HTTP/1.1" 304 -
114.86.190.97 - - [09/Jul/2020:09:36:37 +0800] "GET /xingrg/javascript/easyui/themes/default/images/menu_downarrow.png HTTP/1.1" 304 -
114.86.190.97 - - [09/Jul/2020:09:36:37 +0800] "GET /xingrg/javascript/easyui/themes/icons/cancel.png HTTP/1.1" 304 -
114.86.190.97 - - [09/Jul/2020:09:36:37 +0800] "GET /xingrg/javascript/easyui/plugins/jquery.parser.js HTTP/1.1" 304 -
114.86.190.97 - - [09/Jul/2020:09:36:37 +0800] "POST /xingrg/kc/buy/cgsh_order_operate.html HTTP/1.1" 200 8245
114.86.190.97 - - [09/Jul/2020:09:36:37 +0800] "GET /xingrg/all/common/auto_word.html?type=employee&rest_code=00148 HTTP/1.1" 200 147
114.86.190.97 - - [09/Jul/2020:09:36:37 +0800] "GET /xingrg/all/common/auto_word.html?type=employee&rest_code=00148 HTTP/1.1" 200 147
114.86.190.97 - - [09/Jul/2020:09:36:37 +0800] "GET /xingrg/javascript/easyui/themes/default/images/button_plain_hover.png HTTP/1.1" 304 -
114.86.190.97 - - [09/Jul/2020:09:36:37 +0800] "GET /xingrg/javascript/easyui/themes/default/validatebox.css HTTP/1.1" 404 1104
114.86.190.97 - - [09/Jul/2020:09:36:37 +0800] "GET /xingrg/javascript/easyui/plugins/jquery.validatebox.js HTTP/1.1" 304 -
114.86.190.97 - - [09/Jul/2020:09:36:37 +0800] "GET /xingrg/javascript/easyui/plugins/jquery.numberbox.js HTTP/1.1" 304 -
114.86.190.97 - - [09/Jul/2020:09:36:40 +0800] "GET /xingrg/javascript/jquery_tools/jquery.tools.min.js HTTP/1.1" 304 -
114.86.190.97 - - [09/Jul/2020:09:36:40 +0800] "GET /xingrg/javascript/pic_change.js HTTP/1.1" 304 -
114.86.190.97 - - [09/Jul/2020:09:36:40 +0800] "GET /xingrg/javascript/jquery_tools/jquery.tools.extend.js HTTP/1.1" 304 -
114.86.190.97 - - [09/Jul/2020:09:36:40 +0800] "GET /xingrg/javascript/jquery_tools/jquery.tools.table.js HTTP/1.1" 304 -
114.86.190.97 - - [09/Jul/2020:09:36:40 +0800] "GET /xingrg/javascript/auto/jquery.autocomplete.js HTTP/1.1" 304 -
114.86.190.97 - - [09/Jul/2020:09:36:40 +0800] "GET /xingrg/javascript/jquery_tools/jquery.tools.hotkey.js HTTP/1.1" 304 -
114.86.190.97 - - [09/Jul/2020:09:36:40 +0800] "GET /xingrg/javascript/easyui/easyloader.js HTTP/1.1" 304 -
114.86.190.97 - - [09/Jul/2020:09:36:40 +0800] "GET /xingrg/javascript/jquery.utils.js HTTP/1.1" 304 -
114.86.190.97 - - [09/Jul/2020:09:36:40 +0800] "GET /xingrg/javascript/convert.js HTTP/1.1" 304 -
114.86.190.97 - - [09/Jul/2020:09:36:40 +0800] "GET /xingrg/javascript/jquery.cookie.js HTTP/1.1" 304 -
114.86.190.97 - - [09/Jul/2020:09:36:40 +0800] "GET /xingrg/javascript/jquery_tools/order_manager.js HTTP/1.1" 304 -
114.86.190.97 - - [09/Jul/2020:09:36:40 +0800] "GET /xingrg/javascript/print/kc_print.js HTTP/1.1" 304 -
114.86.190.97 - - [09/Jul/2020:09:36:40 +0800] "GET /xingrg/javascript/print/LodopFuncs.js HTTP/1.1" 304 -
114.86.190.97 - - [09/Jul/2020:09:36:40 +0800] "GET /xingrg/javascript/easyui/plugins/jquery.validatebox.js HTTP/1.1" 304 -
114.86.190.97 - - [09/Jul/2020:09:36:40 +0800] "GET /xingrg/words/20200708181253_words.js HTTP/1.1" 304 -
114.86.190.97 - - [09/Jul/2020:09:36:40 +0800] "GET /xingrg/javascript/easyui/plugins/jquery.numberbox.js HTTP/1.1" 304 -
114.86.190.97 - - [09/Jul/2020:09:36:40 +0800] "GET /xingrg/javascript/easyui/plugins/jquery.parser.js HTTP/1.1" 304 -
114.86.190.97 - - [09/Jul/2020:09:36:40 +0800] "GET /xingrg/javascript/json2.js HTTP/1.1" 304 -
116.230.77.149 - - [09/Jul/2020:09:36:41 +0800] "GET /xingrg/kc/buy/cgsh_order_add.html HTTP/1.1" 200 59298
124.77.243.181 - - [09/Jul/2020:09:36:41 +0800] "GET /xingrg/check_reg.html?_=1594258612269 HTTP/1.1" 200 22
116.230.77.149 - - [09/Jul/2020:09:36:42 +0800] "POST /xingrg/kc/buy/cgsh_order_operate.html HTTP/1.1" 200 8245
116.230.77.149 - - [09/Jul/2020:09:36:42 +0800] "GET /xingrg/javascript/easyui/themes/default/validatebox.css HTTP/1.1" 404 1104
114.88.170.9 - - [09/Jul/2020:09:36:42 +0800] "GET /xingrg/all/function/internal_message.html?_=1594258599251&CODE_STATE=getMsg HTTP/1.1" 200 27
124.77.243.181 - - [09/Jul/2020:09:36:43 +0800] "GET /xingrg/all/function/internal_message.html?_=1594258613636&CODE_STATE=getMsg HTTP/1.1" 200 27
114.88.170.9 - - [09/Jul/2020:09:36:44 +0800] "GET /xingrg/kc/buy/cgsh_order_operate.html?command=get_materiel&rest_code=00111&code=00101008045&supplier_code=00100005&order_time=2020-07-09 HTTP/1.1" 200 412
172.17.0.101 - - [09/Jul/2020:09:36:44 +0800] "GET /xingrg/all/function/internal_message.html?_=1594258601984&CODE_STATE=getMsg HTTP/1.1" 200 27
116.230.77.149 - - [09/Jul/2020:09:36:45 +0800] "GET /xingrg/all/function/internal_message.html?_=1594258597147&CODE_STATE=getMsg HTTP/1.1" 200 27
114.88.170.9 - - [09/Jul/2020:09:36:45 +0800] "POST /xingrg/kc/buy/cgsh_order_operate.html HTTP/1.1" 200 2065
172.17.0.104 - - [09/Jul/2020:09:36:46 +0800] "GET /xingrg/all/function/internal_message.html?_=1594258612771&CODE_STATE=getMsg HTTP/1.1" 302 -
114.88.170.9 - - [09/Jul/2020:09:36:50 +0800] "GET /xingrg/kc/buy/cgsh_order_operate.html?command=get_materiel&rest_code=00111&code=00101006128&supplier_code=00100012&order_time=2020-07-09 HTTP/1.1" 200 427
114.88.170.9 - - [09/Jul/2020:09:36:50 +0800] "GET /xingrg/kc/buy/cgsh_order_operate.html?command=get_materiel&rest_code=00111&code=00101008155&supplier_code=00100005&order_time=2020-07-09 HTTP/1.1" 200 408
114.88.170.9 - - [09/Jul/2020:09:36:50 +0800] "GET /xingrg/all/function/internal_message.html?_=1594258634381&CODE_STATE=getMsg HTTP/1.1" 200 27
117.184.7.26 - - [09/Jul/2020:09:36:53 +0800] "GET /xingrg/all/function/internal_message.html?_=1594258603567&CODE_STATE=getMsg HTTP/1.1" 200 27
116.230.77.149 - - [09/Jul/2020:09:36:53 +0800] "GET /xingrg/kc/buy/cgsh_order_operate.html?command=get_materiel&rest_code=00107&code=00101002007&supplier_code=00100199&order_time=2020-07-09 HTTP/1.1" 200 409
117.131.5.26 - - [09/Jul/2020:09:36:56 +0800] "GET /xingrg/all/function/internal_message.html?_=1594258892515&CODE_STATE=getMsg HTTP/1.1" 200 27
101.85.53.146 - - [09/Jul/2020:09:36:57 +0800] "GET /xingrg/all/function/internal_message.html?_=1594258001210&CODE_STATE=getMsg HTTP/1.1" 200 27
114.88.170.9 - - [09/Jul/2020:09:37:00 +0800] "GET /xingrg/kc/buy/cgsh_order_operate.html?command=get_materiel&rest_code=00111&code=00101008436&supplier_code=00100005&order_time=2020-07-09 HTTP/1.1" 200 398
116.230.77.149 - - [09/Jul/2020:09:37:04 +0800] "POST /xingrg/kc/buy/cgsh_order_operate.html HTTP/1.1" 200 37
114.88.170.9 - - [09/Jul/2020:09:37:04 +0800] "GET /xingrg/kc/buy/cgsh_order_operate.html?command=get_materiel&rest_code=00111&code=00101006111&supplier_code=00100012&order_time=2020-07-09 HTTP/1.1" 200 409
114.86.190.97 - - [09/Jul/2020:09:37:05 +0800] "GET /xingrg/all/function/internal_message.html?_=1594258630410&CODE_STATE=getMsg HTTP/1.1" 200 27
116.230.77.149 - - [09/Jul/2020:09:37:05 +0800] "POST /xingrg/kc/buy/cgsh_order_operate.html HTTP/1.1" 200 2656
114.88.170.9 - - [09/Jul/2020:09:37:06 +0800] "GET /xingrg/kc/buy/cgsh_order_operate.html?command=get_materiel&rest_code=00111&code=00101008186&supplier_code=00100005&order_time=2020-07-09 HTTP/1.1" 200 408
116.230.77.149 - - [09/Jul/2020:09:37:06 +0800] "GET /xingrg/kc/print/load_data.html?order_code=212020070903359&kc_code=cgsh&condition= HTTP/1.1" 200 663
114.89.80.44 - - [09/Jul/2020:09:37:07 +0800] "GET /xingrg/all/function/internal_message.html?_=1594258751418&CODE_STATE=getMsg HTTP/1.1" 200 27
124.77.243.181 - - [09/Jul/2020:09:37:10 +0800] "GET /xingrg/check_reg.html?_=1594258641789 HTTP/1.1" 200 22
124.77.243.181 - - [09/Jul/2020:09:37:12 +0800] "GET /xingrg/all/function/internal_message.html?_=1594258643862&CODE_STATE=getMsg HTTP/1.1" 200 27
114.88.170.9 - - [09/Jul/2020:09:37:12 +0800] "GET /xingrg/kc/buy/cgsh_order_operate.html?command=get_materiel&rest_code=00111&code=00101008038&supplier_code=00100005&order_time=2020-07-09 HTTP/1.1" 200 412
114.86.190.97 - - [09/Jul/2020:09:37:13 +0800] "GET /xingrg/javascript/easyui/themes/default/images/button_plain_hover.png HTTP/1.1" 304 -
114.88.170.9 - - [09/Jul/2020:09:37:13 +0800] "GET /xingrg/kc/buy/cgsh_order_operate.html?command=get_materiel&rest_code=00111&code=00101006055&supplier_code=00100012&order_time=2020-07-09 HTTP/1.1" 200 409
114.89.80.44 - - [09/Jul/2020:09:37:17 +0800] "GET /xingrg/all/function/internal_message.html?_=1594258635297&CODE_STATE=getMsg HTTP/1.1" 200 27
172.17.200.101 - - [09/Jul/2020:09:37:19 +0800] "POST /xingrg/dwr/call/plaincall/AjaxReportQueryService.refreshCache.dwr HTTP/1.1" 200 78
114.88.170.9 - - [09/Jul/2020:09:37:20 +0800] "GET /xingrg/kc/buy/cgsh_order_operate.html?command=get_materiel&rest_code=00111&code=00101008004&supplier_code=00100005&order_time=2020-07-09 HTTP/1.1" 200 416
172.17.200.101 - - [09/Jul/2020:09:37:21 +0800] "POST /xingrg/all/report/load_report_page.html HTTP/1.1" 200 46697
172.17.200.101 - - [09/Jul/2020:09:37:21 +0800] "GET /xingrg/servlets/image?cache=0.28316057137230644&image=px HTTP/1.1" 200 807
114.88.170.9 - - [09/Jul/2020:09:37:22 +0800] "POST /xingrg/kc/buy/cgsh_order_operate.html HTTP/1.1" 200 2065
114.88.170.9 - - [09/Jul/2020:09:37:23 +0800] "GET /xingrg/kc/buy/cgsh_order_operate.html?command=get_materiel&rest_code=00111&code=00101006056&supplier_code=00100012&order_time=2020-07-09 HTTP/1.1" 200 413
61.172.5.115 - - [09/Jul/2020:09:37:24 +0800] "GET /xingrg/check_reg.html?_=1594258645007 HTTP/1.1" 200 22
61.172.5.115 - - [09/Jul/2020:09:37:24 +0800] "GET /xingrg/all/function/internal_message.html?_=1594258645008&CODE_STATE=getMsg HTTP/1.1" 200 27
172.17.200.101 - - [09/Jul/2020:09:37:25 +0800] "GET /xingrg/all/function/internal_message.html?_=1594258644992&CODE_STATE=getMsg HTTP/1.1" 200 27
114.88.170.9 - - [09/Jul/2020:09:37:25 +0800] "GET /xingrg/kc/buy/cgsh_order_operate.html?command=get_materiel&rest_code=00111&code=00101008067&supplier_code=00100005&order_time=2020-07-09 HTTP/1.1" 200 416
114.86.190.97 - - [09/Jul/2020:09:37:25 +0800] "GET /xingrg/kc/buy/cgsh_order_operate.html?command=get_materiel&rest_code=00148&code=00101007061&supplier_code=00100004&order_time=2020-07-09 HTTP/1.1" 200 409
114.86.190.97 - - [09/Jul/2020:09:37:25 +0800] "GET /xingrg/all/function/internal_message.html?_=1594258646458&CODE_STATE=getMsg HTTP/1.1" 200 27
172.17.0.104 - - [09/Jul/2020:09:37:28 +0800] "GET /xingrg/check_reg.html?_=1594258654792 HTTP/1.1" 302 -
114.88.156.166 - - [09/Jul/2020:09:37:29 +0800] "GET /xingrg/all/function/internal_message.html?_=1594258641344&CODE_STATE=getMsg HTTP/1.1" 200 27
114.88.170.9 - - [09/Jul/2020:09:37:30 +0800] "GET /xingrg/kc/buy/cgsh_order_operate.html?command=get_materiel&rest_code=00111&code=00101008264&supplier_code=00100005&order_time=2020-07-09 HTTP/1.1" 200 412
114.88.170.9 - - [09/Jul/2020:09:37:32 +0800] "GET /xingrg/kc/buy/cgsh_order_operate.html?command=get_materiel&rest_code=00111&code=00101011010&supplier_code=00100012&order_time=2020-07-09 HTTP/1.1" 200 418
180.175.214.200 - - [09/Jul/2020:09:37:35 +0800] "GET /xingrg/check_reg.html?_=1594258858953 HTTP/1.1" 200 22
114.86.190.97 - - [09/Jul/2020:09:37:35 +0800] "GET /xingrg/kc/buy/cgsh_order_operate.html?command=get_materiel&rest_code=00148&code=00101007049&supplier_code=00100004&order_time=2020-07-09 HTTP/1.1" 200 409
180.175.214.200 - - [09/Jul/2020:09:37:35 +0800] "GET /xingrg/all/function/internal_message.html?_=1594258859240&CODE_STATE=getMsg HTTP/1.1" 200 27
114.88.170.9 - - [09/Jul/2020:09:37:36 +0800] "GET /xingrg/kc/buy/cgsh_order_operate.html?command=get_materiel&rest_code=00111&code=00101008137&supplier_code=00100005&order_time=2020-07-09 HTTP/1.1" 200 408
114.89.80.44 - - [09/Jul/2020:09:37:37 +0800] "POST /xingrg/kc/buy/cgsh_order_operate.html HTTP/1.1" 200 37
101.89.239.230 - - [09/Jul/2020:09:37:38 +0800] "GET /xingrg/all/function/internal_message.html?_=1594258581372&CODE_STATE=getMsg HTTP/1.1" 302 -
114.89.80.44 - - [09/Jul/2020:09:37:39 +0800] "POST /xingrg/kc/buy/cgsh_order_operate.html HTTP/1.1" 200 12
114.89.80.44 - - [09/Jul/2020:09:37:40 +0800] "GET /xingrg/kc/buy/cgsh_order_info.html?code=212020070903350 HTTP/1.1" 200 54078
114.89.80.44 - - [09/Jul/2020:09:37:40 +0800] "GET /xingrg/javascript/easyui/themes/default/validatebox.css HTTP/1.1" 404 1104
116.230.77.149 - - [09/Jul/2020:09:37:40 +0800] "GET /xingrg/kc/buy/cgsh_order_add.html HTTP/1.1" 200 59298
114.89.80.44 - - [09/Jul/2020:09:37:41 +0800] "POST /xingrg/kc/buy/cgsh_order_operate.html HTTP/1.1" 200 29611
116.230.77.149 - - [09/Jul/2020:09:37:41 +0800] "GET /xingrg/javascript/easyui/themes/default/validatebox.css HTTP/1.1" 404 1104
116.230.77.149 - - [09/Jul/2020:09:37:41 +0800] "POST /xingrg/kc/buy/cgsh_order_operate.html HTTP/1.1" 200 8245
114.89.80.44 - - [09/Jul/2020:09:37:42 +0800] "GET /xingrg/kc/print/load_config.html?kc_code=cgsh HTTP/1.1" 200 1845
114.88.170.9 - - [09/Jul/2020:09:37:42 +0800] "GET /xingrg/all/function/internal_message.html?_=1594258659264&CODE_STATE=getMsg HTTP/1.1" 200 27
124.77.243.181 - - [09/Jul/2020:09:37:43 +0800] "GET /xingrg/all/function/internal_message.html?_=1594258673649&CODE_STATE=getMsg HTTP/1.1" 200 27
114.88.170.9 - - [09/Jul/2020:09:37:43 +0800] "POST /xingrg/kc/buy/cgsh_order_operate.html HTTP/1.1" 200 37
114.89.80.44 - - [09/Jul/2020:09:37:43 +0800] "GET /xingrg/kc/print/load_data.html?order_code=212020070903350&kc_code=cgsh&condition= HTTP/1.1" 200 11744
101.89.239.230 - - [09/Jul/2020:09:37:43 +0800] "GET /xingrg/login.html HTTP/1.1" 200 7641
172.17.0.101 - - [09/Jul/2020:09:37:44 +0800] "GET /xingrg/all/function/internal_message.html?_=1594258661984&CODE_STATE=getMsg HTTP/1.1" 200 27
116.230.77.149 - - [09/Jul/2020:09:37:45 +0800] "GET /xingrg/all/function/internal_message.html?_=1594258657124&CODE_STATE=getMsg HTTP/1.1" 200 27
172.17.0.104 - - [09/Jul/2020:09:37:46 +0800] "GET /xingrg/all/function/internal_message.html?_=1594258672793&CODE_STATE=getMsg HTTP/1.1" 302 -
114.86.190.97 - - [09/Jul/2020:09:37:46 +0800] "GET /xingrg/kc/buy/cgsh_order_operate.html?command=get_materiel&rest_code=00148&code=00101007059&supplier_code=00100004&order_time=2020-07-09 HTTP/1.1" 200 409
114.88.170.9 - - [09/Jul/2020:09:37:46 +0800] "POST /xingrg/kc/buy/cgsh_order_operate.html HTTP/1.1" 200 6240
114.88.170.9 - - [09/Jul/2020:09:37:48 +0800] "GET /xingrg/kc/buy/cgsh_order_operate.html?command=get_materiel&rest_code=00111&code=00101008196&supplier_code=00100005&order_time=2020-07-09 HTTP/1.1" 200 416
114.88.170.9 - - [09/Jul/2020:09:37:49 +0800] "GET /xingrg/kc/print/load_data.html?order_code=212020070903360&kc_code=cgsh&condition= HTTP/1.1" 200 2149
114.88.170.9 - - [09/Jul/2020:09:37:50 +0800] "POST /xingrg/kc/buy/cgsh_order_operate.html HTTP/1.1" 200 2065
114.88.170.9 - - [09/Jul/2020:09:37:50 +0800] "GET /xingrg/all/function/internal_message.html?_=1594258694401&CODE_STATE=getMsg HTTP/1.1" 200 27
117.184.7.26 - - [09/Jul/2020:09:37:53 +0800] "GET /xingrg/all/function/internal_message.html?_=1594258663567&CODE_STATE=getMsg HTTP/1.1" 200 27
116.230.77.149 - - [09/Jul/2020:09:37:53 +0800] "GET /xingrg/kc/buy/cgsh_order_operate.html?command=get_materiel&rest_code=00107&code=00101005037&supplier_code=00100041&order_time=2020-07-09 HTTP/1.1" 200 409
114.86.190.97 - - [09/Jul/2020:09:37:54 +0800] "GET /xingrg/kc/buy/cgsh_order_operate.html?command=get_materiel&rest_code=00148&code=00101007049&supplier_code=00100004&order_time=2020-07-09 HTTP/1.1" 200 409
114.88.170.9 - - [09/Jul/2020:09:37:55 +0800] "GET /xingrg/kc/buy/cgsh_order_operate.html?command=get_materiel&rest_code=00111&code=00101008357&supplier_code=00100005&order_time=2020-07-09 HTTP/1.1" 200 408
117.131.5.26 - - [09/Jul/2020:09:37:56 +0800] "GET /xingrg/all/function/internal_message.html?_=1594258952563&CODE_STATE=getMsg HTTP/1.1" 200 27
101.85.53.146 - - [09/Jul/2020:09:37:57 +0800] "GET /xingrg/all/function/internal_message.html?_=1594258061209&CODE_STATE=getMsg HTTP/1.1" 200 27
114.88.170.9 - - [09/Jul/2020:09:38:00 +0800] "GET /xingrg/kc/buy/cgsh_order_operate.html?command=get_materiel&rest_code=00111&code=00101008069&supplier_code=00100005&order_time=2020-07-09 HTTP/1.1" 200 412
114.86.190.97 - - [09/Jul/2020:09:38:03 +0800] "GET /xingrg/kc/buy/cgsh_order_operate.html?command=get_materiel&rest_code=00148&code=00101007048&supplier_code=00100004&order_time=2020-07-09 HTTP/1.1" 200 408
114.86.190.97 - - [09/Jul/2020:09:38:05 +0800] "GET /xingrg/all/function/internal_message.html?_=1594258690424&CODE_STATE=getMsg HTTP/1.1" 200 27
116.230.77.149 - - [09/Jul/2020:09:38:06 +0800] "GET /xingrg/kc/buy/cgsh_order_operate.html?command=get_materiel&rest_code=00107&code=00101010161&supplier_code=00100041&order_time=2020-07-09 HTTP/1.1" 200 409
114.89.80.44 - - [09/Jul/2020:09:38:07 +0800] "GET /xingrg/all/function/internal_message.html?_=1594258811432&CODE_STATE=getMsg HTTP/1.1" 200 27
124.77.243.181 - - [09/Jul/2020:09:38:12 +0800] "GET /xingrg/all/function/internal_message.html?_=1594258703878&CODE_STATE=getMsg HTTP/1.1" 200 27
114.88.170.9 - - [09/Jul/2020:09:38:15 +0800] "GET /xingrg/kc/buy/cgsh_order_operate.html?command=get_materiel&rest_code=00111&code=00101008318&supplier_code=00100005&order_time=2020-07-09 HTTP/1.1" 200 408
114.88.170.9 - - [09/Jul/2020:09:38:17 +0800] "POST /xingrg/kc/buy/cgsh_order_operate.html HTTP/1.1" 200 2065
114.89.80.44 - - [09/Jul/2020:09:38:17 +0800] "GET /xingrg/all/function/internal_message.html?_=1594258695314&CODE_STATE=getMsg HTTP/1.1" 200 27
116.230.77.149 - - [09/Jul/2020:09:38:20 +0800] "POST /xingrg/kc/buy/cgsh_order_operate.html HTTP/1.1" 200 37
114.88.170.9 - - [09/Jul/2020:09:38:21 +0800] "GET /xingrg/kc/buy/cgsh_order_operate.html?command=get_materiel&rest_code=00111&code=00101008352&supplier_code=00100005&order_time=2020-07-09 HTTP/1.1" 200 412
116.230.77.149 - - [09/Jul/2020:09:38:21 +0800] "POST /xingrg/kc/buy/cgsh_order_operate.html HTTP/1.1" 200 3243
116.230.77.149 - - [09/Jul/2020:09:38:24 +0800] "GET /xingrg/kc/print/load_data.html?order_code=212020070903361&kc_code=cgsh&condition= HTTP/1.1" 200 895
61.172.5.115 - - [09/Jul/2020:09:38:24 +0800] "GET /xingrg/all/function/internal_message.html?_=1594258705006&CODE_STATE=getMsg HTTP/1.1" 200 27
172.17.200.101 - - [09/Jul/2020:09:38:25 +0800] "GET /xingrg/all/function/internal_message.html?_=1594258705000&CODE_STATE=getMsg HTTP/1.1" 200 27
114.86.190.97 - - [09/Jul/2020:09:38:25 +0800] "GET /xingrg/all/function/internal_message.html?_=1594258706456&CODE_STATE=getMsg HTTP/1.1" 200 27
114.89.80.44 - - [09/Jul/2020:09:38:28 +0800] "POST /xingrg/kc/buy/cgsh_list_operate.html HTTP/1.1" 200 876
114.88.156.166 - - [09/Jul/2020:09:38:29 +0800] "GET /xingrg/all/function/internal_message.html?_=1594258701316&CODE_STATE=getMsg HTTP/1.1" 200 27
114.89.80.44 - - [09/Jul/2020:09:38:34 +0800] "POST /xingrg/all/user/operate.html HTTP/1.1" 200 36
114.89.80.44 - - [09/Jul/2020:09:38:35 +0800] "GET /xingrg/javascript/jquery_easy_ui/themes/default/easyui.css HTTP/1.1" 304 -
114.89.80.44 - - [09/Jul/2020:09:38:35 +0800] "GET /xingrg/index.html?sysBaseUrl=http%3A%2F%2F180.169.147.146%3A18081%2Fxingrg%2F&costTime=40×tamp=1594174584434 HTTP/1.1" 200 17177
114.89.80.44 - - [09/Jul/2020:09:38:35 +0800] "GET /xingrg/javascript/jquery_easy_ui/themes/icon.css HTTP/1.1" 304 -
114.89.80.44 - - [09/Jul/2020:09:38:35 +0800] "GET /xingrg/css/form.css HTTP/1.1" 304 -
114.89.80.44 - - [09/Jul/2020:09:38:35 +0800] "GET /xingrg/javascript/jquery-1.4.2.min.js HTTP/1.1" 304 -
114.89.80.44 - - [09/Jul/2020:09:38:35 +0800] "GET /xingrg/javascript/jquery_easy_ui/jquery.easyui.min.js HTTP/1.1" 304 -
114.89.80.44 - - [09/Jul/2020:09:38:35 +0800] "GET /xingrg/javascript/jquery_easy_ui/easyui-lang-zh_CN.js HTTP/1.1" 304 -
114.89.80.44 - - [09/Jul/2020:09:38:35 +0800] "GET /xingrg/javascript/jquery.form.js HTTP/1.1" 304 -
114.89.80.44 - - [09/Jul/2020:09:38:35 +0800] "GET /xingrg/javascript/jquery.utils.js HTTP/1.1" 304 -
114.89.80.44 - - [09/Jul/2020:09:38:35 +0800] "GET /xingrg/javascript/jquery.timers.js HTTP/1.1" 304 -
114.89.80.44 - - [09/Jul/2020:09:38:35 +0800] "GET /xingrg/images/blue/jxLogo.png HTTP/1.1" 304 -
114.89.80.44 - - [09/Jul/2020:09:38:35 +0800] "GET /xingrg/javascript/jquery_easy_ui/themes/icons/settle_new.png HTTP/1.1" 304 -
114.89.80.44 - - [09/Jul/2020:09:38:35 +0800] "GET /xingrg/images/blue/navBackgound.jpg HTTP/1.1" 304 -
114.89.80.44 - - [09/Jul/2020:09:38:35 +0800] "POST /xingrg/all/common/load_tree.html?tree=area_rest_tree_json&manage=1 HTTP/1.1" 200 476
114.89.80.44 - - [09/Jul/2020:09:38:35 +0800] "GET /xingrg/all/function/internal_message.html?_=1594258713894&CODE_STATE=count HTTP/1.1" 200 11
114.89.80.44 - - [09/Jul/2020:09:38:35 +0800] "GET /xingrg/check_reg.html?_=1594258713896 HTTP/1.1" 200 22
114.89.80.44 - - [09/Jul/2020:09:38:35 +0800] "GET /xingrg/images/blue/pingpu.png HTTP/1.1" 304 -
114.89.80.44 - - [09/Jul/2020:09:38:35 +0800] "GET /xingrg/javascript/jquery_easy_ui/themes/default/images/tabs_leftarrow.png HTTP/1.1" 304 -
114.89.80.44 - - [09/Jul/2020:09:38:35 +0800] "GET /xingrg/javascript/jquery_easy_ui/themes/default/images/panel_tool_collapse.gif HTTP/1.1" 304 -
114.89.80.44 - - [09/Jul/2020:09:38:35 +0800] "GET /xingrg/javascript/jquery_easy_ui/themes/default/images/tabs_rightarrow.png HTTP/1.1" 304 -
114.89.80.44 - - [09/Jul/2020:09:38:35 +0800] "POST /xingrg/load_menu.html HTTP/1.1" 200 5138
180.175.214.200 - - [09/Jul/2020:09:38:36 +0800] "GET /xingrg/all/function/internal_message.html?_=1594258919254&CODE_STATE=getMsg HTTP/1.1" 200 27
114.88.170.9 - - [09/Jul/2020:09:38:37 +0800] "GET /xingrg/kc/buy/cgsh_order_operate.html?command=get_materiel&rest_code=00111&code=00101008271&supplier_code=00100005&order_time=2020-07-09 HTTP/1.1" 200 408
114.89.80.44 - - [09/Jul/2020:09:38:37 +0800] "GET /xingrg/kc/buy/cgsh_order_list.html HTTP/1.1" 200 43517
114.89.80.44 - - [09/Jul/2020:09:38:38 +0800] "POST /xingrg/kc/buy/cgsh_list_operate.html HTTP/1.1" 200 1706
114.89.80.44 - - [09/Jul/2020:09:38:40 +0800] "POST /xingrg/kc/buy/cgsh_list_operate.html HTTP/1.1" 200 562
114.89.80.44 - - [09/Jul/2020:09:38:40 +0800] "GET /xingrg/kc/buy/cgsh_order_info.html?code=212020070903351 HTTP/1.1" 200 58914
114.89.80.44 - - [09/Jul/2020:09:38:41 +0800] "GET /xingrg/all/common/auto_word.html?type=employee&rest_code=00151 HTTP/1.1" 200 243
114.89.80.44 - - [09/Jul/2020:09:38:41 +0800] "GET /xingrg/javascript/easyui/themes/default/validatebox.css HTTP/1.1" 404 1104
114.89.80.44 - - [09/Jul/2020:09:38:41 +0800] "GET /xingrg/all/common/auto_word.html?type=employee&rest_code=00151 HTTP/1.1" 200 243
114.89.80.44 - - [09/Jul/2020:09:38:41 +0800] "POST /xingrg/kc/buy/cgsh_order_operate.html HTTP/1.1" 200 20479
114.88.170.9 - - [09/Jul/2020:09:38:42 +0800] "GET /xingrg/all/function/internal_message.html?_=1594258719277&CODE_STATE=getMsg HTTP/1.1" 200 27
124.77.243.181 - - [09/Jul/2020:09:38:43 +0800] "GET /xingrg/all/function/internal_message.html?_=1594258733663&CODE_STATE=getMsg HTTP/1.1" 200 27
116.230.77.149 - - [09/Jul/2020:09:38:43 +0800] "GET /xingrg/check_reg.html?_=1594258715218 HTTP/1.1" 200 22
172.17.0.101 - - [09/Jul/2020:09:38:44 +0800] "GET /xingrg/check_reg.html?_=1594258722017 HTTP/1.1" 200 22
172.17.0.101 - - [09/Jul/2020:09:38:44 +0800] "GET /xingrg/all/function/internal_message.html?_=1594258722020&CODE_STATE=getMsg HTTP/1.1" 200 27
116.230.77.149 - - [09/Jul/2020:09:38:45 +0800] "GET /xingrg/all/function/internal_message.html?_=1594258717108&CODE_STATE=getMsg HTTP/1.1" 200 27
172.17.0.104 - - [09/Jul/2020:09:38:46 +0800] "GET /xingrg/all/function/internal_message.html?_=1594258732797&CODE_STATE=getMsg HTTP/1.1" 302 -
114.88.170.9 - - [09/Jul/2020:09:38:50 +0800] "GET /xingrg/all/function/internal_message.html?_=1594258754478&CODE_STATE=getMsg HTTP/1.1" 200 27
114.88.170.9 - - [09/Jul/2020:09:38:50 +0800] "GET /xingrg/check_reg.html?_=1594258754476 HTTP/1.1" 200 22
117.184.7.26 - - [09/Jul/2020:09:38:53 +0800] "GET /xingrg/check_reg.html?_=1594258723575 HTTP/1.1" 200 22
117.184.7.30 - - [09/Jul/2020:09:38:53 +0800] "GET /xingrg/all/function/internal_message.html?_=1594258723578&CODE_STATE=getMsg HTTP/1.1" 200 27
114.89.80.44 - - [09/Jul/2020:09:38:56 +0800] "GET /xingrg/kc/buy/cgsh_order_add.html HTTP/1.1" 200 59187
114.89.80.44 - - [09/Jul/2020:09:38:56 +0800] "POST /xingrg/kc/buy/cgsh_order_operate.html HTTP/1.1" 200 8245
114.89.80.44 - - [09/Jul/2020:09:38:56 +0800] "GET /xingrg/javascript/easyui/themes/default/validatebox.css HTTP/1.1" 404 1104
117.131.5.26 - - [09/Jul/2020:09:38:56 +0800] "GET /xingrg/all/function/internal_message.html?_=1594259012573&CODE_STATE=getMsg HTTP/1.1" 200 27
114.88.170.9 - - [09/Jul/2020:09:38:57 +0800] "GET /xingrg/kc/buy/cgsh_order_operate.html?command=get_materiel&rest_code=00111&code=00101008101&supplier_code=00100005&order_time=2020-07-09 HTTP/1.1" 200 412
101.85.53.146 - - [09/Jul/2020:09:38:57 +0800] "GET /xingrg/all/function/internal_message.html?_=1594258121211&CODE_STATE=getMsg HTTP/1.1" 200 27
114.89.80.44 - - [09/Jul/2020:09:38:57 +0800] "GET /xingrg/javascript/auto/indicator.gif HTTP/1.1" 404 1066
114.88.170.9 - - [09/Jul/2020:09:38:59 +0800] "POST /xingrg/kc/buy/cgsh_order_operate.html HTTP/1.1" 200 2065
180.175.214.200 - - [09/Jul/2020:09:39:04 +0800] "GET /xingrg/kc/buy/cgsh_order_operate.html?command=get_materiel&rest_code=00102&code=00101007061&supplier_code=00100002&order_time=2020-07-09 HTTP/1.1" 200 409
114.86.190.97 - - [09/Jul/2020:09:39:05 +0800] "GET /xingrg/all/function/internal_message.html?_=1594258750437&CODE_STATE=getMsg HTTP/1.1" 200 27
114.89.80.44 - - [09/Jul/2020:09:39:07 +0800] "GET /xingrg/all/function/internal_message.html?_=1594258871446&CODE_STATE=getMsg HTTP/1.1" 200 27
114.86.190.97 - - [09/Jul/2020:09:39:08 +0800] "GET /xingrg/javascript/easyui/themes/default/images/button_plain_hover.png HTTP/1.1" 304 -
114.86.190.97 - - [09/Jul/2020:09:39:08 +0800] "GET /xingrg/javascript/easyui/themes/default/images/button_plain_hover.png HTTP/1.1" 304 -
114.86.190.97 - - [09/Jul/2020:09:39:09 +0800] "GET /xingrg/javascript/easyui/themes/default/images/button_plain_hover.png HTTP/1.1" 304 -
114.86.190.97 - - [09/Jul/2020:09:39:09 +0800] "GET /xingrg/javascript/easyui/themes/default/images/button_plain_hover.png HTTP/1.1" 304 -
114.86.190.97 - - [09/Jul/2020:09:39:09 +0800] "GET /xingrg/javascript/easyui/themes/default/images/button_plain_hover.png HTTP/1.1" 304 -
114.86.190.97 - - [09/Jul/2020:09:39:09 +0800] "GET /xingrg/javascript/easyui/themes/default/images/button_plain_hover.png HTTP/1.1" 304 -
114.86.190.97 - - [09/Jul/2020:09:39:09 +0800] "GET /xingrg/javascript/easyui/themes/default/images/button_plain_hover.png HTTP/1.1" 304 -
114.88.170.9 - - [09/Jul/2020:09:39:10 +0800] "GET /xingrg/kc/buy/cgsh_order_operate.html?command=get_materiel&rest_code=00111&code=00101008198&supplier_code=00100005&order_time=2020-07-09 HTTP/1.1" 200 413
114.86.190.97 - - [09/Jul/2020:09:39:11 +0800] "POST /xingrg/kc/buy/cgsh_order_operate.html HTTP/1.1" 200 37
114.86.190.97 - - [09/Jul/2020:09:39:12 +0800] "POST /xingrg/kc/buy/cgsh_order_operate.html HTTP/1.1" 200 5005
124.77.243.181 - - [09/Jul/2020:09:39:12 +0800] "GET /xingrg/all/function/internal_message.html?_=1594258763891&CODE_STATE=getMsg HTTP/1.1" 200 27
114.86.190.97 - - [09/Jul/2020:09:39:14 +0800] "GET /xingrg/kc/buy/cgsh_order_list.html HTTP/1.1" 200 43519
114.86.190.97 - - [09/Jul/2020:09:39:14 +0800] "GET /xingrg/css/site.css HTTP/1.1" 304 -
114.86.190.97 - - [09/Jul/2020:09:39:14 +0800] "GET /xingrg/javascript/jquery_tools/fix.css HTTP/1.1" 304 -
114.86.190.97 - - [09/Jul/2020:09:39:14 +0800] "GET /xingrg/javascript/jquery_tools/datebox.css HTTP/1.1" 304 -
114.86.190.97 - - [09/Jul/2020:09:39:14 +0800] "GET /xingrg/javascript/easyui/themes/default/easyui.css HTTP/1.1" 304 -
114.86.190.97 - - [09/Jul/2020:09:39:14 +0800] "GET /xingrg/javascript/jquery_tools/jquery.tools.min.js HTTP/1.1" 304 -
114.86.190.97 - - [09/Jul/2020:09:39:14 +0800] "GET /xingrg/javascript/easyui/themes/icon.css HTTP/1.1" 304 -
114.86.190.97 - - [09/Jul/2020:09:39:14 +0800] "GET /xingrg/javascript/auto/jquery.autocomplete.css HTTP/1.1" 304 -
114.86.190.97 - - [09/Jul/2020:09:39:14 +0800] "GET /xingrg/css/base.css HTTP/1.1" 304 -
114.86.190.97 - - [09/Jul/2020:09:39:14 +0800] "GET /xingrg/javascript/jquery_tools/table.css HTTP/1.1" 304 -
114.86.190.97 - - [09/Jul/2020:09:39:14 +0800] "GET /xingrg/javascript/jquery_tools/jquery.tools.extend.js HTTP/1.1" 304 -
114.86.190.97 - - [09/Jul/2020:09:39:14 +0800] "GET /xingrg/javascript/auto/jquery.autocomplete.js HTTP/1.1" 304 -
114.86.190.97 - - [09/Jul/2020:09:39:14 +0800] "GET /xingrg/javascript/jquery_tools/jquery.tools.hotkey.js HTTP/1.1" 304 -
114.86.190.97 - - [09/Jul/2020:09:39:14 +0800] "GET /xingrg/javascript/jquery_tools/list_manager.js HTTP/1.1" 304 -
114.86.190.97 - - [09/Jul/2020:09:39:14 +0800] "GET /xingrg/javascript/jquery_tools/jquery.tools.table.js HTTP/1.1" 304 -
114.86.190.97 - - [09/Jul/2020:09:39:14 +0800] "GET /xingrg/javascript/easyui/easyloader.js HTTP/1.1" 304 -
114.86.190.97 - - [09/Jul/2020:09:39:14 +0800] "GET /xingrg/javascript/jquery.cookie.js HTTP/1.1" 304 -
114.86.190.97 - - [09/Jul/2020:09:39:14 +0800] "GET /xingrg/javascript/jquery.utils.js HTTP/1.1" 304 -
114.86.190.97 - - [09/Jul/2020:09:39:14 +0800] "GET /xingrg/javascript/print/LodopFuncs.js HTTP/1.1" 304 -
114.86.190.97 - - [09/Jul/2020:09:39:14 +0800] "GET /xingrg/javascript/easyui/plugins/jquery.parser.js HTTP/1.1" 304 -
114.86.190.97 - - [09/Jul/2020:09:39:15 +0800] "POST /xingrg/kc/buy/cgsh_list_operate.html HTTP/1.1" 200 2737
120.253.135.82 - - [09/Jul/2020:09:39:16 +0800] "GET /xingrg/check_reg.html?_=1594258880028 HTTP/1.1" 200 22
114.86.190.97 - - [09/Jul/2020:09:39:16 +0800] "GET /xingrg/javascript/easyui/themes/default/images/button_plain_hover.png HTTP/1.1" 304 -
114.86.190.97 - - [09/Jul/2020:09:39:16 +0800] "GET /xingrg/javascript/easyui/themes/default/images/button_plain_hover.png HTTP/1.1" 304 -
114.86.190.97 - - [09/Jul/2020:09:39:16 +0800] "GET /xingrg/javascript/easyui/themes/default/images/button_plain_hover.png HTTP/1.1" 304 -
114.86.190.97 - - [09/Jul/2020:09:39:16 +0800] "GET /xingrg/javascript/easyui/themes/default/images/button_plain_hover.png HTTP/1.1" 304 -
114.86.190.97 - - [09/Jul/2020:09:39:16 +0800] "GET /xingrg/javascript/easyui/themes/default/images/button_plain_hover.png HTTP/1.1" 304 -
114.86.190.97 - - [09/Jul/2020:09:39:17 +0800] "GET /xingrg/javascript/easyui/themes/default/images/button_plain_hover.png HTTP/1.1" 304 -
114.88.170.9 - - [09/Jul/2020:09:39:17 +0800] "GET /xingrg/kc/buy/cgsh_order_operate.html?command=get_materiel&rest_code=00111&code=00101008110&supplier_code=00100005&order_time=2020-07-09 HTTP/1.1" 200 408
180.175.214.200 - - [09/Jul/2020:09:39:17 +0800] "GET /xingrg/kc/buy/cgsh_order_operate.html?command=get_materiel&rest_code=00102&code=00101007081&supplier_code=00100002&order_time=2020-07-09 HTTP/1.1" 200 413
114.86.190.97 - - [09/Jul/2020:09:39:18 +0800] "GET /xingrg/css/base.css HTTP/1.1" 304 -
114.86.190.97 - - [09/Jul/2020:09:39:18 +0800] "GET /xingrg/javascript/jquery_tools/datebox.css HTTP/1.1" 304 -
114.86.190.97 - - [09/Jul/2020:09:39:18 +0800] "GET /xingrg/css/site.css HTTP/1.1" 304 -
114.86.190.97 - - [09/Jul/2020:09:39:18 +0800] "GET /xingrg/javascript/easyui/themes/default/easyui.css HTTP/1.1" 304 -
114.86.190.97 - - [09/Jul/2020:09:39:18 +0800] "GET /xingrg/javascript/easyui/themes/icon.css HTTP/1.1" 304 -
114.86.190.97 - - [09/Jul/2020:09:39:18 +0800] "GET /xingrg/javascript/auto/jquery.autocomplete.css HTTP/1.1" 304 -
114.86.190.97 - - [09/Jul/2020:09:39:18 +0800] "GET /xingrg/javascript/jquery_tools/fix.css HTTP/1.1" 304 -
114.86.190.97 - - [09/Jul/2020:09:39:18 +0800] "GET /xingrg/javascript/jquery_tools/jquery.tools.min.js HTTP/1.1" 304 -
114.86.190.97 - - [09/Jul/2020:09:39:18 +0800] "GET /xingrg/javascript/jquery_tools/jquery.tools.extend.js HTTP/1.1" 304 -
114.86.190.97 - - [09/Jul/2020:09:39:18 +0800] "GET /xingrg/javascript/jquery_tools/jquery.tools.hotkey.js HTTP/1.1" 304 -
114.86.190.97 - - [09/Jul/2020:09:39:18 +0800] "GET /xingrg/javascript/jquery_tools/jquery.tools.table.js HTTP/1.1" 304 -
114.86.190.97 - - [09/Jul/2020:09:39:18 +0800] "GET /xingrg/javascript/auto/jquery.autocomplete.js HTTP/1.1" 304 -
114.86.190.97 - - [09/Jul/2020:09:39:18 +0800] "GET /xingrg/javascript/jquery_tools/order_manager.js HTTP/1.1" 304 -
114.86.190.97 - - [09/Jul/2020:09:39:18 +0800] "GET /xingrg/javascript/easyui/easyloader.js HTTP/1.1" 304 -
114.86.190.97 - - [09/Jul/2020:09:39:18 +0800] "GET /xingrg/javascript/convert.js HTTP/1.1" 304 -
114.86.190.97 - - [09/Jul/2020:09:39:18 +0800] "GET /xingrg/javascript/json2.js HTTP/1.1" 304 -
114.86.190.97 - - [09/Jul/2020:09:39:18 +0800] "GET /xingrg/javascript/print/LodopFuncs.js HTTP/1.1" 304 -
114.86.190.97 - - [09/Jul/2020:09:39:18 +0800] "GET /xingrg/javascript/jquery_tools/table.css HTTP/1.1" 304 -
114.86.190.97 - - [09/Jul/2020:09:39:18 +0800] "GET /xingrg/javascript/pic_change.js HTTP/1.1" 304 -
114.86.190.97 - - [09/Jul/2020:09:39:18 +0800] "GET /xingrg/javascript/jquery.cookie.js HTTP/1.1" 304 -
114.86.190.97 - - [09/Jul/2020:09:39:18 +0800] "GET /xingrg/javascript/jquery.utils.js HTTP/1.1" 304 -
114.86.190.97 - - [09/Jul/2020:09:39:18 +0800] "GET /xingrg/javascript/print/kc_print.js HTTP/1.1" 304 -
114.86.190.97 - - [09/Jul/2020:09:39:18 +0800] "GET /xingrg/kc/buy/cgsh_order_add.html HTTP/1.1" 200 59251
114.86.190.97 - - [09/Jul/2020:09:39:18 +0800] "GET /xingrg/words/20200708181253_words.js HTTP/1.1" 304 -
114.86.190.97 - - [09/Jul/2020:09:39:19 +0800] "GET /xingrg/javascript/easyui/plugins/jquery.parser.js HTTP/1.1" 304 -
114.86.190.97 - - [09/Jul/2020:09:39:19 +0800] "POST /xingrg/kc/buy/cgsh_order_operate.html HTTP/1.1" 200 8245
114.86.190.97 - - [09/Jul/2020:09:39:19 +0800] "GET /xingrg/all/common/auto_word.html?type=employee&rest_code=00148 HTTP/1.1" 200 147
114.86.190.97 - - [09/Jul/2020:09:39:19 +0800] "GET /xingrg/all/common/auto_word.html?type=employee&rest_code=00148 HTTP/1.1" 200 147
114.86.190.97 - - [09/Jul/2020:09:39:19 +0800] "GET /xingrg/javascript/easyui/themes/default/validatebox.css HTTP/1.1" 404 1104
114.86.190.97 - - [09/Jul/2020:09:39:19 +0800] "GET /xingrg/javascript/easyui/plugins/jquery.validatebox.js HTTP/1.1" 304 -
114.86.190.97 - - [09/Jul/2020:09:39:19 +0800] "GET /xingrg/javascript/easyui/plugins/jquery.numberbox.js HTTP/1.1" 304 -
114.86.190.97 - - [09/Jul/2020:09:39:23 +0800] "GET /xingrg/javascript/jquery_tools/jquery.tools.min.js HTTP/1.1" 304 -
114.86.190.97 - - [09/Jul/2020:09:39:23 +0800] "GET /xingrg/javascript/jquery_tools/jquery.tools.extend.js HTTP/1.1" 304 -
114.86.190.97 - - [09/Jul/2020:09:39:23 +0800] "GET /xingrg/javascript/jquery_tools/jquery.tools.hotkey.js HTTP/1.1" 304 -
114.86.190.97 - - [09/Jul/2020:09:39:23 +0800] "GET /xingrg/javascript/jquery_tools/order_manager.js HTTP/1.1" 304 -
114.86.190.97 - - [09/Jul/2020:09:39:23 +0800] "GET /xingrg/javascript/auto/jquery.autocomplete.js HTTP/1.1" 304 -
114.86.190.97 - - [09/Jul/2020:09:39:23 +0800] "GET /xingrg/javascript/jquery_tools/jquery.tools.table.js HTTP/1.1" 304 -
114.86.190.97 - - [09/Jul/2020:09:39:23 +0800] "GET /xingrg/javascript/convert.js HTTP/1.1" 304 -
114.86.190.97 - - [09/Jul/2020:09:39:23 +0800] "GET /xingrg/javascript/easyui/easyloader.js HTTP/1.1" 304 -
114.86.190.97 - - [09/Jul/2020:09:39:23 +0800] "GET /xingrg/javascript/pic_change.js HTTP/1.1" 304 -
114.86.190.97 - - [09/Jul/2020:09:39:23 +0800] "GET /xingrg/javascript/print/kc_print.js HTTP/1.1" 304 -
114.86.190.97 - - [09/Jul/2020:09:39:23 +0800] "GET /xingrg/javascript/jquery.cookie.js HTTP/1.1" 304 -
114.86.190.97 - - [09/Jul/2020:09:39:23 +0800] "GET /xingrg/javascript/jquery.utils.js HTTP/1.1" 304 -
114.86.190.97 - - [09/Jul/2020:09:39:23 +0800] "GET /xingrg/javascript/print/LodopFuncs.js HTTP/1.1" 304 -
114.86.190.97 - - [09/Jul/2020:09:39:23 +0800] "GET /xingrg/javascript/easyui/plugins/jquery.parser.js HTTP/1.1" 304 -
114.86.190.97 - - [09/Jul/2020:09:39:23 +0800] "GET /xingrg/javascript/easyui/plugins/jquery.validatebox.js HTTP/1.1" 304 -
114.86.190.97 - - [09/Jul/2020:09:39:23 +0800] "GET /xingrg/words/20200708181253_words.js HTTP/1.1" 304 -
114.86.190.97 - - [09/Jul/2020:09:39:23 +0800] "GET /xingrg/javascript/json2.js HTTP/1.1" 304 -
114.86.190.97 - - [09/Jul/2020:09:39:23 +0800] "GET /xingrg/javascript/easyui/plugins/jquery.numberbox.js HTTP/1.1" 304 -
114.88.170.9 - - [09/Jul/2020:09:39:24 +0800] "GET /xingrg/kc/buy/cgsh_order_operate.html?command=get_materiel&rest_code=00111&code=00101008298&supplier_code=00100005&order_time=2020-07-09 HTTP/1.1" 200 412
61.172.5.115 - - [09/Jul/2020:09:39:24 +0800] "GET /xingrg/all/function/internal_message.html?_=1594258765004&CODE_STATE=getMsg HTTP/1.1" 200 27
172.17.200.101 - - [09/Jul/2020:09:39:25 +0800] "GET /xingrg/all/function/internal_message.html?_=1594258764992&CODE_STATE=getMsg HTTP/1.1" 200 27
114.86.190.97 - - [09/Jul/2020:09:39:25 +0800] "GET /xingrg/all/function/internal_message.html?_=1594258766469&CODE_STATE=getMsg HTTP/1.1" 200 27
114.86.190.97 - - [09/Jul/2020:09:39:25 +0800] "GET /xingrg/check_reg.html?_=1594258766471 HTTP/1.1" 200 22
114.88.156.166 - - [09/Jul/2020:09:39:29 +0800] "GET /xingrg/all/function/internal_message.html?_=1594258761324&CODE_STATE=getMsg HTTP/1.1" 200 27
180.175.214.200 - - [09/Jul/2020:09:39:29 +0800] "GET /xingrg/kc/buy/cgsh_order_operate.html?command=get_materiel&rest_code=00102&code=00101007049&supplier_code=00100002&order_time=2020-07-09 HTTP/1.1" 200 409
114.88.170.9 - - [09/Jul/2020:09:39:30 +0800] "GET /xingrg/kc/buy/cgsh_order_operate.html?command=get_materiel&rest_code=00111&code=00101009030&supplier_code=00100005&order_time=2020-07-09 HTTP/1.1" 200 412
114.89.80.44 - - [09/Jul/2020:09:39:34 +0800] "GET /xingrg/kc/buy/cgsh_order_operate.html?command=get_materiel&rest_code=00150&code=00101006129&supplier_code=00100012&order_time=2020-07-09 HTTP/1.1" 200 431
114.89.80.44 - - [09/Jul/2020:09:39:35 +0800] "GET /xingrg/all/function/internal_message.html?_=1594258773905&CODE_STATE=getMsg HTTP/1.1" 200 27
180.175.214.200 - - [09/Jul/2020:09:39:36 +0800] "GET /xingrg/all/function/internal_message.html?_=1594258979342&CODE_STATE=getMsg HTTP/1.1" 200 27
114.88.170.9 - - [09/Jul/2020:09:39:37 +0800] "POST /xingrg/kc/buy/cgsh_order_operate.html HTTP/1.1" 200 2065
114.88.170.9 - - [09/Jul/2020:09:39:38 +0800] "GET /xingrg/check_reg.html?_=1594258775071 HTTP/1.1" 200 22
180.175.214.200 - - [09/Jul/2020:09:39:42 +0800] "GET /xingrg/kc/buy/cgsh_order_operate.html?command=get_materiel&rest_code=00102&code=00101007034&supplier_code=00100002&order_time=2020-07-09 HTTP/1.1" 200 408
114.88.170.9 - - [09/Jul/2020:09:39:42 +0800] "GET /xingrg/all/function/internal_message.html?_=1594258779292&CODE_STATE=getMsg HTTP/1.1" 200 27
124.77.243.181 - - [09/Jul/2020:09:39:43 +0800] "GET /xingrg/all/function/internal_message.html?_=1594258793828&CODE_STATE=getMsg HTTP/1.1" 200 27
172.17.0.101 - - [09/Jul/2020:09:39:44 +0800] "GET /xingrg/all/function/internal_message.html?_=1594258782019&CODE_STATE=getMsg HTTP/1.1" 200 27
114.86.190.97 - - [09/Jul/2020:09:39:44 +0800] "GET /xingrg/kc/buy/cgsh_order_operate.html?command=get_materiel&rest_code=00148&code=00101008244&supplier_code=00100007&order_time=2020-07-09 HTTP/1.1" 200 408
116.230.77.149 - - [09/Jul/2020:09:39:45 +0800] "GET /xingrg/all/function/internal_message.html?_=1594258777084&CODE_STATE=getMsg HTTP/1.1" 200 27
172.17.0.104 - - [09/Jul/2020:09:39:46 +0800] "GET /xingrg/all/function/internal_message.html?_=1594258792827&CODE_STATE=getMsg HTTP/1.1" 302 -
114.89.80.44 - - [09/Jul/2020:09:39:46 +0800] "GET /xingrg/kc/buy/cgsh_order_operate.html?command=get_materiel&rest_code=00150&code=00101006124&supplier_code=00100012&order_time=2020-07-09 HTTP/1.1" 200 409
114.88.170.9 - - [09/Jul/2020:09:39:48 +0800] "GET /xingrg/kc/buy/cgsh_order_operate.html?command=get_materiel&rest_code=00111&code=00101008223&supplier_code=00100005&order_time=2020-07-09 HTTP/1.1" 200 412
180.175.214.200 - - [09/Jul/2020:09:39:48 +0800] "GET /xingrg/kc/buy/cgsh_order_operate.html?command=get_materiel&rest_code=00102&code=00101007076&supplier_code=00100002&order_time=2020-07-09 HTTP/1.1" 200 408
114.88.170.9 - - [09/Jul/2020:09:39:50 +0800] "GET /xingrg/all/function/internal_message.html?_=1594258814468&CODE_STATE=getMsg HTTP/1.1" 200 27
114.86.190.97 - - [09/Jul/2020:09:39:51 +0800] "GET /xingrg/kc/buy/cgsh_order_operate.html?command=get_materiel&rest_code=00148&code=00101008354&supplier_code=00100007&order_time=2020-07-09 HTTP/1.1" 200 412
117.184.7.30 - - [09/Jul/2020:09:39:53 +0800] "GET /xingrg/all/function/internal_message.html?_=1594258783578&CODE_STATE=getMsg HTTP/1.1" 200 27
114.88.170.9 - - [09/Jul/2020:09:39:54 +0800] "GET /xingrg/kc/buy/cgsh_order_operate.html?command=get_materiel&rest_code=00111&code=00101008236&supplier_code=00100005&order_time=2020-07-09 HTTP/1.1" 200 416
114.86.190.97 - - [09/Jul/2020:09:39:55 +0800] "GET /xingrg/kc/buy/cgsh_order_operate.html?command=get_materiel&rest_code=00148&code=00101008186&supplier_code=00100007&order_time=2020-07-09 HTTP/1.1" 200 408
114.89.80.44 - - [09/Jul/2020:09:39:55 +0800] "GET /xingrg/kc/buy/cgsh_order_operate.html?command=get_materiel&rest_code=00150&code=00101006184&supplier_code=00100012&order_time=2020-07-09 HTTP/1.1" 200 408
