172.17.0.120 - - [09/Jul/2020:10:33:03 +0800] "GET /xingrg/javascript/jquery_ui/themes/humanity/images/ui-icons_c47a23_256x240.png HTTP/1.1" 200 5355
172.17.0.120 - - [09/Jul/2020:10:33:03 +0800] "GET /xingrg/images/yd/bt.gif HTTP/1.1" 404 1040
172.17.0.120 - - [09/Jul/2020:10:33:03 +0800] "GET /xingrg/kc/buy/cgsh_order_list.html HTTP/1.1" 200 43748
172.17.0.120 - - [09/Jul/2020:10:33:03 +0800] "GET /xingrg/css/base.css HTTP/1.1" 200 2811
172.17.0.120 - - [09/Jul/2020:10:33:03 +0800] "GET /xingrg/css/site.css HTTP/1.1" 200 7541
172.17.0.120 - - [09/Jul/2020:10:33:03 +0800] "GET /xingrg/javascript/jquery_tools/datebox.css HTTP/1.1" 200 2597
172.17.0.120 - - [09/Jul/2020:10:33:03 +0800] "GET /xingrg/javascript/easyui/themes/default/easyui.css HTTP/1.1" 200 30432
172.17.0.120 - - [09/Jul/2020:10:33:03 +0800] "GET /xingrg/javascript/easyui/themes/icon.css HTTP/1.1" 200 4483
172.17.0.120 - - [09/Jul/2020:10:33:03 +0800] "GET /xingrg/javascript/auto/jquery.autocomplete.css HTTP/1.1" 200 587
172.17.0.120 - - [09/Jul/2020:10:33:03 +0800] "GET /xingrg/javascript/jquery_tools/fix.css HTTP/1.1" 200 1702
172.17.0.120 - - [09/Jul/2020:10:33:03 +0800] "GET /xingrg/javascript/jquery_tools/table.css HTTP/1.1" 200 1032
172.17.0.120 - - [09/Jul/2020:10:33:03 +0800] "GET /xingrg/javascript/jquery_tools/jquery.tools.min.js HTTP/1.1" 200 138801
172.17.0.120 - - [09/Jul/2020:10:33:03 +0800] "GET /xingrg/javascript/jquery_tools/jquery.tools.extend.js HTTP/1.1" 200 15385
172.17.0.120 - - [09/Jul/2020:10:33:03 +0800] "GET /xingrg/javascript/jquery_tools/jquery.tools.hotkey.js HTTP/1.1" 200 3242
172.17.0.120 - - [09/Jul/2020:10:33:03 +0800] "GET /xingrg/javascript/jquery_tools/jquery.tools.table.js HTTP/1.1" 200 6994
172.17.0.120 - - [09/Jul/2020:10:33:03 +0800] "GET /xingrg/javascript/jquery_tools/list_manager.js HTTP/1.1" 200 3652
172.17.0.120 - - [09/Jul/2020:10:33:03 +0800] "GET /xingrg/javascript/auto/jquery.autocomplete.js HTTP/1.1" 200 21624
172.17.0.120 - - [09/Jul/2020:10:33:03 +0800] "GET /xingrg/javascript/easyui/easyloader.js HTTP/1.1" 200 5975
172.17.0.120 - - [09/Jul/2020:10:33:03 +0800] "GET /xingrg/javascript/jquery.cookie.js HTTP/1.1" 200 5513
172.17.0.120 - - [09/Jul/2020:10:33:03 +0800] "GET /xingrg/javascript/print/LodopFuncs.js HTTP/1.1" 200 5121
61.172.5.115 - - [09/Jul/2020:10:33:04 +0800] "GET /xingrg/all/function/internal_message.html?_=1594261984568&CODE_STATE=getMsg HTTP/1.1" 200 27
172.17.0.120 - - [09/Jul/2020:10:33:04 +0800] "GET /xingrg/javascript/easyui/themes/icons/edit_add_new.png HTTP/1.1" 200 2997
172.17.0.120 - - [09/Jul/2020:10:33:04 +0800] "GET /xingrg/javascript/easyui/themes/icons/cance_new.png HTTP/1.1" 200 3986
172.17.0.120 - - [09/Jul/2020:10:33:04 +0800] "GET /xingrg/javascript/easyui/themes/icons/check_new.png HTTP/1.1" 200 3224
172.17.0.120 - - [09/Jul/2020:10:33:04 +0800] "GET /xingrg/javascript/easyui/themes/icons/uncheck_new.png HTTP/1.1" 200 3197
172.17.0.120 - - [09/Jul/2020:10:33:04 +0800] "GET /xingrg/javascript/easyui/themes/icons/field_new.png HTTP/1.1" 200 1097
172.17.0.120 - - [09/Jul/2020:10:33:04 +0800] "GET /xingrg/javascript/easyui/themes/icons/import_new.png HTTP/1.1" 200 1247
172.17.0.120 - - [09/Jul/2020:10:33:04 +0800] "GET /xingrg/javascript/easyui/plugins/jquery.parser.js HTTP/1.1" 200 1142
172.17.0.120 - - [09/Jul/2020:10:33:04 +0800] "POST /xingrg/kc/buy/cgsh_list_operate.html HTTP/1.1" 200 876
172.17.0.120 - - [09/Jul/2020:10:33:06 +0800] "GET /xingrg/javascript/jquery_tools/images/next.gif HTTP/1.1" 404 1086
172.17.0.120 - - [09/Jul/2020:10:33:06 +0800] "GET /xingrg/javascript/jquery_tools/images/prev.gif HTTP/1.1" 404 1086
114.86.190.97 - - [09/Jul/2020:10:33:07 +0800] "GET /xingrg/all/function/internal_message.html?_=1594261992832&CODE_STATE=getMsg HTTP/1.1" 200 27
101.85.53.146 - - [09/Jul/2020:10:33:07 +0800] "GET /xingrg/all/function/internal_message.html?_=1594261371515&CODE_STATE=getMsg HTTP/1.1" 200 27
116.230.77.149 - - [09/Jul/2020:10:33:08 +0800] "GET /xingrg/kc/buy/cgsh_order_operate.html?command=get_materiel&rest_code=00107&code=00101006038&supplier_code=00100342&order_time=2020-07-09 HTTP/1.1" 200 421
114.89.80.44 - - [09/Jul/2020:10:33:09 +0800] "GET /xingrg/all/function/internal_message.html?_=1594261988054&CODE_STATE=getMsg HTTP/1.1" 200 27
114.89.80.44 - - [09/Jul/2020:10:33:12 +0800] "GET /xingrg/all/function/internal_message.html?_=1594262116001&CODE_STATE=getMsg HTTP/1.1" 200 27
172.17.0.120 - - [09/Jul/2020:10:33:15 +0800] "GET /xingrg/javascript/auto/indicator.gif HTTP/1.1" 404 1066
114.86.190.97 - - [09/Jul/2020:10:33:15 +0800] "POST /xingrg/services/DataTransmitService HTTP/1.1" 200 524
124.77.243.181 - - [09/Jul/2020:10:33:15 +0800] "GET /xingrg/all/function/internal_message.html?_=1594262007338&CODE_STATE=getMsg HTTP/1.1" 200 27
172.17.0.120 - - [09/Jul/2020:10:33:19 +0800] "POST /xingrg/kc/buy/cgsh_list_operate.html HTTP/1.1" 200 2060
114.86.190.97 - - [09/Jul/2020:10:33:20 +0800] "POST /xingrg/services/DataTransmitService HTTP/1.1" 200 501
114.86.190.97 - - [09/Jul/2020:10:33:23 +0800] "POST /xingrg/services/DataTransmitService HTTP/1.1" 200 524
114.86.190.97 - - [09/Jul/2020:10:33:23 +0800] "POST /xingrg/services/DataTransmitService HTTP/1.1" 200 501
172.17.200.101 - - [09/Jul/2020:10:33:25 +0800] "GET /xingrg/all/function/internal_message.html?_=1594262005149&CODE_STATE=getMsg HTTP/1.1" 200 27
116.230.77.149 - - [09/Jul/2020:10:33:26 +0800] "POST /xingrg/kc/buy/cgsh_order_operate.html HTTP/1.1" 200 37
114.88.156.166 - - [09/Jul/2020:10:33:28 +0800] "GET /xingrg/all/function/internal_message.html?_=1594262000140&CODE_STATE=getMsg HTTP/1.1" 200 27
116.230.77.149 - - [09/Jul/2020:10:33:28 +0800] "POST /xingrg/kc/buy/cgsh_order_operate.html HTTP/1.1" 200 2666
116.230.77.149 - - [09/Jul/2020:10:33:29 +0800] "GET /xingrg/kc/print/load_data.html?order_code=212020070903390&kc_code=cgsh&condition= HTTP/1.1" 200 685
180.175.214.200 - - [09/Jul/2020:10:33:32 +0800] "GET /xingrg/all/function/internal_message.html?_=1594262011330&CODE_STATE=getMsg HTTP/1.1" 200 27
116.230.77.149 - - [09/Jul/2020:10:33:35 +0800] "GET /xingrg/kc/buy/cgsh_order_add.html HTTP/1.1" 200 59298
116.230.77.149 - - [09/Jul/2020:10:33:36 +0800] "GET /xingrg/javascript/easyui/themes/default/validatebox.css HTTP/1.1" 404 1104
116.230.77.149 - - [09/Jul/2020:10:33:36 +0800] "POST /xingrg/kc/buy/cgsh_order_operate.html HTTP/1.1" 200 8245
180.175.214.200 - - [09/Jul/2020:10:33:41 +0800] "GET /xingrg/all/function/internal_message.html?_=1594262224695&CODE_STATE=getMsg HTTP/1.1" 200 27
116.230.77.149 - - [09/Jul/2020:10:33:43 +0800] "GET /xingrg/check_reg.html?_=1594262015368 HTTP/1.1" 200 22
116.230.77.149 - - [09/Jul/2020:10:33:44 +0800] "GET /xingrg/all/function/internal_message.html?_=1594262016627&CODE_STATE=getMsg HTTP/1.1" 200 27
172.17.0.101 - - [09/Jul/2020:10:33:44 +0800] "GET /xingrg/all/function/internal_message.html?_=1594262022264&CODE_STATE=getMsg HTTP/1.1" 200 27
172.17.0.101 - - [09/Jul/2020:10:33:44 +0800] "GET /xingrg/check_reg.html?_=1594262022266 HTTP/1.1" 200 22
124.77.243.181 - - [09/Jul/2020:10:33:46 +0800] "GET /xingrg/all/function/internal_message.html?_=1594262036423&CODE_STATE=getMsg HTTP/1.1" 200 27
114.88.170.9 - - [09/Jul/2020:10:33:46 +0800] "GET /xingrg/all/function/internal_message.html?_=1594262022483&CODE_STATE=getMsg HTTP/1.1" 200 27
116.232.51.172 - - [09/Jul/2020:10:33:46 +0800] "GET /xingrg/all/function/internal_message.html?_=1594262055234&CODE_STATE=getMsg HTTP/1.1" 200 27
172.17.0.104 - - [09/Jul/2020:10:33:47 +0800] "GET /xingrg/all/function/internal_message.html?_=1594262033788&CODE_STATE=getMsg HTTP/1.1" 302 -
117.184.7.26 - - [09/Jul/2020:10:33:49 +0800] "GET /xingrg/all/function/internal_message.html?_=1594262022776&CODE_STATE=getMsg HTTP/1.1" 200 27
117.184.7.26 - - [09/Jul/2020:10:33:53 +0800] "GET /xingrg/all/function/internal_message.html?_=1594262023681&CODE_STATE=getMsg HTTP/1.1" 200 27
117.184.7.26 - - [09/Jul/2020:10:33:53 +0800] "GET /xingrg/check_reg.html?_=1594262023684 HTTP/1.1" 200 22
117.185.32.26 - - [09/Jul/2020:10:33:56 +0800] "GET /xingrg/all/function/internal_message.html?_=1594262464301&CODE_STATE=getMsg HTTP/1.1" 200 27
117.185.32.26 - - [09/Jul/2020:10:33:56 +0800] "GET /xingrg/check_reg.html?_=1594262464302 HTTP/1.1" 200 22
117.131.5.26 - - [09/Jul/2020:10:33:57 +0800] "GET /xingrg/all/function/internal_message.html?_=1594262314001&CODE_STATE=getMsg HTTP/1.1" 200 27
114.88.170.9 - - [09/Jul/2020:10:33:58 +0800] "GET /xingrg/all/function/internal_message.html?_=1594262062073&CODE_STATE=getMsg HTTP/1.1" 200 27
114.88.170.9 - - [09/Jul/2020:10:33:58 +0800] "POST /xingrg/services/DataTransmitService HTTP/1.1" 401 565
114.88.170.9 - - [09/Jul/2020:10:33:58 +0800] "POST /xingrg/services/DataTransmitService HTTP/1.1" 200 478
114.88.170.9 - - [09/Jul/2020:10:33:58 +0800] "POST /xingrg/services/DataTransmitService HTTP/1.1" 200 1320
114.88.170.9 - - [09/Jul/2020:10:33:58 +0800] "POST /xingrg/services/DataTransmitService HTTP/1.1" 200 478
222.69.134.120 - - [09/Jul/2020:10:33:58 +0800] "GET /xingrg/all/function/internal_message.html?_=1594262030447&CODE_STATE=getMsg HTTP/1.1" 200 27
114.88.170.9 - - [09/Jul/2020:10:33:58 +0800] "POST /xingrg/services/DataTransmitService HTTP/1.1" 200 1320
114.88.170.9 - - [09/Jul/2020:10:33:58 +0800] "POST /xingrg/services/DataTransmitService HTTP/1.1" 200 524
114.88.170.9 - - [09/Jul/2020:10:33:58 +0800] "POST /xingrg/services/DataTransmitService HTTP/1.1" 200 2479
114.88.170.9 - - [09/Jul/2020:10:33:58 +0800] "POST /xingrg/services/DataTransmitService HTTP/1.1" 200 2247
114.88.170.9 - - [09/Jul/2020:10:33:59 +0800] "POST /xingrg/services/DataTransmitService HTTP/1.1" 200 1451
172.17.0.120 - - [09/Jul/2020:10:34:00 +0800] "GET /xingrg/all/function/internal_message.html?_=1594262037766&CODE_STATE=getMsg HTTP/1.1" 200 27
172.17.0.185 - - [09/Jul/2020:10:34:01 +0800] "GET /xingrg/all/function/internal_message.html?_=1594262037951&CODE_STATE=getMsg HTTP/1.1" 200 27
61.172.5.115 - - [09/Jul/2020:10:34:04 +0800] "GET /xingrg/check_reg.html?_=1594262044553 HTTP/1.1" 200 22
61.172.5.115 - - [09/Jul/2020:10:34:04 +0800] "GET /xingrg/all/function/internal_message.html?_=1594262044552&CODE_STATE=getMsg HTTP/1.1" 200 27
114.88.170.9 - - [09/Jul/2020:10:34:05 +0800] "POST /xingrg/services/DataTransmitService HTTP/1.1" 200 166775
101.85.53.146 - - [09/Jul/2020:10:34:07 +0800] "GET /xingrg/javascript/jquery_easy_ui/themes/default/images/tabs_active.png HTTP/1.1" 200 2894
114.86.190.97 - - [09/Jul/2020:10:34:07 +0800] "GET /xingrg/all/function/internal_message.html?_=1594262052838&CODE_STATE=getMsg HTTP/1.1" 200 27
101.85.53.146 - - [09/Jul/2020:10:34:07 +0800] "GET /xingrg/all/function/internal_message.html?_=1594261431515&CODE_STATE=getMsg HTTP/1.1" 200 27
101.85.53.146 - - [09/Jul/2020:10:34:09 +0800] "GET /xingrg/javascript/jquery_easy_ui/themes/default/images/tabs_close.gif HTTP/1.1" 200 829
101.85.53.146 - - [09/Jul/2020:10:34:09 +0800] "GET /xingrg/css/base.css HTTP/1.1" 200 2811
101.85.53.146 - - [09/Jul/2020:10:34:09 +0800] "GET /xingrg/javascript/jquery_tools/datebox.css HTTP/1.1" 200 2597
101.85.53.146 - - [09/Jul/2020:10:34:09 +0800] "GET /xingrg/javascript/auto/jquery.autocomplete.css HTTP/1.1" 200 587
101.85.53.146 - - [09/Jul/2020:10:34:09 +0800] "GET /xingrg/css/site.css HTTP/1.1" 200 7541
101.85.53.146 - - [09/Jul/2020:10:34:09 +0800] "GET /xingrg/javascript/easyui/themes/icon.css HTTP/1.1" 200 4483
101.85.53.146 - - [09/Jul/2020:10:34:09 +0800] "GET /xingrg/javascript/jquery_tools/fix.css HTTP/1.1" 200 1702
101.85.53.146 - - [09/Jul/2020:10:34:09 +0800] "GET /xingrg/javascript/jquery_tools/jquery.tools.min.js HTTP/1.1" 200 138801
101.85.53.146 - - [09/Jul/2020:10:34:09 +0800] "GET /xingrg/javascript/jquery_tools/table.css HTTP/1.1" 200 1032
101.85.53.146 - - [09/Jul/2020:10:34:09 +0800] "GET /xingrg/javascript/jquery_tools/jquery.tools.hotkey.js HTTP/1.1" 200 3242
101.85.53.146 - - [09/Jul/2020:10:34:09 +0800] "GET /xingrg/javascript/jquery_tools/jquery.tools.table.js HTTP/1.1" 200 6994
101.85.53.146 - - [09/Jul/2020:10:34:09 +0800] "GET /xingrg/javascript/jquery_tools/list_manager.js HTTP/1.1" 200 3652
101.85.53.146 - - [09/Jul/2020:10:34:09 +0800] "GET /xingrg/kc/buy/cgsh_order_list.html HTTP/1.1" 200 43519
101.85.53.146 - - [09/Jul/2020:10:34:09 +0800] "GET /xingrg/javascript/easyui/easyloader.js HTTP/1.1" 200 5975
101.85.53.146 - - [09/Jul/2020:10:34:09 +0800] "GET /xingrg/javascript/jquery.cookie.js HTTP/1.1" 200 5513
101.85.53.146 - - [09/Jul/2020:10:34:09 +0800] "GET /xingrg/javascript/print/LodopFuncs.js HTTP/1.1" 200 5121
114.89.80.44 - - [09/Jul/2020:10:34:09 +0800] "GET /xingrg/all/function/internal_message.html?_=1594262048053&CODE_STATE=getMsg HTTP/1.1" 200 27
101.85.53.146 - - [09/Jul/2020:10:34:10 +0800] "GET /xingrg/javascript/jquery_tools/jquery.tools.extend.js HTTP/1.1" 200 15385
101.85.53.146 - - [09/Jul/2020:10:34:10 +0800] "GET /xingrg/javascript/easyui/themes/default/easyui.css HTTP/1.1" 200 30432
101.85.53.146 - - [09/Jul/2020:10:34:10 +0800] "GET /xingrg/javascript/auto/jquery.autocomplete.js HTTP/1.1" 200 21624
101.85.53.146 - - [09/Jul/2020:10:34:10 +0800] "GET /xingrg/javascript/easyui/themes/icons/edit_add_new.png HTTP/1.1" 200 2997
101.85.53.146 - - [09/Jul/2020:10:34:10 +0800] "GET /xingrg/javascript/easyui/themes/icons/cance_new.png HTTP/1.1" 200 3986
101.85.53.146 - - [09/Jul/2020:10:34:10 +0800] "GET /xingrg/javascript/easyui/themes/icons/check_new.png HTTP/1.1" 200 3224
101.85.53.146 - - [09/Jul/2020:10:34:10 +0800] "GET /xingrg/javascript/easyui/themes/icons/field_new.png HTTP/1.1" 200 1097
101.85.53.146 - - [09/Jul/2020:10:34:10 +0800] "GET /xingrg/javascript/easyui/themes/icons/import_new.png HTTP/1.1" 200 1247
101.85.53.146 - - [09/Jul/2020:10:34:10 +0800] "GET /xingrg/javascript/easyui/plugins/jquery.parser.js HTTP/1.1" 200 1142
101.85.53.146 - - [09/Jul/2020:10:34:10 +0800] "GET /xingrg/images/control/ajaxLoader.gif HTTP/1.1" 200 4659
101.85.53.146 - - [09/Jul/2020:10:34:11 +0800] "POST /xingrg/kc/buy/cgsh_list_operate.html HTTP/1.1" 200 876
114.89.80.44 - - [09/Jul/2020:10:34:11 +0800] "GET /xingrg/check_reg.html?_=1594262175523 HTTP/1.1" 200 22
114.89.80.44 - - [09/Jul/2020:10:34:12 +0800] "GET /xingrg/all/function/internal_message.html?_=1594262176014&CODE_STATE=getMsg HTTP/1.1" 200 27
101.85.53.146 - - [09/Jul/2020:10:34:12 +0800] "GET /xingrg/javascript/easyui/themes/default/images/button_plain_hover.png HTTP/1.1" 200 144
101.85.53.146 - - [09/Jul/2020:10:34:13 +0800] "GET /xingrg/javascript/pic_change.js HTTP/1.1" 200 4739
101.85.53.146 - - [09/Jul/2020:10:34:13 +0800] "GET /xingrg/javascript/convert.js HTTP/1.1" 200 1239
101.85.53.146 - - [09/Jul/2020:10:34:13 +0800] "GET /xingrg/javascript/jquery_tools/order_manager.js HTTP/1.1" 200 11183
101.85.53.146 - - [09/Jul/2020:10:34:13 +0800] "GET /xingrg/javascript/json2.js HTTP/1.1" 200 11259
101.85.53.146 - - [09/Jul/2020:10:34:13 +0800] "GET /xingrg/javascript/print/kc_print.js HTTP/1.1" 200 11415
101.85.53.146 - - [09/Jul/2020:10:34:13 +0800] "GET /xingrg/kc/buy/cgsh_order_add.html HTTP/1.1" 200 58376
101.85.53.146 - - [09/Jul/2020:10:34:13 +0800] "GET /xingrg/words/20200708181253_words.js HTTP/1.1" 200 749768
101.85.53.146 - - [09/Jul/2020:10:34:13 +0800] "GET /xingrg/javascript/easyui/themes/icons/copy_new.png HTTP/1.1" 200 815
101.85.53.146 - - [09/Jul/2020:10:34:13 +0800] "GET /xingrg/javascript/easyui/themes/default/images/menu_downarrow.png HTTP/1.1" 200 173
101.85.53.146 - - [09/Jul/2020:10:34:13 +0800] "GET /xingrg/javascript/easyui/themes/icons/cancel.png HTTP/1.1" 200 1133
101.85.53.146 - - [09/Jul/2020:10:34:13 +0800] "GET /xingrg/javascript/easyui/themes/icons/template_new.png HTTP/1.1" 200 3956
101.85.53.146 - - [09/Jul/2020:10:34:13 +0800] "GET /xingrg/javascript/easyui/themes/icons/print.png HTTP/1.1" 200 1057
101.85.53.146 - - [09/Jul/2020:10:34:13 +0800] "GET /xingrg/javascript/easyui/themes/icons/ok.png HTTP/1.1" 200 883
117.184.7.26 - - [09/Jul/2020:10:34:13 +0800] "POST /xingrg/kc/buy/cgsh_list_operate.html HTTP/1.1" 200 3893
101.85.53.146 - - [09/Jul/2020:10:34:15 +0800] "POST /xingrg/kc/buy/cgsh_order_operate.html HTTP/1.1" 200 8245
101.85.53.146 - - [09/Jul/2020:10:34:15 +0800] "GET /xingrg/all/common/auto_word.html?type=employee&rest_code=00145 HTTP/1.1" 200 105
101.85.53.146 - - [09/Jul/2020:10:34:15 +0800] "GET /xingrg/javascript/easyui/themes/default/validatebox.css HTTP/1.1" 404 1104
101.85.53.146 - - [09/Jul/2020:10:34:15 +0800] "GET /xingrg/all/common/auto_word.html?type=employee&rest_code=00145 HTTP/1.1" 200 105
101.85.53.146 - - [09/Jul/2020:10:34:15 +0800] "GET /xingrg/javascript/easyui/plugins/jquery.validatebox.js HTTP/1.1" 200 6103
101.85.53.146 - - [09/Jul/2020:10:34:15 +0800] "GET /xingrg/javascript/easyui/themes/icons/edit_remove.png HTTP/1.1" 200 625
101.85.53.146 - - [09/Jul/2020:10:34:15 +0800] "GET /xingrg/javascript/easyui/plugins/jquery.numberbox.js HTTP/1.1" 200 5213
124.77.243.181 - - [09/Jul/2020:10:34:15 +0800] "GET /xingrg/all/function/internal_message.html?_=1594262067351&CODE_STATE=getMsg HTTP/1.1" 200 27
120.253.135.82 - - [09/Jul/2020:10:34:16 +0800] "GET /xingrg/check_reg.html?_=1594262180090 HTTP/1.1" 200 22
117.184.7.26 - - [09/Jul/2020:10:34:18 +0800] "GET /xingrg/kc/buy/buy_main.html HTTP/1.1" 200 12412
117.184.7.26 - - [09/Jul/2020:10:34:18 +0800] "GET /xingrg/css/new_ie.css HTTP/1.1" 404 1036
117.184.7.26 - - [09/Jul/2020:10:34:19 +0800] "GET /xingrg/images/yd/bt.gif HTTP/1.1" 404 1040
117.184.7.26 - - [09/Jul/2020:10:34:19 +0800] "GET /xingrg/kc/buy/cgsh_order_list.html HTTP/1.1" 200 43513
117.184.7.26 - - [09/Jul/2020:10:34:19 +0800] "GET /xingrg/javascript/easyui/themes/icons/import_new.png HTTP/1.1" 304 -
117.184.7.26 - - [09/Jul/2020:10:34:20 +0800] "POST /xingrg/kc/buy/cgsh_list_operate.html HTTP/1.1" 200 2763
117.184.7.26 - - [09/Jul/2020:10:34:21 +0800] "GET /xingrg/kc/buy/cgsh_order_add.html HTTP/1.1" 200 59210
117.184.7.26 - - [09/Jul/2020:10:34:22 +0800] "POST /xingrg/kc/buy/cgsh_order_operate.html HTTP/1.1" 200 8245
117.184.7.26 - - [09/Jul/2020:10:34:22 +0800] "GET /xingrg/javascript/easyui/themes/default/validatebox.css HTTP/1.1" 404 1104
172.17.200.101 - - [09/Jul/2020:10:34:25 +0800] "GET /xingrg/all/function/internal_message.html?_=1594262065151&CODE_STATE=getMsg HTTP/1.1" 200 27
117.184.7.26 - - [09/Jul/2020:10:34:25 +0800] "GET /xingrg/kc/buy/cgsh_order_add.html HTTP/1.1" 200 59210
117.184.7.26 - - [09/Jul/2020:10:34:25 +0800] "POST /xingrg/kc/buy/cgsh_order_operate.html HTTP/1.1" 200 8245
117.184.7.26 - - [09/Jul/2020:10:34:25 +0800] "GET /xingrg/javascript/easyui/themes/default/validatebox.css HTTP/1.1" 404 1104
114.88.156.166 - - [09/Jul/2020:10:34:28 +0800] "GET /xingrg/all/function/internal_message.html?_=1594262060122&CODE_STATE=getMsg HTTP/1.1" 200 27
180.175.214.200 - - [09/Jul/2020:10:34:32 +0800] "GET /xingrg/all/function/internal_message.html?_=1594262071333&CODE_STATE=getMsg HTTP/1.1" 200 27
117.184.7.26 - - [09/Jul/2020:10:34:36 +0800] "GET /xingrg/kc/buy/cgsh_order_operate.html?command=get_materiel&rest_code=00108&code=00102001062&supplier_code=00100073&order_time=2020-07-09 HTTP/1.1" 200 420
114.88.170.9 - - [09/Jul/2020:10:34:38 +0800] "GET /xingrg/check_reg.html?_=1594262075124 HTTP/1.1" 200 22
180.175.214.200 - - [09/Jul/2020:10:34:41 +0800] "GET /xingrg/all/function/internal_message.html?_=1594262285117&CODE_STATE=getMsg HTTP/1.1" 200 27
116.230.77.149 - - [09/Jul/2020:10:34:44 +0800] "GET /xingrg/all/function/internal_message.html?_=1594262076602&CODE_STATE=getMsg HTTP/1.1" 200 27
172.17.0.101 - - [09/Jul/2020:10:34:44 +0800] "GET /xingrg/all/function/internal_message.html?_=1594262082265&CODE_STATE=getMsg HTTP/1.1" 200 27
124.77.243.181 - - [09/Jul/2020:10:34:46 +0800] "GET /xingrg/all/function/internal_message.html?_=1594262096623&CODE_STATE=getMsg HTTP/1.1" 200 27
114.88.170.9 - - [09/Jul/2020:10:34:46 +0800] "GET /xingrg/all/function/internal_message.html?_=1594262082488&CODE_STATE=getMsg HTTP/1.1" 200 27
116.232.51.172 - - [09/Jul/2020:10:34:46 +0800] "GET /xingrg/all/function/internal_message.html?_=1594262115234&CODE_STATE=getMsg HTTP/1.1" 200 27
117.184.7.26 - - [09/Jul/2020:10:34:47 +0800] "GET /xingrg/kc/buy/cgsh_order_operate.html?command=get_materiel&rest_code=00108&code=00102001014&supplier_code=00100073&order_time=2020-07-09 HTTP/1.1" 200 459
172.17.0.104 - - [09/Jul/2020:10:34:47 +0800] "GET /xingrg/all/function/internal_message.html?_=1594262093792&CODE_STATE=getMsg HTTP/1.1" 302 -
117.184.7.26 - - [09/Jul/2020:10:34:48 +0800] "GET /xingrg/check_reg.html?_=1594262082196 HTTP/1.1" 200 22
117.184.7.26 - - [09/Jul/2020:10:34:49 +0800] "GET /xingrg/all/function/internal_message.html?_=1594262082790&CODE_STATE=getMsg HTTP/1.1" 200 27
117.184.7.26 - - [09/Jul/2020:10:34:53 +0800] "GET /xingrg/all/function/internal_message.html?_=1594262083661&CODE_STATE=getMsg HTTP/1.1" 200 27
117.184.7.26 - - [09/Jul/2020:10:34:55 +0800] "GET /xingrg/kc/buy/cgsh_order_operate.html?command=get_materiel&rest_code=00108&code=00102002166&supplier_code=00100073&order_time=2020-07-09 HTTP/1.1" 200 454
117.185.32.26 - - [09/Jul/2020:10:34:56 +0800] "GET /xingrg/all/function/internal_message.html?_=1594262524310&CODE_STATE=getMsg HTTP/1.1" 200 27
172.17.0.120 - - [09/Jul/2020:10:34:57 +0800] "GET /xingrg/javascript/easyui/themes/default/images/button_plain_hover.png HTTP/1.1" 200 144
117.131.5.26 - - [09/Jul/2020:10:34:57 +0800] "GET /xingrg/all/function/internal_message.html?_=1594262374034&CODE_STATE=getMsg HTTP/1.1" 200 27
114.88.170.9 - - [09/Jul/2020:10:34:58 +0800] "GET /xingrg/all/function/internal_message.html?_=1594262122073&CODE_STATE=getMsg HTTP/1.1" 200 27
222.69.134.120 - - [09/Jul/2020:10:34:58 +0800] "GET /xingrg/all/function/internal_message.html?_=1594262090446&CODE_STATE=getMsg HTTP/1.1" 200 27
172.17.0.120 - - [09/Jul/2020:10:35:00 +0800] "GET /xingrg/all/function/internal_message.html?_=1594262097767&CODE_STATE=getMsg HTTP/1.1" 200 27
172.17.0.120 - - [09/Jul/2020:10:35:00 +0800] "POST /xingrg/all/user/operate.html HTTP/1.1" 200 36
172.17.0.120 - - [09/Jul/2020:10:35:00 +0800] "GET /xingrg/index.html?sysBaseUrl=http%3A%2F%2F172.17.0.8%3A18081%2Fxingrg%2F&costTime=90×tamp=1594261976643 HTTP/1.1" 200 17448
172.17.0.120 - - [09/Jul/2020:10:35:00 +0800] "GET /xingrg/javascript/jquery_easy_ui/themes/default/easyui.css HTTP/1.1" 304 -
172.17.0.120 - - [09/Jul/2020:10:35:00 +0800] "GET /xingrg/javascript/jquery_easy_ui/themes/icon.css HTTP/1.1" 304 -
172.17.0.120 - - [09/Jul/2020:10:35:00 +0800] "GET /xingrg/css/form.css HTTP/1.1" 304 -
172.17.0.120 - - [09/Jul/2020:10:35:00 +0800] "GET /xingrg/javascript/jquery-1.4.2.min.js HTTP/1.1" 304 -
172.17.0.120 - - [09/Jul/2020:10:35:00 +0800] "GET /xingrg/javascript/jquery_easy_ui/jquery.easyui.min.js HTTP/1.1" 304 -
172.17.0.120 - - [09/Jul/2020:10:35:00 +0800] "GET /xingrg/javascript/jquery_easy_ui/easyui-lang-zh_CN.js HTTP/1.1" 304 -
172.17.0.120 - - [09/Jul/2020:10:35:00 +0800] "GET /xingrg/javascript/jquery.form.js HTTP/1.1" 304 -
172.17.0.120 - - [09/Jul/2020:10:35:00 +0800] "GET /xingrg/javascript/jquery.utils.js HTTP/1.1" 304 -
172.17.0.120 - - [09/Jul/2020:10:35:00 +0800] "GET /xingrg/javascript/jquery.timers.js HTTP/1.1" 304 -
172.17.0.120 - - [09/Jul/2020:10:35:00 +0800] "GET /xingrg/images/blue/jxLogo.png HTTP/1.1" 304 -
172.17.0.120 - - [09/Jul/2020:10:35:00 +0800] "GET /xingrg/images/blue/navBackgound.jpg HTTP/1.1" 304 -
172.17.0.120 - - [09/Jul/2020:10:35:00 +0800] "GET /xingrg/javascript/jquery_easy_ui/themes/icons/settle_new.png HTTP/1.1" 304 -
172.17.0.120 - - [09/Jul/2020:10:35:00 +0800] "POST /xingrg/all/common/load_tree.html?tree=area_rest_tree_json&manage=1 HTTP/1.1" 200 3216
172.17.0.120 - - [09/Jul/2020:10:35:00 +0800] "GET /xingrg/all/function/internal_message.html?_=1594262098332&CODE_STATE=count HTTP/1.1" 200 11
172.17.0.120 - - [09/Jul/2020:10:35:00 +0800] "GET /xingrg/check_reg.html?_=1594262098333 HTTP/1.1" 200 22
172.17.0.120 - - [09/Jul/2020:10:35:00 +0800] "GET /xingrg/javascript/jquery_easy_ui/themes/default/images/panel_tool_collapse.gif HTTP/1.1" 304 -
172.17.0.120 - - [09/Jul/2020:10:35:00 +0800] "GET /xingrg/javascript/jquery_easy_ui/themes/default/images/tabs_rightarrow.png HTTP/1.1" 304 -
172.17.0.120 - - [09/Jul/2020:10:35:00 +0800] "GET /xingrg/javascript/jquery_easy_ui/themes/default/images/tabs_leftarrow.png HTTP/1.1" 304 -
172.17.0.120 - - [09/Jul/2020:10:35:00 +0800] "GET /xingrg/javascript/jquery_easy_ui/themes/default/images/panel_tool_expand.gif HTTP/1.1" 304 -
172.17.0.120 - - [09/Jul/2020:10:35:00 +0800] "GET /xingrg/images/blue/pingpu.png HTTP/1.1" 304 -
172.17.0.120 - - [09/Jul/2020:10:35:00 +0800] "POST /xingrg/load_menu.html HTTP/1.1" 200 9924
172.17.0.185 - - [09/Jul/2020:10:35:01 +0800] "GET /xingrg/all/function/internal_message.html?_=1594262097956&CODE_STATE=getMsg HTTP/1.1" 200 27
172.17.0.120 - - [09/Jul/2020:10:35:02 +0800] "GET /xingrg/kc/report/report_main.html HTTP/1.1" 200 7325
172.17.0.120 - - [09/Jul/2020:10:35:02 +0800] "GET /xingrg/javascript/json2.js HTTP/1.1" 200 11259
172.17.0.120 - - [09/Jul/2020:10:35:02 +0800] "GET /xingrg/javascript/jquery_easy_ui/themes/icons/back_new.png HTTP/1.1" 200 3414
61.172.5.115 - - [09/Jul/2020:10:35:04 +0800] "GET /xingrg/all/function/internal_message.html?_=1594262104566&CODE_STATE=getMsg HTTP/1.1" 200 27
172.17.0.120 - - [09/Jul/2020:10:35:04 +0800] "GET /xingrg/kc/base/base_main.html HTTP/1.1" 200 12132
172.17.0.120 - - [09/Jul/2020:10:35:04 +0800] "GET /xingrg/images/blue/button/wlsy.gif HTTP/1.1" 200 2536
172.17.0.120 - - [09/Jul/2020:10:35:04 +0800] "GET /xingrg/images/blue/button/ckpd.gif HTTP/1.1" 200 2051
172.17.0.120 - - [09/Jul/2020:10:35:04 +0800] "GET /xingrg/images/blue/button/ckdb.gif HTTP/1.1" 200 1950
172.17.0.120 - - [09/Jul/2020:10:35:04 +0800] "GET /xingrg/images/blue/button/yddb.gif HTTP/1.1" 200 2040
172.17.0.120 - - [09/Jul/2020:10:35:04 +0800] "GET /xingrg/images/blue/button/bottom_right.jpg HTTP/1.1" 200 1436
172.17.0.120 - - [09/Jul/2020:10:35:04 +0800] "GET /xingrg/images/blue/button/bottom_left.jpg HTTP/1.1" 200 1524
172.17.0.120 - - [09/Jul/2020:10:35:04 +0800] "GET /xingrg/images/blue/button/top_left.jpg HTTP/1.1" 200 1632
172.17.0.120 - - [09/Jul/2020:10:35:04 +0800] "GET /xingrg/images/blue/button/down.jpg HTTP/1.1" 200 1560
172.17.0.120 - - [09/Jul/2020:10:35:04 +0800] "GET /xingrg/images/blue/button/top_right.jpg HTTP/1.1" 200 1708
172.17.0.120 - - [09/Jul/2020:10:35:04 +0800] "GET /xingrg/images/blue/button/left_ah.jpg HTTP/1.1" 200 1643
172.17.0.120 - - [09/Jul/2020:10:35:05 +0800] "GET /xingrg/kc/buy/buy_main.html HTTP/1.1" 200 12377
172.17.0.120 - - [09/Jul/2020:10:35:05 +0800] "GET /xingrg/css/new_ie.css HTTP/1.1" 404 1036
114.86.190.97 - - [09/Jul/2020:10:35:06 +0800] "GET /xingrg/check_reg.html?_=1594262111321 HTTP/1.1" 200 22
172.17.0.120 - - [09/Jul/2020:10:35:06 +0800] "GET /xingrg/images/yd/bt.gif HTTP/1.1" 404 1040
114.88.170.9 - - [09/Jul/2020:10:35:06 +0800] "POST /xingrg/services/DataTransmitService HTTP/1.1" 200 45454
114.88.170.9 - - [09/Jul/2020:10:35:06 +0800] "POST /xingrg/services/DataTransmitService HTTP/1.1" 200 19237
172.17.0.120 - - [09/Jul/2020:10:35:07 +0800] "GET /xingrg/kc/buy/cgsh_order_list.html HTTP/1.1" 200 43748
114.88.170.9 - - [09/Jul/2020:10:35:07 +0800] "GET /xingrg/kc/buy/cgsh_order_add.html HTTP/1.1" 200 59251
114.88.170.9 - - [09/Jul/2020:10:35:07 +0800] "POST /xingrg/kc/buy/cgsh_order_operate.html HTTP/1.1" 200 8245
114.88.170.9 - - [09/Jul/2020:10:35:07 +0800] "GET /xingrg/javascript/easyui/themes/default/validatebox.css HTTP/1.1" 404 1104
114.86.190.97 - - [09/Jul/2020:10:35:07 +0800] "GET /xingrg/all/function/internal_message.html?_=1594262112852&CODE_STATE=getMsg HTTP/1.1" 200 27
101.85.53.146 - - [09/Jul/2020:10:35:07 +0800] "GET /xingrg/check_reg.html?_=1594261491520 HTTP/1.1" 200 22
101.85.53.146 - - [09/Jul/2020:10:35:07 +0800] "GET /xingrg/all/function/internal_message.html?_=1594261491518&CODE_STATE=getMsg HTTP/1.1" 200 27
172.17.0.120 - - [09/Jul/2020:10:35:08 +0800] "POST /xingrg/kc/buy/cgsh_list_operate.html HTTP/1.1" 200 2763
61.172.5.115 - - [09/Jul/2020:10:35:09 +0800] "GET /xingrg/kc/buy/cgsh_order_operate.html?command=get_materiel&rest_code=00105&code=00102002430&supplier_code=00100347&order_time=2020-07-09 HTTP/1.1" 200 409
114.89.80.44 - - [09/Jul/2020:10:35:09 +0800] "GET /xingrg/all/function/internal_message.html?_=1594262108052&CODE_STATE=getMsg HTTP/1.1" 200 27
117.184.7.26 - - [09/Jul/2020:10:35:11 +0800] "GET /xingrg/kc/buy/cgsh_order_operate.html?command=get_materiel&rest_code=00108&code=00102001053&supplier_code=00100073&order_time=2020-07-09 HTTP/1.1" 200 451
114.89.80.44 - - [09/Jul/2020:10:35:12 +0800] "GET /xingrg/all/function/internal_message.html?_=1594262236029&CODE_STATE=getMsg HTTP/1.1" 200 27
172.17.0.120 - - [09/Jul/2020:10:35:12 +0800] "GET /xingrg/javascript/jquery_tools/images/next.gif HTTP/1.1" 404 1086
172.17.0.120 - - [09/Jul/2020:10:35:12 +0800] "GET /xingrg/javascript/jquery_tools/images/prev.gif HTTP/1.1" 404 1086
124.77.243.181 - - [09/Jul/2020:10:35:16 +0800] "GET /xingrg/all/function/internal_message.html?_=1594262127627&CODE_STATE=getMsg HTTP/1.1" 200 27
114.88.170.9 - - [09/Jul/2020:10:35:17 +0800] "GET /xingrg/kc/buy/cgsh_order_operate.html?command=get_materiel&rest_code=00111&code=00101009027&supplier_code=00100329&order_time=2020-07-09 HTTP/1.1" 200 415
114.88.170.9 - - [09/Jul/2020:10:35:18 +0800] "POST /xingrg/services/DataTransmitService HTTP/1.1" 200 524
114.88.170.9 - - [09/Jul/2020:10:35:18 +0800] "POST /xingrg/services/DataTransmitService HTTP/1.1" 200 501
117.184.7.26 - - [09/Jul/2020:10:35:21 +0800] "GET /xingrg/kc/buy/cgsh_order_operate.html?command=get_materiel&rest_code=00108&code=00102013013&supplier_code=00100073&order_time=2020-07-09 HTTP/1.1" 200 409
172.17.0.120 - - [09/Jul/2020:10:35:21 +0800] "GET /xingrg/javascript/auto/indicator.gif HTTP/1.1" 404 1066
101.85.53.146 - - [09/Jul/2020:10:35:22 +0800] "GET /xingrg/javascript/auto/indicator.gif HTTP/1.1" 404 1066
172.17.200.101 - - [09/Jul/2020:10:35:25 +0800] "GET /xingrg/all/function/internal_message.html?_=1594262125165&CODE_STATE=getMsg HTTP/1.1" 200 27
114.88.170.9 - - [09/Jul/2020:10:35:25 +0800] "GET /xingrg/kc/buy/cgsh_order_operate.html?command=get_materiel&rest_code=00111&code=00101016099&supplier_code=00100329&order_time=2020-07-09 HTTP/1.1" 200 413
114.88.156.166 - - [09/Jul/2020:10:35:28 +0800] "GET /xingrg/all/function/internal_message.html?_=1594262120104&CODE_STATE=getMsg HTTP/1.1" 200 27
117.184.7.26 - - [09/Jul/2020:10:35:28 +0800] "POST /xingrg/kc/buy/cgsh_order_operate.html HTTP/1.1" 200 37
117.184.7.26 - - [09/Jul/2020:10:35:29 +0800] "POST /xingrg/kc/buy/cgsh_order_operate.html HTTP/1.1" 200 4504
116.230.77.149 - - [09/Jul/2020:10:35:31 +0800] "GET /xingrg/kc/buy/cgsh_order_operate.html?command=get_materiel&rest_code=00107&code=00101004074&supplier_code=00100312&order_time=2020-07-09 HTTP/1.1" 200 408
180.175.214.200 - - [09/Jul/2020:10:35:31 +0800] "GET /xingrg/check_reg.html?_=1594262130302 HTTP/1.1" 200 22
172.17.0.120 - - [09/Jul/2020:10:35:32 +0800] "POST /xingrg/kc/buy/cgsh_list_operate.html HTTP/1.1" 200 1704
180.175.214.200 - - [09/Jul/2020:10:35:32 +0800] "GET /xingrg/all/function/internal_message.html?_=1594262131346&CODE_STATE=getMsg HTTP/1.1" 200 27
172.17.0.120 - - [09/Jul/2020:10:35:34 +0800] "POST /xingrg/kc/buy/cgsh_list_operate.html HTTP/1.1" 200 275
117.131.5.26 - - [09/Jul/2020:10:35:36 +0800] "GET /xingrg/check_reg.html?_=1594262412913 HTTP/1.1" 200 22
101.85.53.146 - - [09/Jul/2020:10:35:37 +0800] "GET /xingrg/kc/buy/cgsh_order_operate.html?command=get_materiel&rest_code=00145&code=00101001111&supplier_code=00100185&order_time=2020-07-09 HTTP/1.1" 200 410
114.88.170.9 - - [09/Jul/2020:10:35:39 +0800] "POST /xingrg/services/DataTransmitService HTTP/1.1" 200 524
180.175.214.200 - - [09/Jul/2020:10:35:41 +0800] "GET /xingrg/all/function/internal_message.html?_=1594262345128&CODE_STATE=getMsg HTTP/1.1" 200 27
114.88.170.9 - - [09/Jul/2020:10:35:41 +0800] "POST /xingrg/services/DataTransmitService HTTP/1.1" 200 501
116.230.77.149 - - [09/Jul/2020:10:35:43 +0800] "GET /xingrg/kc/buy/cgsh_order_operate.html?command=get_materiel&rest_code=00107&code=00101004046&supplier_code=00100312&order_time=2020-07-09 HTTP/1.1" 200 417
116.230.77.149 - - [09/Jul/2020:10:35:44 +0800] "GET /xingrg/all/function/internal_message.html?_=1594262136599&CODE_STATE=getMsg HTTP/1.1" 200 27
172.17.0.101 - - [09/Jul/2020:10:35:45 +0800] "GET /xingrg/all/function/internal_message.html?_=1594262142279&CODE_STATE=getMsg HTTP/1.1" 200 27
114.88.170.9 - - [09/Jul/2020:10:35:46 +0800] "GET /xingrg/all/function/internal_message.html?_=1594262142501&CODE_STATE=getMsg HTTP/1.1" 200 27
124.77.243.181 - - [09/Jul/2020:10:35:46 +0800] "GET /xingrg/all/function/internal_message.html?_=1594262156637&CODE_STATE=getMsg HTTP/1.1" 200 27
116.232.51.172 - - [09/Jul/2020:10:35:46 +0800] "GET /xingrg/all/function/internal_message.html?_=1594262175234&CODE_STATE=getMsg HTTP/1.1" 200 27
172.17.0.104 - - [09/Jul/2020:10:35:47 +0800] "GET /xingrg/all/function/internal_message.html?_=1594262153821&CODE_STATE=getMsg HTTP/1.1" 302 -
117.184.7.30 - - [09/Jul/2020:10:35:49 +0800] "GET /xingrg/all/function/internal_message.html?_=1594262142802&CODE_STATE=getMsg HTTP/1.1" 200 27
172.17.0.115 - - [09/Jul/2020:10:35:49 +0800] "GET /favicon.ico HTTP/1.1" 404 -
58.40.7.146 - - [09/Jul/2020:10:35:49 +0800] "GET /xingrg/check_reg.html?_=1594262147743 HTTP/1.1" 302 -
117.184.7.30 - - [09/Jul/2020:10:35:52 +0800] "POST /xingrg/kc/buy/cgsh_list_operate.html HTTP/1.1" 200 3118
117.184.7.26 - - [09/Jul/2020:10:35:53 +0800] "GET /xingrg/all/function/internal_message.html?_=1594262143670&CODE_STATE=getMsg HTTP/1.1" 200 27
117.185.32.26 - - [09/Jul/2020:10:35:56 +0800] "GET /xingrg/all/function/internal_message.html?_=1594262584298&CODE_STATE=getMsg HTTP/1.1" 200 27
116.230.77.149 - - [09/Jul/2020:10:35:57 +0800] "GET /xingrg/kc/buy/cgsh_order_operate.html?command=get_materiel&rest_code=00107&code=00101004020&supplier_code=00100312&order_time=2020-07-09 HTTP/1.1" 200 409
117.131.5.26 - - [09/Jul/2020:10:35:57 +0800] "GET /xingrg/all/function/internal_message.html?_=1594262434052&CODE_STATE=getMsg HTTP/1.1" 200 27
114.88.170.9 - - [09/Jul/2020:10:35:58 +0800] "GET /xingrg/all/function/internal_message.html?_=1594262182103&CODE_STATE=getMsg HTTP/1.1" 200 27
222.69.134.120 - - [09/Jul/2020:10:35:58 +0800] "GET /xingrg/all/function/internal_message.html?_=1594262150446&CODE_STATE=getMsg HTTP/1.1" 200 27
101.85.53.146 - - [09/Jul/2020:10:36:00 +0800] "GET /xingrg/kc/buy/cgsh_order_operate.html?command=get_materiel&rest_code=00145&code=00101001053&supplier_code=00100185&order_time=2020-07-09 HTTP/1.1" 200 409
172.17.0.120 - - [09/Jul/2020:10:36:00 +0800] "GET /xingrg/all/function/internal_message.html?_=1594262158351&CODE_STATE=getMsg HTTP/1.1" 200 27
172.17.0.185 - - [09/Jul/2020:10:36:01 +0800] "GET /xingrg/all/function/internal_message.html?_=1594262157946&CODE_STATE=getMsg HTTP/1.1" 200 27
114.88.156.166 - - [09/Jul/2020:10:36:03 +0800] "GET /xingrg/check_reg.html?_=1594262155486 HTTP/1.1" 200 22
61.172.5.115 - - [09/Jul/2020:10:36:04 +0800] "GET /xingrg/all/function/internal_message.html?_=1594262164554&CODE_STATE=getMsg HTTP/1.1" 200 27
101.85.53.146 - - [09/Jul/2020:10:36:07 +0800] "GET /xingrg/all/function/internal_message.html?_=1594261551527&CODE_STATE=getMsg HTTP/1.1" 200 27
114.86.190.97 - - [09/Jul/2020:10:36:07 +0800] "GET /xingrg/all/function/internal_message.html?_=1594262172865&CODE_STATE=getMsg HTTP/1.1" 200 27
124.77.243.181 - - [09/Jul/2020:10:36:08 +0800] "POST /xingrg/kc/buy/cgsh_list_operate.html HTTP/1.1" 200 3494
114.89.80.44 - - [09/Jul/2020:10:36:09 +0800] "GET /xingrg/all/function/internal_message.html?_=1594262168054&CODE_STATE=getMsg HTTP/1.1" 200 27
116.230.77.149 - - [09/Jul/2020:10:36:10 +0800] "GET /xingrg/kc/buy/cgsh_order_operate.html?command=get_materiel&rest_code=00107&code=00101004030&supplier_code=00100312&order_time=2020-07-09 HTTP/1.1" 200 408
124.77.243.181 - - [09/Jul/2020:10:36:10 +0800] "GET /xingrg/javascript/pic_change.js HTTP/1.1" 304 -
124.77.243.181 - - [09/Jul/2020:10:36:10 +0800] "GET /xingrg/javascript/jquery_tools/order_manager.js HTTP/1.1" 304 -
124.77.243.181 - - [09/Jul/2020:10:36:10 +0800] "GET /xingrg/kc/buy/cgsh_order_add.html HTTP/1.1" 200 59257
124.77.243.181 - - [09/Jul/2020:10:36:10 +0800] "GET /xingrg/javascript/json2.js HTTP/1.1" 304 -
124.77.243.181 - - [09/Jul/2020:10:36:10 +0800] "GET /xingrg/javascript/print/kc_print.js HTTP/1.1" 304 -
124.77.243.181 - - [09/Jul/2020:10:36:10 +0800] "GET /xingrg/javascript/convert.js HTTP/1.1" 304 -
124.77.243.181 - - [09/Jul/2020:10:36:11 +0800] "GET /xingrg/words/20200708181253_words.js HTTP/1.1" 304 -
124.77.243.181 - - [09/Jul/2020:10:36:11 +0800] "POST /xingrg/kc/buy/cgsh_order_operate.html HTTP/1.1" 200 8245
124.77.243.181 - - [09/Jul/2020:10:36:11 +0800] "GET /xingrg/all/common/auto_word.html?type=employee&rest_code=00146 HTTP/1.1" 200 197
124.77.243.181 - - [09/Jul/2020:10:36:11 +0800] "GET /xingrg/all/common/auto_word.html?type=employee&rest_code=00146 HTTP/1.1" 200 197
124.77.243.181 - - [09/Jul/2020:10:36:11 +0800] "GET /xingrg/javascript/easyui/themes/default/validatebox.css HTTP/1.1" 404 1104
124.77.243.181 - - [09/Jul/2020:10:36:11 +0800] "GET /xingrg/javascript/easyui/plugins/jquery.validatebox.js HTTP/1.1" 304 -
124.77.243.181 - - [09/Jul/2020:10:36:11 +0800] "GET /xingrg/javascript/easyui/plugins/jquery.numberbox.js HTTP/1.1" 304 -
114.89.80.44 - - [09/Jul/2020:10:36:12 +0800] "GET /xingrg/all/function/internal_message.html?_=1594262296041&CODE_STATE=getMsg HTTP/1.1" 200 27
114.88.170.9 - - [09/Jul/2020:10:36:13 +0800] "GET /xingrg/kc/buy/cgsh_order_operate.html?command=get_materiel&rest_code=00111&code=00101016067&supplier_code=00100329&order_time=2020-07-09 HTTP/1.1" 200 413
124.77.243.181 - - [09/Jul/2020:10:36:16 +0800] "GET /xingrg/all/function/internal_message.html?_=1594262187628&CODE_STATE=getMsg HTTP/1.1" 200 27
172.17.200.101 - - [09/Jul/2020:10:36:25 +0800] "GET /xingrg/check_reg.html?_=1594262185166 HTTP/1.1" 200 22
172.17.200.101 - - [09/Jul/2020:10:36:25 +0800] "GET /xingrg/all/function/internal_message.html?_=1594262185170&CODE_STATE=getMsg HTTP/1.1" 200 27
114.88.156.166 - - [09/Jul/2020:10:36:28 +0800] "GET /xingrg/all/function/internal_message.html?_=1594262180073&CODE_STATE=getMsg HTTP/1.1" 200 27
180.175.214.200 - - [09/Jul/2020:10:36:32 +0800] "GET /xingrg/all/function/internal_message.html?_=1594262191360&CODE_STATE=getMsg HTTP/1.1" 200 27
180.175.214.200 - - [09/Jul/2020:10:36:42 +0800] "GET /xingrg/all/function/internal_message.html?_=1594262405503&CODE_STATE=getMsg HTTP/1.1" 200 27
124.77.243.181 - - [09/Jul/2020:10:36:42 +0800] "GET /xingrg/check_reg.html?_=1594262213468 HTTP/1.1" 200 22
116.230.77.149 - - [09/Jul/2020:10:36:44 +0800] "GET /xingrg/all/function/internal_message.html?_=1594262196577&CODE_STATE=getMsg HTTP/1.1" 200 27
172.17.0.101 - - [09/Jul/2020:10:36:45 +0800] "GET /xingrg/all/function/internal_message.html?_=1594262202277&CODE_STATE=getMsg HTTP/1.1" 200 27
114.88.170.9 - - [09/Jul/2020:10:36:46 +0800] "GET /xingrg/all/function/internal_message.html?_=1594262202627&CODE_STATE=getMsg HTTP/1.1" 200 27
124.77.243.181 - - [09/Jul/2020:10:36:46 +0800] "GET /xingrg/all/function/internal_message.html?_=1594262216853&CODE_STATE=getMsg HTTP/1.1" 200 27
116.232.51.172 - - [09/Jul/2020:10:36:46 +0800] "GET /xingrg/check_reg.html?_=1594262235171 HTTP/1.1" 200 22
116.232.51.172 - - [09/Jul/2020:10:36:46 +0800] "GET /xingrg/all/function/internal_message.html?_=1594262235234&CODE_STATE=getMsg HTTP/1.1" 200 27
172.17.0.104 - - [09/Jul/2020:10:36:47 +0800] "GET /xingrg/all/function/internal_message.html?_=1594262213835&CODE_STATE=getMsg HTTP/1.1" 302 -
117.184.7.26 - - [09/Jul/2020:10:36:49 +0800] "GET /xingrg/all/function/internal_message.html?_=1594262202857&CODE_STATE=getMsg HTTP/1.1" 200 27
117.184.7.26 - - [09/Jul/2020:10:36:53 +0800] "GET /xingrg/all/function/internal_message.html?_=1594262203663&CODE_STATE=getMsg HTTP/1.1" 200 27
124.77.243.181 - - [09/Jul/2020:10:36:54 +0800] "GET /xingrg/kc/buy/cgsh_order_operate.html?command=get_materiel&rest_code=00146&code=00101001040&supplier_code=00100319&order_time=2020-07-09 HTTP/1.1" 200 415
117.185.32.26 - - [09/Jul/2020:10:36:56 +0800] "GET /xingrg/all/function/internal_message.html?_=1594262644307&CODE_STATE=getMsg HTTP/1.1" 200 27
117.131.5.26 - - [09/Jul/2020:10:36:58 +0800] "GET /xingrg/all/function/internal_message.html?_=1594262494064&CODE_STATE=getMsg HTTP/1.1" 200 27
114.88.170.9 - - [09/Jul/2020:10:36:58 +0800] "GET /xingrg/all/function/internal_message.html?_=1594262242108&CODE_STATE=getMsg HTTP/1.1" 200 27
114.88.170.9 - - [09/Jul/2020:10:36:58 +0800] "GET /xingrg/check_reg.html?_=1594262242111 HTTP/1.1" 200 22
101.85.53.146 - - [09/Jul/2020:10:36:58 +0800] "GET /xingrg/kc/buy/cgsh_order_operate.html?command=get_materiel&rest_code=00145&code=00101010161&supplier_code=00100185&order_time=2020-07-09 HTTP/1.1" 200 410
222.69.134.120 - - [09/Jul/2020:10:36:58 +0800] "GET /xingrg/all/function/internal_message.html?_=1594262210448&CODE_STATE=getMsg HTTP/1.1" 200 27
61.172.5.115 - - [09/Jul/2020:10:37:00 +0800] "GET /xingrg/kc/buy/cgsh_order_operate.html?command=get_materiel&rest_code=00105&code=00101008147&supplier_code=00100347&order_time=2020-07-09 HTTP/1.1" 200 416
172.17.0.120 - - [09/Jul/2020:10:37:00 +0800] "GET /xingrg/all/function/internal_message.html?_=1594262218341&CODE_STATE=getMsg HTTP/1.1" 200 27
172.17.0.185 - - [09/Jul/2020:10:37:01 +0800] "GET /xingrg/all/function/internal_message.html?_=1594262217952&CODE_STATE=getMsg HTTP/1.1" 200 27
172.17.0.185 - - [09/Jul/2020:10:37:01 +0800] "GET /xingrg/check_reg.html?_=1594262217956 HTTP/1.1" 200 22
61.172.5.115 - - [09/Jul/2020:10:37:04 +0800] "GET /xingrg/all/function/internal_message.html?_=1594262224562&CODE_STATE=getMsg HTTP/1.1" 200 27
101.85.53.146 - - [09/Jul/2020:10:37:07 +0800] "GET /xingrg/all/function/internal_message.html?_=1594261611537&CODE_STATE=getMsg HTTP/1.1" 200 27
114.86.190.97 - - [09/Jul/2020:10:37:07 +0800] "GET /xingrg/all/function/internal_message.html?_=1594262232878&CODE_STATE=getMsg HTTP/1.1" 200 27
114.88.156.166 - - [09/Jul/2020:10:37:08 +0800] "GET /xingrg/kc/buy/cgsh_order_add.html HTTP/1.1" 200 59257
114.88.156.166 - - [09/Jul/2020:10:37:08 +0800] "GET /xingrg/words/20200708181253_words.js HTTP/1.1" 200 749768
114.88.156.166 - - [09/Jul/2020:10:37:09 +0800] "GET /xingrg/all/common/auto_word.html?type=employee&rest_code=00141 HTTP/1.1" 200 201
114.88.156.166 - - [09/Jul/2020:10:37:09 +0800] "GET /xingrg/all/common/auto_word.html?type=employee&rest_code=00141 HTTP/1.1" 200 201
114.88.156.166 - - [09/Jul/2020:10:37:09 +0800] "GET /xingrg/javascript/easyui/themes/default/validatebox.css HTTP/1.1" 404 1104
114.88.156.166 - - [09/Jul/2020:10:37:09 +0800] "POST /xingrg/kc/buy/cgsh_order_operate.html HTTP/1.1" 200 8245
114.89.80.44 - - [09/Jul/2020:10:37:09 +0800] "GET /xingrg/check_reg.html?_=1594262228055 HTTP/1.1" 200 22
114.89.80.44 - - [09/Jul/2020:10:37:09 +0800] "GET /xingrg/all/function/internal_message.html?_=1594262228083&CODE_STATE=getMsg HTTP/1.1" 200 27
114.89.80.44 - - [09/Jul/2020:10:37:12 +0800] "GET /xingrg/all/function/internal_message.html?_=1594262356062&CODE_STATE=getMsg HTTP/1.1" 200 27
124.77.243.181 - - [09/Jul/2020:10:37:13 +0800] "GET /xingrg/check_reg.html?_=1594262244787 HTTP/1.1" 200 22
124.77.243.181 - - [09/Jul/2020:10:37:16 +0800] "GET /xingrg/all/function/internal_message.html?_=1594262247705&CODE_STATE=getMsg HTTP/1.1" 200 27
124.77.243.181 - - [09/Jul/2020:10:37:24 +0800] "GET /xingrg/kc/buy/cgsh_order_operate.html?command=get_materiel&rest_code=00146&code=00101001169&supplier_code=00100319&order_time=2020-07-09 HTTP/1.1" 200 415
172.17.200.101 - - [09/Jul/2020:10:37:25 +0800] "GET /xingrg/all/function/internal_message.html?_=1594262245171&CODE_STATE=getMsg HTTP/1.1" 200 27
114.88.156.166 - - [09/Jul/2020:10:37:26 +0800] "GET /xingrg/kc/buy/cgsh_order_operate.html?command=get_materiel&rest_code=00141&code=00101018011&supplier_code=00100330&order_time=2020-07-09 HTTP/1.1" 200 413
116.230.77.149 - - [09/Jul/2020:10:37:27 +0800] "POST /xingrg/kc/buy/cgsh_order_operate.html HTTP/1.1" 200 37
114.88.156.166 - - [09/Jul/2020:10:37:28 +0800] "GET /xingrg/all/function/internal_message.html?_=1594262240081&CODE_STATE=getMsg HTTP/1.1" 200 27
172.17.0.104 - - [09/Jul/2020:10:37:28 +0800] "GET /xingrg/check_reg.html?_=1594262254909 HTTP/1.1" 302 -
116.230.77.149 - - [09/Jul/2020:10:37:29 +0800] "POST /xingrg/kc/buy/cgsh_order_operate.html HTTP/1.1" 200 3845
116.230.77.149 - - [09/Jul/2020:10:37:30 +0800] "GET /xingrg/kc/print/load_data.html?order_code=212020070903392&kc_code=cgsh&condition= HTTP/1.1" 200 1128
180.175.214.200 - - [09/Jul/2020:10:37:32 +0800] "GET /xingrg/all/function/internal_message.html?_=1594262251374&CODE_STATE=getMsg HTTP/1.1" 200 27
114.88.170.9 - - [09/Jul/2020:10:37:36 +0800] "POST /xingrg/services/DataTransmitService HTTP/1.1" 200 524
180.175.214.200 - - [09/Jul/2020:10:37:36 +0800] "GET /xingrg/check_reg.html?_=1594262460337 HTTP/1.1" 200 22
114.88.170.9 - - [09/Jul/2020:10:37:38 +0800] "POST /xingrg/kc/buy/cgsh_order_operate.html HTTP/1.1" 200 37
124.77.243.181 - - [09/Jul/2020:10:37:39 +0800] "POST /xingrg/kc/buy/cgsh_order_operate.html HTTP/1.1" 200 37
114.88.170.9 - - [09/Jul/2020:10:37:39 +0800] "POST /xingrg/kc/buy/cgsh_order_operate.html HTTP/1.1" 200 3841
114.88.170.9 - - [09/Jul/2020:10:37:40 +0800] "GET /xingrg/kc/print/load_data.html?order_code=212020070903393&kc_code=cgsh&condition= HTTP/1.1" 200 1124
124.77.243.181 - - [09/Jul/2020:10:37:41 +0800] "POST /xingrg/kc/buy/cgsh_order_operate.html HTTP/1.1" 200 3257
114.88.170.9 - - [09/Jul/2020:10:37:41 +0800] "POST /xingrg/services/DataTransmitService HTTP/1.1" 200 501
180.175.214.200 - - [09/Jul/2020:10:37:42 +0800] "GET /xingrg/all/function/internal_message.html?_=1594262465514&CODE_STATE=getMsg HTTP/1.1" 200 27
124.77.243.181 - - [09/Jul/2020:10:37:43 +0800] "GET /xingrg/kc/print/load_config.html?kc_code=cgsh HTTP/1.1" 200 1845
124.77.243.181 - - [09/Jul/2020:10:37:43 +0800] "GET /xingrg/kc/print/load_data.html?order_code=212020070903394&kc_code=cgsh&condition= HTTP/1.1" 200 914
116.230.77.149 - - [09/Jul/2020:10:37:44 +0800] "GET /xingrg/all/function/internal_message.html?_=1594262256560&CODE_STATE=getMsg HTTP/1.1" 200 27
172.17.0.101 - - [09/Jul/2020:10:37:45 +0800] "GET /xingrg/all/function/internal_message.html?_=1594262262276&CODE_STATE=getMsg HTTP/1.1" 200 27
114.88.170.9 - - [09/Jul/2020:10:37:46 +0800] "GET /xingrg/all/function/internal_message.html?_=1594262262637&CODE_STATE=getMsg HTTP/1.1" 200 27
124.77.243.181 - - [09/Jul/2020:10:37:46 +0800] "GET /xingrg/all/function/internal_message.html?_=1594262276867&CODE_STATE=getMsg HTTP/1.1" 200 27
116.232.51.172 - - [09/Jul/2020:10:37:46 +0800] "GET /xingrg/all/function/internal_message.html?_=1594262295234&CODE_STATE=getMsg HTTP/1.1" 200 27
172.17.0.104 - - [09/Jul/2020:10:37:47 +0800] "GET /xingrg/all/function/internal_message.html?_=1594262273855&CODE_STATE=getMsg HTTP/1.1" 302 -
114.88.170.9 - - [09/Jul/2020:10:37:47 +0800] "GET /xingrg/kc/buy/cgsh_order_add.html HTTP/1.1" 200 59251
114.88.170.9 - - [09/Jul/2020:10:37:48 +0800] "POST /xingrg/kc/buy/cgsh_order_operate.html HTTP/1.1" 200 8245
114.88.170.9 - - [09/Jul/2020:10:37:48 +0800] "GET /xingrg/javascript/easyui/themes/default/validatebox.css HTTP/1.1" 404 1104
117.184.7.26 - - [09/Jul/2020:10:37:49 +0800] "GET /xingrg/all/function/internal_message.html?_=1594262262861&CODE_STATE=getMsg HTTP/1.1" 200 27
114.88.170.9 - - [09/Jul/2020:10:37:50 +0800] "POST /xingrg/services/DataTransmitService HTTP/1.1" 200 524
114.88.170.9 - - [09/Jul/2020:10:37:51 +0800] "POST /xingrg/services/DataTransmitService HTTP/1.1" 200 501
117.184.7.26 - - [09/Jul/2020:10:37:53 +0800] "GET /xingrg/all/function/internal_message.html?_=1594262263668&CODE_STATE=getMsg HTTP/1.1" 200 27
114.88.170.9 - - [09/Jul/2020:10:37:53 +0800] "GET /xingrg/kc/buy/cgsh_order_operate.html?command=get_materiel&rest_code=00111&code=00101010263&supplier_code=00100327&order_time=2020-07-09 HTTP/1.1" 200 409
114.89.80.44 - - [09/Jul/2020:10:37:55 +0800] "GET /xingrg/images/yd/bt.gif HTTP/1.1" 404 1040
117.185.32.26 - - [09/Jul/2020:10:37:56 +0800] "GET /xingrg/all/function/internal_message.html?_=1594262704336&CODE_STATE=getMsg HTTP/1.1" 200 27
117.131.5.26 - - [09/Jul/2020:10:37:58 +0800] "GET /xingrg/all/function/internal_message.html?_=1594262554106&CODE_STATE=getMsg HTTP/1.1" 200 27
101.85.53.146 - - [09/Jul/2020:10:37:58 +0800] "POST /xingrg/kc/buy/cgsh_order_operate.html HTTP/1.1" 200 37
114.88.170.9 - - [09/Jul/2020:10:37:58 +0800] "GET /xingrg/all/function/internal_message.html?_=1594262302099&CODE_STATE=getMsg HTTP/1.1" 200 27
114.88.170.9 - - [09/Jul/2020:10:37:58 +0800] "POST /xingrg/kc/buy/cgsh_order_operate.html HTTP/1.1" 200 88
222.69.134.120 - - [09/Jul/2020:10:37:58 +0800] "GET /xingrg/check_reg.html?_=1594262270453 HTTP/1.1" 200 22
222.69.134.120 - - [09/Jul/2020:10:37:58 +0800] "GET /xingrg/all/function/internal_message.html?_=1594262270449&CODE_STATE=getMsg HTTP/1.1" 200 27
172.17.0.120 - - [09/Jul/2020:10:38:00 +0800] "GET /xingrg/all/function/internal_message.html?_=1594262278347&CODE_STATE=getMsg HTTP/1.1" 200 27
114.88.170.9 - - [09/Jul/2020:10:38:01 +0800] "POST /xingrg/kc/buy/cgsh_order_operate.html HTTP/1.1" 200 37
172.17.0.185 - - [09/Jul/2020:10:38:01 +0800] "GET /xingrg/all/function/internal_message.html?_=1594262277960&CODE_STATE=getMsg HTTP/1.1" 200 27
114.88.170.9 - - [09/Jul/2020:10:38:01 +0800] "POST /xingrg/kc/buy/cgsh_order_operate.html HTTP/1.1" 200 2654
114.88.170.9 - - [09/Jul/2020:10:38:02 +0800] "GET /xingrg/kc/print/load_data.html?order_code=212020070903397&kc_code=cgsh&condition= HTTP/1.1" 200 664
