61.172.5.115 - - [08/Jul/2020:09:21:01 +0800] "GET /xingrg/all/function/internal_message.html?_=1594171261591&CODE_STATE=getMsg HTTP/1.1" 200 27
114.88.170.9 - - [08/Jul/2020:09:21:01 +0800] "GET /xingrg/all/function/internal_message.html?_=1594171286789&CODE_STATE=getMsg HTTP/1.1" 200 27
180.175.214.200 - - [08/Jul/2020:09:21:02 +0800] "POST /xingrg/kc/buy/cgsh_order_operate.html HTTP/1.1" 200 37
180.175.214.200 - - [08/Jul/2020:09:21:05 +0800] "POST /xingrg/kc/buy/cgsh_order_operate.html HTTP/1.1" 200 12
114.88.170.9 - - [08/Jul/2020:09:21:11 +0800] "GET /xingrg/all/function/internal_message.html?_=1594171268980&CODE_STATE=getMsg HTTP/1.1" 200 27
120.253.135.82 - - [08/Jul/2020:09:21:11 +0800] "GET /xingrg/all/function/internal_message.html?_=1594171025263&CODE_STATE=getMsg HTTP/1.1" 200 27
101.228.167.227 - - [08/Jul/2020:09:21:12 +0800] "GET /xingrg/kc/buy/cgsh_order_operate.html?command=get_materiel&rest_code=00146&code=00101008213&supplier_code=00100005&order_time=2020-07-08 HTTP/1.1" 200 412
180.175.214.200 - - [08/Jul/2020:09:21:17 +0800] "GET /xingrg/kc/buy/cgsh_order_info.html?code=212020070802936 HTTP/1.1" 200 54064
101.228.167.227 - - [08/Jul/2020:09:21:17 +0800] "POST /xingrg/kc/buy/cgsh_order_operate.html HTTP/1.1" 200 2065
116.230.77.149 - - [08/Jul/2020:09:21:17 +0800] "GET /xingrg/kc/buy/buy_main.html HTTP/1.1" 200 12412
116.230.77.149 - - [08/Jul/2020:09:21:17 +0800] "GET /xingrg/css/new_ie.css HTTP/1.1" 404 1036
180.175.214.200 - - [08/Jul/2020:09:21:18 +0800] "GET /xingrg/javascript/easyui/themes/default/validatebox.css HTTP/1.1" 404 1104
180.175.214.200 - - [08/Jul/2020:09:21:18 +0800] "POST /xingrg/kc/buy/cgsh_order_operate.html HTTP/1.1" 200 1209
116.230.77.149 - - [08/Jul/2020:09:21:18 +0800] "GET /xingrg/images/yd/bt.gif HTTP/1.1" 404 1040
116.230.77.149 - - [08/Jul/2020:09:21:19 +0800] "GET /xingrg/kc/buy/cgsh_order_list.html HTTP/1.1" 200 43519
101.228.167.227 - - [08/Jul/2020:09:21:20 +0800] "GET /xingrg/all/function/internal_message.html?_=1594171287912&CODE_STATE=getMsg HTTP/1.1" 200 27
116.230.77.149 - - [08/Jul/2020:09:21:21 +0800] "POST /xingrg/kc/buy/cgsh_list_operate.html HTTP/1.1" 200 2383
101.228.167.227 - - [08/Jul/2020:09:21:22 +0800] "GET /xingrg/kc/buy/cgsh_order_operate.html?command=get_materiel&rest_code=00146&code=00101008305&supplier_code=00100005&order_time=2020-07-08 HTTP/1.1" 200 412
116.230.77.149 - - [08/Jul/2020:09:21:24 +0800] "GET /xingrg/all/function/internal_message.html?_=1594171278511&CODE_STATE=getMsg HTTP/1.1" 200 27
222.69.138.248 - - [08/Jul/2020:09:21:26 +0800] "GET /xingrg/all/function/internal_message.html?_=1594171280070&CODE_STATE=getMsg HTTP/1.1" 200 27
101.228.167.227 - - [08/Jul/2020:09:21:27 +0800] "GET /xingrg/kc/buy/cgsh_order_operate.html?command=get_materiel&rest_code=00146&code=00101008347&supplier_code=00100005&order_time=2020-07-08 HTTP/1.1" 200 408
114.89.80.44 - - [08/Jul/2020:09:21:28 +0800] "GET /xingrg/kc/buy/cgsh_order_operate.html?command=get_materiel&rest_code=00150&code=00101009013&supplier_code=00100096&order_time=2020-07-08 HTTP/1.1" 200 421
114.86.190.97 - - [08/Jul/2020:09:21:29 +0800] "GET /xingrg/login.html HTTP/1.1" 200 7641
114.86.190.97 - - [08/Jul/2020:09:21:29 +0800] "GET /xingrg/images/blue/jxLogo.png HTTP/1.1" 304 -
114.86.190.97 - - [08/Jul/2020:09:21:29 +0800] "GET /xingrg/images/blue/login_bg.png HTTP/1.1" 304 -
114.86.190.97 - - [08/Jul/2020:09:21:29 +0800] "GET /xingrg/images/blue/hj.png HTTP/1.1" 304 -
114.86.190.97 - - [08/Jul/2020:09:21:29 +0800] "GET /xingrg/images/blue/srbg.png HTTP/1.1" 304 -
114.86.190.97 - - [08/Jul/2020:09:21:29 +0800] "GET /favicon.ico HTTP/1.1" 404 -
101.228.167.227 - - [08/Jul/2020:09:21:31 +0800] "GET /xingrg/all/function/internal_message.html?_=1594171299376&CODE_STATE=getMsg HTTP/1.1" 200 27
172.17.0.115 - - [08/Jul/2020:09:21:32 +0800] "GET /xingrg/all/function/internal_message.html?_=1594171298921&CODE_STATE=getMsg HTTP/1.1" 200 27
172.17.0.101 - - [08/Jul/2020:09:21:36 +0800] "GET /xingrg/all/function/internal_message.html?_=1594171294173&CODE_STATE=getMsg HTTP/1.1" 200 27
101.228.167.227 - - [08/Jul/2020:09:21:37 +0800] "GET /xingrg/kc/buy/cgsh_order_operate.html?command=get_materiel&rest_code=00146&code=00101013179&supplier_code=00100005&order_time=2020-07-08 HTTP/1.1" 200 412
180.175.214.200 - - [08/Jul/2020:09:21:37 +0800] "GET /xingrg/all/function/internal_message.html?_=1594171300976&CODE_STATE=getMsg HTTP/1.1" 200 27
120.253.135.82 - - [08/Jul/2020:09:21:43 +0800] "GET /xingrg/check_reg.html?_=1594171429110 HTTP/1.1" 200 22
120.253.135.82 - - [08/Jul/2020:09:21:44 +0800] "GET /xingrg/all/function/internal_message.html?_=1594171429858&CODE_STATE=getMsg HTTP/1.1" 200 27
172.17.200.101 - - [08/Jul/2020:09:21:45 +0800] "GET /xingrg/all/function/internal_message.html?_=1594171305652&CODE_STATE=getMsg HTTP/1.1" 200 27
114.89.80.44 - - [08/Jul/2020:09:21:47 +0800] "GET /xingrg/kc/buy/cgsh_order_operate.html?command=get_materiel&rest_code=00150&code=00101009019&supplier_code=00100096&order_time=2020-07-08 HTTP/1.1" 200 412
101.228.167.227 - - [08/Jul/2020:09:21:48 +0800] "GET /xingrg/kc/buy/cgsh_order_operate.html?command=get_materiel&rest_code=00146&code=00101008161&supplier_code=00100005&order_time=2020-07-08 HTTP/1.1" 200 409
114.86.190.97 - - [08/Jul/2020:09:21:49 +0800] "POST /xingrg/login.do HTTP/1.1" 302 -
114.86.190.97 - - [08/Jul/2020:09:21:49 +0800] "GET /xingrg/javascript/jquery_easy_ui/themes/default/easyui.css HTTP/1.1" 304 -
114.86.190.97 - - [08/Jul/2020:09:21:49 +0800] "GET /xingrg/javascript/jquery_easy_ui/themes/icon.css HTTP/1.1" 304 -
114.86.190.97 - - [08/Jul/2020:09:21:49 +0800] "GET /xingrg/css/form.css HTTP/1.1" 304 -
114.86.190.97 - - [08/Jul/2020:09:21:49 +0800] "GET /xingrg/index.html?sysBaseUrl=http%3A%2F%2F180.169.147.146%3A18081%2Fxingrg%2F&costTime=39×tamp=1594171309549 HTTP/1.1" 200 17179
114.86.190.97 - - [08/Jul/2020:09:21:49 +0800] "GET /xingrg/javascript/jquery-1.4.2.min.js HTTP/1.1" 304 -
114.86.190.97 - - [08/Jul/2020:09:21:49 +0800] "GET /xingrg/javascript/jquery.form.js HTTP/1.1" 304 -
114.86.190.97 - - [08/Jul/2020:09:21:49 +0800] "GET /xingrg/javascript/jquery_easy_ui/jquery.easyui.min.js HTTP/1.1" 304 -
114.86.190.97 - - [08/Jul/2020:09:21:49 +0800] "GET /xingrg/javascript/jquery_easy_ui/easyui-lang-zh_CN.js HTTP/1.1" 304 -
114.86.190.97 - - [08/Jul/2020:09:21:49 +0800] "GET /xingrg/javascript/jquery.utils.js HTTP/1.1" 304 -
114.86.190.97 - - [08/Jul/2020:09:21:49 +0800] "GET /xingrg/javascript/jquery.timers.js HTTP/1.1" 304 -
114.86.190.97 - - [08/Jul/2020:09:21:49 +0800] "GET /favicon.ico HTTP/1.1" 404 -
114.86.190.97 - - [08/Jul/2020:09:21:49 +0800] "GET /xingrg/images/blue/jxLogo.png HTTP/1.1" 304 -
114.86.190.97 - - [08/Jul/2020:09:21:49 +0800] "GET /xingrg/javascript/jquery_easy_ui/themes/icons/settle_new.png HTTP/1.1" 304 -
114.86.190.97 - - [08/Jul/2020:09:21:49 +0800] "GET /xingrg/images/blue/navBackgound.jpg HTTP/1.1" 304 -
114.86.190.97 - - [08/Jul/2020:09:21:49 +0800] "POST /xingrg/all/common/load_tree.html?tree=area_rest_tree_json&manage=1 HTTP/1.1" 200 351
114.86.190.97 - - [08/Jul/2020:09:21:49 +0800] "GET /xingrg/images/blue/pingpu.png HTTP/1.1" 304 -
114.86.190.97 - - [08/Jul/2020:09:21:49 +0800] "GET /xingrg/javascript/jquery_easy_ui/themes/default/images/tabs_leftarrow.png HTTP/1.1" 304 -
114.86.190.97 - - [08/Jul/2020:09:21:49 +0800] "GET /xingrg/javascript/jquery_easy_ui/themes/default/images/tabs_rightarrow.png HTTP/1.1" 304 -
114.86.190.97 - - [08/Jul/2020:09:21:49 +0800] "GET /xingrg/javascript/jquery_easy_ui/themes/default/images/panel_tool_collapse.gif HTTP/1.1" 304 -
114.86.190.97 - - [08/Jul/2020:09:21:49 +0800] "GET /xingrg/all/function/internal_message.html?_=1594171313230&CODE_STATE=count HTTP/1.1" 200 11
114.86.190.97 - - [08/Jul/2020:09:21:49 +0800] "GET /xingrg/check_reg.html?_=1594171313230 HTTP/1.1" 200 22
114.86.190.97 - - [08/Jul/2020:09:21:49 +0800] "GET /xingrg/javascript/jquery_easy_ui/themes/default/images/tree_arrows.gif HTTP/1.1" 304 -
114.86.190.97 - - [08/Jul/2020:09:21:49 +0800] "POST /xingrg/load_menu.html HTTP/1.1" 200 5138
114.86.190.97 - - [08/Jul/2020:09:21:49 +0800] "GET /xingrg/javascript/jquery_easy_ui/themes/default/images/tree_folder.gif HTTP/1.1" 304 -
114.86.190.97 - - [08/Jul/2020:09:21:49 +0800] "GET /xingrg/javascript/jquery_easy_ui/themes/default/images/tree_folder_open.gif HTTP/1.1" 304 -
114.86.190.97 - - [08/Jul/2020:09:21:49 +0800] "GET /xingrg/javascript/jquery_easy_ui/themes/icons/search_new.png HTTP/1.1" 304 -
114.86.190.97 - - [08/Jul/2020:09:21:49 +0800] "GET /xingrg/javascript/jquery_easy_ui/themes/icons/forms_new.png HTTP/1.1" 304 -
114.86.190.97 - - [08/Jul/2020:09:21:49 +0800] "GET /xingrg/javascript/jquery_easy_ui/themes/icons/storage_new.png HTTP/1.1" 304 -
114.86.190.97 - - [08/Jul/2020:09:21:49 +0800] "GET /xingrg/javascript/jquery_easy_ui/themes/default/images/tree_file.gif HTTP/1.1" 304 -
116.230.77.149 - - [08/Jul/2020:09:21:50 +0800] "GET /xingrg/all/function/internal_message.html?_=1594171305096&CODE_STATE=getMsg HTTP/1.1" 200 27
172.17.0.115 - - [08/Jul/2020:09:21:51 +0800] "GET /xingrg/all/function/internal_message.html?_=1594171318727&CODE_STATE=getMsg HTTP/1.1" 200 27
180.175.214.200 - - [08/Jul/2020:09:21:52 +0800] "GET /xingrg/all/function/internal_message.html?_=1594171516980&CODE_STATE=getMsg HTTP/1.1" 200 27
114.89.80.44 - - [08/Jul/2020:09:21:54 +0800] "GET /xingrg/all/function/internal_message.html?_=1594171312808&CODE_STATE=getMsg HTTP/1.1" 200 27
114.86.190.97 - - [08/Jul/2020:09:21:54 +0800] "GET /xingrg/javascript/jquery_easy_ui/themes/default/images/tabs_close.gif HTTP/1.1" 304 -
114.86.190.97 - - [08/Jul/2020:09:21:54 +0800] "GET /xingrg/css/site.css HTTP/1.1" 304 -
114.86.190.97 - - [08/Jul/2020:09:21:54 +0800] "GET /xingrg/css/base.css HTTP/1.1" 304 -
114.86.190.97 - - [08/Jul/2020:09:21:54 +0800] "GET /xingrg/javascript/jquery_tools/datebox.css HTTP/1.1" 304 -
114.86.190.97 - - [08/Jul/2020:09:21:54 +0800] "GET /xingrg/kc/buy/cgsh_order_list.html HTTP/1.1" 200 43519
114.86.190.97 - - [08/Jul/2020:09:21:54 +0800] "GET /xingrg/javascript/auto/jquery.autocomplete.css HTTP/1.1" 304 -
114.86.190.97 - - [08/Jul/2020:09:21:54 +0800] "GET /xingrg/javascript/easyui/themes/default/easyui.css HTTP/1.1" 304 -
114.86.190.97 - - [08/Jul/2020:09:21:54 +0800] "GET /xingrg/javascript/easyui/themes/icon.css HTTP/1.1" 304 -
114.86.190.97 - - [08/Jul/2020:09:21:54 +0800] "GET /xingrg/javascript/jquery_tools/jquery.tools.extend.js HTTP/1.1" 304 -
114.86.190.97 - - [08/Jul/2020:09:21:54 +0800] "GET /xingrg/javascript/jquery.utils.js HTTP/1.1" 304 -
114.86.190.97 - - [08/Jul/2020:09:21:54 +0800] "GET /xingrg/javascript/jquery_tools/jquery.tools.hotkey.js HTTP/1.1" 304 -
114.86.190.97 - - [08/Jul/2020:09:21:54 +0800] "GET /xingrg/javascript/jquery_tools/jquery.tools.table.js HTTP/1.1" 304 -
114.86.190.97 - - [08/Jul/2020:09:21:54 +0800] "GET /xingrg/javascript/jquery.cookie.js HTTP/1.1" 304 -
114.86.190.97 - - [08/Jul/2020:09:21:54 +0800] "GET /xingrg/javascript/auto/jquery.autocomplete.js HTTP/1.1" 304 -
114.86.190.97 - - [08/Jul/2020:09:21:54 +0800] "GET /xingrg/javascript/jquery_tools/list_manager.js HTTP/1.1" 304 -
114.86.190.97 - - [08/Jul/2020:09:21:54 +0800] "GET /xingrg/javascript/easyui/easyloader.js HTTP/1.1" 304 -
114.86.190.97 - - [08/Jul/2020:09:21:54 +0800] "GET /xingrg/javascript/print/LodopFuncs.js HTTP/1.1" 304 -
114.86.190.97 - - [08/Jul/2020:09:21:54 +0800] "GET /xingrg/javascript/jquery_tools/fix.css HTTP/1.1" 304 -
114.86.190.97 - - [08/Jul/2020:09:21:54 +0800] "GET /xingrg/javascript/jquery_tools/table.css HTTP/1.1" 304 -
114.86.190.97 - - [08/Jul/2020:09:21:54 +0800] "GET /xingrg/javascript/jquery_tools/jquery.tools.min.js HTTP/1.1" 304 -
114.86.190.97 - - [08/Jul/2020:09:21:55 +0800] "GET /xingrg/javascript/easyui/themes/icons/edit_add_new.png HTTP/1.1" 304 -
114.86.190.97 - - [08/Jul/2020:09:21:55 +0800] "GET /xingrg/javascript/easyui/themes/icons/cance_new.png HTTP/1.1" 304 -
114.86.190.97 - - [08/Jul/2020:09:21:55 +0800] "GET /xingrg/javascript/easyui/themes/icons/check_new.png HTTP/1.1" 304 -
114.86.190.97 - - [08/Jul/2020:09:21:55 +0800] "GET /xingrg/javascript/easyui/themes/icons/field_new.png HTTP/1.1" 304 -
114.86.190.97 - - [08/Jul/2020:09:21:55 +0800] "GET /xingrg/javascript/easyui/themes/icons/import_new.png HTTP/1.1" 304 -
114.86.190.97 - - [08/Jul/2020:09:21:55 +0800] "GET /xingrg/javascript/easyui/plugins/jquery.parser.js HTTP/1.1" 304 -
114.86.190.97 - - [08/Jul/2020:09:21:55 +0800] "GET /xingrg/images/control/ajaxLoader.gif HTTP/1.1" 304 -
114.86.190.97 - - [08/Jul/2020:09:21:55 +0800] "GET /xingrg/javascript/jquery_easy_ui/themes/icons/area.png HTTP/1.1" 304 -
114.86.190.97 - - [08/Jul/2020:09:21:55 +0800] "GET /xingrg/javascript/jquery_easy_ui/themes/icons/rest.png HTTP/1.1" 304 -
114.86.190.97 - - [08/Jul/2020:09:21:55 +0800] "POST /xingrg/kc/buy/cgsh_list_operate.html HTTP/1.1" 200 876
101.228.167.227 - - [08/Jul/2020:09:21:56 +0800] "GET /xingrg/kc/buy/cgsh_order_operate.html?command=get_materiel&rest_code=00146&code=00101016122&supplier_code=00100005&order_time=2020-07-08 HTTP/1.1" 200 395
114.89.80.44 - - [08/Jul/2020:09:21:56 +0800] "GET /xingrg/kc/buy/cgsh_order_operate.html?command=get_materiel&rest_code=00150&code=00101009011&supplier_code=00100096&order_time=2020-07-08 HTTP/1.1" 200 416
114.89.80.44 - - [08/Jul/2020:09:21:56 +0800] "GET /xingrg/all/function/internal_message.html?_=1594171442729&CODE_STATE=getMsg HTTP/1.1" 200 27
116.230.77.149 - - [08/Jul/2020:09:21:57 +0800] "GET /xingrg/kc/buy/cgsh_order_add.html HTTP/1.1" 200 59298
116.230.77.149 - - [08/Jul/2020:09:21:57 +0800] "GET /xingrg/all/common/auto_word.html?type=employee&rest_code=00107 HTTP/1.1" 200 147
116.230.77.149 - - [08/Jul/2020:09:21:57 +0800] "GET /xingrg/javascript/easyui/themes/default/validatebox.css HTTP/1.1" 404 1104
116.230.77.149 - - [08/Jul/2020:09:21:57 +0800] "GET /xingrg/all/common/auto_word.html?type=employee&rest_code=00107 HTTP/1.1" 200 147
116.230.77.149 - - [08/Jul/2020:09:21:58 +0800] "POST /xingrg/kc/buy/cgsh_order_operate.html HTTP/1.1" 200 8245
116.230.77.149 - - [08/Jul/2020:09:21:59 +0800] "GET /xingrg/javascript/auto/indicator.gif HTTP/1.1" 404 1066
61.172.5.115 - - [08/Jul/2020:09:22:01 +0800] "GET /xingrg/all/function/internal_message.html?_=1594171321592&CODE_STATE=getMsg HTTP/1.1" 200 27
180.175.214.200 - - [08/Jul/2020:09:22:01 +0800] "GET /xingrg/kc/print/load_config.html?kc_code=cgsh HTTP/1.1" 200 1845
180.175.214.200 - - [08/Jul/2020:09:22:01 +0800] "GET /xingrg/kc/print/load_data.html?order_code=212020070802936&kc_code=cgsh&condition= HTTP/1.1" 200 965
114.88.170.9 - - [08/Jul/2020:09:22:01 +0800] "GET /xingrg/all/function/internal_message.html?_=1594171346790&CODE_STATE=getMsg HTTP/1.1" 200 27
101.228.167.227 - - [08/Jul/2020:09:22:04 +0800] "GET /xingrg/kc/buy/cgsh_order_operate.html?command=get_materiel&rest_code=00146&code=00101008219&supplier_code=00100005&order_time=2020-07-08 HTTP/1.1" 200 412
116.230.77.149 - - [08/Jul/2020:09:22:04 +0800] "GET /xingrg/javascript/jquery_tools/images/next.gif HTTP/1.1" 404 1086
116.230.77.149 - - [08/Jul/2020:09:22:04 +0800] "GET /xingrg/javascript/jquery_tools/images/prev.gif HTTP/1.1" 404 1086
114.86.190.97 - - [08/Jul/2020:09:22:05 +0800] "GET /xingrg/javascript/jquery_tools/images/prev.gif HTTP/1.1" 404 1086
114.86.190.97 - - [08/Jul/2020:09:22:05 +0800] "GET /xingrg/javascript/jquery_tools/images/next.gif HTTP/1.1" 404 1086
114.89.80.44 - - [08/Jul/2020:09:22:06 +0800] "GET /xingrg/kc/buy/cgsh_order_operate.html?command=get_materiel&rest_code=00150&code=00101009066&supplier_code=00100096&order_time=2020-07-08 HTTP/1.1" 200 416
101.228.167.227 - - [08/Jul/2020:09:22:08 +0800] "POST /xingrg/kc/buy/cgsh_order_operate.html HTTP/1.1" 200 2065
61.172.5.115 - - [08/Jul/2020:09:22:11 +0800] "POST /xingrg/services/DataTransmitService HTTP/1.1" 200 524
61.172.5.115 - - [08/Jul/2020:09:22:11 +0800] "POST /xingrg/services/DataTransmitService HTTP/1.1" 200 501
114.88.170.9 - - [08/Jul/2020:09:22:11 +0800] "GET /xingrg/all/function/internal_message.html?_=1594171328992&CODE_STATE=getMsg HTTP/1.1" 200 27
120.253.135.82 - - [08/Jul/2020:09:22:11 +0800] "GET /xingrg/all/function/internal_message.html?_=1594171085286&CODE_STATE=getMsg HTTP/1.1" 200 27
180.175.214.200 - - [08/Jul/2020:09:22:12 +0800] "GET /xingrg/kc/buy/cgsh_order_add.html HTTP/1.1" 200 59163
180.175.214.200 - - [08/Jul/2020:09:22:13 +0800] "POST /xingrg/kc/buy/cgsh_order_operate.html HTTP/1.1" 200 8245
180.175.214.200 - - [08/Jul/2020:09:22:13 +0800] "GET /xingrg/javascript/easyui/themes/default/validatebox.css HTTP/1.1" 404 1104
101.228.167.227 - - [08/Jul/2020:09:22:14 +0800] "GET /xingrg/kc/buy/cgsh_order_operate.html?command=get_materiel&rest_code=00146&code=00101008017&supplier_code=00100005&order_time=2020-07-08 HTTP/1.1" 200 416
101.228.167.227 - - [08/Jul/2020:09:22:20 +0800] "GET /xingrg/all/function/internal_message.html?_=1594171347992&CODE_STATE=getMsg HTTP/1.1" 200 27
114.89.80.44 - - [08/Jul/2020:09:22:21 +0800] "GET /xingrg/kc/buy/cgsh_order_operate.html?command=get_materiel&rest_code=00150&code=00101009041&supplier_code=00100096&order_time=2020-07-08 HTTP/1.1" 200 408
61.172.5.115 - - [08/Jul/2020:09:22:24 +0800] "POST /xingrg/services/DataTransmitService HTTP/1.1" 200 524
116.230.77.149 - - [08/Jul/2020:09:22:24 +0800] "GET /xingrg/all/function/internal_message.html?_=1594171338504&CODE_STATE=getMsg HTTP/1.1" 200 27
222.69.138.248 - - [08/Jul/2020:09:22:26 +0800] "GET /xingrg/all/function/internal_message.html?_=1594171340042&CODE_STATE=getMsg HTTP/1.1" 200 27
61.172.5.115 - - [08/Jul/2020:09:22:27 +0800] "POST /xingrg/services/DataTransmitService HTTP/1.1" 200 501
116.230.77.149 - - [08/Jul/2020:09:22:29 +0800] "GET /xingrg/kc/buy/cgsh_order_operate.html?command=get_materiel&rest_code=00107&code=00101008080&supplier_code=00100006&order_time=2020-07-08 HTTP/1.1" 200 416
172.17.0.115 - - [08/Jul/2020:09:22:32 +0800] "GET /xingrg/all/function/internal_message.html?_=1594171358922&CODE_STATE=getMsg HTTP/1.1" 200 27
101.228.167.227 - - [08/Jul/2020:09:22:32 +0800] "GET /xingrg/all/function/internal_message.html?_=1594171359996&CODE_STATE=getMsg HTTP/1.1" 200 27
114.89.80.44 - - [08/Jul/2020:09:22:35 +0800] "GET /xingrg/kc/buy/cgsh_order_operate.html?command=get_materiel&rest_code=00150&code=00101009062&supplier_code=00100096&order_time=2020-07-08 HTTP/1.1" 200 414
172.17.0.101 - - [08/Jul/2020:09:22:36 +0800] "GET /xingrg/check_reg.html?_=1594171354173 HTTP/1.1" 200 22
172.17.0.101 - - [08/Jul/2020:09:22:36 +0800] "GET /xingrg/all/function/internal_message.html?_=1594171354175&CODE_STATE=getMsg HTTP/1.1" 200 27
116.230.77.149 - - [08/Jul/2020:09:22:37 +0800] "GET /xingrg/css/new_ie.css HTTP/1.1" 404 1036
180.175.214.200 - - [08/Jul/2020:09:22:37 +0800] "GET /xingrg/all/function/internal_message.html?_=1594171360995&CODE_STATE=getMsg HTTP/1.1" 200 27
172.17.0.115 - - [08/Jul/2020:09:22:39 +0800] "GET /xingrg/check_reg.html?_=1594171366652 HTTP/1.1" 200 22
222.69.138.248 - - [08/Jul/2020:09:22:41 +0800] "POST /xingrg/services/DataTransmitService HTTP/1.1" 200 524
101.228.167.227 - - [08/Jul/2020:09:22:41 +0800] "GET /xingrg/kc/buy/cgsh_order_operate.html?command=get_materiel&rest_code=00146&code=00101008201&supplier_code=00100005&order_time=2020-07-08 HTTP/1.1" 200 412
222.69.138.248 - - [08/Jul/2020:09:22:42 +0800] "POST /xingrg/services/DataTransmitService HTTP/1.1" 200 501
120.253.135.82 - - [08/Jul/2020:09:22:44 +0800] "GET /xingrg/all/function/internal_message.html?_=1594171489871&CODE_STATE=getMsg HTTP/1.1" 200 27
172.17.200.101 - - [08/Jul/2020:09:22:45 +0800] "GET /xingrg/all/function/internal_message.html?_=1594171365633&CODE_STATE=getMsg HTTP/1.1" 200 27
61.172.5.115 - - [08/Jul/2020:09:22:46 +0800] "POST /xingrg/services/DataTransmitService HTTP/1.1" 200 524
61.172.5.115 - - [08/Jul/2020:09:22:46 +0800] "POST /xingrg/services/DataTransmitService HTTP/1.1" 200 497
61.172.5.115 - - [08/Jul/2020:09:22:49 +0800] "POST /xingrg/services/DataTransmitService HTTP/1.1" 200 524
61.172.5.115 - - [08/Jul/2020:09:22:49 +0800] "POST /xingrg/services/DataTransmitService HTTP/1.1" 200 501
116.230.77.149 - - [08/Jul/2020:09:22:49 +0800] "GET /xingrg/kc/buy/cgsh_order_operate.html?command=get_materiel&rest_code=00107&code=00101008163&supplier_code=00100006&order_time=2020-07-08 HTTP/1.1" 200 409
114.86.190.97 - - [08/Jul/2020:09:22:49 +0800] "GET /xingrg/all/function/internal_message.html?_=1594171373246&CODE_STATE=getMsg HTTP/1.1" 200 27
61.172.5.115 - - [08/Jul/2020:09:22:49 +0800] "POST /xingrg/services/DataTransmitService HTTP/1.1" 200 501
61.172.5.115 - - [08/Jul/2020:09:22:50 +0800] "POST /xingrg/services/DataTransmitService HTTP/1.1" 200 501
116.230.77.149 - - [08/Jul/2020:09:22:50 +0800] "GET /xingrg/all/function/internal_message.html?_=1594171365111&CODE_STATE=getMsg HTTP/1.1" 200 27
116.230.77.149 - - [08/Jul/2020:09:22:50 +0800] "GET /xingrg/check_reg.html?_=1594171365118 HTTP/1.1" 200 22
61.172.5.115 - - [08/Jul/2020:09:22:51 +0800] "POST /xingrg/services/DataTransmitService HTTP/1.1" 200 501
61.172.5.115 - - [08/Jul/2020:09:22:51 +0800] "POST /xingrg/services/DataTransmitService HTTP/1.1" 200 501
172.17.0.115 - - [08/Jul/2020:09:22:51 +0800] "GET /xingrg/all/function/internal_message.html?_=1594171378734&CODE_STATE=getMsg HTTP/1.1" 200 27
180.175.214.200 - - [08/Jul/2020:09:22:52 +0800] "GET /xingrg/all/function/internal_message.html?_=1594171576995&CODE_STATE=getMsg HTTP/1.1" 200 27
61.172.5.115 - - [08/Jul/2020:09:22:53 +0800] "POST /xingrg/services/DataTransmitService HTTP/1.1" 200 501
114.89.80.44 - - [08/Jul/2020:09:22:54 +0800] "GET /xingrg/all/function/internal_message.html?_=1594171372818&CODE_STATE=getMsg HTTP/1.1" 200 27
101.228.167.227 - - [08/Jul/2020:09:22:54 +0800] "GET /xingrg/kc/buy/cgsh_order_operate.html?command=get_materiel&rest_code=00146&code=00101008168&supplier_code=00100005&order_time=2020-07-08 HTTP/1.1" 200 413
61.172.5.115 - - [08/Jul/2020:09:22:54 +0800] "POST /xingrg/services/DataTransmitService HTTP/1.1" 200 501
61.172.5.115 - - [08/Jul/2020:09:22:54 +0800] "POST /xingrg/services/DataTransmitService HTTP/1.1" 200 412
114.89.80.44 - - [08/Jul/2020:09:22:56 +0800] "GET /xingrg/all/function/internal_message.html?_=1594171502755&CODE_STATE=getMsg HTTP/1.1" 200 27
101.228.167.227 - - [08/Jul/2020:09:22:57 +0800] "GET /xingrg/check_reg.html?_=1594171385173 HTTP/1.1" 200 22
114.89.80.44 - - [08/Jul/2020:09:23:00 +0800] "GET /xingrg/kc/buy/cgsh_order_operate.html?command=get_materiel&rest_code=00150&code=00101009007&supplier_code=00100096&order_time=2020-07-08 HTTP/1.1" 200 409
61.172.5.115 - - [08/Jul/2020:09:23:01 +0800] "GET /xingrg/all/function/internal_message.html?_=1594171381596&CODE_STATE=getMsg HTTP/1.1" 200 27
114.88.170.9 - - [08/Jul/2020:09:23:01 +0800] "GET /xingrg/check_reg.html?_=1594171406789 HTTP/1.1" 200 22
114.88.170.9 - - [08/Jul/2020:09:23:01 +0800] "GET /xingrg/all/function/internal_message.html?_=1594171406792&CODE_STATE=getMsg HTTP/1.1" 200 27
101.228.167.227 - - [08/Jul/2020:09:23:02 +0800] "GET /xingrg/kc/buy/cgsh_order_operate.html?command=get_materiel&rest_code=00146&code=00101008223&supplier_code=00100005&order_time=2020-07-08 HTTP/1.1" 200 412
101.228.167.227 - - [08/Jul/2020:09:23:06 +0800] "POST /xingrg/kc/buy/cgsh_order_operate.html HTTP/1.1" 200 2065
114.89.80.44 - - [08/Jul/2020:09:23:07 +0800] "GET /xingrg/kc/buy/cgsh_order_operate.html?command=get_materiel&rest_code=00150&code=00101009031&supplier_code=00100096&order_time=2020-07-08 HTTP/1.1" 200 408
116.230.77.149 - - [08/Jul/2020:09:23:08 +0800] "GET /xingrg/kc/buy/cgsh_order_operate.html?command=get_materiel&rest_code=00107&code=00101008355&supplier_code=00100006&order_time=2020-07-08 HTTP/1.1" 200 408
101.228.167.227 - - [08/Jul/2020:09:23:10 +0800] "GET /xingrg/kc/buy/cgsh_order_operate.html?command=get_materiel&rest_code=00146&code=00101020152&supplier_code=00100005&order_time=2020-07-08 HTTP/1.1" 200 416
114.88.170.9 - - [08/Jul/2020:09:23:11 +0800] "GET /xingrg/all/function/internal_message.html?_=1594171389018&CODE_STATE=getMsg HTTP/1.1" 200 27
120.253.135.82 - - [08/Jul/2020:09:23:11 +0800] "GET /xingrg/all/function/internal_message.html?_=1594171145291&CODE_STATE=getMsg HTTP/1.1" 200 27
61.172.5.115 - - [08/Jul/2020:09:23:17 +0800] "GET /xingrg/index.html?sysBaseUrl=http%3A%2F%2F180.169.147.146%3A18081%2Fxingrg%2F&costTime=35×tamp=1585363447539 HTTP/1.1" 302 -
61.172.5.115 - - [08/Jul/2020:09:23:17 +0800] "GET /xingrg/login.html HTTP/1.1" 200 7641
61.172.5.115 - - [08/Jul/2020:09:23:17 +0800] "GET /favicon.ico HTTP/1.1" 404 -
101.228.167.227 - - [08/Jul/2020:09:23:20 +0800] "GET /xingrg/all/function/internal_message.html?_=1594171408001&CODE_STATE=getMsg HTTP/1.1" 200 27
116.230.77.149 - - [08/Jul/2020:09:23:24 +0800] "GET /xingrg/all/function/internal_message.html?_=1594171398507&CODE_STATE=getMsg HTTP/1.1" 200 27
222.69.138.248 - - [08/Jul/2020:09:23:26 +0800] "GET /xingrg/all/function/internal_message.html?_=1594171400026&CODE_STATE=getMsg HTTP/1.1" 200 27
61.172.5.115 - - [08/Jul/2020:09:23:28 +0800] "POST /xingrg/login.do HTTP/1.1" 302 -
61.172.5.115 - - [08/Jul/2020:09:23:28 +0800] "GET /xingrg/index.html?sysBaseUrl=http%3A%2F%2F180.169.147.146%3A18081%2Fxingrg%2F&costTime=43×tamp=1594171408207 HTTP/1.1" 200 17413
61.172.5.115 - - [08/Jul/2020:09:23:28 +0800] "GET /favicon.ico HTTP/1.1" 404 -
116.230.77.149 - - [08/Jul/2020:09:23:28 +0800] "GET /xingrg/kc/buy/cgsh_order_operate.html?command=get_materiel&rest_code=00107&code=00101013043&supplier_code=00100006&order_time=2020-07-08 HTTP/1.1" 200 412
61.172.5.115 - - [08/Jul/2020:09:23:29 +0800] "POST /xingrg/all/common/load_tree.html?tree=area_rest_tree_json&manage=1 HTTP/1.1" 200 342
61.172.5.115 - - [08/Jul/2020:09:23:29 +0800] "GET /xingrg/all/function/internal_message.html?_=1594171405930&CODE_STATE=count HTTP/1.1" 200 11
61.172.5.115 - - [08/Jul/2020:09:23:29 +0800] "GET /xingrg/check_reg.html?_=1594171405931 HTTP/1.1" 200 22
61.172.5.115 - - [08/Jul/2020:09:23:29 +0800] "POST /xingrg/load_menu.html HTTP/1.1" 200 9959
114.89.80.44 - - [08/Jul/2020:09:23:30 +0800] "GET /xingrg/kc/buy/cgsh_order_operate.html?command=get_materiel&rest_code=00150&code=00101009063&supplier_code=00100096&order_time=2020-07-08 HTTP/1.1" 200 409
172.17.0.115 - - [08/Jul/2020:09:23:32 +0800] "GET /xingrg/all/function/internal_message.html?_=1594171418955&CODE_STATE=getMsg HTTP/1.1" 200 27
101.228.167.227 - - [08/Jul/2020:09:23:32 +0800] "GET /xingrg/all/function/internal_message.html?_=1594171420006&CODE_STATE=getMsg HTTP/1.1" 200 27
61.172.5.115 - - [08/Jul/2020:09:23:32 +0800] "POST /xingrg/load_menu.html HTTP/1.1" 200 9242
61.172.5.115 - - [08/Jul/2020:09:23:33 +0800] "GET /xingrg/all/report/report_query.html?fileName=dma/new_5.0/yingye/order_list.xml HTTP/1.1" 200 55281
61.172.5.115 - - [08/Jul/2020:09:23:33 +0800] "GET /xingrg/dwr/util.js HTTP/1.1" 304 -
61.172.5.115 - - [08/Jul/2020:09:23:33 +0800] "GET /xingrg/dwr/interface/AjaxReportQueryService.js HTTP/1.1" 200 13203
61.172.5.115 - - [08/Jul/2020:09:23:33 +0800] "GET /xingrg/dwr/engine.js HTTP/1.1" 200 43631
61.172.5.115 - - [08/Jul/2020:09:23:33 +0800] "POST /xingrg/dwr/call/plaincall/AjaxReportQueryService.getFixDate.dwr HTTP/1.1" 200 111
61.172.5.115 - - [08/Jul/2020:09:23:33 +0800] "POST /xingrg/all/common/load_tree.html?tree=area_station_tree_json&manage=1 HTTP/1.1" 200 336
61.172.5.115 - - [08/Jul/2020:09:23:33 +0800] "GET /xingrg/javascript/jquery_easy_ui/themes/icons/rest.png HTTP/1.1" 200 695
61.172.5.115 - - [08/Jul/2020:09:23:33 +0800] "POST /xingrg/dwr/call/plaincall/AjaxReportQueryService.getInitString.dwr HTTP/1.1" 200 76
61.172.5.115 - - [08/Jul/2020:09:23:35 +0800] "GET /xingrg/javascript/jquery_easy_ui/themes/icons/area.png HTTP/1.1" 200 262
172.17.0.101 - - [08/Jul/2020:09:23:36 +0800] "GET /xingrg/all/function/internal_message.html?_=1594171414173&CODE_STATE=getMsg HTTP/1.1" 200 27
61.172.5.115 - - [08/Jul/2020:09:23:37 +0800] "POST /xingrg/dwr/call/plaincall/AjaxReportQueryService.refreshCache.dwr HTTP/1.1" 200 78
180.175.214.200 - - [08/Jul/2020:09:23:37 +0800] "GET /xingrg/all/function/internal_message.html?_=1594171421017&CODE_STATE=getMsg HTTP/1.1" 200 27
61.172.5.115 - - [08/Jul/2020:09:23:38 +0800] "POST /xingrg/all/report/load_report_page.html HTTP/1.1" 200 140367
61.172.5.115 - - [08/Jul/2020:09:23:38 +0800] "GET /xingrg/images/blue/button/back2.gif HTTP/1.1" 200 1339
61.172.5.115 - - [08/Jul/2020:09:23:38 +0800] "GET /xingrg/images/blue/button/back.gif HTTP/1.1" 200 1352
61.172.5.115 - - [08/Jul/2020:09:23:38 +0800] "GET /xingrg/servlets/image?cache=0.3005551113906606&image=px HTTP/1.1" 200 807
116.230.77.149 - - [08/Jul/2020:09:23:38 +0800] "GET /xingrg/kc/buy/cgsh_order_operate.html?command=get_materiel&rest_code=00107&code=00101008351&supplier_code=00100006&order_time=2020-07-08 HTTP/1.1" 200 408
61.172.5.115 - - [08/Jul/2020:09:23:41 +0800] "POST /xingrg/all/report/load_report_page.html HTTP/1.1" 200 78962
61.172.5.115 - - [08/Jul/2020:09:23:41 +0800] "GET /xingrg/images/blue/button/advance.gif HTTP/1.1" 200 1354
61.172.5.115 - - [08/Jul/2020:09:23:41 +0800] "GET /xingrg/images/blue/button/advance2.gif HTTP/1.1" 200 1338
61.172.5.115 - - [08/Jul/2020:09:23:41 +0800] "GET /xingrg/servlets/image?cache=0.8414240554469075&image=px HTTP/1.1" 200 807
120.253.135.82 - - [08/Jul/2020:09:23:44 +0800] "GET /xingrg/all/function/internal_message.html?_=1594171549885&CODE_STATE=getMsg HTTP/1.1" 200 27
172.17.200.101 - - [08/Jul/2020:09:23:45 +0800] "GET /xingrg/all/function/internal_message.html?_=1594171425606&CODE_STATE=getMsg HTTP/1.1" 200 27
101.228.167.227 - - [08/Jul/2020:09:23:45 +0800] "GET /xingrg/kc/buy/cgsh_order_operate.html?command=get_materiel&rest_code=00146&code=00101015062&supplier_code=00100005&order_time=2020-07-08 HTTP/1.1" 200 412
114.86.190.97 - - [08/Jul/2020:09:23:49 +0800] "GET /xingrg/all/function/internal_message.html?_=1594171433258&CODE_STATE=getMsg HTTP/1.1" 200 27
116.230.77.149 - - [08/Jul/2020:09:23:50 +0800] "GET /xingrg/all/function/internal_message.html?_=1594171425101&CODE_STATE=getMsg HTTP/1.1" 200 27
172.17.0.115 - - [08/Jul/2020:09:23:51 +0800] "GET /xingrg/all/function/internal_message.html?_=1594171438746&CODE_STATE=getMsg HTTP/1.1" 200 27
180.175.214.200 - - [08/Jul/2020:09:23:52 +0800] "GET /xingrg/all/function/internal_message.html?_=1594171637007&CODE_STATE=getMsg HTTP/1.1" 200 27
114.89.80.44 - - [08/Jul/2020:09:23:54 +0800] "GET /xingrg/all/function/internal_message.html?_=1594171432819&CODE_STATE=getMsg HTTP/1.1" 200 27
116.230.77.149 - - [08/Jul/2020:09:23:54 +0800] "GET /xingrg/kc/buy/cgsh_order_operate.html?command=get_materiel&rest_code=00107&code=00101008196&supplier_code=00100006&order_time=2020-07-08 HTTP/1.1" 200 416
101.228.167.227 - - [08/Jul/2020:09:23:56 +0800] "POST /xingrg/kc/buy/cgsh_order_operate.html HTTP/1.1" 200 2065
114.89.80.44 - - [08/Jul/2020:09:23:56 +0800] "GET /xingrg/all/function/internal_message.html?_=1594171562755&CODE_STATE=getMsg HTTP/1.1" 200 27
114.89.80.44 - - [08/Jul/2020:09:23:57 +0800] "POST /xingrg/kc/buy/cgsh_order_operate.html HTTP/1.1" 200 37
114.89.80.44 - - [08/Jul/2020:09:23:58 +0800] "POST /xingrg/kc/buy/cgsh_order_operate.html HTTP/1.1" 200 9789
61.172.5.115 - - [08/Jul/2020:09:24:01 +0800] "GET /xingrg/all/function/internal_message.html?_=1594171441597&CODE_STATE=getMsg HTTP/1.1" 200 27
101.228.167.227 - - [08/Jul/2020:09:24:01 +0800] "GET /xingrg/kc/buy/cgsh_order_operate.html?command=get_materiel&rest_code=00146&code=00101009011&supplier_code=00100005&order_time=2020-07-08 HTTP/1.1" 200 416
114.88.170.9 - - [08/Jul/2020:09:24:01 +0800] "GET /xingrg/all/function/internal_message.html?_=1594171466792&CODE_STATE=getMsg HTTP/1.1" 200 27
117.184.7.30 - - [08/Jul/2020:09:24:03 +0800] "GET /xingrg/login.html HTTP/1.1" 200 7641
117.184.7.30 - - [08/Jul/2020:09:24:04 +0800] "GET /favicon.ico HTTP/1.1" 404 -
117.184.7.30 - - [08/Jul/2020:09:24:06 +0800] "POST /xingrg/login.do HTTP/1.1" 302 -
117.184.7.30 - - [08/Jul/2020:09:24:06 +0800] "GET /xingrg/index.html?sysBaseUrl=http%3A%2F%2F180.169.147.146%3A18081%2Fxingrg%2F&costTime=44×tamp=1594171446859 HTTP/1.1" 200 17173
117.184.7.30 - - [08/Jul/2020:09:24:07 +0800] "GET /favicon.ico HTTP/1.1" 404 -
117.184.7.30 - - [08/Jul/2020:09:24:07 +0800] "POST /xingrg/all/common/load_tree.html?tree=area_rest_tree_json&manage=1 HTTP/1.1" 200 470
117.184.7.30 - - [08/Jul/2020:09:24:07 +0800] "GET /xingrg/all/function/internal_message.html?_=1594171440695&CODE_STATE=count HTTP/1.1" 200 11
117.184.7.26 - - [08/Jul/2020:09:24:07 +0800] "GET /xingrg/check_reg.html?_=1594171440697 HTTP/1.1" 200 22
117.184.7.30 - - [08/Jul/2020:09:24:07 +0800] "POST /xingrg/load_menu.html HTTP/1.1" 200 5138
120.253.135.82 - - [08/Jul/2020:09:24:11 +0800] "GET /xingrg/check_reg.html?_=1594171204991 HTTP/1.1" 200 22
114.88.170.9 - - [08/Jul/2020:09:24:11 +0800] "GET /xingrg/all/function/internal_message.html?_=1594171449035&CODE_STATE=getMsg HTTP/1.1" 200 27
120.253.135.82 - - [08/Jul/2020:09:24:11 +0800] "GET /xingrg/all/function/internal_message.html?_=1594171205303&CODE_STATE=getMsg HTTP/1.1" 200 27
172.17.0.115 - - [08/Jul/2020:09:24:13 +0800] "GET /xingrg/check_reg.html?_=1594171460341 HTTP/1.1" 200 22
116.230.77.149 - - [08/Jul/2020:09:24:13 +0800] "GET /xingrg/kc/buy/cgsh_order_operate.html?command=get_materiel&rest_code=00107&code=00101008197&supplier_code=00100006&order_time=2020-07-08 HTTP/1.1" 200 416
117.184.7.30 - - [08/Jul/2020:09:24:16 +0800] "GET /xingrg/kc/buy/buy_main.html HTTP/1.1" 200 12412
117.184.7.30 - - [08/Jul/2020:09:24:16 +0800] "GET /xingrg/css/new_ie.css HTTP/1.1" 404 1036
117.184.7.30 - - [08/Jul/2020:09:24:20 +0800] "GET /xingrg/images/yd/bt.gif HTTP/1.1" 404 1040
101.228.167.227 - - [08/Jul/2020:09:24:20 +0800] "GET /xingrg/kc/buy/cgsh_order_operate.html?command=get_materiel&rest_code=00146&code=00101008236&supplier_code=00100005&order_time=2020-07-08 HTTP/1.1" 200 416
101.228.167.227 - - [08/Jul/2020:09:24:20 +0800] "GET /xingrg/all/function/internal_message.html?_=1594171468242&CODE_STATE=getMsg HTTP/1.1" 200 27
116.230.77.149 - - [08/Jul/2020:09:24:22 +0800] "GET /xingrg/kc/buy/cgsh_order_operate.html?command=get_materiel&rest_code=00107&code=00101008230&supplier_code=00100006&order_time=2020-07-08 HTTP/1.1" 200 408
116.230.77.149 - - [08/Jul/2020:09:24:24 +0800] "GET /xingrg/all/function/internal_message.html?_=1594171458502&CODE_STATE=getMsg HTTP/1.1" 200 27
222.69.138.248 - - [08/Jul/2020:09:24:26 +0800] "GET /xingrg/all/function/internal_message.html?_=1594171460011&CODE_STATE=getMsg HTTP/1.1" 200 27
117.184.7.30 - - [08/Jul/2020:09:24:28 +0800] "GET /xingrg/kc/buy/cgsh_order_list.html HTTP/1.1" 200 43513
117.184.7.30 - - [08/Jul/2020:09:24:29 +0800] "POST /xingrg/kc/buy/cgsh_list_operate.html HTTP/1.1" 200 876
61.172.5.115 - - [08/Jul/2020:09:24:29 +0800] "GET /xingrg/all/function/internal_message.html?_=1594171465941&CODE_STATE=getMsg HTTP/1.1" 200 27
117.184.7.30 - - [08/Jul/2020:09:24:30 +0800] "GET /xingrg/kc/buy/cgsh_order_add.html HTTP/1.1" 200 59216
117.184.7.30 - - [08/Jul/2020:09:24:30 +0800] "GET /xingrg/words/20200707172953_words.js HTTP/1.1" 304 -
117.184.7.30 - - [08/Jul/2020:09:24:30 +0800] "POST /xingrg/kc/buy/cgsh_order_operate.html HTTP/1.1" 200 8245
117.184.7.26 - - [08/Jul/2020:09:24:30 +0800] "GET /xingrg/all/common/auto_word.html?type=employee&rest_code=00108 HTTP/1.1" 200 197
117.184.7.26 - - [08/Jul/2020:09:24:30 +0800] "GET /xingrg/all/common/auto_word.html?type=employee&rest_code=00108 HTTP/1.1" 200 197
116.230.77.149 - - [08/Jul/2020:09:24:30 +0800] "GET /xingrg/kc/buy/cgsh_order_operate.html?command=get_materiel&rest_code=00107&code=00101008131&supplier_code=00100006&order_time=2020-07-08 HTTP/1.1" 200 408
117.184.7.30 - - [08/Jul/2020:09:24:30 +0800] "GET /xingrg/javascript/easyui/themes/default/validatebox.css HTTP/1.1" 404 1104
172.17.0.115 - - [08/Jul/2020:09:24:32 +0800] "GET /xingrg/all/function/internal_message.html?_=1594171478963&CODE_STATE=getMsg HTTP/1.1" 200 27
101.228.167.227 - - [08/Jul/2020:09:24:32 +0800] "GET /xingrg/all/function/internal_message.html?_=1594171480019&CODE_STATE=getMsg HTTP/1.1" 200 27
117.184.7.30 - - [08/Jul/2020:09:24:32 +0800] "GET /xingrg/javascript/auto/indicator.gif HTTP/1.1" 404 1066
117.184.7.26 - - [08/Jul/2020:09:24:33 +0800] "GET /xingrg/javascript/jquery_tools/images/next.gif HTTP/1.1" 404 1086
117.184.7.26 - - [08/Jul/2020:09:24:33 +0800] "GET /xingrg/javascript/jquery_tools/images/prev.gif HTTP/1.1" 404 1086
101.228.167.227 - - [08/Jul/2020:09:24:36 +0800] "GET /xingrg/kc/buy/cgsh_order_operate.html?command=get_materiel&rest_code=00146&code=00101015026&supplier_code=00100005&order_time=2020-07-08 HTTP/1.1" 200 412
172.17.0.101 - - [08/Jul/2020:09:24:36 +0800] "GET /xingrg/all/function/internal_message.html?_=1594171474202&CODE_STATE=getMsg HTTP/1.1" 200 27
180.175.214.200 - - [08/Jul/2020:09:24:37 +0800] "GET /xingrg/all/function/internal_message.html?_=1594171481034&CODE_STATE=getMsg HTTP/1.1" 200 27
117.184.7.26 - - [08/Jul/2020:09:24:39 +0800] "GET /xingrg/kc/buy/cgsh_order_operate.html?command=get_materiel&rest_code=00108&code=00101009050&supplier_code=00100096&order_time=2020-07-08 HTTP/1.1" 200 408
120.253.135.82 - - [08/Jul/2020:09:24:44 +0800] "GET /xingrg/all/function/internal_message.html?_=1594171609901&CODE_STATE=getMsg HTTP/1.1" 200 27
116.230.77.149 - - [08/Jul/2020:09:24:45 +0800] "GET /xingrg/kc/buy/cgsh_order_operate.html?command=get_materiel&rest_code=00107&code=00101008352&supplier_code=00100006&order_time=2020-07-08 HTTP/1.1" 200 412
172.17.200.101 - - [08/Jul/2020:09:24:45 +0800] "GET /xingrg/all/function/internal_message.html?_=1594171485576&CODE_STATE=getMsg HTTP/1.1" 200 27
114.86.190.97 - - [08/Jul/2020:09:24:49 +0800] "GET /xingrg/all/function/internal_message.html?_=1594171493275&CODE_STATE=getMsg HTTP/1.1" 200 27
116.230.77.149 - - [08/Jul/2020:09:24:50 +0800] "GET /xingrg/all/function/internal_message.html?_=1594171485097&CODE_STATE=getMsg HTTP/1.1" 200 27
172.17.0.115 - - [08/Jul/2020:09:24:51 +0800] "GET /xingrg/all/function/internal_message.html?_=1594171498767&CODE_STATE=getMsg HTTP/1.1" 200 27
180.175.214.200 - - [08/Jul/2020:09:24:52 +0800] "GET /xingrg/check_reg.html?_=1594171696963 HTTP/1.1" 200 22
180.175.214.200 - - [08/Jul/2020:09:24:52 +0800] "GET /xingrg/all/function/internal_message.html?_=1594171697022&CODE_STATE=getMsg HTTP/1.1" 200 27
116.230.77.149 - - [08/Jul/2020:09:24:53 +0800] "GET /xingrg/kc/buy/cgsh_order_operate.html?command=get_materiel&rest_code=00107&code=00101008271&supplier_code=00100006&order_time=2020-07-08 HTTP/1.1" 200 408
114.89.80.44 - - [08/Jul/2020:09:24:54 +0800] "GET /xingrg/check_reg.html?_=1594171492827 HTTP/1.1" 200 22
114.89.80.44 - - [08/Jul/2020:09:24:54 +0800] "GET /xingrg/all/function/internal_message.html?_=1594171492830&CODE_STATE=getMsg HTTP/1.1" 200 27
114.89.80.44 - - [08/Jul/2020:09:24:57 +0800] "GET /xingrg/all/function/internal_message.html?_=1594171622782&CODE_STATE=getMsg HTTP/1.1" 200 27
117.184.7.26 - - [08/Jul/2020:09:24:57 +0800] "GET /xingrg/kc/buy/cgsh_order_operate.html?command=get_materiel&rest_code=00108&code=00101009010&supplier_code=00100096&order_time=2020-07-08 HTTP/1.1" 200 412
61.172.5.115 - - [08/Jul/2020:09:25:01 +0800] "GET /xingrg/check_reg.html?_=1594171501585 HTTP/1.1" 200 22
61.172.5.115 - - [08/Jul/2020:09:25:01 +0800] "GET /xingrg/all/function/internal_message.html?_=1594171501587&CODE_STATE=getMsg HTTP/1.1" 200 27
114.88.170.9 - - [08/Jul/2020:09:25:01 +0800] "GET /xingrg/all/function/internal_message.html?_=1594171526791&CODE_STATE=getMsg HTTP/1.1" 200 27
116.230.77.149 - - [08/Jul/2020:09:25:02 +0800] "GET /xingrg/kc/buy/cgsh_order_operate.html?command=get_materiel&rest_code=00107&code=00101008353&supplier_code=00100006&order_time=2020-07-08 HTTP/1.1" 200 408
101.228.167.227 - - [08/Jul/2020:09:25:05 +0800] "GET /xingrg/kc/buy/cgsh_order_operate.html?command=get_materiel&rest_code=00146&code=00101015017&supplier_code=00100005&order_time=2020-07-08 HTTP/1.1" 200 412
117.184.7.26 - - [08/Jul/2020:09:25:07 +0800] "GET /xingrg/all/function/internal_message.html?_=1594171500714&CODE_STATE=getMsg HTTP/1.1" 200 27
116.230.77.149 - - [08/Jul/2020:09:25:08 +0800] "GET /xingrg/kc/buy/cgsh_order_operate.html?command=get_materiel&rest_code=00107&code=00101015056&supplier_code=00100006&order_time=2020-07-08 HTTP/1.1" 200 413
101.228.167.227 - - [08/Jul/2020:09:25:10 +0800] "POST /xingrg/kc/buy/cgsh_order_operate.html HTTP/1.1" 200 2065
117.184.7.26 - - [08/Jul/2020:09:25:11 +0800] "GET /xingrg/kc/buy/cgsh_order_operate.html?command=get_materiel&rest_code=00108&code=00101009011&supplier_code=00100096&order_time=2020-07-08 HTTP/1.1" 200 416
114.88.170.9 - - [08/Jul/2020:09:25:11 +0800] "GET /xingrg/check_reg.html?_=1594171508989 HTTP/1.1" 200 22
114.88.170.9 - - [08/Jul/2020:09:25:11 +0800] "GET /xingrg/all/function/internal_message.html?_=1594171509048&CODE_STATE=getMsg HTTP/1.1" 200 27
120.253.135.82 - - [08/Jul/2020:09:25:12 +0800] "GET /xingrg/all/function/internal_message.html?_=1594171265318&CODE_STATE=getMsg HTTP/1.1" 200 27
116.230.77.149 - - [08/Jul/2020:09:25:17 +0800] "GET /xingrg/kc/buy/cgsh_order_operate.html?command=get_materiel&rest_code=00107&code=00101008264&supplier_code=00100006&order_time=2020-07-08 HTTP/1.1" 200 412
101.228.167.227 - - [08/Jul/2020:09:25:19 +0800] "GET /xingrg/check_reg.html?_=1594171527517 HTTP/1.1" 200 22
101.228.167.227 - - [08/Jul/2020:09:25:20 +0800] "GET /xingrg/all/function/internal_message.html?_=1594171528246&CODE_STATE=getMsg HTTP/1.1" 200 27
101.228.167.227 - - [08/Jul/2020:09:25:21 +0800] "GET /xingrg/kc/buy/cgsh_order_operate.html?command=get_materiel&rest_code=00146&code=00101008092&supplier_code=00100005&order_time=2020-07-08 HTTP/1.1" 200 412
116.230.77.149 - - [08/Jul/2020:09:25:24 +0800] "GET /xingrg/check_reg.html?_=1594171518503 HTTP/1.1" 200 22
116.230.77.149 - - [08/Jul/2020:09:25:24 +0800] "GET /xingrg/all/function/internal_message.html?_=1594171518506&CODE_STATE=getMsg HTTP/1.1" 200 27
116.230.77.149 - - [08/Jul/2020:09:25:24 +0800] "GET /xingrg/kc/buy/cgsh_order_operate.html?command=get_materiel&rest_code=00107&code=00101008331&supplier_code=00100006&order_time=2020-07-08 HTTP/1.1" 200 416
222.69.138.248 - - [08/Jul/2020:09:25:26 +0800] "GET /xingrg/check_reg.html?_=1594171519841 HTTP/1.1" 200 22
222.69.138.248 - - [08/Jul/2020:09:25:26 +0800] "GET /xingrg/all/function/internal_message.html?_=1594171519987&CODE_STATE=getMsg HTTP/1.1" 200 27
101.228.167.227 - - [08/Jul/2020:09:25:30 +0800] "GET /xingrg/kc/buy/cgsh_order_operate.html?command=get_materiel&rest_code=00146&code=00101008041&supplier_code=00100005&order_time=2020-07-08 HTTP/1.1" 200 408
172.17.0.115 - - [08/Jul/2020:09:25:32 +0800] "GET /xingrg/all/function/internal_message.html?_=1594171538977&CODE_STATE=getMsg HTTP/1.1" 200 27
101.228.167.227 - - [08/Jul/2020:09:25:32 +0800] "GET /xingrg/all/function/internal_message.html?_=1594171540671&CODE_STATE=getMsg HTTP/1.1" 200 27
116.230.77.149 - - [08/Jul/2020:09:25:33 +0800] "GET /xingrg/kc/buy/cgsh_order_operate.html?command=get_materiel&rest_code=00107&code=00101008358&supplier_code=00100006&order_time=2020-07-08 HTTP/1.1" 200 412
172.17.0.101 - - [08/Jul/2020:09:25:36 +0800] "GET /xingrg/all/function/internal_message.html?_=1594171534200&CODE_STATE=getMsg HTTP/1.1" 200 27
180.175.214.200 - - [08/Jul/2020:09:25:37 +0800] "GET /xingrg/check_reg.html?_=1594171540964 HTTP/1.1" 200 22
180.175.214.200 - - [08/Jul/2020:09:25:37 +0800] "GET /xingrg/all/function/internal_message.html?_=1594171541044&CODE_STATE=getMsg HTTP/1.1" 200 27
101.228.167.227 - - [08/Jul/2020:09:25:39 +0800] "GET /xingrg/kc/buy/cgsh_order_operate.html?command=get_materiel&rest_code=00146&code=00101008060&supplier_code=00100005&order_time=2020-07-08 HTTP/1.1" 200 416
120.253.135.82 - - [08/Jul/2020:09:25:44 +0800] "GET /xingrg/all/function/internal_message.html?_=1594171669912&CODE_STATE=getMsg HTTP/1.1" 200 27
172.17.200.101 - - [08/Jul/2020:09:25:45 +0800] "GET /xingrg/all/function/internal_message.html?_=1594171545546&CODE_STATE=getMsg HTTP/1.1" 200 27
172.17.200.101 - - [08/Jul/2020:09:25:45 +0800] "GET /xingrg/check_reg.html?_=1594171545660 HTTP/1.1" 200 22
114.89.80.44 - - [08/Jul/2020:09:25:45 +0800] "GET /xingrg/check_reg.html?_=1594171671727 HTTP/1.1" 200 22
117.184.7.26 - - [08/Jul/2020:09:25:46 +0800] "GET /xingrg/kc/buy/cgsh_order_operate.html?command=get_materiel&rest_code=00108&code=00101009039&supplier_code=00100096&order_time=2020-07-08 HTTP/1.1" 200 410
116.230.77.149 - - [08/Jul/2020:09:25:47 +0800] "GET /xingrg/kc/buy/cgsh_order_operate.html?command=get_materiel&rest_code=00107&code=00101008372&supplier_code=00100006&order_time=2020-07-08 HTTP/1.1" 200 408
114.86.190.97 - - [08/Jul/2020:09:25:49 +0800] "GET /xingrg/all/function/internal_message.html?_=1594171553286&CODE_STATE=getMsg HTTP/1.1" 200 27
116.230.77.149 - - [08/Jul/2020:09:25:50 +0800] "GET /xingrg/all/function/internal_message.html?_=1594171545096&CODE_STATE=getMsg HTTP/1.1" 200 27
172.17.0.115 - - [08/Jul/2020:09:25:51 +0800] "GET /xingrg/all/function/internal_message.html?_=1594171558774&CODE_STATE=getMsg HTTP/1.1" 200 27
180.175.214.200 - - [08/Jul/2020:09:25:52 +0800] "GET /xingrg/all/function/internal_message.html?_=1594171757035&CODE_STATE=getMsg HTTP/1.1" 200 27
114.89.80.44 - - [08/Jul/2020:09:25:54 +0800] "GET /xingrg/all/function/internal_message.html?_=1594171552831&CODE_STATE=getMsg HTTP/1.1" 200 27
101.228.167.227 - - [08/Jul/2020:09:25:55 +0800] "GET /xingrg/kc/buy/cgsh_order_operate.html?command=get_materiel&rest_code=00146&code=00101008061&supplier_code=00100005&order_time=2020-07-08 HTTP/1.1" 200 422
58.40.7.146 - - [08/Jul/2020:09:25:56 +0800] "GET /xingrg/check_reg.html?_=1594171554641 HTTP/1.1" 302 -
58.40.7.146 - - [08/Jul/2020:09:25:56 +0800] "GET /xingrg/login.html HTTP/1.1" 200 7641
114.89.80.44 - - [08/Jul/2020:09:25:57 +0800] "GET /xingrg/all/function/internal_message.html?_=1594171682783&CODE_STATE=getMsg HTTP/1.1" 200 27
61.172.5.115 - - [08/Jul/2020:09:26:01 +0800] "GET /xingrg/all/function/internal_message.html?_=1594171561587&CODE_STATE=getMsg HTTP/1.1" 200 27
114.88.170.9 - - [08/Jul/2020:09:26:01 +0800] "GET /xingrg/all/function/internal_message.html?_=1594171586790&CODE_STATE=getMsg HTTP/1.1" 200 27
101.228.167.227 - - [08/Jul/2020:09:26:06 +0800] "POST /xingrg/kc/buy/cgsh_order_operate.html HTTP/1.1" 200 37
117.184.7.26 - - [08/Jul/2020:09:26:07 +0800] "GET /xingrg/kc/buy/cgsh_order_operate.html?command=get_materiel&rest_code=00108&code=00101009007&supplier_code=00100096&order_time=2020-07-08 HTTP/1.1" 200 408
116.230.77.149 - - [08/Jul/2020:09:26:07 +0800] "GET /xingrg/kc/buy/cgsh_order_operate.html?command=get_materiel&rest_code=00107&code=00101008108&supplier_code=00100006&order_time=2020-07-08 HTTP/1.1" 200 412
117.184.7.26 - - [08/Jul/2020:09:26:07 +0800] "GET /xingrg/all/function/internal_message.html?_=1594171560713&CODE_STATE=getMsg HTTP/1.1" 200 27
101.228.167.227 - - [08/Jul/2020:09:26:07 +0800] "POST /xingrg/kc/buy/cgsh_order_operate.html HTTP/1.1" 200 50557
101.228.167.227 - - [08/Jul/2020:09:26:10 +0800] "GET /xingrg/kc/print/load_data.html?order_code=212020070802938&kc_code=cgsh&condition= HTTP/1.1" 200 18814
114.88.170.9 - - [08/Jul/2020:09:26:11 +0800] "GET /xingrg/all/function/internal_message.html?_=1594171569076&CODE_STATE=getMsg HTTP/1.1" 200 27
120.253.135.82 - - [08/Jul/2020:09:26:12 +0800] "GET /xingrg/all/function/internal_message.html?_=1594171325331&CODE_STATE=getMsg HTTP/1.1" 200 27
116.230.77.149 - - [08/Jul/2020:09:26:14 +0800] "GET /xingrg/kc/buy/cgsh_order_operate.html?command=get_materiel&rest_code=00107&code=00101008169&supplier_code=00100006&order_time=2020-07-08 HTTP/1.1" 200 412
101.228.167.227 - - [08/Jul/2020:09:26:20 +0800] "GET /xingrg/all/function/internal_message.html?_=1594171588260&CODE_STATE=getMsg HTTP/1.1" 200 27
116.230.77.149 - - [08/Jul/2020:09:26:24 +0800] "GET /xingrg/all/function/internal_message.html?_=1594171578517&CODE_STATE=getMsg HTTP/1.1" 200 27
222.69.138.248 - - [08/Jul/2020:09:26:26 +0800] "GET /xingrg/all/function/internal_message.html?_=1594171579958&CODE_STATE=getMsg HTTP/1.1" 200 27
116.230.77.149 - - [08/Jul/2020:09:26:26 +0800] "GET /xingrg/kc/buy/cgsh_order_operate.html?command=get_materiel&rest_code=00107&code=00101010136&supplier_code=00100006&order_time=2020-07-08 HTTP/1.1" 200 408
172.17.0.115 - - [08/Jul/2020:09:26:32 +0800] "GET /xingrg/all/function/internal_message.html?_=1594171599014&CODE_STATE=getMsg HTTP/1.1" 200 27
101.228.167.227 - - [08/Jul/2020:09:26:32 +0800] "GET /xingrg/all/function/internal_message.html?_=1594171600728&CODE_STATE=getMsg HTTP/1.1" 200 27
116.230.77.149 - - [08/Jul/2020:09:26:35 +0800] "POST /xingrg/kc/buy/cgsh_order_operate.html HTTP/1.1" 200 2065
172.17.0.101 - - [08/Jul/2020:09:26:36 +0800] "GET /xingrg/all/function/internal_message.html?_=1594171594200&CODE_STATE=getMsg HTTP/1.1" 200 27
180.175.214.200 - - [08/Jul/2020:09:26:37 +0800] "GET /xingrg/all/function/internal_message.html?_=1594171601069&CODE_STATE=getMsg HTTP/1.1" 200 27
116.230.77.149 - - [08/Jul/2020:09:26:38 +0800] "GET /xingrg/kc/buy/cgsh_order_operate.html?command=get_materiel&rest_code=00107&code=00101008126&supplier_code=00100006&order_time=2020-07-08 HTTP/1.1" 200 412
120.253.135.82 - - [08/Jul/2020:09:26:43 +0800] "GET /xingrg/check_reg.html?_=1594171729117 HTTP/1.1" 200 22
120.253.135.82 - - [08/Jul/2020:09:26:44 +0800] "GET /xingrg/all/function/internal_message.html?_=1594171729926&CODE_STATE=getMsg HTTP/1.1" 200 27
172.17.200.101 - - [08/Jul/2020:09:26:45 +0800] "GET /xingrg/all/function/internal_message.html?_=1594171605521&CODE_STATE=getMsg HTTP/1.1" 200 27
114.86.190.97 - - [08/Jul/2020:09:26:49 +0800] "GET /xingrg/check_reg.html?_=1594171613239 HTTP/1.1" 200 22
