101.228.167.227 - - [08/Jul/2020:10:43:28 +0800] "GET /xingrg/kc/buy/cgsh_order_operate.html?command=get_materiel&rest_code=00146&code=00101001093&supplier_code=00100090&order_time=2020-07-08 HTTP/1.1" 200 409
222.69.138.248 - - [08/Jul/2020:10:43:29 +0800] "GET /xingrg/all/function/internal_message.html?_=1594176202672&CODE_STATE=getMsg HTTP/1.1" 200 27
117.184.7.26 - - [08/Jul/2020:10:43:30 +0800] "GET /xingrg/all/function/internal_message.html?_=1594176205643&CODE_STATE=getMsg HTTP/1.1" 200 27
116.230.77.149 - - [08/Jul/2020:10:43:31 +0800] "GET /xingrg/all/function/internal_message.html?_=1594176205664&CODE_STATE=getMsg HTTP/1.1" 200 27
101.228.167.227 - - [08/Jul/2020:10:43:32 +0800] "GET /xingrg/all/function/internal_message.html?_=1594176220266&CODE_STATE=getMsg HTTP/1.1" 200 27
116.233.78.104 - - [08/Jul/2020:10:43:33 +0800] "GET /xingrg/all/function/internal_message.html?_=1594176265812&CODE_STATE=getMsg HTTP/1.1" 200 27
172.17.0.115 - - [08/Jul/2020:10:43:33 +0800] "GET /xingrg/all/function/internal_message.html?_=1594176220439&CODE_STATE=getMsg HTTP/1.1" 200 27
116.230.77.149 - - [08/Jul/2020:10:43:35 +0800] "GET /xingrg/kc/buy/cgsh_order_operate.html?command=get_materiel&rest_code=00107&code=00101010549&supplier_code=00100347&order_time=2020-07-08 HTTP/1.1" 200 403
61.172.5.115 - - [08/Jul/2020:10:43:35 +0800] "GET /xingrg/all/function/internal_message.html?_=1594176216138&CODE_STATE=getMsg HTTP/1.1" 200 27
172.17.0.101 - - [08/Jul/2020:10:43:37 +0800] "GET /xingrg/all/function/internal_message.html?_=1594176214580&CODE_STATE=getMsg HTTP/1.1" 200 27
180.175.214.200 - - [08/Jul/2020:10:43:39 +0800] "GET /xingrg/all/function/internal_message.html?_=1594176222631&CODE_STATE=getMsg HTTP/1.1" 200 27
117.185.32.26 - - [08/Jul/2020:10:43:40 +0800] "GET /xingrg/kc/buy/cgsh_order_operate.html?command=get_materiel&rest_code=00106&code=00101002002&supplier_code=00100087&order_time=2020-07-08 HTTP/1.1" 200 418
114.89.80.44 - - [08/Jul/2020:10:43:44 +0800] "GET /xingrg/all/function/internal_message.html?_=1594176223179&CODE_STATE=getMsg HTTP/1.1" 200 27
120.253.135.82 - - [08/Jul/2020:10:43:45 +0800] "GET /xingrg/all/function/internal_message.html?_=1594176350973&CODE_STATE=getMsg HTTP/1.1" 200 27
172.17.200.101 - - [08/Jul/2020:10:43:45 +0800] "GET /xingrg/all/function/internal_message.html?_=1594176225413&CODE_STATE=getMsg HTTP/1.1" 302 -
116.230.77.149 - - [08/Jul/2020:10:43:48 +0800] "GET /xingrg/kc/buy/cgsh_order_operate.html?command=get_materiel&rest_code=00107&code=00102002167&supplier_code=00100347&order_time=2020-07-08 HTTP/1.1" 200 409
114.88.170.9 - - [08/Jul/2020:10:43:48 +0800] "GET /xingrg/all/function/internal_message.html?_=1594176253685&CODE_STATE=getMsg HTTP/1.1" 200 27
114.88.170.9 - - [08/Jul/2020:10:43:48 +0800] "GET /xingrg/check_reg.html?_=1594176253684 HTTP/1.1" 200 22
114.86.190.97 - - [08/Jul/2020:10:43:51 +0800] "GET /xingrg/all/function/internal_message.html?_=1594176235406&CODE_STATE=getMsg HTTP/1.1" 200 27
101.228.167.227 - - [08/Jul/2020:10:43:52 +0800] "POST /xingrg/kc/buy/cgsh_order_operate.html HTTP/1.1" 200 37
172.17.0.115 - - [08/Jul/2020:10:43:52 +0800] "GET /xingrg/all/function/internal_message.html?_=1594176239849&CODE_STATE=getMsg HTTP/1.1" 200 27
101.228.167.227 - - [08/Jul/2020:10:43:53 +0800] "POST /xingrg/kc/buy/cgsh_order_operate.html HTTP/1.1" 200 3253
101.228.167.227 - - [08/Jul/2020:10:43:56 +0800] "GET /xingrg/kc/print/load_data.html?order_code=212020070803029&kc_code=cgsh&condition= HTTP/1.1" 200 975
222.70.208.105 - - [08/Jul/2020:10:43:57 +0800] "GET /xingrg/all/function/internal_message.html?_=1594176229813&CODE_STATE=getMsg HTTP/1.1" 200 27
117.185.32.26 - - [08/Jul/2020:10:43:58 +0800] "GET /xingrg/all/function/internal_message.html?_=1594176235231&CODE_STATE=getMsg HTTP/1.1" 200 27
114.82.169.54 - - [08/Jul/2020:10:43:58 +0800] "GET /xingrg/all/function/internal_message.html?_=1594176175108&CODE_STATE=getMsg HTTP/1.1" 200 27
116.230.77.149 - - [08/Jul/2020:10:44:00 +0800] "POST /xingrg/kc/buy/cgsh_order_operate.html HTTP/1.1" 200 37
114.88.156.166 - - [08/Jul/2020:10:44:01 +0800] "GET /xingrg/all/function/internal_message.html?_=1594176231575&CODE_STATE=getMsg HTTP/1.1" 200 27
114.88.156.166 - - [08/Jul/2020:10:44:07 +0800] "GET /xingrg/kc/base/base_main.html HTTP/1.1" 200 12142
172.17.0.120 - - [08/Jul/2020:10:44:08 +0800] "GET /xingrg/all/function/internal_message.html?_=1594176245782&CODE_STATE=getMsg HTTP/1.1" 200 27
116.230.77.149 - - [08/Jul/2020:10:44:08 +0800] "POST /xingrg/kc/buy/cgsh_order_operate.html HTTP/1.1" 200 5632
114.88.156.166 - - [08/Jul/2020:10:44:11 +0800] "GET /xingrg/kc/buy/buy_main.html HTTP/1.1" 200 12412
114.88.156.166 - - [08/Jul/2020:10:44:11 +0800] "GET /xingrg/css/new_ie.css HTTP/1.1" 404 1036
114.88.156.166 - - [08/Jul/2020:10:44:11 +0800] "GET /xingrg/images/yd/bt.gif HTTP/1.1" 404 1040
117.185.32.26 - - [08/Jul/2020:10:44:12 +0800] "POST /xingrg/kc/buy/cgsh_order_operate.html HTTP/1.1" 200 37
114.88.156.166 - - [08/Jul/2020:10:44:12 +0800] "GET /xingrg/kc/buy/cgsh_order_list.html HTTP/1.1" 200 43519
114.88.156.166 - - [08/Jul/2020:10:44:13 +0800] "POST /xingrg/kc/buy/cgsh_list_operate.html HTTP/1.1" 200 876
172.17.0.115 - - [08/Jul/2020:10:44:13 +0800] "GET /xingrg/check_reg.html?_=1594176260426 HTTP/1.1" 200 22
114.88.156.166 - - [08/Jul/2020:10:44:14 +0800] "GET /xingrg/kc/buy/cgsh_order_add.html HTTP/1.1" 200 59257
117.185.32.26 - - [08/Jul/2020:10:44:14 +0800] "POST /xingrg/kc/buy/cgsh_order_operate.html HTTP/1.1" 200 12
114.88.156.166 - - [08/Jul/2020:10:44:14 +0800] "GET /xingrg/javascript/easyui/themes/default/validatebox.css HTTP/1.1" 404 1104
114.88.156.166 - - [08/Jul/2020:10:44:14 +0800] "POST /xingrg/kc/buy/cgsh_order_operate.html HTTP/1.1" 200 8245
114.88.170.9 - - [08/Jul/2020:10:44:14 +0800] "GET /xingrg/all/function/internal_message.html?_=1594176251761&CODE_STATE=getMsg HTTP/1.1" 200 27
101.228.167.227 - - [08/Jul/2020:10:44:14 +0800] "GET /xingrg/kc/buy/cgsh_order_add.html HTTP/1.1" 200 59257
114.89.80.44 - - [08/Jul/2020:10:44:15 +0800] "GET /xingrg/all/function/internal_message.html?_=1594176380765&CODE_STATE=getMsg HTTP/1.1" 200 27
101.228.167.227 - - [08/Jul/2020:10:44:15 +0800] "POST /xingrg/kc/buy/cgsh_order_operate.html HTTP/1.1" 200 8245
101.228.167.227 - - [08/Jul/2020:10:44:15 +0800] "GET /xingrg/javascript/easyui/themes/default/validatebox.css HTTP/1.1" 404 1104
117.185.32.26 - - [08/Jul/2020:10:44:15 +0800] "GET /xingrg/kc/buy/cgsh_order_info.html?code=212020070803030 HTTP/1.1" 200 54154
117.185.32.26 - - [08/Jul/2020:10:44:15 +0800] "GET /xingrg/javascript/easyui/themes/default/validatebox.css HTTP/1.1" 404 1104
117.185.32.26 - - [08/Jul/2020:10:44:16 +0800] "POST /xingrg/kc/buy/cgsh_order_operate.html HTTP/1.1" 200 1818
117.185.32.26 - - [08/Jul/2020:10:44:17 +0800] "GET /xingrg/all/function/internal_message.html?_=1594176687222&CODE_STATE=getMsg HTTP/1.1" 200 27
117.185.32.26 - - [08/Jul/2020:10:44:18 +0800] "GET /xingrg/kc/print/load_config.html?kc_code=cgsh HTTP/1.1" 200 1845
117.185.32.26 - - [08/Jul/2020:10:44:19 +0800] "GET /xingrg/kc/print/load_data.html?order_code=212020070803030&kc_code=cgsh&condition= HTTP/1.1" 200 1227
116.230.77.149 - - [08/Jul/2020:10:44:19 +0800] "GET /xingrg/all/function/internal_message.html?_=1594176253982&CODE_STATE=getMsg HTTP/1.1" 200 27
117.184.7.26 - - [08/Jul/2020:10:44:20 +0800] "GET /xingrg/all/function/internal_message.html?_=1594176254008&CODE_STATE=getMsg HTTP/1.1" 200 27
117.184.7.26 - - [08/Jul/2020:10:44:21 +0800] "GET /xingrg/kc/buy/cgsh_order_operate.html?command=get_materiel&rest_code=00108&code=00101010232&supplier_code=00100008&order_time=2020-07-08 HTTP/1.1" 200 437
116.230.77.149 - - [08/Jul/2020:10:44:23 +0800] "POST /xingrg/kc/buy/cgsh_order_operate.html HTTP/1.1" 200 37
116.230.77.149 - - [08/Jul/2020:10:44:24 +0800] "POST /xingrg/kc/buy/cgsh_order_operate.html HTTP/1.1" 200 5632
101.228.167.227 - - [08/Jul/2020:10:44:25 +0800] "GET /xingrg/all/function/internal_message.html?_=1594176273438&CODE_STATE=getMsg HTTP/1.1" 200 27
172.17.0.185 - - [08/Jul/2020:10:44:26 +0800] "GET /xingrg/all/function/internal_message.html?_=1594176264725&CODE_STATE=getMsg HTTP/1.1" 200 27
172.17.0.104 - - [08/Jul/2020:10:44:28 +0800] "GET /xingrg/all/function/internal_message.html?_=1594176272572&CODE_STATE=getMsg HTTP/1.1" 200 27
222.69.138.248 - - [08/Jul/2020:10:44:28 +0800] "GET /xingrg/all/function/internal_message.html?_=1594176262656&CODE_STATE=getMsg HTTP/1.1" 200 27
222.69.138.248 - - [08/Jul/2020:10:44:29 +0800] "GET /xingrg/check_reg.html?_=1594176263080 HTTP/1.1" 200 22
101.228.167.227 - - [08/Jul/2020:10:44:29 +0800] "GET /xingrg/kc/buy/cgsh_order_operate.html?command=get_materiel&rest_code=00146&code=00101002006&supplier_code=00100091&order_time=2020-07-08 HTTP/1.1" 200 413
117.184.7.26 - - [08/Jul/2020:10:44:30 +0800] "GET /xingrg/check_reg.html?_=1594176265051 HTTP/1.1" 200 22
117.184.7.26 - - [08/Jul/2020:10:44:30 +0800] "GET /xingrg/all/function/internal_message.html?_=1594176265655&CODE_STATE=getMsg HTTP/1.1" 200 27
116.230.77.149 - - [08/Jul/2020:10:44:31 +0800] "GET /xingrg/all/function/internal_message.html?_=1594176265641&CODE_STATE=getMsg HTTP/1.1" 200 27
117.185.32.26 - - [08/Jul/2020:10:44:31 +0800] "GET /xingrg/kc/buy/cgsh_order_add.html HTTP/1.1" 200 59251
117.185.32.26 - - [08/Jul/2020:10:44:31 +0800] "POST /xingrg/kc/buy/cgsh_order_operate.html HTTP/1.1" 200 8245
117.185.32.26 - - [08/Jul/2020:10:44:31 +0800] "GET /xingrg/javascript/easyui/themes/default/validatebox.css HTTP/1.1" 404 1104
101.228.167.227 - - [08/Jul/2020:10:44:32 +0800] "GET /xingrg/all/function/internal_message.html?_=1594176280305&CODE_STATE=getMsg HTTP/1.1" 200 27
117.185.32.26 - - [08/Jul/2020:10:44:33 +0800] "GET /xingrg/javascript/easyui/themes/default/tree.css HTTP/1.1" 404 1090
117.185.32.26 - - [08/Jul/2020:10:44:33 +0800] "POST /xingrg/all/common/load_tree.html?tree=supplier_tree_json&isDelete=1 HTTP/1.1" 200 49424
116.233.78.104 - - [08/Jul/2020:10:44:33 +0800] "GET /xingrg/all/function/internal_message.html?_=1594176325812&CODE_STATE=getMsg HTTP/1.1" 200 27
172.17.0.115 - - [08/Jul/2020:10:44:33 +0800] "GET /xingrg/all/function/internal_message.html?_=1594176280441&CODE_STATE=getMsg HTTP/1.1" 200 27
61.172.5.115 - - [08/Jul/2020:10:44:35 +0800] "GET /xingrg/all/function/internal_message.html?_=1594176276139&CODE_STATE=getMsg HTTP/1.1" 200 27
61.172.5.115 - - [08/Jul/2020:10:44:35 +0800] "GET /xingrg/check_reg.html?_=1594176276141 HTTP/1.1" 200 22
117.184.7.26 - - [08/Jul/2020:10:44:36 +0800] "POST /xingrg/kc/buy/cgsh_order_operate.html HTTP/1.1" 200 37
116.230.77.149 - - [08/Jul/2020:10:44:37 +0800] "GET /xingrg/kc/buy/buy_main.html HTTP/1.1" 200 12412
116.230.77.149 - - [08/Jul/2020:10:44:37 +0800] "GET /xingrg/css/new_ie.css HTTP/1.1" 404 1036
172.17.0.101 - - [08/Jul/2020:10:44:37 +0800] "GET /xingrg/all/function/internal_message.html?_=1594176274564&CODE_STATE=getMsg HTTP/1.1" 200 27
116.230.77.149 - - [08/Jul/2020:10:44:37 +0800] "GET /xingrg/images/yd/bt.gif HTTP/1.1" 404 1040
117.184.7.26 - - [08/Jul/2020:10:44:38 +0800] "POST /xingrg/kc/buy/cgsh_order_operate.html HTTP/1.1" 200 28072
116.230.77.149 - - [08/Jul/2020:10:44:38 +0800] "GET /xingrg/kc/buy/cgsh_order_list.html HTTP/1.1" 200 43519
180.175.214.200 - - [08/Jul/2020:10:44:39 +0800] "GET /xingrg/all/function/internal_message.html?_=1594176282632&CODE_STATE=getMsg HTTP/1.1" 200 27
116.230.77.149 - - [08/Jul/2020:10:44:39 +0800] "POST /xingrg/kc/buy/cgsh_list_operate.html HTTP/1.1" 200 5058
116.230.77.149 - - [08/Jul/2020:10:44:43 +0800] "POST /xingrg/kc/buy/cgsh_list_operate.html HTTP/1.1" 200 4331
114.89.80.44 - - [08/Jul/2020:10:44:44 +0800] "GET /xingrg/all/function/internal_message.html?_=1594176283180&CODE_STATE=getMsg HTTP/1.1" 200 27
120.253.135.82 - - [08/Jul/2020:10:44:45 +0800] "GET /xingrg/all/function/internal_message.html?_=1594176410986&CODE_STATE=getMsg HTTP/1.1" 200 27
172.17.200.101 - - [08/Jul/2020:10:44:45 +0800] "GET /xingrg/all/function/internal_message.html?_=1594176285413&CODE_STATE=getMsg HTTP/1.1" 302 -
116.230.77.149 - - [08/Jul/2020:10:44:45 +0800] "POST /xingrg/kc/buy/cgsh_list_operate.html HTTP/1.1" 200 582
116.230.77.149 - - [08/Jul/2020:10:44:45 +0800] "GET /xingrg/kc/buy/cgsh_order_info.html?code=212020070803027 HTTP/1.1" 200 59299
116.230.77.149 - - [08/Jul/2020:10:44:46 +0800] "GET /xingrg/words/20200708101723_words.js HTTP/1.1" 304 -
116.230.77.149 - - [08/Jul/2020:10:44:47 +0800] "GET /xingrg/javascript/easyui/themes/default/validatebox.css HTTP/1.1" 404 1104
116.230.77.149 - - [08/Jul/2020:10:44:47 +0800] "GET /xingrg/all/common/auto_word.html?type=employee&rest_code=00107 HTTP/1.1" 200 147
116.230.77.149 - - [08/Jul/2020:10:44:47 +0800] "GET /xingrg/all/common/auto_word.html?type=employee&rest_code=00107 HTTP/1.1" 200 147
116.230.77.149 - - [08/Jul/2020:10:44:47 +0800] "POST /xingrg/kc/buy/cgsh_order_operate.html HTTP/1.1" 200 5632
114.88.170.9 - - [08/Jul/2020:10:44:48 +0800] "GET /xingrg/all/function/internal_message.html?_=1594176313684&CODE_STATE=getMsg HTTP/1.1" 200 27
116.230.77.149 - - [08/Jul/2020:10:44:50 +0800] "GET /xingrg/kc/print/load_config.html?kc_code=cgsh HTTP/1.1" 200 1845
101.228.167.227 - - [08/Jul/2020:10:44:51 +0800] "GET /xingrg/kc/buy/cgsh_order_operate.html?command=get_materiel&rest_code=00146&code=00101002034&supplier_code=00100091&order_time=2020-07-08 HTTP/1.1" 200 409
114.86.190.97 - - [08/Jul/2020:10:44:52 +0800] "GET /xingrg/all/function/internal_message.html?_=1594176295520&CODE_STATE=getMsg HTTP/1.1" 200 27
172.17.0.115 - - [08/Jul/2020:10:44:52 +0800] "GET /xingrg/all/function/internal_message.html?_=1594176299866&CODE_STATE=getMsg HTTP/1.1" 200 27
114.88.156.166 - - [08/Jul/2020:10:44:55 +0800] "GET /xingrg/javascript/auto/indicator.gif HTTP/1.1" 404 1066
114.88.156.166 - - [08/Jul/2020:10:44:57 +0800] "GET /xingrg/javascript/jquery_tools/images/next.gif HTTP/1.1" 404 1086
114.88.156.166 - - [08/Jul/2020:10:44:57 +0800] "GET /xingrg/javascript/jquery_tools/images/prev.gif HTTP/1.1" 404 1086
116.230.77.149 - - [08/Jul/2020:10:44:57 +0800] "POST /xingrg/kc/buy/cgsh_order_operate.html HTTP/1.1" 200 37
222.70.208.105 - - [08/Jul/2020:10:44:57 +0800] "GET /xingrg/all/function/internal_message.html?_=1594176289817&CODE_STATE=getMsg HTTP/1.1" 200 27
117.185.32.26 - - [08/Jul/2020:10:44:58 +0800] "GET /xingrg/all/function/internal_message.html?_=1594176295210&CODE_STATE=getMsg HTTP/1.1" 200 27
116.230.77.149 - - [08/Jul/2020:10:44:58 +0800] "POST /xingrg/kc/buy/cgsh_order_operate.html HTTP/1.1" 200 5632
114.82.169.54 - - [08/Jul/2020:10:44:58 +0800] "GET /xingrg/all/function/internal_message.html?_=1594176235106&CODE_STATE=getMsg HTTP/1.1" 200 27
114.88.156.166 - - [08/Jul/2020:10:45:01 +0800] "GET /xingrg/all/function/internal_message.html?_=1594176291581&CODE_STATE=getMsg HTTP/1.1" 200 27
101.228.167.227 - - [08/Jul/2020:10:45:04 +0800] "POST /xingrg/kc/buy/cgsh_order_operate.html HTTP/1.1" 200 37
116.230.77.149 - - [08/Jul/2020:10:45:04 +0800] "GET /xingrg/login.html HTTP/1.1" 200 7641
114.88.156.166 - - [08/Jul/2020:10:45:05 +0800] "GET /xingrg/kc/buy/cgsh_order_operate.html?command=get_materiel&rest_code=00141&code=00101009050&supplier_code=00100022&order_time=2020-07-08 HTTP/1.1" 200 408
101.228.167.227 - - [08/Jul/2020:10:45:05 +0800] "POST /xingrg/kc/buy/cgsh_order_operate.html HTTP/1.1" 200 3251
116.230.77.149 - - [08/Jul/2020:10:45:06 +0800] "GET /favicon.ico HTTP/1.1" 404 -
116.230.77.149 - - [08/Jul/2020:10:45:07 +0800] "POST /xingrg/login.do HTTP/1.1" 302 -
116.230.77.149 - - [08/Jul/2020:10:45:08 +0800] "GET /xingrg/index.html?sysBaseUrl=http%3A%2F%2F180.169.147.146%3A18081%2Fxingrg%2F&costTime=66×tamp=1594176307895 HTTP/1.1" 200 17179
172.17.0.120 - - [08/Jul/2020:10:45:08 +0800] "GET /xingrg/all/function/internal_message.html?_=1594176305794&CODE_STATE=getMsg HTTP/1.1" 200 27
172.17.0.120 - - [08/Jul/2020:10:45:08 +0800] "GET /xingrg/check_reg.html?_=1594176305798 HTTP/1.1" 200 22
117.185.32.26 - - [08/Jul/2020:10:45:08 +0800] "GET /xingrg/kc/buy/buy_main.html HTTP/1.1" 200 12412
117.185.32.26 - - [08/Jul/2020:10:45:08 +0800] "GET /xingrg/css/new_ie.css HTTP/1.1" 404 1036
101.228.167.227 - - [08/Jul/2020:10:45:09 +0800] "GET /xingrg/kc/print/load_data.html?order_code=212020070803031&kc_code=cgsh&condition= HTTP/1.1" 200 972
116.230.77.149 - - [08/Jul/2020:10:45:09 +0800] "GET /favicon.ico HTTP/1.1" 404 -
116.230.77.149 - - [08/Jul/2020:10:45:09 +0800] "GET /xingrg/check_reg.html?_=1594176303730 HTTP/1.1" 200 22
116.230.77.149 - - [08/Jul/2020:10:45:09 +0800] "GET /xingrg/all/function/internal_message.html?_=1594176303722&CODE_STATE=count HTTP/1.1" 200 11
116.230.77.149 - - [08/Jul/2020:10:45:09 +0800] "POST /xingrg/all/common/load_tree.html?tree=area_rest_tree_json&manage=1 HTTP/1.1" 200 476
117.185.32.26 - - [08/Jul/2020:10:45:09 +0800] "GET /xingrg/images/yd/bt.gif HTTP/1.1" 404 1040
116.230.77.149 - - [08/Jul/2020:10:45:09 +0800] "POST /xingrg/load_menu.html HTTP/1.1" 200 5138
117.185.32.26 - - [08/Jul/2020:10:45:10 +0800] "GET /xingrg/check_reg.html?_=1594176306852 HTTP/1.1" 200 22
117.185.32.26 - - [08/Jul/2020:10:45:10 +0800] "GET /xingrg/kc/buy/cgsh_order_list.html HTTP/1.1" 200 43513
117.185.32.26 - - [08/Jul/2020:10:45:10 +0800] "POST /xingrg/kc/buy/cgsh_list_operate.html HTTP/1.1" 200 876
116.230.77.149 - - [08/Jul/2020:10:45:11 +0800] "GET /xingrg/kc/base/base_main.html HTTP/1.1" 200 12142
114.88.170.9 - - [08/Jul/2020:10:45:12 +0800] "GET /xingrg/check_reg.html?_=1594176310015 HTTP/1.1" 200 22
116.230.77.149 - - [08/Jul/2020:10:45:13 +0800] "GET /xingrg/kc/main_page.html HTTP/1.1" 200 2725
116.230.77.149 - - [08/Jul/2020:10:45:13 +0800] "POST /xingrg/kc/main/get_notify_info.html HTTP/1.1" 200 112
116.230.77.149 - - [08/Jul/2020:10:45:14 +0800] "POST /xingrg/kc/main/get_notify_info.html HTTP/1.1" 200 1362
116.230.77.149 - - [08/Jul/2020:10:45:14 +0800] "GET /xingrg/kc/buy/buy_main.html HTTP/1.1" 200 12412
116.230.77.149 - - [08/Jul/2020:10:45:14 +0800] "GET /xingrg/css/new_ie.css HTTP/1.1" 404 1036
114.88.170.9 - - [08/Jul/2020:10:45:14 +0800] "GET /xingrg/all/function/internal_message.html?_=1594176311773&CODE_STATE=getMsg HTTP/1.1" 200 27
114.89.80.44 - - [08/Jul/2020:10:45:15 +0800] "GET /xingrg/all/function/internal_message.html?_=1594176440782&CODE_STATE=getMsg HTTP/1.1" 200 27
116.230.77.149 - - [08/Jul/2020:10:45:15 +0800] "GET /xingrg/images/yd/bt.gif HTTP/1.1" 404 1040
116.230.77.149 - - [08/Jul/2020:10:45:15 +0800] "GET /xingrg/kc/buy/cgsh_order_list.html HTTP/1.1" 200 43519
117.184.7.30 - - [08/Jul/2020:10:45:16 +0800] "GET /xingrg/login.html HTTP/1.1" 200 7641
117.185.32.26 - - [08/Jul/2020:10:45:16 +0800] "POST /xingrg/kc/buy/cgsh_list_operate.html HTTP/1.1" 200 5969
117.184.7.30 - - [08/Jul/2020:10:45:16 +0800] "GET /xingrg/images/blue/jxLogo.png HTTP/1.1" 200 6156
116.230.77.149 - - [08/Jul/2020:10:45:16 +0800] "POST /xingrg/kc/buy/cgsh_list_operate.html HTTP/1.1" 200 5058
117.184.7.26 - - [08/Jul/2020:10:45:16 +0800] "GET /xingrg/images/blue/hj.png HTTP/1.1" 200 1014
117.184.7.30 - - [08/Jul/2020:10:45:16 +0800] "GET /xingrg/images/blue/login_bg.png HTTP/1.1" 200 22101
117.184.7.26 - - [08/Jul/2020:10:45:16 +0800] "GET /xingrg/images/blue/srbg.png HTTP/1.1" 200 138
117.185.32.26 - - [08/Jul/2020:10:45:17 +0800] "GET /xingrg/all/function/internal_message.html?_=1594176747243&CODE_STATE=getMsg HTTP/1.1" 200 27
116.230.77.149 - - [08/Jul/2020:10:45:19 +0800] "POST /xingrg/kc/buy/cgsh_list_operate.html HTTP/1.1" 200 4331
117.184.7.26 - - [08/Jul/2020:10:45:20 +0800] "GET /xingrg/all/function/internal_message.html?_=1594176314008&CODE_STATE=getMsg HTTP/1.1" 200 27
117.185.32.26 - - [08/Jul/2020:10:45:21 +0800] "POST /xingrg/kc/buy/cgsh_list_operate.html HTTP/1.1" 200 361
116.230.77.149 - - [08/Jul/2020:10:45:22 +0800] "POST /xingrg/kc/buy/cgsh_list_operate.html HTTP/1.1" 200 582
117.185.32.26 - - [08/Jul/2020:10:45:23 +0800] "GET /xingrg/kc/buy/cgsh_order_info.html?code=212020070803030 HTTP/1.1" 200 54154
117.185.32.26 - - [08/Jul/2020:10:45:23 +0800] "GET /xingrg/javascript/easyui/themes/default/validatebox.css HTTP/1.1" 404 1104
117.185.32.26 - - [08/Jul/2020:10:45:23 +0800] "POST /xingrg/kc/buy/cgsh_order_operate.html HTTP/1.1" 200 1818
116.230.77.149 - - [08/Jul/2020:10:45:24 +0800] "GET /xingrg/kc/buy/cgsh_order_info.html?code=212020070803027 HTTP/1.1" 200 59299
116.230.77.149 - - [08/Jul/2020:10:45:24 +0800] "GET /xingrg/javascript/easyui/themes/default/validatebox.css HTTP/1.1" 404 1104
116.230.77.149 - - [08/Jul/2020:10:45:24 +0800] "GET /xingrg/all/common/auto_word.html?type=employee&rest_code=00107 HTTP/1.1" 200 147
116.230.77.149 - - [08/Jul/2020:10:45:24 +0800] "GET /xingrg/all/common/auto_word.html?type=employee&rest_code=00107 HTTP/1.1" 200 147
116.230.77.149 - - [08/Jul/2020:10:45:25 +0800] "POST /xingrg/kc/buy/cgsh_order_operate.html HTTP/1.1" 200 5632
116.230.77.149 - - [08/Jul/2020:10:45:26 +0800] "GET /xingrg/kc/print/load_config.html?kc_code=cgsh HTTP/1.1" 200 1845
116.230.77.149 - - [08/Jul/2020:10:45:26 +0800] "GET /xingrg/kc/print/load_data.html?order_code=212020070803027&kc_code=cgsh&condition= HTTP/1.1" 200 1803
172.17.0.185 - - [08/Jul/2020:10:45:26 +0800] "GET /xingrg/all/function/internal_message.html?_=1594176324728&CODE_STATE=getMsg HTTP/1.1" 200 27
172.17.0.104 - - [08/Jul/2020:10:45:28 +0800] "GET /xingrg/all/function/internal_message.html?_=1594176332594&CODE_STATE=getMsg HTTP/1.1" 200 27
222.69.138.248 - - [08/Jul/2020:10:45:28 +0800] "GET /xingrg/all/function/internal_message.html?_=1594176322634&CODE_STATE=getMsg HTTP/1.1" 200 27
117.184.7.30 - - [08/Jul/2020:10:45:30 +0800] "GET /xingrg/all/function/internal_message.html?_=1594176325672&CODE_STATE=getMsg HTTP/1.1" 200 27
101.228.167.227 - - [08/Jul/2020:10:45:32 +0800] "GET /xingrg/all/function/internal_message.html?_=1594176340338&CODE_STATE=getMsg HTTP/1.1" 200 27
101.228.167.227 - - [08/Jul/2020:10:45:32 +0800] "GET /xingrg/login.html HTTP/1.1" 200 7641
101.228.167.227 - - [08/Jul/2020:10:45:32 +0800] "GET /favicon.ico HTTP/1.1" 404 -
116.233.78.104 - - [08/Jul/2020:10:45:33 +0800] "GET /xingrg/all/function/internal_message.html?_=1594176385824&CODE_STATE=getMsg HTTP/1.1" 200 27
172.17.0.115 - - [08/Jul/2020:10:45:33 +0800] "GET /xingrg/all/function/internal_message.html?_=1594176340454&CODE_STATE=getMsg HTTP/1.1" 200 27
114.88.156.166 - - [08/Jul/2020:10:45:34 +0800] "POST /xingrg/kc/buy/cgsh_order_operate.html HTTP/1.1" 200 37
61.172.5.115 - - [08/Jul/2020:10:45:35 +0800] "GET /xingrg/all/function/internal_message.html?_=1594176336139&CODE_STATE=getMsg HTTP/1.1" 200 27
114.88.156.166 - - [08/Jul/2020:10:45:35 +0800] "POST /xingrg/kc/buy/cgsh_order_operate.html HTTP/1.1" 200 12
114.88.156.166 - - [08/Jul/2020:10:45:36 +0800] "GET /xingrg/kc/buy/cgsh_order_info.html?code=212020070803032 HTTP/1.1" 200 54158
114.88.156.166 - - [08/Jul/2020:10:45:36 +0800] "GET /xingrg/javascript/easyui/themes/default/validatebox.css HTTP/1.1" 404 1104
114.88.156.166 - - [08/Jul/2020:10:45:37 +0800] "POST /xingrg/kc/buy/cgsh_order_operate.html HTTP/1.1" 200 604
172.17.0.101 - - [08/Jul/2020:10:45:37 +0800] "GET /xingrg/all/function/internal_message.html?_=1594176334564&CODE_STATE=getMsg HTTP/1.1" 200 27
114.88.156.166 - - [08/Jul/2020:10:45:38 +0800] "GET /xingrg/kc/print/load_config.html?kc_code=cgsh HTTP/1.1" 200 1845
180.175.214.200 - - [08/Jul/2020:10:45:38 +0800] "GET /xingrg/check_reg.html?_=1594176341413 HTTP/1.1" 200 22
114.88.156.166 - - [08/Jul/2020:10:45:38 +0800] "GET /xingrg/kc/print/load_data.html?order_code=212020070803032&kc_code=cgsh&condition= HTTP/1.1" 200 743
180.175.214.200 - - [08/Jul/2020:10:45:39 +0800] "GET /xingrg/all/function/internal_message.html?_=1594176342645&CODE_STATE=getMsg HTTP/1.1" 200 27
114.89.80.44 - - [08/Jul/2020:10:45:44 +0800] "GET /xingrg/all/function/internal_message.html?_=1594176343200&CODE_STATE=getMsg HTTP/1.1" 200 27
114.89.80.44 - - [08/Jul/2020:10:45:44 +0800] "GET /xingrg/check_reg.html?_=1594176343202 HTTP/1.1" 200 22
120.253.135.82 - - [08/Jul/2020:10:45:45 +0800] "GET /xingrg/all/function/internal_message.html?_=1594176470999&CODE_STATE=getMsg HTTP/1.1" 200 27
172.17.200.101 - - [08/Jul/2020:10:45:45 +0800] "GET /xingrg/all/function/internal_message.html?_=1594176345412&CODE_STATE=getMsg HTTP/1.1" 302 -
172.17.200.101 - - [08/Jul/2020:10:45:45 +0800] "GET /xingrg/check_reg.html?_=1594176345416 HTTP/1.1" 302 -
101.228.167.227 - - [08/Jul/2020:10:45:48 +0800] "POST /xingrg/login.do HTTP/1.1" 302 -
114.88.170.9 - - [08/Jul/2020:10:45:48 +0800] "GET /xingrg/all/function/internal_message.html?_=1594176373684&CODE_STATE=getMsg HTTP/1.1" 200 27
101.228.167.227 - - [08/Jul/2020:10:45:48 +0800] "GET /xingrg/index.html?sysBaseUrl=http%3A%2F%2F180.169.147.146%3A18081%2Fxingrg%2F&costTime=40×tamp=1594176348832 HTTP/1.1" 200 17179
101.228.167.227 - - [08/Jul/2020:10:45:48 +0800] "GET /xingrg/javascript/jquery_easy_ui/easyui-lang-zh_CN.js HTTP/1.1" 304 -
101.228.167.227 - - [08/Jul/2020:10:45:48 +0800] "GET /xingrg/javascript/jquery_easy_ui/themes/default/easyui.css HTTP/1.1" 304 -
101.228.167.227 - - [08/Jul/2020:10:45:48 +0800] "GET /xingrg/javascript/jquery_easy_ui/themes/icon.css HTTP/1.1" 304 -
101.228.167.227 - - [08/Jul/2020:10:45:48 +0800] "GET /xingrg/css/form.css HTTP/1.1" 304 -
101.228.167.227 - - [08/Jul/2020:10:45:48 +0800] "GET /xingrg/javascript/jquery-1.4.2.min.js HTTP/1.1" 304 -
101.228.167.227 - - [08/Jul/2020:10:45:48 +0800] "GET /xingrg/javascript/jquery_easy_ui/jquery.easyui.min.js HTTP/1.1" 304 -
101.228.167.227 - - [08/Jul/2020:10:45:48 +0800] "GET /xingrg/javascript/jquery.form.js HTTP/1.1" 304 -
101.228.167.227 - - [08/Jul/2020:10:45:48 +0800] "GET /xingrg/javascript/jquery.timers.js HTTP/1.1" 304 -
101.228.167.227 - - [08/Jul/2020:10:45:48 +0800] "GET /xingrg/javascript/jquery.utils.js HTTP/1.1" 304 -
101.228.167.227 - - [08/Jul/2020:10:45:49 +0800] "POST /xingrg/all/common/load_tree.html?tree=area_rest_tree_json&manage=1 HTTP/1.1" 200 351
101.228.167.227 - - [08/Jul/2020:10:45:49 +0800] "GET /xingrg/all/function/internal_message.html?_=1594176356951&CODE_STATE=count HTTP/1.1" 200 11
101.228.167.227 - - [08/Jul/2020:10:45:49 +0800] "GET /xingrg/check_reg.html?_=1594176356953 HTTP/1.1" 200 22
101.228.167.227 - - [08/Jul/2020:10:45:49 +0800] "GET /favicon.ico HTTP/1.1" 404 -
101.228.167.227 - - [08/Jul/2020:10:45:49 +0800] "POST /xingrg/load_menu.html HTTP/1.1" 200 5138
101.228.167.227 - - [08/Jul/2020:10:45:51 +0800] "GET /xingrg/kc/buy/cgsh_order_add.html HTTP/1.1" 200 59257
101.228.167.227 - - [08/Jul/2020:10:45:51 +0800] "GET /xingrg/kc/buy/buy_main.html HTTP/1.1" 200 12412
101.228.167.227 - - [08/Jul/2020:10:45:51 +0800] "GET /xingrg/css/blue.css HTTP/1.1" 304 -
101.228.167.227 - - [08/Jul/2020:10:45:51 +0800] "GET /xingrg/css/new_ie.css HTTP/1.1" 404 1036
101.228.167.227 - - [08/Jul/2020:10:45:51 +0800] "GET /xingrg/javascript/jquery_ui/themes/humanity/humanity.css HTTP/1.1" 304 -
101.228.167.227 - - [08/Jul/2020:10:45:51 +0800] "GET /xingrg/javascript/pic_change.js HTTP/1.1" 304 -
101.228.167.227 - - [08/Jul/2020:10:45:51 +0800] "GET /xingrg/javascript/ToolTips.js HTTP/1.1" 304 -
101.228.167.227 - - [08/Jul/2020:10:45:51 +0800] "GET /xingrg/javascript/myfunction.js HTTP/1.1" 304 -
101.228.167.227 - - [08/Jul/2020:10:45:51 +0800] "GET /xingrg/javascript/jquery_ui/jquery-ui.min.js HTTP/1.1" 304 -
101.228.167.227 - - [08/Jul/2020:10:45:51 +0800] "POST /xingrg/kc/buy/cgsh_order_operate.html HTTP/1.1" 200 8245
101.228.167.227 - - [08/Jul/2020:10:45:52 +0800] "GET /xingrg/javascript/easyui/themes/default/validatebox.css HTTP/1.1" 404 1104
114.86.190.97 - - [08/Jul/2020:10:45:52 +0800] "GET /xingrg/all/function/internal_message.html?_=1594176355527&CODE_STATE=getMsg HTTP/1.1" 200 27
101.228.167.227 - - [08/Jul/2020:10:45:52 +0800] "GET /xingrg/images/yd/bt.gif HTTP/1.1" 404 1040
101.228.167.227 - - [08/Jul/2020:10:45:52 +0800] "GET /xingrg/css/base.css HTTP/1.1" 304 -
101.228.167.227 - - [08/Jul/2020:10:45:52 +0800] "GET /xingrg/css/site.css HTTP/1.1" 304 -
101.228.167.227 - - [08/Jul/2020:10:45:52 +0800] "GET /xingrg/javascript/jquery_tools/datebox.css HTTP/1.1" 304 -
101.228.167.227 - - [08/Jul/2020:10:45:52 +0800] "GET /xingrg/javascript/easyui/themes/default/easyui.css HTTP/1.1" 304 -
101.228.167.227 - - [08/Jul/2020:10:45:52 +0800] "GET /xingrg/javascript/easyui/themes/icon.css HTTP/1.1" 304 -
101.228.167.227 - - [08/Jul/2020:10:45:52 +0800] "GET /xingrg/javascript/auto/jquery.autocomplete.css HTTP/1.1" 304 -
101.228.167.227 - - [08/Jul/2020:10:45:52 +0800] "GET /xingrg/javascript/jquery_tools/fix.css HTTP/1.1" 304 -
101.228.167.227 - - [08/Jul/2020:10:45:52 +0800] "GET /xingrg/javascript/jquery_tools/table.css HTTP/1.1" 304 -
101.228.167.227 - - [08/Jul/2020:10:45:52 +0800] "GET /xingrg/javascript/jquery_tools/jquery.tools.min.js HTTP/1.1" 304 -
101.228.167.227 - - [08/Jul/2020:10:45:52 +0800] "GET /xingrg/javascript/jquery_tools/jquery.tools.extend.js HTTP/1.1" 304 -
101.228.167.227 - - [08/Jul/2020:10:45:52 +0800] "GET /xingrg/javascript/jquery_tools/jquery.tools.hotkey.js HTTP/1.1" 304 -
101.228.167.227 - - [08/Jul/2020:10:45:52 +0800] "GET /xingrg/javascript/jquery_tools/jquery.tools.table.js HTTP/1.1" 304 -
101.228.167.227 - - [08/Jul/2020:10:45:52 +0800] "GET /xingrg/javascript/jquery_tools/list_manager.js HTTP/1.1" 304 -
101.228.167.227 - - [08/Jul/2020:10:45:52 +0800] "GET /xingrg/javascript/auto/jquery.autocomplete.js HTTP/1.1" 304 -
101.228.167.227 - - [08/Jul/2020:10:45:52 +0800] "GET /xingrg/javascript/easyui/easyloader.js HTTP/1.1" 304 -
101.228.167.227 - - [08/Jul/2020:10:45:52 +0800] "GET /xingrg/javascript/jquery.cookie.js HTTP/1.1" 304 -
101.228.167.227 - - [08/Jul/2020:10:45:52 +0800] "GET /xingrg/javascript/print/LodopFuncs.js HTTP/1.1" 304 -
101.228.167.227 - - [08/Jul/2020:10:45:52 +0800] "GET /xingrg/kc/buy/cgsh_order_list.html HTTP/1.1" 200 43519
172.17.0.115 - - [08/Jul/2020:10:45:52 +0800] "GET /xingrg/all/function/internal_message.html?_=1594176359877&CODE_STATE=getMsg HTTP/1.1" 200 27
101.228.167.227 - - [08/Jul/2020:10:45:52 +0800] "GET /xingrg/javascript/easyui/plugins/jquery.parser.js HTTP/1.1" 304 -
101.228.167.227 - - [08/Jul/2020:10:45:53 +0800] "POST /xingrg/kc/buy/cgsh_list_operate.html HTTP/1.1" 200 4603
58.40.7.146 - - [08/Jul/2020:10:45:55 +0800] "GET /xingrg/check_reg.html?_=1594176354303 HTTP/1.1" 302 -
117.185.32.26 - - [08/Jul/2020:10:45:58 +0800] "GET /xingrg/all/function/internal_message.html?_=1594176355192&CODE_STATE=getMsg HTTP/1.1" 200 27
114.82.169.54 - - [08/Jul/2020:10:45:58 +0800] "GET /xingrg/all/function/internal_message.html?_=1594176295106&CODE_STATE=getMsg HTTP/1.1" 200 27
101.228.167.227 - - [08/Jul/2020:10:45:58 +0800] "POST /xingrg/kc/buy/cgsh_list_operate.html HTTP/1.1" 200 591
101.228.167.227 - - [08/Jul/2020:10:45:59 +0800] "GET /xingrg/javascript/jquery_tools/order_manager.js HTTP/1.1" 304 -
101.228.167.227 - - [08/Jul/2020:10:45:59 +0800] "GET /xingrg/javascript/convert.js HTTP/1.1" 304 -
101.228.167.227 - - [08/Jul/2020:10:45:59 +0800] "GET /xingrg/javascript/json2.js HTTP/1.1" 304 -
101.228.167.227 - - [08/Jul/2020:10:45:59 +0800] "GET /xingrg/javascript/print/kc_print.js HTTP/1.1" 304 -
101.228.167.227 - - [08/Jul/2020:10:45:59 +0800] "GET /xingrg/kc/buy/cgsh_order_info.html?code=212020070803012 HTTP/1.1" 200 59266
101.228.167.227 - - [08/Jul/2020:10:45:59 +0800] "GET /xingrg/words/20200708101723_words.js HTTP/1.1" 304 -
101.228.167.227 - - [08/Jul/2020:10:46:00 +0800] "GET /xingrg/all/common/auto_word.html?type=employee&rest_code=00146 HTTP/1.1" 200 197
101.228.167.227 - - [08/Jul/2020:10:46:00 +0800] "GET /xingrg/all/common/auto_word.html?type=employee&rest_code=00146 HTTP/1.1" 200 197
101.228.167.227 - - [08/Jul/2020:10:46:00 +0800] "GET /xingrg/javascript/easyui/themes/default/validatebox.css HTTP/1.1" 404 1104
101.228.167.227 - - [08/Jul/2020:10:46:00 +0800] "GET /xingrg/javascript/easyui/plugins/jquery.validatebox.js HTTP/1.1" 304 -
101.228.167.227 - - [08/Jul/2020:10:46:00 +0800] "GET /xingrg/javascript/easyui/plugins/jquery.numberbox.js HTTP/1.1" 304 -
101.228.167.227 - - [08/Jul/2020:10:46:00 +0800] "POST /xingrg/kc/buy/cgsh_order_operate.html HTTP/1.1" 200 6229
114.88.156.166 - - [08/Jul/2020:10:46:02 +0800] "GET /xingrg/check_reg.html?_=1594176351586 HTTP/1.1" 200 22
101.228.167.227 - - [08/Jul/2020:10:46:02 +0800] "GET /xingrg/kc/print/load_config.html?kc_code=cgsh HTTP/1.1" 200 1845
114.88.156.166 - - [08/Jul/2020:10:46:02 +0800] "GET /xingrg/all/function/internal_message.html?_=1594176351587&CODE_STATE=getMsg HTTP/1.1" 200 27
101.228.167.227 - - [08/Jul/2020:10:46:02 +0800] "GET /xingrg/kc/print/load_data.html?order_code=212020070803012&kc_code=cgsh&condition= HTTP/1.1" 200 2144
61.129.6.145 - - [08/Jul/2020:10:46:03 +0800] "GET /xingrg/all/function/internal_message.html?_=1594176051562&CODE_STATE=count HTTP/1.1" 302 -
101.228.167.227 - - [08/Jul/2020:10:46:05 +0800] "GET /xingrg/kc/buy/cgsh_order_operate.html?command=get_materiel&rest_code=00146&code=00101001044&supplier_code=00100319&order_time=2020-07-08 HTTP/1.1" 200 411
172.17.0.120 - - [08/Jul/2020:10:46:08 +0800] "GET /xingrg/all/function/internal_message.html?_=1594176365786&CODE_STATE=getMsg HTTP/1.1" 200 27
116.230.77.149 - - [08/Jul/2020:10:46:09 +0800] "GET /xingrg/all/function/internal_message.html?_=1594176363740&CODE_STATE=getMsg HTTP/1.1" 200 27
61.129.6.145 - - [08/Jul/2020:10:46:11 +0800] "GET /xingrg/login.html HTTP/1.1" 200 7641
114.88.156.166 - - [08/Jul/2020:10:46:12 +0800] "GET /xingrg/kc/buy/cgsh_order_add.html HTTP/1.1" 200 59257
114.88.156.166 - - [08/Jul/2020:10:46:13 +0800] "POST /xingrg/kc/buy/cgsh_order_operate.html HTTP/1.1" 200 8245
114.88.156.166 - - [08/Jul/2020:10:46:13 +0800] "GET /xingrg/javascript/easyui/themes/default/validatebox.css HTTP/1.1" 404 1104
114.88.170.9 - - [08/Jul/2020:10:46:14 +0800] "GET /xingrg/all/function/internal_message.html?_=1594176371787&CODE_STATE=getMsg HTTP/1.1" 200 27
114.89.80.44 - - [08/Jul/2020:10:46:14 +0800] "GET /xingrg/check_reg.html?_=1594176500450 HTTP/1.1" 200 22
114.89.80.44 - - [08/Jul/2020:10:46:15 +0800] "GET /xingrg/all/function/internal_message.html?_=1594176500795&CODE_STATE=getMsg HTTP/1.1" 200 27
101.228.167.227 - - [08/Jul/2020:10:46:15 +0800] "GET /xingrg/kc/buy/cgsh_order_add.html HTTP/1.1" 200 59257
101.228.167.227 - - [08/Jul/2020:10:46:15 +0800] "POST /xingrg/kc/buy/cgsh_order_operate.html HTTP/1.1" 200 8245
101.228.167.227 - - [08/Jul/2020:10:46:15 +0800] "GET /xingrg/javascript/easyui/themes/default/validatebox.css HTTP/1.1" 404 1104
117.185.32.26 - - [08/Jul/2020:10:46:17 +0800] "GET /xingrg/all/function/internal_message.html?_=1594176807244&CODE_STATE=getMsg HTTP/1.1" 200 27
101.89.29.92 - - [08/Jul/2020:10:46:18 +0800] "GET /xingrg/kc/buy/cgsh_order_operate.html?command=get_materiel&rest_code=00141&code=00101009050&supplier_code=00100022&order_time=2020-07-08 HTTP/1.1" 302 -
117.185.32.26 - - [08/Jul/2020:10:46:20 +0800] "GET /xingrg/kc/buy/cgsh_order_add.html HTTP/1.1" 200 59251
117.185.32.26 - - [08/Jul/2020:10:46:20 +0800] "GET /xingrg/words/20200708101723_words.js HTTP/1.1" 304 -
117.185.32.26 - - [08/Jul/2020:10:46:20 +0800] "POST /xingrg/kc/buy/cgsh_order_operate.html HTTP/1.1" 200 8245
117.185.32.26 - - [08/Jul/2020:10:46:20 +0800] "GET /xingrg/javascript/easyui/themes/default/validatebox.css HTTP/1.1" 404 1104
117.184.7.26 - - [08/Jul/2020:10:46:20 +0800] "GET /xingrg/all/function/internal_message.html?_=1594176374010&CODE_STATE=getMsg HTTP/1.1" 200 27
117.184.7.30 - - [08/Jul/2020:10:46:20 +0800] "GET /xingrg/login.html HTTP/1.1" 200 7641
101.89.29.92 - - [08/Jul/2020:10:46:21 +0800] "GET /xingrg/login.html HTTP/1.1" 200 7641
117.184.7.30 - - [08/Jul/2020:10:46:21 +0800] "GET /favicon.ico HTTP/1.1" 404 -
117.185.32.26 - - [08/Jul/2020:10:46:22 +0800] "GET /xingrg/javascript/easyui/themes/default/tree.css HTTP/1.1" 404 1090
117.185.32.26 - - [08/Jul/2020:10:46:22 +0800] "POST /xingrg/all/common/load_tree.html?tree=supplier_tree_json&isDelete=1 HTTP/1.1" 200 49424
101.228.167.227 - - [08/Jul/2020:10:46:24 +0800] "GET /xingrg/kc/buy/cgsh_order_operate.html?command=get_materiel&rest_code=00146&code=00101001125&supplier_code=00100319&order_time=2020-07-08 HTTP/1.1" 200 415
114.88.170.9 - - [08/Jul/2020:10:46:24 +0800] "GET /xingrg/index.html?sysBaseUrl=http%3A%2F%2F180.169.147.146%3A18081%2Fxingrg%2F&costTime=38×tamp=1588335986102 HTTP/1.1" 302 -
114.88.170.9 - - [08/Jul/2020:10:46:24 +0800] "GET /xingrg/login.html HTTP/1.1" 200 7641
114.88.170.9 - - [08/Jul/2020:10:46:25 +0800] "GET /favicon.ico HTTP/1.1" 404 -
172.17.0.185 - - [08/Jul/2020:10:46:26 +0800] "GET /xingrg/check_reg.html?_=1594176384720 HTTP/1.1" 200 22
172.17.0.185 - - [08/Jul/2020:10:46:26 +0800] "GET /xingrg/all/function/internal_message.html?_=1594176384724&CODE_STATE=getMsg HTTP/1.1" 200 27
172.17.0.104 - - [08/Jul/2020:10:46:28 +0800] "GET /xingrg/all/function/internal_message.html?_=1594176392599&CODE_STATE=getMsg HTTP/1.1" 200 27
114.88.170.9 - - [08/Jul/2020:10:46:28 +0800] "POST /xingrg/login.do HTTP/1.1" 302 -
114.88.170.9 - - [08/Jul/2020:10:46:28 +0800] "GET /xingrg/index.html?sysBaseUrl=http%3A%2F%2F180.169.147.146%3A18081%2Fxingrg%2F&costTime=38×tamp=1594176388657 HTTP/1.1" 200 17173
114.88.170.9 - - [08/Jul/2020:10:46:28 +0800] "GET /favicon.ico HTTP/1.1" 404 -
114.88.170.9 - - [08/Jul/2020:10:46:28 +0800] "POST /xingrg/all/common/load_tree.html?tree=area_rest_tree_json&manage=1 HTTP/1.1" 200 342
222.69.138.248 - - [08/Jul/2020:10:46:28 +0800] "GET /xingrg/all/function/internal_message.html?_=1594176382618&CODE_STATE=getMsg HTTP/1.1" 200 27
114.88.170.9 - - [08/Jul/2020:10:46:28 +0800] "GET /xingrg/all/function/internal_message.html?_=1594176413782&CODE_STATE=count HTTP/1.1" 200 11
114.88.170.9 - - [08/Jul/2020:10:46:28 +0800] "GET /xingrg/check_reg.html?_=1594176413783 HTTP/1.1" 200 22
114.88.170.9 - - [08/Jul/2020:10:46:29 +0800] "POST /xingrg/load_menu.html HTTP/1.1" 200 5138
117.184.7.26 - - [08/Jul/2020:10:46:30 +0800] "GET /xingrg/all/function/internal_message.html?_=1594176385683&CODE_STATE=getMsg HTTP/1.1" 200 27
114.88.170.9 - - [08/Jul/2020:10:46:32 +0800] "GET /xingrg/kc/buy/cgsh_order_list.html HTTP/1.1" 200 43513
101.228.167.227 - - [08/Jul/2020:10:46:32 +0800] "GET /xingrg/check_reg.html?_=1594176400245 HTTP/1.1" 200 22
101.228.167.227 - - [08/Jul/2020:10:46:32 +0800] "GET /xingrg/all/function/internal_message.html?_=1594176400354&CODE_STATE=getMsg HTTP/1.1" 200 27
116.233.78.104 - - [08/Jul/2020:10:46:33 +0800] "GET /xingrg/check_reg.html?_=1594176445812 HTTP/1.1" 200 22
116.233.78.104 - - [08/Jul/2020:10:46:33 +0800] "GET /xingrg/all/function/internal_message.html?_=1594176445812&CODE_STATE=getMsg HTTP/1.1" 200 27
172.17.0.115 - - [08/Jul/2020:10:46:33 +0800] "GET /xingrg/all/function/internal_message.html?_=1594176400491&CODE_STATE=getMsg HTTP/1.1" 200 27
114.88.170.9 - - [08/Jul/2020:10:46:34 +0800] "POST /xingrg/kc/buy/cgsh_list_operate.html HTTP/1.1" 200 3135
61.172.5.115 - - [08/Jul/2020:10:46:35 +0800] "GET /xingrg/all/function/internal_message.html?_=1594176396140&CODE_STATE=getMsg HTTP/1.1" 200 27
117.185.32.26 - - [08/Jul/2020:10:46:36 +0800] "GET /xingrg/kc/buy/cgsh_order_operate.html?command=get_materiel&rest_code=00106&code=00101002006&supplier_code=00100091&order_time=2020-07-08 HTTP/1.1" 200 413
172.17.0.101 - - [08/Jul/2020:10:46:37 +0800] "GET /xingrg/all/function/internal_message.html?_=1594176394564&CODE_STATE=getMsg HTTP/1.1" 200 27
101.228.167.227 - - [08/Jul/2020:10:46:39 +0800] "POST /xingrg/kc/buy/cgsh_order_operate.html HTTP/1.1" 200 37
180.175.214.200 - - [08/Jul/2020:10:46:39 +0800] "GET /xingrg/all/function/internal_message.html?_=1594176402659&CODE_STATE=getMsg HTTP/1.1" 200 27
114.88.170.9 - - [08/Jul/2020:10:46:39 +0800] "POST /xingrg/kc/buy/cgsh_list_operate.html HTTP/1.1" 200 3135
101.228.167.227 - - [08/Jul/2020:10:46:40 +0800] "POST /xingrg/kc/buy/cgsh_order_operate.html HTTP/1.1" 200 3255
114.88.156.166 - - [08/Jul/2020:10:46:40 +0800] "GET /xingrg/kc/buy/cgsh_order_operate.html?command=get_materiel&rest_code=00141&code=00101010136&supplier_code=00100036&order_time=2020-07-08 HTTP/1.1" 200 408
114.88.170.9 - - [08/Jul/2020:10:46:41 +0800] "GET /xingrg/kc/buy/cgsh_order_add.html HTTP/1.1" 200 59251
114.88.170.9 - - [08/Jul/2020:10:46:41 +0800] "GET /xingrg/words/20200708101723_words.js HTTP/1.1" 304 -
114.88.170.9 - - [08/Jul/2020:10:46:41 +0800] "GET /xingrg/all/common/auto_word.html?type=employee&rest_code=00111 HTTP/1.1" 200 205
114.88.170.9 - - [08/Jul/2020:10:46:41 +0800] "GET /xingrg/all/common/auto_word.html?type=employee&rest_code=00111 HTTP/1.1" 200 205
114.88.170.9 - - [08/Jul/2020:10:46:41 +0800] "GET /xingrg/javascript/easyui/themes/default/validatebox.css HTTP/1.1" 404 1104
114.88.170.9 - - [08/Jul/2020:10:46:41 +0800] "POST /xingrg/kc/buy/cgsh_order_operate.html HTTP/1.1" 200 8245
114.89.80.44 - - [08/Jul/2020:10:46:42 +0800] "GET /xingrg/kc/buy/cgsh_order_add.html HTTP/1.1" 200 59175
114.88.170.9 - - [08/Jul/2020:10:46:42 +0800] "GET /xingrg/javascript/auto/indicator.gif HTTP/1.1" 404 1066
114.89.80.44 - - [08/Jul/2020:10:46:42 +0800] "GET /xingrg/words/20200708101723_words.js HTTP/1.1" 304 -
114.89.80.44 - - [08/Jul/2020:10:46:42 +0800] "POST /xingrg/kc/buy/cgsh_order_operate.html HTTP/1.1" 200 8245
114.89.80.44 - - [08/Jul/2020:10:46:42 +0800] "GET /xingrg/javascript/easyui/themes/default/validatebox.css HTTP/1.1" 404 1104
120.253.135.82 - - [08/Jul/2020:10:46:43 +0800] "GET /xingrg/check_reg.html?_=1594176529220 HTTP/1.1" 200 22
117.184.7.30 - - [08/Jul/2020:10:46:43 +0800] "POST /xingrg/login.do HTTP/1.1" 200 2421
117.184.7.30 - - [08/Jul/2020:10:46:43 +0800] "GET /xingrg/css/blue.css HTTP/1.1" 200 15949
117.184.7.26 - - [08/Jul/2020:10:46:43 +0800] "GET /xingrg/images/blue/pic_top.gif HTTP/1.1" 200 3656
117.184.7.26 - - [08/Jul/2020:10:46:43 +0800] "GET /xingrg/images/blue/pic_notice.jpg HTTP/1.1" 200 3583
117.184.7.26 - - [08/Jul/2020:10:46:43 +0800] "GET /xingrg/javascript/myfunction.js HTTP/1.1" 200 24559
117.184.7.30 - - [08/Jul/2020:10:46:43 +0800] "GET /xingrg/images/blue/error_buttom.gif HTTP/1.1" 200 1750
117.184.7.26 - - [08/Jul/2020:10:46:43 +0800] "GET /xingrg/images/blue/error_top.gif HTTP/1.1" 200 1790
117.184.7.26 - - [08/Jul/2020:10:46:43 +0800] "GET /xingrg/images/blue/error_mid.gif HTTP/1.1" 200 215
101.228.167.227 - - [08/Jul/2020:10:46:43 +0800] "GET /xingrg/kc/print/load_data.html?order_code=212020070803033&kc_code=cgsh&condition= HTTP/1.1" 200 915
117.184.7.26 - - [08/Jul/2020:10:46:44 +0800] "GET /favicon.ico HTTP/1.1" 404 -
114.89.80.44 - - [08/Jul/2020:10:46:44 +0800] "GET /xingrg/all/function/internal_message.html?_=1594176403201&CODE_STATE=getMsg HTTP/1.1" 200 27
114.88.170.9 - - [08/Jul/2020:10:46:45 +0800] "GET /xingrg/javascript/jquery_tools/images/next.gif HTTP/1.1" 404 1086
114.88.170.9 - - [08/Jul/2020:10:46:45 +0800] "GET /xingrg/javascript/jquery_tools/images/prev.gif HTTP/1.1" 404 1086
120.253.135.82 - - [08/Jul/2020:10:46:45 +0800] "GET /xingrg/all/function/internal_message.html?_=1594176531012&CODE_STATE=getMsg HTTP/1.1" 200 27
172.17.200.101 - - [08/Jul/2020:10:46:45 +0800] "GET /xingrg/all/function/internal_message.html?_=1594176405418&CODE_STATE=getMsg HTTP/1.1" 302 -
101.89.19.149 - - [08/Jul/2020:10:46:47 +0800] "GET /xingrg/kc/print/load_config.html?kc_code=cgsh HTTP/1.1" 302 -
117.184.7.30 - - [08/Jul/2020:10:46:47 +0800] "GET /xingrg/login.html HTTP/1.1" 200 7641
117.184.7.26 - - [08/Jul/2020:10:46:47 +0800] "GET /favicon.ico HTTP/1.1" 404 -
101.228.167.227 - - [08/Jul/2020:10:46:49 +0800] "GET /xingrg/all/function/internal_message.html?_=1594176416959&CODE_STATE=getMsg HTTP/1.1" 200 27
101.227.139.171 - - [08/Jul/2020:10:46:50 +0800] "GET /xingrg/kc/print/load_data.html?order_code=212020070803032&kc_code=cgsh&condition= HTTP/1.1" 302 -
117.185.32.26 - - [08/Jul/2020:10:46:50 +0800] "POST /xingrg/kc/buy/cgsh_order_operate.html HTTP/1.1" 200 37
114.86.190.97 - - [08/Jul/2020:10:46:51 +0800] "GET /xingrg/check_reg.html?_=1594176414507 HTTP/1.1" 200 22
114.88.156.166 - - [08/Jul/2020:10:46:51 +0800] "GET /xingrg/kc/buy/cgsh_order_operate.html?command=get_materiel&rest_code=00141&code=00101011005&supplier_code=00100036&order_time=2020-07-08 HTTP/1.1" 200 427
114.88.170.9 - - [08/Jul/2020:10:46:51 +0800] "GET /xingrg/kc/buy/cgsh_order_operate.html?command=get_materiel&rest_code=00111&code=00101006136&supplier_code=00100012&order_time=2020-07-08 HTTP/1.1" 200 417
114.86.190.97 - - [08/Jul/2020:10:46:52 +0800] "GET /xingrg/all/function/internal_message.html?_=1594176415540&CODE_STATE=getMsg HTTP/1.1" 200 27
172.17.0.115 - - [08/Jul/2020:10:46:52 +0800] "GET /xingrg/all/function/internal_message.html?_=1594176419900&CODE_STATE=getMsg HTTP/1.1" 200 27
117.185.32.26 - - [08/Jul/2020:10:46:52 +0800] "POST /xingrg/kc/buy/cgsh_order_operate.html HTTP/1.1" 200 12
117.185.32.26 - - [08/Jul/2020:10:46:53 +0800] "GET /xingrg/kc/buy/cgsh_order_info.html?code=212020070803034 HTTP/1.1" 200 54158
117.185.32.26 - - [08/Jul/2020:10:46:53 +0800] "GET /xingrg/javascript/easyui/themes/default/validatebox.css HTTP/1.1" 404 1104
117.185.32.26 - - [08/Jul/2020:10:46:54 +0800] "POST /xingrg/kc/buy/cgsh_order_operate.html HTTP/1.1" 200 610
101.89.19.149 - - [08/Jul/2020:10:46:54 +0800] "GET /xingrg/login.html HTTP/1.1" 200 7641
101.227.139.171 - - [08/Jul/2020:10:46:54 +0800] "GET /xingrg/login.html HTTP/1.1" 200 7641
117.185.32.26 - - [08/Jul/2020:10:46:56 +0800] "GET /xingrg/kc/print/load_data.html?order_code=212020070803034&kc_code=cgsh&condition= HTTP/1.1" 200 768
114.86.190.97 - - [08/Jul/2020:10:46:57 +0800] "GET /xingrg/login.html HTTP/1.1" 200 7641
101.228.167.227 - - [08/Jul/2020:10:46:57 +0800] "GET /xingrg/kc/buy/cgsh_order_add.html HTTP/1.1" 200 59257
101.228.167.227 - - [08/Jul/2020:10:46:57 +0800] "POST /xingrg/kc/buy/cgsh_order_operate.html HTTP/1.1" 200 8245
101.228.167.227 - - [08/Jul/2020:10:46:57 +0800] "GET /xingrg/javascript/easyui/themes/default/validatebox.css HTTP/1.1" 404 1104
114.86.190.97 - - [08/Jul/2020:10:46:58 +0800] "GET /favicon.ico HTTP/1.1" 404 -
117.185.32.26 - - [08/Jul/2020:10:46:58 +0800] "GET /xingrg/all/function/internal_message.html?_=1594176415171&CODE_STATE=getMsg HTTP/1.1" 200 27
114.82.169.54 - - [08/Jul/2020:10:46:58 +0800] "GET /xingrg/all/function/internal_message.html?_=1594176355131&CODE_STATE=getMsg HTTP/1.1" 200 27
114.88.156.166 - - [08/Jul/2020:10:46:59 +0800] "GET /xingrg/kc/buy/cgsh_order_operate.html?command=get_materiel&rest_code=00141&code=00101016025&supplier_code=00100036&order_time=2020-07-08 HTTP/1.1" 200 408
114.88.156.166 - - [08/Jul/2020:10:47:01 +0800] "GET /xingrg/all/function/internal_message.html?_=1594176411592&CODE_STATE=getMsg HTTP/1.1" 200 27
117.184.7.26 - - [08/Jul/2020:10:47:04 +0800] "POST /xingrg/login.do HTTP/1.1" 302 -
117.184.7.26 - - [08/Jul/2020:10:47:04 +0800] "GET /xingrg/index.html?sysBaseUrl=http%3A%2F%2F180.169.147.146%3A18081%2Fxingrg%2F&costTime=46×tamp=1594176424103 HTTP/1.1" 200 17419
117.184.7.30 - - [08/Jul/2020:10:47:04 +0800] "GET /xingrg/javascript/jquery_easy_ui/themes/icon.css HTTP/1.1" 200 3949
117.184.7.26 - - [08/Jul/2020:10:47:04 +0800] "GET /xingrg/css/form.css HTTP/1.1" 200 893
117.184.7.30 - - [08/Jul/2020:10:47:04 +0800] "GET /xingrg/javascript/jquery-1.4.2.min.js HTTP/1.1" 200 72205
117.184.7.30 - - [08/Jul/2020:10:47:04 +0800] "GET /xingrg/javascript/jquery_easy_ui/easyui-lang-zh_CN.js HTTP/1.1" 200 1900
117.184.7.30 - - [08/Jul/2020:10:47:04 +0800] "GET /xingrg/javascript/jquery_easy_ui/jquery.easyui.min.js HTTP/1.1" 200 213662
117.184.7.26 - - [08/Jul/2020:10:47:04 +0800] "GET /xingrg/javascript/jquery_easy_ui/themes/default/easyui.css HTTP/1.1" 200 26500
117.184.7.30 - - [08/Jul/2020:10:47:04 +0800] "GET /xingrg/javascript/jquery.form.js HTTP/1.1" 200 8192
117.184.7.30 - - [08/Jul/2020:10:47:04 +0800] "GET /xingrg/javascript/jquery.timers.js HTTP/1.1" 200 3532
117.184.7.26 - - [08/Jul/2020:10:47:04 +0800] "GET /xingrg/javascript/jquery_easy_ui/themes/default/easyui.css HTTP/1.1" 200 26500
117.184.7.30 - - [08/Jul/2020:10:47:04 +0800] "GET /xingrg/javascript/jquery-1.4.2.min.js HTTP/1.1" 200 72205
117.184.7.26 - - [08/Jul/2020:10:47:04 +0800] "GET /xingrg/javascript/jquery_easy_ui/jquery.easyui.min.js HTTP/1.1" 200 213662
117.184.7.26 - - [08/Jul/2020:10:47:04 +0800] "GET /favicon.ico HTTP/1.1" 404 -
117.184.7.30 - - [08/Jul/2020:10:47:04 +0800] "GET /favicon.ico HTTP/1.1" 404 -
117.184.7.26 - - [08/Jul/2020:10:47:04 +0800] "GET /xingrg/javascript/jquery_easy_ui/easyui-lang-zh_CN.js HTTP/1.1" 200 1900
117.184.7.30 - - [08/Jul/2020:10:47:04 +0800] "GET /xingrg/javascript/jquery.form.js HTTP/1.1" 200 23110
117.184.7.26 - - [08/Jul/2020:10:47:04 +0800] "GET /xingrg/javascript/jquery.utils.js HTTP/1.1" 200 11805
117.184.7.26 - - [08/Jul/2020:10:47:04 +0800] "GET /xingrg/javascript/jquery.timers.js HTTP/1.1" 200 3532
117.184.7.30 - - [08/Jul/2020:10:47:04 +0800] "GET /xingrg/javascript/jquery_easy_ui/themes/icons/settle_new.png HTTP/1.1" 200 826
117.184.7.26 - - [08/Jul/2020:10:47:04 +0800] "GET /xingrg/images/blue/navBackgound.jpg HTTP/1.1" 200 12378
117.184.7.26 - - [08/Jul/2020:10:47:04 +0800] "POST /xingrg/all/common/load_tree.html?tree=area_rest_tree_json&manage=1 HTTP/1.1" 200 470
117.184.7.26 - - [08/Jul/2020:10:47:04 +0800] "GET /xingrg/all/function/internal_message.html?_=1594177142570&CODE_STATE=count HTTP/1.1" 200 11
117.184.7.26 - - [08/Jul/2020:10:47:04 +0800] "GET /xingrg/check_reg.html?_=1594177142572 HTTP/1.1" 200 22
117.184.7.30 - - [08/Jul/2020:10:47:04 +0800] "GET /xingrg/images/blue/pingpu.png HTTP/1.1" 200 231
114.86.190.97 - - [08/Jul/2020:10:47:04 +0800] "POST /xingrg/login.do HTTP/1.1" 302 -
117.184.7.30 - - [08/Jul/2020:10:47:04 +0800] "GET /xingrg/javascript/jquery_easy_ui/themes/default/images/panel_tool_collapse.gif HTTP/1.1" 200 246
