120.253.135.82 - - [05/Jul/2020:06:19:16 +0800] "POST /xingrg/kc/pszx/mdps_order_operate.html HTTP/1.1" 200 37
116.233.76.189 - - [05/Jul/2020:06:19:16 +0800] "POST /xingrg/services/DataTransmitService HTTP/1.1" 200 501
120.253.135.82 - - [05/Jul/2020:06:19:16 +0800] "GET /xingrg/kc/pszx/mdps_order_info.html?code=312020070500101 HTTP/1.1" 200 23843
120.253.135.82 - - [05/Jul/2020:06:19:17 +0800] "POST /xingrg/kc/pszx/mdps_order_operate.html HTTP/1.1" 200 2289
120.253.135.82 - - [05/Jul/2020:06:19:17 +0800] "GET /xingrg/javascript/easyui/themes/default/validatebox.css HTTP/1.1" 404 1104
116.233.76.189 - - [05/Jul/2020:06:19:17 +0800] "POST /xingrg/services/DataTransmitService HTTP/1.1" 200 501
116.233.76.189 - - [05/Jul/2020:06:19:18 +0800] "POST /xingrg/services/DataTransmitService HTTP/1.1" 200 412
120.253.135.82 - - [05/Jul/2020:06:19:19 +0800] "POST /xingrg/kc/pszx/mdps_list_operate.html HTTP/1.1" 200 1681
120.253.135.82 - - [05/Jul/2020:06:19:24 +0800] "GET /xingrg/all/function/internal_message.html?_=1593900915586&CODE_STATE=getMsg HTTP/1.1" 200 27
172.17.0.240 - - [05/Jul/2020:06:19:41 +0800] "GET /xingrg/check_reg.html?_=1593901176707 HTTP/1.1" 200 22
172.17.0.240 - - [05/Jul/2020:06:19:41 +0800] "GET /xingrg/all/function/internal_message.html?_=1593901176708&CODE_STATE=getMsg HTTP/1.1" 200 27
120.253.135.82 - - [05/Jul/2020:06:19:42 +0800] "POST /xingrg/kc/pszx/mdps_list_operate.html HTTP/1.1" 200 868
172.17.0.100 - - [05/Jul/2020:06:19:42 +0800] "GET /xingrg/check_reg.html?_=1593901176817 HTTP/1.1" 200 22
172.17.0.100 - - [05/Jul/2020:06:19:42 +0800] "GET /xingrg/all/function/internal_message.html?_=1593901176820&CODE_STATE=getMsg HTTP/1.1" 200 27
101.85.53.146 - - [05/Jul/2020:06:19:44 +0800] "GET /xingrg/all/function/internal_message.html?_=1593900579803&CODE_STATE=getMsg HTTP/1.1" 200 27
101.228.167.227 - - [05/Jul/2020:06:19:45 +0800] "GET /xingrg/check_reg.html?_=1593901206634 HTTP/1.1" 200 22
120.253.135.82 - - [05/Jul/2020:06:19:46 +0800] "GET /xingrg/kc/pszx/mdqp_order_list.html?state=10 HTTP/1.1" 200 14984
120.253.135.82 - - [05/Jul/2020:06:19:46 +0800] "GET /xingrg/dwr/interface/AjaxReportQueryService.js HTTP/1.1" 200 13203
120.253.135.82 - - [05/Jul/2020:06:19:46 +0800] "GET /xingrg/dwr/interface/AjaxQqpsService.js HTTP/1.1" 200 16326
120.253.135.82 - - [05/Jul/2020:06:19:46 +0800] "GET /xingrg/dwr/engine.js HTTP/1.1" 200 43631
120.253.135.82 - - [05/Jul/2020:06:19:52 +0800] "GET /xingrg/kc/pszx/mdqp_order_info.html?code=302020070400054 HTTP/1.1" 200 13350
120.253.135.82 - - [05/Jul/2020:06:19:52 +0800] "GET /xingrg/dwr/interface/AjaxQqpsService.js HTTP/1.1" 200 16326
120.253.135.82 - - [05/Jul/2020:06:19:52 +0800] "GET /xingrg/dwr/interface/AjaxComOrderService.js HTTP/1.1" 200 18264
120.253.135.82 - - [05/Jul/2020:06:19:52 +0800] "GET /xingrg/dwr/engine.js HTTP/1.1" 200 43631
120.253.135.82 - - [05/Jul/2020:06:19:52 +0800] "POST /xingrg/dwr/call/plaincall/AjaxQqpsService.loadMaterielItems.dwr HTTP/1.1" 200 347
120.253.135.82 - - [05/Jul/2020:06:19:55 +0800] "GET /xingrg/images/yd/bt.gif HTTP/1.1" 404 1040
120.253.135.82 - - [05/Jul/2020:06:19:55 +0800] "GET /xingrg/images/yd/bt2.gif HTTP/1.1" 404 1042
120.253.135.82 - - [05/Jul/2020:06:19:56 +0800] "GET /xingrg/kc/pszx/mdqp_order_list.html?isBack=1 HTTP/1.1" 302 -
120.253.135.82 - - [05/Jul/2020:06:19:56 +0800] "GET /xingrg/kc/pszx/mdqp_order_list.html?state=10 HTTP/1.1" 200 14984
120.253.135.82 - - [05/Jul/2020:06:19:56 +0800] "GET /xingrg/dwr/interface/AjaxReportQueryService.js HTTP/1.1" 200 13203
120.253.135.82 - - [05/Jul/2020:06:19:56 +0800] "GET /xingrg/dwr/interface/AjaxQqpsService.js HTTP/1.1" 200 16326
120.253.135.82 - - [05/Jul/2020:06:19:56 +0800] "GET /xingrg/dwr/engine.js HTTP/1.1" 200 43631
172.17.0.240 - - [05/Jul/2020:06:19:58 +0800] "GET /xingrg/all/function/internal_message.html?_=1593901192984&CODE_STATE=getMsg HTTP/1.1" 200 27
61.172.5.115 - - [05/Jul/2020:06:20:04 +0800] "GET /xingrg/all/function/internal_message.html?_=1593901201784&CODE_STATE=getMsg HTTP/1.1" 200 27
120.253.135.82 - - [05/Jul/2020:06:20:09 +0800] "GET /xingrg/kc/pszx/jzcl_ps.html HTTP/1.1" 200 7683
120.253.135.82 - - [05/Jul/2020:06:20:09 +0800] "POST /xingrg/all/common/load_tree.html?tree=area_rest_tree_json HTTP/1.1" 200 3216
120.253.135.82 - - [05/Jul/2020:06:20:09 +0800] "POST /xingrg/kc/pszx/jzcl_ps_operate.html HTTP/1.1" 200 4828
120.253.135.82 - - [05/Jul/2020:06:20:09 +0800] "POST /xingrg/kc/pszx/jzcl_ps_operate.html HTTP/1.1" 200 4828
101.228.167.227 - - [05/Jul/2020:06:20:15 +0800] "GET /xingrg/all/function/internal_message.html?_=1593901236490&CODE_STATE=getMsg HTTP/1.1" 200 27
120.253.135.82 - - [05/Jul/2020:06:20:24 +0800] "GET /xingrg/all/function/internal_message.html?_=1593900975601&CODE_STATE=getMsg HTTP/1.1" 200 27
120.253.135.82 - - [05/Jul/2020:06:20:40 +0800] "GET /xingrg/javascript/jquery_easy_ui/themes/default/images/tree_checkbox_1.gif HTTP/1.1" 200 174
120.253.135.82 - - [05/Jul/2020:06:20:40 +0800] "GET /xingrg/javascript/jquery_easy_ui/themes/default/images/tree_checkbox_2.gif HTTP/1.1" 200 181
172.17.0.240 - - [05/Jul/2020:06:20:41 +0800] "GET /xingrg/all/function/internal_message.html?_=1593901236709&CODE_STATE=getMsg HTTP/1.1" 200 27
120.253.135.82 - - [05/Jul/2020:06:20:42 +0800] "POST /xingrg/kc/pszx/jzcl_ps_operate.html HTTP/1.1" 200 397
172.17.0.100 - - [05/Jul/2020:06:20:42 +0800] "GET /xingrg/all/function/internal_message.html?_=1593901236846&CODE_STATE=getMsg HTTP/1.1" 200 27
101.85.53.146 - - [05/Jul/2020:06:20:44 +0800] "GET /xingrg/all/function/internal_message.html?_=1593900639803&CODE_STATE=getMsg HTTP/1.1" 200 27
120.253.135.82 - - [05/Jul/2020:06:20:49 +0800] "POST /xingrg/kc/pszx/jzcl_ps_operate.html HTTP/1.1" 200 4
120.253.135.82 - - [05/Jul/2020:06:20:50 +0800] "GET /xingrg/kc/pszx/mdps_order_list.html HTTP/1.1" 200 21018
120.253.135.82 - - [05/Jul/2020:06:20:50 +0800] "POST /xingrg/kc/pszx/jzcl_ps_operate.html HTTP/1.1" 200 21
120.253.135.82 - - [05/Jul/2020:06:20:50 +0800] "POST /xingrg/kc/pszx/mdps_list_operate.html HTTP/1.1" 200 5207
120.253.135.82 - - [05/Jul/2020:06:20:54 +0800] "GET /xingrg/kc/pszx/mdps_order_list.html?orderType=0 HTTP/1.1" 200 21018
120.253.135.82 - - [05/Jul/2020:06:20:54 +0800] "POST /xingrg/kc/pszx/mdps_list_operate.html HTTP/1.1" 200 5207
172.17.0.240 - - [05/Jul/2020:06:20:58 +0800] "GET /xingrg/all/function/internal_message.html?_=1593901252987&CODE_STATE=getMsg HTTP/1.1" 200 27
120.253.135.82 - - [05/Jul/2020:06:21:04 +0800] "POST /xingrg/kc/pszx/mdps_list_operate.html HTTP/1.1" 200 1692
61.172.5.115 - - [05/Jul/2020:06:21:04 +0800] "GET /xingrg/all/function/internal_message.html?_=1593901261783&CODE_STATE=getMsg HTTP/1.1" 200 27
120.253.135.82 - - [05/Jul/2020:06:21:06 +0800] "POST /xingrg/kc/pszx/mdps_list_operate.html HTTP/1.1" 200 643
120.253.135.82 - - [05/Jul/2020:06:21:07 +0800] "GET /xingrg/kc/pszx/mdps_order_info.html?code=312020070500100 HTTP/1.1" 200 23849
120.253.135.82 - - [05/Jul/2020:06:21:07 +0800] "POST /xingrg/kc/pszx/mdps_order_operate.html HTTP/1.1" 200 7326
120.253.135.82 - - [05/Jul/2020:06:21:07 +0800] "GET /xingrg/javascript/easyui/themes/default/validatebox.css HTTP/1.1" 404 1104
120.253.135.82 - - [05/Jul/2020:06:21:10 +0800] "POST /xingrg/kc/pszx/mdps_order_operate.html HTTP/1.1" 200 37
120.253.135.82 - - [05/Jul/2020:06:21:11 +0800] "GET /xingrg/kc/pszx/mdps_order_info.html?code=312020070500100 HTTP/1.1" 200 23849
120.253.135.82 - - [05/Jul/2020:06:21:11 +0800] "GET /xingrg/javascript/easyui/themes/default/validatebox.css HTTP/1.1" 404 1104
120.253.135.82 - - [05/Jul/2020:06:21:11 +0800] "POST /xingrg/kc/pszx/mdps_order_operate.html HTTP/1.1" 200 7413
101.228.167.227 - - [05/Jul/2020:06:21:15 +0800] "GET /xingrg/all/function/internal_message.html?_=1593901296504&CODE_STATE=getMsg HTTP/1.1" 200 27
120.253.135.82 - - [05/Jul/2020:06:21:24 +0800] "GET /xingrg/all/function/internal_message.html?_=1593901035613&CODE_STATE=getMsg HTTP/1.1" 200 27
172.17.0.240 - - [05/Jul/2020:06:21:41 +0800] "GET /xingrg/all/function/internal_message.html?_=1593901296714&CODE_STATE=getMsg HTTP/1.1" 200 27
172.17.0.100 - - [05/Jul/2020:06:21:42 +0800] "GET /xingrg/all/function/internal_message.html?_=1593901296846&CODE_STATE=getMsg HTTP/1.1" 200 27
101.85.53.146 - - [05/Jul/2020:06:21:44 +0800] "GET /xingrg/all/function/internal_message.html?_=1593900699813&CODE_STATE=getMsg HTTP/1.1" 200 27
172.17.0.240 - - [05/Jul/2020:06:21:58 +0800] "GET /xingrg/all/function/internal_message.html?_=1593901313001&CODE_STATE=getMsg HTTP/1.1" 200 27
120.253.135.82 - - [05/Jul/2020:06:22:00 +0800] "GET /xingrg/javascript/jquery_easy_ui/themes/default/images/tabs_active.png HTTP/1.1" 200 2894
120.253.135.82 - - [05/Jul/2020:06:22:02 +0800] "GET /xingrg/kc/report/report_main.html HTTP/1.1" 200 9370
120.253.135.82 - - [05/Jul/2020:06:22:02 +0800] "GET /xingrg/javascript/jquery_ui/themes/humanity/humanity.css HTTP/1.1" 200 27801
120.253.135.82 - - [05/Jul/2020:06:22:03 +0800] "GET /xingrg/kc/base/kc_stocks.html HTTP/1.1" 200 16329
120.253.135.82 - - [05/Jul/2020:06:22:03 +0800] "GET /xingrg/javascript/easyui/themes/sunny/easyui.css HTTP/1.1" 200 34304
120.253.135.82 - - [05/Jul/2020:06:22:03 +0800] "GET /xingrg/javascript/easyui/themes/icons/print_new.png HTTP/1.1" 200 3580
120.253.135.82 - - [05/Jul/2020:06:22:03 +0800] "GET /xingrg/javascript/easyui/themes/icons/filter_new.png HTTP/1.1" 200 795
120.253.135.82 - - [05/Jul/2020:06:22:03 +0800] "GET /xingrg/javascript/easyui/themes/icons/refresh_new.png HTTP/1.1" 200 685
120.253.135.82 - - [05/Jul/2020:06:22:03 +0800] "GET /xingrg/javascript/easyui/plugins/jquery.draggable.js HTTP/1.1" 200 6121
120.253.135.82 - - [05/Jul/2020:06:22:03 +0800] "GET /xingrg/javascript/easyui/plugins/jquery.droppable.js HTTP/1.1" 200 1167
120.253.135.82 - - [05/Jul/2020:06:22:03 +0800] "GET /xingrg/javascript/easyui/themes/default/tree.css HTTP/1.1" 404 1090
120.253.135.82 - - [05/Jul/2020:06:22:03 +0800] "GET /xingrg/javascript/easyui/plugins/jquery.tree.js HTTP/1.1" 200 20874
120.253.135.82 - - [05/Jul/2020:06:22:03 +0800] "POST /xingrg/all/common/load_tree.html?tree=materiel_sort_tree_json HTTP/1.1" 200 8666
120.253.135.82 - - [05/Jul/2020:06:22:03 +0800] "GET /xingrg/javascript/easyui/themes/sunny/images/tree_arrows.gif HTTP/1.1" 200 617
120.253.135.82 - - [05/Jul/2020:06:22:03 +0800] "GET /xingrg/javascript/easyui/themes/sunny/images/tree_folder_open.gif HTTP/1.1" 200 956
120.253.135.82 - - [05/Jul/2020:06:22:03 +0800] "GET /xingrg/javascript/easyui/themes/sunny/images/tree_file.gif HTTP/1.1" 200 118
120.253.135.82 - - [05/Jul/2020:06:22:03 +0800] "GET /xingrg/javascript/easyui/themes/sunny/images/tree_folder.gif HTTP/1.1" 304 -
120.253.135.82 - - [05/Jul/2020:06:22:04 +0800] "GET /xingrg/css/images/panel_loading.gif HTTP/1.1" 200 1737
120.253.135.82 - - [05/Jul/2020:06:22:04 +0800] "POST /xingrg/all/common/load_combo.html?type=base HTTP/1.1" 200 899
61.172.5.115 - - [05/Jul/2020:06:22:04 +0800] "GET /xingrg/all/function/internal_message.html?_=1593901321781&CODE_STATE=getMsg HTTP/1.1" 200 27
61.172.5.115 - - [05/Jul/2020:06:22:04 +0800] "GET /xingrg/check_reg.html?_=1593901321782 HTTP/1.1" 200 22
120.253.135.82 - - [05/Jul/2020:06:22:07 +0800] "GET /xingrg/check_reg.html?_=1593901442096 HTTP/1.1" 200 22
120.253.135.82 - - [05/Jul/2020:06:22:12 +0800] "POST /xingrg/kc/base/stock_operate.html HTTP/1.1" 200 1469
120.253.135.82 - - [05/Jul/2020:06:22:12 +0800] "GET /xingrg/javascript/jquery_tools/fix_table.js HTTP/1.1" 200 6528
101.228.167.227 - - [05/Jul/2020:06:22:15 +0800] "GET /xingrg/all/function/internal_message.html?_=1593901356750&CODE_STATE=getMsg HTTP/1.1" 200 27
120.253.135.82 - - [05/Jul/2020:06:22:24 +0800] "GET /xingrg/all/function/internal_message.html?_=1593901095626&CODE_STATE=getMsg HTTP/1.1" 200 27
120.253.135.82 - - [05/Jul/2020:06:22:25 +0800] "GET /xingrg/kc/pszx/mdps_order_list.html?orderType=0 HTTP/1.1" 200 21018
120.253.135.82 - - [05/Jul/2020:06:22:25 +0800] "POST /xingrg/kc/pszx/mdps_list_operate.html HTTP/1.1" 200 5207
120.253.135.82 - - [05/Jul/2020:06:22:34 +0800] "POST /xingrg/kc/pszx/mdps_list_operate.html HTTP/1.1" 200 1692
120.253.135.82 - - [05/Jul/2020:06:22:35 +0800] "POST /xingrg/kc/pszx/mdps_list_operate.html HTTP/1.1" 200 643
120.253.135.82 - - [05/Jul/2020:06:22:35 +0800] "GET /xingrg/kc/pszx/mdps_order_info.html?code=312020070500100 HTTP/1.1" 200 23849
120.253.135.82 - - [05/Jul/2020:06:22:36 +0800] "POST /xingrg/kc/pszx/mdps_order_operate.html HTTP/1.1" 200 7413
120.253.135.82 - - [05/Jul/2020:06:22:36 +0800] "GET /xingrg/javascript/easyui/themes/default/validatebox.css HTTP/1.1" 404 1104
172.17.0.240 - - [05/Jul/2020:06:22:41 +0800] "GET /xingrg/all/function/internal_message.html?_=1593901356715&CODE_STATE=getMsg HTTP/1.1" 200 27
172.17.0.100 - - [05/Jul/2020:06:22:42 +0800] "GET /xingrg/all/function/internal_message.html?_=1593901356848&CODE_STATE=getMsg HTTP/1.1" 200 27
101.85.53.146 - - [05/Jul/2020:06:22:44 +0800] "GET /xingrg/all/function/internal_message.html?_=1593900759818&CODE_STATE=getMsg HTTP/1.1" 200 27
114.88.170.9 - - [05/Jul/2020:06:22:46 +0800] "GET /xingrg/check_reg.html?_=1593901362399 HTTP/1.1" 200 22
172.17.0.240 - - [05/Jul/2020:06:22:58 +0800] "GET /xingrg/check_reg.html?_=1593901372988 HTTP/1.1" 200 22
172.17.0.240 - - [05/Jul/2020:06:22:58 +0800] "GET /xingrg/all/function/internal_message.html?_=1593901372990&CODE_STATE=getMsg HTTP/1.1" 200 27
120.253.135.82 - - [05/Jul/2020:06:23:00 +0800] "POST /xingrg/kc/pszx/mdps_order_operate.html HTTP/1.1" 200 37
120.253.135.82 - - [05/Jul/2020:06:23:01 +0800] "GET /xingrg/kc/pszx/mdps_order_info.html?code=312020070500100 HTTP/1.1" 200 23849
120.253.135.82 - - [05/Jul/2020:06:23:02 +0800] "POST /xingrg/kc/pszx/mdps_order_operate.html HTTP/1.1" 200 7413
120.253.135.82 - - [05/Jul/2020:06:23:02 +0800] "GET /xingrg/javascript/easyui/themes/default/validatebox.css HTTP/1.1" 404 1104
61.172.5.115 - - [05/Jul/2020:06:23:04 +0800] "GET /xingrg/all/function/internal_message.html?_=1593901381782&CODE_STATE=getMsg HTTP/1.1" 200 27
120.253.135.82 - - [05/Jul/2020:06:23:14 +0800] "POST /xingrg/kc/pszx/mdps_order_operate.html HTTP/1.1" 200 37
120.253.135.82 - - [05/Jul/2020:06:23:15 +0800] "GET /xingrg/kc/pszx/mdps_order_info.html?code=312020070500100 HTTP/1.1" 200 23849
120.253.135.82 - - [05/Jul/2020:06:23:15 +0800] "POST /xingrg/kc/pszx/mdps_order_operate.html HTTP/1.1" 200 7413
120.253.135.82 - - [05/Jul/2020:06:23:15 +0800] "GET /xingrg/javascript/easyui/themes/default/validatebox.css HTTP/1.1" 404 1104
101.228.167.227 - - [05/Jul/2020:06:23:15 +0800] "GET /xingrg/all/function/internal_message.html?_=1593901416766&CODE_STATE=getMsg HTTP/1.1" 200 27
120.253.135.82 - - [05/Jul/2020:06:23:19 +0800] "GET /xingrg/kc/pszx/mdps_order_info.html?code=312020070500100 HTTP/1.1" 200 23849
120.253.135.82 - - [05/Jul/2020:06:23:19 +0800] "POST /xingrg/kc/pszx/mdps_order_operate.html HTTP/1.1" 200 7413
120.253.135.82 - - [05/Jul/2020:06:23:19 +0800] "GET /xingrg/javascript/easyui/themes/default/validatebox.css HTTP/1.1" 404 1104
120.253.135.82 - - [05/Jul/2020:06:23:24 +0800] "GET /xingrg/check_reg.html?_=1593901155504 HTTP/1.1" 200 22
120.253.135.82 - - [05/Jul/2020:06:23:24 +0800] "GET /xingrg/all/function/internal_message.html?_=1593901155640&CODE_STATE=getMsg HTTP/1.1" 200 27
120.253.135.82 - - [05/Jul/2020:06:23:27 +0800] "POST /xingrg/kc/pszx/mdps_list_operate.html HTTP/1.1" 200 1692
120.253.135.82 - - [05/Jul/2020:06:23:28 +0800] "POST /xingrg/kc/pszx/mdps_list_operate.html HTTP/1.1" 200 643
120.253.135.82 - - [05/Jul/2020:06:23:29 +0800] "GET /xingrg/kc/pszx/mdps_order_info.html?code=312020070500100 HTTP/1.1" 200 23849
120.253.135.82 - - [05/Jul/2020:06:23:29 +0800] "POST /xingrg/kc/pszx/mdps_order_operate.html HTTP/1.1" 200 7413
120.253.135.82 - - [05/Jul/2020:06:23:29 +0800] "GET /xingrg/javascript/easyui/themes/default/validatebox.css HTTP/1.1" 404 1104
120.253.135.82 - - [05/Jul/2020:06:23:31 +0800] "GET /xingrg/kc/print/load_config.html?kc_code=mdps HTTP/1.1" 200 2396
120.253.135.82 - - [05/Jul/2020:06:23:31 +0800] "GET /xingrg/kc/print/load_data.html?order_code=312020070500100&kc_code=mdps&condition= HTTP/1.1" 200 3118
172.17.0.240 - - [05/Jul/2020:06:23:42 +0800] "GET /xingrg/all/function/internal_message.html?_=1593901416717&CODE_STATE=getMsg HTTP/1.1" 200 27
172.17.0.100 - - [05/Jul/2020:06:23:42 +0800] "GET /xingrg/all/function/internal_message.html?_=1593901416848&CODE_STATE=getMsg HTTP/1.1" 200 27
101.85.53.146 - - [05/Jul/2020:06:23:44 +0800] "GET /xingrg/check_reg.html?_=1593900819820 HTTP/1.1" 200 22
101.85.53.146 - - [05/Jul/2020:06:23:44 +0800] "GET /xingrg/all/function/internal_message.html?_=1593900819823&CODE_STATE=getMsg HTTP/1.1" 200 27
120.253.135.82 - - [05/Jul/2020:06:23:56 +0800] "GET /xingrg/check_reg.html?_=1593901551915 HTTP/1.1" 200 22
172.17.0.240 - - [05/Jul/2020:06:23:58 +0800] "GET /xingrg/all/function/internal_message.html?_=1593901432990&CODE_STATE=getMsg HTTP/1.1" 200 27
120.253.135.82 - - [05/Jul/2020:06:24:01 +0800] "POST /xingrg/kc/pszx/mdps_list_operate.html HTTP/1.1" 200 1692
61.172.5.115 - - [05/Jul/2020:06:24:04 +0800] "GET /xingrg/all/function/internal_message.html?_=1593901441780&CODE_STATE=getMsg HTTP/1.1" 200 27
120.253.135.82 - - [05/Jul/2020:06:24:10 +0800] "POST /xingrg/kc/pszx/mdps_list_operate.html HTTP/1.1" 200 868
101.228.167.227 - - [05/Jul/2020:06:24:16 +0800] "GET /xingrg/all/function/internal_message.html?_=1593901477035&CODE_STATE=getMsg HTTP/1.1" 200 27
120.253.135.82 - - [05/Jul/2020:06:24:22 +0800] "POST /xingrg/kc/pszx/mdps_list_operate.html HTTP/1.1" 200 2063
120.253.135.82 - - [05/Jul/2020:06:24:24 +0800] "POST /xingrg/kc/pszx/mdps_list_operate.html HTTP/1.1" 200 211
120.253.135.82 - - [05/Jul/2020:06:24:24 +0800] "GET /xingrg/all/function/internal_message.html?_=1593901215654&CODE_STATE=getMsg HTTP/1.1" 200 27
120.253.135.82 - - [05/Jul/2020:06:24:25 +0800] "GET /xingrg/kc/pszx/mdps_order_info.html?code=312020070500099 HTTP/1.1" 200 23849
120.253.135.82 - - [05/Jul/2020:06:24:25 +0800] "GET /xingrg/javascript/easyui/themes/default/validatebox.css HTTP/1.1" 404 1104
120.253.135.82 - - [05/Jul/2020:06:24:25 +0800] "POST /xingrg/kc/pszx/mdps_order_operate.html HTTP/1.1" 200 2289
120.253.135.82 - - [05/Jul/2020:06:24:28 +0800] "POST /xingrg/all/common/load_combo.html?type=base HTTP/1.1" 200 899
120.253.135.82 - - [05/Jul/2020:06:24:32 +0800] "POST /xingrg/kc/pszx/mdps_order_operate.html HTTP/1.1" 200 37
120.253.135.82 - - [05/Jul/2020:06:24:34 +0800] "GET /xingrg/kc/pszx/mdps_order_info.html?code=312020070500099 HTTP/1.1" 200 23849
120.253.135.82 - - [05/Jul/2020:06:24:34 +0800] "GET /xingrg/javascript/easyui/themes/default/validatebox.css HTTP/1.1" 404 1104
120.253.135.82 - - [05/Jul/2020:06:24:34 +0800] "POST /xingrg/kc/pszx/mdps_order_operate.html HTTP/1.1" 200 2297
120.253.135.82 - - [05/Jul/2020:06:24:36 +0800] "POST /xingrg/kc/pszx/mdps_list_operate.html HTTP/1.1" 200 2063
120.253.135.82 - - [05/Jul/2020:06:24:37 +0800] "POST /xingrg/kc/pszx/mdps_list_operate.html HTTP/1.1" 200 595
120.253.135.82 - - [05/Jul/2020:06:24:38 +0800] "GET /xingrg/kc/pszx/mdps_order_info.html?code=312020070500098 HTTP/1.1" 200 23849
120.253.135.82 - - [05/Jul/2020:06:24:39 +0800] "POST /xingrg/kc/pszx/mdps_order_operate.html HTTP/1.1" 200 5684
120.253.135.82 - - [05/Jul/2020:06:24:39 +0800] "GET /xingrg/javascript/easyui/themes/default/validatebox.css HTTP/1.1" 404 1104
172.17.0.240 - - [05/Jul/2020:06:24:42 +0800] "GET /xingrg/check_reg.html?_=1593901476720 HTTP/1.1" 200 22
172.17.0.240 - - [05/Jul/2020:06:24:42 +0800] "GET /xingrg/all/function/internal_message.html?_=1593901476722&CODE_STATE=getMsg HTTP/1.1" 200 27
120.253.135.82 - - [05/Jul/2020:06:24:42 +0800] "POST /xingrg/kc/pszx/mdps_order_operate.html HTTP/1.1" 200 37
172.17.0.100 - - [05/Jul/2020:06:24:42 +0800] "GET /xingrg/check_reg.html?_=1593901476849 HTTP/1.1" 200 22
172.17.0.100 - - [05/Jul/2020:06:24:42 +0800] "GET /xingrg/all/function/internal_message.html?_=1593901476851&CODE_STATE=getMsg HTTP/1.1" 200 27
120.253.135.82 - - [05/Jul/2020:06:24:43 +0800] "GET /xingrg/kc/pszx/mdps_order_info.html?code=312020070500098 HTTP/1.1" 200 23849
120.253.135.82 - - [05/Jul/2020:06:24:43 +0800] "POST /xingrg/kc/pszx/mdps_order_operate.html HTTP/1.1" 200 5748
120.253.135.82 - - [05/Jul/2020:06:24:43 +0800] "GET /xingrg/javascript/easyui/themes/default/validatebox.css HTTP/1.1" 404 1104
101.85.53.146 - - [05/Jul/2020:06:24:44 +0800] "GET /xingrg/all/function/internal_message.html?_=1593900879822&CODE_STATE=getMsg HTTP/1.1" 200 27
101.228.167.227 - - [05/Jul/2020:06:24:45 +0800] "GET /xingrg/check_reg.html?_=1593901506643 HTTP/1.1" 200 22
172.17.0.240 - - [05/Jul/2020:06:24:58 +0800] "GET /xingrg/all/function/internal_message.html?_=1593901492980&CODE_STATE=getMsg HTTP/1.1" 200 27
116.230.77.149 - - [05/Jul/2020:06:25:03 +0800] "POST /xingrg/services/DataTransmitService HTTP/1.1" 200 524
116.230.77.149 - - [05/Jul/2020:06:25:04 +0800] "POST /xingrg/services/DataTransmitService HTTP/1.1" 200 501
116.230.77.149 - - [05/Jul/2020:06:25:04 +0800] "POST /xingrg/services/DataTransmitService HTTP/1.1" 200 501
61.172.5.115 - - [05/Jul/2020:06:25:04 +0800] "GET /xingrg/all/function/internal_message.html?_=1593901501780&CODE_STATE=getMsg HTTP/1.1" 200 27
116.230.77.149 - - [05/Jul/2020:06:25:05 +0800] "POST /xingrg/services/DataTransmitService HTTP/1.1" 200 501
116.230.77.149 - - [05/Jul/2020:06:25:06 +0800] "POST /xingrg/services/DataTransmitService HTTP/1.1" 200 501
116.230.77.149 - - [05/Jul/2020:06:25:06 +0800] "POST /xingrg/services/DataTransmitService HTTP/1.1" 200 501
116.230.77.149 - - [05/Jul/2020:06:25:06 +0800] "POST /xingrg/services/DataTransmitService HTTP/1.1" 200 501
116.230.77.149 - - [05/Jul/2020:06:25:06 +0800] "POST /xingrg/services/DataTransmitService HTTP/1.1" 200 501
116.230.77.149 - - [05/Jul/2020:06:25:07 +0800] "POST /xingrg/services/DataTransmitService HTTP/1.1" 200 412
101.228.167.227 - - [05/Jul/2020:06:25:16 +0800] "GET /xingrg/all/function/internal_message.html?_=1593901537043&CODE_STATE=getMsg HTTP/1.1" 200 27
120.253.135.82 - - [05/Jul/2020:06:25:24 +0800] "GET /xingrg/all/function/internal_message.html?_=1593901275667&CODE_STATE=getMsg HTTP/1.1" 200 27
120.253.135.82 - - [05/Jul/2020:06:25:33 +0800] "POST /xingrg/kc/pszx/mdps_order_operate.html HTTP/1.1" 200 37
120.253.135.82 - - [05/Jul/2020:06:25:34 +0800] "GET /xingrg/kc/pszx/mdps_order_info.html?code=312020070500098 HTTP/1.1" 200 23849
120.253.135.82 - - [05/Jul/2020:06:25:34 +0800] "POST /xingrg/kc/pszx/mdps_order_operate.html HTTP/1.1" 200 5748
120.253.135.82 - - [05/Jul/2020:06:25:34 +0800] "GET /xingrg/javascript/easyui/themes/default/validatebox.css HTTP/1.1" 404 1104
120.253.135.82 - - [05/Jul/2020:06:25:36 +0800] "POST /xingrg/kc/pszx/mdps_list_operate.html HTTP/1.1" 200 2063
120.253.135.82 - - [05/Jul/2020:06:25:38 +0800] "POST /xingrg/kc/pszx/mdps_list_operate.html HTTP/1.1" 200 595
120.253.135.82 - - [05/Jul/2020:06:25:38 +0800] "GET /xingrg/kc/pszx/mdps_order_info.html?code=312020070500098 HTTP/1.1" 200 23849
120.253.135.82 - - [05/Jul/2020:06:25:39 +0800] "POST /xingrg/kc/pszx/mdps_order_operate.html HTTP/1.1" 200 5748
120.253.135.82 - - [05/Jul/2020:06:25:39 +0800] "GET /xingrg/javascript/easyui/themes/default/validatebox.css HTTP/1.1" 404 1104
172.17.0.240 - - [05/Jul/2020:06:25:41 +0800] "GET /xingrg/all/function/internal_message.html?_=1593901536707&CODE_STATE=getMsg HTTP/1.1" 200 27
172.17.0.100 - - [05/Jul/2020:06:25:42 +0800] "GET /xingrg/all/function/internal_message.html?_=1593901536850&CODE_STATE=getMsg HTTP/1.1" 200 27
120.253.135.82 - - [05/Jul/2020:06:25:44 +0800] "GET /xingrg/kc/print/load_data.html?order_code=312020070500098&kc_code=mdps&condition= HTTP/1.1" 200 2258
101.85.53.146 - - [05/Jul/2020:06:25:44 +0800] "GET /xingrg/all/function/internal_message.html?_=1593900939822&CODE_STATE=getMsg HTTP/1.1" 200 27
120.253.135.82 - - [05/Jul/2020:06:25:49 +0800] "POST /xingrg/kc/pszx/mdps_list_operate.html HTTP/1.1" 200 2063
120.253.135.82 - - [05/Jul/2020:06:25:50 +0800] "POST /xingrg/kc/pszx/mdps_list_operate.html HTTP/1.1" 200 211
120.253.135.82 - - [05/Jul/2020:06:25:50 +0800] "GET /xingrg/kc/pszx/mdps_order_info.html?code=312020070500099 HTTP/1.1" 200 23849
120.253.135.82 - - [05/Jul/2020:06:25:51 +0800] "GET /xingrg/javascript/easyui/themes/default/validatebox.css HTTP/1.1" 404 1104
120.253.135.82 - - [05/Jul/2020:06:25:51 +0800] "POST /xingrg/kc/pszx/mdps_order_operate.html HTTP/1.1" 200 2297
120.253.135.82 - - [05/Jul/2020:06:25:53 +0800] "GET /xingrg/kc/print/load_data.html?order_code=312020070500099&kc_code=mdps&condition= HTTP/1.1" 200 701
172.17.0.240 - - [05/Jul/2020:06:25:58 +0800] "GET /xingrg/all/function/internal_message.html?_=1593901552982&CODE_STATE=getMsg HTTP/1.1" 200 27
120.253.135.82 - - [05/Jul/2020:06:25:58 +0800] "POST /xingrg/kc/pszx/mdps_list_operate.html HTTP/1.1" 200 2063
61.172.5.115 - - [05/Jul/2020:06:26:04 +0800] "GET /xingrg/all/function/internal_message.html?_=1593901561778&CODE_STATE=getMsg HTTP/1.1" 200 27
101.228.167.227 - - [05/Jul/2020:06:26:16 +0800] "GET /xingrg/all/function/internal_message.html?_=1593901597055&CODE_STATE=getMsg HTTP/1.1" 200 27
120.253.135.82 - - [05/Jul/2020:06:26:24 +0800] "GET /xingrg/all/function/internal_message.html?_=1593901335727&CODE_STATE=getMsg HTTP/1.1" 200 27
172.17.0.240 - - [05/Jul/2020:06:26:41 +0800] "GET /xingrg/all/function/internal_message.html?_=1593901596708&CODE_STATE=getMsg HTTP/1.1" 200 27
172.17.0.100 - - [05/Jul/2020:06:26:42 +0800] "GET /xingrg/all/function/internal_message.html?_=1593901596880&CODE_STATE=getMsg HTTP/1.1" 200 27
101.85.53.146 - - [05/Jul/2020:06:26:44 +0800] "GET /xingrg/all/function/internal_message.html?_=1593900999822&CODE_STATE=getMsg HTTP/1.1" 200 27
172.17.0.240 - - [05/Jul/2020:06:26:58 +0800] "GET /xingrg/all/function/internal_message.html?_=1593901612984&CODE_STATE=getMsg HTTP/1.1" 200 27
61.172.5.115 - - [05/Jul/2020:06:27:04 +0800] "GET /xingrg/all/function/internal_message.html?_=1593901621802&CODE_STATE=getMsg HTTP/1.1" 200 27
61.172.5.115 - - [05/Jul/2020:06:27:04 +0800] "GET /xingrg/check_reg.html?_=1593901621803 HTTP/1.1" 200 22
120.253.135.82 - - [05/Jul/2020:06:27:07 +0800] "GET /xingrg/check_reg.html?_=1593901742095 HTTP/1.1" 200 22
101.228.167.227 - - [05/Jul/2020:06:27:16 +0800] "GET /xingrg/all/function/internal_message.html?_=1593901657324&CODE_STATE=getMsg HTTP/1.1" 200 27
120.253.135.82 - - [05/Jul/2020:06:27:24 +0800] "GET /xingrg/all/function/internal_message.html?_=1593901395742&CODE_STATE=getMsg HTTP/1.1" 200 27
172.17.0.240 - - [05/Jul/2020:06:27:41 +0800] "GET /xingrg/all/function/internal_message.html?_=1593901656710&CODE_STATE=getMsg HTTP/1.1" 200 27
172.17.0.100 - - [05/Jul/2020:06:27:42 +0800] "GET /xingrg/all/function/internal_message.html?_=1593901656880&CODE_STATE=getMsg HTTP/1.1" 200 27
101.85.53.146 - - [05/Jul/2020:06:27:44 +0800] "GET /xingrg/all/function/internal_message.html?_=1593901059823&CODE_STATE=getMsg HTTP/1.1" 200 27
114.88.170.9 - - [05/Jul/2020:06:27:46 +0800] "GET /xingrg/check_reg.html?_=1593901662406 HTTP/1.1" 200 22
172.17.0.240 - - [05/Jul/2020:06:27:58 +0800] "GET /xingrg/all/function/internal_message.html?_=1593901672990&CODE_STATE=getMsg HTTP/1.1" 200 27
172.17.0.240 - - [05/Jul/2020:06:27:58 +0800] "GET /xingrg/check_reg.html?_=1593901672991 HTTP/1.1" 200 22
61.172.5.115 - - [05/Jul/2020:06:28:04 +0800] "GET /xingrg/all/function/internal_message.html?_=1593901681817&CODE_STATE=getMsg HTTP/1.1" 200 27
101.228.167.227 - - [05/Jul/2020:06:28:16 +0800] "GET /xingrg/all/function/internal_message.html?_=1593901717334&CODE_STATE=getMsg HTTP/1.1" 200 27
120.253.135.82 - - [05/Jul/2020:06:28:24 +0800] "GET /xingrg/check_reg.html?_=1593901455550 HTTP/1.1" 200 22
120.253.135.82 - - [05/Jul/2020:06:28:24 +0800] "GET /xingrg/all/function/internal_message.html?_=1593901455755&CODE_STATE=getMsg HTTP/1.1" 200 27
172.17.0.240 - - [05/Jul/2020:06:28:42 +0800] "GET /xingrg/all/function/internal_message.html?_=1593901716712&CODE_STATE=getMsg HTTP/1.1" 200 27
172.17.0.100 - - [05/Jul/2020:06:28:42 +0800] "GET /xingrg/all/function/internal_message.html?_=1593901716894&CODE_STATE=getMsg HTTP/1.1" 200 27
101.85.53.146 - - [05/Jul/2020:06:28:44 +0800] "GET /xingrg/check_reg.html?_=1593901119827 HTTP/1.1" 200 22
101.85.53.146 - - [05/Jul/2020:06:28:44 +0800] "GET /xingrg/all/function/internal_message.html?_=1593901119829&CODE_STATE=getMsg HTTP/1.1" 200 27
120.253.135.82 - - [05/Jul/2020:06:28:56 +0800] "GET /xingrg/check_reg.html?_=1593901851920 HTTP/1.1" 200 22
172.17.0.240 - - [05/Jul/2020:06:28:58 +0800] "GET /xingrg/all/function/internal_message.html?_=1593901732975&CODE_STATE=getMsg HTTP/1.1" 200 27
61.172.5.115 - - [05/Jul/2020:06:29:04 +0800] "GET /xingrg/all/function/internal_message.html?_=1593901741815&CODE_STATE=getMsg HTTP/1.1" 200 27
101.228.167.227 - - [05/Jul/2020:06:29:16 +0800] "GET /xingrg/all/function/internal_message.html?_=1593901777583&CODE_STATE=getMsg HTTP/1.1" 200 27
120.253.135.82 - - [05/Jul/2020:06:29:24 +0800] "GET /xingrg/all/function/internal_message.html?_=1593901515768&CODE_STATE=getMsg HTTP/1.1" 200 27
172.17.0.240 - - [05/Jul/2020:06:29:42 +0800] "GET /xingrg/all/function/internal_message.html?_=1593901776714&CODE_STATE=getMsg HTTP/1.1" 200 27
172.17.0.240 - - [05/Jul/2020:06:29:42 +0800] "GET /xingrg/check_reg.html?_=1593901776715 HTTP/1.1" 200 22
172.17.0.100 - - [05/Jul/2020:06:29:42 +0800] "GET /xingrg/check_reg.html?_=1593901776890 HTTP/1.1" 200 22
172.17.0.100 - - [05/Jul/2020:06:29:42 +0800] "GET /xingrg/all/function/internal_message.html?_=1593901776893&CODE_STATE=getMsg HTTP/1.1" 200 27
101.85.53.146 - - [05/Jul/2020:06:29:44 +0800] "GET /xingrg/all/function/internal_message.html?_=1593901179828&CODE_STATE=getMsg HTTP/1.1" 200 27
101.228.167.227 - - [05/Jul/2020:06:29:45 +0800] "GET /xingrg/check_reg.html?_=1593901806644 HTTP/1.1" 200 22
172.17.0.240 - - [05/Jul/2020:06:29:58 +0800] "GET /xingrg/all/function/internal_message.html?_=1593901792978&CODE_STATE=getMsg HTTP/1.1" 200 27
61.172.5.115 - - [05/Jul/2020:06:30:04 +0800] "GET /xingrg/all/function/internal_message.html?_=1593901801814&CODE_STATE=getMsg HTTP/1.1" 200 27
101.228.167.227 - - [05/Jul/2020:06:30:16 +0800] "GET /xingrg/all/function/internal_message.html?_=1593901837596&CODE_STATE=getMsg HTTP/1.1" 200 27
120.253.135.82 - - [05/Jul/2020:06:30:24 +0800] "GET /xingrg/all/function/internal_message.html?_=1593901575782&CODE_STATE=getMsg HTTP/1.1" 200 27
172.17.0.240 - - [05/Jul/2020:06:30:42 +0800] "GET /xingrg/all/function/internal_message.html?_=1593901836716&CODE_STATE=getMsg HTTP/1.1" 200 27
172.17.0.100 - - [05/Jul/2020:06:30:42 +0800] "GET /xingrg/all/function/internal_message.html?_=1593901836877&CODE_STATE=getMsg HTTP/1.1" 200 27
101.85.53.146 - - [05/Jul/2020:06:30:44 +0800] "GET /xingrg/all/function/internal_message.html?_=1593901239827&CODE_STATE=getMsg HTTP/1.1" 200 27
114.86.190.97 - - [05/Jul/2020:06:30:49 +0800] "POST /xingrg/services/DataTransmitService HTTP/1.1" 200 524
114.86.190.97 - - [05/Jul/2020:06:30:51 +0800] "POST /xingrg/services/DataTransmitService HTTP/1.1" 200 501
114.86.190.97 - - [05/Jul/2020:06:30:51 +0800] "POST /xingrg/services/DataTransmitService HTTP/1.1" 200 501
114.86.190.97 - - [05/Jul/2020:06:30:53 +0800] "POST /xingrg/services/DataTransmitService HTTP/1.1" 200 501
114.86.190.97 - - [05/Jul/2020:06:30:56 +0800] "POST /xingrg/services/DataTransmitService HTTP/1.1" 200 501
114.86.190.97 - - [05/Jul/2020:06:30:57 +0800] "POST /xingrg/services/DataTransmitService HTTP/1.1" 200 501
114.86.190.97 - - [05/Jul/2020:06:30:57 +0800] "POST /xingrg/services/DataTransmitService HTTP/1.1" 200 501
114.86.190.97 - - [05/Jul/2020:06:30:57 +0800] "POST /xingrg/services/DataTransmitService HTTP/1.1" 200 501
114.86.190.97 - - [05/Jul/2020:06:30:57 +0800] "POST /xingrg/services/DataTransmitService HTTP/1.1" 200 501
114.86.190.97 - - [05/Jul/2020:06:30:57 +0800] "POST /xingrg/services/DataTransmitService HTTP/1.1" 200 501
172.17.0.240 - - [05/Jul/2020:06:30:58 +0800] "GET /xingrg/all/function/internal_message.html?_=1593901852979&CODE_STATE=getMsg HTTP/1.1" 200 27
114.86.190.97 - - [05/Jul/2020:06:30:58 +0800] "POST /xingrg/services/DataTransmitService HTTP/1.1" 200 412
61.172.5.115 - - [05/Jul/2020:06:31:04 +0800] "GET /xingrg/all/function/internal_message.html?_=1593901861812&CODE_STATE=getMsg HTTP/1.1" 200 27
101.228.167.227 - - [05/Jul/2020:06:31:16 +0800] "GET /xingrg/all/function/internal_message.html?_=1593901897608&CODE_STATE=getMsg HTTP/1.1" 200 27
120.253.135.82 - - [05/Jul/2020:06:31:24 +0800] "GET /xingrg/all/function/internal_message.html?_=1593901635840&CODE_STATE=getMsg HTTP/1.1" 200 27
172.17.0.240 - - [05/Jul/2020:06:31:42 +0800] "GET /xingrg/all/function/internal_message.html?_=1593901896718&CODE_STATE=getMsg HTTP/1.1" 200 27
172.17.0.100 - - [05/Jul/2020:06:31:42 +0800] "GET /xingrg/all/function/internal_message.html?_=1593901896875&CODE_STATE=getMsg HTTP/1.1" 200 27
101.85.53.146 - - [05/Jul/2020:06:31:44 +0800] "GET /xingrg/all/function/internal_message.html?_=1593901299826&CODE_STATE=getMsg HTTP/1.1" 200 27
172.17.0.240 - - [05/Jul/2020:06:31:58 +0800] "GET /xingrg/all/function/internal_message.html?_=1593901912981&CODE_STATE=getMsg HTTP/1.1" 200 27
61.172.5.115 - - [05/Jul/2020:06:32:04 +0800] "GET /xingrg/check_reg.html?_=1593901921812 HTTP/1.1" 200 22
61.172.5.115 - - [05/Jul/2020:06:32:04 +0800] "GET /xingrg/all/function/internal_message.html?_=1593901921814&CODE_STATE=getMsg HTTP/1.1" 200 27
120.253.135.82 - - [05/Jul/2020:06:32:07 +0800] "GET /xingrg/check_reg.html?_=1593902042101 HTTP/1.1" 200 22
101.228.167.227 - - [05/Jul/2020:06:32:16 +0800] "GET /xingrg/all/function/internal_message.html?_=1593901957871&CODE_STATE=getMsg HTTP/1.1" 200 27
120.253.135.82 - - [05/Jul/2020:06:32:24 +0800] "GET /xingrg/all/function/internal_message.html?_=1593901695856&CODE_STATE=getMsg HTTP/1.1" 200 27
120.253.135.82 - - [05/Jul/2020:06:32:35 +0800] "POST /xingrg/kc/pszx/mdps_list_operate.html HTTP/1.1" 200 2063
120.253.135.82 - - [05/Jul/2020:06:32:35 +0800] "POST /xingrg/kc/pszx/mdps_list_operate.html HTTP/1.1" 200 2063
120.253.135.82 - - [05/Jul/2020:06:32:36 +0800] "GET /xingrg/kc/pszx/mdps_order_list.html?orderType=0 HTTP/1.1" 200 21018
120.253.135.82 - - [05/Jul/2020:06:32:36 +0800] "POST /xingrg/kc/pszx/mdps_list_operate.html HTTP/1.1" 200 5207
172.17.0.240 - - [05/Jul/2020:06:32:42 +0800] "GET /xingrg/all/function/internal_message.html?_=1593901956720&CODE_STATE=getMsg HTTP/1.1" 200 27
120.253.135.82 - - [05/Jul/2020:06:32:42 +0800] "POST /xingrg/kc/pszx/mdps_list_operate.html HTTP/1.1" 200 205
172.17.0.100 - - [05/Jul/2020:06:32:42 +0800] "GET /xingrg/all/function/internal_message.html?_=1593901956909&CODE_STATE=getMsg HTTP/1.1" 200 27
120.253.135.82 - - [05/Jul/2020:06:32:43 +0800] "POST /xingrg/kc/pszx/mdps_list_operate.html HTTP/1.1" 200 233
101.85.53.146 - - [05/Jul/2020:06:32:44 +0800] "GET /xingrg/all/function/internal_message.html?_=1593901359827&CODE_STATE=getMsg HTTP/1.1" 200 27
120.253.135.82 - - [05/Jul/2020:06:32:45 +0800] "POST /xingrg/kc/pszx/mdps_list_operate.html HTTP/1.1" 200 205
114.88.170.9 - - [05/Jul/2020:06:32:46 +0800] "GET /xingrg/check_reg.html?_=1593901962412 HTTP/1.1" 200 22
120.253.135.82 - - [05/Jul/2020:06:32:47 +0800] "POST /xingrg/kc/pszx/mdps_list_operate.html HTTP/1.1" 200 202
120.253.135.82 - - [05/Jul/2020:06:32:50 +0800] "POST /xingrg/kc/pszx/mdps_list_operate.html HTTP/1.1" 200 282
120.253.135.82 - - [05/Jul/2020:06:32:52 +0800] "POST /xingrg/kc/pszx/mdps_list_operate.html HTTP/1.1" 200 210
120.253.135.82 - - [05/Jul/2020:06:32:56 +0800] "POST /xingrg/kc/pszx/mdps_list_operate.html HTTP/1.1" 200 3336
172.17.0.240 - - [05/Jul/2020:06:32:58 +0800] "GET /xingrg/all/function/internal_message.html?_=1593901972982&CODE_STATE=getMsg HTTP/1.1" 200 27
172.17.0.240 - - [05/Jul/2020:06:32:58 +0800] "GET /xingrg/check_reg.html?_=1593901972984 HTTP/1.1" 200 22
120.253.135.82 - - [05/Jul/2020:06:32:59 +0800] "POST /xingrg/kc/pszx/mdps_list_operate.html HTTP/1.1" 200 288
120.253.135.82 - - [05/Jul/2020:06:33:01 +0800] "POST /xingrg/kc/pszx/mdps_list_operate.html HTTP/1.1" 200 522
120.253.135.82 - - [05/Jul/2020:06:33:02 +0800] "POST /xingrg/kc/pszx/mdps_list_operate.html HTTP/1.1" 200 289
61.172.5.115 - - [05/Jul/2020:06:33:04 +0800] "GET /xingrg/all/function/internal_message.html?_=1593901981812&CODE_STATE=getMsg HTTP/1.1" 200 27
120.253.135.82 - - [05/Jul/2020:06:33:08 +0800] "POST /xingrg/kc/pszx/mdps_list_operate.html HTTP/1.1" 200 213
120.253.135.82 - - [05/Jul/2020:06:33:11 +0800] "POST /xingrg/kc/pszx/mdps_list_operate.html HTTP/1.1" 200 202
101.228.167.227 - - [05/Jul/2020:06:33:16 +0800] "GET /xingrg/all/function/internal_message.html?_=1593902017884&CODE_STATE=getMsg HTTP/1.1" 200 27
120.253.135.82 - - [05/Jul/2020:06:33:17 +0800] "GET /xingrg/kc/pszx/mdqp_order_list.html?state=10 HTTP/1.1" 200 14581
120.253.135.82 - - [05/Jul/2020:06:33:17 +0800] "GET /xingrg/dwr/interface/AjaxQqpsService.js HTTP/1.1" 200 16326
120.253.135.82 - - [05/Jul/2020:06:33:17 +0800] "GET /xingrg/dwr/interface/AjaxReportQueryService.js HTTP/1.1" 200 13203
120.253.135.82 - - [05/Jul/2020:06:33:17 +0800] "GET /xingrg/dwr/engine.js HTTP/1.1" 200 43631
120.253.135.82 - - [05/Jul/2020:06:33:24 +0800] "GET /xingrg/check_reg.html?_=1593901755581 HTTP/1.1" 200 22
120.253.135.82 - - [05/Jul/2020:06:33:24 +0800] "GET /xingrg/all/function/internal_message.html?_=1593901755870&CODE_STATE=getMsg HTTP/1.1" 200 27
172.17.0.240 - - [05/Jul/2020:06:33:42 +0800] "GET /xingrg/all/function/internal_message.html?_=1593902016706&CODE_STATE=getMsg HTTP/1.1" 200 27
172.17.0.100 - - [05/Jul/2020:06:33:42 +0800] "GET /xingrg/all/function/internal_message.html?_=1593902016923&CODE_STATE=getMsg HTTP/1.1" 200 27
101.85.53.146 - - [05/Jul/2020:06:33:44 +0800] "GET /xingrg/all/function/internal_message.html?_=1593901419827&CODE_STATE=getMsg HTTP/1.1" 200 27
101.85.53.146 - - [05/Jul/2020:06:33:44 +0800] "GET /xingrg/check_reg.html?_=1593901419830 HTTP/1.1" 200 22
120.253.135.82 - - [05/Jul/2020:06:33:56 +0800] "GET /xingrg/check_reg.html?_=1593902151926 HTTP/1.1" 200 22
172.17.0.240 - - [05/Jul/2020:06:33:58 +0800] "GET /xingrg/all/function/internal_message.html?_=1593902032985&CODE_STATE=getMsg HTTP/1.1" 200 27
61.172.5.115 - - [05/Jul/2020:06:34:04 +0800] "GET /xingrg/all/function/internal_message.html?_=1593902041811&CODE_STATE=getMsg HTTP/1.1" 200 27
101.228.167.227 - - [05/Jul/2020:06:34:17 +0800] "GET /xingrg/all/function/internal_message.html?_=1593902078159&CODE_STATE=getMsg HTTP/1.1" 200 27
120.253.135.82 - - [05/Jul/2020:06:34:24 +0800] "GET /xingrg/all/function/internal_message.html?_=1593901815883&CODE_STATE=getMsg HTTP/1.1" 200 27
172.17.0.240 - - [05/Jul/2020:06:34:42 +0800] "GET /xingrg/all/function/internal_message.html?_=1593902076710&CODE_STATE=getMsg HTTP/1.1" 200 27
172.17.0.240 - - [05/Jul/2020:06:34:42 +0800] "GET /xingrg/check_reg.html?_=1593902076711 HTTP/1.1" 200 22
172.17.0.100 - - [05/Jul/2020:06:34:42 +0800] "GET /xingrg/check_reg.html?_=1593902076908 HTTP/1.1" 200 22
172.17.0.100 - - [05/Jul/2020:06:34:42 +0800] "GET /xingrg/all/function/internal_message.html?_=1593902076911&CODE_STATE=getMsg HTTP/1.1" 200 27
101.85.53.146 - - [05/Jul/2020:06:34:44 +0800] "GET /xingrg/all/function/internal_message.html?_=1593901479828&CODE_STATE=getMsg HTTP/1.1" 200 27
101.228.167.227 - - [05/Jul/2020:06:34:45 +0800] "GET /xingrg/check_reg.html?_=1593902106652 HTTP/1.1" 200 22
172.17.0.240 - - [05/Jul/2020:06:34:58 +0800] "GET /xingrg/all/function/internal_message.html?_=1593902092989&CODE_STATE=getMsg HTTP/1.1" 200 27
61.172.5.115 - - [05/Jul/2020:06:35:04 +0800] "GET /xingrg/all/function/internal_message.html?_=1593902101810&CODE_STATE=getMsg HTTP/1.1" 200 27
101.228.167.227 - - [05/Jul/2020:06:35:17 +0800] "GET /xingrg/all/function/internal_message.html?_=1593902138160&CODE_STATE=getMsg HTTP/1.1" 200 27
120.253.135.82 - - [05/Jul/2020:06:35:24 +0800] "GET /xingrg/all/function/internal_message.html?_=1593901875897&CODE_STATE=getMsg HTTP/1.1" 200 27
172.17.0.240 - - [05/Jul/2020:06:35:42 +0800] "GET /xingrg/all/function/internal_message.html?_=1593902136714&CODE_STATE=getMsg HTTP/1.1" 200 27
172.17.0.100 - - [05/Jul/2020:06:35:42 +0800] "GET /xingrg/all/function/internal_message.html?_=1593902136922&CODE_STATE=getMsg HTTP/1.1" 200 27
101.85.53.146 - - [05/Jul/2020:06:35:44 +0800] "GET /xingrg/all/function/internal_message.html?_=1593901539827&CODE_STATE=getMsg HTTP/1.1" 200 27
120.253.135.82 - - [05/Jul/2020:06:35:45 +0800] "GET /xingrg/kc/pszx/mdqp_order_info.html?code=302020070400069 HTTP/1.1" 200 13338
120.253.135.82 - - [05/Jul/2020:06:35:45 +0800] "GET /xingrg/dwr/interface/AjaxQqpsService.js HTTP/1.1" 200 16326
120.253.135.82 - - [05/Jul/2020:06:35:45 +0800] "GET /xingrg/dwr/interface/AjaxComOrderService.js HTTP/1.1" 200 18264
120.253.135.82 - - [05/Jul/2020:06:35:45 +0800] "GET /xingrg/dwr/engine.js HTTP/1.1" 200 43631
120.253.135.82 - - [05/Jul/2020:06:35:45 +0800] "POST /xingrg/dwr/call/plaincall/AjaxQqpsService.loadMaterielItems.dwr HTTP/1.1" 200 4850
172.17.0.240 - - [05/Jul/2020:06:35:58 +0800] "GET /xingrg/all/function/internal_message.html?_=1593902152975&CODE_STATE=getMsg HTTP/1.1" 200 27
61.172.5.115 - - [05/Jul/2020:06:36:04 +0800] "GET /xingrg/all/function/internal_message.html?_=1593902161808&CODE_STATE=getMsg HTTP/1.1" 200 27
120.253.135.82 - - [05/Jul/2020:06:36:05 +0800] "GET /xingrg/kc/pszx/mdqp_order_list.html?isBack=1 HTTP/1.1" 302 -
120.253.135.82 - - [05/Jul/2020:06:36:05 +0800] "GET /xingrg/kc/pszx/mdqp_order_list.html?state=10 HTTP/1.1" 200 14581
120.253.135.82 - - [05/Jul/2020:06:36:05 +0800] "GET /xingrg/dwr/interface/AjaxQqpsService.js HTTP/1.1" 200 16326
120.253.135.82 - - [05/Jul/2020:06:36:05 +0800] "GET /xingrg/dwr/interface/AjaxReportQueryService.js HTTP/1.1" 200 13203
120.253.135.82 - - [05/Jul/2020:06:36:05 +0800] "GET /xingrg/dwr/engine.js HTTP/1.1" 200 43631
120.253.135.82 - - [05/Jul/2020:06:36:06 +0800] "GET /xingrg/dwr/interface/AjaxComOrderService.js HTTP/1.1" 200 18264
120.253.135.82 - - [05/Jul/2020:06:36:06 +0800] "GET /xingrg/dwr/interface/AjaxQqpsService.js HTTP/1.1" 200 16326
120.253.135.82 - - [05/Jul/2020:06:36:06 +0800] "GET /xingrg/dwr/engine.js HTTP/1.1" 200 43631
120.253.135.82 - - [05/Jul/2020:06:36:07 +0800] "GET /xingrg/kc/pszx/mdqp_order_info.html?code=302020070400070 HTTP/1.1" 200 13338
120.253.135.82 - - [05/Jul/2020:06:36:07 +0800] "POST /xingrg/dwr/call/plaincall/AjaxQqpsService.loadMaterielItems.dwr HTTP/1.1" 200 13200
120.253.135.82 - - [05/Jul/2020:06:36:08 +0800] "GET /xingrg/images/yd/bt.gif HTTP/1.1" 404 1040
120.253.135.82 - - [05/Jul/2020:06:36:08 +0800] "GET /xingrg/images/yd/bt2.gif HTTP/1.1" 404 1042
101.228.167.227 - - [05/Jul/2020:06:36:17 +0800] "GET /xingrg/all/function/internal_message.html?_=1593902198174&CODE_STATE=getMsg HTTP/1.1" 200 27
120.253.135.82 - - [05/Jul/2020:06:36:24 +0800] "GET /xingrg/all/function/internal_message.html?_=1593901935911&CODE_STATE=getMsg HTTP/1.1" 200 27
172.17.0.240 - - [05/Jul/2020:06:36:42 +0800] "GET /xingrg/all/function/internal_message.html?_=1593902196716&CODE_STATE=getMsg HTTP/1.1" 200 27
172.17.0.100 - - [05/Jul/2020:06:36:42 +0800] "GET /xingrg/all/function/internal_message.html?_=1593902196920&CODE_STATE=getMsg HTTP/1.1" 200 27
101.85.53.146 - - [05/Jul/2020:06:36:44 +0800] "GET /xingrg/all/function/internal_message.html?_=1593901599825&CODE_STATE=getMsg HTTP/1.1" 200 27
172.17.0.240 - - [05/Jul/2020:06:36:58 +0800] "GET /xingrg/all/function/internal_message.html?_=1593902212979&CODE_STATE=getMsg HTTP/1.1" 200 27
120.253.135.82 - - [05/Jul/2020:06:36:58 +0800] "GET /xingrg/kc/pszx/mdqp_order_list.html?isBack=1 HTTP/1.1" 302 -
120.253.135.82 - - [05/Jul/2020:06:36:58 +0800] "GET /xingrg/kc/pszx/mdqp_order_list.html?state=10 HTTP/1.1" 200 14581
120.253.135.82 - - [05/Jul/2020:06:36:59 +0800] "GET /xingrg/dwr/interface/AjaxReportQueryService.js HTTP/1.1" 200 13203
120.253.135.82 - - [05/Jul/2020:06:36:59 +0800] "GET /xingrg/dwr/interface/AjaxQqpsService.js HTTP/1.1" 200 16326
120.253.135.82 - - [05/Jul/2020:06:36:59 +0800] "GET /xingrg/dwr/engine.js HTTP/1.1" 200 43631
120.253.135.82 - - [05/Jul/2020:06:37:03 +0800] "GET /xingrg/kc/pszx/mdqp_order_info.html?code=302020070400071 HTTP/1.1" 200 13338
120.253.135.82 - - [05/Jul/2020:06:37:03 +0800] "GET /xingrg/dwr/interface/AjaxComOrderService.js HTTP/1.1" 200 18264
120.253.135.82 - - [05/Jul/2020:06:37:03 +0800] "GET /xingrg/dwr/interface/AjaxQqpsService.js HTTP/1.1" 200 16326
120.253.135.82 - - [05/Jul/2020:06:37:03 +0800] "GET /xingrg/dwr/engine.js HTTP/1.1" 200 43631
120.253.135.82 - - [05/Jul/2020:06:37:04 +0800] "POST /xingrg/dwr/call/plaincall/AjaxQqpsService.loadMaterielItems.dwr HTTP/1.1" 200 1601
61.172.5.115 - - [05/Jul/2020:06:37:04 +0800] "GET /xingrg/all/function/internal_message.html?_=1593902221807&CODE_STATE=getMsg HTTP/1.1" 200 27
61.172.5.115 - - [05/Jul/2020:06:37:04 +0800] "GET /xingrg/check_reg.html?_=1593902221809 HTTP/1.1" 200 22
120.253.135.82 - - [05/Jul/2020:06:37:07 +0800] "GET /xingrg/check_reg.html?_=1593902342110 HTTP/1.1" 200 22
120.253.135.82 - - [05/Jul/2020:06:37:15 +0800] "GET /xingrg/images/yd/bt.gif HTTP/1.1" 404 1040
120.253.135.82 - - [05/Jul/2020:06:37:15 +0800] "GET /xingrg/images/yd/bt2.gif HTTP/1.1" 404 1042
120.253.135.82 - - [05/Jul/2020:06:37:16 +0800] "GET /xingrg/kc/pszx/mdqp_order_list.html?isBack=1 HTTP/1.1" 302 -
120.253.135.82 - - [05/Jul/2020:06:37:16 +0800] "GET /xingrg/kc/pszx/mdqp_order_list.html?state=10 HTTP/1.1" 200 14581
120.253.135.82 - - [05/Jul/2020:06:37:16 +0800] "GET /xingrg/dwr/interface/AjaxQqpsService.js HTTP/1.1" 200 16326
120.253.135.82 - - [05/Jul/2020:06:37:16 +0800] "GET /xingrg/dwr/interface/AjaxReportQueryService.js HTTP/1.1" 200 13203
120.253.135.82 - - [05/Jul/2020:06:37:16 +0800] "GET /xingrg/dwr/engine.js HTTP/1.1" 200 43631
101.228.167.227 - - [05/Jul/2020:06:37:17 +0800] "GET /xingrg/all/function/internal_message.html?_=1593902258446&CODE_STATE=getMsg HTTP/1.1" 200 27
120.253.135.82 - - [05/Jul/2020:06:37:21 +0800] "GET /xingrg/kc/pszx/jzcl_ps.html HTTP/1.1" 200 7683
120.253.135.82 - - [05/Jul/2020:06:37:21 +0800] "POST /xingrg/all/common/load_tree.html?tree=area_rest_tree_json HTTP/1.1" 200 3216
120.253.135.82 - - [05/Jul/2020:06:37:22 +0800] "POST /xingrg/kc/pszx/jzcl_ps_operate.html HTTP/1.1" 200 4828
120.253.135.82 - - [05/Jul/2020:06:37:22 +0800] "POST /xingrg/kc/pszx/jzcl_ps_operate.html HTTP/1.1" 200 4828
120.253.135.82 - - [05/Jul/2020:06:37:24 +0800] "GET /xingrg/all/function/internal_message.html?_=1593901995924&CODE_STATE=getMsg HTTP/1.1" 200 27
120.253.135.82 - - [05/Jul/2020:06:37:33 +0800] "POST /xingrg/kc/pszx/jzcl_ps_operate.html HTTP/1.1" 200 4
120.253.135.82 - - [05/Jul/2020:06:37:34 +0800] "GET /xingrg/kc/pszx/mdps_order_list.html HTTP/1.1" 200 21018
120.253.135.82 - - [05/Jul/2020:06:37:34 +0800] "POST /xingrg/kc/pszx/mdps_list_operate.html HTTP/1.1" 200 5184
120.253.135.82 - - [05/Jul/2020:06:37:36 +0800] "GET /xingrg/kc/pszx/mdqp_order_list.html?state=10 HTTP/1.1" 200 13387
120.253.135.82 - - [05/Jul/2020:06:37:36 +0800] "GET /xingrg/dwr/interface/AjaxQqpsService.js HTTP/1.1" 200 16326
120.253.135.82 - - [05/Jul/2020:06:37:36 +0800] "GET /xingrg/dwr/interface/AjaxReportQueryService.js HTTP/1.1" 200 13203
120.253.135.82 - - [05/Jul/2020:06:37:36 +0800] "GET /xingrg/dwr/engine.js HTTP/1.1" 200 43631
120.253.135.82 - - [05/Jul/2020:06:37:38 +0800] "GET /xingrg/kc/pszx/mdqp_order_info.html?code=302020070400066 HTTP/1.1" 200 13338
120.253.135.82 - - [05/Jul/2020:06:37:39 +0800] "GET /xingrg/dwr/interface/AjaxComOrderService.js HTTP/1.1" 200 18264
120.253.135.82 - - [05/Jul/2020:06:37:39 +0800] "GET /xingrg/dwr/interface/AjaxQqpsService.js HTTP/1.1" 200 16326
120.253.135.82 - - [05/Jul/2020:06:37:39 +0800] "GET /xingrg/dwr/engine.js HTTP/1.1" 200 43631
120.253.135.82 - - [05/Jul/2020:06:37:39 +0800] "POST /xingrg/dwr/call/plaincall/AjaxQqpsService.loadMaterielItems.dwr HTTP/1.1" 200 332
120.253.135.82 - - [05/Jul/2020:06:37:41 +0800] "GET /xingrg/kc/pszx/mdqp_order_list.html?isBack=1 HTTP/1.1" 302 -
120.253.135.82 - - [05/Jul/2020:06:37:41 +0800] "GET /xingrg/kc/pszx/mdqp_order_list.html?state=10 HTTP/1.1" 200 13387
120.253.135.82 - - [05/Jul/2020:06:37:41 +0800] "GET /xingrg/dwr/interface/AjaxReportQueryService.js HTTP/1.1" 200 13203
120.253.135.82 - - [05/Jul/2020:06:37:41 +0800] "GET /xingrg/dwr/interface/AjaxQqpsService.js HTTP/1.1" 200 16326
120.253.135.82 - - [05/Jul/2020:06:37:41 +0800] "GET /xingrg/dwr/engine.js HTTP/1.1" 200 43631
172.17.0.240 - - [05/Jul/2020:06:37:42 +0800] "GET /xingrg/all/function/internal_message.html?_=1593902256719&CODE_STATE=getMsg HTTP/1.1" 200 27
172.17.0.100 - - [05/Jul/2020:06:37:42 +0800] "GET /xingrg/all/function/internal_message.html?_=1593902256910&CODE_STATE=getMsg HTTP/1.1" 200 27
101.85.53.146 - - [05/Jul/2020:06:37:44 +0800] "GET /xingrg/all/function/internal_message.html?_=1593901659824&CODE_STATE=getMsg HTTP/1.1" 200 27
120.253.135.82 - - [05/Jul/2020:06:37:44 +0800] "GET /xingrg/kc/pszx/mdqp_order_info.html?code=302020070400066 HTTP/1.1" 200 13338
120.253.135.82 - - [05/Jul/2020:06:37:44 +0800] "GET /xingrg/dwr/interface/AjaxComOrderService.js HTTP/1.1" 200 18264
120.253.135.82 - - [05/Jul/2020:06:37:44 +0800] "GET /xingrg/dwr/interface/AjaxQqpsService.js HTTP/1.1" 200 16326
120.253.135.82 - - [05/Jul/2020:06:37:44 +0800] "GET /xingrg/dwr/engine.js HTTP/1.1" 200 43631
120.253.135.82 - - [05/Jul/2020:06:37:45 +0800] "POST /xingrg/dwr/call/plaincall/AjaxQqpsService.loadMaterielItems.dwr HTTP/1.1" 200 332
114.88.170.9 - - [05/Jul/2020:06:37:46 +0800] "GET /xingrg/check_reg.html?_=1593902262421 HTTP/1.1" 200 22
172.17.0.240 - - [05/Jul/2020:06:37:58 +0800] "GET /xingrg/all/function/internal_message.html?_=1593902272981&CODE_STATE=getMsg HTTP/1.1" 200 27
