172.17.0.240 - - [05/Jul/2020:06:37:58 +0800] "GET /xingrg/check_reg.html?_=1593902272982 HTTP/1.1" 200 22
61.172.5.115 - - [05/Jul/2020:06:38:04 +0800] "GET /xingrg/all/function/internal_message.html?_=1593902281806&CODE_STATE=getMsg HTTP/1.1" 200 27
120.253.135.82 - - [05/Jul/2020:06:38:12 +0800] "GET /xingrg/images/yd/bt.gif HTTP/1.1" 404 1040
120.253.135.82 - - [05/Jul/2020:06:38:12 +0800] "GET /xingrg/images/yd/bt2.gif HTTP/1.1" 404 1042
120.253.135.82 - - [05/Jul/2020:06:38:13 +0800] "GET /xingrg/kc/pszx/mdqp_order_list.html?isBack=1 HTTP/1.1" 302 -
120.253.135.82 - - [05/Jul/2020:06:38:13 +0800] "GET /xingrg/kc/pszx/mdqp_order_list.html?state=10 HTTP/1.1" 200 13387
120.253.135.82 - - [05/Jul/2020:06:38:13 +0800] "GET /xingrg/dwr/interface/AjaxQqpsService.js HTTP/1.1" 200 16326
120.253.135.82 - - [05/Jul/2020:06:38:13 +0800] "GET /xingrg/dwr/interface/AjaxReportQueryService.js HTTP/1.1" 200 13203
120.253.135.82 - - [05/Jul/2020:06:38:13 +0800] "GET /xingrg/dwr/engine.js HTTP/1.1" 200 43631
101.228.167.227 - - [05/Jul/2020:06:38:17 +0800] "GET /xingrg/all/function/internal_message.html?_=1593902318450&CODE_STATE=getMsg HTTP/1.1" 200 27
120.253.135.82 - - [05/Jul/2020:06:38:18 +0800] "GET /xingrg/kc/pszx/mdqp_order_info.html?code=302020070400056 HTTP/1.1" 200 13342
120.253.135.82 - - [05/Jul/2020:06:38:19 +0800] "GET /xingrg/dwr/interface/AjaxComOrderService.js HTTP/1.1" 200 18264
120.253.135.82 - - [05/Jul/2020:06:38:19 +0800] "GET /xingrg/dwr/interface/AjaxQqpsService.js HTTP/1.1" 200 16326
120.253.135.82 - - [05/Jul/2020:06:38:19 +0800] "GET /xingrg/dwr/engine.js HTTP/1.1" 200 43631
120.253.135.82 - - [05/Jul/2020:06:38:19 +0800] "POST /xingrg/dwr/call/plaincall/AjaxQqpsService.loadMaterielItems.dwr HTTP/1.1" 200 11697
120.253.135.82 - - [05/Jul/2020:06:38:21 +0800] "GET /xingrg/images/yd/bt.gif HTTP/1.1" 404 1040
120.253.135.82 - - [05/Jul/2020:06:38:21 +0800] "GET /xingrg/images/yd/bt2.gif HTTP/1.1" 404 1042
120.253.135.82 - - [05/Jul/2020:06:38:23 +0800] "GET /xingrg/kc/pszx/mdqp_order_list.html?isBack=1 HTTP/1.1" 302 -
120.253.135.82 - - [05/Jul/2020:06:38:23 +0800] "GET /xingrg/kc/pszx/mdqp_order_list.html?state=10 HTTP/1.1" 200 13387
120.253.135.82 - - [05/Jul/2020:06:38:24 +0800] "GET /xingrg/dwr/interface/AjaxQqpsService.js HTTP/1.1" 200 16326
120.253.135.82 - - [05/Jul/2020:06:38:24 +0800] "GET /xingrg/dwr/interface/AjaxReportQueryService.js HTTP/1.1" 200 13203
120.253.135.82 - - [05/Jul/2020:06:38:24 +0800] "GET /xingrg/dwr/engine.js HTTP/1.1" 200 43631
120.253.135.82 - - [05/Jul/2020:06:38:24 +0800] "GET /xingrg/check_reg.html?_=1593902055583 HTTP/1.1" 200 22
120.253.135.82 - - [05/Jul/2020:06:38:24 +0800] "GET /xingrg/all/function/internal_message.html?_=1593902055937&CODE_STATE=getMsg HTTP/1.1" 200 27
120.253.135.82 - - [05/Jul/2020:06:38:26 +0800] "GET /xingrg/kc/pszx/mdqp_order_info.html?code=302020070400056 HTTP/1.1" 200 13342
120.253.135.82 - - [05/Jul/2020:06:38:26 +0800] "GET /xingrg/dwr/interface/AjaxComOrderService.js HTTP/1.1" 200 18264
120.253.135.82 - - [05/Jul/2020:06:38:26 +0800] "GET /xingrg/dwr/interface/AjaxQqpsService.js HTTP/1.1" 200 16326
120.253.135.82 - - [05/Jul/2020:06:38:26 +0800] "GET /xingrg/dwr/engine.js HTTP/1.1" 200 43631
120.253.135.82 - - [05/Jul/2020:06:38:26 +0800] "POST /xingrg/dwr/call/plaincall/AjaxQqpsService.loadMaterielItems.dwr HTTP/1.1" 200 11697
120.253.135.82 - - [05/Jul/2020:06:38:26 +0800] "GET /xingrg/images/yd/bt.gif HTTP/1.1" 404 1040
120.253.135.82 - - [05/Jul/2020:06:38:26 +0800] "GET /xingrg/images/yd/bt2.gif HTTP/1.1" 404 1042
101.228.167.227 - - [05/Jul/2020:06:38:29 +0800] "POST /xingrg/services/DataTransmitService HTTP/1.1" 200 524
120.253.135.82 - - [05/Jul/2020:06:38:31 +0800] "GET /xingrg/kc/pszx/mdqp_order_list.html?isBack=1 HTTP/1.1" 302 -
120.253.135.82 - - [05/Jul/2020:06:38:31 +0800] "GET /xingrg/kc/pszx/mdqp_order_list.html?state=10 HTTP/1.1" 200 13387
120.253.135.82 - - [05/Jul/2020:06:38:31 +0800] "GET /xingrg/dwr/interface/AjaxQqpsService.js HTTP/1.1" 200 16326
120.253.135.82 - - [05/Jul/2020:06:38:31 +0800] "GET /xingrg/dwr/interface/AjaxReportQueryService.js HTTP/1.1" 200 13203
120.253.135.82 - - [05/Jul/2020:06:38:31 +0800] "GET /xingrg/dwr/engine.js HTTP/1.1" 200 43631
120.253.135.82 - - [05/Jul/2020:06:38:34 +0800] "GET /xingrg/kc/pszx/mdqp_order_info.html?code=302020070400057 HTTP/1.1" 200 13342
120.253.135.82 - - [05/Jul/2020:06:38:34 +0800] "GET /xingrg/dwr/interface/AjaxQqpsService.js HTTP/1.1" 200 16326
120.253.135.82 - - [05/Jul/2020:06:38:34 +0800] "GET /xingrg/dwr/interface/AjaxComOrderService.js HTTP/1.1" 200 18264
120.253.135.82 - - [05/Jul/2020:06:38:34 +0800] "GET /xingrg/dwr/engine.js HTTP/1.1" 200 43631
120.253.135.82 - - [05/Jul/2020:06:38:34 +0800] "POST /xingrg/dwr/call/plaincall/AjaxQqpsService.loadMaterielItems.dwr HTTP/1.1" 200 733
120.253.135.82 - - [05/Jul/2020:06:38:37 +0800] "GET /xingrg/kc/pszx/mdqp_order_list.html?isBack=1 HTTP/1.1" 302 -
120.253.135.82 - - [05/Jul/2020:06:38:37 +0800] "GET /xingrg/kc/pszx/mdqp_order_list.html?state=10 HTTP/1.1" 200 13387
120.253.135.82 - - [05/Jul/2020:06:38:37 +0800] "GET /xingrg/dwr/interface/AjaxQqpsService.js HTTP/1.1" 200 16326
120.253.135.82 - - [05/Jul/2020:06:38:37 +0800] "GET /xingrg/dwr/interface/AjaxReportQueryService.js HTTP/1.1" 200 13203
120.253.135.82 - - [05/Jul/2020:06:38:37 +0800] "GET /xingrg/dwr/engine.js HTTP/1.1" 200 43631
120.253.135.82 - - [05/Jul/2020:06:38:39 +0800] "GET /xingrg/kc/pszx/mdqp_order_info.html?code=302020070400058 HTTP/1.1" 200 13342
120.253.135.82 - - [05/Jul/2020:06:38:39 +0800] "GET /xingrg/dwr/interface/AjaxComOrderService.js HTTP/1.1" 200 18264
120.253.135.82 - - [05/Jul/2020:06:38:39 +0800] "GET /xingrg/dwr/interface/AjaxQqpsService.js HTTP/1.1" 200 16326
120.253.135.82 - - [05/Jul/2020:06:38:39 +0800] "GET /xingrg/dwr/engine.js HTTP/1.1" 200 43631
120.253.135.82 - - [05/Jul/2020:06:38:39 +0800] "POST /xingrg/dwr/call/plaincall/AjaxQqpsService.loadMaterielItems.dwr HTTP/1.1" 200 5595
101.228.167.227 - - [05/Jul/2020:06:38:41 +0800] "POST /xingrg/services/DataTransmitService HTTP/1.1" 200 524
172.17.0.240 - - [05/Jul/2020:06:38:42 +0800] "GET /xingrg/all/function/internal_message.html?_=1593902316720&CODE_STATE=getMsg HTTP/1.1" 200 27
101.228.167.227 - - [05/Jul/2020:06:38:42 +0800] "POST /xingrg/services/DataTransmitService HTTP/1.1" 200 501
101.228.167.227 - - [05/Jul/2020:06:38:42 +0800] "POST /xingrg/services/DataTransmitService HTTP/1.1" 200 501
172.17.0.100 - - [05/Jul/2020:06:38:42 +0800] "GET /xingrg/all/function/internal_message.html?_=1593902316937&CODE_STATE=getMsg HTTP/1.1" 200 27
101.85.53.146 - - [05/Jul/2020:06:38:44 +0800] "GET /xingrg/all/function/internal_message.html?_=1593901719824&CODE_STATE=getMsg HTTP/1.1" 200 27
101.85.53.146 - - [05/Jul/2020:06:38:44 +0800] "GET /xingrg/check_reg.html?_=1593901719826 HTTP/1.1" 200 22
120.253.135.82 - - [05/Jul/2020:06:38:44 +0800] "GET /xingrg/images/yd/bt.gif HTTP/1.1" 404 1040
120.253.135.82 - - [05/Jul/2020:06:38:44 +0800] "GET /xingrg/images/yd/bt2.gif HTTP/1.1" 404 1042
101.228.167.227 - - [05/Jul/2020:06:38:45 +0800] "POST /xingrg/services/DataTransmitService HTTP/1.1" 200 501
101.228.167.227 - - [05/Jul/2020:06:38:49 +0800] "POST /xingrg/services/DataTransmitService HTTP/1.1" 200 501
101.228.167.227 - - [05/Jul/2020:06:38:50 +0800] "POST /xingrg/services/DataTransmitService HTTP/1.1" 200 501
101.228.167.227 - - [05/Jul/2020:06:38:50 +0800] "POST /xingrg/services/DataTransmitService HTTP/1.1" 200 501
101.228.167.227 - - [05/Jul/2020:06:38:50 +0800] "POST /xingrg/services/DataTransmitService HTTP/1.1" 200 501
101.228.167.227 - - [05/Jul/2020:06:38:50 +0800] "POST /xingrg/services/DataTransmitService HTTP/1.1" 200 501
101.228.167.227 - - [05/Jul/2020:06:38:50 +0800] "POST /xingrg/services/DataTransmitService HTTP/1.1" 200 501
120.253.135.82 - - [05/Jul/2020:06:38:52 +0800] "GET /xingrg/kc/pszx/mdqp_order_list.html?isBack=1 HTTP/1.1" 302 -
120.253.135.82 - - [05/Jul/2020:06:38:52 +0800] "GET /xingrg/kc/pszx/mdqp_order_list.html?state=10 HTTP/1.1" 200 13387
120.253.135.82 - - [05/Jul/2020:06:38:52 +0800] "GET /xingrg/dwr/interface/AjaxReportQueryService.js HTTP/1.1" 200 13203
120.253.135.82 - - [05/Jul/2020:06:38:52 +0800] "GET /xingrg/dwr/interface/AjaxQqpsService.js HTTP/1.1" 200 16326
120.253.135.82 - - [05/Jul/2020:06:38:52 +0800] "GET /xingrg/dwr/engine.js HTTP/1.1" 200 43631
101.228.167.227 - - [05/Jul/2020:06:38:52 +0800] "POST /xingrg/services/DataTransmitService HTTP/1.1" 200 412
120.253.135.82 - - [05/Jul/2020:06:38:56 +0800] "GET /xingrg/check_reg.html?_=1593902451931 HTTP/1.1" 200 22
120.253.135.82 - - [05/Jul/2020:06:38:57 +0800] "GET /xingrg/kc/pszx/jzcl_ps.html HTTP/1.1" 200 7683
120.253.135.82 - - [05/Jul/2020:06:38:57 +0800] "POST /xingrg/all/common/load_tree.html?tree=area_rest_tree_json HTTP/1.1" 200 3216
172.17.0.240 - - [05/Jul/2020:06:38:58 +0800] "GET /xingrg/all/function/internal_message.html?_=1593902332982&CODE_STATE=getMsg HTTP/1.1" 200 27
120.253.135.82 - - [05/Jul/2020:06:38:58 +0800] "POST /xingrg/kc/pszx/jzcl_ps_operate.html HTTP/1.1" 200 3476
120.253.135.82 - - [05/Jul/2020:06:38:58 +0800] "POST /xingrg/kc/pszx/jzcl_ps_operate.html HTTP/1.1" 200 3476
61.172.5.115 - - [05/Jul/2020:06:39:04 +0800] "GET /xingrg/all/function/internal_message.html?_=1593902341805&CODE_STATE=getMsg HTTP/1.1" 200 27
120.253.135.82 - - [05/Jul/2020:06:39:08 +0800] "POST /xingrg/kc/pszx/jzcl_ps_operate.html HTTP/1.1" 200 4
120.253.135.82 - - [05/Jul/2020:06:39:09 +0800] "GET /xingrg/kc/pszx/mdps_order_list.html HTTP/1.1" 200 21018
120.253.135.82 - - [05/Jul/2020:06:39:09 +0800] "POST /xingrg/kc/pszx/mdps_list_operate.html HTTP/1.1" 200 5238
120.253.135.82 - - [05/Jul/2020:06:39:12 +0800] "GET /xingrg/kc/pszx/mdqp_order_list.html?state=10 HTTP/1.1" 200 11782
120.253.135.82 - - [05/Jul/2020:06:39:12 +0800] "GET /xingrg/dwr/interface/AjaxReportQueryService.js HTTP/1.1" 200 13203
120.253.135.82 - - [05/Jul/2020:06:39:12 +0800] "GET /xingrg/dwr/interface/AjaxQqpsService.js HTTP/1.1" 200 16326
120.253.135.82 - - [05/Jul/2020:06:39:12 +0800] "GET /xingrg/dwr/engine.js HTTP/1.1" 200 43631
120.253.135.82 - - [05/Jul/2020:06:39:14 +0800] "GET /xingrg/kc/pszx/mdqp_order_info.html?code=302020070400051 HTTP/1.1" 200 13350
120.253.135.82 - - [05/Jul/2020:06:39:14 +0800] "GET /xingrg/dwr/interface/AjaxComOrderService.js HTTP/1.1" 200 18264
120.253.135.82 - - [05/Jul/2020:06:39:14 +0800] "GET /xingrg/dwr/interface/AjaxQqpsService.js HTTP/1.1" 200 16326
120.253.135.82 - - [05/Jul/2020:06:39:14 +0800] "GET /xingrg/dwr/engine.js HTTP/1.1" 200 43631
120.253.135.82 - - [05/Jul/2020:06:39:14 +0800] "POST /xingrg/dwr/call/plaincall/AjaxQqpsService.loadMaterielItems.dwr HTTP/1.1" 200 9483
120.253.135.82 - - [05/Jul/2020:06:39:15 +0800] "GET /xingrg/images/yd/bt.gif HTTP/1.1" 404 1040
120.253.135.82 - - [05/Jul/2020:06:39:15 +0800] "GET /xingrg/images/yd/bt2.gif HTTP/1.1" 404 1042
101.228.167.227 - - [05/Jul/2020:06:39:17 +0800] "GET /xingrg/all/function/internal_message.html?_=1593902378707&CODE_STATE=getMsg HTTP/1.1" 200 27
120.253.135.82 - - [05/Jul/2020:06:39:22 +0800] "GET /xingrg/kc/pszx/mdqp_order_list.html?isBack=1 HTTP/1.1" 302 -
120.253.135.82 - - [05/Jul/2020:06:39:22 +0800] "GET /xingrg/kc/pszx/mdqp_order_list.html?state=10 HTTP/1.1" 200 11782
120.253.135.82 - - [05/Jul/2020:06:39:22 +0800] "GET /xingrg/dwr/interface/AjaxQqpsService.js HTTP/1.1" 200 16326
120.253.135.82 - - [05/Jul/2020:06:39:22 +0800] "GET /xingrg/dwr/interface/AjaxReportQueryService.js HTTP/1.1" 200 13203
120.253.135.82 - - [05/Jul/2020:06:39:22 +0800] "GET /xingrg/dwr/engine.js HTTP/1.1" 200 43631
120.253.135.82 - - [05/Jul/2020:06:39:23 +0800] "GET /xingrg/kc/pszx/mdqp_order_info.html?code=302020070400053 HTTP/1.1" 200 13350
120.253.135.82 - - [05/Jul/2020:06:39:23 +0800] "GET /xingrg/dwr/interface/AjaxComOrderService.js HTTP/1.1" 200 18264
120.253.135.82 - - [05/Jul/2020:06:39:23 +0800] "GET /xingrg/dwr/interface/AjaxQqpsService.js HTTP/1.1" 200 16326
120.253.135.82 - - [05/Jul/2020:06:39:23 +0800] "GET /xingrg/dwr/engine.js HTTP/1.1" 200 43631
120.253.135.82 - - [05/Jul/2020:06:39:24 +0800] "POST /xingrg/dwr/call/plaincall/AjaxQqpsService.loadMaterielItems.dwr HTTP/1.1" 200 4138
120.253.135.82 - - [05/Jul/2020:06:39:24 +0800] "GET /xingrg/all/function/internal_message.html?_=1593902115951&CODE_STATE=getMsg HTTP/1.1" 200 27
120.253.135.82 - - [05/Jul/2020:06:39:25 +0800] "GET /xingrg/images/yd/bt.gif HTTP/1.1" 404 1040
120.253.135.82 - - [05/Jul/2020:06:39:25 +0800] "GET /xingrg/images/yd/bt2.gif HTTP/1.1" 404 1042
120.253.135.82 - - [05/Jul/2020:06:39:35 +0800] "GET /xingrg/kc/pszx/mdqp_order_list.html?isBack=1 HTTP/1.1" 302 -
120.253.135.82 - - [05/Jul/2020:06:39:35 +0800] "GET /xingrg/kc/pszx/mdqp_order_list.html?state=10 HTTP/1.1" 200 11782
120.253.135.82 - - [05/Jul/2020:06:39:35 +0800] "GET /xingrg/dwr/interface/AjaxQqpsService.js HTTP/1.1" 200 16326
120.253.135.82 - - [05/Jul/2020:06:39:35 +0800] "GET /xingrg/dwr/interface/AjaxReportQueryService.js HTTP/1.1" 200 13203
120.253.135.82 - - [05/Jul/2020:06:39:35 +0800] "GET /xingrg/dwr/engine.js HTTP/1.1" 200 43631
120.253.135.82 - - [05/Jul/2020:06:39:37 +0800] "GET /xingrg/kc/pszx/jzcl_ps.html HTTP/1.1" 200 7683
120.253.135.82 - - [05/Jul/2020:06:39:37 +0800] "POST /xingrg/all/common/load_tree.html?tree=area_rest_tree_json HTTP/1.1" 200 3216
120.253.135.82 - - [05/Jul/2020:06:39:38 +0800] "POST /xingrg/kc/pszx/jzcl_ps_operate.html HTTP/1.1" 200 1772
120.253.135.82 - - [05/Jul/2020:06:39:38 +0800] "POST /xingrg/kc/pszx/jzcl_ps_operate.html HTTP/1.1" 200 1772
172.17.0.240 - - [05/Jul/2020:06:39:42 +0800] "GET /xingrg/check_reg.html?_=1593902376721 HTTP/1.1" 200 22
172.17.0.240 - - [05/Jul/2020:06:39:42 +0800] "GET /xingrg/all/function/internal_message.html?_=1593902376722&CODE_STATE=getMsg HTTP/1.1" 200 27
172.17.0.100 - - [05/Jul/2020:06:39:42 +0800] "GET /xingrg/check_reg.html?_=1593902376949 HTTP/1.1" 200 22
172.17.0.100 - - [05/Jul/2020:06:39:42 +0800] "GET /xingrg/all/function/internal_message.html?_=1593902376951&CODE_STATE=getMsg HTTP/1.1" 200 27
101.85.53.146 - - [05/Jul/2020:06:39:44 +0800] "GET /xingrg/all/function/internal_message.html?_=1593901779825&CODE_STATE=getMsg HTTP/1.1" 200 27
101.228.167.227 - - [05/Jul/2020:06:39:45 +0800] "GET /xingrg/check_reg.html?_=1593902406655 HTTP/1.1" 200 22
120.253.135.82 - - [05/Jul/2020:06:39:45 +0800] "POST /xingrg/kc/pszx/jzcl_ps_operate.html HTTP/1.1" 200 4
120.253.135.82 - - [05/Jul/2020:06:39:46 +0800] "GET /xingrg/kc/pszx/mdps_order_list.html HTTP/1.1" 200 21018
120.253.135.82 - - [05/Jul/2020:06:39:47 +0800] "POST /xingrg/kc/pszx/mdps_list_operate.html HTTP/1.1" 200 5239
120.253.135.82 - - [05/Jul/2020:06:39:51 +0800] "GET /xingrg/kc/pszx/mdqp_order_list.html?state=10 HTTP/1.1" 200 10970
120.253.135.82 - - [05/Jul/2020:06:39:51 +0800] "GET /xingrg/dwr/interface/AjaxQqpsService.js HTTP/1.1" 200 16326
120.253.135.82 - - [05/Jul/2020:06:39:51 +0800] "GET /xingrg/dwr/interface/AjaxReportQueryService.js HTTP/1.1" 200 13203
120.253.135.82 - - [05/Jul/2020:06:39:51 +0800] "GET /xingrg/dwr/engine.js HTTP/1.1" 200 43631
120.253.135.82 - - [05/Jul/2020:06:39:53 +0800] "GET /xingrg/kc/pszx/mdps_order_list.html?orderType=0 HTTP/1.1" 200 21018
120.253.135.82 - - [05/Jul/2020:06:39:53 +0800] "POST /xingrg/kc/pszx/mdps_list_operate.html HTTP/1.1" 200 5239
172.17.0.240 - - [05/Jul/2020:06:39:58 +0800] "GET /xingrg/all/function/internal_message.html?_=1593902392985&CODE_STATE=getMsg HTTP/1.1" 200 27
120.253.135.82 - - [05/Jul/2020:06:40:01 +0800] "POST /xingrg/kc/pszx/mdps_list_operate.html HTTP/1.1" 200 3154
120.253.135.82 - - [05/Jul/2020:06:40:02 +0800] "POST /xingrg/kc/pszx/mdps_list_operate.html HTTP/1.1" 200 634
120.253.135.82 - - [05/Jul/2020:06:40:03 +0800] "GET /xingrg/kc/pszx/mdps_order_info.html?code=312020070500107 HTTP/1.1" 200 23847
120.253.135.82 - - [05/Jul/2020:06:40:04 +0800] "GET /xingrg/javascript/easyui/themes/default/validatebox.css HTTP/1.1" 404 1104
120.253.135.82 - - [05/Jul/2020:06:40:04 +0800] "POST /xingrg/kc/pszx/mdps_order_operate.html HTTP/1.1" 200 20436
61.172.5.115 - - [05/Jul/2020:06:40:04 +0800] "GET /xingrg/all/function/internal_message.html?_=1593902401804&CODE_STATE=getMsg HTTP/1.1" 200 27
120.253.135.82 - - [05/Jul/2020:06:40:06 +0800] "POST /xingrg/kc/pszx/mdps_order_operate.html HTTP/1.1" 200 37
120.253.135.82 - - [05/Jul/2020:06:40:07 +0800] "GET /xingrg/kc/pszx/mdps_order_info.html?code=312020070500107 HTTP/1.1" 200 23847
120.253.135.82 - - [05/Jul/2020:06:40:07 +0800] "GET /xingrg/javascript/easyui/themes/default/validatebox.css HTTP/1.1" 404 1104
120.253.135.82 - - [05/Jul/2020:06:40:07 +0800] "POST /xingrg/kc/pszx/mdps_order_operate.html HTTP/1.1" 200 20718
120.253.135.82 - - [05/Jul/2020:06:40:16 +0800] "GET /xingrg/kc/pszx/mdps_order_operate.html?command=get_materiel&pszx_code=00101&rest_code=00111&base_code=0010246&code=00101016124 HTTP/1.1" 200 438
101.228.167.227 - - [05/Jul/2020:06:40:17 +0800] "GET /xingrg/all/function/internal_message.html?_=1593902438711&CODE_STATE=getMsg HTTP/1.1" 200 27
120.253.135.82 - - [05/Jul/2020:06:40:24 +0800] "GET /xingrg/all/function/internal_message.html?_=1593902175965&CODE_STATE=getMsg HTTP/1.1" 200 27
120.253.135.82 - - [05/Jul/2020:06:40:32 +0800] "POST /xingrg/kc/pszx/mdps_order_operate.html HTTP/1.1" 200 37
120.253.135.82 - - [05/Jul/2020:06:40:33 +0800] "GET /xingrg/kc/pszx/mdps_order_info.html?code=312020070500107 HTTP/1.1" 200 23847
120.253.135.82 - - [05/Jul/2020:06:40:33 +0800] "GET /xingrg/javascript/easyui/themes/default/validatebox.css HTTP/1.1" 404 1104
120.253.135.82 - - [05/Jul/2020:06:40:33 +0800] "POST /xingrg/kc/pszx/mdps_order_operate.html HTTP/1.1" 200 20710
172.17.0.240 - - [05/Jul/2020:06:40:42 +0800] "GET /xingrg/all/function/internal_message.html?_=1593902436707&CODE_STATE=getMsg HTTP/1.1" 200 27
172.17.0.100 - - [05/Jul/2020:06:40:42 +0800] "GET /xingrg/all/function/internal_message.html?_=1593902436936&CODE_STATE=getMsg HTTP/1.1" 200 27
101.85.53.146 - - [05/Jul/2020:06:40:44 +0800] "GET /xingrg/all/function/internal_message.html?_=1593901839838&CODE_STATE=getMsg HTTP/1.1" 200 27
172.17.0.240 - - [05/Jul/2020:06:40:58 +0800] "GET /xingrg/all/function/internal_message.html?_=1593902452988&CODE_STATE=getMsg HTTP/1.1" 200 27
61.172.5.115 - - [05/Jul/2020:06:41:04 +0800] "GET /xingrg/all/function/internal_message.html?_=1593902461803&CODE_STATE=getMsg HTTP/1.1" 200 27
101.228.167.227 - - [05/Jul/2020:06:41:17 +0800] "GET /xingrg/all/function/internal_message.html?_=1593902498727&CODE_STATE=getMsg HTTP/1.1" 200 27
120.253.135.82 - - [05/Jul/2020:06:41:24 +0800] "GET /xingrg/all/function/internal_message.html?_=1593902235979&CODE_STATE=getMsg HTTP/1.1" 200 27
120.253.135.82 - - [05/Jul/2020:06:41:33 +0800] "POST /xingrg/all/common/load_select.html HTTP/1.1" 200 25
120.253.135.82 - - [05/Jul/2020:06:41:37 +0800] "GET /xingrg/kc/pszx/mdps_order_operate.html?command=get_materiel_price&pszx_code=00101&rest_code=00111&base_code=0010246&code=00101019030&unit_code=00100188&order_time=2020-07-06 HTTP/1.1" 200 33
172.17.0.240 - - [05/Jul/2020:06:41:42 +0800] "GET /xingrg/all/function/internal_message.html?_=1593902496710&CODE_STATE=getMsg HTTP/1.1" 200 27
172.17.0.100 - - [05/Jul/2020:06:41:42 +0800] "GET /xingrg/all/function/internal_message.html?_=1593902496947&CODE_STATE=getMsg HTTP/1.1" 200 27
101.85.53.146 - - [05/Jul/2020:06:41:44 +0800] "GET /xingrg/all/function/internal_message.html?_=1593901899838&CODE_STATE=getMsg HTTP/1.1" 200 27
172.17.0.240 - - [05/Jul/2020:06:41:58 +0800] "GET /xingrg/all/function/internal_message.html?_=1593902512991&CODE_STATE=getMsg HTTP/1.1" 200 27
61.172.5.115 - - [05/Jul/2020:06:42:04 +0800] "GET /xingrg/all/function/internal_message.html?_=1593902521817&CODE_STATE=getMsg HTTP/1.1" 200 27
61.172.5.115 - - [05/Jul/2020:06:42:04 +0800] "GET /xingrg/check_reg.html?_=1593902521818 HTTP/1.1" 200 22
120.253.135.82 - - [05/Jul/2020:06:42:07 +0800] "GET /xingrg/check_reg.html?_=1593902642114 HTTP/1.1" 200 22
101.228.167.227 - - [05/Jul/2020:06:42:17 +0800] "GET /xingrg/all/function/internal_message.html?_=1593902558976&CODE_STATE=getMsg HTTP/1.1" 200 27
120.253.135.82 - - [05/Jul/2020:06:42:24 +0800] "GET /xingrg/all/function/internal_message.html?_=1593902295992&CODE_STATE=getMsg HTTP/1.1" 200 27
172.17.0.240 - - [05/Jul/2020:06:42:42 +0800] "GET /xingrg/all/function/internal_message.html?_=1593902556714&CODE_STATE=getMsg HTTP/1.1" 200 27
172.17.0.100 - - [05/Jul/2020:06:42:42 +0800] "GET /xingrg/all/function/internal_message.html?_=1593902556936&CODE_STATE=getMsg HTTP/1.1" 200 27
101.85.53.146 - - [05/Jul/2020:06:42:44 +0800] "GET /xingrg/all/function/internal_message.html?_=1593901959836&CODE_STATE=getMsg HTTP/1.1" 200 27
114.88.170.9 - - [05/Jul/2020:06:42:46 +0800] "GET /xingrg/check_reg.html?_=1593902562422 HTTP/1.1" 200 22
120.253.135.82 - - [05/Jul/2020:06:42:51 +0800] "POST /xingrg/kc/pszx/mdps_order_operate.html HTTP/1.1" 200 37
120.253.135.82 - - [05/Jul/2020:06:42:52 +0800] "GET /xingrg/kc/pszx/mdps_order_info.html?code=312020070500107 HTTP/1.1" 200 23847
120.253.135.82 - - [05/Jul/2020:06:42:52 +0800] "GET /xingrg/javascript/easyui/themes/default/validatebox.css HTTP/1.1" 404 1104
120.253.135.82 - - [05/Jul/2020:06:42:52 +0800] "POST /xingrg/kc/pszx/mdps_order_operate.html HTTP/1.1" 200 20707
172.17.0.240 - - [05/Jul/2020:06:42:58 +0800] "GET /xingrg/check_reg.html?_=1593902572978 HTTP/1.1" 200 22
172.17.0.240 - - [05/Jul/2020:06:42:58 +0800] "GET /xingrg/all/function/internal_message.html?_=1593902572979&CODE_STATE=getMsg HTTP/1.1" 200 27
61.172.5.115 - - [05/Jul/2020:06:43:04 +0800] "GET /xingrg/all/function/internal_message.html?_=1593902581801&CODE_STATE=getMsg HTTP/1.1" 200 27
101.228.167.227 - - [05/Jul/2020:06:43:17 +0800] "GET /xingrg/all/function/internal_message.html?_=1593902618987&CODE_STATE=getMsg HTTP/1.1" 200 27
120.253.135.82 - - [05/Jul/2020:06:43:19 +0800] "POST /xingrg/kc/pszx/mdps_order_operate.html HTTP/1.1" 200 37
120.253.135.82 - - [05/Jul/2020:06:43:20 +0800] "GET /xingrg/kc/pszx/mdps_order_info.html?code=312020070500107 HTTP/1.1" 200 23847
120.253.135.82 - - [05/Jul/2020:06:43:20 +0800] "POST /xingrg/kc/pszx/mdps_order_operate.html HTTP/1.1" 200 20707
120.253.135.82 - - [05/Jul/2020:06:43:20 +0800] "GET /xingrg/javascript/easyui/themes/default/validatebox.css HTTP/1.1" 404 1104
120.253.135.82 - - [05/Jul/2020:06:43:24 +0800] "GET /xingrg/check_reg.html?_=1593902355584 HTTP/1.1" 200 22
120.253.135.82 - - [05/Jul/2020:06:43:24 +0800] "GET /xingrg/all/function/internal_message.html?_=1593902356006&CODE_STATE=getMsg HTTP/1.1" 200 27
172.17.0.240 - - [05/Jul/2020:06:43:42 +0800] "GET /xingrg/all/function/internal_message.html?_=1593902616716&CODE_STATE=getMsg HTTP/1.1" 200 27
172.17.0.100 - - [05/Jul/2020:06:43:42 +0800] "GET /xingrg/all/function/internal_message.html?_=1593902616944&CODE_STATE=getMsg HTTP/1.1" 200 27
101.85.53.146 - - [05/Jul/2020:06:43:44 +0800] "GET /xingrg/all/function/internal_message.html?_=1593902019836&CODE_STATE=getMsg HTTP/1.1" 200 27
101.85.53.146 - - [05/Jul/2020:06:43:44 +0800] "GET /xingrg/check_reg.html?_=1593902019842 HTTP/1.1" 200 22
120.253.135.82 - - [05/Jul/2020:06:43:56 +0800] "GET /xingrg/check_reg.html?_=1593902751939 HTTP/1.1" 200 22
172.17.0.240 - - [05/Jul/2020:06:43:58 +0800] "GET /xingrg/all/function/internal_message.html?_=1593902632980&CODE_STATE=getMsg HTTP/1.1" 200 27
61.172.5.115 - - [05/Jul/2020:06:44:04 +0800] "GET /xingrg/all/function/internal_message.html?_=1593902641816&CODE_STATE=getMsg HTTP/1.1" 200 27
101.228.167.227 - - [05/Jul/2020:06:44:18 +0800] "GET /xingrg/all/function/internal_message.html?_=1593902679236&CODE_STATE=getMsg HTTP/1.1" 200 27
120.253.135.82 - - [05/Jul/2020:06:44:24 +0800] "GET /xingrg/all/function/internal_message.html?_=1593902416019&CODE_STATE=getMsg HTTP/1.1" 200 27
172.17.0.240 - - [05/Jul/2020:06:44:42 +0800] "GET /xingrg/all/function/internal_message.html?_=1593902676718&CODE_STATE=getMsg HTTP/1.1" 200 27
172.17.0.240 - - [05/Jul/2020:06:44:42 +0800] "GET /xingrg/check_reg.html?_=1593902676719 HTTP/1.1" 200 22
172.17.0.100 - - [05/Jul/2020:06:44:42 +0800] "GET /xingrg/all/function/internal_message.html?_=1593902676961&CODE_STATE=getMsg HTTP/1.1" 200 27
172.17.0.100 - - [05/Jul/2020:06:44:42 +0800] "GET /xingrg/check_reg.html?_=1593902676963 HTTP/1.1" 200 22
101.85.53.146 - - [05/Jul/2020:06:44:44 +0800] "GET /xingrg/all/function/internal_message.html?_=1593902079844&CODE_STATE=getMsg HTTP/1.1" 200 27
101.228.167.227 - - [05/Jul/2020:06:44:45 +0800] "GET /xingrg/check_reg.html?_=1593902706663 HTTP/1.1" 200 22
172.17.0.240 - - [05/Jul/2020:06:44:58 +0800] "GET /xingrg/all/function/internal_message.html?_=1593902692983&CODE_STATE=getMsg HTTP/1.1" 200 27
61.172.5.115 - - [05/Jul/2020:06:45:04 +0800] "GET /xingrg/all/function/internal_message.html?_=1593902701816&CODE_STATE=getMsg HTTP/1.1" 200 27
120.253.135.82 - - [05/Jul/2020:06:45:14 +0800] "POST /xingrg/kc/pszx/mdps_order_operate.html HTTP/1.1" 200 37
120.253.135.82 - - [05/Jul/2020:06:45:15 +0800] "GET /xingrg/kc/pszx/mdps_order_info.html?code=312020070500107 HTTP/1.1" 200 23847
120.253.135.82 - - [05/Jul/2020:06:45:16 +0800] "POST /xingrg/kc/pszx/mdps_order_operate.html HTTP/1.1" 200 20707
120.253.135.82 - - [05/Jul/2020:06:45:16 +0800] "GET /xingrg/javascript/easyui/themes/default/validatebox.css HTTP/1.1" 404 1104
101.228.167.227 - - [05/Jul/2020:06:45:18 +0800] "GET /xingrg/all/function/internal_message.html?_=1593902739248&CODE_STATE=getMsg HTTP/1.1" 200 27
120.253.135.82 - - [05/Jul/2020:06:45:24 +0800] "GET /xingrg/all/function/internal_message.html?_=1593902476033&CODE_STATE=getMsg HTTP/1.1" 200 27
120.253.135.82 - - [05/Jul/2020:06:45:26 +0800] "GET /xingrg/kc/report/report_main.html HTTP/1.1" 200 9370
120.253.135.82 - - [05/Jul/2020:06:45:27 +0800] "GET /xingrg/kc/base/kc_stocks.html HTTP/1.1" 200 16329
120.253.135.82 - - [05/Jul/2020:06:45:27 +0800] "GET /xingrg/javascript/easyui/themes/default/tree.css HTTP/1.1" 404 1090
120.253.135.82 - - [05/Jul/2020:06:45:27 +0800] "POST /xingrg/all/common/load_tree.html?tree=materiel_sort_tree_json HTTP/1.1" 200 8666
120.253.135.82 - - [05/Jul/2020:06:45:28 +0800] "POST /xingrg/all/common/load_combo.html?type=base HTTP/1.1" 200 899
120.253.135.82 - - [05/Jul/2020:06:45:35 +0800] "POST /xingrg/kc/base/stock_operate.html HTTP/1.1" 200 1473
172.17.0.240 - - [05/Jul/2020:06:45:42 +0800] "GET /xingrg/all/function/internal_message.html?_=1593902736720&CODE_STATE=getMsg HTTP/1.1" 200 27
172.17.0.100 - - [05/Jul/2020:06:45:42 +0800] "GET /xingrg/all/function/internal_message.html?_=1593902736962&CODE_STATE=getMsg HTTP/1.1" 200 27
101.85.53.146 - - [05/Jul/2020:06:45:44 +0800] "GET /xingrg/all/function/internal_message.html?_=1593902139843&CODE_STATE=getMsg HTTP/1.1" 200 27
120.253.135.82 - - [05/Jul/2020:06:45:45 +0800] "GET /xingrg/kc/pszx/mdps_order_list.html?orderType=0 HTTP/1.1" 200 21018
120.253.135.82 - - [05/Jul/2020:06:45:45 +0800] "POST /xingrg/kc/pszx/mdps_list_operate.html HTTP/1.1" 200 5239
120.253.135.82 - - [05/Jul/2020:06:45:51 +0800] "POST /xingrg/kc/pszx/mdps_list_operate.html HTTP/1.1" 200 3154
120.253.135.82 - - [05/Jul/2020:06:45:53 +0800] "POST /xingrg/kc/pszx/mdps_list_operate.html HTTP/1.1" 200 630
120.253.135.82 - - [05/Jul/2020:06:45:54 +0800] "GET /xingrg/kc/pszx/mdps_order_info.html?code=312020070500107 HTTP/1.1" 200 23847
120.253.135.82 - - [05/Jul/2020:06:45:54 +0800] "GET /xingrg/javascript/easyui/themes/default/validatebox.css HTTP/1.1" 404 1104
120.253.135.82 - - [05/Jul/2020:06:45:54 +0800] "POST /xingrg/kc/pszx/mdps_order_operate.html HTTP/1.1" 200 20707
172.17.0.240 - - [05/Jul/2020:06:45:58 +0800] "GET /xingrg/all/function/internal_message.html?_=1593902752986&CODE_STATE=getMsg HTTP/1.1" 200 27
61.172.5.115 - - [05/Jul/2020:06:46:04 +0800] "GET /xingrg/all/function/internal_message.html?_=1593902761814&CODE_STATE=getMsg HTTP/1.1" 200 27
101.228.167.227 - - [05/Jul/2020:06:46:18 +0800] "GET /xingrg/all/function/internal_message.html?_=1593902799261&CODE_STATE=getMsg HTTP/1.1" 200 27
120.253.135.82 - - [05/Jul/2020:06:46:24 +0800] "POST /xingrg/kc/pszx/mdps_order_operate.html HTTP/1.1" 200 37
120.253.135.82 - - [05/Jul/2020:06:46:24 +0800] "GET /xingrg/kc/pszx/mdps_order_info.html?code=312020070500107 HTTP/1.1" 200 23847
120.253.135.82 - - [05/Jul/2020:06:46:25 +0800] "GET /xingrg/javascript/easyui/themes/default/validatebox.css HTTP/1.1" 404 1104
120.253.135.82 - - [05/Jul/2020:06:46:25 +0800] "POST /xingrg/kc/pszx/mdps_order_operate.html HTTP/1.1" 200 20707
120.253.135.82 - - [05/Jul/2020:06:46:25 +0800] "GET /xingrg/all/function/internal_message.html?_=1593902537120&CODE_STATE=getMsg HTTP/1.1" 200 27
172.17.0.240 - - [05/Jul/2020:06:46:42 +0800] "GET /xingrg/all/function/internal_message.html?_=1593902796707&CODE_STATE=getMsg HTTP/1.1" 200 27
172.17.0.100 - - [05/Jul/2020:06:46:43 +0800] "GET /xingrg/all/function/internal_message.html?_=1593902796972&CODE_STATE=getMsg HTTP/1.1" 200 27
101.85.53.146 - - [05/Jul/2020:06:46:44 +0800] "GET /xingrg/all/function/internal_message.html?_=1593902199842&CODE_STATE=getMsg HTTP/1.1" 200 27
172.17.0.240 - - [05/Jul/2020:06:46:58 +0800] "GET /xingrg/all/function/internal_message.html?_=1593902812988&CODE_STATE=getMsg HTTP/1.1" 200 27
61.172.5.115 - - [05/Jul/2020:06:47:04 +0800] "GET /xingrg/all/function/internal_message.html?_=1593902821813&CODE_STATE=getMsg HTTP/1.1" 200 27
61.172.5.115 - - [05/Jul/2020:06:47:04 +0800] "GET /xingrg/check_reg.html?_=1593902821815 HTTP/1.1" 200 22
120.253.135.82 - - [05/Jul/2020:06:47:07 +0800] "GET /xingrg/check_reg.html?_=1593902942127 HTTP/1.1" 200 22
101.228.167.227 - - [05/Jul/2020:06:47:18 +0800] "GET /xingrg/all/function/internal_message.html?_=1593902859527&CODE_STATE=getMsg HTTP/1.1" 200 27
120.253.135.82 - - [05/Jul/2020:06:47:21 +0800] "POST /xingrg/kc/pszx/mdps_order_operate.html HTTP/1.1" 200 37
120.253.135.82 - - [05/Jul/2020:06:47:22 +0800] "GET /xingrg/kc/pszx/mdps_order_info.html?code=312020070500107 HTTP/1.1" 200 23847
120.253.135.82 - - [05/Jul/2020:06:47:23 +0800] "POST /xingrg/kc/pszx/mdps_order_operate.html HTTP/1.1" 200 20707
120.253.135.82 - - [05/Jul/2020:06:47:23 +0800] "GET /xingrg/javascript/easyui/themes/default/validatebox.css HTTP/1.1" 404 1104
120.253.135.82 - - [05/Jul/2020:06:47:25 +0800] "GET /xingrg/all/function/internal_message.html?_=1593902597136&CODE_STATE=getMsg HTTP/1.1" 200 27
120.253.135.82 - - [05/Jul/2020:06:47:27 +0800] "GET /xingrg/kc/pszx/mdps_order_info.html?code=312020070500107 HTTP/1.1" 200 23847
120.253.135.82 - - [05/Jul/2020:06:47:27 +0800] "POST /xingrg/kc/pszx/mdps_order_operate.html HTTP/1.1" 200 20707
120.253.135.82 - - [05/Jul/2020:06:47:27 +0800] "GET /xingrg/javascript/easyui/themes/default/validatebox.css HTTP/1.1" 404 1104
172.17.0.240 - - [05/Jul/2020:06:47:42 +0800] "GET /xingrg/all/function/internal_message.html?_=1593902856710&CODE_STATE=getMsg HTTP/1.1" 200 27
172.17.0.100 - - [05/Jul/2020:06:47:42 +0800] "GET /xingrg/all/function/internal_message.html?_=1593902856957&CODE_STATE=getMsg HTTP/1.1" 200 27
101.85.53.146 - - [05/Jul/2020:06:47:44 +0800] "GET /xingrg/all/function/internal_message.html?_=1593902259840&CODE_STATE=getMsg HTTP/1.1" 200 27
114.88.170.9 - - [05/Jul/2020:06:47:46 +0800] "GET /xingrg/check_reg.html?_=1593902862428 HTTP/1.1" 200 22
172.17.0.240 - - [05/Jul/2020:06:47:58 +0800] "GET /xingrg/check_reg.html?_=1593902872989 HTTP/1.1" 200 22
172.17.0.240 - - [05/Jul/2020:06:47:58 +0800] "GET /xingrg/all/function/internal_message.html?_=1593902872993&CODE_STATE=getMsg HTTP/1.1" 200 27
61.172.5.115 - - [05/Jul/2020:06:48:04 +0800] "GET /xingrg/all/function/internal_message.html?_=1593902881813&CODE_STATE=getMsg HTTP/1.1" 200 27
101.228.167.227 - - [05/Jul/2020:06:48:18 +0800] "GET /xingrg/all/function/internal_message.html?_=1593902919540&CODE_STATE=getMsg HTTP/1.1" 200 27
120.253.135.82 - - [05/Jul/2020:06:48:24 +0800] "GET /xingrg/check_reg.html?_=1593902655592 HTTP/1.1" 200 22
120.253.135.82 - - [05/Jul/2020:06:48:25 +0800] "GET /xingrg/all/function/internal_message.html?_=1593902657150&CODE_STATE=getMsg HTTP/1.1" 200 27
172.17.0.240 - - [05/Jul/2020:06:48:42 +0800] "GET /xingrg/all/function/internal_message.html?_=1593902916714&CODE_STATE=getMsg HTTP/1.1" 200 27
172.17.0.100 - - [05/Jul/2020:06:48:42 +0800] "GET /xingrg/all/function/internal_message.html?_=1593902916959&CODE_STATE=getMsg HTTP/1.1" 200 27
101.85.53.146 - - [05/Jul/2020:06:48:44 +0800] "GET /xingrg/all/function/internal_message.html?_=1593902319843&CODE_STATE=getMsg HTTP/1.1" 200 27
101.85.53.146 - - [05/Jul/2020:06:48:44 +0800] "GET /xingrg/check_reg.html?_=1593902319845 HTTP/1.1" 200 22
120.253.135.82 - - [05/Jul/2020:06:48:56 +0800] "GET /xingrg/check_reg.html?_=1593903051948 HTTP/1.1" 200 22
172.17.0.240 - - [05/Jul/2020:06:48:58 +0800] "GET /xingrg/all/function/internal_message.html?_=1593902932979&CODE_STATE=getMsg HTTP/1.1" 200 27
61.172.5.115 - - [05/Jul/2020:06:49:04 +0800] "GET /xingrg/all/function/internal_message.html?_=1593902941810&CODE_STATE=getMsg HTTP/1.1" 200 27
101.228.167.227 - - [05/Jul/2020:06:49:18 +0800] "GET /xingrg/all/function/internal_message.html?_=1593902979795&CODE_STATE=getMsg HTTP/1.1" 200 27
120.253.135.82 - - [05/Jul/2020:06:49:25 +0800] "GET /xingrg/all/function/internal_message.html?_=1593902717163&CODE_STATE=getMsg HTTP/1.1" 200 27
172.17.0.240 - - [05/Jul/2020:06:49:42 +0800] "GET /xingrg/all/function/internal_message.html?_=1593902976716&CODE_STATE=getMsg HTTP/1.1" 200 27
172.17.0.240 - - [05/Jul/2020:06:49:42 +0800] "GET /xingrg/check_reg.html?_=1593902976718 HTTP/1.1" 200 22
172.17.0.100 - - [05/Jul/2020:06:49:43 +0800] "GET /xingrg/check_reg.html?_=1593902976963 HTTP/1.1" 200 22
172.17.0.100 - - [05/Jul/2020:06:49:43 +0800] "GET /xingrg/all/function/internal_message.html?_=1593902976961&CODE_STATE=getMsg HTTP/1.1" 200 27
101.85.53.146 - - [05/Jul/2020:06:49:44 +0800] "GET /xingrg/all/function/internal_message.html?_=1593902379843&CODE_STATE=getMsg HTTP/1.1" 200 27
101.228.167.227 - - [05/Jul/2020:06:49:45 +0800] "GET /xingrg/check_reg.html?_=1593903006665 HTTP/1.1" 200 22
120.253.135.82 - - [05/Jul/2020:06:49:53 +0800] "POST /xingrg/kc/pszx/mdps_list_operate.html HTTP/1.1" 200 3154
120.253.135.82 - - [05/Jul/2020:06:49:54 +0800] "POST /xingrg/kc/pszx/mdps_list_operate.html HTTP/1.1" 200 205
120.253.135.82 - - [05/Jul/2020:06:49:55 +0800] "GET /xingrg/kc/pszx/mdps_order_info.html?code=312020070500108 HTTP/1.1" 200 23843
120.253.135.82 - - [05/Jul/2020:06:49:55 +0800] "POST /xingrg/kc/pszx/mdps_order_operate.html HTTP/1.1" 200 2279
120.253.135.82 - - [05/Jul/2020:06:49:55 +0800] "GET /xingrg/javascript/easyui/themes/default/validatebox.css HTTP/1.1" 404 1104
120.253.135.82 - - [05/Jul/2020:06:49:57 +0800] "POST /xingrg/all/common/load_combo.html?type=base HTTP/1.1" 200 899
172.17.0.240 - - [05/Jul/2020:06:49:58 +0800] "GET /xingrg/all/function/internal_message.html?_=1593902992982&CODE_STATE=getMsg HTTP/1.1" 200 27
120.253.135.82 - - [05/Jul/2020:06:50:02 +0800] "POST /xingrg/kc/pszx/mdps_order_operate.html HTTP/1.1" 200 37
120.253.135.82 - - [05/Jul/2020:06:50:02 +0800] "GET /xingrg/kc/pszx/mdps_order_info.html?code=312020070500108 HTTP/1.1" 200 23843
120.253.135.82 - - [05/Jul/2020:06:50:03 +0800] "POST /xingrg/kc/pszx/mdps_order_operate.html HTTP/1.1" 200 2286
120.253.135.82 - - [05/Jul/2020:06:50:03 +0800] "GET /xingrg/javascript/easyui/themes/default/validatebox.css HTTP/1.1" 404 1104
120.253.135.82 - - [05/Jul/2020:06:50:04 +0800] "POST /xingrg/kc/pszx/mdps_list_operate.html HTTP/1.1" 200 3154
61.172.5.115 - - [05/Jul/2020:06:50:04 +0800] "GET /xingrg/all/function/internal_message.html?_=1593903001809&CODE_STATE=getMsg HTTP/1.1" 200 27
120.253.135.82 - - [05/Jul/2020:06:50:05 +0800] "POST /xingrg/kc/pszx/mdps_list_operate.html HTTP/1.1" 200 620
120.253.135.82 - - [05/Jul/2020:06:50:06 +0800] "GET /xingrg/kc/pszx/mdps_order_info.html?code=312020070500109 HTTP/1.1" 200 23847
120.253.135.82 - - [05/Jul/2020:06:50:06 +0800] "GET /xingrg/javascript/easyui/themes/default/validatebox.css HTTP/1.1" 404 1104
120.253.135.82 - - [05/Jul/2020:06:50:06 +0800] "POST /xingrg/kc/pszx/mdps_order_operate.html HTTP/1.1" 200 11153
120.253.135.82 - - [05/Jul/2020:06:50:10 +0800] "POST /xingrg/kc/pszx/mdps_order_operate.html HTTP/1.1" 200 37
120.253.135.82 - - [05/Jul/2020:06:50:11 +0800] "GET /xingrg/kc/pszx/mdps_order_info.html?code=312020070500109 HTTP/1.1" 200 23847
120.253.135.82 - - [05/Jul/2020:06:50:11 +0800] "GET /xingrg/javascript/easyui/themes/default/validatebox.css HTTP/1.1" 404 1104
120.253.135.82 - - [05/Jul/2020:06:50:11 +0800] "POST /xingrg/kc/pszx/mdps_order_operate.html HTTP/1.1" 200 11286
120.253.135.82 - - [05/Jul/2020:06:50:14 +0800] "POST /xingrg/all/common/load_combo.html?type=base HTTP/1.1" 200 899
101.228.167.227 - - [05/Jul/2020:06:50:18 +0800] "GET /xingrg/all/function/internal_message.html?_=1593903039800&CODE_STATE=getMsg HTTP/1.1" 200 27
120.253.135.82 - - [05/Jul/2020:06:50:19 +0800] "POST /xingrg/kc/pszx/mdps_order_operate.html HTTP/1.1" 200 37
120.253.135.82 - - [05/Jul/2020:06:50:21 +0800] "GET /xingrg/kc/pszx/mdps_order_info.html?code=312020070500109 HTTP/1.1" 200 23847
120.253.135.82 - - [05/Jul/2020:06:50:21 +0800] "GET /xingrg/javascript/easyui/themes/default/validatebox.css HTTP/1.1" 404 1104
120.253.135.82 - - [05/Jul/2020:06:50:21 +0800] "POST /xingrg/kc/pszx/mdps_order_operate.html HTTP/1.1" 200 11302
120.253.135.82 - - [05/Jul/2020:06:50:25 +0800] "GET /xingrg/all/function/internal_message.html?_=1593902777177&CODE_STATE=getMsg HTTP/1.1" 200 27
120.253.135.82 - - [05/Jul/2020:06:50:32 +0800] "GET /xingrg/kc/pszx/mdps_order_operate.html?command=get_materiel&pszx_code=00101&rest_code=00111&base_code=0010250&code=00102004035 HTTP/1.1" 200 436
172.17.0.240 - - [05/Jul/2020:06:50:42 +0800] "GET /xingrg/all/function/internal_message.html?_=1593903036718&CODE_STATE=getMsg HTTP/1.1" 200 27
172.17.0.100 - - [05/Jul/2020:06:50:43 +0800] "GET /xingrg/all/function/internal_message.html?_=1593903037005&CODE_STATE=getMsg HTTP/1.1" 200 27
101.85.53.146 - - [05/Jul/2020:06:50:44 +0800] "GET /xingrg/all/function/internal_message.html?_=1593902439843&CODE_STATE=getMsg HTTP/1.1" 200 27
120.253.135.82 - - [05/Jul/2020:06:50:54 +0800] "POST /xingrg/kc/pszx/mdps_order_operate.html HTTP/1.1" 200 37
120.253.135.82 - - [05/Jul/2020:06:50:54 +0800] "GET /xingrg/kc/pszx/mdps_order_info.html?code=312020070500109 HTTP/1.1" 200 23847
120.253.135.82 - - [05/Jul/2020:06:50:55 +0800] "GET /xingrg/javascript/easyui/themes/default/validatebox.css HTTP/1.1" 404 1104
120.253.135.82 - - [05/Jul/2020:06:50:55 +0800] "POST /xingrg/kc/pszx/mdps_order_operate.html HTTP/1.1" 200 11306
172.17.0.240 - - [05/Jul/2020:06:50:58 +0800] "GET /xingrg/all/function/internal_message.html?_=1593903052983&CODE_STATE=getMsg HTTP/1.1" 200 27
61.172.5.115 - - [05/Jul/2020:06:51:04 +0800] "GET /xingrg/all/function/internal_message.html?_=1593903061808&CODE_STATE=getMsg HTTP/1.1" 200 27
120.253.135.82 - - [05/Jul/2020:06:51:13 +0800] "GET /xingrg/kc/pszx/mdps_order_operate.html?command=get_materiel&pszx_code=00101&rest_code=00111&base_code=0010250&code=00102002685 HTTP/1.1" 200 443
101.228.167.227 - - [05/Jul/2020:06:51:18 +0800] "GET /xingrg/all/function/internal_message.html?_=1593903099812&CODE_STATE=getMsg HTTP/1.1" 200 27
120.253.135.82 - - [05/Jul/2020:06:51:25 +0800] "GET /xingrg/all/function/internal_message.html?_=1593902837191&CODE_STATE=getMsg HTTP/1.1" 200 27
120.253.135.82 - - [05/Jul/2020:06:51:31 +0800] "POST /xingrg/kc/pszx/mdps_order_operate.html HTTP/1.1" 200 37
120.253.135.82 - - [05/Jul/2020:06:51:31 +0800] "GET /xingrg/kc/pszx/mdps_order_info.html?code=312020070500109 HTTP/1.1" 200 23847
120.253.135.82 - - [05/Jul/2020:06:51:32 +0800] "GET /xingrg/javascript/easyui/themes/default/validatebox.css HTTP/1.1" 404 1104
120.253.135.82 - - [05/Jul/2020:06:51:32 +0800] "POST /xingrg/kc/pszx/mdps_order_operate.html HTTP/1.1" 200 11312
120.253.135.82 - - [05/Jul/2020:06:51:33 +0800] "POST /xingrg/kc/pszx/mdps_list_operate.html HTTP/1.1" 200 3154
120.253.135.82 - - [05/Jul/2020:06:51:35 +0800] "POST /xingrg/kc/pszx/mdps_list_operate.html HTTP/1.1" 200 310
120.253.135.82 - - [05/Jul/2020:06:51:36 +0800] "GET /xingrg/kc/pszx/mdps_order_info.html?code=312020070500110 HTTP/1.1" 200 23847
120.253.135.82 - - [05/Jul/2020:06:51:36 +0800] "POST /xingrg/kc/pszx/mdps_order_operate.html HTTP/1.1" 200 2820
120.253.135.82 - - [05/Jul/2020:06:51:37 +0800] "GET /xingrg/javascript/easyui/themes/default/validatebox.css HTTP/1.1" 404 1104
120.253.135.82 - - [05/Jul/2020:06:51:40 +0800] "POST /xingrg/all/common/load_combo.html?type=base HTTP/1.1" 200 899
172.17.0.240 - - [05/Jul/2020:06:51:42 +0800] "GET /xingrg/all/function/internal_message.html?_=1593903096721&CODE_STATE=getMsg HTTP/1.1" 200 27
172.17.0.100 - - [05/Jul/2020:06:51:43 +0800] "GET /xingrg/all/function/internal_message.html?_=1593903096997&CODE_STATE=getMsg HTTP/1.1" 200 27
101.85.53.146 - - [05/Jul/2020:06:51:44 +0800] "GET /xingrg/all/function/internal_message.html?_=1593902499842&CODE_STATE=getMsg HTTP/1.1" 200 27
120.253.135.82 - - [05/Jul/2020:06:51:51 +0800] "POST /xingrg/kc/pszx/mdps_order_operate.html HTTP/1.1" 200 37
120.253.135.82 - - [05/Jul/2020:06:51:51 +0800] "GET /xingrg/kc/pszx/mdps_order_info.html?code=312020070500110 HTTP/1.1" 200 23845
120.253.135.82 - - [05/Jul/2020:06:51:52 +0800] "POST /xingrg/kc/pszx/mdps_order_operate.html HTTP/1.1" 200 2834
120.253.135.82 - - [05/Jul/2020:06:51:52 +0800] "GET /xingrg/javascript/easyui/themes/default/validatebox.css HTTP/1.1" 404 1104
120.253.135.82 - - [05/Jul/2020:06:51:55 +0800] "POST /xingrg/kc/pszx/mdps_list_operate.html HTTP/1.1" 200 3151
120.253.135.82 - - [05/Jul/2020:06:51:56 +0800] "POST /xingrg/kc/pszx/mdps_list_operate.html HTTP/1.1" 200 213
172.17.0.240 - - [05/Jul/2020:06:51:58 +0800] "GET /xingrg/all/function/internal_message.html?_=1593903112985&CODE_STATE=getMsg HTTP/1.1" 200 27
120.253.135.82 - - [05/Jul/2020:06:52:01 +0800] "POST /xingrg/kc/pszx/mdps_list_operate.html HTTP/1.1" 200 310
120.253.135.82 - - [05/Jul/2020:06:52:03 +0800] "POST /xingrg/kc/pszx/mdps_list_operate.html HTTP/1.1" 200 617
61.172.5.115 - - [05/Jul/2020:06:52:04 +0800] "GET /xingrg/check_reg.html?_=1593903121808 HTTP/1.1" 200 22
61.172.5.115 - - [05/Jul/2020:06:52:04 +0800] "GET /xingrg/all/function/internal_message.html?_=1593903121806&CODE_STATE=getMsg HTTP/1.1" 200 27
120.253.135.82 - - [05/Jul/2020:06:52:07 +0800] "GET /xingrg/check_reg.html?_=1593903242129 HTTP/1.1" 200 22
120.253.135.82 - - [05/Jul/2020:06:52:07 +0800] "GET /xingrg/kc/pszx/mdps_order_info.html?code=312020063000687 HTTP/1.1" 200 23843
120.253.135.82 - - [05/Jul/2020:06:52:07 +0800] "POST /xingrg/kc/pszx/mdps_order_operate.html HTTP/1.1" 200 2306
120.253.135.82 - - [05/Jul/2020:06:52:07 +0800] "GET /xingrg/javascript/easyui/themes/default/validatebox.css HTTP/1.1" 404 1104
120.253.135.82 - - [05/Jul/2020:06:52:10 +0800] "POST /xingrg/kc/pszx/mdps_order_operate.html HTTP/1.1" 200 12
120.253.135.82 - - [05/Jul/2020:06:52:11 +0800] "POST /xingrg/kc/pszx/mdps_list_operate.html HTTP/1.1" 200 2789
120.253.135.82 - - [05/Jul/2020:06:52:13 +0800] "GET /xingrg/kc/pszx/mdps_order_add.html HTTP/1.1" 200 28958
120.253.135.82 - - [05/Jul/2020:06:52:13 +0800] "POST /xingrg/kc/pszx/mdps_order_operate.html HTTP/1.1" 200 7126
120.253.135.82 - - [05/Jul/2020:06:52:13 +0800] "GET /xingrg/javascript/easyui/themes/default/validatebox.css HTTP/1.1" 404 1104
120.253.135.82 - - [05/Jul/2020:06:52:17 +0800] "GET /xingrg/javascript/jquery_tools/images/next.gif HTTP/1.1" 404 1086
120.253.135.82 - - [05/Jul/2020:06:52:17 +0800] "GET /xingrg/javascript/jquery_tools/images/prev.gif HTTP/1.1" 404 1086
101.228.167.227 - - [05/Jul/2020:06:52:19 +0800] "GET /xingrg/all/function/internal_message.html?_=1593903160115&CODE_STATE=getMsg HTTP/1.1" 200 27
120.253.135.82 - - [05/Jul/2020:06:52:22 +0800] "POST /xingrg/all/common/load_combo.html?type=base HTTP/1.1" 200 899
120.253.135.82 - - [05/Jul/2020:06:52:25 +0800] "GET /xingrg/all/function/internal_message.html?_=1593902897204&CODE_STATE=getMsg HTTP/1.1" 200 27
120.253.135.82 - - [05/Jul/2020:06:52:34 +0800] "GET /xingrg/kc/pszx/mdps_order_operate.html?command=get_materiel&pszx_code=00101&rest_code=00111&base_code=0010246&code=00101029073 HTTP/1.1" 200 478
120.253.135.82 - - [05/Jul/2020:06:52:35 +0800] "POST /xingrg/all/common/load_select.html HTTP/1.1" 200 25
120.253.135.82 - - [05/Jul/2020:06:52:38 +0800] "GET /xingrg/kc/pszx/mdps_order_operate.html?command=get_materiel_price&pszx_code=00101&rest_code=00111&base_code=0010246&code=00101029073&unit_code=00100179&order_time=2020-07-06 HTTP/1.1" 200 35
172.17.0.240 - - [05/Jul/2020:06:52:42 +0800] "GET /xingrg/all/function/internal_message.html?_=1593903156709&CODE_STATE=getMsg HTTP/1.1" 200 27
172.17.0.100 - - [05/Jul/2020:06:52:43 +0800] "GET /xingrg/all/function/internal_message.html?_=1593903156989&CODE_STATE=getMsg HTTP/1.1" 200 27
120.253.135.82 - - [05/Jul/2020:06:52:44 +0800] "POST /xingrg/kc/pszx/mdps_order_operate.html HTTP/1.1" 200 37
101.85.53.146 - - [05/Jul/2020:06:52:44 +0800] "GET /xingrg/all/function/internal_message.html?_=1593902559843&CODE_STATE=getMsg HTTP/1.1" 200 27
120.253.135.82 - - [05/Jul/2020:06:52:44 +0800] "GET /xingrg/kc/pszx/mdps_order_info.html?code=312020070500113 HTTP/1.1" 200 23843
120.253.135.82 - - [05/Jul/2020:06:52:45 +0800] "POST /xingrg/kc/pszx/mdps_order_operate.html HTTP/1.1" 200 2328
120.253.135.82 - - [05/Jul/2020:06:52:45 +0800] "GET /xingrg/javascript/easyui/themes/default/validatebox.css HTTP/1.1" 404 1104
120.253.135.82 - - [05/Jul/2020:06:52:46 +0800] "POST /xingrg/kc/pszx/mdps_list_operate.html HTTP/1.1" 200 3151
114.88.170.9 - - [05/Jul/2020:06:52:46 +0800] "GET /xingrg/check_reg.html?_=1593903162437 HTTP/1.1" 200 22
120.253.135.82 - - [05/Jul/2020:06:52:48 +0800] "POST /xingrg/kc/pszx/mdps_list_operate.html HTTP/1.1" 200 617
120.253.135.82 - - [05/Jul/2020:06:52:49 +0800] "POST /xingrg/kc/pszx/mdps_list_operate.html HTTP/1.1" 200 310
120.253.135.82 - - [05/Jul/2020:06:52:52 +0800] "GET /xingrg/kc/pszx/mdps_order_info.html?code=312020070500110 HTTP/1.1" 200 23845
120.253.135.82 - - [05/Jul/2020:06:52:52 +0800] "POST /xingrg/kc/pszx/mdps_order_operate.html HTTP/1.1" 200 2834
120.253.135.82 - - [05/Jul/2020:06:52:52 +0800] "GET /xingrg/javascript/easyui/themes/default/validatebox.css HTTP/1.1" 404 1104
120.253.135.82 - - [05/Jul/2020:06:52:57 +0800] "POST /xingrg/kc/pszx/mdps_order_operate.html HTTP/1.1" 200 37
172.17.0.240 - - [05/Jul/2020:06:52:58 +0800] "GET /xingrg/all/function/internal_message.html?_=1593903172987&CODE_STATE=getMsg HTTP/1.1" 200 27
172.17.0.240 - - [05/Jul/2020:06:52:58 +0800] "GET /xingrg/check_reg.html?_=1593903172989 HTTP/1.1" 200 22
120.253.135.82 - - [05/Jul/2020:06:52:58 +0800] "GET /xingrg/kc/pszx/mdps_order_info.html?code=312020070500110 HTTP/1.1" 200 23845
120.253.135.82 - - [05/Jul/2020:06:52:59 +0800] "POST /xingrg/kc/pszx/mdps_order_operate.html HTTP/1.1" 200 2294
120.253.135.82 - - [05/Jul/2020:06:52:59 +0800] "GET /xingrg/javascript/easyui/themes/default/validatebox.css HTTP/1.1" 404 1104
120.253.135.82 - - [05/Jul/2020:06:53:00 +0800] "POST /xingrg/kc/pszx/mdps_list_operate.html HTTP/1.1" 200 3151
61.172.5.115 - - [05/Jul/2020:06:53:04 +0800] "GET /xingrg/all/function/internal_message.html?_=1593903181832&CODE_STATE=getMsg HTTP/1.1" 200 27
120.253.135.82 - - [05/Jul/2020:06:53:10 +0800] "POST /xingrg/kc/pszx/mdps_list_operate.html HTTP/1.1" 200 2773
120.253.135.82 - - [05/Jul/2020:06:53:11 +0800] "POST /xingrg/kc/pszx/mdps_list_operate.html HTTP/1.1" 200 553
120.253.135.82 - - [05/Jul/2020:06:53:12 +0800] "GET /xingrg/kc/pszx/mdps_order_info.html?code=312020070500104 HTTP/1.1" 200 23843
120.253.135.82 - - [05/Jul/2020:06:53:12 +0800] "POST /xingrg/kc/pszx/mdps_order_operate.html HTTP/1.1" 200 4306
120.253.135.82 - - [05/Jul/2020:06:53:12 +0800] "GET /xingrg/javascript/easyui/themes/default/validatebox.css HTTP/1.1" 404 1104
120.253.135.82 - - [05/Jul/2020:06:53:15 +0800] "POST /xingrg/all/common/load_combo.html?type=base HTTP/1.1" 200 899
101.228.167.227 - - [05/Jul/2020:06:53:19 +0800] "GET /xingrg/all/function/internal_message.html?_=1593903220121&CODE_STATE=getMsg HTTP/1.1" 200 27
120.253.135.82 - - [05/Jul/2020:06:53:20 +0800] "POST /xingrg/kc/pszx/mdps_order_operate.html HTTP/1.1" 200 37
120.253.135.82 - - [05/Jul/2020:06:53:21 +0800] "GET /xingrg/kc/pszx/mdps_order_info.html?code=312020070500104 HTTP/1.1" 200 23841
120.253.135.82 - - [05/Jul/2020:06:53:22 +0800] "POST /xingrg/kc/pszx/mdps_order_operate.html HTTP/1.1" 200 4344
120.253.135.82 - - [05/Jul/2020:06:53:22 +0800] "GET /xingrg/javascript/easyui/themes/default/validatebox.css HTTP/1.1" 404 1104
120.253.135.82 - - [05/Jul/2020:06:53:24 +0800] "GET /xingrg/check_reg.html?_=1593902955600 HTTP/1.1" 200 22
120.253.135.82 - - [05/Jul/2020:06:53:25 +0800] "GET /xingrg/all/function/internal_message.html?_=1593902957218&CODE_STATE=getMsg HTTP/1.1" 200 27
172.17.0.240 - - [05/Jul/2020:06:53:42 +0800] "GET /xingrg/all/function/internal_message.html?_=1593903216712&CODE_STATE=getMsg HTTP/1.1" 200 27
172.17.0.100 - - [05/Jul/2020:06:53:43 +0800] "GET /xingrg/all/function/internal_message.html?_=1593903216988&CODE_STATE=getMsg HTTP/1.1" 200 27
101.85.53.146 - - [05/Jul/2020:06:53:44 +0800] "GET /xingrg/all/function/internal_message.html?_=1593902619850&CODE_STATE=getMsg HTTP/1.1" 200 27
101.85.53.146 - - [05/Jul/2020:06:53:44 +0800] "GET /xingrg/check_reg.html?_=1593902619852 HTTP/1.1" 200 22
120.253.135.82 - - [05/Jul/2020:06:53:47 +0800] "POST /xingrg/kc/pszx/mdps_order_operate.html HTTP/1.1" 200 37
120.253.135.82 - - [05/Jul/2020:06:53:48 +0800] "GET /xingrg/kc/pszx/mdps_order_info.html?code=312020070500104 HTTP/1.1" 200 23841
120.253.135.82 - - [05/Jul/2020:06:53:49 +0800] "POST /xingrg/kc/pszx/mdps_order_operate.html HTTP/1.1" 200 4344
