180.175.214.200 - - [05/Jul/2020:10:17:34 +0800] "GET /xingrg/kc/buy/cgsh_order_info.html?code=212020070501675 HTTP/1.1" 200 54054
117.184.7.26 - - [05/Jul/2020:10:17:34 +0800] "GET /xingrg/check_reg.html?_=1593915450642 HTTP/1.1" 200 22
117.184.7.30 - - [05/Jul/2020:10:17:34 +0800] "GET /xingrg/all/function/internal_message.html?_=1593915450651&CODE_STATE=getMsg HTTP/1.1" 200 27
180.175.214.200 - - [05/Jul/2020:10:17:34 +0800] "GET /xingrg/javascript/easyui/themes/default/validatebox.css HTTP/1.1" 404 1104
180.175.214.200 - - [05/Jul/2020:10:17:35 +0800] "POST /xingrg/kc/buy/cgsh_order_operate.html HTTP/1.1" 200 8309
58.40.7.146 - - [05/Jul/2020:10:17:35 +0800] "GET /xingrg/all/function/internal_message.html?_=1593915451260&CODE_STATE=getMsg HTTP/1.1" 200 27
180.175.214.200 - - [05/Jul/2020:10:17:36 +0800] "GET /xingrg/kc/print/load_data.html?order_code=212020070501675&kc_code=cgsh&condition= HTTP/1.1" 200 3566
114.86.190.97 - - [05/Jul/2020:10:17:38 +0800] "GET /xingrg/check_reg.html?_=1593915454195 HTTP/1.1" 200 22
114.86.190.97 - - [05/Jul/2020:10:17:38 +0800] "GET /xingrg/all/function/internal_message.html?_=1593915454272&CODE_STATE=getMsg HTTP/1.1" 200 27
114.89.80.44 - - [05/Jul/2020:10:17:40 +0800] "GET /xingrg/all/function/internal_message.html?_=1593915456409&CODE_STATE=getMsg HTTP/1.1" 200 27
61.172.5.115 - - [05/Jul/2020:10:17:40 +0800] "GET /xingrg/kc/buy/cgsh_order_operate.html?command=get_materiel&rest_code=00105&code=00101008003&supplier_code=00100203&order_time=2020-07-05 HTTP/1.1" 200 408
172.17.0.240 - - [05/Jul/2020:10:17:42 +0800] "GET /xingrg/all/function/internal_message.html?_=1593915456709&CODE_STATE=getMsg HTTP/1.1" 200 27
101.85.53.146 - - [05/Jul/2020:10:17:45 +0800] "GET /xingrg/all/function/internal_message.html?_=1593914860117&CODE_STATE=getMsg HTTP/1.1" 200 27
61.172.5.115 - - [05/Jul/2020:10:17:47 +0800] "GET /xingrg/kc/buy/cgsh_order_operate.html?command=get_materiel&rest_code=00105&code=00101008141&supplier_code=00100203&order_time=2020-07-05 HTTP/1.1" 200 412
114.88.170.9 - - [05/Jul/2020:10:17:47 +0800] "GET /xingrg/check_reg.html?_=1593915462803 HTTP/1.1" 200 22
172.17.0.119 - - [05/Jul/2020:10:17:50 +0800] "GET /xingrg/login.html HTTP/1.1" 200 7636
172.17.0.119 - - [05/Jul/2020:10:17:50 +0800] "GET /xingrg/images/blue/jxLogo.png HTTP/1.1" 200 6156
172.17.0.119 - - [05/Jul/2020:10:17:51 +0800] "GET /xingrg/images/blue/login_bg.png HTTP/1.1" 200 22101
172.17.0.119 - - [05/Jul/2020:10:17:51 +0800] "GET /xingrg/images/blue/hj.png HTTP/1.1" 200 1014
172.17.0.119 - - [05/Jul/2020:10:17:51 +0800] "GET /xingrg/images/blue/srbg.png HTTP/1.1" 200 138
172.17.0.119 - - [05/Jul/2020:10:17:51 +0800] "GET /favicon.ico HTTP/1.1" 404 -
172.17.0.119 - - [05/Jul/2020:10:17:51 +0800] "GET /favicon.ico HTTP/1.1" 404 -
172.17.0.119 - - [05/Jul/2020:10:17:53 +0800] "POST /xingrg/login.do HTTP/1.1" 302 -
172.17.0.119 - - [05/Jul/2020:10:17:53 +0800] "GET /xingrg/index.html?sysBaseUrl=http%3A%2F%2F172.17.0.8%3A18081%2Fxingrg%2F&costTime=42×tamp=1593915473005 HTTP/1.1" 200 17448
172.17.0.119 - - [05/Jul/2020:10:17:53 +0800] "GET /xingrg/javascript/jquery_easy_ui/themes/default/easyui.css HTTP/1.1" 200 26500
172.17.0.119 - - [05/Jul/2020:10:17:53 +0800] "GET /xingrg/javascript/jquery_easy_ui/themes/icon.css HTTP/1.1" 200 3949
172.17.0.119 - - [05/Jul/2020:10:17:53 +0800] "GET /xingrg/css/form.css HTTP/1.1" 200 893
172.17.0.119 - - [05/Jul/2020:10:17:53 +0800] "GET /xingrg/javascript/jquery-1.4.2.min.js HTTP/1.1" 200 72205
172.17.0.119 - - [05/Jul/2020:10:17:53 +0800] "GET /xingrg/javascript/jquery_easy_ui/jquery.easyui.min.js HTTP/1.1" 200 213662
172.17.0.119 - - [05/Jul/2020:10:17:53 +0800] "GET /xingrg/javascript/jquery_easy_ui/easyui-lang-zh_CN.js HTTP/1.1" 200 1900
172.17.0.119 - - [05/Jul/2020:10:17:53 +0800] "GET /xingrg/javascript/jquery.form.js HTTP/1.1" 200 23110
172.17.0.119 - - [05/Jul/2020:10:17:53 +0800] "GET /xingrg/javascript/jquery.utils.js HTTP/1.1" 200 11805
172.17.0.119 - - [05/Jul/2020:10:17:53 +0800] "GET /xingrg/javascript/jquery.timers.js HTTP/1.1" 200 3532
172.17.0.119 - - [05/Jul/2020:10:17:53 +0800] "GET /favicon.ico HTTP/1.1" 404 -
172.17.0.119 - - [05/Jul/2020:10:17:53 +0800] "GET /xingrg/javascript/jquery_easy_ui/themes/icons/settle_new.png HTTP/1.1" 200 826
172.17.0.119 - - [05/Jul/2020:10:17:53 +0800] "GET /xingrg/images/blue/navBackgound.jpg HTTP/1.1" 200 12378
172.17.0.119 - - [05/Jul/2020:10:17:53 +0800] "POST /xingrg/all/common/load_tree.html?tree=area_rest_tree_json&manage=1 HTTP/1.1" 200 3216
172.17.0.119 - - [05/Jul/2020:10:17:53 +0800] "GET /xingrg/all/function/internal_message.html?_=1593915470550&CODE_STATE=count HTTP/1.1" 200 11
172.17.0.119 - - [05/Jul/2020:10:17:53 +0800] "GET /xingrg/check_reg.html?_=1593915470550 HTTP/1.1" 200 22
172.17.0.119 - - [05/Jul/2020:10:17:53 +0800] "GET /xingrg/images/blue/pingpu.png HTTP/1.1" 200 231
172.17.0.119 - - [05/Jul/2020:10:17:53 +0800] "GET /xingrg/javascript/jquery_easy_ui/themes/default/images/tabs_leftarrow.png HTTP/1.1" 200 389
172.17.0.119 - - [05/Jul/2020:10:17:53 +0800] "GET /xingrg/javascript/jquery_easy_ui/themes/default/images/tabs_rightarrow.png HTTP/1.1" 200 395
172.17.0.119 - - [05/Jul/2020:10:17:53 +0800] "GET /xingrg/javascript/jquery_easy_ui/themes/default/images/panel_tool_expand.gif HTTP/1.1" 200 247
172.17.0.119 - - [05/Jul/2020:10:17:53 +0800] "GET /xingrg/javascript/jquery_easy_ui/themes/default/images/panel_tool_collapse.gif HTTP/1.1" 200 246
172.17.0.119 - - [05/Jul/2020:10:17:53 +0800] "POST /xingrg/load_menu.html HTTP/1.1" 200 11529
172.17.0.119 - - [05/Jul/2020:10:17:53 +0800] "GET /xingrg/javascript/jquery_easy_ui/themes/default/images/tree_arrows.gif HTTP/1.1" 200 1043
172.17.0.119 - - [05/Jul/2020:10:17:53 +0800] "GET /xingrg/javascript/jquery_easy_ui/themes/default/images/tree_folder_open.gif HTTP/1.1" 200 956
172.17.0.119 - - [05/Jul/2020:10:17:53 +0800] "GET /xingrg/javascript/jquery_easy_ui/themes/icons/search_new.png HTTP/1.1" 200 586
172.17.0.119 - - [05/Jul/2020:10:17:53 +0800] "GET /xingrg/javascript/jquery_easy_ui/themes/icons/delivery_new.png HTTP/1.1" 200 700
172.17.0.119 - - [05/Jul/2020:10:17:53 +0800] "GET /xingrg/javascript/jquery_easy_ui/themes/icons/storage_new.png HTTP/1.1" 200 853
172.17.0.119 - - [05/Jul/2020:10:17:53 +0800] "GET /xingrg/javascript/jquery_easy_ui/themes/icons/checkout_new.png HTTP/1.1" 200 744
172.17.0.119 - - [05/Jul/2020:10:17:53 +0800] "GET /xingrg/javascript/jquery_easy_ui/themes/icons/forms_new.png HTTP/1.1" 200 350
172.17.0.119 - - [05/Jul/2020:10:17:53 +0800] "GET /xingrg/javascript/jquery_easy_ui/themes/icons/setting_new.png HTTP/1.1" 200 450
172.17.0.119 - - [05/Jul/2020:10:17:53 +0800] "GET /xingrg/javascript/jquery_easy_ui/themes/icons/systemset_new.png HTTP/1.1" 200 606
172.17.0.119 - - [05/Jul/2020:10:17:53 +0800] "GET /xingrg/javascript/jquery_easy_ui/themes/default/images/tree_file.gif HTTP/1.1" 200 118
172.17.0.119 - - [05/Jul/2020:10:17:53 +0800] "GET /xingrg/javascript/jquery_easy_ui/themes/default/images/tree_folder.gif HTTP/1.1" 200 952
172.17.0.119 - - [05/Jul/2020:10:17:54 +0800] "GET /xingrg/javascript/jquery_easy_ui/themes/icons/area.png HTTP/1.1" 200 262
172.17.0.119 - - [05/Jul/2020:10:17:54 +0800] "GET /xingrg/javascript/jquery_easy_ui/themes/icons/manage.png HTTP/1.1" 200 696
172.17.0.119 - - [05/Jul/2020:10:17:54 +0800] "GET /xingrg/javascript/jquery_easy_ui/themes/icons/rest.png HTTP/1.1" 200 695
172.17.0.119 - - [05/Jul/2020:10:17:54 +0800] "GET /xingrg/javascript/jquery_easy_ui/themes/default/images/button_a_bg.gif HTTP/1.1" 200 1194
172.17.0.119 - - [05/Jul/2020:10:17:54 +0800] "GET /xingrg/javascript/jquery_easy_ui/themes/default/images/button_span_bg.gif HTTP/1.1" 200 2061
172.17.0.119 - - [05/Jul/2020:10:17:54 +0800] "GET /xingrg/javascript/jquery_easy_ui/themes/icons/ok.png HTTP/1.1" 200 883
172.17.0.119 - - [05/Jul/2020:10:17:54 +0800] "GET /xingrg/javascript/jquery_easy_ui/themes/default/images/panel_title.png HTTP/1.1" 200 266
172.17.0.119 - - [05/Jul/2020:10:17:54 +0800] "GET /xingrg/javascript/jquery_easy_ui/themes/default/images/panel_tools.gif HTTP/1.1" 200 737
172.17.0.119 - - [05/Jul/2020:10:17:57 +0800] "GET /xingrg/images/control/ajaxLoader.gif HTTP/1.1" 200 4659
172.17.0.119 - - [05/Jul/2020:10:17:57 +0800] "POST /xingrg/all/user/operate.html HTTP/1.1" 200 36
172.17.0.119 - - [05/Jul/2020:10:17:57 +0800] "GET /xingrg/index.html?sysBaseUrl=http%3A%2F%2F172.17.0.8%3A18081%2Fxingrg%2F&costTime=42×tamp=1593915473005 HTTP/1.1" 200 17454
172.17.0.119 - - [05/Jul/2020:10:17:57 +0800] "GET /xingrg/javascript/jquery_easy_ui/themes/default/easyui.css HTTP/1.1" 304 -
172.17.0.119 - - [05/Jul/2020:10:17:57 +0800] "GET /xingrg/javascript/jquery_easy_ui/themes/icon.css HTTP/1.1" 304 -
172.17.0.119 - - [05/Jul/2020:10:17:57 +0800] "GET /xingrg/css/form.css HTTP/1.1" 304 -
172.17.0.119 - - [05/Jul/2020:10:17:57 +0800] "GET /xingrg/javascript/jquery-1.4.2.min.js HTTP/1.1" 304 -
172.17.0.119 - - [05/Jul/2020:10:17:57 +0800] "GET /xingrg/javascript/jquery_easy_ui/jquery.easyui.min.js HTTP/1.1" 304 -
172.17.0.119 - - [05/Jul/2020:10:17:57 +0800] "GET /xingrg/javascript/jquery_easy_ui/easyui-lang-zh_CN.js HTTP/1.1" 304 -
172.17.0.119 - - [05/Jul/2020:10:17:57 +0800] "GET /xingrg/javascript/jquery.form.js HTTP/1.1" 304 -
172.17.0.119 - - [05/Jul/2020:10:17:57 +0800] "GET /xingrg/javascript/jquery.utils.js HTTP/1.1" 304 -
172.17.0.119 - - [05/Jul/2020:10:17:57 +0800] "GET /xingrg/javascript/jquery.timers.js HTTP/1.1" 304 -
172.17.0.119 - - [05/Jul/2020:10:17:57 +0800] "GET /xingrg/images/blue/jxLogo.png HTTP/1.1" 304 -
172.17.0.119 - - [05/Jul/2020:10:17:57 +0800] "GET /xingrg/images/blue/navBackgound.jpg HTTP/1.1" 304 -
172.17.0.119 - - [05/Jul/2020:10:17:57 +0800] "GET /xingrg/javascript/jquery_easy_ui/themes/icons/settle_new.png HTTP/1.1" 304 -
172.17.0.119 - - [05/Jul/2020:10:17:57 +0800] "POST /xingrg/all/common/load_tree.html?tree=area_rest_tree_json&manage=1 HTTP/1.1" 200 3216
172.17.0.119 - - [05/Jul/2020:10:17:57 +0800] "GET /xingrg/all/function/internal_message.html?_=1593915475202&CODE_STATE=count HTTP/1.1" 200 11
172.17.0.119 - - [05/Jul/2020:10:17:57 +0800] "GET /xingrg/check_reg.html?_=1593915475204 HTTP/1.1" 200 22
172.17.0.119 - - [05/Jul/2020:10:17:57 +0800] "GET /xingrg/javascript/jquery_easy_ui/themes/default/images/tabs_leftarrow.png HTTP/1.1" 304 -
172.17.0.119 - - [05/Jul/2020:10:17:58 +0800] "GET /xingrg/javascript/jquery_easy_ui/themes/default/images/panel_tool_expand.gif HTTP/1.1" 304 -
172.17.0.119 - - [05/Jul/2020:10:17:58 +0800] "GET /xingrg/javascript/jquery_easy_ui/themes/default/images/panel_tool_collapse.gif HTTP/1.1" 304 -
172.17.0.119 - - [05/Jul/2020:10:17:58 +0800] "GET /xingrg/javascript/jquery_easy_ui/themes/default/images/tabs_rightarrow.png HTTP/1.1" 304 -
172.17.0.119 - - [05/Jul/2020:10:17:58 +0800] "GET /xingrg/images/blue/pingpu.png HTTP/1.1" 304 -
172.17.0.119 - - [05/Jul/2020:10:17:58 +0800] "POST /xingrg/load_menu.html HTTP/1.1" 200 9924
172.17.0.240 - - [05/Jul/2020:10:17:58 +0800] "GET /xingrg/all/function/internal_message.html?_=1593915472975&CODE_STATE=getMsg HTTP/1.1" 200 27
172.17.0.240 - - [05/Jul/2020:10:17:58 +0800] "GET /xingrg/check_reg.html?_=1593915472981 HTTP/1.1" 200 22
172.17.0.119 - - [05/Jul/2020:10:18:00 +0800] "GET /xingrg/kc/report/report_main.html HTTP/1.1" 200 7325
172.17.0.119 - - [05/Jul/2020:10:18:00 +0800] "GET /xingrg/javascript/jquery_easy_ui/themes/default/images/tabs_close.gif HTTP/1.1" 200 829
172.17.0.119 - - [05/Jul/2020:10:18:00 +0800] "GET /xingrg/css/blue.css HTTP/1.1" 200 15949
172.17.0.119 - - [05/Jul/2020:10:18:00 +0800] "GET /xingrg/javascript/jquery_ui/themes/humanity/humanity.css HTTP/1.1" 200 27801
172.17.0.119 - - [05/Jul/2020:10:18:00 +0800] "GET /xingrg/javascript/pic_change.js HTTP/1.1" 200 4739
172.17.0.119 - - [05/Jul/2020:10:18:00 +0800] "GET /xingrg/javascript/myfunction.js HTTP/1.1" 200 24559
172.17.0.119 - - [05/Jul/2020:10:18:00 +0800] "GET /xingrg/javascript/json2.js HTTP/1.1" 200 11259
172.17.0.119 - - [05/Jul/2020:10:18:00 +0800] "GET /xingrg/javascript/jquery_easy_ui/themes/icons/back_new.png HTTP/1.1" 200 3414
172.17.200.101 - - [05/Jul/2020:10:18:00 +0800] "GET /xingrg/all/function/internal_message.html?_=1593915476616&CODE_STATE=getMsg HTTP/1.1" 200 27
61.172.5.115 - - [05/Jul/2020:10:18:02 +0800] "GET /xingrg/kc/buy/cgsh_order_operate.html?command=get_materiel&rest_code=00105&code=00101008212&supplier_code=00100203&order_time=2020-07-05 HTTP/1.1" 200 412
172.17.0.119 - - [05/Jul/2020:10:18:03 +0800] "GET /xingrg/kc/base/base_main.html HTTP/1.1" 200 12132
172.17.0.119 - - [05/Jul/2020:10:18:03 +0800] "GET /xingrg/images/blue/button/wlsy.gif HTTP/1.1" 200 2536
172.17.0.119 - - [05/Jul/2020:10:18:03 +0800] "GET /xingrg/images/blue/button/ckpd.gif HTTP/1.1" 200 2051
172.17.0.119 - - [05/Jul/2020:10:18:03 +0800] "GET /xingrg/images/blue/button/kc.gif HTTP/1.1" 200 2160
172.17.0.119 - - [05/Jul/2020:10:18:03 +0800] "GET /xingrg/images/blue/button/ckdb.gif HTTP/1.1" 200 1950
172.17.0.119 - - [05/Jul/2020:10:18:03 +0800] "GET /xingrg/images/blue/button/yddb.gif HTTP/1.1" 200 2040
172.17.0.119 - - [05/Jul/2020:10:18:03 +0800] "GET /xingrg/images/blue/pic_form2.gif HTTP/1.1" 200 1853
172.17.0.119 - - [05/Jul/2020:10:18:03 +0800] "GET /xingrg/images/blue/button/bottom_left.jpg HTTP/1.1" 200 1524
172.17.0.119 - - [05/Jul/2020:10:18:03 +0800] "GET /xingrg/images/blue/button/top_right.jpg HTTP/1.1" 200 1708
172.17.0.119 - - [05/Jul/2020:10:18:03 +0800] "GET /xingrg/images/blue/button/top_left.jpg HTTP/1.1" 200 1632
172.17.0.119 - - [05/Jul/2020:10:18:03 +0800] "GET /xingrg/images/blue/button/down.jpg HTTP/1.1" 200 1560
172.17.0.119 - - [05/Jul/2020:10:18:03 +0800] "GET /xingrg/images/blue/button/right_ah.jpg HTTP/1.1" 200 1744
172.17.0.119 - - [05/Jul/2020:10:18:03 +0800] "GET /xingrg/images/blue/bg_dotted.jpg HTTP/1.1" 200 319
172.17.0.119 - - [05/Jul/2020:10:18:03 +0800] "GET /xingrg/images/blue/button/left_ah.jpg HTTP/1.1" 200 1643
172.17.0.119 - - [05/Jul/2020:10:18:03 +0800] "GET /xingrg/images/blue/button/bottom_right.jpg HTTP/1.1" 200 1436
180.175.214.200 - - [05/Jul/2020:10:18:03 +0800] "GET /xingrg/check_reg.html?_=1593915687060 HTTP/1.1" 200 22
117.131.5.26 - - [05/Jul/2020:10:18:03 +0800] "GET /xingrg/all/function/internal_message.html?_=1593915849539&CODE_STATE=getMsg HTTP/1.1" 200 27
180.175.214.200 - - [05/Jul/2020:10:18:04 +0800] "GET /xingrg/all/function/internal_message.html?_=1593915687715&CODE_STATE=getMsg HTTP/1.1" 200 27
172.17.0.119 - - [05/Jul/2020:10:18:04 +0800] "GET /xingrg/kc/base/yddb_order_list.html HTTP/1.1" 200 16847
172.17.0.119 - - [05/Jul/2020:10:18:04 +0800] "GET /xingrg/css/base.css HTTP/1.1" 200 2811
172.17.0.119 - - [05/Jul/2020:10:18:04 +0800] "GET /xingrg/css/site.css HTTP/1.1" 200 7541
172.17.0.119 - - [05/Jul/2020:10:18:04 +0800] "GET /xingrg/javascript/jquery_tools/datebox.css HTTP/1.1" 200 2597
172.17.0.119 - - [05/Jul/2020:10:18:04 +0800] "GET /xingrg/javascript/easyui/themes/icon.css HTTP/1.1" 200 4483
172.17.0.119 - - [05/Jul/2020:10:18:04 +0800] "GET /xingrg/javascript/easyui/themes/default/easyui.css HTTP/1.1" 200 30432
172.17.0.119 - - [05/Jul/2020:10:18:04 +0800] "GET /xingrg/javascript/auto/jquery.autocomplete.css HTTP/1.1" 200 587
172.17.0.119 - - [05/Jul/2020:10:18:04 +0800] "GET /xingrg/javascript/jquery_tools/fix.css HTTP/1.1" 200 1702
172.17.0.119 - - [05/Jul/2020:10:18:04 +0800] "GET /xingrg/javascript/jquery_tools/table.css HTTP/1.1" 200 1032
172.17.0.119 - - [05/Jul/2020:10:18:04 +0800] "GET /xingrg/javascript/jquery_tools/jquery.tools.min.js HTTP/1.1" 200 138801
172.17.0.119 - - [05/Jul/2020:10:18:04 +0800] "GET /xingrg/javascript/jquery_tools/jquery.tools.extend.js HTTP/1.1" 200 15385
172.17.0.119 - - [05/Jul/2020:10:18:04 +0800] "GET /xingrg/javascript/jquery_tools/jquery.tools.hotkey.js HTTP/1.1" 200 3242
172.17.0.119 - - [05/Jul/2020:10:18:04 +0800] "GET /xingrg/javascript/jquery_tools/jquery.tools.table.js HTTP/1.1" 200 6994
172.17.0.119 - - [05/Jul/2020:10:18:04 +0800] "GET /xingrg/javascript/jquery_tools/list_manager.js HTTP/1.1" 200 3652
172.17.0.119 - - [05/Jul/2020:10:18:04 +0800] "GET /xingrg/javascript/easyui/easyloader.js HTTP/1.1" 200 5975
172.17.0.119 - - [05/Jul/2020:10:18:04 +0800] "GET /xingrg/javascript/auto/jquery.autocomplete.js HTTP/1.1" 200 21624
172.17.0.119 - - [05/Jul/2020:10:18:04 +0800] "GET /xingrg/javascript/jquery.cookie.js HTTP/1.1" 200 5513
172.17.0.119 - - [05/Jul/2020:10:18:04 +0800] "GET /xingrg/javascript/print/LodopFuncs.js HTTP/1.1" 200 5121
172.17.0.119 - - [05/Jul/2020:10:18:05 +0800] "GET /xingrg/javascript/easyui/themes/icons/import_new.png HTTP/1.1" 200 1247
172.17.0.119 - - [05/Jul/2020:10:18:05 +0800] "GET /xingrg/javascript/easyui/themes/icons/edit_add_new.png HTTP/1.1" 200 2997
172.17.0.119 - - [05/Jul/2020:10:18:05 +0800] "GET /xingrg/javascript/easyui/themes/icons/field_new.png HTTP/1.1" 200 1097
172.17.0.119 - - [05/Jul/2020:10:18:05 +0800] "GET /xingrg/javascript/easyui/plugins/jquery.parser.js HTTP/1.1" 200 1142
172.17.0.119 - - [05/Jul/2020:10:18:05 +0800] "POST /xingrg/kc/base/yddb_list_operate.html HTTP/1.1" 200 583
61.172.5.115 - - [05/Jul/2020:10:18:05 +0800] "GET /xingrg/all/function/internal_message.html?_=1593915482103&CODE_STATE=getMsg HTTP/1.1" 200 27
172.17.0.119 - - [05/Jul/2020:10:18:09 +0800] "POST /xingrg/kc/base/yddb_list_operate.html HTTP/1.1" 200 3748
172.17.0.119 - - [05/Jul/2020:10:18:11 +0800] "POST /xingrg/kc/base/yddb_list_operate.html HTTP/1.1" 200 204
61.172.5.115 - - [05/Jul/2020:10:18:11 +0800] "GET /xingrg/kc/buy/cgsh_order_operate.html?command=get_materiel&rest_code=00105&code=00101008137&supplier_code=00100203&order_time=2020-07-05 HTTP/1.1" 200 408
101.228.167.227 - - [05/Jul/2020:10:18:12 +0800] "GET /xingrg/all/function/internal_message.html?_=1593915514372&CODE_STATE=getMsg HTTP/1.1" 200 27
172.17.0.119 - - [05/Jul/2020:10:18:13 +0800] "POST /xingrg/kc/base/yddb_list_operate.html HTTP/1.1" 200 612
61.172.5.115 - - [05/Jul/2020:10:18:15 +0800] "POST /xingrg/kc/buy/cgsh_order_operate.html HTTP/1.1" 200 2065
116.232.48.51 - - [05/Jul/2020:10:18:19 +0800] "GET /xingrg/all/function/internal_message.html?_=1593915517359&CODE_STATE=getMsg HTTP/1.1" 200 27
172.17.0.119 - - [05/Jul/2020:10:18:21 +0800] "POST /xingrg/kc/base/yddb_list_operate.html HTTP/1.1" 200 2412
172.17.0.119 - - [05/Jul/2020:10:18:24 +0800] "POST /xingrg/kc/base/yddb_list_operate.html HTTP/1.1" 200 204
61.172.5.115 - - [05/Jul/2020:10:18:24 +0800] "GET /xingrg/kc/buy/cgsh_order_operate.html?command=get_materiel&rest_code=00105&code=00101008059&supplier_code=00100203&order_time=2020-07-05 HTTP/1.1" 200 408
172.17.0.119 - - [05/Jul/2020:10:18:25 +0800] "POST /xingrg/kc/base/yddb_list_operate.html HTTP/1.1" 200 612
114.86.190.97 - - [05/Jul/2020:10:18:26 +0800] "GET /xingrg/all/function/internal_message.html?_=1593915502473&CODE_STATE=getMsg HTTP/1.1" 200 27
114.86.190.97 - - [05/Jul/2020:10:18:26 +0800] "GET /xingrg/check_reg.html?_=1593915502490 HTTP/1.1" 200 22
172.17.0.119 - - [05/Jul/2020:10:18:29 +0800] "POST /xingrg/kc/base/yddb_list_operate.html HTTP/1.1" 200 530
172.17.0.119 - - [05/Jul/2020:10:18:29 +0800] "POST /xingrg/kc/base/yddb_list_operate.html HTTP/1.1" 200 615
117.184.7.30 - - [05/Jul/2020:10:18:33 +0800] "GET /xingrg/all/function/internal_message.html?_=1593915508744&CODE_STATE=getMsg HTTP/1.1" 200 27
117.184.7.30 - - [05/Jul/2020:10:18:34 +0800] "GET /xingrg/all/function/internal_message.html?_=1593915510649&CODE_STATE=getMsg HTTP/1.1" 200 27
58.40.7.146 - - [05/Jul/2020:10:18:35 +0800] "GET /xingrg/all/function/internal_message.html?_=1593915511249&CODE_STATE=getMsg HTTP/1.1" 200 27
114.86.190.97 - - [05/Jul/2020:10:18:38 +0800] "GET /xingrg/all/function/internal_message.html?_=1593915514296&CODE_STATE=getMsg HTTP/1.1" 200 27
114.89.80.44 - - [05/Jul/2020:10:18:40 +0800] "GET /xingrg/all/function/internal_message.html?_=1593915516415&CODE_STATE=getMsg HTTP/1.1" 200 27
172.17.0.240 - - [05/Jul/2020:10:18:42 +0800] "GET /xingrg/all/function/internal_message.html?_=1593915516712&CODE_STATE=getMsg HTTP/1.1" 200 27
101.85.53.146 - - [05/Jul/2020:10:18:45 +0800] "GET /xingrg/check_reg.html?_=1593914920117 HTTP/1.1" 200 22
101.85.53.146 - - [05/Jul/2020:10:18:45 +0800] "GET /xingrg/all/function/internal_message.html?_=1593914920119&CODE_STATE=getMsg HTTP/1.1" 200 27
120.253.135.82 - - [05/Jul/2020:10:18:57 +0800] "GET /xingrg/check_reg.html?_=1593915652175 HTTP/1.1" 200 22
172.17.0.119 - - [05/Jul/2020:10:18:58 +0800] "GET /xingrg/all/function/internal_message.html?_=1593915535215&CODE_STATE=getMsg HTTP/1.1" 200 27
172.17.0.240 - - [05/Jul/2020:10:18:58 +0800] "GET /xingrg/all/function/internal_message.html?_=1593915532982&CODE_STATE=getMsg HTTP/1.1" 200 27
172.17.200.101 - - [05/Jul/2020:10:19:00 +0800] "GET /xingrg/all/function/internal_message.html?_=1593915536618&CODE_STATE=getMsg HTTP/1.1" 200 27
117.131.5.26 - - [05/Jul/2020:10:19:03 +0800] "GET /xingrg/check_reg.html?_=1593915909555 HTTP/1.1" 200 22
117.131.5.26 - - [05/Jul/2020:10:19:03 +0800] "GET /xingrg/all/function/internal_message.html?_=1593915909553&CODE_STATE=getMsg HTTP/1.1" 200 27
180.175.214.200 - - [05/Jul/2020:10:19:04 +0800] "GET /xingrg/all/function/internal_message.html?_=1593915747729&CODE_STATE=getMsg HTTP/1.1" 200 27
61.172.5.115 - - [05/Jul/2020:10:19:05 +0800] "GET /xingrg/all/function/internal_message.html?_=1593915542083&CODE_STATE=getMsg HTTP/1.1" 200 27
101.228.167.227 - - [05/Jul/2020:10:19:13 +0800] "GET /xingrg/all/function/internal_message.html?_=1593915574638&CODE_STATE=getMsg HTTP/1.1" 200 27
172.17.0.119 - - [05/Jul/2020:10:19:17 +0800] "POST /xingrg/kc/base/yddb_list_operate.html HTTP/1.1" 200 206
116.233.76.189 - - [05/Jul/2020:10:19:18 +0800] "POST /xingrg/services/DataTransmitService HTTP/1.1" 200 524
116.233.76.189 - - [05/Jul/2020:10:19:18 +0800] "POST /xingrg/services/DataTransmitService HTTP/1.1" 200 501
116.232.48.51 - - [05/Jul/2020:10:19:19 +0800] "GET /xingrg/check_reg.html?_=1593915577354 HTTP/1.1" 200 22
116.232.48.51 - - [05/Jul/2020:10:19:19 +0800] "GET /xingrg/all/function/internal_message.html?_=1593915577354&CODE_STATE=getMsg HTTP/1.1" 200 27
172.17.0.119 - - [05/Jul/2020:10:19:21 +0800] "POST /xingrg/kc/base/yddb_list_operate.html HTTP/1.1" 200 202
172.17.0.119 - - [05/Jul/2020:10:19:24 +0800] "GET /xingrg/kc/base/yddb_order_info.html?code=482020060200016 HTTP/1.1" 200 31589
172.17.0.119 - - [05/Jul/2020:10:19:24 +0800] "GET /xingrg/dwr/interface/AjaxComOrderService.js HTTP/1.1" 200 18264
172.17.0.119 - - [05/Jul/2020:10:19:24 +0800] "GET /xingrg/dwr/interface/AjaxYddbService.js HTTP/1.1" 200 13201
172.17.0.119 - - [05/Jul/2020:10:19:24 +0800] "GET /xingrg/dwr/engine.js HTTP/1.1" 200 43631
172.17.0.119 - - [05/Jul/2020:10:19:24 +0800] "GET /xingrg/dwr/util.js HTTP/1.1" 200 35990
172.17.0.119 - - [05/Jul/2020:10:19:24 +0800] "GET /xingrg/javascript/Calendar.js HTTP/1.1" 200 31561
172.17.0.119 - - [05/Jul/2020:10:19:24 +0800] "GET /xingrg/javascript/checkform.js HTTP/1.1" 200 18351
172.17.0.119 - - [05/Jul/2020:10:19:24 +0800] "GET /xingrg/javascript/AjaxInfoList.js HTTP/1.1" 200 3774
172.17.0.119 - - [05/Jul/2020:10:19:24 +0800] "GET /xingrg/javascript/Grid.js HTTP/1.1" 200 58908
172.17.0.119 - - [05/Jul/2020:10:19:24 +0800] "GET /xingrg/javascript/ToolTips.js HTTP/1.1" 200 5615
172.17.0.119 - - [05/Jul/2020:10:19:24 +0800] "GET /xingrg/javascript/jquery_easy_ui/themes/default/images/menu_downarrow.png HTTP/1.1" 200 173
172.17.0.119 - - [05/Jul/2020:10:19:24 +0800] "GET /xingrg/javascript/jquery_easy_ui/themes/icons/edit_add_new.png HTTP/1.1" 200 2997
172.17.0.119 - - [05/Jul/2020:10:19:24 +0800] "GET /xingrg/javascript/jquery_easy_ui/themes/icons/print.png HTTP/1.1" 200 1057
172.17.0.119 - - [05/Jul/2020:10:19:24 +0800] "GET /xingrg/javascript/jquery_easy_ui/themes/icons/uncheck_new.png HTTP/1.1" 200 3197
172.17.0.119 - - [05/Jul/2020:10:19:24 +0800] "GET /xingrg/images/blue/wait.gif HTTP/1.1" 200 1100
172.17.0.119 - - [05/Jul/2020:10:19:24 +0800] "GET /xingrg/images/blue/kc_tab_left.gif HTTP/1.1" 200 188
172.17.0.119 - - [05/Jul/2020:10:19:24 +0800] "GET /xingrg/images/blue/kc_tab_mid.gif HTTP/1.1" 200 44
172.17.0.119 - - [05/Jul/2020:10:19:24 +0800] "GET /xingrg/images/blue/kc_tab_right.gif HTTP/1.1" 200 643
172.17.0.119 - - [05/Jul/2020:10:19:24 +0800] "POST /xingrg/dwr/call/plaincall/AjaxYddbService.loadMaterielItems.dwr HTTP/1.1" 200 395
114.86.190.97 - - [05/Jul/2020:10:19:26 +0800] "GET /xingrg/all/function/internal_message.html?_=1593915562458&CODE_STATE=getMsg HTTP/1.1" 200 27
117.184.7.30 - - [05/Jul/2020:10:19:33 +0800] "GET /xingrg/check_reg.html?_=1593915568744 HTTP/1.1" 200 22
117.184.7.26 - - [05/Jul/2020:10:19:33 +0800] "GET /xingrg/all/function/internal_message.html?_=1593915568747&CODE_STATE=getMsg HTTP/1.1" 200 27
117.184.7.30 - - [05/Jul/2020:10:19:34 +0800] "GET /xingrg/all/function/internal_message.html?_=1593915570652&CODE_STATE=getMsg HTTP/1.1" 200 27
58.40.7.146 - - [05/Jul/2020:10:19:35 +0800] "GET /xingrg/all/function/internal_message.html?_=1593915571252&CODE_STATE=getMsg HTTP/1.1" 200 27
114.86.190.97 - - [05/Jul/2020:10:19:38 +0800] "GET /xingrg/all/function/internal_message.html?_=1593915574299&CODE_STATE=getMsg HTTP/1.1" 200 27
114.89.80.44 - - [05/Jul/2020:10:19:40 +0800] "GET /xingrg/all/function/internal_message.html?_=1593915576421&CODE_STATE=getMsg HTTP/1.1" 200 27
172.17.0.240 - - [05/Jul/2020:10:19:42 +0800] "GET /xingrg/all/function/internal_message.html?_=1593915576715&CODE_STATE=getMsg HTTP/1.1" 200 27
172.17.0.240 - - [05/Jul/2020:10:19:42 +0800] "GET /xingrg/check_reg.html?_=1593915576716 HTTP/1.1" 200 22
101.85.53.146 - - [05/Jul/2020:10:19:45 +0800] "GET /xingrg/all/function/internal_message.html?_=1593914980122&CODE_STATE=getMsg HTTP/1.1" 200 27
101.228.167.227 - - [05/Jul/2020:10:19:45 +0800] "GET /xingrg/check_reg.html?_=1593915606897 HTTP/1.1" 200 22
172.17.0.119 - - [05/Jul/2020:10:19:48 +0800] "GET /xingrg/javascript/jquery_easy_ui/themes/default/images/button_plain_hover.png HTTP/1.1" 200 252
172.17.0.119 - - [05/Jul/2020:10:19:52 +0800] "GET /xingrg/javascript/jquery_easy_ui/themes/default/images/tabs_active.png HTTP/1.1" 200 2894
172.17.0.119 - - [05/Jul/2020:10:19:58 +0800] "GET /xingrg/all/function/internal_message.html?_=1593915595220&CODE_STATE=getMsg HTTP/1.1" 200 27
172.17.0.240 - - [05/Jul/2020:10:19:58 +0800] "GET /xingrg/all/function/internal_message.html?_=1593915592984&CODE_STATE=getMsg HTTP/1.1" 200 27
172.17.200.101 - - [05/Jul/2020:10:20:00 +0800] "GET /xingrg/all/function/internal_message.html?_=1593915596621&CODE_STATE=getMsg HTTP/1.1" 200 27
172.17.0.119 - - [05/Jul/2020:10:20:01 +0800] "GET /xingrg/kc/base/yddb_order_info.html?code=482020060700064 HTTP/1.1" 200 29499
172.17.0.119 - - [05/Jul/2020:10:20:01 +0800] "GET /xingrg/dwr/interface/AjaxComOrderService.js HTTP/1.1" 200 18264
172.17.0.119 - - [05/Jul/2020:10:20:01 +0800] "GET /xingrg/dwr/interface/AjaxYddbService.js HTTP/1.1" 200 13201
172.17.0.119 - - [05/Jul/2020:10:20:01 +0800] "GET /xingrg/dwr/engine.js HTTP/1.1" 200 43631
172.17.0.119 - - [05/Jul/2020:10:20:01 +0800] "POST /xingrg/dwr/call/plaincall/AjaxYddbService.loadMaterielItems.dwr HTTP/1.1" 200 399
117.131.5.26 - - [05/Jul/2020:10:20:03 +0800] "GET /xingrg/all/function/internal_message.html?_=1593915969553&CODE_STATE=getMsg HTTP/1.1" 200 27
180.175.214.200 - - [05/Jul/2020:10:20:04 +0800] "GET /xingrg/all/function/internal_message.html?_=1593915807741&CODE_STATE=getMsg HTTP/1.1" 200 27
61.172.5.115 - - [05/Jul/2020:10:20:05 +0800] "GET /xingrg/all/function/internal_message.html?_=1593915602133&CODE_STATE=getMsg HTTP/1.1" 200 27
180.175.214.200 - - [05/Jul/2020:10:20:05 +0800] "POST /xingrg/kc/buy/cgsh_list_operate.html HTTP/1.1" 200 5692
180.175.214.200 - - [05/Jul/2020:10:20:06 +0800] "POST /xingrg/kc/buy/cgsh_list_operate.html HTTP/1.1" 200 569
180.175.214.200 - - [05/Jul/2020:10:20:07 +0800] "POST /xingrg/kc/buy/cgsh_list_operate.html HTTP/1.1" 200 562
180.175.214.200 - - [05/Jul/2020:10:20:07 +0800] "GET /xingrg/kc/buy/cgsh_order_info.html?code=212020070501676 HTTP/1.1" 200 59162
180.175.214.200 - - [05/Jul/2020:10:20:08 +0800] "GET /xingrg/javascript/easyui/themes/default/validatebox.css HTTP/1.1" 404 1104
180.175.214.200 - - [05/Jul/2020:10:20:08 +0800] "POST /xingrg/kc/buy/cgsh_order_operate.html HTTP/1.1" 200 9793
101.228.167.227 - - [05/Jul/2020:10:20:13 +0800] "GET /xingrg/all/function/internal_message.html?_=1593915634650&CODE_STATE=getMsg HTTP/1.1" 200 27
172.17.0.119 - - [05/Jul/2020:10:20:15 +0800] "GET /xingrg/kc/base/yddb_order_info.html?code=482020060700064 HTTP/1.1" 200 29499
172.17.0.119 - - [05/Jul/2020:10:20:15 +0800] "GET /xingrg/dwr/interface/AjaxComOrderService.js HTTP/1.1" 200 18264
172.17.0.119 - - [05/Jul/2020:10:20:15 +0800] "GET /xingrg/dwr/interface/AjaxYddbService.js HTTP/1.1" 200 13201
172.17.0.119 - - [05/Jul/2020:10:20:15 +0800] "GET /xingrg/dwr/engine.js HTTP/1.1" 200 43631
172.17.0.119 - - [05/Jul/2020:10:20:15 +0800] "POST /xingrg/dwr/call/plaincall/AjaxYddbService.loadMaterielItems.dwr HTTP/1.1" 200 399
180.175.214.200 - - [05/Jul/2020:10:20:18 +0800] "GET /xingrg/kc/buy/cgsh_order_operate.html?command=get_materiel&rest_code=00102&code=00101016097&supplier_code=00100151&order_time=2020-07-05 HTTP/1.1" 200 468
116.232.48.51 - - [05/Jul/2020:10:20:19 +0800] "GET /xingrg/all/function/internal_message.html?_=1593915637369&CODE_STATE=getMsg HTTP/1.1" 200 27
114.86.190.97 - - [05/Jul/2020:10:20:25 +0800] "GET /xingrg/javascript/easyui/themes/default/images/button_plain_hover.png HTTP/1.1" 304 -
114.86.190.97 - - [05/Jul/2020:10:20:26 +0800] "GET /xingrg/all/function/internal_message.html?_=1593915622468&CODE_STATE=getMsg HTTP/1.1" 200 27
114.86.190.97 - - [05/Jul/2020:10:20:27 +0800] "POST /xingrg/kc/buy/cgsh_order_operate.html HTTP/1.1" 200 37
114.86.190.97 - - [05/Jul/2020:10:20:28 +0800] "POST /xingrg/kc/buy/cgsh_order_operate.html HTTP/1.1" 200 49377
117.184.7.26 - - [05/Jul/2020:10:20:33 +0800] "GET /xingrg/all/function/internal_message.html?_=1593915628732&CODE_STATE=getMsg HTTP/1.1" 200 27
117.184.7.30 - - [05/Jul/2020:10:20:34 +0800] "GET /xingrg/all/function/internal_message.html?_=1593915630653&CODE_STATE=getMsg HTTP/1.1" 200 27
58.40.7.146 - - [05/Jul/2020:10:20:35 +0800] "GET /xingrg/all/function/internal_message.html?_=1593915631255&CODE_STATE=getMsg HTTP/1.1" 200 27
180.175.214.200 - - [05/Jul/2020:10:20:38 +0800] "POST /xingrg/kc/buy/cgsh_order_operate.html HTTP/1.1" 200 37
114.86.190.97 - - [05/Jul/2020:10:20:38 +0800] "GET /xingrg/all/function/internal_message.html?_=1593915634313&CODE_STATE=getMsg HTTP/1.1" 200 27
114.89.80.44 - - [05/Jul/2020:10:20:40 +0800] "GET /xingrg/all/function/internal_message.html?_=1593915636426&CODE_STATE=getMsg HTTP/1.1" 200 27
172.17.0.119 - - [05/Jul/2020:10:20:40 +0800] "POST /xingrg/all/user/operate.html HTTP/1.1" 200 36
180.175.214.200 - - [05/Jul/2020:10:20:40 +0800] "POST /xingrg/kc/buy/cgsh_order_operate.html HTTP/1.1" 200 12
172.17.0.119 - - [05/Jul/2020:10:20:40 +0800] "GET /xingrg/index.html?sysBaseUrl=http%3A%2F%2F172.17.0.8%3A18081%2Fxingrg%2F&costTime=42×tamp=1593915473005 HTTP/1.1" 200 17454
172.17.0.119 - - [05/Jul/2020:10:20:40 +0800] "GET /xingrg/javascript/jquery_easy_ui/themes/default/easyui.css HTTP/1.1" 304 -
172.17.0.119 - - [05/Jul/2020:10:20:40 +0800] "GET /xingrg/javascript/jquery_easy_ui/themes/icon.css HTTP/1.1" 304 -
172.17.0.119 - - [05/Jul/2020:10:20:40 +0800] "GET /xingrg/css/form.css HTTP/1.1" 304 -
172.17.0.119 - - [05/Jul/2020:10:20:40 +0800] "GET /xingrg/javascript/jquery-1.4.2.min.js HTTP/1.1" 304 -
172.17.0.119 - - [05/Jul/2020:10:20:40 +0800] "GET /xingrg/javascript/jquery_easy_ui/jquery.easyui.min.js HTTP/1.1" 304 -
172.17.0.119 - - [05/Jul/2020:10:20:41 +0800] "GET /xingrg/javascript/jquery_easy_ui/easyui-lang-zh_CN.js HTTP/1.1" 304 -
172.17.0.119 - - [05/Jul/2020:10:20:41 +0800] "GET /xingrg/javascript/jquery.form.js HTTP/1.1" 304 -
172.17.0.119 - - [05/Jul/2020:10:20:41 +0800] "GET /xingrg/javascript/jquery.utils.js HTTP/1.1" 304 -
172.17.0.119 - - [05/Jul/2020:10:20:41 +0800] "GET /xingrg/javascript/jquery.timers.js HTTP/1.1" 304 -
172.17.0.119 - - [05/Jul/2020:10:20:41 +0800] "GET /xingrg/images/blue/jxLogo.png HTTP/1.1" 304 -
172.17.0.119 - - [05/Jul/2020:10:20:41 +0800] "GET /xingrg/javascript/jquery_easy_ui/themes/icons/settle_new.png HTTP/1.1" 304 -
172.17.0.119 - - [05/Jul/2020:10:20:41 +0800] "GET /xingrg/images/blue/navBackgound.jpg HTTP/1.1" 304 -
172.17.0.119 - - [05/Jul/2020:10:20:41 +0800] "POST /xingrg/all/common/load_tree.html?tree=area_rest_tree_json&manage=1 HTTP/1.1" 200 3216
172.17.0.119 - - [05/Jul/2020:10:20:41 +0800] "GET /xingrg/all/function/internal_message.html?_=1593915638412&CODE_STATE=count HTTP/1.1" 200 11
172.17.0.119 - - [05/Jul/2020:10:20:41 +0800] "GET /xingrg/check_reg.html?_=1593915638414 HTTP/1.1" 200 22
172.17.0.119 - - [05/Jul/2020:10:20:41 +0800] "GET /xingrg/javascript/jquery_easy_ui/themes/default/images/tabs_leftarrow.png HTTP/1.1" 304 -
172.17.0.119 - - [05/Jul/2020:10:20:41 +0800] "GET /xingrg/javascript/jquery_easy_ui/themes/default/images/panel_tool_collapse.gif HTTP/1.1" 304 -
172.17.0.119 - - [05/Jul/2020:10:20:41 +0800] "GET /xingrg/javascript/jquery_easy_ui/themes/default/images/panel_tool_expand.gif HTTP/1.1" 304 -
172.17.0.119 - - [05/Jul/2020:10:20:41 +0800] "GET /xingrg/javascript/jquery_easy_ui/themes/default/images/tabs_rightarrow.png HTTP/1.1" 304 -
172.17.0.119 - - [05/Jul/2020:10:20:41 +0800] "GET /xingrg/images/blue/pingpu.png HTTP/1.1" 304 -
172.17.0.119 - - [05/Jul/2020:10:20:41 +0800] "POST /xingrg/load_menu.html HTTP/1.1" 200 9924
180.175.214.200 - - [05/Jul/2020:10:20:41 +0800] "GET /xingrg/kc/buy/cgsh_order_info.html?code=212020070501676 HTTP/1.1" 200 54054
172.17.0.119 - - [05/Jul/2020:10:20:42 +0800] "GET /xingrg/kc/base/base_main.html HTTP/1.1" 200 12132
172.17.0.240 - - [05/Jul/2020:10:20:42 +0800] "GET /xingrg/all/function/internal_message.html?_=1593915636717&CODE_STATE=getMsg HTTP/1.1" 200 27
180.175.214.200 - - [05/Jul/2020:10:20:42 +0800] "GET /xingrg/javascript/easyui/themes/default/validatebox.css HTTP/1.1" 404 1104
180.175.214.200 - - [05/Jul/2020:10:20:43 +0800] "POST /xingrg/kc/buy/cgsh_order_operate.html HTTP/1.1" 200 8361
172.17.0.119 - - [05/Jul/2020:10:20:43 +0800] "GET /xingrg/kc/base/yddb_order_list.html HTTP/1.1" 200 16847
172.17.0.119 - - [05/Jul/2020:10:20:44 +0800] "POST /xingrg/kc/base/yddb_list_operate.html HTTP/1.1" 200 583
101.85.53.146 - - [05/Jul/2020:10:20:45 +0800] "GET /xingrg/all/function/internal_message.html?_=1593915040112&CODE_STATE=getMsg HTTP/1.1" 200 27
61.172.5.115 - - [05/Jul/2020:10:20:46 +0800] "POST /xingrg/kc/buy/cgsh_order_operate.html HTTP/1.1" 200 37
180.175.214.200 - - [05/Jul/2020:10:20:46 +0800] "GET /xingrg/kc/print/load_data.html?order_code=212020070501676&kc_code=cgsh&condition= HTTP/1.1" 200 3621
61.172.5.115 - - [05/Jul/2020:10:20:47 +0800] "POST /xingrg/kc/buy/cgsh_order_operate.html HTTP/1.1" 200 48096
172.17.0.119 - - [05/Jul/2020:10:20:48 +0800] "POST /xingrg/kc/base/yddb_list_operate.html HTTP/1.1" 200 1482
172.17.0.119 - - [05/Jul/2020:10:20:49 +0800] "POST /xingrg/kc/base/yddb_list_operate.html HTTP/1.1" 200 206
172.17.0.119 - - [05/Jul/2020:10:20:50 +0800] "GET /xingrg/kc/base/yddb_order_info.html?code=482020060700064 HTTP/1.1" 200 31433
172.17.0.119 - - [05/Jul/2020:10:20:50 +0800] "GET /xingrg/dwr/interface/AjaxComOrderService.js HTTP/1.1" 200 18264
172.17.0.119 - - [05/Jul/2020:10:20:50 +0800] "GET /xingrg/dwr/interface/AjaxYddbService.js HTTP/1.1" 200 13201
172.17.0.119 - - [05/Jul/2020:10:20:50 +0800] "GET /xingrg/dwr/engine.js HTTP/1.1" 200 43631
172.17.0.119 - - [05/Jul/2020:10:20:50 +0800] "GET /xingrg/javascript/jquery_easy_ui/themes/icons/check_new.png HTTP/1.1" 200 3224
172.17.0.119 - - [05/Jul/2020:10:20:50 +0800] "POST /xingrg/dwr/call/plaincall/AjaxYddbService.loadMaterielItems.dwr HTTP/1.1" 200 399
172.17.0.240 - - [05/Jul/2020:10:20:58 +0800] "GET /xingrg/all/function/internal_message.html?_=1593915652987&CODE_STATE=getMsg HTTP/1.1" 200 27
114.86.190.97 - - [05/Jul/2020:10:20:59 +0800] "GET /xingrg/javascript/easyui/themes/default/images/button_plain_hover.png HTTP/1.1" 304 -
172.17.200.101 - - [05/Jul/2020:10:21:00 +0800] "GET /xingrg/all/function/internal_message.html?_=1593915656608&CODE_STATE=getMsg HTTP/1.1" 200 27
114.86.190.97 - - [05/Jul/2020:10:21:02 +0800] "GET /xingrg/javascript/jquery_easy_ui/themes/default/images/tabs_active.png HTTP/1.1" 304 -
114.86.190.97 - - [05/Jul/2020:10:21:02 +0800] "GET /xingrg/javascript/jquery_easy_ui/themes/default/images/tabs_active.png HTTP/1.1" 304 -
117.131.5.26 - - [05/Jul/2020:10:21:03 +0800] "GET /xingrg/all/function/internal_message.html?_=1593916029550&CODE_STATE=getMsg HTTP/1.1" 200 27
180.175.214.200 - - [05/Jul/2020:10:21:04 +0800] "GET /xingrg/all/function/internal_message.html?_=1593915867756&CODE_STATE=getMsg HTTP/1.1" 200 27
61.172.5.115 - - [05/Jul/2020:10:21:05 +0800] "GET /xingrg/all/function/internal_message.html?_=1593915662111&CODE_STATE=getMsg HTTP/1.1" 200 27
172.17.0.123 - - [05/Jul/2020:10:21:06 +0800] "GET /xingrg/check_reg.html?_=1593915616806 HTTP/1.1" 200 22
114.86.190.97 - - [05/Jul/2020:10:21:06 +0800] "GET /xingrg/javascript/jquery_easy_ui/themes/default/images/tabs_active.png HTTP/1.1" 304 -
114.86.190.97 - - [05/Jul/2020:10:21:07 +0800] "GET /xingrg/javascript/jquery_easy_ui/themes/default/images/tabs_active.png HTTP/1.1" 304 -
101.228.167.227 - - [05/Jul/2020:10:21:13 +0800] "GET /xingrg/all/function/internal_message.html?_=1593915694663&CODE_STATE=getMsg HTTP/1.1" 200 27
172.17.0.119 - - [05/Jul/2020:10:21:18 +0800] "POST /xingrg/dwr/call/plaincall/AjaxYddbService.objCheckOrder.dwr HTTP/1.1" 200 192
116.232.48.51 - - [05/Jul/2020:10:21:19 +0800] "GET /xingrg/all/function/internal_message.html?_=1593915697358&CODE_STATE=getMsg HTTP/1.1" 200 27
114.86.190.97 - - [05/Jul/2020:10:21:26 +0800] "GET /xingrg/all/function/internal_message.html?_=1593915682464&CODE_STATE=getMsg HTTP/1.1" 200 27
172.17.0.119 - - [05/Jul/2020:10:21:32 +0800] "POST /xingrg/dwr/call/plaincall/AjaxYddbService.saveOrder.dwr HTTP/1.1" 200 78
117.184.7.26 - - [05/Jul/2020:10:21:33 +0800] "GET /xingrg/all/function/internal_message.html?_=1593915688735&CODE_STATE=getMsg HTTP/1.1" 200 27
117.184.7.30 - - [05/Jul/2020:10:21:34 +0800] "GET /xingrg/all/function/internal_message.html?_=1593915690654&CODE_STATE=getMsg HTTP/1.1" 200 27
172.17.0.119 - - [05/Jul/2020:10:21:35 +0800] "POST /xingrg/dwr/call/plaincall/AjaxYddbService.objCheckOrder.dwr HTTP/1.1" 200 302
58.40.7.146 - - [05/Jul/2020:10:21:35 +0800] "GET /xingrg/all/function/internal_message.html?_=1593915691257&CODE_STATE=getMsg HTTP/1.1" 200 27
58.40.7.146 - - [05/Jul/2020:10:21:35 +0800] "GET /xingrg/check_reg.html?_=1593915691259 HTTP/1.1" 200 22
172.17.0.119 - - [05/Jul/2020:10:21:38 +0800] "GET /xingrg/kc/cost/cost_list.html HTTP/1.1" 200 6073
172.17.0.119 - - [05/Jul/2020:10:21:38 +0800] "GET /xingrg/javascript/step/step.css HTTP/1.1" 200 999
172.17.0.119 - - [05/Jul/2020:10:21:38 +0800] "GET /xingrg/css/table.css HTTP/1.1" 200 3684
172.17.0.119 - - [05/Jul/2020:10:21:38 +0800] "GET /xingrg/dwr/interface/AjaxReportQueryService.js HTTP/1.1" 200 13203
172.17.0.119 - - [05/Jul/2020:10:21:38 +0800] "GET /xingrg/dwr/engine.js HTTP/1.1" 200 43631
172.17.0.119 - - [05/Jul/2020:10:21:39 +0800] "GET /xingrg/javascript/jquery_easy_ui/themes/default/images/pagination_loading.gif HTTP/1.1" 200 1737
172.17.0.119 - - [05/Jul/2020:10:21:39 +0800] "GET /xingrg/javascript/jquery_easy_ui/themes/icons/pencil.png HTTP/1.1" 200 713
172.17.0.119 - - [05/Jul/2020:10:21:39 +0800] "GET /xingrg/javascript/jquery_easy_ui/themes/icons/edit_add.png HTTP/1.1" 200 1088
172.17.0.119 - - [05/Jul/2020:10:21:39 +0800] "GET /xingrg/javascript/jquery_easy_ui/themes/icons/edit_remove.png HTTP/1.1" 200 625
172.17.0.119 - - [05/Jul/2020:10:21:39 +0800] "GET /xingrg/javascript/jquery_easy_ui/themes/default/images/datagrid_header_bg.gif HTTP/1.1" 200 97
172.17.0.119 - - [05/Jul/2020:10:21:39 +0800] "GET /xingrg/kc/cost/cost_operate.html?_=1593915696358&command=load_cost_list HTTP/1.1" 200 3351
114.89.80.44 - - [05/Jul/2020:10:21:40 +0800] "GET /xingrg/check_reg.html?_=1593915696428 HTTP/1.1" 200 22
114.89.80.44 - - [05/Jul/2020:10:21:40 +0800] "GET /xingrg/all/function/internal_message.html?_=1593915696431&CODE_STATE=getMsg HTTP/1.1" 200 27
172.17.0.240 - - [05/Jul/2020:10:21:42 +0800] "GET /xingrg/all/function/internal_message.html?_=1593915696719&CODE_STATE=getMsg HTTP/1.1" 200 27
101.85.53.146 - - [05/Jul/2020:10:21:45 +0800] "GET /xingrg/all/function/internal_message.html?_=1593915100114&CODE_STATE=getMsg HTTP/1.1" 200 27
172.17.0.119 - - [05/Jul/2020:10:21:47 +0800] "POST /xingrg/kc/cost/cost_operate.html HTTP/1.1" 200 4
172.17.0.119 - - [05/Jul/2020:10:21:51 +0800] "GET /xingrg/kc/cost/cost_operate.html?_=1593915708778&command=load_cost_list HTTP/1.1" 200 3153
101.228.167.227 - - [05/Jul/2020:10:21:56 +0800] "POST /xingrg/kc/buy/cgsh_list_operate.html HTTP/1.1" 200 5603
172.17.0.240 - - [05/Jul/2020:10:21:58 +0800] "GET /xingrg/all/function/internal_message.html?_=1593915712990&CODE_STATE=getMsg HTTP/1.1" 200 27
172.17.200.101 - - [05/Jul/2020:10:22:00 +0800] "GET /xingrg/all/function/internal_message.html?_=1593915716610&CODE_STATE=getMsg HTTP/1.1" 200 27
172.17.200.101 - - [05/Jul/2020:10:22:00 +0800] "GET /xingrg/check_reg.html?_=1593915716613 HTTP/1.1" 200 22
117.131.5.26 - - [05/Jul/2020:10:22:03 +0800] "GET /xingrg/all/function/internal_message.html?_=1593916089548&CODE_STATE=getMsg HTTP/1.1" 200 27
180.175.214.200 - - [05/Jul/2020:10:22:04 +0800] "GET /xingrg/all/function/internal_message.html?_=1593915928019&CODE_STATE=getMsg HTTP/1.1" 200 27
61.172.5.115 - - [05/Jul/2020:10:22:05 +0800] "GET /xingrg/all/function/internal_message.html?_=1593915722092&CODE_STATE=getMsg HTTP/1.1" 200 27
61.172.5.115 - - [05/Jul/2020:10:22:05 +0800] "GET /xingrg/check_reg.html?_=1593915722112 HTTP/1.1" 200 22
172.17.0.119 - - [05/Jul/2020:10:22:06 +0800] "GET /xingrg/kc/cost/crk_report.html HTTP/1.1" 200 22174
172.17.0.119 - - [05/Jul/2020:10:22:06 +0800] "POST /xingrg/kc/cost/cost_operate.html?command=get_base_tree HTTP/1.1" 200 2450
172.17.0.119 - - [05/Jul/2020:10:22:06 +0800] "POST /xingrg/all/common/load_tree.html?tree=materiel_sort_tree_json HTTP/1.1" 200 8666
172.17.0.119 - - [05/Jul/2020:10:22:06 +0800] "GET /xingrg/javascript/jquery_easy_ui/themes/icons/search.png HTTP/1.1" 200 813
172.17.0.119 - - [05/Jul/2020:10:22:06 +0800] "GET /xingrg/javascript/jquery_easy_ui/themes/default/images/menu.gif HTTP/1.1" 200 834
172.17.0.119 - - [05/Jul/2020:10:22:06 +0800] "GET /xingrg/javascript/jquery_easy_ui/themes/default/images/combo_arrow_dot.gif HTTP/1.1" 200 79
172.17.0.119 - - [05/Jul/2020:10:22:06 +0800] "POST /xingrg/kc/cost/cost_operate.html HTTP/1.1" 200 37
172.17.0.119 - - [05/Jul/2020:10:22:07 +0800] "GET /xingrg/javascript/jquery_easy_ui/themes/default/images/tree_checkbox_0.gif HTTP/1.1" 200 168
120.253.135.82 - - [05/Jul/2020:10:22:07 +0800] "GET /xingrg/check_reg.html?_=1593915842355 HTTP/1.1" 200 22
172.17.0.119 - - [05/Jul/2020:10:22:08 +0800] "GET /xingrg/kc/report/report_main.html HTTP/1.1" 200 7325
101.228.167.227 - - [05/Jul/2020:10:22:08 +0800] "GET /xingrg/kc/buy/cgsh_order_list.html HTTP/1.1" 200 43519
101.228.167.227 - - [05/Jul/2020:10:22:09 +0800] "POST /xingrg/kc/buy/cgsh_list_operate.html HTTP/1.1" 200 2776
172.17.0.119 - - [05/Jul/2020:10:22:09 +0800] "GET /xingrg/kc/cost/cost_list.html HTTP/1.1" 200 6073
172.17.0.119 - - [05/Jul/2020:10:22:09 +0800] "GET /xingrg/dwr/interface/AjaxReportQueryService.js HTTP/1.1" 200 13203
172.17.0.119 - - [05/Jul/2020:10:22:10 +0800] "GET /xingrg/dwr/engine.js HTTP/1.1" 200 43631
172.17.0.119 - - [05/Jul/2020:10:22:10 +0800] "GET /xingrg/kc/cost/cost_operate.html?_=1593915727382&command=load_cost_list HTTP/1.1" 200 3153
172.17.0.119 - - [05/Jul/2020:10:22:12 +0800] "GET /xingrg/kc/base/base_main.html HTTP/1.1" 200 12132
101.228.167.227 - - [05/Jul/2020:10:22:13 +0800] "GET /xingrg/all/function/internal_message.html?_=1593915754676&CODE_STATE=getMsg HTTP/1.1" 200 27
172.17.0.119 - - [05/Jul/2020:10:22:14 +0800] "GET /xingrg/kc/base/yddb_order_list.html HTTP/1.1" 200 16847
172.17.0.119 - - [05/Jul/2020:10:22:14 +0800] "POST /xingrg/kc/base/yddb_list_operate.html HTTP/1.1" 200 583
116.232.48.51 - - [05/Jul/2020:10:22:19 +0800] "GET /xingrg/all/function/internal_message.html?_=1593915757359&CODE_STATE=getMsg HTTP/1.1" 200 27
114.84.32.201 - - [05/Jul/2020:10:22:26 +0800] "GET /xingrg/check_reg.html?_=1593915738437 HTTP/1.1" 200 22
114.86.190.97 - - [05/Jul/2020:10:22:26 +0800] "GET /xingrg/all/function/internal_message.html?_=1593915742476&CODE_STATE=getMsg HTTP/1.1" 200 27
117.184.7.26 - - [05/Jul/2020:10:22:33 +0800] "GET /xingrg/all/function/internal_message.html?_=1593915748735&CODE_STATE=getMsg HTTP/1.1" 200 27
117.184.7.30 - - [05/Jul/2020:10:22:34 +0800] "GET /xingrg/check_reg.html?_=1593915750654 HTTP/1.1" 200 22
117.184.7.30 - - [05/Jul/2020:10:22:34 +0800] "GET /xingrg/all/function/internal_message.html?_=1593915750656&CODE_STATE=getMsg HTTP/1.1" 200 27
58.40.7.146 - - [05/Jul/2020:10:22:35 +0800] "GET /xingrg/all/function/internal_message.html?_=1593915751262&CODE_STATE=getMsg HTTP/1.1" 200 27
114.89.80.44 - - [05/Jul/2020:10:22:40 +0800] "GET /xingrg/all/function/internal_message.html?_=1593915756431&CODE_STATE=getMsg HTTP/1.1" 200 27
172.17.0.119 - - [05/Jul/2020:10:22:41 +0800] "GET /xingrg/all/function/internal_message.html?_=1593915758427&CODE_STATE=getMsg HTTP/1.1" 200 27
172.17.0.240 - - [05/Jul/2020:10:22:42 +0800] "GET /xingrg/all/function/internal_message.html?_=1593915756720&CODE_STATE=getMsg HTTP/1.1" 200 27
101.85.53.146 - - [05/Jul/2020:10:22:45 +0800] "GET /xingrg/all/function/internal_message.html?_=1593915160112&CODE_STATE=getMsg HTTP/1.1" 200 27
114.88.170.9 - - [05/Jul/2020:10:22:47 +0800] "GET /xingrg/check_reg.html?_=1593915762804 HTTP/1.1" 200 22
172.17.0.240 - - [05/Jul/2020:10:22:58 +0800] "GET /xingrg/check_reg.html?_=1593915772979 HTTP/1.1" 200 22
172.17.0.240 - - [05/Jul/2020:10:22:58 +0800] "GET /xingrg/all/function/internal_message.html?_=1593915772980&CODE_STATE=getMsg HTTP/1.1" 200 27
172.17.200.101 - - [05/Jul/2020:10:23:00 +0800] "GET /xingrg/all/function/internal_message.html?_=1593915776619&CODE_STATE=getMsg HTTP/1.1" 200 27
180.175.214.200 - - [05/Jul/2020:10:23:03 +0800] "GET /xingrg/check_reg.html?_=1593915987073 HTTP/1.1" 200 22
117.131.5.26 - - [05/Jul/2020:10:23:03 +0800] "GET /xingrg/all/function/internal_message.html?_=1593916149547&CODE_STATE=getMsg HTTP/1.1" 200 27
180.175.214.200 - - [05/Jul/2020:10:23:04 +0800] "GET /xingrg/all/function/internal_message.html?_=1593915988033&CODE_STATE=getMsg HTTP/1.1" 200 27
61.172.5.115 - - [05/Jul/2020:10:23:05 +0800] "GET /xingrg/all/function/internal_message.html?_=1593915782235&CODE_STATE=getMsg HTTP/1.1" 200 27
101.228.167.227 - - [05/Jul/2020:10:23:13 +0800] "GET /xingrg/all/function/internal_message.html?_=1593915814931&CODE_STATE=getMsg HTTP/1.1" 200 27
116.232.48.51 - - [05/Jul/2020:10:23:18 +0800] "GET /xingrg/all/function/internal_message.html?_=1593915817358&CODE_STATE=getMsg HTTP/1.1" 200 27
114.86.190.97 - - [05/Jul/2020:10:23:26 +0800] "GET /xingrg/all/function/internal_message.html?_=1593915802461&CODE_STATE=getMsg HTTP/1.1" 200 27
114.86.190.97 - - [05/Jul/2020:10:23:26 +0800] "GET /xingrg/check_reg.html?_=1593915802478 HTTP/1.1" 200 22
117.184.7.26 - - [05/Jul/2020:10:23:33 +0800] "GET /xingrg/all/function/internal_message.html?_=1593915808736&CODE_STATE=getMsg HTTP/1.1" 200 27
117.184.7.30 - - [05/Jul/2020:10:23:34 +0800] "GET /xingrg/all/function/internal_message.html?_=1593915810658&CODE_STATE=getMsg HTTP/1.1" 200 27
58.40.7.146 - - [05/Jul/2020:10:23:35 +0800] "GET /xingrg/all/function/internal_message.html?_=1593915811264&CODE_STATE=getMsg HTTP/1.1" 200 27
114.89.80.44 - - [05/Jul/2020:10:23:40 +0800] "GET /xingrg/all/function/internal_message.html?_=1593915816445&CODE_STATE=getMsg HTTP/1.1" 200 27
172.17.0.119 - - [05/Jul/2020:10:23:41 +0800] "GET /xingrg/all/function/internal_message.html?_=1593915818402&CODE_STATE=getMsg HTTP/1.1" 200 27
172.17.0.240 - - [05/Jul/2020:10:23:42 +0800] "GET /xingrg/all/function/internal_message.html?_=1593915816706&CODE_STATE=getMsg HTTP/1.1" 200 27
101.85.53.146 - - [05/Jul/2020:10:23:45 +0800] "GET /xingrg/all/function/internal_message.html?_=1593915220116&CODE_STATE=getMsg HTTP/1.1" 200 27
101.85.53.146 - - [05/Jul/2020:10:23:45 +0800] "GET /xingrg/check_reg.html?_=1593915220118 HTTP/1.1" 200 22
172.17.0.119 - - [05/Jul/2020:10:23:48 +0800] "POST /xingrg/kc/base/yddb_list_operate.html HTTP/1.1" 200 1488
172.17.0.119 - - [05/Jul/2020:10:23:53 +0800] "POST /xingrg/kc/base/yddb_list_operate.html HTTP/1.1" 200 206
172.17.0.119 - - [05/Jul/2020:10:23:54 +0800] "POST /xingrg/kc/base/yddb_list_operate.html HTTP/1.1" 200 205
120.253.135.82 - - [05/Jul/2020:10:23:57 +0800] "GET /xingrg/check_reg.html?_=1593915952183 HTTP/1.1" 200 22
172.17.0.119 - - [05/Jul/2020:10:23:57 +0800] "GET /xingrg/kc/base/yddb_order_info.html?code=482020060700064 HTTP/1.1" 200 31442
172.17.0.119 - - [05/Jul/2020:10:23:57 +0800] "GET /xingrg/dwr/interface/AjaxComOrderService.js HTTP/1.1" 200 18264
172.17.0.119 - - [05/Jul/2020:10:23:57 +0800] "GET /xingrg/dwr/interface/AjaxYddbService.js HTTP/1.1" 200 13201
172.17.0.119 - - [05/Jul/2020:10:23:57 +0800] "GET /xingrg/dwr/engine.js HTTP/1.1" 200 43631
172.17.0.119 - - [05/Jul/2020:10:23:57 +0800] "POST /xingrg/dwr/call/plaincall/AjaxYddbService.loadMaterielItems.dwr HTTP/1.1" 200 399
172.17.0.240 - - [05/Jul/2020:10:23:58 +0800] "GET /xingrg/all/function/internal_message.html?_=1593915832987&CODE_STATE=getMsg HTTP/1.1" 200 27
172.17.200.101 - - [05/Jul/2020:10:24:00 +0800] "GET /xingrg/all/function/internal_message.html?_=1593915836619&CODE_STATE=getMsg HTTP/1.1" 200 27
