114.89.80.44 - - [05/Jul/2020:10:01:40 +0800] "GET /xingrg/all/function/internal_message.html?_=1593914496322&CODE_STATE=getMsg HTTP/1.1" 200 27
114.89.80.44 - - [05/Jul/2020:10:01:40 +0800] "GET /xingrg/check_reg.html?_=1593914496324 HTTP/1.1" 200 22
172.17.0.240 - - [05/Jul/2020:10:01:42 +0800] "GET /xingrg/all/function/internal_message.html?_=1593914496708&CODE_STATE=getMsg HTTP/1.1" 200 27
114.86.190.97 - - [05/Jul/2020:10:01:43 +0800] "GET /xingrg/kc/buy/cgsh_order_operate.html?command=get_materiel&rest_code=00148&code=00101008224&supplier_code=00100007&order_time=2020-07-05 HTTP/1.1" 200 416
101.85.53.146 - - [05/Jul/2020:10:01:45 +0800] "GET /xingrg/all/function/internal_message.html?_=1593913900090&CODE_STATE=getMsg HTTP/1.1" 200 27
114.86.190.97 - - [05/Jul/2020:10:01:49 +0800] "GET /xingrg/kc/buy/cgsh_order_operate.html?command=get_materiel&rest_code=00148&code=00101008126&supplier_code=00100007&order_time=2020-07-05 HTTP/1.1" 200 412
114.86.190.97 - - [05/Jul/2020:10:01:50 +0800] "GET /xingrg/all/function/internal_message.html?_=1593914506066&CODE_STATE=getMsg HTTP/1.1" 200 27
61.172.5.115 - - [05/Jul/2020:10:01:53 +0800] "GET /xingrg/kc/buy/cgsh_order_add.html HTTP/1.1" 200 59251
61.172.5.115 - - [05/Jul/2020:10:01:53 +0800] "POST /xingrg/kc/buy/cgsh_order_operate.html HTTP/1.1" 200 8245
61.172.5.115 - - [05/Jul/2020:10:01:53 +0800] "GET /xingrg/javascript/easyui/themes/default/validatebox.css HTTP/1.1" 404 1104
101.228.167.227 - - [05/Jul/2020:10:01:56 +0800] "GET /xingrg/check_reg.html?_=1593914513407 HTTP/1.1" 200 22
114.86.190.97 - - [05/Jul/2020:10:01:56 +0800] "GET /xingrg/kc/buy/cgsh_order_operate.html?command=get_materiel&rest_code=00148&code=00101008355&supplier_code=00100007&order_time=2020-07-05 HTTP/1.1" 200 408
101.228.167.227 - - [05/Jul/2020:10:01:57 +0800] "GET /xingrg/all/function/internal_message.html?_=1593914515188&CODE_STATE=getMsg HTTP/1.1" 200 27
172.17.0.240 - - [05/Jul/2020:10:01:58 +0800] "GET /xingrg/all/function/internal_message.html?_=1593914512978&CODE_STATE=getMsg HTTP/1.1" 200 27
114.89.80.44 - - [05/Jul/2020:10:02:00 +0800] "GET /xingrg/all/function/internal_message.html?_=1593914646441&CODE_STATE=getMsg HTTP/1.1" 200 27
172.17.200.101 - - [05/Jul/2020:10:02:00 +0800] "GET /xingrg/all/function/internal_message.html?_=1593914516596&CODE_STATE=getMsg HTTP/1.1" 200 27
172.17.200.101 - - [05/Jul/2020:10:02:00 +0800] "GET /xingrg/check_reg.html?_=1593914516598 HTTP/1.1" 200 22
114.86.190.97 - - [05/Jul/2020:10:02:01 +0800] "POST /xingrg/kc/buy/cgsh_order_operate.html HTTP/1.1" 200 2065
180.175.214.200 - - [05/Jul/2020:10:02:03 +0800] "GET /xingrg/all/function/internal_message.html?_=1593914726639&CODE_STATE=getMsg HTTP/1.1" 200 27
117.131.5.26 - - [05/Jul/2020:10:02:03 +0800] "GET /xingrg/all/function/internal_message.html?_=1593914889522&CODE_STATE=getMsg HTTP/1.1" 200 27
61.172.5.115 - - [05/Jul/2020:10:02:05 +0800] "GET /xingrg/check_reg.html?_=1593914522029 HTTP/1.1" 200 22
61.172.5.115 - - [05/Jul/2020:10:02:05 +0800] "GET /xingrg/all/function/internal_message.html?_=1593914522031&CODE_STATE=getMsg HTTP/1.1" 200 27
120.253.135.82 - - [05/Jul/2020:10:02:07 +0800] "GET /xingrg/check_reg.html?_=1593914642336 HTTP/1.1" 200 22
114.86.190.97 - - [05/Jul/2020:10:02:08 +0800] "GET /xingrg/kc/buy/cgsh_order_operate.html?command=get_materiel&rest_code=00148&code=00101008286&supplier_code=00100007&order_time=2020-07-05 HTTP/1.1" 200 408
101.228.167.227 - - [05/Jul/2020:10:02:11 +0800] "GET /xingrg/all/function/internal_message.html?_=1593914552546&CODE_STATE=getMsg HTTP/1.1" 200 27
222.69.139.85 - - [05/Jul/2020:10:02:11 +0800] "GET /xingrg/all/function/internal_message.html?_=1593914527808&CODE_STATE=getMsg HTTP/1.1" 200 27
114.86.190.97 - - [05/Jul/2020:10:02:15 +0800] "GET /xingrg/kc/buy/cgsh_order_operate.html?command=get_materiel&rest_code=00148&code=00101008131&supplier_code=00100007&order_time=2020-07-05 HTTP/1.1" 200 408
114.86.190.97 - - [05/Jul/2020:10:02:20 +0800] "GET /xingrg/kc/buy/cgsh_order_operate.html?command=get_materiel&rest_code=00148&code=00101008296&supplier_code=00100007&order_time=2020-07-05 HTTP/1.1" 200 416
116.232.48.51 - - [05/Jul/2020:10:02:22 +0800] "GET /xingrg/all/function/internal_message.html?_=1593914557373&CODE_STATE=getMsg HTTP/1.1" 200 27
114.86.190.97 - - [05/Jul/2020:10:02:30 +0800] "GET /xingrg/kc/buy/cgsh_order_operate.html?command=get_materiel&rest_code=00148&code=00101008213&supplier_code=00100007&order_time=2020-07-05 HTTP/1.1" 200 412
117.184.7.26 - - [05/Jul/2020:10:02:32 +0800] "GET /xingrg/all/function/internal_message.html?_=1593914548736&CODE_STATE=getMsg HTTP/1.1" 200 27
114.86.190.97 - - [05/Jul/2020:10:02:35 +0800] "GET /xingrg/kc/buy/cgsh_order_operate.html?command=get_materiel&rest_code=00148&code=00101008185&supplier_code=00100007&order_time=2020-07-05 HTTP/1.1" 200 408
58.40.7.146 - - [05/Jul/2020:10:02:35 +0800] "GET /xingrg/all/function/internal_message.html?_=1593914551236&CODE_STATE=getMsg HTTP/1.1" 200 27
114.86.190.97 - - [05/Jul/2020:10:02:37 +0800] "POST /xingrg/kc/buy/cgsh_order_operate.html HTTP/1.1" 200 2065
114.89.80.44 - - [05/Jul/2020:10:02:40 +0800] "GET /xingrg/all/function/internal_message.html?_=1593914556323&CODE_STATE=getMsg HTTP/1.1" 200 27
172.17.0.240 - - [05/Jul/2020:10:02:42 +0800] "GET /xingrg/all/function/internal_message.html?_=1593914556712&CODE_STATE=getMsg HTTP/1.1" 200 27
114.86.190.97 - - [05/Jul/2020:10:02:42 +0800] "GET /xingrg/kc/buy/cgsh_order_operate.html?command=get_materiel&rest_code=00148&code=00101020059&supplier_code=00100007&order_time=2020-07-05 HTTP/1.1" 200 432
101.85.53.146 - - [05/Jul/2020:10:02:45 +0800] "GET /xingrg/all/function/internal_message.html?_=1593913960096&CODE_STATE=getMsg HTTP/1.1" 200 27
114.88.170.9 - - [05/Jul/2020:10:02:47 +0800] "GET /xingrg/check_reg.html?_=1593914562787 HTTP/1.1" 200 22
114.86.190.97 - - [05/Jul/2020:10:02:50 +0800] "GET /xingrg/all/function/internal_message.html?_=1593914566080&CODE_STATE=getMsg HTTP/1.1" 200 27
114.86.190.97 - - [05/Jul/2020:10:02:54 +0800] "GET /xingrg/kc/buy/cgsh_order_operate.html?command=get_materiel&rest_code=00148&code=00101008296&supplier_code=00100007&order_time=2020-07-05 HTTP/1.1" 200 416
114.86.190.97 - - [05/Jul/2020:10:02:57 +0800] "GET /xingrg/javascript/easyui/themes/default/images/button_plain_hover.png HTTP/1.1" 304 -
114.86.190.97 - - [05/Jul/2020:10:02:57 +0800] "GET /xingrg/javascript/easyui/themes/default/images/button_plain_hover.png HTTP/1.1" 304 -
114.86.190.97 - - [05/Jul/2020:10:02:57 +0800] "GET /xingrg/javascript/easyui/themes/default/images/button_plain_hover.png HTTP/1.1" 304 -
101.228.167.227 - - [05/Jul/2020:10:02:58 +0800] "GET /xingrg/all/function/internal_message.html?_=1593914575201&CODE_STATE=getMsg HTTP/1.1" 200 27
172.17.0.240 - - [05/Jul/2020:10:02:58 +0800] "GET /xingrg/all/function/internal_message.html?_=1593914572981&CODE_STATE=getMsg HTTP/1.1" 200 27
172.17.0.240 - - [05/Jul/2020:10:02:58 +0800] "GET /xingrg/check_reg.html?_=1593914572982 HTTP/1.1" 200 22
114.86.190.97 - - [05/Jul/2020:10:02:59 +0800] "POST /xingrg/kc/buy/cgsh_order_operate.html HTTP/1.1" 200 37
114.89.80.44 - - [05/Jul/2020:10:03:00 +0800] "GET /xingrg/all/function/internal_message.html?_=1593914706454&CODE_STATE=getMsg HTTP/1.1" 200 27
114.86.190.97 - - [05/Jul/2020:10:03:00 +0800] "POST /xingrg/kc/buy/cgsh_order_operate.html HTTP/1.1" 200 32210
172.17.200.101 - - [05/Jul/2020:10:03:00 +0800] "GET /xingrg/all/function/internal_message.html?_=1593914576595&CODE_STATE=getMsg HTTP/1.1" 200 27
180.175.214.200 - - [05/Jul/2020:10:03:03 +0800] "GET /xingrg/check_reg.html?_=1593914786417 HTTP/1.1" 200 22
180.175.214.200 - - [05/Jul/2020:10:03:03 +0800] "GET /xingrg/all/function/internal_message.html?_=1593914786653&CODE_STATE=getMsg HTTP/1.1" 200 27
117.131.5.26 - - [05/Jul/2020:10:03:03 +0800] "GET /xingrg/all/function/internal_message.html?_=1593914949530&CODE_STATE=getMsg HTTP/1.1" 200 27
61.172.5.115 - - [05/Jul/2020:10:03:05 +0800] "GET /xingrg/all/function/internal_message.html?_=1593914582020&CODE_STATE=getMsg HTTP/1.1" 200 27
114.86.190.97 - - [05/Jul/2020:10:03:06 +0800] "GET /xingrg/kc/buy/cgsh_order_operate.html?command=get_materiel&rest_code=00148&code=00101008361&supplier_code=00100007&order_time=2020-07-05 HTTP/1.1" 200 408
101.228.167.227 - - [05/Jul/2020:10:03:11 +0800] "GET /xingrg/all/function/internal_message.html?_=1593914612546&CODE_STATE=getMsg HTTP/1.1" 200 27
222.69.139.85 - - [05/Jul/2020:10:03:11 +0800] "GET /xingrg/all/function/internal_message.html?_=1593914587792&CODE_STATE=getMsg HTTP/1.1" 200 27
114.86.190.97 - - [05/Jul/2020:10:03:16 +0800] "GET /xingrg/kc/buy/cgsh_order_operate.html?command=get_materiel&rest_code=00148&code=00101008069&supplier_code=00100007&order_time=2020-07-05 HTTP/1.1" 200 412
114.86.190.97 - - [05/Jul/2020:10:03:21 +0800] "GET /xingrg/kc/buy/cgsh_order_operate.html?command=get_materiel&rest_code=00148&code=00101008286&supplier_code=00100007&order_time=2020-07-05 HTTP/1.1" 200 408
116.232.48.51 - - [05/Jul/2020:10:03:22 +0800] "GET /xingrg/all/function/internal_message.html?_=1593914617375&CODE_STATE=getMsg HTTP/1.1" 200 27
114.86.190.97 - - [05/Jul/2020:10:03:28 +0800] "GET /xingrg/kc/buy/cgsh_order_operate.html?command=get_materiel&rest_code=00148&code=00101008098&supplier_code=00100007&order_time=2020-07-05 HTTP/1.1" 200 412
114.86.190.97 - - [05/Jul/2020:10:03:31 +0800] "POST /xingrg/kc/buy/cgsh_order_operate.html HTTP/1.1" 200 2065
117.184.7.26 - - [05/Jul/2020:10:03:32 +0800] "GET /xingrg/all/function/internal_message.html?_=1593914608739&CODE_STATE=getMsg HTTP/1.1" 200 27
58.40.7.146 - - [05/Jul/2020:10:03:35 +0800] "GET /xingrg/all/function/internal_message.html?_=1593914611240&CODE_STATE=getMsg HTTP/1.1" 200 27
114.86.190.97 - - [05/Jul/2020:10:03:37 +0800] "GET /xingrg/kc/buy/cgsh_order_operate.html?command=get_materiel&rest_code=00148&code=00101008353&supplier_code=00100007&order_time=2020-07-05 HTTP/1.1" 200 408
114.89.80.44 - - [05/Jul/2020:10:03:40 +0800] "GET /xingrg/all/function/internal_message.html?_=1593914616323&CODE_STATE=getMsg HTTP/1.1" 200 27
172.17.0.240 - - [05/Jul/2020:10:03:42 +0800] "GET /xingrg/all/function/internal_message.html?_=1593914616717&CODE_STATE=getMsg HTTP/1.1" 200 27
101.85.53.146 - - [05/Jul/2020:10:03:45 +0800] "GET /xingrg/check_reg.html?_=1593914020096 HTTP/1.1" 200 22
101.85.53.146 - - [05/Jul/2020:10:03:45 +0800] "GET /xingrg/all/function/internal_message.html?_=1593914020098&CODE_STATE=getMsg HTTP/1.1" 200 27
114.86.190.97 - - [05/Jul/2020:10:03:49 +0800] "GET /xingrg/check_reg.html?_=1593914625688 HTTP/1.1" 200 22
114.86.190.97 - - [05/Jul/2020:10:03:50 +0800] "GET /xingrg/all/function/internal_message.html?_=1593914626094&CODE_STATE=getMsg HTTP/1.1" 200 27
114.86.190.97 - - [05/Jul/2020:10:03:53 +0800] "GET /xingrg/kc/buy/cgsh_order_operate.html?command=get_materiel&rest_code=00148&code=00101008098&supplier_code=00100007&order_time=2020-07-05 HTTP/1.1" 200 412
120.253.135.82 - - [05/Jul/2020:10:03:57 +0800] "GET /xingrg/check_reg.html?_=1593914752158 HTTP/1.1" 200 22
101.228.167.227 - - [05/Jul/2020:10:03:58 +0800] "GET /xingrg/all/function/internal_message.html?_=1593914635216&CODE_STATE=getMsg HTTP/1.1" 200 27
172.17.0.240 - - [05/Jul/2020:10:03:58 +0800] "GET /xingrg/all/function/internal_message.html?_=1593914632983&CODE_STATE=getMsg HTTP/1.1" 200 27
114.89.80.44 - - [05/Jul/2020:10:04:00 +0800] "GET /xingrg/all/function/internal_message.html?_=1593914766496&CODE_STATE=getMsg HTTP/1.1" 200 27
172.17.200.101 - - [05/Jul/2020:10:04:00 +0800] "GET /xingrg/all/function/internal_message.html?_=1593914636593&CODE_STATE=getMsg HTTP/1.1" 200 27
114.86.190.97 - - [05/Jul/2020:10:04:01 +0800] "GET /xingrg/kc/buy/cgsh_order_operate.html?command=get_materiel&rest_code=00148&code=00101008005&supplier_code=00100007&order_time=2020-07-05 HTTP/1.1" 200 412
180.175.214.200 - - [05/Jul/2020:10:04:03 +0800] "GET /xingrg/all/function/internal_message.html?_=1593914846666&CODE_STATE=getMsg HTTP/1.1" 200 27
117.131.5.26 - - [05/Jul/2020:10:04:03 +0800] "GET /xingrg/check_reg.html?_=1593915009521 HTTP/1.1" 200 22
117.131.5.26 - - [05/Jul/2020:10:04:03 +0800] "GET /xingrg/all/function/internal_message.html?_=1593915009523&CODE_STATE=getMsg HTTP/1.1" 200 27
61.172.5.115 - - [05/Jul/2020:10:04:05 +0800] "GET /xingrg/all/function/internal_message.html?_=1593914642034&CODE_STATE=getMsg HTTP/1.1" 200 27
114.86.190.97 - - [05/Jul/2020:10:04:09 +0800] "GET /xingrg/kc/buy/cgsh_order_operate.html?command=get_materiel&rest_code=00148&code=00101019042&supplier_code=00100007&order_time=2020-07-05 HTTP/1.1" 200 438
101.228.167.227 - - [05/Jul/2020:10:04:11 +0800] "GET /xingrg/all/function/internal_message.html?_=1593914672849&CODE_STATE=getMsg HTTP/1.1" 200 27
222.69.139.85 - - [05/Jul/2020:10:04:11 +0800] "GET /xingrg/all/function/internal_message.html?_=1593914647781&CODE_STATE=getMsg HTTP/1.1" 200 27
116.232.48.51 - - [05/Jul/2020:10:04:22 +0800] "GET /xingrg/check_reg.html?_=1593914677359 HTTP/1.1" 200 22
116.232.48.51 - - [05/Jul/2020:10:04:22 +0800] "GET /xingrg/all/function/internal_message.html?_=1593914677359&CODE_STATE=getMsg HTTP/1.1" 200 27
114.89.80.44 - - [05/Jul/2020:10:04:25 +0800] "POST /xingrg/all/user/operate.html HTTP/1.1" 200 36
114.89.80.44 - - [05/Jul/2020:10:04:25 +0800] "GET /xingrg/javascript/jquery_easy_ui/themes/default/easyui.css HTTP/1.1" 304 -
114.89.80.44 - - [05/Jul/2020:10:04:25 +0800] "GET /xingrg/index.html?sysBaseUrl=http%3A%2F%2F180.169.147.146%3A18081%2Fxingrg%2F&costTime=92×tamp=1593911522235 HTTP/1.1" 200 17179
114.89.80.44 - - [05/Jul/2020:10:04:25 +0800] "GET /xingrg/javascript/jquery_easy_ui/themes/icon.css HTTP/1.1" 304 -
114.89.80.44 - - [05/Jul/2020:10:04:25 +0800] "GET /xingrg/css/form.css HTTP/1.1" 304 -
114.89.80.44 - - [05/Jul/2020:10:04:25 +0800] "GET /xingrg/javascript/jquery-1.4.2.min.js HTTP/1.1" 304 -
114.89.80.44 - - [05/Jul/2020:10:04:25 +0800] "GET /xingrg/javascript/jquery_easy_ui/jquery.easyui.min.js HTTP/1.1" 304 -
114.89.80.44 - - [05/Jul/2020:10:04:25 +0800] "GET /xingrg/javascript/jquery_easy_ui/easyui-lang-zh_CN.js HTTP/1.1" 304 -
114.89.80.44 - - [05/Jul/2020:10:04:25 +0800] "GET /xingrg/javascript/jquery.form.js HTTP/1.1" 304 -
114.89.80.44 - - [05/Jul/2020:10:04:25 +0800] "GET /xingrg/javascript/jquery.utils.js HTTP/1.1" 304 -
114.89.80.44 - - [05/Jul/2020:10:04:25 +0800] "GET /xingrg/javascript/jquery.timers.js HTTP/1.1" 304 -
114.89.80.44 - - [05/Jul/2020:10:04:25 +0800] "GET /xingrg/images/blue/navBackgound.jpg HTTP/1.1" 304 -
114.89.80.44 - - [05/Jul/2020:10:04:25 +0800] "GET /xingrg/images/blue/jxLogo.png HTTP/1.1" 304 -
114.89.80.44 - - [05/Jul/2020:10:04:25 +0800] "GET /xingrg/javascript/jquery_easy_ui/themes/icons/settle_new.png HTTP/1.1" 304 -
114.89.80.44 - - [05/Jul/2020:10:04:25 +0800] "GET /xingrg/images/blue/pingpu.png HTTP/1.1" 304 -
114.89.80.44 - - [05/Jul/2020:10:04:25 +0800] "POST /xingrg/all/common/load_tree.html?tree=area_rest_tree_json&manage=1 HTTP/1.1" 200 476
114.89.80.44 - - [05/Jul/2020:10:04:25 +0800] "GET /xingrg/javascript/jquery_easy_ui/themes/default/images/tabs_leftarrow.png HTTP/1.1" 304 -
114.89.80.44 - - [05/Jul/2020:10:04:25 +0800] "GET /xingrg/javascript/jquery_easy_ui/themes/default/images/tabs_rightarrow.png HTTP/1.1" 304 -
114.89.80.44 - - [05/Jul/2020:10:04:25 +0800] "GET /xingrg/javascript/jquery_easy_ui/themes/default/images/panel_tool_collapse.gif HTTP/1.1" 304 -
114.89.80.44 - - [05/Jul/2020:10:04:25 +0800] "GET /xingrg/all/function/internal_message.html?_=1593914792207&CODE_STATE=count HTTP/1.1" 200 11
114.89.80.44 - - [05/Jul/2020:10:04:25 +0800] "GET /xingrg/check_reg.html?_=1593914792208 HTTP/1.1" 200 22
114.89.80.44 - - [05/Jul/2020:10:04:25 +0800] "POST /xingrg/load_menu.html HTTP/1.1" 200 5138
114.89.80.44 - - [05/Jul/2020:10:04:28 +0800] "GET /xingrg/kc/base/yddb_order_list.html HTTP/1.1" 200 16867
114.89.80.44 - - [05/Jul/2020:10:04:28 +0800] "POST /xingrg/kc/base/yddb_list_operate.html HTTP/1.1" 200 583
114.86.190.97 - - [05/Jul/2020:10:04:29 +0800] "GET /xingrg/kc/buy/cgsh_order_operate.html?command=get_materiel&rest_code=00148&code=00101008323&supplier_code=00100007&order_time=2020-07-05 HTTP/1.1" 200 408
117.184.7.26 - - [05/Jul/2020:10:04:32 +0800] "GET /xingrg/check_reg.html?_=1593914668723 HTTP/1.1" 200 22
117.184.7.26 - - [05/Jul/2020:10:04:32 +0800] "GET /xingrg/all/function/internal_message.html?_=1593914668726&CODE_STATE=getMsg HTTP/1.1" 200 27
114.89.80.44 - - [05/Jul/2020:10:04:33 +0800] "POST /xingrg/kc/base/yddb_list_operate.html HTTP/1.1" 200 4058
114.86.190.97 - - [05/Jul/2020:10:04:34 +0800] "POST /xingrg/kc/buy/cgsh_order_operate.html HTTP/1.1" 200 2065
58.40.7.146 - - [05/Jul/2020:10:04:35 +0800] "GET /xingrg/all/function/internal_message.html?_=1593914671245&CODE_STATE=getMsg HTTP/1.1" 200 27
114.89.80.44 - - [05/Jul/2020:10:04:36 +0800] "POST /xingrg/kc/base/yddb_list_operate.html HTTP/1.1" 200 4221
114.89.80.44 - - [05/Jul/2020:10:04:40 +0800] "GET /xingrg/all/function/internal_message.html?_=1593914676324&CODE_STATE=getMsg HTTP/1.1" 200 27
172.17.0.240 - - [05/Jul/2020:10:04:42 +0800] "GET /xingrg/all/function/internal_message.html?_=1593914676718&CODE_STATE=getMsg HTTP/1.1" 200 27
172.17.0.240 - - [05/Jul/2020:10:04:42 +0800] "GET /xingrg/check_reg.html?_=1593914676720 HTTP/1.1" 200 22
101.85.53.146 - - [05/Jul/2020:10:04:45 +0800] "GET /xingrg/all/function/internal_message.html?_=1593914080098&CODE_STATE=getMsg HTTP/1.1" 200 27
101.228.167.227 - - [05/Jul/2020:10:04:45 +0800] "GET /xingrg/check_reg.html?_=1593914706886 HTTP/1.1" 200 22
114.86.190.97 - - [05/Jul/2020:10:04:45 +0800] "GET /xingrg/kc/buy/cgsh_order_operate.html?command=get_materiel&rest_code=00148&code=00101008331&supplier_code=00100007&order_time=2020-07-05 HTTP/1.1" 200 416
114.86.190.97 - - [05/Jul/2020:10:04:50 +0800] "GET /xingrg/all/function/internal_message.html?_=1593914686107&CODE_STATE=getMsg HTTP/1.1" 200 27
61.172.5.115 - - [05/Jul/2020:10:04:52 +0800] "GET /xingrg/kc/buy/cgsh_order_operate.html?command=get_materiel&rest_code=00105&code=00101008256&supplier_code=00100203&order_time=2020-07-05 HTTP/1.1" 200 412
114.86.190.97 - - [05/Jul/2020:10:04:54 +0800] "GET /xingrg/kc/buy/cgsh_order_operate.html?command=get_materiel&rest_code=00148&code=00101008350&supplier_code=00100007&order_time=2020-07-05 HTTP/1.1" 200 408
101.228.167.227 - - [05/Jul/2020:10:04:58 +0800] "GET /xingrg/all/function/internal_message.html?_=1593914695389&CODE_STATE=getMsg HTTP/1.1" 200 27
172.17.0.240 - - [05/Jul/2020:10:04:58 +0800] "GET /xingrg/all/function/internal_message.html?_=1593914692986&CODE_STATE=getMsg HTTP/1.1" 200 27
172.17.200.101 - - [05/Jul/2020:10:05:00 +0800] "GET /xingrg/all/function/internal_message.html?_=1593914696613&CODE_STATE=getMsg HTTP/1.1" 200 27
114.89.80.44 - - [05/Jul/2020:10:05:01 +0800] "POST /xingrg/kc/base/yddb_list_operate.html HTTP/1.1" 200 4188
180.175.214.200 - - [05/Jul/2020:10:05:03 +0800] "GET /xingrg/all/function/internal_message.html?_=1593914906681&CODE_STATE=getMsg HTTP/1.1" 200 27
61.172.5.115 - - [05/Jul/2020:10:05:03 +0800] "GET /xingrg/kc/buy/cgsh_order_operate.html?command=get_materiel&rest_code=00105&code=00101008045&supplier_code=00100203&order_time=2020-07-05 HTTP/1.1" 200 412
117.131.5.26 - - [05/Jul/2020:10:05:03 +0800] "GET /xingrg/all/function/internal_message.html?_=1593915069521&CODE_STATE=getMsg HTTP/1.1" 200 27
61.172.5.115 - - [05/Jul/2020:10:05:05 +0800] "GET /xingrg/all/function/internal_message.html?_=1593914702040&CODE_STATE=getMsg HTTP/1.1" 200 27
101.228.167.227 - - [05/Jul/2020:10:05:06 +0800] "GET /xingrg/kc/buy/cgsh_order_add.html HTTP/1.1" 200 59257
101.228.167.227 - - [05/Jul/2020:10:05:07 +0800] "POST /xingrg/kc/buy/cgsh_order_operate.html HTTP/1.1" 200 8245
101.228.167.227 - - [05/Jul/2020:10:05:07 +0800] "GET /xingrg/javascript/easyui/themes/default/validatebox.css HTTP/1.1" 404 1104
61.172.5.115 - - [05/Jul/2020:10:05:09 +0800] "GET /xingrg/kc/buy/cgsh_order_operate.html?command=get_materiel&rest_code=00105&code=00101008234&supplier_code=00100203&order_time=2020-07-05 HTTP/1.1" 200 408
101.228.167.227 - - [05/Jul/2020:10:05:11 +0800] "GET /xingrg/all/function/internal_message.html?_=1593914732855&CODE_STATE=getMsg HTTP/1.1" 200 27
222.69.139.85 - - [05/Jul/2020:10:05:11 +0800] "GET /xingrg/all/function/internal_message.html?_=1593914707766&CODE_STATE=getMsg HTTP/1.1" 200 27
222.69.139.85 - - [05/Jul/2020:10:05:12 +0800] "GET /xingrg/check_reg.html?_=1593914708189 HTTP/1.1" 200 22
61.172.5.115 - - [05/Jul/2020:10:05:16 +0800] "GET /xingrg/kc/buy/cgsh_order_operate.html?command=get_materiel&rest_code=00105&code=00101008155&supplier_code=00100203&order_time=2020-07-05 HTTP/1.1" 200 408
101.228.167.227 - - [05/Jul/2020:10:05:19 +0800] "GET /xingrg/kc/buy/cgsh_order_operate.html?command=get_materiel&rest_code=00146&code=00101012025&supplier_code=00100033&order_time=2020-07-05 HTTP/1.1" 200 412
116.232.48.51 - - [05/Jul/2020:10:05:22 +0800] "GET /xingrg/all/function/internal_message.html?_=1593914737359&CODE_STATE=getMsg HTTP/1.1" 200 27
114.86.190.97 - - [05/Jul/2020:10:05:23 +0800] "GET /xingrg/kc/buy/cgsh_order_operate.html?command=get_materiel&rest_code=00148&code=00101008356&supplier_code=00100007&order_time=2020-07-05 HTTP/1.1" 200 408
114.89.80.44 - - [05/Jul/2020:10:05:25 +0800] "GET /xingrg/all/function/internal_message.html?_=1593914852227&CODE_STATE=getMsg HTTP/1.1" 200 27
61.172.5.115 - - [05/Jul/2020:10:05:28 +0800] "GET /xingrg/kc/buy/cgsh_order_operate.html?command=get_materiel&rest_code=00105&code=00101008312&supplier_code=00100203&order_time=2020-07-05 HTTP/1.1" 200 412
101.228.167.227 - - [05/Jul/2020:10:05:29 +0800] "GET /xingrg/kc/buy/cgsh_order_operate.html?command=get_materiel&rest_code=00146&code=00101016025&supplier_code=00100033&order_time=2020-07-05 HTTP/1.1" 200 408
114.86.190.97 - - [05/Jul/2020:10:05:29 +0800] "GET /xingrg/kc/buy/cgsh_order_operate.html?command=get_materiel&rest_code=00148&code=00101008223&supplier_code=00100007&order_time=2020-07-05 HTTP/1.1" 200 412
117.184.7.26 - - [05/Jul/2020:10:05:32 +0800] "GET /xingrg/all/function/internal_message.html?_=1593914728727&CODE_STATE=getMsg HTTP/1.1" 200 27
58.40.7.146 - - [05/Jul/2020:10:05:35 +0800] "GET /xingrg/all/function/internal_message.html?_=1593914731248&CODE_STATE=getMsg HTTP/1.1" 200 27
61.172.5.115 - - [05/Jul/2020:10:05:37 +0800] "GET /xingrg/kc/buy/cgsh_order_operate.html?command=get_materiel&rest_code=00105&code=00101008221&supplier_code=00100203&order_time=2020-07-05 HTTP/1.1" 200 412
114.86.190.97 - - [05/Jul/2020:10:05:38 +0800] "GET /xingrg/kc/buy/cgsh_order_operate.html?command=get_materiel&rest_code=00148&code=00101008131&supplier_code=00100007&order_time=2020-07-05 HTTP/1.1" 200 408
101.228.167.227 - - [05/Jul/2020:10:05:38 +0800] "GET /xingrg/kc/buy/cgsh_order_operate.html?command=get_materiel&rest_code=00146&code=00101016105&supplier_code=00100033&order_time=2020-07-05 HTTP/1.1" 200 409
114.89.80.44 - - [05/Jul/2020:10:05:40 +0800] "GET /xingrg/all/function/internal_message.html?_=1593914736350&CODE_STATE=getMsg HTTP/1.1" 200 27
114.86.190.97 - - [05/Jul/2020:10:05:40 +0800] "POST /xingrg/kc/buy/cgsh_order_operate.html HTTP/1.1" 200 2065
172.17.0.240 - - [05/Jul/2020:10:05:42 +0800] "GET /xingrg/all/function/internal_message.html?_=1593914736720&CODE_STATE=getMsg HTTP/1.1" 200 27
61.172.5.115 - - [05/Jul/2020:10:05:43 +0800] "GET /xingrg/kc/buy/cgsh_order_operate.html?command=get_materiel&rest_code=00105&code=00101008163&supplier_code=00100203&order_time=2020-07-05 HTTP/1.1" 200 408
101.85.53.146 - - [05/Jul/2020:10:05:45 +0800] "GET /xingrg/all/function/internal_message.html?_=1593914140098&CODE_STATE=getMsg HTTP/1.1" 200 27
114.86.190.97 - - [05/Jul/2020:10:05:46 +0800] "GET /xingrg/kc/buy/cgsh_order_operate.html?command=get_materiel&rest_code=00148&code=00101008353&supplier_code=00100007&order_time=2020-07-05 HTTP/1.1" 200 408
114.86.190.97 - - [05/Jul/2020:10:05:50 +0800] "GET /xingrg/all/function/internal_message.html?_=1593914746122&CODE_STATE=getMsg HTTP/1.1" 200 27
61.172.5.115 - - [05/Jul/2020:10:05:50 +0800] "GET /xingrg/kc/buy/cgsh_order_operate.html?command=get_materiel&rest_code=00105&code=00101008361&supplier_code=00100203&order_time=2020-07-05 HTTP/1.1" 200 408
101.228.167.227 - - [05/Jul/2020:10:05:55 +0800] "GET /xingrg/kc/buy/cgsh_order_operate.html?command=get_materiel&rest_code=00146&code=00101016071&supplier_code=00100033&order_time=2020-07-05 HTTP/1.1" 200 416
114.86.190.97 - - [05/Jul/2020:10:05:56 +0800] "GET /xingrg/kc/buy/cgsh_order_operate.html?command=get_materiel&rest_code=00148&code=00101008114&supplier_code=00100007&order_time=2020-07-05 HTTP/1.1" 200 412
61.172.5.115 - - [05/Jul/2020:10:05:56 +0800] "GET /xingrg/kc/buy/cgsh_order_operate.html?command=get_materiel&rest_code=00105&code=00101008264&supplier_code=00100203&order_time=2020-07-05 HTTP/1.1" 200 412
61.172.5.115 - - [05/Jul/2020:10:05:58 +0800] "GET /xingrg/system/info/materiel_import.html?isSelect=1&singleSelect=false HTTP/1.1" 200 5600
101.228.167.227 - - [05/Jul/2020:10:05:58 +0800] "GET /xingrg/all/function/internal_message.html?_=1593914755399&CODE_STATE=getMsg HTTP/1.1" 200 27
61.172.5.115 - - [05/Jul/2020:10:05:58 +0800] "POST /xingrg/all/common/load_tree.html?tree=materiel_sort_tree_json HTTP/1.1" 200 8666
61.172.5.115 - - [05/Jul/2020:10:05:58 +0800] "GET /favicon.ico HTTP/1.1" 404 -
172.17.0.240 - - [05/Jul/2020:10:05:58 +0800] "GET /xingrg/all/function/internal_message.html?_=1593914752988&CODE_STATE=getMsg HTTP/1.1" 200 27
172.17.200.101 - - [05/Jul/2020:10:06:00 +0800] "GET /xingrg/all/function/internal_message.html?_=1593914756611&CODE_STATE=getMsg HTTP/1.1" 200 27
180.175.214.200 - - [05/Jul/2020:10:06:03 +0800] "GET /xingrg/all/function/internal_message.html?_=1593914966918&CODE_STATE=getMsg HTTP/1.1" 200 27
117.131.5.26 - - [05/Jul/2020:10:06:03 +0800] "GET /xingrg/all/function/internal_message.html?_=1593915129524&CODE_STATE=getMsg HTTP/1.1" 200 27
61.172.5.115 - - [05/Jul/2020:10:06:05 +0800] "GET /xingrg/all/function/internal_message.html?_=1593914762036&CODE_STATE=getMsg HTTP/1.1" 200 27
114.86.190.97 - - [05/Jul/2020:10:06:05 +0800] "GET /xingrg/kc/buy/cgsh_order_operate.html?command=get_materiel&rest_code=00148&code=00101008168&supplier_code=00100007&order_time=2020-07-05 HTTP/1.1" 200 413
172.17.0.123 - - [05/Jul/2020:10:06:06 +0800] "GET /xingrg/check_reg.html?_=1593914716876 HTTP/1.1" 200 22
101.228.167.227 - - [05/Jul/2020:10:06:07 +0800] "GET /xingrg/kc/buy/cgsh_order_operate.html?command=get_materiel&rest_code=00146&code=00101012026&supplier_code=00100033&order_time=2020-07-05 HTTP/1.1" 200 408
61.172.5.115 - - [05/Jul/2020:10:06:08 +0800] "GET /xingrg/kc/buy/cgsh_order_operate.html?command=get_materiel&rest_code=00105&code=00101008356&supplier_code=00100203&order_time=2020-07-05 HTTP/1.1" 200 408
101.228.167.227 - - [05/Jul/2020:10:06:11 +0800] "GET /xingrg/all/function/internal_message.html?_=1593914792868&CODE_STATE=getMsg HTTP/1.1" 200 27
222.69.139.85 - - [05/Jul/2020:10:06:11 +0800] "GET /xingrg/all/function/internal_message.html?_=1593914767752&CODE_STATE=getMsg HTTP/1.1" 200 27
114.86.190.97 - - [05/Jul/2020:10:06:13 +0800] "GET /xingrg/kc/buy/cgsh_order_operate.html?command=get_materiel&rest_code=00148&code=00101009016&supplier_code=00100007&order_time=2020-07-05 HTTP/1.1" 200 412
61.172.5.115 - - [05/Jul/2020:10:06:14 +0800] "GET /xingrg/kc/buy/cgsh_order_operate.html?command=get_materiel&rest_code=00105&code=00101008362&supplier_code=00100203&order_time=2020-07-05 HTTP/1.1" 200 408
101.228.167.227 - - [05/Jul/2020:10:06:19 +0800] "GET /xingrg/kc/buy/cgsh_order_operate.html?command=get_materiel&rest_code=00146&code=00101016080&supplier_code=00100033&order_time=2020-07-05 HTTP/1.1" 200 408
61.172.5.115 - - [05/Jul/2020:10:06:20 +0800] "GET /xingrg/kc/buy/cgsh_order_operate.html?command=get_materiel&rest_code=00105&code=00101008223&supplier_code=00100203&order_time=2020-07-05 HTTP/1.1" 200 412
116.232.48.51 - - [05/Jul/2020:10:06:21 +0800] "GET /xingrg/all/function/internal_message.html?_=1593914797359&CODE_STATE=getMsg HTTP/1.1" 200 27
114.86.190.97 - - [05/Jul/2020:10:06:24 +0800] "GET /xingrg/kc/buy/cgsh_order_operate.html?command=get_materiel&rest_code=00148&code=00101009013&supplier_code=00100007&order_time=2020-07-05 HTTP/1.1" 200 420
114.89.80.44 - - [05/Jul/2020:10:06:25 +0800] "GET /xingrg/all/function/internal_message.html?_=1593914912236&CODE_STATE=getMsg HTTP/1.1" 200 27
61.172.5.115 - - [05/Jul/2020:10:06:27 +0800] "GET /xingrg/kc/buy/cgsh_order_operate.html?command=get_materiel&rest_code=00105&code=00101008136&supplier_code=00100203&order_time=2020-07-05 HTTP/1.1" 200 413
114.86.190.97 - - [05/Jul/2020:10:06:27 +0800] "POST /xingrg/kc/buy/cgsh_order_operate.html HTTP/1.1" 200 2065
61.172.5.115 - - [05/Jul/2020:10:06:31 +0800] "POST /xingrg/kc/buy/cgsh_order_operate.html HTTP/1.1" 200 2065
114.86.190.97 - - [05/Jul/2020:10:06:32 +0800] "GET /xingrg/kc/buy/cgsh_order_operate.html?command=get_materiel&rest_code=00148&code=00101009011&supplier_code=00100007&order_time=2020-07-05 HTTP/1.1" 200 416
61.172.5.115 - - [05/Jul/2020:10:06:32 +0800] "POST /xingrg/kc/buy/cgsh_order_operate.html HTTP/1.1" 200 2065
117.184.7.26 - - [05/Jul/2020:10:06:32 +0800] "GET /xingrg/all/function/internal_message.html?_=1593914788728&CODE_STATE=getMsg HTTP/1.1" 200 27
58.40.7.146 - - [05/Jul/2020:10:06:35 +0800] "GET /xingrg/all/function/internal_message.html?_=1593914791251&CODE_STATE=getMsg HTTP/1.1" 200 27
58.40.7.146 - - [05/Jul/2020:10:06:35 +0800] "GET /xingrg/check_reg.html?_=1593914791256 HTTP/1.1" 200 22
114.86.190.97 - - [05/Jul/2020:10:06:37 +0800] "GET /xingrg/kc/buy/cgsh_order_operate.html?command=get_materiel&rest_code=00148&code=00101008036&supplier_code=00100007&order_time=2020-07-05 HTTP/1.1" 200 408
61.172.5.115 - - [05/Jul/2020:10:06:38 +0800] "GET /xingrg/kc/buy/cgsh_order_operate.html?command=get_materiel&rest_code=00105&code=00101008357&supplier_code=00100203&order_time=2020-07-05 HTTP/1.1" 200 408
114.89.80.44 - - [05/Jul/2020:10:06:40 +0800] "GET /xingrg/check_reg.html?_=1593914796356 HTTP/1.1" 200 22
114.89.80.44 - - [05/Jul/2020:10:06:40 +0800] "GET /xingrg/all/function/internal_message.html?_=1593914796360&CODE_STATE=getMsg HTTP/1.1" 200 27
172.17.0.240 - - [05/Jul/2020:10:06:42 +0800] "GET /xingrg/all/function/internal_message.html?_=1593914796706&CODE_STATE=getMsg HTTP/1.1" 200 27
61.172.5.115 - - [05/Jul/2020:10:06:44 +0800] "GET /xingrg/kc/buy/cgsh_order_operate.html?command=get_materiel&rest_code=00105&code=00101008069&supplier_code=00100203&order_time=2020-07-05 HTTP/1.1" 200 412
114.86.190.97 - - [05/Jul/2020:10:06:44 +0800] "GET /xingrg/kc/buy/cgsh_order_operate.html?command=get_materiel&rest_code=00148&code=00101008350&supplier_code=00100007&order_time=2020-07-05 HTTP/1.1" 200 408
101.85.53.146 - - [05/Jul/2020:10:06:45 +0800] "GET /xingrg/all/function/internal_message.html?_=1593914200097&CODE_STATE=getMsg HTTP/1.1" 200 27
101.228.167.227 - - [05/Jul/2020:10:06:49 +0800] "GET /xingrg/kc/buy/cgsh_order_operate.html?command=get_materiel&rest_code=00146&code=00101007109&supplier_code=00100033&order_time=2020-07-05 HTTP/1.1" 200 408
114.86.190.97 - - [05/Jul/2020:10:06:50 +0800] "GET /xingrg/all/function/internal_message.html?_=1593914806134&CODE_STATE=getMsg HTTP/1.1" 200 27
61.172.5.115 - - [05/Jul/2020:10:06:50 +0800] "GET /xingrg/kc/buy/cgsh_order_operate.html?command=get_materiel&rest_code=00105&code=00101008036&supplier_code=00100203&order_time=2020-07-05 HTTP/1.1" 200 408
101.228.167.227 - - [05/Jul/2020:10:06:56 +0800] "GET /xingrg/check_reg.html?_=1593914813405 HTTP/1.1" 200 22
101.228.167.227 - - [05/Jul/2020:10:06:58 +0800] "GET /xingrg/all/function/internal_message.html?_=1593914815412&CODE_STATE=getMsg HTTP/1.1" 200 27
172.17.0.240 - - [05/Jul/2020:10:06:58 +0800] "GET /xingrg/all/function/internal_message.html?_=1593914812990&CODE_STATE=getMsg HTTP/1.1" 200 27
61.172.5.115 - - [05/Jul/2020:10:06:59 +0800] "GET /xingrg/kc/buy/cgsh_order_operate.html?command=get_materiel&rest_code=00105&code=00101008286&supplier_code=00100203&order_time=2020-07-05 HTTP/1.1" 200 408
114.86.190.97 - - [05/Jul/2020:10:07:00 +0800] "GET /xingrg/kc/buy/cgsh_order_operate.html?command=get_materiel&rest_code=00148&code=00101008248&supplier_code=00100007&order_time=2020-07-05 HTTP/1.1" 200 414
172.17.200.101 - - [05/Jul/2020:10:07:00 +0800] "GET /xingrg/check_reg.html?_=1593914816609 HTTP/1.1" 200 22
172.17.200.101 - - [05/Jul/2020:10:07:00 +0800] "GET /xingrg/all/function/internal_message.html?_=1593914816614&CODE_STATE=getMsg HTTP/1.1" 200 27
180.175.214.200 - - [05/Jul/2020:10:07:03 +0800] "GET /xingrg/all/function/internal_message.html?_=1593915026928&CODE_STATE=getMsg HTTP/1.1" 200 27
117.131.5.26 - - [05/Jul/2020:10:07:03 +0800] "GET /xingrg/all/function/internal_message.html?_=1593915189523&CODE_STATE=getMsg HTTP/1.1" 200 27
61.172.5.115 - - [05/Jul/2020:10:07:05 +0800] "GET /xingrg/check_reg.html?_=1593914822017 HTTP/1.1" 200 22
61.172.5.115 - - [05/Jul/2020:10:07:05 +0800] "GET /xingrg/all/function/internal_message.html?_=1593914822016&CODE_STATE=getMsg HTTP/1.1" 200 27
61.172.5.115 - - [05/Jul/2020:10:07:05 +0800] "GET /xingrg/kc/buy/cgsh_order_operate.html?command=get_materiel&rest_code=00105&code=00101008131&supplier_code=00100203&order_time=2020-07-05 HTTP/1.1" 200 408
120.253.135.82 - - [05/Jul/2020:10:07:07 +0800] "GET /xingrg/check_reg.html?_=1593914942339 HTTP/1.1" 200 22
101.228.167.227 - - [05/Jul/2020:10:07:11 +0800] "GET /xingrg/all/function/internal_message.html?_=1593914853178&CODE_STATE=getMsg HTTP/1.1" 200 27
222.69.139.85 - - [05/Jul/2020:10:07:11 +0800] "GET /xingrg/all/function/internal_message.html?_=1593914827735&CODE_STATE=getMsg HTTP/1.1" 200 27
61.172.5.115 - - [05/Jul/2020:10:07:13 +0800] "GET /xingrg/kc/buy/cgsh_order_operate.html?command=get_materiel&rest_code=00105&code=00101008108&supplier_code=00100203&order_time=2020-07-05 HTTP/1.1" 200 412
114.86.190.97 - - [05/Jul/2020:10:07:14 +0800] "GET /xingrg/kc/buy/cgsh_order_operate.html?command=get_materiel&rest_code=00148&code=00101008261&supplier_code=00100007&order_time=2020-07-05 HTTP/1.1" 200 408
114.86.190.97 - - [05/Jul/2020:10:07:16 +0800] "POST /xingrg/kc/buy/cgsh_order_operate.html HTTP/1.1" 200 2065
61.172.5.115 - - [05/Jul/2020:10:07:18 +0800] "GET /xingrg/kc/buy/cgsh_order_operate.html?command=get_materiel&rest_code=00105&code=00101008318&supplier_code=00100203&order_time=2020-07-05 HTTP/1.1" 200 408
114.86.190.97 - - [05/Jul/2020:10:07:20 +0800] "GET /xingrg/kc/buy/cgsh_order_operate.html?command=get_materiel&rest_code=00148&code=00101008049&supplier_code=00100007&order_time=2020-07-05 HTTP/1.1" 200 408
116.232.48.51 - - [05/Jul/2020:10:07:21 +0800] "GET /xingrg/all/function/internal_message.html?_=1593914857359&CODE_STATE=getMsg HTTP/1.1" 200 27
61.172.5.115 - - [05/Jul/2020:10:07:24 +0800] "GET /xingrg/kc/buy/cgsh_order_operate.html?command=get_materiel&rest_code=00105&code=00101008098&supplier_code=00100203&order_time=2020-07-05 HTTP/1.1" 200 412
114.89.80.44 - - [05/Jul/2020:10:07:25 +0800] "GET /xingrg/all/function/internal_message.html?_=1593914972250&CODE_STATE=getMsg HTTP/1.1" 200 27
114.86.190.97 - - [05/Jul/2020:10:07:28 +0800] "GET /xingrg/kc/buy/cgsh_order_operate.html?command=get_materiel&rest_code=00148&code=00101008126&supplier_code=00100007&order_time=2020-07-05 HTTP/1.1" 200 412
61.172.5.115 - - [05/Jul/2020:10:07:30 +0800] "GET /xingrg/kc/buy/cgsh_order_operate.html?command=get_materiel&rest_code=00105&code=00101008271&supplier_code=00100203&order_time=2020-07-05 HTTP/1.1" 200 408
117.184.7.26 - - [05/Jul/2020:10:07:32 +0800] "GET /xingrg/all/function/internal_message.html?_=1593914848728&CODE_STATE=getMsg HTTP/1.1" 200 27
58.40.7.146 - - [05/Jul/2020:10:07:35 +0800] "GET /xingrg/all/function/internal_message.html?_=1593914851244&CODE_STATE=getMsg HTTP/1.1" 200 27
114.86.190.97 - - [05/Jul/2020:10:07:36 +0800] "GET /xingrg/kc/buy/cgsh_order_operate.html?command=get_materiel&rest_code=00148&code=00101008137&supplier_code=00100007&order_time=2020-07-05 HTTP/1.1" 200 408
114.89.80.44 - - [05/Jul/2020:10:07:40 +0800] "GET /xingrg/all/function/internal_message.html?_=1593914856360&CODE_STATE=getMsg HTTP/1.1" 200 27
172.17.0.240 - - [05/Jul/2020:10:07:42 +0800] "GET /xingrg/all/function/internal_message.html?_=1593914856709&CODE_STATE=getMsg HTTP/1.1" 200 27
101.85.53.146 - - [05/Jul/2020:10:07:45 +0800] "GET /xingrg/all/function/internal_message.html?_=1593914260097&CODE_STATE=getMsg HTTP/1.1" 200 27
114.86.190.97 - - [05/Jul/2020:10:07:46 +0800] "GET /xingrg/kc/buy/cgsh_order_operate.html?command=get_materiel&rest_code=00148&code=00101008352&supplier_code=00100007&order_time=2020-07-05 HTTP/1.1" 200 412
114.88.170.9 - - [05/Jul/2020:10:07:47 +0800] "GET /xingrg/check_reg.html?_=1593914862790 HTTP/1.1" 200 22
61.172.5.115 - - [05/Jul/2020:10:07:47 +0800] "GET /xingrg/kc/buy/cgsh_order_operate.html?command=get_materiel&rest_code=00105&code=00101008353&supplier_code=00100203&order_time=2020-07-05 HTTP/1.1" 200 408
61.172.5.115 - - [05/Jul/2020:10:07:49 +0800] "GET /xingrg/system/info/materiel_import.html?isSelect=1&singleSelect=false HTTP/1.1" 200 5600
114.86.190.97 - - [05/Jul/2020:10:07:50 +0800] "GET /xingrg/all/function/internal_message.html?_=1593914866149&CODE_STATE=getMsg HTTP/1.1" 200 27
61.172.5.115 - - [05/Jul/2020:10:07:50 +0800] "POST /xingrg/all/common/load_tree.html?tree=materiel_sort_tree_json HTTP/1.1" 200 8666
61.172.5.115 - - [05/Jul/2020:10:07:50 +0800] "GET /favicon.ico HTTP/1.1" 404 -
114.86.190.97 - - [05/Jul/2020:10:07:54 +0800] "GET /xingrg/kc/buy/cgsh_order_operate.html?command=get_materiel&rest_code=00148&code=00101008283&supplier_code=00100007&order_time=2020-07-05 HTTP/1.1" 200 408
101.228.167.227 - - [05/Jul/2020:10:07:58 +0800] "GET /xingrg/all/function/internal_message.html?_=1593914875425&CODE_STATE=getMsg HTTP/1.1" 200 27
61.172.5.115 - - [05/Jul/2020:10:07:58 +0800] "GET /xingrg/kc/buy/cgsh_order_operate.html?command=get_materiel&rest_code=00105&code=00101008213&supplier_code=00100203&order_time=2020-07-05 HTTP/1.1" 200 412
172.17.0.240 - - [05/Jul/2020:10:07:58 +0800] "GET /xingrg/check_reg.html?_=1593914872986 HTTP/1.1" 200 22
172.17.0.240 - - [05/Jul/2020:10:07:58 +0800] "GET /xingrg/all/function/internal_message.html?_=1593914872991&CODE_STATE=getMsg HTTP/1.1" 200 27
114.86.190.97 - - [05/Jul/2020:10:07:59 +0800] "POST /xingrg/kc/buy/cgsh_order_operate.html HTTP/1.1" 200 2065
172.17.200.101 - - [05/Jul/2020:10:08:00 +0800] "GET /xingrg/all/function/internal_message.html?_=1593914876608&CODE_STATE=getMsg HTTP/1.1" 200 27
114.86.190.97 - - [05/Jul/2020:10:08:01 +0800] "GET /xingrg/javascript/easyui/themes/default/images/button_plain_hover.png HTTP/1.1" 304 -
114.86.190.97 - - [05/Jul/2020:10:08:01 +0800] "GET /xingrg/javascript/easyui/themes/default/images/button_plain_hover.png HTTP/1.1" 304 -
114.86.190.97 - - [05/Jul/2020:10:08:01 +0800] "GET /xingrg/javascript/easyui/themes/default/images/button_plain_hover.png HTTP/1.1" 304 -
114.86.190.97 - - [05/Jul/2020:10:08:01 +0800] "GET /xingrg/javascript/easyui/themes/default/images/button_plain_hover.png HTTP/1.1" 304 -
180.175.214.200 - - [05/Jul/2020:10:08:03 +0800] "GET /xingrg/check_reg.html?_=1593915086632 HTTP/1.1" 200 22
180.175.214.200 - - [05/Jul/2020:10:08:03 +0800] "GET /xingrg/all/function/internal_message.html?_=1593915086940&CODE_STATE=getMsg HTTP/1.1" 200 27
117.131.5.26 - - [05/Jul/2020:10:08:03 +0800] "GET /xingrg/all/function/internal_message.html?_=1593915249549&CODE_STATE=getMsg HTTP/1.1" 200 27
114.86.190.97 - - [05/Jul/2020:10:08:03 +0800] "POST /xingrg/kc/buy/cgsh_order_operate.html HTTP/1.1" 200 37
114.86.190.97 - - [05/Jul/2020:10:08:04 +0800] "POST /xingrg/kc/buy/cgsh_order_operate.html HTTP/1.1" 200 49374
61.172.5.115 - - [05/Jul/2020:10:08:05 +0800] "GET /xingrg/all/function/internal_message.html?_=1593914882025&CODE_STATE=getMsg HTTP/1.1" 200 27
61.172.5.115 - - [05/Jul/2020:10:08:05 +0800] "GET /xingrg/kc/buy/cgsh_order_operate.html?command=get_materiel&rest_code=00105&code=00101008298&supplier_code=00100203&order_time=2020-07-05 HTTP/1.1" 200 412
114.86.190.97 - - [05/Jul/2020:10:08:08 +0800] "GET /xingrg/javascript/easyui/themes/default/images/button_plain_hover.png HTTP/1.1" 304 -
114.86.190.97 - - [05/Jul/2020:10:08:08 +0800] "GET /xingrg/javascript/easyui/themes/default/images/button_plain_hover.png HTTP/1.1" 304 -
114.86.190.97 - - [05/Jul/2020:10:08:08 +0800] "GET /xingrg/javascript/easyui/themes/default/images/button_plain_hover.png HTTP/1.1" 304 -
114.86.190.97 - - [05/Jul/2020:10:08:08 +0800] "GET /xingrg/javascript/easyui/themes/default/images/button_plain_hover.png HTTP/1.1" 304 -
114.86.190.97 - - [05/Jul/2020:10:08:08 +0800] "GET /xingrg/javascript/easyui/themes/default/images/button_plain_hover.png HTTP/1.1" 304 -
114.86.190.97 - - [05/Jul/2020:10:08:08 +0800] "GET /xingrg/javascript/easyui/themes/default/images/button_plain_hover.png HTTP/1.1" 304 -
114.86.190.97 - - [05/Jul/2020:10:08:09 +0800] "GET /xingrg/javascript/easyui/themes/default/images/button_plain_hover.png HTTP/1.1" 304 -
114.86.190.97 - - [05/Jul/2020:10:08:09 +0800] "GET /xingrg/kc/print/load_config.html?kc_code=cgsh HTTP/1.1" 200 1845
114.86.190.97 - - [05/Jul/2020:10:08:09 +0800] "GET /xingrg/kc/print/load_data.html?order_code=212020070501719&kc_code=cgsh HTTP/1.1" 200 18360
101.228.167.227 - - [05/Jul/2020:10:08:11 +0800] "GET /xingrg/all/function/internal_message.html?_=1593914913195&CODE_STATE=getMsg HTTP/1.1" 200 27
222.69.139.85 - - [05/Jul/2020:10:08:11 +0800] "GET /xingrg/all/function/internal_message.html?_=1593914887720&CODE_STATE=getMsg HTTP/1.1" 200 27
61.172.5.115 - - [05/Jul/2020:10:08:12 +0800] "GET /xingrg/kc/buy/cgsh_order_operate.html?command=get_materiel&rest_code=00105&code=00101008105&supplier_code=00100203&order_time=2020-07-05 HTTP/1.1" 200 412
61.172.5.115 - - [05/Jul/2020:10:08:15 +0800] "POST /xingrg/kc/buy/cgsh_order_operate.html HTTP/1.1" 200 2065
61.172.5.115 - - [05/Jul/2020:10:08:16 +0800] "POST /xingrg/kc/buy/cgsh_order_operate.html HTTP/1.1" 200 2065
114.86.190.97 - - [05/Jul/2020:10:08:17 +0800] "GET /xingrg/login.html HTTP/1.1" 200 7641
114.86.190.97 - - [05/Jul/2020:10:08:20 +0800] "GET /favicon.ico HTTP/1.1" 404 -
116.232.48.51 - - [05/Jul/2020:10:08:21 +0800] "GET /xingrg/all/function/internal_message.html?_=1593914917359&CODE_STATE=getMsg HTTP/1.1" 200 27
61.172.5.115 - - [05/Jul/2020:10:08:25 +0800] "GET /xingrg/kc/buy/cgsh_order_operate.html?command=get_materiel&rest_code=00105&code=00101008185&supplier_code=00100203&order_time=2020-07-05 HTTP/1.1" 200 408
114.86.190.97 - - [05/Jul/2020:10:08:25 +0800] "POST /xingrg/login.do HTTP/1.1" 302 -
114.86.190.97 - - [05/Jul/2020:10:08:25 +0800] "GET /xingrg/index.html?sysBaseUrl=http%3A%2F%2F180.169.147.146%3A18081%2Fxingrg%2F&costTime=41×tamp=1593914905714 HTTP/1.1" 200 17179
114.89.80.44 - - [05/Jul/2020:10:08:25 +0800] "GET /xingrg/all/function/internal_message.html?_=1593915032262&CODE_STATE=getMsg HTTP/1.1" 200 27
114.86.190.97 - - [05/Jul/2020:10:08:26 +0800] "GET /favicon.ico HTTP/1.1" 404 -
114.86.190.97 - - [05/Jul/2020:10:08:26 +0800] "POST /xingrg/all/common/load_tree.html?tree=area_rest_tree_json&manage=1 HTTP/1.1" 200 351
114.86.190.97 - - [05/Jul/2020:10:08:26 +0800] "GET /xingrg/all/function/internal_message.html?_=1593914907914&CODE_STATE=count HTTP/1.1" 200 11
114.86.190.97 - - [05/Jul/2020:10:08:26 +0800] "GET /xingrg/check_reg.html?_=1593914907916 HTTP/1.1" 200 22
114.86.190.97 - - [05/Jul/2020:10:08:26 +0800] "POST /xingrg/load_menu.html HTTP/1.1" 200 5138
114.86.190.97 - - [05/Jul/2020:10:08:29 +0800] "GET /xingrg/kc/buy/cgsh_order_list.html HTTP/1.1" 200 43519
114.86.190.97 - - [05/Jul/2020:10:08:32 +0800] "POST /xingrg/kc/buy/cgsh_list_operate.html HTTP/1.1" 200 3090
117.184.7.26 - - [05/Jul/2020:10:08:32 +0800] "GET /xingrg/all/function/internal_message.html?_=1593914908731&CODE_STATE=getMsg HTTP/1.1" 200 27
114.86.190.97 - - [05/Jul/2020:10:08:34 +0800] "GET /xingrg/kc/buy/cgsh_order_add.html HTTP/1.1" 200 59257
114.86.190.97 - - [05/Jul/2020:10:08:34 +0800] "GET /xingrg/words/20200705090302_words.js HTTP/1.1" 200 748633
61.172.5.115 - - [05/Jul/2020:10:08:34 +0800] "GET /xingrg/kc/buy/cgsh_order_operate.html?command=get_materiel&rest_code=00105&code=00101008100&supplier_code=00100203&order_time=2020-07-05 HTTP/1.1" 200 408
114.86.190.97 - - [05/Jul/2020:10:08:34 +0800] "POST /xingrg/kc/buy/cgsh_order_operate.html HTTP/1.1" 200 8245
114.86.190.97 - - [05/Jul/2020:10:08:35 +0800] "GET /xingrg/all/common/auto_word.html?type=employee&rest_code=00148 HTTP/1.1" 200 147
114.86.190.97 - - [05/Jul/2020:10:08:35 +0800] "GET /xingrg/all/common/auto_word.html?type=employee&rest_code=00148 HTTP/1.1" 200 147
114.86.190.97 - - [05/Jul/2020:10:08:35 +0800] "GET /xingrg/javascript/easyui/themes/default/validatebox.css HTTP/1.1" 404 1104
58.40.7.146 - - [05/Jul/2020:10:08:35 +0800] "GET /xingrg/all/function/internal_message.html?_=1593914911247&CODE_STATE=getMsg HTTP/1.1" 200 27
114.86.190.97 - - [05/Jul/2020:10:08:35 +0800] "GET /xingrg/javascript/auto/indicator.gif HTTP/1.1" 404 1066
114.89.80.44 - - [05/Jul/2020:10:08:40 +0800] "GET /xingrg/all/function/internal_message.html?_=1593914916361&CODE_STATE=getMsg HTTP/1.1" 200 27
114.86.190.97 - - [05/Jul/2020:10:08:41 +0800] "GET /xingrg/kc/buy/cgsh_order_operate.html?command=get_materiel&rest_code=00148&code=00101007085&supplier_code=00100328&order_time=2020-07-05 HTTP/1.1" 200 413
114.86.190.97 - - [05/Jul/2020:10:08:42 +0800] "GET /xingrg/javascript/easyui/themes/default/images/button_plain_hover.png HTTP/1.1" 304 -
172.17.0.240 - - [05/Jul/2020:10:08:42 +0800] "GET /xingrg/all/function/internal_message.html?_=1593914916716&CODE_STATE=getMsg HTTP/1.1" 200 27
114.86.190.97 - - [05/Jul/2020:10:08:44 +0800] "GET /xingrg/javascript/easyui/themes/default/images/button_plain_hover.png HTTP/1.1" 304 -
114.86.190.97 - - [05/Jul/2020:10:08:44 +0800] "GET /xingrg/javascript/easyui/themes/default/images/button_plain_hover.png HTTP/1.1" 304 -
114.86.190.97 - - [05/Jul/2020:10:08:44 +0800] "GET /xingrg/javascript/easyui/themes/default/images/button_plain_hover.png HTTP/1.1" 304 -
101.85.53.146 - - [05/Jul/2020:10:08:45 +0800] "GET /xingrg/check_reg.html?_=1593914320096 HTTP/1.1" 200 22
101.85.53.146 - - [05/Jul/2020:10:08:45 +0800] "GET /xingrg/all/function/internal_message.html?_=1593914320105&CODE_STATE=getMsg HTTP/1.1" 200 27
114.86.190.97 - - [05/Jul/2020:10:08:46 +0800] "GET /xingrg/javascript/easyui/themes/default/images/button_plain_hover.png HTTP/1.1" 304 -
114.86.190.97 - - [05/Jul/2020:10:08:47 +0800] "GET /xingrg/javascript/jquery_easy_ui/themes/default/images/tabs_active.png HTTP/1.1" 304 -
101.228.167.227 - - [05/Jul/2020:10:08:48 +0800] "POST /xingrg/kc/buy/cgsh_order_operate.html HTTP/1.1" 200 37
114.86.190.97 - - [05/Jul/2020:10:08:48 +0800] "GET /xingrg/kc/buy/cgsh_order_operate.html?command=get_materiel&rest_code=00148&code=00101007077&supplier_code=00100328&order_time=2020-07-05 HTTP/1.1" 200 415
101.228.167.227 - - [05/Jul/2020:10:08:49 +0800] "POST /xingrg/kc/buy/cgsh_order_operate.html HTTP/1.1" 200 6780
114.86.190.97 - - [05/Jul/2020:10:08:49 +0800] "GET /xingrg/check_reg.html?_=1593914925697 HTTP/1.1" 200 22
114.86.190.97 - - [05/Jul/2020:10:08:50 +0800] "GET /xingrg/all/function/internal_message.html?_=1593914926163&CODE_STATE=getMsg HTTP/1.1" 200 27
114.86.190.97 - - [05/Jul/2020:10:08:50 +0800] "GET /xingrg/css/base.css HTTP/1.1" 304 -
114.86.190.97 - - [05/Jul/2020:10:08:50 +0800] "GET /xingrg/javascript/jquery_tools/jquery.tools.extend.js HTTP/1.1" 304 -
114.86.190.97 - - [05/Jul/2020:10:08:50 +0800] "GET /xingrg/kc/buy/cgsh_order_list.html HTTP/1.1" 200 43519
114.86.190.97 - - [05/Jul/2020:10:08:50 +0800] "GET /xingrg/javascript/jquery_tools/jquery.tools.hotkey.js HTTP/1.1" 304 -
114.86.190.97 - - [05/Jul/2020:10:08:50 +0800] "GET /xingrg/javascript/jquery_tools/jquery.tools.table.js HTTP/1.1" 304 -
114.86.190.97 - - [05/Jul/2020:10:08:50 +0800] "GET /xingrg/javascript/jquery_tools/list_manager.js HTTP/1.1" 304 -
114.86.190.97 - - [05/Jul/2020:10:08:50 +0800] "GET /xingrg/javascript/auto/jquery.autocomplete.js HTTP/1.1" 304 -
114.86.190.97 - - [05/Jul/2020:10:08:50 +0800] "GET /xingrg/css/site.css HTTP/1.1" 304 -
114.86.190.97 - - [05/Jul/2020:10:08:50 +0800] "GET /xingrg/javascript/jquery_tools/datebox.css HTTP/1.1" 304 -
114.86.190.97 - - [05/Jul/2020:10:08:50 +0800] "GET /xingrg/javascript/easyui/easyloader.js HTTP/1.1" 304 -
114.86.190.97 - - [05/Jul/2020:10:08:50 +0800] "GET /xingrg/javascript/easyui/themes/default/easyui.css HTTP/1.1" 304 -
114.86.190.97 - - [05/Jul/2020:10:08:50 +0800] "GET /xingrg/javascript/jquery.utils.js HTTP/1.1" 304 -
114.86.190.97 - - [05/Jul/2020:10:08:50 +0800] "GET /xingrg/javascript/easyui/themes/icon.css HTTP/1.1" 304 -
114.86.190.97 - - [05/Jul/2020:10:08:50 +0800] "GET /xingrg/javascript/auto/jquery.autocomplete.css HTTP/1.1" 304 -
114.86.190.97 - - [05/Jul/2020:10:08:50 +0800] "GET /xingrg/javascript/jquery.cookie.js HTTP/1.1" 304 -
114.86.190.97 - - [05/Jul/2020:10:08:50 +0800] "GET /xingrg/javascript/jquery_tools/fix.css HTTP/1.1" 304 -
114.86.190.97 - - [05/Jul/2020:10:08:50 +0800] "GET /xingrg/javascript/jquery_tools/table.css HTTP/1.1" 304 -
114.86.190.97 - - [05/Jul/2020:10:08:50 +0800] "GET /xingrg/javascript/jquery_tools/jquery.tools.min.js HTTP/1.1" 304 -
114.86.190.97 - - [05/Jul/2020:10:08:50 +0800] "GET /xingrg/javascript/print/LodopFuncs.js HTTP/1.1" 304 -
101.228.167.227 - - [05/Jul/2020:10:08:50 +0800] "GET /xingrg/kc/buy/cgsh_order_add.html HTTP/1.1" 200 59257
114.86.190.97 - - [05/Jul/2020:10:08:50 +0800] "GET /xingrg/javascript/easyui/plugins/jquery.parser.js HTTP/1.1" 304 -
101.228.167.227 - - [05/Jul/2020:10:08:51 +0800] "POST /xingrg/kc/buy/cgsh_order_operate.html HTTP/1.1" 200 8245
