124.76.237.190 - - [04/Jul/2020:09:59:22 +0800] "GET /xingrg/all/function/internal_message.html?_=1593826940156&CODE_STATE=getMsg HTTP/1.1" 200 27
58.40.7.146 - - [04/Jul/2020:09:59:23 +0800] "POST /xingrg/dwr/call/plaincall/AjaxCheckService.setItemNumber.dwr HTTP/1.1" 200 77
58.40.7.146 - - [04/Jul/2020:09:59:25 +0800] "POST /xingrg/dwr/call/plaincall/AjaxCheckService.setItemNumber.dwr HTTP/1.1" 200 77
222.69.136.71 - - [04/Jul/2020:09:59:26 +0800] "GET /xingrg/all/function/internal_message.html?_=1593827955592&CODE_STATE=getMsg HTTP/1.1" 200 27
58.40.7.146 - - [04/Jul/2020:09:59:26 +0800] "POST /xingrg/dwr/call/plaincall/AjaxCheckService.setItemNumber.dwr HTTP/1.1" 200 77
58.40.7.146 - - [04/Jul/2020:09:59:29 +0800] "POST /xingrg/dwr/call/plaincall/AjaxCheckService.setItemNumber.dwr HTTP/1.1" 200 77
58.40.7.146 - - [04/Jul/2020:09:59:30 +0800] "POST /xingrg/dwr/call/plaincall/AjaxCheckService.setItemNumber.dwr HTTP/1.1" 200 77
58.40.7.146 - - [04/Jul/2020:09:59:31 +0800] "POST /xingrg/dwr/call/plaincall/AjaxCheckService.setItemNumber.dwr HTTP/1.1" 200 77
172.17.0.106 - - [04/Jul/2020:09:59:34 +0800] "GET /xingrg/all/function/internal_message.html?_=1593827971731&CODE_STATE=getMsg HTTP/1.1" 200 27
120.253.135.82 - - [04/Jul/2020:09:59:34 +0800] "GET /xingrg/all/function/internal_message.html?_=1593828091263&CODE_STATE=getMsg HTTP/1.1" 200 27
114.89.80.44 - - [04/Jul/2020:09:59:38 +0800] "GET /xingrg/kc/buy/cgsh_order_operate.html?command=get_materiel&rest_code=00150&code=00101012039&supplier_code=00100036&order_time=2020-07-04 HTTP/1.1" 200 408
58.40.7.146 - - [04/Jul/2020:09:59:38 +0800] "POST /xingrg/dwr/call/plaincall/AjaxCheckService.setItemNumber.dwr HTTP/1.1" 200 77
114.89.80.44 - - [04/Jul/2020:09:59:40 +0800] "GET /xingrg/check_reg.html?_=1593828108560 HTTP/1.1" 200 22
114.89.80.44 - - [04/Jul/2020:09:59:40 +0800] "GET /xingrg/all/function/internal_message.html?_=1593828108739&CODE_STATE=getMsg HTTP/1.1" 200 27
58.40.7.146 - - [04/Jul/2020:09:59:41 +0800] "POST /xingrg/dwr/call/plaincall/AjaxCheckService.setItemNumber.dwr HTTP/1.1" 200 77
58.40.7.146 - - [04/Jul/2020:09:59:44 +0800] "POST /xingrg/dwr/call/plaincall/AjaxCheckService.setItemNumber.dwr HTTP/1.1" 200 77
180.175.214.200 - - [04/Jul/2020:09:59:45 +0800] "GET /xingrg/all/function/internal_message.html?_=1593828189005&CODE_STATE=getMsg HTTP/1.1" 200 27
172.17.0.100 - - [04/Jul/2020:09:59:47 +0800] "GET /xingrg/all/function/internal_message.html?_=1593827982974&CODE_STATE=getMsg HTTP/1.1" 200 27
58.40.7.146 - - [04/Jul/2020:09:59:48 +0800] "POST /xingrg/dwr/call/plaincall/AjaxCheckService.setItemNumber.dwr HTTP/1.1" 200 77
172.17.0.185 - - [04/Jul/2020:09:59:49 +0800] "GET /xingrg/all/function/internal_message.html?_=1593827985678&CODE_STATE=getMsg HTTP/1.1" 200 27
114.88.170.9 - - [04/Jul/2020:09:59:52 +0800] "GET /xingrg/all/function/internal_message.html?_=1593828013870&CODE_STATE=getMsg HTTP/1.1" 200 27
58.40.7.146 - - [04/Jul/2020:09:59:52 +0800] "POST /xingrg/dwr/call/plaincall/AjaxCheckService.setItemNumber.dwr HTTP/1.1" 200 77
58.40.7.146 - - [04/Jul/2020:09:59:54 +0800] "POST /xingrg/dwr/call/plaincall/AjaxCheckService.setItemNumber.dwr HTTP/1.1" 200 77
114.89.80.44 - - [04/Jul/2020:09:59:58 +0800] "GET /xingrg/kc/buy/cgsh_order_operate.html?command=get_materiel&rest_code=00150&code=00101012029&supplier_code=00100036&order_time=2020-07-04 HTTP/1.1" 200 412
172.17.200.101 - - [04/Jul/2020:10:00:00 +0800] "GET /xingrg/all/function/internal_message.html?_=1593828000674&CODE_STATE=getMsg HTTP/1.1" 200 27
114.89.80.44 - - [04/Jul/2020:10:00:02 +0800] "GET /xingrg/all/function/internal_message.html?_=1593827999534&CODE_STATE=getMsg HTTP/1.1" 200 27
172.17.0.123 - - [04/Jul/2020:10:00:06 +0800] "GET /xingrg/all/function/internal_message.html?_=1593827958421&CODE_STATE=getMsg HTTP/1.1" 200 27
114.89.80.44 - - [04/Jul/2020:10:00:08 +0800] "GET /xingrg/kc/buy/cgsh_order_operate.html?command=get_materiel&rest_code=00150&code=00101016025&supplier_code=00100036&order_time=2020-07-04 HTTP/1.1" 200 408
61.172.5.115 - - [04/Jul/2020:10:00:13 +0800] "GET /xingrg/all/function/internal_message.html?_=1593828010384&CODE_STATE=getMsg HTTP/1.1" 200 27
61.172.5.115 - - [04/Jul/2020:10:00:13 +0800] "GET /xingrg/check_reg.html?_=1593828010388 HTTP/1.1" 200 22
58.40.7.146 - - [04/Jul/2020:10:00:13 +0800] "GET /xingrg/all/function/internal_message.html?_=1593828009860&CODE_STATE=getMsg HTTP/1.1" 200 27
117.184.7.26 - - [04/Jul/2020:10:00:16 +0800] "GET /xingrg/all/function/internal_message.html?_=1593828003473&CODE_STATE=getMsg HTTP/1.1" 200 27
58.40.7.146 - - [04/Jul/2020:10:00:16 +0800] "POST /xingrg/dwr/call/plaincall/AjaxCheckService.setItemNumber.dwr HTTP/1.1" 200 77
101.228.167.227 - - [04/Jul/2020:10:00:18 +0800] "GET /xingrg/check_reg.html?_=1593828009697 HTTP/1.1" 200 22
101.228.167.227 - - [04/Jul/2020:10:00:18 +0800] "GET /xingrg/all/function/internal_message.html?_=1593828010170&CODE_STATE=getMsg HTTP/1.1" 200 27
114.89.80.44 - - [04/Jul/2020:10:00:19 +0800] "GET /xingrg/kc/buy/cgsh_order_operate.html?command=get_materiel&rest_code=00150&code=00101012025&supplier_code=00100036&order_time=2020-07-04 HTTP/1.1" 200 412
124.76.237.190 - - [04/Jul/2020:10:00:22 +0800] "GET /xingrg/all/function/internal_message.html?_=1593827000155&CODE_STATE=getMsg HTTP/1.1" 200 27
58.40.7.146 - - [04/Jul/2020:10:00:22 +0800] "POST /xingrg/dwr/call/plaincall/AjaxCheckService.setItemNumber.dwr HTTP/1.1" 200 77
222.69.136.71 - - [04/Jul/2020:10:00:26 +0800] "GET /xingrg/all/function/internal_message.html?_=1593828015606&CODE_STATE=getMsg HTTP/1.1" 200 27
58.40.7.146 - - [04/Jul/2020:10:00:26 +0800] "POST /xingrg/dwr/call/plaincall/AjaxCheckService.setItemNumber.dwr HTTP/1.1" 200 77
58.40.7.146 - - [04/Jul/2020:10:00:32 +0800] "POST /xingrg/dwr/call/plaincall/AjaxCheckService.setItemNumber.dwr HTTP/1.1" 200 77
172.17.0.106 - - [04/Jul/2020:10:00:34 +0800] "GET /xingrg/all/function/internal_message.html?_=1593828031736&CODE_STATE=getMsg HTTP/1.1" 200 27
120.253.135.82 - - [04/Jul/2020:10:00:34 +0800] "GET /xingrg/all/function/internal_message.html?_=1593828151276&CODE_STATE=getMsg HTTP/1.1" 200 27
58.40.7.146 - - [04/Jul/2020:10:00:38 +0800] "POST /xingrg/dwr/call/plaincall/AjaxCheckService.setItemNumber.dwr HTTP/1.1" 200 77
114.89.80.44 - - [04/Jul/2020:10:00:40 +0800] "GET /xingrg/all/function/internal_message.html?_=1593828168752&CODE_STATE=getMsg HTTP/1.1" 200 27
58.40.7.146 - - [04/Jul/2020:10:00:41 +0800] "POST /xingrg/dwr/call/plaincall/AjaxCheckService.setItemNumber.dwr HTTP/1.1" 200 77
222.69.136.71 - - [04/Jul/2020:10:00:41 +0800] "GET /xingrg/kc/buy/cgsh_order_operate.html?command=get_materiel&rest_code=00149&code=00101009019&supplier_code=00100201&order_time=2020-07-04 HTTP/1.1" 200 412
58.40.7.146 - - [04/Jul/2020:10:00:42 +0800] "POST /xingrg/dwr/call/plaincall/AjaxCheckService.setItemNumber.dwr HTTP/1.1" 200 77
114.89.80.44 - - [04/Jul/2020:10:00:45 +0800] "POST /xingrg/kc/buy/cgsh_order_operate.html HTTP/1.1" 200 37
180.175.214.200 - - [04/Jul/2020:10:00:45 +0800] "GET /xingrg/all/function/internal_message.html?_=1593828249019&CODE_STATE=getMsg HTTP/1.1" 200 27
114.89.80.44 - - [04/Jul/2020:10:00:46 +0800] "POST /xingrg/kc/buy/cgsh_order_operate.html HTTP/1.1" 200 12
114.89.80.44 - - [04/Jul/2020:10:00:47 +0800] "GET /xingrg/kc/buy/cgsh_order_add.html HTTP/1.1" 200 59175
172.17.0.100 - - [04/Jul/2020:10:00:47 +0800] "GET /xingrg/all/function/internal_message.html?_=1593828042987&CODE_STATE=getMsg HTTP/1.1" 200 27
172.17.0.100 - - [04/Jul/2020:10:00:47 +0800] "GET /xingrg/check_reg.html?_=1593828042990 HTTP/1.1" 200 22
114.89.80.44 - - [04/Jul/2020:10:00:47 +0800] "POST /xingrg/kc/buy/cgsh_order_operate.html HTTP/1.1" 200 8245
114.89.80.44 - - [04/Jul/2020:10:00:47 +0800] "GET /xingrg/javascript/easyui/themes/default/validatebox.css HTTP/1.1" 404 1104
114.89.80.44 - - [04/Jul/2020:10:00:48 +0800] "GET /xingrg/kc/buy/cgsh_order_info.html?code=212020070401258 HTTP/1.1" 200 54096
114.89.80.44 - - [04/Jul/2020:10:00:48 +0800] "GET /xingrg/javascript/easyui/themes/default/validatebox.css HTTP/1.1" 404 1104
114.89.80.44 - - [04/Jul/2020:10:00:48 +0800] "POST /xingrg/kc/buy/cgsh_order_operate.html HTTP/1.1" 200 2373
114.89.80.44 - - [04/Jul/2020:10:00:49 +0800] "GET /xingrg/javascript/auto/indicator.gif HTTP/1.1" 404 1066
172.17.0.185 - - [04/Jul/2020:10:00:49 +0800] "GET /xingrg/all/function/internal_message.html?_=1593828045680&CODE_STATE=getMsg HTTP/1.1" 200 27
222.69.136.71 - - [04/Jul/2020:10:00:50 +0800] "GET /xingrg/kc/buy/cgsh_order_operate.html?command=get_materiel&rest_code=00149&code=00101009011&supplier_code=00100201&order_time=2020-07-04 HTTP/1.1" 200 416
114.89.80.44 - - [04/Jul/2020:10:00:50 +0800] "GET /xingrg/kc/print/load_data.html?order_code=212020070401258&kc_code=cgsh&condition= HTTP/1.1" 200 1467
58.40.7.146 - - [04/Jul/2020:10:00:51 +0800] "POST /xingrg/dwr/call/plaincall/AjaxCheckService.setItemNumber.dwr HTTP/1.1" 200 77
114.88.170.9 - - [04/Jul/2020:10:00:52 +0800] "GET /xingrg/all/function/internal_message.html?_=1593828073869&CODE_STATE=getMsg HTTP/1.1" 200 27
58.40.7.146 - - [04/Jul/2020:10:00:58 +0800] "POST /xingrg/dwr/call/plaincall/AjaxCheckService.setItemNumber.dwr HTTP/1.1" 200 77
114.89.80.44 - - [04/Jul/2020:10:00:59 +0800] "GET /xingrg/kc/buy/cgsh_order_operate.html?command=get_materiel&rest_code=00150&code=00101015040&supplier_code=00100054&order_time=2020-07-04 HTTP/1.1" 200 408
58.40.7.146 - - [04/Jul/2020:10:01:00 +0800] "POST /xingrg/dwr/call/plaincall/AjaxCheckService.setItemNumber.dwr HTTP/1.1" 200 77
172.17.200.101 - - [04/Jul/2020:10:01:00 +0800] "GET /xingrg/all/function/internal_message.html?_=1593828060689&CODE_STATE=getMsg HTTP/1.1" 200 27
114.89.80.44 - - [04/Jul/2020:10:01:02 +0800] "GET /xingrg/kc/buy/cgsh_order_add.html HTTP/1.1" 200 59187
114.89.80.44 - - [04/Jul/2020:10:01:02 +0800] "GET /xingrg/all/function/internal_message.html?_=1593828059553&CODE_STATE=getMsg HTTP/1.1" 200 27
114.89.80.44 - - [04/Jul/2020:10:01:02 +0800] "POST /xingrg/kc/buy/cgsh_order_operate.html HTTP/1.1" 200 8245
114.89.80.44 - - [04/Jul/2020:10:01:03 +0800] "GET /xingrg/javascript/easyui/themes/default/validatebox.css HTTP/1.1" 404 1104
172.17.0.123 - - [04/Jul/2020:10:01:06 +0800] "GET /xingrg/all/function/internal_message.html?_=1593828018424&CODE_STATE=getMsg HTTP/1.1" 200 27
114.89.80.44 - - [04/Jul/2020:10:01:07 +0800] "GET /xingrg/kc/buy/cgsh_order_operate.html?command=get_materiel&rest_code=00150&code=00101015076&supplier_code=00100054&order_time=2020-07-04 HTTP/1.1" 200 416
58.40.7.146 - - [04/Jul/2020:10:01:10 +0800] "POST /xingrg/dwr/call/plaincall/AjaxCheckService.setItemNumber.dwr HTTP/1.1" 200 77
61.172.5.115 - - [04/Jul/2020:10:01:13 +0800] "GET /xingrg/all/function/internal_message.html?_=1593828070388&CODE_STATE=getMsg HTTP/1.1" 200 27
58.40.7.146 - - [04/Jul/2020:10:01:13 +0800] "GET /xingrg/all/function/internal_message.html?_=1593828069889&CODE_STATE=getMsg HTTP/1.1" 200 27
114.89.80.44 - - [04/Jul/2020:10:01:14 +0800] "POST /xingrg/kc/buy/cgsh_order_operate.html HTTP/1.1" 200 37
117.184.7.26 - - [04/Jul/2020:10:01:16 +0800] "GET /xingrg/all/function/internal_message.html?_=1593828063458&CODE_STATE=getMsg HTTP/1.1" 200 27
114.89.80.44 - - [04/Jul/2020:10:01:16 +0800] "GET /xingrg/kc/buy/cgsh_order_operate.html?command=get_materiel&rest_code=00150&code=00101001010&supplier_code=00100040&order_time=2020-07-04 HTTP/1.1" 200 408
58.40.7.146 - - [04/Jul/2020:10:01:18 +0800] "POST /xingrg/dwr/call/plaincall/AjaxCheckService.setItemNumber.dwr HTTP/1.1" 200 77
101.228.167.227 - - [04/Jul/2020:10:01:18 +0800] "GET /xingrg/all/function/internal_message.html?_=1593828070184&CODE_STATE=getMsg HTTP/1.1" 200 27
114.89.80.44 - - [04/Jul/2020:10:01:19 +0800] "POST /xingrg/kc/buy/cgsh_order_operate.html HTTP/1.1" 200 12
124.76.237.190 - - [04/Jul/2020:10:01:22 +0800] "GET /xingrg/all/function/internal_message.html?_=1593827060156&CODE_STATE=getMsg HTTP/1.1" 200 27
114.89.80.44 - - [04/Jul/2020:10:01:23 +0800] "GET /xingrg/kc/buy/cgsh_order_info.html?code=212020070401259 HTTP/1.1" 200 54076
114.89.80.44 - - [04/Jul/2020:10:01:24 +0800] "GET /xingrg/javascript/easyui/themes/default/validatebox.css HTTP/1.1" 404 1104
114.89.80.44 - - [04/Jul/2020:10:01:24 +0800] "POST /xingrg/kc/buy/cgsh_order_operate.html HTTP/1.1" 200 1195
222.69.136.71 - - [04/Jul/2020:10:01:26 +0800] "GET /xingrg/all/function/internal_message.html?_=1593828075606&CODE_STATE=getMsg HTTP/1.1" 200 27
58.40.7.146 - - [04/Jul/2020:10:01:27 +0800] "POST /xingrg/dwr/call/plaincall/AjaxCheckService.setItemNumber.dwr HTTP/1.1" 200 77
114.89.80.44 - - [04/Jul/2020:10:01:30 +0800] "GET /xingrg/kc/buy/cgsh_order_operate.html?command=get_materiel&rest_code=00150&code=00101001160&supplier_code=00100040&order_time=2020-07-04 HTTP/1.1" 200 408
58.40.7.146 - - [04/Jul/2020:10:01:33 +0800] "POST /xingrg/dwr/call/plaincall/AjaxCheckService.setItemNumber.dwr HTTP/1.1" 200 77
172.17.0.106 - - [04/Jul/2020:10:01:34 +0800] "GET /xingrg/check_reg.html?_=1593828091739 HTTP/1.1" 200 22
172.17.0.106 - - [04/Jul/2020:10:01:34 +0800] "GET /xingrg/all/function/internal_message.html?_=1593828091741&CODE_STATE=getMsg HTTP/1.1" 200 27
120.253.135.82 - - [04/Jul/2020:10:01:34 +0800] "GET /xingrg/all/function/internal_message.html?_=1593828211292&CODE_STATE=getMsg HTTP/1.1" 200 27
114.89.80.44 - - [04/Jul/2020:10:01:37 +0800] "GET /xingrg/kc/buy/cgsh_order_operate.html?command=get_materiel&rest_code=00150&code=00101001075&supplier_code=00100040&order_time=2020-07-04 HTTP/1.1" 200 409
58.40.7.146 - - [04/Jul/2020:10:01:38 +0800] "POST /xingrg/dwr/call/plaincall/AjaxCheckService.setItemNumber.dwr HTTP/1.1" 200 77
114.89.80.44 - - [04/Jul/2020:10:01:40 +0800] "GET /xingrg/all/function/internal_message.html?_=1593828228766&CODE_STATE=getMsg HTTP/1.1" 200 27
114.86.190.97 - - [04/Jul/2020:10:01:45 +0800] "GET /xingrg/login.html HTTP/1.1" 200 7641
180.175.214.200 - - [04/Jul/2020:10:01:45 +0800] "GET /xingrg/all/function/internal_message.html?_=1593828309328&CODE_STATE=getMsg HTTP/1.1" 200 27
114.86.190.97 - - [04/Jul/2020:10:01:46 +0800] "GET /favicon.ico HTTP/1.1" 404 -
172.17.0.100 - - [04/Jul/2020:10:01:47 +0800] "GET /xingrg/all/function/internal_message.html?_=1593828102983&CODE_STATE=getMsg HTTP/1.1" 200 27
172.17.0.185 - - [04/Jul/2020:10:01:49 +0800] "GET /xingrg/all/function/internal_message.html?_=1593828105702&CODE_STATE=getMsg HTTP/1.1" 200 27
114.88.170.9 - - [04/Jul/2020:10:01:52 +0800] "GET /xingrg/all/function/internal_message.html?_=1593828133870&CODE_STATE=getMsg HTTP/1.1" 200 27
114.86.190.97 - - [04/Jul/2020:10:01:54 +0800] "POST /xingrg/login.do HTTP/1.1" 302 -
114.86.190.97 - - [04/Jul/2020:10:01:54 +0800] "GET /xingrg/index.html?sysBaseUrl=http%3A%2F%2F180.169.147.146%3A18081%2Fxingrg%2F&costTime=48×tamp=1593828114151 HTTP/1.1" 200 17179
114.86.190.97 - - [04/Jul/2020:10:01:54 +0800] "GET /favicon.ico HTTP/1.1" 404 -
114.86.190.97 - - [04/Jul/2020:10:01:54 +0800] "POST /xingrg/all/common/load_tree.html?tree=area_rest_tree_json&manage=1 HTTP/1.1" 200 351
114.86.190.97 - - [04/Jul/2020:10:01:54 +0800] "GET /xingrg/all/function/internal_message.html?_=1593828115826&CODE_STATE=count HTTP/1.1" 200 11
114.86.190.97 - - [04/Jul/2020:10:01:54 +0800] "GET /xingrg/check_reg.html?_=1593828115830 HTTP/1.1" 200 22
114.86.190.97 - - [04/Jul/2020:10:01:54 +0800] "POST /xingrg/load_menu.html HTTP/1.1" 200 5138
114.86.190.97 - - [04/Jul/2020:10:01:56 +0800] "GET /xingrg/kc/buy/cgsh_order_list.html HTTP/1.1" 200 43519
114.86.190.97 - - [04/Jul/2020:10:01:57 +0800] "POST /xingrg/kc/buy/cgsh_list_operate.html HTTP/1.1" 200 876
114.86.190.97 - - [04/Jul/2020:10:01:58 +0800] "GET /xingrg/kc/buy/cgsh_order_add.html HTTP/1.1" 200 59257
114.86.190.97 - - [04/Jul/2020:10:01:58 +0800] "GET /xingrg/words/20200703173405_words.js HTTP/1.1" 304 -
114.86.190.97 - - [04/Jul/2020:10:01:59 +0800] "POST /xingrg/kc/buy/cgsh_order_operate.html HTTP/1.1" 200 8245
114.86.190.97 - - [04/Jul/2020:10:01:59 +0800] "GET /xingrg/all/common/auto_word.html?type=employee&rest_code=00148 HTTP/1.1" 200 147
114.86.190.97 - - [04/Jul/2020:10:01:59 +0800] "GET /xingrg/all/common/auto_word.html?type=employee&rest_code=00148 HTTP/1.1" 200 147
114.86.190.97 - - [04/Jul/2020:10:01:59 +0800] "GET /xingrg/javascript/easyui/themes/default/validatebox.css HTTP/1.1" 404 1104
114.86.190.97 - - [04/Jul/2020:10:02:00 +0800] "GET /xingrg/javascript/auto/indicator.gif HTTP/1.1" 404 1066
172.17.200.101 - - [04/Jul/2020:10:02:00 +0800] "GET /xingrg/all/function/internal_message.html?_=1593828120688&CODE_STATE=getMsg HTTP/1.1" 200 27
114.89.80.44 - - [04/Jul/2020:10:02:00 +0800] "POST /xingrg/kc/buy/cgsh_order_operate.html HTTP/1.1" 200 37
114.86.190.97 - - [04/Jul/2020:10:02:02 +0800] "GET /xingrg/javascript/jquery_tools/images/prev.gif HTTP/1.1" 404 1086
114.86.190.97 - - [04/Jul/2020:10:02:02 +0800] "GET /xingrg/javascript/jquery_tools/images/next.gif HTTP/1.1" 404 1086
114.89.80.44 - - [04/Jul/2020:10:02:02 +0800] "GET /xingrg/all/function/internal_message.html?_=1593828119557&CODE_STATE=getMsg HTTP/1.1" 200 27
114.89.80.44 - - [04/Jul/2020:10:02:02 +0800] "GET /xingrg/check_reg.html?_=1593828119561 HTTP/1.1" 200 22
114.89.80.44 - - [04/Jul/2020:10:02:03 +0800] "POST /xingrg/kc/buy/cgsh_order_operate.html HTTP/1.1" 200 12
114.89.80.44 - - [04/Jul/2020:10:02:03 +0800] "GET /xingrg/kc/buy/cgsh_order_info.html?code=212020070401260 HTTP/1.1" 200 54094
120.253.135.82 - - [04/Jul/2020:10:02:04 +0800] "GET /xingrg/check_reg.html?_=1593828240636 HTTP/1.1" 200 22
114.89.80.44 - - [04/Jul/2020:10:02:04 +0800] "GET /xingrg/javascript/easyui/themes/default/validatebox.css HTTP/1.1" 404 1104
114.89.80.44 - - [04/Jul/2020:10:02:04 +0800] "POST /xingrg/kc/buy/cgsh_order_operate.html HTTP/1.1" 200 1783
58.40.7.146 - - [04/Jul/2020:10:02:05 +0800] "POST /xingrg/dwr/call/plaincall/AjaxCheckService.setItemNumber.dwr HTTP/1.1" 200 77
172.17.0.123 - - [04/Jul/2020:10:02:06 +0800] "GET /xingrg/all/function/internal_message.html?_=1593828078409&CODE_STATE=getMsg HTTP/1.1" 200 27
114.86.190.97 - - [04/Jul/2020:10:02:07 +0800] "GET /xingrg/kc/buy/cgsh_order_operate.html?command=get_materiel&rest_code=00148&code=00101006067&supplier_code=00100330&order_time=2020-07-04 HTTP/1.1" 200 409
58.40.7.146 - - [04/Jul/2020:10:02:07 +0800] "POST /xingrg/dwr/call/plaincall/AjaxCheckService.setItemNumber.dwr HTTP/1.1" 200 77
61.172.5.115 - - [04/Jul/2020:10:02:13 +0800] "GET /xingrg/all/function/internal_message.html?_=1593828130388&CODE_STATE=getMsg HTTP/1.1" 200 27
58.40.7.146 - - [04/Jul/2020:10:02:13 +0800] "GET /xingrg/all/function/internal_message.html?_=1593828129882&CODE_STATE=getMsg HTTP/1.1" 200 27
117.184.7.26 - - [04/Jul/2020:10:02:16 +0800] "GET /xingrg/all/function/internal_message.html?_=1593828123444&CODE_STATE=getMsg HTTP/1.1" 200 27
58.40.7.146 - - [04/Jul/2020:10:02:17 +0800] "POST /xingrg/dwr/call/plaincall/AjaxCheckService.setItemNumber.dwr HTTP/1.1" 200 77
114.86.190.97 - - [04/Jul/2020:10:02:17 +0800] "GET /xingrg/kc/buy/cgsh_order_operate.html?command=get_materiel&rest_code=00148&code=00101018017&supplier_code=00100330&order_time=2020-07-04 HTTP/1.1" 200 421
58.40.7.146 - - [04/Jul/2020:10:02:18 +0800] "POST /xingrg/dwr/call/plaincall/AjaxCheckService.setItemNumber.dwr HTTP/1.1" 200 77
101.228.167.227 - - [04/Jul/2020:10:02:18 +0800] "GET /xingrg/all/function/internal_message.html?_=1593828130198&CODE_STATE=getMsg HTTP/1.1" 200 27
124.76.237.190 - - [04/Jul/2020:10:02:22 +0800] "GET /xingrg/all/function/internal_message.html?_=1593827120156&CODE_STATE=getMsg HTTP/1.1" 200 27
114.86.190.97 - - [04/Jul/2020:10:02:22 +0800] "POST /xingrg/kc/buy/cgsh_order_operate.html HTTP/1.1" 200 37
58.40.7.146 - - [04/Jul/2020:10:02:24 +0800] "POST /xingrg/dwr/call/plaincall/AjaxCheckService.setItemNumber.dwr HTTP/1.1" 200 77
114.86.190.97 - - [04/Jul/2020:10:02:24 +0800] "POST /xingrg/kc/buy/cgsh_order_operate.html HTTP/1.1" 200 12
114.86.190.97 - - [04/Jul/2020:10:02:25 +0800] "GET /xingrg/kc/buy/cgsh_order_info.html?code=212020070401261 HTTP/1.1" 200 54166
222.69.136.71 - - [04/Jul/2020:10:02:26 +0800] "GET /xingrg/check_reg.html?_=1593828135608 HTTP/1.1" 200 22
222.69.136.71 - - [04/Jul/2020:10:02:26 +0800] "GET /xingrg/all/function/internal_message.html?_=1593828135613&CODE_STATE=getMsg HTTP/1.1" 200 27
114.86.190.97 - - [04/Jul/2020:10:02:26 +0800] "GET /xingrg/javascript/easyui/themes/default/validatebox.css HTTP/1.1" 404 1104
114.86.190.97 - - [04/Jul/2020:10:02:26 +0800] "POST /xingrg/kc/buy/cgsh_order_operate.html HTTP/1.1" 200 1202
114.86.190.97 - - [04/Jul/2020:10:02:27 +0800] "GET /xingrg/kc/print/load_config.html?kc_code=cgsh HTTP/1.1" 200 1845
114.86.190.97 - - [04/Jul/2020:10:02:27 +0800] "GET /xingrg/kc/print/load_data.html?order_code=212020070401261&kc_code=cgsh&condition= HTTP/1.1" 200 945
58.40.7.146 - - [04/Jul/2020:10:02:29 +0800] "POST /xingrg/dwr/call/plaincall/AjaxCheckService.setItemNumber.dwr HTTP/1.1" 200 77
114.86.190.97 - - [04/Jul/2020:10:02:31 +0800] "GET /xingrg/kc/buy/cgsh_order_add.html HTTP/1.1" 200 59257
58.40.7.146 - - [04/Jul/2020:10:02:31 +0800] "POST /xingrg/dwr/call/plaincall/AjaxCheckService.setItemNumber.dwr HTTP/1.1" 200 77
114.86.190.97 - - [04/Jul/2020:10:02:32 +0800] "POST /xingrg/kc/buy/cgsh_order_operate.html HTTP/1.1" 200 8245
114.86.190.97 - - [04/Jul/2020:10:02:32 +0800] "GET /xingrg/javascript/easyui/themes/default/validatebox.css HTTP/1.1" 404 1104
58.40.7.146 - - [04/Jul/2020:10:02:33 +0800] "POST /xingrg/dwr/call/plaincall/AjaxCheckService.setItemNumber.dwr HTTP/1.1" 200 77
58.40.7.146 - - [04/Jul/2020:10:02:34 +0800] "POST /xingrg/dwr/call/plaincall/AjaxCheckService.setItemNumber.dwr HTTP/1.1" 200 77
172.17.0.106 - - [04/Jul/2020:10:02:34 +0800] "GET /xingrg/all/function/internal_message.html?_=1593828151730&CODE_STATE=getMsg HTTP/1.1" 200 27
120.253.135.82 - - [04/Jul/2020:10:02:34 +0800] "GET /xingrg/all/function/internal_message.html?_=1593828271304&CODE_STATE=getMsg HTTP/1.1" 200 27
58.40.7.146 - - [04/Jul/2020:10:02:36 +0800] "POST /xingrg/dwr/call/plaincall/AjaxCheckService.setItemNumber.dwr HTTP/1.1" 200 77
222.69.136.71 - - [04/Jul/2020:10:02:36 +0800] "GET /xingrg/kc/buy/cgsh_order_operate.html?command=get_materiel&rest_code=00149&code=00101009016&supplier_code=00100201&order_time=2020-07-04 HTTP/1.1" 200 412
114.86.190.97 - - [04/Jul/2020:10:02:37 +0800] "GET /xingrg/kc/buy/cgsh_order_operate.html?command=get_materiel&rest_code=00148&code=00101007085&supplier_code=00100328&order_time=2020-07-04 HTTP/1.1" 200 413
58.40.7.146 - - [04/Jul/2020:10:02:39 +0800] "POST /xingrg/dwr/call/plaincall/AjaxCheckService.setItemNumber.dwr HTTP/1.1" 200 77
114.88.170.9 - - [04/Jul/2020:10:02:40 +0800] "GET /xingrg/check_reg.html?_=1593828153286 HTTP/1.1" 200 22
114.89.80.44 - - [04/Jul/2020:10:02:40 +0800] "GET /xingrg/all/function/internal_message.html?_=1593828288857&CODE_STATE=getMsg HTTP/1.1" 200 27
222.69.136.71 - - [04/Jul/2020:10:02:45 +0800] "GET /xingrg/kc/buy/cgsh_order_operate.html?command=get_materiel&rest_code=00149&code=00101009013&supplier_code=00100201&order_time=2020-07-04 HTTP/1.1" 200 420
180.175.214.200 - - [04/Jul/2020:10:02:45 +0800] "GET /xingrg/all/function/internal_message.html?_=1593828369342&CODE_STATE=getMsg HTTP/1.1" 200 27
172.17.0.100 - - [04/Jul/2020:10:02:47 +0800] "GET /xingrg/all/function/internal_message.html?_=1593828162983&CODE_STATE=getMsg HTTP/1.1" 200 27
172.17.0.185 - - [04/Jul/2020:10:02:49 +0800] "GET /xingrg/all/function/internal_message.html?_=1593828165692&CODE_STATE=getMsg HTTP/1.1" 200 27
172.17.0.185 - - [04/Jul/2020:10:02:49 +0800] "GET /xingrg/check_reg.html?_=1593828165712 HTTP/1.1" 200 22
114.86.190.97 - - [04/Jul/2020:10:02:50 +0800] "GET /xingrg/kc/buy/cgsh_order_operate.html?command=get_materiel&rest_code=00148&code=00101007077&supplier_code=00100328&order_time=2020-07-04 HTTP/1.1" 200 415
114.88.170.9 - - [04/Jul/2020:10:02:52 +0800] "GET /xingrg/check_reg.html?_=1593828193867 HTTP/1.1" 200 22
114.88.170.9 - - [04/Jul/2020:10:02:52 +0800] "GET /xingrg/all/function/internal_message.html?_=1593828193874&CODE_STATE=getMsg HTTP/1.1" 200 27
58.40.7.146 - - [04/Jul/2020:10:02:54 +0800] "POST /xingrg/dwr/call/plaincall/AjaxCheckService.setItemNumber.dwr HTTP/1.1" 200 77
58.40.7.146 - - [04/Jul/2020:10:02:57 +0800] "POST /xingrg/dwr/call/plaincall/AjaxCheckService.setItemNumber.dwr HTTP/1.1" 200 77
222.69.136.71 - - [04/Jul/2020:10:02:58 +0800] "POST /xingrg/kc/buy/cgsh_order_operate.html HTTP/1.1" 200 37
114.86.190.97 - - [04/Jul/2020:10:02:58 +0800] "POST /xingrg/kc/buy/cgsh_order_operate.html HTTP/1.1" 200 88
58.40.7.146 - - [04/Jul/2020:10:03:00 +0800] "POST /xingrg/dwr/call/plaincall/AjaxCheckService.setItemNumber.dwr HTTP/1.1" 200 77
172.17.200.101 - - [04/Jul/2020:10:03:00 +0800] "GET /xingrg/all/function/internal_message.html?_=1593828180686&CODE_STATE=getMsg HTTP/1.1" 200 27
222.69.136.71 - - [04/Jul/2020:10:03:02 +0800] "POST /xingrg/kc/buy/cgsh_order_operate.html HTTP/1.1" 200 12
114.89.80.44 - - [04/Jul/2020:10:03:02 +0800] "GET /xingrg/all/function/internal_message.html?_=1593828179556&CODE_STATE=getMsg HTTP/1.1" 200 27
222.69.136.71 - - [04/Jul/2020:10:03:03 +0800] "GET /xingrg/kc/buy/cgsh_order_info.html?code=212020070401262 HTTP/1.1" 200 54207
222.69.136.71 - - [04/Jul/2020:10:03:03 +0800] "GET /xingrg/javascript/easyui/themes/default/validatebox.css HTTP/1.1" 404 1104
58.40.7.146 - - [04/Jul/2020:10:03:04 +0800] "POST /xingrg/dwr/call/plaincall/AjaxCheckService.setItemNumber.dwr HTTP/1.1" 200 77
114.86.190.97 - - [04/Jul/2020:10:03:04 +0800] "POST /xingrg/kc/buy/cgsh_order_operate.html HTTP/1.1" 200 37
222.69.136.71 - - [04/Jul/2020:10:03:04 +0800] "POST /xingrg/kc/buy/cgsh_order_operate.html HTTP/1.1" 200 4168
114.86.190.97 - - [04/Jul/2020:10:03:05 +0800] "POST /xingrg/kc/buy/cgsh_order_operate.html HTTP/1.1" 200 3844
172.17.0.123 - - [04/Jul/2020:10:03:06 +0800] "GET /xingrg/all/function/internal_message.html?_=1593828138413&CODE_STATE=getMsg HTTP/1.1" 200 27
172.17.0.123 - - [04/Jul/2020:10:03:06 +0800] "GET /xingrg/check_reg.html?_=1593828138415 HTTP/1.1" 200 22
114.86.190.97 - - [04/Jul/2020:10:03:08 +0800] "POST /xingrg/kc/buy/cgsh_order_operate.html HTTP/1.1" 200 37
114.86.190.97 - - [04/Jul/2020:10:03:11 +0800] "POST /xingrg/kc/buy/cgsh_order_operate.html HTTP/1.1" 200 12
222.69.136.71 - - [04/Jul/2020:10:03:11 +0800] "GET /xingrg/kc/print/load_data.html?order_code=212020070401262&kc_code=cgsh&condition= HTTP/1.1" 200 2077
114.86.190.97 - - [04/Jul/2020:10:03:12 +0800] "GET /xingrg/kc/buy/cgsh_order_info.html?code=212020070401264 HTTP/1.1" 200 54164
114.86.190.97 - - [04/Jul/2020:10:03:12 +0800] "GET /xingrg/javascript/easyui/themes/default/validatebox.css HTTP/1.1" 404 1104
114.86.190.97 - - [04/Jul/2020:10:03:12 +0800] "POST /xingrg/kc/buy/cgsh_order_operate.html HTTP/1.1" 200 1794
61.172.5.115 - - [04/Jul/2020:10:03:13 +0800] "GET /xingrg/all/function/internal_message.html?_=1593828190389&CODE_STATE=getMsg HTTP/1.1" 200 27
58.40.7.146 - - [04/Jul/2020:10:03:13 +0800] "GET /xingrg/all/function/internal_message.html?_=1593828189870&CODE_STATE=getMsg HTTP/1.1" 200 27
114.86.190.97 - - [04/Jul/2020:10:03:14 +0800] "GET /xingrg/kc/print/load_data.html?order_code=212020070401264&kc_code=cgsh&condition= HTTP/1.1" 200 1167
58.40.7.146 - - [04/Jul/2020:10:03:16 +0800] "POST /xingrg/dwr/call/plaincall/AjaxCheckService.setItemNumber.dwr HTTP/1.1" 200 77
117.184.7.26 - - [04/Jul/2020:10:03:16 +0800] "GET /xingrg/all/function/internal_message.html?_=1593828183429&CODE_STATE=getMsg HTTP/1.1" 200 27
101.228.167.227 - - [04/Jul/2020:10:03:18 +0800] "GET /xingrg/all/function/internal_message.html?_=1593828190248&CODE_STATE=getMsg HTTP/1.1" 200 27
114.86.190.97 - - [04/Jul/2020:10:03:19 +0800] "GET /xingrg/kc/buy/cgsh_order_add.html HTTP/1.1" 200 59257
114.86.190.97 - - [04/Jul/2020:10:03:20 +0800] "POST /xingrg/kc/buy/cgsh_order_operate.html HTTP/1.1" 200 8245
114.86.190.97 - - [04/Jul/2020:10:03:20 +0800] "GET /xingrg/javascript/easyui/themes/default/validatebox.css HTTP/1.1" 404 1104
124.76.237.190 - - [04/Jul/2020:10:03:22 +0800] "GET /xingrg/check_reg.html?_=1593827180182 HTTP/1.1" 200 22
124.76.237.190 - - [04/Jul/2020:10:03:22 +0800] "GET /xingrg/all/function/internal_message.html?_=1593827180185&CODE_STATE=getMsg HTTP/1.1" 200 27
222.69.136.71 - - [04/Jul/2020:10:03:26 +0800] "GET /xingrg/all/function/internal_message.html?_=1593828195601&CODE_STATE=getMsg HTTP/1.1" 200 27
114.86.190.97 - - [04/Jul/2020:10:03:28 +0800] "GET /xingrg/kc/buy/cgsh_order_operate.html?command=get_materiel&rest_code=00148&code=00101007111&supplier_code=00100326&order_time=2020-07-04 HTTP/1.1" 200 417
58.40.7.146 - - [04/Jul/2020:10:03:29 +0800] "POST /xingrg/dwr/call/plaincall/AjaxCheckService.setItemNumber.dwr HTTP/1.1" 200 77
117.131.5.26 - - [04/Jul/2020:10:03:32 +0800] "POST /xingrg/services/DataTransmitService HTTP/1.1" 200 524
117.131.5.26 - - [04/Jul/2020:10:03:32 +0800] "POST /xingrg/services/DataTransmitService HTTP/1.1" 200 501
117.131.5.26 - - [04/Jul/2020:10:03:32 +0800] "POST /xingrg/services/DataTransmitService HTTP/1.1" 200 501
117.131.5.26 - - [04/Jul/2020:10:03:34 +0800] "POST /xingrg/services/DataTransmitService HTTP/1.1" 200 501
172.17.0.106 - - [04/Jul/2020:10:03:34 +0800] "GET /xingrg/all/function/internal_message.html?_=1593828211735&CODE_STATE=getMsg HTTP/1.1" 200 27
120.253.135.82 - - [04/Jul/2020:10:03:34 +0800] "GET /xingrg/all/function/internal_message.html?_=1593828331320&CODE_STATE=getMsg HTTP/1.1" 200 27
114.86.190.97 - - [04/Jul/2020:10:03:35 +0800] "GET /xingrg/kc/buy/cgsh_order_operate.html?command=get_materiel&rest_code=00148&code=00101010567&supplier_code=00100326&order_time=2020-07-04 HTTP/1.1" 200 399
117.131.5.26 - - [04/Jul/2020:10:03:36 +0800] "POST /xingrg/services/DataTransmitService HTTP/1.1" 200 501
117.131.5.26 - - [04/Jul/2020:10:03:36 +0800] "POST /xingrg/services/DataTransmitService HTTP/1.1" 200 501
117.131.5.26 - - [04/Jul/2020:10:03:36 +0800] "POST /xingrg/services/DataTransmitService HTTP/1.1" 200 501
117.131.5.26 - - [04/Jul/2020:10:03:36 +0800] "POST /xingrg/services/DataTransmitService HTTP/1.1" 200 501
117.131.5.26 - - [04/Jul/2020:10:03:36 +0800] "POST /xingrg/services/DataTransmitService HTTP/1.1" 200 501
117.131.5.26 - - [04/Jul/2020:10:03:37 +0800] "POST /xingrg/services/DataTransmitService HTTP/1.1" 200 412
58.40.7.146 - - [04/Jul/2020:10:03:39 +0800] "POST /xingrg/dwr/call/plaincall/AjaxCheckService.setItemNumber.dwr HTTP/1.1" 200 77
114.89.80.44 - - [04/Jul/2020:10:03:40 +0800] "GET /xingrg/all/function/internal_message.html?_=1593828348871&CODE_STATE=getMsg HTTP/1.1" 200 27
114.86.190.97 - - [04/Jul/2020:10:03:41 +0800] "GET /xingrg/kc/buy/cgsh_order_operate.html?command=get_materiel&rest_code=00148&code=00101010074&supplier_code=00100326&order_time=2020-07-04 HTTP/1.1" 200 413
58.40.7.146 - - [04/Jul/2020:10:03:43 +0800] "POST /xingrg/dwr/call/plaincall/AjaxCheckService.setItemNumber.dwr HTTP/1.1" 200 77
180.175.214.200 - - [04/Jul/2020:10:03:45 +0800] "GET /xingrg/check_reg.html?_=1593828429098 HTTP/1.1" 200 22
180.175.214.200 - - [04/Jul/2020:10:03:45 +0800] "GET /xingrg/all/function/internal_message.html?_=1593828429355&CODE_STATE=getMsg HTTP/1.1" 200 27
114.86.190.97 - - [04/Jul/2020:10:03:46 +0800] "POST /xingrg/kc/buy/cgsh_order_operate.html HTTP/1.1" 200 37
222.69.136.71 - - [04/Jul/2020:10:03:46 +0800] "GET /xingrg/kc/buy/cgsh_order_add.html HTTP/1.1" 200 59304
222.69.136.71 - - [04/Jul/2020:10:03:46 +0800] "POST /xingrg/kc/buy/cgsh_order_operate.html HTTP/1.1" 200 8245
222.69.136.71 - - [04/Jul/2020:10:03:46 +0800] "GET /xingrg/javascript/easyui/themes/default/validatebox.css HTTP/1.1" 404 1104
172.17.0.100 - - [04/Jul/2020:10:03:47 +0800] "GET /xingrg/all/function/internal_message.html?_=1593828223004&CODE_STATE=getMsg HTTP/1.1" 200 27
172.17.0.185 - - [04/Jul/2020:10:03:49 +0800] "GET /xingrg/all/function/internal_message.html?_=1593828225712&CODE_STATE=getMsg HTTP/1.1" 200 27
114.86.190.97 - - [04/Jul/2020:10:03:52 +0800] "POST /xingrg/kc/buy/cgsh_order_operate.html HTTP/1.1" 200 12
114.88.170.9 - - [04/Jul/2020:10:03:52 +0800] "GET /xingrg/all/function/internal_message.html?_=1593828253859&CODE_STATE=getMsg HTTP/1.1" 200 27
114.86.190.97 - - [04/Jul/2020:10:03:53 +0800] "GET /xingrg/kc/buy/cgsh_order_info.html?code=212020070401265 HTTP/1.1" 200 54164
114.86.190.97 - - [04/Jul/2020:10:03:53 +0800] "GET /xingrg/javascript/easyui/themes/default/validatebox.css HTTP/1.1" 404 1104
120.253.135.82 - - [04/Jul/2020:10:03:53 +0800] "GET /xingrg/check_reg.html?_=1593828350558 HTTP/1.1" 200 22
114.86.190.97 - - [04/Jul/2020:10:03:54 +0800] "POST /xingrg/kc/buy/cgsh_order_operate.html HTTP/1.1" 200 1796
114.86.190.97 - - [04/Jul/2020:10:03:54 +0800] "GET /xingrg/all/function/internal_message.html?_=1593828235831&CODE_STATE=getMsg HTTP/1.1" 200 27
222.69.136.71 - - [04/Jul/2020:10:03:55 +0800] "GET /xingrg/kc/buy/cgsh_order_operate.html?command=get_materiel&rest_code=00149&code=00101011005&supplier_code=00100051&order_time=2020-07-04 HTTP/1.1" 200 428
114.86.190.97 - - [04/Jul/2020:10:03:55 +0800] "GET /xingrg/kc/print/load_data.html?order_code=212020070401265&kc_code=cgsh&condition= HTTP/1.1" 200 1172
114.86.190.97 - - [04/Jul/2020:10:03:59 +0800] "GET /xingrg/kc/buy/cgsh_order_add.html HTTP/1.1" 200 59257
114.86.190.97 - - [04/Jul/2020:10:04:00 +0800] "POST /xingrg/kc/buy/cgsh_order_operate.html HTTP/1.1" 200 8245
114.86.190.97 - - [04/Jul/2020:10:04:00 +0800] "GET /xingrg/javascript/easyui/themes/default/validatebox.css HTTP/1.1" 404 1104
172.17.200.101 - - [04/Jul/2020:10:04:00 +0800] "GET /xingrg/all/function/internal_message.html?_=1593828240690&CODE_STATE=getMsg HTTP/1.1" 200 27
172.17.200.101 - - [04/Jul/2020:10:04:00 +0800] "GET /xingrg/check_reg.html?_=1593828240692 HTTP/1.1" 200 22
114.89.80.44 - - [04/Jul/2020:10:04:02 +0800] "GET /xingrg/all/function/internal_message.html?_=1593828239562&CODE_STATE=getMsg HTTP/1.1" 200 27
114.86.190.97 - - [04/Jul/2020:10:04:06 +0800] "GET /xingrg/kc/buy/cgsh_order_operate.html?command=get_materiel&rest_code=00148&code=00101001093&supplier_code=00100090&order_time=2020-07-04 HTTP/1.1" 200 411
172.17.0.123 - - [04/Jul/2020:10:04:06 +0800] "GET /xingrg/all/function/internal_message.html?_=1593828198417&CODE_STATE=getMsg HTTP/1.1" 200 27
58.40.7.146 - - [04/Jul/2020:10:04:12 +0800] "POST /xingrg/dwr/call/plaincall/AjaxCheckService.setItemNumber.dwr HTTP/1.1" 200 77
61.172.5.115 - - [04/Jul/2020:10:04:13 +0800] "GET /xingrg/all/function/internal_message.html?_=1593828250375&CODE_STATE=getMsg HTTP/1.1" 200 27
58.40.7.146 - - [04/Jul/2020:10:04:13 +0800] "GET /xingrg/check_reg.html?_=1593828249870 HTTP/1.1" 200 22
58.40.7.146 - - [04/Jul/2020:10:04:13 +0800] "GET /xingrg/all/function/internal_message.html?_=1593828249872&CODE_STATE=getMsg HTTP/1.1" 200 27
114.86.190.97 - - [04/Jul/2020:10:04:13 +0800] "POST /xingrg/kc/buy/cgsh_order_operate.html HTTP/1.1" 200 37
58.40.7.146 - - [04/Jul/2020:10:04:14 +0800] "POST /xingrg/dwr/call/plaincall/AjaxCheckService.setItemNumber.dwr HTTP/1.1" 200 77
117.184.7.26 - - [04/Jul/2020:10:04:14 +0800] "GET /xingrg/check_reg.html?_=1593828241183 HTTP/1.1" 200 22
120.253.135.82 - - [04/Jul/2020:10:04:15 +0800] "GET /xingrg/check_reg.html?_=1593828372084 HTTP/1.1" 200 22
117.184.7.26 - - [04/Jul/2020:10:04:16 +0800] "GET /xingrg/all/function/internal_message.html?_=1593828243402&CODE_STATE=getMsg HTTP/1.1" 200 27
101.228.167.227 - - [04/Jul/2020:10:04:18 +0800] "GET /xingrg/all/function/internal_message.html?_=1593828250256&CODE_STATE=getMsg HTTP/1.1" 200 27
124.76.237.190 - - [04/Jul/2020:10:04:22 +0800] "GET /xingrg/all/function/internal_message.html?_=1593827240178&CODE_STATE=getMsg HTTP/1.1" 200 27
114.86.190.97 - - [04/Jul/2020:10:04:24 +0800] "POST /xingrg/kc/buy/cgsh_order_operate.html HTTP/1.1" 200 12
114.86.190.97 - - [04/Jul/2020:10:04:25 +0800] "GET /xingrg/kc/buy/cgsh_order_info.html?code=212020070401266 HTTP/1.1" 200 54164
114.86.190.97 - - [04/Jul/2020:10:04:25 +0800] "GET /xingrg/javascript/easyui/themes/default/validatebox.css HTTP/1.1" 404 1104
114.86.190.97 - - [04/Jul/2020:10:04:25 +0800] "POST /xingrg/kc/buy/cgsh_order_operate.html HTTP/1.1" 200 609
222.69.136.71 - - [04/Jul/2020:10:04:26 +0800] "GET /xingrg/all/function/internal_message.html?_=1593828255612&CODE_STATE=getMsg HTTP/1.1" 200 27
114.86.190.97 - - [04/Jul/2020:10:04:27 +0800] "GET /xingrg/kc/print/load_data.html?order_code=212020070401266&kc_code=cgsh&condition= HTTP/1.1" 200 777
114.86.190.97 - - [04/Jul/2020:10:04:31 +0800] "GET /xingrg/kc/buy/cgsh_order_add.html HTTP/1.1" 200 59257
222.69.136.71 - - [04/Jul/2020:10:04:31 +0800] "POST /xingrg/kc/buy/cgsh_order_operate.html HTTP/1.1" 200 37
114.86.190.97 - - [04/Jul/2020:10:04:31 +0800] "POST /xingrg/kc/buy/cgsh_order_operate.html HTTP/1.1" 200 8245
114.86.190.97 - - [04/Jul/2020:10:04:31 +0800] "GET /xingrg/javascript/easyui/themes/default/validatebox.css HTTP/1.1" 404 1104
172.17.0.106 - - [04/Jul/2020:10:04:34 +0800] "GET /xingrg/all/function/internal_message.html?_=1593828271742&CODE_STATE=getMsg HTTP/1.1" 200 27
120.253.135.82 - - [04/Jul/2020:10:04:34 +0800] "GET /xingrg/all/function/internal_message.html?_=1593828391330&CODE_STATE=getMsg HTTP/1.1" 200 27
222.69.136.71 - - [04/Jul/2020:10:04:35 +0800] "POST /xingrg/kc/buy/cgsh_order_operate.html HTTP/1.1" 200 12
58.40.7.146 - - [04/Jul/2020:10:04:35 +0800] "POST /xingrg/dwr/call/plaincall/AjaxCheckService.setItemNumber.dwr HTTP/1.1" 200 77
222.69.136.71 - - [04/Jul/2020:10:04:36 +0800] "GET /xingrg/kc/buy/cgsh_order_info.html?code=212020070401267 HTTP/1.1" 200 54207
222.69.136.71 - - [04/Jul/2020:10:04:36 +0800] "GET /xingrg/javascript/easyui/themes/default/validatebox.css HTTP/1.1" 404 1104
222.69.136.71 - - [04/Jul/2020:10:04:36 +0800] "POST /xingrg/kc/buy/cgsh_order_operate.html HTTP/1.1" 200 606
114.86.190.97 - - [04/Jul/2020:10:04:38 +0800] "GET /xingrg/kc/buy/cgsh_order_operate.html?command=get_materiel&rest_code=00148&code=00101003004&supplier_code=00100093&order_time=2020-07-04 HTTP/1.1" 200 420
222.69.136.71 - - [04/Jul/2020:10:04:38 +0800] "GET /xingrg/kc/print/load_data.html?order_code=212020070401267&kc_code=cgsh&condition= HTTP/1.1" 200 721
114.89.80.44 - - [04/Jul/2020:10:04:40 +0800] "GET /xingrg/check_reg.html?_=1593828408638 HTTP/1.1" 200 22
114.89.80.44 - - [04/Jul/2020:10:04:40 +0800] "GET /xingrg/all/function/internal_message.html?_=1593828408885&CODE_STATE=getMsg HTTP/1.1" 200 27
58.40.7.146 - - [04/Jul/2020:10:04:44 +0800] "POST /xingrg/dwr/call/plaincall/AjaxCheckService.setItemNumber.dwr HTTP/1.1" 200 77
180.175.214.200 - - [04/Jul/2020:10:04:45 +0800] "GET /xingrg/all/function/internal_message.html?_=1593828489369&CODE_STATE=getMsg HTTP/1.1" 200 27
172.17.0.100 - - [04/Jul/2020:10:04:47 +0800] "GET /xingrg/all/function/internal_message.html?_=1593828283015&CODE_STATE=getMsg HTTP/1.1" 200 27
114.86.190.97 - - [04/Jul/2020:10:04:47 +0800] "GET /xingrg/kc/buy/cgsh_order_operate.html?command=get_materiel&rest_code=00148&code=00101003003&supplier_code=00100093&order_time=2020-07-04 HTTP/1.1" 200 414
172.17.0.185 - - [04/Jul/2020:10:04:49 +0800] "GET /xingrg/all/function/internal_message.html?_=1593828285676&CODE_STATE=getMsg HTTP/1.1" 200 27
114.88.170.9 - - [04/Jul/2020:10:04:52 +0800] "GET /xingrg/all/function/internal_message.html?_=1593828313885&CODE_STATE=getMsg HTTP/1.1" 200 27
114.86.190.97 - - [04/Jul/2020:10:04:53 +0800] "POST /xingrg/kc/buy/cgsh_order_operate.html HTTP/1.1" 200 37
114.86.190.97 - - [04/Jul/2020:10:04:59 +0800] "POST /xingrg/kc/buy/cgsh_order_operate.html HTTP/1.1" 200 12
114.86.190.97 - - [04/Jul/2020:10:04:59 +0800] "GET /xingrg/kc/buy/cgsh_order_info.html?code=212020070401268 HTTP/1.1" 200 54162
114.86.190.97 - - [04/Jul/2020:10:05:00 +0800] "GET /xingrg/javascript/easyui/themes/default/validatebox.css HTTP/1.1" 404 1104
114.86.190.97 - - [04/Jul/2020:10:05:00 +0800] "POST /xingrg/kc/buy/cgsh_order_operate.html HTTP/1.1" 200 1216
172.17.200.101 - - [04/Jul/2020:10:05:00 +0800] "GET /xingrg/all/function/internal_message.html?_=1593828300690&CODE_STATE=getMsg HTTP/1.1" 200 27
114.86.190.97 - - [04/Jul/2020:10:05:01 +0800] "GET /xingrg/kc/print/load_data.html?order_code=212020070401268&kc_code=cgsh&condition= HTTP/1.1" 200 1008
114.89.80.44 - - [04/Jul/2020:10:05:02 +0800] "GET /xingrg/all/function/internal_message.html?_=1593828299569&CODE_STATE=getMsg HTTP/1.1" 200 27
114.86.190.97 - - [04/Jul/2020:10:05:06 +0800] "GET /xingrg/kc/buy/cgsh_order_add.html HTTP/1.1" 200 59257
172.17.0.123 - - [04/Jul/2020:10:05:06 +0800] "GET /xingrg/all/function/internal_message.html?_=1593828258419&CODE_STATE=getMsg HTTP/1.1" 200 27
114.86.190.97 - - [04/Jul/2020:10:05:06 +0800] "POST /xingrg/kc/buy/cgsh_order_operate.html HTTP/1.1" 200 8245
114.86.190.97 - - [04/Jul/2020:10:05:06 +0800] "GET /xingrg/javascript/easyui/themes/default/validatebox.css HTTP/1.1" 404 1104
114.86.190.97 - - [04/Jul/2020:10:05:12 +0800] "GET /xingrg/kc/buy/cgsh_order_operate.html?command=get_materiel&rest_code=00148&code=00101010161&supplier_code=00100334&order_time=2020-07-04 HTTP/1.1" 200 409
61.172.5.115 - - [04/Jul/2020:10:05:13 +0800] "GET /xingrg/all/function/internal_message.html?_=1593828310385&CODE_STATE=getMsg HTTP/1.1" 200 27
61.172.5.115 - - [04/Jul/2020:10:05:13 +0800] "GET /xingrg/check_reg.html?_=1593828310388 HTTP/1.1" 200 22
58.40.7.146 - - [04/Jul/2020:10:05:13 +0800] "GET /xingrg/all/function/internal_message.html?_=1593828309873&CODE_STATE=getMsg HTTP/1.1" 200 27
117.184.7.26 - - [04/Jul/2020:10:05:16 +0800] "GET /xingrg/all/function/internal_message.html?_=1593828303387&CODE_STATE=getMsg HTTP/1.1" 200 27
101.228.167.227 - - [04/Jul/2020:10:05:18 +0800] "GET /xingrg/check_reg.html?_=1593828309738 HTTP/1.1" 200 22
101.228.167.227 - - [04/Jul/2020:10:05:18 +0800] "GET /xingrg/all/function/internal_message.html?_=1593828310270&CODE_STATE=getMsg HTTP/1.1" 200 27
114.86.190.97 - - [04/Jul/2020:10:05:18 +0800] "POST /xingrg/kc/buy/cgsh_order_operate.html HTTP/1.1" 200 37
124.76.237.190 - - [04/Jul/2020:10:05:22 +0800] "GET /xingrg/all/function/internal_message.html?_=1593827300178&CODE_STATE=getMsg HTTP/1.1" 200 27
222.69.136.71 - - [04/Jul/2020:10:05:26 +0800] "GET /xingrg/all/function/internal_message.html?_=1593828315600&CODE_STATE=getMsg HTTP/1.1" 200 27
114.86.190.97 - - [04/Jul/2020:10:05:26 +0800] "POST /xingrg/kc/buy/cgsh_order_operate.html HTTP/1.1" 200 12
114.86.190.97 - - [04/Jul/2020:10:05:29 +0800] "GET /xingrg/kc/buy/cgsh_order_info.html?code=212020070401269 HTTP/1.1" 200 54164
114.86.190.97 - - [04/Jul/2020:10:05:29 +0800] "GET /xingrg/javascript/easyui/themes/default/validatebox.css HTTP/1.1" 404 1104
114.86.190.97 - - [04/Jul/2020:10:05:29 +0800] "POST /xingrg/kc/buy/cgsh_order_operate.html HTTP/1.1" 200 604
114.86.190.97 - - [04/Jul/2020:10:05:31 +0800] "GET /xingrg/kc/print/load_data.html?order_code=212020070401269&kc_code=cgsh&condition= HTTP/1.1" 200 711
172.17.0.106 - - [04/Jul/2020:10:05:34 +0800] "GET /xingrg/all/function/internal_message.html?_=1593828331731&CODE_STATE=getMsg HTTP/1.1" 200 27
120.253.135.82 - - [04/Jul/2020:10:05:34 +0800] "GET /xingrg/all/function/internal_message.html?_=1593828451344&CODE_STATE=getMsg HTTP/1.1" 200 27
114.86.190.97 - - [04/Jul/2020:10:05:34 +0800] "GET /xingrg/kc/buy/cgsh_order_add.html HTTP/1.1" 200 59257
114.86.190.97 - - [04/Jul/2020:10:05:35 +0800] "POST /xingrg/kc/buy/cgsh_order_operate.html HTTP/1.1" 200 8245
114.86.190.97 - - [04/Jul/2020:10:05:35 +0800] "GET /xingrg/javascript/easyui/themes/default/validatebox.css HTTP/1.1" 404 1104
114.89.80.44 - - [04/Jul/2020:10:05:40 +0800] "GET /xingrg/all/function/internal_message.html?_=1593828468899&CODE_STATE=getMsg HTTP/1.1" 200 27
180.175.214.200 - - [04/Jul/2020:10:05:45 +0800] "GET /xingrg/all/function/internal_message.html?_=1593828549383&CODE_STATE=getMsg HTTP/1.1" 200 27
172.17.0.100 - - [04/Jul/2020:10:05:47 +0800] "GET /xingrg/all/function/internal_message.html?_=1593828343000&CODE_STATE=getMsg HTTP/1.1" 200 27
172.17.0.100 - - [04/Jul/2020:10:05:47 +0800] "GET /xingrg/check_reg.html?_=1593828343002 HTTP/1.1" 200 22
172.17.0.185 - - [04/Jul/2020:10:05:49 +0800] "GET /xingrg/all/function/internal_message.html?_=1593828345694&CODE_STATE=getMsg HTTP/1.1" 200 27
114.88.170.9 - - [04/Jul/2020:10:05:52 +0800] "GET /xingrg/all/function/internal_message.html?_=1593828373885&CODE_STATE=getMsg HTTP/1.1" 200 27
114.86.190.97 - - [04/Jul/2020:10:05:54 +0800] "GET /xingrg/all/function/internal_message.html?_=1593828355857&CODE_STATE=getMsg HTTP/1.1" 200 27
172.17.200.101 - - [04/Jul/2020:10:06:00 +0800] "GET /xingrg/all/function/internal_message.html?_=1593828360690&CODE_STATE=getMsg HTTP/1.1" 200 27
114.86.190.97 - - [04/Jul/2020:10:06:01 +0800] "GET /xingrg/kc/buy/cgsh_order_operate.html?command=get_materiel&rest_code=00148&code=00101006147&supplier_code=00100404&order_time=2020-07-04 HTTP/1.1" 200 424
114.89.80.44 - - [04/Jul/2020:10:06:02 +0800] "GET /xingrg/all/function/internal_message.html?_=1593828359575&CODE_STATE=getMsg HTTP/1.1" 200 27
172.17.0.123 - - [04/Jul/2020:10:06:06 +0800] "GET /xingrg/all/function/internal_message.html?_=1593828318422&CODE_STATE=getMsg HTTP/1.1" 200 27
114.86.190.97 - - [04/Jul/2020:10:06:08 +0800] "POST /xingrg/kc/buy/cgsh_order_operate.html HTTP/1.1" 200 37
61.172.5.115 - - [04/Jul/2020:10:06:13 +0800] "GET /xingrg/all/function/internal_message.html?_=1593828370388&CODE_STATE=getMsg HTTP/1.1" 200 27
58.40.7.146 - - [04/Jul/2020:10:06:13 +0800] "GET /xingrg/all/function/internal_message.html?_=1593828369871&CODE_STATE=getMsg HTTP/1.1" 200 27
114.86.190.97 - - [04/Jul/2020:10:06:15 +0800] "POST /xingrg/kc/buy/cgsh_order_operate.html HTTP/1.1" 200 12
114.86.190.97 - - [04/Jul/2020:10:06:15 +0800] "GET /xingrg/kc/buy/cgsh_order_info.html?code=212020070401270 HTTP/1.1" 200 54166
114.86.190.97 - - [04/Jul/2020:10:06:16 +0800] "GET /xingrg/javascript/easyui/themes/default/validatebox.css HTTP/1.1" 404 1104
117.184.7.26 - - [04/Jul/2020:10:06:16 +0800] "GET /xingrg/all/function/internal_message.html?_=1593828363374&CODE_STATE=getMsg HTTP/1.1" 200 27
114.86.190.97 - - [04/Jul/2020:10:06:16 +0800] "POST /xingrg/kc/buy/cgsh_order_operate.html HTTP/1.1" 200 620
114.86.190.97 - - [04/Jul/2020:10:06:17 +0800] "GET /xingrg/kc/print/load_data.html?order_code=212020070401270&kc_code=cgsh&condition= HTTP/1.1" 200 739
101.228.167.227 - - [04/Jul/2020:10:06:18 +0800] "GET /xingrg/all/function/internal_message.html?_=1593828370284&CODE_STATE=getMsg HTTP/1.1" 200 27
114.86.190.97 - - [04/Jul/2020:10:06:21 +0800] "GET /xingrg/kc/buy/cgsh_order_add.html HTTP/1.1" 200 59257
114.86.190.97 - - [04/Jul/2020:10:06:22 +0800] "POST /xingrg/kc/buy/cgsh_order_operate.html HTTP/1.1" 200 8245
114.86.190.97 - - [04/Jul/2020:10:06:22 +0800] "GET /xingrg/javascript/easyui/themes/default/validatebox.css HTTP/1.1" 404 1104
124.76.237.190 - - [04/Jul/2020:10:06:22 +0800] "GET /xingrg/all/function/internal_message.html?_=1593827360177&CODE_STATE=getMsg HTTP/1.1" 200 27
222.69.136.71 - - [04/Jul/2020:10:06:26 +0800] "GET /xingrg/all/function/internal_message.html?_=1593828375618&CODE_STATE=getMsg HTTP/1.1" 200 27
114.86.190.97 - - [04/Jul/2020:10:06:26 +0800] "GET /xingrg/kc/buy/cgsh_order_operate.html?command=get_materiel&rest_code=00148&code=00101002006&supplier_code=00100091&order_time=2020-07-04 HTTP/1.1" 200 413
172.17.0.106 - - [04/Jul/2020:10:06:34 +0800] "GET /xingrg/all/function/internal_message.html?_=1593828391738&CODE_STATE=getMsg HTTP/1.1" 200 27
172.17.0.106 - - [04/Jul/2020:10:06:34 +0800] "GET /xingrg/check_reg.html?_=1593828391742 HTTP/1.1" 200 22
120.253.135.82 - - [04/Jul/2020:10:06:34 +0800] "GET /xingrg/all/function/internal_message.html?_=1593828511361&CODE_STATE=getMsg HTTP/1.1" 200 27
114.86.190.97 - - [04/Jul/2020:10:06:34 +0800] "GET /xingrg/kc/buy/cgsh_order_operate.html?command=get_materiel&rest_code=00148&code=00101002034&supplier_code=00100091&order_time=2020-07-04 HTTP/1.1" 200 409
114.86.190.97 - - [04/Jul/2020:10:06:39 +0800] "POST /xingrg/kc/buy/cgsh_order_operate.html HTTP/1.1" 200 37
114.89.80.44 - - [04/Jul/2020:10:06:40 +0800] "GET /xingrg/all/function/internal_message.html?_=1593828528913&CODE_STATE=getMsg HTTP/1.1" 200 27
114.86.190.97 - - [04/Jul/2020:10:06:45 +0800] "POST /xingrg/kc/buy/cgsh_order_operate.html HTTP/1.1" 200 12
180.175.214.200 - - [04/Jul/2020:10:06:46 +0800] "GET /xingrg/all/function/internal_message.html?_=1593828609693&CODE_STATE=getMsg HTTP/1.1" 200 27
114.86.190.97 - - [04/Jul/2020:10:06:46 +0800] "GET /xingrg/kc/buy/cgsh_order_info.html?code=212020070401271 HTTP/1.1" 200 54164
114.86.190.97 - - [04/Jul/2020:10:06:47 +0800] "GET /xingrg/javascript/easyui/themes/default/validatebox.css HTTP/1.1" 404 1104
114.86.190.97 - - [04/Jul/2020:10:06:47 +0800] "POST /xingrg/kc/buy/cgsh_order_operate.html HTTP/1.1" 200 1201
172.17.0.100 - - [04/Jul/2020:10:06:47 +0800] "GET /xingrg/all/function/internal_message.html?_=1593828403012&CODE_STATE=getMsg HTTP/1.1" 200 27
114.86.190.97 - - [04/Jul/2020:10:06:48 +0800] "GET /xingrg/kc/print/load_data.html?order_code=212020070401271&kc_code=cgsh&condition= HTTP/1.1" 200 1004
172.17.0.185 - - [04/Jul/2020:10:06:49 +0800] "GET /xingrg/all/function/internal_message.html?_=1593828405707&CODE_STATE=getMsg HTTP/1.1" 200 27
114.88.170.9 - - [04/Jul/2020:10:06:52 +0800] "GET /xingrg/all/function/internal_message.html?_=1593828433884&CODE_STATE=getMsg HTTP/1.1" 200 27
114.86.190.97 - - [04/Jul/2020:10:06:53 +0800] "GET /xingrg/kc/buy/cgsh_order_add.html HTTP/1.1" 200 59257
114.86.190.97 - - [04/Jul/2020:10:06:53 +0800] "POST /xingrg/kc/buy/cgsh_order_operate.html HTTP/1.1" 200 8245
114.86.190.97 - - [04/Jul/2020:10:06:54 +0800] "GET /xingrg/javascript/easyui/themes/default/validatebox.css HTTP/1.1" 404 1104
114.86.190.97 - - [04/Jul/2020:10:06:54 +0800] "GET /xingrg/check_reg.html?_=1593828415837 HTTP/1.1" 200 22
