117.184.7.26 - - [04/Jul/2020:10:35:49 +0800] "GET /xingrg/kc/buy/cgsh_order_operate.html?command=get_materiel&rest_code=00108&code=00101008283&supplier_code=00100008&order_time=2020-07-04 HTTP/1.1" 200 408
172.17.0.185 - - [04/Jul/2020:10:35:49 +0800] "GET /xingrg/all/function/internal_message.html?_=1593830145676&CODE_STATE=getMsg HTTP/1.1" 200 27
58.40.7.146 - - [04/Jul/2020:10:35:50 +0800] "POST /xingrg/dwr/call/plaincall/AjaxCheckService.setItemNumber.dwr HTTP/1.1" 200 78
61.151.178.197 - - [04/Jul/2020:10:35:50 +0800] "GET /xingrg/login.html HTTP/1.1" 200 7641
117.184.7.26 - - [04/Jul/2020:10:35:52 +0800] "POST /xingrg/kc/buy/cgsh_order_operate.html HTTP/1.1" 200 2065
114.88.170.9 - - [04/Jul/2020:10:35:52 +0800] "GET /xingrg/all/function/internal_message.html?_=1593830173507&CODE_STATE=getMsg HTTP/1.1" 200 27
114.86.190.97 - - [04/Jul/2020:10:35:52 +0800] "GET /xingrg/kc/buy/cgsh_order_operate.html?command=get_materiel&rest_code=00148&code=00102002167&supplier_code=00100347&order_time=2020-07-04 HTTP/1.1" 200 409
114.88.170.9 - - [04/Jul/2020:10:35:54 +0800] "POST /xingrg/kc/buy/cgsh_list_operate.html HTTP/1.1" 200 3135
114.86.190.97 - - [04/Jul/2020:10:35:54 +0800] "GET /xingrg/all/function/internal_message.html?_=1593830155942&CODE_STATE=getMsg HTTP/1.1" 200 27
114.88.170.9 - - [04/Jul/2020:10:35:55 +0800] "GET /xingrg/kc/buy/cgsh_order_list.html HTTP/1.1" 200 43513
117.184.7.26 - - [04/Jul/2020:10:35:56 +0800] "GET /xingrg/kc/buy/cgsh_order_operate.html?command=get_materiel&rest_code=00108&code=00101008003&supplier_code=00100008&order_time=2020-07-04 HTTP/1.1" 200 408
114.88.170.9 - - [04/Jul/2020:10:35:56 +0800] "POST /xingrg/kc/buy/cgsh_list_operate.html HTTP/1.1" 200 3135
114.88.170.9 - - [04/Jul/2020:10:35:58 +0800] "POST /xingrg/kc/buy/cgsh_list_operate.html HTTP/1.1" 200 3135
180.175.214.200 - - [04/Jul/2020:10:35:59 +0800] "GET /xingrg/all/function/internal_message.html?_=1593830363009&CODE_STATE=getMsg HTTP/1.1" 200 27
58.40.7.146 - - [04/Jul/2020:10:35:59 +0800] "POST /xingrg/dwr/call/plaincall/AjaxCheckService.setItemNumber.dwr HTTP/1.1" 200 78
58.40.7.146 - - [04/Jul/2020:10:36:03 +0800] "POST /xingrg/dwr/call/plaincall/AjaxCheckService.setItemNumber.dwr HTTP/1.1" 200 78
58.40.7.146 - - [04/Jul/2020:10:36:05 +0800] "POST /xingrg/dwr/call/plaincall/AjaxCheckService.setItemNumber.dwr HTTP/1.1" 200 78
58.40.7.146 - - [04/Jul/2020:10:36:05 +0800] "POST /xingrg/dwr/call/plaincall/AjaxCheckService.setItemNumber.dwr HTTP/1.1" 200 78
172.17.0.123 - - [04/Jul/2020:10:36:06 +0800] "GET /xingrg/all/function/internal_message.html?_=1593830118419&CODE_STATE=getMsg HTTP/1.1" 200 27
61.172.5.115 - - [04/Jul/2020:10:36:13 +0800] "GET /xingrg/all/function/internal_message.html?_=1593830170341&CODE_STATE=getMsg HTTP/1.1" 200 27
58.40.7.146 - - [04/Jul/2020:10:36:13 +0800] "GET /xingrg/all/function/internal_message.html?_=1593830169898&CODE_STATE=getMsg HTTP/1.1" 200 27
114.86.190.97 - - [04/Jul/2020:10:36:14 +0800] "GET /xingrg/kc/buy/cgsh_order_operate.html?command=get_materiel&rest_code=00148&code=00101004038&supplier_code=00100347&order_time=2020-07-04 HTTP/1.1" 200 409
58.40.7.146 - - [04/Jul/2020:10:36:14 +0800] "POST /xingrg/dwr/call/plaincall/AjaxCheckService.setItemNumber.dwr HTTP/1.1" 200 78
114.89.80.44 - - [04/Jul/2020:10:36:15 +0800] "GET /xingrg/all/function/internal_message.html?_=1593830303117&CODE_STATE=getMsg HTTP/1.1" 200 27
172.17.200.101 - - [04/Jul/2020:10:36:15 +0800] "GET /xingrg/all/function/internal_message.html?_=1593830175335&CODE_STATE=getMsg HTTP/1.1" 200 27
117.184.7.26 - - [04/Jul/2020:10:36:15 +0800] "GET /xingrg/all/function/internal_message.html?_=1593830162680&CODE_STATE=getMsg HTTP/1.1" 200 27
101.228.167.227 - - [04/Jul/2020:10:36:19 +0800] "GET /xingrg/all/function/internal_message.html?_=1593830170863&CODE_STATE=getMsg HTTP/1.1" 200 27
58.40.7.146 - - [04/Jul/2020:10:36:19 +0800] "POST /xingrg/dwr/call/plaincall/AjaxCheckService.setItemNumber.dwr HTTP/1.1" 200 78
124.76.237.190 - - [04/Jul/2020:10:36:22 +0800] "GET /xingrg/all/function/internal_message.html?_=1593829160194&CODE_STATE=getMsg HTTP/1.1" 200 27
58.40.7.146 - - [04/Jul/2020:10:36:23 +0800] "POST /xingrg/dwr/call/plaincall/AjaxCheckService.setItemNumber.dwr HTTP/1.1" 200 78
114.86.190.97 - - [04/Jul/2020:10:36:24 +0800] "GET /xingrg/kc/buy/cgsh_order_operate.html?command=get_materiel&rest_code=00148&code=00101005022&supplier_code=00100347&order_time=2020-07-04 HTTP/1.1" 200 417
117.184.7.26 - - [04/Jul/2020:10:36:24 +0800] "GET /xingrg/kc/buy/cgsh_order_operate.html?command=get_materiel&rest_code=00108&code=00101008098&supplier_code=00100008&order_time=2020-07-04 HTTP/1.1" 200 412
117.184.7.26 - - [04/Jul/2020:10:36:25 +0800] "GET /xingrg/all/function/internal_message.html?_=1593830172217&CODE_STATE=getMsg HTTP/1.1" 200 27
222.69.136.71 - - [04/Jul/2020:10:36:26 +0800] "GET /xingrg/all/function/internal_message.html?_=1593830175655&CODE_STATE=getMsg HTTP/1.1" 200 27
58.40.7.146 - - [04/Jul/2020:10:36:29 +0800] "POST /xingrg/dwr/call/plaincall/AjaxCheckService.setItemNumber.dwr HTTP/1.1" 200 78
116.233.76.29 - - [04/Jul/2020:10:36:30 +0800] "GET /xingrg/all/function/internal_message.html?_=1593830236765&CODE_STATE=getMsg HTTP/1.1" 200 27
117.184.7.26 - - [04/Jul/2020:10:36:31 +0800] "GET /xingrg/kc/buy/cgsh_order_operate.html?command=get_materiel&rest_code=00108&code=00101008005&supplier_code=00100008&order_time=2020-07-04 HTTP/1.1" 200 412
58.40.7.146 - - [04/Jul/2020:10:36:32 +0800] "POST /xingrg/dwr/call/plaincall/AjaxCheckService.setItemNumber.dwr HTTP/1.1" 200 78
101.228.167.227 - - [04/Jul/2020:10:36:32 +0800] "GET /xingrg/all/function/internal_message.html?_=1593830210640&CODE_STATE=getMsg HTTP/1.1" 200 27
117.184.7.26 - - [04/Jul/2020:10:36:34 +0800] "POST /xingrg/kc/buy/cgsh_order_operate.html HTTP/1.1" 200 2065
172.17.0.106 - - [04/Jul/2020:10:36:34 +0800] "GET /xingrg/check_reg.html?_=1593830191737 HTTP/1.1" 200 22
172.17.0.106 - - [04/Jul/2020:10:36:34 +0800] "GET /xingrg/all/function/internal_message.html?_=1593830191741&CODE_STATE=getMsg HTTP/1.1" 200 27
120.253.135.82 - - [04/Jul/2020:10:36:35 +0800] "GET /xingrg/all/function/internal_message.html?_=1593830311766&CODE_STATE=getMsg HTTP/1.1" 200 27
172.17.0.240 - - [04/Jul/2020:10:36:35 +0800] "GET /xingrg/all/function/internal_message.html?_=1593830191303&CODE_STATE=getMsg HTTP/1.1" 200 27
58.40.7.146 - - [04/Jul/2020:10:36:36 +0800] "POST /xingrg/dwr/call/plaincall/AjaxCheckService.setItemNumber.dwr HTTP/1.1" 200 78
114.86.190.97 - - [04/Jul/2020:10:36:36 +0800] "GET /xingrg/kc/buy/cgsh_order_operate.html?command=get_materiel&rest_code=00148&code=00101005061&supplier_code=00100347&order_time=2020-07-04 HTTP/1.1" 200 398
172.17.0.120 - - [04/Jul/2020:10:36:40 +0800] "GET /xingrg/all/function/internal_message.html?_=1593830195238&CODE_STATE=getMsg HTTP/1.1" 200 27
58.40.7.146 - - [04/Jul/2020:10:36:42 +0800] "POST /xingrg/dwr/call/plaincall/AjaxCheckService.setItemNumber.dwr HTTP/1.1" 200 78
58.40.7.146 - - [04/Jul/2020:10:36:44 +0800] "POST /xingrg/dwr/call/plaincall/AjaxCheckService.setItemNumber.dwr HTTP/1.1" 200 78
58.40.7.146 - - [04/Jul/2020:10:36:46 +0800] "POST /xingrg/dwr/call/plaincall/AjaxCheckService.setItemNumber.dwr HTTP/1.1" 200 78
114.89.80.44 - - [04/Jul/2020:10:36:47 +0800] "GET /xingrg/all/function/internal_message.html?_=1593830204172&CODE_STATE=getMsg HTTP/1.1" 200 27
172.17.0.100 - - [04/Jul/2020:10:36:47 +0800] "GET /xingrg/all/function/internal_message.html?_=1593830203139&CODE_STATE=getMsg HTTP/1.1" 200 27
114.88.156.166 - - [04/Jul/2020:10:36:48 +0800] "GET /xingrg/all/function/internal_message.html?_=1593830200996&CODE_STATE=getMsg HTTP/1.1" 200 27
61.129.6.251 - - [04/Jul/2020:10:36:48 +0800] "GET /xingrg/all/function/internal_message.html?_=1593830140998&CODE_STATE=getMsg HTTP/1.1" 302 -
117.184.7.30 - - [04/Jul/2020:10:36:48 +0800] "GET /xingrg/kc/buy/cgsh_order_operate.html?command=get_materiel&rest_code=00108&code=00101008101&supplier_code=00100008&order_time=2020-07-04 HTTP/1.1" 200 412
117.185.32.26 - - [04/Jul/2020:10:36:48 +0800] "GET /xingrg/all/function/internal_message.html?_=1593830201181&CODE_STATE=getMsg HTTP/1.1" 200 27
61.129.6.251 - - [04/Jul/2020:10:36:48 +0800] "GET /xingrg/login.html HTTP/1.1" 200 7641
172.17.0.185 - - [04/Jul/2020:10:36:49 +0800] "GET /xingrg/all/function/internal_message.html?_=1593830205680&CODE_STATE=getMsg HTTP/1.1" 200 27
114.88.170.9 - - [04/Jul/2020:10:36:52 +0800] "GET /xingrg/all/function/internal_message.html?_=1593830233502&CODE_STATE=getMsg HTTP/1.1" 200 27
114.86.190.97 - - [04/Jul/2020:10:36:52 +0800] "GET /xingrg/kc/buy/cgsh_order_operate.html?command=get_materiel&rest_code=00148&code=00101012046&supplier_code=00100347&order_time=2020-07-04 HTTP/1.1" 200 417
114.86.190.97 - - [04/Jul/2020:10:36:54 +0800] "GET /xingrg/check_reg.html?_=1593830215844 HTTP/1.1" 200 22
114.86.190.97 - - [04/Jul/2020:10:36:54 +0800] "GET /xingrg/all/function/internal_message.html?_=1593830215922&CODE_STATE=getMsg HTTP/1.1" 200 27
117.184.7.30 - - [04/Jul/2020:10:36:55 +0800] "GET /xingrg/kc/buy/cgsh_order_operate.html?command=get_materiel&rest_code=00108&code=00101019224&supplier_code=00100008&order_time=2020-07-04 HTTP/1.1" 200 408
58.40.7.146 - - [04/Jul/2020:10:36:58 +0800] "POST /xingrg/dwr/call/plaincall/AjaxCheckService.setItemNumber.dwr HTTP/1.1" 200 78
180.175.214.200 - - [04/Jul/2020:10:36:59 +0800] "GET /xingrg/all/function/internal_message.html?_=1593830423017&CODE_STATE=getMsg HTTP/1.1" 200 27
58.40.7.146 - - [04/Jul/2020:10:37:00 +0800] "POST /xingrg/dwr/call/plaincall/AjaxCheckService.setItemNumber.dwr HTTP/1.1" 200 78
120.253.135.82 - - [04/Jul/2020:10:37:04 +0800] "GET /xingrg/check_reg.html?_=1593830340675 HTTP/1.1" 200 22
114.86.190.97 - - [04/Jul/2020:10:37:05 +0800] "POST /xingrg/kc/buy/cgsh_order_operate.html HTTP/1.1" 200 37
172.17.0.123 - - [04/Jul/2020:10:37:06 +0800] "GET /xingrg/all/function/internal_message.html?_=1593830178421&CODE_STATE=getMsg HTTP/1.1" 200 27
58.40.7.146 - - [04/Jul/2020:10:37:07 +0800] "POST /xingrg/dwr/call/plaincall/AjaxCheckService.setItemNumber.dwr HTTP/1.1" 200 78
61.172.5.115 - - [04/Jul/2020:10:37:08 +0800] "GET /xingrg/kc/buy/cgsh_order_operate.html?command=get_materiel&rest_code=00105&code=00101008301&supplier_code=00100203&order_time=2020-07-04 HTTP/1.1" 200 422
114.86.190.97 - - [04/Jul/2020:10:37:08 +0800] "POST /xingrg/kc/buy/cgsh_order_operate.html HTTP/1.1" 200 12
114.86.190.97 - - [04/Jul/2020:10:37:09 +0800] "GET /xingrg/kc/buy/cgsh_order_info.html?code=212020070401298 HTTP/1.1" 200 54152
114.86.190.97 - - [04/Jul/2020:10:37:09 +0800] "GET /xingrg/javascript/easyui/themes/default/validatebox.css HTTP/1.1" 404 1104
114.86.190.97 - - [04/Jul/2020:10:37:10 +0800] "POST /xingrg/kc/buy/cgsh_order_operate.html HTTP/1.1" 200 4750
114.86.190.97 - - [04/Jul/2020:10:37:11 +0800] "GET /xingrg/kc/print/load_data.html?order_code=212020070401298&kc_code=cgsh&condition= HTTP/1.1" 200 2286
58.40.7.146 - - [04/Jul/2020:10:37:12 +0800] "POST /xingrg/dwr/call/plaincall/AjaxCheckService.setItemNumber.dwr HTTP/1.1" 200 78
117.184.7.26 - - [04/Jul/2020:10:37:12 +0800] "GET /xingrg/kc/buy/cgsh_order_operate.html?command=get_materiel&rest_code=00108&code=00101009005&supplier_code=00100008&order_time=2020-07-04 HTTP/1.1" 200 416
61.172.5.115 - - [04/Jul/2020:10:37:13 +0800] "GET /xingrg/all/function/internal_message.html?_=1593830230388&CODE_STATE=getMsg HTTP/1.1" 200 27
58.40.7.146 - - [04/Jul/2020:10:37:13 +0800] "POST /xingrg/dwr/call/plaincall/AjaxCheckService.setItemNumber.dwr HTTP/1.1" 200 78
58.40.7.146 - - [04/Jul/2020:10:37:13 +0800] "GET /xingrg/all/function/internal_message.html?_=1593830230193&CODE_STATE=getMsg HTTP/1.1" 200 27
114.89.80.44 - - [04/Jul/2020:10:37:15 +0800] "GET /xingrg/all/function/internal_message.html?_=1593830363125&CODE_STATE=getMsg HTTP/1.1" 200 27
172.17.200.101 - - [04/Jul/2020:10:37:15 +0800] "GET /xingrg/all/function/internal_message.html?_=1593830235338&CODE_STATE=getMsg HTTP/1.1" 200 27
117.184.7.26 - - [04/Jul/2020:10:37:15 +0800] "GET /xingrg/all/function/internal_message.html?_=1593830222650&CODE_STATE=getMsg HTTP/1.1" 200 27
114.86.190.97 - - [04/Jul/2020:10:37:16 +0800] "POST /xingrg/kc/buy/cgsh_list_operate.html HTTP/1.1" 200 876
101.228.167.227 - - [04/Jul/2020:10:37:19 +0800] "GET /xingrg/all/function/internal_message.html?_=1593830230876&CODE_STATE=getMsg HTTP/1.1" 200 27
117.184.7.26 - - [04/Jul/2020:10:37:20 +0800] "GET /xingrg/kc/buy/cgsh_order_operate.html?command=get_materiel&rest_code=00108&code=00101008028&supplier_code=00100008&order_time=2020-07-04 HTTP/1.1" 200 412
58.40.7.146 - - [04/Jul/2020:10:37:20 +0800] "POST /xingrg/dwr/call/plaincall/AjaxCheckService.setItemNumber.dwr HTTP/1.1" 200 78
124.76.237.190 - - [04/Jul/2020:10:37:22 +0800] "GET /xingrg/all/function/internal_message.html?_=1593829220220&CODE_STATE=getMsg HTTP/1.1" 200 27
58.40.7.146 - - [04/Jul/2020:10:37:24 +0800] "POST /xingrg/dwr/call/plaincall/AjaxCheckService.setItemNumber.dwr HTTP/1.1" 200 78
117.184.7.26 - - [04/Jul/2020:10:37:25 +0800] "GET /xingrg/all/function/internal_message.html?_=1593830232231&CODE_STATE=getMsg HTTP/1.1" 200 27
222.69.136.71 - - [04/Jul/2020:10:37:26 +0800] "GET /xingrg/all/function/internal_message.html?_=1593830235655&CODE_STATE=getMsg HTTP/1.1" 200 27
222.69.136.71 - - [04/Jul/2020:10:37:26 +0800] "GET /xingrg/check_reg.html?_=1593830235656 HTTP/1.1" 200 22
58.40.7.146 - - [04/Jul/2020:10:37:27 +0800] "POST /xingrg/dwr/call/plaincall/AjaxCheckService.setItemNumber.dwr HTTP/1.1" 200 78
116.233.76.29 - - [04/Jul/2020:10:37:30 +0800] "GET /xingrg/all/function/internal_message.html?_=1593830296765&CODE_STATE=getMsg HTTP/1.1" 200 27
101.228.167.227 - - [04/Jul/2020:10:37:32 +0800] "GET /xingrg/all/function/internal_message.html?_=1593830270653&CODE_STATE=getMsg HTTP/1.1" 200 27
172.17.0.106 - - [04/Jul/2020:10:37:34 +0800] "GET /xingrg/all/function/internal_message.html?_=1593830251729&CODE_STATE=getMsg HTTP/1.1" 200 27
120.253.135.82 - - [04/Jul/2020:10:37:35 +0800] "GET /xingrg/all/function/internal_message.html?_=1593830371790&CODE_STATE=getMsg HTTP/1.1" 200 27
172.17.0.240 - - [04/Jul/2020:10:37:35 +0800] "GET /xingrg/all/function/internal_message.html?_=1593830251318&CODE_STATE=getMsg HTTP/1.1" 200 27
172.17.0.120 - - [04/Jul/2020:10:37:40 +0800] "GET /xingrg/all/function/internal_message.html?_=1593830255225&CODE_STATE=getMsg HTTP/1.1" 200 27
61.172.5.115 - - [04/Jul/2020:10:37:40 +0800] "POST /xingrg/kc/buy/cgsh_order_operate.html HTTP/1.1" 200 37
114.88.170.9 - - [04/Jul/2020:10:37:40 +0800] "GET /xingrg/check_reg.html?_=1593830253356 HTTP/1.1" 200 22
61.172.5.115 - - [04/Jul/2020:10:37:41 +0800] "POST /xingrg/kc/buy/cgsh_order_operate.html HTTP/1.1" 200 43390
114.88.156.166 - - [04/Jul/2020:10:37:43 +0800] "GET /xingrg/check_reg.html?_=1593830255971 HTTP/1.1" 200 22
114.89.80.44 - - [04/Jul/2020:10:37:47 +0800] "GET /xingrg/all/function/internal_message.html?_=1593830264171&CODE_STATE=getMsg HTTP/1.1" 200 27
172.17.0.100 - - [04/Jul/2020:10:37:47 +0800] "GET /xingrg/all/function/internal_message.html?_=1593830263140&CODE_STATE=getMsg HTTP/1.1" 200 27
114.88.156.166 - - [04/Jul/2020:10:37:48 +0800] "GET /xingrg/all/function/internal_message.html?_=1593830260996&CODE_STATE=getMsg HTTP/1.1" 200 27
114.88.156.166 - - [04/Jul/2020:10:37:48 +0800] "GET /xingrg/check_reg.html?_=1593830260998 HTTP/1.1" 200 22
183.192.164.85 - - [04/Jul/2020:10:37:48 +0800] "GET /xingrg/all/function/internal_message.html?_=1593830201181&CODE_STATE=getMsg HTTP/1.1" 302 -
117.185.32.26 - - [04/Jul/2020:10:37:48 +0800] "GET /xingrg/all/function/internal_message.html?_=1593830261181&CODE_STATE=getMsg HTTP/1.1" 200 27
183.192.164.85 - - [04/Jul/2020:10:37:48 +0800] "GET /xingrg/login.html HTTP/1.1" 200 7641
172.17.0.185 - - [04/Jul/2020:10:37:49 +0800] "GET /xingrg/all/function/internal_message.html?_=1593830265684&CODE_STATE=getMsg HTTP/1.1" 200 27
172.17.0.185 - - [04/Jul/2020:10:37:49 +0800] "GET /xingrg/check_reg.html?_=1593830265687 HTTP/1.1" 200 22
114.88.170.9 - - [04/Jul/2020:10:37:52 +0800] "GET /xingrg/check_reg.html?_=1593830293502 HTTP/1.1" 200 22
114.88.170.9 - - [04/Jul/2020:10:37:52 +0800] "GET /xingrg/all/function/internal_message.html?_=1593830293501&CODE_STATE=getMsg HTTP/1.1" 200 27
114.86.190.97 - - [04/Jul/2020:10:37:54 +0800] "GET /xingrg/all/function/internal_message.html?_=1593830275911&CODE_STATE=getMsg HTTP/1.1" 200 27
180.175.214.200 - - [04/Jul/2020:10:37:59 +0800] "GET /xingrg/all/function/internal_message.html?_=1593830483457&CODE_STATE=getMsg HTTP/1.1" 200 27
172.17.0.123 - - [04/Jul/2020:10:38:06 +0800] "GET /xingrg/all/function/internal_message.html?_=1593830238424&CODE_STATE=getMsg HTTP/1.1" 200 27
172.17.0.123 - - [04/Jul/2020:10:38:06 +0800] "GET /xingrg/check_reg.html?_=1593830238426 HTTP/1.1" 200 22
117.184.7.26 - - [04/Jul/2020:10:38:09 +0800] "GET /xingrg/kc/buy/cgsh_order_operate.html?command=get_materiel&rest_code=00108&code=00101008176&supplier_code=00100008&order_time=2020-07-04 HTTP/1.1" 200 412
61.172.5.115 - - [04/Jul/2020:10:38:13 +0800] "GET /xingrg/all/function/internal_message.html?_=1593830290362&CODE_STATE=getMsg HTTP/1.1" 200 27
58.40.7.146 - - [04/Jul/2020:10:38:13 +0800] "GET /xingrg/all/function/internal_message.html?_=1593830290167&CODE_STATE=getMsg HTTP/1.1" 200 27
117.184.7.26 - - [04/Jul/2020:10:38:14 +0800] "POST /xingrg/kc/buy/cgsh_order_operate.html HTTP/1.1" 200 37
114.89.80.44 - - [04/Jul/2020:10:38:14 +0800] "GET /xingrg/check_reg.html?_=1593830423019 HTTP/1.1" 200 22
114.89.80.44 - - [04/Jul/2020:10:38:15 +0800] "GET /xingrg/all/function/internal_message.html?_=1593830423138&CODE_STATE=getMsg HTTP/1.1" 200 27
172.17.200.101 - - [04/Jul/2020:10:38:15 +0800] "GET /xingrg/all/function/internal_message.html?_=1593830295340&CODE_STATE=getMsg HTTP/1.1" 200 27
172.17.200.101 - - [04/Jul/2020:10:38:15 +0800] "GET /xingrg/check_reg.html?_=1593830295341 HTTP/1.1" 200 22
117.184.7.26 - - [04/Jul/2020:10:38:15 +0800] "GET /xingrg/all/function/internal_message.html?_=1593830282626&CODE_STATE=getMsg HTTP/1.1" 200 27
117.184.7.26 - - [04/Jul/2020:10:38:17 +0800] "POST /xingrg/kc/buy/cgsh_order_operate.html HTTP/1.1" 200 35744
101.228.167.227 - - [04/Jul/2020:10:38:19 +0800] "GET /xingrg/all/function/internal_message.html?_=1593830290939&CODE_STATE=getMsg HTTP/1.1" 200 27
124.76.237.190 - - [04/Jul/2020:10:38:22 +0800] "GET /xingrg/all/function/internal_message.html?_=1593829280219&CODE_STATE=getMsg HTTP/1.1" 200 27
124.76.237.190 - - [04/Jul/2020:10:38:22 +0800] "GET /xingrg/check_reg.html?_=1593829280222 HTTP/1.1" 200 22
117.184.7.26 - - [04/Jul/2020:10:38:25 +0800] "GET /xingrg/all/function/internal_message.html?_=1593830292244&CODE_STATE=getMsg HTTP/1.1" 200 27
222.69.136.71 - - [04/Jul/2020:10:38:26 +0800] "GET /xingrg/all/function/internal_message.html?_=1593830295655&CODE_STATE=getMsg HTTP/1.1" 200 27
101.228.167.227 - - [04/Jul/2020:10:38:28 +0800] "POST /xingrg/services/DataTransmitService HTTP/1.1" 401 565
101.228.167.227 - - [04/Jul/2020:10:38:28 +0800] "POST /xingrg/services/DataTransmitService HTTP/1.1" 200 478
101.228.167.227 - - [04/Jul/2020:10:38:28 +0800] "POST /xingrg/services/DataTransmitService HTTP/1.1" 200 1320
101.228.167.227 - - [04/Jul/2020:10:38:28 +0800] "POST /xingrg/services/DataTransmitService HTTP/1.1" 200 478
101.228.167.227 - - [04/Jul/2020:10:38:28 +0800] "POST /xingrg/services/DataTransmitService HTTP/1.1" 200 1320
101.228.167.227 - - [04/Jul/2020:10:38:28 +0800] "POST /xingrg/services/DataTransmitService HTTP/1.1" 200 524
101.228.167.227 - - [04/Jul/2020:10:38:28 +0800] "POST /xingrg/services/DataTransmitService HTTP/1.1" 200 2147
101.228.167.227 - - [04/Jul/2020:10:38:28 +0800] "POST /xingrg/services/DataTransmitService HTTP/1.1" 200 45454
101.228.167.227 - - [04/Jul/2020:10:38:28 +0800] "POST /xingrg/services/DataTransmitService HTTP/1.1" 200 19237
116.233.76.29 - - [04/Jul/2020:10:38:29 +0800] "GET /xingrg/all/function/internal_message.html?_=1593830356765&CODE_STATE=getMsg HTTP/1.1" 200 27
101.228.167.227 - - [04/Jul/2020:10:38:32 +0800] "GET /xingrg/all/function/internal_message.html?_=1593830330667&CODE_STATE=getMsg HTTP/1.1" 200 27
101.228.167.227 - - [04/Jul/2020:10:38:32 +0800] "POST /xingrg/services/DataTransmitService HTTP/1.1" 200 524
101.228.167.227 - - [04/Jul/2020:10:38:32 +0800] "POST /xingrg/services/DataTransmitService HTTP/1.1" 200 2147
101.228.167.227 - - [04/Jul/2020:10:38:33 +0800] "POST /xingrg/services/DataTransmitService HTTP/1.1" 200 524
101.228.167.227 - - [04/Jul/2020:10:38:33 +0800] "POST /xingrg/services/DataTransmitService HTTP/1.1" 200 2147
58.40.7.146 - - [04/Jul/2020:10:38:33 +0800] "POST /xingrg/dwr/call/plaincall/AjaxCheckService.setItemNumber.dwr HTTP/1.1" 200 78
101.228.167.227 - - [04/Jul/2020:10:38:34 +0800] "POST /xingrg/services/DataTransmitService HTTP/1.1" 200 524
101.228.167.227 - - [04/Jul/2020:10:38:34 +0800] "POST /xingrg/services/DataTransmitService HTTP/1.1" 200 2147
172.17.0.106 - - [04/Jul/2020:10:38:34 +0800] "GET /xingrg/all/function/internal_message.html?_=1593830311727&CODE_STATE=getMsg HTTP/1.1" 200 27
101.228.167.227 - - [04/Jul/2020:10:38:35 +0800] "POST /xingrg/services/DataTransmitService HTTP/1.1" 200 524
101.228.167.227 - - [04/Jul/2020:10:38:35 +0800] "POST /xingrg/services/DataTransmitService HTTP/1.1" 200 2147
172.17.0.240 - - [04/Jul/2020:10:38:35 +0800] "GET /xingrg/all/function/internal_message.html?_=1593830311292&CODE_STATE=getMsg HTTP/1.1" 200 27
120.253.135.82 - - [04/Jul/2020:10:38:35 +0800] "GET /xingrg/all/function/internal_message.html?_=1593830431792&CODE_STATE=getMsg HTTP/1.1" 200 27
101.228.167.227 - - [04/Jul/2020:10:38:35 +0800] "POST /xingrg/services/DataTransmitService HTTP/1.1" 200 524
101.228.167.227 - - [04/Jul/2020:10:38:35 +0800] "POST /xingrg/services/DataTransmitService HTTP/1.1" 200 2147
58.40.7.146 - - [04/Jul/2020:10:38:35 +0800] "POST /xingrg/dwr/call/plaincall/AjaxCheckService.setItemNumber.dwr HTTP/1.1" 200 78
58.40.7.146 - - [04/Jul/2020:10:38:37 +0800] "POST /xingrg/dwr/call/plaincall/AjaxCheckService.setItemNumber.dwr HTTP/1.1" 200 78
172.17.0.120 - - [04/Jul/2020:10:38:40 +0800] "GET /xingrg/all/function/internal_message.html?_=1593830315232&CODE_STATE=getMsg HTTP/1.1" 200 27
58.40.7.146 - - [04/Jul/2020:10:38:41 +0800] "POST /xingrg/dwr/call/plaincall/AjaxCheckService.setItemNumber.dwr HTTP/1.1" 200 78
101.89.239.238 - - [04/Jul/2020:10:38:44 +0800] "GET /xingrg/check_reg.html?_=1593830255971 HTTP/1.1" 302 -
101.89.239.238 - - [04/Jul/2020:10:38:45 +0800] "GET /xingrg/login.html HTTP/1.1" 200 7641
58.40.7.146 - - [04/Jul/2020:10:38:46 +0800] "POST /xingrg/dwr/call/plaincall/AjaxCheckService.setItemNumber.dwr HTTP/1.1" 200 78
180.175.214.200 - - [04/Jul/2020:10:38:46 +0800] "GET /xingrg/check_reg.html?_=1593830529893 HTTP/1.1" 200 22
114.89.80.44 - - [04/Jul/2020:10:38:47 +0800] "GET /xingrg/all/function/internal_message.html?_=1593830324171&CODE_STATE=getMsg HTTP/1.1" 200 27
172.17.0.100 - - [04/Jul/2020:10:38:47 +0800] "GET /xingrg/all/function/internal_message.html?_=1593830323152&CODE_STATE=getMsg HTTP/1.1" 200 27
114.88.156.166 - - [04/Jul/2020:10:38:48 +0800] "GET /xingrg/all/function/internal_message.html?_=1593830320997&CODE_STATE=getMsg HTTP/1.1" 200 27
117.184.7.26 - - [04/Jul/2020:10:38:48 +0800] "POST /xingrg/kc/buy/cgsh_order_operate.html HTTP/1.1" 200 2065
117.185.32.26 - - [04/Jul/2020:10:38:48 +0800] "GET /xingrg/all/function/internal_message.html?_=1593830321184&CODE_STATE=getMsg HTTP/1.1" 200 27
183.192.164.85 - - [04/Jul/2020:10:38:48 +0800] "GET /xingrg/all/function/internal_message.html?_=1593830261181&CODE_STATE=getMsg HTTP/1.1" 302 -
183.192.164.85 - - [04/Jul/2020:10:38:49 +0800] "GET /xingrg/login.html HTTP/1.1" 200 7641
58.40.7.146 - - [04/Jul/2020:10:38:49 +0800] "POST /xingrg/dwr/call/plaincall/AjaxCheckService.setItemNumber.dwr HTTP/1.1" 200 78
172.17.0.185 - - [04/Jul/2020:10:38:49 +0800] "GET /xingrg/all/function/internal_message.html?_=1593830325674&CODE_STATE=getMsg HTTP/1.1" 200 27
114.88.170.9 - - [04/Jul/2020:10:38:52 +0800] "GET /xingrg/all/function/internal_message.html?_=1593830353500&CODE_STATE=getMsg HTTP/1.1" 200 27
120.253.135.82 - - [04/Jul/2020:10:38:54 +0800] "GET /xingrg/check_reg.html?_=1593830450596 HTTP/1.1" 200 22
58.40.7.146 - - [04/Jul/2020:10:38:54 +0800] "POST /xingrg/dwr/call/plaincall/AjaxCheckService.setItemNumber.dwr HTTP/1.1" 200 78
114.86.190.97 - - [04/Jul/2020:10:38:54 +0800] "GET /xingrg/all/function/internal_message.html?_=1593830335898&CODE_STATE=getMsg HTTP/1.1" 200 27
58.40.7.146 - - [04/Jul/2020:10:38:58 +0800] "POST /xingrg/dwr/call/plaincall/AjaxCheckService.setItemNumber.dwr HTTP/1.1" 200 78
180.175.214.200 - - [04/Jul/2020:10:38:59 +0800] "GET /xingrg/all/function/internal_message.html?_=1593830543464&CODE_STATE=getMsg HTTP/1.1" 200 27
117.184.7.26 - - [04/Jul/2020:10:39:02 +0800] "GET /xingrg/kc/buy/cgsh_order_operate.html?command=get_materiel&rest_code=00108&code=00101008290&supplier_code=00100008&order_time=2020-07-04 HTTP/1.1" 200 416
101.228.167.227 - - [04/Jul/2020:10:39:02 +0800] "POST /xingrg/services/DataTransmitService HTTP/1.1" 200 524
101.228.167.227 - - [04/Jul/2020:10:39:02 +0800] "POST /xingrg/services/DataTransmitService HTTP/1.1" 200 2147
101.228.167.227 - - [04/Jul/2020:10:39:02 +0800] "POST /xingrg/services/DataTransmitService HTTP/1.1" 200 524
101.228.167.227 - - [04/Jul/2020:10:39:03 +0800] "POST /xingrg/services/DataTransmitService HTTP/1.1" 200 2147
101.228.167.227 - - [04/Jul/2020:10:39:04 +0800] "POST /xingrg/services/DataTransmitService HTTP/1.1" 200 524
101.228.167.227 - - [04/Jul/2020:10:39:04 +0800] "POST /xingrg/services/DataTransmitService HTTP/1.1" 200 2147
101.228.167.227 - - [04/Jul/2020:10:39:05 +0800] "POST /xingrg/services/DataTransmitService HTTP/1.1" 200 524
101.228.167.227 - - [04/Jul/2020:10:39:05 +0800] "POST /xingrg/services/DataTransmitService HTTP/1.1" 200 2147
172.17.0.123 - - [04/Jul/2020:10:39:06 +0800] "GET /xingrg/all/function/internal_message.html?_=1593830298412&CODE_STATE=getMsg HTTP/1.1" 200 27
117.184.7.26 - - [04/Jul/2020:10:39:07 +0800] "GET /xingrg/kc/buy/cgsh_order_operate.html?command=get_materiel&rest_code=00108&code=00101008356&supplier_code=00100008&order_time=2020-07-04 HTTP/1.1" 200 408
58.40.7.146 - - [04/Jul/2020:10:39:08 +0800] "POST /xingrg/dwr/call/plaincall/AjaxCheckService.setItemNumber.dwr HTTP/1.1" 200 78
117.184.7.26 - - [04/Jul/2020:10:39:13 +0800] "GET /xingrg/kc/buy/cgsh_order_operate.html?command=get_materiel&rest_code=00108&code=00101008223&supplier_code=00100008&order_time=2020-07-04 HTTP/1.1" 200 412
61.172.5.115 - - [04/Jul/2020:10:39:13 +0800] "GET /xingrg/all/function/internal_message.html?_=1593830350341&CODE_STATE=getMsg HTTP/1.1" 200 27
58.40.7.146 - - [04/Jul/2020:10:39:13 +0800] "GET /xingrg/check_reg.html?_=1593830349889 HTTP/1.1" 200 22
58.40.7.146 - - [04/Jul/2020:10:39:13 +0800] "GET /xingrg/all/function/internal_message.html?_=1593830350217&CODE_STATE=getMsg HTTP/1.1" 200 27
117.184.7.26 - - [04/Jul/2020:10:39:14 +0800] "GET /xingrg/check_reg.html?_=1593830341226 HTTP/1.1" 200 22
114.89.80.44 - - [04/Jul/2020:10:39:15 +0800] "GET /xingrg/all/function/internal_message.html?_=1593830483152&CODE_STATE=getMsg HTTP/1.1" 200 27
172.17.200.101 - - [04/Jul/2020:10:39:15 +0800] "GET /xingrg/all/function/internal_message.html?_=1593830355343&CODE_STATE=getMsg HTTP/1.1" 200 27
120.253.135.82 - - [04/Jul/2020:10:39:15 +0800] "GET /xingrg/check_reg.html?_=1593830472128 HTTP/1.1" 200 22
117.184.7.26 - - [04/Jul/2020:10:39:15 +0800] "GET /xingrg/all/function/internal_message.html?_=1593830342601&CODE_STATE=getMsg HTTP/1.1" 200 27
58.40.7.146 - - [04/Jul/2020:10:39:19 +0800] "POST /xingrg/dwr/call/plaincall/AjaxCheckService.checkOrder.dwr HTTP/1.1" 200 80
101.228.167.227 - - [04/Jul/2020:10:39:19 +0800] "GET /xingrg/all/function/internal_message.html?_=1593830350951&CODE_STATE=getMsg HTTP/1.1" 200 27
58.40.7.146 - - [04/Jul/2020:10:39:20 +0800] "GET /xingrg/kc/base/check_order_info.html?code=452020070400226 HTTP/1.1" 200 23114
58.40.7.146 - - [04/Jul/2020:10:39:20 +0800] "GET /xingrg/dwr/interface/AjaxComOrderService.js HTTP/1.1" 200 18264
58.40.7.146 - - [04/Jul/2020:10:39:20 +0800] "GET /xingrg/dwr/interface/AjaxCheckService.js HTTP/1.1" 200 14003
58.40.7.146 - - [04/Jul/2020:10:39:20 +0800] "GET /xingrg/dwr/engine.js HTTP/1.1" 200 43631
58.40.7.146 - - [04/Jul/2020:10:39:20 +0800] "POST /xingrg/dwr/call/plaincall/AjaxCheckService.loadOrderItems.dwr HTTP/1.1" 200 59870
124.76.237.190 - - [04/Jul/2020:10:39:22 +0800] "GET /xingrg/all/function/internal_message.html?_=1593829340220&CODE_STATE=getMsg HTTP/1.1" 200 27
117.184.7.26 - - [04/Jul/2020:10:39:25 +0800] "POST /xingrg/kc/buy/cgsh_order_operate.html HTTP/1.1" 200 2065
117.184.7.26 - - [04/Jul/2020:10:39:25 +0800] "GET /xingrg/all/function/internal_message.html?_=1593830352330&CODE_STATE=getMsg HTTP/1.1" 200 27
222.69.136.71 - - [04/Jul/2020:10:39:26 +0800] "GET /xingrg/all/function/internal_message.html?_=1593830355657&CODE_STATE=getMsg HTTP/1.1" 200 27
101.228.167.227 - - [04/Jul/2020:10:39:29 +0800] "POST /xingrg/services/DataTransmitService HTTP/1.1" 200 524
116.233.76.29 - - [04/Jul/2020:10:39:29 +0800] "GET /xingrg/all/function/internal_message.html?_=1593830416765&CODE_STATE=getMsg HTTP/1.1" 200 27
101.228.167.227 - - [04/Jul/2020:10:39:29 +0800] "POST /xingrg/services/DataTransmitService HTTP/1.1" 200 2147
101.228.167.227 - - [04/Jul/2020:10:39:30 +0800] "POST /xingrg/services/DataTransmitService HTTP/1.1" 200 524
101.228.167.227 - - [04/Jul/2020:10:39:30 +0800] "POST /xingrg/services/DataTransmitService HTTP/1.1" 200 2147
101.228.167.227 - - [04/Jul/2020:10:39:30 +0800] "POST /xingrg/services/DataTransmitService HTTP/1.1" 200 524
101.228.167.227 - - [04/Jul/2020:10:39:30 +0800] "POST /xingrg/services/DataTransmitService HTTP/1.1" 200 2147
101.228.167.227 - - [04/Jul/2020:10:39:30 +0800] "POST /xingrg/services/DataTransmitService HTTP/1.1" 200 524
101.228.167.227 - - [04/Jul/2020:10:39:31 +0800] "POST /xingrg/services/DataTransmitService HTTP/1.1" 200 2147
101.228.167.227 - - [04/Jul/2020:10:39:32 +0800] "GET /xingrg/check_reg.html?_=1593830390559 HTTP/1.1" 200 22
101.228.167.227 - - [04/Jul/2020:10:39:32 +0800] "GET /xingrg/all/function/internal_message.html?_=1593830390680&CODE_STATE=getMsg HTTP/1.1" 200 27
101.228.167.227 - - [04/Jul/2020:10:39:33 +0800] "POST /xingrg/services/DataTransmitService HTTP/1.1" 200 524
101.228.167.227 - - [04/Jul/2020:10:39:33 +0800] "POST /xingrg/services/DataTransmitService HTTP/1.1" 200 2147
101.228.167.227 - - [04/Jul/2020:10:39:34 +0800] "POST /xingrg/services/DataTransmitService HTTP/1.1" 200 524
101.228.167.227 - - [04/Jul/2020:10:39:34 +0800] "POST /xingrg/services/DataTransmitService HTTP/1.1" 200 2147
172.17.0.106 - - [04/Jul/2020:10:39:34 +0800] "GET /xingrg/all/function/internal_message.html?_=1593830371733&CODE_STATE=getMsg HTTP/1.1" 200 27
101.228.167.227 - - [04/Jul/2020:10:39:35 +0800] "POST /xingrg/services/DataTransmitService HTTP/1.1" 200 524
101.228.167.227 - - [04/Jul/2020:10:39:35 +0800] "POST /xingrg/services/DataTransmitService HTTP/1.1" 200 2147
172.17.0.240 - - [04/Jul/2020:10:39:35 +0800] "GET /xingrg/all/function/internal_message.html?_=1593830371298&CODE_STATE=getMsg HTTP/1.1" 200 27
120.253.135.82 - - [04/Jul/2020:10:39:35 +0800] "GET /xingrg/all/function/internal_message.html?_=1593830491805&CODE_STATE=getMsg HTTP/1.1" 200 27
101.228.167.227 - - [04/Jul/2020:10:39:35 +0800] "POST /xingrg/services/DataTransmitService HTTP/1.1" 200 524
101.228.167.227 - - [04/Jul/2020:10:39:35 +0800] "POST /xingrg/services/DataTransmitService HTTP/1.1" 200 2147
101.228.167.227 - - [04/Jul/2020:10:39:36 +0800] "POST /xingrg/services/DataTransmitService HTTP/1.1" 200 524
101.228.167.227 - - [04/Jul/2020:10:39:36 +0800] "POST /xingrg/services/DataTransmitService HTTP/1.1" 200 2147
101.228.167.227 - - [04/Jul/2020:10:39:37 +0800] "POST /xingrg/services/DataTransmitService HTTP/1.1" 200 524
101.228.167.227 - - [04/Jul/2020:10:39:37 +0800] "POST /xingrg/services/DataTransmitService HTTP/1.1" 200 2147
101.228.167.227 - - [04/Jul/2020:10:39:37 +0800] "POST /xingrg/services/DataTransmitService HTTP/1.1" 200 524
101.228.167.227 - - [04/Jul/2020:10:39:37 +0800] "POST /xingrg/services/DataTransmitService HTTP/1.1" 200 2147
172.17.0.120 - - [04/Jul/2020:10:39:40 +0800] "GET /xingrg/all/function/internal_message.html?_=1593830375238&CODE_STATE=getMsg HTTP/1.1" 200 27
101.228.167.227 - - [04/Jul/2020:10:39:40 +0800] "POST /xingrg/services/DataTransmitService HTTP/1.1" 200 524
101.228.167.227 - - [04/Jul/2020:10:39:40 +0800] "POST /xingrg/services/DataTransmitService HTTP/1.1" 200 2147
101.228.167.227 - - [04/Jul/2020:10:39:41 +0800] "POST /xingrg/services/DataTransmitService HTTP/1.1" 200 524
101.228.167.227 - - [04/Jul/2020:10:39:41 +0800] "POST /xingrg/services/DataTransmitService HTTP/1.1" 200 2147
101.228.167.227 - - [04/Jul/2020:10:39:41 +0800] "POST /xingrg/services/DataTransmitService HTTP/1.1" 200 524
101.228.167.227 - - [04/Jul/2020:10:39:41 +0800] "POST /xingrg/services/DataTransmitService HTTP/1.1" 200 2147
114.89.80.44 - - [04/Jul/2020:10:39:47 +0800] "GET /xingrg/all/function/internal_message.html?_=1593830384188&CODE_STATE=getMsg HTTP/1.1" 200 27
172.17.0.100 - - [04/Jul/2020:10:39:47 +0800] "GET /xingrg/all/function/internal_message.html?_=1593830383165&CODE_STATE=getMsg HTTP/1.1" 200 27
114.88.156.166 - - [04/Jul/2020:10:39:48 +0800] "GET /xingrg/all/function/internal_message.html?_=1593830380996&CODE_STATE=getMsg HTTP/1.1" 200 27
117.185.32.26 - - [04/Jul/2020:10:39:48 +0800] "GET /xingrg/check_reg.html?_=1593830381183 HTTP/1.1" 200 22
117.185.32.26 - - [04/Jul/2020:10:39:48 +0800] "GET /xingrg/all/function/internal_message.html?_=1593830381185&CODE_STATE=getMsg HTTP/1.1" 200 27
172.17.0.185 - - [04/Jul/2020:10:39:49 +0800] "GET /xingrg/all/function/internal_message.html?_=1593830385680&CODE_STATE=getMsg HTTP/1.1" 200 27
114.89.80.44 - - [04/Jul/2020:10:39:50 +0800] "GET /xingrg/images/yd/bt.gif HTTP/1.1" 404 1040
120.204.17.72 - - [04/Jul/2020:10:39:50 +0800] "GET /xingrg/all/function/internal_message.html?_=1593830321184&CODE_STATE=getMsg HTTP/1.1" 302 -
114.88.170.9 - - [04/Jul/2020:10:39:52 +0800] "GET /xingrg/all/function/internal_message.html?_=1593830413504&CODE_STATE=getMsg HTTP/1.1" 200 27
120.204.17.72 - - [04/Jul/2020:10:39:52 +0800] "GET /xingrg/login.html HTTP/1.1" 200 7641
58.40.7.146 - - [04/Jul/2020:10:39:53 +0800] "GET /xingrg/kc/report/report_main.html HTTP/1.1" 200 7345
114.86.190.97 - - [04/Jul/2020:10:39:54 +0800] "GET /xingrg/all/function/internal_message.html?_=1593830395878&CODE_STATE=getMsg HTTP/1.1" 200 27
180.175.214.200 - - [04/Jul/2020:10:39:59 +0800] "GET /xingrg/all/function/internal_message.html?_=1593830603480&CODE_STATE=getMsg HTTP/1.1" 200 27
117.184.7.26 - - [04/Jul/2020:10:40:00 +0800] "GET /xingrg/kc/buy/cgsh_order_operate.html?command=get_materiel&rest_code=00108&code=00101008114&supplier_code=00100008&order_time=2020-07-04 HTTP/1.1" 200 412
58.40.7.146 - - [04/Jul/2020:10:40:01 +0800] "GET /xingrg/all/report/report_query.html?fileName=kc/buy/wlcg_mx.xml HTTP/1.1" 200 51648
58.40.7.146 - - [04/Jul/2020:10:40:01 +0800] "GET /xingrg/dwr/interface/AjaxReportQueryService.js HTTP/1.1" 200 13203
58.40.7.146 - - [04/Jul/2020:10:40:01 +0800] "GET /xingrg/dwr/engine.js HTTP/1.1" 200 43631
58.40.7.146 - - [04/Jul/2020:10:40:01 +0800] "POST /xingrg/dwr/call/plaincall/AjaxReportQueryService.getFixDate.dwr HTTP/1.1" 200 111
58.40.7.146 - - [04/Jul/2020:10:40:01 +0800] "POST /xingrg/dwr/call/plaincall/AjaxReportQueryService.getInitString.dwr HTTP/1.1" 200 21814
58.40.7.146 - - [04/Jul/2020:10:40:02 +0800] "POST /xingrg/dwr/call/plaincall/AjaxReportQueryService.getInitString.dwr HTTP/1.1" 200 792
58.40.7.146 - - [04/Jul/2020:10:40:02 +0800] "POST /xingrg/dwr/call/plaincall/AjaxReportQueryService.getInitString.dwr HTTP/1.1" 200 125
58.221.95.50 - - [04/Jul/2020:10:40:03 +0800] "GET /xingrg/check_reg.html?_=1593830490643 HTTP/1.1" 200 22
58.221.95.50 - - [04/Jul/2020:10:40:03 +0800] "GET /xingrg/check_reg.html?_=1593830490791 HTTP/1.1" 200 22
172.17.200.101 - - [04/Jul/2020:10:40:04 +0800] "GET /xingrg/all/report/report_query.html?isQuery=1&fileName=kc/base/crk_detail_by_small.xml&rh=99999&queryString=&queryText=%25E3%2580%2590%25E4%25BB%2593%25E5%25BA%2593%25E5%2590%258D%25E7%25A7%25B0%253A%25E9%25A3%259F%25E5%2593%2581%25E4%25BB%2593%25E5%25BA%2593%25E3%2580%2591%25E3%2580%2590%25E4%25B8%259A%25E5%258A%25A1%25E7%25B1%25BB%25E5%259E%258B%25EF%25BC%259A%25E5%2586%2585%25E9%2583%25A8%25E8%25B0%2583%25E5%2587%25BA%25E3%2580%2591%2520%253F%253F%253F%253F%253F2020-06-01%253F%253F2020-06-30%2520%253F%253F%253F%253F%253F%253F%253F%253F%252C%253F%253F%253F%253F%253F%253F%252C%253F%253F%253F%253F%253F%252C%253F%253F%253F%253F%253F%252C%253F%253F%253F%253F%253F&tableQueryString=crk_table%2524sp1%2524order_day%2520between%252020200601%2520and%252020200630%2520and%2520(base_code%253D'0010538')%2520and%2520(src_order_type%2520in%2520(42))%2520and%2520(is_rk%2520in%2520(0)) HTTP/1.1" 200 53763
172.17.200.101 - - [04/Jul/2020:10:40:04 +0800] "GET /xingrg/dwr/interface/AjaxReportQueryService.js HTTP/1.1" 200 13203
172.17.200.101 - - [04/Jul/2020:10:40:04 +0800] "GET /xingrg/dwr/engine.js HTTP/1.1" 200 43631
172.17.200.101 - - [04/Jul/2020:10:40:05 +0800] "POST /xingrg/all/report/load_report_page.html HTTP/1.1" 200 31394
172.17.200.101 - - [04/Jul/2020:10:40:05 +0800] "GET /xingrg/servlets/image?cache=0.2781559638590777&image=px HTTP/1.1" 200 807
172.17.0.123 - - [04/Jul/2020:10:40:06 +0800] "GET /xingrg/all/function/internal_message.html?_=1593830358413&CODE_STATE=getMsg HTTP/1.1" 200 27
117.184.7.30 - - [04/Jul/2020:10:40:11 +0800] "GET /xingrg/kc/buy/cgsh_order_operate.html?command=get_materiel&rest_code=00108&code=00101008229&supplier_code=00100008&order_time=2020-07-04 HTTP/1.1" 200 420
61.172.5.115 - - [04/Jul/2020:10:40:13 +0800] "GET /xingrg/all/function/internal_message.html?_=1593830410319&CODE_STATE=getMsg HTTP/1.1" 200 27
61.172.5.115 - - [04/Jul/2020:10:40:13 +0800] "GET /xingrg/check_reg.html?_=1593830410437 HTTP/1.1" 200 22
58.40.7.146 - - [04/Jul/2020:10:40:13 +0800] "GET /xingrg/all/function/internal_message.html?_=1593830410198&CODE_STATE=getMsg HTTP/1.1" 200 27
114.89.80.44 - - [04/Jul/2020:10:40:15 +0800] "GET /xingrg/all/function/internal_message.html?_=1593830543166&CODE_STATE=getMsg HTTP/1.1" 200 27
172.17.200.101 - - [04/Jul/2020:10:40:15 +0800] "GET /xingrg/all/function/internal_message.html?_=1593830415340&CODE_STATE=getMsg HTTP/1.1" 200 27
117.184.7.26 - - [04/Jul/2020:10:40:15 +0800] "GET /xingrg/all/function/internal_message.html?_=1593830402586&CODE_STATE=getMsg HTTP/1.1" 200 27
101.228.167.227 - - [04/Jul/2020:10:40:18 +0800] "GET /xingrg/check_reg.html?_=1593830410006 HTTP/1.1" 200 22
101.228.167.227 - - [04/Jul/2020:10:40:19 +0800] "GET /xingrg/all/function/internal_message.html?_=1593830410963&CODE_STATE=getMsg HTTP/1.1" 200 27
124.76.237.190 - - [04/Jul/2020:10:40:22 +0800] "GET /xingrg/all/function/internal_message.html?_=1593829400220&CODE_STATE=getMsg HTTP/1.1" 200 27
117.184.7.30 - - [04/Jul/2020:10:40:24 +0800] "GET /xingrg/kc/buy/cgsh_order_operate.html?command=get_materiel&rest_code=00108&code=00101008041&supplier_code=00100008&order_time=2020-07-04 HTTP/1.1" 200 408
117.184.7.30 - - [04/Jul/2020:10:40:25 +0800] "GET /xingrg/check_reg.html?_=1593830412476 HTTP/1.1" 200 22
117.184.7.30 - - [04/Jul/2020:10:40:25 +0800] "GET /xingrg/all/function/internal_message.html?_=1593830412477&CODE_STATE=getMsg HTTP/1.1" 200 27
61.172.5.115 - - [04/Jul/2020:10:40:25 +0800] "POST /xingrg/kc/buy/cgsh_order_operate.html HTTP/1.1" 200 37
222.69.136.71 - - [04/Jul/2020:10:40:26 +0800] "GET /xingrg/all/function/internal_message.html?_=1593830415655&CODE_STATE=getMsg HTTP/1.1" 200 27
61.172.5.115 - - [04/Jul/2020:10:40:26 +0800] "POST /xingrg/kc/buy/cgsh_order_operate.html HTTP/1.1" 200 43390
61.172.5.115 - - [04/Jul/2020:10:40:28 +0800] "GET /xingrg/kc/print/load_data.html?order_code=212020070401297&kc_code=cgsh&condition= HTTP/1.1" 200 15975
116.233.76.29 - - [04/Jul/2020:10:40:29 +0800] "GET /xingrg/check_reg.html?_=1593830476718 HTTP/1.1" 200 22
116.233.76.29 - - [04/Jul/2020:10:40:29 +0800] "GET /xingrg/all/function/internal_message.html?_=1593830476765&CODE_STATE=getMsg HTTP/1.1" 200 27
117.184.7.30 - - [04/Jul/2020:10:40:29 +0800] "POST /xingrg/kc/buy/cgsh_order_operate.html HTTP/1.1" 200 2065
101.228.167.227 - - [04/Jul/2020:10:40:32 +0800] "GET /xingrg/all/function/internal_message.html?_=1593830450694&CODE_STATE=getMsg HTTP/1.1" 200 27
172.17.0.106 - - [04/Jul/2020:10:40:34 +0800] "GET /xingrg/all/function/internal_message.html?_=1593830431739&CODE_STATE=getMsg HTTP/1.1" 200 27
117.184.7.30 - - [04/Jul/2020:10:40:34 +0800] "GET /xingrg/kc/buy/cgsh_order_operate.html?command=get_materiel&rest_code=00108&code=00101015038&supplier_code=00100008&order_time=2020-07-04 HTTP/1.1" 200 418
172.17.0.240 - - [04/Jul/2020:10:40:35 +0800] "GET /xingrg/all/function/internal_message.html?_=1593830431300&CODE_STATE=getMsg HTTP/1.1" 200 27
172.17.0.240 - - [04/Jul/2020:10:40:35 +0800] "GET /xingrg/check_reg.html?_=1593830431302 HTTP/1.1" 200 22
120.253.135.82 - - [04/Jul/2020:10:40:35 +0800] "GET /xingrg/all/function/internal_message.html?_=1593830551819&CODE_STATE=getMsg HTTP/1.1" 200 27
172.17.0.120 - - [04/Jul/2020:10:40:40 +0800] "GET /xingrg/check_reg.html?_=1593830435227 HTTP/1.1" 200 22
172.17.0.120 - - [04/Jul/2020:10:40:40 +0800] "GET /xingrg/all/function/internal_message.html?_=1593830435231&CODE_STATE=getMsg HTTP/1.1" 200 27
61.172.5.115 - - [04/Jul/2020:10:40:41 +0800] "GET /xingrg/kc/buy/cgsh_order_add.html HTTP/1.1" 200 59251
61.172.5.115 - - [04/Jul/2020:10:40:41 +0800] "GET /xingrg/words/20200703173405_words.js HTTP/1.1" 304 -
61.172.5.115 - - [04/Jul/2020:10:40:41 +0800] "POST /xingrg/kc/buy/cgsh_order_operate.html HTTP/1.1" 200 8245
61.172.5.115 - - [04/Jul/2020:10:40:42 +0800] "GET /xingrg/javascript/easyui/themes/default/validatebox.css HTTP/1.1" 404 1104
117.184.7.26 - - [04/Jul/2020:10:40:44 +0800] "GET /xingrg/kc/buy/cgsh_order_operate.html?command=get_materiel&rest_code=00108&code=00101008236&supplier_code=00100008&order_time=2020-07-04 HTTP/1.1" 200 416
114.89.80.44 - - [04/Jul/2020:10:40:47 +0800] "GET /xingrg/check_reg.html?_=1593830444192 HTTP/1.1" 200 22
114.89.80.44 - - [04/Jul/2020:10:40:47 +0800] "GET /xingrg/all/function/internal_message.html?_=1593830444196&CODE_STATE=getMsg HTTP/1.1" 200 27
101.89.239.216 - - [04/Jul/2020:10:40:47 +0800] "GET /xingrg/all/function/internal_message.html?_=1593830380996&CODE_STATE=getMsg HTTP/1.1" 302 -
172.17.0.100 - - [04/Jul/2020:10:40:47 +0800] "GET /xingrg/all/function/internal_message.html?_=1593830443176&CODE_STATE=getMsg HTTP/1.1" 200 27
172.17.0.100 - - [04/Jul/2020:10:40:47 +0800] "GET /xingrg/check_reg.html?_=1593830443178 HTTP/1.1" 200 22
114.88.156.166 - - [04/Jul/2020:10:40:48 +0800] "GET /xingrg/all/function/internal_message.html?_=1593830440996&CODE_STATE=getMsg HTTP/1.1" 200 27
117.185.32.26 - - [04/Jul/2020:10:40:48 +0800] "GET /xingrg/all/function/internal_message.html?_=1593830441183&CODE_STATE=getMsg HTTP/1.1" 200 27
183.192.164.85 - - [04/Jul/2020:10:40:48 +0800] "GET /xingrg/all/function/internal_message.html?_=1593830381185&CODE_STATE=getMsg HTTP/1.1" 302 -
183.192.164.85 - - [04/Jul/2020:10:40:48 +0800] "GET /xingrg/login.html HTTP/1.1" 200 7641
101.89.239.216 - - [04/Jul/2020:10:40:48 +0800] "GET /xingrg/login.html HTTP/1.1" 200 7641
172.17.0.185 - - [04/Jul/2020:10:40:49 +0800] "GET /xingrg/all/function/internal_message.html?_=1593830445686&CODE_STATE=getMsg HTTP/1.1" 200 27
117.184.7.30 - - [04/Jul/2020:10:40:51 +0800] "GET /xingrg/kc/buy/cgsh_order_operate.html?command=get_materiel&rest_code=00108&code=00101008168&supplier_code=00100008&order_time=2020-07-04 HTTP/1.1" 200 412
114.88.170.9 - - [04/Jul/2020:10:40:52 +0800] "GET /xingrg/all/function/internal_message.html?_=1593830473504&CODE_STATE=getMsg HTTP/1.1" 200 27
114.86.190.97 - - [04/Jul/2020:10:40:54 +0800] "GET /xingrg/all/function/internal_message.html?_=1593830455858&CODE_STATE=getMsg HTTP/1.1" 200 27
117.184.7.30 - - [04/Jul/2020:10:40:58 +0800] "GET /xingrg/kc/buy/cgsh_order_operate.html?command=get_materiel&rest_code=00108&code=00101015006&supplier_code=00100008&order_time=2020-07-04 HTTP/1.1" 200 413
180.175.214.200 - - [04/Jul/2020:10:41:00 +0800] "GET /xingrg/all/function/internal_message.html?_=1593830663941&CODE_STATE=getMsg HTTP/1.1" 200 27
172.17.0.106 - - [04/Jul/2020:10:41:02 +0800] "GET /xingrg/kc/report/report_main.html HTTP/1.1" 200 7325
172.17.0.123 - - [04/Jul/2020:10:41:06 +0800] "GET /xingrg/all/function/internal_message.html?_=1593830418416&CODE_STATE=getMsg HTTP/1.1" 200 27
172.17.0.106 - - [04/Jul/2020:10:41:06 +0800] "GET /xingrg/kc/cost/cost_list.html HTTP/1.1" 200 6073
172.17.0.106 - - [04/Jul/2020:10:41:06 +0800] "GET /xingrg/dwr/interface/AjaxReportQueryService.js HTTP/1.1" 200 13203
172.17.0.106 - - [04/Jul/2020:10:41:06 +0800] "GET /xingrg/dwr/engine.js HTTP/1.1" 200 43631
172.17.0.106 - - [04/Jul/2020:10:41:06 +0800] "GET /xingrg/kc/cost/cost_operate.html?_=1593830463770&command=load_cost_list HTTP/1.1" 200 3351
61.172.5.115 - - [04/Jul/2020:10:41:09 +0800] "GET /xingrg/kc/buy/cgsh_order_operate.html?command=get_materiel&rest_code=00105&code=00101010567&supplier_code=00100326&order_time=2020-07-04 HTTP/1.1" 200 399
58.40.7.146 - - [04/Jul/2020:10:41:12 +0800] "POST /xingrg/dwr/call/plaincall/AjaxReportQueryService.getFixDate.dwr HTTP/1.1" 200 111
61.172.5.115 - - [04/Jul/2020:10:41:13 +0800] "GET /xingrg/all/function/internal_message.html?_=1593830470300&CODE_STATE=getMsg HTTP/1.1" 200 27
58.40.7.146 - - [04/Jul/2020:10:41:13 +0800] "GET /xingrg/all/function/internal_message.html?_=1593830470180&CODE_STATE=getMsg HTTP/1.1" 200 27
114.89.80.44 - - [04/Jul/2020:10:41:15 +0800] "GET /xingrg/all/function/internal_message.html?_=1593830603179&CODE_STATE=getMsg HTTP/1.1" 200 27
172.17.200.101 - - [04/Jul/2020:10:41:15 +0800] "GET /xingrg/all/function/internal_message.html?_=1593830475347&CODE_STATE=getMsg HTTP/1.1" 200 27
117.184.7.26 - - [04/Jul/2020:10:41:15 +0800] "GET /xingrg/all/function/internal_message.html?_=1593830462573&CODE_STATE=getMsg HTTP/1.1" 200 27
61.172.5.115 - - [04/Jul/2020:10:41:17 +0800] "POST /xingrg/kc/buy/cgsh_order_operate.html HTTP/1.1" 200 37
61.172.5.115 - - [04/Jul/2020:10:41:17 +0800] "POST /xingrg/kc/buy/cgsh_order_operate.html HTTP/1.1" 200 2658
58.40.7.146 - - [04/Jul/2020:10:41:18 +0800] "POST /xingrg/dwr/call/plaincall/AjaxReportQueryService.refreshCache.dwr HTTP/1.1" 200 78
61.172.5.115 - - [04/Jul/2020:10:41:19 +0800] "GET /xingrg/kc/print/load_data.html?order_code=212020070401299&kc_code=cgsh&condition= HTTP/1.1" 200 677
101.228.167.227 - - [04/Jul/2020:10:41:19 +0800] "GET /xingrg/all/function/internal_message.html?_=1593830470978&CODE_STATE=getMsg HTTP/1.1" 200 27
58.40.7.146 - - [04/Jul/2020:10:41:20 +0800] "POST /xingrg/all/report/load_report_page.html HTTP/1.1" 200 18868
58.40.7.146 - - [04/Jul/2020:10:41:20 +0800] "GET /xingrg/servlets/image?cache=0.19643766911509486&image=px HTTP/1.1" 200 807
124.76.237.190 - - [04/Jul/2020:10:41:22 +0800] "GET /xingrg/all/function/internal_message.html?_=1593829460219&CODE_STATE=getMsg HTTP/1.1" 200 27
117.184.7.26 - - [04/Jul/2020:10:41:24 +0800] "POST /xingrg/kc/buy/cgsh_order_operate.html HTTP/1.1" 200 37
58.40.7.146 - - [04/Jul/2020:10:41:25 +0800] "GET /xingrg/kc/buy/cgsh_order_info.html?isLook=1&code=212020060702659 HTTP/1.1" 200 54057
58.40.7.146 - - [04/Jul/2020:10:41:25 +0800] "GET /xingrg/javascript/easyui/themes/default/validatebox.css HTTP/1.1" 404 1104
58.40.7.146 - - [04/Jul/2020:10:41:25 +0800] "POST /xingrg/kc/buy/cgsh_order_operate.html HTTP/1.1" 200 2392
222.69.136.71 - - [04/Jul/2020:10:41:26 +0800] "GET /xingrg/all/function/internal_message.html?_=1593830475657&CODE_STATE=getMsg HTTP/1.1" 200 27
117.184.7.26 - - [04/Jul/2020:10:41:26 +0800] "POST /xingrg/kc/buy/cgsh_order_operate.html HTTP/1.1" 200 46386
117.184.7.26 - - [04/Jul/2020:10:41:27 +0800] "GET /xingrg/all/function/internal_message.html?_=1593830474204&CODE_STATE=getMsg HTTP/1.1" 200 27
116.233.76.29 - - [04/Jul/2020:10:41:29 +0800] "GET /xingrg/all/function/internal_message.html?_=1593830536765&CODE_STATE=getMsg HTTP/1.1" 200 27
101.228.167.227 - - [04/Jul/2020:10:41:32 +0800] "GET /xingrg/all/function/internal_message.html?_=1593830510706&CODE_STATE=getMsg HTTP/1.1" 200 27
172.17.0.106 - - [04/Jul/2020:10:41:34 +0800] "GET /xingrg/check_reg.html?_=1593830491728 HTTP/1.1" 200 22
172.17.0.106 - - [04/Jul/2020:10:41:34 +0800] "GET /xingrg/all/function/internal_message.html?_=1593830491732&CODE_STATE=getMsg HTTP/1.1" 200 27
172.17.0.240 - - [04/Jul/2020:10:41:35 +0800] "GET /xingrg/all/function/internal_message.html?_=1593830491304&CODE_STATE=getMsg HTTP/1.1" 200 27
120.253.135.82 - - [04/Jul/2020:10:41:35 +0800] "GET /xingrg/all/function/internal_message.html?_=1593830611843&CODE_STATE=getMsg HTTP/1.1" 200 27
61.172.5.115 - - [04/Jul/2020:10:41:36 +0800] "GET /xingrg/kc/buy/cgsh_order_add.html HTTP/1.1" 200 59251
61.172.5.115 - - [04/Jul/2020:10:41:36 +0800] "POST /xingrg/kc/buy/cgsh_order_operate.html HTTP/1.1" 200 8245
61.172.5.115 - - [04/Jul/2020:10:41:36 +0800] "GET /xingrg/javascript/easyui/themes/default/validatebox.css HTTP/1.1" 404 1104
172.17.0.120 - - [04/Jul/2020:10:41:40 +0800] "GET /xingrg/all/function/internal_message.html?_=1593830495237&CODE_STATE=getMsg HTTP/1.1" 200 27
117.184.7.30 - - [04/Jul/2020:10:41:42 +0800] "GET /xingrg/kc/buy/cgsh_order_operate.html?command=get_materiel&rest_code=00108&code=00101008036&supplier_code=00100008&order_time=2020-07-04 HTTP/1.1" 200 408
114.89.80.44 - - [04/Jul/2020:10:41:47 +0800] "GET /xingrg/all/function/internal_message.html?_=1593830504181&CODE_STATE=getMsg HTTP/1.1" 200 27
