114.89.80.44 - - [04/Jul/2020:10:28:24 +0800] "GET /xingrg/dwr/util.js HTTP/1.1" 304 -
114.89.80.44 - - [04/Jul/2020:10:28:24 +0800] "GET /xingrg/javascript/Calendar.js HTTP/1.1" 304 -
114.89.80.44 - - [04/Jul/2020:10:28:24 +0800] "GET /xingrg/javascript/myfunction.js HTTP/1.1" 304 -
114.89.80.44 - - [04/Jul/2020:10:28:24 +0800] "GET /xingrg/javascript/AjaxInfoList.js HTTP/1.1" 304 -
114.89.80.44 - - [04/Jul/2020:10:28:24 +0800] "GET /xingrg/javascript/jquery_easy_ui/themes/default/easyui.css HTTP/1.1" 304 -
114.89.80.44 - - [04/Jul/2020:10:28:24 +0800] "GET /xingrg/javascript/print/kc_print.js HTTP/1.1" 304 -
114.89.80.44 - - [04/Jul/2020:10:28:24 +0800] "GET /xingrg/javascript/print/LodopFuncs.js HTTP/1.1" 304 -
114.89.80.44 - - [04/Jul/2020:10:28:24 +0800] "GET /xingrg/javascript/ToolTips.js HTTP/1.1" 304 -
114.89.80.44 - - [04/Jul/2020:10:28:24 +0800] "GET /xingrg/javascript/auto/jquery.autocomplete.css HTTP/1.1" 304 -
114.89.80.44 - - [04/Jul/2020:10:28:24 +0800] "GET /xingrg/javascript/Grid.js HTTP/1.1" 304 -
114.89.80.44 - - [04/Jul/2020:10:28:24 +0800] "GET /xingrg/dwr/interface/AjaxComOrderService.js HTTP/1.1" 200 18264
114.89.80.44 - - [04/Jul/2020:10:28:24 +0800] "GET /xingrg/dwr/engine.js HTTP/1.1" 200 43631
114.88.156.166 - - [04/Jul/2020:10:28:24 +0800] "GET /xingrg/javascript/easyui/themes/default/validatebox.css HTTP/1.1" 404 1104
114.89.80.44 - - [04/Jul/2020:10:28:24 +0800] "GET /xingrg/words/20200703173405_words.js HTTP/1.1" 304 -
114.89.80.44 - - [04/Jul/2020:10:28:24 +0800] "GET /xingrg/javascript/jquery_easy_ui/themes/icons/template_new.png HTTP/1.1" 304 -
114.89.80.44 - - [04/Jul/2020:10:28:24 +0800] "GET /xingrg/javascript/jquery_easy_ui/themes/icons/copy_new.png HTTP/1.1" 304 -
114.89.80.44 - - [04/Jul/2020:10:28:24 +0800] "GET /xingrg/javascript/jquery_easy_ui/themes/icons/edit_add_new.png HTTP/1.1" 304 -
114.89.80.44 - - [04/Jul/2020:10:28:24 +0800] "GET /xingrg/javascript/jquery_easy_ui/themes/icons/ok.png HTTP/1.1" 304 -
114.89.80.44 - - [04/Jul/2020:10:28:24 +0800] "GET /xingrg/javascript/jquery_easy_ui/themes/icons/cance_new.png HTTP/1.1" 304 -
114.89.80.44 - - [04/Jul/2020:10:28:24 +0800] "GET /xingrg/javascript/jquery_easy_ui/themes/icons/check_new.png HTTP/1.1" 304 -
58.40.7.146 - - [04/Jul/2020:10:28:24 +0800] "POST /xingrg/dwr/call/plaincall/AjaxCheckService.setItemNumber.dwr HTTP/1.1" 200 77
114.89.80.44 - - [04/Jul/2020:10:28:24 +0800] "GET /xingrg/javascript/jquery_easy_ui/themes/icons/back_new.png HTTP/1.1" 304 -
114.89.80.44 - - [04/Jul/2020:10:28:24 +0800] "GET /xingrg/javascript/jquery_easy_ui/themes/icons/print.png HTTP/1.1" 304 -
114.89.80.44 - - [04/Jul/2020:10:28:24 +0800] "GET /xingrg/javascript/jquery_easy_ui/themes/default/images/menu_downarrow.png HTTP/1.1" 304 -
114.89.80.44 - - [04/Jul/2020:10:28:24 +0800] "GET /xingrg/javascript/jquery_easy_ui/themes/default/images/combo_arrow_dot.gif HTTP/1.1" 304 -
114.89.80.44 - - [04/Jul/2020:10:28:24 +0800] "GET /xingrg/images/blue/button/kc_tab_add.gif HTTP/1.1" 304 -
114.89.80.44 - - [04/Jul/2020:10:28:24 +0800] "GET /xingrg/images/blue/button/kc_tab_save.gif HTTP/1.1" 304 -
114.89.80.44 - - [04/Jul/2020:10:28:24 +0800] "GET /xingrg/images/blue/button/kc_tab_edit.gif HTTP/1.1" 304 -
114.89.80.44 - - [04/Jul/2020:10:28:24 +0800] "GET /xingrg/images/blue/button/kc_tab_del.gif HTTP/1.1" 304 -
114.89.80.44 - - [04/Jul/2020:10:28:24 +0800] "GET /xingrg/images/blue/kc_tab_mid.gif HTTP/1.1" 304 -
114.89.80.44 - - [04/Jul/2020:10:28:24 +0800] "GET /xingrg/images/blue/kc_tab_left.gif HTTP/1.1" 304 -
114.89.80.44 - - [04/Jul/2020:10:28:24 +0800] "GET /xingrg/images/blue/kc_tab_right.gif HTTP/1.1" 304 -
114.89.80.44 - - [04/Jul/2020:10:28:24 +0800] "GET /xingrg/images/blue/kc_tab2_left.gif HTTP/1.1" 304 -
114.89.80.44 - - [04/Jul/2020:10:28:24 +0800] "GET /xingrg/images/blue/kc_tab2_right.gif HTTP/1.1" 304 -
114.89.80.44 - - [04/Jul/2020:10:28:24 +0800] "GET /xingrg/images/blue/wait.gif HTTP/1.1" 304 -
114.89.80.44 - - [04/Jul/2020:10:28:25 +0800] "POST /xingrg/dwr/call/plaincall/AjaxQqpsService.loadMaterielItems.dwr HTTP/1.1" 200 8217
117.184.7.30 - - [04/Jul/2020:10:28:25 +0800] "GET /xingrg/all/function/internal_message.html?_=1593829692047&CODE_STATE=getMsg HTTP/1.1" 200 27
114.89.80.44 - - [04/Jul/2020:10:28:25 +0800] "GET /xingrg/images/yd/bt.gif HTTP/1.1" 404 1040
222.69.136.71 - - [04/Jul/2020:10:28:26 +0800] "GET /xingrg/all/function/internal_message.html?_=1593829695636&CODE_STATE=getMsg HTTP/1.1" 200 27
114.89.80.44 - - [04/Jul/2020:10:28:27 +0800] "GET /xingrg/javascript/auto/indicator.gif HTTP/1.1" 404 1066
116.233.76.189 - - [04/Jul/2020:10:28:28 +0800] "GET /favicon.ico HTTP/1.1" 404 -
58.40.7.146 - - [04/Jul/2020:10:28:29 +0800] "POST /xingrg/dwr/call/plaincall/AjaxCheckService.setItemNumber.dwr HTTP/1.1" 200 77
114.89.80.44 - - [04/Jul/2020:10:28:29 +0800] "POST /xingrg/dwr/call/plaincall/AjaxQqpsService.getMaterielByCode.dwr HTTP/1.1" 200 3663
114.89.80.44 - - [04/Jul/2020:10:28:31 +0800] "POST /xingrg/dwr/call/plaincall/AjaxQqpsService.saveMaterielItem.dwr HTTP/1.1" 200 78
116.233.76.29 - - [04/Jul/2020:10:28:32 +0800] "GET /xingrg/all/function/internal_message.html?_=1593829756750&CODE_STATE=getMsg HTTP/1.1" 200 27
114.88.170.9 - - [04/Jul/2020:10:28:32 +0800] "GET /xingrg/kc/buy/cgsh_order_list.html HTTP/1.1" 200 43513
58.40.7.146 - - [04/Jul/2020:10:28:33 +0800] "POST /xingrg/dwr/call/plaincall/AjaxCheckService.setItemNumber.dwr HTTP/1.1" 200 77
114.88.170.9 - - [04/Jul/2020:10:28:33 +0800] "POST /xingrg/kc/buy/cgsh_list_operate.html HTTP/1.1" 200 2773
61.151.207.158 - - [04/Jul/2020:10:28:34 +0800] "GET /xingrg/kc/buy/cgsh_order_operate.html?command=get_materiel&rest_code=00141&code=00101005037&supplier_code=00100040&order_time=2020-07-04 HTTP/1.1" 302 -
172.17.0.106 - - [04/Jul/2020:10:28:34 +0800] "GET /xingrg/all/function/internal_message.html?_=1593829711731&CODE_STATE=getMsg HTTP/1.1" 200 27
114.88.170.9 - - [04/Jul/2020:10:28:34 +0800] "GET /xingrg/kc/buy/cgsh_order_add.html HTTP/1.1" 200 59251
120.253.135.82 - - [04/Jul/2020:10:28:35 +0800] "GET /xingrg/all/function/internal_message.html?_=1593829831661&CODE_STATE=getMsg HTTP/1.1" 200 27
117.184.7.26 - - [04/Jul/2020:10:28:35 +0800] "POST /xingrg/kc/buy/cgsh_order_operate.html HTTP/1.1" 200 37
114.88.170.9 - - [04/Jul/2020:10:28:35 +0800] "POST /xingrg/kc/buy/cgsh_order_operate.html HTTP/1.1" 200 8245
172.17.0.240 - - [04/Jul/2020:10:28:35 +0800] "GET /xingrg/all/function/internal_message.html?_=1593829711293&CODE_STATE=getMsg HTTP/1.1" 200 27
114.88.170.9 - - [04/Jul/2020:10:28:35 +0800] "GET /xingrg/all/common/auto_word.html?type=employee&rest_code=00111 HTTP/1.1" 200 205
114.88.170.9 - - [04/Jul/2020:10:28:35 +0800] "GET /xingrg/all/common/auto_word.html?type=employee&rest_code=00111 HTTP/1.1" 200 205
114.88.170.9 - - [04/Jul/2020:10:28:35 +0800] "GET /xingrg/javascript/easyui/themes/default/validatebox.css HTTP/1.1" 404 1104
61.151.207.158 - - [04/Jul/2020:10:28:35 +0800] "GET /xingrg/login.html HTTP/1.1" 200 7641
114.89.80.44 - - [04/Jul/2020:10:28:36 +0800] "POST /xingrg/dwr/call/plaincall/AjaxQqpsService.getMaterielByCode.dwr HTTP/1.1" 200 3644
117.184.7.26 - - [04/Jul/2020:10:28:37 +0800] "POST /xingrg/kc/buy/cgsh_order_operate.html HTTP/1.1" 200 11525
58.40.7.146 - - [04/Jul/2020:10:28:37 +0800] "POST /xingrg/dwr/call/plaincall/AjaxCheckService.setItemNumber.dwr HTTP/1.1" 200 77
114.88.156.166 - - [04/Jul/2020:10:28:38 +0800] "GET /xingrg/kc/buy/cgsh_order_operate.html?command=get_materiel&rest_code=00141&code=00101015044&supplier_code=00100007&order_time=2020-07-04 HTTP/1.1" 200 409
117.184.7.26 - - [04/Jul/2020:10:28:39 +0800] "GET /xingrg/kc/base/base_main.html HTTP/1.1" 200 12142
114.89.80.44 - - [04/Jul/2020:10:28:39 +0800] "POST /xingrg/dwr/call/plaincall/AjaxQqpsService.saveMaterielItem.dwr HTTP/1.1" 200 78
172.17.0.120 - - [04/Jul/2020:10:28:40 +0800] "GET /xingrg/all/function/internal_message.html?_=1593829715227&CODE_STATE=getMsg HTTP/1.1" 200 27
117.184.7.26 - - [04/Jul/2020:10:28:40 +0800] "GET /xingrg/kc/base/yddb_order_list.html HTTP/1.1" 200 16861
58.40.7.146 - - [04/Jul/2020:10:28:41 +0800] "POST /xingrg/dwr/call/plaincall/AjaxCheckService.setItemNumber.dwr HTTP/1.1" 200 77
117.184.7.26 - - [04/Jul/2020:10:28:41 +0800] "POST /xingrg/kc/base/yddb_list_operate.html HTTP/1.1" 200 583
114.89.80.44 - - [04/Jul/2020:10:28:42 +0800] "GET /xingrg/javascript/auto/indicator.gif HTTP/1.1" 404 1066
114.89.80.44 - - [04/Jul/2020:10:28:42 +0800] "POST /xingrg/dwr/call/plaincall/AjaxQqpsService.getMaterielByCode.dwr HTTP/1.1" 200 3653
61.129.6.174 - - [04/Jul/2020:10:28:42 +0800] "GET /xingrg/check_reg.html?_=1593829655990 HTTP/1.1" 302 -
114.88.170.9 - - [04/Jul/2020:10:28:43 +0800] "GET /xingrg/kc/buy/cgsh_order_operate.html?command=get_materiel&rest_code=00111&code=00101006006&supplier_code=00100012&order_time=2020-07-04 HTTP/1.1" 200 409
114.89.80.44 - - [04/Jul/2020:10:28:44 +0800] "GET /xingrg/images/yd/bt2.gif HTTP/1.1" 404 1042
61.129.6.174 - - [04/Jul/2020:10:28:44 +0800] "GET /xingrg/login.html HTTP/1.1" 200 7641
114.89.80.44 - - [04/Jul/2020:10:28:45 +0800] "POST /xingrg/dwr/call/plaincall/AjaxQqpsService.saveMaterielItem.dwr HTTP/1.1" 200 78
114.88.156.166 - - [04/Jul/2020:10:28:45 +0800] "GET /xingrg/kc/buy/cgsh_order_operate.html?command=get_materiel&rest_code=00141&code=00101008168&supplier_code=00100007&order_time=2020-07-04 HTTP/1.1" 200 413
180.175.214.200 - - [04/Jul/2020:10:28:46 +0800] "GET /xingrg/check_reg.html?_=1593829929889 HTTP/1.1" 200 22
114.89.80.44 - - [04/Jul/2020:10:28:46 +0800] "POST /xingrg/dwr/call/plaincall/AjaxQqpsService.getMaterielByCode.dwr HTTP/1.1" 200 3634
114.89.80.44 - - [04/Jul/2020:10:28:47 +0800] "GET /xingrg/all/function/internal_message.html?_=1593829724125&CODE_STATE=getMsg HTTP/1.1" 200 27
172.17.0.100 - - [04/Jul/2020:10:28:47 +0800] "GET /xingrg/all/function/internal_message.html?_=1593829723121&CODE_STATE=getMsg HTTP/1.1" 200 27
114.88.156.166 - - [04/Jul/2020:10:28:48 +0800] "GET /xingrg/all/function/internal_message.html?_=1593829720998&CODE_STATE=getMsg HTTP/1.1" 200 27
117.185.32.26 - - [04/Jul/2020:10:28:48 +0800] "GET /xingrg/all/function/internal_message.html?_=1593829721186&CODE_STATE=getMsg HTTP/1.1" 200 27
114.88.170.9 - - [04/Jul/2020:10:28:48 +0800] "GET /xingrg/kc/buy/cgsh_order_operate.html?command=get_materiel&rest_code=00111&code=00101006055&supplier_code=00100012&order_time=2020-07-04 HTTP/1.1" 200 409
114.89.80.44 - - [04/Jul/2020:10:28:48 +0800] "POST /xingrg/dwr/call/plaincall/AjaxQqpsService.saveMaterielItem.dwr HTTP/1.1" 200 78
61.129.6.145 - - [04/Jul/2020:10:28:49 +0800] "GET /xingrg/check_reg.html?_=1593829660994 HTTP/1.1" 302 -
114.89.80.44 - - [04/Jul/2020:10:28:49 +0800] "POST /xingrg/dwr/call/plaincall/AjaxQqpsService.checkOrder.dwr HTTP/1.1" 200 78
58.40.7.146 - - [04/Jul/2020:10:28:49 +0800] "POST /xingrg/dwr/call/plaincall/AjaxCheckService.setItemNumber.dwr HTTP/1.1" 200 77
172.17.0.185 - - [04/Jul/2020:10:28:49 +0800] "GET /xingrg/all/function/internal_message.html?_=1593829725681&CODE_STATE=getMsg HTTP/1.1" 200 27
114.89.80.44 - - [04/Jul/2020:10:28:50 +0800] "GET /xingrg/kc/mdqp/qqps_order_info.html?code=302020070400051 HTTP/1.1" 200 26409
114.89.80.44 - - [04/Jul/2020:10:28:50 +0800] "GET /xingrg/dwr/interface/AjaxQqpsService.js HTTP/1.1" 200 16326
114.89.80.44 - - [04/Jul/2020:10:28:50 +0800] "GET /xingrg/dwr/interface/AjaxComOrderService.js HTTP/1.1" 200 18264
114.89.80.44 - - [04/Jul/2020:10:28:50 +0800] "GET /xingrg/dwr/engine.js HTTP/1.1" 200 43631
61.129.6.145 - - [04/Jul/2020:10:28:50 +0800] "GET /xingrg/login.html HTTP/1.1" 200 7641
114.89.80.44 - - [04/Jul/2020:10:28:50 +0800] "POST /xingrg/dwr/call/plaincall/AjaxQqpsService.loadMaterielItems.dwr HTTP/1.1" 200 9182
114.88.170.9 - - [04/Jul/2020:10:28:52 +0800] "GET /xingrg/all/function/internal_message.html?_=1593829753524&CODE_STATE=getMsg HTTP/1.1" 200 27
114.88.156.166 - - [04/Jul/2020:10:28:52 +0800] "GET /xingrg/kc/buy/cgsh_order_operate.html?command=get_materiel&rest_code=00141&code=00101008236&supplier_code=00100007&order_time=2020-07-04 HTTP/1.1" 200 416
120.253.135.82 - - [04/Jul/2020:10:28:54 +0800] "GET /xingrg/check_reg.html?_=1593829850589 HTTP/1.1" 200 22
114.88.170.9 - - [04/Jul/2020:10:28:54 +0800] "GET /xingrg/kc/buy/cgsh_order_operate.html?command=get_materiel&rest_code=00111&code=00101006065&supplier_code=00100012&order_time=2020-07-04 HTTP/1.1" 200 409
58.40.7.146 - - [04/Jul/2020:10:28:54 +0800] "POST /xingrg/dwr/call/plaincall/AjaxCheckService.setItemNumber.dwr HTTP/1.1" 200 77
114.89.80.44 - - [04/Jul/2020:10:28:54 +0800] "POST /xingrg/dwr/call/plaincall/AjaxQqpsService.getMaterielByCode.dwr HTTP/1.1" 200 3631
114.86.190.97 - - [04/Jul/2020:10:28:54 +0800] "GET /xingrg/all/function/internal_message.html?_=1593829736063&CODE_STATE=getMsg HTTP/1.1" 200 27
114.89.80.44 - - [04/Jul/2020:10:28:56 +0800] "POST /xingrg/dwr/call/plaincall/AjaxQqpsService.saveMaterielItem.dwr HTTP/1.1" 200 78
61.151.178.174 - - [04/Jul/2020:10:28:57 +0800] "GET /xingrg/kc/buy/cgsh_order_operate.html?command=get_materiel&rest_code=00141&code=00101006161&supplier_code=00100040&order_time=2020-07-04 HTTP/1.1" 302 -
58.40.7.146 - - [04/Jul/2020:10:28:57 +0800] "POST /xingrg/dwr/call/plaincall/AjaxCheckService.setItemNumber.dwr HTTP/1.1" 200 77
180.175.214.200 - - [04/Jul/2020:10:28:57 +0800] "GET /xingrg/all/function/internal_message.html?_=1593829941599&CODE_STATE=getMsg HTTP/1.1" 200 27
114.88.156.166 - - [04/Jul/2020:10:28:58 +0800] "GET /xingrg/kc/buy/cgsh_order_operate.html?command=get_materiel&rest_code=00141&code=00101009015&supplier_code=00100007&order_time=2020-07-04 HTTP/1.1" 200 416
61.151.178.174 - - [04/Jul/2020:10:28:59 +0800] "GET /xingrg/login.html HTTP/1.1" 200 7641
114.88.170.9 - - [04/Jul/2020:10:29:00 +0800] "GET /xingrg/kc/buy/cgsh_order_operate.html?command=get_materiel&rest_code=00111&code=00101006104&supplier_code=00100012&order_time=2020-07-04 HTTP/1.1" 200 409
58.40.7.146 - - [04/Jul/2020:10:29:03 +0800] "POST /xingrg/dwr/call/plaincall/AjaxCheckService.setItemNumber.dwr HTTP/1.1" 200 77
172.17.0.123 - - [04/Jul/2020:10:29:06 +0800] "GET /xingrg/all/function/internal_message.html?_=1593829698416&CODE_STATE=getMsg HTTP/1.1" 200 27
101.228.167.227 - - [04/Jul/2020:10:29:06 +0800] "GET /xingrg/kc/base/wldb_order_info.html?code=422020070300405 HTTP/1.1" 302 -
101.228.167.227 - - [04/Jul/2020:10:29:06 +0800] "GET /xingrg/login.html HTTP/1.1" 200 7641
114.88.170.9 - - [04/Jul/2020:10:29:06 +0800] "GET /xingrg/kc/buy/cgsh_order_operate.html?command=get_materiel&rest_code=00111&code=00101006027&supplier_code=00100012&order_time=2020-07-04 HTTP/1.1" 200 409
101.228.167.227 - - [04/Jul/2020:10:29:07 +0800] "GET /xingrg/login.html HTTP/1.1" 200 7641
58.40.7.146 - - [04/Jul/2020:10:29:07 +0800] "POST /xingrg/dwr/call/plaincall/AjaxCheckService.setItemNumber.dwr HTTP/1.1" 200 77
58.40.7.146 - - [04/Jul/2020:10:29:09 +0800] "POST /xingrg/dwr/call/plaincall/AjaxCheckService.setItemNumber.dwr HTTP/1.1" 200 77
114.89.80.44 - - [04/Jul/2020:10:29:09 +0800] "POST /xingrg/dwr/call/plaincall/AjaxQqpsService.getMaterielByCode.dwr HTTP/1.1" 200 3648
101.228.167.227 - - [04/Jul/2020:10:29:09 +0800] "GET /xingrg/images/blue/jxLogo.png HTTP/1.1" 304 -
101.228.167.227 - - [04/Jul/2020:10:29:09 +0800] "GET /xingrg/images/blue/login_bg.png HTTP/1.1" 304 -
101.228.167.227 - - [04/Jul/2020:10:29:09 +0800] "GET /xingrg/images/blue/hj.png HTTP/1.1" 304 -
101.228.167.227 - - [04/Jul/2020:10:29:09 +0800] "GET /xingrg/images/blue/srbg.png HTTP/1.1" 304 -
101.228.167.227 - - [04/Jul/2020:10:29:09 +0800] "GET /favicon.ico HTTP/1.1" 404 -
117.184.7.26 - - [04/Jul/2020:10:29:10 +0800] "POST /xingrg/kc/base/yddb_list_operate.html HTTP/1.1" 200 1471
117.184.7.26 - - [04/Jul/2020:10:29:12 +0800] "POST /xingrg/kc/base/yddb_list_operate.html HTTP/1.1" 200 202
114.88.170.9 - - [04/Jul/2020:10:29:12 +0800] "GET /xingrg/kc/buy/cgsh_order_operate.html?command=get_materiel&rest_code=00111&code=00101006184&supplier_code=00100012&order_time=2020-07-04 HTTP/1.1" 200 408
61.172.5.115 - - [04/Jul/2020:10:29:13 +0800] "GET /xingrg/all/function/internal_message.html?_=1593829750402&CODE_STATE=getMsg HTTP/1.1" 200 27
58.40.7.146 - - [04/Jul/2020:10:29:13 +0800] "GET /xingrg/all/function/internal_message.html?_=1593829749888&CODE_STATE=getMsg HTTP/1.1" 200 27
58.40.7.146 - - [04/Jul/2020:10:29:13 +0800] "GET /xingrg/check_reg.html?_=1593829749890 HTTP/1.1" 200 22
117.184.7.26 - - [04/Jul/2020:10:29:13 +0800] "POST /xingrg/kc/base/yddb_list_operate.html HTTP/1.1" 200 207
117.184.7.26 - - [04/Jul/2020:10:29:14 +0800] "GET /xingrg/check_reg.html?_=1593829741218 HTTP/1.1" 200 22
114.89.80.44 - - [04/Jul/2020:10:29:14 +0800] "GET /xingrg/all/function/internal_message.html?_=1593829883016&CODE_STATE=getMsg HTTP/1.1" 200 27
172.17.200.101 - - [04/Jul/2020:10:29:15 +0800] "GET /xingrg/all/function/internal_message.html?_=1593829755331&CODE_STATE=getMsg HTTP/1.1" 200 27
120.253.135.82 - - [04/Jul/2020:10:29:15 +0800] "GET /xingrg/check_reg.html?_=1593829872110 HTTP/1.1" 200 22
117.184.7.26 - - [04/Jul/2020:10:29:15 +0800] "GET /xingrg/all/function/internal_message.html?_=1593829742845&CODE_STATE=getMsg HTTP/1.1" 200 27
58.40.7.146 - - [04/Jul/2020:10:29:17 +0800] "POST /xingrg/dwr/call/plaincall/AjaxCheckService.setItemNumber.dwr HTTP/1.1" 200 77
183.195.131.162 - - [04/Jul/2020:10:29:18 +0800] "GET /favicon.ico HTTP/1.1" 404 -
101.228.167.227 - - [04/Jul/2020:10:29:19 +0800] "GET /xingrg/all/function/internal_message.html?_=1593829750720&CODE_STATE=getMsg HTTP/1.1" 200 27
61.151.178.236 - - [04/Jul/2020:10:29:19 +0800] "GET /xingrg/kc/print/load_data.html?order_code=212020070401293&kc_code=cgsh&condition= HTTP/1.1" 302 -
58.40.7.146 - - [04/Jul/2020:10:29:20 +0800] "POST /xingrg/dwr/call/plaincall/AjaxCheckService.setItemNumber.dwr HTTP/1.1" 200 77
114.88.170.9 - - [04/Jul/2020:10:29:20 +0800] "GET /xingrg/kc/buy/cgsh_order_operate.html?command=get_materiel&rest_code=00111&code=00101006174&supplier_code=00100012&order_time=2020-07-04 HTTP/1.1" 200 415
124.76.237.190 - - [04/Jul/2020:10:29:22 +0800] "GET /xingrg/all/function/internal_message.html?_=1593828740209&CODE_STATE=getMsg HTTP/1.1" 200 27
117.184.7.30 - - [04/Jul/2020:10:29:22 +0800] "GET /xingrg/kc/buy/buy_main.html HTTP/1.1" 200 12412
117.184.7.30 - - [04/Jul/2020:10:29:22 +0800] "GET /xingrg/css/new_ie.css HTTP/1.1" 404 1036
61.151.178.236 - - [04/Jul/2020:10:29:22 +0800] "GET /xingrg/login.html HTTP/1.1" 200 7641
117.184.7.30 - - [04/Jul/2020:10:29:22 +0800] "GET /xingrg/images/yd/bt.gif HTTP/1.1" 404 1040
117.184.7.30 - - [04/Jul/2020:10:29:23 +0800] "GET /xingrg/kc/buy/cgsh_order_list.html HTTP/1.1" 200 43513
58.40.7.146 - - [04/Jul/2020:10:29:23 +0800] "POST /xingrg/dwr/call/plaincall/AjaxCheckService.setItemNumber.dwr HTTP/1.1" 200 77
117.184.7.30 - - [04/Jul/2020:10:29:24 +0800] "POST /xingrg/kc/buy/cgsh_list_operate.html HTTP/1.1" 200 2764
117.184.7.30 - - [04/Jul/2020:10:29:25 +0800] "GET /xingrg/check_reg.html?_=1593829752002 HTTP/1.1" 200 22
117.184.7.30 - - [04/Jul/2020:10:29:25 +0800] "GET /xingrg/all/function/internal_message.html?_=1593829752060&CODE_STATE=getMsg HTTP/1.1" 200 27
114.88.170.9 - - [04/Jul/2020:10:29:26 +0800] "GET /xingrg/kc/buy/cgsh_order_operate.html?command=get_materiel&rest_code=00111&code=00101018011&supplier_code=00100012&order_time=2020-07-04 HTTP/1.1" 200 413
222.69.136.71 - - [04/Jul/2020:10:29:26 +0800] "GET /xingrg/all/function/internal_message.html?_=1593829755636&CODE_STATE=getMsg HTTP/1.1" 200 27
117.184.7.30 - - [04/Jul/2020:10:29:26 +0800] "POST /xingrg/kc/buy/cgsh_list_operate.html HTTP/1.1" 200 566
117.184.7.30 - - [04/Jul/2020:10:29:26 +0800] "GET /xingrg/kc/buy/cgsh_order_info.html?code=212020070401294 HTTP/1.1" 200 59219
117.184.7.26 - - [04/Jul/2020:10:29:27 +0800] "GET /xingrg/javascript/easyui/themes/default/validatebox.css HTTP/1.1" 404 1104
117.184.7.30 - - [04/Jul/2020:10:29:27 +0800] "POST /xingrg/kc/buy/cgsh_order_operate.html HTTP/1.1" 200 11525
58.40.7.146 - - [04/Jul/2020:10:29:29 +0800] "POST /xingrg/dwr/call/plaincall/AjaxCheckService.setItemNumber.dwr HTTP/1.1" 200 77
116.233.76.29 - - [04/Jul/2020:10:29:31 +0800] "GET /xingrg/all/function/internal_message.html?_=1593829816765&CODE_STATE=getMsg HTTP/1.1" 200 27
58.40.7.146 - - [04/Jul/2020:10:29:32 +0800] "POST /xingrg/dwr/call/plaincall/AjaxCheckService.setItemNumber.dwr HTTP/1.1" 200 77
101.228.167.227 - - [04/Jul/2020:10:29:32 +0800] "POST /xingrg/login.do HTTP/1.1" 302 -
101.228.167.227 - - [04/Jul/2020:10:29:32 +0800] "GET /xingrg/javascript/jquery_easy_ui/themes/default/easyui.css HTTP/1.1" 304 -
101.228.167.227 - - [04/Jul/2020:10:29:32 +0800] "GET /xingrg/javascript/jquery_easy_ui/themes/icon.css HTTP/1.1" 304 -
101.228.167.227 - - [04/Jul/2020:10:29:32 +0800] "GET /xingrg/css/form.css HTTP/1.1" 304 -
101.228.167.227 - - [04/Jul/2020:10:29:32 +0800] "GET /xingrg/index.html?sysBaseUrl=http%3A%2F%2F180.169.147.146%3A18081%2Fxingrg%2F&costTime=43×tamp=1593829772213 HTTP/1.1" 200 17179
101.228.167.227 - - [04/Jul/2020:10:29:32 +0800] "GET /xingrg/javascript/jquery-1.4.2.min.js HTTP/1.1" 304 -
101.228.167.227 - - [04/Jul/2020:10:29:32 +0800] "GET /xingrg/javascript/jquery_easy_ui/jquery.easyui.min.js HTTP/1.1" 304 -
101.228.167.227 - - [04/Jul/2020:10:29:32 +0800] "GET /xingrg/javascript/jquery.utils.js HTTP/1.1" 304 -
101.228.167.227 - - [04/Jul/2020:10:29:32 +0800] "GET /xingrg/javascript/jquery.timers.js HTTP/1.1" 304 -
101.228.167.227 - - [04/Jul/2020:10:29:32 +0800] "GET /xingrg/javascript/jquery_easy_ui/easyui-lang-zh_CN.js HTTP/1.1" 304 -
101.228.167.227 - - [04/Jul/2020:10:29:32 +0800] "GET /xingrg/javascript/jquery.form.js HTTP/1.1" 304 -
101.228.167.227 - - [04/Jul/2020:10:29:32 +0800] "GET /favicon.ico HTTP/1.1" 404 -
101.228.167.227 - - [04/Jul/2020:10:29:32 +0800] "GET /xingrg/images/blue/navBackgound.jpg HTTP/1.1" 304 -
101.228.167.227 - - [04/Jul/2020:10:29:32 +0800] "GET /xingrg/javascript/jquery_easy_ui/themes/icons/settle_new.png HTTP/1.1" 304 -
101.228.167.227 - - [04/Jul/2020:10:29:32 +0800] "GET /xingrg/images/blue/pingpu.png HTTP/1.1" 304 -
101.228.167.227 - - [04/Jul/2020:10:29:32 +0800] "POST /xingrg/all/common/load_tree.html?tree=area_rest_tree_json&manage=1 HTTP/1.1" 200 479
101.228.167.227 - - [04/Jul/2020:10:29:32 +0800] "GET /xingrg/javascript/jquery_easy_ui/themes/default/images/tabs_rightarrow.png HTTP/1.1" 304 -
101.228.167.227 - - [04/Jul/2020:10:29:32 +0800] "GET /xingrg/javascript/jquery_easy_ui/themes/default/images/tabs_leftarrow.png HTTP/1.1" 304 -
101.228.167.227 - - [04/Jul/2020:10:29:32 +0800] "GET /xingrg/javascript/jquery_easy_ui/themes/default/images/panel_tool_collapse.gif HTTP/1.1" 304 -
101.228.167.227 - - [04/Jul/2020:10:29:32 +0800] "GET /xingrg/check_reg.html?_=1593829790545 HTTP/1.1" 200 22
101.228.167.227 - - [04/Jul/2020:10:29:32 +0800] "GET /xingrg/all/function/internal_message.html?_=1593829790544&CODE_STATE=count HTTP/1.1" 200 11
101.228.167.227 - - [04/Jul/2020:10:29:32 +0800] "GET /xingrg/javascript/jquery_easy_ui/themes/default/images/tree_arrows.gif HTTP/1.1" 304 -
101.228.167.227 - - [04/Jul/2020:10:29:32 +0800] "POST /xingrg/load_menu.html HTTP/1.1" 200 5138
101.228.167.227 - - [04/Jul/2020:10:29:32 +0800] "GET /xingrg/javascript/jquery_easy_ui/themes/default/images/tree_folder_open.gif HTTP/1.1" 304 -
101.228.167.227 - - [04/Jul/2020:10:29:32 +0800] "GET /xingrg/javascript/jquery_easy_ui/themes/default/images/tree_folder.gif HTTP/1.1" 304 -
101.228.167.227 - - [04/Jul/2020:10:29:32 +0800] "GET /xingrg/javascript/jquery_easy_ui/themes/icons/search_new.png HTTP/1.1" 304 -
101.228.167.227 - - [04/Jul/2020:10:29:32 +0800] "GET /xingrg/javascript/jquery_easy_ui/themes/icons/storage_new.png HTTP/1.1" 304 -
101.228.167.227 - - [04/Jul/2020:10:29:32 +0800] "GET /xingrg/javascript/jquery_easy_ui/themes/icons/forms_new.png HTTP/1.1" 304 -
101.228.167.227 - - [04/Jul/2020:10:29:32 +0800] "GET /xingrg/javascript/jquery_easy_ui/themes/default/images/tree_file.gif HTTP/1.1" 304 -
114.89.80.44 - - [04/Jul/2020:10:29:32 +0800] "POST /xingrg/dwr/call/plaincall/AjaxQqpsService.saveMaterielItem.dwr HTTP/1.1" 200 78
114.88.170.9 - - [04/Jul/2020:10:29:33 +0800] "GET /xingrg/kc/buy/cgsh_order_operate.html?command=get_materiel&rest_code=00111&code=00101006111&supplier_code=00100012&order_time=2020-07-04 HTTP/1.1" 200 409
172.17.0.106 - - [04/Jul/2020:10:29:34 +0800] "GET /xingrg/all/function/internal_message.html?_=1593829771736&CODE_STATE=getMsg HTTP/1.1" 200 27
120.253.135.82 - - [04/Jul/2020:10:29:35 +0800] "GET /xingrg/all/function/internal_message.html?_=1593829891673&CODE_STATE=getMsg HTTP/1.1" 200 27
172.17.0.240 - - [04/Jul/2020:10:29:35 +0800] "GET /xingrg/all/function/internal_message.html?_=1593829771296&CODE_STATE=getMsg HTTP/1.1" 200 27
117.184.7.30 - - [04/Jul/2020:10:29:35 +0800] "GET /xingrg/kc/buy/cgsh_order_operate.html?command=get_materiel&rest_code=00108&code=00101008087&supplier_code=00100008&order_time=2020-07-04 HTTP/1.1" 200 412
58.40.7.146 - - [04/Jul/2020:10:29:36 +0800] "POST /xingrg/dwr/call/plaincall/AjaxCheckService.setItemNumber.dwr HTTP/1.1" 200 77
101.91.60.105 - - [04/Jul/2020:10:29:37 +0800] "GET /xingrg/kc/buy/cgsh_order_operate.html?command=get_materiel&rest_code=00141&code=00101015044&supplier_code=00100007&order_time=2020-07-04 HTTP/1.1" 302 -
101.91.60.105 - - [04/Jul/2020:10:29:39 +0800] "GET /xingrg/login.html HTTP/1.1" 200 7641
172.17.0.120 - - [04/Jul/2020:10:29:40 +0800] "GET /xingrg/all/function/internal_message.html?_=1593829775241&CODE_STATE=getMsg HTTP/1.1" 200 27
58.40.7.146 - - [04/Jul/2020:10:29:41 +0800] "POST /xingrg/dwr/call/plaincall/AjaxCheckService.setItemNumber.dwr HTTP/1.1" 200 77
101.228.167.227 - - [04/Jul/2020:10:29:42 +0800] "GET /xingrg/javascript/jquery_easy_ui/themes/icons/area.png HTTP/1.1" 304 -
101.228.167.227 - - [04/Jul/2020:10:29:42 +0800] "GET /xingrg/javascript/jquery_easy_ui/themes/icons/rest.png HTTP/1.1" 304 -
117.184.7.30 - - [04/Jul/2020:10:29:42 +0800] "GET /xingrg/kc/buy/cgsh_order_operate.html?command=get_materiel&rest_code=00108&code=00101008361&supplier_code=00100008&order_time=2020-07-04 HTTP/1.1" 200 410
61.129.6.151 - - [04/Jul/2020:10:29:44 +0800] "GET /xingrg/kc/buy/cgsh_order_operate.html?command=get_materiel&rest_code=00141&code=00101008168&supplier_code=00100007&order_time=2020-07-04 HTTP/1.1" 302 -
61.129.6.151 - - [04/Jul/2020:10:29:45 +0800] "GET /xingrg/login.html HTTP/1.1" 200 7641
114.88.156.166 - - [04/Jul/2020:10:29:45 +0800] "GET /xingrg/kc/buy/cgsh_order_operate.html?command=get_materiel&rest_code=00141&code=00101008418&supplier_code=00100007&order_time=2020-07-04 HTTP/1.1" 200 398
58.40.7.146 - - [04/Jul/2020:10:29:46 +0800] "POST /xingrg/dwr/call/plaincall/AjaxCheckService.setItemNumber.dwr HTTP/1.1" 200 77
114.89.80.44 - - [04/Jul/2020:10:29:47 +0800] "GET /xingrg/all/function/internal_message.html?_=1593829784171&CODE_STATE=getMsg HTTP/1.1" 200 27
172.17.0.100 - - [04/Jul/2020:10:29:47 +0800] "GET /xingrg/all/function/internal_message.html?_=1593829783121&CODE_STATE=getMsg HTTP/1.1" 200 27
114.88.156.166 - - [04/Jul/2020:10:29:48 +0800] "GET /xingrg/all/function/internal_message.html?_=1593829780987&CODE_STATE=getMsg HTTP/1.1" 200 27
117.185.32.26 - - [04/Jul/2020:10:29:48 +0800] "GET /xingrg/check_reg.html?_=1593829781184 HTTP/1.1" 200 22
117.185.32.26 - - [04/Jul/2020:10:29:48 +0800] "GET /xingrg/all/function/internal_message.html?_=1593829781186&CODE_STATE=getMsg HTTP/1.1" 200 27
114.89.80.44 - - [04/Jul/2020:10:29:49 +0800] "POST /xingrg/dwr/call/plaincall/AjaxQqpsService.getMaterielByCode.dwr HTTP/1.1" 200 3643
172.17.0.185 - - [04/Jul/2020:10:29:49 +0800] "GET /xingrg/all/function/internal_message.html?_=1593829785679&CODE_STATE=getMsg HTTP/1.1" 200 27
58.40.7.146 - - [04/Jul/2020:10:29:50 +0800] "POST /xingrg/dwr/call/plaincall/AjaxCheckService.setItemNumber.dwr HTTP/1.1" 200 77
117.184.7.30 - - [04/Jul/2020:10:29:50 +0800] "GET /xingrg/kc/buy/cgsh_order_operate.html?command=get_materiel&rest_code=00108&code=00101008355&supplier_code=00100008&order_time=2020-07-04 HTTP/1.1" 200 408
101.89.19.149 - - [04/Jul/2020:10:29:51 +0800] "GET /xingrg/kc/buy/cgsh_order_operate.html?command=get_materiel&rest_code=00141&code=00101008236&supplier_code=00100007&order_time=2020-07-04 HTTP/1.1" 302 -
101.89.19.149 - - [04/Jul/2020:10:29:51 +0800] "GET /xingrg/login.html HTTP/1.1" 200 7641
114.88.170.9 - - [04/Jul/2020:10:29:52 +0800] "GET /xingrg/all/function/internal_message.html?_=1593829813503&CODE_STATE=getMsg HTTP/1.1" 200 27
58.40.7.146 - - [04/Jul/2020:10:29:52 +0800] "POST /xingrg/dwr/call/plaincall/AjaxCheckService.setItemNumber.dwr HTTP/1.1" 200 77
114.88.156.166 - - [04/Jul/2020:10:29:52 +0800] "GET /xingrg/kc/buy/cgsh_order_operate.html?command=get_materiel&rest_code=00141&code=00101009007&supplier_code=00100007&order_time=2020-07-04 HTTP/1.1" 200 410
114.89.80.44 - - [04/Jul/2020:10:29:53 +0800] "POST /xingrg/dwr/call/plaincall/AjaxQqpsService.saveMaterielItem.dwr HTTP/1.1" 200 78
114.86.190.97 - - [04/Jul/2020:10:29:54 +0800] "GET /xingrg/all/function/internal_message.html?_=1593829796046&CODE_STATE=getMsg HTTP/1.1" 200 27
180.175.214.200 - - [04/Jul/2020:10:29:57 +0800] "GET /xingrg/all/function/internal_message.html?_=1593830001611&CODE_STATE=getMsg HTTP/1.1" 200 27
58.40.7.146 - - [04/Jul/2020:10:29:57 +0800] "POST /xingrg/dwr/call/plaincall/AjaxCheckService.setItemNumber.dwr HTTP/1.1" 200 77
114.89.80.44 - - [04/Jul/2020:10:29:58 +0800] "POST /xingrg/dwr/call/plaincall/AjaxQqpsService.getMaterielByCode.dwr HTTP/1.1" 200 3641
114.89.80.44 - - [04/Jul/2020:10:29:59 +0800] "POST /xingrg/dwr/call/plaincall/AjaxQqpsService.saveMaterielItem.dwr HTTP/1.1" 200 79
58.40.7.146 - - [04/Jul/2020:10:30:00 +0800] "POST /xingrg/dwr/call/plaincall/AjaxCheckService.setItemNumber.dwr HTTP/1.1" 200 77
114.88.156.166 - - [04/Jul/2020:10:30:00 +0800] "GET /xingrg/kc/buy/cgsh_order_operate.html?command=get_materiel&rest_code=00141&code=00101009013&supplier_code=00100007&order_time=2020-07-04 HTTP/1.1" 200 420
58.221.95.50 - - [04/Jul/2020:10:30:03 +0800] "GET /xingrg/check_reg.html?_=1593829890660 HTTP/1.1" 200 22
58.221.95.50 - - [04/Jul/2020:10:30:03 +0800] "GET /xingrg/check_reg.html?_=1593829890815 HTTP/1.1" 200 22
114.89.80.44 - - [04/Jul/2020:10:30:04 +0800] "POST /xingrg/dwr/call/plaincall/AjaxQqpsService.getMaterielByCode.dwr HTTP/1.1" 200 3649
114.89.80.44 - - [04/Jul/2020:10:30:05 +0800] "POST /xingrg/dwr/call/plaincall/AjaxQqpsService.saveMaterielItem.dwr HTTP/1.1" 200 79
172.17.0.123 - - [04/Jul/2020:10:30:06 +0800] "GET /xingrg/all/function/internal_message.html?_=1593829758417&CODE_STATE=getMsg HTTP/1.1" 200 27
58.40.7.146 - - [04/Jul/2020:10:30:06 +0800] "POST /xingrg/dwr/call/plaincall/AjaxCheckService.setItemNumber.dwr HTTP/1.1" 200 77
114.86.190.97 - - [04/Jul/2020:10:30:07 +0800] "POST /xingrg/services/DataTransmitService HTTP/1.1" 200 524
114.86.190.97 - - [04/Jul/2020:10:30:07 +0800] "POST /xingrg/services/DataTransmitService HTTP/1.1" 200 2131
114.88.156.166 - - [04/Jul/2020:10:30:07 +0800] "GET /xingrg/kc/buy/cgsh_order_operate.html?command=get_materiel&rest_code=00141&code=00101008036&supplier_code=00100007&order_time=2020-07-04 HTTP/1.1" 200 408
114.86.190.97 - - [04/Jul/2020:10:30:07 +0800] "POST /xingrg/services/DataTransmitService HTTP/1.1" 200 135291
58.40.7.146 - - [04/Jul/2020:10:30:08 +0800] "POST /xingrg/dwr/call/plaincall/AjaxCheckService.setItemNumber.dwr HTTP/1.1" 200 77
114.89.80.44 - - [04/Jul/2020:10:30:11 +0800] "POST /xingrg/dwr/call/plaincall/AjaxQqpsService.getMaterielByCode.dwr HTTP/1.1" 200 3584
61.172.5.115 - - [04/Jul/2020:10:30:13 +0800] "GET /xingrg/all/function/internal_message.html?_=1593829810399&CODE_STATE=getMsg HTTP/1.1" 200 27
61.172.5.115 - - [04/Jul/2020:10:30:13 +0800] "GET /xingrg/check_reg.html?_=1593829810460 HTTP/1.1" 200 22
58.40.7.146 - - [04/Jul/2020:10:30:13 +0800] "GET /xingrg/all/function/internal_message.html?_=1593829809891&CODE_STATE=getMsg HTTP/1.1" 200 27
114.89.80.44 - - [04/Jul/2020:10:30:14 +0800] "GET /xingrg/all/function/internal_message.html?_=1593829943031&CODE_STATE=getMsg HTTP/1.1" 200 27
172.17.200.101 - - [04/Jul/2020:10:30:15 +0800] "GET /xingrg/all/function/internal_message.html?_=1593829815332&CODE_STATE=getMsg HTTP/1.1" 200 27
117.184.7.26 - - [04/Jul/2020:10:30:15 +0800] "GET /xingrg/all/function/internal_message.html?_=1593829802815&CODE_STATE=getMsg HTTP/1.1" 200 27
114.89.80.44 - - [04/Jul/2020:10:30:15 +0800] "POST /xingrg/dwr/call/plaincall/AjaxQqpsService.saveMaterielItem.dwr HTTP/1.1" 200 79
101.228.167.227 - - [04/Jul/2020:10:30:18 +0800] "GET /xingrg/check_reg.html?_=1593829809896 HTTP/1.1" 200 22
101.228.167.227 - - [04/Jul/2020:10:30:19 +0800] "GET /xingrg/all/function/internal_message.html?_=1593829810734&CODE_STATE=getMsg HTTP/1.1" 200 27
114.89.80.44 - - [04/Jul/2020:10:30:21 +0800] "POST /xingrg/dwr/call/plaincall/AjaxQqpsService.getMaterielByCode.dwr HTTP/1.1" 200 3613
124.76.237.190 - - [04/Jul/2020:10:30:22 +0800] "GET /xingrg/all/function/internal_message.html?_=1593828800208&CODE_STATE=getMsg HTTP/1.1" 200 27
58.40.7.146 - - [04/Jul/2020:10:30:22 +0800] "POST /xingrg/dwr/call/plaincall/AjaxCheckService.setItemNumber.dwr HTTP/1.1" 200 77
114.88.156.166 - - [04/Jul/2020:10:30:22 +0800] "GET /xingrg/kc/buy/cgsh_order_operate.html?command=get_materiel&rest_code=00141&code=00101008350&supplier_code=00100007&order_time=2020-07-04 HTTP/1.1" 200 410
114.89.80.44 - - [04/Jul/2020:10:30:25 +0800] "POST /xingrg/dwr/call/plaincall/AjaxQqpsService.saveMaterielItem.dwr HTTP/1.1" 200 79
117.184.7.30 - - [04/Jul/2020:10:30:25 +0800] "GET /xingrg/all/function/internal_message.html?_=1593829812136&CODE_STATE=getMsg HTTP/1.1" 200 27
222.69.136.71 - - [04/Jul/2020:10:30:26 +0800] "GET /xingrg/all/function/internal_message.html?_=1593829815634&CODE_STATE=getMsg HTTP/1.1" 200 27
58.40.7.146 - - [04/Jul/2020:10:30:27 +0800] "POST /xingrg/dwr/call/plaincall/AjaxCheckService.setItemNumber.dwr HTTP/1.1" 200 77
114.86.190.97 - - [04/Jul/2020:10:30:29 +0800] "POST /xingrg/services/DataTransmitService HTTP/1.1" 200 524
114.88.156.166 - - [04/Jul/2020:10:30:29 +0800] "GET /xingrg/kc/buy/cgsh_order_operate.html?command=get_materiel&rest_code=00141&code=00101009062&supplier_code=00100007&order_time=2020-07-04 HTTP/1.1" 200 412
58.40.7.146 - - [04/Jul/2020:10:30:30 +0800] "POST /xingrg/dwr/call/plaincall/AjaxCheckService.setItemNumber.dwr HTTP/1.1" 200 77
116.233.76.29 - - [04/Jul/2020:10:30:31 +0800] "GET /xingrg/check_reg.html?_=1593829876703 HTTP/1.1" 200 22
116.233.76.29 - - [04/Jul/2020:10:30:31 +0800] "GET /xingrg/all/function/internal_message.html?_=1593829876765&CODE_STATE=getMsg HTTP/1.1" 200 27
114.86.190.97 - - [04/Jul/2020:10:30:32 +0800] "POST /xingrg/services/DataTransmitService HTTP/1.1" 200 501
101.228.167.227 - - [04/Jul/2020:10:30:32 +0800] "GET /xingrg/all/function/internal_message.html?_=1593829850558&CODE_STATE=getMsg HTTP/1.1" 200 27
114.86.190.97 - - [04/Jul/2020:10:30:32 +0800] "POST /xingrg/services/DataTransmitService HTTP/1.1" 200 524
114.86.190.97 - - [04/Jul/2020:10:30:32 +0800] "POST /xingrg/services/DataTransmitService HTTP/1.1" 200 497
114.86.190.97 - - [04/Jul/2020:10:30:33 +0800] "POST /xingrg/services/DataTransmitService HTTP/1.1" 200 524
114.86.190.97 - - [04/Jul/2020:10:30:33 +0800] "POST /xingrg/services/DataTransmitService HTTP/1.1" 200 501
114.86.190.97 - - [04/Jul/2020:10:30:33 +0800] "POST /xingrg/services/DataTransmitService HTTP/1.1" 200 524
114.86.190.97 - - [04/Jul/2020:10:30:33 +0800] "POST /xingrg/services/DataTransmitService HTTP/1.1" 200 501
114.86.190.97 - - [04/Jul/2020:10:30:33 +0800] "POST /xingrg/services/DataTransmitService HTTP/1.1" 200 524
114.86.190.97 - - [04/Jul/2020:10:30:33 +0800] "POST /xingrg/services/DataTransmitService HTTP/1.1" 200 501
114.86.190.97 - - [04/Jul/2020:10:30:33 +0800] "POST /xingrg/services/DataTransmitService HTTP/1.1" 200 524
114.86.190.97 - - [04/Jul/2020:10:30:34 +0800] "POST /xingrg/services/DataTransmitService HTTP/1.1" 200 501
172.17.0.106 - - [04/Jul/2020:10:30:34 +0800] "GET /xingrg/all/function/internal_message.html?_=1593829831725&CODE_STATE=getMsg HTTP/1.1" 200 27
120.253.135.82 - - [04/Jul/2020:10:30:35 +0800] "GET /xingrg/all/function/internal_message.html?_=1593829951684&CODE_STATE=getMsg HTTP/1.1" 200 27
172.17.0.240 - - [04/Jul/2020:10:30:35 +0800] "GET /xingrg/all/function/internal_message.html?_=1593829831298&CODE_STATE=getMsg HTTP/1.1" 200 27
172.17.0.240 - - [04/Jul/2020:10:30:35 +0800] "GET /xingrg/check_reg.html?_=1593829831299 HTTP/1.1" 200 22
58.40.7.146 - - [04/Jul/2020:10:30:38 +0800] "POST /xingrg/dwr/call/plaincall/AjaxCheckService.setItemNumber.dwr HTTP/1.1" 200 77
114.89.80.44 - - [04/Jul/2020:10:30:38 +0800] "POST /xingrg/dwr/call/plaincall/AjaxQqpsService.getMaterielByCode.dwr HTTP/1.1" 200 3584
114.88.156.166 - - [04/Jul/2020:10:30:39 +0800] "GET /xingrg/kc/buy/cgsh_order_operate.html?command=get_materiel&rest_code=00141&code=00101008270&supplier_code=00100007&order_time=2020-07-04 HTTP/1.1" 200 413
172.17.0.120 - - [04/Jul/2020:10:30:40 +0800] "GET /xingrg/check_reg.html?_=1593829835229 HTTP/1.1" 200 22
172.17.0.120 - - [04/Jul/2020:10:30:40 +0800] "GET /xingrg/all/function/internal_message.html?_=1593829835231&CODE_STATE=getMsg HTTP/1.1" 200 27
114.89.80.44 - - [04/Jul/2020:10:30:40 +0800] "POST /xingrg/dwr/call/plaincall/AjaxQqpsService.saveMaterielItem.dwr HTTP/1.1" 200 79
58.40.7.146 - - [04/Jul/2020:10:30:41 +0800] "POST /xingrg/dwr/call/plaincall/AjaxCheckService.setItemNumber.dwr HTTP/1.1" 200 77
101.89.239.238 - - [04/Jul/2020:10:30:44 +0800] "GET /xingrg/kc/buy/cgsh_order_operate.html?command=get_materiel&rest_code=00141&code=00101008418&supplier_code=00100007&order_time=2020-07-04 HTTP/1.1" 302 -
101.89.239.238 - - [04/Jul/2020:10:30:45 +0800] "GET /xingrg/login.html HTTP/1.1" 200 7641
58.40.7.146 - - [04/Jul/2020:10:30:47 +0800] "POST /xingrg/dwr/call/plaincall/AjaxCheckService.setItemNumber.dwr HTTP/1.1" 200 77
114.89.80.44 - - [04/Jul/2020:10:30:47 +0800] "GET /xingrg/check_reg.html?_=1593829844141 HTTP/1.1" 200 22
114.89.80.44 - - [04/Jul/2020:10:30:47 +0800] "GET /xingrg/all/function/internal_message.html?_=1593829844160&CODE_STATE=getMsg HTTP/1.1" 200 27
172.17.0.100 - - [04/Jul/2020:10:30:47 +0800] "GET /xingrg/check_reg.html?_=1593829843115 HTTP/1.1" 200 22
172.17.0.100 - - [04/Jul/2020:10:30:47 +0800] "GET /xingrg/all/function/internal_message.html?_=1593829843117&CODE_STATE=getMsg HTTP/1.1" 200 27
101.91.62.89 - - [04/Jul/2020:10:30:47 +0800] "GET /xingrg/all/function/internal_message.html?_=1593829780987&CODE_STATE=getMsg HTTP/1.1" 302 -
114.88.156.166 - - [04/Jul/2020:10:30:48 +0800] "GET /xingrg/all/function/internal_message.html?_=1593829840995&CODE_STATE=getMsg HTTP/1.1" 200 27
114.88.156.166 - - [04/Jul/2020:10:30:48 +0800] "GET /xingrg/kc/buy/cgsh_order_operate.html?command=get_materiel&rest_code=00141&code=00101008261&supplier_code=00100007&order_time=2020-07-04 HTTP/1.1" 200 408
117.185.32.26 - - [04/Jul/2020:10:30:48 +0800] "GET /xingrg/all/function/internal_message.html?_=1593829841184&CODE_STATE=getMsg HTTP/1.1" 200 27
120.204.17.70 - - [04/Jul/2020:10:30:48 +0800] "GET /xingrg/check_reg.html?_=1593829781184 HTTP/1.1" 302 -
120.204.17.70 - - [04/Jul/2020:10:30:48 +0800] "GET /xingrg/login.html HTTP/1.1" 200 7641
120.204.17.70 - - [04/Jul/2020:10:30:48 +0800] "GET /xingrg/all/function/internal_message.html?_=1593829781186&CODE_STATE=getMsg HTTP/1.1" 302 -
58.40.7.146 - - [04/Jul/2020:10:30:48 +0800] "POST /xingrg/dwr/call/plaincall/AjaxCheckService.setItemNumber.dwr HTTP/1.1" 200 77
101.91.62.89 - - [04/Jul/2020:10:30:49 +0800] "GET /xingrg/login.html HTTP/1.1" 200 7641
172.17.0.185 - - [04/Jul/2020:10:30:49 +0800] "GET /xingrg/all/function/internal_message.html?_=1593829845682&CODE_STATE=getMsg HTTP/1.1" 200 27
120.204.17.70 - - [04/Jul/2020:10:30:51 +0800] "GET /xingrg/login.html HTTP/1.1" 200 7641
114.88.170.9 - - [04/Jul/2020:10:30:52 +0800] "GET /xingrg/all/function/internal_message.html?_=1593829873492&CODE_STATE=getMsg HTTP/1.1" 200 27
58.40.7.146 - - [04/Jul/2020:10:30:53 +0800] "POST /xingrg/dwr/call/plaincall/AjaxCheckService.setItemNumber.dwr HTTP/1.1" 200 77
114.88.156.166 - - [04/Jul/2020:10:30:54 +0800] "GET /xingrg/kc/buy/cgsh_order_operate.html?command=get_materiel&rest_code=00141&code=00101008087&supplier_code=00100007&order_time=2020-07-04 HTTP/1.1" 200 412
114.86.190.97 - - [04/Jul/2020:10:30:54 +0800] "GET /xingrg/all/function/internal_message.html?_=1593829856028&CODE_STATE=getMsg HTTP/1.1" 200 27
114.89.80.44 - - [04/Jul/2020:10:30:55 +0800] "POST /xingrg/dwr/call/plaincall/AjaxQqpsService.getMaterielByCode.dwr HTTP/1.1" 200 3584
58.40.7.146 - - [04/Jul/2020:10:30:55 +0800] "POST /xingrg/dwr/call/plaincall/AjaxCheckService.setItemNumber.dwr HTTP/1.1" 200 77
114.89.80.44 - - [04/Jul/2020:10:30:57 +0800] "POST /xingrg/dwr/call/plaincall/AjaxQqpsService.saveMaterielItem.dwr HTTP/1.1" 200 79
117.184.7.26 - - [04/Jul/2020:10:30:58 +0800] "GET /xingrg/kc/buy/cgsh_order_operate.html?command=get_materiel&rest_code=00108&code=00101008004&supplier_code=00100008&order_time=2020-07-04 HTTP/1.1" 200 416
180.175.214.200 - - [04/Jul/2020:10:30:58 +0800] "GET /xingrg/all/function/internal_message.html?_=1593830062078&CODE_STATE=getMsg HTTP/1.1" 200 27
58.40.7.146 - - [04/Jul/2020:10:31:00 +0800] "POST /xingrg/dwr/call/plaincall/AjaxCheckService.setItemNumber.dwr HTTP/1.1" 200 77
114.88.156.166 - - [04/Jul/2020:10:31:01 +0800] "GET /xingrg/kc/buy/cgsh_order_operate.html?command=get_materiel&rest_code=00141&code=00101008005&supplier_code=00100007&order_time=2020-07-04 HTTP/1.1" 200 412
58.40.7.146 - - [04/Jul/2020:10:31:02 +0800] "POST /xingrg/dwr/call/plaincall/AjaxCheckService.setItemNumber.dwr HTTP/1.1" 200 77
114.89.80.44 - - [04/Jul/2020:10:31:02 +0800] "POST /xingrg/dwr/call/plaincall/AjaxQqpsService.getMaterielByCode.dwr HTTP/1.1" 200 3591
117.184.7.30 - - [04/Jul/2020:10:31:04 +0800] "POST /xingrg/kc/buy/cgsh_order_operate.html HTTP/1.1" 200 2065
114.89.80.44 - - [04/Jul/2020:10:31:05 +0800] "POST /xingrg/dwr/call/plaincall/AjaxQqpsService.saveMaterielItem.dwr HTTP/1.1" 200 79
58.40.7.146 - - [04/Jul/2020:10:31:06 +0800] "POST /xingrg/dwr/call/plaincall/AjaxCheckService.setItemNumber.dwr HTTP/1.1" 200 77
172.17.0.123 - - [04/Jul/2020:10:31:06 +0800] "GET /xingrg/all/function/internal_message.html?_=1593829818420&CODE_STATE=getMsg HTTP/1.1" 200 27
101.91.62.65 - - [04/Jul/2020:10:31:07 +0800] "GET /xingrg/kc/buy/cgsh_order_operate.html?command=get_materiel&rest_code=00141&code=00101008036&supplier_code=00100007&order_time=2020-07-04 HTTP/1.1" 302 -
101.91.62.65 - - [04/Jul/2020:10:31:07 +0800] "GET /xingrg/login.html HTTP/1.1" 200 7641
117.184.7.30 - - [04/Jul/2020:10:31:07 +0800] "GET /xingrg/kc/buy/cgsh_order_operate.html?command=get_materiel&rest_code=00108&code=00101008264&supplier_code=00100008&order_time=2020-07-04 HTTP/1.1" 200 412
114.88.156.166 - - [04/Jul/2020:10:31:09 +0800] "GET /xingrg/kc/buy/cgsh_order_operate.html?command=get_materiel&rest_code=00141&code=00101008115&supplier_code=00100007&order_time=2020-07-04 HTTP/1.1" 200 412
101.228.167.227 - - [04/Jul/2020:10:31:09 +0800] "POST /xingrg/services/DataTransmitService HTTP/1.1" 200 524
101.228.167.227 - - [04/Jul/2020:10:31:09 +0800] "POST /xingrg/services/DataTransmitService HTTP/1.1" 200 2147
58.40.7.146 - - [04/Jul/2020:10:31:09 +0800] "POST /xingrg/dwr/call/plaincall/AjaxCheckService.setItemNumber.dwr HTTP/1.1" 200 77
101.228.167.227 - - [04/Jul/2020:10:31:10 +0800] "POST /xingrg/services/DataTransmitService HTTP/1.1" 200 148459
58.40.7.146 - - [04/Jul/2020:10:31:12 +0800] "POST /xingrg/dwr/call/plaincall/AjaxCheckService.setItemNumber.dwr HTTP/1.1" 200 77
61.172.5.115 - - [04/Jul/2020:10:31:13 +0800] "GET /xingrg/all/function/internal_message.html?_=1593829870397&CODE_STATE=getMsg HTTP/1.1" 200 27
58.40.7.146 - - [04/Jul/2020:10:31:13 +0800] "GET /xingrg/all/function/internal_message.html?_=1593829869937&CODE_STATE=getMsg HTTP/1.1" 200 27
114.89.80.44 - - [04/Jul/2020:10:31:15 +0800] "GET /xingrg/all/function/internal_message.html?_=1593830003049&CODE_STATE=getMsg HTTP/1.1" 200 27
117.184.7.26 - - [04/Jul/2020:10:31:15 +0800] "GET /xingrg/kc/buy/cgsh_order_operate.html?command=get_materiel&rest_code=00108&code=00101008024&supplier_code=00100008&order_time=2020-07-04 HTTP/1.1" 200 408
172.17.200.101 - - [04/Jul/2020:10:31:15 +0800] "GET /xingrg/all/function/internal_message.html?_=1593829875335&CODE_STATE=getMsg HTTP/1.1" 200 27
117.184.7.26 - - [04/Jul/2020:10:31:15 +0800] "GET /xingrg/all/function/internal_message.html?_=1593829862790&CODE_STATE=getMsg HTTP/1.1" 200 27
114.88.156.166 - - [04/Jul/2020:10:31:16 +0800] "GET /xingrg/kc/buy/cgsh_order_operate.html?command=get_materiel&rest_code=00141&code=00101008176&supplier_code=00100007&order_time=2020-07-04 HTTP/1.1" 200 413
101.228.167.227 - - [04/Jul/2020:10:31:19 +0800] "GET /xingrg/all/function/internal_message.html?_=1593829870749&CODE_STATE=getMsg HTTP/1.1" 200 27
58.40.7.146 - - [04/Jul/2020:10:31:20 +0800] "POST /xingrg/dwr/call/plaincall/AjaxCheckService.setItemNumber.dwr HTTP/1.1" 200 77
117.184.7.30 - - [04/Jul/2020:10:31:21 +0800] "GET /xingrg/kc/buy/cgsh_order_operate.html?command=get_materiel&rest_code=00108&code=00101008212&supplier_code=00100008&order_time=2020-07-04 HTTP/1.1" 200 412
124.76.237.190 - - [04/Jul/2020:10:31:22 +0800] "GET /xingrg/all/function/internal_message.html?_=1593828860208&CODE_STATE=getMsg HTTP/1.1" 200 27
114.88.156.166 - - [04/Jul/2020:10:31:22 +0800] "GET /xingrg/kc/buy/cgsh_order_operate.html?command=get_materiel&rest_code=00141&code=00101008199&supplier_code=00100007&order_time=2020-07-04 HTTP/1.1" 200 408
58.40.7.146 - - [04/Jul/2020:10:31:24 +0800] "POST /xingrg/dwr/call/plaincall/AjaxCheckService.setItemNumber.dwr HTTP/1.1" 200 77
117.184.7.30 - - [04/Jul/2020:10:31:25 +0800] "GET /xingrg/all/function/internal_message.html?_=1593829872149&CODE_STATE=getMsg HTTP/1.1" 200 27
58.40.7.146 - - [04/Jul/2020:10:31:26 +0800] "POST /xingrg/dwr/call/plaincall/AjaxCheckService.setItemNumber.dwr HTTP/1.1" 200 77
222.69.136.71 - - [04/Jul/2020:10:31:26 +0800] "GET /xingrg/all/function/internal_message.html?_=1593829875649&CODE_STATE=getMsg HTTP/1.1" 200 27
101.91.60.105 - - [04/Jul/2020:10:31:28 +0800] "GET /xingrg/kc/buy/cgsh_order_operate.html?command=get_materiel&rest_code=00141&code=00101009062&supplier_code=00100007&order_time=2020-07-04 HTTP/1.1" 302 -
58.40.7.146 - - [04/Jul/2020:10:31:29 +0800] "POST /xingrg/dwr/call/plaincall/AjaxCheckService.setItemNumber.dwr HTTP/1.1" 200 77
101.91.60.105 - - [04/Jul/2020:10:31:30 +0800] "GET /xingrg/login.html HTTP/1.1" 200 7641
117.184.7.30 - - [04/Jul/2020:10:31:31 +0800] "GET /xingrg/kc/buy/cgsh_order_operate.html?command=get_materiel&rest_code=00108&code=00101008059&supplier_code=00100008&order_time=2020-07-04 HTTP/1.1" 200 408
116.233.76.29 - - [04/Jul/2020:10:31:31 +0800] "GET /xingrg/all/function/internal_message.html?_=1593829936765&CODE_STATE=getMsg HTTP/1.1" 200 27
101.228.167.227 - - [04/Jul/2020:10:31:32 +0800] "GET /xingrg/all/function/internal_message.html?_=1593829910571&CODE_STATE=getMsg HTTP/1.1" 200 27
58.40.7.146 - - [04/Jul/2020:10:31:33 +0800] "POST /xingrg/dwr/call/plaincall/AjaxCheckService.setItemNumber.dwr HTTP/1.1" 200 77
172.17.0.106 - - [04/Jul/2020:10:31:34 +0800] "GET /xingrg/all/function/internal_message.html?_=1593829891733&CODE_STATE=getMsg HTTP/1.1" 200 27
172.17.0.106 - - [04/Jul/2020:10:31:34 +0800] "GET /xingrg/check_reg.html?_=1593829891737 HTTP/1.1" 200 22
172.17.0.240 - - [04/Jul/2020:10:31:35 +0800] "GET /xingrg/all/function/internal_message.html?_=1593829891301&CODE_STATE=getMsg HTTP/1.1" 200 27
58.40.7.146 - - [04/Jul/2020:10:31:37 +0800] "POST /xingrg/dwr/call/plaincall/AjaxCheckService.setItemNumber.dwr HTTP/1.1" 200 77
117.184.7.30 - - [04/Jul/2020:10:31:37 +0800] "GET /xingrg/kc/buy/cgsh_order_operate.html?command=get_materiel&rest_code=00108&code=00101008077&supplier_code=00100008&order_time=2020-07-04 HTTP/1.1" 200 416
120.253.135.82 - - [04/Jul/2020:10:31:38 +0800] "GET /xingrg/all/function/internal_message.html?_=1593830011701&CODE_STATE=getMsg HTTP/1.1" 200 27
172.17.0.120 - - [04/Jul/2020:10:31:40 +0800] "GET /xingrg/all/function/internal_message.html?_=1593829895234&CODE_STATE=getMsg HTTP/1.1" 200 27
58.40.7.146 - - [04/Jul/2020:10:31:40 +0800] "POST /xingrg/dwr/call/plaincall/AjaxCheckService.setItemNumber.dwr HTTP/1.1" 200 77
58.40.7.146 - - [04/Jul/2020:10:31:42 +0800] "POST /xingrg/dwr/call/plaincall/AjaxCheckService.setItemNumber.dwr HTTP/1.1" 200 77
120.253.135.82 - - [04/Jul/2020:10:31:43 +0800] "GET /xingrg/kc/pszx/mdqp_order_list.html?state=10 HTTP/1.1" 200 10976
120.253.135.82 - - [04/Jul/2020:10:31:43 +0800] "POST /xingrg/kc/pszx/mdps_list_operate.html HTTP/1.1" 200 5401
120.253.135.82 - - [04/Jul/2020:10:31:43 +0800] "GET /xingrg/dwr/interface/AjaxReportQueryService.js HTTP/1.1" 200 13203
120.253.135.82 - - [04/Jul/2020:10:31:43 +0800] "GET /xingrg/dwr/interface/AjaxQqpsService.js HTTP/1.1" 200 16326
120.253.135.82 - - [04/Jul/2020:10:31:43 +0800] "GET /xingrg/dwr/engine.js HTTP/1.1" 200 43631
117.184.7.30 - - [04/Jul/2020:10:31:44 +0800] "GET /xingrg/kc/buy/cgsh_order_operate.html?command=get_materiel&rest_code=00108&code=00101008357&supplier_code=00100008&order_time=2020-07-04 HTTP/1.1" 200 408
58.40.7.146 - - [04/Jul/2020:10:31:45 +0800] "POST /xingrg/dwr/call/plaincall/AjaxCheckService.setItemNumber.dwr HTTP/1.1" 200 77
120.253.135.82 - - [04/Jul/2020:10:31:45 +0800] "GET /xingrg/kc/pszx/mdqp_order_info.html?code=302020070400051 HTTP/1.1" 200 13350
120.253.135.82 - - [04/Jul/2020:10:31:45 +0800] "GET /xingrg/dwr/interface/AjaxQqpsService.js HTTP/1.1" 200 16326
120.253.135.82 - - [04/Jul/2020:10:31:45 +0800] "GET /xingrg/dwr/interface/AjaxComOrderService.js HTTP/1.1" 200 18264
