172.17.0.100 - - [04/Jul/2020:09:49:47 +0800] "GET /xingrg/all/function/internal_message.html?_=1593827382918&CODE_STATE=getMsg HTTP/1.1" 200 27
114.89.80.44 - - [04/Jul/2020:09:49:49 +0800] "GET /xingrg/kc/buy/cgsh_order_list.html HTTP/1.1" 200 43519
172.17.0.185 - - [04/Jul/2020:09:49:49 +0800] "GET /xingrg/all/function/internal_message.html?_=1593827385677&CODE_STATE=getMsg HTTP/1.1" 200 27
114.89.80.44 - - [04/Jul/2020:09:49:50 +0800] "POST /xingrg/kc/buy/cgsh_list_operate.html HTTP/1.1" 200 1690
114.89.80.44 - - [04/Jul/2020:09:49:52 +0800] "GET /xingrg/kc/buy/cgsh_order_add.html HTTP/1.1" 200 59187
114.89.80.44 - - [04/Jul/2020:09:49:52 +0800] "POST /xingrg/kc/buy/cgsh_order_operate.html HTTP/1.1" 200 8245
114.88.170.9 - - [04/Jul/2020:09:49:52 +0800] "GET /xingrg/all/function/internal_message.html?_=1593827413869&CODE_STATE=getMsg HTTP/1.1" 200 27
114.89.80.44 - - [04/Jul/2020:09:49:52 +0800] "GET /xingrg/all/common/auto_word.html?type=employee&rest_code=00150 HTTP/1.1" 200 205
114.89.80.44 - - [04/Jul/2020:09:49:52 +0800] "GET /xingrg/all/common/auto_word.html?type=employee&rest_code=00150 HTTP/1.1" 200 205
114.89.80.44 - - [04/Jul/2020:09:49:52 +0800] "GET /xingrg/javascript/easyui/themes/default/validatebox.css HTTP/1.1" 404 1104
114.89.80.44 - - [04/Jul/2020:09:49:53 +0800] "GET /xingrg/javascript/auto/indicator.gif HTTP/1.1" 404 1066
172.17.200.101 - - [04/Jul/2020:09:50:00 +0800] "GET /xingrg/all/function/internal_message.html?_=1593827400681&CODE_STATE=getMsg HTTP/1.1" 200 27
114.89.80.44 - - [04/Jul/2020:09:50:02 +0800] "GET /xingrg/all/function/internal_message.html?_=1593827399493&CODE_STATE=getMsg HTTP/1.1" 200 27
172.17.0.123 - - [04/Jul/2020:09:50:06 +0800] "GET /xingrg/all/function/internal_message.html?_=1593827358413&CODE_STATE=getMsg HTTP/1.1" 200 27
61.172.5.115 - - [04/Jul/2020:09:50:13 +0800] "GET /xingrg/check_reg.html?_=1593827410365 HTTP/1.1" 200 22
61.172.5.115 - - [04/Jul/2020:09:50:13 +0800] "GET /xingrg/all/function/internal_message.html?_=1593827410368&CODE_STATE=getMsg HTTP/1.1" 200 27
58.40.7.146 - - [04/Jul/2020:09:50:13 +0800] "GET /xingrg/all/function/internal_message.html?_=1593827409858&CODE_STATE=getMsg HTTP/1.1" 200 27
114.89.80.44 - - [04/Jul/2020:09:50:13 +0800] "POST /xingrg/kc/buy/cgsh_order_operate.html HTTP/1.1" 200 37
114.89.80.44 - - [04/Jul/2020:09:50:14 +0800] "POST /xingrg/kc/buy/cgsh_order_operate.html HTTP/1.1" 200 24542
117.184.7.26 - - [04/Jul/2020:09:50:16 +0800] "GET /xingrg/all/function/internal_message.html?_=1593827403648&CODE_STATE=getMsg HTTP/1.1" 200 27
101.228.167.227 - - [04/Jul/2020:09:50:17 +0800] "GET /xingrg/check_reg.html?_=1593827409618 HTTP/1.1" 200 22
101.228.167.227 - - [04/Jul/2020:09:50:18 +0800] "GET /xingrg/all/function/internal_message.html?_=1593827409972&CODE_STATE=getMsg HTTP/1.1" 200 27
124.76.237.190 - - [04/Jul/2020:09:50:22 +0800] "GET /xingrg/all/function/internal_message.html?_=1593826400145&CODE_STATE=getMsg HTTP/1.1" 200 27
222.69.136.71 - - [04/Jul/2020:09:50:26 +0800] "GET /xingrg/all/function/internal_message.html?_=1593827415591&CODE_STATE=getMsg HTTP/1.1" 200 27
114.89.80.44 - - [04/Jul/2020:09:50:32 +0800] "GET /xingrg/kc/buy/cgsh_order_operate.html?command=get_materiel&rest_code=00150&code=00101009001&supplier_code=00100096&order_time=2020-07-04 HTTP/1.1" 200 416
120.253.135.82 - - [04/Jul/2020:09:50:34 +0800] "GET /xingrg/all/function/internal_message.html?_=1593827551141&CODE_STATE=getMsg HTTP/1.1" 200 27
172.17.0.106 - - [04/Jul/2020:09:50:34 +0800] "GET /xingrg/all/function/internal_message.html?_=1593827431735&CODE_STATE=getMsg HTTP/1.1" 200 27
114.89.80.44 - - [04/Jul/2020:09:50:40 +0800] "GET /xingrg/all/function/internal_message.html?_=1593827568554&CODE_STATE=getMsg HTTP/1.1" 200 27
180.175.214.200 - - [04/Jul/2020:09:50:44 +0800] "GET /xingrg/all/function/internal_message.html?_=1593827648244&CODE_STATE=getMsg HTTP/1.1" 200 27
172.17.0.100 - - [04/Jul/2020:09:50:47 +0800] "GET /xingrg/all/function/internal_message.html?_=1593827442918&CODE_STATE=getMsg HTTP/1.1" 200 27
172.17.0.100 - - [04/Jul/2020:09:50:47 +0800] "GET /xingrg/check_reg.html?_=1593827442921 HTTP/1.1" 200 22
114.89.80.44 - - [04/Jul/2020:09:50:48 +0800] "GET /xingrg/kc/buy/cgsh_order_operate.html?command=get_materiel&rest_code=00150&code=00101009019&supplier_code=00100096&order_time=2020-07-04 HTTP/1.1" 200 412
172.17.0.185 - - [04/Jul/2020:09:50:49 +0800] "GET /xingrg/all/function/internal_message.html?_=1593827445697&CODE_STATE=getMsg HTTP/1.1" 200 27
114.88.170.9 - - [04/Jul/2020:09:50:52 +0800] "GET /xingrg/all/function/internal_message.html?_=1593827473870&CODE_STATE=getMsg HTTP/1.1" 200 27
114.89.80.44 - - [04/Jul/2020:09:51:00 +0800] "GET /xingrg/kc/buy/cgsh_order_operate.html?command=get_materiel&rest_code=00150&code=00101009011&supplier_code=00100096&order_time=2020-07-04 HTTP/1.1" 200 416
172.17.200.101 - - [04/Jul/2020:09:51:00 +0800] "GET /xingrg/all/function/internal_message.html?_=1593827460668&CODE_STATE=getMsg HTTP/1.1" 200 27
114.89.80.44 - - [04/Jul/2020:09:51:02 +0800] "GET /xingrg/all/function/internal_message.html?_=1593827459487&CODE_STATE=getMsg HTTP/1.1" 200 27
172.17.0.123 - - [04/Jul/2020:09:51:06 +0800] "GET /xingrg/all/function/internal_message.html?_=1593827418416&CODE_STATE=getMsg HTTP/1.1" 200 27
114.89.80.44 - - [04/Jul/2020:09:51:09 +0800] "GET /xingrg/kc/buy/cgsh_order_operate.html?command=get_materiel&rest_code=00150&code=00101009041&supplier_code=00100096&order_time=2020-07-04 HTTP/1.1" 200 410
61.172.5.115 - - [04/Jul/2020:09:51:13 +0800] "GET /xingrg/all/function/internal_message.html?_=1593827470359&CODE_STATE=getMsg HTTP/1.1" 200 27
58.40.7.146 - - [04/Jul/2020:09:51:13 +0800] "GET /xingrg/all/function/internal_message.html?_=1593827469861&CODE_STATE=getMsg HTTP/1.1" 200 27
117.184.7.26 - - [04/Jul/2020:09:51:16 +0800] "GET /xingrg/all/function/internal_message.html?_=1593827463633&CODE_STATE=getMsg HTTP/1.1" 200 27
114.89.80.44 - - [04/Jul/2020:09:51:18 +0800] "GET /xingrg/kc/buy/cgsh_order_operate.html?command=get_materiel&rest_code=00150&code=00101009007&supplier_code=00100096&order_time=2020-07-04 HTTP/1.1" 200 410
101.228.167.227 - - [04/Jul/2020:09:51:18 +0800] "GET /xingrg/all/function/internal_message.html?_=1593827469986&CODE_STATE=getMsg HTTP/1.1" 200 27
124.76.237.190 - - [04/Jul/2020:09:51:22 +0800] "GET /xingrg/all/function/internal_message.html?_=1593826460144&CODE_STATE=getMsg HTTP/1.1" 200 27
222.69.136.71 - - [04/Jul/2020:09:51:26 +0800] "GET /xingrg/all/function/internal_message.html?_=1593827475589&CODE_STATE=getMsg HTTP/1.1" 200 27
120.253.135.82 - - [04/Jul/2020:09:51:34 +0800] "GET /xingrg/all/function/internal_message.html?_=1593827611158&CODE_STATE=getMsg HTTP/1.1" 200 27
172.17.0.106 - - [04/Jul/2020:09:51:34 +0800] "GET /xingrg/check_reg.html?_=1593827491738 HTTP/1.1" 200 22
172.17.0.106 - - [04/Jul/2020:09:51:34 +0800] "GET /xingrg/all/function/internal_message.html?_=1593827491742&CODE_STATE=getMsg HTTP/1.1" 200 27
114.89.80.44 - - [04/Jul/2020:09:51:34 +0800] "GET /xingrg/kc/buy/cgsh_order_operate.html?command=get_materiel&rest_code=00150&code=00101009066&supplier_code=00100096&order_time=2020-07-04 HTTP/1.1" 200 416
114.89.80.44 - - [04/Jul/2020:09:51:40 +0800] "GET /xingrg/all/function/internal_message.html?_=1593827628599&CODE_STATE=getMsg HTTP/1.1" 200 27
58.40.7.146 - - [04/Jul/2020:09:51:42 +0800] "GET /xingrg/kc/base/base_main.html HTTP/1.1" 200 12142
58.40.7.146 - - [04/Jul/2020:09:51:42 +0800] "GET /xingrg/images/blue/button/wlsy.gif HTTP/1.1" 200 2536
58.40.7.146 - - [04/Jul/2020:09:51:42 +0800] "GET /xingrg/images/blue/button/ckpd.gif HTTP/1.1" 200 2051
58.40.7.146 - - [04/Jul/2020:09:51:42 +0800] "GET /xingrg/images/blue/button/kc.gif HTTP/1.1" 200 2160
58.40.7.146 - - [04/Jul/2020:09:51:42 +0800] "GET /xingrg/images/blue/button/ckdb.gif HTTP/1.1" 200 1950
58.40.7.146 - - [04/Jul/2020:09:51:42 +0800] "GET /xingrg/images/blue/button/yddb.gif HTTP/1.1" 200 2040
58.40.7.146 - - [04/Jul/2020:09:51:42 +0800] "GET /xingrg/images/blue/pic_form2.gif HTTP/1.1" 200 1853
58.40.7.146 - - [04/Jul/2020:09:51:43 +0800] "GET /xingrg/images/blue/bg_dotted.jpg HTTP/1.1" 200 319
58.40.7.146 - - [04/Jul/2020:09:51:43 +0800] "GET /xingrg/images/blue/button/top_left.jpg HTTP/1.1" 200 1632
58.40.7.146 - - [04/Jul/2020:09:51:43 +0800] "GET /xingrg/images/blue/button/top_right.jpg HTTP/1.1" 200 1708
58.40.7.146 - - [04/Jul/2020:09:51:43 +0800] "GET /xingrg/images/blue/button/down.jpg HTTP/1.1" 200 1560
58.40.7.146 - - [04/Jul/2020:09:51:43 +0800] "GET /xingrg/images/blue/button/right_ah.jpg HTTP/1.1" 200 1744
58.40.7.146 - - [04/Jul/2020:09:51:43 +0800] "GET /xingrg/images/blue/button/left_ah.jpg HTTP/1.1" 200 1643
58.40.7.146 - - [04/Jul/2020:09:51:43 +0800] "GET /xingrg/images/blue/button/bottom_left.jpg HTTP/1.1" 200 1524
58.40.7.146 - - [04/Jul/2020:09:51:43 +0800] "GET /xingrg/images/blue/button/bottom_right.jpg HTTP/1.1" 200 1436
58.40.7.146 - - [04/Jul/2020:09:51:43 +0800] "GET /xingrg/kc/base/wldb_order_list.html HTTP/1.1" 200 19514
58.40.7.146 - - [04/Jul/2020:09:51:43 +0800] "GET /xingrg/javascript/jquery_tools/list_manager.js HTTP/1.1" 200 3652
180.175.214.200 - - [04/Jul/2020:09:51:44 +0800] "GET /xingrg/all/function/internal_message.html?_=1593827708548&CODE_STATE=getMsg HTTP/1.1" 200 27
58.40.7.146 - - [04/Jul/2020:09:51:46 +0800] "GET /xingrg/javascript/easyui/themes/icons/cance_new.png HTTP/1.1" 200 3986
58.40.7.146 - - [04/Jul/2020:09:51:46 +0800] "GET /xingrg/javascript/easyui/themes/icons/check_new.png HTTP/1.1" 200 3224
58.40.7.146 - - [04/Jul/2020:09:51:46 +0800] "GET /xingrg/javascript/easyui/themes/icons/import_new.png HTTP/1.1" 200 1247
58.40.7.146 - - [04/Jul/2020:09:51:46 +0800] "GET /xingrg/javascript/easyui/themes/icons/field_new.png HTTP/1.1" 200 1097
58.40.7.146 - - [04/Jul/2020:09:51:46 +0800] "POST /xingrg/kc/base/wldb_list_operate.html HTTP/1.1" 200 928
172.17.0.100 - - [04/Jul/2020:09:51:47 +0800] "GET /xingrg/all/function/internal_message.html?_=1593827502959&CODE_STATE=getMsg HTTP/1.1" 200 27
114.89.80.44 - - [04/Jul/2020:09:51:48 +0800] "GET /xingrg/kc/buy/cgsh_order_operate.html?command=get_materiel&rest_code=00150&code=00101009031&supplier_code=00100096&order_time=2020-07-04 HTTP/1.1" 200 409
58.40.7.146 - - [04/Jul/2020:09:51:48 +0800] "POST /xingrg/kc/base/wldb_list_operate.html HTTP/1.1" 200 6026
172.17.0.185 - - [04/Jul/2020:09:51:49 +0800] "GET /xingrg/all/function/internal_message.html?_=1593827505707&CODE_STATE=getMsg HTTP/1.1" 200 27
58.40.7.146 - - [04/Jul/2020:09:51:52 +0800] "POST /xingrg/kc/base/wldb_list_operate.html HTTP/1.1" 200 207
58.40.7.146 - - [04/Jul/2020:09:51:52 +0800] "GET /xingrg/kc/base/wldb_order_info.html?code=422020070200160 HTTP/1.1" 200 26494
114.88.170.9 - - [04/Jul/2020:09:51:52 +0800] "GET /xingrg/all/function/internal_message.html?_=1593827533869&CODE_STATE=getMsg HTTP/1.1" 200 27
58.40.7.146 - - [04/Jul/2020:09:51:52 +0800] "GET /xingrg/javascript/easyui/themes/default/validatebox.css HTTP/1.1" 404 1104
58.40.7.146 - - [04/Jul/2020:09:51:52 +0800] "POST /xingrg/kc/base/wldb_order_operate.html HTTP/1.1" 200 484
58.40.7.146 - - [04/Jul/2020:09:51:53 +0800] "GET /xingrg/javascript/jquery_easy_ui/themes/icons/rest.png HTTP/1.1" 200 695
58.40.7.146 - - [04/Jul/2020:09:51:53 +0800] "GET /xingrg/javascript/jquery_easy_ui/themes/icons/area.png HTTP/1.1" 200 262
172.17.200.101 - - [04/Jul/2020:09:52:00 +0800] "GET /xingrg/all/function/internal_message.html?_=1593827520670&CODE_STATE=getMsg HTTP/1.1" 200 27
114.89.80.44 - - [04/Jul/2020:09:52:02 +0800] "GET /xingrg/check_reg.html?_=1593827519485 HTTP/1.1" 200 22
114.89.80.44 - - [04/Jul/2020:09:52:02 +0800] "GET /xingrg/all/function/internal_message.html?_=1593827519489&CODE_STATE=getMsg HTTP/1.1" 200 27
58.40.7.146 - - [04/Jul/2020:09:52:03 +0800] "GET /xingrg/kc/base/base_main.html HTTP/1.1" 200 12142
120.253.135.82 - - [04/Jul/2020:09:52:04 +0800] "GET /xingrg/check_reg.html?_=1593827640623 HTTP/1.1" 200 22
172.17.0.123 - - [04/Jul/2020:09:52:06 +0800] "GET /xingrg/all/function/internal_message.html?_=1593827478417&CODE_STATE=getMsg HTTP/1.1" 200 27
58.40.7.146 - - [04/Jul/2020:09:52:06 +0800] "GET /xingrg/kc/base/check_order_list.html HTTP/1.1" 200 16639
58.40.7.146 - - [04/Jul/2020:09:52:06 +0800] "POST /xingrg/kc/base/check_list_operate.html HTTP/1.1" 200 781
58.40.7.146 - - [04/Jul/2020:09:52:08 +0800] "GET /xingrg/kc/base/check_order_add.html HTTP/1.1" 200 26065
58.40.7.146 - - [04/Jul/2020:09:52:08 +0800] "GET /xingrg/css/table.css HTTP/1.1" 200 3684
58.40.7.146 - - [04/Jul/2020:09:52:08 +0800] "GET /xingrg/dwr/interface/AjaxComOrderService.js HTTP/1.1" 200 18264
58.40.7.146 - - [04/Jul/2020:09:52:08 +0800] "GET /xingrg/dwr/interface/AjaxCheckService.js HTTP/1.1" 200 14003
58.40.7.146 - - [04/Jul/2020:09:52:08 +0800] "GET /xingrg/javascript/AjaxInfoList.js HTTP/1.1" 200 3774
58.40.7.146 - - [04/Jul/2020:09:52:08 +0800] "GET /xingrg/dwr/engine.js HTTP/1.1" 200 43631
58.40.7.146 - - [04/Jul/2020:09:52:08 +0800] "GET /xingrg/javascript/jquery_easy_ui/themes/icons/cance_new.png HTTP/1.1" 200 3986
58.40.7.146 - - [04/Jul/2020:09:52:08 +0800] "GET /xingrg/javascript/jquery_easy_ui/themes/icons/check_new.png HTTP/1.1" 200 3224
61.172.5.115 - - [04/Jul/2020:09:52:13 +0800] "GET /xingrg/all/function/internal_message.html?_=1593827530358&CODE_STATE=getMsg HTTP/1.1" 200 27
58.40.7.146 - - [04/Jul/2020:09:52:13 +0800] "GET /xingrg/all/function/internal_message.html?_=1593827529855&CODE_STATE=getMsg HTTP/1.1" 200 27
117.184.7.26 - - [04/Jul/2020:09:52:16 +0800] "GET /xingrg/all/function/internal_message.html?_=1593827523620&CODE_STATE=getMsg HTTP/1.1" 200 27
58.40.7.146 - - [04/Jul/2020:09:52:18 +0800] "POST /xingrg/dwr/call/plaincall/AjaxCheckService.saveOrder.dwr HTTP/1.1" 200 78
101.228.167.227 - - [04/Jul/2020:09:52:18 +0800] "GET /xingrg/all/function/internal_message.html?_=1593827529999&CODE_STATE=getMsg HTTP/1.1" 200 27
58.40.7.146 - - [04/Jul/2020:09:52:19 +0800] "POST /xingrg/dwr/call/plaincall/AjaxCheckService.loadOrderItems.dwr HTTP/1.1" 200 367
58.40.7.146 - - [04/Jul/2020:09:52:19 +0800] "GET /xingrg/javascript/jquery_easy_ui/themes/icons/ok.png HTTP/1.1" 200 883
58.40.7.146 - - [04/Jul/2020:09:52:19 +0800] "GET /xingrg/javascript/jquery_easy_ui/themes/default/images/button_span_bg.gif HTTP/1.1" 200 2061
58.40.7.146 - - [04/Jul/2020:09:52:19 +0800] "GET /xingrg/javascript/jquery_easy_ui/themes/default/images/panel_title.png HTTP/1.1" 200 266
58.40.7.146 - - [04/Jul/2020:09:52:19 +0800] "GET /xingrg/javascript/jquery_easy_ui/themes/default/images/panel_tools.gif HTTP/1.1" 200 737
58.40.7.146 - - [04/Jul/2020:09:52:21 +0800] "POST /xingrg/kc/report/common_data.html?type=materiel_category_tree HTTP/1.1" 200 3570
58.40.7.146 - - [04/Jul/2020:09:52:22 +0800] "GET /xingrg/javascript/jquery_easy_ui/themes/default/images/tree_checkbox_0.gif HTTP/1.1" 200 168
124.76.237.190 - - [04/Jul/2020:09:52:22 +0800] "GET /xingrg/all/function/internal_message.html?_=1593826520143&CODE_STATE=getMsg HTTP/1.1" 200 27
58.40.7.146 - - [04/Jul/2020:09:52:22 +0800] "GET /xingrg/javascript/jquery_easy_ui/themes/default/images/tree_checkbox_1.gif HTTP/1.1" 200 174
58.40.7.146 - - [04/Jul/2020:09:52:22 +0800] "GET /xingrg/javascript/jquery_easy_ui/themes/default/images/tree_checkbox_2.gif HTTP/1.1" 200 181
58.40.7.146 - - [04/Jul/2020:09:52:25 +0800] "POST /xingrg/dwr/call/plaincall/AjaxCheckService.importOrderItems.dwr HTTP/1.1" 200 78
222.69.136.71 - - [04/Jul/2020:09:52:26 +0800] "GET /xingrg/check_reg.html?_=1593827535589 HTTP/1.1" 200 22
222.69.136.71 - - [04/Jul/2020:09:52:26 +0800] "GET /xingrg/all/function/internal_message.html?_=1593827535591&CODE_STATE=getMsg HTTP/1.1" 200 27
58.40.7.146 - - [04/Jul/2020:09:52:26 +0800] "POST /xingrg/dwr/call/plaincall/AjaxCheckService.loadOrderItems.dwr HTTP/1.1" 200 105045
58.40.7.146 - - [04/Jul/2020:09:52:27 +0800] "GET /xingrg/javascript/jquery_easy_ui/themes/icons/no.png HTTP/1.1" 200 922
120.253.135.82 - - [04/Jul/2020:09:52:34 +0800] "GET /xingrg/all/function/internal_message.html?_=1593827671168&CODE_STATE=getMsg HTTP/1.1" 200 27
172.17.0.106 - - [04/Jul/2020:09:52:34 +0800] "GET /xingrg/all/function/internal_message.html?_=1593827551730&CODE_STATE=getMsg HTTP/1.1" 200 27
114.88.170.9 - - [04/Jul/2020:09:52:40 +0800] "GET /xingrg/check_reg.html?_=1593827553265 HTTP/1.1" 200 22
58.40.7.146 - - [04/Jul/2020:09:52:40 +0800] "POST /xingrg/dwr/call/plaincall/AjaxCheckService.setItemNumber.dwr HTTP/1.1" 200 76
114.89.80.44 - - [04/Jul/2020:09:52:40 +0800] "GET /xingrg/all/function/internal_message.html?_=1593827688623&CODE_STATE=getMsg HTTP/1.1" 200 27
114.89.80.44 - - [04/Jul/2020:09:52:42 +0800] "GET /xingrg/kc/buy/cgsh_order_operate.html?command=get_materiel&rest_code=00150&code=00101009016&supplier_code=00100096&order_time=2020-07-04 HTTP/1.1" 200 414
180.175.214.200 - - [04/Jul/2020:09:52:44 +0800] "GET /xingrg/all/function/internal_message.html?_=1593827768552&CODE_STATE=getMsg HTTP/1.1" 200 27
172.17.0.100 - - [04/Jul/2020:09:52:47 +0800] "GET /xingrg/all/function/internal_message.html?_=1593827562943&CODE_STATE=getMsg HTTP/1.1" 200 27
172.17.0.185 - - [04/Jul/2020:09:52:49 +0800] "GET /xingrg/all/function/internal_message.html?_=1593827565685&CODE_STATE=getMsg HTTP/1.1" 200 27
172.17.0.185 - - [04/Jul/2020:09:52:49 +0800] "GET /xingrg/check_reg.html?_=1593827565736 HTTP/1.1" 200 22
114.88.170.9 - - [04/Jul/2020:09:52:52 +0800] "GET /xingrg/check_reg.html?_=1593827593859 HTTP/1.1" 200 22
114.88.170.9 - - [04/Jul/2020:09:52:52 +0800] "GET /xingrg/all/function/internal_message.html?_=1593827593860&CODE_STATE=getMsg HTTP/1.1" 200 27
114.89.80.44 - - [04/Jul/2020:09:52:53 +0800] "GET /xingrg/kc/buy/cgsh_order_operate.html?command=get_materiel&rest_code=00150&code=00101009013&supplier_code=00100096&order_time=2020-07-04 HTTP/1.1" 200 420
58.40.7.146 - - [04/Jul/2020:09:52:54 +0800] "POST /xingrg/dwr/call/plaincall/AjaxCheckService.setItemNumber.dwr HTTP/1.1" 200 76
172.17.200.101 - - [04/Jul/2020:09:53:00 +0800] "GET /xingrg/all/function/internal_message.html?_=1593827580672&CODE_STATE=getMsg HTTP/1.1" 200 27
114.89.80.44 - - [04/Jul/2020:09:53:02 +0800] "GET /xingrg/all/function/internal_message.html?_=1593827579517&CODE_STATE=getMsg HTTP/1.1" 200 27
58.40.7.146 - - [04/Jul/2020:09:53:05 +0800] "POST /xingrg/dwr/call/plaincall/AjaxCheckService.setItemNumber.dwr HTTP/1.1" 200 76
172.17.0.123 - - [04/Jul/2020:09:53:06 +0800] "GET /xingrg/all/function/internal_message.html?_=1593827538418&CODE_STATE=getMsg HTTP/1.1" 200 27
172.17.0.123 - - [04/Jul/2020:09:53:06 +0800] "GET /xingrg/check_reg.html?_=1593827538421 HTTP/1.1" 200 22
114.89.80.44 - - [04/Jul/2020:09:53:08 +0800] "GET /xingrg/kc/buy/cgsh_order_operate.html?command=get_materiel&rest_code=00150&code=00101009107&supplier_code=00100096&order_time=2020-07-04 HTTP/1.1" 200 396
61.172.5.115 - - [04/Jul/2020:09:53:13 +0800] "GET /xingrg/all/function/internal_message.html?_=1593827590366&CODE_STATE=getMsg HTTP/1.1" 200 27
58.40.7.146 - - [04/Jul/2020:09:53:13 +0800] "GET /xingrg/all/function/internal_message.html?_=1593827589865&CODE_STATE=getMsg HTTP/1.1" 200 27
117.184.7.26 - - [04/Jul/2020:09:53:16 +0800] "GET /xingrg/all/function/internal_message.html?_=1593827583606&CODE_STATE=getMsg HTTP/1.1" 200 27
101.228.167.227 - - [04/Jul/2020:09:53:18 +0800] "GET /xingrg/all/function/internal_message.html?_=1593827590050&CODE_STATE=getMsg HTTP/1.1" 200 27
124.76.237.190 - - [04/Jul/2020:09:53:22 +0800] "GET /xingrg/check_reg.html?_=1593826580143 HTTP/1.1" 200 22
124.76.237.190 - - [04/Jul/2020:09:53:22 +0800] "GET /xingrg/all/function/internal_message.html?_=1593826580144&CODE_STATE=getMsg HTTP/1.1" 200 27
114.89.80.44 - - [04/Jul/2020:09:53:25 +0800] "GET /xingrg/kc/buy/cgsh_order_operate.html?command=get_materiel&rest_code=00150&code=00101009062&supplier_code=00100096&order_time=2020-07-04 HTTP/1.1" 200 414
222.69.136.71 - - [04/Jul/2020:09:53:26 +0800] "GET /xingrg/all/function/internal_message.html?_=1593827595592&CODE_STATE=getMsg HTTP/1.1" 200 27
58.40.7.146 - - [04/Jul/2020:09:53:34 +0800] "POST /xingrg/dwr/call/plaincall/AjaxCheckService.setItemNumber.dwr HTTP/1.1" 200 76
172.17.0.106 - - [04/Jul/2020:09:53:34 +0800] "GET /xingrg/all/function/internal_message.html?_=1593827611734&CODE_STATE=getMsg HTTP/1.1" 200 27
120.253.135.82 - - [04/Jul/2020:09:53:34 +0800] "GET /xingrg/all/function/internal_message.html?_=1593827731185&CODE_STATE=getMsg HTTP/1.1" 200 27
58.40.7.146 - - [04/Jul/2020:09:53:38 +0800] "POST /xingrg/dwr/call/plaincall/AjaxCheckService.setItemNumber.dwr HTTP/1.1" 200 76
114.89.80.44 - - [04/Jul/2020:09:53:40 +0800] "GET /xingrg/all/function/internal_message.html?_=1593827748626&CODE_STATE=getMsg HTTP/1.1" 200 27
180.175.214.200 - - [04/Jul/2020:09:53:44 +0800] "GET /xingrg/check_reg.html?_=1593827828399 HTTP/1.1" 200 22
180.175.214.200 - - [04/Jul/2020:09:53:44 +0800] "GET /xingrg/all/function/internal_message.html?_=1593827828565&CODE_STATE=getMsg HTTP/1.1" 200 27
172.17.0.100 - - [04/Jul/2020:09:53:47 +0800] "GET /xingrg/all/function/internal_message.html?_=1593827622943&CODE_STATE=getMsg HTTP/1.1" 200 27
172.17.0.185 - - [04/Jul/2020:09:53:49 +0800] "GET /xingrg/all/function/internal_message.html?_=1593827625729&CODE_STATE=getMsg HTTP/1.1" 200 27
114.88.170.9 - - [04/Jul/2020:09:53:52 +0800] "GET /xingrg/all/function/internal_message.html?_=1593827653859&CODE_STATE=getMsg HTTP/1.1" 200 27
114.89.80.44 - - [04/Jul/2020:09:53:53 +0800] "POST /xingrg/kc/buy/cgsh_order_operate.html HTTP/1.1" 200 37
120.253.135.82 - - [04/Jul/2020:09:53:53 +0800] "GET /xingrg/check_reg.html?_=1593827750543 HTTP/1.1" 200 22
114.89.80.44 - - [04/Jul/2020:09:53:55 +0800] "POST /xingrg/kc/buy/cgsh_order_operate.html HTTP/1.1" 200 12
114.89.80.44 - - [04/Jul/2020:09:53:56 +0800] "GET /xingrg/kc/buy/cgsh_order_info.html?code=212020070401233 HTTP/1.1" 200 54078
114.89.80.44 - - [04/Jul/2020:09:53:56 +0800] "GET /xingrg/javascript/easyui/themes/default/validatebox.css HTTP/1.1" 404 1104
114.89.80.44 - - [04/Jul/2020:09:53:56 +0800] "POST /xingrg/kc/buy/cgsh_order_operate.html HTTP/1.1" 200 22487
114.89.80.44 - - [04/Jul/2020:09:53:58 +0800] "GET /xingrg/kc/print/load_data.html?order_code=212020070401233&kc_code=cgsh&condition= HTTP/1.1" 200 9042
172.17.200.101 - - [04/Jul/2020:09:54:00 +0800] "GET /xingrg/all/function/internal_message.html?_=1593827640675&CODE_STATE=getMsg HTTP/1.1" 200 27
172.17.200.101 - - [04/Jul/2020:09:54:00 +0800] "GET /xingrg/check_reg.html?_=1593827640680 HTTP/1.1" 200 22
114.89.80.44 - - [04/Jul/2020:09:54:02 +0800] "GET /xingrg/all/function/internal_message.html?_=1593827639524&CODE_STATE=getMsg HTTP/1.1" 200 27
172.17.0.123 - - [04/Jul/2020:09:54:06 +0800] "GET /xingrg/all/function/internal_message.html?_=1593827598421&CODE_STATE=getMsg HTTP/1.1" 200 27
58.40.7.146 - - [04/Jul/2020:09:54:06 +0800] "POST /xingrg/dwr/call/plaincall/AjaxCheckService.setItemNumber.dwr HTTP/1.1" 200 76
61.172.5.115 - - [04/Jul/2020:09:54:13 +0800] "GET /xingrg/all/function/internal_message.html?_=1593827650362&CODE_STATE=getMsg HTTP/1.1" 200 27
58.40.7.146 - - [04/Jul/2020:09:54:13 +0800] "GET /xingrg/check_reg.html?_=1593827649862 HTTP/1.1" 200 22
58.40.7.146 - - [04/Jul/2020:09:54:13 +0800] "GET /xingrg/all/function/internal_message.html?_=1593827649864&CODE_STATE=getMsg HTTP/1.1" 200 27
117.184.7.26 - - [04/Jul/2020:09:54:14 +0800] "GET /xingrg/check_reg.html?_=1593827641179 HTTP/1.1" 200 22
120.253.135.82 - - [04/Jul/2020:09:54:15 +0800] "GET /xingrg/check_reg.html?_=1593827772069 HTTP/1.1" 200 22
117.184.7.26 - - [04/Jul/2020:09:54:16 +0800] "GET /xingrg/all/function/internal_message.html?_=1593827643585&CODE_STATE=getMsg HTTP/1.1" 200 27
101.228.167.227 - - [04/Jul/2020:09:54:18 +0800] "GET /xingrg/all/function/internal_message.html?_=1593827650058&CODE_STATE=getMsg HTTP/1.1" 200 27
124.76.237.190 - - [04/Jul/2020:09:54:22 +0800] "GET /xingrg/all/function/internal_message.html?_=1593826640158&CODE_STATE=getMsg HTTP/1.1" 200 27
58.40.7.146 - - [04/Jul/2020:09:54:24 +0800] "POST /xingrg/dwr/call/plaincall/AjaxCheckService.setItemNumber.dwr HTTP/1.1" 200 77
222.69.136.71 - - [04/Jul/2020:09:54:26 +0800] "GET /xingrg/all/function/internal_message.html?_=1593827655593&CODE_STATE=getMsg HTTP/1.1" 200 27
58.40.7.146 - - [04/Jul/2020:09:54:28 +0800] "POST /xingrg/dwr/call/plaincall/AjaxCheckService.setItemNumber.dwr HTTP/1.1" 200 77
114.89.80.44 - - [04/Jul/2020:09:54:30 +0800] "POST /xingrg/kc/buy/cgsh_order_operate.html HTTP/1.1" 200 37
114.89.80.44 - - [04/Jul/2020:09:54:32 +0800] "POST /xingrg/kc/buy/cgsh_order_operate.html HTTP/1.1" 200 12
58.40.7.146 - - [04/Jul/2020:09:54:33 +0800] "POST /xingrg/dwr/call/plaincall/AjaxCheckService.setItemNumber.dwr HTTP/1.1" 200 77
114.89.80.44 - - [04/Jul/2020:09:54:33 +0800] "GET /xingrg/kc/buy/cgsh_order_info.html?code=212020070401254 HTTP/1.1" 200 54084
114.89.80.44 - - [04/Jul/2020:09:54:33 +0800] "GET /xingrg/javascript/easyui/themes/default/validatebox.css HTTP/1.1" 404 1104
114.89.80.44 - - [04/Jul/2020:09:54:33 +0800] "POST /xingrg/kc/buy/cgsh_order_operate.html HTTP/1.1" 200 8315
172.17.0.106 - - [04/Jul/2020:09:54:34 +0800] "GET /xingrg/all/function/internal_message.html?_=1593827671738&CODE_STATE=getMsg HTTP/1.1" 200 27
120.253.135.82 - - [04/Jul/2020:09:54:34 +0800] "GET /xingrg/all/function/internal_message.html?_=1593827791195&CODE_STATE=getMsg HTTP/1.1" 200 27
114.89.80.44 - - [04/Jul/2020:09:54:35 +0800] "GET /xingrg/kc/print/load_data.html?order_code=212020070401254&kc_code=cgsh&condition= HTTP/1.1" 200 3616
58.40.7.146 - - [04/Jul/2020:09:54:37 +0800] "POST /xingrg/dwr/call/plaincall/AjaxCheckService.setItemNumber.dwr HTTP/1.1" 200 77
114.89.80.44 - - [04/Jul/2020:09:54:40 +0800] "GET /xingrg/check_reg.html?_=1593827808549 HTTP/1.1" 200 22
114.89.80.44 - - [04/Jul/2020:09:54:40 +0800] "GET /xingrg/all/function/internal_message.html?_=1593827808639&CODE_STATE=getMsg HTTP/1.1" 200 27
58.40.7.146 - - [04/Jul/2020:09:54:43 +0800] "POST /xingrg/dwr/call/plaincall/AjaxCheckService.setItemNumber.dwr HTTP/1.1" 200 77
180.175.214.200 - - [04/Jul/2020:09:54:44 +0800] "GET /xingrg/all/function/internal_message.html?_=1593827888578&CODE_STATE=getMsg HTTP/1.1" 200 27
114.89.80.44 - - [04/Jul/2020:09:54:46 +0800] "GET /xingrg/kc/buy/cgsh_order_add.html HTTP/1.1" 200 59187
114.89.80.44 - - [04/Jul/2020:09:54:47 +0800] "POST /xingrg/kc/buy/cgsh_order_operate.html HTTP/1.1" 200 8245
172.17.0.100 - - [04/Jul/2020:09:54:47 +0800] "GET /xingrg/all/function/internal_message.html?_=1593827682945&CODE_STATE=getMsg HTTP/1.1" 200 27
114.89.80.44 - - [04/Jul/2020:09:54:47 +0800] "GET /xingrg/javascript/easyui/themes/default/validatebox.css HTTP/1.1" 404 1104
58.40.7.146 - - [04/Jul/2020:09:54:48 +0800] "POST /xingrg/dwr/call/plaincall/AjaxCheckService.setItemNumber.dwr HTTP/1.1" 200 77
172.17.0.185 - - [04/Jul/2020:09:54:49 +0800] "GET /xingrg/all/function/internal_message.html?_=1593827685693&CODE_STATE=getMsg HTTP/1.1" 200 27
114.88.170.9 - - [04/Jul/2020:09:54:52 +0800] "GET /xingrg/all/function/internal_message.html?_=1593827713858&CODE_STATE=getMsg HTTP/1.1" 200 27
58.40.7.146 - - [04/Jul/2020:09:54:54 +0800] "POST /xingrg/dwr/call/plaincall/AjaxCheckService.setItemNumber.dwr HTTP/1.1" 200 77
58.40.7.146 - - [04/Jul/2020:09:54:57 +0800] "POST /xingrg/dwr/call/plaincall/AjaxCheckService.setItemNumber.dwr HTTP/1.1" 200 77
114.89.80.44 - - [04/Jul/2020:09:54:58 +0800] "GET /xingrg/kc/buy/cgsh_order_operate.html?command=get_materiel&rest_code=00150&code=00101006129&supplier_code=00100012&order_time=2020-07-04 HTTP/1.1" 200 431
172.17.200.101 - - [04/Jul/2020:09:55:00 +0800] "GET /xingrg/all/function/internal_message.html?_=1593827700681&CODE_STATE=getMsg HTTP/1.1" 200 27
58.40.7.146 - - [04/Jul/2020:09:55:02 +0800] "POST /xingrg/dwr/call/plaincall/AjaxCheckService.setItemNumber.dwr HTTP/1.1" 200 77
114.89.80.44 - - [04/Jul/2020:09:55:02 +0800] "GET /xingrg/all/function/internal_message.html?_=1593827699525&CODE_STATE=getMsg HTTP/1.1" 200 27
172.17.0.123 - - [04/Jul/2020:09:55:06 +0800] "GET /xingrg/all/function/internal_message.html?_=1593827658423&CODE_STATE=getMsg HTTP/1.1" 200 27
58.40.7.146 - - [04/Jul/2020:09:55:08 +0800] "POST /xingrg/dwr/call/plaincall/AjaxCheckService.setItemNumber.dwr HTTP/1.1" 200 77
114.89.80.44 - - [04/Jul/2020:09:55:10 +0800] "GET /xingrg/kc/buy/cgsh_order_operate.html?command=get_materiel&rest_code=00150&code=00101006130&supplier_code=00100012&order_time=2020-07-04 HTTP/1.1" 200 427
61.172.5.115 - - [04/Jul/2020:09:55:13 +0800] "GET /xingrg/all/function/internal_message.html?_=1593827710366&CODE_STATE=getMsg HTTP/1.1" 200 27
61.172.5.115 - - [04/Jul/2020:09:55:13 +0800] "GET /xingrg/check_reg.html?_=1593827710369 HTTP/1.1" 200 22
58.40.7.146 - - [04/Jul/2020:09:55:13 +0800] "GET /xingrg/all/function/internal_message.html?_=1593827709862&CODE_STATE=getMsg HTTP/1.1" 200 27
58.40.7.146 - - [04/Jul/2020:09:55:14 +0800] "POST /xingrg/dwr/call/plaincall/AjaxCheckService.setItemNumber.dwr HTTP/1.1" 200 77
117.184.7.26 - - [04/Jul/2020:09:55:16 +0800] "GET /xingrg/all/function/internal_message.html?_=1593827703570&CODE_STATE=getMsg HTTP/1.1" 200 27
101.228.167.227 - - [04/Jul/2020:09:55:18 +0800] "GET /xingrg/check_reg.html?_=1593827709659 HTTP/1.1" 200 22
101.228.167.227 - - [04/Jul/2020:09:55:18 +0800] "GET /xingrg/all/function/internal_message.html?_=1593827710072&CODE_STATE=getMsg HTTP/1.1" 200 27
58.40.7.146 - - [04/Jul/2020:09:55:19 +0800] "POST /xingrg/dwr/call/plaincall/AjaxCheckService.setItemNumber.dwr HTTP/1.1" 200 77
124.76.237.190 - - [04/Jul/2020:09:55:22 +0800] "GET /xingrg/all/function/internal_message.html?_=1593826700143&CODE_STATE=getMsg HTTP/1.1" 200 27
58.40.7.146 - - [04/Jul/2020:09:55:25 +0800] "POST /xingrg/dwr/call/plaincall/AjaxCheckService.setItemNumber.dwr HTTP/1.1" 200 77
222.69.136.71 - - [04/Jul/2020:09:55:26 +0800] "GET /xingrg/all/function/internal_message.html?_=1593827715591&CODE_STATE=getMsg HTTP/1.1" 200 27
114.89.80.44 - - [04/Jul/2020:09:55:31 +0800] "GET /xingrg/kc/buy/cgsh_order_operate.html?command=get_materiel&rest_code=00150&code=00101006055&supplier_code=00100012&order_time=2020-07-04 HTTP/1.1" 200 409
172.17.0.106 - - [04/Jul/2020:09:55:34 +0800] "GET /xingrg/all/function/internal_message.html?_=1593827731727&CODE_STATE=getMsg HTTP/1.1" 200 27
120.253.135.82 - - [04/Jul/2020:09:55:34 +0800] "GET /xingrg/all/function/internal_message.html?_=1593827851208&CODE_STATE=getMsg HTTP/1.1" 200 27
58.40.7.146 - - [04/Jul/2020:09:55:36 +0800] "POST /xingrg/dwr/call/plaincall/AjaxCheckService.setItemNumber.dwr HTTP/1.1" 200 77
114.89.80.44 - - [04/Jul/2020:09:55:40 +0800] "GET /xingrg/all/function/internal_message.html?_=1593827868690&CODE_STATE=getMsg HTTP/1.1" 200 27
114.89.80.44 - - [04/Jul/2020:09:55:41 +0800] "GET /xingrg/kc/buy/cgsh_order_operate.html?command=get_materiel&rest_code=00150&code=00101006065&supplier_code=00100012&order_time=2020-07-04 HTTP/1.1" 200 409
58.40.7.146 - - [04/Jul/2020:09:55:42 +0800] "POST /xingrg/dwr/call/plaincall/AjaxCheckService.setItemNumber.dwr HTTP/1.1" 200 77
180.175.214.200 - - [04/Jul/2020:09:55:44 +0800] "GET /xingrg/all/function/internal_message.html?_=1593827948593&CODE_STATE=getMsg HTTP/1.1" 200 27
58.40.7.146 - - [04/Jul/2020:09:55:46 +0800] "POST /xingrg/dwr/call/plaincall/AjaxCheckService.setItemNumber.dwr HTTP/1.1" 200 77
172.17.0.100 - - [04/Jul/2020:09:55:47 +0800] "GET /xingrg/check_reg.html?_=1593827742948 HTTP/1.1" 200 22
172.17.0.100 - - [04/Jul/2020:09:55:47 +0800] "GET /xingrg/all/function/internal_message.html?_=1593827742946&CODE_STATE=getMsg HTTP/1.1" 200 27
172.17.0.185 - - [04/Jul/2020:09:55:49 +0800] "GET /xingrg/all/function/internal_message.html?_=1593827745685&CODE_STATE=getMsg HTTP/1.1" 200 27
114.89.80.44 - - [04/Jul/2020:09:55:51 +0800] "GET /xingrg/kc/buy/cgsh_order_operate.html?command=get_materiel&rest_code=00150&code=00101006133&supplier_code=00100012&order_time=2020-07-04 HTTP/1.1" 200 413
58.40.7.146 - - [04/Jul/2020:09:55:52 +0800] "POST /xingrg/dwr/call/plaincall/AjaxCheckService.setItemNumber.dwr HTTP/1.1" 200 77
114.88.170.9 - - [04/Jul/2020:09:55:52 +0800] "GET /xingrg/all/function/internal_message.html?_=1593827773857&CODE_STATE=getMsg HTTP/1.1" 200 27
58.40.7.146 - - [04/Jul/2020:09:55:55 +0800] "POST /xingrg/dwr/call/plaincall/AjaxCheckService.setItemNumber.dwr HTTP/1.1" 200 77
172.17.200.101 - - [04/Jul/2020:09:56:00 +0800] "GET /xingrg/all/function/internal_message.html?_=1593827760680&CODE_STATE=getMsg HTTP/1.1" 200 27
114.89.80.44 - - [04/Jul/2020:09:56:01 +0800] "GET /xingrg/kc/buy/cgsh_order_operate.html?command=get_materiel&rest_code=00150&code=00101006068&supplier_code=00100012&order_time=2020-07-04 HTTP/1.1" 200 409
58.40.7.146 - - [04/Jul/2020:09:56:01 +0800] "POST /xingrg/dwr/call/plaincall/AjaxCheckService.setItemNumber.dwr HTTP/1.1" 200 77
114.89.80.44 - - [04/Jul/2020:09:56:02 +0800] "GET /xingrg/all/function/internal_message.html?_=1593827759520&CODE_STATE=getMsg HTTP/1.1" 200 27
58.40.7.146 - - [04/Jul/2020:09:56:03 +0800] "POST /xingrg/dwr/call/plaincall/AjaxCheckService.setItemNumber.dwr HTTP/1.1" 200 77
172.17.0.123 - - [04/Jul/2020:09:56:06 +0800] "GET /xingrg/all/function/internal_message.html?_=1593827718413&CODE_STATE=getMsg HTTP/1.1" 200 27
58.40.7.146 - - [04/Jul/2020:09:56:10 +0800] "POST /xingrg/dwr/call/plaincall/AjaxCheckService.setItemNumber.dwr HTTP/1.1" 200 77
61.172.5.115 - - [04/Jul/2020:09:56:13 +0800] "GET /xingrg/all/function/internal_message.html?_=1593827770361&CODE_STATE=getMsg HTTP/1.1" 200 27
58.40.7.146 - - [04/Jul/2020:09:56:13 +0800] "GET /xingrg/all/function/internal_message.html?_=1593827769855&CODE_STATE=getMsg HTTP/1.1" 200 27
117.184.7.26 - - [04/Jul/2020:09:56:16 +0800] "GET /xingrg/all/function/internal_message.html?_=1593827763555&CODE_STATE=getMsg HTTP/1.1" 200 27
58.40.7.146 - - [04/Jul/2020:09:56:16 +0800] "POST /xingrg/dwr/call/plaincall/AjaxCheckService.setItemNumber.dwr HTTP/1.1" 200 77
101.228.167.227 - - [04/Jul/2020:09:56:18 +0800] "GET /xingrg/all/function/internal_message.html?_=1593827770086&CODE_STATE=getMsg HTTP/1.1" 200 27
58.40.7.146 - - [04/Jul/2020:09:56:20 +0800] "POST /xingrg/dwr/call/plaincall/AjaxCheckService.setItemNumber.dwr HTTP/1.1" 200 77
124.76.237.190 - - [04/Jul/2020:09:56:22 +0800] "GET /xingrg/all/function/internal_message.html?_=1593826760158&CODE_STATE=getMsg HTTP/1.1" 200 27
222.69.136.71 - - [04/Jul/2020:09:56:26 +0800] "GET /xingrg/all/function/internal_message.html?_=1593827775592&CODE_STATE=getMsg HTTP/1.1" 200 27
58.40.7.146 - - [04/Jul/2020:09:56:28 +0800] "POST /xingrg/dwr/call/plaincall/AjaxCheckService.setItemNumber.dwr HTTP/1.1" 200 77
58.40.7.146 - - [04/Jul/2020:09:56:32 +0800] "POST /xingrg/dwr/call/plaincall/AjaxCheckService.setItemNumber.dwr HTTP/1.1" 200 77
172.17.0.106 - - [04/Jul/2020:09:56:34 +0800] "GET /xingrg/all/function/internal_message.html?_=1593827791732&CODE_STATE=getMsg HTTP/1.1" 200 27
172.17.0.106 - - [04/Jul/2020:09:56:34 +0800] "GET /xingrg/check_reg.html?_=1593827791735 HTTP/1.1" 200 22
120.253.135.82 - - [04/Jul/2020:09:56:34 +0800] "GET /xingrg/all/function/internal_message.html?_=1593827911224&CODE_STATE=getMsg HTTP/1.1" 200 27
114.89.80.44 - - [04/Jul/2020:09:56:40 +0800] "GET /xingrg/all/function/internal_message.html?_=1593827928699&CODE_STATE=getMsg HTTP/1.1" 200 27
180.175.214.200 - - [04/Jul/2020:09:56:45 +0800] "GET /xingrg/all/function/internal_message.html?_=1593828008967&CODE_STATE=getMsg HTTP/1.1" 200 27
172.17.0.100 - - [04/Jul/2020:09:56:47 +0800] "GET /xingrg/all/function/internal_message.html?_=1593827802947&CODE_STATE=getMsg HTTP/1.1" 200 27
172.17.0.185 - - [04/Jul/2020:09:56:49 +0800] "GET /xingrg/all/function/internal_message.html?_=1593827805718&CODE_STATE=getMsg HTTP/1.1" 200 27
114.88.170.9 - - [04/Jul/2020:09:56:52 +0800] "GET /xingrg/all/function/internal_message.html?_=1593827833858&CODE_STATE=getMsg HTTP/1.1" 200 27
222.69.136.71 - - [04/Jul/2020:09:56:58 +0800] "GET /xingrg/kc/buy/cgsh_order_operate.html?command=get_materiel&rest_code=00149&code=00101004033&supplier_code=00100083&order_time=2020-07-04 HTTP/1.1" 200 439
172.17.200.101 - - [04/Jul/2020:09:57:00 +0800] "GET /xingrg/all/function/internal_message.html?_=1593827820680&CODE_STATE=getMsg HTTP/1.1" 200 27
114.89.80.44 - - [04/Jul/2020:09:57:02 +0800] "GET /xingrg/check_reg.html?_=1593827819536 HTTP/1.1" 200 22
114.89.80.44 - - [04/Jul/2020:09:57:02 +0800] "GET /xingrg/all/function/internal_message.html?_=1593827819539&CODE_STATE=getMsg HTTP/1.1" 200 27
120.253.135.82 - - [04/Jul/2020:09:57:04 +0800] "GET /xingrg/check_reg.html?_=1593827940628 HTTP/1.1" 200 22
172.17.0.123 - - [04/Jul/2020:09:57:06 +0800] "GET /xingrg/all/function/internal_message.html?_=1593827778414&CODE_STATE=getMsg HTTP/1.1" 200 27
61.172.5.115 - - [04/Jul/2020:09:57:08 +0800] "GET /xingrg/kc/buy/cgsh_order_add.html HTTP/1.1" 200 59251
61.172.5.115 - - [04/Jul/2020:09:57:09 +0800] "GET /xingrg/javascript/easyui/themes/default/validatebox.css HTTP/1.1" 404 1104
61.172.5.115 - - [04/Jul/2020:09:57:09 +0800] "POST /xingrg/kc/buy/cgsh_order_operate.html HTTP/1.1" 200 8245
222.69.136.71 - - [04/Jul/2020:09:57:09 +0800] "GET /xingrg/kc/buy/cgsh_order_operate.html?command=get_materiel&rest_code=00149&code=00101004067&supplier_code=00100083&order_time=2020-07-04 HTTP/1.1" 200 413
61.172.5.115 - - [04/Jul/2020:09:57:13 +0800] "GET /xingrg/all/function/internal_message.html?_=1593827830384&CODE_STATE=getMsg HTTP/1.1" 200 27
58.40.7.146 - - [04/Jul/2020:09:57:13 +0800] "GET /xingrg/all/function/internal_message.html?_=1593827829864&CODE_STATE=getMsg HTTP/1.1" 200 27
117.184.7.26 - - [04/Jul/2020:09:57:16 +0800] "GET /xingrg/all/function/internal_message.html?_=1593827823540&CODE_STATE=getMsg HTTP/1.1" 200 27
222.69.136.71 - - [04/Jul/2020:09:57:17 +0800] "GET /xingrg/kc/buy/cgsh_order_operate.html?command=get_materiel&rest_code=00149&code=00101004048&supplier_code=00100083&order_time=2020-07-04 HTTP/1.1" 200 417
101.228.167.227 - - [04/Jul/2020:09:57:18 +0800] "GET /xingrg/all/function/internal_message.html?_=1593827830100&CODE_STATE=getMsg HTTP/1.1" 200 27
61.172.5.115 - - [04/Jul/2020:09:57:19 +0800] "GET /xingrg/kc/buy/cgsh_order_operate.html?command=get_materiel&rest_code=00105&code=00101018019&supplier_code=00100330&order_time=2020-07-04 HTTP/1.1" 200 421
124.76.237.190 - - [04/Jul/2020:09:57:22 +0800] "GET /xingrg/all/function/internal_message.html?_=1593826820157&CODE_STATE=getMsg HTTP/1.1" 200 27
222.69.136.71 - - [04/Jul/2020:09:57:26 +0800] "GET /xingrg/all/function/internal_message.html?_=1593827835589&CODE_STATE=getMsg HTTP/1.1" 200 27
222.69.136.71 - - [04/Jul/2020:09:57:26 +0800] "GET /xingrg/check_reg.html?_=1593827835595 HTTP/1.1" 200 22
58.40.7.146 - - [04/Jul/2020:09:57:27 +0800] "POST /xingrg/dwr/call/plaincall/AjaxCheckService.setItemNumber.dwr HTTP/1.1" 200 77
58.40.7.146 - - [04/Jul/2020:09:57:32 +0800] "POST /xingrg/dwr/call/plaincall/AjaxCheckService.setItemNumber.dwr HTTP/1.1" 200 77
172.17.0.106 - - [04/Jul/2020:09:57:34 +0800] "GET /xingrg/all/function/internal_message.html?_=1593827851738&CODE_STATE=getMsg HTTP/1.1" 200 27
222.69.136.71 - - [04/Jul/2020:09:57:34 +0800] "GET /xingrg/kc/buy/cgsh_order_operate.html?command=get_materiel&rest_code=00149&code=00101004027&supplier_code=00100083&order_time=2020-07-04 HTTP/1.1" 200 409
120.253.135.82 - - [04/Jul/2020:09:57:34 +0800] "GET /xingrg/all/function/internal_message.html?_=1593827971235&CODE_STATE=getMsg HTTP/1.1" 200 27
114.88.170.9 - - [04/Jul/2020:09:57:40 +0800] "GET /xingrg/check_reg.html?_=1593827853273 HTTP/1.1" 200 22
114.89.80.44 - - [04/Jul/2020:09:57:40 +0800] "GET /xingrg/all/function/internal_message.html?_=1593827988712&CODE_STATE=getMsg HTTP/1.1" 200 27
58.40.7.146 - - [04/Jul/2020:09:57:42 +0800] "POST /xingrg/dwr/call/plaincall/AjaxCheckService.setItemNumber.dwr HTTP/1.1" 200 77
180.175.214.200 - - [04/Jul/2020:09:57:45 +0800] "GET /xingrg/all/function/internal_message.html?_=1593828068977&CODE_STATE=getMsg HTTP/1.1" 200 27
172.17.0.100 - - [04/Jul/2020:09:57:47 +0800] "GET /xingrg/all/function/internal_message.html?_=1593827862975&CODE_STATE=getMsg HTTP/1.1" 200 27
58.40.7.146 - - [04/Jul/2020:09:57:49 +0800] "POST /xingrg/dwr/call/plaincall/AjaxCheckService.setItemNumber.dwr HTTP/1.1" 200 77
172.17.0.185 - - [04/Jul/2020:09:57:49 +0800] "GET /xingrg/all/function/internal_message.html?_=1593827865697&CODE_STATE=getMsg HTTP/1.1" 200 27
172.17.0.185 - - [04/Jul/2020:09:57:49 +0800] "GET /xingrg/check_reg.html?_=1593827865705 HTTP/1.1" 200 22
222.69.136.71 - - [04/Jul/2020:09:57:50 +0800] "GET /xingrg/kc/buy/cgsh_order_operate.html?command=get_materiel&rest_code=00149&code=00101004090&supplier_code=00100083&order_time=2020-07-04 HTTP/1.1" 200 391
114.88.170.9 - - [04/Jul/2020:09:57:52 +0800] "GET /xingrg/check_reg.html?_=1593827893862 HTTP/1.1" 200 22
114.88.170.9 - - [04/Jul/2020:09:57:52 +0800] "GET /xingrg/all/function/internal_message.html?_=1593827893859&CODE_STATE=getMsg HTTP/1.1" 200 27
61.172.5.115 - - [04/Jul/2020:09:57:59 +0800] "GET /xingrg/kc/buy/cgsh_order_operate.html?command=get_materiel&rest_code=00105&code=00101018018&supplier_code=00100330&order_time=2020-07-04 HTTP/1.1" 200 417
222.69.136.71 - - [04/Jul/2020:09:58:00 +0800] "GET /xingrg/kc/buy/cgsh_order_operate.html?command=get_materiel&rest_code=00149&code=00101004030&supplier_code=00100083&order_time=2020-07-04 HTTP/1.1" 200 410
172.17.200.101 - - [04/Jul/2020:09:58:00 +0800] "GET /xingrg/all/function/internal_message.html?_=1593827880671&CODE_STATE=getMsg HTTP/1.1" 200 27
114.89.80.44 - - [04/Jul/2020:09:58:02 +0800] "GET /xingrg/all/function/internal_message.html?_=1593827879528&CODE_STATE=getMsg HTTP/1.1" 200 27
172.17.0.123 - - [04/Jul/2020:09:58:06 +0800] "GET /xingrg/all/function/internal_message.html?_=1593827838415&CODE_STATE=getMsg HTTP/1.1" 200 27
172.17.0.123 - - [04/Jul/2020:09:58:06 +0800] "GET /xingrg/check_reg.html?_=1593827838417 HTTP/1.1" 200 22
222.69.136.71 - - [04/Jul/2020:09:58:12 +0800] "GET /xingrg/kc/buy/cgsh_order_operate.html?command=get_materiel&rest_code=00149&code=00101004065&supplier_code=00100083&order_time=2020-07-04 HTTP/1.1" 200 432
61.172.5.115 - - [04/Jul/2020:09:58:13 +0800] "GET /xingrg/all/function/internal_message.html?_=1593827890376&CODE_STATE=getMsg HTTP/1.1" 200 27
58.40.7.146 - - [04/Jul/2020:09:58:13 +0800] "GET /xingrg/all/function/internal_message.html?_=1593827889864&CODE_STATE=getMsg HTTP/1.1" 200 27
58.40.7.146 - - [04/Jul/2020:09:58:15 +0800] "POST /xingrg/dwr/call/plaincall/AjaxCheckService.setItemNumber.dwr HTTP/1.1" 200 77
117.184.7.26 - - [04/Jul/2020:09:58:16 +0800] "GET /xingrg/all/function/internal_message.html?_=1593827883510&CODE_STATE=getMsg HTTP/1.1" 200 27
101.228.167.227 - - [04/Jul/2020:09:58:18 +0800] "GET /xingrg/all/function/internal_message.html?_=1593827890150&CODE_STATE=getMsg HTTP/1.1" 200 27
222.69.136.71 - - [04/Jul/2020:09:58:21 +0800] "GET /xingrg/kc/buy/cgsh_order_operate.html?command=get_materiel&rest_code=00149&code=00101004017&supplier_code=00100083&order_time=2020-07-04 HTTP/1.1" 200 413
124.76.237.190 - - [04/Jul/2020:09:58:22 +0800] "GET /xingrg/check_reg.html?_=1593826880155 HTTP/1.1" 200 22
124.76.237.190 - - [04/Jul/2020:09:58:22 +0800] "GET /xingrg/all/function/internal_message.html?_=1593826880157&CODE_STATE=getMsg HTTP/1.1" 200 27
222.69.136.71 - - [04/Jul/2020:09:58:26 +0800] "GET /xingrg/all/function/internal_message.html?_=1593827895594&CODE_STATE=getMsg HTTP/1.1" 200 27
222.69.136.71 - - [04/Jul/2020:09:58:29 +0800] "POST /xingrg/kc/buy/cgsh_order_operate.html HTTP/1.1" 200 37
58.40.7.146 - - [04/Jul/2020:09:58:30 +0800] "POST /xingrg/dwr/call/plaincall/AjaxCheckService.setItemNumber.dwr HTTP/1.1" 200 77
222.69.136.71 - - [04/Jul/2020:09:58:31 +0800] "POST /xingrg/kc/buy/cgsh_order_operate.html HTTP/1.1" 200 12
222.69.136.71 - - [04/Jul/2020:09:58:31 +0800] "GET /xingrg/kc/buy/cgsh_order_info.html?code=212020070401255 HTTP/1.1" 200 54205
222.69.136.71 - - [04/Jul/2020:09:58:32 +0800] "GET /xingrg/javascript/easyui/themes/default/validatebox.css HTTP/1.1" 404 1104
222.69.136.71 - - [04/Jul/2020:09:58:32 +0800] "POST /xingrg/kc/buy/cgsh_order_operate.html HTTP/1.1" 200 4789
58.40.7.146 - - [04/Jul/2020:09:58:32 +0800] "POST /xingrg/dwr/call/plaincall/AjaxCheckService.setItemNumber.dwr HTTP/1.1" 200 77
61.172.5.115 - - [04/Jul/2020:09:58:33 +0800] "POST /xingrg/kc/buy/cgsh_order_operate.html HTTP/1.1" 200 37
172.17.0.106 - - [04/Jul/2020:09:58:34 +0800] "GET /xingrg/all/function/internal_message.html?_=1593827911728&CODE_STATE=getMsg HTTP/1.1" 200 27
120.253.135.82 - - [04/Jul/2020:09:58:34 +0800] "GET /xingrg/all/function/internal_message.html?_=1593828031253&CODE_STATE=getMsg HTTP/1.1" 200 27
61.172.5.115 - - [04/Jul/2020:09:58:34 +0800] "POST /xingrg/kc/buy/cgsh_order_operate.html HTTP/1.1" 200 3858
61.172.5.115 - - [04/Jul/2020:09:58:36 +0800] "GET /xingrg/kc/print/load_data.html?order_code=212020070401256&kc_code=cgsh&condition= HTTP/1.1" 200 1146
222.69.136.71 - - [04/Jul/2020:09:58:37 +0800] "GET /xingrg/kc/print/load_data.html?order_code=212020070401255&kc_code=cgsh&condition= HTTP/1.1" 200 2334
114.89.80.44 - - [04/Jul/2020:09:58:40 +0800] "GET /xingrg/all/function/internal_message.html?_=1593828048726&CODE_STATE=getMsg HTTP/1.1" 200 27
58.40.7.146 - - [04/Jul/2020:09:58:42 +0800] "POST /xingrg/dwr/call/plaincall/AjaxCheckService.setItemNumber.dwr HTTP/1.1" 200 77
180.175.214.200 - - [04/Jul/2020:09:58:45 +0800] "GET /xingrg/check_reg.html?_=1593828128803 HTTP/1.1" 200 22
180.175.214.200 - - [04/Jul/2020:09:58:45 +0800] "GET /xingrg/all/function/internal_message.html?_=1593828128991&CODE_STATE=getMsg HTTP/1.1" 200 27
172.17.0.100 - - [04/Jul/2020:09:58:47 +0800] "GET /xingrg/all/function/internal_message.html?_=1593827922974&CODE_STATE=getMsg HTTP/1.1" 200 27
222.69.136.71 - - [04/Jul/2020:09:58:48 +0800] "GET /xingrg/kc/buy/cgsh_order_add.html HTTP/1.1" 200 59304
222.69.136.71 - - [04/Jul/2020:09:58:48 +0800] "POST /xingrg/kc/buy/cgsh_order_operate.html HTTP/1.1" 200 8245
222.69.136.71 - - [04/Jul/2020:09:58:48 +0800] "GET /xingrg/javascript/easyui/themes/default/validatebox.css HTTP/1.1" 404 1104
172.17.0.185 - - [04/Jul/2020:09:58:49 +0800] "GET /xingrg/all/function/internal_message.html?_=1593827925718&CODE_STATE=getMsg HTTP/1.1" 200 27
114.89.80.44 - - [04/Jul/2020:09:58:51 +0800] "POST /xingrg/kc/buy/cgsh_order_operate.html HTTP/1.1" 200 37
114.88.170.9 - - [04/Jul/2020:09:58:52 +0800] "GET /xingrg/all/function/internal_message.html?_=1593827953870&CODE_STATE=getMsg HTTP/1.1" 200 27
114.89.80.44 - - [04/Jul/2020:09:58:52 +0800] "POST /xingrg/kc/buy/cgsh_order_operate.html HTTP/1.1" 200 12
114.89.80.44 - - [04/Jul/2020:09:58:53 +0800] "GET /xingrg/kc/buy/cgsh_order_info.html?code=212020070401257 HTTP/1.1" 200 54094
114.89.80.44 - - [04/Jul/2020:09:58:53 +0800] "GET /xingrg/javascript/easyui/themes/default/validatebox.css HTTP/1.1" 404 1104
120.253.135.82 - - [04/Jul/2020:09:58:53 +0800] "GET /xingrg/check_reg.html?_=1593828050551 HTTP/1.1" 200 22
114.89.80.44 - - [04/Jul/2020:09:58:54 +0800] "POST /xingrg/kc/buy/cgsh_order_operate.html HTTP/1.1" 200 2981
114.89.80.44 - - [04/Jul/2020:09:58:58 +0800] "GET /xingrg/kc/print/load_data.html?order_code=212020070401257&kc_code=cgsh&condition= HTTP/1.1" 200 1731
172.17.200.101 - - [04/Jul/2020:09:59:00 +0800] "GET /xingrg/all/function/internal_message.html?_=1593827940689&CODE_STATE=getMsg HTTP/1.1" 200 27
172.17.200.101 - - [04/Jul/2020:09:59:00 +0800] "GET /xingrg/check_reg.html?_=1593827940690 HTTP/1.1" 200 22
114.89.80.44 - - [04/Jul/2020:09:59:02 +0800] "GET /xingrg/all/function/internal_message.html?_=1593827939537&CODE_STATE=getMsg HTTP/1.1" 200 27
58.40.7.146 - - [04/Jul/2020:09:59:03 +0800] "POST /xingrg/dwr/call/plaincall/AjaxCheckService.setItemNumber.dwr HTTP/1.1" 200 77
172.17.0.123 - - [04/Jul/2020:09:59:06 +0800] "GET /xingrg/all/function/internal_message.html?_=1593827898418&CODE_STATE=getMsg HTTP/1.1" 200 27
222.69.136.71 - - [04/Jul/2020:09:59:11 +0800] "GET /xingrg/kc/buy/cgsh_order_operate.html?command=get_materiel&rest_code=00149&code=00101009049&supplier_code=00100201&order_time=2020-07-04 HTTP/1.1" 200 416
58.40.7.146 - - [04/Jul/2020:09:59:11 +0800] "POST /xingrg/dwr/call/plaincall/AjaxCheckService.setItemNumber.dwr HTTP/1.1" 200 77
61.172.5.115 - - [04/Jul/2020:09:59:13 +0800] "GET /xingrg/all/function/internal_message.html?_=1593827950381&CODE_STATE=getMsg HTTP/1.1" 200 27
58.40.7.146 - - [04/Jul/2020:09:59:13 +0800] "GET /xingrg/all/function/internal_message.html?_=1593827949863&CODE_STATE=getMsg HTTP/1.1" 200 27
58.40.7.146 - - [04/Jul/2020:09:59:13 +0800] "GET /xingrg/check_reg.html?_=1593827949864 HTTP/1.1" 200 22
117.184.7.26 - - [04/Jul/2020:09:59:14 +0800] "GET /xingrg/check_reg.html?_=1593827941171 HTTP/1.1" 200 22
120.253.135.82 - - [04/Jul/2020:09:59:15 +0800] "GET /xingrg/check_reg.html?_=1593828072075 HTTP/1.1" 200 22
117.184.7.26 - - [04/Jul/2020:09:59:16 +0800] "GET /xingrg/all/function/internal_message.html?_=1593827943489&CODE_STATE=getMsg HTTP/1.1" 200 27
101.228.167.227 - - [04/Jul/2020:09:59:18 +0800] "GET /xingrg/all/function/internal_message.html?_=1593827950158&CODE_STATE=getMsg HTTP/1.1" 200 27
58.40.7.146 - - [04/Jul/2020:09:59:20 +0800] "POST /xingrg/dwr/call/plaincall/AjaxCheckService.setItemNumber.dwr HTTP/1.1" 200 77
114.89.80.44 - - [04/Jul/2020:09:59:20 +0800] "GET /xingrg/kc/buy/cgsh_order_add.html HTTP/1.1" 200 59187
222.69.136.71 - - [04/Jul/2020:09:59:20 +0800] "GET /xingrg/kc/buy/cgsh_order_operate.html?command=get_materiel&rest_code=00149&code=00101009062&supplier_code=00100201&order_time=2020-07-04 HTTP/1.1" 200 412
114.89.80.44 - - [04/Jul/2020:09:59:20 +0800] "POST /xingrg/kc/buy/cgsh_order_operate.html HTTP/1.1" 200 8245
114.89.80.44 - - [04/Jul/2020:09:59:20 +0800] "GET /xingrg/javascript/easyui/themes/default/validatebox.css HTTP/1.1" 404 1104
