117.184.7.26 - - [02/Jul/2020:10:13:55 +0800] "GET /xingrg/kc/buy/cgsh_order_operate.html?command=get_materiel&rest_code=00108&code=00101009016&supplier_code=00100096&order_time=2020-07-02 HTTP/1.1" 200 412
61.172.5.115 - - [02/Jul/2020:10:14:00 +0800] "GET /xingrg/all/function/internal_message.html?_=1593656037559&CODE_STATE=getMsg HTTP/1.1" 200 27
101.228.167.227 - - [02/Jul/2020:10:14:00 +0800] "GET /xingrg/all/function/internal_message.html?_=1593656050207&CODE_STATE=getMsg HTTP/1.1" 200 27
114.88.170.9 - - [02/Jul/2020:10:14:02 +0800] "GET /xingrg/all/function/internal_message.html?_=1593656038457&CODE_STATE=getMsg HTTP/1.1" 200 27
117.184.7.30 - - [02/Jul/2020:10:14:02 +0800] "GET /xingrg/kc/buy/cgsh_order_operate.html?command=get_materiel&rest_code=00108&code=00101009010&supplier_code=00100096&order_time=2020-07-02 HTTP/1.1" 200 414
114.89.80.44 - - [02/Jul/2020:10:14:06 +0800] "GET /xingrg/kc/buy/cgsh_order_operate.html?command=get_materiel&rest_code=00150&code=00101009011&supplier_code=00100096&order_time=2020-07-02 HTTP/1.1" 200 416
117.131.5.26 - - [02/Jul/2020:10:14:15 +0800] "GET /xingrg/all/function/internal_message.html?_=1593656421905&CODE_STATE=getMsg HTTP/1.1" 200 27
117.184.7.30 - - [02/Jul/2020:10:14:15 +0800] "GET /xingrg/all/function/internal_message.html?_=1593656047277&CODE_STATE=getMsg HTTP/1.1" 200 27
222.69.138.0 - - [02/Jul/2020:10:14:16 +0800] "GET /xingrg/kc/buy/cgsh_order_operate.html?command=get_materiel&rest_code=00149&code=00101007083&supplier_code=00100205&order_time=2020-07-02 HTTP/1.1" 200 421
222.69.138.0 - - [02/Jul/2020:10:14:16 +0800] "GET /xingrg/all/function/internal_message.html?_=1593656049829&CODE_STATE=getMsg HTTP/1.1" 200 27
114.89.80.44 - - [02/Jul/2020:10:14:17 +0800] "GET /xingrg/kc/buy/cgsh_order_operate.html?command=get_materiel&rest_code=00150&code=00101009041&supplier_code=00100096&order_time=2020-07-02 HTTP/1.1" 200 408
120.253.135.82 - - [02/Jul/2020:10:14:17 +0800] "GET /xingrg/all/function/internal_message.html?_=1593655810669&CODE_STATE=getMsg HTTP/1.1" 200 27
172.17.0.240 - - [02/Jul/2020:10:14:18 +0800] "GET /xingrg/all/function/internal_message.html?_=1593656055496&CODE_STATE=getMsg HTTP/1.1" 200 27
172.17.0.101 - - [02/Jul/2020:10:14:19 +0800] "GET /xingrg/all/function/internal_message.html?_=1593656077283&CODE_STATE=getMsg HTTP/1.1" 200 27
117.184.7.30 - - [02/Jul/2020:10:14:20 +0800] "GET /xingrg/kc/buy/cgsh_order_operate.html?command=get_materiel&rest_code=00108&code=00101008418&supplier_code=00100096&order_time=2020-07-02 HTTP/1.1" 200 398
172.17.0.106 - - [02/Jul/2020:10:14:22 +0800] "GET /xingrg/all/function/internal_message.html?_=1593656060726&CODE_STATE=getMsg HTTP/1.1" 200 27
172.17.0.106 - - [02/Jul/2020:10:14:22 +0800] "GET /xingrg/check_reg.html?_=1593656060729 HTTP/1.1" 200 22
114.84.32.201 - - [02/Jul/2020:10:14:24 +0800] "GET /xingrg/check_reg.html?_=1593656060329 HTTP/1.1" 200 22
114.84.32.201 - - [02/Jul/2020:10:14:25 +0800] "GET /xingrg/check_reg.html?_=1593656061100 HTTP/1.1" 200 22
117.184.7.30 - - [02/Jul/2020:10:14:25 +0800] "GET /xingrg/kc/buy/cgsh_order_operate.html?command=get_materiel&rest_code=00108&code=00101009011&supplier_code=00100096&order_time=2020-07-02 HTTP/1.1" 200 416
58.40.7.146 - - [02/Jul/2020:10:14:25 +0800] "GET /xingrg/all/function/internal_message.html?_=1593656063597&CODE_STATE=getMsg HTTP/1.1" 200 27
180.175.214.200 - - [02/Jul/2020:10:14:28 +0800] "GET /xingrg/all/function/internal_message.html?_=1593656272931&CODE_STATE=getMsg HTTP/1.1" 200 27
114.88.170.9 - - [02/Jul/2020:10:14:31 +0800] "GET /xingrg/all/function/internal_message.html?_=1593656091819&CODE_STATE=getMsg HTTP/1.1" 200 27
114.89.80.44 - - [02/Jul/2020:10:14:34 +0800] "GET /xingrg/kc/buy/cgsh_order_operate.html?command=get_materiel&rest_code=00150&code=00101009007&supplier_code=00100096&order_time=2020-07-02 HTTP/1.1" 200 408
117.184.7.30 - - [02/Jul/2020:10:14:35 +0800] "GET /xingrg/kc/buy/cgsh_order_operate.html?command=get_materiel&rest_code=00108&code=00101009007&supplier_code=00100096&order_time=2020-07-02 HTTP/1.1" 200 408
101.228.167.227 - - [02/Jul/2020:10:14:35 +0800] "GET /xingrg/all/function/internal_message.html?_=1593656087128&CODE_STATE=getMsg HTTP/1.1" 200 27
61.172.5.115 - - [02/Jul/2020:10:14:37 +0800] "GET /xingrg/kc/buy/cgsh_order_add.html HTTP/1.1" 200 59200
61.172.5.115 - - [02/Jul/2020:10:14:37 +0800] "POST /xingrg/kc/buy/cgsh_order_operate.html HTTP/1.1" 200 8245
61.172.5.115 - - [02/Jul/2020:10:14:37 +0800] "GET /xingrg/javascript/easyui/themes/default/validatebox.css HTTP/1.1" 404 1104
114.86.228.2 - - [02/Jul/2020:10:14:42 +0800] "GET /xingrg/all/function/internal_message.html?_=1593656173187&CODE_STATE=getMsg HTTP/1.1" 200 27
180.175.214.200 - - [02/Jul/2020:10:14:44 +0800] "GET /xingrg/check_reg.html?_=1593656080978 HTTP/1.1" 302 -
116.230.77.149 - - [02/Jul/2020:10:14:45 +0800] "GET /xingrg/all/function/internal_message.html?_=1593656078313&CODE_STATE=getMsg HTTP/1.1" 200 27
116.230.77.149 - - [02/Jul/2020:10:14:45 +0800] "GET /xingrg/check_reg.html?_=1593656078320 HTTP/1.1" 200 22
172.17.0.102 - - [02/Jul/2020:10:14:46 +0800] "GET /xingrg/all/function/internal_message.html?_=1593656083881&CODE_STATE=getMsg HTTP/1.1" 200 27
172.17.0.102 - - [02/Jul/2020:10:14:46 +0800] "GET /xingrg/check_reg.html?_=1593656083882 HTTP/1.1" 200 22
114.89.80.44 - - [02/Jul/2020:10:14:49 +0800] "GET /xingrg/kc/buy/cgsh_order_operate.html?command=get_materiel&rest_code=00150&code=00101009019&supplier_code=00100096&order_time=2020-07-02 HTTP/1.1" 200 412
61.172.5.115 - - [02/Jul/2020:10:14:50 +0800] "GET /xingrg/javascript/easyui/themes/default/tree.css HTTP/1.1" 404 1090
117.184.7.30 - - [02/Jul/2020:10:14:50 +0800] "GET /xingrg/all/function/internal_message.html?_=1593656082710&CODE_STATE=getMsg HTTP/1.1" 200 27
61.172.5.115 - - [02/Jul/2020:10:14:50 +0800] "POST /xingrg/all/common/load_tree.html?tree=supplier_tree_json&isDelete=1 HTTP/1.1" 200 49424
114.89.80.44 - - [02/Jul/2020:10:14:51 +0800] "GET /xingrg/all/function/internal_message.html?_=1593656088910&CODE_STATE=getMsg HTTP/1.1" 200 27
117.184.7.30 - - [02/Jul/2020:10:14:54 +0800] "GET /xingrg/kc/buy/cgsh_order_operate.html?command=get_materiel&rest_code=00108&code=00101009013&supplier_code=00100096&order_time=2020-07-02 HTTP/1.1" 200 422
61.172.5.115 - - [02/Jul/2020:10:15:00 +0800] "GET /xingrg/all/function/internal_message.html?_=1593656097568&CODE_STATE=getMsg HTTP/1.1" 200 27
101.228.167.227 - - [02/Jul/2020:10:15:00 +0800] "GET /xingrg/all/function/internal_message.html?_=1593656110221&CODE_STATE=getMsg HTTP/1.1" 200 27
114.88.170.9 - - [02/Jul/2020:10:15:02 +0800] "GET /xingrg/all/function/internal_message.html?_=1593656098493&CODE_STATE=getMsg HTTP/1.1" 200 27
180.175.214.200 - - [02/Jul/2020:10:15:04 +0800] "POST /xingrg/kc/buy/cgsh_list_operate.html HTTP/1.1" 200 431
180.175.214.200 - - [02/Jul/2020:10:15:05 +0800] "GET /xingrg/kc/buy/cgsh_order_info.html?code=212020070200414 HTTP/1.1" 200 54013
180.175.214.200 - - [02/Jul/2020:10:15:06 +0800] "GET /xingrg/javascript/easyui/themes/default/validatebox.css HTTP/1.1" 404 1104
180.175.214.200 - - [02/Jul/2020:10:15:06 +0800] "POST /xingrg/kc/buy/cgsh_order_operate.html HTTP/1.1" 200 2401
180.175.214.200 - - [02/Jul/2020:10:15:08 +0800] "GET /xingrg/kc/print/load_data.html?order_code=212020070200414&kc_code=cgsh&condition= HTTP/1.1" 200 1454
117.184.7.30 - - [02/Jul/2020:10:15:14 +0800] "GET /xingrg/check_reg.html?_=1593656106466 HTTP/1.1" 200 22
117.131.5.26 - - [02/Jul/2020:10:15:15 +0800] "GET /xingrg/all/function/internal_message.html?_=1593656481903&CODE_STATE=getMsg HTTP/1.1" 200 27
117.184.7.30 - - [02/Jul/2020:10:15:15 +0800] "GET /xingrg/all/function/internal_message.html?_=1593656107333&CODE_STATE=getMsg HTTP/1.1" 200 27
222.69.138.0 - - [02/Jul/2020:10:15:16 +0800] "GET /xingrg/all/function/internal_message.html?_=1593656109805&CODE_STATE=getMsg HTTP/1.1" 200 27
222.69.138.0 - - [02/Jul/2020:10:15:16 +0800] "GET /xingrg/check_reg.html?_=1593656109995 HTTP/1.1" 200 22
120.253.135.82 - - [02/Jul/2020:10:15:17 +0800] "GET /xingrg/all/function/internal_message.html?_=1593655870683&CODE_STATE=getMsg HTTP/1.1" 200 27
172.17.0.240 - - [02/Jul/2020:10:15:18 +0800] "GET /xingrg/check_reg.html?_=1593656115498 HTTP/1.1" 200 22
172.17.0.240 - - [02/Jul/2020:10:15:18 +0800] "GET /xingrg/all/function/internal_message.html?_=1593656115499&CODE_STATE=getMsg HTTP/1.1" 200 27
172.17.0.101 - - [02/Jul/2020:10:15:19 +0800] "GET /xingrg/all/function/internal_message.html?_=1593656137283&CODE_STATE=getMsg HTTP/1.1" 200 27
172.17.0.106 - - [02/Jul/2020:10:15:22 +0800] "GET /xingrg/all/function/internal_message.html?_=1593656120732&CODE_STATE=getMsg HTTP/1.1" 200 27
117.184.7.26 - - [02/Jul/2020:10:15:23 +0800] "GET /xingrg/kc/buy/cgsh_order_operate.html?command=get_materiel&rest_code=00108&code=00101009039&supplier_code=00100096&order_time=2020-07-02 HTTP/1.1" 200 408
180.175.214.200 - - [02/Jul/2020:10:15:24 +0800] "GET /xingrg/check_reg.html?_=1593656328856 HTTP/1.1" 200 22
58.40.7.146 - - [02/Jul/2020:10:15:25 +0800] "GET /xingrg/all/function/internal_message.html?_=1593656123600&CODE_STATE=getMsg HTTP/1.1" 200 27
114.89.80.44 - - [02/Jul/2020:10:15:28 +0800] "GET /xingrg/kc/buy/cgsh_order_operate.html?command=get_materiel&rest_code=00150&code=00101009066&supplier_code=00100096&order_time=2020-07-02 HTTP/1.1" 200 416
180.175.214.200 - - [02/Jul/2020:10:15:28 +0800] "GET /xingrg/all/function/internal_message.html?_=1593656332938&CODE_STATE=getMsg HTTP/1.1" 200 27
114.88.170.9 - - [02/Jul/2020:10:15:31 +0800] "GET /xingrg/all/function/internal_message.html?_=1593656151814&CODE_STATE=getMsg HTTP/1.1" 200 27
101.228.167.227 - - [02/Jul/2020:10:15:34 +0800] "GET /xingrg/check_reg.html?_=1593656146338 HTTP/1.1" 200 22
222.69.138.0 - - [02/Jul/2020:10:15:35 +0800] "GET /xingrg/kc/buy/cgsh_order_operate.html?command=get_materiel&rest_code=00149&code=00101007081&supplier_code=00100205&order_time=2020-07-02 HTTP/1.1" 200 415
101.228.167.227 - - [02/Jul/2020:10:15:35 +0800] "GET /xingrg/all/function/internal_message.html?_=1593656147142&CODE_STATE=getMsg HTTP/1.1" 200 27
117.184.7.26 - - [02/Jul/2020:10:15:37 +0800] "POST /xingrg/kc/buy/cgsh_order_operate.html HTTP/1.1" 200 37
117.184.7.26 - - [02/Jul/2020:10:15:38 +0800] "POST /xingrg/kc/buy/cgsh_order_operate.html HTTP/1.1" 200 7983
114.86.228.2 - - [02/Jul/2020:10:15:41 +0800] "GET /xingrg/all/function/internal_message.html?_=1593656233187&CODE_STATE=getMsg HTTP/1.1" 200 27
116.230.77.149 - - [02/Jul/2020:10:15:45 +0800] "GET /xingrg/all/function/internal_message.html?_=1593656138316&CODE_STATE=getMsg HTTP/1.1" 200 27
117.184.7.30 - - [02/Jul/2020:10:15:45 +0800] "GET /xingrg/kc/base/base_main.html HTTP/1.1" 200 12142
172.17.0.102 - - [02/Jul/2020:10:15:46 +0800] "GET /xingrg/all/function/internal_message.html?_=1593656143880&CODE_STATE=getMsg HTTP/1.1" 200 27
222.69.138.0 - - [02/Jul/2020:10:15:47 +0800] "GET /xingrg/kc/buy/cgsh_order_operate.html?command=get_materiel&rest_code=00149&code=00101007049&supplier_code=00100205&order_time=2020-07-02 HTTP/1.1" 200 411
117.184.7.30 - - [02/Jul/2020:10:15:48 +0800] "GET /xingrg/kc/report/report_main.html HTTP/1.1" 200 7345
117.184.7.30 - - [02/Jul/2020:10:15:49 +0800] "GET /xingrg/all/report/report_query.html?fileName=kc/buy/gys_amount.xml&rh=99999 HTTP/1.1" 200 52006
117.184.7.30 - - [02/Jul/2020:10:15:49 +0800] "GET /xingrg/javascript/multi_select/jqueryMultiSelect.css HTTP/1.1" 304 -
117.184.7.26 - - [02/Jul/2020:10:15:49 +0800] "GET /xingrg/javascript/calendar/timePicker.css HTTP/1.1" 304 -
117.184.7.30 - - [02/Jul/2020:10:15:49 +0800] "GET /xingrg/dwr/util.js HTTP/1.1" 304 -
117.184.7.26 - - [02/Jul/2020:10:15:49 +0800] "GET /xingrg/javascript/bigrid/fix.css HTTP/1.1" 304 -
117.184.7.26 - - [02/Jul/2020:10:15:49 +0800] "GET /xingrg/dwr/interface/AjaxReportQueryService.js HTTP/1.1" 200 13203
117.184.7.26 - - [02/Jul/2020:10:15:49 +0800] "GET /xingrg/javascript/jqueryMultiSelect.js HTTP/1.1" 304 -
117.184.7.30 - - [02/Jul/2020:10:15:49 +0800] "GET /xingrg/javascript/Calendar.js HTTP/1.1" 304 -
117.184.7.26 - - [02/Jul/2020:10:15:49 +0800] "GET /xingrg/javascript/calendar/jquery.timePicker.min.js HTTP/1.1" 304 -
117.184.7.30 - - [02/Jul/2020:10:15:49 +0800] "GET /xingrg/javascript/bigrid/fix.js HTTP/1.1" 304 -
117.184.7.26 - - [02/Jul/2020:10:15:49 +0800] "GET /xingrg/dwr/engine.js HTTP/1.1" 200 43631
114.88.170.9 - - [02/Jul/2020:10:15:50 +0800] "GET /xingrg/check_reg.html?_=1593656145978 HTTP/1.1" 200 22
117.184.7.26 - - [02/Jul/2020:10:15:50 +0800] "POST /xingrg/dwr/call/plaincall/AjaxReportQueryService.getFixDate.dwr HTTP/1.1" 200 111
117.184.7.26 - - [02/Jul/2020:10:15:50 +0800] "GET /xingrg/check_reg.html?_=1593656142524 HTTP/1.1" 200 22
117.184.7.30 - - [02/Jul/2020:10:15:50 +0800] "GET /xingrg/javascript/jquery_easy_ui/themes/default/images/combo_arrow_dot.gif HTTP/1.1" 304 -
117.184.7.26 - - [02/Jul/2020:10:15:50 +0800] "POST /xingrg/all/common/load_tree.html?tree=supplier_tree_json&manage=1 HTTP/1.1" 200 50032
114.89.80.44 - - [02/Jul/2020:10:15:51 +0800] "GET /xingrg/all/function/internal_message.html?_=1593656148883&CODE_STATE=getMsg HTTP/1.1" 200 27
114.89.80.44 - - [02/Jul/2020:10:15:51 +0800] "GET /xingrg/check_reg.html?_=1593656149077 HTTP/1.1" 200 22
117.184.7.30 - - [02/Jul/2020:10:15:51 +0800] "GET /xingrg/javascript/jquery_easy_ui/themes/default/images/tree_checkbox_0.gif HTTP/1.1" 304 -
117.184.7.26 - - [02/Jul/2020:10:15:52 +0800] "POST /xingrg/all/common/load_tree.html?tree=materiel_sort_tree_json HTTP/1.1" 200 8666
117.184.7.26 - - [02/Jul/2020:10:15:52 +0800] "GET /xingrg/all/function/internal_message.html?_=1593656144716&CODE_STATE=getMsg HTTP/1.1" 200 27
172.17.0.240 - - [02/Jul/2020:10:15:52 +0800] "GET /xingrg/check_reg.html?_=1593656150090 HTTP/1.1" 200 22
117.184.7.26 - - [02/Jul/2020:10:15:52 +0800] "POST /xingrg/dwr/call/plaincall/AjaxReportQueryService.getInitString.dwr HTTP/1.1" 200 993
117.184.7.30 - - [02/Jul/2020:10:15:53 +0800] "GET /xingrg/javascript/multi_select/dropdown.gif HTTP/1.1" 304 -
61.172.5.115 - - [02/Jul/2020:10:15:56 +0800] "GET /xingrg/css/new_ie.css HTTP/1.1" 404 1036
61.172.5.115 - - [02/Jul/2020:10:15:57 +0800] "GET /favicon.ico HTTP/1.1" 404 -
101.228.167.227 - - [02/Jul/2020:10:16:01 +0800] "GET /xingrg/all/function/internal_message.html?_=1593656170347&CODE_STATE=getMsg HTTP/1.1" 200 27
114.88.170.9 - - [02/Jul/2020:10:16:02 +0800] "GET /xingrg/all/function/internal_message.html?_=1593656158501&CODE_STATE=getMsg HTTP/1.1" 200 27
61.172.5.115 - - [02/Jul/2020:10:16:07 +0800] "POST /xingrg/login.do HTTP/1.1" 302 -
61.172.5.115 - - [02/Jul/2020:10:16:07 +0800] "GET /xingrg/index.html?sysBaseUrl=http%3A%2F%2F180.169.147.146%3A18081%2Fxingrg%2F&costTime=42×tamp=1593656167052 HTTP/1.1" 200 17173
61.172.5.115 - - [02/Jul/2020:10:16:07 +0800] "POST /xingrg/all/common/load_tree.html?tree=area_rest_tree_json&manage=1 HTTP/1.1" 200 342
61.172.5.115 - - [02/Jul/2020:10:16:07 +0800] "GET /xingrg/all/function/internal_message.html?_=1593656163909&CODE_STATE=count HTTP/1.1" 200 11
61.172.5.115 - - [02/Jul/2020:10:16:07 +0800] "GET /xingrg/check_reg.html?_=1593656163914 HTTP/1.1" 200 22
61.172.5.115 - - [02/Jul/2020:10:16:07 +0800] "GET /favicon.ico HTTP/1.1" 404 -
61.172.5.115 - - [02/Jul/2020:10:16:07 +0800] "POST /xingrg/load_menu.html HTTP/1.1" 200 5138
61.172.5.115 - - [02/Jul/2020:10:16:11 +0800] "GET /xingrg/kc/buy/buy_main.html HTTP/1.1" 200 12412
61.172.5.115 - - [02/Jul/2020:10:16:11 +0800] "GET /xingrg/css/new_ie.css HTTP/1.1" 404 1036
61.172.5.115 - - [02/Jul/2020:10:16:13 +0800] "GET /xingrg/images/yd/bt.gif HTTP/1.1" 404 1040
222.69.138.0 - - [02/Jul/2020:10:16:14 +0800] "GET /xingrg/kc/buy/cgsh_order_operate.html?command=get_materiel&rest_code=00149&code=00101007048&supplier_code=00100205&order_time=2020-07-02 HTTP/1.1" 200 408
61.172.5.115 - - [02/Jul/2020:10:16:14 +0800] "GET /xingrg/kc/buy/cgsh_order_list.html HTTP/1.1" 200 43462
117.131.5.26 - - [02/Jul/2020:10:16:15 +0800] "GET /xingrg/check_reg.html?_=1593656541904 HTTP/1.1" 200 22
117.131.5.26 - - [02/Jul/2020:10:16:15 +0800] "GET /xingrg/all/function/internal_message.html?_=1593656541902&CODE_STATE=getMsg HTTP/1.1" 200 27
61.172.5.115 - - [02/Jul/2020:10:16:15 +0800] "POST /xingrg/kc/buy/cgsh_list_operate.html HTTP/1.1" 200 2051
117.184.7.30 - - [02/Jul/2020:10:16:15 +0800] "GET /xingrg/all/function/internal_message.html?_=1593656167488&CODE_STATE=getMsg HTTP/1.1" 200 27
222.69.138.0 - - [02/Jul/2020:10:16:16 +0800] "GET /xingrg/all/function/internal_message.html?_=1593656169792&CODE_STATE=getMsg HTTP/1.1" 200 27
116.230.77.149 - - [02/Jul/2020:10:16:16 +0800] "GET /xingrg/check_reg.html?_=1593656174715 HTTP/1.1" 302 -
120.253.135.82 - - [02/Jul/2020:10:16:17 +0800] "GET /xingrg/all/function/internal_message.html?_=1593655930697&CODE_STATE=getMsg HTTP/1.1" 200 27
61.172.5.115 - - [02/Jul/2020:10:16:17 +0800] "GET /xingrg/kc/buy/cgsh_order_add.html HTTP/1.1" 200 59200
61.172.5.115 - - [02/Jul/2020:10:16:18 +0800] "POST /xingrg/kc/buy/cgsh_order_operate.html HTTP/1.1" 200 8245
172.17.0.240 - - [02/Jul/2020:10:16:18 +0800] "GET /xingrg/all/function/internal_message.html?_=1593656175484&CODE_STATE=getMsg HTTP/1.1" 200 27
61.172.5.115 - - [02/Jul/2020:10:16:18 +0800] "GET /xingrg/javascript/easyui/themes/default/validatebox.css HTTP/1.1" 404 1104
172.17.0.101 - - [02/Jul/2020:10:16:19 +0800] "GET /xingrg/all/function/internal_message.html?_=1593656197282&CODE_STATE=getMsg HTTP/1.1" 200 27
114.84.32.201 - - [02/Jul/2020:10:16:21 +0800] "GET /xingrg/check_reg.html?_=1593656177398 HTTP/1.1" 200 22
61.172.5.115 - - [02/Jul/2020:10:16:22 +0800] "GET /xingrg/javascript/auto/indicator.gif HTTP/1.1" 404 1066
172.17.0.106 - - [02/Jul/2020:10:16:22 +0800] "GET /xingrg/all/function/internal_message.html?_=1593656180721&CODE_STATE=getMsg HTTP/1.1" 200 27
58.40.7.146 - - [02/Jul/2020:10:16:25 +0800] "GET /xingrg/all/function/internal_message.html?_=1593656183603&CODE_STATE=getMsg HTTP/1.1" 200 27
180.175.214.200 - - [02/Jul/2020:10:16:28 +0800] "GET /xingrg/all/function/internal_message.html?_=1593656392952&CODE_STATE=getMsg HTTP/1.1" 200 27
114.88.170.9 - - [02/Jul/2020:10:16:31 +0800] "GET /xingrg/all/function/internal_message.html?_=1593656211826&CODE_STATE=getMsg HTTP/1.1" 200 27
114.88.170.9 - - [02/Jul/2020:10:16:31 +0800] "GET /xingrg/check_reg.html?_=1593656211827 HTTP/1.1" 200 22
101.228.167.227 - - [02/Jul/2020:10:16:35 +0800] "GET /xingrg/all/function/internal_message.html?_=1593656207154&CODE_STATE=getMsg HTTP/1.1" 200 27
61.172.5.115 - - [02/Jul/2020:10:16:39 +0800] "GET /xingrg/kc/buy/cgsh_order_operate.html?command=get_materiel&rest_code=00105&code=00101007032&supplier_code=00100328&order_time=2020-07-02 HTTP/1.1" 200 432
114.86.228.2 - - [02/Jul/2020:10:16:40 +0800] "GET /xingrg/all/function/internal_message.html?_=1593656293187&CODE_STATE=getMsg HTTP/1.1" 200 27
120.253.135.82 - - [02/Jul/2020:10:16:40 +0800] "GET /xingrg/kc/pszx/mdqp_order_list.html?state=10 HTTP/1.1" 200 11728
120.253.135.82 - - [02/Jul/2020:10:16:40 +0800] "GET /xingrg/dwr/interface/AjaxQqpsService.js HTTP/1.1" 200 16326
120.253.135.82 - - [02/Jul/2020:10:16:40 +0800] "GET /xingrg/dwr/interface/AjaxReportQueryService.js HTTP/1.1" 200 13203
120.253.135.82 - - [02/Jul/2020:10:16:40 +0800] "GET /xingrg/dwr/engine.js HTTP/1.1" 200 43631
120.253.135.82 - - [02/Jul/2020:10:16:44 +0800] "GET /xingrg/kc/pszx/mdqp_order_list.html?state=10 HTTP/1.1" 200 11728
120.253.135.82 - - [02/Jul/2020:10:16:44 +0800] "GET /xingrg/dwr/interface/AjaxQqpsService.js HTTP/1.1" 200 16326
120.253.135.82 - - [02/Jul/2020:10:16:44 +0800] "GET /xingrg/dwr/interface/AjaxReportQueryService.js HTTP/1.1" 200 13203
120.253.135.82 - - [02/Jul/2020:10:16:44 +0800] "GET /xingrg/dwr/engine.js HTTP/1.1" 200 43631
116.230.77.149 - - [02/Jul/2020:10:16:45 +0800] "GET /xingrg/all/function/internal_message.html?_=1593656198319&CODE_STATE=getMsg HTTP/1.1" 200 27
172.17.0.102 - - [02/Jul/2020:10:16:46 +0800] "GET /xingrg/all/function/internal_message.html?_=1593656203882&CODE_STATE=getMsg HTTP/1.1" 200 27
114.89.80.44 - - [02/Jul/2020:10:16:51 +0800] "GET /xingrg/all/function/internal_message.html?_=1593656208937&CODE_STATE=getMsg HTTP/1.1" 200 27
117.184.7.30 - - [02/Jul/2020:10:16:52 +0800] "GET /xingrg/all/function/internal_message.html?_=1593656204719&CODE_STATE=getMsg HTTP/1.1" 200 27
222.69.138.0 - - [02/Jul/2020:10:16:55 +0800] "GET /xingrg/kc/buy/cgsh_order_operate.html?command=get_materiel&rest_code=00149&code=00101007085&supplier_code=00100205&order_time=2020-07-02 HTTP/1.1" 200 413
101.228.167.227 - - [02/Jul/2020:10:17:01 +0800] "GET /xingrg/all/function/internal_message.html?_=1593656230358&CODE_STATE=getMsg HTTP/1.1" 200 27
114.88.170.9 - - [02/Jul/2020:10:17:02 +0800] "GET /xingrg/all/function/internal_message.html?_=1593656218514&CODE_STATE=getMsg HTTP/1.1" 200 27
61.172.5.115 - - [02/Jul/2020:10:17:07 +0800] "GET /xingrg/all/function/internal_message.html?_=1593656223927&CODE_STATE=getMsg HTTP/1.1" 200 27
117.131.5.26 - - [02/Jul/2020:10:17:15 +0800] "GET /xingrg/all/function/internal_message.html?_=1593656601902&CODE_STATE=getMsg HTTP/1.1" 200 27
117.184.7.30 - - [02/Jul/2020:10:17:16 +0800] "GET /xingrg/all/function/internal_message.html?_=1593656227518&CODE_STATE=getMsg HTTP/1.1" 200 27
222.69.138.0 - - [02/Jul/2020:10:17:16 +0800] "GET /xingrg/all/function/internal_message.html?_=1593656229771&CODE_STATE=getMsg HTTP/1.1" 200 27
172.17.0.240 - - [02/Jul/2020:10:17:18 +0800] "GET /xingrg/all/function/internal_message.html?_=1593656235486&CODE_STATE=getMsg HTTP/1.1" 200 27
172.17.0.101 - - [02/Jul/2020:10:17:19 +0800] "GET /xingrg/all/function/internal_message.html?_=1593656257284&CODE_STATE=getMsg HTTP/1.1" 200 27
222.69.138.0 - - [02/Jul/2020:10:17:20 +0800] "GET /xingrg/kc/buy/cgsh_order_operate.html?command=get_materiel&rest_code=00149&code=00101007114&supplier_code=00100205&order_time=2020-07-02 HTTP/1.1" 200 409
172.17.0.106 - - [02/Jul/2020:10:17:22 +0800] "GET /xingrg/all/function/internal_message.html?_=1593656240724&CODE_STATE=getMsg HTTP/1.1" 200 27
58.40.7.146 - - [02/Jul/2020:10:17:25 +0800] "GET /xingrg/check_reg.html?_=1593656243590 HTTP/1.1" 200 22
58.40.7.146 - - [02/Jul/2020:10:17:25 +0800] "GET /xingrg/all/function/internal_message.html?_=1593656243592&CODE_STATE=getMsg HTTP/1.1" 200 27
222.69.138.0 - - [02/Jul/2020:10:17:27 +0800] "GET /xingrg/kc/buy/cgsh_order_operate.html?command=get_materiel&rest_code=00149&code=00101007059&supplier_code=00100205&order_time=2020-07-02 HTTP/1.1" 200 409
180.175.214.200 - - [02/Jul/2020:10:17:28 +0800] "GET /xingrg/all/function/internal_message.html?_=1593656453305&CODE_STATE=getMsg HTTP/1.1" 200 27
114.88.170.9 - - [02/Jul/2020:10:17:31 +0800] "GET /xingrg/all/function/internal_message.html?_=1593656271825&CODE_STATE=getMsg HTTP/1.1" 200 27
101.228.167.227 - - [02/Jul/2020:10:17:35 +0800] "GET /xingrg/all/function/internal_message.html?_=1593656267168&CODE_STATE=getMsg HTTP/1.1" 200 27
114.86.228.2 - - [02/Jul/2020:10:17:39 +0800] "GET /xingrg/check_reg.html?_=1593656353156 HTTP/1.1" 200 22
114.86.228.2 - - [02/Jul/2020:10:17:39 +0800] "GET /xingrg/all/function/internal_message.html?_=1593656353187&CODE_STATE=getMsg HTTP/1.1" 200 27
222.69.138.0 - - [02/Jul/2020:10:17:42 +0800] "POST /xingrg/kc/buy/cgsh_order_operate.html HTTP/1.1" 200 37
222.69.138.0 - - [02/Jul/2020:10:17:44 +0800] "POST /xingrg/kc/buy/cgsh_order_operate.html HTTP/1.1" 200 12
116.230.77.149 - - [02/Jul/2020:10:17:45 +0800] "GET /xingrg/all/function/internal_message.html?_=1593656258315&CODE_STATE=getMsg HTTP/1.1" 200 27
222.69.138.0 - - [02/Jul/2020:10:17:45 +0800] "GET /xingrg/kc/buy/cgsh_order_info.html?code=212020070200428 HTTP/1.1" 200 54154
222.69.138.0 - - [02/Jul/2020:10:17:45 +0800] "GET /xingrg/javascript/easyui/themes/default/validatebox.css HTTP/1.1" 404 1104
222.69.138.0 - - [02/Jul/2020:10:17:46 +0800] "POST /xingrg/kc/buy/cgsh_order_operate.html HTTP/1.1" 200 4745
172.17.0.102 - - [02/Jul/2020:10:17:46 +0800] "GET /xingrg/all/function/internal_message.html?_=1593656263867&CODE_STATE=getMsg HTTP/1.1" 200 27
222.69.138.0 - - [02/Jul/2020:10:17:49 +0800] "GET /xingrg/kc/print/load_data.html?order_code=212020070200428&kc_code=cgsh&condition= HTTP/1.1" 200 2267
114.89.80.44 - - [02/Jul/2020:10:17:51 +0800] "GET /xingrg/all/function/internal_message.html?_=1593656268913&CODE_STATE=getMsg HTTP/1.1" 200 27
117.184.7.26 - - [02/Jul/2020:10:17:52 +0800] "GET /xingrg/all/function/internal_message.html?_=1593656264732&CODE_STATE=getMsg HTTP/1.1" 200 27
116.233.76.189 - - [02/Jul/2020:10:17:52 +0800] "POST /xingrg/services/DataTransmitService HTTP/1.1" 200 524
116.233.76.189 - - [02/Jul/2020:10:17:53 +0800] "POST /xingrg/services/DataTransmitService HTTP/1.1" 200 501
114.86.190.97 - - [02/Jul/2020:10:17:57 +0800] "POST /xingrg/services/DataTransmitService HTTP/1.1" 200 524
114.86.190.97 - - [02/Jul/2020:10:17:57 +0800] "POST /xingrg/services/DataTransmitService HTTP/1.1" 200 497
114.86.190.97 - - [02/Jul/2020:10:17:59 +0800] "POST /xingrg/services/DataTransmitService HTTP/1.1" 200 524
114.86.190.97 - - [02/Jul/2020:10:17:59 +0800] "POST /xingrg/services/DataTransmitService HTTP/1.1" 200 501
114.86.190.97 - - [02/Jul/2020:10:17:59 +0800] "POST /xingrg/services/DataTransmitService HTTP/1.1" 200 524
101.228.167.227 - - [02/Jul/2020:10:17:59 +0800] "GET /xingrg/check_reg.html?_=1593656288921 HTTP/1.1" 200 22
114.86.190.97 - - [02/Jul/2020:10:17:59 +0800] "POST /xingrg/services/DataTransmitService HTTP/1.1" 200 501
114.86.190.97 - - [02/Jul/2020:10:18:00 +0800] "POST /xingrg/services/DataTransmitService HTTP/1.1" 200 501
101.228.167.227 - - [02/Jul/2020:10:18:01 +0800] "GET /xingrg/all/function/internal_message.html?_=1593656290372&CODE_STATE=getMsg HTTP/1.1" 200 27
114.86.190.97 - - [02/Jul/2020:10:18:01 +0800] "POST /xingrg/services/DataTransmitService HTTP/1.1" 200 501
172.17.0.185 - - [02/Jul/2020:10:18:01 +0800] "GET /xingrg/check_reg.html?_=1593656278622 HTTP/1.1" 200 22
114.88.170.9 - - [02/Jul/2020:10:18:02 +0800] "GET /xingrg/all/function/internal_message.html?_=1593656278549&CODE_STATE=getMsg HTTP/1.1" 200 27
114.86.190.97 - - [02/Jul/2020:10:18:03 +0800] "POST /xingrg/services/DataTransmitService HTTP/1.1" 200 501
114.86.190.97 - - [02/Jul/2020:10:18:03 +0800] "POST /xingrg/services/DataTransmitService HTTP/1.1" 200 501
114.86.190.97 - - [02/Jul/2020:10:18:03 +0800] "POST /xingrg/services/DataTransmitService HTTP/1.1" 200 501
114.86.190.97 - - [02/Jul/2020:10:18:03 +0800] "POST /xingrg/services/DataTransmitService HTTP/1.1" 200 501
114.86.190.97 - - [02/Jul/2020:10:18:03 +0800] "POST /xingrg/services/DataTransmitService HTTP/1.1" 200 501
114.86.190.97 - - [02/Jul/2020:10:18:03 +0800] "POST /xingrg/services/DataTransmitService HTTP/1.1" 200 501
114.86.190.97 - - [02/Jul/2020:10:18:05 +0800] "POST /xingrg/services/DataTransmitService HTTP/1.1" 200 412
114.86.190.97 - - [02/Jul/2020:10:18:05 +0800] "POST /xingrg/services/DataTransmitService HTTP/1.1" 200 524
114.86.190.97 - - [02/Jul/2020:10:18:06 +0800] "POST /xingrg/services/DataTransmitService HTTP/1.1" 200 524
114.86.190.97 - - [02/Jul/2020:10:18:07 +0800] "POST /xingrg/services/DataTransmitService HTTP/1.1" 200 524
114.86.190.97 - - [02/Jul/2020:10:18:07 +0800] "POST /xingrg/services/DataTransmitService HTTP/1.1" 200 524
61.172.5.115 - - [02/Jul/2020:10:18:07 +0800] "GET /xingrg/all/function/internal_message.html?_=1593656283927&CODE_STATE=getMsg HTTP/1.1" 200 27
114.86.190.97 - - [02/Jul/2020:10:18:07 +0800] "POST /xingrg/services/DataTransmitService HTTP/1.1" 200 524
116.230.77.149 - - [02/Jul/2020:10:18:09 +0800] "GET /xingrg/javascript/jquery_tools/images/next.gif HTTP/1.1" 404 1086
116.230.77.149 - - [02/Jul/2020:10:18:09 +0800] "GET /xingrg/javascript/jquery_tools/images/prev.gif HTTP/1.1" 404 1086
101.228.167.227 - - [02/Jul/2020:10:18:09 +0800] "POST /xingrg/services/DataTransmitService HTTP/1.1" 200 524
101.228.167.227 - - [02/Jul/2020:10:18:09 +0800] "POST /xingrg/services/DataTransmitService HTTP/1.1" 200 2147
101.228.167.227 - - [02/Jul/2020:10:18:10 +0800] "POST /xingrg/services/DataTransmitService HTTP/1.1" 200 148483
114.86.190.97 - - [02/Jul/2020:10:18:13 +0800] "POST /xingrg/services/DataTransmitService HTTP/1.1" 200 524
114.86.190.97 - - [02/Jul/2020:10:18:13 +0800] "POST /xingrg/services/DataTransmitService HTTP/1.1" 200 524
117.131.5.26 - - [02/Jul/2020:10:18:15 +0800] "GET /xingrg/all/function/internal_message.html?_=1593656661916&CODE_STATE=getMsg HTTP/1.1" 200 27
61.172.5.115 - - [02/Jul/2020:10:18:15 +0800] "POST /xingrg/kc/buy/cgsh_order_operate.html HTTP/1.1" 200 37
117.184.7.30 - - [02/Jul/2020:10:18:15 +0800] "GET /xingrg/all/function/internal_message.html?_=1593656287549&CODE_STATE=getMsg HTTP/1.1" 200 27
222.69.138.0 - - [02/Jul/2020:10:18:16 +0800] "GET /xingrg/all/function/internal_message.html?_=1593656289743&CODE_STATE=getMsg HTTP/1.1" 200 27
61.172.5.115 - - [02/Jul/2020:10:18:17 +0800] "POST /xingrg/kc/buy/cgsh_order_operate.html HTTP/1.1" 200 2657
116.230.77.149 - - [02/Jul/2020:10:18:17 +0800] "GET /xingrg/javascript/easyui/themes/default/tree.css HTTP/1.1" 404 1090
116.230.77.149 - - [02/Jul/2020:10:18:17 +0800] "POST /xingrg/all/common/load_tree.html?tree=supplier_tree_json&manage=1 HTTP/1.1" 200 50032
172.17.0.240 - - [02/Jul/2020:10:18:18 +0800] "GET /xingrg/all/function/internal_message.html?_=1593656295488&CODE_STATE=getMsg HTTP/1.1" 200 27
172.17.0.101 - - [02/Jul/2020:10:18:19 +0800] "GET /xingrg/check_reg.html?_=1593656317283 HTTP/1.1" 200 22
172.17.0.101 - - [02/Jul/2020:10:18:19 +0800] "GET /xingrg/all/function/internal_message.html?_=1593656317287&CODE_STATE=getMsg HTTP/1.1" 200 27
61.172.5.115 - - [02/Jul/2020:10:18:19 +0800] "GET /xingrg/kc/print/load_data.html?order_code=212020070200429&kc_code=cgsh&condition= HTTP/1.1" 200 676
172.17.0.106 - - [02/Jul/2020:10:18:22 +0800] "GET /xingrg/all/function/internal_message.html?_=1593656300728&CODE_STATE=getMsg HTTP/1.1" 200 27
58.40.7.146 - - [02/Jul/2020:10:18:25 +0800] "GET /xingrg/all/function/internal_message.html?_=1593656303594&CODE_STATE=getMsg HTTP/1.1" 200 27
116.230.77.149 - - [02/Jul/2020:10:18:25 +0800] "POST /xingrg/kc/buy/cgsh_list_operate.html HTTP/1.1" 200 5229
58.221.95.50 - - [02/Jul/2020:10:18:26 +0800] "GET /xingrg/check_reg.html?_=1593656393404 HTTP/1.1" 302 -
180.175.214.200 - - [02/Jul/2020:10:18:28 +0800] "GET /xingrg/all/function/internal_message.html?_=1593656513321&CODE_STATE=getMsg HTTP/1.1" 200 27
114.88.170.9 - - [02/Jul/2020:10:18:31 +0800] "GET /xingrg/all/function/internal_message.html?_=1593656331821&CODE_STATE=getMsg HTTP/1.1" 200 27
58.37.227.5 - - [02/Jul/2020:10:18:34 +0800] "GET /xingrg/login.html HTTP/1.1" 200 7641
58.37.227.5 - - [02/Jul/2020:10:18:35 +0800] "GET /favicon.ico HTTP/1.1" 404 -
101.228.167.227 - - [02/Jul/2020:10:18:35 +0800] "GET /xingrg/all/function/internal_message.html?_=1593656327189&CODE_STATE=getMsg HTTP/1.1" 200 27
101.228.167.227 - - [02/Jul/2020:10:18:37 +0800] "POST /xingrg/services/DataTransmitService HTTP/1.1" 200 524
101.228.167.227 - - [02/Jul/2020:10:18:37 +0800] "POST /xingrg/services/DataTransmitService HTTP/1.1" 200 2147
114.86.228.2 - - [02/Jul/2020:10:18:38 +0800] "GET /xingrg/all/function/internal_message.html?_=1593656413187&CODE_STATE=getMsg HTTP/1.1" 200 27
116.230.77.149 - - [02/Jul/2020:10:18:45 +0800] "GET /xingrg/all/function/internal_message.html?_=1593656318304&CODE_STATE=getMsg HTTP/1.1" 200 27
172.17.0.102 - - [02/Jul/2020:10:18:46 +0800] "GET /xingrg/all/function/internal_message.html?_=1593656323868&CODE_STATE=getMsg HTTP/1.1" 200 27
114.89.80.44 - - [02/Jul/2020:10:18:51 +0800] "GET /xingrg/all/function/internal_message.html?_=1593656328956&CODE_STATE=getMsg HTTP/1.1" 200 27
117.184.7.26 - - [02/Jul/2020:10:18:52 +0800] "GET /xingrg/all/function/internal_message.html?_=1593656324933&CODE_STATE=getMsg HTTP/1.1" 200 27
114.89.80.44 - - [02/Jul/2020:10:18:56 +0800] "GET /xingrg/kc/buy/cgsh_order_operate.html?command=get_materiel&rest_code=00150&code=00101009031&supplier_code=00100096&order_time=2020-07-02 HTTP/1.1" 200 408
101.228.167.227 - - [02/Jul/2020:10:19:01 +0800] "GET /xingrg/all/function/internal_message.html?_=1593656350384&CODE_STATE=getMsg HTTP/1.1" 200 27
114.88.170.9 - - [02/Jul/2020:10:19:02 +0800] "GET /xingrg/all/function/internal_message.html?_=1593656338557&CODE_STATE=getMsg HTTP/1.1" 200 27
61.172.5.115 - - [02/Jul/2020:10:19:07 +0800] "GET /xingrg/all/function/internal_message.html?_=1593656343921&CODE_STATE=getMsg HTTP/1.1" 200 27
117.131.5.26 - - [02/Jul/2020:10:19:15 +0800] "GET /xingrg/all/function/internal_message.html?_=1593656721915&CODE_STATE=getMsg HTTP/1.1" 200 27
117.184.7.30 - - [02/Jul/2020:10:19:16 +0800] "GET /xingrg/all/function/internal_message.html?_=1593656347606&CODE_STATE=getMsg HTTP/1.1" 200 27
222.69.138.0 - - [02/Jul/2020:10:19:16 +0800] "GET /xingrg/all/function/internal_message.html?_=1593656349724&CODE_STATE=getMsg HTTP/1.1" 200 27
172.17.0.240 - - [02/Jul/2020:10:19:18 +0800] "GET /xingrg/all/function/internal_message.html?_=1593656355496&CODE_STATE=getMsg HTTP/1.1" 200 27
172.17.0.101 - - [02/Jul/2020:10:19:19 +0800] "GET /xingrg/all/function/internal_message.html?_=1593656377273&CODE_STATE=getMsg HTTP/1.1" 200 27
180.175.214.200 - - [02/Jul/2020:10:19:20 +0800] "POST /xingrg/kc/buy/cgsh_list_operate.html HTTP/1.1" 200 5733
172.17.0.106 - - [02/Jul/2020:10:19:22 +0800] "GET /xingrg/all/function/internal_message.html?_=1593656360717&CODE_STATE=getMsg HTTP/1.1" 200 27
172.17.0.106 - - [02/Jul/2020:10:19:22 +0800] "GET /xingrg/check_reg.html?_=1593656360719 HTTP/1.1" 200 22
114.84.32.201 - - [02/Jul/2020:10:19:24 +0800] "GET /xingrg/check_reg.html?_=1593656360306 HTTP/1.1" 200 22
114.84.32.201 - - [02/Jul/2020:10:19:25 +0800] "GET /xingrg/check_reg.html?_=1593656361077 HTTP/1.1" 200 22
58.40.7.146 - - [02/Jul/2020:10:19:25 +0800] "GET /xingrg/all/function/internal_message.html?_=1593656363597&CODE_STATE=getMsg HTTP/1.1" 200 27
180.175.214.200 - - [02/Jul/2020:10:19:29 +0800] "GET /xingrg/all/function/internal_message.html?_=1593656574042&CODE_STATE=getMsg HTTP/1.1" 200 27
114.88.170.9 - - [02/Jul/2020:10:19:31 +0800] "GET /xingrg/all/function/internal_message.html?_=1593656391816&CODE_STATE=getMsg HTTP/1.1" 200 27
101.228.167.227 - - [02/Jul/2020:10:19:35 +0800] "GET /xingrg/all/function/internal_message.html?_=1593656387195&CODE_STATE=getMsg HTTP/1.1" 200 27
114.86.228.2 - - [02/Jul/2020:10:19:37 +0800] "GET /xingrg/all/function/internal_message.html?_=1593656473187&CODE_STATE=getMsg HTTP/1.1" 200 27
180.175.214.200 - - [02/Jul/2020:10:19:44 +0800] "GET /xingrg/check_reg.html?_=1593656381010 HTTP/1.1" 302 -
116.230.77.149 - - [02/Jul/2020:10:19:45 +0800] "GET /xingrg/all/function/internal_message.html?_=1593656378322&CODE_STATE=getMsg HTTP/1.1" 200 27
116.230.77.149 - - [02/Jul/2020:10:19:45 +0800] "GET /xingrg/check_reg.html?_=1593656378323 HTTP/1.1" 200 22
172.17.0.102 - - [02/Jul/2020:10:19:46 +0800] "GET /xingrg/all/function/internal_message.html?_=1593656383871&CODE_STATE=getMsg HTTP/1.1" 200 27
172.17.0.102 - - [02/Jul/2020:10:19:46 +0800] "GET /xingrg/check_reg.html?_=1593656383874 HTTP/1.1" 200 22
117.131.5.26 - - [02/Jul/2020:10:19:48 +0800] "POST /xingrg/services/DataTransmitService HTTP/1.1" 200 524
117.131.5.26 - - [02/Jul/2020:10:19:48 +0800] "POST /xingrg/services/DataTransmitService HTTP/1.1" 200 2155
117.131.5.26 - - [02/Jul/2020:10:19:49 +0800] "POST /xingrg/services/DataTransmitService HTTP/1.1" 200 2283
117.131.5.26 - - [02/Jul/2020:10:19:49 +0800] "POST /xingrg/services/DataTransmitService HTTP/1.1" 200 1451
117.131.5.26 - - [02/Jul/2020:10:19:49 +0800] "POST /xingrg/services/DataTransmitService HTTP/1.1" 200 135492
114.89.80.44 - - [02/Jul/2020:10:19:51 +0800] "GET /xingrg/all/function/internal_message.html?_=1593656388935&CODE_STATE=getMsg HTTP/1.1" 200 27
117.184.7.26 - - [02/Jul/2020:10:19:52 +0800] "GET /xingrg/all/function/internal_message.html?_=1593656384946&CODE_STATE=getMsg HTTP/1.1" 200 27
101.228.167.227 - - [02/Jul/2020:10:20:01 +0800] "GET /xingrg/all/function/internal_message.html?_=1593656410397&CODE_STATE=getMsg HTTP/1.1" 200 27
114.88.170.9 - - [02/Jul/2020:10:20:02 +0800] "GET /xingrg/all/function/internal_message.html?_=1593656398584&CODE_STATE=getMsg HTTP/1.1" 200 27
114.89.80.44 - - [02/Jul/2020:10:20:02 +0800] "POST /xingrg/kc/buy/cgsh_order_operate.html HTTP/1.1" 200 37
114.89.80.44 - - [02/Jul/2020:10:20:04 +0800] "POST /xingrg/kc/buy/cgsh_order_operate.html HTTP/1.1" 200 12
114.89.80.44 - - [02/Jul/2020:10:20:05 +0800] "GET /xingrg/kc/buy/cgsh_order_info.html?code=212020070200430 HTTP/1.1" 200 54017
114.89.80.44 - - [02/Jul/2020:10:20:06 +0800] "GET /xingrg/javascript/easyui/themes/default/validatebox.css HTTP/1.1" 404 1104
114.89.80.44 - - [02/Jul/2020:10:20:06 +0800] "POST /xingrg/kc/buy/cgsh_order_operate.html HTTP/1.1" 200 9512
61.172.5.115 - - [02/Jul/2020:10:20:07 +0800] "GET /xingrg/all/function/internal_message.html?_=1593656403922&CODE_STATE=getMsg HTTP/1.1" 200 27
114.89.80.44 - - [02/Jul/2020:10:20:08 +0800] "GET /xingrg/kc/print/load_data.html?order_code=212020070200430&kc_code=cgsh&condition= HTTP/1.1" 200 4041
117.184.7.30 - - [02/Jul/2020:10:20:14 +0800] "GET /xingrg/check_reg.html?_=1593656406452 HTTP/1.1" 200 22
114.89.80.44 - - [02/Jul/2020:10:20:15 +0800] "GET /xingrg/kc/mdqp/qqps_order_list.html HTTP/1.1" 200 9222
114.89.80.44 - - [02/Jul/2020:10:20:15 +0800] "GET /xingrg/dwr/interface/AjaxQqpsService.js HTTP/1.1" 200 16326
114.89.80.44 - - [02/Jul/2020:10:20:15 +0800] "GET /xingrg/dwr/interface/AjaxReportQueryService.js HTTP/1.1" 200 13203
114.89.80.44 - - [02/Jul/2020:10:20:15 +0800] "GET /xingrg/dwr/util.js HTTP/1.1" 200 35990
114.89.80.44 - - [02/Jul/2020:10:20:15 +0800] "GET /xingrg/dwr/engine.js HTTP/1.1" 200 43631
114.89.80.44 - - [02/Jul/2020:10:20:15 +0800] "GET /xingrg/javascript/jquery_easy_ui/themes/icons/uncheck_new.png HTTP/1.1" 304 -
117.131.5.26 - - [02/Jul/2020:10:20:15 +0800] "GET /xingrg/all/function/internal_message.html?_=1593656781913&CODE_STATE=getMsg HTTP/1.1" 200 27
117.184.7.30 - - [02/Jul/2020:10:20:16 +0800] "GET /xingrg/all/function/internal_message.html?_=1593656407665&CODE_STATE=getMsg HTTP/1.1" 200 27
222.69.138.0 - - [02/Jul/2020:10:20:16 +0800] "GET /xingrg/all/function/internal_message.html?_=1593656409701&CODE_STATE=getMsg HTTP/1.1" 200 27
114.89.80.44 - - [02/Jul/2020:10:20:16 +0800] "GET /xingrg/kc/mdqp/qqps_order_add.html HTTP/1.1" 200 27998
114.89.80.44 - - [02/Jul/2020:10:20:16 +0800] "GET /xingrg/dwr/interface/AjaxQqpsService.js HTTP/1.1" 200 16326
114.89.80.44 - - [02/Jul/2020:10:20:16 +0800] "GET /xingrg/dwr/interface/AjaxComOrderService.js HTTP/1.1" 200 18264
222.69.138.0 - - [02/Jul/2020:10:20:16 +0800] "GET /xingrg/check_reg.html?_=1593656409984 HTTP/1.1" 200 22
114.89.80.44 - - [02/Jul/2020:10:20:16 +0800] "GET /xingrg/dwr/engine.js HTTP/1.1" 200 43631
114.89.80.44 - - [02/Jul/2020:10:20:16 +0800] "GET /xingrg/javascript/jquery_easy_ui/themes/icons/template_new.png HTTP/1.1" 304 -
114.89.80.44 - - [02/Jul/2020:10:20:16 +0800] "GET /xingrg/javascript/jquery_easy_ui/themes/icons/copy_new.png HTTP/1.1" 304 -
172.17.0.240 - - [02/Jul/2020:10:20:18 +0800] "GET /xingrg/all/function/internal_message.html?_=1593656415498&CODE_STATE=getMsg HTTP/1.1" 200 27
172.17.0.240 - - [02/Jul/2020:10:20:18 +0800] "GET /xingrg/check_reg.html?_=1593656415500 HTTP/1.1" 200 22
172.17.0.101 - - [02/Jul/2020:10:20:19 +0800] "GET /xingrg/all/function/internal_message.html?_=1593656437276&CODE_STATE=getMsg HTTP/1.1" 200 27
172.17.0.106 - - [02/Jul/2020:10:20:22 +0800] "GET /xingrg/all/function/internal_message.html?_=1593656420731&CODE_STATE=getMsg HTTP/1.1" 200 27
180.175.214.200 - - [02/Jul/2020:10:20:24 +0800] "GET /xingrg/check_reg.html?_=1593656628859 HTTP/1.1" 200 22
58.40.7.146 - - [02/Jul/2020:10:20:25 +0800] "GET /xingrg/all/function/internal_message.html?_=1593656423600&CODE_STATE=getMsg HTTP/1.1" 200 27
114.89.80.44 - - [02/Jul/2020:10:20:27 +0800] "POST /xingrg/dwr/call/plaincall/AjaxQqpsService.saveOrder.dwr HTTP/1.1" 200 78
180.175.214.200 - - [02/Jul/2020:10:20:29 +0800] "GET /xingrg/all/function/internal_message.html?_=1593656634051&CODE_STATE=getMsg HTTP/1.1" 200 27
114.88.170.9 - - [02/Jul/2020:10:20:31 +0800] "GET /xingrg/all/function/internal_message.html?_=1593656451815&CODE_STATE=getMsg HTTP/1.1" 200 27
101.228.167.227 - - [02/Jul/2020:10:20:34 +0800] "GET /xingrg/check_reg.html?_=1593656446347 HTTP/1.1" 200 22
101.228.167.227 - - [02/Jul/2020:10:20:35 +0800] "GET /xingrg/all/function/internal_message.html?_=1593656447210&CODE_STATE=getMsg HTTP/1.1" 200 27
114.86.228.2 - - [02/Jul/2020:10:20:36 +0800] "GET /xingrg/all/function/internal_message.html?_=1593656533187&CODE_STATE=getMsg HTTP/1.1" 200 27
114.89.80.44 - - [02/Jul/2020:10:20:40 +0800] "POST /xingrg/dwr/call/plaincall/AjaxQqpsService.getMaterielByCode.dwr HTTP/1.1" 200 3706
114.89.80.44 - - [02/Jul/2020:10:20:44 +0800] "POST /xingrg/dwr/call/plaincall/AjaxQqpsService.saveMaterielItem.dwr HTTP/1.1" 200 78
116.230.77.149 - - [02/Jul/2020:10:20:45 +0800] "GET /xingrg/all/function/internal_message.html?_=1593656438314&CODE_STATE=getMsg HTTP/1.1" 200 27
114.89.80.44 - - [02/Jul/2020:10:20:46 +0800] "POST /xingrg/dwr/call/plaincall/AjaxQqpsService.checkOrder.dwr HTTP/1.1" 200 78
172.17.0.102 - - [02/Jul/2020:10:20:46 +0800] "GET /xingrg/all/function/internal_message.html?_=1593656443897&CODE_STATE=getMsg HTTP/1.1" 200 27
114.89.80.44 - - [02/Jul/2020:10:20:47 +0800] "GET /xingrg/kc/mdqp/qqps_order_info.html?code=302020070200030 HTTP/1.1" 200 26401
114.89.80.44 - - [02/Jul/2020:10:20:47 +0800] "GET /xingrg/dwr/interface/AjaxQqpsService.js HTTP/1.1" 200 16326
114.89.80.44 - - [02/Jul/2020:10:20:47 +0800] "GET /xingrg/dwr/interface/AjaxComOrderService.js HTTP/1.1" 200 18264
114.89.80.44 - - [02/Jul/2020:10:20:47 +0800] "GET /xingrg/dwr/engine.js HTTP/1.1" 200 43631
114.89.80.44 - - [02/Jul/2020:10:20:48 +0800] "POST /xingrg/dwr/call/plaincall/AjaxQqpsService.loadMaterielItems.dwr HTTP/1.1" 200 439
114.88.170.9 - - [02/Jul/2020:10:20:50 +0800] "GET /xingrg/check_reg.html?_=1593656445981 HTTP/1.1" 200 22
117.184.7.26 - - [02/Jul/2020:10:20:50 +0800] "GET /xingrg/check_reg.html?_=1593656442527 HTTP/1.1" 200 22
114.89.80.44 - - [02/Jul/2020:10:20:51 +0800] "GET /xingrg/all/function/internal_message.html?_=1593656448917&CODE_STATE=getMsg HTTP/1.1" 200 27
114.89.80.44 - - [02/Jul/2020:10:20:51 +0800] "GET /xingrg/check_reg.html?_=1593656449084 HTTP/1.1" 200 22
172.17.0.240 - - [02/Jul/2020:10:20:52 +0800] "GET /xingrg/check_reg.html?_=1593656450070 HTTP/1.1" 200 22
117.184.7.26 - - [02/Jul/2020:10:20:52 +0800] "GET /xingrg/all/function/internal_message.html?_=1593656444960&CODE_STATE=getMsg HTTP/1.1" 200 27
114.89.80.44 - - [02/Jul/2020:10:20:56 +0800] "POST /xingrg/all/user/operate.html HTTP/1.1" 200 36
114.89.80.44 - - [02/Jul/2020:10:20:56 +0800] "GET /xingrg/index.html?sysBaseUrl=http%3A%2F%2F180.169.147.146%3A18081%2Fxingrg%2F&costTime=39×tamp=1593606041281 HTTP/1.1" 200 17177
114.89.80.44 - - [02/Jul/2020:10:20:56 +0800] "GET /xingrg/javascript/jquery_easy_ui/themes/default/easyui.css HTTP/1.1" 304 -
114.89.80.44 - - [02/Jul/2020:10:20:56 +0800] "GET /xingrg/javascript/jquery_easy_ui/themes/icon.css HTTP/1.1" 304 -
114.89.80.44 - - [02/Jul/2020:10:20:56 +0800] "GET /xingrg/css/form.css HTTP/1.1" 304 -
114.89.80.44 - - [02/Jul/2020:10:20:56 +0800] "GET /xingrg/javascript/jquery-1.4.2.min.js HTTP/1.1" 304 -
114.89.80.44 - - [02/Jul/2020:10:20:56 +0800] "GET /xingrg/javascript/jquery_easy_ui/jquery.easyui.min.js HTTP/1.1" 304 -
114.89.80.44 - - [02/Jul/2020:10:20:56 +0800] "GET /xingrg/javascript/jquery_easy_ui/easyui-lang-zh_CN.js HTTP/1.1" 304 -
114.89.80.44 - - [02/Jul/2020:10:20:56 +0800] "GET /xingrg/javascript/jquery.form.js HTTP/1.1" 304 -
114.89.80.44 - - [02/Jul/2020:10:20:56 +0800] "GET /xingrg/javascript/jquery.utils.js HTTP/1.1" 304 -
114.89.80.44 - - [02/Jul/2020:10:20:56 +0800] "GET /xingrg/javascript/jquery.timers.js HTTP/1.1" 304 -
114.89.80.44 - - [02/Jul/2020:10:20:56 +0800] "GET /xingrg/images/blue/jxLogo.png HTTP/1.1" 304 -
114.89.80.44 - - [02/Jul/2020:10:20:56 +0800] "GET /xingrg/images/blue/navBackgound.jpg HTTP/1.1" 304 -
114.89.80.44 - - [02/Jul/2020:10:20:56 +0800] "GET /xingrg/javascript/jquery_easy_ui/themes/icons/settle_new.png HTTP/1.1" 304 -
114.89.80.44 - - [02/Jul/2020:10:20:56 +0800] "POST /xingrg/all/common/load_tree.html?tree=area_rest_tree_json&manage=1 HTTP/1.1" 200 476
114.89.80.44 - - [02/Jul/2020:10:20:56 +0800] "GET /xingrg/javascript/jquery_easy_ui/themes/default/images/tabs_rightarrow.png HTTP/1.1" 304 -
114.89.80.44 - - [02/Jul/2020:10:20:56 +0800] "GET /xingrg/check_reg.html?_=1593656454784 HTTP/1.1" 200 22
114.89.80.44 - - [02/Jul/2020:10:20:56 +0800] "GET /xingrg/all/function/internal_message.html?_=1593656454782&CODE_STATE=count HTTP/1.1" 200 11
114.89.80.44 - - [02/Jul/2020:10:20:56 +0800] "GET /xingrg/javascript/jquery_easy_ui/themes/default/images/tabs_leftarrow.png HTTP/1.1" 304 -
114.89.80.44 - - [02/Jul/2020:10:20:56 +0800] "GET /xingrg/images/blue/pingpu.png HTTP/1.1" 304 -
114.89.80.44 - - [02/Jul/2020:10:20:56 +0800] "GET /xingrg/javascript/jquery_easy_ui/themes/default/images/panel_tool_collapse.gif HTTP/1.1" 304 -
114.89.80.44 - - [02/Jul/2020:10:20:56 +0800] "POST /xingrg/load_menu.html HTTP/1.1" 200 5138
114.89.80.44 - - [02/Jul/2020:10:20:59 +0800] "GET /xingrg/kc/buy/cgsh_order_list.html HTTP/1.1" 200 43466
114.89.80.44 - - [02/Jul/2020:10:20:59 +0800] "POST /xingrg/kc/buy/cgsh_list_operate.html HTTP/1.1" 200 876
114.89.80.44 - - [02/Jul/2020:10:21:01 +0800] "GET /xingrg/kc/buy/cgsh_order_add.html HTTP/1.1" 200 58842
101.228.167.227 - - [02/Jul/2020:10:21:01 +0800] "GET /xingrg/all/function/internal_message.html?_=1593656470509&CODE_STATE=getMsg HTTP/1.1" 200 27
114.89.80.44 - - [02/Jul/2020:10:21:01 +0800] "POST /xingrg/kc/buy/cgsh_order_operate.html HTTP/1.1" 200 8245
114.89.80.44 - - [02/Jul/2020:10:21:01 +0800] "GET /xingrg/all/common/auto_word.html?type=employee&rest_code=00151 HTTP/1.1" 200 243
114.89.80.44 - - [02/Jul/2020:10:21:01 +0800] "GET /xingrg/javascript/easyui/themes/default/validatebox.css HTTP/1.1" 404 1104
114.89.80.44 - - [02/Jul/2020:10:21:01 +0800] "GET /xingrg/all/common/auto_word.html?type=employee&rest_code=00151 HTTP/1.1" 200 243
114.88.170.9 - - [02/Jul/2020:10:21:02 +0800] "GET /xingrg/all/function/internal_message.html?_=1593656458585&CODE_STATE=getMsg HTTP/1.1" 200 27
61.172.5.115 - - [02/Jul/2020:10:21:07 +0800] "GET /xingrg/check_reg.html?_=1593656463922 HTTP/1.1" 200 22
61.172.5.115 - - [02/Jul/2020:10:21:07 +0800] "GET /xingrg/all/function/internal_message.html?_=1593656463925&CODE_STATE=getMsg HTTP/1.1" 200 27
117.131.5.26 - - [02/Jul/2020:10:21:15 +0800] "GET /xingrg/check_reg.html?_=1593656841912 HTTP/1.1" 200 22
117.131.5.26 - - [02/Jul/2020:10:21:15 +0800] "GET /xingrg/all/function/internal_message.html?_=1593656841913&CODE_STATE=getMsg HTTP/1.1" 200 27
117.184.7.30 - - [02/Jul/2020:10:21:15 +0800] "GET /xingrg/all/function/internal_message.html?_=1593656467635&CODE_STATE=getMsg HTTP/1.1" 200 27
222.69.138.0 - - [02/Jul/2020:10:21:16 +0800] "GET /xingrg/all/function/internal_message.html?_=1593656469686&CODE_STATE=getMsg HTTP/1.1" 200 27
116.230.77.149 - - [02/Jul/2020:10:21:16 +0800] "GET /xingrg/check_reg.html?_=1593656474691 HTTP/1.1" 302 -
172.17.0.240 - - [02/Jul/2020:10:21:18 +0800] "GET /xingrg/all/function/internal_message.html?_=1593656475486&CODE_STATE=getMsg HTTP/1.1" 200 27
114.89.80.44 - - [02/Jul/2020:10:21:19 +0800] "GET /xingrg/javascript/auto/indicator.gif HTTP/1.1" 404 1066
172.17.0.101 - - [02/Jul/2020:10:21:19 +0800] "GET /xingrg/all/function/internal_message.html?_=1593656497279&CODE_STATE=getMsg HTTP/1.1" 200 27
114.84.32.201 - - [02/Jul/2020:10:21:21 +0800] "GET /xingrg/check_reg.html?_=1593656477372 HTTP/1.1" 200 22
172.17.0.106 - - [02/Jul/2020:10:21:22 +0800] "GET /xingrg/all/function/internal_message.html?_=1593656480720&CODE_STATE=getMsg HTTP/1.1" 200 27
114.89.80.44 - - [02/Jul/2020:10:21:24 +0800] "GET /xingrg/kc/buy/cgsh_order_operate.html?command=get_materiel&rest_code=00151&code=00101009031&supplier_code=00100096&order_time=2020-07-02 HTTP/1.1" 200 410
116.230.77.149 - - [02/Jul/2020:10:21:25 +0800] "POST /xingrg/kc/buy/cgsh_list_operate.html HTTP/1.1" 200 5285
58.40.7.146 - - [02/Jul/2020:10:21:25 +0800] "GET /xingrg/all/function/internal_message.html?_=1593656483603&CODE_STATE=getMsg HTTP/1.1" 200 27
180.175.214.200 - - [02/Jul/2020:10:21:29 +0800] "GET /xingrg/all/function/internal_message.html?_=1593656694068&CODE_STATE=getMsg HTTP/1.1" 200 27
114.88.170.9 - - [02/Jul/2020:10:21:31 +0800] "GET /xingrg/check_reg.html?_=1593656511817 HTTP/1.1" 200 22
114.88.170.9 - - [02/Jul/2020:10:21:31 +0800] "GET /xingrg/all/function/internal_message.html?_=1593656511813&CODE_STATE=getMsg HTTP/1.1" 200 27
114.86.228.2 - - [02/Jul/2020:10:21:35 +0800] "GET /xingrg/all/function/internal_message.html?_=1593656593187&CODE_STATE=getMsg HTTP/1.1" 200 27
101.228.167.227 - - [02/Jul/2020:10:21:35 +0800] "GET /xingrg/all/function/internal_message.html?_=1593656507222&CODE_STATE=getMsg HTTP/1.1" 200 27
114.89.80.44 - - [02/Jul/2020:10:21:37 +0800] "POST /xingrg/kc/buy/cgsh_order_operate.html HTTP/1.1" 200 37
117.184.7.26 - - [02/Jul/2020:10:21:39 +0800] "GET /xingrg/javascript/jquery_easy_ui/themes/default/images/tree_checkbox_1.gif HTTP/1.1" 304 -
117.184.7.26 - - [02/Jul/2020:10:21:39 +0800] "GET /xingrg/javascript/jquery_easy_ui/themes/default/images/tree_checkbox_2.gif HTTP/1.1" 304 -
114.89.80.44 - - [02/Jul/2020:10:21:39 +0800] "POST /xingrg/kc/buy/cgsh_order_operate.html HTTP/1.1" 200 12
114.89.80.44 - - [02/Jul/2020:10:21:40 +0800] "GET /xingrg/kc/buy/cgsh_order_info.html?code=212020070200431 HTTP/1.1" 200 53735
