101.228.167.227 - - [02/Jul/2020:10:44:03 +0800] "GET /xingrg/all/function/internal_message.html?_=1593657852315&CODE_STATE=getMsg HTTP/1.1" 200 27
114.88.170.9 - - [02/Jul/2020:10:44:03 +0800] "GET /xingrg/all/function/internal_message.html?_=1593657839052&CODE_STATE=getMsg HTTP/1.1" 200 27
120.253.135.82 - - [02/Jul/2020:10:44:06 +0800] "GET /xingrg/check_reg.html?_=1593657599876 HTTP/1.1" 200 22
120.253.135.82 - - [02/Jul/2020:10:44:07 +0800] "GET /xingrg/all/function/internal_message.html?_=1593657600000&CODE_STATE=getMsg HTTP/1.1" 200 27
61.172.5.115 - - [02/Jul/2020:10:44:07 +0800] "GET /xingrg/all/function/internal_message.html?_=1593657843962&CODE_STATE=getMsg HTTP/1.1" 200 27
117.131.5.26 - - [02/Jul/2020:10:44:15 +0800] "GET /xingrg/all/function/internal_message.html?_=1593658221935&CODE_STATE=getMsg HTTP/1.1" 200 27
222.69.138.0 - - [02/Jul/2020:10:44:16 +0800] "GET /xingrg/all/function/internal_message.html?_=1593657849500&CODE_STATE=getMsg HTTP/1.1" 200 27
172.17.0.120 - - [02/Jul/2020:10:44:16 +0800] "GET /xingrg/all/function/internal_message.html?_=1593657852441&CODE_STATE=getMsg HTTP/1.1" 200 27
120.253.135.82 - - [02/Jul/2020:10:44:18 +0800] "GET /xingrg/check_reg.html?_=1593657928447 HTTP/1.1" 200 22
120.253.135.82 - - [02/Jul/2020:10:44:18 +0800] "GET /xingrg/all/function/internal_message.html?_=1593657928504&CODE_STATE=getMsg HTTP/1.1" 200 27
101.85.53.146 - - [02/Jul/2020:10:44:20 +0800] "GET /xingrg/check_reg.html?_=1593657255406 HTTP/1.1" 200 22
116.230.77.149 - - [02/Jul/2020:10:44:21 +0800] "GET /xingrg/kc/buy/cgsh_order_operate.html?command=get_materiel&rest_code=00107&code=00101008061&supplier_code=00100339&order_time=2020-07-02 HTTP/1.1" 200 422
172.17.0.106 - - [02/Jul/2020:10:44:22 +0800] "GET /xingrg/all/function/internal_message.html?_=1593657860723&CODE_STATE=getMsg HTTP/1.1" 200 27
172.17.0.106 - - [02/Jul/2020:10:44:22 +0800] "GET /xingrg/check_reg.html?_=1593657860726 HTTP/1.1" 200 22
114.84.32.201 - - [02/Jul/2020:10:44:24 +0800] "GET /xingrg/check_reg.html?_=1593657860212 HTTP/1.1" 200 22
114.84.32.201 - - [02/Jul/2020:10:44:24 +0800] "GET /xingrg/check_reg.html?_=1593657860984 HTTP/1.1" 200 22
58.40.7.146 - - [02/Jul/2020:10:44:25 +0800] "GET /xingrg/all/function/internal_message.html?_=1593657863610&CODE_STATE=getMsg HTTP/1.1" 200 27
116.230.77.149 - - [02/Jul/2020:10:44:30 +0800] "POST /xingrg/kc/buy/cgsh_order_operate.html HTTP/1.1" 200 37
116.230.77.149 - - [02/Jul/2020:10:44:32 +0800] "POST /xingrg/kc/buy/cgsh_order_operate.html HTTP/1.1" 200 2665
116.230.77.149 - - [02/Jul/2020:10:44:33 +0800] "GET /xingrg/kc/print/load_data.html?order_code=212020070200459&kc_code=cgsh&condition= HTTP/1.1" 200 675
180.175.214.200 - - [02/Jul/2020:10:44:34 +0800] "GET /xingrg/all/function/internal_message.html?_=1593658078995&CODE_STATE=getMsg HTTP/1.1" 200 27
101.228.167.227 - - [02/Jul/2020:10:44:36 +0800] "GET /xingrg/all/function/internal_message.html?_=1593657887660&CODE_STATE=getMsg HTTP/1.1" 200 27
116.230.77.149 - - [02/Jul/2020:10:44:38 +0800] "GET /xingrg/kc/buy/cgsh_order_add.html HTTP/1.1" 200 59247
116.230.77.149 - - [02/Jul/2020:10:44:39 +0800] "GET /xingrg/javascript/easyui/themes/default/validatebox.css HTTP/1.1" 404 1104
116.230.77.149 - - [02/Jul/2020:10:44:39 +0800] "POST /xingrg/kc/buy/cgsh_order_operate.html HTTP/1.1" 200 8245
116.230.77.149 - - [02/Jul/2020:10:44:40 +0800] "GET /xingrg/javascript/easyui/themes/default/tree.css HTTP/1.1" 404 1090
116.230.77.149 - - [02/Jul/2020:10:44:41 +0800] "POST /xingrg/all/common/load_tree.html?tree=supplier_tree_json&isDelete=1 HTTP/1.1" 200 49424
114.86.228.2 - - [02/Jul/2020:10:44:43 +0800] "GET /xingrg/all/function/internal_message.html?_=1593657897125&CODE_STATE=getMsg HTTP/1.1" 200 27
116.230.77.149 - - [02/Jul/2020:10:44:45 +0800] "GET /xingrg/all/function/internal_message.html?_=1593657878317&CODE_STATE=getMsg HTTP/1.1" 200 27
116.230.77.149 - - [02/Jul/2020:10:44:45 +0800] "GET /xingrg/check_reg.html?_=1593657878574 HTTP/1.1" 200 22
172.17.0.102 - - [02/Jul/2020:10:44:46 +0800] "GET /xingrg/check_reg.html?_=1593657884002 HTTP/1.1" 200 22
172.17.0.102 - - [02/Jul/2020:10:44:46 +0800] "GET /xingrg/all/function/internal_message.html?_=1593657884000&CODE_STATE=getMsg HTTP/1.1" 200 27
114.89.80.44 - - [02/Jul/2020:10:44:57 +0800] "GET /xingrg/all/function/internal_message.html?_=1593657894904&CODE_STATE=getMsg HTTP/1.1" 200 27
58.40.7.146 - - [02/Jul/2020:10:44:57 +0800] "GET /xingrg/all/function/internal_message.html?_=1593657895543&CODE_STATE=getMsg HTTP/1.1" 200 27
114.88.170.9 - - [02/Jul/2020:10:45:03 +0800] "GET /xingrg/all/function/internal_message.html?_=1593657899088&CODE_STATE=getMsg HTTP/1.1" 200 27
101.228.167.227 - - [02/Jul/2020:10:45:03 +0800] "GET /xingrg/all/function/internal_message.html?_=1593657912531&CODE_STATE=getMsg HTTP/1.1" 200 27
120.253.135.82 - - [02/Jul/2020:10:45:07 +0800] "GET /xingrg/all/function/internal_message.html?_=1593657660014&CODE_STATE=getMsg HTTP/1.1" 200 27
61.172.5.115 - - [02/Jul/2020:10:45:07 +0800] "GET /xingrg/all/function/internal_message.html?_=1593657903963&CODE_STATE=getMsg HTTP/1.1" 200 27
117.131.5.26 - - [02/Jul/2020:10:45:15 +0800] "GET /xingrg/all/function/internal_message.html?_=1593658281933&CODE_STATE=getMsg HTTP/1.1" 200 27
222.69.138.0 - - [02/Jul/2020:10:45:16 +0800] "GET /xingrg/all/function/internal_message.html?_=1593657909484&CODE_STATE=getMsg HTTP/1.1" 200 27
172.17.0.120 - - [02/Jul/2020:10:45:16 +0800] "GET /xingrg/all/function/internal_message.html?_=1593657912431&CODE_STATE=getMsg HTTP/1.1" 200 27
222.69.138.0 - - [02/Jul/2020:10:45:16 +0800] "GET /xingrg/check_reg.html?_=1593657909892 HTTP/1.1" 200 22
120.253.135.82 - - [02/Jul/2020:10:45:18 +0800] "GET /xingrg/all/function/internal_message.html?_=1593657988518&CODE_STATE=getMsg HTTP/1.1" 200 27
172.17.0.106 - - [02/Jul/2020:10:45:22 +0800] "GET /xingrg/all/function/internal_message.html?_=1593657920726&CODE_STATE=getMsg HTTP/1.1" 200 27
180.175.214.200 - - [02/Jul/2020:10:45:24 +0800] "GET /xingrg/check_reg.html?_=1593658129397 HTTP/1.1" 200 22
58.40.7.146 - - [02/Jul/2020:10:45:25 +0800] "GET /xingrg/all/function/internal_message.html?_=1593657923630&CODE_STATE=getMsg HTTP/1.1" 200 27
180.175.214.200 - - [02/Jul/2020:10:45:34 +0800] "GET /xingrg/all/function/internal_message.html?_=1593658139007&CODE_STATE=getMsg HTTP/1.1" 200 27
101.228.167.227 - - [02/Jul/2020:10:45:34 +0800] "GET /xingrg/check_reg.html?_=1593657946424 HTTP/1.1" 200 22
101.228.167.227 - - [02/Jul/2020:10:45:36 +0800] "GET /xingrg/all/function/internal_message.html?_=1593657947675&CODE_STATE=getMsg HTTP/1.1" 200 27
114.89.80.44 - - [02/Jul/2020:10:45:41 +0800] "POST /xingrg/kc/buy/cgsh_order_operate.html HTTP/1.1" 200 37
116.230.77.149 - - [02/Jul/2020:10:45:43 +0800] "GET /xingrg/kc/buy/cgsh_order_operate.html?command=get_materiel&rest_code=00107&code=00101010607&supplier_code=00100404&order_time=2020-07-02 HTTP/1.1" 200 403
114.86.228.2 - - [02/Jul/2020:10:45:43 +0800] "GET /xingrg/all/function/internal_message.html?_=1593657957140&CODE_STATE=getMsg HTTP/1.1" 200 27
116.230.77.149 - - [02/Jul/2020:10:45:45 +0800] "GET /xingrg/all/function/internal_message.html?_=1593657938296&CODE_STATE=getMsg HTTP/1.1" 200 27
114.89.80.44 - - [02/Jul/2020:10:45:46 +0800] "POST /xingrg/kc/buy/cgsh_order_operate.html HTTP/1.1" 200 12
172.17.0.102 - - [02/Jul/2020:10:45:46 +0800] "GET /xingrg/all/function/internal_message.html?_=1593657944036&CODE_STATE=getMsg HTTP/1.1" 200 27
114.89.80.44 - - [02/Jul/2020:10:45:47 +0800] "GET /xingrg/kc/buy/cgsh_order_info.html?code=212020070200456 HTTP/1.1" 200 53745
114.89.80.44 - - [02/Jul/2020:10:45:47 +0800] "GET /xingrg/javascript/easyui/themes/default/validatebox.css HTTP/1.1" 404 1104
114.89.80.44 - - [02/Jul/2020:10:45:48 +0800] "POST /xingrg/kc/buy/cgsh_order_operate.html HTTP/1.1" 200 19594
114.89.80.44 - - [02/Jul/2020:10:45:49 +0800] "GET /xingrg/kc/print/load_data.html?order_code=212020070200456&kc_code=cgsh&condition= HTTP/1.1" 200 7964
114.88.170.9 - - [02/Jul/2020:10:45:50 +0800] "GET /xingrg/check_reg.html?_=1593657946007 HTTP/1.1" 200 22
114.89.80.44 - - [02/Jul/2020:10:45:57 +0800] "GET /xingrg/all/function/internal_message.html?_=1593657954906&CODE_STATE=getMsg HTTP/1.1" 200 27
114.89.80.44 - - [02/Jul/2020:10:45:57 +0800] "GET /xingrg/check_reg.html?_=1593657955009 HTTP/1.1" 200 22
58.40.7.146 - - [02/Jul/2020:10:45:57 +0800] "GET /xingrg/all/function/internal_message.html?_=1593657955547&CODE_STATE=getMsg HTTP/1.1" 200 27
116.230.77.149 - - [02/Jul/2020:10:45:58 +0800] "GET /xingrg/kc/buy/cgsh_order_operate.html?command=get_materiel&rest_code=00107&code=00101006001&supplier_code=00100404&order_time=2020-07-02 HTTP/1.1" 200 428
114.89.80.44 - - [02/Jul/2020:10:45:58 +0800] "POST /xingrg/kc/buy/cgsh_list_operate.html HTTP/1.1" 200 1690
114.88.170.9 - - [02/Jul/2020:10:46:03 +0800] "GET /xingrg/all/function/internal_message.html?_=1593657959095&CODE_STATE=getMsg HTTP/1.1" 200 27
101.228.167.227 - - [02/Jul/2020:10:46:03 +0800] "GET /xingrg/all/function/internal_message.html?_=1593657972545&CODE_STATE=getMsg HTTP/1.1" 200 27
120.253.135.82 - - [02/Jul/2020:10:46:07 +0800] "GET /xingrg/all/function/internal_message.html?_=1593657720028&CODE_STATE=getMsg HTTP/1.1" 200 27
61.172.5.115 - - [02/Jul/2020:10:46:07 +0800] "GET /xingrg/check_reg.html?_=1593657963963 HTTP/1.1" 200 22
61.172.5.115 - - [02/Jul/2020:10:46:07 +0800] "GET /xingrg/all/function/internal_message.html?_=1593657963965&CODE_STATE=getMsg HTTP/1.1" 200 27
101.228.167.227 - - [02/Jul/2020:10:46:08 +0800] "POST /xingrg/services/DataTransmitService HTTP/1.1" 200 524
101.228.167.227 - - [02/Jul/2020:10:46:08 +0800] "POST /xingrg/services/DataTransmitService HTTP/1.1" 200 2147
101.228.167.227 - - [02/Jul/2020:10:46:09 +0800] "POST /xingrg/services/DataTransmitService HTTP/1.1" 200 148499
117.131.5.26 - - [02/Jul/2020:10:46:15 +0800] "GET /xingrg/all/function/internal_message.html?_=1593658341933&CODE_STATE=getMsg HTTP/1.1" 200 27
117.131.5.26 - - [02/Jul/2020:10:46:15 +0800] "GET /xingrg/check_reg.html?_=1593658341931 HTTP/1.1" 200 22
222.69.138.0 - - [02/Jul/2020:10:46:15 +0800] "GET /xingrg/all/function/internal_message.html?_=1593657969474&CODE_STATE=getMsg HTTP/1.1" 200 27
172.17.0.120 - - [02/Jul/2020:10:46:16 +0800] "GET /xingrg/all/function/internal_message.html?_=1593657972436&CODE_STATE=getMsg HTTP/1.1" 200 27
116.230.77.149 - - [02/Jul/2020:10:46:16 +0800] "GET /xingrg/check_reg.html?_=1593657974574 HTTP/1.1" 302 -
120.253.135.82 - - [02/Jul/2020:10:46:18 +0800] "GET /xingrg/all/function/internal_message.html?_=1593658048532&CODE_STATE=getMsg HTTP/1.1" 200 27
114.84.32.201 - - [02/Jul/2020:10:46:21 +0800] "GET /xingrg/check_reg.html?_=1593657977278 HTTP/1.1" 200 22
172.17.0.106 - - [02/Jul/2020:10:46:22 +0800] "GET /xingrg/all/function/internal_message.html?_=1593657980728&CODE_STATE=getMsg HTTP/1.1" 200 27
101.228.167.227 - - [02/Jul/2020:10:46:23 +0800] "GET /xingrg/kc/buy/buy_main.html HTTP/1.1" 200 12412
101.228.167.227 - - [02/Jul/2020:10:46:23 +0800] "GET /xingrg/css/new_ie.css HTTP/1.1" 404 1036
101.228.167.227 - - [02/Jul/2020:10:46:24 +0800] "GET /xingrg/images/yd/bt.gif HTTP/1.1" 404 1040
101.228.167.227 - - [02/Jul/2020:10:46:24 +0800] "GET /xingrg/kc/buy/cgsh_order_list.html HTTP/1.1" 200 43468
58.40.7.146 - - [02/Jul/2020:10:46:25 +0800] "GET /xingrg/all/function/internal_message.html?_=1593657983617&CODE_STATE=getMsg HTTP/1.1" 200 27
101.228.167.227 - - [02/Jul/2020:10:46:26 +0800] "POST /xingrg/kc/buy/cgsh_list_operate.html HTTP/1.1" 200 4221
116.230.77.149 - - [02/Jul/2020:10:46:30 +0800] "POST /xingrg/kc/buy/cgsh_order_operate.html HTTP/1.1" 200 37
116.230.77.149 - - [02/Jul/2020:10:46:31 +0800] "POST /xingrg/kc/buy/cgsh_order_operate.html HTTP/1.1" 200 2675
116.230.77.149 - - [02/Jul/2020:10:46:34 +0800] "GET /xingrg/kc/print/load_data.html?order_code=212020070200460&kc_code=cgsh&condition= HTTP/1.1" 200 706
180.175.214.200 - - [02/Jul/2020:10:46:34 +0800] "GET /xingrg/all/function/internal_message.html?_=1593658199022&CODE_STATE=getMsg HTTP/1.1" 200 27
101.228.167.227 - - [02/Jul/2020:10:46:36 +0800] "POST /xingrg/kc/buy/cgsh_list_operate.html HTTP/1.1" 200 342
101.228.167.227 - - [02/Jul/2020:10:46:36 +0800] "GET /xingrg/all/function/internal_message.html?_=1593658007688&CODE_STATE=getMsg HTTP/1.1" 200 27
101.228.167.227 - - [02/Jul/2020:10:46:36 +0800] "GET /xingrg/kc/buy/cgsh_order_info.html?code=212020070200440 HTTP/1.1" 200 59213
101.228.167.227 - - [02/Jul/2020:10:46:37 +0800] "GET /xingrg/javascript/easyui/themes/default/validatebox.css HTTP/1.1" 404 1104
101.228.167.227 - - [02/Jul/2020:10:46:37 +0800] "POST /xingrg/kc/buy/cgsh_order_operate.html HTTP/1.1" 200 3840
116.230.77.149 - - [02/Jul/2020:10:46:38 +0800] "GET /xingrg/kc/buy/cgsh_order_add.html HTTP/1.1" 200 59247
116.230.77.149 - - [02/Jul/2020:10:46:38 +0800] "GET /xingrg/javascript/easyui/themes/default/validatebox.css HTTP/1.1" 404 1104
116.230.77.149 - - [02/Jul/2020:10:46:39 +0800] "POST /xingrg/kc/buy/cgsh_order_operate.html HTTP/1.1" 200 8245
101.228.167.227 - - [02/Jul/2020:10:46:39 +0800] "GET /xingrg/kc/print/load_config.html?kc_code=cgsh HTTP/1.1" 200 1845
101.228.167.227 - - [02/Jul/2020:10:46:39 +0800] "GET /xingrg/kc/print/load_data.html?order_code=212020070200440&kc_code=cgsh&condition= HTTP/1.1" 200 1123
116.230.77.149 - - [02/Jul/2020:10:46:40 +0800] "GET /xingrg/javascript/easyui/themes/default/tree.css HTTP/1.1" 404 1090
116.230.77.149 - - [02/Jul/2020:10:46:40 +0800] "POST /xingrg/all/common/load_tree.html?tree=supplier_tree_json&isDelete=1 HTTP/1.1" 200 49424
114.86.228.2 - - [02/Jul/2020:10:46:43 +0800] "GET /xingrg/check_reg.html?_=1593658017093 HTTP/1.1" 200 22
114.86.228.2 - - [02/Jul/2020:10:46:43 +0800] "GET /xingrg/all/function/internal_message.html?_=1593658017140&CODE_STATE=getMsg HTTP/1.1" 200 27
116.230.77.149 - - [02/Jul/2020:10:46:45 +0800] "GET /xingrg/all/function/internal_message.html?_=1593657998274&CODE_STATE=getMsg HTTP/1.1" 200 27
172.17.0.102 - - [02/Jul/2020:10:46:46 +0800] "GET /xingrg/all/function/internal_message.html?_=1593658004037&CODE_STATE=getMsg HTTP/1.1" 200 27
101.228.167.227 - - [02/Jul/2020:10:46:48 +0800] "POST /xingrg/kc/buy/cgsh_list_operate.html HTTP/1.1" 200 4221
101.228.167.227 - - [02/Jul/2020:10:46:50 +0800] "POST /xingrg/kc/buy/cgsh_list_operate.html HTTP/1.1" 200 602
101.228.167.227 - - [02/Jul/2020:10:46:50 +0800] "GET /xingrg/kc/buy/cgsh_order_info.html?code=212020070200434 HTTP/1.1" 200 59215
101.228.167.227 - - [02/Jul/2020:10:46:51 +0800] "POST /xingrg/kc/buy/cgsh_order_operate.html HTTP/1.1" 200 8024
101.228.167.227 - - [02/Jul/2020:10:46:51 +0800] "GET /xingrg/javascript/easyui/themes/default/validatebox.css HTTP/1.1" 404 1104
101.228.167.227 - - [02/Jul/2020:10:46:53 +0800] "GET /xingrg/kc/print/load_data.html?order_code=212020070200434&kc_code=cgsh&condition= HTTP/1.1" 200 2839
114.89.80.44 - - [02/Jul/2020:10:46:57 +0800] "GET /xingrg/all/function/internal_message.html?_=1593658014919&CODE_STATE=getMsg HTTP/1.1" 200 27
58.40.7.146 - - [02/Jul/2020:10:46:57 +0800] "GET /xingrg/all/function/internal_message.html?_=1593658015535&CODE_STATE=getMsg HTTP/1.1" 200 27
114.89.80.44 - - [02/Jul/2020:10:46:58 +0800] "POST /xingrg/kc/buy/cgsh_list_operate.html HTTP/1.1" 200 426
114.89.80.44 - - [02/Jul/2020:10:46:58 +0800] "GET /xingrg/kc/buy/cgsh_order_info.html?code=212020070200447 HTTP/1.1" 200 58851
114.89.80.44 - - [02/Jul/2020:10:46:59 +0800] "GET /xingrg/javascript/easyui/themes/default/validatebox.css HTTP/1.1" 404 1104
114.89.80.44 - - [02/Jul/2020:10:46:59 +0800] "POST /xingrg/kc/buy/cgsh_order_operate.html HTTP/1.1" 200 4444
101.228.167.227 - - [02/Jul/2020:10:47:01 +0800] "POST /xingrg/kc/buy/cgsh_list_operate.html HTTP/1.1" 200 4221
101.228.167.227 - - [02/Jul/2020:10:47:02 +0800] "POST /xingrg/kc/buy/cgsh_list_operate.html HTTP/1.1" 200 562
114.88.170.9 - - [02/Jul/2020:10:47:03 +0800] "GET /xingrg/all/function/internal_message.html?_=1593658019109&CODE_STATE=getMsg HTTP/1.1" 200 27
101.228.167.227 - - [02/Jul/2020:10:47:03 +0800] "GET /xingrg/all/function/internal_message.html?_=1593658032558&CODE_STATE=getMsg HTTP/1.1" 200 27
101.228.167.227 - - [02/Jul/2020:10:47:03 +0800] "GET /xingrg/kc/buy/cgsh_order_info.html?code=212020070200437 HTTP/1.1" 200 59217
101.228.167.227 - - [02/Jul/2020:10:47:04 +0800] "GET /xingrg/javascript/easyui/themes/default/validatebox.css HTTP/1.1" 404 1104
101.228.167.227 - - [02/Jul/2020:10:47:04 +0800] "POST /xingrg/kc/buy/cgsh_order_operate.html HTTP/1.1" 200 8572
101.228.167.227 - - [02/Jul/2020:10:47:05 +0800] "GET /xingrg/kc/print/load_data.html?order_code=212020070200437&kc_code=cgsh&condition= HTTP/1.1" 200 2940
120.253.135.82 - - [02/Jul/2020:10:47:07 +0800] "GET /xingrg/all/function/internal_message.html?_=1593657780053&CODE_STATE=getMsg HTTP/1.1" 200 27
61.172.5.115 - - [02/Jul/2020:10:47:07 +0800] "GET /xingrg/all/function/internal_message.html?_=1593658023965&CODE_STATE=getMsg HTTP/1.1" 200 27
116.230.77.149 - - [02/Jul/2020:10:47:08 +0800] "GET /xingrg/kc/buy/cgsh_order_operate.html?command=get_materiel&rest_code=00107&code=00101004090&supplier_code=00100312&order_time=2020-07-02 HTTP/1.1" 200 391
101.228.167.227 - - [02/Jul/2020:10:47:14 +0800] "POST /xingrg/kc/buy/cgsh_list_operate.html HTTP/1.1" 200 4221
117.131.5.26 - - [02/Jul/2020:10:47:15 +0800] "GET /xingrg/all/function/internal_message.html?_=1593658401930&CODE_STATE=getMsg HTTP/1.1" 200 27
222.69.138.0 - - [02/Jul/2020:10:47:15 +0800] "GET /xingrg/all/function/internal_message.html?_=1593658029460&CODE_STATE=getMsg HTTP/1.1" 200 27
172.17.0.120 - - [02/Jul/2020:10:47:16 +0800] "GET /xingrg/all/function/internal_message.html?_=1593658032440&CODE_STATE=getMsg HTTP/1.1" 200 27
101.228.167.227 - - [02/Jul/2020:10:47:17 +0800] "POST /xingrg/kc/buy/cgsh_list_operate.html HTTP/1.1" 200 570
101.228.167.227 - - [02/Jul/2020:10:47:18 +0800] "GET /xingrg/kc/buy/cgsh_order_info.html?code=212020070200403 HTTP/1.1" 200 59215
101.228.167.227 - - [02/Jul/2020:10:47:18 +0800] "GET /xingrg/javascript/easyui/themes/default/validatebox.css HTTP/1.1" 404 1104
120.253.135.82 - - [02/Jul/2020:10:47:18 +0800] "GET /xingrg/all/function/internal_message.html?_=1593658108546&CODE_STATE=getMsg HTTP/1.1" 200 27
101.228.167.227 - - [02/Jul/2020:10:47:18 +0800] "POST /xingrg/kc/buy/cgsh_order_operate.html HTTP/1.1" 200 39334
101.228.167.227 - - [02/Jul/2020:10:47:20 +0800] "GET /xingrg/kc/print/load_data.html?order_code=212020070200403&kc_code=cgsh&condition= HTTP/1.1" 200 14587
172.17.0.106 - - [02/Jul/2020:10:47:22 +0800] "GET /xingrg/all/function/internal_message.html?_=1593658040716&CODE_STATE=getMsg HTTP/1.1" 200 27
58.40.7.146 - - [02/Jul/2020:10:47:25 +0800] "GET /xingrg/all/function/internal_message.html?_=1593658043612&CODE_STATE=getMsg HTTP/1.1" 200 27
58.40.7.146 - - [02/Jul/2020:10:47:25 +0800] "GET /xingrg/check_reg.html?_=1593658043613 HTTP/1.1" 200 22
61.172.5.115 - - [02/Jul/2020:10:47:28 +0800] "POST /xingrg/kc/buy/cgsh_order_operate.html HTTP/1.1" 200 37
61.172.5.115 - - [02/Jul/2020:10:47:29 +0800] "POST /xingrg/kc/buy/cgsh_order_operate.html HTTP/1.1" 200 3850
114.89.80.44 - - [02/Jul/2020:10:47:29 +0800] "POST /xingrg/kc/buy/cgsh_order_operate.html HTTP/1.1" 200 37
114.89.80.44 - - [02/Jul/2020:10:47:31 +0800] "POST /xingrg/kc/buy/cgsh_order_operate.html HTTP/1.1" 200 12
61.172.5.115 - - [02/Jul/2020:10:47:31 +0800] "GET /xingrg/kc/print/load_data.html?order_code=212020070200454&kc_code=cgsh&condition= HTTP/1.1" 200 1200
101.228.167.227 - - [02/Jul/2020:10:47:32 +0800] "POST /xingrg/kc/buy/cgsh_list_operate.html HTTP/1.1" 200 4221
114.89.80.44 - - [02/Jul/2020:10:47:32 +0800] "GET /xingrg/kc/buy/cgsh_order_info.html?code=212020070200447 HTTP/1.1" 200 53745
114.89.80.44 - - [02/Jul/2020:10:47:32 +0800] "GET /xingrg/javascript/easyui/themes/default/validatebox.css HTTP/1.1" 404 1104
114.89.80.44 - - [02/Jul/2020:10:47:33 +0800] "POST /xingrg/kc/buy/cgsh_order_operate.html HTTP/1.1" 200 2394
101.228.167.227 - - [02/Jul/2020:10:47:34 +0800] "POST /xingrg/kc/buy/cgsh_list_operate.html HTTP/1.1" 200 562
180.175.214.200 - - [02/Jul/2020:10:47:35 +0800] "GET /xingrg/all/function/internal_message.html?_=1593658259534&CODE_STATE=getMsg HTTP/1.1" 200 27
101.228.167.227 - - [02/Jul/2020:10:47:35 +0800] "GET /xingrg/kc/buy/cgsh_order_info.html?code=212020070200438 HTTP/1.1" 200 59213
101.228.167.227 - - [02/Jul/2020:10:47:35 +0800] "GET /xingrg/javascript/easyui/themes/default/validatebox.css HTTP/1.1" 404 1104
101.228.167.227 - - [02/Jul/2020:10:47:35 +0800] "POST /xingrg/kc/buy/cgsh_order_operate.html HTTP/1.1" 200 6776
101.228.167.227 - - [02/Jul/2020:10:47:36 +0800] "GET /xingrg/all/function/internal_message.html?_=1593658067700&CODE_STATE=getMsg HTTP/1.1" 200 27
101.228.167.227 - - [02/Jul/2020:10:47:37 +0800] "GET /xingrg/kc/print/load_data.html?order_code=212020070200438&kc_code=cgsh&condition= HTTP/1.1" 200 2249
116.230.77.149 - - [02/Jul/2020:10:47:39 +0800] "GET /xingrg/kc/buy/cgsh_order_operate.html?command=get_materiel&rest_code=00107&code=00101004046&supplier_code=00100312&order_time=2020-07-02 HTTP/1.1" 200 417
101.85.53.146 - - [02/Jul/2020:10:47:43 +0800] "GET /xingrg/all/function/internal_message.html?_=1593657255404&CODE_STATE=getMsg HTTP/1.1" 200 27
114.86.228.2 - - [02/Jul/2020:10:47:43 +0800] "GET /xingrg/all/function/internal_message.html?_=1593658077140&CODE_STATE=getMsg HTTP/1.1" 200 27
114.89.80.44 - - [02/Jul/2020:10:47:43 +0800] "GET /xingrg/kc/print/load_data.html?order_code=212020070200447&kc_code=cgsh&condition= HTTP/1.1" 200 1492
116.230.77.149 - - [02/Jul/2020:10:47:45 +0800] "GET /xingrg/all/function/internal_message.html?_=1593658058248&CODE_STATE=getMsg HTTP/1.1" 200 27
101.228.167.227 - - [02/Jul/2020:10:47:46 +0800] "POST /xingrg/kc/buy/cgsh_list_operate.html HTTP/1.1" 200 4221
172.17.0.102 - - [02/Jul/2020:10:47:46 +0800] "GET /xingrg/all/function/internal_message.html?_=1593658064052&CODE_STATE=getMsg HTTP/1.1" 200 27
114.89.80.44 - - [02/Jul/2020:10:47:50 +0800] "POST /xingrg/kc/buy/cgsh_list_operate.html HTTP/1.1" 200 876
101.228.167.227 - - [02/Jul/2020:10:47:51 +0800] "POST /xingrg/kc/buy/cgsh_list_operate.html HTTP/1.1" 200 492
101.228.167.227 - - [02/Jul/2020:10:47:52 +0800] "GET /xingrg/kc/buy/cgsh_order_info.html?code=212020070200442 HTTP/1.1" 200 59215
101.228.167.227 - - [02/Jul/2020:10:47:52 +0800] "GET /xingrg/javascript/easyui/themes/default/validatebox.css HTTP/1.1" 404 1104
101.228.167.227 - - [02/Jul/2020:10:47:52 +0800] "POST /xingrg/kc/buy/cgsh_order_operate.html HTTP/1.1" 200 5012
101.228.167.227 - - [02/Jul/2020:10:47:54 +0800] "GET /xingrg/kc/print/load_data.html?order_code=212020070200442&kc_code=cgsh&condition= HTTP/1.1" 200 1635
116.230.77.149 - - [02/Jul/2020:10:47:56 +0800] "GET /xingrg/kc/buy/cgsh_order_operate.html?command=get_materiel&rest_code=00107&code=00101004067&supplier_code=00100312&order_time=2020-07-02 HTTP/1.1" 200 432
114.89.80.44 - - [02/Jul/2020:10:47:57 +0800] "GET /xingrg/all/function/internal_message.html?_=1593658074920&CODE_STATE=getMsg HTTP/1.1" 200 27
58.40.7.146 - - [02/Jul/2020:10:47:57 +0800] "GET /xingrg/all/function/internal_message.html?_=1593658075540&CODE_STATE=getMsg HTTP/1.1" 200 27
101.228.167.227 - - [02/Jul/2020:10:47:59 +0800] "GET /xingrg/check_reg.html?_=1593658089130 HTTP/1.1" 200 22
101.228.167.227 - - [02/Jul/2020:10:48:03 +0800] "GET /xingrg/all/function/internal_message.html?_=1593658092572&CODE_STATE=getMsg HTTP/1.1" 200 27
114.88.170.9 - - [02/Jul/2020:10:48:03 +0800] "GET /xingrg/all/function/internal_message.html?_=1593658079145&CODE_STATE=getMsg HTTP/1.1" 200 27
101.228.167.227 - - [02/Jul/2020:10:48:04 +0800] "POST /xingrg/kc/buy/cgsh_list_operate.html HTTP/1.1" 200 4221
114.89.80.44 - - [02/Jul/2020:10:48:04 +0800] "POST /xingrg/all/user/operate.html HTTP/1.1" 200 36
114.89.80.44 - - [02/Jul/2020:10:48:05 +0800] "GET /xingrg/index.html?sysBaseUrl=http%3A%2F%2F180.169.147.146%3A18081%2Fxingrg%2F&costTime=39×tamp=1593606041281 HTTP/1.1" 200 17179
114.89.80.44 - - [02/Jul/2020:10:48:05 +0800] "GET /xingrg/javascript/jquery_easy_ui/themes/default/easyui.css HTTP/1.1" 304 -
114.89.80.44 - - [02/Jul/2020:10:48:05 +0800] "GET /xingrg/javascript/jquery_easy_ui/themes/icon.css HTTP/1.1" 304 -
114.89.80.44 - - [02/Jul/2020:10:48:05 +0800] "GET /xingrg/css/form.css HTTP/1.1" 304 -
114.89.80.44 - - [02/Jul/2020:10:48:05 +0800] "GET /xingrg/javascript/jquery-1.4.2.min.js HTTP/1.1" 304 -
114.89.80.44 - - [02/Jul/2020:10:48:05 +0800] "GET /xingrg/javascript/jquery_easy_ui/jquery.easyui.min.js HTTP/1.1" 304 -
114.89.80.44 - - [02/Jul/2020:10:48:05 +0800] "GET /xingrg/javascript/jquery_easy_ui/easyui-lang-zh_CN.js HTTP/1.1" 304 -
114.89.80.44 - - [02/Jul/2020:10:48:05 +0800] "GET /xingrg/javascript/jquery.form.js HTTP/1.1" 304 -
114.89.80.44 - - [02/Jul/2020:10:48:05 +0800] "GET /xingrg/javascript/jquery.utils.js HTTP/1.1" 304 -
114.89.80.44 - - [02/Jul/2020:10:48:05 +0800] "GET /xingrg/javascript/jquery.timers.js HTTP/1.1" 304 -
114.89.80.44 - - [02/Jul/2020:10:48:05 +0800] "GET /xingrg/images/blue/jxLogo.png HTTP/1.1" 304 -
114.89.80.44 - - [02/Jul/2020:10:48:05 +0800] "GET /xingrg/javascript/jquery_easy_ui/themes/icons/settle_new.png HTTP/1.1" 304 -
114.89.80.44 - - [02/Jul/2020:10:48:05 +0800] "GET /xingrg/images/blue/navBackgound.jpg HTTP/1.1" 304 -
114.89.80.44 - - [02/Jul/2020:10:48:05 +0800] "POST /xingrg/all/common/load_tree.html?tree=area_rest_tree_json&manage=1 HTTP/1.1" 200 476
114.89.80.44 - - [02/Jul/2020:10:48:05 +0800] "GET /xingrg/all/function/internal_message.html?_=1593658083157&CODE_STATE=count HTTP/1.1" 200 11
114.89.80.44 - - [02/Jul/2020:10:48:05 +0800] "GET /xingrg/check_reg.html?_=1593658083158 HTTP/1.1" 200 22
114.89.80.44 - - [02/Jul/2020:10:48:05 +0800] "GET /xingrg/javascript/jquery_easy_ui/themes/default/images/tabs_leftarrow.png HTTP/1.1" 304 -
114.89.80.44 - - [02/Jul/2020:10:48:05 +0800] "GET /xingrg/images/blue/pingpu.png HTTP/1.1" 304 -
114.89.80.44 - - [02/Jul/2020:10:48:05 +0800] "GET /xingrg/javascript/jquery_easy_ui/themes/default/images/tabs_rightarrow.png HTTP/1.1" 304 -
114.89.80.44 - - [02/Jul/2020:10:48:05 +0800] "GET /xingrg/javascript/jquery_easy_ui/themes/default/images/panel_tool_collapse.gif HTTP/1.1" 304 -
114.89.80.44 - - [02/Jul/2020:10:48:05 +0800] "POST /xingrg/load_menu.html HTTP/1.1" 200 5138
120.253.135.82 - - [02/Jul/2020:10:48:07 +0800] "GET /xingrg/all/function/internal_message.html?_=1593657840070&CODE_STATE=getMsg HTTP/1.1" 200 27
114.89.80.44 - - [02/Jul/2020:10:48:07 +0800] "GET /xingrg/kc/buy/cgsh_order_list.html HTTP/1.1" 200 43468
61.172.5.115 - - [02/Jul/2020:10:48:07 +0800] "GET /xingrg/all/function/internal_message.html?_=1593658083982&CODE_STATE=getMsg HTTP/1.1" 200 27
114.89.80.44 - - [02/Jul/2020:10:48:07 +0800] "POST /xingrg/kc/buy/cgsh_list_operate.html HTTP/1.1" 200 876
117.184.7.26 - - [02/Jul/2020:10:48:08 +0800] "POST /xingrg/services/DataTransmitService HTTP/1.1" 200 524
114.89.80.44 - - [02/Jul/2020:10:48:08 +0800] "GET /xingrg/kc/buy/cgsh_order_add.html HTTP/1.1" 200 59124
114.89.80.44 - - [02/Jul/2020:10:48:08 +0800] "POST /xingrg/kc/buy/cgsh_order_operate.html HTTP/1.1" 200 8245
114.89.80.44 - - [02/Jul/2020:10:48:08 +0800] "GET /xingrg/javascript/easyui/themes/default/validatebox.css HTTP/1.1" 404 1104
114.89.80.44 - - [02/Jul/2020:10:48:09 +0800] "GET /xingrg/javascript/auto/indicator.gif HTTP/1.1" 404 1066
101.85.53.146 - - [02/Jul/2020:10:48:14 +0800] "GET /xingrg/all/function/internal_message.html?_=1593657495401&CODE_STATE=getMsg HTTP/1.1" 200 27
116.230.77.149 - - [02/Jul/2020:10:48:14 +0800] "GET /xingrg/kc/buy/cgsh_order_operate.html?command=get_materiel&rest_code=00107&code=00101004049&supplier_code=00100312&order_time=2020-07-02 HTTP/1.1" 200 413
117.131.5.26 - - [02/Jul/2020:10:48:15 +0800] "GET /xingrg/all/function/internal_message.html?_=1593658461929&CODE_STATE=getMsg HTTP/1.1" 200 27
222.69.138.0 - - [02/Jul/2020:10:48:15 +0800] "GET /xingrg/all/function/internal_message.html?_=1593658089445&CODE_STATE=getMsg HTTP/1.1" 200 27
172.17.0.120 - - [02/Jul/2020:10:48:16 +0800] "GET /xingrg/all/function/internal_message.html?_=1593658092428&CODE_STATE=getMsg HTTP/1.1" 200 27
172.17.0.120 - - [02/Jul/2020:10:48:16 +0800] "GET /xingrg/check_reg.html?_=1593658092432 HTTP/1.1" 200 22
114.89.80.44 - - [02/Jul/2020:10:48:17 +0800] "GET /xingrg/kc/buy/cgsh_order_operate.html?command=get_materiel&rest_code=00150&code=00101028005&supplier_code=00100017&order_time=2020-07-02 HTTP/1.1" 200 436
120.253.135.82 - - [02/Jul/2020:10:48:18 +0800] "GET /xingrg/all/function/internal_message.html?_=1593658168559&CODE_STATE=getMsg HTTP/1.1" 200 27
172.17.0.106 - - [02/Jul/2020:10:48:22 +0800] "GET /xingrg/all/function/internal_message.html?_=1593658100721&CODE_STATE=getMsg HTTP/1.1" 200 27
58.40.7.146 - - [02/Jul/2020:10:48:25 +0800] "GET /xingrg/all/function/internal_message.html?_=1593658103616&CODE_STATE=getMsg HTTP/1.1" 200 27
58.221.95.50 - - [02/Jul/2020:10:48:26 +0800] "GET /xingrg/check_reg.html?_=1593658193323 HTTP/1.1" 302 -
114.89.80.44 - - [02/Jul/2020:10:48:29 +0800] "GET /xingrg/kc/buy/cgsh_order_operate.html?command=get_materiel&rest_code=00150&code=00101029010&supplier_code=00100017&order_time=2020-07-02 HTTP/1.1" 200 439
114.86.228.2 - - [02/Jul/2020:10:48:31 +0800] "GET /xingrg/kc/buy/buy_main.html HTTP/1.1" 200 12412
61.172.5.115 - - [02/Jul/2020:10:48:31 +0800] "GET /xingrg/kc/buy/cgsh_order_add.html HTTP/1.1" 200 59200
114.86.228.2 - - [02/Jul/2020:10:48:31 +0800] "GET /xingrg/css/new_ie.css HTTP/1.1" 404 1036
61.172.5.115 - - [02/Jul/2020:10:48:31 +0800] "POST /xingrg/kc/buy/cgsh_order_operate.html HTTP/1.1" 200 8245
114.86.228.2 - - [02/Jul/2020:10:48:31 +0800] "GET /xingrg/images/blue/button/cgydd.gif HTTP/1.1" 304 -
114.86.228.2 - - [02/Jul/2020:10:48:31 +0800] "GET /xingrg/images/blue/button/cgshd.gif HTTP/1.1" 304 -
61.172.5.115 - - [02/Jul/2020:10:48:31 +0800] "GET /xingrg/javascript/easyui/themes/default/validatebox.css HTTP/1.1" 404 1104
114.86.228.2 - - [02/Jul/2020:10:48:31 +0800] "GET /xingrg/images/blue/button/ckthd.gif HTTP/1.1" 304 -
114.86.228.2 - - [02/Jul/2020:10:48:31 +0800] "GET /xingrg/images/blue/button/cgfkd.gif HTTP/1.1" 304 -
116.230.77.149 - - [02/Jul/2020:10:48:31 +0800] "GET /xingrg/kc/buy/cgsh_order_operate.html?command=get_materiel&rest_code=00107&code=00101004030&supplier_code=00100312&order_time=2020-07-02 HTTP/1.1" 200 410
114.86.228.2 - - [02/Jul/2020:10:48:31 +0800] "GET /xingrg/images/yd/bt.gif HTTP/1.1" 404 1040
114.86.228.2 - - [02/Jul/2020:10:48:32 +0800] "GET /xingrg/kc/buy/cgsh_order_list.html HTTP/1.1" 200 43462
114.86.228.2 - - [02/Jul/2020:10:48:33 +0800] "GET /xingrg/javascript/easyui/themes/icons/edit_add_new.png HTTP/1.1" 304 -
114.86.228.2 - - [02/Jul/2020:10:48:33 +0800] "GET /xingrg/javascript/easyui/themes/icons/import_new.png HTTP/1.1" 304 -
114.86.228.2 - - [02/Jul/2020:10:48:33 +0800] "POST /xingrg/kc/buy/cgsh_list_operate.html HTTP/1.1" 200 876
114.86.228.2 - - [02/Jul/2020:10:48:34 +0800] "GET /xingrg/kc/buy/cgsh_order_add.html HTTP/1.1" 200 59241
180.175.214.200 - - [02/Jul/2020:10:48:35 +0800] "GET /xingrg/all/function/internal_message.html?_=1593658319549&CODE_STATE=getMsg HTTP/1.1" 200 27
114.86.228.2 - - [02/Jul/2020:10:48:35 +0800] "GET /xingrg/javascript/easyui/themes/icons/copy_new.png HTTP/1.1" 304 -
114.86.228.2 - - [02/Jul/2020:10:48:35 +0800] "GET /xingrg/javascript/easyui/themes/icons/template_new.png HTTP/1.1" 304 -
114.86.228.2 - - [02/Jul/2020:10:48:35 +0800] "GET /xingrg/javascript/easyui/themes/icons/cancel.png HTTP/1.1" 304 -
114.86.228.2 - - [02/Jul/2020:10:48:35 +0800] "POST /xingrg/kc/buy/cgsh_order_operate.html HTTP/1.1" 200 8245
114.86.228.2 - - [02/Jul/2020:10:48:35 +0800] "GET /xingrg/javascript/easyui/themes/icons/edit_remove.png HTTP/1.1" 304 -
114.86.228.2 - - [02/Jul/2020:10:48:35 +0800] "GET /xingrg/javascript/easyui/themes/default/validatebox.css HTTP/1.1" 404 1104
101.228.167.227 - - [02/Jul/2020:10:48:36 +0800] "GET /xingrg/all/function/internal_message.html?_=1593658127776&CODE_STATE=getMsg HTTP/1.1" 200 27
114.86.228.2 - - [02/Jul/2020:10:48:38 +0800] "GET /xingrg/javascript/auto/indicator.gif HTTP/1.1" 404 1066
114.89.80.44 - - [02/Jul/2020:10:48:42 +0800] "GET /xingrg/kc/buy/cgsh_order_operate.html?command=get_materiel&rest_code=00150&code=00101027001&supplier_code=00100017&order_time=2020-07-02 HTTP/1.1" 200 468
114.86.228.2 - - [02/Jul/2020:10:48:42 +0800] "GET /xingrg/index.html?sysBaseUrl=http%3A%2F%2F180.169.147.146%3A18081%2Fxingrg%2F&costTime=52×tamp=1593650638213 HTTP/1.1" 200 17173
114.86.228.2 - - [02/Jul/2020:10:48:43 +0800] "POST /xingrg/all/common/load_tree.html?tree=area_rest_tree_json&manage=1 HTTP/1.1" 200 342
114.86.228.2 - - [02/Jul/2020:10:48:43 +0800] "GET /xingrg/all/function/internal_message.html?_=1593658136976&CODE_STATE=count HTTP/1.1" 200 11
114.86.228.2 - - [02/Jul/2020:10:48:43 +0800] "GET /xingrg/check_reg.html?_=1593658136976 HTTP/1.1" 200 22
114.86.228.2 - - [02/Jul/2020:10:48:43 +0800] "POST /xingrg/load_menu.html HTTP/1.1" 200 5138
114.86.228.2 - - [02/Jul/2020:10:48:43 +0800] "GET /favicon.ico HTTP/1.1" 404 -
114.86.228.2 - - [02/Jul/2020:10:48:43 +0800] "GET /xingrg/kc/buy/buy_main.html HTTP/1.1" 200 12412
114.86.228.2 - - [02/Jul/2020:10:48:43 +0800] "GET /xingrg/css/new_ie.css HTTP/1.1" 404 1036
114.86.228.2 - - [02/Jul/2020:10:48:44 +0800] "GET /xingrg/kc/buy/cgsh_order_list.html HTTP/1.1" 200 43462
116.230.77.149 - - [02/Jul/2020:10:48:45 +0800] "GET /xingrg/all/function/internal_message.html?_=1593658118229&CODE_STATE=getMsg HTTP/1.1" 200 27
114.86.228.2 - - [02/Jul/2020:10:48:45 +0800] "POST /xingrg/kc/buy/cgsh_list_operate.html HTTP/1.1" 200 876
114.86.228.2 - - [02/Jul/2020:10:48:46 +0800] "GET /xingrg/kc/buy/cgsh_order_add.html HTTP/1.1" 200 59241
114.86.228.2 - - [02/Jul/2020:10:48:46 +0800] "GET /xingrg/words/20200701105613_words.js HTTP/1.1" 304 -
114.86.228.2 - - [02/Jul/2020:10:48:46 +0800] "POST /xingrg/kc/buy/cgsh_order_operate.html HTTP/1.1" 200 8245
114.86.228.2 - - [02/Jul/2020:10:48:46 +0800] "GET /xingrg/all/common/auto_word.html?type=employee&rest_code=00109 HTTP/1.1" 200 255
114.86.228.2 - - [02/Jul/2020:10:48:46 +0800] "GET /xingrg/all/common/auto_word.html?type=employee&rest_code=00109 HTTP/1.1" 200 255
172.17.0.102 - - [02/Jul/2020:10:48:46 +0800] "GET /xingrg/all/function/internal_message.html?_=1593658124052&CODE_STATE=getMsg HTTP/1.1" 200 27
114.86.228.2 - - [02/Jul/2020:10:48:46 +0800] "GET /xingrg/javascript/easyui/themes/default/validatebox.css HTTP/1.1" 404 1104
114.86.228.2 - - [02/Jul/2020:10:48:49 +0800] "GET /xingrg/javascript/jquery_tools/images/prev.gif HTTP/1.1" 404 1086
114.86.228.2 - - [02/Jul/2020:10:48:49 +0800] "GET /xingrg/javascript/jquery_tools/images/next.gif HTTP/1.1" 404 1086
101.228.167.227 - - [02/Jul/2020:10:48:51 +0800] "POST /xingrg/kc/buy/cgsh_order_operate.html HTTP/1.1" 200 37
114.86.228.2 - - [02/Jul/2020:10:48:52 +0800] "GET /xingrg/kc/buy/cgsh_order_operate.html?command=get_materiel&rest_code=00109&code=00101008176&supplier_code=00100005&order_time=2020-07-02 HTTP/1.1" 200 413
114.86.228.2 - - [02/Jul/2020:10:48:53 +0800] "GET /xingrg/javascript/auto/indicator.gif HTTP/1.1" 404 1066
114.89.80.44 - - [02/Jul/2020:10:48:57 +0800] "GET /xingrg/kc/buy/cgsh_order_operate.html?command=get_materiel&rest_code=00150&code=00101027040&supplier_code=00100017&order_time=2020-07-02 HTTP/1.1" 200 422
58.40.7.146 - - [02/Jul/2020:10:48:57 +0800] "GET /xingrg/all/function/internal_message.html?_=1593658135543&CODE_STATE=getMsg HTTP/1.1" 200 27
58.40.7.146 - - [02/Jul/2020:10:48:57 +0800] "GET /xingrg/check_reg.html?_=1593658135545 HTTP/1.1" 200 22
116.230.77.149 - - [02/Jul/2020:10:49:02 +0800] "GET /xingrg/kc/buy/cgsh_order_operate.html?command=get_materiel&rest_code=00107&code=00101001016&supplier_code=00100312&order_time=2020-07-02 HTTP/1.1" 200 435
114.88.170.9 - - [02/Jul/2020:10:49:03 +0800] "GET /xingrg/all/function/internal_message.html?_=1593658139152&CODE_STATE=getMsg HTTP/1.1" 200 27
101.228.167.227 - - [02/Jul/2020:10:49:03 +0800] "GET /xingrg/all/function/internal_message.html?_=1593658152777&CODE_STATE=getMsg HTTP/1.1" 200 27
61.172.5.115 - - [02/Jul/2020:10:49:03 +0800] "GET /xingrg/kc/buy/cgsh_order_operate.html?command=get_materiel&rest_code=00105&code=00101010184&supplier_code=00100323&order_time=2020-07-02 HTTP/1.1" 200 412
114.89.80.44 - - [02/Jul/2020:10:49:05 +0800] "GET /xingrg/all/function/internal_message.html?_=1593658143175&CODE_STATE=getMsg HTTP/1.1" 200 27
120.253.135.82 - - [02/Jul/2020:10:49:06 +0800] "GET /xingrg/check_reg.html?_=1593657899897 HTTP/1.1" 200 22
120.253.135.82 - - [02/Jul/2020:10:49:07 +0800] "GET /xingrg/all/function/internal_message.html?_=1593657900085&CODE_STATE=getMsg HTTP/1.1" 200 27
61.172.5.115 - - [02/Jul/2020:10:49:07 +0800] "GET /xingrg/all/function/internal_message.html?_=1593658143981&CODE_STATE=getMsg HTTP/1.1" 200 27
101.228.167.227 - - [02/Jul/2020:10:49:13 +0800] "POST /xingrg/kc/buy/cgsh_order_operate.html HTTP/1.1" 200 2660
101.85.53.146 - - [02/Jul/2020:10:49:14 +0800] "GET /xingrg/all/function/internal_message.html?_=1593657555400&CODE_STATE=getMsg HTTP/1.1" 200 27
117.131.5.26 - - [02/Jul/2020:10:49:15 +0800] "GET /xingrg/all/function/internal_message.html?_=1593658521927&CODE_STATE=getMsg HTTP/1.1" 200 27
222.69.138.0 - - [02/Jul/2020:10:49:15 +0800] "GET /xingrg/all/function/internal_message.html?_=1593658149430&CODE_STATE=getMsg HTTP/1.1" 200 27
172.17.0.120 - - [02/Jul/2020:10:49:16 +0800] "GET /xingrg/all/function/internal_message.html?_=1593658152437&CODE_STATE=getMsg HTTP/1.1" 200 27
120.253.135.82 - - [02/Jul/2020:10:49:18 +0800] "GET /xingrg/check_reg.html?_=1593658228452 HTTP/1.1" 200 22
120.253.135.82 - - [02/Jul/2020:10:49:18 +0800] "GET /xingrg/all/function/internal_message.html?_=1593658228572&CODE_STATE=getMsg HTTP/1.1" 200 27
61.172.5.115 - - [02/Jul/2020:10:49:21 +0800] "POST /xingrg/all/common/load_select.html HTTP/1.1" 200 12
172.17.0.106 - - [02/Jul/2020:10:49:22 +0800] "GET /xingrg/all/function/internal_message.html?_=1593658160725&CODE_STATE=getMsg HTTP/1.1" 200 27
172.17.0.106 - - [02/Jul/2020:10:49:22 +0800] "GET /xingrg/check_reg.html?_=1593658160729 HTTP/1.1" 200 22
114.84.32.201 - - [02/Jul/2020:10:49:24 +0800] "GET /xingrg/check_reg.html?_=1593658160186 HTTP/1.1" 200 22
114.84.32.201 - - [02/Jul/2020:10:49:24 +0800] "GET /xingrg/check_reg.html?_=1593658160961 HTTP/1.1" 200 22
58.40.7.146 - - [02/Jul/2020:10:49:25 +0800] "GET /xingrg/all/function/internal_message.html?_=1593658163620&CODE_STATE=getMsg HTTP/1.1" 200 27
61.172.5.115 - - [02/Jul/2020:10:49:25 +0800] "GET /xingrg/kc/buy/cgsh_order_operate.html?command=get_materiel_price&rest_code=00105&code=00101010184&unit_code=00100004&supplier_code=00100323&order_time=2020-07-02 HTTP/1.1" 200 27
101.85.53.146 - - [02/Jul/2020:10:49:26 +0800] "GET /xingrg/check_reg.html?_=1593657555402 HTTP/1.1" 200 22
116.230.77.149 - - [02/Jul/2020:10:49:26 +0800] "GET /xingrg/kc/buy/cgsh_order_operate.html?command=get_materiel&rest_code=00107&code=00101001029&supplier_code=00100312&order_time=2020-07-02 HTTP/1.1" 200 415
180.175.214.200 - - [02/Jul/2020:10:49:35 +0800] "GET /xingrg/all/function/internal_message.html?_=1593658380067&CODE_STATE=getMsg HTTP/1.1" 200 27
101.228.167.227 - - [02/Jul/2020:10:49:36 +0800] "GET /xingrg/all/function/internal_message.html?_=1593658187791&CODE_STATE=getMsg HTTP/1.1" 200 27
114.89.80.44 - - [02/Jul/2020:10:49:37 +0800] "GET /xingrg/kc/buy/cgsh_order_operate.html?command=get_materiel&rest_code=00150&code=00101029009&supplier_code=00100017&order_time=2020-07-02 HTTP/1.1" 200 456
116.230.77.149 - - [02/Jul/2020:10:49:40 +0800] "POST /xingrg/kc/buy/cgsh_order_operate.html HTTP/1.1" 200 37
114.86.228.2 - - [02/Jul/2020:10:49:41 +0800] "GET /xingrg/all/function/internal_message.html?_=1593658197140&CODE_STATE=getMsg HTTP/1.1" 200 27
116.230.77.149 - - [02/Jul/2020:10:49:42 +0800] "POST /xingrg/kc/buy/cgsh_order_operate.html HTTP/1.1" 200 6224
116.230.77.149 - - [02/Jul/2020:10:49:45 +0800] "GET /xingrg/all/function/internal_message.html?_=1593658178202&CODE_STATE=getMsg HTTP/1.1" 200 27
116.230.77.149 - - [02/Jul/2020:10:49:45 +0800] "GET /xingrg/check_reg.html?_=1593658178725 HTTP/1.1" 200 22
172.17.0.102 - - [02/Jul/2020:10:49:46 +0800] "GET /xingrg/check_reg.html?_=1593658184041 HTTP/1.1" 200 22
172.17.0.102 - - [02/Jul/2020:10:49:46 +0800] "GET /xingrg/all/function/internal_message.html?_=1593658184043&CODE_STATE=getMsg HTTP/1.1" 200 27
116.230.77.149 - - [02/Jul/2020:10:49:46 +0800] "GET /xingrg/kc/print/load_data.html?order_code=212020070200461&kc_code=cgsh&condition= HTTP/1.1" 200 2036
116.230.77.149 - - [02/Jul/2020:10:49:54 +0800] "GET /xingrg/kc/buy/cgsh_order_add.html HTTP/1.1" 200 59247
114.89.80.44 - - [02/Jul/2020:10:49:54 +0800] "GET /xingrg/kc/buy/cgsh_order_operate.html?command=get_materiel&rest_code=00150&code=00101029025&supplier_code=00100017&order_time=2020-07-02 HTTP/1.1" 200 442
116.230.77.149 - - [02/Jul/2020:10:49:54 +0800] "GET /xingrg/javascript/easyui/themes/default/validatebox.css HTTP/1.1" 404 1104
116.230.77.149 - - [02/Jul/2020:10:49:54 +0800] "POST /xingrg/kc/buy/cgsh_order_operate.html HTTP/1.1" 200 8245
116.230.77.149 - - [02/Jul/2020:10:49:56 +0800] "GET /xingrg/javascript/easyui/themes/default/tree.css HTTP/1.1" 404 1090
116.230.77.149 - - [02/Jul/2020:10:49:56 +0800] "POST /xingrg/all/common/load_tree.html?tree=supplier_tree_json&isDelete=1 HTTP/1.1" 200 49424
58.40.7.146 - - [02/Jul/2020:10:49:57 +0800] "GET /xingrg/all/function/internal_message.html?_=1593658195548&CODE_STATE=getMsg HTTP/1.1" 200 27
114.88.170.9 - - [02/Jul/2020:10:50:03 +0800] "GET /xingrg/all/function/internal_message.html?_=1593658199192&CODE_STATE=getMsg HTTP/1.1" 200 27
101.228.167.227 - - [02/Jul/2020:10:50:03 +0800] "GET /xingrg/all/function/internal_message.html?_=1593658212786&CODE_STATE=getMsg HTTP/1.1" 200 27
114.89.80.44 - - [02/Jul/2020:10:50:05 +0800] "GET /xingrg/all/function/internal_message.html?_=1593658203174&CODE_STATE=getMsg HTTP/1.1" 200 27
101.228.167.227 - - [02/Jul/2020:10:50:06 +0800] "GET /xingrg/kc/buy/cgsh_order_add.html HTTP/1.1" 200 59206
101.228.167.227 - - [02/Jul/2020:10:50:07 +0800] "POST /xingrg/kc/buy/cgsh_order_operate.html HTTP/1.1" 200 8245
120.253.135.82 - - [02/Jul/2020:10:50:07 +0800] "GET /xingrg/all/function/internal_message.html?_=1593657960098&CODE_STATE=getMsg HTTP/1.1" 200 27
101.228.167.227 - - [02/Jul/2020:10:50:07 +0800] "GET /xingrg/javascript/easyui/themes/default/validatebox.css HTTP/1.1" 404 1104
61.172.5.115 - - [02/Jul/2020:10:50:07 +0800] "GET /xingrg/all/function/internal_message.html?_=1593658203976&CODE_STATE=getMsg HTTP/1.1" 200 27
101.85.53.146 - - [02/Jul/2020:10:50:14 +0800] "GET /xingrg/all/function/internal_message.html?_=1593657615400&CODE_STATE=getMsg HTTP/1.1" 200 27
117.131.5.26 - - [02/Jul/2020:10:50:15 +0800] "GET /xingrg/all/function/internal_message.html?_=1593658581942&CODE_STATE=getMsg HTTP/1.1" 200 27
222.69.138.0 - - [02/Jul/2020:10:50:15 +0800] "GET /xingrg/all/function/internal_message.html?_=1593658209418&CODE_STATE=getMsg HTTP/1.1" 200 27
172.17.0.120 - - [02/Jul/2020:10:50:16 +0800] "GET /xingrg/all/function/internal_message.html?_=1593658212441&CODE_STATE=getMsg HTTP/1.1" 200 27
222.69.138.0 - - [02/Jul/2020:10:50:16 +0800] "GET /xingrg/check_reg.html?_=1593658209887 HTTP/1.1" 200 22
120.253.135.82 - - [02/Jul/2020:10:50:18 +0800] "GET /xingrg/all/function/internal_message.html?_=1593658288585&CODE_STATE=getMsg HTTP/1.1" 200 27
172.17.0.106 - - [02/Jul/2020:10:50:22 +0800] "GET /xingrg/all/function/internal_message.html?_=1593658220716&CODE_STATE=getMsg HTTP/1.1" 200 27
180.175.214.200 - - [02/Jul/2020:10:50:24 +0800] "GET /xingrg/check_reg.html?_=1593658429408 HTTP/1.1" 200 22
58.40.7.146 - - [02/Jul/2020:10:50:25 +0800] "GET /xingrg/all/function/internal_message.html?_=1593658223623&CODE_STATE=getMsg HTTP/1.1" 200 27
101.228.167.227 - - [02/Jul/2020:10:50:34 +0800] "GET /xingrg/check_reg.html?_=1593658246434 HTTP/1.1" 200 22
180.175.214.200 - - [02/Jul/2020:10:50:35 +0800] "GET /xingrg/all/function/internal_message.html?_=1593658440075&CODE_STATE=getMsg HTTP/1.1" 200 27
101.228.167.227 - - [02/Jul/2020:10:50:36 +0800] "GET /xingrg/all/function/internal_message.html?_=1593658247804&CODE_STATE=getMsg HTTP/1.1" 200 27
101.228.167.227 - - [02/Jul/2020:10:50:37 +0800] "GET /xingrg/kc/buy/cgsh_order_operate.html?command=get_materiel&rest_code=00146&code=00101010567&supplier_code=00100326&order_time=2020-07-02 HTTP/1.1" 200 399
114.86.228.2 - - [02/Jul/2020:10:50:40 +0800] "GET /xingrg/all/function/internal_message.html?_=1593658257140&CODE_STATE=getMsg HTTP/1.1" 200 27
116.230.77.149 - - [02/Jul/2020:10:50:41 +0800] "GET /xingrg/kc/buy/cgsh_order_operate.html?command=get_materiel&rest_code=00107&code=00101003006&supplier_code=00100092&order_time=2020-07-02 HTTP/1.1" 200 433
116.230.77.149 - - [02/Jul/2020:10:50:45 +0800] "GET /xingrg/all/function/internal_message.html?_=1593658238188&CODE_STATE=getMsg HTTP/1.1" 200 27
172.17.0.102 - - [02/Jul/2020:10:50:46 +0800] "GET /xingrg/all/function/internal_message.html?_=1593658244032&CODE_STATE=getMsg HTTP/1.1" 200 27
114.88.170.9 - - [02/Jul/2020:10:50:50 +0800] "GET /xingrg/check_reg.html?_=1593658246021 HTTP/1.1" 200 22
114.86.228.2 - - [02/Jul/2020:10:50:52 +0800] "GET /xingrg/kc/buy/cgsh_order_operate.html?command=get_materiel&rest_code=00109&code=00101008096&supplier_code=00100005&order_time=2020-07-02 HTTP/1.1" 200 412
114.89.80.44 - - [02/Jul/2020:10:50:54 +0800] "GET /xingrg/kc/buy/cgsh_order_operate.html?command=get_materiel&rest_code=00150&code=00101029003&supplier_code=00100017&order_time=2020-07-02 HTTP/1.1" 200 454
116.230.77.149 - - [02/Jul/2020:10:50:56 +0800] "POST /xingrg/kc/buy/cgsh_order_operate.html HTTP/1.1" 200 37
58.40.7.146 - - [02/Jul/2020:10:50:57 +0800] "GET /xingrg/all/function/internal_message.html?_=1593658255551&CODE_STATE=getMsg HTTP/1.1" 200 27
116.230.77.149 - - [02/Jul/2020:10:50:57 +0800] "POST /xingrg/kc/buy/cgsh_order_operate.html HTTP/1.1" 200 2656
101.228.167.227 - - [02/Jul/2020:10:50:58 +0800] "POST /xingrg/kc/buy/cgsh_order_operate.html HTTP/1.1" 200 37
116.230.77.149 - - [02/Jul/2020:10:50:59 +0800] "GET /xingrg/kc/print/load_data.html?order_code=212020070200462&kc_code=cgsh&condition= HTTP/1.1" 200 722
101.228.167.227 - - [02/Jul/2020:10:50:59 +0800] "POST /xingrg/kc/buy/cgsh_order_operate.html HTTP/1.1" 200 2658
114.86.228.2 - - [02/Jul/2020:10:51:01 +0800] "GET /xingrg/kc/buy/cgsh_order_operate.html?command=get_materiel&rest_code=00109&code=00101008358&supplier_code=00100005&order_time=2020-07-02 HTTP/1.1" 200 412
114.88.170.9 - - [02/Jul/2020:10:51:03 +0800] "GET /xingrg/all/function/internal_message.html?_=1593658259194&CODE_STATE=getMsg HTTP/1.1" 200 27
101.228.167.227 - - [02/Jul/2020:10:51:03 +0800] "GET /xingrg/kc/print/load_data.html?order_code=212020070200463&kc_code=cgsh&condition= HTTP/1.1" 200 689
101.228.167.227 - - [02/Jul/2020:10:51:03 +0800] "GET /xingrg/all/function/internal_message.html?_=1593658273006&CODE_STATE=getMsg HTTP/1.1" 200 27
116.230.77.149 - - [02/Jul/2020:10:51:05 +0800] "GET /xingrg/kc/buy/cgsh_order_add.html HTTP/1.1" 200 59247
114.89.80.44 - - [02/Jul/2020:10:51:05 +0800] "GET /xingrg/all/function/internal_message.html?_=1593658263258&CODE_STATE=getMsg HTTP/1.1" 200 27
114.89.80.44 - - [02/Jul/2020:10:51:05 +0800] "POST /xingrg/all/common/load_select.html HTTP/1.1" 200 25
114.86.228.2 - - [02/Jul/2020:10:51:06 +0800] "GET /xingrg/kc/buy/cgsh_order_operate.html?command=get_materiel&rest_code=00109&code=00101008003&supplier_code=00100005&order_time=2020-07-02 HTTP/1.1" 200 408
116.230.77.149 - - [02/Jul/2020:10:51:06 +0800] "GET /xingrg/javascript/easyui/themes/default/validatebox.css HTTP/1.1" 404 1104
116.230.77.149 - - [02/Jul/2020:10:51:06 +0800] "POST /xingrg/kc/buy/cgsh_order_operate.html HTTP/1.1" 200 8245
120.253.135.82 - - [02/Jul/2020:10:51:07 +0800] "GET /xingrg/all/function/internal_message.html?_=1593658020113&CODE_STATE=getMsg HTTP/1.1" 200 27
61.172.5.115 - - [02/Jul/2020:10:51:07 +0800] "GET /xingrg/all/function/internal_message.html?_=1593658263983&CODE_STATE=getMsg HTTP/1.1" 200 27
61.172.5.115 - - [02/Jul/2020:10:51:07 +0800] "GET /xingrg/check_reg.html?_=1593658263986 HTTP/1.1" 200 22
114.89.80.44 - - [02/Jul/2020:10:51:08 +0800] "GET /xingrg/kc/buy/cgsh_order_operate.html?command=get_materiel_price&rest_code=00150&code=00101029003&unit_code=00100179&supplier_code=00100017&order_time=2020-07-02 HTTP/1.1" 200 29
116.230.77.149 - - [02/Jul/2020:10:51:08 +0800] "GET /xingrg/javascript/easyui/themes/default/tree.css HTTP/1.1" 404 1090
116.230.77.149 - - [02/Jul/2020:10:51:09 +0800] "POST /xingrg/all/common/load_tree.html?tree=supplier_tree_json&isDelete=1 HTTP/1.1" 200 49424
114.89.80.44 - - [02/Jul/2020:10:51:10 +0800] "POST /xingrg/all/common/load_select.html HTTP/1.1" 200 25
114.89.80.44 - - [02/Jul/2020:10:51:13 +0800] "GET /xingrg/kc/buy/cgsh_order_operate.html?command=get_materiel_price&rest_code=00150&code=00101029025&unit_code=00100159&supplier_code=00100017&order_time=2020-07-02 HTTP/1.1" 200 30
101.85.53.146 - - [02/Jul/2020:10:51:14 +0800] "GET /xingrg/all/function/internal_message.html?_=1593657675399&CODE_STATE=getMsg HTTP/1.1" 200 27
101.228.167.227 - - [02/Jul/2020:10:51:14 +0800] "GET /xingrg/kc/buy/cgsh_order_add.html HTTP/1.1" 200 59206
101.228.167.227 - - [02/Jul/2020:10:51:15 +0800] "POST /xingrg/kc/buy/cgsh_order_operate.html HTTP/1.1" 200 8245
101.228.167.227 - - [02/Jul/2020:10:51:15 +0800] "GET /xingrg/javascript/easyui/themes/default/validatebox.css HTTP/1.1" 404 1104
117.131.5.26 - - [02/Jul/2020:10:51:15 +0800] "GET /xingrg/all/function/internal_message.html?_=1593658641942&CODE_STATE=getMsg HTTP/1.1" 200 27
117.131.5.26 - - [02/Jul/2020:10:51:15 +0800] "GET /xingrg/check_reg.html?_=1593658641940 HTTP/1.1" 200 22
