114.86.228.2 - - [02/Jul/2020:10:30:11 +0800] "GET /xingrg/all/function/internal_message.html?_=1593657133187&CODE_STATE=getMsg HTTP/1.1" 200 27
58.37.227.5 - - [02/Jul/2020:10:30:11 +0800] "POST /xingrg/services/DataTransmitService HTTP/1.1" 200 524
58.37.227.5 - - [02/Jul/2020:10:30:11 +0800] "POST /xingrg/services/DataTransmitService HTTP/1.1" 200 524
58.37.227.5 - - [02/Jul/2020:10:30:11 +0800] "POST /xingrg/services/DataTransmitService HTTP/1.1" 200 524
58.37.227.5 - - [02/Jul/2020:10:30:12 +0800] "POST /xingrg/services/DataTransmitService HTTP/1.1" 200 524
101.85.53.146 - - [02/Jul/2020:10:30:13 +0800] "GET /xingrg/kc/buy/cgsh_order_operate.html?command=get_materiel&rest_code=00145&code=00101021007&supplier_code=00100207&order_time=2020-06-30 HTTP/1.1" 200 412
101.85.53.146 - - [02/Jul/2020:10:30:13 +0800] "GET /xingrg/all/function/internal_message.html?_=1593656415392&CODE_STATE=getMsg HTTP/1.1" 200 27
117.184.7.30 - - [02/Jul/2020:10:30:14 +0800] "GET /xingrg/check_reg.html?_=1593657006425 HTTP/1.1" 200 22
117.131.5.26 - - [02/Jul/2020:10:30:15 +0800] "GET /xingrg/all/function/internal_message.html?_=1593657381916&CODE_STATE=getMsg HTTP/1.1" 200 27
114.89.80.44 - - [02/Jul/2020:10:30:15 +0800] "GET /xingrg/kc/buy/cgsh_order_operate.html?command=get_materiel&rest_code=00151&code=00101006038&supplier_code=00100012&order_time=2020-07-02 HTTP/1.1" 200 421
117.184.7.30 - - [02/Jul/2020:10:30:15 +0800] "GET /xingrg/all/function/internal_message.html?_=1593657007473&CODE_STATE=getMsg HTTP/1.1" 200 27
172.17.0.120 - - [02/Jul/2020:10:30:16 +0800] "GET /xingrg/all/function/internal_message.html?_=1593657012438&CODE_STATE=getMsg HTTP/1.1" 200 27
222.69.138.0 - - [02/Jul/2020:10:30:16 +0800] "GET /xingrg/all/function/internal_message.html?_=1593657009640&CODE_STATE=getMsg HTTP/1.1" 200 27
222.69.138.0 - - [02/Jul/2020:10:30:16 +0800] "GET /xingrg/check_reg.html?_=1593657009942 HTTP/1.1" 200 22
172.17.0.240 - - [02/Jul/2020:10:30:18 +0800] "GET /xingrg/all/function/internal_message.html?_=1593657015489&CODE_STATE=getMsg HTTP/1.1" 200 27
172.17.0.240 - - [02/Jul/2020:10:30:18 +0800] "GET /xingrg/check_reg.html?_=1593657015495 HTTP/1.1" 200 22
172.17.0.101 - - [02/Jul/2020:10:30:19 +0800] "GET /xingrg/all/function/internal_message.html?_=1593657037277&CODE_STATE=getMsg HTTP/1.1" 200 27
101.228.167.227 - - [02/Jul/2020:10:30:20 +0800] "GET /xingrg/kc/buy/cgsh_order_operate.html?command=get_materiel&rest_code=00146&code=00101001069&supplier_code=00100199&order_time=2020-07-02 HTTP/1.1" 200 409
114.86.190.97 - - [02/Jul/2020:10:30:21 +0800] "POST /xingrg/services/DataTransmitService HTTP/1.1" 200 524
117.184.7.26 - - [02/Jul/2020:10:30:21 +0800] "GET /xingrg/all/function/internal_message.html?_=1593657013412&CODE_STATE=getMsg HTTP/1.1" 200 27
172.17.0.106 - - [02/Jul/2020:10:30:22 +0800] "GET /xingrg/all/function/internal_message.html?_=1593657020716&CODE_STATE=getMsg HTTP/1.1" 200 27
180.175.214.200 - - [02/Jul/2020:10:30:24 +0800] "GET /xingrg/check_reg.html?_=1593657228868 HTTP/1.1" 200 22
58.40.7.146 - - [02/Jul/2020:10:30:25 +0800] "GET /xingrg/all/function/internal_message.html?_=1593657023611&CODE_STATE=getMsg HTTP/1.1" 200 27
101.85.53.146 - - [02/Jul/2020:10:30:27 +0800] "GET /xingrg/kc/buy/cgsh_order_operate.html?command=get_materiel&rest_code=00145&code=00101010242&supplier_code=00100207&order_time=2020-06-30 HTTP/1.1" 200 413
116.230.77.149 - - [02/Jul/2020:10:30:29 +0800] "POST /xingrg/kc/buy/cgsh_order_operate.html HTTP/1.1" 200 37
116.230.77.149 - - [02/Jul/2020:10:30:30 +0800] "POST /xingrg/kc/buy/cgsh_order_operate.html HTTP/1.1" 200 5623
180.175.214.200 - - [02/Jul/2020:10:30:31 +0800] "GET /xingrg/all/function/internal_message.html?_=1593657235840&CODE_STATE=getMsg HTTP/1.1" 200 27
116.230.77.149 - - [02/Jul/2020:10:30:31 +0800] "GET /xingrg/kc/print/load_data.html?order_code=212020070200439&kc_code=cgsh&condition= HTTP/1.1" 200 1862
114.88.170.9 - - [02/Jul/2020:10:30:31 +0800] "GET /xingrg/all/function/internal_message.html?_=1593657051839&CODE_STATE=getMsg HTTP/1.1" 200 27
101.228.167.227 - - [02/Jul/2020:10:30:34 +0800] "GET /xingrg/check_reg.html?_=1593657046349 HTTP/1.1" 200 22
116.230.77.149 - - [02/Jul/2020:10:30:35 +0800] "GET /xingrg/kc/buy/cgsh_order_add.html HTTP/1.1" 200 59247
101.228.167.227 - - [02/Jul/2020:10:30:35 +0800] "GET /xingrg/all/function/internal_message.html?_=1593657047345&CODE_STATE=getMsg HTTP/1.1" 200 27
116.230.77.149 - - [02/Jul/2020:10:30:36 +0800] "GET /xingrg/javascript/easyui/themes/default/validatebox.css HTTP/1.1" 404 1104
116.230.77.149 - - [02/Jul/2020:10:30:36 +0800] "POST /xingrg/kc/buy/cgsh_order_operate.html HTTP/1.1" 200 8245
101.228.167.227 - - [02/Jul/2020:10:30:37 +0800] "GET /xingrg/kc/buy/cgsh_order_operate.html?command=get_materiel&rest_code=00146&code=00101002022&supplier_code=00100199&order_time=2020-07-02 HTTP/1.1" 200 429
116.230.77.149 - - [02/Jul/2020:10:30:38 +0800] "GET /xingrg/javascript/easyui/themes/default/tree.css HTTP/1.1" 404 1090
116.230.77.149 - - [02/Jul/2020:10:30:39 +0800] "POST /xingrg/all/common/load_tree.html?tree=supplier_tree_json&isDelete=1 HTTP/1.1" 200 49424
101.85.53.146 - - [02/Jul/2020:10:30:40 +0800] "GET /xingrg/kc/buy/cgsh_order_operate.html?command=get_materiel&rest_code=00145&code=00101010287&supplier_code=00100207&order_time=2020-06-30 HTTP/1.1" 200 410
116.230.77.149 - - [02/Jul/2020:10:30:45 +0800] "GET /xingrg/all/function/internal_message.html?_=1593657038486&CODE_STATE=getMsg HTTP/1.1" 200 27
172.17.0.102 - - [02/Jul/2020:10:30:46 +0800] "GET /xingrg/all/function/internal_message.html?_=1593657043958&CODE_STATE=getMsg HTTP/1.1" 200 27
101.228.167.227 - - [02/Jul/2020:10:30:49 +0800] "GET /xingrg/kc/buy/cgsh_order_operate.html?command=get_materiel&rest_code=00146&code=00101002007&supplier_code=00100199&order_time=2020-07-02 HTTP/1.1" 200 430
114.88.170.9 - - [02/Jul/2020:10:30:50 +0800] "GET /xingrg/check_reg.html?_=1593657045993 HTTP/1.1" 200 22
114.88.170.9 - - [02/Jul/2020:10:30:50 +0800] "GET /favicon.ico HTTP/1.1" 404 -
172.17.0.240 - - [02/Jul/2020:10:30:52 +0800] "GET /xingrg/check_reg.html?_=1593657050033 HTTP/1.1" 200 22
116.230.77.149 - - [02/Jul/2020:10:30:54 +0800] "GET /xingrg/kc/buy/cgsh_order_operate.html?command=get_materiel&rest_code=00107&code=00101007081&supplier_code=00100002&order_time=2020-07-02 HTTP/1.1" 200 415
114.88.170.9 - - [02/Jul/2020:10:30:55 +0800] "POST /xingrg/services/DataTransmitService HTTP/1.1" 200 524
114.88.170.9 - - [02/Jul/2020:10:30:56 +0800] "POST /xingrg/services/DataTransmitService HTTP/1.1" 200 501
101.228.167.227 - - [02/Jul/2020:10:30:56 +0800] "GET /xingrg/kc/buy/cgsh_order_operate.html?command=get_materiel&rest_code=00146&code=00101028011&supplier_code=00100017&order_time=2020-07-02 HTTP/1.1" 200 454
114.88.170.9 - - [02/Jul/2020:10:30:56 +0800] "POST /xingrg/services/DataTransmitService HTTP/1.1" 200 501
114.89.80.44 - - [02/Jul/2020:10:30:57 +0800] "GET /xingrg/all/function/internal_message.html?_=1593657054916&CODE_STATE=getMsg HTTP/1.1" 200 27
114.89.80.44 - - [02/Jul/2020:10:30:57 +0800] "GET /xingrg/check_reg.html?_=1593657055017 HTTP/1.1" 200 22
114.88.170.9 - - [02/Jul/2020:10:30:58 +0800] "POST /xingrg/services/DataTransmitService HTTP/1.1" 200 501
114.88.170.9 - - [02/Jul/2020:10:31:01 +0800] "POST /xingrg/services/DataTransmitService HTTP/1.1" 200 501
114.88.170.9 - - [02/Jul/2020:10:31:01 +0800] "POST /xingrg/services/DataTransmitService HTTP/1.1" 200 501
114.88.170.9 - - [02/Jul/2020:10:31:01 +0800] "POST /xingrg/services/DataTransmitService HTTP/1.1" 200 501
114.88.170.9 - - [02/Jul/2020:10:31:02 +0800] "POST /xingrg/services/DataTransmitService HTTP/1.1" 200 501
101.228.167.227 - - [02/Jul/2020:10:31:02 +0800] "GET /xingrg/all/function/internal_message.html?_=1593657071483&CODE_STATE=getMsg HTTP/1.1" 200 27
114.88.170.9 - - [02/Jul/2020:10:31:02 +0800] "POST /xingrg/services/DataTransmitService HTTP/1.1" 200 501
114.88.170.9 - - [02/Jul/2020:10:31:02 +0800] "GET /xingrg/all/function/internal_message.html?_=1593657058799&CODE_STATE=getMsg HTTP/1.1" 200 27
101.228.167.227 - - [02/Jul/2020:10:31:03 +0800] "POST /xingrg/kc/buy/cgsh_order_operate.html HTTP/1.1" 200 37
114.88.170.9 - - [02/Jul/2020:10:31:03 +0800] "POST /xingrg/services/DataTransmitService HTTP/1.1" 200 412
101.228.167.227 - - [02/Jul/2020:10:31:03 +0800] "POST /xingrg/kc/buy/cgsh_order_operate.html HTTP/1.1" 200 3840
58.37.227.5 - - [02/Jul/2020:10:31:05 +0800] "POST /xingrg/services/DataTransmitService HTTP/1.1" 401 565
58.37.227.5 - - [02/Jul/2020:10:31:05 +0800] "POST /xingrg/services/DataTransmitService HTTP/1.1" 200 478
58.37.227.5 - - [02/Jul/2020:10:31:06 +0800] "POST /xingrg/services/DataTransmitService HTTP/1.1" 200 1320
58.37.227.5 - - [02/Jul/2020:10:31:06 +0800] "POST /xingrg/services/DataTransmitService HTTP/1.1" 200 478
58.37.227.5 - - [02/Jul/2020:10:31:06 +0800] "POST /xingrg/services/DataTransmitService HTTP/1.1" 200 1320
58.37.227.5 - - [02/Jul/2020:10:31:06 +0800] "POST /xingrg/services/DataTransmitService HTTP/1.1" 200 524
58.37.227.5 - - [02/Jul/2020:10:31:06 +0800] "POST /xingrg/services/DataTransmitService HTTP/1.1" 200 2219
58.37.227.5 - - [02/Jul/2020:10:31:06 +0800] "POST /xingrg/services/DataTransmitService HTTP/1.1" 200 45454
58.37.227.5 - - [02/Jul/2020:10:31:06 +0800] "POST /xingrg/services/DataTransmitService HTTP/1.1" 200 19237
114.86.228.2 - - [02/Jul/2020:10:31:06 +0800] "GET /xingrg/all/function/internal_message.html?_=1593657193187&CODE_STATE=getMsg HTTP/1.1" 200 27
116.230.77.149 - - [02/Jul/2020:10:31:07 +0800] "GET /xingrg/kc/buy/cgsh_order_operate.html?command=get_materiel&rest_code=00107&code=00101007061&supplier_code=00100002&order_time=2020-07-02 HTTP/1.1" 200 409
61.172.5.115 - - [02/Jul/2020:10:31:07 +0800] "GET /xingrg/check_reg.html?_=1593657063928 HTTP/1.1" 200 22
61.172.5.115 - - [02/Jul/2020:10:31:07 +0800] "GET /xingrg/all/function/internal_message.html?_=1593657063931&CODE_STATE=getMsg HTTP/1.1" 200 27
101.228.167.227 - - [02/Jul/2020:10:31:07 +0800] "GET /xingrg/kc/buy/cgsh_order_add.html HTTP/1.1" 200 59206
101.228.167.227 - - [02/Jul/2020:10:31:08 +0800] "GET /xingrg/javascript/easyui/themes/default/validatebox.css HTTP/1.1" 404 1104
101.228.167.227 - - [02/Jul/2020:10:31:08 +0800] "POST /xingrg/kc/buy/cgsh_order_operate.html HTTP/1.1" 200 8245
101.85.53.146 - - [02/Jul/2020:10:31:08 +0800] "GET /xingrg/kc/buy/cgsh_order_operate.html?command=get_materiel&rest_code=00145&code=00101012010&supplier_code=00100207&order_time=2020-06-30 HTTP/1.1" 200 411
101.228.167.227 - - [02/Jul/2020:10:31:13 +0800] "GET /xingrg/kc/buy/cgsh_order_operate.html?command=get_materiel&rest_code=00146&code=00101028009&supplier_code=00100017&order_time=2020-07-02 HTTP/1.1" 200 463
114.88.170.9 - - [02/Jul/2020:10:31:14 +0800] "GET /xingrg/login.html HTTP/1.1" 200 7641
101.85.53.146 - - [02/Jul/2020:10:31:14 +0800] "GET /xingrg/all/function/internal_message.html?_=1593656475396&CODE_STATE=getMsg HTTP/1.1" 200 27
114.88.170.9 - - [02/Jul/2020:10:31:15 +0800] "GET /xingrg/images/blue/jxLogo.png HTTP/1.1" 200 6156
117.131.5.26 - - [02/Jul/2020:10:31:15 +0800] "GET /xingrg/check_reg.html?_=1593657441913 HTTP/1.1" 200 22
117.131.5.26 - - [02/Jul/2020:10:31:15 +0800] "GET /xingrg/all/function/internal_message.html?_=1593657441915&CODE_STATE=getMsg HTTP/1.1" 200 27
117.184.7.30 - - [02/Jul/2020:10:31:15 +0800] "GET /xingrg/all/function/internal_message.html?_=1593657067457&CODE_STATE=getMsg HTTP/1.1" 200 27
172.17.0.120 - - [02/Jul/2020:10:31:16 +0800] "GET /xingrg/all/function/internal_message.html?_=1593657072442&CODE_STATE=getMsg HTTP/1.1" 200 27
222.69.138.0 - - [02/Jul/2020:10:31:16 +0800] "GET /xingrg/all/function/internal_message.html?_=1593657069630&CODE_STATE=getMsg HTTP/1.1" 200 27
116.230.77.149 - - [02/Jul/2020:10:31:16 +0800] "GET /xingrg/check_reg.html?_=1593657074634 HTTP/1.1" 302 -
172.17.0.240 - - [02/Jul/2020:10:31:18 +0800] "GET /xingrg/all/function/internal_message.html?_=1593657075498&CODE_STATE=getMsg HTTP/1.1" 200 27
101.228.167.227 - - [02/Jul/2020:10:31:18 +0800] "GET /xingrg/kc/buy/cgsh_order_operate.html?command=get_materiel&rest_code=00146&code=00101007049&supplier_code=00100002&order_time=2020-07-02 HTTP/1.1" 200 409
114.88.170.9 - - [02/Jul/2020:10:31:18 +0800] "GET /xingrg/images/blue/login_bg.png HTTP/1.1" 200 22101
114.88.170.9 - - [02/Jul/2020:10:31:18 +0800] "GET /xingrg/images/blue/hj.png HTTP/1.1" 200 1014
114.88.170.9 - - [02/Jul/2020:10:31:18 +0800] "GET /xingrg/images/blue/srbg.png HTTP/1.1" 200 138
172.17.0.101 - - [02/Jul/2020:10:31:19 +0800] "GET /xingrg/all/function/internal_message.html?_=1593657097279&CODE_STATE=getMsg HTTP/1.1" 200 27
58.37.227.5 - - [02/Jul/2020:10:31:20 +0800] "POST /xingrg/services/DataTransmitService HTTP/1.1" 200 524
117.184.7.26 - - [02/Jul/2020:10:31:21 +0800] "GET /xingrg/all/function/internal_message.html?_=1593657073439&CODE_STATE=getMsg HTTP/1.1" 200 27
114.84.32.201 - - [02/Jul/2020:10:31:21 +0800] "GET /xingrg/check_reg.html?_=1593657077338 HTTP/1.1" 200 22
116.230.77.149 - - [02/Jul/2020:10:31:22 +0800] "GET /xingrg/kc/buy/cgsh_order_operate.html?command=get_materiel&rest_code=00107&code=00101007049&supplier_code=00100002&order_time=2020-07-02 HTTP/1.1" 200 409
172.17.0.106 - - [02/Jul/2020:10:31:22 +0800] "GET /xingrg/all/function/internal_message.html?_=1593657080719&CODE_STATE=getMsg HTTP/1.1" 200 27
58.37.227.5 - - [02/Jul/2020:10:31:24 +0800] "POST /xingrg/services/DataTransmitService HTTP/1.1" 200 501
58.40.7.146 - - [02/Jul/2020:10:31:25 +0800] "GET /xingrg/all/function/internal_message.html?_=1593657083614&CODE_STATE=getMsg HTTP/1.1" 200 27
58.37.227.5 - - [02/Jul/2020:10:31:28 +0800] "POST /xingrg/services/DataTransmitService HTTP/1.1" 200 524
58.37.227.5 - - [02/Jul/2020:10:31:29 +0800] "POST /xingrg/services/DataTransmitService HTTP/1.1" 200 501
58.37.227.5 - - [02/Jul/2020:10:31:29 +0800] "POST /xingrg/services/DataTransmitService HTTP/1.1" 200 501
101.228.167.227 - - [02/Jul/2020:10:31:30 +0800] "GET /xingrg/kc/buy/cgsh_order_operate.html?command=get_materiel&rest_code=00146&code=00101007048&supplier_code=00100002&order_time=2020-07-02 HTTP/1.1" 200 410
180.175.214.200 - - [02/Jul/2020:10:31:31 +0800] "GET /xingrg/all/function/internal_message.html?_=1593657295855&CODE_STATE=getMsg HTTP/1.1" 200 27
114.88.170.9 - - [02/Jul/2020:10:31:31 +0800] "GET /xingrg/check_reg.html?_=1593657111851 HTTP/1.1" 200 22
114.88.170.9 - - [02/Jul/2020:10:31:31 +0800] "GET /xingrg/all/function/internal_message.html?_=1593657111848&CODE_STATE=getMsg HTTP/1.1" 200 27
58.37.227.5 - - [02/Jul/2020:10:31:33 +0800] "POST /xingrg/services/DataTransmitService HTTP/1.1" 200 501
116.230.77.149 - - [02/Jul/2020:10:31:33 +0800] "GET /xingrg/kc/buy/cgsh_order_operate.html?command=get_materiel&rest_code=00107&code=00101007059&supplier_code=00100002&order_time=2020-07-02 HTTP/1.1" 200 409
58.37.227.5 - - [02/Jul/2020:10:31:35 +0800] "POST /xingrg/services/DataTransmitService HTTP/1.1" 200 501
58.37.227.5 - - [02/Jul/2020:10:31:35 +0800] "POST /xingrg/services/DataTransmitService HTTP/1.1" 200 501
101.228.167.227 - - [02/Jul/2020:10:31:35 +0800] "GET /xingrg/all/function/internal_message.html?_=1593657107358&CODE_STATE=getMsg HTTP/1.1" 200 27
58.37.227.5 - - [02/Jul/2020:10:31:36 +0800] "POST /xingrg/services/DataTransmitService HTTP/1.1" 200 501
58.37.227.5 - - [02/Jul/2020:10:31:36 +0800] "POST /xingrg/services/DataTransmitService HTTP/1.1" 200 501
58.37.227.5 - - [02/Jul/2020:10:31:36 +0800] "POST /xingrg/services/DataTransmitService HTTP/1.1" 200 501
58.37.227.5 - - [02/Jul/2020:10:31:36 +0800] "POST /xingrg/services/DataTransmitService HTTP/1.1" 200 501
58.37.227.5 - - [02/Jul/2020:10:31:37 +0800] "POST /xingrg/services/DataTransmitService HTTP/1.1" 200 412
101.228.167.227 - - [02/Jul/2020:10:31:41 +0800] "GET /xingrg/kc/buy/cgsh_order_operate.html?command=get_materiel&rest_code=00146&code=00101007081&supplier_code=00100002&order_time=2020-07-02 HTTP/1.1" 200 413
116.230.77.149 - - [02/Jul/2020:10:31:45 +0800] "POST /xingrg/kc/buy/cgsh_order_operate.html HTTP/1.1" 200 37
172.17.0.102 - - [02/Jul/2020:10:31:46 +0800] "GET /xingrg/all/function/internal_message.html?_=1593657103942&CODE_STATE=getMsg HTTP/1.1" 200 27
101.228.167.227 - - [02/Jul/2020:10:31:55 +0800] "GET /xingrg/kc/buy/cgsh_order_operate.html?command=get_materiel&rest_code=00146&code=00101007059&supplier_code=00100002&order_time=2020-07-02 HTTP/1.1" 200 409
114.89.80.44 - - [02/Jul/2020:10:31:57 +0800] "GET /xingrg/all/function/internal_message.html?_=1593657114892&CODE_STATE=getMsg HTTP/1.1" 200 27
116.230.77.149 - - [02/Jul/2020:10:31:59 +0800] "POST /xingrg/kc/buy/cgsh_order_operate.html HTTP/1.1" 200 4422
116.230.77.149 - - [02/Jul/2020:10:32:01 +0800] "GET /xingrg/kc/print/load_data.html?order_code=212020070200441&kc_code=cgsh&condition= HTTP/1.1" 200 1404
114.86.228.2 - - [02/Jul/2020:10:32:02 +0800] "GET /xingrg/check_reg.html?_=1593657253156 HTTP/1.1" 200 22
114.86.228.2 - - [02/Jul/2020:10:32:02 +0800] "GET /xingrg/all/function/internal_message.html?_=1593657253187&CODE_STATE=getMsg HTTP/1.1" 200 27
101.228.167.227 - - [02/Jul/2020:10:32:02 +0800] "GET /xingrg/all/function/internal_message.html?_=1593657131588&CODE_STATE=getMsg HTTP/1.1" 200 27
114.88.170.9 - - [02/Jul/2020:10:32:02 +0800] "GET /xingrg/all/function/internal_message.html?_=1593657118811&CODE_STATE=getMsg HTTP/1.1" 200 27
101.228.167.227 - - [02/Jul/2020:10:32:06 +0800] "GET /xingrg/kc/buy/cgsh_order_operate.html?command=get_materiel&rest_code=00146&code=00101026025&supplier_code=00100017&order_time=2020-07-02 HTTP/1.1" 200 469
101.228.167.227 - - [02/Jul/2020:10:32:06 +0800] "GET /xingrg/kc/buy/cgsh_order_operate.html?command=get_materiel&rest_code=00146&code=00101007039&supplier_code=00100002&order_time=2020-07-02 HTTP/1.1" 200 413
61.172.5.115 - - [02/Jul/2020:10:32:07 +0800] "GET /xingrg/all/function/internal_message.html?_=1593657123931&CODE_STATE=getMsg HTTP/1.1" 200 27
114.88.170.9 - - [02/Jul/2020:10:32:10 +0800] "POST /xingrg/services/DataTransmitService HTTP/1.1" 401 565
114.88.170.9 - - [02/Jul/2020:10:32:10 +0800] "POST /xingrg/services/DataTransmitService HTTP/1.1" 200 478
114.88.170.9 - - [02/Jul/2020:10:32:10 +0800] "POST /xingrg/services/DataTransmitService HTTP/1.1" 200 1320
114.88.170.9 - - [02/Jul/2020:10:32:10 +0800] "POST /xingrg/services/DataTransmitService HTTP/1.1" 200 478
114.88.170.9 - - [02/Jul/2020:10:32:10 +0800] "POST /xingrg/services/DataTransmitService HTTP/1.1" 200 1320
114.88.170.9 - - [02/Jul/2020:10:32:10 +0800] "POST /xingrg/services/DataTransmitService HTTP/1.1" 200 524
114.88.170.9 - - [02/Jul/2020:10:32:10 +0800] "POST /xingrg/services/DataTransmitService HTTP/1.1" 200 2479
116.230.77.149 - - [02/Jul/2020:10:32:11 +0800] "GET /xingrg/kc/buy/cgsh_order_add.html HTTP/1.1" 200 59247
114.88.170.9 - - [02/Jul/2020:10:32:11 +0800] "POST /xingrg/services/DataTransmitService HTTP/1.1" 200 165959
116.230.77.149 - - [02/Jul/2020:10:32:12 +0800] "POST /xingrg/kc/buy/cgsh_order_operate.html HTTP/1.1" 200 8245
116.230.77.149 - - [02/Jul/2020:10:32:12 +0800] "GET /xingrg/javascript/easyui/themes/default/validatebox.css HTTP/1.1" 404 1104
116.230.77.149 - - [02/Jul/2020:10:32:13 +0800] "GET /xingrg/javascript/easyui/themes/default/tree.css HTTP/1.1" 404 1090
116.230.77.149 - - [02/Jul/2020:10:32:13 +0800] "POST /xingrg/all/common/load_tree.html?tree=supplier_tree_json&isDelete=1 HTTP/1.1" 200 49424
101.85.53.146 - - [02/Jul/2020:10:32:14 +0800] "GET /xingrg/all/function/internal_message.html?_=1593656535394&CODE_STATE=getMsg HTTP/1.1" 200 27
117.131.5.26 - - [02/Jul/2020:10:32:15 +0800] "GET /xingrg/all/function/internal_message.html?_=1593657501913&CODE_STATE=getMsg HTTP/1.1" 200 27
101.228.167.227 - - [02/Jul/2020:10:32:15 +0800] "POST /xingrg/kc/buy/cgsh_order_operate.html HTTP/1.1" 200 37
117.184.7.30 - - [02/Jul/2020:10:32:15 +0800] "GET /xingrg/all/function/internal_message.html?_=1593657127441&CODE_STATE=getMsg HTTP/1.1" 200 27
172.17.0.120 - - [02/Jul/2020:10:32:16 +0800] "GET /xingrg/all/function/internal_message.html?_=1593657132435&CODE_STATE=getMsg HTTP/1.1" 200 27
222.69.138.0 - - [02/Jul/2020:10:32:16 +0800] "GET /xingrg/all/function/internal_message.html?_=1593657129632&CODE_STATE=getMsg HTTP/1.1" 200 27
101.228.167.227 - - [02/Jul/2020:10:32:17 +0800] "POST /xingrg/kc/buy/cgsh_order_operate.html HTTP/1.1" 200 5012
172.17.0.240 - - [02/Jul/2020:10:32:18 +0800] "GET /xingrg/all/function/internal_message.html?_=1593657135486&CODE_STATE=getMsg HTTP/1.1" 200 27
222.69.138.0 - - [02/Jul/2020:10:32:18 +0800] "GET /xingrg/kc/buy/cgsh_order_add.html HTTP/1.1" 200 59253
222.69.138.0 - - [02/Jul/2020:10:32:19 +0800] "POST /xingrg/kc/buy/cgsh_order_operate.html HTTP/1.1" 200 8245
222.69.138.0 - - [02/Jul/2020:10:32:19 +0800] "GET /xingrg/javascript/easyui/themes/default/validatebox.css HTTP/1.1" 404 1104
172.17.0.101 - - [02/Jul/2020:10:32:19 +0800] "GET /xingrg/all/function/internal_message.html?_=1593657157280&CODE_STATE=getMsg HTTP/1.1" 200 27
117.184.7.26 - - [02/Jul/2020:10:32:21 +0800] "GET /xingrg/all/function/internal_message.html?_=1593657133454&CODE_STATE=getMsg HTTP/1.1" 200 27
172.17.0.106 - - [02/Jul/2020:10:32:22 +0800] "GET /xingrg/all/function/internal_message.html?_=1593657140726&CODE_STATE=getMsg HTTP/1.1" 200 27
101.228.167.227 - - [02/Jul/2020:10:32:24 +0800] "GET /xingrg/kc/buy/cgsh_order_operate.html?command=get_materiel&rest_code=00146&code=00101029005&supplier_code=00100017&order_time=2020-07-02 HTTP/1.1" 200 435
58.40.7.146 - - [02/Jul/2020:10:32:25 +0800] "GET /xingrg/check_reg.html?_=1593657143602 HTTP/1.1" 200 22
58.40.7.146 - - [02/Jul/2020:10:32:25 +0800] "GET /xingrg/all/function/internal_message.html?_=1593657143604&CODE_STATE=getMsg HTTP/1.1" 200 27
180.175.214.200 - - [02/Jul/2020:10:32:31 +0800] "GET /xingrg/all/function/internal_message.html?_=1593657356264&CODE_STATE=getMsg HTTP/1.1" 200 27
114.88.170.9 - - [02/Jul/2020:10:32:31 +0800] "GET /xingrg/all/function/internal_message.html?_=1593657171849&CODE_STATE=getMsg HTTP/1.1" 200 27
101.228.167.227 - - [02/Jul/2020:10:32:35 +0800] "GET /xingrg/all/function/internal_message.html?_=1593657167372&CODE_STATE=getMsg HTTP/1.1" 200 27
222.69.138.0 - - [02/Jul/2020:10:32:39 +0800] "GET /xingrg/kc/buy/cgsh_order_operate.html?command=get_materiel&rest_code=00149&code=00101006109&supplier_code=00100012&order_time=2020-07-02 HTTP/1.1" 200 409
101.228.167.227 - - [02/Jul/2020:10:32:42 +0800] "GET /xingrg/kc/buy/cgsh_order_operate.html?command=get_materiel&rest_code=00146&code=00101029017&supplier_code=00100017&order_time=2020-07-02 HTTP/1.1" 200 447
116.230.77.149 - - [02/Jul/2020:10:32:45 +0800] "GET /xingrg/all/function/internal_message.html?_=1593657158482&CODE_STATE=getMsg HTTP/1.1" 200 27
172.17.0.102 - - [02/Jul/2020:10:32:46 +0800] "GET /xingrg/all/function/internal_message.html?_=1593657163955&CODE_STATE=getMsg HTTP/1.1" 200 27
58.37.227.5 - - [02/Jul/2020:10:32:47 +0800] "GET /xingrg/login.html HTTP/1.1" 200 7641
58.37.227.5 - - [02/Jul/2020:10:32:47 +0800] "GET /xingrg/images/blue/jxLogo.png HTTP/1.1" 304 -
58.37.227.5 - - [02/Jul/2020:10:32:47 +0800] "GET /xingrg/images/blue/login_bg.png HTTP/1.1" 304 -
58.37.227.5 - - [02/Jul/2020:10:32:47 +0800] "GET /xingrg/images/blue/hj.png HTTP/1.1" 304 -
58.37.227.5 - - [02/Jul/2020:10:32:47 +0800] "GET /xingrg/images/blue/srbg.png HTTP/1.1" 304 -
58.37.227.5 - - [02/Jul/2020:10:32:48 +0800] "GET /favicon.ico HTTP/1.1" 404 -
114.89.80.44 - - [02/Jul/2020:10:32:56 +0800] "GET /xingrg/all/function/internal_message.html?_=1593657174868&CODE_STATE=getMsg HTTP/1.1" 200 27
58.37.227.5 - - [02/Jul/2020:10:32:57 +0800] "POST /xingrg/login.do HTTP/1.1" 302 -
58.37.227.5 - - [02/Jul/2020:10:32:57 +0800] "GET /xingrg/index.html?sysBaseUrl=http%3A%2F%2F180.169.147.146%3A18081%2Fxingrg%2F&costTime=42×tamp=1593657177007 HTTP/1.1" 200 16418
58.37.227.5 - - [02/Jul/2020:10:32:57 +0800] "POST /xingrg/login.do HTTP/1.1" 302 -
58.37.227.5 - - [02/Jul/2020:10:32:57 +0800] "GET /xingrg/index.html?sysBaseUrl=http%3A%2F%2F180.169.147.146%3A18081%2Fxingrg%2F&costTime=67×tamp=1593657177160 HTTP/1.1" 200 17419
58.37.227.5 - - [02/Jul/2020:10:32:57 +0800] "GET /xingrg/javascript/jquery_easy_ui/themes/default/easyui.css HTTP/1.1" 304 -
58.37.227.5 - - [02/Jul/2020:10:32:57 +0800] "GET /xingrg/javascript/jquery_easy_ui/themes/icon.css HTTP/1.1" 304 -
58.37.227.5 - - [02/Jul/2020:10:32:57 +0800] "GET /xingrg/css/form.css HTTP/1.1" 304 -
58.37.227.5 - - [02/Jul/2020:10:32:57 +0800] "GET /xingrg/javascript/jquery-1.4.2.min.js HTTP/1.1" 304 -
58.37.227.5 - - [02/Jul/2020:10:32:57 +0800] "GET /xingrg/javascript/jquery_easy_ui/jquery.easyui.min.js HTTP/1.1" 304 -
58.37.227.5 - - [02/Jul/2020:10:32:57 +0800] "GET /xingrg/javascript/jquery.form.js HTTP/1.1" 304 -
58.37.227.5 - - [02/Jul/2020:10:32:57 +0800] "GET /xingrg/javascript/jquery_easy_ui/easyui-lang-zh_CN.js HTTP/1.1" 304 -
58.37.227.5 - - [02/Jul/2020:10:32:57 +0800] "GET /xingrg/javascript/jquery.utils.js HTTP/1.1" 304 -
58.37.227.5 - - [02/Jul/2020:10:32:57 +0800] "GET /xingrg/javascript/jquery.timers.js HTTP/1.1" 304 -
114.86.228.2 - - [02/Jul/2020:10:32:57 +0800] "GET /xingrg/all/function/internal_message.html?_=1593657313187&CODE_STATE=getMsg HTTP/1.1" 200 27
58.37.227.5 - - [02/Jul/2020:10:32:58 +0800] "POST /xingrg/all/common/load_tree.html?tree=area_rest_tree_json&manage=1 HTTP/1.1" 200 3088
58.37.227.5 - - [02/Jul/2020:10:32:58 +0800] "GET /xingrg/check_reg.html?_=1593657057666 HTTP/1.1" 200 22
58.37.227.5 - - [02/Jul/2020:10:32:58 +0800] "GET /xingrg/images/blue/navBackgound.jpg HTTP/1.1" 304 -
58.37.227.5 - - [02/Jul/2020:10:32:58 +0800] "GET /xingrg/all/function/internal_message.html?_=1593657057664&CODE_STATE=count HTTP/1.1" 200 11
58.37.227.5 - - [02/Jul/2020:10:32:58 +0800] "GET /xingrg/images/blue/pingpu.png HTTP/1.1" 304 -
58.37.227.5 - - [02/Jul/2020:10:32:58 +0800] "GET /xingrg/javascript/jquery_easy_ui/themes/icons/settle_new.png HTTP/1.1" 304 -
58.37.227.5 - - [02/Jul/2020:10:32:58 +0800] "GET /xingrg/javascript/jquery_easy_ui/themes/default/images/tabs_leftarrow.png HTTP/1.1" 304 -
58.37.227.5 - - [02/Jul/2020:10:32:58 +0800] "GET /xingrg/javascript/jquery_easy_ui/themes/default/images/tabs_rightarrow.png HTTP/1.1" 304 -
58.37.227.5 - - [02/Jul/2020:10:32:58 +0800] "GET /xingrg/javascript/jquery_easy_ui/themes/default/images/panel_tool_collapse.gif HTTP/1.1" 304 -
58.37.227.5 - - [02/Jul/2020:10:32:58 +0800] "GET /xingrg/javascript/jquery_easy_ui/themes/default/images/panel_tool_expand.gif HTTP/1.1" 304 -
58.37.227.5 - - [02/Jul/2020:10:32:58 +0800] "GET /favicon.ico HTTP/1.1" 404 -
58.37.227.5 - - [02/Jul/2020:10:32:58 +0800] "POST /xingrg/load_menu.html HTTP/1.1" 200 9959
58.37.227.5 - - [02/Jul/2020:10:32:58 +0800] "GET /xingrg/javascript/jquery_easy_ui/themes/default/images/tree_arrows.gif HTTP/1.1" 304 -
58.37.227.5 - - [02/Jul/2020:10:32:58 +0800] "GET /xingrg/javascript/jquery_easy_ui/themes/default/images/tree_folder_open.gif HTTP/1.1" 304 -
58.37.227.5 - - [02/Jul/2020:10:32:58 +0800] "GET /xingrg/javascript/jquery_easy_ui/themes/icons/area.png HTTP/1.1" 304 -
58.37.227.5 - - [02/Jul/2020:10:32:58 +0800] "GET /xingrg/javascript/jquery_easy_ui/themes/icons/manage.png HTTP/1.1" 304 -
58.37.227.5 - - [02/Jul/2020:10:32:58 +0800] "GET /xingrg/javascript/jquery_easy_ui/themes/icons/rest.png HTTP/1.1" 304 -
114.89.80.44 - - [02/Jul/2020:10:32:58 +0800] "GET /xingrg/kc/buy/cgsh_order_operate.html?command=get_materiel&rest_code=00151&code=00101006013&supplier_code=00100012&order_time=2020-07-02 HTTP/1.1" 200 409
58.37.227.5 - - [02/Jul/2020:10:32:58 +0800] "GET /xingrg/javascript/jquery_easy_ui/themes/icons/search_new.png HTTP/1.1" 304 -
58.37.227.5 - - [02/Jul/2020:10:32:58 +0800] "GET /xingrg/javascript/jquery_easy_ui/themes/default/images/tree_folder.gif HTTP/1.1" 304 -
58.37.227.5 - - [02/Jul/2020:10:32:58 +0800] "GET /xingrg/javascript/jquery_easy_ui/themes/icons/storage_new.png HTTP/1.1" 304 -
58.37.227.5 - - [02/Jul/2020:10:32:58 +0800] "GET /xingrg/javascript/jquery_easy_ui/themes/icons/checkout_new.png HTTP/1.1" 304 -
58.37.227.5 - - [02/Jul/2020:10:32:58 +0800] "GET /xingrg/javascript/jquery_easy_ui/themes/icons/forms_new.png HTTP/1.1" 304 -
58.37.227.5 - - [02/Jul/2020:10:32:58 +0800] "GET /xingrg/javascript/jquery_easy_ui/themes/icons/systemset_new.png HTTP/1.1" 304 -
58.37.227.5 - - [02/Jul/2020:10:32:58 +0800] "GET /xingrg/javascript/jquery_easy_ui/themes/icons/setting_new.png HTTP/1.1" 304 -
58.37.227.5 - - [02/Jul/2020:10:32:58 +0800] "GET /xingrg/javascript/jquery_easy_ui/themes/default/images/tree_file.gif HTTP/1.1" 304 -
101.228.167.227 - - [02/Jul/2020:10:32:59 +0800] "GET /xingrg/check_reg.html?_=1593657189111 HTTP/1.1" 200 22
58.37.227.5 - - [02/Jul/2020:10:33:00 +0800] "POST /xingrg/load_menu.html HTTP/1.1" 200 9242
172.17.0.185 - - [02/Jul/2020:10:33:01 +0800] "GET /xingrg/check_reg.html?_=1593657178559 HTTP/1.1" 200 22
58.37.227.5 - - [02/Jul/2020:10:33:01 +0800] "GET /xingrg/javascript/jquery_easy_ui/themes/default/images/tabs_close.gif HTTP/1.1" 304 -
58.37.227.5 - - [02/Jul/2020:10:33:01 +0800] "GET /xingrg/javascript/multi_select/jqueryMultiSelect.css HTTP/1.1" 200 951
58.37.227.5 - - [02/Jul/2020:10:33:01 +0800] "GET /xingrg/javascript/calendar/timePicker.css HTTP/1.1" 200 523
58.37.227.5 - - [02/Jul/2020:10:33:01 +0800] "GET /xingrg/javascript/bigrid/fix.css HTTP/1.1" 200 1702
58.37.227.5 - - [02/Jul/2020:10:33:01 +0800] "GET /xingrg/javascript/pic_change.js HTTP/1.1" 200 4739
58.37.227.5 - - [02/Jul/2020:10:33:01 +0800] "GET /xingrg/css/blue.css HTTP/1.1" 200 15949
58.37.227.5 - - [02/Jul/2020:10:33:01 +0800] "GET /xingrg/dwr/interface/AjaxReportQueryService.js HTTP/1.1" 200 13203
58.37.227.5 - - [02/Jul/2020:10:33:01 +0800] "GET /xingrg/all/report/report_query.html?fileName=dma/new_5.0/yingye/order_list.xml HTTP/1.1" 200 55281
58.37.227.5 - - [02/Jul/2020:10:33:01 +0800] "GET /xingrg/javascript/myfunction.js HTTP/1.1" 200 24559
58.37.227.5 - - [02/Jul/2020:10:33:01 +0800] "GET /xingrg/dwr/engine.js HTTP/1.1" 200 43631
58.37.227.5 - - [02/Jul/2020:10:33:01 +0800] "GET /xingrg/javascript/jqueryMultiSelect.js HTTP/1.1" 200 11866
58.37.227.5 - - [02/Jul/2020:10:33:01 +0800] "GET /xingrg/dwr/util.js HTTP/1.1" 200 35990
58.37.227.5 - - [02/Jul/2020:10:33:01 +0800] "GET /xingrg/javascript/Calendar.js HTTP/1.1" 304 -
58.37.227.5 - - [02/Jul/2020:10:33:01 +0800] "GET /xingrg/javascript/calendar/jquery.timePicker.min.js HTTP/1.1" 200 2997
58.37.227.5 - - [02/Jul/2020:10:33:01 +0800] "GET /xingrg/javascript/bigrid/fix.js HTTP/1.1" 200 6439
58.37.227.5 - - [02/Jul/2020:10:33:01 +0800] "GET /xingrg/images/blue/button/advance2over.gif HTTP/1.1" 200 1336
58.37.227.5 - - [02/Jul/2020:10:33:01 +0800] "GET /xingrg/images/blue/button/advanceover.gif HTTP/1.1" 200 1347
58.37.227.5 - - [02/Jul/2020:10:33:01 +0800] "GET /xingrg/images/blue/button/backover.gif HTTP/1.1" 200 1348
58.37.227.5 - - [02/Jul/2020:10:33:01 +0800] "GET /xingrg/images/blue/button/back2over.gif HTTP/1.1" 200 1335
58.37.227.5 - - [02/Jul/2020:10:33:01 +0800] "GET /xingrg/images/control/loading.gif HTTP/1.1" 200 13463
58.37.227.5 - - [02/Jul/2020:10:33:01 +0800] "GET /xingrg/javascript/jquery_easy_ui/themes/icons/help.png HTTP/1.1" 200 1187
58.37.227.5 - - [02/Jul/2020:10:33:01 +0800] "GET /xingrg/javascript/jquery_easy_ui/themes/default/images/menu_downarrow.png HTTP/1.1" 200 173
58.37.227.5 - - [02/Jul/2020:10:33:01 +0800] "GET /xingrg/javascript/jquery_easy_ui/themes/default/images/menu.gif HTTP/1.1" 200 834
58.37.227.5 - - [02/Jul/2020:10:33:01 +0800] "GET /xingrg/javascript/jquery_easy_ui/themes/icons/print.png HTTP/1.1" 200 1057
58.37.227.5 - - [02/Jul/2020:10:33:02 +0800] "GET /xingrg/javascript/jquery_easy_ui/themes/icons/pencil.png HTTP/1.1" 304 -
58.37.227.5 - - [02/Jul/2020:10:33:02 +0800] "GET /xingrg/javascript/jquery_easy_ui/themes/default/images/menu_rightarrow.png HTTP/1.1" 200 3617
58.37.227.5 - - [02/Jul/2020:10:33:02 +0800] "POST /xingrg/dwr/call/plaincall/AjaxReportQueryService.getFixDate.dwr HTTP/1.1" 200 111
58.37.227.5 - - [02/Jul/2020:10:33:02 +0800] "GET /xingrg/javascript/jquery_easy_ui/themes/default/images/combo_arrow_dot.gif HTTP/1.1" 200 79
58.37.227.5 - - [02/Jul/2020:10:33:02 +0800] "POST /xingrg/all/common/load_tree.html?tree=area_station_tree_json&manage=1 HTTP/1.1" 200 2990
58.37.227.5 - - [02/Jul/2020:10:33:02 +0800] "GET /xingrg/javascript/jquery_easy_ui/themes/default/images/tree_checkbox_0.gif HTTP/1.1" 304 -
101.228.167.227 - - [02/Jul/2020:10:33:02 +0800] "GET /xingrg/all/function/internal_message.html?_=1593657191589&CODE_STATE=getMsg HTTP/1.1" 200 27
58.37.227.5 - - [02/Jul/2020:10:33:02 +0800] "POST /xingrg/dwr/call/plaincall/AjaxReportQueryService.getInitString.dwr HTTP/1.1" 200 76
58.37.227.5 - - [02/Jul/2020:10:33:02 +0800] "GET /xingrg/javascript/multi_select/dropdown.gif HTTP/1.1" 200 61
180.175.214.200 - - [02/Jul/2020:10:33:02 +0800] "GET /favicon.ico HTTP/1.1" 404 -
114.88.170.9 - - [02/Jul/2020:10:33:02 +0800] "GET /xingrg/all/function/internal_message.html?_=1593657178843&CODE_STATE=getMsg HTTP/1.1" 200 27
180.175.214.200 - - [02/Jul/2020:10:33:03 +0800] "GET /favicon.ico HTTP/1.1" 404 -
180.175.214.200 - - [02/Jul/2020:10:33:03 +0800] "GET /favicon.ico HTTP/1.1" 404 -
116.230.77.149 - - [02/Jul/2020:10:33:06 +0800] "GET /xingrg/kc/buy/cgsh_order_operate.html?command=get_materiel&rest_code=00107&code=00101011010&supplier_code=00100049&order_time=2020-07-02 HTTP/1.1" 200 418
114.88.170.9 - - [02/Jul/2020:10:33:06 +0800] "POST /xingrg/services/DataTransmitService HTTP/1.1" 200 45454
114.88.170.9 - - [02/Jul/2020:10:33:06 +0800] "POST /xingrg/services/DataTransmitService HTTP/1.1" 200 19237
58.37.227.5 - - [02/Jul/2020:10:33:07 +0800] "GET /xingrg/javascript/jquery_easy_ui/themes/default/images/tree_checkbox_1.gif HTTP/1.1" 304 -
58.37.227.5 - - [02/Jul/2020:10:33:07 +0800] "GET /xingrg/javascript/jquery_easy_ui/themes/default/images/tree_checkbox_2.gif HTTP/1.1" 304 -
58.37.227.5 - - [02/Jul/2020:10:33:07 +0800] "POST /xingrg/dwr/call/plaincall/AjaxReportQueryService.queryInitializeString.dwr HTTP/1.1" 200 139
61.172.5.115 - - [02/Jul/2020:10:33:07 +0800] "GET /xingrg/all/function/internal_message.html?_=1593657183957&CODE_STATE=getMsg HTTP/1.1" 200 27
180.175.214.200 - - [02/Jul/2020:10:33:07 +0800] "GET /xingrg/index.html?sysBaseUrl=http%3A%2F%2F180.169.147.146%3A18081%2Fxingrg%2F&costTime=50×tamp=1593052218187 HTTP/1.1" 302 -
180.175.214.200 - - [02/Jul/2020:10:33:07 +0800] "GET /xingrg/login.html HTTP/1.1" 200 7641
58.37.227.5 - - [02/Jul/2020:10:33:08 +0800] "POST /xingrg/dwr/call/plaincall/AjaxReportQueryService.refreshCache.dwr HTTP/1.1" 200 78
58.37.227.5 - - [02/Jul/2020:10:33:08 +0800] "POST /xingrg/all/report/load_report_page.html HTTP/1.1" 200 109775
58.37.227.5 - - [02/Jul/2020:10:33:08 +0800] "GET /xingrg/images/blue/button/back2.gif HTTP/1.1" 200 1339
58.37.227.5 - - [02/Jul/2020:10:33:08 +0800] "GET /xingrg/images/blue/button/back.gif HTTP/1.1" 200 1352
58.37.227.5 - - [02/Jul/2020:10:33:08 +0800] "GET /xingrg/servlets/image?cache=0.4079604830206821&image=px HTTP/1.1" 200 807
114.89.80.44 - - [02/Jul/2020:10:33:09 +0800] "GET /xingrg/kc/buy/cgsh_order_operate.html?command=get_materiel&rest_code=00151&code=00101006027&supplier_code=00100012&order_time=2020-07-02 HTTP/1.1" 200 409
58.37.227.5 - - [02/Jul/2020:10:33:10 +0800] "POST /xingrg/all/report/load_report_page.html HTTP/1.1" 200 8212
180.175.214.200 - - [02/Jul/2020:10:33:13 +0800] "GET /favicon.ico HTTP/1.1" 404 -
101.85.53.146 - - [02/Jul/2020:10:33:13 +0800] "GET /xingrg/all/function/internal_message.html?_=1593656595389&CODE_STATE=getMsg HTTP/1.1" 200 27
101.228.167.227 - - [02/Jul/2020:10:33:14 +0800] "GET /xingrg/kc/buy/cgsh_order_operate.html?command=get_materiel&rest_code=00146&code=00101029022&supplier_code=00100017&order_time=2020-07-02 HTTP/1.1" 200 452
117.131.5.26 - - [02/Jul/2020:10:33:15 +0800] "GET /xingrg/all/function/internal_message.html?_=1593657561910&CODE_STATE=getMsg HTTP/1.1" 200 27
117.184.7.30 - - [02/Jul/2020:10:33:15 +0800] "GET /xingrg/all/function/internal_message.html?_=1593657187429&CODE_STATE=getMsg HTTP/1.1" 200 27
172.17.0.120 - - [02/Jul/2020:10:33:16 +0800] "GET /xingrg/check_reg.html?_=1593657192440 HTTP/1.1" 200 22
172.17.0.120 - - [02/Jul/2020:10:33:16 +0800] "GET /xingrg/all/function/internal_message.html?_=1593657192443&CODE_STATE=getMsg HTTP/1.1" 200 27
222.69.138.0 - - [02/Jul/2020:10:33:16 +0800] "GET /xingrg/all/function/internal_message.html?_=1593657189645&CODE_STATE=getMsg HTTP/1.1" 200 27
172.17.0.101 - - [02/Jul/2020:10:33:17 +0800] "POST /xingrg/dwr/call/plaincall/AjaxReportQueryService.refreshCache.dwr HTTP/1.1" 200 78
172.17.0.101 - - [02/Jul/2020:10:33:17 +0800] "POST /xingrg/all/report/load_report_page.html HTTP/1.1" 200 13223
172.17.0.101 - - [02/Jul/2020:10:33:17 +0800] "GET /xingrg/servlets/image?cache=0.7151146670196591&image=px HTTP/1.1" 200 807
114.89.80.44 - - [02/Jul/2020:10:33:18 +0800] "GET /xingrg/kc/buy/cgsh_order_operate.html?command=get_materiel&rest_code=00151&code=00101006055&supplier_code=00100012&order_time=2020-07-02 HTTP/1.1" 200 409
172.17.0.240 - - [02/Jul/2020:10:33:18 +0800] "GET /xingrg/all/function/internal_message.html?_=1593657195487&CODE_STATE=getMsg HTTP/1.1" 200 27
172.17.0.101 - - [02/Jul/2020:10:33:19 +0800] "GET /xingrg/check_reg.html?_=1593657217309 HTTP/1.1" 200 22
172.17.0.101 - - [02/Jul/2020:10:33:19 +0800] "GET /xingrg/all/function/internal_message.html?_=1593657217312&CODE_STATE=getMsg HTTP/1.1" 200 27
180.175.214.200 - - [02/Jul/2020:10:33:19 +0800] "POST /xingrg/login.do HTTP/1.1" 302 -
180.175.214.200 - - [02/Jul/2020:10:33:19 +0800] "GET /xingrg/index.html?sysBaseUrl=http%3A%2F%2F180.169.147.146%3A18081%2Fxingrg%2F&costTime=41×tamp=1593657199607 HTTP/1.1" 200 17413
117.184.7.26 - - [02/Jul/2020:10:33:21 +0800] "GET /xingrg/check_reg.html?_=1593657193309 HTTP/1.1" 200 22
117.184.7.26 - - [02/Jul/2020:10:33:21 +0800] "GET /xingrg/all/function/internal_message.html?_=1593657193471&CODE_STATE=getMsg HTTP/1.1" 200 27
116.230.77.149 - - [02/Jul/2020:10:33:21 +0800] "GET /xingrg/kc/buy/cgsh_order_operate.html?command=get_materiel&rest_code=00107&code=00101011012&supplier_code=00100049&order_time=2020-07-02 HTTP/1.1" 200 412
180.175.214.200 - - [02/Jul/2020:10:33:22 +0800] "POST /xingrg/all/common/load_tree.html?tree=area_rest_tree_json&manage=1 HTTP/1.1" 200 342
172.17.0.106 - - [02/Jul/2020:10:33:22 +0800] "GET /xingrg/all/function/internal_message.html?_=1593657200724&CODE_STATE=getMsg HTTP/1.1" 200 27
180.175.214.200 - - [02/Jul/2020:10:33:23 +0800] "GET /xingrg/check_reg.html?_=1593657199870 HTTP/1.1" 200 22
180.175.214.200 - - [02/Jul/2020:10:33:23 +0800] "GET /xingrg/all/function/internal_message.html?_=1593657199869&CODE_STATE=count HTTP/1.1" 200 11
180.175.214.200 - - [02/Jul/2020:10:33:23 +0800] "GET /favicon.ico HTTP/1.1" 404 -
180.175.214.200 - - [02/Jul/2020:10:33:23 +0800] "POST /xingrg/load_menu.html HTTP/1.1" 200 9959
101.85.53.146 - - [02/Jul/2020:10:33:25 +0800] "POST /xingrg/kc/buy/cgsh_order_operate.html HTTP/1.1" 200 37
58.40.7.146 - - [02/Jul/2020:10:33:25 +0800] "GET /xingrg/all/function/internal_message.html?_=1593657203607&CODE_STATE=getMsg HTTP/1.1" 200 27
58.221.95.50 - - [02/Jul/2020:10:33:26 +0800] "GET /xingrg/check_reg.html?_=1593657293362 HTTP/1.1" 302 -
101.85.53.146 - - [02/Jul/2020:10:33:29 +0800] "POST /xingrg/kc/buy/cgsh_order_operate.html HTTP/1.1" 200 12
180.175.214.200 - - [02/Jul/2020:10:33:30 +0800] "GET /favicon.ico HTTP/1.1" 404 -
101.85.53.146 - - [02/Jul/2020:10:33:31 +0800] "GET /xingrg/kc/buy/cgsh_order_info.html?code=212020070200443 HTTP/1.1" 200 53227
116.230.77.149 - - [02/Jul/2020:10:33:31 +0800] "GET /xingrg/kc/buy/cgsh_order_operate.html?command=get_materiel&rest_code=00107&code=00101016007&supplier_code=00100049&order_time=2020-07-02 HTTP/1.1" 200 429
180.175.214.200 - - [02/Jul/2020:10:33:31 +0800] "GET /favicon.ico HTTP/1.1" 404 -
101.85.53.146 - - [02/Jul/2020:10:33:31 +0800] "POST /xingrg/kc/buy/cgsh_order_operate.html HTTP/1.1" 200 8338
180.175.214.200 - - [02/Jul/2020:10:33:31 +0800] "GET /xingrg/all/function/internal_message.html?_=1593657416272&CODE_STATE=getMsg HTTP/1.1" 200 27
114.88.170.9 - - [02/Jul/2020:10:33:31 +0800] "GET /xingrg/all/function/internal_message.html?_=1593657231844&CODE_STATE=getMsg HTTP/1.1" 200 27
180.175.214.200 - - [02/Jul/2020:10:33:32 +0800] "GET /favicon.ico HTTP/1.1" 404 -
101.85.53.146 - - [02/Jul/2020:10:33:34 +0800] "GET /xingrg/javascript/easyui/themes/default/validatebox.css HTTP/1.1" 404 1104
101.85.53.146 - - [02/Jul/2020:10:33:35 +0800] "GET /xingrg/kc/print/load_config.html?kc_code=cgsh HTTP/1.1" 200 1845
101.85.53.146 - - [02/Jul/2020:10:33:35 +0800] "GET /xingrg/kc/print/load_data.html?order_code=212020070200443&kc_code=cgsh&condition= HTTP/1.1" 200 3645
101.228.167.227 - - [02/Jul/2020:10:33:35 +0800] "GET /xingrg/all/function/internal_message.html?_=1593657227385&CODE_STATE=getMsg HTTP/1.1" 200 27
58.37.227.5 - - [02/Jul/2020:10:33:40 +0800] "POST /xingrg/dwr/call/plaincall/AjaxReportQueryService.refreshCache.dwr HTTP/1.1" 200 78
101.228.167.227 - - [02/Jul/2020:10:33:45 +0800] "GET /xingrg/kc/buy/cgsh_order_operate.html?command=get_materiel&rest_code=00146&code=00101029023&supplier_code=00100017&order_time=2020-07-02 HTTP/1.1" 200 456
116.230.77.149 - - [02/Jul/2020:10:33:45 +0800] "GET /xingrg/all/function/internal_message.html?_=1593657218465&CODE_STATE=getMsg HTTP/1.1" 200 27
101.85.53.146 - - [02/Jul/2020:10:33:46 +0800] "GET /xingrg/kc/buy/cgsh_order_add.html HTTP/1.1" 200 58325
101.85.53.146 - - [02/Jul/2020:10:33:46 +0800] "GET /xingrg/javascript/easyui/themes/default/validatebox.css HTTP/1.1" 404 1104
101.85.53.146 - - [02/Jul/2020:10:33:46 +0800] "POST /xingrg/kc/buy/cgsh_order_operate.html HTTP/1.1" 200 8245
172.17.0.102 - - [02/Jul/2020:10:33:46 +0800] "GET /xingrg/all/function/internal_message.html?_=1593657223971&CODE_STATE=getMsg HTTP/1.1" 200 27
58.37.227.5 - - [02/Jul/2020:10:33:50 +0800] "GET /xingrg/all/report/report_query.html?fileName=dma/new_5.0/yingye/order_list.xml HTTP/1.1" 200 16412
116.230.77.149 - - [02/Jul/2020:10:33:51 +0800] "GET /xingrg/kc/buy/cgsh_order_operate.html?command=get_materiel&rest_code=00107&code=00101013011&supplier_code=00100049&order_time=2020-07-02 HTTP/1.1" 200 449
222.69.138.0 - - [02/Jul/2020:10:33:52 +0800] "GET /xingrg/kc/buy/cgsh_order_operate.html?command=get_materiel&rest_code=00149&code=00101006108&supplier_code=00100012&order_time=2020-07-02 HTTP/1.1" 200 421
114.86.228.2 - - [02/Jul/2020:10:33:52 +0800] "GET /xingrg/all/function/internal_message.html?_=1593657373187&CODE_STATE=getMsg HTTP/1.1" 200 27
114.89.80.44 - - [02/Jul/2020:10:33:56 +0800] "GET /xingrg/all/function/internal_message.html?_=1593657234860&CODE_STATE=getMsg HTTP/1.1" 200 27
58.37.227.5 - - [02/Jul/2020:10:33:58 +0800] "GET /xingrg/all/function/internal_message.html?_=1593657117672&CODE_STATE=getMsg HTTP/1.1" 200 27
58.37.227.5 - - [02/Jul/2020:10:33:58 +0800] "GET /xingrg/all/report/report_query.html?fileName=dma/new_5.0/yingye/order_list.xml HTTP/1.1" 200 8212
116.230.77.149 - - [02/Jul/2020:10:34:01 +0800] "POST /xingrg/kc/buy/cgsh_order_operate.html HTTP/1.1" 200 37
101.228.167.227 - - [02/Jul/2020:10:34:02 +0800] "GET /xingrg/all/function/internal_message.html?_=1593657251602&CODE_STATE=getMsg HTTP/1.1" 200 27
114.88.170.9 - - [02/Jul/2020:10:34:02 +0800] "GET /xingrg/all/function/internal_message.html?_=1593657238854&CODE_STATE=getMsg HTTP/1.1" 200 27
116.230.77.149 - - [02/Jul/2020:10:34:03 +0800] "POST /xingrg/kc/buy/cgsh_order_operate.html HTTP/1.1" 200 4471
116.230.77.149 - - [02/Jul/2020:10:34:05 +0800] "GET /xingrg/kc/print/load_data.html?order_code=212020070200444&kc_code=cgsh&condition= HTTP/1.1" 200 1435
61.172.5.115 - - [02/Jul/2020:10:34:07 +0800] "GET /xingrg/all/function/internal_message.html?_=1593657243957&CODE_STATE=getMsg HTTP/1.1" 200 27
101.85.53.146 - - [02/Jul/2020:10:34:13 +0800] "GET /xingrg/check_reg.html?_=1593656655390 HTTP/1.1" 200 22
101.85.53.146 - - [02/Jul/2020:10:34:14 +0800] "GET /xingrg/all/function/internal_message.html?_=1593656655392&CODE_STATE=getMsg HTTP/1.1" 200 27
222.69.138.0 - - [02/Jul/2020:10:34:14 +0800] "GET /xingrg/kc/buy/cgsh_order_operate.html?command=get_materiel&rest_code=00149&code=00101006130&supplier_code=00100012&order_time=2020-07-02 HTTP/1.1" 200 427
117.131.5.26 - - [02/Jul/2020:10:34:15 +0800] "GET /xingrg/all/function/internal_message.html?_=1593657621909&CODE_STATE=getMsg HTTP/1.1" 200 27
117.184.7.30 - - [02/Jul/2020:10:34:15 +0800] "GET /xingrg/all/function/internal_message.html?_=1593657247422&CODE_STATE=getMsg HTTP/1.1" 200 27
172.17.0.120 - - [02/Jul/2020:10:34:16 +0800] "GET /xingrg/all/function/internal_message.html?_=1593657252430&CODE_STATE=getMsg HTTP/1.1" 200 27
222.69.138.0 - - [02/Jul/2020:10:34:16 +0800] "GET /xingrg/all/function/internal_message.html?_=1593657249633&CODE_STATE=getMsg HTTP/1.1" 200 27
172.17.0.240 - - [02/Jul/2020:10:34:18 +0800] "GET /xingrg/all/function/internal_message.html?_=1593657255488&CODE_STATE=getMsg HTTP/1.1" 200 27
101.228.167.227 - - [02/Jul/2020:10:34:19 +0800] "GET /xingrg/kc/buy/cgsh_order_operate.html?command=get_materiel&rest_code=00146&code=00101029002&supplier_code=00100017&order_time=2020-07-02 HTTP/1.1" 200 450
58.37.227.5 - - [02/Jul/2020:10:34:20 +0800] "GET /xingrg/javascript/jquery_easy_ui/themes/default/easyui.css HTTP/1.1" 304 -
58.37.227.5 - - [02/Jul/2020:10:34:20 +0800] "GET /xingrg/javascript/jquery_easy_ui/themes/icon.css HTTP/1.1" 304 -
58.37.227.5 - - [02/Jul/2020:10:34:20 +0800] "GET /xingrg/index.html?sysBaseUrl=http%3A%2F%2F180.169.147.146%3A18081%2Fxingrg%2F&costTime=67×tamp=1593657177160 HTTP/1.1" 200 17419
58.37.227.5 - - [02/Jul/2020:10:34:20 +0800] "GET /xingrg/css/form.css HTTP/1.1" 304 -
58.37.227.5 - - [02/Jul/2020:10:34:20 +0800] "GET /xingrg/javascript/jquery-1.4.2.min.js HTTP/1.1" 304 -
58.37.227.5 - - [02/Jul/2020:10:34:20 +0800] "GET /xingrg/javascript/jquery_easy_ui/jquery.easyui.min.js HTTP/1.1" 304 -
58.37.227.5 - - [02/Jul/2020:10:34:20 +0800] "GET /xingrg/javascript/jquery_easy_ui/easyui-lang-zh_CN.js HTTP/1.1" 304 -
58.37.227.5 - - [02/Jul/2020:10:34:20 +0800] "GET /xingrg/javascript/jquery.form.js HTTP/1.1" 304 -
58.37.227.5 - - [02/Jul/2020:10:34:20 +0800] "GET /xingrg/javascript/jquery.utils.js HTTP/1.1" 304 -
58.37.227.5 - - [02/Jul/2020:10:34:20 +0800] "GET /xingrg/javascript/jquery.timers.js HTTP/1.1" 304 -
58.37.227.5 - - [02/Jul/2020:10:34:20 +0800] "GET /xingrg/images/blue/jxLogo.png HTTP/1.1" 304 -
58.37.227.5 - - [02/Jul/2020:10:34:20 +0800] "GET /xingrg/images/blue/pingpu.png HTTP/1.1" 304 -
58.37.227.5 - - [02/Jul/2020:10:34:20 +0800] "GET /xingrg/javascript/jquery_easy_ui/themes/icons/settle_new.png HTTP/1.1" 304 -
58.37.227.5 - - [02/Jul/2020:10:34:20 +0800] "GET /xingrg/images/blue/navBackgound.jpg HTTP/1.1" 304 -
58.37.227.5 - - [02/Jul/2020:10:34:20 +0800] "GET /xingrg/check_reg.html?_=1593657140145 HTTP/1.1" 200 22
58.37.227.5 - - [02/Jul/2020:10:34:20 +0800] "GET /xingrg/javascript/jquery_easy_ui/themes/default/images/panel_tool_collapse.gif HTTP/1.1" 304 -
58.37.227.5 - - [02/Jul/2020:10:34:20 +0800] "GET /xingrg/javascript/jquery_easy_ui/themes/default/images/panel_tool_expand.gif HTTP/1.1" 304 -
58.37.227.5 - - [02/Jul/2020:10:34:20 +0800] "GET /xingrg/javascript/jquery_easy_ui/themes/default/images/tabs_rightarrow.png HTTP/1.1" 304 -
58.37.227.5 - - [02/Jul/2020:10:34:20 +0800] "GET /xingrg/all/function/internal_message.html?_=1593657140144&CODE_STATE=count HTTP/1.1" 200 11
58.37.227.5 - - [02/Jul/2020:10:34:20 +0800] "GET /xingrg/javascript/jquery_easy_ui/themes/default/images/tabs_leftarrow.png HTTP/1.1" 304 -
58.37.227.5 - - [02/Jul/2020:10:34:20 +0800] "POST /xingrg/all/common/load_tree.html?tree=area_rest_tree_json&manage=1 HTTP/1.1" 200 3088
58.37.227.5 - - [02/Jul/2020:10:34:20 +0800] "POST /xingrg/load_menu.html HTTP/1.1" 200 9959
117.184.7.26 - - [02/Jul/2020:10:34:21 +0800] "GET /xingrg/all/function/internal_message.html?_=1593657253482&CODE_STATE=getMsg HTTP/1.1" 200 27
172.17.0.106 - - [02/Jul/2020:10:34:22 +0800] "GET /xingrg/check_reg.html?_=1593657260733 HTTP/1.1" 200 22
172.17.0.106 - - [02/Jul/2020:10:34:22 +0800] "GET /xingrg/all/function/internal_message.html?_=1593657260729&CODE_STATE=getMsg HTTP/1.1" 200 27
58.37.227.5 - - [02/Jul/2020:10:34:23 +0800] "POST /xingrg/load_menu.html HTTP/1.1" 200 9242
116.230.77.149 - - [02/Jul/2020:10:34:24 +0800] "GET /xingrg/kc/buy/cgsh_order_add.html HTTP/1.1" 200 59247
114.84.32.201 - - [02/Jul/2020:10:34:24 +0800] "GET /xingrg/check_reg.html?_=1593657260238 HTTP/1.1" 200 22
58.37.227.5 - - [02/Jul/2020:10:34:24 +0800] "GET /xingrg/all/report/report_query.html?fileName=dma/new_5.0/yingye/order_list.xml HTTP/1.1" 200 55281
58.37.227.5 - - [02/Jul/2020:10:34:24 +0800] "GET /xingrg/dwr/interface/AjaxReportQueryService.js HTTP/1.1" 200 13203
58.37.227.5 - - [02/Jul/2020:10:34:24 +0800] "GET /xingrg/dwr/engine.js HTTP/1.1" 200 43631
116.230.77.149 - - [02/Jul/2020:10:34:24 +0800] "GET /xingrg/javascript/easyui/themes/default/validatebox.css HTTP/1.1" 404 1104
116.230.77.149 - - [02/Jul/2020:10:34:24 +0800] "POST /xingrg/kc/buy/cgsh_order_operate.html HTTP/1.1" 200 8245
58.37.227.5 - - [02/Jul/2020:10:34:24 +0800] "POST /xingrg/dwr/call/plaincall/AjaxReportQueryService.getFixDate.dwr HTTP/1.1" 200 111
114.84.32.201 - - [02/Jul/2020:10:34:25 +0800] "GET /xingrg/check_reg.html?_=1593657261003 HTTP/1.1" 200 22
58.37.227.5 - - [02/Jul/2020:10:34:25 +0800] "POST /xingrg/all/common/load_tree.html?tree=area_station_tree_json&manage=1 HTTP/1.1" 200 2990
58.37.227.5 - - [02/Jul/2020:10:34:25 +0800] "POST /xingrg/dwr/call/plaincall/AjaxReportQueryService.getInitString.dwr HTTP/1.1" 200 76
58.40.7.146 - - [02/Jul/2020:10:34:25 +0800] "GET /xingrg/all/function/internal_message.html?_=1593657263610&CODE_STATE=getMsg HTTP/1.1" 200 27
