58.37.227.5 - - [02/Jul/2020:10:34:30 +0800] "POST /xingrg/dwr/call/plaincall/AjaxReportQueryService.queryInitializeString.dwr HTTP/1.1" 200 139
58.37.227.5 - - [02/Jul/2020:10:34:32 +0800] "POST /xingrg/dwr/call/plaincall/AjaxReportQueryService.refreshCache.dwr HTTP/1.1" 200 78
58.37.227.5 - - [02/Jul/2020:10:34:32 +0800] "POST /xingrg/all/report/load_report_page.html HTTP/1.1" 200 115894
58.37.227.5 - - [02/Jul/2020:10:34:32 +0800] "GET /xingrg/servlets/image?cache=0.7281283412434342&image=px HTTP/1.1" 200 807
180.175.214.200 - - [02/Jul/2020:10:34:32 +0800] "GET /xingrg/all/function/internal_message.html?_=1593657476792&CODE_STATE=getMsg HTTP/1.1" 200 27
58.37.227.5 - - [02/Jul/2020:10:34:34 +0800] "POST /xingrg/all/report/load_report_page.html HTTP/1.1" 200 97562
58.37.227.5 - - [02/Jul/2020:10:34:34 +0800] "GET /xingrg/images/blue/button/advance.gif HTTP/1.1" 200 1354
58.37.227.5 - - [02/Jul/2020:10:34:34 +0800] "GET /xingrg/images/blue/button/advance2.gif HTTP/1.1" 200 1338
58.37.227.5 - - [02/Jul/2020:10:34:34 +0800] "GET /xingrg/servlets/image?cache=0.7941817578018577&image=px HTTP/1.1" 200 807
222.69.138.0 - - [02/Jul/2020:10:34:35 +0800] "GET /xingrg/kc/buy/cgsh_order_operate.html?command=get_materiel&rest_code=00149&code=00101006057&supplier_code=00100012&order_time=2020-07-02 HTTP/1.1" 200 413
101.228.167.227 - - [02/Jul/2020:10:34:35 +0800] "GET /xingrg/all/function/internal_message.html?_=1593657287400&CODE_STATE=getMsg HTTP/1.1" 200 27
101.228.167.227 - - [02/Jul/2020:10:34:37 +0800] "GET /xingrg/kc/buy/cgsh_order_operate.html?command=get_materiel&rest_code=00146&code=00101029003&supplier_code=00100017&order_time=2020-07-02 HTTP/1.1" 200 454
116.230.77.149 - - [02/Jul/2020:10:34:45 +0800] "GET /xingrg/check_reg.html?_=1593657278322 HTTP/1.1" 200 22
116.230.77.149 - - [02/Jul/2020:10:34:45 +0800] "GET /xingrg/all/function/internal_message.html?_=1593657278436&CODE_STATE=getMsg HTTP/1.1" 200 27
172.17.0.102 - - [02/Jul/2020:10:34:46 +0800] "GET /xingrg/check_reg.html?_=1593657283961 HTTP/1.1" 200 22
172.17.0.102 - - [02/Jul/2020:10:34:46 +0800] "GET /xingrg/all/function/internal_message.html?_=1593657283963&CODE_STATE=getMsg HTTP/1.1" 200 27
114.86.228.2 - - [02/Jul/2020:10:34:48 +0800] "GET /xingrg/all/function/internal_message.html?_=1593657433187&CODE_STATE=getMsg HTTP/1.1" 200 27
222.69.138.0 - - [02/Jul/2020:10:34:50 +0800] "POST /xingrg/kc/buy/cgsh_order_operate.html HTTP/1.1" 200 37
222.69.138.0 - - [02/Jul/2020:10:34:52 +0800] "POST /xingrg/kc/buy/cgsh_order_operate.html HTTP/1.1" 200 12
222.69.138.0 - - [02/Jul/2020:10:34:53 +0800] "GET /xingrg/kc/buy/cgsh_order_info.html?code=212020070200445 HTTP/1.1" 200 54156
222.69.138.0 - - [02/Jul/2020:10:34:53 +0800] "GET /xingrg/javascript/easyui/themes/default/validatebox.css HTTP/1.1" 404 1104
222.69.138.0 - - [02/Jul/2020:10:34:54 +0800] "POST /xingrg/kc/buy/cgsh_order_operate.html HTTP/1.1" 200 2412
222.69.138.0 - - [02/Jul/2020:10:34:55 +0800] "GET /xingrg/kc/print/load_data.html?order_code=212020070200445&kc_code=cgsh&condition= HTTP/1.1" 200 1506
101.228.167.227 - - [02/Jul/2020:10:34:56 +0800] "GET /xingrg/kc/buy/cgsh_order_operate.html?command=get_materiel&rest_code=00146&code=00101029024&supplier_code=00100017&order_time=2020-07-02 HTTP/1.1" 200 438
114.89.80.44 - - [02/Jul/2020:10:34:56 +0800] "GET /xingrg/all/function/internal_message.html?_=1593657294850&CODE_STATE=getMsg HTTP/1.1" 200 27
116.230.77.149 - - [02/Jul/2020:10:34:57 +0800] "GET /xingrg/javascript/easyui/themes/default/tree.css HTTP/1.1" 404 1090
116.230.77.149 - - [02/Jul/2020:10:34:57 +0800] "POST /xingrg/all/common/load_tree.html?tree=supplier_tree_json&isDelete=1 HTTP/1.1" 200 49424
101.228.167.227 - - [02/Jul/2020:10:35:02 +0800] "GET /xingrg/all/function/internal_message.html?_=1593657311615&CODE_STATE=getMsg HTTP/1.1" 200 27
114.88.170.9 - - [02/Jul/2020:10:35:03 +0800] "GET /xingrg/all/function/internal_message.html?_=1593657298885&CODE_STATE=getMsg HTTP/1.1" 200 27
61.172.5.115 - - [02/Jul/2020:10:35:07 +0800] "GET /xingrg/all/function/internal_message.html?_=1593657303957&CODE_STATE=getMsg HTTP/1.1" 200 27
101.85.53.146 - - [02/Jul/2020:10:35:14 +0800] "GET /xingrg/all/function/internal_message.html?_=1593656715400&CODE_STATE=getMsg HTTP/1.1" 200 27
117.184.7.30 - - [02/Jul/2020:10:35:14 +0800] "GET /xingrg/check_reg.html?_=1593657306410 HTTP/1.1" 200 22
117.131.5.26 - - [02/Jul/2020:10:35:15 +0800] "GET /xingrg/all/function/internal_message.html?_=1593657681908&CODE_STATE=getMsg HTTP/1.1" 200 27
117.184.7.30 - - [02/Jul/2020:10:35:15 +0800] "GET /xingrg/all/function/internal_message.html?_=1593657307397&CODE_STATE=getMsg HTTP/1.1" 200 27
172.17.0.120 - - [02/Jul/2020:10:35:16 +0800] "GET /xingrg/all/function/internal_message.html?_=1593657312437&CODE_STATE=getMsg HTTP/1.1" 200 27
222.69.138.0 - - [02/Jul/2020:10:35:16 +0800] "GET /xingrg/all/function/internal_message.html?_=1593657309637&CODE_STATE=getMsg HTTP/1.1" 200 27
222.69.138.0 - - [02/Jul/2020:10:35:16 +0800] "GET /xingrg/check_reg.html?_=1593657309921 HTTP/1.1" 200 22
101.228.167.227 - - [02/Jul/2020:10:35:17 +0800] "POST /xingrg/kc/buy/cgsh_order_operate.html HTTP/1.1" 200 37
61.172.5.115 - - [02/Jul/2020:10:35:17 +0800] "GET /xingrg/kc/buy/cgsh_order_add.html HTTP/1.1" 200 59200
61.172.5.115 - - [02/Jul/2020:10:35:17 +0800] "POST /xingrg/kc/buy/cgsh_order_operate.html HTTP/1.1" 200 8245
61.172.5.115 - - [02/Jul/2020:10:35:17 +0800] "GET /xingrg/javascript/easyui/themes/default/validatebox.css HTTP/1.1" 404 1104
172.17.0.240 - - [02/Jul/2020:10:35:18 +0800] "GET /xingrg/all/function/internal_message.html?_=1593657315492&CODE_STATE=getMsg HTTP/1.1" 200 27
172.17.0.240 - - [02/Jul/2020:10:35:18 +0800] "GET /xingrg/check_reg.html?_=1593657315493 HTTP/1.1" 200 22
58.37.227.5 - - [02/Jul/2020:10:35:20 +0800] "GET /xingrg/all/function/internal_message.html?_=1593657200163&CODE_STATE=getMsg HTTP/1.1" 200 27
101.228.167.227 - - [02/Jul/2020:10:35:21 +0800] "POST /xingrg/kc/buy/cgsh_order_operate.html HTTP/1.1" 200 9571
117.184.7.26 - - [02/Jul/2020:10:35:21 +0800] "GET /xingrg/all/function/internal_message.html?_=1593657313496&CODE_STATE=getMsg HTTP/1.1" 200 27
172.17.0.106 - - [02/Jul/2020:10:35:22 +0800] "GET /xingrg/all/function/internal_message.html?_=1593657320722&CODE_STATE=getMsg HTTP/1.1" 200 27
180.175.214.200 - - [02/Jul/2020:10:35:24 +0800] "GET /xingrg/check_reg.html?_=1593657528878 HTTP/1.1" 200 22
58.40.7.146 - - [02/Jul/2020:10:35:25 +0800] "GET /xingrg/all/function/internal_message.html?_=1593657323612&CODE_STATE=getMsg HTTP/1.1" 200 27
101.228.167.227 - - [02/Jul/2020:10:35:26 +0800] "GET /xingrg/kc/print/load_config.html?kc_code=cgsh HTTP/1.1" 200 1845
101.228.167.227 - - [02/Jul/2020:10:35:26 +0800] "GET /xingrg/kc/print/load_data.html?order_code=212020070200446&kc_code=cgsh&condition= HTTP/1.1" 200 3603
222.69.138.0 - - [02/Jul/2020:10:35:28 +0800] "GET /xingrg/kc/buy/cgsh_order_add.html HTTP/1.1" 200 59253
222.69.138.0 - - [02/Jul/2020:10:35:28 +0800] "POST /xingrg/kc/buy/cgsh_order_operate.html HTTP/1.1" 200 8245
222.69.138.0 - - [02/Jul/2020:10:35:28 +0800] "GET /xingrg/javascript/easyui/themes/default/validatebox.css HTTP/1.1" 404 1104
180.175.214.200 - - [02/Jul/2020:10:35:32 +0800] "GET /xingrg/all/function/internal_message.html?_=1593657536798&CODE_STATE=getMsg HTTP/1.1" 200 27
101.228.167.227 - - [02/Jul/2020:10:35:34 +0800] "GET /xingrg/check_reg.html?_=1593657346360 HTTP/1.1" 200 22
101.228.167.227 - - [02/Jul/2020:10:35:35 +0800] "GET /xingrg/all/function/internal_message.html?_=1593657347412&CODE_STATE=getMsg HTTP/1.1" 200 27
222.69.138.0 - - [02/Jul/2020:10:35:44 +0800] "GET /xingrg/kc/buy/cgsh_order_operate.html?command=get_materiel&rest_code=00149&code=00101016030&supplier_code=00100036&order_time=2020-07-02 HTTP/1.1" 200 412
116.230.77.149 - - [02/Jul/2020:10:35:45 +0800] "GET /xingrg/all/function/internal_message.html?_=1593657338416&CODE_STATE=getMsg HTTP/1.1" 200 27
172.17.0.102 - - [02/Jul/2020:10:35:46 +0800] "GET /xingrg/all/function/internal_message.html?_=1593657343978&CODE_STATE=getMsg HTTP/1.1" 200 27
114.86.228.2 - - [02/Jul/2020:10:35:47 +0800] "GET /xingrg/all/function/internal_message.html?_=1593657493187&CODE_STATE=getMsg HTTP/1.1" 200 27
114.88.170.9 - - [02/Jul/2020:10:35:50 +0800] "GET /xingrg/check_reg.html?_=1593657346001 HTTP/1.1" 200 22
222.69.138.0 - - [02/Jul/2020:10:35:54 +0800] "GET /xingrg/kc/buy/cgsh_order_operate.html?command=get_materiel&rest_code=00149&code=00101012026&supplier_code=00100036&order_time=2020-07-02 HTTP/1.1" 200 408
114.89.80.44 - - [02/Jul/2020:10:35:55 +0800] "POST /xingrg/kc/buy/cgsh_order_operate.html HTTP/1.1" 200 37
114.89.80.44 - - [02/Jul/2020:10:35:56 +0800] "POST /xingrg/kc/buy/cgsh_order_operate.html HTTP/1.1" 200 4444
114.89.80.44 - - [02/Jul/2020:10:35:56 +0800] "GET /xingrg/all/function/internal_message.html?_=1593657354866&CODE_STATE=getMsg HTTP/1.1" 200 27
114.89.80.44 - - [02/Jul/2020:10:35:57 +0800] "GET /xingrg/check_reg.html?_=1593657355010 HTTP/1.1" 200 22
101.228.167.227 - - [02/Jul/2020:10:36:02 +0800] "GET /xingrg/all/function/internal_message.html?_=1593657371831&CODE_STATE=getMsg HTTP/1.1" 200 27
114.88.170.9 - - [02/Jul/2020:10:36:03 +0800] "GET /xingrg/all/function/internal_message.html?_=1593657358898&CODE_STATE=getMsg HTTP/1.1" 200 27
61.172.5.115 - - [02/Jul/2020:10:36:07 +0800] "GET /xingrg/all/function/internal_message.html?_=1593657363951&CODE_STATE=getMsg HTTP/1.1" 200 27
61.172.5.115 - - [02/Jul/2020:10:36:07 +0800] "GET /xingrg/check_reg.html?_=1593657363948 HTTP/1.1" 200 22
61.172.5.115 - - [02/Jul/2020:10:36:08 +0800] "GET /xingrg/kc/buy/cgsh_order_operate.html?command=get_materiel&rest_code=00105&code=00101018019&supplier_code=00100330&order_time=2020-07-02 HTTP/1.1" 200 421
222.69.138.0 - - [02/Jul/2020:10:36:11 +0800] "POST /xingrg/kc/buy/cgsh_order_operate.html HTTP/1.1" 200 37
101.85.53.146 - - [02/Jul/2020:10:36:14 +0800] "GET /xingrg/all/function/internal_message.html?_=1593656775393&CODE_STATE=getMsg HTTP/1.1" 200 27
114.89.80.44 - - [02/Jul/2020:10:36:15 +0800] "GET /xingrg/kc/buy/cgsh_order_add.html HTTP/1.1" 200 58842
117.131.5.26 - - [02/Jul/2020:10:36:15 +0800] "GET /xingrg/all/function/internal_message.html?_=1593657741907&CODE_STATE=getMsg HTTP/1.1" 200 27
117.131.5.26 - - [02/Jul/2020:10:36:15 +0800] "GET /xingrg/check_reg.html?_=1593657741909 HTTP/1.1" 200 22
117.184.7.30 - - [02/Jul/2020:10:36:15 +0800] "GET /xingrg/all/function/internal_message.html?_=1593657367382&CODE_STATE=getMsg HTTP/1.1" 200 27
114.89.80.44 - - [02/Jul/2020:10:36:15 +0800] "POST /xingrg/kc/buy/cgsh_order_operate.html HTTP/1.1" 200 8245
114.89.80.44 - - [02/Jul/2020:10:36:15 +0800] "GET /xingrg/javascript/easyui/themes/default/validatebox.css HTTP/1.1" 404 1104
172.17.0.120 - - [02/Jul/2020:10:36:16 +0800] "GET /xingrg/all/function/internal_message.html?_=1593657372442&CODE_STATE=getMsg HTTP/1.1" 200 27
116.230.77.149 - - [02/Jul/2020:10:36:16 +0800] "GET /xingrg/check_reg.html?_=1593657374619 HTTP/1.1" 302 -
222.69.138.0 - - [02/Jul/2020:10:36:18 +0800] "POST /xingrg/kc/buy/cgsh_order_operate.html HTTP/1.1" 200 12
222.69.138.0 - - [02/Jul/2020:10:36:19 +0800] "GET /xingrg/kc/buy/cgsh_order_info.html?code=212020070200448 HTTP/1.1" 200 54158
222.69.138.0 - - [02/Jul/2020:10:36:20 +0800] "GET /xingrg/javascript/easyui/themes/default/validatebox.css HTTP/1.1" 404 1104
222.69.138.0 - - [02/Jul/2020:10:36:20 +0800] "POST /xingrg/kc/buy/cgsh_order_operate.html HTTP/1.1" 200 1192
114.84.32.201 - - [02/Jul/2020:10:36:21 +0800] "GET /xingrg/check_reg.html?_=1593657377322 HTTP/1.1" 200 22
117.184.7.26 - - [02/Jul/2020:10:36:21 +0800] "GET /xingrg/all/function/internal_message.html?_=1593657373521&CODE_STATE=getMsg HTTP/1.1" 200 27
172.17.0.106 - - [02/Jul/2020:10:36:22 +0800] "GET /xingrg/all/function/internal_message.html?_=1593657380728&CODE_STATE=getMsg HTTP/1.1" 200 27
114.89.80.44 - - [02/Jul/2020:10:36:23 +0800] "GET /xingrg/kc/buy/cgsh_order_operate.html?command=get_materiel&rest_code=00151&code=00101012039&supplier_code=00100007&order_time=2020-07-02 HTTP/1.1" 200 408
222.69.138.0 - - [02/Jul/2020:10:36:24 +0800] "GET /xingrg/kc/print/load_data.html?order_code=212020070200448&kc_code=cgsh&condition= HTTP/1.1" 200 1002
58.40.7.146 - - [02/Jul/2020:10:36:25 +0800] "GET /xingrg/all/function/internal_message.html?_=1593657383615&CODE_STATE=getMsg HTTP/1.1" 200 27
116.230.77.149 - - [02/Jul/2020:10:36:27 +0800] "GET /xingrg/kc/buy/cgsh_order_operate.html?command=get_materiel&rest_code=00107&code=00101007032&supplier_code=00100328&order_time=2020-07-02 HTTP/1.1" 200 432
180.175.214.200 - - [02/Jul/2020:10:36:32 +0800] "GET /xingrg/all/function/internal_message.html?_=1593657596811&CODE_STATE=getMsg HTTP/1.1" 200 27
101.228.167.227 - - [02/Jul/2020:10:36:35 +0800] "GET /xingrg/all/function/internal_message.html?_=1593657407427&CODE_STATE=getMsg HTTP/1.1" 200 27
61.172.5.115 - - [02/Jul/2020:10:36:38 +0800] "GET /xingrg/kc/buy/cgsh_order_operate.html?command=get_materiel&rest_code=00105&code=00101018011&supplier_code=00100330&order_time=2020-07-02 HTTP/1.1" 200 413
116.230.77.149 - - [02/Jul/2020:10:36:45 +0800] "GET /xingrg/all/function/internal_message.html?_=1593657398441&CODE_STATE=getMsg HTTP/1.1" 200 27
114.86.228.2 - - [02/Jul/2020:10:36:46 +0800] "GET /xingrg/check_reg.html?_=1593657553156 HTTP/1.1" 200 22
114.86.228.2 - - [02/Jul/2020:10:36:46 +0800] "GET /xingrg/all/function/internal_message.html?_=1593657553187&CODE_STATE=getMsg HTTP/1.1" 200 27
172.17.0.102 - - [02/Jul/2020:10:36:46 +0800] "GET /xingrg/all/function/internal_message.html?_=1593657403977&CODE_STATE=getMsg HTTP/1.1" 200 27
116.230.77.149 - - [02/Jul/2020:10:36:56 +0800] "POST /xingrg/kc/buy/cgsh_order_operate.html HTTP/1.1" 200 37
114.89.80.44 - - [02/Jul/2020:10:36:56 +0800] "GET /xingrg/all/function/internal_message.html?_=1593657414871&CODE_STATE=getMsg HTTP/1.1" 200 27
101.228.167.227 - - [02/Jul/2020:10:37:02 +0800] "GET /xingrg/all/function/internal_message.html?_=1593657431845&CODE_STATE=getMsg HTTP/1.1" 200 27
114.88.170.9 - - [02/Jul/2020:10:37:03 +0800] "GET /xingrg/all/function/internal_message.html?_=1593657418910&CODE_STATE=getMsg HTTP/1.1" 200 27
61.172.5.115 - - [02/Jul/2020:10:37:07 +0800] "GET /xingrg/all/function/internal_message.html?_=1593657423951&CODE_STATE=getMsg HTTP/1.1" 200 27
116.230.77.149 - - [02/Jul/2020:10:37:10 +0800] "POST /xingrg/kc/buy/cgsh_order_operate.html HTTP/1.1" 200 3249
114.89.80.44 - - [02/Jul/2020:10:37:11 +0800] "GET /xingrg/kc/buy/cgsh_order_operate.html?command=get_materiel&rest_code=00151&code=00101016038&supplier_code=00100007&order_time=2020-07-02 HTTP/1.1" 200 408
116.230.77.149 - - [02/Jul/2020:10:37:12 +0800] "GET /xingrg/kc/print/load_data.html?order_code=212020070200449&kc_code=cgsh&condition= HTTP/1.1" 200 901
61.172.5.115 - - [02/Jul/2020:10:37:13 +0800] "GET /xingrg/kc/buy/cgsh_order_operate.html?command=get_materiel&rest_code=00105&code=00101018007&supplier_code=00100330&order_time=2020-07-02 HTTP/1.1" 200 409
101.85.53.146 - - [02/Jul/2020:10:37:14 +0800] "GET /xingrg/all/function/internal_message.html?_=1593656835393&CODE_STATE=getMsg HTTP/1.1" 200 27
117.131.5.26 - - [02/Jul/2020:10:37:15 +0800] "GET /xingrg/all/function/internal_message.html?_=1593657801907&CODE_STATE=getMsg HTTP/1.1" 200 27
117.184.7.30 - - [02/Jul/2020:10:37:15 +0800] "GET /xingrg/all/function/internal_message.html?_=1593657427366&CODE_STATE=getMsg HTTP/1.1" 200 27
172.17.0.120 - - [02/Jul/2020:10:37:16 +0800] "GET /xingrg/all/function/internal_message.html?_=1593657432432&CODE_STATE=getMsg HTTP/1.1" 200 27
222.69.138.0 - - [02/Jul/2020:10:37:16 +0800] "GET /xingrg/all/function/internal_message.html?_=1593657429641&CODE_STATE=getMsg HTTP/1.1" 200 27
114.89.80.44 - - [02/Jul/2020:10:37:16 +0800] "GET /xingrg/kc/buy/cgsh_order_operate.html?command=get_materiel&rest_code=00151&code=00101008323&supplier_code=00100007&order_time=2020-07-02 HTTP/1.1" 200 408
116.230.77.149 - - [02/Jul/2020:10:37:17 +0800] "GET /xingrg/kc/buy/cgsh_order_add.html HTTP/1.1" 200 59247
116.230.77.149 - - [02/Jul/2020:10:37:18 +0800] "POST /xingrg/kc/buy/cgsh_order_operate.html HTTP/1.1" 200 8245
116.230.77.149 - - [02/Jul/2020:10:37:18 +0800] "GET /xingrg/javascript/easyui/themes/default/validatebox.css HTTP/1.1" 404 1104
116.230.77.149 - - [02/Jul/2020:10:37:20 +0800] "GET /xingrg/javascript/easyui/themes/default/tree.css HTTP/1.1" 404 1090
116.230.77.149 - - [02/Jul/2020:10:37:20 +0800] "POST /xingrg/all/common/load_tree.html?tree=supplier_tree_json&isDelete=1 HTTP/1.1" 200 49424
117.184.7.26 - - [02/Jul/2020:10:37:21 +0800] "GET /xingrg/all/function/internal_message.html?_=1593657433522&CODE_STATE=getMsg HTTP/1.1" 200 27
172.17.0.106 - - [02/Jul/2020:10:37:22 +0800] "GET /xingrg/all/function/internal_message.html?_=1593657440732&CODE_STATE=getMsg HTTP/1.1" 200 27
58.40.7.146 - - [02/Jul/2020:10:37:25 +0800] "GET /xingrg/check_reg.html?_=1593657443619 HTTP/1.1" 200 22
58.40.7.146 - - [02/Jul/2020:10:37:25 +0800] "GET /xingrg/all/function/internal_message.html?_=1593657443620&CODE_STATE=getMsg HTTP/1.1" 200 27
114.89.80.44 - - [02/Jul/2020:10:37:26 +0800] "GET /xingrg/kc/buy/cgsh_order_operate.html?command=get_materiel&rest_code=00151&code=00101008347&supplier_code=00100007&order_time=2020-07-02 HTTP/1.1" 200 408
180.175.214.200 - - [02/Jul/2020:10:37:32 +0800] "GET /xingrg/all/function/internal_message.html?_=1593657657209&CODE_STATE=getMsg HTTP/1.1" 200 27
101.228.167.227 - - [02/Jul/2020:10:37:35 +0800] "GET /xingrg/all/function/internal_message.html?_=1593657467440&CODE_STATE=getMsg HTTP/1.1" 200 27
114.89.80.44 - - [02/Jul/2020:10:37:36 +0800] "GET /xingrg/kc/buy/cgsh_order_operate.html?command=get_materiel&rest_code=00151&code=00101008372&supplier_code=00100007&order_time=2020-07-02 HTTP/1.1" 200 408
61.172.5.115 - - [02/Jul/2020:10:37:40 +0800] "POST /xingrg/kc/buy/cgsh_order_operate.html HTTP/1.1" 200 37
61.172.5.115 - - [02/Jul/2020:10:37:41 +0800] "POST /xingrg/kc/buy/cgsh_order_operate.html HTTP/1.1" 200 3842
114.89.80.44 - - [02/Jul/2020:10:37:44 +0800] "GET /xingrg/kc/buy/cgsh_order_operate.html?command=get_materiel&rest_code=00151&code=00101008083&supplier_code=00100007&order_time=2020-07-02 HTTP/1.1" 200 427
116.230.77.149 - - [02/Jul/2020:10:37:45 +0800] "GET /xingrg/all/function/internal_message.html?_=1593657458417&CODE_STATE=getMsg HTTP/1.1" 200 27
114.86.228.2 - - [02/Jul/2020:10:37:45 +0800] "GET /xingrg/all/function/internal_message.html?_=1593657477109&CODE_STATE=getMsg HTTP/1.1" 200 27
114.89.80.44 - - [02/Jul/2020:10:37:46 +0800] "POST /xingrg/all/common/load_select.html HTTP/1.1" 200 25
172.17.0.102 - - [02/Jul/2020:10:37:46 +0800] "GET /xingrg/all/function/internal_message.html?_=1593657463989&CODE_STATE=getMsg HTTP/1.1" 200 27
116.230.77.149 - - [02/Jul/2020:10:37:46 +0800] "GET /xingrg/kc/buy/cgsh_order_operate.html?command=get_materiel&rest_code=00107&code=00101001140&supplier_code=00100090&order_time=2020-07-02 HTTP/1.1" 200 415
114.89.80.44 - - [02/Jul/2020:10:37:48 +0800] "GET /xingrg/kc/buy/cgsh_order_operate.html?command=get_materiel_price&rest_code=00151&code=00101008083&unit_code=00100026&supplier_code=00100007&order_time=2020-07-02 HTTP/1.1" 200 27
114.89.80.44 - - [02/Jul/2020:10:37:55 +0800] "GET /xingrg/kc/buy/cgsh_order_operate.html?command=get_materiel&rest_code=00151&code=00101008318&supplier_code=00100007&order_time=2020-07-02 HTTP/1.1" 200 408
114.89.80.44 - - [02/Jul/2020:10:37:57 +0800] "GET /xingrg/all/function/internal_message.html?_=1593657474909&CODE_STATE=getMsg HTTP/1.1" 200 27
101.228.167.227 - - [02/Jul/2020:10:37:59 +0800] "GET /xingrg/check_reg.html?_=1593657489116 HTTP/1.1" 200 22
116.230.77.149 - - [02/Jul/2020:10:37:59 +0800] "POST /xingrg/kc/buy/cgsh_order_operate.html HTTP/1.1" 200 37
61.172.5.115 - - [02/Jul/2020:10:38:00 +0800] "POST /xingrg/kc/buy/cgsh_order_operate.html HTTP/1.1" 200 37
61.172.5.115 - - [02/Jul/2020:10:38:01 +0800] "POST /xingrg/kc/buy/cgsh_order_operate.html HTTP/1.1" 200 3842
172.17.0.185 - - [02/Jul/2020:10:38:01 +0800] "GET /xingrg/check_reg.html?_=1593657478542 HTTP/1.1" 200 22
114.89.80.44 - - [02/Jul/2020:10:38:02 +0800] "GET /xingrg/kc/buy/cgsh_order_operate.html?command=get_materiel&rest_code=00151&code=00101016051&supplier_code=00100007&order_time=2020-07-02 HTTP/1.1" 200 408
101.228.167.227 - - [02/Jul/2020:10:38:02 +0800] "GET /xingrg/all/function/internal_message.html?_=1593657492046&CODE_STATE=getMsg HTTP/1.1" 200 27
114.88.170.9 - - [02/Jul/2020:10:38:03 +0800] "GET /xingrg/all/function/internal_message.html?_=1593657478942&CODE_STATE=getMsg HTTP/1.1" 200 27
116.230.77.149 - - [02/Jul/2020:10:38:03 +0800] "POST /xingrg/kc/buy/cgsh_order_operate.html HTTP/1.1" 200 2662
116.230.77.149 - - [02/Jul/2020:10:38:05 +0800] "GET /xingrg/kc/print/load_data.html?order_code=212020070200451&kc_code=cgsh&condition= HTTP/1.1" 200 739
61.172.5.115 - - [02/Jul/2020:10:38:07 +0800] "GET /xingrg/all/function/internal_message.html?_=1593657483961&CODE_STATE=getMsg HTTP/1.1" 200 27
114.89.80.44 - - [02/Jul/2020:10:38:09 +0800] "GET /xingrg/kc/buy/cgsh_order_operate.html?command=get_materiel&rest_code=00151&code=00101008354&supplier_code=00100007&order_time=2020-07-02 HTTP/1.1" 200 412
116.230.77.149 - - [02/Jul/2020:10:38:10 +0800] "GET /xingrg/kc/buy/cgsh_order_add.html HTTP/1.1" 200 59247
116.230.77.149 - - [02/Jul/2020:10:38:11 +0800] "GET /xingrg/javascript/easyui/themes/default/validatebox.css HTTP/1.1" 404 1104
116.230.77.149 - - [02/Jul/2020:10:38:11 +0800] "POST /xingrg/kc/buy/cgsh_order_operate.html HTTP/1.1" 200 8245
116.230.77.149 - - [02/Jul/2020:10:38:12 +0800] "GET /xingrg/javascript/easyui/themes/default/tree.css HTTP/1.1" 404 1090
116.230.77.149 - - [02/Jul/2020:10:38:12 +0800] "POST /xingrg/all/common/load_tree.html?tree=supplier_tree_json&isDelete=1 HTTP/1.1" 200 49424
101.85.53.146 - - [02/Jul/2020:10:38:14 +0800] "GET /xingrg/all/function/internal_message.html?_=1593656895392&CODE_STATE=getMsg HTTP/1.1" 200 27
114.89.80.44 - - [02/Jul/2020:10:38:15 +0800] "GET /xingrg/kc/buy/cgsh_order_operate.html?command=get_materiel&rest_code=00151&code=00101008351&supplier_code=00100007&order_time=2020-07-02 HTTP/1.1" 200 408
117.131.5.26 - - [02/Jul/2020:10:38:15 +0800] "GET /xingrg/all/function/internal_message.html?_=1593657861906&CODE_STATE=getMsg HTTP/1.1" 200 27
117.184.7.30 - - [02/Jul/2020:10:38:15 +0800] "GET /xingrg/all/function/internal_message.html?_=1593657487352&CODE_STATE=getMsg HTTP/1.1" 200 27
172.17.0.120 - - [02/Jul/2020:10:38:16 +0800] "GET /xingrg/all/function/internal_message.html?_=1593657492438&CODE_STATE=getMsg HTTP/1.1" 200 27
172.17.0.120 - - [02/Jul/2020:10:38:16 +0800] "GET /xingrg/check_reg.html?_=1593657492440 HTTP/1.1" 200 22
222.69.138.0 - - [02/Jul/2020:10:38:16 +0800] "GET /xingrg/all/function/internal_message.html?_=1593657489620&CODE_STATE=getMsg HTTP/1.1" 200 27
114.89.80.44 - - [02/Jul/2020:10:38:20 +0800] "GET /xingrg/kc/buy/cgsh_order_operate.html?command=get_materiel&rest_code=00151&code=00101016025&supplier_code=00100007&order_time=2020-07-02 HTTP/1.1" 200 408
117.184.7.26 - - [02/Jul/2020:10:38:21 +0800] "GET /xingrg/check_reg.html?_=1593657493315 HTTP/1.1" 200 22
117.184.7.26 - - [02/Jul/2020:10:38:21 +0800] "GET /xingrg/all/function/internal_message.html?_=1593657493537&CODE_STATE=getMsg HTTP/1.1" 200 27
172.17.0.106 - - [02/Jul/2020:10:38:22 +0800] "GET /xingrg/all/function/internal_message.html?_=1593657500718&CODE_STATE=getMsg HTTP/1.1" 200 27
58.40.7.146 - - [02/Jul/2020:10:38:25 +0800] "GET /xingrg/all/function/internal_message.html?_=1593657503621&CODE_STATE=getMsg HTTP/1.1" 200 27
58.221.95.50 - - [02/Jul/2020:10:38:26 +0800] "GET /xingrg/check_reg.html?_=1593657593344 HTTP/1.1" 302 -
114.89.80.44 - - [02/Jul/2020:10:38:26 +0800] "GET /xingrg/kc/buy/cgsh_order_operate.html?command=get_materiel&rest_code=00151&code=00101008300&supplier_code=00100007&order_time=2020-07-02 HTTP/1.1" 200 412
61.172.5.115 - - [02/Jul/2020:10:38:29 +0800] "GET /xingrg/kc/print/load_data.html?order_code=212020070200450&kc_code=cgsh&condition= HTTP/1.1" 200 1133
180.175.214.200 - - [02/Jul/2020:10:38:32 +0800] "GET /xingrg/all/function/internal_message.html?_=1593657717213&CODE_STATE=getMsg HTTP/1.1" 200 27
114.89.80.44 - - [02/Jul/2020:10:38:33 +0800] "GET /xingrg/kc/buy/cgsh_order_operate.html?command=get_materiel&rest_code=00151&code=00101008352&supplier_code=00100007&order_time=2020-07-02 HTTP/1.1" 200 412
116.230.77.149 - - [02/Jul/2020:10:38:34 +0800] "GET /xingrg/kc/buy/cgsh_order_operate.html?command=get_materiel&rest_code=00107&code=00101002038&supplier_code=00100087&order_time=2020-07-02 HTTP/1.1" 200 414
101.228.167.227 - - [02/Jul/2020:10:38:36 +0800] "GET /xingrg/all/function/internal_message.html?_=1593657527496&CODE_STATE=getMsg HTTP/1.1" 200 27
114.89.80.44 - - [02/Jul/2020:10:38:39 +0800] "GET /xingrg/kc/buy/cgsh_order_operate.html?command=get_materiel&rest_code=00151&code=00101008264&supplier_code=00100007&order_time=2020-07-02 HTTP/1.1" 200 412
114.86.228.2 - - [02/Jul/2020:10:38:44 +0800] "GET /xingrg/all/function/internal_message.html?_=1593657537109&CODE_STATE=getMsg HTTP/1.1" 200 27
116.230.77.149 - - [02/Jul/2020:10:38:45 +0800] "GET /xingrg/all/function/internal_message.html?_=1593657518396&CODE_STATE=getMsg HTTP/1.1" 200 27
172.17.0.102 - - [02/Jul/2020:10:38:46 +0800] "GET /xingrg/all/function/internal_message.html?_=1593657523988&CODE_STATE=getMsg HTTP/1.1" 200 27
116.230.77.149 - - [02/Jul/2020:10:38:49 +0800] "POST /xingrg/kc/buy/cgsh_order_operate.html HTTP/1.1" 200 37
114.89.80.44 - - [02/Jul/2020:10:38:49 +0800] "GET /xingrg/kc/buy/cgsh_order_operate.html?command=get_materiel&rest_code=00151&code=00101008165&supplier_code=00100007&order_time=2020-07-02 HTTP/1.1" 200 416
116.230.77.149 - - [02/Jul/2020:10:38:51 +0800] "POST /xingrg/kc/buy/cgsh_order_operate.html HTTP/1.1" 200 2661
180.175.214.200 - - [02/Jul/2020:10:38:51 +0800] "GET /xingrg/kc/base/wldb_order_list.html HTTP/1.1" 200 19255
180.175.214.200 - - [02/Jul/2020:10:38:51 +0800] "POST /xingrg/kc/base/wldb_list_operate.html HTTP/1.1" 200 928
116.230.77.149 - - [02/Jul/2020:10:38:53 +0800] "GET /xingrg/kc/print/load_data.html?order_code=212020070200452&kc_code=cgsh&condition= HTTP/1.1" 200 722
58.40.7.146 - - [02/Jul/2020:10:38:53 +0800] "GET /xingrg/login.html HTTP/1.1" 200 7641
58.40.7.146 - - [02/Jul/2020:10:38:53 +0800] "GET /xingrg/images/blue/jxLogo.png HTTP/1.1" 200 6156
180.175.214.200 - - [02/Jul/2020:10:38:53 +0800] "GET /xingrg/kc/base/wldb_order_add.html HTTP/1.1" 200 30312
58.40.7.146 - - [02/Jul/2020:10:38:53 +0800] "GET /xingrg/images/blue/login_bg.png HTTP/1.1" 200 22101
58.40.7.146 - - [02/Jul/2020:10:38:53 +0800] "GET /xingrg/images/blue/hj.png HTTP/1.1" 200 1014
58.40.7.146 - - [02/Jul/2020:10:38:53 +0800] "GET /xingrg/images/blue/srbg.png HTTP/1.1" 200 138
58.40.7.146 - - [02/Jul/2020:10:38:53 +0800] "GET /favicon.ico HTTP/1.1" 404 -
180.175.214.200 - - [02/Jul/2020:10:38:53 +0800] "POST /xingrg/kc/base/wldb_order_operate.html HTTP/1.1" 200 6806
180.175.214.200 - - [02/Jul/2020:10:38:54 +0800] "GET /xingrg/all/common/auto_word.html?type=base&rest_code=00102 HTTP/1.1" 200 1653
180.175.214.200 - - [02/Jul/2020:10:38:54 +0800] "GET /xingrg/all/common/auto_word.html?type=base&rest_code=00102 HTTP/1.1" 200 1653
180.175.214.200 - - [02/Jul/2020:10:38:54 +0800] "GET /xingrg/javascript/easyui/themes/default/validatebox.css HTTP/1.1" 404 1104
180.175.214.200 - - [02/Jul/2020:10:38:55 +0800] "POST /xingrg/all/common/load_combo.html?type=base HTTP/1.1" 200 2966
101.228.167.227 - - [02/Jul/2020:10:38:55 +0800] "GET /xingrg/kc/buy/cgsh_order_add.html HTTP/1.1" 200 59206
101.228.167.227 - - [02/Jul/2020:10:38:55 +0800] "POST /xingrg/kc/buy/cgsh_order_operate.html HTTP/1.1" 200 8245
101.228.167.227 - - [02/Jul/2020:10:38:55 +0800] "GET /xingrg/javascript/easyui/themes/default/validatebox.css HTTP/1.1" 404 1104
114.89.80.44 - - [02/Jul/2020:10:38:56 +0800] "GET /xingrg/kc/buy/cgsh_order_operate.html?command=get_materiel&rest_code=00151&code=00101008150&supplier_code=00100007&order_time=2020-07-02 HTTP/1.1" 200 409
114.89.80.44 - - [02/Jul/2020:10:38:57 +0800] "GET /xingrg/all/function/internal_message.html?_=1593657534955&CODE_STATE=getMsg HTTP/1.1" 200 27
58.40.7.146 - - [02/Jul/2020:10:38:57 +0800] "POST /xingrg/login.do HTTP/1.1" 302 -
58.40.7.146 - - [02/Jul/2020:10:38:57 +0800] "GET /xingrg/javascript/jquery_easy_ui/themes/icon.css HTTP/1.1" 200 3949
58.40.7.146 - - [02/Jul/2020:10:38:57 +0800] "GET /xingrg/index.html?sysBaseUrl=http%3A%2F%2F180.169.147.146%3A18081%2Fxingrg%2F&costTime=41×tamp=1593657537230 HTTP/1.1" 200 17419
58.40.7.146 - - [02/Jul/2020:10:38:57 +0800] "GET /xingrg/javascript/jquery-1.4.2.min.js HTTP/1.1" 200 72205
58.40.7.146 - - [02/Jul/2020:10:38:57 +0800] "GET /xingrg/css/form.css HTTP/1.1" 200 893
58.40.7.146 - - [02/Jul/2020:10:38:57 +0800] "GET /xingrg/javascript/jquery_easy_ui/jquery.easyui.min.js HTTP/1.1" 200 213662
58.40.7.146 - - [02/Jul/2020:10:38:57 +0800] "GET /xingrg/javascript/jquery_easy_ui/easyui-lang-zh_CN.js HTTP/1.1" 200 1900
58.40.7.146 - - [02/Jul/2020:10:38:57 +0800] "GET /xingrg/javascript/jquery.utils.js HTTP/1.1" 200 11805
58.40.7.146 - - [02/Jul/2020:10:38:57 +0800] "GET /xingrg/javascript/jquery.timers.js HTTP/1.1" 200 3532
58.40.7.146 - - [02/Jul/2020:10:38:57 +0800] "GET /xingrg/javascript/jquery_easy_ui/themes/default/easyui.css HTTP/1.1" 200 26500
58.40.7.146 - - [02/Jul/2020:10:38:57 +0800] "GET /xingrg/javascript/jquery.form.js HTTP/1.1" 200 23110
61.172.5.115 - - [02/Jul/2020:10:38:57 +0800] "GET /xingrg/kc/buy/cgsh_order_add.html HTTP/1.1" 200 59200
58.40.7.146 - - [02/Jul/2020:10:38:57 +0800] "GET /favicon.ico HTTP/1.1" 404 -
58.40.7.146 - - [02/Jul/2020:10:38:57 +0800] "GET /xingrg/javascript/jquery_easy_ui/themes/icons/settle_new.png HTTP/1.1" 200 826
58.40.7.146 - - [02/Jul/2020:10:38:57 +0800] "GET /xingrg/images/blue/navBackgound.jpg HTTP/1.1" 200 12378
58.40.7.146 - - [02/Jul/2020:10:38:57 +0800] "POST /xingrg/all/common/load_tree.html?tree=area_rest_tree_json&manage=1 HTTP/1.1" 200 476
61.172.5.115 - - [02/Jul/2020:10:38:57 +0800] "POST /xingrg/kc/buy/cgsh_order_operate.html HTTP/1.1" 200 8245
116.230.77.149 - - [02/Jul/2020:10:38:57 +0800] "GET /xingrg/kc/buy/cgsh_order_add.html HTTP/1.1" 200 59247
61.172.5.115 - - [02/Jul/2020:10:38:57 +0800] "GET /xingrg/javascript/easyui/themes/default/validatebox.css HTTP/1.1" 404 1104
58.40.7.146 - - [02/Jul/2020:10:38:57 +0800] "GET /xingrg/check_reg.html?_=1593657535528 HTTP/1.1" 200 22
58.40.7.146 - - [02/Jul/2020:10:38:57 +0800] "GET /xingrg/images/blue/pingpu.png HTTP/1.1" 200 231
58.40.7.146 - - [02/Jul/2020:10:38:57 +0800] "GET /xingrg/all/function/internal_message.html?_=1593657535527&CODE_STATE=count HTTP/1.1" 200 11
58.40.7.146 - - [02/Jul/2020:10:38:57 +0800] "GET /xingrg/javascript/jquery_easy_ui/themes/default/images/tabs_leftarrow.png HTTP/1.1" 200 389
58.40.7.146 - - [02/Jul/2020:10:38:57 +0800] "GET /xingrg/javascript/jquery_easy_ui/themes/default/images/tabs_rightarrow.png HTTP/1.1" 200 395
58.40.7.146 - - [02/Jul/2020:10:38:57 +0800] "GET /xingrg/javascript/jquery_easy_ui/themes/default/images/panel_tool_expand.gif HTTP/1.1" 200 247
58.40.7.146 - - [02/Jul/2020:10:38:57 +0800] "GET /xingrg/javascript/jquery_easy_ui/themes/default/images/panel_tool_collapse.gif HTTP/1.1" 200 246
58.40.7.146 - - [02/Jul/2020:10:38:57 +0800] "POST /xingrg/load_menu.html HTTP/1.1" 200 9959
58.40.7.146 - - [02/Jul/2020:10:38:58 +0800] "GET /xingrg/javascript/jquery_easy_ui/themes/default/images/tree_arrows.gif HTTP/1.1" 200 1043
58.40.7.146 - - [02/Jul/2020:10:38:58 +0800] "GET /xingrg/javascript/jquery_easy_ui/themes/default/images/tree_folder_open.gif HTTP/1.1" 200 956
58.40.7.146 - - [02/Jul/2020:10:38:58 +0800] "GET /xingrg/javascript/jquery_easy_ui/themes/icons/search_new.png HTTP/1.1" 200 586
58.40.7.146 - - [02/Jul/2020:10:38:58 +0800] "GET /xingrg/javascript/jquery_easy_ui/themes/default/images/tree_folder.gif HTTP/1.1" 200 952
58.40.7.146 - - [02/Jul/2020:10:38:58 +0800] "GET /xingrg/javascript/jquery_easy_ui/themes/icons/storage_new.png HTTP/1.1" 200 853
58.40.7.146 - - [02/Jul/2020:10:38:58 +0800] "GET /xingrg/javascript/jquery_easy_ui/themes/icons/checkout_new.png HTTP/1.1" 200 744
58.40.7.146 - - [02/Jul/2020:10:38:58 +0800] "GET /xingrg/javascript/jquery_easy_ui/themes/icons/forms_new.png HTTP/1.1" 200 350
58.40.7.146 - - [02/Jul/2020:10:38:58 +0800] "GET /xingrg/javascript/jquery_easy_ui/themes/icons/setting_new.png HTTP/1.1" 200 450
58.40.7.146 - - [02/Jul/2020:10:38:58 +0800] "GET /xingrg/javascript/jquery_easy_ui/themes/icons/systemset_new.png HTTP/1.1" 200 606
58.40.7.146 - - [02/Jul/2020:10:38:58 +0800] "GET /xingrg/javascript/jquery_easy_ui/themes/default/images/tree_file.gif HTTP/1.1" 200 118
116.230.77.149 - - [02/Jul/2020:10:38:58 +0800] "GET /xingrg/javascript/easyui/themes/default/validatebox.css HTTP/1.1" 404 1104
116.230.77.149 - - [02/Jul/2020:10:38:58 +0800] "POST /xingrg/kc/buy/cgsh_order_operate.html HTTP/1.1" 200 8245
58.40.7.146 - - [02/Jul/2020:10:38:59 +0800] "GET /xingrg/javascript/jquery_easy_ui/themes/default/images/tabs_active.png HTTP/1.1" 200 2894
116.230.77.149 - - [02/Jul/2020:10:39:00 +0800] "GET /xingrg/javascript/easyui/themes/default/tree.css HTTP/1.1" 404 1090
116.230.77.149 - - [02/Jul/2020:10:39:00 +0800] "POST /xingrg/all/common/load_tree.html?tree=supplier_tree_json&isDelete=1 HTTP/1.1" 200 49424
180.175.214.200 - - [02/Jul/2020:10:39:02 +0800] "POST /xingrg/all/common/load_combo.html?type=base HTTP/1.1" 200 2966
58.40.7.146 - - [02/Jul/2020:10:39:02 +0800] "POST /xingrg/load_menu.html HTTP/1.1" 200 9242
101.228.167.227 - - [02/Jul/2020:10:39:02 +0800] "GET /xingrg/all/function/internal_message.html?_=1593657552247&CODE_STATE=getMsg HTTP/1.1" 200 27
114.88.170.9 - - [02/Jul/2020:10:39:03 +0800] "GET /xingrg/all/function/internal_message.html?_=1593657538953&CODE_STATE=getMsg HTTP/1.1" 200 27
58.40.7.146 - - [02/Jul/2020:10:39:03 +0800] "GET /xingrg/javascript/jquery_easy_ui/themes/default/images/tabs_close.gif HTTP/1.1" 200 829
58.40.7.146 - - [02/Jul/2020:10:39:03 +0800] "GET /xingrg/javascript/multi_select/jqueryMultiSelect.css HTTP/1.1" 200 951
58.40.7.146 - - [02/Jul/2020:10:39:03 +0800] "GET /xingrg/all/report/report_query.html?fileName=dma/new_5.0/yingye/order_list.xml HTTP/1.1" 200 55281
58.40.7.146 - - [02/Jul/2020:10:39:03 +0800] "GET /xingrg/css/blue.css HTTP/1.1" 200 15949
58.40.7.146 - - [02/Jul/2020:10:39:03 +0800] "GET /xingrg/javascript/calendar/timePicker.css HTTP/1.1" 200 523
58.40.7.146 - - [02/Jul/2020:10:39:03 +0800] "GET /xingrg/javascript/bigrid/fix.css HTTP/1.1" 200 1702
58.40.7.146 - - [02/Jul/2020:10:39:03 +0800] "GET /xingrg/javascript/pic_change.js HTTP/1.1" 200 4739
58.40.7.146 - - [02/Jul/2020:10:39:03 +0800] "GET /xingrg/dwr/interface/AjaxReportQueryService.js HTTP/1.1" 200 13203
58.40.7.146 - - [02/Jul/2020:10:39:03 +0800] "GET /xingrg/javascript/calendar/jquery.timePicker.min.js HTTP/1.1" 200 2997
58.40.7.146 - - [02/Jul/2020:10:39:03 +0800] "GET /xingrg/javascript/bigrid/fix.js HTTP/1.1" 200 6439
58.40.7.146 - - [02/Jul/2020:10:39:03 +0800] "GET /xingrg/dwr/util.js HTTP/1.1" 200 35990
58.40.7.146 - - [02/Jul/2020:10:39:03 +0800] "GET /xingrg/javascript/jqueryMultiSelect.js HTTP/1.1" 200 11866
58.40.7.146 - - [02/Jul/2020:10:39:03 +0800] "GET /xingrg/dwr/engine.js HTTP/1.1" 200 43631
58.40.7.146 - - [02/Jul/2020:10:39:03 +0800] "GET /xingrg/javascript/myfunction.js HTTP/1.1" 200 24559
58.40.7.146 - - [02/Jul/2020:10:39:03 +0800] "GET /xingrg/javascript/Calendar.js HTTP/1.1" 200 31561
58.40.7.146 - - [02/Jul/2020:10:39:03 +0800] "GET /xingrg/images/blue/button/advanceover.gif HTTP/1.1" 200 1347
58.40.7.146 - - [02/Jul/2020:10:39:03 +0800] "GET /xingrg/images/blue/button/advance2over.gif HTTP/1.1" 200 1336
58.40.7.146 - - [02/Jul/2020:10:39:03 +0800] "GET /xingrg/images/blue/button/back2over.gif HTTP/1.1" 200 1335
58.40.7.146 - - [02/Jul/2020:10:39:03 +0800] "GET /xingrg/images/blue/button/backover.gif HTTP/1.1" 200 1348
58.40.7.146 - - [02/Jul/2020:10:39:03 +0800] "GET /xingrg/images/control/loading.gif HTTP/1.1" 200 13463
114.89.80.44 - - [02/Jul/2020:10:39:03 +0800] "GET /xingrg/kc/buy/cgsh_order_operate.html?command=get_materiel&rest_code=00151&code=00101008441&supplier_code=00100007&order_time=2020-07-02 HTTP/1.1" 200 407
58.40.7.146 - - [02/Jul/2020:10:39:03 +0800] "GET /xingrg/javascript/jquery_easy_ui/themes/icons/help.png HTTP/1.1" 200 1187
58.40.7.146 - - [02/Jul/2020:10:39:03 +0800] "GET /xingrg/javascript/jquery_easy_ui/themes/default/images/menu_downarrow.png HTTP/1.1" 200 173
58.40.7.146 - - [02/Jul/2020:10:39:03 +0800] "GET /xingrg/javascript/jquery_easy_ui/themes/default/images/button_a_bg.gif HTTP/1.1" 200 1194
58.40.7.146 - - [02/Jul/2020:10:39:03 +0800] "GET /xingrg/javascript/jquery_easy_ui/themes/default/images/menu.gif HTTP/1.1" 200 834
58.40.7.146 - - [02/Jul/2020:10:39:03 +0800] "GET /xingrg/javascript/jquery_easy_ui/themes/icons/print.png HTTP/1.1" 200 1057
58.40.7.146 - - [02/Jul/2020:10:39:03 +0800] "GET /xingrg/javascript/jquery_easy_ui/themes/icons/pencil.png HTTP/1.1" 200 713
58.40.7.146 - - [02/Jul/2020:10:39:03 +0800] "GET /xingrg/javascript/jquery_easy_ui/themes/default/images/menu_rightarrow.png HTTP/1.1" 200 3617
58.40.7.146 - - [02/Jul/2020:10:39:03 +0800] "POST /xingrg/dwr/call/plaincall/AjaxReportQueryService.getFixDate.dwr HTTP/1.1" 200 111
58.40.7.146 - - [02/Jul/2020:10:39:03 +0800] "GET /xingrg/javascript/jquery_easy_ui/themes/default/images/combo_arrow_dot.gif HTTP/1.1" 200 79
58.40.7.146 - - [02/Jul/2020:10:39:03 +0800] "POST /xingrg/all/common/load_tree.html?tree=area_station_tree_json&manage=1 HTTP/1.1" 200 468
58.40.7.146 - - [02/Jul/2020:10:39:03 +0800] "GET /xingrg/javascript/jquery_easy_ui/themes/default/images/tree_checkbox_0.gif HTTP/1.1" 200 168
58.40.7.146 - - [02/Jul/2020:10:39:03 +0800] "GET /xingrg/javascript/jquery_easy_ui/themes/icons/rest.png HTTP/1.1" 200 695
58.40.7.146 - - [02/Jul/2020:10:39:03 +0800] "POST /xingrg/dwr/call/plaincall/AjaxReportQueryService.getInitString.dwr HTTP/1.1" 200 76
58.40.7.146 - - [02/Jul/2020:10:39:04 +0800] "GET /xingrg/javascript/multi_select/dropdown.gif HTTP/1.1" 200 61
120.253.135.82 - - [02/Jul/2020:10:39:04 +0800] "GET /xingrg/login.html HTTP/1.1" 200 7641
58.40.7.146 - - [02/Jul/2020:10:39:04 +0800] "GET /xingrg/javascript/jquery_easy_ui/themes/icons/area.png HTTP/1.1" 200 262
120.253.135.82 - - [02/Jul/2020:10:39:04 +0800] "GET /xingrg/images/blue/jxLogo.png HTTP/1.1" 304 -
120.253.135.82 - - [02/Jul/2020:10:39:04 +0800] "GET /xingrg/images/blue/login_bg.png HTTP/1.1" 304 -
120.253.135.82 - - [02/Jul/2020:10:39:04 +0800] "GET /xingrg/images/blue/hj.png HTTP/1.1" 304 -
120.253.135.82 - - [02/Jul/2020:10:39:04 +0800] "GET /xingrg/images/blue/srbg.png HTTP/1.1" 304 -
120.253.135.82 - - [02/Jul/2020:10:39:04 +0800] "GET /favicon.ico HTTP/1.1" 404 -
120.253.135.82 - - [02/Jul/2020:10:39:06 +0800] "POST /xingrg/login.do HTTP/1.1" 302 -
120.253.135.82 - - [02/Jul/2020:10:39:06 +0800] "GET /xingrg/javascript/jquery_easy_ui/themes/default/easyui.css HTTP/1.1" 304 -
120.253.135.82 - - [02/Jul/2020:10:39:06 +0800] "GET /xingrg/javascript/jquery_easy_ui/themes/icon.css HTTP/1.1" 304 -
120.253.135.82 - - [02/Jul/2020:10:39:06 +0800] "GET /xingrg/index.html?sysBaseUrl=http%3A%2F%2F180.169.147.146%3A18081%2Fxingrg%2F&costTime=49×tamp=1593657546612 HTTP/1.1" 200 17503
120.253.135.82 - - [02/Jul/2020:10:39:06 +0800] "GET /xingrg/javascript/jquery.utils.js HTTP/1.1" 304 -
120.253.135.82 - - [02/Jul/2020:10:39:06 +0800] "GET /xingrg/javascript/jquery_easy_ui/jquery.easyui.min.js HTTP/1.1" 304 -
120.253.135.82 - - [02/Jul/2020:10:39:06 +0800] "GET /xingrg/javascript/jquery_easy_ui/easyui-lang-zh_CN.js HTTP/1.1" 304 -
120.253.135.82 - - [02/Jul/2020:10:39:06 +0800] "GET /xingrg/css/form.css HTTP/1.1" 304 -
120.253.135.82 - - [02/Jul/2020:10:39:06 +0800] "GET /xingrg/javascript/jquery.form.js HTTP/1.1" 304 -
120.253.135.82 - - [02/Jul/2020:10:39:06 +0800] "GET /xingrg/javascript/jquery.timers.js HTTP/1.1" 304 -
120.253.135.82 - - [02/Jul/2020:10:39:06 +0800] "GET /xingrg/javascript/jquery-1.4.2.min.js HTTP/1.1" 304 -
120.253.135.82 - - [02/Jul/2020:10:39:06 +0800] "GET /xingrg/images/blue/navBackgound.jpg HTTP/1.1" 304 -
120.253.135.82 - - [02/Jul/2020:10:39:06 +0800] "GET /xingrg/javascript/jquery_easy_ui/themes/icons/settle_new.png HTTP/1.1" 304 -
120.253.135.82 - - [02/Jul/2020:10:39:06 +0800] "POST /xingrg/all/common/load_tree.html?tree=area_rest_tree_json&manage=1 HTTP/1.1" 200 344
120.253.135.82 - - [02/Jul/2020:10:39:06 +0800] "GET /xingrg/images/blue/pingpu.png HTTP/1.1" 304 -
120.253.135.82 - - [02/Jul/2020:10:39:06 +0800] "GET /xingrg/javascript/jquery_easy_ui/themes/default/images/panel_tool_collapse.gif HTTP/1.1" 304 -
120.253.135.82 - - [02/Jul/2020:10:39:06 +0800] "GET /xingrg/javascript/jquery_easy_ui/themes/default/images/tabs_rightarrow.png HTTP/1.1" 304 -
120.253.135.82 - - [02/Jul/2020:10:39:06 +0800] "GET /xingrg/javascript/jquery_easy_ui/themes/default/images/tabs_leftarrow.png HTTP/1.1" 304 -
120.253.135.82 - - [02/Jul/2020:10:39:06 +0800] "GET /xingrg/javascript/jquery_easy_ui/themes/default/images/panel_tool_expand.gif HTTP/1.1" 304 -
120.253.135.82 - - [02/Jul/2020:10:39:06 +0800] "GET /xingrg/check_reg.html?_=1593657299872 HTTP/1.1" 200 22
120.253.135.82 - - [02/Jul/2020:10:39:06 +0800] "GET /xingrg/all/function/internal_message.html?_=1593657299870&CODE_STATE=count HTTP/1.1" 200 11
120.253.135.82 - - [02/Jul/2020:10:39:06 +0800] "GET /favicon.ico HTTP/1.1" 404 -
120.253.135.82 - - [02/Jul/2020:10:39:06 +0800] "GET /xingrg/javascript/jquery_easy_ui/themes/default/images/tree_arrows.gif HTTP/1.1" 304 -
120.253.135.82 - - [02/Jul/2020:10:39:06 +0800] "POST /xingrg/load_menu.html HTTP/1.1" 200 11443
58.40.7.146 - - [02/Jul/2020:10:39:07 +0800] "POST /xingrg/dwr/call/plaincall/AjaxReportQueryService.getFixDate.dwr HTTP/1.1" 200 111
120.253.135.82 - - [02/Jul/2020:10:39:07 +0800] "GET /xingrg/javascript/jquery_easy_ui/themes/default/images/tree_folder_open.gif HTTP/1.1" 304 -
120.253.135.82 - - [02/Jul/2020:10:39:07 +0800] "GET /xingrg/javascript/jquery_easy_ui/themes/icons/search_new.png HTTP/1.1" 304 -
120.253.135.82 - - [02/Jul/2020:10:39:07 +0800] "GET /xingrg/javascript/jquery_easy_ui/themes/icons/storage_new.png HTTP/1.1" 304 -
120.253.135.82 - - [02/Jul/2020:10:39:07 +0800] "GET /xingrg/javascript/jquery_easy_ui/themes/icons/checkout_new.png HTTP/1.1" 304 -
120.253.135.82 - - [02/Jul/2020:10:39:07 +0800] "GET /xingrg/javascript/jquery_easy_ui/themes/icons/delivery_new.png HTTP/1.1" 304 -
120.253.135.82 - - [02/Jul/2020:10:39:07 +0800] "GET /xingrg/javascript/jquery_easy_ui/themes/icons/forms_new.png HTTP/1.1" 304 -
120.253.135.82 - - [02/Jul/2020:10:39:07 +0800] "GET /xingrg/javascript/jquery_easy_ui/themes/icons/setting_new.png HTTP/1.1" 304 -
120.253.135.82 - - [02/Jul/2020:10:39:07 +0800] "GET /xingrg/javascript/jquery_easy_ui/themes/default/images/tree_file.gif HTTP/1.1" 304 -
120.253.135.82 - - [02/Jul/2020:10:39:07 +0800] "GET /xingrg/javascript/jquery_easy_ui/themes/default/images/tree_folder.gif HTTP/1.1" 304 -
120.253.135.82 - - [02/Jul/2020:10:39:07 +0800] "GET /xingrg/javascript/jquery_easy_ui/themes/icons/systemset_new.png HTTP/1.1" 304 -
61.172.5.115 - - [02/Jul/2020:10:39:07 +0800] "GET /xingrg/all/function/internal_message.html?_=1593657543968&CODE_STATE=getMsg HTTP/1.1" 200 27
114.89.80.44 - - [02/Jul/2020:10:39:09 +0800] "GET /xingrg/kc/buy/cgsh_order_operate.html?command=get_materiel&rest_code=00151&code=00101008442&supplier_code=00100007&order_time=2020-07-02 HTTP/1.1" 200 406
120.253.135.82 - - [02/Jul/2020:10:39:09 +0800] "GET /xingrg/javascript/jquery_easy_ui/themes/default/images/tabs_close.gif HTTP/1.1" 304 -
120.253.135.82 - - [02/Jul/2020:10:39:09 +0800] "GET /xingrg/css/blue.css HTTP/1.1" 304 -
120.253.135.82 - - [02/Jul/2020:10:39:09 +0800] "GET /xingrg/dwr/util.js HTTP/1.1" 304 -
120.253.135.82 - - [02/Jul/2020:10:39:09 +0800] "GET /xingrg/javascript/Calendar.js HTTP/1.1" 304 -
120.253.135.82 - - [02/Jul/2020:10:39:09 +0800] "GET /xingrg/javascript/myfunction.js HTTP/1.1" 304 -
120.253.135.82 - - [02/Jul/2020:10:39:09 +0800] "GET /xingrg/javascript/pic_change.js HTTP/1.1" 304 -
120.253.135.82 - - [02/Jul/2020:10:39:09 +0800] "GET /xingrg/kc/pszx/mdqp_order_list.html?state=10 HTTP/1.1" 200 12131
120.253.135.82 - - [02/Jul/2020:10:39:09 +0800] "GET /xingrg/dwr/interface/AjaxReportQueryService.js HTTP/1.1" 200 13203
120.253.135.82 - - [02/Jul/2020:10:39:09 +0800] "GET /xingrg/dwr/interface/AjaxQqpsService.js HTTP/1.1" 200 16326
120.253.135.82 - - [02/Jul/2020:10:39:09 +0800] "GET /xingrg/dwr/engine.js HTTP/1.1" 200 43631
120.253.135.82 - - [02/Jul/2020:10:39:09 +0800] "GET /xingrg/javascript/jquery_easy_ui/themes/icons/check_new.png HTTP/1.1" 304 -
120.253.135.82 - - [02/Jul/2020:10:39:09 +0800] "GET /xingrg/javascript/jquery_easy_ui/themes/icons/back_new.png HTTP/1.1" 304 -
120.253.135.82 - - [02/Jul/2020:10:39:09 +0800] "GET /xingrg/javascript/jquery_easy_ui/themes/icons/uncheck_new.png HTTP/1.1" 304 -
180.175.214.200 - - [02/Jul/2020:10:39:13 +0800] "GET /xingrg/kc/base/wldb_order_operate.html?command=get_materiel&rest_code=00102&base_code=0010476&code=00101019015 HTTP/1.1" 200 437
58.40.7.146 - - [02/Jul/2020:10:39:14 +0800] "GET /xingrg/javascript/jquery_easy_ui/themes/default/images/tree_checkbox_1.gif HTTP/1.1" 200 174
58.40.7.146 - - [02/Jul/2020:10:39:14 +0800] "GET /xingrg/javascript/jquery_easy_ui/themes/default/images/tree_checkbox_2.gif HTTP/1.1" 200 181
58.40.7.146 - - [02/Jul/2020:10:39:14 +0800] "POST /xingrg/dwr/call/plaincall/AjaxReportQueryService.queryInitializeString.dwr HTTP/1.1" 200 203
101.85.53.146 - - [02/Jul/2020:10:39:15 +0800] "GET /xingrg/check_reg.html?_=1593656955391 HTTP/1.1" 200 22
120.253.135.82 - - [02/Jul/2020:10:39:15 +0800] "GET /xingrg/index.html?sysBaseUrl=http%3A%2F%2F180.169.147.146%3A18081%2Fxingrg%2F&costTime=34×tamp=1585631483848 HTTP/1.1" 302 -
120.253.135.82 - - [02/Jul/2020:10:39:15 +0800] "GET /xingrg/login.html HTTP/1.1" 200 7641
117.131.5.26 - - [02/Jul/2020:10:39:15 +0800] "GET /xingrg/all/function/internal_message.html?_=1593657921932&CODE_STATE=getMsg HTTP/1.1" 200 27
120.253.135.82 - - [02/Jul/2020:10:39:15 +0800] "GET /xingrg/images/blue/jxLogo.png HTTP/1.1" 304 -
120.253.135.82 - - [02/Jul/2020:10:39:15 +0800] "GET /xingrg/images/blue/hj.png HTTP/1.1" 304 -
120.253.135.82 - - [02/Jul/2020:10:39:15 +0800] "GET /xingrg/images/blue/srbg.png HTTP/1.1" 304 -
120.253.135.82 - - [02/Jul/2020:10:39:15 +0800] "GET /xingrg/images/blue/login_bg.png HTTP/1.1" 304 -
58.40.7.146 - - [02/Jul/2020:10:39:15 +0800] "POST /xingrg/dwr/call/plaincall/AjaxReportQueryService.refreshCache.dwr HTTP/1.1" 200 78
120.253.135.82 - - [02/Jul/2020:10:39:15 +0800] "GET /favicon.ico HTTP/1.1" 404 -
172.17.0.120 - - [02/Jul/2020:10:39:16 +0800] "GET /xingrg/all/function/internal_message.html?_=1593657552442&CODE_STATE=getMsg HTTP/1.1" 200 27
222.69.138.0 - - [02/Jul/2020:10:39:16 +0800] "GET /xingrg/all/function/internal_message.html?_=1593657549607&CODE_STATE=getMsg HTTP/1.1" 200 27
58.40.7.146 - - [02/Jul/2020:10:39:16 +0800] "POST /xingrg/all/report/load_report_page.html HTTP/1.1" 200 196485
58.40.7.146 - - [02/Jul/2020:10:39:16 +0800] "GET /xingrg/images/blue/button/back2.gif HTTP/1.1" 200 1339
58.40.7.146 - - [02/Jul/2020:10:39:16 +0800] "GET /xingrg/images/blue/button/back.gif HTTP/1.1" 200 1352
58.40.7.146 - - [02/Jul/2020:10:39:16 +0800] "GET /xingrg/servlets/image?cache=0.18242399065441062&image=px HTTP/1.1" 200 807
120.253.135.82 - - [02/Jul/2020:10:39:17 +0800] "GET /xingrg/kc/pszx/mdps_order_list.html?orderType=0 HTTP/1.1" 200 20967
120.253.135.82 - - [02/Jul/2020:10:39:17 +0800] "GET /xingrg/css/base.css HTTP/1.1" 304 -
120.253.135.82 - - [02/Jul/2020:10:39:17 +0800] "GET /xingrg/css/site.css HTTP/1.1" 304 -
120.253.135.82 - - [02/Jul/2020:10:39:17 +0800] "GET /xingrg/javascript/easyui/themes/icon.css HTTP/1.1" 304 -
120.253.135.82 - - [02/Jul/2020:10:39:17 +0800] "GET /xingrg/javascript/jquery_tools/jquery.tools.extend.js HTTP/1.1" 304 -
120.253.135.82 - - [02/Jul/2020:10:39:17 +0800] "GET /xingrg/javascript/auto/jquery.autocomplete.css HTTP/1.1" 304 -
120.253.135.82 - - [02/Jul/2020:10:39:17 +0800] "GET /xingrg/javascript/jquery_tools/fix.css HTTP/1.1" 304 -
120.253.135.82 - - [02/Jul/2020:10:39:17 +0800] "GET /xingrg/javascript/jquery_tools/table.css HTTP/1.1" 304 -
120.253.135.82 - - [02/Jul/2020:10:39:17 +0800] "GET /xingrg/javascript/jquery_tools/jquery.tools.min.js HTTP/1.1" 304 -
120.253.135.82 - - [02/Jul/2020:10:39:17 +0800] "GET /xingrg/javascript/easyui/themes/default/easyui.css HTTP/1.1" 304 -
120.253.135.82 - - [02/Jul/2020:10:39:17 +0800] "GET /xingrg/javascript/jquery_tools/datebox.css HTTP/1.1" 304 -
120.253.135.82 - - [02/Jul/2020:10:39:17 +0800] "GET /xingrg/javascript/jquery_tools/jquery.tools.hotkey.js HTTP/1.1" 304 -
120.253.135.82 - - [02/Jul/2020:10:39:17 +0800] "GET /xingrg/javascript/jquery_tools/jquery.tools.table.js HTTP/1.1" 304 -
120.253.135.82 - - [02/Jul/2020:10:39:17 +0800] "GET /xingrg/javascript/jquery.cookie.js HTTP/1.1" 304 -
120.253.135.82 - - [02/Jul/2020:10:39:17 +0800] "GET /xingrg/javascript/jquery_tools/list_manager.js HTTP/1.1" 304 -
120.253.135.82 - - [02/Jul/2020:10:39:17 +0800] "GET /xingrg/javascript/auto/jquery.autocomplete.js HTTP/1.1" 304 -
120.253.135.82 - - [02/Jul/2020:10:39:17 +0800] "GET /xingrg/javascript/print/LodopFuncs.js HTTP/1.1" 304 -
120.253.135.82 - - [02/Jul/2020:10:39:17 +0800] "GET /xingrg/javascript/easyui/easyloader.js HTTP/1.1" 304 -
114.89.80.44 - - [02/Jul/2020:10:39:17 +0800] "GET /xingrg/kc/buy/cgsh_order_operate.html?command=get_materiel&rest_code=00151&code=00101008098&supplier_code=00100007&order_time=2020-07-02 HTTP/1.1" 200 412
120.253.135.82 - - [02/Jul/2020:10:39:17 +0800] "POST /xingrg/login.do HTTP/1.1" 302 -
