172.17.0.106 - - [02/Jul/2020:09:20:17 +0800] "GET /xingrg/javascript/jquery.timers.js HTTP/1.1" 304 -
172.17.0.106 - - [02/Jul/2020:09:20:17 +0800] "GET /xingrg/images/blue/jxLogo.png HTTP/1.1" 304 -
172.17.0.106 - - [02/Jul/2020:09:20:17 +0800] "GET /xingrg/images/blue/navBackgound.jpg HTTP/1.1" 304 -
172.17.0.106 - - [02/Jul/2020:09:20:17 +0800] "GET /xingrg/javascript/jquery_easy_ui/themes/icons/settle_new.png HTTP/1.1" 304 -
172.17.0.106 - - [02/Jul/2020:09:20:17 +0800] "POST /xingrg/all/common/load_tree.html?tree=area_rest_tree_json&manage=1 HTTP/1.1" 200 3088
172.17.0.106 - - [02/Jul/2020:09:20:17 +0800] "GET /xingrg/all/function/internal_message.html?_=1593652817501&CODE_STATE=count HTTP/1.1" 200 11
172.17.0.106 - - [02/Jul/2020:09:20:17 +0800] "GET /xingrg/check_reg.html?_=1593652817503 HTTP/1.1" 200 22
172.17.0.106 - - [02/Jul/2020:09:20:17 +0800] "GET /xingrg/javascript/jquery_easy_ui/themes/default/images/tabs_leftarrow.png HTTP/1.1" 304 -
172.17.0.106 - - [02/Jul/2020:09:20:17 +0800] "GET /xingrg/javascript/jquery_easy_ui/themes/default/images/tabs_rightarrow.png HTTP/1.1" 304 -
172.17.0.106 - - [02/Jul/2020:09:20:17 +0800] "GET /xingrg/images/blue/pingpu.png HTTP/1.1" 304 -
172.17.0.106 - - [02/Jul/2020:09:20:17 +0800] "GET /xingrg/javascript/jquery_easy_ui/themes/default/images/panel_tool_expand.gif HTTP/1.1" 304 -
172.17.0.106 - - [02/Jul/2020:09:20:17 +0800] "GET /xingrg/javascript/jquery_easy_ui/themes/default/images/panel_tool_collapse.gif HTTP/1.1" 304 -
172.17.0.106 - - [02/Jul/2020:09:20:17 +0800] "POST /xingrg/load_menu.html HTTP/1.1" 200 9924
172.17.0.101 - - [02/Jul/2020:09:20:19 +0800] "GET /xingrg/all/function/internal_message.html?_=1593652837201&CODE_STATE=getMsg HTTP/1.1" 200 27
116.230.77.149 - - [02/Jul/2020:09:20:20 +0800] "GET /xingrg/kc/buy/cgsh_order_operate.html?command=get_materiel&rest_code=00107&code=00101008125&supplier_code=00100006&order_time=2020-07-02 HTTP/1.1" 200 413
114.86.228.2 - - [02/Jul/2020:09:20:20 +0800] "GET /xingrg/all/function/internal_message.html?_=1593652873140&CODE_STATE=getMsg HTTP/1.1" 200 27
114.86.190.97 - - [02/Jul/2020:09:20:21 +0800] "POST /xingrg/dwr/call/plaincall/AjaxQqpsService.getMaterielByCode.dwr HTTP/1.1" 200 2640
114.86.190.97 - - [02/Jul/2020:09:20:23 +0800] "POST /xingrg/dwr/call/plaincall/AjaxQqpsService.saveMaterielItem.dwr HTTP/1.1" 200 79
180.175.214.200 - - [02/Jul/2020:09:20:24 +0800] "GET /xingrg/check_reg.html?_=1593653028534 HTTP/1.1" 200 22
180.175.214.200 - - [02/Jul/2020:09:20:24 +0800] "GET /xingrg/all/function/internal_message.html?_=1593653029134&CODE_STATE=getMsg HTTP/1.1" 200 27
114.86.190.97 - - [02/Jul/2020:09:20:28 +0800] "POST /xingrg/dwr/call/plaincall/AjaxQqpsService.getMaterielByCode.dwr HTTP/1.1" 200 2624
114.86.190.97 - - [02/Jul/2020:09:20:30 +0800] "POST /xingrg/dwr/call/plaincall/AjaxQqpsService.saveMaterielItem.dwr HTTP/1.1" 200 79
114.88.170.9 - - [02/Jul/2020:09:20:31 +0800] "GET /xingrg/all/function/internal_message.html?_=1593652851768&CODE_STATE=getMsg HTTP/1.1" 200 27
101.228.167.227 - - [02/Jul/2020:09:20:34 +0800] "GET /xingrg/check_reg.html?_=1593652846278 HTTP/1.1" 200 22
101.228.167.227 - - [02/Jul/2020:09:20:35 +0800] "GET /xingrg/all/function/internal_message.html?_=1593652846395&CODE_STATE=getMsg HTTP/1.1" 200 27
116.230.77.149 - - [02/Jul/2020:09:20:36 +0800] "GET /xingrg/kc/buy/cgsh_order_operate.html?command=get_materiel&rest_code=00107&code=00101008210&supplier_code=00100006&order_time=2020-07-02 HTTP/1.1" 200 408
114.86.190.97 - - [02/Jul/2020:09:20:36 +0800] "POST /xingrg/dwr/call/plaincall/AjaxQqpsService.getMaterielByCode.dwr HTTP/1.1" 200 2650
172.17.0.106 - - [02/Jul/2020:09:20:37 +0800] "GET /xingrg/kc/base/check_order_list.html HTTP/1.1" 200 16621
114.86.190.97 - - [02/Jul/2020:09:20:38 +0800] "POST /xingrg/dwr/call/plaincall/AjaxQqpsService.saveMaterielItem.dwr HTTP/1.1" 200 79
172.17.0.106 - - [02/Jul/2020:09:20:39 +0800] "POST /xingrg/kc/base/check_list_operate.html HTTP/1.1" 200 781
114.86.190.97 - - [02/Jul/2020:09:20:39 +0800] "POST /xingrg/dwr/call/plaincall/AjaxQqpsService.getMaterielByCode.dwr HTTP/1.1" 200 2674
114.86.190.97 - - [02/Jul/2020:09:20:41 +0800] "POST /xingrg/dwr/call/plaincall/AjaxQqpsService.saveMaterielItem.dwr HTTP/1.1" 200 79
172.17.0.106 - - [02/Jul/2020:09:20:41 +0800] "POST /xingrg/kc/base/check_list_operate.html HTTP/1.1" 200 5547
114.86.190.97 - - [02/Jul/2020:09:20:42 +0800] "POST /xingrg/dwr/call/plaincall/AjaxQqpsService.getMaterielByCode.dwr HTTP/1.1" 200 2663
114.86.190.97 - - [02/Jul/2020:09:20:45 +0800] "POST /xingrg/dwr/call/plaincall/AjaxQqpsService.saveMaterielItem.dwr HTTP/1.1" 200 79
172.17.0.106 - - [02/Jul/2020:09:20:45 +0800] "POST /xingrg/kc/base/check_list_operate.html HTTP/1.1" 200 3456
116.230.77.149 - - [02/Jul/2020:09:20:45 +0800] "GET /xingrg/all/function/internal_message.html?_=1593652838293&CODE_STATE=getMsg HTTP/1.1" 200 27
172.17.0.102 - - [02/Jul/2020:09:20:46 +0800] "GET /xingrg/all/function/internal_message.html?_=1593652843600&CODE_STATE=getMsg HTTP/1.1" 200 27
114.86.190.97 - - [02/Jul/2020:09:20:47 +0800] "GET /xingrg/all/function/internal_message.html?_=1593652848748&CODE_STATE=getMsg HTTP/1.1" 200 27
120.253.135.82 - - [02/Jul/2020:09:20:48 +0800] "GET /xingrg/check_reg.html?_=1593652600163 HTTP/1.1" 200 22
114.86.190.97 - - [02/Jul/2020:09:20:48 +0800] "POST /xingrg/dwr/call/plaincall/AjaxQqpsService.getMaterielByCode.dwr HTTP/1.1" 200 2662
172.17.0.106 - - [02/Jul/2020:09:20:48 +0800] "GET /xingrg/kc/base/check_order_info.html?code=452020063000668 HTTP/1.1" 200 23096
120.253.135.82 - - [02/Jul/2020:09:20:48 +0800] "GET /xingrg/all/function/internal_message.html?_=1593652600655&CODE_STATE=getMsg HTTP/1.1" 200 27
172.17.0.106 - - [02/Jul/2020:09:20:48 +0800] "GET /xingrg/dwr/interface/AjaxComOrderService.js HTTP/1.1" 200 18264
172.17.0.106 - - [02/Jul/2020:09:20:48 +0800] "GET /xingrg/dwr/interface/AjaxCheckService.js HTTP/1.1" 200 14003
172.17.0.106 - - [02/Jul/2020:09:20:48 +0800] "GET /xingrg/dwr/util.js HTTP/1.1" 200 35990
172.17.0.106 - - [02/Jul/2020:09:20:48 +0800] "GET /xingrg/dwr/engine.js HTTP/1.1" 200 43631
114.88.170.9 - - [02/Jul/2020:09:20:49 +0800] "GET /xingrg/check_reg.html?_=1593652845916 HTTP/1.1" 200 22
114.86.190.97 - - [02/Jul/2020:09:20:50 +0800] "POST /xingrg/dwr/call/plaincall/AjaxQqpsService.saveMaterielItem.dwr HTTP/1.1" 200 79
172.17.0.106 - - [02/Jul/2020:09:20:50 +0800] "POST /xingrg/dwr/call/plaincall/AjaxCheckService.loadOrderItems.dwr HTTP/1.1" 200 69475
114.89.80.44 - - [02/Jul/2020:09:20:50 +0800] "GET /xingrg/all/function/internal_message.html?_=1593652848823&CODE_STATE=getMsg HTTP/1.1" 200 27
114.89.80.44 - - [02/Jul/2020:09:20:50 +0800] "GET /xingrg/check_reg.html?_=1593652848825 HTTP/1.1" 200 22
101.228.167.227 - - [02/Jul/2020:09:20:51 +0800] "GET /xingrg/kc/buy/cgsh_order_operate.html?command=get_materiel&rest_code=00146&code=00101008213&supplier_code=00100005&order_time=2020-07-02 HTTP/1.1" 200 412
114.86.190.97 - - [02/Jul/2020:09:20:53 +0800] "POST /xingrg/dwr/call/plaincall/AjaxQqpsService.getMaterielByCode.dwr HTTP/1.1" 200 2667
114.86.190.97 - - [02/Jul/2020:09:20:56 +0800] "POST /xingrg/dwr/call/plaincall/AjaxQqpsService.saveMaterielItem.dwr HTTP/1.1" 200 79
101.228.167.227 - - [02/Jul/2020:09:20:58 +0800] "GET /xingrg/kc/buy/cgsh_order_operate.html?command=get_materiel&rest_code=00146&code=00101008298&supplier_code=00100005&order_time=2020-07-02 HTTP/1.1" 200 413
101.228.167.227 - - [02/Jul/2020:09:20:59 +0800] "GET /xingrg/all/function/internal_message.html?_=1593652868441&CODE_STATE=getMsg HTTP/1.1" 200 27
61.172.5.115 - - [02/Jul/2020:09:21:00 +0800] "GET /xingrg/check_reg.html?_=1593652857484 HTTP/1.1" 200 22
61.172.5.115 - - [02/Jul/2020:09:21:00 +0800] "GET /xingrg/all/function/internal_message.html?_=1593652857519&CODE_STATE=getMsg HTTP/1.1" 200 27
114.88.170.9 - - [02/Jul/2020:09:21:01 +0800] "GET /xingrg/all/function/internal_message.html?_=1593652857395&CODE_STATE=getMsg HTTP/1.1" 200 27
114.86.190.97 - - [02/Jul/2020:09:21:03 +0800] "POST /xingrg/dwr/call/plaincall/AjaxQqpsService.getMaterielByCode.dwr HTTP/1.1" 200 2646
114.86.190.97 - - [02/Jul/2020:09:21:04 +0800] "POST /xingrg/dwr/call/plaincall/AjaxQqpsService.saveMaterielItem.dwr HTTP/1.1" 200 79
114.86.190.97 - - [02/Jul/2020:09:21:06 +0800] "POST /xingrg/dwr/call/plaincall/AjaxQqpsService.getMaterielByCode.dwr HTTP/1.1" 200 2673
114.86.190.97 - - [02/Jul/2020:09:21:09 +0800] "POST /xingrg/dwr/call/plaincall/AjaxQqpsService.saveMaterielItem.dwr HTTP/1.1" 200 79
114.86.190.97 - - [02/Jul/2020:09:21:11 +0800] "POST /xingrg/dwr/call/plaincall/AjaxQqpsService.getMaterielByCode.dwr HTTP/1.1" 200 2642
222.69.138.0 - - [02/Jul/2020:09:21:12 +0800] "GET /xingrg/kc/buy/cgsh_order_operate.html?command=get_materiel&rest_code=00149&code=00101008010&supplier_code=00100005&order_time=2020-07-02 HTTP/1.1" 200 412
114.86.190.97 - - [02/Jul/2020:09:21:12 +0800] "POST /xingrg/dwr/call/plaincall/AjaxQqpsService.saveMaterielItem.dwr HTTP/1.1" 200 79
117.131.5.26 - - [02/Jul/2020:09:21:14 +0800] "GET /xingrg/all/function/internal_message.html?_=1593653240845&CODE_STATE=getMsg HTTP/1.1" 200 27
117.184.7.26 - - [02/Jul/2020:09:21:14 +0800] "GET /xingrg/all/function/internal_message.html?_=1593652866269&CODE_STATE=getMsg HTTP/1.1" 200 27
114.86.190.97 - - [02/Jul/2020:09:21:15 +0800] "POST /xingrg/dwr/call/plaincall/AjaxQqpsService.getMaterielByCode.dwr HTTP/1.1" 200 2659
222.69.138.0 - - [02/Jul/2020:09:21:16 +0800] "GET /xingrg/all/function/internal_message.html?_=1593652869574&CODE_STATE=getMsg HTTP/1.1" 200 27
116.230.77.149 - - [02/Jul/2020:09:21:17 +0800] "GET /xingrg/check_reg.html?_=1593652876300 HTTP/1.1" 302 -
172.17.0.106 - - [02/Jul/2020:09:21:17 +0800] "GET /xingrg/all/function/internal_message.html?_=1593652877513&CODE_STATE=getMsg HTTP/1.1" 200 27
172.17.0.101 - - [02/Jul/2020:09:21:19 +0800] "GET /xingrg/all/function/internal_message.html?_=1593652897202&CODE_STATE=getMsg HTTP/1.1" 200 27
114.86.228.2 - - [02/Jul/2020:09:21:19 +0800] "GET /xingrg/all/function/internal_message.html?_=1593652933140&CODE_STATE=getMsg HTTP/1.1" 200 27
114.86.190.97 - - [02/Jul/2020:09:21:20 +0800] "POST /xingrg/dwr/call/plaincall/AjaxQqpsService.getMaterielByCode.dwr HTTP/1.1" 200 2664
101.228.167.227 - - [02/Jul/2020:09:21:21 +0800] "GET /xingrg/kc/buy/cgsh_order_operate.html?command=get_materiel&rest_code=00146&code=00101008225&supplier_code=00100005&order_time=2020-07-02 HTTP/1.1" 200 416
114.84.32.201 - - [02/Jul/2020:09:21:21 +0800] "GET /xingrg/check_reg.html?_=1593652877618 HTTP/1.1" 200 22
222.69.138.0 - - [02/Jul/2020:09:21:22 +0800] "POST /xingrg/kc/buy/cgsh_order_operate.html HTTP/1.1" 200 2065
172.17.0.106 - - [02/Jul/2020:09:21:23 +0800] "GET /xingrg/kc/base/check_order_list.html?isBack=1 HTTP/1.1" 200 16621
172.17.0.106 - - [02/Jul/2020:09:21:23 +0800] "POST /xingrg/kc/base/check_list_operate.html HTTP/1.1" 200 781
114.86.190.97 - - [02/Jul/2020:09:21:24 +0800] "POST /xingrg/dwr/call/plaincall/AjaxQqpsService.saveMaterielItem.dwr HTTP/1.1" 200 79
180.175.214.200 - - [02/Jul/2020:09:21:24 +0800] "GET /xingrg/all/function/internal_message.html?_=1593653089148&CODE_STATE=getMsg HTTP/1.1" 200 27
172.17.0.106 - - [02/Jul/2020:09:21:26 +0800] "GET /xingrg/kc/base/check_order_info.html?code=452020063000667 HTTP/1.1" 200 23092
172.17.0.106 - - [02/Jul/2020:09:21:26 +0800] "GET /xingrg/dwr/interface/AjaxComOrderService.js HTTP/1.1" 200 18264
172.17.0.106 - - [02/Jul/2020:09:21:26 +0800] "GET /xingrg/dwr/interface/AjaxCheckService.js HTTP/1.1" 200 14003
172.17.0.106 - - [02/Jul/2020:09:21:26 +0800] "GET /xingrg/dwr/engine.js HTTP/1.1" 200 43631
172.17.0.106 - - [02/Jul/2020:09:21:26 +0800] "POST /xingrg/dwr/call/plaincall/AjaxCheckService.loadOrderItems.dwr HTTP/1.1" 200 641
114.86.190.97 - - [02/Jul/2020:09:21:27 +0800] "POST /xingrg/dwr/call/plaincall/AjaxQqpsService.getMaterielByCode.dwr HTTP/1.1" 200 2664
114.86.190.97 - - [02/Jul/2020:09:21:28 +0800] "POST /xingrg/dwr/call/plaincall/AjaxQqpsService.saveMaterielItem.dwr HTTP/1.1" 200 79
101.228.167.227 - - [02/Jul/2020:09:21:28 +0800] "GET /xingrg/kc/buy/cgsh_order_operate.html?command=get_materiel&rest_code=00146&code=00101008125&supplier_code=00100005&order_time=2020-07-02 HTTP/1.1" 200 413
172.17.0.106 - - [02/Jul/2020:09:21:29 +0800] "GET /xingrg/kc/base/check_order_info.html?code=452020063000666 HTTP/1.1" 200 23100
172.17.0.106 - - [02/Jul/2020:09:21:29 +0800] "GET /xingrg/dwr/interface/AjaxComOrderService.js HTTP/1.1" 200 18264
172.17.0.106 - - [02/Jul/2020:09:21:29 +0800] "GET /xingrg/dwr/interface/AjaxCheckService.js HTTP/1.1" 200 14003
172.17.0.106 - - [02/Jul/2020:09:21:29 +0800] "GET /xingrg/dwr/engine.js HTTP/1.1" 200 43631
172.17.0.106 - - [02/Jul/2020:09:21:30 +0800] "POST /xingrg/dwr/call/plaincall/AjaxCheckService.loadOrderItems.dwr HTTP/1.1" 200 3469
114.88.170.9 - - [02/Jul/2020:09:21:31 +0800] "GET /xingrg/check_reg.html?_=1593652911770 HTTP/1.1" 200 22
114.88.170.9 - - [02/Jul/2020:09:21:31 +0800] "GET /xingrg/all/function/internal_message.html?_=1593652911768&CODE_STATE=getMsg HTTP/1.1" 200 27
114.86.190.97 - - [02/Jul/2020:09:21:32 +0800] "POST /xingrg/dwr/call/plaincall/AjaxQqpsService.getMaterielByCode.dwr HTTP/1.1" 200 2659
172.17.0.106 - - [02/Jul/2020:09:21:33 +0800] "GET /xingrg/kc/base/check_order_info.html?code=452020063000661 HTTP/1.1" 200 23100
172.17.0.106 - - [02/Jul/2020:09:21:33 +0800] "GET /xingrg/dwr/interface/AjaxComOrderService.js HTTP/1.1" 200 18264
172.17.0.106 - - [02/Jul/2020:09:21:33 +0800] "GET /xingrg/dwr/interface/AjaxCheckService.js HTTP/1.1" 200 14003
172.17.0.106 - - [02/Jul/2020:09:21:33 +0800] "GET /xingrg/dwr/engine.js HTTP/1.1" 200 43631
172.17.0.106 - - [02/Jul/2020:09:21:33 +0800] "POST /xingrg/dwr/call/plaincall/AjaxCheckService.loadOrderItems.dwr HTTP/1.1" 200 23217
114.86.190.97 - - [02/Jul/2020:09:21:34 +0800] "POST /xingrg/dwr/call/plaincall/AjaxQqpsService.saveMaterielItem.dwr HTTP/1.1" 200 79
101.228.167.227 - - [02/Jul/2020:09:21:35 +0800] "GET /xingrg/all/function/internal_message.html?_=1593652906407&CODE_STATE=getMsg HTTP/1.1" 200 27
116.230.77.149 - - [02/Jul/2020:09:21:35 +0800] "GET /xingrg/kc/buy/cgsh_order_operate.html?command=get_materiel&rest_code=00107&code=00101008185&supplier_code=00100006&order_time=2020-07-02 HTTP/1.1" 200 408
114.86.190.97 - - [02/Jul/2020:09:21:38 +0800] "POST /xingrg/dwr/call/plaincall/AjaxQqpsService.getMaterielByCode.dwr HTTP/1.1" 200 2666
172.17.0.106 - - [02/Jul/2020:09:21:38 +0800] "GET /xingrg/kc/base/check_order_info.html?code=452020063000657 HTTP/1.1" 200 23096
172.17.0.106 - - [02/Jul/2020:09:21:38 +0800] "GET /xingrg/dwr/interface/AjaxComOrderService.js HTTP/1.1" 200 18264
172.17.0.106 - - [02/Jul/2020:09:21:38 +0800] "GET /xingrg/dwr/interface/AjaxCheckService.js HTTP/1.1" 200 14003
172.17.0.106 - - [02/Jul/2020:09:21:38 +0800] "GET /xingrg/dwr/engine.js HTTP/1.1" 200 43631
172.17.0.106 - - [02/Jul/2020:09:21:38 +0800] "POST /xingrg/dwr/call/plaincall/AjaxCheckService.loadOrderItems.dwr HTTP/1.1" 200 7502
114.86.190.97 - - [02/Jul/2020:09:21:40 +0800] "POST /xingrg/dwr/call/plaincall/AjaxQqpsService.saveMaterielItem.dwr HTTP/1.1" 200 79
114.86.190.97 - - [02/Jul/2020:09:21:42 +0800] "POST /xingrg/dwr/call/plaincall/AjaxQqpsService.getMaterielByCode.dwr HTTP/1.1" 200 2650
172.17.0.106 - - [02/Jul/2020:09:21:43 +0800] "GET /xingrg/kc/base/check_order_info.html?code=452020063000656 HTTP/1.1" 200 23100
172.17.0.106 - - [02/Jul/2020:09:21:43 +0800] "GET /xingrg/dwr/interface/AjaxCheckService.js HTTP/1.1" 200 14003
172.17.0.106 - - [02/Jul/2020:09:21:43 +0800] "GET /xingrg/dwr/interface/AjaxComOrderService.js HTTP/1.1" 200 18264
172.17.0.106 - - [02/Jul/2020:09:21:43 +0800] "GET /xingrg/dwr/engine.js HTTP/1.1" 200 43631
172.17.0.106 - - [02/Jul/2020:09:21:43 +0800] "POST /xingrg/dwr/call/plaincall/AjaxCheckService.loadOrderItems.dwr HTTP/1.1" 200 16240
114.86.190.97 - - [02/Jul/2020:09:21:43 +0800] "POST /xingrg/dwr/call/plaincall/AjaxQqpsService.saveMaterielItem.dwr HTTP/1.1" 200 79
116.230.77.149 - - [02/Jul/2020:09:21:44 +0800] "GET /xingrg/kc/buy/cgsh_order_operate.html?command=get_materiel&rest_code=00107&code=00101008003&supplier_code=00100006&order_time=2020-07-02 HTTP/1.1" 200 408
116.230.77.149 - - [02/Jul/2020:09:21:45 +0800] "GET /xingrg/all/function/internal_message.html?_=1593652898277&CODE_STATE=getMsg HTTP/1.1" 200 27
172.17.0.102 - - [02/Jul/2020:09:21:46 +0800] "GET /xingrg/all/function/internal_message.html?_=1593652903600&CODE_STATE=getMsg HTTP/1.1" 200 27
114.86.190.97 - - [02/Jul/2020:09:21:47 +0800] "GET /xingrg/all/function/internal_message.html?_=1593652908731&CODE_STATE=getMsg HTTP/1.1" 200 27
114.86.190.97 - - [02/Jul/2020:09:21:47 +0800] "POST /xingrg/dwr/call/plaincall/AjaxQqpsService.getMaterielByCode.dwr HTTP/1.1" 200 2659
114.86.190.97 - - [02/Jul/2020:09:21:48 +0800] "POST /xingrg/dwr/call/plaincall/AjaxQqpsService.saveMaterielItem.dwr HTTP/1.1" 200 79
120.253.135.82 - - [02/Jul/2020:09:21:48 +0800] "GET /xingrg/all/function/internal_message.html?_=1593652660666&CODE_STATE=getMsg HTTP/1.1" 200 27
116.230.77.149 - - [02/Jul/2020:09:21:49 +0800] "POST /xingrg/kc/buy/cgsh_order_operate.html HTTP/1.1" 200 2065
114.89.80.44 - - [02/Jul/2020:09:21:50 +0800] "GET /xingrg/all/function/internal_message.html?_=1593652908849&CODE_STATE=getMsg HTTP/1.1" 200 27
114.86.190.97 - - [02/Jul/2020:09:21:51 +0800] "POST /xingrg/dwr/call/plaincall/AjaxQqpsService.getMaterielByCode.dwr HTTP/1.1" 200 2664
101.228.167.227 - - [02/Jul/2020:09:21:51 +0800] "POST /xingrg/kc/buy/cgsh_order_operate.html HTTP/1.1" 200 2065
114.86.190.97 - - [02/Jul/2020:09:21:53 +0800] "POST /xingrg/dwr/call/plaincall/AjaxQqpsService.saveMaterielItem.dwr HTTP/1.1" 200 79
116.230.77.149 - - [02/Jul/2020:09:21:56 +0800] "GET /xingrg/kc/buy/cgsh_order_operate.html?command=get_materiel&rest_code=00107&code=00101008141&supplier_code=00100006&order_time=2020-07-02 HTTP/1.1" 200 414
101.228.167.227 - - [02/Jul/2020:09:21:59 +0800] "GET /xingrg/all/function/internal_message.html?_=1593652928455&CODE_STATE=getMsg HTTP/1.1" 200 27
61.172.5.115 - - [02/Jul/2020:09:22:00 +0800] "GET /xingrg/all/function/internal_message.html?_=1593652917504&CODE_STATE=getMsg HTTP/1.1" 200 27
114.88.170.9 - - [02/Jul/2020:09:22:01 +0800] "GET /xingrg/all/function/internal_message.html?_=1593652917409&CODE_STATE=getMsg HTTP/1.1" 200 27
101.228.167.227 - - [02/Jul/2020:09:22:01 +0800] "GET /xingrg/kc/buy/cgsh_order_operate.html?command=get_materiel&rest_code=00146&code=00101008201&supplier_code=00100005&order_time=2020-07-02 HTTP/1.1" 200 412
114.86.190.97 - - [02/Jul/2020:09:22:01 +0800] "POST /xingrg/dwr/call/plaincall/AjaxQqpsService.saveMaterielItem.dwr HTTP/1.1" 200 79
172.17.0.106 - - [02/Jul/2020:09:22:02 +0800] "POST /xingrg/all/user/operate.html HTTP/1.1" 200 36
172.17.0.106 - - [02/Jul/2020:09:22:02 +0800] "GET /xingrg/index.html?sysBaseUrl=http%3A%2F%2F172.17.0.8%3A18081%2Fxingrg%2F&costTime=40×tamp=1593652798457 HTTP/1.1" 200 17454
172.17.0.106 - - [02/Jul/2020:09:22:02 +0800] "GET /xingrg/javascript/jquery_easy_ui/themes/default/easyui.css HTTP/1.1" 304 -
172.17.0.106 - - [02/Jul/2020:09:22:02 +0800] "GET /xingrg/javascript/jquery_easy_ui/themes/icon.css HTTP/1.1" 304 -
172.17.0.106 - - [02/Jul/2020:09:22:02 +0800] "GET /xingrg/css/form.css HTTP/1.1" 304 -
172.17.0.106 - - [02/Jul/2020:09:22:02 +0800] "GET /xingrg/javascript/jquery-1.4.2.min.js HTTP/1.1" 304 -
172.17.0.106 - - [02/Jul/2020:09:22:02 +0800] "GET /xingrg/javascript/jquery_easy_ui/jquery.easyui.min.js HTTP/1.1" 304 -
172.17.0.106 - - [02/Jul/2020:09:22:02 +0800] "GET /xingrg/javascript/jquery_easy_ui/easyui-lang-zh_CN.js HTTP/1.1" 304 -
172.17.0.106 - - [02/Jul/2020:09:22:02 +0800] "GET /xingrg/javascript/jquery.form.js HTTP/1.1" 304 -
172.17.0.106 - - [02/Jul/2020:09:22:02 +0800] "GET /xingrg/javascript/jquery.utils.js HTTP/1.1" 304 -
172.17.0.106 - - [02/Jul/2020:09:22:02 +0800] "GET /xingrg/javascript/jquery.timers.js HTTP/1.1" 304 -
172.17.0.106 - - [02/Jul/2020:09:22:02 +0800] "GET /xingrg/images/blue/jxLogo.png HTTP/1.1" 304 -
172.17.0.106 - - [02/Jul/2020:09:22:02 +0800] "GET /xingrg/javascript/jquery_easy_ui/themes/icons/settle_new.png HTTP/1.1" 304 -
172.17.0.106 - - [02/Jul/2020:09:22:02 +0800] "GET /xingrg/images/blue/navBackgound.jpg HTTP/1.1" 304 -
172.17.0.106 - - [02/Jul/2020:09:22:02 +0800] "POST /xingrg/all/common/load_tree.html?tree=area_rest_tree_json&manage=1 HTTP/1.1" 200 3088
172.17.0.106 - - [02/Jul/2020:09:22:02 +0800] "GET /xingrg/all/function/internal_message.html?_=1593652923218&CODE_STATE=count HTTP/1.1" 200 11
172.17.0.106 - - [02/Jul/2020:09:22:03 +0800] "GET /xingrg/check_reg.html?_=1593652923218 HTTP/1.1" 200 22
172.17.0.106 - - [02/Jul/2020:09:22:03 +0800] "GET /xingrg/javascript/jquery_easy_ui/themes/default/images/panel_tool_expand.gif HTTP/1.1" 304 -
172.17.0.106 - - [02/Jul/2020:09:22:03 +0800] "GET /xingrg/javascript/jquery_easy_ui/themes/default/images/tabs_rightarrow.png HTTP/1.1" 304 -
172.17.0.106 - - [02/Jul/2020:09:22:03 +0800] "GET /xingrg/javascript/jquery_easy_ui/themes/default/images/panel_tool_collapse.gif HTTP/1.1" 304 -
172.17.0.106 - - [02/Jul/2020:09:22:03 +0800] "GET /xingrg/images/blue/pingpu.png HTTP/1.1" 304 -
172.17.0.106 - - [02/Jul/2020:09:22:03 +0800] "GET /xingrg/javascript/jquery_easy_ui/themes/default/images/tabs_leftarrow.png HTTP/1.1" 304 -
172.17.0.106 - - [02/Jul/2020:09:22:03 +0800] "POST /xingrg/load_menu.html HTTP/1.1" 200 9924
114.86.190.97 - - [02/Jul/2020:09:22:06 +0800] "POST /xingrg/dwr/call/plaincall/AjaxQqpsService.getMaterielByCode.dwr HTTP/1.1" 200 2644
172.17.0.106 - - [02/Jul/2020:09:22:06 +0800] "GET /xingrg/kc/base/check_order_list.html HTTP/1.1" 200 16621
172.17.0.106 - - [02/Jul/2020:09:22:06 +0800] "POST /xingrg/kc/base/check_list_operate.html HTTP/1.1" 200 1572
114.86.190.97 - - [02/Jul/2020:09:22:08 +0800] "POST /xingrg/dwr/call/plaincall/AjaxQqpsService.saveMaterielItem.dwr HTTP/1.1" 200 79
172.17.0.106 - - [02/Jul/2020:09:22:09 +0800] "GET /xingrg/kc/base/check_order_info.html?code=452020063000639 HTTP/1.1" 200 25384
172.17.0.106 - - [02/Jul/2020:09:22:09 +0800] "GET /xingrg/dwr/interface/AjaxComOrderService.js HTTP/1.1" 200 18264
172.17.0.106 - - [02/Jul/2020:09:22:09 +0800] "GET /xingrg/dwr/interface/AjaxCheckService.js HTTP/1.1" 200 14003
172.17.0.106 - - [02/Jul/2020:09:22:09 +0800] "GET /xingrg/dwr/engine.js HTTP/1.1" 200 43631
172.17.0.106 - - [02/Jul/2020:09:22:10 +0800] "POST /xingrg/dwr/call/plaincall/AjaxCheckService.loadOrderItems.dwr HTTP/1.1" 200 139122
116.230.77.149 - - [02/Jul/2020:09:22:10 +0800] "GET /xingrg/kc/buy/cgsh_order_operate.html?command=get_materiel&rest_code=00107&code=00101008126&supplier_code=00100006&order_time=2020-07-02 HTTP/1.1" 200 412
114.86.190.97 - - [02/Jul/2020:09:22:11 +0800] "POST /xingrg/dwr/call/plaincall/AjaxQqpsService.getMaterielByCode.dwr HTTP/1.1" 200 2668
114.86.190.97 - - [02/Jul/2020:09:22:13 +0800] "POST /xingrg/dwr/call/plaincall/AjaxQqpsService.saveMaterielItem.dwr HTTP/1.1" 200 79
117.131.5.26 - - [02/Jul/2020:09:22:14 +0800] "GET /xingrg/all/function/internal_message.html?_=1593653300842&CODE_STATE=getMsg HTTP/1.1" 200 27
117.184.7.26 - - [02/Jul/2020:09:22:14 +0800] "GET /xingrg/all/function/internal_message.html?_=1593652926268&CODE_STATE=getMsg HTTP/1.1" 200 27
172.17.0.106 - - [02/Jul/2020:09:22:15 +0800] "GET /xingrg/kc/base/check_order_list.html?isBack=1 HTTP/1.1" 200 16621
114.86.190.97 - - [02/Jul/2020:09:22:15 +0800] "POST /xingrg/dwr/call/plaincall/AjaxQqpsService.getMaterielByCode.dwr HTTP/1.1" 200 2649
172.17.0.106 - - [02/Jul/2020:09:22:16 +0800] "POST /xingrg/kc/base/check_list_operate.html HTTP/1.1" 200 1572
222.69.138.0 - - [02/Jul/2020:09:22:16 +0800] "GET /xingrg/all/function/internal_message.html?_=1593652929561&CODE_STATE=getMsg HTTP/1.1" 200 27
114.86.228.2 - - [02/Jul/2020:09:22:18 +0800] "GET /xingrg/all/function/internal_message.html?_=1593652993140&CODE_STATE=getMsg HTTP/1.1" 200 27
114.86.190.97 - - [02/Jul/2020:09:22:18 +0800] "POST /xingrg/dwr/call/plaincall/AjaxQqpsService.saveMaterielItem.dwr HTTP/1.1" 200 79
172.17.0.101 - - [02/Jul/2020:09:22:19 +0800] "GET /xingrg/all/function/internal_message.html?_=1593652957207&CODE_STATE=getMsg HTTP/1.1" 200 27
116.230.77.149 - - [02/Jul/2020:09:22:22 +0800] "GET /xingrg/kc/buy/cgsh_order_operate.html?command=get_materiel&rest_code=00107&code=00101008300&supplier_code=00100006&order_time=2020-07-02 HTTP/1.1" 200 412
101.228.167.227 - - [02/Jul/2020:09:22:22 +0800] "GET /xingrg/kc/buy/cgsh_order_operate.html?command=get_materiel&rest_code=00146&code=00101008244&supplier_code=00100005&order_time=2020-07-02 HTTP/1.1" 200 408
114.86.190.97 - - [02/Jul/2020:09:22:23 +0800] "POST /xingrg/dwr/call/plaincall/AjaxQqpsService.getMaterielByCode.dwr HTTP/1.1" 200 2618
180.175.214.200 - - [02/Jul/2020:09:22:24 +0800] "GET /xingrg/all/function/internal_message.html?_=1593653149160&CODE_STATE=getMsg HTTP/1.1" 200 27
114.86.190.97 - - [02/Jul/2020:09:22:25 +0800] "POST /xingrg/dwr/call/plaincall/AjaxQqpsService.saveMaterielItem.dwr HTTP/1.1" 200 79
114.86.190.97 - - [02/Jul/2020:09:22:26 +0800] "POST /xingrg/dwr/call/plaincall/AjaxQqpsService.getMaterielByCode.dwr HTTP/1.1" 200 2631
114.86.190.97 - - [02/Jul/2020:09:22:28 +0800] "POST /xingrg/dwr/call/plaincall/AjaxQqpsService.saveMaterielItem.dwr HTTP/1.1" 200 79
114.86.190.97 - - [02/Jul/2020:09:22:30 +0800] "POST /xingrg/dwr/call/plaincall/AjaxQqpsService.getMaterielByCode.dwr HTTP/1.1" 200 2647
116.230.77.149 - - [02/Jul/2020:09:22:31 +0800] "GET /xingrg/kc/buy/cgsh_order_operate.html?command=get_materiel&rest_code=00107&code=00101008415&supplier_code=00100006&order_time=2020-07-02 HTTP/1.1" 200 398
114.88.170.9 - - [02/Jul/2020:09:22:31 +0800] "GET /xingrg/all/function/internal_message.html?_=1593652971771&CODE_STATE=getMsg HTTP/1.1" 200 27
114.86.190.97 - - [02/Jul/2020:09:22:32 +0800] "POST /xingrg/dwr/call/plaincall/AjaxQqpsService.saveMaterielItem.dwr HTTP/1.1" 200 79
114.86.190.97 - - [02/Jul/2020:09:22:34 +0800] "POST /xingrg/dwr/call/plaincall/AjaxQqpsService.getMaterielByCode.dwr HTTP/1.1" 200 2639
101.228.167.227 - - [02/Jul/2020:09:22:35 +0800] "GET /xingrg/all/function/internal_message.html?_=1593652966422&CODE_STATE=getMsg HTTP/1.1" 200 27
114.86.228.2 - - [02/Jul/2020:09:22:38 +0800] "GET /xingrg/javascript/jquery_easy_ui/themes/default/images/tabs_active.png HTTP/1.1" 304 -
114.86.190.97 - - [02/Jul/2020:09:22:38 +0800] "POST /xingrg/dwr/call/plaincall/AjaxQqpsService.saveMaterielItem.dwr HTTP/1.1" 200 79
114.86.228.2 - - [02/Jul/2020:09:22:39 +0800] "GET /xingrg/kc/base/base_main.html HTTP/1.1" 200 12142
114.86.228.2 - - [02/Jul/2020:09:22:39 +0800] "GET /xingrg/kc/report/report_main.html HTTP/1.1" 200 7345
114.86.228.2 - - [02/Jul/2020:09:22:39 +0800] "GET /xingrg/javascript/jquery_easy_ui/themes/icons/back_new.png HTTP/1.1" 304 -
114.86.228.2 - - [02/Jul/2020:09:22:41 +0800] "GET /xingrg/javascript/multi_select/jqueryMultiSelect.css HTTP/1.1" 304 -
114.86.228.2 - - [02/Jul/2020:09:22:41 +0800] "GET /xingrg/javascript/bigrid/fix.css HTTP/1.1" 304 -
114.86.228.2 - - [02/Jul/2020:09:22:41 +0800] "GET /xingrg/javascript/calendar/timePicker.css HTTP/1.1" 304 -
114.86.228.2 - - [02/Jul/2020:09:22:41 +0800] "GET /xingrg/dwr/util.js HTTP/1.1" 304 -
114.86.228.2 - - [02/Jul/2020:09:22:41 +0800] "GET /xingrg/dwr/interface/AjaxReportQueryService.js HTTP/1.1" 200 13203
114.86.228.2 - - [02/Jul/2020:09:22:41 +0800] "GET /xingrg/javascript/jqueryMultiSelect.js HTTP/1.1" 304 -
114.86.228.2 - - [02/Jul/2020:09:22:41 +0800] "GET /xingrg/all/report/report_query.html?fileName=kc/base/rk_by_base.xml&rh=9999 HTTP/1.1" 200 51953
114.86.228.2 - - [02/Jul/2020:09:22:41 +0800] "GET /xingrg/dwr/engine.js HTTP/1.1" 200 43631
114.86.228.2 - - [02/Jul/2020:09:22:41 +0800] "GET /xingrg/javascript/Calendar.js HTTP/1.1" 304 -
114.86.228.2 - - [02/Jul/2020:09:22:41 +0800] "GET /xingrg/javascript/calendar/jquery.timePicker.min.js HTTP/1.1" 304 -
114.86.228.2 - - [02/Jul/2020:09:22:41 +0800] "GET /xingrg/javascript/bigrid/fix.js HTTP/1.1" 304 -
114.86.228.2 - - [02/Jul/2020:09:22:41 +0800] "GET /xingrg/images/control/loading.gif HTTP/1.1" 304 -
114.86.228.2 - - [02/Jul/2020:09:22:41 +0800] "GET /xingrg/images/blue/button/advanceover.gif HTTP/1.1" 304 -
114.86.228.2 - - [02/Jul/2020:09:22:41 +0800] "GET /xingrg/javascript/jquery_easy_ui/themes/icons/help.png HTTP/1.1" 304 -
114.86.228.2 - - [02/Jul/2020:09:22:41 +0800] "GET /xingrg/images/blue/button/advance2over.gif HTTP/1.1" 304 -
114.86.228.2 - - [02/Jul/2020:09:22:41 +0800] "GET /xingrg/images/blue/button/back2over.gif HTTP/1.1" 304 -
114.86.228.2 - - [02/Jul/2020:09:22:41 +0800] "GET /xingrg/images/blue/button/backover.gif HTTP/1.1" 304 -
114.86.228.2 - - [02/Jul/2020:09:22:41 +0800] "GET /xingrg/javascript/jquery_easy_ui/themes/default/images/menu_downarrow.png HTTP/1.1" 304 -
114.86.228.2 - - [02/Jul/2020:09:22:41 +0800] "GET /xingrg/javascript/jquery_easy_ui/themes/default/images/menu.gif HTTP/1.1" 304 -
114.86.228.2 - - [02/Jul/2020:09:22:41 +0800] "GET /xingrg/javascript/jquery_easy_ui/themes/icons/print.png HTTP/1.1" 304 -
114.86.228.2 - - [02/Jul/2020:09:22:41 +0800] "GET /xingrg/javascript/jquery_easy_ui/themes/icons/pencil.png HTTP/1.1" 304 -
114.86.228.2 - - [02/Jul/2020:09:22:41 +0800] "GET /xingrg/javascript/jquery_easy_ui/themes/default/images/menu_rightarrow.png HTTP/1.1" 304 -
114.86.228.2 - - [02/Jul/2020:09:22:41 +0800] "POST /xingrg/dwr/call/plaincall/AjaxReportQueryService.getFixDate.dwr HTTP/1.1" 200 111
114.86.228.2 - - [02/Jul/2020:09:22:41 +0800] "GET /xingrg/javascript/jquery_easy_ui/themes/default/images/combo_arrow_dot.gif HTTP/1.1" 304 -
114.86.228.2 - - [02/Jul/2020:09:22:41 +0800] "POST /xingrg/all/common/load_tree.html?tree=materiel_sort_tree_json HTTP/1.1" 200 8666
114.86.228.2 - - [02/Jul/2020:09:22:42 +0800] "GET /xingrg/javascript/jquery_easy_ui/themes/default/images/tree_checkbox_0.gif HTTP/1.1" 304 -
114.86.228.2 - - [02/Jul/2020:09:22:42 +0800] "POST /xingrg/dwr/call/plaincall/AjaxReportQueryService.getInitString.dwr HTTP/1.1" 200 1014
114.86.228.2 - - [02/Jul/2020:09:22:42 +0800] "GET /xingrg/javascript/multi_select/dropdown.gif HTTP/1.1" 304 -
114.86.190.97 - - [02/Jul/2020:09:22:44 +0800] "POST /xingrg/dwr/call/plaincall/AjaxQqpsService.getMaterielByCode.dwr HTTP/1.1" 200 2646
116.230.77.149 - - [02/Jul/2020:09:22:45 +0800] "GET /xingrg/all/function/internal_message.html?_=1593652958296&CODE_STATE=getMsg HTTP/1.1" 200 27
116.230.77.149 - - [02/Jul/2020:09:22:46 +0800] "GET /xingrg/kc/buy/cgsh_order_operate.html?command=get_materiel&rest_code=00107&code=00101008137&supplier_code=00100006&order_time=2020-07-02 HTTP/1.1" 200 408
172.17.0.102 - - [02/Jul/2020:09:22:46 +0800] "GET /xingrg/all/function/internal_message.html?_=1593652963612&CODE_STATE=getMsg HTTP/1.1" 200 27
114.86.190.97 - - [02/Jul/2020:09:22:47 +0800] "GET /xingrg/all/function/internal_message.html?_=1593652968694&CODE_STATE=getMsg HTTP/1.1" 200 27
114.86.228.2 - - [02/Jul/2020:09:22:48 +0800] "GET /xingrg/javascript/jquery_easy_ui/themes/default/images/tree_checkbox_1.gif HTTP/1.1" 304 -
114.86.228.2 - - [02/Jul/2020:09:22:48 +0800] "GET /xingrg/javascript/jquery_easy_ui/themes/default/images/tree_checkbox_2.gif HTTP/1.1" 304 -
114.86.190.97 - - [02/Jul/2020:09:22:48 +0800] "POST /xingrg/dwr/call/plaincall/AjaxQqpsService.saveMaterielItem.dwr HTTP/1.1" 200 79
120.253.135.82 - - [02/Jul/2020:09:22:48 +0800] "GET /xingrg/all/function/internal_message.html?_=1593652720680&CODE_STATE=getMsg HTTP/1.1" 200 27
114.86.228.2 - - [02/Jul/2020:09:22:48 +0800] "GET /xingrg/javascript/multi_select/dropdown_hover.gif HTTP/1.1" 304 -
222.69.138.0 - - [02/Jul/2020:09:22:49 +0800] "GET /xingrg/kc/buy/cgsh_order_operate.html?command=get_materiel&rest_code=00149&code=00101008512&supplier_code=00100005&order_time=2020-07-02 HTTP/1.1" 200 399
116.230.77.149 - - [02/Jul/2020:09:22:49 +0800] "POST /xingrg/kc/buy/cgsh_order_operate.html HTTP/1.1" 200 2065
114.86.228.2 - - [02/Jul/2020:09:22:49 +0800] "GET /xingrg/javascript/multi_select/dropdown_active.gif HTTP/1.1" 304 -
114.89.80.44 - - [02/Jul/2020:09:22:50 +0800] "GET /xingrg/all/function/internal_message.html?_=1593652968848&CODE_STATE=getMsg HTTP/1.1" 200 27
101.228.167.227 - - [02/Jul/2020:09:22:52 +0800] "GET /xingrg/kc/buy/cgsh_order_operate.html?command=get_materiel&rest_code=00146&code=00101008185&supplier_code=00100005&order_time=2020-07-02 HTTP/1.1" 200 408
101.228.167.227 - - [02/Jul/2020:09:22:54 +0800] "POST /xingrg/kc/buy/cgsh_order_operate.html HTTP/1.1" 200 2065
114.86.190.97 - - [02/Jul/2020:09:22:55 +0800] "POST /xingrg/dwr/call/plaincall/AjaxQqpsService.getMaterielByCode.dwr HTTP/1.1" 200 2650
101.228.167.227 - - [02/Jul/2020:09:22:58 +0800] "GET /xingrg/check_reg.html?_=1593652987978 HTTP/1.1" 200 22
101.228.167.227 - - [02/Jul/2020:09:22:59 +0800] "GET /xingrg/all/function/internal_message.html?_=1593652988470&CODE_STATE=getMsg HTTP/1.1" 200 27
114.86.190.97 - - [02/Jul/2020:09:22:59 +0800] "POST /xingrg/dwr/call/plaincall/AjaxQqpsService.saveMaterielItem.dwr HTTP/1.1" 200 79
101.228.167.227 - - [02/Jul/2020:09:22:59 +0800] "GET /xingrg/kc/buy/cgsh_order_operate.html?command=get_materiel&rest_code=00146&code=00101008010&supplier_code=00100005&order_time=2020-07-02 HTTP/1.1" 200 412
61.172.5.115 - - [02/Jul/2020:09:23:00 +0800] "GET /xingrg/all/function/internal_message.html?_=1593652977489&CODE_STATE=getMsg HTTP/1.1" 200 27
114.88.170.9 - - [02/Jul/2020:09:23:01 +0800] "GET /xingrg/all/function/internal_message.html?_=1593652977440&CODE_STATE=getMsg HTTP/1.1" 200 27
114.86.190.97 - - [02/Jul/2020:09:23:02 +0800] "POST /xingrg/dwr/call/plaincall/AjaxQqpsService.getMaterielByCode.dwr HTTP/1.1" 200 2665
172.17.0.106 - - [02/Jul/2020:09:23:03 +0800] "GET /xingrg/all/function/internal_message.html?_=1593652983226&CODE_STATE=getMsg HTTP/1.1" 200 27
114.86.190.97 - - [02/Jul/2020:09:23:04 +0800] "POST /xingrg/dwr/call/plaincall/AjaxQqpsService.saveMaterielItem.dwr HTTP/1.1" 200 79
114.86.228.2 - - [02/Jul/2020:09:23:05 +0800] "GET /xingrg/javascript/jquery_easy_ui/themes/icons/rest.png HTTP/1.1" 304 -
114.86.228.2 - - [02/Jul/2020:09:23:05 +0800] "GET /xingrg/javascript/jquery_easy_ui/themes/icons/area.png HTTP/1.1" 304 -
114.86.228.2 - - [02/Jul/2020:09:23:05 +0800] "POST /xingrg/dwr/call/plaincall/AjaxReportQueryService.refreshCache.dwr HTTP/1.1" 200 78
114.86.190.97 - - [02/Jul/2020:09:23:05 +0800] "POST /xingrg/dwr/call/plaincall/AjaxQqpsService.getMaterielByCode.dwr HTTP/1.1" 200 2655
114.86.228.2 - - [02/Jul/2020:09:23:06 +0800] "POST /xingrg/all/report/load_report_page.html HTTP/1.1" 200 20727
114.86.228.2 - - [02/Jul/2020:09:23:06 +0800] "GET /xingrg/servlets/image?cache=0.35505132957374597&image=px HTTP/1.1" 200 807
116.230.77.149 - - [02/Jul/2020:09:23:07 +0800] "GET /xingrg/kc/buy/cgsh_order_operate.html?command=get_materiel&rest_code=00107&code=00101008357&supplier_code=00100006&order_time=2020-07-02 HTTP/1.1" 200 408
114.86.190.97 - - [02/Jul/2020:09:23:07 +0800] "POST /xingrg/dwr/call/plaincall/AjaxQqpsService.saveMaterielItem.dwr HTTP/1.1" 200 79
58.40.7.146 - - [02/Jul/2020:09:23:09 +0800] "GET /xingrg/check_reg.html?_=1593652987304 HTTP/1.1" 302 -
114.86.190.97 - - [02/Jul/2020:09:23:10 +0800] "POST /xingrg/dwr/call/plaincall/AjaxQqpsService.getMaterielByCode.dwr HTTP/1.1" 200 2638
114.86.190.97 - - [02/Jul/2020:09:23:12 +0800] "POST /xingrg/dwr/call/plaincall/AjaxQqpsService.saveMaterielItem.dwr HTTP/1.1" 200 80
117.131.5.26 - - [02/Jul/2020:09:23:14 +0800] "GET /xingrg/all/function/internal_message.html?_=1593653360841&CODE_STATE=getMsg HTTP/1.1" 200 27
117.131.5.26 - - [02/Jul/2020:09:23:14 +0800] "GET /xingrg/check_reg.html?_=1593653360842 HTTP/1.1" 200 22
117.184.7.26 - - [02/Jul/2020:09:23:14 +0800] "GET /xingrg/all/function/internal_message.html?_=1593652986270&CODE_STATE=getMsg HTTP/1.1" 200 27
114.86.190.97 - - [02/Jul/2020:09:23:15 +0800] "POST /xingrg/dwr/call/plaincall/AjaxQqpsService.getMaterielByCode.dwr HTTP/1.1" 200 2632
222.69.138.0 - - [02/Jul/2020:09:23:16 +0800] "GET /xingrg/all/function/internal_message.html?_=1593652989616&CODE_STATE=getMsg HTTP/1.1" 200 27
114.86.228.2 - - [02/Jul/2020:09:23:17 +0800] "GET /xingrg/check_reg.html?_=1593653053140 HTTP/1.1" 200 22
114.86.228.2 - - [02/Jul/2020:09:23:17 +0800] "GET /xingrg/all/function/internal_message.html?_=1593653053140&CODE_STATE=getMsg HTTP/1.1" 200 27
114.86.190.97 - - [02/Jul/2020:09:23:18 +0800] "POST /xingrg/dwr/call/plaincall/AjaxQqpsService.saveMaterielItem.dwr HTTP/1.1" 200 80
172.17.0.101 - - [02/Jul/2020:09:23:19 +0800] "GET /xingrg/check_reg.html?_=1593653017210 HTTP/1.1" 200 22
172.17.0.101 - - [02/Jul/2020:09:23:19 +0800] "GET /xingrg/all/function/internal_message.html?_=1593653017214&CODE_STATE=getMsg HTTP/1.1" 200 27
114.86.190.97 - - [02/Jul/2020:09:23:21 +0800] "POST /xingrg/dwr/call/plaincall/AjaxQqpsService.getMaterielByCode.dwr HTTP/1.1" 200 2651
114.86.190.97 - - [02/Jul/2020:09:23:22 +0800] "POST /xingrg/dwr/call/plaincall/AjaxQqpsService.saveMaterielItem.dwr HTTP/1.1" 200 80
180.175.214.200 - - [02/Jul/2020:09:23:24 +0800] "GET /xingrg/all/function/internal_message.html?_=1593653209182&CODE_STATE=getMsg HTTP/1.1" 200 27
114.86.190.97 - - [02/Jul/2020:09:23:26 +0800] "POST /xingrg/dwr/call/plaincall/AjaxQqpsService.getMaterielByCode.dwr HTTP/1.1" 200 2632
114.86.190.97 - - [02/Jul/2020:09:23:28 +0800] "POST /xingrg/dwr/call/plaincall/AjaxQqpsService.saveMaterielItem.dwr HTTP/1.1" 200 80
58.221.95.50 - - [02/Jul/2020:09:23:30 +0800] "GET /xingrg/check_reg.html?_=1593653093646 HTTP/1.1" 302 -
114.88.170.9 - - [02/Jul/2020:09:23:31 +0800] "GET /xingrg/all/function/internal_message.html?_=1593653031768&CODE_STATE=getMsg HTTP/1.1" 200 27
58.221.95.50 - - [02/Jul/2020:09:23:34 +0800] "GET /xingrg/login.html HTTP/1.1" 200 7641
114.86.190.97 - - [02/Jul/2020:09:23:34 +0800] "POST /xingrg/dwr/call/plaincall/AjaxQqpsService.getMaterielByCode.dwr HTTP/1.1" 200 2642
101.228.167.227 - - [02/Jul/2020:09:23:35 +0800] "GET /xingrg/all/function/internal_message.html?_=1593653026441&CODE_STATE=getMsg HTTP/1.1" 200 27
114.86.190.97 - - [02/Jul/2020:09:23:36 +0800] "POST /xingrg/dwr/call/plaincall/AjaxQqpsService.saveMaterielItem.dwr HTTP/1.1" 200 80
116.230.77.149 - - [02/Jul/2020:09:23:37 +0800] "GET /xingrg/kc/buy/cgsh_order_operate.html?command=get_materiel&rest_code=00107&code=00101008036&supplier_code=00100006&order_time=2020-07-02 HTTP/1.1" 200 408
114.86.190.97 - - [02/Jul/2020:09:23:39 +0800] "POST /xingrg/dwr/call/plaincall/AjaxQqpsService.getMaterielByCode.dwr HTTP/1.1" 200 2672
114.86.190.97 - - [02/Jul/2020:09:23:40 +0800] "POST /xingrg/dwr/call/plaincall/AjaxQqpsService.saveMaterielItem.dwr HTTP/1.1" 200 80
114.86.190.97 - - [02/Jul/2020:09:23:42 +0800] "POST /xingrg/dwr/call/plaincall/AjaxQqpsService.getMaterielByCode.dwr HTTP/1.1" 200 2629
114.86.190.97 - - [02/Jul/2020:09:23:44 +0800] "POST /xingrg/dwr/call/plaincall/AjaxQqpsService.saveMaterielItem.dwr HTTP/1.1" 200 80
116.230.77.149 - - [02/Jul/2020:09:23:45 +0800] "GET /xingrg/all/function/internal_message.html?_=1593653018430&CODE_STATE=getMsg HTTP/1.1" 200 27
172.17.0.102 - - [02/Jul/2020:09:23:46 +0800] "GET /xingrg/all/function/internal_message.html?_=1593653023597&CODE_STATE=getMsg HTTP/1.1" 200 27
114.86.190.97 - - [02/Jul/2020:09:23:47 +0800] "POST /xingrg/dwr/call/plaincall/AjaxQqpsService.getMaterielByCode.dwr HTTP/1.1" 200 2630
114.86.190.97 - - [02/Jul/2020:09:23:47 +0800] "GET /xingrg/all/function/internal_message.html?_=1593653028701&CODE_STATE=getMsg HTTP/1.1" 200 27
116.230.77.149 - - [02/Jul/2020:09:23:47 +0800] "GET /xingrg/kc/buy/cgsh_order_operate.html?command=get_materiel&rest_code=00107&code=00101008131&supplier_code=00100006&order_time=2020-07-02 HTTP/1.1" 200 408
120.253.135.82 - - [02/Jul/2020:09:23:48 +0800] "GET /xingrg/all/function/internal_message.html?_=1593652780704&CODE_STATE=getMsg HTTP/1.1" 200 27
114.86.190.97 - - [02/Jul/2020:09:23:49 +0800] "POST /xingrg/dwr/call/plaincall/AjaxQqpsService.saveMaterielItem.dwr HTTP/1.1" 200 80
116.230.77.149 - - [02/Jul/2020:09:23:50 +0800] "POST /xingrg/kc/buy/cgsh_order_operate.html HTTP/1.1" 200 2065
114.89.80.44 - - [02/Jul/2020:09:23:50 +0800] "GET /xingrg/all/function/internal_message.html?_=1593653028856&CODE_STATE=getMsg HTTP/1.1" 200 27
114.86.190.97 - - [02/Jul/2020:09:23:51 +0800] "POST /xingrg/dwr/call/plaincall/AjaxQqpsService.getMaterielByCode.dwr HTTP/1.1" 200 2610
114.86.190.97 - - [02/Jul/2020:09:23:52 +0800] "POST /xingrg/dwr/call/plaincall/AjaxQqpsService.saveMaterielItem.dwr HTTP/1.1" 200 80
114.86.190.97 - - [02/Jul/2020:09:23:54 +0800] "POST /xingrg/dwr/call/plaincall/AjaxQqpsService.getMaterielByCode.dwr HTTP/1.1" 200 2617
116.230.77.149 - - [02/Jul/2020:09:23:57 +0800] "GET /xingrg/kc/buy/cgsh_order_operate.html?command=get_materiel&rest_code=00107&code=00101008190&supplier_code=00100006&order_time=2020-07-02 HTTP/1.1" 200 412
101.228.167.227 - - [02/Jul/2020:09:23:59 +0800] "GET /xingrg/all/function/internal_message.html?_=1593653048483&CODE_STATE=getMsg HTTP/1.1" 200 27
114.86.190.97 - - [02/Jul/2020:09:24:00 +0800] "POST /xingrg/dwr/call/plaincall/AjaxQqpsService.saveMaterielItem.dwr HTTP/1.1" 200 80
61.172.5.115 - - [02/Jul/2020:09:24:00 +0800] "GET /xingrg/all/function/internal_message.html?_=1593653037474&CODE_STATE=getMsg HTTP/1.1" 200 27
114.88.170.9 - - [02/Jul/2020:09:24:01 +0800] "GET /xingrg/all/function/internal_message.html?_=1593653037452&CODE_STATE=getMsg HTTP/1.1" 200 27
172.17.0.106 - - [02/Jul/2020:09:24:03 +0800] "GET /xingrg/all/function/internal_message.html?_=1593653043231&CODE_STATE=getMsg HTTP/1.1" 200 27
114.86.190.97 - - [02/Jul/2020:09:24:03 +0800] "POST /xingrg/dwr/call/plaincall/AjaxQqpsService.getMaterielByCode.dwr HTTP/1.1" 200 2655
114.86.190.97 - - [02/Jul/2020:09:24:06 +0800] "POST /xingrg/dwr/call/plaincall/AjaxQqpsService.saveMaterielItem.dwr HTTP/1.1" 200 80
101.228.167.227 - - [02/Jul/2020:09:24:07 +0800] "GET /xingrg/kc/buy/cgsh_order_operate.html?command=get_materiel&rest_code=00146&code=00101008026&supplier_code=00100005&order_time=2020-07-02 HTTP/1.1" 200 409
116.230.77.149 - - [02/Jul/2020:09:24:10 +0800] "POST /xingrg/kc/buy/cgsh_order_operate.html HTTP/1.1" 200 37
116.230.77.149 - - [02/Jul/2020:09:24:11 +0800] "POST /xingrg/kc/buy/cgsh_order_operate.html HTTP/1.1" 200 19778
117.131.5.26 - - [02/Jul/2020:09:24:14 +0800] "GET /xingrg/all/function/internal_message.html?_=1593653420855&CODE_STATE=getMsg HTTP/1.1" 200 27
117.184.7.26 - - [02/Jul/2020:09:24:14 +0800] "GET /xingrg/all/function/internal_message.html?_=1593653046275&CODE_STATE=getMsg HTTP/1.1" 200 27
222.69.138.0 - - [02/Jul/2020:09:24:16 +0800] "GET /xingrg/all/function/internal_message.html?_=1593653049594&CODE_STATE=getMsg HTTP/1.1" 200 27
114.86.190.97 - - [02/Jul/2020:09:24:16 +0800] "POST /xingrg/dwr/call/plaincall/AjaxQqpsService.getMaterielByCode.dwr HTTP/1.1" 200 2620
114.86.228.2 - - [02/Jul/2020:09:24:17 +0800] "GET /xingrg/all/function/internal_message.html?_=1593653113140&CODE_STATE=getMsg HTTP/1.1" 200 27
114.86.190.97 - - [02/Jul/2020:09:24:17 +0800] "POST /xingrg/dwr/call/plaincall/AjaxQqpsService.saveMaterielItem.dwr HTTP/1.1" 200 80
172.17.0.101 - - [02/Jul/2020:09:24:19 +0800] "GET /xingrg/all/function/internal_message.html?_=1593653077200&CODE_STATE=getMsg HTTP/1.1" 200 27
114.86.190.97 - - [02/Jul/2020:09:24:19 +0800] "POST /xingrg/dwr/call/plaincall/AjaxQqpsService.getMaterielByCode.dwr HTTP/1.1" 200 2651
222.69.138.0 - - [02/Jul/2020:09:24:21 +0800] "GET /xingrg/kc/buy/cgsh_order_operate.html?command=get_materiel&rest_code=00149&code=00101013222&supplier_code=00100005&order_time=2020-07-02 HTTP/1.1" 200 409
114.86.190.97 - - [02/Jul/2020:09:24:21 +0800] "POST /xingrg/dwr/call/plaincall/AjaxQqpsService.saveMaterielItem.dwr HTTP/1.1" 200 80
114.88.170.9 - - [02/Jul/2020:09:24:24 +0800] "GET /xingrg/kc/base/wldb_order_list.html HTTP/1.1" 200 19255
114.86.190.97 - - [02/Jul/2020:09:24:24 +0800] "POST /xingrg/dwr/call/plaincall/AjaxQqpsService.getMaterielByCode.dwr HTTP/1.1" 200 2664
180.175.214.200 - - [02/Jul/2020:09:24:24 +0800] "GET /xingrg/all/function/internal_message.html?_=1593653269188&CODE_STATE=getMsg HTTP/1.1" 200 27
114.88.170.9 - - [02/Jul/2020:09:24:25 +0800] "POST /xingrg/kc/base/wldb_list_operate.html HTTP/1.1" 200 928
114.88.170.9 - - [02/Jul/2020:09:24:27 +0800] "GET /xingrg/kc/base/wldb_order_add.html HTTP/1.1" 200 30316
114.88.170.9 - - [02/Jul/2020:09:24:27 +0800] "POST /xingrg/kc/base/wldb_order_operate.html HTTP/1.1" 200 6806
114.88.170.9 - - [02/Jul/2020:09:24:28 +0800] "GET /xingrg/all/common/auto_word.html?type=base&rest_code=00111 HTTP/1.1" 200 1753
114.88.170.9 - - [02/Jul/2020:09:24:28 +0800] "GET /xingrg/all/common/auto_word.html?type=base&rest_code=00111 HTTP/1.1" 200 1753
114.88.170.9 - - [02/Jul/2020:09:24:28 +0800] "GET /xingrg/javascript/easyui/themes/default/validatebox.css HTTP/1.1" 404 1104
114.86.190.97 - - [02/Jul/2020:09:24:31 +0800] "POST /xingrg/dwr/call/plaincall/AjaxQqpsService.saveMaterielItem.dwr HTTP/1.1" 200 80
101.228.167.227 - - [02/Jul/2020:09:24:31 +0800] "GET /xingrg/kc/buy/cgsh_order_operate.html?command=get_materiel&rest_code=00146&code=00101008110&supplier_code=00100005&order_time=2020-07-02 HTTP/1.1" 200 408
114.88.170.9 - - [02/Jul/2020:09:24:31 +0800] "GET /xingrg/all/function/internal_message.html?_=1593653091768&CODE_STATE=getMsg HTTP/1.1" 200 27
222.69.138.0 - - [02/Jul/2020:09:24:34 +0800] "GET /xingrg/kc/buy/cgsh_order_operate.html?command=get_materiel&rest_code=00149&code=00101008311&supplier_code=00100005&order_time=2020-07-02 HTTP/1.1" 200 417
101.228.167.227 - - [02/Jul/2020:09:24:35 +0800] "GET /xingrg/all/function/internal_message.html?_=1593653086449&CODE_STATE=getMsg HTTP/1.1" 200 27
114.88.170.9 - - [02/Jul/2020:09:24:37 +0800] "GET /xingrg/kc/base/wldb_order_operate.html?command=get_materiel&rest_code=00111&base_code=0010283&code=00101019071 HTTP/1.1" 200 454
180.175.214.200 - - [02/Jul/2020:09:24:44 +0800] "GET /xingrg/check_reg.html?_=1593653081111 HTTP/1.1" 302 -
116.230.77.149 - - [02/Jul/2020:09:24:45 +0800] "GET /xingrg/check_reg.html?_=1593653078263 HTTP/1.1" 200 22
116.230.77.149 - - [02/Jul/2020:09:24:45 +0800] "GET /xingrg/all/function/internal_message.html?_=1593653078411&CODE_STATE=getMsg HTTP/1.1" 200 27
172.17.0.102 - - [02/Jul/2020:09:24:46 +0800] "GET /xingrg/all/function/internal_message.html?_=1593653083597&CODE_STATE=getMsg HTTP/1.1" 200 27
172.17.0.102 - - [02/Jul/2020:09:24:46 +0800] "GET /xingrg/check_reg.html?_=1593653083600 HTTP/1.1" 200 22
114.86.190.97 - - [02/Jul/2020:09:24:47 +0800] "GET /xingrg/check_reg.html?_=1593653088675 HTTP/1.1" 200 22
114.86.190.97 - - [02/Jul/2020:09:24:47 +0800] "GET /xingrg/all/function/internal_message.html?_=1593653088682&CODE_STATE=getMsg HTTP/1.1" 200 27
120.253.135.82 - - [02/Jul/2020:09:24:48 +0800] "GET /xingrg/all/function/internal_message.html?_=1593652840706&CODE_STATE=getMsg HTTP/1.1" 200 27
114.89.80.44 - - [02/Jul/2020:09:24:50 +0800] "GET /xingrg/all/function/internal_message.html?_=1593653088859&CODE_STATE=getMsg HTTP/1.1" 200 27
114.88.170.9 - - [02/Jul/2020:09:24:56 +0800] "GET /xingrg/kc/base/wldb_order_operate.html?command=get_materiel&rest_code=00111&base_code=0010283&code=00101019223 HTTP/1.1" 200 459
222.69.138.0 - - [02/Jul/2020:09:24:58 +0800] "GET /xingrg/kc/buy/cgsh_order_operate.html?command=get_materiel&rest_code=00149&code=00101008314&supplier_code=00100005&order_time=2020-07-02 HTTP/1.1" 200 413
101.228.167.227 - - [02/Jul/2020:09:24:58 +0800] "GET /xingrg/kc/buy/cgsh_order_operate.html?command=get_materiel&rest_code=00146&code=00101008038&supplier_code=00100005&order_time=2020-07-02 HTTP/1.1" 200 412
101.228.167.227 - - [02/Jul/2020:09:24:59 +0800] "GET /xingrg/all/function/internal_message.html?_=1593653108496&CODE_STATE=getMsg HTTP/1.1" 200 27
61.172.5.115 - - [02/Jul/2020:09:25:00 +0800] "GET /xingrg/all/function/internal_message.html?_=1593653097475&CODE_STATE=getMsg HTTP/1.1" 200 27
101.228.167.227 - - [02/Jul/2020:09:25:00 +0800] "POST /xingrg/kc/buy/cgsh_order_operate.html HTTP/1.1" 200 2065
114.88.170.9 - - [02/Jul/2020:09:25:01 +0800] "GET /xingrg/all/function/internal_message.html?_=1593653097480&CODE_STATE=getMsg HTTP/1.1" 200 27
114.88.170.9 - - [02/Jul/2020:09:25:02 +0800] "GET /xingrg/kc/base/wldb_order_operate.html?command=get_materiel&rest_code=00111&base_code=0010283&code=00101019313 HTTP/1.1" 200 441
172.17.0.106 - - [02/Jul/2020:09:25:03 +0800] "GET /xingrg/all/function/internal_message.html?_=1593653103237&CODE_STATE=getMsg HTTP/1.1" 200 27
101.228.167.227 - - [02/Jul/2020:09:25:05 +0800] "GET /xingrg/kc/buy/cgsh_order_operate.html?command=get_materiel&rest_code=00146&code=00101008148&supplier_code=00100005&order_time=2020-07-02 HTTP/1.1" 200 416
116.230.77.149 - - [02/Jul/2020:09:25:10 +0800] "GET /xingrg/kc/buy/cgsh_order_operate.html?command=get_materiel&rest_code=00107&code=00101008175&supplier_code=00100006&order_time=2020-07-02 HTTP/1.1" 200 412
222.69.138.0 - - [02/Jul/2020:09:25:11 +0800] "GET /xingrg/kc/buy/cgsh_order_operate.html?command=get_materiel&rest_code=00149&code=00101008198&supplier_code=00100005&order_time=2020-07-02 HTTP/1.1" 200 413
117.131.5.26 - - [02/Jul/2020:09:25:14 +0800] "GET /xingrg/all/function/internal_message.html?_=1593653480854&CODE_STATE=getMsg HTTP/1.1" 200 27
117.184.7.26 - - [02/Jul/2020:09:25:14 +0800] "GET /xingrg/all/function/internal_message.html?_=1593653106275&CODE_STATE=getMsg HTTP/1.1" 200 27
117.184.7.26 - - [02/Jul/2020:09:25:14 +0800] "GET /xingrg/check_reg.html?_=1593653106280 HTTP/1.1" 200 22
101.228.167.227 - - [02/Jul/2020:09:25:14 +0800] "GET /xingrg/kc/buy/cgsh_order_operate.html?command=get_materiel&rest_code=00146&code=00101008144&supplier_code=00100005&order_time=2020-07-02 HTTP/1.1" 200 412
