180.175.214.200 - - [23/Jun/2020:10:05:49 +0800] "POST /xingrg/kc/base/wldb_order_operate.html HTTP/1.1" 200 6806
180.175.214.200 - - [23/Jun/2020:10:05:49 +0800] "GET /xingrg/all/common/auto_word.html?type=base&rest_code=00102 HTTP/1.1" 200 1653
180.175.214.200 - - [23/Jun/2020:10:05:49 +0800] "GET /xingrg/all/common/auto_word.html?type=base&rest_code=00102 HTTP/1.1" 200 1653
180.175.214.200 - - [23/Jun/2020:10:05:49 +0800] "GET /xingrg/javascript/easyui/themes/default/validatebox.css HTTP/1.1" 404 1104
180.175.214.200 - - [23/Jun/2020:10:05:51 +0800] "POST /xingrg/all/common/load_combo.html?type=base HTTP/1.1" 200 2966
114.88.170.9 - - [23/Jun/2020:10:05:52 +0800] "GET /xingrg/all/function/internal_message.html?_=1592877966376&CODE_STATE=getMsg HTTP/1.1" 200 27
180.175.214.200 - - [23/Jun/2020:10:05:53 +0800] "POST /xingrg/all/common/load_combo.html?type=base HTTP/1.1" 200 2966
172.17.0.240 - - [23/Jun/2020:10:05:56 +0800] "GET /xingrg/all/function/internal_message.html?_=1592877954673&CODE_STATE=getMsg HTTP/1.1" 200 27
180.175.214.200 - - [23/Jun/2020:10:06:00 +0800] "GET /xingrg/javascript/auto/indicator.gif HTTP/1.1" 404 1066
172.17.0.123 - - [23/Jun/2020:10:06:01 +0800] "GET /xingrg/all/function/internal_message.html?_=1592877926536&CODE_STATE=getMsg HTTP/1.1" 200 27
114.89.80.44 - - [23/Jun/2020:10:06:01 +0800] "GET /xingrg/all/function/internal_message.html?_=1592877960305&CODE_STATE=getMsg HTTP/1.1" 200 27
114.84.151.157 - - [23/Jun/2020:10:06:01 +0800] "GET /xingrg/all/function/internal_message.html?_=1592877964993&CODE_STATE=getMsg HTTP/1.1" 200 27
180.175.214.200 - - [23/Jun/2020:10:06:02 +0800] "GET /xingrg/kc/base/wldb_order_operate.html?command=get_materiel&rest_code=00102&base_code=0010476&code=00101033012 HTTP/1.1" 200 418
172.17.200.101 - - [23/Jun/2020:10:06:02 +0800] "GET /xingrg/all/function/internal_message.html?_=1592877962368&CODE_STATE=getMsg HTTP/1.1" 200 27
172.17.0.106 - - [23/Jun/2020:10:06:04 +0800] "GET /xingrg/all/function/internal_message.html?_=1592877963620&CODE_STATE=getMsg HTTP/1.1" 200 27
114.88.170.9 - - [23/Jun/2020:10:06:06 +0800] "GET /xingrg/kc/buy/cgsh_order_operate.html?command=get_materiel&rest_code=00111&code=00101008223&supplier_code=00100005&order_time=2020-06-23 HTTP/1.1" 200 412
114.89.80.44 - - [23/Jun/2020:10:06:08 +0800] "POST /xingrg/all/user/operate.html HTTP/1.1" 200 36
114.89.80.44 - - [23/Jun/2020:10:06:08 +0800] "GET /xingrg/javascript/jquery_easy_ui/themes/default/easyui.css HTTP/1.1" 304 -
114.89.80.44 - - [23/Jun/2020:10:06:08 +0800] "GET /xingrg/index.html?sysBaseUrl=http%3A%2F%2F180.169.147.146%3A18081%2Fxingrg%2F&costTime=52×tamp=1592811624162 HTTP/1.1" 200 17179
114.89.80.44 - - [23/Jun/2020:10:06:08 +0800] "GET /xingrg/javascript/jquery_easy_ui/themes/icon.css HTTP/1.1" 304 -
114.89.80.44 - - [23/Jun/2020:10:06:08 +0800] "GET /xingrg/css/form.css HTTP/1.1" 304 -
114.89.80.44 - - [23/Jun/2020:10:06:08 +0800] "GET /xingrg/javascript/jquery-1.4.2.min.js HTTP/1.1" 304 -
114.89.80.44 - - [23/Jun/2020:10:06:08 +0800] "GET /xingrg/javascript/jquery_easy_ui/jquery.easyui.min.js HTTP/1.1" 304 -
114.89.80.44 - - [23/Jun/2020:10:06:08 +0800] "GET /xingrg/javascript/jquery_easy_ui/easyui-lang-zh_CN.js HTTP/1.1" 304 -
180.175.214.200 - - [23/Jun/2020:10:06:08 +0800] "POST /xingrg/kc/base/wldb_order_operate.html HTTP/1.1" 200 37
114.89.80.44 - - [23/Jun/2020:10:06:08 +0800] "GET /xingrg/javascript/jquery.form.js HTTP/1.1" 304 -
114.89.80.44 - - [23/Jun/2020:10:06:08 +0800] "GET /xingrg/javascript/jquery.utils.js HTTP/1.1" 304 -
114.89.80.44 - - [23/Jun/2020:10:06:08 +0800] "GET /xingrg/javascript/jquery.timers.js HTTP/1.1" 304 -
114.89.80.44 - - [23/Jun/2020:10:06:08 +0800] "GET /xingrg/images/blue/jxLogo.png HTTP/1.1" 304 -
114.89.80.44 - - [23/Jun/2020:10:06:08 +0800] "GET /xingrg/images/blue/navBackgound.jpg HTTP/1.1" 304 -
114.89.80.44 - - [23/Jun/2020:10:06:08 +0800] "GET /xingrg/javascript/jquery_easy_ui/themes/icons/settle_new.png HTTP/1.1" 304 -
114.89.80.44 - - [23/Jun/2020:10:06:08 +0800] "POST /xingrg/all/common/load_tree.html?tree=area_rest_tree_json&manage=1 HTTP/1.1" 200 476
114.89.80.44 - - [23/Jun/2020:10:06:08 +0800] "GET /xingrg/images/blue/pingpu.png HTTP/1.1" 304 -
114.89.80.44 - - [23/Jun/2020:10:06:08 +0800] "GET /xingrg/javascript/jquery_easy_ui/themes/default/images/panel_tool_collapse.gif HTTP/1.1" 304 -
114.89.80.44 - - [23/Jun/2020:10:06:08 +0800] "GET /xingrg/javascript/jquery_easy_ui/themes/default/images/tabs_leftarrow.png HTTP/1.1" 304 -
114.89.80.44 - - [23/Jun/2020:10:06:08 +0800] "GET /xingrg/javascript/jquery_easy_ui/themes/default/images/tabs_rightarrow.png HTTP/1.1" 304 -
114.89.80.44 - - [23/Jun/2020:10:06:08 +0800] "GET /xingrg/all/function/internal_message.html?_=1592878092512&CODE_STATE=count HTTP/1.1" 200 11
114.89.80.44 - - [23/Jun/2020:10:06:08 +0800] "GET /xingrg/javascript/jquery_easy_ui/themes/default/images/tree_arrows.gif HTTP/1.1" 304 -
114.89.80.44 - - [23/Jun/2020:10:06:08 +0800] "GET /xingrg/check_reg.html?_=1592878092513 HTTP/1.1" 200 22
114.89.80.44 - - [23/Jun/2020:10:06:08 +0800] "POST /xingrg/load_menu.html HTTP/1.1" 200 5138
114.88.170.9 - - [23/Jun/2020:10:06:09 +0800] "POST /xingrg/kc/buy/cgsh_order_operate.html HTTP/1.1" 200 2065
101.228.167.227 - - [23/Jun/2020:10:06:09 +0800] "GET /xingrg/all/function/internal_message.html?_=1592877973318&CODE_STATE=getMsg HTTP/1.1" 200 27
180.175.214.200 - - [23/Jun/2020:10:06:09 +0800] "POST /xingrg/kc/base/wldb_order_operate.html HTTP/1.1" 200 12
180.175.214.200 - - [23/Jun/2020:10:06:09 +0800] "POST /xingrg/kc/base/wldb_order_operate.html HTTP/1.1" 200 2183
180.175.214.200 - - [23/Jun/2020:10:06:10 +0800] "GET /xingrg/kc/base/wldb_order_info.html?code=422020062302486 HTTP/1.1" 200 26190
116.230.77.149 - - [23/Jun/2020:10:06:10 +0800] "GET /xingrg/all/function/internal_message.html?_=1592877967940&CODE_STATE=getMsg HTTP/1.1" 200 27
180.175.214.200 - - [23/Jun/2020:10:06:11 +0800] "POST /xingrg/kc/base/wldb_order_operate.html HTTP/1.1" 200 476
180.175.214.200 - - [23/Jun/2020:10:06:11 +0800] "GET /xingrg/javascript/easyui/themes/default/validatebox.css HTTP/1.1" 404 1104
114.89.80.44 - - [23/Jun/2020:10:06:11 +0800] "GET /xingrg/kc/buy/cgsh_order_list.html HTTP/1.1" 200 43405
114.89.80.44 - - [23/Jun/2020:10:06:12 +0800] "POST /xingrg/kc/buy/cgsh_list_operate.html HTTP/1.1" 200 876
172.17.0.100 - - [23/Jun/2020:10:06:12 +0800] "GET /xingrg/all/function/internal_message.html?_=1592877971732&CODE_STATE=getMsg HTTP/1.1" 200 27
114.88.170.9 - - [23/Jun/2020:10:06:13 +0800] "GET /xingrg/kc/buy/cgsh_order_operate.html?command=get_materiel&rest_code=00111&code=00101008114&supplier_code=00100005&order_time=2020-06-23 HTTP/1.1" 200 412
180.175.214.200 - - [23/Jun/2020:10:06:13 +0800] "GET /xingrg/kc/print/load_config.html?kc_code=wldb HTTP/1.1" 200 2173
180.175.214.200 - - [23/Jun/2020:10:06:14 +0800] "GET /xingrg/kc/print/load_data.html?order_code=422020062302486&kc_code=wldb&condition= HTTP/1.1" 200 580
120.253.135.82 - - [23/Jun/2020:10:06:14 +0800] "GET /xingrg/all/function/internal_message.html?_=1592878056105&CODE_STATE=getMsg HTTP/1.1" 200 27
114.89.80.44 - - [23/Jun/2020:10:06:16 +0800] "GET /xingrg/javascript/jquery_tools/images/prev.gif HTTP/1.1" 404 1086
114.89.80.44 - - [23/Jun/2020:10:06:16 +0800] "GET /xingrg/javascript/jquery_tools/images/next.gif HTTP/1.1" 404 1086
117.184.7.26 - - [23/Jun/2020:10:06:16 +0800] "GET /xingrg/all/function/internal_message.html?_=1592877972439&CODE_STATE=getMsg HTTP/1.1" 200 27
114.88.170.9 - - [23/Jun/2020:10:06:21 +0800] "GET /xingrg/kc/buy/cgsh_order_operate.html?command=get_materiel&rest_code=00111&code=00101008061&supplier_code=00100005&order_time=2020-06-23 HTTP/1.1" 200 422
114.89.80.44 - - [23/Jun/2020:10:06:22 +0800] "POST /xingrg/kc/buy/cgsh_list_operate.html HTTP/1.1" 200 3327
222.69.138.225 - - [23/Jun/2020:10:06:22 +0800] "GET /xingrg/all/function/internal_message.html?_=1592877980149&CODE_STATE=getMsg HTTP/1.1" 200 27
114.89.80.44 - - [23/Jun/2020:10:06:24 +0800] "POST /xingrg/kc/buy/cgsh_list_operate.html HTTP/1.1" 200 361
114.88.170.9 - - [23/Jun/2020:10:06:24 +0800] "GET /xingrg/check_reg.html?_=1592877981739 HTTP/1.1" 200 22
114.89.80.44 - - [23/Jun/2020:10:06:25 +0800] "GET /xingrg/kc/buy/cgsh_order_info.html?code=212020062308931 HTTP/1.1" 200 53980
114.89.80.44 - - [23/Jun/2020:10:06:25 +0800] "GET /xingrg/javascript/easyui/themes/default/validatebox.css HTTP/1.1" 404 1104
114.89.80.44 - - [23/Jun/2020:10:06:25 +0800] "POST /xingrg/kc/buy/cgsh_order_operate.html HTTP/1.1" 200 1807
114.88.170.9 - - [23/Jun/2020:10:06:26 +0800] "GET /xingrg/kc/buy/cgsh_order_operate.html?command=get_materiel&rest_code=00111&code=00101008168&supplier_code=00100005&order_time=2020-06-23 HTTP/1.1" 200 413
114.89.80.44 - - [23/Jun/2020:10:06:27 +0800] "GET /xingrg/kc/print/load_data.html?order_code=212020062308931&kc_code=cgsh&condition= HTTP/1.1" 200 1265
180.175.214.200 - - [23/Jun/2020:10:06:32 +0800] "GET /xingrg/kc/base/wldb_order_add.html HTTP/1.1" 200 30312
114.88.170.9 - - [23/Jun/2020:10:06:32 +0800] "GET /xingrg/kc/buy/cgsh_order_operate.html?command=get_materiel&rest_code=00111&code=00101008036&supplier_code=00100005&order_time=2020-06-23 HTTP/1.1" 200 408
180.175.214.200 - - [23/Jun/2020:10:06:32 +0800] "POST /xingrg/kc/base/wldb_order_operate.html HTTP/1.1" 200 6806
180.175.214.200 - - [23/Jun/2020:10:06:33 +0800] "GET /xingrg/javascript/easyui/themes/default/validatebox.css HTTP/1.1" 404 1104
180.175.214.200 - - [23/Jun/2020:10:06:34 +0800] "POST /xingrg/all/common/load_combo.html?type=base HTTP/1.1" 200 2966
180.175.214.200 - - [23/Jun/2020:10:06:36 +0800] "POST /xingrg/all/common/load_combo.html?type=base HTTP/1.1" 200 2966
114.88.170.9 - - [23/Jun/2020:10:06:40 +0800] "GET /xingrg/all/function/internal_message.html?_=1592877997551&CODE_STATE=getMsg HTTP/1.1" 200 27
114.88.170.9 - - [23/Jun/2020:10:06:40 +0800] "POST /xingrg/kc/buy/cgsh_order_operate.html HTTP/1.1" 200 2065
116.230.77.149 - - [23/Jun/2020:10:06:41 +0800] "GET /xingrg/kc/buy/cgsh_order_add.html HTTP/1.1" 200 59184
116.230.77.149 - - [23/Jun/2020:10:06:42 +0800] "GET /xingrg/javascript/easyui/themes/default/validatebox.css HTTP/1.1" 404 1104
116.230.77.149 - - [23/Jun/2020:10:06:42 +0800] "POST /xingrg/kc/buy/cgsh_order_operate.html HTTP/1.1" 200 8245
180.175.214.200 - - [23/Jun/2020:10:06:46 +0800] "GET /xingrg/all/function/internal_message.html?_=1592878210928&CODE_STATE=getMsg HTTP/1.1" 200 27
114.88.170.9 - - [23/Jun/2020:10:06:46 +0800] "POST /xingrg/kc/buy/cgsh_order_operate.html HTTP/1.1" 200 37
101.228.167.227 - - [23/Jun/2020:10:06:47 +0800] "GET /xingrg/all/function/internal_message.html?_=1592878012239&CODE_STATE=getMsg HTTP/1.1" 200 27
114.88.170.9 - - [23/Jun/2020:10:06:47 +0800] "POST /xingrg/kc/buy/cgsh_order_operate.html HTTP/1.1" 200 36971
120.253.135.82 - - [23/Jun/2020:10:06:48 +0800] "GET /xingrg/all/function/internal_message.html?_=1592877763015&CODE_STATE=getMsg HTTP/1.1" 200 27
114.88.170.9 - - [23/Jun/2020:10:06:49 +0800] "GET /xingrg/kc/print/load_data.html?order_code=212020062308946&kc_code=cgsh&condition= HTTP/1.1" 200 13691
114.88.170.9 - - [23/Jun/2020:10:06:52 +0800] "GET /xingrg/all/function/internal_message.html?_=1592878026347&CODE_STATE=getMsg HTTP/1.1" 200 27
114.88.170.9 - - [23/Jun/2020:10:06:52 +0800] "GET /xingrg/check_reg.html?_=1592878026349 HTTP/1.1" 200 22
180.175.214.200 - - [23/Jun/2020:10:06:53 +0800] "POST /xingrg/kc/base/wldb_order_operate.html HTTP/1.1" 200 37
180.175.214.200 - - [23/Jun/2020:10:06:54 +0800] "POST /xingrg/kc/base/wldb_order_operate.html HTTP/1.1" 200 12
180.175.214.200 - - [23/Jun/2020:10:06:54 +0800] "POST /xingrg/kc/base/wldb_order_operate.html HTTP/1.1" 200 2181
180.175.214.200 - - [23/Jun/2020:10:06:55 +0800] "GET /xingrg/kc/base/wldb_order_info.html?code=422020062302487 HTTP/1.1" 200 26188
180.175.214.200 - - [23/Jun/2020:10:06:55 +0800] "POST /xingrg/kc/base/wldb_order_operate.html HTTP/1.1" 200 476
180.175.214.200 - - [23/Jun/2020:10:06:56 +0800] "GET /xingrg/javascript/easyui/themes/default/validatebox.css HTTP/1.1" 404 1104
172.17.0.240 - - [23/Jun/2020:10:06:56 +0800] "GET /xingrg/all/function/internal_message.html?_=1592878014677&CODE_STATE=getMsg HTTP/1.1" 200 27
172.17.0.240 - - [23/Jun/2020:10:06:56 +0800] "GET /xingrg/check_reg.html?_=1592878014679 HTTP/1.1" 200 22
114.84.151.157 - - [23/Jun/2020:10:06:58 +0800] "GET /xingrg/check_reg.html?_=1592878022270 HTTP/1.1" 200 22
116.230.77.149 - - [23/Jun/2020:10:07:00 +0800] "GET /xingrg/javascript/easyui/themes/default/tree.css HTTP/1.1" 404 1090
116.230.77.149 - - [23/Jun/2020:10:07:00 +0800] "POST /xingrg/all/common/load_tree.html?tree=supplier_tree_json&isDelete=1 HTTP/1.1" 200 49299
172.17.0.123 - - [23/Jun/2020:10:07:01 +0800] "GET /xingrg/all/function/internal_message.html?_=1592877986540&CODE_STATE=getMsg HTTP/1.1" 200 27
172.17.0.123 - - [23/Jun/2020:10:07:01 +0800] "GET /xingrg/check_reg.html?_=1592877986542 HTTP/1.1" 200 22
114.89.80.44 - - [23/Jun/2020:10:07:01 +0800] "GET /xingrg/all/function/internal_message.html?_=1592878020305&CODE_STATE=getMsg HTTP/1.1" 200 27
114.84.151.157 - - [23/Jun/2020:10:07:01 +0800] "GET /xingrg/all/function/internal_message.html?_=1592878024999&CODE_STATE=getMsg HTTP/1.1" 200 27
172.17.200.101 - - [23/Jun/2020:10:07:02 +0800] "GET /xingrg/all/function/internal_message.html?_=1592878022372&CODE_STATE=getMsg HTTP/1.1" 200 27
172.17.0.106 - - [23/Jun/2020:10:07:04 +0800] "GET /xingrg/all/function/internal_message.html?_=1592878023613&CODE_STATE=getMsg HTTP/1.1" 200 27
114.89.80.44 - - [23/Jun/2020:10:07:08 +0800] "GET /xingrg/all/function/internal_message.html?_=1592878152521&CODE_STATE=getMsg HTTP/1.1" 200 27
101.228.167.227 - - [23/Jun/2020:10:07:09 +0800] "GET /xingrg/all/function/internal_message.html?_=1592878033330&CODE_STATE=getMsg HTTP/1.1" 200 27
116.230.77.149 - - [23/Jun/2020:10:07:10 +0800] "GET /xingrg/all/function/internal_message.html?_=1592878027937&CODE_STATE=getMsg HTTP/1.1" 200 27
172.17.0.100 - - [23/Jun/2020:10:07:12 +0800] "GET /xingrg/all/function/internal_message.html?_=1592878031747&CODE_STATE=getMsg HTTP/1.1" 200 27
172.17.0.100 - - [23/Jun/2020:10:07:12 +0800] "GET /xingrg/check_reg.html?_=1592878031750 HTTP/1.1" 200 22
120.253.135.82 - - [23/Jun/2020:10:07:13 +0800] "GET /xingrg/check_reg.html?_=1592878114928 HTTP/1.1" 200 22
101.228.167.227 - - [23/Jun/2020:10:07:14 +0800] "GET /xingrg/check_reg.html?_=1592878039206 HTTP/1.1" 200 22
120.253.135.82 - - [23/Jun/2020:10:07:14 +0800] "GET /xingrg/all/function/internal_message.html?_=1592878116118&CODE_STATE=getMsg HTTP/1.1" 200 27
117.184.7.26 - - [23/Jun/2020:10:07:16 +0800] "GET /xingrg/all/function/internal_message.html?_=1592878032439&CODE_STATE=getMsg HTTP/1.1" 200 27
222.69.138.225 - - [23/Jun/2020:10:07:22 +0800] "GET /xingrg/all/function/internal_message.html?_=1592878040136&CODE_STATE=getMsg HTTP/1.1" 200 27
114.88.170.9 - - [23/Jun/2020:10:07:40 +0800] "GET /xingrg/all/function/internal_message.html?_=1592878057566&CODE_STATE=getMsg HTTP/1.1" 200 27
116.230.77.149 - - [23/Jun/2020:10:07:42 +0800] "GET /xingrg/kc/buy/cgsh_order_operate.html?command=get_materiel&rest_code=00107&code=00101018007&supplier_code=00100330&order_time=2020-06-23 HTTP/1.1" 200 409
180.175.214.200 - - [23/Jun/2020:10:07:46 +0800] "GET /xingrg/all/function/internal_message.html?_=1592878270942&CODE_STATE=getMsg HTTP/1.1" 200 27
101.228.167.227 - - [23/Jun/2020:10:07:47 +0800] "GET /xingrg/all/function/internal_message.html?_=1592878072247&CODE_STATE=getMsg HTTP/1.1" 200 27
120.253.135.82 - - [23/Jun/2020:10:07:48 +0800] "GET /xingrg/all/function/internal_message.html?_=1592877823041&CODE_STATE=getMsg HTTP/1.1" 200 27
114.88.170.9 - - [23/Jun/2020:10:07:52 +0800] "GET /xingrg/all/function/internal_message.html?_=1592878086328&CODE_STATE=getMsg HTTP/1.1" 200 27
172.17.0.240 - - [23/Jun/2020:10:07:56 +0800] "GET /xingrg/all/function/internal_message.html?_=1592878074680&CODE_STATE=getMsg HTTP/1.1" 200 27
116.230.77.149 - - [23/Jun/2020:10:07:57 +0800] "POST /xingrg/kc/buy/cgsh_order_operate.html HTTP/1.1" 200 37
180.175.214.200 - - [23/Jun/2020:10:07:57 +0800] "GET /xingrg/kc/print/load_data.html?order_code=422020062302487&kc_code=wldb&condition= HTTP/1.1" 200 577
116.230.77.149 - - [23/Jun/2020:10:07:59 +0800] "POST /xingrg/kc/buy/cgsh_order_operate.html HTTP/1.1" 200 2652
172.17.0.123 - - [23/Jun/2020:10:08:01 +0800] "GET /xingrg/all/function/internal_message.html?_=1592878046546&CODE_STATE=getMsg HTTP/1.1" 200 27
114.84.151.157 - - [23/Jun/2020:10:08:01 +0800] "GET /xingrg/all/function/internal_message.html?_=1592878084973&CODE_STATE=getMsg HTTP/1.1" 200 27
114.89.80.44 - - [23/Jun/2020:10:08:01 +0800] "GET /xingrg/all/function/internal_message.html?_=1592878080303&CODE_STATE=getMsg HTTP/1.1" 200 27
172.17.200.101 - - [23/Jun/2020:10:08:02 +0800] "GET /xingrg/check_reg.html?_=1592878082361 HTTP/1.1" 200 22
172.17.200.101 - - [23/Jun/2020:10:08:02 +0800] "GET /xingrg/all/function/internal_message.html?_=1592878082365&CODE_STATE=getMsg HTTP/1.1" 200 27
172.17.0.106 - - [23/Jun/2020:10:08:04 +0800] "GET /xingrg/all/function/internal_message.html?_=1592878083623&CODE_STATE=getMsg HTTP/1.1" 200 27
114.89.80.44 - - [23/Jun/2020:10:08:08 +0800] "GET /xingrg/all/function/internal_message.html?_=1592878212539&CODE_STATE=getMsg HTTP/1.1" 200 27
101.228.167.227 - - [23/Jun/2020:10:08:09 +0800] "GET /xingrg/all/function/internal_message.html?_=1592878093517&CODE_STATE=getMsg HTTP/1.1" 200 27
116.230.77.149 - - [23/Jun/2020:10:08:10 +0800] "GET /xingrg/all/function/internal_message.html?_=1592878087949&CODE_STATE=getMsg HTTP/1.1" 200 27
116.230.77.149 - - [23/Jun/2020:10:08:10 +0800] "GET /xingrg/check_reg.html?_=1592878087953 HTTP/1.1" 200 22
172.17.0.100 - - [23/Jun/2020:10:08:12 +0800] "GET /xingrg/all/function/internal_message.html?_=1592878091764&CODE_STATE=getMsg HTTP/1.1" 200 27
120.253.135.82 - - [23/Jun/2020:10:08:14 +0800] "GET /xingrg/all/function/internal_message.html?_=1592878176133&CODE_STATE=getMsg HTTP/1.1" 200 27
117.184.7.26 - - [23/Jun/2020:10:08:16 +0800] "GET /xingrg/all/function/internal_message.html?_=1592878092441&CODE_STATE=getMsg HTTP/1.1" 200 27
222.69.138.225 - - [23/Jun/2020:10:08:22 +0800] "GET /xingrg/all/function/internal_message.html?_=1592878100107&CODE_STATE=getMsg HTTP/1.1" 200 27
116.230.77.149 - - [23/Jun/2020:10:08:25 +0800] "POST /xingrg/kc/buy/cgsh_order_operate.html HTTP/1.1" 200 37
116.230.77.149 - - [23/Jun/2020:10:08:27 +0800] "POST /xingrg/kc/buy/cgsh_order_operate.html HTTP/1.1" 200 2652
116.230.77.149 - - [23/Jun/2020:10:08:28 +0800] "GET /xingrg/kc/print/load_data.html?order_code=212020062308947&kc_code=cgsh&condition= HTTP/1.1" 200 676
116.230.77.149 - - [23/Jun/2020:10:08:34 +0800] "GET /xingrg/kc/buy/cgsh_order_add.html HTTP/1.1" 200 59184
116.230.77.149 - - [23/Jun/2020:10:08:35 +0800] "GET /xingrg/javascript/easyui/themes/default/validatebox.css HTTP/1.1" 404 1104
116.230.77.149 - - [23/Jun/2020:10:08:35 +0800] "POST /xingrg/kc/buy/cgsh_order_operate.html HTTP/1.1" 200 8245
222.69.138.225 - - [23/Jun/2020:10:08:40 +0800] "GET /xingrg/kc/buy/cgsh_order_add.html HTTP/1.1" 200 59190
222.69.138.225 - - [23/Jun/2020:10:08:40 +0800] "POST /xingrg/kc/buy/cgsh_order_operate.html HTTP/1.1" 200 8245
222.69.138.225 - - [23/Jun/2020:10:08:40 +0800] "GET /xingrg/javascript/easyui/themes/default/validatebox.css HTTP/1.1" 404 1104
114.88.170.9 - - [23/Jun/2020:10:08:40 +0800] "GET /xingrg/all/function/internal_message.html?_=1592878117596&CODE_STATE=getMsg HTTP/1.1" 200 27
180.175.214.200 - - [23/Jun/2020:10:08:46 +0800] "GET /xingrg/all/function/internal_message.html?_=1592878330957&CODE_STATE=getMsg HTTP/1.1" 200 27
101.228.167.227 - - [23/Jun/2020:10:08:47 +0800] "GET /xingrg/all/function/internal_message.html?_=1592878132262&CODE_STATE=getMsg HTTP/1.1" 200 27
116.230.77.149 - - [23/Jun/2020:10:08:47 +0800] "GET /xingrg/javascript/easyui/themes/default/tree.css HTTP/1.1" 404 1090
116.230.77.149 - - [23/Jun/2020:10:08:48 +0800] "POST /xingrg/all/common/load_tree.html?tree=supplier_tree_json&isDelete=1 HTTP/1.1" 200 49299
120.253.135.82 - - [23/Jun/2020:10:08:48 +0800] "GET /xingrg/all/function/internal_message.html?_=1592877883042&CODE_STATE=getMsg HTTP/1.1" 200 27
114.88.170.9 - - [23/Jun/2020:10:08:52 +0800] "GET /xingrg/all/function/internal_message.html?_=1592878146311&CODE_STATE=getMsg HTTP/1.1" 200 27
172.17.0.240 - - [23/Jun/2020:10:08:56 +0800] "GET /xingrg/all/function/internal_message.html?_=1592878134684&CODE_STATE=getMsg HTTP/1.1" 200 27
222.69.138.225 - - [23/Jun/2020:10:08:57 +0800] "GET /xingrg/kc/buy/cgsh_order_operate.html?command=get_materiel&rest_code=00149&code=00101009049&supplier_code=00100201&order_time=2020-06-23 HTTP/1.1" 200 416
172.17.0.123 - - [23/Jun/2020:10:09:01 +0800] "GET /xingrg/all/function/internal_message.html?_=1592878106532&CODE_STATE=getMsg HTTP/1.1" 200 27
114.84.151.157 - - [23/Jun/2020:10:09:01 +0800] "GET /xingrg/all/function/internal_message.html?_=1592878144952&CODE_STATE=getMsg HTTP/1.1" 200 27
114.89.80.44 - - [23/Jun/2020:10:09:01 +0800] "GET /xingrg/all/function/internal_message.html?_=1592878140332&CODE_STATE=getMsg HTTP/1.1" 200 27
114.89.80.44 - - [23/Jun/2020:10:09:01 +0800] "GET /xingrg/check_reg.html?_=1592878140303 HTTP/1.1" 200 22
172.17.200.101 - - [23/Jun/2020:10:09:02 +0800] "GET /xingrg/all/function/internal_message.html?_=1592878142365&CODE_STATE=getMsg HTTP/1.1" 200 27
172.17.0.106 - - [23/Jun/2020:10:09:04 +0800] "GET /xingrg/all/function/internal_message.html?_=1592878143620&CODE_STATE=getMsg HTTP/1.1" 200 27
172.17.0.106 - - [23/Jun/2020:10:09:04 +0800] "GET /xingrg/check_reg.html?_=1592878143625 HTTP/1.1" 200 22
222.69.138.225 - - [23/Jun/2020:10:09:06 +0800] "GET /xingrg/kc/buy/cgsh_order_operate.html?command=get_materiel&rest_code=00149&code=00101009062&supplier_code=00100201&order_time=2020-06-23 HTTP/1.1" 200 412
114.89.80.44 - - [23/Jun/2020:10:09:08 +0800] "GET /xingrg/all/function/internal_message.html?_=1592878272549&CODE_STATE=getMsg HTTP/1.1" 200 27
101.228.167.227 - - [23/Jun/2020:10:09:09 +0800] "GET /xingrg/all/function/internal_message.html?_=1592878153530&CODE_STATE=getMsg HTTP/1.1" 200 27
116.230.77.149 - - [23/Jun/2020:10:09:10 +0800] "GET /xingrg/all/function/internal_message.html?_=1592878147936&CODE_STATE=getMsg HTTP/1.1" 200 27
172.17.0.100 - - [23/Jun/2020:10:09:12 +0800] "GET /xingrg/all/function/internal_message.html?_=1592878151763&CODE_STATE=getMsg HTTP/1.1" 200 27
222.69.138.225 - - [23/Jun/2020:10:09:12 +0800] "GET /xingrg/kc/buy/cgsh_order_operate.html?command=get_materiel&rest_code=00149&code=00101009011&supplier_code=00100201&order_time=2020-06-23 HTTP/1.1" 200 416
120.253.135.82 - - [23/Jun/2020:10:09:14 +0800] "GET /xingrg/all/function/internal_message.html?_=1592878236146&CODE_STATE=getMsg HTTP/1.1" 200 27
117.184.7.26 - - [23/Jun/2020:10:09:16 +0800] "GET /xingrg/check_reg.html?_=1592878152445 HTTP/1.1" 200 22
117.184.7.30 - - [23/Jun/2020:10:09:16 +0800] "GET /xingrg/all/function/internal_message.html?_=1592878152448&CODE_STATE=getMsg HTTP/1.1" 200 27
101.228.167.227 - - [23/Jun/2020:10:09:18 +0800] "POST /xingrg/services/DataTransmitService HTTP/1.1" 200 524
101.228.167.227 - - [23/Jun/2020:10:09:19 +0800] "POST /xingrg/services/DataTransmitService HTTP/1.1" 200 501
116.230.77.149 - - [23/Jun/2020:10:09:21 +0800] "GET /xingrg/kc/buy/cgsh_order_operate.html?command=get_materiel&rest_code=00107&code=00101007032&supplier_code=00100328&order_time=2020-06-23 HTTP/1.1" 200 413
222.69.138.225 - - [23/Jun/2020:10:09:22 +0800] "GET /xingrg/all/function/internal_message.html?_=1592878160092&CODE_STATE=getMsg HTTP/1.1" 200 27
222.69.138.225 - - [23/Jun/2020:10:09:23 +0800] "GET /xingrg/check_reg.html?_=1592878160727 HTTP/1.1" 200 22
222.69.138.225 - - [23/Jun/2020:10:09:29 +0800] "GET /xingrg/kc/buy/cgsh_order_operate.html?command=get_materiel&rest_code=00149&code=00101009019&supplier_code=00100201&order_time=2020-06-23 HTTP/1.1" 200 412
114.88.170.9 - - [23/Jun/2020:10:09:40 +0800] "GET /xingrg/all/function/internal_message.html?_=1592878177609&CODE_STATE=getMsg HTTP/1.1" 200 27
180.175.214.200 - - [23/Jun/2020:10:09:46 +0800] "GET /xingrg/all/function/internal_message.html?_=1592878391023&CODE_STATE=getMsg HTTP/1.1" 200 27
101.228.167.227 - - [23/Jun/2020:10:09:47 +0800] "GET /xingrg/all/function/internal_message.html?_=1592878192356&CODE_STATE=getMsg HTTP/1.1" 200 27
116.230.77.149 - - [23/Jun/2020:10:09:48 +0800] "POST /xingrg/kc/buy/cgsh_order_operate.html HTTP/1.1" 200 37
120.253.135.82 - - [23/Jun/2020:10:09:48 +0800] "GET /xingrg/check_reg.html?_=1592877942882 HTTP/1.1" 200 22
120.253.135.82 - - [23/Jun/2020:10:09:48 +0800] "GET /xingrg/all/function/internal_message.html?_=1592877943056&CODE_STATE=getMsg HTTP/1.1" 200 27
222.69.138.225 - - [23/Jun/2020:10:09:49 +0800] "GET /xingrg/kc/buy/cgsh_order_operate.html?command=get_materiel&rest_code=00149&code=00101009051&supplier_code=00100201&order_time=2020-06-23 HTTP/1.1" 200 409
116.230.77.149 - - [23/Jun/2020:10:09:49 +0800] "POST /xingrg/kc/buy/cgsh_order_operate.html HTTP/1.1" 200 2657
116.230.77.149 - - [23/Jun/2020:10:09:50 +0800] "GET /xingrg/kc/print/load_data.html?order_code=212020062308948&kc_code=cgsh&condition= HTTP/1.1" 200 676
114.88.170.9 - - [23/Jun/2020:10:09:52 +0800] "GET /xingrg/all/function/internal_message.html?_=1592878206303&CODE_STATE=getMsg HTTP/1.1" 200 27
116.230.77.149 - - [23/Jun/2020:10:09:54 +0800] "GET /xingrg/kc/buy/cgsh_order_add.html HTTP/1.1" 200 59184
116.230.77.149 - - [23/Jun/2020:10:09:55 +0800] "GET /xingrg/javascript/easyui/themes/default/validatebox.css HTTP/1.1" 404 1104
116.230.77.149 - - [23/Jun/2020:10:09:55 +0800] "POST /xingrg/kc/buy/cgsh_order_operate.html HTTP/1.1" 200 8245
172.17.0.240 - - [23/Jun/2020:10:09:56 +0800] "GET /xingrg/all/function/internal_message.html?_=1592878194685&CODE_STATE=getMsg HTTP/1.1" 200 27
116.230.77.149 - - [23/Jun/2020:10:09:59 +0800] "GET /xingrg/javascript/easyui/themes/default/tree.css HTTP/1.1" 404 1090
116.230.77.149 - - [23/Jun/2020:10:09:59 +0800] "POST /xingrg/all/common/load_tree.html?tree=supplier_tree_json&isDelete=1 HTTP/1.1" 200 49299
172.17.0.123 - - [23/Jun/2020:10:10:01 +0800] "GET /xingrg/all/function/internal_message.html?_=1592878166536&CODE_STATE=getMsg HTTP/1.1" 200 27
114.84.151.157 - - [23/Jun/2020:10:10:01 +0800] "GET /xingrg/all/function/internal_message.html?_=1592878204929&CODE_STATE=getMsg HTTP/1.1" 200 27
114.89.80.44 - - [23/Jun/2020:10:10:01 +0800] "GET /xingrg/all/function/internal_message.html?_=1592878200332&CODE_STATE=getMsg HTTP/1.1" 200 27
172.17.200.101 - - [23/Jun/2020:10:10:02 +0800] "GET /xingrg/all/function/internal_message.html?_=1592878202370&CODE_STATE=getMsg HTTP/1.1" 200 27
172.17.0.106 - - [23/Jun/2020:10:10:04 +0800] "GET /xingrg/all/function/internal_message.html?_=1592878203619&CODE_STATE=getMsg HTTP/1.1" 200 27
101.228.167.227 - - [23/Jun/2020:10:10:08 +0800] "GET /xingrg/check_reg.html?_=1592878211799 HTTP/1.1" 200 22
114.89.80.44 - - [23/Jun/2020:10:10:08 +0800] "GET /xingrg/all/function/internal_message.html?_=1592878332564&CODE_STATE=getMsg HTTP/1.1" 200 27
101.228.167.227 - - [23/Jun/2020:10:10:09 +0800] "GET /xingrg/all/function/internal_message.html?_=1592878213546&CODE_STATE=getMsg HTTP/1.1" 200 27
222.69.138.225 - - [23/Jun/2020:10:10:10 +0800] "GET /xingrg/kc/buy/cgsh_order_operate.html?command=get_materiel&rest_code=00149&code=00101009016&supplier_code=00100201&order_time=2020-06-23 HTTP/1.1" 200 412
116.230.77.149 - - [23/Jun/2020:10:10:11 +0800] "GET /xingrg/all/function/internal_message.html?_=1592878207941&CODE_STATE=getMsg HTTP/1.1" 200 27
172.17.0.100 - - [23/Jun/2020:10:10:12 +0800] "GET /xingrg/all/function/internal_message.html?_=1592878211762&CODE_STATE=getMsg HTTP/1.1" 200 27
120.253.135.82 - - [23/Jun/2020:10:10:14 +0800] "GET /xingrg/all/function/internal_message.html?_=1592878296173&CODE_STATE=getMsg HTTP/1.1" 200 27
117.184.7.30 - - [23/Jun/2020:10:10:16 +0800] "GET /xingrg/all/function/internal_message.html?_=1592878212448&CODE_STATE=getMsg HTTP/1.1" 200 27
222.69.138.225 - - [23/Jun/2020:10:10:17 +0800] "GET /xingrg/kc/buy/cgsh_order_operate.html?command=get_materiel&rest_code=00149&code=00101009013&supplier_code=00100201&order_time=2020-06-23 HTTP/1.1" 200 420
116.230.77.149 - - [23/Jun/2020:10:10:17 +0800] "GET /xingrg/kc/buy/cgsh_order_operate.html?command=get_materiel&rest_code=00107&code=00101001140&supplier_code=00100090&order_time=2020-06-23 HTTP/1.1" 200 415
222.69.138.225 - - [23/Jun/2020:10:10:22 +0800] "GET /xingrg/all/function/internal_message.html?_=1592878220077&CODE_STATE=getMsg HTTP/1.1" 200 27
222.69.138.225 - - [23/Jun/2020:10:10:25 +0800] "GET /xingrg/kc/buy/cgsh_order_operate.html?command=get_materiel&rest_code=00149&code=00101009007&supplier_code=00100201&order_time=2020-06-23 HTTP/1.1" 200 408
116.230.77.149 - - [23/Jun/2020:10:10:32 +0800] "GET /xingrg/kc/buy/cgsh_order_operate.html?command=get_materiel&rest_code=00107&code=00101001093&supplier_code=00100090&order_time=2020-06-23 HTTP/1.1" 200 411
222.69.138.225 - - [23/Jun/2020:10:10:35 +0800] "GET /xingrg/kc/buy/cgsh_order_operate.html?command=get_materiel&rest_code=00149&code=00101009060&supplier_code=00100201&order_time=2020-06-23 HTTP/1.1" 200 409
114.88.170.9 - - [23/Jun/2020:10:10:40 +0800] "GET /xingrg/all/function/internal_message.html?_=1592878237638&CODE_STATE=getMsg HTTP/1.1" 200 27
116.230.77.149 - - [23/Jun/2020:10:10:42 +0800] "POST /xingrg/kc/buy/cgsh_order_operate.html HTTP/1.1" 200 37
116.230.77.149 - - [23/Jun/2020:10:10:44 +0800] "POST /xingrg/kc/buy/cgsh_order_operate.html HTTP/1.1" 200 3254
180.175.214.200 - - [23/Jun/2020:10:10:46 +0800] "GET /xingrg/check_reg.html?_=1592878450675 HTTP/1.1" 200 22
180.175.214.200 - - [23/Jun/2020:10:10:46 +0800] "GET /xingrg/all/function/internal_message.html?_=1592878451030&CODE_STATE=getMsg HTTP/1.1" 200 27
116.230.77.149 - - [23/Jun/2020:10:10:47 +0800] "GET /xingrg/kc/print/load_data.html?order_code=212020062308949&kc_code=cgsh&condition= HTTP/1.1" 200 958
101.228.167.227 - - [23/Jun/2020:10:10:47 +0800] "GET /xingrg/all/function/internal_message.html?_=1592878252366&CODE_STATE=getMsg HTTP/1.1" 200 27
120.253.135.82 - - [23/Jun/2020:10:10:48 +0800] "GET /xingrg/all/function/internal_message.html?_=1592878003069&CODE_STATE=getMsg HTTP/1.1" 200 27
116.230.77.149 - - [23/Jun/2020:10:10:51 +0800] "GET /xingrg/kc/buy/cgsh_order_add.html HTTP/1.1" 200 59184
116.230.77.149 - - [23/Jun/2020:10:10:52 +0800] "GET /xingrg/javascript/easyui/themes/default/validatebox.css HTTP/1.1" 404 1104
116.230.77.149 - - [23/Jun/2020:10:10:52 +0800] "POST /xingrg/kc/buy/cgsh_order_operate.html HTTP/1.1" 200 8245
114.88.170.9 - - [23/Jun/2020:10:10:52 +0800] "GET /xingrg/all/function/internal_message.html?_=1592878266303&CODE_STATE=getMsg HTTP/1.1" 200 27
116.230.77.149 - - [23/Jun/2020:10:10:54 +0800] "GET /xingrg/javascript/easyui/themes/default/tree.css HTTP/1.1" 404 1090
116.230.77.149 - - [23/Jun/2020:10:10:54 +0800] "POST /xingrg/all/common/load_tree.html?tree=supplier_tree_json&isDelete=1 HTTP/1.1" 200 49299
172.17.0.240 - - [23/Jun/2020:10:10:56 +0800] "GET /xingrg/all/function/internal_message.html?_=1592878254671&CODE_STATE=getMsg HTTP/1.1" 200 27
172.17.0.123 - - [23/Jun/2020:10:11:01 +0800] "GET /xingrg/all/function/internal_message.html?_=1592878226540&CODE_STATE=getMsg HTTP/1.1" 200 27
114.84.151.157 - - [23/Jun/2020:10:11:01 +0800] "GET /xingrg/all/function/internal_message.html?_=1592878264901&CODE_STATE=getMsg HTTP/1.1" 200 27
114.89.80.44 - - [23/Jun/2020:10:11:01 +0800] "GET /xingrg/all/function/internal_message.html?_=1592878260333&CODE_STATE=getMsg HTTP/1.1" 200 27
172.17.200.101 - - [23/Jun/2020:10:11:02 +0800] "GET /xingrg/all/function/internal_message.html?_=1592878262370&CODE_STATE=getMsg HTTP/1.1" 200 27
172.17.0.106 - - [23/Jun/2020:10:11:04 +0800] "GET /xingrg/all/function/internal_message.html?_=1592878263633&CODE_STATE=getMsg HTTP/1.1" 200 27
114.89.80.44 - - [23/Jun/2020:10:11:08 +0800] "GET /xingrg/check_reg.html?_=1592878392521 HTTP/1.1" 200 22
114.89.80.44 - - [23/Jun/2020:10:11:08 +0800] "GET /xingrg/all/function/internal_message.html?_=1592878392578&CODE_STATE=getMsg HTTP/1.1" 200 27
101.228.167.227 - - [23/Jun/2020:10:11:09 +0800] "GET /xingrg/all/function/internal_message.html?_=1592878273558&CODE_STATE=getMsg HTTP/1.1" 200 27
116.230.77.149 - - [23/Jun/2020:10:11:10 +0800] "GET /xingrg/all/function/internal_message.html?_=1592878267943&CODE_STATE=getMsg HTTP/1.1" 200 27
172.17.0.100 - - [23/Jun/2020:10:11:12 +0800] "GET /xingrg/all/function/internal_message.html?_=1592878271762&CODE_STATE=getMsg HTTP/1.1" 200 27
120.253.135.82 - - [23/Jun/2020:10:11:14 +0800] "GET /xingrg/all/function/internal_message.html?_=1592878356173&CODE_STATE=getMsg HTTP/1.1" 200 27
117.184.7.30 - - [23/Jun/2020:10:11:16 +0800] "GET /xingrg/all/function/internal_message.html?_=1592878272448&CODE_STATE=getMsg HTTP/1.1" 200 27
116.230.77.149 - - [23/Jun/2020:10:11:18 +0800] "GET /xingrg/kc/buy/cgsh_order_operate.html?command=get_materiel&rest_code=00107&code=00101007144&supplier_code=00100322&order_time=2020-06-23 HTTP/1.1" 200 428
222.69.138.225 - - [23/Jun/2020:10:11:22 +0800] "GET /xingrg/all/function/internal_message.html?_=1592878280058&CODE_STATE=getMsg HTTP/1.1" 200 27
114.88.170.9 - - [23/Jun/2020:10:11:24 +0800] "GET /xingrg/check_reg.html?_=1592878281742 HTTP/1.1" 200 22
116.230.77.149 - - [23/Jun/2020:10:11:26 +0800] "POST /xingrg/kc/buy/cgsh_order_operate.html HTTP/1.1" 200 37
116.230.77.149 - - [23/Jun/2020:10:11:28 +0800] "POST /xingrg/kc/buy/cgsh_order_operate.html HTTP/1.1" 200 2679
116.230.77.149 - - [23/Jun/2020:10:11:29 +0800] "GET /xingrg/kc/print/load_data.html?order_code=212020062308950&kc_code=cgsh&condition= HTTP/1.1" 200 682
116.230.77.149 - - [23/Jun/2020:10:11:33 +0800] "GET /xingrg/kc/buy/cgsh_order_add.html HTTP/1.1" 200 59184
116.230.77.149 - - [23/Jun/2020:10:11:34 +0800] "GET /xingrg/javascript/easyui/themes/default/validatebox.css HTTP/1.1" 404 1104
116.230.77.149 - - [23/Jun/2020:10:11:34 +0800] "POST /xingrg/kc/buy/cgsh_order_operate.html HTTP/1.1" 200 8245
116.230.77.149 - - [23/Jun/2020:10:11:35 +0800] "GET /xingrg/javascript/easyui/themes/default/tree.css HTTP/1.1" 404 1090
116.230.77.149 - - [23/Jun/2020:10:11:35 +0800] "POST /xingrg/all/common/load_tree.html?tree=supplier_tree_json&isDelete=1 HTTP/1.1" 200 49299
114.88.170.9 - - [23/Jun/2020:10:11:40 +0800] "GET /xingrg/all/function/internal_message.html?_=1592878297652&CODE_STATE=getMsg HTTP/1.1" 200 27
180.175.214.200 - - [23/Jun/2020:10:11:46 +0800] "GET /xingrg/all/function/internal_message.html?_=1592878511074&CODE_STATE=getMsg HTTP/1.1" 200 27
101.228.167.227 - - [23/Jun/2020:10:11:47 +0800] "GET /xingrg/all/function/internal_message.html?_=1592878312461&CODE_STATE=getMsg HTTP/1.1" 200 27
120.253.135.82 - - [23/Jun/2020:10:11:49 +0800] "GET /xingrg/all/function/internal_message.html?_=1592878063083&CODE_STATE=getMsg HTTP/1.1" 200 27
114.88.170.9 - - [23/Jun/2020:10:11:52 +0800] "GET /xingrg/all/function/internal_message.html?_=1592878326301&CODE_STATE=getMsg HTTP/1.1" 200 27
114.88.170.9 - - [23/Jun/2020:10:11:52 +0800] "GET /xingrg/check_reg.html?_=1592878326319 HTTP/1.1" 200 22
172.17.0.240 - - [23/Jun/2020:10:11:56 +0800] "GET /xingrg/all/function/internal_message.html?_=1592878314674&CODE_STATE=getMsg HTTP/1.1" 200 27
172.17.0.240 - - [23/Jun/2020:10:11:56 +0800] "GET /xingrg/check_reg.html?_=1592878314675 HTTP/1.1" 200 22
114.84.151.157 - - [23/Jun/2020:10:11:58 +0800] "GET /xingrg/check_reg.html?_=1592878322281 HTTP/1.1" 200 22
172.17.0.123 - - [23/Jun/2020:10:12:01 +0800] "GET /xingrg/all/function/internal_message.html?_=1592878286542&CODE_STATE=getMsg HTTP/1.1" 200 27
172.17.0.123 - - [23/Jun/2020:10:12:01 +0800] "GET /xingrg/check_reg.html?_=1592878286544 HTTP/1.1" 200 22
114.84.151.157 - - [23/Jun/2020:10:12:01 +0800] "GET /xingrg/all/function/internal_message.html?_=1592878324878&CODE_STATE=getMsg HTTP/1.1" 200 27
114.89.80.44 - - [23/Jun/2020:10:12:01 +0800] "GET /xingrg/all/function/internal_message.html?_=1592878320342&CODE_STATE=getMsg HTTP/1.1" 200 27
172.17.200.101 - - [23/Jun/2020:10:12:02 +0800] "GET /xingrg/all/function/internal_message.html?_=1592878322373&CODE_STATE=getMsg HTTP/1.1" 200 27
172.17.0.106 - - [23/Jun/2020:10:12:04 +0800] "GET /xingrg/all/function/internal_message.html?_=1592878323628&CODE_STATE=getMsg HTTP/1.1" 200 27
114.89.80.44 - - [23/Jun/2020:10:12:08 +0800] "GET /xingrg/all/function/internal_message.html?_=1592878452588&CODE_STATE=getMsg HTTP/1.1" 200 27
101.228.167.227 - - [23/Jun/2020:10:12:09 +0800] "GET /xingrg/all/function/internal_message.html?_=1592878333572&CODE_STATE=getMsg HTTP/1.1" 200 27
116.230.77.149 - - [23/Jun/2020:10:12:10 +0800] "GET /xingrg/all/function/internal_message.html?_=1592878327937&CODE_STATE=getMsg HTTP/1.1" 200 27
172.17.0.100 - - [23/Jun/2020:10:12:12 +0800] "GET /xingrg/all/function/internal_message.html?_=1592878331761&CODE_STATE=getMsg HTTP/1.1" 200 27
172.17.0.100 - - [23/Jun/2020:10:12:12 +0800] "GET /xingrg/check_reg.html?_=1592878331764 HTTP/1.1" 200 22
120.253.135.82 - - [23/Jun/2020:10:12:13 +0800] "GET /xingrg/check_reg.html?_=1592878414946 HTTP/1.1" 200 22
101.228.167.227 - - [23/Jun/2020:10:12:14 +0800] "GET /xingrg/check_reg.html?_=1592878339216 HTTP/1.1" 200 22
120.253.135.82 - - [23/Jun/2020:10:12:14 +0800] "GET /xingrg/all/function/internal_message.html?_=1592878416186&CODE_STATE=getMsg HTTP/1.1" 200 27
117.184.7.30 - - [23/Jun/2020:10:12:16 +0800] "GET /xingrg/all/function/internal_message.html?_=1592878332448&CODE_STATE=getMsg HTTP/1.1" 200 27
116.230.77.149 - - [23/Jun/2020:10:12:22 +0800] "GET /xingrg/kc/buy/cgsh_order_operate.html?command=get_materiel&rest_code=00107&code=00101010028&supplier_code=00100323&order_time=2020-06-23 HTTP/1.1" 200 414
222.69.138.225 - - [23/Jun/2020:10:12:22 +0800] "GET /xingrg/all/function/internal_message.html?_=1592878340044&CODE_STATE=getMsg HTTP/1.1" 200 27
114.88.170.9 - - [23/Jun/2020:10:12:40 +0800] "GET /xingrg/all/function/internal_message.html?_=1592878357665&CODE_STATE=getMsg HTTP/1.1" 200 27
116.230.77.149 - - [23/Jun/2020:10:12:41 +0800] "GET /xingrg/kc/buy/cgsh_order_operate.html?command=get_materiel&rest_code=00107&code=00101008214&supplier_code=00100323&order_time=2020-06-23 HTTP/1.1" 200 409
180.175.214.200 - - [23/Jun/2020:10:12:47 +0800] "GET /xingrg/all/function/internal_message.html?_=1592878571088&CODE_STATE=getMsg HTTP/1.1" 200 27
101.228.167.227 - - [23/Jun/2020:10:12:47 +0800] "GET /xingrg/all/function/internal_message.html?_=1592878372472&CODE_STATE=getMsg HTTP/1.1" 200 27
120.253.135.82 - - [23/Jun/2020:10:12:49 +0800] "GET /xingrg/all/function/internal_message.html?_=1592878123103&CODE_STATE=getMsg HTTP/1.1" 200 27
114.88.170.9 - - [23/Jun/2020:10:12:52 +0800] "GET /xingrg/all/function/internal_message.html?_=1592878386303&CODE_STATE=getMsg HTTP/1.1" 200 27
116.230.77.149 - - [23/Jun/2020:10:12:53 +0800] "POST /xingrg/kc/buy/cgsh_order_operate.html HTTP/1.1" 200 37
116.230.77.149 - - [23/Jun/2020:10:12:54 +0800] "POST /xingrg/kc/buy/cgsh_order_operate.html HTTP/1.1" 200 3245
116.230.77.149 - - [23/Jun/2020:10:12:56 +0800] "GET /xingrg/kc/print/load_data.html?order_code=212020062308951&kc_code=cgsh&condition= HTTP/1.1" 200 889
172.17.0.240 - - [23/Jun/2020:10:12:56 +0800] "GET /xingrg/all/function/internal_message.html?_=1592878374677&CODE_STATE=getMsg HTTP/1.1" 200 27
172.17.0.123 - - [23/Jun/2020:10:13:01 +0800] "GET /xingrg/all/function/internal_message.html?_=1592878346546&CODE_STATE=getMsg HTTP/1.1" 200 27
114.84.151.157 - - [23/Jun/2020:10:13:01 +0800] "GET /xingrg/all/function/internal_message.html?_=1592878384855&CODE_STATE=getMsg HTTP/1.1" 200 27
114.89.80.44 - - [23/Jun/2020:10:13:01 +0800] "GET /xingrg/all/function/internal_message.html?_=1592878380348&CODE_STATE=getMsg HTTP/1.1" 200 27
116.230.77.149 - - [23/Jun/2020:10:13:02 +0800] "GET /xingrg/kc/buy/cgsh_order_add.html HTTP/1.1" 200 59184
172.17.200.101 - - [23/Jun/2020:10:13:02 +0800] "GET /xingrg/all/function/internal_message.html?_=1592878382382&CODE_STATE=getMsg HTTP/1.1" 200 27
172.17.200.101 - - [23/Jun/2020:10:13:02 +0800] "GET /xingrg/check_reg.html?_=1592878382377 HTTP/1.1" 200 22
116.230.77.149 - - [23/Jun/2020:10:13:02 +0800] "GET /xingrg/javascript/easyui/themes/default/validatebox.css HTTP/1.1" 404 1104
116.230.77.149 - - [23/Jun/2020:10:13:02 +0800] "POST /xingrg/kc/buy/cgsh_order_operate.html HTTP/1.1" 200 8245
172.17.0.106 - - [23/Jun/2020:10:13:04 +0800] "GET /xingrg/all/function/internal_message.html?_=1592878383631&CODE_STATE=getMsg HTTP/1.1" 200 27
116.230.77.149 - - [23/Jun/2020:10:13:07 +0800] "GET /xingrg/javascript/easyui/themes/default/tree.css HTTP/1.1" 404 1090
116.230.77.149 - - [23/Jun/2020:10:13:07 +0800] "POST /xingrg/all/common/load_tree.html?tree=supplier_tree_json&isDelete=1 HTTP/1.1" 200 49299
114.89.80.44 - - [23/Jun/2020:10:13:08 +0800] "GET /xingrg/all/function/internal_message.html?_=1592878512602&CODE_STATE=getMsg HTTP/1.1" 200 27
101.228.167.227 - - [23/Jun/2020:10:13:10 +0800] "GET /xingrg/all/function/internal_message.html?_=1592878393766&CODE_STATE=getMsg HTTP/1.1" 200 27
116.230.77.149 - - [23/Jun/2020:10:13:11 +0800] "GET /xingrg/all/function/internal_message.html?_=1592878387953&CODE_STATE=getMsg HTTP/1.1" 200 27
116.230.77.149 - - [23/Jun/2020:10:13:11 +0800] "GET /xingrg/check_reg.html?_=1592878388067 HTTP/1.1" 200 22
172.17.0.100 - - [23/Jun/2020:10:13:12 +0800] "GET /xingrg/all/function/internal_message.html?_=1592878391763&CODE_STATE=getMsg HTTP/1.1" 200 27
120.253.135.82 - - [23/Jun/2020:10:13:14 +0800] "GET /xingrg/all/function/internal_message.html?_=1592878476200&CODE_STATE=getMsg HTTP/1.1" 200 27
117.184.7.30 - - [23/Jun/2020:10:13:16 +0800] "GET /xingrg/all/function/internal_message.html?_=1592878392448&CODE_STATE=getMsg HTTP/1.1" 200 27
222.69.138.225 - - [23/Jun/2020:10:13:22 +0800] "GET /xingrg/all/function/internal_message.html?_=1592878400024&CODE_STATE=getMsg HTTP/1.1" 200 27
222.69.138.225 - - [23/Jun/2020:10:13:23 +0800] "POST /xingrg/kc/buy/cgsh_order_operate.html HTTP/1.1" 200 37
222.69.138.225 - - [23/Jun/2020:10:13:27 +0800] "POST /xingrg/kc/buy/cgsh_order_operate.html HTTP/1.1" 200 12
222.69.138.225 - - [23/Jun/2020:10:13:30 +0800] "GET /xingrg/kc/buy/cgsh_order_info.html?code=212020062308952 HTTP/1.1" 200 54093
222.69.138.225 - - [23/Jun/2020:10:13:30 +0800] "GET /xingrg/javascript/easyui/themes/default/validatebox.css HTTP/1.1" 404 1104
222.69.138.225 - - [23/Jun/2020:10:13:30 +0800] "POST /xingrg/kc/buy/cgsh_order_operate.html HTTP/1.1" 200 6528
222.69.138.225 - - [23/Jun/2020:10:13:33 +0800] "GET /xingrg/kc/print/load_data.html?order_code=212020062308952&kc_code=cgsh&condition= HTTP/1.1" 200 2965
114.88.170.9 - - [23/Jun/2020:10:13:40 +0800] "GET /xingrg/all/function/internal_message.html?_=1592878417694&CODE_STATE=getMsg HTTP/1.1" 200 27
116.230.77.149 - - [23/Jun/2020:10:13:40 +0800] "GET /xingrg/kc/buy/cgsh_order_operate.html?command=get_materiel&rest_code=00107&code=00101006001&supplier_code=00100324&order_time=2020-06-23 HTTP/1.1" 200 428
180.175.214.200 - - [23/Jun/2020:10:13:47 +0800] "GET /xingrg/all/function/internal_message.html?_=1592878631151&CODE_STATE=getMsg HTTP/1.1" 200 27
101.228.167.227 - - [23/Jun/2020:10:13:47 +0800] "GET /xingrg/all/function/internal_message.html?_=1592878432486&CODE_STATE=getMsg HTTP/1.1" 200 27
120.253.135.82 - - [23/Jun/2020:10:13:49 +0800] "GET /xingrg/all/function/internal_message.html?_=1592878183111&CODE_STATE=getMsg HTTP/1.1" 200 27
114.88.170.9 - - [23/Jun/2020:10:13:52 +0800] "GET /xingrg/all/function/internal_message.html?_=1592878446303&CODE_STATE=getMsg HTTP/1.1" 200 27
172.17.0.240 - - [23/Jun/2020:10:13:56 +0800] "GET /xingrg/all/function/internal_message.html?_=1592878434678&CODE_STATE=getMsg HTTP/1.1" 200 27
172.17.0.123 - - [23/Jun/2020:10:14:01 +0800] "GET /xingrg/all/function/internal_message.html?_=1592878406532&CODE_STATE=getMsg HTTP/1.1" 200 27
114.84.151.157 - - [23/Jun/2020:10:14:01 +0800] "GET /xingrg/all/function/internal_message.html?_=1592878444828&CODE_STATE=getMsg HTTP/1.1" 200 27
114.89.80.44 - - [23/Jun/2020:10:14:01 +0800] "GET /xingrg/check_reg.html?_=1592878440349 HTTP/1.1" 200 22
114.89.80.44 - - [23/Jun/2020:10:14:01 +0800] "GET /xingrg/all/function/internal_message.html?_=1592878440356&CODE_STATE=getMsg HTTP/1.1" 200 27
172.17.200.101 - - [23/Jun/2020:10:14:02 +0800] "GET /xingrg/all/function/internal_message.html?_=1592878442369&CODE_STATE=getMsg HTTP/1.1" 200 27
172.17.0.106 - - [23/Jun/2020:10:14:04 +0800] "GET /xingrg/check_reg.html?_=1592878443637 HTTP/1.1" 200 22
172.17.0.106 - - [23/Jun/2020:10:14:04 +0800] "GET /xingrg/all/function/internal_message.html?_=1592878443641&CODE_STATE=getMsg HTTP/1.1" 200 27
114.89.80.44 - - [23/Jun/2020:10:14:08 +0800] "GET /xingrg/all/function/internal_message.html?_=1592878572620&CODE_STATE=getMsg HTTP/1.1" 200 27
101.228.167.227 - - [23/Jun/2020:10:14:10 +0800] "GET /xingrg/all/function/internal_message.html?_=1592878453769&CODE_STATE=getMsg HTTP/1.1" 200 27
116.230.77.149 - - [23/Jun/2020:10:14:10 +0800] "GET /xingrg/all/function/internal_message.html?_=1592878447943&CODE_STATE=getMsg HTTP/1.1" 200 27
116.230.77.149 - - [23/Jun/2020:10:14:11 +0800] "POST /xingrg/kc/buy/cgsh_order_operate.html HTTP/1.1" 200 37
172.17.0.100 - - [23/Jun/2020:10:14:12 +0800] "GET /xingrg/all/function/internal_message.html?_=1592878451793&CODE_STATE=getMsg HTTP/1.1" 200 27
120.253.135.82 - - [23/Jun/2020:10:14:14 +0800] "GET /xingrg/all/function/internal_message.html?_=1592878536214&CODE_STATE=getMsg HTTP/1.1" 200 27
116.230.77.149 - - [23/Jun/2020:10:14:16 +0800] "POST /xingrg/kc/buy/cgsh_order_operate.html HTTP/1.1" 200 2674
117.184.7.30 - - [23/Jun/2020:10:14:16 +0800] "GET /xingrg/check_reg.html?_=1592878452435 HTTP/1.1" 200 22
117.184.7.26 - - [23/Jun/2020:10:14:16 +0800] "GET /xingrg/all/function/internal_message.html?_=1592878452436&CODE_STATE=getMsg HTTP/1.1" 200 27
116.230.77.149 - - [23/Jun/2020:10:14:18 +0800] "GET /xingrg/kc/print/load_data.html?order_code=212020062308953&kc_code=cgsh&condition= HTTP/1.1" 200 698
116.230.77.149 - - [23/Jun/2020:10:14:22 +0800] "GET /xingrg/kc/buy/cgsh_order_add.html HTTP/1.1" 200 59184
222.69.138.225 - - [23/Jun/2020:10:14:22 +0800] "GET /xingrg/all/function/internal_message.html?_=1592878460001&CODE_STATE=getMsg HTTP/1.1" 200 27
116.230.77.149 - - [23/Jun/2020:10:14:23 +0800] "GET /xingrg/javascript/easyui/themes/default/validatebox.css HTTP/1.1" 404 1104
116.230.77.149 - - [23/Jun/2020:10:14:23 +0800] "POST /xingrg/kc/buy/cgsh_order_operate.html HTTP/1.1" 200 8245
222.69.138.225 - - [23/Jun/2020:10:14:23 +0800] "GET /xingrg/check_reg.html?_=1592878460704 HTTP/1.1" 200 22
116.230.77.149 - - [23/Jun/2020:10:14:26 +0800] "GET /xingrg/javascript/easyui/themes/default/tree.css HTTP/1.1" 404 1090
116.230.77.149 - - [23/Jun/2020:10:14:26 +0800] "POST /xingrg/all/common/load_tree.html?tree=supplier_tree_json&isDelete=1 HTTP/1.1" 200 49299
101.91.60.11 - - [23/Jun/2020:10:14:28 +0800] "GET /xingrg/all/function/internal_message.html?_=1592877725091&CODE_STATE=getMsg HTTP/1.1" 302 -
101.91.60.11 - - [23/Jun/2020:10:14:34 +0800] "GET /xingrg/login.html HTTP/1.1" 200 7641
114.88.170.9 - - [23/Jun/2020:10:14:40 +0800] "GET /xingrg/all/function/internal_message.html?_=1592878477707&CODE_STATE=getMsg HTTP/1.1" 200 27
180.175.214.200 - - [23/Jun/2020:10:14:47 +0800] "GET /xingrg/all/function/internal_message.html?_=1592878691161&CODE_STATE=getMsg HTTP/1.1" 200 27
101.228.167.227 - - [23/Jun/2020:10:14:47 +0800] "GET /xingrg/all/function/internal_message.html?_=1592878492582&CODE_STATE=getMsg HTTP/1.1" 200 27
120.253.135.82 - - [23/Jun/2020:10:14:48 +0800] "GET /xingrg/check_reg.html?_=1592878242899 HTTP/1.1" 200 22
120.253.135.82 - - [23/Jun/2020:10:14:49 +0800] "GET /xingrg/all/function/internal_message.html?_=1592878243124&CODE_STATE=getMsg HTTP/1.1" 200 27
114.88.170.9 - - [23/Jun/2020:10:14:52 +0800] "GET /xingrg/all/function/internal_message.html?_=1592878506304&CODE_STATE=getMsg HTTP/1.1" 200 27
172.17.0.240 - - [23/Jun/2020:10:14:56 +0800] "GET /xingrg/all/function/internal_message.html?_=1592878494680&CODE_STATE=getMsg HTTP/1.1" 200 27
116.230.77.149 - - [23/Jun/2020:10:15:00 +0800] "GET /xingrg/kc/buy/cgsh_order_operate.html?command=get_materiel&rest_code=00107&code=00101003035&supplier_code=00100092&order_time=2020-06-23 HTTP/1.1" 200 411
172.17.0.123 - - [23/Jun/2020:10:15:01 +0800] "GET /xingrg/all/function/internal_message.html?_=1592878466534&CODE_STATE=getMsg HTTP/1.1" 200 27
114.84.151.157 - - [23/Jun/2020:10:15:01 +0800] "GET /xingrg/all/function/internal_message.html?_=1592878504808&CODE_STATE=getMsg HTTP/1.1" 200 27
114.89.80.44 - - [23/Jun/2020:10:15:01 +0800] "GET /xingrg/all/function/internal_message.html?_=1592878500352&CODE_STATE=getMsg HTTP/1.1" 200 27
172.17.200.101 - - [23/Jun/2020:10:15:02 +0800] "GET /xingrg/all/function/internal_message.html?_=1592878502369&CODE_STATE=getMsg HTTP/1.1" 200 27
116.232.50.38 - - [23/Jun/2020:10:15:03 +0800] "POST /xingrg/services/DataTransmitService HTTP/1.1" 200 524
116.232.50.38 - - [23/Jun/2020:10:15:03 +0800] "POST /xingrg/services/DataTransmitService HTTP/1.1" 200 501
172.17.0.106 - - [23/Jun/2020:10:15:04 +0800] "GET /xingrg/all/function/internal_message.html?_=1592878503623&CODE_STATE=getMsg HTTP/1.1" 200 27
101.228.167.227 - - [23/Jun/2020:10:15:08 +0800] "GET /xingrg/check_reg.html?_=1592878511991 HTTP/1.1" 200 22
114.89.80.44 - - [23/Jun/2020:10:15:09 +0800] "GET /xingrg/all/function/internal_message.html?_=1592878632630&CODE_STATE=getMsg HTTP/1.1" 200 27
101.228.167.227 - - [23/Jun/2020:10:15:10 +0800] "GET /xingrg/all/function/internal_message.html?_=1592878513782&CODE_STATE=getMsg HTTP/1.1" 200 27
