114.89.80.44 - - [23/Jun/2020:10:51:21 +0800] "GET /xingrg/kc/print/load_data.html?order_code=312020062200518&kc_code=pssh&condition= HTTP/1.1" 200 4534
222.69.138.225 - - [23/Jun/2020:10:51:22 +0800] "GET /xingrg/all/function/internal_message.html?_=1592880679382&CODE_STATE=getMsg HTTP/1.1" 200 27
114.88.170.9 - - [23/Jun/2020:10:51:25 +0800] "GET /xingrg/check_reg.html?_=1592880681783 HTTP/1.1" 200 22
117.185.32.26 - - [23/Jun/2020:10:51:25 +0800] "GET /xingrg/kc/buy/buy_main.html HTTP/1.1" 200 12412
117.185.32.26 - - [23/Jun/2020:10:51:25 +0800] "GET /xingrg/css/new_ie.css HTTP/1.1" 404 1036
117.185.32.26 - - [23/Jun/2020:10:51:27 +0800] "GET /xingrg/images/yd/bt.gif HTTP/1.1" 404 1040
117.185.32.26 - - [23/Jun/2020:10:51:28 +0800] "GET /xingrg/kc/buy/cgsh_order_list.html HTTP/1.1" 200 43399
117.185.32.26 - - [23/Jun/2020:10:51:29 +0800] "POST /xingrg/kc/buy/cgsh_list_operate.html HTTP/1.1" 200 876
114.84.151.157 - - [23/Jun/2020:10:51:33 +0800] "POST /xingrg/kc/buy/cgsh_order_operate.html HTTP/1.1" 200 37
114.89.80.44 - - [23/Jun/2020:10:51:34 +0800] "GET /xingrg/kc/mdqp/pssh_order_list.html?isBack=1 HTTP/1.1" 200 17661
114.89.80.44 - - [23/Jun/2020:10:51:34 +0800] "POST /xingrg/kc/mdqp/pssh_list_operate.html HTTP/1.1" 200 5346
114.84.151.157 - - [23/Jun/2020:10:51:34 +0800] "POST /xingrg/kc/buy/cgsh_order_operate.html HTTP/1.1" 200 12
114.84.151.157 - - [23/Jun/2020:10:51:35 +0800] "GET /xingrg/kc/buy/cgsh_order_info.html?code=212020062308994 HTTP/1.1" 200 54050
117.185.32.26 - - [23/Jun/2020:10:51:35 +0800] "GET /xingrg/javascript/jquery_tools/order_manager.js HTTP/1.1" 304 -
117.185.32.26 - - [23/Jun/2020:10:51:35 +0800] "GET /xingrg/javascript/convert.js HTTP/1.1" 304 -
114.84.151.157 - - [23/Jun/2020:10:51:35 +0800] "GET /xingrg/javascript/easyui/themes/default/validatebox.css HTTP/1.1" 404 1104
117.185.32.26 - - [23/Jun/2020:10:51:35 +0800] "GET /xingrg/words/20200622165413_words.js HTTP/1.1" 304 -
117.185.32.26 - - [23/Jun/2020:10:51:35 +0800] "GET /xingrg/javascript/easyui/themes/icons/ok.png HTTP/1.1" 304 -
117.185.32.26 - - [23/Jun/2020:10:51:35 +0800] "GET /xingrg/kc/buy/cgsh_order_add.html HTTP/1.1" 200 59137
117.185.32.26 - - [23/Jun/2020:10:51:35 +0800] "GET /xingrg/javascript/easyui/themes/icons/print.png HTTP/1.1" 304 -
117.185.32.26 - - [23/Jun/2020:10:51:35 +0800] "GET /xingrg/javascript/easyui/themes/default/images/menu_downarrow.png HTTP/1.1" 304 -
114.84.151.157 - - [23/Jun/2020:10:51:35 +0800] "POST /xingrg/kc/buy/cgsh_order_operate.html HTTP/1.1" 200 624
114.89.80.44 - - [23/Jun/2020:10:51:36 +0800] "POST /xingrg/kc/mdqp/pssh_list_operate.html HTTP/1.1" 200 466
117.185.32.26 - - [23/Jun/2020:10:51:36 +0800] "GET /xingrg/all/common/auto_word.html?type=employee&rest_code=00106 HTTP/1.1" 200 205
117.185.32.26 - - [23/Jun/2020:10:51:36 +0800] "GET /xingrg/javascript/easyui/themes/default/validatebox.css HTTP/1.1" 404 1104
117.185.32.26 - - [23/Jun/2020:10:51:36 +0800] "GET /xingrg/all/common/auto_word.html?type=employee&rest_code=00106 HTTP/1.1" 200 205
117.185.32.26 - - [23/Jun/2020:10:51:36 +0800] "GET /xingrg/javascript/easyui/plugins/jquery.validatebox.js HTTP/1.1" 304 -
117.185.32.26 - - [23/Jun/2020:10:51:36 +0800] "POST /xingrg/kc/buy/cgsh_order_operate.html HTTP/1.1" 200 8245
117.185.32.26 - - [23/Jun/2020:10:51:36 +0800] "GET /xingrg/javascript/easyui/plugins/jquery.numberbox.js HTTP/1.1" 304 -
114.84.151.157 - - [23/Jun/2020:10:51:36 +0800] "GET /xingrg/kc/print/load_data.html?order_code=212020062308994&kc_code=cgsh&condition= HTTP/1.1" 200 736
114.89.80.44 - - [23/Jun/2020:10:51:37 +0800] "POST /xingrg/kc/mdqp/pssh_list_operate.html HTTP/1.1" 200 2235
114.89.80.44 - - [23/Jun/2020:10:51:37 +0800] "GET /xingrg/kc/mdqp/pssh_order_info.html?code=312020062300537 HTTP/1.1" 200 17303
114.89.80.44 - - [23/Jun/2020:10:51:37 +0800] "GET /xingrg/javascript/jquery_tools/jquery-1.4.2.min.js HTTP/1.1" 404 1094
117.185.32.26 - - [23/Jun/2020:10:51:37 +0800] "GET /xingrg/javascript/easyui/themes/default/tree.css HTTP/1.1" 404 1090
114.89.80.44 - - [23/Jun/2020:10:51:38 +0800] "POST /xingrg/kc/mdqp/pssh_order_operate.html HTTP/1.1" 200 1611
114.89.80.44 - - [23/Jun/2020:10:51:38 +0800] "GET /xingrg/javascript/easyui/themes/default/validatebox.css HTTP/1.1" 404 1104
117.185.32.26 - - [23/Jun/2020:10:51:38 +0800] "POST /xingrg/all/common/load_tree.html?tree=supplier_tree_json&isDelete=1 HTTP/1.1" 200 49299
114.89.80.44 - - [23/Jun/2020:10:51:40 +0800] "POST /xingrg/all/common/load_combo.html?type=employee HTTP/1.1" 200 365
117.184.7.26 - - [23/Jun/2020:10:51:40 +0800] "GET /xingrg/all/function/internal_message.html?_=1592881385572&CODE_STATE=getMsg HTTP/1.1" 200 27
114.88.170.9 - - [23/Jun/2020:10:51:41 +0800] "GET /xingrg/all/function/internal_message.html?_=1592880698445&CODE_STATE=getMsg HTTP/1.1" 200 27
114.89.80.44 - - [23/Jun/2020:10:51:44 +0800] "POST /xingrg/kc/mdqp/pssh_order_operate.html HTTP/1.1" 200 37
114.89.80.44 - - [23/Jun/2020:10:51:44 +0800] "POST /xingrg/kc/mdqp/pssh_order_operate.html HTTP/1.1" 200 12
114.89.80.44 - - [23/Jun/2020:10:51:45 +0800] "GET /xingrg/kc/mdqp/pssh_order_info.html?code=312020062300537 HTTP/1.1" 200 14392
114.89.80.44 - - [23/Jun/2020:10:51:45 +0800] "GET /xingrg/javascript/jquery_tools/jquery-1.4.2.min.js HTTP/1.1" 404 1094
114.84.151.157 - - [23/Jun/2020:10:51:45 +0800] "GET /xingrg/kc/buy/cgsh_order_add.html HTTP/1.1" 200 59143
114.89.80.44 - - [23/Jun/2020:10:51:45 +0800] "GET /xingrg/javascript/easyui/themes/default/validatebox.css HTTP/1.1" 404 1104
114.89.80.44 - - [23/Jun/2020:10:51:45 +0800] "POST /xingrg/kc/mdqp/pssh_order_operate.html HTTP/1.1" 200 1611
114.84.151.157 - - [23/Jun/2020:10:51:45 +0800] "POST /xingrg/kc/buy/cgsh_order_operate.html HTTP/1.1" 200 8245
114.84.151.157 - - [23/Jun/2020:10:51:45 +0800] "GET /xingrg/javascript/easyui/themes/default/validatebox.css HTTP/1.1" 404 1104
114.88.170.9 - - [23/Jun/2020:10:51:46 +0800] "GET /xingrg/kc/report/report_main.html HTTP/1.1" 200 7345
114.89.80.44 - - [23/Jun/2020:10:51:47 +0800] "GET /xingrg/kc/print/load_data.html?order_code=312020062300537&kc_code=pssh&condition= HTTP/1.1" 200 1064
114.88.170.9 - - [23/Jun/2020:10:51:47 +0800] "GET /xingrg/kc/base/kc_stocks.html HTTP/1.1" 200 16278
114.88.170.9 - - [23/Jun/2020:10:51:47 +0800] "GET /xingrg/javascript/easyui/themes/default/tree.css HTTP/1.1" 404 1090
114.88.170.9 - - [23/Jun/2020:10:51:47 +0800] "GET /xingrg/all/common/auto_word.html?type=base&rest_code=00111 HTTP/1.1" 200 1753
114.88.170.9 - - [23/Jun/2020:10:51:47 +0800] "POST /xingrg/all/common/load_tree.html?tree=materiel_sort_tree_json HTTP/1.1" 200 8666
180.175.214.200 - - [23/Jun/2020:10:51:48 +0800] "GET /xingrg/all/function/internal_message.html?_=1592880912367&CODE_STATE=getMsg HTTP/1.1" 200 27
101.228.167.227 - - [23/Jun/2020:10:51:49 +0800] "GET /xingrg/all/function/internal_message.html?_=1592880714175&CODE_STATE=getMsg HTTP/1.1" 200 27
114.89.80.44 - - [23/Jun/2020:10:51:51 +0800] "GET /xingrg/kc/mdqp/pssh_order_list.html?isBack=1 HTTP/1.1" 200 17661
114.89.80.44 - - [23/Jun/2020:10:51:52 +0800] "POST /xingrg/kc/mdqp/pssh_list_operate.html HTTP/1.1" 200 5371
120.253.135.82 - - [23/Jun/2020:10:51:53 +0800] "GET /xingrg/all/function/internal_message.html?_=1592880467058&CODE_STATE=getMsg HTTP/1.1" 200 27
114.88.170.9 - - [23/Jun/2020:10:51:53 +0800] "GET /xingrg/all/function/internal_message.html?_=1592880727423&CODE_STATE=getMsg HTTP/1.1" 200 27
114.88.170.9 - - [23/Jun/2020:10:51:53 +0800] "GET /xingrg/check_reg.html?_=1592880727618 HTTP/1.1" 200 22
114.86.190.97 - - [23/Jun/2020:10:51:54 +0800] "GET /favicon.ico HTTP/1.1" 404 -
172.17.0.240 - - [23/Jun/2020:10:51:56 +0800] "GET /xingrg/all/function/internal_message.html?_=1592880714683&CODE_STATE=getMsg HTTP/1.1" 200 27
172.17.0.240 - - [23/Jun/2020:10:51:56 +0800] "GET /xingrg/check_reg.html?_=1592880714684 HTTP/1.1" 200 22
114.89.80.44 - - [23/Jun/2020:10:51:57 +0800] "POST /xingrg/kc/mdqp/pssh_list_operate.html HTTP/1.1" 200 383
114.89.80.44 - - [23/Jun/2020:10:51:57 +0800] "POST /xingrg/kc/mdqp/pssh_list_operate.html HTTP/1.1" 200 2235
114.89.80.44 - - [23/Jun/2020:10:51:57 +0800] "GET /xingrg/kc/mdqp/pssh_order_info.html?code=312020062300546 HTTP/1.1" 200 17250
114.89.80.44 - - [23/Jun/2020:10:51:57 +0800] "GET /xingrg/javascript/jquery_tools/jquery-1.4.2.min.js HTTP/1.1" 404 1094
114.89.80.44 - - [23/Jun/2020:10:51:58 +0800] "POST /xingrg/kc/mdqp/pssh_order_operate.html HTTP/1.1" 200 1091
114.89.80.44 - - [23/Jun/2020:10:51:58 +0800] "GET /xingrg/javascript/easyui/themes/default/validatebox.css HTTP/1.1" 404 1104
114.88.170.9 - - [23/Jun/2020:10:51:58 +0800] "POST /xingrg/kc/base/stock_operate.html HTTP/1.1" 200 1687
114.84.151.157 - - [23/Jun/2020:10:51:58 +0800] "GET /xingrg/kc/buy/cgsh_order_operate.html?command=get_materiel&rest_code=00141&code=00101004034&supplier_code=00100085&order_time=2020-06-23 HTTP/1.1" 200 416
114.84.151.157 - - [23/Jun/2020:10:51:58 +0800] "GET /xingrg/check_reg.html?_=1592880722374 HTTP/1.1" 200 22
114.84.151.157 - - [23/Jun/2020:10:52:00 +0800] "GET /xingrg/all/function/internal_message.html?_=1592880724066&CODE_STATE=getMsg HTTP/1.1" 200 27
172.17.0.123 - - [23/Jun/2020:10:52:01 +0800] "GET /xingrg/check_reg.html?_=1592880686532 HTTP/1.1" 200 22
172.17.0.123 - - [23/Jun/2020:10:52:01 +0800] "GET /xingrg/all/function/internal_message.html?_=1592880686534&CODE_STATE=getMsg HTTP/1.1" 200 27
114.89.80.44 - - [23/Jun/2020:10:52:01 +0800] "GET /xingrg/all/function/internal_message.html?_=1592880720585&CODE_STATE=getMsg HTTP/1.1" 200 27
172.17.200.101 - - [23/Jun/2020:10:52:02 +0800] "GET /xingrg/all/function/internal_message.html?_=1592880722408&CODE_STATE=getMsg HTTP/1.1" 200 27
114.88.170.9 - - [23/Jun/2020:10:52:03 +0800] "GET /xingrg/kc/buy/cgsh_order_list.html HTTP/1.1" 200 43399
172.17.0.106 - - [23/Jun/2020:10:52:04 +0800] "GET /xingrg/all/function/internal_message.html?_=1592880723633&CODE_STATE=getMsg HTTP/1.1" 200 27
114.88.170.9 - - [23/Jun/2020:10:52:04 +0800] "POST /xingrg/kc/buy/cgsh_list_operate.html HTTP/1.1" 200 4219
114.84.151.157 - - [23/Jun/2020:10:52:08 +0800] "POST /xingrg/services/DataTransmitService HTTP/1.1" 200 524
114.84.151.157 - - [23/Jun/2020:10:52:08 +0800] "POST /xingrg/services/DataTransmitService HTTP/1.1" 200 2219
114.89.80.44 - - [23/Jun/2020:10:52:08 +0800] "GET /xingrg/kc/mdqp/pssh_order_list.html?isBack=1 HTTP/1.1" 200 17661
114.89.80.44 - - [23/Jun/2020:10:52:08 +0800] "POST /xingrg/kc/mdqp/pssh_list_operate.html HTTP/1.1" 200 5371
114.84.151.157 - - [23/Jun/2020:10:52:08 +0800] "POST /xingrg/services/DataTransmitService HTTP/1.1" 200 169800
114.89.80.44 - - [23/Jun/2020:10:52:09 +0800] "GET /xingrg/all/function/internal_message.html?_=1592880853132&CODE_STATE=getMsg HTTP/1.1" 200 27
114.84.151.157 - - [23/Jun/2020:10:52:10 +0800] "POST /xingrg/kc/buy/cgsh_order_operate.html HTTP/1.1" 200 37
114.88.170.9 - - [23/Jun/2020:10:52:10 +0800] "POST /xingrg/kc/buy/cgsh_list_operate.html HTTP/1.1" 200 4219
114.89.80.44 - - [23/Jun/2020:10:52:10 +0800] "POST /xingrg/kc/mdqp/pssh_list_operate.html HTTP/1.1" 200 258
114.84.151.157 - - [23/Jun/2020:10:52:11 +0800] "POST /xingrg/kc/buy/cgsh_order_operate.html HTTP/1.1" 200 12
101.85.53.146 - - [23/Jun/2020:10:52:11 +0800] "GET /xingrg/all/function/internal_message.html?_=1592880158620&CODE_STATE=getMsg HTTP/1.1" 200 27
101.228.167.227 - - [23/Jun/2020:10:52:11 +0800] "GET /xingrg/all/function/internal_message.html?_=1592880735581&CODE_STATE=getMsg HTTP/1.1" 200 27
114.89.80.44 - - [23/Jun/2020:10:52:12 +0800] "POST /xingrg/kc/mdqp/pssh_list_operate.html HTTP/1.1" 200 2235
114.89.80.44 - - [23/Jun/2020:10:52:12 +0800] "GET /xingrg/kc/mdqp/pssh_order_info.html?code=312020062200533 HTTP/1.1" 200 17272
114.89.80.44 - - [23/Jun/2020:10:52:12 +0800] "GET /xingrg/javascript/jquery_tools/jquery-1.4.2.min.js HTTP/1.1" 404 1094
114.84.151.157 - - [23/Jun/2020:10:52:12 +0800] "GET /xingrg/kc/buy/cgsh_order_info.html?code=212020062308995 HTTP/1.1" 200 54048
114.89.80.44 - - [23/Jun/2020:10:52:12 +0800] "POST /xingrg/kc/mdqp/pssh_order_operate.html HTTP/1.1" 200 527
116.230.77.149 - - [23/Jun/2020:10:52:12 +0800] "GET /xingrg/all/function/internal_message.html?_=1592880729466&CODE_STATE=getMsg HTTP/1.1" 200 27
114.89.80.44 - - [23/Jun/2020:10:52:12 +0800] "GET /xingrg/javascript/easyui/themes/default/validatebox.css HTTP/1.1" 404 1104
114.84.151.157 - - [23/Jun/2020:10:52:12 +0800] "GET /xingrg/javascript/easyui/themes/default/validatebox.css HTTP/1.1" 404 1104
114.84.151.157 - - [23/Jun/2020:10:52:12 +0800] "POST /xingrg/kc/buy/cgsh_order_operate.html HTTP/1.1" 200 613
172.17.0.100 - - [23/Jun/2020:10:52:13 +0800] "GET /xingrg/check_reg.html?_=1592880731970 HTTP/1.1" 200 22
172.17.0.100 - - [23/Jun/2020:10:52:13 +0800] "GET /xingrg/all/function/internal_message.html?_=1592880731974&CODE_STATE=getMsg HTTP/1.1" 200 27
120.253.135.82 - - [23/Jun/2020:10:52:13 +0800] "GET /xingrg/check_reg.html?_=1592880815115 HTTP/1.1" 200 22
117.185.32.26 - - [23/Jun/2020:10:52:14 +0800] "GET /xingrg/all/function/internal_message.html?_=1592881162145&CODE_STATE=getMsg HTTP/1.1" 200 27
114.84.151.157 - - [23/Jun/2020:10:52:14 +0800] "GET /xingrg/kc/print/load_data.html?order_code=212020062308995&kc_code=cgsh&condition= HTTP/1.1" 200 774
101.228.167.227 - - [23/Jun/2020:10:52:14 +0800] "GET /xingrg/check_reg.html?_=1592880739257 HTTP/1.1" 200 22
116.232.48.38 - - [23/Jun/2020:10:52:14 +0800] "GET /xingrg/all/function/internal_message.html?_=1592880785578&CODE_STATE=getMsg HTTP/1.1" 200 27
116.232.48.38 - - [23/Jun/2020:10:52:14 +0800] "GET /xingrg/check_reg.html?_=1592880785578 HTTP/1.1" 200 22
120.253.135.82 - - [23/Jun/2020:10:52:15 +0800] "GET /xingrg/all/function/internal_message.html?_=1592880816912&CODE_STATE=getMsg HTTP/1.1" 200 27
117.184.7.30 - - [23/Jun/2020:10:52:17 +0800] "GET /xingrg/all/function/internal_message.html?_=1592880732467&CODE_STATE=getMsg HTTP/1.1" 200 27
114.86.190.97 - - [23/Jun/2020:10:52:17 +0800] "GET /xingrg/all/function/internal_message.html?_=1592880738052&CODE_STATE=getMsg HTTP/1.1" 200 27
117.185.32.26 - - [23/Jun/2020:10:52:18 +0800] "GET /xingrg/javascript/auto/indicator.gif HTTP/1.1" 404 1066
222.69.138.225 - - [23/Jun/2020:10:52:21 +0800] "GET /xingrg/all/function/internal_message.html?_=1592880739354&CODE_STATE=getMsg HTTP/1.1" 200 27
117.185.32.26 - - [23/Jun/2020:10:52:23 +0800] "GET /xingrg/kc/buy/cgsh_order_operate.html?command=get_materiel&rest_code=00106&code=00101001140&supplier_code=00100090&order_time=2020-06-23 HTTP/1.1" 200 415
117.184.7.26 - - [23/Jun/2020:10:52:40 +0800] "GET /xingrg/all/function/internal_message.html?_=1592881445572&CODE_STATE=getMsg HTTP/1.1" 200 27
114.88.170.9 - - [23/Jun/2020:10:52:41 +0800] "GET /xingrg/all/function/internal_message.html?_=1592880758458&CODE_STATE=getMsg HTTP/1.1" 200 27
180.175.214.200 - - [23/Jun/2020:10:52:48 +0800] "GET /xingrg/all/function/internal_message.html?_=1592880972382&CODE_STATE=getMsg HTTP/1.1" 200 27
101.228.167.227 - - [23/Jun/2020:10:52:49 +0800] "GET /xingrg/all/function/internal_message.html?_=1592880774184&CODE_STATE=getMsg HTTP/1.1" 200 27
117.185.32.26 - - [23/Jun/2020:10:52:49 +0800] "GET /xingrg/kc/buy/cgsh_order_operate.html?command=get_materiel&rest_code=00106&code=00101001093&supplier_code=00100090&order_time=2020-06-23 HTTP/1.1" 200 411
120.253.135.82 - - [23/Jun/2020:10:52:53 +0800] "GET /xingrg/all/function/internal_message.html?_=1592880527097&CODE_STATE=getMsg HTTP/1.1" 200 27
114.88.170.9 - - [23/Jun/2020:10:52:53 +0800] "GET /xingrg/all/function/internal_message.html?_=1592880787523&CODE_STATE=getMsg HTTP/1.1" 200 27
114.84.151.157 - - [23/Jun/2020:10:52:55 +0800] "GET /xingrg/kc/buy/cgsh_order_add.html HTTP/1.1" 200 59143
114.84.151.157 - - [23/Jun/2020:10:52:55 +0800] "POST /xingrg/kc/buy/cgsh_order_operate.html HTTP/1.1" 200 8245
114.84.151.157 - - [23/Jun/2020:10:52:55 +0800] "GET /xingrg/javascript/easyui/themes/default/validatebox.css HTTP/1.1" 404 1104
172.17.0.240 - - [23/Jun/2020:10:52:56 +0800] "GET /xingrg/all/function/internal_message.html?_=1592880774685&CODE_STATE=getMsg HTTP/1.1" 200 27
114.84.151.157 - - [23/Jun/2020:10:53:00 +0800] "GET /xingrg/all/function/internal_message.html?_=1592880784061&CODE_STATE=getMsg HTTP/1.1" 200 27
172.17.0.123 - - [23/Jun/2020:10:53:01 +0800] "GET /xingrg/all/function/internal_message.html?_=1592880746538&CODE_STATE=getMsg HTTP/1.1" 200 27
114.89.80.44 - - [23/Jun/2020:10:53:01 +0800] "GET /xingrg/all/function/internal_message.html?_=1592880780565&CODE_STATE=getMsg HTTP/1.1" 200 27
114.84.151.157 - - [23/Jun/2020:10:53:02 +0800] "GET /xingrg/kc/buy/cgsh_order_operate.html?command=get_materiel&rest_code=00141&code=00101004046&supplier_code=00100312&order_time=2020-06-23 HTTP/1.1" 200 432
172.17.200.101 - - [23/Jun/2020:10:53:02 +0800] "GET /xingrg/check_reg.html?_=1592880782417 HTTP/1.1" 200 22
172.17.200.101 - - [23/Jun/2020:10:53:02 +0800] "GET /xingrg/all/function/internal_message.html?_=1592880782412&CODE_STATE=getMsg HTTP/1.1" 200 27
117.185.32.26 - - [23/Jun/2020:10:53:04 +0800] "GET /xingrg/kc/buy/cgsh_order_operate.html?command=get_materiel&rest_code=00106&code=00101001037&supplier_code=00100090&order_time=2020-06-23 HTTP/1.1" 200 414
172.17.0.106 - - [23/Jun/2020:10:53:04 +0800] "GET /xingrg/all/function/internal_message.html?_=1592880783635&CODE_STATE=getMsg HTTP/1.1" 200 27
114.89.80.44 - - [23/Jun/2020:10:53:04 +0800] "POST /xingrg/all/common/load_combo.html?type=employee HTTP/1.1" 200 365
114.84.151.157 - - [23/Jun/2020:10:53:07 +0800] "POST /xingrg/services/DataTransmitService HTTP/1.1" 200 524
114.89.80.44 - - [23/Jun/2020:10:53:09 +0800] "GET /xingrg/all/function/internal_message.html?_=1592880913145&CODE_STATE=getMsg HTTP/1.1" 200 27
114.84.151.157 - - [23/Jun/2020:10:53:11 +0800] "POST /xingrg/services/DataTransmitService HTTP/1.1" 200 501
101.85.53.146 - - [23/Jun/2020:10:53:11 +0800] "GET /xingrg/check_reg.html?_=1592880218621 HTTP/1.1" 200 22
101.85.53.146 - - [23/Jun/2020:10:53:11 +0800] "GET /xingrg/all/function/internal_message.html?_=1592880218623&CODE_STATE=getMsg HTTP/1.1" 200 27
101.228.167.227 - - [23/Jun/2020:10:53:12 +0800] "GET /xingrg/all/function/internal_message.html?_=1592880795798&CODE_STATE=getMsg HTTP/1.1" 200 27
116.230.77.149 - - [23/Jun/2020:10:53:12 +0800] "GET /xingrg/all/function/internal_message.html?_=1592880789444&CODE_STATE=getMsg HTTP/1.1" 200 27
116.230.77.149 - - [23/Jun/2020:10:53:12 +0800] "GET /xingrg/check_reg.html?_=1592880789806 HTTP/1.1" 200 22
172.17.0.100 - - [23/Jun/2020:10:53:13 +0800] "GET /xingrg/all/function/internal_message.html?_=1592880791973&CODE_STATE=getMsg HTTP/1.1" 200 27
117.185.32.26 - - [23/Jun/2020:10:53:14 +0800] "GET /xingrg/check_reg.html?_=1592881222143 HTTP/1.1" 200 22
117.185.32.26 - - [23/Jun/2020:10:53:14 +0800] "GET /xingrg/all/function/internal_message.html?_=1592881222147&CODE_STATE=getMsg HTTP/1.1" 200 27
116.232.48.38 - - [23/Jun/2020:10:53:14 +0800] "GET /xingrg/all/function/internal_message.html?_=1592880845578&CODE_STATE=getMsg HTTP/1.1" 200 27
120.253.135.82 - - [23/Jun/2020:10:53:15 +0800] "GET /xingrg/all/function/internal_message.html?_=1592880876917&CODE_STATE=getMsg HTTP/1.1" 200 27
117.184.7.30 - - [23/Jun/2020:10:53:17 +0800] "GET /xingrg/all/function/internal_message.html?_=1592880792467&CODE_STATE=getMsg HTTP/1.1" 200 27
114.84.151.157 - - [23/Jun/2020:10:53:17 +0800] "GET /xingrg/kc/buy/cgsh_order_operate.html?command=get_materiel&rest_code=00141&code=00101004067&supplier_code=00100312&order_time=2020-06-23 HTTP/1.1" 200 429
114.86.190.97 - - [23/Jun/2020:10:53:17 +0800] "GET /xingrg/all/function/internal_message.html?_=1592880798060&CODE_STATE=getMsg HTTP/1.1" 200 27
222.69.138.225 - - [23/Jun/2020:10:53:21 +0800] "GET /xingrg/all/function/internal_message.html?_=1592880799324&CODE_STATE=getMsg HTTP/1.1" 200 27
114.84.151.157 - - [23/Jun/2020:10:53:28 +0800] "GET /xingrg/kc/buy/cgsh_order_operate.html?command=get_materiel&rest_code=00141&code=00101004027&supplier_code=00100312&order_time=2020-06-23 HTTP/1.1" 200 427
117.185.32.26 - - [23/Jun/2020:10:53:33 +0800] "POST /xingrg/kc/buy/cgsh_order_operate.html HTTP/1.1" 200 37
114.84.151.157 - - [23/Jun/2020:10:53:33 +0800] "GET /xingrg/kc/buy/cgsh_order_operate.html?command=get_materiel&rest_code=00141&code=00101004005&supplier_code=00100312&order_time=2020-06-23 HTTP/1.1" 200 411
117.185.32.26 - - [23/Jun/2020:10:53:34 +0800] "POST /xingrg/kc/buy/cgsh_order_operate.html HTTP/1.1" 200 12
117.185.32.26 - - [23/Jun/2020:10:53:35 +0800] "GET /xingrg/kc/buy/cgsh_order_info.html?code=212020062308996 HTTP/1.1" 200 54044
117.185.32.26 - - [23/Jun/2020:10:53:36 +0800] "GET /xingrg/javascript/easyui/themes/default/validatebox.css HTTP/1.1" 404 1104
117.185.32.26 - - [23/Jun/2020:10:53:36 +0800] "POST /xingrg/kc/buy/cgsh_order_operate.html HTTP/1.1" 200 1802
117.185.32.26 - - [23/Jun/2020:10:53:39 +0800] "GET /xingrg/kc/print/load_config.html?kc_code=cgsh HTTP/1.1" 200 1845
117.185.32.26 - - [23/Jun/2020:10:53:39 +0800] "GET /xingrg/kc/print/load_data.html?order_code=212020062308996&kc_code=cgsh&condition= HTTP/1.1" 200 1229
114.84.151.157 - - [23/Jun/2020:10:53:40 +0800] "GET /favicon.ico HTTP/1.1" 404 -
117.184.7.26 - - [23/Jun/2020:10:53:40 +0800] "GET /xingrg/all/function/internal_message.html?_=1592881505571&CODE_STATE=getMsg HTTP/1.1" 200 27
114.88.170.9 - - [23/Jun/2020:10:53:41 +0800] "GET /xingrg/all/function/internal_message.html?_=1592880818488&CODE_STATE=getMsg HTTP/1.1" 200 27
114.84.151.157 - - [23/Jun/2020:10:53:44 +0800] "GET /xingrg/kc/buy/cgsh_order_operate.html?command=get_materiel&rest_code=00141&code=00101004049&supplier_code=00100312&order_time=2020-06-23 HTTP/1.1" 200 415
180.175.214.200 - - [23/Jun/2020:10:53:48 +0800] "GET /xingrg/all/function/internal_message.html?_=1592881032574&CODE_STATE=getMsg HTTP/1.1" 200 27
101.228.167.227 - - [23/Jun/2020:10:53:49 +0800] "GET /xingrg/all/function/internal_message.html?_=1592880834199&CODE_STATE=getMsg HTTP/1.1" 200 27
120.253.135.82 - - [23/Jun/2020:10:53:53 +0800] "GET /xingrg/all/function/internal_message.html?_=1592880587102&CODE_STATE=getMsg HTTP/1.1" 200 27
114.88.170.9 - - [23/Jun/2020:10:53:53 +0800] "GET /xingrg/all/function/internal_message.html?_=1592880847371&CODE_STATE=getMsg HTTP/1.1" 200 27
117.185.32.26 - - [23/Jun/2020:10:53:54 +0800] "GET /xingrg/kc/buy/cgsh_order_add.html HTTP/1.1" 200 59137
114.84.151.157 - - [23/Jun/2020:10:53:54 +0800] "GET /xingrg/kc/buy/cgsh_order_operate.html?command=get_materiel&rest_code=00141&code=00101005015&supplier_code=00100312&order_time=2020-06-23 HTTP/1.1" 200 409
117.185.32.26 - - [23/Jun/2020:10:53:54 +0800] "POST /xingrg/kc/buy/cgsh_order_operate.html HTTP/1.1" 200 8245
117.185.32.26 - - [23/Jun/2020:10:53:54 +0800] "GET /xingrg/javascript/easyui/themes/default/validatebox.css HTTP/1.1" 404 1104
172.17.0.240 - - [23/Jun/2020:10:53:56 +0800] "GET /xingrg/all/function/internal_message.html?_=1592880834671&CODE_STATE=getMsg HTTP/1.1" 200 27
117.185.32.26 - - [23/Jun/2020:10:53:56 +0800] "GET /xingrg/javascript/easyui/themes/default/tree.css HTTP/1.1" 404 1090
117.185.32.26 - - [23/Jun/2020:10:53:56 +0800] "POST /xingrg/all/common/load_tree.html?tree=supplier_tree_json&isDelete=1 HTTP/1.1" 200 49299
114.84.151.157 - - [23/Jun/2020:10:54:00 +0800] "GET /xingrg/all/function/internal_message.html?_=1592880844015&CODE_STATE=getMsg HTTP/1.1" 200 27
172.17.0.123 - - [23/Jun/2020:10:54:01 +0800] "GET /xingrg/all/function/internal_message.html?_=1592880806540&CODE_STATE=getMsg HTTP/1.1" 200 27
114.84.151.157 - - [23/Jun/2020:10:54:02 +0800] "GET /xingrg/kc/buy/cgsh_order_operate.html?command=get_materiel&rest_code=00141&code=00101004013&supplier_code=00100312&order_time=2020-06-23 HTTP/1.1" 200 415
172.17.200.101 - - [23/Jun/2020:10:54:02 +0800] "GET /xingrg/all/function/internal_message.html?_=1592880842417&CODE_STATE=getMsg HTTP/1.1" 200 27
172.17.0.106 - - [23/Jun/2020:10:54:04 +0800] "GET /xingrg/check_reg.html?_=1592880843624 HTTP/1.1" 200 22
172.17.0.106 - - [23/Jun/2020:10:54:04 +0800] "GET /xingrg/all/function/internal_message.html?_=1592880843629&CODE_STATE=getMsg HTTP/1.1" 200 27
114.84.151.157 - - [23/Jun/2020:10:54:08 +0800] "GET /xingrg/kc/buy/cgsh_order_operate.html?command=get_materiel&rest_code=00141&code=00101001029&supplier_code=00100312&order_time=2020-06-23 HTTP/1.1" 200 413
114.89.80.44 - - [23/Jun/2020:10:54:09 +0800] "GET /xingrg/all/function/internal_message.html?_=1592880973167&CODE_STATE=getMsg HTTP/1.1" 200 27
101.85.53.146 - - [23/Jun/2020:10:54:11 +0800] "GET /xingrg/all/function/internal_message.html?_=1592880278623&CODE_STATE=getMsg HTTP/1.1" 200 27
101.228.167.227 - - [23/Jun/2020:10:54:12 +0800] "GET /xingrg/all/function/internal_message.html?_=1592880855810&CODE_STATE=getMsg HTTP/1.1" 200 27
116.230.77.149 - - [23/Jun/2020:10:54:12 +0800] "GET /xingrg/all/function/internal_message.html?_=1592880849419&CODE_STATE=getMsg HTTP/1.1" 200 27
172.17.0.100 - - [23/Jun/2020:10:54:13 +0800] "GET /xingrg/all/function/internal_message.html?_=1592880851972&CODE_STATE=getMsg HTTP/1.1" 200 27
117.185.32.26 - - [23/Jun/2020:10:54:14 +0800] "GET /xingrg/all/function/internal_message.html?_=1592881282159&CODE_STATE=getMsg HTTP/1.1" 200 27
116.232.48.38 - - [23/Jun/2020:10:54:14 +0800] "GET /xingrg/all/function/internal_message.html?_=1592880905578&CODE_STATE=getMsg HTTP/1.1" 200 27
114.84.151.157 - - [23/Jun/2020:10:54:14 +0800] "GET /xingrg/kc/buy/cgsh_order_operate.html?command=get_materiel&rest_code=00141&code=00101001096&supplier_code=00100312&order_time=2020-06-23 HTTP/1.1" 200 413
120.253.135.82 - - [23/Jun/2020:10:54:15 +0800] "GET /xingrg/all/function/internal_message.html?_=1592880936929&CODE_STATE=getMsg HTTP/1.1" 200 27
117.184.7.30 - - [23/Jun/2020:10:54:17 +0800] "GET /xingrg/all/function/internal_message.html?_=1592880852468&CODE_STATE=getMsg HTTP/1.1" 200 27
117.184.7.30 - - [23/Jun/2020:10:54:17 +0800] "GET /xingrg/check_reg.html?_=1592880852519 HTTP/1.1" 200 22
114.86.190.97 - - [23/Jun/2020:10:54:17 +0800] "GET /xingrg/all/function/internal_message.html?_=1592880858062&CODE_STATE=getMsg HTTP/1.1" 200 27
114.86.190.97 - - [23/Jun/2020:10:54:17 +0800] "GET /xingrg/check_reg.html?_=1592880858067 HTTP/1.1" 200 22
180.175.214.200 - - [23/Jun/2020:10:54:19 +0800] "GET /xingrg/kc/base/wldb_order_list.html HTTP/1.1" 200 19255
180.175.214.200 - - [23/Jun/2020:10:54:20 +0800] "POST /xingrg/kc/base/wldb_list_operate.html HTTP/1.1" 200 928
180.175.214.200 - - [23/Jun/2020:10:54:21 +0800] "GET /xingrg/kc/base/wldb_order_add.html HTTP/1.1" 200 30312
222.69.138.225 - - [23/Jun/2020:10:54:21 +0800] "GET /xingrg/all/function/internal_message.html?_=1592880859308&CODE_STATE=getMsg HTTP/1.1" 200 27
180.175.214.200 - - [23/Jun/2020:10:54:21 +0800] "POST /xingrg/kc/base/wldb_order_operate.html HTTP/1.1" 200 6806
180.175.214.200 - - [23/Jun/2020:10:54:22 +0800] "GET /xingrg/javascript/easyui/themes/default/validatebox.css HTTP/1.1" 404 1104
222.69.138.225 - - [23/Jun/2020:10:54:23 +0800] "GET /xingrg/check_reg.html?_=1592880860559 HTTP/1.1" 200 22
180.175.214.200 - - [23/Jun/2020:10:54:23 +0800] "POST /xingrg/all/common/load_combo.html?type=base HTTP/1.1" 200 2966
61.172.5.115 - - [23/Jun/2020:10:54:25 +0800] "GET /xingrg/check_reg.html?_=1592880863557 HTTP/1.1" 200 22
114.84.151.157 - - [23/Jun/2020:10:54:27 +0800] "GET /xingrg/kc/buy/cgsh_order_operate.html?command=get_materiel&rest_code=00141&code=00101005043&supplier_code=00100312&order_time=2020-06-23 HTTP/1.1" 200 417
180.175.214.200 - - [23/Jun/2020:10:54:32 +0800] "GET /xingrg/kc/base/wldb_order_operate.html?command=get_materiel&rest_code=00102&base_code=0010493&code=00101026024 HTTP/1.1" 200 478
114.84.151.157 - - [23/Jun/2020:10:54:40 +0800] "GET /xingrg/kc/buy/cgsh_order_operate.html?command=get_materiel&rest_code=00141&code=00101001047&supplier_code=00100312&order_time=2020-06-23 HTTP/1.1" 200 421
117.184.7.26 - - [23/Jun/2020:10:54:40 +0800] "GET /xingrg/all/function/internal_message.html?_=1592881565571&CODE_STATE=getMsg HTTP/1.1" 200 27
114.88.170.9 - - [23/Jun/2020:10:54:41 +0800] "GET /xingrg/all/function/internal_message.html?_=1592880878500&CODE_STATE=getMsg HTTP/1.1" 200 27
180.175.214.200 - - [23/Jun/2020:10:54:41 +0800] "GET /xingrg/kc/base/wldb_order_operate.html?command=get_materiel&rest_code=00102&base_code=0010493&code=00101026025 HTTP/1.1" 200 488
114.89.80.44 - - [23/Jun/2020:10:54:43 +0800] "POST /xingrg/kc/mdqp/pssh_order_operate.html HTTP/1.1" 200 37
114.89.80.44 - - [23/Jun/2020:10:54:43 +0800] "POST /xingrg/kc/mdqp/pssh_order_operate.html HTTP/1.1" 200 12
114.89.80.44 - - [23/Jun/2020:10:54:44 +0800] "GET /xingrg/kc/mdqp/pssh_order_info.html?code=312020062200533 HTTP/1.1" 200 14390
114.89.80.44 - - [23/Jun/2020:10:54:44 +0800] "GET /xingrg/javascript/jquery_tools/jquery-1.4.2.min.js HTTP/1.1" 404 1094
114.89.80.44 - - [23/Jun/2020:10:54:45 +0800] "GET /xingrg/javascript/easyui/themes/default/validatebox.css HTTP/1.1" 404 1104
114.89.80.44 - - [23/Jun/2020:10:54:45 +0800] "POST /xingrg/kc/mdqp/pssh_order_operate.html HTTP/1.1" 200 527
114.89.80.44 - - [23/Jun/2020:10:54:46 +0800] "GET /xingrg/kc/print/load_data.html?order_code=312020062200533&kc_code=pssh&condition= HTTP/1.1" 200 663
114.84.151.157 - - [23/Jun/2020:10:54:46 +0800] "GET /xingrg/kc/buy/cgsh_order_operate.html?command=get_materiel&rest_code=00141&code=00101001136&supplier_code=00100312&order_time=2020-06-23 HTTP/1.1" 200 413
180.175.214.200 - - [23/Jun/2020:10:54:48 +0800] "GET /xingrg/all/function/internal_message.html?_=1592881092579&CODE_STATE=getMsg HTTP/1.1" 200 27
101.228.167.227 - - [23/Jun/2020:10:54:49 +0800] "GET /xingrg/all/function/internal_message.html?_=1592880894317&CODE_STATE=getMsg HTTP/1.1" 200 27
180.175.214.200 - - [23/Jun/2020:10:54:50 +0800] "GET /xingrg/kc/base/wldb_order_operate.html?command=get_materiel&rest_code=00102&base_code=0010493&code=00101026026 HTTP/1.1" 200 484
114.89.80.44 - - [23/Jun/2020:10:54:50 +0800] "GET /xingrg/kc/mdqp/pssh_order_list.html?isBack=1 HTTP/1.1" 200 17661
114.89.80.44 - - [23/Jun/2020:10:54:51 +0800] "POST /xingrg/kc/mdqp/pssh_list_operate.html HTTP/1.1" 200 5405
120.253.135.82 - - [23/Jun/2020:10:54:52 +0800] "GET /xingrg/check_reg.html?_=1592880646826 HTTP/1.1" 200 22
120.253.135.82 - - [23/Jun/2020:10:54:53 +0800] "GET /xingrg/all/function/internal_message.html?_=1592880647115&CODE_STATE=getMsg HTTP/1.1" 200 27
114.88.170.9 - - [23/Jun/2020:10:54:54 +0800] "GET /xingrg/index.html?sysBaseUrl=http%3A%2F%2F180.169.147.146%3A18081%2Fxingrg%2F&costTime=38×tamp=1588335986102 HTTP/1.1" 302 -
114.88.170.9 - - [23/Jun/2020:10:54:54 +0800] "GET /xingrg/login.html HTTP/1.1" 200 7641
114.84.151.157 - - [23/Jun/2020:10:54:54 +0800] "GET /xingrg/kc/buy/cgsh_order_operate.html?command=get_materiel&rest_code=00141&code=00101014083&supplier_code=00100312&order_time=2020-06-23 HTTP/1.1" 200 409
116.232.33.186 - - [23/Jun/2020:10:54:54 +0800] "POST /xingrg/services/DataTransmitService HTTP/1.1" 200 524
116.232.33.186 - - [23/Jun/2020:10:54:54 +0800] "POST /xingrg/services/DataTransmitService HTTP/1.1" 200 1999
114.88.170.9 - - [23/Jun/2020:10:54:54 +0800] "GET /favicon.ico HTTP/1.1" 404 -
116.232.33.186 - - [23/Jun/2020:10:54:54 +0800] "POST /xingrg/services/DataTransmitService HTTP/1.1" 200 2247
116.232.33.186 - - [23/Jun/2020:10:54:54 +0800] "POST /xingrg/services/DataTransmitService HTTP/1.1" 200 1451
116.232.33.186 - - [23/Jun/2020:10:54:55 +0800] "POST /xingrg/services/DataTransmitService HTTP/1.1" 200 156719
114.89.80.44 - - [23/Jun/2020:10:54:55 +0800] "POST /xingrg/kc/mdqp/pssh_list_operate.html HTTP/1.1" 200 383
172.17.0.240 - - [23/Jun/2020:10:54:56 +0800] "GET /xingrg/all/function/internal_message.html?_=1592880894674&CODE_STATE=getMsg HTTP/1.1" 200 27
180.175.214.200 - - [23/Jun/2020:10:54:56 +0800] "GET /xingrg/kc/base/wldb_order_operate.html?command=get_materiel&rest_code=00102&base_code=0010493&code=00101020079 HTTP/1.1" 200 444
114.88.170.9 - - [23/Jun/2020:10:54:58 +0800] "POST /xingrg/login.do HTTP/1.1" 302 -
114.88.170.9 - - [23/Jun/2020:10:54:58 +0800] "GET /xingrg/index.html?sysBaseUrl=http%3A%2F%2F180.169.147.146%3A18081%2Fxingrg%2F&costTime=40×tamp=1592880898596 HTTP/1.1" 200 17173
114.89.80.44 - - [23/Jun/2020:10:54:58 +0800] "POST /xingrg/kc/mdqp/pssh_list_operate.html HTTP/1.1" 200 355
114.88.170.9 - - [23/Jun/2020:10:54:58 +0800] "GET /favicon.ico HTTP/1.1" 404 -
114.88.170.9 - - [23/Jun/2020:10:54:58 +0800] "POST /xingrg/all/common/load_tree.html?tree=area_rest_tree_json&manage=1 HTTP/1.1" 200 342
114.88.170.9 - - [23/Jun/2020:10:54:58 +0800] "POST /xingrg/load_menu.html HTTP/1.1" 200 5138
114.88.170.9 - - [23/Jun/2020:10:54:58 +0800] "GET /xingrg/check_reg.html?_=1592880912940 HTTP/1.1" 200 22
114.88.170.9 - - [23/Jun/2020:10:54:58 +0800] "GET /xingrg/all/function/internal_message.html?_=1592880912939&CODE_STATE=count HTTP/1.1" 200 11
114.84.151.157 - - [23/Jun/2020:10:55:00 +0800] "GET /xingrg/all/function/internal_message.html?_=1592880903988&CODE_STATE=getMsg HTTP/1.1" 200 27
114.88.170.9 - - [23/Jun/2020:10:55:00 +0800] "GET /xingrg/kc/buy/cgsh_order_list.html HTTP/1.1" 200 43399
172.17.0.123 - - [23/Jun/2020:10:55:01 +0800] "GET /xingrg/all/function/internal_message.html?_=1592880866542&CODE_STATE=getMsg HTTP/1.1" 200 27
114.89.80.44 - - [23/Jun/2020:10:55:01 +0800] "GET /xingrg/all/function/internal_message.html?_=1592880900577&CODE_STATE=getMsg HTTP/1.1" 200 27
114.88.170.9 - - [23/Jun/2020:10:55:02 +0800] "POST /xingrg/kc/buy/cgsh_list_operate.html HTTP/1.1" 200 4219
172.17.200.101 - - [23/Jun/2020:10:55:02 +0800] "GET /xingrg/all/function/internal_message.html?_=1592880902422&CODE_STATE=getMsg HTTP/1.1" 200 27
172.17.0.106 - - [23/Jun/2020:10:55:04 +0800] "GET /xingrg/all/function/internal_message.html?_=1592880903618&CODE_STATE=getMsg HTTP/1.1" 200 27
114.88.170.9 - - [23/Jun/2020:10:55:06 +0800] "POST /xingrg/kc/buy/cgsh_list_operate.html HTTP/1.1" 200 4219
114.89.80.44 - - [23/Jun/2020:10:55:08 +0800] "POST /xingrg/all/user/operate.html HTTP/1.1" 200 36
114.89.80.44 - - [23/Jun/2020:10:55:09 +0800] "GET /xingrg/index.html?sysBaseUrl=http%3A%2F%2F180.169.147.146%3A18081%2Fxingrg%2F&costTime=38×tamp=1592787221942 HTTP/1.1" 200 17177
114.89.80.44 - - [23/Jun/2020:10:55:09 +0800] "GET /xingrg/javascript/jquery_easy_ui/themes/default/easyui.css HTTP/1.1" 304 -
114.89.80.44 - - [23/Jun/2020:10:55:09 +0800] "GET /xingrg/javascript/jquery_easy_ui/themes/icon.css HTTP/1.1" 304 -
114.89.80.44 - - [23/Jun/2020:10:55:09 +0800] "GET /xingrg/css/form.css HTTP/1.1" 304 -
101.228.167.227 - - [23/Jun/2020:10:55:09 +0800] "GET /xingrg/check_reg.html?_=1592880913032 HTTP/1.1" 200 22
114.89.80.44 - - [23/Jun/2020:10:55:09 +0800] "GET /xingrg/javascript/jquery-1.4.2.min.js HTTP/1.1" 304 -
114.89.80.44 - - [23/Jun/2020:10:55:09 +0800] "GET /xingrg/javascript/jquery_easy_ui/jquery.easyui.min.js HTTP/1.1" 304 -
114.89.80.44 - - [23/Jun/2020:10:55:09 +0800] "GET /xingrg/javascript/jquery_easy_ui/easyui-lang-zh_CN.js HTTP/1.1" 304 -
114.89.80.44 - - [23/Jun/2020:10:55:09 +0800] "GET /xingrg/javascript/jquery.form.js HTTP/1.1" 304 -
114.89.80.44 - - [23/Jun/2020:10:55:09 +0800] "GET /xingrg/javascript/jquery.utils.js HTTP/1.1" 304 -
114.89.80.44 - - [23/Jun/2020:10:55:09 +0800] "GET /xingrg/javascript/jquery.timers.js HTTP/1.1" 304 -
114.89.80.44 - - [23/Jun/2020:10:55:09 +0800] "GET /xingrg/images/blue/jxLogo.png HTTP/1.1" 304 -
114.89.80.44 - - [23/Jun/2020:10:55:09 +0800] "GET /xingrg/javascript/jquery_easy_ui/themes/icons/settle_new.png HTTP/1.1" 304 -
114.89.80.44 - - [23/Jun/2020:10:55:09 +0800] "GET /xingrg/images/blue/navBackgound.jpg HTTP/1.1" 304 -
114.89.80.44 - - [23/Jun/2020:10:55:09 +0800] "POST /xingrg/all/common/load_tree.html?tree=area_rest_tree_json&manage=1 HTTP/1.1" 200 476
114.89.80.44 - - [23/Jun/2020:10:55:09 +0800] "GET /xingrg/all/function/internal_message.html?_=1592880908173&CODE_STATE=count HTTP/1.1" 200 11
114.89.80.44 - - [23/Jun/2020:10:55:09 +0800] "GET /xingrg/check_reg.html?_=1592880908175 HTTP/1.1" 200 22
114.89.80.44 - - [23/Jun/2020:10:55:09 +0800] "GET /xingrg/javascript/jquery_easy_ui/themes/default/images/tabs_rightarrow.png HTTP/1.1" 304 -
114.89.80.44 - - [23/Jun/2020:10:55:09 +0800] "GET /xingrg/javascript/jquery_easy_ui/themes/default/images/tabs_leftarrow.png HTTP/1.1" 304 -
114.89.80.44 - - [23/Jun/2020:10:55:09 +0800] "GET /xingrg/javascript/jquery_easy_ui/themes/default/images/panel_tool_collapse.gif HTTP/1.1" 304 -
114.89.80.44 - - [23/Jun/2020:10:55:09 +0800] "GET /xingrg/images/blue/pingpu.png HTTP/1.1" 304 -
114.89.80.44 - - [23/Jun/2020:10:55:09 +0800] "POST /xingrg/load_menu.html HTTP/1.1" 200 5138
114.89.80.44 - - [23/Jun/2020:10:55:09 +0800] "GET /xingrg/all/function/internal_message.html?_=1592881033173&CODE_STATE=getMsg HTTP/1.1" 200 27
101.85.53.146 - - [23/Jun/2020:10:55:11 +0800] "GET /xingrg/all/function/internal_message.html?_=1592880338628&CODE_STATE=getMsg HTTP/1.1" 200 27
101.228.167.227 - - [23/Jun/2020:10:55:12 +0800] "GET /xingrg/all/function/internal_message.html?_=1592880915823&CODE_STATE=getMsg HTTP/1.1" 200 27
116.230.77.149 - - [23/Jun/2020:10:55:12 +0800] "GET /xingrg/all/function/internal_message.html?_=1592880909395&CODE_STATE=getMsg HTTP/1.1" 200 27
114.88.170.9 - - [23/Jun/2020:10:55:12 +0800] "GET /xingrg/kc/buy/cgsh_order_add.html HTTP/1.1" 200 59137
114.88.170.9 - - [23/Jun/2020:10:55:12 +0800] "GET /xingrg/words/20200622165413_words.js HTTP/1.1" 304 -
114.88.170.9 - - [23/Jun/2020:10:55:12 +0800] "POST /xingrg/kc/buy/cgsh_order_operate.html HTTP/1.1" 200 8245
114.88.170.9 - - [23/Jun/2020:10:55:12 +0800] "GET /xingrg/all/common/auto_word.html?type=employee&rest_code=00111 HTTP/1.1" 200 205
114.88.170.9 - - [23/Jun/2020:10:55:12 +0800] "GET /xingrg/all/common/auto_word.html?type=employee&rest_code=00111 HTTP/1.1" 200 205
114.88.170.9 - - [23/Jun/2020:10:55:12 +0800] "GET /xingrg/javascript/easyui/themes/default/validatebox.css HTTP/1.1" 404 1104
172.17.0.100 - - [23/Jun/2020:10:55:13 +0800] "GET /xingrg/all/function/internal_message.html?_=1592880911972&CODE_STATE=getMsg HTTP/1.1" 200 27
114.89.80.44 - - [23/Jun/2020:10:55:13 +0800] "GET /xingrg/kc/mdqp/pssh_order_list.html HTTP/1.1" 200 17372
114.89.80.44 - - [23/Jun/2020:10:55:13 +0800] "POST /xingrg/kc/mdqp/pssh_list_operate.html HTTP/1.1" 200 5452
116.232.48.38 - - [23/Jun/2020:10:55:13 +0800] "GET /xingrg/all/function/internal_message.html?_=1592880965578&CODE_STATE=getMsg HTTP/1.1" 200 27
117.185.32.26 - - [23/Jun/2020:10:55:14 +0800] "GET /xingrg/all/function/internal_message.html?_=1592881342174&CODE_STATE=getMsg HTTP/1.1" 200 27
117.185.32.26 - - [23/Jun/2020:10:55:14 +0800] "POST /xingrg/kc/buy/cgsh_list_operate.html HTTP/1.1" 200 876
114.89.80.44 - - [23/Jun/2020:10:55:15 +0800] "POST /xingrg/kc/mdqp/pssh_list_operate.html HTTP/1.1" 200 261
120.253.135.82 - - [23/Jun/2020:10:55:15 +0800] "GET /xingrg/all/function/internal_message.html?_=1592880996964&CODE_STATE=getMsg HTTP/1.1" 200 27
114.89.80.44 - - [23/Jun/2020:10:55:15 +0800] "GET /xingrg/kc/mdqp/pssh_order_info.html?code=312020062200520 HTTP/1.1" 200 17303
114.89.80.44 - - [23/Jun/2020:10:55:15 +0800] "GET /xingrg/javascript/jquery_tools/jquery-1.4.2.min.js HTTP/1.1" 404 1094
114.89.80.44 - - [23/Jun/2020:10:55:16 +0800] "GET /xingrg/all/common/auto_word.html?type=base&rest_code=00151&rest_code=00151 HTTP/1.1" 200 1315
114.89.80.44 - - [23/Jun/2020:10:55:16 +0800] "GET /xingrg/javascript/easyui/themes/default/validatebox.css HTTP/1.1" 404 1104
114.89.80.44 - - [23/Jun/2020:10:55:16 +0800] "POST /xingrg/kc/mdqp/pssh_order_operate.html HTTP/1.1" 200 540
117.184.7.30 - - [23/Jun/2020:10:55:17 +0800] "GET /xingrg/all/function/internal_message.html?_=1592880912459&CODE_STATE=getMsg HTTP/1.1" 200 27
114.86.190.97 - - [23/Jun/2020:10:55:17 +0800] "GET /xingrg/all/function/internal_message.html?_=1592880918052&CODE_STATE=getMsg HTTP/1.1" 200 27
114.88.170.9 - - [23/Jun/2020:10:55:17 +0800] "GET /xingrg/javascript/auto/indicator.gif HTTP/1.1" 404 1066
114.88.170.9 - - [23/Jun/2020:10:55:18 +0800] "GET /xingrg/javascript/jquery_tools/images/prev.gif HTTP/1.1" 404 1086
114.88.170.9 - - [23/Jun/2020:10:55:18 +0800] "GET /xingrg/javascript/jquery_tools/images/next.gif HTTP/1.1" 404 1086
114.89.80.44 - - [23/Jun/2020:10:55:18 +0800] "POST /xingrg/all/common/load_combo.html?type=employee HTTP/1.1" 200 444
117.185.32.26 - - [23/Jun/2020:10:55:19 +0800] "POST /xingrg/kc/buy/cgsh_list_operate.html HTTP/1.1" 200 5958
114.88.170.9 - - [23/Jun/2020:10:55:21 +0800] "GET /xingrg/kc/buy/cgsh_order_operate.html?command=get_materiel&rest_code=00111&code=00101001167&supplier_code=00100314&order_time=2020-06-23 HTTP/1.1" 200 419
222.69.138.225 - - [23/Jun/2020:10:55:21 +0800] "GET /xingrg/all/function/internal_message.html?_=1592880919283&CODE_STATE=getMsg HTTP/1.1" 200 27
117.185.32.26 - - [23/Jun/2020:10:55:22 +0800] "POST /xingrg/kc/buy/cgsh_list_operate.html HTTP/1.1" 200 350
117.185.32.26 - - [23/Jun/2020:10:55:23 +0800] "GET /xingrg/kc/buy/cgsh_order_info.html?code=212020062308996 HTTP/1.1" 200 54044
117.185.32.26 - - [23/Jun/2020:10:55:23 +0800] "GET /xingrg/javascript/easyui/themes/default/validatebox.css HTTP/1.1" 404 1104
117.185.32.26 - - [23/Jun/2020:10:55:24 +0800] "POST /xingrg/kc/buy/cgsh_order_operate.html HTTP/1.1" 200 1802
114.88.170.9 - - [23/Jun/2020:10:55:27 +0800] "POST /xingrg/kc/buy/cgsh_order_operate.html HTTP/1.1" 200 37
114.88.170.9 - - [23/Jun/2020:10:55:28 +0800] "POST /xingrg/kc/buy/cgsh_order_operate.html HTTP/1.1" 200 2666
114.89.80.44 - - [23/Jun/2020:10:55:29 +0800] "GET /xingrg/javascript/auto/indicator.gif HTTP/1.1" 404 1066
172.17.0.119 - - [23/Jun/2020:10:55:31 +0800] "GET /xingrg/login.html HTTP/1.1" 200 7636
172.17.0.119 - - [23/Jun/2020:10:55:31 +0800] "GET /xingrg/images/blue/jxLogo.png HTTP/1.1" 200 6156
172.17.0.119 - - [23/Jun/2020:10:55:32 +0800] "GET /xingrg/images/blue/login_bg.png HTTP/1.1" 200 22101
172.17.0.119 - - [23/Jun/2020:10:55:32 +0800] "GET /xingrg/images/blue/hj.png HTTP/1.1" 200 1014
172.17.0.119 - - [23/Jun/2020:10:55:32 +0800] "GET /xingrg/images/blue/srbg.png HTTP/1.1" 200 138
172.17.0.119 - - [23/Jun/2020:10:55:32 +0800] "GET /favicon.ico HTTP/1.1" 404 -
172.17.0.119 - - [23/Jun/2020:10:55:33 +0800] "POST /xingrg/login.do HTTP/1.1" 302 -
172.17.0.119 - - [23/Jun/2020:10:55:33 +0800] "GET /xingrg/index.html?sysBaseUrl=http%3A%2F%2F172.17.0.8%3A18081%2Fxingrg%2F&costTime=51×tamp=1592880933517 HTTP/1.1" 200 17448
172.17.0.119 - - [23/Jun/2020:10:55:33 +0800] "GET /xingrg/javascript/jquery_easy_ui/themes/default/easyui.css HTTP/1.1" 200 26500
172.17.0.119 - - [23/Jun/2020:10:55:33 +0800] "GET /xingrg/javascript/jquery_easy_ui/themes/icon.css HTTP/1.1" 200 3949
172.17.0.119 - - [23/Jun/2020:10:55:33 +0800] "GET /xingrg/css/form.css HTTP/1.1" 200 893
172.17.0.119 - - [23/Jun/2020:10:55:33 +0800] "GET /xingrg/javascript/jquery-1.4.2.min.js HTTP/1.1" 200 72205
172.17.0.119 - - [23/Jun/2020:10:55:33 +0800] "GET /xingrg/javascript/jquery_easy_ui/jquery.easyui.min.js HTTP/1.1" 200 213662
172.17.0.119 - - [23/Jun/2020:10:55:33 +0800] "GET /xingrg/javascript/jquery_easy_ui/easyui-lang-zh_CN.js HTTP/1.1" 200 1900
172.17.0.119 - - [23/Jun/2020:10:55:33 +0800] "GET /xingrg/javascript/jquery.form.js HTTP/1.1" 200 23110
172.17.0.119 - - [23/Jun/2020:10:55:33 +0800] "GET /xingrg/javascript/jquery.utils.js HTTP/1.1" 200 11805
172.17.0.119 - - [23/Jun/2020:10:55:33 +0800] "GET /xingrg/javascript/jquery.timers.js HTTP/1.1" 200 3532
172.17.0.119 - - [23/Jun/2020:10:55:33 +0800] "GET /favicon.ico HTTP/1.1" 404 -
172.17.0.119 - - [23/Jun/2020:10:55:33 +0800] "GET /xingrg/javascript/jquery_easy_ui/themes/icons/settle_new.png HTTP/1.1" 200 826
172.17.0.119 - - [23/Jun/2020:10:55:33 +0800] "GET /xingrg/images/blue/navBackgound.jpg HTTP/1.1" 200 12378
172.17.0.119 - - [23/Jun/2020:10:55:33 +0800] "POST /xingrg/all/common/load_tree.html?tree=area_rest_tree_json&manage=1 HTTP/1.1" 200 3088
172.17.0.119 - - [23/Jun/2020:10:55:33 +0800] "GET /xingrg/all/function/internal_message.html?_=1592880933569&CODE_STATE=count HTTP/1.1" 200 11
172.17.0.119 - - [23/Jun/2020:10:55:33 +0800] "GET /xingrg/check_reg.html?_=1592880933572 HTTP/1.1" 200 22
172.17.0.119 - - [23/Jun/2020:10:55:33 +0800] "GET /xingrg/images/blue/pingpu.png HTTP/1.1" 200 231
172.17.0.119 - - [23/Jun/2020:10:55:33 +0800] "GET /xingrg/javascript/jquery_easy_ui/themes/default/images/tabs_leftarrow.png HTTP/1.1" 200 389
172.17.0.119 - - [23/Jun/2020:10:55:33 +0800] "GET /xingrg/javascript/jquery_easy_ui/themes/default/images/tabs_rightarrow.png HTTP/1.1" 200 395
172.17.0.119 - - [23/Jun/2020:10:55:33 +0800] "GET /xingrg/javascript/jquery_easy_ui/themes/default/images/panel_tool_expand.gif HTTP/1.1" 200 247
172.17.0.119 - - [23/Jun/2020:10:55:33 +0800] "GET /xingrg/javascript/jquery_easy_ui/themes/default/images/panel_tool_collapse.gif HTTP/1.1" 200 246
172.17.0.119 - - [23/Jun/2020:10:55:33 +0800] "POST /xingrg/load_menu.html HTTP/1.1" 200 11529
172.17.0.119 - - [23/Jun/2020:10:55:34 +0800] "GET /xingrg/javascript/jquery_easy_ui/themes/default/images/tree_arrows.gif HTTP/1.1" 200 1043
172.17.0.119 - - [23/Jun/2020:10:55:34 +0800] "GET /xingrg/javascript/jquery_easy_ui/themes/default/images/tree_folder_open.gif HTTP/1.1" 200 956
172.17.0.119 - - [23/Jun/2020:10:55:34 +0800] "GET /xingrg/javascript/jquery_easy_ui/themes/icons/search_new.png HTTP/1.1" 200 586
172.17.0.119 - - [23/Jun/2020:10:55:34 +0800] "GET /xingrg/javascript/jquery_easy_ui/themes/icons/delivery_new.png HTTP/1.1" 200 700
172.17.0.119 - - [23/Jun/2020:10:55:34 +0800] "GET /xingrg/javascript/jquery_easy_ui/themes/icons/storage_new.png HTTP/1.1" 200 853
172.17.0.119 - - [23/Jun/2020:10:55:34 +0800] "GET /xingrg/javascript/jquery_easy_ui/themes/icons/checkout_new.png HTTP/1.1" 200 744
172.17.0.119 - - [23/Jun/2020:10:55:34 +0800] "GET /xingrg/javascript/jquery_easy_ui/themes/icons/forms_new.png HTTP/1.1" 200 350
172.17.0.119 - - [23/Jun/2020:10:55:34 +0800] "GET /xingrg/javascript/jquery_easy_ui/themes/icons/setting_new.png HTTP/1.1" 200 450
172.17.0.119 - - [23/Jun/2020:10:55:34 +0800] "GET /xingrg/javascript/jquery_easy_ui/themes/icons/systemset_new.png HTTP/1.1" 200 606
172.17.0.119 - - [23/Jun/2020:10:55:34 +0800] "GET /xingrg/javascript/jquery_easy_ui/themes/default/images/tree_file.gif HTTP/1.1" 200 118
172.17.0.119 - - [23/Jun/2020:10:55:34 +0800] "GET /xingrg/javascript/jquery_easy_ui/themes/default/images/tree_folder.gif HTTP/1.1" 200 952
114.88.170.9 - - [23/Jun/2020:10:55:34 +0800] "GET /xingrg/kc/print/load_config.html?kc_code=cgsh HTTP/1.1" 200 1845
114.84.151.157 - - [23/Jun/2020:10:55:35 +0800] "POST /xingrg/kc/buy/cgsh_order_operate.html HTTP/1.1" 200 37
114.88.170.9 - - [23/Jun/2020:10:55:35 +0800] "GET /xingrg/kc/print/load_data.html?order_code=212020062308997&kc_code=cgsh&condition= HTTP/1.1" 200 680
114.89.80.44 - - [23/Jun/2020:10:55:36 +0800] "POST /xingrg/kc/mdqp/pssh_order_operate.html HTTP/1.1" 200 37
114.84.151.157 - - [23/Jun/2020:10:55:36 +0800] "POST /xingrg/kc/buy/cgsh_order_operate.html HTTP/1.1" 200 12
114.89.80.44 - - [23/Jun/2020:10:55:36 +0800] "POST /xingrg/kc/mdqp/pssh_order_operate.html HTTP/1.1" 200 12
172.17.0.119 - - [23/Jun/2020:10:55:37 +0800] "POST /xingrg/load_menu.html HTTP/1.1" 200 10208
114.84.151.157 - - [23/Jun/2020:10:55:37 +0800] "GET /xingrg/kc/buy/cgsh_order_info.html?code=212020062308998 HTTP/1.1" 200 54050
114.84.151.157 - - [23/Jun/2020:10:55:38 +0800] "GET /xingrg/javascript/easyui/themes/default/validatebox.css HTTP/1.1" 404 1104
114.84.151.157 - - [23/Jun/2020:10:55:38 +0800] "POST /xingrg/kc/buy/cgsh_order_operate.html HTTP/1.1" 200 7756
114.89.80.44 - - [23/Jun/2020:10:55:38 +0800] "GET /xingrg/kc/mdqp/pssh_order_info.html?code=312020062200520 HTTP/1.1" 200 14386
114.89.80.44 - - [23/Jun/2020:10:55:38 +0800] "GET /xingrg/javascript/jquery_tools/jquery-1.4.2.min.js HTTP/1.1" 404 1094
172.17.0.119 - - [23/Jun/2020:10:55:38 +0800] "GET /xingrg/all/report/report_query.html?fileName=dma/new_5.0/menu/menu_category_hz.xml HTTP/1.1" 200 52989
172.17.0.119 - - [23/Jun/2020:10:55:38 +0800] "GET /xingrg/javascript/jquery_easy_ui/themes/default/images/tabs_close.gif HTTP/1.1" 200 829
172.17.0.119 - - [23/Jun/2020:10:55:38 +0800] "GET /xingrg/css/blue.css HTTP/1.1" 200 15949
172.17.0.119 - - [23/Jun/2020:10:55:38 +0800] "GET /xingrg/javascript/multi_select/jqueryMultiSelect.css HTTP/1.1" 200 951
172.17.0.119 - - [23/Jun/2020:10:55:38 +0800] "GET /xingrg/javascript/calendar/timePicker.css HTTP/1.1" 200 523
172.17.0.119 - - [23/Jun/2020:10:55:38 +0800] "GET /xingrg/javascript/bigrid/fix.css HTTP/1.1" 200 1702
172.17.0.119 - - [23/Jun/2020:10:55:38 +0800] "GET /xingrg/javascript/pic_change.js HTTP/1.1" 200 4739
172.17.0.119 - - [23/Jun/2020:10:55:38 +0800] "GET /xingrg/dwr/interface/AjaxReportQueryService.js HTTP/1.1" 200 13203
172.17.0.119 - - [23/Jun/2020:10:55:38 +0800] "GET /xingrg/dwr/engine.js HTTP/1.1" 200 43631
172.17.0.119 - - [23/Jun/2020:10:55:38 +0800] "GET /xingrg/dwr/util.js HTTP/1.1" 200 35990
114.89.80.44 - - [23/Jun/2020:10:55:38 +0800] "POST /xingrg/kc/mdqp/pssh_order_operate.html HTTP/1.1" 200 540
172.17.0.119 - - [23/Jun/2020:10:55:38 +0800] "GET /xingrg/javascript/myfunction.js HTTP/1.1" 200 24559
114.89.80.44 - - [23/Jun/2020:10:55:38 +0800] "GET /xingrg/javascript/easyui/themes/default/validatebox.css HTTP/1.1" 404 1104
172.17.0.119 - - [23/Jun/2020:10:55:38 +0800] "GET /xingrg/javascript/jqueryMultiSelect.js HTTP/1.1" 200 11866
172.17.0.119 - - [23/Jun/2020:10:55:38 +0800] "GET /xingrg/javascript/Calendar.js HTTP/1.1" 200 31561
172.17.0.119 - - [23/Jun/2020:10:55:38 +0800] "GET /xingrg/javascript/calendar/jquery.timePicker.min.js HTTP/1.1" 200 2997
172.17.0.119 - - [23/Jun/2020:10:55:38 +0800] "GET /xingrg/javascript/bigrid/fix.js HTTP/1.1" 200 6439
172.17.0.119 - - [23/Jun/2020:10:55:38 +0800] "GET /xingrg/images/control/loading.gif HTTP/1.1" 200 13463
