114.86.190.97 - - [23/Jun/2020:08:51:11 +0800] "GET /xingrg/kc/buy/cgsh_order_operate.html?command=get_materiel&rest_code=00148&code=00101007061&supplier_code=00100004&order_time=2020-06-23 HTTP/1.1" 200 409
120.253.135.82 - - [23/Jun/2020:08:51:11 +0800] "POST /xingrg/kc/pszx/mdps_list_operate.html HTTP/1.1" 200 203
120.253.135.82 - - [23/Jun/2020:08:51:12 +0800] "POST /xingrg/kc/pszx/mdps_list_operate.html HTTP/1.1" 200 319
120.253.135.82 - - [23/Jun/2020:08:51:13 +0800] "GET /xingrg/all/function/internal_message.html?_=1592873554900&CODE_STATE=getMsg HTTP/1.1" 200 27
120.253.135.82 - - [23/Jun/2020:08:51:13 +0800] "GET /xingrg/kc/pszx/mdps_order_info.html?code=312020062200526 HTTP/1.1" 200 23849
120.253.135.82 - - [23/Jun/2020:08:51:13 +0800] "GET /xingrg/javascript/jquery_tools/order_manager.js HTTP/1.1" 304 -
120.253.135.82 - - [23/Jun/2020:08:51:13 +0800] "GET /xingrg/javascript/convert.js HTTP/1.1" 304 -
120.253.135.82 - - [23/Jun/2020:08:51:13 +0800] "GET /xingrg/javascript/print/kc_print.js HTTP/1.1" 304 -
120.253.135.82 - - [23/Jun/2020:08:51:13 +0800] "GET /xingrg/words/20200622165413_words.js HTTP/1.1" 304 -
120.253.135.82 - - [23/Jun/2020:08:51:13 +0800] "GET /xingrg/javascript/easyui/themes/icons/copy_new.png HTTP/1.1" 304 -
120.253.135.82 - - [23/Jun/2020:08:51:13 +0800] "GET /xingrg/javascript/easyui/themes/icons/print.png HTTP/1.1" 304 -
120.253.135.82 - - [23/Jun/2020:08:51:13 +0800] "GET /xingrg/javascript/easyui/themes/icons/ok.png HTTP/1.1" 304 -
120.253.135.82 - - [23/Jun/2020:08:51:13 +0800] "GET /xingrg/javascript/easyui/themes/default/images/menu_downarrow.png HTTP/1.1" 304 -
120.253.135.82 - - [23/Jun/2020:08:51:13 +0800] "GET /xingrg/javascript/easyui/themes/icons/cancel.png HTTP/1.1" 304 -
120.253.135.82 - - [23/Jun/2020:08:51:14 +0800] "GET /xingrg/all/common/auto_word.html?type=base&rest_code=00101 HTTP/1.1" 200 513
120.253.135.82 - - [23/Jun/2020:08:51:14 +0800] "POST /xingrg/kc/pszx/mdps_order_operate.html HTTP/1.1" 200 2827
120.253.135.82 - - [23/Jun/2020:08:51:14 +0800] "GET /xingrg/javascript/easyui/themes/icons/edit_remove.png HTTP/1.1" 304 -
120.253.135.82 - - [23/Jun/2020:08:51:14 +0800] "GET /xingrg/javascript/easyui/themes/default/validatebox.css HTTP/1.1" 404 1104
120.253.135.82 - - [23/Jun/2020:08:51:14 +0800] "GET /xingrg/javascript/easyui/plugins/jquery.validatebox.js HTTP/1.1" 304 -
120.253.135.82 - - [23/Jun/2020:08:51:14 +0800] "GET /xingrg/javascript/easyui/plugins/jquery.numberbox.js HTTP/1.1" 304 -
120.253.135.82 - - [23/Jun/2020:08:51:14 +0800] "GET /xingrg/javascript/easyui/themes/default/images/button_plain_hover.png HTTP/1.1" 304 -
120.253.135.82 - - [23/Jun/2020:08:51:15 +0800] "GET /xingrg/kc/print/load_config.html?kc_code=mdps HTTP/1.1" 200 2396
120.253.135.82 - - [23/Jun/2020:08:51:15 +0800] "GET /xingrg/kc/print/load_data.html?order_code=312020062200526&kc_code=mdps&condition= HTTP/1.1" 200 955
114.86.190.97 - - [23/Jun/2020:08:51:16 +0800] "GET /xingrg/kc/buy/cgsh_order_operate.html?command=get_materiel&rest_code=00148&code=00101007038&supplier_code=00100004&order_time=2020-06-23 HTTP/1.1" 200 441
222.69.138.225 - - [23/Jun/2020:08:51:17 +0800] "GET /xingrg/kc/buy/cgsh_order_operate.html?command=get_materiel&rest_code=00149&code=00101008261&supplier_code=00100005&order_time=2020-06-23 HTTP/1.1" 200 408
114.86.190.97 - - [23/Jun/2020:08:51:21 +0800] "POST /xingrg/kc/buy/cgsh_order_operate.html HTTP/1.1" 200 37
222.69.138.225 - - [23/Jun/2020:08:51:23 +0800] "GET /xingrg/all/function/internal_message.html?_=1592873480836&CODE_STATE=getMsg HTTP/1.1" 200 27
114.88.170.9 - - [23/Jun/2020:08:51:24 +0800] "GET /xingrg/check_reg.html?_=1592873481653 HTTP/1.1" 200 22
114.86.190.97 - - [23/Jun/2020:08:51:25 +0800] "POST /xingrg/kc/buy/cgsh_order_operate.html HTTP/1.1" 200 4422
114.86.190.97 - - [23/Jun/2020:08:51:25 +0800] "GET /xingrg/check_reg.html?_=1592873486396 HTTP/1.1" 200 22
222.69.138.225 - - [23/Jun/2020:08:51:27 +0800] "GET /xingrg/kc/buy/cgsh_order_operate.html?command=get_materiel&rest_code=00149&code=00101008257&supplier_code=00100005&order_time=2020-06-23 HTTP/1.1" 200 416
114.86.190.97 - - [23/Jun/2020:08:51:29 +0800] "GET /xingrg/kc/buy/cgsh_order_operate.html?command=get_materiel&rest_code=00148&code=00101007059&supplier_code=00100004&order_time=2020-06-23 HTTP/1.1" 200 409
61.172.5.115 - - [23/Jun/2020:08:51:30 +0800] "GET /xingrg/all/function/internal_message.html?_=1592873489408&CODE_STATE=getMsg HTTP/1.1" 200 27
114.86.190.97 - - [23/Jun/2020:08:51:31 +0800] "GET /xingrg/all/function/internal_message.html?_=1592873492461&CODE_STATE=getMsg HTTP/1.1" 200 27
222.69.138.225 - - [23/Jun/2020:08:51:35 +0800] "GET /xingrg/kc/buy/cgsh_order_operate.html?command=get_materiel&rest_code=00149&code=00101008132&supplier_code=00100005&order_time=2020-06-23 HTTP/1.1" 200 408
114.86.190.97 - - [23/Jun/2020:08:51:37 +0800] "GET /xingrg/kc/buy/cgsh_order_operate.html?command=get_materiel&rest_code=00148&code=00101010287&supplier_code=00100004&order_time=2020-06-23 HTTP/1.1" 200 409
114.88.170.9 - - [23/Jun/2020:08:51:39 +0800] "GET /xingrg/all/function/internal_message.html?_=1592873496080&CODE_STATE=getMsg HTTP/1.1" 200 27
114.89.80.44 - - [23/Jun/2020:08:51:39 +0800] "GET /xingrg/all/function/internal_message.html?_=1592873498693&CODE_STATE=getMsg HTTP/1.1" 200 27
114.86.190.97 - - [23/Jun/2020:08:51:40 +0800] "POST /xingrg/kc/buy/cgsh_order_operate.html HTTP/1.1" 200 37
114.86.190.97 - - [23/Jun/2020:08:51:41 +0800] "POST /xingrg/kc/buy/cgsh_order_operate.html HTTP/1.1" 200 5599
120.253.135.82 - - [23/Jun/2020:08:51:42 +0800] "GET /xingrg/all/function/internal_message.html?_=1592873256412&CODE_STATE=getMsg HTTP/1.1" 200 27
114.86.190.97 - - [23/Jun/2020:08:51:44 +0800] "POST /xingrg/kc/buy/cgsh_list_operate.html HTTP/1.1" 200 2411
101.228.167.227 - - [23/Jun/2020:08:51:44 +0800] "GET /xingrg/all/function/internal_message.html?_=1592873509154&CODE_STATE=getMsg HTTP/1.1" 200 27
114.86.190.97 - - [23/Jun/2020:08:51:46 +0800] "POST /xingrg/kc/buy/cgsh_list_operate.html HTTP/1.1" 200 2411
114.86.190.97 - - [23/Jun/2020:08:51:48 +0800] "GET /xingrg/kc/buy/cgsh_order_add.html HTTP/1.1" 200 59086
114.86.190.97 - - [23/Jun/2020:08:51:49 +0800] "POST /xingrg/kc/buy/cgsh_order_operate.html HTTP/1.1" 200 8245
222.69.138.225 - - [23/Jun/2020:08:51:49 +0800] "GET /xingrg/kc/buy/cgsh_order_operate.html?command=get_materiel&rest_code=00149&code=00101008156&supplier_code=00100005&order_time=2020-06-23 HTTP/1.1" 200 414
114.86.190.97 - - [23/Jun/2020:08:51:49 +0800] "GET /xingrg/javascript/easyui/themes/default/validatebox.css HTTP/1.1" 404 1104
114.88.170.9 - - [23/Jun/2020:08:51:52 +0800] "GET /xingrg/check_reg.html?_=1592873526204 HTTP/1.1" 200 22
114.88.170.9 - - [23/Jun/2020:08:51:52 +0800] "GET /xingrg/all/function/internal_message.html?_=1592873526207&CODE_STATE=getMsg HTTP/1.1" 200 27
114.86.190.97 - - [23/Jun/2020:08:51:55 +0800] "GET /xingrg/kc/buy/cgsh_order_operate.html?command=get_materiel&rest_code=00148&code=00101015038&supplier_code=00100059&order_time=2020-06-23 HTTP/1.1" 200 419
172.17.0.240 - - [23/Jun/2020:08:51:56 +0800] "GET /xingrg/all/function/internal_message.html?_=1592873514684&CODE_STATE=getMsg HTTP/1.1" 200 27
172.17.0.240 - - [23/Jun/2020:08:51:56 +0800] "GET /xingrg/check_reg.html?_=1592873514686 HTTP/1.1" 200 22
114.84.151.157 - - [23/Jun/2020:08:51:58 +0800] "GET /xingrg/check_reg.html?_=1592873522093 HTTP/1.1" 200 22
114.89.80.44 - - [23/Jun/2020:08:51:58 +0800] "GET /xingrg/all/function/internal_message.html?_=1592873642704&CODE_STATE=getMsg HTTP/1.1" 200 27
120.253.135.82 - - [23/Jun/2020:08:51:59 +0800] "GET /xingrg/kc/base/wldb_order_list.html HTTP/1.1" 200 19510
120.253.135.82 - - [23/Jun/2020:08:51:59 +0800] "POST /xingrg/kc/base/wldb_list_operate.html HTTP/1.1" 200 1773
222.69.138.225 - - [23/Jun/2020:08:52:00 +0800] "GET /xingrg/kc/buy/cgsh_order_operate.html?command=get_materiel&rest_code=00149&code=00101008331&supplier_code=00100005&order_time=2020-06-23 HTTP/1.1" 200 416
120.253.135.82 - - [23/Jun/2020:08:52:01 +0800] "POST /xingrg/kc/base/wldb_list_operate.html HTTP/1.1" 200 204
120.253.135.82 - - [23/Jun/2020:08:52:01 +0800] "GET /xingrg/kc/base/wldb_order_info.html?code=422020062302477 HTTP/1.1" 200 30331
120.253.135.82 - - [23/Jun/2020:08:52:01 +0800] "GET /xingrg/javascript/easyui/themes/icons/template_new.png HTTP/1.1" 304 -
120.253.135.82 - - [23/Jun/2020:08:52:02 +0800] "GET /xingrg/javascript/easyui/themes/default/validatebox.css HTTP/1.1" 404 1104
120.253.135.82 - - [23/Jun/2020:08:52:02 +0800] "POST /xingrg/kc/base/wldb_order_operate.html HTTP/1.1" 200 2195
114.86.190.97 - - [23/Jun/2020:08:52:03 +0800] "GET /xingrg/kc/buy/cgsh_order_operate.html?command=get_materiel&rest_code=00148&code=00101008284&supplier_code=00100059&order_time=2020-06-23 HTTP/1.1" 200 413
114.84.151.157 - - [23/Jun/2020:08:52:03 +0800] "GET /xingrg/all/function/internal_message.html?_=1592873526687&CODE_STATE=getMsg HTTP/1.1" 200 27
180.175.214.200 - - [23/Jun/2020:08:52:04 +0800] "GET /xingrg/all/function/internal_message.html?_=1592873727880&CODE_STATE=getMsg HTTP/1.1" 200 27
114.86.190.97 - - [23/Jun/2020:08:52:06 +0800] "POST /xingrg/kc/buy/cgsh_order_operate.html HTTP/1.1" 200 37
101.228.167.227 - - [23/Jun/2020:08:52:07 +0800] "GET /xingrg/all/function/internal_message.html?_=1592873530908&CODE_STATE=getMsg HTTP/1.1" 200 27
114.86.190.97 - - [23/Jun/2020:08:52:07 +0800] "POST /xingrg/kc/buy/cgsh_order_operate.html HTTP/1.1" 200 3253
120.253.135.82 - - [23/Jun/2020:08:52:08 +0800] "POST /xingrg/kc/base/wldb_list_operate.html HTTP/1.1" 200 1773
120.253.135.82 - - [23/Jun/2020:08:52:09 +0800] "GET /xingrg/kc/base/wldb_order_add.html HTTP/1.1" 200 30316
120.253.135.82 - - [23/Jun/2020:08:52:09 +0800] "POST /xingrg/kc/base/wldb_order_operate.html HTTP/1.1" 200 6806
120.253.135.82 - - [23/Jun/2020:08:52:09 +0800] "GET /xingrg/javascript/easyui/themes/default/validatebox.css HTTP/1.1" 404 1104
114.86.190.97 - - [23/Jun/2020:08:52:10 +0800] "POST /xingrg/kc/buy/cgsh_list_operate.html HTTP/1.1" 200 2771
114.86.190.97 - - [23/Jun/2020:08:52:12 +0800] "POST /xingrg/kc/buy/cgsh_list_operate.html HTTP/1.1" 200 2771
120.253.135.82 - - [23/Jun/2020:08:52:13 +0800] "GET /xingrg/check_reg.html?_=1592873614630 HTTP/1.1" 200 22
114.86.190.97 - - [23/Jun/2020:08:52:13 +0800] "GET /xingrg/kc/buy/cgsh_order_add.html HTTP/1.1" 200 59086
120.253.135.82 - - [23/Jun/2020:08:52:13 +0800] "GET /xingrg/all/function/internal_message.html?_=1592873614912&CODE_STATE=getMsg HTTP/1.1" 200 27
114.86.190.97 - - [23/Jun/2020:08:52:13 +0800] "GET /xingrg/javascript/easyui/themes/default/validatebox.css HTTP/1.1" 404 1104
114.86.190.97 - - [23/Jun/2020:08:52:14 +0800] "POST /xingrg/kc/buy/cgsh_order_operate.html HTTP/1.1" 200 8245
101.228.167.227 - - [23/Jun/2020:08:52:14 +0800] "GET /xingrg/check_reg.html?_=1592873539018 HTTP/1.1" 200 22
120.253.135.82 - - [23/Jun/2020:08:52:15 +0800] "GET /xingrg/css/images/panel_loading.gif HTTP/1.1" 304 -
120.253.135.82 - - [23/Jun/2020:08:52:15 +0800] "POST /xingrg/all/common/load_combo.html?type=base HTTP/1.1" 200 899
116.230.77.149 - - [23/Jun/2020:08:52:16 +0800] "POST /xingrg/services/DataTransmitService HTTP/1.1" 200 524
116.230.77.149 - - [23/Jun/2020:08:52:16 +0800] "POST /xingrg/services/DataTransmitService HTTP/1.1" 200 501
222.69.138.225 - - [23/Jun/2020:08:52:23 +0800] "GET /xingrg/all/function/internal_message.html?_=1592873540823&CODE_STATE=getMsg HTTP/1.1" 200 27
114.86.190.97 - - [23/Jun/2020:08:52:23 +0800] "GET /xingrg/kc/buy/cgsh_order_operate.html?command=get_materiel&rest_code=00148&code=00101012051&supplier_code=00100036&order_time=2020-06-23 HTTP/1.1" 200 408
222.69.138.225 - - [23/Jun/2020:08:52:25 +0800] "GET /xingrg/kc/buy/cgsh_order_operate.html?command=get_materiel&rest_code=00149&code=00101008350&supplier_code=00100005&order_time=2020-06-23 HTTP/1.1" 200 408
61.172.5.115 - - [23/Jun/2020:08:52:30 +0800] "GET /xingrg/all/function/internal_message.html?_=1592873549407&CODE_STATE=getMsg HTTP/1.1" 200 27
114.86.190.97 - - [23/Jun/2020:08:52:32 +0800] "GET /xingrg/all/function/internal_message.html?_=1592873552728&CODE_STATE=getMsg HTTP/1.1" 200 27
114.86.190.97 - - [23/Jun/2020:08:52:38 +0800] "GET /xingrg/kc/buy/cgsh_order_operate.html?command=get_materiel&rest_code=00148&code=00101018016&supplier_code=00100036&order_time=2020-06-23 HTTP/1.1" 200 417
114.88.170.9 - - [23/Jun/2020:08:52:39 +0800] "GET /xingrg/all/function/internal_message.html?_=1592873556096&CODE_STATE=getMsg HTTP/1.1" 200 27
222.69.138.225 - - [23/Jun/2020:08:52:39 +0800] "GET /xingrg/kc/buy/cgsh_order_operate.html?command=get_materiel&rest_code=00149&code=00101008112&supplier_code=00100005&order_time=2020-06-23 HTTP/1.1" 200 412
114.89.80.44 - - [23/Jun/2020:08:52:39 +0800] "GET /xingrg/all/function/internal_message.html?_=1592873558689&CODE_STATE=getMsg HTTP/1.1" 200 27
120.253.135.82 - - [23/Jun/2020:08:52:42 +0800] "GET /xingrg/all/function/internal_message.html?_=1592873316467&CODE_STATE=getMsg HTTP/1.1" 200 27
101.228.167.227 - - [23/Jun/2020:08:52:44 +0800] "GET /xingrg/all/function/internal_message.html?_=1592873569169&CODE_STATE=getMsg HTTP/1.1" 200 27
120.253.135.82 - - [23/Jun/2020:08:52:47 +0800] "GET /xingrg/kc/base/wldb_order_operate.html?command=get_materiel&rest_code=00101&base_code=0010246&code=00101033008 HTTP/1.1" 200 423
222.69.138.225 - - [23/Jun/2020:08:52:50 +0800] "GET /xingrg/kc/buy/cgsh_order_operate.html?command=get_materiel&rest_code=00149&code=00101008244&supplier_code=00100005&order_time=2020-06-23 HTTP/1.1" 200 408
114.86.190.97 - - [23/Jun/2020:08:52:50 +0800] "GET /xingrg/kc/buy/cgsh_order_operate.html?command=get_materiel&rest_code=00148&code=00101012025&supplier_code=00100036&order_time=2020-06-23 HTTP/1.1" 200 412
114.88.170.9 - - [23/Jun/2020:08:52:52 +0800] "GET /xingrg/all/function/internal_message.html?_=1592873586207&CODE_STATE=getMsg HTTP/1.1" 200 27
172.17.0.240 - - [23/Jun/2020:08:52:56 +0800] "GET /xingrg/all/function/internal_message.html?_=1592873574671&CODE_STATE=getMsg HTTP/1.1" 200 27
114.86.190.97 - - [23/Jun/2020:08:52:56 +0800] "GET /xingrg/kc/buy/cgsh_order_operate.html?command=get_materiel&rest_code=00148&code=00101016053&supplier_code=00100036&order_time=2020-06-23 HTTP/1.1" 200 408
120.253.135.82 - - [23/Jun/2020:08:52:57 +0800] "POST /xingrg/kc/base/wldb_order_operate.html HTTP/1.1" 200 37
120.253.135.82 - - [23/Jun/2020:08:52:57 +0800] "POST /xingrg/kc/base/wldb_order_operate.html HTTP/1.1" 200 2186
120.253.135.82 - - [23/Jun/2020:08:52:57 +0800] "GET /xingrg/kc/base/wldb_order_info.html?code=422020062302478 HTTP/1.1" 200 30327
120.253.135.82 - - [23/Jun/2020:08:52:58 +0800] "GET /xingrg/javascript/easyui/themes/default/validatebox.css HTTP/1.1" 404 1104
120.253.135.82 - - [23/Jun/2020:08:52:58 +0800] "POST /xingrg/kc/base/wldb_order_operate.html HTTP/1.1" 200 2186
114.89.80.44 - - [23/Jun/2020:08:52:59 +0800] "GET /xingrg/all/function/internal_message.html?_=1592873702727&CODE_STATE=getMsg HTTP/1.1" 200 27
120.253.135.82 - - [23/Jun/2020:08:53:00 +0800] "GET /xingrg/kc/print/load_config.html?kc_code=wldb HTTP/1.1" 200 2173
120.253.135.82 - - [23/Jun/2020:08:53:00 +0800] "GET /xingrg/kc/print/load_data.html?order_code=422020062302478&kc_code=wldb&condition= HTTP/1.1" 200 514
114.84.151.157 - - [23/Jun/2020:08:53:03 +0800] "GET /xingrg/all/function/internal_message.html?_=1592873586668&CODE_STATE=getMsg HTTP/1.1" 200 27
222.69.138.225 - - [23/Jun/2020:08:53:04 +0800] "GET /xingrg/kc/buy/cgsh_order_operate.html?command=get_materiel&rest_code=00149&code=00101008185&supplier_code=00100005&order_time=2020-06-23 HTTP/1.1" 200 408
180.175.214.200 - - [23/Jun/2020:08:53:04 +0800] "GET /xingrg/all/function/internal_message.html?_=1592873788580&CODE_STATE=getMsg HTTP/1.1" 200 27
101.228.167.227 - - [23/Jun/2020:08:53:07 +0800] "GET /xingrg/all/function/internal_message.html?_=1592873590922&CODE_STATE=getMsg HTTP/1.1" 200 27
114.86.190.97 - - [23/Jun/2020:08:53:07 +0800] "GET /xingrg/kc/buy/cgsh_order_operate.html?command=get_materiel&rest_code=00148&code=00101016105&supplier_code=00100036&order_time=2020-06-23 HTTP/1.1" 200 409
222.69.138.225 - - [23/Jun/2020:08:53:12 +0800] "GET /xingrg/kc/buy/cgsh_order_operate.html?command=get_materiel&rest_code=00149&code=00101008163&supplier_code=00100005&order_time=2020-06-23 HTTP/1.1" 200 408
120.253.135.82 - - [23/Jun/2020:08:53:13 +0800] "GET /xingrg/all/function/internal_message.html?_=1592873674927&CODE_STATE=getMsg HTTP/1.1" 200 27
222.69.138.225 - - [23/Jun/2020:08:53:17 +0800] "GET /xingrg/kc/buy/cgsh_order_operate.html?command=get_materiel&rest_code=00149&code=00101008224&supplier_code=00100005&order_time=2020-06-23 HTTP/1.1" 200 416
114.86.190.97 - - [23/Jun/2020:08:53:22 +0800] "GET /xingrg/kc/buy/cgsh_order_operate.html?command=get_materiel&rest_code=00148&code=00101006161&supplier_code=00100036&order_time=2020-06-23 HTTP/1.1" 200 409
222.69.138.225 - - [23/Jun/2020:08:53:23 +0800] "GET /xingrg/all/function/internal_message.html?_=1592873600821&CODE_STATE=getMsg HTTP/1.1" 200 27
61.172.5.115 - - [23/Jun/2020:08:53:30 +0800] "GET /xingrg/all/function/internal_message.html?_=1592873609406&CODE_STATE=getMsg HTTP/1.1" 200 27
222.69.138.225 - - [23/Jun/2020:08:53:30 +0800] "GET /xingrg/kc/buy/cgsh_order_operate.html?command=get_materiel&rest_code=00149&code=00101008082&supplier_code=00100005&order_time=2020-06-23 HTTP/1.1" 200 422
114.86.190.97 - - [23/Jun/2020:08:53:32 +0800] "GET /xingrg/all/function/internal_message.html?_=1592873612712&CODE_STATE=getMsg HTTP/1.1" 200 27
222.69.138.225 - - [23/Jun/2020:08:53:35 +0800] "GET /xingrg/kc/buy/cgsh_order_operate.html?command=get_materiel&rest_code=00149&code=00101008087&supplier_code=00100005&order_time=2020-06-23 HTTP/1.1" 200 412
114.88.170.9 - - [23/Jun/2020:08:53:39 +0800] "GET /xingrg/all/function/internal_message.html?_=1592873616123&CODE_STATE=getMsg HTTP/1.1" 200 27
114.89.80.44 - - [23/Jun/2020:08:53:39 +0800] "GET /xingrg/all/function/internal_message.html?_=1592873618679&CODE_STATE=getMsg HTTP/1.1" 200 27
120.253.135.82 - - [23/Jun/2020:08:53:42 +0800] "GET /xingrg/all/function/internal_message.html?_=1592873376495&CODE_STATE=getMsg HTTP/1.1" 200 27
114.89.80.44 - - [23/Jun/2020:08:53:44 +0800] "GET /xingrg/check_reg.html?_=1592873748425 HTTP/1.1" 200 22
101.228.167.227 - - [23/Jun/2020:08:53:44 +0800] "GET /xingrg/all/function/internal_message.html?_=1592873629183&CODE_STATE=getMsg HTTP/1.1" 200 27
222.69.138.225 - - [23/Jun/2020:08:53:47 +0800] "GET /xingrg/kc/buy/cgsh_order_operate.html?command=get_materiel&rest_code=00149&code=00101008148&supplier_code=00100005&order_time=2020-06-23 HTTP/1.1" 200 416
114.88.170.9 - - [23/Jun/2020:08:53:52 +0800] "GET /xingrg/all/function/internal_message.html?_=1592873646207&CODE_STATE=getMsg HTTP/1.1" 200 27
172.17.0.240 - - [23/Jun/2020:08:53:56 +0800] "GET /xingrg/all/function/internal_message.html?_=1592873634672&CODE_STATE=getMsg HTTP/1.1" 200 27
114.89.80.44 - - [23/Jun/2020:08:53:56 +0800] "GET /xingrg/check_reg.html?_=1592873635387 HTTP/1.1" 200 22
222.69.138.225 - - [23/Jun/2020:08:53:57 +0800] "GET /xingrg/kc/buy/cgsh_order_operate.html?command=get_materiel&rest_code=00149&code=00101008144&supplier_code=00100005&order_time=2020-06-23 HTTP/1.1" 200 412
114.89.80.44 - - [23/Jun/2020:08:53:59 +0800] "GET /xingrg/all/function/internal_message.html?_=1592873762731&CODE_STATE=getMsg HTTP/1.1" 200 27
222.69.138.225 - - [23/Jun/2020:08:53:59 +0800] "POST /xingrg/kc/buy/cgsh_order_operate.html HTTP/1.1" 200 2065
114.84.151.157 - - [23/Jun/2020:08:54:03 +0800] "GET /xingrg/all/function/internal_message.html?_=1592873646645&CODE_STATE=getMsg HTTP/1.1" 200 27
180.175.214.200 - - [23/Jun/2020:08:54:04 +0800] "GET /xingrg/all/function/internal_message.html?_=1592873848594&CODE_STATE=getMsg HTTP/1.1" 200 27
101.228.167.227 - - [23/Jun/2020:08:54:07 +0800] "GET /xingrg/all/function/internal_message.html?_=1592873650935&CODE_STATE=getMsg HTTP/1.1" 200 27
114.86.190.97 - - [23/Jun/2020:08:54:08 +0800] "POST /xingrg/kc/buy/cgsh_order_operate.html HTTP/1.1" 200 37
222.69.138.225 - - [23/Jun/2020:08:54:11 +0800] "GET /xingrg/kc/buy/cgsh_order_operate.html?command=get_materiel&rest_code=00149&code=00101008067&supplier_code=00100005&order_time=2020-06-23 HTTP/1.1" 200 416
120.253.135.82 - - [23/Jun/2020:08:54:13 +0800] "GET /xingrg/all/function/internal_message.html?_=1592873734941&CODE_STATE=getMsg HTTP/1.1" 200 27
222.69.138.225 - - [23/Jun/2020:08:54:23 +0800] "GET /xingrg/check_reg.html?_=1592873660774 HTTP/1.1" 200 22
222.69.138.225 - - [23/Jun/2020:08:54:23 +0800] "GET /xingrg/all/function/internal_message.html?_=1592873660843&CODE_STATE=getMsg HTTP/1.1" 200 27
222.69.138.225 - - [23/Jun/2020:08:54:28 +0800] "GET /xingrg/kc/buy/cgsh_order_operate.html?command=get_materiel&rest_code=00149&code=00101008264&supplier_code=00100005&order_time=2020-06-23 HTTP/1.1" 200 412
61.172.5.115 - - [23/Jun/2020:08:54:30 +0800] "GET /xingrg/all/function/internal_message.html?_=1592873669404&CODE_STATE=getMsg HTTP/1.1" 200 27
114.88.170.9 - - [23/Jun/2020:08:54:39 +0800] "GET /xingrg/all/function/internal_message.html?_=1592873676138&CODE_STATE=getMsg HTTP/1.1" 200 27
114.89.80.44 - - [23/Jun/2020:08:54:39 +0800] "GET /xingrg/all/function/internal_message.html?_=1592873678680&CODE_STATE=getMsg HTTP/1.1" 200 27
114.86.190.97 - - [23/Jun/2020:08:54:40 +0800] "POST /xingrg/kc/buy/cgsh_order_operate.html HTTP/1.1" 200 5599
222.69.138.225 - - [23/Jun/2020:08:54:41 +0800] "GET /xingrg/kc/buy/cgsh_order_operate.html?command=get_materiel&rest_code=00149&code=00101009030&supplier_code=00100005&order_time=2020-06-23 HTTP/1.1" 200 412
120.253.135.82 - - [23/Jun/2020:08:54:42 +0800] "GET /xingrg/check_reg.html?_=1592873436374 HTTP/1.1" 200 22
120.253.135.82 - - [23/Jun/2020:08:54:42 +0800] "GET /xingrg/all/function/internal_message.html?_=1592873436525&CODE_STATE=getMsg HTTP/1.1" 200 27
101.228.167.227 - - [23/Jun/2020:08:54:44 +0800] "GET /xingrg/all/function/internal_message.html?_=1592873689267&CODE_STATE=getMsg HTTP/1.1" 200 27
222.69.138.225 - - [23/Jun/2020:08:54:45 +0800] "POST /xingrg/kc/buy/cgsh_order_operate.html HTTP/1.1" 200 2065
222.69.138.225 - - [23/Jun/2020:08:54:49 +0800] "GET /xingrg/kc/buy/cgsh_order_operate.html?command=get_materiel&rest_code=00149&code=00101008356&supplier_code=00100005&order_time=2020-06-23 HTTP/1.1" 200 408
114.88.170.9 - - [23/Jun/2020:08:54:52 +0800] "GET /xingrg/all/function/internal_message.html?_=1592873706207&CODE_STATE=getMsg HTTP/1.1" 200 27
172.17.0.240 - - [23/Jun/2020:08:54:56 +0800] "GET /xingrg/all/function/internal_message.html?_=1592873694678&CODE_STATE=getMsg HTTP/1.1" 200 27
114.86.190.97 - - [23/Jun/2020:08:54:57 +0800] "POST /xingrg/kc/buy/cgsh_list_operate.html HTTP/1.1" 200 3135
114.86.190.97 - - [23/Jun/2020:08:54:58 +0800] "POST /xingrg/kc/buy/cgsh_list_operate.html HTTP/1.1" 200 3135
114.89.80.44 - - [23/Jun/2020:08:54:59 +0800] "GET /xingrg/all/function/internal_message.html?_=1592873822744&CODE_STATE=getMsg HTTP/1.1" 200 27
222.69.138.225 - - [23/Jun/2020:08:55:02 +0800] "GET /xingrg/kc/buy/cgsh_order_operate.html?command=get_materiel&rest_code=00149&code=00101008205&supplier_code=00100005&order_time=2020-06-23 HTTP/1.1" 200 412
114.84.151.157 - - [23/Jun/2020:08:55:03 +0800] "GET /xingrg/all/function/internal_message.html?_=1592873706621&CODE_STATE=getMsg HTTP/1.1" 200 27
180.175.214.200 - - [23/Jun/2020:08:55:05 +0800] "GET /xingrg/all/function/internal_message.html?_=1592873909390&CODE_STATE=getMsg HTTP/1.1" 200 27
101.228.167.227 - - [23/Jun/2020:08:55:07 +0800] "GET /xingrg/check_reg.html?_=1592873710706 HTTP/1.1" 200 22
101.228.167.227 - - [23/Jun/2020:08:55:07 +0800] "GET /xingrg/all/function/internal_message.html?_=1592873710948&CODE_STATE=getMsg HTTP/1.1" 200 27
120.253.135.82 - - [23/Jun/2020:08:55:13 +0800] "GET /xingrg/all/function/internal_message.html?_=1592873794966&CODE_STATE=getMsg HTTP/1.1" 200 27
222.69.138.225 - - [23/Jun/2020:08:55:14 +0800] "GET /xingrg/kc/buy/cgsh_order_operate.html?command=get_materiel&rest_code=00149&code=00101008137&supplier_code=00100005&order_time=2020-06-23 HTTP/1.1" 200 408
114.89.80.44 - - [23/Jun/2020:08:55:23 +0800] "GET /xingrg/kc/buy/cgsh_order_list.html HTTP/1.1" 200 43348
222.69.138.225 - - [23/Jun/2020:08:55:23 +0800] "GET /xingrg/all/function/internal_message.html?_=1592873720844&CODE_STATE=getMsg HTTP/1.1" 200 27
114.89.80.44 - - [23/Jun/2020:08:55:23 +0800] "POST /xingrg/kc/buy/cgsh_list_operate.html HTTP/1.1" 200 876
114.89.80.44 - - [23/Jun/2020:08:55:25 +0800] "GET /xingrg/kc/buy/cgsh_order_add.html HTTP/1.1" 200 59004
114.89.80.44 - - [23/Jun/2020:08:55:25 +0800] "GET /xingrg/words/20200622165413_words.js HTTP/1.1" 304 -
114.89.80.44 - - [23/Jun/2020:08:55:25 +0800] "POST /xingrg/kc/buy/cgsh_order_operate.html HTTP/1.1" 200 8245
114.89.80.44 - - [23/Jun/2020:08:55:25 +0800] "GET /xingrg/all/common/auto_word.html?type=employee&rest_code=00150 HTTP/1.1" 200 205
114.89.80.44 - - [23/Jun/2020:08:55:25 +0800] "GET /xingrg/all/common/auto_word.html?type=employee&rest_code=00150 HTTP/1.1" 200 205
114.89.80.44 - - [23/Jun/2020:08:55:25 +0800] "GET /xingrg/javascript/easyui/themes/default/validatebox.css HTTP/1.1" 404 1104
222.69.138.225 - - [23/Jun/2020:08:55:27 +0800] "POST /xingrg/kc/buy/cgsh_order_operate.html HTTP/1.1" 200 2065
61.172.5.115 - - [23/Jun/2020:08:55:30 +0800] "GET /xingrg/all/function/internal_message.html?_=1592873729405&CODE_STATE=getMsg HTTP/1.1" 200 27
61.172.5.115 - - [23/Jun/2020:08:55:30 +0800] "GET /xingrg/check_reg.html?_=1592873729408 HTTP/1.1" 200 22
222.69.138.225 - - [23/Jun/2020:08:55:31 +0800] "GET /xingrg/kc/buy/cgsh_order_operate.html?command=get_materiel&rest_code=00149&code=00101008223&supplier_code=00100005&order_time=2020-06-23 HTTP/1.1" 200 412
114.86.190.97 - - [23/Jun/2020:08:55:32 +0800] "GET /xingrg/all/function/internal_message.html?_=1592873732766&CODE_STATE=getMsg HTTP/1.1" 200 27
114.89.80.44 - - [23/Jun/2020:08:55:34 +0800] "GET /xingrg/kc/buy/cgsh_order_operate.html?command=get_materiel&rest_code=00150&code=00101015076&supplier_code=00100054&order_time=2020-06-23 HTTP/1.1" 200 416
114.88.170.9 - - [23/Jun/2020:08:55:39 +0800] "GET /xingrg/all/function/internal_message.html?_=1592873736167&CODE_STATE=getMsg HTTP/1.1" 200 27
114.89.80.44 - - [23/Jun/2020:08:55:39 +0800] "GET /xingrg/all/function/internal_message.html?_=1592873738651&CODE_STATE=getMsg HTTP/1.1" 200 27
120.253.135.82 - - [23/Jun/2020:08:55:42 +0800] "GET /xingrg/all/function/internal_message.html?_=1592873496528&CODE_STATE=getMsg HTTP/1.1" 200 27
101.228.167.227 - - [23/Jun/2020:08:55:44 +0800] "GET /xingrg/all/function/internal_message.html?_=1592873749272&CODE_STATE=getMsg HTTP/1.1" 200 27
114.89.80.44 - - [23/Jun/2020:08:55:49 +0800] "GET /xingrg/kc/buy/cgsh_order_operate.html?command=get_materiel&rest_code=00150&code=00101015053&supplier_code=00100054&order_time=2020-06-23 HTTP/1.1" 200 413
222.69.138.225 - - [23/Jun/2020:08:55:51 +0800] "GET /xingrg/kc/buy/cgsh_order_operate.html?command=get_materiel&rest_code=00149&code=00101008357&supplier_code=00100005&order_time=2020-06-23 HTTP/1.1" 200 408
114.88.170.9 - - [23/Jun/2020:08:55:52 +0800] "GET /xingrg/all/function/internal_message.html?_=1592873766208&CODE_STATE=getMsg HTTP/1.1" 200 27
172.17.0.240 - - [23/Jun/2020:08:55:56 +0800] "GET /xingrg/all/function/internal_message.html?_=1592873754680&CODE_STATE=getMsg HTTP/1.1" 200 27
114.89.80.44 - - [23/Jun/2020:08:55:59 +0800] "GET /xingrg/all/function/internal_message.html?_=1592873882773&CODE_STATE=getMsg HTTP/1.1" 200 27
180.175.214.200 - - [23/Jun/2020:08:56:00 +0800] "GET /xingrg/check_reg.html?_=1592873964164 HTTP/1.1" 200 22
114.89.80.44 - - [23/Jun/2020:08:56:01 +0800] "POST /xingrg/kc/buy/cgsh_order_operate.html HTTP/1.1" 200 37
114.84.151.157 - - [23/Jun/2020:08:56:03 +0800] "GET /xingrg/all/function/internal_message.html?_=1592873766593&CODE_STATE=getMsg HTTP/1.1" 200 27
114.89.80.44 - - [23/Jun/2020:08:56:04 +0800] "POST /xingrg/kc/buy/cgsh_order_operate.html HTTP/1.1" 200 12
180.175.214.200 - - [23/Jun/2020:08:56:05 +0800] "GET /xingrg/all/function/internal_message.html?_=1592873969401&CODE_STATE=getMsg HTTP/1.1" 200 27
114.89.80.44 - - [23/Jun/2020:08:56:06 +0800] "GET /xingrg/kc/buy/cgsh_order_info.html?code=212020062308915 HTTP/1.1" 200 53905
114.89.80.44 - - [23/Jun/2020:08:56:06 +0800] "GET /xingrg/javascript/easyui/themes/default/validatebox.css HTTP/1.1" 404 1104
114.89.80.44 - - [23/Jun/2020:08:56:06 +0800] "POST /xingrg/kc/buy/cgsh_order_operate.html HTTP/1.1" 200 1200
101.228.167.227 - - [23/Jun/2020:08:56:07 +0800] "GET /xingrg/all/function/internal_message.html?_=1592873770962&CODE_STATE=getMsg HTTP/1.1" 200 27
114.89.80.44 - - [23/Jun/2020:08:56:08 +0800] "GET /xingrg/kc/print/load_config.html?kc_code=cgsh HTTP/1.1" 200 1845
114.89.80.44 - - [23/Jun/2020:08:56:08 +0800] "GET /xingrg/kc/print/load_data.html?order_code=212020062308915&kc_code=cgsh&condition= HTTP/1.1" 200 924
222.69.138.225 - - [23/Jun/2020:08:56:09 +0800] "GET /xingrg/kc/buy/cgsh_order_operate.html?command=get_materiel&rest_code=00149&code=00101008286&supplier_code=00100005&order_time=2020-06-23 HTTP/1.1" 200 408
120.253.135.82 - - [23/Jun/2020:08:56:13 +0800] "GET /xingrg/all/function/internal_message.html?_=1592873854967&CODE_STATE=getMsg HTTP/1.1" 200 27
222.69.138.225 - - [23/Jun/2020:08:56:16 +0800] "GET /xingrg/kc/buy/cgsh_order_operate.html?command=get_materiel&rest_code=00149&code=00101008036&supplier_code=00100005&order_time=2020-06-23 HTTP/1.1" 200 408
114.89.80.44 - - [23/Jun/2020:08:56:18 +0800] "POST /xingrg/all/user/operate.html HTTP/1.1" 200 36
114.89.80.44 - - [23/Jun/2020:08:56:18 +0800] "GET /xingrg/index.html?sysBaseUrl=http%3A%2F%2F180.169.147.146%3A18081%2Fxingrg%2F&costTime=38×tamp=1592787221942 HTTP/1.1" 200 17177
114.89.80.44 - - [23/Jun/2020:08:56:18 +0800] "GET /xingrg/javascript/jquery_easy_ui/themes/default/easyui.css HTTP/1.1" 304 -
114.89.80.44 - - [23/Jun/2020:08:56:18 +0800] "GET /xingrg/javascript/jquery_easy_ui/themes/icon.css HTTP/1.1" 304 -
114.89.80.44 - - [23/Jun/2020:08:56:18 +0800] "GET /xingrg/css/form.css HTTP/1.1" 304 -
114.89.80.44 - - [23/Jun/2020:08:56:18 +0800] "GET /xingrg/javascript/jquery-1.4.2.min.js HTTP/1.1" 304 -
114.89.80.44 - - [23/Jun/2020:08:56:18 +0800] "GET /xingrg/javascript/jquery_easy_ui/jquery.easyui.min.js HTTP/1.1" 304 -
114.89.80.44 - - [23/Jun/2020:08:56:18 +0800] "GET /xingrg/javascript/jquery_easy_ui/easyui-lang-zh_CN.js HTTP/1.1" 304 -
114.89.80.44 - - [23/Jun/2020:08:56:18 +0800] "GET /xingrg/javascript/jquery.form.js HTTP/1.1" 304 -
114.89.80.44 - - [23/Jun/2020:08:56:18 +0800] "GET /xingrg/javascript/jquery.utils.js HTTP/1.1" 304 -
114.89.80.44 - - [23/Jun/2020:08:56:18 +0800] "GET /xingrg/javascript/jquery.timers.js HTTP/1.1" 304 -
114.89.80.44 - - [23/Jun/2020:08:56:18 +0800] "GET /xingrg/images/blue/jxLogo.png HTTP/1.1" 304 -
114.89.80.44 - - [23/Jun/2020:08:56:18 +0800] "GET /xingrg/javascript/jquery_easy_ui/themes/icons/settle_new.png HTTP/1.1" 304 -
114.89.80.44 - - [23/Jun/2020:08:56:18 +0800] "GET /xingrg/images/blue/navBackgound.jpg HTTP/1.1" 304 -
114.89.80.44 - - [23/Jun/2020:08:56:18 +0800] "POST /xingrg/all/common/load_tree.html?tree=area_rest_tree_json&manage=1 HTTP/1.1" 200 476
114.89.80.44 - - [23/Jun/2020:08:56:19 +0800] "GET /xingrg/all/function/internal_message.html?_=1592873777790&CODE_STATE=count HTTP/1.1" 200 11
114.89.80.44 - - [23/Jun/2020:08:56:19 +0800] "GET /xingrg/check_reg.html?_=1592873777791 HTTP/1.1" 200 22
114.89.80.44 - - [23/Jun/2020:08:56:19 +0800] "GET /xingrg/javascript/jquery_easy_ui/themes/default/images/tabs_leftarrow.png HTTP/1.1" 304 -
114.89.80.44 - - [23/Jun/2020:08:56:19 +0800] "GET /xingrg/images/blue/pingpu.png HTTP/1.1" 304 -
114.89.80.44 - - [23/Jun/2020:08:56:19 +0800] "GET /xingrg/javascript/jquery_easy_ui/themes/default/images/tabs_rightarrow.png HTTP/1.1" 304 -
114.89.80.44 - - [23/Jun/2020:08:56:19 +0800] "GET /xingrg/javascript/jquery_easy_ui/themes/default/images/panel_tool_collapse.gif HTTP/1.1" 304 -
114.89.80.44 - - [23/Jun/2020:08:56:19 +0800] "POST /xingrg/load_menu.html HTTP/1.1" 200 5138
114.89.80.44 - - [23/Jun/2020:08:56:22 +0800] "GET /xingrg/kc/buy/cgsh_order_list.html HTTP/1.1" 200 43346
114.89.80.44 - - [23/Jun/2020:08:56:22 +0800] "POST /xingrg/kc/buy/cgsh_list_operate.html HTTP/1.1" 200 876
222.69.138.225 - - [23/Jun/2020:08:56:23 +0800] "GET /xingrg/all/function/internal_message.html?_=1592873780878&CODE_STATE=getMsg HTTP/1.1" 200 27
114.89.80.44 - - [23/Jun/2020:08:56:23 +0800] "GET /xingrg/kc/buy/cgsh_order_add.html HTTP/1.1" 200 58722
114.89.80.44 - - [23/Jun/2020:08:56:24 +0800] "POST /xingrg/kc/buy/cgsh_order_operate.html HTTP/1.1" 200 8245
114.89.80.44 - - [23/Jun/2020:08:56:24 +0800] "GET /xingrg/all/common/auto_word.html?type=employee&rest_code=00151 HTTP/1.1" 200 243
114.89.80.44 - - [23/Jun/2020:08:56:24 +0800] "GET /xingrg/all/common/auto_word.html?type=employee&rest_code=00151 HTTP/1.1" 200 243
114.89.80.44 - - [23/Jun/2020:08:56:24 +0800] "GET /xingrg/javascript/easyui/themes/default/validatebox.css HTTP/1.1" 404 1104
114.88.170.9 - - [23/Jun/2020:08:56:24 +0800] "GET /xingrg/check_reg.html?_=1592873781658 HTTP/1.1" 200 22
114.89.80.44 - - [23/Jun/2020:08:56:25 +0800] "GET /xingrg/javascript/auto/indicator.gif HTTP/1.1" 404 1066
114.86.190.97 - - [23/Jun/2020:08:56:25 +0800] "GET /xingrg/check_reg.html?_=1592873786398 HTTP/1.1" 200 22
222.69.138.225 - - [23/Jun/2020:08:56:26 +0800] "POST /xingrg/kc/buy/cgsh_order_operate.html HTTP/1.1" 200 2065
61.172.5.115 - - [23/Jun/2020:08:56:30 +0800] "GET /xingrg/all/function/internal_message.html?_=1592873789408&CODE_STATE=getMsg HTTP/1.1" 200 27
114.89.80.44 - - [23/Jun/2020:08:56:31 +0800] "GET /xingrg/kc/buy/cgsh_order_operate.html?command=get_materiel&rest_code=00151&code=00101011001&supplier_code=00100047&order_time=2020-06-23 HTTP/1.1" 200 423
114.86.190.97 - - [23/Jun/2020:08:56:32 +0800] "GET /xingrg/all/function/internal_message.html?_=1592873792712&CODE_STATE=getMsg HTTP/1.1" 200 27
222.69.138.225 - - [23/Jun/2020:08:56:33 +0800] "GET /xingrg/kc/buy/cgsh_order_operate.html?command=get_materiel&rest_code=00149&code=00101008131&supplier_code=00100005&order_time=2020-06-23 HTTP/1.1" 200 408
114.89.80.44 - - [23/Jun/2020:08:56:37 +0800] "POST /xingrg/kc/buy/cgsh_order_operate.html HTTP/1.1" 200 37
114.89.80.44 - - [23/Jun/2020:08:56:38 +0800] "POST /xingrg/kc/buy/cgsh_order_operate.html HTTP/1.1" 200 2666
114.88.170.9 - - [23/Jun/2020:08:56:39 +0800] "GET /xingrg/all/function/internal_message.html?_=1592873796180&CODE_STATE=getMsg HTTP/1.1" 200 27
120.253.135.82 - - [23/Jun/2020:08:56:42 +0800] "GET /xingrg/all/function/internal_message.html?_=1592873556542&CODE_STATE=getMsg HTTP/1.1" 200 27
222.69.138.225 - - [23/Jun/2020:08:56:42 +0800] "GET /xingrg/kc/buy/cgsh_order_operate.html?command=get_materiel&rest_code=00149&code=00101008296&supplier_code=00100005&order_time=2020-06-23 HTTP/1.1" 200 416
101.228.167.227 - - [23/Jun/2020:08:56:44 +0800] "GET /xingrg/all/function/internal_message.html?_=1592873809370&CODE_STATE=getMsg HTTP/1.1" 200 27
222.69.138.225 - - [23/Jun/2020:08:56:51 +0800] "GET /xingrg/kc/buy/cgsh_order_operate.html?command=get_materiel&rest_code=00149&code=00101008098&supplier_code=00100005&order_time=2020-06-23 HTTP/1.1" 200 412
114.88.170.9 - - [23/Jun/2020:08:56:52 +0800] "GET /xingrg/check_reg.html?_=1592873826207 HTTP/1.1" 200 22
114.88.170.9 - - [23/Jun/2020:08:56:52 +0800] "GET /xingrg/all/function/internal_message.html?_=1592873826237&CODE_STATE=getMsg HTTP/1.1" 200 27
172.17.0.240 - - [23/Jun/2020:08:56:56 +0800] "GET /xingrg/all/function/internal_message.html?_=1592873814684&CODE_STATE=getMsg HTTP/1.1" 200 27
172.17.0.240 - - [23/Jun/2020:08:56:56 +0800] "GET /xingrg/check_reg.html?_=1592873814687 HTTP/1.1" 200 22
114.84.151.157 - - [23/Jun/2020:08:56:58 +0800] "GET /xingrg/check_reg.html?_=1592873822126 HTTP/1.1" 200 22
114.89.80.44 - - [23/Jun/2020:08:56:59 +0800] "GET /xingrg/all/function/internal_message.html?_=1592873942787&CODE_STATE=getMsg HTTP/1.1" 200 27
222.69.138.225 - - [23/Jun/2020:08:57:01 +0800] "GET /xingrg/kc/buy/cgsh_order_operate.html?command=get_materiel&rest_code=00149&code=00101008005&supplier_code=00100005&order_time=2020-06-23 HTTP/1.1" 200 412
114.84.151.157 - - [23/Jun/2020:08:57:03 +0800] "GET /xingrg/all/function/internal_message.html?_=1592873826588&CODE_STATE=getMsg HTTP/1.1" 200 27
180.175.214.200 - - [23/Jun/2020:08:57:05 +0800] "GET /xingrg/all/function/internal_message.html?_=1592874029421&CODE_STATE=getMsg HTTP/1.1" 200 27
101.228.167.227 - - [23/Jun/2020:08:57:07 +0800] "GET /xingrg/all/function/internal_message.html?_=1592873830976&CODE_STATE=getMsg HTTP/1.1" 200 27
172.17.0.100 - - [23/Jun/2020:08:57:12 +0800] "POST /xingrg/login.do HTTP/1.1" 302 -
172.17.0.100 - - [23/Jun/2020:08:57:12 +0800] "GET /xingrg/index.html?sysBaseUrl=http%3A%2F%2F172.17.0.8%3A18081%2Fxingrg%2F&costTime=40×tamp=1592873832136 HTTP/1.1" 200 17124
222.69.138.225 - - [23/Jun/2020:08:57:12 +0800] "POST /xingrg/kc/buy/cgsh_order_operate.html HTTP/1.1" 200 2065
172.17.0.100 - - [23/Jun/2020:08:57:12 +0800] "GET /favicon.ico HTTP/1.1" 404 -
172.17.0.100 - - [23/Jun/2020:08:57:12 +0800] "POST /xingrg/all/common/load_tree.html?tree=area_rest_tree_json&manage=1 HTTP/1.1" 200 604
172.17.0.100 - - [23/Jun/2020:08:57:12 +0800] "GET /xingrg/all/function/internal_message.html?_=1592873831413&CODE_STATE=count HTTP/1.1" 200 11
172.17.0.100 - - [23/Jun/2020:08:57:12 +0800] "POST /xingrg/load_menu.html HTTP/1.1" 200 5103
172.17.0.100 - - [23/Jun/2020:08:57:12 +0800] "GET /xingrg/check_reg.html?_=1592873831413 HTTP/1.1" 200 22
120.253.135.82 - - [23/Jun/2020:08:57:13 +0800] "GET /xingrg/check_reg.html?_=1592873914658 HTTP/1.1" 200 22
120.253.135.82 - - [23/Jun/2020:08:57:13 +0800] "GET /xingrg/all/function/internal_message.html?_=1592873914980&CODE_STATE=getMsg HTTP/1.1" 200 27
101.228.167.227 - - [23/Jun/2020:08:57:14 +0800] "GET /xingrg/check_reg.html?_=1592873839020 HTTP/1.1" 200 22
222.69.138.225 - - [23/Jun/2020:08:57:18 +0800] "GET /xingrg/kc/buy/cgsh_order_operate.html?command=get_materiel&rest_code=00149&code=00101008353&supplier_code=00100005&order_time=2020-06-23 HTTP/1.1" 200 408
114.89.80.44 - - [23/Jun/2020:08:57:19 +0800] "GET /xingrg/all/function/internal_message.html?_=1592873837818&CODE_STATE=getMsg HTTP/1.1" 200 27
222.69.138.225 - - [23/Jun/2020:08:57:23 +0800] "GET /xingrg/all/function/internal_message.html?_=1592873840854&CODE_STATE=getMsg HTTP/1.1" 200 27
61.172.5.115 - - [23/Jun/2020:08:57:30 +0800] "GET /xingrg/all/function/internal_message.html?_=1592873849408&CODE_STATE=getMsg HTTP/1.1" 200 27
114.86.190.97 - - [23/Jun/2020:08:57:31 +0800] "GET /xingrg/login.html HTTP/1.1" 200 7641
114.86.190.97 - - [23/Jun/2020:08:57:31 +0800] "GET /favicon.ico HTTP/1.1" 404 -
114.86.190.97 - - [23/Jun/2020:08:57:32 +0800] "GET /xingrg/all/function/internal_message.html?_=1592873852683&CODE_STATE=getMsg HTTP/1.1" 200 27
222.69.138.225 - - [23/Jun/2020:08:57:37 +0800] "GET /xingrg/kc/buy/cgsh_order_operate.html?command=get_materiel&rest_code=00149&code=00101008213&supplier_code=00100005&order_time=2020-06-23 HTTP/1.1" 200 412
114.88.170.9 - - [23/Jun/2020:08:57:39 +0800] "GET /xingrg/all/function/internal_message.html?_=1592873856193&CODE_STATE=getMsg HTTP/1.1" 200 27
120.253.135.82 - - [23/Jun/2020:08:57:42 +0800] "GET /xingrg/all/function/internal_message.html?_=1592873616584&CODE_STATE=getMsg HTTP/1.1" 200 27
101.228.167.227 - - [23/Jun/2020:08:57:44 +0800] "GET /xingrg/all/function/internal_message.html?_=1592873869377&CODE_STATE=getMsg HTTP/1.1" 200 27
114.86.190.97 - - [23/Jun/2020:08:57:46 +0800] "POST /xingrg/kc/buy/cgsh_list_operate.html HTTP/1.1" 200 3135
222.69.138.225 - - [23/Jun/2020:08:57:48 +0800] "GET /xingrg/kc/buy/cgsh_order_operate.html?command=get_materiel&rest_code=00149&code=00101008234&supplier_code=00100005&order_time=2020-06-23 HTTP/1.1" 200 408
114.88.170.9 - - [23/Jun/2020:08:57:52 +0800] "GET /xingrg/all/function/internal_message.html?_=1592873886222&CODE_STATE=getMsg HTTP/1.1" 200 27
172.17.0.240 - - [23/Jun/2020:08:57:56 +0800] "GET /xingrg/all/function/internal_message.html?_=1592873874673&CODE_STATE=getMsg HTTP/1.1" 200 27
222.69.138.225 - - [23/Jun/2020:08:57:58 +0800] "POST /xingrg/kc/buy/cgsh_order_operate.html HTTP/1.1" 200 2065
114.89.80.44 - - [23/Jun/2020:08:57:59 +0800] "GET /xingrg/all/function/internal_message.html?_=1592874002815&CODE_STATE=getMsg HTTP/1.1" 200 27
114.84.151.157 - - [23/Jun/2020:08:58:03 +0800] "GET /xingrg/all/function/internal_message.html?_=1592873886563&CODE_STATE=getMsg HTTP/1.1" 200 27
180.175.214.200 - - [23/Jun/2020:08:58:06 +0800] "GET /xingrg/all/function/internal_message.html?_=1592874090047&CODE_STATE=getMsg HTTP/1.1" 200 27
222.69.138.225 - - [23/Jun/2020:08:58:06 +0800] "GET /xingrg/kc/buy/cgsh_order_operate.html?command=get_materiel&rest_code=00149&code=00101008114&supplier_code=00100005&order_time=2020-06-23 HTTP/1.1" 200 412
101.228.167.227 - - [23/Jun/2020:08:58:07 +0800] "GET /xingrg/all/function/internal_message.html?_=1592873890990&CODE_STATE=getMsg HTTP/1.1" 200 27
172.17.0.100 - - [23/Jun/2020:08:58:12 +0800] "GET /xingrg/all/function/internal_message.html?_=1592873891428&CODE_STATE=getMsg HTTP/1.1" 200 27
120.253.135.82 - - [23/Jun/2020:08:58:13 +0800] "GET /xingrg/all/function/internal_message.html?_=1592873974994&CODE_STATE=getMsg HTTP/1.1" 200 27
114.89.80.44 - - [23/Jun/2020:08:58:19 +0800] "GET /xingrg/all/function/internal_message.html?_=1592873897802&CODE_STATE=getMsg HTTP/1.1" 200 27
222.69.138.225 - - [23/Jun/2020:08:58:22 +0800] "GET /xingrg/kc/buy/cgsh_order_operate.html?command=get_materiel&rest_code=00149&code=00101015024&supplier_code=00100005&order_time=2020-06-23 HTTP/1.1" 200 413
222.69.138.225 - - [23/Jun/2020:08:58:23 +0800] "GET /xingrg/all/function/internal_message.html?_=1592873900909&CODE_STATE=getMsg HTTP/1.1" 200 27
222.69.138.225 - - [23/Jun/2020:08:58:30 +0800] "GET /xingrg/kc/buy/cgsh_order_operate.html?command=get_materiel&rest_code=00149&code=00101008183&supplier_code=00100005&order_time=2020-06-23 HTTP/1.1" 200 413
61.172.5.115 - - [23/Jun/2020:08:58:30 +0800] "GET /xingrg/all/function/internal_message.html?_=1592873909408&CODE_STATE=getMsg HTTP/1.1" 200 27
114.86.190.97 - - [23/Jun/2020:08:58:32 +0800] "GET /xingrg/all/function/internal_message.html?_=1592873912721&CODE_STATE=getMsg HTTP/1.1" 200 27
114.88.170.9 - - [23/Jun/2020:08:58:39 +0800] "GET /xingrg/all/function/internal_message.html?_=1592873916225&CODE_STATE=getMsg HTTP/1.1" 200 27
222.69.138.225 - - [23/Jun/2020:08:58:39 +0800] "GET /xingrg/kc/buy/cgsh_order_operate.html?command=get_materiel&rest_code=00149&code=00101008168&supplier_code=00100005&order_time=2020-06-23 HTTP/1.1" 200 413
222.69.138.225 - - [23/Jun/2020:08:58:42 +0800] "POST /xingrg/kc/buy/cgsh_order_operate.html HTTP/1.1" 200 2065
120.253.135.82 - - [23/Jun/2020:08:58:42 +0800] "GET /xingrg/all/function/internal_message.html?_=1592873676600&CODE_STATE=getMsg HTTP/1.1" 200 27
114.89.80.44 - - [23/Jun/2020:08:58:44 +0800] "GET /xingrg/check_reg.html?_=1592874048431 HTTP/1.1" 200 22
101.228.167.227 - - [23/Jun/2020:08:58:44 +0800] "GET /xingrg/all/function/internal_message.html?_=1592873929392&CODE_STATE=getMsg HTTP/1.1" 200 27
114.88.170.9 - - [23/Jun/2020:08:58:47 +0800] "GET /xingrg/kc/buy/cgsh_order_operate.html?command=get_materiel&rest_code=00111&code=00101012025&supplier_code=00100028&order_time=2020-06-23 HTTP/1.1" 200 412
222.69.138.225 - - [23/Jun/2020:08:58:49 +0800] "GET /xingrg/kc/buy/cgsh_order_operate.html?command=get_materiel&rest_code=00149&code=00101008061&supplier_code=00100005&order_time=2020-06-23 HTTP/1.1" 200 422
114.88.170.9 - - [23/Jun/2020:08:58:52 +0800] "GET /xingrg/all/function/internal_message.html?_=1592873946217&CODE_STATE=getMsg HTTP/1.1" 200 27
114.88.170.9 - - [23/Jun/2020:08:58:52 +0800] "GET /xingrg/kc/buy/cgsh_order_list.html HTTP/1.1" 200 43342
114.88.170.9 - - [23/Jun/2020:08:58:54 +0800] "POST /xingrg/kc/buy/cgsh_list_operate.html HTTP/1.1" 200 2054
172.17.0.240 - - [23/Jun/2020:08:58:56 +0800] "GET /xingrg/all/function/internal_message.html?_=1592873934677&CODE_STATE=getMsg HTTP/1.1" 200 27
114.89.80.44 - - [23/Jun/2020:08:58:59 +0800] "GET /xingrg/all/function/internal_message.html?_=1592874062829&CODE_STATE=getMsg HTTP/1.1" 200 27
114.84.151.157 - - [23/Jun/2020:08:59:03 +0800] "GET /xingrg/all/function/internal_message.html?_=1592873946545&CODE_STATE=getMsg HTTP/1.1" 200 27
222.69.138.225 - - [23/Jun/2020:08:59:04 +0800] "GET /xingrg/kc/buy/cgsh_order_operate.html?command=get_materiel&rest_code=00149&code=00101008095&supplier_code=00100005&order_time=2020-06-23 HTTP/1.1" 200 412
180.175.214.200 - - [23/Jun/2020:08:59:06 +0800] "GET /xingrg/all/function/internal_message.html?_=1592874150052&CODE_STATE=getMsg HTTP/1.1" 200 27
101.228.167.227 - - [23/Jun/2020:08:59:07 +0800] "GET /xingrg/all/function/internal_message.html?_=1592873951003&CODE_STATE=getMsg HTTP/1.1" 200 27
222.69.138.225 - - [23/Jun/2020:08:59:10 +0800] "GET /xingrg/kc/buy/cgsh_order_operate.html?command=get_materiel&rest_code=00149&code=00101008110&supplier_code=00100005&order_time=2020-06-23 HTTP/1.1" 200 408
172.17.0.100 - - [23/Jun/2020:08:59:12 +0800] "GET /xingrg/all/function/internal_message.html?_=1592873951429&CODE_STATE=getMsg HTTP/1.1" 200 27
120.253.135.82 - - [23/Jun/2020:08:59:13 +0800] "GET /xingrg/all/function/internal_message.html?_=1592874035008&CODE_STATE=getMsg HTTP/1.1" 200 27
222.69.138.225 - - [23/Jun/2020:08:59:18 +0800] "GET /xingrg/kc/buy/cgsh_order_operate.html?command=get_materiel&rest_code=00149&code=00101008330&supplier_code=00100005&order_time=2020-06-23 HTTP/1.1" 200 408
114.89.80.44 - - [23/Jun/2020:08:59:19 +0800] "GET /xingrg/all/function/internal_message.html?_=1592873957817&CODE_STATE=getMsg HTTP/1.1" 200 27
222.69.138.225 - - [23/Jun/2020:08:59:23 +0800] "GET /xingrg/check_reg.html?_=1592873960761 HTTP/1.1" 200 22
222.69.138.225 - - [23/Jun/2020:08:59:23 +0800] "GET /xingrg/all/function/internal_message.html?_=1592873960889&CODE_STATE=getMsg HTTP/1.1" 200 27
222.69.138.225 - - [23/Jun/2020:08:59:26 +0800] "GET /xingrg/kc/buy/cgsh_order_operate.html?command=get_materiel&rest_code=00149&code=00101008101&supplier_code=00100005&order_time=2020-06-23 HTTP/1.1" 200 412
222.69.138.225 - - [23/Jun/2020:08:59:30 +0800] "POST /xingrg/kc/buy/cgsh_order_operate.html HTTP/1.1" 200 2065
61.172.5.115 - - [23/Jun/2020:08:59:30 +0800] "GET /xingrg/all/function/internal_message.html?_=1592873969408&CODE_STATE=getMsg HTTP/1.1" 200 27
114.86.190.97 - - [23/Jun/2020:08:59:32 +0800] "GET /xingrg/all/function/internal_message.html?_=1592873972663&CODE_STATE=getMsg HTTP/1.1" 200 27
222.69.138.225 - - [23/Jun/2020:08:59:33 +0800] "GET /xingrg/kc/buy/cgsh_order_operate.html?command=get_materiel&rest_code=00149&code=00101008010&supplier_code=00100005&order_time=2020-06-23 HTTP/1.1" 200 412
114.88.170.9 - - [23/Jun/2020:08:59:39 +0800] "GET /xingrg/all/function/internal_message.html?_=1592873976236&CODE_STATE=getMsg HTTP/1.1" 200 27
222.69.138.225 - - [23/Jun/2020:08:59:40 +0800] "GET /xingrg/kc/buy/cgsh_order_operate.html?command=get_materiel&rest_code=00149&code=00101008065&supplier_code=00100005&order_time=2020-06-23 HTTP/1.1" 200 412
120.253.135.82 - - [23/Jun/2020:08:59:42 +0800] "GET /xingrg/check_reg.html?_=1592873736410 HTTP/1.1" 200 22
120.253.135.82 - - [23/Jun/2020:08:59:42 +0800] "GET /xingrg/all/function/internal_message.html?_=1592873736614&CODE_STATE=getMsg HTTP/1.1" 200 27
101.228.167.227 - - [23/Jun/2020:08:59:45 +0800] "GET /xingrg/all/function/internal_message.html?_=1592873989478&CODE_STATE=getMsg HTTP/1.1" 200 27
114.88.170.9 - - [23/Jun/2020:08:59:52 +0800] "GET /xingrg/all/function/internal_message.html?_=1592874006259&CODE_STATE=getMsg HTTP/1.1" 200 27
172.17.0.240 - - [23/Jun/2020:08:59:56 +0800] "GET /xingrg/all/function/internal_message.html?_=1592873994678&CODE_STATE=getMsg HTTP/1.1" 200 27
114.89.80.44 - - [23/Jun/2020:08:59:59 +0800] "GET /xingrg/all/function/internal_message.html?_=1592874122843&CODE_STATE=getMsg HTTP/1.1" 200 27
114.84.151.157 - - [23/Jun/2020:09:00:03 +0800] "GET /xingrg/all/function/internal_message.html?_=1592874006519&CODE_STATE=getMsg HTTP/1.1" 200 27
101.228.167.227 - - [23/Jun/2020:09:00:07 +0800] "GET /xingrg/check_reg.html?_=1592874010705 HTTP/1.1" 200 22
101.228.167.227 - - [23/Jun/2020:09:00:07 +0800] "GET /xingrg/all/function/internal_message.html?_=1592874011016&CODE_STATE=getMsg HTTP/1.1" 200 27
180.175.214.200 - - [23/Jun/2020:09:00:07 +0800] "GET /xingrg/all/function/internal_message.html?_=1592874211381&CODE_STATE=getMsg HTTP/1.1" 200 27
172.17.0.100 - - [23/Jun/2020:09:00:12 +0800] "GET /xingrg/all/function/internal_message.html?_=1592874011415&CODE_STATE=getMsg HTTP/1.1" 200 27
120.253.135.82 - - [23/Jun/2020:09:00:13 +0800] "GET /xingrg/all/function/internal_message.html?_=1592874095041&CODE_STATE=getMsg HTTP/1.1" 200 27
114.89.80.44 - - [23/Jun/2020:09:00:19 +0800] "GET /xingrg/all/function/internal_message.html?_=1592874017809&CODE_STATE=getMsg HTTP/1.1" 200 27
222.69.138.225 - - [23/Jun/2020:09:00:23 +0800] "GET /xingrg/all/function/internal_message.html?_=1592874020855&CODE_STATE=getMsg HTTP/1.1" 200 27
61.172.5.115 - - [23/Jun/2020:09:00:30 +0800] "GET /xingrg/check_reg.html?_=1592874029406 HTTP/1.1" 200 22
61.172.5.115 - - [23/Jun/2020:09:00:30 +0800] "GET /xingrg/all/function/internal_message.html?_=1592874029409&CODE_STATE=getMsg HTTP/1.1" 200 27
114.86.190.97 - - [23/Jun/2020:09:00:32 +0800] "GET /xingrg/all/function/internal_message.html?_=1592874032661&CODE_STATE=getMsg HTTP/1.1" 200 27
61.151.207.141 - - [23/Jun/2020:09:00:37 +0800] "GET /xingrg/all/function/internal_message.html?_=1592873646645&CODE_STATE=getMsg HTTP/1.1" 302 -
