114.86.190.97 - - [23/Jun/2020:10:38:10 +0800] "GET /xingrg/kc/buy/cgsh_order_operate.html?command=get_materiel&rest_code=00148&code=00101008362&supplier_code=00100007&order_time=2020-06-23 HTTP/1.1" 200 408
101.228.167.227 - - [23/Jun/2020:10:38:11 +0800] "GET /xingrg/all/function/internal_message.html?_=1592879894986&CODE_STATE=getMsg HTTP/1.1" 200 27
116.230.77.149 - - [23/Jun/2020:10:38:12 +0800] "GET /xingrg/all/function/internal_message.html?_=1592879889724&CODE_STATE=getMsg HTTP/1.1" 200 27
116.230.77.149 - - [23/Jun/2020:10:38:12 +0800] "GET /xingrg/check_reg.html?_=1592879889851 HTTP/1.1" 200 22
172.17.0.100 - - [23/Jun/2020:10:38:13 +0800] "GET /xingrg/all/function/internal_message.html?_=1592879891919&CODE_STATE=getMsg HTTP/1.1" 200 27
120.253.135.82 - - [23/Jun/2020:10:38:15 +0800] "GET /xingrg/all/function/internal_message.html?_=1592879976618&CODE_STATE=getMsg HTTP/1.1" 200 27
117.184.7.30 - - [23/Jun/2020:10:38:17 +0800] "GET /xingrg/all/function/internal_message.html?_=1592879892464&CODE_STATE=getMsg HTTP/1.1" 200 27
222.69.138.225 - - [23/Jun/2020:10:38:22 +0800] "GET /xingrg/all/function/internal_message.html?_=1592879899647&CODE_STATE=getMsg HTTP/1.1" 200 27
114.86.190.97 - - [23/Jun/2020:10:38:26 +0800] "GET /xingrg/kc/buy/cgsh_order_operate.html?command=get_materiel&rest_code=00148&code=00101008155&supplier_code=00100007&order_time=2020-06-23 HTTP/1.1" 200 408
117.184.7.30 - - [23/Jun/2020:10:38:40 +0800] "GET /xingrg/all/function/internal_message.html?_=1592880605544&CODE_STATE=getMsg HTTP/1.1" 200 27
114.88.170.9 - - [23/Jun/2020:10:38:41 +0800] "GET /xingrg/all/function/internal_message.html?_=1592879918189&CODE_STATE=getMsg HTTP/1.1" 200 27
116.232.48.38 - - [23/Jun/2020:10:38:41 +0800] "GET /xingrg/login.html HTTP/1.1" 200 7641
116.232.48.38 - - [23/Jun/2020:10:38:42 +0800] "GET /favicon.ico HTTP/1.1" 404 -
180.175.214.200 - - [23/Jun/2020:10:38:47 +0800] "GET /xingrg/all/function/internal_message.html?_=1592880131906&CODE_STATE=getMsg HTTP/1.1" 200 27
101.228.167.227 - - [23/Jun/2020:10:38:48 +0800] "GET /xingrg/all/function/internal_message.html?_=1592879933542&CODE_STATE=getMsg HTTP/1.1" 200 27
172.17.0.123 - - [23/Jun/2020:10:38:48 +0800] "GET /favicon.ico HTTP/1.1" 404 -
120.253.135.82 - - [23/Jun/2020:10:38:52 +0800] "GET /xingrg/all/function/internal_message.html?_=1592879686820&CODE_STATE=getMsg HTTP/1.1" 200 27
116.232.48.38 - - [23/Jun/2020:10:38:54 +0800] "POST /xingrg/login.do HTTP/1.1" 302 -
116.232.48.38 - - [23/Jun/2020:10:38:54 +0800] "GET /xingrg/index.html?sysBaseUrl=http%3A%2F%2F180.169.147.146%3A18081%2Fxingrg%2F&costTime=53×tamp=1592879934947 HTTP/1.1" 200 17173
116.232.48.38 - - [23/Jun/2020:10:38:55 +0800] "POST /xingrg/all/common/load_tree.html?tree=area_rest_tree_json&manage=1 HTTP/1.1" 200 342
116.232.48.38 - - [23/Jun/2020:10:38:55 +0800] "GET /xingrg/all/function/internal_message.html?_=1592879965710&CODE_STATE=count HTTP/1.1" 200 11
116.232.48.38 - - [23/Jun/2020:10:38:55 +0800] "GET /xingrg/check_reg.html?_=1592879965711 HTTP/1.1" 200 22
116.232.48.38 - - [23/Jun/2020:10:38:55 +0800] "POST /xingrg/load_menu.html HTTP/1.1" 200 5138
172.17.0.240 - - [23/Jun/2020:10:38:56 +0800] "GET /xingrg/all/function/internal_message.html?_=1592879934679&CODE_STATE=getMsg HTTP/1.1" 200 27
116.232.48.38 - - [23/Jun/2020:10:38:57 +0800] "GET /xingrg/kc/buy/buy_main.html HTTP/1.1" 200 12412
116.232.48.38 - - [23/Jun/2020:10:38:57 +0800] "GET /xingrg/css/new_ie.css HTTP/1.1" 404 1036
116.232.48.38 - - [23/Jun/2020:10:38:58 +0800] "GET /xingrg/kc/buy/cgsh_order_list.html HTTP/1.1" 200 43399
116.232.48.38 - - [23/Jun/2020:10:38:59 +0800] "POST /xingrg/kc/buy/cgsh_list_operate.html HTTP/1.1" 200 876
116.232.48.38 - - [23/Jun/2020:10:39:00 +0800] "GET /xingrg/kc/buy/cgsh_order_add.html HTTP/1.1" 200 59184
114.84.151.157 - - [23/Jun/2020:10:39:00 +0800] "GET /xingrg/all/function/internal_message.html?_=1592879944244&CODE_STATE=getMsg HTTP/1.1" 200 27
116.232.48.38 - - [23/Jun/2020:10:39:00 +0800] "GET /xingrg/words/20200622165413_words.js HTTP/1.1" 304 -
116.232.48.38 - - [23/Jun/2020:10:39:01 +0800] "POST /xingrg/kc/buy/cgsh_order_operate.html HTTP/1.1" 200 8245
116.232.48.38 - - [23/Jun/2020:10:39:01 +0800] "GET /xingrg/all/common/auto_word.html?type=employee&rest_code=00109 HTTP/1.1" 200 255
116.232.48.38 - - [23/Jun/2020:10:39:01 +0800] "GET /xingrg/javascript/easyui/themes/default/validatebox.css HTTP/1.1" 404 1104
116.232.48.38 - - [23/Jun/2020:10:39:01 +0800] "GET /xingrg/all/common/auto_word.html?type=employee&rest_code=00109 HTTP/1.1" 200 255
172.17.0.123 - - [23/Jun/2020:10:39:01 +0800] "GET /xingrg/all/function/internal_message.html?_=1592879906542&CODE_STATE=getMsg HTTP/1.1" 200 27
114.89.80.44 - - [23/Jun/2020:10:39:01 +0800] "GET /xingrg/all/function/internal_message.html?_=1592879940471&CODE_STATE=getMsg HTTP/1.1" 200 27
114.89.80.44 - - [23/Jun/2020:10:39:01 +0800] "GET /xingrg/check_reg.html?_=1592879940476 HTTP/1.1" 200 22
172.17.200.101 - - [23/Jun/2020:10:39:02 +0800] "GET /xingrg/all/function/internal_message.html?_=1592879942399&CODE_STATE=getMsg HTTP/1.1" 200 27
172.17.0.106 - - [23/Jun/2020:10:39:04 +0800] "GET /xingrg/all/function/internal_message.html?_=1592879943629&CODE_STATE=getMsg HTTP/1.1" 200 27
172.17.0.106 - - [23/Jun/2020:10:39:04 +0800] "GET /xingrg/check_reg.html?_=1592879943632 HTTP/1.1" 200 22
116.232.48.38 - - [23/Jun/2020:10:39:07 +0800] "GET /xingrg/javascript/jquery_tools/images/prev.gif HTTP/1.1" 404 1086
116.232.48.38 - - [23/Jun/2020:10:39:07 +0800] "GET /xingrg/javascript/jquery_tools/images/next.gif HTTP/1.1" 404 1086
114.89.80.44 - - [23/Jun/2020:10:39:09 +0800] "GET /xingrg/all/function/internal_message.html?_=1592880072962&CODE_STATE=getMsg HTTP/1.1" 200 27
101.228.167.227 - - [23/Jun/2020:10:39:11 +0800] "GET /xingrg/all/function/internal_message.html?_=1592879954997&CODE_STATE=getMsg HTTP/1.1" 200 27
116.230.77.149 - - [23/Jun/2020:10:39:12 +0800] "GET /xingrg/all/function/internal_message.html?_=1592879949700&CODE_STATE=getMsg HTTP/1.1" 200 27
116.232.48.38 - - [23/Jun/2020:10:39:13 +0800] "GET /xingrg/kc/buy/cgsh_order_operate.html?command=get_materiel&rest_code=00109&code=00101016025&supplier_code=00100035&order_time=2020-06-23 HTTP/1.1" 200 408
172.17.0.100 - - [23/Jun/2020:10:39:13 +0800] "GET /xingrg/all/function/internal_message.html?_=1592879952011&CODE_STATE=getMsg HTTP/1.1" 200 27
120.253.135.82 - - [23/Jun/2020:10:39:15 +0800] "GET /xingrg/all/function/internal_message.html?_=1592880036631&CODE_STATE=getMsg HTTP/1.1" 200 27
117.184.7.30 - - [23/Jun/2020:10:39:17 +0800] "GET /xingrg/check_reg.html?_=1592879952455 HTTP/1.1" 200 22
117.184.7.26 - - [23/Jun/2020:10:39:17 +0800] "GET /xingrg/all/function/internal_message.html?_=1592879952459&CODE_STATE=getMsg HTTP/1.1" 200 27
114.84.151.157 - - [23/Jun/2020:10:39:17 +0800] "GET /xingrg/kc/buy/buy_main.html HTTP/1.1" 200 12412
114.84.151.157 - - [23/Jun/2020:10:39:17 +0800] "GET /xingrg/css/new_ie.css HTTP/1.1" 404 1036
61.172.5.115 - - [23/Jun/2020:10:39:17 +0800] "POST /xingrg/kc/buy/cgsh_order_operate.html HTTP/1.1" 200 37
61.172.5.115 - - [23/Jun/2020:10:39:18 +0800] "POST /xingrg/kc/buy/cgsh_order_operate.html HTTP/1.1" 200 8641
114.84.151.157 - - [23/Jun/2020:10:39:18 +0800] "GET /xingrg/kc/buy/cgsh_order_list.html HTTP/1.1" 200 43405
61.172.5.115 - - [23/Jun/2020:10:39:19 +0800] "GET /xingrg/kc/buy/cgsh_order_add.html HTTP/1.1" 200 59137
114.84.151.157 - - [23/Jun/2020:10:39:19 +0800] "POST /xingrg/kc/buy/cgsh_list_operate.html HTTP/1.1" 200 876
61.172.5.115 - - [23/Jun/2020:10:39:19 +0800] "POST /xingrg/kc/buy/cgsh_order_operate.html HTTP/1.1" 200 8245
61.172.5.115 - - [23/Jun/2020:10:39:19 +0800] "GET /xingrg/javascript/easyui/themes/default/validatebox.css HTTP/1.1" 404 1104
222.69.138.225 - - [23/Jun/2020:10:39:22 +0800] "GET /xingrg/all/function/internal_message.html?_=1592879959618&CODE_STATE=getMsg HTTP/1.1" 200 27
222.69.138.225 - - [23/Jun/2020:10:39:23 +0800] "GET /xingrg/check_reg.html?_=1592879960618 HTTP/1.1" 200 22
61.172.5.115 - - [23/Jun/2020:10:39:25 +0800] "GET /xingrg/check_reg.html?_=1592879963625 HTTP/1.1" 200 22
61.151.207.158 - - [23/Jun/2020:10:39:26 +0800] "GET /xingrg/all/function/internal_message.html?_=1592879224518&CODE_STATE=getMsg HTTP/1.1" 302 -
114.84.151.157 - - [23/Jun/2020:10:39:27 +0800] "GET /xingrg/kc/base/base_main.html HTTP/1.1" 200 12142
116.232.48.38 - - [23/Jun/2020:10:39:31 +0800] "GET /xingrg/kc/buy/cgsh_order_operate.html?command=get_materiel&rest_code=00109&code=00101016025&supplier_code=00100035&order_time=2020-06-23 HTTP/1.1" 200 408
61.151.207.158 - - [23/Jun/2020:10:39:35 +0800] "GET /xingrg/login.html HTTP/1.1" 200 7641
61.172.5.115 - - [23/Jun/2020:10:39:40 +0800] "GET /xingrg/kc/buy/cgsh_order_operate.html?command=get_materiel&rest_code=00105&code=00101009050&supplier_code=00100024&order_time=2020-06-23 HTTP/1.1" 200 408
117.184.7.30 - - [23/Jun/2020:10:39:40 +0800] "GET /xingrg/all/function/internal_message.html?_=1592880665560&CODE_STATE=getMsg HTTP/1.1" 200 27
114.88.170.9 - - [23/Jun/2020:10:39:41 +0800] "GET /xingrg/all/function/internal_message.html?_=1592879978204&CODE_STATE=getMsg HTTP/1.1" 200 27
116.232.48.38 - - [23/Jun/2020:10:39:44 +0800] "GET /xingrg/kc/buy/cgsh_order_operate.html?command=get_materiel&rest_code=00109&code=00101012029&supplier_code=00100035&order_time=2020-06-23 HTTP/1.1" 200 412
180.175.214.200 - - [23/Jun/2020:10:39:47 +0800] "GET /xingrg/all/function/internal_message.html?_=1592880191908&CODE_STATE=getMsg HTTP/1.1" 200 27
101.228.167.227 - - [23/Jun/2020:10:39:48 +0800] "GET /xingrg/all/function/internal_message.html?_=1592879993637&CODE_STATE=getMsg HTTP/1.1" 200 27
116.232.48.38 - - [23/Jun/2020:10:39:50 +0800] "GET /xingrg/kc/buy/cgsh_order_operate.html?command=get_materiel&rest_code=00109&code=00101012051&supplier_code=00100035&order_time=2020-06-23 HTTP/1.1" 200 408
120.253.135.82 - - [23/Jun/2020:10:39:52 +0800] "GET /xingrg/check_reg.html?_=1592879746716 HTTP/1.1" 200 22
120.253.135.82 - - [23/Jun/2020:10:39:52 +0800] "GET /xingrg/all/function/internal_message.html?_=1592879746833&CODE_STATE=getMsg HTTP/1.1" 200 27
116.232.48.38 - - [23/Jun/2020:10:39:52 +0800] "GET /xingrg/all/function/internal_message.html?_=1592880025728&CODE_STATE=getMsg HTTP/1.1" 200 27
172.17.0.240 - - [23/Jun/2020:10:39:56 +0800] "GET /xingrg/all/function/internal_message.html?_=1592879994683&CODE_STATE=getMsg HTTP/1.1" 200 27
92.63.194.121 - - [23/Jun/2020:10:39:56 +0800] "/*àCookie: mstshash=Administr " 400 -
116.232.48.38 - - [23/Jun/2020:10:39:58 +0800] "GET /xingrg/kc/buy/cgsh_order_operate.html?command=get_materiel&rest_code=00109&code=00101016010&supplier_code=00100035&order_time=2020-06-23 HTTP/1.1" 200 408
114.86.190.97 - - [23/Jun/2020:10:39:59 +0800] "POST /xingrg/kc/buy/cgsh_order_operate.html HTTP/1.1" 200 37
114.86.190.97 - - [23/Jun/2020:10:40:00 +0800] "POST /xingrg/kc/buy/cgsh_order_operate.html HTTP/1.1" 200 29851
114.84.151.157 - - [23/Jun/2020:10:40:00 +0800] "GET /xingrg/all/function/internal_message.html?_=1592880004250&CODE_STATE=getMsg HTTP/1.1" 200 27
172.17.0.123 - - [23/Jun/2020:10:40:01 +0800] "GET /xingrg/all/function/internal_message.html?_=1592879966544&CODE_STATE=getMsg HTTP/1.1" 200 27
114.89.80.44 - - [23/Jun/2020:10:40:01 +0800] "GET /xingrg/all/function/internal_message.html?_=1592880000480&CODE_STATE=getMsg HTTP/1.1" 200 27
114.86.190.97 - - [23/Jun/2020:10:40:02 +0800] "GET /xingrg/kc/print/load_data.html?order_code=212020062308910&kc_code=cgsh&condition= HTTP/1.1" 200 10997
172.17.200.101 - - [23/Jun/2020:10:40:02 +0800] "GET /xingrg/all/function/internal_message.html?_=1592880002402&CODE_STATE=getMsg HTTP/1.1" 200 27
116.232.48.38 - - [23/Jun/2020:10:40:04 +0800] "POST /xingrg/kc/buy/cgsh_order_operate.html HTTP/1.1" 200 37
172.17.0.106 - - [23/Jun/2020:10:40:04 +0800] "GET /xingrg/all/function/internal_message.html?_=1592880003635&CODE_STATE=getMsg HTTP/1.1" 200 27
61.172.5.115 - - [23/Jun/2020:10:40:05 +0800] "GET /xingrg/kc/buy/cgsh_order_operate.html?command=get_materiel&rest_code=00105&code=00101009062&supplier_code=00100024&order_time=2020-06-23 HTTP/1.1" 200 412
116.232.48.38 - - [23/Jun/2020:10:40:07 +0800] "POST /xingrg/kc/buy/cgsh_order_operate.html HTTP/1.1" 200 5013
101.228.167.227 - - [23/Jun/2020:10:40:08 +0800] "GET /xingrg/check_reg.html?_=1592880012419 HTTP/1.1" 200 22
116.232.48.38 - - [23/Jun/2020:10:40:09 +0800] "GET /xingrg/kc/print/load_config.html?kc_code=cgsh HTTP/1.1" 200 1845
116.232.48.38 - - [23/Jun/2020:10:40:09 +0800] "GET /xingrg/kc/print/load_data.html?order_code=212020062308972&kc_code=cgsh&condition= HTTP/1.1" 200 1577
114.89.80.44 - - [23/Jun/2020:10:40:09 +0800] "GET /xingrg/all/function/internal_message.html?_=1592880132969&CODE_STATE=getMsg HTTP/1.1" 200 27
101.228.167.227 - - [23/Jun/2020:10:40:11 +0800] "GET /xingrg/all/function/internal_message.html?_=1592880015011&CODE_STATE=getMsg HTTP/1.1" 200 27
116.230.77.149 - - [23/Jun/2020:10:40:12 +0800] "GET /xingrg/all/function/internal_message.html?_=1592880009685&CODE_STATE=getMsg HTTP/1.1" 200 27
172.17.0.100 - - [23/Jun/2020:10:40:13 +0800] "GET /xingrg/all/function/internal_message.html?_=1592880011992&CODE_STATE=getMsg HTTP/1.1" 200 27
120.253.135.82 - - [23/Jun/2020:10:40:15 +0800] "GET /xingrg/all/function/internal_message.html?_=1592880096659&CODE_STATE=getMsg HTTP/1.1" 200 27
117.184.7.26 - - [23/Jun/2020:10:40:17 +0800] "GET /xingrg/all/function/internal_message.html?_=1592880012459&CODE_STATE=getMsg HTTP/1.1" 200 27
222.69.138.225 - - [23/Jun/2020:10:40:22 +0800] "GET /xingrg/all/function/internal_message.html?_=1592880019588&CODE_STATE=getMsg HTTP/1.1" 200 27
61.172.5.115 - - [23/Jun/2020:10:40:22 +0800] "GET /xingrg/kc/buy/cgsh_order_operate.html?command=get_materiel&rest_code=00105&code=00101009011&supplier_code=00100024&order_time=2020-06-23 HTTP/1.1" 200 416
114.84.151.157 - - [23/Jun/2020:10:40:26 +0800] "GET /xingrg/kc/buy/buy_main.html HTTP/1.1" 200 12412
114.84.151.157 - - [23/Jun/2020:10:40:26 +0800] "GET /xingrg/css/new_ie.css HTTP/1.1" 404 1036
114.84.151.157 - - [23/Jun/2020:10:40:26 +0800] "GET /xingrg/images/yd/bt.gif HTTP/1.1" 404 1040
114.84.151.157 - - [23/Jun/2020:10:40:27 +0800] "GET /xingrg/kc/buy/cgsh_order_list.html HTTP/1.1" 200 43405
114.84.151.157 - - [23/Jun/2020:10:40:27 +0800] "POST /xingrg/kc/buy/cgsh_list_operate.html HTTP/1.1" 200 876
114.84.151.157 - - [23/Jun/2020:10:40:28 +0800] "GET /xingrg/kc/buy/cgsh_order_add.html HTTP/1.1" 200 59143
114.84.151.157 - - [23/Jun/2020:10:40:28 +0800] "GET /xingrg/words/20200622165413_words.js HTTP/1.1" 304 -
114.84.151.157 - - [23/Jun/2020:10:40:29 +0800] "POST /xingrg/kc/buy/cgsh_order_operate.html HTTP/1.1" 200 8245
114.84.151.157 - - [23/Jun/2020:10:40:29 +0800] "GET /xingrg/all/common/auto_word.html?type=employee&rest_code=00141 HTTP/1.1" 200 201
114.84.151.157 - - [23/Jun/2020:10:40:29 +0800] "GET /xingrg/all/common/auto_word.html?type=employee&rest_code=00141 HTTP/1.1" 200 201
114.84.151.157 - - [23/Jun/2020:10:40:29 +0800] "GET /xingrg/javascript/easyui/themes/default/validatebox.css HTTP/1.1" 404 1104
114.84.151.157 - - [23/Jun/2020:10:40:31 +0800] "GET /xingrg/javascript/jquery_tools/images/next.gif HTTP/1.1" 404 1086
114.84.151.157 - - [23/Jun/2020:10:40:31 +0800] "GET /xingrg/javascript/jquery_tools/images/prev.gif HTTP/1.1" 404 1086
114.86.190.97 - - [23/Jun/2020:10:40:33 +0800] "POST /xingrg/kc/buy/cgsh_order_operate.html HTTP/1.1" 200 37
116.232.48.38 - - [23/Jun/2020:10:40:34 +0800] "GET /xingrg/index.html?sysBaseUrl=http%3A%2F%2F180.169.147.146%3A18081%2Fxingrg%2F&costTime=53×tamp=1592879934947 HTTP/1.1" 200 17173
116.232.48.38 - - [23/Jun/2020:10:40:34 +0800] "GET /xingrg/javascript/jquery_easy_ui/themes/default/easyui.css HTTP/1.1" 304 -
116.232.48.38 - - [23/Jun/2020:10:40:34 +0800] "GET /xingrg/css/form.css HTTP/1.1" 304 -
116.232.48.38 - - [23/Jun/2020:10:40:34 +0800] "GET /xingrg/javascript/jquery-1.4.2.min.js HTTP/1.1" 304 -
116.232.48.38 - - [23/Jun/2020:10:40:34 +0800] "GET /xingrg/javascript/jquery_easy_ui/jquery.easyui.min.js HTTP/1.1" 304 -
116.232.48.38 - - [23/Jun/2020:10:40:34 +0800] "GET /xingrg/javascript/jquery_easy_ui/easyui-lang-zh_CN.js HTTP/1.1" 304 -
116.232.48.38 - - [23/Jun/2020:10:40:34 +0800] "GET /xingrg/javascript/jquery_easy_ui/themes/icon.css HTTP/1.1" 304 -
116.232.48.38 - - [23/Jun/2020:10:40:34 +0800] "GET /xingrg/javascript/jquery.form.js HTTP/1.1" 304 -
116.232.48.38 - - [23/Jun/2020:10:40:34 +0800] "GET /xingrg/javascript/jquery.utils.js HTTP/1.1" 304 -
116.232.48.38 - - [23/Jun/2020:10:40:34 +0800] "GET /xingrg/javascript/jquery.timers.js HTTP/1.1" 304 -
116.232.48.38 - - [23/Jun/2020:10:40:34 +0800] "GET /xingrg/images/blue/jxLogo.png HTTP/1.1" 304 -
116.232.48.38 - - [23/Jun/2020:10:40:35 +0800] "GET /xingrg/images/blue/navBackgound.jpg HTTP/1.1" 304 -
116.232.48.38 - - [23/Jun/2020:10:40:35 +0800] "GET /xingrg/javascript/jquery_easy_ui/themes/icons/settle_new.png HTTP/1.1" 304 -
116.232.48.38 - - [23/Jun/2020:10:40:35 +0800] "GET /xingrg/images/blue/pingpu.png HTTP/1.1" 304 -
116.232.48.38 - - [23/Jun/2020:10:40:35 +0800] "POST /xingrg/all/common/load_tree.html?tree=area_rest_tree_json&manage=1 HTTP/1.1" 200 342
116.232.48.38 - - [23/Jun/2020:10:40:35 +0800] "GET /xingrg/javascript/jquery_easy_ui/themes/default/images/tabs_rightarrow.png HTTP/1.1" 304 -
116.232.48.38 - - [23/Jun/2020:10:40:35 +0800] "GET /xingrg/javascript/jquery_easy_ui/themes/default/images/tabs_leftarrow.png HTTP/1.1" 304 -
116.232.48.38 - - [23/Jun/2020:10:40:35 +0800] "GET /xingrg/javascript/jquery_easy_ui/themes/default/images/panel_tool_collapse.gif HTTP/1.1" 304 -
116.232.48.38 - - [23/Jun/2020:10:40:35 +0800] "GET /xingrg/all/function/internal_message.html?_=1592880069296&CODE_STATE=count HTTP/1.1" 200 11
116.232.48.38 - - [23/Jun/2020:10:40:35 +0800] "GET /xingrg/check_reg.html?_=1592880069312 HTTP/1.1" 200 22
116.232.48.38 - - [23/Jun/2020:10:40:35 +0800] "POST /xingrg/load_menu.html HTTP/1.1" 200 5138
116.232.48.38 - - [23/Jun/2020:10:40:35 +0800] "GET /xingrg/javascript/jquery_easy_ui/themes/default/images/tree_arrows.gif HTTP/1.1" 304 -
116.232.48.38 - - [23/Jun/2020:10:40:35 +0800] "GET /xingrg/javascript/jquery_easy_ui/themes/icons/search_new.png HTTP/1.1" 304 -
116.232.48.38 - - [23/Jun/2020:10:40:35 +0800] "GET /xingrg/javascript/jquery_easy_ui/themes/default/images/tree_folder_open.gif HTTP/1.1" 304 -
116.232.48.38 - - [23/Jun/2020:10:40:35 +0800] "GET /xingrg/javascript/jquery_easy_ui/themes/icons/storage_new.png HTTP/1.1" 304 -
116.232.48.38 - - [23/Jun/2020:10:40:35 +0800] "GET /xingrg/javascript/jquery_easy_ui/themes/default/images/tree_folder.gif HTTP/1.1" 304 -
116.232.48.38 - - [23/Jun/2020:10:40:35 +0800] "GET /xingrg/javascript/jquery_easy_ui/themes/icons/forms_new.png HTTP/1.1" 304 -
114.86.190.97 - - [23/Jun/2020:10:40:36 +0800] "POST /xingrg/kc/buy/cgsh_order_operate.html HTTP/1.1" 200 12
61.172.5.115 - - [23/Jun/2020:10:40:36 +0800] "GET /xingrg/kc/buy/cgsh_order_operate.html?command=get_materiel&rest_code=00105&code=00101009019&supplier_code=00100024&order_time=2020-06-23 HTTP/1.1" 200 412
114.86.190.97 - - [23/Jun/2020:10:40:37 +0800] "GET /xingrg/kc/buy/cgsh_order_info.html?code=212020062308910 HTTP/1.1" 200 54046
114.86.190.97 - - [23/Jun/2020:10:40:38 +0800] "GET /xingrg/javascript/easyui/themes/default/validatebox.css HTTP/1.1" 404 1104
114.86.190.97 - - [23/Jun/2020:10:40:38 +0800] "POST /xingrg/kc/buy/cgsh_order_operate.html HTTP/1.1" 200 27795
117.184.7.30 - - [23/Jun/2020:10:40:40 +0800] "GET /xingrg/check_reg.html?_=1592880725573 HTTP/1.1" 200 22
117.184.7.26 - - [23/Jun/2020:10:40:40 +0800] "GET /xingrg/all/function/internal_message.html?_=1592880725574&CODE_STATE=getMsg HTTP/1.1" 200 27
114.88.170.9 - - [23/Jun/2020:10:40:41 +0800] "GET /xingrg/all/function/internal_message.html?_=1592880038234&CODE_STATE=getMsg HTTP/1.1" 200 27
114.84.151.157 - - [23/Jun/2020:10:40:42 +0800] "GET /xingrg/kc/buy/cgsh_order_operate.html?command=get_materiel&rest_code=00141&code=00101012094&supplier_code=00100347&order_time=2020-06-23 HTTP/1.1" 200 391
180.175.214.200 - - [23/Jun/2020:10:40:46 +0800] "GET /xingrg/check_reg.html?_=1592880251047 HTTP/1.1" 200 22
180.175.214.200 - - [23/Jun/2020:10:40:47 +0800] "GET /xingrg/all/function/internal_message.html?_=1592880251922&CODE_STATE=getMsg HTTP/1.1" 200 27
101.228.167.227 - - [23/Jun/2020:10:40:48 +0800] "GET /xingrg/all/function/internal_message.html?_=1592880053648&CODE_STATE=getMsg HTTP/1.1" 200 27
120.253.135.82 - - [23/Jun/2020:10:40:52 +0800] "GET /xingrg/all/function/internal_message.html?_=1592879806846&CODE_STATE=getMsg HTTP/1.1" 200 27
61.172.5.115 - - [23/Jun/2020:10:40:53 +0800] "GET /xingrg/kc/buy/cgsh_order_operate.html?command=get_materiel&rest_code=00105&code=00101009016&supplier_code=00100024&order_time=2020-06-23 HTTP/1.1" 200 412
172.17.0.240 - - [23/Jun/2020:10:40:56 +0800] "GET /xingrg/all/function/internal_message.html?_=1592880054683&CODE_STATE=getMsg HTTP/1.1" 200 27
114.84.151.157 - - [23/Jun/2020:10:41:00 +0800] "GET /xingrg/all/function/internal_message.html?_=1592880064215&CODE_STATE=getMsg HTTP/1.1" 200 27
172.17.0.123 - - [23/Jun/2020:10:41:01 +0800] "GET /xingrg/all/function/internal_message.html?_=1592880026546&CODE_STATE=getMsg HTTP/1.1" 200 27
114.89.80.44 - - [23/Jun/2020:10:41:01 +0800] "GET /xingrg/all/function/internal_message.html?_=1592880060487&CODE_STATE=getMsg HTTP/1.1" 200 27
172.17.200.101 - - [23/Jun/2020:10:41:02 +0800] "GET /xingrg/all/function/internal_message.html?_=1592880062403&CODE_STATE=getMsg HTTP/1.1" 200 27
114.84.151.157 - - [23/Jun/2020:10:41:02 +0800] "GET /xingrg/kc/buy/cgsh_order_operate.html?command=get_materiel&rest_code=00141&code=00101004038&supplier_code=00100347&order_time=2020-06-23 HTTP/1.1" 200 409
172.17.0.106 - - [23/Jun/2020:10:41:04 +0800] "GET /xingrg/all/function/internal_message.html?_=1592880063614&CODE_STATE=getMsg HTTP/1.1" 200 27
114.89.80.44 - - [23/Jun/2020:10:41:08 +0800] "GET /xingrg/check_reg.html?_=1592880192558 HTTP/1.1" 200 22
114.89.80.44 - - [23/Jun/2020:10:41:09 +0800] "GET /xingrg/all/function/internal_message.html?_=1592880192983&CODE_STATE=getMsg HTTP/1.1" 200 27
101.228.167.227 - - [23/Jun/2020:10:41:11 +0800] "GET /xingrg/all/function/internal_message.html?_=1592880075025&CODE_STATE=getMsg HTTP/1.1" 200 27
180.175.214.200 - - [23/Jun/2020:10:41:11 +0800] "POST /xingrg/kc/base/wldb_order_operate.html HTTP/1.1" 200 37
114.84.151.157 - - [23/Jun/2020:10:41:12 +0800] "GET /xingrg/kc/buy/cgsh_order_operate.html?command=get_materiel&rest_code=00141&code=00101005022&supplier_code=00100347&order_time=2020-06-23 HTTP/1.1" 200 417
116.230.77.149 - - [23/Jun/2020:10:41:12 +0800] "GET /xingrg/all/function/internal_message.html?_=1592880069672&CODE_STATE=getMsg HTTP/1.1" 200 27
172.17.0.100 - - [23/Jun/2020:10:41:13 +0800] "GET /xingrg/all/function/internal_message.html?_=1592880071973&CODE_STATE=getMsg HTTP/1.1" 200 27
180.175.214.200 - - [23/Jun/2020:10:41:13 +0800] "POST /xingrg/kc/base/wldb_order_operate.html HTTP/1.1" 200 12
180.175.214.200 - - [23/Jun/2020:10:41:13 +0800] "POST /xingrg/kc/base/wldb_order_operate.html HTTP/1.1" 200 2206
180.175.214.200 - - [23/Jun/2020:10:41:13 +0800] "GET /xingrg/kc/base/wldb_order_info.html?code=422020062302488 HTTP/1.1" 200 26186
180.175.214.200 - - [23/Jun/2020:10:41:14 +0800] "POST /xingrg/kc/base/wldb_order_operate.html HTTP/1.1" 200 501
180.175.214.200 - - [23/Jun/2020:10:41:14 +0800] "GET /xingrg/javascript/easyui/themes/default/validatebox.css HTTP/1.1" 404 1104
120.253.135.82 - - [23/Jun/2020:10:41:15 +0800] "GET /xingrg/all/function/internal_message.html?_=1592880156675&CODE_STATE=getMsg HTTP/1.1" 200 27
180.175.214.200 - - [23/Jun/2020:10:41:16 +0800] "GET /xingrg/kc/print/load_data.html?order_code=422020062302488&kc_code=wldb&condition= HTTP/1.1" 200 598
117.184.7.26 - - [23/Jun/2020:10:41:17 +0800] "GET /xingrg/all/function/internal_message.html?_=1592880072466&CODE_STATE=getMsg HTTP/1.1" 200 27
222.69.138.225 - - [23/Jun/2020:10:41:22 +0800] "GET /xingrg/all/function/internal_message.html?_=1592880079559&CODE_STATE=getMsg HTTP/1.1" 200 27
116.232.48.38 - - [23/Jun/2020:10:41:22 +0800] "GET /xingrg/index.html?sysBaseUrl=http%3A%2F%2F180.169.147.146%3A18081%2Fxingrg%2F&costTime=53×tamp=1592879934947 HTTP/1.1" 200 17173
116.232.48.38 - - [23/Jun/2020:10:41:22 +0800] "GET /xingrg/javascript/jquery_easy_ui/themes/default/easyui.css HTTP/1.1" 304 -
116.232.48.38 - - [23/Jun/2020:10:41:22 +0800] "GET /xingrg/css/form.css HTTP/1.1" 304 -
116.232.48.38 - - [23/Jun/2020:10:41:22 +0800] "GET /xingrg/javascript/jquery_easy_ui/themes/icon.css HTTP/1.1" 304 -
116.232.48.38 - - [23/Jun/2020:10:41:22 +0800] "GET /xingrg/javascript/jquery-1.4.2.min.js HTTP/1.1" 304 -
116.232.48.38 - - [23/Jun/2020:10:41:22 +0800] "GET /xingrg/javascript/jquery_easy_ui/easyui-lang-zh_CN.js HTTP/1.1" 304 -
116.232.48.38 - - [23/Jun/2020:10:41:22 +0800] "GET /xingrg/javascript/jquery_easy_ui/jquery.easyui.min.js HTTP/1.1" 304 -
116.232.48.38 - - [23/Jun/2020:10:41:22 +0800] "GET /xingrg/javascript/jquery.utils.js HTTP/1.1" 304 -
116.232.48.38 - - [23/Jun/2020:10:41:22 +0800] "GET /xingrg/javascript/jquery.timers.js HTTP/1.1" 304 -
116.232.48.38 - - [23/Jun/2020:10:41:22 +0800] "GET /xingrg/javascript/jquery.form.js HTTP/1.1" 304 -
116.232.48.38 - - [23/Jun/2020:10:41:22 +0800] "GET /xingrg/images/blue/jxLogo.png HTTP/1.1" 304 -
116.232.48.38 - - [23/Jun/2020:10:41:22 +0800] "GET /xingrg/images/blue/navBackgound.jpg HTTP/1.1" 304 -
116.232.48.38 - - [23/Jun/2020:10:41:22 +0800] "GET /xingrg/javascript/jquery_easy_ui/themes/icons/settle_new.png HTTP/1.1" 304 -
116.232.48.38 - - [23/Jun/2020:10:41:22 +0800] "POST /xingrg/all/common/load_tree.html?tree=area_rest_tree_json&manage=1 HTTP/1.1" 200 342
116.232.48.38 - - [23/Jun/2020:10:41:22 +0800] "GET /xingrg/images/blue/pingpu.png HTTP/1.1" 304 -
116.232.48.38 - - [23/Jun/2020:10:41:22 +0800] "GET /xingrg/javascript/jquery_easy_ui/themes/default/images/tabs_rightarrow.png HTTP/1.1" 304 -
116.232.48.38 - - [23/Jun/2020:10:41:22 +0800] "GET /xingrg/javascript/jquery_easy_ui/themes/default/images/tabs_leftarrow.png HTTP/1.1" 304 -
116.232.48.38 - - [23/Jun/2020:10:41:22 +0800] "GET /xingrg/javascript/jquery_easy_ui/themes/default/images/panel_tool_collapse.gif HTTP/1.1" 304 -
116.232.48.38 - - [23/Jun/2020:10:41:22 +0800] "GET /xingrg/check_reg.html?_=1592880117421 HTTP/1.1" 200 22
116.232.48.38 - - [23/Jun/2020:10:41:22 +0800] "GET /xingrg/all/function/internal_message.html?_=1592880117421&CODE_STATE=count HTTP/1.1" 200 11
116.232.48.38 - - [23/Jun/2020:10:41:22 +0800] "POST /xingrg/load_menu.html HTTP/1.1" 200 5138
116.232.48.38 - - [23/Jun/2020:10:41:22 +0800] "GET /xingrg/javascript/jquery_easy_ui/themes/default/images/tree_arrows.gif HTTP/1.1" 304 -
116.232.48.38 - - [23/Jun/2020:10:41:22 +0800] "GET /xingrg/javascript/jquery_easy_ui/themes/default/images/tree_folder_open.gif HTTP/1.1" 304 -
116.232.48.38 - - [23/Jun/2020:10:41:22 +0800] "GET /xingrg/javascript/jquery_easy_ui/themes/icons/search_new.png HTTP/1.1" 304 -
116.232.48.38 - - [23/Jun/2020:10:41:22 +0800] "GET /xingrg/javascript/jquery_easy_ui/themes/default/images/tree_folder.gif HTTP/1.1" 304 -
116.232.48.38 - - [23/Jun/2020:10:41:22 +0800] "GET /xingrg/javascript/jquery_easy_ui/themes/icons/storage_new.png HTTP/1.1" 304 -
116.232.48.38 - - [23/Jun/2020:10:41:22 +0800] "GET /xingrg/javascript/jquery_easy_ui/themes/icons/forms_new.png HTTP/1.1" 304 -
116.232.48.38 - - [23/Jun/2020:10:41:22 +0800] "GET /xingrg/javascript/jquery_easy_ui/themes/default/images/tree_file.gif HTTP/1.1" 304 -
114.84.151.157 - - [23/Jun/2020:10:41:23 +0800] "GET /xingrg/kc/buy/cgsh_order_operate.html?command=get_materiel&rest_code=00141&code=00101003004&supplier_code=00100347&order_time=2020-06-23 HTTP/1.1" 200 419
114.88.170.9 - - [23/Jun/2020:10:41:25 +0800] "GET /xingrg/check_reg.html?_=1592880081778 HTTP/1.1" 200 22
116.232.48.38 - - [23/Jun/2020:10:41:26 +0800] "GET /xingrg/javascript/jquery_easy_ui/themes/default/images/tabs_close.gif HTTP/1.1" 304 -
116.232.48.38 - - [23/Jun/2020:10:41:26 +0800] "GET /xingrg/kc/base/base_main.html HTTP/1.1" 200 12142
116.232.48.38 - - [23/Jun/2020:10:41:26 +0800] "GET /xingrg/javascript/pic_change.js HTTP/1.1" 304 -
116.232.48.38 - - [23/Jun/2020:10:41:26 +0800] "GET /xingrg/css/blue.css HTTP/1.1" 304 -
116.232.48.38 - - [23/Jun/2020:10:41:26 +0800] "GET /xingrg/javascript/myfunction.js HTTP/1.1" 304 -
116.232.48.38 - - [23/Jun/2020:10:41:26 +0800] "GET /xingrg/images/blue/button/wlsy.gif HTTP/1.1" 304 -
116.232.48.38 - - [23/Jun/2020:10:41:26 +0800] "GET /xingrg/images/blue/button/ckpd.gif HTTP/1.1" 304 -
116.232.48.38 - - [23/Jun/2020:10:41:26 +0800] "GET /xingrg/images/blue/button/kc.gif HTTP/1.1" 304 -
116.232.48.38 - - [23/Jun/2020:10:41:26 +0800] "GET /xingrg/images/blue/button/ckdb.gif HTTP/1.1" 304 -
116.232.48.38 - - [23/Jun/2020:10:41:26 +0800] "GET /xingrg/images/blue/button/yddb.gif HTTP/1.1" 304 -
116.232.48.38 - - [23/Jun/2020:10:41:26 +0800] "GET /xingrg/images/blue/pic_form2.gif HTTP/1.1" 304 -
116.232.48.38 - - [23/Jun/2020:10:41:26 +0800] "GET /xingrg/images/blue/bg_dotted.jpg HTTP/1.1" 304 -
116.232.48.38 - - [23/Jun/2020:10:41:26 +0800] "GET /xingrg/images/blue/button/top_left.jpg HTTP/1.1" 304 -
116.232.48.38 - - [23/Jun/2020:10:41:26 +0800] "GET /xingrg/images/blue/button/top_right.jpg HTTP/1.1" 304 -
116.232.48.38 - - [23/Jun/2020:10:41:26 +0800] "GET /xingrg/images/blue/button/down.jpg HTTP/1.1" 304 -
116.232.48.38 - - [23/Jun/2020:10:41:27 +0800] "GET /xingrg/images/blue/button/left_ah.jpg HTTP/1.1" 304 -
116.232.48.38 - - [23/Jun/2020:10:41:27 +0800] "GET /xingrg/images/blue/button/right_ah.jpg HTTP/1.1" 304 -
116.232.48.38 - - [23/Jun/2020:10:41:27 +0800] "GET /xingrg/images/blue/button/bottom_left.jpg HTTP/1.1" 304 -
116.232.48.38 - - [23/Jun/2020:10:41:27 +0800] "GET /xingrg/images/blue/button/bottom_right.jpg HTTP/1.1" 304 -
116.232.48.38 - - [23/Jun/2020:10:41:29 +0800] "GET /xingrg/kc/report/report_main.html HTTP/1.1" 200 7345
116.232.48.38 - - [23/Jun/2020:10:41:29 +0800] "GET /xingrg/javascript/jquery_ui/themes/humanity/humanity.css HTTP/1.1" 304 -
116.232.48.38 - - [23/Jun/2020:10:41:29 +0800] "GET /xingrg/javascript/json2.js HTTP/1.1" 304 -
116.232.48.38 - - [23/Jun/2020:10:41:29 +0800] "GET /xingrg/javascript/jquery_easy_ui/themes/icons/back_new.png HTTP/1.1" 304 -
116.232.48.38 - - [23/Jun/2020:10:41:30 +0800] "GET /xingrg/all/report/report_query.html?fileName=kc/base/rk_by_base.xml&rh=9999 HTTP/1.1" 200 51953
116.232.48.38 - - [23/Jun/2020:10:41:30 +0800] "GET /xingrg/javascript/multi_select/jqueryMultiSelect.css HTTP/1.1" 304 -
116.232.48.38 - - [23/Jun/2020:10:41:30 +0800] "GET /xingrg/javascript/calendar/timePicker.css HTTP/1.1" 304 -
116.232.48.38 - - [23/Jun/2020:10:41:30 +0800] "GET /xingrg/javascript/bigrid/fix.css HTTP/1.1" 304 -
116.232.48.38 - - [23/Jun/2020:10:41:30 +0800] "GET /xingrg/dwr/util.js HTTP/1.1" 304 -
116.232.48.38 - - [23/Jun/2020:10:41:30 +0800] "GET /xingrg/dwr/interface/AjaxReportQueryService.js HTTP/1.1" 200 13203
116.232.48.38 - - [23/Jun/2020:10:41:30 +0800] "GET /xingrg/javascript/jqueryMultiSelect.js HTTP/1.1" 304 -
116.232.48.38 - - [23/Jun/2020:10:41:31 +0800] "GET /xingrg/javascript/Calendar.js HTTP/1.1" 304 -
116.232.48.38 - - [23/Jun/2020:10:41:31 +0800] "GET /xingrg/dwr/engine.js HTTP/1.1" 200 43631
116.232.48.38 - - [23/Jun/2020:10:41:31 +0800] "GET /xingrg/javascript/calendar/jquery.timePicker.min.js HTTP/1.1" 304 -
116.232.48.38 - - [23/Jun/2020:10:41:31 +0800] "GET /xingrg/javascript/bigrid/fix.js HTTP/1.1" 304 -
116.232.48.38 - - [23/Jun/2020:10:41:31 +0800] "GET /xingrg/images/control/loading.gif HTTP/1.1" 304 -
116.232.48.38 - - [23/Jun/2020:10:41:31 +0800] "GET /xingrg/images/blue/button/advance2over.gif HTTP/1.1" 304 -
116.232.48.38 - - [23/Jun/2020:10:41:31 +0800] "GET /xingrg/images/blue/button/advanceover.gif HTTP/1.1" 304 -
116.232.48.38 - - [23/Jun/2020:10:41:31 +0800] "GET /xingrg/images/blue/button/back2over.gif HTTP/1.1" 304 -
116.232.48.38 - - [23/Jun/2020:10:41:31 +0800] "GET /xingrg/images/blue/button/backover.gif HTTP/1.1" 304 -
116.232.48.38 - - [23/Jun/2020:10:41:31 +0800] "GET /xingrg/javascript/jquery_easy_ui/themes/icons/help.png HTTP/1.1" 304 -
116.232.48.38 - - [23/Jun/2020:10:41:31 +0800] "GET /xingrg/javascript/jquery_easy_ui/themes/default/images/menu_downarrow.png HTTP/1.1" 304 -
116.232.48.38 - - [23/Jun/2020:10:41:31 +0800] "GET /xingrg/javascript/jquery_easy_ui/themes/default/images/menu.gif HTTP/1.1" 304 -
116.232.48.38 - - [23/Jun/2020:10:41:31 +0800] "GET /xingrg/javascript/jquery_easy_ui/themes/icons/print.png HTTP/1.1" 304 -
116.232.48.38 - - [23/Jun/2020:10:41:31 +0800] "GET /xingrg/javascript/jquery_easy_ui/themes/icons/pencil.png HTTP/1.1" 304 -
116.232.48.38 - - [23/Jun/2020:10:41:31 +0800] "GET /xingrg/javascript/jquery_easy_ui/themes/default/images/menu_rightarrow.png HTTP/1.1" 304 -
116.232.48.38 - - [23/Jun/2020:10:41:31 +0800] "POST /xingrg/dwr/call/plaincall/AjaxReportQueryService.getFixDate.dwr HTTP/1.1" 200 111
116.232.48.38 - - [23/Jun/2020:10:41:31 +0800] "GET /xingrg/javascript/jquery_easy_ui/themes/default/images/combo_arrow_dot.gif HTTP/1.1" 304 -
116.232.48.38 - - [23/Jun/2020:10:41:31 +0800] "POST /xingrg/all/common/load_tree.html?tree=materiel_sort_tree_json HTTP/1.1" 200 8666
116.232.48.38 - - [23/Jun/2020:10:41:31 +0800] "GET /xingrg/javascript/jquery_easy_ui/themes/default/images/tree_checkbox_0.gif HTTP/1.1" 304 -
116.232.48.38 - - [23/Jun/2020:10:41:31 +0800] "POST /xingrg/dwr/call/plaincall/AjaxReportQueryService.getInitString.dwr HTTP/1.1" 200 1014
116.232.48.38 - - [23/Jun/2020:10:41:31 +0800] "GET /xingrg/javascript/multi_select/dropdown.gif HTTP/1.1" 304 -
114.84.151.157 - - [23/Jun/2020:10:41:38 +0800] "GET /xingrg/kc/buy/cgsh_order_operate.html?command=get_materiel&rest_code=00141&code=00102002167&supplier_code=00100347&order_time=2020-06-23 HTTP/1.1" 200 409
116.232.48.38 - - [23/Jun/2020:10:41:39 +0800] "GET /xingrg/javascript/jquery_easy_ui/themes/default/images/tree_checkbox_1.gif HTTP/1.1" 304 -
116.232.48.38 - - [23/Jun/2020:10:41:39 +0800] "GET /xingrg/javascript/jquery_easy_ui/themes/default/images/tree_checkbox_2.gif HTTP/1.1" 304 -
116.232.48.38 - - [23/Jun/2020:10:41:40 +0800] "GET /xingrg/javascript/multi_select/dropdown_hover.gif HTTP/1.1" 304 -
116.232.48.38 - - [23/Jun/2020:10:41:40 +0800] "GET /xingrg/javascript/multi_select/dropdown_active.gif HTTP/1.1" 304 -
117.184.7.30 - - [23/Jun/2020:10:41:40 +0800] "GET /xingrg/all/function/internal_message.html?_=1592880785572&CODE_STATE=getMsg HTTP/1.1" 200 27
114.88.170.9 - - [23/Jun/2020:10:41:41 +0800] "GET /xingrg/all/function/internal_message.html?_=1592880098246&CODE_STATE=getMsg HTTP/1.1" 200 27
180.175.214.200 - - [23/Jun/2020:10:41:47 +0800] "GET /xingrg/all/function/internal_message.html?_=1592880311934&CODE_STATE=getMsg HTTP/1.1" 200 27
101.228.167.227 - - [23/Jun/2020:10:41:49 +0800] "GET /xingrg/all/function/internal_message.html?_=1592880113738&CODE_STATE=getMsg HTTP/1.1" 200 27
116.232.48.38 - - [23/Jun/2020:10:41:49 +0800] "GET /xingrg/javascript/jquery_easy_ui/themes/default/images/button_plain_hover.png HTTP/1.1" 304 -
114.89.80.44 - - [23/Jun/2020:10:41:49 +0800] "GET /xingrg/kc/buy/cgsh_order_add.html HTTP/1.1" 200 59061
114.89.80.44 - - [23/Jun/2020:10:41:49 +0800] "GET /xingrg/words/20200622165413_words.js HTTP/1.1" 304 -
114.89.80.44 - - [23/Jun/2020:10:41:49 +0800] "POST /xingrg/kc/buy/cgsh_order_operate.html HTTP/1.1" 200 8245
114.89.80.44 - - [23/Jun/2020:10:41:49 +0800] "GET /xingrg/javascript/easyui/themes/default/validatebox.css HTTP/1.1" 404 1104
116.232.48.38 - - [23/Jun/2020:10:41:49 +0800] "POST /xingrg/dwr/call/plaincall/AjaxReportQueryService.refreshCache.dwr HTTP/1.1" 200 78
116.232.48.38 - - [23/Jun/2020:10:41:50 +0800] "POST /xingrg/all/report/load_report_page.html HTTP/1.1" 200 20696
116.232.48.38 - - [23/Jun/2020:10:41:50 +0800] "GET /xingrg/servlets/image?cache=0.11774421341716546&image=px HTTP/1.1" 200 807
114.84.151.157 - - [23/Jun/2020:10:41:52 +0800] "GET /xingrg/kc/buy/cgsh_order_operate.html?command=get_materiel&rest_code=00141&code=00101002048&supplier_code=00100347&order_time=2020-06-23 HTTP/1.1" 200 401
120.253.135.82 - - [23/Jun/2020:10:41:52 +0800] "GET /xingrg/all/function/internal_message.html?_=1592879866860&CODE_STATE=getMsg HTTP/1.1" 200 27
172.17.0.240 - - [23/Jun/2020:10:41:56 +0800] "GET /xingrg/check_reg.html?_=1592880114688 HTTP/1.1" 200 22
172.17.0.240 - - [23/Jun/2020:10:41:56 +0800] "GET /xingrg/all/function/internal_message.html?_=1592880114686&CODE_STATE=getMsg HTTP/1.1" 200 27
114.84.151.157 - - [23/Jun/2020:10:41:58 +0800] "GET /xingrg/check_reg.html?_=1592880122353 HTTP/1.1" 200 22
114.84.151.157 - - [23/Jun/2020:10:42:00 +0800] "GET /xingrg/all/function/internal_message.html?_=1592880124194&CODE_STATE=getMsg HTTP/1.1" 200 27
172.17.0.123 - - [23/Jun/2020:10:42:01 +0800] "GET /xingrg/all/function/internal_message.html?_=1592880086534&CODE_STATE=getMsg HTTP/1.1" 200 27
172.17.0.123 - - [23/Jun/2020:10:42:01 +0800] "GET /xingrg/check_reg.html?_=1592880086536 HTTP/1.1" 200 22
114.89.80.44 - - [23/Jun/2020:10:42:01 +0800] "GET /xingrg/all/function/internal_message.html?_=1592880120487&CODE_STATE=getMsg HTTP/1.1" 200 27
172.17.200.101 - - [23/Jun/2020:10:42:02 +0800] "GET /xingrg/all/function/internal_message.html?_=1592880122408&CODE_STATE=getMsg HTTP/1.1" 200 27
114.89.80.44 - - [23/Jun/2020:10:42:04 +0800] "GET /xingrg/kc/buy/cgsh_order_operate.html?command=get_materiel&rest_code=00150&code=00102002411&supplier_code=00100149&order_time=2020-06-23 HTTP/1.1" 200 418
172.17.0.106 - - [23/Jun/2020:10:42:04 +0800] "GET /xingrg/all/function/internal_message.html?_=1592880123625&CODE_STATE=getMsg HTTP/1.1" 200 27
114.84.151.157 - - [23/Jun/2020:10:42:07 +0800] "POST /xingrg/kc/buy/cgsh_order_operate.html HTTP/1.1" 200 37
114.89.80.44 - - [23/Jun/2020:10:42:09 +0800] "GET /xingrg/all/function/internal_message.html?_=1592880252996&CODE_STATE=getMsg HTTP/1.1" 200 27
114.84.151.157 - - [23/Jun/2020:10:42:10 +0800] "POST /xingrg/kc/buy/cgsh_order_operate.html HTTP/1.1" 200 12
114.84.151.157 - - [23/Jun/2020:10:42:10 +0800] "GET /xingrg/kc/buy/cgsh_order_info.html?code=212020062308973 HTTP/1.1" 200 54038
61.172.5.115 - - [23/Jun/2020:10:42:10 +0800] "GET /xingrg/kc/buy/cgsh_order_operate.html?command=get_materiel&rest_code=00105&code=00101009013&supplier_code=00100024&order_time=2020-06-23 HTTP/1.1" 200 420
114.84.151.157 - - [23/Jun/2020:10:42:10 +0800] "GET /xingrg/javascript/easyui/themes/default/validatebox.css HTTP/1.1" 404 1104
114.84.151.157 - - [23/Jun/2020:10:42:11 +0800] "POST /xingrg/kc/buy/cgsh_order_operate.html HTTP/1.1" 200 3573
101.228.167.227 - - [23/Jun/2020:10:42:11 +0800] "GET /xingrg/all/function/internal_message.html?_=1592880135039&CODE_STATE=getMsg HTTP/1.1" 200 27
114.84.151.157 - - [23/Jun/2020:10:42:12 +0800] "GET /xingrg/kc/print/load_config.html?kc_code=cgsh HTTP/1.1" 200 1845
114.84.151.157 - - [23/Jun/2020:10:42:12 +0800] "GET /xingrg/kc/print/load_data.html?order_code=212020062308973&kc_code=cgsh&condition= HTTP/1.1" 200 1835
116.230.77.149 - - [23/Jun/2020:10:42:12 +0800] "GET /xingrg/all/function/internal_message.html?_=1592880129647&CODE_STATE=getMsg HTTP/1.1" 200 27
172.17.0.100 - - [23/Jun/2020:10:42:13 +0800] "GET /xingrg/check_reg.html?_=1592880131910 HTTP/1.1" 200 22
172.17.0.100 - - [23/Jun/2020:10:42:13 +0800] "GET /xingrg/all/function/internal_message.html?_=1592880131943&CODE_STATE=getMsg HTTP/1.1" 200 27
114.89.80.44 - - [23/Jun/2020:10:42:13 +0800] "GET /xingrg/kc/buy/cgsh_order_operate.html?command=get_materiel&rest_code=00150&code=00102002389&supplier_code=00100149&order_time=2020-06-23 HTTP/1.1" 200 431
120.253.135.82 - - [23/Jun/2020:10:42:13 +0800] "GET /xingrg/check_reg.html?_=1592880215087 HTTP/1.1" 200 22
101.228.167.227 - - [23/Jun/2020:10:42:14 +0800] "GET /xingrg/check_reg.html?_=1592880139246 HTTP/1.1" 200 22
114.86.190.97 - - [23/Jun/2020:10:42:15 +0800] "POST /xingrg/kc/buy/cgsh_list_operate.html HTTP/1.1" 200 557
120.253.135.82 - - [23/Jun/2020:10:42:15 +0800] "GET /xingrg/all/function/internal_message.html?_=1592880216688&CODE_STATE=getMsg HTTP/1.1" 200 27
114.86.190.97 - - [23/Jun/2020:10:42:16 +0800] "GET /xingrg/kc/buy/cgsh_order_info.html?code=212020062308912 HTTP/1.1" 200 59152
114.86.190.97 - - [23/Jun/2020:10:42:16 +0800] "GET /xingrg/javascript/easyui/themes/default/validatebox.css HTTP/1.1" 404 1104
117.184.7.26 - - [23/Jun/2020:10:42:17 +0800] "GET /xingrg/all/function/internal_message.html?_=1592880132455&CODE_STATE=getMsg HTTP/1.1" 200 27
114.86.190.97 - - [23/Jun/2020:10:42:17 +0800] "POST /xingrg/kc/buy/cgsh_order_operate.html HTTP/1.1" 200 5599
114.84.151.157 - - [23/Jun/2020:10:42:17 +0800] "GET /xingrg/kc/buy/cgsh_order_add.html HTTP/1.1" 200 59143
114.88.170.9 - - [23/Jun/2020:10:42:17 +0800] "GET /xingrg/all/function/internal_message.html?_=1592880127667&CODE_STATE=getMsg HTTP/1.1" 200 27
114.88.170.9 - - [23/Jun/2020:10:42:17 +0800] "GET /xingrg/check_reg.html?_=1592880127668 HTTP/1.1" 200 22
114.84.151.157 - - [23/Jun/2020:10:42:18 +0800] "POST /xingrg/kc/buy/cgsh_order_operate.html HTTP/1.1" 200 8245
114.84.151.157 - - [23/Jun/2020:10:42:18 +0800] "GET /xingrg/javascript/easyui/themes/default/validatebox.css HTTP/1.1" 404 1104
116.232.48.38 - - [23/Jun/2020:10:42:21 +0800] "GET /xingrg/javascript/jquery_easy_ui/themes/icons/rest.png HTTP/1.1" 304 -
116.232.48.38 - - [23/Jun/2020:10:42:21 +0800] "GET /xingrg/javascript/jquery_easy_ui/themes/icons/area.png HTTP/1.1" 304 -
222.69.138.225 - - [23/Jun/2020:10:42:22 +0800] "GET /xingrg/all/function/internal_message.html?_=1592880139554&CODE_STATE=getMsg HTTP/1.1" 200 27
116.232.48.38 - - [23/Jun/2020:10:42:22 +0800] "GET /xingrg/all/function/internal_message.html?_=1592880177421&CODE_STATE=getMsg HTTP/1.1" 200 27
61.172.5.115 - - [23/Jun/2020:10:42:23 +0800] "GET /xingrg/kc/buy/cgsh_order_operate.html?command=get_materiel&rest_code=00105&code=00101009007&supplier_code=00100024&order_time=2020-06-23 HTTP/1.1" 200 408
116.232.48.38 - - [23/Jun/2020:10:42:23 +0800] "GET /xingrg/index.html?sysBaseUrl=http%3A%2F%2F180.169.147.146%3A18081%2Fxingrg%2F&costTime=53×tamp=1592879934947 HTTP/1.1" 200 17173
116.232.48.38 - - [23/Jun/2020:10:42:23 +0800] "POST /xingrg/all/common/load_tree.html?tree=area_rest_tree_json&manage=1 HTTP/1.1" 200 342
116.232.48.38 - - [23/Jun/2020:10:42:23 +0800] "GET /xingrg/all/function/internal_message.html?_=1592880178962&CODE_STATE=count HTTP/1.1" 200 11
116.232.48.38 - - [23/Jun/2020:10:42:23 +0800] "GET /xingrg/check_reg.html?_=1592880178963 HTTP/1.1" 200 22
116.232.48.38 - - [23/Jun/2020:10:42:23 +0800] "POST /xingrg/load_menu.html HTTP/1.1" 200 5138
116.232.48.38 - - [23/Jun/2020:10:42:24 +0800] "GET /xingrg/kc/buy/buy_main.html HTTP/1.1" 200 12412
116.232.48.38 - - [23/Jun/2020:10:42:24 +0800] "GET /xingrg/css/new_ie.css HTTP/1.1" 404 1036
116.232.48.38 - - [23/Jun/2020:10:42:25 +0800] "GET /xingrg/kc/buy/cgsh_order_list.html HTTP/1.1" 200 43399
114.86.190.97 - - [23/Jun/2020:10:42:26 +0800] "GET /xingrg/check_reg.html?_=1592880146688 HTTP/1.1" 200 22
116.232.48.38 - - [23/Jun/2020:10:42:26 +0800] "POST /xingrg/kc/buy/cgsh_list_operate.html HTTP/1.1" 200 1691
116.232.48.38 - - [23/Jun/2020:10:42:27 +0800] "GET /xingrg/kc/buy/cgsh_order_add.html HTTP/1.1" 200 59184
116.232.48.38 - - [23/Jun/2020:10:42:27 +0800] "POST /xingrg/kc/buy/cgsh_order_operate.html HTTP/1.1" 200 8245
116.232.48.38 - - [23/Jun/2020:10:42:27 +0800] "GET /xingrg/all/common/auto_word.html?type=employee&rest_code=00109 HTTP/1.1" 200 255
116.232.48.38 - - [23/Jun/2020:10:42:27 +0800] "GET /xingrg/javascript/easyui/themes/default/validatebox.css HTTP/1.1" 404 1104
116.232.48.38 - - [23/Jun/2020:10:42:27 +0800] "GET /xingrg/all/common/auto_word.html?type=employee&rest_code=00109 HTTP/1.1" 200 255
116.232.48.38 - - [23/Jun/2020:10:42:32 +0800] "GET /xingrg/javascript/jquery_tools/images/prev.gif HTTP/1.1" 404 1086
116.232.48.38 - - [23/Jun/2020:10:42:32 +0800] "GET /xingrg/javascript/jquery_tools/images/next.gif HTTP/1.1" 404 1086
180.175.214.200 - - [23/Jun/2020:10:42:34 +0800] "GET /xingrg/kc/base/wldb_order_add.html HTTP/1.1" 200 30312
180.175.214.200 - - [23/Jun/2020:10:42:34 +0800] "POST /xingrg/kc/base/wldb_order_operate.html HTTP/1.1" 200 6806
180.175.214.200 - - [23/Jun/2020:10:42:35 +0800] "GET /xingrg/javascript/easyui/themes/default/validatebox.css HTTP/1.1" 404 1104
180.175.214.200 - - [23/Jun/2020:10:42:35 +0800] "POST /xingrg/all/common/load_combo.html?type=base HTTP/1.1" 200 2966
114.84.151.157 - - [23/Jun/2020:10:42:35 +0800] "GET /xingrg/kc/buy/cgsh_order_operate.html?command=get_materiel&rest_code=00141&code=00101007077&supplier_code=00100328&order_time=2020-06-23 HTTP/1.1" 200 415
116.232.48.38 - - [23/Jun/2020:10:42:36 +0800] "GET /xingrg/kc/buy/cgsh_order_operate.html?command=get_materiel&rest_code=00109&code=00101007075&supplier_code=00100004&order_time=2020-06-23 HTTP/1.1" 200 408
180.175.214.200 - - [23/Jun/2020:10:42:38 +0800] "POST /xingrg/all/common/load_combo.html?type=base HTTP/1.1" 200 2966
117.184.7.30 - - [23/Jun/2020:10:42:40 +0800] "GET /xingrg/all/function/internal_message.html?_=1592880845572&CODE_STATE=getMsg HTTP/1.1" 200 27
114.88.170.9 - - [23/Jun/2020:10:42:41 +0800] "GET /xingrg/all/function/internal_message.html?_=1592880158260&CODE_STATE=getMsg HTTP/1.1" 200 27
116.232.48.38 - - [23/Jun/2020:10:42:45 +0800] "GET /xingrg/kc/buy/cgsh_order_operate.html?command=get_materiel&rest_code=00109&code=00101007059&supplier_code=00100004&order_time=2020-06-23 HTTP/1.1" 200 409
114.86.190.97 - - [23/Jun/2020:10:42:47 +0800] "POST /xingrg/kc/buy/cgsh_order_operate.html HTTP/1.1" 200 37
180.175.214.200 - - [23/Jun/2020:10:42:47 +0800] "GET /xingrg/all/function/internal_message.html?_=1592880371947&CODE_STATE=getMsg HTTP/1.1" 200 27
101.228.167.227 - - [23/Jun/2020:10:42:49 +0800] "GET /xingrg/all/function/internal_message.html?_=1592880173753&CODE_STATE=getMsg HTTP/1.1" 200 27
180.175.214.200 - - [23/Jun/2020:10:42:50 +0800] "GET /xingrg/kc/base/wldb_order_operate.html?command=get_materiel&rest_code=00102&base_code=0010476&code=00101019527 HTTP/1.1" 200 474
120.253.135.82 - - [23/Jun/2020:10:42:52 +0800] "GET /xingrg/all/function/internal_message.html?_=1592879926914&CODE_STATE=getMsg HTTP/1.1" 200 27
116.232.48.38 - - [23/Jun/2020:10:42:53 +0800] "POST /xingrg/kc/buy/cgsh_order_operate.html HTTP/1.1" 200 37
114.88.170.9 - - [23/Jun/2020:10:42:53 +0800] "GET /xingrg/all/function/internal_message.html?_=1592880187639&CODE_STATE=getMsg HTTP/1.1" 200 27
116.232.48.38 - - [23/Jun/2020:10:42:53 +0800] "POST /xingrg/kc/buy/cgsh_order_operate.html HTTP/1.1" 200 3246
116.232.48.38 - - [23/Jun/2020:10:42:55 +0800] "GET /xingrg/kc/print/load_config.html?kc_code=cgsh HTTP/1.1" 200 1845
116.232.48.38 - - [23/Jun/2020:10:42:55 +0800] "GET /xingrg/kc/print/load_data.html?order_code=212020062308974&kc_code=cgsh&condition= HTTP/1.1" 200 951
172.17.0.240 - - [23/Jun/2020:10:42:56 +0800] "GET /xingrg/all/function/internal_message.html?_=1592880174672&CODE_STATE=getMsg HTTP/1.1" 200 27
180.175.214.200 - - [23/Jun/2020:10:42:56 +0800] "GET /xingrg/kc/base/wldb_order_operate.html?command=get_materiel&rest_code=00102&base_code=0010476&code=00101019056 HTTP/1.1" 200 475
172.17.0.123 - - [23/Jun/2020:10:43:01 +0800] "GET /xingrg/all/function/internal_message.html?_=1592880146538&CODE_STATE=getMsg HTTP/1.1" 200 27
114.89.80.44 - - [23/Jun/2020:10:43:01 +0800] "GET /xingrg/all/function/internal_message.html?_=1592880180488&CODE_STATE=getMsg HTTP/1.1" 200 27
114.84.151.157 - - [23/Jun/2020:10:43:01 +0800] "POST /xingrg/kc/buy/cgsh_order_operate.html HTTP/1.1" 200 37
116.232.48.38 - - [23/Jun/2020:10:43:02 +0800] "GET /xingrg/kc/buy/cgsh_order_add.html HTTP/1.1" 200 59184
116.232.48.38 - - [23/Jun/2020:10:43:02 +0800] "POST /xingrg/kc/buy/cgsh_order_operate.html HTTP/1.1" 200 8245
180.175.214.200 - - [23/Jun/2020:10:43:02 +0800] "POST /xingrg/kc/base/wldb_order_operate.html HTTP/1.1" 200 37
116.232.48.38 - - [23/Jun/2020:10:43:02 +0800] "GET /xingrg/all/common/auto_word.html?type=employee&rest_code=00109 HTTP/1.1" 200 255
116.232.48.38 - - [23/Jun/2020:10:43:02 +0800] "GET /xingrg/all/common/auto_word.html?type=employee&rest_code=00109 HTTP/1.1" 200 255
116.232.48.38 - - [23/Jun/2020:10:43:02 +0800] "GET /xingrg/javascript/easyui/themes/default/validatebox.css HTTP/1.1" 404 1104
180.175.214.200 - - [23/Jun/2020:10:43:02 +0800] "POST /xingrg/kc/base/wldb_order_operate.html HTTP/1.1" 200 2720
172.17.200.101 - - [23/Jun/2020:10:43:02 +0800] "GET /xingrg/check_reg.html?_=1592880182410 HTTP/1.1" 200 22
172.17.200.101 - - [23/Jun/2020:10:43:02 +0800] "GET /xingrg/all/function/internal_message.html?_=1592880182413&CODE_STATE=getMsg HTTP/1.1" 200 27
114.84.151.157 - - [23/Jun/2020:10:43:03 +0800] "POST /xingrg/kc/buy/cgsh_order_operate.html HTTP/1.1" 200 12
114.84.151.157 - - [23/Jun/2020:10:43:04 +0800] "GET /xingrg/kc/buy/cgsh_order_info.html?code=212020062308975 HTTP/1.1" 200 54050
180.175.214.200 - - [23/Jun/2020:10:43:04 +0800] "POST /xingrg/kc/base/wldb_order_operate.html HTTP/1.1" 200 12
172.17.0.106 - - [23/Jun/2020:10:43:04 +0800] "GET /xingrg/all/function/internal_message.html?_=1592880183625&CODE_STATE=getMsg HTTP/1.1" 200 27
114.84.151.157 - - [23/Jun/2020:10:43:04 +0800] "GET /xingrg/javascript/easyui/themes/default/validatebox.css HTTP/1.1" 404 1104
180.175.214.200 - - [23/Jun/2020:10:43:05 +0800] "GET /xingrg/kc/base/wldb_order_info.html?code=422020062302489 HTTP/1.1" 200 26190
114.84.151.157 - - [23/Jun/2020:10:43:05 +0800] "POST /xingrg/kc/buy/cgsh_order_operate.html HTTP/1.1" 200 610
180.175.214.200 - - [23/Jun/2020:10:43:05 +0800] "POST /xingrg/kc/base/wldb_order_operate.html HTTP/1.1" 200 1003
