120.253.135.82 - - [22/Jun/2020:09:58:13 +0800] "GET /xingrg/kc/pszx/mdqp_order_list.html?state=10 HTTP/1.1" 200 11325
114.86.190.97 - - [22/Jun/2020:09:58:13 +0800] "GET /xingrg/all/function/internal_message.html?_=1592791094641&CODE_STATE=getMsg HTTP/1.1" 200 27
120.253.135.82 - - [22/Jun/2020:09:58:13 +0800] "GET /xingrg/dwr/interface/AjaxReportQueryService.js HTTP/1.1" 200 13203
120.253.135.82 - - [22/Jun/2020:09:58:13 +0800] "GET /xingrg/dwr/interface/AjaxQqpsService.js HTTP/1.1" 200 16326
120.253.135.82 - - [22/Jun/2020:09:58:13 +0800] "GET /xingrg/dwr/engine.js HTTP/1.1" 200 43631
114.89.80.44 - - [22/Jun/2020:09:58:13 +0800] "GET /xingrg/all/function/internal_message.html?_=1592791093313&CODE_STATE=getMsg HTTP/1.1" 200 27
114.89.80.44 - - [22/Jun/2020:09:58:15 +0800] "GET /xingrg/javascript/auto/indicator.gif HTTP/1.1" 404 1066
180.175.214.200 - - [22/Jun/2020:09:58:19 +0800] "GET /xingrg/all/function/internal_message.html?_=1592791303586&CODE_STATE=getMsg HTTP/1.1" 200 27
114.88.170.9 - - [22/Jun/2020:09:58:19 +0800] "GET /xingrg/all/function/internal_message.html?_=1592791113192&CODE_STATE=getMsg HTTP/1.1" 200 27
222.69.139.137 - - [22/Jun/2020:09:58:21 +0800] "GET /xingrg/all/function/internal_message.html?_=1592791100141&CODE_STATE=getMsg HTTP/1.1" 200 27
120.253.135.82 - - [22/Jun/2020:09:58:22 +0800] "GET /xingrg/kc/buy/cgth_order_list.html HTTP/1.1" 200 43000
120.253.135.82 - - [22/Jun/2020:09:58:22 +0800] "POST /xingrg/kc/buy/cgth_list_operate.html HTTP/1.1" 200 1919
61.172.5.115 - - [22/Jun/2020:09:58:24 +0800] "GET /xingrg/check_reg.html?_=1592791104140 HTTP/1.1" 200 22
61.172.5.115 - - [22/Jun/2020:09:58:24 +0800] "GET /xingrg/all/function/internal_message.html?_=1592791104143&CODE_STATE=getMsg HTTP/1.1" 200 27
114.88.170.9 - - [22/Jun/2020:09:58:25 +0800] "GET /xingrg/check_reg.html?_=1592791103030 HTTP/1.1" 200 22
120.253.135.82 - - [22/Jun/2020:09:58:25 +0800] "GET /xingrg/dwr/interface/AjaxCgthService.js HTTP/1.1" 200 14519
120.253.135.82 - - [22/Jun/2020:09:58:25 +0800] "GET /xingrg/dwr/interface/AjaxComOrderService.js HTTP/1.1" 200 18264
120.253.135.82 - - [22/Jun/2020:09:58:25 +0800] "GET /xingrg/kc/buy/cgth_order_add.html HTTP/1.1" 200 60538
120.253.135.82 - - [22/Jun/2020:09:58:25 +0800] "GET /xingrg/dwr/engine.js HTTP/1.1" 200 43631
120.253.135.82 - - [22/Jun/2020:09:58:25 +0800] "GET /xingrg/javascript/jquery_easy_ui/themes/icons/edit_add_new.png HTTP/1.1" 200 2997
120.253.135.82 - - [22/Jun/2020:09:58:25 +0800] "GET /xingrg/javascript/jquery_easy_ui/themes/icons/ok.png HTTP/1.1" 200 883
120.253.135.82 - - [22/Jun/2020:09:58:25 +0800] "GET /xingrg/javascript/jquery_easy_ui/themes/icons/cance_new.png HTTP/1.1" 200 3986
120.253.135.82 - - [22/Jun/2020:09:58:25 +0800] "GET /xingrg/javascript/jquery_easy_ui/themes/default/images/validatebox_warning.png HTTP/1.1" 200 921
120.253.135.82 - - [22/Jun/2020:09:58:25 +0800] "GET /xingrg/javascript/jquery_easy_ui/themes/default/images/validatebox_pointer.gif HTTP/1.1" 200 82
120.253.135.82 - - [22/Jun/2020:09:58:26 +0800] "POST /xingrg/all/common/load_tree.html?tree=supplier_tree_json&isDelete=1 HTTP/1.1" 200 49174
120.253.135.82 - - [22/Jun/2020:09:58:26 +0800] "GET /xingrg/images/blue/button/kc_tab_add.gif HTTP/1.1" 200 375
120.253.135.82 - - [22/Jun/2020:09:58:26 +0800] "GET /xingrg/images/blue/button/kc_tab_del.gif HTTP/1.1" 200 383
172.17.0.120 - - [22/Jun/2020:09:58:29 +0800] "GET /xingrg/all/function/internal_message.html?_=1592791108974&CODE_STATE=getMsg HTTP/1.1" 200 27
172.17.0.100 - - [22/Jun/2020:09:58:29 +0800] "GET /xingrg/all/function/internal_message.html?_=1592791108919&CODE_STATE=getMsg HTTP/1.1" 200 27
114.89.80.44 - - [22/Jun/2020:09:58:31 +0800] "GET /xingrg/kc/buy/cgsh_order_operate.html?command=get_materiel&rest_code=00150&code=00101009001&supplier_code=00100096&order_time=2020-06-22 HTTP/1.1" 200 418
101.228.167.227 - - [22/Jun/2020:09:58:31 +0800] "GET /xingrg/all/function/internal_message.html?_=1592791112694&CODE_STATE=getMsg HTTP/1.1" 200 27
172.17.200.101 - - [22/Jun/2020:09:58:33 +0800] "GET /xingrg/all/function/internal_message.html?_=1592791113029&CODE_STATE=getMsg HTTP/1.1" 200 27
101.228.167.227 - - [22/Jun/2020:09:58:34 +0800] "GET /xingrg/kc/buy/cgsh_order_operate.html?command=get_materiel&rest_code=00146&code=00101006065&supplier_code=00100012&order_time=2020-06-22 HTTP/1.1" 200 409
120.253.135.82 - - [22/Jun/2020:09:58:34 +0800] "GET /xingrg/all/function/internal_message.html?_=1592790869085&CODE_STATE=getMsg HTTP/1.1" 200 27
114.84.151.157 - - [22/Jun/2020:09:58:35 +0800] "GET /xingrg/all/function/internal_message.html?_=1592791116535&CODE_STATE=getMsg HTTP/1.1" 200 27
172.17.0.101 - - [22/Jun/2020:09:58:36 +0800] "GET /xingrg/all/function/internal_message.html?_=1592791128210&CODE_STATE=getMsg HTTP/1.1" 200 27
116.230.77.149 - - [22/Jun/2020:09:58:39 +0800] "GET /xingrg/all/function/internal_message.html?_=1592791119879&CODE_STATE=getMsg HTTP/1.1" 200 27
101.228.167.227 - - [22/Jun/2020:09:58:43 +0800] "GET /xingrg/kc/buy/cgsh_order_operate.html?command=get_materiel&rest_code=00146&code=00101006144&supplier_code=00100012&order_time=2020-06-22 HTTP/1.1" 200 409
114.89.80.44 - - [22/Jun/2020:09:58:45 +0800] "GET /xingrg/kc/buy/cgsh_order_operate.html?command=get_materiel&rest_code=00150&code=00101009019&supplier_code=00100096&order_time=2020-06-22 HTTP/1.1" 200 412
117.131.5.26 - - [22/Jun/2020:09:58:48 +0800] "GET /xingrg/all/function/internal_message.html?_=1592791494649&CODE_STATE=getMsg HTTP/1.1" 200 27
101.228.167.227 - - [22/Jun/2020:09:58:48 +0800] "GET /xingrg/all/function/internal_message.html?_=1592791129774&CODE_STATE=getMsg HTTP/1.1" 200 27
114.88.170.9 - - [22/Jun/2020:09:58:54 +0800] "GET /xingrg/all/function/internal_message.html?_=1592791132295&CODE_STATE=getMsg HTTP/1.1" 200 27
101.228.167.227 - - [22/Jun/2020:09:58:55 +0800] "GET /xingrg/kc/buy/cgsh_order_operate.html?command=get_materiel&rest_code=00146&code=00101006111&supplier_code=00100012&order_time=2020-06-22 HTTP/1.1" 200 409
120.253.135.82 - - [22/Jun/2020:09:58:57 +0800] "POST /xingrg/dwr/call/plaincall/AjaxCgthService.saveOrder.dwr HTTP/1.1" 200 78
120.253.135.82 - - [22/Jun/2020:09:58:58 +0800] "GET /xingrg/images/yd/bt.gif HTTP/1.1" 404 1040
114.89.80.44 - - [22/Jun/2020:09:58:59 +0800] "GET /xingrg/kc/buy/cgsh_order_operate.html?command=get_materiel&rest_code=00150&code=00101009011&supplier_code=00100096&order_time=2020-06-22 HTTP/1.1" 200 416
120.253.135.82 - - [22/Jun/2020:09:59:02 +0800] "POST /xingrg/dwr/call/plaincall/AjaxComOrderService.getMaterielSearchList.dwr HTTP/1.1" 200 323506
120.253.135.82 - - [22/Jun/2020:09:59:02 +0800] "POST /xingrg/dwr/call/plaincall/AjaxComOrderService.getMaterielSearchList.dwr HTTP/1.1" 200 20950
120.253.135.82 - - [22/Jun/2020:09:59:03 +0800] "POST /xingrg/dwr/call/plaincall/AjaxComOrderService.getMaterielSearchList.dwr HTTP/1.1" 200 1129
114.89.80.44 - - [22/Jun/2020:09:59:04 +0800] "GET /xingrg/all/function/internal_message.html?_=1592791269994&CODE_STATE=getMsg HTTP/1.1" 200 27
101.228.167.227 - - [22/Jun/2020:09:59:05 +0800] "GET /xingrg/kc/buy/cgsh_order_operate.html?command=get_materiel&rest_code=00146&code=00101006135&supplier_code=00100012&order_time=2020-06-22 HTTP/1.1" 200 417
117.184.7.26 - - [22/Jun/2020:09:59:05 +0800] "GET /xingrg/check_reg.html?_=1592791143840 HTTP/1.1" 200 22
117.184.7.26 - - [22/Jun/2020:09:59:06 +0800] "GET /xingrg/all/function/internal_message.html?_=1592791144281&CODE_STATE=getMsg HTTP/1.1" 200 27
114.89.80.44 - - [22/Jun/2020:09:59:09 +0800] "GET /xingrg/kc/buy/cgsh_order_operate.html?command=get_materiel&rest_code=00150&code=00101009041&supplier_code=00100096&order_time=2020-06-22 HTTP/1.1" 200 408
120.253.135.82 - - [22/Jun/2020:09:59:09 +0800] "POST /xingrg/dwr/call/plaincall/AjaxCgthService.getMaterielByMap.dwr HTTP/1.1" 200 1439
120.253.135.82 - - [22/Jun/2020:09:59:11 +0800] "POST /xingrg/dwr/call/plaincall/AjaxCgthService.saveMaterielItem.dwr HTTP/1.1" 200 78
114.86.190.97 - - [22/Jun/2020:09:59:13 +0800] "GET /xingrg/all/function/internal_message.html?_=1592791154630&CODE_STATE=getMsg HTTP/1.1" 200 27
114.89.80.44 - - [22/Jun/2020:09:59:13 +0800] "GET /xingrg/all/function/internal_message.html?_=1592791153307&CODE_STATE=getMsg HTTP/1.1" 200 27
120.253.135.82 - - [22/Jun/2020:09:59:15 +0800] "POST /xingrg/dwr/call/plaincall/AjaxCgthService.saveOrder.dwr HTTP/1.1" 200 78
101.228.167.227 - - [22/Jun/2020:09:59:15 +0800] "GET /xingrg/kc/buy/cgsh_order_operate.html?command=get_materiel&rest_code=00146&code=00101006038&supplier_code=00100012&order_time=2020-06-22 HTTP/1.1" 200 421
180.175.214.200 - - [22/Jun/2020:09:59:19 +0800] "GET /xingrg/all/function/internal_message.html?_=1592791363600&CODE_STATE=getMsg HTTP/1.1" 200 27
114.88.170.9 - - [22/Jun/2020:09:59:19 +0800] "GET /xingrg/all/function/internal_message.html?_=1592791173192&CODE_STATE=getMsg HTTP/1.1" 200 27
120.253.135.82 - - [22/Jun/2020:09:59:19 +0800] "POST /xingrg/dwr/call/plaincall/AjaxComOrderService.getMaterielSearchList.dwr HTTP/1.1" 200 26945
120.253.135.82 - - [22/Jun/2020:09:59:20 +0800] "POST /xingrg/dwr/call/plaincall/AjaxComOrderService.getMaterielSearchList.dwr HTTP/1.1" 200 26945
222.69.139.137 - - [22/Jun/2020:09:59:21 +0800] "GET /xingrg/all/function/internal_message.html?_=1592791160151&CODE_STATE=getMsg HTTP/1.1" 200 27
222.69.139.137 - - [22/Jun/2020:09:59:21 +0800] "GET /xingrg/check_reg.html?_=1592791160153 HTTP/1.1" 200 22
120.253.135.82 - - [22/Jun/2020:09:59:22 +0800] "POST /xingrg/dwr/call/plaincall/AjaxComOrderService.getMaterielSearchList.dwr HTTP/1.1" 200 1607
120.253.135.82 - - [22/Jun/2020:09:59:22 +0800] "POST /xingrg/dwr/call/plaincall/AjaxComOrderService.getMaterielSearchList.dwr HTTP/1.1" 200 283
61.172.5.115 - - [22/Jun/2020:09:59:24 +0800] "GET /xingrg/all/function/internal_message.html?_=1592791164142&CODE_STATE=getMsg HTTP/1.1" 200 27
120.253.135.82 - - [22/Jun/2020:09:59:25 +0800] "POST /xingrg/dwr/call/plaincall/AjaxCgthService.getMaterielByMap.dwr HTTP/1.1" 200 1452
101.228.167.227 - - [22/Jun/2020:09:59:26 +0800] "GET /xingrg/kc/buy/cgsh_order_operate.html?command=get_materiel&rest_code=00146&code=00101006175&supplier_code=00100012&order_time=2020-06-22 HTTP/1.1" 200 415
172.17.0.120 - - [22/Jun/2020:09:59:29 +0800] "GET /xingrg/all/function/internal_message.html?_=1592791168971&CODE_STATE=getMsg HTTP/1.1" 200 27
172.17.0.100 - - [22/Jun/2020:09:59:29 +0800] "GET /xingrg/all/function/internal_message.html?_=1592791168918&CODE_STATE=getMsg HTTP/1.1" 200 27
120.253.135.82 - - [22/Jun/2020:09:59:31 +0800] "POST /xingrg/dwr/call/plaincall/AjaxCgthService.saveMaterielItem.dwr HTTP/1.1" 200 79
101.228.167.227 - - [22/Jun/2020:09:59:31 +0800] "GET /xingrg/all/function/internal_message.html?_=1592791172701&CODE_STATE=getMsg HTTP/1.1" 200 27
172.17.200.101 - - [22/Jun/2020:09:59:33 +0800] "GET /xingrg/all/function/internal_message.html?_=1592791173030&CODE_STATE=getMsg HTTP/1.1" 200 27
120.253.135.82 - - [22/Jun/2020:09:59:33 +0800] "GET /xingrg/check_reg.html?_=1592790928803 HTTP/1.1" 200 22
120.253.135.82 - - [22/Jun/2020:09:59:34 +0800] "GET /xingrg/all/function/internal_message.html?_=1592790929135&CODE_STATE=getMsg HTTP/1.1" 200 27
120.253.135.82 - - [22/Jun/2020:09:59:34 +0800] "POST /xingrg/dwr/call/plaincall/AjaxCgthService.saveOrder.dwr HTTP/1.1" 200 79
114.84.151.157 - - [22/Jun/2020:09:59:35 +0800] "GET /xingrg/all/function/internal_message.html?_=1592791176505&CODE_STATE=getMsg HTTP/1.1" 200 27
101.228.167.227 - - [22/Jun/2020:09:59:35 +0800] "POST /xingrg/kc/buy/cgsh_order_operate.html HTTP/1.1" 200 37
172.17.0.101 - - [22/Jun/2020:09:59:36 +0800] "GET /xingrg/all/function/internal_message.html?_=1592791188209&CODE_STATE=getMsg HTTP/1.1" 200 27
114.89.80.44 - - [22/Jun/2020:09:59:36 +0800] "GET /xingrg/kc/buy/cgsh_order_operate.html?command=get_materiel&rest_code=00150&code=00101009062&supplier_code=00100096&order_time=2020-06-22 HTTP/1.1" 200 414
101.228.167.227 - - [22/Jun/2020:09:59:36 +0800] "POST /xingrg/kc/buy/cgsh_order_operate.html HTTP/1.1" 200 6805
120.253.135.82 - - [22/Jun/2020:09:59:38 +0800] "POST /xingrg/dwr/call/plaincall/AjaxCgthService.saveOrder.dwr HTTP/1.1" 200 79
116.230.77.149 - - [22/Jun/2020:09:59:39 +0800] "GET /xingrg/all/function/internal_message.html?_=1592791179875&CODE_STATE=getMsg HTTP/1.1" 200 27
101.228.167.227 - - [22/Jun/2020:09:59:40 +0800] "GET /xingrg/kc/buy/cgsh_order_add.html HTTP/1.1" 200 59086
101.228.167.227 - - [22/Jun/2020:09:59:40 +0800] "POST /xingrg/kc/buy/cgsh_order_operate.html HTTP/1.1" 200 8245
101.228.167.227 - - [22/Jun/2020:09:59:41 +0800] "GET /xingrg/javascript/easyui/themes/default/validatebox.css HTTP/1.1" 404 1104
120.253.135.82 - - [22/Jun/2020:09:59:43 +0800] "POST /xingrg/dwr/call/plaincall/AjaxCgthService.checkOrder.dwr HTTP/1.1" 200 79
120.253.135.82 - - [22/Jun/2020:09:59:44 +0800] "GET /xingrg/kc/buy/cgth_order_info.html?code=232020062200018&part=buyck HTTP/1.1" 200 58681
120.253.135.82 - - [22/Jun/2020:09:59:44 +0800] "GET /xingrg/dwr/interface/AjaxComOrderService.js HTTP/1.1" 200 18264
120.253.135.82 - - [22/Jun/2020:09:59:44 +0800] "GET /xingrg/dwr/interface/AjaxCgthService.js HTTP/1.1" 200 14519
120.253.135.82 - - [22/Jun/2020:09:59:44 +0800] "GET /xingrg/dwr/engine.js HTTP/1.1" 200 43631
120.253.135.82 - - [22/Jun/2020:09:59:45 +0800] "POST /xingrg/all/common/load_tree.html?tree=supplier_tree_json&isDelete=1 HTTP/1.1" 200 49174
120.253.135.82 - - [22/Jun/2020:09:59:46 +0800] "POST /xingrg/dwr/call/plaincall/AjaxCgthService.loadMaterielItems.dwr HTTP/1.1" 200 1198
117.131.5.26 - - [22/Jun/2020:09:59:48 +0800] "GET /xingrg/check_reg.html?_=1592791554651 HTTP/1.1" 200 22
117.131.5.26 - - [22/Jun/2020:09:59:48 +0800] "GET /xingrg/all/function/internal_message.html?_=1592791554649&CODE_STATE=getMsg HTTP/1.1" 200 27
101.228.167.227 - - [22/Jun/2020:09:59:48 +0800] "GET /xingrg/all/function/internal_message.html?_=1592791189787&CODE_STATE=getMsg HTTP/1.1" 200 27
120.253.135.82 - - [22/Jun/2020:09:59:48 +0800] "GET /xingrg/kc/print/load_config.html?_=1592790943690&kc_code=cgth HTTP/1.1" 200 2458
120.253.135.82 - - [22/Jun/2020:09:59:48 +0800] "GET /xingrg/kc/print/load_data.html?_=1592790943708&order_code=232020062200018&kc_code=cgth&condition= HTTP/1.1" 200 710
101.228.167.227 - - [22/Jun/2020:09:59:50 +0800] "GET /xingrg/kc/buy/cgsh_order_operate.html?command=get_materiel&rest_code=00146&code=00101007109&supplier_code=00100033&order_time=2020-06-22 HTTP/1.1" 200 408
114.88.170.9 - - [22/Jun/2020:09:59:54 +0800] "GET /xingrg/all/function/internal_message.html?_=1592791192309&CODE_STATE=getMsg HTTP/1.1" 200 27
101.228.167.227 - - [22/Jun/2020:09:59:59 +0800] "GET /xingrg/kc/buy/cgsh_order_operate.html?command=get_materiel&rest_code=00146&code=00101016080&supplier_code=00100033&order_time=2020-06-22 HTTP/1.1" 200 408
101.228.167.227 - - [22/Jun/2020:10:00:04 +0800] "GET /xingrg/kc/buy/cgsh_order_operate.html?command=get_materiel&rest_code=00146&code=00101016017&supplier_code=00100033&order_time=2020-06-22 HTTP/1.1" 200 408
114.89.80.44 - - [22/Jun/2020:10:00:04 +0800] "GET /xingrg/all/function/internal_message.html?_=1592791330030&CODE_STATE=getMsg HTTP/1.1" 200 27
117.184.7.26 - - [22/Jun/2020:10:00:06 +0800] "GET /xingrg/all/function/internal_message.html?_=1592791204267&CODE_STATE=getMsg HTTP/1.1" 200 27
101.228.167.227 - - [22/Jun/2020:10:00:12 +0800] "GET /xingrg/kc/buy/cgsh_order_operate.html?command=get_materiel&rest_code=00146&code=00101011010&supplier_code=00100033&order_time=2020-06-22 HTTP/1.1" 200 418
114.86.190.97 - - [22/Jun/2020:10:00:13 +0800] "GET /xingrg/all/function/internal_message.html?_=1592791214641&CODE_STATE=getMsg HTTP/1.1" 200 27
114.89.80.44 - - [22/Jun/2020:10:00:14 +0800] "GET /xingrg/all/function/internal_message.html?_=1592791213315&CODE_STATE=getMsg HTTP/1.1" 200 27
180.175.214.200 - - [22/Jun/2020:10:00:19 +0800] "GET /xingrg/check_reg.html?_=1592791423558 HTTP/1.1" 200 22
180.175.214.200 - - [22/Jun/2020:10:00:19 +0800] "GET /xingrg/all/function/internal_message.html?_=1592791423614&CODE_STATE=getMsg HTTP/1.1" 200 27
114.88.170.9 - - [22/Jun/2020:10:00:19 +0800] "GET /xingrg/all/function/internal_message.html?_=1592791233191&CODE_STATE=getMsg HTTP/1.1" 200 27
222.69.139.137 - - [22/Jun/2020:10:00:21 +0800] "GET /xingrg/all/function/internal_message.html?_=1592791220151&CODE_STATE=getMsg HTTP/1.1" 200 27
114.89.80.44 - - [22/Jun/2020:10:00:24 +0800] "GET /xingrg/kc/buy/cgsh_order_operate.html?command=get_materiel&rest_code=00150&code=00101009007&supplier_code=00100096&order_time=2020-06-22 HTTP/1.1" 200 408
101.228.167.227 - - [22/Jun/2020:10:00:24 +0800] "GET /xingrg/kc/buy/cgsh_order_operate.html?command=get_materiel&rest_code=00146&code=00101012025&supplier_code=00100033&order_time=2020-06-22 HTTP/1.1" 200 412
61.172.5.115 - - [22/Jun/2020:10:00:24 +0800] "GET /xingrg/all/function/internal_message.html?_=1592791224143&CODE_STATE=getMsg HTTP/1.1" 200 27
172.17.0.120 - - [22/Jun/2020:10:00:29 +0800] "GET /xingrg/check_reg.html?_=1592791228966 HTTP/1.1" 200 22
172.17.0.120 - - [22/Jun/2020:10:00:29 +0800] "GET /xingrg/all/function/internal_message.html?_=1592791228969&CODE_STATE=getMsg HTTP/1.1" 200 27
172.17.0.100 - - [22/Jun/2020:10:00:29 +0800] "GET /xingrg/all/function/internal_message.html?_=1592791228918&CODE_STATE=getMsg HTTP/1.1" 200 27
172.17.0.100 - - [22/Jun/2020:10:00:29 +0800] "GET /xingrg/check_reg.html?_=1592791228920 HTTP/1.1" 200 22
101.228.167.227 - - [22/Jun/2020:10:00:31 +0800] "GET /xingrg/all/function/internal_message.html?_=1592791232818&CODE_STATE=getMsg HTTP/1.1" 200 27
120.253.135.82 - - [22/Jun/2020:10:00:31 +0800] "GET /xingrg/check_reg.html?_=1592791357462 HTTP/1.1" 200 22
101.228.167.227 - - [22/Jun/2020:10:00:32 +0800] "GET /xingrg/kc/buy/cgsh_order_operate.html?command=get_materiel&rest_code=00146&code=00101016025&supplier_code=00100033&order_time=2020-06-22 HTTP/1.1" 200 408
172.17.200.101 - - [22/Jun/2020:10:00:33 +0800] "GET /xingrg/check_reg.html?_=1592791233038 HTTP/1.1" 200 22
172.17.200.101 - - [22/Jun/2020:10:00:33 +0800] "GET /xingrg/all/function/internal_message.html?_=1592791233034&CODE_STATE=getMsg HTTP/1.1" 200 27
58.40.7.146 - - [22/Jun/2020:10:00:33 +0800] "GET /xingrg/check_reg.html?_=1592791233364 HTTP/1.1" 200 22
120.253.135.82 - - [22/Jun/2020:10:00:34 +0800] "GET /xingrg/all/function/internal_message.html?_=1592790989143&CODE_STATE=getMsg HTTP/1.1" 200 27
114.84.151.157 - - [22/Jun/2020:10:00:35 +0800] "GET /xingrg/all/function/internal_message.html?_=1592791236484&CODE_STATE=getMsg HTTP/1.1" 200 27
172.17.0.101 - - [22/Jun/2020:10:00:36 +0800] "GET /xingrg/all/function/internal_message.html?_=1592791248215&CODE_STATE=getMsg HTTP/1.1" 200 27
172.17.0.101 - - [22/Jun/2020:10:00:36 +0800] "GET /xingrg/check_reg.html?_=1592791248209 HTTP/1.1" 200 22
61.129.6.174 - - [22/Jun/2020:10:00:36 +0800] "GET /xingrg/all/function/internal_message.html?_=1592790576734&CODE_STATE=getMsg HTTP/1.1" 302 -
116.230.77.149 - - [22/Jun/2020:10:00:39 +0800] "GET /xingrg/all/function/internal_message.html?_=1592791239876&CODE_STATE=getMsg HTTP/1.1" 200 27
61.129.6.174 - - [22/Jun/2020:10:00:42 +0800] "GET /xingrg/login.html HTTP/1.1" 200 7641
101.85.53.146 - - [22/Jun/2020:10:00:42 +0800] "GET /xingrg/check_reg.html?_=1592790671803 HTTP/1.1" 200 22
101.228.167.227 - - [22/Jun/2020:10:00:45 +0800] "GET /xingrg/kc/buy/cgsh_order_operate.html?command=get_materiel&rest_code=00146&code=00101012051&supplier_code=00100033&order_time=2020-06-22 HTTP/1.1" 200 408
101.228.167.227 - - [22/Jun/2020:10:00:47 +0800] "GET /xingrg/check_reg.html?_=1592791248681 HTTP/1.1" 200 22
117.131.5.26 - - [22/Jun/2020:10:00:48 +0800] "GET /xingrg/all/function/internal_message.html?_=1592791614649&CODE_STATE=getMsg HTTP/1.1" 200 27
101.228.167.227 - - [22/Jun/2020:10:00:48 +0800] "GET /xingrg/all/function/internal_message.html?_=1592791249796&CODE_STATE=getMsg HTTP/1.1" 200 27
114.88.170.9 - - [22/Jun/2020:10:00:54 +0800] "GET /xingrg/all/function/internal_message.html?_=1592791252375&CODE_STATE=getMsg HTTP/1.1" 200 27
114.89.80.44 - - [22/Jun/2020:10:01:04 +0800] "GET /xingrg/all/function/internal_message.html?_=1592791390037&CODE_STATE=getMsg HTTP/1.1" 200 27
114.89.80.44 - - [22/Jun/2020:10:01:04 +0800] "GET /xingrg/kc/buy/cgsh_order_operate.html?command=get_materiel&rest_code=00150&code=00101009016&supplier_code=00100096&order_time=2020-06-22 HTTP/1.1" 200 412
117.184.7.26 - - [22/Jun/2020:10:01:06 +0800] "GET /xingrg/all/function/internal_message.html?_=1592791264251&CODE_STATE=getMsg HTTP/1.1" 200 27
114.86.190.97 - - [22/Jun/2020:10:01:13 +0800] "GET /xingrg/all/function/internal_message.html?_=1592791274637&CODE_STATE=getMsg HTTP/1.1" 200 27
114.86.190.97 - - [22/Jun/2020:10:01:13 +0800] "GET /xingrg/check_reg.html?_=1592791274642 HTTP/1.1" 200 22
114.89.80.44 - - [22/Jun/2020:10:01:14 +0800] "GET /xingrg/check_reg.html?_=1592791273311 HTTP/1.1" 200 22
114.89.80.44 - - [22/Jun/2020:10:01:14 +0800] "GET /xingrg/all/function/internal_message.html?_=1592791273314&CODE_STATE=getMsg HTTP/1.1" 200 27
114.89.80.44 - - [22/Jun/2020:10:01:18 +0800] "GET /xingrg/kc/buy/cgsh_order_operate.html?command=get_materiel&rest_code=00150&code=00101009063&supplier_code=00100096&order_time=2020-06-22 HTTP/1.1" 200 410
180.175.214.200 - - [22/Jun/2020:10:01:19 +0800] "GET /xingrg/all/function/internal_message.html?_=1592791483626&CODE_STATE=getMsg HTTP/1.1" 200 27
114.88.170.9 - - [22/Jun/2020:10:01:19 +0800] "GET /xingrg/check_reg.html?_=1592791293192 HTTP/1.1" 200 22
114.88.170.9 - - [22/Jun/2020:10:01:19 +0800] "GET /xingrg/all/function/internal_message.html?_=1592791293194&CODE_STATE=getMsg HTTP/1.1" 200 27
101.228.167.227 - - [22/Jun/2020:10:01:20 +0800] "GET /xingrg/check_reg.html?_=1592791282184 HTTP/1.1" 200 22
222.69.139.137 - - [22/Jun/2020:10:01:21 +0800] "GET /xingrg/all/function/internal_message.html?_=1592791280149&CODE_STATE=getMsg HTTP/1.1" 200 27
172.17.0.120 - - [22/Jun/2020:10:01:29 +0800] "GET /xingrg/all/function/internal_message.html?_=1592791288975&CODE_STATE=getMsg HTTP/1.1" 200 27
172.17.0.100 - - [22/Jun/2020:10:01:29 +0800] "GET /xingrg/all/function/internal_message.html?_=1592791288919&CODE_STATE=getMsg HTTP/1.1" 200 27
101.228.167.227 - - [22/Jun/2020:10:01:31 +0800] "GET /xingrg/all/function/internal_message.html?_=1592791292822&CODE_STATE=getMsg HTTP/1.1" 200 27
172.17.200.101 - - [22/Jun/2020:10:01:33 +0800] "GET /xingrg/all/function/internal_message.html?_=1592791293038&CODE_STATE=getMsg HTTP/1.1" 200 27
114.89.80.44 - - [22/Jun/2020:10:01:33 +0800] "GET /xingrg/kc/buy/cgsh_order_operate.html?command=get_materiel&rest_code=00150&code=00101009031&supplier_code=00100096&order_time=2020-06-22 HTTP/1.1" 200 410
120.253.135.82 - - [22/Jun/2020:10:01:34 +0800] "GET /xingrg/all/function/internal_message.html?_=1592791049340&CODE_STATE=getMsg HTTP/1.1" 200 27
114.84.151.157 - - [22/Jun/2020:10:01:35 +0800] "GET /xingrg/all/function/internal_message.html?_=1592791296456&CODE_STATE=getMsg HTTP/1.1" 200 27
172.17.0.101 - - [22/Jun/2020:10:01:36 +0800] "GET /xingrg/all/function/internal_message.html?_=1592791308198&CODE_STATE=getMsg HTTP/1.1" 200 27
101.228.167.227 - - [22/Jun/2020:10:01:38 +0800] "GET /xingrg/kc/buy/cgsh_order_operate.html?command=get_materiel&rest_code=00146&code=00101016071&supplier_code=00100033&order_time=2020-06-22 HTTP/1.1" 200 416
116.230.77.149 - - [22/Jun/2020:10:01:39 +0800] "GET /xingrg/all/function/internal_message.html?_=1592791299890&CODE_STATE=getMsg HTTP/1.1" 200 27
116.230.77.149 - - [22/Jun/2020:10:01:39 +0800] "GET /xingrg/check_reg.html?_=1592791299906 HTTP/1.1" 200 22
101.228.167.227 - - [22/Jun/2020:10:01:46 +0800] "POST /xingrg/kc/buy/cgsh_order_operate.html HTTP/1.1" 200 37
101.228.167.227 - - [22/Jun/2020:10:01:47 +0800] "POST /xingrg/kc/buy/cgsh_order_operate.html HTTP/1.1" 200 6788
117.131.5.26 - - [22/Jun/2020:10:01:48 +0800] "GET /xingrg/all/function/internal_message.html?_=1592791674648&CODE_STATE=getMsg HTTP/1.1" 200 27
101.228.167.227 - - [22/Jun/2020:10:01:48 +0800] "GET /xingrg/all/function/internal_message.html?_=1592791309814&CODE_STATE=getMsg HTTP/1.1" 200 27
114.88.170.9 - - [22/Jun/2020:10:01:54 +0800] "GET /xingrg/all/function/internal_message.html?_=1592791312382&CODE_STATE=getMsg HTTP/1.1" 200 27
101.228.167.227 - - [22/Jun/2020:10:01:55 +0800] "GET /xingrg/kc/buy/cgsh_order_add.html HTTP/1.1" 200 59086
101.228.167.227 - - [22/Jun/2020:10:01:56 +0800] "POST /xingrg/kc/buy/cgsh_order_operate.html HTTP/1.1" 200 8245
101.228.167.227 - - [22/Jun/2020:10:01:56 +0800] "GET /xingrg/javascript/easyui/themes/default/validatebox.css HTTP/1.1" 404 1104
114.84.151.157 - - [22/Jun/2020:10:01:58 +0800] "GET /xingrg/check_reg.html?_=1592791319062 HTTP/1.1" 200 22
101.228.167.227 - - [22/Jun/2020:10:02:04 +0800] "GET /xingrg/kc/buy/cgsh_order_operate.html?command=get_materiel&rest_code=00146&code=00101007081&supplier_code=00100002&order_time=2020-06-22 HTTP/1.1" 200 413
114.89.80.44 - - [22/Jun/2020:10:02:04 +0800] "GET /xingrg/all/function/internal_message.html?_=1592791450051&CODE_STATE=getMsg HTTP/1.1" 200 27
117.184.7.26 - - [22/Jun/2020:10:02:06 +0800] "GET /xingrg/all/function/internal_message.html?_=1592791324237&CODE_STATE=getMsg HTTP/1.1" 200 27
114.86.190.97 - - [22/Jun/2020:10:02:13 +0800] "GET /xingrg/all/function/internal_message.html?_=1592791334632&CODE_STATE=getMsg HTTP/1.1" 200 27
114.89.80.44 - - [22/Jun/2020:10:02:14 +0800] "GET /xingrg/all/function/internal_message.html?_=1592791333314&CODE_STATE=getMsg HTTP/1.1" 200 27
180.175.214.200 - - [22/Jun/2020:10:02:19 +0800] "GET /xingrg/all/function/internal_message.html?_=1592791543639&CODE_STATE=getMsg HTTP/1.1" 200 27
114.88.170.9 - - [22/Jun/2020:10:02:19 +0800] "GET /xingrg/all/function/internal_message.html?_=1592791353194&CODE_STATE=getMsg HTTP/1.1" 200 27
222.69.139.137 - - [22/Jun/2020:10:02:21 +0800] "GET /xingrg/all/function/internal_message.html?_=1592791340156&CODE_STATE=getMsg HTTP/1.1" 200 27
172.17.0.120 - - [22/Jun/2020:10:02:29 +0800] "GET /xingrg/all/function/internal_message.html?_=1592791348962&CODE_STATE=getMsg HTTP/1.1" 200 27
172.17.0.100 - - [22/Jun/2020:10:02:29 +0800] "GET /xingrg/all/function/internal_message.html?_=1592791348919&CODE_STATE=getMsg HTTP/1.1" 200 27
114.89.80.44 - - [22/Jun/2020:10:02:31 +0800] "GET /xingrg/kc/buy/cgsh_order_operate.html?command=get_materiel&rest_code=00150&code=00101009013&supplier_code=00100096&order_time=2020-06-22 HTTP/1.1" 200 422
101.228.167.227 - - [22/Jun/2020:10:02:31 +0800] "GET /xingrg/all/function/internal_message.html?_=1592791352836&CODE_STATE=getMsg HTTP/1.1" 200 27
172.17.200.101 - - [22/Jun/2020:10:02:33 +0800] "GET /xingrg/all/function/internal_message.html?_=1592791353025&CODE_STATE=getMsg HTTP/1.1" 200 27
101.228.167.227 - - [22/Jun/2020:10:02:34 +0800] "GET /xingrg/kc/buy/cgsh_order_operate.html?command=get_materiel&rest_code=00146&code=00101007049&supplier_code=00100002&order_time=2020-06-22 HTTP/1.1" 200 409
120.253.135.82 - - [22/Jun/2020:10:02:34 +0800] "GET /xingrg/all/function/internal_message.html?_=1592791109342&CODE_STATE=getMsg HTTP/1.1" 200 27
114.84.151.157 - - [22/Jun/2020:10:02:35 +0800] "GET /xingrg/all/function/internal_message.html?_=1592791356433&CODE_STATE=getMsg HTTP/1.1" 200 27
172.17.0.101 - - [22/Jun/2020:10:02:36 +0800] "GET /xingrg/all/function/internal_message.html?_=1592791368198&CODE_STATE=getMsg HTTP/1.1" 200 27
116.230.77.149 - - [22/Jun/2020:10:02:39 +0800] "GET /xingrg/all/function/internal_message.html?_=1592791359885&CODE_STATE=getMsg HTTP/1.1" 200 27
116.230.77.149 - - [22/Jun/2020:10:02:44 +0800] "GET /xingrg/javascript/easyui/themes/default/tree.css HTTP/1.1" 404 1090
116.230.77.149 - - [22/Jun/2020:10:02:44 +0800] "POST /xingrg/all/common/load_tree.html?tree=supplier_tree_json&isDelete=1 HTTP/1.1" 200 49174
117.131.5.26 - - [22/Jun/2020:10:02:48 +0800] "GET /xingrg/all/function/internal_message.html?_=1592791734646&CODE_STATE=getMsg HTTP/1.1" 200 27
101.228.167.227 - - [22/Jun/2020:10:02:48 +0800] "GET /xingrg/all/function/internal_message.html?_=1592791369815&CODE_STATE=getMsg HTTP/1.1" 200 27
114.89.80.44 - - [22/Jun/2020:10:02:51 +0800] "POST /xingrg/kc/buy/cgsh_order_operate.html HTTP/1.1" 200 37
114.89.80.44 - - [22/Jun/2020:10:02:53 +0800] "POST /xingrg/kc/buy/cgsh_order_operate.html HTTP/1.1" 200 12
114.89.80.44 - - [22/Jun/2020:10:02:54 +0800] "GET /xingrg/kc/buy/cgsh_order_info.html?code=212020062208574 HTTP/1.1" 200 53913
114.89.80.44 - - [22/Jun/2020:10:02:54 +0800] "GET /xingrg/javascript/easyui/themes/default/validatebox.css HTTP/1.1" 404 1104
114.88.170.9 - - [22/Jun/2020:10:02:54 +0800] "GET /xingrg/all/function/internal_message.html?_=1592791372466&CODE_STATE=getMsg HTTP/1.1" 200 27
114.89.80.44 - - [22/Jun/2020:10:02:54 +0800] "POST /xingrg/kc/buy/cgsh_order_operate.html HTTP/1.1" 200 7699
114.89.80.44 - - [22/Jun/2020:10:02:56 +0800] "GET /xingrg/kc/print/load_data.html?order_code=212020062208574&kc_code=cgsh&condition= HTTP/1.1" 200 3389
114.89.80.44 - - [22/Jun/2020:10:03:04 +0800] "GET /xingrg/check_reg.html?_=1592791509995 HTTP/1.1" 200 22
114.89.80.44 - - [22/Jun/2020:10:03:04 +0800] "GET /xingrg/all/function/internal_message.html?_=1592791510064&CODE_STATE=getMsg HTTP/1.1" 200 27
117.184.7.26 - - [22/Jun/2020:10:03:06 +0800] "GET /xingrg/all/function/internal_message.html?_=1592791384221&CODE_STATE=getMsg HTTP/1.1" 200 27
101.228.167.227 - - [22/Jun/2020:10:03:09 +0800] "POST /xingrg/kc/buy/cgsh_order_operate.html HTTP/1.1" 200 37
101.228.167.227 - - [22/Jun/2020:10:03:10 +0800] "POST /xingrg/kc/buy/cgsh_order_operate.html HTTP/1.1" 200 3836
114.86.190.97 - - [22/Jun/2020:10:03:13 +0800] "GET /xingrg/all/function/internal_message.html?_=1592791394644&CODE_STATE=getMsg HTTP/1.1" 200 27
114.89.80.44 - - [22/Jun/2020:10:03:14 +0800] "GET /xingrg/all/function/internal_message.html?_=1592791393336&CODE_STATE=getMsg HTTP/1.1" 200 27
101.228.167.227 - - [22/Jun/2020:10:03:14 +0800] "GET /xingrg/kc/buy/cgsh_order_add.html HTTP/1.1" 200 59086
101.228.167.227 - - [22/Jun/2020:10:03:14 +0800] "POST /xingrg/kc/buy/cgsh_order_operate.html HTTP/1.1" 200 8245
101.228.167.227 - - [22/Jun/2020:10:03:14 +0800] "GET /xingrg/javascript/easyui/themes/default/validatebox.css HTTP/1.1" 404 1104
180.175.214.200 - - [22/Jun/2020:10:03:19 +0800] "GET /xingrg/all/function/internal_message.html?_=1592791603656&CODE_STATE=getMsg HTTP/1.1" 200 27
114.88.170.9 - - [22/Jun/2020:10:03:19 +0800] "GET /xingrg/all/function/internal_message.html?_=1592791413221&CODE_STATE=getMsg HTTP/1.1" 200 27
222.69.139.137 - - [22/Jun/2020:10:03:21 +0800] "GET /xingrg/all/function/internal_message.html?_=1592791400156&CODE_STATE=getMsg HTTP/1.1" 200 27
101.228.167.227 - - [22/Jun/2020:10:03:23 +0800] "GET /xingrg/kc/buy/cgsh_order_operate.html?command=get_materiel&rest_code=00146&code=00101001032&supplier_code=00100041&order_time=2020-06-22 HTTP/1.1" 200 413
114.89.80.44 - - [22/Jun/2020:10:03:24 +0800] "POST /xingrg/all/user/operate.html HTTP/1.1" 200 36
114.88.170.9 - - [22/Jun/2020:10:03:25 +0800] "GET /xingrg/check_reg.html?_=1592791403036 HTTP/1.1" 200 22
114.89.80.44 - - [22/Jun/2020:10:03:25 +0800] "GET /xingrg/javascript/jquery_easy_ui/themes/default/easyui.css HTTP/1.1" 304 -
114.89.80.44 - - [22/Jun/2020:10:03:25 +0800] "GET /xingrg/index.html?sysBaseUrl=http%3A%2F%2F180.169.147.146%3A18081%2Fxingrg%2F&costTime=38×tamp=1592787221942 HTTP/1.1" 200 17179
114.89.80.44 - - [22/Jun/2020:10:03:25 +0800] "GET /xingrg/javascript/jquery_easy_ui/themes/icon.css HTTP/1.1" 304 -
114.89.80.44 - - [22/Jun/2020:10:03:25 +0800] "GET /xingrg/css/form.css HTTP/1.1" 304 -
114.89.80.44 - - [22/Jun/2020:10:03:25 +0800] "GET /xingrg/javascript/jquery-1.4.2.min.js HTTP/1.1" 304 -
114.89.80.44 - - [22/Jun/2020:10:03:25 +0800] "GET /xingrg/javascript/jquery_easy_ui/jquery.easyui.min.js HTTP/1.1" 304 -
114.89.80.44 - - [22/Jun/2020:10:03:25 +0800] "GET /xingrg/javascript/jquery_easy_ui/easyui-lang-zh_CN.js HTTP/1.1" 304 -
114.89.80.44 - - [22/Jun/2020:10:03:25 +0800] "GET /xingrg/javascript/jquery.form.js HTTP/1.1" 304 -
114.89.80.44 - - [22/Jun/2020:10:03:25 +0800] "GET /xingrg/javascript/jquery.utils.js HTTP/1.1" 304 -
114.89.80.44 - - [22/Jun/2020:10:03:25 +0800] "GET /xingrg/javascript/jquery.timers.js HTTP/1.1" 304 -
114.89.80.44 - - [22/Jun/2020:10:03:25 +0800] "GET /xingrg/images/blue/jxLogo.png HTTP/1.1" 304 -
114.89.80.44 - - [22/Jun/2020:10:03:25 +0800] "GET /xingrg/images/blue/navBackgound.jpg HTTP/1.1" 304 -
114.89.80.44 - - [22/Jun/2020:10:03:25 +0800] "GET /xingrg/javascript/jquery_easy_ui/themes/icons/settle_new.png HTTP/1.1" 304 -
114.89.80.44 - - [22/Jun/2020:10:03:25 +0800] "POST /xingrg/all/common/load_tree.html?tree=area_rest_tree_json&manage=1 HTTP/1.1" 200 476
114.89.80.44 - - [22/Jun/2020:10:03:25 +0800] "GET /xingrg/all/function/internal_message.html?_=1592791404734&CODE_STATE=count HTTP/1.1" 200 11
114.89.80.44 - - [22/Jun/2020:10:03:25 +0800] "GET /xingrg/check_reg.html?_=1592791404736 HTTP/1.1" 200 22
114.89.80.44 - - [22/Jun/2020:10:03:25 +0800] "GET /xingrg/javascript/jquery_easy_ui/themes/default/images/panel_tool_collapse.gif HTTP/1.1" 304 -
114.89.80.44 - - [22/Jun/2020:10:03:25 +0800] "GET /xingrg/images/blue/pingpu.png HTTP/1.1" 304 -
114.89.80.44 - - [22/Jun/2020:10:03:25 +0800] "GET /xingrg/javascript/jquery_easy_ui/themes/default/images/tabs_rightarrow.png HTTP/1.1" 304 -
114.89.80.44 - - [22/Jun/2020:10:03:25 +0800] "GET /xingrg/javascript/jquery_easy_ui/themes/default/images/tabs_leftarrow.png HTTP/1.1" 304 -
114.89.80.44 - - [22/Jun/2020:10:03:25 +0800] "POST /xingrg/load_menu.html HTTP/1.1" 200 5138
116.230.77.149 - - [22/Jun/2020:10:03:27 +0800] "GET /xingrg/kc/buy/cgsh_order_operate.html?command=get_materiel&rest_code=00107&code=00101008256&supplier_code=00100006&order_time=2020-06-22 HTTP/1.1" 200 412
114.89.80.44 - - [22/Jun/2020:10:03:27 +0800] "GET /xingrg/kc/buy/cgsh_order_list.html HTTP/1.1" 200 43348
114.89.80.44 - - [22/Jun/2020:10:03:28 +0800] "POST /xingrg/kc/buy/cgsh_list_operate.html HTTP/1.1" 200 1708
172.17.0.120 - - [22/Jun/2020:10:03:29 +0800] "GET /xingrg/all/function/internal_message.html?_=1592791408970&CODE_STATE=getMsg HTTP/1.1" 200 27
172.17.0.100 - - [22/Jun/2020:10:03:29 +0800] "GET /xingrg/all/function/internal_message.html?_=1592791408948&CODE_STATE=getMsg HTTP/1.1" 200 27
101.228.167.227 - - [22/Jun/2020:10:03:31 +0800] "GET /xingrg/all/function/internal_message.html?_=1592791412958&CODE_STATE=getMsg HTTP/1.1" 200 27
172.17.200.101 - - [22/Jun/2020:10:03:33 +0800] "GET /xingrg/all/function/internal_message.html?_=1592791413029&CODE_STATE=getMsg HTTP/1.1" 200 27
120.253.135.82 - - [22/Jun/2020:10:03:34 +0800] "GET /xingrg/all/function/internal_message.html?_=1592791169354&CODE_STATE=getMsg HTTP/1.1" 200 27
114.84.151.157 - - [22/Jun/2020:10:03:35 +0800] "GET /xingrg/all/function/internal_message.html?_=1592791416410&CODE_STATE=getMsg HTTP/1.1" 200 27
172.17.0.101 - - [22/Jun/2020:10:03:36 +0800] "GET /xingrg/all/function/internal_message.html?_=1592791428198&CODE_STATE=getMsg HTTP/1.1" 200 27
116.230.77.149 - - [22/Jun/2020:10:03:36 +0800] "GET /xingrg/kc/buy/cgsh_order_operate.html?command=get_materiel&rest_code=00107&code=00101008044&supplier_code=00100006&order_time=2020-06-22 HTTP/1.1" 200 408
101.228.167.227 - - [22/Jun/2020:10:03:36 +0800] "GET /xingrg/kc/buy/cgsh_order_operate.html?command=get_materiel&rest_code=00146&code=00101010161&supplier_code=00100041&order_time=2020-06-22 HTTP/1.1" 200 409
116.230.77.149 - - [22/Jun/2020:10:03:40 +0800] "GET /xingrg/all/function/internal_message.html?_=1592791420786&CODE_STATE=getMsg HTTP/1.1" 200 27
101.228.167.227 - - [22/Jun/2020:10:03:44 +0800] "GET /xingrg/kc/buy/cgsh_order_operate.html?command=get_materiel&rest_code=00146&code=00101005037&supplier_code=00100041&order_time=2020-06-22 HTTP/1.1" 200 409
116.230.77.149 - - [22/Jun/2020:10:03:47 +0800] "GET /xingrg/kc/buy/cgsh_order_operate.html?command=get_materiel&rest_code=00107&code=00101008132&supplier_code=00100006&order_time=2020-06-22 HTTP/1.1" 200 408
117.131.5.26 - - [22/Jun/2020:10:03:48 +0800] "GET /xingrg/all/function/internal_message.html?_=1592791794644&CODE_STATE=getMsg HTTP/1.1" 200 27
101.228.167.227 - - [22/Jun/2020:10:03:48 +0800] "GET /xingrg/all/function/internal_message.html?_=1592791429828&CODE_STATE=getMsg HTTP/1.1" 200 27
101.91.60.11 - - [22/Jun/2020:10:03:52 +0800] "GET /xingrg/all/function/internal_message.html?_=1592790696685&CODE_STATE=getMsg HTTP/1.1" 302 -
101.228.167.227 - - [22/Jun/2020:10:03:54 +0800] "GET /xingrg/kc/buy/cgsh_order_operate.html?command=get_materiel&rest_code=00146&code=00101005036&supplier_code=00100041&order_time=2020-06-22 HTTP/1.1" 200 409
114.88.170.9 - - [22/Jun/2020:10:03:54 +0800] "GET /xingrg/all/function/internal_message.html?_=1592791432473&CODE_STATE=getMsg HTTP/1.1" 200 27
116.230.77.149 - - [22/Jun/2020:10:03:55 +0800] "GET /xingrg/kc/buy/cgsh_order_operate.html?command=get_materiel&rest_code=00107&code=00101008049&supplier_code=00100006&order_time=2020-06-22 HTTP/1.1" 200 410
114.89.80.44 - - [22/Jun/2020:10:03:59 +0800] "GET /xingrg/kc/buy/cgsh_order_add.html HTTP/1.1" 200 59004
114.89.80.44 - - [22/Jun/2020:10:03:59 +0800] "POST /xingrg/kc/buy/cgsh_order_operate.html HTTP/1.1" 200 8245
114.89.80.44 - - [22/Jun/2020:10:03:59 +0800] "GET /xingrg/javascript/easyui/themes/default/validatebox.css HTTP/1.1" 404 1104
101.91.60.11 - - [22/Jun/2020:10:04:01 +0800] "GET /xingrg/login.html HTTP/1.1" 200 7641
114.89.80.44 - - [22/Jun/2020:10:04:01 +0800] "GET /xingrg/javascript/auto/indicator.gif HTTP/1.1" 404 1066
101.228.167.227 - - [22/Jun/2020:10:04:04 +0800] "GET /xingrg/kc/buy/cgsh_order_operate.html?command=get_materiel&rest_code=00146&code=00101002022&supplier_code=00100041&order_time=2020-06-22 HTTP/1.1" 200 429
114.89.80.44 - - [22/Jun/2020:10:04:04 +0800] "GET /xingrg/all/function/internal_message.html?_=1592791570078&CODE_STATE=getMsg HTTP/1.1" 200 27
114.89.80.44 - - [22/Jun/2020:10:04:04 +0800] "POST /xingrg/all/user/operate.html HTTP/1.1" 200 36
114.89.80.44 - - [22/Jun/2020:10:04:05 +0800] "GET /xingrg/javascript/jquery_easy_ui/themes/default/easyui.css HTTP/1.1" 304 -
114.89.80.44 - - [22/Jun/2020:10:04:05 +0800] "GET /xingrg/javascript/jquery_easy_ui/themes/icon.css HTTP/1.1" 304 -
114.89.80.44 - - [22/Jun/2020:10:04:05 +0800] "GET /xingrg/index.html?sysBaseUrl=http%3A%2F%2F180.169.147.146%3A18081%2Fxingrg%2F&costTime=43×tamp=1592732854912 HTTP/1.1" 200 17177
114.89.80.44 - - [22/Jun/2020:10:04:05 +0800] "GET /xingrg/css/form.css HTTP/1.1" 304 -
114.89.80.44 - - [22/Jun/2020:10:04:05 +0800] "GET /xingrg/javascript/jquery-1.4.2.min.js HTTP/1.1" 304 -
114.89.80.44 - - [22/Jun/2020:10:04:05 +0800] "GET /xingrg/javascript/jquery_easy_ui/jquery.easyui.min.js HTTP/1.1" 304 -
114.89.80.44 - - [22/Jun/2020:10:04:05 +0800] "GET /xingrg/javascript/jquery_easy_ui/easyui-lang-zh_CN.js HTTP/1.1" 304 -
114.89.80.44 - - [22/Jun/2020:10:04:05 +0800] "GET /xingrg/javascript/jquery.form.js HTTP/1.1" 304 -
114.89.80.44 - - [22/Jun/2020:10:04:05 +0800] "GET /xingrg/javascript/jquery.utils.js HTTP/1.1" 304 -
114.89.80.44 - - [22/Jun/2020:10:04:05 +0800] "GET /xingrg/javascript/jquery.timers.js HTTP/1.1" 304 -
114.89.80.44 - - [22/Jun/2020:10:04:05 +0800] "GET /xingrg/images/blue/jxLogo.png HTTP/1.1" 304 -
114.89.80.44 - - [22/Jun/2020:10:04:05 +0800] "GET /xingrg/images/blue/navBackgound.jpg HTTP/1.1" 304 -
114.89.80.44 - - [22/Jun/2020:10:04:05 +0800] "GET /xingrg/javascript/jquery_easy_ui/themes/icons/settle_new.png HTTP/1.1" 304 -
114.89.80.44 - - [22/Jun/2020:10:04:05 +0800] "POST /xingrg/all/common/load_tree.html?tree=area_rest_tree_json&manage=1 HTTP/1.1" 200 476
114.89.80.44 - - [22/Jun/2020:10:04:05 +0800] "GET /xingrg/images/blue/pingpu.png HTTP/1.1" 304 -
114.89.80.44 - - [22/Jun/2020:10:04:05 +0800] "GET /xingrg/javascript/jquery_easy_ui/themes/default/images/tabs_leftarrow.png HTTP/1.1" 304 -
114.89.80.44 - - [22/Jun/2020:10:04:05 +0800] "GET /xingrg/javascript/jquery_easy_ui/themes/default/images/tabs_rightarrow.png HTTP/1.1" 304 -
114.89.80.44 - - [22/Jun/2020:10:04:05 +0800] "GET /xingrg/javascript/jquery_easy_ui/themes/default/images/panel_tool_collapse.gif HTTP/1.1" 304 -
114.89.80.44 - - [22/Jun/2020:10:04:05 +0800] "GET /xingrg/all/function/internal_message.html?_=1592791570686&CODE_STATE=count HTTP/1.1" 200 11
114.89.80.44 - - [22/Jun/2020:10:04:05 +0800] "GET /xingrg/check_reg.html?_=1592791570687 HTTP/1.1" 200 22
114.89.80.44 - - [22/Jun/2020:10:04:05 +0800] "POST /xingrg/load_menu.html HTTP/1.1" 200 5138
117.184.7.26 - - [22/Jun/2020:10:04:05 +0800] "GET /xingrg/check_reg.html?_=1592791443831 HTTP/1.1" 200 22
117.184.7.26 - - [22/Jun/2020:10:04:06 +0800] "GET /xingrg/all/function/internal_message.html?_=1592791444192&CODE_STATE=getMsg HTTP/1.1" 200 27
116.230.77.149 - - [22/Jun/2020:10:04:07 +0800] "GET /xingrg/kc/buy/cgsh_order_operate.html?command=get_materiel&rest_code=00107&code=00101008038&supplier_code=00100006&order_time=2020-06-22 HTTP/1.1" 200 412
114.89.80.44 - - [22/Jun/2020:10:04:11 +0800] "GET /xingrg/kc/buy/cgsh_order_list.html HTTP/1.1" 200 43346
114.89.80.44 - - [22/Jun/2020:10:04:11 +0800] "POST /xingrg/kc/buy/cgsh_list_operate.html HTTP/1.1" 200 876
114.89.80.44 - - [22/Jun/2020:10:04:13 +0800] "GET /xingrg/kc/buy/cgsh_order_add.html HTTP/1.1" 200 58734
114.89.80.44 - - [22/Jun/2020:10:04:13 +0800] "POST /xingrg/kc/buy/cgsh_order_operate.html HTTP/1.1" 200 8245
114.89.80.44 - - [22/Jun/2020:10:04:13 +0800] "GET /xingrg/javascript/easyui/themes/default/validatebox.css HTTP/1.1" 404 1104
114.86.190.97 - - [22/Jun/2020:10:04:13 +0800] "GET /xingrg/all/function/internal_message.html?_=1592791454664&CODE_STATE=getMsg HTTP/1.1" 200 27
114.89.80.44 - - [22/Jun/2020:10:04:14 +0800] "GET /xingrg/javascript/auto/indicator.gif HTTP/1.1" 404 1066
101.228.167.227 - - [22/Jun/2020:10:04:17 +0800] "POST /xingrg/kc/buy/cgsh_order_operate.html HTTP/1.1" 200 37
101.228.167.227 - - [22/Jun/2020:10:04:18 +0800] "POST /xingrg/kc/buy/cgsh_order_operate.html HTTP/1.1" 200 5011
180.175.214.200 - - [22/Jun/2020:10:04:19 +0800] "GET /xingrg/all/function/internal_message.html?_=1592791663667&CODE_STATE=getMsg HTTP/1.1" 200 27
114.88.170.9 - - [22/Jun/2020:10:04:19 +0800] "GET /xingrg/all/function/internal_message.html?_=1592791473223&CODE_STATE=getMsg HTTP/1.1" 200 27
222.69.139.137 - - [22/Jun/2020:10:04:21 +0800] "GET /xingrg/all/function/internal_message.html?_=1592791460156&CODE_STATE=getMsg HTTP/1.1" 200 27
222.69.139.137 - - [22/Jun/2020:10:04:21 +0800] "GET /xingrg/check_reg.html?_=1592791460162 HTTP/1.1" 200 22
114.89.80.44 - - [22/Jun/2020:10:04:22 +0800] "GET /xingrg/kc/buy/cgsh_order_operate.html?command=get_materiel&rest_code=00150&code=00102003319&supplier_code=00100151&order_time=2020-06-22 HTTP/1.1" 200 428
114.89.80.44 - - [22/Jun/2020:10:04:24 +0800] "GET /xingrg/kc/buy/cgsh_order_operate.html?command=get_materiel&rest_code=00151&code=00101001002&supplier_code=00100040&order_time=2020-06-22 HTTP/1.1" 200 413
114.89.80.44 - - [22/Jun/2020:10:04:25 +0800] "GET /xingrg/all/function/internal_message.html?_=1592791464745&CODE_STATE=getMsg HTTP/1.1" 200 27
172.17.0.120 - - [22/Jun/2020:10:04:29 +0800] "GET /xingrg/all/function/internal_message.html?_=1592791468961&CODE_STATE=getMsg HTTP/1.1" 200 27
172.17.0.100 - - [22/Jun/2020:10:04:29 +0800] "GET /xingrg/all/function/internal_message.html?_=1592791468946&CODE_STATE=getMsg HTTP/1.1" 200 27
101.228.167.227 - - [22/Jun/2020:10:04:31 +0800] "GET /xingrg/all/function/internal_message.html?_=1592791472973&CODE_STATE=getMsg HTTP/1.1" 200 27
116.230.77.149 - - [22/Jun/2020:10:04:32 +0800] "GET /xingrg/kc/buy/cgsh_order_operate.html?command=get_materiel&rest_code=00107&code=00101008358&supplier_code=00100006&order_time=2020-06-22 HTTP/1.1" 200 412
172.17.200.101 - - [22/Jun/2020:10:04:33 +0800] "GET /xingrg/all/function/internal_message.html?_=1592791473030&CODE_STATE=getMsg HTTP/1.1" 200 27
120.253.135.82 - - [22/Jun/2020:10:04:33 +0800] "GET /xingrg/check_reg.html?_=1592791228807 HTTP/1.1" 200 22
120.253.135.82 - - [22/Jun/2020:10:04:34 +0800] "GET /xingrg/all/function/internal_message.html?_=1592791229556&CODE_STATE=getMsg HTTP/1.1" 200 27
114.89.80.44 - - [22/Jun/2020:10:04:35 +0800] "GET /xingrg/kc/buy/cgsh_order_operate.html?command=get_materiel&rest_code=00150&code=00102003154&supplier_code=00100151&order_time=2020-06-22 HTTP/1.1" 200 408
114.84.151.157 - - [22/Jun/2020:10:04:35 +0800] "GET /xingrg/all/function/internal_message.html?_=1592791476382&CODE_STATE=getMsg HTTP/1.1" 200 27
172.17.0.101 - - [22/Jun/2020:10:04:36 +0800] "GET /xingrg/all/function/internal_message.html?_=1592791488200&CODE_STATE=getMsg HTTP/1.1" 200 27
114.89.80.44 - - [22/Jun/2020:10:04:38 +0800] "GET /xingrg/kc/buy/cgsh_order_operate.html?command=get_materiel&rest_code=00151&code=00101001075&supplier_code=00100040&order_time=2020-06-22 HTTP/1.1" 200 409
116.230.77.149 - - [22/Jun/2020:10:04:40 +0800] "GET /xingrg/all/function/internal_message.html?_=1592791480774&CODE_STATE=getMsg HTTP/1.1" 200 27
117.131.5.26 - - [22/Jun/2020:10:04:48 +0800] "GET /xingrg/all/function/internal_message.html?_=1592791854642&CODE_STATE=getMsg HTTP/1.1" 200 27
117.131.5.26 - - [22/Jun/2020:10:04:48 +0800] "GET /xingrg/check_reg.html?_=1592791854643 HTTP/1.1" 200 22
101.228.167.227 - - [22/Jun/2020:10:04:48 +0800] "GET /xingrg/all/function/internal_message.html?_=1592791489844&CODE_STATE=getMsg HTTP/1.1" 200 27
114.89.80.44 - - [22/Jun/2020:10:04:50 +0800] "POST /xingrg/kc/buy/cgsh_order_operate.html HTTP/1.1" 200 37
114.89.80.44 - - [22/Jun/2020:10:04:52 +0800] "POST /xingrg/kc/buy/cgsh_order_operate.html HTTP/1.1" 200 12
114.89.80.44 - - [22/Jun/2020:10:04:53 +0800] "GET /xingrg/kc/buy/cgsh_order_info.html?code=212020062208577 HTTP/1.1" 200 53641
114.89.80.44 - - [22/Jun/2020:10:04:53 +0800] "GET /xingrg/javascript/easyui/themes/default/validatebox.css HTTP/1.1" 404 1104
114.89.80.44 - - [22/Jun/2020:10:04:53 +0800] "POST /xingrg/kc/buy/cgsh_order_operate.html HTTP/1.1" 200 1211
114.88.170.9 - - [22/Jun/2020:10:04:54 +0800] "GET /xingrg/all/function/internal_message.html?_=1592791492486&CODE_STATE=getMsg HTTP/1.1" 200 27
114.89.80.44 - - [22/Jun/2020:10:04:55 +0800] "GET /xingrg/kc/print/load_data.html?order_code=212020062208577&kc_code=cgsh&condition= HTTP/1.1" 200 1039
116.230.77.149 - - [22/Jun/2020:10:04:58 +0800] "GET /xingrg/kc/buy/cgsh_order_operate.html?command=get_materiel&rest_code=00107&code=00101008083&supplier_code=00100006&order_time=2020-06-22 HTTP/1.1" 200 427
114.89.80.44 - - [22/Jun/2020:10:05:00 +0800] "GET /xingrg/kc/buy/cgsh_order_add.html HTTP/1.1" 200 58734
114.89.80.44 - - [22/Jun/2020:10:05:01 +0800] "POST /xingrg/kc/buy/cgsh_order_operate.html HTTP/1.1" 200 8245
114.89.80.44 - - [22/Jun/2020:10:05:01 +0800] "GET /xingrg/javascript/easyui/themes/default/validatebox.css HTTP/1.1" 404 1104
116.230.77.149 - - [22/Jun/2020:10:05:01 +0800] "POST /xingrg/all/common/load_select.html HTTP/1.1" 200 25
116.230.77.149 - - [22/Jun/2020:10:05:04 +0800] "GET /xingrg/kc/buy/cgsh_order_operate.html?command=get_materiel_price&rest_code=00107&code=00101008083&unit_code=00100026&supplier_code=00100006&order_time=2020-06-22 HTTP/1.1" 200 27
114.89.80.44 - - [22/Jun/2020:10:05:05 +0800] "GET /xingrg/all/function/internal_message.html?_=1592791630700&CODE_STATE=getMsg HTTP/1.1" 200 27
117.184.7.26 - - [22/Jun/2020:10:05:06 +0800] "GET /xingrg/all/function/internal_message.html?_=1592791504177&CODE_STATE=getMsg HTTP/1.1" 200 27
114.89.80.44 - - [22/Jun/2020:10:05:10 +0800] "GET /xingrg/kc/buy/cgsh_order_operate.html?command=get_materiel&rest_code=00151&code=00101012029&supplier_code=00100036&order_time=2020-06-22 HTTP/1.1" 200 412
114.86.190.97 - - [22/Jun/2020:10:05:13 +0800] "GET /xingrg/all/function/internal_message.html?_=1592791514658&CODE_STATE=getMsg HTTP/1.1" 200 27
116.230.77.149 - - [22/Jun/2020:10:05:14 +0800] "GET /xingrg/kc/buy/cgsh_order_operate.html?command=get_materiel&rest_code=00107&code=00101008264&supplier_code=00100006&order_time=2020-06-22 HTTP/1.1" 200 412
180.175.214.200 - - [22/Jun/2020:10:05:19 +0800] "GET /xingrg/check_reg.html?_=1592791723565 HTTP/1.1" 200 22
180.175.214.200 - - [22/Jun/2020:10:05:19 +0800] "GET /xingrg/all/function/internal_message.html?_=1592791723681&CODE_STATE=getMsg HTTP/1.1" 200 27
114.88.170.9 - - [22/Jun/2020:10:05:19 +0800] "GET /xingrg/all/function/internal_message.html?_=1592791533223&CODE_STATE=getMsg HTTP/1.1" 200 27
222.69.139.137 - - [22/Jun/2020:10:05:21 +0800] "GET /xingrg/all/function/internal_message.html?_=1592791520148&CODE_STATE=getMsg HTTP/1.1" 200 27
114.89.80.44 - - [22/Jun/2020:10:05:25 +0800] "GET /xingrg/all/function/internal_message.html?_=1592791524750&CODE_STATE=getMsg HTTP/1.1" 200 27
172.17.0.120 - - [22/Jun/2020:10:05:29 +0800] "GET /xingrg/all/function/internal_message.html?_=1592791528974&CODE_STATE=getMsg HTTP/1.1" 200 27
172.17.0.120 - - [22/Jun/2020:10:05:29 +0800] "GET /xingrg/check_reg.html?_=1592791528977 HTTP/1.1" 200 22
172.17.0.100 - - [22/Jun/2020:10:05:29 +0800] "GET /xingrg/check_reg.html?_=1592791528948 HTTP/1.1" 200 22
172.17.0.100 - - [22/Jun/2020:10:05:29 +0800] "GET /xingrg/all/function/internal_message.html?_=1592791528946&CODE_STATE=getMsg HTTP/1.1" 200 27
116.230.77.149 - - [22/Jun/2020:10:05:30 +0800] "GET /xingrg/kc/buy/cgsh_order_operate.html?command=get_materiel&rest_code=00107&code=00101008356&supplier_code=00100006&order_time=2020-06-22 HTTP/1.1" 200 408
120.253.135.82 - - [22/Jun/2020:10:05:31 +0800] "GET /xingrg/check_reg.html?_=1592791657463 HTTP/1.1" 200 22
101.228.167.227 - - [22/Jun/2020:10:05:31 +0800] "GET /xingrg/all/function/internal_message.html?_=1592791533105&CODE_STATE=getMsg HTTP/1.1" 200 27
172.17.200.101 - - [22/Jun/2020:10:05:33 +0800] "GET /xingrg/all/function/internal_message.html?_=1592791533032&CODE_STATE=getMsg HTTP/1.1" 200 27
