114.88.170.9 - - [22/Jun/2020:09:21:11 +0800] "GET /xingrg/all/function/internal_message.html?_=1592788885624&CODE_STATE=getMsg HTTP/1.1" 200 27
114.86.190.97 - - [22/Jun/2020:09:21:13 +0800] "GET /xingrg/all/function/internal_message.html?_=1592788874548&CODE_STATE=getMsg HTTP/1.1" 200 27
114.86.190.97 - - [22/Jun/2020:09:21:13 +0800] "GET /xingrg/check_reg.html?_=1592788874653 HTTP/1.1" 200 22
61.172.5.115 - - [22/Jun/2020:09:21:17 +0800] "GET /xingrg/all/function/internal_message.html?_=1592788870160&CODE_STATE=getMsg HTTP/1.1" 200 27
114.89.80.44 - - [22/Jun/2020:09:21:18 +0800] "GET /xingrg/all/function/internal_message.html?_=1592788877602&CODE_STATE=getMsg HTTP/1.1" 200 27
116.230.77.149 - - [22/Jun/2020:09:21:20 +0800] "GET /xingrg/kc/buy/cgsh_order_operate.html?command=get_materiel&rest_code=00107&code=00101002007&supplier_code=00100199&order_time=2020-06-22 HTTP/1.1" 200 409
101.228.167.227 - - [22/Jun/2020:09:21:20 +0800] "GET /xingrg/check_reg.html?_=1592788882130 HTTP/1.1" 200 22
61.172.5.115 - - [22/Jun/2020:09:21:24 +0800] "GET /xingrg/all/function/internal_message.html?_=1592788884059&CODE_STATE=getMsg HTTP/1.1" 200 27
172.17.0.100 - - [22/Jun/2020:09:21:29 +0800] "GET /xingrg/all/function/internal_message.html?_=1592788888755&CODE_STATE=getMsg HTTP/1.1" 200 27
101.228.167.227 - - [22/Jun/2020:09:21:29 +0800] "GET /xingrg/all/function/internal_message.html?_=1592788890578&CODE_STATE=getMsg HTTP/1.1" 200 27
116.230.77.149 - - [22/Jun/2020:09:21:30 +0800] "POST /xingrg/kc/buy/cgsh_order_operate.html HTTP/1.1" 200 37
116.230.77.149 - - [22/Jun/2020:09:21:31 +0800] "POST /xingrg/kc/buy/cgsh_order_operate.html HTTP/1.1" 200 2657
116.230.77.149 - - [22/Jun/2020:09:21:34 +0800] "GET /xingrg/kc/print/load_data.html?order_code=212020062208557&kc_code=cgsh&condition= HTTP/1.1" 200 664
114.84.151.157 - - [22/Jun/2020:09:21:36 +0800] "GET /xingrg/all/function/internal_message.html?_=1592788897355&CODE_STATE=getMsg HTTP/1.1" 200 27
116.230.77.149 - - [22/Jun/2020:09:21:39 +0800] "GET /xingrg/check_reg.html?_=1592788899876 HTTP/1.1" 200 22
116.230.77.149 - - [22/Jun/2020:09:21:39 +0800] "GET /xingrg/all/function/internal_message.html?_=1592788899990&CODE_STATE=getMsg HTTP/1.1" 200 27
116.230.77.149 - - [22/Jun/2020:09:21:39 +0800] "GET /xingrg/kc/buy/cgsh_order_add.html HTTP/1.1" 200 59127
116.230.77.149 - - [22/Jun/2020:09:21:40 +0800] "POST /xingrg/kc/buy/cgsh_order_operate.html HTTP/1.1" 200 8245
116.230.77.149 - - [22/Jun/2020:09:21:40 +0800] "GET /xingrg/javascript/easyui/themes/default/validatebox.css HTTP/1.1" 404 1104
101.228.167.227 - - [22/Jun/2020:09:21:47 +0800] "GET /xingrg/all/function/internal_message.html?_=1592788908493&CODE_STATE=getMsg HTTP/1.1" 200 27
114.88.170.9 - - [22/Jun/2020:09:21:53 +0800] "GET /xingrg/all/function/internal_message.html?_=1592788911012&CODE_STATE=getMsg HTTP/1.1" 200 27
172.17.0.240 - - [22/Jun/2020:09:21:55 +0800] "GET /xingrg/all/function/internal_message.html?_=1592788915039&CODE_STATE=getMsg HTTP/1.1" 200 27
172.17.0.240 - - [22/Jun/2020:09:21:56 +0800] "GET /xingrg/javascript/jquery_easy_ui/themes/default/images/button_plain_hover.png HTTP/1.1" 200 252
114.89.80.44 - - [22/Jun/2020:09:21:57 +0800] "GET /xingrg/check_reg.html?_=1592789042723 HTTP/1.1" 200 22
114.89.80.44 - - [22/Jun/2020:09:21:57 +0800] "GET /xingrg/all/function/internal_message.html?_=1592789042988&CODE_STATE=getMsg HTTP/1.1" 200 27
114.84.151.157 - - [22/Jun/2020:09:21:58 +0800] "GET /xingrg/check_reg.html?_=1592788918962 HTTP/1.1" 200 22
117.184.7.26 - - [22/Jun/2020:09:22:06 +0800] "GET /xingrg/all/function/internal_message.html?_=1592788925032&CODE_STATE=getMsg HTTP/1.1" 200 27
116.230.77.149 - - [22/Jun/2020:09:22:08 +0800] "GET /xingrg/javascript/easyui/themes/default/tree.css HTTP/1.1" 404 1090
116.230.77.149 - - [22/Jun/2020:09:22:08 +0800] "POST /xingrg/all/common/load_tree.html?tree=supplier_tree_json&isDelete=1 HTTP/1.1" 200 49174
114.88.170.9 - - [22/Jun/2020:09:22:11 +0800] "GET /xingrg/all/function/internal_message.html?_=1592788945596&CODE_STATE=getMsg HTTP/1.1" 200 27
114.86.190.97 - - [22/Jun/2020:09:22:13 +0800] "GET /xingrg/all/function/internal_message.html?_=1592788934558&CODE_STATE=getMsg HTTP/1.1" 200 27
61.172.5.115 - - [22/Jun/2020:09:22:17 +0800] "GET /xingrg/all/function/internal_message.html?_=1592788930151&CODE_STATE=getMsg HTTP/1.1" 200 27
114.89.80.44 - - [22/Jun/2020:09:22:18 +0800] "GET /xingrg/all/function/internal_message.html?_=1592788937599&CODE_STATE=getMsg HTTP/1.1" 200 27
61.172.5.115 - - [22/Jun/2020:09:22:24 +0800] "GET /xingrg/all/function/internal_message.html?_=1592788944059&CODE_STATE=getMsg HTTP/1.1" 200 27
172.17.0.100 - - [22/Jun/2020:09:22:29 +0800] "GET /xingrg/all/function/internal_message.html?_=1592788948752&CODE_STATE=getMsg HTTP/1.1" 200 27
101.228.167.227 - - [22/Jun/2020:09:22:29 +0800] "GET /xingrg/all/function/internal_message.html?_=1592788950593&CODE_STATE=getMsg HTTP/1.1" 200 27
114.84.151.157 - - [22/Jun/2020:09:22:36 +0800] "GET /xingrg/all/function/internal_message.html?_=1592788957332&CODE_STATE=getMsg HTTP/1.1" 200 27
116.230.77.149 - - [22/Jun/2020:09:22:39 +0800] "GET /xingrg/all/function/internal_message.html?_=1592788959961&CODE_STATE=getMsg HTTP/1.1" 200 27
101.228.167.227 - - [22/Jun/2020:09:22:47 +0800] "GET /xingrg/all/function/internal_message.html?_=1592788968506&CODE_STATE=getMsg HTTP/1.1" 200 27
114.88.170.9 - - [22/Jun/2020:09:22:53 +0800] "GET /xingrg/all/function/internal_message.html?_=1592788971089&CODE_STATE=getMsg HTTP/1.1" 200 27
172.17.0.240 - - [22/Jun/2020:09:22:55 +0800] "GET /xingrg/all/function/internal_message.html?_=1592788975038&CODE_STATE=getMsg HTTP/1.1" 200 27
114.89.80.44 - - [22/Jun/2020:09:22:57 +0800] "GET /xingrg/all/function/internal_message.html?_=1592789103000&CODE_STATE=getMsg HTTP/1.1" 200 27
117.184.7.26 - - [22/Jun/2020:09:23:06 +0800] "GET /xingrg/all/function/internal_message.html?_=1592788985004&CODE_STATE=getMsg HTTP/1.1" 200 27
114.88.170.9 - - [22/Jun/2020:09:23:11 +0800] "GET /xingrg/all/function/internal_message.html?_=1592789005564&CODE_STATE=getMsg HTTP/1.1" 200 27
114.86.190.97 - - [22/Jun/2020:09:23:13 +0800] "GET /xingrg/all/function/internal_message.html?_=1592788994566&CODE_STATE=getMsg HTTP/1.1" 200 27
61.172.5.115 - - [22/Jun/2020:09:23:17 +0800] "GET /xingrg/all/function/internal_message.html?_=1592788990157&CODE_STATE=getMsg HTTP/1.1" 200 27
114.89.80.44 - - [22/Jun/2020:09:23:18 +0800] "GET /xingrg/all/function/internal_message.html?_=1592788997593&CODE_STATE=getMsg HTTP/1.1" 200 27
61.172.5.115 - - [22/Jun/2020:09:23:24 +0800] "GET /xingrg/check_reg.html?_=1592789004060 HTTP/1.1" 200 22
61.172.5.115 - - [22/Jun/2020:09:23:24 +0800] "GET /xingrg/all/function/internal_message.html?_=1592789004063&CODE_STATE=getMsg HTTP/1.1" 200 27
114.88.170.9 - - [22/Jun/2020:09:23:25 +0800] "GET /xingrg/check_reg.html?_=1592789002995 HTTP/1.1" 200 22
172.17.0.100 - - [22/Jun/2020:09:23:29 +0800] "GET /xingrg/all/function/internal_message.html?_=1592789008752&CODE_STATE=getMsg HTTP/1.1" 200 27
101.228.167.227 - - [22/Jun/2020:09:23:29 +0800] "GET /xingrg/all/function/internal_message.html?_=1592789010707&CODE_STATE=getMsg HTTP/1.1" 200 27
114.84.151.157 - - [22/Jun/2020:09:23:36 +0800] "GET /xingrg/all/function/internal_message.html?_=1592789017334&CODE_STATE=getMsg HTTP/1.1" 200 27
116.230.77.149 - - [22/Jun/2020:09:23:39 +0800] "GET /xingrg/all/function/internal_message.html?_=1592789019935&CODE_STATE=getMsg HTTP/1.1" 200 27
114.88.170.9 - - [22/Jun/2020:09:23:42 +0800] "GET /xingrg/kc/base/wldb_order_add.html HTTP/1.1" 200 30316
114.88.170.9 - - [22/Jun/2020:09:23:43 +0800] "GET /xingrg/javascript/easyui/themes/default/validatebox.css HTTP/1.1" 404 1104
114.88.170.9 - - [22/Jun/2020:09:23:43 +0800] "POST /xingrg/kc/base/wldb_order_operate.html HTTP/1.1" 200 6806
101.228.167.227 - - [22/Jun/2020:09:23:47 +0800] "GET /xingrg/all/function/internal_message.html?_=1592789028632&CODE_STATE=getMsg HTTP/1.1" 200 27
114.88.170.9 - - [22/Jun/2020:09:23:51 +0800] "GET /xingrg/kc/base/wldb_order_operate.html?command=get_materiel&rest_code=00111&base_code=0010283&code=00101016019 HTTP/1.1" 200 451
114.88.170.9 - - [22/Jun/2020:09:23:53 +0800] "GET /xingrg/all/function/internal_message.html?_=1592789031102&CODE_STATE=getMsg HTTP/1.1" 200 27
114.89.80.44 - - [22/Jun/2020:09:23:57 +0800] "GET /xingrg/all/function/internal_message.html?_=1592789163014&CODE_STATE=getMsg HTTP/1.1" 200 27
114.88.170.9 - - [22/Jun/2020:09:24:00 +0800] "GET /xingrg/kc/report/report_main.html HTTP/1.1" 200 7345
114.88.170.9 - - [22/Jun/2020:09:24:01 +0800] "GET /xingrg/kc/base/kc_stocks.html HTTP/1.1" 200 16278
114.88.170.9 - - [22/Jun/2020:09:24:01 +0800] "GET /xingrg/javascript/easyui/themes/default/tree.css HTTP/1.1" 404 1090
114.88.170.9 - - [22/Jun/2020:09:24:01 +0800] "POST /xingrg/all/common/load_tree.html?tree=materiel_sort_tree_json HTTP/1.1" 200 8666
222.69.139.137 - - [22/Jun/2020:09:24:02 +0800] "GET /xingrg/login.html HTTP/1.1" 200 7641
222.69.139.137 - - [22/Jun/2020:09:24:03 +0800] "GET /favicon.ico HTTP/1.1" 404 -
117.184.7.26 - - [22/Jun/2020:09:24:05 +0800] "GET /xingrg/check_reg.html?_=1592789043806 HTTP/1.1" 200 22
117.184.7.26 - - [22/Jun/2020:09:24:06 +0800] "GET /xingrg/all/function/internal_message.html?_=1592789044987&CODE_STATE=getMsg HTTP/1.1" 200 27
114.88.170.9 - - [22/Jun/2020:09:24:06 +0800] "POST /xingrg/kc/base/stock_operate.html HTTP/1.1" 200 2430
114.88.170.9 - - [22/Jun/2020:09:24:08 +0800] "GET /xingrg/kc/base/stock_detail.html?m=00101016019 HTTP/1.1" 200 7279
114.88.170.9 - - [22/Jun/2020:09:24:09 +0800] "GET /xingrg/kc/base/stock_operate.html?_=1592789063749&command=get_report_file&start_day=20200601 HTTP/1.1" 200 53
114.88.170.9 - - [22/Jun/2020:09:24:09 +0800] "GET /xingrg/all/report/report_query.html?isQuery=1&onlyBody=1&rh=2000&fileName=kc/base/kc_stock_detail_new.xml&queryString=(1=1)&queryText=&tableQueryString=init_table$sp1$$sp$crk_table$sp1$order_day%20between%2020200601%20and%2020200630&varString=start_day:20200601,materiel_code:00101016019,cost_id:2647,end_date:20200430 HTTP/1.1" 200 48701
114.88.170.9 - - [22/Jun/2020:09:24:09 +0800] "GET /xingrg/dwr/interface/AjaxReportQueryService.js HTTP/1.1" 200 13203
114.88.170.9 - - [22/Jun/2020:09:24:09 +0800] "GET /xingrg/dwr/engine.js HTTP/1.1" 200 43631
114.88.170.9 - - [22/Jun/2020:09:24:10 +0800] "POST /xingrg/all/report/load_report_page.html HTTP/1.1" 200 118162
114.88.170.9 - - [22/Jun/2020:09:24:10 +0800] "GET /xingrg/servlets/image?cache=0.08693694604988078&image=px HTTP/1.1" 200 807
114.88.170.9 - - [22/Jun/2020:09:24:11 +0800] "GET /xingrg/all/function/internal_message.html?_=1592789065546&CODE_STATE=getMsg HTTP/1.1" 200 27
114.86.190.97 - - [22/Jun/2020:09:24:13 +0800] "GET /xingrg/all/function/internal_message.html?_=1592789054568&CODE_STATE=getMsg HTTP/1.1" 200 27
61.172.5.115 - - [22/Jun/2020:09:24:17 +0800] "GET /xingrg/all/function/internal_message.html?_=1592789050163&CODE_STATE=getMsg HTTP/1.1" 200 27
114.89.80.44 - - [22/Jun/2020:09:24:18 +0800] "GET /xingrg/all/function/internal_message.html?_=1592789057609&CODE_STATE=getMsg HTTP/1.1" 200 27
114.89.80.44 - - [22/Jun/2020:09:24:18 +0800] "GET /xingrg/check_reg.html?_=1592789057612 HTTP/1.1" 200 22
116.230.77.149 - - [22/Jun/2020:09:24:18 +0800] "GET /xingrg/kc/buy/cgsh_order_operate.html?command=get_materiel&rest_code=00107&code=00101009050&supplier_code=00100022&order_time=2020-06-21 HTTP/1.1" 200 408
222.69.139.137 - - [22/Jun/2020:09:24:20 +0800] "POST /xingrg/login.do HTTP/1.1" 302 -
222.69.139.137 - - [22/Jun/2020:09:24:20 +0800] "GET /xingrg/index.html?sysBaseUrl=http%3A%2F%2F180.169.147.146%3A18081%2Fxingrg%2F&costTime=51×tamp=1592789060761 HTTP/1.1" 200 17179
222.69.139.137 - - [22/Jun/2020:09:24:20 +0800] "POST /xingrg/all/common/load_tree.html?tree=area_rest_tree_json&manage=1 HTTP/1.1" 200 351
222.69.139.137 - - [22/Jun/2020:09:24:21 +0800] "GET /xingrg/all/function/internal_message.html?_=1592789060083&CODE_STATE=count HTTP/1.1" 200 11
222.69.139.137 - - [22/Jun/2020:09:24:21 +0800] "GET /xingrg/check_reg.html?_=1592789060087 HTTP/1.1" 200 22
222.69.139.137 - - [22/Jun/2020:09:24:21 +0800] "GET /favicon.ico HTTP/1.1" 404 -
222.69.139.137 - - [22/Jun/2020:09:24:21 +0800] "POST /xingrg/load_menu.html HTTP/1.1" 200 5138
114.88.170.9 - - [22/Jun/2020:09:24:22 +0800] "GET /xingrg/kc/guide/show_order.html?code=422020061601722&type=42 HTTP/1.1" 302 -
114.88.170.9 - - [22/Jun/2020:09:24:22 +0800] "GET /xingrg/kc/base/wldb_order_info.html?code=422020061601722&sysBaseUrl=http%3A%2F%2F180.169.147.146%3A18081%2Fxingrg%2F&costTime=1×tamp=1592789062729 HTTP/1.1" 200 26194
114.88.170.9 - - [22/Jun/2020:09:24:22 +0800] "GET /favicon.ico HTTP/1.1" 404 -
114.88.170.9 - - [22/Jun/2020:09:24:23 +0800] "POST /xingrg/kc/base/wldb_order_operate.html HTTP/1.1" 200 5348
114.88.170.9 - - [22/Jun/2020:09:24:23 +0800] "GET /xingrg/javascript/easyui/themes/default/validatebox.css HTTP/1.1" 404 1104
172.17.200.101 - - [22/Jun/2020:09:24:23 +0800] "GET /favicon.ico HTTP/1.1" 404 -
61.172.5.115 - - [22/Jun/2020:09:24:24 +0800] "GET /xingrg/all/function/internal_message.html?_=1592789064089&CODE_STATE=getMsg HTTP/1.1" 200 27
172.17.0.100 - - [22/Jun/2020:09:24:29 +0800] "GET /xingrg/all/function/internal_message.html?_=1592789068752&CODE_STATE=getMsg HTTP/1.1" 200 27
101.228.167.227 - - [22/Jun/2020:09:24:29 +0800] "GET /xingrg/all/function/internal_message.html?_=1592789070713&CODE_STATE=getMsg HTTP/1.1" 200 27
116.230.77.149 - - [22/Jun/2020:09:24:30 +0800] "GET /xingrg/kc/buy/cgsh_order_operate.html?command=get_materiel&rest_code=00107&code=00101009062&supplier_code=00100022&order_time=2020-06-21 HTTP/1.1" 200 412
222.69.139.137 - - [22/Jun/2020:09:24:32 +0800] "GET /xingrg/kc/base/wldb_order_list.html HTTP/1.1" 200 19261
222.69.139.137 - - [22/Jun/2020:09:24:32 +0800] "POST /xingrg/kc/base/wldb_list_operate.html HTTP/1.1" 200 928
222.69.139.137 - - [22/Jun/2020:09:24:34 +0800] "GET /xingrg/kc/base/wldb_order_add.html HTTP/1.1" 200 30322
222.69.139.137 - - [22/Jun/2020:09:24:34 +0800] "POST /xingrg/kc/base/wldb_order_operate.html HTTP/1.1" 200 6806
222.69.139.137 - - [22/Jun/2020:09:24:34 +0800] "GET /xingrg/all/common/auto_word.html?type=base&rest_code=00149 HTTP/1.1" 200 1811
222.69.139.137 - - [22/Jun/2020:09:24:34 +0800] "GET /xingrg/all/common/auto_word.html?type=base&rest_code=00149 HTTP/1.1" 200 1811
222.69.139.137 - - [22/Jun/2020:09:24:34 +0800] "GET /xingrg/javascript/easyui/themes/default/validatebox.css HTTP/1.1" 404 1104
222.69.139.137 - - [22/Jun/2020:09:24:35 +0800] "GET /xingrg/javascript/auto/indicator.gif HTTP/1.1" 404 1066
114.84.151.157 - - [22/Jun/2020:09:24:36 +0800] "GET /xingrg/all/function/internal_message.html?_=1592789077315&CODE_STATE=getMsg HTTP/1.1" 200 27
222.69.139.137 - - [22/Jun/2020:09:24:36 +0800] "GET /xingrg/javascript/jquery_tools/images/prev.gif HTTP/1.1" 404 1086
222.69.139.137 - - [22/Jun/2020:09:24:36 +0800] "GET /xingrg/javascript/jquery_tools/images/next.gif HTTP/1.1" 404 1086
116.230.77.149 - - [22/Jun/2020:09:24:39 +0800] "GET /xingrg/all/function/internal_message.html?_=1592789079920&CODE_STATE=getMsg HTTP/1.1" 200 27
114.88.170.9 - - [22/Jun/2020:09:24:39 +0800] "GET /xingrg/kc/guide/show_order.html?code=422020061601722&type=42 HTTP/1.1" 302 -
114.88.170.9 - - [22/Jun/2020:09:24:39 +0800] "GET /xingrg/kc/base/wldb_order_info.html?code=422020061601722&sysBaseUrl=http%3A%2F%2F180.169.147.146%3A18081%2Fxingrg%2F&costTime=0×tamp=1592789079915 HTTP/1.1" 200 26194
114.88.170.9 - - [22/Jun/2020:09:24:40 +0800] "GET /favicon.ico HTTP/1.1" 404 -
114.88.170.9 - - [22/Jun/2020:09:24:40 +0800] "GET /xingrg/javascript/easyui/themes/default/validatebox.css HTTP/1.1" 404 1104
114.88.170.9 - - [22/Jun/2020:09:24:40 +0800] "POST /xingrg/kc/base/wldb_order_operate.html HTTP/1.1" 200 5348
116.230.77.149 - - [22/Jun/2020:09:24:41 +0800] "GET /xingrg/kc/buy/cgsh_order_operate.html?command=get_materiel&rest_code=00107&code=00101009016&supplier_code=00100022&order_time=2020-06-21 HTTP/1.1" 200 412
222.69.139.137 - - [22/Jun/2020:09:24:45 +0800] "GET /xingrg/kc/base/wldb_order_operate.html?command=get_materiel&rest_code=00149&base_code=0010395&code=00102002304 HTTP/1.1" 200 449
101.228.167.227 - - [22/Jun/2020:09:24:47 +0800] "GET /xingrg/all/function/internal_message.html?_=1592789088644&CODE_STATE=getMsg HTTP/1.1" 200 27
222.69.139.137 - - [22/Jun/2020:09:24:50 +0800] "GET /xingrg/kc/base/wldb_order_operate.html?command=get_materiel&rest_code=00149&base_code=0010395&code=00102002448 HTTP/1.1" 200 426
114.88.170.9 - - [22/Jun/2020:09:24:53 +0800] "GET /xingrg/all/function/internal_message.html?_=1592789091115&CODE_STATE=getMsg HTTP/1.1" 200 27
172.17.200.101 - - [22/Jun/2020:09:24:54 +0800] "GET /xingrg/login.html HTTP/1.1" 200 7636
222.69.139.137 - - [22/Jun/2020:09:24:55 +0800] "POST /xingrg/kc/base/wldb_order_operate.html HTTP/1.1" 200 37
222.69.139.137 - - [22/Jun/2020:09:24:56 +0800] "POST /xingrg/kc/base/wldb_order_operate.html HTTP/1.1" 200 12
222.69.139.137 - - [22/Jun/2020:09:24:56 +0800] "POST /xingrg/kc/base/wldb_order_operate.html HTTP/1.1" 200 2686
116.230.77.149 - - [22/Jun/2020:09:24:57 +0800] "POST /xingrg/kc/buy/cgsh_order_operate.html HTTP/1.1" 200 37
222.69.139.137 - - [22/Jun/2020:09:24:57 +0800] "GET /xingrg/kc/base/wldb_order_info.html?code=422020062202378 HTTP/1.1" 200 26200
222.69.139.137 - - [22/Jun/2020:09:24:57 +0800] "GET /xingrg/javascript/easyui/themes/default/validatebox.css HTTP/1.1" 404 1104
222.69.139.137 - - [22/Jun/2020:09:24:57 +0800] "POST /xingrg/kc/base/wldb_order_operate.html HTTP/1.1" 200 969
114.89.80.44 - - [22/Jun/2020:09:24:57 +0800] "GET /xingrg/all/function/internal_message.html?_=1592789223058&CODE_STATE=getMsg HTTP/1.1" 200 27
116.230.77.149 - - [22/Jun/2020:09:24:58 +0800] "POST /xingrg/kc/buy/cgsh_order_operate.html HTTP/1.1" 200 3836
222.69.139.137 - - [22/Jun/2020:09:25:01 +0800] "GET /xingrg/kc/base/wldb_order_add.html HTTP/1.1" 200 30322
116.230.77.149 - - [22/Jun/2020:09:25:01 +0800] "GET /xingrg/kc/print/load_data.html?order_code=212020062208558&kc_code=cgsh&condition= HTTP/1.1" 200 1151
222.69.139.137 - - [22/Jun/2020:09:25:01 +0800] "POST /xingrg/kc/base/wldb_order_operate.html HTTP/1.1" 200 6806
222.69.139.137 - - [22/Jun/2020:09:25:01 +0800] "GET /xingrg/javascript/easyui/themes/default/validatebox.css HTTP/1.1" 404 1104
116.230.77.149 - - [22/Jun/2020:09:25:05 +0800] "GET /xingrg/kc/buy/cgsh_order_add.html HTTP/1.1" 200 59127
116.230.77.149 - - [22/Jun/2020:09:25:06 +0800] "GET /xingrg/javascript/easyui/themes/default/validatebox.css HTTP/1.1" 404 1104
116.230.77.149 - - [22/Jun/2020:09:25:06 +0800] "POST /xingrg/kc/buy/cgsh_order_operate.html HTTP/1.1" 200 8245
117.184.7.26 - - [22/Jun/2020:09:25:06 +0800] "GET /xingrg/all/function/internal_message.html?_=1592789104970&CODE_STATE=getMsg HTTP/1.1" 200 27
116.230.77.149 - - [22/Jun/2020:09:25:07 +0800] "GET /xingrg/javascript/easyui/themes/default/tree.css HTTP/1.1" 404 1090
116.230.77.149 - - [22/Jun/2020:09:25:07 +0800] "POST /xingrg/all/common/load_tree.html?tree=supplier_tree_json&isDelete=1 HTTP/1.1" 200 49174
114.88.170.9 - - [22/Jun/2020:09:25:11 +0800] "GET /xingrg/all/function/internal_message.html?_=1592789125520&CODE_STATE=getMsg HTTP/1.1" 200 27
114.88.170.9 - - [22/Jun/2020:09:25:11 +0800] "GET /xingrg/check_reg.html?_=1592789125647 HTTP/1.1" 200 22
114.86.190.97 - - [22/Jun/2020:09:25:13 +0800] "GET /xingrg/all/function/internal_message.html?_=1592789114568&CODE_STATE=getMsg HTTP/1.1" 200 27
172.17.200.101 - - [22/Jun/2020:09:25:13 +0800] "GET /favicon.ico HTTP/1.1" 404 -
61.172.5.115 - - [22/Jun/2020:09:25:17 +0800] "GET /xingrg/all/function/internal_message.html?_=1592789110153&CODE_STATE=getMsg HTTP/1.1" 200 27
61.172.5.115 - - [22/Jun/2020:09:25:17 +0800] "GET /xingrg/check_reg.html?_=1592789110164 HTTP/1.1" 200 22
172.17.200.101 - - [22/Jun/2020:09:25:17 +0800] "POST /xingrg/login.do HTTP/1.1" 302 -
222.69.139.137 - - [22/Jun/2020:09:25:18 +0800] "GET /xingrg/kc/base/wldb_order_operate.html?command=get_materiel&rest_code=00149&base_code=0010395&code=00102004006 HTTP/1.1" 200 442
172.17.200.101 - - [22/Jun/2020:09:25:18 +0800] "GET /xingrg/index.html?sysBaseUrl=http%3A%2F%2F172.17.0.8%3A18081%2Fxingrg%2F&costTime=41×tamp=1592789117953 HTTP/1.1" 200 17448
114.89.80.44 - - [22/Jun/2020:09:25:18 +0800] "GET /xingrg/all/function/internal_message.html?_=1592789117605&CODE_STATE=getMsg HTTP/1.1" 200 27
222.69.139.137 - - [22/Jun/2020:09:25:21 +0800] "GET /xingrg/all/function/internal_message.html?_=1592789120093&CODE_STATE=getMsg HTTP/1.1" 200 27
222.69.139.137 - - [22/Jun/2020:09:25:22 +0800] "GET /xingrg/kc/base/wldb_order_operate.html?command=get_materiel&rest_code=00149&base_code=0010395&code=00102002204 HTTP/1.1" 200 433
61.172.5.115 - - [22/Jun/2020:09:25:24 +0800] "GET /xingrg/all/function/internal_message.html?_=1592789124088&CODE_STATE=getMsg HTTP/1.1" 200 27
172.17.0.101 - - [22/Jun/2020:09:25:26 +0800] "GET /xingrg/login.html HTTP/1.1" 200 7636
172.17.0.101 - - [22/Jun/2020:09:25:26 +0800] "GET /xingrg/images/blue/login_bg.png HTTP/1.1" 304 -
172.17.0.101 - - [22/Jun/2020:09:25:26 +0800] "GET /xingrg/images/blue/hj.png HTTP/1.1" 304 -
172.17.0.101 - - [22/Jun/2020:09:25:26 +0800] "GET /xingrg/images/blue/srbg.png HTTP/1.1" 304 -
172.17.0.101 - - [22/Jun/2020:09:25:26 +0800] "GET /favicon.ico HTTP/1.1" 404 -
172.17.200.101 - - [22/Jun/2020:09:25:28 +0800] "GET /favicon.ico HTTP/1.1" 404 -
172.17.0.100 - - [22/Jun/2020:09:25:29 +0800] "GET /xingrg/check_reg.html?_=1592789128755 HTTP/1.1" 200 22
172.17.0.100 - - [22/Jun/2020:09:25:29 +0800] "GET /xingrg/all/function/internal_message.html?_=1592789128753&CODE_STATE=getMsg HTTP/1.1" 200 27
101.228.167.227 - - [22/Jun/2020:09:25:29 +0800] "GET /xingrg/all/function/internal_message.html?_=1592789130839&CODE_STATE=getMsg HTTP/1.1" 200 27
120.253.135.82 - - [22/Jun/2020:09:25:31 +0800] "GET /xingrg/check_reg.html?_=1592789257421 HTTP/1.1" 200 22
172.17.200.101 - - [22/Jun/2020:09:25:31 +0800] "POST /xingrg/all/common/load_tree.html?tree=area_rest_tree_json&manage=1 HTTP/1.1" 200 3088
222.69.139.137 - - [22/Jun/2020:09:25:33 +0800] "POST /xingrg/kc/base/wldb_order_operate.html HTTP/1.1" 200 37
172.17.200.101 - - [22/Jun/2020:09:25:33 +0800] "GET /xingrg/all/function/internal_message.html?_=1592789132997&CODE_STATE=count HTTP/1.1" 200 11
172.17.200.101 - - [22/Jun/2020:09:25:33 +0800] "GET /xingrg/check_reg.html?_=1592789133000 HTTP/1.1" 200 22
58.40.7.146 - - [22/Jun/2020:09:25:33 +0800] "GET /xingrg/check_reg.html?_=1592789133501 HTTP/1.1" 200 22
222.69.139.137 - - [22/Jun/2020:09:25:34 +0800] "POST /xingrg/kc/base/wldb_order_operate.html HTTP/1.1" 200 12
222.69.139.137 - - [22/Jun/2020:09:25:34 +0800] "POST /xingrg/kc/base/wldb_order_operate.html HTTP/1.1" 200 3172
172.17.200.101 - - [22/Jun/2020:09:25:35 +0800] "POST /xingrg/load_menu.html HTTP/1.1" 200 11529
222.69.139.137 - - [22/Jun/2020:09:25:35 +0800] "GET /xingrg/kc/base/wldb_order_info.html?code=422020062202379 HTTP/1.1" 200 26200
172.17.0.101 - - [22/Jun/2020:09:25:35 +0800] "POST /xingrg/login.do HTTP/1.1" 302 -
172.17.0.101 - - [22/Jun/2020:09:25:35 +0800] "GET /xingrg/index.html?sysBaseUrl=http%3A%2F%2F172.17.0.8%3A18081%2Fxingrg%2F&costTime=41×tamp=1592789135560 HTTP/1.1" 200 17448
222.69.139.137 - - [22/Jun/2020:09:25:35 +0800] "GET /xingrg/javascript/easyui/themes/default/validatebox.css HTTP/1.1" 404 1104
222.69.139.137 - - [22/Jun/2020:09:25:35 +0800] "POST /xingrg/kc/base/wldb_order_operate.html HTTP/1.1" 200 1444
172.17.0.101 - - [22/Jun/2020:09:25:35 +0800] "GET /favicon.ico HTTP/1.1" 404 -
172.17.0.101 - - [22/Jun/2020:09:25:35 +0800] "POST /xingrg/all/common/load_tree.html?tree=area_rest_tree_json&manage=1 HTTP/1.1" 200 3088
172.17.0.101 - - [22/Jun/2020:09:25:36 +0800] "GET /xingrg/all/function/internal_message.html?_=1592789148141&CODE_STATE=count HTTP/1.1" 200 11
172.17.0.101 - - [22/Jun/2020:09:25:36 +0800] "GET /xingrg/check_reg.html?_=1592789148142 HTTP/1.1" 200 22
172.17.0.101 - - [22/Jun/2020:09:25:36 +0800] "POST /xingrg/load_menu.html HTTP/1.1" 200 11408
172.17.0.101 - - [22/Jun/2020:09:25:36 +0800] "GET /xingrg/javascript/jquery_easy_ui/themes/default/images/tree_arrows.gif HTTP/1.1" 304 -
172.17.0.101 - - [22/Jun/2020:09:25:36 +0800] "GET /xingrg/javascript/jquery_easy_ui/themes/default/images/tree_folder_open.gif HTTP/1.1" 304 -
172.17.0.101 - - [22/Jun/2020:09:25:36 +0800] "GET /xingrg/javascript/jquery_easy_ui/themes/icons/search_new.png HTTP/1.1" 304 -
172.17.0.101 - - [22/Jun/2020:09:25:36 +0800] "GET /xingrg/javascript/jquery_easy_ui/themes/icons/delivery_new.png HTTP/1.1" 304 -
172.17.0.101 - - [22/Jun/2020:09:25:36 +0800] "GET /xingrg/javascript/jquery_easy_ui/themes/icons/storage_new.png HTTP/1.1" 304 -
172.17.0.101 - - [22/Jun/2020:09:25:36 +0800] "GET /xingrg/javascript/jquery_easy_ui/themes/icons/checkout_new.png HTTP/1.1" 304 -
172.17.0.101 - - [22/Jun/2020:09:25:36 +0800] "GET /xingrg/javascript/jquery_easy_ui/themes/icons/forms_new.png HTTP/1.1" 304 -
172.17.0.101 - - [22/Jun/2020:09:25:36 +0800] "GET /xingrg/javascript/jquery_easy_ui/themes/icons/setting_new.png HTTP/1.1" 304 -
172.17.0.101 - - [22/Jun/2020:09:25:36 +0800] "GET /xingrg/javascript/jquery_easy_ui/themes/icons/systemset_new.png HTTP/1.1" 304 -
172.17.0.101 - - [22/Jun/2020:09:25:36 +0800] "GET /xingrg/javascript/jquery_easy_ui/themes/default/images/tree_file.gif HTTP/1.1" 304 -
172.17.0.101 - - [22/Jun/2020:09:25:36 +0800] "GET /xingrg/javascript/jquery_easy_ui/themes/default/images/tree_folder.gif HTTP/1.1" 304 -
114.84.151.157 - - [22/Jun/2020:09:25:36 +0800] "GET /xingrg/all/function/internal_message.html?_=1592789137291&CODE_STATE=getMsg HTTP/1.1" 200 27
222.69.139.137 - - [22/Jun/2020:09:25:38 +0800] "GET /xingrg/kc/base/wldb_order_add.html HTTP/1.1" 200 30322
222.69.139.137 - - [22/Jun/2020:09:25:38 +0800] "POST /xingrg/kc/base/wldb_order_operate.html HTTP/1.1" 200 6806
222.69.139.137 - - [22/Jun/2020:09:25:38 +0800] "GET /xingrg/javascript/easyui/themes/default/validatebox.css HTTP/1.1" 404 1104
172.17.0.101 - - [22/Jun/2020:09:25:38 +0800] "POST /xingrg/load_menu.html HTTP/1.1" 200 9445
116.230.77.149 - - [22/Jun/2020:09:25:39 +0800] "GET /xingrg/all/function/internal_message.html?_=1592789139889&CODE_STATE=getMsg HTTP/1.1" 200 27
172.17.200.101 - - [22/Jun/2020:09:25:39 +0800] "GET /xingrg/kc/report/report_main.html HTTP/1.1" 200 9350
101.85.53.146 - - [22/Jun/2020:09:25:39 +0800] "GET /xingrg/check_reg.html?_=1592788571737 HTTP/1.1" 200 22
172.17.0.101 - - [22/Jun/2020:09:25:41 +0800] "GET /xingrg/all/report/report_query.html?fileName=dma/new_5.0/yingye/pay_ment_hz.xml HTTP/1.1" 200 51612
172.17.0.101 - - [22/Jun/2020:09:25:41 +0800] "GET /xingrg/javascript/jquery_easy_ui/themes/default/images/tabs_close.gif HTTP/1.1" 304 -
172.17.0.101 - - [22/Jun/2020:09:25:41 +0800] "GET /xingrg/dwr/interface/AjaxReportQueryService.js HTTP/1.1" 200 13203
172.17.0.101 - - [22/Jun/2020:09:25:41 +0800] "GET /xingrg/dwr/util.js HTTP/1.1" 304 -
172.17.0.101 - - [22/Jun/2020:09:25:41 +0800] "GET /xingrg/dwr/engine.js HTTP/1.1" 200 43631
172.17.0.101 - - [22/Jun/2020:09:25:41 +0800] "GET /xingrg/javascript/jquery_easy_ui/themes/icons/help.png HTTP/1.1" 304 -
172.17.0.101 - - [22/Jun/2020:09:25:41 +0800] "GET /xingrg/javascript/jquery_easy_ui/themes/default/images/menu_downarrow.png HTTP/1.1" 304 -
172.17.0.101 - - [22/Jun/2020:09:25:41 +0800] "GET /xingrg/javascript/jquery_easy_ui/themes/default/images/button_a_bg.gif HTTP/1.1" 304 -
172.17.0.101 - - [22/Jun/2020:09:25:41 +0800] "GET /xingrg/javascript/jquery_easy_ui/themes/default/images/menu.gif HTTP/1.1" 304 -
172.17.0.101 - - [22/Jun/2020:09:25:41 +0800] "GET /xingrg/javascript/jquery_easy_ui/themes/icons/print.png HTTP/1.1" 304 -
172.17.0.101 - - [22/Jun/2020:09:25:41 +0800] "GET /xingrg/javascript/jquery_easy_ui/themes/icons/pencil.png HTTP/1.1" 304 -
172.17.0.101 - - [22/Jun/2020:09:25:41 +0800] "GET /xingrg/javascript/jquery_easy_ui/themes/default/images/menu_rightarrow.png HTTP/1.1" 304 -
172.17.0.101 - - [22/Jun/2020:09:25:41 +0800] "POST /xingrg/dwr/call/plaincall/AjaxReportQueryService.getFixDate.dwr HTTP/1.1" 200 111
172.17.0.101 - - [22/Jun/2020:09:25:42 +0800] "GET /xingrg/javascript/jquery_easy_ui/themes/default/images/combo_arrow_dot.gif HTTP/1.1" 304 -
172.17.0.101 - - [22/Jun/2020:09:25:42 +0800] "POST /xingrg/all/common/load_tree.html?tree=area_station_tree_json&manage=1 HTTP/1.1" 200 2990
172.17.0.101 - - [22/Jun/2020:09:25:42 +0800] "GET /xingrg/javascript/jquery_easy_ui/themes/default/images/tree_checkbox_0.gif HTTP/1.1" 304 -
172.17.0.101 - - [22/Jun/2020:09:25:42 +0800] "GET /xingrg/javascript/jquery_easy_ui/themes/icons/rest.png HTTP/1.1" 304 -
172.17.0.101 - - [22/Jun/2020:09:25:42 +0800] "GET /xingrg/javascript/jquery_easy_ui/themes/icons/area.png HTTP/1.1" 304 -
172.17.0.101 - - [22/Jun/2020:09:25:42 +0800] "GET /xingrg/javascript/jquery_easy_ui/themes/icons/manage.png HTTP/1.1" 304 -
172.17.200.101 - - [22/Jun/2020:09:25:42 +0800] "GET /xingrg/all/report/report_query.html?fileName=kc/buy/gys_amount_base_rest.xml HTTP/1.1" 200 51589
172.17.200.101 - - [22/Jun/2020:09:25:43 +0800] "GET /xingrg/dwr/interface/AjaxReportQueryService.js HTTP/1.1" 200 13203
172.17.200.101 - - [22/Jun/2020:09:25:43 +0800] "GET /xingrg/dwr/engine.js HTTP/1.1" 200 43631
172.17.200.101 - - [22/Jun/2020:09:25:43 +0800] "GET /xingrg/dwr/util.js HTTP/1.1" 304 -
101.228.167.227 - - [22/Jun/2020:09:25:47 +0800] "GET /xingrg/check_reg.html?_=1592789147992 HTTP/1.1" 200 22
222.69.139.137 - - [22/Jun/2020:09:25:47 +0800] "GET /xingrg/kc/base/wldb_order_operate.html?command=get_materiel&rest_code=00149&base_code=0010395&code=00102001074 HTTP/1.1" 200 432
101.228.167.227 - - [22/Jun/2020:09:25:47 +0800] "GET /xingrg/all/function/internal_message.html?_=1592789148657&CODE_STATE=getMsg HTTP/1.1" 200 27
172.17.200.101 - - [22/Jun/2020:09:25:48 +0800] "POST /xingrg/all/common/load_tree.html?tree=area_rest_tree_json&manage=1 HTTP/1.1" 200 3088
172.17.200.101 - - [22/Jun/2020:09:25:48 +0800] "POST /xingrg/dwr/call/plaincall/AjaxReportQueryService.getFixDate.dwr HTTP/1.1" 200 111
172.17.200.101 - - [22/Jun/2020:09:25:48 +0800] "POST /xingrg/all/common/load_tree.html?tree=supplier_tree_json&manage=1 HTTP/1.1" 200 49788
222.69.139.137 - - [22/Jun/2020:09:25:52 +0800] "GET /xingrg/kc/base/wldb_order_operate.html?command=get_materiel&rest_code=00149&base_code=0010395&code=00102001095 HTTP/1.1" 200 436
114.88.170.9 - - [22/Jun/2020:09:25:53 +0800] "GET /xingrg/all/function/internal_message.html?_=1592789151188&CODE_STATE=getMsg HTTP/1.1" 200 27
222.69.139.137 - - [22/Jun/2020:09:25:57 +0800] "GET /xingrg/kc/base/wldb_order_operate.html?command=get_materiel&rest_code=00149&base_code=0010395&code=00102001073 HTTP/1.1" 200 432
114.89.80.44 - - [22/Jun/2020:09:25:57 +0800] "GET /xingrg/all/function/internal_message.html?_=1592789283072&CODE_STATE=getMsg HTTP/1.1" 200 27
222.69.139.137 - - [22/Jun/2020:09:26:03 +0800] "POST /xingrg/kc/base/wldb_order_operate.html HTTP/1.1" 200 37
222.69.139.137 - - [22/Jun/2020:09:26:04 +0800] "POST /xingrg/kc/base/wldb_order_operate.html HTTP/1.1" 200 12
222.69.139.137 - - [22/Jun/2020:09:26:04 +0800] "POST /xingrg/kc/base/wldb_order_operate.html HTTP/1.1" 200 3124
114.88.170.9 - - [22/Jun/2020:09:26:04 +0800] "GET /xingrg/kc/base/wldb_order_list.html HTTP/1.1" 200 19255
114.88.170.9 - - [22/Jun/2020:09:26:04 +0800] "POST /xingrg/kc/base/wldb_list_operate.html HTTP/1.1" 200 2171
116.230.77.149 - - [22/Jun/2020:09:26:04 +0800] "GET /xingrg/kc/buy/cgsh_order_operate.html?command=get_materiel&rest_code=00107&code=00101012025&supplier_code=00100033&order_time=2020-06-21 HTTP/1.1" 200 412
222.69.139.137 - - [22/Jun/2020:09:26:05 +0800] "GET /xingrg/kc/base/wldb_order_info.html?code=422020062202380 HTTP/1.1" 200 26199
222.69.139.137 - - [22/Jun/2020:09:26:05 +0800] "GET /xingrg/javascript/easyui/themes/default/validatebox.css HTTP/1.1" 404 1104
222.69.139.137 - - [22/Jun/2020:09:26:05 +0800] "POST /xingrg/kc/base/wldb_order_operate.html HTTP/1.1" 200 1396
172.17.200.101 - - [22/Jun/2020:09:26:06 +0800] "POST /xingrg/dwr/call/plaincall/AjaxReportQueryService.refreshCache.dwr HTTP/1.1" 200 78
114.88.170.9 - - [22/Jun/2020:09:26:06 +0800] "GET /xingrg/kc/base/wldb_order_add.html HTTP/1.1" 200 30316
114.88.170.9 - - [22/Jun/2020:09:26:06 +0800] "POST /xingrg/kc/base/wldb_order_operate.html HTTP/1.1" 200 6806
114.88.170.9 - - [22/Jun/2020:09:26:06 +0800] "GET /xingrg/javascript/easyui/themes/default/validatebox.css HTTP/1.1" 404 1104
117.184.7.26 - - [22/Jun/2020:09:26:06 +0800] "GET /xingrg/all/function/internal_message.html?_=1592789164956&CODE_STATE=getMsg HTTP/1.1" 200 27
172.17.200.101 - - [22/Jun/2020:09:26:06 +0800] "POST /xingrg/all/report/load_report_page.html HTTP/1.1" 200 45618
172.17.200.101 - - [22/Jun/2020:09:26:07 +0800] "GET /xingrg/servlets/image?cache=0.9018227332021823&image=px HTTP/1.1" 200 807
172.17.0.101 - - [22/Jun/2020:09:26:09 +0800] "GET /xingrg/all/report/report_query.html?fileName=dma/yingye_new/pay_ment_day_hz.xml HTTP/1.1" 200 50928
172.17.0.101 - - [22/Jun/2020:09:26:09 +0800] "GET /xingrg/dwr/interface/AjaxReportQueryService.js HTTP/1.1" 200 13203
172.17.0.101 - - [22/Jun/2020:09:26:09 +0800] "GET /xingrg/dwr/engine.js HTTP/1.1" 200 43631
172.17.0.101 - - [22/Jun/2020:09:26:10 +0800] "POST /xingrg/dwr/call/plaincall/AjaxReportQueryService.getFixDate.dwr HTTP/1.1" 200 111
172.17.0.101 - - [22/Jun/2020:09:26:10 +0800] "POST /xingrg/all/common/load_tree.html?tree=area_station_tree_json&manage=1 HTTP/1.1" 200 2990
114.88.170.9 - - [22/Jun/2020:09:26:10 +0800] "GET /xingrg/javascript/jquery_tools/images/next.gif HTTP/1.1" 404 1086
114.88.170.9 - - [22/Jun/2020:09:26:10 +0800] "GET /xingrg/javascript/jquery_tools/images/prev.gif HTTP/1.1" 404 1086
114.88.170.9 - - [22/Jun/2020:09:26:11 +0800] "GET /xingrg/all/function/internal_message.html?_=1592789185495&CODE_STATE=getMsg HTTP/1.1" 200 27
114.86.190.97 - - [22/Jun/2020:09:26:13 +0800] "GET /xingrg/all/function/internal_message.html?_=1592789174563&CODE_STATE=getMsg HTTP/1.1" 200 27
114.86.190.97 - - [22/Jun/2020:09:26:13 +0800] "GET /xingrg/check_reg.html?_=1592789174641 HTTP/1.1" 200 22
116.230.77.149 - - [22/Jun/2020:09:26:14 +0800] "GET /xingrg/kc/buy/cgsh_order_operate.html?command=get_materiel&rest_code=00107&code=00101020089&supplier_code=00100033&order_time=2020-06-21 HTTP/1.1" 200 412
61.172.5.115 - - [22/Jun/2020:09:26:17 +0800] "GET /xingrg/all/function/internal_message.html?_=1592789170154&CODE_STATE=getMsg HTTP/1.1" 200 27
114.89.80.44 - - [22/Jun/2020:09:26:18 +0800] "GET /xingrg/all/function/internal_message.html?_=1592789177609&CODE_STATE=getMsg HTTP/1.1" 200 27
172.17.0.101 - - [22/Jun/2020:09:26:19 +0800] "POST /xingrg/dwr/call/plaincall/AjaxReportQueryService.refreshCache.dwr HTTP/1.1" 200 78
172.17.0.101 - - [22/Jun/2020:09:26:19 +0800] "POST /xingrg/all/report/load_report_page.html HTTP/1.1" 200 105091
172.17.0.101 - - [22/Jun/2020:09:26:19 +0800] "GET /xingrg/servlets/image?cache=0.5624952923720881&image=px HTTP/1.1" 200 807
172.17.0.101 - - [22/Jun/2020:09:26:20 +0800] "GET /xingrg/javascript/jquery_easy_ui/themes/default/images/button_plain_hover.png HTTP/1.1" 304 -
101.228.167.227 - - [22/Jun/2020:09:26:20 +0800] "GET /xingrg/check_reg.html?_=1592789182131 HTTP/1.1" 200 22
222.69.139.137 - - [22/Jun/2020:09:26:21 +0800] "GET /xingrg/all/function/internal_message.html?_=1592789180103&CODE_STATE=getMsg HTTP/1.1" 200 27
114.88.170.9 - - [22/Jun/2020:09:26:22 +0800] "GET /xingrg/kc/base/wldb_order_operate.html?command=get_materiel&rest_code=00111&base_code=0010283&code=00101019391 HTTP/1.1" 200 471
172.17.0.101 - - [22/Jun/2020:09:26:23 +0800] "POST /xingrg/all/report/report_print.html HTTP/1.1" 200 21533
61.172.5.115 - - [22/Jun/2020:09:26:24 +0800] "GET /xingrg/all/function/internal_message.html?_=1592789184089&CODE_STATE=getMsg HTTP/1.1" 200 27
114.88.170.9 - - [22/Jun/2020:09:26:25 +0800] "GET /xingrg/kc/base/wldb_order_operate.html?command=get_materiel&rest_code=00111&base_code=0010283&code=00101019127 HTTP/1.1" 200 465
116.230.77.149 - - [22/Jun/2020:09:26:26 +0800] "GET /xingrg/kc/buy/cgsh_order_operate.html?command=get_materiel&rest_code=00107&code=00101012030&supplier_code=00100033&order_time=2020-06-21 HTTP/1.1" 200 416
114.88.170.9 - - [22/Jun/2020:09:26:28 +0800] "GET /xingrg/kc/base/wldb_order_operate.html?command=get_materiel&rest_code=00111&base_code=0010283&code=00101019204 HTTP/1.1" 200 438
172.17.0.100 - - [22/Jun/2020:09:26:29 +0800] "GET /xingrg/all/function/internal_message.html?_=1592789188754&CODE_STATE=getMsg HTTP/1.1" 200 27
101.228.167.227 - - [22/Jun/2020:09:26:29 +0800] "GET /xingrg/all/function/internal_message.html?_=1592789190850&CODE_STATE=getMsg HTTP/1.1" 200 27
172.17.200.101 - - [22/Jun/2020:09:26:33 +0800] "GET /xingrg/all/function/internal_message.html?_=1592789193025&CODE_STATE=getMsg HTTP/1.1" 200 27
114.88.170.9 - - [22/Jun/2020:09:26:33 +0800] "GET /xingrg/kc/base/wldb_order_operate.html?command=get_materiel&rest_code=00111&base_code=0010283&code=00101019347 HTTP/1.1" 200 454
116.230.77.149 - - [22/Jun/2020:09:26:34 +0800] "GET /xingrg/kc/buy/cgsh_order_operate.html?command=get_materiel&rest_code=00107&code=00101016080&supplier_code=00100033&order_time=2020-06-21 HTTP/1.1" 200 408
172.17.0.101 - - [22/Jun/2020:09:26:36 +0800] "GET /xingrg/all/function/internal_message.html?_=1592789208159&CODE_STATE=getMsg HTTP/1.1" 200 27
114.84.151.157 - - [22/Jun/2020:09:26:36 +0800] "GET /xingrg/all/function/internal_message.html?_=1592789197263&CODE_STATE=getMsg HTTP/1.1" 200 27
116.230.77.149 - - [22/Jun/2020:09:26:39 +0800] "GET /xingrg/check_reg.html?_=1592789199863 HTTP/1.1" 200 22
116.230.77.149 - - [22/Jun/2020:09:26:39 +0800] "GET /xingrg/all/function/internal_message.html?_=1592789199911&CODE_STATE=getMsg HTTP/1.1" 200 27
114.88.170.9 - - [22/Jun/2020:09:26:43 +0800] "GET /xingrg/kc/base/wldb_order_operate.html?command=get_materiel&rest_code=00111&base_code=0010283&code=00101016020 HTTP/1.1" 200 446
172.17.200.101 - - [22/Jun/2020:09:26:45 +0800] "POST /xingrg/all/report/report_print.html HTTP/1.1" 200 7168
101.228.167.227 - - [22/Jun/2020:09:26:47 +0800] "GET /xingrg/all/function/internal_message.html?_=1592789208670&CODE_STATE=getMsg HTTP/1.1" 200 27
114.88.170.9 - - [22/Jun/2020:09:26:53 +0800] "GET /xingrg/all/function/internal_message.html?_=1592789211189&CODE_STATE=getMsg HTTP/1.1" 200 27
114.88.170.9 - - [22/Jun/2020:09:26:54 +0800] "POST /xingrg/kc/base/wldb_order_operate.html HTTP/1.1" 200 37
114.88.170.9 - - [22/Jun/2020:09:26:55 +0800] "POST /xingrg/kc/base/wldb_order_operate.html HTTP/1.1" 200 4667
114.88.170.9 - - [22/Jun/2020:09:26:55 +0800] "GET /xingrg/kc/base/wldb_order_info.html?code=422020062202381 HTTP/1.1" 200 30331
114.88.170.9 - - [22/Jun/2020:09:26:55 +0800] "GET /xingrg/javascript/easyui/themes/default/validatebox.css HTTP/1.1" 404 1104
114.88.170.9 - - [22/Jun/2020:09:26:56 +0800] "POST /xingrg/kc/base/wldb_order_operate.html HTTP/1.1" 200 4667
114.89.80.44 - - [22/Jun/2020:09:26:57 +0800] "GET /xingrg/check_reg.html?_=1592789342757 HTTP/1.1" 200 22
116.230.77.149 - - [22/Jun/2020:09:26:57 +0800] "POST /xingrg/kc/buy/cgsh_order_operate.html HTTP/1.1" 200 37
114.89.80.44 - - [22/Jun/2020:09:26:57 +0800] "GET /xingrg/all/function/internal_message.html?_=1592789343086&CODE_STATE=getMsg HTTP/1.1" 200 27
114.84.151.157 - - [22/Jun/2020:09:26:58 +0800] "GET /xingrg/check_reg.html?_=1592789218994 HTTP/1.1" 200 22
116.230.77.149 - - [22/Jun/2020:09:26:58 +0800] "POST /xingrg/kc/buy/cgsh_order_operate.html HTTP/1.1" 200 5015
116.230.77.149 - - [22/Jun/2020:09:27:00 +0800] "GET /xingrg/kc/print/load_data.html?order_code=212020062208559&kc_code=cgsh&condition= HTTP/1.1" 200 1594
114.88.170.9 - - [22/Jun/2020:09:27:03 +0800] "GET /xingrg/kc/base/wldb_order_add.html HTTP/1.1" 200 30316
114.88.170.9 - - [22/Jun/2020:09:27:04 +0800] "GET /xingrg/javascript/easyui/themes/default/validatebox.css HTTP/1.1" 404 1104
114.88.170.9 - - [22/Jun/2020:09:27:04 +0800] "POST /xingrg/kc/base/wldb_order_operate.html HTTP/1.1" 200 6806
117.184.7.26 - - [22/Jun/2020:09:27:06 +0800] "GET /xingrg/all/function/internal_message.html?_=1592789224927&CODE_STATE=getMsg HTTP/1.1" 200 27
114.88.170.9 - - [22/Jun/2020:09:27:08 +0800] "GET /xingrg/kc/base/wldb_order_operate.html?command=get_materiel&rest_code=00111&base_code=0010306&code=00102002448 HTTP/1.1" 200 426
116.230.77.149 - - [22/Jun/2020:09:27:08 +0800] "GET /xingrg/kc/buy/cgsh_order_add.html HTTP/1.1" 200 59127
116.230.77.149 - - [22/Jun/2020:09:27:09 +0800] "GET /xingrg/javascript/easyui/themes/default/validatebox.css HTTP/1.1" 404 1104
116.230.77.149 - - [22/Jun/2020:09:27:09 +0800] "POST /xingrg/kc/buy/cgsh_order_operate.html HTTP/1.1" 200 8245
114.88.170.9 - - [22/Jun/2020:09:27:11 +0800] "GET /xingrg/kc/base/wldb_order_operate.html?command=get_materiel&rest_code=00111&base_code=0010306&code=00102002025 HTTP/1.1" 200 454
114.88.170.9 - - [22/Jun/2020:09:27:11 +0800] "GET /xingrg/all/function/internal_message.html?_=1592789245480&CODE_STATE=getMsg HTTP/1.1" 200 27
116.230.77.149 - - [22/Jun/2020:09:27:11 +0800] "GET /xingrg/javascript/easyui/themes/default/tree.css HTTP/1.1" 404 1090
116.230.77.149 - - [22/Jun/2020:09:27:12 +0800] "POST /xingrg/all/common/load_tree.html?tree=supplier_tree_json&isDelete=1 HTTP/1.1" 200 49174
114.88.170.9 - - [22/Jun/2020:09:27:13 +0800] "POST /xingrg/all/common/load_select.html HTTP/1.1" 200 25
114.86.190.97 - - [22/Jun/2020:09:27:13 +0800] "GET /xingrg/all/function/internal_message.html?_=1592789234569&CODE_STATE=getMsg HTTP/1.1" 200 27
114.88.170.9 - - [22/Jun/2020:09:27:14 +0800] "GET /xingrg/kc/base/wldb_order_operate.html?command=get_materiel_price&rest_code=00111&base_code=0010306&code=00102002025&unit_code=00100351 HTTP/1.1" 200 35
61.129.6.174 - - [22/Jun/2020:09:27:15 +0800] "GET /xingrg/all/function/internal_message.html?_=1592788537502&CODE_STATE=getMsg HTTP/1.1" 302 -
61.172.5.115 - - [22/Jun/2020:09:27:17 +0800] "GET /xingrg/all/function/internal_message.html?_=1592789230160&CODE_STATE=getMsg HTTP/1.1" 200 27
114.88.170.9 - - [22/Jun/2020:09:27:18 +0800] "POST /xingrg/kc/base/wldb_order_operate.html HTTP/1.1" 200 37
114.89.80.44 - - [22/Jun/2020:09:27:18 +0800] "GET /xingrg/all/function/internal_message.html?_=1592789237620&CODE_STATE=getMsg HTTP/1.1" 200 27
114.88.170.9 - - [22/Jun/2020:09:27:18 +0800] "POST /xingrg/kc/base/wldb_order_operate.html HTTP/1.1" 200 2681
114.88.170.9 - - [22/Jun/2020:09:27:18 +0800] "GET /xingrg/kc/base/wldb_order_info.html?code=422020062202382 HTTP/1.1" 200 30330
114.88.170.9 - - [22/Jun/2020:09:27:19 +0800] "GET /xingrg/javascript/easyui/themes/default/validatebox.css HTTP/1.1" 404 1104
114.88.170.9 - - [22/Jun/2020:09:27:19 +0800] "POST /xingrg/kc/base/wldb_order_operate.html HTTP/1.1" 200 2681
222.69.139.137 - - [22/Jun/2020:09:27:21 +0800] "GET /xingrg/all/function/internal_message.html?_=1592789240107&CODE_STATE=getMsg HTTP/1.1" 200 27
61.172.5.115 - - [22/Jun/2020:09:27:24 +0800] "GET /xingrg/all/function/internal_message.html?_=1592789244089&CODE_STATE=getMsg HTTP/1.1" 200 27
61.129.6.174 - - [22/Jun/2020:09:27:25 +0800] "GET /xingrg/login.html HTTP/1.1" 200 7641
172.17.0.100 - - [22/Jun/2020:09:27:29 +0800] "GET /xingrg/all/function/internal_message.html?_=1592789248783&CODE_STATE=getMsg HTTP/1.1" 200 27
116.230.77.149 - - [22/Jun/2020:09:27:29 +0800] "GET /xingrg/kc/buy/cgsh_order_operate.html?command=get_materiel&rest_code=00107&code=00101011010&supplier_code=00100049&order_time=2020-06-21 HTTP/1.1" 200 418
101.228.167.227 - - [22/Jun/2020:09:27:29 +0800] "GET /xingrg/all/function/internal_message.html?_=1592789250885&CODE_STATE=getMsg HTTP/1.1" 200 27
172.17.200.101 - - [22/Jun/2020:09:27:33 +0800] "GET /xingrg/all/function/internal_message.html?_=1592789253010&CODE_STATE=getMsg HTTP/1.1" 200 27
172.17.0.101 - - [22/Jun/2020:09:27:36 +0800] "GET /xingrg/all/function/internal_message.html?_=1592789268146&CODE_STATE=getMsg HTTP/1.1" 200 27
114.84.151.157 - - [22/Jun/2020:09:27:36 +0800] "GET /xingrg/all/function/internal_message.html?_=1592789257241&CODE_STATE=getMsg HTTP/1.1" 200 27
116.230.77.149 - - [22/Jun/2020:09:27:38 +0800] "POST /xingrg/kc/buy/cgsh_order_operate.html HTTP/1.1" 200 37
116.230.77.149 - - [22/Jun/2020:09:27:39 +0800] "GET /xingrg/all/function/internal_message.html?_=1592789259957&CODE_STATE=getMsg HTTP/1.1" 200 27
116.230.77.149 - - [22/Jun/2020:09:27:39 +0800] "POST /xingrg/kc/buy/cgsh_order_operate.html HTTP/1.1" 200 2662
101.228.167.227 - - [22/Jun/2020:09:27:47 +0800] "GET /xingrg/all/function/internal_message.html?_=1592789268684&CODE_STATE=getMsg HTTP/1.1" 200 27
114.88.170.9 - - [22/Jun/2020:09:27:53 +0800] "GET /xingrg/all/function/internal_message.html?_=1592789271264&CODE_STATE=getMsg HTTP/1.1" 200 27
114.89.80.44 - - [22/Jun/2020:09:27:57 +0800] "GET /xingrg/all/function/internal_message.html?_=1592789403100&CODE_STATE=getMsg HTTP/1.1" 200 27
114.88.170.9 - - [22/Jun/2020:09:27:57 +0800] "GET /xingrg/kc/base/wldb_order_add.html HTTP/1.1" 200 30316
114.88.170.9 - - [22/Jun/2020:09:27:58 +0800] "POST /xingrg/kc/base/wldb_order_operate.html HTTP/1.1" 200 6806
114.88.170.9 - - [22/Jun/2020:09:27:58 +0800] "GET /xingrg/javascript/easyui/themes/default/validatebox.css HTTP/1.1" 404 1104
116.230.77.149 - - [22/Jun/2020:09:28:03 +0800] "POST /xingrg/kc/buy/cgsh_order_operate.html HTTP/1.1" 200 37
114.88.170.9 - - [22/Jun/2020:09:28:03 +0800] "GET /xingrg/kc/base/wldb_order_operate.html?command=get_materiel&rest_code=00111&base_code=0010283&code=00101019359 HTTP/1.1" 200 446
116.230.77.149 - - [22/Jun/2020:09:28:04 +0800] "POST /xingrg/kc/buy/cgsh_order_operate.html HTTP/1.1" 200 2662
117.184.7.26 - - [22/Jun/2020:09:28:06 +0800] "GET /xingrg/all/function/internal_message.html?_=1592789284900&CODE_STATE=getMsg HTTP/1.1" 200 27
61.151.179.84 - - [22/Jun/2020:09:28:08 +0800] "GET /xingrg/check_reg.html?_=1592788618962 HTTP/1.1" 302 -
114.88.170.9 - - [22/Jun/2020:09:28:11 +0800] "GET /xingrg/all/function/internal_message.html?_=1592789305525&CODE_STATE=getMsg HTTP/1.1" 200 27
114.86.190.97 - - [22/Jun/2020:09:28:13 +0800] "GET /xingrg/all/function/internal_message.html?_=1592789294568&CODE_STATE=getMsg HTTP/1.1" 200 27
114.88.170.9 - - [22/Jun/2020:09:28:14 +0800] "GET /xingrg/kc/base/wldb_order_operate.html?command=get_materiel&rest_code=00111&base_code=0010283&code=00101019505 HTTP/1.1" 200 478
116.230.77.149 - - [22/Jun/2020:09:28:14 +0800] "GET /xingrg/kc/base/base_main.html HTTP/1.1" 200 12142
61.151.179.84 - - [22/Jun/2020:09:28:15 +0800] "GET /xingrg/login.html HTTP/1.1" 200 7641
114.88.170.9 - - [22/Jun/2020:09:28:16 +0800] "GET /xingrg/kc/base/wldb_order_operate.html?command=get_materiel&rest_code=00111&base_code=0010283&code=00101019536 HTTP/1.1" 200 469
61.172.5.115 - - [22/Jun/2020:09:28:17 +0800] "GET /xingrg/all/function/internal_message.html?_=1592789290165&CODE_STATE=getMsg HTTP/1.1" 200 27
114.89.80.44 - - [22/Jun/2020:09:28:18 +0800] "GET /xingrg/all/function/internal_message.html?_=1592789297628&CODE_STATE=getMsg HTTP/1.1" 200 27
114.88.170.9 - - [22/Jun/2020:09:28:20 +0800] "GET /xingrg/kc/base/wldb_order_operate.html?command=get_materiel&rest_code=00111&base_code=0010283&code=00101019476 HTTP/1.1" 200 478
116.230.77.149 - - [22/Jun/2020:09:28:20 +0800] "GET /xingrg/kc/base/wldb_order_list.html HTTP/1.1" 200 19261
222.69.139.137 - - [22/Jun/2020:09:28:21 +0800] "GET /xingrg/all/function/internal_message.html?_=1592789300094&CODE_STATE=getMsg HTTP/1.1" 200 27
116.230.77.149 - - [22/Jun/2020:09:28:21 +0800] "POST /xingrg/kc/base/wldb_list_operate.html HTTP/1.1" 200 928
116.230.77.149 - - [22/Jun/2020:09:28:22 +0800] "GET /xingrg/kc/buy/buy_main.html HTTP/1.1" 200 12412
116.230.77.149 - - [22/Jun/2020:09:28:22 +0800] "GET /xingrg/css/new_ie.css HTTP/1.1" 404 1036
116.230.77.149 - - [22/Jun/2020:09:28:22 +0800] "GET /xingrg/images/yd/bt.gif HTTP/1.1" 404 1040
116.230.77.149 - - [22/Jun/2020:09:28:23 +0800] "GET /xingrg/kc/buy/cgsh_order_list.html HTTP/1.1" 200 43348
114.88.170.9 - - [22/Jun/2020:09:28:23 +0800] "POST /xingrg/kc/base/wldb_order_operate.html HTTP/1.1" 200 37
114.88.170.9 - - [22/Jun/2020:09:28:24 +0800] "POST /xingrg/kc/base/wldb_order_operate.html HTTP/1.1" 200 4717
114.88.170.9 - - [22/Jun/2020:09:28:24 +0800] "GET /xingrg/kc/base/wldb_order_info.html?code=422020062202383 HTTP/1.1" 200 30331
116.230.77.149 - - [22/Jun/2020:09:28:24 +0800] "POST /xingrg/kc/buy/cgsh_list_operate.html HTTP/1.1" 200 5071
61.172.5.115 - - [22/Jun/2020:09:28:24 +0800] "GET /xingrg/check_reg.html?_=1592789304088 HTTP/1.1" 200 22
61.172.5.115 - - [22/Jun/2020:09:28:24 +0800] "GET /xingrg/all/function/internal_message.html?_=1592789304091&CODE_STATE=getMsg HTTP/1.1" 200 27
114.88.170.9 - - [22/Jun/2020:09:28:25 +0800] "GET /xingrg/javascript/easyui/themes/default/validatebox.css HTTP/1.1" 404 1104
114.88.170.9 - - [22/Jun/2020:09:28:25 +0800] "GET /xingrg/check_reg.html?_=1592789303003 HTTP/1.1" 200 22
114.88.170.9 - - [22/Jun/2020:09:28:25 +0800] "POST /xingrg/kc/base/wldb_order_operate.html HTTP/1.1" 200 4717
116.230.77.149 - - [22/Jun/2020:09:28:27 +0800] "POST /xingrg/kc/buy/cgsh_list_operate.html HTTP/1.1" 200 4676
172.17.0.100 - - [22/Jun/2020:09:28:29 +0800] "GET /xingrg/all/function/internal_message.html?_=1592789308782&CODE_STATE=getMsg HTTP/1.1" 200 27
101.228.167.227 - - [22/Jun/2020:09:28:29 +0800] "GET /xingrg/all/function/internal_message.html?_=1592789310995&CODE_STATE=getMsg HTTP/1.1" 200 27
116.230.77.149 - - [22/Jun/2020:09:28:30 +0800] "POST /xingrg/kc/buy/cgsh_list_operate.html HTTP/1.1" 200 5071
172.17.200.101 - - [22/Jun/2020:09:28:33 +0800] "GET /xingrg/all/function/internal_message.html?_=1592789313015&CODE_STATE=getMsg HTTP/1.1" 200 27
116.230.77.149 - - [22/Jun/2020:09:28:35 +0800] "POST /xingrg/kc/buy/cgsh_list_operate.html HTTP/1.1" 200 4676
