114.89.80.44 - - [22/Jun/2020:09:51:18 +0800] "GET /xingrg/images/blue/navBackgound.jpg HTTP/1.1" 304 -
114.89.80.44 - - [22/Jun/2020:09:51:18 +0800] "GET /xingrg/javascript/jquery_easy_ui/themes/icons/settle_new.png HTTP/1.1" 304 -
114.89.80.44 - - [22/Jun/2020:09:51:18 +0800] "POST /xingrg/all/common/load_tree.html?tree=area_rest_tree_json&manage=1 HTTP/1.1" 200 476
114.89.80.44 - - [22/Jun/2020:09:51:18 +0800] "GET /xingrg/images/blue/pingpu.png HTTP/1.1" 304 -
114.89.80.44 - - [22/Jun/2020:09:51:18 +0800] "GET /xingrg/javascript/jquery_easy_ui/themes/default/images/tabs_leftarrow.png HTTP/1.1" 304 -
114.89.80.44 - - [22/Jun/2020:09:51:18 +0800] "GET /xingrg/javascript/jquery_easy_ui/themes/default/images/tabs_rightarrow.png HTTP/1.1" 304 -
114.89.80.44 - - [22/Jun/2020:09:51:18 +0800] "GET /xingrg/javascript/jquery_easy_ui/themes/default/images/panel_tool_collapse.gif HTTP/1.1" 304 -
114.89.80.44 - - [22/Jun/2020:09:51:18 +0800] "GET /xingrg/all/function/internal_message.html?_=1592790804198&CODE_STATE=count HTTP/1.1" 200 11
114.89.80.44 - - [22/Jun/2020:09:51:18 +0800] "GET /xingrg/check_reg.html?_=1592790804198 HTTP/1.1" 200 22
114.89.80.44 - - [22/Jun/2020:09:51:18 +0800] "POST /xingrg/load_menu.html HTTP/1.1" 200 5138
114.88.170.9 - - [22/Jun/2020:09:51:19 +0800] "GET /xingrg/all/function/internal_message.html?_=1592790693198&CODE_STATE=getMsg HTTP/1.1" 200 27
114.88.170.9 - - [22/Jun/2020:09:51:19 +0800] "GET /xingrg/check_reg.html?_=1592790693195 HTTP/1.1" 200 22
101.228.167.227 - - [22/Jun/2020:09:51:20 +0800] "GET /xingrg/check_reg.html?_=1592790682162 HTTP/1.1" 200 22
222.69.139.137 - - [22/Jun/2020:09:51:21 +0800] "GET /xingrg/all/function/internal_message.html?_=1592790680138&CODE_STATE=getMsg HTTP/1.1" 200 27
61.172.5.115 - - [22/Jun/2020:09:51:24 +0800] "GET /xingrg/all/function/internal_message.html?_=1592790684110&CODE_STATE=getMsg HTTP/1.1" 200 27
172.17.0.120 - - [22/Jun/2020:09:51:29 +0800] "GET /xingrg/all/function/internal_message.html?_=1592790688961&CODE_STATE=getMsg HTTP/1.1" 200 27
172.17.0.100 - - [22/Jun/2020:09:51:29 +0800] "GET /xingrg/all/function/internal_message.html?_=1592790688902&CODE_STATE=getMsg HTTP/1.1" 200 27
101.228.167.227 - - [22/Jun/2020:09:51:31 +0800] "GET /xingrg/all/function/internal_message.html?_=1592790692266&CODE_STATE=getMsg HTTP/1.1" 200 27
172.17.200.101 - - [22/Jun/2020:09:51:33 +0800] "GET /xingrg/all/function/internal_message.html?_=1592790693025&CODE_STATE=getMsg HTTP/1.1" 200 27
120.253.135.82 - - [22/Jun/2020:09:51:33 +0800] "GET /xingrg/all/function/internal_message.html?_=1592790448802&CODE_STATE=getMsg HTTP/1.1" 200 27
114.89.80.44 - - [22/Jun/2020:09:51:35 +0800] "GET /xingrg/kc/buy/cgsh_order_list.html HTTP/1.1" 200 43346
180.175.214.200 - - [22/Jun/2020:09:51:35 +0800] "GET /favicon.ico HTTP/1.1" 404 -
114.84.151.157 - - [22/Jun/2020:09:51:35 +0800] "GET /xingrg/all/function/internal_message.html?_=1592790696685&CODE_STATE=getMsg HTTP/1.1" 200 27
114.89.80.44 - - [22/Jun/2020:09:51:35 +0800] "POST /xingrg/kc/buy/cgsh_list_operate.html HTTP/1.1" 200 1689
172.17.0.101 - - [22/Jun/2020:09:51:36 +0800] "GET /xingrg/all/function/internal_message.html?_=1592790708171&CODE_STATE=getMsg HTTP/1.1" 200 27
114.89.80.44 - - [22/Jun/2020:09:51:37 +0800] "POST /xingrg/kc/buy/cgsh_list_operate.html HTTP/1.1" 200 559
116.230.77.149 - - [22/Jun/2020:09:51:39 +0800] "GET /xingrg/all/function/internal_message.html?_=1592790699874&CODE_STATE=getMsg HTTP/1.1" 200 27
116.230.77.149 - - [22/Jun/2020:09:51:39 +0800] "GET /xingrg/check_reg.html?_=1592790699938 HTTP/1.1" 200 22
114.89.80.44 - - [22/Jun/2020:09:51:39 +0800] "GET /xingrg/kc/buy/cgsh_order_operate.html?command=get_materiel&rest_code=00150&code=00101008264&supplier_code=00100007&order_time=2020-06-22 HTTP/1.1" 200 412
114.89.80.44 - - [22/Jun/2020:09:51:41 +0800] "GET /xingrg/kc/buy/cgsh_order_add.html HTTP/1.1" 200 58734
114.89.80.44 - - [22/Jun/2020:09:51:42 +0800] "POST /xingrg/kc/buy/cgsh_order_operate.html HTTP/1.1" 200 8245
114.89.80.44 - - [22/Jun/2020:09:51:42 +0800] "GET /xingrg/javascript/easyui/themes/default/validatebox.css HTTP/1.1" 404 1104
114.89.80.44 - - [22/Jun/2020:09:51:43 +0800] "GET /xingrg/javascript/auto/indicator.gif HTTP/1.1" 404 1066
114.89.80.44 - - [22/Jun/2020:09:51:45 +0800] "GET /xingrg/kc/buy/cgsh_order_operate.html?command=get_materiel&rest_code=00150&code=00101008300&supplier_code=00100007&order_time=2020-06-22 HTTP/1.1" 200 412
101.228.167.227 - - [22/Jun/2020:09:51:48 +0800] "GET /xingrg/all/function/internal_message.html?_=1592790709555&CODE_STATE=getMsg HTTP/1.1" 200 27
117.131.5.26 - - [22/Jun/2020:09:51:48 +0800] "GET /xingrg/all/function/internal_message.html?_=1592791074657&CODE_STATE=getMsg HTTP/1.1" 200 27
114.89.80.44 - - [22/Jun/2020:09:51:51 +0800] "GET /xingrg/kc/buy/cgsh_order_operate.html?command=get_materiel&rest_code=00150&code=00101008069&supplier_code=00100007&order_time=2020-06-22 HTTP/1.1" 200 412
114.88.170.9 - - [22/Jun/2020:09:51:54 +0800] "GET /xingrg/all/function/internal_message.html?_=1592790712061&CODE_STATE=getMsg HTTP/1.1" 200 27
114.89.80.44 - - [22/Jun/2020:09:51:56 +0800] "GET /xingrg/kc/buy/cgsh_order_operate.html?command=get_materiel&rest_code=00150&code=00101008286&supplier_code=00100007&order_time=2020-06-22 HTTP/1.1" 200 408
114.84.151.157 - - [22/Jun/2020:09:51:58 +0800] "GET /xingrg/check_reg.html?_=1592790719041 HTTP/1.1" 200 22
114.89.80.44 - - [22/Jun/2020:09:52:02 +0800] "GET /xingrg/kc/buy/cgsh_order_operate.html?command=get_materiel&rest_code=00150&code=00101008036&supplier_code=00100007&order_time=2020-06-22 HTTP/1.1" 200 408
117.184.7.26 - - [22/Jun/2020:09:52:06 +0800] "GET /xingrg/all/function/internal_message.html?_=1592790724416&CODE_STATE=getMsg HTTP/1.1" 200 27
114.89.80.44 - - [22/Jun/2020:09:52:08 +0800] "GET /xingrg/kc/buy/cgsh_order_operate.html?command=get_materiel&rest_code=00150&code=00101008131&supplier_code=00100007&order_time=2020-06-22 HTTP/1.1" 200 408
114.86.190.97 - - [22/Jun/2020:09:52:13 +0800] "GET /xingrg/all/function/internal_message.html?_=1592790734628&CODE_STATE=getMsg HTTP/1.1" 200 27
114.89.80.44 - - [22/Jun/2020:09:52:14 +0800] "GET /xingrg/all/function/internal_message.html?_=1592790733678&CODE_STATE=getMsg HTTP/1.1" 200 27
114.89.80.44 - - [22/Jun/2020:09:52:16 +0800] "GET /xingrg/kc/buy/cgsh_order_operate.html?command=get_materiel&rest_code=00150&code=00101008169&supplier_code=00100007&order_time=2020-06-22 HTTP/1.1" 200 412
114.89.80.44 - - [22/Jun/2020:09:52:18 +0800] "GET /xingrg/all/function/internal_message.html?_=1592790864205&CODE_STATE=getMsg HTTP/1.1" 200 27
114.88.170.9 - - [22/Jun/2020:09:52:19 +0800] "GET /xingrg/all/function/internal_message.html?_=1592790753198&CODE_STATE=getMsg HTTP/1.1" 200 27
222.69.139.137 - - [22/Jun/2020:09:52:21 +0800] "GET /xingrg/all/function/internal_message.html?_=1592790740136&CODE_STATE=getMsg HTTP/1.1" 200 27
114.89.80.44 - - [22/Jun/2020:09:52:21 +0800] "GET /xingrg/kc/buy/cgsh_order_operate.html?command=get_materiel&rest_code=00150&code=00101008318&supplier_code=00100007&order_time=2020-06-22 HTTP/1.1" 200 408
114.89.80.44 - - [22/Jun/2020:09:52:23 +0800] "POST /xingrg/kc/buy/cgsh_order_operate.html HTTP/1.1" 200 2065
61.172.5.115 - - [22/Jun/2020:09:52:24 +0800] "GET /xingrg/all/function/internal_message.html?_=1592790744110&CODE_STATE=getMsg HTTP/1.1" 200 27
114.89.80.44 - - [22/Jun/2020:09:52:29 +0800] "GET /xingrg/kc/buy/cgsh_order_operate.html?command=get_materiel&rest_code=00150&code=00101008098&supplier_code=00100007&order_time=2020-06-22 HTTP/1.1" 200 412
172.17.0.120 - - [22/Jun/2020:09:52:29 +0800] "GET /xingrg/all/function/internal_message.html?_=1592790748964&CODE_STATE=getMsg HTTP/1.1" 200 27
172.17.0.100 - - [22/Jun/2020:09:52:29 +0800] "GET /xingrg/all/function/internal_message.html?_=1592790748902&CODE_STATE=getMsg HTTP/1.1" 200 27
101.228.167.227 - - [22/Jun/2020:09:52:31 +0800] "GET /xingrg/all/function/internal_message.html?_=1592790752281&CODE_STATE=getMsg HTTP/1.1" 200 27
172.17.200.101 - - [22/Jun/2020:09:52:33 +0800] "GET /xingrg/all/function/internal_message.html?_=1592790753025&CODE_STATE=getMsg HTTP/1.1" 200 27
61.151.178.180 - - [22/Jun/2020:09:52:33 +0800] "GET /xingrg/all/function/internal_message.html?_=1592789976965&CODE_STATE=getMsg HTTP/1.1" 302 -
120.253.135.82 - - [22/Jun/2020:09:52:34 +0800] "GET /xingrg/all/function/internal_message.html?_=1592790509005&CODE_STATE=getMsg HTTP/1.1" 200 27
114.84.151.157 - - [22/Jun/2020:09:52:35 +0800] "GET /xingrg/all/function/internal_message.html?_=1592790756660&CODE_STATE=getMsg HTTP/1.1" 200 27
172.17.0.101 - - [22/Jun/2020:09:52:36 +0800] "GET /xingrg/all/function/internal_message.html?_=1592790768174&CODE_STATE=getMsg HTTP/1.1" 200 27
61.151.178.180 - - [22/Jun/2020:09:52:36 +0800] "GET /xingrg/login.html HTTP/1.1" 200 7641
116.230.77.149 - - [22/Jun/2020:09:52:39 +0800] "GET /xingrg/all/function/internal_message.html?_=1592790759867&CODE_STATE=getMsg HTTP/1.1" 200 27
114.89.80.44 - - [22/Jun/2020:09:52:42 +0800] "GET /xingrg/kc/buy/cgsh_order_operate.html?command=get_materiel&rest_code=00150&code=00101008005&supplier_code=00100007&order_time=2020-06-22 HTTP/1.1" 200 412
114.89.80.44 - - [22/Jun/2020:09:52:43 +0800] "GET /xingrg/kc/buy/cgsh_order_operate.html?command=get_materiel&rest_code=00151&code=00101009001&supplier_code=00100096&order_time=2020-06-22 HTTP/1.1" 200 416
114.89.80.44 - - [22/Jun/2020:09:52:48 +0800] "GET /xingrg/kc/buy/cgsh_order_operate.html?command=get_materiel&rest_code=00150&code=00101008271&supplier_code=00100007&order_time=2020-06-22 HTTP/1.1" 200 408
101.228.167.227 - - [22/Jun/2020:09:52:48 +0800] "GET /xingrg/all/function/internal_message.html?_=1592790769570&CODE_STATE=getMsg HTTP/1.1" 200 27
117.131.5.26 - - [22/Jun/2020:09:52:48 +0800] "GET /xingrg/all/function/internal_message.html?_=1592791134639&CODE_STATE=getMsg HTTP/1.1" 200 27
114.88.170.9 - - [22/Jun/2020:09:52:54 +0800] "GET /xingrg/all/function/internal_message.html?_=1592790772139&CODE_STATE=getMsg HTTP/1.1" 200 27
114.89.80.44 - - [22/Jun/2020:09:52:59 +0800] "GET /xingrg/kc/buy/cgsh_order_operate.html?command=get_materiel&rest_code=00150&code=00101008092&supplier_code=00100007&order_time=2020-06-22 HTTP/1.1" 200 412
117.184.7.26 - - [22/Jun/2020:09:53:06 +0800] "GET /xingrg/all/function/internal_message.html?_=1592790784404&CODE_STATE=getMsg HTTP/1.1" 200 27
114.89.80.44 - - [22/Jun/2020:09:53:07 +0800] "GET /xingrg/kc/buy/cgsh_order_operate.html?command=get_materiel&rest_code=00150&code=00101008353&supplier_code=00100007&order_time=2020-06-22 HTTP/1.1" 200 408
114.89.80.44 - - [22/Jun/2020:09:53:08 +0800] "GET /xingrg/kc/buy/cgsh_order_operate.html?command=get_materiel&rest_code=00151&code=00101009078&supplier_code=00100096&order_time=2020-06-22 HTTP/1.1" 200 394
114.89.80.44 - - [22/Jun/2020:09:53:09 +0800] "POST /xingrg/kc/buy/cgsh_order_operate.html HTTP/1.1" 200 2065
114.86.190.97 - - [22/Jun/2020:09:53:13 +0800] "GET /xingrg/all/function/internal_message.html?_=1592790794643&CODE_STATE=getMsg HTTP/1.1" 200 27
114.89.80.44 - - [22/Jun/2020:09:53:14 +0800] "GET /xingrg/all/function/internal_message.html?_=1592790793672&CODE_STATE=getMsg HTTP/1.1" 200 27
114.89.80.44 - - [22/Jun/2020:09:53:14 +0800] "GET /xingrg/kc/buy/cgsh_order_operate.html?command=get_materiel&rest_code=00150&code=00101008110&supplier_code=00100007&order_time=2020-06-22 HTTP/1.1" 200 408
114.89.80.44 - - [22/Jun/2020:09:53:18 +0800] "GET /xingrg/all/function/internal_message.html?_=1592790924219&CODE_STATE=getMsg HTTP/1.1" 200 27
114.88.170.9 - - [22/Jun/2020:09:53:19 +0800] "GET /xingrg/all/function/internal_message.html?_=1592790813200&CODE_STATE=getMsg HTTP/1.1" 200 27
114.89.80.44 - - [22/Jun/2020:09:53:19 +0800] "GET /xingrg/kc/buy/cgsh_order_operate.html?command=get_materiel&rest_code=00151&code=00101009085&supplier_code=00100096&order_time=2020-06-22 HTTP/1.1" 200 394
222.69.139.137 - - [22/Jun/2020:09:53:21 +0800] "GET /xingrg/all/function/internal_message.html?_=1592790800136&CODE_STATE=getMsg HTTP/1.1" 200 27
114.89.80.44 - - [22/Jun/2020:09:53:21 +0800] "GET /xingrg/kc/buy/cgsh_order_operate.html?command=get_materiel&rest_code=00150&code=00101008283&supplier_code=00100007&order_time=2020-06-22 HTTP/1.1" 200 408
61.172.5.115 - - [22/Jun/2020:09:53:24 +0800] "GET /xingrg/check_reg.html?_=1592790804111 HTTP/1.1" 200 22
61.172.5.115 - - [22/Jun/2020:09:53:24 +0800] "GET /xingrg/all/function/internal_message.html?_=1592790804114&CODE_STATE=getMsg HTTP/1.1" 200 27
114.88.170.9 - - [22/Jun/2020:09:53:25 +0800] "GET /xingrg/check_reg.html?_=1592790803029 HTTP/1.1" 200 22
114.89.80.44 - - [22/Jun/2020:09:53:26 +0800] "GET /xingrg/kc/buy/cgsh_order_operate.html?command=get_materiel&rest_code=00150&code=00101008265&supplier_code=00100007&order_time=2020-06-22 HTTP/1.1" 200 408
101.91.60.11 - - [22/Jun/2020:09:53:27 +0800] "GET /xingrg/all/function/internal_message.html?_=1592790036935&CODE_STATE=getMsg HTTP/1.1" 302 -
172.17.0.120 - - [22/Jun/2020:09:53:29 +0800] "GET /xingrg/all/function/internal_message.html?_=1592790808966&CODE_STATE=getMsg HTTP/1.1" 200 27
172.17.0.100 - - [22/Jun/2020:09:53:29 +0800] "GET /xingrg/all/function/internal_message.html?_=1592790808902&CODE_STATE=getMsg HTTP/1.1" 200 27
114.89.80.44 - - [22/Jun/2020:09:53:30 +0800] "GET /xingrg/kc/buy/cgsh_order_operate.html?command=get_materiel&rest_code=00151&code=00101009053&supplier_code=00100096&order_time=2020-06-22 HTTP/1.1" 200 410
101.228.167.227 - - [22/Jun/2020:09:53:31 +0800] "GET /xingrg/all/function/internal_message.html?_=1592790812402&CODE_STATE=getMsg HTTP/1.1" 200 27
114.89.80.44 - - [22/Jun/2020:09:53:33 +0800] "GET /xingrg/kc/buy/cgsh_order_operate.html?command=get_materiel&rest_code=00150&code=00101008101&supplier_code=00100007&order_time=2020-06-22 HTTP/1.1" 200 412
172.17.200.101 - - [22/Jun/2020:09:53:33 +0800] "GET /xingrg/all/function/internal_message.html?_=1592790813027&CODE_STATE=getMsg HTTP/1.1" 200 27
120.253.135.82 - - [22/Jun/2020:09:53:34 +0800] "GET /xingrg/all/function/internal_message.html?_=1592790569017&CODE_STATE=getMsg HTTP/1.1" 200 27
114.84.151.157 - - [22/Jun/2020:09:53:35 +0800] "GET /xingrg/all/function/internal_message.html?_=1592790816632&CODE_STATE=getMsg HTTP/1.1" 200 27
172.17.0.101 - - [22/Jun/2020:09:53:36 +0800] "GET /xingrg/all/function/internal_message.html?_=1592790828175&CODE_STATE=getMsg HTTP/1.1" 200 27
101.91.60.11 - - [22/Jun/2020:09:53:36 +0800] "GET /xingrg/login.html HTTP/1.1" 200 7641
116.230.77.149 - - [22/Jun/2020:09:53:39 +0800] "GET /xingrg/all/function/internal_message.html?_=1592790819873&CODE_STATE=getMsg HTTP/1.1" 200 27
114.89.80.44 - - [22/Jun/2020:09:53:39 +0800] "GET /xingrg/kc/buy/cgsh_order_operate.html?command=get_materiel&rest_code=00150&code=00101008219&supplier_code=00100007&order_time=2020-06-22 HTTP/1.1" 200 412
114.89.80.44 - - [22/Jun/2020:09:53:45 +0800] "GET /xingrg/kc/buy/cgsh_order_operate.html?command=get_materiel&rest_code=00151&code=00101009011&supplier_code=00100096&order_time=2020-06-22 HTTP/1.1" 200 416
101.228.167.227 - - [22/Jun/2020:09:53:48 +0800] "GET /xingrg/all/function/internal_message.html?_=1592790829696&CODE_STATE=getMsg HTTP/1.1" 200 27
117.131.5.26 - - [22/Jun/2020:09:53:48 +0800] "GET /xingrg/all/function/internal_message.html?_=1592791194637&CODE_STATE=getMsg HTTP/1.1" 200 27
114.88.170.9 - - [22/Jun/2020:09:53:54 +0800] "GET /xingrg/all/function/internal_message.html?_=1592790832150&CODE_STATE=getMsg HTTP/1.1" 200 27
114.89.80.44 - - [22/Jun/2020:09:53:55 +0800] "GET /xingrg/kc/buy/cgsh_order_operate.html?command=get_materiel&rest_code=00151&code=00101009062&supplier_code=00100096&order_time=2020-06-22 HTTP/1.1" 200 412
117.184.7.26 - - [22/Jun/2020:09:54:05 +0800] "GET /xingrg/check_reg.html?_=1592790843829 HTTP/1.1" 200 22
117.184.7.26 - - [22/Jun/2020:09:54:06 +0800] "GET /xingrg/all/function/internal_message.html?_=1592790844379&CODE_STATE=getMsg HTTP/1.1" 200 27
114.89.80.44 - - [22/Jun/2020:09:54:12 +0800] "POST /xingrg/kc/buy/cgsh_order_operate.html HTTP/1.1" 200 37
114.89.80.44 - - [22/Jun/2020:09:54:12 +0800] "POST /xingrg/kc/buy/cgsh_order_operate.html HTTP/1.1" 200 19784
114.86.190.97 - - [22/Jun/2020:09:54:13 +0800] "GET /xingrg/all/function/internal_message.html?_=1592790854641&CODE_STATE=getMsg HTTP/1.1" 200 27
114.89.80.44 - - [22/Jun/2020:09:54:14 +0800] "GET /xingrg/check_reg.html?_=1592790853679 HTTP/1.1" 200 22
114.89.80.44 - - [22/Jun/2020:09:54:14 +0800] "GET /xingrg/all/function/internal_message.html?_=1592790853681&CODE_STATE=getMsg HTTP/1.1" 200 27
114.89.80.44 - - [22/Jun/2020:09:54:18 +0800] "GET /xingrg/all/function/internal_message.html?_=1592790984232&CODE_STATE=getMsg HTTP/1.1" 200 27
114.88.170.9 - - [22/Jun/2020:09:54:19 +0800] "GET /xingrg/all/function/internal_message.html?_=1592790873201&CODE_STATE=getMsg HTTP/1.1" 200 27
61.129.7.235 - - [22/Jun/2020:09:54:20 +0800] "GET /xingrg/check_reg.html?_=1592790119012 HTTP/1.1" 302 -
222.69.139.137 - - [22/Jun/2020:09:54:21 +0800] "GET /xingrg/all/function/internal_message.html?_=1592790860133&CODE_STATE=getMsg HTTP/1.1" 200 27
222.69.139.137 - - [22/Jun/2020:09:54:21 +0800] "GET /xingrg/check_reg.html?_=1592790860136 HTTP/1.1" 200 22
61.172.5.115 - - [22/Jun/2020:09:54:24 +0800] "GET /xingrg/all/function/internal_message.html?_=1592790864140&CODE_STATE=getMsg HTTP/1.1" 200 27
114.89.80.44 - - [22/Jun/2020:09:54:25 +0800] "GET /xingrg/kc/buy/cgsh_order_operate.html?command=get_materiel&rest_code=00151&code=00101009016&supplier_code=00100096&order_time=2020-06-22 HTTP/1.1" 200 412
114.89.80.44 - - [22/Jun/2020:09:54:28 +0800] "GET /xingrg/kc/buy/cgsh_order_operate.html?command=get_materiel&rest_code=00150&code=00101008323&supplier_code=00100007&order_time=2020-06-22 HTTP/1.1" 200 408
61.129.7.235 - - [22/Jun/2020:09:54:29 +0800] "GET /xingrg/login.html HTTP/1.1" 200 7641
172.17.0.120 - - [22/Jun/2020:09:54:29 +0800] "GET /xingrg/all/function/internal_message.html?_=1592790868967&CODE_STATE=getMsg HTTP/1.1" 200 27
172.17.0.100 - - [22/Jun/2020:09:54:29 +0800] "GET /xingrg/all/function/internal_message.html?_=1592790868888&CODE_STATE=getMsg HTTP/1.1" 200 27
101.228.167.227 - - [22/Jun/2020:09:54:31 +0800] "GET /xingrg/all/function/internal_message.html?_=1592790872415&CODE_STATE=getMsg HTTP/1.1" 200 27
172.17.200.101 - - [22/Jun/2020:09:54:33 +0800] "GET /xingrg/all/function/internal_message.html?_=1592790873029&CODE_STATE=getMsg HTTP/1.1" 200 27
120.253.135.82 - - [22/Jun/2020:09:54:33 +0800] "GET /xingrg/check_reg.html?_=1592790628760 HTTP/1.1" 200 22
120.253.135.82 - - [22/Jun/2020:09:54:34 +0800] "GET /xingrg/all/function/internal_message.html?_=1592790629029&CODE_STATE=getMsg HTTP/1.1" 200 27
114.89.80.44 - - [22/Jun/2020:09:54:35 +0800] "GET /xingrg/kc/buy/cgsh_order_operate.html?command=get_materiel&rest_code=00150&code=00101008175&supplier_code=00100007&order_time=2020-06-22 HTTP/1.1" 200 412
114.84.151.157 - - [22/Jun/2020:09:54:35 +0800] "GET /xingrg/all/function/internal_message.html?_=1592790876604&CODE_STATE=getMsg HTTP/1.1" 200 27
172.17.0.101 - - [22/Jun/2020:09:54:36 +0800] "GET /xingrg/all/function/internal_message.html?_=1592790888177&CODE_STATE=getMsg HTTP/1.1" 200 27
116.230.77.149 - - [22/Jun/2020:09:54:39 +0800] "GET /xingrg/all/function/internal_message.html?_=1592790879877&CODE_STATE=getMsg HTTP/1.1" 200 27
114.89.80.44 - - [22/Jun/2020:09:54:40 +0800] "GET /xingrg/kc/buy/cgsh_order_operate.html?command=get_materiel&rest_code=00150&code=00101008331&supplier_code=00100007&order_time=2020-06-22 HTTP/1.1" 200 416
101.228.167.227 - - [22/Jun/2020:09:54:48 +0800] "GET /xingrg/all/function/internal_message.html?_=1592790889706&CODE_STATE=getMsg HTTP/1.1" 200 27
117.131.5.26 - - [22/Jun/2020:09:54:48 +0800] "GET /xingrg/check_reg.html?_=1592791254652 HTTP/1.1" 200 22
117.131.5.26 - - [22/Jun/2020:09:54:48 +0800] "GET /xingrg/all/function/internal_message.html?_=1592791254653&CODE_STATE=getMsg HTTP/1.1" 200 27
114.89.80.44 - - [22/Jun/2020:09:54:51 +0800] "GET /xingrg/kc/buy/cgsh_order_operate.html?command=get_materiel&rest_code=00150&code=00101008350&supplier_code=00100007&order_time=2020-06-22 HTTP/1.1" 200 408
114.89.80.44 - - [22/Jun/2020:09:54:53 +0800] "POST /xingrg/kc/buy/cgsh_order_operate.html HTTP/1.1" 200 2065
114.88.170.9 - - [22/Jun/2020:09:54:54 +0800] "GET /xingrg/all/function/internal_message.html?_=1592790892164&CODE_STATE=getMsg HTTP/1.1" 200 27
114.89.80.44 - - [22/Jun/2020:09:55:03 +0800] "POST /xingrg/kc/buy/cgsh_order_operate.html HTTP/1.1" 200 37
114.89.80.44 - - [22/Jun/2020:09:55:04 +0800] "POST /xingrg/kc/buy/cgsh_order_operate.html HTTP/1.1" 200 23330
117.184.7.26 - - [22/Jun/2020:09:55:06 +0800] "GET /xingrg/all/function/internal_message.html?_=1592790904364&CODE_STATE=getMsg HTTP/1.1" 200 27
114.86.190.97 - - [22/Jun/2020:09:55:13 +0800] "GET /xingrg/all/function/internal_message.html?_=1592790914634&CODE_STATE=getMsg HTTP/1.1" 200 27
180.175.214.200 - - [22/Jun/2020:09:55:14 +0800] "GET /xingrg/login.html HTTP/1.1" 200 7641
114.89.80.44 - - [22/Jun/2020:09:55:14 +0800] "GET /xingrg/all/function/internal_message.html?_=1592790913688&CODE_STATE=getMsg HTTP/1.1" 200 27
180.175.214.200 - - [22/Jun/2020:09:55:14 +0800] "GET /favicon.ico HTTP/1.1" 404 -
180.175.214.200 - - [22/Jun/2020:09:55:18 +0800] "POST /xingrg/login.do HTTP/1.1" 302 -
180.175.214.200 - - [22/Jun/2020:09:55:18 +0800] "GET /xingrg/index.html?sysBaseUrl=http%3A%2F%2F180.169.147.146%3A18081%2Fxingrg%2F&costTime=40×tamp=1592790918447 HTTP/1.1" 200 17173
180.175.214.200 - - [22/Jun/2020:09:55:18 +0800] "GET /xingrg/javascript/jquery_easy_ui/themes/default/easyui.css HTTP/1.1" 304 -
180.175.214.200 - - [22/Jun/2020:09:55:18 +0800] "GET /xingrg/javascript/jquery_easy_ui/themes/icon.css HTTP/1.1" 304 -
180.175.214.200 - - [22/Jun/2020:09:55:18 +0800] "GET /xingrg/css/form.css HTTP/1.1" 304 -
180.175.214.200 - - [22/Jun/2020:09:55:18 +0800] "GET /xingrg/javascript/jquery-1.4.2.min.js HTTP/1.1" 304 -
180.175.214.200 - - [22/Jun/2020:09:55:18 +0800] "GET /xingrg/javascript/jquery_easy_ui/jquery.easyui.min.js HTTP/1.1" 304 -
180.175.214.200 - - [22/Jun/2020:09:55:18 +0800] "GET /xingrg/javascript/jquery_easy_ui/easyui-lang-zh_CN.js HTTP/1.1" 304 -
180.175.214.200 - - [22/Jun/2020:09:55:18 +0800] "GET /xingrg/javascript/jquery.form.js HTTP/1.1" 304 -
180.175.214.200 - - [22/Jun/2020:09:55:18 +0800] "GET /xingrg/javascript/jquery.utils.js HTTP/1.1" 304 -
180.175.214.200 - - [22/Jun/2020:09:55:18 +0800] "GET /xingrg/javascript/jquery.timers.js HTTP/1.1" 304 -
180.175.214.200 - - [22/Jun/2020:09:55:18 +0800] "GET /xingrg/images/blue/navBackgound.jpg HTTP/1.1" 304 -
180.175.214.200 - - [22/Jun/2020:09:55:18 +0800] "GET /xingrg/javascript/jquery_easy_ui/themes/icons/settle_new.png HTTP/1.1" 304 -
180.175.214.200 - - [22/Jun/2020:09:55:18 +0800] "GET /favicon.ico HTTP/1.1" 404 -
114.89.80.44 - - [22/Jun/2020:09:55:18 +0800] "GET /xingrg/all/function/internal_message.html?_=1592791044245&CODE_STATE=getMsg HTTP/1.1" 200 27
180.175.214.200 - - [22/Jun/2020:09:55:18 +0800] "GET /xingrg/images/blue/pingpu.png HTTP/1.1" 304 -
180.175.214.200 - - [22/Jun/2020:09:55:18 +0800] "POST /xingrg/all/common/load_tree.html?tree=area_rest_tree_json&manage=1 HTTP/1.1" 200 342
180.175.214.200 - - [22/Jun/2020:09:55:18 +0800] "GET /xingrg/javascript/jquery_easy_ui/themes/default/images/tabs_leftarrow.png HTTP/1.1" 304 -
180.175.214.200 - - [22/Jun/2020:09:55:18 +0800] "GET /xingrg/javascript/jquery_easy_ui/themes/default/images/tabs_rightarrow.png HTTP/1.1" 304 -
180.175.214.200 - - [22/Jun/2020:09:55:18 +0800] "GET /xingrg/javascript/jquery_easy_ui/themes/default/images/panel_tool_collapse.gif HTTP/1.1" 304 -
180.175.214.200 - - [22/Jun/2020:09:55:19 +0800] "GET /xingrg/all/function/internal_message.html?_=1592791123549&CODE_STATE=count HTTP/1.1" 200 11
180.175.214.200 - - [22/Jun/2020:09:55:19 +0800] "GET /xingrg/check_reg.html?_=1592791123550 HTTP/1.1" 200 22
180.175.214.200 - - [22/Jun/2020:09:55:19 +0800] "GET /xingrg/javascript/jquery_easy_ui/themes/default/images/tree_arrows.gif HTTP/1.1" 304 -
180.175.214.200 - - [22/Jun/2020:09:55:19 +0800] "POST /xingrg/load_menu.html HTTP/1.1" 200 5138
114.88.170.9 - - [22/Jun/2020:09:55:19 +0800] "GET /xingrg/all/function/internal_message.html?_=1592790933189&CODE_STATE=getMsg HTTP/1.1" 200 27
180.175.214.200 - - [22/Jun/2020:09:55:19 +0800] "GET /xingrg/javascript/jquery_easy_ui/themes/default/images/tree_folder_open.gif HTTP/1.1" 304 -
180.175.214.200 - - [22/Jun/2020:09:55:19 +0800] "GET /xingrg/javascript/jquery_easy_ui/themes/icons/search_new.png HTTP/1.1" 304 -
180.175.214.200 - - [22/Jun/2020:09:55:19 +0800] "GET /xingrg/javascript/jquery_easy_ui/themes/default/images/tree_folder.gif HTTP/1.1" 304 -
180.175.214.200 - - [22/Jun/2020:09:55:19 +0800] "GET /xingrg/javascript/jquery_easy_ui/themes/icons/storage_new.png HTTP/1.1" 304 -
180.175.214.200 - - [22/Jun/2020:09:55:19 +0800] "GET /xingrg/javascript/jquery_easy_ui/themes/icons/forms_new.png HTTP/1.1" 304 -
180.175.214.200 - - [22/Jun/2020:09:55:19 +0800] "GET /xingrg/javascript/jquery_easy_ui/themes/default/images/tree_file.gif HTTP/1.1" 304 -
222.69.139.137 - - [22/Jun/2020:09:55:21 +0800] "GET /xingrg/all/function/internal_message.html?_=1592790920135&CODE_STATE=getMsg HTTP/1.1" 200 27
61.172.5.115 - - [22/Jun/2020:09:55:24 +0800] "GET /xingrg/all/function/internal_message.html?_=1592790924139&CODE_STATE=getMsg HTTP/1.1" 200 27
114.89.80.44 - - [22/Jun/2020:09:55:25 +0800] "GET /xingrg/kc/buy/cgsh_order_operate.html?command=get_materiel&rest_code=00151&code=00101009039&supplier_code=00100096&order_time=2020-06-22 HTTP/1.1" 200 408
180.175.214.200 - - [22/Jun/2020:09:55:26 +0800] "GET /xingrg/javascript/jquery_easy_ui/themes/icons/area.png HTTP/1.1" 304 -
180.175.214.200 - - [22/Jun/2020:09:55:26 +0800] "GET /xingrg/javascript/jquery_easy_ui/themes/icons/rest.png HTTP/1.1" 304 -
172.17.0.120 - - [22/Jun/2020:09:55:29 +0800] "GET /xingrg/all/function/internal_message.html?_=1592790928969&CODE_STATE=getMsg HTTP/1.1" 200 27
172.17.0.120 - - [22/Jun/2020:09:55:29 +0800] "GET /xingrg/check_reg.html?_=1592790928970 HTTP/1.1" 200 22
172.17.0.100 - - [22/Jun/2020:09:55:29 +0800] "GET /xingrg/all/function/internal_message.html?_=1592790928888&CODE_STATE=getMsg HTTP/1.1" 200 27
172.17.0.100 - - [22/Jun/2020:09:55:29 +0800] "GET /xingrg/check_reg.html?_=1592790928890 HTTP/1.1" 200 22
101.228.167.227 - - [22/Jun/2020:09:55:31 +0800] "GET /xingrg/all/function/internal_message.html?_=1592790932541&CODE_STATE=getMsg HTTP/1.1" 200 27
120.253.135.82 - - [22/Jun/2020:09:55:31 +0800] "GET /xingrg/check_reg.html?_=1592791057452 HTTP/1.1" 200 22
172.17.200.101 - - [22/Jun/2020:09:55:33 +0800] "GET /xingrg/all/function/internal_message.html?_=1592790933030&CODE_STATE=getMsg HTTP/1.1" 200 27
172.17.200.101 - - [22/Jun/2020:09:55:33 +0800] "GET /xingrg/check_reg.html?_=1592790933033 HTTP/1.1" 200 22
58.40.7.146 - - [22/Jun/2020:09:55:33 +0800] "GET /xingrg/check_reg.html?_=1592790933389 HTTP/1.1" 200 22
120.253.135.82 - - [22/Jun/2020:09:55:34 +0800] "GET /xingrg/all/function/internal_message.html?_=1592790689044&CODE_STATE=getMsg HTTP/1.1" 200 27
114.84.151.157 - - [22/Jun/2020:09:55:35 +0800] "GET /xingrg/all/function/internal_message.html?_=1592790936575&CODE_STATE=getMsg HTTP/1.1" 200 27
172.17.0.101 - - [22/Jun/2020:09:55:36 +0800] "GET /xingrg/all/function/internal_message.html?_=1592790948178&CODE_STATE=getMsg HTTP/1.1" 200 27
172.17.0.101 - - [22/Jun/2020:09:55:36 +0800] "GET /xingrg/check_reg.html?_=1592790948182 HTTP/1.1" 200 22
114.89.80.44 - - [22/Jun/2020:09:55:37 +0800] "GET /xingrg/kc/buy/cgsh_order_operate.html?command=get_materiel&rest_code=00151&code=00101009088&supplier_code=00100096&order_time=2020-06-22 HTTP/1.1" 200 391
116.230.77.149 - - [22/Jun/2020:09:55:39 +0800] "GET /xingrg/all/function/internal_message.html?_=1592790939880&CODE_STATE=getMsg HTTP/1.1" 200 27
101.85.53.146 - - [22/Jun/2020:09:55:39 +0800] "GET /xingrg/check_reg.html?_=1592790371797 HTTP/1.1" 200 22
101.228.167.227 - - [22/Jun/2020:09:55:47 +0800] "GET /xingrg/check_reg.html?_=1592790948678 HTTP/1.1" 200 22
101.228.167.227 - - [22/Jun/2020:09:55:48 +0800] "GET /xingrg/all/function/internal_message.html?_=1592790949720&CODE_STATE=getMsg HTTP/1.1" 200 27
117.131.5.26 - - [22/Jun/2020:09:55:48 +0800] "GET /xingrg/all/function/internal_message.html?_=1592791314651&CODE_STATE=getMsg HTTP/1.1" 200 27
114.88.170.9 - - [22/Jun/2020:09:55:54 +0800] "GET /xingrg/all/function/internal_message.html?_=1592790952221&CODE_STATE=getMsg HTTP/1.1" 200 27
114.89.80.44 - - [22/Jun/2020:09:56:00 +0800] "POST /xingrg/kc/buy/cgsh_order_operate.html HTTP/1.1" 200 37
114.89.80.44 - - [22/Jun/2020:09:56:02 +0800] "POST /xingrg/kc/buy/cgsh_order_operate.html HTTP/1.1" 200 12
114.89.80.44 - - [22/Jun/2020:09:56:03 +0800] "GET /xingrg/kc/buy/cgsh_order_info.html?code=212020062208569 HTTP/1.1" 200 53907
114.89.80.44 - - [22/Jun/2020:09:56:03 +0800] "GET /xingrg/javascript/easyui/themes/default/validatebox.css HTTP/1.1" 404 1104
114.89.80.44 - - [22/Jun/2020:09:56:03 +0800] "POST /xingrg/kc/buy/cgsh_order_operate.html HTTP/1.1" 200 21275
114.89.80.44 - - [22/Jun/2020:09:56:05 +0800] "GET /xingrg/kc/buy/cgsh_order_operate.html?command=get_materiel&rest_code=00151&code=00101009041&supplier_code=00100096&order_time=2020-06-22 HTTP/1.1" 200 408
117.184.7.26 - - [22/Jun/2020:09:56:06 +0800] "GET /xingrg/all/function/internal_message.html?_=1592790964335&CODE_STATE=getMsg HTTP/1.1" 200 27
114.89.80.44 - - [22/Jun/2020:09:56:06 +0800] "GET /xingrg/kc/print/load_data.html?order_code=212020062208569&kc_code=cgsh&condition= HTTP/1.1" 200 8572
101.228.167.227 - - [22/Jun/2020:09:56:09 +0800] "GET /xingrg/kc/buy/cgsh_order_add.html HTTP/1.1" 200 59086
101.228.167.227 - - [22/Jun/2020:09:56:10 +0800] "POST /xingrg/kc/buy/cgsh_order_operate.html HTTP/1.1" 200 8245
101.228.167.227 - - [22/Jun/2020:09:56:10 +0800] "GET /xingrg/javascript/easyui/themes/default/validatebox.css HTTP/1.1" 404 1104
114.89.80.44 - - [22/Jun/2020:09:56:13 +0800] "POST /xingrg/all/user/operate.html HTTP/1.1" 200 36
114.89.80.44 - - [22/Jun/2020:09:56:13 +0800] "GET /xingrg/index.html?sysBaseUrl=http%3A%2F%2F180.169.147.146%3A18081%2Fxingrg%2F&costTime=38×tamp=1592787221942 HTTP/1.1" 200 17177
114.89.80.44 - - [22/Jun/2020:09:56:13 +0800] "GET /xingrg/javascript/jquery_easy_ui/themes/default/easyui.css HTTP/1.1" 304 -
114.89.80.44 - - [22/Jun/2020:09:56:13 +0800] "GET /xingrg/javascript/jquery_easy_ui/themes/icon.css HTTP/1.1" 304 -
114.89.80.44 - - [22/Jun/2020:09:56:13 +0800] "GET /xingrg/css/form.css HTTP/1.1" 304 -
114.89.80.44 - - [22/Jun/2020:09:56:13 +0800] "GET /xingrg/javascript/jquery-1.4.2.min.js HTTP/1.1" 304 -
114.86.190.97 - - [22/Jun/2020:09:56:13 +0800] "GET /xingrg/all/function/internal_message.html?_=1592790974650&CODE_STATE=getMsg HTTP/1.1" 200 27
114.86.190.97 - - [22/Jun/2020:09:56:13 +0800] "GET /xingrg/check_reg.html?_=1592790974667 HTTP/1.1" 200 22
114.89.80.44 - - [22/Jun/2020:09:56:13 +0800] "GET /xingrg/javascript/jquery_easy_ui/jquery.easyui.min.js HTTP/1.1" 304 -
114.89.80.44 - - [22/Jun/2020:09:56:13 +0800] "GET /xingrg/javascript/jquery_easy_ui/easyui-lang-zh_CN.js HTTP/1.1" 304 -
114.89.80.44 - - [22/Jun/2020:09:56:13 +0800] "GET /xingrg/javascript/jquery.form.js HTTP/1.1" 304 -
114.89.80.44 - - [22/Jun/2020:09:56:13 +0800] "GET /xingrg/javascript/jquery.utils.js HTTP/1.1" 304 -
114.89.80.44 - - [22/Jun/2020:09:56:13 +0800] "GET /xingrg/javascript/jquery.timers.js HTTP/1.1" 304 -
114.89.80.44 - - [22/Jun/2020:09:56:13 +0800] "GET /xingrg/images/blue/jxLogo.png HTTP/1.1" 304 -
114.89.80.44 - - [22/Jun/2020:09:56:13 +0800] "GET /xingrg/javascript/jquery_easy_ui/themes/icons/settle_new.png HTTP/1.1" 304 -
114.89.80.44 - - [22/Jun/2020:09:56:13 +0800] "GET /xingrg/images/blue/navBackgound.jpg HTTP/1.1" 304 -
114.89.80.44 - - [22/Jun/2020:09:56:13 +0800] "POST /xingrg/all/common/load_tree.html?tree=area_rest_tree_json&manage=1 HTTP/1.1" 200 476
114.89.80.44 - - [22/Jun/2020:09:56:13 +0800] "GET /xingrg/javascript/jquery_easy_ui/themes/default/images/panel_tool_collapse.gif HTTP/1.1" 304 -
114.89.80.44 - - [22/Jun/2020:09:56:13 +0800] "GET /xingrg/all/function/internal_message.html?_=1592790973293&CODE_STATE=count HTTP/1.1" 200 11
114.89.80.44 - - [22/Jun/2020:09:56:13 +0800] "GET /xingrg/check_reg.html?_=1592790973294 HTTP/1.1" 200 22
114.89.80.44 - - [22/Jun/2020:09:56:13 +0800] "GET /xingrg/javascript/jquery_easy_ui/themes/default/images/tabs_leftarrow.png HTTP/1.1" 304 -
114.89.80.44 - - [22/Jun/2020:09:56:13 +0800] "GET /xingrg/images/blue/pingpu.png HTTP/1.1" 304 -
114.89.80.44 - - [22/Jun/2020:09:56:13 +0800] "GET /xingrg/javascript/jquery_easy_ui/themes/default/images/tabs_rightarrow.png HTTP/1.1" 304 -
114.89.80.44 - - [22/Jun/2020:09:56:13 +0800] "POST /xingrg/load_menu.html HTTP/1.1" 200 5138
114.89.80.44 - - [22/Jun/2020:09:56:16 +0800] "GET /xingrg/kc/buy/cgsh_order_list.html HTTP/1.1" 200 43346
114.89.80.44 - - [22/Jun/2020:09:56:17 +0800] "POST /xingrg/kc/buy/cgsh_list_operate.html HTTP/1.1" 200 1689
114.89.80.44 - - [22/Jun/2020:09:56:18 +0800] "POST /xingrg/kc/buy/cgsh_list_operate.html HTTP/1.1" 200 559
114.89.80.44 - - [22/Jun/2020:09:56:18 +0800] "GET /xingrg/kc/buy/cgsh_order_info.html?code=212020062208565 HTTP/1.1" 200 58731
114.89.80.44 - - [22/Jun/2020:09:56:18 +0800] "GET /xingrg/check_reg.html?_=1592791104206 HTTP/1.1" 200 22
114.89.80.44 - - [22/Jun/2020:09:56:18 +0800] "GET /xingrg/all/function/internal_message.html?_=1592791104259&CODE_STATE=getMsg HTTP/1.1" 200 27
114.89.80.44 - - [22/Jun/2020:09:56:19 +0800] "GET /xingrg/javascript/easyui/themes/default/validatebox.css HTTP/1.1" 404 1104
180.175.214.200 - - [22/Jun/2020:09:56:19 +0800] "GET /xingrg/all/function/internal_message.html?_=1592791183559&CODE_STATE=getMsg HTTP/1.1" 200 27
114.89.80.44 - - [22/Jun/2020:09:56:19 +0800] "POST /xingrg/kc/buy/cgsh_order_operate.html HTTP/1.1" 200 18694
114.88.170.9 - - [22/Jun/2020:09:56:19 +0800] "GET /xingrg/check_reg.html?_=1592790993192 HTTP/1.1" 200 22
114.88.170.9 - - [22/Jun/2020:09:56:19 +0800] "GET /xingrg/all/function/internal_message.html?_=1592790993189&CODE_STATE=getMsg HTTP/1.1" 200 27
101.228.167.227 - - [22/Jun/2020:09:56:20 +0800] "GET /xingrg/check_reg.html?_=1592790982163 HTTP/1.1" 200 22
222.69.139.137 - - [22/Jun/2020:09:56:21 +0800] "GET /xingrg/all/function/internal_message.html?_=1592790980132&CODE_STATE=getMsg HTTP/1.1" 200 27
61.172.5.115 - - [22/Jun/2020:09:56:24 +0800] "GET /xingrg/all/function/internal_message.html?_=1592790984140&CODE_STATE=getMsg HTTP/1.1" 200 27
172.17.0.120 - - [22/Jun/2020:09:56:29 +0800] "GET /xingrg/all/function/internal_message.html?_=1592790988973&CODE_STATE=getMsg HTTP/1.1" 200 27
172.17.0.100 - - [22/Jun/2020:09:56:29 +0800] "GET /xingrg/all/function/internal_message.html?_=1592790988889&CODE_STATE=getMsg HTTP/1.1" 200 27
101.228.167.227 - - [22/Jun/2020:09:56:31 +0800] "GET /xingrg/all/function/internal_message.html?_=1592790992551&CODE_STATE=getMsg HTTP/1.1" 200 27
101.228.167.227 - - [22/Jun/2020:09:56:32 +0800] "GET /xingrg/kc/buy/cgsh_order_operate.html?command=get_materiel&rest_code=00146&code=00101001069&supplier_code=00100199&order_time=2020-06-22 HTTP/1.1" 200 409
114.89.80.44 - - [22/Jun/2020:09:56:33 +0800] "GET /xingrg/kc/buy/cgsh_order_operate.html?command=get_materiel&rest_code=00151&code=00101009095&supplier_code=00100096&order_time=2020-06-22 HTTP/1.1" 200 395
172.17.200.101 - - [22/Jun/2020:09:56:33 +0800] "GET /xingrg/all/function/internal_message.html?_=1592790993021&CODE_STATE=getMsg HTTP/1.1" 200 27
120.253.135.82 - - [22/Jun/2020:09:56:34 +0800] "GET /xingrg/all/function/internal_message.html?_=1592790749057&CODE_STATE=getMsg HTTP/1.1" 200 27
114.84.151.157 - - [22/Jun/2020:09:56:35 +0800] "GET /xingrg/all/function/internal_message.html?_=1592790996556&CODE_STATE=getMsg HTTP/1.1" 200 27
172.17.0.101 - - [22/Jun/2020:09:56:36 +0800] "GET /xingrg/all/function/internal_message.html?_=1592791008183&CODE_STATE=getMsg HTTP/1.1" 200 27
116.230.77.149 - - [22/Jun/2020:09:56:39 +0800] "GET /xingrg/all/function/internal_message.html?_=1592790999878&CODE_STATE=getMsg HTTP/1.1" 200 27
116.230.77.149 - - [22/Jun/2020:09:56:39 +0800] "GET /xingrg/check_reg.html?_=1592790999929 HTTP/1.1" 200 22
101.228.167.227 - - [22/Jun/2020:09:56:48 +0800] "GET /xingrg/all/function/internal_message.html?_=1592791009732&CODE_STATE=getMsg HTTP/1.1" 200 27
117.131.5.26 - - [22/Jun/2020:09:56:48 +0800] "GET /xingrg/all/function/internal_message.html?_=1592791374650&CODE_STATE=getMsg HTTP/1.1" 200 27
114.89.80.44 - - [22/Jun/2020:09:56:50 +0800] "POST /xingrg/kc/buy/cgsh_order_operate.html HTTP/1.1" 200 37
114.89.80.44 - - [22/Jun/2020:09:56:52 +0800] "POST /xingrg/kc/buy/cgsh_order_operate.html HTTP/1.1" 200 12
114.89.80.44 - - [22/Jun/2020:09:56:53 +0800] "GET /xingrg/kc/buy/cgsh_order_info.html?code=212020062208565 HTTP/1.1" 200 53625
114.89.80.44 - - [22/Jun/2020:09:56:53 +0800] "GET /xingrg/javascript/easyui/themes/default/validatebox.css HTTP/1.1" 404 1104
114.89.80.44 - - [22/Jun/2020:09:56:53 +0800] "POST /xingrg/kc/buy/cgsh_order_operate.html HTTP/1.1" 200 16638
114.88.170.9 - - [22/Jun/2020:09:56:54 +0800] "GET /xingrg/all/function/internal_message.html?_=1592791012222&CODE_STATE=getMsg HTTP/1.1" 200 27
101.228.167.227 - - [22/Jun/2020:09:56:54 +0800] "GET /xingrg/kc/buy/cgsh_order_operate.html?command=get_materiel&rest_code=00146&code=00101004030&supplier_code=00100199&order_time=2020-06-22 HTTP/1.1" 200 410
114.89.80.44 - - [22/Jun/2020:09:56:55 +0800] "GET /xingrg/kc/print/load_data.html?order_code=212020062208565&kc_code=cgsh&condition= HTTP/1.1" 200 6848
114.84.151.157 - - [22/Jun/2020:09:56:58 +0800] "GET /xingrg/check_reg.html?_=1592791019038 HTTP/1.1" 200 22
117.184.7.26 - - [22/Jun/2020:09:57:06 +0800] "GET /xingrg/all/function/internal_message.html?_=1592791024321&CODE_STATE=getMsg HTTP/1.1" 200 27
114.89.80.44 - - [22/Jun/2020:09:57:06 +0800] "GET /xingrg/kc/buy/cgsh_order_operate.html?command=get_materiel&rest_code=00151&code=00101009025&supplier_code=00100096&order_time=2020-06-22 HTTP/1.1" 200 409
101.228.167.227 - - [22/Jun/2020:09:57:11 +0800] "GET /xingrg/kc/buy/cgsh_order_operate.html?command=get_materiel&rest_code=00146&code=00101002007&supplier_code=00100199&order_time=2020-06-22 HTTP/1.1" 200 409
114.86.190.97 - - [22/Jun/2020:09:57:13 +0800] "GET /xingrg/all/function/internal_message.html?_=1592791034646&CODE_STATE=getMsg HTTP/1.1" 200 27
114.89.80.44 - - [22/Jun/2020:09:57:13 +0800] "GET /xingrg/all/function/internal_message.html?_=1592791033305&CODE_STATE=getMsg HTTP/1.1" 200 27
114.89.80.44 - - [22/Jun/2020:09:57:18 +0800] "GET /xingrg/all/function/internal_message.html?_=1592791164273&CODE_STATE=getMsg HTTP/1.1" 200 27
180.175.214.200 - - [22/Jun/2020:09:57:19 +0800] "GET /xingrg/all/function/internal_message.html?_=1592791243573&CODE_STATE=getMsg HTTP/1.1" 200 27
114.88.170.9 - - [22/Jun/2020:09:57:19 +0800] "GET /xingrg/all/function/internal_message.html?_=1592791053192&CODE_STATE=getMsg HTTP/1.1" 200 27
222.69.139.137 - - [22/Jun/2020:09:57:21 +0800] "GET /xingrg/all/function/internal_message.html?_=1592791040139&CODE_STATE=getMsg HTTP/1.1" 200 27
61.172.5.115 - - [22/Jun/2020:09:57:24 +0800] "GET /xingrg/all/function/internal_message.html?_=1592791044141&CODE_STATE=getMsg HTTP/1.1" 200 27
101.228.167.227 - - [22/Jun/2020:09:57:27 +0800] "POST /xingrg/kc/buy/cgsh_order_operate.html HTTP/1.1" 200 37
120.253.135.82 - - [22/Jun/2020:09:57:27 +0800] "POST /xingrg/kc/buy/cgsh_list_operate.html HTTP/1.1" 200 6032
120.253.135.82 - - [22/Jun/2020:09:57:27 +0800] "POST /xingrg/kc/buy/cgsh_list_operate.html HTTP/1.1" 200 6032
101.228.167.227 - - [22/Jun/2020:09:57:28 +0800] "POST /xingrg/kc/buy/cgsh_order_operate.html HTTP/1.1" 200 3838
172.17.0.120 - - [22/Jun/2020:09:57:29 +0800] "GET /xingrg/all/function/internal_message.html?_=1592791048964&CODE_STATE=getMsg HTTP/1.1" 200 27
172.17.0.100 - - [22/Jun/2020:09:57:29 +0800] "GET /xingrg/all/function/internal_message.html?_=1592791048918&CODE_STATE=getMsg HTTP/1.1" 200 27
101.228.167.227 - - [22/Jun/2020:09:57:31 +0800] "GET /xingrg/all/function/internal_message.html?_=1592791052568&CODE_STATE=getMsg HTTP/1.1" 200 27
120.253.135.82 - - [22/Jun/2020:09:57:32 +0800] "GET /xingrg/kc/buy/cgsh_order_list.html HTTP/1.1" 200 43597
172.17.200.101 - - [22/Jun/2020:09:57:33 +0800] "GET /xingrg/all/function/internal_message.html?_=1592791053027&CODE_STATE=getMsg HTTP/1.1" 200 27
120.253.135.82 - - [22/Jun/2020:09:57:33 +0800] "POST /xingrg/kc/buy/cgsh_list_operate.html HTTP/1.1" 200 876
101.228.167.227 - - [22/Jun/2020:09:57:33 +0800] "GET /xingrg/kc/buy/cgsh_order_add.html HTTP/1.1" 200 59086
101.228.167.227 - - [22/Jun/2020:09:57:33 +0800] "POST /xingrg/kc/buy/cgsh_order_operate.html HTTP/1.1" 200 8245
101.228.167.227 - - [22/Jun/2020:09:57:34 +0800] "GET /xingrg/javascript/easyui/themes/default/validatebox.css HTTP/1.1" 404 1104
120.253.135.82 - - [22/Jun/2020:09:57:34 +0800] "GET /xingrg/all/function/internal_message.html?_=1592790809071&CODE_STATE=getMsg HTTP/1.1" 200 27
114.84.151.157 - - [22/Jun/2020:09:57:35 +0800] "GET /xingrg/all/function/internal_message.html?_=1592791056534&CODE_STATE=getMsg HTTP/1.1" 200 27
172.17.0.101 - - [22/Jun/2020:09:57:36 +0800] "GET /xingrg/all/function/internal_message.html?_=1592791068184&CODE_STATE=getMsg HTTP/1.1" 200 27
120.253.135.82 - - [22/Jun/2020:09:57:38 +0800] "GET /xingrg/kc/pszx/mdqp_order_list.html?state=10 HTTP/1.1" 200 11325
120.253.135.82 - - [22/Jun/2020:09:57:38 +0800] "GET /xingrg/dwr/interface/AjaxReportQueryService.js HTTP/1.1" 200 13203
120.253.135.82 - - [22/Jun/2020:09:57:38 +0800] "GET /xingrg/dwr/interface/AjaxQqpsService.js HTTP/1.1" 200 16326
120.253.135.82 - - [22/Jun/2020:09:57:38 +0800] "GET /xingrg/dwr/engine.js HTTP/1.1" 200 43631
116.230.77.149 - - [22/Jun/2020:09:57:39 +0800] "GET /xingrg/all/function/internal_message.html?_=1592791059882&CODE_STATE=getMsg HTTP/1.1" 200 27
120.253.135.82 - - [22/Jun/2020:09:57:43 +0800] "GET /xingrg/kc/pszx/mdqp_order_info.html?code=302020062200391 HTTP/1.1" 200 13346
120.253.135.82 - - [22/Jun/2020:09:57:43 +0800] "GET /xingrg/dwr/interface/AjaxComOrderService.js HTTP/1.1" 200 18264
120.253.135.82 - - [22/Jun/2020:09:57:43 +0800] "GET /xingrg/dwr/interface/AjaxQqpsService.js HTTP/1.1" 200 16326
120.253.135.82 - - [22/Jun/2020:09:57:43 +0800] "GET /xingrg/dwr/engine.js HTTP/1.1" 200 43631
120.253.135.82 - - [22/Jun/2020:09:57:44 +0800] "POST /xingrg/dwr/call/plaincall/AjaxQqpsService.loadMaterielItems.dwr HTTP/1.1" 200 371
114.89.80.44 - - [22/Jun/2020:09:57:45 +0800] "POST /xingrg/kc/buy/cgsh_order_operate.html HTTP/1.1" 200 37
114.89.80.44 - - [22/Jun/2020:09:57:47 +0800] "POST /xingrg/kc/buy/cgsh_order_operate.html HTTP/1.1" 200 12
114.89.80.44 - - [22/Jun/2020:09:57:48 +0800] "GET /xingrg/kc/buy/cgsh_order_info.html?code=212020062208571 HTTP/1.1" 200 53631
117.131.5.26 - - [22/Jun/2020:09:57:48 +0800] "GET /xingrg/all/function/internal_message.html?_=1592791434650&CODE_STATE=getMsg HTTP/1.1" 200 27
101.228.167.227 - - [22/Jun/2020:09:57:48 +0800] "GET /xingrg/all/function/internal_message.html?_=1592791069760&CODE_STATE=getMsg HTTP/1.1" 200 27
114.89.80.44 - - [22/Jun/2020:09:57:48 +0800] "GET /xingrg/javascript/easyui/themes/default/validatebox.css HTTP/1.1" 404 1104
114.89.80.44 - - [22/Jun/2020:09:57:49 +0800] "POST /xingrg/kc/buy/cgsh_order_operate.html HTTP/1.1" 200 9603
120.253.135.82 - - [22/Jun/2020:09:57:49 +0800] "GET /xingrg/kc/pszx/mdqp_order_list.html?isBack=1 HTTP/1.1" 302 -
120.253.135.82 - - [22/Jun/2020:09:57:49 +0800] "GET /xingrg/kc/pszx/mdqp_order_list.html?state=10 HTTP/1.1" 200 11325
120.253.135.82 - - [22/Jun/2020:09:57:49 +0800] "GET /xingrg/dwr/interface/AjaxQqpsService.js HTTP/1.1" 200 16326
120.253.135.82 - - [22/Jun/2020:09:57:49 +0800] "GET /xingrg/dwr/interface/AjaxReportQueryService.js HTTP/1.1" 200 13203
120.253.135.82 - - [22/Jun/2020:09:57:49 +0800] "GET /xingrg/dwr/engine.js HTTP/1.1" 200 43631
120.253.135.82 - - [22/Jun/2020:09:57:51 +0800] "GET /xingrg/kc/pszx/mdqp_order_info.html?code=302020062200390 HTTP/1.1" 200 13350
120.253.135.82 - - [22/Jun/2020:09:57:51 +0800] "GET /xingrg/dwr/interface/AjaxComOrderService.js HTTP/1.1" 200 18264
120.253.135.82 - - [22/Jun/2020:09:57:51 +0800] "GET /xingrg/dwr/interface/AjaxQqpsService.js HTTP/1.1" 200 16326
120.253.135.82 - - [22/Jun/2020:09:57:51 +0800] "GET /xingrg/dwr/engine.js HTTP/1.1" 200 43631
114.89.80.44 - - [22/Jun/2020:09:57:52 +0800] "GET /xingrg/kc/print/load_data.html?order_code=212020062208571&kc_code=cgsh&condition= HTTP/1.1" 200 4169
101.228.167.227 - - [22/Jun/2020:09:57:52 +0800] "GET /xingrg/kc/buy/cgsh_order_operate.html?command=get_materiel&rest_code=00146&code=00101006055&supplier_code=00100012&order_time=2020-06-22 HTTP/1.1" 200 409
120.253.135.82 - - [22/Jun/2020:09:57:52 +0800] "POST /xingrg/dwr/call/plaincall/AjaxQqpsService.loadMaterielItems.dwr HTTP/1.1" 200 1487
114.88.170.9 - - [22/Jun/2020:09:57:54 +0800] "GET /xingrg/all/function/internal_message.html?_=1592791072293&CODE_STATE=getMsg HTTP/1.1" 200 27
120.253.135.82 - - [22/Jun/2020:09:58:01 +0800] "GET /xingrg/kc/pszx/mdqp_order_list.html?isBack=1 HTTP/1.1" 302 -
120.253.135.82 - - [22/Jun/2020:09:58:01 +0800] "GET /xingrg/kc/pszx/mdqp_order_list.html?state=10 HTTP/1.1" 200 11325
120.253.135.82 - - [22/Jun/2020:09:58:01 +0800] "GET /xingrg/dwr/interface/AjaxQqpsService.js HTTP/1.1" 200 16326
120.253.135.82 - - [22/Jun/2020:09:58:01 +0800] "GET /xingrg/dwr/interface/AjaxReportQueryService.js HTTP/1.1" 200 13203
120.253.135.82 - - [22/Jun/2020:09:58:01 +0800] "GET /xingrg/dwr/engine.js HTTP/1.1" 200 43631
120.253.135.82 - - [22/Jun/2020:09:58:03 +0800] "GET /xingrg/kc/pszx/mdqp_order_info.html?code=302020062200389 HTTP/1.1" 200 13350
120.253.135.82 - - [22/Jun/2020:09:58:03 +0800] "GET /xingrg/dwr/interface/AjaxQqpsService.js HTTP/1.1" 200 16326
120.253.135.82 - - [22/Jun/2020:09:58:03 +0800] "GET /xingrg/dwr/interface/AjaxComOrderService.js HTTP/1.1" 200 18264
120.253.135.82 - - [22/Jun/2020:09:58:03 +0800] "GET /xingrg/dwr/engine.js HTTP/1.1" 200 43631
114.89.80.44 - - [22/Jun/2020:09:58:04 +0800] "POST /xingrg/all/user/operate.html HTTP/1.1" 200 36
120.253.135.82 - - [22/Jun/2020:09:58:04 +0800] "POST /xingrg/dwr/call/plaincall/AjaxQqpsService.loadMaterielItems.dwr HTTP/1.1" 200 2031
114.89.80.44 - - [22/Jun/2020:09:58:04 +0800] "GET /xingrg/index.html?sysBaseUrl=http%3A%2F%2F180.169.147.146%3A18081%2Fxingrg%2F&costTime=43×tamp=1592732854912 HTTP/1.1" 200 17179
114.89.80.44 - - [22/Jun/2020:09:58:04 +0800] "GET /xingrg/javascript/jquery_easy_ui/themes/default/easyui.css HTTP/1.1" 304 -
114.89.80.44 - - [22/Jun/2020:09:58:04 +0800] "GET /xingrg/javascript/jquery_easy_ui/themes/icon.css HTTP/1.1" 304 -
114.89.80.44 - - [22/Jun/2020:09:58:04 +0800] "GET /xingrg/css/form.css HTTP/1.1" 304 -
114.89.80.44 - - [22/Jun/2020:09:58:04 +0800] "GET /xingrg/javascript/jquery-1.4.2.min.js HTTP/1.1" 304 -
114.89.80.44 - - [22/Jun/2020:09:58:04 +0800] "GET /xingrg/javascript/jquery_easy_ui/jquery.easyui.min.js HTTP/1.1" 304 -
114.89.80.44 - - [22/Jun/2020:09:58:04 +0800] "GET /xingrg/javascript/jquery_easy_ui/easyui-lang-zh_CN.js HTTP/1.1" 304 -
114.89.80.44 - - [22/Jun/2020:09:58:04 +0800] "GET /xingrg/javascript/jquery.form.js HTTP/1.1" 304 -
114.89.80.44 - - [22/Jun/2020:09:58:04 +0800] "GET /xingrg/javascript/jquery.utils.js HTTP/1.1" 304 -
114.89.80.44 - - [22/Jun/2020:09:58:04 +0800] "GET /xingrg/javascript/jquery.timers.js HTTP/1.1" 304 -
114.89.80.44 - - [22/Jun/2020:09:58:04 +0800] "GET /xingrg/images/blue/jxLogo.png HTTP/1.1" 304 -
114.89.80.44 - - [22/Jun/2020:09:58:04 +0800] "GET /xingrg/images/blue/navBackgound.jpg HTTP/1.1" 304 -
114.89.80.44 - - [22/Jun/2020:09:58:04 +0800] "GET /xingrg/javascript/jquery_easy_ui/themes/icons/settle_new.png HTTP/1.1" 304 -
114.89.80.44 - - [22/Jun/2020:09:58:04 +0800] "POST /xingrg/all/common/load_tree.html?tree=area_rest_tree_json&manage=1 HTTP/1.1" 200 476
114.89.80.44 - - [22/Jun/2020:09:58:04 +0800] "GET /xingrg/images/blue/pingpu.png HTTP/1.1" 304 -
114.89.80.44 - - [22/Jun/2020:09:58:04 +0800] "GET /xingrg/javascript/jquery_easy_ui/themes/default/images/tabs_rightarrow.png HTTP/1.1" 304 -
114.89.80.44 - - [22/Jun/2020:09:58:04 +0800] "GET /xingrg/javascript/jquery_easy_ui/themes/default/images/tabs_leftarrow.png HTTP/1.1" 304 -
114.89.80.44 - - [22/Jun/2020:09:58:04 +0800] "GET /xingrg/javascript/jquery_easy_ui/themes/default/images/panel_tool_collapse.gif HTTP/1.1" 304 -
114.89.80.44 - - [22/Jun/2020:09:58:04 +0800] "GET /xingrg/check_reg.html?_=1592791209989 HTTP/1.1" 200 22
114.89.80.44 - - [22/Jun/2020:09:58:04 +0800] "GET /xingrg/all/function/internal_message.html?_=1592791209988&CODE_STATE=count HTTP/1.1" 200 11
114.89.80.44 - - [22/Jun/2020:09:58:04 +0800] "POST /xingrg/load_menu.html HTTP/1.1" 200 5138
117.184.7.26 - - [22/Jun/2020:09:58:06 +0800] "GET /xingrg/all/function/internal_message.html?_=1592791084305&CODE_STATE=getMsg HTTP/1.1" 200 27
114.89.80.44 - - [22/Jun/2020:09:58:09 +0800] "GET /xingrg/kc/buy/cgsh_order_list.html HTTP/1.1" 200 43348
114.89.80.44 - - [22/Jun/2020:09:58:10 +0800] "POST /xingrg/kc/buy/cgsh_list_operate.html HTTP/1.1" 200 1708
101.228.167.227 - - [22/Jun/2020:09:58:10 +0800] "GET /xingrg/kc/buy/cgsh_order_operate.html?command=get_materiel&rest_code=00146&code=00101006068&supplier_code=00100012&order_time=2020-06-22 HTTP/1.1" 200 409
114.89.80.44 - - [22/Jun/2020:09:58:13 +0800] "GET /xingrg/kc/buy/cgsh_order_add.html HTTP/1.1" 200 59016
114.89.80.44 - - [22/Jun/2020:09:58:13 +0800] "POST /xingrg/kc/buy/cgsh_order_operate.html HTTP/1.1" 200 8245
114.89.80.44 - - [22/Jun/2020:09:58:13 +0800] "GET /xingrg/javascript/easyui/themes/default/validatebox.css HTTP/1.1" 404 1104
120.253.135.82 - - [22/Jun/2020:09:58:13 +0800] "GET /xingrg/kc/pszx/mdqp_order_list.html?isBack=1 HTTP/1.1" 302 -
