116.230.77.149 - - [22/Jun/2020:08:41:19 +0800] "POST /xingrg/dwr/call/plaincall/AjaxCheckService.setItemNumber.dwr HTTP/1.1" 200 78
116.230.77.149 - - [22/Jun/2020:08:41:20 +0800] "POST /xingrg/dwr/call/plaincall/AjaxCheckService.setItemNumber.dwr HTTP/1.1" 200 78
101.228.167.227 - - [22/Jun/2020:08:41:20 +0800] "GET /xingrg/check_reg.html?_=1592786481972 HTTP/1.1" 200 22
116.230.77.149 - - [22/Jun/2020:08:41:20 +0800] "POST /xingrg/dwr/call/plaincall/AjaxCheckService.setItemNumber.dwr HTTP/1.1" 200 78
116.230.77.149 - - [22/Jun/2020:08:41:21 +0800] "POST /xingrg/dwr/call/plaincall/AjaxCheckService.setItemNumber.dwr HTTP/1.1" 200 78
116.230.77.149 - - [22/Jun/2020:08:41:22 +0800] "POST /xingrg/dwr/call/plaincall/AjaxCheckService.setItemNumber.dwr HTTP/1.1" 200 78
116.230.77.149 - - [22/Jun/2020:08:41:22 +0800] "POST /xingrg/dwr/call/plaincall/AjaxCheckService.setItemNumber.dwr HTTP/1.1" 200 78
101.228.167.227 - - [22/Jun/2020:08:41:22 +0800] "GET /xingrg/kc/buy/cgsh_order_operate.html?command=get_materiel&rest_code=00146&code=00101008347&supplier_code=00100005&order_time=2020-06-22 HTTP/1.1" 200 408
116.230.77.149 - - [22/Jun/2020:08:41:23 +0800] "POST /xingrg/dwr/call/plaincall/AjaxCheckService.setItemNumber.dwr HTTP/1.1" 200 78
116.230.77.149 - - [22/Jun/2020:08:41:23 +0800] "POST /xingrg/dwr/call/plaincall/AjaxCheckService.setItemNumber.dwr HTTP/1.1" 200 78
116.230.77.149 - - [22/Jun/2020:08:41:24 +0800] "POST /xingrg/dwr/call/plaincall/AjaxCheckService.setItemNumber.dwr HTTP/1.1" 200 78
61.172.5.115 - - [22/Jun/2020:08:41:24 +0800] "GET /xingrg/all/function/internal_message.html?_=1592786484021&CODE_STATE=getMsg HTTP/1.1" 200 27
116.230.77.149 - - [22/Jun/2020:08:41:24 +0800] "POST /xingrg/dwr/call/plaincall/AjaxCheckService.setItemNumber.dwr HTTP/1.1" 200 78
101.228.167.227 - - [22/Jun/2020:08:41:25 +0800] "POST /xingrg/kc/buy/cgsh_order_operate.html HTTP/1.1" 200 2065
116.230.77.149 - - [22/Jun/2020:08:41:25 +0800] "POST /xingrg/dwr/call/plaincall/AjaxCheckService.setItemNumber.dwr HTTP/1.1" 200 78
61.129.6.227 - - [22/Jun/2020:08:41:25 +0800] "GET /xingrg/all/function/internal_message.html?_=1592786258389&CODE_STATE=getMsg HTTP/1.1" 302 -
116.230.77.149 - - [22/Jun/2020:08:41:27 +0800] "POST /xingrg/dwr/call/plaincall/AjaxCheckService.setItemNumber.dwr HTTP/1.1" 200 78
101.228.167.227 - - [22/Jun/2020:08:41:27 +0800] "GET /xingrg/all/function/internal_message.html?_=1592786488647&CODE_STATE=getMsg HTTP/1.1" 200 27
116.230.77.149 - - [22/Jun/2020:08:41:30 +0800] "POST /xingrg/dwr/call/plaincall/AjaxCheckService.setItemNumber.dwr HTTP/1.1" 200 78
101.228.167.227 - - [22/Jun/2020:08:41:31 +0800] "GET /xingrg/kc/buy/cgsh_order_operate.html?command=get_materiel&rest_code=00146&code=00101008201&supplier_code=00100005&order_time=2020-06-22 HTTP/1.1" 200 412
116.230.77.149 - - [22/Jun/2020:08:41:31 +0800] "POST /xingrg/dwr/call/plaincall/AjaxCheckService.setItemNumber.dwr HTTP/1.1" 200 78
116.230.77.149 - - [22/Jun/2020:08:41:33 +0800] "POST /xingrg/dwr/call/plaincall/AjaxCheckService.setItemNumber.dwr HTTP/1.1" 200 78
116.230.77.149 - - [22/Jun/2020:08:41:33 +0800] "POST /xingrg/dwr/call/plaincall/AjaxCheckService.setItemNumber.dwr HTTP/1.1" 200 78
116.230.77.149 - - [22/Jun/2020:08:41:34 +0800] "POST /xingrg/dwr/call/plaincall/AjaxCheckService.setItemNumber.dwr HTTP/1.1" 200 78
61.129.6.227 - - [22/Jun/2020:08:41:34 +0800] "GET /xingrg/login.html HTTP/1.1" 200 7641
116.230.77.149 - - [22/Jun/2020:08:41:35 +0800] "POST /xingrg/dwr/call/plaincall/AjaxCheckService.setItemNumber.dwr HTTP/1.1" 200 78
116.230.77.149 - - [22/Jun/2020:08:41:35 +0800] "POST /xingrg/dwr/call/plaincall/AjaxCheckService.setItemNumber.dwr HTTP/1.1" 200 78
116.230.77.149 - - [22/Jun/2020:08:41:36 +0800] "POST /xingrg/dwr/call/plaincall/AjaxCheckService.setItemNumber.dwr HTTP/1.1" 200 78
116.230.77.149 - - [22/Jun/2020:08:41:36 +0800] "POST /xingrg/dwr/call/plaincall/AjaxCheckService.setItemNumber.dwr HTTP/1.1" 200 78
116.230.77.149 - - [22/Jun/2020:08:41:37 +0800] "POST /xingrg/dwr/call/plaincall/AjaxCheckService.setItemNumber.dwr HTTP/1.1" 200 78
114.84.151.157 - - [22/Jun/2020:08:41:37 +0800] "GET /xingrg/all/function/internal_message.html?_=1592786498291&CODE_STATE=getMsg HTTP/1.1" 200 27
116.230.77.149 - - [22/Jun/2020:08:41:37 +0800] "POST /xingrg/dwr/call/plaincall/AjaxCheckService.setItemNumber.dwr HTTP/1.1" 200 78
116.230.77.149 - - [22/Jun/2020:08:41:38 +0800] "POST /xingrg/dwr/call/plaincall/AjaxCheckService.setItemNumber.dwr HTTP/1.1" 200 78
116.230.77.149 - - [22/Jun/2020:08:41:39 +0800] "POST /xingrg/dwr/call/plaincall/AjaxCheckService.setItemNumber.dwr HTTP/1.1" 200 78
116.230.77.149 - - [22/Jun/2020:08:41:39 +0800] "GET /xingrg/check_reg.html?_=1592786499795 HTTP/1.1" 200 22
116.230.77.149 - - [22/Jun/2020:08:41:39 +0800] "GET /xingrg/all/function/internal_message.html?_=1592786499797&CODE_STATE=getMsg HTTP/1.1" 200 27
101.228.167.227 - - [22/Jun/2020:08:41:39 +0800] "GET /xingrg/kc/buy/cgsh_order_operate.html?command=get_materiel&rest_code=00146&code=00101008175&supplier_code=00100005&order_time=2020-06-22 HTTP/1.1" 200 412
116.230.77.149 - - [22/Jun/2020:08:41:39 +0800] "POST /xingrg/dwr/call/plaincall/AjaxCheckService.setItemNumber.dwr HTTP/1.1" 200 78
116.230.77.149 - - [22/Jun/2020:08:41:40 +0800] "POST /xingrg/dwr/call/plaincall/AjaxCheckService.setItemNumber.dwr HTTP/1.1" 200 78
116.230.77.149 - - [22/Jun/2020:08:41:41 +0800] "POST /xingrg/dwr/call/plaincall/AjaxCheckService.setItemNumber.dwr HTTP/1.1" 200 78
116.230.77.149 - - [22/Jun/2020:08:41:42 +0800] "POST /xingrg/dwr/call/plaincall/AjaxCheckService.setItemNumber.dwr HTTP/1.1" 200 78
116.230.77.149 - - [22/Jun/2020:08:41:43 +0800] "POST /xingrg/dwr/call/plaincall/AjaxCheckService.setItemNumber.dwr HTTP/1.1" 200 78
116.230.77.149 - - [22/Jun/2020:08:41:45 +0800] "POST /xingrg/dwr/call/plaincall/AjaxCheckService.setItemNumber.dwr HTTP/1.1" 200 78
116.230.77.149 - - [22/Jun/2020:08:41:46 +0800] "POST /xingrg/dwr/call/plaincall/AjaxCheckService.setItemNumber.dwr HTTP/1.1" 200 78
101.228.167.227 - - [22/Jun/2020:08:41:46 +0800] "GET /xingrg/all/function/internal_message.html?_=1592786507354&CODE_STATE=getMsg HTTP/1.1" 200 27
116.230.77.149 - - [22/Jun/2020:08:41:47 +0800] "POST /xingrg/dwr/call/plaincall/AjaxCheckService.setItemNumber.dwr HTTP/1.1" 200 78
114.88.170.9 - - [22/Jun/2020:08:41:47 +0800] "POST /xingrg/dwr/call/plaincall/AjaxCheckService.setItemNumber.dwr HTTP/1.1" 200 78
116.230.77.149 - - [22/Jun/2020:08:41:47 +0800] "POST /xingrg/dwr/call/plaincall/AjaxCheckService.setItemNumber.dwr HTTP/1.1" 200 78
116.230.77.149 - - [22/Jun/2020:08:41:48 +0800] "POST /xingrg/dwr/call/plaincall/AjaxCheckService.setItemNumber.dwr HTTP/1.1" 200 78
101.228.167.227 - - [22/Jun/2020:08:41:48 +0800] "GET /xingrg/kc/buy/cgsh_order_operate.html?command=get_materiel&rest_code=00146&code=00101008168&supplier_code=00100005&order_time=2020-06-22 HTTP/1.1" 200 413
116.230.77.149 - - [22/Jun/2020:08:41:48 +0800] "POST /xingrg/dwr/call/plaincall/AjaxCheckService.setItemNumber.dwr HTTP/1.1" 200 78
116.230.77.149 - - [22/Jun/2020:08:41:49 +0800] "POST /xingrg/dwr/call/plaincall/AjaxCheckService.setItemNumber.dwr HTTP/1.1" 200 78
116.230.77.149 - - [22/Jun/2020:08:41:50 +0800] "POST /xingrg/dwr/call/plaincall/AjaxCheckService.setItemNumber.dwr HTTP/1.1" 200 78
114.88.170.9 - - [22/Jun/2020:08:41:51 +0800] "GET /xingrg/all/function/internal_message.html?_=1592786509549&CODE_STATE=getMsg HTTP/1.1" 200 27
114.89.80.44 - - [22/Jun/2020:08:41:51 +0800] "GET /xingrg/all/function/internal_message.html?_=1592786637168&CODE_STATE=getMsg HTTP/1.1" 200 27
116.230.77.149 - - [22/Jun/2020:08:41:54 +0800] "POST /xingrg/dwr/call/plaincall/AjaxCheckService.setItemNumber.dwr HTTP/1.1" 200 78
101.81.138.217 - - [22/Jun/2020:08:41:54 +0800] "GET /xingrg/logout.do HTTP/1.1" 302 -
101.81.138.217 - - [22/Jun/2020:08:41:54 +0800] "GET /xingrg/login_supplier.html?sysBaseUrl=http%3A%2F%2F180.169.147.146%3A18081%2Fxingrg%2F&costTime=0×tamp=1592786514589 HTTP/1.1" 200 3208
101.81.138.217 - - [22/Jun/2020:08:41:54 +0800] "GET /favicon.ico HTTP/1.1" 404 -
116.230.77.149 - - [22/Jun/2020:08:41:55 +0800] "POST /xingrg/dwr/call/plaincall/AjaxCheckService.setItemNumber.dwr HTTP/1.1" 200 78
114.88.170.9 - - [22/Jun/2020:08:41:55 +0800] "POST /xingrg/dwr/call/plaincall/AjaxCheckService.setItemNumber.dwr HTTP/1.1" 200 78
116.230.77.149 - - [22/Jun/2020:08:41:56 +0800] "POST /xingrg/dwr/call/plaincall/AjaxCheckService.setItemNumber.dwr HTTP/1.1" 200 78
114.88.170.9 - - [22/Jun/2020:08:41:57 +0800] "POST /xingrg/dwr/call/plaincall/AjaxCheckService.setItemNumber.dwr HTTP/1.1" 200 78
116.230.77.149 - - [22/Jun/2020:08:41:57 +0800] "POST /xingrg/dwr/call/plaincall/AjaxCheckService.setItemNumber.dwr HTTP/1.1" 200 78
114.88.170.9 - - [22/Jun/2020:08:41:57 +0800] "POST /xingrg/dwr/call/plaincall/AjaxCheckService.setItemNumber.dwr HTTP/1.1" 200 78
101.228.167.227 - - [22/Jun/2020:08:41:57 +0800] "GET /xingrg/kc/buy/cgsh_order_operate.html?command=get_materiel&rest_code=00146&code=00101008061&supplier_code=00100005&order_time=2020-06-22 HTTP/1.1" 200 422
114.84.151.157 - - [22/Jun/2020:08:41:58 +0800] "GET /xingrg/check_reg.html?_=1592786518885 HTTP/1.1" 200 22
114.88.170.9 - - [22/Jun/2020:08:41:58 +0800] "POST /xingrg/dwr/call/plaincall/AjaxCheckService.setItemNumber.dwr HTTP/1.1" 200 78
116.230.77.149 - - [22/Jun/2020:08:41:58 +0800] "POST /xingrg/dwr/call/plaincall/AjaxCheckService.setItemNumber.dwr HTTP/1.1" 200 78
114.88.170.9 - - [22/Jun/2020:08:41:58 +0800] "POST /xingrg/dwr/call/plaincall/AjaxCheckService.setItemNumber.dwr HTTP/1.1" 200 78
114.88.170.9 - - [22/Jun/2020:08:41:58 +0800] "POST /xingrg/dwr/call/plaincall/AjaxCheckService.setItemNumber.dwr HTTP/1.1" 200 78
114.88.170.9 - - [22/Jun/2020:08:41:59 +0800] "POST /xingrg/dwr/call/plaincall/AjaxCheckService.setItemNumber.dwr HTTP/1.1" 200 78
114.88.170.9 - - [22/Jun/2020:08:41:59 +0800] "POST /xingrg/dwr/call/plaincall/AjaxCheckService.setItemNumber.dwr HTTP/1.1" 200 78
116.230.77.149 - - [22/Jun/2020:08:41:59 +0800] "POST /xingrg/dwr/call/plaincall/AjaxCheckService.setItemNumber.dwr HTTP/1.1" 200 78
114.88.170.9 - - [22/Jun/2020:08:42:00 +0800] "POST /xingrg/dwr/call/plaincall/AjaxCheckService.setItemNumber.dwr HTTP/1.1" 200 78
114.88.170.9 - - [22/Jun/2020:08:42:00 +0800] "POST /xingrg/dwr/call/plaincall/AjaxCheckService.setItemNumber.dwr HTTP/1.1" 200 78
120.253.135.82 - - [22/Jun/2020:08:42:00 +0800] "GET /xingrg/all/function/internal_message.html?_=1592786276156&CODE_STATE=getMsg HTTP/1.1" 200 27
114.88.170.9 - - [22/Jun/2020:08:42:00 +0800] "POST /xingrg/dwr/call/plaincall/AjaxCheckService.setItemNumber.dwr HTTP/1.1" 200 78
114.88.170.9 - - [22/Jun/2020:08:42:01 +0800] "POST /xingrg/dwr/call/plaincall/AjaxCheckService.setItemNumber.dwr HTTP/1.1" 200 78
114.88.170.9 - - [22/Jun/2020:08:42:01 +0800] "POST /xingrg/dwr/call/plaincall/AjaxCheckService.setItemNumber.dwr HTTP/1.1" 200 78
101.81.138.217 - - [22/Jun/2020:08:42:01 +0800] "POST /xingrg/login_supplier.html HTTP/1.1" 302 -
101.81.138.217 - - [22/Jun/2020:08:42:01 +0800] "GET /xingrg/supplier_index.html?sysBaseUrl=http%3A%2F%2F180.169.147.146%3A18081%2Fxingrg%2F&costTime=16×tamp=1592786521715 HTTP/1.1" 200 9061
101.81.138.217 - - [22/Jun/2020:08:42:01 +0800] "GET /favicon.ico HTTP/1.1" 404 -
114.88.170.9 - - [22/Jun/2020:08:42:01 +0800] "POST /xingrg/dwr/call/plaincall/AjaxCheckService.setItemNumber.dwr HTTP/1.1" 200 78
101.81.138.217 - - [22/Jun/2020:08:42:03 +0800] "GET /xingrg/supplier/cgsh_order_list.html HTTP/1.1" 200 10896
114.88.170.9 - - [22/Jun/2020:08:42:03 +0800] "POST /xingrg/dwr/call/plaincall/AjaxCheckService.setItemNumber.dwr HTTP/1.1" 200 78
101.81.138.217 - - [22/Jun/2020:08:42:04 +0800] "POST /xingrg/supplier/cgsh_list_operate.html HTTP/1.1" 200 6139
114.88.170.9 - - [22/Jun/2020:08:42:04 +0800] "POST /xingrg/dwr/call/plaincall/AjaxCheckService.setItemNumber.dwr HTTP/1.1" 200 78
114.88.170.9 - - [22/Jun/2020:08:42:04 +0800] "POST /xingrg/dwr/call/plaincall/AjaxCheckService.setItemNumber.dwr HTTP/1.1" 200 78
114.88.170.9 - - [22/Jun/2020:08:42:05 +0800] "POST /xingrg/dwr/call/plaincall/AjaxCheckService.setItemNumber.dwr HTTP/1.1" 200 78
114.88.170.9 - - [22/Jun/2020:08:42:05 +0800] "POST /xingrg/dwr/call/plaincall/AjaxCheckService.setItemNumber.dwr HTTP/1.1" 200 78
101.228.167.227 - - [22/Jun/2020:08:42:06 +0800] "GET /xingrg/kc/buy/cgsh_order_operate.html?command=get_materiel&rest_code=00146&code=00101015038&supplier_code=00100005&order_time=2020-06-22 HTTP/1.1" 200 418
101.81.138.217 - - [22/Jun/2020:08:42:06 +0800] "GET /xingrg/javascript/jquery_tools/images/prev.gif HTTP/1.1" 404 1086
101.81.138.217 - - [22/Jun/2020:08:42:06 +0800] "GET /xingrg/javascript/jquery_tools/images/next.gif HTTP/1.1" 404 1086
114.88.170.9 - - [22/Jun/2020:08:42:06 +0800] "POST /xingrg/dwr/call/plaincall/AjaxCheckService.setItemNumber.dwr HTTP/1.1" 200 78
114.88.170.9 - - [22/Jun/2020:08:42:06 +0800] "POST /xingrg/dwr/call/plaincall/AjaxCheckService.setItemNumber.dwr HTTP/1.1" 200 78
114.88.170.9 - - [22/Jun/2020:08:42:07 +0800] "POST /xingrg/dwr/call/plaincall/AjaxCheckService.setItemNumber.dwr HTTP/1.1" 200 78
114.88.170.9 - - [22/Jun/2020:08:42:07 +0800] "POST /xingrg/dwr/call/plaincall/AjaxCheckService.setItemNumber.dwr HTTP/1.1" 200 78
114.88.170.9 - - [22/Jun/2020:08:42:07 +0800] "POST /xingrg/dwr/call/plaincall/AjaxCheckService.setItemNumber.dwr HTTP/1.1" 200 78
114.88.170.9 - - [22/Jun/2020:08:42:08 +0800] "POST /xingrg/dwr/call/plaincall/AjaxCheckService.setItemNumber.dwr HTTP/1.1" 200 78
114.88.170.9 - - [22/Jun/2020:08:42:09 +0800] "POST /xingrg/dwr/call/plaincall/AjaxCheckService.setItemNumber.dwr HTTP/1.1" 200 78
101.228.167.227 - - [22/Jun/2020:08:42:09 +0800] "POST /xingrg/kc/buy/cgsh_order_operate.html HTTP/1.1" 200 2065
114.88.170.9 - - [22/Jun/2020:08:42:09 +0800] "POST /xingrg/dwr/call/plaincall/AjaxCheckService.setItemNumber.dwr HTTP/1.1" 200 78
114.88.170.9 - - [22/Jun/2020:08:42:10 +0800] "POST /xingrg/dwr/call/plaincall/AjaxCheckService.setItemNumber.dwr HTTP/1.1" 200 78
114.88.170.9 - - [22/Jun/2020:08:42:11 +0800] "GET /xingrg/all/function/internal_message.html?_=1592786545592&CODE_STATE=getMsg HTTP/1.1" 200 27
114.88.170.9 - - [22/Jun/2020:08:42:12 +0800] "POST /xingrg/dwr/call/plaincall/AjaxCheckService.setItemNumber.dwr HTTP/1.1" 200 78
114.86.190.97 - - [22/Jun/2020:08:42:13 +0800] "GET /xingrg/all/function/internal_message.html?_=1592786534495&CODE_STATE=getMsg HTTP/1.1" 200 27
101.81.138.217 - - [22/Jun/2020:08:42:14 +0800] "GET /xingrg/javascript/easyui/themes/default/tree.css HTTP/1.1" 404 1090
101.81.138.217 - - [22/Jun/2020:08:42:14 +0800] "POST /xingrg/all/common/load_tree.html?tree=area_rest_tree_json HTTP/1.1" 200 3088
101.228.167.227 - - [22/Jun/2020:08:42:15 +0800] "GET /xingrg/kc/buy/cgsh_order_operate.html?command=get_materiel&rest_code=00146&code=00101008102&supplier_code=00100005&order_time=2020-06-22 HTTP/1.1" 200 412
61.172.5.115 - - [22/Jun/2020:08:42:17 +0800] "GET /xingrg/all/function/internal_message.html?_=1592786530108&CODE_STATE=getMsg HTTP/1.1" 200 27
101.81.138.217 - - [22/Jun/2020:08:42:17 +0800] "POST /xingrg/supplier/cgsh_list_operate.html HTTP/1.1" 200 928
116.230.77.149 - - [22/Jun/2020:08:42:20 +0800] "POST /xingrg/dwr/call/plaincall/AjaxCheckService.setItemNumber.dwr HTTP/1.1" 200 78
116.230.77.149 - - [22/Jun/2020:08:42:21 +0800] "POST /xingrg/dwr/call/plaincall/AjaxCheckService.setItemNumber.dwr HTTP/1.1" 200 78
116.230.77.149 - - [22/Jun/2020:08:42:21 +0800] "POST /xingrg/dwr/call/plaincall/AjaxCheckService.setItemNumber.dwr HTTP/1.1" 200 78
114.86.190.97 - - [22/Jun/2020:08:42:22 +0800] "GET /xingrg/kc/buy/cgsh_order_operate.html?command=get_materiel&rest_code=00148&code=00101008356&supplier_code=00100007&order_time=2020-06-22 HTTP/1.1" 200 408
116.230.77.149 - - [22/Jun/2020:08:42:22 +0800] "POST /xingrg/dwr/call/plaincall/AjaxCheckService.setItemNumber.dwr HTTP/1.1" 200 78
116.230.77.149 - - [22/Jun/2020:08:42:23 +0800] "POST /xingrg/dwr/call/plaincall/AjaxCheckService.setItemNumber.dwr HTTP/1.1" 200 78
116.230.77.149 - - [22/Jun/2020:08:42:23 +0800] "POST /xingrg/dwr/call/plaincall/AjaxCheckService.setItemNumber.dwr HTTP/1.1" 200 78
116.230.77.149 - - [22/Jun/2020:08:42:24 +0800] "POST /xingrg/dwr/call/plaincall/AjaxCheckService.setItemNumber.dwr HTTP/1.1" 200 78
61.172.5.115 - - [22/Jun/2020:08:42:24 +0800] "GET /xingrg/all/function/internal_message.html?_=1592786544006&CODE_STATE=getMsg HTTP/1.1" 200 27
116.230.77.149 - - [22/Jun/2020:08:42:24 +0800] "POST /xingrg/dwr/call/plaincall/AjaxCheckService.setItemNumber.dwr HTTP/1.1" 200 78
116.230.77.149 - - [22/Jun/2020:08:42:25 +0800] "POST /xingrg/dwr/call/plaincall/AjaxCheckService.setItemNumber.dwr HTTP/1.1" 200 78
116.230.77.149 - - [22/Jun/2020:08:42:26 +0800] "POST /xingrg/dwr/call/plaincall/AjaxCheckService.setItemNumber.dwr HTTP/1.1" 200 78
116.230.77.149 - - [22/Jun/2020:08:42:26 +0800] "POST /xingrg/dwr/call/plaincall/AjaxCheckService.setItemNumber.dwr HTTP/1.1" 200 78
116.230.77.149 - - [22/Jun/2020:08:42:27 +0800] "POST /xingrg/dwr/call/plaincall/AjaxCheckService.setItemNumber.dwr HTTP/1.1" 200 78
101.228.167.227 - - [22/Jun/2020:08:42:27 +0800] "GET /xingrg/all/function/internal_message.html?_=1592786548660&CODE_STATE=getMsg HTTP/1.1" 200 27
116.230.77.149 - - [22/Jun/2020:08:42:27 +0800] "POST /xingrg/dwr/call/plaincall/AjaxCheckService.setItemNumber.dwr HTTP/1.1" 200 78
116.230.77.149 - - [22/Jun/2020:08:42:28 +0800] "POST /xingrg/dwr/call/plaincall/AjaxCheckService.setItemNumber.dwr HTTP/1.1" 200 78
116.230.77.149 - - [22/Jun/2020:08:42:28 +0800] "POST /xingrg/dwr/call/plaincall/AjaxCheckService.setItemNumber.dwr HTTP/1.1" 200 78
114.86.190.97 - - [22/Jun/2020:08:42:29 +0800] "GET /xingrg/kc/buy/cgsh_order_operate.html?command=get_materiel&rest_code=00148&code=00101008353&supplier_code=00100007&order_time=2020-06-22 HTTP/1.1" 200 408
116.230.77.149 - - [22/Jun/2020:08:42:29 +0800] "POST /xingrg/dwr/call/plaincall/AjaxCheckService.setItemNumber.dwr HTTP/1.1" 200 78
116.230.77.149 - - [22/Jun/2020:08:42:29 +0800] "POST /xingrg/dwr/call/plaincall/AjaxCheckService.setItemNumber.dwr HTTP/1.1" 200 78
116.230.77.149 - - [22/Jun/2020:08:42:30 +0800] "POST /xingrg/dwr/call/plaincall/AjaxCheckService.setItemNumber.dwr HTTP/1.1" 200 78
116.230.77.149 - - [22/Jun/2020:08:42:31 +0800] "POST /xingrg/dwr/call/plaincall/AjaxCheckService.setItemNumber.dwr HTTP/1.1" 200 78
116.230.77.149 - - [22/Jun/2020:08:42:31 +0800] "POST /xingrg/dwr/call/plaincall/AjaxCheckService.setItemNumber.dwr HTTP/1.1" 200 78
116.230.77.149 - - [22/Jun/2020:08:42:32 +0800] "POST /xingrg/dwr/call/plaincall/AjaxCheckService.setItemNumber.dwr HTTP/1.1" 200 78
116.230.77.149 - - [22/Jun/2020:08:42:32 +0800] "POST /xingrg/dwr/call/plaincall/AjaxCheckService.setItemNumber.dwr HTTP/1.1" 200 78
116.230.77.149 - - [22/Jun/2020:08:42:33 +0800] "POST /xingrg/dwr/call/plaincall/AjaxCheckService.setItemNumber.dwr HTTP/1.1" 200 78
116.230.77.149 - - [22/Jun/2020:08:42:33 +0800] "POST /xingrg/dwr/call/plaincall/AjaxCheckService.setItemNumber.dwr HTTP/1.1" 200 78
116.230.77.149 - - [22/Jun/2020:08:42:34 +0800] "POST /xingrg/dwr/call/plaincall/AjaxCheckService.setItemNumber.dwr HTTP/1.1" 200 78
116.230.77.149 - - [22/Jun/2020:08:42:34 +0800] "POST /xingrg/dwr/call/plaincall/AjaxCheckService.setItemNumber.dwr HTTP/1.1" 200 78
116.230.77.149 - - [22/Jun/2020:08:42:35 +0800] "POST /xingrg/dwr/call/plaincall/AjaxCheckService.setItemNumber.dwr HTTP/1.1" 200 78
116.230.77.149 - - [22/Jun/2020:08:42:35 +0800] "POST /xingrg/dwr/call/plaincall/AjaxCheckService.setItemNumber.dwr HTTP/1.1" 200 78
116.230.77.149 - - [22/Jun/2020:08:42:36 +0800] "POST /xingrg/dwr/call/plaincall/AjaxCheckService.setItemNumber.dwr HTTP/1.1" 200 78
116.230.77.149 - - [22/Jun/2020:08:42:37 +0800] "POST /xingrg/dwr/call/plaincall/AjaxCheckService.setItemNumber.dwr HTTP/1.1" 200 78
114.84.151.157 - - [22/Jun/2020:08:42:37 +0800] "GET /xingrg/all/function/internal_message.html?_=1592786558272&CODE_STATE=getMsg HTTP/1.1" 200 27
116.230.77.149 - - [22/Jun/2020:08:42:37 +0800] "POST /xingrg/dwr/call/plaincall/AjaxCheckService.setItemNumber.dwr HTTP/1.1" 200 78
116.230.77.149 - - [22/Jun/2020:08:42:38 +0800] "POST /xingrg/dwr/call/plaincall/AjaxCheckService.setItemNumber.dwr HTTP/1.1" 200 78
116.230.77.149 - - [22/Jun/2020:08:42:38 +0800] "POST /xingrg/dwr/call/plaincall/AjaxCheckService.setItemNumber.dwr HTTP/1.1" 200 78
116.230.77.149 - - [22/Jun/2020:08:42:39 +0800] "GET /xingrg/all/function/internal_message.html?_=1592786559830&CODE_STATE=getMsg HTTP/1.1" 200 27
116.230.77.149 - - [22/Jun/2020:08:42:39 +0800] "POST /xingrg/dwr/call/plaincall/AjaxCheckService.setItemNumber.dwr HTTP/1.1" 200 78
101.228.167.227 - - [22/Jun/2020:08:42:39 +0800] "GET /xingrg/kc/buy/cgsh_order_operate.html?command=get_materiel&rest_code=00146&code=00101008362&supplier_code=00100005&order_time=2020-06-22 HTTP/1.1" 200 408
116.230.77.149 - - [22/Jun/2020:08:42:39 +0800] "POST /xingrg/dwr/call/plaincall/AjaxCheckService.setItemNumber.dwr HTTP/1.1" 200 78
116.230.77.149 - - [22/Jun/2020:08:42:40 +0800] "POST /xingrg/dwr/call/plaincall/AjaxCheckService.setItemNumber.dwr HTTP/1.1" 200 78
116.230.77.149 - - [22/Jun/2020:08:42:40 +0800] "POST /xingrg/dwr/call/plaincall/AjaxCheckService.setItemNumber.dwr HTTP/1.1" 200 78
116.230.77.149 - - [22/Jun/2020:08:42:41 +0800] "POST /xingrg/dwr/call/plaincall/AjaxCheckService.setItemNumber.dwr HTTP/1.1" 200 78
116.230.77.149 - - [22/Jun/2020:08:42:41 +0800] "POST /xingrg/dwr/call/plaincall/AjaxCheckService.setItemNumber.dwr HTTP/1.1" 200 78
114.86.190.97 - - [22/Jun/2020:08:42:42 +0800] "GET /xingrg/kc/buy/cgsh_order_operate.html?command=get_materiel&rest_code=00148&code=00101008185&supplier_code=00100007&order_time=2020-06-22 HTTP/1.1" 200 408
116.230.77.149 - - [22/Jun/2020:08:42:42 +0800] "POST /xingrg/dwr/call/plaincall/AjaxCheckService.setItemNumber.dwr HTTP/1.1" 200 78
101.228.167.227 - - [22/Jun/2020:08:42:46 +0800] "GET /xingrg/all/function/internal_message.html?_=1592786567359&CODE_STATE=getMsg HTTP/1.1" 200 27
114.86.190.97 - - [22/Jun/2020:08:42:48 +0800] "GET /xingrg/kc/buy/cgsh_order_operate.html?command=get_materiel&rest_code=00148&code=00101008296&supplier_code=00100007&order_time=2020-06-22 HTTP/1.1" 200 416
116.230.77.149 - - [22/Jun/2020:08:42:50 +0800] "POST /xingrg/dwr/call/plaincall/AjaxCheckService.setItemNumber.dwr HTTP/1.1" 200 78
116.230.77.149 - - [22/Jun/2020:08:42:51 +0800] "POST /xingrg/dwr/call/plaincall/AjaxCheckService.setItemNumber.dwr HTTP/1.1" 200 78
114.88.170.9 - - [22/Jun/2020:08:42:51 +0800] "GET /xingrg/all/function/internal_message.html?_=1592786569622&CODE_STATE=getMsg HTTP/1.1" 200 27
114.89.80.44 - - [22/Jun/2020:08:42:51 +0800] "GET /xingrg/all/function/internal_message.html?_=1592786697185&CODE_STATE=getMsg HTTP/1.1" 200 27
116.230.77.149 - - [22/Jun/2020:08:42:52 +0800] "POST /xingrg/dwr/call/plaincall/AjaxCheckService.setItemNumber.dwr HTTP/1.1" 200 78
116.230.77.149 - - [22/Jun/2020:08:42:53 +0800] "POST /xingrg/dwr/call/plaincall/AjaxCheckService.setItemNumber.dwr HTTP/1.1" 200 78
116.230.77.149 - - [22/Jun/2020:08:42:53 +0800] "POST /xingrg/dwr/call/plaincall/AjaxCheckService.setItemNumber.dwr HTTP/1.1" 200 78
116.230.77.149 - - [22/Jun/2020:08:42:56 +0800] "POST /xingrg/dwr/call/plaincall/AjaxCheckService.setItemNumber.dwr HTTP/1.1" 200 78
116.230.77.149 - - [22/Jun/2020:08:42:57 +0800] "POST /xingrg/dwr/call/plaincall/AjaxCheckService.setItemNumber.dwr HTTP/1.1" 200 78
116.230.77.149 - - [22/Jun/2020:08:42:57 +0800] "POST /xingrg/dwr/call/plaincall/AjaxCheckService.setItemNumber.dwr HTTP/1.1" 200 78
116.230.77.149 - - [22/Jun/2020:08:42:58 +0800] "POST /xingrg/dwr/call/plaincall/AjaxCheckService.setItemNumber.dwr HTTP/1.1" 200 78
116.230.77.149 - - [22/Jun/2020:08:42:58 +0800] "POST /xingrg/dwr/call/plaincall/AjaxCheckService.setItemNumber.dwr HTTP/1.1" 200 78
116.230.77.149 - - [22/Jun/2020:08:42:59 +0800] "POST /xingrg/dwr/call/plaincall/AjaxCheckService.setItemNumber.dwr HTTP/1.1" 200 78
116.230.77.149 - - [22/Jun/2020:08:42:59 +0800] "POST /xingrg/dwr/call/plaincall/AjaxCheckService.setItemNumber.dwr HTTP/1.1" 200 78
116.230.77.149 - - [22/Jun/2020:08:43:00 +0800] "POST /xingrg/dwr/call/plaincall/AjaxCheckService.setItemNumber.dwr HTTP/1.1" 200 78
101.228.167.227 - - [22/Jun/2020:08:43:00 +0800] "GET /xingrg/kc/buy/cgsh_order_operate.html?command=get_materiel&rest_code=00146&code=00101008283&supplier_code=00100005&order_time=2020-06-22 HTTP/1.1" 200 408
116.230.77.149 - - [22/Jun/2020:08:43:00 +0800] "POST /xingrg/dwr/call/plaincall/AjaxCheckService.setItemNumber.dwr HTTP/1.1" 200 78
120.253.135.82 - - [22/Jun/2020:08:43:00 +0800] "GET /xingrg/all/function/internal_message.html?_=1592786336163&CODE_STATE=getMsg HTTP/1.1" 200 27
116.230.77.149 - - [22/Jun/2020:08:43:01 +0800] "POST /xingrg/dwr/call/plaincall/AjaxCheckService.setItemNumber.dwr HTTP/1.1" 200 78
116.230.77.149 - - [22/Jun/2020:08:43:01 +0800] "POST /xingrg/dwr/call/plaincall/AjaxCheckService.setItemNumber.dwr HTTP/1.1" 200 78
116.230.77.149 - - [22/Jun/2020:08:43:02 +0800] "POST /xingrg/dwr/call/plaincall/AjaxCheckService.setItemNumber.dwr HTTP/1.1" 200 78
116.230.77.149 - - [22/Jun/2020:08:43:02 +0800] "POST /xingrg/dwr/call/plaincall/AjaxCheckService.setItemNumber.dwr HTTP/1.1" 200 78
114.89.80.44 - - [22/Jun/2020:08:43:03 +0800] "GET /xingrg/check_reg.html?_=1592786582845 HTTP/1.1" 200 22
116.230.77.149 - - [22/Jun/2020:08:43:03 +0800] "POST /xingrg/dwr/call/plaincall/AjaxCheckService.setItemNumber.dwr HTTP/1.1" 200 78
116.230.77.149 - - [22/Jun/2020:08:43:04 +0800] "POST /xingrg/dwr/call/plaincall/AjaxCheckService.setItemNumber.dwr HTTP/1.1" 200 78
101.228.167.227 - - [22/Jun/2020:08:43:04 +0800] "POST /xingrg/kc/buy/cgsh_order_operate.html HTTP/1.1" 200 2065
116.230.77.149 - - [22/Jun/2020:08:43:04 +0800] "POST /xingrg/dwr/call/plaincall/AjaxCheckService.setItemNumber.dwr HTTP/1.1" 200 78
116.230.77.149 - - [22/Jun/2020:08:43:05 +0800] "POST /xingrg/dwr/call/plaincall/AjaxCheckService.setItemNumber.dwr HTTP/1.1" 200 78
116.230.77.149 - - [22/Jun/2020:08:43:05 +0800] "POST /xingrg/dwr/call/plaincall/AjaxCheckService.setItemNumber.dwr HTTP/1.1" 200 78
116.230.77.149 - - [22/Jun/2020:08:43:06 +0800] "POST /xingrg/dwr/call/plaincall/AjaxCheckService.setItemNumber.dwr HTTP/1.1" 200 78
116.230.77.149 - - [22/Jun/2020:08:43:06 +0800] "POST /xingrg/dwr/call/plaincall/AjaxCheckService.setItemNumber.dwr HTTP/1.1" 200 78
116.230.77.149 - - [22/Jun/2020:08:43:07 +0800] "POST /xingrg/dwr/call/plaincall/AjaxCheckService.setItemNumber.dwr HTTP/1.1" 200 78
116.230.77.149 - - [22/Jun/2020:08:43:07 +0800] "POST /xingrg/dwr/call/plaincall/AjaxCheckService.setItemNumber.dwr HTTP/1.1" 200 78
116.230.77.149 - - [22/Jun/2020:08:43:08 +0800] "POST /xingrg/dwr/call/plaincall/AjaxCheckService.setItemNumber.dwr HTTP/1.1" 200 78
116.230.77.149 - - [22/Jun/2020:08:43:09 +0800] "POST /xingrg/dwr/call/plaincall/AjaxCheckService.setItemNumber.dwr HTTP/1.1" 200 78
114.88.170.9 - - [22/Jun/2020:08:43:09 +0800] "GET /xingrg/kc/base/check_order_info.html?code=452020062100261 HTTP/1.1" 200 26444
114.88.170.9 - - [22/Jun/2020:08:43:09 +0800] "GET /xingrg/dwr/interface/AjaxCheckService.js HTTP/1.1" 200 14003
114.88.170.9 - - [22/Jun/2020:08:43:09 +0800] "GET /xingrg/dwr/interface/AjaxComOrderService.js HTTP/1.1" 200 18264
114.88.170.9 - - [22/Jun/2020:08:43:09 +0800] "GET /xingrg/dwr/engine.js HTTP/1.1" 200 43631
116.230.77.149 - - [22/Jun/2020:08:43:10 +0800] "POST /xingrg/dwr/call/plaincall/AjaxCheckService.setItemNumber.dwr HTTP/1.1" 200 78
101.228.167.227 - - [22/Jun/2020:08:43:11 +0800] "GET /xingrg/kc/buy/cgsh_order_operate.html?command=get_materiel&rest_code=00146&code=00101008350&supplier_code=00100005&order_time=2020-06-22 HTTP/1.1" 200 408
116.230.77.149 - - [22/Jun/2020:08:43:12 +0800] "POST /xingrg/dwr/call/plaincall/AjaxCheckService.setItemNumber.dwr HTTP/1.1" 200 78
114.88.170.9 - - [22/Jun/2020:08:43:12 +0800] "GET /xingrg/all/function/internal_message.html?_=1592786606281&CODE_STATE=getMsg HTTP/1.1" 200 27
114.88.170.9 - - [22/Jun/2020:08:43:12 +0800] "POST /xingrg/dwr/call/plaincall/AjaxCheckService.loadOrderItems.dwr HTTP/1.1" 200 36480
114.86.190.97 - - [22/Jun/2020:08:43:13 +0800] "GET /xingrg/all/function/internal_message.html?_=1592786594502&CODE_STATE=getMsg HTTP/1.1" 200 27
61.172.5.115 - - [22/Jun/2020:08:43:17 +0800] "GET /xingrg/all/function/internal_message.html?_=1592786590110&CODE_STATE=getMsg HTTP/1.1" 200 27
116.230.77.149 - - [22/Jun/2020:08:43:18 +0800] "POST /xingrg/dwr/call/plaincall/AjaxCheckService.saveOrder.dwr HTTP/1.1" 200 80
116.230.77.149 - - [22/Jun/2020:08:43:20 +0800] "POST /xingrg/dwr/call/plaincall/AjaxCheckService.loadOrderItems.dwr HTTP/1.1" 200 139877
61.172.5.115 - - [22/Jun/2020:08:43:24 +0800] "GET /xingrg/all/function/internal_message.html?_=1592786604005&CODE_STATE=getMsg HTTP/1.1" 200 27
61.172.5.115 - - [22/Jun/2020:08:43:24 +0800] "GET /xingrg/check_reg.html?_=1592786604008 HTTP/1.1" 200 22
116.230.77.149 - - [22/Jun/2020:08:43:24 +0800] "GET /xingrg/javascript/jquery_easy_ui/themes/default/images/button_plain_hover.png HTTP/1.1" 200 252
114.88.170.9 - - [22/Jun/2020:08:43:24 +0800] "GET /xingrg/check_reg.html?_=1592786602946 HTTP/1.1" 200 22
116.230.77.149 - - [22/Jun/2020:08:43:25 +0800] "GET /xingrg/kc/base/check_order_list.html?isBack=1 HTTP/1.1" 200 16380
116.230.77.149 - - [22/Jun/2020:08:43:26 +0800] "POST /xingrg/kc/base/check_list_operate.html HTTP/1.1" 200 4167
101.228.167.227 - - [22/Jun/2020:08:43:27 +0800] "GET /xingrg/all/function/internal_message.html?_=1592786608792&CODE_STATE=getMsg HTTP/1.1" 200 27
114.86.190.97 - - [22/Jun/2020:08:43:28 +0800] "GET /xingrg/kc/buy/cgsh_order_operate.html?command=get_materiel&rest_code=00148&code=00101008350&supplier_code=00100007&order_time=2020-06-22 HTTP/1.1" 200 408
114.88.170.9 - - [22/Jun/2020:08:43:29 +0800] "GET /xingrg/kc/base/check_order_info.html?code=452020062100262 HTTP/1.1" 200 26444
114.88.170.9 - - [22/Jun/2020:08:43:29 +0800] "GET /xingrg/dwr/interface/AjaxCheckService.js HTTP/1.1" 200 14003
114.88.170.9 - - [22/Jun/2020:08:43:29 +0800] "GET /xingrg/dwr/engine.js HTTP/1.1" 200 43631
114.88.170.9 - - [22/Jun/2020:08:43:29 +0800] "GET /xingrg/dwr/interface/AjaxComOrderService.js HTTP/1.1" 200 18264
114.88.170.9 - - [22/Jun/2020:08:43:30 +0800] "POST /xingrg/dwr/call/plaincall/AjaxCheckService.loadOrderItems.dwr HTTP/1.1" 200 138188
114.86.190.97 - - [22/Jun/2020:08:43:33 +0800] "POST /xingrg/kc/buy/cgsh_order_operate.html HTTP/1.1" 200 2065
116.230.77.149 - - [22/Jun/2020:08:43:34 +0800] "GET /xingrg/javascript/easyui/themes/default/images/button_plain_hover.png HTTP/1.1" 200 144
116.230.77.149 - - [22/Jun/2020:08:43:35 +0800] "GET /xingrg/kc/base/check_order_info.html?code=452020062100289 HTTP/1.1" 200 26433
116.230.77.149 - - [22/Jun/2020:08:43:36 +0800] "GET /xingrg/dwr/interface/AjaxComOrderService.js HTTP/1.1" 200 18264
116.230.77.149 - - [22/Jun/2020:08:43:36 +0800] "GET /xingrg/dwr/interface/AjaxCheckService.js HTTP/1.1" 200 14003
116.230.77.149 - - [22/Jun/2020:08:43:36 +0800] "GET /xingrg/dwr/engine.js HTTP/1.1" 200 43631
116.230.77.149 - - [22/Jun/2020:08:43:36 +0800] "POST /xingrg/dwr/call/plaincall/AjaxCheckService.loadOrderItems.dwr HTTP/1.1" 200 63197
114.84.151.157 - - [22/Jun/2020:08:43:37 +0800] "GET /xingrg/all/function/internal_message.html?_=1592786618244&CODE_STATE=getMsg HTTP/1.1" 200 27
101.228.167.227 - - [22/Jun/2020:08:43:38 +0800] "POST /xingrg/kc/buy/cgsh_order_operate.html HTTP/1.1" 200 37
116.230.77.149 - - [22/Jun/2020:08:43:39 +0800] "GET /xingrg/all/function/internal_message.html?_=1592786619806&CODE_STATE=getMsg HTTP/1.1" 200 27
101.228.167.227 - - [22/Jun/2020:08:43:39 +0800] "POST /xingrg/kc/buy/cgsh_order_operate.html HTTP/1.1" 200 38148
114.86.190.97 - - [22/Jun/2020:08:43:39 +0800] "GET /xingrg/kc/buy/cgsh_order_operate.html?command=get_materiel&rest_code=00148&code=00102005378&supplier_code=00100007&order_time=2020-06-22 HTTP/1.1" 200 412
116.230.77.149 - - [22/Jun/2020:08:43:40 +0800] "POST /xingrg/dwr/call/plaincall/AjaxCheckService.setItemNumber.dwr HTTP/1.1" 200 76
116.230.77.149 - - [22/Jun/2020:08:43:41 +0800] "POST /xingrg/dwr/call/plaincall/AjaxCheckService.setItemNumber.dwr HTTP/1.1" 200 76
116.230.77.149 - - [22/Jun/2020:08:43:41 +0800] "POST /xingrg/dwr/call/plaincall/AjaxCheckService.setItemNumber.dwr HTTP/1.1" 200 76
116.230.77.149 - - [22/Jun/2020:08:43:42 +0800] "POST /xingrg/dwr/call/plaincall/AjaxCheckService.setItemNumber.dwr HTTP/1.1" 200 76
116.230.77.149 - - [22/Jun/2020:08:43:43 +0800] "POST /xingrg/dwr/call/plaincall/AjaxCheckService.setItemNumber.dwr HTTP/1.1" 200 76
114.86.190.97 - - [22/Jun/2020:08:43:44 +0800] "GET /xingrg/kc/buy/cgsh_order_operate.html?command=get_materiel&rest_code=00148&code=00101008360&supplier_code=00100007&order_time=2020-06-22 HTTP/1.1" 200 412
116.230.77.149 - - [22/Jun/2020:08:43:44 +0800] "POST /xingrg/dwr/call/plaincall/AjaxCheckService.setItemNumber.dwr HTTP/1.1" 200 76
116.230.77.149 - - [22/Jun/2020:08:43:44 +0800] "POST /xingrg/dwr/call/plaincall/AjaxCheckService.setItemNumber.dwr HTTP/1.1" 200 76
116.230.77.149 - - [22/Jun/2020:08:43:44 +0800] "POST /xingrg/dwr/call/plaincall/AjaxCheckService.setItemNumber.dwr HTTP/1.1" 200 76
116.230.77.149 - - [22/Jun/2020:08:43:45 +0800] "POST /xingrg/dwr/call/plaincall/AjaxCheckService.setItemNumber.dwr HTTP/1.1" 200 76
101.228.167.227 - - [22/Jun/2020:08:43:46 +0800] "GET /xingrg/all/function/internal_message.html?_=1592786627375&CODE_STATE=getMsg HTTP/1.1" 200 27
116.230.77.149 - - [22/Jun/2020:08:43:46 +0800] "POST /xingrg/dwr/call/plaincall/AjaxCheckService.setItemNumber.dwr HTTP/1.1" 200 77
116.230.77.149 - - [22/Jun/2020:08:43:47 +0800] "POST /xingrg/dwr/call/plaincall/AjaxCheckService.setItemNumber.dwr HTTP/1.1" 200 77
116.230.77.149 - - [22/Jun/2020:08:43:48 +0800] "POST /xingrg/dwr/call/plaincall/AjaxCheckService.setItemNumber.dwr HTTP/1.1" 200 77
116.230.77.149 - - [22/Jun/2020:08:43:48 +0800] "POST /xingrg/dwr/call/plaincall/AjaxCheckService.setItemNumber.dwr HTTP/1.1" 200 77
116.230.77.149 - - [22/Jun/2020:08:43:49 +0800] "POST /xingrg/dwr/call/plaincall/AjaxCheckService.setItemNumber.dwr HTTP/1.1" 200 77
116.230.77.149 - - [22/Jun/2020:08:43:49 +0800] "POST /xingrg/dwr/call/plaincall/AjaxCheckService.setItemNumber.dwr HTTP/1.1" 200 77
116.230.77.149 - - [22/Jun/2020:08:43:51 +0800] "POST /xingrg/dwr/call/plaincall/AjaxCheckService.setItemNumber.dwr HTTP/1.1" 200 77
114.88.170.9 - - [22/Jun/2020:08:43:51 +0800] "GET /xingrg/all/function/internal_message.html?_=1592786629639&CODE_STATE=getMsg HTTP/1.1" 200 27
114.89.80.44 - - [22/Jun/2020:08:43:51 +0800] "GET /xingrg/all/function/internal_message.html?_=1592786757198&CODE_STATE=getMsg HTTP/1.1" 200 27
116.230.77.149 - - [22/Jun/2020:08:43:51 +0800] "POST /xingrg/dwr/call/plaincall/AjaxCheckService.setItemNumber.dwr HTTP/1.1" 200 77
114.86.190.97 - - [22/Jun/2020:08:43:52 +0800] "GET /xingrg/kc/buy/cgsh_order_operate.html?command=get_materiel&rest_code=00148&code=00101008069&supplier_code=00100007&order_time=2020-06-22 HTTP/1.1" 200 412
116.230.77.149 - - [22/Jun/2020:08:43:53 +0800] "POST /xingrg/dwr/call/plaincall/AjaxCheckService.setItemNumber.dwr HTTP/1.1" 200 77
116.230.77.149 - - [22/Jun/2020:08:43:55 +0800] "POST /xingrg/dwr/call/plaincall/AjaxCheckService.setItemNumber.dwr HTTP/1.1" 200 77
116.230.77.149 - - [22/Jun/2020:08:43:55 +0800] "POST /xingrg/dwr/call/plaincall/AjaxCheckService.setItemNumber.dwr HTTP/1.1" 200 77
116.230.77.149 - - [22/Jun/2020:08:43:56 +0800] "POST /xingrg/dwr/call/plaincall/AjaxCheckService.setItemNumber.dwr HTTP/1.1" 200 77
116.230.77.149 - - [22/Jun/2020:08:43:57 +0800] "POST /xingrg/dwr/call/plaincall/AjaxCheckService.setItemNumber.dwr HTTP/1.1" 200 77
116.230.77.149 - - [22/Jun/2020:08:43:58 +0800] "POST /xingrg/dwr/call/plaincall/AjaxCheckService.setItemNumber.dwr HTTP/1.1" 200 77
114.88.170.9 - - [22/Jun/2020:08:43:58 +0800] "GET /xingrg/kc/base/check_order_info.html?code=452020062100264 HTTP/1.1" 200 26444
114.88.170.9 - - [22/Jun/2020:08:43:58 +0800] "GET /xingrg/dwr/interface/AjaxCheckService.js HTTP/1.1" 200 14003
114.88.170.9 - - [22/Jun/2020:08:43:58 +0800] "GET /xingrg/dwr/interface/AjaxComOrderService.js HTTP/1.1" 200 18264
114.88.170.9 - - [22/Jun/2020:08:43:58 +0800] "GET /xingrg/dwr/engine.js HTTP/1.1" 200 43631
116.230.77.149 - - [22/Jun/2020:08:43:58 +0800] "POST /xingrg/dwr/call/plaincall/AjaxCheckService.setItemNumber.dwr HTTP/1.1" 200 77
114.88.170.9 - - [22/Jun/2020:08:43:58 +0800] "POST /xingrg/dwr/call/plaincall/AjaxCheckService.loadOrderItems.dwr HTTP/1.1" 200 90252
116.230.77.149 - - [22/Jun/2020:08:43:59 +0800] "POST /xingrg/dwr/call/plaincall/AjaxCheckService.setItemNumber.dwr HTTP/1.1" 200 77
116.230.77.149 - - [22/Jun/2020:08:43:59 +0800] "POST /xingrg/dwr/call/plaincall/AjaxCheckService.setItemNumber.dwr HTTP/1.1" 200 77
116.230.77.149 - - [22/Jun/2020:08:43:59 +0800] "POST /xingrg/dwr/call/plaincall/AjaxCheckService.setItemNumber.dwr HTTP/1.1" 200 77
116.230.77.149 - - [22/Jun/2020:08:44:00 +0800] "POST /xingrg/dwr/call/plaincall/AjaxCheckService.setItemNumber.dwr HTTP/1.1" 200 77
120.253.135.82 - - [22/Jun/2020:08:44:01 +0800] "GET /xingrg/all/function/internal_message.html?_=1592786396341&CODE_STATE=getMsg HTTP/1.1" 200 27
116.230.77.149 - - [22/Jun/2020:08:44:01 +0800] "POST /xingrg/dwr/call/plaincall/AjaxCheckService.setItemNumber.dwr HTTP/1.1" 200 77
114.86.190.97 - - [22/Jun/2020:08:44:03 +0800] "GET /xingrg/kc/buy/cgsh_order_operate.html?command=get_materiel&rest_code=00148&code=00101008236&supplier_code=00100007&order_time=2020-06-22 HTTP/1.1" 200 416
116.230.77.149 - - [22/Jun/2020:08:44:03 +0800] "POST /xingrg/dwr/call/plaincall/AjaxCheckService.setItemNumber.dwr HTTP/1.1" 200 77
116.230.77.149 - - [22/Jun/2020:08:44:05 +0800] "POST /xingrg/dwr/call/plaincall/AjaxCheckService.setItemNumber.dwr HTTP/1.1" 200 77
116.230.77.149 - - [22/Jun/2020:08:44:05 +0800] "POST /xingrg/dwr/call/plaincall/AjaxCheckService.setItemNumber.dwr HTTP/1.1" 200 77
116.230.77.149 - - [22/Jun/2020:08:44:07 +0800] "POST /xingrg/dwr/call/plaincall/AjaxCheckService.setItemNumber.dwr HTTP/1.1" 200 77
116.230.77.149 - - [22/Jun/2020:08:44:07 +0800] "POST /xingrg/dwr/call/plaincall/AjaxCheckService.setItemNumber.dwr HTTP/1.1" 200 77
116.230.77.149 - - [22/Jun/2020:08:44:08 +0800] "POST /xingrg/dwr/call/plaincall/AjaxCheckService.setItemNumber.dwr HTTP/1.1" 200 77
101.228.167.227 - - [22/Jun/2020:08:44:09 +0800] "POST /xingrg/kc/buy/cgsh_order_operate.html HTTP/1.1" 200 37
116.230.77.149 - - [22/Jun/2020:08:44:09 +0800] "POST /xingrg/dwr/call/plaincall/AjaxCheckService.setItemNumber.dwr HTTP/1.1" 200 77
116.230.77.149 - - [22/Jun/2020:08:44:10 +0800] "POST /xingrg/dwr/call/plaincall/AjaxCheckService.setItemNumber.dwr HTTP/1.1" 200 77
116.230.77.149 - - [22/Jun/2020:08:44:10 +0800] "POST /xingrg/dwr/call/plaincall/AjaxCheckService.setItemNumber.dwr HTTP/1.1" 200 77
116.230.77.149 - - [22/Jun/2020:08:44:11 +0800] "POST /xingrg/dwr/call/plaincall/AjaxCheckService.setItemNumber.dwr HTTP/1.1" 200 77
116.230.77.149 - - [22/Jun/2020:08:44:11 +0800] "POST /xingrg/dwr/call/plaincall/AjaxCheckService.setItemNumber.dwr HTTP/1.1" 200 77
114.86.190.97 - - [22/Jun/2020:08:44:11 +0800] "GET /xingrg/kc/buy/cgsh_order_operate.html?command=get_materiel&rest_code=00148&code=00101009016&supplier_code=00100007&order_time=2020-06-22 HTTP/1.1" 200 412
116.230.77.149 - - [22/Jun/2020:08:44:12 +0800] "POST /xingrg/dwr/call/plaincall/AjaxCheckService.setItemNumber.dwr HTTP/1.1" 200 77
101.228.167.227 - - [22/Jun/2020:08:44:12 +0800] "POST /xingrg/kc/buy/cgsh_order_operate.html HTTP/1.1" 200 38148
114.88.170.9 - - [22/Jun/2020:08:44:12 +0800] "GET /xingrg/all/function/internal_message.html?_=1592786666260&CODE_STATE=getMsg HTTP/1.1" 200 27
116.230.77.149 - - [22/Jun/2020:08:44:12 +0800] "POST /xingrg/dwr/call/plaincall/AjaxCheckService.setItemNumber.dwr HTTP/1.1" 200 77
116.230.77.149 - - [22/Jun/2020:08:44:13 +0800] "POST /xingrg/dwr/call/plaincall/AjaxCheckService.setItemNumber.dwr HTTP/1.1" 200 77
114.86.190.97 - - [22/Jun/2020:08:44:13 +0800] "GET /xingrg/all/function/internal_message.html?_=1592786654488&CODE_STATE=getMsg HTTP/1.1" 200 27
116.230.77.149 - - [22/Jun/2020:08:44:14 +0800] "POST /xingrg/dwr/call/plaincall/AjaxCheckService.setItemNumber.dwr HTTP/1.1" 200 77
114.86.190.97 - - [22/Jun/2020:08:44:14 +0800] "POST /xingrg/kc/buy/cgsh_order_operate.html HTTP/1.1" 200 2065
116.230.77.149 - - [22/Jun/2020:08:44:14 +0800] "POST /xingrg/dwr/call/plaincall/AjaxCheckService.setItemNumber.dwr HTTP/1.1" 200 77
116.230.77.149 - - [22/Jun/2020:08:44:15 +0800] "POST /xingrg/dwr/call/plaincall/AjaxCheckService.setItemNumber.dwr HTTP/1.1" 200 77
114.86.190.97 - - [22/Jun/2020:08:44:17 +0800] "GET /xingrg/kc/buy/cgsh_order_operate.html?command=get_materiel&rest_code=00148&code=00101009013&supplier_code=00100007&order_time=2020-06-22 HTTP/1.1" 200 420
116.230.77.149 - - [22/Jun/2020:08:44:17 +0800] "POST /xingrg/dwr/call/plaincall/AjaxCheckService.setItemNumber.dwr HTTP/1.1" 200 77
61.172.5.115 - - [22/Jun/2020:08:44:17 +0800] "GET /xingrg/all/function/internal_message.html?_=1592786650111&CODE_STATE=getMsg HTTP/1.1" 200 27
114.88.170.9 - - [22/Jun/2020:08:44:17 +0800] "GET /xingrg/kc/base/check_order_info.html?code=452020062100263 HTTP/1.1" 200 26444
114.88.170.9 - - [22/Jun/2020:08:44:17 +0800] "GET /xingrg/dwr/interface/AjaxCheckService.js HTTP/1.1" 200 14003
114.88.170.9 - - [22/Jun/2020:08:44:17 +0800] "GET /xingrg/dwr/interface/AjaxComOrderService.js HTTP/1.1" 200 18264
114.88.170.9 - - [22/Jun/2020:08:44:17 +0800] "GET /xingrg/dwr/engine.js HTTP/1.1" 200 43631
114.88.170.9 - - [22/Jun/2020:08:44:18 +0800] "POST /xingrg/dwr/call/plaincall/AjaxCheckService.loadOrderItems.dwr HTTP/1.1" 200 123728
116.230.77.149 - - [22/Jun/2020:08:44:18 +0800] "POST /xingrg/dwr/call/plaincall/AjaxCheckService.setItemNumber.dwr HTTP/1.1" 200 77
116.230.77.149 - - [22/Jun/2020:08:44:19 +0800] "POST /xingrg/dwr/call/plaincall/AjaxCheckService.setItemNumber.dwr HTTP/1.1" 200 77
116.230.77.149 - - [22/Jun/2020:08:44:21 +0800] "POST /xingrg/dwr/call/plaincall/AjaxCheckService.setItemNumber.dwr HTTP/1.1" 200 77
116.230.77.149 - - [22/Jun/2020:08:44:22 +0800] "POST /xingrg/dwr/call/plaincall/AjaxCheckService.setItemNumber.dwr HTTP/1.1" 200 77
116.230.77.149 - - [22/Jun/2020:08:44:23 +0800] "POST /xingrg/dwr/call/plaincall/AjaxCheckService.setItemNumber.dwr HTTP/1.1" 200 77
116.230.77.149 - - [22/Jun/2020:08:44:24 +0800] "POST /xingrg/dwr/call/plaincall/AjaxCheckService.setItemNumber.dwr HTTP/1.1" 200 77
61.172.5.115 - - [22/Jun/2020:08:44:24 +0800] "GET /xingrg/all/function/internal_message.html?_=1592786664008&CODE_STATE=getMsg HTTP/1.1" 200 27
116.230.77.149 - - [22/Jun/2020:08:44:25 +0800] "POST /xingrg/dwr/call/plaincall/AjaxCheckService.setItemNumber.dwr HTTP/1.1" 200 77
116.230.77.149 - - [22/Jun/2020:08:44:25 +0800] "POST /xingrg/dwr/call/plaincall/AjaxCheckService.setItemNumber.dwr HTTP/1.1" 200 77
116.230.77.149 - - [22/Jun/2020:08:44:26 +0800] "POST /xingrg/dwr/call/plaincall/AjaxCheckService.setItemNumber.dwr HTTP/1.1" 200 77
116.230.77.149 - - [22/Jun/2020:08:44:27 +0800] "POST /xingrg/dwr/call/plaincall/AjaxCheckService.setItemNumber.dwr HTTP/1.1" 200 77
101.228.167.227 - - [22/Jun/2020:08:44:27 +0800] "GET /xingrg/all/function/internal_message.html?_=1592786668796&CODE_STATE=getMsg HTTP/1.1" 200 27
116.230.77.149 - - [22/Jun/2020:08:44:27 +0800] "POST /xingrg/dwr/call/plaincall/AjaxCheckService.setItemNumber.dwr HTTP/1.1" 200 77
116.230.77.149 - - [22/Jun/2020:08:44:28 +0800] "POST /xingrg/dwr/call/plaincall/AjaxCheckService.setItemNumber.dwr HTTP/1.1" 200 77
116.230.77.149 - - [22/Jun/2020:08:44:28 +0800] "POST /xingrg/dwr/call/plaincall/AjaxCheckService.setItemNumber.dwr HTTP/1.1" 200 77
116.230.77.149 - - [22/Jun/2020:08:44:29 +0800] "POST /xingrg/dwr/call/plaincall/AjaxCheckService.setItemNumber.dwr HTTP/1.1" 200 77
116.230.77.149 - - [22/Jun/2020:08:44:29 +0800] "POST /xingrg/dwr/call/plaincall/AjaxCheckService.setItemNumber.dwr HTTP/1.1" 200 77
116.230.77.149 - - [22/Jun/2020:08:44:30 +0800] "POST /xingrg/dwr/call/plaincall/AjaxCheckService.setItemNumber.dwr HTTP/1.1" 200 77
116.230.77.149 - - [22/Jun/2020:08:44:31 +0800] "POST /xingrg/dwr/call/plaincall/AjaxCheckService.setItemNumber.dwr HTTP/1.1" 200 77
116.230.77.149 - - [22/Jun/2020:08:44:32 +0800] "POST /xingrg/dwr/call/plaincall/AjaxCheckService.setItemNumber.dwr HTTP/1.1" 200 77
116.230.77.149 - - [22/Jun/2020:08:44:33 +0800] "POST /xingrg/dwr/call/plaincall/AjaxCheckService.setItemNumber.dwr HTTP/1.1" 200 77
116.230.77.149 - - [22/Jun/2020:08:44:34 +0800] "POST /xingrg/dwr/call/plaincall/AjaxCheckService.setItemNumber.dwr HTTP/1.1" 200 77
116.230.77.149 - - [22/Jun/2020:08:44:34 +0800] "POST /xingrg/dwr/call/plaincall/AjaxCheckService.setItemNumber.dwr HTTP/1.1" 200 77
116.230.77.149 - - [22/Jun/2020:08:44:34 +0800] "POST /xingrg/dwr/call/plaincall/AjaxCheckService.setItemNumber.dwr HTTP/1.1" 200 77
116.230.77.149 - - [22/Jun/2020:08:44:35 +0800] "POST /xingrg/dwr/call/plaincall/AjaxCheckService.setItemNumber.dwr HTTP/1.1" 200 77
114.84.151.157 - - [22/Jun/2020:08:44:37 +0800] "GET /xingrg/all/function/internal_message.html?_=1592786678220&CODE_STATE=getMsg HTTP/1.1" 200 27
116.230.77.149 - - [22/Jun/2020:08:44:37 +0800] "POST /xingrg/dwr/call/plaincall/AjaxCheckService.setItemNumber.dwr HTTP/1.1" 200 77
116.230.77.149 - - [22/Jun/2020:08:44:38 +0800] "POST /xingrg/dwr/call/plaincall/AjaxCheckService.setItemNumber.dwr HTTP/1.1" 200 77
116.230.77.149 - - [22/Jun/2020:08:44:39 +0800] "GET /xingrg/all/function/internal_message.html?_=1592786679799&CODE_STATE=getMsg HTTP/1.1" 200 27
116.230.77.149 - - [22/Jun/2020:08:44:39 +0800] "POST /xingrg/dwr/call/plaincall/AjaxCheckService.setItemNumber.dwr HTTP/1.1" 200 77
116.230.77.149 - - [22/Jun/2020:08:44:39 +0800] "POST /xingrg/dwr/call/plaincall/AjaxCheckService.setItemNumber.dwr HTTP/1.1" 200 77
116.230.77.149 - - [22/Jun/2020:08:44:40 +0800] "POST /xingrg/dwr/call/plaincall/AjaxCheckService.setItemNumber.dwr HTTP/1.1" 200 77
114.89.80.44 - - [22/Jun/2020:08:44:41 +0800] "GET /xingrg/check_reg.html?_=1592786806619 HTTP/1.1" 200 22
116.230.77.149 - - [22/Jun/2020:08:44:41 +0800] "POST /xingrg/dwr/call/plaincall/AjaxCheckService.setItemNumber.dwr HTTP/1.1" 200 77
114.86.190.97 - - [22/Jun/2020:08:44:42 +0800] "GET /xingrg/kc/buy/cgsh_order_operate.html?command=get_materiel&rest_code=00148&code=00101008210&supplier_code=00100007&order_time=2020-06-22 HTTP/1.1" 200 408
114.88.170.9 - - [22/Jun/2020:08:44:42 +0800] "GET /xingrg/kc/base/check_order_info.html?code=452020062100266 HTTP/1.1" 200 26444
114.88.170.9 - - [22/Jun/2020:08:44:42 +0800] "GET /xingrg/dwr/interface/AjaxCheckService.js HTTP/1.1" 200 14003
114.88.170.9 - - [22/Jun/2020:08:44:42 +0800] "GET /xingrg/dwr/interface/AjaxComOrderService.js HTTP/1.1" 200 18264
114.88.170.9 - - [22/Jun/2020:08:44:42 +0800] "GET /xingrg/dwr/engine.js HTTP/1.1" 200 43631
114.88.170.9 - - [22/Jun/2020:08:44:43 +0800] "POST /xingrg/dwr/call/plaincall/AjaxCheckService.loadOrderItems.dwr HTTP/1.1" 200 7326
116.230.77.149 - - [22/Jun/2020:08:44:43 +0800] "POST /xingrg/dwr/call/plaincall/AjaxCheckService.setItemNumber.dwr HTTP/1.1" 200 77
116.230.77.149 - - [22/Jun/2020:08:44:43 +0800] "POST /xingrg/dwr/call/plaincall/AjaxCheckService.setItemNumber.dwr HTTP/1.1" 200 77
116.230.77.149 - - [22/Jun/2020:08:44:44 +0800] "POST /xingrg/dwr/call/plaincall/AjaxCheckService.setItemNumber.dwr HTTP/1.1" 200 77
120.253.135.82 - - [22/Jun/2020:08:44:45 +0800] "GET /xingrg/check_reg.html?_=1592786440730 HTTP/1.1" 200 22
116.230.77.149 - - [22/Jun/2020:08:44:45 +0800] "POST /xingrg/dwr/call/plaincall/AjaxCheckService.setItemNumber.dwr HTTP/1.1" 200 77
101.228.167.227 - - [22/Jun/2020:08:44:46 +0800] "GET /xingrg/all/function/internal_message.html?_=1592786687391&CODE_STATE=getMsg HTTP/1.1" 200 27
116.230.77.149 - - [22/Jun/2020:08:44:46 +0800] "POST /xingrg/dwr/call/plaincall/AjaxCheckService.setItemNumber.dwr HTTP/1.1" 200 77
114.88.170.9 - - [22/Jun/2020:08:44:46 +0800] "GET /xingrg/kc/base/check_order_info.html?code=452020062100267 HTTP/1.1" 200 26444
114.88.170.9 - - [22/Jun/2020:08:44:46 +0800] "GET /xingrg/dwr/interface/AjaxCheckService.js HTTP/1.1" 200 14003
114.88.170.9 - - [22/Jun/2020:08:44:46 +0800] "GET /xingrg/dwr/interface/AjaxComOrderService.js HTTP/1.1" 200 18264
114.88.170.9 - - [22/Jun/2020:08:44:46 +0800] "GET /xingrg/dwr/engine.js HTTP/1.1" 200 43631
114.88.170.9 - - [22/Jun/2020:08:44:46 +0800] "POST /xingrg/dwr/call/plaincall/AjaxCheckService.loadOrderItems.dwr HTTP/1.1" 200 18414
116.230.77.149 - - [22/Jun/2020:08:44:46 +0800] "POST /xingrg/dwr/call/plaincall/AjaxCheckService.setItemNumber.dwr HTTP/1.1" 200 77
116.230.77.149 - - [22/Jun/2020:08:44:47 +0800] "POST /xingrg/dwr/call/plaincall/AjaxCheckService.setItemNumber.dwr HTTP/1.1" 200 77
116.230.77.149 - - [22/Jun/2020:08:44:48 +0800] "POST /xingrg/dwr/call/plaincall/AjaxCheckService.setItemNumber.dwr HTTP/1.1" 200 77
116.230.77.149 - - [22/Jun/2020:08:44:49 +0800] "POST /xingrg/dwr/call/plaincall/AjaxCheckService.setItemNumber.dwr HTTP/1.1" 200 77
117.184.7.30 - - [22/Jun/2020:08:44:50 +0800] "GET /favicon.ico HTTP/1.1" 404 -
114.88.170.9 - - [22/Jun/2020:08:44:51 +0800] "GET /xingrg/all/function/internal_message.html?_=1592786689653&CODE_STATE=getMsg HTTP/1.1" 200 27
114.89.80.44 - - [22/Jun/2020:08:44:51 +0800] "GET /xingrg/all/function/internal_message.html?_=1592786817211&CODE_STATE=getMsg HTTP/1.1" 200 27
116.230.77.149 - - [22/Jun/2020:08:44:52 +0800] "POST /xingrg/dwr/call/plaincall/AjaxCheckService.setItemNumber.dwr HTTP/1.1" 200 77
180.175.214.200 - - [22/Jun/2020:08:44:52 +0800] "POST /xingrg/services/DataTransmitService HTTP/1.1" 200 524
180.175.214.200 - - [22/Jun/2020:08:44:52 +0800] "POST /xingrg/services/DataTransmitService HTTP/1.1" 200 501
