172.17.0.101 - - [22/Jun/2020:09:28:36 +0800] "GET /xingrg/all/function/internal_message.html?_=1592789328157&CODE_STATE=getMsg HTTP/1.1" 200 27
114.84.151.157 - - [22/Jun/2020:09:28:36 +0800] "GET /xingrg/all/function/internal_message.html?_=1592789317217&CODE_STATE=getMsg HTTP/1.1" 200 27
116.230.77.149 - - [22/Jun/2020:09:28:39 +0800] "GET /xingrg/all/function/internal_message.html?_=1592789319976&CODE_STATE=getMsg HTTP/1.1" 200 27
101.228.167.227 - - [22/Jun/2020:09:28:47 +0800] "GET /xingrg/all/function/internal_message.html?_=1592789328809&CODE_STATE=getMsg HTTP/1.1" 200 27
116.230.77.149 - - [22/Jun/2020:09:28:51 +0800] "POST /xingrg/kc/buy/cgsh_list_operate.html HTTP/1.1" 200 4
114.88.170.9 - - [22/Jun/2020:09:28:53 +0800] "GET /xingrg/all/function/internal_message.html?_=1592789331279&CODE_STATE=getMsg HTTP/1.1" 200 27
116.230.77.149 - - [22/Jun/2020:09:28:53 +0800] "POST /xingrg/kc/buy/cgsh_list_operate.html HTTP/1.1" 200 4883
116.230.77.149 - - [22/Jun/2020:09:28:57 +0800] "POST /xingrg/kc/buy/cgsh_list_operate.html HTTP/1.1" 200 199
114.89.80.44 - - [22/Jun/2020:09:28:57 +0800] "GET /xingrg/all/function/internal_message.html?_=1592789463114&CODE_STATE=getMsg HTTP/1.1" 200 27
117.184.7.26 - - [22/Jun/2020:09:29:05 +0800] "GET /xingrg/check_reg.html?_=1592789343799 HTTP/1.1" 200 22
117.184.7.26 - - [22/Jun/2020:09:29:06 +0800] "GET /xingrg/all/function/internal_message.html?_=1592789344885&CODE_STATE=getMsg HTTP/1.1" 200 27
116.230.77.149 - - [22/Jun/2020:09:29:10 +0800] "POST /xingrg/kc/buy/cgsh_list_operate.html HTTP/1.1" 200 4
114.88.170.9 - - [22/Jun/2020:09:29:11 +0800] "GET /xingrg/all/function/internal_message.html?_=1592789365419&CODE_STATE=getMsg HTTP/1.1" 200 27
116.230.77.149 - - [22/Jun/2020:09:29:12 +0800] "POST /xingrg/kc/buy/cgsh_list_operate.html HTTP/1.1" 200 1676
114.86.190.97 - - [22/Jun/2020:09:29:13 +0800] "GET /xingrg/all/function/internal_message.html?_=1592789354576&CODE_STATE=getMsg HTTP/1.1" 200 27
116.230.77.149 - - [22/Jun/2020:09:29:14 +0800] "GET /xingrg/kc/buy/cgsh_order_add.html HTTP/1.1" 200 59127
116.230.77.149 - - [22/Jun/2020:09:29:14 +0800] "GET /xingrg/javascript/easyui/themes/default/validatebox.css HTTP/1.1" 404 1104
116.230.77.149 - - [22/Jun/2020:09:29:14 +0800] "POST /xingrg/kc/buy/cgsh_order_operate.html HTTP/1.1" 200 8245
116.230.77.149 - - [22/Jun/2020:09:29:16 +0800] "GET /xingrg/javascript/easyui/themes/default/tree.css HTTP/1.1" 404 1090
116.230.77.149 - - [22/Jun/2020:09:29:16 +0800] "POST /xingrg/all/common/load_tree.html?tree=supplier_tree_json&isDelete=1 HTTP/1.1" 200 49174
61.172.5.115 - - [22/Jun/2020:09:29:17 +0800] "GET /xingrg/all/function/internal_message.html?_=1592789350157&CODE_STATE=getMsg HTTP/1.1" 200 27
114.89.80.44 - - [22/Jun/2020:09:29:18 +0800] "GET /xingrg/check_reg.html?_=1592789357620 HTTP/1.1" 200 22
114.89.80.44 - - [22/Jun/2020:09:29:18 +0800] "GET /xingrg/all/function/internal_message.html?_=1592789357623&CODE_STATE=getMsg HTTP/1.1" 200 27
222.69.139.137 - - [22/Jun/2020:09:29:21 +0800] "GET /xingrg/check_reg.html?_=1592789360094 HTTP/1.1" 200 22
222.69.139.137 - - [22/Jun/2020:09:29:21 +0800] "GET /xingrg/all/function/internal_message.html?_=1592789360098&CODE_STATE=getMsg HTTP/1.1" 200 27
61.172.5.115 - - [22/Jun/2020:09:29:24 +0800] "GET /xingrg/all/function/internal_message.html?_=1592789364090&CODE_STATE=getMsg HTTP/1.1" 200 27
172.17.0.100 - - [22/Jun/2020:09:29:29 +0800] "GET /xingrg/all/function/internal_message.html?_=1592789368782&CODE_STATE=getMsg HTTP/1.1" 200 27
101.228.167.227 - - [22/Jun/2020:09:29:29 +0800] "GET /xingrg/all/function/internal_message.html?_=1592789370999&CODE_STATE=getMsg HTTP/1.1" 200 27
116.230.77.149 - - [22/Jun/2020:09:29:29 +0800] "GET /xingrg/kc/buy/cgsh_order_operate.html?command=get_materiel&rest_code=00107&code=00101006062&supplier_code=00100010&order_time=2020-06-22 HTTP/1.1" 200 409
172.17.200.101 - - [22/Jun/2020:09:29:33 +0800] "GET /xingrg/all/function/internal_message.html?_=1592789373019&CODE_STATE=getMsg HTTP/1.1" 200 27
172.17.0.101 - - [22/Jun/2020:09:29:36 +0800] "GET /xingrg/all/function/internal_message.html?_=1592789388151&CODE_STATE=getMsg HTTP/1.1" 200 27
114.84.151.157 - - [22/Jun/2020:09:29:36 +0800] "GET /xingrg/all/function/internal_message.html?_=1592789377186&CODE_STATE=getMsg HTTP/1.1" 200 27
120.253.135.82 - - [22/Jun/2020:09:29:37 +0800] "GET /xingrg/check_reg.html?_=1592789127853 HTTP/1.1" 200 22
120.253.135.82 - - [22/Jun/2020:09:29:37 +0800] "GET /xingrg/all/function/internal_message.html?_=1592789127654&CODE_STATE=getMsg HTTP/1.1" 200 27
116.230.77.149 - - [22/Jun/2020:09:29:39 +0800] "GET /xingrg/all/function/internal_message.html?_=1592789379954&CODE_STATE=getMsg HTTP/1.1" 200 27
101.228.167.227 - - [22/Jun/2020:09:29:47 +0800] "GET /xingrg/all/function/internal_message.html?_=1592789388821&CODE_STATE=getMsg HTTP/1.1" 200 27
114.88.170.9 - - [22/Jun/2020:09:29:53 +0800] "GET /xingrg/all/function/internal_message.html?_=1592789391292&CODE_STATE=getMsg HTTP/1.1" 200 27
116.230.77.149 - - [22/Jun/2020:09:29:57 +0800] "GET /xingrg/kc/buy/cgsh_order_operate.html?command=get_materiel&rest_code=00107&code=00101006109&supplier_code=00100010&order_time=2020-06-22 HTTP/1.1" 200 409
114.89.80.44 - - [22/Jun/2020:09:29:57 +0800] "GET /xingrg/all/function/internal_message.html?_=1592789523154&CODE_STATE=getMsg HTTP/1.1" 200 27
117.184.7.26 - - [22/Jun/2020:09:30:06 +0800] "GET /xingrg/all/function/internal_message.html?_=1592789404870&CODE_STATE=getMsg HTTP/1.1" 200 27
116.230.77.149 - - [22/Jun/2020:09:30:11 +0800] "GET /xingrg/kc/buy/cgsh_order_operate.html?command=get_materiel&rest_code=00107&code=00101006144&supplier_code=00100010&order_time=2020-06-22 HTTP/1.1" 200 409
114.88.170.9 - - [22/Jun/2020:09:30:11 +0800] "GET /xingrg/all/function/internal_message.html?_=1592789425387&CODE_STATE=getMsg HTTP/1.1" 200 27
114.88.170.9 - - [22/Jun/2020:09:30:11 +0800] "GET /xingrg/check_reg.html?_=1592789425654 HTTP/1.1" 200 22
114.86.190.97 - - [22/Jun/2020:09:30:13 +0800] "GET /xingrg/all/function/internal_message.html?_=1592789414566&CODE_STATE=getMsg HTTP/1.1" 200 27
61.172.5.115 - - [22/Jun/2020:09:30:17 +0800] "GET /xingrg/check_reg.html?_=1592789410169 HTTP/1.1" 200 22
61.172.5.115 - - [22/Jun/2020:09:30:17 +0800] "GET /xingrg/all/function/internal_message.html?_=1592789410163&CODE_STATE=getMsg HTTP/1.1" 200 27
120.253.135.82 - - [22/Jun/2020:09:30:18 +0800] "GET /xingrg/kc/buy/cgsh_order_list.html HTTP/1.1" 200 43597
114.89.80.44 - - [22/Jun/2020:09:30:18 +0800] "GET /xingrg/all/function/internal_message.html?_=1592789417628&CODE_STATE=getMsg HTTP/1.1" 200 27
116.230.77.149 - - [22/Jun/2020:09:30:18 +0800] "GET /xingrg/kc/buy/cgsh_order_operate.html?command=get_materiel&rest_code=00107&code=00101007067&supplier_code=00100010&order_time=2020-06-22 HTTP/1.1" 200 409
120.253.135.82 - - [22/Jun/2020:09:30:18 +0800] "POST /xingrg/kc/buy/cgsh_list_operate.html HTTP/1.1" 200 876
222.69.139.137 - - [22/Jun/2020:09:30:21 +0800] "GET /xingrg/all/function/internal_message.html?_=1592789420099&CODE_STATE=getMsg HTTP/1.1" 200 27
61.172.5.115 - - [22/Jun/2020:09:30:24 +0800] "GET /xingrg/all/function/internal_message.html?_=1592789424091&CODE_STATE=getMsg HTTP/1.1" 200 27
120.253.135.82 - - [22/Jun/2020:09:30:26 +0800] "POST /xingrg/kc/buy/cgsh_list_operate.html HTTP/1.1" 200 5808
172.17.0.100 - - [22/Jun/2020:09:30:29 +0800] "GET /xingrg/all/function/internal_message.html?_=1592789428782&CODE_STATE=getMsg HTTP/1.1" 200 27
172.17.0.100 - - [22/Jun/2020:09:30:29 +0800] "GET /xingrg/check_reg.html?_=1592789428784 HTTP/1.1" 200 22
101.228.167.227 - - [22/Jun/2020:09:30:29 +0800] "GET /xingrg/all/function/internal_message.html?_=1592789431111&CODE_STATE=getMsg HTTP/1.1" 200 27
120.253.135.82 - - [22/Jun/2020:09:30:31 +0800] "GET /xingrg/check_reg.html?_=1592789557424 HTTP/1.1" 200 22
120.253.135.82 - - [22/Jun/2020:09:30:32 +0800] "GET /xingrg/all/function/internal_message.html?_=1592789187846&CODE_STATE=getMsg HTTP/1.1" 200 27
172.17.200.101 - - [22/Jun/2020:09:30:33 +0800] "GET /xingrg/check_reg.html?_=1592789433022 HTTP/1.1" 200 22
172.17.200.101 - - [22/Jun/2020:09:30:33 +0800] "GET /xingrg/all/function/internal_message.html?_=1592789433046&CODE_STATE=getMsg HTTP/1.1" 200 27
58.40.7.146 - - [22/Jun/2020:09:30:33 +0800] "GET /xingrg/check_reg.html?_=1592789433486 HTTP/1.1" 200 22
116.230.77.149 - - [22/Jun/2020:09:30:34 +0800] "GET /xingrg/kc/buy/cgsh_order_operate.html?command=get_materiel&rest_code=00107&code=00101006058&supplier_code=00100010&order_time=2020-06-22 HTTP/1.1" 200 413
172.17.0.101 - - [22/Jun/2020:09:30:36 +0800] "GET /xingrg/check_reg.html?_=1592789448155 HTTP/1.1" 200 22
172.17.0.101 - - [22/Jun/2020:09:30:36 +0800] "GET /xingrg/all/function/internal_message.html?_=1592789448157&CODE_STATE=getMsg HTTP/1.1" 200 27
114.84.151.157 - - [22/Jun/2020:09:30:36 +0800] "GET /xingrg/all/function/internal_message.html?_=1592789437162&CODE_STATE=getMsg HTTP/1.1" 200 27
116.230.77.149 - - [22/Jun/2020:09:30:39 +0800] "GET /xingrg/all/function/internal_message.html?_=1592789439937&CODE_STATE=getMsg HTTP/1.1" 200 27
101.85.53.146 - - [22/Jun/2020:09:30:39 +0800] "GET /xingrg/check_reg.html?_=1592788871769 HTTP/1.1" 200 22
120.253.135.82 - - [22/Jun/2020:09:30:45 +0800] "POST /xingrg/kc/buy/cgsh_list_operate.html HTTP/1.1" 200 6008
101.228.167.227 - - [22/Jun/2020:09:30:47 +0800] "GET /xingrg/check_reg.html?_=1592789448107 HTTP/1.1" 200 22
116.230.77.149 - - [22/Jun/2020:09:30:47 +0800] "GET /xingrg/kc/buy/cgsh_order_operate.html?command=get_materiel&rest_code=00107&code=00101006111&supplier_code=00100010&order_time=2020-06-22 HTTP/1.1" 200 409
101.228.167.227 - - [22/Jun/2020:09:30:47 +0800] "GET /xingrg/all/function/internal_message.html?_=1592789448833&CODE_STATE=getMsg HTTP/1.1" 200 27
120.253.135.82 - - [22/Jun/2020:09:30:48 +0800] "POST /xingrg/kc/buy/cgsh_list_operate.html HTTP/1.1" 200 201
120.253.135.82 - - [22/Jun/2020:09:30:49 +0800] "GET /xingrg/kc/buy/cgsh_order_info.html?code=212020062108484 HTTP/1.1" 200 53208
120.253.135.82 - - [22/Jun/2020:09:30:49 +0800] "GET /xingrg/javascript/easyui/themes/default/validatebox.css HTTP/1.1" 404 1104
120.253.135.82 - - [22/Jun/2020:09:30:49 +0800] "POST /xingrg/kc/buy/cgsh_order_operate.html HTTP/1.1" 200 612
120.253.135.82 - - [22/Jun/2020:09:30:52 +0800] "POST /xingrg/kc/buy/cgsh_order_operate.html HTTP/1.1" 200 12
120.253.135.82 - - [22/Jun/2020:09:30:53 +0800] "GET /xingrg/kc/buy/cgsh_order_info.html?code=212020062108484 HTTP/1.1" 200 58058
114.88.170.9 - - [22/Jun/2020:09:30:53 +0800] "GET /xingrg/all/function/internal_message.html?_=1592789451365&CODE_STATE=getMsg HTTP/1.1" 200 27
120.253.135.82 - - [22/Jun/2020:09:30:53 +0800] "GET /xingrg/javascript/easyui/themes/icons/template_new.png HTTP/1.1" 200 3956
120.253.135.82 - - [22/Jun/2020:09:30:54 +0800] "GET /xingrg/javascript/easyui/themes/default/validatebox.css HTTP/1.1" 404 1104
120.253.135.82 - - [22/Jun/2020:09:30:54 +0800] "POST /xingrg/kc/buy/cgsh_order_operate.html HTTP/1.1" 200 2662
116.230.77.149 - - [22/Jun/2020:09:30:57 +0800] "GET /xingrg/kc/buy/cgsh_order_operate.html?command=get_materiel&rest_code=00107&code=00101006094&supplier_code=00100010&order_time=2020-06-22 HTTP/1.1" 200 410
114.89.80.44 - - [22/Jun/2020:09:30:57 +0800] "GET /xingrg/all/function/internal_message.html?_=1592789583156&CODE_STATE=getMsg HTTP/1.1" 200 27
117.184.7.26 - - [22/Jun/2020:09:31:06 +0800] "GET /xingrg/all/function/internal_message.html?_=1592789464843&CODE_STATE=getMsg HTTP/1.1" 200 27
120.253.135.82 - - [22/Jun/2020:09:31:09 +0800] "POST /xingrg/kc/buy/cgsh_order_operate.html HTTP/1.1" 200 37
120.253.135.82 - - [22/Jun/2020:09:31:09 +0800] "POST /xingrg/kc/buy/cgsh_order_operate.html HTTP/1.1" 200 2662
114.88.170.9 - - [22/Jun/2020:09:31:11 +0800] "GET /xingrg/all/function/internal_message.html?_=1592789485360&CODE_STATE=getMsg HTTP/1.1" 200 27
116.230.77.149 - - [22/Jun/2020:09:31:12 +0800] "GET /xingrg/kc/buy/cgsh_order_operate.html?command=get_materiel&rest_code=00107&code=00101006130&supplier_code=00100010&order_time=2020-06-22 HTTP/1.1" 200 427
114.86.190.97 - - [22/Jun/2020:09:31:13 +0800] "GET /xingrg/all/function/internal_message.html?_=1592789474585&CODE_STATE=getMsg HTTP/1.1" 200 27
114.86.190.97 - - [22/Jun/2020:09:31:13 +0800] "GET /xingrg/check_reg.html?_=1592789474640 HTTP/1.1" 200 22
120.253.135.82 - - [22/Jun/2020:09:31:14 +0800] "POST /xingrg/kc/buy/cgsh_order_operate.html HTTP/1.1" 200 37
120.253.135.82 - - [22/Jun/2020:09:31:14 +0800] "POST /xingrg/kc/buy/cgsh_order_operate.html HTTP/1.1" 200 2662
61.172.5.115 - - [22/Jun/2020:09:31:17 +0800] "GET /xingrg/all/function/internal_message.html?_=1592789470154&CODE_STATE=getMsg HTTP/1.1" 200 27
114.89.80.44 - - [22/Jun/2020:09:31:18 +0800] "GET /xingrg/all/function/internal_message.html?_=1592789477648&CODE_STATE=getMsg HTTP/1.1" 200 27
120.253.135.82 - - [22/Jun/2020:09:31:18 +0800] "POST /xingrg/kc/buy/cgsh_order_operate.html HTTP/1.1" 200 37
101.228.167.227 - - [22/Jun/2020:09:31:20 +0800] "GET /xingrg/check_reg.html?_=1592789482138 HTTP/1.1" 200 22
222.69.139.137 - - [22/Jun/2020:09:31:21 +0800] "GET /xingrg/all/function/internal_message.html?_=1592789480108&CODE_STATE=getMsg HTTP/1.1" 200 27
61.172.5.115 - - [22/Jun/2020:09:31:24 +0800] "GET /xingrg/all/function/internal_message.html?_=1592789484091&CODE_STATE=getMsg HTTP/1.1" 200 27
120.253.135.82 - - [22/Jun/2020:09:31:26 +0800] "POST /xingrg/kc/buy/cgsh_order_operate.html HTTP/1.1" 200 12
116.230.77.149 - - [22/Jun/2020:09:31:27 +0800] "GET /xingrg/kc/buy/cgsh_order_operate.html?command=get_materiel&rest_code=00107&code=00101006055&supplier_code=00100010&order_time=2020-06-22 HTTP/1.1" 200 409
120.253.135.82 - - [22/Jun/2020:09:31:27 +0800] "GET /xingrg/kc/buy/cgsh_order_info.html?code=212020062108484 HTTP/1.1" 200 53224
120.253.135.82 - - [22/Jun/2020:09:31:28 +0800] "GET /xingrg/javascript/easyui/themes/default/validatebox.css HTTP/1.1" 404 1104
120.253.135.82 - - [22/Jun/2020:09:31:28 +0800] "POST /xingrg/kc/buy/cgsh_order_operate.html HTTP/1.1" 200 612
172.17.0.100 - - [22/Jun/2020:09:31:29 +0800] "GET /xingrg/all/function/internal_message.html?_=1592789488784&CODE_STATE=getMsg HTTP/1.1" 200 27
101.228.167.227 - - [22/Jun/2020:09:31:29 +0800] "GET /xingrg/all/function/internal_message.html?_=1592789491120&CODE_STATE=getMsg HTTP/1.1" 200 27
120.253.135.82 - - [22/Jun/2020:09:31:32 +0800] "GET /xingrg/all/function/internal_message.html?_=1592789247859&CODE_STATE=getMsg HTTP/1.1" 200 27
172.17.200.101 - - [22/Jun/2020:09:31:33 +0800] "GET /xingrg/all/function/internal_message.html?_=1592789493016&CODE_STATE=getMsg HTTP/1.1" 200 27
172.17.0.101 - - [22/Jun/2020:09:31:36 +0800] "GET /xingrg/all/function/internal_message.html?_=1592789508156&CODE_STATE=getMsg HTTP/1.1" 200 27
114.84.151.157 - - [22/Jun/2020:09:31:36 +0800] "GET /xingrg/all/function/internal_message.html?_=1592789497141&CODE_STATE=getMsg HTTP/1.1" 200 27
116.230.77.149 - - [22/Jun/2020:09:31:39 +0800] "GET /xingrg/check_reg.html?_=1592789499848 HTTP/1.1" 200 22
116.230.77.149 - - [22/Jun/2020:09:31:39 +0800] "GET /xingrg/all/function/internal_message.html?_=1592789499913&CODE_STATE=getMsg HTTP/1.1" 200 27
120.253.135.82 - - [22/Jun/2020:09:31:42 +0800] "GET /xingrg/kc/pszx/mdqp_order_list.html?state=10 HTTP/1.1" 200 10079
120.253.135.82 - - [22/Jun/2020:09:31:42 +0800] "GET /xingrg/dwr/interface/AjaxQqpsService.js HTTP/1.1" 200 16326
120.253.135.82 - - [22/Jun/2020:09:31:42 +0800] "GET /xingrg/dwr/interface/AjaxReportQueryService.js HTTP/1.1" 200 13203
120.253.135.82 - - [22/Jun/2020:09:31:42 +0800] "GET /xingrg/dwr/engine.js HTTP/1.1" 200 43631
120.253.135.82 - - [22/Jun/2020:09:31:43 +0800] "POST /xingrg/kc/buy/cgsh_list_operate.html HTTP/1.1" 200 6032
120.253.135.82 - - [22/Jun/2020:09:31:44 +0800] "GET /xingrg/kc/pszx/mdps_order_list.html?orderType=0 HTTP/1.1" 200 20967
120.253.135.82 - - [22/Jun/2020:09:31:44 +0800] "POST /xingrg/kc/pszx/mdps_list_operate.html HTTP/1.1" 200 5467
116.230.77.149 - - [22/Jun/2020:09:31:45 +0800] "GET /xingrg/kc/buy/cgsh_order_operate.html?command=get_materiel&rest_code=00107&code=00101006065&supplier_code=00100010&order_time=2020-06-22 HTTP/1.1" 200 409
101.228.167.227 - - [22/Jun/2020:09:31:47 +0800] "GET /xingrg/all/function/internal_message.html?_=1592789508848&CODE_STATE=getMsg HTTP/1.1" 200 27
120.253.135.82 - - [22/Jun/2020:09:31:50 +0800] "POST /xingrg/kc/pszx/mdps_list_operate.html HTTP/1.1" 200 3144
120.253.135.82 - - [22/Jun/2020:09:31:52 +0800] "POST /xingrg/kc/pszx/mdps_list_operate.html HTTP/1.1" 200 287
114.88.170.9 - - [22/Jun/2020:09:31:53 +0800] "GET /xingrg/all/function/internal_message.html?_=1592789511367&CODE_STATE=getMsg HTTP/1.1" 200 27
116.230.77.149 - - [22/Jun/2020:09:31:57 +0800] "GET /xingrg/kc/buy/cgsh_order_operate.html?command=get_materiel&rest_code=00107&code=00101006195&supplier_code=00100010&order_time=2020-06-22 HTTP/1.1" 200 409
114.89.80.44 - - [22/Jun/2020:09:31:57 +0800] "GET /xingrg/check_reg.html?_=1592789642798 HTTP/1.1" 200 22
114.89.80.44 - - [22/Jun/2020:09:31:57 +0800] "GET /xingrg/all/function/internal_message.html?_=1592789643170&CODE_STATE=getMsg HTTP/1.1" 200 27
114.84.151.157 - - [22/Jun/2020:09:31:58 +0800] "GET /xingrg/check_reg.html?_=1592789518983 HTTP/1.1" 200 22
117.184.7.26 - - [22/Jun/2020:09:32:06 +0800] "GET /xingrg/all/function/internal_message.html?_=1592789524818&CODE_STATE=getMsg HTTP/1.1" 200 27
114.88.170.9 - - [22/Jun/2020:09:32:11 +0800] "GET /xingrg/all/function/internal_message.html?_=1592789545341&CODE_STATE=getMsg HTTP/1.1" 200 27
114.86.190.97 - - [22/Jun/2020:09:32:13 +0800] "GET /xingrg/all/function/internal_message.html?_=1592789534578&CODE_STATE=getMsg HTTP/1.1" 200 27
116.230.77.149 - - [22/Jun/2020:09:32:15 +0800] "GET /xingrg/kc/buy/cgsh_order_operate.html?command=get_materiel&rest_code=00107&code=00101006133&supplier_code=00100010&order_time=2020-06-22 HTTP/1.1" 200 413
61.172.5.115 - - [22/Jun/2020:09:32:17 +0800] "GET /xingrg/all/function/internal_message.html?_=1592789530163&CODE_STATE=getMsg HTTP/1.1" 200 27
114.89.80.44 - - [22/Jun/2020:09:32:18 +0800] "GET /xingrg/all/function/internal_message.html?_=1592789537644&CODE_STATE=getMsg HTTP/1.1" 200 27
120.253.135.82 - - [22/Jun/2020:09:32:20 +0800] "GET /xingrg/kc/buy/buy_main.html HTTP/1.1" 200 12341
120.253.135.82 - - [22/Jun/2020:09:32:20 +0800] "GET /xingrg/css/new_ie.css HTTP/1.1" 404 1036
120.253.135.82 - - [22/Jun/2020:09:32:20 +0800] "GET /xingrg/javascript/jquery_ui/jquery-ui.min.js HTTP/1.1" 200 186181
120.253.135.82 - - [22/Jun/2020:09:32:20 +0800] "GET /xingrg/images/blue/button/cgxqd.gif HTTP/1.1" 200 2619
120.253.135.82 - - [22/Jun/2020:09:32:20 +0800] "GET /xingrg/images/blue/button/cgshd.gif HTTP/1.1" 200 2618
120.253.135.82 - - [22/Jun/2020:09:32:20 +0800] "GET /xingrg/images/blue/button/cgydd.gif HTTP/1.1" 200 2712
120.253.135.82 - - [22/Jun/2020:09:32:20 +0800] "GET /xingrg/images/blue/button/cgfkd.gif HTTP/1.1" 200 2075
120.253.135.82 - - [22/Jun/2020:09:32:20 +0800] "GET /xingrg/images/blue/button/down_ah.jpg HTTP/1.1" 200 1732
120.253.135.82 - - [22/Jun/2020:09:32:20 +0800] "GET /xingrg/images/blue/button/kc.gif HTTP/1.1" 200 2160
120.253.135.82 - - [22/Jun/2020:09:32:20 +0800] "GET /xingrg/images/blue/button/ckthd.gif HTTP/1.1" 200 2045
120.253.135.82 - - [22/Jun/2020:09:32:20 +0800] "GET /xingrg/images/blue/bg_dotted.jpg HTTP/1.1" 200 319
120.253.135.82 - - [22/Jun/2020:09:32:20 +0800] "GET /xingrg/images/blue/button/right_ah.jpg HTTP/1.1" 200 1744
120.253.135.82 - - [22/Jun/2020:09:32:20 +0800] "GET /xingrg/images/blue/pic_form2.gif HTTP/1.1" 200 1853
120.253.135.82 - - [22/Jun/2020:09:32:20 +0800] "GET /xingrg/javascript/jquery_ui/themes/humanity/images/ui-bg_inset-soft_100_f4f0ec_1x100.png HTTP/1.1" 200 141
120.253.135.82 - - [22/Jun/2020:09:32:20 +0800] "GET /xingrg/javascript/jquery_ui/themes/humanity/images/ui-iconsnew.jpg HTTP/1.1" 200 337
120.253.135.82 - - [22/Jun/2020:09:32:20 +0800] "GET /xingrg/javascript/jquery_ui/themes/humanity/images/ui-icons_ffffff_256x240.png HTTP/1.1" 200 4369
120.253.135.82 - - [22/Jun/2020:09:32:20 +0800] "GET /xingrg/javascript/jquery_ui/themes/humanity/images/ui-icons_c47a23_256x240.png HTTP/1.1" 200 5355
120.253.135.82 - - [22/Jun/2020:09:32:20 +0800] "GET /xingrg/javascript/jquery_ui/themes/humanity/images/ui-bg_glass_70_ede4d4_1x400.png HTTP/1.1" 200 161
222.69.139.137 - - [22/Jun/2020:09:32:21 +0800] "GET /xingrg/all/function/internal_message.html?_=1592789540110&CODE_STATE=getMsg HTTP/1.1" 200 27
120.253.135.82 - - [22/Jun/2020:09:32:21 +0800] "GET /xingrg/images/yd/bt.gif HTTP/1.1" 404 1040
120.253.135.82 - - [22/Jun/2020:09:32:24 +0800] "GET /xingrg/kc/buy/cgsh_order_list.html HTTP/1.1" 200 43597
61.172.5.115 - - [22/Jun/2020:09:32:24 +0800] "GET /xingrg/all/function/internal_message.html?_=1592789544090&CODE_STATE=getMsg HTTP/1.1" 200 27
120.253.135.82 - - [22/Jun/2020:09:32:25 +0800] "POST /xingrg/kc/buy/cgsh_list_operate.html HTTP/1.1" 200 876
172.17.0.100 - - [22/Jun/2020:09:32:29 +0800] "GET /xingrg/all/function/internal_message.html?_=1592789548783&CODE_STATE=getMsg HTTP/1.1" 200 27
101.228.167.227 - - [22/Jun/2020:09:32:29 +0800] "GET /xingrg/all/function/internal_message.html?_=1592789551133&CODE_STATE=getMsg HTTP/1.1" 200 27
116.230.77.149 - - [22/Jun/2020:09:32:31 +0800] "GET /xingrg/kc/buy/cgsh_order_operate.html?command=get_materiel&rest_code=00107&code=00101006175&supplier_code=00100010&order_time=2020-06-22 HTTP/1.1" 200 415
120.253.135.82 - - [22/Jun/2020:09:32:32 +0800] "POST /xingrg/kc/buy/cgsh_list_operate.html HTTP/1.1" 200 5808
120.253.135.82 - - [22/Jun/2020:09:32:33 +0800] "GET /xingrg/all/function/internal_message.html?_=1592789307873&CODE_STATE=getMsg HTTP/1.1" 200 27
172.17.200.101 - - [22/Jun/2020:09:32:33 +0800] "GET /xingrg/all/function/internal_message.html?_=1592789553022&CODE_STATE=getMsg HTTP/1.1" 200 27
114.89.80.44 - - [22/Jun/2020:09:32:34 +0800] "GET /xingrg/kc/mdqp/qqps_order_list.html HTTP/1.1" 200 9222
114.89.80.44 - - [22/Jun/2020:09:32:34 +0800] "GET /xingrg/dwr/interface/AjaxQqpsService.js HTTP/1.1" 200 16326
114.89.80.44 - - [22/Jun/2020:09:32:34 +0800] "GET /xingrg/dwr/interface/AjaxReportQueryService.js HTTP/1.1" 200 13203
114.89.80.44 - - [22/Jun/2020:09:32:34 +0800] "GET /xingrg/dwr/engine.js HTTP/1.1" 200 43631
172.17.0.101 - - [22/Jun/2020:09:32:36 +0800] "GET /xingrg/all/function/internal_message.html?_=1592789568157&CODE_STATE=getMsg HTTP/1.1" 200 27
114.84.151.157 - - [22/Jun/2020:09:32:36 +0800] "GET /xingrg/all/function/internal_message.html?_=1592789557111&CODE_STATE=getMsg HTTP/1.1" 200 27
120.253.135.82 - - [22/Jun/2020:09:32:37 +0800] "POST /xingrg/kc/buy/cgsh_list_operate.html HTTP/1.1" 200 6032
114.89.80.44 - - [22/Jun/2020:09:32:38 +0800] "GET /xingrg/kc/mdqp/qqps_order_list.html?isQuery=1&timeSelect=1&orderTime=day&startTime=2020-06-21&endTime=2020-06-22&state=all&query=%C8%B7++%B6%A8 HTTP/1.1" 200 9321
114.89.80.44 - - [22/Jun/2020:09:32:38 +0800] "GET /xingrg/dwr/interface/AjaxReportQueryService.js HTTP/1.1" 200 13203
114.89.80.44 - - [22/Jun/2020:09:32:38 +0800] "GET /xingrg/dwr/interface/AjaxQqpsService.js HTTP/1.1" 200 16326
114.89.80.44 - - [22/Jun/2020:09:32:38 +0800] "GET /xingrg/dwr/engine.js HTTP/1.1" 200 43631
116.230.77.149 - - [22/Jun/2020:09:32:39 +0800] "GET /xingrg/all/function/internal_message.html?_=1592789559937&CODE_STATE=getMsg HTTP/1.1" 200 27
116.230.77.149 - - [22/Jun/2020:09:32:40 +0800] "POST /xingrg/kc/buy/cgsh_order_operate.html HTTP/1.1" 200 37
120.253.135.82 - - [22/Jun/2020:09:32:41 +0800] "POST /xingrg/kc/buy/cgsh_list_operate.html HTTP/1.1" 200 201
120.253.135.82 - - [22/Jun/2020:09:32:42 +0800] "GET /xingrg/kc/buy/cgsh_order_info.html?code=212020062108484 HTTP/1.1" 200 53224
120.253.135.82 - - [22/Jun/2020:09:32:42 +0800] "GET /xingrg/javascript/easyui/themes/default/validatebox.css HTTP/1.1" 404 1104
120.253.135.82 - - [22/Jun/2020:09:32:42 +0800] "POST /xingrg/kc/buy/cgsh_order_operate.html HTTP/1.1" 200 612
116.230.77.149 - - [22/Jun/2020:09:32:42 +0800] "POST /xingrg/kc/buy/cgsh_order_operate.html HTTP/1.1" 200 10351
114.89.80.44 - - [22/Jun/2020:09:32:43 +0800] "POST /xingrg/all/user/operate.html HTTP/1.1" 200 36
114.89.80.44 - - [22/Jun/2020:09:32:43 +0800] "GET /xingrg/index.html?sysBaseUrl=http%3A%2F%2F180.169.147.146%3A18081%2Fxingrg%2F&costTime=38×tamp=1592787221942 HTTP/1.1" 200 17179
114.89.80.44 - - [22/Jun/2020:09:32:43 +0800] "GET /xingrg/javascript/jquery_easy_ui/themes/default/easyui.css HTTP/1.1" 304 -
114.89.80.44 - - [22/Jun/2020:09:32:43 +0800] "GET /xingrg/javascript/jquery_easy_ui/themes/icon.css HTTP/1.1" 304 -
114.89.80.44 - - [22/Jun/2020:09:32:43 +0800] "GET /xingrg/css/form.css HTTP/1.1" 304 -
114.89.80.44 - - [22/Jun/2020:09:32:44 +0800] "GET /xingrg/javascript/jquery-1.4.2.min.js HTTP/1.1" 304 -
114.89.80.44 - - [22/Jun/2020:09:32:44 +0800] "GET /xingrg/javascript/jquery_easy_ui/jquery.easyui.min.js HTTP/1.1" 304 -
114.89.80.44 - - [22/Jun/2020:09:32:44 +0800] "GET /xingrg/javascript/jquery_easy_ui/easyui-lang-zh_CN.js HTTP/1.1" 304 -
114.89.80.44 - - [22/Jun/2020:09:32:44 +0800] "GET /xingrg/javascript/jquery.form.js HTTP/1.1" 304 -
114.89.80.44 - - [22/Jun/2020:09:32:44 +0800] "GET /xingrg/javascript/jquery.utils.js HTTP/1.1" 304 -
114.89.80.44 - - [22/Jun/2020:09:32:44 +0800] "GET /xingrg/javascript/jquery.timers.js HTTP/1.1" 304 -
114.89.80.44 - - [22/Jun/2020:09:32:44 +0800] "GET /xingrg/images/blue/jxLogo.png HTTP/1.1" 304 -
114.89.80.44 - - [22/Jun/2020:09:32:44 +0800] "GET /xingrg/images/blue/navBackgound.jpg HTTP/1.1" 304 -
114.89.80.44 - - [22/Jun/2020:09:32:44 +0800] "GET /xingrg/javascript/jquery_easy_ui/themes/icons/settle_new.png HTTP/1.1" 304 -
114.89.80.44 - - [22/Jun/2020:09:32:44 +0800] "POST /xingrg/all/common/load_tree.html?tree=area_rest_tree_json&manage=1 HTTP/1.1" 200 476
116.230.77.149 - - [22/Jun/2020:09:32:44 +0800] "GET /xingrg/kc/print/load_data.html?order_code=212020062208561&kc_code=cgsh&condition= HTTP/1.1" 200 3632
114.89.80.44 - - [22/Jun/2020:09:32:44 +0800] "GET /xingrg/all/function/internal_message.html?_=1592789563530&CODE_STATE=count HTTP/1.1" 200 11
114.89.80.44 - - [22/Jun/2020:09:32:44 +0800] "GET /xingrg/javascript/jquery_easy_ui/themes/default/images/tabs_leftarrow.png HTTP/1.1" 304 -
114.89.80.44 - - [22/Jun/2020:09:32:44 +0800] "GET /xingrg/check_reg.html?_=1592789563530 HTTP/1.1" 200 22
114.89.80.44 - - [22/Jun/2020:09:32:44 +0800] "GET /xingrg/images/blue/pingpu.png HTTP/1.1" 304 -
114.89.80.44 - - [22/Jun/2020:09:32:44 +0800] "GET /xingrg/javascript/jquery_easy_ui/themes/default/images/tabs_rightarrow.png HTTP/1.1" 304 -
114.89.80.44 - - [22/Jun/2020:09:32:44 +0800] "GET /xingrg/javascript/jquery_easy_ui/themes/default/images/panel_tool_collapse.gif HTTP/1.1" 304 -
114.89.80.44 - - [22/Jun/2020:09:32:44 +0800] "POST /xingrg/load_menu.html HTTP/1.1" 200 5138
120.253.135.82 - - [22/Jun/2020:09:32:44 +0800] "GET /xingrg/kc/print/load_config.html?kc_code=cgsh HTTP/1.1" 200 1845
120.253.135.82 - - [22/Jun/2020:09:32:44 +0800] "GET /xingrg/kc/print/load_data.html?order_code=212020062108484&kc_code=cgsh&condition= HTTP/1.1" 200 697
114.89.80.44 - - [22/Jun/2020:09:32:47 +0800] "GET /xingrg/kc/mdqp/qqps_order_list.html HTTP/1.1" 200 9222
114.89.80.44 - - [22/Jun/2020:09:32:47 +0800] "GET /xingrg/dwr/interface/AjaxQqpsService.js HTTP/1.1" 200 16326
114.89.80.44 - - [22/Jun/2020:09:32:47 +0800] "GET /xingrg/dwr/interface/AjaxReportQueryService.js HTTP/1.1" 200 13203
101.228.167.227 - - [22/Jun/2020:09:32:47 +0800] "GET /xingrg/all/function/internal_message.html?_=1592789568861&CODE_STATE=getMsg HTTP/1.1" 200 27
114.89.80.44 - - [22/Jun/2020:09:32:47 +0800] "GET /xingrg/dwr/engine.js HTTP/1.1" 200 43631
116.230.77.149 - - [22/Jun/2020:09:32:48 +0800] "GET /xingrg/kc/buy/cgsh_order_add.html HTTP/1.1" 200 59127
114.89.80.44 - - [22/Jun/2020:09:32:49 +0800] "GET /xingrg/kc/mdqp/qqps_order_add.html HTTP/1.1" 200 27998
114.89.80.44 - - [22/Jun/2020:09:32:49 +0800] "GET /xingrg/dwr/interface/AjaxComOrderService.js HTTP/1.1" 200 18264
114.89.80.44 - - [22/Jun/2020:09:32:49 +0800] "GET /xingrg/dwr/interface/AjaxQqpsService.js HTTP/1.1" 200 16326
116.230.77.149 - - [22/Jun/2020:09:32:49 +0800] "GET /xingrg/javascript/easyui/themes/default/validatebox.css HTTP/1.1" 404 1104
114.89.80.44 - - [22/Jun/2020:09:32:49 +0800] "GET /xingrg/dwr/engine.js HTTP/1.1" 200 43631
116.230.77.149 - - [22/Jun/2020:09:32:49 +0800] "POST /xingrg/kc/buy/cgsh_order_operate.html HTTP/1.1" 200 8245
116.230.77.149 - - [22/Jun/2020:09:32:50 +0800] "GET /xingrg/javascript/easyui/themes/default/tree.css HTTP/1.1" 404 1090
116.230.77.149 - - [22/Jun/2020:09:32:50 +0800] "POST /xingrg/all/common/load_tree.html?tree=supplier_tree_json&isDelete=1 HTTP/1.1" 200 49174
114.88.170.9 - - [22/Jun/2020:09:32:53 +0800] "GET /xingrg/all/function/internal_message.html?_=1592789571447&CODE_STATE=getMsg HTTP/1.1" 200 27
114.89.80.44 - - [22/Jun/2020:09:32:57 +0800] "GET /xingrg/all/function/internal_message.html?_=1592789703184&CODE_STATE=getMsg HTTP/1.1" 200 27
114.89.80.44 - - [22/Jun/2020:09:32:58 +0800] "POST /xingrg/dwr/call/plaincall/AjaxQqpsService.saveOrder.dwr HTTP/1.1" 200 78
114.89.80.44 - - [22/Jun/2020:09:33:00 +0800] "GET /xingrg/javascript/auto/indicator.gif HTTP/1.1" 404 1066
114.89.80.44 - - [22/Jun/2020:09:33:04 +0800] "POST /xingrg/dwr/call/plaincall/AjaxQqpsService.getMaterielByCode.dwr HTTP/1.1" 200 3590
114.89.80.44 - - [22/Jun/2020:09:33:06 +0800] "POST /xingrg/dwr/call/plaincall/AjaxQqpsService.saveMaterielItem.dwr HTTP/1.1" 200 78
117.184.7.26 - - [22/Jun/2020:09:33:06 +0800] "GET /xingrg/all/function/internal_message.html?_=1592789584792&CODE_STATE=getMsg HTTP/1.1" 200 27
116.230.77.149 - - [22/Jun/2020:09:33:08 +0800] "GET /xingrg/kc/buy/cgsh_order_operate.html?command=get_materiel&rest_code=00107&code=00101007125&supplier_code=00100002&order_time=2020-06-22 HTTP/1.1" 200 406
114.88.170.9 - - [22/Jun/2020:09:33:11 +0800] "GET /xingrg/all/function/internal_message.html?_=1592789605316&CODE_STATE=getMsg HTTP/1.1" 200 27
114.88.170.9 - - [22/Jun/2020:09:33:13 +0800] "GET /xingrg/kc/buy/cgsh_order_list.html HTTP/1.1" 200 43342
114.86.190.97 - - [22/Jun/2020:09:33:13 +0800] "GET /xingrg/all/function/internal_message.html?_=1592789594581&CODE_STATE=getMsg HTTP/1.1" 200 27
114.89.80.44 - - [22/Jun/2020:09:33:14 +0800] "POST /xingrg/dwr/call/plaincall/AjaxQqpsService.getMaterielByCode.dwr HTTP/1.1" 200 3584
114.88.170.9 - - [22/Jun/2020:09:33:14 +0800] "POST /xingrg/kc/buy/cgsh_list_operate.html HTTP/1.1" 200 2050
114.88.170.9 - - [22/Jun/2020:09:33:15 +0800] "GET /xingrg/kc/buy/cgsh_order_add.html HTTP/1.1" 200 59080
114.88.170.9 - - [22/Jun/2020:09:33:15 +0800] "POST /xingrg/kc/buy/cgsh_order_operate.html HTTP/1.1" 200 8245
114.88.170.9 - - [22/Jun/2020:09:33:15 +0800] "GET /xingrg/javascript/easyui/themes/default/validatebox.css HTTP/1.1" 404 1104
114.89.80.44 - - [22/Jun/2020:09:33:16 +0800] "POST /xingrg/dwr/call/plaincall/AjaxQqpsService.saveMaterielItem.dwr HTTP/1.1" 200 78
61.172.5.115 - - [22/Jun/2020:09:33:17 +0800] "GET /xingrg/all/function/internal_message.html?_=1592789590154&CODE_STATE=getMsg HTTP/1.1" 200 27
222.69.139.137 - - [22/Jun/2020:09:33:21 +0800] "GET /xingrg/all/function/internal_message.html?_=1592789600110&CODE_STATE=getMsg HTTP/1.1" 200 27
114.89.80.44 - - [22/Jun/2020:09:33:22 +0800] "POST /xingrg/dwr/call/plaincall/AjaxQqpsService.getMaterielByCode.dwr HTTP/1.1" 200 3641
114.88.170.9 - - [22/Jun/2020:09:33:22 +0800] "GET /xingrg/kc/buy/cgsh_order_operate.html?command=get_materiel&rest_code=00111&code=00101016025&supplier_code=00100037&order_time=2020-06-22 HTTP/1.1" 200 408
116.230.77.149 - - [22/Jun/2020:09:33:23 +0800] "GET /xingrg/kc/buy/cgsh_order_operate.html?command=get_materiel&rest_code=00107&code=00101007007&supplier_code=00100002&order_time=2020-06-22 HTTP/1.1" 200 417
114.89.80.44 - - [22/Jun/2020:09:33:23 +0800] "POST /xingrg/dwr/call/plaincall/AjaxQqpsService.saveMaterielItem.dwr HTTP/1.1" 200 78
61.172.5.115 - - [22/Jun/2020:09:33:24 +0800] "GET /xingrg/check_reg.html?_=1592789604090 HTTP/1.1" 200 22
61.172.5.115 - - [22/Jun/2020:09:33:24 +0800] "GET /xingrg/all/function/internal_message.html?_=1592789604093&CODE_STATE=getMsg HTTP/1.1" 200 27
114.88.170.9 - - [22/Jun/2020:09:33:25 +0800] "GET /xingrg/check_reg.html?_=1592789603003 HTTP/1.1" 200 22
114.89.80.44 - - [22/Jun/2020:09:33:27 +0800] "POST /xingrg/dwr/call/plaincall/AjaxQqpsService.getMaterielByCode.dwr HTTP/1.1" 200 3627
114.89.80.44 - - [22/Jun/2020:09:33:28 +0800] "POST /xingrg/dwr/call/plaincall/AjaxQqpsService.saveMaterielItem.dwr HTTP/1.1" 200 78
114.88.170.9 - - [22/Jun/2020:09:33:29 +0800] "GET /xingrg/kc/buy/cgsh_order_operate.html?command=get_materiel&rest_code=00111&code=00101020153&supplier_code=00100037&order_time=2020-06-22 HTTP/1.1" 200 408
172.17.0.100 - - [22/Jun/2020:09:33:29 +0800] "GET /xingrg/all/function/internal_message.html?_=1592789608812&CODE_STATE=getMsg HTTP/1.1" 200 27
101.228.167.227 - - [22/Jun/2020:09:33:30 +0800] "GET /xingrg/all/function/internal_message.html?_=1592789611266&CODE_STATE=getMsg HTTP/1.1" 200 27
114.89.80.44 - - [22/Jun/2020:09:33:32 +0800] "POST /xingrg/dwr/call/plaincall/AjaxQqpsService.getMaterielByCode.dwr HTTP/1.1" 200 3627
120.253.135.82 - - [22/Jun/2020:09:33:33 +0800] "GET /xingrg/all/function/internal_message.html?_=1592789367888&CODE_STATE=getMsg HTTP/1.1" 200 27
172.17.200.101 - - [22/Jun/2020:09:33:33 +0800] "GET /xingrg/all/function/internal_message.html?_=1592789613010&CODE_STATE=getMsg HTTP/1.1" 200 27
114.89.80.44 - - [22/Jun/2020:09:33:33 +0800] "POST /xingrg/dwr/call/plaincall/AjaxQqpsService.saveMaterielItem.dwr HTTP/1.1" 200 79
116.230.77.149 - - [22/Jun/2020:09:33:33 +0800] "GET /xingrg/kc/buy/cgsh_order_operate.html?command=get_materiel&rest_code=00107&code=00101007059&supplier_code=00100002&order_time=2020-06-22 HTTP/1.1" 200 409
172.17.0.106 - - [22/Jun/2020:09:33:34 +0800] "GET /favicon.ico HTTP/1.1" 404 -
114.88.170.9 - - [22/Jun/2020:09:33:35 +0800] "GET /xingrg/kc/buy/cgsh_order_operate.html?command=get_materiel&rest_code=00111&code=00101004056&supplier_code=00100037&order_time=2020-06-22 HTTP/1.1" 200 418
172.17.0.101 - - [22/Jun/2020:09:33:36 +0800] "GET /xingrg/all/function/internal_message.html?_=1592789628158&CODE_STATE=getMsg HTTP/1.1" 200 27
114.84.151.157 - - [22/Jun/2020:09:33:36 +0800] "GET /xingrg/all/function/internal_message.html?_=1592789617086&CODE_STATE=getMsg HTTP/1.1" 200 27
114.89.80.44 - - [22/Jun/2020:09:33:36 +0800] "POST /xingrg/dwr/call/plaincall/AjaxQqpsService.getMaterielByCode.dwr HTTP/1.1" 200 3673
114.89.80.44 - - [22/Jun/2020:09:33:38 +0800] "POST /xingrg/dwr/call/plaincall/AjaxQqpsService.saveMaterielItem.dwr HTTP/1.1" 200 79
116.230.77.149 - - [22/Jun/2020:09:33:39 +0800] "GET /xingrg/all/function/internal_message.html?_=1592789619917&CODE_STATE=getMsg HTTP/1.1" 200 27
114.89.80.44 - - [22/Jun/2020:09:33:44 +0800] "POST /xingrg/dwr/call/plaincall/AjaxQqpsService.getMaterielByCode.dwr HTTP/1.1" 200 3584
114.89.80.44 - - [22/Jun/2020:09:33:44 +0800] "GET /xingrg/all/function/internal_message.html?_=1592789623539&CODE_STATE=getMsg HTTP/1.1" 200 27
114.88.170.9 - - [22/Jun/2020:09:33:45 +0800] "GET /xingrg/kc/buy/cgsh_order_operate.html?command=get_materiel&rest_code=00111&code=00101016105&supplier_code=00100037&order_time=2020-06-22 HTTP/1.1" 200 409
116.230.77.149 - - [22/Jun/2020:09:33:47 +0800] "GET /xingrg/kc/buy/cgsh_order_operate.html?command=get_materiel&rest_code=00107&code=00101007049&supplier_code=00100002&order_time=2020-06-22 HTTP/1.1" 200 409
101.228.167.227 - - [22/Jun/2020:09:33:48 +0800] "GET /xingrg/all/function/internal_message.html?_=1592789628986&CODE_STATE=getMsg HTTP/1.1" 200 27
114.88.170.9 - - [22/Jun/2020:09:33:52 +0800] "GET /xingrg/kc/buy/cgsh_order_operate.html?command=get_materiel&rest_code=00111&code=00101008092&supplier_code=00100037&order_time=2020-06-22 HTTP/1.1" 200 412
114.88.170.9 - - [22/Jun/2020:09:33:53 +0800] "GET /xingrg/all/function/internal_message.html?_=1592789631457&CODE_STATE=getMsg HTTP/1.1" 200 27
114.89.80.44 - - [22/Jun/2020:09:33:54 +0800] "POST /xingrg/dwr/call/plaincall/AjaxQqpsService.saveMaterielItem.dwr HTTP/1.1" 200 79
114.89.80.44 - - [22/Jun/2020:09:33:57 +0800] "GET /xingrg/all/function/internal_message.html?_=1592789763196&CODE_STATE=getMsg HTTP/1.1" 200 27
114.88.170.9 - - [22/Jun/2020:09:33:58 +0800] "GET /xingrg/kc/buy/cgsh_order_operate.html?command=get_materiel&rest_code=00111&code=00101016030&supplier_code=00100037&order_time=2020-06-22 HTTP/1.1" 200 412
116.230.77.149 - - [22/Jun/2020:09:34:01 +0800] "GET /xingrg/kc/buy/cgsh_order_operate.html?command=get_materiel&rest_code=00107&code=00101007063&supplier_code=00100002&order_time=2020-06-22 HTTP/1.1" 200 409
117.184.7.26 - - [22/Jun/2020:09:34:05 +0800] "GET /xingrg/check_reg.html?_=1592789643819 HTTP/1.1" 200 22
114.88.170.9 - - [22/Jun/2020:09:34:05 +0800] "GET /xingrg/kc/buy/cgsh_order_operate.html?command=get_materiel&rest_code=00111&code=00101009021&supplier_code=00100037&order_time=2020-06-22 HTTP/1.1" 200 416
117.184.7.26 - - [22/Jun/2020:09:34:06 +0800] "GET /xingrg/all/function/internal_message.html?_=1592789644778&CODE_STATE=getMsg HTTP/1.1" 200 27
114.89.80.44 - - [22/Jun/2020:09:34:06 +0800] "POST /xingrg/dwr/call/plaincall/AjaxQqpsService.checkOrder.dwr HTTP/1.1" 200 79
114.89.80.44 - - [22/Jun/2020:09:34:08 +0800] "GET /xingrg/kc/mdqp/qqps_order_info.html?code=302020062200389 HTTP/1.1" 200 26401
114.89.80.44 - - [22/Jun/2020:09:34:08 +0800] "GET /xingrg/dwr/interface/AjaxComOrderService.js HTTP/1.1" 200 18264
114.89.80.44 - - [22/Jun/2020:09:34:08 +0800] "GET /xingrg/dwr/interface/AjaxQqpsService.js HTTP/1.1" 200 16326
114.89.80.44 - - [22/Jun/2020:09:34:08 +0800] "GET /xingrg/dwr/engine.js HTTP/1.1" 200 43631
114.89.80.44 - - [22/Jun/2020:09:34:08 +0800] "POST /xingrg/dwr/call/plaincall/AjaxQqpsService.loadMaterielItems.dwr HTTP/1.1" 200 2031
114.89.80.44 - - [22/Jun/2020:09:34:09 +0800] "GET /xingrg/images/yd/bt.gif HTTP/1.1" 404 1040
114.89.80.44 - - [22/Jun/2020:09:34:10 +0800] "GET /xingrg/kc/mdqp/qqps_order_list.html?isBack=1 HTTP/1.1" 200 9677
114.89.80.44 - - [22/Jun/2020:09:34:10 +0800] "GET /xingrg/dwr/interface/AjaxReportQueryService.js HTTP/1.1" 200 13203
114.89.80.44 - - [22/Jun/2020:09:34:10 +0800] "GET /xingrg/dwr/interface/AjaxQqpsService.js HTTP/1.1" 200 16326
114.89.80.44 - - [22/Jun/2020:09:34:10 +0800] "GET /xingrg/dwr/engine.js HTTP/1.1" 200 43631
114.88.170.9 - - [22/Jun/2020:09:34:11 +0800] "GET /xingrg/all/function/internal_message.html?_=1592789665293&CODE_STATE=getMsg HTTP/1.1" 200 27
114.86.190.97 - - [22/Jun/2020:09:34:13 +0800] "GET /xingrg/all/function/internal_message.html?_=1592789654580&CODE_STATE=getMsg HTTP/1.1" 200 27
114.88.170.9 - - [22/Jun/2020:09:34:14 +0800] "GET /xingrg/kc/buy/cgsh_order_operate.html?command=get_materiel&rest_code=00111&code=00101008200&supplier_code=00100037&order_time=2020-06-22 HTTP/1.1" 200 412
116.230.77.149 - - [22/Jun/2020:09:34:15 +0800] "GET /xingrg/kc/buy/cgsh_order_operate.html?command=get_materiel&rest_code=00107&code=00101007077&supplier_code=00100002&order_time=2020-06-22 HTTP/1.1" 200 415
61.172.5.115 - - [22/Jun/2020:09:34:17 +0800] "GET /xingrg/all/function/internal_message.html?_=1592789650160&CODE_STATE=getMsg HTTP/1.1" 200 27
114.88.170.9 - - [22/Jun/2020:09:34:20 +0800] "GET /xingrg/kc/buy/cgsh_order_operate.html?command=get_materiel&rest_code=00111&code=00101015038&supplier_code=00100037&order_time=2020-06-22 HTTP/1.1" 200 418
222.69.139.137 - - [22/Jun/2020:09:34:21 +0800] "GET /xingrg/check_reg.html?_=1592789660111 HTTP/1.1" 200 22
222.69.139.137 - - [22/Jun/2020:09:34:21 +0800] "GET /xingrg/all/function/internal_message.html?_=1592789660115&CODE_STATE=getMsg HTTP/1.1" 200 27
61.172.5.115 - - [22/Jun/2020:09:34:24 +0800] "GET /xingrg/all/function/internal_message.html?_=1592789664093&CODE_STATE=getMsg HTTP/1.1" 200 27
114.89.80.44 - - [22/Jun/2020:09:34:26 +0800] "GET /xingrg/kc/mdqp/qqps_order_add.html HTTP/1.1" 200 27998
114.89.80.44 - - [22/Jun/2020:09:34:26 +0800] "GET /xingrg/dwr/interface/AjaxQqpsService.js HTTP/1.1" 200 16326
114.89.80.44 - - [22/Jun/2020:09:34:26 +0800] "GET /xingrg/dwr/interface/AjaxComOrderService.js HTTP/1.1" 200 18264
114.89.80.44 - - [22/Jun/2020:09:34:26 +0800] "GET /xingrg/dwr/engine.js HTTP/1.1" 200 43631
114.88.170.9 - - [22/Jun/2020:09:34:27 +0800] "GET /xingrg/kc/buy/cgsh_order_operate.html?command=get_materiel&rest_code=00111&code=00101015046&supplier_code=00100037&order_time=2020-06-22 HTTP/1.1" 200 412
172.17.0.100 - - [22/Jun/2020:09:34:29 +0800] "GET /xingrg/all/function/internal_message.html?_=1592789668811&CODE_STATE=getMsg HTTP/1.1" 200 27
101.228.167.227 - - [22/Jun/2020:09:34:30 +0800] "GET /xingrg/all/function/internal_message.html?_=1592789671296&CODE_STATE=getMsg HTTP/1.1" 200 27
116.230.77.149 - - [22/Jun/2020:09:34:30 +0800] "GET /xingrg/kc/buy/cgsh_order_operate.html?command=get_materiel&rest_code=00107&code=00101007061&supplier_code=00100002&order_time=2020-06-22 HTTP/1.1" 200 409
120.253.135.82 - - [22/Jun/2020:09:34:33 +0800] "GET /xingrg/check_reg.html?_=1592789428045 HTTP/1.1" 200 22
120.253.135.82 - - [22/Jun/2020:09:34:33 +0800] "GET /xingrg/all/function/internal_message.html?_=1592789428046&CODE_STATE=getMsg HTTP/1.1" 200 27
172.17.200.101 - - [22/Jun/2020:09:34:33 +0800] "GET /xingrg/all/function/internal_message.html?_=1592789673013&CODE_STATE=getMsg HTTP/1.1" 200 27
114.89.80.44 - - [22/Jun/2020:09:34:34 +0800] "POST /xingrg/dwr/call/plaincall/AjaxQqpsService.saveOrder.dwr HTTP/1.1" 200 78
114.88.170.9 - - [22/Jun/2020:09:34:35 +0800] "GET /xingrg/kc/buy/cgsh_order_operate.html?command=get_materiel&rest_code=00111&code=00101015035&supplier_code=00100037&order_time=2020-06-22 HTTP/1.1" 200 410
172.17.0.101 - - [22/Jun/2020:09:34:36 +0800] "GET /xingrg/all/function/internal_message.html?_=1592789688159&CODE_STATE=getMsg HTTP/1.1" 200 27
114.84.151.157 - - [22/Jun/2020:09:34:36 +0800] "GET /xingrg/all/function/internal_message.html?_=1592789677067&CODE_STATE=getMsg HTTP/1.1" 200 27
114.89.80.44 - - [22/Jun/2020:09:34:36 +0800] "GET /xingrg/javascript/auto/indicator.gif HTTP/1.1" 404 1066
116.230.77.149 - - [22/Jun/2020:09:34:39 +0800] "GET /xingrg/all/function/internal_message.html?_=1592789679900&CODE_STATE=getMsg HTTP/1.1" 200 27
114.89.80.44 - - [22/Jun/2020:09:34:39 +0800] "POST /xingrg/dwr/call/plaincall/AjaxQqpsService.getMaterielByCode.dwr HTTP/1.1" 200 3584
114.88.170.9 - - [22/Jun/2020:09:34:41 +0800] "GET /xingrg/kc/buy/cgsh_order_operate.html?command=get_materiel&rest_code=00111&code=00101015006&supplier_code=00100037&order_time=2020-06-22 HTTP/1.1" 200 412
114.89.80.44 - - [22/Jun/2020:09:34:41 +0800] "POST /xingrg/dwr/call/plaincall/AjaxQqpsService.saveMaterielItem.dwr HTTP/1.1" 200 78
114.89.80.44 - - [22/Jun/2020:09:34:44 +0800] "GET /xingrg/all/function/internal_message.html?_=1592789683542&CODE_STATE=getMsg HTTP/1.1" 200 27
116.230.77.149 - - [22/Jun/2020:09:34:45 +0800] "GET /xingrg/kc/buy/cgsh_order_operate.html?command=get_materiel&rest_code=00107&code=00101007023&supplier_code=00100002&order_time=2020-06-22 HTTP/1.1" 200 430
114.89.80.44 - - [22/Jun/2020:09:34:46 +0800] "POST /xingrg/dwr/call/plaincall/AjaxQqpsService.getMaterielByCode.dwr HTTP/1.1" 200 3651
101.228.167.227 - - [22/Jun/2020:09:34:48 +0800] "GET /xingrg/all/function/internal_message.html?_=1592789688998&CODE_STATE=getMsg HTTP/1.1" 200 27
114.89.80.44 - - [22/Jun/2020:09:34:48 +0800] "POST /xingrg/dwr/call/plaincall/AjaxQqpsService.saveMaterielItem.dwr HTTP/1.1" 200 78
116.230.77.149 - - [22/Jun/2020:09:34:52 +0800] "POST /xingrg/kc/buy/cgsh_order_operate.html HTTP/1.1" 200 37
172.17.0.103 - - [22/Jun/2020:09:34:53 +0800] "GET /favicon.ico HTTP/1.1" 404 -
114.88.170.9 - - [22/Jun/2020:09:34:53 +0800] "GET /xingrg/all/function/internal_message.html?_=1592789691469&CODE_STATE=getMsg HTTP/1.1" 200 27
116.230.77.149 - - [22/Jun/2020:09:34:53 +0800] "POST /xingrg/kc/buy/cgsh_order_operate.html HTTP/1.1" 200 6784
116.230.77.149 - - [22/Jun/2020:09:34:55 +0800] "GET /xingrg/kc/print/load_data.html?order_code=212020062208562&kc_code=cgsh&condition= HTTP/1.1" 200 2301
114.89.80.44 - - [22/Jun/2020:09:34:55 +0800] "POST /xingrg/dwr/call/plaincall/AjaxQqpsService.getMaterielByCode.dwr HTTP/1.1" 200 3671
114.89.80.44 - - [22/Jun/2020:09:34:56 +0800] "POST /xingrg/dwr/call/plaincall/AjaxQqpsService.saveMaterielItem.dwr HTTP/1.1" 200 78
114.88.170.9 - - [22/Jun/2020:09:34:57 +0800] "GET /xingrg/kc/buy/cgsh_order_operate.html?command=get_materiel&rest_code=00111&code=00101005004&supplier_code=00100037&order_time=2020-06-22 HTTP/1.1" 200 409
114.89.80.44 - - [22/Jun/2020:09:34:57 +0800] "GET /xingrg/all/function/internal_message.html?_=1592789823239&CODE_STATE=getMsg HTTP/1.1" 200 27
116.230.77.149 - - [22/Jun/2020:09:34:59 +0800] "GET /xingrg/kc/buy/cgsh_order_add.html HTTP/1.1" 200 59127
116.230.77.149 - - [22/Jun/2020:09:34:59 +0800] "POST /xingrg/kc/buy/cgsh_order_operate.html HTTP/1.1" 200 8245
116.230.77.149 - - [22/Jun/2020:09:34:59 +0800] "GET /xingrg/javascript/easyui/themes/default/validatebox.css HTTP/1.1" 404 1104
116.230.77.149 - - [22/Jun/2020:09:35:01 +0800] "GET /xingrg/javascript/easyui/themes/default/tree.css HTTP/1.1" 404 1090
116.230.77.149 - - [22/Jun/2020:09:35:02 +0800] "POST /xingrg/all/common/load_tree.html?tree=supplier_tree_json&isDelete=1 HTTP/1.1" 200 49174
114.89.80.44 - - [22/Jun/2020:09:35:02 +0800] "POST /xingrg/dwr/call/plaincall/AjaxQqpsService.getMaterielByCode.dwr HTTP/1.1" 200 3577
114.88.170.9 - - [22/Jun/2020:09:35:02 +0800] "POST /xingrg/kc/buy/cgsh_order_operate.html HTTP/1.1" 200 37
114.88.170.9 - - [22/Jun/2020:09:35:03 +0800] "POST /xingrg/kc/buy/cgsh_order_operate.html HTTP/1.1" 200 9760
114.89.80.44 - - [22/Jun/2020:09:35:05 +0800] "POST /xingrg/dwr/call/plaincall/AjaxQqpsService.saveMaterielItem.dwr HTTP/1.1" 200 78
117.184.7.26 - - [22/Jun/2020:09:35:06 +0800] "GET /xingrg/all/function/internal_message.html?_=1592789704763&CODE_STATE=getMsg HTTP/1.1" 200 27
114.88.170.9 - - [22/Jun/2020:09:35:11 +0800] "GET /xingrg/all/function/internal_message.html?_=1592789725262&CODE_STATE=getMsg HTTP/1.1" 200 27
114.88.170.9 - - [22/Jun/2020:09:35:11 +0800] "GET /xingrg/check_reg.html?_=1592789725655 HTTP/1.1" 200 22
114.86.190.97 - - [22/Jun/2020:09:35:13 +0800] "GET /xingrg/all/function/internal_message.html?_=1592789714587&CODE_STATE=getMsg HTTP/1.1" 200 27
116.230.77.149 - - [22/Jun/2020:09:35:14 +0800] "GET /xingrg/kc/buy/cgsh_order_operate.html?command=get_materiel&rest_code=00107&code=00101010161&supplier_code=00100041&order_time=2020-06-22 HTTP/1.1" 200 409
61.172.5.115 - - [22/Jun/2020:09:35:17 +0800] "GET /xingrg/all/function/internal_message.html?_=1592789710162&CODE_STATE=getMsg HTTP/1.1" 200 27
61.172.5.115 - - [22/Jun/2020:09:35:17 +0800] "GET /xingrg/check_reg.html?_=1592789710171 HTTP/1.1" 200 22
114.89.80.44 - - [22/Jun/2020:09:35:17 +0800] "POST /xingrg/dwr/call/plaincall/AjaxQqpsService.getMaterielByCode.dwr HTTP/1.1" 200 3622
114.89.80.44 - - [22/Jun/2020:09:35:20 +0800] "POST /xingrg/dwr/call/plaincall/AjaxQqpsService.saveMaterielItem.dwr HTTP/1.1" 200 79
222.69.139.137 - - [22/Jun/2020:09:35:21 +0800] "GET /xingrg/all/function/internal_message.html?_=1592789720101&CODE_STATE=getMsg HTTP/1.1" 200 27
114.89.80.44 - - [22/Jun/2020:09:35:22 +0800] "POST /xingrg/dwr/call/plaincall/AjaxQqpsService.checkOrder.dwr HTTP/1.1" 200 79
114.89.80.44 - - [22/Jun/2020:09:35:23 +0800] "GET /xingrg/kc/mdqp/qqps_order_info.html?code=302020062200390 HTTP/1.1" 200 26401
114.89.80.44 - - [22/Jun/2020:09:35:23 +0800] "GET /xingrg/dwr/interface/AjaxComOrderService.js HTTP/1.1" 200 18264
114.89.80.44 - - [22/Jun/2020:09:35:23 +0800] "GET /xingrg/dwr/interface/AjaxQqpsService.js HTTP/1.1" 200 16326
114.89.80.44 - - [22/Jun/2020:09:35:23 +0800] "GET /xingrg/dwr/engine.js HTTP/1.1" 200 43631
114.89.80.44 - - [22/Jun/2020:09:35:23 +0800] "POST /xingrg/dwr/call/plaincall/AjaxQqpsService.loadMaterielItems.dwr HTTP/1.1" 200 1487
61.172.5.115 - - [22/Jun/2020:09:35:24 +0800] "GET /xingrg/all/function/internal_message.html?_=1592789724093&CODE_STATE=getMsg HTTP/1.1" 200 27
114.89.80.44 - - [22/Jun/2020:09:35:27 +0800] "POST /xingrg/all/user/operate.html HTTP/1.1" 200 36
114.89.80.44 - - [22/Jun/2020:09:35:27 +0800] "GET /xingrg/index.html?sysBaseUrl=http%3A%2F%2F180.169.147.146%3A18081%2Fxingrg%2F&costTime=38×tamp=1592787221942 HTTP/1.1" 200 17177
114.89.80.44 - - [22/Jun/2020:09:35:27 +0800] "GET /xingrg/javascript/jquery_easy_ui/themes/default/easyui.css HTTP/1.1" 304 -
114.89.80.44 - - [22/Jun/2020:09:35:27 +0800] "GET /xingrg/javascript/jquery_easy_ui/themes/icon.css HTTP/1.1" 304 -
114.89.80.44 - - [22/Jun/2020:09:35:27 +0800] "GET /xingrg/css/form.css HTTP/1.1" 304 -
114.89.80.44 - - [22/Jun/2020:09:35:27 +0800] "GET /xingrg/javascript/jquery-1.4.2.min.js HTTP/1.1" 304 -
114.89.80.44 - - [22/Jun/2020:09:35:27 +0800] "GET /xingrg/javascript/jquery_easy_ui/jquery.easyui.min.js HTTP/1.1" 304 -
114.89.80.44 - - [22/Jun/2020:09:35:27 +0800] "GET /xingrg/javascript/jquery_easy_ui/easyui-lang-zh_CN.js HTTP/1.1" 304 -
114.89.80.44 - - [22/Jun/2020:09:35:27 +0800] "GET /xingrg/javascript/jquery.form.js HTTP/1.1" 304 -
114.89.80.44 - - [22/Jun/2020:09:35:27 +0800] "GET /xingrg/javascript/jquery.utils.js HTTP/1.1" 304 -
114.89.80.44 - - [22/Jun/2020:09:35:27 +0800] "GET /xingrg/javascript/jquery.timers.js HTTP/1.1" 304 -
114.89.80.44 - - [22/Jun/2020:09:35:27 +0800] "GET /xingrg/images/blue/jxLogo.png HTTP/1.1" 304 -
114.89.80.44 - - [22/Jun/2020:09:35:27 +0800] "GET /xingrg/images/blue/navBackgound.jpg HTTP/1.1" 304 -
114.89.80.44 - - [22/Jun/2020:09:35:27 +0800] "GET /xingrg/javascript/jquery_easy_ui/themes/icons/settle_new.png HTTP/1.1" 304 -
