116.230.77.149 - - [18/Jun/2020:10:01:02 +0800] "GET /xingrg/javascript/jquery_easy_ui/themes/icons/search_new.png HTTP/1.1" 200 586
116.230.77.149 - - [18/Jun/2020:10:01:02 +0800] "GET /xingrg/javascript/jquery_easy_ui/themes/default/images/tree_folder.gif HTTP/1.1" 200 952
116.230.77.149 - - [18/Jun/2020:10:01:02 +0800] "GET /xingrg/javascript/jquery_easy_ui/themes/icons/storage_new.png HTTP/1.1" 200 853
116.230.77.149 - - [18/Jun/2020:10:01:02 +0800] "GET /xingrg/javascript/jquery_easy_ui/themes/icons/checkout_new.png HTTP/1.1" 200 744
116.230.77.149 - - [18/Jun/2020:10:01:02 +0800] "GET /xingrg/javascript/jquery_easy_ui/themes/icons/forms_new.png HTTP/1.1" 200 350
116.230.77.149 - - [18/Jun/2020:10:01:02 +0800] "GET /xingrg/javascript/jquery_easy_ui/themes/icons/setting_new.png HTTP/1.1" 200 450
116.230.77.149 - - [18/Jun/2020:10:01:02 +0800] "GET /xingrg/javascript/jquery_easy_ui/themes/icons/systemset_new.png HTTP/1.1" 200 606
116.230.77.149 - - [18/Jun/2020:10:01:02 +0800] "GET /xingrg/javascript/jquery_easy_ui/themes/default/images/tree_file.gif HTTP/1.1" 200 118
116.233.76.39 - - [18/Jun/2020:10:01:06 +0800] "GET /xingrg/check_reg.html?_=1592445894218 HTTP/1.1" 200 22
116.233.76.39 - - [18/Jun/2020:10:01:06 +0800] "GET /xingrg/all/function/internal_message.html?_=1592445894312&CODE_STATE=getMsg HTTP/1.1" 200 27
180.175.214.200 - - [18/Jun/2020:10:01:08 +0800] "POST /xingrg/kc/buy/cgsh_order_operate.html HTTP/1.1" 200 37
180.175.214.200 - - [18/Jun/2020:10:01:10 +0800] "POST /xingrg/kc/buy/cgsh_order_operate.html HTTP/1.1" 200 12
180.175.214.200 - - [18/Jun/2020:10:01:11 +0800] "GET /xingrg/kc/buy/cgsh_order_info.html?code=212020061806949 HTTP/1.1" 200 53893
180.175.214.200 - - [18/Jun/2020:10:01:12 +0800] "GET /xingrg/javascript/easyui/themes/default/validatebox.css HTTP/1.1" 404 1104
180.175.214.200 - - [18/Jun/2020:10:01:12 +0800] "POST /xingrg/kc/buy/cgsh_order_operate.html HTTP/1.1" 200 7139
117.184.7.26 - - [18/Jun/2020:10:01:14 +0800] "GET /xingrg/all/function/internal_message.html?_=1592445666007&CODE_STATE=getMsg HTTP/1.1" 200 27
180.175.214.200 - - [18/Jun/2020:10:01:14 +0800] "GET /xingrg/kc/print/load_data.html?order_code=212020061806949&kc_code=cgsh&condition= HTTP/1.1" 200 3257
172.17.0.120 - - [18/Jun/2020:10:01:16 +0800] "GET /xingrg/all/function/internal_message.html?_=1592445673660&CODE_STATE=getMsg HTTP/1.1" 200 27
114.89.80.44 - - [18/Jun/2020:10:01:17 +0800] "POST /xingrg/kc/buy/cgsh_order_operate.html HTTP/1.1" 200 37
114.89.80.44 - - [18/Jun/2020:10:01:20 +0800] "POST /xingrg/kc/buy/cgsh_order_operate.html HTTP/1.1" 200 12
114.89.80.44 - - [18/Jun/2020:10:01:21 +0800] "GET /xingrg/kc/buy/cgsh_order_info.html?code=212020061806950 HTTP/1.1" 200 53909
114.89.80.44 - - [18/Jun/2020:10:01:21 +0800] "GET /xingrg/javascript/easyui/themes/default/validatebox.css HTTP/1.1" 404 1104
114.89.80.44 - - [18/Jun/2020:10:01:22 +0800] "POST /xingrg/kc/buy/cgsh_order_operate.html HTTP/1.1" 200 1187
114.89.80.44 - - [18/Jun/2020:10:01:23 +0800] "GET /xingrg/kc/print/load_data.html?order_code=212020061806950&kc_code=cgsh&condition= HTTP/1.1" 200 991
101.228.167.227 - - [18/Jun/2020:10:01:25 +0800] "GET /xingrg/all/function/internal_message.html?_=1592445694454&CODE_STATE=getMsg HTTP/1.1" 200 27
180.175.214.200 - - [18/Jun/2020:10:01:26 +0800] "POST /xingrg/kc/buy/cgsh_list_operate.html HTTP/1.1" 200 5799
114.89.80.44 - - [18/Jun/2020:10:01:26 +0800] "GET /xingrg/all/function/internal_message.html?_=1592445813525&CODE_STATE=getMsg HTTP/1.1" 200 27
114.84.151.157 - - [18/Jun/2020:10:01:27 +0800] "GET /xingrg/all/function/internal_message.html?_=1592445679105&CODE_STATE=getMsg HTTP/1.1" 200 27
172.17.0.185 - - [18/Jun/2020:10:01:28 +0800] "GET /xingrg/all/function/internal_message.html?_=1592445684216&CODE_STATE=getMsg HTTP/1.1" 200 27
172.17.0.185 - - [18/Jun/2020:10:01:28 +0800] "GET /xingrg/check_reg.html?_=1592445684608 HTTP/1.1" 200 22
61.172.5.115 - - [18/Jun/2020:10:01:32 +0800] "GET /xingrg/all/function/internal_message.html?_=1592445690218&CODE_STATE=getMsg HTTP/1.1" 200 27
114.88.170.9 - - [18/Jun/2020:10:01:33 +0800] "POST /xingrg/kc/buy/cgsh_order_operate.html HTTP/1.1" 200 3848
172.17.200.101 - - [18/Jun/2020:10:01:34 +0800] "GET /xingrg/all/function/internal_message.html?_=1592445696115&CODE_STATE=getMsg HTTP/1.1" 200 27
114.88.170.9 - - [18/Jun/2020:10:01:36 +0800] "GET /xingrg/all/function/internal_message.html?_=1592445692574&CODE_STATE=getMsg HTTP/1.1" 200 27
116.230.77.149 - - [18/Jun/2020:10:01:38 +0800] "GET /xingrg/all/function/internal_message.html?_=1592445687131&CODE_STATE=getMsg HTTP/1.1" 200 27
114.88.170.9 - - [18/Jun/2020:10:01:40 +0800] "GET /xingrg/kc/print/load_data.html?order_code=212020061806948&kc_code=cgsh&condition= HTTP/1.1" 200 1130
114.88.170.9 - - [18/Jun/2020:10:01:40 +0800] "GET /xingrg/all/function/internal_message.html?_=1592445708864&CODE_STATE=getMsg HTTP/1.1" 200 27
120.253.135.82 - - [18/Jun/2020:10:01:40 +0800] "GET /xingrg/all/function/internal_message.html?_=1592445828769&CODE_STATE=getMsg HTTP/1.1" 200 27
172.17.0.100 - - [18/Jun/2020:10:01:46 +0800] "GET /xingrg/all/function/internal_message.html?_=1592445703548&CODE_STATE=getMsg HTTP/1.1" 200 27
180.175.214.200 - - [18/Jun/2020:10:01:46 +0800] "GET /xingrg/all/function/internal_message.html?_=1592445908693&CODE_STATE=getMsg HTTP/1.1" 200 27
114.89.80.44 - - [18/Jun/2020:10:01:53 +0800] "GET /xingrg/all/function/internal_message.html?_=1592445709911&CODE_STATE=getMsg HTTP/1.1" 200 27
101.228.167.227 - - [18/Jun/2020:10:01:55 +0800] "GET /xingrg/all/function/internal_message.html?_=1592445730395&CODE_STATE=getMsg HTTP/1.1" 200 27
222.69.133.181 - - [18/Jun/2020:10:01:57 +0800] "GET /xingrg/all/function/internal_message.html?_=1592445709667&CODE_STATE=getMsg HTTP/1.1" 200 27
114.86.190.97 - - [18/Jun/2020:10:02:00 +0800] "GET /xingrg/all/function/internal_message.html?_=1592445720139&CODE_STATE=getMsg HTTP/1.1" 200 27
180.162.102.27 - - [18/Jun/2020:10:02:01 +0800] "GET /xingrg/all/function/internal_message.html?_=1592445686250&CODE_STATE=getMsg HTTP/1.1" 200 27
172.17.0.101 - - [18/Jun/2020:10:02:01 +0800] "GET /xingrg/all/function/internal_message.html?_=1592445728440&CODE_STATE=getMsg HTTP/1.1" 200 27
172.17.0.240 - - [18/Jun/2020:10:02:01 +0800] "GET /xingrg/all/function/internal_message.html?_=1592445716921&CODE_STATE=getMsg HTTP/1.1" 200 27
116.230.77.149 - - [18/Jun/2020:10:02:02 +0800] "GET /xingrg/all/function/internal_message.html?_=1592445719515&CODE_STATE=getMsg HTTP/1.1" 200 27
116.233.76.39 - - [18/Jun/2020:10:02:05 +0800] "GET /xingrg/all/function/internal_message.html?_=1592445954312&CODE_STATE=getMsg HTTP/1.1" 200 27
116.230.77.149 - - [18/Jun/2020:10:02:09 +0800] "GET /xingrg/javascript/jquery_easy_ui/themes/default/images/tabs_active.png HTTP/1.1" 200 2894
114.89.80.44 - - [18/Jun/2020:10:02:11 +0800] "GET /xingrg/check_reg.html?_=1592445858143 HTTP/1.1" 200 22
116.230.77.149 - - [18/Jun/2020:10:02:12 +0800] "POST /xingrg/load_menu.html HTTP/1.1" 200 10168
114.88.170.9 - - [18/Jun/2020:10:02:13 +0800] "GET /xingrg/kc/buy/cgsh_order_list.html HTTP/1.1" 200 43342
117.184.7.26 - - [18/Jun/2020:10:02:14 +0800] "GET /xingrg/all/function/internal_message.html?_=1592445726110&CODE_STATE=getMsg HTTP/1.1" 200 27
114.88.170.9 - - [18/Jun/2020:10:02:15 +0800] "POST /xingrg/kc/buy/cgsh_list_operate.html HTTP/1.1" 200 2769
172.17.0.120 - - [18/Jun/2020:10:02:16 +0800] "GET /xingrg/all/function/internal_message.html?_=1592445733662&CODE_STATE=getMsg HTTP/1.1" 200 27
114.88.170.9 - - [18/Jun/2020:10:02:24 +0800] "POST /xingrg/kc/buy/cgsh_list_operate.html HTTP/1.1" 200 5393
101.228.167.227 - - [18/Jun/2020:10:02:25 +0800] "GET /xingrg/all/function/internal_message.html?_=1592445754456&CODE_STATE=getMsg HTTP/1.1" 200 27
114.89.80.44 - - [18/Jun/2020:10:02:26 +0800] "GET /xingrg/all/function/internal_message.html?_=1592445873531&CODE_STATE=getMsg HTTP/1.1" 200 27
114.84.151.157 - - [18/Jun/2020:10:02:27 +0800] "GET /xingrg/all/function/internal_message.html?_=1592445739102&CODE_STATE=getMsg HTTP/1.1" 200 27
172.17.0.185 - - [18/Jun/2020:10:02:28 +0800] "GET /xingrg/all/function/internal_message.html?_=1592445744194&CODE_STATE=getMsg HTTP/1.1" 200 27
114.88.170.9 - - [18/Jun/2020:10:02:31 +0800] "POST /xingrg/kc/buy/cgsh_list_operate.html HTTP/1.1" 200 565
114.88.170.9 - - [18/Jun/2020:10:02:31 +0800] "GET /xingrg/kc/buy/cgsh_order_info.html?code=212020061706574 HTTP/1.1" 200 53983
114.88.170.9 - - [18/Jun/2020:10:02:32 +0800] "GET /xingrg/javascript/easyui/themes/default/validatebox.css HTTP/1.1" 404 1104
61.172.5.115 - - [18/Jun/2020:10:02:32 +0800] "GET /xingrg/all/function/internal_message.html?_=1592445750216&CODE_STATE=getMsg HTTP/1.1" 200 27
114.88.170.9 - - [18/Jun/2020:10:02:32 +0800] "POST /xingrg/kc/buy/cgsh_order_operate.html HTTP/1.1" 200 39610
172.17.200.101 - - [18/Jun/2020:10:02:34 +0800] "GET /xingrg/all/function/internal_message.html?_=1592445756116&CODE_STATE=getMsg HTTP/1.1" 200 27
114.88.170.9 - - [18/Jun/2020:10:02:36 +0800] "GET /xingrg/all/function/internal_message.html?_=1592445752637&CODE_STATE=getMsg HTTP/1.1" 200 27
116.230.77.149 - - [18/Jun/2020:10:02:38 +0800] "GET /xingrg/all/function/internal_message.html?_=1592445747125&CODE_STATE=getMsg HTTP/1.1" 200 27
114.88.170.9 - - [18/Jun/2020:10:02:40 +0800] "GET /xingrg/all/function/internal_message.html?_=1592445768834&CODE_STATE=getMsg HTTP/1.1" 200 27
120.253.135.82 - - [18/Jun/2020:10:02:41 +0800] "GET /xingrg/all/function/internal_message.html?_=1592445888784&CODE_STATE=getMsg HTTP/1.1" 200 27
116.230.77.149 - - [18/Jun/2020:10:02:41 +0800] "GET /xingrg/javascript/jquery_easy_ui/themes/default/images/tabs_close.gif HTTP/1.1" 200 829
116.230.77.149 - - [18/Jun/2020:10:02:41 +0800] "GET /xingrg/css/table.css HTTP/1.1" 200 3684
116.230.77.149 - - [18/Jun/2020:10:02:41 +0800] "GET /xingrg/dwr/interface/AjaxGetFirstChart.js HTTP/1.1" 200 631
116.230.77.149 - - [18/Jun/2020:10:02:41 +0800] "GET /xingrg/system/rest/list_page.html?p=menu HTTP/1.1" 200 112918
116.230.77.149 - - [18/Jun/2020:10:02:41 +0800] "GET /xingrg/dwr/engine.js HTTP/1.1" 200 43631
116.230.77.149 - - [18/Jun/2020:10:02:41 +0800] "GET /xingrg/dwr/util.js HTTP/1.1" 200 35990
116.230.77.149 - - [18/Jun/2020:10:02:41 +0800] "GET /xingrg/javascript/Calendar.js HTTP/1.1" 200 31561
116.230.77.149 - - [18/Jun/2020:10:02:41 +0800] "GET /xingrg/javascript/jquery.shich.js HTTP/1.1" 200 4857
116.230.77.149 - - [18/Jun/2020:10:02:41 +0800] "GET /xingrg/javascript/convert.js HTTP/1.1" 200 1239
116.230.77.149 - - [18/Jun/2020:10:02:42 +0800] "GET /xingrg/images/control/ajaxLoader.gif HTTP/1.1" 200 4659
116.230.77.149 - - [18/Jun/2020:10:02:42 +0800] "GET /xingrg/javascript/jquery_easy_ui/themes/icons/search.png HTTP/1.1" 200 813
116.230.77.149 - - [18/Jun/2020:10:02:42 +0800] "GET /xingrg/javascript/jquery_easy_ui/themes/default/images/button_a_bg.gif HTTP/1.1" 200 1194
116.230.77.149 - - [18/Jun/2020:10:02:42 +0800] "GET /xingrg/javascript/jquery_easy_ui/themes/icons/edit_add.png HTTP/1.1" 200 1088
116.230.77.149 - - [18/Jun/2020:10:02:42 +0800] "GET /xingrg/javascript/jquery_easy_ui/themes/icons/pencil.png HTTP/1.1" 200 713
116.230.77.149 - - [18/Jun/2020:10:02:42 +0800] "GET /xingrg/javascript/jquery_easy_ui/themes/icons/edit_remove.png HTTP/1.1" 200 625
116.230.77.149 - - [18/Jun/2020:10:02:42 +0800] "GET /xingrg/javascript/jquery_easy_ui/themes/icons/check_new.png HTTP/1.1" 200 3224
116.230.77.149 - - [18/Jun/2020:10:02:42 +0800] "GET /xingrg/javascript/jquery_easy_ui/themes/icons/uncheck_new.png HTTP/1.1" 200 3197
116.230.77.149 - - [18/Jun/2020:10:02:42 +0800] "GET /xingrg/javascript/jquery_easy_ui/themes/default/images/button_span_bg.gif HTTP/1.1" 200 2061
116.230.77.149 - - [18/Jun/2020:10:02:42 +0800] "GET /xingrg/javascript/jquery_easy_ui/themes/icons/ok.png HTTP/1.1" 200 883
116.230.77.149 - - [18/Jun/2020:10:02:42 +0800] "GET /xingrg/javascript/jquery_easy_ui/themes/default/images/datagrid_header_bg.gif HTTP/1.1" 200 97
116.230.77.149 - - [18/Jun/2020:10:02:42 +0800] "GET /xingrg/javascript/jquery_easy_ui/themes/default/images/pagination_first.gif HTTP/1.1" 200 925
116.230.77.149 - - [18/Jun/2020:10:02:42 +0800] "GET /xingrg/javascript/jquery_easy_ui/themes/default/images/pagination_prev.gif HTTP/1.1" 200 879
116.230.77.149 - - [18/Jun/2020:10:02:42 +0800] "GET /xingrg/javascript/jquery_easy_ui/themes/default/images/pagination_next.gif HTTP/1.1" 200 875
116.230.77.149 - - [18/Jun/2020:10:02:42 +0800] "GET /xingrg/javascript/jquery_easy_ui/themes/default/images/pagination_last.gif HTTP/1.1" 200 923
116.230.77.149 - - [18/Jun/2020:10:02:42 +0800] "GET /xingrg/javascript/jquery_easy_ui/themes/default/images/pagination_load.png HTTP/1.1" 200 827
116.230.77.149 - - [18/Jun/2020:10:02:42 +0800] "GET /xingrg/javascript/jquery_easy_ui/themes/default/images/pagination_loading.gif HTTP/1.1" 200 1737
116.230.77.149 - - [18/Jun/2020:10:02:42 +0800] "GET /xingrg/system/rest/query_items.html?_=1592445760086&table=menu&page=1&rows=20&categoryId=&key= HTTP/1.1" 200 4729
172.17.0.100 - - [18/Jun/2020:10:02:46 +0800] "GET /xingrg/all/function/internal_message.html?_=1592445763547&CODE_STATE=getMsg HTTP/1.1" 200 27
180.175.214.200 - - [18/Jun/2020:10:02:46 +0800] "GET /xingrg/all/function/internal_message.html?_=1592445968707&CODE_STATE=getMsg HTTP/1.1" 200 27
116.230.77.149 - - [18/Jun/2020:10:02:48 +0800] "GET /xingrg/system/rest/query_items.html?_=1592445765506&table=menu&page=1&rows=20&categoryId=&key=%25E9%259D%25A2%25E5%258C%2585%25E8%259F%25B9 HTTP/1.1" 200 486
116.230.77.149 - - [18/Jun/2020:10:02:49 +0800] "GET /xingrg/system/rest/query_items.html?_=1592445766778&table=menu&page=1&rows=20&categoryId=&key=%25E9%259D%25A2%25E5%258C%2585%25E8%259F%25B9 HTTP/1.1" 200 486
116.230.77.149 - - [18/Jun/2020:10:02:50 +0800] "GET /xingrg/system/rest/get_item.html?table=menu&id=2020&_=1592445767587 HTTP/1.1" 200 941
116.230.77.149 - - [18/Jun/2020:10:02:50 +0800] "GET /xingrg/system/rest/get_item.html?table=menu&target=menu_rest&id=2020&_=1592445767614 HTTP/1.1" 200 756
116.230.77.149 - - [18/Jun/2020:10:02:50 +0800] "GET /xingrg/system/rest/get_item.html?table=menu&target=cook_mode&id=2020&_=1592445767613 HTTP/1.1" 200 14834
116.230.77.149 - - [18/Jun/2020:10:02:50 +0800] "GET /xingrg/javascript/jquery_easy_ui/themes/default/images/panel_title.png HTTP/1.1" 200 266
116.230.77.149 - - [18/Jun/2020:10:02:50 +0800] "GET /xingrg/javascript/jquery_easy_ui/themes/default/images/panel_tools.gif HTTP/1.1" 200 737
116.230.77.149 - - [18/Jun/2020:10:02:50 +0800] "GET /xingrg/system/rest/get_infos.html?command=menu_img_show&id=2020 HTTP/1.1" 200 5
116.230.77.149 - - [18/Jun/2020:10:02:50 +0800] "GET /xingrg/javascript/jquery_easy_ui/themes/default/images/button_plain_hover.png HTTP/1.1" 200 252
116.230.77.149 - - [18/Jun/2020:10:02:50 +0800] "GET /xingrg/system/rest/get_item.html?table=menu&id=2020&_=1592445768472 HTTP/1.1" 200 941
116.230.77.149 - - [18/Jun/2020:10:02:51 +0800] "GET /xingrg/system/rest/get_item.html?table=menu&target=menu_rest&id=2020&_=1592445768476 HTTP/1.1" 200 756
116.230.77.149 - - [18/Jun/2020:10:02:51 +0800] "GET /xingrg/system/rest/get_item.html?table=menu&target=cook_mode&id=2020&_=1592445768476 HTTP/1.1" 200 14834
101.91.60.105 - - [18/Jun/2020:10:02:51 +0800] "GET /xingrg/all/function/internal_message.html?_=1592445019064&CODE_STATE=getMsg HTTP/1.1" 302 -
114.89.80.44 - - [18/Jun/2020:10:02:53 +0800] "GET /xingrg/all/function/internal_message.html?_=1592445769906&CODE_STATE=getMsg HTTP/1.1" 200 27
101.228.167.227 - - [18/Jun/2020:10:02:55 +0800] "GET /xingrg/all/function/internal_message.html?_=1592445790408&CODE_STATE=getMsg HTTP/1.1" 200 27
101.89.239.230 - - [18/Jun/2020:10:02:55 +0800] "GET /xingrg/check_reg.html?_=1592445019062 HTTP/1.1" 302 -
101.91.60.105 - - [18/Jun/2020:10:02:56 +0800] "GET /xingrg/login.html HTTP/1.1" 200 7641
222.69.133.181 - - [18/Jun/2020:10:02:57 +0800] "GET /xingrg/all/function/internal_message.html?_=1592445769666&CODE_STATE=getMsg HTTP/1.1" 200 27
222.69.133.181 - - [18/Jun/2020:10:02:57 +0800] "GET /xingrg/check_reg.html?_=1592445769667 HTTP/1.1" 200 22
114.86.190.97 - - [18/Jun/2020:10:03:00 +0800] "GET /xingrg/all/function/internal_message.html?_=1592445780133&CODE_STATE=getMsg HTTP/1.1" 200 27
180.162.102.27 - - [18/Jun/2020:10:03:01 +0800] "GET /xingrg/all/function/internal_message.html?_=1592445746249&CODE_STATE=getMsg HTTP/1.1" 200 27
172.17.0.101 - - [18/Jun/2020:10:03:01 +0800] "GET /xingrg/all/function/internal_message.html?_=1592445788441&CODE_STATE=getMsg HTTP/1.1" 200 27
101.89.239.230 - - [18/Jun/2020:10:03:01 +0800] "GET /xingrg/login.html HTTP/1.1" 200 7641
172.17.0.240 - - [18/Jun/2020:10:03:01 +0800] "GET /xingrg/all/function/internal_message.html?_=1592445776908&CODE_STATE=getMsg HTTP/1.1" 200 27
116.230.77.149 - - [18/Jun/2020:10:03:02 +0800] "GET /xingrg/all/function/internal_message.html?_=1592445779502&CODE_STATE=getMsg HTTP/1.1" 200 27
116.233.76.39 - - [18/Jun/2020:10:03:04 +0800] "GET /xingrg/all/function/internal_message.html?_=1592446014312&CODE_STATE=getMsg HTTP/1.1" 200 27
117.184.7.26 - - [18/Jun/2020:10:03:14 +0800] "GET /xingrg/all/function/internal_message.html?_=1592445786136&CODE_STATE=getMsg HTTP/1.1" 200 27
114.88.170.9 - - [18/Jun/2020:10:03:15 +0800] "GET /xingrg/check_reg.html?_=1592445791951 HTTP/1.1" 200 22
172.17.0.120 - - [18/Jun/2020:10:03:16 +0800] "GET /xingrg/all/function/internal_message.html?_=1592445793667&CODE_STATE=getMsg HTTP/1.1" 200 27
101.228.167.227 - - [18/Jun/2020:10:03:25 +0800] "GET /xingrg/all/function/internal_message.html?_=1592445814474&CODE_STATE=getMsg HTTP/1.1" 200 27
114.89.80.44 - - [18/Jun/2020:10:03:26 +0800] "GET /xingrg/all/function/internal_message.html?_=1592445933546&CODE_STATE=getMsg HTTP/1.1" 200 27
114.84.151.157 - - [18/Jun/2020:10:03:27 +0800] "GET /xingrg/all/function/internal_message.html?_=1592445799095&CODE_STATE=getMsg HTTP/1.1" 200 27
172.17.0.185 - - [18/Jun/2020:10:03:28 +0800] "GET /xingrg/all/function/internal_message.html?_=1592445804194&CODE_STATE=getMsg HTTP/1.1" 200 27
61.172.5.115 - - [18/Jun/2020:10:03:32 +0800] "GET /xingrg/all/function/internal_message.html?_=1592445810214&CODE_STATE=getMsg HTTP/1.1" 200 27
172.17.200.101 - - [18/Jun/2020:10:03:34 +0800] "GET /xingrg/all/function/internal_message.html?_=1592445816116&CODE_STATE=getMsg HTTP/1.1" 200 27
114.88.170.9 - - [18/Jun/2020:10:03:36 +0800] "GET /xingrg/all/function/internal_message.html?_=1592445812647&CODE_STATE=getMsg HTTP/1.1" 200 27
116.230.77.149 - - [18/Jun/2020:10:03:38 +0800] "GET /xingrg/all/function/internal_message.html?_=1592445807127&CODE_STATE=getMsg HTTP/1.1" 200 27
116.230.77.149 - - [18/Jun/2020:10:03:38 +0800] "GET /xingrg/check_reg.html?_=1592445807179 HTTP/1.1" 200 22
114.88.170.9 - - [18/Jun/2020:10:03:40 +0800] "GET /xingrg/all/function/internal_message.html?_=1592445828803&CODE_STATE=getMsg HTTP/1.1" 200 27
120.253.135.82 - - [18/Jun/2020:10:03:41 +0800] "GET /xingrg/all/function/internal_message.html?_=1592445948977&CODE_STATE=getMsg HTTP/1.1" 200 27
114.88.170.9 - - [18/Jun/2020:10:03:43 +0800] "GET /xingrg/kc/buy/cgsh_order_list.html HTTP/1.1" 200 43342
114.88.170.9 - - [18/Jun/2020:10:03:45 +0800] "POST /xingrg/kc/buy/cgsh_list_operate.html HTTP/1.1" 200 2769
117.131.5.26 - - [18/Jun/2020:10:03:46 +0800] "GET /xingrg/check_reg.html?_=1592445809853 HTTP/1.1" 200 22
172.17.0.100 - - [18/Jun/2020:10:03:46 +0800] "GET /xingrg/all/function/internal_message.html?_=1592445823548&CODE_STATE=getMsg HTTP/1.1" 200 27
180.175.214.200 - - [18/Jun/2020:10:03:47 +0800] "GET /xingrg/all/function/internal_message.html?_=1592446029169&CODE_STATE=getMsg HTTP/1.1" 200 27
114.89.80.44 - - [18/Jun/2020:10:03:53 +0800] "GET /xingrg/all/function/internal_message.html?_=1592445829902&CODE_STATE=getMsg HTTP/1.1" 200 27
101.228.167.227 - - [18/Jun/2020:10:03:55 +0800] "GET /xingrg/check_reg.html?_=1592445850229 HTTP/1.1" 200 22
101.228.167.227 - - [18/Jun/2020:10:03:55 +0800] "GET /xingrg/all/function/internal_message.html?_=1592445850421&CODE_STATE=getMsg HTTP/1.1" 200 27
222.69.133.181 - - [18/Jun/2020:10:03:57 +0800] "GET /xingrg/all/function/internal_message.html?_=1592445829664&CODE_STATE=getMsg HTTP/1.1" 200 27
120.253.135.82 - - [18/Jun/2020:10:03:59 +0800] "GET /xingrg/kc/pszx/mdqp_order_list.html?state=10 HTTP/1.1" 200 10079
120.253.135.82 - - [18/Jun/2020:10:03:59 +0800] "POST /xingrg/kc/pszx/mdps_list_operate.html HTTP/1.1" 200 5484
120.253.135.82 - - [18/Jun/2020:10:03:59 +0800] "GET /xingrg/dwr/interface/AjaxReportQueryService.js HTTP/1.1" 200 13203
120.253.135.82 - - [18/Jun/2020:10:03:59 +0800] "GET /xingrg/dwr/interface/AjaxQqpsService.js HTTP/1.1" 200 16326
120.253.135.82 - - [18/Jun/2020:10:03:59 +0800] "GET /xingrg/dwr/engine.js HTTP/1.1" 200 43631
114.86.190.97 - - [18/Jun/2020:10:04:00 +0800] "GET /xingrg/check_reg.html?_=1592445840268 HTTP/1.1" 200 22
114.86.190.97 - - [18/Jun/2020:10:04:00 +0800] "GET /xingrg/all/function/internal_message.html?_=1592445840277&CODE_STATE=getMsg HTTP/1.1" 200 27
180.162.102.27 - - [18/Jun/2020:10:04:01 +0800] "GET /xingrg/all/function/internal_message.html?_=1592445806248&CODE_STATE=getMsg HTTP/1.1" 200 27
172.17.0.101 - - [18/Jun/2020:10:04:01 +0800] "GET /xingrg/all/function/internal_message.html?_=1592445848442&CODE_STATE=getMsg HTTP/1.1" 200 27
172.17.0.240 - - [18/Jun/2020:10:04:01 +0800] "GET /xingrg/all/function/internal_message.html?_=1592445836910&CODE_STATE=getMsg HTTP/1.1" 200 27
172.17.0.240 - - [18/Jun/2020:10:04:01 +0800] "GET /xingrg/check_reg.html?_=1592445836911 HTTP/1.1" 200 22
120.253.135.82 - - [18/Jun/2020:10:04:01 +0800] "GET /xingrg/kc/pszx/mdps_order_list.html?orderType=0 HTTP/1.1" 200 20967
116.230.77.149 - - [18/Jun/2020:10:04:02 +0800] "GET /xingrg/all/function/internal_message.html?_=1592445839501&CODE_STATE=getMsg HTTP/1.1" 200 27
120.253.135.82 - - [18/Jun/2020:10:04:02 +0800] "POST /xingrg/kc/pszx/mdps_list_operate.html HTTP/1.1" 200 5484
116.233.76.39 - - [18/Jun/2020:10:04:03 +0800] "GET /xingrg/all/function/internal_message.html?_=1592446074328&CODE_STATE=getMsg HTTP/1.1" 200 27
120.253.135.82 - - [18/Jun/2020:10:04:09 +0800] "POST /xingrg/kc/pszx/mdps_list_operate.html HTTP/1.1" 200 4301
117.184.7.26 - - [18/Jun/2020:10:04:14 +0800] "GET /xingrg/all/function/internal_message.html?_=1592445846131&CODE_STATE=getMsg HTTP/1.1" 200 27
101.228.167.227 - - [18/Jun/2020:10:04:16 +0800] "GET /xingrg/check_reg.html?_=1592445864562 HTTP/1.1" 200 22
172.17.0.120 - - [18/Jun/2020:10:04:16 +0800] "GET /xingrg/check_reg.html?_=1592445853668 HTTP/1.1" 200 22
172.17.0.120 - - [18/Jun/2020:10:04:16 +0800] "GET /xingrg/all/function/internal_message.html?_=1592445853669&CODE_STATE=getMsg HTTP/1.1" 200 27
120.253.135.82 - - [18/Jun/2020:10:04:21 +0800] "POST /xingrg/kc/pszx/mdps_list_operate.html HTTP/1.1" 200 278
120.253.135.82 - - [18/Jun/2020:10:04:22 +0800] "POST /xingrg/kc/pszx/mdps_list_operate.html HTTP/1.1" 200 622
120.253.135.82 - - [18/Jun/2020:10:04:23 +0800] "GET /xingrg/kc/pszx/mdps_order_info.html?code=312020061700426 HTTP/1.1" 200 23849
120.253.135.82 - - [18/Jun/2020:10:04:23 +0800] "GET /xingrg/javascript/easyui/themes/default/validatebox.css HTTP/1.1" 404 1104
120.253.135.82 - - [18/Jun/2020:10:04:23 +0800] "POST /xingrg/kc/pszx/mdps_order_operate.html HTTP/1.1" 200 22772
114.86.190.97 - - [18/Jun/2020:10:04:25 +0800] "GET /xingrg/kc/buy/cgsh_order_operate.html?command=get_materiel&rest_code=00148&code=00101008213&supplier_code=00100007&order_time=2020-06-18 HTTP/1.1" 200 412
101.228.167.227 - - [18/Jun/2020:10:04:25 +0800] "GET /xingrg/all/function/internal_message.html?_=1592445874494&CODE_STATE=getMsg HTTP/1.1" 200 27
114.89.80.44 - - [18/Jun/2020:10:04:26 +0800] "GET /xingrg/all/function/internal_message.html?_=1592445993582&CODE_STATE=getMsg HTTP/1.1" 200 27
114.84.151.157 - - [18/Jun/2020:10:04:27 +0800] "GET /xingrg/all/function/internal_message.html?_=1592445859097&CODE_STATE=getMsg HTTP/1.1" 200 27
172.17.0.185 - - [18/Jun/2020:10:04:28 +0800] "GET /xingrg/all/function/internal_message.html?_=1592445864181&CODE_STATE=getMsg HTTP/1.1" 200 27
61.172.5.115 - - [18/Jun/2020:10:04:32 +0800] "GET /xingrg/all/function/internal_message.html?_=1592445870212&CODE_STATE=getMsg HTTP/1.1" 200 27
61.172.5.115 - - [18/Jun/2020:10:04:32 +0800] "GET /xingrg/check_reg.html?_=1592445870213 HTTP/1.1" 200 22
172.17.200.101 - - [18/Jun/2020:10:04:34 +0800] "GET /xingrg/all/function/internal_message.html?_=1592445876137&CODE_STATE=getMsg HTTP/1.1" 200 27
172.17.200.101 - - [18/Jun/2020:10:04:34 +0800] "GET /xingrg/check_reg.html?_=1592445876138 HTTP/1.1" 200 22
114.88.170.9 - - [18/Jun/2020:10:04:36 +0800] "GET /xingrg/all/function/internal_message.html?_=1592445872661&CODE_STATE=getMsg HTTP/1.1" 200 27
116.230.77.149 - - [18/Jun/2020:10:04:38 +0800] "GET /xingrg/all/function/internal_message.html?_=1592445867134&CODE_STATE=getMsg HTTP/1.1" 200 27
114.86.190.97 - - [18/Jun/2020:10:04:39 +0800] "GET /xingrg/kc/buy/cgsh_order_operate.html?command=get_materiel&rest_code=00148&code=00101008185&supplier_code=00100007&order_time=2020-06-18 HTTP/1.1" 200 408
120.253.135.82 - - [18/Jun/2020:10:04:39 +0800] "POST /xingrg/kc/pszx/mdps_order_operate.html HTTP/1.1" 200 37
114.88.170.9 - - [18/Jun/2020:10:04:40 +0800] "GET /xingrg/all/function/internal_message.html?_=1592445888781&CODE_STATE=getMsg HTTP/1.1" 200 27
120.253.135.82 - - [18/Jun/2020:10:04:40 +0800] "POST /xingrg/kc/pszx/mdps_order_operate.html HTTP/1.1" 200 12
120.253.135.82 - - [18/Jun/2020:10:04:41 +0800] "GET /xingrg/all/function/internal_message.html?_=1592446008981&CODE_STATE=getMsg HTTP/1.1" 200 27
114.88.170.9 - - [18/Jun/2020:10:04:41 +0800] "GET /xingrg/check_reg.html?_=1592445889546 HTTP/1.1" 200 22
120.253.135.82 - - [18/Jun/2020:10:04:42 +0800] "GET /xingrg/kc/pszx/mdps_order_info.html?code=312020061700426 HTTP/1.1" 200 19509
120.253.135.82 - - [18/Jun/2020:10:04:43 +0800] "GET /xingrg/javascript/easyui/themes/default/validatebox.css HTTP/1.1" 404 1104
120.253.135.82 - - [18/Jun/2020:10:04:43 +0800] "POST /xingrg/kc/pszx/mdps_order_operate.html HTTP/1.1" 200 20834
114.86.190.97 - - [18/Jun/2020:10:04:45 +0800] "POST /xingrg/kc/buy/cgsh_order_operate.html HTTP/1.1" 200 2065
180.175.214.200 - - [18/Jun/2020:10:04:46 +0800] "GET /xingrg/check_reg.html?_=1592446088318 HTTP/1.1" 200 22
172.17.0.100 - - [18/Jun/2020:10:04:46 +0800] "GET /xingrg/check_reg.html?_=1592445883548 HTTP/1.1" 200 22
172.17.0.100 - - [18/Jun/2020:10:04:46 +0800] "GET /xingrg/all/function/internal_message.html?_=1592445883551&CODE_STATE=getMsg HTTP/1.1" 200 27
180.175.214.200 - - [18/Jun/2020:10:04:47 +0800] "GET /xingrg/all/function/internal_message.html?_=1592446089614&CODE_STATE=getMsg HTTP/1.1" 200 27
114.89.80.44 - - [18/Jun/2020:10:04:53 +0800] "GET /xingrg/all/function/internal_message.html?_=1592445889925&CODE_STATE=getMsg HTTP/1.1" 200 27
114.89.80.44 - - [18/Jun/2020:10:04:53 +0800] "GET /xingrg/check_reg.html?_=1592445889918 HTTP/1.1" 200 22
101.228.167.227 - - [18/Jun/2020:10:04:55 +0800] "GET /xingrg/all/function/internal_message.html?_=1592445910434&CODE_STATE=getMsg HTTP/1.1" 200 27
222.69.133.181 - - [18/Jun/2020:10:04:57 +0800] "GET /xingrg/all/function/internal_message.html?_=1592445889663&CODE_STATE=getMsg HTTP/1.1" 200 27
114.86.190.97 - - [18/Jun/2020:10:05:00 +0800] "GET /xingrg/all/function/internal_message.html?_=1592445900266&CODE_STATE=getMsg HTTP/1.1" 200 27
180.162.102.27 - - [18/Jun/2020:10:05:01 +0800] "GET /xingrg/all/function/internal_message.html?_=1592445866250&CODE_STATE=getMsg HTTP/1.1" 200 27
172.17.0.101 - - [18/Jun/2020:10:05:01 +0800] "GET /xingrg/all/function/internal_message.html?_=1592445908445&CODE_STATE=getMsg HTTP/1.1" 200 27
172.17.0.101 - - [18/Jun/2020:10:05:01 +0800] "GET /xingrg/check_reg.html?_=1592445908449 HTTP/1.1" 200 22
172.17.0.240 - - [18/Jun/2020:10:05:01 +0800] "GET /xingrg/all/function/internal_message.html?_=1592445896913&CODE_STATE=getMsg HTTP/1.1" 200 27
116.233.76.39 - - [18/Jun/2020:10:05:01 +0800] "GET /xingrg/all/function/internal_message.html?_=1592446134328&CODE_STATE=getMsg HTTP/1.1" 200 27
116.230.77.149 - - [18/Jun/2020:10:05:02 +0800] "GET /xingrg/all/function/internal_message.html?_=1592445899502&CODE_STATE=getMsg HTTP/1.1" 200 27
114.86.190.97 - - [18/Jun/2020:10:05:14 +0800] "GET /xingrg/kc/buy/cgsh_order_operate.html?command=get_materiel&rest_code=00148&code=00101008155&supplier_code=00100007&order_time=2020-06-18 HTTP/1.1" 200 408
117.184.7.26 - - [18/Jun/2020:10:05:14 +0800] "GET /xingrg/check_reg.html?_=1592445906085 HTTP/1.1" 200 22
117.184.7.30 - - [18/Jun/2020:10:05:15 +0800] "GET /xingrg/all/function/internal_message.html?_=1592445906133&CODE_STATE=getMsg HTTP/1.1" 200 27
172.17.0.120 - - [18/Jun/2020:10:05:16 +0800] "GET /xingrg/all/function/internal_message.html?_=1592445913655&CODE_STATE=getMsg HTTP/1.1" 200 27
101.228.167.227 - - [18/Jun/2020:10:05:25 +0800] "GET /xingrg/all/function/internal_message.html?_=1592445934510&CODE_STATE=getMsg HTTP/1.1" 200 27
114.89.80.44 - - [18/Jun/2020:10:05:26 +0800] "GET /xingrg/all/function/internal_message.html?_=1592446053588&CODE_STATE=getMsg HTTP/1.1" 200 27
114.84.151.157 - - [18/Jun/2020:10:05:27 +0800] "GET /xingrg/all/function/internal_message.html?_=1592445919105&CODE_STATE=getMsg HTTP/1.1" 200 27
114.84.151.157 - - [18/Jun/2020:10:05:27 +0800] "GET /xingrg/check_reg.html?_=1592445919107 HTTP/1.1" 200 22
120.253.135.82 - - [18/Jun/2020:10:05:27 +0800] "GET /xingrg/kc/pszx/mdps_order_info.html?code=312020061700427 HTTP/1.1" 200 23847
120.253.135.82 - - [18/Jun/2020:10:05:28 +0800] "POST /xingrg/kc/pszx/mdps_order_operate.html HTTP/1.1" 200 2780
120.253.135.82 - - [18/Jun/2020:10:05:28 +0800] "GET /xingrg/javascript/easyui/themes/default/validatebox.css HTTP/1.1" 404 1104
172.17.0.185 - - [18/Jun/2020:10:05:28 +0800] "GET /xingrg/all/function/internal_message.html?_=1592445924184&CODE_STATE=getMsg HTTP/1.1" 200 27
61.172.5.115 - - [18/Jun/2020:10:05:32 +0800] "GET /xingrg/all/function/internal_message.html?_=1592445930228&CODE_STATE=getMsg HTTP/1.1" 200 27
120.253.135.82 - - [18/Jun/2020:10:05:32 +0800] "POST /xingrg/kc/pszx/mdps_order_operate.html HTTP/1.1" 200 37
120.253.135.82 - - [18/Jun/2020:10:05:33 +0800] "POST /xingrg/kc/pszx/mdps_order_operate.html HTTP/1.1" 200 12
172.17.200.101 - - [18/Jun/2020:10:05:34 +0800] "GET /xingrg/all/function/internal_message.html?_=1592445936127&CODE_STATE=getMsg HTTP/1.1" 200 27
114.88.170.9 - - [18/Jun/2020:10:05:36 +0800] "GET /xingrg/all/function/internal_message.html?_=1592445932724&CODE_STATE=getMsg HTTP/1.1" 200 27
120.253.135.82 - - [18/Jun/2020:10:05:37 +0800] "GET /xingrg/kc/pszx/mdps_order_info.html?code=312020061700427 HTTP/1.1" 200 19507
120.253.135.82 - - [18/Jun/2020:10:05:37 +0800] "POST /xingrg/kc/pszx/mdps_order_operate.html HTTP/1.1" 200 997
120.253.135.82 - - [18/Jun/2020:10:05:37 +0800] "GET /xingrg/javascript/easyui/themes/default/validatebox.css HTTP/1.1" 404 1104
116.230.77.149 - - [18/Jun/2020:10:05:38 +0800] "GET /xingrg/all/function/internal_message.html?_=1592445927135&CODE_STATE=getMsg HTTP/1.1" 200 27
120.253.135.82 - - [18/Jun/2020:10:05:38 +0800] "GET /xingrg/check_reg.html?_=1592446066779 HTTP/1.1" 200 22
120.253.135.82 - - [18/Jun/2020:10:05:39 +0800] "POST /xingrg/kc/pszx/mdps_list_operate.html HTTP/1.1" 200 3558
114.88.170.9 - - [18/Jun/2020:10:05:40 +0800] "GET /xingrg/all/function/internal_message.html?_=1592445948749&CODE_STATE=getMsg HTTP/1.1" 200 27
120.253.135.82 - - [18/Jun/2020:10:05:41 +0800] "GET /xingrg/all/function/internal_message.html?_=1592446068994&CODE_STATE=getMsg HTTP/1.1" 200 27
172.17.0.100 - - [18/Jun/2020:10:05:46 +0800] "GET /xingrg/all/function/internal_message.html?_=1592445943551&CODE_STATE=getMsg HTTP/1.1" 200 27
180.175.214.200 - - [18/Jun/2020:10:05:47 +0800] "GET /xingrg/all/function/internal_message.html?_=1592446149622&CODE_STATE=getMsg HTTP/1.1" 200 27
101.228.167.227 - - [18/Jun/2020:10:05:48 +0800] "GET /xingrg/kc/buy/cgsh_order_operate.html?command=get_materiel&rest_code=00146&code=00101008010&supplier_code=00100005&order_time=2020-06-18 HTTP/1.1" 200 412
114.89.80.44 - - [18/Jun/2020:10:05:53 +0800] "GET /xingrg/all/function/internal_message.html?_=1592445949917&CODE_STATE=getMsg HTTP/1.1" 200 27
101.228.167.227 - - [18/Jun/2020:10:05:55 +0800] "GET /xingrg/all/function/internal_message.html?_=1592445970448&CODE_STATE=getMsg HTTP/1.1" 200 27
222.69.133.181 - - [18/Jun/2020:10:05:57 +0800] "GET /xingrg/all/function/internal_message.html?_=1592445949663&CODE_STATE=getMsg HTTP/1.1" 200 27
101.228.167.227 - - [18/Jun/2020:10:05:57 +0800] "GET /xingrg/kc/buy/cgsh_order_operate.html?command=get_materiel&rest_code=00146&code=00101008351&supplier_code=00100005&order_time=2020-06-18 HTTP/1.1" 200 427
120.253.135.82 - - [18/Jun/2020:10:05:58 +0800] "POST /xingrg/kc/pszx/mdps_list_operate.html HTTP/1.1" 200 298
120.253.135.82 - - [18/Jun/2020:10:05:59 +0800] "GET /xingrg/kc/pszx/mdps_order_info.html?code=312020061800434 HTTP/1.1" 200 23849
120.253.135.82 - - [18/Jun/2020:10:05:59 +0800] "POST /xingrg/kc/pszx/mdps_order_operate.html HTTP/1.1" 200 2813
120.253.135.82 - - [18/Jun/2020:10:05:59 +0800] "GET /xingrg/javascript/easyui/themes/default/validatebox.css HTTP/1.1" 404 1104
116.233.76.39 - - [18/Jun/2020:10:06:00 +0800] "GET /xingrg/check_reg.html?_=1592446194218 HTTP/1.1" 200 22
116.233.76.39 - - [18/Jun/2020:10:06:00 +0800] "GET /xingrg/all/function/internal_message.html?_=1592446194328&CODE_STATE=getMsg HTTP/1.1" 200 27
114.86.190.97 - - [18/Jun/2020:10:06:00 +0800] "GET /xingrg/all/function/internal_message.html?_=1592445960234&CODE_STATE=getMsg HTTP/1.1" 200 27
180.162.102.27 - - [18/Jun/2020:10:06:01 +0800] "GET /xingrg/check_reg.html?_=1592445926275 HTTP/1.1" 200 22
180.162.102.27 - - [18/Jun/2020:10:06:01 +0800] "GET /xingrg/all/function/internal_message.html?_=1592445926276&CODE_STATE=getMsg HTTP/1.1" 200 27
172.17.0.101 - - [18/Jun/2020:10:06:01 +0800] "GET /xingrg/all/function/internal_message.html?_=1592445968450&CODE_STATE=getMsg HTTP/1.1" 200 27
172.17.0.240 - - [18/Jun/2020:10:06:01 +0800] "GET /xingrg/all/function/internal_message.html?_=1592445956914&CODE_STATE=getMsg HTTP/1.1" 200 27
116.230.77.149 - - [18/Jun/2020:10:06:02 +0800] "GET /xingrg/check_reg.html?_=1592445959501 HTTP/1.1" 200 22
116.230.77.149 - - [18/Jun/2020:10:06:02 +0800] "GET /xingrg/all/function/internal_message.html?_=1592445959503&CODE_STATE=getMsg HTTP/1.1" 200 27
101.228.167.227 - - [18/Jun/2020:10:06:07 +0800] "GET /xingrg/kc/buy/cgsh_order_operate.html?command=get_materiel&rest_code=00146&code=00101008096&supplier_code=00100005&order_time=2020-06-18 HTTP/1.1" 200 412
116.230.77.149 - - [18/Jun/2020:10:06:10 +0800] "GET /xingrg/system/rest/get_item.html?table=menu&target=menu_rest_detail&id=2020&sid=6&_=1592445967653 HTTP/1.1" 200 419
120.253.135.82 - - [18/Jun/2020:10:06:12 +0800] "POST /xingrg/kc/pszx/mdps_order_operate.html HTTP/1.1" 200 37
120.253.135.82 - - [18/Jun/2020:10:06:12 +0800] "POST /xingrg/kc/pszx/mdps_order_operate.html HTTP/1.1" 200 12
120.253.135.82 - - [18/Jun/2020:10:06:13 +0800] "GET /xingrg/kc/pszx/mdps_order_info.html?code=312020061800434 HTTP/1.1" 200 19509
120.253.135.82 - - [18/Jun/2020:10:06:14 +0800] "POST /xingrg/kc/pszx/mdps_order_operate.html HTTP/1.1" 200 1032
120.253.135.82 - - [18/Jun/2020:10:06:14 +0800] "GET /xingrg/javascript/easyui/themes/default/validatebox.css HTTP/1.1" 404 1104
117.184.7.30 - - [18/Jun/2020:10:06:14 +0800] "GET /xingrg/all/function/internal_message.html?_=1592445966182&CODE_STATE=getMsg HTTP/1.1" 200 27
116.230.77.149 - - [18/Jun/2020:10:06:15 +0800] "POST /xingrg/system/rest/edit_item.html HTTP/1.1" 200 4
116.230.77.149 - - [18/Jun/2020:10:06:15 +0800] "GET /xingrg/system/rest/get_item.html?table=menu&target=menu_rest&id=2020&_=1592445973326 HTTP/1.1" 200 756
120.253.135.82 - - [18/Jun/2020:10:06:15 +0800] "POST /xingrg/kc/pszx/mdps_list_operate.html HTTP/1.1" 200 3187
172.17.0.120 - - [18/Jun/2020:10:06:16 +0800] "GET /xingrg/all/function/internal_message.html?_=1592445973658&CODE_STATE=getMsg HTTP/1.1" 200 27
101.228.167.227 - - [18/Jun/2020:10:06:19 +0800] "GET /xingrg/kc/buy/cgsh_order_operate.html?command=get_materiel&rest_code=00146&code=00101008038&supplier_code=00100005&order_time=2020-06-18 HTTP/1.1" 200 412
101.228.167.227 - - [18/Jun/2020:10:06:25 +0800] "GET /xingrg/all/function/internal_message.html?_=1592445994510&CODE_STATE=getMsg HTTP/1.1" 200 27
114.89.80.44 - - [18/Jun/2020:10:06:26 +0800] "GET /xingrg/all/function/internal_message.html?_=1592446113625&CODE_STATE=getMsg HTTP/1.1" 200 27
114.84.151.157 - - [18/Jun/2020:10:06:27 +0800] "GET /xingrg/all/function/internal_message.html?_=1592445979091&CODE_STATE=getMsg HTTP/1.1" 200 27
172.17.0.185 - - [18/Jun/2020:10:06:28 +0800] "GET /xingrg/all/function/internal_message.html?_=1592445984189&CODE_STATE=getMsg HTTP/1.1" 200 27
172.17.0.185 - - [18/Jun/2020:10:06:28 +0800] "GET /xingrg/check_reg.html?_=1592445984581 HTTP/1.1" 200 22
101.228.167.227 - - [18/Jun/2020:10:06:29 +0800] "GET /xingrg/kc/buy/cgsh_order_operate.html?command=get_materiel&rest_code=00146&code=00101008141&supplier_code=00100005&order_time=2020-06-18 HTTP/1.1" 200 412
116.230.77.149 - - [18/Jun/2020:10:06:29 +0800] "GET /xingrg/system/rest/query_items.html?_=1592445987213&table=menu&page=1&rows=20&categoryId=&key=%25E4%25B8%259C%25E6%2598%259F%25E6%2596%2591 HTTP/1.1" 200 2263
116.230.77.149 - - [18/Jun/2020:10:06:30 +0800] "GET /xingrg/system/rest/query_items.html?_=1592445988415&table=menu&page=1&rows=20&categoryId=&key=%25E4%25B8%259C%25E6%2598%259F%25E6%2596%2591 HTTP/1.1" 200 2263
114.86.190.97 - - [18/Jun/2020:10:06:32 +0800] "GET /xingrg/kc/buy/cgsh_order_operate.html?command=get_materiel&rest_code=00148&code=00101008356&supplier_code=00100007&order_time=2020-06-18 HTTP/1.1" 200 408
116.230.77.149 - - [18/Jun/2020:10:06:32 +0800] "GET /xingrg/system/rest/get_item.html?table=menu&id=1903&_=1592445989798 HTTP/1.1" 200 997
116.230.77.149 - - [18/Jun/2020:10:06:32 +0800] "GET /xingrg/system/rest/get_item.html?table=menu&target=menu_rest&id=1903&_=1592445989819 HTTP/1.1" 200 1074
116.230.77.149 - - [18/Jun/2020:10:06:32 +0800] "GET /xingrg/system/rest/get_item.html?table=menu&target=cook_mode&id=1903&_=1592445989818 HTTP/1.1" 200 12941
61.172.5.115 - - [18/Jun/2020:10:06:32 +0800] "GET /xingrg/all/function/internal_message.html?_=1592445990226&CODE_STATE=getMsg HTTP/1.1" 200 27
116.230.77.149 - - [18/Jun/2020:10:06:32 +0800] "GET /xingrg/system/rest/get_infos.html?command=menu_img_show&id=1903 HTTP/1.1" 200 5
172.17.200.101 - - [18/Jun/2020:10:06:34 +0800] "GET /xingrg/all/function/internal_message.html?_=1592445996128&CODE_STATE=getMsg HTTP/1.1" 200 27
116.230.77.149 - - [18/Jun/2020:10:06:34 +0800] "GET /xingrg/system/rest/get_item.html?table=menu&target=menu_rest_detail&id=1903&sid=6&_=1592445992238 HTTP/1.1" 200 421
114.88.170.9 - - [18/Jun/2020:10:06:36 +0800] "GET /xingrg/all/function/internal_message.html?_=1592445992735&CODE_STATE=getMsg HTTP/1.1" 200 27
101.228.167.227 - - [18/Jun/2020:10:06:37 +0800] "POST /xingrg/kc/buy/cgsh_order_operate.html HTTP/1.1" 200 2065
116.230.77.149 - - [18/Jun/2020:10:06:38 +0800] "GET /xingrg/all/function/internal_message.html?_=1592445987142&CODE_STATE=getMsg HTTP/1.1" 200 27
116.230.77.149 - - [18/Jun/2020:10:06:40 +0800] "POST /xingrg/system/rest/edit_item.html HTTP/1.1" 200 4
116.230.77.149 - - [18/Jun/2020:10:06:40 +0800] "GET /xingrg/system/rest/get_item.html?table=menu&target=menu_rest&id=1903&_=1592445997980 HTTP/1.1" 200 1074
114.88.170.9 - - [18/Jun/2020:10:06:40 +0800] "GET /xingrg/all/function/internal_message.html?_=1592446008720&CODE_STATE=getMsg HTTP/1.1" 200 27
120.253.135.82 - - [18/Jun/2020:10:06:41 +0800] "GET /xingrg/all/function/internal_message.html?_=1592446129007&CODE_STATE=getMsg HTTP/1.1" 200 27
172.17.0.100 - - [18/Jun/2020:10:06:46 +0800] "GET /xingrg/all/function/internal_message.html?_=1592446003551&CODE_STATE=getMsg HTTP/1.1" 200 27
114.86.190.97 - - [18/Jun/2020:10:06:46 +0800] "GET /xingrg/kc/buy/cgsh_order_operate.html?command=get_materiel&rest_code=00148&code=00101008131&supplier_code=00100007&order_time=2020-06-18 HTTP/1.1" 200 408
116.230.77.149 - - [18/Jun/2020:10:06:47 +0800] "GET /xingrg/javascript/jquery_easy_ui/themes/icons/area.png HTTP/1.1" 200 262
116.230.77.149 - - [18/Jun/2020:10:06:47 +0800] "GET /xingrg/javascript/jquery_easy_ui/themes/icons/rest.png HTTP/1.1" 200 695
180.175.214.200 - - [18/Jun/2020:10:06:47 +0800] "GET /xingrg/all/function/internal_message.html?_=1592446209635&CODE_STATE=getMsg HTTP/1.1" 200 27
116.230.77.149 - - [18/Jun/2020:10:06:50 +0800] "GET /xingrg/system/rest/query_items.html?_=1592446007481&table=menu&page=1&rows=20&categoryId=&key=%25E6%25BE%25B3%25E9%25BE%2599 HTTP/1.1" 200 21
120.253.135.82 - - [18/Jun/2020:10:06:50 +0800] "POST /xingrg/kc/pszx/mdps_list_operate.html HTTP/1.1" 200 611
120.253.135.82 - - [18/Jun/2020:10:06:51 +0800] "GET /xingrg/kc/pszx/mdps_order_info.html?code=312020061600406 HTTP/1.1" 200 23855
120.253.135.82 - - [18/Jun/2020:10:06:51 +0800] "POST /xingrg/kc/pszx/mdps_order_operate.html HTTP/1.1" 200 4806
120.253.135.82 - - [18/Jun/2020:10:06:51 +0800] "GET /xingrg/javascript/easyui/themes/default/validatebox.css HTTP/1.1" 404 1104
116.230.77.149 - - [18/Jun/2020:10:06:52 +0800] "GET /xingrg/system/rest/query_items.html?_=1592446009759&table=menu&page=1&rows=20&categoryId=&key=%25E6%25BE%25B3 HTTP/1.1" 200 4954
114.89.80.44 - - [18/Jun/2020:10:06:53 +0800] "GET /xingrg/all/function/internal_message.html?_=1592446009924&CODE_STATE=getMsg HTTP/1.1" 200 27
116.230.77.149 - - [18/Jun/2020:10:06:54 +0800] "GET /xingrg/system/rest/query_items.html?_=1592446011445&table=menu&page=1&rows=20&categoryId=&key=%25E6%25BE%25B3 HTTP/1.1" 200 4954
120.253.135.82 - - [18/Jun/2020:10:06:55 +0800] "POST /xingrg/kc/pszx/mdps_order_operate.html HTTP/1.1" 200 37
116.230.77.149 - - [18/Jun/2020:10:06:55 +0800] "GET /xingrg/system/rest/get_item.html?table=menu&id=1981&_=1592446012812 HTTP/1.1" 200 973
116.230.77.149 - - [18/Jun/2020:10:06:55 +0800] "GET /xingrg/system/rest/get_item.html?table=menu&target=menu_rest&id=1981&_=1592446012830 HTTP/1.1" 200 783
116.230.77.149 - - [18/Jun/2020:10:06:55 +0800] "GET /xingrg/system/rest/get_item.html?table=menu&target=cook_mode&id=1981&_=1592446012829 HTTP/1.1" 200 23102
101.228.167.227 - - [18/Jun/2020:10:06:55 +0800] "GET /xingrg/kc/buy/cgsh_order_operate.html?command=get_materiel&rest_code=00146&code=00101008144&supplier_code=00100005&order_time=2020-06-18 HTTP/1.1" 200 412
101.228.167.227 - - [18/Jun/2020:10:06:55 +0800] "GET /xingrg/all/function/internal_message.html?_=1592446030462&CODE_STATE=getMsg HTTP/1.1" 200 27
116.230.77.149 - - [18/Jun/2020:10:06:55 +0800] "GET /xingrg/system/rest/get_infos.html?command=menu_img_show&id=1981 HTTP/1.1" 200 5
120.253.135.82 - - [18/Jun/2020:10:06:56 +0800] "POST /xingrg/kc/pszx/mdps_order_operate.html HTTP/1.1" 200 12
120.253.135.82 - - [18/Jun/2020:10:06:57 +0800] "GET /xingrg/kc/pszx/mdps_order_info.html?code=312020061600406 HTTP/1.1" 200 19515
222.69.133.181 - - [18/Jun/2020:10:06:57 +0800] "GET /xingrg/all/function/internal_message.html?_=1592446009673&CODE_STATE=getMsg HTTP/1.1" 200 27
120.253.135.82 - - [18/Jun/2020:10:06:58 +0800] "POST /xingrg/kc/pszx/mdps_order_operate.html HTTP/1.1" 200 2999
116.230.77.149 - - [18/Jun/2020:10:06:58 +0800] "GET /xingrg/system/rest/get_item.html?table=menu&target=menu_rest_detail&id=1981&sid=6&_=1592446015518 HTTP/1.1" 200 421
120.253.135.82 - - [18/Jun/2020:10:06:58 +0800] "GET /xingrg/javascript/easyui/themes/default/validatebox.css HTTP/1.1" 404 1104
120.253.135.82 - - [18/Jun/2020:10:06:59 +0800] "POST /xingrg/kc/pszx/mdps_list_operate.html HTTP/1.1" 200 2806
116.233.76.39 - - [18/Jun/2020:10:06:59 +0800] "GET /xingrg/all/function/internal_message.html?_=1592446254328&CODE_STATE=getMsg HTTP/1.1" 200 27
114.86.190.97 - - [18/Jun/2020:10:07:00 +0800] "GET /xingrg/all/function/internal_message.html?_=1592446020218&CODE_STATE=getMsg HTTP/1.1" 200 27
180.162.102.27 - - [18/Jun/2020:10:07:01 +0800] "GET /xingrg/all/function/internal_message.html?_=1592445986276&CODE_STATE=getMsg HTTP/1.1" 200 27
172.17.0.101 - - [18/Jun/2020:10:07:01 +0800] "GET /xingrg/all/function/internal_message.html?_=1592446028451&CODE_STATE=getMsg HTTP/1.1" 200 27
172.17.0.240 - - [18/Jun/2020:10:07:01 +0800] "GET /xingrg/all/function/internal_message.html?_=1592446016916&CODE_STATE=getMsg HTTP/1.1" 200 27
116.230.77.149 - - [18/Jun/2020:10:07:02 +0800] "GET /xingrg/all/function/internal_message.html?_=1592446019501&CODE_STATE=getMsg HTTP/1.1" 200 27
101.228.167.227 - - [18/Jun/2020:10:07:05 +0800] "GET /xingrg/kc/buy/cgsh_order_operate.html?command=get_materiel&rest_code=00146&code=00101008264&supplier_code=00100005&order_time=2020-06-18 HTTP/1.1" 200 412
116.230.77.149 - - [18/Jun/2020:10:07:06 +0800] "POST /xingrg/system/rest/edit_item.html HTTP/1.1" 200 4
116.230.77.149 - - [18/Jun/2020:10:07:06 +0800] "GET /xingrg/system/rest/get_item.html?table=menu&target=menu_rest&id=1981&_=1592446024169 HTTP/1.1" 200 783
114.86.190.97 - - [18/Jun/2020:10:07:08 +0800] "GET /xingrg/kc/buy/cgsh_order_operate.html?command=get_materiel&rest_code=00148&code=00101008043&supplier_code=00100007&order_time=2020-06-18 HTTP/1.1" 200 416
120.253.135.82 - - [18/Jun/2020:10:07:08 +0800] "POST /xingrg/kc/pszx/mdps_list_operate.html HTTP/1.1" 200 530
120.253.135.82 - - [18/Jun/2020:10:07:09 +0800] "GET /xingrg/kc/pszx/mdps_order_info.html?code=312020061800440 HTTP/1.1" 200 23849
120.253.135.82 - - [18/Jun/2020:10:07:09 +0800] "GET /xingrg/javascript/easyui/themes/default/validatebox.css HTTP/1.1" 404 1104
120.253.135.82 - - [18/Jun/2020:10:07:09 +0800] "POST /xingrg/kc/pszx/mdps_order_operate.html HTTP/1.1" 200 4305
114.89.80.44 - - [18/Jun/2020:10:07:11 +0800] "GET /xingrg/check_reg.html?_=1592446158145 HTTP/1.1" 200 22
117.184.7.30 - - [18/Jun/2020:10:07:15 +0800] "GET /xingrg/all/function/internal_message.html?_=1592446026334&CODE_STATE=getMsg HTTP/1.1" 200 27
172.17.0.120 - - [18/Jun/2020:10:07:16 +0800] "GET /xingrg/all/function/internal_message.html?_=1592446033661&CODE_STATE=getMsg HTTP/1.1" 200 27
101.228.167.227 - - [18/Jun/2020:10:07:16 +0800] "GET /xingrg/kc/buy/cgsh_order_operate.html?command=get_materiel&rest_code=00146&code=00101008356&supplier_code=00100005&order_time=2020-06-18 HTTP/1.1" 200 408
172.17.200.101 - - [18/Jun/2020:10:07:17 +0800] "POST /xingrg/all/user/operate.html HTTP/1.1" 200 36
172.17.200.101 - - [18/Jun/2020:10:07:17 +0800] "GET /xingrg/index.html?sysBaseUrl=http%3A%2F%2F172.17.0.8%3A18081%2Fxingrg%2F&costTime=41×tamp=1592441098243 HTTP/1.1" 200 17454
172.17.200.101 - - [18/Jun/2020:10:07:17 +0800] "GET /xingrg/javascript/jquery_easy_ui/themes/default/easyui.css HTTP/1.1" 304 -
172.17.200.101 - - [18/Jun/2020:10:07:17 +0800] "GET /xingrg/javascript/jquery_easy_ui/themes/icon.css HTTP/1.1" 304 -
172.17.200.101 - - [18/Jun/2020:10:07:17 +0800] "GET /xingrg/css/form.css HTTP/1.1" 304 -
172.17.200.101 - - [18/Jun/2020:10:07:17 +0800] "GET /xingrg/javascript/jquery-1.4.2.min.js HTTP/1.1" 304 -
172.17.200.101 - - [18/Jun/2020:10:07:17 +0800] "GET /xingrg/javascript/jquery_easy_ui/jquery.easyui.min.js HTTP/1.1" 304 -
172.17.200.101 - - [18/Jun/2020:10:07:18 +0800] "GET /xingrg/javascript/jquery_easy_ui/easyui-lang-zh_CN.js HTTP/1.1" 304 -
172.17.200.101 - - [18/Jun/2020:10:07:18 +0800] "GET /xingrg/javascript/jquery.form.js HTTP/1.1" 304 -
172.17.200.101 - - [18/Jun/2020:10:07:18 +0800] "GET /xingrg/javascript/jquery.utils.js HTTP/1.1" 304 -
172.17.200.101 - - [18/Jun/2020:10:07:18 +0800] "GET /xingrg/javascript/jquery.timers.js HTTP/1.1" 304 -
172.17.200.101 - - [18/Jun/2020:10:07:18 +0800] "GET /xingrg/images/blue/jxLogo.png HTTP/1.1" 304 -
172.17.200.101 - - [18/Jun/2020:10:07:18 +0800] "GET /xingrg/javascript/jquery_easy_ui/themes/icons/settle_new.png HTTP/1.1" 304 -
172.17.200.101 - - [18/Jun/2020:10:07:18 +0800] "GET /xingrg/images/blue/navBackgound.jpg HTTP/1.1" 304 -
172.17.200.101 - - [18/Jun/2020:10:07:18 +0800] "POST /xingrg/all/common/load_tree.html?tree=area_rest_tree_json&manage=1 HTTP/1.1" 200 3088
172.17.200.101 - - [18/Jun/2020:10:07:18 +0800] "GET /xingrg/all/function/internal_message.html?_=1592446039630&CODE_STATE=count HTTP/1.1" 200 11
172.17.200.101 - - [18/Jun/2020:10:07:18 +0800] "GET /xingrg/check_reg.html?_=1592446039631 HTTP/1.1" 200 22
172.17.200.101 - - [18/Jun/2020:10:07:18 +0800] "GET /xingrg/javascript/jquery_easy_ui/themes/default/images/panel_tool_expand.gif HTTP/1.1" 304 -
172.17.200.101 - - [18/Jun/2020:10:07:18 +0800] "GET /xingrg/javascript/jquery_easy_ui/themes/default/images/tabs_rightarrow.png HTTP/1.1" 304 -
172.17.200.101 - - [18/Jun/2020:10:07:18 +0800] "GET /xingrg/javascript/jquery_easy_ui/themes/default/images/panel_tool_collapse.gif HTTP/1.1" 304 -
172.17.200.101 - - [18/Jun/2020:10:07:18 +0800] "GET /xingrg/images/blue/pingpu.png HTTP/1.1" 304 -
172.17.200.101 - - [18/Jun/2020:10:07:18 +0800] "GET /xingrg/javascript/jquery_easy_ui/themes/default/images/tabs_leftarrow.png HTTP/1.1" 304 -
172.17.200.101 - - [18/Jun/2020:10:07:18 +0800] "POST /xingrg/load_menu.html HTTP/1.1" 200 9924
120.253.135.82 - - [18/Jun/2020:10:07:18 +0800] "POST /xingrg/kc/pszx/mdps_order_operate.html HTTP/1.1" 200 37
120.253.135.82 - - [18/Jun/2020:10:07:19 +0800] "POST /xingrg/kc/pszx/mdps_order_operate.html HTTP/1.1" 200 12
172.17.200.101 - - [18/Jun/2020:10:07:20 +0800] "GET /xingrg/kc/buy/cgsh_order_list.html HTTP/1.1" 200 43583
120.253.135.82 - - [18/Jun/2020:10:07:23 +0800] "GET /xingrg/kc/pszx/mdps_order_info.html?code=312020061800440 HTTP/1.1" 200 19509
172.17.200.101 - - [18/Jun/2020:10:07:23 +0800] "POST /xingrg/kc/buy/cgsh_list_operate.html HTTP/1.1" 200 3431
120.253.135.82 - - [18/Jun/2020:10:07:24 +0800] "POST /xingrg/kc/pszx/mdps_order_operate.html HTTP/1.1" 200 2505
