120.253.135.82 - - [18/Jun/2020:06:14:32 +0800] "GET /xingrg/all/function/internal_message.html?_=1592432200365&CODE_STATE=getMsg HTTP/1.1" 200 27
120.253.135.82 - - [18/Jun/2020:06:14:32 +0800] "GET /xingrg/kc/pszx/mdps_order_info.html?code=312020061800435 HTTP/1.1" 200 23849
120.253.135.82 - - [18/Jun/2020:06:14:32 +0800] "POST /xingrg/kc/pszx/mdps_order_operate.html HTTP/1.1" 200 5736
120.253.135.82 - - [18/Jun/2020:06:14:32 +0800] "GET /xingrg/javascript/easyui/themes/default/validatebox.css HTTP/1.1" 404 1104
120.253.135.82 - - [18/Jun/2020:06:14:35 +0800] "POST /xingrg/all/common/load_combo.html?type=base HTTP/1.1" 200 899
120.253.135.82 - - [18/Jun/2020:06:14:39 +0800] "POST /xingrg/kc/pszx/mdps_order_operate.html HTTP/1.1" 200 37
120.253.135.82 - - [18/Jun/2020:06:14:40 +0800] "GET /xingrg/kc/pszx/mdps_order_info.html?code=312020061800435 HTTP/1.1" 200 23849
120.253.135.82 - - [18/Jun/2020:06:14:40 +0800] "POST /xingrg/kc/pszx/mdps_order_operate.html HTTP/1.1" 200 5802
120.253.135.82 - - [18/Jun/2020:06:14:40 +0800] "GET /xingrg/javascript/easyui/themes/default/validatebox.css HTTP/1.1" 404 1104
101.228.167.227 - - [18/Jun/2020:06:14:51 +0800] "GET /xingrg/all/function/internal_message.html?_=1592432106183&CODE_STATE=getMsg HTTP/1.1" 200 27
120.253.135.82 - - [18/Jun/2020:06:14:59 +0800] "GET /xingrg/system/info/materiel_import.html?isSelect=1&singleSelect=false HTTP/1.1" 200 5600
120.253.135.82 - - [18/Jun/2020:06:14:59 +0800] "GET /xingrg/css/xtree.css HTTP/1.1" 200 880
120.253.135.82 - - [18/Jun/2020:06:14:59 +0800] "GET /xingrg/javascript/jquery_ui/themes/base/base.css HTTP/1.1" 200 28568
120.253.135.82 - - [18/Jun/2020:06:14:59 +0800] "GET /xingrg/javascript/jquery_easy_ui/themes/icons/edit_add.png HTTP/1.1" 200 1088
120.253.135.82 - - [18/Jun/2020:06:14:59 +0800] "GET /xingrg/javascript/jquery_easy_ui/themes/default/images/pagination_first.gif HTTP/1.1" 200 925
120.253.135.82 - - [18/Jun/2020:06:14:59 +0800] "GET /xingrg/javascript/jquery_easy_ui/themes/default/images/pagination_prev.gif HTTP/1.1" 200 879
120.253.135.82 - - [18/Jun/2020:06:14:59 +0800] "GET /xingrg/javascript/jquery_easy_ui/themes/default/images/pagination_next.gif HTTP/1.1" 200 875
120.253.135.82 - - [18/Jun/2020:06:14:59 +0800] "GET /xingrg/javascript/jquery_easy_ui/themes/default/images/pagination_last.gif HTTP/1.1" 200 923
120.253.135.82 - - [18/Jun/2020:06:14:59 +0800] "GET /xingrg/javascript/jquery_easy_ui/themes/default/images/pagination_load.png HTTP/1.1" 200 827
120.253.135.82 - - [18/Jun/2020:06:14:59 +0800] "POST /xingrg/all/common/load_tree.html?tree=materiel_sort_tree_json HTTP/1.1" 200 8666
120.253.135.82 - - [18/Jun/2020:06:14:59 +0800] "GET /favicon.ico HTTP/1.1" 404 -
172.17.0.240 - - [18/Jun/2020:06:15:01 +0800] "GET /xingrg/all/function/internal_message.html?_=1592432096920&CODE_STATE=getMsg HTTP/1.1" 200 27
120.253.135.82 - - [18/Jun/2020:06:15:03 +0800] "GET /favicon.ico HTTP/1.1" 404 -
120.253.135.82 - - [18/Jun/2020:06:15:03 +0800] "POST /xingrg/all/common/load_tree.html?tree=materiel_sort_tree_json HTTP/1.1" 200 8666
120.253.135.82 - - [18/Jun/2020:06:15:07 +0800] "POST /xingrg/all/common/load_tree.html?tree=materiel_sort_tree_json HTTP/1.1" 200 8666
120.253.135.82 - - [18/Jun/2020:06:15:07 +0800] "GET /favicon.ico HTTP/1.1" 404 -
120.253.135.82 - - [18/Jun/2020:06:15:11 +0800] "GET /xingrg/check_reg.html?_=1592431864863 HTTP/1.1" 200 22
120.253.135.82 - - [18/Jun/2020:06:15:11 +0800] "GET /xingrg/all/function/internal_message.html?_=1592431865173&CODE_STATE=getMsg HTTP/1.1" 200 27
120.253.135.82 - - [18/Jun/2020:06:15:14 +0800] "GET /xingrg/kc/pszx/mdps_order_operate.html?command=get_materiel&pszx_code=00101&rest_code=00149&base_code=0010250&code=00102002685 HTTP/1.1" 200 443
114.89.80.44 - - [18/Jun/2020:06:15:21 +0800] "GET /xingrg/all/function/internal_message.html?_=1592432249029&CODE_STATE=getMsg HTTP/1.1" 200 27
101.228.167.227 - - [18/Jun/2020:06:15:23 +0800] "GET /xingrg/all/function/internal_message.html?_=1592432131373&CODE_STATE=getMsg HTTP/1.1" 200 27
120.253.135.82 - - [18/Jun/2020:06:15:23 +0800] "POST /xingrg/kc/pszx/mdps_order_operate.html HTTP/1.1" 200 37
120.253.135.82 - - [18/Jun/2020:06:15:24 +0800] "GET /xingrg/kc/pszx/mdps_order_info.html?code=312020061800435 HTTP/1.1" 200 23849
120.253.135.82 - - [18/Jun/2020:06:15:24 +0800] "POST /xingrg/kc/pszx/mdps_order_operate.html HTTP/1.1" 200 5814
120.253.135.82 - - [18/Jun/2020:06:15:25 +0800] "GET /xingrg/javascript/easyui/themes/default/validatebox.css HTTP/1.1" 404 1104
114.88.170.9 - - [18/Jun/2020:06:15:27 +0800] "GET /xingrg/all/function/internal_message.html?_=1592432123822&CODE_STATE=getMsg HTTP/1.1" 200 27
101.228.167.227 - - [18/Jun/2020:06:15:31 +0800] "GET /xingrg/check_reg.html?_=1592432146162 HTTP/1.1" 200 22
120.253.135.82 - - [18/Jun/2020:06:15:32 +0800] "GET /xingrg/all/function/internal_message.html?_=1592432260474&CODE_STATE=getMsg HTTP/1.1" 200 27
120.253.135.82 - - [18/Jun/2020:06:15:34 +0800] "GET /xingrg/check_reg.html?_=1592432262395 HTTP/1.1" 200 22
120.253.135.82 - - [18/Jun/2020:06:15:34 +0800] "POST /xingrg/kc/pszx/mdps_order_operate.html HTTP/1.1" 200 37
120.253.135.82 - - [18/Jun/2020:06:15:35 +0800] "GET /xingrg/kc/pszx/mdps_order_info.html?code=312020061800435 HTTP/1.1" 200 23849
120.253.135.82 - - [18/Jun/2020:06:15:35 +0800] "POST /xingrg/kc/pszx/mdps_order_operate.html HTTP/1.1" 200 5814
120.253.135.82 - - [18/Jun/2020:06:15:35 +0800] "GET /xingrg/javascript/easyui/themes/default/validatebox.css HTTP/1.1" 404 1104
120.253.135.82 - - [18/Jun/2020:06:15:38 +0800] "POST /xingrg/kc/pszx/mdps_list_operate.html HTTP/1.1" 200 3919
120.253.135.82 - - [18/Jun/2020:06:15:40 +0800] "GET /xingrg/kc/pszx/mdps_order_add.html HTTP/1.1" 200 28907
120.253.135.82 - - [18/Jun/2020:06:15:40 +0800] "POST /xingrg/kc/pszx/mdps_order_operate.html HTTP/1.1" 200 7126
120.253.135.82 - - [18/Jun/2020:06:15:41 +0800] "GET /xingrg/javascript/easyui/themes/default/validatebox.css HTTP/1.1" 404 1104
120.253.135.82 - - [18/Jun/2020:06:15:47 +0800] "POST /xingrg/all/common/load_combo.html?type=base HTTP/1.1" 200 899
120.253.135.82 - - [18/Jun/2020:06:15:50 +0800] "GET /favicon.ico HTTP/1.1" 404 -
120.253.135.82 - - [18/Jun/2020:06:15:50 +0800] "POST /xingrg/all/common/load_tree.html?tree=materiel_sort_tree_json HTTP/1.1" 200 8666
101.228.167.227 - - [18/Jun/2020:06:15:51 +0800] "GET /xingrg/all/function/internal_message.html?_=1592432166186&CODE_STATE=getMsg HTTP/1.1" 200 27
120.253.135.82 - - [18/Jun/2020:06:15:52 +0800] "POST /xingrg/all/common/load_tree.html?tree=materiel_sort_tree_json HTTP/1.1" 200 8666
120.253.135.82 - - [18/Jun/2020:06:15:54 +0800] "POST /xingrg/all/common/load_tree.html?tree=materiel_sort_tree_json HTTP/1.1" 200 8666
172.17.0.240 - - [18/Jun/2020:06:16:01 +0800] "GET /xingrg/all/function/internal_message.html?_=1592432156924&CODE_STATE=getMsg HTTP/1.1" 200 27
120.253.135.82 - - [18/Jun/2020:06:16:09 +0800] "GET /xingrg/kc/pszx/mdps_order_operate.html?command=get_materiel&pszx_code=00101&rest_code=00149&base_code=0010246&code=00101033001 HTTP/1.1" 200 439
120.253.135.82 - - [18/Jun/2020:06:16:11 +0800] "GET /xingrg/all/function/internal_message.html?_=1592431925187&CODE_STATE=getMsg HTTP/1.1" 200 27
114.89.80.44 - - [18/Jun/2020:06:16:21 +0800] "GET /xingrg/all/function/internal_message.html?_=1592432309062&CODE_STATE=getMsg HTTP/1.1" 200 27
101.228.167.227 - - [18/Jun/2020:06:16:23 +0800] "GET /xingrg/all/function/internal_message.html?_=1592432191390&CODE_STATE=getMsg HTTP/1.1" 200 27
114.88.170.9 - - [18/Jun/2020:06:16:27 +0800] "GET /xingrg/all/function/internal_message.html?_=1592432183840&CODE_STATE=getMsg HTTP/1.1" 200 27
120.253.135.82 - - [18/Jun/2020:06:16:32 +0800] "GET /xingrg/kc/pszx/mdps_order_operate.html?command=get_materiel&pszx_code=00101&rest_code=00149&base_code=0010246&code=00101033002 HTTP/1.1" 200 439
120.253.135.82 - - [18/Jun/2020:06:16:32 +0800] "GET /xingrg/all/function/internal_message.html?_=1592432320485&CODE_STATE=getMsg HTTP/1.1" 200 27
120.253.135.82 - - [18/Jun/2020:06:16:50 +0800] "GET /xingrg/kc/pszx/mdps_order_operate.html?command=get_materiel&pszx_code=00101&rest_code=00149&base_code=0010246&code=00101033004 HTTP/1.1" 200 438
101.228.167.227 - - [18/Jun/2020:06:16:51 +0800] "GET /xingrg/all/function/internal_message.html?_=1592432226198&CODE_STATE=getMsg HTTP/1.1" 200 27
172.17.0.240 - - [18/Jun/2020:06:17:01 +0800] "GET /xingrg/all/function/internal_message.html?_=1592432216909&CODE_STATE=getMsg HTTP/1.1" 200 27
120.253.135.82 - - [18/Jun/2020:06:17:06 +0800] "GET /xingrg/kc/pszx/mdps_order_operate.html?command=get_materiel&pszx_code=00101&rest_code=00149&base_code=0010246&code=00101033006 HTTP/1.1" 200 438
114.89.80.44 - - [18/Jun/2020:06:17:10 +0800] "GET /xingrg/check_reg.html?_=1592432357888 HTTP/1.1" 200 22
120.253.135.82 - - [18/Jun/2020:06:17:11 +0800] "GET /xingrg/all/function/internal_message.html?_=1592431985200&CODE_STATE=getMsg HTTP/1.1" 200 27
114.89.80.44 - - [18/Jun/2020:06:17:21 +0800] "GET /xingrg/all/function/internal_message.html?_=1592432369071&CODE_STATE=getMsg HTTP/1.1" 200 27
101.228.167.227 - - [18/Jun/2020:06:17:23 +0800] "GET /xingrg/all/function/internal_message.html?_=1592432251400&CODE_STATE=getMsg HTTP/1.1" 200 27
114.88.170.9 - - [18/Jun/2020:06:17:27 +0800] "GET /xingrg/all/function/internal_message.html?_=1592432243929&CODE_STATE=getMsg HTTP/1.1" 200 27
120.253.135.82 - - [18/Jun/2020:06:17:32 +0800] "GET /xingrg/all/function/internal_message.html?_=1592432380499&CODE_STATE=getMsg HTTP/1.1" 200 27
120.253.135.82 - - [18/Jun/2020:06:17:48 +0800] "GET /xingrg/kc/pszx/mdps_order_operate.html?command=get_materiel&pszx_code=00101&rest_code=00149&base_code=0010246&code=00101033003 HTTP/1.1" 200 442
101.228.167.227 - - [18/Jun/2020:06:17:52 +0800] "GET /xingrg/all/function/internal_message.html?_=1592432286409&CODE_STATE=getMsg HTTP/1.1" 200 27
172.17.0.240 - - [18/Jun/2020:06:18:01 +0800] "GET /xingrg/all/function/internal_message.html?_=1592432276913&CODE_STATE=getMsg HTTP/1.1" 200 27
120.253.135.82 - - [18/Jun/2020:06:18:11 +0800] "GET /xingrg/all/function/internal_message.html?_=1592432045214&CODE_STATE=getMsg HTTP/1.1" 200 27
114.88.170.9 - - [18/Jun/2020:06:18:15 +0800] "GET /xingrg/check_reg.html?_=1592432291700 HTTP/1.1" 200 22
114.89.80.44 - - [18/Jun/2020:06:18:21 +0800] "GET /xingrg/all/function/internal_message.html?_=1592432429085&CODE_STATE=getMsg HTTP/1.1" 200 27
101.228.167.227 - - [18/Jun/2020:06:18:23 +0800] "GET /xingrg/all/function/internal_message.html?_=1592432311417&CODE_STATE=getMsg HTTP/1.1" 200 27
114.88.170.9 - - [18/Jun/2020:06:18:27 +0800] "GET /xingrg/all/function/internal_message.html?_=1592432303944&CODE_STATE=getMsg HTTP/1.1" 200 27
120.253.135.82 - - [18/Jun/2020:06:18:32 +0800] "GET /xingrg/all/function/internal_message.html?_=1592432440606&CODE_STATE=getMsg HTTP/1.1" 200 27
117.131.5.26 - - [18/Jun/2020:06:18:46 +0800] "GET /xingrg/check_reg.html?_=1592432309837 HTTP/1.1" 200 22
101.228.167.227 - - [18/Jun/2020:06:18:52 +0800] "GET /xingrg/all/function/internal_message.html?_=1592432346414&CODE_STATE=getMsg HTTP/1.1" 200 27
172.17.0.240 - - [18/Jun/2020:06:19:01 +0800] "GET /xingrg/all/function/internal_message.html?_=1592432336915&CODE_STATE=getMsg HTTP/1.1" 200 27
172.17.0.240 - - [18/Jun/2020:06:19:01 +0800] "GET /xingrg/check_reg.html?_=1592432336917 HTTP/1.1" 200 22
120.253.135.82 - - [18/Jun/2020:06:19:11 +0800] "GET /xingrg/all/function/internal_message.html?_=1592432105228&CODE_STATE=getMsg HTTP/1.1" 200 27
101.228.167.227 - - [18/Jun/2020:06:19:16 +0800] "GET /xingrg/check_reg.html?_=1592432364316 HTTP/1.1" 200 22
114.89.80.44 - - [18/Jun/2020:06:19:22 +0800] "GET /xingrg/all/function/internal_message.html?_=1592432489120&CODE_STATE=getMsg HTTP/1.1" 200 27
101.228.167.227 - - [18/Jun/2020:06:19:23 +0800] "GET /xingrg/all/function/internal_message.html?_=1592432371427&CODE_STATE=getMsg HTTP/1.1" 200 27
120.253.135.82 - - [18/Jun/2020:06:19:23 +0800] "POST /xingrg/all/common/load_tree.html?tree=materiel_sort_tree_json HTTP/1.1" 200 8666
114.89.80.44 - - [18/Jun/2020:06:19:26 +0800] "GET /xingrg/check_reg.html?_=1592432363273 HTTP/1.1" 200 22
172.17.0.185 - - [18/Jun/2020:06:19:26 +0800] "GET /xingrg/check_reg.html?_=1592432363133 HTTP/1.1" 200 22
114.88.170.9 - - [18/Jun/2020:06:19:27 +0800] "GET /xingrg/all/function/internal_message.html?_=1592432363957&CODE_STATE=getMsg HTTP/1.1" 200 27
120.253.135.82 - - [18/Jun/2020:06:19:29 +0800] "GET /xingrg/kc/pszx/mdps_order_operate.html?command=get_materiel&pszx_code=00101&rest_code=00149&base_code=0010246&code=00101033005 HTTP/1.1" 200 440
120.253.135.82 - - [18/Jun/2020:06:19:32 +0800] "GET /xingrg/all/function/internal_message.html?_=1592432500620&CODE_STATE=getMsg HTTP/1.1" 200 27
101.228.167.227 - - [18/Jun/2020:06:19:52 +0800] "GET /xingrg/all/function/internal_message.html?_=1592432406619&CODE_STATE=getMsg HTTP/1.1" 200 27
120.253.135.82 - - [18/Jun/2020:06:20:00 +0800] "POST /xingrg/kc/pszx/mdps_order_operate.html HTTP/1.1" 200 37
172.17.0.240 - - [18/Jun/2020:06:20:01 +0800] "GET /xingrg/all/function/internal_message.html?_=1592432396921&CODE_STATE=getMsg HTTP/1.1" 200 27
120.253.135.82 - - [18/Jun/2020:06:20:01 +0800] "GET /xingrg/kc/pszx/mdps_order_info.html?code=312020061800441 HTTP/1.1" 200 23849
120.253.135.82 - - [18/Jun/2020:06:20:02 +0800] "POST /xingrg/kc/pszx/mdps_order_operate.html HTTP/1.1" 200 4831
120.253.135.82 - - [18/Jun/2020:06:20:02 +0800] "GET /xingrg/javascript/easyui/themes/default/validatebox.css HTTP/1.1" 404 1104
120.253.135.82 - - [18/Jun/2020:06:20:11 +0800] "GET /xingrg/check_reg.html?_=1592432164866 HTTP/1.1" 200 22
120.253.135.82 - - [18/Jun/2020:06:20:11 +0800] "GET /xingrg/all/function/internal_message.html?_=1592432165241&CODE_STATE=getMsg HTTP/1.1" 200 27
120.253.135.82 - - [18/Jun/2020:06:20:18 +0800] "POST /xingrg/kc/pszx/mdps_order_operate.html HTTP/1.1" 200 37
120.253.135.82 - - [18/Jun/2020:06:20:19 +0800] "GET /xingrg/kc/pszx/mdps_order_info.html?code=312020061800441 HTTP/1.1" 200 23849
120.253.135.82 - - [18/Jun/2020:06:20:20 +0800] "POST /xingrg/kc/pszx/mdps_order_operate.html HTTP/1.1" 200 4831
120.253.135.82 - - [18/Jun/2020:06:20:20 +0800] "GET /xingrg/javascript/easyui/themes/default/validatebox.css HTTP/1.1" 404 1104
114.89.80.44 - - [18/Jun/2020:06:20:22 +0800] "GET /xingrg/all/function/internal_message.html?_=1592432549128&CODE_STATE=getMsg HTTP/1.1" 200 27
120.253.135.82 - - [18/Jun/2020:06:20:22 +0800] "POST /xingrg/kc/pszx/mdps_list_operate.html HTTP/1.1" 200 4291
101.228.167.227 - - [18/Jun/2020:06:20:23 +0800] "GET /xingrg/all/function/internal_message.html?_=1592432431441&CODE_STATE=getMsg HTTP/1.1" 200 27
120.253.135.82 - - [18/Jun/2020:06:20:25 +0800] "POST /xingrg/kc/pszx/mdps_list_operate.html HTTP/1.1" 200 214
114.88.170.9 - - [18/Jun/2020:06:20:27 +0800] "GET /xingrg/all/function/internal_message.html?_=1592432424043&CODE_STATE=getMsg HTTP/1.1" 200 27
120.253.135.82 - - [18/Jun/2020:06:20:27 +0800] "POST /xingrg/kc/pszx/mdps_list_operate.html HTTP/1.1" 200 618
120.253.135.82 - - [18/Jun/2020:06:20:29 +0800] "POST /xingrg/kc/pszx/mdps_list_operate.html HTTP/1.1" 200 233
120.253.135.82 - - [18/Jun/2020:06:20:30 +0800] "POST /xingrg/kc/pszx/mdps_list_operate.html HTTP/1.1" 200 203
120.253.135.82 - - [18/Jun/2020:06:20:31 +0800] "POST /xingrg/kc/pszx/mdps_list_operate.html HTTP/1.1" 200 202
101.228.167.227 - - [18/Jun/2020:06:20:31 +0800] "GET /xingrg/check_reg.html?_=1592432446159 HTTP/1.1" 200 22
120.253.135.82 - - [18/Jun/2020:06:20:32 +0800] "GET /xingrg/all/function/internal_message.html?_=1592432560730&CODE_STATE=getMsg HTTP/1.1" 200 27
120.253.135.82 - - [18/Jun/2020:06:20:32 +0800] "POST /xingrg/kc/pszx/mdps_list_operate.html HTTP/1.1" 200 629
120.253.135.82 - - [18/Jun/2020:06:20:34 +0800] "POST /xingrg/kc/pszx/mdps_list_operate.html HTTP/1.1" 200 370
120.253.135.82 - - [18/Jun/2020:06:20:34 +0800] "GET /xingrg/check_reg.html?_=1592432562396 HTTP/1.1" 200 22
120.253.135.82 - - [18/Jun/2020:06:20:41 +0800] "GET /xingrg/kc/pszx/mdps_order_info.html?code=312020061800435 HTTP/1.1" 200 23849
120.253.135.82 - - [18/Jun/2020:06:20:41 +0800] "GET /xingrg/javascript/easyui/themes/default/validatebox.css HTTP/1.1" 404 1104
120.253.135.82 - - [18/Jun/2020:06:20:41 +0800] "POST /xingrg/kc/pszx/mdps_order_operate.html HTTP/1.1" 200 5814
120.253.135.82 - - [18/Jun/2020:06:20:51 +0800] "GET /xingrg/kc/print/load_data.html?order_code=312020061800435&kc_code=mdps&condition= HTTP/1.1" 200 2326
101.228.167.227 - - [18/Jun/2020:06:20:52 +0800] "GET /xingrg/all/function/internal_message.html?_=1592432466627&CODE_STATE=getMsg HTTP/1.1" 200 27
120.253.135.82 - - [18/Jun/2020:06:20:57 +0800] "POST /xingrg/kc/pszx/mdps_list_operate.html HTTP/1.1" 200 4291
120.253.135.82 - - [18/Jun/2020:06:20:59 +0800] "POST /xingrg/kc/pszx/mdps_list_operate.html HTTP/1.1" 200 615
120.253.135.82 - - [18/Jun/2020:06:21:00 +0800] "GET /xingrg/kc/pszx/mdps_order_info.html?code=312020061800441 HTTP/1.1" 200 23849
120.253.135.82 - - [18/Jun/2020:06:21:00 +0800] "POST /xingrg/kc/pszx/mdps_order_operate.html HTTP/1.1" 200 4831
120.253.135.82 - - [18/Jun/2020:06:21:00 +0800] "GET /xingrg/javascript/easyui/themes/default/validatebox.css HTTP/1.1" 404 1104
172.17.0.240 - - [18/Jun/2020:06:21:01 +0800] "GET /xingrg/all/function/internal_message.html?_=1592432456912&CODE_STATE=getMsg HTTP/1.1" 200 27
120.253.135.82 - - [18/Jun/2020:06:21:02 +0800] "GET /xingrg/kc/print/load_data.html?order_code=312020061800441&kc_code=mdps&condition= HTTP/1.1" 200 1888
120.253.135.82 - - [18/Jun/2020:06:21:08 +0800] "POST /xingrg/kc/pszx/mdps_list_operate.html HTTP/1.1" 200 4291
120.253.135.82 - - [18/Jun/2020:06:21:11 +0800] "GET /xingrg/all/function/internal_message.html?_=1592432225255&CODE_STATE=getMsg HTTP/1.1" 200 27
114.89.80.44 - - [18/Jun/2020:06:21:22 +0800] "GET /xingrg/all/function/internal_message.html?_=1592432609161&CODE_STATE=getMsg HTTP/1.1" 200 27
101.228.167.227 - - [18/Jun/2020:06:21:23 +0800] "GET /xingrg/all/function/internal_message.html?_=1592432491458&CODE_STATE=getMsg HTTP/1.1" 200 27
114.88.170.9 - - [18/Jun/2020:06:21:27 +0800] "GET /xingrg/all/function/internal_message.html?_=1592432484047&CODE_STATE=getMsg HTTP/1.1" 200 27
120.253.135.82 - - [18/Jun/2020:06:21:32 +0800] "GET /xingrg/all/function/internal_message.html?_=1592432620741&CODE_STATE=getMsg HTTP/1.1" 200 27
101.228.167.227 - - [18/Jun/2020:06:21:52 +0800] "GET /xingrg/all/function/internal_message.html?_=1592432526641&CODE_STATE=getMsg HTTP/1.1" 200 27
172.17.0.240 - - [18/Jun/2020:06:22:01 +0800] "GET /xingrg/all/function/internal_message.html?_=1592432516913&CODE_STATE=getMsg HTTP/1.1" 200 27
114.89.80.44 - - [18/Jun/2020:06:22:10 +0800] "GET /xingrg/check_reg.html?_=1592432657895 HTTP/1.1" 200 22
120.253.135.82 - - [18/Jun/2020:06:22:11 +0800] "GET /xingrg/all/function/internal_message.html?_=1592432285368&CODE_STATE=getMsg HTTP/1.1" 200 27
114.89.80.44 - - [18/Jun/2020:06:22:22 +0800] "GET /xingrg/all/function/internal_message.html?_=1592432669170&CODE_STATE=getMsg HTTP/1.1" 200 27
101.228.167.227 - - [18/Jun/2020:06:22:23 +0800] "GET /xingrg/all/function/internal_message.html?_=1592432551468&CODE_STATE=getMsg HTTP/1.1" 200 27
114.88.170.9 - - [18/Jun/2020:06:22:27 +0800] "GET /xingrg/all/function/internal_message.html?_=1592432544135&CODE_STATE=getMsg HTTP/1.1" 200 27
120.253.135.82 - - [18/Jun/2020:06:22:32 +0800] "GET /xingrg/all/function/internal_message.html?_=1592432680754&CODE_STATE=getMsg HTTP/1.1" 200 27
101.228.167.227 - - [18/Jun/2020:06:22:52 +0800] "GET /xingrg/all/function/internal_message.html?_=1592432586879&CODE_STATE=getMsg HTTP/1.1" 200 27
120.253.135.82 - - [18/Jun/2020:06:22:59 +0800] "POST /xingrg/kc/pszx/mdps_list_operate.html HTTP/1.1" 200 868
172.17.0.240 - - [18/Jun/2020:06:23:01 +0800] "GET /xingrg/all/function/internal_message.html?_=1592432576914&CODE_STATE=getMsg HTTP/1.1" 200 27
120.253.135.82 - - [18/Jun/2020:06:23:03 +0800] "GET /xingrg/kc/pszx/mdps_order_add.html HTTP/1.1" 200 28907
120.253.135.82 - - [18/Jun/2020:06:23:03 +0800] "POST /xingrg/kc/pszx/mdps_order_operate.html HTTP/1.1" 200 7126
120.253.135.82 - - [18/Jun/2020:06:23:03 +0800] "GET /xingrg/javascript/easyui/themes/default/validatebox.css HTTP/1.1" 404 1104
120.253.135.82 - - [18/Jun/2020:06:23:08 +0800] "POST /xingrg/all/common/load_combo.html?type=base HTTP/1.1" 200 899
120.253.135.82 - - [18/Jun/2020:06:23:11 +0800] "GET /xingrg/all/function/internal_message.html?_=1592432345376&CODE_STATE=getMsg HTTP/1.1" 200 27
114.88.170.9 - - [18/Jun/2020:06:23:15 +0800] "GET /xingrg/check_reg.html?_=1592432591706 HTTP/1.1" 200 22
120.253.135.82 - - [18/Jun/2020:06:23:19 +0800] "GET /xingrg/kc/pszx/mdps_order_operate.html?command=get_materiel&pszx_code=00101&rest_code=00102&base_code=0010246&code=00101033007 HTTP/1.1" 200 422
114.89.80.44 - - [18/Jun/2020:06:23:22 +0800] "GET /xingrg/all/function/internal_message.html?_=1592432729183&CODE_STATE=getMsg HTTP/1.1" 200 27
101.228.167.227 - - [18/Jun/2020:06:23:23 +0800] "GET /xingrg/all/function/internal_message.html?_=1592432611485&CODE_STATE=getMsg HTTP/1.1" 200 27
114.88.170.9 - - [18/Jun/2020:06:23:27 +0800] "GET /xingrg/all/function/internal_message.html?_=1592432604137&CODE_STATE=getMsg HTTP/1.1" 200 27
120.253.135.82 - - [18/Jun/2020:06:23:32 +0800] "GET /xingrg/all/function/internal_message.html?_=1592432740867&CODE_STATE=getMsg HTTP/1.1" 200 27
120.253.135.82 - - [18/Jun/2020:06:23:43 +0800] "GET /xingrg/kc/pszx/mdps_order_operate.html?command=get_materiel&pszx_code=00101&rest_code=00102&base_code=0010246&code=00101033001 HTTP/1.1" 200 439
117.131.5.26 - - [18/Jun/2020:06:23:46 +0800] "GET /xingrg/check_reg.html?_=1592432609837 HTTP/1.1" 200 22
101.228.167.227 - - [18/Jun/2020:06:23:52 +0800] "GET /xingrg/all/function/internal_message.html?_=1592432646887&CODE_STATE=getMsg HTTP/1.1" 200 27
120.253.135.82 - - [18/Jun/2020:06:23:54 +0800] "GET /xingrg/kc/pszx/mdps_order_operate.html?command=get_materiel&pszx_code=00101&rest_code=00102&base_code=0010246&code=00101033002 HTTP/1.1" 200 439
172.17.0.240 - - [18/Jun/2020:06:24:01 +0800] "GET /xingrg/all/function/internal_message.html?_=1592432636918&CODE_STATE=getMsg HTTP/1.1" 200 27
172.17.0.240 - - [18/Jun/2020:06:24:01 +0800] "GET /xingrg/check_reg.html?_=1592432636918 HTTP/1.1" 200 22
120.253.135.82 - - [18/Jun/2020:06:24:03 +0800] "GET /xingrg/kc/pszx/mdps_order_operate.html?command=get_materiel&pszx_code=00101&rest_code=00102&base_code=0010246&code=00101033004 HTTP/1.1" 200 438
120.253.135.82 - - [18/Jun/2020:06:24:11 +0800] "GET /xingrg/all/function/internal_message.html?_=1592432405389&CODE_STATE=getMsg HTTP/1.1" 200 27
120.253.135.82 - - [18/Jun/2020:06:24:14 +0800] "GET /xingrg/kc/pszx/mdps_order_operate.html?command=get_materiel&pszx_code=00101&rest_code=00102&base_code=0010246&code=00101033006 HTTP/1.1" 200 438
101.228.167.227 - - [18/Jun/2020:06:24:16 +0800] "GET /xingrg/check_reg.html?_=1592432664318 HTTP/1.1" 200 22
120.253.135.82 - - [18/Jun/2020:06:24:20 +0800] "POST /xingrg/kc/pszx/mdps_order_operate.html HTTP/1.1" 200 37
120.253.135.82 - - [18/Jun/2020:06:24:21 +0800] "GET /xingrg/kc/pszx/mdps_order_info.html?code=312020061800442 HTTP/1.1" 200 23843
114.89.80.44 - - [18/Jun/2020:06:24:22 +0800] "GET /xingrg/all/function/internal_message.html?_=1592432789219&CODE_STATE=getMsg HTTP/1.1" 200 27
120.253.135.82 - - [18/Jun/2020:06:24:22 +0800] "POST /xingrg/kc/pszx/mdps_order_operate.html HTTP/1.1" 200 4305
120.253.135.82 - - [18/Jun/2020:06:24:22 +0800] "GET /xingrg/javascript/easyui/themes/default/validatebox.css HTTP/1.1" 404 1104
101.228.167.227 - - [18/Jun/2020:06:24:23 +0800] "GET /xingrg/all/function/internal_message.html?_=1592432671495&CODE_STATE=getMsg HTTP/1.1" 200 27
116.232.33.186 - - [18/Jun/2020:06:24:26 +0800] "POST /xingrg/services/DataTransmitService HTTP/1.1" 200 524
114.89.80.44 - - [18/Jun/2020:06:24:26 +0800] "GET /xingrg/check_reg.html?_=1592432663302 HTTP/1.1" 200 22
116.232.33.186 - - [18/Jun/2020:06:24:26 +0800] "POST /xingrg/services/DataTransmitService HTTP/1.1" 200 501
172.17.0.185 - - [18/Jun/2020:06:24:26 +0800] "GET /xingrg/check_reg.html?_=1592432663111 HTTP/1.1" 200 22
114.88.170.9 - - [18/Jun/2020:06:24:27 +0800] "GET /xingrg/all/function/internal_message.html?_=1592432664151&CODE_STATE=getMsg HTTP/1.1" 200 27
120.253.135.82 - - [18/Jun/2020:06:24:32 +0800] "GET /xingrg/all/function/internal_message.html?_=1592432800875&CODE_STATE=getMsg HTTP/1.1" 200 27
120.253.135.82 - - [18/Jun/2020:06:24:33 +0800] "POST /xingrg/kc/pszx/mdps_order_operate.html HTTP/1.1" 200 37
120.253.135.82 - - [18/Jun/2020:06:24:35 +0800] "GET /xingrg/kc/pszx/mdps_order_info.html?code=312020061800442 HTTP/1.1" 200 23843
120.253.135.82 - - [18/Jun/2020:06:24:36 +0800] "POST /xingrg/kc/pszx/mdps_order_operate.html HTTP/1.1" 200 4305
120.253.135.82 - - [18/Jun/2020:06:24:36 +0800] "GET /xingrg/javascript/easyui/themes/default/validatebox.css HTTP/1.1" 404 1104
120.253.135.82 - - [18/Jun/2020:06:24:38 +0800] "GET /xingrg/kc/print/load_data.html?order_code=312020061800442&kc_code=mdps&condition= HTTP/1.1" 200 1626
120.253.135.82 - - [18/Jun/2020:06:24:49 +0800] "POST /xingrg/kc/pszx/mdps_list_operate.html HTTP/1.1" 200 1683
101.228.167.227 - - [18/Jun/2020:06:24:52 +0800] "GET /xingrg/all/function/internal_message.html?_=1592432707109&CODE_STATE=getMsg HTTP/1.1" 200 27
172.17.0.240 - - [18/Jun/2020:06:25:01 +0800] "GET /xingrg/all/function/internal_message.html?_=1592432696919&CODE_STATE=getMsg HTTP/1.1" 200 27
120.253.135.82 - - [18/Jun/2020:06:25:11 +0800] "GET /xingrg/check_reg.html?_=1592432464975 HTTP/1.1" 200 22
120.253.135.82 - - [18/Jun/2020:06:25:11 +0800] "GET /xingrg/all/function/internal_message.html?_=1592432465403&CODE_STATE=getMsg HTTP/1.1" 200 27
114.89.80.44 - - [18/Jun/2020:06:25:17 +0800] "POST /xingrg/services/DataTransmitService HTTP/1.1" 200 524
114.89.80.44 - - [18/Jun/2020:06:25:22 +0800] "GET /xingrg/all/function/internal_message.html?_=1592432849227&CODE_STATE=getMsg HTTP/1.1" 200 27
101.228.167.227 - - [18/Jun/2020:06:25:23 +0800] "GET /xingrg/all/function/internal_message.html?_=1592432731508&CODE_STATE=getMsg HTTP/1.1" 200 27
114.88.170.9 - - [18/Jun/2020:06:25:27 +0800] "GET /xingrg/all/function/internal_message.html?_=1592432724234&CODE_STATE=getMsg HTTP/1.1" 200 27
101.228.167.227 - - [18/Jun/2020:06:25:31 +0800] "GET /xingrg/check_reg.html?_=1592432746169 HTTP/1.1" 200 22
120.253.135.82 - - [18/Jun/2020:06:25:32 +0800] "GET /xingrg/all/function/internal_message.html?_=1592432860988&CODE_STATE=getMsg HTTP/1.1" 200 27
120.253.135.82 - - [18/Jun/2020:06:25:34 +0800] "GET /xingrg/check_reg.html?_=1592432862408 HTTP/1.1" 200 22
101.228.167.227 - - [18/Jun/2020:06:25:52 +0800] "GET /xingrg/all/function/internal_message.html?_=1592432767117&CODE_STATE=getMsg HTTP/1.1" 200 27
172.17.0.240 - - [18/Jun/2020:06:26:01 +0800] "GET /xingrg/all/function/internal_message.html?_=1592432756921&CODE_STATE=getMsg HTTP/1.1" 200 27
120.253.135.82 - - [18/Jun/2020:06:26:11 +0800] "GET /xingrg/all/function/internal_message.html?_=1592432525417&CODE_STATE=getMsg HTTP/1.1" 200 27
114.89.80.44 - - [18/Jun/2020:06:26:22 +0800] "GET /xingrg/all/function/internal_message.html?_=1592432909263&CODE_STATE=getMsg HTTP/1.1" 200 27
101.228.167.227 - - [18/Jun/2020:06:26:23 +0800] "GET /xingrg/all/function/internal_message.html?_=1592432791526&CODE_STATE=getMsg HTTP/1.1" 200 27
114.88.170.9 - - [18/Jun/2020:06:26:27 +0800] "GET /xingrg/all/function/internal_message.html?_=1592432784239&CODE_STATE=getMsg HTTP/1.1" 200 27
120.253.135.82 - - [18/Jun/2020:06:26:32 +0800] "GET /xingrg/all/function/internal_message.html?_=1592432920998&CODE_STATE=getMsg HTTP/1.1" 200 27
101.228.167.227 - - [18/Jun/2020:06:26:52 +0800] "GET /xingrg/all/function/internal_message.html?_=1592432827130&CODE_STATE=getMsg HTTP/1.1" 200 27
172.17.0.240 - - [18/Jun/2020:06:27:01 +0800] "GET /xingrg/all/function/internal_message.html?_=1592432816910&CODE_STATE=getMsg HTTP/1.1" 200 27
114.89.80.44 - - [18/Jun/2020:06:27:10 +0800] "GET /xingrg/check_reg.html?_=1592432957904 HTTP/1.1" 200 22
120.253.135.82 - - [18/Jun/2020:06:27:11 +0800] "GET /xingrg/all/function/internal_message.html?_=1592432585430&CODE_STATE=getMsg HTTP/1.1" 200 27
114.89.80.44 - - [18/Jun/2020:06:27:22 +0800] "GET /xingrg/all/function/internal_message.html?_=1592432969269&CODE_STATE=getMsg HTTP/1.1" 200 27
101.228.167.227 - - [18/Jun/2020:06:27:23 +0800] "GET /xingrg/all/function/internal_message.html?_=1592432851535&CODE_STATE=getMsg HTTP/1.1" 200 27
114.88.170.9 - - [18/Jun/2020:06:27:27 +0800] "GET /xingrg/all/function/internal_message.html?_=1592432844325&CODE_STATE=getMsg HTTP/1.1" 200 27
120.253.135.82 - - [18/Jun/2020:06:27:28 +0800] "POST /xingrg/kc/pszx/mdps_list_operate.html HTTP/1.1" 200 3179
120.253.135.82 - - [18/Jun/2020:06:27:30 +0800] "POST /xingrg/kc/pszx/mdps_list_operate.html HTTP/1.1" 200 603
120.253.135.82 - - [18/Jun/2020:06:27:32 +0800] "POST /xingrg/kc/pszx/mdps_list_operate.html HTTP/1.1" 200 641
120.253.135.82 - - [18/Jun/2020:06:27:32 +0800] "GET /xingrg/all/function/internal_message.html?_=1592432981009&CODE_STATE=getMsg HTTP/1.1" 200 27
120.253.135.82 - - [18/Jun/2020:06:27:33 +0800] "POST /xingrg/kc/pszx/mdps_list_operate.html HTTP/1.1" 200 649
120.253.135.82 - - [18/Jun/2020:06:27:35 +0800] "POST /xingrg/kc/pszx/mdps_list_operate.html HTTP/1.1" 200 376
120.253.135.82 - - [18/Jun/2020:06:27:40 +0800] "GET /xingrg/kc/pszx/mdps_order_info.html?code=312020061800436 HTTP/1.1" 200 23849
120.253.135.82 - - [18/Jun/2020:06:27:40 +0800] "POST /xingrg/kc/pszx/mdps_order_operate.html HTTP/1.1" 200 7864
120.253.135.82 - - [18/Jun/2020:06:27:40 +0800] "GET /xingrg/javascript/easyui/themes/default/validatebox.css HTTP/1.1" 404 1104
120.253.135.82 - - [18/Jun/2020:06:27:43 +0800] "POST /xingrg/kc/pszx/mdps_order_operate.html HTTP/1.1" 200 37
120.253.135.82 - - [18/Jun/2020:06:27:44 +0800] "GET /xingrg/kc/pszx/mdps_order_info.html?code=312020061800436 HTTP/1.1" 200 23849
120.253.135.82 - - [18/Jun/2020:06:27:44 +0800] "POST /xingrg/kc/pszx/mdps_order_operate.html HTTP/1.1" 200 7955
120.253.135.82 - - [18/Jun/2020:06:27:44 +0800] "GET /xingrg/javascript/easyui/themes/default/validatebox.css HTTP/1.1" 404 1104
120.253.135.82 - - [18/Jun/2020:06:27:52 +0800] "POST /xingrg/kc/pszx/mdps_order_operate.html HTTP/1.1" 200 37
101.228.167.227 - - [18/Jun/2020:06:27:53 +0800] "GET /xingrg/all/function/internal_message.html?_=1592432887344&CODE_STATE=getMsg HTTP/1.1" 200 27
120.253.135.82 - - [18/Jun/2020:06:27:53 +0800] "GET /xingrg/kc/pszx/mdps_order_info.html?code=312020061800436 HTTP/1.1" 200 23849
120.253.135.82 - - [18/Jun/2020:06:27:54 +0800] "POST /xingrg/kc/pszx/mdps_order_operate.html HTTP/1.1" 200 7955
120.253.135.82 - - [18/Jun/2020:06:27:54 +0800] "GET /xingrg/javascript/easyui/themes/default/validatebox.css HTTP/1.1" 404 1104
120.253.135.82 - - [18/Jun/2020:06:27:55 +0800] "POST /xingrg/kc/pszx/mdps_list_operate.html HTTP/1.1" 200 3179
120.253.135.82 - - [18/Jun/2020:06:27:56 +0800] "POST /xingrg/kc/pszx/mdps_list_operate.html HTTP/1.1" 200 376
120.253.135.82 - - [18/Jun/2020:06:27:57 +0800] "GET /xingrg/kc/pszx/mdps_order_info.html?code=312020061800437 HTTP/1.1" 200 23849
120.253.135.82 - - [18/Jun/2020:06:27:57 +0800] "POST /xingrg/kc/pszx/mdps_order_operate.html HTTP/1.1" 200 3265
120.253.135.82 - - [18/Jun/2020:06:27:57 +0800] "GET /xingrg/javascript/easyui/themes/default/validatebox.css HTTP/1.1" 404 1104
172.17.0.240 - - [18/Jun/2020:06:28:01 +0800] "GET /xingrg/all/function/internal_message.html?_=1592432876913&CODE_STATE=getMsg HTTP/1.1" 200 27
120.253.135.82 - - [18/Jun/2020:06:28:03 +0800] "POST /xingrg/kc/pszx/mdps_order_operate.html HTTP/1.1" 200 37
120.253.135.82 - - [18/Jun/2020:06:28:04 +0800] "GET /xingrg/kc/pszx/mdps_order_info.html?code=312020061800437 HTTP/1.1" 200 23849
120.253.135.82 - - [18/Jun/2020:06:28:04 +0800] "POST /xingrg/kc/pszx/mdps_order_operate.html HTTP/1.1" 200 3286
120.253.135.82 - - [18/Jun/2020:06:28:04 +0800] "GET /xingrg/javascript/easyui/themes/default/validatebox.css HTTP/1.1" 404 1104
120.253.135.82 - - [18/Jun/2020:06:28:11 +0800] "GET /xingrg/all/function/internal_message.html?_=1592432645444&CODE_STATE=getMsg HTTP/1.1" 200 27
114.88.170.9 - - [18/Jun/2020:06:28:15 +0800] "GET /xingrg/check_reg.html?_=1592432891713 HTTP/1.1" 200 22
120.253.135.82 - - [18/Jun/2020:06:28:17 +0800] "GET /xingrg/kc/pszx/mdps_order_operate.html?command=get_materiel&pszx_code=00101&rest_code=00141&base_code=0010246&code=00101020218 HTTP/1.1" 200 443
114.89.80.44 - - [18/Jun/2020:06:28:22 +0800] "GET /xingrg/all/function/internal_message.html?_=1592433029283&CODE_STATE=getMsg HTTP/1.1" 200 27
101.228.167.227 - - [18/Jun/2020:06:28:23 +0800] "GET /xingrg/all/function/internal_message.html?_=1592432911553&CODE_STATE=getMsg HTTP/1.1" 200 27
120.253.135.82 - - [18/Jun/2020:06:28:25 +0800] "POST /xingrg/kc/pszx/mdps_order_operate.html HTTP/1.1" 200 37
120.253.135.82 - - [18/Jun/2020:06:28:26 +0800] "GET /xingrg/kc/pszx/mdps_order_info.html?code=312020061800437 HTTP/1.1" 200 23849
120.253.135.82 - - [18/Jun/2020:06:28:26 +0800] "POST /xingrg/kc/pszx/mdps_order_operate.html HTTP/1.1" 200 3784
120.253.135.82 - - [18/Jun/2020:06:28:26 +0800] "GET /xingrg/javascript/easyui/themes/default/validatebox.css HTTP/1.1" 404 1104
114.88.170.9 - - [18/Jun/2020:06:28:27 +0800] "GET /xingrg/all/function/internal_message.html?_=1592432904329&CODE_STATE=getMsg HTTP/1.1" 200 27
120.253.135.82 - - [18/Jun/2020:06:28:33 +0800] "GET /xingrg/all/function/internal_message.html?_=1592433041117&CODE_STATE=getMsg HTTP/1.1" 200 27
117.131.5.26 - - [18/Jun/2020:06:28:46 +0800] "GET /xingrg/check_reg.html?_=1592432909837 HTTP/1.1" 200 22
101.228.167.227 - - [18/Jun/2020:06:28:53 +0800] "GET /xingrg/all/function/internal_message.html?_=1592432947344&CODE_STATE=getMsg HTTP/1.1" 200 27
172.17.0.240 - - [18/Jun/2020:06:29:01 +0800] "GET /xingrg/all/function/internal_message.html?_=1592432936917&CODE_STATE=getMsg HTTP/1.1" 200 27
172.17.0.240 - - [18/Jun/2020:06:29:01 +0800] "GET /xingrg/check_reg.html?_=1592432936918 HTTP/1.1" 200 22
120.253.135.82 - - [18/Jun/2020:06:29:11 +0800] "GET /xingrg/all/function/internal_message.html?_=1592432705456&CODE_STATE=getMsg HTTP/1.1" 200 27
101.228.167.227 - - [18/Jun/2020:06:29:16 +0800] "GET /xingrg/check_reg.html?_=1592432964328 HTTP/1.1" 200 22
120.253.135.82 - - [18/Jun/2020:06:29:19 +0800] "POST /xingrg/kc/pszx/mdps_order_operate.html HTTP/1.1" 200 37
120.253.135.82 - - [18/Jun/2020:06:29:19 +0800] "GET /xingrg/kc/pszx/mdps_order_info.html?code=312020061800437 HTTP/1.1" 200 23849
120.253.135.82 - - [18/Jun/2020:06:29:20 +0800] "POST /xingrg/kc/pszx/mdps_order_operate.html HTTP/1.1" 200 3784
120.253.135.82 - - [18/Jun/2020:06:29:20 +0800] "GET /xingrg/javascript/easyui/themes/default/validatebox.css HTTP/1.1" 404 1104
114.89.80.44 - - [18/Jun/2020:06:29:22 +0800] "GET /xingrg/all/function/internal_message.html?_=1592433089318&CODE_STATE=getMsg HTTP/1.1" 200 27
101.228.167.227 - - [18/Jun/2020:06:29:23 +0800] "GET /xingrg/all/function/internal_message.html?_=1592432971562&CODE_STATE=getMsg HTTP/1.1" 200 27
114.89.80.44 - - [18/Jun/2020:06:29:26 +0800] "GET /xingrg/check_reg.html?_=1592432963304 HTTP/1.1" 200 22
172.17.0.185 - - [18/Jun/2020:06:29:26 +0800] "GET /xingrg/check_reg.html?_=1592432963085 HTTP/1.1" 200 22
114.88.170.9 - - [18/Jun/2020:06:29:27 +0800] "GET /xingrg/all/function/internal_message.html?_=1592432964342&CODE_STATE=getMsg HTTP/1.1" 200 27
120.253.135.82 - - [18/Jun/2020:06:29:33 +0800] "GET /xingrg/all/function/internal_message.html?_=1592433101130&CODE_STATE=getMsg HTTP/1.1" 200 27
101.228.167.227 - - [18/Jun/2020:06:29:53 +0800] "GET /xingrg/all/function/internal_message.html?_=1592433007597&CODE_STATE=getMsg HTTP/1.1" 200 27
172.17.0.240 - - [18/Jun/2020:06:30:01 +0800] "GET /xingrg/all/function/internal_message.html?_=1592432996919&CODE_STATE=getMsg HTTP/1.1" 200 27
120.253.135.82 - - [18/Jun/2020:06:30:11 +0800] "GET /xingrg/check_reg.html?_=1592432764976 HTTP/1.1" 200 22
120.253.135.82 - - [18/Jun/2020:06:30:11 +0800] "GET /xingrg/all/function/internal_message.html?_=1592432765471&CODE_STATE=getMsg HTTP/1.1" 200 27
114.89.80.44 - - [18/Jun/2020:06:30:22 +0800] "GET /xingrg/all/function/internal_message.html?_=1592433149326&CODE_STATE=getMsg HTTP/1.1" 200 27
101.228.167.227 - - [18/Jun/2020:06:30:23 +0800] "GET /xingrg/all/function/internal_message.html?_=1592433031577&CODE_STATE=getMsg HTTP/1.1" 200 27
114.88.170.9 - - [18/Jun/2020:06:30:27 +0800] "GET /xingrg/all/function/internal_message.html?_=1592433024424&CODE_STATE=getMsg HTTP/1.1" 200 27
101.228.167.227 - - [18/Jun/2020:06:30:31 +0800] "GET /xingrg/check_reg.html?_=1592433046170 HTTP/1.1" 200 22
120.253.135.82 - - [18/Jun/2020:06:30:33 +0800] "GET /xingrg/all/function/internal_message.html?_=1592433161242&CODE_STATE=getMsg HTTP/1.1" 200 27
120.253.135.82 - - [18/Jun/2020:06:30:34 +0800] "GET /xingrg/check_reg.html?_=1592433162407 HTTP/1.1" 200 22
101.228.167.227 - - [18/Jun/2020:06:30:53 +0800] "GET /xingrg/all/function/internal_message.html?_=1592433067605&CODE_STATE=getMsg HTTP/1.1" 200 27
172.17.0.240 - - [18/Jun/2020:06:31:01 +0800] "GET /xingrg/all/function/internal_message.html?_=1592433056921&CODE_STATE=getMsg HTTP/1.1" 200 27
120.253.135.82 - - [18/Jun/2020:06:31:11 +0800] "GET /xingrg/all/function/internal_message.html?_=1592432825484&CODE_STATE=getMsg HTTP/1.1" 200 27
114.89.80.44 - - [18/Jun/2020:06:31:21 +0800] "POST /xingrg/services/DataTransmitService HTTP/1.1" 200 524
114.89.80.44 - - [18/Jun/2020:06:31:22 +0800] "GET /xingrg/all/function/internal_message.html?_=1592433209360&CODE_STATE=getMsg HTTP/1.1" 200 27
101.228.167.227 - - [18/Jun/2020:06:31:23 +0800] "GET /xingrg/all/function/internal_message.html?_=1592433091593&CODE_STATE=getMsg HTTP/1.1" 200 27
114.88.170.9 - - [18/Jun/2020:06:31:27 +0800] "GET /xingrg/all/function/internal_message.html?_=1592433084432&CODE_STATE=getMsg HTTP/1.1" 200 27
120.253.135.82 - - [18/Jun/2020:06:31:33 +0800] "GET /xingrg/all/function/internal_message.html?_=1592433221251&CODE_STATE=getMsg HTTP/1.1" 200 27
120.253.135.82 - - [18/Jun/2020:06:31:34 +0800] "POST /xingrg/kc/pszx/mdps_order_operate.html HTTP/1.1" 200 37
120.253.135.82 - - [18/Jun/2020:06:31:34 +0800] "GET /xingrg/kc/pszx/mdps_order_info.html?code=312020061800437 HTTP/1.1" 200 23849
120.253.135.82 - - [18/Jun/2020:06:31:35 +0800] "POST /xingrg/kc/pszx/mdps_order_operate.html HTTP/1.1" 200 3784
120.253.135.82 - - [18/Jun/2020:06:31:35 +0800] "GET /xingrg/javascript/easyui/themes/default/validatebox.css HTTP/1.1" 404 1104
120.253.135.82 - - [18/Jun/2020:06:31:36 +0800] "POST /xingrg/kc/pszx/mdps_list_operate.html HTTP/1.1" 200 3179
120.253.135.82 - - [18/Jun/2020:06:31:39 +0800] "POST /xingrg/kc/pszx/mdps_list_operate.html HTTP/1.1" 200 205
120.253.135.82 - - [18/Jun/2020:06:31:42 +0800] "POST /xingrg/kc/pszx/mdps_list_operate.html HTTP/1.1" 200 649
120.253.135.82 - - [18/Jun/2020:06:31:43 +0800] "GET /xingrg/kc/pszx/mdps_order_info.html?code=312020061800436 HTTP/1.1" 200 23849
120.253.135.82 - - [18/Jun/2020:06:31:43 +0800] "POST /xingrg/kc/pszx/mdps_order_operate.html HTTP/1.1" 200 7955
120.253.135.82 - - [18/Jun/2020:06:31:43 +0800] "GET /xingrg/javascript/easyui/themes/default/validatebox.css HTTP/1.1" 404 1104
101.228.167.227 - - [18/Jun/2020:06:31:53 +0800] "GET /xingrg/all/function/internal_message.html?_=1592433127619&CODE_STATE=getMsg HTTP/1.1" 200 27
172.17.0.240 - - [18/Jun/2020:06:32:01 +0800] "GET /xingrg/all/function/internal_message.html?_=1592433116909&CODE_STATE=getMsg HTTP/1.1" 200 27
114.89.80.44 - - [18/Jun/2020:06:32:10 +0800] "GET /xingrg/check_reg.html?_=1592433257904 HTTP/1.1" 200 22
120.253.135.82 - - [18/Jun/2020:06:32:11 +0800] "GET /xingrg/all/function/internal_message.html?_=1592432885498&CODE_STATE=getMsg HTTP/1.1" 200 27
114.89.80.44 - - [18/Jun/2020:06:32:22 +0800] "GET /xingrg/all/function/internal_message.html?_=1592433269368&CODE_STATE=getMsg HTTP/1.1" 200 27
101.228.167.227 - - [18/Jun/2020:06:32:23 +0800] "GET /xingrg/all/function/internal_message.html?_=1592433151603&CODE_STATE=getMsg HTTP/1.1" 200 27
114.88.170.9 - - [18/Jun/2020:06:32:28 +0800] "GET /xingrg/all/function/internal_message.html?_=1592433144525&CODE_STATE=getMsg HTTP/1.1" 200 27
120.253.135.82 - - [18/Jun/2020:06:32:33 +0800] "GET /xingrg/all/function/internal_message.html?_=1592433281265&CODE_STATE=getMsg HTTP/1.1" 200 27
120.253.135.82 - - [18/Jun/2020:06:32:49 +0800] "POST /xingrg/kc/pszx/mdps_order_operate.html HTTP/1.1" 200 37
120.253.135.82 - - [18/Jun/2020:06:32:49 +0800] "GET /xingrg/kc/pszx/mdps_order_info.html?code=312020061800436 HTTP/1.1" 200 23849
120.253.135.82 - - [18/Jun/2020:06:32:50 +0800] "POST /xingrg/kc/pszx/mdps_order_operate.html HTTP/1.1" 200 7430
120.253.135.82 - - [18/Jun/2020:06:32:50 +0800] "GET /xingrg/javascript/easyui/themes/default/validatebox.css HTTP/1.1" 404 1104
120.253.135.82 - - [18/Jun/2020:06:32:51 +0800] "POST /xingrg/kc/pszx/mdps_list_operate.html HTTP/1.1" 200 3178
120.253.135.82 - - [18/Jun/2020:06:32:53 +0800] "POST /xingrg/kc/pszx/mdps_list_operate.html HTTP/1.1" 200 457
101.228.167.227 - - [18/Jun/2020:06:32:53 +0800] "GET /xingrg/all/function/internal_message.html?_=1592433187833&CODE_STATE=getMsg HTTP/1.1" 200 27
120.253.135.82 - - [18/Jun/2020:06:32:54 +0800] "POST /xingrg/kc/pszx/mdps_list_operate.html HTTP/1.1" 200 205
120.253.135.82 - - [18/Jun/2020:06:32:57 +0800] "POST /xingrg/kc/pszx/mdps_list_operate.html HTTP/1.1" 200 649
120.253.135.82 - - [18/Jun/2020:06:32:58 +0800] "GET /xingrg/kc/pszx/mdps_order_info.html?code=312020061800436 HTTP/1.1" 200 23849
120.253.135.82 - - [18/Jun/2020:06:32:58 +0800] "POST /xingrg/kc/pszx/mdps_order_operate.html HTTP/1.1" 200 7430
120.253.135.82 - - [18/Jun/2020:06:32:58 +0800] "GET /xingrg/javascript/easyui/themes/default/validatebox.css HTTP/1.1" 404 1104
172.17.0.240 - - [18/Jun/2020:06:33:01 +0800] "GET /xingrg/all/function/internal_message.html?_=1592433176910&CODE_STATE=getMsg HTTP/1.1" 200 27
120.253.135.82 - - [18/Jun/2020:06:33:02 +0800] "GET /xingrg/kc/print/load_data.html?order_code=312020061800436&kc_code=mdps&condition= HTTP/1.1" 200 3140
120.253.135.82 - - [18/Jun/2020:06:33:11 +0800] "GET /xingrg/all/function/internal_message.html?_=1592432945524&CODE_STATE=getMsg HTTP/1.1" 200 27
114.88.170.9 - - [18/Jun/2020:06:33:15 +0800] "GET /xingrg/check_reg.html?_=1592433191719 HTTP/1.1" 200 22
114.89.80.44 - - [18/Jun/2020:06:33:22 +0800] "GET /xingrg/all/function/internal_message.html?_=1592433329382&CODE_STATE=getMsg HTTP/1.1" 200 27
101.228.167.227 - - [18/Jun/2020:06:33:23 +0800] "GET /xingrg/all/function/internal_message.html?_=1592433211621&CODE_STATE=getMsg HTTP/1.1" 200 27
114.88.170.9 - - [18/Jun/2020:06:33:28 +0800] "GET /xingrg/all/function/internal_message.html?_=1592433204538&CODE_STATE=getMsg HTTP/1.1" 200 27
120.253.135.82 - - [18/Jun/2020:06:33:33 +0800] "GET /xingrg/all/function/internal_message.html?_=1592433341391&CODE_STATE=getMsg HTTP/1.1" 200 27
117.131.5.26 - - [18/Jun/2020:06:33:46 +0800] "GET /xingrg/check_reg.html?_=1592433209837 HTTP/1.1" 200 22
101.228.167.227 - - [18/Jun/2020:06:33:53 +0800] "GET /xingrg/all/function/internal_message.html?_=1592433247833&CODE_STATE=getMsg HTTP/1.1" 200 27
172.17.0.240 - - [18/Jun/2020:06:34:01 +0800] "GET /xingrg/all/function/internal_message.html?_=1592433236913&CODE_STATE=getMsg HTTP/1.1" 200 27
172.17.0.240 - - [18/Jun/2020:06:34:01 +0800] "GET /xingrg/check_reg.html?_=1592433236915 HTTP/1.1" 200 22
120.253.135.82 - - [18/Jun/2020:06:34:12 +0800] "GET /xingrg/all/function/internal_message.html?_=1592433005646&CODE_STATE=getMsg HTTP/1.1" 200 27
101.228.167.227 - - [18/Jun/2020:06:34:16 +0800] "GET /xingrg/check_reg.html?_=1592433264332 HTTP/1.1" 200 22
114.89.80.44 - - [18/Jun/2020:06:34:22 +0800] "GET /xingrg/all/function/internal_message.html?_=1592433389417&CODE_STATE=getMsg HTTP/1.1" 200 27
101.228.167.227 - - [18/Jun/2020:06:34:23 +0800] "GET /xingrg/all/function/internal_message.html?_=1592433271631&CODE_STATE=getMsg HTTP/1.1" 200 27
114.89.80.44 - - [18/Jun/2020:06:34:26 +0800] "GET /xingrg/check_reg.html?_=1592433263285 HTTP/1.1" 200 22
172.17.0.185 - - [18/Jun/2020:06:34:26 +0800] "GET /xingrg/check_reg.html?_=1592433263058 HTTP/1.1" 200 22
114.88.170.9 - - [18/Jun/2020:06:34:28 +0800] "GET /xingrg/all/function/internal_message.html?_=1592433264551&CODE_STATE=getMsg HTTP/1.1" 200 27
120.253.135.82 - - [18/Jun/2020:06:34:33 +0800] "GET /xingrg/all/function/internal_message.html?_=1592433401400&CODE_STATE=getMsg HTTP/1.1" 200 27
120.253.135.82 - - [18/Jun/2020:06:34:49 +0800] "POST /xingrg/kc/pszx/mdps_list_operate.html HTTP/1.1" 200 3178
101.228.167.227 - - [18/Jun/2020:06:34:53 +0800] "GET /xingrg/all/function/internal_message.html?_=1592433308044&CODE_STATE=getMsg HTTP/1.1" 200 27
172.17.0.240 - - [18/Jun/2020:06:35:01 +0800] "GET /xingrg/all/function/internal_message.html?_=1592433296915&CODE_STATE=getMsg HTTP/1.1" 200 27
120.253.135.82 - - [18/Jun/2020:06:35:04 +0800] "POST /xingrg/kc/pszx/mdps_list_operate.html HTTP/1.1" 200 3176
120.253.135.82 - - [18/Jun/2020:06:35:07 +0800] "POST /xingrg/kc/pszx/mdps_list_operate.html HTTP/1.1" 200 281
120.253.135.82 - - [18/Jun/2020:06:35:08 +0800] "POST /xingrg/kc/pszx/mdps_list_operate.html HTTP/1.1" 200 607
120.253.135.82 - - [18/Jun/2020:06:35:10 +0800] "POST /xingrg/kc/pszx/mdps_list_operate.html HTTP/1.1" 200 597
120.253.135.82 - - [18/Jun/2020:06:35:11 +0800] "GET /xingrg/check_reg.html?_=1592433064977 HTTP/1.1" 200 22
120.253.135.82 - - [18/Jun/2020:06:35:11 +0800] "POST /xingrg/kc/pszx/mdps_list_operate.html HTTP/1.1" 200 207
120.253.135.82 - - [18/Jun/2020:06:35:12 +0800] "GET /xingrg/all/function/internal_message.html?_=1592433065648&CODE_STATE=getMsg HTTP/1.1" 200 27
120.253.135.82 - - [18/Jun/2020:06:35:13 +0800] "POST /xingrg/kc/pszx/mdps_list_operate.html HTTP/1.1" 200 283
114.89.80.44 - - [18/Jun/2020:06:35:22 +0800] "GET /xingrg/all/function/internal_message.html?_=1592433449425&CODE_STATE=getMsg HTTP/1.1" 200 27
101.228.167.227 - - [18/Jun/2020:06:35:23 +0800] "GET /xingrg/all/function/internal_message.html?_=1592433331644&CODE_STATE=getMsg HTTP/1.1" 200 27
114.88.170.9 - - [18/Jun/2020:06:35:28 +0800] "GET /xingrg/all/function/internal_message.html?_=1592433324632&CODE_STATE=getMsg HTTP/1.1" 200 27
101.228.167.227 - - [18/Jun/2020:06:35:31 +0800] "GET /xingrg/check_reg.html?_=1592433346176 HTTP/1.1" 200 22
120.253.135.82 - - [18/Jun/2020:06:35:33 +0800] "GET /xingrg/all/function/internal_message.html?_=1592433461513&CODE_STATE=getMsg HTTP/1.1" 200 27
120.253.135.82 - - [18/Jun/2020:06:35:34 +0800] "GET /xingrg/check_reg.html?_=1592433462413 HTTP/1.1" 200 22
120.253.135.82 - - [18/Jun/2020:06:35:46 +0800] "GET /xingrg/javascript/jquery_easy_ui/themes/default/images/tabs_active.png HTTP/1.1" 200 2894
120.253.135.82 - - [18/Jun/2020:06:35:48 +0800] "GET /xingrg/kc/pszx/mdqp_order_list.html?state=10 HTTP/1.1" 200 12934
120.253.135.82 - - [18/Jun/2020:06:35:48 +0800] "GET /xingrg/dwr/interface/AjaxReportQueryService.js HTTP/1.1" 200 13203
120.253.135.82 - - [18/Jun/2020:06:35:48 +0800] "GET /xingrg/dwr/interface/AjaxQqpsService.js HTTP/1.1" 200 16326
120.253.135.82 - - [18/Jun/2020:06:35:48 +0800] "GET /xingrg/dwr/engine.js HTTP/1.1" 200 43631
120.253.135.82 - - [18/Jun/2020:06:35:53 +0800] "GET /xingrg/kc/pszx/mdps_order_list.html?orderType=0 HTTP/1.1" 200 20967
101.228.167.227 - - [18/Jun/2020:06:35:53 +0800] "GET /xingrg/all/function/internal_message.html?_=1592433368049&CODE_STATE=getMsg HTTP/1.1" 200 27
120.253.135.82 - - [18/Jun/2020:06:35:54 +0800] "POST /xingrg/kc/pszx/mdps_list_operate.html HTTP/1.1" 200 5428
120.253.135.82 - - [18/Jun/2020:06:35:59 +0800] "POST /xingrg/kc/pszx/mdps_list_operate.html HTTP/1.1" 200 868
172.17.0.240 - - [18/Jun/2020:06:36:01 +0800] "GET /xingrg/all/function/internal_message.html?_=1592433356917&CODE_STATE=getMsg HTTP/1.1" 200 27
120.253.135.82 - - [18/Jun/2020:06:36:07 +0800] "POST /xingrg/kc/pszx/mdps_list_operate.html HTTP/1.1" 200 868
120.253.135.82 - - [18/Jun/2020:06:36:12 +0800] "GET /xingrg/all/function/internal_message.html?_=1592433125661&CODE_STATE=getMsg HTTP/1.1" 200 27
120.253.135.82 - - [18/Jun/2020:06:36:16 +0800] "POST /xingrg/kc/pszx/mdps_list_operate.html HTTP/1.1" 200 868
114.89.80.44 - - [18/Jun/2020:06:36:22 +0800] "GET /xingrg/all/function/internal_message.html?_=1592433509458&CODE_STATE=getMsg HTTP/1.1" 200 27
101.228.167.227 - - [18/Jun/2020:06:36:23 +0800] "GET /xingrg/all/function/internal_message.html?_=1592433391660&CODE_STATE=getMsg HTTP/1.1" 200 27
120.253.135.82 - - [18/Jun/2020:06:36:24 +0800] "POST /xingrg/kc/pszx/mdps_list_operate.html HTTP/1.1" 200 868
114.88.170.9 - - [18/Jun/2020:06:36:28 +0800] "GET /xingrg/all/function/internal_message.html?_=1592433384640&CODE_STATE=getMsg HTTP/1.1" 200 27
120.253.135.82 - - [18/Jun/2020:06:36:32 +0800] "POST /xingrg/kc/pszx/mdps_list_operate.html HTTP/1.1" 200 868
120.253.135.82 - - [18/Jun/2020:06:36:33 +0800] "GET /xingrg/all/function/internal_message.html?_=1592433521521&CODE_STATE=getMsg HTTP/1.1" 200 27
120.253.135.82 - - [18/Jun/2020:06:36:34 +0800] "GET /xingrg/javascript/easyui/plugins/jquery.draggable.js HTTP/1.1" 200 6121
120.253.135.82 - - [18/Jun/2020:06:36:34 +0800] "GET /xingrg/javascript/easyui/plugins/jquery.droppable.js HTTP/1.1" 200 1167
120.253.135.82 - - [18/Jun/2020:06:36:34 +0800] "GET /xingrg/javascript/easyui/themes/default/tree.css HTTP/1.1" 404 1090
120.253.135.82 - - [18/Jun/2020:06:36:34 +0800] "GET /xingrg/javascript/easyui/plugins/jquery.tree.js HTTP/1.1" 200 20874
120.253.135.82 - - [18/Jun/2020:06:36:34 +0800] "POST /xingrg/all/common/load_tree.html?tree=area_rest_tree_json HTTP/1.1" 200 3088
120.253.135.82 - - [18/Jun/2020:06:36:34 +0800] "GET /xingrg/javascript/easyui/themes/default/images/tree_arrows.gif HTTP/1.1" 200 617
