120.253.135.82 - - [18/Jun/2020:10:07:24 +0800] "GET /xingrg/javascript/easyui/themes/default/validatebox.css HTTP/1.1" 404 1104
120.253.135.82 - - [18/Jun/2020:10:07:25 +0800] "POST /xingrg/kc/pszx/mdps_list_operate.html HTTP/1.1" 200 2434
101.228.167.227 - - [18/Jun/2020:10:07:25 +0800] "GET /xingrg/all/function/internal_message.html?_=1592446054525&CODE_STATE=getMsg HTTP/1.1" 200 27
172.17.200.101 - - [18/Jun/2020:10:07:26 +0800] "GET /xingrg/javascript/easyui/themes/default/tree.css HTTP/1.1" 404 1090
172.17.200.101 - - [18/Jun/2020:10:07:26 +0800] "POST /xingrg/all/common/load_tree.html?tree=supplier_tree_json&manage=1 HTTP/1.1" 200 49788
114.89.80.44 - - [18/Jun/2020:10:07:26 +0800] "GET /xingrg/all/function/internal_message.html?_=1592446173632&CODE_STATE=getMsg HTTP/1.1" 200 27
114.84.151.157 - - [18/Jun/2020:10:07:27 +0800] "GET /xingrg/all/function/internal_message.html?_=1592446039117&CODE_STATE=getMsg HTTP/1.1" 200 27
172.17.0.185 - - [18/Jun/2020:10:07:28 +0800] "GET /xingrg/all/function/internal_message.html?_=1592446044194&CODE_STATE=getMsg HTTP/1.1" 200 27
101.228.167.227 - - [18/Jun/2020:10:07:29 +0800] "GET /xingrg/kc/buy/cgsh_order_operate.html?command=get_materiel&rest_code=00146&code=00101008212&supplier_code=00100005&order_time=2020-06-18 HTTP/1.1" 200 412
101.228.167.227 - - [18/Jun/2020:10:07:32 +0800] "POST /xingrg/kc/buy/cgsh_order_operate.html HTTP/1.1" 200 2065
61.172.5.115 - - [18/Jun/2020:10:07:32 +0800] "GET /xingrg/all/function/internal_message.html?_=1592446050223&CODE_STATE=getMsg HTTP/1.1" 200 27
114.88.170.9 - - [18/Jun/2020:10:07:36 +0800] "GET /xingrg/all/function/internal_message.html?_=1592446052795&CODE_STATE=getMsg HTTP/1.1" 200 27
116.230.77.149 - - [18/Jun/2020:10:07:38 +0800] "GET /xingrg/all/function/internal_message.html?_=1592446047149&CODE_STATE=getMsg HTTP/1.1" 200 27
114.88.170.9 - - [18/Jun/2020:10:07:40 +0800] "GET /xingrg/all/function/internal_message.html?_=1592446068701&CODE_STATE=getMsg HTTP/1.1" 200 27
172.17.200.101 - - [18/Jun/2020:10:07:40 +0800] "POST /xingrg/kc/buy/cgsh_list_operate.html HTTP/1.1" 200 876
120.253.135.82 - - [18/Jun/2020:10:07:41 +0800] "GET /xingrg/all/function/internal_message.html?_=1592446189021&CODE_STATE=getMsg HTTP/1.1" 200 27
120.253.135.82 - - [18/Jun/2020:10:07:44 +0800] "POST /xingrg/kc/pszx/mdps_list_operate.html HTTP/1.1" 200 203
120.253.135.82 - - [18/Jun/2020:10:07:45 +0800] "POST /xingrg/kc/pszx/mdps_list_operate.html HTTP/1.1" 200 201
172.17.0.100 - - [18/Jun/2020:10:07:46 +0800] "GET /xingrg/all/function/internal_message.html?_=1592446063577&CODE_STATE=getMsg HTTP/1.1" 200 27
120.253.135.82 - - [18/Jun/2020:10:07:46 +0800] "POST /xingrg/kc/pszx/mdps_list_operate.html HTTP/1.1" 200 586
120.253.135.82 - - [18/Jun/2020:10:07:47 +0800] "GET /xingrg/kc/pszx/mdps_order_info.html?code=312020061700424 HTTP/1.1" 200 23849
120.253.135.82 - - [18/Jun/2020:10:07:47 +0800] "POST /xingrg/kc/pszx/mdps_order_operate.html HTTP/1.1" 200 8789
120.253.135.82 - - [18/Jun/2020:10:07:47 +0800] "GET /xingrg/javascript/easyui/themes/default/validatebox.css HTTP/1.1" 404 1104
180.175.214.200 - - [18/Jun/2020:10:07:47 +0800] "GET /xingrg/all/function/internal_message.html?_=1592446270100&CODE_STATE=getMsg HTTP/1.1" 200 27
101.228.167.227 - - [18/Jun/2020:10:07:48 +0800] "GET /xingrg/kc/buy/cgsh_order_operate.html?command=get_materiel&rest_code=00146&code=00101008196&supplier_code=00100005&order_time=2020-06-18 HTTP/1.1" 200 416
116.230.77.149 - - [18/Jun/2020:10:07:52 +0800] "GET /xingrg/system/rest/query_items.html?_=1592446069655&table=menu&page=1&rows=20&categoryId=&key=%25E6%259D%2582%25E9%25B1%25BC HTTP/1.1" 200 1752
120.253.135.82 - - [18/Jun/2020:10:07:52 +0800] "POST /xingrg/kc/pszx/mdps_order_operate.html HTTP/1.1" 200 37
114.89.80.44 - - [18/Jun/2020:10:07:53 +0800] "GET /xingrg/all/function/internal_message.html?_=1592446069933&CODE_STATE=getMsg HTTP/1.1" 200 27
120.253.135.82 - - [18/Jun/2020:10:07:53 +0800] "POST /xingrg/kc/pszx/mdps_order_operate.html HTTP/1.1" 200 12
116.230.77.149 - - [18/Jun/2020:10:07:54 +0800] "GET /xingrg/system/rest/query_items.html?_=1592446072043&table=menu&page=1&rows=20&categoryId=&key=%25E6%259D%2582%25E9%25B1%25BC HTTP/1.1" 200 1752
120.253.135.82 - - [18/Jun/2020:10:07:55 +0800] "GET /xingrg/kc/pszx/mdps_order_info.html?code=312020061700424 HTTP/1.1" 200 19509
116.230.77.149 - - [18/Jun/2020:10:07:55 +0800] "GET /xingrg/system/rest/get_item.html?table=menu&id=1965&_=1592446073087 HTTP/1.1" 200 969
116.230.77.149 - - [18/Jun/2020:10:07:55 +0800] "GET /xingrg/system/rest/get_item.html?table=menu&target=cook_mode&id=1965&_=1592446073107 HTTP/1.1" 200 6235
116.230.77.149 - - [18/Jun/2020:10:07:55 +0800] "GET /xingrg/system/rest/get_item.html?table=menu&target=menu_rest&id=1965&_=1592446073108 HTTP/1.1" 200 669
120.253.135.82 - - [18/Jun/2020:10:07:55 +0800] "POST /xingrg/kc/pszx/mdps_order_operate.html HTTP/1.1" 200 6928
101.228.167.227 - - [18/Jun/2020:10:07:55 +0800] "GET /xingrg/all/function/internal_message.html?_=1592446090475&CODE_STATE=getMsg HTTP/1.1" 200 27
120.253.135.82 - - [18/Jun/2020:10:07:55 +0800] "GET /xingrg/javascript/easyui/themes/default/validatebox.css HTTP/1.1" 404 1104
116.230.77.149 - - [18/Jun/2020:10:07:56 +0800] "GET /xingrg/system/rest/get_infos.html?command=menu_img_show&id=1965 HTTP/1.1" 200 5
222.69.133.181 - - [18/Jun/2020:10:07:57 +0800] "GET /xingrg/all/function/internal_message.html?_=1592446069672&CODE_STATE=getMsg HTTP/1.1" 200 27
222.69.133.181 - - [18/Jun/2020:10:07:57 +0800] "GET /xingrg/check_reg.html?_=1592446069680 HTTP/1.1" 200 22
116.230.77.149 - - [18/Jun/2020:10:07:57 +0800] "GET /xingrg/system/rest/get_item.html?table=menu&target=menu_rest_detail&id=1965&sid=6&_=1592446075291 HTTP/1.1" 200 419
116.233.76.39 - - [18/Jun/2020:10:07:58 +0800] "GET /xingrg/all/function/internal_message.html?_=1592446314328&CODE_STATE=getMsg HTTP/1.1" 200 27
101.228.167.227 - - [18/Jun/2020:10:07:58 +0800] "GET /xingrg/kc/buy/cgsh_order_operate.html?command=get_materiel&rest_code=00146&code=00101008197&supplier_code=00100005&order_time=2020-06-18 HTTP/1.1" 200 416
120.253.135.82 - - [18/Jun/2020:10:07:59 +0800] "POST /xingrg/kc/pszx/mdps_list_operate.html HTTP/1.1" 200 2062
114.86.190.97 - - [18/Jun/2020:10:08:00 +0800] "GET /xingrg/all/function/internal_message.html?_=1592446080197&CODE_STATE=getMsg HTTP/1.1" 200 27
180.162.102.27 - - [18/Jun/2020:10:08:01 +0800] "GET /xingrg/all/function/internal_message.html?_=1592446046276&CODE_STATE=getMsg HTTP/1.1" 200 27
172.17.0.101 - - [18/Jun/2020:10:08:01 +0800] "GET /xingrg/all/function/internal_message.html?_=1592446088455&CODE_STATE=getMsg HTTP/1.1" 200 27
172.17.0.240 - - [18/Jun/2020:10:08:01 +0800] "GET /xingrg/all/function/internal_message.html?_=1592446076918&CODE_STATE=getMsg HTTP/1.1" 200 27
116.230.77.149 - - [18/Jun/2020:10:08:02 +0800] "GET /xingrg/all/function/internal_message.html?_=1592446079500&CODE_STATE=getMsg HTTP/1.1" 200 27
116.230.77.149 - - [18/Jun/2020:10:08:03 +0800] "POST /xingrg/system/rest/edit_item.html HTTP/1.1" 200 4
116.230.77.149 - - [18/Jun/2020:10:08:03 +0800] "GET /xingrg/system/rest/get_item.html?table=menu&target=menu_rest&id=1965&_=1592446080635 HTTP/1.1" 200 669
101.228.167.227 - - [18/Jun/2020:10:08:10 +0800] "GET /xingrg/kc/buy/cgsh_order_operate.html?command=get_materiel&rest_code=00146&code=00101008006&supplier_code=00100005&order_time=2020-06-18 HTTP/1.1" 200 416
116.230.77.149 - - [18/Jun/2020:10:08:12 +0800] "GET /xingrg/system/rest/query_items.html?_=1592446089465&table=menu&page=1&rows=20&categoryId=&key=%25E5%25B0%258F%25E8%258A%25B1 HTTP/1.1" 200 486
116.230.77.149 - - [18/Jun/2020:10:08:13 +0800] "GET /xingrg/system/rest/query_items.html?_=1592446090915&table=menu&page=1&rows=20&categoryId=&key=%25E5%25B0%258F%25E8%258A%25B1 HTTP/1.1" 200 486
116.230.77.149 - - [18/Jun/2020:10:08:14 +0800] "GET /xingrg/system/rest/query_items.html?_=1592446092073&table=menu&page=1&rows=20&categoryId=&key=%25E5%25B0%258F%25E8%258A%25B1 HTTP/1.1" 200 486
117.184.7.30 - - [18/Jun/2020:10:08:15 +0800] "GET /xingrg/all/function/internal_message.html?_=1592446086334&CODE_STATE=getMsg HTTP/1.1" 200 27
114.88.170.9 - - [18/Jun/2020:10:08:15 +0800] "GET /xingrg/check_reg.html?_=1592446091959 HTTP/1.1" 200 22
172.17.0.120 - - [18/Jun/2020:10:08:16 +0800] "GET /xingrg/all/function/internal_message.html?_=1592446093663&CODE_STATE=getMsg HTTP/1.1" 200 27
172.17.200.101 - - [18/Jun/2020:10:08:18 +0800] "GET /xingrg/all/function/internal_message.html?_=1592446099638&CODE_STATE=getMsg HTTP/1.1" 200 27
101.228.167.227 - - [18/Jun/2020:10:08:21 +0800] "GET /xingrg/kc/buy/cgsh_order_operate.html?command=get_materiel&rest_code=00146&code=00101008036&supplier_code=00100005&order_time=2020-06-18 HTTP/1.1" 200 408
101.228.167.227 - - [18/Jun/2020:10:08:26 +0800] "GET /xingrg/all/function/internal_message.html?_=1592446114542&CODE_STATE=getMsg HTTP/1.1" 200 27
101.228.167.227 - - [18/Jun/2020:10:08:26 +0800] "POST /xingrg/kc/buy/cgsh_order_operate.html HTTP/1.1" 200 2065
114.89.80.44 - - [18/Jun/2020:10:08:26 +0800] "GET /xingrg/all/function/internal_message.html?_=1592446233645&CODE_STATE=getMsg HTTP/1.1" 200 27
114.84.151.157 - - [18/Jun/2020:10:08:27 +0800] "GET /xingrg/all/function/internal_message.html?_=1592446099131&CODE_STATE=getMsg HTTP/1.1" 200 27
172.17.0.185 - - [18/Jun/2020:10:08:28 +0800] "GET /xingrg/all/function/internal_message.html?_=1592446104183&CODE_STATE=getMsg HTTP/1.1" 200 27
116.230.77.149 - - [18/Jun/2020:10:08:28 +0800] "GET /xingrg/system/rest/query_items.html?_=1592446106116&table=menu&page=1&rows=20&categoryId=&key=%25E8%258A%25B1 HTTP/1.1" 200 4955
61.172.5.115 - - [18/Jun/2020:10:08:32 +0800] "GET /xingrg/all/function/internal_message.html?_=1592446110221&CODE_STATE=getMsg HTTP/1.1" 200 27
116.230.77.149 - - [18/Jun/2020:10:08:32 +0800] "GET /xingrg/system/rest/query_items.html?_=1592446110139&table=menu&page=1&rows=20&categoryId=&key=%25E8%258A%25B1%25E8%259E%25BA HTTP/1.1" 200 532
116.230.77.149 - - [18/Jun/2020:10:08:34 +0800] "GET /xingrg/system/rest/query_items.html?_=1592446111544&table=menu&page=1&rows=20&categoryId=&key=%25E8%258A%25B1%25E8%259E%25BA HTTP/1.1" 200 532
116.230.77.149 - - [18/Jun/2020:10:08:34 +0800] "GET /xingrg/system/rest/get_item.html?table=menu&id=2054&_=1592446112385 HTTP/1.1" 200 1007
116.230.77.149 - - [18/Jun/2020:10:08:34 +0800] "GET /xingrg/system/rest/get_item.html?table=menu&target=menu_rest&id=2054&_=1592446112401 HTTP/1.1" 200 775
116.230.77.149 - - [18/Jun/2020:10:08:34 +0800] "GET /xingrg/system/rest/get_item.html?table=menu&target=cook_mode&id=2054&_=1592446112400 HTTP/1.1" 200 10645
116.230.77.149 - - [18/Jun/2020:10:08:35 +0800] "GET /xingrg/system/rest/get_infos.html?command=menu_img_show&id=2054 HTTP/1.1" 200 5
114.88.170.9 - - [18/Jun/2020:10:08:36 +0800] "GET /xingrg/all/function/internal_message.html?_=1592446112809&CODE_STATE=getMsg HTTP/1.1" 200 27
116.230.77.149 - - [18/Jun/2020:10:08:37 +0800] "GET /xingrg/system/rest/get_item.html?table=menu&target=menu_rest_detail&id=2054&sid=6&_=1592446114486 HTTP/1.1" 200 420
116.230.77.149 - - [18/Jun/2020:10:08:38 +0800] "GET /xingrg/all/function/internal_message.html?_=1592446107141&CODE_STATE=getMsg HTTP/1.1" 200 27
116.230.77.149 - - [18/Jun/2020:10:08:38 +0800] "GET /xingrg/check_reg.html?_=1592446107177 HTTP/1.1" 200 22
114.88.170.9 - - [18/Jun/2020:10:08:40 +0800] "GET /xingrg/all/function/internal_message.html?_=1592446128670&CODE_STATE=getMsg HTTP/1.1" 200 27
120.253.135.82 - - [18/Jun/2020:10:08:41 +0800] "GET /xingrg/all/function/internal_message.html?_=1592446249159&CODE_STATE=getMsg HTTP/1.1" 200 27
120.253.135.82 - - [18/Jun/2020:10:08:42 +0800] "GET /xingrg/check_reg.html?_=1592445875692 HTTP/1.1" 200 22
116.230.77.149 - - [18/Jun/2020:10:08:43 +0800] "POST /xingrg/system/rest/edit_item.html HTTP/1.1" 200 4
116.230.77.149 - - [18/Jun/2020:10:08:43 +0800] "GET /xingrg/system/rest/get_item.html?table=menu&target=menu_rest&id=2054&_=1592446121093 HTTP/1.1" 200 775
117.131.5.26 - - [18/Jun/2020:10:08:46 +0800] "GET /xingrg/check_reg.html?_=1592446109853 HTTP/1.1" 200 22
172.17.0.100 - - [18/Jun/2020:10:08:46 +0800] "GET /xingrg/all/function/internal_message.html?_=1592446123576&CODE_STATE=getMsg HTTP/1.1" 200 27
180.175.214.200 - - [18/Jun/2020:10:08:47 +0800] "GET /xingrg/all/function/internal_message.html?_=1592446330117&CODE_STATE=getMsg HTTP/1.1" 200 27
101.228.167.227 - - [18/Jun/2020:10:08:53 +0800] "POST /xingrg/services/DataTransmitService HTTP/1.1" 200 524
101.228.167.227 - - [18/Jun/2020:10:08:53 +0800] "POST /xingrg/services/DataTransmitService HTTP/1.1" 200 501
114.89.80.44 - - [18/Jun/2020:10:08:53 +0800] "GET /xingrg/all/function/internal_message.html?_=1592446129927&CODE_STATE=getMsg HTTP/1.1" 200 27
101.228.167.227 - - [18/Jun/2020:10:08:55 +0800] "GET /xingrg/check_reg.html?_=1592446150225 HTTP/1.1" 200 22
101.228.167.227 - - [18/Jun/2020:10:08:55 +0800] "GET /xingrg/all/function/internal_message.html?_=1592446150489&CODE_STATE=getMsg HTTP/1.1" 200 27
116.230.77.149 - - [18/Jun/2020:10:08:55 +0800] "GET /xingrg/system/rest/query_items.html?_=1592446133392&table=menu&page=1&rows=20&categoryId=&key=%25E8%2586%258F%25E8%259F%25B9 HTTP/1.1" 200 1032
116.233.76.39 - - [18/Jun/2020:10:08:57 +0800] "GET /xingrg/all/function/internal_message.html?_=1592446374328&CODE_STATE=getMsg HTTP/1.1" 200 27
222.69.133.181 - - [18/Jun/2020:10:08:57 +0800] "GET /xingrg/all/function/internal_message.html?_=1592446129679&CODE_STATE=getMsg HTTP/1.1" 200 27
116.230.77.149 - - [18/Jun/2020:10:08:57 +0800] "GET /xingrg/system/rest/query_items.html?_=1592446135000&table=menu&page=1&rows=20&categoryId=&key=%25E8%2586%258F%25E8%259F%25B9 HTTP/1.1" 200 1032
172.17.200.101 - - [18/Jun/2020:10:08:58 +0800] "GET /xingrg/kc/buy/cgsh_order_list.html HTTP/1.1" 200 43583
116.230.77.149 - - [18/Jun/2020:10:08:58 +0800] "GET /xingrg/system/rest/get_item.html?table=menu&id=2013&_=1592446135714 HTTP/1.1" 200 970
116.230.77.149 - - [18/Jun/2020:10:08:58 +0800] "GET /xingrg/system/rest/get_item.html?table=menu&target=menu_rest&id=2013&_=1592446135732 HTTP/1.1" 200 780
116.230.77.149 - - [18/Jun/2020:10:08:58 +0800] "GET /xingrg/system/rest/get_item.html?table=menu&target=cook_mode&id=2013&_=1592446135731 HTTP/1.1" 200 15971
116.230.77.149 - - [18/Jun/2020:10:08:58 +0800] "GET /xingrg/system/rest/get_infos.html?command=menu_img_show&id=2013 HTTP/1.1" 200 5
116.230.77.149 - - [18/Jun/2020:10:09:00 +0800] "GET /xingrg/system/rest/get_item.html?table=menu&target=menu_rest_detail&id=2013&sid=6&_=1592446137932 HTTP/1.1" 200 422
114.86.190.97 - - [18/Jun/2020:10:09:00 +0800] "GET /xingrg/all/function/internal_message.html?_=1592446140193&CODE_STATE=getMsg HTTP/1.1" 200 27
114.86.190.97 - - [18/Jun/2020:10:09:00 +0800] "GET /xingrg/check_reg.html?_=1592446140281 HTTP/1.1" 200 22
180.162.102.27 - - [18/Jun/2020:10:09:01 +0800] "GET /xingrg/all/function/internal_message.html?_=1592446106276&CODE_STATE=getMsg HTTP/1.1" 200 27
172.17.200.101 - - [18/Jun/2020:10:09:01 +0800] "POST /xingrg/kc/buy/cgsh_list_operate.html HTTP/1.1" 200 3431
172.17.0.101 - - [18/Jun/2020:10:09:01 +0800] "GET /xingrg/all/function/internal_message.html?_=1592446148439&CODE_STATE=getMsg HTTP/1.1" 200 27
120.253.135.82 - - [18/Jun/2020:10:09:01 +0800] "GET /xingrg/kc/pszx/mdqp_order_list.html?state=10 HTTP/1.1" 200 10079
120.253.135.82 - - [18/Jun/2020:10:09:01 +0800] "POST /xingrg/kc/pszx/mdps_list_operate.html HTTP/1.1" 200 2062
120.253.135.82 - - [18/Jun/2020:10:09:01 +0800] "GET /xingrg/dwr/interface/AjaxReportQueryService.js HTTP/1.1" 200 13203
120.253.135.82 - - [18/Jun/2020:10:09:01 +0800] "GET /xingrg/dwr/interface/AjaxQqpsService.js HTTP/1.1" 200 16326
120.253.135.82 - - [18/Jun/2020:10:09:01 +0800] "GET /xingrg/dwr/engine.js HTTP/1.1" 200 43631
172.17.0.240 - - [18/Jun/2020:10:09:01 +0800] "GET /xingrg/check_reg.html?_=1592446136921 HTTP/1.1" 200 22
172.17.0.240 - - [18/Jun/2020:10:09:01 +0800] "GET /xingrg/all/function/internal_message.html?_=1592446136925&CODE_STATE=getMsg HTTP/1.1" 200 27
116.230.77.149 - - [18/Jun/2020:10:09:02 +0800] "GET /xingrg/all/function/internal_message.html?_=1592446139499&CODE_STATE=getMsg HTTP/1.1" 200 27
120.253.135.82 - - [18/Jun/2020:10:09:04 +0800] "GET /xingrg/kc/pszx/mdps_order_list.html?orderType=0 HTTP/1.1" 200 20967
120.253.135.82 - - [18/Jun/2020:10:09:04 +0800] "POST /xingrg/kc/pszx/mdps_list_operate.html HTTP/1.1" 200 5415
172.17.200.101 - - [18/Jun/2020:10:09:06 +0800] "GET /xingrg/javascript/easyui/themes/default/tree.css HTTP/1.1" 404 1090
172.17.200.101 - - [18/Jun/2020:10:09:06 +0800] "POST /xingrg/all/common/load_tree.html?tree=supplier_tree_json&manage=1 HTTP/1.1" 200 49788
116.230.77.149 - - [18/Jun/2020:10:09:07 +0800] "POST /xingrg/system/rest/edit_item.html HTTP/1.1" 200 4
116.230.77.149 - - [18/Jun/2020:10:09:07 +0800] "GET /xingrg/system/rest/get_item.html?table=menu&target=menu_rest&id=2013&_=1592446145350 HTTP/1.1" 200 780
101.228.167.227 - - [18/Jun/2020:10:09:11 +0800] "GET /xingrg/kc/buy/cgsh_order_operate.html?command=get_materiel&rest_code=00146&code=00101008131&supplier_code=00100005&order_time=2020-06-18 HTTP/1.1" 200 408
120.253.135.82 - - [18/Jun/2020:10:09:12 +0800] "GET /xingrg/kc/pszx/mdqp_order_list.html?state=10 HTTP/1.1" 200 10079
120.253.135.82 - - [18/Jun/2020:10:09:12 +0800] "GET /xingrg/dwr/interface/AjaxReportQueryService.js HTTP/1.1" 200 13203
120.253.135.82 - - [18/Jun/2020:10:09:12 +0800] "GET /xingrg/dwr/interface/AjaxQqpsService.js HTTP/1.1" 200 16326
120.253.135.82 - - [18/Jun/2020:10:09:12 +0800] "GET /xingrg/dwr/engine.js HTTP/1.1" 200 43631
120.253.135.82 - - [18/Jun/2020:10:09:14 +0800] "GET /xingrg/kc/pszx/mdps_order_list.html?orderType=0 HTTP/1.1" 200 20967
120.253.135.82 - - [18/Jun/2020:10:09:14 +0800] "POST /xingrg/kc/pszx/mdps_list_operate.html HTTP/1.1" 200 5415
117.184.7.30 - - [18/Jun/2020:10:09:15 +0800] "GET /xingrg/all/function/internal_message.html?_=1592446146326&CODE_STATE=getMsg HTTP/1.1" 200 27
114.84.32.201 - - [18/Jun/2020:10:09:15 +0800] "GET /xingrg/index.html?sysBaseUrl=http%3A%2F%2F180.169.147.146%3A18081%2Fxingrg%2F&costTime=71×tamp=1586403971840 HTTP/1.1" 302 -
114.84.32.201 - - [18/Jun/2020:10:09:15 +0800] "GET /xingrg/login.html HTTP/1.1" 200 7641
114.84.32.201 - - [18/Jun/2020:10:09:16 +0800] "GET /favicon.ico HTTP/1.1" 404 -
101.228.167.227 - - [18/Jun/2020:10:09:16 +0800] "GET /xingrg/check_reg.html?_=1592446164580 HTTP/1.1" 200 22
172.17.0.120 - - [18/Jun/2020:10:09:16 +0800] "GET /xingrg/all/function/internal_message.html?_=1592446153665&CODE_STATE=getMsg HTTP/1.1" 200 27
172.17.0.120 - - [18/Jun/2020:10:09:16 +0800] "GET /xingrg/check_reg.html?_=1592446153668 HTTP/1.1" 200 22
116.230.77.149 - - [18/Jun/2020:10:09:17 +0800] "GET /xingrg/system/rest/query_items.html?_=1592446154852&table=menu&page=1&rows=20&categoryId=&key=%25E9%259D%2592%25E8%259F%25B9 HTTP/1.1" 200 746
172.17.200.101 - - [18/Jun/2020:10:09:18 +0800] "GET /xingrg/all/function/internal_message.html?_=1592446159651&CODE_STATE=getMsg HTTP/1.1" 200 27
116.230.77.149 - - [18/Jun/2020:10:09:18 +0800] "GET /xingrg/system/rest/query_items.html?_=1592446156042&table=menu&page=1&rows=20&categoryId=&key=%25E9%259D%2592%25E8%259F%25B9 HTTP/1.1" 200 746
116.230.77.149 - - [18/Jun/2020:10:09:19 +0800] "GET /xingrg/system/rest/get_item.html?table=menu&id=2014&_=1592446157018 HTTP/1.1" 200 970
116.230.77.149 - - [18/Jun/2020:10:09:19 +0800] "GET /xingrg/system/rest/get_item.html?table=menu&target=menu_rest&id=2014&_=1592446157038 HTTP/1.1" 200 780
116.230.77.149 - - [18/Jun/2020:10:09:19 +0800] "GET /xingrg/system/rest/get_item.html?table=menu&target=cook_mode&id=2014&_=1592446157037 HTTP/1.1" 200 14780
116.230.77.149 - - [18/Jun/2020:10:09:20 +0800] "GET /xingrg/system/rest/get_infos.html?command=menu_img_show&id=2014 HTTP/1.1" 200 5
101.228.167.227 - - [18/Jun/2020:10:09:20 +0800] "GET /xingrg/kc/buy/cgsh_order_operate.html?command=get_materiel&rest_code=00146&code=00101008318&supplier_code=00100005&order_time=2020-06-18 HTTP/1.1" 200 408
116.230.77.149 - - [18/Jun/2020:10:09:21 +0800] "GET /xingrg/system/rest/get_item.html?table=menu&target=menu_rest_detail&id=2014&sid=6&_=1592446158791 HTTP/1.1" 200 422
101.228.167.227 - - [18/Jun/2020:10:09:26 +0800] "GET /xingrg/all/function/internal_message.html?_=1592446174556&CODE_STATE=getMsg HTTP/1.1" 200 27
114.89.80.44 - - [18/Jun/2020:10:09:26 +0800] "GET /xingrg/all/function/internal_message.html?_=1592446293681&CODE_STATE=getMsg HTTP/1.1" 200 27
116.230.77.149 - - [18/Jun/2020:10:09:26 +0800] "POST /xingrg/system/rest/edit_item.html HTTP/1.1" 200 4
116.230.77.149 - - [18/Jun/2020:10:09:26 +0800] "GET /xingrg/system/rest/get_item.html?table=menu&target=menu_rest&id=2014&_=1592446164409 HTTP/1.1" 200 780
114.84.151.157 - - [18/Jun/2020:10:09:27 +0800] "GET /xingrg/all/function/internal_message.html?_=1592446159131&CODE_STATE=getMsg HTTP/1.1" 200 27
114.84.32.201 - - [18/Jun/2020:10:09:27 +0800] "POST /xingrg/login.do HTTP/1.1" 302 -
114.84.32.201 - - [18/Jun/2020:10:09:27 +0800] "GET /xingrg/index.html?sysBaseUrl=http%3A%2F%2F180.169.147.146%3A18081%2Fxingrg%2F&costTime=41×tamp=1592446167481 HTTP/1.1" 200 17419
114.84.32.201 - - [18/Jun/2020:10:09:27 +0800] "GET /favicon.ico HTTP/1.1" 404 -
114.84.32.201 - - [18/Jun/2020:10:09:27 +0800] "POST /xingrg/all/common/load_tree.html?tree=area_rest_tree_json&manage=1 HTTP/1.1" 200 3088
114.84.32.201 - - [18/Jun/2020:10:09:27 +0800] "GET /xingrg/all/function/internal_message.html?_=1592446163144&CODE_STATE=count HTTP/1.1" 200 11
114.84.32.201 - - [18/Jun/2020:10:09:27 +0800] "GET /xingrg/check_reg.html?_=1592446163144 HTTP/1.1" 200 22
114.84.32.201 - - [18/Jun/2020:10:09:27 +0800] "POST /xingrg/load_menu.html HTTP/1.1" 200 9959
172.17.0.185 - - [18/Jun/2020:10:09:28 +0800] "GET /xingrg/all/function/internal_message.html?_=1592446164184&CODE_STATE=getMsg HTTP/1.1" 200 27
101.228.167.227 - - [18/Jun/2020:10:09:30 +0800] "GET /xingrg/kc/buy/cgsh_order_operate.html?command=get_materiel&rest_code=00146&code=00101008352&supplier_code=00100005&order_time=2020-06-18 HTTP/1.1" 200 412
114.84.32.201 - - [18/Jun/2020:10:09:31 +0800] "POST /xingrg/load_menu.html HTTP/1.1" 200 10168
61.172.5.115 - - [18/Jun/2020:10:09:32 +0800] "GET /xingrg/check_reg.html?_=1592446170220 HTTP/1.1" 200 22
61.172.5.115 - - [18/Jun/2020:10:09:32 +0800] "GET /xingrg/all/function/internal_message.html?_=1592446170221&CODE_STATE=getMsg HTTP/1.1" 200 27
116.230.77.149 - - [18/Jun/2020:10:09:35 +0800] "GET /xingrg/system/rest/query_items.html?_=1592446172443&table=menu&page=1&rows=20&categoryId=&key=%25E6%25AF%258D%25E5%258D%25B7 HTTP/1.1" 200 4584
116.230.77.149 - - [18/Jun/2020:10:09:36 +0800] "GET /xingrg/system/rest/query_items.html?_=1592446173912&table=menu&page=1&rows=20&categoryId=&key=%25E6%25AF%258D%25E5%258D%25B7 HTTP/1.1" 200 4584
114.88.170.9 - - [18/Jun/2020:10:09:36 +0800] "GET /xingrg/all/function/internal_message.html?_=1592446172824&CODE_STATE=getMsg HTTP/1.1" 200 27
116.230.77.149 - - [18/Jun/2020:10:09:37 +0800] "GET /xingrg/system/rest/get_item.html?table=menu&id=2084&_=1592446174853 HTTP/1.1" 200 971
116.230.77.149 - - [18/Jun/2020:10:09:37 +0800] "GET /xingrg/system/rest/get_item.html?table=menu&target=menu_rest&id=2084&_=1592446174872 HTTP/1.1" 200 1143
116.230.77.149 - - [18/Jun/2020:10:09:37 +0800] "GET /xingrg/system/rest/get_item.html?table=menu&target=cook_mode&id=2084&_=1592446174871 HTTP/1.1" 200 9679
114.84.32.201 - - [18/Jun/2020:10:09:37 +0800] "GET /xingrg/dwr/interface/AjaxGetFirstChart.js HTTP/1.1" 200 631
114.84.32.201 - - [18/Jun/2020:10:09:37 +0800] "GET /xingrg/dwr/util.js HTTP/1.1" 304 -
114.84.32.201 - - [18/Jun/2020:10:09:37 +0800] "GET /xingrg/dwr/engine.js HTTP/1.1" 200 43631
114.84.32.201 - - [18/Jun/2020:10:09:37 +0800] "GET /xingrg/system/rest/list_page.html?p=menu HTTP/1.1" 200 112918
116.230.77.149 - - [18/Jun/2020:10:09:37 +0800] "GET /xingrg/system/rest/get_infos.html?command=menu_img_show&id=2084 HTTP/1.1" 200 5
114.84.32.201 - - [18/Jun/2020:10:09:38 +0800] "GET /xingrg/system/rest/query_items.html?_=1592446173222&table=menu&page=1&rows=20&categoryId=&key= HTTP/1.1" 200 4729
116.230.77.149 - - [18/Jun/2020:10:09:38 +0800] "GET /xingrg/all/function/internal_message.html?_=1592446167142&CODE_STATE=getMsg HTTP/1.1" 200 27
116.230.77.149 - - [18/Jun/2020:10:09:39 +0800] "GET /xingrg/system/rest/get_item.html?table=menu&target=menu_rest_detail&id=2084&sid=6&_=1592446177326 HTTP/1.1" 200 419
114.88.170.9 - - [18/Jun/2020:10:09:40 +0800] "GET /xingrg/all/function/internal_message.html?_=1592446188653&CODE_STATE=getMsg HTTP/1.1" 200 27
114.88.170.9 - - [18/Jun/2020:10:09:41 +0800] "GET /xingrg/check_reg.html?_=1592446189523 HTTP/1.1" 200 22
120.253.135.82 - - [18/Jun/2020:10:09:41 +0800] "GET /xingrg/all/function/internal_message.html?_=1592446309173&CODE_STATE=getMsg HTTP/1.1" 200 27
120.253.135.82 - - [18/Jun/2020:10:09:41 +0800] "POST /xingrg/kc/pszx/mdps_list_operate.html HTTP/1.1" 200 5415
101.228.167.227 - - [18/Jun/2020:10:09:42 +0800] "GET /xingrg/kc/buy/cgsh_order_operate.html?command=get_materiel&rest_code=00146&code=00101008098&supplier_code=00100005&order_time=2020-06-18 HTTP/1.1" 200 412
120.253.135.82 - - [18/Jun/2020:10:09:42 +0800] "GET /xingrg/kc/pszx/mdps_order_list.html?orderType=0 HTTP/1.1" 200 20967
120.253.135.82 - - [18/Jun/2020:10:09:42 +0800] "POST /xingrg/kc/pszx/mdps_list_operate.html HTTP/1.1" 200 5415
116.230.77.149 - - [18/Jun/2020:10:09:45 +0800] "POST /xingrg/system/rest/edit_item.html HTTP/1.1" 200 4
116.230.77.149 - - [18/Jun/2020:10:09:45 +0800] "GET /xingrg/system/rest/get_item.html?table=menu&target=menu_rest&id=2084&_=1592446183073 HTTP/1.1" 200 1143
172.17.0.100 - - [18/Jun/2020:10:09:46 +0800] "GET /xingrg/all/function/internal_message.html?_=1592446183579&CODE_STATE=getMsg HTTP/1.1" 200 27
172.17.0.100 - - [18/Jun/2020:10:09:46 +0800] "GET /xingrg/check_reg.html?_=1592446183576 HTTP/1.1" 200 22
180.175.214.200 - - [18/Jun/2020:10:09:46 +0800] "GET /xingrg/check_reg.html?_=1592446388780 HTTP/1.1" 200 22
172.17.200.101 - - [18/Jun/2020:10:09:47 +0800] "POST /xingrg/kc/buy/cgsh_list_operate.html HTTP/1.1" 200 5799
180.175.214.200 - - [18/Jun/2020:10:09:47 +0800] "GET /xingrg/all/function/internal_message.html?_=1592446390128&CODE_STATE=getMsg HTTP/1.1" 200 27
116.230.77.149 - - [18/Jun/2020:10:09:51 +0800] "GET /xingrg/system/rest/query_items.html?_=1592446189107&table=menu&page=1&rows=20&categoryId=&key=%25E5%25B8%25A6%25E9%25B1%25BC HTTP/1.1" 200 3139
116.230.77.149 - - [18/Jun/2020:10:09:52 +0800] "GET /xingrg/system/rest/query_items.html?_=1592446190326&table=menu&page=1&rows=20&categoryId=&key=%25E5%25B8%25A6%25E9%25B1%25BC HTTP/1.1" 200 3139
114.89.80.44 - - [18/Jun/2020:10:09:53 +0800] "GET /xingrg/check_reg.html?_=1592446189919 HTTP/1.1" 200 22
114.89.80.44 - - [18/Jun/2020:10:09:53 +0800] "GET /xingrg/all/function/internal_message.html?_=1592446189923&CODE_STATE=getMsg HTTP/1.1" 200 27
116.230.77.149 - - [18/Jun/2020:10:09:53 +0800] "GET /xingrg/system/rest/get_item.html?table=menu&id=1932&_=1592446191458 HTTP/1.1" 200 946
116.230.77.149 - - [18/Jun/2020:10:09:54 +0800] "GET /xingrg/system/rest/get_item.html?table=menu&target=menu_rest&id=1932&_=1592446191477 HTTP/1.1" 200 762
116.230.77.149 - - [18/Jun/2020:10:09:54 +0800] "GET /xingrg/system/rest/get_item.html?table=menu&target=cook_mode&id=1932&_=1592446191476 HTTP/1.1" 200 15043
116.230.77.149 - - [18/Jun/2020:10:09:54 +0800] "GET /xingrg/system/rest/get_infos.html?command=menu_img_show&id=1932 HTTP/1.1" 200 5
116.230.77.149 - - [18/Jun/2020:10:09:55 +0800] "GET /xingrg/system/rest/get_item.html?table=menu&target=menu_rest_detail&id=1932&sid=6&_=1592446193187 HTTP/1.1" 200 419
101.228.167.227 - - [18/Jun/2020:10:09:55 +0800] "GET /xingrg/all/function/internal_message.html?_=1592446210502&CODE_STATE=getMsg HTTP/1.1" 200 27
116.233.76.39 - - [18/Jun/2020:10:09:56 +0800] "GET /xingrg/all/function/internal_message.html?_=1592446434328&CODE_STATE=getMsg HTTP/1.1" 200 27
222.69.133.181 - - [18/Jun/2020:10:09:57 +0800] "GET /xingrg/all/function/internal_message.html?_=1592446189681&CODE_STATE=getMsg HTTP/1.1" 200 27
101.228.167.227 - - [18/Jun/2020:10:09:57 +0800] "GET /xingrg/kc/buy/cgsh_order_operate.html?command=get_materiel&rest_code=00146&code=00101008353&supplier_code=00100005&order_time=2020-06-18 HTTP/1.1" 200 408
116.230.77.149 - - [18/Jun/2020:10:10:00 +0800] "POST /xingrg/system/rest/edit_item.html HTTP/1.1" 200 4
116.230.77.149 - - [18/Jun/2020:10:10:00 +0800] "GET /xingrg/system/rest/get_item.html?table=menu&target=menu_rest&id=1932&_=1592446197591 HTTP/1.1" 200 762
114.86.190.97 - - [18/Jun/2020:10:10:00 +0800] "GET /xingrg/all/function/internal_message.html?_=1592446200185&CODE_STATE=getMsg HTTP/1.1" 200 27
180.162.102.27 - - [18/Jun/2020:10:10:01 +0800] "GET /xingrg/all/function/internal_message.html?_=1592446166275&CODE_STATE=getMsg HTTP/1.1" 200 27
172.17.0.101 - - [18/Jun/2020:10:10:01 +0800] "GET /xingrg/all/function/internal_message.html?_=1592446208441&CODE_STATE=getMsg HTTP/1.1" 200 27
172.17.0.101 - - [18/Jun/2020:10:10:01 +0800] "GET /xingrg/check_reg.html?_=1592446208445 HTTP/1.1" 200 22
172.17.0.240 - - [18/Jun/2020:10:10:01 +0800] "GET /xingrg/all/function/internal_message.html?_=1592446196913&CODE_STATE=getMsg HTTP/1.1" 200 27
116.230.77.149 - - [18/Jun/2020:10:10:02 +0800] "GET /xingrg/all/function/internal_message.html?_=1592446199499&CODE_STATE=getMsg HTTP/1.1" 200 27
101.228.167.227 - - [18/Jun/2020:10:10:05 +0800] "POST /xingrg/kc/buy/cgsh_order_operate.html HTTP/1.1" 200 2065
116.230.77.149 - - [18/Jun/2020:10:10:08 +0800] "GET /xingrg/system/rest/query_items.html?_=1592446205544&table=menu&page=1&rows=20&categoryId=&key=xbc HTTP/1.1" 200 3839
116.230.77.149 - - [18/Jun/2020:10:10:09 +0800] "GET /xingrg/system/rest/query_items.html?_=1592446206685&table=menu&page=1&rows=20&categoryId=&key=xbc HTTP/1.1" 200 3839
116.230.77.149 - - [18/Jun/2020:10:10:10 +0800] "GET /xingrg/system/rest/get_item.html?table=menu&id=1931&_=1592446207697 HTTP/1.1" 200 944
116.230.77.149 - - [18/Jun/2020:10:10:10 +0800] "GET /xingrg/system/rest/get_item.html?table=menu&target=menu_rest&id=1931&_=1592446207717 HTTP/1.1" 200 886
116.230.77.149 - - [18/Jun/2020:10:10:10 +0800] "GET /xingrg/system/rest/get_item.html?table=menu&target=cook_mode&id=1931&_=1592446207716 HTTP/1.1" 200 17346
116.230.77.149 - - [18/Jun/2020:10:10:10 +0800] "GET /xingrg/system/rest/get_infos.html?command=menu_img_show&id=1931 HTTP/1.1" 200 5
101.228.167.227 - - [18/Jun/2020:10:10:12 +0800] "GET /xingrg/kc/buy/cgsh_order_operate.html?command=get_materiel&rest_code=00146&code=00101008312&supplier_code=00100005&order_time=2020-06-18 HTTP/1.1" 200 412
116.230.77.149 - - [18/Jun/2020:10:10:14 +0800] "GET /xingrg/system/rest/get_item.html?table=menu&target=menu_rest_detail&id=1931&sid=6&_=1592446211763 HTTP/1.1" 200 434
117.184.7.30 - - [18/Jun/2020:10:10:14 +0800] "GET /xingrg/check_reg.html?_=1592446206065 HTTP/1.1" 200 22
117.184.7.30 - - [18/Jun/2020:10:10:15 +0800] "GET /xingrg/all/function/internal_message.html?_=1592446206439&CODE_STATE=getMsg HTTP/1.1" 200 27
172.17.0.120 - - [18/Jun/2020:10:10:16 +0800] "GET /xingrg/all/function/internal_message.html?_=1592446213654&CODE_STATE=getMsg HTTP/1.1" 200 27
172.17.200.101 - - [18/Jun/2020:10:10:18 +0800] "GET /xingrg/all/function/internal_message.html?_=1592446219647&CODE_STATE=getMsg HTTP/1.1" 200 27
116.230.77.149 - - [18/Jun/2020:10:10:19 +0800] "POST /xingrg/system/rest/edit_item.html HTTP/1.1" 200 4
116.230.77.149 - - [18/Jun/2020:10:10:19 +0800] "GET /xingrg/system/rest/get_item.html?table=menu&target=menu_rest&id=1931&_=1592446217372 HTTP/1.1" 200 886
101.228.167.227 - - [18/Jun/2020:10:10:22 +0800] "GET /xingrg/kc/buy/cgsh_order_operate.html?command=get_materiel&rest_code=00146&code=00101015037&supplier_code=00100005&order_time=2020-06-18 HTTP/1.1" 200 412
101.228.167.227 - - [18/Jun/2020:10:10:26 +0800] "GET /xingrg/all/function/internal_message.html?_=1592446234574&CODE_STATE=getMsg HTTP/1.1" 200 27
114.89.80.44 - - [18/Jun/2020:10:10:26 +0800] "GET /xingrg/all/function/internal_message.html?_=1592446353688&CODE_STATE=getMsg HTTP/1.1" 200 27
114.84.151.157 - - [18/Jun/2020:10:10:27 +0800] "GET /xingrg/all/function/internal_message.html?_=1592446219130&CODE_STATE=getMsg HTTP/1.1" 200 27
114.84.151.157 - - [18/Jun/2020:10:10:27 +0800] "GET /xingrg/check_reg.html?_=1592446219133 HTTP/1.1" 200 22
114.84.32.201 - - [18/Jun/2020:10:10:27 +0800] "GET /xingrg/all/function/internal_message.html?_=1592446223149&CODE_STATE=getMsg HTTP/1.1" 200 27
172.17.0.185 - - [18/Jun/2020:10:10:28 +0800] "GET /xingrg/all/function/internal_message.html?_=1592446224186&CODE_STATE=getMsg HTTP/1.1" 200 27
116.230.77.149 - - [18/Jun/2020:10:10:30 +0800] "GET /xingrg/system/rest/query_items.html?_=1592446228365&table=menu&page=1&rows=20&categoryId=&key=%25E6%25A2%2585%25E5%25AD%2590%25E9%25B1%25BC HTTP/1.1" 200 325
61.172.5.115 - - [18/Jun/2020:10:10:32 +0800] "GET /xingrg/all/function/internal_message.html?_=1592446230219&CODE_STATE=getMsg HTTP/1.1" 200 27
116.230.77.149 - - [18/Jun/2020:10:10:32 +0800] "GET /xingrg/system/rest/query_items.html?_=1592446230209&table=menu&page=1&rows=20&categoryId=&key=%25E6%25A2%2585%25E5%25AD%2590%25E9%25B1%25BC HTTP/1.1" 200 325
116.230.77.149 - - [18/Jun/2020:10:10:33 +0800] "GET /xingrg/system/rest/get_item.html?table=menu&id=1954&_=1592446231109 HTTP/1.1" 200 1027
116.230.77.149 - - [18/Jun/2020:10:10:33 +0800] "GET /xingrg/system/rest/get_item.html?table=menu&target=menu_rest&id=1954&_=1592446231130 HTTP/1.1" 200 877
116.230.77.149 - - [18/Jun/2020:10:10:33 +0800] "GET /xingrg/system/rest/get_item.html?table=menu&target=cook_mode&id=1954&_=1592446231130 HTTP/1.1" 200 6954
116.230.77.149 - - [18/Jun/2020:10:10:34 +0800] "GET /xingrg/system/rest/get_infos.html?command=menu_img_show&id=1954 HTTP/1.1" 200 5
116.230.77.149 - - [18/Jun/2020:10:10:35 +0800] "GET /xingrg/system/rest/get_item.html?table=menu&target=menu_rest_detail&id=1954&sid=6&_=1592446232789 HTTP/1.1" 200 419
114.88.170.9 - - [18/Jun/2020:10:10:36 +0800] "GET /xingrg/all/function/internal_message.html?_=1592446232909&CODE_STATE=getMsg HTTP/1.1" 200 27
116.230.77.149 - - [18/Jun/2020:10:10:38 +0800] "GET /xingrg/all/function/internal_message.html?_=1592446227141&CODE_STATE=getMsg HTTP/1.1" 200 27
120.253.135.82 - - [18/Jun/2020:10:10:39 +0800] "GET /xingrg/check_reg.html?_=1592446366881 HTTP/1.1" 200 22
116.230.77.149 - - [18/Jun/2020:10:10:40 +0800] "POST /xingrg/system/rest/edit_item.html HTTP/1.1" 200 4
116.230.77.149 - - [18/Jun/2020:10:10:40 +0800] "GET /xingrg/system/rest/get_item.html?table=menu&target=menu_rest&id=1954&_=1592446237532 HTTP/1.1" 200 877
114.88.170.9 - - [18/Jun/2020:10:10:40 +0800] "GET /xingrg/all/function/internal_message.html?_=1592446248620&CODE_STATE=getMsg HTTP/1.1" 200 27
120.253.135.82 - - [18/Jun/2020:10:10:41 +0800] "GET /xingrg/all/function/internal_message.html?_=1592446369186&CODE_STATE=getMsg HTTP/1.1" 200 27
101.228.167.227 - - [18/Jun/2020:10:10:44 +0800] "GET /xingrg/kc/buy/cgsh_order_operate.html?command=get_materiel&rest_code=00146&code=00101015068&supplier_code=00100005&order_time=2020-06-18 HTTP/1.1" 200 412
172.17.0.100 - - [18/Jun/2020:10:10:46 +0800] "GET /xingrg/all/function/internal_message.html?_=1592446243578&CODE_STATE=getMsg HTTP/1.1" 200 27
180.175.214.200 - - [18/Jun/2020:10:10:47 +0800] "GET /xingrg/all/function/internal_message.html?_=1592446450141&CODE_STATE=getMsg HTTP/1.1" 200 27
114.89.80.44 - - [18/Jun/2020:10:10:53 +0800] "GET /xingrg/all/function/internal_message.html?_=1592446249957&CODE_STATE=getMsg HTTP/1.1" 200 27
116.233.76.39 - - [18/Jun/2020:10:10:55 +0800] "GET /xingrg/check_reg.html?_=1592446494218 HTTP/1.1" 200 22
101.228.167.227 - - [18/Jun/2020:10:10:55 +0800] "GET /xingrg/kc/buy/cgsh_order_operate.html?command=get_materiel&rest_code=00146&code=00101008283&supplier_code=00100005&order_time=2020-06-18 HTTP/1.1" 200 408
116.233.76.39 - - [18/Jun/2020:10:10:55 +0800] "GET /xingrg/all/function/internal_message.html?_=1592446494328&CODE_STATE=getMsg HTTP/1.1" 200 27
101.228.167.227 - - [18/Jun/2020:10:10:55 +0800] "GET /xingrg/all/function/internal_message.html?_=1592446270516&CODE_STATE=getMsg HTTP/1.1" 200 27
114.86.190.97 - - [18/Jun/2020:10:10:56 +0800] "POST /xingrg/kc/buy/cgsh_order_operate.html HTTP/1.1" 200 37
222.69.133.181 - - [18/Jun/2020:10:10:57 +0800] "GET /xingrg/all/function/internal_message.html?_=1592446249686&CODE_STATE=getMsg HTTP/1.1" 200 27
114.86.190.97 - - [18/Jun/2020:10:10:57 +0800] "POST /xingrg/kc/buy/cgsh_order_operate.html HTTP/1.1" 200 31604
114.86.190.97 - - [18/Jun/2020:10:11:00 +0800] "GET /xingrg/all/function/internal_message.html?_=1592446260175&CODE_STATE=getMsg HTTP/1.1" 200 27
180.162.102.27 - - [18/Jun/2020:10:11:01 +0800] "GET /xingrg/check_reg.html?_=1592446226273 HTTP/1.1" 200 22
180.162.102.27 - - [18/Jun/2020:10:11:01 +0800] "GET /xingrg/all/function/internal_message.html?_=1592446226276&CODE_STATE=getMsg HTTP/1.1" 200 27
172.17.0.101 - - [18/Jun/2020:10:11:01 +0800] "GET /xingrg/all/function/internal_message.html?_=1592446268447&CODE_STATE=getMsg HTTP/1.1" 200 27
172.17.0.240 - - [18/Jun/2020:10:11:01 +0800] "GET /xingrg/all/function/internal_message.html?_=1592446256915&CODE_STATE=getMsg HTTP/1.1" 200 27
116.230.77.149 - - [18/Jun/2020:10:11:02 +0800] "GET /xingrg/check_reg.html?_=1592446259515 HTTP/1.1" 200 22
116.230.77.149 - - [18/Jun/2020:10:11:02 +0800] "GET /xingrg/all/function/internal_message.html?_=1592446259516&CODE_STATE=getMsg HTTP/1.1" 200 27
116.230.77.149 - - [18/Jun/2020:10:11:07 +0800] "POST /xingrg/services/DataTransmitService HTTP/1.1" 200 524
116.230.77.149 - - [18/Jun/2020:10:11:07 +0800] "POST /xingrg/services/DataTransmitService HTTP/1.1" 200 2739
116.230.77.149 - - [18/Jun/2020:10:11:09 +0800] "POST /xingrg/services/DataTransmitService HTTP/1.1" 200 168820
101.228.167.227 - - [18/Jun/2020:10:11:12 +0800] "GET /xingrg/kc/buy/cgsh_order_operate.html?command=get_materiel&rest_code=00146&code=00101008175&supplier_code=00100005&order_time=2020-06-18 HTTP/1.1" 200 412
117.184.7.30 - - [18/Jun/2020:10:11:14 +0800] "GET /xingrg/all/function/internal_message.html?_=1592446266409&CODE_STATE=getMsg HTTP/1.1" 200 27
172.17.0.120 - - [18/Jun/2020:10:11:16 +0800] "GET /xingrg/all/function/internal_message.html?_=1592446273656&CODE_STATE=getMsg HTTP/1.1" 200 27
172.17.200.101 - - [18/Jun/2020:10:11:17 +0800] "POST /xingrg/kc/buy/cgsh_list_operate.html HTTP/1.1" 200 5799
172.17.200.101 - - [18/Jun/2020:10:11:18 +0800] "GET /xingrg/all/function/internal_message.html?_=1592446279650&CODE_STATE=getMsg HTTP/1.1" 200 27
101.228.167.227 - - [18/Jun/2020:10:11:26 +0800] "GET /xingrg/all/function/internal_message.html?_=1592446294582&CODE_STATE=getMsg HTTP/1.1" 200 27
114.89.80.44 - - [18/Jun/2020:10:11:26 +0800] "GET /xingrg/all/function/internal_message.html?_=1592446413725&CODE_STATE=getMsg HTTP/1.1" 200 27
114.84.151.157 - - [18/Jun/2020:10:11:27 +0800] "GET /xingrg/all/function/internal_message.html?_=1592446279117&CODE_STATE=getMsg HTTP/1.1" 200 27
117.185.32.26 - - [18/Jun/2020:10:11:27 +0800] "POST /xingrg/services/DataTransmitService HTTP/1.1" 401 565
117.185.32.26 - - [18/Jun/2020:10:11:27 +0800] "POST /xingrg/services/DataTransmitService HTTP/1.1" 200 478
117.185.32.26 - - [18/Jun/2020:10:11:27 +0800] "POST /xingrg/services/DataTransmitService HTTP/1.1" 200 1320
117.185.32.26 - - [18/Jun/2020:10:11:27 +0800] "POST /xingrg/services/DataTransmitService HTTP/1.1" 200 478
117.185.32.26 - - [18/Jun/2020:10:11:27 +0800] "POST /xingrg/services/DataTransmitService HTTP/1.1" 200 1320
117.185.32.26 - - [18/Jun/2020:10:11:27 +0800] "POST /xingrg/services/DataTransmitService HTTP/1.1" 200 524
117.185.32.26 - - [18/Jun/2020:10:11:27 +0800] "POST /xingrg/services/DataTransmitService HTTP/1.1" 200 3023
114.84.32.201 - - [18/Jun/2020:10:11:27 +0800] "GET /xingrg/all/function/internal_message.html?_=1592446283144&CODE_STATE=getMsg HTTP/1.1" 200 27
172.17.0.185 - - [18/Jun/2020:10:11:28 +0800] "GET /xingrg/all/function/internal_message.html?_=1592446284188&CODE_STATE=getMsg HTTP/1.1" 200 27
172.17.0.185 - - [18/Jun/2020:10:11:28 +0800] "GET /xingrg/check_reg.html?_=1592446284568 HTTP/1.1" 200 22
117.185.32.26 - - [18/Jun/2020:10:11:29 +0800] "POST /xingrg/services/DataTransmitService HTTP/1.1" 200 45454
117.185.32.26 - - [18/Jun/2020:10:11:30 +0800] "POST /xingrg/services/DataTransmitService HTTP/1.1" 200 19237
61.172.5.115 - - [18/Jun/2020:10:11:32 +0800] "GET /xingrg/all/function/internal_message.html?_=1592446290244&CODE_STATE=getMsg HTTP/1.1" 200 27
101.228.167.227 - - [18/Jun/2020:10:11:34 +0800] "POST /xingrg/kc/buy/cgsh_order_operate.html HTTP/1.1" 200 2065
114.88.170.9 - - [18/Jun/2020:10:11:36 +0800] "GET /xingrg/all/function/internal_message.html?_=1592446292912&CODE_STATE=getMsg HTTP/1.1" 200 27
116.230.77.149 - - [18/Jun/2020:10:11:38 +0800] "GET /xingrg/all/function/internal_message.html?_=1592446287148&CODE_STATE=getMsg HTTP/1.1" 200 27
172.17.200.101 - - [18/Jun/2020:10:11:38 +0800] "POST /xingrg/kc/buy/cgsh_list_operate.html HTTP/1.1" 200 211
114.88.170.9 - - [18/Jun/2020:10:11:40 +0800] "GET /xingrg/all/function/internal_message.html?_=1592446308598&CODE_STATE=getMsg HTTP/1.1" 200 27
101.228.167.227 - - [18/Jun/2020:10:11:40 +0800] "GET /xingrg/kc/buy/cgsh_order_operate.html?command=get_materiel&rest_code=00146&code=00101008508&supplier_code=00100005&order_time=2020-06-18 HTTP/1.1" 200 398
120.253.135.82 - - [18/Jun/2020:10:11:41 +0800] "GET /xingrg/all/function/internal_message.html?_=1592446429200&CODE_STATE=getMsg HTTP/1.1" 200 27
172.17.0.100 - - [18/Jun/2020:10:11:46 +0800] "GET /xingrg/all/function/internal_message.html?_=1592446303578&CODE_STATE=getMsg HTTP/1.1" 200 27
180.175.214.200 - - [18/Jun/2020:10:11:47 +0800] "GET /xingrg/all/function/internal_message.html?_=1592446510155&CODE_STATE=getMsg HTTP/1.1" 200 27
222.69.133.181 - - [18/Jun/2020:10:11:50 +0800] "GET /xingrg/kc/buy/cgsh_order_add.html HTTP/1.1" 200 59133
222.69.133.181 - - [18/Jun/2020:10:11:51 +0800] "POST /xingrg/kc/buy/cgsh_order_operate.html HTTP/1.1" 200 8245
222.69.133.181 - - [18/Jun/2020:10:11:51 +0800] "GET /xingrg/javascript/easyui/themes/default/validatebox.css HTTP/1.1" 404 1104
114.89.80.44 - - [18/Jun/2020:10:11:53 +0800] "GET /xingrg/all/function/internal_message.html?_=1592446309949&CODE_STATE=getMsg HTTP/1.1" 200 27
116.233.76.39 - - [18/Jun/2020:10:11:53 +0800] "GET /xingrg/all/function/internal_message.html?_=1592446554328&CODE_STATE=getMsg HTTP/1.1" 200 27
114.84.32.201 - - [18/Jun/2020:10:11:54 +0800] "GET /xingrg/system/rest/query_items.html?_=1592446309727&table=menu&page=1&rows=20&categoryId=&key= HTTP/1.1" 200 4729
101.228.167.227 - - [18/Jun/2020:10:11:55 +0800] "GET /xingrg/kc/buy/cgsh_order_operate.html?command=get_materiel&rest_code=00146&code=00101008219&supplier_code=00100005&order_time=2020-06-18 HTTP/1.1" 200 412
101.228.167.227 - - [18/Jun/2020:10:11:55 +0800] "GET /xingrg/all/function/internal_message.html?_=1592446330529&CODE_STATE=getMsg HTTP/1.1" 200 27
222.69.133.181 - - [18/Jun/2020:10:11:57 +0800] "GET /xingrg/all/function/internal_message.html?_=1592446309686&CODE_STATE=getMsg HTTP/1.1" 200 27
114.86.190.97 - - [18/Jun/2020:10:12:00 +0800] "GET /xingrg/all/function/internal_message.html?_=1592446320154&CODE_STATE=getMsg HTTP/1.1" 200 27
180.162.102.27 - - [18/Jun/2020:10:12:01 +0800] "GET /xingrg/all/function/internal_message.html?_=1592446286275&CODE_STATE=getMsg HTTP/1.1" 200 27
114.88.170.9 - - [18/Jun/2020:10:12:01 +0800] "POST /xingrg/kc/buy/cgsh_list_operate.html HTTP/1.1" 200 352
172.17.0.101 - - [18/Jun/2020:10:12:01 +0800] "GET /xingrg/all/function/internal_message.html?_=1592446328448&CODE_STATE=getMsg HTTP/1.1" 200 27
172.17.0.240 - - [18/Jun/2020:10:12:01 +0800] "GET /xingrg/all/function/internal_message.html?_=1592446316916&CODE_STATE=getMsg HTTP/1.1" 200 27
116.230.77.149 - - [18/Jun/2020:10:12:02 +0800] "GET /xingrg/all/function/internal_message.html?_=1592446319499&CODE_STATE=getMsg HTTP/1.1" 200 27
222.69.133.181 - - [18/Jun/2020:10:12:07 +0800] "GET /xingrg/kc/buy/cgsh_order_operate.html?command=get_materiel&rest_code=00149&code=00101002027&supplier_code=00100039&order_time=2020-06-18 HTTP/1.1" 200 413
114.88.170.9 - - [18/Jun/2020:10:12:08 +0800] "GET /xingrg/kc/buy/cgsh_order_add.html HTTP/1.1" 200 59080
114.88.170.9 - - [18/Jun/2020:10:12:09 +0800] "POST /xingrg/kc/buy/cgsh_order_operate.html HTTP/1.1" 200 8245
114.88.170.9 - - [18/Jun/2020:10:12:09 +0800] "GET /xingrg/javascript/easyui/themes/default/validatebox.css HTTP/1.1" 404 1104
114.89.80.44 - - [18/Jun/2020:10:12:11 +0800] "GET /xingrg/check_reg.html?_=1592446458150 HTTP/1.1" 200 22
117.184.7.30 - - [18/Jun/2020:10:12:14 +0800] "GET /xingrg/all/function/internal_message.html?_=1592446326392&CODE_STATE=getMsg HTTP/1.1" 200 27
222.69.133.181 - - [18/Jun/2020:10:12:16 +0800] "GET /xingrg/kc/buy/cgsh_order_operate.html?command=get_materiel&rest_code=00149&code=00101001044&supplier_code=00100039&order_time=2020-06-18 HTTP/1.1" 200 409
172.17.0.120 - - [18/Jun/2020:10:12:16 +0800] "GET /xingrg/all/function/internal_message.html?_=1592446333661&CODE_STATE=getMsg HTTP/1.1" 200 27
114.88.170.9 - - [18/Jun/2020:10:12:17 +0800] "GET /xingrg/kc/buy/cgsh_order_operate.html?command=get_materiel&rest_code=00111&code=00101028011&supplier_code=00100017&order_time=2020-06-18 HTTP/1.1" 200 454
172.17.200.101 - - [18/Jun/2020:10:12:18 +0800] "GET /xingrg/check_reg.html?_=1592446339647 HTTP/1.1" 200 22
172.17.200.101 - - [18/Jun/2020:10:12:18 +0800] "GET /xingrg/all/function/internal_message.html?_=1592446339651&CODE_STATE=getMsg HTTP/1.1" 200 27
101.228.167.227 - - [18/Jun/2020:10:12:26 +0800] "GET /xingrg/all/function/internal_message.html?_=1592446354593&CODE_STATE=getMsg HTTP/1.1" 200 27
114.88.170.9 - - [18/Jun/2020:10:12:26 +0800] "GET /xingrg/kc/buy/cgsh_order_operate.html?command=get_materiel&rest_code=00111&code=00101028005&supplier_code=00100017&order_time=2020-06-18 HTTP/1.1" 200 436
114.89.80.44 - - [18/Jun/2020:10:12:26 +0800] "GET /xingrg/all/function/internal_message.html?_=1592446473729&CODE_STATE=getMsg HTTP/1.1" 200 27
114.84.151.157 - - [18/Jun/2020:10:12:27 +0800] "GET /xingrg/all/function/internal_message.html?_=1592446339132&CODE_STATE=getMsg HTTP/1.1" 200 27
114.84.32.201 - - [18/Jun/2020:10:12:27 +0800] "GET /xingrg/all/function/internal_message.html?_=1592446343159&CODE_STATE=getMsg HTTP/1.1" 200 27
172.17.0.185 - - [18/Jun/2020:10:12:28 +0800] "GET /xingrg/all/function/internal_message.html?_=1592446344182&CODE_STATE=getMsg HTTP/1.1" 200 27
172.17.200.101 - - [18/Jun/2020:10:12:31 +0800] "POST /xingrg/kc/buy/cgsh_list_operate.html HTTP/1.1" 200 4
61.172.5.115 - - [18/Jun/2020:10:12:32 +0800] "GET /xingrg/all/function/internal_message.html?_=1592446350241&CODE_STATE=getMsg HTTP/1.1" 200 27
222.69.133.181 - - [18/Jun/2020:10:12:33 +0800] "GET /xingrg/kc/buy/cgsh_order_operate.html?command=get_materiel&rest_code=00149&code=00101002048&supplier_code=00100039&order_time=2020-06-18 HTTP/1.1" 200 399
114.88.170.9 - - [18/Jun/2020:10:12:36 +0800] "GET /xingrg/all/function/internal_message.html?_=1592446353011&CODE_STATE=getMsg HTTP/1.1" 200 27
116.230.77.149 - - [18/Jun/2020:10:12:38 +0800] "GET /xingrg/all/function/internal_message.html?_=1592446347152&CODE_STATE=getMsg HTTP/1.1" 200 27
114.88.170.9 - - [18/Jun/2020:10:12:40 +0800] "GET /xingrg/all/function/internal_message.html?_=1592446368583&CODE_STATE=getMsg HTTP/1.1" 200 27
120.253.135.82 - - [18/Jun/2020:10:12:41 +0800] "GET /xingrg/all/function/internal_message.html?_=1592446489214&CODE_STATE=getMsg HTTP/1.1" 200 27
172.17.0.100 - - [18/Jun/2020:10:12:46 +0800] "GET /xingrg/all/function/internal_message.html?_=1592446363606&CODE_STATE=getMsg HTTP/1.1" 200 27
180.175.214.200 - - [18/Jun/2020:10:12:48 +0800] "GET /xingrg/all/function/internal_message.html?_=1592446570626&CODE_STATE=getMsg HTTP/1.1" 200 27
114.84.32.201 - - [18/Jun/2020:10:12:49 +0800] "GET /xingrg/system/rest/query_items.html?_=1592446364206&table=menu&page=1&rows=20&categoryId=&key=1965 HTTP/1.1" 200 284
114.84.32.201 - - [18/Jun/2020:10:12:50 +0800] "GET /xingrg/system/rest/get_item.html?table=menu&id=1965&_=1592446365872 HTTP/1.1" 200 969
114.84.32.201 - - [18/Jun/2020:10:12:50 +0800] "GET /xingrg/system/rest/get_item.html?table=menu&target=menu_rest&id=1965&_=1592446365897 HTTP/1.1" 200 669
114.84.32.201 - - [18/Jun/2020:10:12:50 +0800] "GET /xingrg/system/rest/get_item.html?table=menu&target=cook_mode&id=1965&_=1592446365895 HTTP/1.1" 200 6235
114.84.32.201 - - [18/Jun/2020:10:12:51 +0800] "GET /xingrg/system/rest/get_infos.html?command=menu_img_show&id=1965 HTTP/1.1" 200 5
116.233.76.39 - - [18/Jun/2020:10:12:52 +0800] "GET /xingrg/all/function/internal_message.html?_=1592446614328&CODE_STATE=getMsg HTTP/1.1" 200 27
114.89.80.44 - - [18/Jun/2020:10:12:53 +0800] "GET /xingrg/all/function/internal_message.html?_=1592446369965&CODE_STATE=getMsg HTTP/1.1" 200 27
114.84.32.201 - - [18/Jun/2020:10:12:54 +0800] "GET /xingrg/system/rest/get_item.html?table=menu&target=menu_rest_detail&id=1965&sid=12&_=1592446369648 HTTP/1.1" 200 426
101.228.167.227 - - [18/Jun/2020:10:12:55 +0800] "GET /xingrg/all/function/internal_message.html?_=1592446390543&CODE_STATE=getMsg HTTP/1.1" 200 27
222.69.133.181 - - [18/Jun/2020:10:12:56 +0800] "GET /xingrg/kc/buy/cgsh_order_operate.html?command=get_materiel&rest_code=00149&code=00101010161&supplier_code=00100039&order_time=2020-06-18 HTTP/1.1" 200 411
222.69.133.181 - - [18/Jun/2020:10:12:57 +0800] "GET /xingrg/check_reg.html?_=1592446369682 HTTP/1.1" 200 22
222.69.133.181 - - [18/Jun/2020:10:12:57 +0800] "GET /xingrg/all/function/internal_message.html?_=1592446369687&CODE_STATE=getMsg HTTP/1.1" 200 27
