114.86.229.11 - - [17/Jun/2020:09:43:18 +0800] "GET /xingrg/kc/buy/cgsh_order_operate.html?command=get_materiel&rest_code=00109&code=00101008006&supplier_code=00100005&order_time=2020-06-17 HTTP/1.1" 200 416
114.86.229.11 - - [17/Jun/2020:09:43:23 +0800] "GET /xingrg/all/function/internal_message.html?_=1592358226575&CODE_STATE=getMsg HTTP/1.1" 200 27
120.253.135.82 - - [17/Jun/2020:09:43:24 +0800] "GET /xingrg/check_reg.html?_=1592357958571 HTTP/1.1" 200 22
114.89.80.44 - - [17/Jun/2020:09:43:30 +0800] "GET /xingrg/all/function/internal_message.html?_=1592358339108&CODE_STATE=getMsg HTTP/1.1" 200 27
222.69.138.100 - - [17/Jun/2020:09:43:30 +0800] "GET /xingrg/all/function/internal_message.html?_=1592358205744&CODE_STATE=getMsg HTTP/1.1" 200 27
114.88.170.9 - - [17/Jun/2020:09:43:32 +0800] "GET /xingrg/all/function/internal_message.html?_=1592358210458&CODE_STATE=getMsg HTTP/1.1" 200 27
61.172.5.115 - - [17/Jun/2020:09:43:34 +0800] "GET /xingrg/all/function/internal_message.html?_=1592358212557&CODE_STATE=getMsg HTTP/1.1" 200 27
180.175.214.200 - - [17/Jun/2020:09:43:36 +0800] "GET /xingrg/all/function/internal_message.html?_=1592358205265&CODE_STATE=getMsg HTTP/1.1" 200 27
101.228.167.227 - - [17/Jun/2020:09:43:37 +0800] "GET /xingrg/all/function/internal_message.html?_=1592358228373&CODE_STATE=getMsg HTTP/1.1" 200 27
114.88.170.9 - - [17/Jun/2020:09:43:37 +0800] "GET /xingrg/all/function/internal_message.html?_=1592358225682&CODE_STATE=getMsg HTTP/1.1" 200 27
116.230.77.149 - - [17/Jun/2020:09:43:40 +0800] "GET /xingrg/all/function/internal_message.html?_=1592358212283&CODE_STATE=getMsg HTTP/1.1" 200 27
120.253.135.82 - - [17/Jun/2020:09:43:43 +0800] "GET /xingrg/all/function/internal_message.html?_=1592357977492&CODE_STATE=getMsg HTTP/1.1" 200 27
114.86.229.11 - - [17/Jun/2020:09:43:44 +0800] "GET /xingrg/kc/buy/cgsh_order_operate.html?command=get_materiel&rest_code=00109&code=00101008131&supplier_code=00100005&order_time=2020-06-17 HTTP/1.1" 200 408
172.17.0.240 - - [17/Jun/2020:09:43:45 +0800] "GET /xingrg/all/function/internal_message.html?_=1592358222267&CODE_STATE=getMsg HTTP/1.1" 200 27
117.131.5.26 - - [17/Jun/2020:09:43:47 +0800] "GET /xingrg/check_reg.html?_=1592358209775 HTTP/1.1" 200 22
117.131.5.26 - - [17/Jun/2020:09:43:47 +0800] "GET /xingrg/all/function/internal_message.html?_=1592358210025&CODE_STATE=getMsg HTTP/1.1" 200 27
117.185.32.26 - - [17/Jun/2020:09:43:50 +0800] "GET /xingrg/check_reg.html?_=1592358226189 HTTP/1.1" 200 22
117.185.32.26 - - [17/Jun/2020:09:43:50 +0800] "GET /xingrg/all/function/internal_message.html?_=1592358226190&CODE_STATE=getMsg HTTP/1.1" 200 27
172.17.0.120 - - [17/Jun/2020:09:43:53 +0800] "GET /xingrg/all/function/internal_message.html?_=1592358230200&CODE_STATE=getMsg HTTP/1.1" 200 27
120.253.135.82 - - [17/Jun/2020:09:43:55 +0800] "GET /xingrg/all/function/internal_message.html?_=1592358364811&CODE_STATE=getMsg HTTP/1.1" 200 27
101.85.53.146 - - [17/Jun/2020:09:43:55 +0800] "GET /xingrg/all/function/internal_message.html?_=1592357679807&CODE_STATE=getMsg HTTP/1.1" 200 27
101.228.167.227 - - [17/Jun/2020:09:44:04 +0800] "GET /xingrg/all/function/internal_message.html?_=1592358250273&CODE_STATE=getMsg HTTP/1.1" 200 27
117.184.7.26 - - [17/Jun/2020:09:44:05 +0800] "GET /xingrg/all/function/internal_message.html?_=1592358238442&CODE_STATE=getMsg HTTP/1.1" 200 27
117.184.7.26 - - [17/Jun/2020:09:44:05 +0800] "GET /xingrg/check_reg.html?_=1592358238445 HTTP/1.1" 200 22
172.17.0.100 - - [17/Jun/2020:09:44:13 +0800] "GET /xingrg/all/function/internal_message.html?_=1592358260086&CODE_STATE=getMsg HTTP/1.1" 200 27
172.17.0.113 - - [17/Jun/2020:09:44:16 +0800] "GET /favicon.ico HTTP/1.1" 404 -
114.86.229.11 - - [17/Jun/2020:09:44:23 +0800] "GET /xingrg/all/function/internal_message.html?_=1592358286582&CODE_STATE=getMsg HTTP/1.1" 200 27
114.89.80.44 - - [17/Jun/2020:09:44:30 +0800] "GET /xingrg/all/function/internal_message.html?_=1592358399142&CODE_STATE=getMsg HTTP/1.1" 200 27
222.69.138.100 - - [17/Jun/2020:09:44:30 +0800] "GET /xingrg/all/function/internal_message.html?_=1592358265715&CODE_STATE=getMsg HTTP/1.1" 200 27
172.17.0.185 - - [17/Jun/2020:09:44:31 +0800] "GET /xingrg/check_reg.html?_=1592358268944 HTTP/1.1" 200 22
114.88.170.9 - - [17/Jun/2020:09:44:32 +0800] "GET /xingrg/all/function/internal_message.html?_=1592358270471&CODE_STATE=getMsg HTTP/1.1" 200 27
61.172.5.115 - - [17/Jun/2020:09:44:34 +0800] "GET /xingrg/all/function/internal_message.html?_=1592358272542&CODE_STATE=getMsg HTTP/1.1" 200 27
180.175.214.200 - - [17/Jun/2020:09:44:36 +0800] "GET /xingrg/all/function/internal_message.html?_=1592358265268&CODE_STATE=getMsg HTTP/1.1" 200 27
101.228.167.227 - - [17/Jun/2020:09:44:37 +0800] "GET /xingrg/all/function/internal_message.html?_=1592358288447&CODE_STATE=getMsg HTTP/1.1" 200 27
114.88.170.9 - - [17/Jun/2020:09:44:37 +0800] "GET /xingrg/all/function/internal_message.html?_=1592358285671&CODE_STATE=getMsg HTTP/1.1" 200 27
116.230.77.149 - - [17/Jun/2020:09:44:40 +0800] "GET /xingrg/all/function/internal_message.html?_=1592358272270&CODE_STATE=getMsg HTTP/1.1" 200 27
120.253.135.82 - - [17/Jun/2020:09:44:43 +0800] "GET /xingrg/all/function/internal_message.html?_=1592358037506&CODE_STATE=getMsg HTTP/1.1" 200 27
172.17.0.240 - - [17/Jun/2020:09:44:45 +0800] "GET /xingrg/all/function/internal_message.html?_=1592358282260&CODE_STATE=getMsg HTTP/1.1" 200 27
117.131.5.26 - - [17/Jun/2020:09:44:47 +0800] "GET /xingrg/all/function/internal_message.html?_=1592358270025&CODE_STATE=getMsg HTTP/1.1" 200 27
117.185.32.26 - - [17/Jun/2020:09:44:50 +0800] "GET /xingrg/all/function/internal_message.html?_=1592358286192&CODE_STATE=getMsg HTTP/1.1" 200 27
114.86.229.11 - - [17/Jun/2020:09:44:51 +0800] "GET /xingrg/kc/buy/cgsh_order_operate.html?command=get_materiel&rest_code=00109&code=00101008352&supplier_code=00100005&order_time=2020-06-17 HTTP/1.1" 200 412
172.17.0.120 - - [17/Jun/2020:09:44:53 +0800] "GET /xingrg/all/function/internal_message.html?_=1592358290195&CODE_STATE=getMsg HTTP/1.1" 200 27
120.253.135.82 - - [17/Jun/2020:09:44:55 +0800] "GET /xingrg/all/function/internal_message.html?_=1592358424828&CODE_STATE=getMsg HTTP/1.1" 200 27
101.85.53.146 - - [17/Jun/2020:09:44:55 +0800] "GET /xingrg/all/function/internal_message.html?_=1592357739825&CODE_STATE=getMsg HTTP/1.1" 200 27
101.85.53.146 - - [17/Jun/2020:09:44:55 +0800] "GET /xingrg/check_reg.html?_=1592357739829 HTTP/1.1" 200 22
183.192.164.214 - - [17/Jun/2020:09:45:02 +0800] "GET /xingrg/all/function/internal_message.html?_=1592357566194&CODE_STATE=getMsg HTTP/1.1" 302 -
101.228.167.227 - - [17/Jun/2020:09:45:04 +0800] "GET /xingrg/all/function/internal_message.html?_=1592358310279&CODE_STATE=getMsg HTTP/1.1" 200 27
117.184.7.26 - - [17/Jun/2020:09:45:05 +0800] "GET /xingrg/all/function/internal_message.html?_=1592358298444&CODE_STATE=getMsg HTTP/1.1" 200 27
183.192.164.214 - - [17/Jun/2020:09:45:10 +0800] "GET /xingrg/login.html HTTP/1.1" 200 7641
172.17.0.100 - - [17/Jun/2020:09:45:13 +0800] "GET /xingrg/all/function/internal_message.html?_=1592358320088&CODE_STATE=getMsg HTTP/1.1" 200 27
114.86.229.11 - - [17/Jun/2020:09:45:23 +0800] "GET /xingrg/all/function/internal_message.html?_=1592358346579&CODE_STATE=getMsg HTTP/1.1" 200 27
114.89.80.44 - - [17/Jun/2020:09:45:30 +0800] "GET /xingrg/all/function/internal_message.html?_=1592358459151&CODE_STATE=getMsg HTTP/1.1" 200 27
222.69.138.100 - - [17/Jun/2020:09:45:30 +0800] "GET /xingrg/all/function/internal_message.html?_=1592358325705&CODE_STATE=getMsg HTTP/1.1" 200 27
114.88.170.9 - - [17/Jun/2020:09:45:32 +0800] "GET /xingrg/all/function/internal_message.html?_=1592358330504&CODE_STATE=getMsg HTTP/1.1" 200 27
61.172.5.115 - - [17/Jun/2020:09:45:34 +0800] "GET /xingrg/all/function/internal_message.html?_=1592358332527&CODE_STATE=getMsg HTTP/1.1" 200 27
180.175.214.200 - - [17/Jun/2020:09:45:36 +0800] "GET /xingrg/all/function/internal_message.html?_=1592358325268&CODE_STATE=getMsg HTTP/1.1" 200 27
101.228.167.227 - - [17/Jun/2020:09:45:37 +0800] "GET /xingrg/all/function/internal_message.html?_=1592358348461&CODE_STATE=getMsg HTTP/1.1" 200 27
114.88.170.9 - - [17/Jun/2020:09:45:37 +0800] "GET /xingrg/all/function/internal_message.html?_=1592358345671&CODE_STATE=getMsg HTTP/1.1" 200 27
116.230.77.149 - - [17/Jun/2020:09:45:40 +0800] "GET /xingrg/all/function/internal_message.html?_=1592358332264&CODE_STATE=getMsg HTTP/1.1" 200 27
120.253.135.82 - - [17/Jun/2020:09:45:43 +0800] "GET /xingrg/check_reg.html?_=1592358472876 HTTP/1.1" 200 22
120.253.135.82 - - [17/Jun/2020:09:45:44 +0800] "GET /xingrg/all/function/internal_message.html?_=1592358097730&CODE_STATE=getMsg HTTP/1.1" 200 27
172.17.0.240 - - [17/Jun/2020:09:45:45 +0800] "GET /xingrg/all/function/internal_message.html?_=1592358342272&CODE_STATE=getMsg HTTP/1.1" 200 27
172.17.0.240 - - [17/Jun/2020:09:45:45 +0800] "GET /xingrg/check_reg.html?_=1592358342274 HTTP/1.1" 200 22
117.131.5.26 - - [17/Jun/2020:09:45:47 +0800] "GET /xingrg/all/function/internal_message.html?_=1592358330025&CODE_STATE=getMsg HTTP/1.1" 200 27
117.185.32.26 - - [17/Jun/2020:09:45:50 +0800] "GET /xingrg/all/function/internal_message.html?_=1592358346190&CODE_STATE=getMsg HTTP/1.1" 200 27
172.17.0.120 - - [17/Jun/2020:09:45:53 +0800] "GET /xingrg/all/function/internal_message.html?_=1592358350200&CODE_STATE=getMsg HTTP/1.1" 200 27
117.184.7.26 - - [17/Jun/2020:09:45:54 +0800] "GET /xingrg/kc/buy/cgsh_order_add.html HTTP/1.1" 200 59045
117.184.7.26 - - [17/Jun/2020:09:45:54 +0800] "GET /xingrg/words/20200617092721_words.js HTTP/1.1" 200 743221
117.184.7.26 - - [17/Jun/2020:09:45:55 +0800] "POST /xingrg/kc/buy/cgsh_order_operate.html HTTP/1.1" 200 8245
117.184.7.30 - - [17/Jun/2020:09:45:55 +0800] "GET /xingrg/javascript/easyui/themes/default/validatebox.css HTTP/1.1" 404 1104
120.253.135.82 - - [17/Jun/2020:09:45:55 +0800] "GET /xingrg/all/function/internal_message.html?_=1592358484837&CODE_STATE=getMsg HTTP/1.1" 200 27
101.85.53.146 - - [17/Jun/2020:09:45:55 +0800] "GET /xingrg/all/function/internal_message.html?_=1592357799812&CODE_STATE=getMsg HTTP/1.1" 200 27
172.17.0.123 - - [17/Jun/2020:09:45:58 +0800] "GET /favicon.ico HTTP/1.1" 404 -
101.228.167.227 - - [17/Jun/2020:09:46:02 +0800] "GET /xingrg/check_reg.html?_=1592358368633 HTTP/1.1" 200 22
101.228.167.227 - - [17/Jun/2020:09:46:04 +0800] "GET /xingrg/all/function/internal_message.html?_=1592358370293&CODE_STATE=getMsg HTTP/1.1" 200 27
117.184.7.26 - - [17/Jun/2020:09:46:05 +0800] "GET /xingrg/all/function/internal_message.html?_=1592358358443&CODE_STATE=getMsg HTTP/1.1" 200 27
172.17.0.100 - - [17/Jun/2020:09:46:13 +0800] "GET /xingrg/all/function/internal_message.html?_=1592358380090&CODE_STATE=getMsg HTTP/1.1" 200 27
114.86.229.11 - - [17/Jun/2020:09:46:23 +0800] "GET /xingrg/all/function/internal_message.html?_=1592358406584&CODE_STATE=getMsg HTTP/1.1" 200 27
114.86.229.11 - - [17/Jun/2020:09:46:23 +0800] "GET /xingrg/check_reg.html?_=1592358406584 HTTP/1.1" 200 22
101.228.167.227 - - [17/Jun/2020:09:46:27 +0800] "GET /xingrg/kc/buy/cgsh_order_add.html HTTP/1.1" 200 59086
101.228.167.227 - - [17/Jun/2020:09:46:27 +0800] "GET /xingrg/words/20200617092721_words.js HTTP/1.1" 200 743221
101.228.167.227 - - [17/Jun/2020:09:46:28 +0800] "POST /xingrg/kc/buy/cgsh_order_operate.html HTTP/1.1" 200 8245
101.228.167.227 - - [17/Jun/2020:09:46:28 +0800] "GET /xingrg/javascript/easyui/themes/default/validatebox.css HTTP/1.1" 404 1104
114.89.80.44 - - [17/Jun/2020:09:46:30 +0800] "GET /xingrg/check_reg.html?_=1592358519043 HTTP/1.1" 200 22
114.89.80.44 - - [17/Jun/2020:09:46:30 +0800] "GET /xingrg/all/function/internal_message.html?_=1592358519164&CODE_STATE=getMsg HTTP/1.1" 200 27
117.184.7.26 - - [17/Jun/2020:09:46:30 +0800] "GET /xingrg/kc/buy/cgsh_order_operate.html?command=get_materiel&rest_code=00108&code=00101020153&supplier_code=00100036&order_time=2020-06-17 HTTP/1.1" 200 408
222.69.138.100 - - [17/Jun/2020:09:46:30 +0800] "GET /xingrg/all/function/internal_message.html?_=1592358385690&CODE_STATE=getMsg HTTP/1.1" 200 27
222.69.138.100 - - [17/Jun/2020:09:46:31 +0800] "GET /xingrg/check_reg.html?_=1592358386097 HTTP/1.1" 200 22
114.86.229.11 - - [17/Jun/2020:09:46:32 +0800] "GET /xingrg/kc/buy/cgsh_order_operate.html?command=get_materiel&rest_code=00109&code=00101008005&supplier_code=00100005&order_time=2020-06-17 HTTP/1.1" 200 412
114.88.170.9 - - [17/Jun/2020:09:46:32 +0800] "GET /xingrg/all/function/internal_message.html?_=1592358390514&CODE_STATE=getMsg HTTP/1.1" 200 27
61.172.5.115 - - [17/Jun/2020:09:46:34 +0800] "GET /xingrg/all/function/internal_message.html?_=1592358392512&CODE_STATE=getMsg HTTP/1.1" 200 27
180.175.214.200 - - [17/Jun/2020:09:46:36 +0800] "GET /xingrg/check_reg.html?_=1592358385269 HTTP/1.1" 200 22
180.175.214.200 - - [17/Jun/2020:09:46:36 +0800] "GET /xingrg/all/function/internal_message.html?_=1592358385272&CODE_STATE=getMsg HTTP/1.1" 200 27
101.228.167.227 - - [17/Jun/2020:09:46:37 +0800] "GET /xingrg/all/function/internal_message.html?_=1592358408542&CODE_STATE=getMsg HTTP/1.1" 200 27
114.88.170.9 - - [17/Jun/2020:09:46:37 +0800] "GET /xingrg/all/function/internal_message.html?_=1592358405671&CODE_STATE=getMsg HTTP/1.1" 200 27
116.230.77.149 - - [17/Jun/2020:09:46:40 +0800] "GET /xingrg/all/function/internal_message.html?_=1592358392249&CODE_STATE=getMsg HTTP/1.1" 200 27
120.253.135.82 - - [17/Jun/2020:09:46:44 +0800] "GET /xingrg/all/function/internal_message.html?_=1592358157736&CODE_STATE=getMsg HTTP/1.1" 200 27
172.17.0.240 - - [17/Jun/2020:09:46:45 +0800] "GET /xingrg/all/function/internal_message.html?_=1592358402262&CODE_STATE=getMsg HTTP/1.1" 200 27
101.228.167.227 - - [17/Jun/2020:09:46:47 +0800] "GET /xingrg/kc/buy/cgsh_order_operate.html?command=get_materiel&rest_code=00146&code=00101006084&supplier_code=00100012&order_time=2020-06-17 HTTP/1.1" 200 413
117.131.5.26 - - [17/Jun/2020:09:46:47 +0800] "GET /xingrg/all/function/internal_message.html?_=1592358390025&CODE_STATE=getMsg HTTP/1.1" 200 27
114.86.229.11 - - [17/Jun/2020:09:46:48 +0800] "GET /xingrg/kc/buy/cgsh_order_operate.html?command=get_materiel&rest_code=00109&code=00101008353&supplier_code=00100005&order_time=2020-06-17 HTTP/1.1" 200 408
101.228.167.227 - - [17/Jun/2020:09:46:49 +0800] "GET /xingrg/check_reg.html?_=1592358421237 HTTP/1.1" 200 22
117.185.32.26 - - [17/Jun/2020:09:46:50 +0800] "GET /xingrg/all/function/internal_message.html?_=1592358406193&CODE_STATE=getMsg HTTP/1.1" 200 27
172.17.0.120 - - [17/Jun/2020:09:46:53 +0800] "GET /xingrg/check_reg.html?_=1592358410196 HTTP/1.1" 200 22
172.17.0.120 - - [17/Jun/2020:09:46:53 +0800] "GET /xingrg/all/function/internal_message.html?_=1592358410199&CODE_STATE=getMsg HTTP/1.1" 200 27
120.253.135.82 - - [17/Jun/2020:09:46:55 +0800] "GET /xingrg/all/function/internal_message.html?_=1592358544851&CODE_STATE=getMsg HTTP/1.1" 200 27
101.85.53.146 - - [17/Jun/2020:09:46:56 +0800] "GET /xingrg/all/function/internal_message.html?_=1592357859813&CODE_STATE=getMsg HTTP/1.1" 200 27
117.184.7.26 - - [17/Jun/2020:09:46:58 +0800] "GET /xingrg/kc/buy/cgsh_order_operate.html?command=get_materiel&rest_code=00108&code=00101016030&supplier_code=00100036&order_time=2020-06-17 HTTP/1.1" 200 412
117.184.7.26 - - [17/Jun/2020:09:47:04 +0800] "POST /xingrg/kc/buy/cgsh_order_operate.html HTTP/1.1" 200 37
101.228.167.227 - - [17/Jun/2020:09:47:04 +0800] "GET /xingrg/kc/buy/cgsh_order_operate.html?command=get_materiel&rest_code=00146&code=00101006175&supplier_code=00100012&order_time=2020-06-17 HTTP/1.1" 200 415
101.228.167.227 - - [17/Jun/2020:09:47:04 +0800] "GET /xingrg/all/function/internal_message.html?_=1592358430308&CODE_STATE=getMsg HTTP/1.1" 200 27
114.86.229.11 - - [17/Jun/2020:09:47:04 +0800] "GET /xingrg/kc/buy/cgsh_order_operate.html?command=get_materiel&rest_code=00109&code=00101008095&supplier_code=00100005&order_time=2020-06-17 HTTP/1.1" 200 412
117.184.7.26 - - [17/Jun/2020:09:47:05 +0800] "POST /xingrg/kc/buy/cgsh_order_operate.html HTTP/1.1" 200 3246
117.184.7.26 - - [17/Jun/2020:09:47:05 +0800] "GET /xingrg/all/function/internal_message.html?_=1592358418453&CODE_STATE=getMsg HTTP/1.1" 200 27
117.184.7.26 - - [17/Jun/2020:09:47:07 +0800] "GET /xingrg/kc/print/load_data.html?order_code=212020061706563&kc_code=cgsh&condition= HTTP/1.1" 200 968
114.86.229.11 - - [17/Jun/2020:09:47:09 +0800] "POST /xingrg/kc/buy/cgsh_order_operate.html HTTP/1.1" 200 2065
172.17.0.100 - - [17/Jun/2020:09:47:13 +0800] "GET /xingrg/all/function/internal_message.html?_=1592358440091&CODE_STATE=getMsg HTTP/1.1" 200 27
172.17.0.100 - - [17/Jun/2020:09:47:13 +0800] "GET /xingrg/check_reg.html?_=1592358440096 HTTP/1.1" 200 22
101.228.167.227 - - [17/Jun/2020:09:47:16 +0800] "GET /xingrg/kc/buy/cgsh_order_operate.html?command=get_materiel&rest_code=00146&code=00101006068&supplier_code=00100012&order_time=2020-06-17 HTTP/1.1" 200 409
114.86.229.11 - - [17/Jun/2020:09:47:23 +0800] "GET /xingrg/all/function/internal_message.html?_=1592358466580&CODE_STATE=getMsg HTTP/1.1" 200 27
114.86.229.11 - - [17/Jun/2020:09:47:25 +0800] "GET /xingrg/kc/buy/cgsh_order_operate.html?command=get_materiel&rest_code=00109&code=00101008196&supplier_code=00100005&order_time=2020-06-17 HTTP/1.1" 200 416
101.228.167.227 - - [17/Jun/2020:09:47:28 +0800] "GET /xingrg/kc/buy/cgsh_order_operate.html?command=get_materiel&rest_code=00146&code=00101006111&supplier_code=00100012&order_time=2020-06-17 HTTP/1.1" 200 409
114.89.80.44 - - [17/Jun/2020:09:47:30 +0800] "GET /xingrg/all/function/internal_message.html?_=1592358579178&CODE_STATE=getMsg HTTP/1.1" 200 27
222.69.138.100 - - [17/Jun/2020:09:47:30 +0800] "GET /xingrg/all/function/internal_message.html?_=1592358445659&CODE_STATE=getMsg HTTP/1.1" 200 27
114.88.170.9 - - [17/Jun/2020:09:47:32 +0800] "GET /xingrg/all/function/internal_message.html?_=1592358450550&CODE_STATE=getMsg HTTP/1.1" 200 27
61.172.5.115 - - [17/Jun/2020:09:47:34 +0800] "GET /xingrg/check_reg.html?_=1592358452419 HTTP/1.1" 200 22
61.172.5.115 - - [17/Jun/2020:09:47:34 +0800] "GET /xingrg/all/function/internal_message.html?_=1592358452484&CODE_STATE=getMsg HTTP/1.1" 200 27
180.175.214.200 - - [17/Jun/2020:09:47:36 +0800] "GET /xingrg/all/function/internal_message.html?_=1592358445272&CODE_STATE=getMsg HTTP/1.1" 200 27
101.228.167.227 - - [17/Jun/2020:09:47:37 +0800] "GET /xingrg/all/function/internal_message.html?_=1592358468551&CODE_STATE=getMsg HTTP/1.1" 200 27
114.88.170.9 - - [17/Jun/2020:09:47:37 +0800] "GET /xingrg/all/function/internal_message.html?_=1592358465672&CODE_STATE=getMsg HTTP/1.1" 200 27
114.88.170.9 - - [17/Jun/2020:09:47:37 +0800] "GET /xingrg/check_reg.html?_=1592358465675 HTTP/1.1" 200 22
114.86.229.11 - - [17/Jun/2020:09:47:38 +0800] "GET /xingrg/kc/buy/cgsh_order_operate.html?command=get_materiel&rest_code=00109&code=00101008010&supplier_code=00100005&order_time=2020-06-17 HTTP/1.1" 200 412
116.230.77.149 - - [17/Jun/2020:09:47:40 +0800] "GET /xingrg/all/function/internal_message.html?_=1592358452236&CODE_STATE=getMsg HTTP/1.1" 200 27
101.228.167.227 - - [17/Jun/2020:09:47:41 +0800] "POST /xingrg/kc/buy/cgsh_order_operate.html HTTP/1.1" 200 37
116.230.77.149 - - [17/Jun/2020:09:47:41 +0800] "GET /xingrg/check_reg.html?_=1592358453119 HTTP/1.1" 200 22
101.228.167.227 - - [17/Jun/2020:09:47:42 +0800] "POST /xingrg/kc/buy/cgsh_order_operate.html HTTP/1.1" 200 4431
120.253.135.82 - - [17/Jun/2020:09:47:44 +0800] "GET /xingrg/all/function/internal_message.html?_=1592358217958&CODE_STATE=getMsg HTTP/1.1" 200 27
101.228.167.227 - - [17/Jun/2020:09:47:45 +0800] "GET /xingrg/kc/print/load_data.html?order_code=212020061706564&kc_code=cgsh&condition= HTTP/1.1" 200 1450
172.17.0.240 - - [17/Jun/2020:09:47:45 +0800] "GET /xingrg/all/function/internal_message.html?_=1592358462272&CODE_STATE=getMsg HTTP/1.1" 200 27
172.17.0.185 - - [17/Jun/2020:09:47:45 +0800] "GET /xingrg/all/report/report_query.html?fileName=dma/new_5.0/yingye/order_list.xml HTTP/1.1" 200 55206
172.17.0.185 - - [17/Jun/2020:09:47:46 +0800] "GET /xingrg/css/blue.css HTTP/1.1" 200 15949
172.17.0.185 - - [17/Jun/2020:09:47:46 +0800] "GET /xingrg/javascript/multi_select/jqueryMultiSelect.css HTTP/1.1" 200 951
172.17.0.185 - - [17/Jun/2020:09:47:46 +0800] "GET /xingrg/javascript/jquery_easy_ui/themes/default/easyui.css HTTP/1.1" 200 26500
172.17.0.185 - - [17/Jun/2020:09:47:46 +0800] "GET /xingrg/javascript/jquery_easy_ui/themes/icon.css HTTP/1.1" 200 3949
172.17.0.185 - - [17/Jun/2020:09:47:46 +0800] "GET /xingrg/javascript/calendar/timePicker.css HTTP/1.1" 200 523
172.17.0.185 - - [17/Jun/2020:09:47:46 +0800] "GET /xingrg/css/form.css HTTP/1.1" 200 893
172.17.0.185 - - [17/Jun/2020:09:47:46 +0800] "GET /xingrg/javascript/bigrid/fix.css HTTP/1.1" 200 1702
172.17.0.185 - - [17/Jun/2020:09:47:46 +0800] "GET /xingrg/javascript/pic_change.js HTTP/1.1" 200 4739
172.17.0.185 - - [17/Jun/2020:09:47:46 +0800] "GET /xingrg/dwr/interface/AjaxReportQueryService.js HTTP/1.1" 200 13203
172.17.0.185 - - [17/Jun/2020:09:47:46 +0800] "GET /xingrg/dwr/engine.js HTTP/1.1" 200 43631
172.17.0.185 - - [17/Jun/2020:09:47:46 +0800] "GET /xingrg/dwr/util.js HTTP/1.1" 200 35990
172.17.0.185 - - [17/Jun/2020:09:47:46 +0800] "GET /xingrg/javascript/myfunction.js HTTP/1.1" 200 24559
172.17.0.185 - - [17/Jun/2020:09:47:46 +0800] "GET /xingrg/javascript/jquery-1.4.2.min.js HTTP/1.1" 200 72205
172.17.0.185 - - [17/Jun/2020:09:47:46 +0800] "GET /xingrg/javascript/jquery_easy_ui/jquery.easyui.min.js HTTP/1.1" 200 213662
172.17.0.185 - - [17/Jun/2020:09:47:46 +0800] "GET /xingrg/javascript/jquery.utils.js HTTP/1.1" 200 11805
172.17.0.185 - - [17/Jun/2020:09:47:46 +0800] "GET /xingrg/javascript/jqueryMultiSelect.js HTTP/1.1" 200 11866
172.17.0.185 - - [17/Jun/2020:09:47:46 +0800] "GET /xingrg/javascript/Calendar.js HTTP/1.1" 200 31561
172.17.0.185 - - [17/Jun/2020:09:47:46 +0800] "GET /xingrg/javascript/calendar/jquery.timePicker.min.js HTTP/1.1" 200 2997
172.17.0.185 - - [17/Jun/2020:09:47:46 +0800] "GET /xingrg/javascript/bigrid/fix.js HTTP/1.1" 200 6439
117.131.5.26 - - [17/Jun/2020:09:47:47 +0800] "GET /xingrg/all/function/internal_message.html?_=1592358450025&CODE_STATE=getMsg HTTP/1.1" 200 27
172.17.0.185 - - [17/Jun/2020:09:47:49 +0800] "GET /xingrg/images/control/loading.gif HTTP/1.1" 200 13463
117.185.32.26 - - [17/Jun/2020:09:47:49 +0800] "GET /xingrg/all/function/internal_message.html?_=1592358466178&CODE_STATE=getMsg HTTP/1.1" 200 27
172.17.0.185 - - [17/Jun/2020:09:47:50 +0800] "POST /xingrg/all/common/load_tree.html?tree=area_station_tree_json&manage=1 HTTP/1.1" 200 2990
172.17.0.185 - - [17/Jun/2020:09:47:50 +0800] "POST /xingrg/dwr/call/plaincall/AjaxReportQueryService.getFixDate.dwr HTTP/1.1" 200 111
172.17.0.185 - - [17/Jun/2020:09:47:50 +0800] "POST /xingrg/dwr/call/plaincall/AjaxReportQueryService.getInitString.dwr HTTP/1.1" 200 76
172.17.0.185 - - [17/Jun/2020:09:47:50 +0800] "GET /xingrg/javascript/multi_select/dropdown.gif HTTP/1.1" 200 61
117.184.7.26 - - [17/Jun/2020:09:47:50 +0800] "GET /xingrg/kc/buy/cgsh_order_add.html HTTP/1.1" 200 59045
117.184.7.26 - - [17/Jun/2020:09:47:50 +0800] "GET /xingrg/words/20200617092721_words.js HTTP/1.1" 304 -
117.184.7.26 - - [17/Jun/2020:09:47:51 +0800] "POST /xingrg/kc/buy/cgsh_order_operate.html HTTP/1.1" 200 8245
117.184.7.30 - - [17/Jun/2020:09:47:51 +0800] "GET /xingrg/javascript/easyui/themes/default/validatebox.css HTTP/1.1" 404 1104
172.17.0.120 - - [17/Jun/2020:09:47:53 +0800] "GET /xingrg/all/function/internal_message.html?_=1592358470187&CODE_STATE=getMsg HTTP/1.1" 200 27
120.253.135.82 - - [17/Jun/2020:09:47:55 +0800] "GET /xingrg/all/function/internal_message.html?_=1592358604871&CODE_STATE=getMsg HTTP/1.1" 200 27
101.85.53.146 - - [17/Jun/2020:09:47:55 +0800] "GET /xingrg/all/function/internal_message.html?_=1592357919820&CODE_STATE=getMsg HTTP/1.1" 200 27
172.17.0.185 - - [17/Jun/2020:09:47:59 +0800] "POST /xingrg/dwr/call/plaincall/AjaxReportQueryService.queryInitializeString.dwr HTTP/1.1" 200 203
172.17.0.185 - - [17/Jun/2020:09:48:01 +0800] "POST /xingrg/dwr/call/plaincall/AjaxReportQueryService.refreshCache.dwr HTTP/1.1" 200 78
172.17.0.185 - - [17/Jun/2020:09:48:01 +0800] "POST /xingrg/all/report/load_report_page.html HTTP/1.1" 200 208428
172.17.0.185 - - [17/Jun/2020:09:48:02 +0800] "GET /xingrg/images/blue/button/back2.gif HTTP/1.1" 200 1339
172.17.0.185 - - [17/Jun/2020:09:48:02 +0800] "GET /xingrg/images/blue/button/back.gif HTTP/1.1" 200 1352
172.17.0.185 - - [17/Jun/2020:09:48:02 +0800] "GET /xingrg/servlets/image?cache=0.6652406081948758&image=px HTTP/1.1" 200 807
117.184.7.26 - - [17/Jun/2020:09:48:04 +0800] "GET /xingrg/kc/buy/cgsh_order_operate.html?command=get_materiel&rest_code=00108&code=00101006229&supplier_code=00100010&order_time=2020-06-17 HTTP/1.1" 200 411
101.228.167.227 - - [17/Jun/2020:09:48:04 +0800] "GET /xingrg/all/function/internal_message.html?_=1592358490320&CODE_STATE=getMsg HTTP/1.1" 200 27
117.184.7.26 - - [17/Jun/2020:09:48:05 +0800] "GET /xingrg/all/function/internal_message.html?_=1592358478451&CODE_STATE=getMsg HTTP/1.1" 200 27
172.17.0.185 - - [17/Jun/2020:09:48:07 +0800] "POST /xingrg/all/report/load_report_page.html HTTP/1.1" 200 208686
172.17.0.185 - - [17/Jun/2020:09:48:07 +0800] "GET /xingrg/servlets/image?cache=0.48631401644868144&image=px HTTP/1.1" 200 807
117.184.7.26 - - [17/Jun/2020:09:48:08 +0800] "GET /xingrg/kc/buy/cgsh_order_operate.html?command=get_materiel&rest_code=00108&code=00101006129&supplier_code=00100010&order_time=2020-06-17 HTTP/1.1" 200 431
114.88.170.9 - - [17/Jun/2020:09:48:09 +0800] "GET /xingrg/check_reg.html?_=1592358486611 HTTP/1.1" 200 22
101.228.167.227 - - [17/Jun/2020:09:48:11 +0800] "GET /xingrg/javascript/jquery_easy_ui/themes/default/images/tabs_active.png HTTP/1.1" 304 -
172.17.0.100 - - [17/Jun/2020:09:48:13 +0800] "GET /xingrg/all/function/internal_message.html?_=1592358500096&CODE_STATE=getMsg HTTP/1.1" 200 27
172.17.0.185 - - [17/Jun/2020:09:48:14 +0800] "POST /xingrg/all/report/load_report_page.html HTTP/1.1" 200 202508
172.17.0.185 - - [17/Jun/2020:09:48:14 +0800] "GET /xingrg/images/blue/button/advance.gif HTTP/1.1" 200 1354
172.17.0.185 - - [17/Jun/2020:09:48:14 +0800] "GET /xingrg/images/blue/button/advance2.gif HTTP/1.1" 200 1338
172.17.0.185 - - [17/Jun/2020:09:48:14 +0800] "GET /xingrg/servlets/image?cache=0.9963409764695532&image=px HTTP/1.1" 200 807
114.86.229.11 - - [17/Jun/2020:09:48:23 +0800] "GET /xingrg/all/function/internal_message.html?_=1592358526581&CODE_STATE=getMsg HTTP/1.1" 200 27
120.253.135.82 - - [17/Jun/2020:09:48:24 +0800] "GET /xingrg/check_reg.html?_=1592358258575 HTTP/1.1" 200 22
117.184.7.26 - - [17/Jun/2020:09:48:28 +0800] "GET /xingrg/kc/buy/cgsh_order_operate.html?command=get_materiel&rest_code=00108&code=00101006184&supplier_code=00100010&order_time=2020-06-17 HTTP/1.1" 200 408
101.228.167.227 - - [17/Jun/2020:09:48:28 +0800] "POST /xingrg/kc/buy/cgsh_list_operate.html HTTP/1.1" 200 2102
172.17.0.100 - - [17/Jun/2020:09:48:29 +0800] "POST /xingrg/dwr/call/plaincall/AjaxReportQueryService.refreshCache.dwr HTTP/1.1" 200 78
172.17.0.100 - - [17/Jun/2020:09:48:29 +0800] "POST /xingrg/all/report/load_report_page.html HTTP/1.1" 200 99677
172.17.0.100 - - [17/Jun/2020:09:48:29 +0800] "GET /xingrg/servlets/image?cache=0.11650882069338686&image=px HTTP/1.1" 200 807
114.89.80.44 - - [17/Jun/2020:09:48:30 +0800] "GET /xingrg/all/function/internal_message.html?_=1592358639193&CODE_STATE=getMsg HTTP/1.1" 200 27
222.69.138.100 - - [17/Jun/2020:09:48:30 +0800] "GET /xingrg/all/function/internal_message.html?_=1592358505630&CODE_STATE=getMsg HTTP/1.1" 200 27
101.228.167.227 - - [17/Jun/2020:09:48:31 +0800] "POST /xingrg/kc/buy/cgsh_list_operate.html HTTP/1.1" 200 564
101.228.167.227 - - [17/Jun/2020:09:48:31 +0800] "GET /xingrg/kc/buy/cgsh_order_info.html?code=212020061505753 HTTP/1.1" 200 53989
101.228.167.227 - - [17/Jun/2020:09:48:32 +0800] "GET /xingrg/javascript/easyui/themes/default/validatebox.css HTTP/1.1" 404 1104
101.228.167.227 - - [17/Jun/2020:09:48:32 +0800] "POST /xingrg/kc/buy/cgsh_order_operate.html HTTP/1.1" 200 33121
114.88.170.9 - - [17/Jun/2020:09:48:32 +0800] "GET /xingrg/all/function/internal_message.html?_=1592358510558&CODE_STATE=getMsg HTTP/1.1" 200 27
101.228.167.227 - - [17/Jun/2020:09:48:34 +0800] "GET /xingrg/kc/print/load_data.html?order_code=212020061505753&kc_code=cgsh&condition= HTTP/1.1" 200 13039
61.172.5.115 - - [17/Jun/2020:09:48:34 +0800] "GET /xingrg/all/function/internal_message.html?_=1592358512458&CODE_STATE=getMsg HTTP/1.1" 200 27
180.175.214.200 - - [17/Jun/2020:09:48:36 +0800] "GET /xingrg/all/function/internal_message.html?_=1592358505271&CODE_STATE=getMsg HTTP/1.1" 200 27
101.228.167.227 - - [17/Jun/2020:09:48:37 +0800] "GET /xingrg/all/function/internal_message.html?_=1592358528565&CODE_STATE=getMsg HTTP/1.1" 200 27
114.88.170.9 - - [17/Jun/2020:09:48:37 +0800] "GET /xingrg/all/function/internal_message.html?_=1592358525676&CODE_STATE=getMsg HTTP/1.1" 200 27
101.228.167.227 - - [17/Jun/2020:09:48:39 +0800] "GET /xingrg/kc/print/load_data.html?order_code=212020061505753&kc_code=cgsh HTTP/1.1" 200 13039
116.230.77.149 - - [17/Jun/2020:09:48:40 +0800] "GET /xingrg/all/function/internal_message.html?_=1592358512215&CODE_STATE=getMsg HTTP/1.1" 200 27
117.184.7.26 - - [17/Jun/2020:09:48:41 +0800] "GET /xingrg/kc/buy/cgsh_order_operate.html?command=get_materiel&rest_code=00108&code=00101006055&supplier_code=00100010&order_time=2020-06-17 HTTP/1.1" 200 409
120.253.135.82 - - [17/Jun/2020:09:48:44 +0800] "GET /xingrg/all/function/internal_message.html?_=1592358277966&CODE_STATE=getMsg HTTP/1.1" 200 27
172.17.0.240 - - [17/Jun/2020:09:48:45 +0800] "GET /xingrg/all/function/internal_message.html?_=1592358522265&CODE_STATE=getMsg HTTP/1.1" 200 27
117.131.5.26 - - [17/Jun/2020:09:48:47 +0800] "GET /xingrg/check_reg.html?_=1592358509775 HTTP/1.1" 200 22
117.131.5.26 - - [17/Jun/2020:09:48:47 +0800] "GET /xingrg/all/function/internal_message.html?_=1592358510025&CODE_STATE=getMsg HTTP/1.1" 200 27
117.185.32.26 - - [17/Jun/2020:09:48:50 +0800] "GET /xingrg/check_reg.html?_=1592358526179 HTTP/1.1" 200 22
117.185.32.26 - - [17/Jun/2020:09:48:50 +0800] "GET /xingrg/all/function/internal_message.html?_=1592358526177&CODE_STATE=getMsg HTTP/1.1" 200 27
117.184.7.26 - - [17/Jun/2020:09:48:52 +0800] "GET /xingrg/kc/buy/cgsh_order_operate.html?command=get_materiel&rest_code=00108&code=00101006112&supplier_code=00100010&order_time=2020-06-17 HTTP/1.1" 200 409
172.17.0.120 - - [17/Jun/2020:09:48:53 +0800] "GET /xingrg/all/function/internal_message.html?_=1592358530200&CODE_STATE=getMsg HTTP/1.1" 200 27
120.253.135.82 - - [17/Jun/2020:09:48:55 +0800] "GET /xingrg/all/function/internal_message.html?_=1592358664880&CODE_STATE=getMsg HTTP/1.1" 200 27
101.85.53.146 - - [17/Jun/2020:09:48:56 +0800] "GET /xingrg/all/function/internal_message.html?_=1592357979818&CODE_STATE=getMsg HTTP/1.1" 200 27
101.228.167.227 - - [17/Jun/2020:09:49:04 +0800] "GET /xingrg/all/function/internal_message.html?_=1592358550333&CODE_STATE=getMsg HTTP/1.1" 200 27
117.184.7.26 - - [17/Jun/2020:09:49:05 +0800] "POST /xingrg/kc/buy/cgsh_order_operate.html HTTP/1.1" 200 37
172.17.0.100 - - [17/Jun/2020:09:49:13 +0800] "GET /xingrg/all/function/internal_message.html?_=1592358560092&CODE_STATE=getMsg HTTP/1.1" 200 27
117.184.7.26 - - [17/Jun/2020:09:49:18 +0800] "POST /xingrg/kc/buy/cgsh_order_operate.html HTTP/1.1" 200 5053
117.184.7.26 - - [17/Jun/2020:09:49:20 +0800] "GET /xingrg/kc/print/load_data.html?order_code=212020061706565&kc_code=cgsh&condition= HTTP/1.1" 200 1658
114.86.229.11 - - [17/Jun/2020:09:49:23 +0800] "GET /xingrg/all/function/internal_message.html?_=1592358586578&CODE_STATE=getMsg HTTP/1.1" 200 27
172.17.0.185 - - [17/Jun/2020:09:49:23 +0800] "POST /xingrg/all/report/load_report_page.html HTTP/1.1" 200 208686
172.17.0.185 - - [17/Jun/2020:09:49:23 +0800] "GET /xingrg/images/blue/button/advanceover.gif HTTP/1.1" 200 1347
172.17.0.185 - - [17/Jun/2020:09:49:23 +0800] "GET /xingrg/images/blue/button/advance2over.gif HTTP/1.1" 200 1336
172.17.0.185 - - [17/Jun/2020:09:49:24 +0800] "GET /xingrg/servlets/image?cache=0.20124904383867726&image=px HTTP/1.1" 200 807
114.89.80.44 - - [17/Jun/2020:09:49:25 +0800] "GET /xingrg/check_reg.html?_=1592358562869 HTTP/1.1" 200 22
114.89.80.44 - - [17/Jun/2020:09:49:30 +0800] "GET /xingrg/all/function/internal_message.html?_=1592358699227&CODE_STATE=getMsg HTTP/1.1" 200 27
222.69.138.100 - - [17/Jun/2020:09:49:30 +0800] "GET /xingrg/all/function/internal_message.html?_=1592358565614&CODE_STATE=getMsg HTTP/1.1" 200 27
172.17.0.185 - - [17/Jun/2020:09:49:31 +0800] "GET /xingrg/check_reg.html?_=1592358568583 HTTP/1.1" 200 22
114.88.170.9 - - [17/Jun/2020:09:49:32 +0800] "GET /xingrg/all/function/internal_message.html?_=1592358570570&CODE_STATE=getMsg HTTP/1.1" 200 27
61.172.5.115 - - [17/Jun/2020:09:49:34 +0800] "GET /xingrg/all/function/internal_message.html?_=1592358572442&CODE_STATE=getMsg HTTP/1.1" 200 27
180.175.214.200 - - [17/Jun/2020:09:49:36 +0800] "GET /xingrg/all/function/internal_message.html?_=1592358565270&CODE_STATE=getMsg HTTP/1.1" 200 27
101.228.167.227 - - [17/Jun/2020:09:49:37 +0800] "GET /xingrg/all/function/internal_message.html?_=1592358588647&CODE_STATE=getMsg HTTP/1.1" 200 27
114.88.170.9 - - [17/Jun/2020:09:49:37 +0800] "GET /xingrg/all/function/internal_message.html?_=1592358585675&CODE_STATE=getMsg HTTP/1.1" 200 27
116.230.77.149 - - [17/Jun/2020:09:49:40 +0800] "GET /xingrg/all/function/internal_message.html?_=1592358572203&CODE_STATE=getMsg HTTP/1.1" 200 27
120.253.135.82 - - [17/Jun/2020:09:49:44 +0800] "GET /xingrg/all/function/internal_message.html?_=1592358337979&CODE_STATE=getMsg HTTP/1.1" 200 27
172.17.0.240 - - [17/Jun/2020:09:49:45 +0800] "GET /xingrg/all/function/internal_message.html?_=1592358582258&CODE_STATE=getMsg HTTP/1.1" 200 27
117.184.7.26 - - [17/Jun/2020:09:49:47 +0800] "GET /xingrg/kc/buy/cgsh_order_add.html HTTP/1.1" 200 59045
117.184.7.26 - - [17/Jun/2020:09:49:47 +0800] "POST /xingrg/kc/buy/cgsh_order_operate.html HTTP/1.1" 200 8245
117.131.5.26 - - [17/Jun/2020:09:49:47 +0800] "GET /xingrg/all/function/internal_message.html?_=1592358570025&CODE_STATE=getMsg HTTP/1.1" 200 27
117.184.7.30 - - [17/Jun/2020:09:49:47 +0800] "GET /xingrg/javascript/easyui/themes/default/validatebox.css HTTP/1.1" 404 1104
117.185.32.26 - - [17/Jun/2020:09:49:49 +0800] "GET /xingrg/all/function/internal_message.html?_=1592358586178&CODE_STATE=getMsg HTTP/1.1" 200 27
172.17.0.120 - - [17/Jun/2020:09:49:53 +0800] "GET /xingrg/all/function/internal_message.html?_=1592358590196&CODE_STATE=getMsg HTTP/1.1" 200 27
120.253.135.82 - - [17/Jun/2020:09:49:55 +0800] "GET /xingrg/all/function/internal_message.html?_=1592358724897&CODE_STATE=getMsg HTTP/1.1" 200 27
101.85.53.146 - - [17/Jun/2020:09:49:56 +0800] "GET /xingrg/all/function/internal_message.html?_=1592358039824&CODE_STATE=getMsg HTTP/1.1" 200 27
101.85.53.146 - - [17/Jun/2020:09:49:56 +0800] "GET /xingrg/check_reg.html?_=1592358039825 HTTP/1.1" 200 22
120.253.135.82 - - [17/Jun/2020:09:50:01 +0800] "GET /xingrg/kc/pszx/mdps_order_list.html?orderType=0 HTTP/1.1" 200 20967
120.253.135.82 - - [17/Jun/2020:09:50:02 +0800] "POST /xingrg/kc/pszx/mdps_list_operate.html HTTP/1.1" 200 5428
117.184.7.26 - - [17/Jun/2020:09:50:03 +0800] "GET /xingrg/kc/buy/cgsh_order_operate.html?command=get_materiel&rest_code=00108&code=00101001084&supplier_code=00100044&order_time=2020-06-17 HTTP/1.1" 200 413
101.228.167.227 - - [17/Jun/2020:09:50:04 +0800] "GET /xingrg/all/function/internal_message.html?_=1592358610347&CODE_STATE=getMsg HTTP/1.1" 200 27
117.184.7.26 - - [17/Jun/2020:09:50:05 +0800] "GET /xingrg/all/function/internal_message.html?_=1592358598531&CODE_STATE=getMsg HTTP/1.1" 200 27
120.253.135.82 - - [17/Jun/2020:09:50:07 +0800] "POST /xingrg/kc/pszx/mdps_list_operate.html HTTP/1.1" 200 3859
120.253.135.82 - - [17/Jun/2020:09:50:10 +0800] "POST /xingrg/kc/pszx/mdps_list_operate.html HTTP/1.1" 200 285
120.253.135.82 - - [17/Jun/2020:09:50:11 +0800] "POST /xingrg/kc/pszx/mdps_list_operate.html HTTP/1.1" 200 360
120.253.135.82 - - [17/Jun/2020:09:50:13 +0800] "POST /xingrg/kc/pszx/mdps_list_operate.html HTTP/1.1" 200 292
172.17.0.100 - - [17/Jun/2020:09:50:13 +0800] "GET /xingrg/all/function/internal_message.html?_=1592358620090&CODE_STATE=getMsg HTTP/1.1" 200 27
172.17.0.185 - - [17/Jun/2020:09:50:13 +0800] "POST /xingrg/all/report/load_report_page.html HTTP/1.1" 200 202508
172.17.0.185 - - [17/Jun/2020:09:50:14 +0800] "GET /xingrg/servlets/image?cache=0.7354993400081767&image=px HTTP/1.1" 200 807
117.184.7.26 - - [17/Jun/2020:09:50:14 +0800] "GET /xingrg/kc/buy/cgsh_order_operate.html?command=get_materiel&rest_code=00108&code=00101001075&supplier_code=00100044&order_time=2020-06-17 HTTP/1.1" 200 409
117.184.7.26 - - [17/Jun/2020:09:50:22 +0800] "POST /xingrg/kc/buy/cgsh_order_operate.html HTTP/1.1" 200 37
114.86.229.11 - - [17/Jun/2020:09:50:23 +0800] "GET /xingrg/all/function/internal_message.html?_=1592358646578&CODE_STATE=getMsg HTTP/1.1" 200 27
117.185.32.26 - - [17/Jun/2020:09:50:29 +0800] "POST /xingrg/services/DataTransmitService HTTP/1.1" 200 524
114.89.80.44 - - [17/Jun/2020:09:50:30 +0800] "GET /xingrg/all/function/internal_message.html?_=1592358759235&CODE_STATE=getMsg HTTP/1.1" 200 27
222.69.138.100 - - [17/Jun/2020:09:50:30 +0800] "GET /xingrg/all/function/internal_message.html?_=1592358625598&CODE_STATE=getMsg HTTP/1.1" 200 27
114.88.170.9 - - [17/Jun/2020:09:50:33 +0800] "GET /xingrg/all/function/internal_message.html?_=1592358630603&CODE_STATE=getMsg HTTP/1.1" 200 27
61.172.5.115 - - [17/Jun/2020:09:50:34 +0800] "GET /xingrg/all/function/internal_message.html?_=1592358632428&CODE_STATE=getMsg HTTP/1.1" 200 27
180.175.214.200 - - [17/Jun/2020:09:50:36 +0800] "GET /xingrg/all/function/internal_message.html?_=1592358625270&CODE_STATE=getMsg HTTP/1.1" 200 27
101.228.167.227 - - [17/Jun/2020:09:50:37 +0800] "GET /xingrg/all/function/internal_message.html?_=1592358648655&CODE_STATE=getMsg HTTP/1.1" 200 27
114.88.170.9 - - [17/Jun/2020:09:50:37 +0800] "GET /xingrg/all/function/internal_message.html?_=1592358645674&CODE_STATE=getMsg HTTP/1.1" 200 27
116.230.77.149 - - [17/Jun/2020:09:50:40 +0800] "GET /xingrg/all/function/internal_message.html?_=1592358632195&CODE_STATE=getMsg HTTP/1.1" 200 27
117.184.7.26 - - [17/Jun/2020:09:50:42 +0800] "POST /xingrg/kc/buy/cgsh_order_operate.html HTTP/1.1" 200 3245
120.253.135.82 - - [17/Jun/2020:09:50:43 +0800] "GET /xingrg/check_reg.html?_=1592358772879 HTTP/1.1" 200 22
120.253.135.82 - - [17/Jun/2020:09:50:44 +0800] "GET /xingrg/all/function/internal_message.html?_=1592358398182&CODE_STATE=getMsg HTTP/1.1" 200 27
172.17.0.240 - - [17/Jun/2020:09:50:45 +0800] "GET /xingrg/all/function/internal_message.html?_=1592358642269&CODE_STATE=getMsg HTTP/1.1" 200 27
172.17.0.240 - - [17/Jun/2020:09:50:45 +0800] "GET /xingrg/check_reg.html?_=1592358642272 HTTP/1.1" 200 22
117.131.5.26 - - [17/Jun/2020:09:50:47 +0800] "GET /xingrg/all/function/internal_message.html?_=1592358630025&CODE_STATE=getMsg HTTP/1.1" 200 27
117.185.32.26 - - [17/Jun/2020:09:50:50 +0800] "GET /xingrg/all/function/internal_message.html?_=1592358646179&CODE_STATE=getMsg HTTP/1.1" 200 27
183.192.164.85 - - [17/Jun/2020:09:50:52 +0800] "GET /xingrg/all/function/internal_message.html?_=1592357986190&CODE_STATE=getMsg HTTP/1.1" 302 -
172.17.0.120 - - [17/Jun/2020:09:50:53 +0800] "GET /xingrg/all/function/internal_message.html?_=1592358650192&CODE_STATE=getMsg HTTP/1.1" 200 27
120.253.135.82 - - [17/Jun/2020:09:50:55 +0800] "GET /xingrg/all/function/internal_message.html?_=1592358784905&CODE_STATE=getMsg HTTP/1.1" 200 27
101.85.53.146 - - [17/Jun/2020:09:50:55 +0800] "GET /xingrg/all/function/internal_message.html?_=1592358099826&CODE_STATE=getMsg HTTP/1.1" 200 27
117.184.7.26 - - [17/Jun/2020:09:50:56 +0800] "GET /xingrg/kc/print/load_data.html?order_code=212020061706566&kc_code=cgsh&condition= HTTP/1.1" 200 920
183.192.164.85 - - [17/Jun/2020:09:51:01 +0800] "GET /xingrg/login.html HTTP/1.1" 200 7641
101.228.167.227 - - [17/Jun/2020:09:51:03 +0800] "GET /xingrg/check_reg.html?_=1592358668816 HTTP/1.1" 200 22
101.228.167.227 - - [17/Jun/2020:09:51:04 +0800] "GET /xingrg/all/function/internal_message.html?_=1592358670360&CODE_STATE=getMsg HTTP/1.1" 200 27
117.184.7.26 - - [17/Jun/2020:09:51:05 +0800] "GET /xingrg/all/function/internal_message.html?_=1592358658508&CODE_STATE=getMsg HTTP/1.1" 200 27
120.204.17.68 - - [17/Jun/2020:09:51:06 +0800] "GET /xingrg/all/function/internal_message.html?_=1592357926191&CODE_STATE=getMsg HTTP/1.1" 302 -
172.17.0.100 - - [17/Jun/2020:09:51:13 +0800] "GET /xingrg/all/function/internal_message.html?_=1592358680090&CODE_STATE=getMsg HTTP/1.1" 200 27
120.204.17.68 - - [17/Jun/2020:09:51:15 +0800] "GET /xingrg/login.html HTTP/1.1" 200 7641
114.86.229.11 - - [17/Jun/2020:09:51:23 +0800] "GET /xingrg/check_reg.html?_=1592358706569 HTTP/1.1" 200 22
114.86.229.11 - - [17/Jun/2020:09:51:23 +0800] "GET /xingrg/all/function/internal_message.html?_=1592358706569&CODE_STATE=getMsg HTTP/1.1" 200 27
114.89.80.44 - - [17/Jun/2020:09:51:30 +0800] "GET /xingrg/check_reg.html?_=1592358819065 HTTP/1.1" 200 22
114.89.80.44 - - [17/Jun/2020:09:51:30 +0800] "GET /xingrg/all/function/internal_message.html?_=1592358819249&CODE_STATE=getMsg HTTP/1.1" 200 27
222.69.138.100 - - [17/Jun/2020:09:51:30 +0800] "GET /xingrg/all/function/internal_message.html?_=1592358685590&CODE_STATE=getMsg HTTP/1.1" 200 27
222.69.138.100 - - [17/Jun/2020:09:51:31 +0800] "GET /xingrg/check_reg.html?_=1592358686107 HTTP/1.1" 200 22
114.88.170.9 - - [17/Jun/2020:09:51:33 +0800] "GET /xingrg/all/function/internal_message.html?_=1592358690613&CODE_STATE=getMsg HTTP/1.1" 200 27
61.172.5.115 - - [17/Jun/2020:09:51:34 +0800] "GET /xingrg/all/function/internal_message.html?_=1592358692427&CODE_STATE=getMsg HTTP/1.1" 200 27
180.175.214.200 - - [17/Jun/2020:09:51:36 +0800] "GET /xingrg/all/function/internal_message.html?_=1592358685273&CODE_STATE=getMsg HTTP/1.1" 200 27
180.175.214.200 - - [17/Jun/2020:09:51:36 +0800] "GET /xingrg/check_reg.html?_=1592358685270 HTTP/1.1" 200 22
101.228.167.227 - - [17/Jun/2020:09:51:37 +0800] "GET /xingrg/all/function/internal_message.html?_=1592358708730&CODE_STATE=getMsg HTTP/1.1" 200 27
114.88.170.9 - - [17/Jun/2020:09:51:37 +0800] "GET /xingrg/all/function/internal_message.html?_=1592358705678&CODE_STATE=getMsg HTTP/1.1" 200 27
172.17.0.185 - - [17/Jun/2020:09:51:40 +0800] "POST /xingrg/all/report/load_report_page.html HTTP/1.1" 200 8718
172.17.0.185 - - [17/Jun/2020:09:51:40 +0800] "GET /xingrg/images/blue/button/back2over.gif HTTP/1.1" 200 1335
172.17.0.185 - - [17/Jun/2020:09:51:40 +0800] "GET /xingrg/images/blue/button/backover.gif HTTP/1.1" 200 1348
172.17.0.185 - - [17/Jun/2020:09:51:40 +0800] "GET /xingrg/servlets/image?cache=0.976394857663637&image=px HTTP/1.1" 200 807
116.230.77.149 - - [17/Jun/2020:09:51:40 +0800] "GET /xingrg/all/function/internal_message.html?_=1592358692185&CODE_STATE=getMsg HTTP/1.1" 200 27
172.17.0.185 - - [17/Jun/2020:09:51:42 +0800] "POST /xingrg/all/report/load_report_page.html HTTP/1.1" 200 208686
172.17.0.185 - - [17/Jun/2020:09:51:42 +0800] "GET /xingrg/servlets/image?cache=0.47778087858588913&image=px HTTP/1.1" 200 807
120.253.135.82 - - [17/Jun/2020:09:51:44 +0800] "GET /xingrg/all/function/internal_message.html?_=1592358458194&CODE_STATE=getMsg HTTP/1.1" 200 27
172.17.0.240 - - [17/Jun/2020:09:51:45 +0800] "GET /xingrg/all/function/internal_message.html?_=1592358702261&CODE_STATE=getMsg HTTP/1.1" 200 27
172.17.0.185 - - [17/Jun/2020:09:51:47 +0800] "POST /xingrg/all/report/load_report_page.html HTTP/1.1" 200 202597
172.17.0.185 - - [17/Jun/2020:09:51:47 +0800] "GET /xingrg/servlets/image?cache=0.31395172784436065&image=px HTTP/1.1" 200 807
117.131.5.26 - - [17/Jun/2020:09:51:47 +0800] "GET /xingrg/all/function/internal_message.html?_=1592358690025&CODE_STATE=getMsg HTTP/1.1" 200 27
101.228.167.227 - - [17/Jun/2020:09:51:49 +0800] "GET /xingrg/check_reg.html?_=1592358721247 HTTP/1.1" 200 22
117.185.32.26 - - [17/Jun/2020:09:51:50 +0800] "GET /xingrg/all/function/internal_message.html?_=1592358706178&CODE_STATE=getMsg HTTP/1.1" 200 27
172.17.0.120 - - [17/Jun/2020:09:51:53 +0800] "GET /xingrg/all/function/internal_message.html?_=1592358710196&CODE_STATE=getMsg HTTP/1.1" 200 27
172.17.0.120 - - [17/Jun/2020:09:51:53 +0800] "GET /xingrg/check_reg.html?_=1592358710200 HTTP/1.1" 200 22
120.253.135.82 - - [17/Jun/2020:09:51:55 +0800] "GET /xingrg/all/function/internal_message.html?_=1592358844919&CODE_STATE=getMsg HTTP/1.1" 200 27
101.85.53.146 - - [17/Jun/2020:09:51:55 +0800] "GET /xingrg/all/function/internal_message.html?_=1592358159825&CODE_STATE=getMsg HTTP/1.1" 200 27
101.228.167.227 - - [17/Jun/2020:09:52:04 +0800] "GET /xingrg/all/function/internal_message.html?_=1592358730374&CODE_STATE=getMsg HTTP/1.1" 200 27
117.184.7.26 - - [17/Jun/2020:09:52:05 +0800] "GET /xingrg/all/function/internal_message.html?_=1592358718492&CODE_STATE=getMsg HTTP/1.1" 200 27
180.175.214.200 - - [17/Jun/2020:09:52:07 +0800] "GET /xingrg/login.html HTTP/1.1" 200 7641
180.175.214.200 - - [17/Jun/2020:09:52:08 +0800] "GET /xingrg/images/blue/jxLogo.png HTTP/1.1" 304 -
180.175.214.200 - - [17/Jun/2020:09:52:08 +0800] "GET /xingrg/images/blue/login_bg.png HTTP/1.1" 304 -
180.175.214.200 - - [17/Jun/2020:09:52:08 +0800] "GET /xingrg/images/blue/srbg.png HTTP/1.1" 304 -
180.175.214.200 - - [17/Jun/2020:09:52:08 +0800] "GET /xingrg/images/blue/hj.png HTTP/1.1" 304 -
180.175.214.200 - - [17/Jun/2020:09:52:08 +0800] "GET /favicon.ico HTTP/1.1" 404 -
114.86.229.11 - - [17/Jun/2020:09:52:10 +0800] "GET /xingrg/kc/buy/cgsh_order_operate.html?command=get_materiel&rest_code=00109&code=00101015037&supplier_code=00100005&order_time=2020-06-17 HTTP/1.1" 200 412
180.175.214.200 - - [17/Jun/2020:09:52:12 +0800] "POST /xingrg/login.do HTTP/1.1" 302 -
180.175.214.200 - - [17/Jun/2020:09:52:12 +0800] "GET /xingrg/index.html?sysBaseUrl=http%3A%2F%2F180.169.147.146%3A18081%2Fxingrg%2F&costTime=42×tamp=1592358732919 HTTP/1.1" 200 17173
180.175.214.200 - - [17/Jun/2020:09:52:12 +0800] "GET /xingrg/javascript/jquery_easy_ui/themes/default/easyui.css HTTP/1.1" 304 -
180.175.214.200 - - [17/Jun/2020:09:52:12 +0800] "GET /xingrg/javascript/jquery_easy_ui/themes/icon.css HTTP/1.1" 304 -
180.175.214.200 - - [17/Jun/2020:09:52:12 +0800] "GET /xingrg/javascript/jquery_easy_ui/jquery.easyui.min.js HTTP/1.1" 304 -
180.175.214.200 - - [17/Jun/2020:09:52:12 +0800] "GET /xingrg/javascript/jquery-1.4.2.min.js HTTP/1.1" 304 -
180.175.214.200 - - [17/Jun/2020:09:52:12 +0800] "GET /xingrg/css/form.css HTTP/1.1" 304 -
180.175.214.200 - - [17/Jun/2020:09:52:12 +0800] "GET /xingrg/javascript/jquery.form.js HTTP/1.1" 304 -
180.175.214.200 - - [17/Jun/2020:09:52:12 +0800] "GET /xingrg/javascript/jquery_easy_ui/easyui-lang-zh_CN.js HTTP/1.1" 304 -
180.175.214.200 - - [17/Jun/2020:09:52:12 +0800] "GET /xingrg/javascript/jquery.utils.js HTTP/1.1" 304 -
180.175.214.200 - - [17/Jun/2020:09:52:13 +0800] "GET /xingrg/javascript/jquery.timers.js HTTP/1.1" 304 -
180.175.214.200 - - [17/Jun/2020:09:52:13 +0800] "GET /xingrg/images/blue/navBackgound.jpg HTTP/1.1" 304 -
180.175.214.200 - - [17/Jun/2020:09:52:13 +0800] "GET /xingrg/javascript/jquery_easy_ui/themes/icons/settle_new.png HTTP/1.1" 304 -
180.175.214.200 - - [17/Jun/2020:09:52:13 +0800] "GET /xingrg/images/blue/pingpu.png HTTP/1.1" 304 -
180.175.214.200 - - [17/Jun/2020:09:52:13 +0800] "GET /xingrg/javascript/jquery_easy_ui/themes/default/images/tabs_leftarrow.png HTTP/1.1" 304 -
180.175.214.200 - - [17/Jun/2020:09:52:13 +0800] "POST /xingrg/all/common/load_tree.html?tree=area_rest_tree_json&manage=1 HTTP/1.1" 200 342
180.175.214.200 - - [17/Jun/2020:09:52:13 +0800] "GET /xingrg/javascript/jquery_easy_ui/themes/default/images/tabs_rightarrow.png HTTP/1.1" 304 -
180.175.214.200 - - [17/Jun/2020:09:52:13 +0800] "GET /xingrg/javascript/jquery_easy_ui/themes/default/images/panel_tool_collapse.gif HTTP/1.1" 304 -
172.17.0.100 - - [17/Jun/2020:09:52:13 +0800] "GET /xingrg/check_reg.html?_=1592358740098 HTTP/1.1" 200 22
172.17.0.100 - - [17/Jun/2020:09:52:13 +0800] "GET /xingrg/all/function/internal_message.html?_=1592358740093&CODE_STATE=getMsg HTTP/1.1" 200 27
180.175.214.200 - - [17/Jun/2020:09:52:13 +0800] "GET /xingrg/all/function/internal_message.html?_=1592358935624&CODE_STATE=count HTTP/1.1" 200 11
180.175.214.200 - - [17/Jun/2020:09:52:13 +0800] "GET /xingrg/check_reg.html?_=1592358935626 HTTP/1.1" 200 22
180.175.214.200 - - [17/Jun/2020:09:52:13 +0800] "GET /favicon.ico HTTP/1.1" 404 -
180.175.214.200 - - [17/Jun/2020:09:52:13 +0800] "POST /xingrg/load_menu.html HTTP/1.1" 200 5138
180.175.214.200 - - [17/Jun/2020:09:52:13 +0800] "GET /xingrg/javascript/jquery_easy_ui/themes/default/images/tree_arrows.gif HTTP/1.1" 304 -
180.175.214.200 - - [17/Jun/2020:09:52:14 +0800] "GET /xingrg/javascript/jquery_easy_ui/themes/default/images/tree_folder_open.gif HTTP/1.1" 304 -
180.175.214.200 - - [17/Jun/2020:09:52:14 +0800] "GET /xingrg/javascript/jquery_easy_ui/themes/icons/search_new.png HTTP/1.1" 304 -
180.175.214.200 - - [17/Jun/2020:09:52:14 +0800] "GET /xingrg/javascript/jquery_easy_ui/themes/default/images/tree_folder.gif HTTP/1.1" 304 -
180.175.214.200 - - [17/Jun/2020:09:52:14 +0800] "GET /xingrg/javascript/jquery_easy_ui/themes/icons/storage_new.png HTTP/1.1" 304 -
180.175.214.200 - - [17/Jun/2020:09:52:14 +0800] "GET /xingrg/javascript/jquery_easy_ui/themes/icons/forms_new.png HTTP/1.1" 304 -
180.175.214.200 - - [17/Jun/2020:09:52:14 +0800] "GET /xingrg/javascript/jquery_easy_ui/themes/default/images/tree_file.gif HTTP/1.1" 304 -
180.175.214.200 - - [17/Jun/2020:09:52:16 +0800] "GET /xingrg/javascript/jquery_easy_ui/themes/default/images/tabs_close.gif HTTP/1.1" 304 -
