101.228.167.227 - - [17/Jun/2020:10:04:12 +0800] "GET /xingrg/system/rest/query_items.html?_=1592359448479&table=menu&page=1&rows=20&categoryId=&key=2090 HTTP/1.1" 200 248
172.17.0.100 - - [17/Jun/2020:10:04:13 +0800] "GET /xingrg/all/function/internal_message.html?_=1592359460117&CODE_STATE=getMsg HTTP/1.1" 200 27
180.175.214.200 - - [17/Jun/2020:10:04:13 +0800] "GET /xingrg/all/function/internal_message.html?_=1592359655848&CODE_STATE=getMsg HTTP/1.1" 200 27
101.228.167.227 - - [17/Jun/2020:10:04:13 +0800] "GET /xingrg/system/rest/query_items.html?_=1592359449859&table=menu&page=1&rows=20&categoryId=&key=2090 HTTP/1.1" 200 248
101.228.167.227 - - [17/Jun/2020:10:04:14 +0800] "GET /xingrg/system/rest/get_item.html?table=menu&id=2090&_=1592359450412 HTTP/1.1" 200 935
101.228.167.227 - - [17/Jun/2020:10:04:14 +0800] "GET /xingrg/system/rest/get_item.html?table=menu&target=menu_rest&id=2090&_=1592359450434 HTTP/1.1" 200 551
101.228.167.227 - - [17/Jun/2020:10:04:14 +0800] "GET /xingrg/system/rest/get_item.html?table=menu&target=cook_mode&id=2090&_=1592359450430 HTTP/1.1" 200 9336
101.228.167.227 - - [17/Jun/2020:10:04:14 +0800] "GET /xingrg/system/rest/get_infos.html?command=menu_img_show&id=2090 HTTP/1.1" 200 5
114.88.170.9 - - [17/Jun/2020:10:04:17 +0800] "GET /xingrg/kc/buy/cgsh_order_operate.html?command=get_materiel&rest_code=00111&code=00101008176&supplier_code=00100005&order_time=2020-06-17 HTTP/1.1" 200 412
117.184.7.26 - - [17/Jun/2020:10:04:17 +0800] "POST /xingrg/kc/buy/cgsh_order_operate.html HTTP/1.1" 200 37
101.228.167.227 - - [17/Jun/2020:10:04:17 +0800] "GET /xingrg/system/rest/get_item.html?table=menu&target=menu_rest_detail&id=2090&sid=12&_=1592359453348 HTTP/1.1" 200 426
117.184.7.26 - - [17/Jun/2020:10:04:18 +0800] "POST /xingrg/kc/buy/cgsh_order_operate.html HTTP/1.1" 200 28671
114.86.229.11 - - [17/Jun/2020:10:04:18 +0800] "GET /xingrg/kc/buy/cgsh_order_operate.html?command=get_materiel&rest_code=00109&code=00101008286&supplier_code=00100005&order_time=2020-06-17 HTTP/1.1" 200 408
114.86.229.11 - - [17/Jun/2020:10:04:24 +0800] "GET /xingrg/all/function/internal_message.html?_=1592359488015&CODE_STATE=getMsg HTTP/1.1" 200 27
114.88.170.9 - - [17/Jun/2020:10:04:24 +0800] "GET /xingrg/kc/buy/cgsh_order_operate.html?command=get_materiel&rest_code=00111&code=00101008302&supplier_code=00100005&order_time=2020-06-17 HTTP/1.1" 200 412
101.228.167.227 - - [17/Jun/2020:10:04:25 +0800] "POST /xingrg/system/rest/edit_item.html HTTP/1.1" 200 4
101.228.167.227 - - [17/Jun/2020:10:04:25 +0800] "GET /xingrg/system/rest/get_item.html?table=menu&target=menu_rest&id=2090&_=1592359461188 HTTP/1.1" 200 551
114.89.80.44 - - [17/Jun/2020:10:04:25 +0800] "GET /xingrg/check_reg.html?_=1592359462883 HTTP/1.1" 200 22
180.175.214.200 - - [17/Jun/2020:10:04:26 +0800] "GET /xingrg/kc/buy/cgsh_order_operate.html?command=get_materiel&rest_code=00102&code=00101008223&supplier_code=00100008&order_time=2020-06-17 HTTP/1.1" 200 412
101.228.167.227 - - [17/Jun/2020:10:04:29 +0800] "GET /xingrg/system/rest/query_items.html?_=1592359465794&table=menu&page=1&rows=20&categoryId=&key= HTTP/1.1" 200 4729
222.69.138.100 - - [17/Jun/2020:10:04:30 +0800] "GET /xingrg/all/function/internal_message.html?_=1592359465381&CODE_STATE=getMsg HTTP/1.1" 200 27
114.88.170.9 - - [17/Jun/2020:10:04:30 +0800] "GET /xingrg/kc/buy/cgsh_order_operate.html?command=get_materiel&rest_code=00111&code=00101008132&supplier_code=00100005&order_time=2020-06-17 HTTP/1.1" 200 408
114.89.80.44 - - [17/Jun/2020:10:04:30 +0800] "GET /xingrg/all/function/internal_message.html?_=1592359599477&CODE_STATE=getMsg HTTP/1.1" 200 27
172.17.0.185 - - [17/Jun/2020:10:04:31 +0800] "GET /xingrg/check_reg.html?_=1592359468508 HTTP/1.1" 200 22
114.88.170.9 - - [17/Jun/2020:10:04:32 +0800] "POST /xingrg/kc/buy/cgsh_order_operate.html HTTP/1.1" 200 2065
114.88.170.9 - - [17/Jun/2020:10:04:33 +0800] "GET /xingrg/all/function/internal_message.html?_=1592359470868&CODE_STATE=getMsg HTTP/1.1" 200 27
61.172.5.115 - - [17/Jun/2020:10:04:34 +0800] "GET /xingrg/all/function/internal_message.html?_=1592359472455&CODE_STATE=getMsg HTTP/1.1" 200 27
180.175.214.200 - - [17/Jun/2020:10:04:36 +0800] "GET /xingrg/all/function/internal_message.html?_=1592359465295&CODE_STATE=getMsg HTTP/1.1" 200 27
101.228.167.227 - - [17/Jun/2020:10:04:37 +0800] "GET /xingrg/all/function/internal_message.html?_=1592359489192&CODE_STATE=getMsg HTTP/1.1" 200 27
114.88.170.9 - - [17/Jun/2020:10:04:37 +0800] "GET /xingrg/all/function/internal_message.html?_=1592359485706&CODE_STATE=getMsg HTTP/1.1" 200 27
101.228.167.227 - - [17/Jun/2020:10:04:39 +0800] "GET /xingrg/system/rest/query_items.html?_=1592359475701&table=menu&page=1&rows=20&categoryId=&key=2084 HTTP/1.1" 200 272
180.175.214.200 - - [17/Jun/2020:10:04:40 +0800] "GET /xingrg/kc/buy/cgsh_order_operate.html?command=get_materiel&rest_code=00102&code=00101008168&supplier_code=00100008&order_time=2020-06-17 HTTP/1.1" 200 413
116.230.77.149 - - [17/Jun/2020:10:04:40 +0800] "GET /xingrg/all/function/internal_message.html?_=1592359472022&CODE_STATE=getMsg HTTP/1.1" 200 27
101.228.167.227 - - [17/Jun/2020:10:04:41 +0800] "GET /xingrg/system/rest/query_items.html?_=1592359477012&table=menu&page=1&rows=20&categoryId=&key=2084 HTTP/1.1" 200 272
101.228.167.227 - - [17/Jun/2020:10:04:41 +0800] "GET /xingrg/system/rest/get_item.html?table=menu&id=2084&_=1592359477608 HTTP/1.1" 200 971
101.228.167.227 - - [17/Jun/2020:10:04:41 +0800] "GET /xingrg/system/rest/get_item.html?table=menu&target=menu_rest&id=2084&_=1592359477631 HTTP/1.1" 200 1143
101.228.167.227 - - [17/Jun/2020:10:04:41 +0800] "GET /xingrg/system/rest/get_item.html?table=menu&target=cook_mode&id=2084&_=1592359477628 HTTP/1.1" 200 9679
101.228.167.227 - - [17/Jun/2020:10:04:42 +0800] "GET /xingrg/system/rest/get_infos.html?command=menu_img_show&id=2084 HTTP/1.1" 200 5
180.175.214.200 - - [17/Jun/2020:10:04:42 +0800] "GET /xingrg/all/function/internal_message.html?_=1592359479672&CODE_STATE=getMsg HTTP/1.1" 200 27
114.86.229.11 - - [17/Jun/2020:10:04:45 +0800] "GET /xingrg/kc/buy/cgsh_order_operate.html?command=get_materiel&rest_code=00109&code=00101008006&supplier_code=00100005&order_time=2020-06-17 HTTP/1.1" 200 416
120.253.135.82 - - [17/Jun/2020:10:04:45 +0800] "GET /xingrg/all/function/internal_message.html?_=1592359239322&CODE_STATE=getMsg HTTP/1.1" 200 27
172.17.0.240 - - [17/Jun/2020:10:04:45 +0800] "GET /xingrg/all/function/internal_message.html?_=1592359482273&CODE_STATE=getMsg HTTP/1.1" 200 27
180.175.214.200 - - [17/Jun/2020:10:04:46 +0800] "GET /xingrg/kc/buy/cgsh_order_operate.html?command=get_materiel&rest_code=00102&code=00101008090&supplier_code=00100008&order_time=2020-06-17 HTTP/1.1" 200 408
101.228.167.227 - - [17/Jun/2020:10:04:46 +0800] "GET /xingrg/system/rest/get_item.html?table=menu&target=menu_rest_detail&id=2084&sid=12&_=1592359482327 HTTP/1.1" 200 426
114.88.170.9 - - [17/Jun/2020:10:04:47 +0800] "GET /xingrg/kc/buy/cgsh_order_operate.html?command=get_materiel&rest_code=00111&code=00101008131&supplier_code=00100005&order_time=2020-06-17 HTTP/1.1" 200 408
117.131.5.26 - - [17/Jun/2020:10:04:47 +0800] "GET /xingrg/all/function/internal_message.html?_=1592359470025&CODE_STATE=getMsg HTTP/1.1" 200 27
101.228.167.227 - - [17/Jun/2020:10:04:49 +0800] "GET /xingrg/all/function/internal_message.html?_=1592359485695&CODE_STATE=getMsg HTTP/1.1" 200 27
117.185.32.26 - - [17/Jun/2020:10:04:50 +0800] "GET /xingrg/all/function/internal_message.html?_=1592359486211&CODE_STATE=getMsg HTTP/1.1" 200 27
180.175.214.200 - - [17/Jun/2020:10:04:53 +0800] "GET /xingrg/kc/buy/cgsh_order_operate.html?command=get_materiel&rest_code=00102&code=00101015038&supplier_code=00100008&order_time=2020-06-17 HTTP/1.1" 200 418
114.88.170.9 - - [17/Jun/2020:10:04:53 +0800] "GET /xingrg/kc/buy/cgsh_order_operate.html?command=get_materiel&rest_code=00111&code=00101008295&supplier_code=00100005&order_time=2020-06-17 HTTP/1.1" 200 412
172.17.0.120 - - [17/Jun/2020:10:04:53 +0800] "GET /xingrg/all/function/internal_message.html?_=1592359490208&CODE_STATE=getMsg HTTP/1.1" 200 27
101.228.167.227 - - [17/Jun/2020:10:04:55 +0800] "POST /xingrg/system/rest/edit_item.html HTTP/1.1" 200 4
101.228.167.227 - - [17/Jun/2020:10:04:55 +0800] "GET /xingrg/system/rest/get_item.html?table=menu&target=menu_rest&id=2084&_=1592359491388 HTTP/1.1" 200 1143
120.253.135.82 - - [17/Jun/2020:10:04:55 +0800] "GET /xingrg/all/function/internal_message.html?_=1592359625100&CODE_STATE=getMsg HTTP/1.1" 200 27
101.85.53.146 - - [17/Jun/2020:10:04:56 +0800] "GET /xingrg/all/function/internal_message.html?_=1592358939862&CODE_STATE=getMsg HTTP/1.1" 200 27
101.85.53.146 - - [17/Jun/2020:10:04:56 +0800] "GET /xingrg/check_reg.html?_=1592358939865 HTTP/1.1" 200 22
180.175.214.200 - - [17/Jun/2020:10:04:58 +0800] "GET /xingrg/kc/buy/cgsh_order_operate.html?command=get_materiel&rest_code=00102&code=00101015019&supplier_code=00100008&order_time=2020-06-17 HTTP/1.1" 200 413
114.88.170.9 - - [17/Jun/2020:10:04:59 +0800] "GET /xingrg/kc/buy/cgsh_order_operate.html?command=get_materiel&rest_code=00111&code=00101008275&supplier_code=00100005&order_time=2020-06-17 HTTP/1.1" 200 417
114.88.170.9 - - [17/Jun/2020:10:05:00 +0800] "POST /xingrg/kc/buy/cgsh_order_operate.html HTTP/1.1" 200 2065
101.228.167.227 - - [17/Jun/2020:10:05:04 +0800] "GET /xingrg/system/rest/query_items.html?_=1592359499946&table=menu&page=1&rows=20&categoryId=&key=1931 HTTP/1.1" 200 255
101.228.167.227 - - [17/Jun/2020:10:05:05 +0800] "GET /xingrg/all/function/internal_message.html?_=1592359510847&CODE_STATE=getMsg HTTP/1.1" 200 27
114.86.229.11 - - [17/Jun/2020:10:05:05 +0800] "GET /xingrg/kc/buy/cgsh_order_operate.html?command=get_materiel&rest_code=00109&code=00101008131&supplier_code=00100005&order_time=2020-06-17 HTTP/1.1" 200 408
114.88.170.9 - - [17/Jun/2020:10:05:05 +0800] "GET /xingrg/kc/buy/cgsh_order_operate.html?command=get_materiel&rest_code=00111&code=00101008188&supplier_code=00100005&order_time=2020-06-17 HTTP/1.1" 200 412
101.228.167.227 - - [17/Jun/2020:10:05:05 +0800] "GET /xingrg/system/rest/query_items.html?_=1592359501517&table=menu&page=1&rows=20&categoryId=&key=1931 HTTP/1.1" 200 255
117.184.7.26 - - [17/Jun/2020:10:05:05 +0800] "GET /xingrg/all/function/internal_message.html?_=1592359498286&CODE_STATE=getMsg HTTP/1.1" 200 27
101.228.167.227 - - [17/Jun/2020:10:05:06 +0800] "GET /xingrg/system/rest/get_item.html?table=menu&id=1931&_=1592359502140 HTTP/1.1" 200 944
101.228.167.227 - - [17/Jun/2020:10:05:06 +0800] "GET /xingrg/system/rest/get_item.html?table=menu&target=menu_rest&id=1931&_=1592359502166 HTTP/1.1" 200 886
101.228.167.227 - - [17/Jun/2020:10:05:06 +0800] "GET /xingrg/system/rest/get_item.html?table=menu&target=cook_mode&id=1931&_=1592359502161 HTTP/1.1" 200 17346
101.228.167.227 - - [17/Jun/2020:10:05:06 +0800] "GET /xingrg/system/rest/get_infos.html?command=menu_img_show&id=1931 HTTP/1.1" 200 5
117.184.7.26 - - [17/Jun/2020:10:05:06 +0800] "GET /xingrg/check_reg.html?_=1592359488022 HTTP/1.1" 200 22
117.184.7.26 - - [17/Jun/2020:10:05:06 +0800] "GET /xingrg/all/function/internal_message.html?_=1592359488188&CODE_STATE=getMsg HTTP/1.1" 200 27
180.175.214.200 - - [17/Jun/2020:10:05:08 +0800] "GET /xingrg/kc/buy/cgsh_order_operate.html?command=get_materiel&rest_code=00102&code=00101015046&supplier_code=00100008&order_time=2020-06-17 HTTP/1.1" 200 412
101.228.167.227 - - [17/Jun/2020:10:05:10 +0800] "GET /xingrg/system/rest/get_item.html?table=menu&target=menu_rest_detail&id=1931&sid=12&_=1592359506100 HTTP/1.1" 200 439
114.88.170.9 - - [17/Jun/2020:10:05:11 +0800] "GET /xingrg/kc/buy/cgsh_order_operate.html?command=get_materiel&rest_code=00111&code=00101008305&supplier_code=00100005&order_time=2020-06-17 HTTP/1.1" 200 412
172.17.0.100 - - [17/Jun/2020:10:05:13 +0800] "GET /xingrg/all/function/internal_message.html?_=1592359520118&CODE_STATE=getMsg HTTP/1.1" 200 27
180.175.214.200 - - [17/Jun/2020:10:05:13 +0800] "GET /xingrg/all/function/internal_message.html?_=1592359715890&CODE_STATE=getMsg HTTP/1.1" 200 27
114.86.229.11 - - [17/Jun/2020:10:05:16 +0800] "GET /xingrg/kc/buy/cgsh_order_operate.html?command=get_materiel&rest_code=00109&code=00101008020&supplier_code=00100005&order_time=2020-06-17 HTTP/1.1" 200 408
114.88.170.9 - - [17/Jun/2020:10:05:17 +0800] "GET /xingrg/kc/buy/cgsh_order_operate.html?command=get_materiel&rest_code=00111&code=00101008010&supplier_code=00100005&order_time=2020-06-17 HTTP/1.1" 200 412
101.228.167.227 - - [17/Jun/2020:10:05:18 +0800] "POST /xingrg/system/rest/edit_item.html HTTP/1.1" 200 4
101.228.167.227 - - [17/Jun/2020:10:05:18 +0800] "GET /xingrg/system/rest/get_item.html?table=menu&target=menu_rest&id=1931&_=1592359514890 HTTP/1.1" 200 886
180.175.214.200 - - [17/Jun/2020:10:05:20 +0800] "GET /xingrg/kc/buy/cgsh_order_operate.html?command=get_materiel&rest_code=00102&code=00101015006&supplier_code=00100008&order_time=2020-06-17 HTTP/1.1" 200 412
114.88.170.9 - - [17/Jun/2020:10:05:22 +0800] "GET /xingrg/kc/buy/cgsh_order_operate.html?command=get_materiel&rest_code=00111&code=00101008306&supplier_code=00100005&order_time=2020-06-17 HTTP/1.1" 200 412
114.86.229.11 - - [17/Jun/2020:10:05:24 +0800] "GET /xingrg/all/function/internal_message.html?_=1592359548015&CODE_STATE=getMsg HTTP/1.1" 200 27
101.228.167.227 - - [17/Jun/2020:10:05:26 +0800] "GET /xingrg/system/rest/query_items.html?_=1592359522858&table=menu&page=1&rows=20&categoryId=&key=1932 HTTP/1.1" 200 261
180.175.214.200 - - [17/Jun/2020:10:05:26 +0800] "GET /xingrg/kc/buy/cgsh_order_operate.html?command=get_materiel&rest_code=00102&code=00101008114&supplier_code=00100008&order_time=2020-06-17 HTTP/1.1" 200 412
101.228.167.227 - - [17/Jun/2020:10:05:28 +0800] "GET /xingrg/system/rest/query_items.html?_=1592359524408&table=menu&page=1&rows=20&categoryId=&key=1932 HTTP/1.1" 200 261
101.228.167.227 - - [17/Jun/2020:10:05:29 +0800] "GET /xingrg/system/rest/get_item.html?table=menu&id=1932&_=1592359525057 HTTP/1.1" 200 946
101.228.167.227 - - [17/Jun/2020:10:05:29 +0800] "GET /xingrg/system/rest/get_item.html?table=menu&target=menu_rest&id=1932&_=1592359525093 HTTP/1.1" 200 762
101.228.167.227 - - [17/Jun/2020:10:05:29 +0800] "GET /xingrg/system/rest/get_item.html?table=menu&target=cook_mode&id=1932&_=1592359525089 HTTP/1.1" 200 15043
101.228.167.227 - - [17/Jun/2020:10:05:29 +0800] "GET /xingrg/system/rest/get_infos.html?command=menu_img_show&id=1932 HTTP/1.1" 200 5
222.69.138.100 - - [17/Jun/2020:10:05:30 +0800] "GET /xingrg/all/function/internal_message.html?_=1592359525367&CODE_STATE=getMsg HTTP/1.1" 200 27
114.89.80.44 - - [17/Jun/2020:10:05:30 +0800] "GET /xingrg/all/function/internal_message.html?_=1592359659486&CODE_STATE=getMsg HTTP/1.1" 200 27
117.185.32.26 - - [17/Jun/2020:10:05:32 +0800] "POST /xingrg/services/DataTransmitService HTTP/1.1" 200 524
117.185.32.26 - - [17/Jun/2020:10:05:32 +0800] "POST /xingrg/services/DataTransmitService HTTP/1.1" 200 501
117.185.32.26 - - [17/Jun/2020:10:05:32 +0800] "POST /xingrg/services/DataTransmitService HTTP/1.1" 200 501
117.185.32.26 - - [17/Jun/2020:10:05:32 +0800] "POST /xingrg/services/DataTransmitService HTTP/1.1" 200 501
114.88.170.9 - - [17/Jun/2020:10:05:32 +0800] "GET /xingrg/kc/buy/cgsh_order_operate.html?command=get_materiel&rest_code=00111&code=00101008276&supplier_code=00100005&order_time=2020-06-17 HTTP/1.1" 200 412
117.185.32.26 - - [17/Jun/2020:10:05:32 +0800] "POST /xingrg/services/DataTransmitService HTTP/1.1" 200 501
114.88.170.9 - - [17/Jun/2020:10:05:33 +0800] "GET /xingrg/all/function/internal_message.html?_=1592359530905&CODE_STATE=getMsg HTTP/1.1" 200 27
117.185.32.26 - - [17/Jun/2020:10:05:33 +0800] "POST /xingrg/services/DataTransmitService HTTP/1.1" 200 412
117.185.32.26 - - [17/Jun/2020:10:05:33 +0800] "POST /xingrg/services/DataTransmitService HTTP/1.1" 200 524
101.228.167.227 - - [17/Jun/2020:10:05:33 +0800] "GET /xingrg/system/rest/get_item.html?table=menu&target=menu_rest_detail&id=1932&sid=12&_=1592359529476 HTTP/1.1" 200 426
117.185.32.26 - - [17/Jun/2020:10:05:33 +0800] "POST /xingrg/services/DataTransmitService HTTP/1.1" 200 501
117.185.32.26 - - [17/Jun/2020:10:05:33 +0800] "POST /xingrg/services/DataTransmitService HTTP/1.1" 200 501
61.172.5.115 - - [17/Jun/2020:10:05:34 +0800] "GET /xingrg/all/function/internal_message.html?_=1592359532455&CODE_STATE=getMsg HTTP/1.1" 200 27
180.175.214.200 - - [17/Jun/2020:10:05:34 +0800] "GET /xingrg/kc/buy/cgsh_order_operate.html?command=get_materiel&rest_code=00102&code=00101008323&supplier_code=00100008&order_time=2020-06-17 HTTP/1.1" 200 408
114.88.170.9 - - [17/Jun/2020:10:05:35 +0800] "POST /xingrg/kc/buy/cgsh_order_operate.html HTTP/1.1" 200 2065
117.185.32.26 - - [17/Jun/2020:10:05:35 +0800] "POST /xingrg/services/DataTransmitService HTTP/1.1" 200 501
114.86.229.11 - - [17/Jun/2020:10:05:35 +0800] "GET /xingrg/kc/buy/cgsh_order_operate.html?command=get_materiel&rest_code=00109&code=00101008265&supplier_code=00100005&order_time=2020-06-17 HTTP/1.1" 200 408
117.185.32.26 - - [17/Jun/2020:10:05:36 +0800] "POST /xingrg/services/DataTransmitService HTTP/1.1" 200 501
117.185.32.26 - - [17/Jun/2020:10:05:36 +0800] "POST /xingrg/services/DataTransmitService HTTP/1.1" 200 501
180.175.214.200 - - [17/Jun/2020:10:05:36 +0800] "GET /xingrg/all/function/internal_message.html?_=1592359525292&CODE_STATE=getMsg HTTP/1.1" 200 27
117.185.32.26 - - [17/Jun/2020:10:05:36 +0800] "POST /xingrg/services/DataTransmitService HTTP/1.1" 200 501
101.228.167.227 - - [17/Jun/2020:10:05:37 +0800] "GET /xingrg/all/function/internal_message.html?_=1592359549201&CODE_STATE=getMsg HTTP/1.1" 200 27
114.88.170.9 - - [17/Jun/2020:10:05:37 +0800] "GET /xingrg/all/function/internal_message.html?_=1592359545704&CODE_STATE=getMsg HTTP/1.1" 200 27
117.185.32.26 - - [17/Jun/2020:10:05:37 +0800] "POST /xingrg/services/DataTransmitService HTTP/1.1" 200 501
114.88.170.9 - - [17/Jun/2020:10:05:38 +0800] "GET /xingrg/kc/buy/cgsh_order_operate.html?command=get_materiel&rest_code=00111&code=00101008298&supplier_code=00100005&order_time=2020-06-17 HTTP/1.1" 200 432
120.253.135.82 - - [17/Jun/2020:10:05:38 +0800] "GET /xingrg/kc/pszx/mdqp_order_list.html?state=10 HTTP/1.1" 200 10515
120.253.135.82 - - [17/Jun/2020:10:05:38 +0800] "GET /xingrg/dwr/interface/AjaxReportQueryService.js HTTP/1.1" 200 13203
120.253.135.82 - - [17/Jun/2020:10:05:38 +0800] "GET /xingrg/dwr/interface/AjaxQqpsService.js HTTP/1.1" 200 16326
120.253.135.82 - - [17/Jun/2020:10:05:39 +0800] "GET /xingrg/dwr/engine.js HTTP/1.1" 200 43631
117.185.32.26 - - [17/Jun/2020:10:05:39 +0800] "POST /xingrg/services/DataTransmitService HTTP/1.1" 200 501
116.230.77.149 - - [17/Jun/2020:10:05:40 +0800] "GET /xingrg/all/function/internal_message.html?_=1592359532006&CODE_STATE=getMsg HTTP/1.1" 200 27
117.185.32.26 - - [17/Jun/2020:10:05:41 +0800] "POST /xingrg/services/DataTransmitService HTTP/1.1" 200 412
101.228.167.227 - - [17/Jun/2020:10:05:41 +0800] "POST /xingrg/system/rest/edit_item.html HTTP/1.1" 200 4
101.228.167.227 - - [17/Jun/2020:10:05:41 +0800] "GET /xingrg/system/rest/get_item.html?table=menu&target=menu_rest&id=1932&_=1592359537827 HTTP/1.1" 200 762
114.86.229.11 - - [17/Jun/2020:10:05:42 +0800] "POST /xingrg/kc/buy/cgsh_order_operate.html HTTP/1.1" 200 2065
120.253.135.82 - - [17/Jun/2020:10:05:42 +0800] "GET /xingrg/kc/pszx/mdps_order_list.html?orderType=0 HTTP/1.1" 200 20967
180.175.214.200 - - [17/Jun/2020:10:05:42 +0800] "GET /xingrg/all/function/internal_message.html?_=1592359539684&CODE_STATE=getMsg HTTP/1.1" 200 27
120.253.135.82 - - [17/Jun/2020:10:05:42 +0800] "POST /xingrg/kc/pszx/mdps_list_operate.html HTTP/1.1" 200 5428
120.253.135.82 - - [17/Jun/2020:10:05:43 +0800] "GET /xingrg/check_reg.html?_=1592359672895 HTTP/1.1" 200 22
114.88.170.9 - - [17/Jun/2020:10:05:44 +0800] "GET /xingrg/kc/buy/cgsh_order_operate.html?command=get_materiel&rest_code=00111&code=00101008175&supplier_code=00100005&order_time=2020-06-17 HTTP/1.1" 200 412
172.17.0.240 - - [17/Jun/2020:10:05:45 +0800] "GET /xingrg/check_reg.html?_=1592359542264 HTTP/1.1" 200 22
172.17.0.240 - - [17/Jun/2020:10:05:45 +0800] "GET /xingrg/all/function/internal_message.html?_=1592359542266&CODE_STATE=getMsg HTTP/1.1" 200 27
120.253.135.82 - - [17/Jun/2020:10:05:45 +0800] "GET /xingrg/all/function/internal_message.html?_=1592359299336&CODE_STATE=getMsg HTTP/1.1" 200 27
117.131.5.26 - - [17/Jun/2020:10:05:47 +0800] "GET /xingrg/all/function/internal_message.html?_=1592359530025&CODE_STATE=getMsg HTTP/1.1" 200 27
101.228.167.227 - - [17/Jun/2020:10:05:49 +0800] "GET /xingrg/all/function/internal_message.html?_=1592359545689&CODE_STATE=getMsg HTTP/1.1" 200 27
117.185.32.26 - - [17/Jun/2020:10:05:50 +0800] "GET /xingrg/all/function/internal_message.html?_=1592359546210&CODE_STATE=getMsg HTTP/1.1" 200 27
101.228.167.227 - - [17/Jun/2020:10:05:50 +0800] "GET /xingrg/system/rest/query_items.html?_=1592359546294&table=menu&page=1&rows=20&categoryId=&key=1954 HTTP/1.1" 200 325
101.228.167.227 - - [17/Jun/2020:10:05:51 +0800] "GET /xingrg/system/rest/query_items.html?_=1592359547543&table=menu&page=1&rows=20&categoryId=&key=1954 HTTP/1.1" 200 325
101.228.167.227 - - [17/Jun/2020:10:05:52 +0800] "GET /xingrg/system/rest/get_item.html?table=menu&id=1954&_=1592359548171 HTTP/1.1" 200 1027
101.228.167.227 - - [17/Jun/2020:10:05:52 +0800] "GET /xingrg/system/rest/get_item.html?table=menu&target=cook_mode&id=1954&_=1592359548192 HTTP/1.1" 200 6954
101.228.167.227 - - [17/Jun/2020:10:05:52 +0800] "GET /xingrg/system/rest/get_item.html?table=menu&target=menu_rest&id=1954&_=1592359548196 HTTP/1.1" 200 877
101.228.167.227 - - [17/Jun/2020:10:05:52 +0800] "GET /xingrg/system/rest/get_infos.html?command=menu_img_show&id=1954 HTTP/1.1" 200 5
172.17.0.120 - - [17/Jun/2020:10:05:53 +0800] "GET /xingrg/all/function/internal_message.html?_=1592359550198&CODE_STATE=getMsg HTTP/1.1" 200 27
101.228.167.227 - - [17/Jun/2020:10:05:54 +0800] "GET /xingrg/system/rest/get_item.html?table=menu&target=menu_rest_detail&id=1954&sid=12&_=1592359550892 HTTP/1.1" 200 426
120.253.135.82 - - [17/Jun/2020:10:05:55 +0800] "GET /xingrg/all/function/internal_message.html?_=1592359685110&CODE_STATE=getMsg HTTP/1.1" 200 27
101.85.53.146 - - [17/Jun/2020:10:05:58 +0800] "GET /xingrg/all/function/internal_message.html?_=1592358999851&CODE_STATE=getMsg HTTP/1.1" 200 27
180.175.214.200 - - [17/Jun/2020:10:05:58 +0800] "GET /xingrg/kc/buy/cgsh_order_operate.html?command=get_materiel&rest_code=00102&code=00101008261&supplier_code=00100008&order_time=2020-06-17 HTTP/1.1" 200 408
120.253.135.82 - - [17/Jun/2020:10:06:00 +0800] "GET /xingrg/kc/pszx/mdps_order_add.html HTTP/1.1" 200 28907
120.253.135.82 - - [17/Jun/2020:10:06:00 +0800] "GET /xingrg/words/20200617092721_words.js HTTP/1.1" 200 743221
120.253.135.82 - - [17/Jun/2020:10:06:01 +0800] "POST /xingrg/kc/pszx/mdps_order_operate.html HTTP/1.1" 200 7126
120.253.135.82 - - [17/Jun/2020:10:06:01 +0800] "GET /xingrg/javascript/easyui/themes/default/validatebox.css HTTP/1.1" 404 1104
114.88.170.9 - - [17/Jun/2020:10:06:01 +0800] "GET /xingrg/kc/buy/cgsh_order_operate.html?command=get_materiel&rest_code=00111&code=00101008156&supplier_code=00100005&order_time=2020-06-17 HTTP/1.1" 200 414
101.228.167.227 - - [17/Jun/2020:10:06:03 +0800] "GET /xingrg/check_reg.html?_=1592359569001 HTTP/1.1" 200 22
101.228.167.227 - - [17/Jun/2020:10:06:04 +0800] "POST /xingrg/system/rest/edit_item.html HTTP/1.1" 200 4
101.228.167.227 - - [17/Jun/2020:10:06:04 +0800] "GET /xingrg/system/rest/get_item.html?table=menu&target=menu_rest&id=1954&_=1592359560203 HTTP/1.1" 200 877
101.228.167.227 - - [17/Jun/2020:10:06:05 +0800] "GET /xingrg/all/function/internal_message.html?_=1592359570862&CODE_STATE=getMsg HTTP/1.1" 200 27
117.184.7.26 - - [17/Jun/2020:10:06:05 +0800] "GET /xingrg/all/function/internal_message.html?_=1592359558267&CODE_STATE=getMsg HTTP/1.1" 200 27
120.253.135.82 - - [17/Jun/2020:10:06:06 +0800] "POST /xingrg/all/common/load_combo.html?type=base HTTP/1.1" 200 899
117.184.7.26 - - [17/Jun/2020:10:06:06 +0800] "GET /xingrg/all/function/internal_message.html?_=1592359548202&CODE_STATE=getMsg HTTP/1.1" 200 27
114.88.170.9 - - [17/Jun/2020:10:06:10 +0800] "GET /xingrg/kc/buy/cgsh_order_operate.html?command=get_materiel&rest_code=00111&code=00101008331&supplier_code=00100005&order_time=2020-06-17 HTTP/1.1" 200 416
101.228.167.227 - - [17/Jun/2020:10:06:11 +0800] "GET /xingrg/system/rest/query_items.html?_=1592359567670&table=menu&page=1&rows=20&categoryId=&key=2013 HTTP/1.1" 200 284
101.228.167.227 - - [17/Jun/2020:10:06:13 +0800] "GET /xingrg/system/rest/query_items.html?_=1592359569103&table=menu&page=1&rows=20&categoryId=&key=2013 HTTP/1.1" 200 284
172.17.0.100 - - [17/Jun/2020:10:06:13 +0800] "GET /xingrg/all/function/internal_message.html?_=1592359580119&CODE_STATE=getMsg HTTP/1.1" 200 27
101.228.167.227 - - [17/Jun/2020:10:06:13 +0800] "GET /xingrg/system/rest/get_item.html?table=menu&id=2013&_=1592359569731 HTTP/1.1" 200 970
101.228.167.227 - - [17/Jun/2020:10:06:13 +0800] "GET /xingrg/system/rest/get_item.html?table=menu&target=menu_rest&id=2013&_=1592359569755 HTTP/1.1" 200 780
101.228.167.227 - - [17/Jun/2020:10:06:13 +0800] "GET /xingrg/system/rest/get_item.html?table=menu&target=cook_mode&id=2013&_=1592359569750 HTTP/1.1" 200 15971
180.175.214.200 - - [17/Jun/2020:10:06:13 +0800] "GET /xingrg/all/function/internal_message.html?_=1592359775890&CODE_STATE=getMsg HTTP/1.1" 200 27
120.253.135.82 - - [17/Jun/2020:10:06:14 +0800] "GET /xingrg/kc/pszx/mdps_order_operate.html?command=get_materiel&pszx_code=00101&rest_code=00108&base_code=0010246&code=00101006002 HTTP/1.1" 200 427
101.228.167.227 - - [17/Jun/2020:10:06:14 +0800] "GET /xingrg/system/rest/get_infos.html?command=menu_img_show&id=2013 HTTP/1.1" 200 5
117.185.32.26 - - [17/Jun/2020:10:06:14 +0800] "POST /xingrg/services/DataTransmitService HTTP/1.1" 200 524
117.185.32.26 - - [17/Jun/2020:10:06:15 +0800] "POST /xingrg/services/DataTransmitService HTTP/1.1" 200 524
117.185.32.26 - - [17/Jun/2020:10:06:15 +0800] "POST /xingrg/services/DataTransmitService HTTP/1.1" 200 524
117.185.32.26 - - [17/Jun/2020:10:06:15 +0800] "POST /xingrg/services/DataTransmitService HTTP/1.1" 200 524
117.185.32.26 - - [17/Jun/2020:10:06:15 +0800] "POST /xingrg/services/DataTransmitService HTTP/1.1" 200 524
117.185.32.26 - - [17/Jun/2020:10:06:15 +0800] "POST /xingrg/services/DataTransmitService HTTP/1.1" 200 524
101.228.167.227 - - [17/Jun/2020:10:06:16 +0800] "GET /xingrg/system/rest/get_item.html?table=menu&target=menu_rest_detail&id=2013&sid=12&_=1592359572235 HTTP/1.1" 200 429
114.88.170.9 - - [17/Jun/2020:10:06:16 +0800] "GET /xingrg/kc/buy/cgsh_order_operate.html?command=get_materiel&rest_code=00111&code=00101008350&supplier_code=00100005&order_time=2020-06-17 HTTP/1.1" 200 408
114.88.170.9 - - [17/Jun/2020:10:06:18 +0800] "POST /xingrg/kc/buy/cgsh_order_operate.html HTTP/1.1" 200 2065
180.175.214.200 - - [17/Jun/2020:10:06:18 +0800] "GET /xingrg/kc/buy/cgsh_order_operate.html?command=get_materiel&rest_code=00102&code=00101008003&supplier_code=00100008&order_time=2020-06-17 HTTP/1.1" 200 408
222.69.138.100 - - [17/Jun/2020:10:06:20 +0800] "POST /xingrg/kc/buy/cgsh_order_operate.html HTTP/1.1" 200 37
222.69.138.100 - - [17/Jun/2020:10:06:20 +0800] "POST /xingrg/kc/buy/cgsh_order_operate.html HTTP/1.1" 200 5624
222.69.138.100 - - [17/Jun/2020:10:06:23 +0800] "GET /xingrg/kc/buy/cgsh_order_add.html HTTP/1.1" 200 59133
222.69.138.100 - - [17/Jun/2020:10:06:23 +0800] "GET /xingrg/words/20200617092721_words.js HTTP/1.1" 304 -
222.69.138.100 - - [17/Jun/2020:10:06:23 +0800] "POST /xingrg/kc/buy/cgsh_order_operate.html HTTP/1.1" 200 8245
222.69.138.100 - - [17/Jun/2020:10:06:23 +0800] "GET /xingrg/javascript/easyui/themes/default/validatebox.css HTTP/1.1" 404 1104
117.185.32.26 - - [17/Jun/2020:10:06:23 +0800] "POST /xingrg/services/DataTransmitService HTTP/1.1" 200 524
180.175.214.200 - - [17/Jun/2020:10:06:24 +0800] "GET /xingrg/kc/buy/cgsh_order_operate.html?command=get_materiel&rest_code=00102&code=00101008126&supplier_code=00100008&order_time=2020-06-17 HTTP/1.1" 200 412
117.185.32.26 - - [17/Jun/2020:10:06:24 +0800] "POST /xingrg/services/DataTransmitService HTTP/1.1" 200 501
117.185.32.26 - - [17/Jun/2020:10:06:24 +0800] "POST /xingrg/services/DataTransmitService HTTP/1.1" 200 501
114.86.229.11 - - [17/Jun/2020:10:06:24 +0800] "GET /xingrg/all/function/internal_message.html?_=1592359608014&CODE_STATE=getMsg HTTP/1.1" 200 27
114.86.229.11 - - [17/Jun/2020:10:06:24 +0800] "GET /xingrg/check_reg.html?_=1592359608015 HTTP/1.1" 200 22
101.228.167.227 - - [17/Jun/2020:10:06:24 +0800] "POST /xingrg/system/rest/edit_item.html HTTP/1.1" 200 4
101.228.167.227 - - [17/Jun/2020:10:06:24 +0800] "GET /xingrg/system/rest/get_item.html?table=menu&target=menu_rest&id=2013&_=1592359580816 HTTP/1.1" 200 780
117.185.32.26 - - [17/Jun/2020:10:06:25 +0800] "POST /xingrg/services/DataTransmitService HTTP/1.1" 200 501
117.185.32.26 - - [17/Jun/2020:10:06:26 +0800] "POST /xingrg/services/DataTransmitService HTTP/1.1" 200 501
117.185.32.26 - - [17/Jun/2020:10:06:27 +0800] "POST /xingrg/services/DataTransmitService HTTP/1.1" 200 501
117.185.32.26 - - [17/Jun/2020:10:06:27 +0800] "POST /xingrg/services/DataTransmitService HTTP/1.1" 200 501
117.185.32.26 - - [17/Jun/2020:10:06:28 +0800] "POST /xingrg/services/DataTransmitService HTTP/1.1" 200 501
117.185.32.26 - - [17/Jun/2020:10:06:29 +0800] "POST /xingrg/services/DataTransmitService HTTP/1.1" 200 501
117.185.32.26 - - [17/Jun/2020:10:06:30 +0800] "POST /xingrg/services/DataTransmitService HTTP/1.1" 200 412
222.69.138.100 - - [17/Jun/2020:10:06:30 +0800] "GET /xingrg/all/function/internal_message.html?_=1592359585338&CODE_STATE=getMsg HTTP/1.1" 200 27
114.89.80.44 - - [17/Jun/2020:10:06:30 +0800] "GET /xingrg/check_reg.html?_=1592359719127 HTTP/1.1" 200 22
114.89.80.44 - - [17/Jun/2020:10:06:31 +0800] "GET /xingrg/all/function/internal_message.html?_=1592359719552&CODE_STATE=getMsg HTTP/1.1" 200 27
222.69.138.100 - - [17/Jun/2020:10:06:31 +0800] "GET /xingrg/check_reg.html?_=1592359586134 HTTP/1.1" 200 22
180.175.214.200 - - [17/Jun/2020:10:06:33 +0800] "GET /xingrg/kc/buy/cgsh_order_operate.html?command=get_materiel&rest_code=00102&code=00101008144&supplier_code=00100008&order_time=2020-06-17 HTTP/1.1" 200 412
114.88.170.9 - - [17/Jun/2020:10:06:33 +0800] "GET /xingrg/all/function/internal_message.html?_=1592359590925&CODE_STATE=getMsg HTTP/1.1" 200 27
61.172.5.115 - - [17/Jun/2020:10:06:34 +0800] "GET /xingrg/all/function/internal_message.html?_=1592359592455&CODE_STATE=getMsg HTTP/1.1" 200 27
120.253.135.82 - - [17/Jun/2020:10:06:34 +0800] "POST /xingrg/kc/pszx/mdps_order_operate.html HTTP/1.1" 200 37
101.228.167.227 - - [17/Jun/2020:10:06:35 +0800] "GET /xingrg/system/rest/query_items.html?_=1592359591495&table=menu&page=1&rows=20&categoryId=&key=2121 HTTP/1.1" 200 245
120.253.135.82 - - [17/Jun/2020:10:06:35 +0800] "GET /xingrg/kc/pszx/mdps_order_info.html?code=312020061700429 HTTP/1.1" 200 23843
180.175.214.200 - - [17/Jun/2020:10:06:36 +0800] "GET /xingrg/all/function/internal_message.html?_=1592359585292&CODE_STATE=getMsg HTTP/1.1" 200 27
180.175.214.200 - - [17/Jun/2020:10:06:36 +0800] "GET /xingrg/check_reg.html?_=1592359585298 HTTP/1.1" 200 22
101.228.167.227 - - [17/Jun/2020:10:06:36 +0800] "GET /xingrg/system/rest/query_items.html?_=1592359592781&table=menu&page=1&rows=20&categoryId=&key=2121 HTTP/1.1" 200 245
120.253.135.82 - - [17/Jun/2020:10:06:37 +0800] "GET /xingrg/javascript/easyui/themes/default/validatebox.css HTTP/1.1" 404 1104
114.88.170.9 - - [17/Jun/2020:10:06:37 +0800] "GET /xingrg/kc/buy/cgsh_order_operate.html?command=get_materiel&rest_code=00111&code=00101008356&supplier_code=00100005&order_time=2020-06-17 HTTP/1.1" 200 408
120.253.135.82 - - [17/Jun/2020:10:06:37 +0800] "POST /xingrg/kc/pszx/mdps_order_operate.html HTTP/1.1" 200 2280
101.228.167.227 - - [17/Jun/2020:10:06:37 +0800] "GET /xingrg/system/rest/get_item.html?table=menu&id=2121&_=1592359593382 HTTP/1.1" 200 943
101.228.167.227 - - [17/Jun/2020:10:06:37 +0800] "GET /xingrg/system/rest/get_item.html?table=menu&target=menu_rest&id=2121&_=1592359593406 HTTP/1.1" 200 549
101.228.167.227 - - [17/Jun/2020:10:06:37 +0800] "GET /xingrg/system/rest/get_item.html?table=menu&target=cook_mode&id=2121&_=1592359593402 HTTP/1.1" 200 4431
101.228.167.227 - - [17/Jun/2020:10:06:37 +0800] "GET /xingrg/system/rest/get_infos.html?command=menu_img_show&id=2121 HTTP/1.1" 200 5
101.228.167.227 - - [17/Jun/2020:10:06:37 +0800] "GET /xingrg/all/function/internal_message.html?_=1592359609281&CODE_STATE=getMsg HTTP/1.1" 200 27
114.88.170.9 - - [17/Jun/2020:10:06:37 +0800] "GET /xingrg/all/function/internal_message.html?_=1592359605800&CODE_STATE=getMsg HTTP/1.1" 200 27
120.253.135.82 - - [17/Jun/2020:10:06:39 +0800] "GET /xingrg/kc/print/load_data.html?order_code=312020061700429&kc_code=mdps&condition= HTTP/1.1" 200 675
180.175.214.200 - - [17/Jun/2020:10:06:40 +0800] "GET /xingrg/kc/buy/cgsh_order_operate.html?command=get_materiel&rest_code=00102&code=00101008098&supplier_code=00100008&order_time=2020-06-17 HTTP/1.1" 200 412
101.228.167.227 - - [17/Jun/2020:10:06:40 +0800] "GET /xingrg/system/rest/get_item.html?table=menu&target=menu_rest_detail&id=2121&sid=12&_=1592359596355 HTTP/1.1" 200 426
116.230.77.149 - - [17/Jun/2020:10:06:40 +0800] "GET /xingrg/all/function/internal_message.html?_=1592359591993&CODE_STATE=getMsg HTTP/1.1" 200 27
180.175.214.200 - - [17/Jun/2020:10:06:42 +0800] "GET /xingrg/all/function/internal_message.html?_=1592359599699&CODE_STATE=getMsg HTTP/1.1" 200 27
114.88.170.9 - - [17/Jun/2020:10:06:43 +0800] "GET /xingrg/kc/buy/cgsh_order_operate.html?command=get_materiel&rest_code=00111&code=00101008223&supplier_code=00100005&order_time=2020-06-17 HTTP/1.1" 200 412
172.17.0.240 - - [17/Jun/2020:10:06:45 +0800] "GET /xingrg/all/function/internal_message.html?_=1592359602257&CODE_STATE=getMsg HTTP/1.1" 200 27
120.253.135.82 - - [17/Jun/2020:10:06:45 +0800] "GET /xingrg/all/function/internal_message.html?_=1592359359350&CODE_STATE=getMsg HTTP/1.1" 200 27
117.131.5.26 - - [17/Jun/2020:10:06:47 +0800] "GET /xingrg/all/function/internal_message.html?_=1592359590025&CODE_STATE=getMsg HTTP/1.1" 200 27
101.228.167.227 - - [17/Jun/2020:10:06:49 +0800] "POST /xingrg/system/rest/edit_item.html HTTP/1.1" 200 4
101.228.167.227 - - [17/Jun/2020:10:06:49 +0800] "GET /xingrg/system/rest/get_item.html?table=menu&target=menu_rest&id=2121&_=1592359605028 HTTP/1.1" 200 549
101.228.167.227 - - [17/Jun/2020:10:06:49 +0800] "GET /xingrg/check_reg.html?_=1592359621259 HTTP/1.1" 200 22
117.185.32.26 - - [17/Jun/2020:10:06:50 +0800] "GET /xingrg/all/function/internal_message.html?_=1592359606208&CODE_STATE=getMsg HTTP/1.1" 200 27
114.88.170.9 - - [17/Jun/2020:10:06:50 +0800] "GET /xingrg/kc/buy/cgsh_order_operate.html?command=get_materiel&rest_code=00111&code=00101008230&supplier_code=00100005&order_time=2020-06-17 HTTP/1.1" 200 408
114.88.170.9 - - [17/Jun/2020:10:06:52 +0800] "POST /xingrg/kc/buy/cgsh_order_operate.html HTTP/1.1" 200 2065
180.175.214.200 - - [17/Jun/2020:10:06:53 +0800] "GET /xingrg/kc/buy/cgsh_order_operate.html?command=get_materiel&rest_code=00102&code=00101008005&supplier_code=00100008&order_time=2020-06-17 HTTP/1.1" 200 412
172.17.0.120 - - [17/Jun/2020:10:06:53 +0800] "GET /xingrg/all/function/internal_message.html?_=1592359610187&CODE_STATE=getMsg HTTP/1.1" 200 27
172.17.0.120 - - [17/Jun/2020:10:06:53 +0800] "GET /xingrg/check_reg.html?_=1592359610191 HTTP/1.1" 200 22
180.175.214.200 - - [17/Jun/2020:10:06:55 +0800] "POST /xingrg/kc/buy/cgsh_order_operate.html HTTP/1.1" 200 2065
120.253.135.82 - - [17/Jun/2020:10:06:55 +0800] "GET /xingrg/all/function/internal_message.html?_=1592359745123&CODE_STATE=getMsg HTTP/1.1" 200 27
101.85.53.146 - - [17/Jun/2020:10:06:56 +0800] "GET /xingrg/all/function/internal_message.html?_=1592359059857&CODE_STATE=getMsg HTTP/1.1" 200 27
101.228.167.227 - - [17/Jun/2020:10:07:05 +0800] "GET /xingrg/all/function/internal_message.html?_=1592359630875&CODE_STATE=getMsg HTTP/1.1" 200 27
117.184.7.26 - - [17/Jun/2020:10:07:05 +0800] "GET /xingrg/all/function/internal_message.html?_=1592359618257&CODE_STATE=getMsg HTTP/1.1" 200 27
180.175.214.200 - - [17/Jun/2020:10:07:06 +0800] "GET /xingrg/kc/buy/cgsh_order_operate.html?command=get_materiel&rest_code=00102&code=00101008224&supplier_code=00100008&order_time=2020-06-17 HTTP/1.1" 200 416
117.184.7.26 - - [17/Jun/2020:10:07:07 +0800] "GET /xingrg/all/function/internal_message.html?_=1592359608350&CODE_STATE=getMsg HTTP/1.1" 200 27
222.69.138.100 - - [17/Jun/2020:10:07:10 +0800] "GET /xingrg/kc/buy/cgsh_order_operate.html?command=get_materiel&rest_code=00149&code=00101006057&supplier_code=00100012&order_time=2020-06-17 HTTP/1.1" 200 413
114.88.170.9 - - [17/Jun/2020:10:07:10 +0800] "GET /xingrg/kc/buy/cgsh_order_operate.html?command=get_materiel&rest_code=00111&code=00101008371&supplier_code=00100005&order_time=2020-06-17 HTTP/1.1" 200 412
180.175.214.200 - - [17/Jun/2020:10:07:11 +0800] "GET /xingrg/kc/buy/cgsh_order_operate.html?command=get_materiel&rest_code=00102&code=00101008270&supplier_code=00100008&order_time=2020-06-17 HTTP/1.1" 200 412
172.17.0.100 - - [17/Jun/2020:10:07:13 +0800] "GET /xingrg/check_reg.html?_=1592359640118 HTTP/1.1" 200 22
172.17.0.100 - - [17/Jun/2020:10:07:13 +0800] "GET /xingrg/all/function/internal_message.html?_=1592359640119&CODE_STATE=getMsg HTTP/1.1" 200 27
180.175.214.200 - - [17/Jun/2020:10:07:13 +0800] "GET /xingrg/check_reg.html?_=1592359835734 HTTP/1.1" 200 22
180.175.214.200 - - [17/Jun/2020:10:07:13 +0800] "GET /xingrg/all/function/internal_message.html?_=1592359835905&CODE_STATE=getMsg HTTP/1.1" 200 27
180.175.214.200 - - [17/Jun/2020:10:07:15 +0800] "POST /xingrg/kc/buy/cgsh_order_operate.html HTTP/1.1" 200 37
180.175.214.200 - - [17/Jun/2020:10:07:16 +0800] "POST /xingrg/kc/buy/cgsh_order_operate.html HTTP/1.1" 200 14500
222.69.138.100 - - [17/Jun/2020:10:07:17 +0800] "GET /xingrg/kc/buy/cgsh_order_operate.html?command=get_materiel&rest_code=00149&code=00101006177&supplier_code=00100012&order_time=2020-06-17 HTTP/1.1" 200 409
180.175.214.200 - - [17/Jun/2020:10:07:20 +0800] "POST /xingrg/kc/buy/cgsh_list_operate.html HTTP/1.1" 200 2411
114.88.170.9 - - [17/Jun/2020:10:07:23 +0800] "GET /xingrg/kc/buy/cgsh_order_operate.html?command=get_materiel&rest_code=00111&code=00101008236&supplier_code=00100005&order_time=2020-06-17 HTTP/1.1" 200 416
114.86.229.11 - - [17/Jun/2020:10:07:24 +0800] "GET /xingrg/all/function/internal_message.html?_=1592359668014&CODE_STATE=getMsg HTTP/1.1" 200 27
180.175.214.200 - - [17/Jun/2020:10:07:24 +0800] "POST /xingrg/kc/buy/cgsh_list_operate.html HTTP/1.1" 200 563
222.69.138.100 - - [17/Jun/2020:10:07:25 +0800] "GET /xingrg/kc/buy/cgsh_order_operate.html?command=get_materiel&rest_code=00149&code=00101006087&supplier_code=00100012&order_time=2020-06-17 HTTP/1.1" 200 409
114.88.170.9 - - [17/Jun/2020:10:07:25 +0800] "POST /xingrg/kc/buy/cgsh_order_operate.html HTTP/1.1" 200 2065
180.175.214.200 - - [17/Jun/2020:10:07:25 +0800] "POST /xingrg/kc/buy/cgsh_list_operate.html HTTP/1.1" 200 564
180.175.214.200 - - [17/Jun/2020:10:07:27 +0800] "POST /xingrg/kc/buy/cgsh_list_operate.html HTTP/1.1" 200 563
101.228.167.227 - - [17/Jun/2020:10:07:28 +0800] "POST /xingrg/kc/buy/cgsh_list_operate.html HTTP/1.1" 200 2111
114.88.170.9 - - [17/Jun/2020:10:07:29 +0800] "GET /xingrg/kc/buy/cgsh_order_operate.html?command=get_materiel&rest_code=00111&code=00101008165&supplier_code=00100005&order_time=2020-06-17 HTTP/1.1" 200 416
222.69.138.100 - - [17/Jun/2020:10:07:30 +0800] "GET /xingrg/all/function/internal_message.html?_=1592359645319&CODE_STATE=getMsg HTTP/1.1" 200 27
114.89.80.44 - - [17/Jun/2020:10:07:31 +0800] "GET /xingrg/all/function/internal_message.html?_=1592359779560&CODE_STATE=getMsg HTTP/1.1" 200 27
114.88.170.9 - - [17/Jun/2020:10:07:33 +0800] "GET /xingrg/all/function/internal_message.html?_=1592359650960&CODE_STATE=getMsg HTTP/1.1" 200 27
61.172.5.115 - - [17/Jun/2020:10:07:34 +0800] "GET /xingrg/check_reg.html?_=1592359652454 HTTP/1.1" 200 22
61.172.5.115 - - [17/Jun/2020:10:07:34 +0800] "GET /xingrg/all/function/internal_message.html?_=1592359652455&CODE_STATE=getMsg HTTP/1.1" 200 27
180.175.214.200 - - [17/Jun/2020:10:07:34 +0800] "GET /xingrg/kc/buy/cgsh_order_info.html?code=212020061706568 HTTP/1.1" 200 59007
180.175.214.200 - - [17/Jun/2020:10:07:34 +0800] "GET /xingrg/javascript/easyui/themes/default/validatebox.css HTTP/1.1" 404 1104
180.175.214.200 - - [17/Jun/2020:10:07:34 +0800] "POST /xingrg/kc/buy/cgsh_order_operate.html HTTP/1.1" 200 8566
180.175.214.200 - - [17/Jun/2020:10:07:36 +0800] "GET /xingrg/all/function/internal_message.html?_=1592359645284&CODE_STATE=getMsg HTTP/1.1" 200 27
114.88.170.9 - - [17/Jun/2020:10:07:37 +0800] "GET /xingrg/kc/buy/cgsh_order_operate.html?command=get_materiel&rest_code=00111&code=00101008168&supplier_code=00100005&order_time=2020-06-17 HTTP/1.1" 200 413
114.88.170.9 - - [17/Jun/2020:10:07:37 +0800] "GET /xingrg/check_reg.html?_=1592359665757 HTTP/1.1" 200 22
114.88.170.9 - - [17/Jun/2020:10:07:37 +0800] "GET /xingrg/all/function/internal_message.html?_=1592359665758&CODE_STATE=getMsg HTTP/1.1" 200 27
101.228.167.227 - - [17/Jun/2020:10:07:37 +0800] "GET /xingrg/all/function/internal_message.html?_=1592359669291&CODE_STATE=getMsg HTTP/1.1" 200 27
222.69.138.100 - - [17/Jun/2020:10:07:38 +0800] "GET /xingrg/kc/buy/cgsh_order_operate.html?command=get_materiel&rest_code=00149&code=00101006112&supplier_code=00100012&order_time=2020-06-17 HTTP/1.1" 200 409
180.175.214.200 - - [17/Jun/2020:10:07:39 +0800] "POST /xingrg/kc/buy/cgsh_list_operate.html HTTP/1.1" 200 2411
180.175.214.200 - - [17/Jun/2020:10:07:40 +0800] "POST /xingrg/kc/buy/cgsh_list_operate.html HTTP/1.1" 200 563
116.230.77.149 - - [17/Jun/2020:10:07:40 +0800] "GET /xingrg/all/function/internal_message.html?_=1592359651969&CODE_STATE=getMsg HTTP/1.1" 200 27
180.175.214.200 - - [17/Jun/2020:10:07:41 +0800] "GET /xingrg/kc/buy/cgsh_order_info.html?code=212020061706567 HTTP/1.1" 200 59007
116.230.77.149 - - [17/Jun/2020:10:07:41 +0800] "GET /xingrg/check_reg.html?_=1592359653080 HTTP/1.1" 200 22
180.175.214.200 - - [17/Jun/2020:10:07:41 +0800] "GET /xingrg/javascript/easyui/themes/default/validatebox.css HTTP/1.1" 404 1104
180.175.214.200 - - [17/Jun/2020:10:07:41 +0800] "POST /xingrg/kc/buy/cgsh_order_operate.html HTTP/1.1" 200 16821
180.175.214.200 - - [17/Jun/2020:10:07:42 +0800] "GET /xingrg/check_reg.html?_=1592359659358 HTTP/1.1" 200 22
180.175.214.200 - - [17/Jun/2020:10:07:42 +0800] "GET /xingrg/all/function/internal_message.html?_=1592359659714&CODE_STATE=getMsg HTTP/1.1" 200 27
114.88.170.9 - - [17/Jun/2020:10:07:42 +0800] "GET /xingrg/kc/buy/cgsh_order_operate.html?command=get_materiel&rest_code=00111&code=00101020152&supplier_code=00100005&order_time=2020-06-17 HTTP/1.1" 200 416
180.175.214.200 - - [17/Jun/2020:10:07:45 +0800] "POST /xingrg/kc/buy/cgsh_list_operate.html HTTP/1.1" 200 2411
172.17.0.240 - - [17/Jun/2020:10:07:45 +0800] "GET /xingrg/all/function/internal_message.html?_=1592359662267&CODE_STATE=getMsg HTTP/1.1" 200 27
180.175.214.200 - - [17/Jun/2020:10:07:45 +0800] "POST /xingrg/kc/buy/cgsh_list_operate.html HTTP/1.1" 200 563
120.253.135.82 - - [17/Jun/2020:10:07:45 +0800] "GET /xingrg/all/function/internal_message.html?_=1592359419562&CODE_STATE=getMsg HTTP/1.1" 200 27
101.228.167.227 - - [17/Jun/2020:10:07:46 +0800] "POST /xingrg/kc/buy/cgsh_list_operate.html HTTP/1.1" 200 2101
180.175.214.200 - - [17/Jun/2020:10:07:46 +0800] "GET /xingrg/kc/buy/cgsh_order_info.html?code=212020061706572 HTTP/1.1" 200 59007
180.175.214.200 - - [17/Jun/2020:10:07:47 +0800] "POST /xingrg/kc/buy/cgsh_order_operate.html HTTP/1.1" 200 14500
117.131.5.26 - - [17/Jun/2020:10:07:47 +0800] "GET /xingrg/all/function/internal_message.html?_=1592359650040&CODE_STATE=getMsg HTTP/1.1" 200 27
180.175.214.200 - - [17/Jun/2020:10:07:47 +0800] "GET /xingrg/javascript/easyui/themes/default/validatebox.css HTTP/1.1" 404 1104
114.88.170.9 - - [17/Jun/2020:10:07:48 +0800] "GET /xingrg/kc/buy/cgsh_order_operate.html?command=get_materiel&rest_code=00111&code=00101008069&supplier_code=00100005&order_time=2020-06-17 HTTP/1.1" 200 412
101.228.167.227 - - [17/Jun/2020:10:07:48 +0800] "POST /xingrg/kc/buy/cgsh_list_operate.html HTTP/1.1" 200 202
101.228.167.227 - - [17/Jun/2020:10:07:49 +0800] "GET /xingrg/all/function/internal_message.html?_=1592359665698&CODE_STATE=getMsg HTTP/1.1" 200 27
117.185.32.26 - - [17/Jun/2020:10:07:50 +0800] "GET /xingrg/all/function/internal_message.html?_=1592359666207&CODE_STATE=getMsg HTTP/1.1" 200 27
101.228.167.227 - - [17/Jun/2020:10:07:50 +0800] "POST /xingrg/kc/buy/cgsh_list_operate.html HTTP/1.1" 200 202
222.69.138.100 - - [17/Jun/2020:10:07:51 +0800] "GET /xingrg/kc/buy/cgsh_order_operate.html?command=get_materiel&rest_code=00149&code=00101006133&supplier_code=00100012&order_time=2020-06-17 HTTP/1.1" 200 413
101.228.167.227 - - [17/Jun/2020:10:07:52 +0800] "GET /xingrg/kc/buy/cgsh_order_info.html?code=212020061606201 HTTP/1.1" 200 53989
101.228.167.227 - - [17/Jun/2020:10:07:52 +0800] "GET /xingrg/javascript/easyui/themes/default/validatebox.css HTTP/1.1" 404 1104
101.228.167.227 - - [17/Jun/2020:10:07:52 +0800] "POST /xingrg/kc/buy/cgsh_order_operate.html HTTP/1.1" 200 614
172.17.0.120 - - [17/Jun/2020:10:07:53 +0800] "GET /xingrg/all/function/internal_message.html?_=1592359670194&CODE_STATE=getMsg HTTP/1.1" 200 27
114.88.170.9 - - [17/Jun/2020:10:07:54 +0800] "GET /xingrg/kc/buy/cgsh_order_operate.html?command=get_materiel&rest_code=00111&code=00101008114&supplier_code=00100005&order_time=2020-06-17 HTTP/1.1" 200 412
120.253.135.82 - - [17/Jun/2020:10:07:55 +0800] "GET /xingrg/all/function/internal_message.html?_=1592359805141&CODE_STATE=getMsg HTTP/1.1" 200 27
114.88.170.9 - - [17/Jun/2020:10:07:57 +0800] "POST /xingrg/kc/buy/cgsh_order_operate.html HTTP/1.1" 200 2065
101.85.53.146 - - [17/Jun/2020:10:08:00 +0800] "GET /xingrg/all/function/internal_message.html?_=1592359119858&CODE_STATE=getMsg HTTP/1.1" 200 27
114.88.170.9 - - [17/Jun/2020:10:08:01 +0800] "GET /xingrg/kc/buy/cgsh_order_operate.html?command=get_materiel&rest_code=00111&code=00101008095&supplier_code=00100005&order_time=2020-06-17 HTTP/1.1" 200 412
101.228.167.227 - - [17/Jun/2020:10:08:05 +0800] "GET /xingrg/all/function/internal_message.html?_=1592359690890&CODE_STATE=getMsg HTTP/1.1" 200 27
101.228.167.227 - - [17/Jun/2020:10:08:05 +0800] "GET /xingrg/kc/print/load_data.html?order_code=212020061606201&kc_code=cgsh HTTP/1.1" 200 791
117.184.7.26 - - [17/Jun/2020:10:08:05 +0800] "GET /xingrg/all/function/internal_message.html?_=1592359678244&CODE_STATE=getMsg HTTP/1.1" 200 27
117.184.7.30 - - [17/Jun/2020:10:08:07 +0800] "GET /xingrg/all/function/internal_message.html?_=1592359668353&CODE_STATE=getMsg HTTP/1.1" 200 27
114.88.170.9 - - [17/Jun/2020:10:08:07 +0800] "GET /xingrg/kc/buy/cgsh_order_operate.html?command=get_materiel&rest_code=00111&code=00101008110&supplier_code=00100005&order_time=2020-06-17 HTTP/1.1" 200 408
114.88.170.9 - - [17/Jun/2020:10:08:09 +0800] "GET /xingrg/check_reg.html?_=1592359686632 HTTP/1.1" 200 22
114.86.229.11 - - [17/Jun/2020:10:08:09 +0800] "GET /xingrg/kc/buy/cgsh_order_operate.html?command=get_materiel&rest_code=00109&code=00101008125&supplier_code=00100005&order_time=2020-06-17 HTTP/1.1" 200 413
172.17.0.100 - - [17/Jun/2020:10:08:13 +0800] "GET /xingrg/all/function/internal_message.html?_=1592359700121&CODE_STATE=getMsg HTTP/1.1" 200 27
114.88.170.9 - - [17/Jun/2020:10:08:13 +0800] "GET /xingrg/kc/buy/cgsh_order_operate.html?command=get_materiel&rest_code=00111&code=00101008061&supplier_code=00100005&order_time=2020-06-17 HTTP/1.1" 200 422
180.175.214.200 - - [17/Jun/2020:10:08:13 +0800] "GET /xingrg/all/function/internal_message.html?_=1592359895917&CODE_STATE=getMsg HTTP/1.1" 200 27
114.86.229.11 - - [17/Jun/2020:10:08:24 +0800] "GET /xingrg/all/function/internal_message.html?_=1592359728002&CODE_STATE=getMsg HTTP/1.1" 200 27
120.253.135.82 - - [17/Jun/2020:10:08:24 +0800] "GET /xingrg/check_reg.html?_=1592359458597 HTTP/1.1" 200 22
114.89.80.44 - - [17/Jun/2020:10:08:31 +0800] "GET /xingrg/all/function/internal_message.html?_=1592359839572&CODE_STATE=getMsg HTTP/1.1" 200 27
222.69.138.100 - - [17/Jun/2020:10:08:32 +0800] "POST /xingrg/kc/buy/cgsh_order_operate.html HTTP/1.1" 200 37
114.88.170.9 - - [17/Jun/2020:10:08:33 +0800] "GET /xingrg/all/function/internal_message.html?_=1592359710968&CODE_STATE=getMsg HTTP/1.1" 200 27
61.172.5.115 - - [17/Jun/2020:10:08:34 +0800] "GET /xingrg/all/function/internal_message.html?_=1592359712455&CODE_STATE=getMsg HTTP/1.1" 200 27
222.69.138.100 - - [17/Jun/2020:10:08:35 +0800] "POST /xingrg/kc/buy/cgsh_order_operate.html HTTP/1.1" 200 12
222.69.138.100 - - [17/Jun/2020:10:08:36 +0800] "GET /xingrg/kc/buy/cgsh_order_info.html?code=212020061706573 HTTP/1.1" 200 54036
222.69.138.100 - - [17/Jun/2020:10:08:36 +0800] "GET /xingrg/javascript/easyui/themes/default/validatebox.css HTTP/1.1" 404 1104
180.175.214.200 - - [17/Jun/2020:10:08:36 +0800] "GET /xingrg/all/function/internal_message.html?_=1592359705285&CODE_STATE=getMsg HTTP/1.1" 200 27
222.69.138.100 - - [17/Jun/2020:10:08:37 +0800] "POST /xingrg/kc/buy/cgsh_order_operate.html HTTP/1.1" 200 2970
101.228.167.227 - - [17/Jun/2020:10:08:37 +0800] "GET /xingrg/all/function/internal_message.html?_=1592359729304&CODE_STATE=getMsg HTTP/1.1" 200 27
114.88.170.9 - - [17/Jun/2020:10:08:38 +0800] "GET /xingrg/all/function/internal_message.html?_=1592359725863&CODE_STATE=getMsg HTTP/1.1" 200 27
222.69.138.100 - - [17/Jun/2020:10:08:38 +0800] "GET /xingrg/kc/print/load_data.html?order_code=212020061706573&kc_code=cgsh&condition= HTTP/1.1" 200 1701
