101.228.167.227 - - [17/Jun/2020:08:36:05 +0800] "GET /xingrg/images/blue/pic_form2.gif HTTP/1.1" 304 -
101.228.167.227 - - [17/Jun/2020:08:36:05 +0800] "GET /xingrg/images/blue/button/ckthd.gif HTTP/1.1" 304 -
101.228.167.227 - - [17/Jun/2020:08:36:05 +0800] "GET /xingrg/images/blue/button/down_ah.jpg HTTP/1.1" 304 -
101.228.167.227 - - [17/Jun/2020:08:36:05 +0800] "GET /xingrg/javascript/jquery_ui/themes/humanity/images/ui-bg_inset-soft_100_f4f0ec_1x100.png HTTP/1.1" 304 -
101.228.167.227 - - [17/Jun/2020:08:36:05 +0800] "GET /xingrg/images/blue/bg_dotted.jpg HTTP/1.1" 304 -
101.228.167.227 - - [17/Jun/2020:08:36:05 +0800] "GET /xingrg/images/blue/button/right_ah.jpg HTTP/1.1" 304 -
101.228.167.227 - - [17/Jun/2020:08:36:05 +0800] "GET /xingrg/javascript/jquery_ui/themes/humanity/images/ui-iconsnew.jpg HTTP/1.1" 304 -
101.228.167.227 - - [17/Jun/2020:08:36:05 +0800] "GET /xingrg/javascript/jquery_ui/themes/humanity/images/ui-icons_ffffff_256x240.png HTTP/1.1" 304 -
101.228.167.227 - - [17/Jun/2020:08:36:05 +0800] "GET /xingrg/javascript/jquery_ui/themes/humanity/images/ui-icons_c47a23_256x240.png HTTP/1.1" 304 -
101.228.167.227 - - [17/Jun/2020:08:36:05 +0800] "GET /xingrg/javascript/jquery_ui/themes/humanity/images/ui-bg_glass_70_ede4d4_1x400.png HTTP/1.1" 304 -
101.228.167.227 - - [17/Jun/2020:08:36:06 +0800] "GET /xingrg/images/yd/bt.gif HTTP/1.1" 404 1040
101.228.167.227 - - [17/Jun/2020:08:36:07 +0800] "GET /xingrg/css/base.css HTTP/1.1" 304 -
101.228.167.227 - - [17/Jun/2020:08:36:07 +0800] "GET /xingrg/css/site.css HTTP/1.1" 304 -
101.228.167.227 - - [17/Jun/2020:08:36:07 +0800] "GET /xingrg/javascript/jquery_tools/datebox.css HTTP/1.1" 304 -
101.228.167.227 - - [17/Jun/2020:08:36:07 +0800] "GET /xingrg/javascript/easyui/themes/default/easyui.css HTTP/1.1" 304 -
101.228.167.227 - - [17/Jun/2020:08:36:07 +0800] "GET /xingrg/javascript/easyui/themes/icon.css HTTP/1.1" 304 -
101.228.167.227 - - [17/Jun/2020:08:36:07 +0800] "GET /xingrg/javascript/jquery_tools/fix.css HTTP/1.1" 304 -
101.228.167.227 - - [17/Jun/2020:08:36:07 +0800] "GET /xingrg/javascript/jquery_tools/table.css HTTP/1.1" 304 -
101.228.167.227 - - [17/Jun/2020:08:36:07 +0800] "GET /xingrg/javascript/auto/jquery.autocomplete.css HTTP/1.1" 304 -
101.228.167.227 - - [17/Jun/2020:08:36:07 +0800] "GET /xingrg/javascript/jquery_tools/jquery.tools.min.js HTTP/1.1" 304 -
101.228.167.227 - - [17/Jun/2020:08:36:07 +0800] "GET /xingrg/javascript/jquery_tools/jquery.tools.table.js HTTP/1.1" 304 -
101.228.167.227 - - [17/Jun/2020:08:36:07 +0800] "GET /xingrg/javascript/jquery_tools/jquery.tools.extend.js HTTP/1.1" 304 -
101.228.167.227 - - [17/Jun/2020:08:36:07 +0800] "GET /xingrg/javascript/jquery_tools/list_manager.js HTTP/1.1" 304 -
101.228.167.227 - - [17/Jun/2020:08:36:07 +0800] "GET /xingrg/javascript/jquery_tools/jquery.tools.hotkey.js HTTP/1.1" 304 -
101.228.167.227 - - [17/Jun/2020:08:36:07 +0800] "GET /xingrg/javascript/auto/jquery.autocomplete.js HTTP/1.1" 304 -
101.228.167.227 - - [17/Jun/2020:08:36:07 +0800] "GET /xingrg/javascript/jquery.cookie.js HTTP/1.1" 304 -
101.228.167.227 - - [17/Jun/2020:08:36:07 +0800] "GET /xingrg/javascript/print/LodopFuncs.js HTTP/1.1" 304 -
101.228.167.227 - - [17/Jun/2020:08:36:07 +0800] "GET /xingrg/javascript/easyui/easyloader.js HTTP/1.1" 304 -
101.228.167.227 - - [17/Jun/2020:08:36:07 +0800] "GET /xingrg/kc/buy/cgsh_order_list.html HTTP/1.1" 200 43348
101.228.167.227 - - [17/Jun/2020:08:36:08 +0800] "GET /xingrg/javascript/easyui/themes/icons/edit_add_new.png HTTP/1.1" 304 -
101.228.167.227 - - [17/Jun/2020:08:36:08 +0800] "GET /xingrg/javascript/easyui/themes/icons/cance_new.png HTTP/1.1" 304 -
101.228.167.227 - - [17/Jun/2020:08:36:08 +0800] "GET /xingrg/javascript/easyui/themes/icons/check_new.png HTTP/1.1" 304 -
101.228.167.227 - - [17/Jun/2020:08:36:08 +0800] "GET /xingrg/javascript/easyui/themes/icons/field_new.png HTTP/1.1" 304 -
101.228.167.227 - - [17/Jun/2020:08:36:08 +0800] "GET /xingrg/javascript/easyui/themes/icons/import_new.png HTTP/1.1" 304 -
101.228.167.227 - - [17/Jun/2020:08:36:08 +0800] "GET /xingrg/javascript/easyui/plugins/jquery.parser.js HTTP/1.1" 304 -
101.228.167.227 - - [17/Jun/2020:08:36:08 +0800] "GET /xingrg/images/control/ajaxLoader.gif HTTP/1.1" 304 -
114.86.190.97 - - [17/Jun/2020:08:36:08 +0800] "GET /xingrg/kc/base/kc_stocks.html HTTP/1.1" 200 16284
101.228.167.227 - - [17/Jun/2020:08:36:08 +0800] "POST /xingrg/kc/buy/cgsh_list_operate.html HTTP/1.1" 200 876
101.228.167.227 - - [17/Jun/2020:08:36:09 +0800] "GET /xingrg/javascript/jquery_easy_ui/themes/icons/rest.png HTTP/1.1" 304 -
101.228.167.227 - - [17/Jun/2020:08:36:09 +0800] "GET /xingrg/javascript/jquery_easy_ui/themes/icons/area.png HTTP/1.1" 304 -
101.228.167.227 - - [17/Jun/2020:08:36:09 +0800] "GET /xingrg/javascript/easyui/themes/default/images/button_plain_hover.png HTTP/1.1" 304 -
101.228.167.227 - - [17/Jun/2020:08:36:10 +0800] "GET /xingrg/javascript/jquery_tools/order_manager.js HTTP/1.1" 304 -
101.228.167.227 - - [17/Jun/2020:08:36:10 +0800] "GET /xingrg/javascript/convert.js HTTP/1.1" 304 -
101.228.167.227 - - [17/Jun/2020:08:36:10 +0800] "GET /xingrg/javascript/json2.js HTTP/1.1" 304 -
101.228.167.227 - - [17/Jun/2020:08:36:10 +0800] "GET /xingrg/javascript/print/kc_print.js HTTP/1.1" 304 -
101.228.167.227 - - [17/Jun/2020:08:36:10 +0800] "GET /xingrg/kc/buy/cgsh_order_add.html HTTP/1.1" 200 59086
101.228.167.227 - - [17/Jun/2020:08:36:10 +0800] "GET /xingrg/words/20200616174850_words.js HTTP/1.1" 304 -
101.228.167.227 - - [17/Jun/2020:08:36:10 +0800] "GET /xingrg/javascript/easyui/themes/icons/copy_new.png HTTP/1.1" 304 -
101.228.167.227 - - [17/Jun/2020:08:36:10 +0800] "GET /xingrg/javascript/easyui/themes/icons/template_new.png HTTP/1.1" 304 -
101.228.167.227 - - [17/Jun/2020:08:36:10 +0800] "GET /xingrg/javascript/easyui/themes/icons/ok.png HTTP/1.1" 304 -
101.228.167.227 - - [17/Jun/2020:08:36:10 +0800] "GET /xingrg/javascript/easyui/themes/icons/print.png HTTP/1.1" 304 -
101.228.167.227 - - [17/Jun/2020:08:36:10 +0800] "GET /xingrg/javascript/easyui/themes/default/images/menu_downarrow.png HTTP/1.1" 304 -
101.228.167.227 - - [17/Jun/2020:08:36:10 +0800] "GET /xingrg/javascript/easyui/themes/icons/cancel.png HTTP/1.1" 304 -
101.228.167.227 - - [17/Jun/2020:08:36:10 +0800] "POST /xingrg/kc/buy/cgsh_order_operate.html HTTP/1.1" 200 8245
101.228.167.227 - - [17/Jun/2020:08:36:10 +0800] "GET /xingrg/javascript/easyui/themes/icons/edit_remove.png HTTP/1.1" 304 -
114.86.190.97 - - [17/Jun/2020:08:36:10 +0800] "GET /xingrg/all/common/auto_word.html?type=base&rest_code=00148 HTTP/1.1" 200 1753
101.228.167.227 - - [17/Jun/2020:08:36:10 +0800] "GET /xingrg/all/common/auto_word.html?type=employee&rest_code=00146 HTTP/1.1" 200 197
101.228.167.227 - - [17/Jun/2020:08:36:10 +0800] "GET /xingrg/all/common/auto_word.html?type=employee&rest_code=00146 HTTP/1.1" 200 197
101.228.167.227 - - [17/Jun/2020:08:36:10 +0800] "GET /xingrg/javascript/easyui/themes/default/validatebox.css HTTP/1.1" 404 1104
101.228.167.227 - - [17/Jun/2020:08:36:10 +0800] "GET /xingrg/javascript/easyui/plugins/jquery.validatebox.js HTTP/1.1" 304 -
101.228.167.227 - - [17/Jun/2020:08:36:10 +0800] "GET /xingrg/javascript/easyui/plugins/jquery.numberbox.js HTTP/1.1" 304 -
114.86.190.97 - - [17/Jun/2020:08:36:10 +0800] "GET /xingrg/javascript/easyui/themes/default/tree.css HTTP/1.1" 404 1090
114.86.190.97 - - [17/Jun/2020:08:36:11 +0800] "POST /xingrg/all/common/load_tree.html?tree=materiel_sort_tree_json HTTP/1.1" 200 8666
114.86.190.97 - - [17/Jun/2020:08:36:12 +0800] "POST /xingrg/all/common/load_combo.html?type=base HTTP/1.1" 200 3142
101.228.167.227 - - [17/Jun/2020:08:36:16 +0800] "GET /xingrg/javascript/auto/indicator.gif HTTP/1.1" 404 1066
101.228.167.227 - - [17/Jun/2020:08:36:17 +0800] "GET /xingrg/javascript/jquery_tools/images/prev.gif HTTP/1.1" 404 1086
101.228.167.227 - - [17/Jun/2020:08:36:17 +0800] "GET /xingrg/javascript/jquery_tools/images/next.gif HTTP/1.1" 404 1086
114.86.190.97 - - [17/Jun/2020:08:36:21 +0800] "POST /xingrg/kc/base/stock_operate.html HTTP/1.1" 200 1470
114.86.190.97 - - [17/Jun/2020:08:36:21 +0800] "GET /xingrg/javascript/jquery_tools/fix_table.js HTTP/1.1" 304 -
114.86.190.97 - - [17/Jun/2020:08:36:22 +0800] "GET /xingrg/kc/base/stock_detail.html?m=00102002457 HTTP/1.1" 200 7282
101.228.167.227 - - [17/Jun/2020:08:36:23 +0800] "GET /xingrg/kc/buy/cgsh_order_operate.html?command=get_materiel&rest_code=00146&code=00101008017&supplier_code=00100005&order_time=2020-06-17 HTTP/1.1" 200 416
114.86.190.97 - - [17/Jun/2020:08:36:23 +0800] "GET /xingrg/javascript/jquery_easy_ui/themes/default/images/button_span_bg.gif HTTP/1.1" 304 -
114.86.190.97 - - [17/Jun/2020:08:36:23 +0800] "GET /xingrg/javascript/jquery_easy_ui/themes/icons/search.png HTTP/1.1" 304 -
114.86.190.97 - - [17/Jun/2020:08:36:23 +0800] "GET /xingrg/javascript/jquery_easy_ui/themes/default/images/calendar_prevmonth.gif HTTP/1.1" 304 -
114.86.190.97 - - [17/Jun/2020:08:36:23 +0800] "GET /xingrg/javascript/jquery_easy_ui/themes/default/images/calendar_nextmonth.gif HTTP/1.1" 304 -
114.86.190.97 - - [17/Jun/2020:08:36:23 +0800] "GET /xingrg/javascript/jquery_easy_ui/themes/default/images/calendar_prevyear.gif HTTP/1.1" 304 -
114.86.190.97 - - [17/Jun/2020:08:36:23 +0800] "GET /xingrg/javascript/jquery_easy_ui/themes/default/images/calendar_nextyear.gif HTTP/1.1" 304 -
114.86.190.97 - - [17/Jun/2020:08:36:24 +0800] "GET /xingrg/kc/base/stock_operate.html?_=1592354183438&command=get_report_file&start_day=20200601 HTTP/1.1" 200 53
114.86.190.97 - - [17/Jun/2020:08:36:24 +0800] "GET /xingrg/all/report/report_query.html?isQuery=1&onlyBody=1&rh=2000&fileName=kc/base/kc_stock_detail_new.xml&queryString=(1=1)&queryText=&tableQueryString=init_table$sp1$$sp$crk_table$sp1$order_day%20between%2020200601%20and%2020200630&varString=start_day:20200601,materiel_code:00102002457,cost_id:2686,end_date:20200531 HTTP/1.1" 200 48701
114.86.190.97 - - [17/Jun/2020:08:36:24 +0800] "GET /xingrg/dwr/interface/AjaxReportQueryService.js HTTP/1.1" 200 13203
114.86.190.97 - - [17/Jun/2020:08:36:24 +0800] "GET /xingrg/dwr/util.js HTTP/1.1" 304 -
114.86.190.97 - - [17/Jun/2020:08:36:24 +0800] "GET /xingrg/dwr/engine.js HTTP/1.1" 200 43631
114.86.190.97 - - [17/Jun/2020:08:36:24 +0800] "GET /xingrg/kc/base/stock_operate.html?_=1592354183935&command=get_report_file&start_day=20200601 HTTP/1.1" 200 53
114.86.190.97 - - [17/Jun/2020:08:36:24 +0800] "GET /xingrg/all/report/report_query.html?isQuery=1&onlyBody=1&rh=2000&fileName=kc/base/kc_stock_detail_new.xml&queryString=(1=1)&queryText=&tableQueryString=init_table$sp1$$sp$crk_table$sp1$order_day%20between%2020200601%20and%2020200630&varString=start_day:20200601,materiel_code:00102002457,cost_id:2686,end_date:20200531 HTTP/1.1" 200 48701
114.86.190.97 - - [17/Jun/2020:08:36:24 +0800] "GET /xingrg/dwr/interface/AjaxReportQueryService.js HTTP/1.1" 200 13203
114.86.190.97 - - [17/Jun/2020:08:36:24 +0800] "GET /xingrg/dwr/engine.js HTTP/1.1" 200 43631
114.86.190.97 - - [17/Jun/2020:08:36:25 +0800] "POST /xingrg/all/report/load_report_page.html HTTP/1.1" 200 30006
114.86.190.97 - - [17/Jun/2020:08:36:25 +0800] "GET /xingrg/servlets/image?cache=0.8324321360668481&image=px HTTP/1.1" 200 807
101.228.167.227 - - [17/Jun/2020:08:36:30 +0800] "GET /xingrg/kc/buy/cgsh_order_operate.html?command=get_materiel&rest_code=00146&code=00101008003&supplier_code=00100005&order_time=2020-06-17 HTTP/1.1" 200 408
114.88.170.9 - - [17/Jun/2020:08:36:31 +0800] "GET /xingrg/all/function/internal_message.html?_=1592354189125&CODE_STATE=getMsg HTTP/1.1" 200 27
114.86.190.97 - - [17/Jun/2020:08:36:32 +0800] "POST /xingrg/kc/base/stock_operate.html HTTP/1.1" 200 1468
101.228.167.227 - - [17/Jun/2020:08:36:34 +0800] "GET /xingrg/all/function/internal_message.html?_=1592354206121&CODE_STATE=getMsg HTTP/1.1" 200 27
180.175.214.200 - - [17/Jun/2020:08:36:36 +0800] "GET /xingrg/all/function/internal_message.html?_=1592354185206&CODE_STATE=getMsg HTTP/1.1" 200 27
180.175.214.200 - - [17/Jun/2020:08:36:36 +0800] "GET /xingrg/check_reg.html?_=1592354185209 HTTP/1.1" 200 22
120.253.135.82 - - [17/Jun/2020:08:36:37 +0800] "GET /xingrg/all/function/internal_message.html?_=1592353951387&CODE_STATE=getMsg HTTP/1.1" 200 27
114.86.190.97 - - [17/Jun/2020:08:36:38 +0800] "POST /xingrg/kc/base/stock_operate.html HTTP/1.1" 200 1468
117.131.5.26 - - [17/Jun/2020:08:36:47 +0800] "GET /xingrg/all/function/internal_message.html?_=1592354189900&CODE_STATE=getMsg HTTP/1.1" 200 27
117.185.32.26 - - [17/Jun/2020:08:36:49 +0800] "GET /xingrg/all/function/internal_message.html?_=1592354206137&CODE_STATE=getMsg HTTP/1.1" 200 27
101.228.167.227 - - [17/Jun/2020:08:36:49 +0800] "GET /xingrg/check_reg.html?_=1592354221104 HTTP/1.1" 200 22
114.86.190.97 - - [17/Jun/2020:08:36:53 +0800] "POST /xingrg/kc/base/stock_operate.html HTTP/1.1" 200 765
120.253.135.82 - - [17/Jun/2020:08:36:54 +0800] "GET /xingrg/all/function/internal_message.html?_=1592354343901&CODE_STATE=getMsg HTTP/1.1" 200 27
114.89.80.44 - - [17/Jun/2020:08:36:56 +0800] "GET /xingrg/all/function/internal_message.html?_=1592354345521&CODE_STATE=getMsg HTTP/1.1" 200 27
114.86.190.97 - - [17/Jun/2020:08:36:56 +0800] "POST /xingrg/kc/base/stock_operate.html HTTP/1.1" 200 765
114.86.190.97 - - [17/Jun/2020:08:37:00 +0800] "POST /xingrg/kc/base/stock_operate.html HTTP/1.1" 200 2134
101.228.167.227 - - [17/Jun/2020:08:37:01 +0800] "GET /xingrg/all/function/internal_message.html?_=1592354227500&CODE_STATE=getMsg HTTP/1.1" 200 27
101.85.53.146 - - [17/Jun/2020:08:37:02 +0800] "GET /xingrg/all/function/internal_message.html?_=1592353659681&CODE_STATE=getMsg HTTP/1.1" 200 27
114.86.190.97 - - [17/Jun/2020:08:37:04 +0800] "GET /xingrg/all/function/internal_message.html?_=1592354223078&CODE_STATE=getMsg HTTP/1.1" 200 27
114.86.190.97 - - [17/Jun/2020:08:37:17 +0800] "POST /xingrg/kc/base/stock_operate.html HTTP/1.1" 200 3790
101.228.167.227 - - [17/Jun/2020:08:37:20 +0800] "GET /xingrg/kc/buy/cgsh_order_operate.html?command=get_materiel&rest_code=00146&code=00101008126&supplier_code=00100005&order_time=2020-06-17 HTTP/1.1" 200 412
114.86.190.97 - - [17/Jun/2020:08:37:26 +0800] "POST /xingrg/kc/base/stock_operate.html HTTP/1.1" 200 1896
114.86.190.97 - - [17/Jun/2020:08:37:29 +0800] "POST /xingrg/kc/base/stock_operate.html HTTP/1.1" 200 3790
114.88.170.9 - - [17/Jun/2020:08:37:31 +0800] "GET /xingrg/all/function/internal_message.html?_=1592354249159&CODE_STATE=getMsg HTTP/1.1" 200 27
101.228.167.227 - - [17/Jun/2020:08:37:34 +0800] "GET /xingrg/all/function/internal_message.html?_=1592354266134&CODE_STATE=getMsg HTTP/1.1" 200 27
101.228.167.227 - - [17/Jun/2020:08:37:35 +0800] "GET /xingrg/kc/buy/cgsh_order_operate.html?command=get_materiel&rest_code=00146&code=00101008361&supplier_code=00100005&order_time=2020-06-17 HTTP/1.1" 200 408
180.175.214.200 - - [17/Jun/2020:08:37:36 +0800] "GET /xingrg/all/function/internal_message.html?_=1592354245204&CODE_STATE=getMsg HTTP/1.1" 200 27
120.253.135.82 - - [17/Jun/2020:08:37:37 +0800] "GET /xingrg/all/function/internal_message.html?_=1592354011589&CODE_STATE=getMsg HTTP/1.1" 200 27
114.86.190.97 - - [17/Jun/2020:08:37:45 +0800] "POST /xingrg/kc/base/stock_operate.html HTTP/1.1" 200 765
117.131.5.26 - - [17/Jun/2020:08:37:47 +0800] "GET /xingrg/all/function/internal_message.html?_=1592354249900&CODE_STATE=getMsg HTTP/1.1" 200 27
120.204.17.73 - - [17/Jun/2020:08:37:48 +0800] "GET /xingrg/all/function/internal_message.html?_=1592353966134&CODE_STATE=getMsg HTTP/1.1" 302 -
114.86.190.97 - - [17/Jun/2020:08:37:49 +0800] "GET /xingrg/kc/base/wldb_order_list.html HTTP/1.1" 200 19261
101.228.167.227 - - [17/Jun/2020:08:37:49 +0800] "GET /xingrg/kc/buy/cgsh_order_operate.html?command=get_materiel&rest_code=00146&code=00101008144&supplier_code=00100005&order_time=2020-06-17 HTTP/1.1" 200 412
117.185.32.26 - - [17/Jun/2020:08:37:49 +0800] "GET /xingrg/all/function/internal_message.html?_=1592354266137&CODE_STATE=getMsg HTTP/1.1" 200 27
114.86.190.97 - - [17/Jun/2020:08:37:49 +0800] "POST /xingrg/kc/base/wldb_list_operate.html HTTP/1.1" 200 928
114.86.190.97 - - [17/Jun/2020:08:37:50 +0800] "GET /xingrg/kc/base/wldb_order_add.html HTTP/1.1" 200 30322
114.86.190.97 - - [17/Jun/2020:08:37:51 +0800] "GET /xingrg/words/20200616174850_words.js HTTP/1.1" 200 743170
114.86.190.97 - - [17/Jun/2020:08:37:51 +0800] "POST /xingrg/kc/base/wldb_order_operate.html HTTP/1.1" 200 6806
114.86.190.97 - - [17/Jun/2020:08:37:51 +0800] "GET /xingrg/javascript/easyui/themes/default/validatebox.css HTTP/1.1" 404 1104
120.253.135.82 - - [17/Jun/2020:08:37:54 +0800] "GET /xingrg/all/function/internal_message.html?_=1592354403918&CODE_STATE=getMsg HTTP/1.1" 200 27
114.86.190.97 - - [17/Jun/2020:08:37:55 +0800] "GET /xingrg/javascript/auto/indicator.gif HTTP/1.1" 404 1066
101.85.53.146 - - [17/Jun/2020:08:37:55 +0800] "GET /xingrg/all/function/internal_message.html?_=1592353719682&CODE_STATE=getMsg HTTP/1.1" 200 27
114.89.80.44 - - [17/Jun/2020:08:37:56 +0800] "GET /xingrg/all/function/internal_message.html?_=1592354405528&CODE_STATE=getMsg HTTP/1.1" 200 27
120.204.17.73 - - [17/Jun/2020:08:37:58 +0800] "GET /xingrg/login.html HTTP/1.1" 200 7641
101.228.167.227 - - [17/Jun/2020:08:38:01 +0800] "GET /xingrg/all/function/internal_message.html?_=1592354287512&CODE_STATE=getMsg HTTP/1.1" 200 27
101.228.167.227 - - [17/Jun/2020:08:38:03 +0800] "GET /xingrg/kc/buy/cgsh_order_operate.html?command=get_materiel&rest_code=00146&code=00101008270&supplier_code=00100005&order_time=2020-06-17 HTTP/1.1" 200 412
114.86.190.97 - - [17/Jun/2020:08:38:04 +0800] "GET /xingrg/all/function/internal_message.html?_=1592354283198&CODE_STATE=getMsg HTTP/1.1" 200 27
114.88.170.9 - - [17/Jun/2020:08:38:08 +0800] "GET /xingrg/check_reg.html?_=1592354286535 HTTP/1.1" 200 22
101.228.167.227 - - [17/Jun/2020:08:38:12 +0800] "GET /xingrg/kc/buy/cgsh_order_operate.html?command=get_materiel&rest_code=00146&code=00101008359&supplier_code=00100005&order_time=2020-06-17 HTTP/1.1" 200 408
114.86.190.97 - - [17/Jun/2020:08:38:13 +0800] "GET /xingrg/kc/base/wldb_order_operate.html?command=get_materiel&rest_code=00148&base_code=&code=00102002647 HTTP/1.1" 200 469
114.86.190.97 - - [17/Jun/2020:08:38:21 +0800] "GET /xingrg/kc/mdqp/pssh_order_list.html HTTP/1.1" 200 17741
114.86.190.97 - - [17/Jun/2020:08:38:21 +0800] "POST /xingrg/kc/mdqp/pssh_list_operate.html HTTP/1.1" 200 5341
101.228.167.227 - - [17/Jun/2020:08:38:22 +0800] "GET /xingrg/kc/buy/cgsh_order_operate.html?command=get_materiel&rest_code=00146&code=00101008132&supplier_code=00100005&order_time=2020-06-17 HTTP/1.1" 200 408
114.86.190.97 - - [17/Jun/2020:08:38:23 +0800] "POST /xingrg/kc/mdqp/pssh_list_operate.html HTTP/1.1" 200 258
120.253.135.82 - - [17/Jun/2020:08:38:24 +0800] "GET /xingrg/check_reg.html?_=1592354058498 HTTP/1.1" 200 22
114.86.190.97 - - [17/Jun/2020:08:38:26 +0800] "POST /xingrg/kc/mdqp/pssh_list_operate.html HTTP/1.1" 200 783
114.86.190.97 - - [17/Jun/2020:08:38:30 +0800] "POST /xingrg/kc/mdqp/pssh_list_operate.html HTTP/1.1" 200 272
114.88.170.9 - - [17/Jun/2020:08:38:31 +0800] "GET /xingrg/all/function/internal_message.html?_=1592354309170&CODE_STATE=getMsg HTTP/1.1" 200 27
101.228.167.227 - - [17/Jun/2020:08:38:34 +0800] "GET /xingrg/all/function/internal_message.html?_=1592354326148&CODE_STATE=getMsg HTTP/1.1" 200 27
101.228.167.227 - - [17/Jun/2020:08:38:36 +0800] "GET /xingrg/kc/buy/cgsh_order_operate.html?command=get_materiel&rest_code=00146&code=00101008350&supplier_code=00100005&order_time=2020-06-17 HTTP/1.1" 200 408
180.175.214.200 - - [17/Jun/2020:08:38:36 +0800] "GET /xingrg/all/function/internal_message.html?_=1592354305199&CODE_STATE=getMsg HTTP/1.1" 200 27
120.253.135.82 - - [17/Jun/2020:08:38:37 +0800] "GET /xingrg/all/function/internal_message.html?_=1592354071602&CODE_STATE=getMsg HTTP/1.1" 200 27
114.86.190.97 - - [17/Jun/2020:08:38:38 +0800] "POST /xingrg/kc/mdqp/pssh_list_operate.html HTTP/1.1" 200 439
101.228.167.227 - - [17/Jun/2020:08:38:43 +0800] "GET /xingrg/kc/buy/cgsh_order_operate.html?command=get_materiel&rest_code=00146&code=00101008244&supplier_code=00100005&order_time=2020-06-17 HTTP/1.1" 200 408
114.86.190.97 - - [17/Jun/2020:08:38:43 +0800] "GET /xingrg/kc/mdqp/pssh_order_info.html?code=312020061300339 HTTP/1.1" 200 17277
114.86.190.97 - - [17/Jun/2020:08:38:43 +0800] "GET /xingrg/javascript/jquery_tools/jquery-1.4.2.min.js HTTP/1.1" 404 1094
114.86.190.97 - - [17/Jun/2020:08:38:44 +0800] "POST /xingrg/kc/mdqp/pssh_order_operate.html HTTP/1.1" 200 1544
114.86.190.97 - - [17/Jun/2020:08:38:44 +0800] "GET /xingrg/all/common/auto_word.html?type=base&rest_code=00148&rest_code=00148 HTTP/1.1" 200 1753
114.86.190.97 - - [17/Jun/2020:08:38:44 +0800] "GET /xingrg/all/common/auto_word.html?type=employee&rest_code=00148 HTTP/1.1" 200 147
114.86.190.97 - - [17/Jun/2020:08:38:44 +0800] "GET /xingrg/javascript/easyui/themes/default/validatebox.css HTTP/1.1" 404 1104
114.86.190.97 - - [17/Jun/2020:08:38:47 +0800] "POST /xingrg/kc/mdqp/pssh_list_operate.html HTTP/1.1" 200 2219
117.131.5.26 - - [17/Jun/2020:08:38:47 +0800] "GET /xingrg/check_reg.html?_=1592354309775 HTTP/1.1" 200 22
117.131.5.26 - - [17/Jun/2020:08:38:47 +0800] "GET /xingrg/all/function/internal_message.html?_=1592354309900&CODE_STATE=getMsg HTTP/1.1" 200 27
114.86.190.97 - - [17/Jun/2020:08:38:48 +0800] "POST /xingrg/kc/mdqp/pssh_list_operate.html HTTP/1.1" 200 439
101.228.167.227 - - [17/Jun/2020:08:38:49 +0800] "GET /xingrg/kc/buy/cgsh_order_operate.html?command=get_materiel&rest_code=00146&code=00101008185&supplier_code=00100005&order_time=2020-06-17 HTTP/1.1" 200 408
117.185.32.26 - - [17/Jun/2020:08:38:49 +0800] "GET /xingrg/check_reg.html?_=1592354326142 HTTP/1.1" 200 22
117.185.32.26 - - [17/Jun/2020:08:38:49 +0800] "GET /xingrg/all/function/internal_message.html?_=1592354326146&CODE_STATE=getMsg HTTP/1.1" 200 27
114.86.190.97 - - [17/Jun/2020:08:38:52 +0800] "POST /xingrg/kc/mdqp/pssh_list_operate.html HTTP/1.1" 200 814
120.253.135.82 - - [17/Jun/2020:08:38:54 +0800] "GET /xingrg/all/function/internal_message.html?_=1592354463928&CODE_STATE=getMsg HTTP/1.1" 200 27
101.85.53.146 - - [17/Jun/2020:08:38:55 +0800] "GET /xingrg/all/function/internal_message.html?_=1592353779680&CODE_STATE=getMsg HTTP/1.1" 200 27
114.86.190.97 - - [17/Jun/2020:08:38:55 +0800] "POST /xingrg/kc/mdqp/pssh_list_operate.html HTTP/1.1" 200 5341
114.89.80.44 - - [17/Jun/2020:08:38:56 +0800] "GET /xingrg/check_reg.html?_=1592354465210 HTTP/1.1" 200 22
114.89.80.44 - - [17/Jun/2020:08:38:56 +0800] "GET /xingrg/all/function/internal_message.html?_=1592354465542&CODE_STATE=getMsg HTTP/1.1" 200 27
114.86.190.97 - - [17/Jun/2020:08:38:57 +0800] "POST /xingrg/kc/mdqp/pssh_list_operate.html HTTP/1.1" 200 5602
101.228.167.227 - - [17/Jun/2020:08:38:59 +0800] "GET /xingrg/kc/buy/cgsh_order_operate.html?command=get_materiel&rest_code=00146&code=00101008354&supplier_code=00100005&order_time=2020-06-17 HTTP/1.1" 200 412
114.86.190.97 - - [17/Jun/2020:08:38:59 +0800] "POST /xingrg/kc/mdqp/pssh_list_operate.html HTTP/1.1" 200 767
114.86.190.97 - - [17/Jun/2020:08:39:01 +0800] "POST /xingrg/kc/mdqp/pssh_list_operate.html HTTP/1.1" 200 785
101.228.167.227 - - [17/Jun/2020:08:39:01 +0800] "GET /xingrg/all/function/internal_message.html?_=1592354347526&CODE_STATE=getMsg HTTP/1.1" 200 27
114.86.190.97 - - [17/Jun/2020:08:39:02 +0800] "POST /xingrg/kc/mdqp/pssh_list_operate.html HTTP/1.1" 200 5608
114.86.190.97 - - [17/Jun/2020:08:39:04 +0800] "GET /xingrg/all/function/internal_message.html?_=1592354343213&CODE_STATE=getMsg HTTP/1.1" 200 27
114.86.190.97 - - [17/Jun/2020:08:39:04 +0800] "POST /xingrg/kc/mdqp/pssh_list_operate.html HTTP/1.1" 200 352
101.228.167.227 - - [17/Jun/2020:08:39:05 +0800] "GET /xingrg/kc/buy/cgsh_order_operate.html?command=get_materiel&rest_code=00146&code=00101008010&supplier_code=00100005&order_time=2020-06-17 HTTP/1.1" 200 412
114.86.190.97 - - [17/Jun/2020:08:39:05 +0800] "POST /xingrg/kc/mdqp/pssh_list_operate.html HTTP/1.1" 200 803
114.86.190.97 - - [17/Jun/2020:08:39:08 +0800] "POST /xingrg/kc/mdqp/pssh_list_operate.html HTTP/1.1" 200 5593
114.86.190.97 - - [17/Jun/2020:08:39:10 +0800] "POST /xingrg/kc/mdqp/pssh_list_operate.html HTTP/1.1" 200 268
114.86.190.97 - - [17/Jun/2020:08:39:12 +0800] "POST /xingrg/kc/mdqp/pssh_list_operate.html HTTP/1.1" 200 450
114.86.190.97 - - [17/Jun/2020:08:39:13 +0800] "POST /xingrg/kc/mdqp/pssh_list_operate.html HTTP/1.1" 200 256
114.86.190.97 - - [17/Jun/2020:08:39:14 +0800] "POST /xingrg/kc/mdqp/pssh_list_operate.html HTTP/1.1" 200 444
114.86.190.97 - - [17/Jun/2020:08:39:15 +0800] "POST /xingrg/kc/mdqp/pssh_list_operate.html HTTP/1.1" 200 466
183.192.164.97 - - [17/Jun/2020:08:39:16 +0800] "GET /xingrg/check_reg.html?_=1592354026133 HTTP/1.1" 302 -
114.86.190.97 - - [17/Jun/2020:08:39:17 +0800] "POST /xingrg/kc/mdqp/pssh_list_operate.html HTTP/1.1" 200 768
114.86.190.97 - - [17/Jun/2020:08:39:19 +0800] "POST /xingrg/kc/mdqp/pssh_list_operate.html HTTP/1.1" 200 365
114.86.190.97 - - [17/Jun/2020:08:39:20 +0800] "POST /xingrg/kc/mdqp/pssh_list_operate.html HTTP/1.1" 200 723
114.86.190.97 - - [17/Jun/2020:08:39:22 +0800] "POST /xingrg/kc/mdqp/pssh_list_operate.html HTTP/1.1" 200 352
114.86.190.97 - - [17/Jun/2020:08:39:23 +0800] "POST /xingrg/kc/mdqp/pssh_list_operate.html HTTP/1.1" 200 760
183.192.164.97 - - [17/Jun/2020:08:39:23 +0800] "GET /xingrg/login.html HTTP/1.1" 200 7641
114.86.190.97 - - [17/Jun/2020:08:39:25 +0800] "POST /xingrg/kc/mdqp/pssh_list_operate.html HTTP/1.1" 200 5600
114.86.190.97 - - [17/Jun/2020:08:39:27 +0800] "POST /xingrg/kc/mdqp/pssh_list_operate.html HTTP/1.1" 200 364
114.86.190.97 - - [17/Jun/2020:08:39:28 +0800] "POST /xingrg/kc/mdqp/pssh_list_operate.html HTTP/1.1" 200 669
114.86.190.97 - - [17/Jun/2020:08:39:30 +0800] "POST /xingrg/kc/mdqp/pssh_list_operate.html HTTP/1.1" 200 751
114.88.170.9 - - [17/Jun/2020:08:39:31 +0800] "GET /xingrg/all/function/internal_message.html?_=1592354369182&CODE_STATE=getMsg HTTP/1.1" 200 27
114.86.190.97 - - [17/Jun/2020:08:39:33 +0800] "POST /xingrg/kc/mdqp/pssh_list_operate.html HTTP/1.1" 200 274
101.228.167.227 - - [17/Jun/2020:08:39:35 +0800] "GET /xingrg/all/function/internal_message.html?_=1592354386226&CODE_STATE=getMsg HTTP/1.1" 200 27
180.175.214.200 - - [17/Jun/2020:08:39:36 +0800] "GET /xingrg/all/function/internal_message.html?_=1592354365198&CODE_STATE=getMsg HTTP/1.1" 200 27
120.253.135.82 - - [17/Jun/2020:08:39:37 +0800] "GET /xingrg/all/function/internal_message.html?_=1592354131616&CODE_STATE=getMsg HTTP/1.1" 200 27
101.228.167.227 - - [17/Jun/2020:08:39:38 +0800] "GET /xingrg/kc/buy/cgsh_order_operate.html?command=get_materiel&rest_code=00146&code=00101008110&supplier_code=00100005&order_time=2020-06-17 HTTP/1.1" 200 408
114.86.190.97 - - [17/Jun/2020:08:39:40 +0800] "POST /xingrg/kc/mdqp/pssh_list_operate.html HTTP/1.1" 200 264
114.86.190.97 - - [17/Jun/2020:08:39:41 +0800] "POST /xingrg/kc/mdqp/pssh_list_operate.html HTTP/1.1" 200 768
117.131.5.26 - - [17/Jun/2020:08:39:47 +0800] "GET /xingrg/all/function/internal_message.html?_=1592354369900&CODE_STATE=getMsg HTTP/1.1" 200 27
117.185.32.26 - - [17/Jun/2020:08:39:49 +0800] "GET /xingrg/all/function/internal_message.html?_=1592354386130&CODE_STATE=getMsg HTTP/1.1" 200 27
114.86.190.97 - - [17/Jun/2020:08:39:51 +0800] "POST /xingrg/kc/mdqp/pssh_list_operate.html HTTP/1.1" 200 259
114.86.190.97 - - [17/Jun/2020:08:39:52 +0800] "POST /xingrg/kc/mdqp/pssh_list_operate.html HTTP/1.1" 200 347
120.253.135.82 - - [17/Jun/2020:08:39:54 +0800] "GET /xingrg/all/function/internal_message.html?_=1592354523945&CODE_STATE=getMsg HTTP/1.1" 200 27
101.85.53.146 - - [17/Jun/2020:08:39:56 +0800] "GET /xingrg/all/function/internal_message.html?_=1592353839697&CODE_STATE=getMsg HTTP/1.1" 200 27
114.89.80.44 - - [17/Jun/2020:08:39:56 +0800] "GET /xingrg/all/function/internal_message.html?_=1592354525555&CODE_STATE=getMsg HTTP/1.1" 200 27
101.228.167.227 - - [17/Jun/2020:08:39:57 +0800] "GET /xingrg/kc/buy/cgsh_order_operate.html?command=get_materiel&rest_code=00146&code=00101008163&supplier_code=00100005&order_time=2020-06-17 HTTP/1.1" 200 408
114.86.190.97 - - [17/Jun/2020:08:39:59 +0800] "POST /xingrg/kc/mdqp/pssh_list_operate.html HTTP/1.1" 200 379
101.85.53.146 - - [17/Jun/2020:08:40:00 +0800] "GET /xingrg/check_reg.html?_=1592353839698 HTTP/1.1" 200 22
101.228.167.227 - - [17/Jun/2020:08:40:01 +0800] "GET /xingrg/all/function/internal_message.html?_=1592354407541&CODE_STATE=getMsg HTTP/1.1" 200 27
114.86.190.97 - - [17/Jun/2020:08:40:04 +0800] "GET /xingrg/all/function/internal_message.html?_=1592354403206&CODE_STATE=getMsg HTTP/1.1" 200 27
101.228.167.227 - - [17/Jun/2020:08:40:07 +0800] "GET /xingrg/kc/buy/cgsh_order_operate.html?command=get_materiel&rest_code=00146&code=00101008355&supplier_code=00100005&order_time=2020-06-17 HTTP/1.1" 200 408
114.86.190.97 - - [17/Jun/2020:08:40:13 +0800] "GET /xingrg/kc/mdqp/pssh_order_info.html?code=312020022500006 HTTP/1.1" 200 14388
114.86.190.97 - - [17/Jun/2020:08:40:13 +0800] "GET /xingrg/javascript/jquery_tools/jquery-1.4.2.min.js HTTP/1.1" 404 1094
114.86.190.97 - - [17/Jun/2020:08:40:14 +0800] "POST /xingrg/kc/mdqp/pssh_order_operate.html HTTP/1.1" 200 8870
114.86.190.97 - - [17/Jun/2020:08:40:14 +0800] "GET /xingrg/javascript/easyui/themes/default/validatebox.css HTTP/1.1" 404 1104
101.228.167.227 - - [17/Jun/2020:08:40:21 +0800] "GET /xingrg/kc/buy/cgsh_order_operate.html?command=get_materiel&rest_code=00146&code=00101008264&supplier_code=00100005&order_time=2020-06-17 HTTP/1.1" 200 412
101.228.167.227 - - [17/Jun/2020:08:40:29 +0800] "GET /xingrg/kc/buy/cgsh_order_operate.html?command=get_materiel&rest_code=00146&code=00101008137&supplier_code=00100005&order_time=2020-06-17 HTTP/1.1" 200 408
114.88.170.9 - - [17/Jun/2020:08:40:31 +0800] "GET /xingrg/all/function/internal_message.html?_=1592354429216&CODE_STATE=getMsg HTTP/1.1" 200 27
101.228.167.227 - - [17/Jun/2020:08:40:31 +0800] "POST /xingrg/kc/buy/cgsh_order_operate.html HTTP/1.1" 200 2065
114.86.190.97 - - [17/Jun/2020:08:40:34 +0800] "POST /xingrg/kc/mdqp/pssh_list_operate.html HTTP/1.1" 200 5600
101.228.167.227 - - [17/Jun/2020:08:40:35 +0800] "GET /xingrg/all/function/internal_message.html?_=1592354446239&CODE_STATE=getMsg HTTP/1.1" 200 27
114.86.190.97 - - [17/Jun/2020:08:40:35 +0800] "POST /xingrg/kc/mdqp/pssh_list_operate.html HTTP/1.1" 200 372
114.86.190.97 - - [17/Jun/2020:08:40:36 +0800] "POST /xingrg/kc/mdqp/pssh_list_operate.html HTTP/1.1" 200 274
101.228.167.227 - - [17/Jun/2020:08:40:36 +0800] "GET /xingrg/kc/buy/cgsh_order_operate.html?command=get_materiel&rest_code=00146&code=00101008196&supplier_code=00100005&order_time=2020-06-17 HTTP/1.1" 200 416
180.175.214.200 - - [17/Jun/2020:08:40:36 +0800] "GET /xingrg/all/function/internal_message.html?_=1592354425193&CODE_STATE=getMsg HTTP/1.1" 200 27
120.253.135.82 - - [17/Jun/2020:08:40:38 +0800] "GET /xingrg/all/function/internal_message.html?_=1592354191822&CODE_STATE=getMsg HTTP/1.1" 200 27
114.86.190.97 - - [17/Jun/2020:08:40:41 +0800] "POST /xingrg/kc/mdqp/pssh_list_operate.html HTTP/1.1" 200 379
101.228.167.227 - - [17/Jun/2020:08:40:42 +0800] "GET /xingrg/kc/buy/cgsh_order_operate.html?command=get_materiel&rest_code=00146&code=00101008197&supplier_code=00100005&order_time=2020-06-17 HTTP/1.1" 200 416
114.86.190.97 - - [17/Jun/2020:08:40:42 +0800] "POST /xingrg/kc/mdqp/pssh_list_operate.html HTTP/1.1" 200 669
120.253.135.82 - - [17/Jun/2020:08:40:43 +0800] "GET /xingrg/check_reg.html?_=1592354572800 HTTP/1.1" 200 22
114.86.190.97 - - [17/Jun/2020:08:40:46 +0800] "POST /xingrg/kc/mdqp/pssh_list_operate.html HTTP/1.1" 200 768
117.131.5.26 - - [17/Jun/2020:08:40:47 +0800] "GET /xingrg/all/function/internal_message.html?_=1592354429900&CODE_STATE=getMsg HTTP/1.1" 200 27
114.86.190.97 - - [17/Jun/2020:08:40:48 +0800] "GET /xingrg/kc/mdqp/pssh_order_info.html?code=312020031000038 HTTP/1.1" 200 14388
114.86.190.97 - - [17/Jun/2020:08:40:48 +0800] "GET /xingrg/javascript/jquery_tools/jquery-1.4.2.min.js HTTP/1.1" 404 1094
114.86.190.97 - - [17/Jun/2020:08:40:48 +0800] "POST /xingrg/kc/mdqp/pssh_order_operate.html HTTP/1.1" 200 4648
114.86.190.97 - - [17/Jun/2020:08:40:48 +0800] "GET /xingrg/javascript/easyui/themes/default/validatebox.css HTTP/1.1" 404 1104
117.185.32.26 - - [17/Jun/2020:08:40:49 +0800] "GET /xingrg/all/function/internal_message.html?_=1592354446132&CODE_STATE=getMsg HTTP/1.1" 200 27
101.228.167.227 - - [17/Jun/2020:08:40:50 +0800] "GET /xingrg/kc/buy/cgsh_order_operate.html?command=get_materiel&rest_code=00146&code=00101008357&supplier_code=00100005&order_time=2020-06-17 HTTP/1.1" 200 408
114.86.190.97 - - [17/Jun/2020:08:40:52 +0800] "POST /xingrg/kc/mdqp/pssh_list_operate.html HTTP/1.1" 200 5600
114.86.190.97 - - [17/Jun/2020:08:40:53 +0800] "POST /xingrg/kc/mdqp/pssh_list_operate.html HTTP/1.1" 200 264
120.253.135.82 - - [17/Jun/2020:08:40:54 +0800] "GET /xingrg/all/function/internal_message.html?_=1592354583954&CODE_STATE=getMsg HTTP/1.1" 200 27
114.86.190.97 - - [17/Jun/2020:08:40:55 +0800] "POST /xingrg/kc/mdqp/pssh_list_operate.html HTTP/1.1" 200 372
101.85.53.146 - - [17/Jun/2020:08:40:55 +0800] "GET /xingrg/all/function/internal_message.html?_=1592353899686&CODE_STATE=getMsg HTTP/1.1" 200 27
114.86.190.97 - - [17/Jun/2020:08:40:56 +0800] "POST /xingrg/kc/mdqp/pssh_list_operate.html HTTP/1.1" 200 274
114.89.80.44 - - [17/Jun/2020:08:40:56 +0800] "GET /xingrg/all/function/internal_message.html?_=1592354585568&CODE_STATE=getMsg HTTP/1.1" 200 27
101.228.167.227 - - [17/Jun/2020:08:40:57 +0800] "GET /xingrg/kc/buy/cgsh_order_operate.html?command=get_materiel&rest_code=00146&code=00101008069&supplier_code=00100005&order_time=2020-06-17 HTTP/1.1" 200 412
114.86.190.97 - - [17/Jun/2020:08:41:00 +0800] "GET /xingrg/kc/mdqp/pssh_order_info.html?code=312020012300675 HTTP/1.1" 200 14388
114.86.190.97 - - [17/Jun/2020:08:41:00 +0800] "GET /xingrg/javascript/jquery_tools/jquery-1.4.2.min.js HTTP/1.1" 404 1094
114.86.190.97 - - [17/Jun/2020:08:41:00 +0800] "POST /xingrg/kc/mdqp/pssh_order_operate.html HTTP/1.1" 200 540
114.86.190.97 - - [17/Jun/2020:08:41:00 +0800] "GET /xingrg/javascript/easyui/themes/default/validatebox.css HTTP/1.1" 404 1104
101.228.167.227 - - [17/Jun/2020:08:41:01 +0800] "GET /xingrg/check_reg.html?_=1592354467494 HTTP/1.1" 200 22
101.228.167.227 - - [17/Jun/2020:08:41:01 +0800] "GET /xingrg/all/function/internal_message.html?_=1592354467553&CODE_STATE=getMsg HTTP/1.1" 200 27
114.86.190.97 - - [17/Jun/2020:08:41:04 +0800] "GET /xingrg/check_reg.html?_=1592354463225 HTTP/1.1" 200 22
114.86.190.97 - - [17/Jun/2020:08:41:04 +0800] "GET /xingrg/all/function/internal_message.html?_=1592354463232&CODE_STATE=getMsg HTTP/1.1" 200 27
114.86.190.97 - - [17/Jun/2020:08:41:05 +0800] "GET /xingrg/kc/base/kc_stocks.html HTTP/1.1" 200 16284
101.228.167.227 - - [17/Jun/2020:08:41:05 +0800] "GET /xingrg/kc/buy/cgsh_order_operate.html?command=get_materiel&rest_code=00146&code=00101008006&supplier_code=00100005&order_time=2020-06-17 HTTP/1.1" 200 416
114.86.190.97 - - [17/Jun/2020:08:41:05 +0800] "POST /xingrg/kc/mdqp/pssh_list_operate.html HTTP/1.1" 200 5600
114.86.190.97 - - [17/Jun/2020:08:41:06 +0800] "GET /xingrg/javascript/easyui/themes/default/tree.css HTTP/1.1" 404 1090
114.86.190.97 - - [17/Jun/2020:08:41:06 +0800] "POST /xingrg/all/common/load_tree.html?tree=materiel_sort_tree_json HTTP/1.1" 200 8666
101.228.167.227 - - [17/Jun/2020:08:41:09 +0800] "POST /xingrg/kc/buy/cgsh_order_operate.html HTTP/1.1" 200 2065
114.86.190.97 - - [17/Jun/2020:08:41:13 +0800] "POST /xingrg/kc/base/stock_operate.html HTTP/1.1" 200 3792
101.228.167.227 - - [17/Jun/2020:08:41:15 +0800] "GET /xingrg/kc/buy/cgsh_order_operate.html?command=get_materiel&rest_code=00146&code=00101008036&supplier_code=00100005&order_time=2020-06-17 HTTP/1.1" 200 408
114.86.190.97 - - [17/Jun/2020:08:41:18 +0800] "GET /xingrg/kc/base/stock_detail.html?m=00102002657 HTTP/1.1" 200 7289
114.86.190.97 - - [17/Jun/2020:08:41:19 +0800] "GET /xingrg/kc/base/stock_operate.html?_=1592354478441&command=get_report_file&start_day=20200601 HTTP/1.1" 200 53
114.86.190.97 - - [17/Jun/2020:08:41:19 +0800] "GET /xingrg/all/report/report_query.html?isQuery=1&onlyBody=1&rh=2000&fileName=kc/base/kc_stock_detail_new.xml&queryString=(1=1)&queryText=&tableQueryString=init_table$sp1$$sp$crk_table$sp1$order_day%20between%2020200601%20and%2020200630&varString=start_day:20200601,materiel_code:00102002657,cost_id:2686,end_date:20200531 HTTP/1.1" 200 48701
114.86.190.97 - - [17/Jun/2020:08:41:19 +0800] "GET /xingrg/dwr/interface/AjaxReportQueryService.js HTTP/1.1" 200 13203
114.86.190.97 - - [17/Jun/2020:08:41:19 +0800] "GET /xingrg/dwr/engine.js HTTP/1.1" 200 43631
114.86.190.97 - - [17/Jun/2020:08:41:20 +0800] "POST /xingrg/all/report/load_report_page.html HTTP/1.1" 200 20114
114.86.190.97 - - [17/Jun/2020:08:41:20 +0800] "GET /xingrg/servlets/image?cache=0.759052161386243&image=px HTTP/1.1" 200 807
120.204.17.71 - - [17/Jun/2020:08:41:20 +0800] "GET /xingrg/all/function/internal_message.html?_=1592354206137&CODE_STATE=getMsg HTTP/1.1" 302 -
114.86.190.97 - - [17/Jun/2020:08:41:24 +0800] "GET /xingrg/kc/base/stock_operate.html?_=1592354483740&command=get_report_file&start_day=20200501 HTTP/1.1" 200 53
114.86.190.97 - - [17/Jun/2020:08:41:24 +0800] "GET /xingrg/all/report/report_query.html?isQuery=1&onlyBody=1&rh=2000&fileName=kc/base/kc_stock_detail_new.xml&queryString=(1=1)&queryText=&tableQueryString=init_table$sp1$$sp$crk_table$sp1$order_day%20between%2020200501%20and%2020200630&varString=start_day:20200501,materiel_code:00102002657,cost_id:2652,end_date:20200430 HTTP/1.1" 200 48701
114.86.190.97 - - [17/Jun/2020:08:41:24 +0800] "GET /xingrg/dwr/interface/AjaxReportQueryService.js HTTP/1.1" 200 13203
114.86.190.97 - - [17/Jun/2020:08:41:24 +0800] "GET /xingrg/dwr/engine.js HTTP/1.1" 200 43631
114.86.190.97 - - [17/Jun/2020:08:41:25 +0800] "POST /xingrg/all/report/load_report_page.html HTTP/1.1" 200 20226
114.86.190.97 - - [17/Jun/2020:08:41:25 +0800] "GET /xingrg/servlets/image?cache=0.0030575050283834226&image=px HTTP/1.1" 200 807
120.204.17.71 - - [17/Jun/2020:08:41:26 +0800] "GET /xingrg/login.html HTTP/1.1" 200 7641
114.86.190.97 - - [17/Jun/2020:08:41:29 +0800] "GET /xingrg/kc/mdqp/qqps_order_list.html HTTP/1.1" 200 9222
114.86.190.97 - - [17/Jun/2020:08:41:29 +0800] "GET /xingrg/dwr/interface/AjaxReportQueryService.js HTTP/1.1" 200 13203
114.86.190.97 - - [17/Jun/2020:08:41:29 +0800] "GET /xingrg/dwr/interface/AjaxQqpsService.js HTTP/1.1" 200 16326
114.86.190.97 - - [17/Jun/2020:08:41:29 +0800] "GET /xingrg/dwr/engine.js HTTP/1.1" 200 43631
114.86.190.97 - - [17/Jun/2020:08:41:29 +0800] "GET /xingrg/javascript/jquery_easy_ui/themes/icons/check_new.png HTTP/1.1" 304 -
114.86.190.97 - - [17/Jun/2020:08:41:29 +0800] "GET /xingrg/javascript/jquery_easy_ui/themes/icons/cance_new.png HTTP/1.1" 304 -
114.86.190.97 - - [17/Jun/2020:08:41:30 +0800] "GET /xingrg/javascript/jquery_easy_ui/themes/default/images/button_plain_hover.png HTTP/1.1" 304 -
114.86.190.97 - - [17/Jun/2020:08:41:30 +0800] "GET /xingrg/kc/mdqp/qqps_order_add.html HTTP/1.1" 200 28069
114.86.190.97 - - [17/Jun/2020:08:41:31 +0800] "GET /xingrg/dwr/interface/AjaxComOrderService.js HTTP/1.1" 200 18264
114.86.190.97 - - [17/Jun/2020:08:41:31 +0800] "GET /xingrg/dwr/interface/AjaxQqpsService.js HTTP/1.1" 200 16326
114.86.190.97 - - [17/Jun/2020:08:41:31 +0800] "GET /xingrg/dwr/engine.js HTTP/1.1" 200 43631
114.88.170.9 - - [17/Jun/2020:08:41:31 +0800] "GET /xingrg/all/function/internal_message.html?_=1592354489226&CODE_STATE=getMsg HTTP/1.1" 200 27
101.228.167.227 - - [17/Jun/2020:08:41:35 +0800] "GET /xingrg/all/function/internal_message.html?_=1592354506317&CODE_STATE=getMsg HTTP/1.1" 200 27
180.175.214.200 - - [17/Jun/2020:08:41:36 +0800] "GET /xingrg/all/function/internal_message.html?_=1592354485191&CODE_STATE=getMsg HTTP/1.1" 200 27
180.175.214.200 - - [17/Jun/2020:08:41:36 +0800] "GET /xingrg/check_reg.html?_=1592354485192 HTTP/1.1" 200 22
120.253.135.82 - - [17/Jun/2020:08:41:38 +0800] "GET /xingrg/all/function/internal_message.html?_=1592354251830&CODE_STATE=getMsg HTTP/1.1" 200 27
114.86.190.97 - - [17/Jun/2020:08:41:39 +0800] "POST /xingrg/dwr/call/plaincall/AjaxQqpsService.saveOrder.dwr HTTP/1.1" 200 78
101.228.167.227 - - [17/Jun/2020:08:41:39 +0800] "GET /xingrg/kc/buy/cgsh_order_operate.html?command=get_materiel&rest_code=00146&code=00101008131&supplier_code=00100005&order_time=2020-06-17 HTTP/1.1" 200 408
117.131.5.26 - - [17/Jun/2020:08:41:47 +0800] "GET /xingrg/all/function/internal_message.html?_=1592354489900&CODE_STATE=getMsg HTTP/1.1" 200 27
183.192.164.214 - - [17/Jun/2020:08:41:48 +0800] "GET /xingrg/all/function/internal_message.html?_=1592354326146&CODE_STATE=getMsg HTTP/1.1" 302 -
117.185.32.26 - - [17/Jun/2020:08:41:49 +0800] "GET /xingrg/all/function/internal_message.html?_=1592354506137&CODE_STATE=getMsg HTTP/1.1" 200 27
101.228.167.227 - - [17/Jun/2020:08:41:49 +0800] "GET /xingrg/check_reg.html?_=1592354521101 HTTP/1.1" 200 22
61.172.5.115 - - [17/Jun/2020:08:41:52 +0800] "GET /xingrg/index.html?sysBaseUrl=http%3A%2F%2F180.169.147.146%3A18081%2Fxingrg%2F&costTime=32×tamp=1585224308505 HTTP/1.1" 302 -
61.172.5.115 - - [17/Jun/2020:08:41:52 +0800] "GET /xingrg/login.html HTTP/1.1" 200 7641
101.228.167.227 - - [17/Jun/2020:08:41:53 +0800] "GET /xingrg/kc/buy/cgsh_order_operate.html?command=get_materiel&rest_code=00146&code=00101008318&supplier_code=00100005&order_time=2020-06-17 HTTP/1.1" 200 408
114.86.190.97 - - [17/Jun/2020:08:41:53 +0800] "POST /xingrg/dwr/call/plaincall/AjaxQqpsService.getMaterielByCode.dwr HTTP/1.1" 200 2638
183.192.164.214 - - [17/Jun/2020:08:41:54 +0800] "GET /xingrg/login.html HTTP/1.1" 200 7641
120.253.135.82 - - [17/Jun/2020:08:41:54 +0800] "GET /xingrg/all/function/internal_message.html?_=1592354643968&CODE_STATE=getMsg HTTP/1.1" 200 27
101.85.53.146 - - [17/Jun/2020:08:41:55 +0800] "GET /xingrg/all/function/internal_message.html?_=1592353959686&CODE_STATE=getMsg HTTP/1.1" 200 27
114.89.80.44 - - [17/Jun/2020:08:41:57 +0800] "GET /xingrg/all/function/internal_message.html?_=1592354645665&CODE_STATE=getMsg HTTP/1.1" 200 27
61.172.5.115 - - [17/Jun/2020:08:42:01 +0800] "GET /xingrg/images/blue/login_bg.png HTTP/1.1" 304 -
61.172.5.115 - - [17/Jun/2020:08:42:01 +0800] "GET /xingrg/images/blue/hj.png HTTP/1.1" 304 -
61.172.5.115 - - [17/Jun/2020:08:42:01 +0800] "GET /xingrg/images/blue/srbg.png HTTP/1.1" 304 -
101.228.167.227 - - [17/Jun/2020:08:42:01 +0800] "GET /xingrg/all/function/internal_message.html?_=1592354527567&CODE_STATE=getMsg HTTP/1.1" 200 27
61.172.5.115 - - [17/Jun/2020:08:42:02 +0800] "GET /favicon.ico HTTP/1.1" 404 -
114.86.190.97 - - [17/Jun/2020:08:42:02 +0800] "GET /xingrg/kc/mdqp/qqps_order_list.html HTTP/1.1" 200 9642
114.86.190.97 - - [17/Jun/2020:08:42:02 +0800] "GET /xingrg/dwr/interface/AjaxQqpsService.js HTTP/1.1" 200 16326
114.86.190.97 - - [17/Jun/2020:08:42:02 +0800] "GET /xingrg/dwr/interface/AjaxReportQueryService.js HTTP/1.1" 200 13203
114.86.190.97 - - [17/Jun/2020:08:42:02 +0800] "GET /xingrg/dwr/engine.js HTTP/1.1" 200 43631
114.86.190.97 - - [17/Jun/2020:08:42:04 +0800] "GET /xingrg/all/function/internal_message.html?_=1592354523194&CODE_STATE=getMsg HTTP/1.1" 200 27
101.228.167.227 - - [17/Jun/2020:08:42:07 +0800] "GET /xingrg/kc/buy/cgsh_order_operate.html?command=get_materiel&rest_code=00146&code=00101008005&supplier_code=00100005&order_time=2020-06-17 HTTP/1.1" 200 412
114.86.190.97 - - [17/Jun/2020:08:42:30 +0800] "GET /xingrg/kc/mdqp/qqps_order_list.html?isQuery=1&timeSelect=1&orderTime=day&startTime=2020-01-01&endTime=2020-01-31&state=all&query=%C8%B7++%B6%A8 HTTP/1.1" 200 15769
114.86.190.97 - - [17/Jun/2020:08:42:30 +0800] "GET /xingrg/dwr/interface/AjaxReportQueryService.js HTTP/1.1" 200 13203
114.86.190.97 - - [17/Jun/2020:08:42:30 +0800] "GET /xingrg/dwr/interface/AjaxQqpsService.js HTTP/1.1" 200 16326
114.86.190.97 - - [17/Jun/2020:08:42:30 +0800] "GET /xingrg/dwr/engine.js HTTP/1.1" 200 43631
101.228.167.227 - - [17/Jun/2020:08:42:31 +0800] "GET /xingrg/kc/buy/cgsh_order_operate.html?command=get_materiel&rest_code=00146&code=00101008353&supplier_code=00100005&order_time=2020-06-17 HTTP/1.1" 200 408
114.88.170.9 - - [17/Jun/2020:08:42:31 +0800] "GET /xingrg/all/function/internal_message.html?_=1592354549260&CODE_STATE=getMsg HTTP/1.1" 200 27
61.172.5.115 - - [17/Jun/2020:08:42:32 +0800] "POST /xingrg/login.do HTTP/1.1" 302 -
61.172.5.115 - - [17/Jun/2020:08:42:33 +0800] "GET /xingrg/index.html?sysBaseUrl=http%3A%2F%2F180.169.147.146%3A18081%2Fxingrg%2F&costTime=37×tamp=1592354552960 HTTP/1.1" 200 17173
61.172.5.115 - - [17/Jun/2020:08:42:33 +0800] "GET /favicon.ico HTTP/1.1" 404 -
61.172.5.115 - - [17/Jun/2020:08:42:33 +0800] "POST /xingrg/all/common/load_tree.html?tree=area_rest_tree_json&manage=1 HTTP/1.1" 200 342
61.172.5.115 - - [17/Jun/2020:08:42:33 +0800] "GET /xingrg/all/function/internal_message.html?_=1592354552372&CODE_STATE=count HTTP/1.1" 200 11
61.172.5.115 - - [17/Jun/2020:08:42:33 +0800] "GET /xingrg/check_reg.html?_=1592354552373 HTTP/1.1" 200 22
61.172.5.115 - - [17/Jun/2020:08:42:34 +0800] "POST /xingrg/load_menu.html HTTP/1.1" 200 5138
61.172.5.115 - - [17/Jun/2020:08:42:34 +0800] "GET /xingrg/javascript/jquery_easy_ui/themes/default/images/tree_arrows.gif HTTP/1.1" 304 -
61.172.5.115 - - [17/Jun/2020:08:42:34 +0800] "GET /xingrg/javascript/jquery_easy_ui/themes/default/images/tree_folder_open.gif HTTP/1.1" 304 -
61.172.5.115 - - [17/Jun/2020:08:42:34 +0800] "GET /xingrg/javascript/jquery_easy_ui/themes/icons/search_new.png HTTP/1.1" 304 -
61.172.5.115 - - [17/Jun/2020:08:42:34 +0800] "GET /xingrg/javascript/jquery_easy_ui/themes/default/images/tree_folder.gif HTTP/1.1" 304 -
61.172.5.115 - - [17/Jun/2020:08:42:34 +0800] "GET /xingrg/javascript/jquery_easy_ui/themes/icons/storage_new.png HTTP/1.1" 304 -
61.172.5.115 - - [17/Jun/2020:08:42:34 +0800] "GET /xingrg/javascript/jquery_easy_ui/themes/icons/forms_new.png HTTP/1.1" 304 -
61.172.5.115 - - [17/Jun/2020:08:42:34 +0800] "GET /xingrg/javascript/jquery_easy_ui/themes/default/images/tree_file.gif HTTP/1.1" 304 -
101.228.167.227 - - [17/Jun/2020:08:42:35 +0800] "GET /xingrg/all/function/internal_message.html?_=1592354566328&CODE_STATE=getMsg HTTP/1.1" 200 27
101.228.167.227 - - [17/Jun/2020:08:42:36 +0800] "POST /xingrg/kc/buy/cgsh_order_operate.html HTTP/1.1" 200 2065
180.175.214.200 - - [17/Jun/2020:08:42:36 +0800] "GET /xingrg/all/function/internal_message.html?_=1592354545183&CODE_STATE=getMsg HTTP/1.1" 200 27
120.253.135.82 - - [17/Jun/2020:08:42:38 +0800] "GET /xingrg/all/function/internal_message.html?_=1592354312037&CODE_STATE=getMsg HTTP/1.1" 200 27
114.86.190.97 - - [17/Jun/2020:08:42:39 +0800] "GET /xingrg/kc/mdqp/qqps_order_list.html?isQuery=1&timeSelect=1&orderTime=day&startTime=2020-01-01&endTime=2020-01-31&state=all&query=?%20%20??&page_num=2 HTTP/1.1" 200 12942
114.86.190.97 - - [17/Jun/2020:08:42:39 +0800] "GET /xingrg/dwr/interface/AjaxQqpsService.js HTTP/1.1" 200 16326
114.86.190.97 - - [17/Jun/2020:08:42:39 +0800] "GET /xingrg/dwr/interface/AjaxReportQueryService.js HTTP/1.1" 200 13203
114.86.190.97 - - [17/Jun/2020:08:42:39 +0800] "GET /xingrg/dwr/engine.js HTTP/1.1" 200 43631
114.86.190.97 - - [17/Jun/2020:08:42:43 +0800] "POST /xingrg/dwr/call/plaincall/AjaxReportQueryService.getFixDate.dwr HTTP/1.1" 200 111
114.86.190.97 - - [17/Jun/2020:08:42:43 +0800] "GET /xingrg/kc/mdqp/qqps_order_list.html?isQuery=1&timeSelect=2&orderTime=month&startTime=2020-06-01&endTime=2020-06-30&state=all&query=%C8%B7++%B6%A8 HTTP/1.1" 200 15076
114.86.190.97 - - [17/Jun/2020:08:42:44 +0800] "GET /xingrg/dwr/interface/AjaxQqpsService.js HTTP/1.1" 200 16326
114.86.190.97 - - [17/Jun/2020:08:42:44 +0800] "GET /xingrg/dwr/interface/AjaxReportQueryService.js HTTP/1.1" 200 13203
114.86.190.97 - - [17/Jun/2020:08:42:44 +0800] "GET /xingrg/dwr/engine.js HTTP/1.1" 200 43631
101.228.167.227 - - [17/Jun/2020:08:42:47 +0800] "GET /xingrg/kc/buy/cgsh_order_operate.html?command=get_materiel&rest_code=00146&code=00101008291&supplier_code=00100005&order_time=2020-06-17 HTTP/1.1" 200 408
117.131.5.26 - - [17/Jun/2020:08:42:47 +0800] "GET /xingrg/all/function/internal_message.html?_=1592354549915&CODE_STATE=getMsg HTTP/1.1" 200 27
117.185.32.26 - - [17/Jun/2020:08:42:49 +0800] "GET /xingrg/all/function/internal_message.html?_=1592354566136&CODE_STATE=getMsg HTTP/1.1" 200 27
120.253.135.82 - - [17/Jun/2020:08:42:54 +0800] "GET /xingrg/all/function/internal_message.html?_=1592354703986&CODE_STATE=getMsg HTTP/1.1" 200 27
101.85.53.146 - - [17/Jun/2020:08:42:55 +0800] "GET /xingrg/all/function/internal_message.html?_=1592354019689&CODE_STATE=getMsg HTTP/1.1" 200 27
114.89.80.44 - - [17/Jun/2020:08:42:57 +0800] "GET /xingrg/all/function/internal_message.html?_=1592354705674&CODE_STATE=getMsg HTTP/1.1" 200 27
101.228.167.227 - - [17/Jun/2020:08:42:58 +0800] "GET /xingrg/kc/buy/cgsh_order_operate.html?command=get_materiel&rest_code=00146&code=00101008312&supplier_code=00100005&order_time=2020-06-17 HTTP/1.1" 200 412
101.228.167.227 - - [17/Jun/2020:08:43:01 +0800] "GET /xingrg/all/function/internal_message.html?_=1592354587581&CODE_STATE=getMsg HTTP/1.1" 200 27
114.86.190.97 - - [17/Jun/2020:08:43:02 +0800] "GET /xingrg/kc/mdqp/qqps_order_list.html?isQuery=1&timeSelect=2&orderTime=month&startTime=2020-02-01&endTime=2020-02-29&state=all&query=%C8%B7++%B6%A8 HTTP/1.1" 200 9743
114.86.190.97 - - [17/Jun/2020:08:43:02 +0800] "GET /xingrg/dwr/interface/AjaxQqpsService.js HTTP/1.1" 200 16326
114.86.190.97 - - [17/Jun/2020:08:43:02 +0800] "GET /xingrg/dwr/interface/AjaxReportQueryService.js HTTP/1.1" 200 13203
114.86.190.97 - - [17/Jun/2020:08:43:02 +0800] "GET /xingrg/dwr/engine.js HTTP/1.1" 200 43631
