180.162.232.172 - - [14/Jun/2020:09:24:56 +0800] "GET /xingrg/javascript/jquery.form.js HTTP/1.1" 304 -
180.162.232.172 - - [14/Jun/2020:09:24:56 +0800] "GET /xingrg/javascript/jquery.utils.js HTTP/1.1" 304 -
180.162.232.172 - - [14/Jun/2020:09:24:56 +0800] "GET /xingrg/javascript/jquery.timers.js HTTP/1.1" 304 -
180.162.232.172 - - [14/Jun/2020:09:24:56 +0800] "GET /xingrg/images/blue/jxLogo.png HTTP/1.1" 304 -
180.162.232.172 - - [14/Jun/2020:09:24:56 +0800] "GET /xingrg/images/blue/navBackgound.jpg HTTP/1.1" 304 -
180.162.232.172 - - [14/Jun/2020:09:24:56 +0800] "GET /xingrg/javascript/jquery_easy_ui/themes/icons/settle_new.png HTTP/1.1" 304 -
180.162.232.172 - - [14/Jun/2020:09:24:56 +0800] "POST /xingrg/all/common/load_tree.html?tree=area_rest_tree_json&manage=1 HTTP/1.1" 200 476
180.162.232.172 - - [14/Jun/2020:09:24:56 +0800] "GET /xingrg/all/function/internal_message.html?_=1592097895305&CODE_STATE=count HTTP/1.1" 200 11
180.162.232.172 - - [14/Jun/2020:09:24:56 +0800] "GET /xingrg/javascript/jquery_easy_ui/themes/default/images/tabs_leftarrow.png HTTP/1.1" 304 -
180.162.232.172 - - [14/Jun/2020:09:24:56 +0800] "GET /xingrg/check_reg.html?_=1592097895306 HTTP/1.1" 200 22
180.162.232.172 - - [14/Jun/2020:09:24:56 +0800] "GET /xingrg/javascript/jquery_easy_ui/themes/default/images/panel_tool_collapse.gif HTTP/1.1" 304 -
180.162.232.172 - - [14/Jun/2020:09:24:56 +0800] "GET /xingrg/images/blue/pingpu.png HTTP/1.1" 304 -
180.162.232.172 - - [14/Jun/2020:09:24:56 +0800] "GET /xingrg/javascript/jquery_easy_ui/themes/default/images/tabs_rightarrow.png HTTP/1.1" 304 -
180.162.232.172 - - [14/Jun/2020:09:24:56 +0800] "POST /xingrg/load_menu.html HTTP/1.1" 200 5138
117.185.32.26 - - [14/Jun/2020:09:24:57 +0800] "GET /xingrg/kc/buy/cgsh_order_operate.html?command=get_materiel&rest_code=00106&code=00102006669&supplier_code=00100079&order_time=2020-06-14 HTTP/1.1" 200 411
180.162.232.172 - - [14/Jun/2020:09:24:59 +0800] "GET /xingrg/kc/buy/cgsh_order_list.html HTTP/1.1" 200 43289
180.162.232.172 - - [14/Jun/2020:09:25:00 +0800] "POST /xingrg/kc/buy/cgsh_list_operate.html HTTP/1.1" 200 1691
114.86.227.175 - - [14/Jun/2020:09:25:01 +0800] "GET /xingrg/kc/buy/cgsh_order_operate.html?command=get_materiel&rest_code=00109&code=00101008003&supplier_code=00100005&order_time=2020-06-14 HTTP/1.1" 200 408
101.228.167.227 - - [14/Jun/2020:09:25:01 +0800] "GET /xingrg/all/function/internal_message.html?_=1592097902973&CODE_STATE=getMsg HTTP/1.1" 200 27
101.228.167.227 - - [14/Jun/2020:09:25:02 +0800] "GET /xingrg/kc/buy/cgsh_order_operate.html?command=get_materiel&rest_code=00146&code=00101016017&supplier_code=00100033&order_time=2020-06-14 HTTP/1.1" 200 408
180.162.232.172 - - [14/Jun/2020:09:25:03 +0800] "POST /xingrg/kc/buy/cgsh_list_operate.html HTTP/1.1" 200 564
180.162.232.172 - - [14/Jun/2020:09:25:04 +0800] "GET /xingrg/kc/buy/cgsh_order_info.html?code=212020061405340 HTTP/1.1" 200 58954
180.162.232.172 - - [14/Jun/2020:09:25:05 +0800] "GET /xingrg/javascript/easyui/themes/default/validatebox.css HTTP/1.1" 404 1104
180.162.232.172 - - [14/Jun/2020:09:25:05 +0800] "POST /xingrg/kc/buy/cgsh_order_operate.html HTTP/1.1" 200 6206
172.17.0.100 - - [14/Jun/2020:09:25:09 +0800] "GET /xingrg/all/function/internal_message.html?_=1592097916175&CODE_STATE=getMsg HTTP/1.1" 200 27
101.228.167.227 - - [14/Jun/2020:09:25:10 +0800] "POST /xingrg/kc/buy/cgsh_order_operate.html HTTP/1.1" 200 37
114.86.190.97 - - [14/Jun/2020:09:25:11 +0800] "GET /xingrg/all/function/internal_message.html?_=1592097911476&CODE_STATE=getMsg HTTP/1.1" 200 27
101.228.167.227 - - [14/Jun/2020:09:25:12 +0800] "POST /xingrg/kc/buy/cgsh_order_operate.html HTTP/1.1" 200 7950
172.17.0.240 - - [14/Jun/2020:09:25:15 +0800] "GET /xingrg/check_reg.html?_=1592097914023 HTTP/1.1" 200 22
172.17.0.240 - - [14/Jun/2020:09:25:15 +0800] "GET /xingrg/all/function/internal_message.html?_=1592097914025&CODE_STATE=getMsg HTTP/1.1" 200 27
61.172.5.115 - - [14/Jun/2020:09:25:16 +0800] "GET /xingrg/all/function/internal_message.html?_=1592097917640&CODE_STATE=getMsg HTTP/1.1" 200 27
61.172.5.115 - - [14/Jun/2020:09:25:17 +0800] "GET /xingrg/check_reg.html?_=1592097917986 HTTP/1.1" 200 22
180.162.232.172 - - [14/Jun/2020:09:25:19 +0800] "POST /xingrg/kc/buy/cgsh_order_operate.html HTTP/1.1" 200 37
114.88.170.9 - - [14/Jun/2020:09:25:19 +0800] "GET /xingrg/all/function/internal_message.html?_=1592097913715&CODE_STATE=getMsg HTTP/1.1" 200 27
180.162.232.172 - - [14/Jun/2020:09:25:21 +0800] "POST /xingrg/kc/buy/cgsh_order_operate.html HTTP/1.1" 200 12
180.162.232.172 - - [14/Jun/2020:09:25:21 +0800] "GET /xingrg/kc/buy/cgsh_order_info.html?code=212020061405340 HTTP/1.1" 200 53848
180.162.232.172 - - [14/Jun/2020:09:25:22 +0800] "GET /xingrg/javascript/easyui/themes/default/validatebox.css HTTP/1.1" 404 1104
180.162.232.172 - - [14/Jun/2020:09:25:22 +0800] "POST /xingrg/kc/buy/cgsh_order_operate.html HTTP/1.1" 200 4153
180.162.232.172 - - [14/Jun/2020:09:25:23 +0800] "GET /xingrg/kc/print/load_data.html?order_code=212020061405340&kc_code=cgsh&condition= HTTP/1.1" 200 2137
114.86.227.175 - - [14/Jun/2020:09:25:23 +0800] "GET /xingrg/all/function/internal_message.html?_=1592098173685&CODE_STATE=getMsg HTTP/1.1" 200 27
114.86.227.175 - - [14/Jun/2020:09:25:23 +0800] "POST /xingrg/kc/buy/cgsh_order_operate.html HTTP/1.1" 200 2065
222.69.130.218 - - [14/Jun/2020:09:25:24 +0800] "GET /xingrg/all/function/internal_message.html?_=1592097924382&CODE_STATE=getMsg HTTP/1.1" 200 27
222.69.130.218 - - [14/Jun/2020:09:25:24 +0800] "GET /xingrg/check_reg.html?_=1592097924436 HTTP/1.1" 200 22
116.230.77.149 - - [14/Jun/2020:09:25:27 +0800] "GET /favicon.ico HTTP/1.1" 404 -
114.86.227.175 - - [14/Jun/2020:09:25:27 +0800] "GET /xingrg/kc/buy/cgsh_order_operate.html?command=get_materiel&rest_code=00109&code=00101008141&supplier_code=00100005&order_time=2020-06-14 HTTP/1.1" 200 412
180.162.232.172 - - [14/Jun/2020:09:25:28 +0800] "GET /xingrg/kc/buy/cgsh_order_add.html HTTP/1.1" 200 58945
180.162.232.172 - - [14/Jun/2020:09:25:28 +0800] "POST /xingrg/kc/buy/cgsh_order_operate.html HTTP/1.1" 200 8245
180.162.232.172 - - [14/Jun/2020:09:25:28 +0800] "GET /xingrg/javascript/easyui/themes/default/validatebox.css HTTP/1.1" 404 1104
101.228.167.227 - - [14/Jun/2020:09:25:31 +0800] "GET /xingrg/check_reg.html?_=1592097932375 HTTP/1.1" 200 22
180.162.232.172 - - [14/Jun/2020:09:25:32 +0800] "GET /xingrg/javascript/auto/indicator.gif HTTP/1.1" 404 1066
114.86.227.175 - - [14/Jun/2020:09:25:33 +0800] "GET /xingrg/kc/buy/cgsh_order_operate.html?command=get_materiel&rest_code=00109&code=00101008357&supplier_code=00100005&order_time=2020-06-14 HTTP/1.1" 200 408
120.253.135.82 - - [14/Jun/2020:09:25:33 +0800] "GET /xingrg/all/function/internal_message.html?_=1592097689322&CODE_STATE=getMsg HTTP/1.1" 200 27
172.17.200.101 - - [14/Jun/2020:09:25:33 +0800] "GET /xingrg/all/function/internal_message.html?_=1592097933977&CODE_STATE=getMsg HTTP/1.1" 200 27
114.86.227.175 - - [14/Jun/2020:09:25:38 +0800] "GET /xingrg/kc/buy/cgsh_order_operate.html?command=get_materiel&rest_code=00109&code=00101008069&supplier_code=00100005&order_time=2020-06-14 HTTP/1.1" 200 412
114.86.190.97 - - [14/Jun/2020:09:25:38 +0800] "GET /xingrg/check_reg.html?_=1592097938205 HTTP/1.1" 200 22
117.185.32.26 - - [14/Jun/2020:09:25:41 +0800] "GET /xingrg/all/function/internal_message.html?_=1592097936253&CODE_STATE=getMsg HTTP/1.1" 200 27
117.185.32.26 - - [14/Jun/2020:09:25:41 +0800] "GET /xingrg/kc/buy/cgsh_order_operate.html?command=get_materiel&rest_code=00106&code=00102006670&supplier_code=00100079&order_time=2020-06-14 HTTP/1.1" 200 407
114.86.227.175 - - [14/Jun/2020:09:25:44 +0800] "GET /xingrg/kc/buy/cgsh_order_operate.html?command=get_materiel&rest_code=00109&code=00101008006&supplier_code=00100005&order_time=2020-06-14 HTTP/1.1" 200 416
114.88.170.9 - - [14/Jun/2020:09:25:45 +0800] "GET /xingrg/check_reg.html?_=1592097952367 HTTP/1.1" 200 22
114.88.170.9 - - [14/Jun/2020:09:25:45 +0800] "GET /xingrg/all/function/internal_message.html?_=1592097952370&CODE_STATE=getMsg HTTP/1.1" 200 27
183.192.164.85 - - [14/Jun/2020:09:25:47 +0800] "GET /xingrg/all/function/internal_message.html?_=1592097156565&CODE_STATE=getMsg HTTP/1.1" 302 -
101.228.167.227 - - [14/Jun/2020:09:25:49 +0800] "GET /xingrg/all/function/internal_message.html?_=1592097950408&CODE_STATE=getMsg HTTP/1.1" 200 27
117.185.32.26 - - [14/Jun/2020:09:25:49 +0800] "POST /xingrg/kc/buy/cgsh_order_operate.html HTTP/1.1" 200 2065
114.86.227.175 - - [14/Jun/2020:09:25:49 +0800] "GET /xingrg/kc/buy/cgsh_order_operate.html?command=get_materiel&rest_code=00109&code=00101008296&supplier_code=00100005&order_time=2020-06-14 HTTP/1.1" 200 416
172.17.0.101 - - [14/Jun/2020:09:25:51 +0800] "GET /xingrg/all/function/internal_message.html?_=1592097948702&CODE_STATE=getMsg HTTP/1.1" 200 27
114.86.227.175 - - [14/Jun/2020:09:25:51 +0800] "POST /xingrg/kc/buy/cgsh_order_operate.html HTTP/1.1" 200 2065
114.84.32.201 - - [14/Jun/2020:09:25:54 +0800] "GET /xingrg/all/function/internal_message.html?_=1592097953982&CODE_STATE=getMsg HTTP/1.1" 200 27
114.84.32.201 - - [14/Jun/2020:09:25:54 +0800] "GET /xingrg/check_reg.html?_=1592097953985 HTTP/1.1" 200 22
114.86.227.175 - - [14/Jun/2020:09:25:54 +0800] "GET /xingrg/kc/buy/cgsh_order_operate.html?command=get_materiel&rest_code=00109&code=00101008213&supplier_code=00100005&order_time=2020-06-14 HTTP/1.1" 200 412
183.192.164.85 - - [14/Jun/2020:09:25:54 +0800] "GET /xingrg/login.html HTTP/1.1" 200 7641
180.162.232.172 - - [14/Jun/2020:09:25:56 +0800] "GET /xingrg/all/function/internal_message.html?_=1592097955322&CODE_STATE=getMsg HTTP/1.1" 200 27
114.86.227.175 - - [14/Jun/2020:09:26:01 +0800] "GET /xingrg/kc/buy/cgsh_order_operate.html?command=get_materiel&rest_code=00109&code=00101008125&supplier_code=00100005&order_time=2020-06-14 HTTP/1.1" 200 413
117.185.32.26 - - [14/Jun/2020:09:26:01 +0800] "GET /xingrg/kc/buy/cgsh_order_operate.html?command=get_materiel&rest_code=00106&code=00102006671&supplier_code=00100079&order_time=2020-06-14 HTTP/1.1" 200 415
101.228.167.227 - - [14/Jun/2020:09:26:01 +0800] "GET /xingrg/all/function/internal_message.html?_=1592097962980&CODE_STATE=getMsg HTTP/1.1" 200 27
114.86.227.175 - - [14/Jun/2020:09:26:06 +0800] "GET /xingrg/kc/buy/cgsh_order_operate.html?command=get_materiel&rest_code=00109&code=00101008032&supplier_code=00100005&order_time=2020-06-14 HTTP/1.1" 200 408
172.17.0.100 - - [14/Jun/2020:09:26:09 +0800] "GET /xingrg/all/function/internal_message.html?_=1592097976184&CODE_STATE=getMsg HTTP/1.1" 200 27
114.86.227.175 - - [14/Jun/2020:09:26:10 +0800] "GET /xingrg/kc/buy/cgsh_order_operate.html?command=get_materiel&rest_code=00109&code=00101008265&supplier_code=00100005&order_time=2020-06-14 HTTP/1.1" 200 408
114.86.190.97 - - [14/Jun/2020:09:26:11 +0800] "GET /xingrg/all/function/internal_message.html?_=1592097971458&CODE_STATE=getMsg HTTP/1.1" 200 27
172.17.0.240 - - [14/Jun/2020:09:26:15 +0800] "GET /xingrg/all/function/internal_message.html?_=1592097974026&CODE_STATE=getMsg HTTP/1.1" 200 27
114.86.227.175 - - [14/Jun/2020:09:26:16 +0800] "GET /xingrg/kc/buy/cgsh_order_operate.html?command=get_materiel&rest_code=00109&code=00101008297&supplier_code=00100005&order_time=2020-06-14 HTTP/1.1" 200 412
61.172.5.115 - - [14/Jun/2020:09:26:16 +0800] "GET /xingrg/all/function/internal_message.html?_=1592097977637&CODE_STATE=getMsg HTTP/1.1" 200 27
114.86.227.175 - - [14/Jun/2020:09:26:17 +0800] "POST /xingrg/kc/buy/cgsh_order_operate.html HTTP/1.1" 200 2065
114.86.227.175 - - [14/Jun/2020:09:26:19 +0800] "GET /xingrg/all/function/internal_message.html?_=1592098000606&CODE_STATE=getMsg HTTP/1.1" 200 27
114.88.170.9 - - [14/Jun/2020:09:26:19 +0800] "GET /xingrg/all/function/internal_message.html?_=1592097973728&CODE_STATE=getMsg HTTP/1.1" 200 27
114.86.227.175 - - [14/Jun/2020:09:26:22 +0800] "GET /xingrg/kc/buy/cgsh_order_operate.html?command=get_materiel&rest_code=00109&code=00101008323&supplier_code=00100005&order_time=2020-06-14 HTTP/1.1" 200 408
180.162.232.172 - - [14/Jun/2020:09:26:23 +0800] "GET /xingrg/kc/buy/cgsh_order_operate.html?command=get_materiel&rest_code=00150&code=00101008323&supplier_code=00100007&order_time=2020-06-14 HTTP/1.1" 200 408
222.69.130.218 - - [14/Jun/2020:09:26:24 +0800] "GET /xingrg/all/function/internal_message.html?_=1592097984364&CODE_STATE=getMsg HTTP/1.1" 200 27
114.86.227.175 - - [14/Jun/2020:09:26:28 +0800] "GET /xingrg/kc/buy/cgsh_order_operate.html?command=get_materiel&rest_code=00109&code=00101008175&supplier_code=00100005&order_time=2020-06-14 HTTP/1.1" 200 412
183.192.164.97 - - [14/Jun/2020:09:26:31 +0800] "GET /xingrg/all/function/internal_message.html?_=1592097276520&CODE_STATE=getMsg HTTP/1.1" 302 -
120.253.135.82 - - [14/Jun/2020:09:26:33 +0800] "GET /xingrg/check_reg.html?_=1592097748922 HTTP/1.1" 200 22
114.86.227.175 - - [14/Jun/2020:09:26:33 +0800] "GET /xingrg/kc/buy/cgsh_order_operate.html?command=get_materiel&rest_code=00109&code=00101008155&supplier_code=00100005&order_time=2020-06-14 HTTP/1.1" 200 408
120.253.135.82 - - [14/Jun/2020:09:26:33 +0800] "GET /xingrg/all/function/internal_message.html?_=1592097749326&CODE_STATE=getMsg HTTP/1.1" 200 27
172.17.200.101 - - [14/Jun/2020:09:26:33 +0800] "GET /xingrg/check_reg.html?_=1592097993979 HTTP/1.1" 200 22
172.17.200.101 - - [14/Jun/2020:09:26:33 +0800] "GET /xingrg/all/function/internal_message.html?_=1592097993984&CODE_STATE=getMsg HTTP/1.1" 200 27
183.192.164.97 - - [14/Jun/2020:09:26:37 +0800] "GET /xingrg/login.html HTTP/1.1" 200 7641
117.185.32.26 - - [14/Jun/2020:09:26:41 +0800] "GET /xingrg/all/function/internal_message.html?_=1592097996310&CODE_STATE=getMsg HTTP/1.1" 200 27
114.86.227.175 - - [14/Jun/2020:09:26:44 +0800] "GET /xingrg/kc/buy/cgsh_order_operate.html?command=get_materiel&rest_code=00109&code=00101008350&supplier_code=00100005&order_time=2020-06-14 HTTP/1.1" 200 408
114.88.170.9 - - [14/Jun/2020:09:26:45 +0800] "GET /xingrg/all/function/internal_message.html?_=1592098012370&CODE_STATE=getMsg HTTP/1.1" 200 27
120.204.17.73 - - [14/Jun/2020:09:26:45 +0800] "GET /xingrg/all/function/internal_message.html?_=1592097216543&CODE_STATE=getMsg HTTP/1.1" 302 -
114.86.227.175 - - [14/Jun/2020:09:26:49 +0800] "GET /xingrg/kc/buy/cgsh_order_operate.html?command=get_materiel&rest_code=00109&code=00101008112&supplier_code=00100005&order_time=2020-06-14 HTTP/1.1" 200 412
101.228.167.227 - - [14/Jun/2020:09:26:49 +0800] "GET /xingrg/all/function/internal_message.html?_=1592098010427&CODE_STATE=getMsg HTTP/1.1" 200 27
120.204.17.73 - - [14/Jun/2020:09:26:50 +0800] "GET /xingrg/login.html HTTP/1.1" 200 7641
172.17.0.101 - - [14/Jun/2020:09:26:51 +0800] "GET /xingrg/check_reg.html?_=1592098008702 HTTP/1.1" 200 22
172.17.0.101 - - [14/Jun/2020:09:26:51 +0800] "GET /xingrg/all/function/internal_message.html?_=1592098008705&CODE_STATE=getMsg HTTP/1.1" 200 27
114.86.227.175 - - [14/Jun/2020:09:26:51 +0800] "POST /xingrg/kc/buy/cgsh_order_operate.html HTTP/1.1" 200 2065
114.84.32.201 - - [14/Jun/2020:09:26:54 +0800] "GET /xingrg/all/function/internal_message.html?_=1592098013983&CODE_STATE=getMsg HTTP/1.1" 200 27
114.86.227.175 - - [14/Jun/2020:09:26:54 +0800] "GET /xingrg/kc/buy/cgsh_order_operate.html?command=get_materiel&rest_code=00109&code=00101008096&supplier_code=00100005&order_time=2020-06-14 HTTP/1.1" 200 413
180.162.232.172 - - [14/Jun/2020:09:26:56 +0800] "GET /xingrg/all/function/internal_message.html?_=1592098015315&CODE_STATE=getMsg HTTP/1.1" 200 27
114.86.227.175 - - [14/Jun/2020:09:26:58 +0800] "GET /xingrg/kc/buy/cgsh_order_operate.html?command=get_materiel&rest_code=00109&code=00101008290&supplier_code=00100005&order_time=2020-06-14 HTTP/1.1" 200 416
180.162.232.172 - - [14/Jun/2020:09:26:59 +0800] "GET /xingrg/kc/buy/cgsh_order_operate.html?command=get_materiel&rest_code=00150&code=00101008176&supplier_code=00100007&order_time=2020-06-14 HTTP/1.1" 200 413
101.228.167.227 - - [14/Jun/2020:09:27:01 +0800] "GET /xingrg/all/function/internal_message.html?_=1592098022995&CODE_STATE=getMsg HTTP/1.1" 200 27
114.86.227.175 - - [14/Jun/2020:09:27:03 +0800] "GET /xingrg/kc/buy/cgsh_order_operate.html?command=get_materiel&rest_code=00109&code=00101008223&supplier_code=00100005&order_time=2020-06-14 HTTP/1.1" 200 412
180.162.232.172 - - [14/Jun/2020:09:27:05 +0800] "GET /xingrg/kc/buy/cgsh_order_operate.html?command=get_materiel&rest_code=00150&code=00101008261&supplier_code=00100007&order_time=2020-06-14 HTTP/1.1" 200 408
114.86.227.175 - - [14/Jun/2020:09:27:09 +0800] "GET /xingrg/kc/buy/cgsh_order_operate.html?command=get_materiel&rest_code=00109&code=00101008005&supplier_code=00100005&order_time=2020-06-14 HTTP/1.1" 200 412
172.17.0.100 - - [14/Jun/2020:09:27:09 +0800] "GET /xingrg/all/function/internal_message.html?_=1592098036185&CODE_STATE=getMsg HTTP/1.1" 200 27
180.162.232.172 - - [14/Jun/2020:09:27:11 +0800] "GET /xingrg/kc/buy/cgsh_order_operate.html?command=get_materiel&rest_code=00150&code=00101008027&supplier_code=00100007&order_time=2020-06-14 HTTP/1.1" 200 408
114.86.190.97 - - [14/Jun/2020:09:27:11 +0800] "GET /xingrg/all/function/internal_message.html?_=1592098031451&CODE_STATE=getMsg HTTP/1.1" 200 27
114.86.227.175 - - [14/Jun/2020:09:27:14 +0800] "GET /xingrg/kc/buy/cgsh_order_operate.html?command=get_materiel&rest_code=00109&code=00101008353&supplier_code=00100005&order_time=2020-06-14 HTTP/1.1" 200 408
172.17.0.240 - - [14/Jun/2020:09:27:15 +0800] "GET /xingrg/all/function/internal_message.html?_=1592098034013&CODE_STATE=getMsg HTTP/1.1" 200 27
114.86.227.175 - - [14/Jun/2020:09:27:15 +0800] "POST /xingrg/kc/buy/cgsh_order_operate.html HTTP/1.1" 200 2065
114.86.227.175 - - [14/Jun/2020:09:27:15 +0800] "GET /xingrg/all/function/internal_message.html?_=1592098060615&CODE_STATE=getMsg HTTP/1.1" 200 27
180.162.232.172 - - [14/Jun/2020:09:27:16 +0800] "GET /xingrg/kc/buy/cgsh_order_operate.html?command=get_materiel&rest_code=00150&code=00101008349&supplier_code=00100007&order_time=2020-06-14 HTTP/1.1" 200 412
61.172.5.115 - - [14/Jun/2020:09:27:16 +0800] "GET /xingrg/all/function/internal_message.html?_=1592098037622&CODE_STATE=getMsg HTTP/1.1" 200 27
114.86.227.175 - - [14/Jun/2020:09:27:19 +0800] "GET /xingrg/kc/buy/cgsh_order_operate.html?command=get_materiel&rest_code=00109&code=00101008010&supplier_code=00100005&order_time=2020-06-14 HTTP/1.1" 200 412
114.88.170.9 - - [14/Jun/2020:09:27:19 +0800] "GET /xingrg/all/function/internal_message.html?_=1592098033780&CODE_STATE=getMsg HTTP/1.1" 200 27
180.162.232.172 - - [14/Jun/2020:09:27:20 +0800] "GET /xingrg/login.html HTTP/1.1" 200 7641
180.162.232.172 - - [14/Jun/2020:09:27:21 +0800] "GET /favicon.ico HTTP/1.1" 404 -
114.86.227.175 - - [14/Jun/2020:09:27:24 +0800] "GET /xingrg/kc/buy/cgsh_order_operate.html?command=get_materiel&rest_code=00109&code=00101008236&supplier_code=00100005&order_time=2020-06-14 HTTP/1.1" 200 416
222.69.130.218 - - [14/Jun/2020:09:27:24 +0800] "GET /xingrg/all/function/internal_message.html?_=1592098044338&CODE_STATE=getMsg HTTP/1.1" 200 27
117.185.32.26 - - [14/Jun/2020:09:27:24 +0800] "GET /xingrg/check_reg.html?_=1592098039155 HTTP/1.1" 200 22
180.162.232.172 - - [14/Jun/2020:09:27:24 +0800] "GET /xingrg/kc/buy/cgsh_order_operate.html?command=get_materiel&rest_code=00150&code=00101008350&supplier_code=00100007&order_time=2020-06-14 HTTP/1.1" 200 408
180.162.232.172 - - [14/Jun/2020:09:27:25 +0800] "POST /xingrg/login.do HTTP/1.1" 302 -
180.162.232.172 - - [14/Jun/2020:09:27:25 +0800] "GET /xingrg/index.html?sysBaseUrl=http%3A%2F%2F180.169.147.146%3A18081%2Fxingrg%2F&costTime=39×tamp=1592098045928 HTTP/1.1" 200 17179
180.162.232.172 - - [14/Jun/2020:09:27:25 +0800] "GET /xingrg/css/form.css HTTP/1.1" 304 -
180.162.232.172 - - [14/Jun/2020:09:27:25 +0800] "GET /xingrg/javascript/jquery_easy_ui/themes/icon.css HTTP/1.1" 304 -
180.162.232.172 - - [14/Jun/2020:09:27:25 +0800] "GET /xingrg/javascript/jquery.form.js HTTP/1.1" 304 -
180.162.232.172 - - [14/Jun/2020:09:27:25 +0800] "GET /xingrg/javascript/jquery_easy_ui/easyui-lang-zh_CN.js HTTP/1.1" 304 -
180.162.232.172 - - [14/Jun/2020:09:27:25 +0800] "GET /xingrg/javascript/jquery.timers.js HTTP/1.1" 304 -
180.162.232.172 - - [14/Jun/2020:09:27:25 +0800] "GET /xingrg/javascript/jquery.utils.js HTTP/1.1" 304 -
180.162.232.172 - - [14/Jun/2020:09:27:25 +0800] "GET /xingrg/javascript/jquery_easy_ui/themes/default/easyui.css HTTP/1.1" 304 -
180.162.232.172 - - [14/Jun/2020:09:27:25 +0800] "GET /xingrg/javascript/jquery_easy_ui/jquery.easyui.min.js HTTP/1.1" 304 -
180.162.232.172 - - [14/Jun/2020:09:27:25 +0800] "GET /xingrg/javascript/jquery-1.4.2.min.js HTTP/1.1" 304 -
180.162.232.172 - - [14/Jun/2020:09:27:26 +0800] "POST /xingrg/all/common/load_tree.html?tree=area_rest_tree_json&manage=1 HTTP/1.1" 200 476
180.162.232.172 - - [14/Jun/2020:09:27:26 +0800] "GET /xingrg/all/function/internal_message.html?_=1592098179772&CODE_STATE=count HTTP/1.1" 200 11
180.162.232.172 - - [14/Jun/2020:09:27:26 +0800] "GET /xingrg/check_reg.html?_=1592098179773 HTTP/1.1" 200 22
180.162.232.172 - - [14/Jun/2020:09:27:26 +0800] "POST /xingrg/load_menu.html HTTP/1.1" 200 5138
180.162.232.172 - - [14/Jun/2020:09:27:26 +0800] "GET /favicon.ico HTTP/1.1" 404 -
117.185.32.26 - - [14/Jun/2020:09:27:27 +0800] "GET /xingrg/kc/buy/cgsh_order_operate.html?command=get_materiel&rest_code=00106&code=00102005689&supplier_code=00100079&order_time=2020-06-14 HTTP/1.1" 200 416
114.86.227.175 - - [14/Jun/2020:09:27:30 +0800] "GET /xingrg/kc/buy/cgsh_order_operate.html?command=get_materiel&rest_code=00109&code=00101008165&supplier_code=00100005&order_time=2020-06-14 HTTP/1.1" 200 416
120.253.135.82 - - [14/Jun/2020:09:27:33 +0800] "GET /xingrg/all/function/internal_message.html?_=1592097809339&CODE_STATE=getMsg HTTP/1.1" 200 27
172.17.200.101 - - [14/Jun/2020:09:27:33 +0800] "GET /xingrg/all/function/internal_message.html?_=1592098053969&CODE_STATE=getMsg HTTP/1.1" 200 27
114.86.227.175 - - [14/Jun/2020:09:27:39 +0800] "GET /xingrg/kc/buy/cgsh_order_operate.html?command=get_materiel&rest_code=00109&code=00101008168&supplier_code=00100005&order_time=2020-06-14 HTTP/1.1" 200 413
180.162.232.172 - - [14/Jun/2020:09:27:40 +0800] "GET /xingrg/css/base.css HTTP/1.1" 304 -
180.162.232.172 - - [14/Jun/2020:09:27:40 +0800] "GET /xingrg/javascript/auto/jquery.autocomplete.css HTTP/1.1" 304 -
180.162.232.172 - - [14/Jun/2020:09:27:40 +0800] "GET /xingrg/javascript/easyui/themes/default/easyui.css HTTP/1.1" 304 -
180.162.232.172 - - [14/Jun/2020:09:27:40 +0800] "GET /xingrg/css/site.css HTTP/1.1" 304 -
180.162.232.172 - - [14/Jun/2020:09:27:40 +0800] "GET /xingrg/javascript/jquery_tools/table.css HTTP/1.1" 304 -
180.162.232.172 - - [14/Jun/2020:09:27:40 +0800] "GET /xingrg/javascript/easyui/themes/icon.css HTTP/1.1" 304 -
180.162.232.172 - - [14/Jun/2020:09:27:40 +0800] "GET /xingrg/javascript/jquery_tools/jquery.tools.min.js HTTP/1.1" 304 -
180.162.232.172 - - [14/Jun/2020:09:27:40 +0800] "GET /xingrg/javascript/jquery_tools/fix.css HTTP/1.1" 304 -
180.162.232.172 - - [14/Jun/2020:09:27:40 +0800] "GET /xingrg/javascript/jquery_tools/jquery.tools.extend.js HTTP/1.1" 304 -
180.162.232.172 - - [14/Jun/2020:09:27:40 +0800] "GET /xingrg/javascript/jquery_tools/jquery.tools.table.js HTTP/1.1" 304 -
180.162.232.172 - - [14/Jun/2020:09:27:40 +0800] "GET /xingrg/javascript/jquery_tools/jquery.tools.hotkey.js HTTP/1.1" 304 -
180.162.232.172 - - [14/Jun/2020:09:27:40 +0800] "GET /xingrg/javascript/jquery_tools/datebox.css HTTP/1.1" 304 -
180.162.232.172 - - [14/Jun/2020:09:27:40 +0800] "GET /xingrg/javascript/auto/jquery.autocomplete.js HTTP/1.1" 304 -
180.162.232.172 - - [14/Jun/2020:09:27:40 +0800] "GET /xingrg/javascript/easyui/easyloader.js HTTP/1.1" 304 -
180.162.232.172 - - [14/Jun/2020:09:27:40 +0800] "GET /xingrg/javascript/jquery_tools/list_manager.js HTTP/1.1" 304 -
180.162.232.172 - - [14/Jun/2020:09:27:40 +0800] "GET /xingrg/javascript/jquery.cookie.js HTTP/1.1" 304 -
180.162.232.172 - - [14/Jun/2020:09:27:40 +0800] "GET /xingrg/javascript/print/LodopFuncs.js HTTP/1.1" 304 -
180.162.232.172 - - [14/Jun/2020:09:27:40 +0800] "GET /xingrg/kc/buy/cgsh_order_list.html HTTP/1.1" 200 43289
117.185.32.26 - - [14/Jun/2020:09:27:41 +0800] "GET /xingrg/all/function/internal_message.html?_=1592098056213&CODE_STATE=getMsg HTTP/1.1" 200 27
180.162.232.172 - - [14/Jun/2020:09:27:41 +0800] "GET /xingrg/javascript/easyui/plugins/jquery.parser.js HTTP/1.1" 304 -
180.162.232.172 - - [14/Jun/2020:09:27:42 +0800] "POST /xingrg/kc/buy/cgsh_list_operate.html HTTP/1.1" 200 876
180.162.232.172 - - [14/Jun/2020:09:27:42 +0800] "GET /xingrg/kc/buy/cgsh_order_operate.html?command=get_materiel&rest_code=00150&code=00101008244&supplier_code=00100007&order_time=2020-06-14 HTTP/1.1" 200 408
114.86.227.175 - - [14/Jun/2020:09:27:44 +0800] "GET /xingrg/kc/buy/cgsh_order_operate.html?command=get_materiel&rest_code=00109&code=00101008061&supplier_code=00100005&order_time=2020-06-14 HTTP/1.1" 200 422
114.88.170.9 - - [14/Jun/2020:09:27:45 +0800] "GET /xingrg/all/function/internal_message.html?_=1592098072370&CODE_STATE=getMsg HTTP/1.1" 200 27
180.162.232.172 - - [14/Jun/2020:09:27:45 +0800] "GET /xingrg/javascript/json2.js HTTP/1.1" 304 -
180.162.232.172 - - [14/Jun/2020:09:27:45 +0800] "GET /xingrg/javascript/pic_change.js HTTP/1.1" 304 -
180.162.232.172 - - [14/Jun/2020:09:27:45 +0800] "GET /xingrg/javascript/jquery_tools/order_manager.js HTTP/1.1" 304 -
180.162.232.172 - - [14/Jun/2020:09:27:45 +0800] "GET /xingrg/javascript/print/kc_print.js HTTP/1.1" 304 -
180.162.232.172 - - [14/Jun/2020:09:27:45 +0800] "GET /xingrg/javascript/convert.js HTTP/1.1" 304 -
180.162.232.172 - - [14/Jun/2020:09:27:45 +0800] "GET /xingrg/kc/buy/cgsh_order_add.html HTTP/1.1" 200 58957
180.162.232.172 - - [14/Jun/2020:09:27:45 +0800] "GET /xingrg/words/20200613222249_words.js HTTP/1.1" 200 741810
180.162.232.172 - - [14/Jun/2020:09:27:46 +0800] "POST /xingrg/kc/buy/cgsh_order_operate.html HTTP/1.1" 200 8245
180.162.232.172 - - [14/Jun/2020:09:27:46 +0800] "GET /xingrg/all/common/auto_word.html?type=employee&rest_code=00150 HTTP/1.1" 200 205
180.162.232.172 - - [14/Jun/2020:09:27:46 +0800] "GET /xingrg/all/common/auto_word.html?type=employee&rest_code=00150 HTTP/1.1" 200 205
180.162.232.172 - - [14/Jun/2020:09:27:46 +0800] "GET /xingrg/javascript/easyui/themes/default/validatebox.css HTTP/1.1" 404 1104
180.162.232.172 - - [14/Jun/2020:09:27:46 +0800] "GET /xingrg/javascript/easyui/plugins/jquery.validatebox.js HTTP/1.1" 304 -
180.162.232.172 - - [14/Jun/2020:09:27:46 +0800] "GET /xingrg/javascript/easyui/plugins/jquery.numberbox.js HTTP/1.1" 304 -
114.86.227.175 - - [14/Jun/2020:09:27:46 +0800] "POST /xingrg/kc/buy/cgsh_order_operate.html HTTP/1.1" 200 2065
180.162.232.172 - - [14/Jun/2020:09:27:47 +0800] "GET /xingrg/javascript/auto/indicator.gif HTTP/1.1" 404 1066
101.228.167.227 - - [14/Jun/2020:09:27:49 +0800] "GET /xingrg/all/function/internal_message.html?_=1592098070615&CODE_STATE=getMsg HTTP/1.1" 200 27
114.86.227.175 - - [14/Jun/2020:09:27:49 +0800] "GET /xingrg/kc/buy/cgsh_order_operate.html?command=get_materiel&rest_code=00109&code=00101009030&supplier_code=00100005&order_time=2020-06-14 HTTP/1.1" 200 412
114.88.170.9 - - [14/Jun/2020:09:27:50 +0800] "GET /xingrg/kc/buy/cgsh_order_add.html HTTP/1.1" 200 59021
114.88.170.9 - - [14/Jun/2020:09:27:50 +0800] "GET /xingrg/all/common/auto_word.html?type=employee&rest_code=00111 HTTP/1.1" 200 205
114.88.170.9 - - [14/Jun/2020:09:27:50 +0800] "GET /xingrg/all/common/auto_word.html?type=employee&rest_code=00111 HTTP/1.1" 200 205
114.88.170.9 - - [14/Jun/2020:09:27:50 +0800] "GET /xingrg/javascript/easyui/themes/default/validatebox.css HTTP/1.1" 404 1104
114.88.170.9 - - [14/Jun/2020:09:27:50 +0800] "POST /xingrg/kc/buy/cgsh_order_operate.html HTTP/1.1" 200 8245
172.17.0.101 - - [14/Jun/2020:09:27:51 +0800] "GET /xingrg/all/function/internal_message.html?_=1592098068705&CODE_STATE=getMsg HTTP/1.1" 200 27
180.162.232.172 - - [14/Jun/2020:09:27:51 +0800] "GET /xingrg/kc/buy/cgsh_order_operate.html?command=get_materiel&rest_code=00150&code=00101008185&supplier_code=00100007&order_time=2020-06-14 HTTP/1.1" 200 408
114.84.32.201 - - [14/Jun/2020:09:27:54 +0800] "GET /xingrg/all/function/internal_message.html?_=1592098073984&CODE_STATE=getMsg HTTP/1.1" 200 27
180.162.232.172 - - [14/Jun/2020:09:27:56 +0800] "GET /xingrg/all/function/internal_message.html?_=1592098075351&CODE_STATE=getMsg HTTP/1.1" 200 27
114.86.227.175 - - [14/Jun/2020:09:27:56 +0800] "GET /xingrg/kc/buy/cgsh_order_operate.html?command=get_materiel&rest_code=00109&code=00101008137&supplier_code=00100005&order_time=2020-06-14 HTTP/1.1" 200 408
180.162.232.172 - - [14/Jun/2020:09:27:58 +0800] "GET /xingrg/kc/buy/cgsh_order_operate.html?command=get_materiel&rest_code=00150&code=00101008354&supplier_code=00100007&order_time=2020-06-14 HTTP/1.1" 200 412
114.88.170.9 - - [14/Jun/2020:09:28:01 +0800] "GET /xingrg/kc/buy/cgsh_order_operate.html?command=get_materiel&rest_code=00111&code=00101008358&supplier_code=00100005&order_time=2020-06-14 HTTP/1.1" 200 412
101.228.167.227 - - [14/Jun/2020:09:28:01 +0800] "GET /xingrg/all/function/internal_message.html?_=1592098083110&CODE_STATE=getMsg HTTP/1.1" 200 27
120.253.135.82 - - [14/Jun/2020:09:28:02 +0800] "GET /xingrg/kc/pszx/mdth_order_list.html HTTP/1.1" 200 18391
120.253.135.82 - - [14/Jun/2020:09:28:03 +0800] "POST /xingrg/kc/pszx/mdth_order_new_list.html HTTP/1.1" 200 4636
180.162.232.172 - - [14/Jun/2020:09:28:04 +0800] "GET /xingrg/kc/buy/cgsh_order_operate.html?command=get_materiel&rest_code=00150&code=00101008096&supplier_code=00100007&order_time=2020-06-14 HTTP/1.1" 200 413
114.88.170.9 - - [14/Jun/2020:09:28:08 +0800] "GET /xingrg/kc/buy/cgsh_order_operate.html?command=get_materiel&rest_code=00111&code=00101008126&supplier_code=00100005&order_time=2020-06-14 HTTP/1.1" 200 412
172.17.0.100 - - [14/Jun/2020:09:28:09 +0800] "GET /xingrg/check_reg.html?_=1592098096186 HTTP/1.1" 200 22
172.17.0.100 - - [14/Jun/2020:09:28:09 +0800] "GET /xingrg/all/function/internal_message.html?_=1592098096206&CODE_STATE=getMsg HTTP/1.1" 200 27
180.162.232.172 - - [14/Jun/2020:09:28:10 +0800] "GET /xingrg/kc/buy/cgsh_order_operate.html?command=get_materiel&rest_code=00150&code=00101008038&supplier_code=00100007&order_time=2020-06-14 HTTP/1.1" 200 412
114.86.190.97 - - [14/Jun/2020:09:28:11 +0800] "GET /xingrg/all/function/internal_message.html?_=1592098091448&CODE_STATE=getMsg HTTP/1.1" 200 27
114.86.227.175 - - [14/Jun/2020:09:28:12 +0800] "GET /xingrg/all/function/internal_message.html?_=1592098120604&CODE_STATE=getMsg HTTP/1.1" 200 27
172.17.0.185 - - [14/Jun/2020:09:28:14 +0800] "GET /xingrg/check_reg.html?_=1592098092342 HTTP/1.1" 200 22
180.162.232.172 - - [14/Jun/2020:09:28:14 +0800] "GET /xingrg/kc/buy/cgsh_order_operate.html?command=get_materiel&rest_code=00150&code=00101006124&supplier_code=00100012&order_time=2020-06-14 HTTP/1.1" 200 409
172.17.0.240 - - [14/Jun/2020:09:28:15 +0800] "GET /xingrg/all/function/internal_message.html?_=1592098094018&CODE_STATE=getMsg HTTP/1.1" 200 27
61.172.5.115 - - [14/Jun/2020:09:28:16 +0800] "GET /xingrg/all/function/internal_message.html?_=1592098097606&CODE_STATE=getMsg HTTP/1.1" 200 27
180.162.232.172 - - [14/Jun/2020:09:28:18 +0800] "GET /xingrg/kc/buy/cgsh_order_operate.html?command=get_materiel&rest_code=00150&code=00101008358&supplier_code=00100007&order_time=2020-06-14 HTTP/1.1" 200 412
114.88.170.9 - - [14/Jun/2020:09:28:19 +0800] "GET /xingrg/all/function/internal_message.html?_=1592098093787&CODE_STATE=getMsg HTTP/1.1" 200 27
120.204.17.71 - - [14/Jun/2020:09:28:20 +0800] "GET /xingrg/kc/buy/cgsh_order_operate.html?command=get_materiel&rest_code=00106&code=00102006688&supplier_code=00100079&order_time=2020-06-14 HTTP/1.1" 302 -
180.162.232.172 - - [14/Jun/2020:09:28:23 +0800] "GET /xingrg/kc/buy/cgsh_order_operate.html?command=get_materiel&rest_code=00150&code=00101008088&supplier_code=00100007&order_time=2020-06-14 HTTP/1.1" 200 408
180.162.232.172 - - [14/Jun/2020:09:28:23 +0800] "GET /xingrg/kc/buy/cgsh_order_operate.html?command=get_materiel&rest_code=00150&code=00101006184&supplier_code=00100012&order_time=2020-06-14 HTTP/1.1" 200 408
222.69.130.218 - - [14/Jun/2020:09:28:24 +0800] "GET /xingrg/all/function/internal_message.html?_=1592098104326&CODE_STATE=getMsg HTTP/1.1" 200 27
120.204.17.71 - - [14/Jun/2020:09:28:25 +0800] "GET /xingrg/login.html HTTP/1.1" 200 7641
180.162.232.172 - - [14/Jun/2020:09:28:26 +0800] "GET /xingrg/all/function/internal_message.html?_=1592098239782&CODE_STATE=getMsg HTTP/1.1" 200 27
180.162.232.172 - - [14/Jun/2020:09:28:27 +0800] "GET /xingrg/kc/buy/cgsh_order_operate.html?command=get_materiel&rest_code=00150&code=00101008163&supplier_code=00100007&order_time=2020-06-14 HTTP/1.1" 200 408
114.86.227.175 - - [14/Jun/2020:09:28:29 +0800] "GET /xingrg/kc/buy/cgsh_order_operate.html?command=get_materiel&rest_code=00109&code=00101008362&supplier_code=00100005&order_time=2020-06-14 HTTP/1.1" 200 408
180.162.232.172 - - [14/Jun/2020:09:28:33 +0800] "GET /xingrg/kc/buy/cgsh_order_operate.html?command=get_materiel&rest_code=00150&code=00101008087&supplier_code=00100007&order_time=2020-06-14 HTTP/1.1" 200 412
172.17.200.101 - - [14/Jun/2020:09:28:33 +0800] "GET /xingrg/all/function/internal_message.html?_=1592098113969&CODE_STATE=getMsg HTTP/1.1" 200 27
114.86.227.175 - - [14/Jun/2020:09:28:34 +0800] "GET /xingrg/kc/buy/cgsh_order_operate.html?command=get_materiel&rest_code=00109&code=00101008049&supplier_code=00100005&order_time=2020-06-14 HTTP/1.1" 200 408
183.192.164.85 - - [14/Jun/2020:09:28:34 +0800] "GET /xingrg/all/function/internal_message.html?_=1592097396466&CODE_STATE=getMsg HTTP/1.1" 302 -
180.162.232.172 - - [14/Jun/2020:09:28:39 +0800] "GET /xingrg/kc/buy/cgsh_order_operate.html?command=get_materiel&rest_code=00150&code=00101008361&supplier_code=00100007&order_time=2020-06-14 HTTP/1.1" 200 408
114.86.227.175 - - [14/Jun/2020:09:28:40 +0800] "GET /xingrg/kc/buy/cgsh_order_operate.html?command=get_materiel&rest_code=00109&code=00101008361&supplier_code=00100005&order_time=2020-06-14 HTTP/1.1" 200 408
183.192.164.85 - - [14/Jun/2020:09:28:40 +0800] "GET /xingrg/login.html HTTP/1.1" 200 7641
117.185.32.26 - - [14/Jun/2020:09:28:41 +0800] "GET /xingrg/all/function/internal_message.html?_=1592098116184&CODE_STATE=getMsg HTTP/1.1" 200 27
114.86.227.175 - - [14/Jun/2020:09:28:41 +0800] "POST /xingrg/kc/buy/cgsh_order_operate.html HTTP/1.1" 200 2065
114.86.227.175 - - [14/Jun/2020:09:28:44 +0800] "GET /xingrg/kc/buy/cgsh_order_operate.html?command=get_materiel&rest_code=00109&code=00101008300&supplier_code=00100005&order_time=2020-06-14 HTTP/1.1" 200 412
114.88.170.9 - - [14/Jun/2020:09:28:45 +0800] "GET /xingrg/all/function/internal_message.html?_=1592098132370&CODE_STATE=getMsg HTTP/1.1" 200 27
180.162.232.172 - - [14/Jun/2020:09:28:48 +0800] "GET /xingrg/kc/buy/cgsh_order_operate.html?command=get_materiel&rest_code=00150&code=00101008004&supplier_code=00100007&order_time=2020-06-14 HTTP/1.1" 200 416
101.228.167.227 - - [14/Jun/2020:09:28:49 +0800] "GET /xingrg/all/function/internal_message.html?_=1592098130634&CODE_STATE=getMsg HTTP/1.1" 200 27
180.162.232.172 - - [14/Jun/2020:09:28:50 +0800] "GET /xingrg/kc/buy/cgsh_order_operate.html?command=get_materiel&rest_code=00150&code=00101006055&supplier_code=00100012&order_time=2020-06-14 HTTP/1.1" 200 409
172.17.0.101 - - [14/Jun/2020:09:28:51 +0800] "GET /xingrg/all/function/internal_message.html?_=1592098128705&CODE_STATE=getMsg HTTP/1.1" 200 27
114.86.227.175 - - [14/Jun/2020:09:28:51 +0800] "GET /xingrg/kc/buy/cgsh_order_operate.html?command=get_materiel&rest_code=00109&code=00101008350&supplier_code=00100005&order_time=2020-06-14 HTTP/1.1" 200 408
114.84.32.201 - - [14/Jun/2020:09:28:54 +0800] "GET /xingrg/all/function/internal_message.html?_=1592098133984&CODE_STATE=getMsg HTTP/1.1" 200 27
180.162.232.172 - - [14/Jun/2020:09:28:56 +0800] "GET /xingrg/all/function/internal_message.html?_=1592098135338&CODE_STATE=getMsg HTTP/1.1" 200 27
180.162.232.172 - - [14/Jun/2020:09:28:58 +0800] "GET /xingrg/kc/buy/cgsh_order_operate.html?command=get_materiel&rest_code=00150&code=00101008355&supplier_code=00100007&order_time=2020-06-14 HTTP/1.1" 200 408
114.86.227.175 - - [14/Jun/2020:09:28:59 +0800] "GET /xingrg/kc/buy/cgsh_order_operate.html?command=get_materiel&rest_code=00109&code=00101008355&supplier_code=00100005&order_time=2020-06-14 HTTP/1.1" 200 408
101.228.167.227 - - [14/Jun/2020:09:29:01 +0800] "GET /xingrg/all/function/internal_message.html?_=1592098143115&CODE_STATE=getMsg HTTP/1.1" 200 27
114.86.227.175 - - [14/Jun/2020:09:29:04 +0800] "GET /xingrg/kc/buy/cgsh_order_operate.html?command=get_materiel&rest_code=00109&code=00101008357&supplier_code=00100005&order_time=2020-06-14 HTTP/1.1" 200 408
114.86.227.175 - - [14/Jun/2020:09:29:08 +0800] "GET /xingrg/check_reg.html?_=1592098180591 HTTP/1.1" 200 22
114.86.227.175 - - [14/Jun/2020:09:29:08 +0800] "GET /xingrg/all/function/internal_message.html?_=1592098180591&CODE_STATE=getMsg HTTP/1.1" 200 27
120.253.135.82 - - [14/Jun/2020:09:29:09 +0800] "GET /xingrg/check_reg.html?_=1592098272231 HTTP/1.1" 200 22
114.86.227.175 - - [14/Jun/2020:09:29:09 +0800] "GET /xingrg/kc/buy/cgsh_order_operate.html?command=get_materiel&rest_code=00109&code=00101008356&supplier_code=00100005&order_time=2020-06-14 HTTP/1.1" 200 408
172.17.0.100 - - [14/Jun/2020:09:29:09 +0800] "GET /xingrg/all/function/internal_message.html?_=1592098156177&CODE_STATE=getMsg HTTP/1.1" 200 27
114.86.227.175 - - [14/Jun/2020:09:29:10 +0800] "POST /xingrg/kc/buy/cgsh_order_operate.html HTTP/1.1" 200 2065
114.86.190.97 - - [14/Jun/2020:09:29:11 +0800] "GET /xingrg/all/function/internal_message.html?_=1592098151446&CODE_STATE=getMsg HTTP/1.1" 200 27
180.162.232.172 - - [14/Jun/2020:09:29:12 +0800] "GET /xingrg/kc/buy/cgsh_order_operate.html?command=get_materiel&rest_code=00150&code=00101008264&supplier_code=00100007&order_time=2020-06-14 HTTP/1.1" 200 412
114.86.227.175 - - [14/Jun/2020:09:29:14 +0800] "GET /xingrg/kc/buy/cgsh_order_operate.html?command=get_materiel&rest_code=00109&code=00101008323&supplier_code=00100005&order_time=2020-06-14 HTTP/1.1" 200 408
172.17.0.240 - - [14/Jun/2020:09:29:15 +0800] "GET /xingrg/all/function/internal_message.html?_=1592098154022&CODE_STATE=getMsg HTTP/1.1" 200 27
61.172.5.115 - - [14/Jun/2020:09:29:16 +0800] "GET /xingrg/all/function/internal_message.html?_=1592098157592&CODE_STATE=getMsg HTTP/1.1" 200 27
180.162.232.172 - - [14/Jun/2020:09:29:18 +0800] "GET /xingrg/kc/buy/cgsh_order_operate.html?command=get_materiel&rest_code=00150&code=00101008356&supplier_code=00100007&order_time=2020-06-14 HTTP/1.1" 200 408
114.88.170.9 - - [14/Jun/2020:09:29:20 +0800] "GET /xingrg/all/function/internal_message.html?_=1592098153833&CODE_STATE=getMsg HTTP/1.1" 200 27
180.162.232.172 - - [14/Jun/2020:09:29:20 +0800] "POST /xingrg/kc/buy/cgsh_order_operate.html HTTP/1.1" 200 2065
172.17.200.101 - - [14/Jun/2020:09:29:22 +0800] "POST /xingrg/dwr/call/plaincall/AjaxReportQueryService.refreshCache.dwr HTTP/1.1" 200 78
172.17.200.101 - - [14/Jun/2020:09:29:24 +0800] "POST /xingrg/all/report/load_report_page.html HTTP/1.1" 200 248543
172.17.200.101 - - [14/Jun/2020:09:29:24 +0800] "GET /xingrg/servlets/image?cache=0.8065109370217016&image=px HTTP/1.1" 200 807
222.69.130.218 - - [14/Jun/2020:09:29:24 +0800] "GET /xingrg/all/function/internal_message.html?_=1592098164311&CODE_STATE=getMsg HTTP/1.1" 200 27
58.40.7.146 - - [14/Jun/2020:09:29:25 +0800] "GET /xingrg/check_reg.html?_=1592098164890 HTTP/1.1" 200 22
180.162.232.172 - - [14/Jun/2020:09:29:26 +0800] "GET /xingrg/all/function/internal_message.html?_=1592098299794&CODE_STATE=getMsg HTTP/1.1" 200 27
180.162.232.172 - - [14/Jun/2020:09:29:26 +0800] "GET /xingrg/kc/buy/cgsh_order_operate.html?command=get_materiel&rest_code=00150&code=00101008118&supplier_code=00100007&order_time=2020-06-14 HTTP/1.1" 200 418
172.17.200.101 - - [14/Jun/2020:09:29:27 +0800] "POST /xingrg/all/report/report_print.html HTTP/1.1" 200 25124
114.86.227.175 - - [14/Jun/2020:09:29:32 +0800] "POST /xingrg/kc/buy/cgsh_order_operate.html HTTP/1.1" 200 37
180.162.232.172 - - [14/Jun/2020:09:29:33 +0800] "GET /xingrg/kc/buy/cgsh_order_operate.html?command=get_materiel&rest_code=00150&code=00101006229&supplier_code=00100012&order_time=2020-06-14 HTTP/1.1" 200 412
172.17.200.101 - - [14/Jun/2020:09:29:33 +0800] "GET /xingrg/all/function/internal_message.html?_=1592098173986&CODE_STATE=getMsg HTTP/1.1" 200 27
183.192.164.85 - - [14/Jun/2020:09:29:33 +0800] "GET /xingrg/all/function/internal_message.html?_=1592097456446&CODE_STATE=getMsg HTTP/1.1" 302 -
114.86.227.175 - - [14/Jun/2020:09:29:34 +0800] "POST /xingrg/kc/buy/cgsh_order_operate.html HTTP/1.1" 200 49395
180.162.232.172 - - [14/Jun/2020:09:29:34 +0800] "GET /xingrg/kc/buy/cgsh_order_operate.html?command=get_materiel&rest_code=00150&code=00101008137&supplier_code=00100007&order_time=2020-06-14 HTTP/1.1" 200 408
116.233.79.27 - - [14/Jun/2020:09:29:36 +0800] "GET /xingrg/check_reg.html?_=1592098176315 HTTP/1.1" 302 -
114.86.227.175 - - [14/Jun/2020:09:29:36 +0800] "GET /xingrg/kc/print/load_config.html?kc_code=cgsh HTTP/1.1" 200 1845
114.86.227.175 - - [14/Jun/2020:09:29:36 +0800] "GET /xingrg/kc/print/load_data.html?order_code=212020061405363&kc_code=cgsh&condition= HTTP/1.1" 200 18372
117.185.32.26 - - [14/Jun/2020:09:29:37 +0800] "GET /xingrg/kc/buy/cgsh_order_operate.html?command=get_materiel&rest_code=00106&code=00102005835&supplier_code=00100079&order_time=2020-06-14 HTTP/1.1" 200 412
61.172.5.115 - - [14/Jun/2020:09:29:37 +0800] "POST /xingrg/services/DataTransmitService HTTP/1.1" 200 524
61.172.5.115 - - [14/Jun/2020:09:29:38 +0800] "POST /xingrg/services/DataTransmitService HTTP/1.1" 200 501
183.192.164.85 - - [14/Jun/2020:09:29:40 +0800] "GET /xingrg/login.html HTTP/1.1" 200 7641
180.162.232.172 - - [14/Jun/2020:09:29:40 +0800] "GET /xingrg/kc/buy/cgsh_order_operate.html?command=get_materiel&rest_code=00150&code=00101008360&supplier_code=00100007&order_time=2020-06-14 HTTP/1.1" 200 412
117.185.32.26 - - [14/Jun/2020:09:29:41 +0800] "GET /xingrg/all/function/internal_message.html?_=1592098176159&CODE_STATE=getMsg HTTP/1.1" 200 27
180.162.232.172 - - [14/Jun/2020:09:29:41 +0800] "GET /xingrg/kc/buy/cgsh_order_operate.html?command=get_materiel&rest_code=00150&code=00101006133&supplier_code=00100012&order_time=2020-06-14 HTTP/1.1" 200 413
114.88.170.9 - - [14/Jun/2020:09:29:45 +0800] "GET /xingrg/all/function/internal_message.html?_=1592098192378&CODE_STATE=getMsg HTTP/1.1" 200 27
180.162.232.172 - - [14/Jun/2020:09:29:47 +0800] "GET /xingrg/kc/buy/cgsh_order_operate.html?command=get_materiel&rest_code=00150&code=00101008357&supplier_code=00100007&order_time=2020-06-14 HTTP/1.1" 200 408
101.228.167.227 - - [14/Jun/2020:09:29:48 +0800] "GET /xingrg/check_reg.html?_=1592098189233 HTTP/1.1" 200 22
114.88.170.9 - - [14/Jun/2020:09:29:49 +0800] "GET /xingrg/check_reg.html?_=1592098183427 HTTP/1.1" 200 22
101.228.167.227 - - [14/Jun/2020:09:29:50 +0800] "GET /xingrg/all/function/internal_message.html?_=1592098190826&CODE_STATE=getMsg HTTP/1.1" 200 27
172.17.0.101 - - [14/Jun/2020:09:29:51 +0800] "GET /xingrg/all/function/internal_message.html?_=1592098188733&CODE_STATE=getMsg HTTP/1.1" 200 27
180.162.232.172 - - [14/Jun/2020:09:29:51 +0800] "POST /xingrg/kc/buy/cgsh_order_operate.html HTTP/1.1" 200 37
180.162.232.172 - - [14/Jun/2020:09:29:52 +0800] "GET /xingrg/kc/buy/cgsh_order_operate.html?command=get_materiel&rest_code=00150&code=00101008069&supplier_code=00100007&order_time=2020-06-14 HTTP/1.1" 200 412
180.162.232.172 - - [14/Jun/2020:09:29:53 +0800] "POST /xingrg/kc/buy/cgsh_order_operate.html HTTP/1.1" 200 5028
114.84.32.201 - - [14/Jun/2020:09:29:54 +0800] "GET /xingrg/all/function/internal_message.html?_=1592098193983&CODE_STATE=getMsg HTTP/1.1" 200 27
180.162.232.172 - - [14/Jun/2020:09:29:54 +0800] "POST /xingrg/kc/buy/cgsh_order_operate.html HTTP/1.1" 200 2065
117.185.32.26 - - [14/Jun/2020:09:29:56 +0800] "GET /xingrg/kc/buy/cgsh_order_operate.html?command=get_materiel&rest_code=00106&code=00102006672&supplier_code=00100079&order_time=2020-06-14 HTTP/1.1" 200 403
180.162.232.172 - - [14/Jun/2020:09:29:56 +0800] "GET /xingrg/check_reg.html?_=1592098195399 HTTP/1.1" 200 22
180.162.232.172 - - [14/Jun/2020:09:29:56 +0800] "GET /xingrg/all/function/internal_message.html?_=1592098195401&CODE_STATE=getMsg HTTP/1.1" 200 27
180.162.232.172 - - [14/Jun/2020:09:29:59 +0800] "GET /xingrg/kc/buy/cgsh_order_operate.html?command=get_materiel&rest_code=00150&code=00101008286&supplier_code=00100007&order_time=2020-06-14 HTTP/1.1" 200 408
101.228.167.227 - - [14/Jun/2020:09:30:02 +0800] "GET /xingrg/all/function/internal_message.html?_=1592098203222&CODE_STATE=getMsg HTTP/1.1" 200 27
180.162.232.172 - - [14/Jun/2020:09:30:06 +0800] "GET /xingrg/kc/buy/cgsh_order_operate.html?command=get_materiel&rest_code=00150&code=00101008036&supplier_code=00100007&order_time=2020-06-14 HTTP/1.1" 200 408
114.86.227.175 - - [14/Jun/2020:09:30:09 +0800] "GET /xingrg/all/function/internal_message.html?_=1592098243156&CODE_STATE=getMsg HTTP/1.1" 200 27
172.17.0.100 - - [14/Jun/2020:09:30:09 +0800] "GET /xingrg/all/function/internal_message.html?_=1592098216179&CODE_STATE=getMsg HTTP/1.1" 200 27
114.86.190.97 - - [14/Jun/2020:09:30:11 +0800] "GET /xingrg/all/function/internal_message.html?_=1592098211425&CODE_STATE=getMsg HTTP/1.1" 200 27
172.17.0.240 - - [14/Jun/2020:09:30:15 +0800] "GET /xingrg/all/function/internal_message.html?_=1592098214025&CODE_STATE=getMsg HTTP/1.1" 200 27
172.17.0.240 - - [14/Jun/2020:09:30:15 +0800] "GET /xingrg/check_reg.html?_=1592098214026 HTTP/1.1" 200 22
61.172.5.115 - - [14/Jun/2020:09:30:16 +0800] "GET /xingrg/all/function/internal_message.html?_=1592098217576&CODE_STATE=getMsg HTTP/1.1" 200 27
61.172.5.115 - - [14/Jun/2020:09:30:17 +0800] "GET /xingrg/check_reg.html?_=1592098217984 HTTP/1.1" 200 22
114.86.227.175 - - [14/Jun/2020:09:30:17 +0800] "GET /xingrg/kc/buy/cgsh_order_add.html HTTP/1.1" 200 59062
114.86.227.175 - - [14/Jun/2020:09:30:18 +0800] "POST /xingrg/kc/buy/cgsh_order_operate.html HTTP/1.1" 200 8245
114.86.227.175 - - [14/Jun/2020:09:30:18 +0800] "GET /xingrg/all/common/auto_word.html?type=employee&rest_code=00109 HTTP/1.1" 200 255
114.86.227.175 - - [14/Jun/2020:09:30:18 +0800] "GET /xingrg/all/common/auto_word.html?type=employee&rest_code=00109 HTTP/1.1" 200 255
114.86.227.175 - - [14/Jun/2020:09:30:18 +0800] "GET /xingrg/javascript/easyui/themes/default/validatebox.css HTTP/1.1" 404 1104
114.88.170.9 - - [14/Jun/2020:09:30:20 +0800] "GET /xingrg/all/function/internal_message.html?_=1592098213846&CODE_STATE=getMsg HTTP/1.1" 200 27
114.86.227.175 - - [14/Jun/2020:09:30:20 +0800] "GET /xingrg/javascript/jquery_tools/images/prev.gif HTTP/1.1" 404 1086
114.86.227.175 - - [14/Jun/2020:09:30:20 +0800] "GET /xingrg/javascript/jquery_tools/images/next.gif HTTP/1.1" 404 1086
117.185.32.26 - - [14/Jun/2020:09:30:22 +0800] "GET /xingrg/kc/buy/cgsh_order_operate.html?command=get_materiel&rest_code=00106&code=00102006673&supplier_code=00100079&order_time=2020-06-14 HTTP/1.1" 200 399
180.162.232.172 - - [14/Jun/2020:09:30:22 +0800] "GET /xingrg/kc/buy/cgsh_order_operate.html?command=get_materiel&rest_code=00150&code=00101008131&supplier_code=00100007&order_time=2020-06-14 HTTP/1.1" 200 408
222.69.130.218 - - [14/Jun/2020:09:30:24 +0800] "GET /xingrg/all/function/internal_message.html?_=1592098224302&CODE_STATE=getMsg HTTP/1.1" 200 27
222.69.130.218 - - [14/Jun/2020:09:30:24 +0800] "GET /xingrg/check_reg.html?_=1592098224419 HTTP/1.1" 200 22
180.162.232.172 - - [14/Jun/2020:09:30:26 +0800] "GET /xingrg/all/function/internal_message.html?_=1592098359807&CODE_STATE=getMsg HTTP/1.1" 200 27
114.86.227.175 - - [14/Jun/2020:09:30:27 +0800] "GET /xingrg/kc/buy/cgsh_order_operate.html?command=get_materiel&rest_code=00109&code=00101006006&supplier_code=00100015&order_time=2020-06-14 HTTP/1.1" 200 409
180.162.232.172 - - [14/Jun/2020:09:30:29 +0800] "GET /xingrg/kc/buy/cgsh_order_operate.html?command=get_materiel&rest_code=00150&code=00101008296&supplier_code=00100007&order_time=2020-06-14 HTTP/1.1" 200 416
101.228.167.227 - - [14/Jun/2020:09:30:31 +0800] "GET /xingrg/check_reg.html?_=1592098232381 HTTP/1.1" 200 22
180.162.232.172 - - [14/Jun/2020:09:30:32 +0800] "POST /xingrg/kc/buy/cgsh_order_operate.html HTTP/1.1" 200 2065
114.86.227.175 - - [14/Jun/2020:09:30:32 +0800] "GET /xingrg/kc/buy/cgsh_order_operate.html?command=get_materiel&rest_code=00109&code=00101006144&supplier_code=00100015&order_time=2020-06-14 HTTP/1.1" 200 409
172.17.200.101 - - [14/Jun/2020:09:30:33 +0800] "GET /xingrg/all/function/internal_message.html?_=1592098233976&CODE_STATE=getMsg HTTP/1.1" 200 27
180.162.232.172 - - [14/Jun/2020:09:30:38 +0800] "GET /xingrg/kc/buy/cgsh_order_operate.html?command=get_materiel&rest_code=00150&code=00101008169&supplier_code=00100007&order_time=2020-06-14 HTTP/1.1" 200 412
114.86.190.97 - - [14/Jun/2020:09:30:38 +0800] "GET /xingrg/check_reg.html?_=1592098238190 HTTP/1.1" 200 22
114.86.227.175 - - [14/Jun/2020:09:30:40 +0800] "GET /xingrg/kc/buy/cgsh_order_operate.html?command=get_materiel&rest_code=00109&code=00101006130&supplier_code=00100015&order_time=2020-06-14 HTTP/1.1" 200 427
117.185.32.26 - - [14/Jun/2020:09:30:41 +0800] "GET /xingrg/all/function/internal_message.html?_=1592098236134&CODE_STATE=getMsg HTTP/1.1" 200 27
120.204.17.71 - - [14/Jun/2020:09:30:43 +0800] "GET /xingrg/all/function/internal_message.html?_=1592097516462&CODE_STATE=getMsg HTTP/1.1" 302 -
114.88.170.9 - - [14/Jun/2020:09:30:45 +0800] "GET /xingrg/all/function/internal_message.html?_=1592098252371&CODE_STATE=getMsg HTTP/1.1" 200 27
114.88.170.9 - - [14/Jun/2020:09:30:45 +0800] "GET /xingrg/check_reg.html?_=1592098252369 HTTP/1.1" 200 22
