180.175.214.200 - - [14/Jun/2020:09:57:13 +0800] "GET /xingrg/kc/buy/cgsh_order_operate.html?command=get_materiel&rest_code=00102&code=00101008318&supplier_code=00100008&order_time=2020-06-14 HTTP/1.1" 200 408
172.17.0.240 - - [14/Jun/2020:09:57:15 +0800] "GET /xingrg/all/function/internal_message.html?_=1592099834021&CODE_STATE=getMsg HTTP/1.1" 200 27
180.175.214.200 - - [14/Jun/2020:09:57:19 +0800] "GET /xingrg/kc/buy/cgsh_order_operate.html?command=get_materiel&rest_code=00102&code=00101008098&supplier_code=00100008&order_time=2020-06-14 HTTP/1.1" 200 412
114.88.170.9 - - [14/Jun/2020:09:57:20 +0800] "GET /xingrg/all/function/internal_message.html?_=1592099834562&CODE_STATE=getMsg HTTP/1.1" 200 27
180.162.232.172 - - [14/Jun/2020:09:57:22 +0800] "GET /xingrg/kc/buy/cgsh_order_add.html HTTP/1.1" 200 58675
180.162.232.172 - - [14/Jun/2020:09:57:23 +0800] "POST /xingrg/kc/buy/cgsh_order_operate.html HTTP/1.1" 200 8245
180.162.232.172 - - [14/Jun/2020:09:57:23 +0800] "GET /xingrg/javascript/easyui/themes/default/validatebox.css HTTP/1.1" 404 1104
180.175.214.200 - - [14/Jun/2020:09:57:24 +0800] "GET /xingrg/kc/buy/cgsh_order_operate.html?command=get_materiel&rest_code=00102&code=00101008005&supplier_code=00100008&order_time=2020-06-14 HTTP/1.1" 200 412
222.69.130.218 - - [14/Jun/2020:09:57:24 +0800] "GET /xingrg/all/function/internal_message.html?_=1592099844349&CODE_STATE=getMsg HTTP/1.1" 200 27
117.185.32.26 - - [14/Jun/2020:09:57:24 +0800] "GET /xingrg/check_reg.html?_=1592099839030 HTTP/1.1" 200 22
180.162.232.172 - - [14/Jun/2020:09:57:25 +0800] "GET /xingrg/all/function/internal_message.html?_=1592099979393&CODE_STATE=getMsg HTTP/1.1" 200 27
180.175.214.200 - - [14/Jun/2020:09:57:31 +0800] "GET /xingrg/kc/buy/cgsh_order_operate.html?command=get_materiel&rest_code=00102&code=00101008271&supplier_code=00100008&order_time=2020-06-14 HTTP/1.1" 200 408
180.162.232.172 - - [14/Jun/2020:09:57:32 +0800] "GET /xingrg/kc/buy/cgsh_order_operate.html?command=get_materiel&rest_code=00151&code=00101011001&supplier_code=00100047&order_time=2020-06-14 HTTP/1.1" 200 423
172.17.200.101 - - [14/Jun/2020:09:57:33 +0800] "GET /xingrg/all/function/internal_message.html?_=1592099854009&CODE_STATE=getMsg HTTP/1.1" 200 27
114.86.227.175 - - [14/Jun/2020:09:57:36 +0800] "GET /xingrg/all/function/internal_message.html?_=1592099935484&CODE_STATE=getMsg HTTP/1.1" 200 27
180.175.214.200 - - [14/Jun/2020:09:57:37 +0800] "GET /xingrg/kc/buy/cgsh_order_operate.html?command=get_materiel&rest_code=00102&code=00101008353&supplier_code=00100008&order_time=2020-06-14 HTTP/1.1" 200 408
114.86.190.97 - - [14/Jun/2020:09:57:37 +0800] "GET /xingrg/all/function/internal_message.html?_=1592099857162&CODE_STATE=getMsg HTTP/1.1" 200 27
180.175.214.200 - - [14/Jun/2020:09:57:40 +0800] "POST /xingrg/kc/buy/cgsh_order_operate.html HTTP/1.1" 200 2065
180.162.232.172 - - [14/Jun/2020:09:57:41 +0800] "POST /xingrg/kc/buy/cgsh_order_operate.html HTTP/1.1" 200 37
117.185.32.26 - - [14/Jun/2020:09:57:42 +0800] "GET /xingrg/all/function/internal_message.html?_=1592099856602&CODE_STATE=getMsg HTTP/1.1" 200 27
180.162.232.172 - - [14/Jun/2020:09:57:43 +0800] "POST /xingrg/kc/buy/cgsh_order_operate.html HTTP/1.1" 200 12
180.175.214.200 - - [14/Jun/2020:09:57:43 +0800] "GET /xingrg/kc/buy/cgsh_order_operate.html?command=get_materiel&rest_code=00102&code=00101008041&supplier_code=00100008&order_time=2020-06-14 HTTP/1.1" 200 408
180.162.232.172 - - [14/Jun/2020:09:57:44 +0800] "GET /xingrg/kc/buy/cgsh_order_info.html?code=212020061405382 HTTP/1.1" 200 53582
180.162.232.172 - - [14/Jun/2020:09:57:44 +0800] "GET /xingrg/javascript/easyui/themes/default/validatebox.css HTTP/1.1" 404 1104
180.162.232.172 - - [14/Jun/2020:09:57:44 +0800] "POST /xingrg/kc/buy/cgsh_order_operate.html HTTP/1.1" 200 616
114.88.170.9 - - [14/Jun/2020:09:57:45 +0800] "GET /xingrg/all/function/internal_message.html?_=1592099872400&CODE_STATE=getMsg HTTP/1.1" 200 27
180.175.214.200 - - [14/Jun/2020:09:57:46 +0800] "GET /xingrg/all/function/internal_message.html?_=1592099865364&CODE_STATE=getMsg HTTP/1.1" 200 27
180.162.232.172 - - [14/Jun/2020:09:57:47 +0800] "GET /xingrg/kc/print/load_data.html?order_code=212020061405382&kc_code=cgsh&condition= HTTP/1.1" 200 780
117.185.32.26 - - [14/Jun/2020:09:57:47 +0800] "GET /xingrg/kc/buy/cgsh_order_operate.html?command=get_materiel&rest_code=00106&code=00102006646&supplier_code=00100079&order_time=2020-06-14 HTTP/1.1" 200 403
180.175.214.200 - - [14/Jun/2020:09:57:49 +0800] "GET /xingrg/kc/buy/cgsh_order_operate.html?command=get_materiel&rest_code=00102&code=00101008197&supplier_code=00100008&order_time=2020-06-14 HTTP/1.1" 200 416
120.204.17.72 - - [14/Jun/2020:09:57:50 +0800] "GET /xingrg/all/function/internal_message.html?_=1592099135776&CODE_STATE=getMsg HTTP/1.1" 302 -
172.17.0.101 - - [14/Jun/2020:09:57:51 +0800] "GET /xingrg/all/function/internal_message.html?_=1592099868865&CODE_STATE=getMsg HTTP/1.1" 200 27
101.228.167.227 - - [14/Jun/2020:09:57:51 +0800] "GET /xingrg/all/function/internal_message.html?_=1592099872335&CODE_STATE=getMsg HTTP/1.1" 200 27
114.84.32.201 - - [14/Jun/2020:09:57:54 +0800] "GET /xingrg/all/function/internal_message.html?_=1592099874029&CODE_STATE=getMsg HTTP/1.1" 200 27
180.175.214.200 - - [14/Jun/2020:09:57:54 +0800] "GET /xingrg/kc/buy/cgsh_order_operate.html?command=get_materiel&rest_code=00102&code=00101008101&supplier_code=00100008&order_time=2020-06-14 HTTP/1.1" 200 412
120.204.17.72 - - [14/Jun/2020:09:57:55 +0800] "GET /xingrg/login.html HTTP/1.1" 200 7641
117.185.32.26 - - [14/Jun/2020:09:57:57 +0800] "GET /xingrg/kc/buy/cgsh_order_operate.html?command=get_materiel&rest_code=00106&code=00102006647&supplier_code=00100079&order_time=2020-06-14 HTTP/1.1" 200 395
180.175.214.200 - - [14/Jun/2020:09:57:59 +0800] "GET /xingrg/kc/buy/cgsh_order_operate.html?command=get_materiel&rest_code=00102&code=00101015032&supplier_code=00100008&order_time=2020-06-14 HTTP/1.1" 200 419
180.162.232.172 - - [14/Jun/2020:09:58:02 +0800] "GET /xingrg/all/function/internal_message.html?_=1592099881862&CODE_STATE=getMsg HTTP/1.1" 200 27
101.228.167.227 - - [14/Jun/2020:09:58:03 +0800] "GET /xingrg/all/function/internal_message.html?_=1592099884564&CODE_STATE=getMsg HTTP/1.1" 200 27
180.175.214.200 - - [14/Jun/2020:09:58:07 +0800] "GET /xingrg/kc/buy/cgsh_order_operate.html?command=get_materiel&rest_code=00102&code=00101008031&supplier_code=00100008&order_time=2020-06-14 HTTP/1.1" 200 413
180.175.214.200 - - [14/Jun/2020:09:58:08 +0800] "GET /xingrg/check_reg.html?_=1592100092576 HTTP/1.1" 200 22
180.175.214.200 - - [14/Jun/2020:09:58:08 +0800] "GET /xingrg/all/function/internal_message.html?_=1592100093127&CODE_STATE=getMsg HTTP/1.1" 200 27
180.175.214.200 - - [14/Jun/2020:09:58:09 +0800] "POST /xingrg/kc/buy/cgsh_order_operate.html HTTP/1.1" 200 2065
172.17.0.100 - - [14/Jun/2020:09:58:09 +0800] "GET /xingrg/all/function/internal_message.html?_=1592099896225&CODE_STATE=getMsg HTTP/1.1" 200 27
172.17.0.100 - - [14/Jun/2020:09:58:09 +0800] "GET /xingrg/check_reg.html?_=1592099896229 HTTP/1.1" 200 22
180.175.214.200 - - [14/Jun/2020:09:58:12 +0800] "GET /xingrg/kc/buy/cgsh_order_operate.html?command=get_materiel&rest_code=00102&code=00101008236&supplier_code=00100008&order_time=2020-06-14 HTTP/1.1" 200 416
117.185.32.26 - - [14/Jun/2020:09:58:12 +0800] "GET /xingrg/kc/buy/cgsh_order_operate.html?command=get_materiel&rest_code=00106&code=00102006648&supplier_code=00100079&order_time=2020-06-14 HTTP/1.1" 200 395
172.17.0.185 - - [14/Jun/2020:09:58:13 +0800] "GET /xingrg/check_reg.html?_=1592099892191 HTTP/1.1" 200 22
172.17.0.240 - - [14/Jun/2020:09:58:15 +0800] "GET /xingrg/all/function/internal_message.html?_=1592099894022&CODE_STATE=getMsg HTTP/1.1" 200 27
180.175.214.200 - - [14/Jun/2020:09:58:18 +0800] "GET /xingrg/kc/buy/cgsh_order_operate.html?command=get_materiel&rest_code=00102&code=00101009054&supplier_code=00100008&order_time=2020-06-14 HTTP/1.1" 200 412
117.185.32.26 - - [14/Jun/2020:09:58:19 +0800] "POST /xingrg/kc/buy/cgsh_order_operate.html HTTP/1.1" 200 2065
114.88.170.9 - - [14/Jun/2020:09:58:20 +0800] "GET /xingrg/all/function/internal_message.html?_=1592099894567&CODE_STATE=getMsg HTTP/1.1" 200 27
117.185.32.26 - - [14/Jun/2020:09:58:22 +0800] "GET /xingrg/kc/buy/cgsh_order_operate.html?command=get_materiel&rest_code=00106&code=00102006649&supplier_code=00100079&order_time=2020-06-14 HTTP/1.1" 200 395
180.175.214.200 - - [14/Jun/2020:09:58:23 +0800] "POST /xingrg/kc/buy/cgsh_order_operate.html HTTP/1.1" 200 37
222.69.130.218 - - [14/Jun/2020:09:58:24 +0800] "GET /xingrg/all/function/internal_message.html?_=1592099904351&CODE_STATE=getMsg HTTP/1.1" 200 27
180.175.214.200 - - [14/Jun/2020:09:58:24 +0800] "POST /xingrg/kc/buy/cgsh_order_operate.html HTTP/1.1" 200 20378
180.175.214.200 - - [14/Jun/2020:09:58:25 +0800] "GET /xingrg/kc/buy/cgsh_order_add.html HTTP/1.1" 200 58939
180.162.232.172 - - [14/Jun/2020:09:58:25 +0800] "GET /xingrg/check_reg.html?_=1592100039354 HTTP/1.1" 200 22
180.162.232.172 - - [14/Jun/2020:09:58:25 +0800] "GET /xingrg/all/function/internal_message.html?_=1592100039407&CODE_STATE=getMsg HTTP/1.1" 200 27
180.175.214.200 - - [14/Jun/2020:09:58:26 +0800] "POST /xingrg/kc/buy/cgsh_order_operate.html HTTP/1.1" 200 8245
180.175.214.200 - - [14/Jun/2020:09:58:26 +0800] "GET /xingrg/javascript/easyui/themes/default/validatebox.css HTTP/1.1" 404 1104
172.17.200.101 - - [14/Jun/2020:09:58:33 +0800] "GET /xingrg/all/function/internal_message.html?_=1592099914010&CODE_STATE=getMsg HTTP/1.1" 200 27
114.86.227.175 - - [14/Jun/2020:09:58:35 +0800] "GET /xingrg/check_reg.html?_=1592099995484 HTTP/1.1" 200 22
114.86.227.175 - - [14/Jun/2020:09:58:35 +0800] "GET /xingrg/all/function/internal_message.html?_=1592099995484&CODE_STATE=getMsg HTTP/1.1" 200 27
180.175.214.200 - - [14/Jun/2020:09:58:36 +0800] "GET /xingrg/kc/buy/cgsh_order_operate.html?command=get_materiel&rest_code=00102&code=00101008175&supplier_code=00100008&order_time=2020-06-14 HTTP/1.1" 200 412
114.86.190.97 - - [14/Jun/2020:09:58:37 +0800] "GET /xingrg/all/function/internal_message.html?_=1592099917176&CODE_STATE=getMsg HTTP/1.1" 200 27
117.185.32.26 - - [14/Jun/2020:09:58:39 +0800] "GET /xingrg/kc/buy/cgsh_order_operate.html?command=get_materiel&rest_code=00106&code=00102006650&supplier_code=00100079&order_time=2020-06-14 HTTP/1.1" 200 407
180.175.214.200 - - [14/Jun/2020:09:58:42 +0800] "GET /xingrg/kc/buy/cgsh_order_operate.html?command=get_materiel&rest_code=00102&code=00101008176&supplier_code=00100008&order_time=2020-06-14 HTTP/1.1" 200 413
117.185.32.26 - - [14/Jun/2020:09:58:42 +0800] "GET /xingrg/all/function/internal_message.html?_=1592099916713&CODE_STATE=getMsg HTTP/1.1" 200 27
114.88.170.9 - - [14/Jun/2020:09:58:45 +0800] "GET /xingrg/all/function/internal_message.html?_=1592099932388&CODE_STATE=getMsg HTTP/1.1" 200 27
180.175.214.200 - - [14/Jun/2020:09:58:46 +0800] "GET /xingrg/all/function/internal_message.html?_=1592099925592&CODE_STATE=getMsg HTTP/1.1" 200 27
180.175.214.200 - - [14/Jun/2020:09:58:46 +0800] "GET /xingrg/kc/buy/cgsh_order_operate.html?command=get_materiel&rest_code=00102&code=00101008100&supplier_code=00100008&order_time=2020-06-14 HTTP/1.1" 200 408
172.17.0.101 - - [14/Jun/2020:09:58:51 +0800] "GET /xingrg/all/function/internal_message.html?_=1592099928865&CODE_STATE=getMsg HTTP/1.1" 200 27
101.228.167.227 - - [14/Jun/2020:09:58:51 +0800] "GET /xingrg/all/function/internal_message.html?_=1592099932339&CODE_STATE=getMsg HTTP/1.1" 200 27
117.185.32.26 - - [14/Jun/2020:09:58:53 +0800] "GET /xingrg/kc/buy/cgsh_order_operate.html?command=get_materiel&rest_code=00106&code=00102006651&supplier_code=00100079&order_time=2020-06-14 HTTP/1.1" 200 399
114.84.32.201 - - [14/Jun/2020:09:58:54 +0800] "GET /xingrg/all/function/internal_message.html?_=1592099934032&CODE_STATE=getMsg HTTP/1.1" 200 27
180.175.214.200 - - [14/Jun/2020:09:58:55 +0800] "GET /xingrg/kc/buy/cgsh_order_operate.html?command=get_materiel&rest_code=00102&code=00101008132&supplier_code=00100008&order_time=2020-06-14 HTTP/1.1" 200 408
180.175.214.200 - - [14/Jun/2020:09:59:02 +0800] "GET /xingrg/kc/buy/cgsh_order_operate.html?command=get_materiel&rest_code=00102&code=00101008244&supplier_code=00100008&order_time=2020-06-14 HTTP/1.1" 200 408
180.162.232.172 - - [14/Jun/2020:09:59:02 +0800] "GET /xingrg/all/function/internal_message.html?_=1592099941832&CODE_STATE=getMsg HTTP/1.1" 200 27
180.162.232.172 - - [14/Jun/2020:09:59:03 +0800] "GET /xingrg/check_reg.html?_=1592099941914 HTTP/1.1" 200 22
101.228.167.227 - - [14/Jun/2020:09:59:03 +0800] "GET /xingrg/all/function/internal_message.html?_=1592099944568&CODE_STATE=getMsg HTTP/1.1" 200 27
117.185.32.26 - - [14/Jun/2020:09:59:06 +0800] "GET /xingrg/kc/buy/cgsh_order_operate.html?command=get_materiel&rest_code=00106&code=00102006652&supplier_code=00100079&order_time=2020-06-14 HTTP/1.1" 200 399
180.175.214.200 - - [14/Jun/2020:09:59:08 +0800] "GET /xingrg/all/function/internal_message.html?_=1592100153140&CODE_STATE=getMsg HTTP/1.1" 200 27
120.253.135.82 - - [14/Jun/2020:09:59:09 +0800] "GET /xingrg/check_reg.html?_=1592100072342 HTTP/1.1" 200 22
172.17.0.100 - - [14/Jun/2020:09:59:09 +0800] "GET /xingrg/all/function/internal_message.html?_=1592099956229&CODE_STATE=getMsg HTTP/1.1" 200 27
117.185.32.26 - - [14/Jun/2020:09:59:13 +0800] "POST /xingrg/kc/buy/cgsh_order_operate.html HTTP/1.1" 200 37
117.185.32.26 - - [14/Jun/2020:09:59:14 +0800] "POST /xingrg/kc/buy/cgsh_order_operate.html HTTP/1.1" 200 39255
172.17.0.240 - - [14/Jun/2020:09:59:15 +0800] "GET /xingrg/all/function/internal_message.html?_=1592099954025&CODE_STATE=getMsg HTTP/1.1" 200 27
114.88.170.9 - - [14/Jun/2020:09:59:20 +0800] "GET /xingrg/all/function/internal_message.html?_=1592099954619&CODE_STATE=getMsg HTTP/1.1" 200 27
222.69.130.218 - - [14/Jun/2020:09:59:24 +0800] "GET /xingrg/all/function/internal_message.html?_=1592099964360&CODE_STATE=getMsg HTTP/1.1" 200 27
58.40.7.146 - - [14/Jun/2020:09:59:24 +0800] "GET /xingrg/check_reg.html?_=1592099964742 HTTP/1.1" 200 22
180.175.214.200 - - [14/Jun/2020:09:59:26 +0800] "GET /xingrg/kc/buy/cgsh_order_operate.html?command=get_materiel&rest_code=00102&code=00101008088&supplier_code=00100008&order_time=2020-06-14 HTTP/1.1" 200 408
172.17.200.101 - - [14/Jun/2020:09:59:33 +0800] "GET /xingrg/all/function/internal_message.html?_=1592099974013&CODE_STATE=getMsg HTTP/1.1" 200 27
114.86.227.175 - - [14/Jun/2020:09:59:34 +0800] "GET /xingrg/all/function/internal_message.html?_=1592100055486&CODE_STATE=getMsg HTTP/1.1" 200 27
116.233.79.27 - - [14/Jun/2020:09:59:36 +0800] "GET /xingrg/check_reg.html?_=1592099976208 HTTP/1.1" 302 -
180.175.214.200 - - [14/Jun/2020:09:59:36 +0800] "GET /xingrg/kc/buy/cgsh_order_operate.html?command=get_materiel&rest_code=00102&code=00101008064&supplier_code=00100008&order_time=2020-06-14 HTTP/1.1" 200 412
114.86.190.97 - - [14/Jun/2020:09:59:37 +0800] "GET /xingrg/check_reg.html?_=1592099977172 HTTP/1.1" 200 22
114.86.190.97 - - [14/Jun/2020:09:59:37 +0800] "GET /xingrg/all/function/internal_message.html?_=1592099977189&CODE_STATE=getMsg HTTP/1.1" 200 27
180.175.214.200 - - [14/Jun/2020:09:59:40 +0800] "GET /xingrg/kc/buy/cgsh_order_operate.html?command=get_materiel&rest_code=00102&code=00101008126&supplier_code=00100008&order_time=2020-06-14 HTTP/1.1" 200 412
117.185.32.26 - - [14/Jun/2020:09:59:42 +0800] "GET /xingrg/all/function/internal_message.html?_=1592099976545&CODE_STATE=getMsg HTTP/1.1" 200 27
114.88.170.9 - - [14/Jun/2020:09:59:45 +0800] "GET /xingrg/all/function/internal_message.html?_=1592099992397&CODE_STATE=getMsg HTTP/1.1" 200 27
180.175.214.200 - - [14/Jun/2020:09:59:46 +0800] "GET /xingrg/check_reg.html?_=1592099985318 HTTP/1.1" 200 22
180.175.214.200 - - [14/Jun/2020:09:59:46 +0800] "GET /xingrg/all/function/internal_message.html?_=1592099985722&CODE_STATE=getMsg HTTP/1.1" 200 27
180.175.214.200 - - [14/Jun/2020:09:59:47 +0800] "GET /xingrg/kc/buy/cgsh_order_operate.html?command=get_materiel&rest_code=00102&code=00101008004&supplier_code=00100008&order_time=2020-06-14 HTTP/1.1" 200 416
180.162.232.172 - - [14/Jun/2020:09:59:49 +0800] "GET /xingrg/login.html HTTP/1.1" 200 7641
101.228.167.227 - - [14/Jun/2020:09:59:49 +0800] "GET /xingrg/check_reg.html?_=1592099990016 HTTP/1.1" 200 22
180.162.232.172 - - [14/Jun/2020:09:59:49 +0800] "GET /favicon.ico HTTP/1.1" 404 -
114.88.170.9 - - [14/Jun/2020:09:59:49 +0800] "GET /xingrg/check_reg.html?_=1592099983463 HTTP/1.1" 200 22
172.17.0.101 - - [14/Jun/2020:09:59:51 +0800] "GET /xingrg/all/function/internal_message.html?_=1592099988892&CODE_STATE=getMsg HTTP/1.1" 200 27
101.228.167.227 - - [14/Jun/2020:09:59:51 +0800] "GET /xingrg/all/function/internal_message.html?_=1592099992532&CODE_STATE=getMsg HTTP/1.1" 200 27
114.84.32.201 - - [14/Jun/2020:09:59:54 +0800] "GET /xingrg/all/function/internal_message.html?_=1592099994032&CODE_STATE=getMsg HTTP/1.1" 200 27
114.88.170.9 - - [14/Jun/2020:09:59:57 +0800] "GET /xingrg/kc/buy/cgsh_order_operate.html?command=get_materiel&rest_code=00111&code=00101008108&supplier_code=00100005&order_time=2020-06-14 HTTP/1.1" 200 412
180.162.232.172 - - [14/Jun/2020:10:00:02 +0800] "GET /xingrg/all/function/internal_message.html?_=1592100001821&CODE_STATE=getMsg HTTP/1.1" 200 27
101.228.167.227 - - [14/Jun/2020:10:00:03 +0800] "GET /xingrg/all/function/internal_message.html?_=1592100004668&CODE_STATE=getMsg HTTP/1.1" 200 27
180.162.232.172 - - [14/Jun/2020:10:00:04 +0800] "POST /xingrg/login.do HTTP/1.1" 302 -
180.162.232.172 - - [14/Jun/2020:10:00:05 +0800] "GET /xingrg/javascript/jquery_easy_ui/themes/icon.css HTTP/1.1" 304 -
180.162.232.172 - - [14/Jun/2020:10:00:05 +0800] "GET /xingrg/javascript/jquery_easy_ui/themes/default/easyui.css HTTP/1.1" 304 -
180.162.232.172 - - [14/Jun/2020:10:00:05 +0800] "GET /xingrg/index.html?sysBaseUrl=http%3A%2F%2F180.169.147.146%3A18081%2Fxingrg%2F&costTime=40×tamp=1592100004983 HTTP/1.1" 200 17503
180.162.232.172 - - [14/Jun/2020:10:00:05 +0800] "GET /xingrg/css/form.css HTTP/1.1" 304 -
180.162.232.172 - - [14/Jun/2020:10:00:05 +0800] "GET /xingrg/javascript/jquery.utils.js HTTP/1.1" 304 -
180.162.232.172 - - [14/Jun/2020:10:00:05 +0800] "GET /xingrg/javascript/jquery_easy_ui/easyui-lang-zh_CN.js HTTP/1.1" 304 -
180.162.232.172 - - [14/Jun/2020:10:00:05 +0800] "GET /xingrg/javascript/jquery.form.js HTTP/1.1" 304 -
180.162.232.172 - - [14/Jun/2020:10:00:05 +0800] "GET /xingrg/javascript/jquery_easy_ui/jquery.easyui.min.js HTTP/1.1" 304 -
180.162.232.172 - - [14/Jun/2020:10:00:05 +0800] "GET /xingrg/javascript/jquery-1.4.2.min.js HTTP/1.1" 304 -
180.162.232.172 - - [14/Jun/2020:10:00:05 +0800] "GET /xingrg/javascript/jquery.timers.js HTTP/1.1" 304 -
180.162.232.172 - - [14/Jun/2020:10:00:05 +0800] "GET /xingrg/javascript/jquery_easy_ui/themes/default/images/panel_tool_expand.gif HTTP/1.1" 200 247
180.162.232.172 - - [14/Jun/2020:10:00:05 +0800] "POST /xingrg/all/common/load_tree.html?tree=area_rest_tree_json&manage=1 HTTP/1.1" 200 3088
180.162.232.172 - - [14/Jun/2020:10:00:05 +0800] "GET /favicon.ico HTTP/1.1" 404 -
180.162.232.172 - - [14/Jun/2020:10:00:05 +0800] "GET /xingrg/all/function/internal_message.html?_=1592100138805&CODE_STATE=count HTTP/1.1" 200 11
180.162.232.172 - - [14/Jun/2020:10:00:05 +0800] "GET /xingrg/check_reg.html?_=1592100138806 HTTP/1.1" 200 22
180.162.232.172 - - [14/Jun/2020:10:00:05 +0800] "POST /xingrg/load_menu.html HTTP/1.1" 200 11443
180.162.232.172 - - [14/Jun/2020:10:00:05 +0800] "GET /xingrg/javascript/jquery_easy_ui/themes/icons/delivery_new.png HTTP/1.1" 200 700
180.162.232.172 - - [14/Jun/2020:10:00:05 +0800] "GET /xingrg/javascript/jquery_easy_ui/themes/icons/checkout_new.png HTTP/1.1" 200 744
180.162.232.172 - - [14/Jun/2020:10:00:05 +0800] "GET /xingrg/javascript/jquery_easy_ui/themes/icons/setting_new.png HTTP/1.1" 200 450
180.162.232.172 - - [14/Jun/2020:10:00:05 +0800] "GET /xingrg/javascript/jquery_easy_ui/themes/icons/systemset_new.png HTTP/1.1" 200 606
180.162.232.172 - - [14/Jun/2020:10:00:07 +0800] "GET /xingrg/javascript/jquery_easy_ui/themes/icons/manage.png HTTP/1.1" 200 696
180.175.214.200 - - [14/Jun/2020:10:00:08 +0800] "GET /xingrg/all/function/internal_message.html?_=1592100213153&CODE_STATE=getMsg HTTP/1.1" 200 27
180.175.214.200 - - [14/Jun/2020:10:00:08 +0800] "GET /xingrg/kc/buy/cgsh_order_operate.html?command=get_materiel&rest_code=00102&code=00101008286&supplier_code=00100008&order_time=2020-06-14 HTTP/1.1" 200 408
172.17.0.100 - - [14/Jun/2020:10:00:09 +0800] "GET /xingrg/all/function/internal_message.html?_=1592100016231&CODE_STATE=getMsg HTTP/1.1" 200 27
114.88.170.9 - - [14/Jun/2020:10:00:09 +0800] "GET /xingrg/kc/buy/cgsh_order_operate.html?command=get_materiel&rest_code=00111&code=00101008351&supplier_code=00100005&order_time=2020-06-14 HTTP/1.1" 200 408
180.175.214.200 - - [14/Jun/2020:10:00:12 +0800] "GET /xingrg/kc/buy/cgsh_order_operate.html?command=get_materiel&rest_code=00102&code=00101008296&supplier_code=00100008&order_time=2020-06-14 HTTP/1.1" 200 416
180.175.214.200 - - [14/Jun/2020:10:00:14 +0800] "POST /xingrg/kc/buy/cgsh_order_operate.html HTTP/1.1" 200 2065
180.162.232.172 - - [14/Jun/2020:10:00:15 +0800] "POST /xingrg/all/user/operate.html HTTP/1.1" 200 36
180.162.232.172 - - [14/Jun/2020:10:00:15 +0800] "GET /xingrg/javascript/jquery_easy_ui/themes/default/easyui.css HTTP/1.1" 304 -
180.162.232.172 - - [14/Jun/2020:10:00:15 +0800] "GET /xingrg/index.html?sysBaseUrl=http%3A%2F%2F180.169.147.146%3A18081%2Fxingrg%2F&costTime=40×tamp=1592100004983 HTTP/1.1" 200 17507
180.162.232.172 - - [14/Jun/2020:10:00:15 +0800] "GET /xingrg/javascript/jquery_easy_ui/themes/icon.css HTTP/1.1" 304 -
180.162.232.172 - - [14/Jun/2020:10:00:15 +0800] "GET /xingrg/css/form.css HTTP/1.1" 304 -
180.162.232.172 - - [14/Jun/2020:10:00:15 +0800] "GET /xingrg/javascript/jquery-1.4.2.min.js HTTP/1.1" 304 -
180.162.232.172 - - [14/Jun/2020:10:00:15 +0800] "GET /xingrg/javascript/jquery_easy_ui/jquery.easyui.min.js HTTP/1.1" 304 -
180.162.232.172 - - [14/Jun/2020:10:00:15 +0800] "GET /xingrg/javascript/jquery_easy_ui/easyui-lang-zh_CN.js HTTP/1.1" 304 -
180.162.232.172 - - [14/Jun/2020:10:00:15 +0800] "GET /xingrg/javascript/jquery.form.js HTTP/1.1" 304 -
180.162.232.172 - - [14/Jun/2020:10:00:15 +0800] "GET /xingrg/javascript/jquery.utils.js HTTP/1.1" 304 -
180.162.232.172 - - [14/Jun/2020:10:00:15 +0800] "GET /xingrg/javascript/jquery.timers.js HTTP/1.1" 304 -
180.162.232.172 - - [14/Jun/2020:10:00:15 +0800] "GET /xingrg/images/blue/jxLogo.png HTTP/1.1" 304 -
180.162.232.172 - - [14/Jun/2020:10:00:15 +0800] "GET /xingrg/images/blue/navBackgound.jpg HTTP/1.1" 304 -
180.162.232.172 - - [14/Jun/2020:10:00:15 +0800] "GET /xingrg/javascript/jquery_easy_ui/themes/icons/settle_new.png HTTP/1.1" 304 -
180.162.232.172 - - [14/Jun/2020:10:00:15 +0800] "GET /xingrg/images/blue/pingpu.png HTTP/1.1" 304 -
180.162.232.172 - - [14/Jun/2020:10:00:15 +0800] "POST /xingrg/all/common/load_tree.html?tree=area_rest_tree_json&manage=1 HTTP/1.1" 200 3088
180.162.232.172 - - [14/Jun/2020:10:00:15 +0800] "GET /xingrg/javascript/jquery_easy_ui/themes/default/images/tabs_leftarrow.png HTTP/1.1" 304 -
180.162.232.172 - - [14/Jun/2020:10:00:15 +0800] "GET /xingrg/javascript/jquery_easy_ui/themes/default/images/tabs_rightarrow.png HTTP/1.1" 304 -
180.162.232.172 - - [14/Jun/2020:10:00:15 +0800] "GET /xingrg/javascript/jquery_easy_ui/themes/default/images/panel_tool_collapse.gif HTTP/1.1" 304 -
180.162.232.172 - - [14/Jun/2020:10:00:15 +0800] "GET /xingrg/javascript/jquery_easy_ui/themes/default/images/panel_tool_expand.gif HTTP/1.1" 304 -
180.162.232.172 - - [14/Jun/2020:10:00:15 +0800] "GET /xingrg/all/function/internal_message.html?_=1592100149012&CODE_STATE=count HTTP/1.1" 200 11
180.162.232.172 - - [14/Jun/2020:10:00:15 +0800] "GET /xingrg/check_reg.html?_=1592100149014 HTTP/1.1" 200 22
101.228.167.227 - - [14/Jun/2020:10:00:15 +0800] "POST /xingrg/kc/buy/cgsh_order_operate.html HTTP/1.1" 200 37
180.162.232.172 - - [14/Jun/2020:10:00:15 +0800] "POST /xingrg/load_menu.html HTTP/1.1" 200 9959
172.17.0.240 - - [14/Jun/2020:10:00:15 +0800] "GET /xingrg/all/function/internal_message.html?_=1592100014025&CODE_STATE=getMsg HTTP/1.1" 200 27
172.17.0.240 - - [14/Jun/2020:10:00:15 +0800] "GET /xingrg/check_reg.html?_=1592100014028 HTTP/1.1" 200 22
117.185.32.26 - - [14/Jun/2020:10:00:16 +0800] "POST /xingrg/kc/buy/cgsh_order_operate.html HTTP/1.1" 200 37
114.88.170.9 - - [14/Jun/2020:10:00:16 +0800] "GET /xingrg/kc/buy/cgsh_order_operate.html?command=get_materiel&rest_code=00111&code=00101008096&supplier_code=00100005&order_time=2020-06-14 HTTP/1.1" 200 413
101.228.167.227 - - [14/Jun/2020:10:00:16 +0800] "POST /xingrg/kc/buy/cgsh_order_operate.html HTTP/1.1" 200 6805
117.185.32.26 - - [14/Jun/2020:10:00:16 +0800] "POST /xingrg/kc/buy/cgsh_order_operate.html HTTP/1.1" 200 39255
180.162.232.172 - - [14/Jun/2020:10:00:19 +0800] "GET /xingrg/css/base.css HTTP/1.1" 304 -
180.162.232.172 - - [14/Jun/2020:10:00:19 +0800] "GET /xingrg/css/site.css HTTP/1.1" 304 -
180.162.232.172 - - [14/Jun/2020:10:00:19 +0800] "GET /xingrg/javascript/jquery_tools/datebox.css HTTP/1.1" 304 -
180.162.232.172 - - [14/Jun/2020:10:00:19 +0800] "GET /xingrg/javascript/auto/jquery.autocomplete.css HTTP/1.1" 304 -
180.162.232.172 - - [14/Jun/2020:10:00:19 +0800] "GET /xingrg/javascript/jquery_tools/fix.css HTTP/1.1" 304 -
180.162.232.172 - - [14/Jun/2020:10:00:19 +0800] "GET /xingrg/javascript/jquery_tools/jquery.tools.extend.js HTTP/1.1" 304 -
180.162.232.172 - - [14/Jun/2020:10:00:19 +0800] "GET /xingrg/javascript/jquery_tools/jquery.tools.min.js HTTP/1.1" 304 -
180.162.232.172 - - [14/Jun/2020:10:00:19 +0800] "GET /xingrg/javascript/easyui/themes/default/easyui.css HTTP/1.1" 304 -
180.162.232.172 - - [14/Jun/2020:10:00:19 +0800] "GET /xingrg/javascript/jquery_tools/jquery.tools.hotkey.js HTTP/1.1" 304 -
180.162.232.172 - - [14/Jun/2020:10:00:19 +0800] "GET /xingrg/javascript/jquery_tools/jquery.tools.table.js HTTP/1.1" 304 -
180.162.232.172 - - [14/Jun/2020:10:00:19 +0800] "GET /xingrg/javascript/easyui/themes/icon.css HTTP/1.1" 304 -
180.162.232.172 - - [14/Jun/2020:10:00:19 +0800] "GET /xingrg/javascript/jquery_tools/table.css HTTP/1.1" 304 -
180.162.232.172 - - [14/Jun/2020:10:00:19 +0800] "GET /xingrg/javascript/auto/jquery.autocomplete.js HTTP/1.1" 304 -
180.162.232.172 - - [14/Jun/2020:10:00:19 +0800] "GET /xingrg/javascript/easyui/easyloader.js HTTP/1.1" 304 -
180.162.232.172 - - [14/Jun/2020:10:00:19 +0800] "GET /xingrg/kc/buy/cgsh_order_list.html HTTP/1.1" 200 43542
180.162.232.172 - - [14/Jun/2020:10:00:19 +0800] "GET /xingrg/javascript/jquery_tools/list_manager.js HTTP/1.1" 304 -
180.162.232.172 - - [14/Jun/2020:10:00:19 +0800] "GET /xingrg/javascript/jquery.cookie.js HTTP/1.1" 304 -
180.162.232.172 - - [14/Jun/2020:10:00:19 +0800] "GET /xingrg/javascript/print/LodopFuncs.js HTTP/1.1" 304 -
114.88.170.9 - - [14/Jun/2020:10:00:20 +0800] "GET /xingrg/all/function/internal_message.html?_=1592100014626&CODE_STATE=getMsg HTTP/1.1" 200 27
180.162.232.172 - - [14/Jun/2020:10:00:20 +0800] "GET /xingrg/javascript/easyui/plugins/jquery.parser.js HTTP/1.1" 304 -
180.162.232.172 - - [14/Jun/2020:10:00:21 +0800] "POST /xingrg/kc/buy/cgsh_list_operate.html HTTP/1.1" 200 876
180.175.214.200 - - [14/Jun/2020:10:00:24 +0800] "GET /xingrg/kc/buy/cgsh_order_operate.html?command=get_materiel&rest_code=00102&code=00101008010&supplier_code=00100008&order_time=2020-06-14 HTTP/1.1" 200 412
180.162.232.172 - - [14/Jun/2020:10:00:24 +0800] "GET /xingrg/javascript/jquery_tools/images/prev.gif HTTP/1.1" 404 1086
180.162.232.172 - - [14/Jun/2020:10:00:24 +0800] "GET /xingrg/javascript/jquery_tools/images/next.gif HTTP/1.1" 404 1086
114.88.170.9 - - [14/Jun/2020:10:00:24 +0800] "GET /xingrg/kc/buy/cgsh_order_operate.html?command=get_materiel&rest_code=00111&code=00101008355&supplier_code=00100005&order_time=2020-06-14 HTTP/1.1" 200 408
222.69.130.218 - - [14/Jun/2020:10:00:24 +0800] "GET /xingrg/check_reg.html?_=1592100024362 HTTP/1.1" 200 22
222.69.130.218 - - [14/Jun/2020:10:00:24 +0800] "GET /xingrg/all/function/internal_message.html?_=1592100024366&CODE_STATE=getMsg HTTP/1.1" 200 27
180.175.214.200 - - [14/Jun/2020:10:00:29 +0800] "GET /xingrg/kc/buy/cgsh_order_operate.html?command=get_materiel&rest_code=00102&code=00101008225&supplier_code=00100008&order_time=2020-06-14 HTTP/1.1" 200 416
180.162.232.172 - - [14/Jun/2020:10:00:29 +0800] "POST /xingrg/kc/buy/cgsh_list_operate.html HTTP/1.1" 200 3355
101.228.167.227 - - [14/Jun/2020:10:00:31 +0800] "GET /xingrg/check_reg.html?_=1592100032411 HTTP/1.1" 200 22
120.204.17.68 - - [14/Jun/2020:10:00:31 +0800] "GET /xingrg/all/function/internal_message.html?_=1592099315704&CODE_STATE=getMsg HTTP/1.1" 302 -
114.88.170.9 - - [14/Jun/2020:10:00:32 +0800] "GET /xingrg/kc/buy/cgsh_order_operate.html?command=get_materiel&rest_code=00111&code=00101008067&supplier_code=00100005&order_time=2020-06-14 HTTP/1.1" 200 416
114.86.227.175 - - [14/Jun/2020:10:00:32 +0800] "GET /xingrg/all/function/internal_message.html?_=1592100115482&CODE_STATE=getMsg HTTP/1.1" 200 27
180.162.232.172 - - [14/Jun/2020:10:00:32 +0800] "POST /xingrg/kc/buy/cgsh_list_operate.html HTTP/1.1" 200 281
172.17.200.101 - - [14/Jun/2020:10:00:33 +0800] "GET /xingrg/all/function/internal_message.html?_=1592100034015&CODE_STATE=getMsg HTTP/1.1" 200 27
180.175.214.200 - - [14/Jun/2020:10:00:33 +0800] "POST /xingrg/kc/buy/cgsh_order_operate.html HTTP/1.1" 200 37
180.175.214.200 - - [14/Jun/2020:10:00:35 +0800] "POST /xingrg/kc/buy/cgsh_order_operate.html HTTP/1.1" 200 15066
180.175.214.200 - - [14/Jun/2020:10:00:36 +0800] "GET /xingrg/kc/buy/cgsh_order_add.html HTTP/1.1" 200 58939
180.162.232.172 - - [14/Jun/2020:10:00:37 +0800] "POST /xingrg/kc/buy/cgsh_list_operate.html HTTP/1.1" 200 4
114.86.190.97 - - [14/Jun/2020:10:00:37 +0800] "GET /xingrg/all/function/internal_message.html?_=1592100037158&CODE_STATE=getMsg HTTP/1.1" 200 27
180.175.214.200 - - [14/Jun/2020:10:00:37 +0800] "POST /xingrg/kc/buy/cgsh_order_operate.html HTTP/1.1" 200 8245
180.175.214.200 - - [14/Jun/2020:10:00:37 +0800] "GET /xingrg/javascript/easyui/themes/default/validatebox.css HTTP/1.1" 404 1104
180.162.232.172 - - [14/Jun/2020:10:00:38 +0800] "POST /xingrg/kc/buy/cgsh_list_operate.html HTTP/1.1" 200 2944
120.204.17.68 - - [14/Jun/2020:10:00:38 +0800] "GET /xingrg/login.html HTTP/1.1" 200 7641
117.185.32.26 - - [14/Jun/2020:10:00:42 +0800] "GET /xingrg/all/function/internal_message.html?_=1592100036514&CODE_STATE=getMsg HTTP/1.1" 200 27
114.88.170.9 - - [14/Jun/2020:10:00:45 +0800] "GET /xingrg/all/function/internal_message.html?_=1592100052401&CODE_STATE=getMsg HTTP/1.1" 200 27
114.88.170.9 - - [14/Jun/2020:10:00:45 +0800] "GET /xingrg/check_reg.html?_=1592100052404 HTTP/1.1" 200 22
180.175.214.200 - - [14/Jun/2020:10:00:46 +0800] "GET /xingrg/kc/buy/cgsh_order_operate.html?command=get_materiel&rest_code=00102&code=00101008323&supplier_code=00100008&order_time=2020-06-14 HTTP/1.1" 200 408
180.175.214.200 - - [14/Jun/2020:10:00:46 +0800] "GET /xingrg/all/function/internal_message.html?_=1592100045915&CODE_STATE=getMsg HTTP/1.1" 200 27
172.17.0.101 - - [14/Jun/2020:10:00:51 +0800] "GET /xingrg/all/function/internal_message.html?_=1592100048892&CODE_STATE=getMsg HTTP/1.1" 200 27
101.228.167.227 - - [14/Jun/2020:10:00:51 +0800] "GET /xingrg/all/function/internal_message.html?_=1592100052537&CODE_STATE=getMsg HTTP/1.1" 200 27
114.88.170.9 - - [14/Jun/2020:10:00:51 +0800] "GET /xingrg/kc/buy/cgsh_order_operate.html?command=get_materiel&rest_code=00111&code=00101008323&supplier_code=00100005&order_time=2020-06-14 HTTP/1.1" 200 408
114.84.32.201 - - [14/Jun/2020:10:00:54 +0800] "GET /xingrg/all/function/internal_message.html?_=1592100054032&CODE_STATE=getMsg HTTP/1.1" 200 27
114.84.32.201 - - [14/Jun/2020:10:00:54 +0800] "GET /xingrg/check_reg.html?_=1592100054034 HTTP/1.1" 200 22
114.88.170.9 - - [14/Jun/2020:10:00:57 +0800] "GET /xingrg/kc/buy/cgsh_order_operate.html?command=get_materiel&rest_code=00111&code=00101008302&supplier_code=00100005&order_time=2020-06-14 HTTP/1.1" 200 412
180.162.232.172 - - [14/Jun/2020:10:01:02 +0800] "GET /xingrg/all/function/internal_message.html?_=1592100061798&CODE_STATE=getMsg HTTP/1.1" 200 27
114.88.170.9 - - [14/Jun/2020:10:01:03 +0800] "GET /xingrg/kc/buy/cgsh_order_operate.html?command=get_materiel&rest_code=00111&code=00101008234&supplier_code=00100005&order_time=2020-06-14 HTTP/1.1" 200 408
101.228.167.227 - - [14/Jun/2020:10:01:03 +0800] "GET /xingrg/all/function/internal_message.html?_=1592100064672&CODE_STATE=getMsg HTTP/1.1" 200 27
180.175.214.200 - - [14/Jun/2020:10:01:08 +0800] "GET /xingrg/kc/buy/cgsh_order_operate.html?command=get_materiel&rest_code=00102&code=00101008331&supplier_code=00100008&order_time=2020-06-14 HTTP/1.1" 200 416
180.175.214.200 - - [14/Jun/2020:10:01:08 +0800] "GET /xingrg/all/function/internal_message.html?_=1592100273323&CODE_STATE=getMsg HTTP/1.1" 200 27
172.17.0.100 - - [14/Jun/2020:10:01:09 +0800] "GET /xingrg/all/function/internal_message.html?_=1592100076238&CODE_STATE=getMsg HTTP/1.1" 200 27
114.88.170.9 - - [14/Jun/2020:10:01:12 +0800] "GET /xingrg/kc/buy/cgsh_order_operate.html?command=get_materiel&rest_code=00111&code=00101008349&supplier_code=00100005&order_time=2020-06-14 HTTP/1.1" 200 412
172.17.0.240 - - [14/Jun/2020:10:01:15 +0800] "GET /xingrg/all/function/internal_message.html?_=1592100074028&CODE_STATE=getMsg HTTP/1.1" 200 27
180.162.232.172 - - [14/Jun/2020:10:01:17 +0800] "GET /xingrg/login.html HTTP/1.1" 200 7641
180.162.232.172 - - [14/Jun/2020:10:01:17 +0800] "GET /favicon.ico HTTP/1.1" 404 -
180.162.232.172 - - [14/Jun/2020:10:01:18 +0800] "POST /xingrg/login.do HTTP/1.1" 302 -
180.162.232.172 - - [14/Jun/2020:10:01:18 +0800] "GET /xingrg/index.html?sysBaseUrl=http%3A%2F%2F180.169.147.146%3A18081%2Fxingrg%2F&costTime=39×tamp=1592100078730 HTTP/1.1" 200 17179
180.162.232.172 - - [14/Jun/2020:10:01:18 +0800] "GET /xingrg/javascript/jquery_easy_ui/themes/icon.css HTTP/1.1" 304 -
180.162.232.172 - - [14/Jun/2020:10:01:18 +0800] "GET /xingrg/css/form.css HTTP/1.1" 304 -
180.162.232.172 - - [14/Jun/2020:10:01:18 +0800] "GET /xingrg/javascript/jquery.timers.js HTTP/1.1" 304 -
180.162.232.172 - - [14/Jun/2020:10:01:18 +0800] "GET /xingrg/javascript/jquery_easy_ui/jquery.easyui.min.js HTTP/1.1" 304 -
180.162.232.172 - - [14/Jun/2020:10:01:18 +0800] "GET /xingrg/javascript/jquery_easy_ui/themes/default/easyui.css HTTP/1.1" 304 -
180.162.232.172 - - [14/Jun/2020:10:01:18 +0800] "GET /xingrg/javascript/jquery_easy_ui/easyui-lang-zh_CN.js HTTP/1.1" 304 -
180.162.232.172 - - [14/Jun/2020:10:01:18 +0800] "GET /xingrg/javascript/jquery.form.js HTTP/1.1" 304 -
180.162.232.172 - - [14/Jun/2020:10:01:18 +0800] "GET /xingrg/javascript/jquery.utils.js HTTP/1.1" 304 -
180.162.232.172 - - [14/Jun/2020:10:01:18 +0800] "GET /xingrg/javascript/jquery-1.4.2.min.js HTTP/1.1" 304 -
180.162.232.172 - - [14/Jun/2020:10:01:18 +0800] "POST /xingrg/all/common/load_tree.html?tree=area_rest_tree_json&manage=1 HTTP/1.1" 200 476
180.162.232.172 - - [14/Jun/2020:10:01:18 +0800] "GET /xingrg/check_reg.html?_=1592100212532 HTTP/1.1" 200 22
180.162.232.172 - - [14/Jun/2020:10:01:18 +0800] "GET /xingrg/all/function/internal_message.html?_=1592100212531&CODE_STATE=count HTTP/1.1" 200 11
180.162.232.172 - - [14/Jun/2020:10:01:19 +0800] "POST /xingrg/load_menu.html HTTP/1.1" 200 5138
180.162.232.172 - - [14/Jun/2020:10:01:19 +0800] "GET /favicon.ico HTTP/1.1" 404 -
114.88.170.9 - - [14/Jun/2020:10:01:20 +0800] "GET /xingrg/all/function/internal_message.html?_=1592100074639&CODE_STATE=getMsg HTTP/1.1" 200 27
180.162.232.172 - - [14/Jun/2020:10:01:22 +0800] "GET /xingrg/css/site.css HTTP/1.1" 304 -
180.162.232.172 - - [14/Jun/2020:10:01:22 +0800] "GET /xingrg/css/base.css HTTP/1.1" 304 -
180.162.232.172 - - [14/Jun/2020:10:01:22 +0800] "GET /xingrg/javascript/jquery_tools/datebox.css HTTP/1.1" 304 -
180.162.232.172 - - [14/Jun/2020:10:01:22 +0800] "GET /xingrg/javascript/jquery_tools/fix.css HTTP/1.1" 304 -
180.162.232.172 - - [14/Jun/2020:10:01:22 +0800] "GET /xingrg/javascript/easyui/themes/default/easyui.css HTTP/1.1" 304 -
180.162.232.172 - - [14/Jun/2020:10:01:22 +0800] "GET /xingrg/javascript/easyui/themes/icon.css HTTP/1.1" 304 -
180.162.232.172 - - [14/Jun/2020:10:01:22 +0800] "GET /xingrg/javascript/auto/jquery.autocomplete.css HTTP/1.1" 304 -
180.162.232.172 - - [14/Jun/2020:10:01:22 +0800] "GET /xingrg/javascript/jquery_tools/jquery.tools.min.js HTTP/1.1" 304 -
180.162.232.172 - - [14/Jun/2020:10:01:22 +0800] "GET /xingrg/javascript/jquery_tools/table.css HTTP/1.1" 304 -
180.162.232.172 - - [14/Jun/2020:10:01:22 +0800] "GET /xingrg/javascript/jquery_tools/jquery.tools.extend.js HTTP/1.1" 304 -
180.162.232.172 - - [14/Jun/2020:10:01:22 +0800] "GET /xingrg/javascript/jquery_tools/jquery.tools.hotkey.js HTTP/1.1" 304 -
180.162.232.172 - - [14/Jun/2020:10:01:22 +0800] "GET /xingrg/javascript/auto/jquery.autocomplete.js HTTP/1.1" 304 -
180.162.232.172 - - [14/Jun/2020:10:01:22 +0800] "GET /xingrg/javascript/jquery.cookie.js HTTP/1.1" 304 -
180.162.232.172 - - [14/Jun/2020:10:01:22 +0800] "GET /xingrg/javascript/jquery_tools/list_manager.js HTTP/1.1" 304 -
180.162.232.172 - - [14/Jun/2020:10:01:22 +0800] "GET /xingrg/javascript/jquery_tools/jquery.tools.table.js HTTP/1.1" 304 -
180.162.232.172 - - [14/Jun/2020:10:01:22 +0800] "GET /xingrg/javascript/easyui/easyloader.js HTTP/1.1" 304 -
180.162.232.172 - - [14/Jun/2020:10:01:22 +0800] "GET /xingrg/javascript/print/LodopFuncs.js HTTP/1.1" 304 -
180.162.232.172 - - [14/Jun/2020:10:01:22 +0800] "GET /xingrg/kc/buy/cgsh_order_list.html HTTP/1.1" 200 43289
180.162.232.172 - - [14/Jun/2020:10:01:23 +0800] "GET /xingrg/javascript/easyui/plugins/jquery.parser.js HTTP/1.1" 304 -
180.162.232.172 - - [14/Jun/2020:10:01:23 +0800] "POST /xingrg/kc/buy/cgsh_list_operate.html HTTP/1.1" 200 876
222.69.130.218 - - [14/Jun/2020:10:01:24 +0800] "GET /xingrg/all/function/internal_message.html?_=1592100084354&CODE_STATE=getMsg HTTP/1.1" 200 27
114.88.170.9 - - [14/Jun/2020:10:01:27 +0800] "GET /xingrg/kc/buy/cgsh_order_operate.html?command=get_materiel&rest_code=00111&code=00101008350&supplier_code=00100005&order_time=2020-06-14 HTTP/1.1" 200 408
180.175.214.200 - - [14/Jun/2020:10:01:27 +0800] "GET /xingrg/kc/buy/cgsh_order_operate.html?command=get_materiel&rest_code=00102&code=00101008223&supplier_code=00100008&order_time=2020-06-14 HTTP/1.1" 200 412
114.86.227.175 - - [14/Jun/2020:10:01:31 +0800] "GET /xingrg/all/function/internal_message.html?_=1592100175484&CODE_STATE=getMsg HTTP/1.1" 200 27
172.17.200.101 - - [14/Jun/2020:10:01:33 +0800] "GET /xingrg/check_reg.html?_=1592100094023 HTTP/1.1" 200 22
172.17.200.101 - - [14/Jun/2020:10:01:33 +0800] "GET /xingrg/all/function/internal_message.html?_=1592100094022&CODE_STATE=getMsg HTTP/1.1" 200 27
180.175.214.200 - - [14/Jun/2020:10:01:34 +0800] "GET /xingrg/kc/buy/cgsh_order_operate.html?command=get_materiel&rest_code=00102&code=00101008273&supplier_code=00100008&order_time=2020-06-14 HTTP/1.1" 200 412
114.88.170.9 - - [14/Jun/2020:10:01:35 +0800] "GET /xingrg/kc/buy/cgsh_order_operate.html?command=get_materiel&rest_code=00111&code=00101008028&supplier_code=00100005&order_time=2020-06-14 HTTP/1.1" 200 412
114.86.190.97 - - [14/Jun/2020:10:01:37 +0800] "GET /xingrg/all/function/internal_message.html?_=1592100097146&CODE_STATE=getMsg HTTP/1.1" 200 27
117.185.32.26 - - [14/Jun/2020:10:01:42 +0800] "GET /xingrg/all/function/internal_message.html?_=1592100096482&CODE_STATE=getMsg HTTP/1.1" 200 27
114.88.170.9 - - [14/Jun/2020:10:01:43 +0800] "GET /xingrg/kc/buy/cgsh_order_operate.html?command=get_materiel&rest_code=00111&code=00101008110&supplier_code=00100005&order_time=2020-06-14 HTTP/1.1" 200 408
180.162.232.172 - - [14/Jun/2020:10:01:45 +0800] "GET /xingrg/kc/buy/cgsh_order_list.html HTTP/1.1" 200 43289
114.88.170.9 - - [14/Jun/2020:10:01:45 +0800] "GET /xingrg/all/function/internal_message.html?_=1592100112456&CODE_STATE=getMsg HTTP/1.1" 200 27
180.162.232.172 - - [14/Jun/2020:10:01:45 +0800] "POST /xingrg/kc/buy/cgsh_list_operate.html HTTP/1.1" 200 876
180.175.214.200 - - [14/Jun/2020:10:01:45 +0800] "GET /xingrg/kc/buy/cgsh_order_operate.html?command=get_materiel&rest_code=00102&code=00101015038&supplier_code=00100008&order_time=2020-06-14 HTTP/1.1" 200 418
180.175.214.200 - - [14/Jun/2020:10:01:46 +0800] "GET /xingrg/all/function/internal_message.html?_=1592100105917&CODE_STATE=getMsg HTTP/1.1" 200 27
180.162.232.172 - - [14/Jun/2020:10:01:48 +0800] "GET /xingrg/kc/buy/cgsh_order_list.html HTTP/1.1" 200 43289
180.162.232.172 - - [14/Jun/2020:10:01:48 +0800] "POST /xingrg/kc/buy/cgsh_list_operate.html HTTP/1.1" 200 876
120.204.17.71 - - [14/Jun/2020:10:01:49 +0800] "GET /xingrg/all/function/internal_message.html?_=1592099375675&CODE_STATE=getMsg HTTP/1.1" 302 -
180.175.214.200 - - [14/Jun/2020:10:01:51 +0800] "GET /xingrg/kc/buy/cgsh_order_operate.html?command=get_materiel&rest_code=00102&code=00101015019&supplier_code=00100008&order_time=2020-06-14 HTTP/1.1" 200 413
172.17.0.101 - - [14/Jun/2020:10:01:51 +0800] "GET /xingrg/check_reg.html?_=1592100108892 HTTP/1.1" 200 22
172.17.0.101 - - [14/Jun/2020:10:01:51 +0800] "GET /xingrg/all/function/internal_message.html?_=1592100108895&CODE_STATE=getMsg HTTP/1.1" 200 27
101.228.167.227 - - [14/Jun/2020:10:01:51 +0800] "GET /xingrg/all/function/internal_message.html?_=1592100112550&CODE_STATE=getMsg HTTP/1.1" 200 27
180.162.232.172 - - [14/Jun/2020:10:01:53 +0800] "POST /xingrg/all/user/operate.html HTTP/1.1" 200 36
180.162.232.172 - - [14/Jun/2020:10:01:53 +0800] "GET /xingrg/javascript/jquery_easy_ui/themes/default/easyui.css HTTP/1.1" 304 -
180.162.232.172 - - [14/Jun/2020:10:01:53 +0800] "GET /xingrg/index.html?sysBaseUrl=http%3A%2F%2F180.169.147.146%3A18081%2Fxingrg%2F&costTime=39×tamp=1592100078730 HTTP/1.1" 200 17177
180.162.232.172 - - [14/Jun/2020:10:01:53 +0800] "GET /xingrg/javascript/jquery_easy_ui/themes/icon.css HTTP/1.1" 304 -
180.162.232.172 - - [14/Jun/2020:10:01:53 +0800] "GET /xingrg/css/form.css HTTP/1.1" 304 -
180.162.232.172 - - [14/Jun/2020:10:01:53 +0800] "GET /xingrg/javascript/jquery-1.4.2.min.js HTTP/1.1" 304 -
180.162.232.172 - - [14/Jun/2020:10:01:53 +0800] "GET /xingrg/javascript/jquery_easy_ui/jquery.easyui.min.js HTTP/1.1" 304 -
180.162.232.172 - - [14/Jun/2020:10:01:53 +0800] "GET /xingrg/javascript/jquery_easy_ui/easyui-lang-zh_CN.js HTTP/1.1" 304 -
180.162.232.172 - - [14/Jun/2020:10:01:53 +0800] "GET /xingrg/javascript/jquery.form.js HTTP/1.1" 304 -
180.162.232.172 - - [14/Jun/2020:10:01:53 +0800] "GET /xingrg/javascript/jquery.utils.js HTTP/1.1" 304 -
180.162.232.172 - - [14/Jun/2020:10:01:53 +0800] "GET /xingrg/javascript/jquery.timers.js HTTP/1.1" 304 -
180.162.232.172 - - [14/Jun/2020:10:01:53 +0800] "GET /xingrg/images/blue/jxLogo.png HTTP/1.1" 304 -
180.162.232.172 - - [14/Jun/2020:10:01:53 +0800] "GET /xingrg/images/blue/navBackgound.jpg HTTP/1.1" 304 -
180.162.232.172 - - [14/Jun/2020:10:01:53 +0800] "GET /xingrg/javascript/jquery_easy_ui/themes/icons/settle_new.png HTTP/1.1" 304 -
180.162.232.172 - - [14/Jun/2020:10:01:53 +0800] "POST /xingrg/all/common/load_tree.html?tree=area_rest_tree_json&manage=1 HTTP/1.1" 200 476
180.162.232.172 - - [14/Jun/2020:10:01:53 +0800] "GET /xingrg/images/blue/pingpu.png HTTP/1.1" 304 -
180.162.232.172 - - [14/Jun/2020:10:01:53 +0800] "GET /xingrg/javascript/jquery_easy_ui/themes/default/images/tabs_leftarrow.png HTTP/1.1" 304 -
180.162.232.172 - - [14/Jun/2020:10:01:53 +0800] "GET /xingrg/javascript/jquery_easy_ui/themes/default/images/tabs_rightarrow.png HTTP/1.1" 304 -
180.162.232.172 - - [14/Jun/2020:10:01:53 +0800] "GET /xingrg/javascript/jquery_easy_ui/themes/default/images/panel_tool_collapse.gif HTTP/1.1" 304 -
180.162.232.172 - - [14/Jun/2020:10:01:53 +0800] "GET /xingrg/all/function/internal_message.html?_=1592100247552&CODE_STATE=count HTTP/1.1" 200 11
180.162.232.172 - - [14/Jun/2020:10:01:53 +0800] "GET /xingrg/check_reg.html?_=1592100247552 HTTP/1.1" 200 22
114.84.32.201 - - [14/Jun/2020:10:01:54 +0800] "GET /xingrg/all/function/internal_message.html?_=1592100114036&CODE_STATE=getMsg HTTP/1.1" 200 27
180.162.232.172 - - [14/Jun/2020:10:01:54 +0800] "POST /xingrg/load_menu.html HTTP/1.1" 200 5138
180.162.232.172 - - [14/Jun/2020:10:01:56 +0800] "GET /xingrg/kc/buy/cgsh_order_list.html HTTP/1.1" 200 43287
120.204.17.71 - - [14/Jun/2020:10:01:56 +0800] "GET /xingrg/login.html HTTP/1.1" 200 7641
180.162.232.172 - - [14/Jun/2020:10:01:57 +0800] "POST /xingrg/kc/buy/cgsh_list_operate.html HTTP/1.1" 200 1706
180.175.214.200 - - [14/Jun/2020:10:01:57 +0800] "GET /xingrg/kc/buy/cgsh_order_operate.html?command=get_materiel&rest_code=00102&code=00101015053&supplier_code=00100008&order_time=2020-06-14 HTTP/1.1" 200 412
180.162.232.172 - - [14/Jun/2020:10:01:58 +0800] "POST /xingrg/kc/buy/cgsh_list_operate.html HTTP/1.1" 200 281
180.162.232.172 - - [14/Jun/2020:10:01:59 +0800] "GET /xingrg/javascript/convert.js HTTP/1.1" 304 -
180.162.232.172 - - [14/Jun/2020:10:01:59 +0800] "GET /xingrg/javascript/jquery_tools/order_manager.js HTTP/1.1" 304 -
180.162.232.172 - - [14/Jun/2020:10:01:59 +0800] "GET /xingrg/javascript/pic_change.js HTTP/1.1" 304 -
180.162.232.172 - - [14/Jun/2020:10:01:59 +0800] "GET /xingrg/javascript/json2.js HTTP/1.1" 304 -
180.162.232.172 - - [14/Jun/2020:10:01:59 +0800] "GET /xingrg/javascript/print/kc_print.js HTTP/1.1" 304 -
180.162.232.172 - - [14/Jun/2020:10:01:59 +0800] "GET /xingrg/kc/buy/cgsh_order_info.html?code=212020061405380 HTTP/1.1" 200 58684
180.162.232.172 - - [14/Jun/2020:10:01:59 +0800] "GET /xingrg/words/20200613222249_words.js HTTP/1.1" 304 -
180.162.232.172 - - [14/Jun/2020:10:01:59 +0800] "GET /xingrg/all/common/auto_word.html?type=employee&rest_code=00151 HTTP/1.1" 200 243
180.162.232.172 - - [14/Jun/2020:10:02:00 +0800] "GET /xingrg/all/common/auto_word.html?type=employee&rest_code=00151 HTTP/1.1" 200 243
180.162.232.172 - - [14/Jun/2020:10:02:00 +0800] "GET /xingrg/javascript/easyui/themes/default/validatebox.css HTTP/1.1" 404 1104
180.162.232.172 - - [14/Jun/2020:10:02:00 +0800] "GET /xingrg/javascript/easyui/plugins/jquery.validatebox.js HTTP/1.1" 304 -
180.162.232.172 - - [14/Jun/2020:10:02:00 +0800] "GET /xingrg/javascript/easyui/plugins/jquery.numberbox.js HTTP/1.1" 304 -
180.162.232.172 - - [14/Jun/2020:10:02:00 +0800] "POST /xingrg/kc/buy/cgsh_order_operate.html HTTP/1.1" 200 3273
180.162.232.172 - - [14/Jun/2020:10:02:02 +0800] "GET /xingrg/all/function/internal_message.html?_=1592100121790&CODE_STATE=getMsg HTTP/1.1" 200 27
101.228.167.227 - - [14/Jun/2020:10:02:03 +0800] "GET /xingrg/all/function/internal_message.html?_=1592100124688&CODE_STATE=getMsg HTTP/1.1" 200 27
180.162.232.172 - - [14/Jun/2020:10:02:06 +0800] "GET /xingrg/javascript/auto/indicator.gif HTTP/1.1" 404 1066
114.88.170.9 - - [14/Jun/2020:10:02:07 +0800] "GET /xingrg/kc/buy/cgsh_order_operate.html?command=get_materiel&rest_code=00111&code=00101008006&supplier_code=00100005&order_time=2020-06-14 HTTP/1.1" 200 416
180.175.214.200 - - [14/Jun/2020:10:02:08 +0800] "GET /xingrg/all/function/internal_message.html?_=1592100333337&CODE_STATE=getMsg HTTP/1.1" 200 27
172.17.0.100 - - [14/Jun/2020:10:02:09 +0800] "GET /xingrg/all/function/internal_message.html?_=1592100136226&CODE_STATE=getMsg HTTP/1.1" 200 27
180.175.214.200 - - [14/Jun/2020:10:02:11 +0800] "GET /xingrg/kc/buy/cgsh_order_operate.html?command=get_materiel&rest_code=00102&code=00101008200&supplier_code=00100008&order_time=2020-06-14 HTTP/1.1" 200 412
180.162.232.172 - - [14/Jun/2020:10:02:15 +0800] "POST /xingrg/kc/buy/cgsh_order_operate.html HTTP/1.1" 200 37
172.17.0.240 - - [14/Jun/2020:10:02:15 +0800] "GET /xingrg/all/function/internal_message.html?_=1592100134017&CODE_STATE=getMsg HTTP/1.1" 200 27
180.175.214.200 - - [14/Jun/2020:10:02:16 +0800] "GET /xingrg/kc/buy/cgsh_order_operate.html?command=get_materiel&rest_code=00102&code=00101008095&supplier_code=00100008&order_time=2020-06-14 HTTP/1.1" 200 412
180.162.232.172 - - [14/Jun/2020:10:02:16 +0800] "POST /xingrg/kc/buy/cgsh_order_operate.html HTTP/1.1" 200 12
180.162.232.172 - - [14/Jun/2020:10:02:17 +0800] "GET /xingrg/kc/buy/cgsh_order_info.html?code=212020061405380 HTTP/1.1" 200 53582
180.162.232.172 - - [14/Jun/2020:10:02:17 +0800] "GET /xingrg/javascript/easyui/themes/default/validatebox.css HTTP/1.1" 404 1104
180.162.232.172 - - [14/Jun/2020:10:02:17 +0800] "POST /xingrg/kc/buy/cgsh_order_operate.html HTTP/1.1" 200 1214
114.88.170.9 - - [14/Jun/2020:10:02:20 +0800] "GET /xingrg/all/function/internal_message.html?_=1592100134690&CODE_STATE=getMsg HTTP/1.1" 200 27
222.69.130.218 - - [14/Jun/2020:10:02:24 +0800] "GET /xingrg/all/function/internal_message.html?_=1592100144358&CODE_STATE=getMsg HTTP/1.1" 200 27
117.185.32.26 - - [14/Jun/2020:10:02:24 +0800] "GET /xingrg/check_reg.html?_=1592100139009 HTTP/1.1" 200 22
114.88.170.9 - - [14/Jun/2020:10:02:25 +0800] "GET /xingrg/kc/buy/cgsh_order_operate.html?command=get_materiel&rest_code=00111&code=00101008131&supplier_code=00100005&order_time=2020-06-14 HTTP/1.1" 200 408
180.175.214.200 - - [14/Jun/2020:10:02:26 +0800] "GET /xingrg/kc/buy/cgsh_order_operate.html?command=get_materiel&rest_code=00102&code=00101008168&supplier_code=00100008&order_time=2020-06-14 HTTP/1.1" 200 413
114.86.227.175 - - [14/Jun/2020:10:02:30 +0800] "GET /xingrg/all/function/internal_message.html?_=1592100235483&CODE_STATE=getMsg HTTP/1.1" 200 27
183.192.164.85 - - [14/Jun/2020:10:02:30 +0800] "GET /xingrg/all/function/internal_message.html?_=1592099435649&CODE_STATE=getMsg HTTP/1.1" 302 -
180.175.214.200 - - [14/Jun/2020:10:02:31 +0800] "GET /xingrg/kc/buy/cgsh_order_operate.html?command=get_materiel&rest_code=00102&code=00101008114&supplier_code=00100008&order_time=2020-06-14 HTTP/1.1" 200 412
