114.88.170.9 - - [14/Jun/2020:10:02:33 +0800] "GET /xingrg/kc/buy/cgsh_order_operate.html?command=get_materiel&rest_code=00111&code=00101008295&supplier_code=00100005&order_time=2020-06-14 HTTP/1.1" 200 412
180.162.232.172 - - [14/Jun/2020:10:02:33 +0800] "GET /xingrg/kc/print/load_config.html?kc_code=cgsh HTTP/1.1" 200 1845
172.17.200.101 - - [14/Jun/2020:10:02:33 +0800] "GET /xingrg/all/function/internal_message.html?_=1592100154022&CODE_STATE=getMsg HTTP/1.1" 200 27
180.162.232.172 - - [14/Jun/2020:10:02:33 +0800] "GET /xingrg/kc/print/load_data.html?order_code=212020061405380&kc_code=cgsh&condition= HTTP/1.1" 200 1063
114.86.190.97 - - [14/Jun/2020:10:02:37 +0800] "GET /xingrg/all/function/internal_message.html?_=1592100157156&CODE_STATE=getMsg HTTP/1.1" 200 27
180.175.214.200 - - [14/Jun/2020:10:02:37 +0800] "GET /xingrg/kc/buy/cgsh_order_operate.html?command=get_materiel&rest_code=00102&code=00101015046&supplier_code=00100008&order_time=2020-06-14 HTTP/1.1" 200 412
183.192.164.85 - - [14/Jun/2020:10:02:39 +0800] "GET /xingrg/login.html HTTP/1.1" 200 7641
114.88.170.9 - - [14/Jun/2020:10:02:39 +0800] "GET /xingrg/kc/buy/cgsh_order_operate.html?command=get_materiel&rest_code=00111&code=00101008371&supplier_code=00100005&order_time=2020-06-14 HTTP/1.1" 200 412
180.175.214.200 - - [14/Jun/2020:10:02:39 +0800] "POST /xingrg/kc/buy/cgsh_order_operate.html HTTP/1.1" 200 2065
117.185.32.26 - - [14/Jun/2020:10:02:42 +0800] "GET /xingrg/all/function/internal_message.html?_=1592100156465&CODE_STATE=getMsg HTTP/1.1" 200 27
180.175.214.200 - - [14/Jun/2020:10:02:45 +0800] "GET /xingrg/kc/buy/cgsh_order_operate.html?command=get_materiel&rest_code=00102&code=00101008499&supplier_code=00100008&order_time=2020-06-14 HTTP/1.1" 200 403
114.88.170.9 - - [14/Jun/2020:10:02:45 +0800] "GET /xingrg/all/function/internal_message.html?_=1592100172450&CODE_STATE=getMsg HTTP/1.1" 200 27
180.175.214.200 - - [14/Jun/2020:10:02:46 +0800] "GET /xingrg/all/function/internal_message.html?_=1592100165939&CODE_STATE=getMsg HTTP/1.1" 200 27
172.17.0.101 - - [14/Jun/2020:10:02:51 +0800] "GET /xingrg/all/function/internal_message.html?_=1592100168894&CODE_STATE=getMsg HTTP/1.1" 200 27
180.175.214.200 - - [14/Jun/2020:10:02:51 +0800] "GET /xingrg/kc/buy/cgsh_order_add.html HTTP/1.1" 200 58933
180.175.214.200 - - [14/Jun/2020:10:02:51 +0800] "POST /xingrg/kc/buy/cgsh_order_operate.html HTTP/1.1" 200 8245
101.228.167.227 - - [14/Jun/2020:10:02:51 +0800] "GET /xingrg/all/function/internal_message.html?_=1592100172768&CODE_STATE=getMsg HTTP/1.1" 200 27
180.175.214.200 - - [14/Jun/2020:10:02:52 +0800] "GET /xingrg/javascript/easyui/themes/default/validatebox.css HTTP/1.1" 404 1104
180.175.214.200 - - [14/Jun/2020:10:02:52 +0800] "GET /xingrg/javascript/easyui/themes/default/tree.css HTTP/1.1" 404 1090
180.175.214.200 - - [14/Jun/2020:10:02:53 +0800] "POST /xingrg/all/common/load_tree.html?tree=supplier_tree_json&isDelete=1 HTTP/1.1" 200 49055
180.162.232.172 - - [14/Jun/2020:10:02:53 +0800] "GET /xingrg/all/function/internal_message.html?_=1592100307558&CODE_STATE=getMsg HTTP/1.1" 200 27
114.84.32.201 - - [14/Jun/2020:10:02:54 +0800] "GET /xingrg/all/function/internal_message.html?_=1592100174036&CODE_STATE=getMsg HTTP/1.1" 200 27
180.175.214.200 - - [14/Jun/2020:10:02:56 +0800] "POST /xingrg/kc/buy/cgsh_order_operate.html HTTP/1.1" 200 37
180.175.214.200 - - [14/Jun/2020:10:02:57 +0800] "POST /xingrg/kc/buy/cgsh_order_operate.html HTTP/1.1" 200 13902
114.88.170.9 - - [14/Jun/2020:10:02:59 +0800] "POST /xingrg/kc/buy/cgsh_order_operate.html HTTP/1.1" 200 2065
180.162.232.172 - - [14/Jun/2020:10:03:02 +0800] "GET /xingrg/all/function/internal_message.html?_=1592100181760&CODE_STATE=getMsg HTTP/1.1" 200 27
120.204.17.70 - - [14/Jun/2020:10:03:03 +0800] "GET /xingrg/kc/buy/cgsh_order_operate.html?command=get_materiel&rest_code=00106&code=00102006654&supplier_code=00100079&order_time=2020-06-14 HTTP/1.1" 302 -
114.88.170.9 - - [14/Jun/2020:10:03:03 +0800] "GET /xingrg/kc/buy/cgsh_order_operate.html?command=get_materiel&rest_code=00111&code=00101008213&supplier_code=00100005&order_time=2020-06-14 HTTP/1.1" 200 412
101.228.167.227 - - [14/Jun/2020:10:03:03 +0800] "GET /xingrg/all/function/internal_message.html?_=1592100184788&CODE_STATE=getMsg HTTP/1.1" 200 27
180.175.214.200 - - [14/Jun/2020:10:03:06 +0800] "GET /xingrg/kc/buy/cgsh_order_operate.html?command=get_materiel&rest_code=00102&code=00101016038&supplier_code=00100031&order_time=2020-06-14 HTTP/1.1" 200 408
120.204.17.70 - - [14/Jun/2020:10:03:08 +0800] "GET /xingrg/login.html HTTP/1.1" 200 7641
180.175.214.200 - - [14/Jun/2020:10:03:08 +0800] "GET /xingrg/check_reg.html?_=1592100392812 HTTP/1.1" 200 22
180.175.214.200 - - [14/Jun/2020:10:03:08 +0800] "GET /xingrg/all/function/internal_message.html?_=1592100393350&CODE_STATE=getMsg HTTP/1.1" 200 27
172.17.0.100 - - [14/Jun/2020:10:03:09 +0800] "GET /xingrg/check_reg.html?_=1592100196236 HTTP/1.1" 200 22
172.17.0.100 - - [14/Jun/2020:10:03:09 +0800] "GET /xingrg/all/function/internal_message.html?_=1592100196231&CODE_STATE=getMsg HTTP/1.1" 200 27
114.88.170.9 - - [14/Jun/2020:10:03:09 +0800] "GET /xingrg/kc/buy/cgsh_order_operate.html?command=get_materiel&rest_code=00111&code=00101008188&supplier_code=00100005&order_time=2020-06-14 HTTP/1.1" 200 412
117.131.5.26 - - [14/Jun/2020:10:03:11 +0800] "POST /xingrg/services/DataTransmitService HTTP/1.1" 200 524
117.185.32.26 - - [14/Jun/2020:10:03:13 +0800] "POST /xingrg/kc/buy/cgsh_list_operate.html HTTP/1.1" 200 1692
172.17.0.185 - - [14/Jun/2020:10:03:13 +0800] "GET /xingrg/check_reg.html?_=1592100192170 HTTP/1.1" 200 22
117.185.32.26 - - [14/Jun/2020:10:03:14 +0800] "POST /xingrg/kc/buy/cgsh_list_operate.html HTTP/1.1" 200 590
117.185.32.26 - - [14/Jun/2020:10:03:15 +0800] "GET /xingrg/kc/buy/cgsh_order_info.html?code=212020061405359 HTTP/1.1" 200 59030
172.17.0.240 - - [14/Jun/2020:10:03:15 +0800] "GET /xingrg/all/function/internal_message.html?_=1592100194021&CODE_STATE=getMsg HTTP/1.1" 200 27
117.185.32.26 - - [14/Jun/2020:10:03:15 +0800] "POST /xingrg/kc/buy/cgsh_list_operate.html HTTP/1.1" 200 1692
117.185.32.26 - - [14/Jun/2020:10:03:16 +0800] "GET /xingrg/javascript/easyui/themes/default/validatebox.css HTTP/1.1" 404 1104
117.185.32.26 - - [14/Jun/2020:10:03:16 +0800] "GET /xingrg/all/common/auto_word.html?type=employee&rest_code=00106 HTTP/1.1" 200 205
117.185.32.26 - - [14/Jun/2020:10:03:16 +0800] "GET /xingrg/all/common/auto_word.html?type=employee&rest_code=00106 HTTP/1.1" 200 205
117.185.32.26 - - [14/Jun/2020:10:03:16 +0800] "POST /xingrg/kc/buy/cgsh_order_operate.html HTTP/1.1" 200 39255
180.175.214.200 - - [14/Jun/2020:10:03:18 +0800] "GET /xingrg/kc/buy/cgsh_order_operate.html?command=get_materiel&rest_code=00102&code=00101008072&supplier_code=00100008&order_time=2020-06-14 HTTP/1.1" 200 408
114.88.170.9 - - [14/Jun/2020:10:03:20 +0800] "GET /xingrg/all/function/internal_message.html?_=1592100194698&CODE_STATE=getMsg HTTP/1.1" 200 27
180.175.214.200 - - [14/Jun/2020:10:03:22 +0800] "GET /xingrg/kc/buy/cgsh_order_operate.html?command=get_materiel&rest_code=00102&code=00101005037&supplier_code=00100031&order_time=2020-06-14 HTTP/1.1" 200 409
180.175.214.200 - - [14/Jun/2020:10:03:24 +0800] "GET /xingrg/kc/buy/cgsh_order_operate.html?command=get_materiel&rest_code=00102&code=00102014031&supplier_code=00100008&order_time=2020-06-14 HTTP/1.1" 200 416
114.88.170.9 - - [14/Jun/2020:10:03:24 +0800] "GET /xingrg/kc/buy/cgsh_order_operate.html?command=get_materiel&rest_code=00111&code=00101008305&supplier_code=00100005&order_time=2020-06-14 HTTP/1.1" 200 412
222.69.130.218 - - [14/Jun/2020:10:03:24 +0800] "GET /xingrg/all/function/internal_message.html?_=1592100204364&CODE_STATE=getMsg HTTP/1.1" 200 27
180.175.214.200 - - [14/Jun/2020:10:03:26 +0800] "GET /xingrg/kc/buy/cgsh_order_operate.html?command=get_materiel&rest_code=00102&code=00101008219&supplier_code=00100008&order_time=2020-06-14 HTTP/1.1" 200 414
114.86.227.175 - - [14/Jun/2020:10:03:29 +0800] "GET /xingrg/check_reg.html?_=1592100295482 HTTP/1.1" 200 22
114.86.227.175 - - [14/Jun/2020:10:03:29 +0800] "GET /xingrg/all/function/internal_message.html?_=1592100295482&CODE_STATE=getMsg HTTP/1.1" 200 27
114.88.170.9 - - [14/Jun/2020:10:03:29 +0800] "GET /xingrg/kc/buy/cgsh_order_operate.html?command=get_materiel&rest_code=00111&code=00101008010&supplier_code=00100005&order_time=2020-06-14 HTTP/1.1" 200 412
180.175.214.200 - - [14/Jun/2020:10:03:29 +0800] "GET /xingrg/kc/buy/cgsh_order_operate.html?command=get_materiel&rest_code=00102&code=00101016080&supplier_code=00100031&order_time=2020-06-14 HTTP/1.1" 200 408
172.17.200.101 - - [14/Jun/2020:10:03:33 +0800] "GET /xingrg/all/function/internal_message.html?_=1592100214025&CODE_STATE=getMsg HTTP/1.1" 200 27
114.88.170.9 - - [14/Jun/2020:10:03:35 +0800] "GET /xingrg/kc/buy/cgsh_order_operate.html?command=get_materiel&rest_code=00111&code=00101008306&supplier_code=00100005&order_time=2020-06-14 HTTP/1.1" 200 412
114.88.170.9 - - [14/Jun/2020:10:03:37 +0800] "POST /xingrg/kc/buy/cgsh_order_operate.html HTTP/1.1" 200 2065
114.86.190.97 - - [14/Jun/2020:10:03:37 +0800] "GET /xingrg/all/function/internal_message.html?_=1592100217172&CODE_STATE=getMsg HTTP/1.1" 200 27
117.185.32.26 - - [14/Jun/2020:10:03:42 +0800] "GET /xingrg/all/function/internal_message.html?_=1592100216469&CODE_STATE=getMsg HTTP/1.1" 200 27
114.88.170.9 - - [14/Jun/2020:10:03:43 +0800] "GET /xingrg/kc/buy/cgsh_order_operate.html?command=get_materiel&rest_code=00111&code=00101008276&supplier_code=00100005&order_time=2020-06-14 HTTP/1.1" 200 412
114.88.170.9 - - [14/Jun/2020:10:03:45 +0800] "GET /xingrg/all/function/internal_message.html?_=1592100232417&CODE_STATE=getMsg HTTP/1.1" 200 27
180.175.214.200 - - [14/Jun/2020:10:03:46 +0800] "GET /xingrg/all/function/internal_message.html?_=1592100225948&CODE_STATE=getMsg HTTP/1.1" 200 27
180.175.214.200 - - [14/Jun/2020:10:03:48 +0800] "GET /xingrg/kc/buy/cgsh_order_operate.html?command=get_materiel&rest_code=00102&code=00101016105&supplier_code=00100031&order_time=2020-06-14 HTTP/1.1" 200 409
180.175.214.200 - - [14/Jun/2020:10:03:50 +0800] "GET /xingrg/kc/buy/cgsh_order_operate.html?command=get_materiel&rest_code=00102&code=00101008321&supplier_code=00100008&order_time=2020-06-14 HTTP/1.1" 200 412
172.17.0.101 - - [14/Jun/2020:10:03:51 +0800] "GET /xingrg/all/function/internal_message.html?_=1592100228894&CODE_STATE=getMsg HTTP/1.1" 200 27
101.228.167.227 - - [14/Jun/2020:10:03:52 +0800] "GET /xingrg/all/function/internal_message.html?_=1592100232780&CODE_STATE=getMsg HTTP/1.1" 200 27
180.175.214.200 - - [14/Jun/2020:10:03:52 +0800] "POST /xingrg/kc/buy/cgsh_order_operate.html HTTP/1.1" 200 2065
180.162.232.172 - - [14/Jun/2020:10:03:54 +0800] "GET /xingrg/all/function/internal_message.html?_=1592100367579&CODE_STATE=getMsg HTTP/1.1" 200 27
114.84.32.201 - - [14/Jun/2020:10:03:54 +0800] "GET /xingrg/all/function/internal_message.html?_=1592100234037&CODE_STATE=getMsg HTTP/1.1" 200 27
114.88.170.9 - - [14/Jun/2020:10:03:55 +0800] "GET /xingrg/kc/buy/cgsh_order_operate.html?command=get_materiel&rest_code=00111&code=00101008045&supplier_code=00100005&order_time=2020-06-14 HTTP/1.1" 200 412
180.175.214.200 - - [14/Jun/2020:10:03:57 +0800] "GET /xingrg/kc/buy/cgsh_order_operate.html?command=get_materiel&rest_code=00102&code=00101008024&supplier_code=00100008&order_time=2020-06-14 HTTP/1.1" 200 408
114.88.170.9 - - [14/Jun/2020:10:04:02 +0800] "GET /xingrg/kc/buy/cgsh_order_operate.html?command=get_materiel&rest_code=00111&code=00101008155&supplier_code=00100005&order_time=2020-06-14 HTTP/1.1" 200 410
180.175.214.200 - - [14/Jun/2020:10:04:02 +0800] "GET /xingrg/kc/buy/cgsh_order_operate.html?command=get_materiel&rest_code=00102&code=00101008169&supplier_code=00100008&order_time=2020-06-14 HTTP/1.1" 200 414
180.162.232.172 - - [14/Jun/2020:10:04:02 +0800] "GET /xingrg/all/function/internal_message.html?_=1592100241745&CODE_STATE=getMsg HTTP/1.1" 200 27
180.162.232.172 - - [14/Jun/2020:10:04:03 +0800] "GET /xingrg/check_reg.html?_=1592100241920 HTTP/1.1" 200 22
101.228.167.227 - - [14/Jun/2020:10:04:03 +0800] "GET /xingrg/all/function/internal_message.html?_=1592100244791&CODE_STATE=getMsg HTTP/1.1" 200 27
180.175.214.200 - - [14/Jun/2020:10:04:08 +0800] "POST /xingrg/kc/buy/cgsh_order_operate.html HTTP/1.1" 200 37
180.175.214.200 - - [14/Jun/2020:10:04:08 +0800] "GET /xingrg/all/function/internal_message.html?_=1592100453374&CODE_STATE=getMsg HTTP/1.1" 200 27
120.253.135.82 - - [14/Jun/2020:10:04:09 +0800] "GET /xingrg/check_reg.html?_=1592100372348 HTTP/1.1" 200 22
114.88.170.9 - - [14/Jun/2020:10:04:09 +0800] "GET /xingrg/kc/buy/cgsh_order_operate.html?command=get_materiel&rest_code=00111&code=00101008149&supplier_code=00100005&order_time=2020-06-14 HTTP/1.1" 200 408
172.17.0.100 - - [14/Jun/2020:10:04:09 +0800] "GET /xingrg/all/function/internal_message.html?_=1592100256254&CODE_STATE=getMsg HTTP/1.1" 200 27
180.175.214.200 - - [14/Jun/2020:10:04:09 +0800] "POST /xingrg/kc/buy/cgsh_order_operate.html HTTP/1.1" 200 12
180.175.214.200 - - [14/Jun/2020:10:04:10 +0800] "GET /xingrg/kc/buy/cgsh_order_info.html?code=212020061405387 HTTP/1.1" 200 53836
180.175.214.200 - - [14/Jun/2020:10:04:11 +0800] "POST /xingrg/kc/buy/cgsh_order_operate.html HTTP/1.1" 200 37
180.175.214.200 - - [14/Jun/2020:10:04:11 +0800] "GET /xingrg/javascript/easyui/themes/default/validatebox.css HTTP/1.1" 404 1104
180.175.214.200 - - [14/Jun/2020:10:04:11 +0800] "POST /xingrg/kc/buy/cgsh_order_operate.html HTTP/1.1" 200 2365
180.175.214.200 - - [14/Jun/2020:10:04:11 +0800] "POST /xingrg/kc/buy/cgsh_order_operate.html HTTP/1.1" 200 17460
180.175.214.200 - - [14/Jun/2020:10:04:14 +0800] "GET /xingrg/kc/print/load_data.html?order_code=212020061405387&kc_code=cgsh&condition= HTTP/1.1" 200 1364
172.17.0.240 - - [14/Jun/2020:10:04:15 +0800] "GET /xingrg/all/function/internal_message.html?_=1592100254023&CODE_STATE=getMsg HTTP/1.1" 200 27
114.88.170.9 - - [14/Jun/2020:10:04:17 +0800] "GET /xingrg/kc/buy/cgsh_order_operate.html?command=get_materiel&rest_code=00111&code=00101008436&supplier_code=00100005&order_time=2020-06-14 HTTP/1.1" 200 398
180.175.214.200 - - [14/Jun/2020:10:04:17 +0800] "POST /xingrg/kc/buy/cgsh_list_operate.html HTTP/1.1" 200 2411
114.88.170.9 - - [14/Jun/2020:10:04:20 +0800] "POST /xingrg/kc/buy/cgsh_order_operate.html HTTP/1.1" 200 2065
114.88.170.9 - - [14/Jun/2020:10:04:20 +0800] "GET /xingrg/all/function/internal_message.html?_=1592100254749&CODE_STATE=getMsg HTTP/1.1" 200 27
180.175.214.200 - - [14/Jun/2020:10:04:22 +0800] "POST /xingrg/kc/buy/cgsh_list_operate.html HTTP/1.1" 200 5702
180.175.214.200 - - [14/Jun/2020:10:04:23 +0800] "POST /xingrg/kc/buy/cgsh_list_operate.html HTTP/1.1" 200 571
222.69.130.218 - - [14/Jun/2020:10:04:24 +0800] "GET /xingrg/all/function/internal_message.html?_=1592100264361&CODE_STATE=getMsg HTTP/1.1" 200 27
58.40.7.146 - - [14/Jun/2020:10:04:24 +0800] "GET /xingrg/check_reg.html?_=1592100264717 HTTP/1.1" 200 22
180.175.214.200 - - [14/Jun/2020:10:04:25 +0800] "GET /xingrg/kc/buy/cgsh_order_info.html?code=212020061405383 HTTP/1.1" 200 58948
180.175.214.200 - - [14/Jun/2020:10:04:26 +0800] "GET /xingrg/javascript/easyui/themes/default/validatebox.css HTTP/1.1" 404 1104
180.175.214.200 - - [14/Jun/2020:10:04:26 +0800] "POST /xingrg/kc/buy/cgsh_order_operate.html HTTP/1.1" 200 20378
114.88.170.9 - - [14/Jun/2020:10:04:26 +0800] "GET /xingrg/kc/buy/cgsh_order_operate.html?command=get_materiel&rest_code=00111&code=00101008088&supplier_code=00100005&order_time=2020-06-14 HTTP/1.1" 200 408
114.86.227.175 - - [14/Jun/2020:10:04:27 +0800] "GET /xingrg/all/function/internal_message.html?_=1592100355484&CODE_STATE=getMsg HTTP/1.1" 200 27
117.185.32.26 - - [14/Jun/2020:10:04:31 +0800] "POST /xingrg/kc/buy/cgsh_order_operate.html HTTP/1.1" 200 37
117.185.32.26 - - [14/Jun/2020:10:04:32 +0800] "POST /xingrg/kc/buy/cgsh_order_operate.html HTTP/1.1" 200 39261
172.17.200.101 - - [14/Jun/2020:10:04:33 +0800] "GET /xingrg/all/function/internal_message.html?_=1592100274029&CODE_STATE=getMsg HTTP/1.1" 200 27
116.233.79.27 - - [14/Jun/2020:10:04:36 +0800] "GET /xingrg/check_reg.html?_=1592100276186 HTTP/1.1" 302 -
114.86.190.97 - - [14/Jun/2020:10:04:37 +0800] "GET /xingrg/all/function/internal_message.html?_=1592100277185&CODE_STATE=getMsg HTTP/1.1" 200 27
114.86.190.97 - - [14/Jun/2020:10:04:37 +0800] "GET /xingrg/check_reg.html?_=1592100277201 HTTP/1.1" 200 22
180.175.214.200 - - [14/Jun/2020:10:04:39 +0800] "POST /xingrg/kc/buy/cgsh_order_operate.html HTTP/1.1" 200 37
180.175.214.200 - - [14/Jun/2020:10:04:39 +0800] "POST /xingrg/kc/buy/cgsh_order_operate.html HTTP/1.1" 200 20378
114.88.170.9 - - [14/Jun/2020:10:04:40 +0800] "GET /xingrg/kc/buy/cgsh_order_operate.html?command=get_materiel&rest_code=00111&code=00101008004&supplier_code=00100005&order_time=2020-06-14 HTTP/1.1" 200 416
117.185.32.26 - - [14/Jun/2020:10:04:42 +0800] "GET /xingrg/all/function/internal_message.html?_=1592100276441&CODE_STATE=getMsg HTTP/1.1" 200 27
120.204.17.72 - - [14/Jun/2020:10:04:42 +0800] "GET /xingrg/kc/buy/cgsh_order_operate.html?command=get_materiel&rest_code=00106&code=00102006657&supplier_code=00100079&order_time=2020-06-14 HTTP/1.1" 302 -
114.88.170.9 - - [14/Jun/2020:10:04:45 +0800] "GET /xingrg/all/function/internal_message.html?_=1592100292491&CODE_STATE=getMsg HTTP/1.1" 200 27
180.175.214.200 - - [14/Jun/2020:10:04:46 +0800] "GET /xingrg/check_reg.html?_=1592100285323 HTTP/1.1" 200 22
180.175.214.200 - - [14/Jun/2020:10:04:48 +0800] "GET /xingrg/all/function/internal_message.html?_=1592100287414&CODE_STATE=getMsg HTTP/1.1" 200 27
180.175.214.200 - - [14/Jun/2020:10:04:48 +0800] "POST /xingrg/kc/buy/cgsh_order_operate.html HTTP/1.1" 200 37
120.204.17.72 - - [14/Jun/2020:10:04:48 +0800] "GET /xingrg/login.html HTTP/1.1" 200 7641
101.228.167.227 - - [14/Jun/2020:10:04:49 +0800] "GET /xingrg/check_reg.html?_=1592100290022 HTTP/1.1" 200 22
180.175.214.200 - - [14/Jun/2020:10:04:49 +0800] "POST /xingrg/kc/buy/cgsh_order_operate.html HTTP/1.1" 200 20378
114.88.170.9 - - [14/Jun/2020:10:04:49 +0800] "GET /xingrg/check_reg.html?_=1592100283464 HTTP/1.1" 200 22
172.17.0.101 - - [14/Jun/2020:10:04:51 +0800] "GET /xingrg/all/function/internal_message.html?_=1592100288907&CODE_STATE=getMsg HTTP/1.1" 200 27
101.228.167.227 - - [14/Jun/2020:10:04:52 +0800] "GET /xingrg/all/function/internal_message.html?_=1592100293012&CODE_STATE=getMsg HTTP/1.1" 200 27
180.175.214.200 - - [14/Jun/2020:10:04:52 +0800] "POST /xingrg/kc/buy/cgsh_list_operate.html HTTP/1.1" 200 2411
180.162.232.172 - - [14/Jun/2020:10:04:54 +0800] "GET /xingrg/all/function/internal_message.html?_=1592100427585&CODE_STATE=getMsg HTTP/1.1" 200 27
114.84.32.201 - - [14/Jun/2020:10:04:54 +0800] "GET /xingrg/all/function/internal_message.html?_=1592100294037&CODE_STATE=getMsg HTTP/1.1" 200 27
180.175.214.200 - - [14/Jun/2020:10:04:54 +0800] "POST /xingrg/kc/buy/cgsh_list_operate.html HTTP/1.1" 200 2411
180.162.232.172 - - [14/Jun/2020:10:05:02 +0800] "GET /xingrg/all/function/internal_message.html?_=1592100301718&CODE_STATE=getMsg HTTP/1.1" 200 27
101.228.167.227 - - [14/Jun/2020:10:05:03 +0800] "GET /xingrg/all/function/internal_message.html?_=1592100304903&CODE_STATE=getMsg HTTP/1.1" 200 27
114.88.170.9 - - [14/Jun/2020:10:05:05 +0800] "GET /xingrg/kc/buy/cgsh_order_operate.html?command=get_materiel&rest_code=00111&code=00101008264&supplier_code=00100005&order_time=2020-06-14 HTTP/1.1" 200 412
114.88.170.9 - - [14/Jun/2020:10:05:07 +0800] "POST /xingrg/kc/buy/cgsh_order_operate.html HTTP/1.1" 200 2065
180.175.214.200 - - [14/Jun/2020:10:05:07 +0800] "POST /xingrg/kc/buy/cgsh_list_operate.html HTTP/1.1" 200 4
180.175.214.200 - - [14/Jun/2020:10:05:09 +0800] "POST /xingrg/kc/buy/cgsh_list_operate.html HTTP/1.1" 200 876
180.175.214.200 - - [14/Jun/2020:10:05:09 +0800] "GET /xingrg/all/function/internal_message.html?_=1592100513586&CODE_STATE=getMsg HTTP/1.1" 200 27
172.17.0.100 - - [14/Jun/2020:10:05:09 +0800] "GET /xingrg/all/function/internal_message.html?_=1592100316235&CODE_STATE=getMsg HTTP/1.1" 200 27
114.88.170.9 - - [14/Jun/2020:10:05:11 +0800] "GET /xingrg/kc/buy/cgsh_order_operate.html?command=get_materiel&rest_code=00111&code=00101009030&supplier_code=00100005&order_time=2020-06-14 HTTP/1.1" 200 412
172.17.0.240 - - [14/Jun/2020:10:05:15 +0800] "GET /xingrg/all/function/internal_message.html?_=1592100314024&CODE_STATE=getMsg HTTP/1.1" 200 27
172.17.0.240 - - [14/Jun/2020:10:05:15 +0800] "GET /xingrg/check_reg.html?_=1592100314025 HTTP/1.1" 200 22
114.88.170.9 - - [14/Jun/2020:10:05:17 +0800] "GET /xingrg/kc/buy/cgsh_order_operate.html?command=get_materiel&rest_code=00111&code=00101008196&supplier_code=00100005&order_time=2020-06-14 HTTP/1.1" 200 416
114.88.170.9 - - [14/Jun/2020:10:05:20 +0800] "GET /xingrg/all/function/internal_message.html?_=1592100314756&CODE_STATE=getMsg HTTP/1.1" 200 27
180.175.214.200 - - [14/Jun/2020:10:05:22 +0800] "GET /xingrg/kc/buy/cgsh_order_list.html HTTP/1.1" 200 43283
114.88.170.9 - - [14/Jun/2020:10:05:23 +0800] "GET /xingrg/kc/buy/cgsh_order_operate.html?command=get_materiel&rest_code=00111&code=00101008357&supplier_code=00100005&order_time=2020-06-14 HTTP/1.1" 200 408
180.175.214.200 - - [14/Jun/2020:10:05:24 +0800] "POST /xingrg/kc/buy/cgsh_list_operate.html HTTP/1.1" 200 876
222.69.130.218 - - [14/Jun/2020:10:05:24 +0800] "GET /xingrg/all/function/internal_message.html?_=1592100324356&CODE_STATE=getMsg HTTP/1.1" 200 27
222.69.130.218 - - [14/Jun/2020:10:05:24 +0800] "GET /xingrg/check_reg.html?_=1592100324362 HTTP/1.1" 200 22
114.86.227.175 - - [14/Jun/2020:10:05:26 +0800] "GET /xingrg/all/function/internal_message.html?_=1592100415484&CODE_STATE=getMsg HTTP/1.1" 200 27
114.88.170.9 - - [14/Jun/2020:10:05:28 +0800] "GET /xingrg/kc/buy/cgsh_order_operate.html?command=get_materiel&rest_code=00111&code=00101008069&supplier_code=00100005&order_time=2020-06-14 HTTP/1.1" 200 412
101.228.167.227 - - [14/Jun/2020:10:05:31 +0800] "GET /xingrg/check_reg.html?_=1592100332418 HTTP/1.1" 200 22
172.17.200.101 - - [14/Jun/2020:10:05:33 +0800] "GET /xingrg/all/function/internal_message.html?_=1592100334033&CODE_STATE=getMsg HTTP/1.1" 200 27
114.88.170.9 - - [14/Jun/2020:10:05:35 +0800] "POST /xingrg/kc/buy/cgsh_order_operate.html HTTP/1.1" 200 2065
114.86.190.97 - - [14/Jun/2020:10:05:37 +0800] "GET /xingrg/all/function/internal_message.html?_=1592100337174&CODE_STATE=getMsg HTTP/1.1" 200 27
180.175.214.200 - - [14/Jun/2020:10:05:38 +0800] "GET /xingrg/kc/buy/cgsh_order_add.html HTTP/1.1" 200 58933
180.175.214.200 - - [14/Jun/2020:10:05:38 +0800] "POST /xingrg/kc/buy/cgsh_order_operate.html HTTP/1.1" 200 8245
180.175.214.200 - - [14/Jun/2020:10:05:38 +0800] "GET /xingrg/javascript/easyui/themes/default/validatebox.css HTTP/1.1" 404 1104
114.88.170.9 - - [14/Jun/2020:10:05:39 +0800] "GET /xingrg/kc/buy/cgsh_order_operate.html?command=get_materiel&rest_code=00111&code=00101008036&supplier_code=00100005&order_time=2020-06-14 HTTP/1.1" 200 408
117.185.32.26 - - [14/Jun/2020:10:05:41 +0800] "GET /xingrg/all/function/internal_message.html?_=1592100336418&CODE_STATE=getMsg HTTP/1.1" 200 27
114.88.170.9 - - [14/Jun/2020:10:05:45 +0800] "GET /xingrg/all/function/internal_message.html?_=1592100352394&CODE_STATE=getMsg HTTP/1.1" 200 27
114.88.170.9 - - [14/Jun/2020:10:05:45 +0800] "GET /xingrg/check_reg.html?_=1592100352397 HTTP/1.1" 200 22
180.175.214.200 - - [14/Jun/2020:10:05:48 +0800] "GET /xingrg/all/function/internal_message.html?_=1592100347430&CODE_STATE=getMsg HTTP/1.1" 200 27
114.88.170.9 - - [14/Jun/2020:10:05:50 +0800] "GET /xingrg/kc/buy/cgsh_order_operate.html?command=get_materiel&rest_code=00111&code=00101008318&supplier_code=00100005&order_time=2020-06-14 HTTP/1.1" 200 408
172.17.0.101 - - [14/Jun/2020:10:05:51 +0800] "GET /xingrg/all/function/internal_message.html?_=1592100348906&CODE_STATE=getMsg HTTP/1.1" 200 27
101.228.167.227 - - [14/Jun/2020:10:05:52 +0800] "GET /xingrg/all/function/internal_message.html?_=1592100353230&CODE_STATE=getMsg HTTP/1.1" 200 27
180.162.232.172 - - [14/Jun/2020:10:05:54 +0800] "GET /xingrg/all/function/internal_message.html?_=1592100487606&CODE_STATE=getMsg HTTP/1.1" 200 27
114.84.32.201 - - [14/Jun/2020:10:05:54 +0800] "GET /xingrg/all/function/internal_message.html?_=1592100354037&CODE_STATE=getMsg HTTP/1.1" 200 27
114.84.32.201 - - [14/Jun/2020:10:05:54 +0800] "GET /xingrg/check_reg.html?_=1592100354039 HTTP/1.1" 200 22
117.185.32.26 - - [14/Jun/2020:10:05:54 +0800] "POST /xingrg/kc/buy/cgsh_list_operate.html HTTP/1.1" 200 1692
117.185.32.26 - - [14/Jun/2020:10:05:55 +0800] "POST /xingrg/kc/buy/cgsh_list_operate.html HTTP/1.1" 200 1692
117.185.32.26 - - [14/Jun/2020:10:05:58 +0800] "POST /xingrg/kc/buy/cgsh_list_operate.html HTTP/1.1" 200 1692
117.185.32.26 - - [14/Jun/2020:10:05:59 +0800] "POST /xingrg/kc/buy/cgsh_list_operate.html HTTP/1.1" 200 590
117.185.32.26 - - [14/Jun/2020:10:06:00 +0800] "GET /xingrg/kc/buy/cgsh_order_info.html?code=212020061405359 HTTP/1.1" 200 59030
117.185.32.26 - - [14/Jun/2020:10:06:00 +0800] "GET /xingrg/javascript/easyui/themes/default/validatebox.css HTTP/1.1" 404 1104
117.185.32.26 - - [14/Jun/2020:10:06:00 +0800] "POST /xingrg/kc/buy/cgsh_order_operate.html HTTP/1.1" 200 39261
114.88.170.9 - - [14/Jun/2020:10:06:01 +0800] "GET /xingrg/kc/buy/cgsh_order_operate.html?command=get_materiel&rest_code=00111&code=00101008352&supplier_code=00100005&order_time=2020-06-14 HTTP/1.1" 200 412
180.162.232.172 - - [14/Jun/2020:10:06:02 +0800] "GET /xingrg/all/function/internal_message.html?_=1592100361715&CODE_STATE=getMsg HTTP/1.1" 200 27
101.228.167.227 - - [14/Jun/2020:10:06:03 +0800] "GET /xingrg/all/function/internal_message.html?_=1592100364912&CODE_STATE=getMsg HTTP/1.1" 200 27
180.175.214.200 - - [14/Jun/2020:10:06:09 +0800] "GET /xingrg/all/function/internal_message.html?_=1592100573816&CODE_STATE=getMsg HTTP/1.1" 200 27
172.17.0.100 - - [14/Jun/2020:10:06:09 +0800] "GET /xingrg/all/function/internal_message.html?_=1592100376231&CODE_STATE=getMsg HTTP/1.1" 200 27
172.17.0.240 - - [14/Jun/2020:10:06:15 +0800] "GET /xingrg/all/function/internal_message.html?_=1592100374027&CODE_STATE=getMsg HTTP/1.1" 200 27
183.192.164.214 - - [14/Jun/2020:10:06:16 +0800] "GET /xingrg/kc/buy/cgsh_order_operate.html?command=get_materiel&rest_code=00106&code=00102006661&supplier_code=00100079&order_time=2020-06-14 HTTP/1.1" 302 -
114.88.170.9 - - [14/Jun/2020:10:06:17 +0800] "GET /xingrg/kc/buy/cgsh_order_operate.html?command=get_materiel&rest_code=00111&code=00101008271&supplier_code=00100005&order_time=2020-06-14 HTTP/1.1" 200 410
114.88.170.9 - - [14/Jun/2020:10:06:21 +0800] "GET /xingrg/all/function/internal_message.html?_=1592100374770&CODE_STATE=getMsg HTTP/1.1" 200 27
114.88.170.9 - - [14/Jun/2020:10:06:22 +0800] "POST /xingrg/kc/buy/cgsh_order_operate.html HTTP/1.1" 200 2065
183.192.164.214 - - [14/Jun/2020:10:06:23 +0800] "GET /xingrg/login.html HTTP/1.1" 200 7641
222.69.130.218 - - [14/Jun/2020:10:06:24 +0800] "GET /xingrg/all/function/internal_message.html?_=1592100384373&CODE_STATE=getMsg HTTP/1.1" 200 27
114.86.227.175 - - [14/Jun/2020:10:06:25 +0800] "GET /xingrg/all/function/internal_message.html?_=1592100475481&CODE_STATE=getMsg HTTP/1.1" 200 27
117.185.32.26 - - [14/Jun/2020:10:06:26 +0800] "POST /xingrg/kc/buy/cgsh_order_operate.html HTTP/1.1" 200 37
114.88.170.9 - - [14/Jun/2020:10:06:27 +0800] "GET /xingrg/kc/buy/cgsh_order_operate.html?command=get_materiel&rest_code=00111&code=00101008353&supplier_code=00100005&order_time=2020-06-14 HTTP/1.1" 200 408
117.185.32.26 - - [14/Jun/2020:10:06:27 +0800] "POST /xingrg/kc/buy/cgsh_order_operate.html HTTP/1.1" 200 39257
172.17.200.101 - - [14/Jun/2020:10:06:33 +0800] "GET /xingrg/check_reg.html?_=1592100394036 HTTP/1.1" 200 22
172.17.200.101 - - [14/Jun/2020:10:06:33 +0800] "GET /xingrg/all/function/internal_message.html?_=1592100394041&CODE_STATE=getMsg HTTP/1.1" 200 27
114.88.170.9 - - [14/Jun/2020:10:06:34 +0800] "GET /xingrg/kc/buy/cgsh_order_operate.html?command=get_materiel&rest_code=00111&code=00101008106&supplier_code=00100005&order_time=2020-06-14 HTTP/1.1" 200 413
114.86.190.97 - - [14/Jun/2020:10:06:37 +0800] "GET /xingrg/all/function/internal_message.html?_=1592100397186&CODE_STATE=getMsg HTTP/1.1" 200 27
117.185.32.26 - - [14/Jun/2020:10:06:41 +0800] "POST /xingrg/kc/buy/cgsh_list_operate.html HTTP/1.1" 200 1692
117.185.32.26 - - [14/Jun/2020:10:06:41 +0800] "GET /xingrg/all/function/internal_message.html?_=1592100396439&CODE_STATE=getMsg HTTP/1.1" 200 27
116.230.77.149 - - [14/Jun/2020:10:06:42 +0800] "GET /xingrg/login.html HTTP/1.1" 200 7641
116.230.77.149 - - [14/Jun/2020:10:06:43 +0800] "GET /xingrg/images/blue/jxLogo.png HTTP/1.1" 200 6156
116.230.77.149 - - [14/Jun/2020:10:06:43 +0800] "GET /xingrg/images/blue/login_bg.png HTTP/1.1" 200 22101
116.230.77.149 - - [14/Jun/2020:10:06:43 +0800] "GET /xingrg/images/blue/srbg.png HTTP/1.1" 200 138
116.230.77.149 - - [14/Jun/2020:10:06:43 +0800] "GET /xingrg/images/blue/hj.png HTTP/1.1" 200 1014
116.230.77.149 - - [14/Jun/2020:10:06:43 +0800] "GET /favicon.ico HTTP/1.1" 404 -
116.230.77.149 - - [14/Jun/2020:10:06:44 +0800] "POST /xingrg/login.do HTTP/1.1" 302 -
116.230.77.149 - - [14/Jun/2020:10:06:45 +0800] "GET /xingrg/index.html?sysBaseUrl=http%3A%2F%2F180.169.147.146%3A18081%2Fxingrg%2F&costTime=39×tamp=1592100404993 HTTP/1.1" 200 17179
116.230.77.149 - - [14/Jun/2020:10:06:45 +0800] "GET /xingrg/css/form.css HTTP/1.1" 200 893
116.230.77.149 - - [14/Jun/2020:10:06:45 +0800] "GET /xingrg/javascript/jquery_easy_ui/themes/icon.css HTTP/1.1" 200 3949
116.230.77.149 - - [14/Jun/2020:10:06:45 +0800] "GET /xingrg/javascript/jquery-1.4.2.min.js HTTP/1.1" 200 72205
116.230.77.149 - - [14/Jun/2020:10:06:45 +0800] "GET /xingrg/javascript/jquery_easy_ui/jquery.easyui.min.js HTTP/1.1" 200 213662
116.230.77.149 - - [14/Jun/2020:10:06:45 +0800] "GET /xingrg/javascript/jquery_easy_ui/themes/default/easyui.css HTTP/1.1" 200 26500
116.230.77.149 - - [14/Jun/2020:10:06:45 +0800] "GET /xingrg/javascript/jquery_easy_ui/easyui-lang-zh_CN.js HTTP/1.1" 200 1900
116.230.77.149 - - [14/Jun/2020:10:06:45 +0800] "GET /xingrg/javascript/jquery.timers.js HTTP/1.1" 200 3532
116.230.77.149 - - [14/Jun/2020:10:06:45 +0800] "GET /xingrg/javascript/jquery.utils.js HTTP/1.1" 200 11805
116.230.77.149 - - [14/Jun/2020:10:06:45 +0800] "GET /xingrg/javascript/jquery.form.js HTTP/1.1" 200 23110
114.88.170.9 - - [14/Jun/2020:10:06:45 +0800] "GET /xingrg/all/function/internal_message.html?_=1592100412440&CODE_STATE=getMsg HTTP/1.1" 200 27
116.230.77.149 - - [14/Jun/2020:10:06:45 +0800] "GET /xingrg/javascript/jquery_easy_ui/themes/icons/settle_new.png HTTP/1.1" 200 826
116.230.77.149 - - [14/Jun/2020:10:06:45 +0800] "GET /xingrg/images/blue/navBackgound.jpg HTTP/1.1" 200 12378
116.230.77.149 - - [14/Jun/2020:10:06:45 +0800] "GET /xingrg/images/blue/pingpu.png HTTP/1.1" 200 231
116.230.77.149 - - [14/Jun/2020:10:06:45 +0800] "GET /xingrg/javascript/jquery_easy_ui/themes/default/images/tabs_leftarrow.png HTTP/1.1" 200 389
116.230.77.149 - - [14/Jun/2020:10:06:45 +0800] "GET /xingrg/javascript/jquery_easy_ui/themes/default/images/panel_tool_collapse.gif HTTP/1.1" 200 246
116.230.77.149 - - [14/Jun/2020:10:06:45 +0800] "GET /xingrg/javascript/jquery_easy_ui/themes/default/images/tabs_rightarrow.png HTTP/1.1" 200 395
116.230.77.149 - - [14/Jun/2020:10:06:45 +0800] "POST /xingrg/all/common/load_tree.html?tree=area_rest_tree_json&manage=1 HTTP/1.1" 200 604
116.230.77.149 - - [14/Jun/2020:10:06:46 +0800] "GET /xingrg/javascript/jquery_easy_ui/themes/default/images/tree_arrows.gif HTTP/1.1" 200 1043
116.230.77.149 - - [14/Jun/2020:10:06:46 +0800] "GET /favicon.ico HTTP/1.1" 404 -
116.230.77.149 - - [14/Jun/2020:10:06:46 +0800] "GET /xingrg/all/function/internal_message.html?_=1592099542589&CODE_STATE=count HTTP/1.1" 200 11
116.230.77.149 - - [14/Jun/2020:10:06:46 +0800] "GET /xingrg/check_reg.html?_=1592099542591 HTTP/1.1" 200 22
116.230.77.149 - - [14/Jun/2020:10:06:46 +0800] "POST /xingrg/load_menu.html HTTP/1.1" 200 5138
120.204.17.70 - - [14/Jun/2020:10:06:46 +0800] "GET /xingrg/kc/buy/cgsh_order_operate.html?command=get_materiel&rest_code=00106&code=00102006664&supplier_code=00100079&order_time=2020-06-14 HTTP/1.1" 302 -
116.230.77.149 - - [14/Jun/2020:10:06:46 +0800] "GET /xingrg/javascript/jquery_easy_ui/themes/default/images/tree_folder_open.gif HTTP/1.1" 200 956
116.230.77.149 - - [14/Jun/2020:10:06:46 +0800] "GET /xingrg/javascript/jquery_easy_ui/themes/icons/search_new.png HTTP/1.1" 200 586
116.230.77.149 - - [14/Jun/2020:10:06:46 +0800] "GET /xingrg/javascript/jquery_easy_ui/themes/default/images/tree_folder.gif HTTP/1.1" 200 952
116.230.77.149 - - [14/Jun/2020:10:06:46 +0800] "GET /xingrg/javascript/jquery_easy_ui/themes/icons/storage_new.png HTTP/1.1" 200 853
116.230.77.149 - - [14/Jun/2020:10:06:46 +0800] "GET /xingrg/javascript/jquery_easy_ui/themes/icons/forms_new.png HTTP/1.1" 200 350
116.230.77.149 - - [14/Jun/2020:10:06:46 +0800] "GET /xingrg/javascript/jquery_easy_ui/themes/default/images/tree_file.gif HTTP/1.1" 200 118
180.175.214.200 - - [14/Jun/2020:10:06:48 +0800] "GET /xingrg/all/function/internal_message.html?_=1592100407436&CODE_STATE=getMsg HTTP/1.1" 200 27
116.230.77.149 - - [14/Jun/2020:10:06:49 +0800] "GET /xingrg/login.html HTTP/1.1" 200 7641
116.230.77.149 - - [14/Jun/2020:10:06:49 +0800] "GET /xingrg/images/blue/jxLogo.png HTTP/1.1" 304 -
116.230.77.149 - - [14/Jun/2020:10:06:49 +0800] "GET /xingrg/images/blue/login_bg.png HTTP/1.1" 304 -
116.230.77.149 - - [14/Jun/2020:10:06:50 +0800] "GET /xingrg/images/blue/srbg.png HTTP/1.1" 304 -
116.230.77.149 - - [14/Jun/2020:10:06:50 +0800] "GET /xingrg/images/blue/hj.png HTTP/1.1" 304 -
116.230.77.149 - - [14/Jun/2020:10:06:50 +0800] "GET /favicon.ico HTTP/1.1" 404 -
172.17.0.101 - - [14/Jun/2020:10:06:51 +0800] "GET /xingrg/all/function/internal_message.html?_=1592100408906&CODE_STATE=getMsg HTTP/1.1" 302 -
172.17.0.101 - - [14/Jun/2020:10:06:51 +0800] "GET /xingrg/check_reg.html?_=1592100408909 HTTP/1.1" 302 -
172.17.0.101 - - [14/Jun/2020:10:06:51 +0800] "GET /xingrg/login.html HTTP/1.1" 200 7636
172.17.0.101 - - [14/Jun/2020:10:06:51 +0800] "GET /xingrg/login.html HTTP/1.1" 200 7636
101.228.167.227 - - [14/Jun/2020:10:06:52 +0800] "GET /xingrg/all/function/internal_message.html?_=1592100413243&CODE_STATE=getMsg HTTP/1.1" 200 27
180.162.232.172 - - [14/Jun/2020:10:06:53 +0800] "GET /xingrg/check_reg.html?_=1592100547556 HTTP/1.1" 200 22
180.162.232.172 - - [14/Jun/2020:10:06:54 +0800] "GET /xingrg/all/function/internal_message.html?_=1592100547618&CODE_STATE=getMsg HTTP/1.1" 200 27
114.84.32.201 - - [14/Jun/2020:10:06:54 +0800] "GET /xingrg/all/function/internal_message.html?_=1592100414038&CODE_STATE=getMsg HTTP/1.1" 200 27
120.204.17.70 - - [14/Jun/2020:10:06:56 +0800] "GET /xingrg/login.html HTTP/1.1" 200 7641
114.88.170.9 - - [14/Jun/2020:10:06:58 +0800] "GET /xingrg/kc/buy/cgsh_order_operate.html?command=get_materiel&rest_code=00111&code=00101008101&supplier_code=00100005&order_time=2020-06-14 HTTP/1.1" 200 412
180.162.232.172 - - [14/Jun/2020:10:07:02 +0800] "GET /xingrg/all/function/internal_message.html?_=1592100421701&CODE_STATE=getMsg HTTP/1.1" 200 27
116.230.77.149 - - [14/Jun/2020:10:07:02 +0800] "POST /xingrg/login.do HTTP/1.1" 302 -
116.230.77.149 - - [14/Jun/2020:10:07:03 +0800] "GET /xingrg/javascript/jquery_easy_ui/themes/icon.css HTTP/1.1" 304 -
116.230.77.149 - - [14/Jun/2020:10:07:03 +0800] "GET /xingrg/javascript/jquery_easy_ui/themes/default/easyui.css HTTP/1.1" 304 -
116.230.77.149 - - [14/Jun/2020:10:07:03 +0800] "GET /xingrg/javascript/jquery_easy_ui/easyui-lang-zh_CN.js HTTP/1.1" 304 -
116.230.77.149 - - [14/Jun/2020:10:07:03 +0800] "GET /xingrg/css/form.css HTTP/1.1" 304 -
116.230.77.149 - - [14/Jun/2020:10:07:03 +0800] "GET /xingrg/index.html?sysBaseUrl=http%3A%2F%2F180.169.147.146%3A18081%2Fxingrg%2F&costTime=39×tamp=1592100422958 HTTP/1.1" 200 17419
116.230.77.149 - - [14/Jun/2020:10:07:03 +0800] "GET /xingrg/javascript/jquery.utils.js HTTP/1.1" 304 -
116.230.77.149 - - [14/Jun/2020:10:07:03 +0800] "GET /xingrg/javascript/jquery.timers.js HTTP/1.1" 304 -
116.230.77.149 - - [14/Jun/2020:10:07:03 +0800] "GET /xingrg/javascript/jquery.form.js HTTP/1.1" 304 -
116.230.77.149 - - [14/Jun/2020:10:07:03 +0800] "GET /favicon.ico HTTP/1.1" 404 -
116.230.77.149 - - [14/Jun/2020:10:07:03 +0800] "GET /xingrg/javascript/jquery_easy_ui/jquery.easyui.min.js HTTP/1.1" 304 -
116.230.77.149 - - [14/Jun/2020:10:07:03 +0800] "GET /xingrg/javascript/jquery-1.4.2.min.js HTTP/1.1" 304 -
116.230.77.149 - - [14/Jun/2020:10:07:03 +0800] "GET /xingrg/images/blue/navBackgound.jpg HTTP/1.1" 304 -
116.230.77.149 - - [14/Jun/2020:10:07:03 +0800] "GET /xingrg/javascript/jquery_easy_ui/themes/icons/settle_new.png HTTP/1.1" 304 -
101.228.167.227 - - [14/Jun/2020:10:07:03 +0800] "GET /xingrg/all/function/internal_message.html?_=1592100424926&CODE_STATE=getMsg HTTP/1.1" 200 27
116.230.77.149 - - [14/Jun/2020:10:07:03 +0800] "GET /xingrg/javascript/jquery_easy_ui/themes/default/images/tabs_leftarrow.png HTTP/1.1" 304 -
116.230.77.149 - - [14/Jun/2020:10:07:03 +0800] "GET /xingrg/images/blue/pingpu.png HTTP/1.1" 304 -
116.230.77.149 - - [14/Jun/2020:10:07:03 +0800] "GET /xingrg/javascript/jquery_easy_ui/themes/default/images/tabs_rightarrow.png HTTP/1.1" 304 -
116.230.77.149 - - [14/Jun/2020:10:07:03 +0800] "POST /xingrg/all/common/load_tree.html?tree=area_rest_tree_json&manage=1 HTTP/1.1" 200 351
116.230.77.149 - - [14/Jun/2020:10:07:03 +0800] "GET /xingrg/javascript/jquery_easy_ui/themes/default/images/panel_tool_collapse.gif HTTP/1.1" 304 -
116.230.77.149 - - [14/Jun/2020:10:07:03 +0800] "GET /xingrg/javascript/jquery_easy_ui/themes/default/images/panel_tool_expand.gif HTTP/1.1" 200 247
116.230.77.149 - - [14/Jun/2020:10:07:04 +0800] "GET /xingrg/all/function/internal_message.html?_=1592099560276&CODE_STATE=count HTTP/1.1" 200 11
116.230.77.149 - - [14/Jun/2020:10:07:04 +0800] "GET /xingrg/check_reg.html?_=1592099560278 HTTP/1.1" 200 22
116.230.77.149 - - [14/Jun/2020:10:07:04 +0800] "GET /xingrg/javascript/jquery_easy_ui/themes/default/images/tree_arrows.gif HTTP/1.1" 304 -
116.230.77.149 - - [14/Jun/2020:10:07:04 +0800] "POST /xingrg/load_menu.html HTTP/1.1" 200 9959
116.230.77.149 - - [14/Jun/2020:10:07:04 +0800] "GET /xingrg/javascript/jquery_easy_ui/themes/default/images/tree_folder_open.gif HTTP/1.1" 304 -
116.230.77.149 - - [14/Jun/2020:10:07:04 +0800] "GET /xingrg/javascript/jquery_easy_ui/themes/icons/search_new.png HTTP/1.1" 304 -
116.230.77.149 - - [14/Jun/2020:10:07:04 +0800] "GET /xingrg/javascript/jquery_easy_ui/themes/default/images/tree_folder.gif HTTP/1.1" 304 -
116.230.77.149 - - [14/Jun/2020:10:07:04 +0800] "GET /xingrg/javascript/jquery_easy_ui/themes/icons/checkout_new.png HTTP/1.1" 200 744
116.230.77.149 - - [14/Jun/2020:10:07:04 +0800] "GET /xingrg/javascript/jquery_easy_ui/themes/icons/storage_new.png HTTP/1.1" 304 -
116.230.77.149 - - [14/Jun/2020:10:07:04 +0800] "GET /xingrg/javascript/jquery_easy_ui/themes/icons/forms_new.png HTTP/1.1" 304 -
116.230.77.149 - - [14/Jun/2020:10:07:04 +0800] "GET /xingrg/javascript/jquery_easy_ui/themes/icons/setting_new.png HTTP/1.1" 200 450
116.230.77.149 - - [14/Jun/2020:10:07:04 +0800] "GET /xingrg/javascript/jquery_easy_ui/themes/icons/systemset_new.png HTTP/1.1" 200 606
116.230.77.149 - - [14/Jun/2020:10:07:04 +0800] "GET /xingrg/javascript/jquery_easy_ui/themes/default/images/tree_file.gif HTTP/1.1" 304 -
116.230.77.149 - - [14/Jun/2020:10:07:07 +0800] "POST /xingrg/load_menu.html HTTP/1.1" 200 10168
180.175.214.200 - - [14/Jun/2020:10:07:09 +0800] "GET /xingrg/all/function/internal_message.html?_=1592100633826&CODE_STATE=getMsg HTTP/1.1" 200 27
172.17.0.100 - - [14/Jun/2020:10:07:09 +0800] "GET /xingrg/all/function/internal_message.html?_=1592100436233&CODE_STATE=getMsg HTTP/1.1" 200 27
114.84.32.201 - - [14/Jun/2020:10:07:11 +0800] "GET /xingrg/check_reg.html?_=1592100431555 HTTP/1.1" 200 22
114.84.32.201 - - [14/Jun/2020:10:07:12 +0800] "GET /xingrg/check_reg.html?_=1592100432418 HTTP/1.1" 200 22
116.230.77.149 - - [14/Jun/2020:10:07:13 +0800] "GET /xingrg/javascript/jquery_easy_ui/themes/default/images/tabs_close.gif HTTP/1.1" 200 829
116.230.77.149 - - [14/Jun/2020:10:07:13 +0800] "GET /xingrg/css/table.css HTTP/1.1" 200 3684
116.230.77.149 - - [14/Jun/2020:10:07:13 +0800] "GET /xingrg/dwr/interface/AjaxGetFirstChart.js HTTP/1.1" 200 631
116.230.77.149 - - [14/Jun/2020:10:07:13 +0800] "GET /xingrg/javascript/convert.js HTTP/1.1" 200 1239
116.230.77.149 - - [14/Jun/2020:10:07:13 +0800] "GET /xingrg/javascript/jquery.shich.js HTTP/1.1" 200 4857
116.230.77.149 - - [14/Jun/2020:10:07:13 +0800] "GET /xingrg/dwr/util.js HTTP/1.1" 200 35990
116.230.77.149 - - [14/Jun/2020:10:07:13 +0800] "GET /xingrg/dwr/engine.js HTTP/1.1" 200 43631
116.230.77.149 - - [14/Jun/2020:10:07:13 +0800] "GET /xingrg/system/rest/list_page.html?p=menu HTTP/1.1" 200 112918
116.230.77.149 - - [14/Jun/2020:10:07:13 +0800] "GET /xingrg/javascript/Calendar.js HTTP/1.1" 200 31561
116.230.77.149 - - [14/Jun/2020:10:07:13 +0800] "GET /xingrg/ HTTP/1.1" 200 292
116.230.77.149 - - [14/Jun/2020:10:07:13 +0800] "GET /xingrg/javascript/jquery_easy_ui/themes/icons/search.png HTTP/1.1" 200 813
116.230.77.149 - - [14/Jun/2020:10:07:13 +0800] "GET /xingrg/javascript/jquery_easy_ui/themes/default/images/button_a_bg.gif HTTP/1.1" 200 1194
116.230.77.149 - - [14/Jun/2020:10:07:13 +0800] "GET /xingrg/javascript/jquery_easy_ui/themes/icons/edit_add.png HTTP/1.1" 200 1088
116.230.77.149 - - [14/Jun/2020:10:07:13 +0800] "GET /xingrg/javascript/jquery_easy_ui/themes/default/images/button_a_bg.gif HTTP/1.1" 200 1194
116.230.77.149 - - [14/Jun/2020:10:07:13 +0800] "GET /xingrg/javascript/jquery_easy_ui/themes/icons/pencil.png HTTP/1.1" 200 713
116.230.77.149 - - [14/Jun/2020:10:07:13 +0800] "GET /xingrg/javascript/jquery_easy_ui/themes/default/images/button_a_bg.gif HTTP/1.1" 200 1194
116.230.77.149 - - [14/Jun/2020:10:07:13 +0800] "GET /xingrg/javascript/jquery_easy_ui/themes/icons/edit_remove.png HTTP/1.1" 200 625
116.230.77.149 - - [14/Jun/2020:10:07:13 +0800] "GET /xingrg/javascript/jquery_easy_ui/themes/default/images/button_a_bg.gif HTTP/1.1" 200 1194
116.230.77.149 - - [14/Jun/2020:10:07:13 +0800] "GET /xingrg/javascript/jquery_easy_ui/themes/icons/check_new.png HTTP/1.1" 200 3224
116.230.77.149 - - [14/Jun/2020:10:07:13 +0800] "GET /xingrg/javascript/jquery_easy_ui/themes/default/images/button_a_bg.gif HTTP/1.1" 200 1194
116.230.77.149 - - [14/Jun/2020:10:07:13 +0800] "GET /xingrg/javascript/jquery_easy_ui/themes/default/images/button_a_bg.gif HTTP/1.1" 200 1194
116.230.77.149 - - [14/Jun/2020:10:07:13 +0800] "GET /xingrg/javascript/jquery_easy_ui/themes/icons/uncheck_new.png HTTP/1.1" 200 3197
116.230.77.149 - - [14/Jun/2020:10:07:13 +0800] "GET /xingrg/javascript/jquery_easy_ui/themes/default/images/button_a_bg.gif HTTP/1.1" 200 1194
116.230.77.149 - - [14/Jun/2020:10:07:13 +0800] "GET /xingrg/javascript/jquery_easy_ui/themes/default/images/button_span_bg.gif HTTP/1.1" 200 2061
116.230.77.149 - - [14/Jun/2020:10:07:13 +0800] "GET /xingrg/javascript/jquery_easy_ui/themes/icons/ok.png HTTP/1.1" 200 883
116.230.77.149 - - [14/Jun/2020:10:07:14 +0800] "GET /xingrg/images/control/ajaxLoader.gif HTTP/1.1" 200 4659
116.230.77.149 - - [14/Jun/2020:10:07:14 +0800] "GET /xingrg/javascript/jquery_easy_ui/themes/default/images/datagrid_header_bg.gif HTTP/1.1" 200 97
116.230.77.149 - - [14/Jun/2020:10:07:14 +0800] "GET /xingrg/javascript/jquery_easy_ui/themes/default/images/pagination_first.gif HTTP/1.1" 200 925
116.230.77.149 - - [14/Jun/2020:10:07:14 +0800] "GET /xingrg/javascript/jquery_easy_ui/themes/default/images/pagination_prev.gif HTTP/1.1" 200 879
116.230.77.149 - - [14/Jun/2020:10:07:14 +0800] "GET /xingrg/javascript/jquery_easy_ui/themes/default/images/pagination_next.gif HTTP/1.1" 200 875
116.230.77.149 - - [14/Jun/2020:10:07:14 +0800] "GET /xingrg/javascript/jquery_easy_ui/themes/default/images/pagination_last.gif HTTP/1.1" 200 923
116.230.77.149 - - [14/Jun/2020:10:07:14 +0800] "GET /xingrg/javascript/jquery_easy_ui/themes/default/images/pagination_load.png HTTP/1.1" 200 827
116.230.77.149 - - [14/Jun/2020:10:07:14 +0800] "GET /xingrg/javascript/jquery_easy_ui/themes/default/images/pagination_loading.gif HTTP/1.1" 200 1737
116.230.77.149 - - [14/Jun/2020:10:07:14 +0800] "GET /xingrg/system/rest/query_items.html?_=1592099570715&table=menu&page=1&rows=20&categoryId=&key= HTTP/1.1" 200 4718
172.17.0.240 - - [14/Jun/2020:10:07:15 +0800] "GET /xingrg/all/function/internal_message.html?_=1592100434029&CODE_STATE=getMsg HTTP/1.1" 200 27
114.88.170.9 - - [14/Jun/2020:10:07:21 +0800] "GET /xingrg/all/function/internal_message.html?_=1592100434816&CODE_STATE=getMsg HTTP/1.1" 200 27
114.86.227.175 - - [14/Jun/2020:10:07:24 +0800] "GET /xingrg/all/function/internal_message.html?_=1592100535484&CODE_STATE=getMsg HTTP/1.1" 200 27
117.185.32.26 - - [14/Jun/2020:10:07:24 +0800] "GET /xingrg/check_reg.html?_=1592100439001 HTTP/1.1" 200 22
222.69.130.218 - - [14/Jun/2020:10:07:24 +0800] "GET /xingrg/all/function/internal_message.html?_=1592100444375&CODE_STATE=getMsg HTTP/1.1" 200 27
116.230.77.149 - - [14/Jun/2020:10:07:25 +0800] "GET /xingrg/system/rest/query_items.html?_=1592099581556&table=menu&page=1&rows=20&categoryId=&key=%25E9%259D%25A2%25E5%258C%2585%25E8%259F%25B9 HTTP/1.1" 200 486
114.88.170.9 - - [14/Jun/2020:10:07:26 +0800] "POST /xingrg/kc/buy/cgsh_order_operate.html HTTP/1.1" 200 2065
116.230.77.149 - - [14/Jun/2020:10:07:26 +0800] "GET /xingrg/javascript/jquery_easy_ui/themes/icons/rest.png HTTP/1.1" 200 695
116.230.77.149 - - [14/Jun/2020:10:07:26 +0800] "GET /xingrg/javascript/jquery_easy_ui/themes/icons/area.png HTTP/1.1" 200 262
180.162.232.172 - - [14/Jun/2020:10:07:28 +0800] "POST /xingrg/all/user/operate.html HTTP/1.1" 200 36
116.230.77.149 - - [14/Jun/2020:10:07:28 +0800] "GET /xingrg/system/rest/query_items.html?_=1592099584428&table=menu&page=1&rows=20&categoryId=&key=%25E9%259D%25A2%25E5%258C%2585%25E8%259F%25B9 HTTP/1.1" 200 486
180.162.232.172 - - [14/Jun/2020:10:07:28 +0800] "GET /xingrg/index.html?sysBaseUrl=http%3A%2F%2F180.169.147.146%3A18081%2Fxingrg%2F&costTime=39×tamp=1592097893127 HTTP/1.1" 200 17179
180.162.232.172 - - [14/Jun/2020:10:07:28 +0800] "GET /xingrg/javascript/jquery_easy_ui/themes/default/easyui.css HTTP/1.1" 304 -
180.162.232.172 - - [14/Jun/2020:10:07:28 +0800] "GET /xingrg/javascript/jquery_easy_ui/themes/icon.css HTTP/1.1" 304 -
180.162.232.172 - - [14/Jun/2020:10:07:28 +0800] "GET /xingrg/css/form.css HTTP/1.1" 304 -
180.162.232.172 - - [14/Jun/2020:10:07:28 +0800] "GET /xingrg/javascript/jquery-1.4.2.min.js HTTP/1.1" 304 -
180.162.232.172 - - [14/Jun/2020:10:07:28 +0800] "GET /xingrg/javascript/jquery_easy_ui/jquery.easyui.min.js HTTP/1.1" 304 -
180.162.232.172 - - [14/Jun/2020:10:07:28 +0800] "GET /xingrg/javascript/jquery_easy_ui/easyui-lang-zh_CN.js HTTP/1.1" 304 -
180.162.232.172 - - [14/Jun/2020:10:07:28 +0800] "GET /xingrg/javascript/jquery.form.js HTTP/1.1" 304 -
180.162.232.172 - - [14/Jun/2020:10:07:28 +0800] "GET /xingrg/javascript/jquery.utils.js HTTP/1.1" 304 -
180.162.232.172 - - [14/Jun/2020:10:07:28 +0800] "GET /xingrg/javascript/jquery.timers.js HTTP/1.1" 304 -
180.162.232.172 - - [14/Jun/2020:10:07:28 +0800] "GET /xingrg/images/blue/jxLogo.png HTTP/1.1" 304 -
180.162.232.172 - - [14/Jun/2020:10:07:28 +0800] "GET /xingrg/images/blue/navBackgound.jpg HTTP/1.1" 304 -
180.162.232.172 - - [14/Jun/2020:10:07:28 +0800] "GET /xingrg/javascript/jquery_easy_ui/themes/icons/settle_new.png HTTP/1.1" 304 -
180.162.232.172 - - [14/Jun/2020:10:07:28 +0800] "POST /xingrg/all/common/load_tree.html?tree=area_rest_tree_json&manage=1 HTTP/1.1" 200 476
180.162.232.172 - - [14/Jun/2020:10:07:28 +0800] "GET /xingrg/all/function/internal_message.html?_=1592100447398&CODE_STATE=count HTTP/1.1" 200 11
180.162.232.172 - - [14/Jun/2020:10:07:28 +0800] "GET /xingrg/check_reg.html?_=1592100447398 HTTP/1.1" 200 22
180.162.232.172 - - [14/Jun/2020:10:07:28 +0800] "GET /xingrg/javascript/jquery_easy_ui/themes/default/images/tabs_leftarrow.png HTTP/1.1" 304 -
180.162.232.172 - - [14/Jun/2020:10:07:28 +0800] "GET /xingrg/images/blue/pingpu.png HTTP/1.1" 304 -
180.162.232.172 - - [14/Jun/2020:10:07:28 +0800] "GET /xingrg/javascript/jquery_easy_ui/themes/default/images/panel_tool_collapse.gif HTTP/1.1" 304 -
180.162.232.172 - - [14/Jun/2020:10:07:28 +0800] "GET /xingrg/javascript/jquery_easy_ui/themes/default/images/tabs_rightarrow.png HTTP/1.1" 304 -
180.162.232.172 - - [14/Jun/2020:10:07:28 +0800] "POST /xingrg/load_menu.html HTTP/1.1" 200 5138
180.162.232.172 - - [14/Jun/2020:10:07:30 +0800] "GET /xingrg/kc/base/wldb_order_list.html HTTP/1.1" 200 19261
116.230.77.149 - - [14/Jun/2020:10:07:30 +0800] "GET /xingrg/javascript/jquery_easy_ui/themes/default/images/panel_title.png HTTP/1.1" 200 266
116.230.77.149 - - [14/Jun/2020:10:07:30 +0800] "GET /xingrg/javascript/jquery_easy_ui/themes/default/images/panel_tools.gif HTTP/1.1" 200 737
116.230.77.149 - - [14/Jun/2020:10:07:30 +0800] "GET /xingrg/system/rest/get_item.html?table=menu&id=2020&_=1592099587173 HTTP/1.1" 200 941
116.230.77.149 - - [14/Jun/2020:10:07:30 +0800] "GET /xingrg/system/rest/get_item.html?table=menu&target=menu_rest&id=2020&_=1592099587189 HTTP/1.1" 200 756
116.230.77.149 - - [14/Jun/2020:10:07:30 +0800] "GET /xingrg/system/rest/get_item.html?table=menu&target=cook_mode&id=2020&_=1592099587186 HTTP/1.1" 200 14834
180.162.232.172 - - [14/Jun/2020:10:07:30 +0800] "POST /xingrg/kc/base/wldb_list_operate.html HTTP/1.1" 200 928
180.162.232.172 - - [14/Jun/2020:10:07:31 +0800] "GET /xingrg/kc/base/wldb_order_add.html HTTP/1.1" 200 30322
