114.88.170.9 - - [14/Jun/2020:09:00:45 +0800] "GET /xingrg/javascript/jquery_easy_ui/themes/icons/forms_new.png HTTP/1.1" 304 -
114.88.170.9 - - [14/Jun/2020:09:00:45 +0800] "GET /xingrg/javascript/jquery_easy_ui/themes/default/images/tree_file.gif HTTP/1.1" 304 -
114.88.170.9 - - [14/Jun/2020:09:00:45 +0800] "GET /xingrg/javascript/jquery_easy_ui/themes/default/images/tabs_active.png HTTP/1.1" 304 -
114.86.190.97 - - [14/Jun/2020:09:00:46 +0800] "GET /xingrg/kc/buy/cgsh_order_operate.html?command=get_materiel&rest_code=00148&code=00101008105&supplier_code=00100007&order_time=2020-06-14 HTTP/1.1" 200 412
172.17.0.101 - - [14/Jun/2020:09:00:47 +0800] "GET /xingrg/kc/buy/cgsh_order_operate.html?command=get_materiel&rest_code=00147&code=00101007059&supplier_code=00100004&order_time=2020-06-13 HTTP/1.1" 200 409
120.204.17.68 - - [14/Jun/2020:09:00:48 +0800] "GET /xingrg/login.html HTTP/1.1" 200 7641
101.228.167.227 - - [14/Jun/2020:09:00:48 +0800] "GET /xingrg/all/function/internal_message.html?_=1592096449241&CODE_STATE=getMsg HTTP/1.1" 200 27
117.185.32.26 - - [14/Jun/2020:09:00:50 +0800] "POST /xingrg/dwr/call/plaincall/AjaxReportQueryService.refreshCache.dwr HTTP/1.1" 200 78
172.17.0.101 - - [14/Jun/2020:09:00:50 +0800] "GET /xingrg/all/function/internal_message.html?_=1592096448580&CODE_STATE=getMsg HTTP/1.1" 200 27
117.185.32.26 - - [14/Jun/2020:09:00:51 +0800] "POST /xingrg/all/report/load_report_page.html HTTP/1.1" 200 8904
117.185.32.26 - - [14/Jun/2020:09:00:51 +0800] "GET /xingrg/servlets/image?cache=0.54870445588891&image=px HTTP/1.1" 200 807
114.88.170.9 - - [14/Jun/2020:09:00:51 +0800] "GET /xingrg/javascript/jquery_easy_ui/themes/default/images/tabs_close.gif HTTP/1.1" 304 -
114.88.170.9 - - [14/Jun/2020:09:00:52 +0800] "GET /xingrg/kc/base/wldb_order_list.html HTTP/1.1" 200 19255
114.88.170.9 - - [14/Jun/2020:09:00:52 +0800] "GET /xingrg/javascript/jquery_tools/list_manager.js HTTP/1.1" 304 -
114.88.170.9 - - [14/Jun/2020:09:00:53 +0800] "GET /xingrg/javascript/easyui/themes/icons/edit_add_new.png HTTP/1.1" 304 -
114.88.170.9 - - [14/Jun/2020:09:00:53 +0800] "GET /xingrg/javascript/easyui/themes/icons/check_new.png HTTP/1.1" 304 -
114.88.170.9 - - [14/Jun/2020:09:00:53 +0800] "GET /xingrg/javascript/easyui/themes/icons/field_new.png HTTP/1.1" 304 -
114.88.170.9 - - [14/Jun/2020:09:00:53 +0800] "GET /xingrg/javascript/easyui/themes/icons/cance_new.png HTTP/1.1" 304 -
114.88.170.9 - - [14/Jun/2020:09:00:53 +0800] "GET /xingrg/javascript/easyui/themes/icons/import_new.png HTTP/1.1" 304 -
117.185.32.26 - - [14/Jun/2020:09:00:53 +0800] "GET /xingrg/all/report/report_query.html?isQuery=1&fileName=kc/buy/wlcg_cate_hz.xml&queryString=(CONVERT(char(10)%252Ca.order_time%252C%2520120)%253E%253D'2020-04-01')%2520and%2520(CONVERT(char(10)%252Ca.order_time%252C%2520120)%253C%253D'2020-04-30')%2520and%2520(a.supplier_code%2520in%2520('00100016'))%2520and%2520(a.supplier_code%253D'00100016')&queryText=%25E3%2580%2590%25E9%2587%2587%25E8%25B4%25AD%25E6%2597%25A5%25E6%259C%259F%253A2020-04-01%2520%25E8%2587%25B3%25202020-04-30%25E3%2580%2591%2520%25E5%25B9%25B6%25E4%25B8%2594%2520%2520%25E3%2580%2590%25E4%25BE%259B%25E5%25BA%2594%25E5%2595%2586%2520%253D%2520%25E7%2589%259B%25E5%25A4%25B4%25EF%25BC%2588%25E6%259D%258E%25E8%25B4%25BB%25E5%258D%258E%25EF%25BC%2589%25E3%2580%2591%2520%25E5%25B9%25B6%25E4%25B8%2594%2520%25E3%2580%2590%25E4%25BE%259B%25E5%25BA%2594%25E5%2595%2586%253D%25E7%2589%259B%25E5%25A4%25B4%25EF%25BC%2588%25E6%259D%258E%25E8%25B4%25BB%25E5%258D%258E%25EF%25BC%2589%25E3%2580%2591 HTTP/1.1" 200 54465
114.88.170.9 - - [14/Jun/2020:09:00:53 +0800] "POST /xingrg/kc/base/wldb_list_operate.html HTTP/1.1" 200 928
114.86.190.97 - - [14/Jun/2020:09:00:53 +0800] "GET /xingrg/kc/buy/cgsh_order_operate.html?command=get_materiel&rest_code=00148&code=00101008119&supplier_code=00100007&order_time=2020-06-14 HTTP/1.1" 200 412
117.185.32.26 - - [14/Jun/2020:09:00:53 +0800] "GET /xingrg/dwr/interface/AjaxReportQueryService.js HTTP/1.1" 200 13203
117.185.32.26 - - [14/Jun/2020:09:00:53 +0800] "GET /xingrg/dwr/engine.js HTTP/1.1" 200 43631
114.84.32.201 - - [14/Jun/2020:09:00:54 +0800] "GET /xingrg/all/function/internal_message.html?_=1592096453958&CODE_STATE=getMsg HTTP/1.1" 200 27
114.84.32.201 - - [14/Jun/2020:09:00:54 +0800] "GET /xingrg/check_reg.html?_=1592096453959 HTTP/1.1" 200 22
114.88.170.9 - - [14/Jun/2020:09:00:54 +0800] "GET /xingrg/kc/base/wldb_order_add.html HTTP/1.1" 200 30316
114.88.170.9 - - [14/Jun/2020:09:00:54 +0800] "GET /xingrg/words/20200613222249_words.js HTTP/1.1" 200 741810
114.88.170.9 - - [14/Jun/2020:09:00:54 +0800] "GET /xingrg/all/common/auto_word.html?type=base&rest_code=00111 HTTP/1.1" 200 1753
114.88.170.9 - - [14/Jun/2020:09:00:54 +0800] "GET /xingrg/javascript/easyui/themes/default/validatebox.css HTTP/1.1" 404 1104
114.88.170.9 - - [14/Jun/2020:09:00:54 +0800] "POST /xingrg/kc/base/wldb_order_operate.html HTTP/1.1" 200 6806
114.88.170.9 - - [14/Jun/2020:09:00:55 +0800] "GET /xingrg/all/common/auto_word.html?type=base&rest_code=00111 HTTP/1.1" 200 1753
117.185.32.26 - - [14/Jun/2020:09:00:56 +0800] "POST /xingrg/all/report/load_report_page.html HTTP/1.1" 200 8711
117.185.32.26 - - [14/Jun/2020:09:00:56 +0800] "GET /xingrg/servlets/image?cache=0.5109062849728534&image=px HTTP/1.1" 200 807
114.88.170.9 - - [14/Jun/2020:09:00:56 +0800] "GET /xingrg/javascript/auto/indicator.gif HTTP/1.1" 404 1066
114.86.190.97 - - [14/Jun/2020:09:00:57 +0800] "POST /xingrg/kc/buy/cgsh_order_operate.html HTTP/1.1" 200 2065
114.88.170.9 - - [14/Jun/2020:09:00:57 +0800] "GET /xingrg/javascript/jquery_tools/images/prev.gif HTTP/1.1" 404 1086
114.88.170.9 - - [14/Jun/2020:09:00:57 +0800] "GET /xingrg/javascript/jquery_tools/images/next.gif HTTP/1.1" 404 1086
172.17.0.101 - - [14/Jun/2020:09:00:58 +0800] "GET /xingrg/kc/buy/cgsh_order_operate.html?command=get_materiel&rest_code=00147&code=00101007072&supplier_code=00100004&order_time=2020-06-13 HTTP/1.1" 200 413
61.172.5.115 - - [14/Jun/2020:09:00:58 +0800] "GET /xingrg/kc/base/base_main.html HTTP/1.1" 200 12142
61.172.5.115 - - [14/Jun/2020:09:01:00 +0800] "GET /xingrg/kc/base/wldb_order_list.html HTTP/1.1" 200 19255
61.172.5.115 - - [14/Jun/2020:09:01:00 +0800] "POST /xingrg/kc/base/wldb_list_operate.html HTTP/1.1" 200 928
101.228.167.227 - - [14/Jun/2020:09:01:00 +0800] "GET /xingrg/all/function/internal_message.html?_=1592096461799&CODE_STATE=getMsg HTTP/1.1" 200 27
117.185.32.26 - - [14/Jun/2020:09:01:02 +0800] "POST /xingrg/all/report/load_report_page.html HTTP/1.1" 200 19784
117.185.32.26 - - [14/Jun/2020:09:01:02 +0800] "GET /xingrg/servlets/image?cache=0.21331691166245925&image=px HTTP/1.1" 200 807
114.86.190.97 - - [14/Jun/2020:09:01:03 +0800] "GET /xingrg/kc/buy/cgsh_order_operate.html?command=get_materiel&rest_code=00148&code=00101009011&supplier_code=00100007&order_time=2020-06-14 HTTP/1.1" 200 416
61.172.5.115 - - [14/Jun/2020:09:01:03 +0800] "GET /xingrg/kc/base/base_main.html HTTP/1.1" 200 12142
61.172.5.115 - - [14/Jun/2020:09:01:04 +0800] "GET /xingrg/kc/base/wldb_order_list.html HTTP/1.1" 200 19255
61.172.5.115 - - [14/Jun/2020:09:01:05 +0800] "POST /xingrg/kc/base/wldb_list_operate.html HTTP/1.1" 200 928
117.185.32.26 - - [14/Jun/2020:09:01:07 +0800] "POST /xingrg/all/report/report_print.html HTTP/1.1" 200 6144
114.88.170.9 - - [14/Jun/2020:09:01:08 +0800] "GET /xingrg/kc/base/wldb_order_operate.html?command=get_materiel&rest_code=00111&base_code=0010290&code=00101025014 HTTP/1.1" 200 464
114.86.190.97 - - [14/Jun/2020:09:01:09 +0800] "GET /xingrg/kc/buy/cgsh_order_operate.html?command=get_materiel&rest_code=00148&code=00101008236&supplier_code=00100007&order_time=2020-06-14 HTTP/1.1" 200 416
114.88.170.9 - - [14/Jun/2020:09:01:13 +0800] "POST /xingrg/kc/base/wldb_order_operate.html HTTP/1.1" 200 37
114.88.170.9 - - [14/Jun/2020:09:01:13 +0800] "POST /xingrg/kc/base/wldb_order_operate.html HTTP/1.1" 200 2208
114.88.170.9 - - [14/Jun/2020:09:01:14 +0800] "GET /xingrg/kc/base/wldb_order_info.html?code=422020061401520 HTTP/1.1" 200 30329
114.88.170.9 - - [14/Jun/2020:09:01:14 +0800] "GET /xingrg/javascript/easyui/themes/default/validatebox.css HTTP/1.1" 404 1104
114.88.170.9 - - [14/Jun/2020:09:01:15 +0800] "POST /xingrg/kc/base/wldb_order_operate.html HTTP/1.1" 200 2208
61.172.5.115 - - [14/Jun/2020:09:01:17 +0800] "GET /xingrg/all/function/internal_message.html?_=1592096478088&CODE_STATE=getMsg HTTP/1.1" 200 27
114.86.190.97 - - [14/Jun/2020:09:01:17 +0800] "GET /xingrg/kc/buy/cgsh_order_operate.html?command=get_materiel&rest_code=00148&code=00101009107&supplier_code=00100007&order_time=2020-06-14 HTTP/1.1" 200 396
114.88.170.9 - - [14/Jun/2020:09:01:19 +0800] "GET /xingrg/all/function/internal_message.html?_=1592096473077&CODE_STATE=getMsg HTTP/1.1" 200 27
101.228.167.227 - - [14/Jun/2020:09:01:21 +0800] "GET /xingrg/kc/buy/cgsh_order_operate.html?command=get_materiel&rest_code=00146&code=00102014031&supplier_code=00100151&order_time=2020-06-14 HTTP/1.1" 200 416
114.88.170.9 - - [14/Jun/2020:09:01:22 +0800] "GET /xingrg/kc/base/wldb_order_add.html HTTP/1.1" 200 30316
114.88.170.9 - - [14/Jun/2020:09:01:23 +0800] "POST /xingrg/kc/base/wldb_order_operate.html HTTP/1.1" 200 6806
114.88.170.9 - - [14/Jun/2020:09:01:23 +0800] "GET /xingrg/javascript/easyui/themes/default/validatebox.css HTTP/1.1" 404 1104
114.86.190.97 - - [14/Jun/2020:09:01:25 +0800] "GET /xingrg/kc/buy/cgsh_order_operate.html?command=get_materiel&rest_code=00148&code=00101009004&supplier_code=00100007&order_time=2020-06-14 HTTP/1.1" 200 409
120.253.135.82 - - [14/Jun/2020:09:01:29 +0800] "GET /xingrg/login.html HTTP/1.1" 200 7641
120.253.135.82 - - [14/Jun/2020:09:01:29 +0800] "GET /xingrg/images/blue/jxLogo.png HTTP/1.1" 304 -
120.253.135.82 - - [14/Jun/2020:09:01:29 +0800] "GET /xingrg/images/blue/login_bg.png HTTP/1.1" 304 -
120.253.135.82 - - [14/Jun/2020:09:01:29 +0800] "GET /xingrg/images/blue/hj.png HTTP/1.1" 304 -
120.253.135.82 - - [14/Jun/2020:09:01:29 +0800] "GET /xingrg/images/blue/srbg.png HTTP/1.1" 304 -
120.253.135.82 - - [14/Jun/2020:09:01:29 +0800] "GET /favicon.ico HTTP/1.1" 404 -
114.88.170.9 - - [14/Jun/2020:09:01:30 +0800] "GET /xingrg/kc/base/wldb_order_operate.html?command=get_materiel&rest_code=00111&base_code=0010286&code=00101036002 HTTP/1.1" 200 440
120.253.135.82 - - [14/Jun/2020:09:01:32 +0800] "POST /xingrg/login.do HTTP/1.1" 302 -
120.253.135.82 - - [14/Jun/2020:09:01:32 +0800] "GET /xingrg/javascript/jquery_easy_ui/themes/icon.css HTTP/1.1" 304 -
120.253.135.82 - - [14/Jun/2020:09:01:32 +0800] "GET /xingrg/javascript/jquery_easy_ui/themes/default/easyui.css HTTP/1.1" 304 -
120.253.135.82 - - [14/Jun/2020:09:01:32 +0800] "GET /xingrg/css/form.css HTTP/1.1" 304 -
120.253.135.82 - - [14/Jun/2020:09:01:32 +0800] "GET /xingrg/index.html?sysBaseUrl=http%3A%2F%2F180.169.147.146%3A18081%2Fxingrg%2F&costTime=105×tamp=1592096492721 HTTP/1.1" 200 17503
120.253.135.82 - - [14/Jun/2020:09:01:32 +0800] "GET /xingrg/javascript/jquery_easy_ui/easyui-lang-zh_CN.js HTTP/1.1" 304 -
120.253.135.82 - - [14/Jun/2020:09:01:32 +0800] "GET /xingrg/javascript/jquery.utils.js HTTP/1.1" 304 -
120.253.135.82 - - [14/Jun/2020:09:01:32 +0800] "GET /xingrg/javascript/jquery_easy_ui/jquery.easyui.min.js HTTP/1.1" 304 -
120.253.135.82 - - [14/Jun/2020:09:01:32 +0800] "GET /xingrg/javascript/jquery.form.js HTTP/1.1" 304 -
120.253.135.82 - - [14/Jun/2020:09:01:32 +0800] "GET /xingrg/javascript/jquery-1.4.2.min.js HTTP/1.1" 304 -
120.253.135.82 - - [14/Jun/2020:09:01:32 +0800] "GET /xingrg/javascript/jquery.timers.js HTTP/1.1" 304 -
120.253.135.82 - - [14/Jun/2020:09:01:32 +0800] "GET /xingrg/images/blue/navBackgound.jpg HTTP/1.1" 304 -
120.253.135.82 - - [14/Jun/2020:09:01:32 +0800] "GET /xingrg/javascript/jquery_easy_ui/themes/icons/settle_new.png HTTP/1.1" 304 -
120.253.135.82 - - [14/Jun/2020:09:01:32 +0800] "GET /xingrg/images/blue/pingpu.png HTTP/1.1" 304 -
120.253.135.82 - - [14/Jun/2020:09:01:32 +0800] "GET /xingrg/javascript/jquery_easy_ui/themes/default/images/panel_tool_collapse.gif HTTP/1.1" 304 -
120.253.135.82 - - [14/Jun/2020:09:01:32 +0800] "GET /xingrg/javascript/jquery_easy_ui/themes/default/images/tabs_rightarrow.png HTTP/1.1" 304 -
120.253.135.82 - - [14/Jun/2020:09:01:32 +0800] "GET /xingrg/javascript/jquery_easy_ui/themes/default/images/tabs_leftarrow.png HTTP/1.1" 304 -
120.253.135.82 - - [14/Jun/2020:09:01:32 +0800] "GET /xingrg/javascript/jquery_easy_ui/themes/default/images/panel_tool_expand.gif HTTP/1.1" 304 -
120.253.135.82 - - [14/Jun/2020:09:01:32 +0800] "POST /xingrg/all/common/load_tree.html?tree=area_rest_tree_json&manage=1 HTTP/1.1" 200 344
120.253.135.82 - - [14/Jun/2020:09:01:33 +0800] "GET /favicon.ico HTTP/1.1" 404 -
120.253.135.82 - - [14/Jun/2020:09:01:33 +0800] "GET /xingrg/check_reg.html?_=1592096248845 HTTP/1.1" 200 22
120.253.135.82 - - [14/Jun/2020:09:01:33 +0800] "GET /xingrg/all/function/internal_message.html?_=1592096248844&CODE_STATE=count HTTP/1.1" 200 11
120.253.135.82 - - [14/Jun/2020:09:01:33 +0800] "GET /xingrg/javascript/jquery_easy_ui/themes/default/images/tree_arrows.gif HTTP/1.1" 304 -
120.253.135.82 - - [14/Jun/2020:09:01:33 +0800] "POST /xingrg/load_menu.html HTTP/1.1" 200 11564
120.253.135.82 - - [14/Jun/2020:09:01:33 +0800] "GET /xingrg/javascript/jquery_easy_ui/themes/default/images/tree_folder_open.gif HTTP/1.1" 304 -
120.253.135.82 - - [14/Jun/2020:09:01:33 +0800] "GET /xingrg/javascript/jquery_easy_ui/themes/icons/search_new.png HTTP/1.1" 304 -
120.253.135.82 - - [14/Jun/2020:09:01:33 +0800] "GET /xingrg/javascript/jquery_easy_ui/themes/icons/delivery_new.png HTTP/1.1" 304 -
120.253.135.82 - - [14/Jun/2020:09:01:33 +0800] "GET /xingrg/javascript/jquery_easy_ui/themes/icons/storage_new.png HTTP/1.1" 304 -
120.253.135.82 - - [14/Jun/2020:09:01:33 +0800] "GET /xingrg/javascript/jquery_easy_ui/themes/icons/checkout_new.png HTTP/1.1" 304 -
120.253.135.82 - - [14/Jun/2020:09:01:33 +0800] "GET /xingrg/javascript/jquery_easy_ui/themes/icons/forms_new.png HTTP/1.1" 304 -
120.253.135.82 - - [14/Jun/2020:09:01:33 +0800] "GET /xingrg/javascript/jquery_easy_ui/themes/icons/setting_new.png HTTP/1.1" 304 -
120.253.135.82 - - [14/Jun/2020:09:01:33 +0800] "GET /xingrg/javascript/jquery_easy_ui/themes/icons/systemset_new.png HTTP/1.1" 304 -
120.253.135.82 - - [14/Jun/2020:09:01:33 +0800] "GET /xingrg/javascript/jquery_easy_ui/themes/default/images/tree_file.gif HTTP/1.1" 304 -
120.253.135.82 - - [14/Jun/2020:09:01:33 +0800] "GET /xingrg/javascript/jquery_easy_ui/themes/default/images/tree_folder.gif HTTP/1.1" 304 -
114.86.190.97 - - [14/Jun/2020:09:01:35 +0800] "POST /xingrg/services/DataTransmitService HTTP/1.1" 200 524
120.253.135.82 - - [14/Jun/2020:09:01:35 +0800] "GET /xingrg/javascript/jquery_easy_ui/themes/default/images/tabs_close.gif HTTP/1.1" 304 -
120.253.135.82 - - [14/Jun/2020:09:01:35 +0800] "GET /xingrg/kc/report/report_main.html HTTP/1.1" 200 9370
120.253.135.82 - - [14/Jun/2020:09:01:35 +0800] "GET /xingrg/css/blue.css HTTP/1.1" 304 -
120.253.135.82 - - [14/Jun/2020:09:01:35 +0800] "GET /xingrg/javascript/myfunction.js HTTP/1.1" 304 -
120.253.135.82 - - [14/Jun/2020:09:01:35 +0800] "GET /xingrg/javascript/jquery_ui/themes/humanity/humanity.css HTTP/1.1" 304 -
120.253.135.82 - - [14/Jun/2020:09:01:35 +0800] "GET /xingrg/javascript/pic_change.js HTTP/1.1" 304 -
120.253.135.82 - - [14/Jun/2020:09:01:35 +0800] "GET /xingrg/javascript/json2.js HTTP/1.1" 304 -
120.253.135.82 - - [14/Jun/2020:09:01:35 +0800] "GET /xingrg/javascript/jquery_easy_ui/themes/icons/back_new.png HTTP/1.1" 304 -
114.88.170.9 - - [14/Jun/2020:09:01:36 +0800] "POST /xingrg/kc/base/wldb_order_operate.html HTTP/1.1" 200 37
120.253.135.82 - - [14/Jun/2020:09:01:37 +0800] "GET /xingrg/kc/base/kc_stocks.html HTTP/1.1" 200 16278
120.253.135.82 - - [14/Jun/2020:09:01:37 +0800] "GET /xingrg/css/site.css HTTP/1.1" 304 -
120.253.135.82 - - [14/Jun/2020:09:01:37 +0800] "GET /xingrg/css/base.css HTTP/1.1" 304 -
120.253.135.82 - - [14/Jun/2020:09:01:37 +0800] "GET /xingrg/javascript/easyui/themes/sunny/easyui.css HTTP/1.1" 304 -
120.253.135.82 - - [14/Jun/2020:09:01:37 +0800] "GET /xingrg/javascript/jquery_tools/jquery.tools.min.js HTTP/1.1" 304 -
120.253.135.82 - - [14/Jun/2020:09:01:37 +0800] "GET /xingrg/javascript/auto/jquery.autocomplete.css HTTP/1.1" 304 -
120.253.135.82 - - [14/Jun/2020:09:01:37 +0800] "GET /xingrg/javascript/easyui/themes/icon.css HTTP/1.1" 304 -
120.253.135.82 - - [14/Jun/2020:09:01:37 +0800] "GET /xingrg/javascript/jquery_tools/datebox.css HTTP/1.1" 304 -
120.253.135.82 - - [14/Jun/2020:09:01:37 +0800] "GET /xingrg/javascript/jquery_tools/fix.css HTTP/1.1" 304 -
120.253.135.82 - - [14/Jun/2020:09:01:37 +0800] "GET /xingrg/javascript/jquery_tools/jquery.tools.hotkey.js HTTP/1.1" 304 -
120.253.135.82 - - [14/Jun/2020:09:01:37 +0800] "GET /xingrg/javascript/jquery_tools/jquery.tools.extend.js HTTP/1.1" 304 -
120.253.135.82 - - [14/Jun/2020:09:01:37 +0800] "GET /xingrg/javascript/jquery_tools/list_manager.js HTTP/1.1" 304 -
120.253.135.82 - - [14/Jun/2020:09:01:37 +0800] "GET /xingrg/javascript/jquery.cookie.js HTTP/1.1" 304 -
120.253.135.82 - - [14/Jun/2020:09:01:37 +0800] "GET /xingrg/javascript/easyui/easyloader.js HTTP/1.1" 304 -
120.253.135.82 - - [14/Jun/2020:09:01:37 +0800] "GET /xingrg/javascript/auto/jquery.autocomplete.js HTTP/1.1" 304 -
120.253.135.82 - - [14/Jun/2020:09:01:37 +0800] "GET /xingrg/javascript/convert.js HTTP/1.1" 304 -
120.253.135.82 - - [14/Jun/2020:09:01:37 +0800] "GET /xingrg/javascript/print/LodopFuncs.js HTTP/1.1" 304 -
114.88.170.9 - - [14/Jun/2020:09:01:37 +0800] "POST /xingrg/kc/base/wldb_order_operate.html HTTP/1.1" 200 2193
114.86.190.97 - - [14/Jun/2020:09:01:37 +0800] "GET /xingrg/kc/buy/cgsh_order_operate.html?command=get_materiel&rest_code=00148&code=00101020144&supplier_code=00100007&order_time=2020-06-14 HTTP/1.1" 200 449
114.86.190.97 - - [14/Jun/2020:09:01:38 +0800] "GET /xingrg/all/function/internal_message.html?_=1592096498185&CODE_STATE=getMsg HTTP/1.1" 200 27
120.253.135.82 - - [14/Jun/2020:09:01:38 +0800] "GET /xingrg/javascript/easyui/themes/icons/refresh_new.png HTTP/1.1" 304 -
120.253.135.82 - - [14/Jun/2020:09:01:38 +0800] "GET /xingrg/javascript/easyui/themes/icons/filter_new.png HTTP/1.1" 304 -
120.253.135.82 - - [14/Jun/2020:09:01:38 +0800] "GET /xingrg/javascript/easyui/themes/icons/field_new.png HTTP/1.1" 304 -
120.253.135.82 - - [14/Jun/2020:09:01:38 +0800] "GET /xingrg/javascript/easyui/plugins/jquery.parser.js HTTP/1.1" 304 -
120.253.135.82 - - [14/Jun/2020:09:01:38 +0800] "GET /xingrg/javascript/easyui/themes/icons/print_new.png HTTP/1.1" 304 -
120.253.135.82 - - [14/Jun/2020:09:01:38 +0800] "GET /xingrg/javascript/easyui/themes/icons/import_new.png HTTP/1.1" 304 -
120.253.135.82 - - [14/Jun/2020:09:01:38 +0800] "GET /xingrg/images/control/ajaxLoader.gif HTTP/1.1" 304 -
120.253.135.82 - - [14/Jun/2020:09:01:38 +0800] "GET /xingrg/javascript/easyui/plugins/jquery.draggable.js HTTP/1.1" 304 -
120.253.135.82 - - [14/Jun/2020:09:01:38 +0800] "GET /xingrg/all/common/auto_word.html?type=base&rest_code=00101 HTTP/1.1" 200 513
120.253.135.82 - - [14/Jun/2020:09:01:38 +0800] "GET /xingrg/javascript/easyui/plugins/jquery.droppable.js HTTP/1.1" 304 -
120.253.135.82 - - [14/Jun/2020:09:01:38 +0800] "GET /xingrg/javascript/easyui/themes/default/tree.css HTTP/1.1" 404 1090
120.253.135.82 - - [14/Jun/2020:09:01:38 +0800] "GET /xingrg/javascript/easyui/plugins/jquery.tree.js HTTP/1.1" 304 -
180.162.232.172 - - [14/Jun/2020:09:01:38 +0800] "GET /xingrg/all/function/internal_message.html?_=1592096497618&CODE_STATE=getMsg HTTP/1.1" 200 27
120.253.135.82 - - [14/Jun/2020:09:01:38 +0800] "POST /xingrg/all/common/load_tree.html?tree=materiel_sort_tree_json HTTP/1.1" 200 8666
120.253.135.82 - - [14/Jun/2020:09:01:39 +0800] "GET /xingrg/javascript/easyui/themes/sunny/images/tree_arrows.gif HTTP/1.1" 304 -
120.253.135.82 - - [14/Jun/2020:09:01:39 +0800] "GET /xingrg/javascript/easyui/themes/sunny/images/tree_file.gif HTTP/1.1" 304 -
120.253.135.82 - - [14/Jun/2020:09:01:39 +0800] "GET /xingrg/javascript/easyui/themes/sunny/images/tree_folder_open.gif HTTP/1.1" 304 -
120.253.135.82 - - [14/Jun/2020:09:01:39 +0800] "GET /xingrg/javascript/easyui/themes/sunny/images/tree_folder.gif HTTP/1.1" 304 -
114.88.170.9 - - [14/Jun/2020:09:01:39 +0800] "GET /xingrg/kc/base/wldb_order_info.html?code=422020061401521 HTTP/1.1" 200 30331
114.88.170.9 - - [14/Jun/2020:09:01:39 +0800] "GET /xingrg/javascript/easyui/themes/default/validatebox.css HTTP/1.1" 404 1104
114.88.170.9 - - [14/Jun/2020:09:01:40 +0800] "POST /xingrg/kc/base/wldb_order_operate.html HTTP/1.1" 200 2193
120.253.135.82 - - [14/Jun/2020:09:01:40 +0800] "GET /xingrg/css/images/panel_loading.gif HTTP/1.1" 304 -
120.253.135.82 - - [14/Jun/2020:09:01:40 +0800] "POST /xingrg/all/common/load_combo.html?type=base HTTP/1.1" 200 899
180.175.214.200 - - [14/Jun/2020:09:01:40 +0800] "GET /xingrg/all/function/internal_message.html?_=1592096705097&CODE_STATE=getMsg HTTP/1.1" 200 27
117.185.32.26 - - [14/Jun/2020:09:01:40 +0800] "GET /xingrg/all/function/internal_message.html?_=1592096495292&CODE_STATE=getMsg HTTP/1.1" 200 27
114.86.190.97 - - [14/Jun/2020:09:01:41 +0800] "POST /xingrg/kc/buy/cgsh_order_operate.html HTTP/1.1" 200 2065
114.88.170.9 - - [14/Jun/2020:09:01:45 +0800] "GET /xingrg/all/function/internal_message.html?_=1592096512370&CODE_STATE=getMsg HTTP/1.1" 200 27
101.228.167.227 - - [14/Jun/2020:09:01:48 +0800] "GET /xingrg/all/function/internal_message.html?_=1592096509256&CODE_STATE=getMsg HTTP/1.1" 200 27
120.204.17.68 - - [14/Jun/2020:09:01:50 +0800] "GET /xingrg/all/function/internal_message.html?_=1592096315226&CODE_STATE=getMsg HTTP/1.1" 302 -
172.17.0.101 - - [14/Jun/2020:09:01:50 +0800] "GET /xingrg/all/function/internal_message.html?_=1592096508569&CODE_STATE=getMsg HTTP/1.1" 200 27
172.17.0.101 - - [14/Jun/2020:09:01:50 +0800] "GET /xingrg/check_reg.html?_=1592096508587 HTTP/1.1" 200 22
114.86.190.97 - - [14/Jun/2020:09:01:51 +0800] "GET /xingrg/kc/buy/cgsh_order_operate.html?command=get_materiel&rest_code=00148&code=00101008168&supplier_code=00100007&order_time=2020-06-14 HTTP/1.1" 200 413
120.253.135.82 - - [14/Jun/2020:09:01:53 +0800] "POST /xingrg/kc/base/stock_operate.html HTTP/1.1" 200 2199
120.253.135.82 - - [14/Jun/2020:09:01:53 +0800] "GET /xingrg/javascript/jquery_tools/fix_table.js HTTP/1.1" 304 -
114.84.32.201 - - [14/Jun/2020:09:01:54 +0800] "GET /xingrg/all/function/internal_message.html?_=1592096513959&CODE_STATE=getMsg HTTP/1.1" 200 27
120.204.17.68 - - [14/Jun/2020:09:01:55 +0800] "GET /xingrg/login.html HTTP/1.1" 200 7641
117.185.32.26 - - [14/Jun/2020:09:01:57 +0800] "POST /xingrg/dwr/call/plaincall/AjaxReportQueryService.refreshCache.dwr HTTP/1.1" 200 78
117.185.32.26 - - [14/Jun/2020:09:01:58 +0800] "POST /xingrg/all/report/load_report_page.html HTTP/1.1" 200 8916
117.185.32.26 - - [14/Jun/2020:09:01:58 +0800] "GET /xingrg/servlets/image?cache=0.2901138525579159&image=px HTTP/1.1" 200 807
101.228.167.227 - - [14/Jun/2020:09:02:00 +0800] "GET /xingrg/all/function/internal_message.html?_=1592096521812&CODE_STATE=getMsg HTTP/1.1" 200 27
117.185.32.26 - - [14/Jun/2020:09:02:01 +0800] "GET /xingrg/all/report/report_query.html?isQuery=1&fileName=kc/buy/wlcg_cate_hz.xml&queryString=(CONVERT(char(10)%252Ca.order_time%252C%2520120)%253E%253D'2020-03-01')%2520and%2520(CONVERT(char(10)%252Ca.order_time%252C%2520120)%253C%253D'2020-03-31')%2520and%2520(a.supplier_code%2520in%2520('00100016'))%2520and%2520(a.supplier_code%253D'00100016')&queryText=%25E3%2580%2590%25E9%2587%2587%25E8%25B4%25AD%25E6%2597%25A5%25E6%259C%259F%253A2020-03-01%2520%25E8%2587%25B3%25202020-03-31%25E3%2580%2591%2520%25E5%25B9%25B6%25E4%25B8%2594%2520%2520%25E3%2580%2590%25E4%25BE%259B%25E5%25BA%2594%25E5%2595%2586%2520%253D%2520%25E7%2589%259B%25E5%25A4%25B4%25EF%25BC%2588%25E6%259D%258E%25E8%25B4%25BB%25E5%258D%258E%25EF%25BC%2589%25E3%2580%2591%2520%25E5%25B9%25B6%25E4%25B8%2594%2520%25E3%2580%2590%25E4%25BE%259B%25E5%25BA%2594%25E5%2595%2586%253D%25E7%2589%259B%25E5%25A4%25B4%25EF%25BC%2588%25E6%259D%258E%25E8%25B4%25BB%25E5%258D%258E%25EF%25BC%2589%25E3%2580%2591 HTTP/1.1" 200 54465
117.185.32.26 - - [14/Jun/2020:09:02:01 +0800] "GET /xingrg/dwr/engine.js HTTP/1.1" 200 43631
117.185.32.26 - - [14/Jun/2020:09:02:01 +0800] "GET /xingrg/dwr/interface/AjaxReportQueryService.js HTTP/1.1" 200 13203
117.185.32.26 - - [14/Jun/2020:09:02:03 +0800] "POST /xingrg/all/report/load_report_page.html HTTP/1.1" 200 8716
117.185.32.26 - - [14/Jun/2020:09:02:03 +0800] "GET /xingrg/servlets/image?cache=0.34931129708908926&image=px HTTP/1.1" 200 807
117.185.32.26 - - [14/Jun/2020:09:02:06 +0800] "POST /xingrg/all/report/load_report_page.html HTTP/1.1" 200 13037
117.185.32.26 - - [14/Jun/2020:09:02:06 +0800] "GET /xingrg/servlets/image?cache=0.6353325103673401&image=px HTTP/1.1" 200 807
117.185.32.26 - - [14/Jun/2020:09:02:09 +0800] "POST /xingrg/all/report/report_print.html HTTP/1.1" 200 6144
61.172.5.115 - - [14/Jun/2020:09:02:17 +0800] "GET /xingrg/all/function/internal_message.html?_=1592096538072&CODE_STATE=getMsg HTTP/1.1" 200 27
172.17.0.101 - - [14/Jun/2020:09:02:20 +0800] "GET /xingrg/kc/buy/cgsh_order_operate.html?command=get_materiel&rest_code=00147&code=00101007049&supplier_code=00100004&order_time=2020-06-13 HTTP/1.1" 200 409
114.88.170.9 - - [14/Jun/2020:09:02:22 +0800] "GET /xingrg/all/function/internal_message.html?_=1592096533130&CODE_STATE=getMsg HTTP/1.1" 200 27
117.185.32.26 - - [14/Jun/2020:09:02:24 +0800] "GET /xingrg/check_reg.html?_=1592096539141 HTTP/1.1" 200 22
172.17.0.101 - - [14/Jun/2020:09:02:28 +0800] "POST /xingrg/kc/buy/cgsh_order_operate.html HTTP/1.1" 200 37
172.17.0.101 - - [14/Jun/2020:09:02:29 +0800] "POST /xingrg/kc/buy/cgsh_order_operate.html HTTP/1.1" 200 5009
172.17.0.101 - - [14/Jun/2020:09:02:30 +0800] "GET /xingrg/kc/print/load_data.html?order_code=212020061405350&kc_code=cgsh&condition= HTTP/1.1" 200 1619
117.185.32.26 - - [14/Jun/2020:09:02:32 +0800] "POST /xingrg/dwr/call/plaincall/AjaxReportQueryService.refreshCache.dwr HTTP/1.1" 200 78
120.253.135.82 - - [14/Jun/2020:09:02:33 +0800] "GET /xingrg/all/function/internal_message.html?_=1592096308860&CODE_STATE=getMsg HTTP/1.1" 200 27
117.185.32.26 - - [14/Jun/2020:09:02:33 +0800] "POST /xingrg/all/report/load_report_page.html HTTP/1.1" 200 89
117.185.32.26 - - [14/Jun/2020:09:02:38 +0800] "GET /xingrg/all/report/report_query.html?fileName=kc/buy/gys_amount.xml&rh=99999 HTTP/1.1" 200 52006
117.185.32.26 - - [14/Jun/2020:09:02:38 +0800] "GET /xingrg/dwr/interface/AjaxReportQueryService.js HTTP/1.1" 200 13203
117.185.32.26 - - [14/Jun/2020:09:02:38 +0800] "GET /xingrg/dwr/engine.js HTTP/1.1" 200 43631
114.86.190.97 - - [14/Jun/2020:09:02:38 +0800] "GET /xingrg/all/function/internal_message.html?_=1592096558169&CODE_STATE=getMsg HTTP/1.1" 200 27
180.162.232.172 - - [14/Jun/2020:09:02:38 +0800] "GET /xingrg/all/function/internal_message.html?_=1592096557630&CODE_STATE=getMsg HTTP/1.1" 200 27
117.185.32.26 - - [14/Jun/2020:09:02:39 +0800] "POST /xingrg/dwr/call/plaincall/AjaxReportQueryService.getFixDate.dwr HTTP/1.1" 200 111
117.185.32.26 - - [14/Jun/2020:09:02:39 +0800] "POST /xingrg/all/common/load_tree.html?tree=supplier_tree_json&manage=1 HTTP/1.1" 200 49669
180.175.214.200 - - [14/Jun/2020:09:02:40 +0800] "GET /xingrg/check_reg.html?_=1592096764908 HTTP/1.1" 200 22
117.185.32.26 - - [14/Jun/2020:09:02:40 +0800] "POST /xingrg/all/common/load_tree.html?tree=materiel_sort_tree_json HTTP/1.1" 200 8666
180.175.214.200 - - [14/Jun/2020:09:02:40 +0800] "GET /xingrg/all/function/internal_message.html?_=1592096765109&CODE_STATE=getMsg HTTP/1.1" 200 27
114.88.170.9 - - [14/Jun/2020:09:02:42 +0800] "GET /xingrg/kc/buy/cgsh_order_list.html HTTP/1.1" 200 43283
117.185.32.26 - - [14/Jun/2020:09:02:42 +0800] "GET /xingrg/all/function/internal_message.html?_=1592096556787&CODE_STATE=getMsg HTTP/1.1" 200 27
117.185.32.26 - - [14/Jun/2020:09:02:42 +0800] "POST /xingrg/dwr/call/plaincall/AjaxReportQueryService.getInitString.dwr HTTP/1.1" 200 975
114.86.190.97 - - [14/Jun/2020:09:02:42 +0800] "GET /xingrg/kc/buy/cgsh_order_operate.html?command=get_materiel&rest_code=00148&code=00101008224&supplier_code=00100007&order_time=2020-06-14 HTTP/1.1" 200 416
114.88.170.9 - - [14/Jun/2020:09:02:42 +0800] "POST /xingrg/kc/buy/cgsh_list_operate.html HTTP/1.1" 200 876
114.88.170.9 - - [14/Jun/2020:09:02:45 +0800] "GET /xingrg/all/function/internal_message.html?_=1592096572351&CODE_STATE=getMsg HTTP/1.1" 200 27
117.185.32.26 - - [14/Jun/2020:09:02:45 +0800] "POST /xingrg/dwr/call/plaincall/AjaxReportQueryService.getFixDate.dwr HTTP/1.1" 200 111
101.228.167.227 - - [14/Jun/2020:09:02:48 +0800] "GET /xingrg/all/function/internal_message.html?_=1592096569283&CODE_STATE=getMsg HTTP/1.1" 200 27
101.228.167.227 - - [14/Jun/2020:09:02:48 +0800] "POST /xingrg/kc/buy/cgsh_order_operate.html HTTP/1.1" 200 37
101.228.167.227 - - [14/Jun/2020:09:02:49 +0800] "POST /xingrg/kc/buy/cgsh_order_operate.html HTTP/1.1" 200 3250
172.17.0.101 - - [14/Jun/2020:09:02:50 +0800] "GET /xingrg/all/function/internal_message.html?_=1592096568580&CODE_STATE=getMsg HTTP/1.1" 200 27
114.84.32.201 - - [14/Jun/2020:09:02:54 +0800] "GET /xingrg/all/function/internal_message.html?_=1592096573959&CODE_STATE=getMsg HTTP/1.1" 200 27
117.185.32.26 - - [14/Jun/2020:09:02:55 +0800] "POST /xingrg/dwr/call/plaincall/AjaxReportQueryService.refreshCache.dwr HTTP/1.1" 200 78
117.185.32.26 - - [14/Jun/2020:09:02:56 +0800] "POST /xingrg/all/report/load_report_page.html HTTP/1.1" 200 8924
117.185.32.26 - - [14/Jun/2020:09:02:56 +0800] "GET /xingrg/servlets/image?cache=0.7985106424458199&image=px HTTP/1.1" 200 807
101.228.167.227 - - [14/Jun/2020:09:03:00 +0800] "GET /xingrg/all/function/internal_message.html?_=1592096581917&CODE_STATE=getMsg HTTP/1.1" 200 27
117.185.32.26 - - [14/Jun/2020:09:03:04 +0800] "GET /xingrg/all/report/report_query.html?isQuery=1&fileName=kc/buy/wlcg_cate_hz.xml&queryString=(CONVERT(char(10)%252Ca.order_time%252C%2520120)%253E%253D'2020-05-01')%2520and%2520(CONVERT(char(10)%252Ca.order_time%252C%2520120)%253C%253D'2020-05-31')%2520and%2520(a.supplier_code%2520in%2520('00100016'))%2520and%2520(a.supplier_code%253D'00100016')&queryText=%25E3%2580%2590%25E9%2587%2587%25E8%25B4%25AD%25E6%2597%25A5%25E6%259C%259F%253A2020-05-01%2520%25E8%2587%25B3%25202020-05-31%25E3%2580%2591%2520%25E5%25B9%25B6%25E4%25B8%2594%2520%2520%25E3%2580%2590%25E4%25BE%259B%25E5%25BA%2594%25E5%2595%2586%2520%253D%2520%25E7%2589%259B%25E5%25A4%25B4%25EF%25BC%2588%25E6%259D%258E%25E8%25B4%25BB%25E5%258D%258E%25EF%25BC%2589%25E3%2580%2591%2520%25E5%25B9%25B6%25E4%25B8%2594%2520%25E3%2580%2590%25E4%25BE%259B%25E5%25BA%2594%25E5%2595%2586%253D%25E7%2589%259B%25E5%25A4%25B4%25EF%25BC%2588%25E6%259D%258E%25E8%25B4%25BB%25E5%258D%258E%25EF%25BC%2589%25E3%2580%2591 HTTP/1.1" 200 54465
117.185.32.26 - - [14/Jun/2020:09:03:04 +0800] "GET /xingrg/dwr/interface/AjaxReportQueryService.js HTTP/1.1" 200 13203
117.185.32.26 - - [14/Jun/2020:09:03:04 +0800] "GET /xingrg/dwr/engine.js HTTP/1.1" 200 43631
117.185.32.26 - - [14/Jun/2020:09:03:06 +0800] "POST /xingrg/all/report/load_report_page.html HTTP/1.1" 200 8714
117.185.32.26 - - [14/Jun/2020:09:03:06 +0800] "GET /xingrg/servlets/image?cache=0.7869725948942887&image=px HTTP/1.1" 200 807
101.228.167.227 - - [14/Jun/2020:09:03:07 +0800] "POST /xingrg/kc/buy/cgsh_order_operate.html HTTP/1.1" 200 37
101.228.167.227 - - [14/Jun/2020:09:03:08 +0800] "POST /xingrg/kc/buy/cgsh_order_operate.html HTTP/1.1" 200 3250
117.185.32.26 - - [14/Jun/2020:09:03:09 +0800] "POST /xingrg/all/report/load_report_page.html HTTP/1.1" 200 19781
117.185.32.26 - - [14/Jun/2020:09:03:09 +0800] "GET /xingrg/servlets/image?cache=0.5112313351929936&image=px HTTP/1.1" 200 807
114.86.190.97 - - [14/Jun/2020:09:03:10 +0800] "GET /xingrg/kc/buy/cgsh_order_operate.html?command=get_materiel&rest_code=00148&code=00101008141&supplier_code=00100007&order_time=2020-06-14 HTTP/1.1" 200 412
101.228.167.227 - - [14/Jun/2020:09:03:10 +0800] "GET /xingrg/kc/print/load_config.html?kc_code=cgsh HTTP/1.1" 200 1845
101.228.167.227 - - [14/Jun/2020:09:03:11 +0800] "GET /xingrg/kc/print/load_data.html?order_code=212020061405351&kc_code=cgsh&condition= HTTP/1.1" 200 884
117.185.32.26 - - [14/Jun/2020:09:03:12 +0800] "POST /xingrg/all/report/report_print.html HTTP/1.1" 200 6144
114.86.190.97 - - [14/Jun/2020:09:03:14 +0800] "POST /xingrg/kc/buy/cgsh_order_operate.html HTTP/1.1" 200 2065
61.172.5.115 - - [14/Jun/2020:09:03:17 +0800] "GET /xingrg/all/function/internal_message.html?_=1592096598042&CODE_STATE=getMsg HTTP/1.1" 200 27
114.88.170.9 - - [14/Jun/2020:09:03:19 +0800] "GET /xingrg/all/function/internal_message.html?_=1592096593136&CODE_STATE=getMsg HTTP/1.1" 200 27
114.86.190.97 - - [14/Jun/2020:09:03:22 +0800] "GET /xingrg/kc/buy/cgsh_order_operate.html?command=get_materiel&rest_code=00148&code=00101008355&supplier_code=00100007&order_time=2020-06-14 HTTP/1.1" 200 408
114.86.190.97 - - [14/Jun/2020:09:03:32 +0800] "GET /xingrg/kc/buy/cgsh_order_operate.html?command=get_materiel&rest_code=00148&code=00101008144&supplier_code=00100007&order_time=2020-06-14 HTTP/1.1" 200 412
120.253.135.82 - - [14/Jun/2020:09:03:33 +0800] "GET /xingrg/all/function/internal_message.html?_=1592096368873&CODE_STATE=getMsg HTTP/1.1" 200 27
114.86.190.97 - - [14/Jun/2020:09:03:38 +0800] "GET /xingrg/all/function/internal_message.html?_=1592096618148&CODE_STATE=getMsg HTTP/1.1" 200 27
180.162.232.172 - - [14/Jun/2020:09:03:38 +0800] "GET /xingrg/all/function/internal_message.html?_=1592096617640&CODE_STATE=getMsg HTTP/1.1" 200 27
120.253.135.82 - - [14/Jun/2020:09:03:39 +0800] "GET /xingrg/kc/base/stock_detail.html?m=00101010052 HTTP/1.1" 200 6269
120.253.135.82 - - [14/Jun/2020:09:03:39 +0800] "GET /xingrg/javascript/jquery_easy_ui/themes/default/images/button_a_bg.gif HTTP/1.1" 304 -
120.253.135.82 - - [14/Jun/2020:09:03:39 +0800] "GET /xingrg/javascript/jquery_easy_ui/themes/default/images/button_span_bg.gif HTTP/1.1" 304 -
120.253.135.82 - - [14/Jun/2020:09:03:39 +0800] "GET /xingrg/javascript/jquery_easy_ui/themes/icons/search.png HTTP/1.1" 304 -
120.253.135.82 - - [14/Jun/2020:09:03:39 +0800] "GET /xingrg/javascript/jquery_easy_ui/themes/default/images/menu_downarrow.png HTTP/1.1" 200 173
120.253.135.82 - - [14/Jun/2020:09:03:39 +0800] "GET /xingrg/javascript/jquery_easy_ui/themes/default/images/menu.gif HTTP/1.1" 200 834
120.253.135.82 - - [14/Jun/2020:09:03:39 +0800] "GET /xingrg/javascript/jquery_easy_ui/themes/icons/print.png HTTP/1.1" 200 1057
120.253.135.82 - - [14/Jun/2020:09:03:40 +0800] "GET /xingrg/javascript/jquery_easy_ui/themes/default/images/calendar_prevmonth.gif HTTP/1.1" 304 -
120.253.135.82 - - [14/Jun/2020:09:03:40 +0800] "GET /xingrg/javascript/jquery_easy_ui/themes/default/images/calendar_prevyear.gif HTTP/1.1" 304 -
120.253.135.82 - - [14/Jun/2020:09:03:40 +0800] "GET /xingrg/javascript/jquery_easy_ui/themes/default/images/calendar_nextmonth.gif HTTP/1.1" 304 -
120.253.135.82 - - [14/Jun/2020:09:03:40 +0800] "GET /xingrg/javascript/jquery_easy_ui/themes/default/images/calendar_nextyear.gif HTTP/1.1" 304 -
180.175.214.200 - - [14/Jun/2020:09:03:40 +0800] "GET /xingrg/all/function/internal_message.html?_=1592096825124&CODE_STATE=getMsg HTTP/1.1" 200 27
120.253.135.82 - - [14/Jun/2020:09:03:41 +0800] "GET /xingrg/kc/base/stock_operate.html?_=1592096377031&command=get_report_file&start_day=20200601 HTTP/1.1" 200 53
120.253.135.82 - - [14/Jun/2020:09:03:41 +0800] "GET /xingrg/javascript/multi_select/jqueryMultiSelect.css HTTP/1.1" 200 951
120.253.135.82 - - [14/Jun/2020:09:03:41 +0800] "GET /xingrg/javascript/bigrid/fix.css HTTP/1.1" 200 1702
120.253.135.82 - - [14/Jun/2020:09:03:41 +0800] "GET /xingrg/javascript/calendar/timePicker.css HTTP/1.1" 200 523
120.253.135.82 - - [14/Jun/2020:09:03:41 +0800] "GET /xingrg/javascript/Calendar.js HTTP/1.1" 304 -
120.253.135.82 - - [14/Jun/2020:09:03:41 +0800] "GET /xingrg/dwr/util.js HTTP/1.1" 304 -
120.253.135.82 - - [14/Jun/2020:09:03:41 +0800] "GET /xingrg/javascript/calendar/jquery.timePicker.min.js HTTP/1.1" 200 2997
120.253.135.82 - - [14/Jun/2020:09:03:41 +0800] "GET /xingrg/javascript/bigrid/fix.js HTTP/1.1" 200 6439
120.253.135.82 - - [14/Jun/2020:09:03:41 +0800] "GET /xingrg/dwr/interface/AjaxReportQueryService.js HTTP/1.1" 200 13203
120.253.135.82 - - [14/Jun/2020:09:03:41 +0800] "GET /xingrg/javascript/jqueryMultiSelect.js HTTP/1.1" 200 11866
120.253.135.82 - - [14/Jun/2020:09:03:41 +0800] "GET /xingrg/all/report/report_query.html?isQuery=1&onlyBody=1&rh=2000&fileName=kc/base/kc_stock_detail_new.xml&queryString=(1=1)&queryText=&tableQueryString=init_table$sp1$$sp$crk_table$sp1$order_day%20between%2020200601%20and%2020200630&varString=start_day:20200601,materiel_code:00101010052,cost_id:2622,end_date:20200331 HTTP/1.1" 200 48701
120.253.135.82 - - [14/Jun/2020:09:03:41 +0800] "GET /xingrg/dwr/engine.js HTTP/1.1" 200 43631
120.253.135.82 - - [14/Jun/2020:09:03:41 +0800] "GET /xingrg/images/blue/button/advance2over.gif HTTP/1.1" 200 1336
120.253.135.82 - - [14/Jun/2020:09:03:41 +0800] "GET /xingrg/images/blue/button/back2over.gif HTTP/1.1" 200 1335
120.253.135.82 - - [14/Jun/2020:09:03:41 +0800] "GET /xingrg/images/blue/button/advanceover.gif HTTP/1.1" 200 1347
120.253.135.82 - - [14/Jun/2020:09:03:41 +0800] "GET /xingrg/images/blue/button/backover.gif HTTP/1.1" 200 1348
120.253.135.82 - - [14/Jun/2020:09:03:41 +0800] "GET /xingrg/javascript/jquery_easy_ui/themes/icons/help.png HTTP/1.1" 200 1187
120.253.135.82 - - [14/Jun/2020:09:03:41 +0800] "GET /xingrg/images/control/loading.gif HTTP/1.1" 200 13463
120.253.135.82 - - [14/Jun/2020:09:03:42 +0800] "POST /xingrg/all/report/load_report_page.html HTTP/1.1" 200 34979
120.253.135.82 - - [14/Jun/2020:09:03:42 +0800] "GET /xingrg/servlets/image?cache=0.027352779459149712&image=px HTTP/1.1" 200 807
117.185.32.26 - - [14/Jun/2020:09:03:42 +0800] "GET /xingrg/all/function/internal_message.html?_=1592096616763&CODE_STATE=getMsg HTTP/1.1" 200 27
114.88.170.9 - - [14/Jun/2020:09:03:45 +0800] "GET /xingrg/all/function/internal_message.html?_=1592096632335&CODE_STATE=getMsg HTTP/1.1" 200 27
101.228.167.227 - - [14/Jun/2020:09:03:48 +0800] "GET /xingrg/all/function/internal_message.html?_=1592096629427&CODE_STATE=getMsg HTTP/1.1" 200 27
172.17.0.101 - - [14/Jun/2020:09:03:50 +0800] "GET /xingrg/all/function/internal_message.html?_=1592096628592&CODE_STATE=getMsg HTTP/1.1" 200 27
114.84.32.201 - - [14/Jun/2020:09:03:54 +0800] "GET /xingrg/all/function/internal_message.html?_=1592096633957&CODE_STATE=getMsg HTTP/1.1" 200 27
120.253.135.82 - - [14/Jun/2020:09:04:00 +0800] "GET /xingrg/kc/base/stock_operate.html?_=1592096396407&command=get_report_file&start_day=20200501 HTTP/1.1" 200 53
120.253.135.82 - - [14/Jun/2020:09:04:00 +0800] "GET /xingrg/all/report/report_query.html?isQuery=1&onlyBody=1&rh=2000&fileName=kc/base/kc_stock_detail_new.xml&queryString=(1=1)&queryText=&tableQueryString=init_table$sp1$$sp$crk_table$sp1$order_day%20between%2020200501%20and%2020200531&varString=start_day:20200501,materiel_code:00101010052,cost_id:2622,end_date:20200331 HTTP/1.1" 200 48701
120.253.135.82 - - [14/Jun/2020:09:04:00 +0800] "GET /xingrg/dwr/interface/AjaxReportQueryService.js HTTP/1.1" 200 13203
120.253.135.82 - - [14/Jun/2020:09:04:00 +0800] "GET /xingrg/dwr/engine.js HTTP/1.1" 200 43631
101.228.167.227 - - [14/Jun/2020:09:04:00 +0800] "GET /xingrg/all/function/internal_message.html?_=1592096641918&CODE_STATE=getMsg HTTP/1.1" 200 27
114.86.190.97 - - [14/Jun/2020:09:04:01 +0800] "GET /xingrg/kc/buy/cgsh_order_operate.html?command=get_materiel&rest_code=00148&code=00101008166&supplier_code=00100007&order_time=2020-06-14 HTTP/1.1" 200 412
120.253.135.82 - - [14/Jun/2020:09:04:01 +0800] "POST /xingrg/all/report/load_report_page.html HTTP/1.1" 200 74190
120.253.135.82 - - [14/Jun/2020:09:04:01 +0800] "GET /xingrg/servlets/image?cache=0.015246162799637752&image=px HTTP/1.1" 200 807
172.17.0.101 - - [14/Jun/2020:09:04:08 +0800] "GET /xingrg/kc/buy/cgsh_order_list.html HTTP/1.1" 200 43269
114.86.190.97 - - [14/Jun/2020:09:04:12 +0800] "GET /xingrg/kc/buy/cgsh_order_operate.html?command=get_materiel&rest_code=00148&code=00101008283&supplier_code=00100007&order_time=2020-06-14 HTTP/1.1" 200 408
172.17.0.101 - - [14/Jun/2020:09:04:13 +0800] "POST /xingrg/kc/buy/cgsh_list_operate.html HTTP/1.1" 200 4509
61.172.5.115 - - [14/Jun/2020:09:04:17 +0800] "GET /xingrg/all/function/internal_message.html?_=1592096658011&CODE_STATE=getMsg HTTP/1.1" 200 27
120.253.135.82 - - [14/Jun/2020:09:04:18 +0800] "GET /xingrg/javascript/jquery_easy_ui/themes/default/images/tabs_active.png HTTP/1.1" 304 -
114.88.170.9 - - [14/Jun/2020:09:04:19 +0800] "GET /xingrg/all/function/internal_message.html?_=1592096653180&CODE_STATE=getMsg HTTP/1.1" 200 27
120.253.135.82 - - [14/Jun/2020:09:04:20 +0800] "GET /xingrg/kc/base/stock_detail.html?m=00101010053 HTTP/1.1" 200 6269
120.253.135.82 - - [14/Jun/2020:09:04:24 +0800] "GET /xingrg/kc/base/stock_operate.html?_=1592096420574&command=get_report_file&start_day=20200601 HTTP/1.1" 200 53
120.253.135.82 - - [14/Jun/2020:09:04:24 +0800] "GET /xingrg/all/report/report_query.html?isQuery=1&onlyBody=1&rh=2000&fileName=kc/base/kc_stock_detail_new.xml&queryString=(1=1)&queryText=&tableQueryString=init_table$sp1$$sp$crk_table$sp1$order_day%20between%2020200601%20and%2020200630&varString=start_day:20200601,materiel_code:00101010053,cost_id:2622,end_date:20200331 HTTP/1.1" 200 48701
120.253.135.82 - - [14/Jun/2020:09:04:24 +0800] "GET /xingrg/dwr/interface/AjaxReportQueryService.js HTTP/1.1" 200 13203
120.253.135.82 - - [14/Jun/2020:09:04:24 +0800] "GET /xingrg/dwr/engine.js HTTP/1.1" 200 43631
114.86.190.97 - - [14/Jun/2020:09:04:25 +0800] "POST /xingrg/kc/buy/cgsh_order_operate.html HTTP/1.1" 200 37
58.40.7.146 - - [14/Jun/2020:09:04:25 +0800] "GET /xingrg/check_reg.html?_=1592096665012 HTTP/1.1" 200 22
120.253.135.82 - - [14/Jun/2020:09:04:25 +0800] "POST /xingrg/all/report/load_report_page.html HTTP/1.1" 200 30011
120.253.135.82 - - [14/Jun/2020:09:04:25 +0800] "GET /xingrg/servlets/image?cache=0.3208471747942757&image=px HTTP/1.1" 200 807
114.86.190.97 - - [14/Jun/2020:09:04:26 +0800] "POST /xingrg/kc/buy/cgsh_order_operate.html HTTP/1.1" 200 36937
114.86.190.97 - - [14/Jun/2020:09:04:27 +0800] "GET /xingrg/kc/print/load_config.html?kc_code=cgsh HTTP/1.1" 200 1845
114.86.190.97 - - [14/Jun/2020:09:04:27 +0800] "GET /xingrg/kc/print/load_data.html?order_code=212020061405338&kc_code=cgsh HTTP/1.1" 200 13669
120.253.135.82 - - [14/Jun/2020:09:04:33 +0800] "GET /xingrg/all/function/internal_message.html?_=1592096428895&CODE_STATE=getMsg HTTP/1.1" 200 27
116.233.79.27 - - [14/Jun/2020:09:04:36 +0800] "GET /xingrg/check_reg.html?_=1592096676427 HTTP/1.1" 302 -
180.162.232.172 - - [14/Jun/2020:09:04:38 +0800] "GET /xingrg/all/function/internal_message.html?_=1592096677639&CODE_STATE=getMsg HTTP/1.1" 200 27
180.175.214.200 - - [14/Jun/2020:09:04:40 +0800] "GET /xingrg/all/function/internal_message.html?_=1592096885145&CODE_STATE=getMsg HTTP/1.1" 200 27
120.253.135.82 - - [14/Jun/2020:09:04:41 +0800] "GET /xingrg/kc/base/stock_operate.html?_=1592096437126&command=get_report_file&start_day=20200501 HTTP/1.1" 200 53
120.253.135.82 - - [14/Jun/2020:09:04:41 +0800] "GET /xingrg/dwr/interface/AjaxReportQueryService.js HTTP/1.1" 200 13203
120.253.135.82 - - [14/Jun/2020:09:04:41 +0800] "GET /xingrg/all/report/report_query.html?isQuery=1&onlyBody=1&rh=2000&fileName=kc/base/kc_stock_detail_new.xml&queryString=(1=1)&queryText=&tableQueryString=init_table$sp1$$sp$crk_table$sp1$order_day%20between%2020200501%20and%2020200531&varString=start_day:20200501,materiel_code:00101010053,cost_id:2622,end_date:20200331 HTTP/1.1" 200 48701
120.253.135.82 - - [14/Jun/2020:09:04:41 +0800] "GET /xingrg/dwr/engine.js HTTP/1.1" 200 43631
120.253.135.82 - - [14/Jun/2020:09:04:42 +0800] "POST /xingrg/all/report/load_report_page.html HTTP/1.1" 200 49637
120.253.135.82 - - [14/Jun/2020:09:04:42 +0800] "GET /xingrg/servlets/image?cache=0.14790277321300493&image=px HTTP/1.1" 200 807
117.185.32.26 - - [14/Jun/2020:09:04:42 +0800] "GET /xingrg/all/function/internal_message.html?_=1592096676733&CODE_STATE=getMsg HTTP/1.1" 200 27
114.88.170.9 - - [14/Jun/2020:09:04:45 +0800] "GET /xingrg/all/function/internal_message.html?_=1592096692336&CODE_STATE=getMsg HTTP/1.1" 200 27
101.228.167.227 - - [14/Jun/2020:09:04:47 +0800] "GET /xingrg/check_reg.html?_=1592096688708 HTTP/1.1" 200 22
101.228.167.227 - - [14/Jun/2020:09:04:48 +0800] "GET /xingrg/all/function/internal_message.html?_=1592096689591&CODE_STATE=getMsg HTTP/1.1" 200 27
114.88.170.9 - - [14/Jun/2020:09:04:49 +0800] "GET /xingrg/check_reg.html?_=1592096683405 HTTP/1.1" 200 22
172.17.0.101 - - [14/Jun/2020:09:04:50 +0800] "GET /xingrg/all/function/internal_message.html?_=1592096688616&CODE_STATE=getMsg HTTP/1.1" 200 27
114.84.32.201 - - [14/Jun/2020:09:04:54 +0800] "GET /xingrg/all/function/internal_message.html?_=1592096693956&CODE_STATE=getMsg HTTP/1.1" 200 27
101.228.167.227 - - [14/Jun/2020:09:05:00 +0800] "GET /xingrg/all/function/internal_message.html?_=1592096702010&CODE_STATE=getMsg HTTP/1.1" 200 27
114.86.190.97 - - [14/Jun/2020:09:05:11 +0800] "GET /xingrg/all/function/internal_message.html?_=1592096711254&CODE_STATE=getMsg HTTP/1.1" 200 27
61.172.5.115 - - [14/Jun/2020:09:05:17 +0800] "GET /xingrg/all/function/internal_message.html?_=1592096717997&CODE_STATE=getMsg HTTP/1.1" 200 27
61.172.5.115 - - [14/Jun/2020:09:05:17 +0800] "GET /xingrg/check_reg.html?_=1592096718093 HTTP/1.1" 200 22
114.88.170.9 - - [14/Jun/2020:09:05:19 +0800] "GET /xingrg/all/function/internal_message.html?_=1592096713192&CODE_STATE=getMsg HTTP/1.1" 200 27
172.17.0.101 - - [14/Jun/2020:09:05:26 +0800] "POST /xingrg/kc/buy/cgsh_list_operate.html HTTP/1.1" 200 4
117.185.32.26 - - [14/Jun/2020:09:05:28 +0800] "GET /xingrg/kc/buy/buy_main.html HTTP/1.1" 200 12412
117.185.32.26 - - [14/Jun/2020:09:05:28 +0800] "GET /xingrg/css/new_ie.css HTTP/1.1" 404 1036
172.17.0.101 - - [14/Jun/2020:09:05:28 +0800] "POST /xingrg/kc/buy/cgsh_list_operate.html HTTP/1.1" 200 876
117.185.32.26 - - [14/Jun/2020:09:05:28 +0800] "GET /xingrg/images/yd/bt.gif HTTP/1.1" 404 1040
117.185.32.26 - - [14/Jun/2020:09:05:29 +0800] "GET /xingrg/kc/buy/cgsh_order_list.html HTTP/1.1" 200 43283
101.228.167.227 - - [14/Jun/2020:09:05:31 +0800] "GET /xingrg/check_reg.html?_=1592096732360 HTTP/1.1" 200 22
120.253.135.82 - - [14/Jun/2020:09:05:33 +0800] "GET /xingrg/all/function/internal_message.html?_=1592096488900&CODE_STATE=getMsg HTTP/1.1" 200 27
117.185.32.26 - - [14/Jun/2020:09:05:33 +0800] "POST /xingrg/kc/buy/cgsh_list_operate.html HTTP/1.1" 200 876
117.185.32.26 - - [14/Jun/2020:09:05:34 +0800] "GET /xingrg/kc/buy/cgsh_order_add.html HTTP/1.1" 200 59027
117.185.32.26 - - [14/Jun/2020:09:05:35 +0800] "GET /xingrg/words/20200613222249_words.js HTTP/1.1" 200 741810
117.185.32.26 - - [14/Jun/2020:09:05:36 +0800] "GET /xingrg/javascript/easyui/themes/default/validatebox.css HTTP/1.1" 404 1104
117.185.32.26 - - [14/Jun/2020:09:05:36 +0800] "GET /xingrg/all/common/auto_word.html?type=employee&rest_code=00106 HTTP/1.1" 200 205
117.185.32.26 - - [14/Jun/2020:09:05:36 +0800] "GET /xingrg/all/common/auto_word.html?type=employee&rest_code=00106 HTTP/1.1" 200 205
117.185.32.26 - - [14/Jun/2020:09:05:36 +0800] "POST /xingrg/kc/buy/cgsh_order_operate.html HTTP/1.1" 200 8245
117.185.32.26 - - [14/Jun/2020:09:05:37 +0800] "GET /xingrg/javascript/easyui/themes/default/tree.css HTTP/1.1" 404 1090
117.185.32.26 - - [14/Jun/2020:09:05:37 +0800] "POST /xingrg/all/common/load_tree.html?tree=supplier_tree_json&isDelete=1 HTTP/1.1" 200 49055
114.86.190.97 - - [14/Jun/2020:09:05:38 +0800] "GET /xingrg/check_reg.html?_=1592096738258 HTTP/1.1" 200 22
180.162.232.172 - - [14/Jun/2020:09:05:38 +0800] "GET /xingrg/all/function/internal_message.html?_=1592096737639&CODE_STATE=getMsg HTTP/1.1" 200 27
180.162.232.172 - - [14/Jun/2020:09:05:38 +0800] "GET /xingrg/check_reg.html?_=1592096737640 HTTP/1.1" 200 22
180.175.214.200 - - [14/Jun/2020:09:05:40 +0800] "GET /xingrg/all/function/internal_message.html?_=1592096945153&CODE_STATE=getMsg HTTP/1.1" 200 27
117.185.32.26 - - [14/Jun/2020:09:05:42 +0800] "GET /xingrg/all/function/internal_message.html?_=1592096736719&CODE_STATE=getMsg HTTP/1.1" 200 27
114.88.170.9 - - [14/Jun/2020:09:05:45 +0800] "GET /xingrg/check_reg.html?_=1592096752339 HTTP/1.1" 200 22
114.88.170.9 - - [14/Jun/2020:09:05:45 +0800] "GET /xingrg/all/function/internal_message.html?_=1592096752341&CODE_STATE=getMsg HTTP/1.1" 200 27
101.228.167.227 - - [14/Jun/2020:09:05:48 +0800] "GET /xingrg/all/function/internal_message.html?_=1592096749606&CODE_STATE=getMsg HTTP/1.1" 200 27
172.17.0.101 - - [14/Jun/2020:09:05:50 +0800] "GET /xingrg/all/function/internal_message.html?_=1592096748597&CODE_STATE=getMsg HTTP/1.1" 200 27
114.84.32.201 - - [14/Jun/2020:09:05:54 +0800] "GET /xingrg/all/function/internal_message.html?_=1592096753955&CODE_STATE=getMsg HTTP/1.1" 200 27
114.84.32.201 - - [14/Jun/2020:09:05:54 +0800] "GET /xingrg/check_reg.html?_=1592096753957 HTTP/1.1" 200 22
101.228.167.227 - - [14/Jun/2020:09:06:00 +0800] "GET /xingrg/all/function/internal_message.html?_=1592096762025&CODE_STATE=getMsg HTTP/1.1" 200 27
120.204.17.72 - - [14/Jun/2020:09:06:01 +0800] "GET /xingrg/servlets/image?cache=0.34931129708908926&image=px HTTP/1.1" 200 807
114.86.190.97 - - [14/Jun/2020:09:06:11 +0800] "GET /xingrg/all/function/internal_message.html?_=1592096771231&CODE_STATE=getMsg HTTP/1.1" 200 27
61.172.5.115 - - [14/Jun/2020:09:06:17 +0800] "GET /xingrg/all/function/internal_message.html?_=1592096777967&CODE_STATE=getMsg HTTP/1.1" 200 27
114.88.170.9 - - [14/Jun/2020:09:06:19 +0800] "GET /xingrg/all/function/internal_message.html?_=1592096773207&CODE_STATE=getMsg HTTP/1.1" 200 27
