120.253.135.82 - - [14/Jun/2020:09:06:33 +0800] "GET /xingrg/check_reg.html?_=1592096548851 HTTP/1.1" 200 22
120.253.135.82 - - [14/Jun/2020:09:06:33 +0800] "GET /xingrg/all/function/internal_message.html?_=1592096548914&CODE_STATE=getMsg HTTP/1.1" 200 27
117.185.32.26 - - [14/Jun/2020:09:06:37 +0800] "GET /xingrg/javascript/auto/indicator.gif HTTP/1.1" 404 1066
180.162.232.172 - - [14/Jun/2020:09:06:38 +0800] "GET /xingrg/all/function/internal_message.html?_=1592096797655&CODE_STATE=getMsg HTTP/1.1" 200 27
180.175.214.200 - - [14/Jun/2020:09:06:40 +0800] "GET /xingrg/all/function/internal_message.html?_=1592097005164&CODE_STATE=getMsg HTTP/1.1" 200 27
117.185.32.26 - - [14/Jun/2020:09:06:42 +0800] "GET /xingrg/all/function/internal_message.html?_=1592096796692&CODE_STATE=getMsg HTTP/1.1" 200 27
117.185.32.26 - - [14/Jun/2020:09:06:43 +0800] "GET /xingrg/kc/buy/cgsh_order_operate.html?command=get_materiel&rest_code=00106&code=00102006690&supplier_code=00100079&order_time=2020-06-14 HTTP/1.1" 200 403
114.88.170.9 - - [14/Jun/2020:09:06:45 +0800] "GET /xingrg/all/function/internal_message.html?_=1592096812341&CODE_STATE=getMsg HTTP/1.1" 200 27
101.228.167.227 - - [14/Jun/2020:09:06:48 +0800] "GET /xingrg/all/function/internal_message.html?_=1592096809619&CODE_STATE=getMsg HTTP/1.1" 200 27
172.17.0.101 - - [14/Jun/2020:09:06:50 +0800] "GET /xingrg/check_reg.html?_=1592096808598 HTTP/1.1" 200 22
172.17.0.101 - - [14/Jun/2020:09:06:51 +0800] "GET /xingrg/all/function/internal_message.html?_=1592096808596&CODE_STATE=getMsg HTTP/1.1" 200 27
114.84.32.201 - - [14/Jun/2020:09:06:54 +0800] "GET /xingrg/all/function/internal_message.html?_=1592096813957&CODE_STATE=getMsg HTTP/1.1" 200 27
101.228.167.227 - - [14/Jun/2020:09:07:00 +0800] "GET /xingrg/all/function/internal_message.html?_=1592096822035&CODE_STATE=getMsg HTTP/1.1" 200 27
114.86.190.97 - - [14/Jun/2020:09:07:11 +0800] "GET /xingrg/all/function/internal_message.html?_=1592096831218&CODE_STATE=getMsg HTTP/1.1" 200 27
120.204.17.70 - - [14/Jun/2020:09:07:11 +0800] "GET /xingrg/all/function/internal_message.html?_=1592096015343&CODE_STATE=getMsg HTTP/1.1" 302 -
117.185.32.26 - - [14/Jun/2020:09:07:14 +0800] "GET /xingrg/kc/buy/cgsh_order_operate.html?command=get_materiel&rest_code=00106&code=00102005116&supplier_code=00100079&order_time=2020-06-14 HTTP/1.1" 200 408
61.172.5.115 - - [14/Jun/2020:09:07:17 +0800] "GET /xingrg/all/function/internal_message.html?_=1592096837953&CODE_STATE=getMsg HTTP/1.1" 200 27
114.88.170.9 - - [14/Jun/2020:09:07:19 +0800] "GET /xingrg/all/function/internal_message.html?_=1592096833255&CODE_STATE=getMsg HTTP/1.1" 200 27
120.204.17.70 - - [14/Jun/2020:09:07:21 +0800] "GET /xingrg/login.html HTTP/1.1" 200 7641
117.185.32.26 - - [14/Jun/2020:09:07:24 +0800] "GET /xingrg/check_reg.html?_=1592096839150 HTTP/1.1" 200 22
117.185.32.26 - - [14/Jun/2020:09:07:32 +0800] "GET /xingrg/kc/buy/cgsh_order_operate.html?command=get_materiel&rest_code=00106&code=00102005505&supplier_code=00100079&order_time=2020-06-14 HTTP/1.1" 200 413
120.253.135.82 - - [14/Jun/2020:09:07:33 +0800] "GET /xingrg/all/function/internal_message.html?_=1592096608927&CODE_STATE=getMsg HTTP/1.1" 200 27
180.162.232.172 - - [14/Jun/2020:09:07:38 +0800] "GET /xingrg/all/function/internal_message.html?_=1592096857656&CODE_STATE=getMsg HTTP/1.1" 200 27
180.175.214.200 - - [14/Jun/2020:09:07:40 +0800] "GET /xingrg/check_reg.html?_=1592097064920 HTTP/1.1" 200 22
183.192.164.214 - - [14/Jun/2020:09:07:40 +0800] "GET /xingrg/all/function/internal_message.html?_=1592096135296&CODE_STATE=getMsg HTTP/1.1" 302 -
180.175.214.200 - - [14/Jun/2020:09:07:40 +0800] "GET /xingrg/all/function/internal_message.html?_=1592097065177&CODE_STATE=getMsg HTTP/1.1" 200 27
117.185.32.26 - - [14/Jun/2020:09:07:42 +0800] "GET /xingrg/all/function/internal_message.html?_=1592096856663&CODE_STATE=getMsg HTTP/1.1" 200 27
114.88.170.9 - - [14/Jun/2020:09:07:45 +0800] "GET /xingrg/all/function/internal_message.html?_=1592096872344&CODE_STATE=getMsg HTTP/1.1" 200 27
120.253.135.82 - - [14/Jun/2020:09:07:46 +0800] "GET /xingrg/javascript/jquery_easy_ui/themes/icons/manage.png HTTP/1.1" 304 -
120.253.135.82 - - [14/Jun/2020:09:07:46 +0800] "GET /xingrg/javascript/jquery_easy_ui/themes/icons/area.png HTTP/1.1" 304 -
101.228.167.227 - - [14/Jun/2020:09:07:48 +0800] "GET /xingrg/all/function/internal_message.html?_=1592096869805&CODE_STATE=getMsg HTTP/1.1" 200 27
183.192.164.214 - - [14/Jun/2020:09:07:49 +0800] "GET /xingrg/login.html HTTP/1.1" 200 7641
183.192.164.214 - - [14/Jun/2020:09:07:50 +0800] "GET /xingrg/all/function/internal_message.html?_=1592096495292&CODE_STATE=getMsg HTTP/1.1" 302 -
172.17.0.101 - - [14/Jun/2020:09:07:50 +0800] "GET /xingrg/all/function/internal_message.html?_=1592096868598&CODE_STATE=getMsg HTTP/1.1" 200 27
114.84.32.201 - - [14/Jun/2020:09:07:54 +0800] "GET /xingrg/all/function/internal_message.html?_=1592096873965&CODE_STATE=getMsg HTTP/1.1" 200 27
120.253.135.82 - - [14/Jun/2020:09:07:56 +0800] "POST /xingrg/kc/base/stock_operate.html HTTP/1.1" 200 1468
117.185.32.26 - - [14/Jun/2020:09:07:58 +0800] "GET /xingrg/kc/buy/cgsh_order_operate.html?command=get_materiel&rest_code=00106&code=00102006647&supplier_code=00100079&order_time=2020-06-14 HTTP/1.1" 200 395
183.192.164.214 - - [14/Jun/2020:09:07:58 +0800] "GET /xingrg/login.html HTTP/1.1" 200 7641
101.228.167.227 - - [14/Jun/2020:09:08:01 +0800] "GET /xingrg/all/function/internal_message.html?_=1592096882120&CODE_STATE=getMsg HTTP/1.1" 200 27
120.253.135.82 - - [14/Jun/2020:09:08:05 +0800] "POST /xingrg/kc/base/stock_operate.html HTTP/1.1" 200 765
120.204.17.68 - - [14/Jun/2020:09:08:08 +0800] "GET /xingrg/all/function/internal_message.html?_=1592096616763&CODE_STATE=getMsg HTTP/1.1" 302 -
114.86.190.97 - - [14/Jun/2020:09:08:11 +0800] "GET /xingrg/all/function/internal_message.html?_=1592096891196&CODE_STATE=getMsg HTTP/1.1" 200 27
120.204.17.68 - - [14/Jun/2020:09:08:14 +0800] "GET /xingrg/login.html HTTP/1.1" 200 7641
61.172.5.115 - - [14/Jun/2020:09:08:17 +0800] "GET /xingrg/all/function/internal_message.html?_=1592096897937&CODE_STATE=getMsg HTTP/1.1" 200 27
114.88.170.9 - - [14/Jun/2020:09:08:19 +0800] "GET /xingrg/all/function/internal_message.html?_=1592096893266&CODE_STATE=getMsg HTTP/1.1" 200 27
120.253.135.82 - - [14/Jun/2020:09:08:21 +0800] "POST /xingrg/kc/base/stock_operate.html HTTP/1.1" 200 1485
117.185.32.26 - - [14/Jun/2020:09:08:21 +0800] "GET /xingrg/kc/buy/cgsh_order_operate.html?command=get_materiel&rest_code=00106&code=00102006678&supplier_code=00100079&order_time=2020-06-14 HTTP/1.1" 200 399
114.86.190.97 - - [14/Jun/2020:09:08:30 +0800] "GET /xingrg/javascript/jquery_easy_ui/themes/default/images/tabs_active.png HTTP/1.1" 304 -
120.253.135.82 - - [14/Jun/2020:09:08:33 +0800] "GET /xingrg/all/function/internal_message.html?_=1592096668941&CODE_STATE=getMsg HTTP/1.1" 200 27
114.86.190.97 - - [14/Jun/2020:09:08:33 +0800] "POST /xingrg/kc/buy/cgsh_list_operate.html HTTP/1.1" 200 1690
114.86.190.97 - - [14/Jun/2020:09:08:35 +0800] "GET /xingrg/kc/buy/cgsh_order_add.html HTTP/1.1" 200 59027
114.86.190.97 - - [14/Jun/2020:09:08:36 +0800] "GET /xingrg/javascript/easyui/themes/default/validatebox.css HTTP/1.1" 404 1104
114.86.190.97 - - [14/Jun/2020:09:08:36 +0800] "POST /xingrg/kc/buy/cgsh_order_operate.html HTTP/1.1" 200 8245
180.162.232.172 - - [14/Jun/2020:09:08:38 +0800] "GET /xingrg/all/function/internal_message.html?_=1592096917655&CODE_STATE=getMsg HTTP/1.1" 200 27
117.185.32.26 - - [14/Jun/2020:09:08:39 +0800] "GET /xingrg/kc/buy/cgsh_order_operate.html?command=get_materiel&rest_code=00106&code=00102006679&supplier_code=00100079&order_time=2020-06-14 HTTP/1.1" 200 399
180.175.214.200 - - [14/Jun/2020:09:08:40 +0800] "GET /xingrg/all/function/internal_message.html?_=1592097125192&CODE_STATE=getMsg HTTP/1.1" 200 27
117.185.32.26 - - [14/Jun/2020:09:08:42 +0800] "GET /xingrg/all/function/internal_message.html?_=1592096916639&CODE_STATE=getMsg HTTP/1.1" 200 27
114.88.170.9 - - [14/Jun/2020:09:08:45 +0800] "GET /xingrg/all/function/internal_message.html?_=1592096932346&CODE_STATE=getMsg HTTP/1.1" 200 27
114.86.190.97 - - [14/Jun/2020:09:08:46 +0800] "GET /xingrg/kc/buy/cgsh_order_operate.html?command=get_materiel&rest_code=00148&code=00101028020&supplier_code=00100017&order_time=2020-06-14 HTTP/1.1" 200 451
101.228.167.227 - - [14/Jun/2020:09:08:48 +0800] "GET /xingrg/all/function/internal_message.html?_=1592096929818&CODE_STATE=getMsg HTTP/1.1" 200 27
172.17.0.101 - - [14/Jun/2020:09:08:50 +0800] "GET /xingrg/all/function/internal_message.html?_=1592096928598&CODE_STATE=getMsg HTTP/1.1" 200 27
114.84.32.201 - - [14/Jun/2020:09:08:54 +0800] "GET /xingrg/all/function/internal_message.html?_=1592096933965&CODE_STATE=getMsg HTTP/1.1" 200 27
114.86.190.97 - - [14/Jun/2020:09:08:54 +0800] "POST /xingrg/kc/buy/cgsh_order_operate.html HTTP/1.1" 200 37
117.185.32.26 - - [14/Jun/2020:09:08:56 +0800] "GET /xingrg/kc/buy/cgsh_order_operate.html?command=get_materiel&rest_code=00106&code=00102006667&supplier_code=00100079&order_time=2020-06-14 HTTP/1.1" 200 399
114.86.190.97 - - [14/Jun/2020:09:08:57 +0800] "POST /xingrg/kc/buy/cgsh_order_operate.html HTTP/1.1" 200 12
114.86.190.97 - - [14/Jun/2020:09:08:57 +0800] "GET /xingrg/kc/buy/cgsh_order_info.html?code=212020061405352 HTTP/1.1" 200 53928
114.86.190.97 - - [14/Jun/2020:09:08:58 +0800] "GET /xingrg/javascript/easyui/themes/default/validatebox.css HTTP/1.1" 404 1104
114.86.190.97 - - [14/Jun/2020:09:08:59 +0800] "POST /xingrg/kc/buy/cgsh_order_operate.html HTTP/1.1" 200 640
114.86.190.97 - - [14/Jun/2020:09:09:00 +0800] "GET /xingrg/kc/print/load_data.html?order_code=212020061405352&kc_code=cgsh&condition= HTTP/1.1" 200 797
101.228.167.227 - - [14/Jun/2020:09:09:01 +0800] "GET /xingrg/all/function/internal_message.html?_=1592096942126&CODE_STATE=getMsg HTTP/1.1" 200 27
114.86.190.97 - - [14/Jun/2020:09:09:10 +0800] "POST /xingrg/kc/buy/cgsh_list_operate.html HTTP/1.1" 200 1690
114.86.190.97 - - [14/Jun/2020:09:09:11 +0800] "GET /xingrg/all/function/internal_message.html?_=1592096951185&CODE_STATE=getMsg HTTP/1.1" 200 27
114.86.190.97 - - [14/Jun/2020:09:09:12 +0800] "POST /xingrg/kc/buy/cgsh_list_operate.html HTTP/1.1" 200 1690
61.172.5.115 - - [14/Jun/2020:09:09:16 +0800] "GET /xingrg/all/function/internal_message.html?_=1592096957923&CODE_STATE=getMsg HTTP/1.1" 200 27
117.185.32.26 - - [14/Jun/2020:09:09:18 +0800] "GET /xingrg/kc/buy/cgsh_order_operate.html?command=get_materiel&rest_code=00106&code=00102006680&supplier_code=00100079&order_time=2020-06-14 HTTP/1.1" 200 399
114.88.170.9 - - [14/Jun/2020:09:09:19 +0800] "GET /xingrg/all/function/internal_message.html?_=1592096953316&CODE_STATE=getMsg HTTP/1.1" 200 27
58.40.7.146 - - [14/Jun/2020:09:09:25 +0800] "GET /xingrg/check_reg.html?_=1592096964987 HTTP/1.1" 200 22
114.86.190.97 - - [14/Jun/2020:09:09:25 +0800] "POST /xingrg/kc/buy/cgsh_list_operate.html HTTP/1.1" 200 1690
120.253.135.82 - - [14/Jun/2020:09:09:33 +0800] "GET /xingrg/all/function/internal_message.html?_=1592096728961&CODE_STATE=getMsg HTTP/1.1" 200 27
116.233.79.27 - - [14/Jun/2020:09:09:36 +0800] "GET /xingrg/check_reg.html?_=1592096976403 HTTP/1.1" 302 -
180.162.232.172 - - [14/Jun/2020:09:09:38 +0800] "GET /xingrg/all/function/internal_message.html?_=1592096977655&CODE_STATE=getMsg HTTP/1.1" 200 27
180.175.214.200 - - [14/Jun/2020:09:09:40 +0800] "GET /xingrg/all/function/internal_message.html?_=1592097185204&CODE_STATE=getMsg HTTP/1.1" 200 27
117.185.32.26 - - [14/Jun/2020:09:09:42 +0800] "GET /xingrg/all/function/internal_message.html?_=1592096976620&CODE_STATE=getMsg HTTP/1.1" 200 27
114.88.170.9 - - [14/Jun/2020:09:09:45 +0800] "GET /xingrg/all/function/internal_message.html?_=1592096992346&CODE_STATE=getMsg HTTP/1.1" 200 27
101.228.167.227 - - [14/Jun/2020:09:09:47 +0800] "GET /xingrg/check_reg.html?_=1592096988877 HTTP/1.1" 200 22
101.228.167.227 - - [14/Jun/2020:09:09:48 +0800] "GET /xingrg/all/function/internal_message.html?_=1592096989832&CODE_STATE=getMsg HTTP/1.1" 200 27
114.88.170.9 - - [14/Jun/2020:09:09:49 +0800] "GET /xingrg/check_reg.html?_=1592096983402 HTTP/1.1" 200 22
172.17.0.101 - - [14/Jun/2020:09:09:50 +0800] "GET /xingrg/all/function/internal_message.html?_=1592096988628&CODE_STATE=getMsg HTTP/1.1" 200 27
114.86.190.97 - - [14/Jun/2020:09:09:51 +0800] "GET /xingrg/kc/buy/cgsh_order_add.html HTTP/1.1" 200 59027
114.86.190.97 - - [14/Jun/2020:09:09:52 +0800] "POST /xingrg/kc/buy/cgsh_order_operate.html HTTP/1.1" 200 8245
114.86.190.97 - - [14/Jun/2020:09:09:52 +0800] "GET /xingrg/javascript/easyui/themes/default/validatebox.css HTTP/1.1" 404 1104
114.84.32.201 - - [14/Jun/2020:09:09:54 +0800] "GET /xingrg/all/function/internal_message.html?_=1592096993966&CODE_STATE=getMsg HTTP/1.1" 200 27
114.86.190.97 - - [14/Jun/2020:09:09:59 +0800] "GET /xingrg/kc/buy/cgsh_order_operate.html?command=get_materiel&rest_code=00148&code=00101006130&supplier_code=00100010&order_time=2020-06-14 HTTP/1.1" 200 427
101.228.167.227 - - [14/Jun/2020:09:10:01 +0800] "GET /xingrg/all/function/internal_message.html?_=1592097002241&CODE_STATE=getMsg HTTP/1.1" 200 27
114.86.190.97 - - [14/Jun/2020:09:10:07 +0800] "GET /xingrg/kc/buy/cgsh_order_operate.html?command=get_materiel&rest_code=00148&code=00101006060&supplier_code=00100010&order_time=2020-06-14 HTTP/1.1" 200 409
117.185.32.26 - - [14/Jun/2020:09:10:08 +0800] "GET /xingrg/kc/buy/cgsh_order_operate.html?command=get_materiel&rest_code=00106&code=00102006681&supplier_code=00100079&order_time=2020-06-14 HTTP/1.1" 200 419
120.253.135.82 - - [14/Jun/2020:09:10:08 +0800] "POST /xingrg/kc/base/stock_operate.html HTTP/1.1" 200 1462
114.86.190.97 - - [14/Jun/2020:09:10:11 +0800] "GET /xingrg/all/function/internal_message.html?_=1592097011179&CODE_STATE=getMsg HTTP/1.1" 200 27
61.172.5.115 - - [14/Jun/2020:09:10:16 +0800] "GET /xingrg/all/function/internal_message.html?_=1592097017908&CODE_STATE=getMsg HTTP/1.1" 200 27
61.172.5.115 - - [14/Jun/2020:09:10:17 +0800] "GET /xingrg/check_reg.html?_=1592097018068 HTTP/1.1" 200 22
222.69.130.218 - - [14/Jun/2020:09:10:17 +0800] "POST /xingrg/login.do HTTP/1.1" 200 2421
222.69.130.218 - - [14/Jun/2020:09:10:17 +0800] "GET /xingrg/images/blue/pic_top.gif HTTP/1.1" 304 -
222.69.130.218 - - [14/Jun/2020:09:10:17 +0800] "GET /xingrg/images/blue/pic_notice.jpg HTTP/1.1" 304 -
222.69.130.218 - - [14/Jun/2020:09:10:17 +0800] "GET /xingrg/images/blue/error_buttom.gif HTTP/1.1" 304 -
222.69.130.218 - - [14/Jun/2020:09:10:17 +0800] "GET /xingrg/images/blue/error_mid.gif HTTP/1.1" 304 -
222.69.130.218 - - [14/Jun/2020:09:10:17 +0800] "GET /xingrg/images/blue/error_top.gif HTTP/1.1" 304 -
222.69.130.218 - - [14/Jun/2020:09:10:17 +0800] "GET /favicon.ico HTTP/1.1" 404 -
114.88.170.9 - - [14/Jun/2020:09:10:19 +0800] "GET /xingrg/all/function/internal_message.html?_=1592097013323&CODE_STATE=getMsg HTTP/1.1" 200 27
222.69.130.218 - - [14/Jun/2020:09:10:19 +0800] "GET /xingrg/login.html HTTP/1.1" 200 7641
222.69.130.218 - - [14/Jun/2020:09:10:19 +0800] "GET /favicon.ico HTTP/1.1" 404 -
117.185.32.26 - - [14/Jun/2020:09:10:22 +0800] "GET /xingrg/kc/buy/cgsh_order_operate.html?command=get_materiel&rest_code=00106&code=00102006682&supplier_code=00100079&order_time=2020-06-14 HTTP/1.1" 200 419
222.69.130.218 - - [14/Jun/2020:09:10:24 +0800] "POST /xingrg/login.do HTTP/1.1" 302 -
222.69.130.218 - - [14/Jun/2020:09:10:24 +0800] "GET /xingrg/index.html?sysBaseUrl=http%3A%2F%2F180.169.147.146%3A18081%2Fxingrg%2F&costTime=136×tamp=1592097024081 HTTP/1.1" 200 17179
222.69.130.218 - - [14/Jun/2020:09:10:24 +0800] "GET /favicon.ico HTTP/1.1" 404 -
222.69.130.218 - - [14/Jun/2020:09:10:24 +0800] "POST /xingrg/all/common/load_tree.html?tree=area_rest_tree_json&manage=1 HTTP/1.1" 200 351
222.69.130.218 - - [14/Jun/2020:09:10:24 +0800] "GET /xingrg/check_reg.html?_=1592097024274 HTTP/1.1" 200 22
222.69.130.218 - - [14/Jun/2020:09:10:24 +0800] "GET /xingrg/all/function/internal_message.html?_=1592097024271&CODE_STATE=count HTTP/1.1" 200 11
222.69.130.218 - - [14/Jun/2020:09:10:24 +0800] "POST /xingrg/load_menu.html HTTP/1.1" 200 5138
222.69.130.218 - - [14/Jun/2020:09:10:27 +0800] "GET /xingrg/kc/buy/cgsh_order_list.html HTTP/1.1" 200 43289
222.69.130.218 - - [14/Jun/2020:09:10:30 +0800] "POST /xingrg/kc/buy/cgsh_list_operate.html HTTP/1.1" 200 876
101.228.167.227 - - [14/Jun/2020:09:10:31 +0800] "GET /xingrg/check_reg.html?_=1592097032360 HTTP/1.1" 200 22
120.253.135.82 - - [14/Jun/2020:09:10:33 +0800] "GET /xingrg/all/function/internal_message.html?_=1592096788968&CODE_STATE=getMsg HTTP/1.1" 200 27
222.69.130.218 - - [14/Jun/2020:09:10:33 +0800] "GET /xingrg/kc/buy/cgsh_order_add.html HTTP/1.1" 200 59074
222.69.130.218 - - [14/Jun/2020:09:10:33 +0800] "GET /xingrg/words/20200613222249_words.js HTTP/1.1" 200 741810
117.185.32.26 - - [14/Jun/2020:09:10:33 +0800] "GET /xingrg/kc/buy/cgsh_order_operate.html?command=get_materiel&rest_code=00106&code=00102006683&supplier_code=00100079&order_time=2020-06-14 HTTP/1.1" 200 419
222.69.130.218 - - [14/Jun/2020:09:10:34 +0800] "GET /xingrg/all/common/auto_word.html?type=employee&rest_code=00149 HTTP/1.1" 200 197
222.69.130.218 - - [14/Jun/2020:09:10:34 +0800] "GET /xingrg/all/common/auto_word.html?type=employee&rest_code=00149 HTTP/1.1" 200 197
222.69.130.218 - - [14/Jun/2020:09:10:34 +0800] "GET /xingrg/javascript/easyui/themes/default/validatebox.css HTTP/1.1" 404 1104
222.69.130.218 - - [14/Jun/2020:09:10:34 +0800] "POST /xingrg/kc/buy/cgsh_order_operate.html HTTP/1.1" 200 8245
222.69.130.218 - - [14/Jun/2020:09:10:36 +0800] "GET /xingrg/javascript/auto/indicator.gif HTTP/1.1" 404 1066
120.253.135.82 - - [14/Jun/2020:09:10:36 +0800] "POST /xingrg/kc/base/stock_operate.html HTTP/1.1" 200 765
222.69.130.218 - - [14/Jun/2020:09:10:37 +0800] "GET /xingrg/javascript/jquery_tools/images/prev.gif HTTP/1.1" 404 1086
222.69.130.218 - - [14/Jun/2020:09:10:37 +0800] "GET /xingrg/javascript/jquery_tools/images/next.gif HTTP/1.1" 404 1086
114.86.190.97 - - [14/Jun/2020:09:10:38 +0800] "GET /xingrg/check_reg.html?_=1592097038238 HTTP/1.1" 200 22
180.162.232.172 - - [14/Jun/2020:09:10:38 +0800] "GET /xingrg/all/function/internal_message.html?_=1592097037683&CODE_STATE=getMsg HTTP/1.1" 200 27
180.162.232.172 - - [14/Jun/2020:09:10:38 +0800] "GET /xingrg/check_reg.html?_=1592097037687 HTTP/1.1" 200 22
180.175.214.200 - - [14/Jun/2020:09:10:40 +0800] "GET /xingrg/all/function/internal_message.html?_=1592097245220&CODE_STATE=getMsg HTTP/1.1" 200 27
117.185.32.26 - - [14/Jun/2020:09:10:42 +0800] "GET /xingrg/all/function/internal_message.html?_=1592097036654&CODE_STATE=getMsg HTTP/1.1" 200 27
114.88.170.9 - - [14/Jun/2020:09:10:45 +0800] "GET /xingrg/check_reg.html?_=1592097052346 HTTP/1.1" 200 22
114.88.170.9 - - [14/Jun/2020:09:10:45 +0800] "GET /xingrg/all/function/internal_message.html?_=1592097052349&CODE_STATE=getMsg HTTP/1.1" 200 27
114.86.190.97 - - [14/Jun/2020:09:10:45 +0800] "GET /xingrg/kc/buy/cgsh_order_operate.html?command=get_materiel&rest_code=00148&code=00101020136&supplier_code=00100010&order_time=2020-06-14 HTTP/1.1" 200 409
101.228.167.227 - - [14/Jun/2020:09:10:48 +0800] "GET /xingrg/all/function/internal_message.html?_=1592097049846&CODE_STATE=getMsg HTTP/1.1" 200 27
172.17.0.101 - - [14/Jun/2020:09:10:50 +0800] "GET /xingrg/all/function/internal_message.html?_=1592097048626&CODE_STATE=getMsg HTTP/1.1" 200 27
183.192.164.97 - - [14/Jun/2020:09:10:51 +0800] "GET /xingrg/check_reg.html?_=1592096239140 HTTP/1.1" 302 -
117.185.32.26 - - [14/Jun/2020:09:10:53 +0800] "GET /xingrg/kc/buy/cgsh_order_operate.html?command=get_materiel&rest_code=00106&code=00102006650&supplier_code=00100079&order_time=2020-06-14 HTTP/1.1" 200 407
114.84.32.201 - - [14/Jun/2020:09:10:54 +0800] "GET /xingrg/all/function/internal_message.html?_=1592097053966&CODE_STATE=getMsg HTTP/1.1" 200 27
114.84.32.201 - - [14/Jun/2020:09:10:54 +0800] "GET /xingrg/check_reg.html?_=1592097053969 HTTP/1.1" 200 22
183.192.164.97 - - [14/Jun/2020:09:10:58 +0800] "GET /xingrg/login.html HTTP/1.1" 200 7641
101.228.167.227 - - [14/Jun/2020:09:11:01 +0800] "GET /xingrg/all/function/internal_message.html?_=1592097062246&CODE_STATE=getMsg HTTP/1.1" 200 27
114.86.190.97 - - [14/Jun/2020:09:11:01 +0800] "GET /xingrg/kc/buy/cgsh_order_operate.html?command=get_materiel&rest_code=00148&code=00101006109&supplier_code=00100010&order_time=2020-06-14 HTTP/1.1" 200 409
120.253.135.82 - - [14/Jun/2020:09:11:04 +0800] "POST /xingrg/kc/base/stock_operate.html HTTP/1.1" 200 1462
222.69.130.218 - - [14/Jun/2020:09:11:05 +0800] "GET /xingrg/kc/buy/cgsh_order_operate.html?command=get_materiel&rest_code=00149&code=00101008323&supplier_code=00100005&order_time=2020-06-14 HTTP/1.1" 200 408
114.86.190.97 - - [14/Jun/2020:09:11:06 +0800] "GET /xingrg/kc/buy/cgsh_order_operate.html?command=get_materiel&rest_code=00148&code=00101007069&supplier_code=00100010&order_time=2020-06-14 HTTP/1.1" 200 413
114.86.190.97 - - [14/Jun/2020:09:11:11 +0800] "GET /xingrg/all/function/internal_message.html?_=1592097071174&CODE_STATE=getMsg HTTP/1.1" 200 27
222.69.130.218 - - [14/Jun/2020:09:11:15 +0800] "GET /xingrg/kc/buy/cgsh_order_operate.html?command=get_materiel&rest_code=00149&code=00101008175&supplier_code=00100005&order_time=2020-06-14 HTTP/1.1" 200 412
114.86.190.97 - - [14/Jun/2020:09:11:16 +0800] "GET /xingrg/kc/buy/cgsh_order_operate.html?command=get_materiel&rest_code=00148&code=00101006055&supplier_code=00100010&order_time=2020-06-14 HTTP/1.1" 200 409
61.172.5.115 - - [14/Jun/2020:09:11:16 +0800] "GET /xingrg/all/function/internal_message.html?_=1592097077881&CODE_STATE=getMsg HTTP/1.1" 200 27
114.88.170.9 - - [14/Jun/2020:09:11:19 +0800] "GET /xingrg/all/function/internal_message.html?_=1592097073337&CODE_STATE=getMsg HTTP/1.1" 200 27
114.86.190.97 - - [14/Jun/2020:09:11:24 +0800] "GET /xingrg/kc/buy/cgsh_order_operate.html?command=get_materiel&rest_code=00148&code=00101006115&supplier_code=00100010&order_time=2020-06-14 HTTP/1.1" 200 409
222.69.130.218 - - [14/Jun/2020:09:11:24 +0800] "GET /xingrg/all/function/internal_message.html?_=1592097084285&CODE_STATE=getMsg HTTP/1.1" 200 27
172.17.200.101 - - [14/Jun/2020:09:11:24 +0800] "GET /xingrg/login.html HTTP/1.1" 200 7636
222.69.130.218 - - [14/Jun/2020:09:11:28 +0800] "GET /xingrg/kc/buy/cgsh_order_operate.html?command=get_materiel&rest_code=00149&code=00101008176&supplier_code=00100005&order_time=2020-06-14 HTTP/1.1" 200 413
172.17.200.101 - - [14/Jun/2020:09:11:29 +0800] "GET /favicon.ico HTTP/1.1" 404 -
117.185.32.26 - - [14/Jun/2020:09:11:29 +0800] "GET /xingrg/kc/buy/cgsh_order_operate.html?command=get_materiel&rest_code=00106&code=00102006684&supplier_code=00100079&order_time=2020-06-14 HTTP/1.1" 200 399
114.86.190.97 - - [14/Jun/2020:09:11:30 +0800] "GET /xingrg/kc/buy/cgsh_order_operate.html?command=get_materiel&rest_code=00148&code=00101006065&supplier_code=00100010&order_time=2020-06-14 HTTP/1.1" 200 409
172.17.200.101 - - [14/Jun/2020:09:11:32 +0800] "POST /xingrg/login.do HTTP/1.1" 302 -
172.17.200.101 - - [14/Jun/2020:09:11:32 +0800] "GET /xingrg/index.html?sysBaseUrl=http%3A%2F%2F172.17.0.8%3A18081%2Fxingrg%2F&costTime=43×tamp=1592097092209 HTTP/1.1" 200 17448
120.253.135.82 - - [14/Jun/2020:09:11:33 +0800] "GET /xingrg/check_reg.html?_=1592096848858 HTTP/1.1" 200 22
172.17.200.101 - - [14/Jun/2020:09:11:33 +0800] "GET /favicon.ico HTTP/1.1" 404 -
120.253.135.82 - - [14/Jun/2020:09:11:33 +0800] "GET /xingrg/all/function/internal_message.html?_=1592096848982&CODE_STATE=getMsg HTTP/1.1" 200 27
172.17.200.101 - - [14/Jun/2020:09:11:33 +0800] "POST /xingrg/all/common/load_tree.html?tree=area_rest_tree_json&manage=1 HTTP/1.1" 200 3088
172.17.200.101 - - [14/Jun/2020:09:11:33 +0800] "GET /xingrg/all/function/internal_message.html?_=1592097093944&CODE_STATE=count HTTP/1.1" 200 11
172.17.200.101 - - [14/Jun/2020:09:11:33 +0800] "GET /xingrg/check_reg.html?_=1592097093945 HTTP/1.1" 200 22
172.17.200.101 - - [14/Jun/2020:09:11:33 +0800] "POST /xingrg/load_menu.html HTTP/1.1" 200 11529
172.17.200.101 - - [14/Jun/2020:09:11:34 +0800] "GET /xingrg/javascript/jquery_easy_ui/themes/default/images/tree_arrows.gif HTTP/1.1" 304 -
172.17.200.101 - - [14/Jun/2020:09:11:34 +0800] "GET /xingrg/javascript/jquery_easy_ui/themes/default/images/tree_folder_open.gif HTTP/1.1" 304 -
172.17.200.101 - - [14/Jun/2020:09:11:34 +0800] "GET /xingrg/javascript/jquery_easy_ui/themes/icons/search_new.png HTTP/1.1" 304 -
172.17.200.101 - - [14/Jun/2020:09:11:34 +0800] "GET /xingrg/javascript/jquery_easy_ui/themes/icons/storage_new.png HTTP/1.1" 304 -
172.17.200.101 - - [14/Jun/2020:09:11:34 +0800] "GET /xingrg/javascript/jquery_easy_ui/themes/icons/checkout_new.png HTTP/1.1" 304 -
172.17.200.101 - - [14/Jun/2020:09:11:34 +0800] "GET /xingrg/javascript/jquery_easy_ui/themes/icons/forms_new.png HTTP/1.1" 304 -
172.17.200.101 - - [14/Jun/2020:09:11:34 +0800] "GET /xingrg/javascript/jquery_easy_ui/themes/icons/setting_new.png HTTP/1.1" 304 -
172.17.200.101 - - [14/Jun/2020:09:11:34 +0800] "GET /xingrg/javascript/jquery_easy_ui/themes/icons/systemset_new.png HTTP/1.1" 304 -
172.17.200.101 - - [14/Jun/2020:09:11:34 +0800] "GET /xingrg/javascript/jquery_easy_ui/themes/default/images/tree_file.gif HTTP/1.1" 304 -
172.17.200.101 - - [14/Jun/2020:09:11:34 +0800] "GET /xingrg/javascript/jquery_easy_ui/themes/default/images/tree_folder.gif HTTP/1.1" 304 -
120.253.135.82 - - [14/Jun/2020:09:11:36 +0800] "GET /xingrg/kc/pszx/mdps_order_list.html?orderType=0 HTTP/1.1" 200 20967
120.253.135.82 - - [14/Jun/2020:09:11:36 +0800] "GET /xingrg/javascript/jquery_tools/table.css HTTP/1.1" 304 -
120.253.135.82 - - [14/Jun/2020:09:11:36 +0800] "GET /xingrg/javascript/jquery_tools/jquery.tools.table.js HTTP/1.1" 304 -
120.253.135.82 - - [14/Jun/2020:09:11:36 +0800] "GET /xingrg/javascript/easyui/themes/default/easyui.css HTTP/1.1" 304 -
120.253.135.82 - - [14/Jun/2020:09:11:36 +0800] "GET /xingrg/javascript/easyui/themes/icons/edit_add_new.png HTTP/1.1" 304 -
120.253.135.82 - - [14/Jun/2020:09:11:36 +0800] "GET /xingrg/javascript/easyui/themes/icons/cance_new.png HTTP/1.1" 304 -
120.253.135.82 - - [14/Jun/2020:09:11:36 +0800] "GET /xingrg/javascript/easyui/themes/icons/check_new.png HTTP/1.1" 304 -
120.253.135.82 - - [14/Jun/2020:09:11:36 +0800] "GET /xingrg/javascript/easyui/themes/icons/uncheck_new.png HTTP/1.1" 304 -
120.253.135.82 - - [14/Jun/2020:09:11:36 +0800] "POST /xingrg/kc/pszx/mdps_list_operate.html HTTP/1.1" 200 5223
180.162.232.172 - - [14/Jun/2020:09:11:38 +0800] "GET /xingrg/all/function/internal_message.html?_=1592097097688&CODE_STATE=getMsg HTTP/1.1" 200 27
120.253.135.82 - - [14/Jun/2020:09:11:39 +0800] "GET /xingrg/javascript/auto/indicator.gif HTTP/1.1" 404 1066
172.17.200.101 - - [14/Jun/2020:09:11:39 +0800] "GET /xingrg/javascript/jquery_easy_ui/themes/default/images/button_span_bg.gif HTTP/1.1" 304 -
172.17.200.101 - - [14/Jun/2020:09:11:39 +0800] "GET /xingrg/javascript/jquery_easy_ui/themes/icons/ok.png HTTP/1.1" 304 -
172.17.200.101 - - [14/Jun/2020:09:11:39 +0800] "GET /xingrg/javascript/jquery_easy_ui/themes/default/images/panel_title.png HTTP/1.1" 304 -
172.17.200.101 - - [14/Jun/2020:09:11:39 +0800] "GET /xingrg/javascript/jquery_easy_ui/themes/default/images/panel_tools.gif HTTP/1.1" 304 -
222.69.130.218 - - [14/Jun/2020:09:11:40 +0800] "GET /xingrg/kc/buy/cgsh_order_operate.html?command=get_materiel&rest_code=00149&code=00101008091&supplier_code=00100005&order_time=2020-06-14 HTTP/1.1" 200 412
180.175.214.200 - - [14/Jun/2020:09:11:40 +0800] "GET /xingrg/all/function/internal_message.html?_=1592097305231&CODE_STATE=getMsg HTTP/1.1" 200 27
172.17.200.101 - - [14/Jun/2020:09:11:41 +0800] "GET /xingrg/kc/report/report_main.html HTTP/1.1" 200 9350
172.17.200.101 - - [14/Jun/2020:09:11:41 +0800] "GET /xingrg/javascript/jquery_easy_ui/themes/default/images/tabs_close.gif HTTP/1.1" 304 -
172.17.200.101 - - [14/Jun/2020:09:11:41 +0800] "GET /xingrg/javascript/pic_change.js HTTP/1.1" 304 -
117.185.32.26 - - [14/Jun/2020:09:11:42 +0800] "GET /xingrg/all/function/internal_message.html?_=1592097096569&CODE_STATE=getMsg HTTP/1.1" 200 27
114.86.227.175 - - [14/Jun/2020:09:11:43 +0800] "GET /xingrg/login.html HTTP/1.1" 200 7641
114.86.227.175 - - [14/Jun/2020:09:11:44 +0800] "GET /favicon.ico HTTP/1.1" 404 -
114.86.227.175 - - [14/Jun/2020:09:11:45 +0800] "POST /xingrg/login.do HTTP/1.1" 302 -
114.86.227.175 - - [14/Jun/2020:09:11:45 +0800] "GET /xingrg/index.html?sysBaseUrl=http%3A%2F%2F180.169.147.146%3A18081%2Fxingrg%2F&costTime=53×tamp=1592097105004 HTTP/1.1" 200 17173
114.88.170.9 - - [14/Jun/2020:09:11:45 +0800] "GET /xingrg/all/function/internal_message.html?_=1592097112334&CODE_STATE=getMsg HTTP/1.1" 200 27
172.17.200.101 - - [14/Jun/2020:09:11:45 +0800] "GET /xingrg/all/report/report_query.html?fileName=kc/buy/gys_amount_base_rest.xml HTTP/1.1" 200 51589
114.86.227.175 - - [14/Jun/2020:09:11:45 +0800] "POST /xingrg/all/common/load_tree.html?tree=area_rest_tree_json&manage=1 HTTP/1.1" 200 342
114.86.227.175 - - [14/Jun/2020:09:11:45 +0800] "POST /xingrg/load_menu.html HTTP/1.1" 200 5138
114.86.227.175 - - [14/Jun/2020:09:11:45 +0800] "GET /xingrg/all/function/internal_message.html?_=1592097316109&CODE_STATE=count HTTP/1.1" 200 11
114.86.227.175 - - [14/Jun/2020:09:11:45 +0800] "GET /xingrg/check_reg.html?_=1592097316110 HTTP/1.1" 200 22
172.17.200.101 - - [14/Jun/2020:09:11:45 +0800] "GET /xingrg/dwr/interface/AjaxReportQueryService.js HTTP/1.1" 200 13203
120.253.135.82 - - [14/Jun/2020:09:11:45 +0800] "POST /xingrg/kc/pszx/mdps_list_operate.html HTTP/1.1" 200 3552
172.17.200.101 - - [14/Jun/2020:09:11:45 +0800] "GET /xingrg/dwr/engine.js HTTP/1.1" 200 43631
172.17.200.101 - - [14/Jun/2020:09:11:46 +0800] "GET /xingrg/dwr/util.js HTTP/1.1" 304 -
172.17.200.101 - - [14/Jun/2020:09:11:46 +0800] "POST /xingrg/all/common/load_tree.html?tree=area_rest_tree_json&manage=1 HTTP/1.1" 200 3088
172.17.200.101 - - [14/Jun/2020:09:11:46 +0800] "POST /xingrg/dwr/call/plaincall/AjaxReportQueryService.getFixDate.dwr HTTP/1.1" 200 111
114.86.227.175 - - [14/Jun/2020:09:11:46 +0800] "GET /xingrg/kc/buy/buy_main.html HTTP/1.1" 200 12412
114.86.227.175 - - [14/Jun/2020:09:11:46 +0800] "GET /xingrg/css/new_ie.css HTTP/1.1" 404 1036
172.17.200.101 - - [14/Jun/2020:09:11:46 +0800] "POST /xingrg/all/common/load_tree.html?tree=supplier_tree_json&manage=1 HTTP/1.1" 200 49669
120.253.135.82 - - [14/Jun/2020:09:11:47 +0800] "POST /xingrg/kc/pszx/mdps_list_operate.html HTTP/1.1" 200 205
120.253.135.82 - - [14/Jun/2020:09:11:48 +0800] "GET /xingrg/kc/pszx/mdps_order_info.html?code=312020061200327 HTTP/1.1" 200 23849
120.253.135.82 - - [14/Jun/2020:09:11:48 +0800] "GET /xingrg/javascript/jquery_tools/order_manager.js HTTP/1.1" 200 11183
120.253.135.82 - - [14/Jun/2020:09:11:48 +0800] "GET /xingrg/javascript/print/kc_print.js HTTP/1.1" 200 11415
120.253.135.82 - - [14/Jun/2020:09:11:48 +0800] "GET /xingrg/words/20200613222249_words.js HTTP/1.1" 200 741810
120.253.135.82 - - [14/Jun/2020:09:11:48 +0800] "GET /xingrg/javascript/easyui/themes/icons/copy_new.png HTTP/1.1" 200 815
120.253.135.82 - - [14/Jun/2020:09:11:48 +0800] "GET /xingrg/javascript/easyui/themes/icons/print.png HTTP/1.1" 200 1057
120.253.135.82 - - [14/Jun/2020:09:11:48 +0800] "GET /xingrg/javascript/easyui/themes/icons/ok.png HTTP/1.1" 200 883
120.253.135.82 - - [14/Jun/2020:09:11:48 +0800] "GET /xingrg/javascript/easyui/themes/icons/cancel.png HTTP/1.1" 200 1133
120.253.135.82 - - [14/Jun/2020:09:11:48 +0800] "GET /xingrg/javascript/easyui/themes/default/images/menu_downarrow.png HTTP/1.1" 200 173
101.228.167.227 - - [14/Jun/2020:09:11:48 +0800] "GET /xingrg/all/function/internal_message.html?_=1592097109858&CODE_STATE=getMsg HTTP/1.1" 200 27
114.86.190.97 - - [14/Jun/2020:09:11:49 +0800] "POST /xingrg/kc/buy/cgsh_order_operate.html HTTP/1.1" 200 37
120.253.135.82 - - [14/Jun/2020:09:11:49 +0800] "POST /xingrg/kc/pszx/mdps_order_operate.html HTTP/1.1" 200 2281
120.253.135.82 - - [14/Jun/2020:09:11:49 +0800] "GET /xingrg/javascript/easyui/themes/default/validatebox.css HTTP/1.1" 404 1104
120.253.135.82 - - [14/Jun/2020:09:11:49 +0800] "GET /xingrg/javascript/easyui/plugins/jquery.validatebox.js HTTP/1.1" 200 6103
120.253.135.82 - - [14/Jun/2020:09:11:49 +0800] "GET /xingrg/javascript/easyui/themes/icons/edit_remove.png HTTP/1.1" 200 625
120.253.135.82 - - [14/Jun/2020:09:11:49 +0800] "GET /xingrg/javascript/easyui/plugins/jquery.numberbox.js HTTP/1.1" 200 5213
172.17.200.101 - - [14/Jun/2020:09:11:50 +0800] "POST /xingrg/dwr/call/plaincall/AjaxReportQueryService.getFixDate.dwr HTTP/1.1" 200 111
114.86.227.175 - - [14/Jun/2020:09:11:50 +0800] "GET /xingrg/kc/report/report_main.html HTTP/1.1" 200 7345
172.17.0.101 - - [14/Jun/2020:09:11:50 +0800] "GET /xingrg/check_reg.html?_=1592097108631 HTTP/1.1" 200 22
172.17.0.101 - - [14/Jun/2020:09:11:50 +0800] "GET /xingrg/all/function/internal_message.html?_=1592097108627&CODE_STATE=getMsg HTTP/1.1" 200 27
120.253.135.82 - - [14/Jun/2020:09:11:52 +0800] "GET /xingrg/javascript/jquery_tools/images/prev.gif HTTP/1.1" 404 1086
120.253.135.82 - - [14/Jun/2020:09:11:52 +0800] "GET /xingrg/javascript/jquery_tools/images/next.gif HTTP/1.1" 404 1086
114.86.227.175 - - [14/Jun/2020:09:11:52 +0800] "GET /xingrg/all/report/report_query.html?fileName=kc/base/rk_by_base.xml&rh=9999 HTTP/1.1" 200 51953
114.86.227.175 - - [14/Jun/2020:09:11:52 +0800] "GET /xingrg/javascript/multi_select/jqueryMultiSelect.css HTTP/1.1" 200 951
114.86.227.175 - - [14/Jun/2020:09:11:52 +0800] "GET /xingrg/javascript/calendar/timePicker.css HTTP/1.1" 200 523
114.86.227.175 - - [14/Jun/2020:09:11:52 +0800] "GET /xingrg/javascript/bigrid/fix.css HTTP/1.1" 200 1702
114.86.227.175 - - [14/Jun/2020:09:11:52 +0800] "GET /xingrg/dwr/interface/AjaxReportQueryService.js HTTP/1.1" 200 13203
114.86.227.175 - - [14/Jun/2020:09:11:52 +0800] "GET /xingrg/javascript/jqueryMultiSelect.js HTTP/1.1" 200 11866
114.86.227.175 - - [14/Jun/2020:09:11:52 +0800] "GET /xingrg/javascript/Calendar.js HTTP/1.1" 200 31561
114.86.227.175 - - [14/Jun/2020:09:11:52 +0800] "GET /xingrg/dwr/util.js HTTP/1.1" 200 35990
114.86.227.175 - - [14/Jun/2020:09:11:52 +0800] "GET /xingrg/javascript/calendar/jquery.timePicker.min.js HTTP/1.1" 200 2997
114.86.227.175 - - [14/Jun/2020:09:11:52 +0800] "GET /xingrg/dwr/engine.js HTTP/1.1" 200 43631
114.86.227.175 - - [14/Jun/2020:09:11:52 +0800] "GET /xingrg/javascript/bigrid/fix.js HTTP/1.1" 200 6439
114.86.227.175 - - [14/Jun/2020:09:11:52 +0800] "GET /xingrg/images/blue/button/advanceover.gif HTTP/1.1" 200 1347
114.86.227.175 - - [14/Jun/2020:09:11:52 +0800] "GET /xingrg/images/blue/button/advance2over.gif HTTP/1.1" 200 1336
114.86.227.175 - - [14/Jun/2020:09:11:52 +0800] "GET /xingrg/images/blue/button/back2over.gif HTTP/1.1" 200 1335
114.86.227.175 - - [14/Jun/2020:09:11:52 +0800] "GET /xingrg/images/control/loading.gif HTTP/1.1" 200 13463
114.86.227.175 - - [14/Jun/2020:09:11:52 +0800] "GET /xingrg/images/blue/button/backover.gif HTTP/1.1" 200 1348
114.86.227.175 - - [14/Jun/2020:09:11:52 +0800] "GET /xingrg/javascript/jquery_easy_ui/themes/icons/help.png HTTP/1.1" 200 1187
114.86.227.175 - - [14/Jun/2020:09:11:52 +0800] "GET /xingrg/javascript/jquery_easy_ui/themes/default/images/menu.gif HTTP/1.1" 200 834
114.86.227.175 - - [14/Jun/2020:09:11:52 +0800] "GET /xingrg/javascript/jquery_easy_ui/themes/default/images/menu_downarrow.png HTTP/1.1" 200 173
114.86.227.175 - - [14/Jun/2020:09:11:52 +0800] "GET /xingrg/javascript/jquery_easy_ui/themes/icons/print.png HTTP/1.1" 200 1057
114.86.227.175 - - [14/Jun/2020:09:11:52 +0800] "GET /xingrg/javascript/jquery_easy_ui/themes/icons/pencil.png HTTP/1.1" 200 713
114.86.227.175 - - [14/Jun/2020:09:11:52 +0800] "GET /xingrg/javascript/jquery_easy_ui/themes/default/images/menu_rightarrow.png HTTP/1.1" 200 3617
114.86.227.175 - - [14/Jun/2020:09:11:53 +0800] "GET /xingrg/javascript/jquery_easy_ui/themes/default/images/combo_arrow_dot.gif HTTP/1.1" 200 79
114.86.227.175 - - [14/Jun/2020:09:11:53 +0800] "POST /xingrg/all/common/load_tree.html?tree=materiel_sort_tree_json HTTP/1.1" 200 8666
114.84.32.201 - - [14/Jun/2020:09:11:54 +0800] "GET /xingrg/all/function/internal_message.html?_=1592097113968&CODE_STATE=getMsg HTTP/1.1" 200 27
114.86.227.175 - - [14/Jun/2020:09:11:57 +0800] "GET /xingrg/index.html?sysBaseUrl=http%3A%2F%2F180.169.147.146%3A18081%2Fxingrg%2F&costTime=53×tamp=1592097105004 HTTP/1.1" 200 17173
114.86.227.175 - - [14/Jun/2020:09:11:57 +0800] "GET /xingrg/javascript/jquery_easy_ui/themes/default/easyui.css HTTP/1.1" 304 -
114.86.227.175 - - [14/Jun/2020:09:11:57 +0800] "GET /xingrg/css/form.css HTTP/1.1" 304 -
114.86.227.175 - - [14/Jun/2020:09:11:57 +0800] "GET /xingrg/javascript/jquery_easy_ui/themes/icon.css HTTP/1.1" 304 -
114.86.227.175 - - [14/Jun/2020:09:11:57 +0800] "GET /xingrg/javascript/jquery-1.4.2.min.js HTTP/1.1" 304 -
114.86.227.175 - - [14/Jun/2020:09:11:57 +0800] "GET /xingrg/javascript/jquery_easy_ui/jquery.easyui.min.js HTTP/1.1" 304 -
114.86.227.175 - - [14/Jun/2020:09:11:57 +0800] "GET /xingrg/javascript/jquery_easy_ui/easyui-lang-zh_CN.js HTTP/1.1" 304 -
114.86.227.175 - - [14/Jun/2020:09:11:57 +0800] "GET /xingrg/javascript/jquery.form.js HTTP/1.1" 304 -
114.86.227.175 - - [14/Jun/2020:09:11:57 +0800] "GET /xingrg/javascript/jquery.utils.js HTTP/1.1" 304 -
114.86.227.175 - - [14/Jun/2020:09:11:57 +0800] "GET /xingrg/javascript/jquery.timers.js HTTP/1.1" 304 -
114.86.227.175 - - [14/Jun/2020:09:11:57 +0800] "GET /xingrg/images/blue/jxLogo.png HTTP/1.1" 304 -
114.86.227.175 - - [14/Jun/2020:09:11:57 +0800] "GET /xingrg/images/blue/navBackgound.jpg HTTP/1.1" 304 -
114.86.227.175 - - [14/Jun/2020:09:11:57 +0800] "GET /xingrg/javascript/jquery_easy_ui/themes/icons/settle_new.png HTTP/1.1" 304 -
114.86.227.175 - - [14/Jun/2020:09:11:58 +0800] "POST /xingrg/all/common/load_tree.html?tree=area_rest_tree_json&manage=1 HTTP/1.1" 200 342
114.86.227.175 - - [14/Jun/2020:09:11:58 +0800] "GET /xingrg/images/blue/pingpu.png HTTP/1.1" 304 -
114.86.227.175 - - [14/Jun/2020:09:11:58 +0800] "GET /xingrg/javascript/jquery_easy_ui/themes/default/images/tabs_leftarrow.png HTTP/1.1" 304 -
114.86.227.175 - - [14/Jun/2020:09:11:58 +0800] "GET /xingrg/javascript/jquery_easy_ui/themes/default/images/tabs_rightarrow.png HTTP/1.1" 304 -
114.86.227.175 - - [14/Jun/2020:09:11:58 +0800] "GET /xingrg/javascript/jquery_easy_ui/themes/default/images/panel_tool_collapse.gif HTTP/1.1" 304 -
114.86.227.175 - - [14/Jun/2020:09:11:58 +0800] "GET /xingrg/all/function/internal_message.html?_=1592097329187&CODE_STATE=count HTTP/1.1" 200 11
114.86.227.175 - - [14/Jun/2020:09:11:58 +0800] "GET /xingrg/check_reg.html?_=1592097329187 HTTP/1.1" 200 22
114.86.227.175 - - [14/Jun/2020:09:11:58 +0800] "POST /xingrg/load_menu.html HTTP/1.1" 200 5138
114.86.227.175 - - [14/Jun/2020:09:11:58 +0800] "GET /xingrg/javascript/jquery_easy_ui/themes/default/images/tree_arrows.gif HTTP/1.1" 304 -
114.86.227.175 - - [14/Jun/2020:09:11:58 +0800] "GET /xingrg/javascript/jquery_easy_ui/themes/default/images/tree_folder_open.gif HTTP/1.1" 304 -
114.86.227.175 - - [14/Jun/2020:09:11:58 +0800] "GET /xingrg/javascript/jquery_easy_ui/themes/icons/search_new.png HTTP/1.1" 304 -
114.86.227.175 - - [14/Jun/2020:09:11:58 +0800] "GET /xingrg/javascript/jquery_easy_ui/themes/icons/storage_new.png HTTP/1.1" 304 -
114.86.227.175 - - [14/Jun/2020:09:11:58 +0800] "GET /xingrg/javascript/jquery_easy_ui/themes/default/images/tree_folder.gif HTTP/1.1" 304 -
114.86.227.175 - - [14/Jun/2020:09:11:58 +0800] "GET /xingrg/javascript/jquery_easy_ui/themes/icons/forms_new.png HTTP/1.1" 304 -
114.86.190.97 - - [14/Jun/2020:09:11:59 +0800] "POST /xingrg/kc/buy/cgsh_order_operate.html HTTP/1.1" 200 12
101.228.167.227 - - [14/Jun/2020:09:12:01 +0800] "GET /xingrg/all/function/internal_message.html?_=1592097122259&CODE_STATE=getMsg HTTP/1.1" 200 27
114.86.227.175 - - [14/Jun/2020:09:12:01 +0800] "GET /xingrg/index.html?sysBaseUrl=http%3A%2F%2F180.169.147.146%3A18081%2Fxingrg%2F&costTime=53×tamp=1592097105004 HTTP/1.1" 200 17173
114.86.227.175 - - [14/Jun/2020:09:12:01 +0800] "GET /xingrg/javascript/jquery_easy_ui/themes/default/easyui.css HTTP/1.1" 304 -
114.86.227.175 - - [14/Jun/2020:09:12:01 +0800] "GET /xingrg/javascript/jquery_easy_ui/themes/icon.css HTTP/1.1" 304 -
114.86.227.175 - - [14/Jun/2020:09:12:01 +0800] "GET /xingrg/css/form.css HTTP/1.1" 304 -
114.86.227.175 - - [14/Jun/2020:09:12:01 +0800] "GET /xingrg/javascript/jquery.timers.js HTTP/1.1" 304 -
114.86.227.175 - - [14/Jun/2020:09:12:01 +0800] "GET /xingrg/javascript/jquery_easy_ui/jquery.easyui.min.js HTTP/1.1" 304 -
114.86.227.175 - - [14/Jun/2020:09:12:01 +0800] "GET /xingrg/javascript/jquery-1.4.2.min.js HTTP/1.1" 304 -
114.86.227.175 - - [14/Jun/2020:09:12:01 +0800] "GET /xingrg/javascript/jquery_easy_ui/easyui-lang-zh_CN.js HTTP/1.1" 304 -
114.86.227.175 - - [14/Jun/2020:09:12:01 +0800] "GET /xingrg/javascript/jquery.form.js HTTP/1.1" 304 -
114.86.227.175 - - [14/Jun/2020:09:12:01 +0800] "GET /xingrg/javascript/jquery.utils.js HTTP/1.1" 304 -
114.86.227.175 - - [14/Jun/2020:09:12:01 +0800] "GET /xingrg/images/blue/jxLogo.png HTTP/1.1" 304 -
114.86.227.175 - - [14/Jun/2020:09:12:01 +0800] "GET /xingrg/images/blue/navBackgound.jpg HTTP/1.1" 304 -
114.86.227.175 - - [14/Jun/2020:09:12:01 +0800] "GET /xingrg/javascript/jquery_easy_ui/themes/icons/settle_new.png HTTP/1.1" 304 -
114.86.227.175 - - [14/Jun/2020:09:12:01 +0800] "POST /xingrg/all/common/load_tree.html?tree=area_rest_tree_json&manage=1 HTTP/1.1" 200 342
114.86.227.175 - - [14/Jun/2020:09:12:01 +0800] "GET /xingrg/images/blue/pingpu.png HTTP/1.1" 304 -
114.86.227.175 - - [14/Jun/2020:09:12:01 +0800] "GET /xingrg/javascript/jquery_easy_ui/themes/default/images/tabs_leftarrow.png HTTP/1.1" 304 -
114.86.227.175 - - [14/Jun/2020:09:12:01 +0800] "GET /xingrg/javascript/jquery_easy_ui/themes/default/images/tabs_rightarrow.png HTTP/1.1" 304 -
114.86.227.175 - - [14/Jun/2020:09:12:01 +0800] "GET /xingrg/javascript/jquery_easy_ui/themes/default/images/panel_tool_collapse.gif HTTP/1.1" 304 -
114.86.227.175 - - [14/Jun/2020:09:12:01 +0800] "GET /xingrg/check_reg.html?_=1592097332687 HTTP/1.1" 200 22
114.86.227.175 - - [14/Jun/2020:09:12:01 +0800] "GET /xingrg/all/function/internal_message.html?_=1592097332687&CODE_STATE=count HTTP/1.1" 200 11
114.86.227.175 - - [14/Jun/2020:09:12:01 +0800] "POST /xingrg/load_menu.html HTTP/1.1" 200 5138
114.86.227.175 - - [14/Jun/2020:09:12:01 +0800] "GET /xingrg/javascript/jquery_easy_ui/themes/default/images/tree_arrows.gif HTTP/1.1" 304 -
114.86.227.175 - - [14/Jun/2020:09:12:01 +0800] "GET /xingrg/javascript/jquery_easy_ui/themes/default/images/tree_folder_open.gif HTTP/1.1" 304 -
114.86.227.175 - - [14/Jun/2020:09:12:01 +0800] "GET /xingrg/javascript/jquery_easy_ui/themes/icons/search_new.png HTTP/1.1" 304 -
114.86.227.175 - - [14/Jun/2020:09:12:01 +0800] "GET /xingrg/javascript/jquery_easy_ui/themes/default/images/tree_folder.gif HTTP/1.1" 304 -
114.86.227.175 - - [14/Jun/2020:09:12:01 +0800] "GET /xingrg/javascript/jquery_easy_ui/themes/icons/storage_new.png HTTP/1.1" 304 -
114.86.227.175 - - [14/Jun/2020:09:12:01 +0800] "GET /xingrg/javascript/jquery_easy_ui/themes/icons/forms_new.png HTTP/1.1" 304 -
114.86.227.175 - - [14/Jun/2020:09:12:01 +0800] "GET /xingrg/javascript/jquery_easy_ui/themes/default/images/tree_file.gif HTTP/1.1" 304 -
114.86.227.175 - - [14/Jun/2020:09:12:02 +0800] "GET /xingrg/javascript/jquery_easy_ui/themes/default/images/tabs_close.gif HTTP/1.1" 304 -
114.86.227.175 - - [14/Jun/2020:09:12:02 +0800] "GET /xingrg/kc/base/base_main.html HTTP/1.1" 200 12142
114.86.227.175 - - [14/Jun/2020:09:12:02 +0800] "GET /xingrg/css/blue.css HTTP/1.1" 304 -
114.86.227.175 - - [14/Jun/2020:09:12:02 +0800] "GET /xingrg/javascript/pic_change.js HTTP/1.1" 304 -
114.86.227.175 - - [14/Jun/2020:09:12:02 +0800] "GET /xingrg/javascript/myfunction.js HTTP/1.1" 304 -
114.86.227.175 - - [14/Jun/2020:09:12:02 +0800] "GET /xingrg/images/blue/button/wlsy.gif HTTP/1.1" 304 -
114.86.227.175 - - [14/Jun/2020:09:12:02 +0800] "GET /xingrg/images/blue/button/ckpd.gif HTTP/1.1" 304 -
114.86.227.175 - - [14/Jun/2020:09:12:02 +0800] "GET /xingrg/images/blue/button/ckdb.gif HTTP/1.1" 304 -
114.86.227.175 - - [14/Jun/2020:09:12:02 +0800] "GET /xingrg/images/blue/button/kc.gif HTTP/1.1" 304 -
114.86.227.175 - - [14/Jun/2020:09:12:02 +0800] "GET /xingrg/images/blue/button/yddb.gif HTTP/1.1" 304 -
114.86.227.175 - - [14/Jun/2020:09:12:02 +0800] "GET /xingrg/images/blue/pic_form2.gif HTTP/1.1" 304 -
114.86.227.175 - - [14/Jun/2020:09:12:02 +0800] "GET /xingrg/images/blue/bg_dotted.jpg HTTP/1.1" 304 -
114.86.227.175 - - [14/Jun/2020:09:12:02 +0800] "GET /xingrg/images/blue/button/top_left.jpg HTTP/1.1" 304 -
114.86.227.175 - - [14/Jun/2020:09:12:02 +0800] "GET /xingrg/images/blue/button/top_right.jpg HTTP/1.1" 304 -
114.86.227.175 - - [14/Jun/2020:09:12:02 +0800] "GET /xingrg/images/blue/button/down.jpg HTTP/1.1" 304 -
114.86.227.175 - - [14/Jun/2020:09:12:02 +0800] "GET /xingrg/images/blue/button/right_ah.jpg HTTP/1.1" 304 -
114.86.227.175 - - [14/Jun/2020:09:12:02 +0800] "GET /xingrg/images/blue/button/left_ah.jpg HTTP/1.1" 304 -
114.86.227.175 - - [14/Jun/2020:09:12:02 +0800] "GET /xingrg/images/blue/button/bottom_left.jpg HTTP/1.1" 304 -
114.86.227.175 - - [14/Jun/2020:09:12:02 +0800] "GET /xingrg/images/blue/button/bottom_right.jpg HTTP/1.1" 304 -
222.69.130.218 - - [14/Jun/2020:09:12:03 +0800] "GET /xingrg/kc/buy/cgsh_order_operate.html?command=get_materiel&rest_code=00149&code=00101008256&supplier_code=00100005&order_time=2020-06-14 HTTP/1.1" 200 412
114.86.227.175 - - [14/Jun/2020:09:12:03 +0800] "GET /xingrg/kc/report/report_main.html HTTP/1.1" 200 7345
114.86.227.175 - - [14/Jun/2020:09:12:03 +0800] "GET /xingrg/javascript/jquery_ui/themes/humanity/humanity.css HTTP/1.1" 304 -
114.86.227.175 - - [14/Jun/2020:09:12:03 +0800] "GET /xingrg/javascript/json2.js HTTP/1.1" 304 -
114.86.227.175 - - [14/Jun/2020:09:12:03 +0800] "GET /xingrg/javascript/jquery_easy_ui/themes/icons/back_new.png HTTP/1.1" 304 -
114.86.190.97 - - [14/Jun/2020:09:12:04 +0800] "GET /xingrg/kc/buy/cgsh_order_info.html?code=212020061405353 HTTP/1.1" 200 53930
114.86.190.97 - - [14/Jun/2020:09:12:04 +0800] "GET /xingrg/javascript/easyui/themes/default/validatebox.css HTTP/1.1" 404 1104
114.86.190.97 - - [14/Jun/2020:09:12:05 +0800] "POST /xingrg/kc/buy/cgsh_order_operate.html HTTP/1.1" 200 5370
114.86.227.175 - - [14/Jun/2020:09:12:05 +0800] "GET /xingrg/all/report/report_query.html?fileName=kc/base/rk_by_base.xml&rh=9999 HTTP/1.1" 200 51953
114.86.227.175 - - [14/Jun/2020:09:12:05 +0800] "GET /xingrg/javascript/multi_select/jqueryMultiSelect.css HTTP/1.1" 304 -
114.86.227.175 - - [14/Jun/2020:09:12:05 +0800] "GET /xingrg/javascript/calendar/timePicker.css HTTP/1.1" 304 -
114.86.227.175 - - [14/Jun/2020:09:12:05 +0800] "GET /xingrg/javascript/bigrid/fix.css HTTP/1.1" 304 -
114.86.227.175 - - [14/Jun/2020:09:12:05 +0800] "GET /xingrg/dwr/interface/AjaxReportQueryService.js HTTP/1.1" 200 13203
114.86.227.175 - - [14/Jun/2020:09:12:05 +0800] "GET /xingrg/dwr/util.js HTTP/1.1" 304 -
114.86.227.175 - - [14/Jun/2020:09:12:05 +0800] "GET /xingrg/javascript/jqueryMultiSelect.js HTTP/1.1" 304 -
114.86.227.175 - - [14/Jun/2020:09:12:05 +0800] "GET /xingrg/javascript/Calendar.js HTTP/1.1" 304 -
114.86.227.175 - - [14/Jun/2020:09:12:05 +0800] "GET /xingrg/javascript/calendar/jquery.timePicker.min.js HTTP/1.1" 304 -
114.86.227.175 - - [14/Jun/2020:09:12:05 +0800] "GET /xingrg/javascript/bigrid/fix.js HTTP/1.1" 304 -
114.86.227.175 - - [14/Jun/2020:09:12:05 +0800] "GET /xingrg/dwr/engine.js HTTP/1.1" 200 43631
114.86.227.175 - - [14/Jun/2020:09:12:05 +0800] "GET /xingrg/images/control/loading.gif HTTP/1.1" 304 -
114.86.227.175 - - [14/Jun/2020:09:12:05 +0800] "GET /xingrg/images/blue/button/advanceover.gif HTTP/1.1" 304 -
114.86.227.175 - - [14/Jun/2020:09:12:05 +0800] "GET /xingrg/images/blue/button/advance2over.gif HTTP/1.1" 304 -
114.86.227.175 - - [14/Jun/2020:09:12:05 +0800] "GET /xingrg/images/blue/button/back2over.gif HTTP/1.1" 304 -
114.86.227.175 - - [14/Jun/2020:09:12:05 +0800] "GET /xingrg/images/blue/button/backover.gif HTTP/1.1" 304 -
114.86.227.175 - - [14/Jun/2020:09:12:05 +0800] "GET /xingrg/javascript/jquery_easy_ui/themes/icons/help.png HTTP/1.1" 304 -
114.86.227.175 - - [14/Jun/2020:09:12:05 +0800] "GET /xingrg/javascript/jquery_easy_ui/themes/default/images/menu_downarrow.png HTTP/1.1" 304 -
114.86.227.175 - - [14/Jun/2020:09:12:05 +0800] "GET /xingrg/javascript/jquery_easy_ui/themes/default/images/menu.gif HTTP/1.1" 304 -
114.86.227.175 - - [14/Jun/2020:09:12:05 +0800] "GET /xingrg/javascript/jquery_easy_ui/themes/icons/print.png HTTP/1.1" 304 -
114.86.227.175 - - [14/Jun/2020:09:12:05 +0800] "GET /xingrg/javascript/jquery_easy_ui/themes/icons/pencil.png HTTP/1.1" 304 -
114.86.227.175 - - [14/Jun/2020:09:12:05 +0800] "GET /xingrg/javascript/jquery_easy_ui/themes/default/images/menu_rightarrow.png HTTP/1.1" 304 -
114.86.227.175 - - [14/Jun/2020:09:12:05 +0800] "POST /xingrg/dwr/call/plaincall/AjaxReportQueryService.getFixDate.dwr HTTP/1.1" 200 111
114.86.227.175 - - [14/Jun/2020:09:12:05 +0800] "GET /xingrg/javascript/jquery_easy_ui/themes/default/images/combo_arrow_dot.gif HTTP/1.1" 304 -
114.86.227.175 - - [14/Jun/2020:09:12:05 +0800] "POST /xingrg/all/common/load_tree.html?tree=materiel_sort_tree_json HTTP/1.1" 200 8666
114.86.190.97 - - [14/Jun/2020:09:12:06 +0800] "GET /xingrg/kc/print/load_data.html?order_code=212020061405353&kc_code=cgsh&condition= HTTP/1.1" 200 2594
114.86.227.175 - - [14/Jun/2020:09:12:06 +0800] "GET /xingrg/javascript/jquery_easy_ui/themes/default/images/tree_checkbox_0.gif HTTP/1.1" 304 -
114.86.227.175 - - [14/Jun/2020:09:12:06 +0800] "POST /xingrg/dwr/call/plaincall/AjaxReportQueryService.getInitString.dwr HTTP/1.1" 200 1014
