172.17.200.101 - - [14/Jun/2020:10:13:33 +0800] "GET /xingrg/all/function/internal_message.html?_=1592100814045&CODE_STATE=getMsg HTTP/1.1" 200 27
114.86.227.175 - - [14/Jun/2020:10:13:36 +0800] "GET /xingrg/kc/buy/cgsh_order_add.html HTTP/1.1" 200 59062
114.86.227.175 - - [14/Jun/2020:10:13:36 +0800] "POST /xingrg/kc/buy/cgsh_order_operate.html HTTP/1.1" 200 8245
114.86.227.175 - - [14/Jun/2020:10:13:36 +0800] "GET /xingrg/all/common/auto_word.html?type=employee&rest_code=00109 HTTP/1.1" 200 255
114.86.227.175 - - [14/Jun/2020:10:13:36 +0800] "GET /xingrg/javascript/easyui/themes/default/validatebox.css HTTP/1.1" 404 1104
114.86.227.175 - - [14/Jun/2020:10:13:36 +0800] "GET /xingrg/all/common/auto_word.html?type=employee&rest_code=00109 HTTP/1.1" 200 255
114.86.190.97 - - [14/Jun/2020:10:13:37 +0800] "GET /xingrg/all/function/internal_message.html?_=1592100817185&CODE_STATE=getMsg HTTP/1.1" 200 27
117.185.32.26 - - [14/Jun/2020:10:13:42 +0800] "GET /xingrg/all/function/internal_message.html?_=1592100816492&CODE_STATE=getMsg HTTP/1.1" 200 27
180.162.232.172 - - [14/Jun/2020:10:13:42 +0800] "POST /xingrg/dwr/call/plaincall/AjaxQqpsService.saveOrder.dwr HTTP/1.1" 200 78
114.88.170.9 - - [14/Jun/2020:10:13:45 +0800] "GET /xingrg/all/function/internal_message.html?_=1592100832423&CODE_STATE=getMsg HTTP/1.1" 200 27
180.175.214.200 - - [14/Jun/2020:10:13:46 +0800] "POST /xingrg/kc/buy/cgsh_order_operate.html HTTP/1.1" 200 37
116.230.77.149 - - [14/Jun/2020:10:13:47 +0800] "POST /xingrg/system/rest/edit_item.html HTTP/1.1" 200 4
116.230.77.149 - - [14/Jun/2020:10:13:48 +0800] "GET /xingrg/system/rest/get_item.html?table=menu&target=menu_rest&id=2014&_=1592099964251 HTTP/1.1" 200 780
180.175.214.200 - - [14/Jun/2020:10:13:48 +0800] "POST /xingrg/kc/buy/cgsh_order_operate.html HTTP/1.1" 200 12
180.162.232.172 - - [14/Jun/2020:10:13:50 +0800] "POST /xingrg/dwr/call/plaincall/AjaxQqpsService.getMaterielByCode.dwr HTTP/1.1" 200 3600
172.17.0.101 - - [14/Jun/2020:10:13:51 +0800] "GET /xingrg/all/function/internal_message.html?_=1592100828938&CODE_STATE=getMsg HTTP/1.1" 302 -
101.228.167.227 - - [14/Jun/2020:10:13:52 +0800] "GET /xingrg/all/function/internal_message.html?_=1592100833780&CODE_STATE=getMsg HTTP/1.1" 200 27
114.84.32.201 - - [14/Jun/2020:10:13:54 +0800] "GET /xingrg/all/function/internal_message.html?_=1592100834048&CODE_STATE=getMsg HTTP/1.1" 200 27
180.162.232.172 - - [14/Jun/2020:10:13:54 +0800] "GET /xingrg/all/function/internal_message.html?_=1592100967716&CODE_STATE=getMsg HTTP/1.1" 200 27
180.162.232.172 - - [14/Jun/2020:10:13:54 +0800] "POST /xingrg/dwr/call/plaincall/AjaxQqpsService.saveMaterielItem.dwr HTTP/1.1" 200 78
116.230.77.149 - - [14/Jun/2020:10:14:00 +0800] "GET /xingrg/system/rest/query_items.html?_=1592099977055&table=menu&page=1&rows=20&categoryId=&key=%25E6%25AF%258D%25E5%258D%25B7 HTTP/1.1" 200 4584
114.86.227.175 - - [14/Jun/2020:10:14:01 +0800] "GET /xingrg/kc/buy/cgsh_order_operate.html?command=get_materiel&rest_code=00109&code=00101007075&supplier_code=00100004&order_time=2020-06-14 HTTP/1.1" 200 408
116.230.77.149 - - [14/Jun/2020:10:14:03 +0800] "GET /xingrg/system/rest/query_items.html?_=1592099979568&table=menu&page=1&rows=20&categoryId=&key=%25E6%25AF%258D%25E5%258D%25B7 HTTP/1.1" 200 4584
101.228.167.227 - - [14/Jun/2020:10:14:04 +0800] "GET /xingrg/all/function/internal_message.html?_=1592100845270&CODE_STATE=getMsg HTTP/1.1" 200 27
116.230.77.149 - - [14/Jun/2020:10:14:04 +0800] "GET /xingrg/all/function/internal_message.html?_=1592099980522&CODE_STATE=getMsg HTTP/1.1" 200 27
116.230.77.149 - - [14/Jun/2020:10:14:04 +0800] "GET /xingrg/system/rest/get_item.html?table=menu&id=2084&_=1592099981144 HTTP/1.1" 200 971
116.230.77.149 - - [14/Jun/2020:10:14:04 +0800] "GET /xingrg/system/rest/get_item.html?table=menu&target=menu_rest&id=2084&_=1592099981164 HTTP/1.1" 200 1143
116.230.77.149 - - [14/Jun/2020:10:14:04 +0800] "GET /xingrg/system/rest/get_item.html?table=menu&target=cook_mode&id=2084&_=1592099981161 HTTP/1.1" 200 9679
180.162.232.172 - - [14/Jun/2020:10:14:06 +0800] "POST /xingrg/dwr/call/plaincall/AjaxQqpsService.checkOrder.dwr HTTP/1.1" 200 78
116.230.77.149 - - [14/Jun/2020:10:14:07 +0800] "GET /xingrg/system/rest/get_infos.html?command=menu_img_show&id=2084 HTTP/1.1" 200 5
180.162.232.172 - - [14/Jun/2020:10:14:07 +0800] "GET /xingrg/kc/mdqp/qqps_order_info.html?code=302020061400255 HTTP/1.1" 200 26401
180.162.232.172 - - [14/Jun/2020:10:14:07 +0800] "GET /xingrg/dwr/interface/AjaxQqpsService.js HTTP/1.1" 200 16326
180.162.232.172 - - [14/Jun/2020:10:14:07 +0800] "GET /xingrg/dwr/interface/AjaxComOrderService.js HTTP/1.1" 200 18264
180.162.232.172 - - [14/Jun/2020:10:14:07 +0800] "GET /xingrg/dwr/engine.js HTTP/1.1" 200 43631
180.162.232.172 - - [14/Jun/2020:10:14:08 +0800] "POST /xingrg/dwr/call/plaincall/AjaxQqpsService.loadMaterielItems.dwr HTTP/1.1" 200 347
120.253.135.82 - - [14/Jun/2020:10:14:09 +0800] "GET /xingrg/check_reg.html?_=1592100972361 HTTP/1.1" 200 22
114.86.227.175 - - [14/Jun/2020:10:14:09 +0800] "POST /xingrg/kc/buy/cgsh_order_operate.html HTTP/1.1" 200 37
172.17.0.100 - - [14/Jun/2020:10:14:09 +0800] "GET /xingrg/all/function/internal_message.html?_=1592100856250&CODE_STATE=getMsg HTTP/1.1" 200 27
114.86.227.175 - - [14/Jun/2020:10:14:10 +0800] "POST /xingrg/kc/buy/cgsh_order_operate.html HTTP/1.1" 200 2657
116.230.77.149 - - [14/Jun/2020:10:14:10 +0800] "GET /xingrg/system/rest/get_item.html?table=menu&target=menu_rest_detail&id=2084&sid=6&_=1592099986686 HTTP/1.1" 200 419
114.86.227.175 - - [14/Jun/2020:10:14:11 +0800] "GET /xingrg/kc/print/load_config.html?kc_code=cgsh HTTP/1.1" 200 1845
114.86.227.175 - - [14/Jun/2020:10:14:11 +0800] "GET /xingrg/kc/print/load_data.html?order_code=212020061405394&kc_code=cgsh&condition= HTTP/1.1" 200 720
114.84.32.201 - - [14/Jun/2020:10:14:11 +0800] "GET /xingrg/all/function/internal_message.html?_=1592100851550&CODE_STATE=getMsg HTTP/1.1" 200 27
180.162.232.172 - - [14/Jun/2020:10:14:12 +0800] "GET /xingrg/images/yd/bt.gif HTTP/1.1" 404 1040
180.162.232.172 - - [14/Jun/2020:10:14:15 +0800] "POST /xingrg/dwr/call/plaincall/AjaxQqpsService.uncheckOrder.dwr HTTP/1.1" 200 78
114.86.227.175 - - [14/Jun/2020:10:14:15 +0800] "GET /xingrg/kc/buy/cgsh_order_add.html HTTP/1.1" 200 59062
114.86.227.175 - - [14/Jun/2020:10:14:15 +0800] "GET /xingrg/all/function/internal_message.html?_=1592100956983&CODE_STATE=getMsg HTTP/1.1" 200 27
114.86.227.175 - - [14/Jun/2020:10:14:15 +0800] "POST /xingrg/kc/buy/cgsh_order_operate.html HTTP/1.1" 200 8245
114.86.227.175 - - [14/Jun/2020:10:14:15 +0800] "GET /xingrg/all/common/auto_word.html?type=employee&rest_code=00109 HTTP/1.1" 200 255
114.86.227.175 - - [14/Jun/2020:10:14:15 +0800] "GET /xingrg/all/common/auto_word.html?type=employee&rest_code=00109 HTTP/1.1" 200 255
114.86.227.175 - - [14/Jun/2020:10:14:15 +0800] "GET /xingrg/javascript/easyui/themes/default/validatebox.css HTTP/1.1" 404 1104
172.17.0.240 - - [14/Jun/2020:10:14:15 +0800] "GET /xingrg/all/function/internal_message.html?_=1592100854025&CODE_STATE=getMsg HTTP/1.1" 200 27
180.162.232.172 - - [14/Jun/2020:10:14:15 +0800] "GET /xingrg/javascript/jquery_easy_ui/themes/icon.css HTTP/1.1" 304 -
180.162.232.172 - - [14/Jun/2020:10:14:15 +0800] "GET /xingrg/css/blue.css HTTP/1.1" 304 -
180.162.232.172 - - [14/Jun/2020:10:14:15 +0800] "GET /xingrg/javascript/auto/jquery.autocomplete.css HTTP/1.1" 304 -
180.162.232.172 - - [14/Jun/2020:10:14:15 +0800] "GET /xingrg/kc/mdqp/qqps_order_info.html?code=302020061400255 HTTP/1.1" 200 28160
180.162.232.172 - - [14/Jun/2020:10:14:15 +0800] "GET /xingrg/javascript/pic_change.js HTTP/1.1" 304 -
180.162.232.172 - - [14/Jun/2020:10:14:15 +0800] "GET /xingrg/javascript/jquery-1.4.2.min.js HTTP/1.1" 304 -
180.162.232.172 - - [14/Jun/2020:10:14:15 +0800] "GET /xingrg/javascript/jquery_easy_ui/jquery.easyui.min.js HTTP/1.1" 304 -
180.162.232.172 - - [14/Jun/2020:10:14:15 +0800] "GET /xingrg/javascript/jquery.utils.js HTTP/1.1" 304 -
180.162.232.172 - - [14/Jun/2020:10:14:15 +0800] "GET /xingrg/javascript/auto/jquery.autocomplete.js HTTP/1.1" 304 -
180.162.232.172 - - [14/Jun/2020:10:14:15 +0800] "GET /xingrg/javascript/tools/jquery.qtip-1.0.0-rc3.min.js HTTP/1.1" 304 -
180.162.232.172 - - [14/Jun/2020:10:14:15 +0800] "GET /xingrg/javascript/jquery_easy_ui/easyui-lang-zh_CN.js HTTP/1.1" 304 -
180.162.232.172 - - [14/Jun/2020:10:14:15 +0800] "GET /xingrg/dwr/util.js HTTP/1.1" 304 -
180.162.232.172 - - [14/Jun/2020:10:14:15 +0800] "GET /xingrg/javascript/Calendar.js HTTP/1.1" 304 -
180.162.232.172 - - [14/Jun/2020:10:14:15 +0800] "GET /xingrg/javascript/myfunction.js HTTP/1.1" 304 -
180.162.232.172 - - [14/Jun/2020:10:14:15 +0800] "GET /xingrg/dwr/interface/AjaxComOrderService.js HTTP/1.1" 200 18264
180.162.232.172 - - [14/Jun/2020:10:14:15 +0800] "GET /xingrg/javascript/AjaxInfoList.js HTTP/1.1" 304 -
180.162.232.172 - - [14/Jun/2020:10:14:15 +0800] "GET /xingrg/dwr/interface/AjaxQqpsService.js HTTP/1.1" 200 16326
180.162.232.172 - - [14/Jun/2020:10:14:15 +0800] "GET /xingrg/javascript/Grid.js HTTP/1.1" 304 -
180.162.232.172 - - [14/Jun/2020:10:14:15 +0800] "GET /xingrg/dwr/engine.js HTTP/1.1" 200 43631
180.162.232.172 - - [14/Jun/2020:10:14:15 +0800] "GET /xingrg/javascript/ToolTips.js HTTP/1.1" 304 -
180.162.232.172 - - [14/Jun/2020:10:14:15 +0800] "GET /xingrg/javascript/print/LodopFuncs.js HTTP/1.1" 304 -
180.162.232.172 - - [14/Jun/2020:10:14:15 +0800] "GET /xingrg/javascript/print/kc_print.js HTTP/1.1" 304 -
180.162.232.172 - - [14/Jun/2020:10:14:15 +0800] "GET /xingrg/javascript/jquery_easy_ui/themes/default/easyui.css HTTP/1.1" 304 -
180.162.232.172 - - [14/Jun/2020:10:14:15 +0800] "GET /xingrg/javascript/jquery_easy_ui/themes/icon.css HTTP/1.1" 304 -
180.162.232.172 - - [14/Jun/2020:10:14:16 +0800] "GET /xingrg/words/20200613222249_words.js HTTP/1.1" 304 -
180.162.232.172 - - [14/Jun/2020:10:14:16 +0800] "GET /xingrg/images/blue/button/kc_tab_add.gif HTTP/1.1" 304 -
180.162.232.172 - - [14/Jun/2020:10:14:16 +0800] "GET /xingrg/images/blue/button/kc_tab_save.gif HTTP/1.1" 304 -
180.162.232.172 - - [14/Jun/2020:10:14:16 +0800] "GET /xingrg/images/blue/button/kc_tab_edit.gif HTTP/1.1" 304 -
180.162.232.172 - - [14/Jun/2020:10:14:16 +0800] "GET /xingrg/images/blue/button/kc_tab_del.gif HTTP/1.1" 304 -
180.162.232.172 - - [14/Jun/2020:10:14:16 +0800] "GET /xingrg/images/blue/wait.gif HTTP/1.1" 304 -
180.162.232.172 - - [14/Jun/2020:10:14:16 +0800] "POST /xingrg/dwr/call/plaincall/AjaxQqpsService.loadMaterielItems.dwr HTTP/1.1" 200 347
114.88.170.9 - - [14/Jun/2020:10:14:21 +0800] "GET /xingrg/all/function/internal_message.html?_=1592100855003&CODE_STATE=getMsg HTTP/1.1" 200 27
114.86.227.175 - - [14/Jun/2020:10:14:21 +0800] "GET /xingrg/kc/buy/cgsh_order_operate.html?command=get_materiel&rest_code=00109&code=00101001111&supplier_code=00100038&order_time=2020-06-14 HTTP/1.1" 200 408
180.175.214.200 - - [14/Jun/2020:10:14:22 +0800] "GET /xingrg/kc/buy/cgsh_order_info.html?code=212020061405393 HTTP/1.1" 200 53824
180.175.214.200 - - [14/Jun/2020:10:14:23 +0800] "GET /xingrg/javascript/easyui/themes/default/validatebox.css HTTP/1.1" 404 1104
180.175.214.200 - - [14/Jun/2020:10:14:23 +0800] "GET /xingrg/all/function/internal_message.html?_=1592101068382&CODE_STATE=getMsg HTTP/1.1" 200 27
180.175.214.200 - - [14/Jun/2020:10:14:24 +0800] "POST /xingrg/kc/buy/cgsh_order_operate.html HTTP/1.1" 200 5947
180.162.232.172 - - [14/Jun/2020:10:14:24 +0800] "POST /xingrg/dwr/call/plaincall/AjaxQqpsService.saveMaterielItem.dwr HTTP/1.1" 200 78
222.69.130.218 - - [14/Jun/2020:10:14:24 +0800] "GET /xingrg/all/function/internal_message.html?_=1592100864375&CODE_STATE=getMsg HTTP/1.1" 200 27
114.84.32.201 - - [14/Jun/2020:10:14:24 +0800] "GET /xingrg/system/rest/get_item.html?table=menu&target=menu_rest_detail&id=1965&sid=12&_=1592100864740 HTTP/1.1" 200 426
58.40.7.146 - - [14/Jun/2020:10:14:24 +0800] "GET /xingrg/check_reg.html?_=1592100864680 HTTP/1.1" 200 22
180.162.232.172 - - [14/Jun/2020:10:14:26 +0800] "POST /xingrg/dwr/call/plaincall/AjaxQqpsService.checkOrder.dwr HTTP/1.1" 200 78
180.162.232.172 - - [14/Jun/2020:10:14:28 +0800] "GET /xingrg/kc/mdqp/qqps_order_info.html?code=302020061400255 HTTP/1.1" 200 26401
180.162.232.172 - - [14/Jun/2020:10:14:28 +0800] "GET /xingrg/dwr/interface/AjaxComOrderService.js HTTP/1.1" 200 18264
180.162.232.172 - - [14/Jun/2020:10:14:28 +0800] "GET /xingrg/dwr/interface/AjaxQqpsService.js HTTP/1.1" 200 16326
180.162.232.172 - - [14/Jun/2020:10:14:28 +0800] "GET /xingrg/dwr/engine.js HTTP/1.1" 200 43631
180.175.214.200 - - [14/Jun/2020:10:14:28 +0800] "GET /xingrg/kc/print/load_data.html?order_code=212020061405393&kc_code=cgsh&condition= HTTP/1.1" 200 2696
180.162.232.172 - - [14/Jun/2020:10:14:28 +0800] "GET /xingrg/all/function/internal_message.html?_=1592100867712&CODE_STATE=getMsg HTTP/1.1" 200 27
180.162.232.172 - - [14/Jun/2020:10:14:28 +0800] "POST /xingrg/dwr/call/plaincall/AjaxQqpsService.loadMaterielItems.dwr HTTP/1.1" 200 345
172.17.200.101 - - [14/Jun/2020:10:14:33 +0800] "GET /xingrg/all/function/internal_message.html?_=1592100874033&CODE_STATE=getMsg HTTP/1.1" 200 27
116.233.79.27 - - [14/Jun/2020:10:14:36 +0800] "GET /xingrg/check_reg.html?_=1592100876139 HTTP/1.1" 302 -
116.230.77.149 - - [14/Jun/2020:10:14:36 +0800] "POST /xingrg/system/rest/edit_item.html HTTP/1.1" 200 4
116.230.77.149 - - [14/Jun/2020:10:14:37 +0800] "GET /xingrg/system/rest/get_item.html?table=menu&target=menu_rest&id=2084&_=1592100013237 HTTP/1.1" 200 1143
114.86.190.97 - - [14/Jun/2020:10:14:37 +0800] "GET /xingrg/all/function/internal_message.html?_=1592100877181&CODE_STATE=getMsg HTTP/1.1" 200 27
114.86.190.97 - - [14/Jun/2020:10:14:37 +0800] "GET /xingrg/check_reg.html?_=1592100877199 HTTP/1.1" 200 22
114.86.227.175 - - [14/Jun/2020:10:14:39 +0800] "GET /xingrg/kc/buy/cgsh_order_operate.html?command=get_materiel&rest_code=00109&code=00101005037&supplier_code=00100038&order_time=2020-06-14 HTTP/1.1" 200 409
117.185.32.26 - - [14/Jun/2020:10:14:42 +0800] "GET /xingrg/all/function/internal_message.html?_=1592100876463&CODE_STATE=getMsg HTTP/1.1" 200 27
114.88.170.9 - - [14/Jun/2020:10:14:45 +0800] "GET /xingrg/all/function/internal_message.html?_=1592100892428&CODE_STATE=getMsg HTTP/1.1" 200 27
114.86.227.175 - - [14/Jun/2020:10:14:45 +0800] "GET /xingrg/kc/buy/cgsh_order_operate.html?command=get_materiel&rest_code=00109&code=00101006161&supplier_code=00100038&order_time=2020-06-14 HTTP/1.1" 200 409
114.84.151.157 - - [14/Jun/2020:10:14:47 +0800] "GET /xingrg/login.html HTTP/1.1" 200 7641
114.84.151.157 - - [14/Jun/2020:10:14:47 +0800] "GET /xingrg/images/blue/jxLogo.png HTTP/1.1" 200 6156
114.84.151.157 - - [14/Jun/2020:10:14:47 +0800] "GET /xingrg/images/blue/login_bg.png HTTP/1.1" 200 22101
114.84.151.157 - - [14/Jun/2020:10:14:47 +0800] "GET /xingrg/images/blue/hj.png HTTP/1.1" 200 1014
114.84.151.157 - - [14/Jun/2020:10:14:47 +0800] "GET /xingrg/images/blue/srbg.png HTTP/1.1" 200 138
114.84.151.157 - - [14/Jun/2020:10:14:47 +0800] "GET /favicon.ico HTTP/1.1" 404 -
114.84.32.201 - - [14/Jun/2020:10:14:48 +0800] "POST /xingrg/system/rest/edit_item.html HTTP/1.1" 200 4
114.84.32.201 - - [14/Jun/2020:10:14:48 +0800] "GET /xingrg/system/rest/get_item.html?table=menu&target=menu_rest&id=1965&_=1592100888015 HTTP/1.1" 200 669
101.228.167.227 - - [14/Jun/2020:10:14:49 +0800] "GET /xingrg/check_reg.html?_=1592100890030 HTTP/1.1" 200 22
114.88.170.9 - - [14/Jun/2020:10:14:49 +0800] "GET /xingrg/check_reg.html?_=1592100883478 HTTP/1.1" 200 22
172.17.0.101 - - [14/Jun/2020:10:14:51 +0800] "GET /xingrg/all/function/internal_message.html?_=1592100888964&CODE_STATE=getMsg HTTP/1.1" 302 -
116.230.77.149 - - [14/Jun/2020:10:14:51 +0800] "GET /xingrg/system/rest/query_items.html?_=1592100027616&table=menu&page=1&rows=20&categoryId=&key=%25E5%25B8%25A6%25E9%25B1%25BC HTTP/1.1" 200 3139
114.86.227.175 - - [14/Jun/2020:10:14:51 +0800] "POST /xingrg/kc/buy/cgsh_order_operate.html HTTP/1.1" 200 37
114.84.151.157 - - [14/Jun/2020:10:14:51 +0800] "POST /xingrg/login.do HTTP/1.1" 302 -
114.84.151.157 - - [14/Jun/2020:10:14:51 +0800] "GET /xingrg/index.html?sysBaseUrl=http%3A%2F%2F180.169.147.146%3A18081%2Fxingrg%2F&costTime=39×tamp=1592100891565 HTTP/1.1" 200 17419
114.84.151.157 - - [14/Jun/2020:10:14:51 +0800] "GET /xingrg/javascript/jquery_easy_ui/themes/icon.css HTTP/1.1" 200 3949
114.84.151.157 - - [14/Jun/2020:10:14:51 +0800] "GET /xingrg/css/form.css HTTP/1.1" 200 893
114.84.151.157 - - [14/Jun/2020:10:14:51 +0800] "GET /xingrg/javascript/jquery_easy_ui/themes/default/easyui.css HTTP/1.1" 200 26500
114.84.151.157 - - [14/Jun/2020:10:14:51 +0800] "GET /xingrg/javascript/jquery-1.4.2.min.js HTTP/1.1" 200 72205
114.84.151.157 - - [14/Jun/2020:10:14:51 +0800] "GET /xingrg/javascript/jquery.timers.js HTTP/1.1" 200 3532
114.84.151.157 - - [14/Jun/2020:10:14:51 +0800] "GET /xingrg/javascript/jquery_easy_ui/easyui-lang-zh_CN.js HTTP/1.1" 200 1900
114.84.151.157 - - [14/Jun/2020:10:14:51 +0800] "GET /xingrg/javascript/jquery_easy_ui/jquery.easyui.min.js HTTP/1.1" 200 213662
114.84.151.157 - - [14/Jun/2020:10:14:51 +0800] "GET /xingrg/javascript/jquery.utils.js HTTP/1.1" 200 11805
114.84.151.157 - - [14/Jun/2020:10:14:51 +0800] "GET /xingrg/javascript/jquery.form.js HTTP/1.1" 200 23110
114.84.151.157 - - [14/Jun/2020:10:14:51 +0800] "GET /favicon.ico HTTP/1.1" 404 -
114.84.151.157 - - [14/Jun/2020:10:14:51 +0800] "GET /xingrg/javascript/jquery_easy_ui/themes/icons/settle_new.png HTTP/1.1" 200 826
114.84.151.157 - - [14/Jun/2020:10:14:51 +0800] "GET /xingrg/images/blue/navBackgound.jpg HTTP/1.1" 200 12378
114.84.151.157 - - [14/Jun/2020:10:14:51 +0800] "POST /xingrg/all/common/load_tree.html?tree=area_rest_tree_json&manage=1 HTTP/1.1" 200 3088
114.84.151.157 - - [14/Jun/2020:10:14:52 +0800] "GET /xingrg/check_reg.html?_=1592100891210 HTTP/1.1" 200 22
114.84.151.157 - - [14/Jun/2020:10:14:52 +0800] "GET /xingrg/all/function/internal_message.html?_=1592100891209&CODE_STATE=count HTTP/1.1" 200 11
114.84.151.157 - - [14/Jun/2020:10:14:52 +0800] "GET /xingrg/images/blue/pingpu.png HTTP/1.1" 200 231
114.84.151.157 - - [14/Jun/2020:10:14:52 +0800] "GET /xingrg/javascript/jquery_easy_ui/themes/default/images/tabs_leftarrow.png HTTP/1.1" 200 389
114.84.151.157 - - [14/Jun/2020:10:14:52 +0800] "GET /xingrg/javascript/jquery_easy_ui/themes/default/images/tabs_rightarrow.png HTTP/1.1" 200 395
114.84.151.157 - - [14/Jun/2020:10:14:52 +0800] "GET /xingrg/javascript/jquery_easy_ui/themes/default/images/panel_tool_expand.gif HTTP/1.1" 200 247
114.84.151.157 - - [14/Jun/2020:10:14:52 +0800] "GET /xingrg/javascript/jquery_easy_ui/themes/default/images/panel_tool_collapse.gif HTTP/1.1" 200 246
114.84.151.157 - - [14/Jun/2020:10:14:52 +0800] "POST /xingrg/load_menu.html HTTP/1.1" 200 9959
114.84.151.157 - - [14/Jun/2020:10:14:52 +0800] "GET /xingrg/javascript/jquery_easy_ui/themes/default/images/tree_arrows.gif HTTP/1.1" 200 1043
114.84.151.157 - - [14/Jun/2020:10:14:52 +0800] "GET /xingrg/javascript/jquery_easy_ui/themes/default/images/tree_folder_open.gif HTTP/1.1" 200 956
114.84.151.157 - - [14/Jun/2020:10:14:52 +0800] "GET /xingrg/javascript/jquery_easy_ui/themes/icons/search_new.png HTTP/1.1" 200 586
114.84.151.157 - - [14/Jun/2020:10:14:52 +0800] "GET /xingrg/javascript/jquery_easy_ui/themes/default/images/tree_folder.gif HTTP/1.1" 200 952
114.84.151.157 - - [14/Jun/2020:10:14:52 +0800] "GET /xingrg/javascript/jquery_easy_ui/themes/icons/storage_new.png HTTP/1.1" 200 853
114.84.151.157 - - [14/Jun/2020:10:14:52 +0800] "GET /xingrg/javascript/jquery_easy_ui/themes/icons/checkout_new.png HTTP/1.1" 200 744
114.84.151.157 - - [14/Jun/2020:10:14:52 +0800] "GET /xingrg/javascript/jquery_easy_ui/themes/icons/forms_new.png HTTP/1.1" 200 350
114.84.151.157 - - [14/Jun/2020:10:14:52 +0800] "GET /xingrg/javascript/jquery_easy_ui/themes/icons/setting_new.png HTTP/1.1" 200 450
114.84.151.157 - - [14/Jun/2020:10:14:52 +0800] "GET /xingrg/javascript/jquery_easy_ui/themes/icons/systemset_new.png HTTP/1.1" 200 606
114.84.151.157 - - [14/Jun/2020:10:14:52 +0800] "GET /xingrg/javascript/jquery_easy_ui/themes/default/images/tree_file.gif HTTP/1.1" 200 118
101.228.167.227 - - [14/Jun/2020:10:14:52 +0800] "GET /xingrg/all/function/internal_message.html?_=1592100893789&CODE_STATE=getMsg HTTP/1.1" 200 27
114.84.32.201 - - [14/Jun/2020:10:14:54 +0800] "GET /xingrg/all/function/internal_message.html?_=1592100894048&CODE_STATE=getMsg HTTP/1.1" 200 27
180.162.232.172 - - [14/Jun/2020:10:14:54 +0800] "GET /xingrg/all/function/internal_message.html?_=1592101027721&CODE_STATE=getMsg HTTP/1.1" 200 27
114.86.227.175 - - [14/Jun/2020:10:14:54 +0800] "POST /xingrg/kc/buy/cgsh_order_operate.html HTTP/1.1" 200 3828
114.86.227.175 - - [14/Jun/2020:10:14:58 +0800] "GET /xingrg/kc/print/load_config.html?kc_code=cgsh HTTP/1.1" 200 1845
114.86.227.175 - - [14/Jun/2020:10:14:58 +0800] "GET /xingrg/kc/print/load_data.html?order_code=212020061405395&kc_code=cgsh&condition= HTTP/1.1" 200 1118
114.84.151.157 - - [14/Jun/2020:10:14:59 +0800] "GET /xingrg/javascript/jquery_easy_ui/themes/icons/area.png HTTP/1.1" 200 262
114.84.151.157 - - [14/Jun/2020:10:14:59 +0800] "GET /xingrg/javascript/jquery_easy_ui/themes/icons/manage.png HTTP/1.1" 200 696
114.84.151.157 - - [14/Jun/2020:10:14:59 +0800] "GET /xingrg/javascript/jquery_easy_ui/themes/icons/rest.png HTTP/1.1" 200 695
116.230.77.149 - - [14/Jun/2020:10:15:00 +0800] "GET /xingrg/system/rest/query_items.html?_=1592100037033&table=menu&page=1&rows=20&categoryId=&key=%25E5%25B8%25A6%25E9%25B1%25BC HTTP/1.1" 200 3139
116.230.77.149 - - [14/Jun/2020:10:15:02 +0800] "GET /xingrg/system/rest/get_item.html?table=menu&id=1932&_=1592100038962 HTTP/1.1" 200 946
116.230.77.149 - - [14/Jun/2020:10:15:02 +0800] "GET /xingrg/system/rest/get_item.html?table=menu&target=menu_rest&id=1932&_=1592100038985 HTTP/1.1" 200 762
116.230.77.149 - - [14/Jun/2020:10:15:02 +0800] "GET /xingrg/system/rest/get_item.html?table=menu&target=cook_mode&id=1932&_=1592100038982 HTTP/1.1" 200 15043
101.228.167.227 - - [14/Jun/2020:10:15:04 +0800] "GET /xingrg/all/function/internal_message.html?_=1592100905362&CODE_STATE=getMsg HTTP/1.1" 200 27
116.230.77.149 - - [14/Jun/2020:10:15:04 +0800] "GET /xingrg/system/rest/get_infos.html?command=menu_img_show&id=1932 HTTP/1.1" 200 5
116.230.77.149 - - [14/Jun/2020:10:15:05 +0800] "GET /xingrg/all/function/internal_message.html?_=1592100041879&CODE_STATE=getMsg HTTP/1.1" 200 27
116.230.77.149 - - [14/Jun/2020:10:15:09 +0800] "GET /xingrg/system/rest/get_item.html?table=menu&target=menu_rest_detail&id=1932&sid=5&_=1592100045568 HTTP/1.1" 200 425
172.17.0.100 - - [14/Jun/2020:10:15:09 +0800] "GET /xingrg/all/function/internal_message.html?_=1592100916251&CODE_STATE=getMsg HTTP/1.1" 200 27
116.230.77.149 - - [14/Jun/2020:10:15:09 +0800] "GET /xingrg/system/rest/get_item.html?table=menu&target=menu_rest_detail&id=1932&sid=6&_=1592100046164 HTTP/1.1" 200 419
114.84.32.201 - - [14/Jun/2020:10:15:11 +0800] "GET /xingrg/all/function/internal_message.html?_=1592100911549&CODE_STATE=getMsg HTTP/1.1" 200 27
172.17.0.240 - - [14/Jun/2020:10:15:15 +0800] "GET /xingrg/all/function/internal_message.html?_=1592100914018&CODE_STATE=getMsg HTTP/1.1" 200 27
172.17.0.240 - - [14/Jun/2020:10:15:15 +0800] "GET /xingrg/check_reg.html?_=1592100914020 HTTP/1.1" 200 22
114.86.227.175 - - [14/Jun/2020:10:15:15 +0800] "GET /xingrg/all/function/internal_message.html?_=1592101020280&CODE_STATE=getMsg HTTP/1.1" 200 27
114.84.32.201 - - [14/Jun/2020:10:15:17 +0800] "GET /xingrg/system/rest/query_items.html?_=1592100916907&table=menu&page=1&rows=20&categoryId=&key=2054 HTTP/1.1" 200 298
114.84.32.201 - - [14/Jun/2020:10:15:18 +0800] "GET /xingrg/system/rest/get_item.html?table=menu&id=2054&_=1592100918242 HTTP/1.1" 200 1007
114.84.32.201 - - [14/Jun/2020:10:15:18 +0800] "GET /xingrg/system/rest/get_item.html?table=menu&target=menu_rest&id=2054&_=1592100918258 HTTP/1.1" 200 775
114.84.32.201 - - [14/Jun/2020:10:15:18 +0800] "GET /xingrg/system/rest/get_item.html?table=menu&target=cook_mode&id=2054&_=1592100918257 HTTP/1.1" 200 10645
180.175.214.200 - - [14/Jun/2020:10:15:18 +0800] "GET /xingrg/login.html HTTP/1.1" 200 7641
180.175.214.200 - - [14/Jun/2020:10:15:18 +0800] "GET /favicon.ico HTTP/1.1" 404 -
114.84.32.201 - - [14/Jun/2020:10:15:19 +0800] "GET /xingrg/system/rest/get_infos.html?command=menu_img_show&id=2054 HTTP/1.1" 200 5
114.84.32.201 - - [14/Jun/2020:10:15:21 +0800] "GET /xingrg/system/rest/get_item.html?table=menu&target=menu_rest_detail&id=2054&sid=12&_=1592100921105 HTTP/1.1" 200 427
114.88.170.9 - - [14/Jun/2020:10:15:21 +0800] "GET /xingrg/all/function/internal_message.html?_=1592100915018&CODE_STATE=getMsg HTTP/1.1" 200 27
180.175.214.200 - - [14/Jun/2020:10:15:22 +0800] "POST /xingrg/login.do HTTP/1.1" 302 -
180.175.214.200 - - [14/Jun/2020:10:15:22 +0800] "GET /xingrg/index.html?sysBaseUrl=http%3A%2F%2F180.169.147.146%3A18081%2Fxingrg%2F&costTime=38×tamp=1592100922267 HTTP/1.1" 200 17173
180.175.214.200 - - [14/Jun/2020:10:15:22 +0800] "GET /xingrg/javascript/jquery.form.js HTTP/1.1" 304 -
180.175.214.200 - - [14/Jun/2020:10:15:22 +0800] "GET /xingrg/javascript/jquery_easy_ui/themes/default/easyui.css HTTP/1.1" 304 -
180.175.214.200 - - [14/Jun/2020:10:15:22 +0800] "GET /xingrg/css/form.css HTTP/1.1" 304 -
180.175.214.200 - - [14/Jun/2020:10:15:22 +0800] "GET /xingrg/javascript/jquery_easy_ui/themes/icon.css HTTP/1.1" 304 -
180.175.214.200 - - [14/Jun/2020:10:15:22 +0800] "GET /xingrg/javascript/jquery_easy_ui/jquery.easyui.min.js HTTP/1.1" 304 -
180.175.214.200 - - [14/Jun/2020:10:15:22 +0800] "GET /xingrg/javascript/jquery-1.4.2.min.js HTTP/1.1" 304 -
180.175.214.200 - - [14/Jun/2020:10:15:22 +0800] "GET /xingrg/javascript/jquery_easy_ui/easyui-lang-zh_CN.js HTTP/1.1" 304 -
180.175.214.200 - - [14/Jun/2020:10:15:22 +0800] "GET /xingrg/javascript/jquery.utils.js HTTP/1.1" 304 -
180.175.214.200 - - [14/Jun/2020:10:15:22 +0800] "GET /xingrg/javascript/jquery.timers.js HTTP/1.1" 304 -
180.175.214.200 - - [14/Jun/2020:10:15:22 +0800] "GET /favicon.ico HTTP/1.1" 404 -
180.175.214.200 - - [14/Jun/2020:10:15:22 +0800] "POST /xingrg/all/common/load_tree.html?tree=area_rest_tree_json&manage=1 HTTP/1.1" 200 342
180.175.214.200 - - [14/Jun/2020:10:15:22 +0800] "GET /xingrg/all/function/internal_message.html?_=1592100921767&CODE_STATE=count HTTP/1.1" 200 11
180.175.214.200 - - [14/Jun/2020:10:15:22 +0800] "GET /xingrg/check_reg.html?_=1592100921768 HTTP/1.1" 200 22
180.175.214.200 - - [14/Jun/2020:10:15:22 +0800] "POST /xingrg/load_menu.html HTTP/1.1" 200 5138
180.175.214.200 - - [14/Jun/2020:10:15:23 +0800] "GET /xingrg/all/function/internal_message.html?_=1592101128397&CODE_STATE=getMsg HTTP/1.1" 200 27
222.69.130.218 - - [14/Jun/2020:10:15:24 +0800] "GET /xingrg/all/function/internal_message.html?_=1592100924372&CODE_STATE=getMsg HTTP/1.1" 200 27
222.69.130.218 - - [14/Jun/2020:10:15:24 +0800] "GET /xingrg/check_reg.html?_=1592100924380 HTTP/1.1" 200 22
116.230.77.149 - - [14/Jun/2020:10:15:25 +0800] "POST /xingrg/system/rest/edit_item.html HTTP/1.1" 200 4
116.230.77.149 - - [14/Jun/2020:10:15:25 +0800] "GET /xingrg/system/rest/get_item.html?table=menu&target=menu_rest&id=1932&_=1592100061668 HTTP/1.1" 200 762
180.162.232.172 - - [14/Jun/2020:10:15:28 +0800] "GET /xingrg/all/function/internal_message.html?_=1592100927689&CODE_STATE=getMsg HTTP/1.1" 200 27
114.84.151.157 - - [14/Jun/2020:10:15:30 +0800] "POST /xingrg/load_menu.html HTTP/1.1" 200 10168
101.228.167.227 - - [14/Jun/2020:10:15:31 +0800] "GET /xingrg/check_reg.html?_=1592100932429 HTTP/1.1" 200 22
180.175.214.200 - - [14/Jun/2020:10:15:31 +0800] "GET /xingrg/css/site.css HTTP/1.1" 304 -
180.175.214.200 - - [14/Jun/2020:10:15:31 +0800] "GET /xingrg/css/base.css HTTP/1.1" 304 -
180.175.214.200 - - [14/Jun/2020:10:15:31 +0800] "GET /xingrg/javascript/easyui/themes/icon.css HTTP/1.1" 304 -
180.175.214.200 - - [14/Jun/2020:10:15:31 +0800] "GET /xingrg/javascript/jquery_tools/datebox.css HTTP/1.1" 304 -
180.175.214.200 - - [14/Jun/2020:10:15:31 +0800] "GET /xingrg/javascript/jquery_tools/fix.css HTTP/1.1" 304 -
180.175.214.200 - - [14/Jun/2020:10:15:31 +0800] "GET /xingrg/javascript/auto/jquery.autocomplete.css HTTP/1.1" 304 -
180.175.214.200 - - [14/Jun/2020:10:15:31 +0800] "GET /xingrg/javascript/jquery_tools/jquery.tools.extend.js HTTP/1.1" 304 -
180.175.214.200 - - [14/Jun/2020:10:15:31 +0800] "GET /xingrg/javascript/jquery_tools/jquery.tools.hotkey.js HTTP/1.1" 304 -
180.175.214.200 - - [14/Jun/2020:10:15:31 +0800] "GET /xingrg/javascript/jquery_tools/table.css HTTP/1.1" 304 -
180.175.214.200 - - [14/Jun/2020:10:15:31 +0800] "GET /xingrg/javascript/jquery_tools/list_manager.js HTTP/1.1" 304 -
180.175.214.200 - - [14/Jun/2020:10:15:31 +0800] "GET /xingrg/javascript/auto/jquery.autocomplete.js HTTP/1.1" 304 -
180.175.214.200 - - [14/Jun/2020:10:15:31 +0800] "GET /xingrg/javascript/jquery_tools/jquery.tools.min.js HTTP/1.1" 304 -
180.175.214.200 - - [14/Jun/2020:10:15:31 +0800] "GET /xingrg/javascript/easyui/themes/default/easyui.css HTTP/1.1" 304 -
180.175.214.200 - - [14/Jun/2020:10:15:31 +0800] "GET /xingrg/javascript/jquery.cookie.js HTTP/1.1" 304 -
180.175.214.200 - - [14/Jun/2020:10:15:31 +0800] "GET /xingrg/javascript/jquery_tools/jquery.tools.table.js HTTP/1.1" 304 -
180.175.214.200 - - [14/Jun/2020:10:15:31 +0800] "GET /xingrg/javascript/print/LodopFuncs.js HTTP/1.1" 304 -
180.175.214.200 - - [14/Jun/2020:10:15:31 +0800] "GET /xingrg/javascript/easyui/easyloader.js HTTP/1.1" 304 -
180.175.214.200 - - [14/Jun/2020:10:15:31 +0800] "GET /xingrg/kc/buy/cgsh_order_list.html HTTP/1.1" 200 43283
180.175.214.200 - - [14/Jun/2020:10:15:32 +0800] "GET /xingrg/javascript/easyui/plugins/jquery.parser.js HTTP/1.1" 304 -
180.175.214.200 - - [14/Jun/2020:10:15:33 +0800] "POST /xingrg/kc/buy/cgsh_list_operate.html HTTP/1.1" 200 876
114.84.151.157 - - [14/Jun/2020:10:15:33 +0800] "GET /xingrg/javascript/jquery_easy_ui/themes/default/images/tabs_close.gif HTTP/1.1" 200 829
114.84.151.157 - - [14/Jun/2020:10:15:33 +0800] "GET /xingrg/css/table.css HTTP/1.1" 200 3684
114.84.151.157 - - [14/Jun/2020:10:15:33 +0800] "GET /xingrg/dwr/interface/AjaxGetFirstChart.js HTTP/1.1" 200 631
114.84.151.157 - - [14/Jun/2020:10:15:33 +0800] "GET /xingrg/javascript/convert.js HTTP/1.1" 200 1239
114.84.151.157 - - [14/Jun/2020:10:15:33 +0800] "GET /xingrg/javascript/jquery.shich.js HTTP/1.1" 200 4857
114.84.151.157 - - [14/Jun/2020:10:15:33 +0800] "GET /xingrg/javascript/Calendar.js HTTP/1.1" 200 31561
172.17.200.101 - - [14/Jun/2020:10:15:33 +0800] "GET /xingrg/all/function/internal_message.html?_=1592100934035&CODE_STATE=getMsg HTTP/1.1" 200 27
114.84.151.157 - - [14/Jun/2020:10:15:33 +0800] "GET /xingrg/dwr/util.js HTTP/1.1" 200 35990
114.84.151.157 - - [14/Jun/2020:10:15:33 +0800] "GET /xingrg/dwr/engine.js HTTP/1.1" 200 43631
114.84.151.157 - - [14/Jun/2020:10:15:33 +0800] "GET /xingrg/system/rest/list_page.html?p=menu HTTP/1.1" 200 112918
114.84.151.157 - - [14/Jun/2020:10:15:34 +0800] "GET /xingrg/images/control/ajaxLoader.gif HTTP/1.1" 200 4659
114.84.151.157 - - [14/Jun/2020:10:15:34 +0800] "GET /xingrg/javascript/jquery_easy_ui/themes/icons/search.png HTTP/1.1" 200 813
114.84.151.157 - - [14/Jun/2020:10:15:34 +0800] "GET /xingrg/javascript/jquery_easy_ui/themes/default/images/button_a_bg.gif HTTP/1.1" 200 1194
114.84.151.157 - - [14/Jun/2020:10:15:34 +0800] "GET /xingrg/javascript/jquery_easy_ui/themes/icons/edit_add.png HTTP/1.1" 200 1088
114.84.151.157 - - [14/Jun/2020:10:15:34 +0800] "GET /xingrg/javascript/jquery_easy_ui/themes/icons/pencil.png HTTP/1.1" 200 713
114.84.151.157 - - [14/Jun/2020:10:15:34 +0800] "GET /xingrg/javascript/jquery_easy_ui/themes/icons/edit_remove.png HTTP/1.1" 200 625
114.84.151.157 - - [14/Jun/2020:10:15:34 +0800] "GET /xingrg/javascript/jquery_easy_ui/themes/icons/check_new.png HTTP/1.1" 200 3224
114.84.151.157 - - [14/Jun/2020:10:15:34 +0800] "GET /xingrg/javascript/jquery_easy_ui/themes/icons/uncheck_new.png HTTP/1.1" 200 3197
114.84.151.157 - - [14/Jun/2020:10:15:34 +0800] "GET /xingrg/javascript/jquery_easy_ui/themes/default/images/button_span_bg.gif HTTP/1.1" 200 2061
114.84.151.157 - - [14/Jun/2020:10:15:34 +0800] "GET /xingrg/javascript/jquery_easy_ui/themes/icons/ok.png HTTP/1.1" 200 883
114.84.151.157 - - [14/Jun/2020:10:15:34 +0800] "GET /xingrg/javascript/jquery_easy_ui/themes/default/images/datagrid_header_bg.gif HTTP/1.1" 200 97
114.84.151.157 - - [14/Jun/2020:10:15:34 +0800] "GET /xingrg/javascript/jquery_easy_ui/themes/default/images/pagination_first.gif HTTP/1.1" 200 925
114.84.151.157 - - [14/Jun/2020:10:15:34 +0800] "GET /xingrg/javascript/jquery_easy_ui/themes/default/images/pagination_prev.gif HTTP/1.1" 200 879
114.84.151.157 - - [14/Jun/2020:10:15:34 +0800] "GET /xingrg/javascript/jquery_easy_ui/themes/default/images/pagination_load.png HTTP/1.1" 200 827
114.84.151.157 - - [14/Jun/2020:10:15:34 +0800] "GET /xingrg/javascript/jquery_easy_ui/themes/default/images/pagination_next.gif HTTP/1.1" 200 875
114.84.151.157 - - [14/Jun/2020:10:15:34 +0800] "GET /xingrg/javascript/jquery_easy_ui/themes/default/images/pagination_loading.gif HTTP/1.1" 200 1737
114.84.151.157 - - [14/Jun/2020:10:15:34 +0800] "GET /xingrg/javascript/jquery_easy_ui/themes/default/images/pagination_last.gif HTTP/1.1" 200 923
114.84.151.157 - - [14/Jun/2020:10:15:34 +0800] "GET /xingrg/system/rest/query_items.html?_=1592100933331&table=menu&page=1&rows=20&categoryId=&key= HTTP/1.1" 200 4718
114.84.32.201 - - [14/Jun/2020:10:15:34 +0800] "GET /xingrg/system/rest/query_items.html?_=1592100934488&table=menu&page=1&rows=20&categoryId=&key=2090 HTTP/1.1" 200 248
180.175.214.200 - - [14/Jun/2020:10:15:34 +0800] "GET /xingrg/javascript/convert.js HTTP/1.1" 304 -
180.175.214.200 - - [14/Jun/2020:10:15:34 +0800] "GET /xingrg/javascript/pic_change.js HTTP/1.1" 304 -
180.175.214.200 - - [14/Jun/2020:10:15:34 +0800] "GET /xingrg/javascript/print/kc_print.js HTTP/1.1" 304 -
180.175.214.200 - - [14/Jun/2020:10:15:34 +0800] "GET /xingrg/javascript/json2.js HTTP/1.1" 304 -
180.175.214.200 - - [14/Jun/2020:10:15:34 +0800] "GET /xingrg/javascript/jquery_tools/order_manager.js HTTP/1.1" 304 -
180.175.214.200 - - [14/Jun/2020:10:15:34 +0800] "GET /xingrg/kc/buy/cgsh_order_add.html HTTP/1.1" 200 58939
180.175.214.200 - - [14/Jun/2020:10:15:34 +0800] "GET /xingrg/words/20200613222249_words.js HTTP/1.1" 304 -
180.175.214.200 - - [14/Jun/2020:10:15:35 +0800] "POST /xingrg/kc/buy/cgsh_order_operate.html HTTP/1.1" 200 8245
180.175.214.200 - - [14/Jun/2020:10:15:35 +0800] "GET /xingrg/all/common/auto_word.html?type=employee&rest_code=00102 HTTP/1.1" 200 189
180.175.214.200 - - [14/Jun/2020:10:15:35 +0800] "GET /xingrg/javascript/easyui/themes/default/validatebox.css HTTP/1.1" 404 1104
180.175.214.200 - - [14/Jun/2020:10:15:35 +0800] "GET /xingrg/all/common/auto_word.html?type=employee&rest_code=00102 HTTP/1.1" 200 189
180.175.214.200 - - [14/Jun/2020:10:15:35 +0800] "GET /xingrg/javascript/easyui/plugins/jquery.validatebox.js HTTP/1.1" 304 -
180.175.214.200 - - [14/Jun/2020:10:15:35 +0800] "GET /xingrg/javascript/easyui/plugins/jquery.numberbox.js HTTP/1.1" 304 -
114.84.32.201 - - [14/Jun/2020:10:15:36 +0800] "GET /xingrg/system/rest/get_item.html?table=menu&id=2090&_=1592100935894 HTTP/1.1" 200 935
114.84.32.201 - - [14/Jun/2020:10:15:36 +0800] "GET /xingrg/system/rest/get_item.html?table=menu&target=menu_rest&id=2090&_=1592100935911 HTTP/1.1" 200 551
114.84.32.201 - - [14/Jun/2020:10:15:36 +0800] "GET /xingrg/system/rest/get_item.html?table=menu&target=cook_mode&id=2090&_=1592100935910 HTTP/1.1" 200 9336
180.175.214.200 - - [14/Jun/2020:10:15:36 +0800] "GET /xingrg/javascript/auto/indicator.gif HTTP/1.1" 404 1066
114.84.32.201 - - [14/Jun/2020:10:15:36 +0800] "GET /xingrg/system/rest/get_infos.html?command=menu_img_show&id=2090 HTTP/1.1" 200 5
180.175.214.200 - - [14/Jun/2020:10:15:37 +0800] "GET /xingrg/javascript/jquery_tools/images/prev.gif HTTP/1.1" 404 1086
180.175.214.200 - - [14/Jun/2020:10:15:37 +0800] "GET /xingrg/javascript/jquery_tools/images/next.gif HTTP/1.1" 404 1086
114.86.190.97 - - [14/Jun/2020:10:15:37 +0800] "GET /xingrg/all/function/internal_message.html?_=1592100937177&CODE_STATE=getMsg HTTP/1.1" 200 27
114.84.151.157 - - [14/Jun/2020:10:15:37 +0800] "GET /xingrg/system/rest/query_items.html?_=1592100936651&table=menu&page=1&rows=20&categoryId=&key=%25E5%25AF%258C%25E8%25B4%25B5 HTTP/1.1" 200 2686
114.84.32.201 - - [14/Jun/2020:10:15:38 +0800] "GET /xingrg/system/rest/get_item.html?table=menu&target=menu_rest_detail&id=2090&sid=12&_=1592100938439 HTTP/1.1" 200 426
117.185.32.26 - - [14/Jun/2020:10:15:42 +0800] "GET /xingrg/all/function/internal_message.html?_=1592100936438&CODE_STATE=getMsg HTTP/1.1" 200 27
114.88.170.9 - - [14/Jun/2020:10:15:45 +0800] "GET /xingrg/all/function/internal_message.html?_=1592100952417&CODE_STATE=getMsg HTTP/1.1" 200 27
114.88.170.9 - - [14/Jun/2020:10:15:45 +0800] "GET /xingrg/check_reg.html?_=1592100952420 HTTP/1.1" 200 22
114.84.151.157 - - [14/Jun/2020:10:15:46 +0800] "GET /xingrg/system/rest/query_items.html?_=1592100945617&table=menu&page=1&rows=20&categoryId=&key=%25E5%25AF%258C%25E8%25B4%25B5 HTTP/1.1" 200 2686
114.84.32.201 - - [14/Jun/2020:10:15:46 +0800] "POST /xingrg/system/rest/edit_item.html HTTP/1.1" 200 4
114.84.32.201 - - [14/Jun/2020:10:15:46 +0800] "GET /xingrg/system/rest/get_item.html?table=menu&target=menu_rest&id=2090&_=1592100946815 HTTP/1.1" 200 551
172.17.0.101 - - [14/Jun/2020:10:15:51 +0800] "GET /xingrg/all/function/internal_message.html?_=1592100948987&CODE_STATE=getMsg HTTP/1.1" 302 -
114.84.151.157 - - [14/Jun/2020:10:15:51 +0800] "GET /xingrg/system/rest/get_item.html?table=menu&id=2037&_=1592100950704 HTTP/1.1" 200 934
114.84.151.157 - - [14/Jun/2020:10:15:51 +0800] "GET /xingrg/system/rest/get_item.html?table=menu&target=menu_rest&id=2037&_=1592100950741 HTTP/1.1" 200 164
114.84.151.157 - - [14/Jun/2020:10:15:51 +0800] "GET /xingrg/system/rest/get_item.html?table=menu&target=cook_mode&id=2037&_=1592100950740 HTTP/1.1" 200 1610
114.84.151.157 - - [14/Jun/2020:10:15:51 +0800] "GET /xingrg/javascript/jquery_easy_ui/themes/default/images/panel_title.png HTTP/1.1" 200 266
114.84.151.157 - - [14/Jun/2020:10:15:51 +0800] "GET /xingrg/javascript/jquery_easy_ui/themes/default/images/panel_tools.gif HTTP/1.1" 200 737
114.84.151.157 - - [14/Jun/2020:10:15:52 +0800] "GET /xingrg/system/rest/get_infos.html?command=menu_img_show&id=2037 HTTP/1.1" 200 5
114.84.151.157 - - [14/Jun/2020:10:15:52 +0800] "GET /xingrg/all/function/internal_message.html?_=1592100951705&CODE_STATE=getMsg HTTP/1.1" 200 27
116.230.77.149 - - [14/Jun/2020:10:15:52 +0800] "GET /xingrg/system/rest/query_items.html?_=1592100088958&table=menu&page=1&rows=20&categoryId=&key=xbc HTTP/1.1" 200 3839
101.228.167.227 - - [14/Jun/2020:10:15:52 +0800] "GET /xingrg/all/function/internal_message.html?_=1592100953802&CODE_STATE=getMsg HTTP/1.1" 200 27
114.84.32.201 - - [14/Jun/2020:10:15:54 +0800] "GET /xingrg/check_reg.html?_=1592100954048 HTTP/1.1" 200 22
114.84.32.201 - - [14/Jun/2020:10:15:54 +0800] "GET /xingrg/all/function/internal_message.html?_=1592100954049&CODE_STATE=getMsg HTTP/1.1" 200 27
180.162.232.172 - - [14/Jun/2020:10:15:54 +0800] "GET /xingrg/all/function/internal_message.html?_=1592101087742&CODE_STATE=getMsg HTTP/1.1" 200 27
114.84.32.201 - - [14/Jun/2020:10:15:55 +0800] "GET /xingrg/system/rest/query_items.html?_=1592100954875&table=menu&page=1&rows=20&categoryId=&key=2084 HTTP/1.1" 200 272
114.84.32.201 - - [14/Jun/2020:10:15:56 +0800] "GET /xingrg/system/rest/get_item.html?table=menu&id=2084&_=1592100956530 HTTP/1.1" 200 971
114.84.32.201 - - [14/Jun/2020:10:15:56 +0800] "GET /xingrg/system/rest/get_item.html?table=menu&target=menu_rest&id=2084&_=1592100956547 HTTP/1.1" 200 1143
114.84.32.201 - - [14/Jun/2020:10:15:56 +0800] "GET /xingrg/system/rest/get_item.html?table=menu&target=cook_mode&id=2084&_=1592100956546 HTTP/1.1" 200 9679
114.84.32.201 - - [14/Jun/2020:10:15:57 +0800] "GET /xingrg/system/rest/get_infos.html?command=menu_img_show&id=2084 HTTP/1.1" 200 5
180.175.214.200 - - [14/Jun/2020:10:15:57 +0800] "GET /xingrg/kc/buy/cgsh_order_operate.html?command=get_materiel&rest_code=00102&code=00101014006&supplier_code=00100330&order_time=2020-06-14 HTTP/1.1" 200 415
114.84.32.201 - - [14/Jun/2020:10:16:02 +0800] "GET /xingrg/system/rest/get_item.html?table=menu&target=menu_rest_detail&id=2084&sid=12&_=1592100962663 HTTP/1.1" 200 426
180.162.232.172 - - [14/Jun/2020:10:16:03 +0800] "GET /xingrg/kc/mdqp/qqps_order_list.html?isBack=1 HTTP/1.1" 200 9677
180.162.232.172 - - [14/Jun/2020:10:16:03 +0800] "GET /xingrg/dwr/interface/AjaxReportQueryService.js HTTP/1.1" 200 13203
180.162.232.172 - - [14/Jun/2020:10:16:03 +0800] "GET /xingrg/dwr/interface/AjaxQqpsService.js HTTP/1.1" 200 16326
180.162.232.172 - - [14/Jun/2020:10:16:03 +0800] "GET /xingrg/dwr/engine.js HTTP/1.1" 200 43631
114.84.151.157 - - [14/Jun/2020:10:16:03 +0800] "POST /xingrg/system/rest/edit_item.html HTTP/1.1" 200 4
114.84.151.157 - - [14/Jun/2020:10:16:03 +0800] "GET /xingrg/system/rest/get_item.html?table=menu&target=cook_mode&id=2037&_=1592100962676 HTTP/1.1" 200 1774
101.228.167.227 - - [14/Jun/2020:10:16:04 +0800] "GET /xingrg/all/function/internal_message.html?_=1592100965377&CODE_STATE=getMsg HTTP/1.1" 200 27
180.175.214.200 - - [14/Jun/2020:10:16:04 +0800] "POST /xingrg/kc/buy/cgsh_order_operate.html HTTP/1.1" 200 37
180.162.232.172 - - [14/Jun/2020:10:16:04 +0800] "GET /xingrg/kc/mdqp/qqps_order_list.html?isQuery=1&timeSelect=1&orderTime=day&startTime=2020-06-14&endTime=2020-06-14&state=all&query=%C8%B7++%B6%A8 HTTP/1.1" 200 9767
180.162.232.172 - - [14/Jun/2020:10:16:04 +0800] "GET /xingrg/dwr/interface/AjaxReportQueryService.js HTTP/1.1" 200 13203
180.162.232.172 - - [14/Jun/2020:10:16:04 +0800] "GET /xingrg/dwr/interface/AjaxQqpsService.js HTTP/1.1" 200 16326
180.162.232.172 - - [14/Jun/2020:10:16:04 +0800] "GET /xingrg/dwr/engine.js HTTP/1.1" 200 43631
116.230.77.149 - - [14/Jun/2020:10:16:05 +0800] "GET /xingrg/all/function/internal_message.html?_=1592100101886&CODE_STATE=getMsg HTTP/1.1" 200 27
180.175.214.200 - - [14/Jun/2020:10:16:05 +0800] "POST /xingrg/kc/buy/cgsh_order_operate.html HTTP/1.1" 200 12
180.175.214.200 - - [14/Jun/2020:10:16:06 +0800] "GET /xingrg/kc/buy/cgsh_order_info.html?code=212020061405396 HTTP/1.1" 200 53848
114.88.170.9 - - [14/Jun/2020:10:16:07 +0800] "GET /xingrg/kc/buy/cgsh_order_add.html HTTP/1.1" 200 59021
180.175.214.200 - - [14/Jun/2020:10:16:07 +0800] "GET /xingrg/javascript/easyui/themes/default/validatebox.css HTTP/1.1" 404 1104
180.175.214.200 - - [14/Jun/2020:10:16:07 +0800] "POST /xingrg/kc/buy/cgsh_order_operate.html HTTP/1.1" 200 609
114.88.170.9 - - [14/Jun/2020:10:16:07 +0800] "POST /xingrg/kc/buy/cgsh_order_operate.html HTTP/1.1" 200 8245
114.88.170.9 - - [14/Jun/2020:10:16:07 +0800] "GET /xingrg/javascript/easyui/themes/default/validatebox.css HTTP/1.1" 404 1104
114.84.151.157 - - [14/Jun/2020:10:16:07 +0800] "POST /xingrg/system/rest/edit_item.html HTTP/1.1" 200 4
114.84.151.157 - - [14/Jun/2020:10:16:07 +0800] "GET /xingrg/system/rest/get_item.html?table=menu&target=cook_mode&id=2037&_=1592100967034 HTTP/1.1" 200 1944
180.175.214.200 - - [14/Jun/2020:10:16:08 +0800] "GET /xingrg/kc/print/load_config.html?kc_code=cgsh HTTP/1.1" 200 1845
180.175.214.200 - - [14/Jun/2020:10:16:08 +0800] "GET /xingrg/kc/print/load_data.html?order_code=212020061405396&kc_code=cgsh&condition= HTTP/1.1" 200 702
172.17.0.100 - - [14/Jun/2020:10:16:09 +0800] "GET /xingrg/all/function/internal_message.html?_=1592100976258&CODE_STATE=getMsg HTTP/1.1" 200 27
116.230.77.149 - - [14/Jun/2020:10:16:10 +0800] "GET /xingrg/system/rest/query_items.html?_=1592100106871&table=menu&page=1&rows=20&categoryId=&key=xbc HTTP/1.1" 200 3839
114.84.32.201 - - [14/Jun/2020:10:16:11 +0800] "GET /xingrg/check_reg.html?_=1592100971548 HTTP/1.1" 200 22
114.84.32.201 - - [14/Jun/2020:10:16:11 +0800] "GET /xingrg/all/function/internal_message.html?_=1592100971555&CODE_STATE=getMsg HTTP/1.1" 200 27
114.84.151.157 - - [14/Jun/2020:10:16:12 +0800] "POST /xingrg/system/rest/edit_item.html HTTP/1.1" 200 4
114.84.151.157 - - [14/Jun/2020:10:16:12 +0800] "GET /xingrg/system/rest/get_item.html?table=menu&target=cook_mode&id=2037&_=1592100971239 HTTP/1.1" 200 2111
116.230.77.149 - - [14/Jun/2020:10:16:14 +0800] "GET /xingrg/system/rest/get_item.html?table=menu&id=1931&_=1592100110351 HTTP/1.1" 200 944
116.230.77.149 - - [14/Jun/2020:10:16:14 +0800] "GET /xingrg/system/rest/get_item.html?table=menu&target=menu_rest&id=1931&_=1592100110372 HTTP/1.1" 200 886
116.230.77.149 - - [14/Jun/2020:10:16:14 +0800] "GET /xingrg/system/rest/get_item.html?table=menu&target=cook_mode&id=1931&_=1592100110369 HTTP/1.1" 200 17346
114.86.227.175 - - [14/Jun/2020:10:16:14 +0800] "GET /xingrg/all/function/internal_message.html?_=1592101080281&CODE_STATE=getMsg HTTP/1.1" 200 27
114.84.32.201 - - [14/Jun/2020:10:16:14 +0800] "POST /xingrg/system/rest/edit_item.html HTTP/1.1" 200 4
114.84.32.201 - - [14/Jun/2020:10:16:14 +0800] "GET /xingrg/system/rest/get_item.html?table=menu&target=menu_rest&id=2084&_=1592100974573 HTTP/1.1" 200 1143
180.175.214.200 - - [14/Jun/2020:10:16:15 +0800] "GET /xingrg/kc/buy/cgsh_order_add.html HTTP/1.1" 200 58939
114.88.170.9 - - [14/Jun/2020:10:16:15 +0800] "GET /xingrg/kc/buy/cgsh_order_operate.html?command=get_materiel&rest_code=00111&code=00101002027&supplier_code=00100199&order_time=2020-06-14 HTTP/1.1" 200 433
180.175.214.200 - - [14/Jun/2020:10:16:15 +0800] "POST /xingrg/kc/buy/cgsh_order_operate.html HTTP/1.1" 200 8245
180.175.214.200 - - [14/Jun/2020:10:16:15 +0800] "GET /xingrg/javascript/easyui/themes/default/validatebox.css HTTP/1.1" 404 1104
172.17.0.240 - - [14/Jun/2020:10:16:15 +0800] "GET /xingrg/all/function/internal_message.html?_=1592100974029&CODE_STATE=getMsg HTTP/1.1" 200 27
116.230.77.149 - - [14/Jun/2020:10:16:16 +0800] "GET /xingrg/system/rest/get_infos.html?command=menu_img_show&id=1931 HTTP/1.1" 200 5
114.84.151.157 - - [14/Jun/2020:10:16:17 +0800] "POST /xingrg/system/rest/edit_item.html HTTP/1.1" 200 4
114.84.151.157 - - [14/Jun/2020:10:16:17 +0800] "GET /xingrg/system/rest/get_item.html?table=menu&target=cook_mode&id=2037&_=1592100976732 HTTP/1.1" 200 2275
117.184.7.26 - - [14/Jun/2020:10:16:20 +0800] "GET /xingrg/login.html HTTP/1.1" 200 7641
116.230.77.149 - - [14/Jun/2020:10:16:21 +0800] "GET /xingrg/system/rest/get_item.html?table=menu&target=menu_rest_detail&id=1931&sid=6&_=1592100117364 HTTP/1.1" 200 434
114.88.170.9 - - [14/Jun/2020:10:16:21 +0800] "GET /xingrg/all/function/internal_message.html?_=1592100975031&CODE_STATE=getMsg HTTP/1.1" 200 27
114.88.170.9 - - [14/Jun/2020:10:16:21 +0800] "GET /xingrg/kc/buy/cgsh_order_operate.html?command=get_materiel&rest_code=00111&code=00101002006&supplier_code=00100199&order_time=2020-06-14 HTTP/1.1" 200 414
114.84.151.157 - - [14/Jun/2020:10:16:21 +0800] "POST /xingrg/system/rest/edit_item.html HTTP/1.1" 200 4
114.84.151.157 - - [14/Jun/2020:10:16:21 +0800] "GET /xingrg/system/rest/get_item.html?table=menu&target=cook_mode&id=2037&_=1592100981065 HTTP/1.1" 200 2443
117.184.7.26 - - [14/Jun/2020:10:16:22 +0800] "GET /favicon.ico HTTP/1.1" 404 -
180.175.214.200 - - [14/Jun/2020:10:16:22 +0800] "GET /xingrg/all/function/internal_message.html?_=1592100981800&CODE_STATE=getMsg HTTP/1.1" 200 27
114.84.32.201 - - [14/Jun/2020:10:16:22 +0800] "GET /xingrg/system/rest/query_items.html?_=1592100982634&table=menu&page=1&rows=20&categoryId=&key=1931 HTTP/1.1" 200 255
114.84.32.201 - - [14/Jun/2020:10:16:24 +0800] "GET /xingrg/system/rest/get_item.html?table=menu&id=1931&_=1592100984065 HTTP/1.1" 200 944
114.84.32.201 - - [14/Jun/2020:10:16:24 +0800] "GET /xingrg/system/rest/get_item.html?table=menu&target=menu_rest&id=1931&_=1592100984082 HTTP/1.1" 200 886
114.84.32.201 - - [14/Jun/2020:10:16:24 +0800] "GET /xingrg/system/rest/get_item.html?table=menu&target=cook_mode&id=1931&_=1592100984082 HTTP/1.1" 200 17346
180.175.214.200 - - [14/Jun/2020:10:16:24 +0800] "GET /xingrg/all/function/internal_message.html?_=1592101188704&CODE_STATE=getMsg HTTP/1.1" 200 27
222.69.130.218 - - [14/Jun/2020:10:16:24 +0800] "GET /xingrg/all/function/internal_message.html?_=1592100984379&CODE_STATE=getMsg HTTP/1.1" 200 27
114.84.32.201 - - [14/Jun/2020:10:16:24 +0800] "GET /xingrg/system/rest/get_infos.html?command=menu_img_show&id=1931 HTTP/1.1" 200 5
180.162.232.172 - - [14/Jun/2020:10:16:28 +0800] "GET /xingrg/all/function/internal_message.html?_=1592100987673&CODE_STATE=getMsg HTTP/1.1" 200 27
114.84.32.201 - - [14/Jun/2020:10:16:29 +0800] "GET /xingrg/system/rest/get_item.html?table=menu&target=menu_rest_detail&id=1931&sid=12&_=1592100988956 HTTP/1.1" 200 439
116.230.77.149 - - [14/Jun/2020:10:16:29 +0800] "POST /xingrg/system/rest/edit_item.html HTTP/1.1" 200 4
116.230.77.149 - - [14/Jun/2020:10:16:29 +0800] "GET /xingrg/system/rest/get_item.html?table=menu&target=menu_rest&id=1931&_=1592100125812 HTTP/1.1" 200 886
172.17.200.101 - - [14/Jun/2020:10:16:33 +0800] "GET /xingrg/all/function/internal_message.html?_=1592100994036&CODE_STATE=getMsg HTTP/1.1" 200 27
172.17.200.101 - - [14/Jun/2020:10:16:33 +0800] "GET /xingrg/check_reg.html?_=1592100994039 HTTP/1.1" 200 22
114.86.190.97 - - [14/Jun/2020:10:16:37 +0800] "GET /xingrg/all/function/internal_message.html?_=1592100997170&CODE_STATE=getMsg HTTP/1.1" 200 27
114.88.170.9 - - [14/Jun/2020:10:16:39 +0800] "POST /xingrg/kc/buy/cgsh_order_operate.html HTTP/1.1" 200 37
114.84.32.201 - - [14/Jun/2020:10:16:40 +0800] "POST /xingrg/system/rest/edit_item.html HTTP/1.1" 200 4
114.84.32.201 - - [14/Jun/2020:10:16:40 +0800] "GET /xingrg/system/rest/get_item.html?table=menu&target=menu_rest&id=1931&_=1592101000367 HTTP/1.1" 200 886
