101.228.167.227 - - [12/Jun/2020:10:38:59 +0800] "GET /xingrg/check_reg.html?_=1591929542391 HTTP/1.1" 200 22
117.131.5.26 - - [12/Jun/2020:10:39:00 +0800] "GET /xingrg/all/function/internal_message.html?_=1591929904292&CODE_STATE=getMsg HTTP/1.1" 200 27
101.228.167.227 - - [12/Jun/2020:10:39:00 +0800] "GET /xingrg/all/function/internal_message.html?_=1591929543343&CODE_STATE=getMsg HTTP/1.1" 200 27
180.162.232.172 - - [12/Jun/2020:10:39:00 +0800] "GET /xingrg/check_reg.html?_=1591929675341 HTTP/1.1" 200 22
180.162.232.172 - - [12/Jun/2020:10:39:00 +0800] "GET /xingrg/all/function/internal_message.html?_=1591929675520&CODE_STATE=getMsg HTTP/1.1" 200 27
116.230.77.149 - - [12/Jun/2020:10:39:02 +0800] "GET /xingrg/kc/buy/cgsh_order_operate.html?command=get_materiel&rest_code=00107&code=00101008085&supplier_code=00100006&order_time=2020-06-12 HTTP/1.1" 200 412
101.228.167.227 - - [12/Jun/2020:10:39:03 +0800] "GET /xingrg/kc/buy/cgsh_order_operate.html?command=get_materiel&rest_code=00146&code=00101008350&supplier_code=00100005&order_time=2020-06-12 HTTP/1.1" 200 408
116.232.51.17 - - [12/Jun/2020:10:39:04 +0800] "GET /xingrg/all/function/internal_message.html?_=1591929619314&CODE_STATE=getMsg HTTP/1.1" 200 27
172.17.0.123 - - [12/Jun/2020:10:39:04 +0800] "GET /xingrg/system/rest/get_item.html?table=menu&isAdd=1&_=1591929515940 HTTP/1.1" 200 22
172.17.0.123 - - [12/Jun/2020:10:39:04 +0800] "GET /xingrg/javascript/jquery_easy_ui/themes/default/images/validatebox_warning.png HTTP/1.1" 200 921
172.17.0.123 - - [12/Jun/2020:10:39:04 +0800] "GET /xingrg/javascript/jquery_easy_ui/themes/default/images/validatebox_pointer.gif HTTP/1.1" 200 82
120.253.135.82 - - [12/Jun/2020:10:39:04 +0800] "GET /xingrg/kc/base/wldb_order_operate.html?command=get_materiel&rest_code=00101&base_code=0010246&code=00101033006 HTTP/1.1" 200 437
114.86.190.97 - - [12/Jun/2020:10:39:05 +0800] "GET /xingrg/all/function/internal_message.html?_=1591929544571&CODE_STATE=getMsg HTTP/1.1" 200 27
117.184.7.26 - - [12/Jun/2020:10:39:06 +0800] "GET /xingrg/kc/buy/cgsh_order_operate.html?command=get_materiel&rest_code=00108&code=00101008264&supplier_code=00100008&order_time=2020-06-12 HTTP/1.1" 200 412
117.185.32.26 - - [12/Jun/2020:10:39:07 +0800] "GET /xingrg/kc/buy/cgsh_order_info.html?code=212020061204528 HTTP/1.1" 200 53867
180.162.102.27 - - [12/Jun/2020:10:39:07 +0800] "GET /xingrg/all/function/internal_message.html?_=1591929523585&CODE_STATE=getMsg HTTP/1.1" 200 27
117.185.32.26 - - [12/Jun/2020:10:39:07 +0800] "GET /xingrg/javascript/easyui/themes/default/validatebox.css HTTP/1.1" 404 1104
117.185.32.26 - - [12/Jun/2020:10:39:08 +0800] "POST /xingrg/kc/buy/cgsh_order_operate.html HTTP/1.1" 200 1205
117.185.32.26 - - [12/Jun/2020:10:39:08 +0800] "GET /xingrg/all/function/internal_message.html?_=1591929543065&CODE_STATE=getMsg HTTP/1.1" 200 27
117.185.32.26 - - [12/Jun/2020:10:39:10 +0800] "GET /xingrg/kc/print/load_data.html?order_code=212020061204528&kc_code=cgsh&condition= HTTP/1.1" 200 967
114.84.32.201 - - [12/Jun/2020:10:39:14 +0800] "GET /xingrg/all/function/internal_message.html?_=1591929549997&CODE_STATE=getMsg HTTP/1.1" 200 27
116.230.77.149 - - [12/Jun/2020:10:39:14 +0800] "GET /xingrg/kc/buy/cgsh_order_operate.html?command=get_materiel&rest_code=00107&code=00101008264&supplier_code=00100006&order_time=2020-06-12 HTTP/1.1" 200 412
172.17.0.103 - - [12/Jun/2020:10:39:15 +0800] "GET /xingrg/all/function/internal_message.html?_=1591929553414&CODE_STATE=getMsg HTTP/1.1" 200 27
117.185.32.26 - - [12/Jun/2020:10:39:15 +0800] "GET /xingrg/kc/print/load_data.html?order_code=212020061204528&kc_code=cgsh HTTP/1.1" 200 967
222.69.139.59 - - [12/Jun/2020:10:39:16 +0800] "GET /xingrg/all/function/internal_message.html?_=1591929548528&CODE_STATE=getMsg HTTP/1.1" 200 27
101.228.167.227 - - [12/Jun/2020:10:39:16 +0800] "GET /xingrg/kc/buy/cgsh_order_operate.html?command=get_materiel&rest_code=00146&code=00101008123&supplier_code=00100005&order_time=2020-06-12 HTTP/1.1" 200 412
117.131.5.26 - - [12/Jun/2020:10:39:18 +0800] "POST /xingrg/services/DataTransmitService HTTP/1.1" 200 524
114.86.190.97 - - [12/Jun/2020:10:39:19 +0800] "GET /xingrg/all/function/internal_message.html?_=1591929561626&CODE_STATE=getMsg HTTP/1.1" 200 27
117.131.5.26 - - [12/Jun/2020:10:39:21 +0800] "POST /xingrg/services/DataTransmitService HTTP/1.1" 200 501
116.230.77.149 - - [12/Jun/2020:10:39:21 +0800] "GET /xingrg/all/function/internal_message.html?_=1591929554948&CODE_STATE=getMsg HTTP/1.1" 200 27
101.228.167.227 - - [12/Jun/2020:10:39:21 +0800] "POST /xingrg/kc/buy/cgsh_order_operate.html HTTP/1.1" 200 2065
172.17.0.185 - - [12/Jun/2020:10:39:21 +0800] "GET /xingrg/all/function/internal_message.html?_=1591929559088&CODE_STATE=getMsg HTTP/1.1" 200 27
101.228.167.227 - - [12/Jun/2020:10:39:24 +0800] "GET /xingrg/kc/buy/cgsh_order_operate.html?command=get_materiel&rest_code=00146&code=00101008223&supplier_code=00100005&order_time=2020-06-12 HTTP/1.1" 200 412
120.253.135.82 - - [12/Jun/2020:10:39:25 +0800] "GET /xingrg/kc/base/wldb_order_operate.html?command=get_materiel&rest_code=00101&base_code=0010246&code=00101033008 HTTP/1.1" 200 423
116.230.77.149 - - [12/Jun/2020:10:39:25 +0800] "GET /xingrg/kc/buy/cgsh_order_operate.html?command=get_materiel&rest_code=00107&code=00101013130&supplier_code=00100006&order_time=2020-06-12 HTTP/1.1" 200 412
117.131.5.26 - - [12/Jun/2020:10:39:28 +0800] "GET /xingrg/all/function/internal_message.html?_=1591929587133&CODE_STATE=getMsg HTTP/1.1" 200 27
117.184.7.30 - - [12/Jun/2020:10:39:28 +0800] "GET /xingrg/kc/buy/cgsh_order_operate.html?command=get_materiel&rest_code=00108&code=00101008024&supplier_code=00100008&order_time=2020-06-12 HTTP/1.1" 200 408
101.228.167.227 - - [12/Jun/2020:10:39:30 +0800] "GET /xingrg/check_reg.html?_=1591929574121 HTTP/1.1" 200 22
101.228.167.227 - - [12/Jun/2020:10:39:32 +0800] "GET /xingrg/all/function/internal_message.html?_=1591929575831&CODE_STATE=getMsg HTTP/1.1" 200 27
172.17.0.123 - - [12/Jun/2020:10:39:32 +0800] "POST /xingrg/dwr/call/plaincall/AjaxGetFirstChart.getFirstChart.dwr HTTP/1.1" 200 77
172.17.0.123 - - [12/Jun/2020:10:39:32 +0800] "POST /xingrg/dwr/call/plaincall/AjaxGetFirstChart.getFirstChart.dwr HTTP/1.1" 200 78
172.17.0.123 - - [12/Jun/2020:10:39:33 +0800] "POST /xingrg/dwr/call/plaincall/AjaxGetFirstChart.getFirstChart.dwr HTTP/1.1" 200 79
172.17.0.123 - - [12/Jun/2020:10:39:33 +0800] "POST /xingrg/dwr/call/plaincall/AjaxGetFirstChart.getFirstChart.dwr HTTP/1.1" 200 80
101.228.167.227 - - [12/Jun/2020:10:39:33 +0800] "GET /xingrg/kc/buy/cgsh_order_operate.html?command=get_materiel&rest_code=00146&code=00101008175&supplier_code=00100005&order_time=2020-06-12 HTTP/1.1" 200 412
117.185.32.26 - - [12/Jun/2020:10:39:33 +0800] "GET /xingrg/kc/buy/cgsh_order_add.html HTTP/1.1" 200 58964
172.17.0.123 - - [12/Jun/2020:10:39:33 +0800] "POST /xingrg/dwr/call/plaincall/AjaxGetFirstChart.getFirstChart.dwr HTTP/1.1" 200 83
172.17.0.123 - - [12/Jun/2020:10:39:33 +0800] "POST /xingrg/dwr/call/plaincall/AjaxGetFirstChart.getFirstChart.dwr HTTP/1.1" 200 83
172.17.0.123 - - [12/Jun/2020:10:39:33 +0800] "POST /xingrg/dwr/call/plaincall/AjaxGetFirstChart.getFirstChart.dwr HTTP/1.1" 200 83
172.17.0.123 - - [12/Jun/2020:10:39:33 +0800] "POST /xingrg/dwr/call/plaincall/AjaxGetFirstChart.getFirstChart.dwr HTTP/1.1" 200 79
172.17.0.123 - - [12/Jun/2020:10:39:34 +0800] "POST /xingrg/dwr/call/plaincall/AjaxGetFirstChart.getFirstChart.dwr HTTP/1.1" 200 78
117.185.32.26 - - [12/Jun/2020:10:39:34 +0800] "GET /xingrg/javascript/easyui/themes/default/validatebox.css HTTP/1.1" 404 1104
117.185.32.26 - - [12/Jun/2020:10:39:34 +0800] "POST /xingrg/kc/buy/cgsh_order_operate.html HTTP/1.1" 200 8245
172.17.0.123 - - [12/Jun/2020:10:39:34 +0800] "POST /xingrg/dwr/call/plaincall/AjaxGetFirstChart.getFirstChart.dwr HTTP/1.1" 200 77
172.17.0.123 - - [12/Jun/2020:10:39:34 +0800] "POST /xingrg/dwr/call/plaincall/AjaxGetFirstChart.getFirstChart.dwr HTTP/1.1" 200 77
172.17.0.123 - - [12/Jun/2020:10:39:34 +0800] "POST /xingrg/dwr/call/plaincall/AjaxGetFirstChart.getFirstChart.dwr HTTP/1.1" 200 78
172.17.0.123 - - [12/Jun/2020:10:39:34 +0800] "POST /xingrg/dwr/call/plaincall/AjaxGetFirstChart.getFirstChart.dwr HTTP/1.1" 200 78
172.17.0.123 - - [12/Jun/2020:10:39:34 +0800] "POST /xingrg/dwr/call/plaincall/AjaxGetFirstChart.getFirstChart.dwr HTTP/1.1" 200 79
117.185.32.26 - - [12/Jun/2020:10:39:35 +0800] "GET /xingrg/javascript/easyui/themes/default/tree.css HTTP/1.1" 404 1090
117.185.32.26 - - [12/Jun/2020:10:39:35 +0800] "POST /xingrg/all/common/load_tree.html?tree=supplier_tree_json&isDelete=1 HTTP/1.1" 200 48930
172.17.0.123 - - [12/Jun/2020:10:39:35 +0800] "POST /xingrg/dwr/call/plaincall/AjaxGetFirstChart.getFirstChart.dwr HTTP/1.1" 200 80
172.17.0.123 - - [12/Jun/2020:10:39:35 +0800] "POST /xingrg/dwr/call/plaincall/AjaxGetFirstChart.getFirstChart.dwr HTTP/1.1" 200 82
172.17.0.123 - - [12/Jun/2020:10:39:35 +0800] "POST /xingrg/dwr/call/plaincall/AjaxGetFirstChart.getFirstChart.dwr HTTP/1.1" 200 83
172.17.0.123 - - [12/Jun/2020:10:39:35 +0800] "POST /xingrg/dwr/call/plaincall/AjaxGetFirstChart.getFirstChart.dwr HTTP/1.1" 200 85
172.17.0.123 - - [12/Jun/2020:10:39:35 +0800] "POST /xingrg/dwr/call/plaincall/AjaxGetFirstChart.getFirstChart.dwr HTTP/1.1" 200 85
172.17.0.123 - - [12/Jun/2020:10:39:35 +0800] "POST /xingrg/dwr/call/plaincall/AjaxGetFirstChart.getFirstChart.dwr HTTP/1.1" 200 85
172.17.0.123 - - [12/Jun/2020:10:39:36 +0800] "POST /xingrg/dwr/call/plaincall/AjaxGetFirstChart.getFirstChart.dwr HTTP/1.1" 200 80
116.230.77.149 - - [12/Jun/2020:10:39:36 +0800] "GET /xingrg/kc/buy/cgsh_order_operate.html?command=get_materiel&rest_code=00107&code=00101008106&supplier_code=00100006&order_time=2020-06-12 HTTP/1.1" 200 413
180.175.214.200 - - [12/Jun/2020:10:39:37 +0800] "GET /xingrg/all/function/internal_message.html?_=1591929580328&CODE_STATE=getMsg HTTP/1.1" 200 27
117.184.7.30 - - [12/Jun/2020:10:39:38 +0800] "GET /xingrg/kc/buy/cgsh_order_operate.html?command=get_materiel&rest_code=00108&code=00101008161&supplier_code=00100008&order_time=2020-06-12 HTTP/1.1" 200 409
117.185.32.26 - - [12/Jun/2020:10:39:40 +0800] "GET /xingrg/all/function/internal_message.html?_=1591929999156&CODE_STATE=getMsg HTTP/1.1" 200 27
117.185.32.26 - - [12/Jun/2020:10:39:43 +0800] "GET /xingrg/kc/buy/cgsh_order_operate.html?command=get_materiel&rest_code=00106&code=00101008146&supplier_code=00100009&order_time=2020-06-12 HTTP/1.1" 200 417
114.84.151.157 - - [12/Jun/2020:10:39:46 +0800] "GET /xingrg/all/function/internal_message.html?_=1591929584370&CODE_STATE=getMsg HTTP/1.1" 200 27
116.230.77.149 - - [12/Jun/2020:10:39:47 +0800] "GET /xingrg/kc/buy/cgsh_order_operate.html?command=get_materiel&rest_code=00107&code=00101008004&supplier_code=00100006&order_time=2020-06-12 HTTP/1.1" 200 416
117.184.7.26 - - [12/Jun/2020:10:39:48 +0800] "GET /xingrg/kc/buy/cgsh_order_operate.html?command=get_materiel&rest_code=00108&code=00101008077&supplier_code=00100008&order_time=2020-06-12 HTTP/1.1" 200 416
172.17.0.123 - - [12/Jun/2020:10:39:48 +0800] "GET /xingrg/all/function/internal_message.html?_=1591929560138&CODE_STATE=getMsg HTTP/1.1" 200 27
120.253.135.82 - - [12/Jun/2020:10:39:48 +0800] "POST /xingrg/kc/base/wldb_order_operate.html HTTP/1.1" 200 37
120.253.135.82 - - [12/Jun/2020:10:39:49 +0800] "POST /xingrg/kc/base/wldb_order_operate.html HTTP/1.1" 200 5145
117.184.7.30 - - [12/Jun/2020:10:39:49 +0800] "GET /xingrg/all/function/internal_message.html?_=1591930259834&CODE_STATE=getMsg HTTP/1.1" 200 27
120.253.135.82 - - [12/Jun/2020:10:39:49 +0800] "GET /xingrg/kc/base/wldb_order_info.html?code=422020061201249 HTTP/1.1" 200 30330
117.184.7.26 - - [12/Jun/2020:10:39:49 +0800] "GET /xingrg/all/function/internal_message.html?_=1591929578931&CODE_STATE=getMsg HTTP/1.1" 200 27
120.253.135.82 - - [12/Jun/2020:10:39:50 +0800] "GET /xingrg/javascript/easyui/themes/default/validatebox.css HTTP/1.1" 404 1104
120.253.135.82 - - [12/Jun/2020:10:39:50 +0800] "POST /xingrg/kc/base/wldb_order_operate.html HTTP/1.1" 200 5145
117.184.7.26 - - [12/Jun/2020:10:39:51 +0800] "GET /xingrg/all/function/internal_message.html?_=1591929582500&CODE_STATE=getMsg HTTP/1.1" 200 27
101.228.167.227 - - [12/Jun/2020:10:39:52 +0800] "GET /xingrg/kc/buy/cgsh_order_operate.html?command=get_materiel&rest_code=00146&code=00101009030&supplier_code=00100005&order_time=2020-06-12 HTTP/1.1" 200 412
117.185.32.26 - - [12/Jun/2020:10:39:52 +0800] "GET /xingrg/kc/buy/cgsh_order_operate.html?command=get_materiel&rest_code=00106&code=00101008134&supplier_code=00100009&order_time=2020-06-12 HTTP/1.1" 200 415
222.69.139.59 - - [12/Jun/2020:10:39:52 +0800] "GET /xingrg/all/function/internal_message.html?_=1591929445170&CODE_STATE=getMsg HTTP/1.1" 200 27
117.184.7.26 - - [12/Jun/2020:10:39:55 +0800] "GET /xingrg/kc/buy/cgsh_order_operate.html?command=get_materiel&rest_code=00108&code=00101008230&supplier_code=00100008&order_time=2020-06-12 HTTP/1.1" 200 408
172.17.0.120 - - [12/Jun/2020:10:39:56 +0800] "GET /xingrg/all/function/internal_message.html?_=1591929593721&CODE_STATE=getMsg HTTP/1.1" 200 27
116.230.77.149 - - [12/Jun/2020:10:39:56 +0800] "GET /xingrg/kc/buy/cgsh_order_operate.html?command=get_materiel&rest_code=00107&code=00101008223&supplier_code=00100006&order_time=2020-06-12 HTTP/1.1" 200 414
114.88.170.9 - - [12/Jun/2020:10:39:56 +0800] "GET /xingrg/all/function/internal_message.html?_=1591929600975&CODE_STATE=getMsg HTTP/1.1" 200 27
180.175.214.200 - - [12/Jun/2020:10:39:59 +0800] "GET /xingrg/all/function/internal_message.html?_=1591929803015&CODE_STATE=getMsg HTTP/1.1" 200 27
117.131.5.26 - - [12/Jun/2020:10:40:00 +0800] "GET /xingrg/all/function/internal_message.html?_=1591929964291&CODE_STATE=getMsg HTTP/1.1" 200 27
117.131.5.26 - - [12/Jun/2020:10:40:00 +0800] "GET /xingrg/check_reg.html?_=1591929964293 HTTP/1.1" 200 22
101.228.167.227 - - [12/Jun/2020:10:40:00 +0800] "GET /xingrg/all/function/internal_message.html?_=1591929603354&CODE_STATE=getMsg HTTP/1.1" 200 27
180.162.232.172 - - [12/Jun/2020:10:40:00 +0800] "GET /xingrg/all/function/internal_message.html?_=1591929735533&CODE_STATE=getMsg HTTP/1.1" 200 27
101.228.167.227 - - [12/Jun/2020:10:40:02 +0800] "POST /xingrg/kc/buy/cgsh_order_operate.html HTTP/1.1" 200 2065
117.185.32.26 - - [12/Jun/2020:10:40:03 +0800] "POST /xingrg/kc/buy/cgsh_order_operate.html HTTP/1.1" 200 37
116.232.51.17 - - [12/Jun/2020:10:40:03 +0800] "GET /xingrg/all/function/internal_message.html?_=1591929679312&CODE_STATE=getMsg HTTP/1.1" 200 27
114.84.32.201 - - [12/Jun/2020:10:40:04 +0800] "GET /xingrg/check_reg.html?_=1591929599679 HTTP/1.1" 200 22
117.185.32.26 - - [12/Jun/2020:10:40:04 +0800] "POST /xingrg/kc/buy/cgsh_order_operate.html HTTP/1.1" 200 12
114.84.32.201 - - [12/Jun/2020:10:40:05 +0800] "GET /xingrg/check_reg.html?_=1591929600474 HTTP/1.1" 200 22
117.185.32.26 - - [12/Jun/2020:10:40:05 +0800] "GET /xingrg/kc/buy/cgsh_order_info.html?code=212020061204529 HTTP/1.1" 200 53873
114.86.190.97 - - [12/Jun/2020:10:40:05 +0800] "GET /xingrg/all/function/internal_message.html?_=1591929604560&CODE_STATE=getMsg HTTP/1.1" 200 27
114.86.190.97 - - [12/Jun/2020:10:40:05 +0800] "GET /xingrg/check_reg.html?_=1591929604563 HTTP/1.1" 200 22
117.185.32.26 - - [12/Jun/2020:10:40:06 +0800] "GET /xingrg/javascript/easyui/themes/default/validatebox.css HTTP/1.1" 404 1104
117.185.32.26 - - [12/Jun/2020:10:40:06 +0800] "POST /xingrg/kc/buy/cgsh_order_operate.html HTTP/1.1" 200 1206
117.185.32.26 - - [12/Jun/2020:10:40:07 +0800] "GET /xingrg/kc/print/load_data.html?order_code=212020061204529&kc_code=cgsh&condition= HTTP/1.1" 200 1009
180.162.102.27 - - [12/Jun/2020:10:40:07 +0800] "GET /xingrg/all/function/internal_message.html?_=1591929583584&CODE_STATE=getMsg HTTP/1.1" 200 27
101.228.167.227 - - [12/Jun/2020:10:40:07 +0800] "GET /xingrg/kc/buy/cgsh_order_operate.html?command=get_materiel&rest_code=00146&code=00101008362&supplier_code=00100005&order_time=2020-06-12 HTTP/1.1" 200 408
117.185.32.26 - - [12/Jun/2020:10:40:08 +0800] "GET /xingrg/all/function/internal_message.html?_=1591929603225&CODE_STATE=getMsg HTTP/1.1" 200 27
117.185.32.26 - - [12/Jun/2020:10:40:11 +0800] "GET /xingrg/kc/print/load_data.html?order_code=212020061204529&kc_code=cgsh HTTP/1.1" 200 1009
114.84.32.201 - - [12/Jun/2020:10:40:14 +0800] "GET /xingrg/all/function/internal_message.html?_=1591929609996&CODE_STATE=getMsg HTTP/1.1" 200 27
114.84.32.201 - - [12/Jun/2020:10:40:14 +0800] "GET /xingrg/check_reg.html?_=1591929609998 HTTP/1.1" 200 22
172.17.0.103 - - [12/Jun/2020:10:40:15 +0800] "GET /xingrg/all/function/internal_message.html?_=1591929613412&CODE_STATE=getMsg HTTP/1.1" 200 27
222.69.139.59 - - [12/Jun/2020:10:40:16 +0800] "GET /xingrg/check_reg.html?_=1591929608548 HTTP/1.1" 200 22
222.69.139.59 - - [12/Jun/2020:10:40:16 +0800] "GET /xingrg/all/function/internal_message.html?_=1591929608544&CODE_STATE=getMsg HTTP/1.1" 200 27
114.86.190.97 - - [12/Jun/2020:10:40:19 +0800] "GET /xingrg/all/function/internal_message.html?_=1591929621629&CODE_STATE=getMsg HTTP/1.1" 200 27
114.86.190.97 - - [12/Jun/2020:10:40:19 +0800] "GET /xingrg/check_reg.html?_=1591929621635 HTTP/1.1" 200 22
116.230.77.149 - - [12/Jun/2020:10:40:21 +0800] "GET /xingrg/all/function/internal_message.html?_=1591929614940&CODE_STATE=getMsg HTTP/1.1" 200 27
172.17.0.185 - - [12/Jun/2020:10:40:21 +0800] "GET /xingrg/all/function/internal_message.html?_=1591929619085&CODE_STATE=getMsg HTTP/1.1" 200 27
116.230.77.149 - - [12/Jun/2020:10:40:24 +0800] "GET /xingrg/kc/buy/cgsh_order_operate.html?command=get_materiel&rest_code=00107&code=00101008261&supplier_code=00100006&order_time=2020-06-12 HTTP/1.1" 200 408
101.228.167.227 - - [12/Jun/2020:10:40:24 +0800] "GET /xingrg/kc/buy/cgsh_order_operate.html?command=get_materiel&rest_code=00146&code=00101015026&supplier_code=00100005&order_time=2020-06-12 HTTP/1.1" 200 412
222.69.139.59 - - [12/Jun/2020:10:40:25 +0800] "GET /xingrg/kc/buy/cgsh_order_add.html HTTP/1.1" 200 59011
222.69.139.59 - - [12/Jun/2020:10:40:25 +0800] "GET /xingrg/words/20200611165107_words.js HTTP/1.1" 304 -
222.69.139.59 - - [12/Jun/2020:10:40:25 +0800] "POST /xingrg/kc/buy/cgsh_order_operate.html HTTP/1.1" 200 8245
222.69.139.59 - - [12/Jun/2020:10:40:25 +0800] "GET /xingrg/javascript/easyui/themes/default/validatebox.css HTTP/1.1" 404 1104
183.192.164.214 - - [12/Jun/2020:10:40:27 +0800] "GET /xingrg/kc/print/load_config.html?kc_code=cgsh HTTP/1.1" 302 -
117.184.7.30 - - [12/Jun/2020:10:40:27 +0800] "POST /xingrg/kc/buy/cgsh_order_operate.html HTTP/1.1" 200 2065
117.131.5.26 - - [12/Jun/2020:10:40:28 +0800] "GET /xingrg/all/function/internal_message.html?_=1591929647133&CODE_STATE=getMsg HTTP/1.1" 200 27
101.228.167.227 - - [12/Jun/2020:10:40:32 +0800] "GET /xingrg/all/function/internal_message.html?_=1591929635844&CODE_STATE=getMsg HTTP/1.1" 200 27
183.192.164.214 - - [12/Jun/2020:10:40:32 +0800] "GET /xingrg/login.html HTTP/1.1" 200 7641
117.184.7.30 - - [12/Jun/2020:10:40:32 +0800] "GET /xingrg/kc/buy/cgsh_order_operate.html?command=get_materiel&rest_code=00108&code=00101008286&supplier_code=00100008&order_time=2020-06-12 HTTP/1.1" 200 408
120.253.135.82 - - [12/Jun/2020:10:40:37 +0800] "GET /xingrg/check_reg.html?_=1591929391668 HTTP/1.1" 200 22
116.230.77.149 - - [12/Jun/2020:10:40:37 +0800] "GET /xingrg/kc/buy/cgsh_order_operate.html?command=get_materiel&rest_code=00107&code=00101008072&supplier_code=00100006&order_time=2020-06-12 HTTP/1.1" 200 408
180.175.214.200 - - [12/Jun/2020:10:40:37 +0800] "GET /xingrg/all/function/internal_message.html?_=1591929640344&CODE_STATE=getMsg HTTP/1.1" 200 27
61.172.5.115 - - [12/Jun/2020:10:40:38 +0800] "GET /xingrg/check_reg.html?_=1591929638481 HTTP/1.1" 200 22
101.228.167.227 - - [12/Jun/2020:10:40:38 +0800] "GET /xingrg/kc/buy/cgsh_order_operate.html?command=get_materiel&rest_code=00146&code=00101015062&supplier_code=00100005&order_time=2020-06-12 HTTP/1.1" 200 412
117.185.32.26 - - [12/Jun/2020:10:40:40 +0800] "GET /xingrg/all/function/internal_message.html?_=1591930059181&CODE_STATE=getMsg HTTP/1.1" 200 27
117.184.7.30 - - [12/Jun/2020:10:40:45 +0800] "GET /xingrg/kc/buy/cgsh_order_operate.html?command=get_materiel&rest_code=00108&code=00101008036&supplier_code=00100008&order_time=2020-06-12 HTTP/1.1" 200 408
222.69.139.59 - - [12/Jun/2020:10:40:45 +0800] "GET /xingrg/kc/buy/cgsh_order_operate.html?command=get_materiel&rest_code=00149&code=00101010348&supplier_code=00100036&order_time=2020-06-12 HTTP/1.1" 200 417
101.228.167.227 - - [12/Jun/2020:10:40:46 +0800] "GET /xingrg/kc/buy/cgsh_order_operate.html?command=get_materiel&rest_code=00146&code=00101015070&supplier_code=00100005&order_time=2020-06-12 HTTP/1.1" 200 412
116.230.77.149 - - [12/Jun/2020:10:40:47 +0800] "GET /xingrg/kc/buy/cgsh_order_operate.html?command=get_materiel&rest_code=00107&code=00101008126&supplier_code=00100006&order_time=2020-06-12 HTTP/1.1" 200 412
172.17.0.123 - - [12/Jun/2020:10:40:48 +0800] "POST /xingrg/dwr/call/plaincall/AjaxGetFirstChart.getFirstChart.dwr HTTP/1.1" 200 80
172.17.0.123 - - [12/Jun/2020:10:40:48 +0800] "GET /xingrg/all/function/internal_message.html?_=1591929620164&CODE_STATE=getMsg HTTP/1.1" 200 27
101.228.167.227 - - [12/Jun/2020:10:40:48 +0800] "POST /xingrg/kc/buy/cgsh_order_operate.html HTTP/1.1" 200 2065
172.17.0.123 - - [12/Jun/2020:10:40:48 +0800] "POST /xingrg/dwr/call/plaincall/AjaxGetFirstChart.getFirstChart.dwr HTTP/1.1" 200 81
172.17.0.123 - - [12/Jun/2020:10:40:48 +0800] "POST /xingrg/dwr/call/plaincall/AjaxGetFirstChart.getFirstChart.dwr HTTP/1.1" 200 81
117.184.7.30 - - [12/Jun/2020:10:40:49 +0800] "GET /xingrg/all/function/internal_message.html?_=1591930319819&CODE_STATE=getMsg HTTP/1.1" 200 27
117.184.7.26 - - [12/Jun/2020:10:40:49 +0800] "GET /xingrg/all/function/internal_message.html?_=1591929638917&CODE_STATE=getMsg HTTP/1.1" 200 27
172.17.0.123 - - [12/Jun/2020:10:40:50 +0800] "POST /xingrg/system/rest/edit_item.html HTTP/1.1" 200 4
172.17.0.123 - - [12/Jun/2020:10:40:50 +0800] "GET /xingrg/system/rest/get_item.html?table=menu&id=2155&_=1591929622000 HTTP/1.1" 200 921
117.184.7.26 - - [12/Jun/2020:10:40:51 +0800] "GET /xingrg/all/function/internal_message.html?_=1591929642514&CODE_STATE=getMsg HTTP/1.1" 200 27
117.184.7.26 - - [12/Jun/2020:10:40:52 +0800] "GET /xingrg/kc/buy/cgsh_order_operate.html?command=get_materiel&rest_code=00108&code=00101008131&supplier_code=00100008&order_time=2020-06-12 HTTP/1.1" 200 408
222.69.139.59 - - [12/Jun/2020:10:40:52 +0800] "GET /xingrg/check_reg.html?_=1591929505175 HTTP/1.1" 200 22
222.69.139.59 - - [12/Jun/2020:10:40:52 +0800] "GET /xingrg/all/function/internal_message.html?_=1591929505172&CODE_STATE=getMsg HTTP/1.1" 200 27
61.172.5.115 - - [12/Jun/2020:10:40:52 +0800] "GET /xingrg/kc/buy/cgsh_order_operate.html?command=get_materiel&rest_code=00105&code=00101002027&supplier_code=00100397&order_time=2020-06-12 HTTP/1.1" 200 433
101.228.167.227 - - [12/Jun/2020:10:40:55 +0800] "GET /xingrg/kc/buy/cgsh_order_operate.html?command=get_materiel&rest_code=00146&code=00101015032&supplier_code=00100005&order_time=2020-06-12 HTTP/1.1" 200 419
222.69.139.59 - - [12/Jun/2020:10:40:55 +0800] "GET /xingrg/kc/buy/cgsh_order_operate.html?command=get_materiel&rest_code=00149&code=00101012026&supplier_code=00100036&order_time=2020-06-12 HTTP/1.1" 200 408
172.17.0.120 - - [12/Jun/2020:10:40:56 +0800] "GET /xingrg/all/function/internal_message.html?_=1591929653719&CODE_STATE=getMsg HTTP/1.1" 200 27
114.88.170.9 - - [12/Jun/2020:10:40:56 +0800] "GET /xingrg/all/function/internal_message.html?_=1591929660973&CODE_STATE=getMsg HTTP/1.1" 200 27
172.17.0.123 - - [12/Jun/2020:10:40:57 +0800] "GET /xingrg/system/rest/get_infos.html?command=menu_img_show&id=2155 HTTP/1.1" 200 5
172.17.0.123 - - [12/Jun/2020:10:40:57 +0800] "GET /xingrg/system/rest/query_items.html?_=1591929628974&table=menu&page=13&rows=20&categoryId=4&key= HTTP/1.1" 200 4839
120.204.17.70 - - [12/Jun/2020:10:40:58 +0800] "GET /xingrg/all/function/internal_message.html?_=1591928943143&CODE_STATE=getMsg HTTP/1.1" 302 -
180.175.214.200 - - [12/Jun/2020:10:40:59 +0800] "GET /xingrg/all/function/internal_message.html?_=1591929863022&CODE_STATE=getMsg HTTP/1.1" 200 27
117.131.5.26 - - [12/Jun/2020:10:41:00 +0800] "GET /xingrg/all/function/internal_message.html?_=1591930024290&CODE_STATE=getMsg HTTP/1.1" 200 27
101.228.167.227 - - [12/Jun/2020:10:41:00 +0800] "GET /xingrg/all/function/internal_message.html?_=1591929663372&CODE_STATE=getMsg HTTP/1.1" 200 27
172.17.0.123 - - [12/Jun/2020:10:41:00 +0800] "GET /xingrg/system/rest/query_items.html?_=1591929632661&table=menu&page=13&rows=20&categoryId=4&key=%25E7%25BA%25A2%25E9%25BE%2599 HTTP/1.1" 200 471
180.162.232.172 - - [12/Jun/2020:10:41:01 +0800] "GET /xingrg/all/function/internal_message.html?_=1591929795547&CODE_STATE=getMsg HTTP/1.1" 200 27
116.230.77.149 - - [12/Jun/2020:10:41:01 +0800] "GET /xingrg/kc/buy/cgsh_order_operate.html?command=get_materiel&rest_code=00107&code=00101008067&supplier_code=00100006&order_time=2020-06-12 HTTP/1.1" 200 416
172.17.0.123 - - [12/Jun/2020:10:41:01 +0800] "GET /xingrg/system/rest/query_items.html?_=1591929633745&table=menu&page=13&rows=20&categoryId=4&key=%25E7%25BA%25A2%25E9%25BE%2599 HTTP/1.1" 200 471
116.232.51.17 - - [12/Jun/2020:10:41:02 +0800] "GET /xingrg/all/function/internal_message.html?_=1591929739315&CODE_STATE=getMsg HTTP/1.1" 200 27
116.230.77.149 - - [12/Jun/2020:10:41:04 +0800] "POST /xingrg/kc/buy/cgsh_order_operate.html HTTP/1.1" 200 2065
101.228.167.227 - - [12/Jun/2020:10:41:04 +0800] "GET /xingrg/kc/buy/cgsh_order_operate.html?command=get_materiel&rest_code=00146&code=00101015099&supplier_code=00100005&order_time=2020-06-12 HTTP/1.1" 200 396
117.185.32.26 - - [12/Jun/2020:10:41:04 +0800] "GET /xingrg/kc/buy/cgsh_order_add.html HTTP/1.1" 200 58964
172.17.0.123 - - [12/Jun/2020:10:41:05 +0800] "GET /xingrg/system/rest/get_item.html?table=menu&id=2003&_=1591929637106 HTTP/1.1" 200 942
172.17.0.123 - - [12/Jun/2020:10:41:05 +0800] "GET /xingrg/system/rest/get_item.html?table=menu&target=menu_rest&id=2003&_=1591929637152 HTTP/1.1" 200 847
172.17.0.123 - - [12/Jun/2020:10:41:05 +0800] "GET /xingrg/system/rest/get_item.html?table=menu&target=cook_mode&id=2003&_=1591929637152 HTTP/1.1" 200 6768
117.185.32.26 - - [12/Jun/2020:10:41:05 +0800] "POST /xingrg/kc/buy/cgsh_order_operate.html HTTP/1.1" 200 8245
117.185.32.26 - - [12/Jun/2020:10:41:05 +0800] "GET /xingrg/javascript/easyui/themes/default/validatebox.css HTTP/1.1" 404 1104
114.86.190.97 - - [12/Jun/2020:10:41:05 +0800] "GET /xingrg/all/function/internal_message.html?_=1591929664566&CODE_STATE=getMsg HTTP/1.1" 200 27
172.17.0.123 - - [12/Jun/2020:10:41:06 +0800] "GET /xingrg/system/rest/get_infos.html?command=menu_img_show&id=2003 HTTP/1.1" 200 5
117.185.32.26 - - [12/Jun/2020:10:41:06 +0800] "GET /xingrg/javascript/easyui/themes/default/tree.css HTTP/1.1" 404 1090
117.185.32.26 - - [12/Jun/2020:10:41:06 +0800] "POST /xingrg/all/common/load_tree.html?tree=supplier_tree_json&isDelete=1 HTTP/1.1" 200 48930
120.204.17.70 - - [12/Jun/2020:10:41:07 +0800] "GET /xingrg/login.html HTTP/1.1" 200 7641
180.162.102.27 - - [12/Jun/2020:10:41:07 +0800] "GET /xingrg/all/function/internal_message.html?_=1591929643583&CODE_STATE=getMsg HTTP/1.1" 200 27
180.162.102.27 - - [12/Jun/2020:10:41:07 +0800] "GET /xingrg/check_reg.html?_=1591929643585 HTTP/1.1" 200 22
117.185.32.26 - - [12/Jun/2020:10:41:08 +0800] "GET /xingrg/check_reg.html?_=1591929663062 HTTP/1.1" 200 22
117.185.32.26 - - [12/Jun/2020:10:41:09 +0800] "GET /xingrg/all/function/internal_message.html?_=1591929663197&CODE_STATE=getMsg HTTP/1.1" 200 27
172.17.0.185 - - [12/Jun/2020:10:41:11 +0800] "GET /xingrg/all/report/report_query.html?fileName=dma/new_5.0/yingye/order_list.xml HTTP/1.1" 200 55206
172.17.0.185 - - [12/Jun/2020:10:41:11 +0800] "GET /xingrg/dwr/interface/AjaxReportQueryService.js HTTP/1.1" 200 13203
172.17.0.185 - - [12/Jun/2020:10:41:11 +0800] "GET /xingrg/dwr/engine.js HTTP/1.1" 200 43631
172.17.0.185 - - [12/Jun/2020:10:41:12 +0800] "POST /xingrg/dwr/call/plaincall/AjaxReportQueryService.getFixDate.dwr HTTP/1.1" 200 111
172.17.0.185 - - [12/Jun/2020:10:41:12 +0800] "POST /xingrg/all/common/load_tree.html?tree=area_station_tree_json&manage=1 HTTP/1.1" 200 2990
172.17.0.185 - - [12/Jun/2020:10:41:12 +0800] "POST /xingrg/dwr/call/plaincall/AjaxReportQueryService.getInitString.dwr HTTP/1.1" 200 76
120.204.17.73 - - [12/Jun/2020:10:41:12 +0800] "GET /xingrg/kc/buy/cgsh_order_operate.html?command=get_materiel&rest_code=00106&code=00101006144&supplier_code=00100015&order_time=2020-06-12 HTTP/1.1" 302 -
172.17.0.185 - - [12/Jun/2020:10:41:13 +0800] "GET /xingrg/javascript/jquery_easy_ui/themes/default/images/button_span_bg.gif HTTP/1.1" 200 2061
172.17.0.185 - - [12/Jun/2020:10:41:13 +0800] "GET /xingrg/javascript/jquery_easy_ui/themes/icons/ok.png HTTP/1.1" 200 883
172.17.0.185 - - [12/Jun/2020:10:41:13 +0800] "GET /xingrg/javascript/jquery_easy_ui/themes/default/images/panel_title.png HTTP/1.1" 200 266
172.17.0.185 - - [12/Jun/2020:10:41:13 +0800] "GET /xingrg/javascript/jquery_easy_ui/themes/default/images/panel_tools.gif HTTP/1.1" 200 737
222.69.139.59 - - [12/Jun/2020:10:41:14 +0800] "POST /xingrg/kc/buy/cgsh_order_operate.html HTTP/1.1" 200 37
61.172.5.115 - - [12/Jun/2020:10:41:14 +0800] "GET /xingrg/kc/buy/cgsh_order_operate.html?command=get_materiel&rest_code=00105&code=00101001010&supplier_code=00100397&order_time=2020-06-12 HTTP/1.1" 200 408
116.230.77.149 - - [12/Jun/2020:10:41:14 +0800] "GET /xingrg/kc/buy/cgsh_order_operate.html?command=get_materiel&rest_code=00107&code=00101008321&supplier_code=00100006&order_time=2020-06-12 HTTP/1.1" 200 412
114.84.32.201 - - [12/Jun/2020:10:41:14 +0800] "GET /xingrg/all/function/internal_message.html?_=1591929670003&CODE_STATE=getMsg HTTP/1.1" 200 27
172.17.0.103 - - [12/Jun/2020:10:41:15 +0800] "GET /xingrg/all/function/internal_message.html?_=1591929673441&CODE_STATE=getMsg HTTP/1.1" 200 27
222.69.139.59 - - [12/Jun/2020:10:41:16 +0800] "GET /xingrg/all/function/internal_message.html?_=1591929668538&CODE_STATE=getMsg HTTP/1.1" 200 27
101.228.167.227 - - [12/Jun/2020:10:41:16 +0800] "GET /xingrg/kc/buy/cgsh_order_operate.html?command=get_materiel&rest_code=00146&code=00101008236&supplier_code=00100005&order_time=2020-06-12 HTTP/1.1" 200 416
222.69.139.59 - - [12/Jun/2020:10:41:17 +0800] "POST /xingrg/kc/buy/cgsh_order_operate.html HTTP/1.1" 200 12
222.69.139.59 - - [12/Jun/2020:10:41:18 +0800] "GET /xingrg/kc/buy/cgsh_order_info.html?code=212020061204530 HTTP/1.1" 200 53916
222.69.139.59 - - [12/Jun/2020:10:41:19 +0800] "GET /xingrg/javascript/easyui/themes/default/validatebox.css HTTP/1.1" 404 1104
222.69.139.59 - - [12/Jun/2020:10:41:19 +0800] "POST /xingrg/kc/buy/cgsh_order_operate.html HTTP/1.1" 200 1204
172.17.0.185 - - [12/Jun/2020:10:41:19 +0800] "POST /xingrg/dwr/call/plaincall/AjaxReportQueryService.queryInitializeString.dwr HTTP/1.1" 200 203
120.204.17.73 - - [12/Jun/2020:10:41:19 +0800] "GET /xingrg/login.html HTTP/1.1" 200 7641
114.86.190.97 - - [12/Jun/2020:10:41:19 +0800] "GET /xingrg/all/function/internal_message.html?_=1591929681622&CODE_STATE=getMsg HTTP/1.1" 200 27
117.185.32.26 - - [12/Jun/2020:10:41:20 +0800] "GET /xingrg/kc/buy/cgsh_order_operate.html?command=get_materiel&rest_code=00106&code=00101008256&supplier_code=00100007&order_time=2020-06-12 HTTP/1.1" 200 412
172.17.0.185 - - [12/Jun/2020:10:41:20 +0800] "POST /xingrg/dwr/call/plaincall/AjaxReportQueryService.refreshCache.dwr HTTP/1.1" 200 78
172.17.0.185 - - [12/Jun/2020:10:41:21 +0800] "POST /xingrg/all/report/load_report_page.html HTTP/1.1" 200 208611
172.17.0.185 - - [12/Jun/2020:10:41:21 +0800] "GET /xingrg/servlets/image?cache=0.35242013256649163&image=px HTTP/1.1" 200 807
116.230.77.149 - - [12/Jun/2020:10:41:21 +0800] "GET /xingrg/all/function/internal_message.html?_=1591929674937&CODE_STATE=getMsg HTTP/1.1" 200 27
172.17.0.185 - - [12/Jun/2020:10:41:21 +0800] "GET /xingrg/all/function/internal_message.html?_=1591929679158&CODE_STATE=getMsg HTTP/1.1" 200 27
117.184.7.30 - - [12/Jun/2020:10:41:23 +0800] "GET /xingrg/kc/buy/cgsh_order_operate.html?command=get_materiel&rest_code=00108&code=00101008352&supplier_code=00100008&order_time=2020-06-12 HTTP/1.1" 200 412
101.228.167.227 - - [12/Jun/2020:10:41:23 +0800] "GET /xingrg/kc/buy/cgsh_order_operate.html?command=get_materiel&rest_code=00146&code=00101008092&supplier_code=00100005&order_time=2020-06-12 HTTP/1.1" 200 412
222.69.139.59 - - [12/Jun/2020:10:41:23 +0800] "GET /xingrg/kc/print/load_data.html?order_code=212020061204530&kc_code=cgsh&condition= HTTP/1.1" 200 1008
116.230.77.149 - - [12/Jun/2020:10:41:25 +0800] "GET /xingrg/kc/buy/cgsh_order_operate.html?command=get_materiel&rest_code=00107&code=00101008108&supplier_code=00100006&order_time=2020-06-12 HTTP/1.1" 200 412
117.185.32.26 - - [12/Jun/2020:10:41:26 +0800] "POST /xingrg/kc/buy/cgsh_order_operate.html HTTP/1.1" 200 37
172.17.0.103 - - [12/Jun/2020:10:41:27 +0800] "GET /xingrg/kc/buy/cgsh_order_operate.html?command=get_materiel&rest_code=00147&code=00101008117&supplier_code=00100007&order_time=2020-06-12 HTTP/1.1" 200 412
117.185.32.26 - - [12/Jun/2020:10:41:27 +0800] "POST /xingrg/kc/buy/cgsh_order_operate.html HTTP/1.1" 200 2655
117.131.5.26 - - [12/Jun/2020:10:41:28 +0800] "GET /xingrg/all/function/internal_message.html?_=1591929707133&CODE_STATE=getMsg HTTP/1.1" 200 27
117.184.7.26 - - [12/Jun/2020:10:41:29 +0800] "GET /xingrg/kc/buy/cgsh_order_operate.html?command=get_materiel&rest_code=00108&code=00101008353&supplier_code=00100008&order_time=2020-06-12 HTTP/1.1" 200 408
101.228.167.227 - - [12/Jun/2020:10:41:31 +0800] "GET /xingrg/kc/buy/cgsh_order_operate.html?command=get_materiel&rest_code=00146&code=00101008041&supplier_code=00100005&order_time=2020-06-12 HTTP/1.1" 200 408
101.228.167.227 - - [12/Jun/2020:10:41:32 +0800] "GET /xingrg/all/function/internal_message.html?_=1591929695859&CODE_STATE=getMsg HTTP/1.1" 200 27
172.17.0.185 - - [12/Jun/2020:10:41:32 +0800] "POST /xingrg/all/report/load_report_page.html HTTP/1.1" 200 208517
172.17.0.185 - - [12/Jun/2020:10:41:32 +0800] "GET /xingrg/servlets/image?cache=0.4066231584849048&image=px HTTP/1.1" 200 807
101.228.167.227 - - [12/Jun/2020:10:41:36 +0800] "POST /xingrg/kc/buy/cgsh_order_operate.html HTTP/1.1" 200 2065
180.175.214.200 - - [12/Jun/2020:10:41:38 +0800] "GET /xingrg/all/function/internal_message.html?_=1591929700889&CODE_STATE=getMsg HTTP/1.1" 200 27
172.17.0.185 - - [12/Jun/2020:10:41:40 +0800] "GET /xingrg/dma/order_info.html?id=34110&sid=13&sale_day=20200611 HTTP/1.1" 200 11597
172.17.0.185 - - [12/Jun/2020:10:41:40 +0800] "GET /favicon.ico HTTP/1.1" 404 -
117.185.32.26 - - [12/Jun/2020:10:41:40 +0800] "GET /xingrg/all/function/internal_message.html?_=1591930119181&CODE_STATE=getMsg HTTP/1.1" 200 27
61.172.5.115 - - [12/Jun/2020:10:41:41 +0800] "POST /xingrg/kc/buy/cgsh_order_operate.html HTTP/1.1" 200 37
116.230.77.149 - - [12/Jun/2020:10:41:41 +0800] "GET /xingrg/kc/buy/cgsh_order_operate.html?command=get_materiel&rest_code=00107&code=00101008098&supplier_code=00100006&order_time=2020-06-12 HTTP/1.1" 200 412
61.172.5.115 - - [12/Jun/2020:10:41:42 +0800] "POST /xingrg/kc/buy/cgsh_order_operate.html HTTP/1.1" 200 3249
61.172.5.115 - - [12/Jun/2020:10:41:44 +0800] "GET /xingrg/kc/print/load_data.html?order_code=212020061204532&kc_code=cgsh&condition= HTTP/1.1" 200 898
172.17.0.103 - - [12/Jun/2020:10:41:44 +0800] "GET /xingrg/kc/buy/cgsh_order_operate.html?command=get_materiel&rest_code=00147&code=00101008118&supplier_code=00100007&order_time=2020-06-12 HTTP/1.1" 200 418
172.17.0.123 - - [12/Jun/2020:10:41:46 +0800] "GET /xingrg/system/rest/get_item.html?table=menu&id=7235&_=1591929678413 HTTP/1.1" 200 945
172.17.0.123 - - [12/Jun/2020:10:41:46 +0800] "GET /xingrg/system/rest/get_item.html?table=menu&target=menu_rest&id=7235&_=1591929678454 HTTP/1.1" 200 58
172.17.0.123 - - [12/Jun/2020:10:41:46 +0800] "GET /xingrg/system/rest/get_item.html?table=menu&target=cook_mode&id=7235&_=1591929678452 HTTP/1.1" 200 664
101.228.167.227 - - [12/Jun/2020:10:41:46 +0800] "POST /xingrg/kc/buy/cgsh_order_operate.html HTTP/1.1" 200 37
172.17.0.123 - - [12/Jun/2020:10:41:47 +0800] "GET /xingrg/system/rest/get_infos.html?command=menu_img_show&id=7235 HTTP/1.1" 200 5
101.228.167.227 - - [12/Jun/2020:10:41:47 +0800] "POST /xingrg/kc/buy/cgsh_order_operate.html HTTP/1.1" 200 51756
172.17.0.123 - - [12/Jun/2020:10:41:48 +0800] "GET /xingrg/all/function/internal_message.html?_=1591929680140&CODE_STATE=getMsg HTTP/1.1" 200 27
117.184.7.30 - - [12/Jun/2020:10:41:49 +0800] "GET /xingrg/all/function/internal_message.html?_=1591930379818&CODE_STATE=getMsg HTTP/1.1" 200 27
117.184.7.26 - - [12/Jun/2020:10:41:49 +0800] "GET /xingrg/all/function/internal_message.html?_=1591929698904&CODE_STATE=getMsg HTTP/1.1" 200 27
117.184.7.26 - - [12/Jun/2020:10:41:50 +0800] "GET /xingrg/check_reg.html?_=1591929699128 HTTP/1.1" 200 22
172.17.0.123 - - [12/Jun/2020:10:41:51 +0800] "GET /xingrg/system/rest/get_item.html?table=menu&id=2003&_=1591929683206 HTTP/1.1" 200 942
172.17.0.123 - - [12/Jun/2020:10:41:51 +0800] "GET /xingrg/system/rest/get_item.html?table=menu&target=menu_rest&id=2003&_=1591929683252 HTTP/1.1" 200 847
172.17.0.123 - - [12/Jun/2020:10:41:51 +0800] "GET /xingrg/system/rest/get_item.html?table=menu&target=cook_mode&id=2003&_=1591929683252 HTTP/1.1" 200 6768
117.184.7.26 - - [12/Jun/2020:10:41:51 +0800] "GET /xingrg/all/function/internal_message.html?_=1591929702528&CODE_STATE=getMsg HTTP/1.1" 200 27
172.17.0.123 - - [12/Jun/2020:10:41:52 +0800] "GET /xingrg/system/rest/get_infos.html?command=menu_img_show&id=2003 HTTP/1.1" 200 5
116.230.77.149 - - [12/Jun/2020:10:41:52 +0800] "GET /xingrg/kc/buy/cgsh_order_operate.html?command=get_materiel&rest_code=00107&code=00101008005&supplier_code=00100006&order_time=2020-06-12 HTTP/1.1" 200 412
222.69.139.59 - - [12/Jun/2020:10:41:52 +0800] "GET /xingrg/all/function/internal_message.html?_=1591929565174&CODE_STATE=getMsg HTTP/1.1" 200 27
172.17.0.103 - - [12/Jun/2020:10:41:53 +0800] "GET /xingrg/kc/buy/cgsh_order_operate.html?command=get_materiel&rest_code=00147&code=00101008357&supplier_code=00100007&order_time=2020-06-12 HTTP/1.1" 200 408
101.228.167.227 - - [12/Jun/2020:10:41:55 +0800] "GET /xingrg/kc/buy/cgsh_order_add.html HTTP/1.1" 200 58964
101.228.167.227 - - [12/Jun/2020:10:41:55 +0800] "POST /xingrg/kc/buy/cgsh_order_operate.html HTTP/1.1" 200 8245
101.228.167.227 - - [12/Jun/2020:10:41:55 +0800] "GET /xingrg/javascript/easyui/themes/default/validatebox.css HTTP/1.1" 404 1104
172.17.0.120 - - [12/Jun/2020:10:41:56 +0800] "GET /xingrg/all/function/internal_message.html?_=1591929713713&CODE_STATE=getMsg HTTP/1.1" 200 27
172.17.0.120 - - [12/Jun/2020:10:41:56 +0800] "GET /xingrg/check_reg.html?_=1591929713716 HTTP/1.1" 200 22
114.88.170.9 - - [12/Jun/2020:10:41:56 +0800] "GET /xingrg/all/function/internal_message.html?_=1591929720978&CODE_STATE=getMsg HTTP/1.1" 200 27
180.175.214.200 - - [12/Jun/2020:10:42:00 +0800] "GET /xingrg/all/function/internal_message.html?_=1591929923665&CODE_STATE=getMsg HTTP/1.1" 200 27
117.131.5.26 - - [12/Jun/2020:10:42:00 +0800] "GET /xingrg/all/function/internal_message.html?_=1591930084289&CODE_STATE=getMsg HTTP/1.1" 200 27
172.17.0.103 - - [12/Jun/2020:10:42:00 +0800] "GET /xingrg/kc/buy/cgsh_order_operate.html?command=get_materiel&rest_code=00147&code=00101008069&supplier_code=00100007&order_time=2020-06-12 HTTP/1.1" 200 412
101.228.167.227 - - [12/Jun/2020:10:42:00 +0800] "GET /xingrg/all/function/internal_message.html?_=1591929723387&CODE_STATE=getMsg HTTP/1.1" 200 27
180.162.232.172 - - [12/Jun/2020:10:42:01 +0800] "GET /xingrg/all/function/internal_message.html?_=1591929855566&CODE_STATE=getMsg HTTP/1.1" 200 27
116.230.77.149 - - [12/Jun/2020:10:42:01 +0800] "GET /xingrg/kc/buy/cgsh_order_operate.html?command=get_materiel&rest_code=00107&code=00101008027&supplier_code=00100006&order_time=2020-06-12 HTTP/1.1" 200 408
116.232.51.17 - - [12/Jun/2020:10:42:01 +0800] "GET /xingrg/all/function/internal_message.html?_=1591929799312&CODE_STATE=getMsg HTTP/1.1" 200 27
114.86.190.97 - - [12/Jun/2020:10:42:05 +0800] "GET /xingrg/all/function/internal_message.html?_=1591929724571&CODE_STATE=getMsg HTTP/1.1" 200 27
101.228.167.227 - - [12/Jun/2020:10:42:06 +0800] "GET /xingrg/kc/buy/cgsh_order_operate.html?command=get_materiel&rest_code=00146&code=00101010161&supplier_code=00100041&order_time=2020-06-12 HTTP/1.1" 200 409
180.162.102.27 - - [12/Jun/2020:10:42:07 +0800] "GET /xingrg/all/function/internal_message.html?_=1591929703584&CODE_STATE=getMsg HTTP/1.1" 200 27
117.185.32.26 - - [12/Jun/2020:10:42:08 +0800] "GET /xingrg/all/function/internal_message.html?_=1591929723187&CODE_STATE=getMsg HTTP/1.1" 200 27
172.17.0.103 - - [12/Jun/2020:10:42:10 +0800] "GET /xingrg/kc/buy/cgsh_order_operate.html?command=get_materiel&rest_code=00147&code=00101008286&supplier_code=00100007&order_time=2020-06-12 HTTP/1.1" 200 408
116.230.77.149 - - [12/Jun/2020:10:42:13 +0800] "GET /xingrg/kc/buy/cgsh_order_operate.html?command=get_materiel&rest_code=00107&code=00101008350&supplier_code=00100006&order_time=2020-06-12 HTTP/1.1" 200 408
172.17.0.103 - - [12/Jun/2020:10:42:13 +0800] "POST /xingrg/kc/buy/cgsh_order_operate.html HTTP/1.1" 200 2065
114.84.32.201 - - [12/Jun/2020:10:42:14 +0800] "GET /xingrg/all/function/internal_message.html?_=1591929730003&CODE_STATE=getMsg HTTP/1.1" 200 27
172.17.0.103 - - [12/Jun/2020:10:42:15 +0800] "GET /xingrg/all/function/internal_message.html?_=1591929733468&CODE_STATE=getMsg HTTP/1.1" 200 27
172.17.0.103 - - [12/Jun/2020:10:42:15 +0800] "GET /xingrg/check_reg.html?_=1591929733468 HTTP/1.1" 200 22
101.228.167.227 - - [12/Jun/2020:10:42:16 +0800] "GET /xingrg/kc/buy/cgsh_order_operate.html?command=get_materiel&rest_code=00146&code=00101005037&supplier_code=00100041&order_time=2020-06-12 HTTP/1.1" 200 409
222.69.139.59 - - [12/Jun/2020:10:42:16 +0800] "GET /xingrg/all/function/internal_message.html?_=1591929728535&CODE_STATE=getMsg HTTP/1.1" 200 27
116.230.77.149 - - [12/Jun/2020:10:42:16 +0800] "POST /xingrg/kc/buy/cgsh_order_operate.html HTTP/1.1" 200 2065
117.184.7.30 - - [12/Jun/2020:10:42:16 +0800] "POST /xingrg/kc/buy/cgsh_order_operate.html HTTP/1.1" 200 2065
172.17.0.103 - - [12/Jun/2020:10:42:18 +0800] "GET /xingrg/kc/buy/cgsh_order_operate.html?command=get_materiel&rest_code=00147&code=00101008131&supplier_code=00100007&order_time=2020-06-12 HTTP/1.1" 200 408
114.86.190.97 - - [12/Jun/2020:10:42:19 +0800] "GET /xingrg/all/function/internal_message.html?_=1591929741634&CODE_STATE=getMsg HTTP/1.1" 200 27
117.184.7.30 - - [12/Jun/2020:10:42:20 +0800] "GET /xingrg/kc/buy/cgsh_order_operate.html?command=get_materiel&rest_code=00108&code=00101008213&supplier_code=00100008&order_time=2020-06-12 HTTP/1.1" 200 412
116.230.77.149 - - [12/Jun/2020:10:42:21 +0800] "GET /xingrg/check_reg.html?_=1591929734649 HTTP/1.1" 200 22
116.230.77.149 - - [12/Jun/2020:10:42:21 +0800] "GET /xingrg/all/function/internal_message.html?_=1591929734925&CODE_STATE=getMsg HTTP/1.1" 200 27
116.230.77.149 - - [12/Jun/2020:10:42:21 +0800] "GET /xingrg/kc/buy/cgsh_order_operate.html?command=get_materiel&rest_code=00107&code=00101008244&supplier_code=00100006&order_time=2020-06-12 HTTP/1.1" 200 408
172.17.0.185 - - [12/Jun/2020:10:42:21 +0800] "GET /xingrg/check_reg.html?_=1591929739077 HTTP/1.1" 200 22
172.17.0.185 - - [12/Jun/2020:10:42:21 +0800] "GET /xingrg/all/function/internal_message.html?_=1591929739148&CODE_STATE=getMsg HTTP/1.1" 200 27
101.228.167.227 - - [12/Jun/2020:10:42:24 +0800] "GET /xingrg/kc/buy/cgsh_order_operate.html?command=get_materiel&rest_code=00146&code=00101018019&supplier_code=00100041&order_time=2020-06-12 HTTP/1.1" 200 421
120.253.135.82 - - [12/Jun/2020:10:42:25 +0800] "POST /xingrg/kc/base/wldb_order_operate.html HTTP/1.1" 200 37
120.253.135.82 - - [12/Jun/2020:10:42:25 +0800] "POST /xingrg/kc/base/wldb_order_operate.html HTTP/1.1" 200 5145
172.17.0.103 - - [12/Jun/2020:10:42:25 +0800] "GET /xingrg/kc/buy/cgsh_order_operate.html?command=get_materiel&rest_code=00147&code=00101008296&supplier_code=00100007&order_time=2020-06-12 HTTP/1.1" 200 416
120.253.135.82 - - [12/Jun/2020:10:42:25 +0800] "GET /xingrg/kc/base/wldb_order_info.html?code=422020061201249 HTTP/1.1" 200 30342
120.253.135.82 - - [12/Jun/2020:10:42:26 +0800] "GET /xingrg/javascript/easyui/themes/default/validatebox.css HTTP/1.1" 404 1104
120.253.135.82 - - [12/Jun/2020:10:42:26 +0800] "POST /xingrg/kc/base/wldb_order_operate.html HTTP/1.1" 200 5145
117.184.7.30 - - [12/Jun/2020:10:42:27 +0800] "GET /xingrg/kc/buy/cgsh_order_operate.html?command=get_materiel&rest_code=00108&code=00101008208&supplier_code=00100008&order_time=2020-06-12 HTTP/1.1" 200 411
117.131.5.26 - - [12/Jun/2020:10:42:28 +0800] "GET /xingrg/check_reg.html?_=1591929767133 HTTP/1.1" 200 22
117.131.5.26 - - [12/Jun/2020:10:42:28 +0800] "GET /xingrg/all/function/internal_message.html?_=1591929767133&CODE_STATE=getMsg HTTP/1.1" 200 27
116.230.77.149 - - [12/Jun/2020:10:42:30 +0800] "GET /xingrg/kc/buy/cgsh_order_operate.html?command=get_materiel&rest_code=00107&code=00101008283&supplier_code=00100006&order_time=2020-06-12 HTTP/1.1" 200 408
101.228.167.227 - - [12/Jun/2020:10:42:32 +0800] "GET /xingrg/kc/buy/cgsh_order_operate.html?command=get_materiel&rest_code=00146&code=00101006067&supplier_code=00100041&order_time=2020-06-12 HTTP/1.1" 200 409
172.17.0.103 - - [12/Jun/2020:10:42:32 +0800] "GET /xingrg/kc/buy/cgsh_order_operate.html?command=get_materiel&rest_code=00147&code=00101008318&supplier_code=00100007&order_time=2020-06-12 HTTP/1.1" 200 408
101.228.167.227 - - [12/Jun/2020:10:42:32 +0800] "GET /xingrg/all/function/internal_message.html?_=1591929756170&CODE_STATE=getMsg HTTP/1.1" 200 27
117.184.7.30 - - [12/Jun/2020:10:42:34 +0800] "GET /xingrg/kc/buy/cgsh_order_operate.html?command=get_materiel&rest_code=00108&code=00101008125&supplier_code=00100008&order_time=2020-06-12 HTTP/1.1" 200 413
120.253.135.82 - - [12/Jun/2020:10:42:36 +0800] "POST /xingrg/kc/base/wldb_order_operate.html HTTP/1.1" 200 37
120.253.135.82 - - [12/Jun/2020:10:42:36 +0800] "POST /xingrg/kc/base/wldb_order_operate.html HTTP/1.1" 200 5145
120.253.135.82 - - [12/Jun/2020:10:42:36 +0800] "GET /xingrg/kc/base/wldb_order_info.html?code=422020061201249 HTTP/1.1" 200 30342
120.253.135.82 - - [12/Jun/2020:10:42:37 +0800] "GET /xingrg/javascript/easyui/themes/default/validatebox.css HTTP/1.1" 404 1104
120.253.135.82 - - [12/Jun/2020:10:42:37 +0800] "POST /xingrg/kc/base/wldb_order_operate.html HTTP/1.1" 200 5145
61.172.5.115 - - [12/Jun/2020:10:42:38 +0800] "GET /xingrg/index.html?sysBaseUrl=http%3A%2F%2F180.169.147.146%3A18081%2Fxingrg%2F&costTime=35×tamp=1585363447539 HTTP/1.1" 302 -
61.172.5.115 - - [12/Jun/2020:10:42:38 +0800] "GET /xingrg/index.html?sysBaseUrl=http%3A%2F%2F180.169.147.146%3A18081%2Fxingrg%2F&costTime=35×tamp=1585363447539 HTTP/1.1" 302 -
180.175.214.200 - - [12/Jun/2020:10:42:38 +0800] "GET /xingrg/all/function/internal_message.html?_=1591929760896&CODE_STATE=getMsg HTTP/1.1" 200 27
61.172.5.115 - - [12/Jun/2020:10:42:38 +0800] "GET /xingrg/login.html HTTP/1.1" 200 7641
61.172.5.115 - - [12/Jun/2020:10:42:38 +0800] "GET /xingrg/login.html HTTP/1.1" 200 7641
61.172.5.115 - - [12/Jun/2020:10:42:38 +0800] "GET /xingrg/kc/buy/cgsh_order_add.html HTTP/1.1" 200 58958
61.172.5.115 - - [12/Jun/2020:10:42:38 +0800] "POST /xingrg/kc/buy/cgsh_order_operate.html HTTP/1.1" 200 8245
61.172.5.115 - - [12/Jun/2020:10:42:38 +0800] "GET /xingrg/javascript/easyui/themes/default/validatebox.css HTTP/1.1" 404 1104
117.184.7.30 - - [12/Jun/2020:10:42:40 +0800] "POST /xingrg/kc/buy/cgsh_order_operate.html HTTP/1.1" 200 37
172.17.0.103 - - [12/Jun/2020:10:42:40 +0800] "GET /xingrg/kc/buy/cgsh_order_operate.html?command=get_materiel&rest_code=00147&code=00101008352&supplier_code=00100007&order_time=2020-06-12 HTTP/1.1" 200 412
117.185.32.26 - - [12/Jun/2020:10:42:40 +0800] "GET /xingrg/all/function/internal_message.html?_=1591930179180&CODE_STATE=getMsg HTTP/1.1" 200 27
117.185.32.26 - - [12/Jun/2020:10:42:40 +0800] "GET /xingrg/check_reg.html?_=1591930179182 HTTP/1.1" 200 22
117.184.7.30 - - [12/Jun/2020:10:42:41 +0800] "POST /xingrg/kc/buy/cgsh_order_operate.html HTTP/1.1" 200 18024
101.228.167.227 - - [12/Jun/2020:10:42:41 +0800] "GET /xingrg/kc/buy/cgsh_order_operate.html?command=get_materiel&rest_code=00146&code=00101001032&supplier_code=00100041&order_time=2020-06-12 HTTP/1.1" 200 413
120.253.135.82 - - [12/Jun/2020:10:42:42 +0800] "POST /xingrg/kc/base/wldb_list_operate.html HTTP/1.1" 200 2194
116.230.77.149 - - [12/Jun/2020:10:42:48 +0800] "GET /xingrg/kc/buy/cgsh_order_operate.html?command=get_materiel&rest_code=00107&code=00101008224&supplier_code=00100006&order_time=2020-06-12 HTTP/1.1" 200 416
172.17.0.123 - - [12/Jun/2020:10:42:48 +0800] "GET /xingrg/all/function/internal_message.html?_=1591929740152&CODE_STATE=getMsg HTTP/1.1" 200 27
172.17.0.123 - - [12/Jun/2020:10:42:48 +0800] "GET /xingrg/check_reg.html?_=1591929740154 HTTP/1.1" 200 22
101.228.167.227 - - [12/Jun/2020:10:42:48 +0800] "GET /xingrg/kc/buy/cgsh_order_operate.html?command=get_materiel&rest_code=00146&code=00101006161&supplier_code=00100041&order_time=2020-06-12 HTTP/1.1" 200 409
117.184.7.30 - - [12/Jun/2020:10:42:49 +0800] "GET /xingrg/all/function/internal_message.html?_=1591930439817&CODE_STATE=getMsg HTTP/1.1" 200 27
117.184.7.26 - - [12/Jun/2020:10:42:49 +0800] "GET /xingrg/check_reg.html?_=1591930439822 HTTP/1.1" 200 22
61.172.5.115 - - [12/Jun/2020:10:42:49 +0800] "GET /favicon.ico HTTP/1.1" 404 -
117.184.7.26 - - [12/Jun/2020:10:42:49 +0800] "GET /xingrg/all/function/internal_message.html?_=1591929758879&CODE_STATE=getMsg HTTP/1.1" 200 27
