120.253.135.82 - - [12/Jun/2020:07:01:37 +0800] "GET /xingrg/javascript/easyui/themes/default/validatebox.css HTTP/1.1" 404 1104
114.88.170.9 - - [12/Jun/2020:07:01:40 +0800] "GET /xingrg/all/function/internal_message.html?_=1591916494284&CODE_STATE=getMsg HTTP/1.1" 200 27
172.17.0.123 - - [12/Jun/2020:07:01:48 +0800] "GET /xingrg/all/function/internal_message.html?_=1591916480140&CODE_STATE=getMsg HTTP/1.1" 200 27
120.253.135.82 - - [12/Jun/2020:07:01:51 +0800] "POST /xingrg/kc/pszx/mdps_order_operate.html HTTP/1.1" 200 37
120.253.135.82 - - [12/Jun/2020:07:01:51 +0800] "GET /xingrg/kc/pszx/mdps_order_info.html?code=312020061200312 HTTP/1.1" 200 23849
120.253.135.82 - - [12/Jun/2020:07:01:52 +0800] "GET /xingrg/javascript/easyui/themes/default/validatebox.css HTTP/1.1" 404 1104
120.253.135.82 - - [12/Jun/2020:07:01:52 +0800] "POST /xingrg/kc/pszx/mdps_order_operate.html HTTP/1.1" 200 20204
180.162.232.172 - - [12/Jun/2020:07:01:53 +0800] "GET /xingrg/all/function/internal_message.html?_=1591916648252&CODE_STATE=getMsg HTTP/1.1" 200 27
120.253.135.82 - - [12/Jun/2020:07:01:56 +0800] "GET /xingrg/check_reg.html?_=1591916271235 HTTP/1.1" 200 22
120.253.135.82 - - [12/Jun/2020:07:01:59 +0800] "GET /xingrg/all/function/internal_message.html?_=1591916273841&CODE_STATE=getMsg HTTP/1.1" 200 27
101.228.167.227 - - [12/Jun/2020:07:02:12 +0800] "GET /xingrg/all/function/internal_message.html?_=1591916535717&CODE_STATE=getMsg HTTP/1.1" 200 27
120.253.135.82 - - [12/Jun/2020:07:02:26 +0800] "POST /xingrg/kc/pszx/mdps_order_operate.html HTTP/1.1" 200 37
120.253.135.82 - - [12/Jun/2020:07:02:28 +0800] "GET /xingrg/kc/pszx/mdps_order_info.html?code=312020061200312 HTTP/1.1" 200 23849
120.253.135.82 - - [12/Jun/2020:07:02:28 +0800] "POST /xingrg/kc/pszx/mdps_order_operate.html HTTP/1.1" 200 20204
120.253.135.82 - - [12/Jun/2020:07:02:28 +0800] "GET /xingrg/javascript/easyui/themes/default/validatebox.css HTTP/1.1" 404 1104
114.88.170.9 - - [12/Jun/2020:07:02:39 +0800] "GET /xingrg/check_reg.html?_=1591916553045 HTTP/1.1" 200 22
114.88.170.9 - - [12/Jun/2020:07:02:40 +0800] "GET /xingrg/all/function/internal_message.html?_=1591916554296&CODE_STATE=getMsg HTTP/1.1" 200 27
117.131.5.26 - - [12/Jun/2020:07:02:43 +0800] "GET /xingrg/check_reg.html?_=1591916582258 HTTP/1.1" 302 -
172.17.0.123 - - [12/Jun/2020:07:02:48 +0800] "GET /xingrg/all/function/internal_message.html?_=1591916540146&CODE_STATE=getMsg HTTP/1.1" 200 27
172.17.0.123 - - [12/Jun/2020:07:02:48 +0800] "GET /xingrg/check_reg.html?_=1591916540146 HTTP/1.1" 200 22
180.162.232.172 - - [12/Jun/2020:07:02:53 +0800] "GET /xingrg/all/function/internal_message.html?_=1591916708265&CODE_STATE=getMsg HTTP/1.1" 200 27
120.253.135.82 - - [12/Jun/2020:07:02:59 +0800] "GET /xingrg/all/function/internal_message.html?_=1591916333968&CODE_STATE=getMsg HTTP/1.1" 200 27
223.71.167.165 - - [12/Jun/2020:07:03:02 +0800] "GET / HTTP/1.1" 404 -
101.228.167.227 - - [12/Jun/2020:07:03:03 +0800] "GET /xingrg/kc/base/wldb_order_list.html HTTP/1.1" 200 19261
101.228.167.227 - - [12/Jun/2020:07:03:03 +0800] "GET /xingrg/javascript/auto/jquery.autocomplete.css HTTP/1.1" 304 -
101.228.167.227 - - [12/Jun/2020:07:03:03 +0800] "GET /xingrg/javascript/print/LodopFuncs.js HTTP/1.1" 304 -
101.228.167.227 - - [12/Jun/2020:07:03:03 +0800] "GET /xingrg/javascript/auto/jquery.autocomplete.js HTTP/1.1" 304 -
101.228.167.227 - - [12/Jun/2020:07:03:03 +0800] "GET /xingrg/javascript/jquery.utils.js HTTP/1.1" 304 -
101.228.167.227 - - [12/Jun/2020:07:03:03 +0800] "POST /xingrg/kc/base/wldb_list_operate.html HTTP/1.1" 200 928
101.228.167.227 - - [12/Jun/2020:07:03:05 +0800] "GET /xingrg/kc/base/wldb_order_add.html HTTP/1.1" 200 30322
101.228.167.227 - - [12/Jun/2020:07:03:05 +0800] "GET /xingrg/javascript/pic_change.js HTTP/1.1" 304 -
101.228.167.227 - - [12/Jun/2020:07:03:05 +0800] "GET /xingrg/javascript/jquery_tools/order_manager.js HTTP/1.1" 304 -
101.228.167.227 - - [12/Jun/2020:07:03:05 +0800] "GET /xingrg/javascript/json2.js HTTP/1.1" 304 -
101.228.167.227 - - [12/Jun/2020:07:03:05 +0800] "GET /xingrg/javascript/print/kc_print.js HTTP/1.1" 304 -
101.228.167.227 - - [12/Jun/2020:07:03:05 +0800] "GET /xingrg/javascript/convert.js HTTP/1.1" 304 -
101.228.167.227 - - [12/Jun/2020:07:03:05 +0800] "POST /xingrg/kc/base/wldb_order_operate.html HTTP/1.1" 200 6806
101.228.167.227 - - [12/Jun/2020:07:03:05 +0800] "GET /xingrg/all/common/auto_word.html?type=base&rest_code=00146 HTTP/1.1" 200 1753
101.228.167.227 - - [12/Jun/2020:07:03:05 +0800] "GET /xingrg/all/common/auto_word.html?type=base&rest_code=00146 HTTP/1.1" 200 1753
101.228.167.227 - - [12/Jun/2020:07:03:05 +0800] "GET /xingrg/javascript/easyui/themes/default/validatebox.css HTTP/1.1" 404 1104
101.228.167.227 - - [12/Jun/2020:07:03:05 +0800] "GET /xingrg/javascript/easyui/plugins/jquery.validatebox.js HTTP/1.1" 304 -
101.228.167.227 - - [12/Jun/2020:07:03:05 +0800] "GET /xingrg/javascript/easyui/plugins/jquery.numberbox.js HTTP/1.1" 304 -
101.228.167.227 - - [12/Jun/2020:07:03:12 +0800] "GET /xingrg/all/function/internal_message.html?_=1591916595721&CODE_STATE=getMsg HTTP/1.1" 200 27
101.228.167.227 - - [12/Jun/2020:07:03:25 +0800] "GET /xingrg/kc/base/wldb_order_operate.html?command=get_materiel&rest_code=00146&base_code=0010063&code=00101016094 HTTP/1.1" 200 470
101.228.167.227 - - [12/Jun/2020:07:03:32 +0800] "GET /xingrg/kc/base/wldb_order_operate.html?command=get_materiel&rest_code=00146&base_code=0010063&code=00101016076 HTTP/1.1" 200 476
120.253.135.82 - - [12/Jun/2020:07:03:39 +0800] "GET /xingrg/kc/pszx/mdps_order_info.html?code=312020061200312 HTTP/1.1" 200 23849
120.253.135.82 - - [12/Jun/2020:07:03:40 +0800] "POST /xingrg/kc/pszx/mdps_order_operate.html HTTP/1.1" 200 20204
120.253.135.82 - - [12/Jun/2020:07:03:40 +0800] "GET /xingrg/javascript/easyui/themes/default/validatebox.css HTTP/1.1" 404 1104
114.88.170.9 - - [12/Jun/2020:07:03:40 +0800] "GET /xingrg/all/function/internal_message.html?_=1591916614309&CODE_STATE=getMsg HTTP/1.1" 200 27
101.228.167.227 - - [12/Jun/2020:07:03:41 +0800] "GET /xingrg/kc/base/wldb_order_operate.html?command=get_materiel&rest_code=00146&base_code=0010063&code=00101020144 HTTP/1.1" 200 450
120.253.135.82 - - [12/Jun/2020:07:03:47 +0800] "POST /xingrg/all/common/load_select.html HTTP/1.1" 200 25
172.17.0.123 - - [12/Jun/2020:07:03:48 +0800] "GET /xingrg/all/function/internal_message.html?_=1591916600148&CODE_STATE=getMsg HTTP/1.1" 200 27
120.253.135.82 - - [12/Jun/2020:07:03:49 +0800] "GET /xingrg/kc/pszx/mdps_order_operate.html?command=get_materiel_price&pszx_code=00101&rest_code=00149&base_code=0010246&code=00101027001&unit_code=00100157&order_time=2020-06-13 HTTP/1.1" 200 34
180.162.232.172 - - [12/Jun/2020:07:03:53 +0800] "GET /xingrg/all/function/internal_message.html?_=1591916768299&CODE_STATE=getMsg HTTP/1.1" 200 27
120.253.135.82 - - [12/Jun/2020:07:03:59 +0800] "GET /xingrg/all/function/internal_message.html?_=1591916393976&CODE_STATE=getMsg HTTP/1.1" 200 27
101.228.167.227 - - [12/Jun/2020:07:04:02 +0800] "GET /xingrg/kc/base/wldb_order_operate.html?command=get_materiel&rest_code=00146&base_code=0010063&code=00101013172 HTTP/1.1" 200 430
120.253.135.82 - - [12/Jun/2020:07:04:04 +0800] "POST /xingrg/kc/pszx/mdps_order_operate.html HTTP/1.1" 200 37
120.253.135.82 - - [12/Jun/2020:07:04:05 +0800] "GET /xingrg/kc/pszx/mdps_order_info.html?code=312020061200312 HTTP/1.1" 200 23849
120.253.135.82 - - [12/Jun/2020:07:04:05 +0800] "GET /xingrg/javascript/easyui/themes/default/validatebox.css HTTP/1.1" 404 1104
120.253.135.82 - - [12/Jun/2020:07:04:05 +0800] "POST /xingrg/kc/pszx/mdps_order_operate.html HTTP/1.1" 200 20201
120.253.135.82 - - [12/Jun/2020:07:04:11 +0800] "POST /xingrg/kc/pszx/mdps_list_operate.html HTTP/1.1" 200 2436
101.228.167.227 - - [12/Jun/2020:07:04:12 +0800] "GET /xingrg/all/function/internal_message.html?_=1591916655735&CODE_STATE=getMsg HTTP/1.1" 200 27
101.228.167.227 - - [12/Jun/2020:07:04:13 +0800] "GET /xingrg/kc/base/wldb_order_operate.html?command=get_materiel&rest_code=00146&base_code=0010063&code=00101016019 HTTP/1.1" 200 451
120.253.135.82 - - [12/Jun/2020:07:04:13 +0800] "POST /xingrg/kc/pszx/mdps_list_operate.html HTTP/1.1" 200 387
120.253.135.82 - - [12/Jun/2020:07:04:14 +0800] "GET /xingrg/kc/pszx/mdps_order_info.html?code=312020061200313 HTTP/1.1" 200 23849
120.253.135.82 - - [12/Jun/2020:07:04:14 +0800] "POST /xingrg/kc/pszx/mdps_order_operate.html HTTP/1.1" 200 3285
120.253.135.82 - - [12/Jun/2020:07:04:15 +0800] "GET /xingrg/javascript/easyui/themes/default/validatebox.css HTTP/1.1" 404 1104
120.253.135.82 - - [12/Jun/2020:07:04:22 +0800] "POST /xingrg/kc/pszx/mdps_order_operate.html HTTP/1.1" 200 37
101.228.167.227 - - [12/Jun/2020:07:04:23 +0800] "GET /xingrg/check_reg.html?_=1591916665846 HTTP/1.1" 200 22
120.253.135.82 - - [12/Jun/2020:07:04:23 +0800] "GET /xingrg/kc/pszx/mdps_order_info.html?code=312020061200313 HTTP/1.1" 200 23849
120.253.135.82 - - [12/Jun/2020:07:04:23 +0800] "POST /xingrg/kc/pszx/mdps_order_operate.html HTTP/1.1" 200 3308
120.253.135.82 - - [12/Jun/2020:07:04:23 +0800] "GET /xingrg/javascript/easyui/themes/default/validatebox.css HTTP/1.1" 404 1104
101.228.167.227 - - [12/Jun/2020:07:04:25 +0800] "GET /xingrg/kc/base/wldb_order_operate.html?command=get_materiel&rest_code=00146&base_code=0010063&code=00101013011 HTTP/1.1" 200 451
120.253.135.82 - - [12/Jun/2020:07:04:27 +0800] "POST /xingrg/kc/pszx/mdps_list_operate.html HTTP/1.1" 200 2436
120.253.135.82 - - [12/Jun/2020:07:04:28 +0800] "POST /xingrg/kc/pszx/mdps_list_operate.html HTTP/1.1" 200 205
120.253.135.82 - - [12/Jun/2020:07:04:32 +0800] "GET /xingrg/kc/pszx/mdps_order_info.html?code=312020061200314 HTTP/1.1" 200 23849
120.253.135.82 - - [12/Jun/2020:07:04:32 +0800] "POST /xingrg/kc/pszx/mdps_order_operate.html HTTP/1.1" 200 2281
120.253.135.82 - - [12/Jun/2020:07:04:33 +0800] "GET /xingrg/javascript/easyui/themes/default/validatebox.css HTTP/1.1" 404 1104
120.253.135.82 - - [12/Jun/2020:07:04:38 +0800] "POST /xingrg/all/common/load_combo.html?type=base HTTP/1.1" 200 899
114.88.170.9 - - [12/Jun/2020:07:04:40 +0800] "GET /xingrg/all/function/internal_message.html?_=1591916674323&CODE_STATE=getMsg HTTP/1.1" 200 27
101.228.167.227 - - [12/Jun/2020:07:04:41 +0800] "POST /xingrg/kc/base/wldb_order_operate.html HTTP/1.1" 200 37
101.228.167.227 - - [12/Jun/2020:07:04:42 +0800] "POST /xingrg/kc/base/wldb_order_operate.html HTTP/1.1" 200 12
101.228.167.227 - - [12/Jun/2020:07:04:42 +0800] "POST /xingrg/kc/base/wldb_order_operate.html HTTP/1.1" 200 4637
101.228.167.227 - - [12/Jun/2020:07:04:43 +0800] "GET /xingrg/kc/base/wldb_order_info.html?code=422020061201245 HTTP/1.1" 200 26201
101.228.167.227 - - [12/Jun/2020:07:04:44 +0800] "POST /xingrg/kc/base/wldb_order_operate.html HTTP/1.1" 200 2875
101.228.167.227 - - [12/Jun/2020:07:04:44 +0800] "GET /xingrg/javascript/easyui/themes/default/validatebox.css HTTP/1.1" 404 1104
101.228.167.227 - - [12/Jun/2020:07:04:47 +0800] "GET /xingrg/kc/base/wldb_order_add.html HTTP/1.1" 200 30322
101.228.167.227 - - [12/Jun/2020:07:04:47 +0800] "POST /xingrg/kc/base/wldb_order_operate.html HTTP/1.1" 200 6806
101.228.167.227 - - [12/Jun/2020:07:04:48 +0800] "GET /xingrg/javascript/easyui/themes/default/validatebox.css HTTP/1.1" 404 1104
172.17.0.123 - - [12/Jun/2020:07:04:48 +0800] "GET /xingrg/all/function/internal_message.html?_=1591916660150&CODE_STATE=getMsg HTTP/1.1" 200 27
120.253.135.82 - - [12/Jun/2020:07:04:50 +0800] "POST /xingrg/kc/pszx/mdps_order_operate.html HTTP/1.1" 200 37
120.253.135.82 - - [12/Jun/2020:07:04:51 +0800] "GET /xingrg/kc/pszx/mdps_order_info.html?code=312020061200314 HTTP/1.1" 200 23849
120.253.135.82 - - [12/Jun/2020:07:04:52 +0800] "POST /xingrg/kc/pszx/mdps_order_operate.html HTTP/1.1" 200 2289
120.253.135.82 - - [12/Jun/2020:07:04:52 +0800] "GET /xingrg/javascript/easyui/themes/default/validatebox.css HTTP/1.1" 404 1104
180.162.232.172 - - [12/Jun/2020:07:04:53 +0800] "GET /xingrg/all/function/internal_message.html?_=1591916828308&CODE_STATE=getMsg HTTP/1.1" 200 27
120.253.135.82 - - [12/Jun/2020:07:04:55 +0800] "POST /xingrg/kc/pszx/mdps_list_operate.html HTTP/1.1" 200 2436
120.253.135.82 - - [12/Jun/2020:07:04:57 +0800] "POST /xingrg/kc/pszx/mdps_list_operate.html HTTP/1.1" 200 387
120.253.135.82 - - [12/Jun/2020:07:04:58 +0800] "GET /xingrg/kc/pszx/mdps_order_info.html?code=312020061200313 HTTP/1.1" 200 23849
120.253.135.82 - - [12/Jun/2020:07:04:58 +0800] "POST /xingrg/kc/pszx/mdps_order_operate.html HTTP/1.1" 200 3308
120.253.135.82 - - [12/Jun/2020:07:04:58 +0800] "GET /xingrg/javascript/easyui/themes/default/validatebox.css HTTP/1.1" 404 1104
120.253.135.82 - - [12/Jun/2020:07:04:59 +0800] "GET /xingrg/all/function/internal_message.html?_=1591916453991&CODE_STATE=getMsg HTTP/1.1" 200 27
120.253.135.82 - - [12/Jun/2020:07:05:01 +0800] "POST /xingrg/kc/pszx/mdps_list_operate.html HTTP/1.1" 200 2436
120.253.135.82 - - [12/Jun/2020:07:05:02 +0800] "POST /xingrg/kc/pszx/mdps_list_operate.html HTTP/1.1" 200 205
120.253.135.82 - - [12/Jun/2020:07:05:03 +0800] "GET /xingrg/kc/pszx/mdps_order_info.html?code=312020061200314 HTTP/1.1" 200 23849
120.253.135.82 - - [12/Jun/2020:07:05:03 +0800] "POST /xingrg/kc/pszx/mdps_order_operate.html HTTP/1.1" 200 2289
120.253.135.82 - - [12/Jun/2020:07:05:03 +0800] "GET /xingrg/javascript/easyui/themes/default/validatebox.css HTTP/1.1" 404 1104
120.253.135.82 - - [12/Jun/2020:07:05:10 +0800] "GET /xingrg/kc/pszx/mdps_order_operate.html?command=get_materiel&pszx_code=00101&rest_code=00149&base_code=0010250&code=00102004035 HTTP/1.1" 200 436
101.228.167.227 - - [12/Jun/2020:07:05:13 +0800] "GET /xingrg/all/function/internal_message.html?_=1591916715772&CODE_STATE=getMsg HTTP/1.1" 200 27
120.253.135.82 - - [12/Jun/2020:07:05:18 +0800] "POST /xingrg/kc/pszx/mdps_order_operate.html HTTP/1.1" 200 37
120.253.135.82 - - [12/Jun/2020:07:05:19 +0800] "GET /xingrg/kc/pszx/mdps_order_info.html?code=312020061200314 HTTP/1.1" 200 23849
101.228.167.227 - - [12/Jun/2020:07:05:19 +0800] "GET /xingrg/kc/base/wldb_order_operate.html?command=get_materiel&rest_code=00146&base_code=0010063&code=00101019063 HTTP/1.1" 200 448
120.253.135.82 - - [12/Jun/2020:07:05:19 +0800] "POST /xingrg/kc/pszx/mdps_order_operate.html HTTP/1.1" 200 2780
120.253.135.82 - - [12/Jun/2020:07:05:19 +0800] "GET /xingrg/javascript/easyui/themes/default/validatebox.css HTTP/1.1" 404 1104
120.253.135.82 - - [12/Jun/2020:07:05:21 +0800] "POST /xingrg/kc/pszx/mdps_list_operate.html HTTP/1.1" 200 2437
120.253.135.82 - - [12/Jun/2020:07:05:23 +0800] "POST /xingrg/kc/pszx/mdps_list_operate.html HTTP/1.1" 200 387
120.253.135.82 - - [12/Jun/2020:07:05:24 +0800] "GET /xingrg/kc/pszx/mdps_order_info.html?code=312020061200313 HTTP/1.1" 200 23849
120.253.135.82 - - [12/Jun/2020:07:05:25 +0800] "POST /xingrg/kc/pszx/mdps_order_operate.html HTTP/1.1" 200 3308
120.253.135.82 - - [12/Jun/2020:07:05:25 +0800] "GET /xingrg/javascript/easyui/themes/default/validatebox.css HTTP/1.1" 404 1104
101.228.167.227 - - [12/Jun/2020:07:05:27 +0800] "GET /xingrg/kc/base/wldb_order_operate.html?command=get_materiel&rest_code=00146&base_code=0010063&code=00101019015 HTTP/1.1" 200 437
120.253.135.82 - - [12/Jun/2020:07:05:28 +0800] "POST /xingrg/kc/pszx/mdps_list_operate.html HTTP/1.1" 200 2437
120.253.135.82 - - [12/Jun/2020:07:05:30 +0800] "POST /xingrg/kc/pszx/mdps_list_operate.html HTTP/1.1" 200 282
120.253.135.82 - - [12/Jun/2020:07:05:30 +0800] "GET /xingrg/kc/pszx/mdps_order_info.html?code=312020061200314 HTTP/1.1" 200 23849
120.253.135.82 - - [12/Jun/2020:07:05:31 +0800] "POST /xingrg/kc/pszx/mdps_order_operate.html HTTP/1.1" 200 2780
120.253.135.82 - - [12/Jun/2020:07:05:31 +0800] "GET /xingrg/javascript/easyui/themes/default/validatebox.css HTTP/1.1" 404 1104
101.228.167.227 - - [12/Jun/2020:07:05:34 +0800] "GET /xingrg/kc/base/wldb_order_operate.html?command=get_materiel&rest_code=00146&base_code=0010063&code=00101019438 HTTP/1.1" 200 445
120.253.135.82 - - [12/Jun/2020:07:05:39 +0800] "GET /xingrg/kc/pszx/mdps_order_operate.html?command=get_materiel&pszx_code=00101&rest_code=00149&base_code=0010250&code=00102002505 HTTP/1.1" 200 436
114.88.170.9 - - [12/Jun/2020:07:05:40 +0800] "GET /xingrg/all/function/internal_message.html?_=1591916734429&CODE_STATE=getMsg HTTP/1.1" 200 27
120.253.135.82 - - [12/Jun/2020:07:05:44 +0800] "POST /xingrg/kc/pszx/mdps_order_operate.html HTTP/1.1" 200 37
120.253.135.82 - - [12/Jun/2020:07:05:45 +0800] "GET /xingrg/kc/pszx/mdps_order_info.html?code=312020061200314 HTTP/1.1" 200 23849
120.253.135.82 - - [12/Jun/2020:07:05:46 +0800] "POST /xingrg/kc/pszx/mdps_order_operate.html HTTP/1.1" 200 3266
120.253.135.82 - - [12/Jun/2020:07:05:46 +0800] "GET /xingrg/javascript/easyui/themes/default/validatebox.css HTTP/1.1" 404 1104
120.253.135.82 - - [12/Jun/2020:07:05:47 +0800] "POST /xingrg/kc/pszx/mdps_list_operate.html HTTP/1.1" 200 2437
172.17.0.123 - - [12/Jun/2020:07:05:48 +0800] "GET /xingrg/all/function/internal_message.html?_=1591916720152&CODE_STATE=getMsg HTTP/1.1" 200 27
120.253.135.82 - - [12/Jun/2020:07:05:49 +0800] "POST /xingrg/kc/pszx/mdps_list_operate.html HTTP/1.1" 200 387
120.253.135.82 - - [12/Jun/2020:07:05:49 +0800] "GET /xingrg/kc/pszx/mdps_order_info.html?code=312020061200313 HTTP/1.1" 200 23849
120.253.135.82 - - [12/Jun/2020:07:05:50 +0800] "POST /xingrg/kc/pszx/mdps_order_operate.html HTTP/1.1" 200 3308
120.253.135.82 - - [12/Jun/2020:07:05:50 +0800] "GET /xingrg/javascript/easyui/themes/default/validatebox.css HTTP/1.1" 404 1104
180.162.232.172 - - [12/Jun/2020:07:05:53 +0800] "GET /xingrg/all/function/internal_message.html?_=1591916888340&CODE_STATE=getMsg HTTP/1.1" 200 27
101.228.167.227 - - [12/Jun/2020:07:05:55 +0800] "GET /xingrg/kc/base/wldb_order_operate.html?command=get_materiel&rest_code=00146&base_code=0010063&code=00101019276 HTTP/1.1" 200 459
120.253.135.82 - - [12/Jun/2020:07:05:58 +0800] "POST /xingrg/kc/pszx/mdps_order_operate.html HTTP/1.1" 200 37
120.253.135.82 - - [12/Jun/2020:07:05:59 +0800] "GET /xingrg/kc/pszx/mdps_order_info.html?code=312020061200313 HTTP/1.1" 200 23849
120.253.135.82 - - [12/Jun/2020:07:06:00 +0800] "POST /xingrg/kc/pszx/mdps_order_operate.html HTTP/1.1" 200 2332
120.253.135.82 - - [12/Jun/2020:07:06:00 +0800] "GET /xingrg/javascript/easyui/themes/default/validatebox.css HTTP/1.1" 404 1104
120.253.135.82 - - [12/Jun/2020:07:06:00 +0800] "GET /xingrg/all/function/internal_message.html?_=1591916515158&CODE_STATE=getMsg HTTP/1.1" 200 27
120.253.135.82 - - [12/Jun/2020:07:06:01 +0800] "POST /xingrg/kc/pszx/mdps_list_operate.html HTTP/1.1" 200 2437
101.228.167.227 - - [12/Jun/2020:07:06:02 +0800] "GET /xingrg/kc/base/wldb_order_operate.html?command=get_materiel&rest_code=00146&base_code=0010063&code=00101019164 HTTP/1.1" 200 452
101.228.167.227 - - [12/Jun/2020:07:06:13 +0800] "GET /xingrg/all/function/internal_message.html?_=1591916775777&CODE_STATE=getMsg HTTP/1.1" 200 27
101.228.167.227 - - [12/Jun/2020:07:06:16 +0800] "GET /xingrg/kc/base/wldb_order_operate.html?command=get_materiel&rest_code=00146&base_code=0010063&code=00101019187 HTTP/1.1" 200 465
180.162.232.172 - - [12/Jun/2020:07:06:29 +0800] "GET /xingrg/check_reg.html?_=1591916924079 HTTP/1.1" 200 22
120.253.135.82 - - [12/Jun/2020:07:06:38 +0800] "GET /xingrg/kc/pszx/mdqp_order_list.html?state=10 HTTP/1.1" 200 12145
120.253.135.82 - - [12/Jun/2020:07:06:38 +0800] "GET /xingrg/dwr/interface/AjaxReportQueryService.js HTTP/1.1" 200 13203
120.253.135.82 - - [12/Jun/2020:07:06:38 +0800] "GET /xingrg/dwr/interface/AjaxQqpsService.js HTTP/1.1" 200 16326
120.253.135.82 - - [12/Jun/2020:07:06:38 +0800] "GET /xingrg/dwr/engine.js HTTP/1.1" 200 43631
114.88.170.9 - - [12/Jun/2020:07:06:40 +0800] "GET /xingrg/all/function/internal_message.html?_=1591916794445&CODE_STATE=getMsg HTTP/1.1" 200 27
101.228.167.227 - - [12/Jun/2020:07:06:44 +0800] "GET /xingrg/kc/base/wldb_order_operate.html?command=get_materiel&rest_code=00146&base_code=0010063&code=00101013032 HTTP/1.1" 200 450
172.17.0.123 - - [12/Jun/2020:07:06:48 +0800] "GET /xingrg/all/function/internal_message.html?_=1591916780138&CODE_STATE=getMsg HTTP/1.1" 200 27
180.162.232.172 - - [12/Jun/2020:07:06:53 +0800] "GET /xingrg/all/function/internal_message.html?_=1591916948350&CODE_STATE=getMsg HTTP/1.1" 200 27
101.228.167.227 - - [12/Jun/2020:07:06:55 +0800] "GET /xingrg/kc/base/wldb_order_operate.html?command=get_materiel&rest_code=00146&base_code=0010063&code=00101019529 HTTP/1.1" 200 475
120.253.135.82 - - [12/Jun/2020:07:06:56 +0800] "GET /xingrg/check_reg.html?_=1591916571242 HTTP/1.1" 200 22
120.253.135.82 - - [12/Jun/2020:07:06:58 +0800] "GET /xingrg/kc/pszx/jzcl_ps.html HTTP/1.1" 200 7683
120.253.135.82 - - [12/Jun/2020:07:06:58 +0800] "POST /xingrg/all/common/load_tree.html?tree=area_rest_tree_json HTTP/1.1" 200 3088
120.253.135.82 - - [12/Jun/2020:07:06:58 +0800] "POST /xingrg/kc/pszx/jzcl_ps_operate.html HTTP/1.1" 200 2071
120.253.135.82 - - [12/Jun/2020:07:06:58 +0800] "POST /xingrg/kc/pszx/jzcl_ps_operate.html HTTP/1.1" 200 2071
120.253.135.82 - - [12/Jun/2020:07:07:00 +0800] "GET /xingrg/all/function/internal_message.html?_=1591916575172&CODE_STATE=getMsg HTTP/1.1" 200 27
120.253.135.82 - - [12/Jun/2020:07:07:03 +0800] "POST /xingrg/kc/pszx/jzcl_ps_operate.html HTTP/1.1" 200 4
120.253.135.82 - - [12/Jun/2020:07:07:03 +0800] "GET /xingrg/javascript/step/images/navBtn.gif HTTP/1.1" 200 361
120.253.135.82 - - [12/Jun/2020:07:07:03 +0800] "GET /xingrg/javascript/step/images/navBtn.gif HTTP/1.1" 200 361
120.253.135.82 - - [12/Jun/2020:07:07:04 +0800] "GET /xingrg/kc/pszx/mdps_order_list.html HTTP/1.1" 200 20967
120.253.135.82 - - [12/Jun/2020:07:07:04 +0800] "POST /xingrg/kc/pszx/mdps_list_operate.html HTTP/1.1" 200 5419
120.253.135.82 - - [12/Jun/2020:07:07:08 +0800] "GET /xingrg/kc/pszx/jzcl_ps.html HTTP/1.1" 200 7683
120.253.135.82 - - [12/Jun/2020:07:07:08 +0800] "POST /xingrg/all/common/load_tree.html?tree=area_rest_tree_json HTTP/1.1" 200 3088
120.253.135.82 - - [12/Jun/2020:07:07:08 +0800] "POST /xingrg/kc/pszx/jzcl_ps_operate.html HTTP/1.1" 200 1676
120.253.135.82 - - [12/Jun/2020:07:07:08 +0800] "POST /xingrg/kc/pszx/jzcl_ps_operate.html HTTP/1.1" 200 1676
101.228.167.227 - - [12/Jun/2020:07:07:13 +0800] "GET /xingrg/all/function/internal_message.html?_=1591916835790&CODE_STATE=getMsg HTTP/1.1" 200 27
120.253.135.82 - - [12/Jun/2020:07:07:17 +0800] "POST /xingrg/kc/pszx/jzcl_ps_operate.html HTTP/1.1" 200 4
120.253.135.82 - - [12/Jun/2020:07:07:17 +0800] "GET /xingrg/javascript/step/images/navBtn.gif HTTP/1.1" 200 361
101.228.167.227 - - [12/Jun/2020:07:07:17 +0800] "POST /xingrg/kc/base/wldb_order_operate.html HTTP/1.1" 200 37
120.253.135.82 - - [12/Jun/2020:07:07:18 +0800] "GET /xingrg/kc/pszx/mdps_order_list.html HTTP/1.1" 200 20967
101.228.167.227 - - [12/Jun/2020:07:07:19 +0800] "POST /xingrg/kc/base/wldb_order_operate.html HTTP/1.1" 200 12
101.228.167.227 - - [12/Jun/2020:07:07:19 +0800] "POST /xingrg/kc/base/wldb_order_operate.html HTTP/1.1" 200 7640
120.253.135.82 - - [12/Jun/2020:07:07:19 +0800] "POST /xingrg/kc/pszx/mdps_list_operate.html HTTP/1.1" 200 5478
101.228.167.227 - - [12/Jun/2020:07:07:20 +0800] "GET /xingrg/kc/base/wldb_order_info.html?code=422020061201246 HTTP/1.1" 200 26201
101.228.167.227 - - [12/Jun/2020:07:07:20 +0800] "POST /xingrg/kc/base/wldb_order_operate.html HTTP/1.1" 200 5810
101.228.167.227 - - [12/Jun/2020:07:07:20 +0800] "GET /xingrg/javascript/easyui/themes/default/validatebox.css HTTP/1.1" 404 1104
101.228.167.227 - - [12/Jun/2020:07:07:24 +0800] "GET /xingrg/kc/base/wldb_order_add.html HTTP/1.1" 200 30322
101.228.167.227 - - [12/Jun/2020:07:07:25 +0800] "POST /xingrg/kc/base/wldb_order_operate.html HTTP/1.1" 200 6806
101.228.167.227 - - [12/Jun/2020:07:07:25 +0800] "GET /xingrg/javascript/easyui/themes/default/validatebox.css HTTP/1.1" 404 1104
120.253.135.82 - - [12/Jun/2020:07:07:29 +0800] "POST /xingrg/kc/pszx/mdps_list_operate.html HTTP/1.1" 200 1687
120.253.135.82 - - [12/Jun/2020:07:07:30 +0800] "POST /xingrg/kc/pszx/mdps_list_operate.html HTTP/1.1" 200 208
120.253.135.82 - - [12/Jun/2020:07:07:32 +0800] "GET /xingrg/kc/pszx/mdps_order_info.html?code=312020061200315 HTTP/1.1" 200 23847
120.253.135.82 - - [12/Jun/2020:07:07:33 +0800] "POST /xingrg/kc/pszx/mdps_order_operate.html HTTP/1.1" 200 2285
120.253.135.82 - - [12/Jun/2020:07:07:33 +0800] "GET /xingrg/javascript/easyui/themes/default/validatebox.css HTTP/1.1" 404 1104
114.88.170.9 - - [12/Jun/2020:07:07:39 +0800] "GET /xingrg/check_reg.html?_=1591916853140 HTTP/1.1" 200 22
120.253.135.82 - - [12/Jun/2020:07:07:40 +0800] "POST /xingrg/kc/pszx/mdps_order_operate.html HTTP/1.1" 200 37
114.88.170.9 - - [12/Jun/2020:07:07:40 +0800] "GET /xingrg/all/function/internal_message.html?_=1591916854457&CODE_STATE=getMsg HTTP/1.1" 200 27
120.253.135.82 - - [12/Jun/2020:07:07:41 +0800] "GET /xingrg/kc/pszx/mdps_order_info.html?code=312020061200315 HTTP/1.1" 200 23847
120.253.135.82 - - [12/Jun/2020:07:07:42 +0800] "POST /xingrg/kc/pszx/mdps_order_operate.html HTTP/1.1" 200 2293
120.253.135.82 - - [12/Jun/2020:07:07:42 +0800] "GET /xingrg/javascript/easyui/themes/default/validatebox.css HTTP/1.1" 404 1104
117.131.5.26 - - [12/Jun/2020:07:07:43 +0800] "GET /xingrg/check_reg.html?_=1591916882273 HTTP/1.1" 302 -
120.253.135.82 - - [12/Jun/2020:07:07:46 +0800] "GET /xingrg/kc/pszx/mdps_order_info.html?code=312020061200315 HTTP/1.1" 200 23847
120.253.135.82 - - [12/Jun/2020:07:07:46 +0800] "POST /xingrg/kc/pszx/mdps_order_operate.html HTTP/1.1" 200 2293
120.253.135.82 - - [12/Jun/2020:07:07:46 +0800] "GET /xingrg/javascript/easyui/themes/default/validatebox.css HTTP/1.1" 404 1104
172.17.0.123 - - [12/Jun/2020:07:07:48 +0800] "GET /xingrg/all/function/internal_message.html?_=1591916840140&CODE_STATE=getMsg HTTP/1.1" 200 27
172.17.0.123 - - [12/Jun/2020:07:07:48 +0800] "GET /xingrg/check_reg.html?_=1591916840142 HTTP/1.1" 200 22
120.253.135.82 - - [12/Jun/2020:07:07:49 +0800] "POST /xingrg/kc/pszx/mdps_list_operate.html HTTP/1.1" 200 1687
180.162.232.172 - - [12/Jun/2020:07:07:53 +0800] "GET /xingrg/all/function/internal_message.html?_=1591917008364&CODE_STATE=getMsg HTTP/1.1" 200 27
120.253.135.82 - - [12/Jun/2020:07:07:58 +0800] "POST /xingrg/kc/pszx/mdps_list_operate.html HTTP/1.1" 200 2809
101.228.167.227 - - [12/Jun/2020:07:07:59 +0800] "POST /xingrg/kc/base/wldb_order_operate.html HTTP/1.1" 200 37
120.253.135.82 - - [12/Jun/2020:07:08:00 +0800] "POST /xingrg/kc/pszx/mdps_list_operate.html HTTP/1.1" 200 584
101.228.167.227 - - [12/Jun/2020:07:08:00 +0800] "POST /xingrg/kc/base/wldb_order_operate.html HTTP/1.1" 200 12
101.228.167.227 - - [12/Jun/2020:07:08:00 +0800] "POST /xingrg/kc/base/wldb_order_operate.html HTTP/1.1" 200 2214
120.253.135.82 - - [12/Jun/2020:07:08:00 +0800] "GET /xingrg/kc/pszx/mdps_order_info.html?code=312020061200316 HTTP/1.1" 200 23849
120.253.135.82 - - [12/Jun/2020:07:08:00 +0800] "GET /xingrg/all/function/internal_message.html?_=1591916635209&CODE_STATE=getMsg HTTP/1.1" 200 27
120.253.135.82 - - [12/Jun/2020:07:08:01 +0800] "GET /xingrg/javascript/easyui/themes/default/validatebox.css HTTP/1.1" 404 1104
120.253.135.82 - - [12/Jun/2020:07:08:01 +0800] "POST /xingrg/kc/pszx/mdps_order_operate.html HTTP/1.1" 200 13678
101.228.167.227 - - [12/Jun/2020:07:08:01 +0800] "GET /xingrg/kc/base/wldb_order_info.html?code=422020061201247 HTTP/1.1" 200 26201
101.228.167.227 - - [12/Jun/2020:07:08:02 +0800] "POST /xingrg/kc/base/wldb_order_operate.html HTTP/1.1" 200 508
101.228.167.227 - - [12/Jun/2020:07:08:02 +0800] "GET /xingrg/javascript/easyui/themes/default/validatebox.css HTTP/1.1" 404 1104
120.253.135.82 - - [12/Jun/2020:07:08:04 +0800] "POST /xingrg/kc/pszx/mdps_order_operate.html HTTP/1.1" 200 37
120.253.135.82 - - [12/Jun/2020:07:08:05 +0800] "GET /xingrg/kc/pszx/mdps_order_info.html?code=312020061200316 HTTP/1.1" 200 23849
101.228.167.227 - - [12/Jun/2020:07:08:05 +0800] "GET /xingrg/kc/buy/cgsh_order_list.html HTTP/1.1" 200 43173
120.253.135.82 - - [12/Jun/2020:07:08:05 +0800] "POST /xingrg/kc/pszx/mdps_order_operate.html HTTP/1.1" 200 13859
120.253.135.82 - - [12/Jun/2020:07:08:05 +0800] "GET /xingrg/javascript/easyui/themes/default/validatebox.css HTTP/1.1" 404 1104
101.228.167.227 - - [12/Jun/2020:07:08:12 +0800] "POST /xingrg/kc/buy/cgsh_list_operate.html HTTP/1.1" 200 5167
101.228.167.227 - - [12/Jun/2020:07:08:13 +0800] "GET /xingrg/all/function/internal_message.html?_=1591916895804&CODE_STATE=getMsg HTTP/1.1" 200 27
101.228.167.227 - - [12/Jun/2020:07:08:15 +0800] "GET /xingrg/javascript/jquery_easy_ui/themes/default/images/tabs_active.png HTTP/1.1" 304 -
101.228.167.227 - - [12/Jun/2020:07:08:31 +0800] "POST /xingrg/kc/buy/cgsh_list_operate.html HTTP/1.1" 200 4
101.228.167.227 - - [12/Jun/2020:07:08:36 +0800] "POST /xingrg/kc/buy/cgsh_list_operate.html HTTP/1.1" 200 3859
120.253.135.82 - - [12/Jun/2020:07:08:38 +0800] "GET /xingrg/kc/pszx/mdps_order_operate.html?command=get_materiel&pszx_code=00101&rest_code=00150&base_code=0010246&code=00101030018 HTTP/1.1" 200 435
114.88.170.9 - - [12/Jun/2020:07:08:40 +0800] "GET /xingrg/all/function/internal_message.html?_=1591916914472&CODE_STATE=getMsg HTTP/1.1" 200 27
172.17.0.123 - - [12/Jun/2020:07:08:48 +0800] "GET /xingrg/all/function/internal_message.html?_=1591916900144&CODE_STATE=getMsg HTTP/1.1" 200 27
101.228.167.227 - - [12/Jun/2020:07:08:49 +0800] "POST /xingrg/kc/buy/cgsh_list_operate.html HTTP/1.1" 200 4
101.228.167.227 - - [12/Jun/2020:07:08:51 +0800] "POST /xingrg/kc/buy/cgsh_list_operate.html HTTP/1.1" 200 876
180.162.232.172 - - [12/Jun/2020:07:08:53 +0800] "GET /xingrg/all/function/internal_message.html?_=1591917068399&CODE_STATE=getMsg HTTP/1.1" 200 27
120.253.135.82 - - [12/Jun/2020:07:08:54 +0800] "POST /xingrg/kc/pszx/mdps_order_operate.html HTTP/1.1" 200 37
120.253.135.82 - - [12/Jun/2020:07:08:55 +0800] "GET /xingrg/kc/pszx/mdps_order_info.html?code=312020061200316 HTTP/1.1" 200 23849
120.253.135.82 - - [12/Jun/2020:07:08:56 +0800] "GET /xingrg/javascript/easyui/themes/default/validatebox.css HTTP/1.1" 404 1104
120.253.135.82 - - [12/Jun/2020:07:08:56 +0800] "POST /xingrg/kc/pszx/mdps_order_operate.html HTTP/1.1" 200 13862
120.253.135.82 - - [12/Jun/2020:07:09:00 +0800] "GET /xingrg/all/function/internal_message.html?_=1591916695214&CODE_STATE=getMsg HTTP/1.1" 200 27
101.228.167.227 - - [12/Jun/2020:07:09:13 +0800] "GET /xingrg/all/function/internal_message.html?_=1591916955817&CODE_STATE=getMsg HTTP/1.1" 200 27
101.228.167.227 - - [12/Jun/2020:07:09:23 +0800] "GET /xingrg/check_reg.html?_=1591916965853 HTTP/1.1" 200 22
114.88.170.9 - - [12/Jun/2020:07:09:40 +0800] "GET /xingrg/all/function/internal_message.html?_=1591916974486&CODE_STATE=getMsg HTTP/1.1" 200 27
172.17.0.123 - - [12/Jun/2020:07:09:48 +0800] "GET /xingrg/all/function/internal_message.html?_=1591916960148&CODE_STATE=getMsg HTTP/1.1" 200 27
180.162.232.172 - - [12/Jun/2020:07:09:53 +0800] "GET /xingrg/all/function/internal_message.html?_=1591917128406&CODE_STATE=getMsg HTTP/1.1" 200 27
120.253.135.82 - - [12/Jun/2020:07:10:00 +0800] "GET /xingrg/all/function/internal_message.html?_=1591916755228&CODE_STATE=getMsg HTTP/1.1" 200 27
101.228.167.227 - - [12/Jun/2020:07:10:13 +0800] "GET /xingrg/all/function/internal_message.html?_=1591917015832&CODE_STATE=getMsg HTTP/1.1" 200 27
114.88.170.9 - - [12/Jun/2020:07:10:41 +0800] "GET /xingrg/all/function/internal_message.html?_=1591917034593&CODE_STATE=getMsg HTTP/1.1" 200 27
172.17.0.123 - - [12/Jun/2020:07:10:48 +0800] "GET /xingrg/all/function/internal_message.html?_=1591917020148&CODE_STATE=getMsg HTTP/1.1" 200 27
180.162.232.172 - - [12/Jun/2020:07:10:53 +0800] "GET /xingrg/all/function/internal_message.html?_=1591917188440&CODE_STATE=getMsg HTTP/1.1" 200 27
120.253.135.82 - - [12/Jun/2020:07:11:01 +0800] "GET /xingrg/all/function/internal_message.html?_=1591916815389&CODE_STATE=getMsg HTTP/1.1" 200 27
101.228.167.227 - - [12/Jun/2020:07:11:13 +0800] "GET /xingrg/all/function/internal_message.html?_=1591917075844&CODE_STATE=getMsg HTTP/1.1" 200 27
120.253.135.82 - - [12/Jun/2020:07:11:23 +0800] "POST /xingrg/kc/pszx/mdps_order_operate.html HTTP/1.1" 200 37
120.253.135.82 - - [12/Jun/2020:07:11:24 +0800] "GET /xingrg/kc/pszx/mdps_order_info.html?code=312020061200316 HTTP/1.1" 200 23849
120.253.135.82 - - [12/Jun/2020:07:11:24 +0800] "POST /xingrg/kc/pszx/mdps_order_operate.html HTTP/1.1" 200 13862
120.253.135.82 - - [12/Jun/2020:07:11:24 +0800] "GET /xingrg/javascript/easyui/themes/default/validatebox.css HTTP/1.1" 404 1104
180.162.232.172 - - [12/Jun/2020:07:11:29 +0800] "GET /xingrg/check_reg.html?_=1591917224091 HTTP/1.1" 200 22
114.88.170.9 - - [12/Jun/2020:07:11:41 +0800] "GET /xingrg/all/function/internal_message.html?_=1591917094607&CODE_STATE=getMsg HTTP/1.1" 200 27
172.17.0.123 - - [12/Jun/2020:07:11:48 +0800] "GET /xingrg/all/function/internal_message.html?_=1591917080150&CODE_STATE=getMsg HTTP/1.1" 200 27
180.162.232.172 - - [12/Jun/2020:07:11:53 +0800] "GET /xingrg/all/function/internal_message.html?_=1591917248449&CODE_STATE=getMsg HTTP/1.1" 200 27
120.253.135.82 - - [12/Jun/2020:07:11:56 +0800] "GET /xingrg/check_reg.html?_=1591916871246 HTTP/1.1" 200 22
120.253.135.82 - - [12/Jun/2020:07:12:01 +0800] "GET /xingrg/all/function/internal_message.html?_=1591916875396&CODE_STATE=getMsg HTTP/1.1" 200 27
101.228.167.227 - - [12/Jun/2020:07:12:13 +0800] "GET /xingrg/all/function/internal_message.html?_=1591917136169&CODE_STATE=getMsg HTTP/1.1" 200 27
114.88.170.9 - - [12/Jun/2020:07:12:39 +0800] "GET /xingrg/check_reg.html?_=1591917153234 HTTP/1.1" 200 22
114.88.170.9 - - [12/Jun/2020:07:12:41 +0800] "GET /xingrg/all/function/internal_message.html?_=1591917154620&CODE_STATE=getMsg HTTP/1.1" 200 27
117.131.5.26 - - [12/Jun/2020:07:12:43 +0800] "GET /xingrg/check_reg.html?_=1591917182289 HTTP/1.1" 302 -
172.17.0.123 - - [12/Jun/2020:07:12:48 +0800] "GET /xingrg/check_reg.html?_=1591917140136 HTTP/1.1" 200 22
172.17.0.123 - - [12/Jun/2020:07:12:48 +0800] "GET /xingrg/all/function/internal_message.html?_=1591917140140&CODE_STATE=getMsg HTTP/1.1" 200 27
120.253.135.82 - - [12/Jun/2020:07:12:51 +0800] "POST /xingrg/kc/pszx/mdps_order_operate.html HTTP/1.1" 200 37
120.253.135.82 - - [12/Jun/2020:07:12:53 +0800] "GET /xingrg/kc/pszx/mdps_order_info.html?code=312020061200316 HTTP/1.1" 200 23849
180.162.232.172 - - [12/Jun/2020:07:12:53 +0800] "GET /xingrg/all/function/internal_message.html?_=1591917308462&CODE_STATE=getMsg HTTP/1.1" 200 27
120.253.135.82 - - [12/Jun/2020:07:12:54 +0800] "POST /xingrg/kc/pszx/mdps_order_operate.html HTTP/1.1" 200 13862
120.253.135.82 - - [12/Jun/2020:07:12:54 +0800] "GET /xingrg/javascript/easyui/themes/default/validatebox.css HTTP/1.1" 404 1104
120.253.135.82 - - [12/Jun/2020:07:12:56 +0800] "POST /xingrg/kc/pszx/mdps_list_operate.html HTTP/1.1" 200 2809
120.253.135.82 - - [12/Jun/2020:07:12:57 +0800] "POST /xingrg/kc/pszx/mdps_list_operate.html HTTP/1.1" 200 583
120.253.135.82 - - [12/Jun/2020:07:12:58 +0800] "GET /xingrg/kc/pszx/mdps_order_info.html?code=312020061200316 HTTP/1.1" 200 23849
120.253.135.82 - - [12/Jun/2020:07:12:59 +0800] "POST /xingrg/kc/pszx/mdps_order_operate.html HTTP/1.1" 200 13862
120.253.135.82 - - [12/Jun/2020:07:12:59 +0800] "GET /xingrg/javascript/easyui/themes/default/validatebox.css HTTP/1.1" 404 1104
120.253.135.82 - - [12/Jun/2020:07:13:01 +0800] "GET /xingrg/all/function/internal_message.html?_=1591916935411&CODE_STATE=getMsg HTTP/1.1" 200 27
101.228.167.227 - - [12/Jun/2020:07:13:13 +0800] "GET /xingrg/all/function/internal_message.html?_=1591917196184&CODE_STATE=getMsg HTTP/1.1" 200 27
114.88.170.9 - - [12/Jun/2020:07:13:41 +0800] "GET /xingrg/all/function/internal_message.html?_=1591917214634&CODE_STATE=getMsg HTTP/1.1" 200 27
172.17.0.123 - - [12/Jun/2020:07:13:48 +0800] "GET /xingrg/all/function/internal_message.html?_=1591917200142&CODE_STATE=getMsg HTTP/1.1" 200 27
180.162.232.172 - - [12/Jun/2020:07:13:53 +0800] "GET /xingrg/all/function/internal_message.html?_=1591917368497&CODE_STATE=getMsg HTTP/1.1" 200 27
120.253.135.82 - - [12/Jun/2020:07:14:01 +0800] "GET /xingrg/all/function/internal_message.html?_=1591916995567&CODE_STATE=getMsg HTTP/1.1" 200 27
101.228.167.227 - - [12/Jun/2020:07:14:13 +0800] "GET /xingrg/all/function/internal_message.html?_=1591917256488&CODE_STATE=getMsg HTTP/1.1" 200 27
101.228.167.227 - - [12/Jun/2020:07:14:23 +0800] "GET /xingrg/check_reg.html?_=1591917265855 HTTP/1.1" 200 22
114.88.170.9 - - [12/Jun/2020:07:14:41 +0800] "GET /xingrg/all/function/internal_message.html?_=1591917274648&CODE_STATE=getMsg HTTP/1.1" 200 27
172.17.0.123 - - [12/Jun/2020:07:14:48 +0800] "GET /xingrg/all/function/internal_message.html?_=1591917260144&CODE_STATE=getMsg HTTP/1.1" 200 27
180.162.232.172 - - [12/Jun/2020:07:14:53 +0800] "GET /xingrg/all/function/internal_message.html?_=1591917428506&CODE_STATE=getMsg HTTP/1.1" 200 27
120.253.135.82 - - [12/Jun/2020:07:15:01 +0800] "GET /xingrg/all/function/internal_message.html?_=1591917055577&CODE_STATE=getMsg HTTP/1.1" 200 27
101.228.167.227 - - [12/Jun/2020:07:15:13 +0800] "GET /xingrg/all/function/internal_message.html?_=1591917316493&CODE_STATE=getMsg HTTP/1.1" 200 27
114.88.170.9 - - [12/Jun/2020:07:15:41 +0800] "GET /xingrg/all/function/internal_message.html?_=1591917334755&CODE_STATE=getMsg HTTP/1.1" 200 27
172.17.0.123 - - [12/Jun/2020:07:15:48 +0800] "GET /xingrg/all/function/internal_message.html?_=1591917320148&CODE_STATE=getMsg HTTP/1.1" 200 27
180.162.232.172 - - [12/Jun/2020:07:15:53 +0800] "GET /xingrg/all/function/internal_message.html?_=1591917488541&CODE_STATE=getMsg HTTP/1.1" 200 27
120.253.135.82 - - [12/Jun/2020:07:16:01 +0800] "GET /xingrg/all/function/internal_message.html?_=1591917115747&CODE_STATE=getMsg HTTP/1.1" 200 27
101.228.167.227 - - [12/Jun/2020:07:16:13 +0800] "GET /xingrg/all/function/internal_message.html?_=1591917376506&CODE_STATE=getMsg HTTP/1.1" 200 27
180.162.232.172 - - [12/Jun/2020:07:16:29 +0800] "GET /xingrg/check_reg.html?_=1591917524090 HTTP/1.1" 200 22
114.88.170.9 - - [12/Jun/2020:07:16:41 +0800] "GET /xingrg/all/function/internal_message.html?_=1591917394767&CODE_STATE=getMsg HTTP/1.1" 200 27
172.17.0.123 - - [12/Jun/2020:07:16:48 +0800] "GET /xingrg/all/function/internal_message.html?_=1591917380150&CODE_STATE=getMsg HTTP/1.1" 200 27
180.162.232.172 - - [12/Jun/2020:07:16:53 +0800] "GET /xingrg/all/function/internal_message.html?_=1591917548549&CODE_STATE=getMsg HTTP/1.1" 200 27
120.253.135.82 - - [12/Jun/2020:07:16:57 +0800] "GET /xingrg/check_reg.html?_=1591917171395 HTTP/1.1" 200 22
120.253.135.82 - - [12/Jun/2020:07:17:01 +0800] "POST /xingrg/kc/pszx/mdps_order_operate.html HTTP/1.1" 200 37
120.253.135.82 - - [12/Jun/2020:07:17:02 +0800] "GET /xingrg/kc/pszx/mdps_order_info.html?code=312020061200316 HTTP/1.1" 200 23849
120.253.135.82 - - [12/Jun/2020:07:17:03 +0800] "POST /xingrg/kc/pszx/mdps_order_operate.html HTTP/1.1" 200 13862
120.253.135.82 - - [12/Jun/2020:07:17:03 +0800] "GET /xingrg/javascript/easyui/themes/default/validatebox.css HTTP/1.1" 404 1104
120.253.135.82 - - [12/Jun/2020:07:17:03 +0800] "GET /xingrg/all/function/internal_message.html?_=1591917177928&CODE_STATE=getMsg HTTP/1.1" 200 27
120.253.135.82 - - [12/Jun/2020:07:17:04 +0800] "POST /xingrg/kc/pszx/mdps_list_operate.html HTTP/1.1" 200 2809
120.253.135.82 - - [12/Jun/2020:07:17:06 +0800] "POST /xingrg/kc/pszx/mdps_list_operate.html HTTP/1.1" 200 206
120.253.135.82 - - [12/Jun/2020:07:17:08 +0800] "GET /xingrg/kc/pszx/mdps_order_info.html?code=312020061200317 HTTP/1.1" 200 23849
120.253.135.82 - - [12/Jun/2020:07:17:09 +0800] "POST /xingrg/kc/pszx/mdps_order_operate.html HTTP/1.1" 200 2283
120.253.135.82 - - [12/Jun/2020:07:17:09 +0800] "GET /xingrg/javascript/easyui/themes/default/validatebox.css HTTP/1.1" 404 1104
120.253.135.82 - - [12/Jun/2020:07:17:12 +0800] "POST /xingrg/kc/pszx/mdps_order_operate.html HTTP/1.1" 200 37
120.253.135.82 - - [12/Jun/2020:07:17:13 +0800] "GET /xingrg/kc/pszx/mdps_order_info.html?code=312020061200317 HTTP/1.1" 200 23849
120.253.135.82 - - [12/Jun/2020:07:17:13 +0800] "POST /xingrg/kc/pszx/mdps_order_operate.html HTTP/1.1" 200 2292
120.253.135.82 - - [12/Jun/2020:07:17:13 +0800] "GET /xingrg/javascript/easyui/themes/default/validatebox.css HTTP/1.1" 404 1104
101.228.167.227 - - [12/Jun/2020:07:17:14 +0800] "GET /xingrg/all/function/internal_message.html?_=1591917436817&CODE_STATE=getMsg HTTP/1.1" 200 27
120.253.135.82 - - [12/Jun/2020:07:17:16 +0800] "POST /xingrg/kc/pszx/mdps_list_operate.html HTTP/1.1" 200 2809
120.253.135.82 - - [12/Jun/2020:07:17:18 +0800] "POST /xingrg/kc/pszx/mdps_list_operate.html HTTP/1.1" 200 605
120.253.135.82 - - [12/Jun/2020:07:17:19 +0800] "GET /xingrg/kc/pszx/mdps_order_info.html?code=312020061200318 HTTP/1.1" 200 23849
120.253.135.82 - - [12/Jun/2020:07:17:19 +0800] "POST /xingrg/kc/pszx/mdps_order_operate.html HTTP/1.1" 200 8178
120.253.135.82 - - [12/Jun/2020:07:17:19 +0800] "GET /xingrg/javascript/easyui/themes/default/validatebox.css HTTP/1.1" 404 1104
120.253.135.82 - - [12/Jun/2020:07:17:23 +0800] "POST /xingrg/all/common/load_combo.html?type=base HTTP/1.1" 200 899
120.253.135.82 - - [12/Jun/2020:07:17:27 +0800] "POST /xingrg/kc/pszx/mdps_order_operate.html HTTP/1.1" 200 37
120.253.135.82 - - [12/Jun/2020:07:17:28 +0800] "GET /xingrg/kc/pszx/mdps_order_info.html?code=312020061200318 HTTP/1.1" 200 23849
120.253.135.82 - - [12/Jun/2020:07:17:28 +0800] "POST /xingrg/kc/pszx/mdps_order_operate.html HTTP/1.1" 200 8308
120.253.135.82 - - [12/Jun/2020:07:17:28 +0800] "GET /xingrg/javascript/easyui/themes/default/validatebox.css HTTP/1.1" 404 1104
114.88.170.9 - - [12/Jun/2020:07:17:39 +0800] "GET /xingrg/check_reg.html?_=1591917453332 HTTP/1.1" 200 22
114.88.170.9 - - [12/Jun/2020:07:17:41 +0800] "GET /xingrg/all/function/internal_message.html?_=1591917454781&CODE_STATE=getMsg HTTP/1.1" 200 27
117.131.5.26 - - [12/Jun/2020:07:17:43 +0800] "GET /xingrg/check_reg.html?_=1591917482304 HTTP/1.1" 302 -
172.17.0.123 - - [12/Jun/2020:07:17:48 +0800] "GET /xingrg/check_reg.html?_=1591917440152 HTTP/1.1" 200 22
172.17.0.123 - - [12/Jun/2020:07:17:48 +0800] "GET /xingrg/all/function/internal_message.html?_=1591917440152&CODE_STATE=getMsg HTTP/1.1" 200 27
180.162.232.172 - - [12/Jun/2020:07:17:53 +0800] "GET /xingrg/all/function/internal_message.html?_=1591917608563&CODE_STATE=getMsg HTTP/1.1" 200 27
120.253.135.82 - - [12/Jun/2020:07:18:03 +0800] "GET /xingrg/all/function/internal_message.html?_=1591917237942&CODE_STATE=getMsg HTTP/1.1" 200 27
120.253.135.82 - - [12/Jun/2020:07:18:09 +0800] "POST /xingrg/kc/pszx/mdps_order_operate.html HTTP/1.1" 200 37
120.253.135.82 - - [12/Jun/2020:07:18:10 +0800] "GET /xingrg/kc/pszx/mdps_order_info.html?code=312020061200318 HTTP/1.1" 200 23849
120.253.135.82 - - [12/Jun/2020:07:18:11 +0800] "POST /xingrg/kc/pszx/mdps_order_operate.html HTTP/1.1" 200 8308
120.253.135.82 - - [12/Jun/2020:07:18:11 +0800] "GET /xingrg/javascript/easyui/themes/default/validatebox.css HTTP/1.1" 404 1104
120.253.135.82 - - [12/Jun/2020:07:18:12 +0800] "POST /xingrg/kc/pszx/mdps_list_operate.html HTTP/1.1" 200 2809
101.228.167.227 - - [12/Jun/2020:07:18:14 +0800] "GET /xingrg/all/function/internal_message.html?_=1591917496830&CODE_STATE=getMsg HTTP/1.1" 200 27
120.253.135.82 - - [12/Jun/2020:07:18:15 +0800] "POST /xingrg/kc/pszx/mdps_list_operate.html HTTP/1.1" 200 605
120.253.135.82 - - [12/Jun/2020:07:18:18 +0800] "POST /xingrg/kc/pszx/mdps_list_operate.html HTTP/1.1" 200 206
120.253.135.82 - - [12/Jun/2020:07:18:22 +0800] "GET /xingrg/kc/pszx/mdps_order_info.html?code=312020061200318 HTTP/1.1" 200 23849
120.253.135.82 - - [12/Jun/2020:07:18:22 +0800] "POST /xingrg/kc/pszx/mdps_order_operate.html HTTP/1.1" 200 8308
120.253.135.82 - - [12/Jun/2020:07:18:22 +0800] "GET /xingrg/javascript/easyui/themes/default/validatebox.css HTTP/1.1" 404 1104
120.253.135.82 - - [12/Jun/2020:07:18:24 +0800] "POST /xingrg/kc/pszx/mdps_list_operate.html HTTP/1.1" 200 2809
120.253.135.82 - - [12/Jun/2020:07:18:25 +0800] "POST /xingrg/kc/pszx/mdps_list_operate.html HTTP/1.1" 200 203
120.253.135.82 - - [12/Jun/2020:07:18:28 +0800] "GET /xingrg/kc/pszx/mdps_order_info.html?code=312020061200319 HTTP/1.1" 200 23849
120.253.135.82 - - [12/Jun/2020:07:18:28 +0800] "GET /xingrg/javascript/easyui/themes/default/validatebox.css HTTP/1.1" 404 1104
120.253.135.82 - - [12/Jun/2020:07:18:28 +0800] "POST /xingrg/kc/pszx/mdps_order_operate.html HTTP/1.1" 200 2273
120.253.135.82 - - [12/Jun/2020:07:18:31 +0800] "POST /xingrg/all/common/load_combo.html?type=base HTTP/1.1" 200 899
120.253.135.82 - - [12/Jun/2020:07:18:35 +0800] "POST /xingrg/kc/pszx/mdps_order_operate.html HTTP/1.1" 200 37
120.253.135.82 - - [12/Jun/2020:07:18:36 +0800] "GET /xingrg/kc/pszx/mdps_order_info.html?code=312020061200319 HTTP/1.1" 200 23849
120.253.135.82 - - [12/Jun/2020:07:18:36 +0800] "POST /xingrg/kc/pszx/mdps_order_operate.html HTTP/1.1" 200 2281
120.253.135.82 - - [12/Jun/2020:07:18:36 +0800] "GET /xingrg/javascript/easyui/themes/default/validatebox.css HTTP/1.1" 404 1104
114.88.170.9 - - [12/Jun/2020:07:18:41 +0800] "GET /xingrg/all/function/internal_message.html?_=1591917514795&CODE_STATE=getMsg HTTP/1.1" 200 27
172.17.0.123 - - [12/Jun/2020:07:18:48 +0800] "GET /xingrg/all/function/internal_message.html?_=1591917500138&CODE_STATE=getMsg HTTP/1.1" 200 27
180.162.232.172 - - [12/Jun/2020:07:18:53 +0800] "GET /xingrg/all/function/internal_message.html?_=1591917668597&CODE_STATE=getMsg HTTP/1.1" 200 27
120.253.135.82 - - [12/Jun/2020:07:19:03 +0800] "GET /xingrg/all/function/internal_message.html?_=1591917297956&CODE_STATE=getMsg HTTP/1.1" 200 27
101.228.167.227 - - [12/Jun/2020:07:19:14 +0800] "GET /xingrg/all/function/internal_message.html?_=1591917557129&CODE_STATE=getMsg HTTP/1.1" 200 27
101.228.167.227 - - [12/Jun/2020:07:19:23 +0800] "GET /xingrg/check_reg.html?_=1591917565859 HTTP/1.1" 200 22
120.253.135.82 - - [12/Jun/2020:07:19:40 +0800] "POST /xingrg/kc/pszx/mdps_list_operate.html HTTP/1.1" 200 2809
114.88.170.9 - - [12/Jun/2020:07:19:41 +0800] "GET /xingrg/all/function/internal_message.html?_=1591917574808&CODE_STATE=getMsg HTTP/1.1" 200 27
172.17.0.123 - - [12/Jun/2020:07:19:48 +0800] "GET /xingrg/all/function/internal_message.html?_=1591917560140&CODE_STATE=getMsg HTTP/1.1" 200 27
180.162.232.172 - - [12/Jun/2020:07:19:53 +0800] "GET /xingrg/all/function/internal_message.html?_=1591917728604&CODE_STATE=getMsg HTTP/1.1" 200 27
120.253.135.82 - - [12/Jun/2020:07:20:03 +0800] "GET /xingrg/all/function/internal_message.html?_=1591917357969&CODE_STATE=getMsg HTTP/1.1" 200 27
120.253.135.82 - - [12/Jun/2020:07:20:08 +0800] "GET /xingrg/kc/base/check_order_list.html HTTP/1.1" 200 16635
120.253.135.82 - - [12/Jun/2020:07:20:08 +0800] "POST /xingrg/kc/base/check_list_operate.html HTTP/1.1" 200 781
101.228.167.227 - - [12/Jun/2020:07:20:14 +0800] "GET /xingrg/all/function/internal_message.html?_=1591917617137&CODE_STATE=getMsg HTTP/1.1" 200 27
120.253.135.82 - - [12/Jun/2020:07:20:18 +0800] "GET /xingrg/kc/report/report_main.html HTTP/1.1" 200 9370
120.253.135.82 - - [12/Jun/2020:07:20:18 +0800] "GET /xingrg/javascript/jquery_ui/themes/humanity/humanity.css HTTP/1.1" 200 27801
120.253.135.82 - - [12/Jun/2020:07:20:20 +0800] "GET /xingrg/kc/base/kc_stocks.html HTTP/1.1" 200 16278
120.253.135.82 - - [12/Jun/2020:07:20:20 +0800] "GET /xingrg/javascript/easyui/themes/sunny/easyui.css HTTP/1.1" 200 34304
120.253.135.82 - - [12/Jun/2020:07:20:20 +0800] "GET /xingrg/javascript/easyui/themes/icons/print_new.png HTTP/1.1" 200 3580
120.253.135.82 - - [12/Jun/2020:07:20:20 +0800] "GET /xingrg/javascript/easyui/themes/icons/filter_new.png HTTP/1.1" 200 795
120.253.135.82 - - [12/Jun/2020:07:20:20 +0800] "GET /xingrg/javascript/easyui/themes/icons/refresh_new.png HTTP/1.1" 200 685
120.253.135.82 - - [12/Jun/2020:07:20:20 +0800] "GET /xingrg/javascript/easyui/plugins/jquery.draggable.js HTTP/1.1" 200 6121
120.253.135.82 - - [12/Jun/2020:07:20:20 +0800] "GET /xingrg/javascript/easyui/plugins/jquery.droppable.js HTTP/1.1" 200 1167
120.253.135.82 - - [12/Jun/2020:07:20:20 +0800] "GET /xingrg/javascript/easyui/themes/default/tree.css HTTP/1.1" 404 1090
120.253.135.82 - - [12/Jun/2020:07:20:20 +0800] "GET /xingrg/javascript/easyui/plugins/jquery.tree.js HTTP/1.1" 200 20874
120.253.135.82 - - [12/Jun/2020:07:20:20 +0800] "POST /xingrg/all/common/load_tree.html?tree=materiel_sort_tree_json HTTP/1.1" 200 8666
120.253.135.82 - - [12/Jun/2020:07:20:20 +0800] "GET /xingrg/javascript/easyui/themes/sunny/images/tree_arrows.gif HTTP/1.1" 200 617
120.253.135.82 - - [12/Jun/2020:07:20:20 +0800] "GET /xingrg/javascript/easyui/themes/sunny/images/tree_folder_open.gif HTTP/1.1" 200 956
120.253.135.82 - - [12/Jun/2020:07:20:20 +0800] "GET /xingrg/javascript/easyui/themes/sunny/images/tree_folder.gif HTTP/1.1" 200 952
120.253.135.82 - - [12/Jun/2020:07:20:20 +0800] "GET /xingrg/javascript/easyui/themes/sunny/images/tree_file.gif HTTP/1.1" 200 118
120.253.135.82 - - [12/Jun/2020:07:20:21 +0800] "POST /xingrg/all/common/load_combo.html?type=base HTTP/1.1" 200 899
120.253.135.82 - - [12/Jun/2020:07:20:33 +0800] "POST /xingrg/kc/base/stock_operate.html HTTP/1.1" 200 1471
120.253.135.82 - - [12/Jun/2020:07:20:33 +0800] "GET /xingrg/javascript/jquery_tools/fix_table.js HTTP/1.1" 200 6528
114.88.170.9 - - [12/Jun/2020:07:20:41 +0800] "GET /xingrg/all/function/internal_message.html?_=1591917634917&CODE_STATE=getMsg HTTP/1.1" 200 27
172.17.0.123 - - [12/Jun/2020:07:20:48 +0800] "GET /xingrg/all/function/internal_message.html?_=1591917620140&CODE_STATE=getMsg HTTP/1.1" 200 27
180.162.232.172 - - [12/Jun/2020:07:20:53 +0800] "GET /xingrg/all/function/internal_message.html?_=1591917788639&CODE_STATE=getMsg HTTP/1.1" 200 27
120.253.135.82 - - [12/Jun/2020:07:21:03 +0800] "GET /xingrg/all/function/internal_message.html?_=1591917417983&CODE_STATE=getMsg HTTP/1.1" 200 27
