116.232.51.17 - - [12/Jun/2020:09:27:57 +0800] "GET /xingrg/all/function/internal_message.html?_=1591925401906&CODE_STATE=getMsg HTTP/1.1" 200 27
117.131.5.26 - - [12/Jun/2020:09:27:59 +0800] "GET /xingrg/all/function/internal_message.html?_=1591925644190&CODE_STATE=getMsg HTTP/1.1" 200 27
180.162.232.172 - - [12/Jun/2020:09:28:04 +0800] "GET /xingrg/kc/buy/cgsh_order_operate.html?command=get_materiel&rest_code=00150&code=00101009019&supplier_code=00100096&order_time=2020-06-12 HTTP/1.1" 200 412
172.17.0.103 - - [12/Jun/2020:09:28:15 +0800] "GET /xingrg/all/function/internal_message.html?_=1591925293084&CODE_STATE=getMsg HTTP/1.1" 200 27
180.162.232.172 - - [12/Jun/2020:09:28:18 +0800] "GET /xingrg/kc/buy/cgsh_order_operate.html?command=get_materiel&rest_code=00150&code=00101009011&supplier_code=00100096&order_time=2020-06-12 HTTP/1.1" 200 416
114.86.190.97 - - [12/Jun/2020:09:28:19 +0800] "GET /xingrg/all/function/internal_message.html?_=1591925301421&CODE_STATE=getMsg HTTP/1.1" 200 27
116.230.77.149 - - [12/Jun/2020:09:28:21 +0800] "GET /xingrg/all/function/internal_message.html?_=1591925294485&CODE_STATE=getMsg HTTP/1.1" 200 27
101.228.167.227 - - [12/Jun/2020:09:28:27 +0800] "GET /xingrg/all/function/internal_message.html?_=1591925310498&CODE_STATE=getMsg HTTP/1.1" 200 27
180.162.232.172 - - [12/Jun/2020:09:28:29 +0800] "GET /xingrg/kc/buy/cgsh_order_operate.html?command=get_materiel&rest_code=00150&code=00101009062&supplier_code=00100096&order_time=2020-06-12 HTTP/1.1" 200 412
180.162.232.172 - - [12/Jun/2020:09:28:30 +0800] "GET /xingrg/all/function/internal_message.html?_=1591925444789&CODE_STATE=getMsg HTTP/1.1" 200 27
222.69.139.59 - - [12/Jun/2020:09:28:31 +0800] "GET /xingrg/all/function/internal_message.html?_=1591925304162&CODE_STATE=getMsg HTTP/1.1" 200 27
180.175.214.200 - - [12/Jun/2020:09:28:32 +0800] "GET /xingrg/check_reg.html?_=1591925516321 HTTP/1.1" 200 22
180.175.214.200 - - [12/Jun/2020:09:28:33 +0800] "GET /xingrg/all/function/internal_message.html?_=1591925517521&CODE_STATE=getMsg HTTP/1.1" 200 27
116.232.51.17 - - [12/Jun/2020:09:28:34 +0800] "GET /xingrg/javascript/easyui/themes/default/images/button_plain_hover.png HTTP/1.1" 304 -
116.232.51.17 - - [12/Jun/2020:09:28:35 +0800] "GET /xingrg/kc/buy/cgsh_order_add.html HTTP/1.1" 200 58946
116.232.51.17 - - [12/Jun/2020:09:28:35 +0800] "GET /xingrg/javascript/convert.js HTTP/1.1" 304 -
116.232.51.17 - - [12/Jun/2020:09:28:35 +0800] "GET /xingrg/javascript/jquery_tools/order_manager.js HTTP/1.1" 304 -
116.232.51.17 - - [12/Jun/2020:09:28:35 +0800] "GET /xingrg/javascript/print/kc_print.js HTTP/1.1" 304 -
116.232.51.17 - - [12/Jun/2020:09:28:35 +0800] "GET /xingrg/javascript/json2.js HTTP/1.1" 304 -
116.232.51.17 - - [12/Jun/2020:09:28:35 +0800] "GET /xingrg/words/20200611165107_words.js HTTP/1.1" 200 738844
116.232.51.17 - - [12/Jun/2020:09:28:35 +0800] "GET /xingrg/javascript/easyui/themes/icons/copy_new.png HTTP/1.1" 200 815
116.232.51.17 - - [12/Jun/2020:09:28:35 +0800] "GET /xingrg/javascript/easyui/themes/icons/template_new.png HTTP/1.1" 200 3956
116.232.51.17 - - [12/Jun/2020:09:28:35 +0800] "GET /xingrg/javascript/easyui/themes/icons/ok.png HTTP/1.1" 200 883
116.232.51.17 - - [12/Jun/2020:09:28:35 +0800] "GET /xingrg/javascript/easyui/themes/icons/print.png HTTP/1.1" 200 1057
116.232.51.17 - - [12/Jun/2020:09:28:35 +0800] "GET /xingrg/javascript/easyui/themes/default/images/menu_downarrow.png HTTP/1.1" 200 173
116.232.51.17 - - [12/Jun/2020:09:28:35 +0800] "GET /xingrg/javascript/easyui/themes/icons/cancel.png HTTP/1.1" 200 1133
116.232.51.17 - - [12/Jun/2020:09:28:35 +0800] "GET /xingrg/all/common/auto_word.html?type=employee&rest_code=00109 HTTP/1.1" 200 255
116.232.51.17 - - [12/Jun/2020:09:28:35 +0800] "GET /xingrg/all/common/auto_word.html?type=employee&rest_code=00109 HTTP/1.1" 200 255
116.232.51.17 - - [12/Jun/2020:09:28:35 +0800] "GET /xingrg/javascript/easyui/themes/default/validatebox.css HTTP/1.1" 404 1104
116.232.51.17 - - [12/Jun/2020:09:28:35 +0800] "GET /xingrg/javascript/easyui/plugins/jquery.validatebox.js HTTP/1.1" 304 -
116.232.51.17 - - [12/Jun/2020:09:28:35 +0800] "GET /xingrg/javascript/easyui/plugins/jquery.numberbox.js HTTP/1.1" 304 -
116.232.51.17 - - [12/Jun/2020:09:28:35 +0800] "POST /xingrg/kc/buy/cgsh_order_operate.html HTTP/1.1" 200 8245
116.232.51.17 - - [12/Jun/2020:09:28:36 +0800] "GET /xingrg/javascript/easyui/themes/icons/edit_remove.png HTTP/1.1" 200 625
61.172.5.115 - - [12/Jun/2020:09:28:36 +0800] "GET /xingrg/all/function/internal_message.html?_=1591925317282&CODE_STATE=getMsg HTTP/1.1" 200 27
116.232.51.17 - - [12/Jun/2020:09:28:37 +0800] "GET /xingrg/javascript/auto/indicator.gif HTTP/1.1" 404 1066
116.232.51.17 - - [12/Jun/2020:09:28:39 +0800] "GET /xingrg/javascript/jquery_tools/images/prev.gif HTTP/1.1" 404 1086
116.232.51.17 - - [12/Jun/2020:09:28:39 +0800] "GET /xingrg/javascript/jquery_tools/images/next.gif HTTP/1.1" 404 1086
116.232.51.17 - - [12/Jun/2020:09:28:41 +0800] "GET /xingrg/javascript/jquery_easy_ui/themes/icons/rest.png HTTP/1.1" 304 -
116.232.51.17 - - [12/Jun/2020:09:28:41 +0800] "GET /xingrg/javascript/jquery_easy_ui/themes/icons/area.png HTTP/1.1" 304 -
116.232.51.17 - - [12/Jun/2020:09:28:43 +0800] "GET /xingrg/index.html?sysBaseUrl=http%3A%2F%2F180.169.147.146%3A18081%2Fxingrg%2F&costTime=52×tamp=1591924626085 HTTP/1.1" 200 17173
116.232.51.17 - - [12/Jun/2020:09:28:43 +0800] "POST /xingrg/all/common/load_tree.html?tree=area_rest_tree_json&manage=1 HTTP/1.1" 200 342
116.232.51.17 - - [12/Jun/2020:09:28:43 +0800] "GET /xingrg/all/function/internal_message.html?_=1591925450109&CODE_STATE=count HTTP/1.1" 200 11
116.232.51.17 - - [12/Jun/2020:09:28:43 +0800] "GET /xingrg/check_reg.html?_=1591925450110 HTTP/1.1" 200 22
116.232.51.17 - - [12/Jun/2020:09:28:43 +0800] "POST /xingrg/load_menu.html HTTP/1.1" 200 5138
116.232.51.17 - - [12/Jun/2020:09:28:43 +0800] "GET /favicon.ico HTTP/1.1" 404 -
180.162.232.172 - - [12/Jun/2020:09:28:44 +0800] "GET /xingrg/kc/buy/cgsh_order_operate.html?command=get_materiel&rest_code=00150&code=00101009025&supplier_code=00100096&order_time=2020-06-12 HTTP/1.1" 200 410
116.232.51.17 - - [12/Jun/2020:09:28:44 +0800] "GET /xingrg/kc/buy/buy_main.html HTTP/1.1" 200 12412
116.232.51.17 - - [12/Jun/2020:09:28:44 +0800] "GET /xingrg/css/new_ie.css HTTP/1.1" 404 1036
114.88.170.9 - - [12/Jun/2020:09:28:45 +0800] "GET /xingrg/all/function/internal_message.html?_=1591925319149&CODE_STATE=getMsg HTTP/1.1" 200 27
116.232.51.17 - - [12/Jun/2020:09:28:45 +0800] "GET /xingrg/kc/buy/cgsh_order_list.html HTTP/1.1" 200 43167
116.232.51.17 - - [12/Jun/2020:09:28:46 +0800] "POST /xingrg/kc/buy/cgsh_list_operate.html HTTP/1.1" 200 876
116.232.51.17 - - [12/Jun/2020:09:28:47 +0800] "GET /xingrg/kc/buy/cgsh_order_add.html HTTP/1.1" 200 58946
116.232.51.17 - - [12/Jun/2020:09:28:47 +0800] "GET /xingrg/words/20200611165107_words.js HTTP/1.1" 304 -
116.232.51.17 - - [12/Jun/2020:09:28:47 +0800] "POST /xingrg/kc/buy/cgsh_order_operate.html HTTP/1.1" 200 8245
116.232.51.17 - - [12/Jun/2020:09:28:47 +0800] "GET /xingrg/all/common/auto_word.html?type=employee&rest_code=00109 HTTP/1.1" 200 255
116.232.51.17 - - [12/Jun/2020:09:28:47 +0800] "GET /xingrg/javascript/easyui/themes/default/validatebox.css HTTP/1.1" 404 1104
116.232.51.17 - - [12/Jun/2020:09:28:47 +0800] "GET /xingrg/all/common/auto_word.html?type=employee&rest_code=00109 HTTP/1.1" 200 255
114.88.170.9 - - [12/Jun/2020:09:28:48 +0800] "GET /xingrg/check_reg.html?_=1591925332416 HTTP/1.1" 200 22
114.88.170.9 - - [12/Jun/2020:09:28:48 +0800] "GET /xingrg/all/function/internal_message.html?_=1591925332421&CODE_STATE=getMsg HTTP/1.1" 200 27
172.17.0.123 - - [12/Jun/2020:09:28:48 +0800] "GET /xingrg/all/function/internal_message.html?_=1591925300150&CODE_STATE=getMsg HTTP/1.1" 200 27
117.184.7.30 - - [12/Jun/2020:09:28:49 +0800] "GET /xingrg/all/function/internal_message.html?_=1591925318588&CODE_STATE=getMsg HTTP/1.1" 200 27
116.232.51.17 - - [12/Jun/2020:09:28:50 +0800] "GET /xingrg/javascript/jquery_tools/images/prev.gif HTTP/1.1" 404 1086
116.232.51.17 - - [12/Jun/2020:09:28:50 +0800] "GET /xingrg/javascript/jquery_tools/images/next.gif HTTP/1.1" 404 1086
116.232.51.17 - - [12/Jun/2020:09:28:53 +0800] "GET /xingrg/kc/buy/cgsh_order_operate.html?command=get_materiel&rest_code=00109&code=00101008210&supplier_code=00100005&order_time=2020-06-12 HTTP/1.1" 200 408
172.17.0.120 - - [12/Jun/2020:09:28:56 +0800] "GET /xingrg/all/function/internal_message.html?_=1591925333720&CODE_STATE=getMsg HTTP/1.1" 200 27
117.131.5.26 - - [12/Jun/2020:09:28:59 +0800] "GET /xingrg/all/function/internal_message.html?_=1591925704179&CODE_STATE=getMsg HTTP/1.1" 200 27
116.232.51.17 - - [12/Jun/2020:09:29:07 +0800] "GET /xingrg/kc/buy/cgsh_order_operate.html?command=get_materiel&rest_code=00109&code=00101008358&supplier_code=00100005&order_time=2020-06-12 HTTP/1.1" 200 412
180.162.232.172 - - [12/Jun/2020:09:29:09 +0800] "GET /xingrg/kc/buy/cgsh_order_operate.html?command=get_materiel&rest_code=00150&code=00101009007&supplier_code=00100096&order_time=2020-06-12 HTTP/1.1" 200 410
116.232.51.17 - - [12/Jun/2020:09:29:12 +0800] "GET /xingrg/kc/buy/cgsh_order_operate.html?command=get_materiel&rest_code=00109&code=00101008003&supplier_code=00100005&order_time=2020-06-12 HTTP/1.1" 200 408
172.17.0.103 - - [12/Jun/2020:09:29:15 +0800] "GET /xingrg/all/function/internal_message.html?_=1591925353093&CODE_STATE=getMsg HTTP/1.1" 200 27
116.232.51.17 - - [12/Jun/2020:09:29:17 +0800] "GET /xingrg/kc/buy/cgsh_order_operate.html?command=get_materiel&rest_code=00109&code=00101008270&supplier_code=00100005&order_time=2020-06-12 HTTP/1.1" 200 412
114.86.190.97 - - [12/Jun/2020:09:29:19 +0800] "GET /xingrg/all/function/internal_message.html?_=1591925361421&CODE_STATE=getMsg HTTP/1.1" 200 27
116.232.51.17 - - [12/Jun/2020:09:29:21 +0800] "GET /xingrg/kc/buy/cgsh_order_operate.html?command=get_materiel&rest_code=00109&code=00101008169&supplier_code=00100005&order_time=2020-06-12 HTTP/1.1" 200 412
116.230.77.149 - - [12/Jun/2020:09:29:21 +0800] "GET /xingrg/all/function/internal_message.html?_=1591925354494&CODE_STATE=getMsg HTTP/1.1" 200 27
116.232.51.17 - - [12/Jun/2020:09:29:25 +0800] "GET /xingrg/kc/buy/cgsh_order_operate.html?command=get_materiel&rest_code=00109&code=00101008239&supplier_code=00100005&order_time=2020-06-12 HTTP/1.1" 200 416
101.228.167.227 - - [12/Jun/2020:09:29:26 +0800] "GET /xingrg/check_reg.html?_=1591925369746 HTTP/1.1" 200 22
101.228.167.227 - - [12/Jun/2020:09:29:27 +0800] "GET /xingrg/all/function/internal_message.html?_=1591925370511&CODE_STATE=getMsg HTTP/1.1" 200 27
180.162.232.172 - - [12/Jun/2020:09:29:30 +0800] "GET /xingrg/all/function/internal_message.html?_=1591925504803&CODE_STATE=getMsg HTTP/1.1" 200 27
116.232.51.17 - - [12/Jun/2020:09:29:30 +0800] "GET /xingrg/kc/buy/cgsh_order_operate.html?command=get_materiel&rest_code=00109&code=00101008155&supplier_code=00100005&order_time=2020-06-12 HTTP/1.1" 200 408
222.69.139.59 - - [12/Jun/2020:09:29:31 +0800] "GET /xingrg/all/function/internal_message.html?_=1591925364162&CODE_STATE=getMsg HTTP/1.1" 200 27
180.175.214.200 - - [12/Jun/2020:09:29:34 +0800] "GET /xingrg/all/function/internal_message.html?_=1591925577534&CODE_STATE=getMsg HTTP/1.1" 200 27
116.232.51.17 - - [12/Jun/2020:09:29:34 +0800] "GET /xingrg/kc/buy/cgsh_order_operate.html?command=get_materiel&rest_code=00109&code=00101008331&supplier_code=00100005&order_time=2020-06-12 HTTP/1.1" 200 416
61.172.5.115 - - [12/Jun/2020:09:29:36 +0800] "GET /xingrg/all/function/internal_message.html?_=1591925377282&CODE_STATE=getMsg HTTP/1.1" 200 27
116.232.51.17 - - [12/Jun/2020:09:29:40 +0800] "GET /xingrg/all/function/internal_message.html?_=1591925510125&CODE_STATE=getMsg HTTP/1.1" 200 27
116.232.51.17 - - [12/Jun/2020:09:29:40 +0800] "GET /xingrg/kc/buy/cgsh_order_operate.html?command=get_materiel&rest_code=00109&code=00101008133&supplier_code=00100005&order_time=2020-06-12 HTTP/1.1" 200 408
116.232.51.17 - - [12/Jun/2020:09:29:45 +0800] "GET /xingrg/kc/buy/cgsh_order_operate.html?command=get_materiel&rest_code=00109&code=00101008185&supplier_code=00100005&order_time=2020-06-12 HTTP/1.1" 200 408
114.88.170.9 - - [12/Jun/2020:09:29:45 +0800] "GET /xingrg/all/function/internal_message.html?_=1591925379267&CODE_STATE=getMsg HTTP/1.1" 200 27
114.88.170.9 - - [12/Jun/2020:09:29:48 +0800] "GET /xingrg/all/function/internal_message.html?_=1591925392502&CODE_STATE=getMsg HTTP/1.1" 200 27
172.17.0.123 - - [12/Jun/2020:09:29:48 +0800] "GET /xingrg/all/function/internal_message.html?_=1591925360136&CODE_STATE=getMsg HTTP/1.1" 200 27
117.184.7.30 - - [12/Jun/2020:09:29:49 +0800] "GET /xingrg/all/function/internal_message.html?_=1591925378575&CODE_STATE=getMsg HTTP/1.1" 200 27
116.232.51.17 - - [12/Jun/2020:09:29:50 +0800] "GET /xingrg/kc/buy/cgsh_order_operate.html?command=get_materiel&rest_code=00109&code=00101008308&supplier_code=00100005&order_time=2020-06-12 HTTP/1.1" 200 420
180.162.232.172 - - [12/Jun/2020:09:29:53 +0800] "GET /xingrg/system/info/materiel_import.html?isSelect=1&singleSelect=false HTTP/1.1" 200 5600
180.162.232.172 - - [12/Jun/2020:09:29:53 +0800] "GET /xingrg/css/blue.css HTTP/1.1" 304 -
180.162.232.172 - - [12/Jun/2020:09:29:53 +0800] "GET /xingrg/css/xtree.css HTTP/1.1" 200 880
180.162.232.172 - - [12/Jun/2020:09:29:53 +0800] "GET /xingrg/javascript/jquery_ui/themes/base/base.css HTTP/1.1" 200 28568
180.162.232.172 - - [12/Jun/2020:09:29:54 +0800] "POST /xingrg/all/common/load_tree.html?tree=materiel_sort_tree_json HTTP/1.1" 200 8666
180.162.232.172 - - [12/Jun/2020:09:29:54 +0800] "GET /favicon.ico HTTP/1.1" 404 -
172.17.0.120 - - [12/Jun/2020:09:29:56 +0800] "GET /xingrg/all/function/internal_message.html?_=1591925393712&CODE_STATE=getMsg HTTP/1.1" 200 27
116.232.51.17 - - [12/Jun/2020:09:29:57 +0800] "GET /xingrg/kc/buy/cgsh_order_operate.html?command=get_materiel&rest_code=00109&code=00101008351&supplier_code=00100005&order_time=2020-06-12 HTTP/1.1" 200 408
117.131.5.26 - - [12/Jun/2020:09:29:59 +0800] "GET /xingrg/check_reg.html?_=1591925764191 HTTP/1.1" 200 22
117.131.5.26 - - [12/Jun/2020:09:29:59 +0800] "GET /xingrg/all/function/internal_message.html?_=1591925764189&CODE_STATE=getMsg HTTP/1.1" 200 27
116.232.51.17 - - [12/Jun/2020:09:30:03 +0800] "GET /xingrg/kc/buy/cgsh_order_operate.html?command=get_materiel&rest_code=00109&code=00101008004&supplier_code=00100005&order_time=2020-06-12 HTTP/1.1" 200 416
116.232.51.17 - - [12/Jun/2020:09:30:08 +0800] "GET /xingrg/kc/buy/cgsh_order_operate.html?command=get_materiel&rest_code=00109&code=00101008144&supplier_code=00100005&order_time=2020-06-12 HTTP/1.1" 200 412
172.17.0.103 - - [12/Jun/2020:09:30:15 +0800] "GET /xingrg/all/function/internal_message.html?_=1591925413079&CODE_STATE=getMsg HTTP/1.1" 200 27
114.86.190.97 - - [12/Jun/2020:09:30:19 +0800] "GET /xingrg/check_reg.html?_=1591925421417 HTTP/1.1" 200 22
114.86.190.97 - - [12/Jun/2020:09:30:19 +0800] "GET /xingrg/all/function/internal_message.html?_=1591925421421&CODE_STATE=getMsg HTTP/1.1" 200 27
116.230.77.149 - - [12/Jun/2020:09:30:21 +0800] "GET /xingrg/all/function/internal_message.html?_=1591925414501&CODE_STATE=getMsg HTTP/1.1" 200 27
180.162.232.172 - - [12/Jun/2020:09:30:23 +0800] "POST /xingrg/kc/buy/cgsh_order_operate.html HTTP/1.1" 200 37
180.162.232.172 - - [12/Jun/2020:09:30:25 +0800] "POST /xingrg/kc/buy/cgsh_order_operate.html HTTP/1.1" 200 12
180.162.232.172 - - [12/Jun/2020:09:30:26 +0800] "GET /xingrg/kc/buy/cgsh_order_info.html?code=212020061204472 HTTP/1.1" 200 53738
180.162.232.172 - - [12/Jun/2020:09:30:26 +0800] "GET /xingrg/javascript/easyui/themes/default/validatebox.css HTTP/1.1" 404 1104
180.162.232.172 - - [12/Jun/2020:09:30:26 +0800] "POST /xingrg/kc/buy/cgsh_order_operate.html HTTP/1.1" 200 5337
101.228.167.227 - - [12/Jun/2020:09:30:27 +0800] "GET /xingrg/all/function/internal_message.html?_=1591925430525&CODE_STATE=getMsg HTTP/1.1" 200 27
180.162.232.172 - - [12/Jun/2020:09:30:28 +0800] "GET /xingrg/kc/print/load_data.html?order_code=212020061204472&kc_code=cgsh&condition= HTTP/1.1" 200 2496
180.162.232.172 - - [12/Jun/2020:09:30:30 +0800] "GET /xingrg/all/function/internal_message.html?_=1591925564816&CODE_STATE=getMsg HTTP/1.1" 200 27
116.232.51.17 - - [12/Jun/2020:09:30:30 +0800] "GET /xingrg/kc/buy/cgsh_order_operate.html?command=get_materiel&rest_code=00109&code=00101008264&supplier_code=00100005&order_time=2020-06-12 HTTP/1.1" 200 412
222.69.139.59 - - [12/Jun/2020:09:30:31 +0800] "GET /xingrg/all/function/internal_message.html?_=1591925424163&CODE_STATE=getMsg HTTP/1.1" 200 27
180.175.214.200 - - [12/Jun/2020:09:30:34 +0800] "GET /xingrg/all/function/internal_message.html?_=1591925637549&CODE_STATE=getMsg HTTP/1.1" 200 27
116.232.51.17 - - [12/Jun/2020:09:30:35 +0800] "GET /xingrg/kc/buy/cgsh_order_operate.html?command=get_materiel&rest_code=00109&code=00101008360&supplier_code=00100005&order_time=2020-06-12 HTTP/1.1" 200 412
61.172.5.115 - - [12/Jun/2020:09:30:36 +0800] "GET /xingrg/check_reg.html?_=1591925437282 HTTP/1.1" 200 22
61.172.5.115 - - [12/Jun/2020:09:30:36 +0800] "GET /xingrg/all/function/internal_message.html?_=1591925437285&CODE_STATE=getMsg HTTP/1.1" 200 27
116.232.51.17 - - [12/Jun/2020:09:30:37 +0800] "GET /xingrg/all/function/internal_message.html?_=1591925570105&CODE_STATE=getMsg HTTP/1.1" 200 27
116.232.51.17 - - [12/Jun/2020:09:30:41 +0800] "GET /xingrg/kc/buy/cgsh_order_operate.html?command=get_materiel&rest_code=00109&code=00101008357&supplier_code=00100005&order_time=2020-06-12 HTTP/1.1" 200 408
114.88.170.9 - - [12/Jun/2020:09:30:45 +0800] "GET /xingrg/all/function/internal_message.html?_=1591925439272&CODE_STATE=getMsg HTTP/1.1" 200 27
116.232.51.17 - - [12/Jun/2020:09:30:46 +0800] "GET /xingrg/kc/buy/cgsh_order_operate.html?command=get_materiel&rest_code=00109&code=00101008069&supplier_code=00100005&order_time=2020-06-12 HTTP/1.1" 200 412
114.88.170.9 - - [12/Jun/2020:09:30:48 +0800] "GET /xingrg/all/function/internal_message.html?_=1591925452428&CODE_STATE=getMsg HTTP/1.1" 200 27
172.17.0.123 - - [12/Jun/2020:09:30:48 +0800] "GET /xingrg/all/function/internal_message.html?_=1591925420138&CODE_STATE=getMsg HTTP/1.1" 200 27
117.184.7.30 - - [12/Jun/2020:09:30:49 +0800] "GET /xingrg/all/function/internal_message.html?_=1591925438545&CODE_STATE=getMsg HTTP/1.1" 200 27
116.232.51.17 - - [12/Jun/2020:09:30:50 +0800] "GET /xingrg/kc/buy/cgsh_order_operate.html?command=get_materiel&rest_code=00109&code=00101008006&supplier_code=00100005&order_time=2020-06-12 HTTP/1.1" 200 416
180.162.102.27 - - [12/Jun/2020:09:30:51 +0800] "GET /xingrg HTTP/1.1" 302 -
180.162.102.27 - - [12/Jun/2020:09:30:51 +0800] "GET /xingrg/ HTTP/1.1" 200 292
116.232.51.17 - - [12/Jun/2020:09:30:53 +0800] "POST /xingrg/kc/buy/cgsh_order_operate.html HTTP/1.1" 200 2065
172.17.0.120 - - [12/Jun/2020:09:30:56 +0800] "GET /xingrg/all/function/internal_message.html?_=1591925453716&CODE_STATE=getMsg HTTP/1.1" 200 27
180.162.102.27 - - [12/Jun/2020:09:30:56 +0800] "GET /xingrg/index.html HTTP/1.1" 302 -
180.162.102.27 - - [12/Jun/2020:09:30:56 +0800] "GET /favicon.ico HTTP/1.1" 404 -
180.162.102.27 - - [12/Jun/2020:09:30:56 +0800] "GET /xingrg/login.html HTTP/1.1" 200 7641
180.162.102.27 - - [12/Jun/2020:09:30:57 +0800] "GET /xingrg/images/blue/jxLogo.png HTTP/1.1" 200 6156
116.232.51.17 - - [12/Jun/2020:09:30:57 +0800] "GET /xingrg/kc/buy/cgsh_order_operate.html?command=get_materiel&rest_code=00109&code=00101008318&supplier_code=00100005&order_time=2020-06-12 HTTP/1.1" 200 408
180.162.102.27 - - [12/Jun/2020:09:30:59 +0800] "GET /xingrg/images/blue/hj.png HTTP/1.1" 200 1014
180.162.102.27 - - [12/Jun/2020:09:30:59 +0800] "GET /xingrg/images/blue/srbg.png HTTP/1.1" 200 138
180.162.102.27 - - [12/Jun/2020:09:30:59 +0800] "GET /xingrg/images/blue/login_bg.png HTTP/1.1" 200 22101
180.162.102.27 - - [12/Jun/2020:09:30:59 +0800] "GET /favicon.ico HTTP/1.1" 404 -
117.131.5.26 - - [12/Jun/2020:09:30:59 +0800] "GET /xingrg/all/function/internal_message.html?_=1591925824179&CODE_STATE=getMsg HTTP/1.1" 200 27
116.232.51.17 - - [12/Jun/2020:09:31:02 +0800] "GET /xingrg/kc/buy/cgsh_order_operate.html?command=get_materiel&rest_code=00109&code=00101008352&supplier_code=00100005&order_time=2020-06-12 HTTP/1.1" 200 412
180.162.102.27 - - [12/Jun/2020:09:31:06 +0800] "POST /xingrg/login.do HTTP/1.1" 302 -
180.162.102.27 - - [12/Jun/2020:09:31:06 +0800] "GET /xingrg/index.html?sysBaseUrl=http%3A%2F%2F180.169.147.146%3A18081%2Fxingrg%2F&costTime=39×tamp=1591925466888 HTTP/1.1" 200 17179
180.162.102.27 - - [12/Jun/2020:09:31:06 +0800] "GET /xingrg/css/form.css HTTP/1.1" 200 893
180.162.102.27 - - [12/Jun/2020:09:31:06 +0800] "GET /xingrg/javascript/jquery-1.4.2.min.js HTTP/1.1" 200 72205
180.162.102.27 - - [12/Jun/2020:09:31:06 +0800] "GET /xingrg/javascript/jquery_easy_ui/themes/icon.css HTTP/1.1" 200 3949
180.162.102.27 - - [12/Jun/2020:09:31:06 +0800] "GET /xingrg/javascript/jquery_easy_ui/jquery.easyui.min.js HTTP/1.1" 200 213662
180.162.102.27 - - [12/Jun/2020:09:31:06 +0800] "GET /xingrg/javascript/jquery_easy_ui/easyui-lang-zh_CN.js HTTP/1.1" 200 1900
180.162.102.27 - - [12/Jun/2020:09:31:06 +0800] "GET /xingrg/javascript/jquery.timers.js HTTP/1.1" 200 3532
180.162.102.27 - - [12/Jun/2020:09:31:06 +0800] "GET /xingrg/javascript/jquery_easy_ui/themes/default/easyui.css HTTP/1.1" 200 26500
180.162.102.27 - - [12/Jun/2020:09:31:06 +0800] "GET /xingrg/javascript/jquery.utils.js HTTP/1.1" 200 11805
180.162.102.27 - - [12/Jun/2020:09:31:06 +0800] "GET /xingrg/javascript/jquery.form.js HTTP/1.1" 200 23110
180.162.102.27 - - [12/Jun/2020:09:31:07 +0800] "GET /favicon.ico HTTP/1.1" 404 -
180.162.102.27 - - [12/Jun/2020:09:31:07 +0800] "POST /xingrg/all/common/load_tree.html?tree=area_rest_tree_json&manage=1 HTTP/1.1" 200 351
180.162.102.27 - - [12/Jun/2020:09:31:07 +0800] "GET /xingrg/all/function/internal_message.html?_=1591925443504&CODE_STATE=count HTTP/1.1" 200 11
180.162.102.27 - - [12/Jun/2020:09:31:07 +0800] "GET /xingrg/check_reg.html?_=1591925443505 HTTP/1.1" 200 22
180.162.102.27 - - [12/Jun/2020:09:31:07 +0800] "GET /xingrg/javascript/jquery_easy_ui/themes/icons/settle_new.png HTTP/1.1" 200 826
180.162.102.27 - - [12/Jun/2020:09:31:07 +0800] "GET /xingrg/images/blue/pingpu.png HTTP/1.1" 200 231
180.162.102.27 - - [12/Jun/2020:09:31:07 +0800] "GET /xingrg/javascript/jquery_easy_ui/themes/default/images/tabs_leftarrow.png HTTP/1.1" 200 389
180.162.102.27 - - [12/Jun/2020:09:31:07 +0800] "GET /xingrg/javascript/jquery_easy_ui/themes/default/images/tabs_rightarrow.png HTTP/1.1" 200 395
180.162.102.27 - - [12/Jun/2020:09:31:07 +0800] "GET /xingrg/javascript/jquery_easy_ui/themes/default/images/panel_tool_collapse.gif HTTP/1.1" 200 246
180.162.102.27 - - [12/Jun/2020:09:31:07 +0800] "GET /xingrg/images/blue/navBackgound.jpg HTTP/1.1" 200 12378
180.162.102.27 - - [12/Jun/2020:09:31:07 +0800] "GET /xingrg/javascript/jquery_easy_ui/themes/default/images/tree_arrows.gif HTTP/1.1" 200 1043
180.162.102.27 - - [12/Jun/2020:09:31:07 +0800] "POST /xingrg/load_menu.html HTTP/1.1" 200 5138
180.162.102.27 - - [12/Jun/2020:09:31:07 +0800] "GET /xingrg/javascript/jquery_easy_ui/themes/default/images/tree_folder_open.gif HTTP/1.1" 200 956
180.162.102.27 - - [12/Jun/2020:09:31:07 +0800] "GET /xingrg/javascript/jquery_easy_ui/themes/icons/search_new.png HTTP/1.1" 200 586
180.162.102.27 - - [12/Jun/2020:09:31:07 +0800] "GET /xingrg/javascript/jquery_easy_ui/themes/default/images/tree_folder.gif HTTP/1.1" 200 952
180.162.102.27 - - [12/Jun/2020:09:31:07 +0800] "GET /xingrg/javascript/jquery_easy_ui/themes/icons/storage_new.png HTTP/1.1" 200 853
180.162.102.27 - - [12/Jun/2020:09:31:07 +0800] "GET /xingrg/javascript/jquery_easy_ui/themes/default/images/tree_file.gif HTTP/1.1" 200 118
180.162.102.27 - - [12/Jun/2020:09:31:07 +0800] "GET /xingrg/javascript/jquery_easy_ui/themes/icons/forms_new.png HTTP/1.1" 200 350
116.232.51.17 - - [12/Jun/2020:09:31:10 +0800] "GET /xingrg/kc/buy/cgsh_order_operate.html?command=get_materiel&rest_code=00109&code=00101008098&supplier_code=00100005&order_time=2020-06-12 HTTP/1.1" 200 412
117.131.5.26 - - [12/Jun/2020:09:31:11 +0800] "GET /xingrg/javascript/auto/indicator.gif HTTP/1.1" 404 1066
172.17.0.103 - - [12/Jun/2020:09:31:15 +0800] "GET /xingrg/all/function/internal_message.html?_=1591925473079&CODE_STATE=getMsg HTTP/1.1" 200 27
116.232.51.17 - - [12/Jun/2020:09:31:16 +0800] "GET /xingrg/kc/buy/cgsh_order_operate.html?command=get_materiel&rest_code=00109&code=00101008353&supplier_code=00100005&order_time=2020-06-12 HTTP/1.1" 200 408
114.86.190.97 - - [12/Jun/2020:09:31:19 +0800] "GET /xingrg/all/function/internal_message.html?_=1591925481421&CODE_STATE=getMsg HTTP/1.1" 200 27
116.230.77.149 - - [12/Jun/2020:09:31:21 +0800] "GET /xingrg/all/function/internal_message.html?_=1591925474499&CODE_STATE=getMsg HTTP/1.1" 200 27
116.232.51.17 - - [12/Jun/2020:09:31:23 +0800] "GET /xingrg/kc/buy/cgsh_order_operate.html?command=get_materiel&rest_code=00109&code=00101008291&supplier_code=00100005&order_time=2020-06-12 HTTP/1.1" 200 408
116.232.51.17 - - [12/Jun/2020:09:31:25 +0800] "POST /xingrg/kc/buy/cgsh_order_operate.html HTTP/1.1" 200 2065
101.228.167.227 - - [12/Jun/2020:09:31:27 +0800] "GET /xingrg/all/function/internal_message.html?_=1591925490539&CODE_STATE=getMsg HTTP/1.1" 200 27
116.232.51.17 - - [12/Jun/2020:09:31:28 +0800] "GET /xingrg/kc/buy/cgsh_order_operate.html?command=get_materiel&rest_code=00109&code=00101008196&supplier_code=00100005&order_time=2020-06-12 HTTP/1.1" 200 416
114.88.170.9 - - [12/Jun/2020:09:31:29 +0800] "GET /xingrg/kc/buy/cgsh_order_operate.html?command=get_materiel&rest_code=00111&code=00101008168&supplier_code=00100037&order_time=2020-06-12 HTTP/1.1" 200 413
180.162.232.172 - - [12/Jun/2020:09:31:30 +0800] "GET /xingrg/all/function/internal_message.html?_=1591925624903&CODE_STATE=getMsg HTTP/1.1" 200 27
222.69.139.59 - - [12/Jun/2020:09:31:31 +0800] "GET /xingrg/all/function/internal_message.html?_=1591925484165&CODE_STATE=getMsg HTTP/1.1" 200 27
116.232.51.17 - - [12/Jun/2020:09:31:33 +0800] "GET /xingrg/all/function/internal_message.html?_=1591925630115&CODE_STATE=getMsg HTTP/1.1" 200 27
116.232.51.17 - - [12/Jun/2020:09:31:33 +0800] "GET /xingrg/kc/buy/cgsh_order_operate.html?command=get_materiel&rest_code=00109&code=00101015026&supplier_code=00100005&order_time=2020-06-12 HTTP/1.1" 200 412
117.131.5.26 - - [12/Jun/2020:09:31:33 +0800] "GET /xingrg/kc/buy/cgsh_order_operate.html?command=get_materiel&rest_code=00104&code=00101007081&supplier_code=00100003&order_time=2020-06-12 HTTP/1.1" 200 413
180.175.214.200 - - [12/Jun/2020:09:31:34 +0800] "GET /xingrg/all/function/internal_message.html?_=1591925697636&CODE_STATE=getMsg HTTP/1.1" 200 27
114.88.170.9 - - [12/Jun/2020:09:31:35 +0800] "GET /xingrg/kc/buy/cgsh_order_operate.html?command=get_materiel&rest_code=00111&code=00101008165&supplier_code=00100037&order_time=2020-06-12 HTTP/1.1" 200 416
61.172.5.115 - - [12/Jun/2020:09:31:36 +0800] "GET /xingrg/all/function/internal_message.html?_=1591925497284&CODE_STATE=getMsg HTTP/1.1" 200 27
116.232.51.17 - - [12/Jun/2020:09:31:39 +0800] "GET /xingrg/kc/buy/cgsh_order_operate.html?command=get_materiel&rest_code=00109&code=00101008010&supplier_code=00100005&order_time=2020-06-12 HTTP/1.1" 200 412
114.88.170.9 - - [12/Jun/2020:09:31:39 +0800] "GET /xingrg/kc/buy/cgsh_order_list.html HTTP/1.1" 200 43167
114.88.170.9 - - [12/Jun/2020:09:31:40 +0800] "POST /xingrg/kc/buy/cgsh_list_operate.html HTTP/1.1" 200 2052
116.232.51.17 - - [12/Jun/2020:09:31:45 +0800] "GET /xingrg/kc/buy/cgsh_order_operate.html?command=get_materiel&rest_code=00109&code=00101007037&supplier_code=00100005&order_time=2020-06-12 HTTP/1.1" 200 412
114.88.170.9 - - [12/Jun/2020:09:31:46 +0800] "GET /xingrg/all/function/internal_message.html?_=1591925499391&CODE_STATE=getMsg HTTP/1.1" 200 27
114.88.170.9 - - [12/Jun/2020:09:31:48 +0800] "GET /xingrg/all/function/internal_message.html?_=1591925512531&CODE_STATE=getMsg HTTP/1.1" 200 27
172.17.0.123 - - [12/Jun/2020:09:31:48 +0800] "GET /xingrg/all/function/internal_message.html?_=1591925480142&CODE_STATE=getMsg HTTP/1.1" 200 27
117.184.7.30 - - [12/Jun/2020:09:31:49 +0800] "GET /xingrg/all/function/internal_message.html?_=1591925498535&CODE_STATE=getMsg HTTP/1.1" 200 27
117.184.7.30 - - [12/Jun/2020:09:31:49 +0800] "GET /xingrg/check_reg.html?_=1591925498915 HTTP/1.1" 200 22
116.232.51.17 - - [12/Jun/2020:09:31:50 +0800] "GET /xingrg/kc/buy/cgsh_order_operate.html?command=get_materiel&rest_code=00109&code=00101008125&supplier_code=00100005&order_time=2020-06-12 HTTP/1.1" 200 413
116.232.51.17 - - [12/Jun/2020:09:31:54 +0800] "GET /xingrg/kc/buy/cgsh_order_operate.html?command=get_materiel&rest_code=00109&code=00101013159&supplier_code=00100005&order_time=2020-06-12 HTTP/1.1" 200 413
172.17.0.120 - - [12/Jun/2020:09:31:56 +0800] "GET /xingrg/all/function/internal_message.html?_=1591925513721&CODE_STATE=getMsg HTTP/1.1" 200 27
172.17.0.120 - - [12/Jun/2020:09:31:56 +0800] "GET /xingrg/check_reg.html?_=1591925513725 HTTP/1.1" 200 22
116.232.51.17 - - [12/Jun/2020:09:31:56 +0800] "POST /xingrg/kc/buy/cgsh_order_operate.html HTTP/1.1" 200 2065
117.131.5.26 - - [12/Jun/2020:09:31:59 +0800] "GET /xingrg/all/function/internal_message.html?_=1591925884177&CODE_STATE=getMsg HTTP/1.1" 200 27
116.232.51.17 - - [12/Jun/2020:09:32:02 +0800] "GET /xingrg/kc/buy/cgsh_order_operate.html?command=get_materiel&rest_code=00109&code=00101008350&supplier_code=00100005&order_time=2020-06-12 HTTP/1.1" 200 408
180.162.102.27 - - [12/Jun/2020:09:32:07 +0800] "GET /xingrg/all/function/internal_message.html?_=1591925503513&CODE_STATE=getMsg HTTP/1.1" 200 27
116.232.51.17 - - [12/Jun/2020:09:32:08 +0800] "GET /xingrg/kc/buy/cgsh_order_operate.html?command=get_materiel&rest_code=00109&code=00101008354&supplier_code=00100005&order_time=2020-06-12 HTTP/1.1" 200 412
172.17.0.103 - - [12/Jun/2020:09:32:15 +0800] "GET /xingrg/check_reg.html?_=1591925533082 HTTP/1.1" 200 22
172.17.0.103 - - [12/Jun/2020:09:32:15 +0800] "GET /xingrg/all/function/internal_message.html?_=1591925533079&CODE_STATE=getMsg HTTP/1.1" 200 27
180.162.232.172 - - [12/Jun/2020:09:32:17 +0800] "GET /xingrg/kc/buy/cgsh_order_add.html HTTP/1.1" 200 58841
180.162.232.172 - - [12/Jun/2020:09:32:17 +0800] "POST /xingrg/kc/buy/cgsh_order_operate.html HTTP/1.1" 200 8245
180.162.232.172 - - [12/Jun/2020:09:32:17 +0800] "GET /xingrg/javascript/easyui/themes/default/validatebox.css HTTP/1.1" 404 1104
180.162.232.172 - - [12/Jun/2020:09:32:18 +0800] "GET /xingrg/check_reg.html?_=1591925673559 HTTP/1.1" 200 22
114.86.190.97 - - [12/Jun/2020:09:32:19 +0800] "GET /xingrg/all/function/internal_message.html?_=1591925541424&CODE_STATE=getMsg HTTP/1.1" 200 27
116.230.77.149 - - [12/Jun/2020:09:32:21 +0800] "GET /xingrg/all/function/internal_message.html?_=1591925534502&CODE_STATE=getMsg HTTP/1.1" 200 27
116.230.77.149 - - [12/Jun/2020:09:32:21 +0800] "GET /xingrg/check_reg.html?_=1591925534503 HTTP/1.1" 200 22
116.232.51.17 - - [12/Jun/2020:09:32:24 +0800] "GET /xingrg/kc/buy/cgsh_order_operate.html?command=get_materiel&rest_code=00109&code=00101008290&supplier_code=00100005&order_time=2020-06-12 HTTP/1.1" 200 416
101.228.167.227 - - [12/Jun/2020:09:32:27 +0800] "GET /xingrg/all/function/internal_message.html?_=1591925550856&CODE_STATE=getMsg HTTP/1.1" 200 27
180.162.232.172 - - [12/Jun/2020:09:32:30 +0800] "GET /xingrg/all/function/internal_message.html?_=1591925684905&CODE_STATE=getMsg HTTP/1.1" 200 27
116.232.51.17 - - [12/Jun/2020:09:32:30 +0800] "GET /xingrg/all/function/internal_message.html?_=1591925690122&CODE_STATE=getMsg HTTP/1.1" 200 27
116.232.51.17 - - [12/Jun/2020:09:32:31 +0800] "GET /xingrg/kc/buy/cgsh_order_operate.html?command=get_materiel&rest_code=00109&code=00101008190&supplier_code=00100005&order_time=2020-06-12 HTTP/1.1" 200 412
180.175.214.200 - - [12/Jun/2020:09:32:34 +0800] "GET /xingrg/all/function/internal_message.html?_=1591925757652&CODE_STATE=getMsg HTTP/1.1" 200 27
61.172.5.115 - - [12/Jun/2020:09:32:36 +0800] "GET /xingrg/all/function/internal_message.html?_=1591925557285&CODE_STATE=getMsg HTTP/1.1" 200 27
116.232.51.17 - - [12/Jun/2020:09:32:37 +0800] "GET /xingrg/javascript/auto/indicator.gif HTTP/1.1" 404 1066
116.232.51.17 - - [12/Jun/2020:09:32:37 +0800] "GET /xingrg/kc/buy/cgsh_order_operate.html?command=get_materiel&rest_code=00109&code=00101008357&supplier_code=00100005&order_time=2020-06-12 HTTP/1.1" 200 408
116.232.51.17 - - [12/Jun/2020:09:32:40 +0800] "POST /xingrg/kc/buy/cgsh_order_operate.html HTTP/1.1" 200 2065
114.88.170.9 - - [12/Jun/2020:09:32:42 +0800] "GET /xingrg/check_reg.html?_=1591925555788 HTTP/1.1" 200 22
116.232.51.17 - - [12/Jun/2020:09:32:42 +0800] "GET /xingrg/kc/buy/cgsh_order_operate.html?command=get_materiel&rest_code=00109&code=00101008006&supplier_code=00100005&order_time=2020-06-12 HTTP/1.1" 200 416
117.131.5.26 - - [12/Jun/2020:09:32:43 +0800] "GET /xingrg/check_reg.html?_=1591925582726 HTTP/1.1" 302 -
114.88.170.9 - - [12/Jun/2020:09:32:46 +0800] "GET /xingrg/all/function/internal_message.html?_=1591925559392&CODE_STATE=getMsg HTTP/1.1" 200 27
114.88.170.9 - - [12/Jun/2020:09:32:48 +0800] "GET /xingrg/all/function/internal_message.html?_=1591925572438&CODE_STATE=getMsg HTTP/1.1" 200 27
180.162.232.172 - - [12/Jun/2020:09:32:48 +0800] "POST /xingrg/kc/buy/cgsh_order_operate.html HTTP/1.1" 200 37
116.232.51.17 - - [12/Jun/2020:09:32:48 +0800] "GET /xingrg/kc/buy/cgsh_order_operate.html?command=get_materiel&rest_code=00109&code=00101008131&supplier_code=00100005&order_time=2020-06-12 HTTP/1.1" 200 408
172.17.0.123 - - [12/Jun/2020:09:32:48 +0800] "GET /xingrg/all/function/internal_message.html?_=1591925540146&CODE_STATE=getMsg HTTP/1.1" 200 27
172.17.0.123 - - [12/Jun/2020:09:32:48 +0800] "GET /xingrg/check_reg.html?_=1591925540148 HTTP/1.1" 200 22
117.184.7.30 - - [12/Jun/2020:09:32:49 +0800] "GET /xingrg/all/function/internal_message.html?_=1591925558509&CODE_STATE=getMsg HTTP/1.1" 200 27
180.162.232.172 - - [12/Jun/2020:09:32:50 +0800] "POST /xingrg/kc/buy/cgsh_order_operate.html HTTP/1.1" 200 12
180.162.232.172 - - [12/Jun/2020:09:32:51 +0800] "GET /xingrg/kc/buy/cgsh_order_info.html?code=212020061204473 HTTP/1.1" 200 53748
180.162.232.172 - - [12/Jun/2020:09:32:51 +0800] "GET /xingrg/javascript/easyui/themes/default/validatebox.css HTTP/1.1" 404 1104
180.162.232.172 - - [12/Jun/2020:09:32:51 +0800] "POST /xingrg/kc/buy/cgsh_order_operate.html HTTP/1.1" 200 615
180.162.232.172 - - [12/Jun/2020:09:32:52 +0800] "GET /xingrg/kc/print/load_data.html?order_code=212020061204473&kc_code=cgsh&condition= HTTP/1.1" 200 834
116.232.51.17 - - [12/Jun/2020:09:32:53 +0800] "GET /xingrg/kc/buy/cgsh_order_operate.html?command=get_materiel&rest_code=00109&code=00101008296&supplier_code=00100005&order_time=2020-06-12 HTTP/1.1" 200 416
172.17.0.120 - - [12/Jun/2020:09:32:56 +0800] "GET /xingrg/all/function/internal_message.html?_=1591925573712&CODE_STATE=getMsg HTTP/1.1" 200 27
117.131.5.26 - - [12/Jun/2020:09:32:59 +0800] "GET /xingrg/all/function/internal_message.html?_=1591925944178&CODE_STATE=getMsg HTTP/1.1" 200 27
116.232.51.17 - - [12/Jun/2020:09:33:04 +0800] "GET /xingrg/kc/buy/cgsh_order_operate.html?command=get_materiel&rest_code=00109&code=00101015070&supplier_code=00100005&order_time=2020-06-12 HTTP/1.1" 200 412
180.162.102.27 - - [12/Jun/2020:09:33:07 +0800] "GET /xingrg/all/function/internal_message.html?_=1591925563506&CODE_STATE=getMsg HTTP/1.1" 200 27
116.232.51.17 - - [12/Jun/2020:09:33:10 +0800] "GET /xingrg/kc/buy/cgsh_order_operate.html?command=get_materiel&rest_code=00109&code=00101008353&supplier_code=00100005&order_time=2020-06-12 HTTP/1.1" 200 408
172.17.0.128 - - [12/Jun/2020:09:33:10 +0800] "GET /favicon.ico HTTP/1.1" 404 -
116.232.51.17 - - [12/Jun/2020:09:33:12 +0800] "POST /xingrg/kc/buy/cgsh_order_operate.html HTTP/1.1" 200 2065
172.17.0.103 - - [12/Jun/2020:09:33:15 +0800] "GET /xingrg/all/function/internal_message.html?_=1591925593081&CODE_STATE=getMsg HTTP/1.1" 200 27
116.232.51.17 - - [12/Jun/2020:09:33:15 +0800] "GET /xingrg/kc/buy/cgsh_order_operate.html?command=get_materiel&rest_code=00109&code=00101008297&supplier_code=00100005&order_time=2020-06-12 HTTP/1.1" 200 412
114.86.190.97 - - [12/Jun/2020:09:33:19 +0800] "GET /xingrg/all/function/internal_message.html?_=1591925601436&CODE_STATE=getMsg HTTP/1.1" 200 27
116.230.77.149 - - [12/Jun/2020:09:33:21 +0800] "GET /xingrg/all/function/internal_message.html?_=1591925594508&CODE_STATE=getMsg HTTP/1.1" 200 27
116.232.51.17 - - [12/Jun/2020:09:33:21 +0800] "GET /xingrg/kc/buy/cgsh_order_operate.html?command=get_materiel&rest_code=00109&code=00101008020&supplier_code=00100005&order_time=2020-06-12 HTTP/1.1" 200 408
116.232.51.17 - - [12/Jun/2020:09:33:26 +0800] "GET /xingrg/kc/buy/cgsh_order_operate.html?command=get_materiel&rest_code=00109&code=00101008032&supplier_code=00100005&order_time=2020-06-12 HTTP/1.1" 200 408
180.162.232.172 - - [12/Jun/2020:09:33:26 +0800] "POST /xingrg/all/user/operate.html HTTP/1.1" 200 36
180.162.232.172 - - [12/Jun/2020:09:33:26 +0800] "GET /xingrg/javascript/jquery_easy_ui/themes/default/easyui.css HTTP/1.1" 304 -
180.162.232.172 - - [12/Jun/2020:09:33:26 +0800] "GET /xingrg/index.html?sysBaseUrl=http%3A%2F%2F180.169.147.146%3A18081%2Fxingrg%2F&costTime=38×tamp=1591924938743 HTTP/1.1" 200 17177
180.162.232.172 - - [12/Jun/2020:09:33:26 +0800] "GET /xingrg/javascript/jquery_easy_ui/themes/icon.css HTTP/1.1" 304 -
180.162.232.172 - - [12/Jun/2020:09:33:27 +0800] "GET /xingrg/css/form.css HTTP/1.1" 304 -
180.162.232.172 - - [12/Jun/2020:09:33:27 +0800] "GET /xingrg/javascript/jquery-1.4.2.min.js HTTP/1.1" 304 -
180.162.232.172 - - [12/Jun/2020:09:33:27 +0800] "GET /xingrg/javascript/jquery_easy_ui/jquery.easyui.min.js HTTP/1.1" 304 -
180.162.232.172 - - [12/Jun/2020:09:33:27 +0800] "GET /xingrg/javascript/jquery_easy_ui/easyui-lang-zh_CN.js HTTP/1.1" 304 -
180.162.232.172 - - [12/Jun/2020:09:33:27 +0800] "GET /xingrg/javascript/jquery.form.js HTTP/1.1" 304 -
180.162.232.172 - - [12/Jun/2020:09:33:27 +0800] "GET /xingrg/javascript/jquery.utils.js HTTP/1.1" 304 -
180.162.232.172 - - [12/Jun/2020:09:33:27 +0800] "GET /xingrg/javascript/jquery.timers.js HTTP/1.1" 304 -
180.162.232.172 - - [12/Jun/2020:09:33:27 +0800] "GET /xingrg/images/blue/navBackgound.jpg HTTP/1.1" 304 -
180.162.232.172 - - [12/Jun/2020:09:33:27 +0800] "GET /xingrg/images/blue/jxLogo.png HTTP/1.1" 304 -
180.162.232.172 - - [12/Jun/2020:09:33:27 +0800] "GET /xingrg/javascript/jquery_easy_ui/themes/icons/settle_new.png HTTP/1.1" 304 -
180.162.232.172 - - [12/Jun/2020:09:33:27 +0800] "POST /xingrg/all/common/load_tree.html?tree=area_rest_tree_json&manage=1 HTTP/1.1" 200 476
180.162.232.172 - - [12/Jun/2020:09:33:27 +0800] "GET /xingrg/images/blue/pingpu.png HTTP/1.1" 304 -
180.162.232.172 - - [12/Jun/2020:09:33:27 +0800] "GET /xingrg/javascript/jquery_easy_ui/themes/default/images/tabs_rightarrow.png HTTP/1.1" 304 -
180.162.232.172 - - [12/Jun/2020:09:33:27 +0800] "GET /xingrg/javascript/jquery_easy_ui/themes/default/images/tabs_leftarrow.png HTTP/1.1" 304 -
180.162.232.172 - - [12/Jun/2020:09:33:27 +0800] "GET /xingrg/javascript/jquery_easy_ui/themes/default/images/panel_tool_collapse.gif HTTP/1.1" 304 -
180.162.232.172 - - [12/Jun/2020:09:33:27 +0800] "GET /xingrg/all/function/internal_message.html?_=1591925741808&CODE_STATE=count HTTP/1.1" 200 11
180.162.232.172 - - [12/Jun/2020:09:33:27 +0800] "GET /xingrg/check_reg.html?_=1591925741810 HTTP/1.1" 200 22
180.162.232.172 - - [12/Jun/2020:09:33:27 +0800] "POST /xingrg/load_menu.html HTTP/1.1" 200 5138
116.232.51.17 - - [12/Jun/2020:09:33:27 +0800] "GET /xingrg/check_reg.html?_=1591925750100 HTTP/1.1" 200 22
116.232.51.17 - - [12/Jun/2020:09:33:27 +0800] "GET /xingrg/all/function/internal_message.html?_=1591925750100&CODE_STATE=getMsg HTTP/1.1" 200 27
101.228.167.227 - - [12/Jun/2020:09:33:27 +0800] "GET /xingrg/all/function/internal_message.html?_=1591925610863&CODE_STATE=getMsg HTTP/1.1" 200 27
180.162.232.172 - - [12/Jun/2020:09:33:30 +0800] "GET /xingrg/kc/buy/cgsh_order_list.html HTTP/1.1" 200 43171
180.162.232.172 - - [12/Jun/2020:09:33:31 +0800] "POST /xingrg/kc/buy/cgsh_list_operate.html HTTP/1.1" 200 1706
180.175.214.200 - - [12/Jun/2020:09:33:32 +0800] "GET /xingrg/check_reg.html?_=1591925816416 HTTP/1.1" 200 22
180.175.214.200 - - [12/Jun/2020:09:33:34 +0800] "GET /xingrg/all/function/internal_message.html?_=1591925817670&CODE_STATE=getMsg HTTP/1.1" 200 27
61.172.5.115 - - [12/Jun/2020:09:33:36 +0800] "GET /xingrg/all/function/internal_message.html?_=1591925617285&CODE_STATE=getMsg HTTP/1.1" 200 27
116.232.51.17 - - [12/Jun/2020:09:33:38 +0800] "GET /xingrg/kc/buy/cgsh_order_operate.html?command=get_materiel&rest_code=00109&code=00101008323&supplier_code=00100005&order_time=2020-06-12 HTTP/1.1" 200 408
116.232.51.17 - - [12/Jun/2020:09:33:44 +0800] "GET /xingrg/kc/buy/cgsh_order_operate.html?command=get_materiel&rest_code=00109&code=00101008112&supplier_code=00100005&order_time=2020-06-12 HTTP/1.1" 200 412
114.88.170.9 - - [12/Jun/2020:09:33:46 +0800] "GET /xingrg/all/function/internal_message.html?_=1591925619404&CODE_STATE=getMsg HTTP/1.1" 200 27
116.232.51.17 - - [12/Jun/2020:09:33:46 +0800] "POST /xingrg/kc/buy/cgsh_order_operate.html HTTP/1.1" 200 2065
114.88.170.9 - - [12/Jun/2020:09:33:48 +0800] "GET /xingrg/check_reg.html?_=1591925632438 HTTP/1.1" 200 22
114.88.170.9 - - [12/Jun/2020:09:33:48 +0800] "GET /xingrg/all/function/internal_message.html?_=1591925632441&CODE_STATE=getMsg HTTP/1.1" 200 27
172.17.0.123 - - [12/Jun/2020:09:33:48 +0800] "GET /xingrg/all/function/internal_message.html?_=1591925600150&CODE_STATE=getMsg HTTP/1.1" 200 27
116.232.51.17 - - [12/Jun/2020:09:33:48 +0800] "GET /xingrg/kc/buy/cgsh_order_operate.html?command=get_materiel&rest_code=00109&code=00101008223&supplier_code=00100005&order_time=2020-06-12 HTTP/1.1" 200 412
117.184.7.30 - - [12/Jun/2020:09:33:49 +0800] "GET /xingrg/all/function/internal_message.html?_=1591925618494&CODE_STATE=getMsg HTTP/1.1" 200 27
116.232.51.17 - - [12/Jun/2020:09:33:53 +0800] "GET /xingrg/kc/buy/cgsh_order_operate.html?command=get_materiel&rest_code=00109&code=00101008069&supplier_code=00100005&order_time=2020-06-12 HTTP/1.1" 200 412
172.17.0.120 - - [12/Jun/2020:09:33:56 +0800] "GET /xingrg/all/function/internal_message.html?_=1591925633721&CODE_STATE=getMsg HTTP/1.1" 200 27
116.232.51.17 - - [12/Jun/2020:09:33:57 +0800] "GET /xingrg/kc/buy/cgsh_order_operate.html?command=get_materiel&rest_code=00109&code=00101008006&supplier_code=00100005&order_time=2020-06-12 HTTP/1.1" 200 416
117.131.5.26 - - [12/Jun/2020:09:33:59 +0800] "GET /xingrg/all/function/internal_message.html?_=1591926004202&CODE_STATE=getMsg HTTP/1.1" 200 27
180.162.232.172 - - [12/Jun/2020:09:34:01 +0800] "POST /xingrg/kc/buy/cgsh_list_operate.html HTTP/1.1" 200 564
180.162.232.172 - - [12/Jun/2020:09:34:01 +0800] "GET /xingrg/kc/buy/cgsh_order_info.html?code=212020061204446 HTTP/1.1" 200 58568
180.162.232.172 - - [12/Jun/2020:09:34:02 +0800] "GET /xingrg/javascript/easyui/themes/default/validatebox.css HTTP/1.1" 404 1104
180.162.232.172 - - [12/Jun/2020:09:34:02 +0800] "POST /xingrg/kc/buy/cgsh_order_operate.html HTTP/1.1" 200 26418
116.232.51.17 - - [12/Jun/2020:09:34:02 +0800] "GET /xingrg/kc/buy/cgsh_order_operate.html?command=get_materiel&rest_code=00109&code=00101008131&supplier_code=00100005&order_time=2020-06-12 HTTP/1.1" 200 408
180.162.102.27 - - [12/Jun/2020:09:34:07 +0800] "GET /xingrg/all/function/internal_message.html?_=1591925623518&CODE_STATE=getMsg HTTP/1.1" 200 27
116.232.51.17 - - [12/Jun/2020:09:34:07 +0800] "POST /xingrg/kc/buy/cgsh_order_operate.html HTTP/1.1" 200 37
172.17.0.103 - - [12/Jun/2020:09:34:15 +0800] "GET /xingrg/all/function/internal_message.html?_=1591925653106&CODE_STATE=getMsg HTTP/1.1" 200 27
114.86.190.97 - - [12/Jun/2020:09:34:19 +0800] "GET /xingrg/all/function/internal_message.html?_=1591925661424&CODE_STATE=getMsg HTTP/1.1" 200 27
116.230.77.149 - - [12/Jun/2020:09:34:21 +0800] "GET /xingrg/all/function/internal_message.html?_=1591925654513&CODE_STATE=getMsg HTTP/1.1" 200 27
101.228.167.227 - - [12/Jun/2020:09:34:26 +0800] "GET /xingrg/check_reg.html?_=1591925670058 HTTP/1.1" 200 22
180.162.232.172 - - [12/Jun/2020:09:34:27 +0800] "GET /xingrg/all/function/internal_message.html?_=1591925801812&CODE_STATE=getMsg HTTP/1.1" 200 27
101.228.167.227 - - [12/Jun/2020:09:34:27 +0800] "GET /xingrg/all/function/internal_message.html?_=1591925670875&CODE_STATE=getMsg HTTP/1.1" 200 27
116.232.51.17 - - [12/Jun/2020:09:34:32 +0800] "POST /xingrg/kc/buy/cgsh_order_operate.html HTTP/1.1" 200 30461
180.175.214.200 - - [12/Jun/2020:09:34:34 +0800] "GET /xingrg/all/function/internal_message.html?_=1591925877681&CODE_STATE=getMsg HTTP/1.1" 200 27
61.172.5.115 - - [12/Jun/2020:09:34:36 +0800] "GET /xingrg/all/function/internal_message.html?_=1591925677284&CODE_STATE=getMsg HTTP/1.1" 200 27
114.86.190.97 - - [12/Jun/2020:09:34:37 +0800] "POST /xingrg/kc/buy/cgsh_list_operate.html HTTP/1.1" 200 2417
116.232.51.17 - - [12/Jun/2020:09:34:45 +0800] "GET /xingrg/kc/buy/cgsh_order_operate.html?command=get_materiel&rest_code=00109&code=00101008005&supplier_code=00100005&order_time=2020-06-12 HTTP/1.1" 200 412
114.88.170.9 - - [12/Jun/2020:09:34:46 +0800] "GET /xingrg/all/function/internal_message.html?_=1591925679521&CODE_STATE=getMsg HTTP/1.1" 200 27
114.88.170.9 - - [12/Jun/2020:09:34:48 +0800] "GET /xingrg/all/function/internal_message.html?_=1591925692441&CODE_STATE=getMsg HTTP/1.1" 200 27
172.17.0.123 - - [12/Jun/2020:09:34:48 +0800] "GET /xingrg/all/function/internal_message.html?_=1591925660152&CODE_STATE=getMsg HTTP/1.1" 200 27
117.184.7.30 - - [12/Jun/2020:09:34:49 +0800] "GET /xingrg/all/function/internal_message.html?_=1591925678470&CODE_STATE=getMsg HTTP/1.1" 200 27
116.232.51.17 - - [12/Jun/2020:09:34:49 +0800] "GET /xingrg/all/function/internal_message.html?_=1591925835531&CODE_STATE=getMsg HTTP/1.1" 200 27
172.17.0.120 - - [12/Jun/2020:09:34:56 +0800] "GET /xingrg/all/function/internal_message.html?_=1591925693719&CODE_STATE=getMsg HTTP/1.1" 200 27
116.232.51.17 - - [12/Jun/2020:09:34:57 +0800] "GET /xingrg/kc/buy/cgsh_order_operate.html?command=get_materiel&rest_code=00109&code=00101015046&supplier_code=00100005&order_time=2020-06-12 HTTP/1.1" 200 413
117.131.5.26 - - [12/Jun/2020:09:34:59 +0800] "GET /xingrg/check_reg.html?_=1591926064207 HTTP/1.1" 200 22
117.131.5.26 - - [12/Jun/2020:09:34:59 +0800] "GET /xingrg/all/function/internal_message.html?_=1591926064209&CODE_STATE=getMsg HTTP/1.1" 200 27
116.232.51.17 - - [12/Jun/2020:09:35:02 +0800] "GET /xingrg/kc/buy/cgsh_order_operate.html?command=get_materiel&rest_code=00109&code=00101008200&supplier_code=00100005&order_time=2020-06-12 HTTP/1.1" 200 413
116.232.51.17 - - [12/Jun/2020:09:35:07 +0800] "GET /xingrg/kc/buy/cgsh_order_operate.html?command=get_materiel&rest_code=00109&code=00101008114&supplier_code=00100005&order_time=2020-06-12 HTTP/1.1" 200 412
180.162.102.27 - - [12/Jun/2020:09:35:07 +0800] "GET /xingrg/all/function/internal_message.html?_=1591925683515&CODE_STATE=getMsg HTTP/1.1" 200 27
116.232.51.17 - - [12/Jun/2020:09:35:09 +0800] "POST /xingrg/kc/buy/cgsh_order_operate.html HTTP/1.1" 200 2065
116.232.51.17 - - [12/Jun/2020:09:35:11 +0800] "GET /xingrg/kc/buy/cgsh_order_operate.html?command=get_materiel&rest_code=00109&code=00101008168&supplier_code=00100005&order_time=2020-06-12 HTTP/1.1" 200 413
117.131.5.26 - - [12/Jun/2020:09:35:12 +0800] "GET /xingrg/kc/buy/cgsh_order_operate.html?command=get_materiel&rest_code=00104&code=00101007061&supplier_code=00100003&order_time=2020-06-12 HTTP/1.1" 200 409
172.17.0.103 - - [12/Jun/2020:09:35:15 +0800] "GET /xingrg/all/function/internal_message.html?_=1591925713106&CODE_STATE=getMsg HTTP/1.1" 200 27
116.232.51.17 - - [12/Jun/2020:09:35:17 +0800] "GET /xingrg/kc/buy/cgsh_order_operate.html?command=get_materiel&rest_code=00109&code=00101008307&supplier_code=00100005&order_time=2020-06-12 HTTP/1.1" 200 420
114.86.190.97 - - [12/Jun/2020:09:35:19 +0800] "GET /xingrg/all/function/internal_message.html?_=1591925721447&CODE_STATE=getMsg HTTP/1.1" 200 27
114.86.190.97 - - [12/Jun/2020:09:35:19 +0800] "GET /xingrg/check_reg.html?_=1591925721454 HTTP/1.1" 200 22
116.230.77.149 - - [12/Jun/2020:09:35:21 +0800] "GET /xingrg/all/function/internal_message.html?_=1591925714498&CODE_STATE=getMsg HTTP/1.1" 200 27
180.162.232.172 - - [12/Jun/2020:09:35:27 +0800] "GET /xingrg/all/function/internal_message.html?_=1591925861827&CODE_STATE=getMsg HTTP/1.1" 200 27
101.228.167.227 - - [12/Jun/2020:09:35:27 +0800] "GET /xingrg/all/function/internal_message.html?_=1591925730889&CODE_STATE=getMsg HTTP/1.1" 200 27
117.131.5.26 - - [12/Jun/2020:09:35:33 +0800] "POST /xingrg/kc/buy/cgsh_order_operate.html HTTP/1.1" 200 37
180.175.214.200 - - [12/Jun/2020:09:35:34 +0800] "GET /xingrg/all/function/internal_message.html?_=1591925937695&CODE_STATE=getMsg HTTP/1.1" 200 27
117.131.5.26 - - [12/Jun/2020:09:35:34 +0800] "POST /xingrg/kc/buy/cgsh_order_operate.html HTTP/1.1" 200 3246
117.131.5.26 - - [12/Jun/2020:09:35:35 +0800] "GET /xingrg/kc/print/load_config.html?kc_code=cgsh HTTP/1.1" 200 1845
117.131.5.26 - - [12/Jun/2020:09:35:36 +0800] "GET /xingrg/kc/print/load_data.html?order_code=212020061204475&kc_code=cgsh&condition= HTTP/1.1" 200 961
61.172.5.115 - - [12/Jun/2020:09:35:36 +0800] "GET /xingrg/check_reg.html?_=1591925737283 HTTP/1.1" 200 22
61.172.5.115 - - [12/Jun/2020:09:35:36 +0800] "GET /xingrg/all/function/internal_message.html?_=1591925737286&CODE_STATE=getMsg HTTP/1.1" 200 27
114.88.170.9 - - [12/Jun/2020:09:35:46 +0800] "GET /xingrg/all/function/internal_message.html?_=1591925739525&CODE_STATE=getMsg HTTP/1.1" 200 27
