114.88.170.9 - - [12/Jun/2020:09:50:54 +0800] "GET /xingrg/kc/buy/cgsh_order_operate.html?command=get_materiel&rest_code=00111&code=00101008213&supplier_code=00100005&order_time=2020-06-12 HTTP/1.1" 200 412
172.17.0.120 - - [12/Jun/2020:09:50:56 +0800] "GET /xingrg/all/function/internal_message.html?_=1591926653726&CODE_STATE=getMsg HTTP/1.1" 200 27
180.175.214.200 - - [12/Jun/2020:09:50:58 +0800] "GET /xingrg/kc/buy/cgsh_order_operate.html?command=get_materiel&rest_code=00102&code=00101006025&supplier_code=00100011&order_time=2020-06-12 HTTP/1.1" 200 417
117.131.5.26 - - [12/Jun/2020:09:50:59 +0800] "GET /xingrg/all/function/internal_message.html?_=1591927024214&CODE_STATE=getMsg HTTP/1.1" 200 27
114.88.170.9 - - [12/Jun/2020:09:51:00 +0800] "GET /xingrg/kc/buy/cgsh_order_operate.html?command=get_materiel&rest_code=00111&code=00101008106&supplier_code=00100005&order_time=2020-06-12 HTTP/1.1" 200 413
116.230.77.149 - - [12/Jun/2020:09:51:01 +0800] "POST /xingrg/kc/buy/cgsh_order_operate.html HTTP/1.1" 200 37
114.88.170.9 - - [12/Jun/2020:09:51:02 +0800] "POST /xingrg/kc/buy/cgsh_order_operate.html HTTP/1.1" 200 2065
114.88.170.9 - - [12/Jun/2020:09:51:06 +0800] "GET /xingrg/kc/buy/cgsh_order_operate.html?command=get_materiel&rest_code=00111&code=00101008312&supplier_code=00100005&order_time=2020-06-12 HTTP/1.1" 200 412
180.175.214.200 - - [12/Jun/2020:09:51:07 +0800] "GET /xingrg/kc/buy/cgsh_order_operate.html?command=get_materiel&rest_code=00102&code=00101006174&supplier_code=00100011&order_time=2020-06-12 HTTP/1.1" 200 415
180.162.102.27 - - [12/Jun/2020:09:51:07 +0800] "GET /xingrg/check_reg.html?_=1591926643543 HTTP/1.1" 200 22
180.162.102.27 - - [12/Jun/2020:09:51:07 +0800] "GET /xingrg/all/function/internal_message.html?_=1591926643545&CODE_STATE=getMsg HTTP/1.1" 200 27
116.230.77.149 - - [12/Jun/2020:09:51:08 +0800] "POST /xingrg/kc/buy/cgsh_order_operate.html HTTP/1.1" 200 3843
114.88.170.9 - - [12/Jun/2020:09:51:12 +0800] "GET /xingrg/kc/buy/cgsh_order_operate.html?command=get_materiel&rest_code=00111&code=00101008125&supplier_code=00100005&order_time=2020-06-12 HTTP/1.1" 200 413
172.17.0.103 - - [12/Jun/2020:09:51:15 +0800] "GET /xingrg/all/function/internal_message.html?_=1591926673202&CODE_STATE=getMsg HTTP/1.1" 200 27
222.69.139.59 - - [12/Jun/2020:09:51:16 +0800] "GET /xingrg/all/function/internal_message.html?_=1591926668465&CODE_STATE=getMsg HTTP/1.1" 200 27
116.230.77.149 - - [12/Jun/2020:09:51:16 +0800] "GET /xingrg/kc/print/load_data.html?order_code=212020061204492&kc_code=cgsh&condition= HTTP/1.1" 200 1110
114.88.170.9 - - [12/Jun/2020:09:51:18 +0800] "GET /xingrg/kc/buy/cgsh_order_operate.html?command=get_materiel&rest_code=00111&code=00101008101&supplier_code=00100005&order_time=2020-06-12 HTTP/1.1" 200 412
114.86.190.97 - - [12/Jun/2020:09:51:19 +0800] "GET /xingrg/all/function/internal_message.html?_=1591926681476&CODE_STATE=getMsg HTTP/1.1" 200 27
116.230.77.149 - - [12/Jun/2020:09:51:22 +0800] "GET /xingrg/all/function/internal_message.html?_=1591926675708&CODE_STATE=getMsg HTTP/1.1" 200 27
114.88.170.9 - - [12/Jun/2020:09:51:24 +0800] "GET /xingrg/kc/buy/cgsh_order_operate.html?command=get_materiel&rest_code=00111&code=00101008264&supplier_code=00100005&order_time=2020-06-12 HTTP/1.1" 200 412
180.175.214.200 - - [12/Jun/2020:09:51:25 +0800] "GET /xingrg/kc/buy/cgsh_order_operate.html?command=get_materiel&rest_code=00102&code=00101006112&supplier_code=00100011&order_time=2020-06-12 HTTP/1.1" 200 409
180.162.232.172 - - [12/Jun/2020:09:51:27 +0800] "GET /xingrg/all/function/internal_message.html?_=1591926822517&CODE_STATE=getMsg HTTP/1.1" 200 27
101.228.167.227 - - [12/Jun/2020:09:51:28 +0800] "GET /xingrg/all/function/internal_message.html?_=1591926692012&CODE_STATE=getMsg HTTP/1.1" 200 27
114.88.170.9 - - [12/Jun/2020:09:51:30 +0800] "GET /xingrg/kc/buy/cgsh_order_operate.html?command=get_materiel&rest_code=00111&code=00101008300&supplier_code=00100005&order_time=2020-06-12 HTTP/1.1" 200 412
114.88.170.9 - - [12/Jun/2020:09:51:33 +0800] "POST /xingrg/kc/buy/cgsh_order_operate.html HTTP/1.1" 200 2065
180.175.214.200 - - [12/Jun/2020:09:51:33 +0800] "GET /xingrg/kc/buy/cgsh_order_operate.html?command=get_materiel&rest_code=00102&code=00101006063&supplier_code=00100011&order_time=2020-06-12 HTTP/1.1" 200 413
180.175.214.200 - - [12/Jun/2020:09:51:35 +0800] "GET /xingrg/all/function/internal_message.html?_=1591926898582&CODE_STATE=getMsg HTTP/1.1" 200 27
61.172.5.115 - - [12/Jun/2020:09:51:37 +0800] "GET /xingrg/all/function/internal_message.html?_=1591926697308&CODE_STATE=getMsg HTTP/1.1" 200 27
116.232.51.17 - - [12/Jun/2020:09:51:40 +0800] "GET /xingrg/all/function/internal_message.html?_=1591926739327&CODE_STATE=getMsg HTTP/1.1" 200 27
180.175.214.200 - - [12/Jun/2020:09:51:44 +0800] "GET /xingrg/kc/buy/cgsh_order_operate.html?command=get_materiel&rest_code=00102&code=00101006193&supplier_code=00100011&order_time=2020-06-12 HTTP/1.1" 200 409
114.88.170.9 - - [12/Jun/2020:09:51:47 +0800] "GET /xingrg/all/function/internal_message.html?_=1591926700402&CODE_STATE=getMsg HTTP/1.1" 200 27
114.88.170.9 - - [12/Jun/2020:09:51:48 +0800] "GET /xingrg/all/function/internal_message.html?_=1591926712525&CODE_STATE=getMsg HTTP/1.1" 200 27
172.17.0.123 - - [12/Jun/2020:09:51:48 +0800] "GET /xingrg/all/function/internal_message.html?_=1591926680148&CODE_STATE=getMsg HTTP/1.1" 200 27
117.184.7.26 - - [12/Jun/2020:09:51:49 +0800] "GET /xingrg/all/function/internal_message.html?_=1591926698520&CODE_STATE=getMsg HTTP/1.1" 200 27
117.184.7.26 - - [12/Jun/2020:09:51:50 +0800] "GET /xingrg/check_reg.html?_=1591926698955 HTTP/1.1" 200 22
114.88.170.9 - - [12/Jun/2020:09:51:51 +0800] "GET /xingrg/kc/buy/cgsh_order_operate.html?command=get_materiel&rest_code=00111&code=00101008036&supplier_code=00100005&order_time=2020-06-12 HTTP/1.1" 200 408
180.175.214.200 - - [12/Jun/2020:09:51:52 +0800] "GET /xingrg/kc/buy/cgsh_order_operate.html?command=get_materiel&rest_code=00102&code=00101006017&supplier_code=00100011&order_time=2020-06-12 HTTP/1.1" 200 417
172.17.0.120 - - [12/Jun/2020:09:51:56 +0800] "GET /xingrg/all/function/internal_message.html?_=1591926713713&CODE_STATE=getMsg HTTP/1.1" 200 27
172.17.0.120 - - [12/Jun/2020:09:51:56 +0800] "GET /xingrg/check_reg.html?_=1591926713715 HTTP/1.1" 200 22
114.88.170.9 - - [12/Jun/2020:09:51:56 +0800] "GET /xingrg/kc/buy/cgsh_order_operate.html?command=get_materiel&rest_code=00111&code=00101008005&supplier_code=00100005&order_time=2020-06-12 HTTP/1.1" 200 412
117.131.5.26 - - [12/Jun/2020:09:51:59 +0800] "GET /xingrg/all/function/internal_message.html?_=1591927084212&CODE_STATE=getMsg HTTP/1.1" 200 27
114.88.170.9 - - [12/Jun/2020:09:52:02 +0800] "GET /xingrg/kc/buy/cgsh_order_operate.html?command=get_materiel&rest_code=00111&code=00101008305&supplier_code=00100005&order_time=2020-06-12 HTTP/1.1" 200 412
180.175.214.200 - - [12/Jun/2020:09:52:03 +0800] "GET /xingrg/kc/buy/cgsh_order_operate.html?command=get_materiel&rest_code=00102&code=00101006135&supplier_code=00100011&order_time=2020-06-12 HTTP/1.1" 200 417
114.88.170.9 - - [12/Jun/2020:09:52:05 +0800] "POST /xingrg/kc/buy/cgsh_order_operate.html HTTP/1.1" 200 2065
180.162.102.27 - - [12/Jun/2020:09:52:07 +0800] "GET /xingrg/all/function/internal_message.html?_=1591926703544&CODE_STATE=getMsg HTTP/1.1" 200 27
114.88.170.9 - - [12/Jun/2020:09:52:08 +0800] "GET /xingrg/kc/buy/cgsh_order_operate.html?command=get_materiel&rest_code=00111&code=00101008323&supplier_code=00100005&order_time=2020-06-12 HTTP/1.1" 200 408
172.17.0.103 - - [12/Jun/2020:09:52:15 +0800] "GET /xingrg/check_reg.html?_=1591926733201 HTTP/1.1" 200 22
172.17.0.103 - - [12/Jun/2020:09:52:15 +0800] "GET /xingrg/all/function/internal_message.html?_=1591926733204&CODE_STATE=getMsg HTTP/1.1" 200 27
222.69.139.59 - - [12/Jun/2020:09:52:16 +0800] "GET /xingrg/all/function/internal_message.html?_=1591926728466&CODE_STATE=getMsg HTTP/1.1" 200 27
114.88.170.9 - - [12/Jun/2020:09:52:16 +0800] "GET /xingrg/kc/buy/cgsh_order_operate.html?command=get_materiel&rest_code=00111&code=00101008302&supplier_code=00100005&order_time=2020-06-12 HTTP/1.1" 200 412
114.86.190.97 - - [12/Jun/2020:09:52:19 +0800] "GET /xingrg/all/function/internal_message.html?_=1591926741476&CODE_STATE=getMsg HTTP/1.1" 200 27
116.230.77.149 - - [12/Jun/2020:09:52:21 +0800] "GET /xingrg/check_reg.html?_=1591926734651 HTTP/1.1" 200 22
114.88.170.9 - - [12/Jun/2020:09:52:22 +0800] "GET /xingrg/kc/buy/cgsh_order_operate.html?command=get_materiel&rest_code=00111&code=00101008088&supplier_code=00100005&order_time=2020-06-12 HTTP/1.1" 200 408
116.230.77.149 - - [12/Jun/2020:09:52:22 +0800] "GET /xingrg/all/function/internal_message.html?_=1591926735684&CODE_STATE=getMsg HTTP/1.1" 200 27
180.162.232.172 - - [12/Jun/2020:09:52:27 +0800] "GET /xingrg/all/function/internal_message.html?_=1591926882525&CODE_STATE=getMsg HTTP/1.1" 200 27
101.228.167.227 - - [12/Jun/2020:09:52:29 +0800] "GET /xingrg/all/function/internal_message.html?_=1591926752335&CODE_STATE=getMsg HTTP/1.1" 200 27
114.88.170.9 - - [12/Jun/2020:09:52:33 +0800] "GET /xingrg/kc/buy/cgsh_order_operate.html?command=get_materiel&rest_code=00111&code=00101019254&supplier_code=00100005&order_time=2020-06-12 HTTP/1.1" 200 447
180.175.214.200 - - [12/Jun/2020:09:52:35 +0800] "GET /xingrg/all/function/internal_message.html?_=1591926958701&CODE_STATE=getMsg HTTP/1.1" 200 27
114.88.170.9 - - [12/Jun/2020:09:52:36 +0800] "POST /xingrg/all/common/load_select.html HTTP/1.1" 200 25
61.172.5.115 - - [12/Jun/2020:09:52:37 +0800] "GET /xingrg/all/function/internal_message.html?_=1591926757308&CODE_STATE=getMsg HTTP/1.1" 200 27
114.88.170.9 - - [12/Jun/2020:09:52:39 +0800] "GET /xingrg/kc/buy/cgsh_order_operate.html?command=get_materiel_price&rest_code=00111&code=00101019254&unit_code=00100040&supplier_code=00100005&order_time=2020-06-12 HTTP/1.1" 200 27
116.232.51.17 - - [12/Jun/2020:09:52:39 +0800] "GET /xingrg/all/function/internal_message.html?_=1591926799321&CODE_STATE=getMsg HTTP/1.1" 200 27
114.88.170.9 - - [12/Jun/2020:09:52:42 +0800] "GET /xingrg/check_reg.html?_=1591926755810 HTTP/1.1" 200 22
117.131.5.26 - - [12/Jun/2020:09:52:43 +0800] "GET /xingrg/check_reg.html?_=1591926782789 HTTP/1.1" 302 -
114.88.170.9 - - [12/Jun/2020:09:52:47 +0800] "GET /xingrg/all/function/internal_message.html?_=1591926760412&CODE_STATE=getMsg HTTP/1.1" 200 27
114.88.170.9 - - [12/Jun/2020:09:52:48 +0800] "GET /xingrg/all/function/internal_message.html?_=1591926772466&CODE_STATE=getMsg HTTP/1.1" 200 27
172.17.0.123 - - [12/Jun/2020:09:52:48 +0800] "GET /xingrg/all/function/internal_message.html?_=1591926740152&CODE_STATE=getMsg HTTP/1.1" 200 27
172.17.0.123 - - [12/Jun/2020:09:52:48 +0800] "GET /xingrg/check_reg.html?_=1591926740154 HTTP/1.1" 200 22
117.184.7.26 - - [12/Jun/2020:09:52:49 +0800] "GET /xingrg/all/function/internal_message.html?_=1591926758515&CODE_STATE=getMsg HTTP/1.1" 200 27
180.175.214.200 - - [12/Jun/2020:09:52:52 +0800] "POST /xingrg/kc/buy/cgsh_order_operate.html HTTP/1.1" 200 37
114.88.170.9 - - [12/Jun/2020:09:52:53 +0800] "POST /xingrg/kc/buy/cgsh_order_operate.html HTTP/1.1" 200 2065
180.175.214.200 - - [12/Jun/2020:09:52:54 +0800] "POST /xingrg/kc/buy/cgsh_order_operate.html HTTP/1.1" 200 12
172.17.0.120 - - [12/Jun/2020:09:52:56 +0800] "GET /xingrg/all/function/internal_message.html?_=1591926773719&CODE_STATE=getMsg HTTP/1.1" 200 27
180.175.214.200 - - [12/Jun/2020:09:52:56 +0800] "GET /xingrg/kc/buy/cgsh_order_info.html?code=212020061204493 HTTP/1.1" 200 53718
180.175.214.200 - - [12/Jun/2020:09:52:57 +0800] "GET /xingrg/javascript/easyui/themes/default/validatebox.css HTTP/1.1" 404 1104
180.175.214.200 - - [12/Jun/2020:09:52:58 +0800] "POST /xingrg/kc/buy/cgsh_order_operate.html HTTP/1.1" 200 7160
117.131.5.26 - - [12/Jun/2020:09:52:59 +0800] "GET /xingrg/all/function/internal_message.html?_=1591927144225&CODE_STATE=getMsg HTTP/1.1" 200 27
114.88.170.9 - - [12/Jun/2020:09:53:00 +0800] "GET /xingrg/kc/buy/cgsh_order_operate.html?command=get_materiel&rest_code=00111&code=00101008296&supplier_code=00100005&order_time=2020-06-12 HTTP/1.1" 200 416
180.175.214.200 - - [12/Jun/2020:09:53:02 +0800] "GET /xingrg/kc/print/load_data.html?order_code=212020061204493&kc_code=cgsh&condition= HTTP/1.1" 200 3281
180.162.102.27 - - [12/Jun/2020:09:53:07 +0800] "GET /xingrg/all/function/internal_message.html?_=1591926763543&CODE_STATE=getMsg HTTP/1.1" 200 27
172.17.0.103 - - [12/Jun/2020:09:53:15 +0800] "GET /xingrg/all/function/internal_message.html?_=1591926793203&CODE_STATE=getMsg HTTP/1.1" 200 27
222.69.139.59 - - [12/Jun/2020:09:53:16 +0800] "GET /xingrg/all/function/internal_message.html?_=1591926788464&CODE_STATE=getMsg HTTP/1.1" 200 27
114.88.170.9 - - [12/Jun/2020:09:53:18 +0800] "GET /xingrg/kc/buy/cgsh_order_operate.html?command=get_materiel&rest_code=00111&code=00101008188&supplier_code=00100005&order_time=2020-06-12 HTTP/1.1" 200 412
114.86.190.97 - - [12/Jun/2020:09:53:19 +0800] "GET /xingrg/all/function/internal_message.html?_=1591926801487&CODE_STATE=getMsg HTTP/1.1" 200 27
116.230.77.149 - - [12/Jun/2020:09:53:22 +0800] "GET /xingrg/all/function/internal_message.html?_=1591926795676&CODE_STATE=getMsg HTTP/1.1" 200 27
180.162.232.172 - - [12/Jun/2020:09:53:27 +0800] "GET /xingrg/check_reg.html?_=1591926941894 HTTP/1.1" 200 22
180.162.232.172 - - [12/Jun/2020:09:53:27 +0800] "GET /xingrg/all/function/internal_message.html?_=1591926942538&CODE_STATE=getMsg HTTP/1.1" 200 27
101.228.167.227 - - [12/Jun/2020:09:53:29 +0800] "GET /xingrg/all/function/internal_message.html?_=1591926812336&CODE_STATE=getMsg HTTP/1.1" 200 27
180.175.214.200 - - [12/Jun/2020:09:53:33 +0800] "GET /xingrg/check_reg.html?_=1591927016840 HTTP/1.1" 200 22
180.175.214.200 - - [12/Jun/2020:09:53:35 +0800] "GET /xingrg/all/function/internal_message.html?_=1591927018703&CODE_STATE=getMsg HTTP/1.1" 200 27
61.172.5.115 - - [12/Jun/2020:09:53:37 +0800] "GET /xingrg/all/function/internal_message.html?_=1591926817308&CODE_STATE=getMsg HTTP/1.1" 200 27
116.232.51.17 - - [12/Jun/2020:09:53:38 +0800] "GET /xingrg/check_reg.html?_=1591926859312 HTTP/1.1" 200 22
116.232.51.17 - - [12/Jun/2020:09:53:38 +0800] "GET /xingrg/all/function/internal_message.html?_=1591926859312&CODE_STATE=getMsg HTTP/1.1" 200 27
114.88.170.9 - - [12/Jun/2020:09:53:41 +0800] "GET /xingrg/kc/buy/cgsh_order_operate.html?command=get_materiel&rest_code=00111&code=00101008350&supplier_code=00100005&order_time=2020-06-12 HTTP/1.1" 200 408
114.88.170.9 - - [12/Jun/2020:09:53:43 +0800] "POST /xingrg/kc/buy/cgsh_order_operate.html HTTP/1.1" 200 2065
114.88.170.9 - - [12/Jun/2020:09:53:47 +0800] "GET /xingrg/all/function/internal_message.html?_=1591926820426&CODE_STATE=getMsg HTTP/1.1" 200 27
114.88.170.9 - - [12/Jun/2020:09:53:48 +0800] "GET /xingrg/check_reg.html?_=1591926832459 HTTP/1.1" 200 22
114.88.170.9 - - [12/Jun/2020:09:53:48 +0800] "GET /xingrg/all/function/internal_message.html?_=1591926832461&CODE_STATE=getMsg HTTP/1.1" 200 27
114.88.170.9 - - [12/Jun/2020:09:53:48 +0800] "GET /xingrg/kc/buy/cgsh_order_operate.html?command=get_materiel&rest_code=00111&code=00101008010&supplier_code=00100005&order_time=2020-06-12 HTTP/1.1" 200 412
172.17.0.123 - - [12/Jun/2020:09:53:48 +0800] "GET /xingrg/all/function/internal_message.html?_=1591926800140&CODE_STATE=getMsg HTTP/1.1" 200 27
117.184.7.26 - - [12/Jun/2020:09:53:49 +0800] "GET /xingrg/all/function/internal_message.html?_=1591926818554&CODE_STATE=getMsg HTTP/1.1" 200 27
114.88.170.9 - - [12/Jun/2020:09:53:53 +0800] "GET /xingrg/kc/buy/cgsh_order_operate.html?command=get_materiel&rest_code=00111&code=00101008223&supplier_code=00100005&order_time=2020-06-12 HTTP/1.1" 200 412
172.17.0.120 - - [12/Jun/2020:09:53:56 +0800] "GET /xingrg/all/function/internal_message.html?_=1591926833722&CODE_STATE=getMsg HTTP/1.1" 200 27
117.131.5.26 - - [12/Jun/2020:09:53:59 +0800] "GET /xingrg/all/function/internal_message.html?_=1591927204217&CODE_STATE=getMsg HTTP/1.1" 200 27
114.88.170.9 - - [12/Jun/2020:09:54:05 +0800] "GET /xingrg/kc/buy/cgsh_order_operate.html?command=get_materiel&rest_code=00111&code=00101008131&supplier_code=00100005&order_time=2020-06-12 HTTP/1.1" 200 408
180.162.102.27 - - [12/Jun/2020:09:54:07 +0800] "GET /xingrg/all/function/internal_message.html?_=1591926823542&CODE_STATE=getMsg HTTP/1.1" 200 27
114.88.170.9 - - [12/Jun/2020:09:54:10 +0800] "GET /xingrg/kc/buy/cgsh_order_operate.html?command=get_materiel&rest_code=00111&code=00101008168&supplier_code=00100005&order_time=2020-06-12 HTTP/1.1" 200 413
114.88.170.9 - - [12/Jun/2020:09:54:12 +0800] "POST /xingrg/kc/buy/cgsh_order_operate.html HTTP/1.1" 200 2065
114.88.170.9 - - [12/Jun/2020:09:54:14 +0800] "GET /xingrg/kc/buy/cgsh_order_operate.html?command=get_materiel&rest_code=00111&code=00101008236&supplier_code=00100005&order_time=2020-06-12 HTTP/1.1" 200 416
172.17.0.103 - - [12/Jun/2020:09:54:15 +0800] "GET /xingrg/all/function/internal_message.html?_=1591926853203&CODE_STATE=getMsg HTTP/1.1" 200 27
222.69.139.59 - - [12/Jun/2020:09:54:16 +0800] "GET /xingrg/all/function/internal_message.html?_=1591926848464&CODE_STATE=getMsg HTTP/1.1" 200 27
114.86.190.97 - - [12/Jun/2020:09:54:19 +0800] "GET /xingrg/all/function/internal_message.html?_=1591926861481&CODE_STATE=getMsg HTTP/1.1" 200 27
114.88.170.9 - - [12/Jun/2020:09:54:20 +0800] "GET /xingrg/kc/buy/cgsh_order_operate.html?command=get_materiel&rest_code=00111&code=00101008165&supplier_code=00100005&order_time=2020-06-12 HTTP/1.1" 200 416
116.230.77.149 - - [12/Jun/2020:09:54:22 +0800] "GET /xingrg/all/function/internal_message.html?_=1591926855680&CODE_STATE=getMsg HTTP/1.1" 200 27
114.88.170.9 - - [12/Jun/2020:09:54:26 +0800] "GET /xingrg/kc/buy/cgsh_order_operate.html?command=get_materiel&rest_code=00111&code=00101008114&supplier_code=00100005&order_time=2020-06-12 HTTP/1.1" 200 412
180.162.232.172 - - [12/Jun/2020:09:54:27 +0800] "GET /xingrg/all/function/internal_message.html?_=1591927002552&CODE_STATE=getMsg HTTP/1.1" 200 27
101.228.167.227 - - [12/Jun/2020:09:54:28 +0800] "GET /xingrg/check_reg.html?_=1591926871255 HTTP/1.1" 200 22
180.175.214.200 - - [12/Jun/2020:09:54:28 +0800] "GET /xingrg/kc/buy/cgsh_order_add.html HTTP/1.1" 200 58817
101.228.167.227 - - [12/Jun/2020:09:54:29 +0800] "GET /xingrg/all/function/internal_message.html?_=1591926872348&CODE_STATE=getMsg HTTP/1.1" 200 27
180.175.214.200 - - [12/Jun/2020:09:54:30 +0800] "POST /xingrg/kc/buy/cgsh_order_operate.html HTTP/1.1" 200 8245
180.175.214.200 - - [12/Jun/2020:09:54:30 +0800] "GET /xingrg/javascript/easyui/themes/default/validatebox.css HTTP/1.1" 404 1104
114.88.170.9 - - [12/Jun/2020:09:54:31 +0800] "GET /xingrg/kc/buy/cgsh_order_operate.html?command=get_materiel&rest_code=00111&code=00101008061&supplier_code=00100005&order_time=2020-06-12 HTTP/1.1" 200 422
180.175.214.200 - - [12/Jun/2020:09:54:32 +0800] "GET /xingrg/javascript/easyui/themes/default/tree.css HTTP/1.1" 404 1090
180.175.214.200 - - [12/Jun/2020:09:54:32 +0800] "POST /xingrg/all/common/load_tree.html?tree=supplier_tree_json&isDelete=1 HTTP/1.1" 200 48817
180.175.214.200 - - [12/Jun/2020:09:54:35 +0800] "GET /xingrg/all/function/internal_message.html?_=1591927078723&CODE_STATE=getMsg HTTP/1.1" 200 27
114.88.170.9 - - [12/Jun/2020:09:54:36 +0800] "GET /xingrg/kc/buy/cgsh_order_operate.html?command=get_materiel&rest_code=00111&code=00101008095&supplier_code=00100005&order_time=2020-06-12 HTTP/1.1" 200 412
61.172.5.115 - - [12/Jun/2020:09:54:37 +0800] "GET /xingrg/all/function/internal_message.html?_=1591926877308&CODE_STATE=getMsg HTTP/1.1" 200 27
116.232.51.17 - - [12/Jun/2020:09:54:37 +0800] "GET /xingrg/all/function/internal_message.html?_=1591926919328&CODE_STATE=getMsg HTTP/1.1" 200 27
114.88.170.9 - - [12/Jun/2020:09:54:38 +0800] "POST /xingrg/kc/buy/cgsh_order_operate.html HTTP/1.1" 200 2065
114.88.170.9 - - [12/Jun/2020:09:54:42 +0800] "GET /xingrg/kc/buy/cgsh_order_operate.html?command=get_materiel&rest_code=00111&code=00101008110&supplier_code=00100005&order_time=2020-06-12 HTTP/1.1" 200 408
180.175.214.200 - - [12/Jun/2020:09:54:45 +0800] "GET /xingrg/kc/buy/cgsh_order_operate.html?command=get_materiel&rest_code=00102&code=00101012051&supplier_code=00100031&order_time=2020-06-12 HTTP/1.1" 200 408
114.88.170.9 - - [12/Jun/2020:09:54:47 +0800] "GET /xingrg/all/function/internal_message.html?_=1591926880536&CODE_STATE=getMsg HTTP/1.1" 200 27
114.88.170.9 - - [12/Jun/2020:09:54:48 +0800] "GET /xingrg/all/function/internal_message.html?_=1591926892465&CODE_STATE=getMsg HTTP/1.1" 200 27
172.17.0.123 - - [12/Jun/2020:09:54:48 +0800] "GET /xingrg/all/function/internal_message.html?_=1591926860144&CODE_STATE=getMsg HTTP/1.1" 200 27
117.184.7.26 - - [12/Jun/2020:09:54:49 +0800] "GET /xingrg/all/function/internal_message.html?_=1591926878621&CODE_STATE=getMsg HTTP/1.1" 200 27
172.17.0.120 - - [12/Jun/2020:09:54:56 +0800] "GET /xingrg/all/function/internal_message.html?_=1591926893724&CODE_STATE=getMsg HTTP/1.1" 200 27
117.131.5.26 - - [12/Jun/2020:09:54:59 +0800] "GET /xingrg/check_reg.html?_=1591927264225 HTTP/1.1" 200 22
117.131.5.26 - - [12/Jun/2020:09:54:59 +0800] "GET /xingrg/all/function/internal_message.html?_=1591927264224&CODE_STATE=getMsg HTTP/1.1" 200 27
180.175.214.200 - - [12/Jun/2020:09:55:01 +0800] "GET /xingrg/kc/buy/cgsh_order_operate.html?command=get_materiel&rest_code=00102&code=00101012029&supplier_code=00100031&order_time=2020-06-12 HTTP/1.1" 200 412
180.162.102.27 - - [12/Jun/2020:09:55:07 +0800] "GET /xingrg/all/function/internal_message.html?_=1591926883540&CODE_STATE=getMsg HTTP/1.1" 200 27
172.17.0.103 - - [12/Jun/2020:09:55:15 +0800] "GET /xingrg/all/function/internal_message.html?_=1591926913203&CODE_STATE=getMsg HTTP/1.1" 200 27
222.69.139.59 - - [12/Jun/2020:09:55:16 +0800] "GET /xingrg/check_reg.html?_=1591926908467 HTTP/1.1" 200 22
222.69.139.59 - - [12/Jun/2020:09:55:16 +0800] "GET /xingrg/all/function/internal_message.html?_=1591926908468&CODE_STATE=getMsg HTTP/1.1" 200 27
180.175.214.200 - - [12/Jun/2020:09:55:18 +0800] "GET /xingrg/kc/buy/cgsh_order_operate.html?command=get_materiel&rest_code=00102&code=00101016080&supplier_code=00100031&order_time=2020-06-12 HTTP/1.1" 200 408
114.86.190.97 - - [12/Jun/2020:09:55:19 +0800] "GET /xingrg/all/function/internal_message.html?_=1591926921515&CODE_STATE=getMsg HTTP/1.1" 200 27
114.86.190.97 - - [12/Jun/2020:09:55:19 +0800] "GET /xingrg/check_reg.html?_=1591926921522 HTTP/1.1" 200 22
116.230.77.149 - - [12/Jun/2020:09:55:22 +0800] "GET /xingrg/all/function/internal_message.html?_=1591926915664&CODE_STATE=getMsg HTTP/1.1" 200 27
180.162.232.172 - - [12/Jun/2020:09:55:27 +0800] "GET /xingrg/all/function/internal_message.html?_=1591927062565&CODE_STATE=getMsg HTTP/1.1" 200 27
101.228.167.227 - - [12/Jun/2020:09:55:29 +0800] "GET /xingrg/all/function/internal_message.html?_=1591926932362&CODE_STATE=getMsg HTTP/1.1" 200 27
180.175.214.200 - - [12/Jun/2020:09:55:31 +0800] "GET /xingrg/kc/buy/cgsh_order_operate.html?command=get_materiel&rest_code=00102&code=00101018014&supplier_code=00100031&order_time=2020-06-12 HTTP/1.1" 200 439
180.175.214.200 - - [12/Jun/2020:09:55:35 +0800] "GET /xingrg/all/function/internal_message.html?_=1591927138763&CODE_STATE=getMsg HTTP/1.1" 200 27
61.172.5.115 - - [12/Jun/2020:09:55:37 +0800] "GET /xingrg/check_reg.html?_=1591926937308 HTTP/1.1" 200 22
61.172.5.115 - - [12/Jun/2020:09:55:37 +0800] "GET /xingrg/all/function/internal_message.html?_=1591926937311&CODE_STATE=getMsg HTTP/1.1" 200 27
116.232.51.17 - - [12/Jun/2020:09:55:37 +0800] "GET /xingrg/all/function/internal_message.html?_=1591926979326&CODE_STATE=getMsg HTTP/1.1" 200 27
180.175.214.200 - - [12/Jun/2020:09:55:43 +0800] "GET /xingrg/kc/buy/cgsh_order_operate.html?command=get_materiel&rest_code=00102&code=00101012030&supplier_code=00100031&order_time=2020-06-12 HTTP/1.1" 200 416
114.88.170.9 - - [12/Jun/2020:09:55:47 +0800] "GET /xingrg/all/function/internal_message.html?_=1591926940548&CODE_STATE=getMsg HTTP/1.1" 200 27
114.88.170.9 - - [12/Jun/2020:09:55:48 +0800] "GET /xingrg/all/function/internal_message.html?_=1591926952465&CODE_STATE=getMsg HTTP/1.1" 200 27
172.17.0.123 - - [12/Jun/2020:09:55:48 +0800] "GET /xingrg/all/function/internal_message.html?_=1591926920150&CODE_STATE=getMsg HTTP/1.1" 200 27
117.184.7.26 - - [12/Jun/2020:09:55:49 +0800] "GET /xingrg/all/function/internal_message.html?_=1591926938648&CODE_STATE=getMsg HTTP/1.1" 200 27
180.175.214.200 - - [12/Jun/2020:09:55:51 +0800] "GET /xingrg/kc/buy/cgsh_order_operate.html?command=get_materiel&rest_code=00102&code=00101012005&supplier_code=00100031&order_time=2020-06-12 HTTP/1.1" 200 413
172.17.0.120 - - [12/Jun/2020:09:55:56 +0800] "GET /xingrg/all/function/internal_message.html?_=1591926953726&CODE_STATE=getMsg HTTP/1.1" 200 27
180.175.214.200 - - [12/Jun/2020:09:55:56 +0800] "GET /xingrg/kc/buy/cgsh_order_operate.html?command=get_materiel&rest_code=00102&code=00101016038&supplier_code=00100031&order_time=2020-06-12 HTTP/1.1" 200 408
117.131.5.26 - - [12/Jun/2020:09:55:59 +0800] "GET /xingrg/all/function/internal_message.html?_=1591927324220&CODE_STATE=getMsg HTTP/1.1" 200 27
180.175.214.200 - - [12/Jun/2020:09:56:03 +0800] "GET /xingrg/kc/buy/cgsh_order_operate.html?command=get_materiel&rest_code=00102&code=00101005037&supplier_code=00100031&order_time=2020-06-12 HTTP/1.1" 200 409
180.162.102.27 - - [12/Jun/2020:09:56:07 +0800] "GET /xingrg/check_reg.html?_=1591926943539 HTTP/1.1" 200 22
180.162.102.27 - - [12/Jun/2020:09:56:07 +0800] "GET /xingrg/all/function/internal_message.html?_=1591926943538&CODE_STATE=getMsg HTTP/1.1" 200 27
172.17.0.103 - - [12/Jun/2020:09:56:15 +0800] "GET /xingrg/all/function/internal_message.html?_=1591926973203&CODE_STATE=getMsg HTTP/1.1" 200 27
222.69.139.59 - - [12/Jun/2020:09:56:16 +0800] "GET /xingrg/all/function/internal_message.html?_=1591926968476&CODE_STATE=getMsg HTTP/1.1" 200 27
180.175.214.200 - - [12/Jun/2020:09:56:16 +0800] "GET /xingrg/kc/buy/cgsh_order_operate.html?command=get_materiel&rest_code=00102&code=00101016105&supplier_code=00100031&order_time=2020-06-12 HTTP/1.1" 200 409
114.86.190.97 - - [12/Jun/2020:09:56:19 +0800] "GET /xingrg/all/function/internal_message.html?_=1591926981494&CODE_STATE=getMsg HTTP/1.1" 200 27
116.230.77.149 - - [12/Jun/2020:09:56:22 +0800] "GET /xingrg/all/function/internal_message.html?_=1591926975651&CODE_STATE=getMsg HTTP/1.1" 200 27
180.162.232.172 - - [12/Jun/2020:09:56:27 +0800] "GET /xingrg/all/function/internal_message.html?_=1591927122580&CODE_STATE=getMsg HTTP/1.1" 200 27
101.228.167.227 - - [12/Jun/2020:09:56:29 +0800] "GET /xingrg/all/function/internal_message.html?_=1591926992376&CODE_STATE=getMsg HTTP/1.1" 200 27
180.175.214.200 - - [12/Jun/2020:09:56:35 +0800] "GET /xingrg/all/function/internal_message.html?_=1591927198775&CODE_STATE=getMsg HTTP/1.1" 200 27
116.232.51.17 - - [12/Jun/2020:09:56:36 +0800] "GET /xingrg/all/function/internal_message.html?_=1591927039317&CODE_STATE=getMsg HTTP/1.1" 200 27
61.172.5.115 - - [12/Jun/2020:09:56:37 +0800] "GET /xingrg/all/function/internal_message.html?_=1591926997311&CODE_STATE=getMsg HTTP/1.1" 200 27
114.88.170.9 - - [12/Jun/2020:09:56:47 +0800] "GET /xingrg/all/function/internal_message.html?_=1591927000654&CODE_STATE=getMsg HTTP/1.1" 200 27
114.88.170.9 - - [12/Jun/2020:09:56:48 +0800] "GET /xingrg/all/function/internal_message.html?_=1591927012460&CODE_STATE=getMsg HTTP/1.1" 200 27
172.17.0.123 - - [12/Jun/2020:09:56:48 +0800] "GET /xingrg/all/function/internal_message.html?_=1591926980150&CODE_STATE=getMsg HTTP/1.1" 200 27
117.184.7.26 - - [12/Jun/2020:09:56:49 +0800] "GET /xingrg/all/function/internal_message.html?_=1591926998635&CODE_STATE=getMsg HTTP/1.1" 200 27
117.184.7.26 - - [12/Jun/2020:09:56:50 +0800] "GET /xingrg/check_reg.html?_=1591926999050 HTTP/1.1" 200 22
172.17.0.120 - - [12/Jun/2020:09:56:56 +0800] "GET /xingrg/check_reg.html?_=1591927013713 HTTP/1.1" 200 22
172.17.0.120 - - [12/Jun/2020:09:56:56 +0800] "GET /xingrg/all/function/internal_message.html?_=1591927013715&CODE_STATE=getMsg HTTP/1.1" 200 27
117.131.5.26 - - [12/Jun/2020:09:56:59 +0800] "GET /xingrg/all/function/internal_message.html?_=1591927384226&CODE_STATE=getMsg HTTP/1.1" 200 27
180.162.102.27 - - [12/Jun/2020:09:57:07 +0800] "GET /xingrg/all/function/internal_message.html?_=1591927003537&CODE_STATE=getMsg HTTP/1.1" 200 27
180.162.232.172 - - [12/Jun/2020:09:57:14 +0800] "GET /xingrg/check_reg.html?_=1591927032112 HTTP/1.1" 200 22
172.17.0.103 - - [12/Jun/2020:09:57:15 +0800] "GET /xingrg/check_reg.html?_=1591927033234 HTTP/1.1" 200 22
172.17.0.103 - - [12/Jun/2020:09:57:15 +0800] "GET /xingrg/all/function/internal_message.html?_=1591927033236&CODE_STATE=getMsg HTTP/1.1" 200 27
222.69.139.59 - - [12/Jun/2020:09:57:16 +0800] "GET /xingrg/all/function/internal_message.html?_=1591927028476&CODE_STATE=getMsg HTTP/1.1" 200 27
117.185.32.26 - - [12/Jun/2020:09:57:16 +0800] "GET /xingrg/login.html HTTP/1.1" 200 7641
114.86.190.97 - - [12/Jun/2020:09:57:19 +0800] "GET /xingrg/all/function/internal_message.html?_=1591927041507&CODE_STATE=getMsg HTTP/1.1" 200 27
117.185.32.26 - - [12/Jun/2020:09:57:20 +0800] "GET /favicon.ico HTTP/1.1" 404 -
116.230.77.149 - - [12/Jun/2020:09:57:21 +0800] "GET /xingrg/check_reg.html?_=1591927034630 HTTP/1.1" 200 22
116.230.77.149 - - [12/Jun/2020:09:57:22 +0800] "GET /xingrg/all/function/internal_message.html?_=1591927035646&CODE_STATE=getMsg HTTP/1.1" 200 27
101.85.53.146 - - [12/Jun/2020:09:57:26 +0800] "GET /favicon.ico HTTP/1.1" 404 -
180.162.232.172 - - [12/Jun/2020:09:57:28 +0800] "GET /xingrg/all/function/internal_message.html?_=1591927182666&CODE_STATE=getMsg HTTP/1.1" 200 27
101.228.167.227 - - [12/Jun/2020:09:57:29 +0800] "GET /xingrg/all/function/internal_message.html?_=1591927052694&CODE_STATE=getMsg HTTP/1.1" 200 27
180.175.214.200 - - [12/Jun/2020:09:57:35 +0800] "GET /xingrg/all/function/internal_message.html?_=1591927259176&CODE_STATE=getMsg HTTP/1.1" 200 27
116.232.51.17 - - [12/Jun/2020:09:57:36 +0800] "GET /xingrg/all/function/internal_message.html?_=1591927099309&CODE_STATE=getMsg HTTP/1.1" 200 27
61.172.5.115 - - [12/Jun/2020:09:57:37 +0800] "GET /xingrg/all/function/internal_message.html?_=1591927057311&CODE_STATE=getMsg HTTP/1.1" 200 27
117.185.32.26 - - [12/Jun/2020:09:57:39 +0800] "POST /xingrg/login.do HTTP/1.1" 302 -
117.185.32.26 - - [12/Jun/2020:09:57:39 +0800] "GET /xingrg/index.html?sysBaseUrl=http%3A%2F%2F180.169.147.146%3A18081%2Fxingrg%2F&costTime=40×tamp=1591927059933 HTTP/1.1" 200 17173
117.185.32.26 - - [12/Jun/2020:09:57:40 +0800] "GET /favicon.ico HTTP/1.1" 404 -
117.185.32.26 - - [12/Jun/2020:09:57:40 +0800] "POST /xingrg/all/common/load_tree.html?tree=area_rest_tree_json&manage=1 HTTP/1.1" 200 342
117.185.32.26 - - [12/Jun/2020:09:57:40 +0800] "GET /xingrg/all/function/internal_message.html?_=1591927478989&CODE_STATE=count HTTP/1.1" 200 11
117.185.32.26 - - [12/Jun/2020:09:57:40 +0800] "GET /xingrg/check_reg.html?_=1591927478990 HTTP/1.1" 200 22
117.185.32.26 - - [12/Jun/2020:09:57:40 +0800] "POST /xingrg/load_menu.html HTTP/1.1" 200 5138
114.88.170.9 - - [12/Jun/2020:09:57:42 +0800] "GET /xingrg/check_reg.html?_=1591927055820 HTTP/1.1" 200 22
117.185.32.26 - - [12/Jun/2020:09:57:42 +0800] "GET /xingrg/kc/buy/buy_main.html HTTP/1.1" 200 12412
117.185.32.26 - - [12/Jun/2020:09:57:42 +0800] "GET /xingrg/css/new_ie.css HTTP/1.1" 404 1036
117.131.5.26 - - [12/Jun/2020:09:57:43 +0800] "GET /xingrg/check_reg.html?_=1591927082804 HTTP/1.1" 302 -
114.88.170.9 - - [12/Jun/2020:09:57:47 +0800] "GET /xingrg/all/function/internal_message.html?_=1591927060667&CODE_STATE=getMsg HTTP/1.1" 200 27
114.88.170.9 - - [12/Jun/2020:09:57:48 +0800] "GET /xingrg/all/function/internal_message.html?_=1591927072466&CODE_STATE=getMsg HTTP/1.1" 200 27
172.17.0.123 - - [12/Jun/2020:09:57:48 +0800] "GET /xingrg/all/function/internal_message.html?_=1591927040136&CODE_STATE=getMsg HTTP/1.1" 200 27
172.17.0.123 - - [12/Jun/2020:09:57:48 +0800] "GET /xingrg/check_reg.html?_=1591927040138 HTTP/1.1" 200 22
117.184.7.26 - - [12/Jun/2020:09:57:49 +0800] "GET /xingrg/all/function/internal_message.html?_=1591927058612&CODE_STATE=getMsg HTTP/1.1" 200 27
117.185.32.26 - - [12/Jun/2020:09:57:49 +0800] "GET /xingrg/images/yd/bt.gif HTTP/1.1" 404 1040
117.185.32.26 - - [12/Jun/2020:09:57:50 +0800] "GET /xingrg/kc/buy/cgsh_order_list.html HTTP/1.1" 200 43167
117.185.32.26 - - [12/Jun/2020:09:57:55 +0800] "POST /xingrg/kc/buy/cgsh_list_operate.html HTTP/1.1" 200 876
172.17.0.120 - - [12/Jun/2020:09:57:56 +0800] "GET /xingrg/all/function/internal_message.html?_=1591927073716&CODE_STATE=getMsg HTTP/1.1" 200 27
117.185.32.26 - - [12/Jun/2020:09:57:56 +0800] "GET /xingrg/javascript/easyui/themes/default/images/button_plain_hover.png HTTP/1.1" 304 -
117.185.32.26 - - [12/Jun/2020:09:57:58 +0800] "GET /xingrg/kc/buy/cgsh_order_add.html HTTP/1.1" 200 58905
117.185.32.26 - - [12/Jun/2020:09:57:58 +0800] "GET /xingrg/words/20200611165107_words.js HTTP/1.1" 200 738844
117.185.32.26 - - [12/Jun/2020:09:57:58 +0800] "GET /xingrg/javascript/easyui/themes/icons/template_new.png HTTP/1.1" 304 -
117.185.32.26 - - [12/Jun/2020:09:57:58 +0800] "GET /xingrg/javascript/easyui/themes/icons/cancel.png HTTP/1.1" 304 -
117.185.32.26 - - [12/Jun/2020:09:57:58 +0800] "POST /xingrg/kc/buy/cgsh_order_operate.html HTTP/1.1" 200 8245
117.185.32.26 - - [12/Jun/2020:09:57:58 +0800] "GET /xingrg/all/common/auto_word.html?type=employee&rest_code=00106 HTTP/1.1" 200 205
117.185.32.26 - - [12/Jun/2020:09:57:58 +0800] "GET /xingrg/javascript/easyui/themes/default/validatebox.css HTTP/1.1" 404 1104
117.185.32.26 - - [12/Jun/2020:09:57:58 +0800] "GET /xingrg/all/common/auto_word.html?type=employee&rest_code=00106 HTTP/1.1" 200 205
117.185.32.26 - - [12/Jun/2020:09:57:58 +0800] "GET /xingrg/javascript/easyui/themes/icons/edit_remove.png HTTP/1.1" 304 -
117.131.5.26 - - [12/Jun/2020:09:57:59 +0800] "GET /xingrg/all/function/internal_message.html?_=1591927444215&CODE_STATE=getMsg HTTP/1.1" 200 27
117.185.32.26 - - [12/Jun/2020:09:58:03 +0800] "GET /xingrg/javascript/auto/indicator.gif HTTP/1.1" 404 1066
180.162.102.27 - - [12/Jun/2020:09:58:07 +0800] "GET /xingrg/all/function/internal_message.html?_=1591927063536&CODE_STATE=getMsg HTTP/1.1" 200 27
114.88.170.9 - - [12/Jun/2020:09:58:08 +0800] "POST /xingrg/kc/buy/cgsh_order_operate.html HTTP/1.1" 200 37
114.88.170.9 - - [12/Jun/2020:09:58:08 +0800] "POST /xingrg/kc/buy/cgsh_order_operate.html HTTP/1.1" 200 34635
114.88.170.9 - - [12/Jun/2020:09:58:10 +0800] "GET /xingrg/kc/print/load_data.html?order_code=212020061204494&kc_code=cgsh&condition= HTTP/1.1" 200 12827
172.17.0.103 - - [12/Jun/2020:09:58:15 +0800] "GET /xingrg/all/function/internal_message.html?_=1591927093221&CODE_STATE=getMsg HTTP/1.1" 200 27
222.69.139.59 - - [12/Jun/2020:09:58:16 +0800] "GET /xingrg/all/function/internal_message.html?_=1591927088475&CODE_STATE=getMsg HTTP/1.1" 200 27
114.86.190.97 - - [12/Jun/2020:09:58:19 +0800] "GET /xingrg/all/function/internal_message.html?_=1591927101502&CODE_STATE=getMsg HTTP/1.1" 200 27
116.230.77.149 - - [12/Jun/2020:09:58:22 +0800] "GET /xingrg/all/function/internal_message.html?_=1591927095632&CODE_STATE=getMsg HTTP/1.1" 200 27
180.162.232.172 - - [12/Jun/2020:09:58:27 +0800] "GET /xingrg/check_reg.html?_=1591927241897 HTTP/1.1" 200 22
180.162.232.172 - - [12/Jun/2020:09:58:28 +0800] "GET /xingrg/all/function/internal_message.html?_=1591927242743&CODE_STATE=getMsg HTTP/1.1" 200 27
117.185.32.26 - - [12/Jun/2020:09:58:29 +0800] "GET /xingrg/kc/buy/cgsh_order_operate.html?command=get_materiel&rest_code=00106&code=00101020169&supplier_code=00100252&order_time=2020-06-12 HTTP/1.1" 200 428
101.228.167.227 - - [12/Jun/2020:09:58:29 +0800] "GET /xingrg/all/function/internal_message.html?_=1591927112699&CODE_STATE=getMsg HTTP/1.1" 200 27
180.175.214.200 - - [12/Jun/2020:09:58:33 +0800] "GET /xingrg/check_reg.html?_=1591927316837 HTTP/1.1" 200 22
116.232.51.17 - - [12/Jun/2020:09:58:35 +0800] "GET /xingrg/check_reg.html?_=1591927159328 HTTP/1.1" 200 22
116.232.51.17 - - [12/Jun/2020:09:58:35 +0800] "GET /xingrg/all/function/internal_message.html?_=1591927159328&CODE_STATE=getMsg HTTP/1.1" 200 27
180.175.214.200 - - [12/Jun/2020:09:58:35 +0800] "GET /xingrg/all/function/internal_message.html?_=1591927319192&CODE_STATE=getMsg HTTP/1.1" 200 27
61.172.5.115 - - [12/Jun/2020:09:58:37 +0800] "GET /xingrg/all/function/internal_message.html?_=1591927117338&CODE_STATE=getMsg HTTP/1.1" 200 27
117.185.32.26 - - [12/Jun/2020:09:58:40 +0800] "GET /xingrg/all/function/internal_message.html?_=1591927539015&CODE_STATE=getMsg HTTP/1.1" 200 27
114.88.170.9 - - [12/Jun/2020:09:58:47 +0800] "GET /xingrg/all/function/internal_message.html?_=1591927120681&CODE_STATE=getMsg HTTP/1.1" 200 27
114.88.170.9 - - [12/Jun/2020:09:58:48 +0800] "GET /xingrg/check_reg.html?_=1591927132468 HTTP/1.1" 200 22
114.88.170.9 - - [12/Jun/2020:09:58:48 +0800] "GET /xingrg/all/function/internal_message.html?_=1591927132471&CODE_STATE=getMsg HTTP/1.1" 200 27
172.17.0.123 - - [12/Jun/2020:09:58:48 +0800] "GET /xingrg/all/function/internal_message.html?_=1591927100140&CODE_STATE=getMsg HTTP/1.1" 200 27
117.184.7.26 - - [12/Jun/2020:09:58:49 +0800] "GET /xingrg/all/function/internal_message.html?_=1591927118599&CODE_STATE=getMsg HTTP/1.1" 200 27
172.17.0.120 - - [12/Jun/2020:09:58:56 +0800] "GET /xingrg/all/function/internal_message.html?_=1591927133720&CODE_STATE=getMsg HTTP/1.1" 200 27
117.131.5.26 - - [12/Jun/2020:09:58:59 +0800] "GET /xingrg/all/function/internal_message.html?_=1591927504241&CODE_STATE=getMsg HTTP/1.1" 200 27
114.88.170.9 - - [12/Jun/2020:09:59:02 +0800] "GET /xingrg/kc/buy/cgsh_order_add.html HTTP/1.1" 200 58905
114.88.170.9 - - [12/Jun/2020:09:59:03 +0800] "POST /xingrg/kc/buy/cgsh_order_operate.html HTTP/1.1" 200 8245
114.88.170.9 - - [12/Jun/2020:09:59:03 +0800] "GET /xingrg/javascript/easyui/themes/default/validatebox.css HTTP/1.1" 404 1104
180.162.102.27 - - [12/Jun/2020:09:59:07 +0800] "GET /xingrg/all/function/internal_message.html?_=1591927123536&CODE_STATE=getMsg HTTP/1.1" 200 27
114.88.170.9 - - [12/Jun/2020:09:59:10 +0800] "GET /xingrg/kc/buy/cgsh_order_operate.html?command=get_materiel&rest_code=00111&code=00101001053&supplier_code=00100042&order_time=2020-06-12 HTTP/1.1" 200 409
172.17.0.103 - - [12/Jun/2020:09:59:15 +0800] "GET /xingrg/all/function/internal_message.html?_=1591927153220&CODE_STATE=getMsg HTTP/1.1" 200 27
222.69.139.59 - - [12/Jun/2020:09:59:16 +0800] "GET /xingrg/all/function/internal_message.html?_=1591927148477&CODE_STATE=getMsg HTTP/1.1" 200 27
114.88.170.9 - - [12/Jun/2020:09:59:16 +0800] "GET /xingrg/kc/buy/cgsh_order_operate.html?command=get_materiel&rest_code=00111&code=00101005037&supplier_code=00100042&order_time=2020-06-12 HTTP/1.1" 200 409
180.175.214.200 - - [12/Jun/2020:09:59:18 +0800] "POST /xingrg/kc/buy/cgsh_order_operate.html HTTP/1.1" 200 37
114.86.190.97 - - [12/Jun/2020:09:59:19 +0800] "GET /xingrg/all/function/internal_message.html?_=1591927161512&CODE_STATE=getMsg HTTP/1.1" 200 27
180.175.214.200 - - [12/Jun/2020:09:59:19 +0800] "POST /xingrg/kc/buy/cgsh_order_operate.html HTTP/1.1" 200 12
180.175.214.200 - - [12/Jun/2020:09:59:20 +0800] "GET /xingrg/kc/buy/cgsh_order_info.html?code=212020061204495 HTTP/1.1" 200 53720
180.175.214.200 - - [12/Jun/2020:09:59:21 +0800] "GET /xingrg/javascript/easyui/themes/default/validatebox.css HTTP/1.1" 404 1104
180.175.214.200 - - [12/Jun/2020:09:59:22 +0800] "POST /xingrg/kc/buy/cgsh_order_operate.html HTTP/1.1" 200 5345
116.230.77.149 - - [12/Jun/2020:09:59:22 +0800] "GET /xingrg/all/function/internal_message.html?_=1591927155623&CODE_STATE=getMsg HTTP/1.1" 200 27
114.88.170.9 - - [12/Jun/2020:09:59:23 +0800] "GET /xingrg/kc/buy/cgsh_order_operate.html?command=get_materiel&rest_code=00111&code=00101006067&supplier_code=00100042&order_time=2020-06-12 HTTP/1.1" 200 409
180.175.214.200 - - [12/Jun/2020:09:59:23 +0800] "GET /xingrg/kc/print/load_data.html?order_code=212020061204495&kc_code=cgsh&condition= HTTP/1.1" 200 2509
180.162.232.172 - - [12/Jun/2020:09:59:28 +0800] "GET /xingrg/all/function/internal_message.html?_=1591927302745&CODE_STATE=getMsg HTTP/1.1" 200 27
101.228.167.227 - - [12/Jun/2020:09:59:28 +0800] "GET /xingrg/check_reg.html?_=1591927171574 HTTP/1.1" 200 22
101.228.167.227 - - [12/Jun/2020:09:59:29 +0800] "GET /xingrg/all/function/internal_message.html?_=1591927172713&CODE_STATE=getMsg HTTP/1.1" 200 27
114.88.170.9 - - [12/Jun/2020:09:59:29 +0800] "GET /xingrg/kc/buy/cgsh_order_operate.html?command=get_materiel&rest_code=00111&code=00101003025&supplier_code=00100042&order_time=2020-06-12 HTTP/1.1" 200 409
180.175.214.200 - - [12/Jun/2020:09:59:32 +0800] "GET /xingrg/kc/buy/cgsh_order_add.html HTTP/1.1" 200 58817
180.175.214.200 - - [12/Jun/2020:09:59:33 +0800] "POST /xingrg/kc/buy/cgsh_order_operate.html HTTP/1.1" 200 8245
180.175.214.200 - - [12/Jun/2020:09:59:33 +0800] "GET /xingrg/javascript/easyui/themes/default/validatebox.css HTTP/1.1" 404 1104
116.232.51.17 - - [12/Jun/2020:09:59:34 +0800] "GET /xingrg/all/function/internal_message.html?_=1591927219326&CODE_STATE=getMsg HTTP/1.1" 200 27
180.175.214.200 - - [12/Jun/2020:09:59:35 +0800] "GET /xingrg/all/function/internal_message.html?_=1591927379365&CODE_STATE=getMsg HTTP/1.1" 200 27
61.172.5.115 - - [12/Jun/2020:09:59:37 +0800] "GET /xingrg/all/function/internal_message.html?_=1591927177338&CODE_STATE=getMsg HTTP/1.1" 200 27
180.175.214.200 - - [12/Jun/2020:09:59:37 +0800] "GET /xingrg/javascript/easyui/themes/default/tree.css HTTP/1.1" 404 1090
180.175.214.200 - - [12/Jun/2020:09:59:38 +0800] "POST /xingrg/all/common/load_tree.html?tree=supplier_tree_json&isDelete=1 HTTP/1.1" 200 48817
114.88.170.9 - - [12/Jun/2020:09:59:39 +0800] "GET /xingrg/kc/buy/cgsh_order_operate.html?command=get_materiel&rest_code=00111&code=00101018007&supplier_code=00100042&order_time=2020-06-12 HTTP/1.1" 200 409
117.185.32.26 - - [12/Jun/2020:09:59:40 +0800] "GET /xingrg/all/function/internal_message.html?_=1591927598996&CODE_STATE=getMsg HTTP/1.1" 200 27
222.69.139.59 - - [12/Jun/2020:09:59:43 +0800] "GET /xingrg/kc/buy/cgsh_order_list.html HTTP/1.1" 200 43173
222.69.139.59 - - [12/Jun/2020:09:59:44 +0800] "GET /xingrg/kc/buy/cgsh_order_list.html HTTP/1.1" 200 43173
222.69.139.59 - - [12/Jun/2020:09:59:45 +0800] "POST /xingrg/kc/buy/cgsh_list_operate.html HTTP/1.1" 200 876
222.69.139.59 - - [12/Jun/2020:09:59:45 +0800] "POST /xingrg/kc/buy/cgsh_list_operate.html HTTP/1.1" 200 876
222.69.139.59 - - [12/Jun/2020:09:59:46 +0800] "GET /xingrg/kc/buy/cgsh_order_add.html HTTP/1.1" 200 58958
222.69.139.59 - - [12/Jun/2020:09:59:46 +0800] "POST /xingrg/kc/buy/cgsh_order_operate.html HTTP/1.1" 200 8245
222.69.139.59 - - [12/Jun/2020:09:59:46 +0800] "GET /xingrg/all/common/auto_word.html?type=employee&rest_code=00149 HTTP/1.1" 200 197
222.69.139.59 - - [12/Jun/2020:09:59:46 +0800] "GET /xingrg/javascript/easyui/themes/default/validatebox.css HTTP/1.1" 404 1104
222.69.139.59 - - [12/Jun/2020:09:59:46 +0800] "GET /xingrg/all/common/auto_word.html?type=employee&rest_code=00149 HTTP/1.1" 200 197
114.88.170.9 - - [12/Jun/2020:09:59:47 +0800] "GET /xingrg/kc/buy/cgsh_order_operate.html?command=get_materiel&rest_code=00111&code=00101005036&supplier_code=00100042&order_time=2020-06-12 HTTP/1.1" 200 409
114.88.170.9 - - [12/Jun/2020:09:59:47 +0800] "GET /xingrg/all/function/internal_message.html?_=1591927180790&CODE_STATE=getMsg HTTP/1.1" 200 27
114.88.170.9 - - [12/Jun/2020:09:59:48 +0800] "GET /xingrg/all/function/internal_message.html?_=1591927192479&CODE_STATE=getMsg HTTP/1.1" 200 27
172.17.0.123 - - [12/Jun/2020:09:59:48 +0800] "GET /xingrg/all/function/internal_message.html?_=1591927160144&CODE_STATE=getMsg HTTP/1.1" 200 27
117.184.7.26 - - [12/Jun/2020:09:59:49 +0800] "GET /xingrg/all/function/internal_message.html?_=1591927178584&CODE_STATE=getMsg HTTP/1.1" 200 27
172.17.0.120 - - [12/Jun/2020:09:59:56 +0800] "GET /xingrg/all/function/internal_message.html?_=1591927193723&CODE_STATE=getMsg HTTP/1.1" 200 27
117.131.5.26 - - [12/Jun/2020:09:59:59 +0800] "GET /xingrg/check_reg.html?_=1591927564248 HTTP/1.1" 200 22
117.131.5.26 - - [12/Jun/2020:09:59:59 +0800] "GET /xingrg/all/function/internal_message.html?_=1591927564247&CODE_STATE=getMsg HTTP/1.1" 200 27
222.69.139.59 - - [12/Jun/2020:10:00:05 +0800] "GET /xingrg/javascript/auto/indicator.gif HTTP/1.1" 404 1066
222.69.139.59 - - [12/Jun/2020:10:00:06 +0800] "GET /xingrg/javascript/jquery_tools/images/prev.gif HTTP/1.1" 404 1086
222.69.139.59 - - [12/Jun/2020:10:00:06 +0800] "GET /xingrg/javascript/jquery_tools/images/next.gif HTTP/1.1" 404 1086
180.162.102.27 - - [12/Jun/2020:10:00:07 +0800] "GET /xingrg/all/function/internal_message.html?_=1591927183536&CODE_STATE=getMsg HTTP/1.1" 200 27
172.17.0.103 - - [12/Jun/2020:10:00:15 +0800] "GET /xingrg/all/function/internal_message.html?_=1591927213235&CODE_STATE=getMsg HTTP/1.1" 200 27
222.69.139.59 - - [12/Jun/2020:10:00:16 +0800] "GET /xingrg/check_reg.html?_=1591927208476 HTTP/1.1" 200 22
222.69.139.59 - - [12/Jun/2020:10:00:16 +0800] "GET /xingrg/all/function/internal_message.html?_=1591927208475&CODE_STATE=getMsg HTTP/1.1" 200 27
114.86.190.97 - - [12/Jun/2020:10:00:19 +0800] "GET /xingrg/all/function/internal_message.html?_=1591927221515&CODE_STATE=getMsg HTTP/1.1" 200 27
114.86.190.97 - - [12/Jun/2020:10:00:19 +0800] "GET /xingrg/check_reg.html?_=1591927221520 HTTP/1.1" 200 22
116.230.77.149 - - [12/Jun/2020:10:00:22 +0800] "GET /xingrg/all/function/internal_message.html?_=1591927215609&CODE_STATE=getMsg HTTP/1.1" 200 27
180.162.232.172 - - [12/Jun/2020:10:00:28 +0800] "GET /xingrg/all/function/internal_message.html?_=1591927362759&CODE_STATE=getMsg HTTP/1.1" 200 27
101.228.167.227 - - [12/Jun/2020:10:00:29 +0800] "GET /xingrg/all/function/internal_message.html?_=1591927232727&CODE_STATE=getMsg HTTP/1.1" 200 27
180.175.214.200 - - [12/Jun/2020:10:00:32 +0800] "GET /xingrg/kc/buy/cgsh_order_operate.html?command=get_materiel&rest_code=00102&code=00101015042&supplier_code=00100054&order_time=2020-06-12 HTTP/1.1" 200 408
116.232.51.17 - - [12/Jun/2020:10:00:33 +0800] "GET /xingrg/all/function/internal_message.html?_=1591927279328&CODE_STATE=getMsg HTTP/1.1" 200 27
180.175.214.200 - - [12/Jun/2020:10:00:36 +0800] "GET /xingrg/all/function/internal_message.html?_=1591927439769&CODE_STATE=getMsg HTTP/1.1" 200 27
61.172.5.115 - - [12/Jun/2020:10:00:37 +0800] "GET /xingrg/check_reg.html?_=1591927237338 HTTP/1.1" 200 22
61.172.5.115 - - [12/Jun/2020:10:00:37 +0800] "GET /xingrg/all/function/internal_message.html?_=1591927237341&CODE_STATE=getMsg HTTP/1.1" 200 27
117.185.32.26 - - [12/Jun/2020:10:00:40 +0800] "GET /xingrg/all/function/internal_message.html?_=1591927659000&CODE_STATE=getMsg HTTP/1.1" 200 27
114.88.170.9 - - [12/Jun/2020:10:00:47 +0800] "GET /xingrg/all/function/internal_message.html?_=1591927240802&CODE_STATE=getMsg HTTP/1.1" 200 27
114.88.170.9 - - [12/Jun/2020:10:00:48 +0800] "GET /xingrg/all/function/internal_message.html?_=1591927252469&CODE_STATE=getMsg HTTP/1.1" 200 27
172.17.0.123 - - [12/Jun/2020:10:00:48 +0800] "GET /xingrg/all/function/internal_message.html?_=1591927220150&CODE_STATE=getMsg HTTP/1.1" 200 27
117.184.7.26 - - [12/Jun/2020:10:00:49 +0800] "GET /xingrg/all/function/internal_message.html?_=1591927238572&CODE_STATE=getMsg HTTP/1.1" 200 27
172.17.0.120 - - [12/Jun/2020:10:00:56 +0800] "GET /xingrg/all/function/internal_message.html?_=1591927253727&CODE_STATE=getMsg HTTP/1.1" 200 27
120.253.135.82 - - [12/Jun/2020:10:00:59 +0800] "GET /xingrg/kc/pszx/mdps_order_list.html?orderType=0 HTTP/1.1" 200 20967
120.253.135.82 - - [12/Jun/2020:10:00:59 +0800] "POST /xingrg/kc/pszx/mdps_list_operate.html HTTP/1.1" 200 5478
117.131.5.26 - - [12/Jun/2020:10:00:59 +0800] "GET /xingrg/all/function/internal_message.html?_=1591927624238&CODE_STATE=getMsg HTTP/1.1" 200 27
117.185.32.26 - - [12/Jun/2020:10:01:01 +0800] "GET /xingrg/kc/buy/cgsh_order_operate.html?command=get_materiel&rest_code=00106&code=00101010356&supplier_code=00100252&order_time=2020-06-12 HTTP/1.1" 200 405
222.69.139.59 - - [12/Jun/2020:10:01:04 +0800] "GET /xingrg/kc/buy/cgsh_order_operate.html?command=get_materiel&rest_code=00149&code=00101005045&supplier_code=00100039&order_time=2020-06-12 HTTP/1.1" 200 419
114.88.170.9 - - [12/Jun/2020:10:01:06 +0800] "POST /xingrg/kc/buy/cgsh_order_operate.html HTTP/1.1" 200 37
114.88.170.9 - - [12/Jun/2020:10:01:07 +0800] "POST /xingrg/kc/buy/cgsh_order_operate.html HTTP/1.1" 200 5598
180.162.102.27 - - [12/Jun/2020:10:01:07 +0800] "GET /xingrg/all/function/internal_message.html?_=1591927243534&CODE_STATE=getMsg HTTP/1.1" 200 27
180.162.102.27 - - [12/Jun/2020:10:01:07 +0800] "GET /xingrg/check_reg.html?_=1591927243535 HTTP/1.1" 200 22
114.88.170.9 - - [12/Jun/2020:10:01:08 +0800] "GET /xingrg/kc/print/load_data.html?order_code=212020061204496&kc_code=cgsh&condition= HTTP/1.1" 200 1817
120.253.135.82 - - [12/Jun/2020:10:01:11 +0800] "POST /xingrg/kc/pszx/mdps_list_operate.html HTTP/1.1" 200 3936
120.253.135.82 - - [12/Jun/2020:10:01:13 +0800] "POST /xingrg/kc/pszx/mdps_list_operate.html HTTP/1.1" 200 205
120.253.135.82 - - [12/Jun/2020:10:01:14 +0800] "GET /xingrg/kc/pszx/mdps_order_info.html?code=312020060800230 HTTP/1.1" 200 23849
120.253.135.82 - - [12/Jun/2020:10:01:15 +0800] "POST /xingrg/kc/pszx/mdps_order_operate.html HTTP/1.1" 200 2277
120.253.135.82 - - [12/Jun/2020:10:01:15 +0800] "GET /xingrg/javascript/easyui/themes/default/validatebox.css HTTP/1.1" 404 1104
172.17.0.103 - - [12/Jun/2020:10:01:15 +0800] "GET /xingrg/all/function/internal_message.html?_=1591927273220&CODE_STATE=getMsg HTTP/1.1" 200 27
222.69.139.59 - - [12/Jun/2020:10:01:16 +0800] "GET /xingrg/all/function/internal_message.html?_=1591927268483&CODE_STATE=getMsg HTTP/1.1" 200 27
