114.84.151.157 - - [12/Jun/2020:10:37:10 +0800] "POST /xingrg/system/rest/edit_item.html HTTP/1.1" 200 4
114.84.151.157 - - [12/Jun/2020:10:37:10 +0800] "GET /xingrg/system/rest/get_item.html?table=menu&target=menu_rest&id=1903&_=1591929428677 HTTP/1.1" 200 1074
172.17.0.185 - - [12/Jun/2020:10:37:10 +0800] "GET /favicon.ico HTTP/1.1" 404 -
61.172.5.115 - - [12/Jun/2020:10:37:13 +0800] "POST /xingrg/kc/buy/cgsh_list_operate.html HTTP/1.1" 200 2051
114.84.32.201 - - [12/Jun/2020:10:37:14 +0800] "GET /xingrg/all/function/internal_message.html?_=1591929429995&CODE_STATE=getMsg HTTP/1.1" 200 27
180.175.214.200 - - [12/Jun/2020:10:37:15 +0800] "GET /xingrg/kc/base/wldb_order_operate.html?command=get_materiel&rest_code=00102&base_code=0010476&code=00101019469 HTTP/1.1" 200 454
172.17.0.103 - - [12/Jun/2020:10:37:15 +0800] "GET /xingrg/all/function/internal_message.html?_=1591929433418&CODE_STATE=getMsg HTTP/1.1" 200 27
172.17.0.103 - - [12/Jun/2020:10:37:15 +0800] "GET /xingrg/check_reg.html?_=1591929433449 HTTP/1.1" 200 22
117.184.7.26 - - [12/Jun/2020:10:37:15 +0800] "GET /xingrg/kc/buy/cgsh_order_operate.html?command=get_materiel&rest_code=00108&code=00101008010&supplier_code=00100008&order_time=2020-06-12 HTTP/1.1" 200 412
222.69.139.59 - - [12/Jun/2020:10:37:16 +0800] "GET /xingrg/all/function/internal_message.html?_=1591929428534&CODE_STATE=getMsg HTTP/1.1" 200 27
172.17.0.185 - - [12/Jun/2020:10:37:19 +0800] "GET /xingrg/index.html?sysBaseUrl=http%3A%2F%2F172.17.0.8%3A18081%2Fxingrg%2F&costTime=35×tamp=1585202411715 HTTP/1.1" 302 -
172.17.0.185 - - [12/Jun/2020:10:37:19 +0800] "GET /xingrg/login.html HTTP/1.1" 200 7636
172.17.0.185 - - [12/Jun/2020:10:37:19 +0800] "GET /xingrg/images/blue/jxLogo.png HTTP/1.1" 200 6156
114.86.190.97 - - [12/Jun/2020:10:37:19 +0800] "GET /xingrg/all/function/internal_message.html?_=1591929441630&CODE_STATE=getMsg HTTP/1.1" 200 27
172.17.0.185 - - [12/Jun/2020:10:37:19 +0800] "GET /xingrg/images/blue/login_bg.png HTTP/1.1" 200 22101
172.17.0.185 - - [12/Jun/2020:10:37:19 +0800] "GET /xingrg/images/blue/hj.png HTTP/1.1" 200 1014
172.17.0.185 - - [12/Jun/2020:10:37:19 +0800] "GET /xingrg/images/blue/srbg.png HTTP/1.1" 200 138
172.17.0.185 - - [12/Jun/2020:10:37:20 +0800] "GET /favicon.ico HTTP/1.1" 404 -
116.230.77.149 - - [12/Jun/2020:10:37:20 +0800] "GET /xingrg/kc/buy/cgsh_order_operate.html?command=get_materiel&rest_code=00107&code=00101008234&supplier_code=00100006&order_time=2020-06-12 HTTP/1.1" 200 408
180.175.214.200 - - [12/Jun/2020:10:37:20 +0800] "GET /xingrg/kc/base/wldb_order_operate.html?command=get_materiel&rest_code=00102&base_code=0010476&code=00101019241 HTTP/1.1" 200 461
116.230.77.149 - - [12/Jun/2020:10:37:21 +0800] "GET /xingrg/check_reg.html?_=1591929434611 HTTP/1.1" 200 22
172.17.0.185 - - [12/Jun/2020:10:37:21 +0800] "POST /xingrg/login.do HTTP/1.1" 302 -
172.17.0.185 - - [12/Jun/2020:10:37:21 +0800] "GET /xingrg/index.html?sysBaseUrl=http%3A%2F%2F172.17.0.8%3A18081%2Fxingrg%2F&costTime=41×tamp=1591929441434 HTTP/1.1" 200 17448
172.17.0.185 - - [12/Jun/2020:10:37:21 +0800] "GET /xingrg/javascript/jquery_easy_ui/easyui-lang-zh_CN.js HTTP/1.1" 200 1900
172.17.0.185 - - [12/Jun/2020:10:37:21 +0800] "GET /xingrg/javascript/jquery.form.js HTTP/1.1" 200 23110
172.17.0.185 - - [12/Jun/2020:10:37:21 +0800] "GET /xingrg/javascript/jquery.timers.js HTTP/1.1" 200 3532
172.17.0.185 - - [12/Jun/2020:10:37:21 +0800] "GET /favicon.ico HTTP/1.1" 404 -
117.185.32.26 - - [12/Jun/2020:10:37:21 +0800] "POST /xingrg/kc/buy/cgsh_order_operate.html HTTP/1.1" 200 37
172.17.0.185 - - [12/Jun/2020:10:37:21 +0800] "GET /xingrg/javascript/jquery_easy_ui/themes/icons/settle_new.png HTTP/1.1" 200 826
172.17.0.185 - - [12/Jun/2020:10:37:21 +0800] "GET /xingrg/images/blue/navBackgound.jpg HTTP/1.1" 200 12378
116.230.77.149 - - [12/Jun/2020:10:37:21 +0800] "GET /xingrg/all/function/internal_message.html?_=1591929434973&CODE_STATE=getMsg HTTP/1.1" 200 27
172.17.0.185 - - [12/Jun/2020:10:37:21 +0800] "POST /xingrg/all/common/load_tree.html?tree=area_rest_tree_json&manage=1 HTTP/1.1" 200 3088
172.17.0.185 - - [12/Jun/2020:10:37:21 +0800] "GET /xingrg/all/function/internal_message.html?_=1591929439071&CODE_STATE=count HTTP/1.1" 200 11
172.17.0.185 - - [12/Jun/2020:10:37:21 +0800] "GET /xingrg/check_reg.html?_=1591929439072 HTTP/1.1" 200 22
172.17.0.185 - - [12/Jun/2020:10:37:21 +0800] "GET /xingrg/images/blue/pingpu.png HTTP/1.1" 200 231
172.17.0.185 - - [12/Jun/2020:10:37:21 +0800] "GET /xingrg/javascript/jquery_easy_ui/themes/default/images/tabs_leftarrow.png HTTP/1.1" 200 389
172.17.0.185 - - [12/Jun/2020:10:37:21 +0800] "GET /xingrg/javascript/jquery_easy_ui/themes/default/images/tabs_rightarrow.png HTTP/1.1" 200 395
172.17.0.185 - - [12/Jun/2020:10:37:21 +0800] "GET /xingrg/javascript/jquery_easy_ui/themes/default/images/panel_tool_expand.gif HTTP/1.1" 200 247
172.17.0.185 - - [12/Jun/2020:10:37:21 +0800] "GET /xingrg/javascript/jquery_easy_ui/themes/default/images/panel_tool_collapse.gif HTTP/1.1" 200 246
172.17.0.185 - - [12/Jun/2020:10:37:21 +0800] "POST /xingrg/load_menu.html HTTP/1.1" 200 11529
172.17.0.185 - - [12/Jun/2020:10:37:22 +0800] "GET /xingrg/javascript/jquery_easy_ui/themes/default/images/tree_arrows.gif HTTP/1.1" 200 1043
172.17.0.185 - - [12/Jun/2020:10:37:22 +0800] "GET /xingrg/javascript/jquery_easy_ui/themes/default/images/tree_folder_open.gif HTTP/1.1" 200 956
172.17.0.185 - - [12/Jun/2020:10:37:22 +0800] "GET /xingrg/javascript/jquery_easy_ui/themes/icons/search_new.png HTTP/1.1" 200 586
172.17.0.185 - - [12/Jun/2020:10:37:22 +0800] "GET /xingrg/javascript/jquery_easy_ui/themes/icons/delivery_new.png HTTP/1.1" 200 700
172.17.0.185 - - [12/Jun/2020:10:37:22 +0800] "GET /xingrg/javascript/jquery_easy_ui/themes/icons/storage_new.png HTTP/1.1" 200 853
172.17.0.185 - - [12/Jun/2020:10:37:22 +0800] "GET /xingrg/javascript/jquery_easy_ui/themes/icons/checkout_new.png HTTP/1.1" 200 744
172.17.0.185 - - [12/Jun/2020:10:37:22 +0800] "GET /xingrg/javascript/jquery_easy_ui/themes/icons/forms_new.png HTTP/1.1" 200 350
172.17.0.185 - - [12/Jun/2020:10:37:22 +0800] "GET /xingrg/javascript/jquery_easy_ui/themes/icons/setting_new.png HTTP/1.1" 200 450
172.17.0.185 - - [12/Jun/2020:10:37:22 +0800] "GET /xingrg/javascript/jquery_easy_ui/themes/icons/systemset_new.png HTTP/1.1" 200 606
172.17.0.185 - - [12/Jun/2020:10:37:22 +0800] "GET /xingrg/javascript/jquery_easy_ui/themes/default/images/tree_file.gif HTTP/1.1" 200 118
172.17.0.185 - - [12/Jun/2020:10:37:22 +0800] "GET /xingrg/javascript/jquery_easy_ui/themes/default/images/tree_folder.gif HTTP/1.1" 200 952
117.185.32.26 - - [12/Jun/2020:10:37:23 +0800] "POST /xingrg/kc/buy/cgsh_order_operate.html HTTP/1.1" 200 12
117.185.32.26 - - [12/Jun/2020:10:37:23 +0800] "GET /xingrg/kc/buy/cgsh_order_info.html?code=212020061204527 HTTP/1.1" 200 53871
117.185.32.26 - - [12/Jun/2020:10:37:24 +0800] "GET /xingrg/javascript/easyui/themes/default/validatebox.css HTTP/1.1" 404 1104
172.17.0.185 - - [12/Jun/2020:10:37:24 +0800] "POST /xingrg/load_menu.html HTTP/1.1" 200 10512
117.185.32.26 - - [12/Jun/2020:10:37:24 +0800] "POST /xingrg/kc/buy/cgsh_order_operate.html HTTP/1.1" 200 4725
117.184.7.30 - - [12/Jun/2020:10:37:24 +0800] "GET /xingrg/kc/buy/cgsh_order_operate.html?command=get_materiel&rest_code=00108&code=00101008351&supplier_code=00100008&order_time=2020-06-12 HTTP/1.1" 200 408
180.175.214.200 - - [12/Jun/2020:10:37:24 +0800] "GET /xingrg/kc/base/wldb_order_operate.html?command=get_materiel&rest_code=00102&base_code=0010476&code=00101019184 HTTP/1.1" 200 443
117.131.5.26 - - [12/Jun/2020:10:37:25 +0800] "GET /xingrg/system/rest/list_page.html?p=menu HTTP/1.1" 302 -
117.131.5.26 - - [12/Jun/2020:10:37:25 +0800] "GET /xingrg/login.html HTTP/1.1" 200 7641
117.131.5.26 - - [12/Jun/2020:10:37:25 +0800] "GET /xingrg/login.html HTTP/1.1" 200 7641
117.131.5.26 - - [12/Jun/2020:10:37:25 +0800] "GET /xingrg/images/blue/jxLogo.png HTTP/1.1" 304 -
117.131.5.26 - - [12/Jun/2020:10:37:25 +0800] "GET /xingrg/images/blue/login_bg.png HTTP/1.1" 304 -
117.131.5.26 - - [12/Jun/2020:10:37:25 +0800] "GET /xingrg/images/blue/srbg.png HTTP/1.1" 304 -
117.131.5.26 - - [12/Jun/2020:10:37:25 +0800] "GET /xingrg/images/blue/hj.png HTTP/1.1" 304 -
101.228.167.227 - - [12/Jun/2020:10:37:26 +0800] "GET /xingrg/kc/buy/cgsh_order_operate.html?command=get_materiel&rest_code=00146&code=00101008061&supplier_code=00100005&order_time=2020-06-12 HTTP/1.1" 200 422
117.131.5.26 - - [12/Jun/2020:10:37:26 +0800] "GET /favicon.ico HTTP/1.1" 404 -
117.185.32.26 - - [12/Jun/2020:10:37:26 +0800] "GET /xingrg/kc/print/load_data.html?order_code=212020061204527&kc_code=cgsh&condition= HTTP/1.1" 200 2278
117.131.5.26 - - [12/Jun/2020:10:37:27 +0800] "POST /xingrg/login.do HTTP/1.1" 302 -
117.131.5.26 - - [12/Jun/2020:10:37:27 +0800] "GET /xingrg/javascript/jquery_easy_ui/themes/default/easyui.css HTTP/1.1" 304 -
117.131.5.26 - - [12/Jun/2020:10:37:27 +0800] "GET /xingrg/javascript/jquery_easy_ui/themes/icon.css HTTP/1.1" 304 -
117.131.5.26 - - [12/Jun/2020:10:37:27 +0800] "GET /xingrg/css/form.css HTTP/1.1" 304 -
117.131.5.26 - - [12/Jun/2020:10:37:27 +0800] "GET /xingrg/index.html?sysBaseUrl=http%3A%2F%2F180.169.147.146%3A18081%2Fxingrg%2F&costTime=41×tamp=1591929447483 HTTP/1.1" 200 17419
117.131.5.26 - - [12/Jun/2020:10:37:27 +0800] "GET /xingrg/javascript/jquery-1.4.2.min.js HTTP/1.1" 304 -
117.131.5.26 - - [12/Jun/2020:10:37:27 +0800] "GET /xingrg/javascript/jquery_easy_ui/jquery.easyui.min.js HTTP/1.1" 304 -
117.131.5.26 - - [12/Jun/2020:10:37:27 +0800] "GET /xingrg/javascript/jquery_easy_ui/easyui-lang-zh_CN.js HTTP/1.1" 304 -
117.131.5.26 - - [12/Jun/2020:10:37:27 +0800] "GET /xingrg/javascript/jquery.form.js HTTP/1.1" 304 -
117.131.5.26 - - [12/Jun/2020:10:37:27 +0800] "GET /xingrg/javascript/jquery.utils.js HTTP/1.1" 304 -
117.131.5.26 - - [12/Jun/2020:10:37:27 +0800] "GET /xingrg/javascript/jquery.timers.js HTTP/1.1" 304 -
117.131.5.26 - - [12/Jun/2020:10:37:27 +0800] "GET /xingrg/images/blue/navBackgound.jpg HTTP/1.1" 304 -
117.131.5.26 - - [12/Jun/2020:10:37:27 +0800] "GET /xingrg/javascript/jquery_easy_ui/themes/icons/settle_new.png HTTP/1.1" 304 -
117.131.5.26 - - [12/Jun/2020:10:37:27 +0800] "GET /favicon.ico HTTP/1.1" 404 -
117.131.5.26 - - [12/Jun/2020:10:37:27 +0800] "POST /xingrg/all/common/load_tree.html?tree=area_rest_tree_json&manage=1 HTTP/1.1" 200 351
117.131.5.26 - - [12/Jun/2020:10:37:27 +0800] "GET /xingrg/images/blue/pingpu.png HTTP/1.1" 304 -
117.131.5.26 - - [12/Jun/2020:10:37:27 +0800] "GET /xingrg/javascript/jquery_easy_ui/themes/default/images/tabs_leftarrow.png HTTP/1.1" 304 -
117.131.5.26 - - [12/Jun/2020:10:37:27 +0800] "GET /xingrg/javascript/jquery_easy_ui/themes/default/images/tabs_rightarrow.png HTTP/1.1" 304 -
117.131.5.26 - - [12/Jun/2020:10:37:27 +0800] "GET /xingrg/javascript/jquery_easy_ui/themes/default/images/panel_tool_collapse.gif HTTP/1.1" 304 -
117.131.5.26 - - [12/Jun/2020:10:37:27 +0800] "GET /xingrg/javascript/jquery_easy_ui/themes/default/images/panel_tool_expand.gif HTTP/1.1" 304 -
117.131.5.26 - - [12/Jun/2020:10:37:28 +0800] "GET /xingrg/all/function/internal_message.html?_=1591929467117&CODE_STATE=count HTTP/1.1" 200 11
117.131.5.26 - - [12/Jun/2020:10:37:28 +0800] "GET /xingrg/check_reg.html?_=1591929467133 HTTP/1.1" 200 22
117.131.5.26 - - [12/Jun/2020:10:37:28 +0800] "GET /xingrg/javascript/jquery_easy_ui/themes/default/images/tree_arrows.gif HTTP/1.1" 304 -
117.131.5.26 - - [12/Jun/2020:10:37:28 +0800] "POST /xingrg/load_menu.html HTTP/1.1" 200 9959
117.131.5.26 - - [12/Jun/2020:10:37:28 +0800] "GET /xingrg/javascript/jquery_easy_ui/themes/default/images/tree_folder_open.gif HTTP/1.1" 304 -
117.131.5.26 - - [12/Jun/2020:10:37:28 +0800] "GET /xingrg/javascript/jquery_easy_ui/themes/icons/search_new.png HTTP/1.1" 304 -
117.131.5.26 - - [12/Jun/2020:10:37:28 +0800] "GET /xingrg/javascript/jquery_easy_ui/themes/default/images/tree_folder.gif HTTP/1.1" 304 -
117.131.5.26 - - [12/Jun/2020:10:37:28 +0800] "GET /xingrg/javascript/jquery_easy_ui/themes/icons/storage_new.png HTTP/1.1" 304 -
117.131.5.26 - - [12/Jun/2020:10:37:28 +0800] "GET /xingrg/javascript/jquery_easy_ui/themes/icons/checkout_new.png HTTP/1.1" 304 -
117.131.5.26 - - [12/Jun/2020:10:37:28 +0800] "GET /xingrg/javascript/jquery_easy_ui/themes/icons/forms_new.png HTTP/1.1" 304 -
117.131.5.26 - - [12/Jun/2020:10:37:28 +0800] "GET /xingrg/javascript/jquery_easy_ui/themes/icons/setting_new.png HTTP/1.1" 304 -
117.131.5.26 - - [12/Jun/2020:10:37:28 +0800] "GET /xingrg/javascript/jquery_easy_ui/themes/icons/systemset_new.png HTTP/1.1" 304 -
117.131.5.26 - - [12/Jun/2020:10:37:28 +0800] "GET /xingrg/javascript/jquery_easy_ui/themes/default/images/tree_file.gif HTTP/1.1" 304 -
120.253.135.82 - - [12/Jun/2020:10:37:29 +0800] "GET /xingrg/kc/base/wldb_order_operate.html?command=get_materiel&rest_code=00101&base_code=0010246&code=00101033001 HTTP/1.1" 200 438
117.131.5.26 - - [12/Jun/2020:10:37:30 +0800] "POST /xingrg/load_menu.html HTTP/1.1" 200 10168
180.175.214.200 - - [12/Jun/2020:10:37:31 +0800] "GET /xingrg/kc/base/wldb_order_operate.html?command=get_materiel&rest_code=00102&base_code=0010476&code=00101027001 HTTP/1.1" 200 471
117.184.7.26 - - [12/Jun/2020:10:37:31 +0800] "GET /xingrg/kc/buy/cgsh_order_operate.html?command=get_materiel&rest_code=00108&code=00101008110&supplier_code=00100008&order_time=2020-06-12 HTTP/1.1" 200 408
101.228.167.227 - - [12/Jun/2020:10:37:32 +0800] "GET /xingrg/all/function/internal_message.html?_=1591929455816&CODE_STATE=getMsg HTTP/1.1" 200 27
101.228.167.227 - - [12/Jun/2020:10:37:33 +0800] "GET /xingrg/kc/buy/cgsh_order_operate.html?command=get_materiel&rest_code=00146&code=00101020152&supplier_code=00100005&order_time=2020-06-12 HTTP/1.1" 200 416
116.230.77.149 - - [12/Jun/2020:10:37:34 +0800] "GET /xingrg/kc/buy/cgsh_order_operate.html?command=get_materiel&rest_code=00107&code=00101008155&supplier_code=00100006&order_time=2020-06-12 HTTP/1.1" 200 409
117.185.32.26 - - [12/Jun/2020:10:37:36 +0800] "GET /xingrg/kc/print/load_data.html?order_code=212020061204527&kc_code=cgsh HTTP/1.1" 200 2278
180.175.214.200 - - [12/Jun/2020:10:37:37 +0800] "GET /xingrg/all/function/internal_message.html?_=1591929459842&CODE_STATE=getMsg HTTP/1.1" 200 27
117.131.5.26 - - [12/Jun/2020:10:37:37 +0800] "GET /xingrg/javascript/jquery_easy_ui/themes/default/images/tabs_close.gif HTTP/1.1" 304 -
117.131.5.26 - - [12/Jun/2020:10:37:37 +0800] "GET /xingrg/css/table.css HTTP/1.1" 304 -
117.131.5.26 - - [12/Jun/2020:10:37:37 +0800] "GET /xingrg/dwr/util.js HTTP/1.1" 304 -
117.131.5.26 - - [12/Jun/2020:10:37:37 +0800] "GET /xingrg/dwr/interface/AjaxGetFirstChart.js HTTP/1.1" 200 631
117.131.5.26 - - [12/Jun/2020:10:37:37 +0800] "GET /xingrg/javascript/jquery.shich.js HTTP/1.1" 304 -
117.131.5.26 - - [12/Jun/2020:10:37:37 +0800] "GET /xingrg/javascript/Calendar.js HTTP/1.1" 304 -
117.131.5.26 - - [12/Jun/2020:10:37:37 +0800] "GET /xingrg/javascript/convert.js HTTP/1.1" 304 -
117.131.5.26 - - [12/Jun/2020:10:37:37 +0800] "GET /xingrg/system/rest/list_page.html?p=menu HTTP/1.1" 200 112918
117.131.5.26 - - [12/Jun/2020:10:37:37 +0800] "GET /xingrg/dwr/engine.js HTTP/1.1" 200 43631
117.131.5.26 - - [12/Jun/2020:10:37:37 +0800] "GET /xingrg/ HTTP/1.1" 304 -
117.131.5.26 - - [12/Jun/2020:10:37:37 +0800] "GET /xingrg/javascript/jquery_easy_ui/themes/icons/search.png HTTP/1.1" 304 -
117.131.5.26 - - [12/Jun/2020:10:37:37 +0800] "GET /xingrg/javascript/jquery_easy_ui/themes/default/images/button_a_bg.gif HTTP/1.1" 304 -
117.131.5.26 - - [12/Jun/2020:10:37:37 +0800] "GET /xingrg/javascript/jquery_easy_ui/themes/icons/edit_add.png HTTP/1.1" 304 -
117.131.5.26 - - [12/Jun/2020:10:37:37 +0800] "GET /xingrg/javascript/jquery_easy_ui/themes/default/images/button_a_bg.gif HTTP/1.1" 304 -
117.131.5.26 - - [12/Jun/2020:10:37:37 +0800] "GET /xingrg/javascript/jquery_easy_ui/themes/icons/pencil.png HTTP/1.1" 304 -
117.131.5.26 - - [12/Jun/2020:10:37:37 +0800] "GET /xingrg/javascript/jquery_easy_ui/themes/default/images/button_a_bg.gif HTTP/1.1" 304 -
117.131.5.26 - - [12/Jun/2020:10:37:37 +0800] "GET /xingrg/javascript/jquery_easy_ui/themes/icons/edit_remove.png HTTP/1.1" 304 -
117.131.5.26 - - [12/Jun/2020:10:37:37 +0800] "GET /xingrg/javascript/jquery_easy_ui/themes/default/images/button_a_bg.gif HTTP/1.1" 304 -
117.131.5.26 - - [12/Jun/2020:10:37:37 +0800] "GET /xingrg/javascript/jquery_easy_ui/themes/icons/check_new.png HTTP/1.1" 304 -
117.131.5.26 - - [12/Jun/2020:10:37:37 +0800] "GET /xingrg/javascript/jquery_easy_ui/themes/default/images/button_a_bg.gif HTTP/1.1" 304 -
117.131.5.26 - - [12/Jun/2020:10:37:37 +0800] "GET /xingrg/javascript/jquery_easy_ui/themes/icons/uncheck_new.png HTTP/1.1" 304 -
117.131.5.26 - - [12/Jun/2020:10:37:37 +0800] "GET /xingrg/javascript/jquery_easy_ui/themes/default/images/button_a_bg.gif HTTP/1.1" 304 -
117.131.5.26 - - [12/Jun/2020:10:37:37 +0800] "GET /xingrg/javascript/jquery_easy_ui/themes/default/images/button_span_bg.gif HTTP/1.1" 304 -
117.131.5.26 - - [12/Jun/2020:10:37:37 +0800] "GET /xingrg/javascript/jquery_easy_ui/themes/icons/ok.png HTTP/1.1" 304 -
172.17.0.185 - - [12/Jun/2020:10:37:38 +0800] "GET /xingrg/all/report/report_query.html?fileName=dma/new_5.0/yingye/syy_order_list.xml HTTP/1.1" 200 51757
172.17.0.185 - - [12/Jun/2020:10:37:38 +0800] "GET /xingrg/javascript/jquery_easy_ui/themes/default/images/tabs_close.gif HTTP/1.1" 200 829
172.17.0.185 - - [12/Jun/2020:10:37:38 +0800] "GET /xingrg/dwr/interface/AjaxReportQueryService.js HTTP/1.1" 200 13203
117.131.5.26 - - [12/Jun/2020:10:37:38 +0800] "GET /xingrg/images/control/ajaxLoader.gif HTTP/1.1" 304 -
172.17.0.185 - - [12/Jun/2020:10:37:38 +0800] "GET /xingrg/dwr/util.js HTTP/1.1" 304 -
172.17.0.185 - - [12/Jun/2020:10:37:38 +0800] "GET /xingrg/dwr/engine.js HTTP/1.1" 200 43631
117.131.5.26 - - [12/Jun/2020:10:37:38 +0800] "GET /xingrg/javascript/jquery_easy_ui/themes/default/images/datagrid_header_bg.gif HTTP/1.1" 304 -
117.131.5.26 - - [12/Jun/2020:10:37:38 +0800] "GET /xingrg/javascript/jquery_easy_ui/themes/default/images/pagination_first.gif HTTP/1.1" 304 -
117.131.5.26 - - [12/Jun/2020:10:37:38 +0800] "GET /xingrg/javascript/jquery_easy_ui/themes/default/images/pagination_prev.gif HTTP/1.1" 304 -
117.131.5.26 - - [12/Jun/2020:10:37:38 +0800] "GET /xingrg/javascript/jquery_easy_ui/themes/default/images/pagination_next.gif HTTP/1.1" 304 -
117.131.5.26 - - [12/Jun/2020:10:37:38 +0800] "GET /xingrg/javascript/jquery_easy_ui/themes/default/images/pagination_last.gif HTTP/1.1" 304 -
117.131.5.26 - - [12/Jun/2020:10:37:38 +0800] "GET /xingrg/javascript/jquery_easy_ui/themes/default/images/pagination_load.png HTTP/1.1" 304 -
172.17.0.185 - - [12/Jun/2020:10:37:38 +0800] "GET /xingrg/javascript/jquery_easy_ui/themes/icons/help.png HTTP/1.1" 200 1187
172.17.0.185 - - [12/Jun/2020:10:37:38 +0800] "GET /xingrg/javascript/jquery_easy_ui/themes/default/images/menu_downarrow.png HTTP/1.1" 200 173
172.17.0.185 - - [12/Jun/2020:10:37:38 +0800] "GET /xingrg/javascript/jquery_easy_ui/themes/default/images/button_a_bg.gif HTTP/1.1" 200 1194
172.17.0.185 - - [12/Jun/2020:10:37:38 +0800] "GET /xingrg/javascript/jquery_easy_ui/themes/default/images/menu.gif HTTP/1.1" 200 834
172.17.0.185 - - [12/Jun/2020:10:37:38 +0800] "GET /xingrg/javascript/jquery_easy_ui/themes/icons/print.png HTTP/1.1" 200 1057
172.17.0.185 - - [12/Jun/2020:10:37:38 +0800] "GET /xingrg/javascript/jquery_easy_ui/themes/icons/pencil.png HTTP/1.1" 200 713
172.17.0.185 - - [12/Jun/2020:10:37:38 +0800] "GET /xingrg/javascript/jquery_easy_ui/themes/default/images/menu_rightarrow.png HTTP/1.1" 200 3617
172.17.0.185 - - [12/Jun/2020:10:37:38 +0800] "POST /xingrg/dwr/call/plaincall/AjaxReportQueryService.getFixDate.dwr HTTP/1.1" 200 111
117.131.5.26 - - [12/Jun/2020:10:37:38 +0800] "GET /xingrg/javascript/jquery_easy_ui/themes/default/images/pagination_loading.gif HTTP/1.1" 304 -
172.17.0.185 - - [12/Jun/2020:10:37:38 +0800] "GET /xingrg/javascript/jquery_easy_ui/themes/default/images/combo_arrow_dot.gif HTTP/1.1" 200 79
172.17.0.185 - - [12/Jun/2020:10:37:38 +0800] "POST /xingrg/all/common/load_tree.html?tree=area_station_tree_json&manage=1 HTTP/1.1" 200 2990
117.131.5.26 - - [12/Jun/2020:10:37:38 +0800] "GET /xingrg/system/rest/query_items.html?_=1591929477648&table=menu&page=1&rows=20&categoryId=&key= HTTP/1.1" 200 4718
172.17.0.185 - - [12/Jun/2020:10:37:38 +0800] "GET /xingrg/javascript/jquery_easy_ui/themes/default/images/tree_checkbox_0.gif HTTP/1.1" 200 168
172.17.0.185 - - [12/Jun/2020:10:37:38 +0800] "GET /xingrg/javascript/jquery_easy_ui/themes/icons/rest.png HTTP/1.1" 200 695
172.17.0.123 - - [12/Jun/2020:10:37:38 +0800] "GET /xingrg/system/rest/list_page.html?p=menu HTTP/1.1" 200 112698
172.17.0.123 - - [12/Jun/2020:10:37:38 +0800] "GET /xingrg/dwr/interface/AjaxGetFirstChart.js HTTP/1.1" 200 631
172.17.0.123 - - [12/Jun/2020:10:37:38 +0800] "GET /xingrg/dwr/engine.js HTTP/1.1" 200 43631
172.17.0.123 - - [12/Jun/2020:10:37:39 +0800] "GET /xingrg/system/rest/query_items.html?_=1591929430932&table=menu&page=1&rows=20&categoryId=&key= HTTP/1.1" 200 4718
172.17.0.185 - - [12/Jun/2020:10:37:39 +0800] "GET /xingrg/javascript/jquery_easy_ui/themes/icons/area.png HTTP/1.1" 200 262
172.17.0.185 - - [12/Jun/2020:10:37:39 +0800] "GET /xingrg/javascript/jquery_easy_ui/themes/icons/manage.png HTTP/1.1" 200 696
117.185.32.26 - - [12/Jun/2020:10:37:40 +0800] "GET /xingrg/all/function/internal_message.html?_=1591929879154&CODE_STATE=getMsg HTTP/1.1" 200 27
117.185.32.26 - - [12/Jun/2020:10:37:40 +0800] "GET /xingrg/check_reg.html?_=1591929879156 HTTP/1.1" 200 22
172.17.0.123 - - [12/Jun/2020:10:37:43 +0800] "GET /xingrg/system/rest/query_items.html?_=1591929435160&table=menu&page=2&rows=20&categoryId=&key= HTTP/1.1" 200 4717
172.17.0.123 - - [12/Jun/2020:10:37:46 +0800] "GET /xingrg/system/rest/query_items.html?_=1591929438222&table=menu&page=2&rows=20&categoryId=4&key= HTTP/1.1" 200 5004
114.84.151.157 - - [12/Jun/2020:10:37:46 +0800] "GET /xingrg/all/function/internal_message.html?_=1591929464370&CODE_STATE=getMsg HTTP/1.1" 200 27
180.175.214.200 - - [12/Jun/2020:10:37:46 +0800] "GET /xingrg/kc/base/wldb_order_operate.html?command=get_materiel&rest_code=00102&base_code=0010476&code=00101019026 HTTP/1.1" 200 467
172.17.0.185 - - [12/Jun/2020:10:37:47 +0800] "GET /xingrg/javascript/jquery_easy_ui/themes/default/images/tree_checkbox_1.gif HTTP/1.1" 200 174
172.17.0.185 - - [12/Jun/2020:10:37:47 +0800] "GET /xingrg/javascript/jquery_easy_ui/themes/default/images/tree_checkbox_2.gif HTTP/1.1" 200 181
117.131.5.26 - - [12/Jun/2020:10:37:47 +0800] "GET /xingrg/javascript/jquery_easy_ui/themes/icons/area.png HTTP/1.1" 304 -
117.131.5.26 - - [12/Jun/2020:10:37:47 +0800] "GET /xingrg/javascript/jquery_easy_ui/themes/icons/rest.png HTTP/1.1" 304 -
101.228.167.227 - - [12/Jun/2020:10:37:47 +0800] "GET /xingrg/kc/buy/cgsh_order_operate.html?command=get_materiel&rest_code=00146&code=00101008095&supplier_code=00100005&order_time=2020-06-12 HTTP/1.1" 200 412
172.17.0.123 - - [12/Jun/2020:10:37:48 +0800] "GET /xingrg/all/function/internal_message.html?_=1591929440152&CODE_STATE=getMsg HTTP/1.1" 200 27
172.17.0.123 - - [12/Jun/2020:10:37:48 +0800] "GET /xingrg/check_reg.html?_=1591929440154 HTTP/1.1" 200 22
172.17.0.185 - - [12/Jun/2020:10:37:48 +0800] "POST /xingrg/dwr/call/plaincall/AjaxReportQueryService.refreshCache.dwr HTTP/1.1" 200 78
172.17.0.185 - - [12/Jun/2020:10:37:49 +0800] "POST /xingrg/all/report/load_report_page.html HTTP/1.1" 200 49079
172.17.0.185 - - [12/Jun/2020:10:37:49 +0800] "GET /xingrg/servlets/image?cache=0.4299902060845605&image=px HTTP/1.1" 200 807
117.184.7.26 - - [12/Jun/2020:10:37:49 +0800] "GET /xingrg/all/function/internal_message.html?_=1591930139817&CODE_STATE=getMsg HTTP/1.1" 200 27
117.184.7.30 - - [12/Jun/2020:10:37:49 +0800] "GET /xingrg/check_reg.html?_=1591930139818 HTTP/1.1" 200 22
172.17.0.123 - - [12/Jun/2020:10:37:49 +0800] "GET /xingrg/system/rest/query_items.html?_=1591929441543&table=menu&page=20&rows=20&categoryId=4&key= HTTP/1.1" 200 2828
117.184.7.26 - - [12/Jun/2020:10:37:49 +0800] "GET /xingrg/all/function/internal_message.html?_=1591929458977&CODE_STATE=getMsg HTTP/1.1" 200 27
120.253.135.82 - - [12/Jun/2020:10:37:50 +0800] "GET /xingrg/kc/base/wldb_order_operate.html?command=get_materiel&rest_code=00101&base_code=0010246&code=00101033002 HTTP/1.1" 200 438
116.230.77.149 - - [12/Jun/2020:10:37:50 +0800] "GET /xingrg/kc/buy/cgsh_order_operate.html?command=get_materiel&rest_code=00107&code=00101008080&supplier_code=00100006&order_time=2020-06-12 HTTP/1.1" 200 416
101.228.167.227 - - [12/Jun/2020:10:37:51 +0800] "POST /xingrg/kc/buy/cgsh_order_operate.html HTTP/1.1" 200 2065
117.184.7.30 - - [12/Jun/2020:10:37:51 +0800] "GET /xingrg/all/function/internal_message.html?_=1591929462474&CODE_STATE=getMsg HTTP/1.1" 200 27
117.131.5.26 - - [12/Jun/2020:10:37:52 +0800] "GET /xingrg/system/rest/query_items.html?_=1591929491273&table=menu&page=1&rows=20&categoryId=&key=%25E9%2595%25BF%25E8%2584%259A%25E8%259F%25B9 HTTP/1.1" 200 761
120.204.17.68 - - [12/Jun/2020:10:37:52 +0800] "GET /xingrg/all/common/auto_word.html?type=employee&rest_code=00106 HTTP/1.1" 302 -
222.69.139.59 - - [12/Jun/2020:10:37:52 +0800] "GET /xingrg/all/function/internal_message.html?_=1591929325174&CODE_STATE=getMsg HTTP/1.1" 200 27
117.131.5.26 - - [12/Jun/2020:10:37:53 +0800] "GET /xingrg/system/rest/query_items.html?_=1591929492976&table=menu&page=1&rows=20&categoryId=&key=%25E9%2595%25BF%25E8%2584%259A%25E8%259F%25B9 HTTP/1.1" 200 761
172.17.0.123 - - [12/Jun/2020:10:37:54 +0800] "GET /xingrg/system/rest/query_items.html?_=1591929446036&table=menu&page=19&rows=20&categoryId=4&key= HTTP/1.1" 200 4862
117.131.5.26 - - [12/Jun/2020:10:37:55 +0800] "GET /xingrg/javascript/jquery_easy_ui/themes/default/images/panel_tools.gif HTTP/1.1" 304 -
117.131.5.26 - - [12/Jun/2020:10:37:55 +0800] "GET /xingrg/javascript/jquery_easy_ui/themes/default/images/panel_title.png HTTP/1.1" 304 -
117.185.32.26 - - [12/Jun/2020:10:37:55 +0800] "GET /xingrg/kc/buy/cgsh_order_add.html HTTP/1.1" 200 58964
117.131.5.26 - - [12/Jun/2020:10:37:55 +0800] "GET /xingrg/system/rest/get_item.html?table=menu&id=2017&_=1591929495054 HTTP/1.1" 200 974
117.131.5.26 - - [12/Jun/2020:10:37:55 +0800] "GET /xingrg/system/rest/get_item.html?table=menu&target=menu_rest&id=2017&_=1591929495070 HTTP/1.1" 200 783
117.131.5.26 - - [12/Jun/2020:10:37:55 +0800] "GET /xingrg/system/rest/get_item.html?table=menu&target=cook_mode&id=2017&_=1591929495070 HTTP/1.1" 200 12970
172.17.0.120 - - [12/Jun/2020:10:37:56 +0800] "GET /xingrg/all/function/internal_message.html?_=1591929473727&CODE_STATE=getMsg HTTP/1.1" 200 27
117.185.32.26 - - [12/Jun/2020:10:37:56 +0800] "GET /xingrg/javascript/easyui/themes/default/validatebox.css HTTP/1.1" 404 1104
117.185.32.26 - - [12/Jun/2020:10:37:56 +0800] "POST /xingrg/kc/buy/cgsh_order_operate.html HTTP/1.1" 200 8245
114.88.170.9 - - [12/Jun/2020:10:37:56 +0800] "GET /xingrg/all/function/internal_message.html?_=1591929480983&CODE_STATE=getMsg HTTP/1.1" 200 27
172.17.0.123 - - [12/Jun/2020:10:37:56 +0800] "GET /xingrg/system/rest/query_items.html?_=1591929448493&table=menu&page=18&rows=20&categoryId=4&key= HTTP/1.1" 200 4700
117.185.32.26 - - [12/Jun/2020:10:37:57 +0800] "GET /xingrg/javascript/easyui/themes/default/tree.css HTTP/1.1" 404 1090
117.185.32.26 - - [12/Jun/2020:10:37:57 +0800] "POST /xingrg/all/common/load_tree.html?tree=supplier_tree_json&isDelete=1 HTTP/1.1" 200 48930
117.131.5.26 - - [12/Jun/2020:10:37:58 +0800] "GET /xingrg/system/rest/get_infos.html?command=menu_img_show&id=2017 HTTP/1.1" 200 5
180.175.214.200 - - [12/Jun/2020:10:37:58 +0800] "GET /xingrg/all/function/internal_message.html?_=1591929682342&CODE_STATE=getMsg HTTP/1.1" 200 27
116.230.77.149 - - [12/Jun/2020:10:37:58 +0800] "GET /xingrg/kc/buy/cgsh_order_operate.html?command=get_materiel&rest_code=00107&code=00101008312&supplier_code=00100006&order_time=2020-06-12 HTTP/1.1" 200 412
172.17.0.123 - - [12/Jun/2020:10:37:59 +0800] "GET /xingrg/system/rest/query_items.html?_=1591929450872&table=menu&page=17&rows=20&categoryId=4&key= HTTP/1.1" 200 4554
120.204.17.68 - - [12/Jun/2020:10:37:59 +0800] "GET /xingrg/login.html HTTP/1.1" 200 7641
117.131.5.26 - - [12/Jun/2020:10:38:00 +0800] "GET /xingrg/all/function/internal_message.html?_=1591929844293&CODE_STATE=getMsg HTTP/1.1" 200 27
101.228.167.227 - - [12/Jun/2020:10:38:00 +0800] "GET /xingrg/all/function/internal_message.html?_=1591929483339&CODE_STATE=getMsg HTTP/1.1" 200 27
180.162.232.172 - - [12/Jun/2020:10:38:00 +0800] "GET /xingrg/all/function/internal_message.html?_=1591929615507&CODE_STATE=getMsg HTTP/1.1" 200 27
117.184.7.30 - - [12/Jun/2020:10:38:02 +0800] "GET /xingrg/kc/buy/cgsh_order_operate.html?command=get_materiel&rest_code=00108&code=00101008038&supplier_code=00100008&order_time=2020-06-12 HTTP/1.1" 200 412
172.17.0.123 - - [12/Jun/2020:10:38:02 +0800] "GET /xingrg/system/rest/query_items.html?_=1591929454393&table=menu&page=1&rows=20&categoryId=4&key= HTTP/1.1" 200 4932
117.131.5.26 - - [12/Jun/2020:10:38:02 +0800] "GET /xingrg/system/rest/get_item.html?table=menu&target=menu_rest_detail&id=2017&sid=5&_=1591929501820 HTTP/1.1" 200 428
116.232.51.17 - - [12/Jun/2020:10:38:04 +0800] "GET /xingrg/all/function/internal_message.html?_=1591929559319&CODE_STATE=getMsg HTTP/1.1" 200 27
116.232.51.17 - - [12/Jun/2020:10:38:04 +0800] "GET /xingrg/check_reg.html?_=1591929559319 HTTP/1.1" 200 22
101.228.167.227 - - [12/Jun/2020:10:38:05 +0800] "GET /xingrg/kc/buy/cgsh_order_operate.html?command=get_materiel&rest_code=00146&code=00101008168&supplier_code=00100005&order_time=2020-06-12 HTTP/1.1" 200 413
172.17.0.123 - - [12/Jun/2020:10:38:05 +0800] "GET /xingrg/system/rest/query_items.html?_=1591929456904&table=menu&page=2&rows=20&categoryId=4&key= HTTP/1.1" 200 5004
114.86.190.97 - - [12/Jun/2020:10:38:05 +0800] "GET /xingrg/all/function/internal_message.html?_=1591929484563&CODE_STATE=getMsg HTTP/1.1" 200 27
180.175.214.200 - - [12/Jun/2020:10:38:06 +0800] "POST /xingrg/dwr/call/plaincall/AjaxComOrderService.getMaterielSearchList.dwr HTTP/1.1" 200 77
120.204.17.72 - - [12/Jun/2020:10:38:06 +0800] "GET /xingrg/kc/buy/cgsh_order_operate.html?command=get_materiel&rest_code=00106&code=00101006109&supplier_code=00100015&order_time=2020-06-12 HTTP/1.1" 302 -
180.175.214.200 - - [12/Jun/2020:10:38:07 +0800] "POST /xingrg/dwr/call/plaincall/AjaxComOrderService.getMaterielSearchList.dwr HTTP/1.1" 200 6827
117.131.5.26 - - [12/Jun/2020:10:38:07 +0800] "POST /xingrg/system/rest/edit_item.html HTTP/1.1" 200 4
117.131.5.26 - - [12/Jun/2020:10:38:07 +0800] "GET /xingrg/system/rest/get_item.html?table=menu&target=menu_rest&id=2017&_=1591929506304 HTTP/1.1" 200 782
117.185.32.26 - - [12/Jun/2020:10:38:07 +0800] "GET /xingrg/kc/buy/cgsh_order_operate.html?command=get_materiel&rest_code=00106&code=00101009019&supplier_code=00100022&order_time=2020-06-12 HTTP/1.1" 200 414
180.162.102.27 - - [12/Jun/2020:10:38:07 +0800] "GET /xingrg/all/function/internal_message.html?_=1591929463586&CODE_STATE=getMsg HTTP/1.1" 200 27
180.175.214.200 - - [12/Jun/2020:10:38:07 +0800] "POST /xingrg/dwr/call/plaincall/AjaxComOrderService.getMaterielSearchList.dwr HTTP/1.1" 200 6827
117.185.32.26 - - [12/Jun/2020:10:38:08 +0800] "GET /xingrg/all/function/internal_message.html?_=1591929483066&CODE_STATE=getMsg HTTP/1.1" 200 27
180.175.214.200 - - [12/Jun/2020:10:38:08 +0800] "GET /xingrg/kc/base/wldb_order_operate.html?command=get_materiel&rest_code=00102&base_code=0010476&code=00101019222 HTTP/1.1" 200 454
116.230.77.149 - - [12/Jun/2020:10:38:09 +0800] "GET /xingrg/kc/buy/cgsh_order_operate.html?command=get_materiel&rest_code=00107&code=00101008038&supplier_code=00100006&order_time=2020-06-12 HTTP/1.1" 200 412
117.184.7.26 - - [12/Jun/2020:10:38:10 +0800] "GET /xingrg/kc/buy/cgsh_order_operate.html?command=get_materiel&rest_code=00108&code=00101008358&supplier_code=00100008&order_time=2020-06-12 HTTP/1.1" 200 412
114.84.151.157 - - [12/Jun/2020:10:38:11 +0800] "GET /xingrg/system/rest/query_items.html?_=1591929488968&table=menu&page=1&rows=20&categoryId=&key=%25E9%259D%25A2%25E5%258C%2585 HTTP/1.1" 200 706
120.204.17.72 - - [12/Jun/2020:10:38:12 +0800] "GET /xingrg/login.html HTTP/1.1" 200 7641
172.17.0.123 - - [12/Jun/2020:10:38:12 +0800] "GET /xingrg/system/rest/query_items.html?_=1591929464302&table=menu&page=3&rows=20&categoryId=4&key= HTTP/1.1" 200 5091
114.84.151.157 - - [12/Jun/2020:10:38:12 +0800] "GET /xingrg/system/rest/query_items.html?_=1591929490601&table=menu&page=1&rows=20&categoryId=&key=%25E9%259D%25A2%25E5%258C%2585 HTTP/1.1" 200 706
114.84.151.157 - - [12/Jun/2020:10:38:13 +0800] "GET /xingrg/system/rest/get_item.html?table=menu&id=2020&_=1591929491123 HTTP/1.1" 200 941
114.84.151.157 - - [12/Jun/2020:10:38:13 +0800] "GET /xingrg/system/rest/get_item.html?table=menu&target=menu_rest&id=2020&_=1591929491146 HTTP/1.1" 200 757
114.84.151.157 - - [12/Jun/2020:10:38:13 +0800] "GET /xingrg/system/rest/get_item.html?table=menu&target=cook_mode&id=2020&_=1591929491144 HTTP/1.1" 200 14834
120.253.135.82 - - [12/Jun/2020:10:38:13 +0800] "GET /xingrg/kc/base/wldb_order_operate.html?command=get_materiel&rest_code=00101&base_code=0010246&code=00101033005 HTTP/1.1" 200 437
114.84.151.157 - - [12/Jun/2020:10:38:14 +0800] "GET /xingrg/system/rest/get_infos.html?command=menu_img_show&id=2020 HTTP/1.1" 200 5
114.84.32.201 - - [12/Jun/2020:10:38:14 +0800] "GET /xingrg/all/function/internal_message.html?_=1591929489997&CODE_STATE=getMsg HTTP/1.1" 200 27
172.17.0.123 - - [12/Jun/2020:10:38:14 +0800] "GET /xingrg/system/rest/query_items.html?_=1591929466755&table=menu&page=4&rows=20&categoryId=4&key= HTTP/1.1" 200 4912
120.204.17.68 - - [12/Jun/2020:10:38:15 +0800] "GET /xingrg/kc/buy/buy_main.html HTTP/1.1" 302 -
114.84.151.157 - - [12/Jun/2020:10:38:15 +0800] "GET /xingrg/system/rest/get_item.html?table=menu&target=menu_rest_detail&id=2020&sid=11&_=1591929493150 HTTP/1.1" 200 428
172.17.0.103 - - [12/Jun/2020:10:38:15 +0800] "GET /xingrg/all/function/internal_message.html?_=1591929493416&CODE_STATE=getMsg HTTP/1.1" 200 27
222.69.139.59 - - [12/Jun/2020:10:38:16 +0800] "GET /xingrg/all/function/internal_message.html?_=1591929488528&CODE_STATE=getMsg HTTP/1.1" 200 27
180.175.214.200 - - [12/Jun/2020:10:38:16 +0800] "GET /xingrg/kc/base/wldb_order_operate.html?command=get_materiel&rest_code=00102&base_code=0010476&code=00101037200 HTTP/1.1" 200 431
117.131.5.26 - - [12/Jun/2020:10:38:16 +0800] "GET /xingrg/system/rest/query_items.html?_=1591929515242&table=menu&page=1&rows=20&categoryId=&key=%25E6%2596%2591%25E8%258A%2582%25E8%2599%25BE HTTP/1.1" 200 1201
183.192.164.214 - - [12/Jun/2020:10:38:16 +0800] "GET /xingrg/kc/buy/cgsh_order_list.html HTTP/1.1" 302 -
172.17.0.123 - - [12/Jun/2020:10:38:17 +0800] "GET /xingrg/system/rest/query_items.html?_=1591929468809&table=menu&page=5&rows=20&categoryId=4&key= HTTP/1.1" 200 5006
117.131.5.26 - - [12/Jun/2020:10:38:17 +0800] "GET /xingrg/system/rest/query_items.html?_=1591929516367&table=menu&page=1&rows=20&categoryId=&key=%25E6%2596%2591%25E8%258A%2582%25E8%2599%25BE HTTP/1.1" 200 1201
180.175.214.200 - - [12/Jun/2020:10:38:18 +0800] "POST /xingrg/dwr/call/plaincall/AjaxCgthService.getMaterielByMap.dwr HTTP/1.1" 200 2549
117.184.7.26 - - [12/Jun/2020:10:38:18 +0800] "GET /xingrg/kc/buy/cgsh_order_operate.html?command=get_materiel&rest_code=00108&code=00101008087&supplier_code=00100008&order_time=2020-06-12 HTTP/1.1" 200 412
172.17.0.123 - - [12/Jun/2020:10:38:19 +0800] "GET /xingrg/system/rest/query_items.html?_=1591929471060&table=menu&page=6&rows=20&categoryId=4&key= HTTP/1.1" 200 4898
116.230.77.149 - - [12/Jun/2020:10:38:19 +0800] "GET /xingrg/kc/buy/cgsh_order_operate.html?command=get_materiel&rest_code=00107&code=00101008358&supplier_code=00100006&order_time=2020-06-12 HTTP/1.1" 200 412
117.131.5.26 - - [12/Jun/2020:10:38:19 +0800] "GET /xingrg/system/rest/get_item.html?table=menu&id=1996&_=1591929518570 HTTP/1.1" 200 956
117.131.5.26 - - [12/Jun/2020:10:38:19 +0800] "GET /xingrg/system/rest/get_item.html?table=menu&target=menu_rest&id=1996&_=1591929518586 HTTP/1.1" 200 772
117.131.5.26 - - [12/Jun/2020:10:38:19 +0800] "GET /xingrg/system/rest/get_item.html?table=menu&target=cook_mode&id=1996&_=1591929518586 HTTP/1.1" 200 14339
114.86.190.97 - - [12/Jun/2020:10:38:19 +0800] "GET /xingrg/all/function/internal_message.html?_=1591929501619&CODE_STATE=getMsg HTTP/1.1" 200 27
114.84.151.157 - - [12/Jun/2020:10:38:19 +0800] "POST /xingrg/system/rest/edit_item.html HTTP/1.1" 200 4
114.84.151.157 - - [12/Jun/2020:10:38:19 +0800] "GET /xingrg/system/rest/get_item.html?table=menu&target=menu_rest&id=2020&_=1591929497867 HTTP/1.1" 200 756
180.175.214.200 - - [12/Jun/2020:10:38:20 +0800] "POST /xingrg/dwr/call/plaincall/AjaxCgthService.removeMaterielItem.dwr HTTP/1.1" 200 79
120.204.17.68 - - [12/Jun/2020:10:38:21 +0800] "GET /xingrg/login.html HTTP/1.1" 200 7641
172.17.0.123 - - [12/Jun/2020:10:38:21 +0800] "GET /xingrg/system/rest/query_items.html?_=1591929473326&table=menu&page=7&rows=20&categoryId=4&key= HTTP/1.1" 200 4788
116.230.77.149 - - [12/Jun/2020:10:38:21 +0800] "GET /xingrg/all/function/internal_message.html?_=1591929494951&CODE_STATE=getMsg HTTP/1.1" 200 27
117.131.5.26 - - [12/Jun/2020:10:38:21 +0800] "GET /xingrg/system/rest/get_infos.html?command=menu_img_show&id=1996 HTTP/1.1" 200 5
172.17.0.185 - - [12/Jun/2020:10:38:21 +0800] "GET /xingrg/all/function/internal_message.html?_=1591929499077&CODE_STATE=getMsg HTTP/1.1" 200 27
183.192.164.214 - - [12/Jun/2020:10:38:22 +0800] "GET /xingrg/login.html HTTP/1.1" 200 7641
180.175.214.200 - - [12/Jun/2020:10:38:22 +0800] "POST /xingrg/dwr/call/plaincall/AjaxComOrderService.getMaterielSearchList.dwr HTTP/1.1" 200 77
120.204.17.71 - - [12/Jun/2020:10:38:23 +0800] "GET /xingrg/kc/buy/cgsh_order_add.html HTTP/1.1" 302 -
101.228.167.227 - - [12/Jun/2020:10:38:24 +0800] "GET /xingrg/kc/buy/cgsh_order_operate.html?command=get_materiel&rest_code=00146&code=00101009011&supplier_code=00100005&order_time=2020-06-12 HTTP/1.1" 200 416
117.131.5.26 - - [12/Jun/2020:10:38:24 +0800] "GET /xingrg/system/rest/get_item.html?table=menu&target=menu_rest_detail&id=1996&sid=5&_=1591929523820 HTTP/1.1" 200 429
117.184.7.30 - - [12/Jun/2020:10:38:25 +0800] "GET /xingrg/kc/buy/cgsh_order_operate.html?command=get_materiel&rest_code=00108&code=00101008361&supplier_code=00100008&order_time=2020-06-12 HTTP/1.1" 200 408
172.17.0.123 - - [12/Jun/2020:10:38:27 +0800] "GET /xingrg/system/rest/query_items.html?_=1591929479076&table=menu&page=8&rows=20&categoryId=4&key= HTTP/1.1" 200 4856
180.175.214.200 - - [12/Jun/2020:10:38:27 +0800] "GET /xingrg/kc/base/wldb_order_operate.html?command=get_materiel&rest_code=00102&base_code=0010476&code=00101016065 HTTP/1.1" 200 468
117.131.5.26 - - [12/Jun/2020:10:38:28 +0800] "GET /xingrg/all/function/internal_message.html?_=1591929527133&CODE_STATE=getMsg HTTP/1.1" 200 27
180.175.214.200 - - [12/Jun/2020:10:38:28 +0800] "POST /xingrg/dwr/call/plaincall/AjaxComOrderService.getMaterielSearchList.dwr HTTP/1.1" 200 77
117.131.5.26 - - [12/Jun/2020:10:38:31 +0800] "POST /xingrg/system/rest/edit_item.html HTTP/1.1" 200 4
117.131.5.26 - - [12/Jun/2020:10:38:31 +0800] "GET /xingrg/system/rest/get_item.html?table=menu&target=menu_rest&id=1996&_=1591929530179 HTTP/1.1" 200 772
101.228.167.227 - - [12/Jun/2020:10:38:32 +0800] "GET /xingrg/all/function/internal_message.html?_=1591929515818&CODE_STATE=getMsg HTTP/1.1" 200 27
101.228.167.227 - - [12/Jun/2020:10:38:33 +0800] "GET /xingrg/kc/buy/cgsh_order_operate.html?command=get_materiel&rest_code=00146&code=00101009015&supplier_code=00100005&order_time=2020-06-12 HTTP/1.1" 200 417
172.17.0.123 - - [12/Jun/2020:10:38:33 +0800] "GET /xingrg/system/rest/query_items.html?_=1591929485250&table=menu&page=9&rows=20&categoryId=4&key= HTTP/1.1" 200 4727
180.175.214.200 - - [12/Jun/2020:10:38:33 +0800] "GET /xingrg/check_reg.html?_=1591929717190 HTTP/1.1" 200 22
120.204.17.71 - - [12/Jun/2020:10:38:33 +0800] "GET /xingrg/login.html HTTP/1.1" 200 7641
180.175.214.200 - - [12/Jun/2020:10:38:34 +0800] "GET /xingrg/check_reg.html?_=1591929516648 HTTP/1.1" 200 22
116.230.77.149 - - [12/Jun/2020:10:38:34 +0800] "GET /xingrg/kc/buy/cgsh_order_operate.html?command=get_materiel&rest_code=00107&code=00101008083&supplier_code=00100006&order_time=2020-06-12 HTTP/1.1" 200 427
180.175.214.200 - - [12/Jun/2020:10:38:34 +0800] "GET /xingrg/kc/base/wldb_order_operate.html?command=get_materiel&rest_code=00102&base_code=0010476&code=00101019391 HTTP/1.1" 200 471
183.192.164.85 - - [12/Jun/2020:10:38:34 +0800] "GET /xingrg/kc/buy/cgsh_order_operate.html?command=get_materiel&rest_code=00106&code=00101006055&supplier_code=00100015&order_time=2020-06-12 HTTP/1.1" 302 -
101.228.167.227 - - [12/Jun/2020:10:38:35 +0800] "POST /xingrg/kc/buy/cgsh_order_operate.html HTTP/1.1" 200 2065
180.175.214.200 - - [12/Jun/2020:10:38:35 +0800] "POST /xingrg/dwr/call/plaincall/AjaxComOrderService.getMaterielSearchList.dwr HTTP/1.1" 200 6956
180.175.214.200 - - [12/Jun/2020:10:38:35 +0800] "POST /xingrg/dwr/call/plaincall/AjaxComOrderService.getMaterielSearchList.dwr HTTP/1.1" 200 6956
116.230.77.149 - - [12/Jun/2020:10:38:36 +0800] "POST /xingrg/all/common/load_select.html HTTP/1.1" 200 25
180.175.214.200 - - [12/Jun/2020:10:38:36 +0800] "POST /xingrg/dwr/call/plaincall/AjaxComOrderService.getMaterielSearchList.dwr HTTP/1.1" 200 761
180.175.214.200 - - [12/Jun/2020:10:38:37 +0800] "GET /xingrg/all/function/internal_message.html?_=1591929520308&CODE_STATE=getMsg HTTP/1.1" 200 27
120.253.135.82 - - [12/Jun/2020:10:38:39 +0800] "GET /xingrg/kc/base/wldb_order_operate.html?command=get_materiel&rest_code=00101&base_code=0010246&code=00101033004 HTTP/1.1" 200 437
116.230.77.149 - - [12/Jun/2020:10:38:39 +0800] "GET /xingrg/kc/buy/cgsh_order_operate.html?command=get_materiel_price&rest_code=00107&code=00101008083&unit_code=00100026&supplier_code=00100006&order_time=2020-06-12 HTTP/1.1" 200 27
172.17.0.123 - - [12/Jun/2020:10:38:39 +0800] "GET /xingrg/system/rest/query_items.html?_=1591929491194&table=menu&page=10&rows=20&categoryId=4&key= HTTP/1.1" 200 4950
117.185.32.26 - - [12/Jun/2020:10:38:40 +0800] "GET /xingrg/all/function/internal_message.html?_=1591929939156&CODE_STATE=getMsg HTTP/1.1" 200 27
183.192.164.85 - - [12/Jun/2020:10:38:41 +0800] "GET /xingrg/login.html HTTP/1.1" 200 7641
180.175.214.200 - - [12/Jun/2020:10:38:41 +0800] "POST /xingrg/dwr/call/plaincall/AjaxComOrderService.getMaterielSearchList.dwr HTTP/1.1" 200 6956
180.175.214.200 - - [12/Jun/2020:10:38:41 +0800] "POST /xingrg/dwr/call/plaincall/AjaxComOrderService.getMaterielSearchList.dwr HTTP/1.1" 200 6956
117.131.5.26 - - [12/Jun/2020:10:38:42 +0800] "POST /xingrg/services/DataTransmitService HTTP/1.1" 200 524
117.131.5.26 - - [12/Jun/2020:10:38:42 +0800] "POST /xingrg/services/DataTransmitService HTTP/1.1" 200 2639
180.175.214.200 - - [12/Jun/2020:10:38:42 +0800] "GET /xingrg/kc/base/wldb_order_operate.html?command=get_materiel&rest_code=00102&base_code=0010476&code=00101019046 HTTP/1.1" 200 462
117.131.5.26 - - [12/Jun/2020:10:38:42 +0800] "POST /xingrg/services/DataTransmitService HTTP/1.1" 200 9159
180.175.214.200 - - [12/Jun/2020:10:38:42 +0800] "POST /xingrg/dwr/call/plaincall/AjaxComOrderService.getMaterielSearchList.dwr HTTP/1.1" 200 644
117.131.5.26 - - [12/Jun/2020:10:38:42 +0800] "POST /xingrg/services/DataTransmitService HTTP/1.1" 200 2283
117.131.5.26 - - [12/Jun/2020:10:38:43 +0800] "POST /xingrg/services/DataTransmitService HTTP/1.1" 200 1423
117.131.5.26 - - [12/Jun/2020:10:38:43 +0800] "POST /xingrg/services/DataTransmitService HTTP/1.1" 200 127508
117.185.32.26 - - [12/Jun/2020:10:38:44 +0800] "GET /xingrg/kc/buy/cgsh_order_operate.html?command=get_materiel&rest_code=00106&code=00101009011&supplier_code=00100022&order_time=2020-06-12 HTTP/1.1" 200 418
172.17.0.123 - - [12/Jun/2020:10:38:44 +0800] "GET /xingrg/system/rest/query_items.html?_=1591929496234&table=menu&page=11&rows=20&categoryId=4&key= HTTP/1.1" 200 4793
114.84.151.157 - - [12/Jun/2020:10:38:45 +0800] "POST /xingrg/services/DataTransmitService HTTP/1.1" 200 524
114.84.151.157 - - [12/Jun/2020:10:38:45 +0800] "POST /xingrg/services/DataTransmitService HTTP/1.1" 200 2663
114.84.151.157 - - [12/Jun/2020:10:38:46 +0800] "POST /xingrg/services/DataTransmitService HTTP/1.1" 200 2227
180.175.214.200 - - [12/Jun/2020:10:38:46 +0800] "POST /xingrg/dwr/call/plaincall/AjaxCgthService.getMaterielByMap.dwr HTTP/1.1" 200 2554
114.84.151.157 - - [12/Jun/2020:10:38:46 +0800] "POST /xingrg/services/DataTransmitService HTTP/1.1" 200 1403
114.84.151.157 - - [12/Jun/2020:10:38:46 +0800] "GET /xingrg/all/function/internal_message.html?_=1591929524387&CODE_STATE=getMsg HTTP/1.1" 200 27
114.84.151.157 - - [12/Jun/2020:10:38:46 +0800] "GET /xingrg/check_reg.html?_=1591929524393 HTTP/1.1" 200 22
172.17.0.123 - - [12/Jun/2020:10:38:46 +0800] "GET /xingrg/system/rest/query_items.html?_=1591929498330&table=menu&page=12&rows=20&categoryId=4&key= HTTP/1.1" 200 4677
114.84.151.157 - - [12/Jun/2020:10:38:46 +0800] "POST /xingrg/services/DataTransmitService HTTP/1.1" 200 161812
172.17.0.123 - - [12/Jun/2020:10:38:48 +0800] "GET /xingrg/all/function/internal_message.html?_=1591929500140&CODE_STATE=getMsg HTTP/1.1" 200 27
172.17.0.123 - - [12/Jun/2020:10:38:48 +0800] "GET /xingrg/system/rest/query_items.html?_=1591929500553&table=menu&page=13&rows=20&categoryId=4&key= HTTP/1.1" 200 4873
101.228.167.227 - - [12/Jun/2020:10:38:49 +0800] "GET /xingrg/kc/buy/cgsh_order_operate.html?command=get_materiel&rest_code=00146&code=00101015038&supplier_code=00100005&order_time=2020-06-12 HTTP/1.1" 200 418
180.175.214.200 - - [12/Jun/2020:10:38:49 +0800] "POST /xingrg/dwr/call/plaincall/AjaxCgthService.removeMaterielItem.dwr HTTP/1.1" 200 79
117.184.7.30 - - [12/Jun/2020:10:38:49 +0800] "GET /xingrg/all/function/internal_message.html?_=1591930199817&CODE_STATE=getMsg HTTP/1.1" 200 27
117.184.7.26 - - [12/Jun/2020:10:38:49 +0800] "GET /xingrg/kc/buy/cgsh_order_operate.html?command=get_materiel&rest_code=00108&code=00101008355&supplier_code=00100008&order_time=2020-06-12 HTTP/1.1" 200 408
116.230.77.149 - - [12/Jun/2020:10:38:49 +0800] "GET /xingrg/kc/buy/cgsh_order_operate.html?command=get_materiel&rest_code=00107&code=00101009030&supplier_code=00100006&order_time=2020-06-12 HTTP/1.1" 200 412
117.184.7.26 - - [12/Jun/2020:10:38:49 +0800] "GET /xingrg/all/function/internal_message.html?_=1591929518961&CODE_STATE=getMsg HTTP/1.1" 200 27
180.175.214.200 - - [12/Jun/2020:10:38:50 +0800] "POST /xingrg/kc/base/wldb_order_operate.html HTTP/1.1" 200 37
180.175.214.200 - - [12/Jun/2020:10:38:51 +0800] "POST /xingrg/kc/base/wldb_order_operate.html HTTP/1.1" 200 7212
117.184.7.26 - - [12/Jun/2020:10:38:51 +0800] "GET /xingrg/check_reg.html?_=1591929522429 HTTP/1.1" 200 22
180.175.214.200 - - [12/Jun/2020:10:38:51 +0800] "GET /xingrg/kc/base/wldb_order_info.html?code=422020061201248 HTTP/1.1" 200 30327
117.184.7.26 - - [12/Jun/2020:10:38:51 +0800] "GET /xingrg/all/function/internal_message.html?_=1591929522486&CODE_STATE=getMsg HTTP/1.1" 200 27
180.175.214.200 - - [12/Jun/2020:10:38:52 +0800] "POST /xingrg/dwr/call/plaincall/AjaxComOrderService.getMaterielSearchList.dwr HTTP/1.1" 200 49471
222.69.139.59 - - [12/Jun/2020:10:38:52 +0800] "GET /xingrg/all/function/internal_message.html?_=1591929385173&CODE_STATE=getMsg HTTP/1.1" 200 27
180.175.214.200 - - [12/Jun/2020:10:38:53 +0800] "POST /xingrg/kc/base/wldb_order_operate.html HTTP/1.1" 200 7212
180.175.214.200 - - [12/Jun/2020:10:38:53 +0800] "GET /xingrg/javascript/easyui/themes/default/validatebox.css HTTP/1.1" 404 1104
180.175.214.200 - - [12/Jun/2020:10:38:54 +0800] "POST /xingrg/dwr/call/plaincall/AjaxComOrderService.getMaterielSearchList.dwr HTTP/1.1" 200 204
180.175.214.200 - - [12/Jun/2020:10:38:55 +0800] "POST /xingrg/dwr/call/plaincall/AjaxComOrderService.getMaterielSearchList.dwr HTTP/1.1" 200 1924
180.175.214.200 - - [12/Jun/2020:10:38:55 +0800] "POST /xingrg/dwr/call/plaincall/AjaxComOrderService.getMaterielSearchList.dwr HTTP/1.1" 200 522
172.17.0.120 - - [12/Jun/2020:10:38:56 +0800] "GET /xingrg/all/function/internal_message.html?_=1591929533716&CODE_STATE=getMsg HTTP/1.1" 200 27
114.88.170.9 - - [12/Jun/2020:10:38:56 +0800] "GET /xingrg/check_reg.html?_=1591929540969 HTTP/1.1" 200 22
114.88.170.9 - - [12/Jun/2020:10:38:56 +0800] "GET /xingrg/all/function/internal_message.html?_=1591929540975&CODE_STATE=getMsg HTTP/1.1" 200 27
117.185.32.26 - - [12/Jun/2020:10:38:57 +0800] "POST /xingrg/kc/buy/cgsh_order_operate.html HTTP/1.1" 200 37
101.228.167.227 - - [12/Jun/2020:10:38:57 +0800] "GET /xingrg/kc/buy/cgsh_order_operate.html?command=get_materiel&rest_code=00146&code=00101008102&supplier_code=00100005&order_time=2020-06-12 HTTP/1.1" 200 412
61.172.5.115 - - [12/Jun/2020:10:38:58 +0800] "GET /xingrg/kc/buy/cgsh_order_add.html HTTP/1.1" 200 58958
61.172.5.115 - - [12/Jun/2020:10:38:58 +0800] "POST /xingrg/kc/buy/cgsh_order_operate.html HTTP/1.1" 200 8245
61.172.5.115 - - [12/Jun/2020:10:38:58 +0800] "GET /xingrg/javascript/easyui/themes/default/validatebox.css HTTP/1.1" 404 1104
117.185.32.26 - - [12/Jun/2020:10:38:58 +0800] "POST /xingrg/kc/buy/cgsh_order_operate.html HTTP/1.1" 200 12
180.175.214.200 - - [12/Jun/2020:10:38:58 +0800] "POST /xingrg/dwr/call/plaincall/AjaxCgthService.getMaterielByMap.dwr HTTP/1.1" 200 2548
117.184.7.30 - - [12/Jun/2020:10:38:58 +0800] "GET /xingrg/kc/buy/cgsh_order_operate.html?command=get_materiel&rest_code=00108&code=00101008144&supplier_code=00100008&order_time=2020-06-12 HTTP/1.1" 200 412
180.175.214.200 - - [12/Jun/2020:10:38:58 +0800] "GET /xingrg/all/function/internal_message.html?_=1591929742355&CODE_STATE=getMsg HTTP/1.1" 200 27
