117.185.32.26 - - [12/Jun/2020:10:06:36 +0800] "GET /xingrg/kc/mdqp/pssh_order_list.html HTTP/1.1" 200 17741
117.185.32.26 - - [12/Jun/2020:10:06:36 +0800] "POST /xingrg/kc/mdqp/pssh_list_operate.html HTTP/1.1" 200 5105
120.253.135.82 - - [12/Jun/2020:10:06:39 +0800] "POST /xingrg/kc/pszx/mdps_order_operate.html HTTP/1.1" 200 37
117.185.32.26 - - [12/Jun/2020:10:06:40 +0800] "GET /xingrg/all/function/internal_message.html?_=1591928019046&CODE_STATE=getMsg HTTP/1.1" 200 27
120.253.135.82 - - [12/Jun/2020:10:06:41 +0800] "GET /xingrg/kc/pszx/mdps_order_info.html?code=312020060800230 HTTP/1.1" 200 23855
101.228.167.227 - - [12/Jun/2020:10:06:41 +0800] "GET /xingrg/kc/buy/cgsh_order_operate.html?command=get_materiel&rest_code=00146&code=00101001069&supplier_code=00100199&order_time=2020-06-12 HTTP/1.1" 200 411
120.253.135.82 - - [12/Jun/2020:10:06:41 +0800] "POST /xingrg/kc/pszx/mdps_order_operate.html HTTP/1.1" 200 2285
120.253.135.82 - - [12/Jun/2020:10:06:41 +0800] "GET /xingrg/javascript/easyui/themes/default/validatebox.css HTTP/1.1" 404 1104
117.185.32.26 - - [12/Jun/2020:10:06:42 +0800] "POST /xingrg/kc/mdqp/pssh_list_operate.html HTTP/1.1" 200 4428
114.88.170.9 - - [12/Jun/2020:10:06:47 +0800] "GET /xingrg/all/function/internal_message.html?_=1591927601203&CODE_STATE=getMsg HTTP/1.1" 200 27
172.17.0.123 - - [12/Jun/2020:10:06:48 +0800] "GET /xingrg/all/function/internal_message.html?_=1591927580148&CODE_STATE=getMsg HTTP/1.1" 200 27
117.184.7.26 - - [12/Jun/2020:10:06:49 +0800] "GET /xingrg/all/function/internal_message.html?_=1591927598476&CODE_STATE=getMsg HTTP/1.1" 200 27
117.184.7.26 - - [12/Jun/2020:10:06:49 +0800] "GET /xingrg/check_reg.html?_=1591927599009 HTTP/1.1" 200 22
117.185.32.26 - - [12/Jun/2020:10:06:50 +0800] "POST /xingrg/kc/mdqp/pssh_list_operate.html HTTP/1.1" 200 4428
117.185.32.26 - - [12/Jun/2020:10:06:52 +0800] "GET /xingrg/kc/mdqp/qp_main.html HTTP/1.1" 200 10633
180.175.214.200 - - [12/Jun/2020:10:06:52 +0800] "GET /xingrg/all/function/internal_message.html?_=1591927815971&CODE_STATE=getMsg HTTP/1.1" 200 27
117.185.32.26 - - [12/Jun/2020:10:06:53 +0800] "GET /xingrg/images/yd/bt.gif HTTP/1.1" 404 1040
117.185.32.26 - - [12/Jun/2020:10:06:53 +0800] "GET /xingrg/kc/mdqp/qqps_order_list.html HTTP/1.1" 200 9222
117.185.32.26 - - [12/Jun/2020:10:06:53 +0800] "GET /xingrg/dwr/interface/AjaxQqpsService.js HTTP/1.1" 200 16326
117.185.32.26 - - [12/Jun/2020:10:06:53 +0800] "GET /xingrg/dwr/interface/AjaxReportQueryService.js HTTP/1.1" 200 13203
117.185.32.26 - - [12/Jun/2020:10:06:53 +0800] "GET /xingrg/dwr/util.js HTTP/1.1" 304 -
117.185.32.26 - - [12/Jun/2020:10:06:53 +0800] "GET /xingrg/dwr/engine.js HTTP/1.1" 200 43631
120.253.135.82 - - [12/Jun/2020:10:06:54 +0800] "POST /xingrg/kc/pszx/mdps_list_operate.html HTTP/1.1" 200 3576
172.17.0.120 - - [12/Jun/2020:10:06:56 +0800] "GET /xingrg/all/function/internal_message.html?_=1591927613713&CODE_STATE=getMsg HTTP/1.1" 200 27
172.17.0.120 - - [12/Jun/2020:10:06:56 +0800] "GET /xingrg/check_reg.html?_=1591927613715 HTTP/1.1" 200 22
114.88.170.9 - - [12/Jun/2020:10:06:56 +0800] "GET /xingrg/all/function/internal_message.html?_=1591927620947&CODE_STATE=getMsg HTTP/1.1" 200 27
101.228.167.227 - - [12/Jun/2020:10:06:58 +0800] "GET /xingrg/kc/buy/cgsh_order_operate.html?command=get_materiel&rest_code=00146&code=00101002022&supplier_code=00100199&order_time=2020-06-12 HTTP/1.1" 200 429
101.228.167.227 - - [12/Jun/2020:10:06:59 +0800] "GET /xingrg/all/function/internal_message.html?_=1591927622190&CODE_STATE=getMsg HTTP/1.1" 200 27
117.131.5.26 - - [12/Jun/2020:10:06:59 +0800] "GET /xingrg/all/function/internal_message.html?_=1591927984236&CODE_STATE=getMsg HTTP/1.1" 200 27
117.185.32.26 - - [12/Jun/2020:10:07:01 +0800] "GET /xingrg/kc/buy/buy_main.html HTTP/1.1" 200 12412
117.185.32.26 - - [12/Jun/2020:10:07:01 +0800] "GET /xingrg/css/new_ie.css HTTP/1.1" 404 1036
120.253.135.82 - - [12/Jun/2020:10:07:02 +0800] "POST /xingrg/kc/pszx/mdps_list_operate.html HTTP/1.1" 200 4943
117.185.32.26 - - [12/Jun/2020:10:07:03 +0800] "GET /xingrg/kc/buy/cgsh_order_list.html HTTP/1.1" 200 43167
120.253.135.82 - - [12/Jun/2020:10:07:04 +0800] "POST /xingrg/kc/pszx/mdps_list_operate.html HTTP/1.1" 200 205
117.185.32.26 - - [12/Jun/2020:10:07:04 +0800] "POST /xingrg/kc/buy/cgsh_list_operate.html HTTP/1.1" 200 876
120.253.135.82 - - [12/Jun/2020:10:07:04 +0800] "GET /xingrg/kc/pszx/mdps_order_info.html?code=312020061100264 HTTP/1.1" 200 23843
120.253.135.82 - - [12/Jun/2020:10:07:05 +0800] "POST /xingrg/kc/pszx/mdps_order_operate.html HTTP/1.1" 200 2281
120.253.135.82 - - [12/Jun/2020:10:07:05 +0800] "GET /xingrg/javascript/easyui/themes/default/validatebox.css HTTP/1.1" 404 1104
101.228.167.227 - - [12/Jun/2020:10:07:05 +0800] "GET /xingrg/kc/buy/cgsh_order_operate.html?command=get_materiel&rest_code=00146&code=00101002007&supplier_code=00100199&order_time=2020-06-12 HTTP/1.1" 200 409
117.185.32.26 - - [12/Jun/2020:10:07:05 +0800] "GET /xingrg/kc/mdqp/qp_main.html HTTP/1.1" 200 10633
117.185.32.26 - - [12/Jun/2020:10:07:06 +0800] "GET /xingrg/images/yd/bt.gif HTTP/1.1" 404 1040
117.185.32.26 - - [12/Jun/2020:10:07:07 +0800] "GET /xingrg/kc/mdqp/qqps_order_list.html HTTP/1.1" 200 9222
180.162.102.27 - - [12/Jun/2020:10:07:07 +0800] "GET /xingrg/all/function/internal_message.html?_=1591927603537&CODE_STATE=getMsg HTTP/1.1" 200 27
117.185.32.26 - - [12/Jun/2020:10:07:07 +0800] "GET /xingrg/dwr/interface/AjaxQqpsService.js HTTP/1.1" 200 16326
117.185.32.26 - - [12/Jun/2020:10:07:07 +0800] "GET /xingrg/dwr/interface/AjaxReportQueryService.js HTTP/1.1" 200 13203
117.185.32.26 - - [12/Jun/2020:10:07:07 +0800] "GET /xingrg/dwr/engine.js HTTP/1.1" 200 43631
114.88.170.9 - - [12/Jun/2020:10:07:15 +0800] "GET /xingrg/kc/buy/cgsh_order_list.html HTTP/1.1" 200 43167
114.88.170.9 - - [12/Jun/2020:10:07:15 +0800] "GET /xingrg/javascript/jquery_tools/datebox.css HTTP/1.1" 304 -
114.88.170.9 - - [12/Jun/2020:10:07:15 +0800] "GET /xingrg/css/site.css HTTP/1.1" 304 -
114.88.170.9 - - [12/Jun/2020:10:07:15 +0800] "GET /xingrg/css/base.css HTTP/1.1" 304 -
114.88.170.9 - - [12/Jun/2020:10:07:15 +0800] "GET /xingrg/javascript/easyui/themes/icon.css HTTP/1.1" 304 -
114.88.170.9 - - [12/Jun/2020:10:07:15 +0800] "GET /xingrg/javascript/easyui/themes/default/easyui.css HTTP/1.1" 304 -
114.88.170.9 - - [12/Jun/2020:10:07:15 +0800] "GET /xingrg/javascript/auto/jquery.autocomplete.css HTTP/1.1" 304 -
114.88.170.9 - - [12/Jun/2020:10:07:15 +0800] "GET /xingrg/javascript/jquery_tools/fix.css HTTP/1.1" 304 -
114.88.170.9 - - [12/Jun/2020:10:07:15 +0800] "GET /xingrg/javascript/jquery_tools/table.css HTTP/1.1" 304 -
114.88.170.9 - - [12/Jun/2020:10:07:15 +0800] "GET /xingrg/javascript/jquery_tools/jquery.tools.min.js HTTP/1.1" 304 -
114.88.170.9 - - [12/Jun/2020:10:07:15 +0800] "GET /xingrg/javascript/easyui/easyloader.js HTTP/1.1" 304 -
114.88.170.9 - - [12/Jun/2020:10:07:15 +0800] "GET /xingrg/javascript/jquery_tools/list_manager.js HTTP/1.1" 304 -
114.88.170.9 - - [12/Jun/2020:10:07:15 +0800] "GET /xingrg/javascript/auto/jquery.autocomplete.js HTTP/1.1" 304 -
114.88.170.9 - - [12/Jun/2020:10:07:15 +0800] "GET /xingrg/javascript/jquery_tools/jquery.tools.hotkey.js HTTP/1.1" 304 -
114.88.170.9 - - [12/Jun/2020:10:07:15 +0800] "GET /xingrg/javascript/jquery_tools/jquery.tools.extend.js HTTP/1.1" 304 -
114.88.170.9 - - [12/Jun/2020:10:07:15 +0800] "GET /xingrg/javascript/jquery_tools/jquery.tools.table.js HTTP/1.1" 304 -
114.88.170.9 - - [12/Jun/2020:10:07:15 +0800] "GET /xingrg/javascript/jquery.utils.js HTTP/1.1" 304 -
114.88.170.9 - - [12/Jun/2020:10:07:15 +0800] "GET /xingrg/javascript/jquery.cookie.js HTTP/1.1" 304 -
114.88.170.9 - - [12/Jun/2020:10:07:15 +0800] "GET /xingrg/javascript/print/LodopFuncs.js HTTP/1.1" 304 -
114.88.170.9 - - [12/Jun/2020:10:07:15 +0800] "GET /xingrg/javascript/easyui/plugins/jquery.parser.js HTTP/1.1" 304 -
172.17.0.103 - - [12/Jun/2020:10:07:15 +0800] "GET /xingrg/all/function/internal_message.html?_=1591927633250&CODE_STATE=getMsg HTTP/1.1" 200 27
172.17.0.103 - - [12/Jun/2020:10:07:15 +0800] "GET /xingrg/check_reg.html?_=1591927633253 HTTP/1.1" 200 22
222.69.139.59 - - [12/Jun/2020:10:07:16 +0800] "GET /xingrg/all/function/internal_message.html?_=1591927628482&CODE_STATE=getMsg HTTP/1.1" 200 27
114.88.170.9 - - [12/Jun/2020:10:07:17 +0800] "POST /xingrg/kc/buy/cgsh_list_operate.html HTTP/1.1" 200 3139
101.228.167.227 - - [12/Jun/2020:10:07:19 +0800] "POST /xingrg/kc/buy/cgsh_order_operate.html HTTP/1.1" 200 37
114.86.190.97 - - [12/Jun/2020:10:07:19 +0800] "GET /xingrg/all/function/internal_message.html?_=1591927641532&CODE_STATE=getMsg HTTP/1.1" 200 27
101.228.167.227 - - [12/Jun/2020:10:07:20 +0800] "POST /xingrg/kc/buy/cgsh_order_operate.html HTTP/1.1" 200 3841
116.230.77.149 - - [12/Jun/2020:10:07:21 +0800] "GET /xingrg/check_reg.html?_=1591927634621 HTTP/1.1" 200 22
116.230.77.149 - - [12/Jun/2020:10:07:22 +0800] "GET /xingrg/all/function/internal_message.html?_=1591927635517&CODE_STATE=getMsg HTTP/1.1" 200 27
117.185.32.26 - - [12/Jun/2020:10:07:22 +0800] "GET /xingrg/kc/report/report_main.html HTTP/1.1" 200 7345
117.185.32.26 - - [12/Jun/2020:10:07:24 +0800] "GET /xingrg/all/report/report_query.html?fileName=kc/buy/gys_amount.xml&rh=99999 HTTP/1.1" 200 52006
117.185.32.26 - - [12/Jun/2020:10:07:24 +0800] "GET /xingrg/dwr/interface/AjaxReportQueryService.js HTTP/1.1" 200 13203
101.228.167.227 - - [12/Jun/2020:10:07:24 +0800] "GET /xingrg/kc/buy/cgsh_order_add.html HTTP/1.1" 200 58911
117.185.32.26 - - [12/Jun/2020:10:07:24 +0800] "GET /xingrg/dwr/engine.js HTTP/1.1" 200 43631
101.228.167.227 - - [12/Jun/2020:10:07:25 +0800] "GET /xingrg/javascript/easyui/themes/default/validatebox.css HTTP/1.1" 404 1104
117.185.32.26 - - [12/Jun/2020:10:07:25 +0800] "POST /xingrg/dwr/call/plaincall/AjaxReportQueryService.getFixDate.dwr HTTP/1.1" 200 111
101.228.167.227 - - [12/Jun/2020:10:07:25 +0800] "POST /xingrg/kc/buy/cgsh_order_operate.html HTTP/1.1" 200 8245
117.185.32.26 - - [12/Jun/2020:10:07:25 +0800] "POST /xingrg/all/common/load_tree.html?tree=supplier_tree_json&manage=1 HTTP/1.1" 200 49430
117.185.32.26 - - [12/Jun/2020:10:07:26 +0800] "POST /xingrg/all/common/load_tree.html?tree=materiel_sort_tree_json HTTP/1.1" 200 8666
117.185.32.26 - - [12/Jun/2020:10:07:26 +0800] "POST /xingrg/dwr/call/plaincall/AjaxReportQueryService.getInitString.dwr HTTP/1.1" 200 975
116.232.51.17 - - [12/Jun/2020:10:07:28 +0800] "GET /xingrg/all/function/internal_message.html?_=1591927699321&CODE_STATE=getMsg HTTP/1.1" 200 27
180.162.232.172 - - [12/Jun/2020:10:07:28 +0800] "GET /xingrg/all/function/internal_message.html?_=1591927782995&CODE_STATE=getMsg HTTP/1.1" 200 27
101.228.167.227 - - [12/Jun/2020:10:07:30 +0800] "GET /xingrg/all/function/internal_message.html?_=1591927653414&CODE_STATE=getMsg HTTP/1.1" 200 27
101.228.167.227 - - [12/Jun/2020:10:07:31 +0800] "GET /xingrg/kc/buy/cgsh_order_operate.html?command=get_materiel&rest_code=00146&code=00101007081&supplier_code=00100002&order_time=2020-06-12 HTTP/1.1" 200 413
117.185.32.26 - - [12/Jun/2020:10:07:31 +0800] "POST /xingrg/dwr/call/plaincall/AjaxReportQueryService.getFixDate.dwr HTTP/1.1" 200 111
120.253.135.82 - - [12/Jun/2020:10:07:31 +0800] "POST /xingrg/kc/pszx/mdps_order_operate.html HTTP/1.1" 200 37
120.253.135.82 - - [12/Jun/2020:10:07:33 +0800] "GET /xingrg/kc/pszx/mdps_order_info.html?code=312020061100264 HTTP/1.1" 200 23843
120.253.135.82 - - [12/Jun/2020:10:07:33 +0800] "POST /xingrg/kc/pszx/mdps_order_operate.html HTTP/1.1" 200 2281
120.253.135.82 - - [12/Jun/2020:10:07:33 +0800] "GET /xingrg/javascript/easyui/themes/default/validatebox.css HTTP/1.1" 404 1104
117.185.32.26 - - [12/Jun/2020:10:07:40 +0800] "GET /xingrg/check_reg.html?_=1591928079037 HTTP/1.1" 200 22
117.185.32.26 - - [12/Jun/2020:10:07:40 +0800] "GET /xingrg/all/function/internal_message.html?_=1591928079040&CODE_STATE=getMsg HTTP/1.1" 200 27
117.131.5.26 - - [12/Jun/2020:10:07:43 +0800] "GET /xingrg/check_reg.html?_=1591927682836 HTTP/1.1" 302 -
101.228.167.227 - - [12/Jun/2020:10:07:46 +0800] "GET /xingrg/kc/buy/cgsh_order_operate.html?command=get_materiel&rest_code=00146&code=00101007059&supplier_code=00100002&order_time=2020-06-12 HTTP/1.1" 200 409
172.17.0.123 - - [12/Jun/2020:10:07:48 +0800] "GET /xingrg/check_reg.html?_=1591927640152 HTTP/1.1" 200 22
172.17.0.123 - - [12/Jun/2020:10:07:48 +0800] "GET /xingrg/all/function/internal_message.html?_=1591927640154&CODE_STATE=getMsg HTTP/1.1" 200 27
117.184.7.26 - - [12/Jun/2020:10:07:49 +0800] "GET /xingrg/all/function/internal_message.html?_=1591927658447&CODE_STATE=getMsg HTTP/1.1" 200 27
180.175.214.200 - - [12/Jun/2020:10:07:52 +0800] "GET /xingrg/all/function/internal_message.html?_=1591927875975&CODE_STATE=getMsg HTTP/1.1" 200 27
117.185.32.26 - - [12/Jun/2020:10:07:52 +0800] "POST /xingrg/dwr/call/plaincall/AjaxReportQueryService.refreshCache.dwr HTTP/1.1" 200 78
117.185.32.26 - - [12/Jun/2020:10:07:53 +0800] "POST /xingrg/all/report/load_report_page.html HTTP/1.1" 200 8936
117.185.32.26 - - [12/Jun/2020:10:07:53 +0800] "GET /xingrg/servlets/image?cache=0.5872338700549965&image=px HTTP/1.1" 200 807
120.253.135.82 - - [12/Jun/2020:10:07:55 +0800] "POST /xingrg/kc/pszx/mdps_order_operate.html HTTP/1.1" 200 37
222.69.139.59 - - [12/Jun/2020:10:07:55 +0800] "POST /xingrg/kc/buy/cgsh_order_operate.html HTTP/1.1" 200 37
172.17.0.120 - - [12/Jun/2020:10:07:56 +0800] "GET /xingrg/all/function/internal_message.html?_=1591927673716&CODE_STATE=getMsg HTTP/1.1" 200 27
114.88.170.9 - - [12/Jun/2020:10:07:56 +0800] "GET /xingrg/all/function/internal_message.html?_=1591927680932&CODE_STATE=getMsg HTTP/1.1" 200 27
120.253.135.82 - - [12/Jun/2020:10:07:57 +0800] "GET /xingrg/kc/pszx/mdps_order_info.html?code=312020061100264 HTTP/1.1" 200 23849
222.69.139.59 - - [12/Jun/2020:10:07:57 +0800] "POST /xingrg/kc/buy/cgsh_order_operate.html HTTP/1.1" 200 12
120.253.135.82 - - [12/Jun/2020:10:07:57 +0800] "POST /xingrg/kc/pszx/mdps_order_operate.html HTTP/1.1" 200 2281
120.253.135.82 - - [12/Jun/2020:10:07:57 +0800] "GET /xingrg/javascript/easyui/themes/default/validatebox.css HTTP/1.1" 404 1104
101.228.167.227 - - [12/Jun/2020:10:07:59 +0800] "GET /xingrg/all/function/internal_message.html?_=1591927682201&CODE_STATE=getMsg HTTP/1.1" 200 27
120.253.135.82 - - [12/Jun/2020:10:07:59 +0800] "GET /xingrg/kc/print/load_config.html?kc_code=mdps HTTP/1.1" 200 2396
120.253.135.82 - - [12/Jun/2020:10:07:59 +0800] "GET /xingrg/kc/print/load_data.html?order_code=312020061100264&kc_code=mdps&condition= HTTP/1.1" 200 699
117.131.5.26 - - [12/Jun/2020:10:07:59 +0800] "GET /xingrg/all/function/internal_message.html?_=1591928044233&CODE_STATE=getMsg HTTP/1.1" 200 27
222.69.139.59 - - [12/Jun/2020:10:08:03 +0800] "GET /xingrg/kc/buy/cgsh_order_info.html?code=212020061204504 HTTP/1.1" 200 53861
222.69.139.59 - - [12/Jun/2020:10:08:03 +0800] "GET /xingrg/javascript/easyui/themes/default/validatebox.css HTTP/1.1" 404 1104
222.69.139.59 - - [12/Jun/2020:10:08:03 +0800] "POST /xingrg/kc/buy/cgsh_order_operate.html HTTP/1.1" 200 2979
101.228.167.227 - - [12/Jun/2020:10:08:07 +0800] "GET /xingrg/kc/buy/cgsh_order_operate.html?command=get_materiel&rest_code=00146&code=00101007049&supplier_code=00100002&order_time=2020-06-12 HTTP/1.1" 200 409
180.162.102.27 - - [12/Jun/2020:10:08:07 +0800] "GET /xingrg/all/function/internal_message.html?_=1591927663537&CODE_STATE=getMsg HTTP/1.1" 200 27
222.69.139.59 - - [12/Jun/2020:10:08:09 +0800] "GET /xingrg/kc/print/load_data.html?order_code=212020061204504&kc_code=cgsh&condition= HTTP/1.1" 200 1618
101.228.167.227 - - [12/Jun/2020:10:08:15 +0800] "POST /xingrg/kc/buy/cgsh_order_operate.html HTTP/1.1" 200 37
172.17.0.103 - - [12/Jun/2020:10:08:15 +0800] "GET /xingrg/all/function/internal_message.html?_=1591927693280&CODE_STATE=getMsg HTTP/1.1" 200 27
101.228.167.227 - - [12/Jun/2020:10:08:15 +0800] "POST /xingrg/kc/buy/cgsh_order_operate.html HTTP/1.1" 200 4424
222.69.139.59 - - [12/Jun/2020:10:08:16 +0800] "GET /xingrg/all/function/internal_message.html?_=1591927688484&CODE_STATE=getMsg HTTP/1.1" 200 27
114.86.190.97 - - [12/Jun/2020:10:08:19 +0800] "GET /xingrg/all/function/internal_message.html?_=1591927701544&CODE_STATE=getMsg HTTP/1.1" 200 27
116.230.77.149 - - [12/Jun/2020:10:08:22 +0800] "GET /xingrg/all/function/internal_message.html?_=1591927695502&CODE_STATE=getMsg HTTP/1.1" 200 27
101.228.167.227 - - [12/Jun/2020:10:08:25 +0800] "GET /xingrg/kc/buy/cgsh_order_add.html HTTP/1.1" 200 58911
101.228.167.227 - - [12/Jun/2020:10:08:26 +0800] "POST /xingrg/kc/buy/cgsh_order_operate.html HTTP/1.1" 200 8245
101.228.167.227 - - [12/Jun/2020:10:08:26 +0800] "GET /xingrg/javascript/easyui/themes/default/validatebox.css HTTP/1.1" 404 1104
180.162.232.172 - - [12/Jun/2020:10:08:27 +0800] "GET /xingrg/check_reg.html?_=1591927842028 HTTP/1.1" 200 22
116.230.77.149 - - [12/Jun/2020:10:08:27 +0800] "GET /xingrg/index.html?sysBaseUrl=http%3A%2F%2F180.169.147.146%3A18081%2Fxingrg%2F&costTime=34×tamp=1585362191572 HTTP/1.1" 302 -
116.230.77.149 - - [12/Jun/2020:10:08:27 +0800] "GET /xingrg/login.html HTTP/1.1" 200 7641
116.232.51.17 - - [12/Jun/2020:10:08:27 +0800] "GET /xingrg/check_reg.html?_=1591927759312 HTTP/1.1" 200 22
116.232.51.17 - - [12/Jun/2020:10:08:27 +0800] "GET /xingrg/all/function/internal_message.html?_=1591927759312&CODE_STATE=getMsg HTTP/1.1" 200 27
116.230.77.149 - - [12/Jun/2020:10:08:28 +0800] "GET /favicon.ico HTTP/1.1" 404 -
180.162.232.172 - - [12/Jun/2020:10:08:28 +0800] "GET /xingrg/all/function/internal_message.html?_=1591927843007&CODE_STATE=getMsg HTTP/1.1" 200 27
101.228.167.227 - - [12/Jun/2020:10:08:30 +0800] "GET /xingrg/all/function/internal_message.html?_=1591927713428&CODE_STATE=getMsg HTTP/1.1" 200 27
180.175.214.200 - - [12/Jun/2020:10:08:33 +0800] "GET /xingrg/check_reg.html?_=1591927916943 HTTP/1.1" 200 22
101.228.167.227 - - [12/Jun/2020:10:08:34 +0800] "GET /xingrg/kc/buy/cgsh_order_operate.html?command=get_materiel&rest_code=00146&code=00101008185&supplier_code=00100005&order_time=2020-06-12 HTTP/1.1" 200 408
116.230.77.149 - - [12/Jun/2020:10:08:34 +0800] "POST /xingrg/login.do HTTP/1.1" 302 -
116.230.77.149 - - [12/Jun/2020:10:08:34 +0800] "GET /xingrg/index.html?sysBaseUrl=http%3A%2F%2F180.169.147.146%3A18081%2Fxingrg%2F&costTime=39×tamp=1591927714718 HTTP/1.1" 200 17419
116.230.77.149 - - [12/Jun/2020:10:08:34 +0800] "GET /favicon.ico HTTP/1.1" 404 -
116.230.77.149 - - [12/Jun/2020:10:08:35 +0800] "POST /xingrg/all/common/load_tree.html?tree=area_rest_tree_json&manage=1 HTTP/1.1" 200 351
116.230.77.149 - - [12/Jun/2020:10:08:35 +0800] "GET /xingrg/all/function/internal_message.html?_=1591927713843&CODE_STATE=count HTTP/1.1" 200 11
116.230.77.149 - - [12/Jun/2020:10:08:35 +0800] "GET /xingrg/check_reg.html?_=1591927713845 HTTP/1.1" 200 22
116.230.77.149 - - [12/Jun/2020:10:08:35 +0800] "POST /xingrg/load_menu.html HTTP/1.1" 200 9959
116.230.77.149 - - [12/Jun/2020:10:08:38 +0800] "POST /xingrg/load_menu.html HTTP/1.1" 200 10168
222.69.139.59 - - [12/Jun/2020:10:08:39 +0800] "GET /xingrg/kc/buy/cgsh_order_add.html HTTP/1.1" 200 58958
222.69.139.59 - - [12/Jun/2020:10:08:39 +0800] "POST /xingrg/kc/buy/cgsh_order_operate.html HTTP/1.1" 200 8245
222.69.139.59 - - [12/Jun/2020:10:08:39 +0800] "GET /xingrg/javascript/easyui/themes/default/validatebox.css HTTP/1.1" 404 1104
117.185.32.26 - - [12/Jun/2020:10:08:40 +0800] "GET /xingrg/all/function/internal_message.html?_=1591928139050&CODE_STATE=getMsg HTTP/1.1" 200 27
116.230.77.149 - - [12/Jun/2020:10:08:41 +0800] "GET /xingrg/system/rest/list_page.html?p=menu HTTP/1.1" 200 112918
116.230.77.149 - - [12/Jun/2020:10:08:41 +0800] "GET /xingrg/dwr/interface/AjaxGetFirstChart.js HTTP/1.1" 200 631
116.230.77.149 - - [12/Jun/2020:10:08:42 +0800] "GET /xingrg/dwr/engine.js HTTP/1.1" 200 43631
116.230.77.149 - - [12/Jun/2020:10:08:42 +0800] "GET /xingrg/dwr/util.js HTTP/1.1" 304 -
116.230.77.149 - - [12/Jun/2020:10:08:43 +0800] "GET /xingrg/system/rest/query_items.html?_=1591927721818&table=menu&page=1&rows=20&categoryId=&key= HTTP/1.1" 200 4718
101.228.167.227 - - [12/Jun/2020:10:08:44 +0800] "GET /xingrg/kc/buy/cgsh_order_operate.html?command=get_materiel&rest_code=00146&code=00101008017&supplier_code=00100005&order_time=2020-06-12 HTTP/1.1" 200 416
116.230.77.149 - - [12/Jun/2020:10:08:46 +0800] "GET /xingrg/system/rest/query_items.html?_=1591927725513&table=menu&page=1&rows=20&categoryId=&key=xql HTTP/1.1" 200 1026
172.17.0.123 - - [12/Jun/2020:10:08:48 +0800] "GET /xingrg/all/function/internal_message.html?_=1591927700138&CODE_STATE=getMsg HTTP/1.1" 200 27
116.230.77.149 - - [12/Jun/2020:10:08:49 +0800] "GET /xingrg/system/rest/query_items.html?_=1591927727717&table=menu&page=1&rows=20&categoryId=&key=xql HTTP/1.1" 200 1026
117.184.7.26 - - [12/Jun/2020:10:08:49 +0800] "GET /xingrg/all/function/internal_message.html?_=1591927718433&CODE_STATE=getMsg HTTP/1.1" 200 27
222.69.139.59 - - [12/Jun/2020:10:08:50 +0800] "GET /xingrg/kc/buy/cgsh_order_operate.html?command=get_materiel&rest_code=00149&code=00101004065&supplier_code=00100083&order_time=2020-06-12 HTTP/1.1" 200 433
116.230.77.149 - - [12/Jun/2020:10:08:50 +0800] "GET /xingrg/system/rest/get_item.html?table=menu&id=2150&_=1591927729511 HTTP/1.1" 200 951
116.230.77.149 - - [12/Jun/2020:10:08:50 +0800] "GET /xingrg/system/rest/get_item.html?table=menu&target=menu_rest&id=2150&_=1591927729535 HTTP/1.1" 200 666
116.230.77.149 - - [12/Jun/2020:10:08:50 +0800] "GET /xingrg/system/rest/get_item.html?table=menu&target=cook_mode&id=2150&_=1591927729535 HTTP/1.1" 200 8121
116.230.77.149 - - [12/Jun/2020:10:08:51 +0800] "GET /xingrg/system/rest/get_infos.html?command=menu_img_show&id=2150 HTTP/1.1" 200 5
101.228.167.227 - - [12/Jun/2020:10:08:52 +0800] "GET /xingrg/kc/buy/cgsh_order_operate.html?command=get_materiel&rest_code=00146&code=00101008141&supplier_code=00100005&order_time=2020-06-12 HTTP/1.1" 200 412
116.230.77.149 - - [12/Jun/2020:10:08:52 +0800] "GET /xingrg/system/rest/get_item.html?table=menu&target=menu_rest_detail&id=2150&sid=6&_=1591927731412 HTTP/1.1" 200 421
180.175.214.200 - - [12/Jun/2020:10:08:52 +0800] "GET /xingrg/all/function/internal_message.html?_=1591927936451&CODE_STATE=getMsg HTTP/1.1" 200 27
172.17.0.120 - - [12/Jun/2020:10:08:56 +0800] "GET /xingrg/all/function/internal_message.html?_=1591927733717&CODE_STATE=getMsg HTTP/1.1" 200 27
114.88.170.9 - - [12/Jun/2020:10:08:56 +0800] "GET /xingrg/check_reg.html?_=1591927740936 HTTP/1.1" 200 22
114.88.170.9 - - [12/Jun/2020:10:08:56 +0800] "GET /xingrg/all/function/internal_message.html?_=1591927740938&CODE_STATE=getMsg HTTP/1.1" 200 27
101.228.167.227 - - [12/Jun/2020:10:08:58 +0800] "GET /xingrg/kc/buy/cgsh_order_operate.html?command=get_materiel&rest_code=00146&code=00101008361&supplier_code=00100005&order_time=2020-06-12 HTTP/1.1" 200 408
101.228.167.227 - - [12/Jun/2020:10:08:59 +0800] "GET /xingrg/check_reg.html?_=1591927742150 HTTP/1.1" 200 22
116.230.77.149 - - [12/Jun/2020:10:08:59 +0800] "POST /xingrg/system/rest/edit_item.html HTTP/1.1" 200 4
116.230.77.149 - - [12/Jun/2020:10:08:59 +0800] "GET /xingrg/system/rest/get_item.html?table=menu&target=menu_rest&id=2150&_=1591927737996 HTTP/1.1" 200 665
101.228.167.227 - - [12/Jun/2020:10:08:59 +0800] "GET /xingrg/all/function/internal_message.html?_=1591927742228&CODE_STATE=getMsg HTTP/1.1" 200 27
117.131.5.26 - - [12/Jun/2020:10:09:00 +0800] "GET /xingrg/all/function/internal_message.html?_=1591928104248&CODE_STATE=getMsg HTTP/1.1" 200 27
101.228.167.227 - - [12/Jun/2020:10:09:07 +0800] "GET /xingrg/kc/buy/cgsh_order_operate.html?command=get_materiel&rest_code=00146&code=00101008067&supplier_code=00100005&order_time=2020-06-12 HTTP/1.1" 200 416
116.230.77.149 - - [12/Jun/2020:10:09:07 +0800] "GET /xingrg/system/rest/query_items.html?_=1591927745650&table=menu&page=1&rows=20&categoryId=&key=%25E4%25B8%259C%25E6%2598%259F%25E6%2596%2591 HTTP/1.1" 200 2263
180.162.102.27 - - [12/Jun/2020:10:09:07 +0800] "GET /xingrg/all/function/internal_message.html?_=1591927723537&CODE_STATE=getMsg HTTP/1.1" 200 27
116.230.77.149 - - [12/Jun/2020:10:09:08 +0800] "GET /xingrg/system/rest/query_items.html?_=1591927747019&table=menu&page=1&rows=20&categoryId=&key=%25E4%25B8%259C%25E6%2598%259F%25E6%2596%2591 HTTP/1.1" 200 2263
116.230.77.149 - - [12/Jun/2020:10:09:09 +0800] "GET /xingrg/system/rest/get_item.html?table=menu&id=1903&_=1591927747705 HTTP/1.1" 200 997
116.230.77.149 - - [12/Jun/2020:10:09:09 +0800] "GET /xingrg/system/rest/get_item.html?table=menu&target=menu_rest&id=1903&_=1591927747721 HTTP/1.1" 200 1074
116.230.77.149 - - [12/Jun/2020:10:09:09 +0800] "GET /xingrg/system/rest/get_item.html?table=menu&target=cook_mode&id=1903&_=1591927747719 HTTP/1.1" 200 12941
116.230.77.149 - - [12/Jun/2020:10:09:09 +0800] "GET /xingrg/system/rest/get_infos.html?command=menu_img_show&id=1903 HTTP/1.1" 200 5
116.230.77.149 - - [12/Jun/2020:10:09:11 +0800] "GET /xingrg/system/rest/get_item.html?table=menu&target=menu_rest_detail&id=1903&sid=6&_=1591927750280 HTTP/1.1" 200 421
120.253.135.82 - - [12/Jun/2020:10:09:12 +0800] "POST /xingrg/kc/pszx/mdps_list_operate.html HTTP/1.1" 200 4952
101.228.167.227 - - [12/Jun/2020:10:09:14 +0800] "GET /xingrg/kc/buy/cgsh_order_operate.html?command=get_materiel&rest_code=00146&code=00101008372&supplier_code=00100005&order_time=2020-06-12 HTTP/1.1" 200 408
172.17.0.103 - - [12/Jun/2020:10:09:15 +0800] "GET /xingrg/all/function/internal_message.html?_=1591927753279&CODE_STATE=getMsg HTTP/1.1" 200 27
222.69.139.59 - - [12/Jun/2020:10:09:16 +0800] "GET /xingrg/all/function/internal_message.html?_=1591927748485&CODE_STATE=getMsg HTTP/1.1" 200 27
120.253.135.82 - - [12/Jun/2020:10:09:16 +0800] "POST /xingrg/kc/pszx/mdps_list_operate.html HTTP/1.1" 200 296
222.69.139.59 - - [12/Jun/2020:10:09:18 +0800] "GET /xingrg/kc/buy/cgsh_order_operate.html?command=get_materiel&rest_code=00149&code=00101004048&supplier_code=00100083&order_time=2020-06-12 HTTP/1.1" 200 417
114.86.190.97 - - [12/Jun/2020:10:09:19 +0800] "GET /xingrg/all/function/internal_message.html?_=1591927761539&CODE_STATE=getMsg HTTP/1.1" 200 27
116.230.77.149 - - [12/Jun/2020:10:09:20 +0800] "POST /xingrg/system/rest/edit_item.html HTTP/1.1" 200 4
116.230.77.149 - - [12/Jun/2020:10:09:20 +0800] "GET /xingrg/system/rest/get_item.html?table=menu&target=menu_rest&id=1903&_=1591927759478 HTTP/1.1" 200 1074
116.230.77.149 - - [12/Jun/2020:10:09:22 +0800] "GET /xingrg/all/function/internal_message.html?_=1591927755488&CODE_STATE=getMsg HTTP/1.1" 200 27
120.253.135.82 - - [12/Jun/2020:10:09:24 +0800] "POST /xingrg/kc/pszx/mdps_list_operate.html HTTP/1.1" 200 3857
120.253.135.82 - - [12/Jun/2020:10:09:25 +0800] "POST /xingrg/kc/pszx/mdps_list_operate.html HTTP/1.1" 200 205
116.232.51.17 - - [12/Jun/2020:10:09:26 +0800] "GET /xingrg/all/function/internal_message.html?_=1591927819328&CODE_STATE=getMsg HTTP/1.1" 200 27
120.253.135.82 - - [12/Jun/2020:10:09:27 +0800] "GET /xingrg/kc/pszx/mdps_order_info.html?code=312020061100283 HTTP/1.1" 200 23843
120.253.135.82 - - [12/Jun/2020:10:09:27 +0800] "POST /xingrg/kc/pszx/mdps_order_operate.html HTTP/1.1" 200 2281
120.253.135.82 - - [12/Jun/2020:10:09:27 +0800] "GET /xingrg/javascript/easyui/themes/default/validatebox.css HTTP/1.1" 404 1104
180.162.232.172 - - [12/Jun/2020:10:09:28 +0800] "GET /xingrg/all/function/internal_message.html?_=1591927903022&CODE_STATE=getMsg HTTP/1.1" 200 27
101.228.167.227 - - [12/Jun/2020:10:09:29 +0800] "GET /xingrg/check_reg.html?_=1591927772284 HTTP/1.1" 200 22
101.228.167.227 - - [12/Jun/2020:10:09:30 +0800] "GET /xingrg/all/function/internal_message.html?_=1591927773442&CODE_STATE=getMsg HTTP/1.1" 200 27
116.230.77.149 - - [12/Jun/2020:10:09:31 +0800] "GET /xingrg/system/rest/query_items.html?_=1591927770051&table=menu&page=1&rows=20&categoryId=&key=%25E7%25BA%25A2%25E9%25BE%2599 HTTP/1.1" 200 471
116.230.77.149 - - [12/Jun/2020:10:09:33 +0800] "GET /xingrg/system/rest/query_items.html?_=1591927771615&table=menu&page=1&rows=20&categoryId=&key=%25E7%25BA%25A2%25E9%25BE%2599 HTTP/1.1" 200 471
222.69.139.59 - - [12/Jun/2020:10:09:33 +0800] "GET /xingrg/kc/buy/cgsh_order_operate.html?command=get_materiel&rest_code=00149&code=00101004067&supplier_code=00100083&order_time=2020-06-12 HTTP/1.1" 200 413
116.230.77.149 - - [12/Jun/2020:10:09:33 +0800] "GET /xingrg/system/rest/get_item.html?table=menu&id=2003&_=1591927772333 HTTP/1.1" 200 942
116.230.77.149 - - [12/Jun/2020:10:09:33 +0800] "GET /xingrg/system/rest/get_item.html?table=menu&target=menu_rest&id=2003&_=1591927772352 HTTP/1.1" 200 847
116.230.77.149 - - [12/Jun/2020:10:09:33 +0800] "GET /xingrg/system/rest/get_item.html?table=menu&target=cook_mode&id=2003&_=1591927772351 HTTP/1.1" 200 6768
116.230.77.149 - - [12/Jun/2020:10:09:34 +0800] "GET /xingrg/system/rest/get_infos.html?command=menu_img_show&id=2003 HTTP/1.1" 200 5
116.230.77.149 - - [12/Jun/2020:10:09:35 +0800] "GET /xingrg/all/function/internal_message.html?_=1591927773886&CODE_STATE=getMsg HTTP/1.1" 200 27
116.230.77.149 - - [12/Jun/2020:10:09:35 +0800] "GET /xingrg/system/rest/get_item.html?table=menu&target=menu_rest_detail&id=2003&sid=6&_=1591927774492 HTTP/1.1" 200 421
117.185.32.26 - - [12/Jun/2020:10:09:40 +0800] "GET /xingrg/all/function/internal_message.html?_=1591928199046&CODE_STATE=getMsg HTTP/1.1" 200 27
116.230.77.149 - - [12/Jun/2020:10:09:41 +0800] "POST /xingrg/system/rest/edit_item.html HTTP/1.1" 200 4
116.230.77.149 - - [12/Jun/2020:10:09:42 +0800] "GET /xingrg/system/rest/get_item.html?table=menu&target=menu_rest&id=2003&_=1591927780625 HTTP/1.1" 200 847
172.17.0.123 - - [12/Jun/2020:10:09:48 +0800] "GET /xingrg/all/function/internal_message.html?_=1591927760140&CODE_STATE=getMsg HTTP/1.1" 200 27
117.184.7.26 - - [12/Jun/2020:10:09:49 +0800] "GET /xingrg/all/function/internal_message.html?_=1591927778418&CODE_STATE=getMsg HTTP/1.1" 200 27
116.230.77.149 - - [12/Jun/2020:10:09:50 +0800] "GET /xingrg/system/rest/query_items.html?_=1591927788918&table=menu&page=1&rows=20&categoryId=&key=%25E9%2595%25BF%25E8%2584%259A%25E8%259F%25B9 HTTP/1.1" 200 761
116.230.77.149 - - [12/Jun/2020:10:09:51 +0800] "GET /xingrg/system/rest/query_items.html?_=1591927790340&table=menu&page=1&rows=20&categoryId=&key=%25E9%2595%25BF%25E8%2584%259A%25E8%259F%25B9 HTTP/1.1" 200 761
116.230.77.149 - - [12/Jun/2020:10:09:52 +0800] "GET /xingrg/system/rest/get_item.html?table=menu&id=2017&_=1591927790815 HTTP/1.1" 200 974
116.230.77.149 - - [12/Jun/2020:10:09:52 +0800] "GET /xingrg/system/rest/get_item.html?table=menu&target=menu_rest&id=2017&_=1591927790832 HTTP/1.1" 200 785
116.230.77.149 - - [12/Jun/2020:10:09:52 +0800] "GET /xingrg/system/rest/get_item.html?table=menu&target=cook_mode&id=2017&_=1591927790831 HTTP/1.1" 200 12970
222.69.139.59 - - [12/Jun/2020:10:09:52 +0800] "GET /xingrg/kc/buy/cgsh_order_operate.html?command=get_materiel&rest_code=00149&code=00101004033&supplier_code=00100083&order_time=2020-06-12 HTTP/1.1" 200 439
116.230.77.149 - - [12/Jun/2020:10:09:52 +0800] "GET /xingrg/system/rest/get_infos.html?command=menu_img_show&id=2017 HTTP/1.1" 200 5
180.175.214.200 - - [12/Jun/2020:10:09:52 +0800] "GET /xingrg/all/function/internal_message.html?_=1591927996454&CODE_STATE=getMsg HTTP/1.1" 200 27
116.230.77.149 - - [12/Jun/2020:10:09:54 +0800] "GET /xingrg/system/rest/get_item.html?table=menu&target=menu_rest_detail&id=2017&sid=6&_=1591927792925 HTTP/1.1" 200 422
172.17.0.120 - - [12/Jun/2020:10:09:56 +0800] "GET /xingrg/all/function/internal_message.html?_=1591927793718&CODE_STATE=getMsg HTTP/1.1" 200 27
114.88.170.9 - - [12/Jun/2020:10:09:56 +0800] "GET /xingrg/all/function/internal_message.html?_=1591927800946&CODE_STATE=getMsg HTTP/1.1" 200 27
101.228.167.227 - - [12/Jun/2020:10:09:59 +0800] "GET /xingrg/all/function/internal_message.html?_=1591927802242&CODE_STATE=getMsg HTTP/1.1" 200 27
117.131.5.26 - - [12/Jun/2020:10:10:00 +0800] "GET /xingrg/check_reg.html?_=1591928164234 HTTP/1.1" 200 22
117.131.5.26 - - [12/Jun/2020:10:10:00 +0800] "GET /xingrg/all/function/internal_message.html?_=1591928164236&CODE_STATE=getMsg HTTP/1.1" 200 27
116.230.77.149 - - [12/Jun/2020:10:10:01 +0800] "POST /xingrg/system/rest/edit_item.html HTTP/1.1" 200 4
116.230.77.149 - - [12/Jun/2020:10:10:01 +0800] "GET /xingrg/system/rest/get_item.html?table=menu&target=menu_rest&id=2017&_=1591927799705 HTTP/1.1" 200 784
222.69.139.59 - - [12/Jun/2020:10:10:01 +0800] "GET /xingrg/kc/buy/cgsh_order_operate.html?command=get_materiel&rest_code=00149&code=00101001115&supplier_code=00100083&order_time=2020-06-12 HTTP/1.1" 200 413
117.185.32.26 - - [12/Jun/2020:10:10:06 +0800] "GET /xingrg/kc/base/base_main.html HTTP/1.1" 200 12142
180.162.102.27 - - [12/Jun/2020:10:10:07 +0800] "GET /xingrg/all/function/internal_message.html?_=1591927783537&CODE_STATE=getMsg HTTP/1.1" 200 27
120.253.135.82 - - [12/Jun/2020:10:10:14 +0800] "POST /xingrg/kc/pszx/mdps_order_operate.html HTTP/1.1" 200 37
120.253.135.82 - - [12/Jun/2020:10:10:14 +0800] "GET /xingrg/kc/pszx/mdps_order_info.html?code=312020061100283 HTTP/1.1" 200 23849
120.253.135.82 - - [12/Jun/2020:10:10:15 +0800] "POST /xingrg/kc/pszx/mdps_order_operate.html HTTP/1.1" 200 2280
120.253.135.82 - - [12/Jun/2020:10:10:15 +0800] "GET /xingrg/javascript/easyui/themes/default/validatebox.css HTTP/1.1" 404 1104
172.17.0.103 - - [12/Jun/2020:10:10:15 +0800] "GET /xingrg/all/function/internal_message.html?_=1591927813280&CODE_STATE=getMsg HTTP/1.1" 200 27
222.69.139.59 - - [12/Jun/2020:10:10:16 +0800] "GET /xingrg/all/function/internal_message.html?_=1591927808500&CODE_STATE=getMsg HTTP/1.1" 200 27
222.69.139.59 - - [12/Jun/2020:10:10:16 +0800] "GET /xingrg/check_reg.html?_=1591927808505 HTTP/1.1" 200 22
120.253.135.82 - - [12/Jun/2020:10:10:18 +0800] "POST /xingrg/kc/pszx/mdps_order_operate.html HTTP/1.1" 200 37
120.253.135.82 - - [12/Jun/2020:10:10:19 +0800] "GET /xingrg/kc/pszx/mdps_order_info.html?code=312020061100283 HTTP/1.1" 200 23849
114.86.190.97 - - [12/Jun/2020:10:10:19 +0800] "GET /xingrg/all/function/internal_message.html?_=1591927821535&CODE_STATE=getMsg HTTP/1.1" 200 27
114.86.190.97 - - [12/Jun/2020:10:10:19 +0800] "GET /xingrg/check_reg.html?_=1591927821541 HTTP/1.1" 200 22
120.253.135.82 - - [12/Jun/2020:10:10:19 +0800] "POST /xingrg/kc/pszx/mdps_order_operate.html HTTP/1.1" 200 2280
120.253.135.82 - - [12/Jun/2020:10:10:19 +0800] "GET /xingrg/javascript/easyui/themes/default/validatebox.css HTTP/1.1" 404 1104
116.230.77.149 - - [12/Jun/2020:10:10:22 +0800] "GET /xingrg/all/function/internal_message.html?_=1591927815474&CODE_STATE=getMsg HTTP/1.1" 200 27
222.69.139.59 - - [12/Jun/2020:10:10:23 +0800] "GET /xingrg/kc/buy/cgsh_order_operate.html?command=get_materiel&rest_code=00149&code=00101004030&supplier_code=00100083&order_time=2020-06-12 HTTP/1.1" 200 410
120.253.135.82 - - [12/Jun/2020:10:10:23 +0800] "GET /xingrg/kc/print/load_data.html?order_code=312020061100283&kc_code=mdps&condition= HTTP/1.1" 200 687
116.232.51.17 - - [12/Jun/2020:10:10:26 +0800] "GET /xingrg/all/function/internal_message.html?_=1591927879327&CODE_STATE=getMsg HTTP/1.1" 200 27
180.162.232.172 - - [12/Jun/2020:10:10:28 +0800] "GET /xingrg/all/function/internal_message.html?_=1591927963035&CODE_STATE=getMsg HTTP/1.1" 200 27
101.228.167.227 - - [12/Jun/2020:10:10:29 +0800] "GET /xingrg/kc/buy/cgsh_order_operate.html?command=get_materiel&rest_code=00146&code=00101008321&supplier_code=00100005&order_time=2020-06-12 HTTP/1.1" 200 412
116.230.77.149 - - [12/Jun/2020:10:10:29 +0800] "GET /xingrg/system/rest/query_items.html?_=1591927827998&table=menu&page=1&rows=20&categoryId=&key=zyp HTTP/1.1" 200 1710
101.228.167.227 - - [12/Jun/2020:10:10:30 +0800] "GET /xingrg/all/function/internal_message.html?_=1591927833456&CODE_STATE=getMsg HTTP/1.1" 200 27
116.230.77.149 - - [12/Jun/2020:10:10:31 +0800] "GET /xingrg/system/rest/query_items.html?_=1591927829970&table=menu&page=1&rows=20&categoryId=&key=zyp HTTP/1.1" 200 1710
116.230.77.149 - - [12/Jun/2020:10:10:32 +0800] "GET /xingrg/system/rest/get_item.html?table=menu&id=1965&_=1591927831271 HTTP/1.1" 200 969
116.230.77.149 - - [12/Jun/2020:10:10:32 +0800] "GET /xingrg/system/rest/get_item.html?table=menu&target=menu_rest&id=1965&_=1591927831289 HTTP/1.1" 200 669
116.230.77.149 - - [12/Jun/2020:10:10:32 +0800] "GET /xingrg/system/rest/get_item.html?table=menu&target=cook_mode&id=1965&_=1591927831288 HTTP/1.1" 200 6235
116.230.77.149 - - [12/Jun/2020:10:10:33 +0800] "GET /xingrg/system/rest/get_infos.html?command=menu_img_show&id=1965 HTTP/1.1" 200 5
116.230.77.149 - - [12/Jun/2020:10:10:34 +0800] "GET /xingrg/system/rest/get_item.html?table=menu&target=menu_rest_detail&id=1965&sid=6&_=1591927833246 HTTP/1.1" 200 419
116.230.77.149 - - [12/Jun/2020:10:10:35 +0800] "GET /xingrg/all/function/internal_message.html?_=1591927833857&CODE_STATE=getMsg HTTP/1.1" 200 27
120.253.135.82 - - [12/Jun/2020:10:10:36 +0800] "GET /xingrg/check_reg.html?_=1591927591518 HTTP/1.1" 200 22
101.228.167.227 - - [12/Jun/2020:10:10:36 +0800] "GET /xingrg/kc/buy/cgsh_order_operate.html?command=get_materiel&rest_code=00146&code=00101008212&supplier_code=00100005&order_time=2020-06-12 HTTP/1.1" 200 412
116.230.77.149 - - [12/Jun/2020:10:10:39 +0800] "POST /xingrg/system/rest/edit_item.html HTTP/1.1" 200 4
116.230.77.149 - - [12/Jun/2020:10:10:39 +0800] "GET /xingrg/system/rest/get_item.html?table=menu&target=menu_rest&id=1965&_=1591927838513 HTTP/1.1" 200 669
117.185.32.26 - - [12/Jun/2020:10:10:40 +0800] "GET /xingrg/all/function/internal_message.html?_=1591928259059&CODE_STATE=getMsg HTTP/1.1" 200 27
101.228.167.227 - - [12/Jun/2020:10:10:47 +0800] "GET /xingrg/kc/buy/cgsh_order_operate.html?command=get_materiel&rest_code=00146&code=00101008270&supplier_code=00100005&order_time=2020-06-12 HTTP/1.1" 200 412
172.17.0.123 - - [12/Jun/2020:10:10:48 +0800] "GET /xingrg/all/function/internal_message.html?_=1591927820146&CODE_STATE=getMsg HTTP/1.1" 200 27
117.184.7.26 - - [12/Jun/2020:10:10:49 +0800] "GET /xingrg/all/function/internal_message.html?_=1591927838406&CODE_STATE=getMsg HTTP/1.1" 200 27
116.230.77.149 - - [12/Jun/2020:10:10:50 +0800] "GET /xingrg/system/rest/query_items.html?_=1591927849276&table=menu&page=1&rows=20&categoryId=&key=%25E8%2586%258F%25E8%259F%25B9 HTTP/1.1" 200 1032
114.84.151.157 - - [12/Jun/2020:10:10:52 +0800] "POST /xingrg/services/DataTransmitService HTTP/1.1" 200 524
114.84.151.157 - - [12/Jun/2020:10:10:52 +0800] "POST /xingrg/services/DataTransmitService HTTP/1.1" 200 2663
114.84.151.157 - - [12/Jun/2020:10:10:52 +0800] "POST /xingrg/services/DataTransmitService HTTP/1.1" 200 2227
114.84.151.157 - - [12/Jun/2020:10:10:52 +0800] "POST /xingrg/services/DataTransmitService HTTP/1.1" 200 1403
180.175.214.200 - - [12/Jun/2020:10:10:53 +0800] "GET /xingrg/all/function/internal_message.html?_=1591928056942&CODE_STATE=getMsg HTTP/1.1" 200 27
114.84.151.157 - - [12/Jun/2020:10:10:53 +0800] "POST /xingrg/services/DataTransmitService HTTP/1.1" 200 524
114.84.151.157 - - [12/Jun/2020:10:10:53 +0800] "POST /xingrg/services/DataTransmitService HTTP/1.1" 200 2663
114.84.151.157 - - [12/Jun/2020:10:10:54 +0800] "POST /xingrg/services/DataTransmitService HTTP/1.1" 200 524
114.84.151.157 - - [12/Jun/2020:10:10:54 +0800] "POST /xingrg/services/DataTransmitService HTTP/1.1" 200 2663
116.230.77.149 - - [12/Jun/2020:10:10:54 +0800] "GET /xingrg/system/rest/query_items.html?_=1591927853531&table=menu&page=1&rows=20&categoryId=&key=%25E8%2586%258F%25E8%259F%25B9 HTTP/1.1" 200 1032
116.230.77.149 - - [12/Jun/2020:10:10:55 +0800] "GET /xingrg/system/rest/get_item.html?table=menu&id=2013&_=1591927854007 HTTP/1.1" 200 970
116.230.77.149 - - [12/Jun/2020:10:10:55 +0800] "GET /xingrg/system/rest/get_item.html?table=menu&target=menu_rest&id=2013&_=1591927854025 HTTP/1.1" 200 780
116.230.77.149 - - [12/Jun/2020:10:10:55 +0800] "GET /xingrg/system/rest/get_item.html?table=menu&target=cook_mode&id=2013&_=1591927854023 HTTP/1.1" 200 15971
116.230.77.149 - - [12/Jun/2020:10:10:55 +0800] "GET /xingrg/system/rest/get_infos.html?command=menu_img_show&id=2013 HTTP/1.1" 200 5
172.17.0.120 - - [12/Jun/2020:10:10:56 +0800] "GET /xingrg/all/function/internal_message.html?_=1591927853722&CODE_STATE=getMsg HTTP/1.1" 200 27
114.84.151.157 - - [12/Jun/2020:10:10:56 +0800] "POST /xingrg/services/DataTransmitService HTTP/1.1" 200 524
114.84.151.157 - - [12/Jun/2020:10:10:56 +0800] "POST /xingrg/services/DataTransmitService HTTP/1.1" 200 501
114.88.170.9 - - [12/Jun/2020:10:10:56 +0800] "GET /xingrg/all/function/internal_message.html?_=1591927860947&CODE_STATE=getMsg HTTP/1.1" 200 27
114.84.151.157 - - [12/Jun/2020:10:10:56 +0800] "POST /xingrg/services/DataTransmitService HTTP/1.1" 200 501
116.230.77.149 - - [12/Jun/2020:10:10:57 +0800] "GET /xingrg/system/rest/get_item.html?table=menu&target=menu_rest_detail&id=2013&sid=6&_=1591927856501 HTTP/1.1" 200 422
114.84.151.157 - - [12/Jun/2020:10:10:58 +0800] "POST /xingrg/services/DataTransmitService HTTP/1.1" 200 501
101.228.167.227 - - [12/Jun/2020:10:10:59 +0800] "GET /xingrg/all/function/internal_message.html?_=1591927862241&CODE_STATE=getMsg HTTP/1.1" 200 27
117.131.5.26 - - [12/Jun/2020:10:11:00 +0800] "GET /xingrg/all/function/internal_message.html?_=1591928224234&CODE_STATE=getMsg HTTP/1.1" 200 27
114.84.151.157 - - [12/Jun/2020:10:11:00 +0800] "POST /xingrg/services/DataTransmitService HTTP/1.1" 200 501
114.84.151.157 - - [12/Jun/2020:10:11:00 +0800] "POST /xingrg/services/DataTransmitService HTTP/1.1" 200 501
114.84.151.157 - - [12/Jun/2020:10:11:00 +0800] "POST /xingrg/services/DataTransmitService HTTP/1.1" 200 501
114.84.151.157 - - [12/Jun/2020:10:11:00 +0800] "POST /xingrg/services/DataTransmitService HTTP/1.1" 200 501
114.84.151.157 - - [12/Jun/2020:10:11:01 +0800] "POST /xingrg/services/DataTransmitService HTTP/1.1" 200 412
114.84.151.157 - - [12/Jun/2020:10:11:02 +0800] "POST /xingrg/services/DataTransmitService HTTP/1.1" 200 524
114.84.151.157 - - [12/Jun/2020:10:11:02 +0800] "POST /xingrg/services/DataTransmitService HTTP/1.1" 200 501
114.84.151.157 - - [12/Jun/2020:10:11:02 +0800] "POST /xingrg/services/DataTransmitService HTTP/1.1" 200 524
114.84.151.157 - - [12/Jun/2020:10:11:03 +0800] "POST /xingrg/services/DataTransmitService HTTP/1.1" 200 501
116.230.77.149 - - [12/Jun/2020:10:11:04 +0800] "POST /xingrg/system/rest/edit_item.html HTTP/1.1" 200 4
114.84.151.157 - - [12/Jun/2020:10:11:04 +0800] "POST /xingrg/services/DataTransmitService HTTP/1.1" 200 524
114.84.151.157 - - [12/Jun/2020:10:11:04 +0800] "POST /xingrg/services/DataTransmitService HTTP/1.1" 200 497
116.230.77.149 - - [12/Jun/2020:10:11:04 +0800] "GET /xingrg/system/rest/get_item.html?table=menu&target=menu_rest&id=2013&_=1591927862828 HTTP/1.1" 200 780
114.84.151.157 - - [12/Jun/2020:10:11:05 +0800] "POST /xingrg/services/DataTransmitService HTTP/1.1" 200 524
114.84.151.157 - - [12/Jun/2020:10:11:06 +0800] "POST /xingrg/services/DataTransmitService HTTP/1.1" 200 524
180.162.102.27 - - [12/Jun/2020:10:11:07 +0800] "GET /xingrg/check_reg.html?_=1591927843562 HTTP/1.1" 200 22
180.162.102.27 - - [12/Jun/2020:10:11:07 +0800] "GET /xingrg/all/function/internal_message.html?_=1591927843564&CODE_STATE=getMsg HTTP/1.1" 200 27
101.228.167.227 - - [12/Jun/2020:10:11:13 +0800] "GET /xingrg/kc/buy/cgsh_order_operate.html?command=get_materiel&rest_code=00146&code=00101008323&supplier_code=00100005&order_time=2020-06-12 HTTP/1.1" 200 408
116.230.77.149 - - [12/Jun/2020:10:11:14 +0800] "GET /xingrg/system/rest/query_items.html?_=1591927873297&table=menu&page=1&rows=20&categoryId=&key=%25E9%259D%2592%25E8%259F%25B9 HTTP/1.1" 200 746
172.17.0.103 - - [12/Jun/2020:10:11:15 +0800] "GET /xingrg/all/function/internal_message.html?_=1591927873280&CODE_STATE=getMsg HTTP/1.1" 200 27
116.230.77.149 - - [12/Jun/2020:10:11:15 +0800] "GET /xingrg/system/rest/query_items.html?_=1591927874552&table=menu&page=1&rows=20&categoryId=&key=%25E9%259D%2592%25E8%259F%25B9 HTTP/1.1" 200 746
222.69.139.59 - - [12/Jun/2020:10:11:16 +0800] "GET /xingrg/all/function/internal_message.html?_=1591927868502&CODE_STATE=getMsg HTTP/1.1" 200 27
116.230.77.149 - - [12/Jun/2020:10:11:16 +0800] "GET /xingrg/system/rest/get_item.html?table=menu&id=2014&_=1591927875526 HTTP/1.1" 200 970
116.230.77.149 - - [12/Jun/2020:10:11:16 +0800] "GET /xingrg/system/rest/get_item.html?table=menu&target=menu_rest&id=2014&_=1591927875543 HTTP/1.1" 200 780
116.230.77.149 - - [12/Jun/2020:10:11:16 +0800] "GET /xingrg/system/rest/get_item.html?table=menu&target=cook_mode&id=2014&_=1591927875543 HTTP/1.1" 200 14780
116.230.77.149 - - [12/Jun/2020:10:11:17 +0800] "GET /xingrg/system/rest/get_infos.html?command=menu_img_show&id=2014 HTTP/1.1" 200 5
116.230.77.149 - - [12/Jun/2020:10:11:19 +0800] "GET /xingrg/system/rest/get_item.html?table=menu&target=menu_rest_detail&id=2014&sid=6&_=1591927877796 HTTP/1.1" 200 422
114.86.190.97 - - [12/Jun/2020:10:11:19 +0800] "GET /xingrg/all/function/internal_message.html?_=1591927881530&CODE_STATE=getMsg HTTP/1.1" 200 27
116.230.77.149 - - [12/Jun/2020:10:11:22 +0800] "GET /xingrg/all/function/internal_message.html?_=1591927875458&CODE_STATE=getMsg HTTP/1.1" 200 27
101.228.167.227 - - [12/Jun/2020:10:11:23 +0800] "GET /xingrg/kc/buy/cgsh_order_operate.html?command=get_materiel&rest_code=00146&code=00101008091&supplier_code=00100005&order_time=2020-06-12 HTTP/1.1" 200 412
116.230.77.149 - - [12/Jun/2020:10:11:24 +0800] "POST /xingrg/system/rest/edit_item.html HTTP/1.1" 200 4
116.230.77.149 - - [12/Jun/2020:10:11:24 +0800] "GET /xingrg/system/rest/get_item.html?table=menu&target=menu_rest&id=2014&_=1591927882954 HTTP/1.1" 200 780
120.253.135.82 - - [12/Jun/2020:10:11:25 +0800] "POST /xingrg/kc/pszx/mdps_list_operate.html HTTP/1.1" 200 3867
116.232.51.17 - - [12/Jun/2020:10:11:25 +0800] "GET /xingrg/all/function/internal_message.html?_=1591927939319&CODE_STATE=getMsg HTTP/1.1" 200 27
222.69.139.59 - - [12/Jun/2020:10:11:27 +0800] "GET /xingrg/kc/buy/cgsh_order_operate.html?command=get_materiel&rest_code=00149&code=00101004090&supplier_code=00100083&order_time=2020-06-12 HTTP/1.1" 200 391
180.162.232.172 - - [12/Jun/2020:10:11:28 +0800] "GET /xingrg/all/function/internal_message.html?_=1591928023116&CODE_STATE=getMsg HTTP/1.1" 200 27
101.228.167.227 - - [12/Jun/2020:10:11:30 +0800] "GET /xingrg/all/function/internal_message.html?_=1591927893470&CODE_STATE=getMsg HTTP/1.1" 200 27
116.230.77.149 - - [12/Jun/2020:10:11:32 +0800] "GET /xingrg/system/rest/query_items.html?_=1591927890754&table=menu&page=1&rows=20&categoryId=&key=%25E6%25AF%258D%25E5%258D%25B7 HTTP/1.1" 200 4584
116.230.77.149 - - [12/Jun/2020:10:11:33 +0800] "GET /xingrg/system/rest/query_items.html?_=1591927892211&table=menu&page=1&rows=20&categoryId=&key=%25E6%25AF%258D%25E5%258D%25B7 HTTP/1.1" 200 4584
120.253.135.82 - - [12/Jun/2020:10:11:33 +0800] "POST /xingrg/kc/pszx/mdps_list_operate.html HTTP/1.1" 200 3491
101.228.167.227 - - [12/Jun/2020:10:11:34 +0800] "GET /xingrg/kc/buy/cgsh_order_operate.html?command=get_materiel&rest_code=00146&code=00101008257&supplier_code=00100005&order_time=2020-06-12 HTTP/1.1" 200 416
116.230.77.149 - - [12/Jun/2020:10:11:34 +0800] "GET /xingrg/system/rest/get_item.html?table=menu&id=2084&_=1591927893166 HTTP/1.1" 200 971
116.230.77.149 - - [12/Jun/2020:10:11:34 +0800] "GET /xingrg/system/rest/get_item.html?table=menu&target=menu_rest&id=2084&_=1591927893185 HTTP/1.1" 200 1143
116.230.77.149 - - [12/Jun/2020:10:11:34 +0800] "GET /xingrg/system/rest/get_item.html?table=menu&target=cook_mode&id=2084&_=1591927893184 HTTP/1.1" 200 9679
116.230.77.149 - - [12/Jun/2020:10:11:35 +0800] "GET /xingrg/system/rest/get_infos.html?command=menu_img_show&id=2084 HTTP/1.1" 200 5
116.230.77.149 - - [12/Jun/2020:10:11:35 +0800] "GET /xingrg/all/function/internal_message.html?_=1591927894004&CODE_STATE=getMsg HTTP/1.1" 200 27
120.253.135.82 - - [12/Jun/2020:10:11:36 +0800] "POST /xingrg/kc/pszx/mdps_list_operate.html HTTP/1.1" 200 365
116.230.77.149 - - [12/Jun/2020:10:11:36 +0800] "GET /xingrg/system/rest/get_item.html?table=menu&target=menu_rest_detail&id=2084&sid=6&_=1591927895470 HTTP/1.1" 200 419
120.253.135.82 - - [12/Jun/2020:10:11:40 +0800] "GET /xingrg/kc/pszx/mdps_order_info.html?code=312020061100282 HTTP/1.1" 200 23841
117.185.32.26 - - [12/Jun/2020:10:11:40 +0800] "GET /xingrg/all/function/internal_message.html?_=1591928319058&CODE_STATE=getMsg HTTP/1.1" 200 27
120.253.135.82 - - [12/Jun/2020:10:11:40 +0800] "POST /xingrg/kc/pszx/mdps_order_operate.html HTTP/1.1" 200 3276
120.253.135.82 - - [12/Jun/2020:10:11:40 +0800] "GET /xingrg/javascript/easyui/themes/default/validatebox.css HTTP/1.1" 404 1104
116.230.77.149 - - [12/Jun/2020:10:11:42 +0800] "POST /xingrg/system/rest/edit_item.html HTTP/1.1" 200 4
116.230.77.149 - - [12/Jun/2020:10:11:42 +0800] "GET /xingrg/system/rest/get_item.html?table=menu&target=menu_rest&id=2084&_=1591927901130 HTTP/1.1" 200 1143
101.228.167.227 - - [12/Jun/2020:10:11:44 +0800] "GET /xingrg/kc/buy/cgsh_order_operate.html?command=get_materiel&rest_code=00146&code=00101008156&supplier_code=00100005&order_time=2020-06-12 HTTP/1.1" 200 414
120.253.135.82 - - [12/Jun/2020:10:11:48 +0800] "POST /xingrg/kc/pszx/mdps_order_operate.html HTTP/1.1" 200 37
172.17.0.123 - - [12/Jun/2020:10:11:48 +0800] "GET /xingrg/all/function/internal_message.html?_=1591927880148&CODE_STATE=getMsg HTTP/1.1" 200 27
116.230.77.149 - - [12/Jun/2020:10:11:48 +0800] "GET /xingrg/system/rest/query_items.html?_=1591927907375&table=menu&page=1&rows=20&categoryId=&key=%25E5%25B8%25A6%25E9%25B1%25BC HTTP/1.1" 200 3139
120.253.135.82 - - [12/Jun/2020:10:11:48 +0800] "GET /xingrg/kc/pszx/mdps_order_info.html?code=312020061100282 HTTP/1.1" 200 23841
117.184.7.26 - - [12/Jun/2020:10:11:49 +0800] "GET /xingrg/all/function/internal_message.html?_=1591927898395&CODE_STATE=getMsg HTTP/1.1" 200 27
