172.17.0.240 - - [07/Jun/2020:09:28:38 +0800] "GET /xingrg/all/function/internal_message.html?_=1591493317165&CODE_STATE=count HTTP/1.1" 200 11
172.17.0.240 - - [07/Jun/2020:09:28:38 +0800] "GET /xingrg/check_reg.html?_=1591493317165 HTTP/1.1" 200 22
172.17.0.240 - - [07/Jun/2020:09:28:38 +0800] "POST /xingrg/load_menu.html HTTP/1.1" 200 11529
114.86.227.140 - - [07/Jun/2020:09:28:40 +0800] "POST /xingrg/kc/buy/cgsh_order_operate.html HTTP/1.1" 200 37
61.172.5.115 - - [07/Jun/2020:09:28:40 +0800] "GET /xingrg/all/function/internal_message.html?_=1591493319082&CODE_STATE=getMsg HTTP/1.1" 302 -
117.131.5.26 - - [07/Jun/2020:09:28:40 +0800] "GET /xingrg/all/function/internal_message.html?_=1591493685081&CODE_STATE=getMsg HTTP/1.1" 200 27
114.86.227.140 - - [07/Jun/2020:09:28:40 +0800] "POST /xingrg/kc/buy/cgsh_order_operate.html HTTP/1.1" 200 19241
172.17.0.240 - - [07/Jun/2020:09:28:41 +0800] "POST /xingrg/load_menu.html HTTP/1.1" 200 10512
120.253.135.82 - - [07/Jun/2020:09:28:41 +0800] "GET /xingrg/all/function/internal_message.html?_=1591493021988&CODE_STATE=getMsg HTTP/1.1" 302 -
120.253.135.82 - - [07/Jun/2020:09:28:42 +0800] "GET /xingrg/all/function/internal_message.html?_=1591493022324&CODE_STATE=getMsg HTTP/1.1" 302 -
114.86.227.140 - - [07/Jun/2020:09:28:42 +0800] "GET /xingrg/all/function/internal_message.html?_=1591493470397&CODE_STATE=getMsg HTTP/1.1" 200 27
180.174.212.189 - - [07/Jun/2020:09:28:43 +0800] "GET /xingrg/all/function/internal_message.html?_=1591493529129&CODE_STATE=getMsg HTTP/1.1" 200 27
114.86.190.97 - - [07/Jun/2020:09:28:45 +0800] "GET /xingrg/all/function/internal_message.html?_=1591493325749&CODE_STATE=getMsg HTTP/1.1" 200 27
114.86.190.97 - - [07/Jun/2020:09:28:46 +0800] "GET /xingrg/kc/buy/cgsh_order_operate.html?command=get_materiel&rest_code=00148&code=00101006062&supplier_code=00100010&order_time=2020-06-07 HTTP/1.1" 200 409
172.17.0.185 - - [07/Jun/2020:09:28:47 +0800] "GET /xingrg/all/function/internal_message.html?_=1591493326256&CODE_STATE=getMsg HTTP/1.1" 200 27
116.233.79.27 - - [07/Jun/2020:09:28:47 +0800] "GET /xingrg/all/function/internal_message.html?_=1591493327817&CODE_STATE=getMsg HTTP/1.1" 200 27
172.17.0.240 - - [07/Jun/2020:09:28:48 +0800] "GET /xingrg/system/rest/list_page.html?p=cuxiao HTTP/1.1" 200 26810
58.40.7.146 - - [07/Jun/2020:09:28:48 +0800] "GET /xingrg/all/function/internal_message.html?_=1591493328904&CODE_STATE=getMsg HTTP/1.1" 200 27
172.17.0.240 - - [07/Jun/2020:09:28:49 +0800] "GET /xingrg/javascript/jquery_easy_ui/themes/default/images/calendar_prevmonth.gif HTTP/1.1" 200 66
172.17.0.240 - - [07/Jun/2020:09:28:49 +0800] "GET /xingrg/javascript/jquery_easy_ui/themes/default/images/calendar_nextmonth.gif HTTP/1.1" 200 64
172.17.0.240 - - [07/Jun/2020:09:28:49 +0800] "GET /xingrg/javascript/jquery_easy_ui/themes/default/images/calendar_prevyear.gif HTTP/1.1" 200 76
172.17.0.240 - - [07/Jun/2020:09:28:49 +0800] "GET /xingrg/javascript/jquery_easy_ui/themes/default/images/calendar_nextyear.gif HTTP/1.1" 200 75
180.174.212.189 - - [07/Jun/2020:09:28:49 +0800] "GET /xingrg/kc/print/load_data.html?order_code=212020060702333&kc_code=cgsh&condition= HTTP/1.1" 200 4472
172.17.0.240 - - [07/Jun/2020:09:28:49 +0800] "GET /xingrg/system/rest/query_items.html?_=1591493327572&table=cuxiao&page=1&rows=10&key=&status=1 HTTP/1.1" 200 562
180.162.232.172 - - [07/Jun/2020:09:28:49 +0800] "GET /xingrg/all/function/internal_message.html?_=1591493329034&CODE_STATE=getMsg HTTP/1.1" 200 27
172.17.0.240 - - [07/Jun/2020:09:28:51 +0800] "GET /xingrg/system/rest/get_item.html?table=cuxiao&code=b3c15a48118d42cea7330a488dcbe8d7&_=1591493329622 HTTP/1.1" 200 309
172.17.0.240 - - [07/Jun/2020:09:28:51 +0800] "POST /xingrg/system/rest/edit_item.html HTTP/1.1" 200 40629
114.84.33.255 - - [07/Jun/2020:09:28:51 +0800] "GET /xingrg/all/function/internal_message.html?_=1591493332855&CODE_STATE=getMsg HTTP/1.1" 200 27
58.40.7.146 - - [07/Jun/2020:09:28:53 +0800] "GET /xingrg/all/function/internal_message.html?_=1591493333157&CODE_STATE=getMsg HTTP/1.1" 200 27
61.172.5.115 - - [07/Jun/2020:09:28:53 +0800] "GET /xingrg/kc/buy/cgsh_order_operate.html?command=get_materiel&rest_code=00105&code=00101009062&supplier_code=00100024&order_time=2020-06-07 HTTP/1.1" 200 412
172.17.0.110 - - [07/Jun/2020:09:28:54 +0800] "GET /xingrg/all/function/internal_message.html?_=1591493332438&CODE_STATE=getMsg HTTP/1.1" 200 27
114.84.32.201 - - [07/Jun/2020:09:28:54 +0800] "GET /xingrg/all/function/internal_message.html?_=1591493337535&CODE_STATE=getMsg HTTP/1.1" 200 27
114.84.32.201 - - [07/Jun/2020:09:28:54 +0800] "GET /xingrg/check_reg.html?_=1591493337537 HTTP/1.1" 200 22
114.88.170.9 - - [07/Jun/2020:09:28:55 +0800] "GET /xingrg/all/function/internal_message.html?_=1591493336261&CODE_STATE=getMsg HTTP/1.1" 200 27
172.17.0.240 - - [07/Jun/2020:09:28:56 +0800] "GET /xingrg/system/rest/get_item.html?table=cuxiao&code=b3c15a48118d42cea7330a488dcbe8d7&_=1591493335077 HTTP/1.1" 200 309
172.17.0.240 - - [07/Jun/2020:09:28:56 +0800] "POST /xingrg/system/rest/edit_item.html HTTP/1.1" 200 40629
61.172.5.115 - - [07/Jun/2020:09:29:00 +0800] "GET /xingrg/all/function/internal_message.html?_=1591493343219&CODE_STATE=getMsg HTTP/1.1" 200 27
61.172.5.115 - - [07/Jun/2020:09:29:00 +0800] "GET /xingrg/check_reg.html?_=1591493343237 HTTP/1.1" 200 22
180.162.232.172 - - [07/Jun/2020:09:29:01 +0800] "GET /xingrg/check_reg.html?_=1591493472703 HTTP/1.1" 200 22
180.162.232.172 - - [07/Jun/2020:09:29:01 +0800] "GET /xingrg/all/function/internal_message.html?_=1591493472918&CODE_STATE=getMsg HTTP/1.1" 200 27
114.84.33.255 - - [07/Jun/2020:09:29:04 +0800] "GET /xingrg/all/function/internal_message.html?_=1591493346324&CODE_STATE=getMsg HTTP/1.1" 200 27
222.69.139.156 - - [07/Jun/2020:09:29:09 +0800] "GET /xingrg/all/function/internal_message.html?_=1591493349026&CODE_STATE=getMsg HTTP/1.1" 200 27
172.17.0.240 - - [07/Jun/2020:09:29:09 +0800] "POST /xingrg/system/rest/edit_item.html HTTP/1.1" 200 -
172.17.0.240 - - [07/Jun/2020:09:29:12 +0800] "POST /xingrg/system/rest/edit_item.html HTTP/1.1" 200 32
172.17.0.240 - - [07/Jun/2020:09:29:12 +0800] "GET /xingrg/system/rest/get_item.html?table=cuxiao&code=b3c15a48118d42cea7330a488dcbe8d7&_=1591493350418 HTTP/1.1" 200 309
180.162.232.172 - - [07/Jun/2020:09:29:12 +0800] "POST /xingrg/kc/buy/cgsh_order_operate.html HTTP/1.1" 200 37
172.17.0.240 - - [07/Jun/2020:09:29:13 +0800] "POST /xingrg/system/rest/edit_item.html HTTP/1.1" 200 39947
172.17.0.240 - - [07/Jun/2020:09:29:13 +0800] "GET /xingrg/system/rest/query_items.html?_=1591493351664&table=cuxiao&page=1&rows=10&key=&status=1 HTTP/1.1" 200 562
114.88.170.9 - - [07/Jun/2020:09:29:15 +0800] "POST /xingrg/kc/buy/cgsh_order_operate.html HTTP/1.1" 200 37
180.162.232.172 - - [07/Jun/2020:09:29:16 +0800] "POST /xingrg/kc/buy/cgsh_order_operate.html HTTP/1.1" 200 12
180.162.232.172 - - [07/Jun/2020:09:29:17 +0800] "GET /xingrg/kc/buy/cgsh_order_info.html?code=212020060702332 HTTP/1.1" 200 53561
114.88.170.9 - - [07/Jun/2020:09:29:17 +0800] "POST /xingrg/kc/buy/cgsh_order_operate.html HTTP/1.1" 200 46974
180.162.232.172 - - [07/Jun/2020:09:29:18 +0800] "GET /xingrg/javascript/easyui/themes/default/validatebox.css HTTP/1.1" 404 1104
180.162.232.172 - - [07/Jun/2020:09:29:18 +0800] "POST /xingrg/kc/buy/cgsh_order_operate.html HTTP/1.1" 200 24850
172.17.0.240 - - [07/Jun/2020:09:29:18 +0800] "GET /xingrg/system/rest/list_page.html?p=down HTTP/1.1" 200 20275
114.86.190.97 - - [07/Jun/2020:09:29:18 +0800] "GET /xingrg/kc/buy/cgsh_order_operate.html?command=get_materiel&rest_code=00148&code=00101006180&supplier_code=00100010&order_time=2020-06-07 HTTP/1.1" 200 423
172.17.0.240 - - [07/Jun/2020:09:29:19 +0800] "GET /xingrg/system/rest/query_items.html?_=1591493357494&table=down&tcode=&key= HTTP/1.1" 200 11731
114.88.170.9 - - [07/Jun/2020:09:29:20 +0800] "GET /xingrg/kc/buy/cgsh_order_add.html HTTP/1.1" 200 58734
114.88.170.9 - - [07/Jun/2020:09:29:20 +0800] "POST /xingrg/kc/buy/cgsh_order_operate.html HTTP/1.1" 200 8245
116.230.77.149 - - [07/Jun/2020:09:29:20 +0800] "GET /xingrg/check_reg.html?_=1591493362499 HTTP/1.1" 200 22
116.230.77.149 - - [07/Jun/2020:09:29:20 +0800] "GET /xingrg/all/function/internal_message.html?_=1591493362518&CODE_STATE=getMsg HTTP/1.1" 200 27
114.88.170.9 - - [07/Jun/2020:09:29:20 +0800] "GET /xingrg/javascript/easyui/themes/default/validatebox.css HTTP/1.1" 404 1104
180.162.232.172 - - [07/Jun/2020:09:29:20 +0800] "GET /xingrg/kc/print/load_data.html?order_code=212020060702332&kc_code=cgsh&condition= HTTP/1.1" 200 9929
172.17.0.240 - - [07/Jun/2020:09:29:24 +0800] "GET /xingrg/system/rest/get_item.html?table=down&code=cd34f40690c54f419923ea05788c49b2&_=1591493363071 HTTP/1.1" 200 210
172.17.0.240 - - [07/Jun/2020:09:29:24 +0800] "POST /xingrg/system/rest/edit_item.html HTTP/1.1" 200 27
172.17.0.240 - - [07/Jun/2020:09:29:24 +0800] "POST /xingrg/system/rest/get_infos.html HTTP/1.1" 200 401
172.17.0.240 - - [07/Jun/2020:09:29:24 +0800] "POST /xingrg/all/common/load_tree.html?tree=area_station_tree_json&defaultRests=1_4,1_7,1_10,1_11,1_12,1_14 HTTP/1.1" 200 2984
172.17.0.240 - - [07/Jun/2020:09:29:25 +0800] "GET /xingrg/javascript/jquery_easy_ui/themes/default/images/tree_checkbox_1.gif HTTP/1.1" 200 174
172.17.0.240 - - [07/Jun/2020:09:29:25 +0800] "GET /xingrg/javascript/jquery_easy_ui/themes/default/images/tree_checkbox_2.gif HTTP/1.1" 200 181
172.17.0.240 - - [07/Jun/2020:09:29:25 +0800] "GET /xingrg/javascript/jquery_easy_ui/themes/icons/area.png HTTP/1.1" 200 262
172.17.0.240 - - [07/Jun/2020:09:29:25 +0800] "GET /xingrg/javascript/jquery_easy_ui/themes/icons/manage.png HTTP/1.1" 200 696
172.17.0.240 - - [07/Jun/2020:09:29:25 +0800] "GET /xingrg/javascript/jquery_easy_ui/themes/default/images/tree_checkbox_0.gif HTTP/1.1" 200 168
172.17.0.240 - - [07/Jun/2020:09:29:25 +0800] "GET /xingrg/javascript/jquery_easy_ui/themes/icons/rest.png HTTP/1.1" 200 695
120.253.135.82 - - [07/Jun/2020:09:29:27 +0800] "GET /xingrg/all/function/internal_message.html?_=1591493498388&CODE_STATE=getMsg HTTP/1.1" 200 27
114.88.170.9 - - [07/Jun/2020:09:29:27 +0800] "GET /xingrg/kc/buy/cgsh_order_operate.html?command=get_materiel&rest_code=00111&code=00101006111&supplier_code=00100012&order_time=2020-06-07 HTTP/1.1" 200 409
120.253.135.82 - - [07/Jun/2020:09:29:28 +0800] "GET /xingrg/all/function/internal_message.html?_=1591493124611&CODE_STATE=getMsg HTTP/1.1" 200 27
114.88.170.9 - - [07/Jun/2020:09:29:34 +0800] "GET /xingrg/kc/buy/cgsh_order_operate.html?command=get_materiel&rest_code=00111&code=00101006144&supplier_code=00100012&order_time=2020-06-07 HTTP/1.1" 200 409
114.88.170.9 - - [07/Jun/2020:09:29:35 +0800] "GET /xingrg/all/function/internal_message.html?_=1591493370929&CODE_STATE=getMsg HTTP/1.1" 200 27
117.184.7.26 - - [07/Jun/2020:09:29:36 +0800] "GET /xingrg/all/function/internal_message.html?_=1591493365645&CODE_STATE=getMsg HTTP/1.1" 200 27
114.86.190.97 - - [07/Jun/2020:09:29:37 +0800] "GET /xingrg/kc/buy/cgsh_order_operate.html?command=get_materiel&rest_code=00148&code=00101006109&supplier_code=00100010&order_time=2020-06-07 HTTP/1.1" 200 409
172.17.0.240 - - [07/Jun/2020:09:29:38 +0800] "GET /xingrg/all/function/internal_message.html?_=1591493377175&CODE_STATE=getMsg HTTP/1.1" 200 27
61.172.5.115 - - [07/Jun/2020:09:29:40 +0800] "GET /xingrg/all/function/internal_message.html?_=1591493379088&CODE_STATE=getMsg HTTP/1.1" 302 -
117.131.5.26 - - [07/Jun/2020:09:29:40 +0800] "GET /xingrg/all/function/internal_message.html?_=1591493745074&CODE_STATE=getMsg HTTP/1.1" 200 27
114.86.227.140 - - [07/Jun/2020:09:29:41 +0800] "GET /xingrg/check_reg.html?_=1591493530406 HTTP/1.1" 200 22
114.86.227.140 - - [07/Jun/2020:09:29:41 +0800] "GET /xingrg/all/function/internal_message.html?_=1591493530406&CODE_STATE=getMsg HTTP/1.1" 200 27
120.253.135.82 - - [07/Jun/2020:09:29:41 +0800] "GET /xingrg/all/function/internal_message.html?_=1591493081960&CODE_STATE=getMsg HTTP/1.1" 302 -
114.88.170.9 - - [07/Jun/2020:09:29:41 +0800] "GET /xingrg/kc/buy/cgsh_order_operate.html?command=get_materiel&rest_code=00111&code=00101006177&supplier_code=00100012&order_time=2020-06-07 HTTP/1.1" 200 409
120.253.135.82 - - [07/Jun/2020:09:29:42 +0800] "GET /xingrg/all/function/internal_message.html?_=1591493082306&CODE_STATE=getMsg HTTP/1.1" 302 -
180.174.212.189 - - [07/Jun/2020:09:29:44 +0800] "GET /xingrg/all/function/internal_message.html?_=1591493589142&CODE_STATE=getMsg HTTP/1.1" 200 27
114.86.190.97 - - [07/Jun/2020:09:29:45 +0800] "GET /xingrg/check_reg.html?_=1591493385413 HTTP/1.1" 200 22
114.86.190.97 - - [07/Jun/2020:09:29:45 +0800] "GET /xingrg/all/function/internal_message.html?_=1591493385740&CODE_STATE=getMsg HTTP/1.1" 200 27
172.17.0.185 - - [07/Jun/2020:09:29:47 +0800] "GET /xingrg/all/function/internal_message.html?_=1591493386261&CODE_STATE=getMsg HTTP/1.1" 200 27
116.233.79.27 - - [07/Jun/2020:09:29:47 +0800] "GET /xingrg/check_reg.html?_=1591493387825 HTTP/1.1" 200 22
116.233.79.27 - - [07/Jun/2020:09:29:47 +0800] "GET /xingrg/all/function/internal_message.html?_=1591493387836&CODE_STATE=getMsg HTTP/1.1" 200 27
58.40.7.146 - - [07/Jun/2020:09:29:48 +0800] "GET /xingrg/all/function/internal_message.html?_=1591493388908&CODE_STATE=getMsg HTTP/1.1" 200 27
180.162.232.172 - - [07/Jun/2020:09:29:49 +0800] "GET /xingrg/all/function/internal_message.html?_=1591493389017&CODE_STATE=getMsg HTTP/1.1" 200 27
114.88.170.9 - - [07/Jun/2020:09:29:51 +0800] "GET /xingrg/kc/buy/cgsh_order_operate.html?command=get_materiel&rest_code=00111&code=00101007048&supplier_code=00100012&order_time=2020-06-07 HTTP/1.1" 200 408
114.84.33.255 - - [07/Jun/2020:09:29:51 +0800] "GET /xingrg/all/function/internal_message.html?_=1591493392870&CODE_STATE=getMsg HTTP/1.1" 200 27
180.162.232.172 - - [07/Jun/2020:09:29:52 +0800] "POST /xingrg/all/user/operate.html HTTP/1.1" 200 36
180.162.232.172 - - [07/Jun/2020:09:29:52 +0800] "GET /xingrg/index.html?sysBaseUrl=http%3A%2F%2F180.169.147.146%3A18081%2Fxingrg%2F&costTime=39×tamp=1591491597777 HTTP/1.1" 200 17177
180.162.232.172 - - [07/Jun/2020:09:29:52 +0800] "GET /xingrg/javascript/jquery_easy_ui/themes/default/easyui.css HTTP/1.1" 304 -
180.162.232.172 - - [07/Jun/2020:09:29:52 +0800] "GET /xingrg/javascript/jquery_easy_ui/themes/icon.css HTTP/1.1" 304 -
180.162.232.172 - - [07/Jun/2020:09:29:52 +0800] "GET /xingrg/css/form.css HTTP/1.1" 304 -
180.162.232.172 - - [07/Jun/2020:09:29:52 +0800] "GET /xingrg/javascript/jquery-1.4.2.min.js HTTP/1.1" 304 -
180.162.232.172 - - [07/Jun/2020:09:29:52 +0800] "GET /xingrg/javascript/jquery_easy_ui/jquery.easyui.min.js HTTP/1.1" 304 -
180.162.232.172 - - [07/Jun/2020:09:29:52 +0800] "GET /xingrg/javascript/jquery_easy_ui/easyui-lang-zh_CN.js HTTP/1.1" 304 -
180.162.232.172 - - [07/Jun/2020:09:29:52 +0800] "GET /xingrg/javascript/jquery.form.js HTTP/1.1" 304 -
180.162.232.172 - - [07/Jun/2020:09:29:52 +0800] "GET /xingrg/javascript/jquery.utils.js HTTP/1.1" 304 -
180.162.232.172 - - [07/Jun/2020:09:29:52 +0800] "GET /xingrg/javascript/jquery.timers.js HTTP/1.1" 304 -
180.162.232.172 - - [07/Jun/2020:09:29:52 +0800] "GET /xingrg/images/blue/jxLogo.png HTTP/1.1" 304 -
180.162.232.172 - - [07/Jun/2020:09:29:52 +0800] "GET /xingrg/javascript/jquery_easy_ui/themes/icons/settle_new.png HTTP/1.1" 304 -
180.162.232.172 - - [07/Jun/2020:09:29:52 +0800] "GET /xingrg/images/blue/navBackgound.jpg HTTP/1.1" 304 -
180.162.232.172 - - [07/Jun/2020:09:29:52 +0800] "POST /xingrg/all/common/load_tree.html?tree=area_rest_tree_json&manage=1 HTTP/1.1" 200 476
180.162.232.172 - - [07/Jun/2020:09:29:52 +0800] "GET /xingrg/all/function/internal_message.html?_=1591493392331&CODE_STATE=count HTTP/1.1" 200 11
180.162.232.172 - - [07/Jun/2020:09:29:52 +0800] "GET /xingrg/javascript/jquery_easy_ui/themes/default/images/panel_tool_collapse.gif HTTP/1.1" 304 -
180.162.232.172 - - [07/Jun/2020:09:29:52 +0800] "GET /xingrg/check_reg.html?_=1591493392332 HTTP/1.1" 200 22
180.162.232.172 - - [07/Jun/2020:09:29:52 +0800] "GET /xingrg/javascript/jquery_easy_ui/themes/default/images/tabs_rightarrow.png HTTP/1.1" 304 -
180.162.232.172 - - [07/Jun/2020:09:29:52 +0800] "GET /xingrg/images/blue/pingpu.png HTTP/1.1" 304 -
180.162.232.172 - - [07/Jun/2020:09:29:52 +0800] "GET /xingrg/javascript/jquery_easy_ui/themes/default/images/tabs_leftarrow.png HTTP/1.1" 304 -
180.162.232.172 - - [07/Jun/2020:09:29:52 +0800] "POST /xingrg/load_menu.html HTTP/1.1" 200 5138
58.40.7.146 - - [07/Jun/2020:09:29:53 +0800] "GET /xingrg/all/function/internal_message.html?_=1591493393161&CODE_STATE=getMsg HTTP/1.1" 200 27
172.17.0.110 - - [07/Jun/2020:09:29:54 +0800] "GET /xingrg/all/function/internal_message.html?_=1591493392482&CODE_STATE=getMsg HTTP/1.1" 200 27
114.84.32.201 - - [07/Jun/2020:09:29:54 +0800] "GET /xingrg/all/function/internal_message.html?_=1591493397537&CODE_STATE=getMsg HTTP/1.1" 200 27
180.162.232.172 - - [07/Jun/2020:09:29:54 +0800] "GET /xingrg/kc/buy/cgsh_order_list.html HTTP/1.1" 200 43000
114.84.33.255 - - [07/Jun/2020:09:29:55 +0800] "GET /xingrg/check_reg.html?_=1591493396750 HTTP/1.1" 200 22
180.162.232.172 - - [07/Jun/2020:09:29:55 +0800] "POST /xingrg/kc/buy/cgsh_list_operate.html HTTP/1.1" 200 1716
114.88.170.9 - - [07/Jun/2020:09:29:55 +0800] "GET /xingrg/all/function/internal_message.html?_=1591493396286&CODE_STATE=getMsg HTTP/1.1" 200 27
180.162.232.172 - - [07/Jun/2020:09:29:56 +0800] "GET /xingrg/kc/buy/cgsh_order_add.html HTTP/1.1" 200 58376
180.162.232.172 - - [07/Jun/2020:09:29:56 +0800] "POST /xingrg/kc/buy/cgsh_order_operate.html HTTP/1.1" 200 8245
180.162.232.172 - - [07/Jun/2020:09:29:56 +0800] "GET /xingrg/javascript/easyui/themes/default/validatebox.css HTTP/1.1" 404 1104
180.162.232.172 - - [07/Jun/2020:09:29:57 +0800] "GET /xingrg/javascript/auto/indicator.gif HTTP/1.1" 404 1066
114.88.170.9 - - [07/Jun/2020:09:29:59 +0800] "GET /xingrg/kc/buy/cgsh_order_operate.html?command=get_materiel&rest_code=00111&code=00101006055&supplier_code=00100012&order_time=2020-06-07 HTTP/1.1" 200 409
114.86.227.140 - - [07/Jun/2020:09:29:59 +0800] "GET /xingrg/kc/buy/cgsh_order_operate.html?command=get_materiel&rest_code=00109&code=00101008190&supplier_code=00100005&order_time=2020-06-07 HTTP/1.1" 200 412
61.172.5.115 - - [07/Jun/2020:09:30:00 +0800] "GET /xingrg/all/function/internal_message.html?_=1591493403204&CODE_STATE=getMsg HTTP/1.1" 200 27
180.162.232.172 - - [07/Jun/2020:09:30:01 +0800] "GET /xingrg/all/function/internal_message.html?_=1591493532932&CODE_STATE=getMsg HTTP/1.1" 200 27
114.86.190.97 - - [07/Jun/2020:09:30:02 +0800] "GET /xingrg/kc/buy/cgsh_order_operate.html?command=get_materiel&rest_code=00148&code=00101006133&supplier_code=00100010&order_time=2020-06-07 HTTP/1.1" 200 413
180.162.232.172 - - [07/Jun/2020:09:30:03 +0800] "GET /xingrg/kc/buy/cgsh_order_operate.html?command=get_materiel&rest_code=00151&code=00101012039&supplier_code=00100007&order_time=2020-06-07 HTTP/1.1" 200 408
114.86.227.140 - - [07/Jun/2020:09:30:04 +0800] "GET /xingrg/kc/buy/cgsh_order_operate.html?command=get_materiel&rest_code=00109&code=00101008032&supplier_code=00100005&order_time=2020-06-07 HTTP/1.1" 200 408
114.84.33.255 - - [07/Jun/2020:09:30:04 +0800] "GET /xingrg/all/function/internal_message.html?_=1591493406330&CODE_STATE=getMsg HTTP/1.1" 200 27
114.88.170.9 - - [07/Jun/2020:09:30:06 +0800] "GET /xingrg/kc/buy/cgsh_order_operate.html?command=get_materiel&rest_code=00111&code=00101006056&supplier_code=00100012&order_time=2020-06-07 HTTP/1.1" 200 413
222.69.139.156 - - [07/Jun/2020:09:30:09 +0800] "GET /xingrg/all/function/internal_message.html?_=1591493409005&CODE_STATE=getMsg HTTP/1.1" 200 27
114.86.227.140 - - [07/Jun/2020:09:30:09 +0800] "GET /xingrg/kc/buy/cgsh_order_operate.html?command=get_materiel&rest_code=00109&code=00101008209&supplier_code=00100005&order_time=2020-06-07 HTTP/1.1" 200 408
180.162.232.172 - - [07/Jun/2020:09:30:11 +0800] "GET /xingrg/kc/buy/cgsh_order_operate.html?command=get_materiel&rest_code=00151&code=00101016038&supplier_code=00100007&order_time=2020-06-07 HTTP/1.1" 200 408
114.86.190.97 - - [07/Jun/2020:09:30:12 +0800] "GET /xingrg/kc/buy/cgsh_order_operate.html?command=get_materiel&rest_code=00148&code=00101006177&supplier_code=00100010&order_time=2020-06-07 HTTP/1.1" 200 409
114.88.170.9 - - [07/Jun/2020:09:30:13 +0800] "GET /xingrg/kc/buy/cgsh_order_operate.html?command=get_materiel&rest_code=00111&code=00101006065&supplier_code=00100012&order_time=2020-06-07 HTTP/1.1" 200 409
180.162.232.172 - - [07/Jun/2020:09:30:14 +0800] "GET /xingrg/javascript/jquery_tools/images/next.gif HTTP/1.1" 404 1086
180.162.232.172 - - [07/Jun/2020:09:30:15 +0800] "GET /xingrg/javascript/jquery_tools/images/prev.gif HTTP/1.1" 404 1086
114.86.190.97 - - [07/Jun/2020:09:30:15 +0800] "GET /xingrg/system/info/materiel_import.html?isSelect=1&singleSelect=false HTTP/1.1" 200 5600
114.86.190.97 - - [07/Jun/2020:09:30:15 +0800] "POST /xingrg/all/common/load_tree.html?tree=materiel_sort_tree_json HTTP/1.1" 200 8666
180.162.232.172 - - [07/Jun/2020:09:30:15 +0800] "GET /xingrg/kc/buy/cgsh_order_operate.html?command=get_materiel&rest_code=00151&code=00101008323&supplier_code=00100007&order_time=2020-06-07 HTTP/1.1" 200 428
114.86.227.140 - - [07/Jun/2020:09:30:15 +0800] "GET /xingrg/kc/buy/cgsh_order_operate.html?command=get_materiel&rest_code=00109&code=00101008297&supplier_code=00100005&order_time=2020-06-07 HTTP/1.1" 200 412
114.86.190.97 - - [07/Jun/2020:09:30:15 +0800] "GET /favicon.ico HTTP/1.1" 404 -
120.253.135.82 - - [07/Jun/2020:09:30:16 +0800] "GET /xingrg/check_reg.html?_=1591493547725 HTTP/1.1" 200 22
114.86.227.140 - - [07/Jun/2020:09:30:17 +0800] "POST /xingrg/kc/buy/cgsh_order_operate.html HTTP/1.1" 200 2065
114.88.170.9 - - [07/Jun/2020:09:30:19 +0800] "POST /xingrg/kc/buy/cgsh_order_operate.html HTTP/1.1" 200 37
114.88.170.9 - - [07/Jun/2020:09:30:20 +0800] "POST /xingrg/kc/buy/cgsh_order_operate.html HTTP/1.1" 200 6195
116.230.77.149 - - [07/Jun/2020:09:30:20 +0800] "GET /xingrg/all/function/internal_message.html?_=1591493422495&CODE_STATE=getMsg HTTP/1.1" 200 27
114.86.227.140 - - [07/Jun/2020:09:30:20 +0800] "GET /xingrg/kc/buy/cgsh_order_operate.html?command=get_materiel&rest_code=00109&code=00101008155&supplier_code=00100005&order_time=2020-06-07 HTTP/1.1" 200 408
114.88.170.9 - - [07/Jun/2020:09:30:21 +0800] "GET /xingrg/kc/print/load_data.html?order_code=212020060702342&kc_code=cgsh&condition= HTTP/1.1" 200 2104
180.162.232.172 - - [07/Jun/2020:09:30:21 +0800] "GET /xingrg/kc/buy/cgsh_order_operate.html?command=get_materiel&rest_code=00151&code=00101008344&supplier_code=00100007&order_time=2020-06-07 HTTP/1.1" 200 412
114.86.190.97 - - [07/Jun/2020:09:30:26 +0800] "GET /xingrg/kc/buy/cgsh_order_operate.html?command=get_materiel&rest_code=00148&code=00101006174&supplier_code=00100010&order_time=2020-06-07 HTTP/1.1" 200 415
120.253.135.82 - - [07/Jun/2020:09:30:27 +0800] "GET /xingrg/all/function/internal_message.html?_=1591493558394&CODE_STATE=getMsg HTTP/1.1" 200 27
114.86.227.140 - - [07/Jun/2020:09:30:27 +0800] "GET /xingrg/kc/buy/cgsh_order_operate.html?command=get_materiel&rest_code=00109&code=00101008331&supplier_code=00100005&order_time=2020-06-07 HTTP/1.1" 200 416
172.17.0.240 - - [07/Jun/2020:09:30:28 +0800] "GET /xingrg/system/rest/list_page.html?p=menu HTTP/1.1" 200 112698
172.17.0.240 - - [07/Jun/2020:09:30:28 +0800] "GET /xingrg/dwr/interface/AjaxGetFirstChart.js HTTP/1.1" 200 631
172.17.0.240 - - [07/Jun/2020:09:30:29 +0800] "GET /xingrg/dwr/engine.js HTTP/1.1" 200 43631
120.253.135.82 - - [07/Jun/2020:09:30:29 +0800] "GET /xingrg/all/function/internal_message.html?_=1591493184669&CODE_STATE=getMsg HTTP/1.1" 200 27
172.17.0.240 - - [07/Jun/2020:09:30:29 +0800] "GET /xingrg/system/rest/query_items.html?_=1591493427860&table=menu&page=1&rows=20&categoryId=&key= HTTP/1.1" 200 4729
172.17.0.240 - - [07/Jun/2020:09:30:31 +0800] "GET /xingrg/system/rest/query_items.html?_=1591493429394&table=menu&page=1&rows=20&categoryId=&key=%25E6%25B5%25B7%25E9%2592%2593%25E5%25A4%25A7%25E9%25BB%2584%25E9%25B1%25BC HTTP/1.1" 200 21
114.86.227.140 - - [07/Jun/2020:09:30:32 +0800] "GET /xingrg/kc/buy/cgsh_order_operate.html?command=get_materiel&rest_code=00109&code=00101008350&supplier_code=00100005&order_time=2020-06-07 HTTP/1.1" 200 408
114.86.190.97 - - [07/Jun/2020:09:30:32 +0800] "GET /xingrg/kc/buy/cgsh_order_operate.html?command=get_materiel&rest_code=00148&code=00101006011&supplier_code=00100010&order_time=2020-06-07 HTTP/1.1" 200 409
172.17.0.240 - - [07/Jun/2020:09:30:33 +0800] "GET /xingrg/system/rest/query_items.html?_=1591493432005&table=menu&page=1&rows=20&categoryId=&key=%25E5%25A4%25A7%25E9%25BB%2584%25E9%25B1%25BC HTTP/1.1" 200 3557
180.162.232.172 - - [07/Jun/2020:09:30:34 +0800] "GET /xingrg/kc/buy/cgsh_order_operate.html?command=get_materiel&rest_code=00151&code=00101008372&supplier_code=00100007&order_time=2020-06-07 HTTP/1.1" 200 408
172.17.0.240 - - [07/Jun/2020:09:30:35 +0800] "GET /xingrg/system/rest/query_items.html?_=1591493434100&table=menu&page=1&rows=20&categoryId=&key=%25E5%25A4%25A7%25E9%25BB%2584%25E9%25B1%25BC HTTP/1.1" 200 3557
114.88.170.9 - - [07/Jun/2020:09:30:35 +0800] "GET /xingrg/all/function/internal_message.html?_=1591493430942&CODE_STATE=getMsg HTTP/1.1" 200 27
117.184.7.26 - - [07/Jun/2020:09:30:36 +0800] "GET /xingrg/all/function/internal_message.html?_=1591493425631&CODE_STATE=getMsg HTTP/1.1" 200 27
114.86.227.140 - - [07/Jun/2020:09:30:37 +0800] "GET /xingrg/kc/buy/cgsh_order_operate.html?command=get_materiel&rest_code=00109&code=00101008290&supplier_code=00100005&order_time=2020-06-07 HTTP/1.1" 200 416
114.86.227.140 - - [07/Jun/2020:09:30:38 +0800] "GET /xingrg/all/function/internal_message.html?_=1591493590401&CODE_STATE=getMsg HTTP/1.1" 200 27
172.17.0.240 - - [07/Jun/2020:09:30:38 +0800] "GET /xingrg/all/function/internal_message.html?_=1591493437181&CODE_STATE=getMsg HTTP/1.1" 200 27
61.172.5.115 - - [07/Jun/2020:09:30:38 +0800] "GET /xingrg/kc/buy/cgsh_order_operate.html?command=get_materiel&rest_code=00105&code=00101009016&supplier_code=00100024&order_time=2020-06-07 HTTP/1.1" 200 412
180.162.232.172 - - [07/Jun/2020:09:30:40 +0800] "GET /xingrg/kc/buy/cgsh_order_operate.html?command=get_materiel&rest_code=00151&code=00101008300&supplier_code=00100007&order_time=2020-06-07 HTTP/1.1" 200 412
61.172.5.115 - - [07/Jun/2020:09:30:40 +0800] "GET /xingrg/all/function/internal_message.html?_=1591493439074&CODE_STATE=getMsg HTTP/1.1" 302 -
117.131.5.26 - - [07/Jun/2020:09:30:40 +0800] "GET /xingrg/all/function/internal_message.html?_=1591493805086&CODE_STATE=getMsg HTTP/1.1" 200 27
114.86.227.140 - - [07/Jun/2020:09:30:41 +0800] "GET /xingrg/kc/buy/cgsh_order_operate.html?command=get_materiel&rest_code=00109&code=00101008223&supplier_code=00100005&order_time=2020-06-07 HTTP/1.1" 200 412
120.253.135.82 - - [07/Jun/2020:09:30:41 +0800] "GET /xingrg/all/function/internal_message.html?_=1591493141938&CODE_STATE=getMsg HTTP/1.1" 302 -
120.253.135.82 - - [07/Jun/2020:09:30:42 +0800] "GET /xingrg/all/function/internal_message.html?_=1591493142286&CODE_STATE=getMsg HTTP/1.1" 302 -
114.86.227.140 - - [07/Jun/2020:09:30:43 +0800] "POST /xingrg/kc/buy/cgsh_order_operate.html HTTP/1.1" 200 2065
180.174.212.189 - - [07/Jun/2020:09:30:44 +0800] "GET /xingrg/all/function/internal_message.html?_=1591493649342&CODE_STATE=getMsg HTTP/1.1" 200 27
114.86.190.97 - - [07/Jun/2020:09:30:45 +0800] "GET /xingrg/all/function/internal_message.html?_=1591493445737&CODE_STATE=getMsg HTTP/1.1" 200 27
172.17.0.185 - - [07/Jun/2020:09:30:47 +0800] "GET /xingrg/all/function/internal_message.html?_=1591493446247&CODE_STATE=getMsg HTTP/1.1" 200 27
180.162.232.172 - - [07/Jun/2020:09:30:47 +0800] "GET /xingrg/kc/buy/cgsh_order_operate.html?command=get_materiel&rest_code=00151&code=00101008349&supplier_code=00100007&order_time=2020-06-07 HTTP/1.1" 200 412
114.86.227.140 - - [07/Jun/2020:09:30:47 +0800] "GET /xingrg/kc/buy/cgsh_order_operate.html?command=get_materiel&rest_code=00109&code=00101015006&supplier_code=00100005&order_time=2020-06-07 HTTP/1.1" 200 412
116.233.79.27 - - [07/Jun/2020:09:30:47 +0800] "GET /xingrg/all/function/internal_message.html?_=1591493447821&CODE_STATE=getMsg HTTP/1.1" 200 27
58.40.7.146 - - [07/Jun/2020:09:30:48 +0800] "GET /xingrg/check_reg.html?_=1591493448911 HTTP/1.1" 200 22
58.40.7.146 - - [07/Jun/2020:09:30:48 +0800] "GET /xingrg/all/function/internal_message.html?_=1591493448912&CODE_STATE=getMsg HTTP/1.1" 200 27
114.84.33.255 - - [07/Jun/2020:09:30:51 +0800] "GET /xingrg/all/function/internal_message.html?_=1591493452909&CODE_STATE=getMsg HTTP/1.1" 200 27
180.162.232.172 - - [07/Jun/2020:09:30:52 +0800] "GET /xingrg/all/function/internal_message.html?_=1591493452381&CODE_STATE=getMsg HTTP/1.1" 200 27
58.40.7.146 - - [07/Jun/2020:09:30:53 +0800] "GET /xingrg/all/function/internal_message.html?_=1591493453164&CODE_STATE=getMsg HTTP/1.1" 200 27
58.40.7.146 - - [07/Jun/2020:09:30:53 +0800] "GET /xingrg/check_reg.html?_=1591493453166 HTTP/1.1" 200 22
172.17.0.110 - - [07/Jun/2020:09:30:54 +0800] "GET /xingrg/all/function/internal_message.html?_=1591493452477&CODE_STATE=getMsg HTTP/1.1" 200 27
172.17.0.110 - - [07/Jun/2020:09:30:54 +0800] "GET /xingrg/check_reg.html?_=1591493452613 HTTP/1.1" 200 22
114.84.32.201 - - [07/Jun/2020:09:30:54 +0800] "GET /xingrg/all/function/internal_message.html?_=1591493457536&CODE_STATE=getMsg HTTP/1.1" 200 27
114.86.227.140 - - [07/Jun/2020:09:30:55 +0800] "GET /xingrg/kc/buy/cgsh_order_operate.html?command=get_materiel&rest_code=00109&code=00101008006&supplier_code=00100005&order_time=2020-06-07 HTTP/1.1" 200 416
114.88.170.9 - - [07/Jun/2020:09:30:55 +0800] "GET /xingrg/all/function/internal_message.html?_=1591493456128&CODE_STATE=getMsg HTTP/1.1" 200 27
172.17.0.240 - - [07/Jun/2020:09:30:56 +0800] "GET /xingrg/system/rest/get_item.html?table=menu&id=1915&_=1591493454280 HTTP/1.1" 200 945
172.17.0.240 - - [07/Jun/2020:09:30:56 +0800] "GET /xingrg/system/rest/get_item.html?table=menu&target=menu_rest&id=1915&_=1591493454309 HTTP/1.1" 200 764
172.17.0.240 - - [07/Jun/2020:09:30:56 +0800] "GET /xingrg/system/rest/get_item.html?table=menu&target=cook_mode&id=1915&_=1591493454309 HTTP/1.1" 200 10025
172.17.0.240 - - [07/Jun/2020:09:30:56 +0800] "GET /xingrg/system/rest/get_infos.html?command=menu_img_show&id=1915 HTTP/1.1" 200 5
180.162.232.172 - - [07/Jun/2020:09:30:58 +0800] "GET /xingrg/kc/buy/cgsh_order_operate.html?command=get_materiel&rest_code=00151&code=00101008351&supplier_code=00100007&order_time=2020-06-07 HTTP/1.1" 200 408
114.86.227.140 - - [07/Jun/2020:09:31:00 +0800] "GET /xingrg/kc/buy/cgsh_order_operate.html?command=get_materiel&rest_code=00109&code=00101008098&supplier_code=00100005&order_time=2020-06-07 HTTP/1.1" 200 412
61.172.5.115 - - [07/Jun/2020:09:31:00 +0800] "GET /xingrg/all/function/internal_message.html?_=1591493463218&CODE_STATE=getMsg HTTP/1.1" 200 27
180.162.232.172 - - [07/Jun/2020:09:31:01 +0800] "GET /xingrg/all/function/internal_message.html?_=1591493592945&CODE_STATE=getMsg HTTP/1.1" 200 27
61.172.5.115 - - [07/Jun/2020:09:31:02 +0800] "GET /xingrg/kc/buy/cgsh_order_operate.html?command=get_materiel&rest_code=00105&code=00101009013&supplier_code=00100024&order_time=2020-06-07 HTTP/1.1" 200 420
114.84.33.255 - - [07/Jun/2020:09:31:05 +0800] "GET /xingrg/all/function/internal_message.html?_=1591493466342&CODE_STATE=getMsg HTTP/1.1" 200 27
114.86.227.140 - - [07/Jun/2020:09:31:05 +0800] "GET /xingrg/kc/buy/cgsh_order_operate.html?command=get_materiel&rest_code=00109&code=00101008353&supplier_code=00100005&order_time=2020-06-07 HTTP/1.1" 200 408
222.69.139.156 - - [07/Jun/2020:09:31:09 +0800] "GET /xingrg/all/function/internal_message.html?_=1591493468981&CODE_STATE=getMsg HTTP/1.1" 200 27
222.69.139.156 - - [07/Jun/2020:09:31:09 +0800] "GET /xingrg/check_reg.html?_=1591493469227 HTTP/1.1" 200 22
114.86.227.140 - - [07/Jun/2020:09:31:10 +0800] "GET /xingrg/kc/buy/cgsh_order_operate.html?command=get_materiel&rest_code=00109&code=00101008236&supplier_code=00100005&order_time=2020-06-07 HTTP/1.1" 200 416
114.86.227.140 - - [07/Jun/2020:09:31:12 +0800] "POST /xingrg/kc/buy/cgsh_order_operate.html HTTP/1.1" 200 2065
120.253.135.82 - - [07/Jun/2020:09:31:18 +0800] "GET /xingrg/check_reg.html?_=1591493234563 HTTP/1.1" 200 22
114.86.227.140 - - [07/Jun/2020:09:31:20 +0800] "GET /xingrg/kc/buy/cgsh_order_operate.html?command=get_materiel&rest_code=00109&code=00101008168&supplier_code=00100005&order_time=2020-06-07 HTTP/1.1" 200 413
116.230.77.149 - - [07/Jun/2020:09:31:20 +0800] "GET /xingrg/all/function/internal_message.html?_=1591493482487&CODE_STATE=getMsg HTTP/1.1" 200 27
180.174.212.189 - - [07/Jun/2020:09:31:23 +0800] "GET /xingrg/kc/buy/cgsh_order_add.html HTTP/1.1" 200 58646
180.174.212.189 - - [07/Jun/2020:09:31:24 +0800] "POST /xingrg/kc/buy/cgsh_order_operate.html HTTP/1.1" 200 8245
180.174.212.189 - - [07/Jun/2020:09:31:25 +0800] "GET /xingrg/javascript/easyui/themes/default/validatebox.css HTTP/1.1" 404 1104
114.86.227.140 - - [07/Jun/2020:09:31:25 +0800] "GET /xingrg/kc/buy/cgsh_order_operate.html?command=get_materiel&rest_code=00109&code=00101008123&supplier_code=00100005&order_time=2020-06-07 HTTP/1.1" 200 413
180.174.212.189 - - [07/Jun/2020:09:31:25 +0800] "GET /xingrg/javascript/easyui/plugins/jquery.draggable.js HTTP/1.1" 304 -
180.174.212.189 - - [07/Jun/2020:09:31:25 +0800] "GET /xingrg/css/images/panel_loading.gif HTTP/1.1" 304 -
180.174.212.189 - - [07/Jun/2020:09:31:26 +0800] "GET /xingrg/javascript/easyui/plugins/jquery.droppable.js HTTP/1.1" 304 -
180.174.212.189 - - [07/Jun/2020:09:31:26 +0800] "GET /xingrg/javascript/easyui/themes/default/tree.css HTTP/1.1" 404 1090
180.174.212.189 - - [07/Jun/2020:09:31:26 +0800] "GET /xingrg/javascript/easyui/plugins/jquery.tree.js HTTP/1.1" 304 -
180.174.212.189 - - [07/Jun/2020:09:31:26 +0800] "POST /xingrg/all/common/load_tree.html?tree=supplier_tree_json&isDelete=1 HTTP/1.1" 200 48460
120.253.135.82 - - [07/Jun/2020:09:31:27 +0800] "GET /xingrg/all/function/internal_message.html?_=1591493618408&CODE_STATE=getMsg HTTP/1.1" 200 27
180.162.232.172 - - [07/Jun/2020:09:31:27 +0800] "GET /xingrg/kc/buy/cgsh_order_operate.html?command=get_materiel&rest_code=00151&code=00101008067&supplier_code=00100007&order_time=2020-06-07 HTTP/1.1" 200 416
180.174.212.189 - - [07/Jun/2020:09:31:28 +0800] "GET /xingrg/javascript/easyui/themes/default/images/tree_arrows.gif HTTP/1.1" 304 -
180.174.212.189 - - [07/Jun/2020:09:31:28 +0800] "GET /xingrg/javascript/easyui/themes/default/images/tree_folder.gif HTTP/1.1" 304 -
180.174.212.189 - - [07/Jun/2020:09:31:28 +0800] "GET /xingrg/javascript/easyui/themes/default/images/tree_file.gif HTTP/1.1" 304 -
180.174.212.189 - - [07/Jun/2020:09:31:28 +0800] "GET /xingrg/javascript/easyui/themes/default/images/tree_folder_open.gif HTTP/1.1" 304 -
120.253.135.82 - - [07/Jun/2020:09:31:29 +0800] "GET /xingrg/all/function/internal_message.html?_=1591493244684&CODE_STATE=getMsg HTTP/1.1" 200 27
114.86.227.140 - - [07/Jun/2020:09:31:30 +0800] "GET /xingrg/kc/buy/cgsh_order_operate.html?command=get_materiel&rest_code=00109&code=00101008041&supplier_code=00100005&order_time=2020-06-07 HTTP/1.1" 200 408
114.86.227.140 - - [07/Jun/2020:09:31:34 +0800] "GET /xingrg/all/function/internal_message.html?_=1591493650469&CODE_STATE=getMsg HTTP/1.1" 200 27
117.184.7.26 - - [07/Jun/2020:09:31:36 +0800] "GET /xingrg/all/function/internal_message.html?_=1591493485616&CODE_STATE=getMsg HTTP/1.1" 200 27
114.88.170.9 - - [07/Jun/2020:09:31:36 +0800] "GET /xingrg/all/function/internal_message.html?_=1591493491341&CODE_STATE=getMsg HTTP/1.1" 200 27
117.184.7.26 - - [07/Jun/2020:09:31:36 +0800] "GET /xingrg/check_reg.html?_=1591493486102 HTTP/1.1" 200 22
114.86.227.140 - - [07/Jun/2020:09:31:37 +0800] "GET /xingrg/kc/buy/cgsh_order_operate.html?command=get_materiel&rest_code=00109&code=00101015062&supplier_code=00100005&order_time=2020-06-07 HTTP/1.1" 200 412
172.17.0.240 - - [07/Jun/2020:09:31:38 +0800] "GET /xingrg/all/function/internal_message.html?_=1591493497175&CODE_STATE=getMsg HTTP/1.1" 200 27
61.172.5.115 - - [07/Jun/2020:09:31:40 +0800] "GET /xingrg/check_reg.html?_=1591493499028 HTTP/1.1" 302 -
61.172.5.115 - - [07/Jun/2020:09:31:40 +0800] "GET /xingrg/all/function/internal_message.html?_=1591493499075&CODE_STATE=getMsg HTTP/1.1" 302 -
117.131.5.26 - - [07/Jun/2020:09:31:40 +0800] "GET /xingrg/check_reg.html?_=1591493865067 HTTP/1.1" 200 22
117.131.5.26 - - [07/Jun/2020:09:31:40 +0800] "GET /xingrg/all/function/internal_message.html?_=1591493865068&CODE_STATE=getMsg HTTP/1.1" 200 27
120.253.135.82 - - [07/Jun/2020:09:31:41 +0800] "GET /xingrg/all/function/internal_message.html?_=1591493201913&CODE_STATE=getMsg HTTP/1.1" 302 -
120.253.135.82 - - [07/Jun/2020:09:31:42 +0800] "GET /xingrg/all/function/internal_message.html?_=1591493202257&CODE_STATE=getMsg HTTP/1.1" 302 -
180.174.212.189 - - [07/Jun/2020:09:31:44 +0800] "GET /xingrg/all/function/internal_message.html?_=1591493709752&CODE_STATE=getMsg HTTP/1.1" 200 27
114.86.190.97 - - [07/Jun/2020:09:31:45 +0800] "GET /xingrg/all/function/internal_message.html?_=1591493505715&CODE_STATE=getMsg HTTP/1.1" 200 27
172.17.0.185 - - [07/Jun/2020:09:31:47 +0800] "GET /xingrg/all/function/internal_message.html?_=1591493506256&CODE_STATE=getMsg HTTP/1.1" 200 27
116.233.79.27 - - [07/Jun/2020:09:31:47 +0800] "GET /xingrg/all/function/internal_message.html?_=1591493507820&CODE_STATE=getMsg HTTP/1.1" 200 27
58.40.7.146 - - [07/Jun/2020:09:31:48 +0800] "GET /xingrg/all/function/internal_message.html?_=1591493508914&CODE_STATE=getMsg HTTP/1.1" 200 27
180.162.232.172 - - [07/Jun/2020:09:31:51 +0800] "GET /xingrg/kc/buy/cgsh_order_operate.html?command=get_materiel&rest_code=00151&code=00101008300&supplier_code=00100007&order_time=2020-06-07 HTTP/1.1" 200 412
114.84.33.255 - - [07/Jun/2020:09:31:51 +0800] "GET /xingrg/all/function/internal_message.html?_=1591493512912&CODE_STATE=getMsg HTTP/1.1" 200 27
180.162.232.172 - - [07/Jun/2020:09:31:52 +0800] "GET /xingrg/all/function/internal_message.html?_=1591493512359&CODE_STATE=getMsg HTTP/1.1" 200 27
58.40.7.146 - - [07/Jun/2020:09:31:53 +0800] "GET /xingrg/all/function/internal_message.html?_=1591493513167&CODE_STATE=getMsg HTTP/1.1" 200 27
172.17.0.110 - - [07/Jun/2020:09:31:54 +0800] "GET /xingrg/all/function/internal_message.html?_=1591493512472&CODE_STATE=getMsg HTTP/1.1" 200 27
114.84.32.201 - - [07/Jun/2020:09:31:54 +0800] "GET /xingrg/all/function/internal_message.html?_=1591493517536&CODE_STATE=getMsg HTTP/1.1" 200 27
172.17.0.240 - - [07/Jun/2020:09:31:55 +0800] "GET /xingrg/system/rest/get_item.html?table=menu&id=1918&_=1591493513830 HTTP/1.1" 200 969
172.17.0.240 - - [07/Jun/2020:09:31:55 +0800] "GET /xingrg/system/rest/get_item.html?table=menu&target=menu_rest&id=1918&_=1591493513837 HTTP/1.1" 200 376
172.17.0.240 - - [07/Jun/2020:09:31:55 +0800] "GET /xingrg/system/rest/get_item.html?table=menu&target=cook_mode&id=1918&_=1591493513836 HTTP/1.1" 200 10188
114.88.170.9 - - [07/Jun/2020:09:31:55 +0800] "GET /xingrg/all/function/internal_message.html?_=1591493516133&CODE_STATE=getMsg HTTP/1.1" 200 27
114.88.170.9 - - [07/Jun/2020:09:31:55 +0800] "GET /xingrg/check_reg.html?_=1591493516139 HTTP/1.1" 200 22
172.17.0.240 - - [07/Jun/2020:09:31:56 +0800] "GET /xingrg/system/rest/get_infos.html?command=menu_img_show&id=1918 HTTP/1.1" 200 5
61.172.5.115 - - [07/Jun/2020:09:31:57 +0800] "GET /xingrg/check_reg.html?_=1591493519478 HTTP/1.1" 200 22
172.17.0.240 - - [07/Jun/2020:09:31:57 +0800] "GET /xingrg/system/rest/get_item.html?table=menu&id=1970&_=1591493516066 HTTP/1.1" 200 943
172.17.0.240 - - [07/Jun/2020:09:31:57 +0800] "GET /xingrg/system/rest/get_item.html?table=menu&target=menu_rest&id=1970&_=1591493516070 HTTP/1.1" 200 369
172.17.0.240 - - [07/Jun/2020:09:31:57 +0800] "GET /xingrg/system/rest/get_item.html?table=menu&target=cook_mode&id=1970&_=1591493516070 HTTP/1.1" 200 9348
172.17.0.240 - - [07/Jun/2020:09:31:58 +0800] "GET /xingrg/system/rest/get_infos.html?command=menu_img_show&id=1970 HTTP/1.1" 200 5
61.172.5.115 - - [07/Jun/2020:09:32:00 +0800] "GET /xingrg/all/function/internal_message.html?_=1591493523215&CODE_STATE=getMsg HTTP/1.1" 200 27
172.17.0.240 - - [07/Jun/2020:09:32:01 +0800] "GET /xingrg/system/rest/get_item.html?table=menu&id=1918&_=1591493519415 HTTP/1.1" 200 969
172.17.0.240 - - [07/Jun/2020:09:32:01 +0800] "GET /xingrg/system/rest/get_item.html?table=menu&target=menu_rest&id=1918&_=1591493519419 HTTP/1.1" 200 376
172.17.0.240 - - [07/Jun/2020:09:32:01 +0800] "GET /xingrg/system/rest/get_item.html?table=menu&target=cook_mode&id=1918&_=1591493519418 HTTP/1.1" 200 10188
180.162.232.172 - - [07/Jun/2020:09:32:01 +0800] "GET /xingrg/all/function/internal_message.html?_=1591493652958&CODE_STATE=getMsg HTTP/1.1" 200 27
172.17.0.240 - - [07/Jun/2020:09:32:01 +0800] "GET /xingrg/system/rest/get_infos.html?command=menu_img_show&id=1918 HTTP/1.1" 200 5
180.162.232.172 - - [07/Jun/2020:09:32:02 +0800] "GET /xingrg/kc/buy/cgsh_order_operate.html?command=get_materiel&rest_code=00151&code=00101008349&supplier_code=00100007&order_time=2020-06-07 HTTP/1.1" 200 412
114.84.33.255 - - [07/Jun/2020:09:32:05 +0800] "GET /xingrg/all/function/internal_message.html?_=1591493526366&CODE_STATE=getMsg HTTP/1.1" 200 27
172.17.0.240 - - [07/Jun/2020:09:32:05 +0800] "GET /xingrg/system/rest/get_item.html?table=menu&id=1970&_=1591493524028 HTTP/1.1" 200 943
172.17.0.240 - - [07/Jun/2020:09:32:05 +0800] "GET /xingrg/system/rest/get_item.html?table=menu&target=menu_rest&id=1970&_=1591493524032 HTTP/1.1" 200 369
172.17.0.240 - - [07/Jun/2020:09:32:05 +0800] "GET /xingrg/system/rest/get_item.html?table=menu&target=cook_mode&id=1970&_=1591493524031 HTTP/1.1" 200 9348
172.17.0.240 - - [07/Jun/2020:09:32:06 +0800] "GET /xingrg/system/rest/get_infos.html?command=menu_img_show&id=1970 HTTP/1.1" 200 5
114.86.190.97 - - [07/Jun/2020:09:32:08 +0800] "POST /xingrg/kc/buy/cgsh_order_operate.html HTTP/1.1" 200 37
222.69.139.156 - - [07/Jun/2020:09:32:09 +0800] "GET /xingrg/all/function/internal_message.html?_=1591493528976&CODE_STATE=getMsg HTTP/1.1" 200 27
114.86.227.140 - - [07/Jun/2020:09:32:09 +0800] "GET /xingrg/kc/buy/cgsh_order_operate.html?command=get_materiel&rest_code=00109&code=00101015001&supplier_code=00100005&order_time=2020-06-07 HTTP/1.1" 200 412
180.162.232.172 - - [07/Jun/2020:09:32:13 +0800] "GET /xingrg/kc/buy/cgsh_order_operate.html?command=get_materiel&rest_code=00151&code=00101008351&supplier_code=00100007&order_time=2020-06-07 HTTP/1.1" 200 408
114.86.190.97 - - [07/Jun/2020:09:32:14 +0800] "POST /xingrg/kc/buy/cgsh_order_operate.html HTTP/1.1" 200 12
114.86.190.97 - - [07/Jun/2020:09:32:15 +0800] "GET /xingrg/kc/buy/cgsh_order_info.html?code=212020060702343 HTTP/1.1" 200 53643
114.86.190.97 - - [07/Jun/2020:09:32:16 +0800] "GET /xingrg/javascript/easyui/themes/default/validatebox.css HTTP/1.1" 404 1104
114.86.190.97 - - [07/Jun/2020:09:32:16 +0800] "POST /xingrg/kc/buy/cgsh_order_operate.html HTTP/1.1" 200 5359
114.86.190.97 - - [07/Jun/2020:09:32:17 +0800] "GET /xingrg/kc/print/load_data.html?order_code=212020060702343&kc_code=cgsh&condition= HTTP/1.1" 200 2589
116.230.77.149 - - [07/Jun/2020:09:32:20 +0800] "GET /xingrg/all/function/internal_message.html?_=1591493542472&CODE_STATE=getMsg HTTP/1.1" 200 27
114.86.227.140 - - [07/Jun/2020:09:32:23 +0800] "POST /xingrg/kc/buy/cgsh_order_operate.html HTTP/1.1" 200 2065
114.86.227.140 - - [07/Jun/2020:09:32:26 +0800] "GET /xingrg/kc/buy/cgsh_order_operate.html?command=get_materiel&rest_code=00109&code=00101008229&supplier_code=00100005&order_time=2020-06-07 HTTP/1.1" 200 420
120.253.135.82 - - [07/Jun/2020:09:32:27 +0800] "GET /xingrg/all/function/internal_message.html?_=1591493678591&CODE_STATE=getMsg HTTP/1.1" 200 27
120.253.135.82 - - [07/Jun/2020:09:32:29 +0800] "GET /xingrg/all/function/internal_message.html?_=1591493304698&CODE_STATE=getMsg HTTP/1.1" 200 27
114.88.170.9 - - [07/Jun/2020:09:32:31 +0800] "GET /xingrg/check_reg.html?_=1591493546352 HTTP/1.1" 200 22
114.86.227.140 - - [07/Jun/2020:09:32:32 +0800] "GET /xingrg/all/function/internal_message.html?_=1591493710388&CODE_STATE=getMsg HTTP/1.1" 200 27
114.86.227.140 - - [07/Jun/2020:09:32:32 +0800] "GET /xingrg/kc/buy/cgsh_order_operate.html?command=get_materiel&rest_code=00109&code=00101008361&supplier_code=00100005&order_time=2020-06-07 HTTP/1.1" 200 408
117.184.7.26 - - [07/Jun/2020:09:32:36 +0800] "GET /xingrg/all/function/internal_message.html?_=1591493545586&CODE_STATE=getMsg HTTP/1.1" 200 27
180.162.232.172 - - [07/Jun/2020:09:32:36 +0800] "GET /xingrg/kc/buy/cgsh_order_operate.html?command=get_materiel&rest_code=00151&code=00101008270&supplier_code=00100007&order_time=2020-06-07 HTTP/1.1" 200 412
114.88.170.9 - - [07/Jun/2020:09:32:36 +0800] "GET /xingrg/all/function/internal_message.html?_=1591493551345&CODE_STATE=getMsg HTTP/1.1" 200 27
172.17.0.240 - - [07/Jun/2020:09:32:38 +0800] "GET /xingrg/all/function/internal_message.html?_=1591493557168&CODE_STATE=getMsg HTTP/1.1" 200 27
114.86.227.140 - - [07/Jun/2020:09:32:38 +0800] "GET /xingrg/kc/buy/cgsh_order_operate.html?command=get_materiel&rest_code=00109&code=00101009030&supplier_code=00100005&order_time=2020-06-07 HTTP/1.1" 200 412
61.172.5.115 - - [07/Jun/2020:09:32:40 +0800] "GET /xingrg/all/function/internal_message.html?_=1591493559074&CODE_STATE=getMsg HTTP/1.1" 302 -
117.131.5.26 - - [07/Jun/2020:09:32:40 +0800] "GET /xingrg/all/function/internal_message.html?_=1591493925067&CODE_STATE=getMsg HTTP/1.1" 200 27
120.253.135.82 - - [07/Jun/2020:09:32:41 +0800] "GET /xingrg/all/function/internal_message.html?_=1591493261890&CODE_STATE=getMsg HTTP/1.1" 302 -
120.253.135.82 - - [07/Jun/2020:09:32:41 +0800] "GET /xingrg/all/function/internal_message.html?_=1591493262232&CODE_STATE=getMsg HTTP/1.1" 302 -
180.174.212.189 - - [07/Jun/2020:09:32:42 +0800] "GET /xingrg/check_reg.html?_=1591493768019 HTTP/1.1" 200 22
180.174.212.189 - - [07/Jun/2020:09:32:44 +0800] "GET /xingrg/all/function/internal_message.html?_=1591493769760&CODE_STATE=getMsg HTTP/1.1" 200 27
180.162.232.172 - - [07/Jun/2020:09:32:45 +0800] "GET /xingrg/kc/buy/cgsh_order_operate.html?command=get_materiel&rest_code=00151&code=00101008352&supplier_code=00100007&order_time=2020-06-07 HTTP/1.1" 200 412
114.86.227.140 - - [07/Jun/2020:09:32:45 +0800] "GET /xingrg/kc/buy/cgsh_order_operate.html?command=get_materiel&rest_code=00109&code=00101008137&supplier_code=00100005&order_time=2020-06-07 HTTP/1.1" 200 408
114.86.190.97 - - [07/Jun/2020:09:32:45 +0800] "GET /xingrg/all/function/internal_message.html?_=1591493565684&CODE_STATE=getMsg HTTP/1.1" 200 27
172.17.0.185 - - [07/Jun/2020:09:32:47 +0800] "GET /xingrg/all/function/internal_message.html?_=1591493566286&CODE_STATE=getMsg HTTP/1.1" 200 27
172.17.0.185 - - [07/Jun/2020:09:32:47 +0800] "GET /xingrg/check_reg.html?_=1591493566288 HTTP/1.1" 200 22
116.233.79.27 - - [07/Jun/2020:09:32:47 +0800] "GET /xingrg/all/function/internal_message.html?_=1591493567805&CODE_STATE=getMsg HTTP/1.1" 200 27
180.162.232.172 - - [07/Jun/2020:09:32:48 +0800] "GET /xingrg/kc/buy/cgsh_order_operate.html?command=get_materiel&rest_code=00151&code=00101008270&supplier_code=00100007&order_time=2020-06-07 HTTP/1.1" 200 412
58.40.7.146 - - [07/Jun/2020:09:32:48 +0800] "GET /xingrg/all/function/internal_message.html?_=1591493568901&CODE_STATE=getMsg HTTP/1.1" 200 27
114.86.227.140 - - [07/Jun/2020:09:32:49 +0800] "GET /xingrg/kc/buy/cgsh_order_operate.html?command=get_materiel&rest_code=00109&code=00101008005&supplier_code=00100005&order_time=2020-06-07 HTTP/1.1" 200 412
114.86.227.140 - - [07/Jun/2020:09:32:51 +0800] "POST /xingrg/kc/buy/cgsh_order_operate.html HTTP/1.1" 200 2065
114.84.33.255 - - [07/Jun/2020:09:32:51 +0800] "GET /xingrg/check_reg.html?_=1591493572719 HTTP/1.1" 200 22
114.84.33.255 - - [07/Jun/2020:09:32:51 +0800] "GET /xingrg/all/function/internal_message.html?_=1591493572926&CODE_STATE=getMsg HTTP/1.1" 200 27
180.162.232.172 - - [07/Jun/2020:09:32:52 +0800] "GET /xingrg/all/function/internal_message.html?_=1591493572408&CODE_STATE=getMsg HTTP/1.1" 200 27
58.40.7.146 - - [07/Jun/2020:09:32:53 +0800] "GET /xingrg/all/function/internal_message.html?_=1591493573170&CODE_STATE=getMsg HTTP/1.1" 200 27
172.17.0.110 - - [07/Jun/2020:09:32:54 +0800] "GET /xingrg/all/function/internal_message.html?_=1591493572470&CODE_STATE=getMsg HTTP/1.1" 200 27
114.84.32.201 - - [07/Jun/2020:09:32:54 +0800] "GET /xingrg/all/function/internal_message.html?_=1591493577539&CODE_STATE=getMsg HTTP/1.1" 200 27
120.253.135.82 - - [07/Jun/2020:09:32:54 +0800] "GET /xingrg/check_reg.html?_=1591493274958 HTTP/1.1" 302 -
120.253.135.82 - - [07/Jun/2020:09:32:54 +0800] "GET /xingrg/check_reg.html?_=1591493275011 HTTP/1.1" 302 -
114.88.170.9 - - [07/Jun/2020:09:32:55 +0800] "GET /xingrg/all/function/internal_message.html?_=1591493576124&CODE_STATE=getMsg HTTP/1.1" 200 27
180.162.232.172 - - [07/Jun/2020:09:32:59 +0800] "GET /xingrg/kc/buy/cgsh_order_operate.html?command=get_materiel&rest_code=00151&code=00101008357&supplier_code=00100007&order_time=2020-06-07 HTTP/1.1" 200 408
61.172.5.115 - - [07/Jun/2020:09:33:00 +0800] "GET /xingrg/all/function/internal_message.html?_=1591493583253&CODE_STATE=getMsg HTTP/1.1" 200 27
180.162.232.172 - - [07/Jun/2020:09:33:01 +0800] "GET /xingrg/all/function/internal_message.html?_=1591493712973&CODE_STATE=getMsg HTTP/1.1" 200 27
180.174.212.189 - - [07/Jun/2020:09:33:03 +0800] "GET /xingrg/kc/buy/cgsh_order_operate.html?command=get_materiel&rest_code=00102&code=00101007061&supplier_code=00100002&order_time=2020-06-07 HTTP/1.1" 200 409
114.84.33.255 - - [07/Jun/2020:09:33:05 +0800] "GET /xingrg/all/function/internal_message.html?_=1591493586371&CODE_STATE=getMsg HTTP/1.1" 200 27
