114.86.227.140 - - [07/Jun/2020:09:38:29 +0800] "GET /xingrg/kc/print/load_config.html?kc_code=cgsh HTTP/1.1" 200 1845
114.86.227.140 - - [07/Jun/2020:09:38:30 +0800] "GET /xingrg/kc/print/load_data.html?order_code=212020060702352&kc_code=cgsh&condition= HTTP/1.1" 200 3027
114.86.190.97 - - [07/Jun/2020:09:38:33 +0800] "GET /xingrg/kc/buy/cgsh_order_operate.html?command=get_materiel&rest_code=00148&code=00101008045&supplier_code=00100007&order_time=2020-06-07 HTTP/1.1" 200 412
114.84.33.255 - - [07/Jun/2020:09:38:33 +0800] "GET /xingrg/kc/buy/cgsh_order_operate.html?command=get_materiel&rest_code=00146&code=00101020089&supplier_code=00100033&order_time=2020-06-07 HTTP/1.1" 200 412
114.86.227.140 - - [07/Jun/2020:09:38:33 +0800] "GET /xingrg/all/function/internal_message.html?_=1591493945317&CODE_STATE=getMsg HTTP/1.1" 200 27
117.184.7.26 - - [07/Jun/2020:09:38:35 +0800] "GET /xingrg/all/function/internal_message.html?_=1591493905476&CODE_STATE=getMsg HTTP/1.1" 200 27
114.88.170.9 - - [07/Jun/2020:09:38:37 +0800] "GET /xingrg/all/function/internal_message.html?_=1591493912160&CODE_STATE=getMsg HTTP/1.1" 200 27
114.86.190.97 - - [07/Jun/2020:09:38:37 +0800] "GET /xingrg/kc/buy/cgsh_order_operate.html?command=get_materiel&rest_code=00148&code=00101008155&supplier_code=00100007&order_time=2020-06-07 HTTP/1.1" 200 410
180.174.212.189 - - [07/Jun/2020:09:38:38 +0800] "GET /xingrg/kc/buy/cgsh_order_operate.html?command=get_materiel&rest_code=00102&code=00101006039&supplier_code=00100011&order_time=2020-06-07 HTTP/1.1" 200 413
172.17.0.240 - - [07/Jun/2020:09:38:38 +0800] "GET /xingrg/all/function/internal_message.html?_=1591493917178&CODE_STATE=getMsg HTTP/1.1" 200 27
172.17.0.240 - - [07/Jun/2020:09:38:38 +0800] "GET /xingrg/check_reg.html?_=1591493917178 HTTP/1.1" 200 22
114.86.227.140 - - [07/Jun/2020:09:38:40 +0800] "GET /xingrg/kc/buy/cgsh_order_add.html HTTP/1.1" 200 58775
114.86.227.140 - - [07/Jun/2020:09:38:40 +0800] "POST /xingrg/kc/buy/cgsh_order_operate.html HTTP/1.1" 200 8245
114.86.227.140 - - [07/Jun/2020:09:38:40 +0800] "GET /xingrg/all/common/auto_word.html?type=employee&rest_code=00109 HTTP/1.1" 200 255
114.86.227.140 - - [07/Jun/2020:09:38:40 +0800] "GET /xingrg/all/common/auto_word.html?type=employee&rest_code=00109 HTTP/1.1" 200 255
114.86.227.140 - - [07/Jun/2020:09:38:40 +0800] "GET /xingrg/javascript/easyui/themes/default/validatebox.css HTTP/1.1" 404 1104
61.172.5.115 - - [07/Jun/2020:09:38:40 +0800] "GET /xingrg/all/function/internal_message.html?_=1591493919073&CODE_STATE=getMsg HTTP/1.1" 302 -
117.131.5.26 - - [07/Jun/2020:09:38:40 +0800] "GET /xingrg/all/function/internal_message.html?_=1591494285069&CODE_STATE=getMsg HTTP/1.1" 200 27
120.253.135.82 - - [07/Jun/2020:09:38:41 +0800] "GET /xingrg/all/function/internal_message.html?_=1591493621767&CODE_STATE=getMsg HTTP/1.1" 302 -
120.253.135.82 - - [07/Jun/2020:09:38:41 +0800] "GET /xingrg/all/function/internal_message.html?_=1591493622144&CODE_STATE=getMsg HTTP/1.1" 302 -
114.84.33.255 - - [07/Jun/2020:09:38:42 +0800] "GET /xingrg/kc/buy/cgsh_order_operate.html?command=get_materiel&rest_code=00146&code=00101012051&supplier_code=00100033&order_time=2020-06-07 HTTP/1.1" 200 408
180.174.212.189 - - [07/Jun/2020:09:38:44 +0800] "GET /xingrg/all/function/internal_message.html?_=1591494129842&CODE_STATE=getMsg HTTP/1.1" 200 27
114.86.190.97 - - [07/Jun/2020:09:38:45 +0800] "GET /xingrg/all/function/internal_message.html?_=1591493925671&CODE_STATE=getMsg HTTP/1.1" 200 27
180.162.232.172 - - [07/Jun/2020:09:38:46 +0800] "GET /xingrg/kc/buy/cgsh_order_operate.html?command=get_materiel&rest_code=00151&code=00101008095&supplier_code=00100007&order_time=2020-06-07 HTTP/1.1" 200 412
180.174.212.189 - - [07/Jun/2020:09:38:46 +0800] "GET /xingrg/kc/buy/cgsh_order_operate.html?command=get_materiel&rest_code=00102&code=00101006110&supplier_code=00100011&order_time=2020-06-07 HTTP/1.1" 200 408
114.86.190.97 - - [07/Jun/2020:09:38:47 +0800] "GET /xingrg/kc/buy/cgsh_order_operate.html?command=get_materiel&rest_code=00148&code=00101008244&supplier_code=00100007&order_time=2020-06-07 HTTP/1.1" 200 408
172.17.0.185 - - [07/Jun/2020:09:38:47 +0800] "GET /xingrg/all/function/internal_message.html?_=1591493926255&CODE_STATE=getMsg HTTP/1.1" 200 27
116.233.79.27 - - [07/Jun/2020:09:38:47 +0800] "GET /xingrg/all/function/internal_message.html?_=1591493927808&CODE_STATE=getMsg HTTP/1.1" 200 27
58.40.7.146 - - [07/Jun/2020:09:38:48 +0800] "GET /xingrg/all/function/internal_message.html?_=1591493928905&CODE_STATE=getMsg HTTP/1.1" 200 27
114.84.33.255 - - [07/Jun/2020:09:38:51 +0800] "GET /xingrg/kc/buy/cgsh_order_operate.html?command=get_materiel&rest_code=00146&code=00101016105&supplier_code=00100033&order_time=2020-06-07 HTTP/1.1" 200 409
114.84.33.255 - - [07/Jun/2020:09:38:51 +0800] "GET /xingrg/all/function/internal_message.html?_=1591493933054&CODE_STATE=getMsg HTTP/1.1" 200 27
180.162.232.172 - - [07/Jun/2020:09:38:52 +0800] "GET /xingrg/all/function/internal_message.html?_=1591493932447&CODE_STATE=getMsg HTTP/1.1" 200 27
58.40.7.146 - - [07/Jun/2020:09:38:53 +0800] "GET /xingrg/all/function/internal_message.html?_=1591493933175&CODE_STATE=getMsg HTTP/1.1" 200 27
180.162.232.172 - - [07/Jun/2020:09:38:53 +0800] "GET /xingrg/kc/buy/cgsh_order_operate.html?command=get_materiel&rest_code=00151&code=00101008096&supplier_code=00100007&order_time=2020-06-07 HTTP/1.1" 200 413
114.86.190.97 - - [07/Jun/2020:09:38:54 +0800] "GET /xingrg/kc/buy/cgsh_order_operate.html?command=get_materiel&rest_code=00148&code=00101008010&supplier_code=00100007&order_time=2020-06-07 HTTP/1.1" 200 412
172.17.0.110 - - [07/Jun/2020:09:38:54 +0800] "GET /xingrg/all/function/internal_message.html?_=1591493932502&CODE_STATE=getMsg HTTP/1.1" 200 27
114.84.32.201 - - [07/Jun/2020:09:38:54 +0800] "GET /xingrg/all/function/internal_message.html?_=1591493937544&CODE_STATE=getMsg HTTP/1.1" 200 27
114.84.32.201 - - [07/Jun/2020:09:38:54 +0800] "GET /xingrg/check_reg.html?_=1591493937546 HTTP/1.1" 200 22
114.88.170.9 - - [07/Jun/2020:09:38:55 +0800] "GET /xingrg/all/function/internal_message.html?_=1591493936123&CODE_STATE=getMsg HTTP/1.1" 200 27
180.174.212.189 - - [07/Jun/2020:09:38:58 +0800] "GET /xingrg/kc/buy/cgsh_order_operate.html?command=get_materiel&rest_code=00102&code=00101006109&supplier_code=00100011&order_time=2020-06-07 HTTP/1.1" 200 409
61.172.5.115 - - [07/Jun/2020:09:39:00 +0800] "GET /xingrg/check_reg.html?_=1591493943220 HTTP/1.1" 200 22
61.172.5.115 - - [07/Jun/2020:09:39:00 +0800] "GET /xingrg/all/function/internal_message.html?_=1591493943222&CODE_STATE=getMsg HTTP/1.1" 200 27
114.86.190.97 - - [07/Jun/2020:09:39:00 +0800] "GET /xingrg/kc/buy/cgsh_order_operate.html?command=get_materiel&rest_code=00148&code=00101013227&supplier_code=00100007&order_time=2020-06-07 HTTP/1.1" 200 416
180.162.232.172 - - [07/Jun/2020:09:39:01 +0800] "GET /xingrg/check_reg.html?_=1591494072771 HTTP/1.1" 200 22
180.162.232.172 - - [07/Jun/2020:09:39:01 +0800] "GET /xingrg/all/function/internal_message.html?_=1591494073085&CODE_STATE=getMsg HTTP/1.1" 200 27
180.162.232.172 - - [07/Jun/2020:09:39:01 +0800] "GET /xingrg/kc/buy/cgsh_order_operate.html?command=get_materiel&rest_code=00151&code=00101016030&supplier_code=00100007&order_time=2020-06-07 HTTP/1.1" 200 412
114.84.33.255 - - [07/Jun/2020:09:39:02 +0800] "GET /xingrg/kc/buy/cgsh_order_operate.html?command=get_materiel&rest_code=00146&code=00101007109&supplier_code=00100033&order_time=2020-06-07 HTTP/1.1" 200 408
180.162.232.172 - - [07/Jun/2020:09:39:03 +0800] "POST /xingrg/kc/buy/cgsh_order_operate.html HTTP/1.1" 200 2065
114.84.33.255 - - [07/Jun/2020:09:39:05 +0800] "GET /xingrg/all/function/internal_message.html?_=1591493946460&CODE_STATE=getMsg HTTP/1.1" 200 27
114.86.227.140 - - [07/Jun/2020:09:39:06 +0800] "GET /xingrg/javascript/jquery_tools/images/next.gif HTTP/1.1" 404 1086
114.86.227.140 - - [07/Jun/2020:09:39:06 +0800] "GET /xingrg/javascript/jquery_tools/images/prev.gif HTTP/1.1" 404 1086
172.17.0.106 - - [07/Jun/2020:09:39:07 +0800] "GET /favicon.ico HTTP/1.1" 404 -
172.17.0.106 - - [07/Jun/2020:09:39:07 +0800] "GET /favicon.ico HTTP/1.1" 404 -
180.162.232.172 - - [07/Jun/2020:09:39:08 +0800] "GET /xingrg/kc/buy/cgsh_order_operate.html?command=get_materiel&rest_code=00151&code=00101008077&supplier_code=00100007&order_time=2020-06-07 HTTP/1.1" 200 416
222.69.139.156 - - [07/Jun/2020:09:39:08 +0800] "GET /xingrg/all/function/internal_message.html?_=1591493948857&CODE_STATE=getMsg HTTP/1.1" 200 27
180.174.212.189 - - [07/Jun/2020:09:39:09 +0800] "GET /xingrg/kc/buy/cgsh_order_operate.html?command=get_materiel&rest_code=00102&code=00101006084&supplier_code=00100011&order_time=2020-06-07 HTTP/1.1" 200 413
114.86.227.140 - - [07/Jun/2020:09:39:11 +0800] "GET /xingrg/kc/buy/cgsh_order_operate.html?command=get_materiel&rest_code=00109&code=00101009109&supplier_code=00100022&order_time=2020-06-07 HTTP/1.1" 200 399
114.86.190.97 - - [07/Jun/2020:09:39:12 +0800] "GET /xingrg/kc/buy/cgsh_order_operate.html?command=get_materiel&rest_code=00148&code=00101008351&supplier_code=00100007&order_time=2020-06-07 HTTP/1.1" 200 408
172.17.0.101 - - [07/Jun/2020:09:39:16 +0800] "GET /xingrg/check_reg.html?_=1591493956530 HTTP/1.1" 200 22
172.17.0.101 - - [07/Jun/2020:09:39:16 +0800] "GET /xingrg/all/function/internal_message.html?_=1591493956534&CODE_STATE=getMsg HTTP/1.1" 200 27
114.86.190.97 - - [07/Jun/2020:09:39:17 +0800] "GET /xingrg/kc/buy/cgsh_order_operate.html?command=get_materiel&rest_code=00148&code=00101008026&supplier_code=00100007&order_time=2020-06-07 HTTP/1.1" 200 409
180.162.232.172 - - [07/Jun/2020:09:39:18 +0800] "GET /xingrg/kc/buy/cgsh_order_operate.html?command=get_materiel&rest_code=00151&code=00101008033&supplier_code=00100007&order_time=2020-06-07 HTTP/1.1" 200 408
116.230.77.149 - - [07/Jun/2020:09:39:20 +0800] "GET /xingrg/all/function/internal_message.html?_=1591493962323&CODE_STATE=getMsg HTTP/1.1" 200 27
116.230.77.149 - - [07/Jun/2020:09:39:20 +0800] "GET /xingrg/check_reg.html?_=1591493962472 HTTP/1.1" 200 22
114.84.33.255 - - [07/Jun/2020:09:39:22 +0800] "POST /xingrg/kc/buy/cgsh_order_operate.html HTTP/1.1" 200 37
114.84.33.255 - - [07/Jun/2020:09:39:24 +0800] "POST /xingrg/kc/buy/cgsh_order_operate.html HTTP/1.1" 200 7952
114.86.227.140 - - [07/Jun/2020:09:39:24 +0800] "GET /xingrg/kc/buy/cgsh_order_operate.html?command=get_materiel&rest_code=00109&code=00101009062&supplier_code=00100022&order_time=2020-06-07 HTTP/1.1" 200 412
180.162.232.172 - - [07/Jun/2020:09:39:25 +0800] "GET /xingrg/kc/buy/cgsh_order_operate.html?command=get_materiel&rest_code=00151&code=00101008134&supplier_code=00100007&order_time=2020-06-07 HTTP/1.1" 200 412
114.86.190.97 - - [07/Jun/2020:09:39:25 +0800] "GET /xingrg/kc/buy/cgsh_order_operate.html?command=get_materiel&rest_code=00148&code=00101008312&supplier_code=00100007&order_time=2020-06-07 HTTP/1.1" 200 412
114.84.33.255 - - [07/Jun/2020:09:39:25 +0800] "GET /xingrg/kc/print/load_data.html?order_code=212020060702353&kc_code=cgsh&condition= HTTP/1.1" 200 2714
120.253.135.82 - - [07/Jun/2020:09:39:27 +0800] "GET /xingrg/all/function/internal_message.html?_=1591494099118&CODE_STATE=getMsg HTTP/1.1" 200 27
180.174.212.189 - - [07/Jun/2020:09:39:28 +0800] "GET /xingrg/kc/buy/cgsh_order_operate.html?command=get_materiel&rest_code=00102&code=00101006177&supplier_code=00100011&order_time=2020-06-07 HTTP/1.1" 200 409
114.86.227.140 - - [07/Jun/2020:09:39:29 +0800] "GET /xingrg/javascript/auto/indicator.gif HTTP/1.1" 404 1066
114.86.227.140 - - [07/Jun/2020:09:39:29 +0800] "GET /xingrg/check_reg.html?_=1591494004034 HTTP/1.1" 200 22
114.86.227.140 - - [07/Jun/2020:09:39:29 +0800] "GET /xingrg/all/function/internal_message.html?_=1591494004034&CODE_STATE=getMsg HTTP/1.1" 200 27
114.86.227.140 - - [07/Jun/2020:09:39:29 +0800] "GET /xingrg/kc/buy/cgsh_order_operate.html?command=get_materiel&rest_code=00109&code=00101009011&supplier_code=00100022&order_time=2020-06-07 HTTP/1.1" 200 416
222.69.139.156 - - [07/Jun/2020:09:39:32 +0800] "POST /xingrg/kc/buy/cgsh_order_operate.html HTTP/1.1" 200 37
180.162.232.172 - - [07/Jun/2020:09:39:33 +0800] "GET /xingrg/kc/buy/cgsh_order_operate.html?command=get_materiel&rest_code=00151&code=00101008125&supplier_code=00100007&order_time=2020-06-07 HTTP/1.1" 200 413
114.86.227.140 - - [07/Jun/2020:09:39:35 +0800] "GET /xingrg/kc/buy/cgsh_order_operate.html?command=get_materiel&rest_code=00109&code=00101009019&supplier_code=00100022&order_time=2020-06-07 HTTP/1.1" 200 412
117.184.7.26 - - [07/Jun/2020:09:39:35 +0800] "GET /xingrg/all/function/internal_message.html?_=1591493965461&CODE_STATE=getMsg HTTP/1.1" 200 27
114.86.190.97 - - [07/Jun/2020:09:39:37 +0800] "GET /xingrg/kc/buy/cgsh_order_operate.html?command=get_materiel&rest_code=00148&code=00101008038&supplier_code=00100007&order_time=2020-06-07 HTTP/1.1" 200 412
114.88.170.9 - - [07/Jun/2020:09:39:37 +0800] "GET /xingrg/all/function/internal_message.html?_=1591493972516&CODE_STATE=getMsg HTTP/1.1" 200 27
222.69.139.156 - - [07/Jun/2020:09:39:37 +0800] "POST /xingrg/kc/buy/cgsh_order_operate.html HTTP/1.1" 200 12
180.174.212.189 - - [07/Jun/2020:09:39:37 +0800] "GET /xingrg/kc/buy/cgsh_order_operate.html?command=get_materiel&rest_code=00102&code=00101006133&supplier_code=00100011&order_time=2020-06-07 HTTP/1.1" 200 413
222.69.139.156 - - [07/Jun/2020:09:39:38 +0800] "GET /xingrg/kc/buy/cgsh_order_info.html?code=212020060702354 HTTP/1.1" 200 53688
222.69.139.156 - - [07/Jun/2020:09:39:38 +0800] "GET /xingrg/javascript/easyui/themes/default/validatebox.css HTTP/1.1" 404 1104
172.17.0.240 - - [07/Jun/2020:09:39:38 +0800] "GET /xingrg/all/function/internal_message.html?_=1591493977180&CODE_STATE=getMsg HTTP/1.1" 200 27
222.69.139.156 - - [07/Jun/2020:09:39:39 +0800] "POST /xingrg/kc/buy/cgsh_order_operate.html HTTP/1.1" 200 2977
222.69.139.156 - - [07/Jun/2020:09:39:40 +0800] "GET /xingrg/kc/print/load_data.html?order_code=212020060702354&kc_code=cgsh&condition= HTTP/1.1" 200 1625
61.172.5.115 - - [07/Jun/2020:09:39:40 +0800] "GET /xingrg/all/function/internal_message.html?_=1591493979072&CODE_STATE=getMsg HTTP/1.1" 302 -
117.131.5.26 - - [07/Jun/2020:09:39:40 +0800] "GET /xingrg/all/function/internal_message.html?_=1591494345068&CODE_STATE=getMsg HTTP/1.1" 200 27
120.253.135.82 - - [07/Jun/2020:09:39:41 +0800] "GET /xingrg/all/function/internal_message.html?_=1591493681741&CODE_STATE=getMsg HTTP/1.1" 302 -
120.253.135.82 - - [07/Jun/2020:09:39:41 +0800] "GET /xingrg/all/function/internal_message.html?_=1591493682124&CODE_STATE=getMsg HTTP/1.1" 302 -
180.162.232.172 - - [07/Jun/2020:09:39:43 +0800] "GET /xingrg/kc/buy/cgsh_order_operate.html?command=get_materiel&rest_code=00151&code=00101008141&supplier_code=00100007&order_time=2020-06-07 HTTP/1.1" 200 412
114.86.227.140 - - [07/Jun/2020:09:39:43 +0800] "GET /xingrg/kc/buy/cgsh_order_operate.html?command=get_materiel&rest_code=00109&code=00101009021&supplier_code=00100022&order_time=2020-06-07 HTTP/1.1" 200 416
114.86.190.97 - - [07/Jun/2020:09:39:44 +0800] "GET /xingrg/kc/buy/cgsh_order_operate.html?command=get_materiel&rest_code=00148&code=00101008199&supplier_code=00100007&order_time=2020-06-07 HTTP/1.1" 200 408
180.174.212.189 - - [07/Jun/2020:09:39:44 +0800] "GET /xingrg/all/function/internal_message.html?_=1591494189863&CODE_STATE=getMsg HTTP/1.1" 200 27
114.86.190.97 - - [07/Jun/2020:09:39:45 +0800] "GET /xingrg/check_reg.html?_=1591493985446 HTTP/1.1" 200 22
114.86.190.97 - - [07/Jun/2020:09:39:45 +0800] "GET /xingrg/all/function/internal_message.html?_=1591493985643&CODE_STATE=getMsg HTTP/1.1" 200 27
180.162.232.172 - - [07/Jun/2020:09:39:45 +0800] "POST /xingrg/kc/buy/cgsh_order_operate.html HTTP/1.1" 200 2065
180.174.212.189 - - [07/Jun/2020:09:39:47 +0800] "POST /xingrg/kc/buy/cgsh_order_operate.html HTTP/1.1" 200 37
172.17.0.185 - - [07/Jun/2020:09:39:47 +0800] "GET /xingrg/all/function/internal_message.html?_=1591493986260&CODE_STATE=getMsg HTTP/1.1" 200 27
116.233.79.27 - - [07/Jun/2020:09:39:47 +0800] "GET /xingrg/all/function/internal_message.html?_=1591493987809&CODE_STATE=getMsg HTTP/1.1" 200 27
116.233.79.27 - - [07/Jun/2020:09:39:47 +0800] "GET /xingrg/check_reg.html?_=1591493987811 HTTP/1.1" 200 22
58.40.7.146 - - [07/Jun/2020:09:39:48 +0800] "GET /xingrg/all/function/internal_message.html?_=1591493988909&CODE_STATE=getMsg HTTP/1.1" 200 27
180.174.212.189 - - [07/Jun/2020:09:39:49 +0800] "POST /xingrg/kc/buy/cgsh_order_operate.html HTTP/1.1" 200 12
114.86.227.140 - - [07/Jun/2020:09:39:50 +0800] "GET /xingrg/kc/buy/cgsh_order_operate.html?command=get_materiel&rest_code=00109&code=00101009007&supplier_code=00100022&order_time=2020-06-07 HTTP/1.1" 200 408
180.174.212.189 - - [07/Jun/2020:09:39:50 +0800] "GET /xingrg/kc/buy/cgsh_order_info.html?code=212020060702355 HTTP/1.1" 200 53547
180.174.212.189 - - [07/Jun/2020:09:39:51 +0800] "GET /xingrg/javascript/easyui/themes/default/validatebox.css HTTP/1.1" 404 1104
180.174.212.189 - - [07/Jun/2020:09:39:51 +0800] "POST /xingrg/kc/buy/cgsh_order_operate.html HTTP/1.1" 200 7115
114.84.33.255 - - [07/Jun/2020:09:39:52 +0800] "GET /xingrg/all/function/internal_message.html?_=1591493993113&CODE_STATE=getMsg HTTP/1.1" 200 27
180.162.232.172 - - [07/Jun/2020:09:39:52 +0800] "GET /xingrg/check_reg.html?_=1591493992356 HTTP/1.1" 200 22
180.162.232.172 - - [07/Jun/2020:09:39:52 +0800] "GET /xingrg/all/function/internal_message.html?_=1591493992421&CODE_STATE=getMsg HTTP/1.1" 200 27
114.86.190.97 - - [07/Jun/2020:09:39:53 +0800] "GET /xingrg/kc/buy/cgsh_order_operate.html?command=get_materiel&rest_code=00148&code=00101008224&supplier_code=00100007&order_time=2020-06-07 HTTP/1.1" 200 416
58.40.7.146 - - [07/Jun/2020:09:39:53 +0800] "GET /xingrg/all/function/internal_message.html?_=1591493993163&CODE_STATE=getMsg HTTP/1.1" 200 27
180.174.212.189 - - [07/Jun/2020:09:39:54 +0800] "GET /xingrg/kc/print/load_data.html?order_code=212020060702355&kc_code=cgsh&condition= HTTP/1.1" 200 3236
172.17.0.110 - - [07/Jun/2020:09:39:54 +0800] "GET /xingrg/all/function/internal_message.html?_=1591493992502&CODE_STATE=getMsg HTTP/1.1" 200 27
114.84.32.201 - - [07/Jun/2020:09:39:54 +0800] "GET /xingrg/all/function/internal_message.html?_=1591493997546&CODE_STATE=getMsg HTTP/1.1" 200 27
114.84.33.255 - - [07/Jun/2020:09:39:55 +0800] "GET /xingrg/check_reg.html?_=1591493996760 HTTP/1.1" 200 22
114.86.227.140 - - [07/Jun/2020:09:39:55 +0800] "GET /xingrg/kc/buy/cgsh_order_operate.html?command=get_materiel&rest_code=00109&code=00101009011&supplier_code=00100022&order_time=2020-06-07 HTTP/1.1" 200 416
114.88.170.9 - - [07/Jun/2020:09:39:55 +0800] "GET /xingrg/all/function/internal_message.html?_=1591493996126&CODE_STATE=getMsg HTTP/1.1" 200 27
180.162.232.172 - - [07/Jun/2020:09:39:58 +0800] "GET /xingrg/kc/buy/cgsh_order_operate.html?command=get_materiel&rest_code=00151&code=00101008169&supplier_code=00100007&order_time=2020-06-07 HTTP/1.1" 200 412
180.174.212.189 - - [07/Jun/2020:09:40:00 +0800] "GET /xingrg/kc/buy/cgsh_order_add.html HTTP/1.1" 200 58646
61.172.5.115 - - [07/Jun/2020:09:40:00 +0800] "GET /xingrg/all/function/internal_message.html?_=1591494003223&CODE_STATE=getMsg HTTP/1.1" 200 27
180.162.232.172 - - [07/Jun/2020:09:40:01 +0800] "GET /xingrg/all/function/internal_message.html?_=1591494133098&CODE_STATE=getMsg HTTP/1.1" 200 27
180.174.212.189 - - [07/Jun/2020:09:40:01 +0800] "POST /xingrg/kc/buy/cgsh_order_operate.html HTTP/1.1" 200 8245
180.174.212.189 - - [07/Jun/2020:09:40:02 +0800] "GET /xingrg/javascript/easyui/themes/default/validatebox.css HTTP/1.1" 404 1104
114.86.227.140 - - [07/Jun/2020:09:40:05 +0800] "POST /xingrg/kc/buy/cgsh_order_operate.html HTTP/1.1" 200 37
114.84.33.255 - - [07/Jun/2020:09:40:05 +0800] "GET /xingrg/all/function/internal_message.html?_=1591494006464&CODE_STATE=getMsg HTTP/1.1" 200 27
114.86.227.140 - - [07/Jun/2020:09:40:06 +0800] "POST /xingrg/kc/buy/cgsh_order_operate.html HTTP/1.1" 200 6213
114.86.190.97 - - [07/Jun/2020:09:40:06 +0800] "GET /xingrg/kc/buy/cgsh_order_operate.html?command=get_materiel&rest_code=00148&code=00101008264&supplier_code=00100007&order_time=2020-06-07 HTTP/1.1" 200 412
114.86.227.140 - - [07/Jun/2020:09:40:07 +0800] "GET /xingrg/kc/print/load_config.html?kc_code=cgsh HTTP/1.1" 200 1845
114.86.227.140 - - [07/Jun/2020:09:40:08 +0800] "GET /xingrg/kc/print/load_data.html?order_code=212020060702356&kc_code=cgsh&condition= HTTP/1.1" 200 2050
222.69.139.156 - - [07/Jun/2020:09:40:08 +0800] "GET /xingrg/all/function/internal_message.html?_=1591494008841&CODE_STATE=getMsg HTTP/1.1" 200 27
114.86.227.140 - - [07/Jun/2020:09:40:12 +0800] "GET /xingrg/kc/buy/cgsh_order_add.html HTTP/1.1" 200 58775
114.86.227.140 - - [07/Jun/2020:09:40:12 +0800] "POST /xingrg/kc/buy/cgsh_order_operate.html HTTP/1.1" 200 8245
114.86.227.140 - - [07/Jun/2020:09:40:12 +0800] "GET /xingrg/all/common/auto_word.html?type=employee&rest_code=00109 HTTP/1.1" 200 255
114.86.227.140 - - [07/Jun/2020:09:40:12 +0800] "GET /xingrg/all/common/auto_word.html?type=employee&rest_code=00109 HTTP/1.1" 200 255
114.86.227.140 - - [07/Jun/2020:09:40:12 +0800] "GET /xingrg/javascript/easyui/themes/default/validatebox.css HTTP/1.1" 404 1104
114.86.190.97 - - [07/Jun/2020:09:40:15 +0800] "GET /xingrg/kc/buy/cgsh_order_operate.html?command=get_materiel&rest_code=00148&code=00101008356&supplier_code=00100007&order_time=2020-06-07 HTTP/1.1" 200 408
114.86.227.140 - - [07/Jun/2020:09:40:15 +0800] "GET /xingrg/javascript/jquery_tools/images/prev.gif HTTP/1.1" 404 1086
114.86.227.140 - - [07/Jun/2020:09:40:15 +0800] "GET /xingrg/javascript/jquery_tools/images/next.gif HTTP/1.1" 404 1086
120.253.135.82 - - [07/Jun/2020:09:40:16 +0800] "GET /xingrg/check_reg.html?_=1591494147735 HTTP/1.1" 200 22
172.17.0.101 - - [07/Jun/2020:09:40:16 +0800] "GET /xingrg/all/function/internal_message.html?_=1591494016534&CODE_STATE=getMsg HTTP/1.1" 200 27
114.86.227.140 - - [07/Jun/2020:09:40:19 +0800] "GET /xingrg/kc/buy/cgsh_order_operate.html?command=get_materiel&rest_code=00109&code=00101007061&supplier_code=00100004&order_time=2020-06-07 HTTP/1.1" 200 409
116.230.77.149 - - [07/Jun/2020:09:40:20 +0800] "GET /xingrg/all/function/internal_message.html?_=1591494022313&CODE_STATE=getMsg HTTP/1.1" 200 27
114.86.227.140 - - [07/Jun/2020:09:40:25 +0800] "GET /xingrg/kc/buy/cgsh_order_operate.html?command=get_materiel&rest_code=00109&code=00101007076&supplier_code=00100004&order_time=2020-06-07 HTTP/1.1" 200 408
120.253.135.82 - - [07/Jun/2020:09:40:27 +0800] "GET /xingrg/all/function/internal_message.html?_=1591494159123&CODE_STATE=getMsg HTTP/1.1" 200 27
114.86.227.140 - - [07/Jun/2020:09:40:28 +0800] "GET /xingrg/all/function/internal_message.html?_=1591494065790&CODE_STATE=getMsg HTTP/1.1" 200 27
172.17.0.110 - - [07/Jun/2020:09:40:30 +0800] "POST /xingrg/kc/buy/cgsh_list_operate.html HTTP/1.1" 200 2349
114.86.227.140 - - [07/Jun/2020:09:40:31 +0800] "GET /xingrg/kc/buy/cgsh_order_operate.html?command=get_materiel&rest_code=00109&code=00101007081&supplier_code=00100004&order_time=2020-06-07 HTTP/1.1" 200 413
180.162.232.172 - - [07/Jun/2020:09:40:34 +0800] "GET /xingrg/kc/buy/cgsh_order_operate.html?command=get_materiel&rest_code=00151&code=00101008353&supplier_code=00100007&order_time=2020-06-07 HTTP/1.1" 200 408
117.184.7.26 - - [07/Jun/2020:09:40:35 +0800] "GET /xingrg/all/function/internal_message.html?_=1591494025446&CODE_STATE=getMsg HTTP/1.1" 200 27
172.17.0.110 - - [07/Jun/2020:09:40:37 +0800] "POST /xingrg/kc/buy/cgsh_list_operate.html HTTP/1.1" 200 5446
114.88.170.9 - - [07/Jun/2020:09:40:37 +0800] "GET /xingrg/all/function/internal_message.html?_=1591494032531&CODE_STATE=getMsg HTTP/1.1" 200 27
114.86.227.140 - - [07/Jun/2020:09:40:37 +0800] "GET /xingrg/kc/buy/cgsh_order_operate.html?command=get_materiel&rest_code=00109&code=00101007049&supplier_code=00100004&order_time=2020-06-07 HTTP/1.1" 200 409
172.17.0.110 - - [07/Jun/2020:09:40:38 +0800] "POST /xingrg/kc/buy/cgsh_list_operate.html HTTP/1.1" 200 508
172.17.0.240 - - [07/Jun/2020:09:40:38 +0800] "GET /xingrg/all/function/internal_message.html?_=1591494037182&CODE_STATE=getMsg HTTP/1.1" 200 27
172.17.0.110 - - [07/Jun/2020:09:40:39 +0800] "GET /xingrg/kc/buy/cgsh_order_info.html?code=212020051404673 HTTP/1.1" 200 53523
172.17.0.110 - - [07/Jun/2020:09:40:39 +0800] "GET /xingrg/javascript/easyui/themes/default/validatebox.css HTTP/1.1" 404 1104
172.17.0.110 - - [07/Jun/2020:09:40:39 +0800] "POST /xingrg/kc/buy/cgsh_order_operate.html HTTP/1.1" 200 2991
61.172.5.115 - - [07/Jun/2020:09:40:40 +0800] "GET /xingrg/all/function/internal_message.html?_=1591494039099&CODE_STATE=getMsg HTTP/1.1" 302 -
117.131.5.26 - - [07/Jun/2020:09:40:40 +0800] "GET /xingrg/all/function/internal_message.html?_=1591494405068&CODE_STATE=getMsg HTTP/1.1" 200 27
172.17.0.110 - - [07/Jun/2020:09:40:40 +0800] "GET /xingrg/kc/print/load_data.html?order_code=212020051404673&kc_code=cgsh&condition= HTTP/1.1" 200 1608
120.253.135.82 - - [07/Jun/2020:09:40:41 +0800] "GET /xingrg/all/function/internal_message.html?_=1591493741732&CODE_STATE=getMsg HTTP/1.1" 302 -
120.253.135.82 - - [07/Jun/2020:09:40:41 +0800] "GET /xingrg/all/function/internal_message.html?_=1591493742106&CODE_STATE=getMsg HTTP/1.1" 302 -
114.86.227.140 - - [07/Jun/2020:09:40:44 +0800] "POST /xingrg/kc/buy/cgsh_order_operate.html HTTP/1.1" 200 37
180.174.212.189 - - [07/Jun/2020:09:40:44 +0800] "GET /xingrg/all/function/internal_message.html?_=1591494249869&CODE_STATE=getMsg HTTP/1.1" 200 27
172.17.0.110 - - [07/Jun/2020:09:40:44 +0800] "POST /xingrg/kc/buy/cgsh_list_operate.html HTTP/1.1" 200 5446
114.86.227.140 - - [07/Jun/2020:09:40:45 +0800] "POST /xingrg/kc/buy/cgsh_order_operate.html HTTP/1.1" 200 4422
172.17.0.110 - - [07/Jun/2020:09:40:45 +0800] "POST /xingrg/kc/buy/cgsh_list_operate.html HTTP/1.1" 200 202
172.17.0.110 - - [07/Jun/2020:09:40:45 +0800] "GET /xingrg/kc/buy/cgsh_order_info.html?code=212020052007328 HTTP/1.1" 200 53531
114.86.190.97 - - [07/Jun/2020:09:40:45 +0800] "GET /xingrg/all/function/internal_message.html?_=1591494045619&CODE_STATE=getMsg HTTP/1.1" 200 27
114.86.190.97 - - [07/Jun/2020:09:40:45 +0800] "GET /xingrg/kc/buy/cgsh_order_operate.html?command=get_materiel&rest_code=00148&code=00101008357&supplier_code=00100007&order_time=2020-06-07 HTTP/1.1" 200 408
172.17.0.110 - - [07/Jun/2020:09:40:45 +0800] "GET /xingrg/javascript/easyui/themes/default/validatebox.css HTTP/1.1" 404 1104
172.17.0.110 - - [07/Jun/2020:09:40:46 +0800] "POST /xingrg/kc/buy/cgsh_order_operate.html HTTP/1.1" 200 608
114.86.227.140 - - [07/Jun/2020:09:40:46 +0800] "GET /xingrg/kc/print/load_config.html?kc_code=cgsh HTTP/1.1" 200 1845
114.86.227.140 - - [07/Jun/2020:09:40:46 +0800] "GET /xingrg/kc/print/load_data.html?order_code=212020060702357&kc_code=cgsh&condition= HTTP/1.1" 200 1382
172.17.0.110 - - [07/Jun/2020:09:40:47 +0800] "GET /xingrg/kc/print/load_data.html?order_code=212020052007328&kc_code=cgsh&condition= HTTP/1.1" 200 777
172.17.0.185 - - [07/Jun/2020:09:40:47 +0800] "GET /xingrg/all/function/internal_message.html?_=1591494046262&CODE_STATE=getMsg HTTP/1.1" 200 27
116.233.79.27 - - [07/Jun/2020:09:40:47 +0800] "GET /xingrg/all/function/internal_message.html?_=1591494047810&CODE_STATE=getMsg HTTP/1.1" 200 27
58.40.7.146 - - [07/Jun/2020:09:40:48 +0800] "GET /xingrg/all/function/internal_message.html?_=1591494048911&CODE_STATE=getMsg HTTP/1.1" 200 27
58.40.7.146 - - [07/Jun/2020:09:40:48 +0800] "GET /xingrg/check_reg.html?_=1591494048913 HTTP/1.1" 200 22
172.17.0.110 - - [07/Jun/2020:09:40:49 +0800] "POST /xingrg/kc/buy/cgsh_list_operate.html HTTP/1.1" 200 5446
172.17.0.110 - - [07/Jun/2020:09:40:50 +0800] "POST /xingrg/kc/buy/cgsh_list_operate.html HTTP/1.1" 200 283
172.17.0.110 - - [07/Jun/2020:09:40:50 +0800] "GET /xingrg/kc/buy/cgsh_order_info.html?code=212020052007329 HTTP/1.1" 200 53535
172.17.0.110 - - [07/Jun/2020:09:40:51 +0800] "GET /xingrg/javascript/easyui/themes/default/validatebox.css HTTP/1.1" 404 1104
172.17.0.110 - - [07/Jun/2020:09:40:51 +0800] "POST /xingrg/kc/buy/cgsh_order_operate.html HTTP/1.1" 200 1216
172.17.0.110 - - [07/Jun/2020:09:40:51 +0800] "GET /xingrg/kc/print/load_data.html?order_code=212020052007329&kc_code=cgsh&condition= HTTP/1.1" 200 1008
114.84.33.255 - - [07/Jun/2020:09:40:52 +0800] "GET /xingrg/all/function/internal_message.html?_=1591494053127&CODE_STATE=getMsg HTTP/1.1" 200 27
180.162.232.172 - - [07/Jun/2020:09:40:52 +0800] "GET /xingrg/all/function/internal_message.html?_=1591494052406&CODE_STATE=getMsg HTTP/1.1" 200 27
58.40.7.146 - - [07/Jun/2020:09:40:53 +0800] "GET /xingrg/all/function/internal_message.html?_=1591494053166&CODE_STATE=getMsg HTTP/1.1" 200 27
58.40.7.146 - - [07/Jun/2020:09:40:53 +0800] "GET /xingrg/check_reg.html?_=1591494053167 HTTP/1.1" 200 22
172.17.0.110 - - [07/Jun/2020:09:40:54 +0800] "GET /xingrg/all/function/internal_message.html?_=1591494052526&CODE_STATE=getMsg HTTP/1.1" 200 27
172.17.0.110 - - [07/Jun/2020:09:40:54 +0800] "GET /xingrg/check_reg.html?_=1591494052616 HTTP/1.1" 200 22
172.17.0.110 - - [07/Jun/2020:09:40:54 +0800] "POST /xingrg/kc/buy/cgsh_list_operate.html HTTP/1.1" 200 5446
114.84.32.201 - - [07/Jun/2020:09:40:54 +0800] "GET /xingrg/all/function/internal_message.html?_=1591494057544&CODE_STATE=getMsg HTTP/1.1" 200 27
172.17.0.110 - - [07/Jun/2020:09:40:55 +0800] "POST /xingrg/kc/buy/cgsh_list_operate.html HTTP/1.1" 200 201
172.17.0.110 - - [07/Jun/2020:09:40:55 +0800] "GET /xingrg/kc/buy/cgsh_order_info.html?code=212020052007330 HTTP/1.1" 200 53533
114.88.170.9 - - [07/Jun/2020:09:40:55 +0800] "GET /xingrg/all/function/internal_message.html?_=1591494056126&CODE_STATE=getMsg HTTP/1.1" 200 27
172.17.0.110 - - [07/Jun/2020:09:40:55 +0800] "GET /xingrg/javascript/easyui/themes/default/validatebox.css HTTP/1.1" 404 1104
172.17.0.110 - - [07/Jun/2020:09:40:55 +0800] "POST /xingrg/kc/buy/cgsh_order_operate.html HTTP/1.1" 200 612
172.17.0.110 - - [07/Jun/2020:09:40:56 +0800] "GET /xingrg/kc/print/load_data.html?order_code=212020052007330&kc_code=cgsh&condition= HTTP/1.1" 200 714
114.86.190.97 - - [07/Jun/2020:09:40:58 +0800] "GET /xingrg/kc/buy/cgsh_order_operate.html?command=get_materiel&rest_code=00148&code=00101008069&supplier_code=00100007&order_time=2020-06-07 HTTP/1.1" 200 412
180.162.232.172 - - [07/Jun/2020:09:40:59 +0800] "GET /xingrg/kc/buy/cgsh_order_operate.html?command=get_materiel&rest_code=00151&code=00101015038&supplier_code=00100007&order_time=2020-06-07 HTTP/1.1" 200 419
172.17.0.110 - - [07/Jun/2020:09:40:59 +0800] "POST /xingrg/kc/buy/cgsh_list_operate.html HTTP/1.1" 200 5446
172.17.0.110 - - [07/Jun/2020:09:41:00 +0800] "POST /xingrg/kc/buy/cgsh_list_operate.html HTTP/1.1" 200 278
172.17.0.110 - - [07/Jun/2020:09:41:00 +0800] "GET /xingrg/kc/buy/cgsh_order_info.html?code=212020052007331 HTTP/1.1" 200 53531
172.17.0.110 - - [07/Jun/2020:09:41:00 +0800] "GET /xingrg/javascript/easyui/themes/default/validatebox.css HTTP/1.1" 404 1104
61.172.5.115 - - [07/Jun/2020:09:41:00 +0800] "GET /xingrg/all/function/internal_message.html?_=1591494063223&CODE_STATE=getMsg HTTP/1.1" 200 27
172.17.0.110 - - [07/Jun/2020:09:41:01 +0800] "POST /xingrg/kc/buy/cgsh_order_operate.html HTTP/1.1" 200 1209
180.162.232.172 - - [07/Jun/2020:09:41:01 +0800] "GET /xingrg/all/function/internal_message.html?_=1591494193123&CODE_STATE=getMsg HTTP/1.1" 200 27
172.17.0.110 - - [07/Jun/2020:09:41:01 +0800] "GET /xingrg/kc/print/load_data.html?order_code=212020052007331&kc_code=cgsh&condition= HTTP/1.1" 200 1020
172.17.0.110 - - [07/Jun/2020:09:41:04 +0800] "POST /xingrg/kc/buy/cgsh_list_operate.html HTTP/1.1" 200 5446
114.84.33.255 - - [07/Jun/2020:09:41:05 +0800] "GET /xingrg/all/function/internal_message.html?_=1591494066477&CODE_STATE=getMsg HTTP/1.1" 200 27
172.17.0.110 - - [07/Jun/2020:09:41:05 +0800] "POST /xingrg/kc/buy/cgsh_list_operate.html HTTP/1.1" 200 202
172.17.0.110 - - [07/Jun/2020:09:41:05 +0800] "GET /xingrg/kc/buy/cgsh_order_info.html?code=212020052007332 HTTP/1.1" 200 53535
172.17.0.110 - - [07/Jun/2020:09:41:05 +0800] "GET /xingrg/javascript/easyui/themes/default/validatebox.css HTTP/1.1" 404 1104
172.17.0.110 - - [07/Jun/2020:09:41:06 +0800] "POST /xingrg/kc/buy/cgsh_order_operate.html HTTP/1.1" 200 611
114.86.190.97 - - [07/Jun/2020:09:41:06 +0800] "GET /xingrg/kc/buy/cgsh_order_operate.html?command=get_materiel&rest_code=00148&code=00101008036&supplier_code=00100007&order_time=2020-06-07 HTTP/1.1" 200 408
172.17.0.110 - - [07/Jun/2020:09:41:07 +0800] "GET /xingrg/kc/print/load_data.html?order_code=212020052007332&kc_code=cgsh&condition= HTTP/1.1" 200 772
180.162.232.172 - - [07/Jun/2020:09:41:08 +0800] "GET /xingrg/kc/buy/cgsh_order_operate.html?command=get_materiel&rest_code=00151&code=00101015006&supplier_code=00100007&order_time=2020-06-07 HTTP/1.1" 200 412
222.69.139.156 - - [07/Jun/2020:09:41:08 +0800] "GET /xingrg/all/function/internal_message.html?_=1591494068818&CODE_STATE=getMsg HTTP/1.1" 200 27
222.69.139.156 - - [07/Jun/2020:09:41:09 +0800] "GET /xingrg/check_reg.html?_=1591494069202 HTTP/1.1" 200 22
172.17.0.110 - - [07/Jun/2020:09:41:10 +0800] "POST /xingrg/kc/buy/cgsh_list_operate.html HTTP/1.1" 200 5446
172.17.0.110 - - [07/Jun/2020:09:41:10 +0800] "POST /xingrg/kc/buy/cgsh_list_operate.html HTTP/1.1" 200 198
172.17.0.110 - - [07/Jun/2020:09:41:10 +0800] "GET /xingrg/kc/buy/cgsh_order_info.html?code=212020052007333 HTTP/1.1" 200 53535
172.17.0.110 - - [07/Jun/2020:09:41:11 +0800] "GET /xingrg/javascript/easyui/themes/default/validatebox.css HTTP/1.1" 404 1104
172.17.0.110 - - [07/Jun/2020:09:41:11 +0800] "POST /xingrg/kc/buy/cgsh_order_operate.html HTTP/1.1" 200 603
172.17.0.110 - - [07/Jun/2020:09:41:12 +0800] "GET /xingrg/kc/print/load_data.html?order_code=212020052007333&kc_code=cgsh&condition= HTTP/1.1" 200 710
180.162.232.172 - - [07/Jun/2020:09:41:14 +0800] "GET /xingrg/kc/buy/cgsh_order_operate.html?command=get_materiel&rest_code=00151&code=00101008098&supplier_code=00100007&order_time=2020-06-07 HTTP/1.1" 200 412
180.162.232.172 - - [07/Jun/2020:09:41:16 +0800] "POST /xingrg/kc/buy/cgsh_order_operate.html HTTP/1.1" 200 2065
172.17.0.101 - - [07/Jun/2020:09:41:16 +0800] "GET /xingrg/all/function/internal_message.html?_=1591494076538&CODE_STATE=getMsg HTTP/1.1" 200 27
116.230.77.149 - - [07/Jun/2020:09:41:20 +0800] "GET /xingrg/all/function/internal_message.html?_=1591494082288&CODE_STATE=getMsg HTTP/1.1" 200 27
180.162.232.172 - - [07/Jun/2020:09:41:21 +0800] "GET /xingrg/kc/buy/cgsh_order_operate.html?command=get_materiel&rest_code=00151&code=00101008069&supplier_code=00100007&order_time=2020-06-07 HTTP/1.1" 200 412
114.86.190.97 - - [07/Jun/2020:09:41:24 +0800] "GET /xingrg/kc/buy/cgsh_order_operate.html?command=get_materiel&rest_code=00148&code=00101008286&supplier_code=00100007&order_time=2020-06-07 HTTP/1.1" 200 408
114.86.227.140 - - [07/Jun/2020:09:41:27 +0800] "GET /xingrg/all/function/internal_message.html?_=1591494127078&CODE_STATE=getMsg HTTP/1.1" 200 27
120.253.135.82 - - [07/Jun/2020:09:41:27 +0800] "GET /xingrg/all/function/internal_message.html?_=1591494219136&CODE_STATE=getMsg HTTP/1.1" 200 27
172.17.0.110 - - [07/Jun/2020:09:41:30 +0800] "POST /xingrg/kc/buy/cgsh_list_operate.html HTTP/1.1" 200 5446
172.17.0.110 - - [07/Jun/2020:09:41:32 +0800] "POST /xingrg/kc/buy/cgsh_list_operate.html HTTP/1.1" 200 277
172.17.0.110 - - [07/Jun/2020:09:41:32 +0800] "GET /xingrg/kc/buy/cgsh_order_info.html?code=212020052007334 HTTP/1.1" 200 53534
172.17.0.110 - - [07/Jun/2020:09:41:32 +0800] "GET /xingrg/javascript/easyui/themes/default/validatebox.css HTTP/1.1" 404 1104
172.17.0.110 - - [07/Jun/2020:09:41:32 +0800] "POST /xingrg/kc/buy/cgsh_order_operate.html HTTP/1.1" 200 1199
172.17.0.110 - - [07/Jun/2020:09:41:33 +0800] "GET /xingrg/kc/print/load_data.html?order_code=212020052007334&kc_code=cgsh&condition= HTTP/1.1" 200 938
114.86.190.97 - - [07/Jun/2020:09:41:34 +0800] "GET /xingrg/kc/buy/cgsh_order_operate.html?command=get_materiel&rest_code=00148&code=00101008131&supplier_code=00100007&order_time=2020-06-07 HTTP/1.1" 200 408
117.184.7.26 - - [07/Jun/2020:09:41:35 +0800] "GET /xingrg/all/function/internal_message.html?_=1591494085437&CODE_STATE=getMsg HTTP/1.1" 200 27
117.184.7.26 - - [07/Jun/2020:09:41:36 +0800] "GET /xingrg/check_reg.html?_=1591494086065 HTTP/1.1" 200 22
172.17.0.110 - - [07/Jun/2020:09:41:37 +0800] "POST /xingrg/kc/buy/cgsh_list_operate.html HTTP/1.1" 200 5446
172.17.0.110 - - [07/Jun/2020:09:41:37 +0800] "POST /xingrg/kc/buy/cgsh_list_operate.html HTTP/1.1" 200 212
114.88.170.9 - - [07/Jun/2020:09:41:37 +0800] "GET /xingrg/all/function/internal_message.html?_=1591494092936&CODE_STATE=getMsg HTTP/1.1" 200 27
172.17.0.110 - - [07/Jun/2020:09:41:37 +0800] "GET /xingrg/kc/buy/cgsh_order_info.html?code=212020052007335 HTTP/1.1" 200 53525
172.17.0.110 - - [07/Jun/2020:09:41:38 +0800] "GET /xingrg/javascript/easyui/themes/default/validatebox.css HTTP/1.1" 404 1104
172.17.0.110 - - [07/Jun/2020:09:41:38 +0800] "POST /xingrg/kc/buy/cgsh_order_operate.html HTTP/1.1" 200 629
172.17.0.240 - - [07/Jun/2020:09:41:38 +0800] "GET /xingrg/all/function/internal_message.html?_=1591494097168&CODE_STATE=getMsg HTTP/1.1" 200 27
172.17.0.110 - - [07/Jun/2020:09:41:39 +0800] "GET /xingrg/kc/print/load_data.html?order_code=212020052007335&kc_code=cgsh&condition= HTTP/1.1" 200 720
120.253.135.82 - - [07/Jun/2020:09:41:40 +0800] "GET /xingrg/all/function/internal_message.html?_=1591493852554&CODE_STATE=getMsg HTTP/1.1" 302 -
120.253.135.82 - - [07/Jun/2020:09:41:40 +0800] "GET /xingrg/check_reg.html?_=1591493852500 HTTP/1.1" 302 -
61.172.5.115 - - [07/Jun/2020:09:41:40 +0800] "GET /xingrg/check_reg.html?_=1591494099066 HTTP/1.1" 302 -
61.172.5.115 - - [07/Jun/2020:09:41:40 +0800] "GET /xingrg/all/function/internal_message.html?_=1591494099102&CODE_STATE=getMsg HTTP/1.1" 302 -
117.131.5.26 - - [07/Jun/2020:09:41:40 +0800] "GET /xingrg/check_reg.html?_=1591494465076 HTTP/1.1" 200 22
117.131.5.26 - - [07/Jun/2020:09:41:40 +0800] "GET /xingrg/all/function/internal_message.html?_=1591494465077&CODE_STATE=getMsg HTTP/1.1" 200 27
114.86.190.97 - - [07/Jun/2020:09:41:41 +0800] "GET /xingrg/kc/buy/cgsh_order_operate.html?command=get_materiel&rest_code=00148&code=00101008318&supplier_code=00100007&order_time=2020-06-07 HTTP/1.1" 200 408
120.253.135.82 - - [07/Jun/2020:09:41:41 +0800] "GET /xingrg/all/function/internal_message.html?_=1591493801702&CODE_STATE=getMsg HTTP/1.1" 302 -
120.253.135.82 - - [07/Jun/2020:09:41:41 +0800] "GET /xingrg/all/function/internal_message.html?_=1591493802088&CODE_STATE=getMsg HTTP/1.1" 302 -
172.17.0.110 - - [07/Jun/2020:09:41:41 +0800] "POST /xingrg/kc/buy/cgsh_list_operate.html HTTP/1.1" 200 5446
172.17.0.110 - - [07/Jun/2020:09:41:42 +0800] "POST /xingrg/kc/buy/cgsh_list_operate.html HTTP/1.1" 200 202
172.17.0.110 - - [07/Jun/2020:09:41:42 +0800] "GET /xingrg/kc/buy/cgsh_order_info.html?code=212020052007336 HTTP/1.1" 200 53533
180.162.232.172 - - [07/Jun/2020:09:41:42 +0800] "GET /xingrg/kc/buy/cgsh_order_operate.html?command=get_materiel&rest_code=00151&code=00101008286&supplier_code=00100007&order_time=2020-06-07 HTTP/1.1" 200 408
172.17.0.110 - - [07/Jun/2020:09:41:43 +0800] "GET /xingrg/javascript/easyui/themes/default/validatebox.css HTTP/1.1" 404 1104
172.17.0.110 - - [07/Jun/2020:09:41:43 +0800] "POST /xingrg/kc/buy/cgsh_order_operate.html HTTP/1.1" 200 614
114.86.190.97 - - [07/Jun/2020:09:41:43 +0800] "POST /xingrg/kc/buy/cgsh_order_operate.html HTTP/1.1" 200 2065
172.17.0.110 - - [07/Jun/2020:09:41:43 +0800] "GET /xingrg/kc/print/load_data.html?order_code=212020052007336&kc_code=cgsh&condition= HTTP/1.1" 200 773
180.174.212.189 - - [07/Jun/2020:09:41:44 +0800] "GET /xingrg/all/function/internal_message.html?_=1591494309882&CODE_STATE=getMsg HTTP/1.1" 200 27
114.86.190.97 - - [07/Jun/2020:09:41:45 +0800] "GET /xingrg/all/function/internal_message.html?_=1591494105595&CODE_STATE=getMsg HTTP/1.1" 200 27
172.17.0.110 - - [07/Jun/2020:09:41:46 +0800] "POST /xingrg/kc/buy/cgsh_list_operate.html HTTP/1.1" 200 5446
114.86.190.97 - - [07/Jun/2020:09:41:46 +0800] "GET /xingrg/kc/buy/cgsh_order_operate.html?command=get_materiel&rest_code=00148&code=00101008352&supplier_code=00100007&order_time=2020-06-07 HTTP/1.1" 200 412
172.17.0.185 - - [07/Jun/2020:09:41:47 +0800] "GET /xingrg/all/function/internal_message.html?_=1591494106251&CODE_STATE=getMsg HTTP/1.1" 200 27
180.162.232.172 - - [07/Jun/2020:09:41:47 +0800] "GET /xingrg/kc/buy/cgsh_order_operate.html?command=get_materiel&rest_code=00151&code=00101008131&supplier_code=00100007&order_time=2020-06-07 HTTP/1.1" 200 408
116.233.79.27 - - [07/Jun/2020:09:41:47 +0800] "GET /xingrg/all/function/internal_message.html?_=1591494107835&CODE_STATE=getMsg HTTP/1.1" 200 27
172.17.0.110 - - [07/Jun/2020:09:41:47 +0800] "POST /xingrg/kc/buy/cgsh_list_operate.html HTTP/1.1" 200 5587
172.17.0.110 - - [07/Jun/2020:09:41:48 +0800] "POST /xingrg/kc/buy/cgsh_list_operate.html HTTP/1.1" 200 278
58.40.7.146 - - [07/Jun/2020:09:41:48 +0800] "GET /xingrg/all/function/internal_message.html?_=1591494108915&CODE_STATE=getMsg HTTP/1.1" 200 27
172.17.0.110 - - [07/Jun/2020:09:41:49 +0800] "GET /xingrg/kc/buy/cgsh_order_info.html?code=212020052007337 HTTP/1.1" 200 53535
172.17.0.110 - - [07/Jun/2020:09:41:49 +0800] "GET /xingrg/javascript/easyui/themes/default/validatebox.css HTTP/1.1" 404 1104
172.17.0.110 - - [07/Jun/2020:09:41:49 +0800] "POST /xingrg/kc/buy/cgsh_order_operate.html HTTP/1.1" 200 1202
172.17.0.110 - - [07/Jun/2020:09:41:50 +0800] "GET /xingrg/kc/print/load_data.html?order_code=212020052007337&kc_code=cgsh&condition= HTTP/1.1" 200 942
120.253.135.82 - - [07/Jun/2020:09:41:51 +0800] "POST /xingrg/kc/pszx/mdps_list_operate.html HTTP/1.1" 302 -
114.84.33.255 - - [07/Jun/2020:09:41:52 +0800] "GET /xingrg/all/function/internal_message.html?_=1591494113141&CODE_STATE=getMsg HTTP/1.1" 200 27
180.162.232.172 - - [07/Jun/2020:09:41:52 +0800] "POST /xingrg/kc/buy/cgsh_order_operate.html HTTP/1.1" 200 2065
180.162.232.172 - - [07/Jun/2020:09:41:52 +0800] "GET /xingrg/all/function/internal_message.html?_=1591494112409&CODE_STATE=getMsg HTTP/1.1" 200 27
58.40.7.146 - - [07/Jun/2020:09:41:53 +0800] "GET /xingrg/all/function/internal_message.html?_=1591494113169&CODE_STATE=getMsg HTTP/1.1" 200 27
172.17.0.110 - - [07/Jun/2020:09:41:53 +0800] "POST /xingrg/kc/buy/cgsh_list_operate.html HTTP/1.1" 200 5587
114.86.190.97 - - [07/Jun/2020:09:41:53 +0800] "GET /xingrg/kc/buy/cgsh_order_operate.html?command=get_materiel&rest_code=00148&code=00101008005&supplier_code=00100007&order_time=2020-06-07 HTTP/1.1" 200 412
172.17.0.110 - - [07/Jun/2020:09:41:54 +0800] "POST /xingrg/kc/buy/cgsh_list_operate.html HTTP/1.1" 200 198
172.17.0.110 - - [07/Jun/2020:09:41:54 +0800] "GET /xingrg/kc/buy/cgsh_order_info.html?code=212020052007339 HTTP/1.1" 200 53533
172.17.0.110 - - [07/Jun/2020:09:41:54 +0800] "GET /xingrg/all/function/internal_message.html?_=1591494112646&CODE_STATE=getMsg HTTP/1.1" 200 27
172.17.0.110 - - [07/Jun/2020:09:41:54 +0800] "GET /xingrg/javascript/easyui/themes/default/validatebox.css HTTP/1.1" 404 1104
114.84.32.201 - - [07/Jun/2020:09:41:54 +0800] "GET /xingrg/all/function/internal_message.html?_=1591494117544&CODE_STATE=getMsg HTTP/1.1" 200 27
172.17.0.110 - - [07/Jun/2020:09:41:54 +0800] "POST /xingrg/kc/buy/cgsh_order_operate.html HTTP/1.1" 200 608
114.88.170.9 - - [07/Jun/2020:09:41:55 +0800] "GET /xingrg/check_reg.html?_=1591494116126 HTTP/1.1" 200 22
114.88.170.9 - - [07/Jun/2020:09:41:55 +0800] "GET /xingrg/all/function/internal_message.html?_=1591494116129&CODE_STATE=getMsg HTTP/1.1" 200 27
172.17.0.110 - - [07/Jun/2020:09:41:55 +0800] "GET /xingrg/kc/print/load_data.html?order_code=212020052007339&kc_code=cgsh&condition= HTTP/1.1" 200 705
61.172.5.115 - - [07/Jun/2020:09:41:57 +0800] "GET /xingrg/check_reg.html?_=1591494119459 HTTP/1.1" 200 22
172.17.0.110 - - [07/Jun/2020:09:41:58 +0800] "POST /xingrg/kc/buy/cgsh_list_operate.html HTTP/1.1" 200 5587
172.17.0.110 - - [07/Jun/2020:09:41:59 +0800] "POST /xingrg/kc/buy/cgsh_list_operate.html HTTP/1.1" 200 204
172.17.0.110 - - [07/Jun/2020:09:41:59 +0800] "GET /xingrg/kc/buy/cgsh_order_info.html?code=212020052007340 HTTP/1.1" 200 53535
172.17.0.110 - - [07/Jun/2020:09:41:59 +0800] "GET /xingrg/javascript/easyui/themes/default/validatebox.css HTTP/1.1" 404 1104
172.17.0.110 - - [07/Jun/2020:09:41:59 +0800] "POST /xingrg/kc/buy/cgsh_order_operate.html HTTP/1.1" 200 608
117.131.5.26 - - [07/Jun/2020:09:42:00 +0800] "POST /xingrg/kc/buy/cgsh_order_operate.html HTTP/1.1" 200 37
120.253.135.82 - - [07/Jun/2020:09:42:00 +0800] "GET /xingrg/login.html HTTP/1.1" 200 7641
120.253.135.82 - - [07/Jun/2020:09:42:00 +0800] "GET /xingrg/images/blue/jxLogo.png HTTP/1.1" 304 -
120.253.135.82 - - [07/Jun/2020:09:42:00 +0800] "GET /xingrg/images/blue/login_bg.png HTTP/1.1" 304 -
120.253.135.82 - - [07/Jun/2020:09:42:00 +0800] "GET /xingrg/images/blue/hj.png HTTP/1.1" 304 -
120.253.135.82 - - [07/Jun/2020:09:42:00 +0800] "GET /xingrg/images/blue/srbg.png HTTP/1.1" 304 -
120.253.135.82 - - [07/Jun/2020:09:42:00 +0800] "GET /favicon.ico HTTP/1.1" 404 -
117.131.5.26 - - [07/Jun/2020:09:42:00 +0800] "POST /xingrg/kc/buy/cgsh_order_operate.html HTTP/1.1" 200 2653
172.17.0.110 - - [07/Jun/2020:09:42:00 +0800] "GET /xingrg/kc/print/load_data.html?order_code=212020052007340&kc_code=cgsh&condition= HTTP/1.1" 200 715
61.172.5.115 - - [07/Jun/2020:09:42:00 +0800] "GET /xingrg/all/function/internal_message.html?_=1591494123217&CODE_STATE=getMsg HTTP/1.1" 200 27
114.86.190.97 - - [07/Jun/2020:09:42:01 +0800] "GET /xingrg/kc/buy/cgsh_order_operate.html?command=get_materiel&rest_code=00148&code=00101008004&supplier_code=00100007&order_time=2020-06-07 HTTP/1.1" 200 416
180.162.232.172 - - [07/Jun/2020:09:42:01 +0800] "GET /xingrg/all/function/internal_message.html?_=1591494253150&CODE_STATE=getMsg HTTP/1.1" 200 27
117.131.5.26 - - [07/Jun/2020:09:42:01 +0800] "GET /xingrg/kc/buy/cgsh_order_add.html HTTP/1.1" 200 58740
117.131.5.26 - - [07/Jun/2020:09:42:02 +0800] "POST /xingrg/kc/buy/cgsh_order_operate.html HTTP/1.1" 200 8245
117.131.5.26 - - [07/Jun/2020:09:42:02 +0800] "GET /xingrg/javascript/easyui/themes/default/validatebox.css HTTP/1.1" 404 1104
120.253.135.82 - - [07/Jun/2020:09:42:02 +0800] "POST /xingrg/login.do HTTP/1.1" 302 -
120.253.135.82 - - [07/Jun/2020:09:42:02 +0800] "GET /xingrg/javascript/jquery_easy_ui/themes/default/easyui.css HTTP/1.1" 304 -
120.253.135.82 - - [07/Jun/2020:09:42:02 +0800] "GET /xingrg/javascript/jquery_easy_ui/themes/icon.css HTTP/1.1" 304 -
120.253.135.82 - - [07/Jun/2020:09:42:02 +0800] "GET /xingrg/index.html?sysBaseUrl=http%3A%2F%2F180.169.147.146%3A18081%2Fxingrg%2F&costTime=38×tamp=1591494122923 HTTP/1.1" 200 17503
120.253.135.82 - - [07/Jun/2020:09:42:02 +0800] "GET /xingrg/css/form.css HTTP/1.1" 304 -
120.253.135.82 - - [07/Jun/2020:09:42:02 +0800] "GET /xingrg/javascript/jquery.form.js HTTP/1.1" 304 -
120.253.135.82 - - [07/Jun/2020:09:42:02 +0800] "GET /xingrg/javascript/jquery_easy_ui/jquery.easyui.min.js HTTP/1.1" 304 -
120.253.135.82 - - [07/Jun/2020:09:42:02 +0800] "GET /xingrg/javascript/jquery-1.4.2.min.js HTTP/1.1" 304 -
120.253.135.82 - - [07/Jun/2020:09:42:02 +0800] "GET /xingrg/javascript/jquery_easy_ui/easyui-lang-zh_CN.js HTTP/1.1" 304 -
120.253.135.82 - - [07/Jun/2020:09:42:02 +0800] "GET /xingrg/javascript/jquery.timers.js HTTP/1.1" 304 -
120.253.135.82 - - [07/Jun/2020:09:42:02 +0800] "GET /xingrg/javascript/jquery.utils.js HTTP/1.1" 304 -
120.253.135.82 - - [07/Jun/2020:09:42:03 +0800] "GET /xingrg/javascript/jquery_easy_ui/themes/icons/settle_new.png HTTP/1.1" 304 -
120.253.135.82 - - [07/Jun/2020:09:42:03 +0800] "GET /xingrg/images/blue/navBackgound.jpg HTTP/1.1" 304 -
120.253.135.82 - - [07/Jun/2020:09:42:03 +0800] "POST /xingrg/all/common/load_tree.html?tree=area_rest_tree_json&manage=1 HTTP/1.1" 200 344
120.253.135.82 - - [07/Jun/2020:09:42:03 +0800] "GET /xingrg/images/blue/pingpu.png HTTP/1.1" 304 -
120.253.135.82 - - [07/Jun/2020:09:42:03 +0800] "GET /xingrg/javascript/jquery_easy_ui/themes/default/images/tabs_leftarrow.png HTTP/1.1" 304 -
120.253.135.82 - - [07/Jun/2020:09:42:03 +0800] "GET /xingrg/javascript/jquery_easy_ui/themes/default/images/tabs_rightarrow.png HTTP/1.1" 304 -
120.253.135.82 - - [07/Jun/2020:09:42:03 +0800] "GET /xingrg/javascript/jquery_easy_ui/themes/default/images/panel_tool_collapse.gif HTTP/1.1" 304 -
120.253.135.82 - - [07/Jun/2020:09:42:03 +0800] "GET /xingrg/javascript/jquery_easy_ui/themes/default/images/panel_tool_expand.gif HTTP/1.1" 304 -
120.253.135.82 - - [07/Jun/2020:09:42:03 +0800] "GET /xingrg/javascript/jquery_easy_ui/themes/default/images/tree_arrows.gif HTTP/1.1" 304 -
120.253.135.82 - - [07/Jun/2020:09:42:03 +0800] "GET /xingrg/all/function/internal_message.html?_=1591493878771&CODE_STATE=count HTTP/1.1" 200 11
120.253.135.82 - - [07/Jun/2020:09:42:03 +0800] "GET /xingrg/check_reg.html?_=1591493878772 HTTP/1.1" 200 22
120.253.135.82 - - [07/Jun/2020:09:42:03 +0800] "GET /favicon.ico HTTP/1.1" 404 -
120.253.135.82 - - [07/Jun/2020:09:42:03 +0800] "POST /xingrg/load_menu.html HTTP/1.1" 200 11564
120.253.135.82 - - [07/Jun/2020:09:42:03 +0800] "GET /xingrg/javascript/jquery_easy_ui/themes/default/images/tree_folder_open.gif HTTP/1.1" 304 -
120.253.135.82 - - [07/Jun/2020:09:42:03 +0800] "GET /xingrg/javascript/jquery_easy_ui/themes/icons/delivery_new.png HTTP/1.1" 304 -
120.253.135.82 - - [07/Jun/2020:09:42:03 +0800] "GET /xingrg/javascript/jquery_easy_ui/themes/icons/storage_new.png HTTP/1.1" 304 -
120.253.135.82 - - [07/Jun/2020:09:42:03 +0800] "GET /xingrg/javascript/jquery_easy_ui/themes/icons/search_new.png HTTP/1.1" 304 -
120.253.135.82 - - [07/Jun/2020:09:42:03 +0800] "GET /xingrg/javascript/jquery_easy_ui/themes/icons/checkout_new.png HTTP/1.1" 304 -
