172.17.0.110 - - [07/Jun/2020:09:16:37 +0800] "POST /xingrg/kc/buy/cgsh_list_operate.html HTTP/1.1" 200 5451
172.17.0.110 - - [07/Jun/2020:09:16:38 +0800] "POST /xingrg/kc/buy/cgsh_list_operate.html HTTP/1.1" 200 359
172.17.0.110 - - [07/Jun/2020:09:16:39 +0800] "GET /xingrg/kc/buy/cgsh_order_info.html?code=212020052007321 HTTP/1.1" 200 53531
172.17.0.110 - - [07/Jun/2020:09:16:39 +0800] "GET /xingrg/javascript/easyui/themes/default/validatebox.css HTTP/1.1" 404 1104
172.17.0.110 - - [07/Jun/2020:09:16:39 +0800] "POST /xingrg/kc/buy/cgsh_order_operate.html HTTP/1.1" 200 1814
61.172.5.115 - - [07/Jun/2020:09:16:40 +0800] "GET /xingrg/check_reg.html?_=1591492599017 HTTP/1.1" 302 -
61.172.5.115 - - [07/Jun/2020:09:16:40 +0800] "GET /xingrg/all/function/internal_message.html?_=1591492599049&CODE_STATE=getMsg HTTP/1.1" 302 -
172.17.0.110 - - [07/Jun/2020:09:16:40 +0800] "GET /xingrg/kc/print/load_data.html?order_code=212020052007321&kc_code=cgsh&condition= HTTP/1.1" 200 1258
180.162.232.172 - - [07/Jun/2020:09:16:40 +0800] "GET /xingrg/kc/buy/cgsh_order_operate.html?command=get_materiel&rest_code=00150&code=00101008091&supplier_code=00100007&order_time=2020-06-07 HTTP/1.1" 200 412
120.253.135.82 - - [07/Jun/2020:09:16:42 +0800] "GET /xingrg/all/function/internal_message.html?_=1591492302249&CODE_STATE=getMsg HTTP/1.1" 302 -
120.253.135.82 - - [07/Jun/2020:09:16:42 +0800] "GET /xingrg/all/function/internal_message.html?_=1591492302546&CODE_STATE=getMsg HTTP/1.1" 302 -
180.174.212.189 - - [07/Jun/2020:09:16:43 +0800] "GET /xingrg/all/function/internal_message.html?_=1591492808606&CODE_STATE=getMsg HTTP/1.1" 200 27
172.17.0.110 - - [07/Jun/2020:09:16:44 +0800] "POST /xingrg/kc/buy/cgsh_list_operate.html HTTP/1.1" 200 5451
114.86.190.97 - - [07/Jun/2020:09:16:45 +0800] "GET /xingrg/all/function/internal_message.html?_=1591492605904&CODE_STATE=getMsg HTTP/1.1" 200 27
116.230.77.149 - - [07/Jun/2020:09:16:47 +0800] "POST /xingrg/kc/buy/cgsh_order_operate.html HTTP/1.1" 200 37
172.17.0.185 - - [07/Jun/2020:09:16:47 +0800] "GET /xingrg/all/function/internal_message.html?_=1591492606246&CODE_STATE=getMsg HTTP/1.1" 200 27
172.17.0.110 - - [07/Jun/2020:09:16:47 +0800] "POST /xingrg/kc/buy/cgsh_list_operate.html HTTP/1.1" 200 5590
116.233.79.27 - - [07/Jun/2020:09:16:47 +0800] "GET /xingrg/all/function/internal_message.html?_=1591492607817&CODE_STATE=getMsg HTTP/1.1" 200 27
116.230.77.149 - - [07/Jun/2020:09:16:48 +0800] "POST /xingrg/kc/buy/cgsh_order_operate.html HTTP/1.1" 200 3936
180.162.232.172 - - [07/Jun/2020:09:16:48 +0800] "GET /xingrg/kc/buy/cgsh_order_operate.html?command=get_materiel&rest_code=00150&code=00101008185&supplier_code=00100007&order_time=2020-06-07 HTTP/1.1" 200 408
172.17.0.110 - - [07/Jun/2020:09:16:48 +0800] "POST /xingrg/kc/buy/cgsh_list_operate.html HTTP/1.1" 200 197
172.17.0.110 - - [07/Jun/2020:09:16:48 +0800] "GET /xingrg/kc/buy/cgsh_order_info.html?code=212020052007322 HTTP/1.1" 200 53535
58.40.7.146 - - [07/Jun/2020:09:16:48 +0800] "GET /xingrg/all/function/internal_message.html?_=1591492608900&CODE_STATE=getMsg HTTP/1.1" 200 27
172.17.0.110 - - [07/Jun/2020:09:16:49 +0800] "GET /xingrg/javascript/easyui/themes/default/validatebox.css HTTP/1.1" 404 1104
172.17.0.110 - - [07/Jun/2020:09:16:49 +0800] "POST /xingrg/kc/buy/cgsh_order_operate.html HTTP/1.1" 200 603
180.162.232.172 - - [07/Jun/2020:09:16:49 +0800] "GET /xingrg/all/function/internal_message.html?_=1591492609259&CODE_STATE=getMsg HTTP/1.1" 200 27
172.17.0.110 - - [07/Jun/2020:09:16:50 +0800] "GET /xingrg/kc/print/load_data.html?order_code=212020052007322&kc_code=cgsh&condition= HTTP/1.1" 200 704
180.174.212.189 - - [07/Jun/2020:09:16:50 +0800] "GET /xingrg/kc/buy/cgsh_order_operate.html?command=get_materiel&rest_code=00102&code=00101008261&supplier_code=00100151&order_time=2020-06-07 HTTP/1.1" 200 410
58.40.7.146 - - [07/Jun/2020:09:16:53 +0800] "GET /xingrg/all/function/internal_message.html?_=1591492613165&CODE_STATE=getMsg HTTP/1.1" 200 27
172.17.0.110 - - [07/Jun/2020:09:16:53 +0800] "POST /xingrg/kc/buy/cgsh_list_operate.html HTTP/1.1" 200 5590
180.162.232.172 - - [07/Jun/2020:09:16:53 +0800] "GET /xingrg/kc/buy/cgsh_order_operate.html?command=get_materiel&rest_code=00150&code=00101008354&supplier_code=00100007&order_time=2020-06-07 HTTP/1.1" 200 412
116.230.77.149 - - [07/Jun/2020:09:16:53 +0800] "POST /xingrg/kc/buy/cgsh_order_operate.html HTTP/1.1" 200 37
172.17.0.110 - - [07/Jun/2020:09:16:54 +0800] "GET /xingrg/all/function/internal_message.html?_=1591492612600&CODE_STATE=getMsg HTTP/1.1" 200 27
172.17.0.110 - - [07/Jun/2020:09:16:54 +0800] "POST /xingrg/kc/buy/cgsh_list_operate.html HTTP/1.1" 200 203
114.84.32.201 - - [07/Jun/2020:09:16:54 +0800] "GET /xingrg/all/function/internal_message.html?_=1591492617524&CODE_STATE=getMsg HTTP/1.1" 200 27
172.17.0.110 - - [07/Jun/2020:09:16:55 +0800] "GET /xingrg/kc/buy/cgsh_order_info.html?code=212020052007323 HTTP/1.1" 200 53533
172.17.0.110 - - [07/Jun/2020:09:16:55 +0800] "GET /xingrg/javascript/easyui/themes/default/validatebox.css HTTP/1.1" 404 1104
114.88.170.9 - - [07/Jun/2020:09:16:55 +0800] "GET /xingrg/all/function/internal_message.html?_=1591492616103&CODE_STATE=getMsg HTTP/1.1" 200 27
114.88.170.9 - - [07/Jun/2020:09:16:55 +0800] "GET /xingrg/check_reg.html?_=1591492616108 HTTP/1.1" 200 22
172.17.0.110 - - [07/Jun/2020:09:16:55 +0800] "POST /xingrg/kc/buy/cgsh_order_operate.html HTTP/1.1" 200 615
61.172.5.115 - - [07/Jun/2020:09:16:55 +0800] "GET /xingrg/kc/buy/buy_main.html HTTP/1.1" 200 12412
61.172.5.115 - - [07/Jun/2020:09:16:55 +0800] "GET /xingrg/css/new_ie.css HTTP/1.1" 404 1036
172.17.0.110 - - [07/Jun/2020:09:16:56 +0800] "GET /xingrg/kc/print/load_data.html?order_code=212020052007323&kc_code=cgsh&condition= HTTP/1.1" 200 771
61.172.5.115 - - [07/Jun/2020:09:16:57 +0800] "GET /xingrg/check_reg.html?_=1591492619544 HTTP/1.1" 200 22
116.230.77.149 - - [07/Jun/2020:09:16:57 +0800] "POST /xingrg/kc/buy/cgsh_order_operate.html HTTP/1.1" 200 12
61.172.5.115 - - [07/Jun/2020:09:16:57 +0800] "GET /xingrg/images/yd/bt.gif HTTP/1.1" 404 1040
116.230.77.149 - - [07/Jun/2020:09:16:58 +0800] "GET /xingrg/kc/buy/cgsh_order_info.html?code=212020060702326 HTTP/1.1" 200 53682
61.172.5.115 - - [07/Jun/2020:09:16:58 +0800] "GET /xingrg/kc/buy/cgsh_order_list.html HTTP/1.1" 200 42996
116.230.77.149 - - [07/Jun/2020:09:16:59 +0800] "GET /xingrg/javascript/easyui/themes/default/validatebox.css HTTP/1.1" 404 1104
180.162.232.172 - - [07/Jun/2020:09:16:59 +0800] "GET /xingrg/kc/buy/cgsh_order_operate.html?command=get_materiel&rest_code=00150&code=00101008038&supplier_code=00100007&order_time=2020-06-07 HTTP/1.1" 200 412
116.230.77.149 - - [07/Jun/2020:09:16:59 +0800] "POST /xingrg/kc/buy/cgsh_order_operate.html HTTP/1.1" 200 1886
61.172.5.115 - - [07/Jun/2020:09:16:59 +0800] "POST /xingrg/kc/buy/cgsh_list_operate.html HTTP/1.1" 200 876
172.17.0.110 - - [07/Jun/2020:09:16:59 +0800] "POST /xingrg/kc/buy/cgsh_list_operate.html HTTP/1.1" 200 5590
172.17.0.110 - - [07/Jun/2020:09:17:00 +0800] "POST /xingrg/kc/buy/cgsh_list_operate.html HTTP/1.1" 200 351
61.172.5.115 - - [07/Jun/2020:09:17:00 +0800] "GET /xingrg/all/function/internal_message.html?_=1591492623192&CODE_STATE=getMsg HTTP/1.1" 200 27
172.17.0.110 - - [07/Jun/2020:09:17:01 +0800] "GET /xingrg/kc/buy/cgsh_order_info.html?code=212020052007324 HTTP/1.1" 200 53535
116.230.77.149 - - [07/Jun/2020:09:17:01 +0800] "GET /xingrg/kc/print/load_data.html?order_code=212020060702326&kc_code=cgsh&condition= HTTP/1.1" 200 1305
172.17.0.110 - - [07/Jun/2020:09:17:01 +0800] "GET /xingrg/javascript/easyui/themes/default/validatebox.css HTTP/1.1" 404 1104
172.17.0.110 - - [07/Jun/2020:09:17:01 +0800] "POST /xingrg/kc/buy/cgsh_order_operate.html HTTP/1.1" 200 1797
172.17.0.110 - - [07/Jun/2020:09:17:02 +0800] "GET /xingrg/kc/print/load_data.html?order_code=212020052007324&kc_code=cgsh&condition= HTTP/1.1" 200 1164
114.84.33.255 - - [07/Jun/2020:09:17:04 +0800] "GET /xingrg/all/function/internal_message.html?_=1591492626144&CODE_STATE=getMsg HTTP/1.1" 200 27
172.17.0.110 - - [07/Jun/2020:09:17:06 +0800] "POST /xingrg/kc/buy/cgsh_list_operate.html HTTP/1.1" 200 5590
172.17.0.110 - - [07/Jun/2020:09:17:07 +0800] "POST /xingrg/kc/buy/cgsh_list_operate.html HTTP/1.1" 200 277
172.17.0.110 - - [07/Jun/2020:09:17:07 +0800] "GET /xingrg/kc/buy/cgsh_order_info.html?code=212020052007325 HTTP/1.1" 200 53535
172.17.0.110 - - [07/Jun/2020:09:17:08 +0800] "GET /xingrg/javascript/easyui/themes/default/validatebox.css HTTP/1.1" 404 1104
172.17.0.110 - - [07/Jun/2020:09:17:08 +0800] "POST /xingrg/kc/buy/cgsh_order_operate.html HTTP/1.1" 200 1197
172.17.0.110 - - [07/Jun/2020:09:17:09 +0800] "GET /xingrg/kc/print/load_data.html?order_code=212020052007325&kc_code=cgsh&condition= HTTP/1.1" 200 931
222.69.139.156 - - [07/Jun/2020:09:17:09 +0800] "GET /xingrg/all/function/internal_message.html?_=1591492629278&CODE_STATE=getMsg HTTP/1.1" 200 27
61.172.5.115 - - [07/Jun/2020:09:17:11 +0800] "GET /xingrg/kc/buy/cgsh_order_add.html HTTP/1.1" 200 58734
61.172.5.115 - - [07/Jun/2020:09:17:11 +0800] "GET /xingrg/words/20200606155352_words.js HTTP/1.1" 304 -
61.172.5.115 - - [07/Jun/2020:09:17:11 +0800] "POST /xingrg/kc/buy/cgsh_order_operate.html HTTP/1.1" 200 8245
61.172.5.115 - - [07/Jun/2020:09:17:11 +0800] "GET /xingrg/javascript/easyui/themes/default/validatebox.css HTTP/1.1" 404 1104
61.172.5.115 - - [07/Jun/2020:09:17:11 +0800] "GET /xingrg/all/common/auto_word.html?type=employee&rest_code=00105 HTTP/1.1" 200 193
61.172.5.115 - - [07/Jun/2020:09:17:11 +0800] "GET /xingrg/all/common/auto_word.html?type=employee&rest_code=00105 HTTP/1.1" 200 193
172.17.0.110 - - [07/Jun/2020:09:17:12 +0800] "POST /xingrg/kc/buy/cgsh_list_operate.html HTTP/1.1" 200 5590
172.17.0.110 - - [07/Jun/2020:09:17:13 +0800] "POST /xingrg/kc/buy/cgsh_list_operate.html HTTP/1.1" 200 207
172.17.0.110 - - [07/Jun/2020:09:17:14 +0800] "GET /xingrg/kc/buy/cgsh_order_info.html?code=212020052007326 HTTP/1.1" 200 53531
172.17.0.110 - - [07/Jun/2020:09:17:14 +0800] "GET /xingrg/javascript/easyui/themes/default/validatebox.css HTTP/1.1" 404 1104
172.17.0.110 - - [07/Jun/2020:09:17:14 +0800] "POST /xingrg/kc/buy/cgsh_order_operate.html HTTP/1.1" 200 615
180.174.212.189 - - [07/Jun/2020:09:17:15 +0800] "GET /xingrg/kc/buy/cgsh_order_operate.html?command=get_materiel&rest_code=00102&code=00101008225&supplier_code=00100151&order_time=2020-06-07 HTTP/1.1" 200 416
172.17.0.110 - - [07/Jun/2020:09:17:15 +0800] "GET /xingrg/kc/print/load_data.html?order_code=212020052007326&kc_code=cgsh&condition= HTTP/1.1" 200 719
116.230.77.149 - - [07/Jun/2020:09:17:18 +0800] "GET /xingrg/all/function/internal_message.html?_=1591492640496&CODE_STATE=getMsg HTTP/1.1" 200 27
172.17.0.110 - - [07/Jun/2020:09:17:18 +0800] "POST /xingrg/kc/buy/cgsh_list_operate.html HTTP/1.1" 200 5590
61.172.5.115 - - [07/Jun/2020:09:17:19 +0800] "GET /xingrg/javascript/auto/indicator.gif HTTP/1.1" 404 1066
172.17.0.110 - - [07/Jun/2020:09:17:19 +0800] "POST /xingrg/kc/buy/cgsh_list_operate.html HTTP/1.1" 200 609
172.17.0.110 - - [07/Jun/2020:09:17:20 +0800] "GET /xingrg/kc/buy/cgsh_order_info.html?code=212020052007327 HTTP/1.1" 200 53533
172.17.0.110 - - [07/Jun/2020:09:17:20 +0800] "GET /xingrg/javascript/easyui/themes/default/validatebox.css HTTP/1.1" 404 1104
172.17.0.110 - - [07/Jun/2020:09:17:20 +0800] "POST /xingrg/kc/buy/cgsh_order_operate.html HTTP/1.1" 200 3626
114.84.33.255 - - [07/Jun/2020:09:17:22 +0800] "GET /xingrg/all/function/internal_message.html?_=1591492643148&CODE_STATE=getMsg HTTP/1.1" 200 27
172.17.0.110 - - [07/Jun/2020:09:17:23 +0800] "GET /xingrg/kc/print/load_data.html?order_code=212020052007327&kc_code=cgsh&condition= HTTP/1.1" 200 1892
120.253.135.82 - - [07/Jun/2020:09:17:26 +0800] "GET /xingrg/all/function/internal_message.html?_=1591492777437&CODE_STATE=getMsg HTTP/1.1" 200 27
172.17.0.110 - - [07/Jun/2020:09:17:26 +0800] "POST /xingrg/kc/buy/cgsh_list_operate.html HTTP/1.1" 200 5590
172.17.0.110 - - [07/Jun/2020:09:17:27 +0800] "POST /xingrg/kc/buy/cgsh_list_operate.html HTTP/1.1" 200 573
114.84.33.255 - - [07/Jun/2020:09:17:28 +0800] "POST /xingrg/kc/buy/cgsh_order_operate.html HTTP/1.1" 200 37
172.17.0.110 - - [07/Jun/2020:09:17:28 +0800] "GET /xingrg/kc/buy/cgsh_order_info.html?code=212020053112013 HTTP/1.1" 200 53531
120.253.135.82 - - [07/Jun/2020:09:17:28 +0800] "GET /xingrg/all/function/internal_message.html?_=1591492404198&CODE_STATE=getMsg HTTP/1.1" 200 27
172.17.0.110 - - [07/Jun/2020:09:17:28 +0800] "GET /xingrg/javascript/easyui/themes/default/validatebox.css HTTP/1.1" 404 1104
172.17.0.110 - - [07/Jun/2020:09:17:29 +0800] "POST /xingrg/kc/buy/cgsh_order_operate.html HTTP/1.1" 200 4173
114.84.33.255 - - [07/Jun/2020:09:17:29 +0800] "POST /xingrg/kc/buy/cgsh_order_operate.html HTTP/1.1" 200 52919
172.17.0.110 - - [07/Jun/2020:09:17:30 +0800] "GET /xingrg/kc/print/load_data.html?order_code=212020053112013&kc_code=cgsh&condition= HTTP/1.1" 200 2173
114.88.170.9 - - [07/Jun/2020:09:17:31 +0800] "GET /xingrg/check_reg.html?_=1591492646342 HTTP/1.1" 200 22
172.17.0.110 - - [07/Jun/2020:09:17:33 +0800] "POST /xingrg/kc/buy/cgsh_list_operate.html HTTP/1.1" 200 5590
222.69.139.156 - - [07/Jun/2020:09:17:33 +0800] "GET /xingrg/kc/buy/cgsh_order_add.html HTTP/1.1" 200 58787
222.69.139.156 - - [07/Jun/2020:09:17:33 +0800] "POST /xingrg/kc/buy/cgsh_order_operate.html HTTP/1.1" 200 8245
222.69.139.156 - - [07/Jun/2020:09:17:33 +0800] "GET /xingrg/javascript/easyui/themes/default/validatebox.css HTTP/1.1" 404 1104
172.17.0.110 - - [07/Jun/2020:09:17:34 +0800] "POST /xingrg/kc/buy/cgsh_list_operate.html HTTP/1.1" 200 271
114.88.170.9 - - [07/Jun/2020:09:17:34 +0800] "GET /xingrg/all/function/internal_message.html?_=1591492649332&CODE_STATE=getMsg HTTP/1.1" 200 27
172.17.0.110 - - [07/Jun/2020:09:17:34 +0800] "GET /xingrg/kc/buy/cgsh_order_info.html?code=212020053112048 HTTP/1.1" 200 53531
172.17.0.110 - - [07/Jun/2020:09:17:35 +0800] "GET /xingrg/javascript/easyui/themes/default/validatebox.css HTTP/1.1" 404 1104
172.17.0.110 - - [07/Jun/2020:09:17:35 +0800] "POST /xingrg/kc/buy/cgsh_order_operate.html HTTP/1.1" 200 1192
117.184.7.26 - - [07/Jun/2020:09:17:36 +0800] "GET /xingrg/all/function/internal_message.html?_=1591492645875&CODE_STATE=getMsg HTTP/1.1" 200 27
172.17.0.110 - - [07/Jun/2020:09:17:36 +0800] "GET /xingrg/kc/print/load_data.html?order_code=212020053112048&kc_code=cgsh&condition= HTTP/1.1" 200 943
172.17.0.110 - - [07/Jun/2020:09:17:39 +0800] "POST /xingrg/kc/buy/cgsh_list_operate.html HTTP/1.1" 200 5590
172.17.0.110 - - [07/Jun/2020:09:17:40 +0800] "GET /xingrg/kc/buy/cgsh_order_info.html?code=212020053112069 HTTP/1.1" 200 53531
61.172.5.115 - - [07/Jun/2020:09:17:40 +0800] "GET /xingrg/all/function/internal_message.html?_=1591492659046&CODE_STATE=getMsg HTTP/1.1" 302 -
172.17.0.110 - - [07/Jun/2020:09:17:40 +0800] "GET /xingrg/javascript/easyui/themes/default/validatebox.css HTTP/1.1" 404 1104
222.69.139.156 - - [07/Jun/2020:09:17:40 +0800] "GET /xingrg/kc/buy/cgsh_order_operate.html?command=get_materiel&rest_code=00149&code=00102012036&supplier_code=00100198&order_time=2020-06-07 HTTP/1.1" 200 409
172.17.0.110 - - [07/Jun/2020:09:17:41 +0800] "POST /xingrg/kc/buy/cgsh_order_operate.html HTTP/1.1" 200 606
172.17.0.110 - - [07/Jun/2020:09:17:41 +0800] "GET /xingrg/kc/print/load_data.html?order_code=212020053112069&kc_code=cgsh&condition= HTTP/1.1" 200 721
120.253.135.82 - - [07/Jun/2020:09:17:41 +0800] "GET /xingrg/all/function/internal_message.html?_=1591492362223&CODE_STATE=getMsg HTTP/1.1" 302 -
120.253.135.82 - - [07/Jun/2020:09:17:42 +0800] "GET /xingrg/all/function/internal_message.html?_=1591492362525&CODE_STATE=getMsg HTTP/1.1" 302 -
180.174.212.189 - - [07/Jun/2020:09:17:42 +0800] "GET /xingrg/check_reg.html?_=1591492867996 HTTP/1.1" 200 22
180.174.212.189 - - [07/Jun/2020:09:17:43 +0800] "GET /xingrg/all/function/internal_message.html?_=1591492868621&CODE_STATE=getMsg HTTP/1.1" 200 27
114.84.33.255 - - [07/Jun/2020:09:17:44 +0800] "GET /xingrg/login.html HTTP/1.1" 200 7641
114.84.33.255 - - [07/Jun/2020:09:17:44 +0800] "GET /xingrg/images/blue/login_bg.png HTTP/1.1" 304 -
114.84.33.255 - - [07/Jun/2020:09:17:44 +0800] "GET /xingrg/images/blue/jxLogo.png HTTP/1.1" 304 -
114.84.33.255 - - [07/Jun/2020:09:17:44 +0800] "GET /xingrg/images/blue/hj.png HTTP/1.1" 304 -
114.84.33.255 - - [07/Jun/2020:09:17:44 +0800] "GET /xingrg/images/blue/srbg.png HTTP/1.1" 304 -
114.84.33.255 - - [07/Jun/2020:09:17:44 +0800] "GET /favicon.ico HTTP/1.1" 404 -
114.86.190.97 - - [07/Jun/2020:09:17:45 +0800] "GET /xingrg/all/function/internal_message.html?_=1591492665890&CODE_STATE=getMsg HTTP/1.1" 200 27
180.162.232.172 - - [07/Jun/2020:09:17:46 +0800] "GET /xingrg/kc/buy/cgsh_order_operate.html?command=get_materiel&rest_code=00150&code=00101008199&supplier_code=00100007&order_time=2020-06-07 HTTP/1.1" 200 408
172.17.0.185 - - [07/Jun/2020:09:17:47 +0800] "GET /xingrg/all/function/internal_message.html?_=1591492666256&CODE_STATE=getMsg HTTP/1.1" 200 27
172.17.0.185 - - [07/Jun/2020:09:17:47 +0800] "GET /xingrg/check_reg.html?_=1591492666263 HTTP/1.1" 200 22
116.233.79.27 - - [07/Jun/2020:09:17:47 +0800] "GET /xingrg/all/function/internal_message.html?_=1591492667817&CODE_STATE=getMsg HTTP/1.1" 200 27
172.17.0.110 - - [07/Jun/2020:09:17:48 +0800] "POST /xingrg/kc/buy/cgsh_list_operate.html HTTP/1.1" 200 5590
58.40.7.146 - - [07/Jun/2020:09:17:48 +0800] "GET /xingrg/all/function/internal_message.html?_=1591492668903&CODE_STATE=getMsg HTTP/1.1" 200 27
172.17.0.110 - - [07/Jun/2020:09:17:48 +0800] "POST /xingrg/kc/buy/cgsh_list_operate.html HTTP/1.1" 200 415
172.17.0.110 - - [07/Jun/2020:09:17:49 +0800] "GET /xingrg/kc/buy/cgsh_order_info.html?code=212020053112091 HTTP/1.1" 200 53531
172.17.0.110 - - [07/Jun/2020:09:17:49 +0800] "GET /xingrg/javascript/easyui/themes/default/validatebox.css HTTP/1.1" 404 1104
180.162.232.172 - - [07/Jun/2020:09:17:49 +0800] "GET /xingrg/all/function/internal_message.html?_=1591492669245&CODE_STATE=getMsg HTTP/1.1" 200 27
172.17.0.110 - - [07/Jun/2020:09:17:50 +0800] "POST /xingrg/kc/buy/cgsh_order_operate.html HTTP/1.1" 200 2365
172.17.0.110 - - [07/Jun/2020:09:17:51 +0800] "GET /xingrg/kc/print/load_data.html?order_code=212020053112091&kc_code=cgsh&condition= HTTP/1.1" 200 1422
114.84.33.255 - - [07/Jun/2020:09:17:51 +0800] "POST /xingrg/login.do HTTP/1.1" 302 -
114.84.33.255 - - [07/Jun/2020:09:17:51 +0800] "GET /xingrg/javascript/jquery_easy_ui/themes/default/easyui.css HTTP/1.1" 304 -
114.84.33.255 - - [07/Jun/2020:09:17:51 +0800] "GET /xingrg/javascript/jquery_easy_ui/themes/icon.css HTTP/1.1" 304 -
114.84.33.255 - - [07/Jun/2020:09:17:51 +0800] "GET /xingrg/index.html?sysBaseUrl=http%3A%2F%2F180.169.147.146%3A18081%2Fxingrg%2F&costTime=60×tamp=1591492671403 HTTP/1.1" 200 17179
114.84.33.255 - - [07/Jun/2020:09:17:51 +0800] "GET /xingrg/javascript/jquery_easy_ui/easyui-lang-zh_CN.js HTTP/1.1" 304 -
114.84.33.255 - - [07/Jun/2020:09:17:51 +0800] "GET /xingrg/css/form.css HTTP/1.1" 304 -
114.84.33.255 - - [07/Jun/2020:09:17:51 +0800] "GET /xingrg/javascript/jquery.form.js HTTP/1.1" 304 -
114.84.33.255 - - [07/Jun/2020:09:17:51 +0800] "GET /xingrg/javascript/jquery_easy_ui/jquery.easyui.min.js HTTP/1.1" 304 -
114.84.33.255 - - [07/Jun/2020:09:17:51 +0800] "GET /xingrg/javascript/jquery-1.4.2.min.js HTTP/1.1" 304 -
114.84.33.255 - - [07/Jun/2020:09:17:51 +0800] "GET /xingrg/javascript/jquery.utils.js HTTP/1.1" 304 -
114.84.33.255 - - [07/Jun/2020:09:17:51 +0800] "GET /xingrg/javascript/jquery.timers.js HTTP/1.1" 304 -
114.84.33.255 - - [07/Jun/2020:09:17:51 +0800] "GET /xingrg/images/blue/navBackgound.jpg HTTP/1.1" 304 -
114.84.33.255 - - [07/Jun/2020:09:17:51 +0800] "GET /xingrg/javascript/jquery_easy_ui/themes/icons/settle_new.png HTTP/1.1" 304 -
114.84.33.255 - - [07/Jun/2020:09:17:51 +0800] "GET /xingrg/images/blue/pingpu.png HTTP/1.1" 304 -
114.84.33.255 - - [07/Jun/2020:09:17:51 +0800] "POST /xingrg/all/common/load_tree.html?tree=area_rest_tree_json&manage=1 HTTP/1.1" 200 351
114.84.33.255 - - [07/Jun/2020:09:17:51 +0800] "GET /xingrg/javascript/jquery_easy_ui/themes/default/images/tabs_leftarrow.png HTTP/1.1" 304 -
114.84.33.255 - - [07/Jun/2020:09:17:51 +0800] "GET /xingrg/javascript/jquery_easy_ui/themes/default/images/tabs_rightarrow.png HTTP/1.1" 304 -
114.84.33.255 - - [07/Jun/2020:09:17:51 +0800] "GET /xingrg/javascript/jquery_easy_ui/themes/default/images/panel_tool_collapse.gif HTTP/1.1" 304 -
114.84.33.255 - - [07/Jun/2020:09:17:51 +0800] "GET /xingrg/check_reg.html?_=1591492672671 HTTP/1.1" 200 22
114.84.33.255 - - [07/Jun/2020:09:17:51 +0800] "GET /xingrg/all/function/internal_message.html?_=1591492672670&CODE_STATE=count HTTP/1.1" 200 11
114.84.33.255 - - [07/Jun/2020:09:17:51 +0800] "GET /favicon.ico HTTP/1.1" 404 -
114.84.33.255 - - [07/Jun/2020:09:17:51 +0800] "GET /xingrg/javascript/jquery_easy_ui/themes/default/images/tree_arrows.gif HTTP/1.1" 304 -
114.84.33.255 - - [07/Jun/2020:09:17:51 +0800] "POST /xingrg/load_menu.html HTTP/1.1" 200 5138
114.84.33.255 - - [07/Jun/2020:09:17:51 +0800] "GET /xingrg/javascript/jquery_easy_ui/themes/default/images/tree_folder_open.gif HTTP/1.1" 304 -
114.84.33.255 - - [07/Jun/2020:09:17:51 +0800] "GET /xingrg/javascript/jquery_easy_ui/themes/default/images/tree_folder.gif HTTP/1.1" 304 -
114.84.33.255 - - [07/Jun/2020:09:17:51 +0800] "GET /xingrg/javascript/jquery_easy_ui/themes/icons/search_new.png HTTP/1.1" 304 -
114.84.33.255 - - [07/Jun/2020:09:17:51 +0800] "GET /xingrg/javascript/jquery_easy_ui/themes/icons/storage_new.png HTTP/1.1" 304 -
114.84.33.255 - - [07/Jun/2020:09:17:51 +0800] "GET /xingrg/javascript/jquery_easy_ui/themes/icons/forms_new.png HTTP/1.1" 304 -
114.84.33.255 - - [07/Jun/2020:09:17:51 +0800] "GET /xingrg/javascript/jquery_easy_ui/themes/default/images/tree_file.gif HTTP/1.1" 304 -
222.69.139.156 - - [07/Jun/2020:09:17:52 +0800] "POST /xingrg/kc/buy/cgsh_order_operate.html HTTP/1.1" 200 37
61.172.5.115 - - [07/Jun/2020:09:17:53 +0800] "GET /xingrg/kc/buy/cgsh_order_operate.html?command=get_materiel&rest_code=00105&code=00101007024&supplier_code=00100002&order_time=2020-06-07 HTTP/1.1" 200 415
58.40.7.146 - - [07/Jun/2020:09:17:53 +0800] "GET /xingrg/all/function/internal_message.html?_=1591492673153&CODE_STATE=getMsg HTTP/1.1" 200 27
180.162.232.172 - - [07/Jun/2020:09:17:53 +0800] "GET /xingrg/kc/buy/cgsh_order_operate.html?command=get_materiel&rest_code=00150&code=00101008361&supplier_code=00100007&order_time=2020-06-07 HTTP/1.1" 200 408
172.17.0.110 - - [07/Jun/2020:09:17:54 +0800] "GET /xingrg/all/function/internal_message.html?_=1591492672575&CODE_STATE=getMsg HTTP/1.1" 200 27
114.84.32.201 - - [07/Jun/2020:09:17:54 +0800] "GET /xingrg/all/function/internal_message.html?_=1591492677524&CODE_STATE=getMsg HTTP/1.1" 200 27
120.253.135.82 - - [07/Jun/2020:09:17:54 +0800] "GET /xingrg/check_reg.html?_=1591492375023 HTTP/1.1" 302 -
120.253.135.82 - - [07/Jun/2020:09:17:54 +0800] "GET /xingrg/check_reg.html?_=1591492375053 HTTP/1.1" 302 -
114.88.170.9 - - [07/Jun/2020:09:17:55 +0800] "GET /xingrg/all/function/internal_message.html?_=1591492676094&CODE_STATE=getMsg HTTP/1.1" 200 27
114.84.33.255 - - [07/Jun/2020:09:17:55 +0800] "GET /xingrg/javascript/jquery_easy_ui/themes/default/images/tabs_close.gif HTTP/1.1" 304 -
114.84.33.255 - - [07/Jun/2020:09:17:55 +0800] "GET /xingrg/css/new_ie.css HTTP/1.1" 404 1036
114.84.33.255 - - [07/Jun/2020:09:17:55 +0800] "GET /xingrg/css/blue.css HTTP/1.1" 304 -
114.84.33.255 - - [07/Jun/2020:09:17:55 +0800] "GET /xingrg/kc/buy/buy_main.html HTTP/1.1" 200 12412
114.84.33.255 - - [07/Jun/2020:09:17:55 +0800] "GET /xingrg/javascript/jquery_ui/themes/humanity/humanity.css HTTP/1.1" 304 -
114.84.33.255 - - [07/Jun/2020:09:17:55 +0800] "GET /xingrg/javascript/pic_change.js HTTP/1.1" 304 -
114.84.33.255 - - [07/Jun/2020:09:17:55 +0800] "GET /xingrg/javascript/ToolTips.js HTTP/1.1" 304 -
114.84.33.255 - - [07/Jun/2020:09:17:55 +0800] "GET /xingrg/javascript/myfunction.js HTTP/1.1" 304 -
114.84.33.255 - - [07/Jun/2020:09:17:55 +0800] "GET /xingrg/javascript/jquery_ui/jquery-ui.min.js HTTP/1.1" 304 -
114.84.33.255 - - [07/Jun/2020:09:17:55 +0800] "GET /xingrg/images/blue/button/ckthd.gif HTTP/1.1" 304 -
114.84.33.255 - - [07/Jun/2020:09:17:55 +0800] "GET /xingrg/images/blue/button/cgxqd.gif HTTP/1.1" 304 -
114.84.33.255 - - [07/Jun/2020:09:17:55 +0800] "GET /xingrg/images/blue/button/cgshd.gif HTTP/1.1" 304 -
114.84.33.255 - - [07/Jun/2020:09:17:55 +0800] "GET /xingrg/images/blue/pic_form2.gif HTTP/1.1" 304 -
114.84.33.255 - - [07/Jun/2020:09:17:55 +0800] "GET /xingrg/images/blue/button/cgydd.gif HTTP/1.1" 304 -
114.84.33.255 - - [07/Jun/2020:09:17:55 +0800] "GET /xingrg/images/blue/button/kc.gif HTTP/1.1" 304 -
114.84.33.255 - - [07/Jun/2020:09:17:55 +0800] "GET /xingrg/images/blue/button/cgfkd.gif HTTP/1.1" 304 -
114.84.33.255 - - [07/Jun/2020:09:17:55 +0800] "GET /xingrg/images/blue/bg_dotted.jpg HTTP/1.1" 304 -
114.84.33.255 - - [07/Jun/2020:09:17:55 +0800] "GET /xingrg/javascript/jquery_ui/themes/humanity/images/ui-bg_inset-soft_100_f4f0ec_1x100.png HTTP/1.1" 304 -
114.84.33.255 - - [07/Jun/2020:09:17:55 +0800] "GET /xingrg/images/blue/button/right_ah.jpg HTTP/1.1" 304 -
114.84.33.255 - - [07/Jun/2020:09:17:55 +0800] "GET /xingrg/images/blue/button/down_ah.jpg HTTP/1.1" 304 -
114.84.33.255 - - [07/Jun/2020:09:17:55 +0800] "GET /xingrg/javascript/jquery_ui/themes/humanity/images/ui-iconsnew.jpg HTTP/1.1" 304 -
114.84.33.255 - - [07/Jun/2020:09:17:55 +0800] "GET /xingrg/javascript/jquery_ui/themes/humanity/images/ui-icons_ffffff_256x240.png HTTP/1.1" 304 -
114.84.33.255 - - [07/Jun/2020:09:17:56 +0800] "GET /xingrg/javascript/jquery_ui/themes/humanity/images/ui-icons_c47a23_256x240.png HTTP/1.1" 304 -
114.84.33.255 - - [07/Jun/2020:09:17:56 +0800] "GET /xingrg/javascript/jquery_ui/themes/humanity/images/ui-bg_glass_70_ede4d4_1x400.png HTTP/1.1" 304 -
222.69.139.156 - - [07/Jun/2020:09:17:56 +0800] "POST /xingrg/kc/buy/cgsh_order_operate.html HTTP/1.1" 200 12
114.84.33.255 - - [07/Jun/2020:09:17:56 +0800] "GET /xingrg/images/yd/bt.gif HTTP/1.1" 404 1040
172.17.0.110 - - [07/Jun/2020:09:17:56 +0800] "POST /xingrg/kc/buy/cgsh_list_operate.html HTTP/1.1" 200 5590
114.84.33.255 - - [07/Jun/2020:09:17:56 +0800] "GET /xingrg/css/base.css HTTP/1.1" 304 -
114.84.33.255 - - [07/Jun/2020:09:17:56 +0800] "GET /xingrg/css/site.css HTTP/1.1" 304 -
114.84.33.255 - - [07/Jun/2020:09:17:56 +0800] "GET /xingrg/javascript/easyui/themes/icon.css HTTP/1.1" 304 -
114.84.33.255 - - [07/Jun/2020:09:17:56 +0800] "GET /xingrg/javascript/easyui/themes/default/easyui.css HTTP/1.1" 304 -
114.84.33.255 - - [07/Jun/2020:09:17:56 +0800] "GET /xingrg/javascript/jquery_tools/fix.css HTTP/1.1" 304 -
114.84.33.255 - - [07/Jun/2020:09:17:56 +0800] "GET /xingrg/javascript/jquery_tools/datebox.css HTTP/1.1" 304 -
114.84.33.255 - - [07/Jun/2020:09:17:56 +0800] "GET /xingrg/javascript/auto/jquery.autocomplete.css HTTP/1.1" 304 -
114.84.33.255 - - [07/Jun/2020:09:17:56 +0800] "GET /xingrg/javascript/jquery_tools/jquery.tools.table.js HTTP/1.1" 304 -
114.84.33.255 - - [07/Jun/2020:09:17:56 +0800] "GET /xingrg/javascript/jquery.cookie.js HTTP/1.1" 304 -
114.84.33.255 - - [07/Jun/2020:09:17:56 +0800] "GET /xingrg/javascript/jquery_tools/jquery.tools.min.js HTTP/1.1" 304 -
114.84.33.255 - - [07/Jun/2020:09:17:56 +0800] "GET /xingrg/javascript/jquery_tools/table.css HTTP/1.1" 304 -
114.84.33.255 - - [07/Jun/2020:09:17:56 +0800] "GET /xingrg/javascript/print/LodopFuncs.js HTTP/1.1" 304 -
114.84.33.255 - - [07/Jun/2020:09:17:56 +0800] "GET /xingrg/javascript/jquery_tools/jquery.tools.extend.js HTTP/1.1" 304 -
114.84.33.255 - - [07/Jun/2020:09:17:56 +0800] "GET /xingrg/javascript/easyui/easyloader.js HTTP/1.1" 304 -
114.84.33.255 - - [07/Jun/2020:09:17:56 +0800] "GET /xingrg/javascript/jquery_tools/list_manager.js HTTP/1.1" 304 -
114.84.33.255 - - [07/Jun/2020:09:17:56 +0800] "GET /xingrg/kc/buy/cgsh_order_list.html HTTP/1.1" 200 43002
114.84.33.255 - - [07/Jun/2020:09:17:56 +0800] "GET /xingrg/javascript/auto/jquery.autocomplete.js HTTP/1.1" 304 -
114.84.33.255 - - [07/Jun/2020:09:17:56 +0800] "GET /xingrg/javascript/jquery_tools/jquery.tools.hotkey.js HTTP/1.1" 304 -
114.84.33.255 - - [07/Jun/2020:09:17:58 +0800] "GET /xingrg/javascript/jquery_easy_ui/themes/icons/rest.png HTTP/1.1" 304 -
114.84.33.255 - - [07/Jun/2020:09:17:58 +0800] "GET /xingrg/javascript/jquery_easy_ui/themes/icons/area.png HTTP/1.1" 304 -
114.84.33.255 - - [07/Jun/2020:09:17:58 +0800] "GET /xingrg/javascript/easyui/themes/icons/edit_add_new.png HTTP/1.1" 304 -
114.84.33.255 - - [07/Jun/2020:09:17:58 +0800] "GET /xingrg/javascript/easyui/themes/icons/cance_new.png HTTP/1.1" 304 -
114.84.33.255 - - [07/Jun/2020:09:17:58 +0800] "GET /xingrg/javascript/easyui/themes/icons/check_new.png HTTP/1.1" 304 -
114.84.33.255 - - [07/Jun/2020:09:17:58 +0800] "GET /xingrg/javascript/easyui/themes/icons/field_new.png HTTP/1.1" 304 -
114.84.33.255 - - [07/Jun/2020:09:17:58 +0800] "GET /xingrg/javascript/easyui/themes/icons/import_new.png HTTP/1.1" 304 -
114.84.33.255 - - [07/Jun/2020:09:17:58 +0800] "GET /xingrg/javascript/easyui/plugins/jquery.parser.js HTTP/1.1" 304 -
114.84.33.255 - - [07/Jun/2020:09:17:58 +0800] "GET /xingrg/images/control/ajaxLoader.gif HTTP/1.1" 304 -
172.17.0.110 - - [07/Jun/2020:09:17:58 +0800] "POST /xingrg/kc/buy/cgsh_list_operate.html HTTP/1.1" 200 2349
222.69.139.156 - - [07/Jun/2020:09:17:58 +0800] "GET /xingrg/kc/buy/cgsh_order_info.html?code=212020060702327 HTTP/1.1" 200 53690
180.162.232.172 - - [07/Jun/2020:09:17:58 +0800] "GET /xingrg/kc/buy/cgsh_order_operate.html?command=get_materiel&rest_code=00150&code=00101008355&supplier_code=00100007&order_time=2020-06-07 HTTP/1.1" 200 408
222.69.139.156 - - [07/Jun/2020:09:17:58 +0800] "GET /xingrg/javascript/easyui/themes/default/validatebox.css HTTP/1.1" 404 1104
222.69.139.156 - - [07/Jun/2020:09:17:59 +0800] "POST /xingrg/kc/buy/cgsh_order_operate.html HTTP/1.1" 200 605
172.17.0.110 - - [07/Jun/2020:09:17:59 +0800] "POST /xingrg/kc/buy/cgsh_list_operate.html HTTP/1.1" 200 556
172.17.0.110 - - [07/Jun/2020:09:17:59 +0800] "GET /xingrg/kc/buy/cgsh_order_info.html?code=212020060200365 HTTP/1.1" 200 53531
172.17.0.110 - - [07/Jun/2020:09:17:59 +0800] "GET /xingrg/javascript/easyui/themes/default/validatebox.css HTTP/1.1" 404 1104
114.84.33.255 - - [07/Jun/2020:09:17:59 +0800] "POST /xingrg/kc/buy/cgsh_list_operate.html HTTP/1.1" 200 2413
172.17.0.110 - - [07/Jun/2020:09:18:00 +0800] "POST /xingrg/kc/buy/cgsh_order_operate.html HTTP/1.1" 200 25428
61.172.5.115 - - [07/Jun/2020:09:18:00 +0800] "GET /xingrg/all/function/internal_message.html?_=1591492683194&CODE_STATE=getMsg HTTP/1.1" 200 27
172.17.0.110 - - [07/Jun/2020:09:18:01 +0800] "GET /xingrg/kc/print/load_data.html?order_code=212020060200365&kc_code=cgsh&condition= HTTP/1.1" 200 10134
222.69.139.156 - - [07/Jun/2020:09:18:01 +0800] "GET /xingrg/kc/print/load_data.html?order_code=212020060702327&kc_code=cgsh&condition= HTTP/1.1" 200 699
114.84.33.255 - - [07/Jun/2020:09:18:02 +0800] "POST /xingrg/kc/buy/cgsh_list_operate.html HTTP/1.1" 200 569
180.162.232.172 - - [07/Jun/2020:09:18:04 +0800] "GET /xingrg/kc/buy/cgsh_order_operate.html?command=get_materiel&rest_code=00150&code=00101008264&supplier_code=00100007&order_time=2020-06-07 HTTP/1.1" 200 412
114.84.33.255 - - [07/Jun/2020:09:18:04 +0800] "GET /xingrg/all/function/internal_message.html?_=1591492686149&CODE_STATE=getMsg HTTP/1.1" 200 27
172.17.0.110 - - [07/Jun/2020:09:18:05 +0800] "POST /xingrg/kc/buy/cgsh_list_operate.html HTTP/1.1" 200 2349
114.84.33.255 - - [07/Jun/2020:09:18:06 +0800] "GET /xingrg/javascript/convert.js HTTP/1.1" 304 -
114.84.33.255 - - [07/Jun/2020:09:18:06 +0800] "GET /xingrg/javascript/jquery_tools/order_manager.js HTTP/1.1" 304 -
114.84.33.255 - - [07/Jun/2020:09:18:06 +0800] "GET /xingrg/javascript/json2.js HTTP/1.1" 304 -
114.84.33.255 - - [07/Jun/2020:09:18:06 +0800] "GET /xingrg/javascript/print/kc_print.js HTTP/1.1" 304 -
114.84.33.255 - - [07/Jun/2020:09:18:06 +0800] "GET /xingrg/kc/buy/cgsh_order_info.html?code=212020060702311 HTTP/1.1" 200 58749
114.84.33.255 - - [07/Jun/2020:09:18:06 +0800] "GET /xingrg/words/20200606155352_words.js HTTP/1.1" 304 -
114.84.33.255 - - [07/Jun/2020:09:18:06 +0800] "GET /xingrg/javascript/easyui/themes/icons/template_new.png HTTP/1.1" 304 -
114.84.33.255 - - [07/Jun/2020:09:18:06 +0800] "GET /xingrg/javascript/easyui/themes/icons/ok.png HTTP/1.1" 304 -
114.84.33.255 - - [07/Jun/2020:09:18:06 +0800] "GET /xingrg/javascript/easyui/themes/icons/copy_new.png HTTP/1.1" 304 -
114.84.33.255 - - [07/Jun/2020:09:18:06 +0800] "GET /xingrg/javascript/easyui/themes/icons/print.png HTTP/1.1" 304 -
114.84.33.255 - - [07/Jun/2020:09:18:06 +0800] "GET /xingrg/javascript/easyui/themes/default/images/menu_downarrow.png HTTP/1.1" 304 -
114.84.33.255 - - [07/Jun/2020:09:18:06 +0800] "GET /xingrg/javascript/easyui/themes/icons/cancel.png HTTP/1.1" 304 -
114.84.33.255 - - [07/Jun/2020:09:18:06 +0800] "GET /xingrg/all/common/auto_word.html?type=employee&rest_code=00146 HTTP/1.1" 200 197
114.84.33.255 - - [07/Jun/2020:09:18:06 +0800] "GET /xingrg/all/common/auto_word.html?type=employee&rest_code=00146 HTTP/1.1" 200 197
114.84.33.255 - - [07/Jun/2020:09:18:06 +0800] "GET /xingrg/javascript/easyui/themes/default/validatebox.css HTTP/1.1" 404 1104
114.84.33.255 - - [07/Jun/2020:09:18:06 +0800] "GET /xingrg/javascript/easyui/plugins/jquery.validatebox.js HTTP/1.1" 304 -
114.84.33.255 - - [07/Jun/2020:09:18:06 +0800] "GET /xingrg/javascript/easyui/plugins/jquery.numberbox.js HTTP/1.1" 304 -
172.17.0.110 - - [07/Jun/2020:09:18:06 +0800] "POST /xingrg/kc/buy/cgsh_list_operate.html HTTP/1.1" 200 563
114.84.33.255 - - [07/Jun/2020:09:18:06 +0800] "POST /xingrg/kc/buy/cgsh_order_operate.html HTTP/1.1" 200 52919
114.84.33.255 - - [07/Jun/2020:09:18:06 +0800] "GET /xingrg/javascript/easyui/themes/icons/edit_remove.png HTTP/1.1" 304 -
172.17.0.110 - - [07/Jun/2020:09:18:07 +0800] "GET /xingrg/kc/buy/cgsh_order_info.html?code=212020060200366 HTTP/1.1" 200 53531
172.17.0.110 - - [07/Jun/2020:09:18:07 +0800] "GET /xingrg/javascript/easyui/themes/default/validatebox.css HTTP/1.1" 404 1104
114.84.33.255 - - [07/Jun/2020:09:18:07 +0800] "GET /xingrg/javascript/easyui/themes/default/images/button_plain_hover.png HTTP/1.1" 304 -
172.17.0.110 - - [07/Jun/2020:09:18:07 +0800] "POST /xingrg/kc/buy/cgsh_order_operate.html HTTP/1.1" 200 20094
172.17.0.110 - - [07/Jun/2020:09:18:08 +0800] "GET /xingrg/kc/print/load_data.html?order_code=212020060200366&kc_code=cgsh&condition= HTTP/1.1" 200 8096
222.69.139.156 - - [07/Jun/2020:09:18:09 +0800] "GET /xingrg/all/function/internal_message.html?_=1591492689258&CODE_STATE=getMsg HTTP/1.1" 200 27
114.84.33.255 - - [07/Jun/2020:09:18:09 +0800] "GET /xingrg/kc/print/load_config.html?kc_code=cgsh HTTP/1.1" 200 1845
61.172.5.115 - - [07/Jun/2020:09:18:11 +0800] "POST /xingrg/kc/buy/cgsh_order_operate.html HTTP/1.1" 200 37
114.84.33.255 - - [07/Jun/2020:09:18:11 +0800] "GET /xingrg/kc/print/load_data.html?order_code=212020060702311&kc_code=cgsh&condition= HTTP/1.1" 200 19704
180.162.232.172 - - [07/Jun/2020:09:18:11 +0800] "GET /xingrg/kc/buy/cgsh_order_operate.html?command=get_materiel&rest_code=00150&code=00101008356&supplier_code=00100007&order_time=2020-06-07 HTTP/1.1" 200 408
114.88.170.9 - - [07/Jun/2020:09:18:15 +0800] "GET /xingrg/kc/buy/cgsh_order_operate.html?command=get_materiel&rest_code=00111&code=00101008300&supplier_code=00100005&order_time=2020-06-07 HTTP/1.1" 200 412
61.172.5.115 - - [07/Jun/2020:09:18:15 +0800] "POST /xingrg/kc/buy/cgsh_order_operate.html HTTP/1.1" 200 2659
116.230.77.149 - - [07/Jun/2020:09:18:18 +0800] "GET /xingrg/all/function/internal_message.html?_=1591492700472&CODE_STATE=getMsg HTTP/1.1" 200 27
180.162.232.172 - - [07/Jun/2020:09:18:24 +0800] "GET /xingrg/kc/buy/cgsh_order_operate.html?command=get_materiel&rest_code=00150&code=00101008300&supplier_code=00100007&order_time=2020-06-07 HTTP/1.1" 200 412
114.88.170.9 - - [07/Jun/2020:09:18:26 +0800] "GET /xingrg/kc/buy/cgsh_order_operate.html?command=get_materiel&rest_code=00111&code=00101008323&supplier_code=00100005&order_time=2020-06-07 HTTP/1.1" 200 428
120.253.135.82 - - [07/Jun/2020:09:18:26 +0800] "GET /xingrg/all/function/internal_message.html?_=1591492837451&CODE_STATE=getMsg HTTP/1.1" 200 27
114.84.33.255 - - [07/Jun/2020:09:18:26 +0800] "GET /xingrg/kc/buy/cgsh_order_add.html HTTP/1.1" 200 58740
114.84.33.255 - - [07/Jun/2020:09:18:27 +0800] "POST /xingrg/kc/buy/cgsh_order_operate.html HTTP/1.1" 200 8245
114.84.33.255 - - [07/Jun/2020:09:18:27 +0800] "GET /xingrg/javascript/easyui/themes/default/validatebox.css HTTP/1.1" 404 1104
180.174.212.189 - - [07/Jun/2020:09:18:27 +0800] "GET /xingrg/kc/buy/cgsh_order_operate.html?command=get_materiel&rest_code=00102&code=00101002048&supplier_code=00100151&order_time=2020-06-07 HTTP/1.1" 200 399
120.253.135.82 - - [07/Jun/2020:09:18:28 +0800] "GET /xingrg/all/function/internal_message.html?_=1591492464274&CODE_STATE=getMsg HTTP/1.1" 200 27
114.84.33.255 - - [07/Jun/2020:09:18:31 +0800] "GET /xingrg/javascript/auto/indicator.gif HTTP/1.1" 404 1066
180.162.232.172 - - [07/Jun/2020:09:18:31 +0800] "GET /xingrg/kc/buy/cgsh_order_operate.html?command=get_materiel&rest_code=00150&code=00101008360&supplier_code=00100007&order_time=2020-06-07 HTTP/1.1" 200 412
114.88.170.9 - - [07/Jun/2020:09:18:32 +0800] "GET /xingrg/kc/buy/cgsh_order_operate.html?command=get_materiel&rest_code=00111&code=00101008096&supplier_code=00100005&order_time=2020-06-07 HTTP/1.1" 200 413
114.88.170.9 - - [07/Jun/2020:09:18:34 +0800] "GET /xingrg/all/function/internal_message.html?_=1591492709344&CODE_STATE=getMsg HTTP/1.1" 200 27
61.172.5.115 - - [07/Jun/2020:09:18:34 +0800] "GET /xingrg/kc/buy/cgsh_order_operate.html?command=get_materiel&rest_code=00105&code=00101007081&supplier_code=00100002&order_time=2020-06-07 HTTP/1.1" 200 413
114.84.33.255 - - [07/Jun/2020:09:18:34 +0800] "GET /xingrg/javascript/jquery_tools/images/next.gif HTTP/1.1" 404 1086
114.84.33.255 - - [07/Jun/2020:09:18:34 +0800] "GET /xingrg/javascript/jquery_tools/images/prev.gif HTTP/1.1" 404 1086
117.184.7.26 - - [07/Jun/2020:09:18:36 +0800] "GET /xingrg/all/function/internal_message.html?_=1591492705845&CODE_STATE=getMsg HTTP/1.1" 200 27
180.174.212.189 - - [07/Jun/2020:09:18:36 +0800] "GET /xingrg/kc/buy/cgsh_order_operate.html?command=get_materiel&rest_code=00102&code=00101005037&supplier_code=00100151&order_time=2020-06-07 HTTP/1.1" 200 409
180.162.232.172 - - [07/Jun/2020:09:18:38 +0800] "GET /xingrg/kc/buy/cgsh_order_operate.html?command=get_materiel&rest_code=00150&code=00101008069&supplier_code=00100007&order_time=2020-06-07 HTTP/1.1" 200 412
222.69.139.156 - - [07/Jun/2020:09:18:40 +0800] "GET /xingrg/kc/buy/cgsh_order_add.html HTTP/1.1" 200 58787
61.172.5.115 - - [07/Jun/2020:09:18:40 +0800] "GET /xingrg/all/function/internal_message.html?_=1591492719046&CODE_STATE=getMsg HTTP/1.1" 302 -
222.69.139.156 - - [07/Jun/2020:09:18:40 +0800] "POST /xingrg/kc/buy/cgsh_order_operate.html HTTP/1.1" 200 8245
222.69.139.156 - - [07/Jun/2020:09:18:40 +0800] "GET /xingrg/javascript/easyui/themes/default/validatebox.css HTTP/1.1" 404 1104
114.84.33.255 - - [07/Jun/2020:09:18:40 +0800] "GET /xingrg/kc/buy/cgsh_order_operate.html?command=get_materiel&rest_code=00146&code=00101006056&supplier_code=00100012&order_time=2020-06-07 HTTP/1.1" 200 413
120.253.135.82 - - [07/Jun/2020:09:18:41 +0800] "GET /xingrg/all/function/internal_message.html?_=1591492422195&CODE_STATE=getMsg HTTP/1.1" 302 -
120.253.135.82 - - [07/Jun/2020:09:18:42 +0800] "GET /xingrg/all/function/internal_message.html?_=1591492422507&CODE_STATE=getMsg HTTP/1.1" 302 -
180.174.212.189 - - [07/Jun/2020:09:18:43 +0800] "GET /xingrg/all/function/internal_message.html?_=1591492928635&CODE_STATE=getMsg HTTP/1.1" 200 27
180.162.232.172 - - [07/Jun/2020:09:18:43 +0800] "GET /xingrg/kc/buy/cgsh_order_operate.html?command=get_materiel&rest_code=00150&code=00101008286&supplier_code=00100007&order_time=2020-06-07 HTTP/1.1" 200 408
114.86.190.97 - - [07/Jun/2020:09:18:45 +0800] "GET /xingrg/all/function/internal_message.html?_=1591492725863&CODE_STATE=getMsg HTTP/1.1" 200 27
172.17.0.185 - - [07/Jun/2020:09:18:47 +0800] "GET /xingrg/all/function/internal_message.html?_=1591492726250&CODE_STATE=getMsg HTTP/1.1" 200 27
116.233.79.27 - - [07/Jun/2020:09:18:47 +0800] "GET /xingrg/all/function/internal_message.html?_=1591492727818&CODE_STATE=getMsg HTTP/1.1" 200 27
58.40.7.146 - - [07/Jun/2020:09:18:48 +0800] "GET /xingrg/all/function/internal_message.html?_=1591492728888&CODE_STATE=getMsg HTTP/1.1" 200 27
180.162.232.172 - - [07/Jun/2020:09:18:49 +0800] "GET /xingrg/all/function/internal_message.html?_=1591492729215&CODE_STATE=getMsg HTTP/1.1" 200 27
61.172.5.115 - - [07/Jun/2020:09:18:49 +0800] "POST /xingrg/kc/buy/cgsh_order_operate.html HTTP/1.1" 200 37
114.84.33.255 - - [07/Jun/2020:09:18:50 +0800] "GET /xingrg/kc/buy/cgsh_order_operate.html?command=get_materiel&rest_code=00146&code=00101006109&supplier_code=00100012&order_time=2020-06-07 HTTP/1.1" 200 409
180.162.232.172 - - [07/Jun/2020:09:18:50 +0800] "GET /xingrg/kc/buy/cgsh_order_operate.html?command=get_materiel&rest_code=00150&code=00101008131&supplier_code=00100007&order_time=2020-06-07 HTTP/1.1" 200 408
61.172.5.115 - - [07/Jun/2020:09:18:51 +0800] "POST /xingrg/kc/buy/cgsh_order_operate.html HTTP/1.1" 200 3250
114.84.33.255 - - [07/Jun/2020:09:18:51 +0800] "GET /xingrg/all/function/internal_message.html?_=1591492732685&CODE_STATE=getMsg HTTP/1.1" 200 27
116.230.77.149 - - [07/Jun/2020:09:18:52 +0800] "GET /xingrg/index.html?sysBaseUrl=http%3A%2F%2F180.169.147.146%3A18081%2Fxingrg%2F&costTime=33×tamp=1585306063269 HTTP/1.1" 302 -
116.230.77.149 - - [07/Jun/2020:09:18:53 +0800] "GET /xingrg/login.html HTTP/1.1" 200 7641
58.40.7.146 - - [07/Jun/2020:09:18:53 +0800] "GET /xingrg/all/function/internal_message.html?_=1591492733155&CODE_STATE=getMsg HTTP/1.1" 200 27
61.172.5.115 - - [07/Jun/2020:09:18:53 +0800] "GET /xingrg/kc/print/load_config.html?kc_code=cgsh HTTP/1.1" 200 1845
61.172.5.115 - - [07/Jun/2020:09:18:53 +0800] "GET /xingrg/kc/print/load_data.html?order_code=212020060702328&kc_code=cgsh&condition= HTTP/1.1" 200 969
172.17.0.110 - - [07/Jun/2020:09:18:54 +0800] "GET /xingrg/all/function/internal_message.html?_=1591492732552&CODE_STATE=getMsg HTTP/1.1" 200 27
114.84.32.201 - - [07/Jun/2020:09:18:54 +0800] "GET /xingrg/all/function/internal_message.html?_=1591492737527&CODE_STATE=getMsg HTTP/1.1" 200 27
114.84.32.201 - - [07/Jun/2020:09:18:54 +0800] "GET /xingrg/check_reg.html?_=1591492737529 HTTP/1.1" 200 22
114.88.170.9 - - [07/Jun/2020:09:18:55 +0800] "GET /xingrg/all/function/internal_message.html?_=1591492736130&CODE_STATE=getMsg HTTP/1.1" 200 27
180.162.232.172 - - [07/Jun/2020:09:18:56 +0800] "GET /xingrg/kc/buy/cgsh_order_operate.html?command=get_materiel&rest_code=00150&code=00101008296&supplier_code=00100007&order_time=2020-06-07 HTTP/1.1" 200 416
114.84.33.255 - - [07/Jun/2020:09:19:00 +0800] "GET /xingrg/kc/buy/cgsh_order_operate.html?command=get_materiel&rest_code=00146&code=00101006130&supplier_code=00100012&order_time=2020-06-07 HTTP/1.1" 200 446
61.172.5.115 - - [07/Jun/2020:09:19:00 +0800] "GET /xingrg/all/function/internal_message.html?_=1591492743198&CODE_STATE=getMsg HTTP/1.1" 200 27
61.172.5.115 - - [07/Jun/2020:09:19:00 +0800] "GET /xingrg/check_reg.html?_=1591492743202 HTTP/1.1" 200 22
222.69.139.156 - - [07/Jun/2020:09:19:00 +0800] "GET /xingrg/kc/buy/cgsh_order_operate.html?command=get_materiel&rest_code=00149&code=00101010323&supplier_code=00100214&order_time=2020-06-07 HTTP/1.1" 200 423
180.162.232.172 - - [07/Jun/2020:09:19:02 +0800] "GET /xingrg/kc/buy/cgsh_order_operate.html?command=get_materiel&rest_code=00150&code=00101008318&supplier_code=00100007&order_time=2020-06-07 HTTP/1.1" 200 408
180.162.232.172 - - [07/Jun/2020:09:19:04 +0800] "GET /xingrg/check_reg.html?_=1591492876011 HTTP/1.1" 200 22
114.84.33.255 - - [07/Jun/2020:09:19:04 +0800] "GET /xingrg/all/function/internal_message.html?_=1591492746173&CODE_STATE=getMsg HTTP/1.1" 200 27
222.69.139.156 - - [07/Jun/2020:09:19:09 +0800] "GET /xingrg/all/function/internal_message.html?_=1591492749238&CODE_STATE=getMsg HTTP/1.1" 200 27
114.84.33.255 - - [07/Jun/2020:09:19:11 +0800] "GET /xingrg/kc/buy/cgsh_order_operate.html?command=get_materiel&rest_code=00146&code=00101006177&supplier_code=00100012&order_time=2020-06-07 HTTP/1.1" 200 409
180.162.232.172 - - [07/Jun/2020:09:19:12 +0800] "GET /xingrg/kc/buy/cgsh_order_operate.html?command=get_materiel&rest_code=00150&code=00101008352&supplier_code=00100007&order_time=2020-06-07 HTTP/1.1" 200 412
114.84.151.157 - - [07/Jun/2020:09:19:17 +0800] "POST /xingrg/services/DataTransmitService HTTP/1.1" 200 524
114.84.151.157 - - [07/Jun/2020:09:19:18 +0800] "POST /xingrg/services/DataTransmitService HTTP/1.1" 200 501
116.230.77.149 - - [07/Jun/2020:09:19:18 +0800] "GET /xingrg/check_reg.html?_=1591492760478 HTTP/1.1" 200 22
116.230.77.149 - - [07/Jun/2020:09:19:18 +0800] "GET /xingrg/all/function/internal_message.html?_=1591492760486&CODE_STATE=getMsg HTTP/1.1" 200 27
180.162.232.172 - - [07/Jun/2020:09:19:23 +0800] "GET /xingrg/kc/buy/cgsh_order_operate.html?command=get_materiel&rest_code=00150&code=00101008098&supplier_code=00100007&order_time=2020-06-07 HTTP/1.1" 200 412
120.253.135.82 - - [07/Jun/2020:09:19:26 +0800] "GET /xingrg/all/function/internal_message.html?_=1591492897623&CODE_STATE=getMsg HTTP/1.1" 200 27
222.69.139.156 - - [07/Jun/2020:09:19:28 +0800] "POST /xingrg/kc/buy/cgsh_order_operate.html HTTP/1.1" 200 37
120.253.135.82 - - [07/Jun/2020:09:19:28 +0800] "GET /xingrg/all/function/internal_message.html?_=1591492524287&CODE_STATE=getMsg HTTP/1.1" 200 27
180.162.232.172 - - [07/Jun/2020:09:19:30 +0800] "GET /xingrg/kc/buy/cgsh_order_operate.html?command=get_materiel&rest_code=00150&code=00101008092&supplier_code=00100007&order_time=2020-06-07 HTTP/1.1" 200 412
61.172.5.115 - - [07/Jun/2020:09:19:33 +0800] "GET /xingrg/kc/buy/cgsh_order_add.html HTTP/1.1" 200 58734
114.84.33.255 - - [07/Jun/2020:09:19:33 +0800] "GET /xingrg/kc/buy/cgsh_order_operate.html?command=get_materiel&rest_code=00146&code=00101006175&supplier_code=00100012&order_time=2020-06-07 HTTP/1.1" 200 415
61.172.5.115 - - [07/Jun/2020:09:19:33 +0800] "POST /xingrg/kc/buy/cgsh_order_operate.html HTTP/1.1" 200 8245
61.172.5.115 - - [07/Jun/2020:09:19:33 +0800] "GET /xingrg/javascript/easyui/themes/default/validatebox.css HTTP/1.1" 404 1104
114.88.170.9 - - [07/Jun/2020:09:19:34 +0800] "GET /xingrg/all/function/internal_message.html?_=1591492769359&CODE_STATE=getMsg HTTP/1.1" 200 27
222.69.139.156 - - [07/Jun/2020:09:19:34 +0800] "POST /xingrg/kc/buy/cgsh_order_operate.html HTTP/1.1" 200 12
222.69.139.156 - - [07/Jun/2020:09:19:35 +0800] "GET /xingrg/kc/buy/cgsh_order_info.html?code=212020060702329 HTTP/1.1" 200 53694
180.162.232.172 - - [07/Jun/2020:09:19:35 +0800] "GET /xingrg/kc/buy/cgsh_order_operate.html?command=get_materiel&rest_code=00150&code=00101008353&supplier_code=00100007&order_time=2020-06-07 HTTP/1.1" 200 408
222.69.139.156 - - [07/Jun/2020:09:19:36 +0800] "GET /xingrg/javascript/easyui/themes/default/validatebox.css HTTP/1.1" 404 1104
117.184.7.26 - - [07/Jun/2020:09:19:36 +0800] "GET /xingrg/all/function/internal_message.html?_=1591492765822&CODE_STATE=getMsg HTTP/1.1" 200 27
222.69.139.156 - - [07/Jun/2020:09:19:36 +0800] "POST /xingrg/kc/buy/cgsh_order_operate.html HTTP/1.1" 200 623
180.162.232.172 - - [07/Jun/2020:09:19:37 +0800] "POST /xingrg/kc/buy/cgsh_order_operate.html HTTP/1.1" 200 2065
222.69.139.156 - - [07/Jun/2020:09:19:39 +0800] "GET /xingrg/kc/print/load_data.html?order_code=212020060702329&kc_code=cgsh&condition= HTTP/1.1" 200 720
61.172.5.115 - - [07/Jun/2020:09:19:40 +0800] "GET /xingrg/all/function/internal_message.html?_=1591492779046&CODE_STATE=getMsg HTTP/1.1" 302 -
180.162.232.172 - - [07/Jun/2020:09:19:41 +0800] "GET /xingrg/kc/buy/cgsh_order_operate.html?command=get_materiel&rest_code=00150&code=00101008114&supplier_code=00100007&order_time=2020-06-07 HTTP/1.1" 200 412
120.253.135.82 - - [07/Jun/2020:09:19:41 +0800] "GET /xingrg/all/function/internal_message.html?_=1591492482178&CODE_STATE=getMsg HTTP/1.1" 302 -
120.253.135.82 - - [07/Jun/2020:09:19:42 +0800] "GET /xingrg/all/function/internal_message.html?_=1591492482487&CODE_STATE=getMsg HTTP/1.1" 302 -
180.174.212.189 - - [07/Jun/2020:09:19:43 +0800] "GET /xingrg/all/function/internal_message.html?_=1591492988647&CODE_STATE=getMsg HTTP/1.1" 200 27
114.84.33.255 - - [07/Jun/2020:09:19:43 +0800] "GET /xingrg/kc/buy/cgsh_order_operate.html?command=get_materiel&rest_code=00146&code=00101006111&supplier_code=00100012&order_time=2020-06-07 HTTP/1.1" 200 409
114.86.190.97 - - [07/Jun/2020:09:19:45 +0800] "GET /xingrg/check_reg.html?_=1591492785412 HTTP/1.1" 200 22
114.86.190.97 - - [07/Jun/2020:09:19:45 +0800] "GET /xingrg/all/function/internal_message.html?_=1591492785847&CODE_STATE=getMsg HTTP/1.1" 200 27
180.162.232.172 - - [07/Jun/2020:09:19:46 +0800] "GET /xingrg/kc/buy/cgsh_order_operate.html?command=get_materiel&rest_code=00150&code=00101008221&supplier_code=00100007&order_time=2020-06-07 HTTP/1.1" 200 412
172.17.0.185 - - [07/Jun/2020:09:19:47 +0800] "GET /xingrg/all/function/internal_message.html?_=1591492786254&CODE_STATE=getMsg HTTP/1.1" 200 27
116.233.79.27 - - [07/Jun/2020:09:19:47 +0800] "GET /xingrg/check_reg.html?_=1591492787818 HTTP/1.1" 200 22
116.233.79.27 - - [07/Jun/2020:09:19:47 +0800] "GET /xingrg/all/function/internal_message.html?_=1591492787822&CODE_STATE=getMsg HTTP/1.1" 200 27
58.40.7.146 - - [07/Jun/2020:09:19:48 +0800] "GET /xingrg/all/function/internal_message.html?_=1591492788891&CODE_STATE=getMsg HTTP/1.1" 200 27
