116.230.77.149 - - [06/Jun/2020:09:25:17 +0800] "GET /xingrg/kc/buy/cgsh_order_operate.html?command=get_materiel&rest_code=00107&code=00101006115&supplier_code=00100010&order_time=2020-06-06 HTTP/1.1" 200 409
114.86.229.251 - - [06/Jun/2020:09:25:18 +0800] "GET /xingrg/kc/buy/cgsh_order_operate.html?command=get_materiel&rest_code=00109&code=00101008185&supplier_code=00100005&order_time=2020-06-06 HTTP/1.1" 200 408
180.162.232.172 - - [06/Jun/2020:09:25:19 +0800] "GET /xingrg/all/function/internal_message.html?_=1591406716602&CODE_STATE=getMsg HTTP/1.1" 200 27
180.175.212.199 - - [06/Jun/2020:09:25:20 +0800] "GET /xingrg/kc/buy/cgsh_order_operate.html?command=get_materiel&rest_code=00102&code=00101007085&supplier_code=00100002&order_time=2020-06-06 HTTP/1.1" 200 413
172.17.0.110 - - [06/Jun/2020:09:25:22 +0800] "GET /xingrg/all/function/internal_message.html?_=1591406720157&CODE_STATE=getMsg HTTP/1.1" 200 27
114.86.229.251 - - [06/Jun/2020:09:25:23 +0800] "GET /xingrg/kc/buy/cgsh_order_operate.html?command=get_materiel&rest_code=00109&code=00101008354&supplier_code=00100005&order_time=2020-06-06 HTTP/1.1" 200 412
120.253.135.82 - - [06/Jun/2020:09:25:26 +0800] "GET /xingrg/all/function/internal_message.html?_=1591406479459&CODE_STATE=getMsg HTTP/1.1" 200 27
114.84.33.255 - - [06/Jun/2020:09:25:26 +0800] "GET /xingrg/all/function/internal_message.html?_=1591406742468&CODE_STATE=getMsg HTTP/1.1" 200 27
114.86.229.251 - - [06/Jun/2020:09:25:28 +0800] "GET /xingrg/kc/buy/cgsh_order_operate.html?command=get_materiel&rest_code=00109&code=00101008308&supplier_code=00100005&order_time=2020-06-06 HTTP/1.1" 200 420
61.172.5.115 - - [06/Jun/2020:09:25:28 +0800] "GET /xingrg/all/function/internal_message.html?_=1591406729152&CODE_STATE=getMsg HTTP/1.1" 200 27
61.172.5.115 - - [06/Jun/2020:09:25:28 +0800] "GET /xingrg/check_reg.html?_=1591406729420 HTTP/1.1" 200 22
222.69.139.86 - - [06/Jun/2020:09:25:31 +0800] "GET /xingrg/all/function/internal_message.html?_=1591406721281&CODE_STATE=getMsg HTTP/1.1" 200 27
172.17.0.185 - - [06/Jun/2020:09:25:31 +0800] "GET /xingrg/all/function/internal_message.html?_=1591406729327&CODE_STATE=getMsg HTTP/1.1" 200 27
180.162.102.27 - - [06/Jun/2020:09:25:31 +0800] "GET /xingrg/all/function/internal_message.html?_=1591406118754&CODE_STATE=getMsg HTTP/1.1" 200 27
114.86.190.97 - - [06/Jun/2020:09:25:33 +0800] "GET /xingrg/all/function/internal_message.html?_=1591406735854&CODE_STATE=getMsg HTTP/1.1" 200 27
180.175.212.199 - - [06/Jun/2020:09:25:36 +0800] "GET /xingrg/kc/buy/cgsh_order_operate.html?command=get_materiel&rest_code=00102&code=00101007059&supplier_code=00100002&order_time=2020-06-06 HTTP/1.1" 200 409
114.86.229.251 - - [06/Jun/2020:09:25:36 +0800] "GET /xingrg/kc/buy/cgsh_order_operate.html?command=get_materiel&rest_code=00109&code=00101008351&supplier_code=00100005&order_time=2020-06-06 HTTP/1.1" 200 408
180.175.212.199 - - [06/Jun/2020:09:25:36 +0800] "GET /xingrg/all/function/internal_message.html?_=1591406939791&CODE_STATE=getMsg HTTP/1.1" 200 27
61.172.5.115 - - [06/Jun/2020:09:25:40 +0800] "GET /xingrg/all/function/internal_message.html?_=1591406741330&CODE_STATE=getMsg HTTP/1.1" 302 -
114.86.229.251 - - [06/Jun/2020:09:25:42 +0800] "GET /xingrg/all/function/internal_message.html?_=1591407041162&CODE_STATE=getMsg HTTP/1.1" 200 27
114.86.229.251 - - [06/Jun/2020:09:25:42 +0800] "GET /xingrg/kc/buy/cgsh_order_operate.html?command=get_materiel&rest_code=00109&code=00101008026&supplier_code=00100005&order_time=2020-06-06 HTTP/1.1" 200 408
222.69.139.86 - - [06/Jun/2020:09:25:45 +0800] "GET /xingrg/kc/buy/cgsh_order_operate.html?command=get_materiel&rest_code=00149&code=00101002027&supplier_code=00100039&order_time=2020-06-06 HTTP/1.1" 200 415
116.230.77.149 - - [06/Jun/2020:09:25:47 +0800] "GET /xingrg/kc/buy/cgsh_order_operate.html?command=get_materiel&rest_code=00107&code=00101006130&supplier_code=00100010&order_time=2020-06-06 HTTP/1.1" 200 446
114.84.33.255 - - [06/Jun/2020:09:25:49 +0800] "GET /xingrg/all/function/internal_message.html?_=1591406769366&CODE_STATE=getMsg HTTP/1.1" 200 27
58.40.7.146 - - [06/Jun/2020:09:25:49 +0800] "GET /xingrg/check_reg.html?_=1591406747790 HTTP/1.1" 200 22
58.40.7.146 - - [06/Jun/2020:09:25:49 +0800] "GET /xingrg/all/function/internal_message.html?_=1591406747791&CODE_STATE=getMsg HTTP/1.1" 200 27
172.17.0.115 - - [06/Jun/2020:09:25:49 +0800] "GET /xingrg/all/function/internal_message.html?_=1591406766819&CODE_STATE=getMsg HTTP/1.1" 200 27
116.230.77.149 - - [06/Jun/2020:09:25:51 +0800] "GET /xingrg/all/function/internal_message.html?_=1591406750031&CODE_STATE=getMsg HTTP/1.1" 200 27
222.69.139.86 - - [06/Jun/2020:09:25:54 +0800] "GET /xingrg/kc/buy/cgsh_order_operate.html?command=get_materiel&rest_code=00149&code=00101001044&supplier_code=00100039&order_time=2020-06-06 HTTP/1.1" 200 409
117.185.32.26 - - [06/Jun/2020:09:25:57 +0800] "GET /xingrg/check_reg.html?_=1591407181290 HTTP/1.1" 200 22
180.175.212.199 - - [06/Jun/2020:09:25:57 +0800] "GET /xingrg/kc/buy/cgsh_order_operate.html?command=get_materiel&rest_code=00102&code=00101007061&supplier_code=00100002&order_time=2020-06-06 HTTP/1.1" 200 409
172.17.0.101 - - [06/Jun/2020:09:25:59 +0800] "GET /xingrg/all/function/internal_message.html?_=1591406758868&CODE_STATE=getMsg HTTP/1.1" 200 27
114.88.170.9 - - [06/Jun/2020:09:26:00 +0800] "GET /xingrg/check_reg.html?_=1591406758305 HTTP/1.1" 200 22
114.88.170.9 - - [06/Jun/2020:09:26:00 +0800] "GET /xingrg/all/function/internal_message.html?_=1591406758306&CODE_STATE=getMsg HTTP/1.1" 200 27
117.185.32.26 - - [06/Jun/2020:09:26:02 +0800] "GET /xingrg/kc/base/base_main.html HTTP/1.1" 200 12142
117.185.32.26 - - [06/Jun/2020:09:26:04 +0800] "GET /xingrg/kc/base/wldb_order_list.html HTTP/1.1" 200 19255
117.185.32.26 - - [06/Jun/2020:09:26:05 +0800] "POST /xingrg/kc/base/wldb_list_operate.html HTTP/1.1" 200 928
116.230.77.149 - - [06/Jun/2020:09:26:06 +0800] "GET /xingrg/all/function/internal_message.html?_=1591405916432&CODE_STATE=getMsg HTTP/1.1" 200 27
114.88.170.9 - - [06/Jun/2020:09:26:07 +0800] "GET /xingrg/all/function/internal_message.html?_=1591406760803&CODE_STATE=getMsg HTTP/1.1" 200 27
180.175.212.199 - - [06/Jun/2020:09:26:07 +0800] "GET /xingrg/kc/buy/cgsh_order_operate.html?command=get_materiel&rest_code=00102&code=00101007049&supplier_code=00100002&order_time=2020-06-06 HTTP/1.1" 200 409
117.185.32.26 - - [06/Jun/2020:09:26:09 +0800] "GET /xingrg/kc/base/yddb_order_list.html HTTP/1.1" 200 16861
117.185.32.26 - - [06/Jun/2020:09:26:09 +0800] "POST /xingrg/kc/base/yddb_list_operate.html HTTP/1.1" 200 583
180.162.232.172 - - [06/Jun/2020:09:26:10 +0800] "POST /xingrg/kc/buy/cgsh_order_operate.html HTTP/1.1" 200 37
180.162.232.172 - - [06/Jun/2020:09:26:10 +0800] "GET /xingrg/all/function/internal_message.html?_=1591406901208&CODE_STATE=getMsg HTTP/1.1" 200 27
180.162.232.172 - - [06/Jun/2020:09:26:11 +0800] "POST /xingrg/kc/buy/cgsh_order_operate.html HTTP/1.1" 200 27534
180.162.232.172 - - [06/Jun/2020:09:26:12 +0800] "GET /xingrg/kc/buy/cgsh_order_add.html HTTP/1.1" 200 58658
180.162.232.172 - - [06/Jun/2020:09:26:13 +0800] "POST /xingrg/kc/buy/cgsh_order_operate.html HTTP/1.1" 200 8245
180.162.232.172 - - [06/Jun/2020:09:26:13 +0800] "GET /xingrg/javascript/easyui/themes/default/validatebox.css HTTP/1.1" 404 1104
117.185.32.26 - - [06/Jun/2020:09:26:15 +0800] "POST /xingrg/kc/base/yddb_list_operate.html HTTP/1.1" 200 3743
180.175.212.199 - - [06/Jun/2020:09:26:16 +0800] "GET /xingrg/kc/buy/cgsh_order_operate.html?command=get_materiel&rest_code=00102&code=00101007125&supplier_code=00100002&order_time=2020-06-06 HTTP/1.1" 200 406
117.184.7.26 - - [06/Jun/2020:09:26:17 +0800] "GET /xingrg/all/function/internal_message.html?_=1591406765035&CODE_STATE=getMsg HTTP/1.1" 200 27
180.162.232.172 - - [06/Jun/2020:09:26:19 +0800] "GET /xingrg/all/function/internal_message.html?_=1591406776598&CODE_STATE=getMsg HTTP/1.1" 200 27
180.162.232.172 - - [06/Jun/2020:09:26:22 +0800] "GET /xingrg/kc/buy/cgsh_order_operate.html?command=get_materiel&rest_code=00150&code=00101002022&supplier_code=00100040&order_time=2020-06-06 HTTP/1.1" 200 409
172.17.0.110 - - [06/Jun/2020:09:26:23 +0800] "GET /xingrg/all/function/internal_message.html?_=1591406780164&CODE_STATE=getMsg HTTP/1.1" 200 27
180.175.212.199 - - [06/Jun/2020:09:26:23 +0800] "GET /xingrg/kc/buy/cgsh_order_operate.html?command=get_materiel&rest_code=00102&code=00101007076&supplier_code=00100002&order_time=2020-06-06 HTTP/1.1" 200 408
120.253.135.82 - - [06/Jun/2020:09:26:26 +0800] "GET /xingrg/all/function/internal_message.html?_=1591406539522&CODE_STATE=getMsg HTTP/1.1" 200 27
114.84.33.255 - - [06/Jun/2020:09:26:26 +0800] "GET /xingrg/all/function/internal_message.html?_=1591406802473&CODE_STATE=getMsg HTTP/1.1" 200 27
61.172.5.115 - - [06/Jun/2020:09:26:28 +0800] "GET /xingrg/all/function/internal_message.html?_=1591406789125&CODE_STATE=getMsg HTTP/1.1" 200 27
222.69.139.86 - - [06/Jun/2020:09:26:30 +0800] "GET /xingrg/kc/buy/cgsh_order_operate.html?command=get_materiel&rest_code=00149&code=00101001060&supplier_code=00100039&order_time=2020-06-06 HTTP/1.1" 200 419
222.69.139.86 - - [06/Jun/2020:09:26:30 +0800] "GET /xingrg/check_reg.html?_=1591406780746 HTTP/1.1" 200 22
222.69.139.86 - - [06/Jun/2020:09:26:31 +0800] "GET /xingrg/all/function/internal_message.html?_=1591406781270&CODE_STATE=getMsg HTTP/1.1" 200 27
180.162.232.172 - - [06/Jun/2020:09:26:31 +0800] "POST /xingrg/kc/buy/cgsh_order_operate.html HTTP/1.1" 200 37
172.17.0.185 - - [06/Jun/2020:09:26:31 +0800] "GET /xingrg/all/function/internal_message.html?_=1591406789332&CODE_STATE=getMsg HTTP/1.1" 200 27
180.162.102.27 - - [06/Jun/2020:09:26:31 +0800] "GET /xingrg/all/function/internal_message.html?_=1591406178752&CODE_STATE=getMsg HTTP/1.1" 200 27
180.162.102.27 - - [06/Jun/2020:09:26:31 +0800] "GET /xingrg/check_reg.html?_=1591406178750 HTTP/1.1" 200 22
114.86.190.97 - - [06/Jun/2020:09:26:33 +0800] "GET /xingrg/all/function/internal_message.html?_=1591406795849&CODE_STATE=getMsg HTTP/1.1" 200 27
180.162.232.172 - - [06/Jun/2020:09:26:33 +0800] "POST /xingrg/kc/buy/cgsh_order_operate.html HTTP/1.1" 200 12
180.162.232.172 - - [06/Jun/2020:09:26:34 +0800] "GET /xingrg/kc/buy/cgsh_order_info.html?code=212020060601893 HTTP/1.1" 200 53561
180.162.232.172 - - [06/Jun/2020:09:26:35 +0800] "GET /xingrg/javascript/easyui/themes/default/validatebox.css HTTP/1.1" 404 1104
180.162.232.172 - - [06/Jun/2020:09:26:35 +0800] "POST /xingrg/kc/buy/cgsh_order_operate.html HTTP/1.1" 200 602
180.162.232.172 - - [06/Jun/2020:09:26:36 +0800] "GET /xingrg/kc/print/load_data.html?order_code=212020060601893&kc_code=cgsh&condition= HTTP/1.1" 200 770
180.175.212.199 - - [06/Jun/2020:09:26:36 +0800] "GET /xingrg/check_reg.html?_=1591406999531 HTTP/1.1" 200 22
180.175.212.199 - - [06/Jun/2020:09:26:36 +0800] "GET /xingrg/all/function/internal_message.html?_=1591406999805&CODE_STATE=getMsg HTTP/1.1" 200 27
180.162.232.172 - - [06/Jun/2020:09:26:40 +0800] "GET /xingrg/kc/buy/cgsh_order_add.html HTTP/1.1" 200 58658
61.172.5.115 - - [06/Jun/2020:09:26:40 +0800] "GET /xingrg/check_reg.html?_=1591406801281 HTTP/1.1" 302 -
61.172.5.115 - - [06/Jun/2020:09:26:40 +0800] "GET /xingrg/all/function/internal_message.html?_=1591406801331&CODE_STATE=getMsg HTTP/1.1" 302 -
114.86.229.251 - - [06/Jun/2020:09:26:40 +0800] "GET /xingrg/all/function/internal_message.html?_=1591407101171&CODE_STATE=getMsg HTTP/1.1" 200 27
180.162.232.172 - - [06/Jun/2020:09:26:40 +0800] "POST /xingrg/kc/buy/cgsh_order_operate.html HTTP/1.1" 200 8245
180.162.232.172 - - [06/Jun/2020:09:26:40 +0800] "GET /xingrg/javascript/easyui/themes/default/validatebox.css HTTP/1.1" 404 1104
222.69.139.86 - - [06/Jun/2020:09:26:42 +0800] "GET /xingrg/kc/buy/cgsh_order_operate.html?command=get_materiel&rest_code=00149&code=00101010161&supplier_code=00100039&order_time=2020-06-06 HTTP/1.1" 200 409
114.88.170.9 - - [06/Jun/2020:09:26:48 +0800] "GET /xingrg/check_reg.html?_=1591406801873 HTTP/1.1" 200 22
180.162.232.172 - - [06/Jun/2020:09:26:48 +0800] "GET /xingrg/kc/buy/cgsh_order_operate.html?command=get_materiel&rest_code=00150&code=00101012039&supplier_code=00100036&order_time=2020-06-06 HTTP/1.1" 200 408
114.84.33.255 - - [06/Jun/2020:09:26:49 +0800] "GET /xingrg/all/function/internal_message.html?_=1591406829382&CODE_STATE=getMsg HTTP/1.1" 200 27
58.40.7.146 - - [06/Jun/2020:09:26:49 +0800] "GET /xingrg/all/function/internal_message.html?_=1591406807795&CODE_STATE=getMsg HTTP/1.1" 200 27
172.17.0.115 - - [06/Jun/2020:09:26:49 +0800] "GET /xingrg/all/function/internal_message.html?_=1591406826840&CODE_STATE=getMsg HTTP/1.1" 200 27
116.230.77.149 - - [06/Jun/2020:09:26:51 +0800] "GET /xingrg/all/function/internal_message.html?_=1591406810036&CODE_STATE=getMsg HTTP/1.1" 200 27
222.69.139.86 - - [06/Jun/2020:09:26:52 +0800] "GET /xingrg/kc/buy/cgsh_order_operate.html?command=get_materiel&rest_code=00149&code=00101001010&supplier_code=00100039&order_time=2020-06-06 HTTP/1.1" 200 410
114.86.229.251 - - [06/Jun/2020:09:26:53 +0800] "GET /xingrg/kc/buy/cgsh_order_operate.html?command=get_materiel&rest_code=00109&code=00101008110&supplier_code=00100005&order_time=2020-06-06 HTTP/1.1" 200 408
180.175.212.199 - - [06/Jun/2020:09:26:54 +0800] "POST /xingrg/kc/buy/cgsh_order_operate.html HTTP/1.1" 200 37
180.175.212.199 - - [06/Jun/2020:09:26:56 +0800] "POST /xingrg/kc/buy/cgsh_order_operate.html HTTP/1.1" 200 12
180.175.212.199 - - [06/Jun/2020:09:26:57 +0800] "GET /xingrg/kc/buy/cgsh_order_info.html?code=212020060601894 HTTP/1.1" 200 53547
114.86.229.251 - - [06/Jun/2020:09:26:58 +0800] "GET /xingrg/kc/buy/cgsh_order_operate.html?command=get_materiel&rest_code=00109&code=00101008163&supplier_code=00100005&order_time=2020-06-06 HTTP/1.1" 200 408
180.175.212.199 - - [06/Jun/2020:09:26:58 +0800] "GET /xingrg/javascript/easyui/themes/default/validatebox.css HTTP/1.1" 404 1104
180.175.212.199 - - [06/Jun/2020:09:26:58 +0800] "POST /xingrg/kc/buy/cgsh_order_operate.html HTTP/1.1" 200 4728
172.17.0.101 - - [06/Jun/2020:09:26:59 +0800] "GET /xingrg/all/function/internal_message.html?_=1591406818870&CODE_STATE=getMsg HTTP/1.1" 200 27
114.88.170.9 - - [06/Jun/2020:09:27:00 +0800] "GET /xingrg/all/function/internal_message.html?_=1591406818304&CODE_STATE=getMsg HTTP/1.1" 200 27
180.175.212.199 - - [06/Jun/2020:09:27:01 +0800] "GET /xingrg/kc/print/load_data.html?order_code=212020060601894&kc_code=cgsh&condition= HTTP/1.1" 200 2322
180.162.232.172 - - [06/Jun/2020:09:27:01 +0800] "GET /xingrg/kc/buy/cgsh_order_operate.html?command=get_materiel&rest_code=00150&code=00101012025&supplier_code=00100036&order_time=2020-06-06 HTTP/1.1" 200 412
114.86.229.251 - - [06/Jun/2020:09:27:05 +0800] "GET /xingrg/kc/buy/cgsh_order_operate.html?command=get_materiel&rest_code=00109&code=00101008355&supplier_code=00100005&order_time=2020-06-06 HTTP/1.1" 200 408
116.230.77.149 - - [06/Jun/2020:09:27:05 +0800] "GET /xingrg/check_reg.html?_=1591405976086 HTTP/1.1" 200 22
116.230.77.149 - - [06/Jun/2020:09:27:06 +0800] "GET /xingrg/all/function/internal_message.html?_=1591405976445&CODE_STATE=getMsg HTTP/1.1" 200 27
114.88.170.9 - - [06/Jun/2020:09:27:07 +0800] "GET /xingrg/all/function/internal_message.html?_=1591406820811&CODE_STATE=getMsg HTTP/1.1" 200 27
114.86.229.251 - - [06/Jun/2020:09:27:07 +0800] "POST /xingrg/kc/buy/cgsh_order_operate.html HTTP/1.1" 200 2065
180.162.232.172 - - [06/Jun/2020:09:27:10 +0800] "GET /xingrg/all/function/internal_message.html?_=1591406961247&CODE_STATE=getMsg HTTP/1.1" 200 27
180.162.232.172 - - [06/Jun/2020:09:27:12 +0800] "POST /xingrg/kc/buy/cgsh_order_operate.html HTTP/1.1" 200 37
114.86.229.251 - - [06/Jun/2020:09:27:12 +0800] "GET /xingrg/kc/buy/cgsh_order_operate.html?command=get_materiel&rest_code=00109&code=00101008004&supplier_code=00100005&order_time=2020-06-06 HTTP/1.1" 200 416
180.162.232.172 - - [06/Jun/2020:09:27:14 +0800] "POST /xingrg/kc/buy/cgsh_order_operate.html HTTP/1.1" 200 12
116.230.77.149 - - [06/Jun/2020:09:27:15 +0800] "GET /xingrg/kc/buy/cgsh_order_operate.html?command=get_materiel&rest_code=00107&code=00101008131&supplier_code=00100010&order_time=2020-06-06 HTTP/1.1" 200 408
180.162.232.172 - - [06/Jun/2020:09:27:15 +0800] "GET /xingrg/kc/buy/cgsh_order_info.html?code=212020060601895 HTTP/1.1" 200 53563
180.162.232.172 - - [06/Jun/2020:09:27:16 +0800] "GET /xingrg/javascript/easyui/themes/default/validatebox.css HTTP/1.1" 404 1104
180.162.232.172 - - [06/Jun/2020:09:27:16 +0800] "POST /xingrg/kc/buy/cgsh_order_operate.html HTTP/1.1" 200 1191
117.184.7.26 - - [06/Jun/2020:09:27:17 +0800] "GET /xingrg/all/function/internal_message.html?_=1591406825066&CODE_STATE=getMsg HTTP/1.1" 200 27
180.175.212.199 - - [06/Jun/2020:09:27:18 +0800] "GET /xingrg/kc/buy/cgsh_order_add.html HTTP/1.1" 200 58646
180.162.232.172 - - [06/Jun/2020:09:27:18 +0800] "GET /xingrg/kc/print/load_data.html?order_code=212020060601895&kc_code=cgsh&condition= HTTP/1.1" 200 1001
180.162.232.172 - - [06/Jun/2020:09:27:19 +0800] "GET /xingrg/check_reg.html?_=1591406836623 HTTP/1.1" 200 22
180.162.232.172 - - [06/Jun/2020:09:27:19 +0800] "GET /xingrg/all/function/internal_message.html?_=1591406836625&CODE_STATE=getMsg HTTP/1.1" 200 27
180.175.212.199 - - [06/Jun/2020:09:27:19 +0800] "POST /xingrg/kc/buy/cgsh_order_operate.html HTTP/1.1" 200 8245
180.175.212.199 - - [06/Jun/2020:09:27:19 +0800] "GET /xingrg/javascript/easyui/themes/default/validatebox.css HTTP/1.1" 404 1104
222.69.139.86 - - [06/Jun/2020:09:27:19 +0800] "POST /xingrg/kc/buy/cgsh_order_operate.html HTTP/1.1" 200 37
116.230.77.149 - - [06/Jun/2020:09:27:21 +0800] "GET /xingrg/kc/buy/cgsh_order_operate.html?command=get_materiel&rest_code=00107&code=00101006055&supplier_code=00100010&order_time=2020-06-06 HTTP/1.1" 200 409
222.69.139.86 - - [06/Jun/2020:09:27:21 +0800] "POST /xingrg/kc/buy/cgsh_order_operate.html HTTP/1.1" 200 12
180.162.232.172 - - [06/Jun/2020:09:27:22 +0800] "GET /xingrg/kc/buy/cgsh_order_add.html HTTP/1.1" 200 58658
222.69.139.86 - - [06/Jun/2020:09:27:22 +0800] "GET /xingrg/kc/buy/cgsh_order_info.html?code=212020060601896 HTTP/1.1" 200 53690
180.162.232.172 - - [06/Jun/2020:09:27:22 +0800] "GET /xingrg/javascript/easyui/themes/default/validatebox.css HTTP/1.1" 404 1104
180.162.232.172 - - [06/Jun/2020:09:27:22 +0800] "POST /xingrg/kc/buy/cgsh_order_operate.html HTTP/1.1" 200 8245
172.17.0.110 - - [06/Jun/2020:09:27:22 +0800] "GET /xingrg/all/function/internal_message.html?_=1591406840101&CODE_STATE=getMsg HTTP/1.1" 200 27
222.69.139.86 - - [06/Jun/2020:09:27:22 +0800] "GET /xingrg/javascript/easyui/themes/default/validatebox.css HTTP/1.1" 404 1104
222.69.139.86 - - [06/Jun/2020:09:27:23 +0800] "POST /xingrg/kc/buy/cgsh_order_operate.html HTTP/1.1" 200 2987
222.69.139.86 - - [06/Jun/2020:09:27:24 +0800] "GET /xingrg/kc/print/load_data.html?order_code=212020060601896&kc_code=cgsh&condition= HTTP/1.1" 200 1624
114.84.33.255 - - [06/Jun/2020:09:27:25 +0800] "GET /xingrg/check_reg.html?_=1591406861514 HTTP/1.1" 200 22
120.253.135.82 - - [06/Jun/2020:09:27:26 +0800] "GET /xingrg/all/function/internal_message.html?_=1591406599533&CODE_STATE=getMsg HTTP/1.1" 200 27
114.84.33.255 - - [06/Jun/2020:09:27:26 +0800] "GET /xingrg/all/function/internal_message.html?_=1591406862486&CODE_STATE=getMsg HTTP/1.1" 200 27
61.172.5.115 - - [06/Jun/2020:09:27:28 +0800] "GET /xingrg/all/function/internal_message.html?_=1591406849095&CODE_STATE=getMsg HTTP/1.1" 200 27
180.175.212.199 - - [06/Jun/2020:09:27:28 +0800] "GET /xingrg/javascript/easyui/themes/default/tree.css HTTP/1.1" 404 1090
180.175.212.199 - - [06/Jun/2020:09:27:28 +0800] "POST /xingrg/all/common/load_tree.html?tree=supplier_tree_json&isDelete=1 HTTP/1.1" 200 48460
222.69.139.86 - - [06/Jun/2020:09:27:31 +0800] "GET /xingrg/all/function/internal_message.html?_=1591406841242&CODE_STATE=getMsg HTTP/1.1" 200 27
172.17.0.185 - - [06/Jun/2020:09:27:31 +0800] "GET /xingrg/all/function/internal_message.html?_=1591406849339&CODE_STATE=getMsg HTTP/1.1" 200 27
172.17.0.185 - - [06/Jun/2020:09:27:31 +0800] "GET /xingrg/check_reg.html?_=1591406849345 HTTP/1.1" 200 22
180.162.102.27 - - [06/Jun/2020:09:27:31 +0800] "GET /xingrg/all/function/internal_message.html?_=1591406238751&CODE_STATE=getMsg HTTP/1.1" 200 27
180.162.232.172 - - [06/Jun/2020:09:27:31 +0800] "GET /xingrg/kc/buy/cgsh_order_operate.html?command=get_materiel&rest_code=00150&code=00101006129&supplier_code=00100012&order_time=2020-06-06 HTTP/1.1" 200 451
114.86.190.97 - - [06/Jun/2020:09:27:33 +0800] "GET /xingrg/all/function/internal_message.html?_=1591406855859&CODE_STATE=getMsg HTTP/1.1" 200 27
222.69.139.86 - - [06/Jun/2020:09:27:36 +0800] "GET /xingrg/kc/buy/cgsh_order_add.html HTTP/1.1" 200 58787
114.86.229.251 - - [06/Jun/2020:09:27:36 +0800] "GET /xingrg/all/function/internal_message.html?_=1591407161169&CODE_STATE=getMsg HTTP/1.1" 200 27
116.230.77.149 - - [06/Jun/2020:09:27:36 +0800] "GET /xingrg/kc/buy/cgsh_order_operate.html?command=get_materiel&rest_code=00107&code=00101006144&supplier_code=00100010&order_time=2020-06-06 HTTP/1.1" 200 409
222.69.139.86 - - [06/Jun/2020:09:27:36 +0800] "POST /xingrg/kc/buy/cgsh_order_operate.html HTTP/1.1" 200 8245
222.69.139.86 - - [06/Jun/2020:09:27:36 +0800] "GET /xingrg/javascript/easyui/themes/default/validatebox.css HTTP/1.1" 404 1104
180.175.212.199 - - [06/Jun/2020:09:27:36 +0800] "GET /xingrg/all/function/internal_message.html?_=1591407059819&CODE_STATE=getMsg HTTP/1.1" 200 27
61.172.5.115 - - [06/Jun/2020:09:27:40 +0800] "GET /xingrg/all/function/internal_message.html?_=1591406861330&CODE_STATE=getMsg HTTP/1.1" 302 -
180.162.232.172 - - [06/Jun/2020:09:27:44 +0800] "GET /xingrg/kc/buy/cgsh_order_operate.html?command=get_materiel&rest_code=00150&code=00101006055&supplier_code=00100012&order_time=2020-06-06 HTTP/1.1" 200 409
116.230.77.149 - - [06/Jun/2020:09:27:45 +0800] "GET /xingrg/kc/buy/cgsh_order_operate.html?command=get_materiel&rest_code=00107&code=00101006094&supplier_code=00100010&order_time=2020-06-06 HTTP/1.1" 200 410
114.84.33.255 - - [06/Jun/2020:09:27:49 +0800] "GET /xingrg/all/function/internal_message.html?_=1591406889456&CODE_STATE=getMsg HTTP/1.1" 200 27
58.40.7.146 - - [06/Jun/2020:09:27:49 +0800] "GET /xingrg/all/function/internal_message.html?_=1591406867797&CODE_STATE=getMsg HTTP/1.1" 200 27
172.17.0.115 - - [06/Jun/2020:09:27:49 +0800] "GET /xingrg/all/function/internal_message.html?_=1591406886846&CODE_STATE=getMsg HTTP/1.1" 200 27
116.230.77.149 - - [06/Jun/2020:09:27:51 +0800] "GET /xingrg/all/function/internal_message.html?_=1591406870029&CODE_STATE=getMsg HTTP/1.1" 200 27
180.162.232.172 - - [06/Jun/2020:09:27:53 +0800] "GET /xingrg/kc/buy/cgsh_order_operate.html?command=get_materiel&rest_code=00150&code=00101006133&supplier_code=00100012&order_time=2020-06-06 HTTP/1.1" 200 413
114.88.170.9 - - [06/Jun/2020:09:27:56 +0800] "GET /xingrg/kc/buy/cgsh_order_add.html HTTP/1.1" 200 58734
114.88.170.9 - - [06/Jun/2020:09:27:56 +0800] "GET /xingrg/javascript/easyui/themes/default/validatebox.css HTTP/1.1" 404 1104
114.88.170.9 - - [06/Jun/2020:09:27:56 +0800] "POST /xingrg/kc/buy/cgsh_order_operate.html HTTP/1.1" 200 8245
116.230.77.149 - - [06/Jun/2020:09:27:57 +0800] "GET /xingrg/kc/buy/cgsh_order_operate.html?command=get_materiel&rest_code=00107&code=00101007067&supplier_code=00100010&order_time=2020-06-06 HTTP/1.1" 200 409
172.17.0.101 - - [06/Jun/2020:09:27:59 +0800] "GET /xingrg/all/function/internal_message.html?_=1591406878873&CODE_STATE=getMsg HTTP/1.1" 200 27
114.88.170.9 - - [06/Jun/2020:09:28:00 +0800] "GET /xingrg/all/function/internal_message.html?_=1591406878339&CODE_STATE=getMsg HTTP/1.1" 200 27
180.175.212.199 - - [06/Jun/2020:09:28:02 +0800] "GET /xingrg/kc/buy/cgsh_order_operate.html?command=get_materiel&rest_code=00102&code=00101006174&supplier_code=00100011&order_time=2020-06-06 HTTP/1.1" 200 415
180.162.232.172 - - [06/Jun/2020:09:28:03 +0800] "GET /xingrg/kc/buy/cgsh_order_operate.html?command=get_materiel&rest_code=00150&code=00101007067&supplier_code=00100012&order_time=2020-06-06 HTTP/1.1" 200 409
116.230.77.149 - - [06/Jun/2020:09:28:06 +0800] "GET /xingrg/all/function/internal_message.html?_=1591406036458&CODE_STATE=getMsg HTTP/1.1" 200 27
116.230.77.149 - - [06/Jun/2020:09:28:06 +0800] "POST /xingrg/kc/buy/cgsh_order_operate.html HTTP/1.1" 200 37
114.88.170.9 - - [06/Jun/2020:09:28:07 +0800] "GET /xingrg/all/function/internal_message.html?_=1591406880824&CODE_STATE=getMsg HTTP/1.1" 200 27
114.88.170.9 - - [06/Jun/2020:09:28:07 +0800] "GET /xingrg/kc/buy/cgsh_order_operate.html?command=get_materiel&rest_code=00111&code=00101006133&supplier_code=00100012&order_time=2020-06-06 HTTP/1.1" 200 413
116.230.77.149 - - [06/Jun/2020:09:28:07 +0800] "POST /xingrg/kc/buy/cgsh_order_operate.html HTTP/1.1" 200 11001
172.17.0.110 - - [06/Jun/2020:09:28:08 +0800] "GET /xingrg/check_reg.html?_=1591406885300 HTTP/1.1" 200 22
116.230.77.149 - - [06/Jun/2020:09:28:09 +0800] "GET /xingrg/kc/print/load_data.html?order_code=212020060601897&kc_code=cgsh&condition= HTTP/1.1" 200 3914
180.162.232.172 - - [06/Jun/2020:09:28:10 +0800] "GET /xingrg/all/function/internal_message.html?_=1591407021250&CODE_STATE=getMsg HTTP/1.1" 200 27
180.175.212.199 - - [06/Jun/2020:09:28:11 +0800] "GET /xingrg/kc/buy/cgsh_order_operate.html?command=get_materiel&rest_code=00102&code=00101006017&supplier_code=00100011&order_time=2020-06-06 HTTP/1.1" 200 417
117.131.5.26 - - [06/Jun/2020:09:28:11 +0800] "GET /xingrg/check_reg.html?_=1591406898742 HTTP/1.1" 200 22
114.88.170.9 - - [06/Jun/2020:09:28:15 +0800] "GET /xingrg/kc/buy/cgsh_order_operate.html?command=get_materiel&rest_code=00111&code=00101006006&supplier_code=00100012&order_time=2020-06-06 HTTP/1.1" 200 409
116.230.77.149 - - [06/Jun/2020:09:28:15 +0800] "GET /xingrg/kc/buy/cgsh_order_add.html HTTP/1.1" 200 58787
116.230.77.149 - - [06/Jun/2020:09:28:16 +0800] "POST /xingrg/kc/buy/cgsh_order_operate.html HTTP/1.1" 200 8245
116.230.77.149 - - [06/Jun/2020:09:28:17 +0800] "GET /xingrg/javascript/easyui/themes/default/validatebox.css HTTP/1.1" 404 1104
117.184.7.30 - - [06/Jun/2020:09:28:17 +0800] "GET /xingrg/all/function/internal_message.html?_=1591406885079&CODE_STATE=getMsg HTTP/1.1" 200 27
172.17.0.110 - - [06/Jun/2020:09:28:22 +0800] "GET /xingrg/all/function/internal_message.html?_=1591406900106&CODE_STATE=getMsg HTTP/1.1" 200 27
180.175.212.199 - - [06/Jun/2020:09:28:22 +0800] "GET /xingrg/kc/buy/cgsh_order_operate.html?command=get_materiel&rest_code=00102&code=00101006063&supplier_code=00100011&order_time=2020-06-06 HTTP/1.1" 200 413
180.162.232.172 - - [06/Jun/2020:09:28:24 +0800] "POST /xingrg/kc/buy/cgsh_order_operate.html HTTP/1.1" 200 37
120.253.135.82 - - [06/Jun/2020:09:28:24 +0800] "GET /xingrg/check_reg.html?_=1591406658309 HTTP/1.1" 200 22
114.88.170.9 - - [06/Jun/2020:09:28:25 +0800] "GET /xingrg/kc/buy/cgsh_order_operate.html?command=get_materiel&rest_code=00111&code=00101006136&supplier_code=00100012&order_time=2020-06-06 HTTP/1.1" 200 417
120.253.135.82 - - [06/Jun/2020:09:28:26 +0800] "GET /xingrg/all/function/internal_message.html?_=1591406659545&CODE_STATE=getMsg HTTP/1.1" 200 27
180.162.232.172 - - [06/Jun/2020:09:28:26 +0800] "POST /xingrg/kc/buy/cgsh_order_operate.html HTTP/1.1" 200 12
114.84.33.255 - - [06/Jun/2020:09:28:26 +0800] "GET /xingrg/all/function/internal_message.html?_=1591406922500&CODE_STATE=getMsg HTTP/1.1" 200 27
180.162.232.172 - - [06/Jun/2020:09:28:27 +0800] "GET /xingrg/kc/buy/cgsh_order_info.html?code=212020060601898 HTTP/1.1" 200 53561
180.162.232.172 - - [06/Jun/2020:09:28:28 +0800] "GET /xingrg/javascript/easyui/themes/default/validatebox.css HTTP/1.1" 404 1104
116.230.77.149 - - [06/Jun/2020:09:28:28 +0800] "GET /xingrg/kc/buy/cgsh_order_operate.html?command=get_materiel&rest_code=00107&code=00101016100&supplier_code=00100033&order_time=2020-06-06 HTTP/1.1" 200 412
61.172.5.115 - - [06/Jun/2020:09:28:28 +0800] "GET /xingrg/all/function/internal_message.html?_=1591406909080&CODE_STATE=getMsg HTTP/1.1" 200 27
180.162.232.172 - - [06/Jun/2020:09:28:28 +0800] "POST /xingrg/kc/buy/cgsh_order_operate.html HTTP/1.1" 200 2395
180.162.232.172 - - [06/Jun/2020:09:28:29 +0800] "GET /xingrg/kc/print/load_data.html?order_code=212020060601898&kc_code=cgsh&condition= HTTP/1.1" 200 1490
114.84.33.255 - - [06/Jun/2020:09:28:30 +0800] "GET /xingrg/check_reg.html?_=1591406930859 HTTP/1.1" 200 22
114.88.170.9 - - [06/Jun/2020:09:28:30 +0800] "GET /xingrg/kc/buy/cgsh_order_operate.html?command=get_materiel&rest_code=00111&code=00101006038&supplier_code=00100012&order_time=2020-06-06 HTTP/1.1" 200 421
222.69.139.86 - - [06/Jun/2020:09:28:31 +0800] "GET /xingrg/all/function/internal_message.html?_=1591406901213&CODE_STATE=getMsg HTTP/1.1" 200 27
172.17.0.185 - - [06/Jun/2020:09:28:31 +0800] "GET /xingrg/all/function/internal_message.html?_=1591406909330&CODE_STATE=getMsg HTTP/1.1" 200 27
180.162.102.27 - - [06/Jun/2020:09:28:31 +0800] "GET /xingrg/all/function/internal_message.html?_=1591406298751&CODE_STATE=getMsg HTTP/1.1" 200 27
114.86.229.251 - - [06/Jun/2020:09:28:32 +0800] "GET /xingrg/all/function/internal_message.html?_=1591407221177&CODE_STATE=getMsg HTTP/1.1" 200 27
114.86.229.251 - - [06/Jun/2020:09:28:32 +0800] "GET /xingrg/check_reg.html?_=1591407221177 HTTP/1.1" 200 22
114.86.190.97 - - [06/Jun/2020:09:28:33 +0800] "GET /xingrg/all/function/internal_message.html?_=1591406915854&CODE_STATE=getMsg HTTP/1.1" 200 27
180.175.212.199 - - [06/Jun/2020:09:28:36 +0800] "GET /xingrg/all/function/internal_message.html?_=1591407119833&CODE_STATE=getMsg HTTP/1.1" 200 27
114.88.170.9 - - [06/Jun/2020:09:28:36 +0800] "GET /xingrg/kc/buy/cgsh_order_operate.html?command=get_materiel&rest_code=00111&code=00101006112&supplier_code=00100012&order_time=2020-06-06 HTTP/1.1" 200 409
180.175.212.199 - - [06/Jun/2020:09:28:37 +0800] "GET /xingrg/kc/buy/cgsh_order_operate.html?command=get_materiel&rest_code=00102&code=00101006062&supplier_code=00100011&order_time=2020-06-06 HTTP/1.1" 200 409
61.172.5.115 - - [06/Jun/2020:09:28:40 +0800] "GET /xingrg/all/function/internal_message.html?_=1591406921330&CODE_STATE=getMsg HTTP/1.1" 302 -
116.230.77.149 - - [06/Jun/2020:09:28:42 +0800] "GET /xingrg/kc/buy/cgsh_order_operate.html?command=get_materiel&rest_code=00107&code=00101010033&supplier_code=00100033&order_time=2020-06-06 HTTP/1.1" 200 417
114.86.229.251 - - [06/Jun/2020:09:28:42 +0800] "GET /xingrg/kc/buy/cgsh_order_operate.html?command=get_materiel&rest_code=00109&code=00101008264&supplier_code=00100005&order_time=2020-06-06 HTTP/1.1" 200 412
180.162.232.172 - - [06/Jun/2020:09:28:46 +0800] "GET /xingrg/kc/buy/cgsh_order_add.html HTTP/1.1" 200 58658
114.88.170.9 - - [06/Jun/2020:09:28:46 +0800] "GET /xingrg/kc/buy/cgsh_order_operate.html?command=get_materiel&rest_code=00111&code=00101006056&supplier_code=00100012&order_time=2020-06-06 HTTP/1.1" 200 413
180.162.232.172 - - [06/Jun/2020:09:28:46 +0800] "POST /xingrg/kc/buy/cgsh_order_operate.html HTTP/1.1" 200 8245
180.162.232.172 - - [06/Jun/2020:09:28:46 +0800] "GET /xingrg/javascript/easyui/themes/default/validatebox.css HTTP/1.1" 404 1104
180.175.212.199 - - [06/Jun/2020:09:28:47 +0800] "GET /xingrg/kc/buy/cgsh_order_operate.html?command=get_materiel&rest_code=00102&code=00101006055&supplier_code=00100011&order_time=2020-06-06 HTTP/1.1" 200 409
114.84.33.255 - - [06/Jun/2020:09:28:49 +0800] "GET /xingrg/all/function/internal_message.html?_=1591406949469&CODE_STATE=getMsg HTTP/1.1" 200 27
58.40.7.146 - - [06/Jun/2020:09:28:49 +0800] "GET /xingrg/all/function/internal_message.html?_=1591406927799&CODE_STATE=getMsg HTTP/1.1" 200 27
172.17.0.115 - - [06/Jun/2020:09:28:49 +0800] "GET /xingrg/all/function/internal_message.html?_=1591406946866&CODE_STATE=getMsg HTTP/1.1" 200 27
101.81.138.217 - - [06/Jun/2020:09:28:50 +0800] "GET /favicon.ico HTTP/1.1" 404 -
116.230.77.149 - - [06/Jun/2020:09:28:51 +0800] "GET /xingrg/all/function/internal_message.html?_=1591406930030&CODE_STATE=getMsg HTTP/1.1" 200 27
114.88.170.9 - - [06/Jun/2020:09:28:51 +0800] "GET /xingrg/kc/buy/cgsh_order_operate.html?command=get_materiel&rest_code=00111&code=00101006055&supplier_code=00100012&order_time=2020-06-06 HTTP/1.1" 200 409
114.86.229.251 - - [06/Jun/2020:09:28:53 +0800] "GET /xingrg/kc/buy/cgsh_order_operate.html?command=get_materiel&rest_code=00109&code=00101008362&supplier_code=00100005&order_time=2020-06-06 HTTP/1.1" 200 408
180.162.232.172 - - [06/Jun/2020:09:28:56 +0800] "GET /xingrg/kc/buy/cgsh_order_operate.html?command=get_materiel&rest_code=00150&code=00101015076&supplier_code=00100054&order_time=2020-06-06 HTTP/1.1" 200 416
172.17.0.101 - - [06/Jun/2020:09:28:59 +0800] "GET /xingrg/all/function/internal_message.html?_=1591406938879&CODE_STATE=getMsg HTTP/1.1" 200 27
172.17.0.101 - - [06/Jun/2020:09:28:59 +0800] "GET /xingrg/check_reg.html?_=1591406938885 HTTP/1.1" 200 22
114.88.170.9 - - [06/Jun/2020:09:29:00 +0800] "GET /xingrg/all/function/internal_message.html?_=1591406938309&CODE_STATE=getMsg HTTP/1.1" 200 27
180.175.212.199 - - [06/Jun/2020:09:29:05 +0800] "GET /xingrg/kc/buy/cgsh_order_operate.html?command=get_materiel&rest_code=00102&code=00101006195&supplier_code=00100011&order_time=2020-06-06 HTTP/1.1" 200 409
116.230.77.149 - - [06/Jun/2020:09:29:06 +0800] "GET /xingrg/all/function/internal_message.html?_=1591406096466&CODE_STATE=getMsg HTTP/1.1" 200 27
114.88.170.9 - - [06/Jun/2020:09:29:06 +0800] "GET /xingrg/kc/buy/cgsh_order_operate.html?command=get_materiel&rest_code=00111&code=00101006065&supplier_code=00100012&order_time=2020-06-06 HTTP/1.1" 200 409
114.88.170.9 - - [06/Jun/2020:09:29:07 +0800] "GET /xingrg/all/function/internal_message.html?_=1591406940995&CODE_STATE=getMsg HTTP/1.1" 200 27
180.162.232.172 - - [06/Jun/2020:09:29:09 +0800] "POST /xingrg/kc/buy/cgsh_order_operate.html HTTP/1.1" 200 37
180.162.232.172 - - [06/Jun/2020:09:29:10 +0800] "GET /xingrg/check_reg.html?_=1591407080682 HTTP/1.1" 200 22
180.162.232.172 - - [06/Jun/2020:09:29:10 +0800] "GET /xingrg/all/function/internal_message.html?_=1591407081265&CODE_STATE=getMsg HTTP/1.1" 200 27
180.162.232.172 - - [06/Jun/2020:09:29:12 +0800] "POST /xingrg/kc/buy/cgsh_order_operate.html HTTP/1.1" 200 12
180.162.232.172 - - [06/Jun/2020:09:29:13 +0800] "GET /xingrg/kc/buy/cgsh_order_info.html?code=212020060601899 HTTP/1.1" 200 53559
114.86.229.251 - - [06/Jun/2020:09:29:13 +0800] "GET /xingrg/kc/buy/cgsh_order_operate.html?command=get_materiel&rest_code=00109&code=00101008360&supplier_code=00100005&order_time=2020-06-06 HTTP/1.1" 200 412
180.162.232.172 - - [06/Jun/2020:09:29:14 +0800] "GET /xingrg/javascript/easyui/themes/default/validatebox.css HTTP/1.1" 404 1104
180.162.232.172 - - [06/Jun/2020:09:29:14 +0800] "POST /xingrg/kc/buy/cgsh_order_operate.html HTTP/1.1" 200 609
180.162.232.172 - - [06/Jun/2020:09:29:16 +0800] "GET /xingrg/kc/print/load_data.html?order_code=212020060601899&kc_code=cgsh&condition= HTTP/1.1" 200 700
114.88.170.9 - - [06/Jun/2020:09:29:16 +0800] "GET /xingrg/kc/buy/cgsh_order_operate.html?command=get_materiel&rest_code=00111&code=00101011005&supplier_code=00100012&order_time=2020-06-06 HTTP/1.1" 200 428
117.184.7.26 - - [06/Jun/2020:09:29:17 +0800] "GET /xingrg/check_reg.html?_=1591406944584 HTTP/1.1" 200 22
117.184.7.26 - - [06/Jun/2020:09:29:17 +0800] "GET /xingrg/all/function/internal_message.html?_=1591406945093&CODE_STATE=getMsg HTTP/1.1" 200 27
180.175.212.199 - - [06/Jun/2020:09:29:17 +0800] "GET /xingrg/kc/buy/cgsh_order_operate.html?command=get_materiel&rest_code=00102&code=00101006019&supplier_code=00100011&order_time=2020-06-06 HTTP/1.1" 200 417
114.86.229.251 - - [06/Jun/2020:09:29:19 +0800] "GET /xingrg/kc/buy/cgsh_order_operate.html?command=get_materiel&rest_code=00109&code=00101008270&supplier_code=00100005&order_time=2020-06-06 HTTP/1.1" 200 412
180.162.232.172 - - [06/Jun/2020:09:29:19 +0800] "GET /xingrg/all/function/internal_message.html?_=1591406956711&CODE_STATE=getMsg HTTP/1.1" 200 27
114.86.229.251 - - [06/Jun/2020:09:29:20 +0800] "POST /xingrg/kc/buy/cgsh_order_operate.html HTTP/1.1" 200 2065
116.230.77.149 - - [06/Jun/2020:09:29:21 +0800] "GET /xingrg/kc/buy/cgsh_order_operate.html?command=get_materiel&rest_code=00107&code=00101012026&supplier_code=00100033&order_time=2020-06-06 HTTP/1.1" 200 408
172.17.0.110 - - [06/Jun/2020:09:29:22 +0800] "GET /xingrg/all/function/internal_message.html?_=1591406960080&CODE_STATE=getMsg HTTP/1.1" 200 27
114.88.170.9 - - [06/Jun/2020:09:29:24 +0800] "POST /xingrg/kc/buy/cgsh_order_operate.html HTTP/1.1" 200 37
114.86.229.251 - - [06/Jun/2020:09:29:25 +0800] "GET /xingrg/kc/buy/cgsh_order_operate.html?command=get_materiel&rest_code=00109&code=00101008357&supplier_code=00100005&order_time=2020-06-06 HTTP/1.1" 200 408
114.88.170.9 - - [06/Jun/2020:09:29:25 +0800] "POST /xingrg/kc/buy/cgsh_order_operate.html HTTP/1.1" 200 7992
120.253.135.82 - - [06/Jun/2020:09:29:26 +0800] "GET /xingrg/all/function/internal_message.html?_=1591406719560&CODE_STATE=getMsg HTTP/1.1" 200 27
114.84.33.255 - - [06/Jun/2020:09:29:26 +0800] "GET /xingrg/all/function/internal_message.html?_=1591406982513&CODE_STATE=getMsg HTTP/1.1" 200 27
114.88.170.9 - - [06/Jun/2020:09:29:27 +0800] "GET /xingrg/kc/print/load_data.html?order_code=212020060601900&kc_code=cgsh&condition= HTTP/1.1" 200 2798
180.175.212.199 - - [06/Jun/2020:09:29:27 +0800] "GET /xingrg/kc/buy/cgsh_order_operate.html?command=get_materiel&rest_code=00102&code=00101006109&supplier_code=00100011&order_time=2020-06-06 HTTP/1.1" 200 409
61.172.5.115 - - [06/Jun/2020:09:29:28 +0800] "GET /xingrg/all/function/internal_message.html?_=1591406969065&CODE_STATE=getMsg HTTP/1.1" 200 27
180.162.232.172 - - [06/Jun/2020:09:29:28 +0800] "POST /xingrg/all/user/operate.html HTTP/1.1" 200 36
180.162.232.172 - - [06/Jun/2020:09:29:28 +0800] "GET /xingrg/javascript/jquery_easy_ui/themes/default/easyui.css HTTP/1.1" 304 -
180.162.232.172 - - [06/Jun/2020:09:29:28 +0800] "GET /xingrg/javascript/jquery_easy_ui/themes/icon.css HTTP/1.1" 304 -
180.162.232.172 - - [06/Jun/2020:09:29:28 +0800] "GET /xingrg/index.html?sysBaseUrl=http%3A%2F%2F180.169.147.146%3A18081%2Fxingrg%2F&costTime=42×tamp=1591404051421 HTTP/1.1" 200 17177
180.162.232.172 - - [06/Jun/2020:09:29:28 +0800] "GET /xingrg/css/form.css HTTP/1.1" 304 -
180.162.232.172 - - [06/Jun/2020:09:29:28 +0800] "GET /xingrg/javascript/jquery-1.4.2.min.js HTTP/1.1" 304 -
180.162.232.172 - - [06/Jun/2020:09:29:28 +0800] "GET /xingrg/javascript/jquery_easy_ui/jquery.easyui.min.js HTTP/1.1" 304 -
114.86.229.251 - - [06/Jun/2020:09:29:28 +0800] "GET /xingrg/all/function/internal_message.html?_=1591407281160&CODE_STATE=getMsg HTTP/1.1" 200 27
180.162.232.172 - - [06/Jun/2020:09:29:28 +0800] "GET /xingrg/javascript/jquery_easy_ui/easyui-lang-zh_CN.js HTTP/1.1" 304 -
180.162.232.172 - - [06/Jun/2020:09:29:28 +0800] "GET /xingrg/javascript/jquery.form.js HTTP/1.1" 304 -
180.162.232.172 - - [06/Jun/2020:09:29:28 +0800] "GET /xingrg/javascript/jquery.utils.js HTTP/1.1" 304 -
180.162.232.172 - - [06/Jun/2020:09:29:28 +0800] "GET /xingrg/javascript/jquery.timers.js HTTP/1.1" 304 -
180.162.232.172 - - [06/Jun/2020:09:29:28 +0800] "GET /xingrg/images/blue/jxLogo.png HTTP/1.1" 304 -
180.162.232.172 - - [06/Jun/2020:09:29:28 +0800] "GET /xingrg/images/blue/navBackgound.jpg HTTP/1.1" 304 -
180.162.232.172 - - [06/Jun/2020:09:29:28 +0800] "GET /xingrg/javascript/jquery_easy_ui/themes/icons/settle_new.png HTTP/1.1" 304 -
180.162.232.172 - - [06/Jun/2020:09:29:28 +0800] "POST /xingrg/all/common/load_tree.html?tree=area_rest_tree_json&manage=1 HTTP/1.1" 200 476
180.162.232.172 - - [06/Jun/2020:09:29:28 +0800] "GET /xingrg/all/function/internal_message.html?_=1591406966331&CODE_STATE=count HTTP/1.1" 200 11
180.162.232.172 - - [06/Jun/2020:09:29:28 +0800] "GET /xingrg/check_reg.html?_=1591406966332 HTTP/1.1" 200 22
180.162.232.172 - - [06/Jun/2020:09:29:28 +0800] "GET /xingrg/images/blue/pingpu.png HTTP/1.1" 304 -
180.162.232.172 - - [06/Jun/2020:09:29:28 +0800] "GET /xingrg/javascript/jquery_easy_ui/themes/default/images/tabs_rightarrow.png HTTP/1.1" 304 -
180.162.232.172 - - [06/Jun/2020:09:29:28 +0800] "GET /xingrg/javascript/jquery_easy_ui/themes/default/images/panel_tool_collapse.gif HTTP/1.1" 304 -
180.162.232.172 - - [06/Jun/2020:09:29:28 +0800] "GET /xingrg/javascript/jquery_easy_ui/themes/default/images/tabs_leftarrow.png HTTP/1.1" 304 -
180.162.232.172 - - [06/Jun/2020:09:29:28 +0800] "POST /xingrg/load_menu.html HTTP/1.1" 200 5138
222.69.139.86 - - [06/Jun/2020:09:29:31 +0800] "GET /xingrg/all/function/internal_message.html?_=1591406961195&CODE_STATE=getMsg HTTP/1.1" 200 27
172.17.0.185 - - [06/Jun/2020:09:29:31 +0800] "GET /xingrg/all/function/internal_message.html?_=1591406969336&CODE_STATE=getMsg HTTP/1.1" 200 27
180.162.102.27 - - [06/Jun/2020:09:29:31 +0800] "GET /xingrg/all/function/internal_message.html?_=1591406358749&CODE_STATE=getMsg HTTP/1.1" 200 27
114.86.229.251 - - [06/Jun/2020:09:29:32 +0800] "GET /xingrg/kc/buy/cgsh_order_operate.html?command=get_materiel&rest_code=00109&code=00101008230&supplier_code=00100005&order_time=2020-06-06 HTTP/1.1" 200 408
114.86.190.97 - - [06/Jun/2020:09:29:33 +0800] "GET /xingrg/all/function/internal_message.html?_=1591406975851&CODE_STATE=getMsg HTTP/1.1" 200 27
114.86.190.97 - - [06/Jun/2020:09:29:33 +0800] "GET /xingrg/check_reg.html?_=1591406975866 HTTP/1.1" 200 22
172.17.0.115 - - [06/Jun/2020:09:29:36 +0800] "GET /xingrg/check_reg.html?_=1591406992957 HTTP/1.1" 200 22
114.86.229.251 - - [06/Jun/2020:09:29:36 +0800] "GET /xingrg/kc/buy/cgsh_order_operate.html?command=get_materiel&rest_code=00109&code=00101008069&supplier_code=00100005&order_time=2020-06-06 HTTP/1.1" 200 412
180.175.212.199 - - [06/Jun/2020:09:29:36 +0800] "GET /xingrg/all/function/internal_message.html?_=1591407179846&CODE_STATE=getMsg HTTP/1.1" 200 27
180.162.232.172 - - [06/Jun/2020:09:29:40 +0800] "GET /xingrg/kc/buy/cgsh_order_add.html HTTP/1.1" 200 58670
61.172.5.115 - - [06/Jun/2020:09:29:40 +0800] "GET /xingrg/all/function/internal_message.html?_=1591406981331&CODE_STATE=getMsg HTTP/1.1" 302 -
180.162.232.172 - - [06/Jun/2020:09:29:40 +0800] "POST /xingrg/kc/buy/cgsh_order_operate.html HTTP/1.1" 200 8245
180.162.232.172 - - [06/Jun/2020:09:29:40 +0800] "GET /xingrg/javascript/easyui/themes/default/validatebox.css HTTP/1.1" 404 1104
114.86.229.251 - - [06/Jun/2020:09:29:44 +0800] "GET /xingrg/kc/buy/cgsh_order_operate.html?command=get_materiel&rest_code=00109&code=00101008006&supplier_code=00100005&order_time=2020-06-06 HTTP/1.1" 200 416
180.162.232.172 - - [06/Jun/2020:09:29:46 +0800] "GET /xingrg/kc/buy/cgsh_order_list.html HTTP/1.1" 200 43000
116.230.77.149 - - [06/Jun/2020:09:29:46 +0800] "GET /xingrg/kc/buy/cgsh_order_operate.html?command=get_materiel&rest_code=00107&code=00101016010&supplier_code=00100033&order_time=2020-06-06 HTTP/1.1" 200 408
180.162.232.172 - - [06/Jun/2020:09:29:48 +0800] "POST /xingrg/kc/buy/cgsh_list_operate.html HTTP/1.1" 200 2077
114.84.33.255 - - [06/Jun/2020:09:29:49 +0800] "GET /xingrg/all/function/internal_message.html?_=1591407009483&CODE_STATE=getMsg HTTP/1.1" 200 27
114.86.229.251 - - [06/Jun/2020:09:29:49 +0800] "GET /xingrg/kc/buy/cgsh_order_operate.html?command=get_materiel&rest_code=00109&code=00101008036&supplier_code=00100005&order_time=2020-06-06 HTTP/1.1" 200 408
180.162.232.172 - - [06/Jun/2020:09:29:49 +0800] "GET /xingrg/kc/buy/cgsh_order_operate.html?command=get_materiel&rest_code=00150&code=00101009001&supplier_code=00100096&order_time=2020-06-06 HTTP/1.1" 200 437
58.40.7.146 - - [06/Jun/2020:09:29:49 +0800] "GET /xingrg/all/function/internal_message.html?_=1591406987802&CODE_STATE=getMsg HTTP/1.1" 200 27
172.17.0.115 - - [06/Jun/2020:09:29:49 +0800] "GET /xingrg/all/function/internal_message.html?_=1591407006872&CODE_STATE=getMsg HTTP/1.1" 200 27
180.162.232.172 - - [06/Jun/2020:09:29:50 +0800] "GET /xingrg/kc/buy/cgsh_order_add.html HTTP/1.1" 200 58376
180.162.232.172 - - [06/Jun/2020:09:29:51 +0800] "POST /xingrg/kc/buy/cgsh_order_operate.html HTTP/1.1" 200 8245
180.162.232.172 - - [06/Jun/2020:09:29:51 +0800] "GET /xingrg/javascript/easyui/themes/default/validatebox.css HTTP/1.1" 404 1104
116.230.77.149 - - [06/Jun/2020:09:29:51 +0800] "GET /xingrg/all/function/internal_message.html?_=1591406990033&CODE_STATE=getMsg HTTP/1.1" 200 27
116.230.77.149 - - [06/Jun/2020:09:29:51 +0800] "GET /xingrg/check_reg.html?_=1591406990039 HTTP/1.1" 200 22
114.86.229.251 - - [06/Jun/2020:09:29:51 +0800] "POST /xingrg/kc/buy/cgsh_order_operate.html HTTP/1.1" 200 2065
180.162.232.172 - - [06/Jun/2020:09:29:53 +0800] "GET /xingrg/javascript/auto/indicator.gif HTTP/1.1" 404 1066
116.230.77.149 - - [06/Jun/2020:09:29:57 +0800] "GET /xingrg/kc/buy/cgsh_order_operate.html?command=get_materiel&rest_code=00107&code=00101012030&supplier_code=00100033&order_time=2020-06-06 HTTP/1.1" 200 416
114.86.229.251 - - [06/Jun/2020:09:29:58 +0800] "GET /xingrg/kc/buy/cgsh_order_operate.html?command=get_materiel&rest_code=00109&code=00101008318&supplier_code=00100005&order_time=2020-06-06 HTTP/1.1" 200 408
172.17.0.101 - - [06/Jun/2020:09:29:59 +0800] "GET /xingrg/all/function/internal_message.html?_=1591406998885&CODE_STATE=getMsg HTTP/1.1" 200 27
114.88.170.9 - - [06/Jun/2020:09:30:00 +0800] "GET /xingrg/all/function/internal_message.html?_=1591406998313&CODE_STATE=getMsg HTTP/1.1" 200 27
180.162.232.172 - - [06/Jun/2020:09:30:01 +0800] "GET /xingrg/kc/buy/cgsh_order_operate.html?command=get_materiel&rest_code=00151&code=00101012070&supplier_code=00100036&order_time=2020-06-06 HTTP/1.1" 200 398
180.175.212.199 - - [06/Jun/2020:09:30:02 +0800] "GET /xingrg/kc/buy/cgsh_order_operate.html?command=get_materiel&rest_code=00102&code=00101006134&supplier_code=00100011&order_time=2020-06-06 HTTP/1.1" 200 417
114.86.229.251 - - [06/Jun/2020:09:30:04 +0800] "GET /xingrg/kc/buy/cgsh_order_operate.html?command=get_materiel&rest_code=00109&code=00101008352&supplier_code=00100005&order_time=2020-06-06 HTTP/1.1" 200 412
116.230.77.149 - - [06/Jun/2020:09:30:06 +0800] "GET /xingrg/all/function/internal_message.html?_=1591406156494&CODE_STATE=getMsg HTTP/1.1" 200 27
114.88.170.9 - - [06/Jun/2020:09:30:07 +0800] "GET /xingrg/all/function/internal_message.html?_=1591407001007&CODE_STATE=getMsg HTTP/1.1" 200 27
116.230.77.149 - - [06/Jun/2020:09:30:07 +0800] "GET /xingrg/kc/buy/cgsh_order_operate.html?command=get_materiel&rest_code=00107&code=00101016017&supplier_code=00100033&order_time=2020-06-06 HTTP/1.1" 200 408
114.86.229.251 - - [06/Jun/2020:09:30:09 +0800] "GET /xingrg/kc/buy/cgsh_order_operate.html?command=get_materiel&rest_code=00109&code=00101008098&supplier_code=00100005&order_time=2020-06-06 HTTP/1.1" 200 412
180.162.232.172 - - [06/Jun/2020:09:30:10 +0800] "GET /xingrg/all/function/internal_message.html?_=1591407141279&CODE_STATE=getMsg HTTP/1.1" 200 27
180.162.232.172 - - [06/Jun/2020:09:30:13 +0800] "GET /xingrg/kc/buy/cgsh_order_operate.html?command=get_materiel&rest_code=00151&code=00101016033&supplier_code=00100036&order_time=2020-06-06 HTTP/1.1" 200 412
114.86.229.251 - - [06/Jun/2020:09:30:15 +0800] "GET /xingrg/kc/buy/cgsh_order_operate.html?command=get_materiel&rest_code=00109&code=00101008005&supplier_code=00100005&order_time=2020-06-06 HTTP/1.1" 200 412
117.184.7.30 - - [06/Jun/2020:09:30:17 +0800] "GET /xingrg/all/function/internal_message.html?_=1591407005106&CODE_STATE=getMsg HTTP/1.1" 200 27
114.86.229.251 - - [06/Jun/2020:09:30:22 +0800] "GET /xingrg/kc/buy/cgsh_order_operate.html?command=get_materiel&rest_code=00109&code=00101008271&supplier_code=00100005&order_time=2020-06-06 HTTP/1.1" 200 408
180.175.212.199 - - [06/Jun/2020:09:30:22 +0800] "GET /xingrg/kc/buy/cgsh_order_operate.html?command=get_materiel&rest_code=00102&code=00101006133&supplier_code=00100011&order_time=2020-06-06 HTTP/1.1" 200 413
172.17.0.110 - - [06/Jun/2020:09:30:22 +0800] "GET /xingrg/all/function/internal_message.html?_=1591407020030&CODE_STATE=getMsg HTTP/1.1" 200 27
114.86.229.251 - - [06/Jun/2020:09:30:23 +0800] "GET /xingrg/all/function/internal_message.html?_=1591407341157&CODE_STATE=getMsg HTTP/1.1" 200 27
114.86.229.251 - - [06/Jun/2020:09:30:23 +0800] "POST /xingrg/kc/buy/cgsh_order_operate.html HTTP/1.1" 200 2065
120.253.135.82 - - [06/Jun/2020:09:30:26 +0800] "GET /xingrg/all/function/internal_message.html?_=1591406779573&CODE_STATE=getMsg HTTP/1.1" 200 27
180.162.232.172 - - [06/Jun/2020:09:30:26 +0800] "GET /xingrg/kc/buy/cgsh_order_operate.html?command=get_materiel&rest_code=00150&code=00101009019&supplier_code=00100096&order_time=2020-06-06 HTTP/1.1" 200 412
114.84.33.255 - - [06/Jun/2020:09:30:26 +0800] "GET /xingrg/all/function/internal_message.html?_=1591407042527&CODE_STATE=getMsg HTTP/1.1" 200 27
114.86.229.251 - - [06/Jun/2020:09:30:28 +0800] "GET /xingrg/kc/buy/cgsh_order_operate.html?command=get_materiel&rest_code=00109&code=00101008353&supplier_code=00100005&order_time=2020-06-06 HTTP/1.1" 200 408
61.172.5.115 - - [06/Jun/2020:09:30:28 +0800] "GET /xingrg/all/function/internal_message.html?_=1591407029051&CODE_STATE=getMsg HTTP/1.1" 200 27
61.172.5.115 - - [06/Jun/2020:09:30:28 +0800] "GET /xingrg/check_reg.html?_=1591407029397 HTTP/1.1" 200 22
180.162.232.172 - - [06/Jun/2020:09:30:28 +0800] "GET /xingrg/all/function/internal_message.html?_=1591407026340&CODE_STATE=getMsg HTTP/1.1" 200 27
222.69.139.86 - - [06/Jun/2020:09:30:31 +0800] "GET /xingrg/all/function/internal_message.html?_=1591407021174&CODE_STATE=getMsg HTTP/1.1" 200 27
172.17.0.185 - - [06/Jun/2020:09:30:31 +0800] "GET /xingrg/all/function/internal_message.html?_=1591407029325&CODE_STATE=getMsg HTTP/1.1" 200 27
180.162.102.27 - - [06/Jun/2020:09:30:31 +0800] "GET /xingrg/all/function/internal_message.html?_=1591406418748&CODE_STATE=getMsg HTTP/1.1" 200 27
