120.253.135.82 - - [06/Jun/2020:06:41:57 +0800] "GET /xingrg/dwr/interface/AjaxComOrderService.js HTTP/1.1" 200 18264
120.253.135.82 - - [06/Jun/2020:06:41:57 +0800] "GET /xingrg/dwr/engine.js HTTP/1.1" 200 43631
120.253.135.82 - - [06/Jun/2020:06:41:58 +0800] "POST /xingrg/dwr/call/plaincall/AjaxQqpsService.loadMaterielItems.dwr HTTP/1.1" 200 4117
120.253.135.82 - - [06/Jun/2020:06:42:12 +0800] "GET /xingrg/images/yd/bt.gif HTTP/1.1" 404 1040
120.253.135.82 - - [06/Jun/2020:06:42:12 +0800] "GET /xingrg/images/yd/bt2.gif HTTP/1.1" 404 1042
120.253.135.82 - - [06/Jun/2020:06:42:18 +0800] "GET /xingrg/kc/pszx/mdqp_order_list.html?isBack=1 HTTP/1.1" 302 -
120.253.135.82 - - [06/Jun/2020:06:42:18 +0800] "GET /xingrg/kc/pszx/mdqp_order_list.html?state=10&page_num=2 HTTP/1.1" 200 11901
120.253.135.82 - - [06/Jun/2020:06:42:18 +0800] "GET /xingrg/dwr/interface/AjaxReportQueryService.js HTTP/1.1" 200 13203
120.253.135.82 - - [06/Jun/2020:06:42:18 +0800] "GET /xingrg/dwr/interface/AjaxQqpsService.js HTTP/1.1" 200 16326
120.253.135.82 - - [06/Jun/2020:06:42:18 +0800] "GET /xingrg/dwr/engine.js HTTP/1.1" 200 43631
180.162.232.172 - - [06/Jun/2020:06:42:25 +0800] "GET /xingrg/all/function/internal_message.html?_=1591396942770&CODE_STATE=getMsg HTTP/1.1" 200 27
172.17.0.185 - - [06/Jun/2020:06:42:31 +0800] "GET /xingrg/all/function/internal_message.html?_=1591396949333&CODE_STATE=getMsg HTTP/1.1" 200 27
172.17.0.185 - - [06/Jun/2020:06:42:31 +0800] "GET /xingrg/check_reg.html?_=1591396949334 HTTP/1.1" 200 22
120.253.135.82 - - [06/Jun/2020:06:42:35 +0800] "GET /xingrg/kc/pszx/jzcl_ps.html HTTP/1.1" 200 7683
120.253.135.82 - - [06/Jun/2020:06:42:35 +0800] "POST /xingrg/all/common/load_tree.html?tree=area_rest_tree_json HTTP/1.1" 200 3088
120.253.135.82 - - [06/Jun/2020:06:42:35 +0800] "POST /xingrg/kc/pszx/jzcl_ps_operate.html HTTP/1.1" 200 7981
120.253.135.82 - - [06/Jun/2020:06:42:35 +0800] "POST /xingrg/kc/pszx/jzcl_ps_operate.html HTTP/1.1" 200 7981
180.162.232.172 - - [06/Jun/2020:06:42:38 +0800] "GET /xingrg/all/function/internal_message.html?_=1591397089479&CODE_STATE=getMsg HTTP/1.1" 200 27
61.172.5.115 - - [06/Jun/2020:06:42:40 +0800] "GET /xingrg/all/function/internal_message.html?_=1591396961039&CODE_STATE=getMsg HTTP/1.1" 302 -
114.84.33.255 - - [06/Jun/2020:06:42:43 +0800] "GET /xingrg/all/function/internal_message.html?_=1591396983569&CODE_STATE=getMsg HTTP/1.1" 200 27
172.17.0.115 - - [06/Jun/2020:06:42:47 +0800] "GET /xingrg/all/function/internal_message.html?_=1591396984515&CODE_STATE=getMsg HTTP/1.1" 200 27
58.40.7.146 - - [06/Jun/2020:06:42:49 +0800] "GET /xingrg/all/function/internal_message.html?_=1591396967665&CODE_STATE=getMsg HTTP/1.1" 200 27
172.17.0.110 - - [06/Jun/2020:06:42:51 +0800] "GET /xingrg/all/function/internal_message.html?_=1591396967840&CODE_STATE=getMsg HTTP/1.1" 200 27
116.230.77.149 - - [06/Jun/2020:06:42:51 +0800] "GET /xingrg/all/function/internal_message.html?_=1591396970037&CODE_STATE=getMsg HTTP/1.1" 200 27
120.253.135.82 - - [06/Jun/2020:06:42:53 +0800] "GET /xingrg/all/function/internal_message.html?_=1591396726900&CODE_STATE=getMsg HTTP/1.1" 200 27
114.88.170.9 - - [06/Jun/2020:06:42:53 +0800] "GET /xingrg/all/function/internal_message.html?_=1591396967584&CODE_STATE=getMsg HTTP/1.1" 200 27
120.253.135.82 - - [06/Jun/2020:06:42:57 +0800] "POST /xingrg/kc/pszx/jzcl_ps_operate.html HTTP/1.1" 200 4
120.253.135.82 - - [06/Jun/2020:06:42:58 +0800] "GET /xingrg/kc/pszx/mdps_order_list.html HTTP/1.1" 200 20967
120.253.135.82 - - [06/Jun/2020:06:42:58 +0800] "POST /xingrg/kc/pszx/jzcl_ps_operate.html HTTP/1.1" 200 7153
120.253.135.82 - - [06/Jun/2020:06:42:59 +0800] "POST /xingrg/kc/pszx/mdps_list_operate.html HTTP/1.1" 200 5392
120.253.135.82 - - [06/Jun/2020:06:43:02 +0800] "GET /xingrg/kc/pszx/mdps_order_list.html?orderType=0 HTTP/1.1" 200 20967
120.253.135.82 - - [06/Jun/2020:06:43:02 +0800] "POST /xingrg/kc/pszx/mdps_list_operate.html HTTP/1.1" 200 5392
120.253.135.82 - - [06/Jun/2020:06:43:04 +0800] "GET /xingrg/kc/pszx/jzcl_ps.html HTTP/1.1" 200 7683
120.253.135.82 - - [06/Jun/2020:06:43:04 +0800] "POST /xingrg/all/common/load_tree.html?tree=area_rest_tree_json HTTP/1.1" 200 3088
120.253.135.82 - - [06/Jun/2020:06:43:04 +0800] "POST /xingrg/kc/pszx/jzcl_ps_operate.html HTTP/1.1" 200 7153
120.253.135.82 - - [06/Jun/2020:06:43:04 +0800] "POST /xingrg/kc/pszx/jzcl_ps_operate.html HTTP/1.1" 200 7153
120.253.135.82 - - [06/Jun/2020:06:43:11 +0800] "POST /xingrg/kc/pszx/jzcl_ps_operate.html HTTP/1.1" 200 4
120.253.135.82 - - [06/Jun/2020:06:43:11 +0800] "GET /xingrg/javascript/step/images/navBtn.gif HTTP/1.1" 200 361
117.131.5.26 - - [06/Jun/2020:06:43:11 +0800] "GET /xingrg/check_reg.html?_=1591396998742 HTTP/1.1" 200 22
120.253.135.82 - - [06/Jun/2020:06:43:14 +0800] "GET /xingrg/kc/pszx/mdps_order_list.html HTTP/1.1" 200 20967
120.253.135.82 - - [06/Jun/2020:06:43:15 +0800] "POST /xingrg/kc/pszx/mdps_list_operate.html HTTP/1.1" 200 5405
120.253.135.82 - - [06/Jun/2020:06:43:17 +0800] "GET /xingrg/kc/pszx/jzcl_ps.html HTTP/1.1" 200 7683
120.253.135.82 - - [06/Jun/2020:06:43:17 +0800] "POST /xingrg/all/common/load_tree.html?tree=area_rest_tree_json HTTP/1.1" 200 3088
120.253.135.82 - - [06/Jun/2020:06:43:17 +0800] "POST /xingrg/kc/pszx/jzcl_ps_operate.html HTTP/1.1" 200 6771
120.253.135.82 - - [06/Jun/2020:06:43:18 +0800] "POST /xingrg/kc/pszx/jzcl_ps_operate.html HTTP/1.1" 200 6771
120.253.135.82 - - [06/Jun/2020:06:43:23 +0800] "POST /xingrg/kc/pszx/jzcl_ps_operate.html HTTP/1.1" 200 4
120.253.135.82 - - [06/Jun/2020:06:43:23 +0800] "GET /xingrg/javascript/step/images/navBtn.gif HTTP/1.1" 200 361
180.162.232.172 - - [06/Jun/2020:06:43:25 +0800] "GET /xingrg/all/function/internal_message.html?_=1591397002768&CODE_STATE=getMsg HTTP/1.1" 200 27
120.253.135.82 - - [06/Jun/2020:06:43:25 +0800] "GET /xingrg/kc/pszx/mdps_order_list.html HTTP/1.1" 200 20967
120.253.135.82 - - [06/Jun/2020:06:43:25 +0800] "POST /xingrg/kc/pszx/mdps_list_operate.html HTTP/1.1" 200 5405
114.84.33.255 - - [06/Jun/2020:06:43:30 +0800] "GET /xingrg/check_reg.html?_=1591397030677 HTTP/1.1" 200 22
172.17.0.185 - - [06/Jun/2020:06:43:31 +0800] "GET /xingrg/all/function/internal_message.html?_=1591397009338&CODE_STATE=getMsg HTTP/1.1" 200 27
120.253.135.82 - - [06/Jun/2020:06:43:32 +0800] "GET /xingrg/kc/pszx/mdqp_order_list.html?state=10 HTTP/1.1" 200 16139
120.253.135.82 - - [06/Jun/2020:06:43:32 +0800] "GET /xingrg/dwr/interface/AjaxQqpsService.js HTTP/1.1" 200 16326
120.253.135.82 - - [06/Jun/2020:06:43:32 +0800] "GET /xingrg/dwr/interface/AjaxReportQueryService.js HTTP/1.1" 200 13203
120.253.135.82 - - [06/Jun/2020:06:43:32 +0800] "GET /xingrg/dwr/engine.js HTTP/1.1" 200 43631
180.162.232.172 - - [06/Jun/2020:06:43:38 +0800] "GET /xingrg/all/function/internal_message.html?_=1591397149500&CODE_STATE=getMsg HTTP/1.1" 200 27
120.253.135.82 - - [06/Jun/2020:06:43:38 +0800] "GET /xingrg/kc/pszx/mdqp_order_info.html?code=302020060500102 HTTP/1.1" 200 13338
120.253.135.82 - - [06/Jun/2020:06:43:39 +0800] "GET /xingrg/dwr/interface/AjaxComOrderService.js HTTP/1.1" 200 18264
120.253.135.82 - - [06/Jun/2020:06:43:39 +0800] "GET /xingrg/dwr/interface/AjaxQqpsService.js HTTP/1.1" 200 16326
120.253.135.82 - - [06/Jun/2020:06:43:39 +0800] "GET /xingrg/dwr/engine.js HTTP/1.1" 200 43631
120.253.135.82 - - [06/Jun/2020:06:43:39 +0800] "POST /xingrg/dwr/call/plaincall/AjaxQqpsService.loadMaterielItems.dwr HTTP/1.1" 200 4440
61.172.5.115 - - [06/Jun/2020:06:43:40 +0800] "GET /xingrg/all/function/internal_message.html?_=1591397021054&CODE_STATE=getMsg HTTP/1.1" 302 -
114.84.33.255 - - [06/Jun/2020:06:43:43 +0800] "GET /xingrg/all/function/internal_message.html?_=1591397043577&CODE_STATE=getMsg HTTP/1.1" 200 27
120.253.135.82 - - [06/Jun/2020:06:43:47 +0800] "GET /xingrg/images/yd/bt.gif HTTP/1.1" 404 1040
120.253.135.82 - - [06/Jun/2020:06:43:47 +0800] "GET /xingrg/images/yd/bt2.gif HTTP/1.1" 404 1042
172.17.0.115 - - [06/Jun/2020:06:43:47 +0800] "GET /xingrg/all/function/internal_message.html?_=1591397044531&CODE_STATE=getMsg HTTP/1.1" 200 27
58.40.7.146 - - [06/Jun/2020:06:43:49 +0800] "GET /xingrg/all/function/internal_message.html?_=1591397027668&CODE_STATE=getMsg HTTP/1.1" 200 27
172.17.0.110 - - [06/Jun/2020:06:43:50 +0800] "GET /xingrg/all/function/internal_message.html?_=1591397027798&CODE_STATE=getMsg HTTP/1.1" 200 27
116.230.77.149 - - [06/Jun/2020:06:43:51 +0800] "GET /xingrg/all/function/internal_message.html?_=1591397030028&CODE_STATE=getMsg HTTP/1.1" 200 27
120.253.135.82 - - [06/Jun/2020:06:43:52 +0800] "GET /xingrg/check_reg.html?_=1591396786539 HTTP/1.1" 200 22
120.253.135.82 - - [06/Jun/2020:06:43:53 +0800] "GET /xingrg/all/function/internal_message.html?_=1591396786914&CODE_STATE=getMsg HTTP/1.1" 200 27
114.88.170.9 - - [06/Jun/2020:06:43:53 +0800] "GET /xingrg/all/function/internal_message.html?_=1591397027767&CODE_STATE=getMsg HTTP/1.1" 200 27
120.253.135.82 - - [06/Jun/2020:06:43:57 +0800] "GET /xingrg/kc/pszx/mdqp_order_list.html?isBack=1 HTTP/1.1" 302 -
120.253.135.82 - - [06/Jun/2020:06:43:57 +0800] "GET /xingrg/kc/pszx/mdqp_order_list.html?state=10 HTTP/1.1" 200 16139
120.253.135.82 - - [06/Jun/2020:06:43:57 +0800] "GET /xingrg/dwr/interface/AjaxReportQueryService.js HTTP/1.1" 200 13203
120.253.135.82 - - [06/Jun/2020:06:43:57 +0800] "GET /xingrg/dwr/interface/AjaxQqpsService.js HTTP/1.1" 200 16326
120.253.135.82 - - [06/Jun/2020:06:43:57 +0800] "GET /xingrg/dwr/engine.js HTTP/1.1" 200 43631
120.253.135.82 - - [06/Jun/2020:06:44:00 +0800] "GET /xingrg/kc/pszx/mdqp_order_info.html?code=302020060500103 HTTP/1.1" 200 13338
120.253.135.82 - - [06/Jun/2020:06:44:00 +0800] "GET /xingrg/dwr/interface/AjaxComOrderService.js HTTP/1.1" 200 18264
120.253.135.82 - - [06/Jun/2020:06:44:00 +0800] "GET /xingrg/dwr/interface/AjaxQqpsService.js HTTP/1.1" 200 16326
120.253.135.82 - - [06/Jun/2020:06:44:00 +0800] "GET /xingrg/dwr/engine.js HTTP/1.1" 200 43631
120.253.135.82 - - [06/Jun/2020:06:44:00 +0800] "POST /xingrg/dwr/call/plaincall/AjaxQqpsService.loadMaterielItems.dwr HTTP/1.1" 200 2343
180.162.232.172 - - [06/Jun/2020:06:44:25 +0800] "GET /xingrg/all/function/internal_message.html?_=1591397062769&CODE_STATE=getMsg HTTP/1.1" 200 27
172.17.0.185 - - [06/Jun/2020:06:44:31 +0800] "GET /xingrg/all/function/internal_message.html?_=1591397069327&CODE_STATE=getMsg HTTP/1.1" 200 27
120.253.135.82 - - [06/Jun/2020:06:44:32 +0800] "GET /xingrg/images/yd/bt.gif HTTP/1.1" 404 1040
120.253.135.82 - - [06/Jun/2020:06:44:33 +0800] "GET /xingrg/kc/pszx/mdqp_order_list.html?isBack=1 HTTP/1.1" 302 -
120.253.135.82 - - [06/Jun/2020:06:44:33 +0800] "GET /xingrg/kc/pszx/mdqp_order_list.html?state=10 HTTP/1.1" 200 16139
120.253.135.82 - - [06/Jun/2020:06:44:33 +0800] "GET /xingrg/dwr/interface/AjaxReportQueryService.js HTTP/1.1" 200 13203
120.253.135.82 - - [06/Jun/2020:06:44:33 +0800] "GET /xingrg/dwr/interface/AjaxQqpsService.js HTTP/1.1" 200 16326
120.253.135.82 - - [06/Jun/2020:06:44:33 +0800] "GET /xingrg/dwr/engine.js HTTP/1.1" 200 43631
172.17.0.115 - - [06/Jun/2020:06:44:36 +0800] "GET /xingrg/check_reg.html?_=1591397092744 HTTP/1.1" 200 22
120.253.135.82 - - [06/Jun/2020:06:44:37 +0800] "GET /xingrg/kc/pszx/jzcl_ps.html HTTP/1.1" 200 7683
120.253.135.82 - - [06/Jun/2020:06:44:38 +0800] "POST /xingrg/all/common/load_tree.html?tree=area_rest_tree_json HTTP/1.1" 200 3088
120.253.135.82 - - [06/Jun/2020:06:44:38 +0800] "POST /xingrg/kc/pszx/jzcl_ps_operate.html HTTP/1.1" 200 6318
120.253.135.82 - - [06/Jun/2020:06:44:38 +0800] "POST /xingrg/kc/pszx/jzcl_ps_operate.html HTTP/1.1" 200 6318
180.162.232.172 - - [06/Jun/2020:06:44:38 +0800] "GET /xingrg/all/function/internal_message.html?_=1591397209506&CODE_STATE=getMsg HTTP/1.1" 200 27
61.172.5.115 - - [06/Jun/2020:06:44:40 +0800] "GET /xingrg/all/function/internal_message.html?_=1591397081054&CODE_STATE=getMsg HTTP/1.1" 302 -
114.84.33.255 - - [06/Jun/2020:06:44:43 +0800] "GET /xingrg/all/function/internal_message.html?_=1591397103591&CODE_STATE=getMsg HTTP/1.1" 200 27
172.17.0.115 - - [06/Jun/2020:06:44:47 +0800] "GET /xingrg/all/function/internal_message.html?_=1591397104538&CODE_STATE=getMsg HTTP/1.1" 200 27
58.40.7.146 - - [06/Jun/2020:06:44:49 +0800] "GET /xingrg/all/function/internal_message.html?_=1591397087672&CODE_STATE=getMsg HTTP/1.1" 200 27
120.253.135.82 - - [06/Jun/2020:06:44:50 +0800] "POST /xingrg/kc/pszx/jzcl_ps_operate.html HTTP/1.1" 200 4
172.17.0.110 - - [06/Jun/2020:06:44:50 +0800] "GET /xingrg/all/function/internal_message.html?_=1591397087791&CODE_STATE=getMsg HTTP/1.1" 200 27
116.230.77.149 - - [06/Jun/2020:06:44:51 +0800] "GET /xingrg/all/function/internal_message.html?_=1591397090033&CODE_STATE=getMsg HTTP/1.1" 200 27
116.230.77.149 - - [06/Jun/2020:06:44:51 +0800] "GET /xingrg/check_reg.html?_=1591397090039 HTTP/1.1" 200 22
120.253.135.82 - - [06/Jun/2020:06:44:51 +0800] "GET /xingrg/kc/pszx/mdps_order_list.html HTTP/1.1" 200 20967
120.253.135.82 - - [06/Jun/2020:06:44:51 +0800] "POST /xingrg/kc/pszx/mdps_list_operate.html HTTP/1.1" 200 5464
120.253.135.82 - - [06/Jun/2020:06:44:53 +0800] "GET /xingrg/all/function/internal_message.html?_=1591396846927&CODE_STATE=getMsg HTTP/1.1" 200 27
114.88.170.9 - - [06/Jun/2020:06:44:53 +0800] "GET /xingrg/all/function/internal_message.html?_=1591397087768&CODE_STATE=getMsg HTTP/1.1" 200 27
120.253.135.82 - - [06/Jun/2020:06:44:59 +0800] "POST /xingrg/kc/pszx/mdps_list_operate.html HTTP/1.1" 200 4951
120.253.135.82 - - [06/Jun/2020:06:45:02 +0800] "POST /xingrg/kc/pszx/mdps_list_operate.html HTTP/1.1" 200 205
120.253.135.82 - - [06/Jun/2020:06:45:04 +0800] "GET /xingrg/kc/pszx/mdps_order_info.html?code=312020060300087 HTTP/1.1" 200 23849
120.253.135.82 - - [06/Jun/2020:06:45:04 +0800] "POST /xingrg/kc/pszx/mdps_order_operate.html HTTP/1.1" 200 2281
120.253.135.82 - - [06/Jun/2020:06:45:04 +0800] "GET /xingrg/javascript/easyui/themes/default/validatebox.css HTTP/1.1" 404 1104
120.253.135.82 - - [06/Jun/2020:06:45:16 +0800] "POST /xingrg/kc/pszx/mdps_order_operate.html HTTP/1.1" 200 37
120.253.135.82 - - [06/Jun/2020:06:45:16 +0800] "GET /xingrg/kc/pszx/mdps_order_info.html?code=312020060300087 HTTP/1.1" 200 23849
120.253.135.82 - - [06/Jun/2020:06:45:17 +0800] "POST /xingrg/kc/pszx/mdps_order_operate.html HTTP/1.1" 200 2281
120.253.135.82 - - [06/Jun/2020:06:45:17 +0800] "GET /xingrg/javascript/easyui/themes/default/validatebox.css HTTP/1.1" 404 1104
120.253.135.82 - - [06/Jun/2020:06:45:20 +0800] "GET /xingrg/kc/pszx/mdps_order_info.html?code=312020060300087 HTTP/1.1" 200 23849
120.253.135.82 - - [06/Jun/2020:06:45:21 +0800] "POST /xingrg/kc/pszx/mdps_order_operate.html HTTP/1.1" 200 2281
120.253.135.82 - - [06/Jun/2020:06:45:21 +0800] "GET /xingrg/javascript/easyui/themes/default/validatebox.css HTTP/1.1" 404 1104
120.253.135.82 - - [06/Jun/2020:06:45:22 +0800] "POST /xingrg/kc/pszx/mdps_list_operate.html HTTP/1.1" 200 4951
120.253.135.82 - - [06/Jun/2020:06:45:24 +0800] "POST /xingrg/kc/pszx/mdps_list_operate.html HTTP/1.1" 200 209
180.162.232.172 - - [06/Jun/2020:06:45:25 +0800] "GET /xingrg/check_reg.html?_=1591397122757 HTTP/1.1" 200 22
180.162.232.172 - - [06/Jun/2020:06:45:25 +0800] "GET /xingrg/all/function/internal_message.html?_=1591397122759&CODE_STATE=getMsg HTTP/1.1" 200 27
172.17.0.185 - - [06/Jun/2020:06:45:31 +0800] "GET /xingrg/all/function/internal_message.html?_=1591397129329&CODE_STATE=getMsg HTTP/1.1" 200 27
120.253.135.82 - - [06/Jun/2020:06:45:31 +0800] "POST /xingrg/kc/pszx/mdps_list_operate.html HTTP/1.1" 200 373
120.253.135.82 - - [06/Jun/2020:06:45:34 +0800] "POST /xingrg/kc/pszx/mdps_list_operate.html HTTP/1.1" 200 606
180.162.232.172 - - [06/Jun/2020:06:45:38 +0800] "GET /xingrg/all/function/internal_message.html?_=1591397269528&CODE_STATE=getMsg HTTP/1.1" 200 27
61.172.5.115 - - [06/Jun/2020:06:45:40 +0800] "GET /xingrg/all/function/internal_message.html?_=1591397141039&CODE_STATE=getMsg HTTP/1.1" 302 -
120.253.135.82 - - [06/Jun/2020:06:45:43 +0800] "POST /xingrg/kc/pszx/mdps_list_operate.html HTTP/1.1" 200 368
114.84.33.255 - - [06/Jun/2020:06:45:43 +0800] "GET /xingrg/all/function/internal_message.html?_=1591397163662&CODE_STATE=getMsg HTTP/1.1" 200 27
172.17.0.115 - - [06/Jun/2020:06:45:47 +0800] "GET /xingrg/all/function/internal_message.html?_=1591397164550&CODE_STATE=getMsg HTTP/1.1" 200 27
120.253.135.82 - - [06/Jun/2020:06:45:48 +0800] "POST /xingrg/kc/pszx/mdps_list_operate.html HTTP/1.1" 200 205
58.40.7.146 - - [06/Jun/2020:06:45:49 +0800] "GET /xingrg/all/function/internal_message.html?_=1591397147675&CODE_STATE=getMsg HTTP/1.1" 200 27
58.40.7.146 - - [06/Jun/2020:06:45:49 +0800] "GET /xingrg/check_reg.html?_=1591397147677 HTTP/1.1" 200 22
120.253.135.82 - - [06/Jun/2020:06:45:50 +0800] "GET /xingrg/kc/pszx/mdps_order_info.html?code=312020060300087 HTTP/1.1" 200 23849
120.253.135.82 - - [06/Jun/2020:06:45:50 +0800] "POST /xingrg/kc/pszx/mdps_order_operate.html HTTP/1.1" 200 2281
120.253.135.82 - - [06/Jun/2020:06:45:50 +0800] "GET /xingrg/javascript/easyui/themes/default/validatebox.css HTTP/1.1" 404 1104
172.17.0.110 - - [06/Jun/2020:06:45:51 +0800] "GET /xingrg/all/function/internal_message.html?_=1591397147806&CODE_STATE=getMsg HTTP/1.1" 200 27
116.230.77.149 - - [06/Jun/2020:06:45:51 +0800] "GET /xingrg/all/function/internal_message.html?_=1591397150028&CODE_STATE=getMsg HTTP/1.1" 200 27
120.253.135.82 - - [06/Jun/2020:06:45:53 +0800] "GET /xingrg/all/function/internal_message.html?_=1591396906941&CODE_STATE=getMsg HTTP/1.1" 200 27
114.88.170.9 - - [06/Jun/2020:06:45:54 +0800] "GET /xingrg/all/function/internal_message.html?_=1591397148007&CODE_STATE=getMsg HTTP/1.1" 200 27
120.253.135.82 - - [06/Jun/2020:06:45:54 +0800] "POST /xingrg/kc/pszx/mdps_list_operate.html HTTP/1.1" 200 4951
120.253.135.82 - - [06/Jun/2020:06:46:15 +0800] "POST /xingrg/kc/pszx/mdps_list_operate.html HTTP/1.1" 200 368
120.253.135.82 - - [06/Jun/2020:06:46:16 +0800] "GET /xingrg/kc/pszx/mdps_order_info.html?code=312020060600126 HTTP/1.1" 200 23843
120.253.135.82 - - [06/Jun/2020:06:46:16 +0800] "POST /xingrg/kc/pszx/mdps_order_operate.html HTTP/1.1" 200 3256
120.253.135.82 - - [06/Jun/2020:06:46:16 +0800] "GET /xingrg/javascript/easyui/themes/default/validatebox.css HTTP/1.1" 404 1104
120.253.135.82 - - [06/Jun/2020:06:46:22 +0800] "POST /xingrg/kc/pszx/mdps_order_operate.html HTTP/1.1" 200 37
120.253.135.82 - - [06/Jun/2020:06:46:23 +0800] "GET /xingrg/kc/pszx/mdps_order_info.html?code=312020060600126 HTTP/1.1" 200 23843
120.253.135.82 - - [06/Jun/2020:06:46:23 +0800] "GET /xingrg/javascript/easyui/themes/default/validatebox.css HTTP/1.1" 404 1104
120.253.135.82 - - [06/Jun/2020:06:46:23 +0800] "POST /xingrg/kc/pszx/mdps_order_operate.html HTTP/1.1" 200 3278
180.162.232.172 - - [06/Jun/2020:06:46:25 +0800] "GET /xingrg/all/function/internal_message.html?_=1591397182759&CODE_STATE=getMsg HTTP/1.1" 200 27
180.162.232.172 - - [06/Jun/2020:06:46:28 +0800] "GET /xingrg/check_reg.html?_=1591397318940 HTTP/1.1" 200 22
172.17.0.185 - - [06/Jun/2020:06:46:31 +0800] "GET /xingrg/all/function/internal_message.html?_=1591397189335&CODE_STATE=getMsg HTTP/1.1" 200 27
180.162.232.172 - - [06/Jun/2020:06:46:38 +0800] "GET /xingrg/all/function/internal_message.html?_=1591397329533&CODE_STATE=getMsg HTTP/1.1" 200 27
61.172.5.115 - - [06/Jun/2020:06:46:40 +0800] "GET /xingrg/check_reg.html?_=1591397201007 HTTP/1.1" 302 -
61.172.5.115 - - [06/Jun/2020:06:46:40 +0800] "GET /xingrg/all/function/internal_message.html?_=1591397201040&CODE_STATE=getMsg HTTP/1.1" 302 -
114.84.33.255 - - [06/Jun/2020:06:46:43 +0800] "GET /xingrg/all/function/internal_message.html?_=1591397223665&CODE_STATE=getMsg HTTP/1.1" 200 27
114.88.170.9 - - [06/Jun/2020:06:46:47 +0800] "GET /xingrg/check_reg.html?_=1591397201678 HTTP/1.1" 200 22
172.17.0.115 - - [06/Jun/2020:06:46:47 +0800] "GET /xingrg/all/function/internal_message.html?_=1591397224571&CODE_STATE=getMsg HTTP/1.1" 200 27
58.40.7.146 - - [06/Jun/2020:06:46:49 +0800] "GET /xingrg/all/function/internal_message.html?_=1591397207679&CODE_STATE=getMsg HTTP/1.1" 200 27
172.17.0.110 - - [06/Jun/2020:06:46:51 +0800] "GET /xingrg/all/function/internal_message.html?_=1591397207805&CODE_STATE=getMsg HTTP/1.1" 200 27
116.230.77.149 - - [06/Jun/2020:06:46:51 +0800] "GET /xingrg/all/function/internal_message.html?_=1591397210037&CODE_STATE=getMsg HTTP/1.1" 200 27
172.17.0.110 - - [06/Jun/2020:06:46:51 +0800] "GET /xingrg/check_reg.html?_=1591397208047 HTTP/1.1" 200 22
120.253.135.82 - - [06/Jun/2020:06:46:53 +0800] "GET /xingrg/all/function/internal_message.html?_=1591396966954&CODE_STATE=getMsg HTTP/1.1" 200 27
114.88.170.9 - - [06/Jun/2020:06:46:54 +0800] "GET /xingrg/all/function/internal_message.html?_=1591397208013&CODE_STATE=getMsg HTTP/1.1" 200 27
120.253.135.82 - - [06/Jun/2020:06:46:56 +0800] "POST /xingrg/kc/pszx/mdps_list_operate.html HTTP/1.1" 200 4951
120.253.135.82 - - [06/Jun/2020:06:46:58 +0800] "POST /xingrg/kc/pszx/mdps_list_operate.html HTTP/1.1" 200 209
120.253.135.82 - - [06/Jun/2020:06:47:00 +0800] "GET /xingrg/kc/pszx/mdps_order_info.html?code=312020060400093 HTTP/1.1" 200 23839
120.253.135.82 - - [06/Jun/2020:06:47:00 +0800] "GET /xingrg/javascript/easyui/themes/default/validatebox.css HTTP/1.1" 404 1104
120.253.135.82 - - [06/Jun/2020:06:47:00 +0800] "POST /xingrg/kc/pszx/mdps_order_operate.html HTTP/1.1" 200 2302
120.253.135.82 - - [06/Jun/2020:06:47:13 +0800] "GET /xingrg/css/images/panel_loading.gif HTTP/1.1" 200 1737
120.253.135.82 - - [06/Jun/2020:06:47:13 +0800] "POST /xingrg/all/common/load_combo.html?type=base HTTP/1.1" 200 899
180.162.232.172 - - [06/Jun/2020:06:47:25 +0800] "GET /xingrg/all/function/internal_message.html?_=1591397242774&CODE_STATE=getMsg HTTP/1.1" 200 27
120.253.135.82 - - [06/Jun/2020:06:47:29 +0800] "GET /xingrg/kc/pszx/mdps_order_operate.html?command=get_materiel&pszx_code=00101&rest_code=00106&base_code=0010252&code=00101014053 HTTP/1.1" 200 431
172.17.0.185 - - [06/Jun/2020:06:47:31 +0800] "GET /xingrg/check_reg.html?_=1591397249340 HTTP/1.1" 200 22
172.17.0.185 - - [06/Jun/2020:06:47:31 +0800] "GET /xingrg/all/function/internal_message.html?_=1591397249342&CODE_STATE=getMsg HTTP/1.1" 200 27
180.162.232.172 - - [06/Jun/2020:06:47:38 +0800] "GET /xingrg/all/function/internal_message.html?_=1591397389547&CODE_STATE=getMsg HTTP/1.1" 200 27
61.172.5.115 - - [06/Jun/2020:06:47:40 +0800] "GET /xingrg/all/function/internal_message.html?_=1591397261039&CODE_STATE=getMsg HTTP/1.1" 302 -
114.84.33.255 - - [06/Jun/2020:06:47:43 +0800] "GET /xingrg/all/function/internal_message.html?_=1591397283725&CODE_STATE=getMsg HTTP/1.1" 200 27
172.17.0.115 - - [06/Jun/2020:06:47:47 +0800] "GET /xingrg/all/function/internal_message.html?_=1591397284578&CODE_STATE=getMsg HTTP/1.1" 200 27
120.253.135.82 - - [06/Jun/2020:06:47:49 +0800] "POST /xingrg/kc/pszx/mdps_order_operate.html HTTP/1.1" 200 37
58.40.7.146 - - [06/Jun/2020:06:47:49 +0800] "GET /xingrg/all/function/internal_message.html?_=1591397267682&CODE_STATE=getMsg HTTP/1.1" 200 27
120.253.135.82 - - [06/Jun/2020:06:47:50 +0800] "GET /xingrg/kc/pszx/mdps_order_info.html?code=312020060400093 HTTP/1.1" 200 23841
120.253.135.82 - - [06/Jun/2020:06:47:50 +0800] "POST /xingrg/kc/pszx/mdps_order_operate.html HTTP/1.1" 200 2286
120.253.135.82 - - [06/Jun/2020:06:47:50 +0800] "GET /xingrg/javascript/easyui/themes/default/validatebox.css HTTP/1.1" 404 1104
172.17.0.110 - - [06/Jun/2020:06:47:51 +0800] "GET /xingrg/all/function/internal_message.html?_=1591397267895&CODE_STATE=getMsg HTTP/1.1" 200 27
116.230.77.149 - - [06/Jun/2020:06:47:51 +0800] "GET /xingrg/all/function/internal_message.html?_=1591397270027&CODE_STATE=getMsg HTTP/1.1" 200 27
120.253.135.82 - - [06/Jun/2020:06:47:53 +0800] "POST /xingrg/kc/pszx/mdps_list_operate.html HTTP/1.1" 200 4955
120.253.135.82 - - [06/Jun/2020:06:47:53 +0800] "GET /xingrg/all/function/internal_message.html?_=1591397026969&CODE_STATE=getMsg HTTP/1.1" 200 27
114.88.170.9 - - [06/Jun/2020:06:47:54 +0800] "GET /xingrg/all/function/internal_message.html?_=1591397268028&CODE_STATE=getMsg HTTP/1.1" 200 27
120.253.135.82 - - [06/Jun/2020:06:47:56 +0800] "POST /xingrg/kc/pszx/mdps_list_operate.html HTTP/1.1" 200 368
120.253.135.82 - - [06/Jun/2020:06:47:56 +0800] "GET /xingrg/kc/pszx/mdps_order_info.html?code=312020060600126 HTTP/1.1" 200 23843
120.253.135.82 - - [06/Jun/2020:06:47:57 +0800] "POST /xingrg/kc/pszx/mdps_order_operate.html HTTP/1.1" 200 3278
120.253.135.82 - - [06/Jun/2020:06:47:57 +0800] "GET /xingrg/javascript/easyui/themes/default/validatebox.css HTTP/1.1" 404 1104
120.253.135.82 - - [06/Jun/2020:06:48:05 +0800] "POST /xingrg/kc/pszx/mdps_order_operate.html HTTP/1.1" 200 37
120.253.135.82 - - [06/Jun/2020:06:48:05 +0800] "GET /xingrg/kc/pszx/mdps_order_info.html?code=312020060600126 HTTP/1.1" 200 23843
120.253.135.82 - - [06/Jun/2020:06:48:06 +0800] "POST /xingrg/kc/pszx/mdps_order_operate.html HTTP/1.1" 200 2779
120.253.135.82 - - [06/Jun/2020:06:48:06 +0800] "GET /xingrg/javascript/easyui/themes/default/validatebox.css HTTP/1.1" 404 1104
120.253.135.82 - - [06/Jun/2020:06:48:07 +0800] "POST /xingrg/kc/pszx/mdps_list_operate.html HTTP/1.1" 200 4954
120.253.135.82 - - [06/Jun/2020:06:48:09 +0800] "POST /xingrg/kc/pszx/mdps_list_operate.html HTTP/1.1" 200 285
117.131.5.26 - - [06/Jun/2020:06:48:11 +0800] "GET /xingrg/check_reg.html?_=1591397298742 HTTP/1.1" 200 22
120.253.135.82 - - [06/Jun/2020:06:48:11 +0800] "POST /xingrg/kc/pszx/mdps_list_operate.html HTTP/1.1" 200 606
120.253.135.82 - - [06/Jun/2020:06:48:12 +0800] "GET /xingrg/kc/pszx/mdps_order_info.html?code=312020060600127 HTTP/1.1" 200 23843
120.253.135.82 - - [06/Jun/2020:06:48:12 +0800] "POST /xingrg/kc/pszx/mdps_order_operate.html HTTP/1.1" 200 5229
120.253.135.82 - - [06/Jun/2020:06:48:12 +0800] "GET /xingrg/javascript/easyui/themes/default/validatebox.css HTTP/1.1" 404 1104
120.253.135.82 - - [06/Jun/2020:06:48:15 +0800] "POST /xingrg/kc/pszx/mdps_order_operate.html HTTP/1.1" 200 37
120.253.135.82 - - [06/Jun/2020:06:48:17 +0800] "GET /xingrg/kc/pszx/mdps_order_info.html?code=312020060600127 HTTP/1.1" 200 23843
120.253.135.82 - - [06/Jun/2020:06:48:17 +0800] "POST /xingrg/kc/pszx/mdps_order_operate.html HTTP/1.1" 200 5281
120.253.135.82 - - [06/Jun/2020:06:48:17 +0800] "GET /xingrg/javascript/easyui/themes/default/validatebox.css HTTP/1.1" 404 1104
180.162.232.172 - - [06/Jun/2020:06:48:25 +0800] "GET /xingrg/all/function/internal_message.html?_=1591397302774&CODE_STATE=getMsg HTTP/1.1" 200 27
120.253.135.82 - - [06/Jun/2020:06:48:29 +0800] "GET /xingrg/kc/pszx/mdps_order_operate.html?command=get_materiel&pszx_code=00101&rest_code=00106&base_code=0010246&code=00101013143 HTTP/1.1" 200 450
114.84.33.255 - - [06/Jun/2020:06:48:30 +0800] "GET /xingrg/check_reg.html?_=1591397330685 HTTP/1.1" 200 22
172.17.0.185 - - [06/Jun/2020:06:48:31 +0800] "GET /xingrg/all/function/internal_message.html?_=1591397309327&CODE_STATE=getMsg HTTP/1.1" 200 27
120.253.135.82 - - [06/Jun/2020:06:48:33 +0800] "POST /xingrg/all/common/load_select.html HTTP/1.1" 200 25
120.253.135.82 - - [06/Jun/2020:06:48:36 +0800] "GET /xingrg/kc/pszx/mdps_order_operate.html?command=get_materiel_price&pszx_code=00101&rest_code=00106&base_code=0010246&code=00101013143&unit_code=00100100&order_time=2020-06-07 HTTP/1.1" 200 34
180.162.232.172 - - [06/Jun/2020:06:48:38 +0800] "GET /xingrg/all/function/internal_message.html?_=1591397449567&CODE_STATE=getMsg HTTP/1.1" 200 27
61.172.5.115 - - [06/Jun/2020:06:48:40 +0800] "GET /xingrg/all/function/internal_message.html?_=1591397321055&CODE_STATE=getMsg HTTP/1.1" 302 -
114.84.33.255 - - [06/Jun/2020:06:48:43 +0800] "GET /xingrg/all/function/internal_message.html?_=1591397343738&CODE_STATE=getMsg HTTP/1.1" 200 27
120.253.135.82 - - [06/Jun/2020:06:48:44 +0800] "POST /xingrg/kc/pszx/mdps_order_operate.html HTTP/1.1" 200 37
120.253.135.82 - - [06/Jun/2020:06:48:46 +0800] "GET /xingrg/kc/pszx/mdps_order_info.html?code=312020060600127 HTTP/1.1" 200 23843
120.253.135.82 - - [06/Jun/2020:06:48:46 +0800] "POST /xingrg/kc/pszx/mdps_order_operate.html HTTP/1.1" 200 5289
120.253.135.82 - - [06/Jun/2020:06:48:46 +0800] "GET /xingrg/javascript/easyui/themes/default/validatebox.css HTTP/1.1" 404 1104
172.17.0.115 - - [06/Jun/2020:06:48:47 +0800] "GET /xingrg/all/function/internal_message.html?_=1591397344599&CODE_STATE=getMsg HTTP/1.1" 200 27
58.40.7.146 - - [06/Jun/2020:06:48:49 +0800] "GET /xingrg/all/function/internal_message.html?_=1591397327668&CODE_STATE=getMsg HTTP/1.1" 200 27
172.17.0.110 - - [06/Jun/2020:06:48:51 +0800] "GET /xingrg/all/function/internal_message.html?_=1591397327844&CODE_STATE=getMsg HTTP/1.1" 200 27
116.230.77.149 - - [06/Jun/2020:06:48:51 +0800] "GET /xingrg/all/function/internal_message.html?_=1591397330034&CODE_STATE=getMsg HTTP/1.1" 200 27
120.253.135.82 - - [06/Jun/2020:06:48:52 +0800] "GET /xingrg/check_reg.html?_=1591397086545 HTTP/1.1" 200 22
120.253.135.82 - - [06/Jun/2020:06:48:53 +0800] "GET /xingrg/all/function/internal_message.html?_=1591397086982&CODE_STATE=getMsg HTTP/1.1" 200 27
114.88.170.9 - - [06/Jun/2020:06:48:54 +0800] "GET /xingrg/all/function/internal_message.html?_=1591397328198&CODE_STATE=getMsg HTTP/1.1" 200 27
180.162.232.172 - - [06/Jun/2020:06:49:25 +0800] "GET /xingrg/all/function/internal_message.html?_=1591397362777&CODE_STATE=getMsg HTTP/1.1" 200 27
120.253.135.82 - - [06/Jun/2020:06:49:27 +0800] "POST /xingrg/kc/pszx/mdps_order_operate.html HTTP/1.1" 200 37
120.253.135.82 - - [06/Jun/2020:06:49:28 +0800] "GET /xingrg/kc/pszx/mdps_order_info.html?code=312020060600127 HTTP/1.1" 200 23843
120.253.135.82 - - [06/Jun/2020:06:49:29 +0800] "POST /xingrg/kc/pszx/mdps_order_operate.html HTTP/1.1" 200 5289
120.253.135.82 - - [06/Jun/2020:06:49:29 +0800] "GET /xingrg/javascript/easyui/themes/default/validatebox.css HTTP/1.1" 404 1104
120.253.135.82 - - [06/Jun/2020:06:49:31 +0800] "POST /xingrg/kc/pszx/mdps_list_operate.html HTTP/1.1" 200 4954
172.17.0.185 - - [06/Jun/2020:06:49:31 +0800] "GET /xingrg/all/function/internal_message.html?_=1591397369333&CODE_STATE=getMsg HTTP/1.1" 200 27
120.253.135.82 - - [06/Jun/2020:06:49:33 +0800] "POST /xingrg/kc/pszx/mdps_list_operate.html HTTP/1.1" 200 611
120.253.135.82 - - [06/Jun/2020:06:49:34 +0800] "GET /xingrg/kc/pszx/mdps_order_info.html?code=312020060600127 HTTP/1.1" 200 23843
120.253.135.82 - - [06/Jun/2020:06:49:34 +0800] "POST /xingrg/kc/pszx/mdps_order_operate.html HTTP/1.1" 200 5289
120.253.135.82 - - [06/Jun/2020:06:49:34 +0800] "GET /xingrg/javascript/easyui/themes/default/validatebox.css HTTP/1.1" 404 1104
172.17.0.115 - - [06/Jun/2020:06:49:36 +0800] "GET /xingrg/check_reg.html?_=1591397392753 HTTP/1.1" 200 22
180.162.232.172 - - [06/Jun/2020:06:49:38 +0800] "GET /xingrg/all/function/internal_message.html?_=1591397509573&CODE_STATE=getMsg HTTP/1.1" 200 27
61.172.5.115 - - [06/Jun/2020:06:49:40 +0800] "GET /xingrg/all/function/internal_message.html?_=1591397381043&CODE_STATE=getMsg HTTP/1.1" 302 -
120.253.135.82 - - [06/Jun/2020:06:49:40 +0800] "POST /xingrg/kc/pszx/mdps_list_operate.html HTTP/1.1" 200 4954
120.253.135.82 - - [06/Jun/2020:06:49:42 +0800] "POST /xingrg/kc/pszx/mdps_list_operate.html HTTP/1.1" 200 233
114.84.33.255 - - [06/Jun/2020:06:49:43 +0800] "GET /xingrg/all/function/internal_message.html?_=1591397403752&CODE_STATE=getMsg HTTP/1.1" 200 27
120.253.135.82 - - [06/Jun/2020:06:49:43 +0800] "GET /xingrg/kc/pszx/mdps_order_info.html?code=312020060600128 HTTP/1.1" 200 23843
120.253.135.82 - - [06/Jun/2020:06:49:44 +0800] "POST /xingrg/kc/pszx/mdps_order_operate.html HTTP/1.1" 200 2323
120.253.135.82 - - [06/Jun/2020:06:49:44 +0800] "GET /xingrg/javascript/easyui/themes/default/validatebox.css HTTP/1.1" 404 1104
120.253.135.82 - - [06/Jun/2020:06:49:47 +0800] "POST /xingrg/kc/pszx/mdps_order_operate.html HTTP/1.1" 200 37
172.17.0.115 - - [06/Jun/2020:06:49:47 +0800] "GET /xingrg/all/function/internal_message.html?_=1591397404618&CODE_STATE=getMsg HTTP/1.1" 200 27
120.253.135.82 - - [06/Jun/2020:06:49:48 +0800] "GET /xingrg/kc/pszx/mdps_order_info.html?code=312020060600128 HTTP/1.1" 200 23843
120.253.135.82 - - [06/Jun/2020:06:49:49 +0800] "POST /xingrg/kc/pszx/mdps_order_operate.html HTTP/1.1" 200 2332
120.253.135.82 - - [06/Jun/2020:06:49:49 +0800] "GET /xingrg/javascript/easyui/themes/default/validatebox.css HTTP/1.1" 404 1104
58.40.7.146 - - [06/Jun/2020:06:49:49 +0800] "GET /xingrg/all/function/internal_message.html?_=1591397387672&CODE_STATE=getMsg HTTP/1.1" 200 27
120.253.135.82 - - [06/Jun/2020:06:49:50 +0800] "POST /xingrg/kc/pszx/mdps_list_operate.html HTTP/1.1" 200 4954
172.17.0.110 - - [06/Jun/2020:06:49:51 +0800] "GET /xingrg/all/function/internal_message.html?_=1591397387823&CODE_STATE=getMsg HTTP/1.1" 200 27
116.230.77.149 - - [06/Jun/2020:06:49:51 +0800] "GET /xingrg/all/function/internal_message.html?_=1591397390039&CODE_STATE=getMsg HTTP/1.1" 200 27
116.230.77.149 - - [06/Jun/2020:06:49:51 +0800] "GET /xingrg/check_reg.html?_=1591397390043 HTTP/1.1" 200 22
120.253.135.82 - - [06/Jun/2020:06:49:53 +0800] "GET /xingrg/all/function/internal_message.html?_=1591397147008&CODE_STATE=getMsg HTTP/1.1" 200 27
114.88.170.9 - - [06/Jun/2020:06:49:54 +0800] "GET /xingrg/all/function/internal_message.html?_=1591397388209&CODE_STATE=getMsg HTTP/1.1" 200 27
120.253.135.82 - - [06/Jun/2020:06:49:55 +0800] "POST /xingrg/kc/pszx/mdps_list_operate.html HTTP/1.1" 200 610
120.253.135.82 - - [06/Jun/2020:06:49:55 +0800] "GET /xingrg/kc/pszx/mdps_order_info.html?code=312020060600129 HTTP/1.1" 200 23843
120.253.135.82 - - [06/Jun/2020:06:49:56 +0800] "POST /xingrg/kc/pszx/mdps_order_operate.html HTTP/1.1" 200 6252
120.253.135.82 - - [06/Jun/2020:06:49:56 +0800] "GET /xingrg/javascript/easyui/themes/default/validatebox.css HTTP/1.1" 404 1104
120.253.135.82 - - [06/Jun/2020:06:49:59 +0800] "POST /xingrg/kc/pszx/mdps_order_operate.html HTTP/1.1" 200 37
120.253.135.82 - - [06/Jun/2020:06:49:59 +0800] "GET /xingrg/kc/pszx/mdps_order_info.html?code=312020060600129 HTTP/1.1" 200 23843
120.253.135.82 - - [06/Jun/2020:06:50:00 +0800] "GET /xingrg/javascript/easyui/themes/default/validatebox.css HTTP/1.1" 404 1104
120.253.135.82 - - [06/Jun/2020:06:50:00 +0800] "POST /xingrg/kc/pszx/mdps_order_operate.html HTTP/1.1" 200 6321
180.162.232.172 - - [06/Jun/2020:06:50:25 +0800] "GET /xingrg/check_reg.html?_=1591397422776 HTTP/1.1" 200 22
180.162.232.172 - - [06/Jun/2020:06:50:25 +0800] "GET /xingrg/all/function/internal_message.html?_=1591397422777&CODE_STATE=getMsg HTTP/1.1" 200 27
172.17.0.185 - - [06/Jun/2020:06:50:31 +0800] "GET /xingrg/all/function/internal_message.html?_=1591397429338&CODE_STATE=getMsg HTTP/1.1" 200 27
120.253.135.82 - - [06/Jun/2020:06:50:32 +0800] "GET /xingrg/kc/pszx/mdps_order_operate.html?command=get_materiel&pszx_code=00101&rest_code=00106&base_code=0010246&code=00101019142 HTTP/1.1" 200 450
120.253.135.82 - - [06/Jun/2020:06:50:34 +0800] "POST /xingrg/all/common/load_select.html HTTP/1.1" 200 25
120.253.135.82 - - [06/Jun/2020:06:50:36 +0800] "GET /xingrg/kc/pszx/mdps_order_operate.html?command=get_materiel_price&pszx_code=00101&rest_code=00106&base_code=0010246&code=00101019142&unit_code=00100211&order_time=2020-06-07 HTTP/1.1" 200 35
180.162.232.172 - - [06/Jun/2020:06:50:38 +0800] "GET /xingrg/all/function/internal_message.html?_=1591397569596&CODE_STATE=getMsg HTTP/1.1" 200 27
61.172.5.115 - - [06/Jun/2020:06:50:40 +0800] "GET /xingrg/all/function/internal_message.html?_=1591397441043&CODE_STATE=getMsg HTTP/1.1" 302 -
120.253.135.82 - - [06/Jun/2020:06:50:41 +0800] "GET /xingrg/system/info/materiel_import.html?isSelect=1&singleSelect=false HTTP/1.1" 200 5600
120.253.135.82 - - [06/Jun/2020:06:50:41 +0800] "GET /xingrg/css/xtree.css HTTP/1.1" 200 880
120.253.135.82 - - [06/Jun/2020:06:50:41 +0800] "GET /xingrg/javascript/jquery_ui/themes/base/base.css HTTP/1.1" 200 28568
120.253.135.82 - - [06/Jun/2020:06:50:42 +0800] "GET /xingrg/javascript/jquery_easy_ui/themes/icons/edit_add.png HTTP/1.1" 200 1088
120.253.135.82 - - [06/Jun/2020:06:50:42 +0800] "GET /xingrg/javascript/jquery_easy_ui/themes/default/images/pagination_first.gif HTTP/1.1" 200 925
120.253.135.82 - - [06/Jun/2020:06:50:42 +0800] "GET /xingrg/javascript/jquery_easy_ui/themes/default/images/pagination_last.gif HTTP/1.1" 200 923
120.253.135.82 - - [06/Jun/2020:06:50:42 +0800] "GET /xingrg/javascript/jquery_easy_ui/themes/default/images/pagination_next.gif HTTP/1.1" 200 875
120.253.135.82 - - [06/Jun/2020:06:50:42 +0800] "GET /xingrg/javascript/jquery_easy_ui/themes/default/images/pagination_load.png HTTP/1.1" 200 827
120.253.135.82 - - [06/Jun/2020:06:50:42 +0800] "GET /xingrg/javascript/jquery_easy_ui/themes/default/images/pagination_prev.gif HTTP/1.1" 200 879
120.253.135.82 - - [06/Jun/2020:06:50:42 +0800] "POST /xingrg/all/common/load_tree.html?tree=materiel_sort_tree_json HTTP/1.1" 200 8666
120.253.135.82 - - [06/Jun/2020:06:50:42 +0800] "GET /favicon.ico HTTP/1.1" 404 -
114.84.33.255 - - [06/Jun/2020:06:50:43 +0800] "GET /xingrg/all/function/internal_message.html?_=1591397463828&CODE_STATE=getMsg HTTP/1.1" 200 27
120.253.135.82 - - [06/Jun/2020:06:50:47 +0800] "GET /xingrg/kc/pszx/mdps_order_operate.html?command=get_materiel&pszx_code=00101&rest_code=00106&base_code=0010246&code=00101019013 HTTP/1.1" 200 455
172.17.0.115 - - [06/Jun/2020:06:50:48 +0800] "GET /xingrg/all/function/internal_message.html?_=1591397464634&CODE_STATE=getMsg HTTP/1.1" 200 27
58.40.7.146 - - [06/Jun/2020:06:50:49 +0800] "GET /xingrg/all/function/internal_message.html?_=1591397447676&CODE_STATE=getMsg HTTP/1.1" 200 27
58.40.7.146 - - [06/Jun/2020:06:50:49 +0800] "GET /xingrg/check_reg.html?_=1591397447677 HTTP/1.1" 200 22
172.17.0.110 - - [06/Jun/2020:06:50:51 +0800] "GET /xingrg/all/function/internal_message.html?_=1591397447933&CODE_STATE=getMsg HTTP/1.1" 200 27
116.230.77.149 - - [06/Jun/2020:06:50:51 +0800] "GET /xingrg/all/function/internal_message.html?_=1591397450033&CODE_STATE=getMsg HTTP/1.1" 200 27
120.253.135.82 - - [06/Jun/2020:06:50:53 +0800] "GET /xingrg/all/function/internal_message.html?_=1591397207010&CODE_STATE=getMsg HTTP/1.1" 200 27
114.88.170.9 - - [06/Jun/2020:06:50:54 +0800] "GET /xingrg/all/function/internal_message.html?_=1591397448397&CODE_STATE=getMsg HTTP/1.1" 200 27
120.253.135.82 - - [06/Jun/2020:06:50:57 +0800] "POST /xingrg/kc/pszx/mdps_order_operate.html HTTP/1.1" 200 37
120.253.135.82 - - [06/Jun/2020:06:50:58 +0800] "GET /xingrg/kc/pszx/mdps_order_info.html?code=312020060600129 HTTP/1.1" 200 23843
120.253.135.82 - - [06/Jun/2020:06:50:58 +0800] "GET /xingrg/javascript/easyui/themes/default/validatebox.css HTTP/1.1" 404 1104
120.253.135.82 - - [06/Jun/2020:06:50:58 +0800] "POST /xingrg/kc/pszx/mdps_order_operate.html HTTP/1.1" 200 6339
120.253.135.82 - - [06/Jun/2020:06:51:01 +0800] "POST /xingrg/kc/pszx/mdps_list_operate.html HTTP/1.1" 200 4954
114.84.33.255 - - [06/Jun/2020:06:51:09 +0800] "POST /xingrg/services/DataTransmitService HTTP/1.1" 200 524
180.162.232.172 - - [06/Jun/2020:06:51:25 +0800] "GET /xingrg/all/function/internal_message.html?_=1591397482776&CODE_STATE=getMsg HTTP/1.1" 200 27
180.162.232.172 - - [06/Jun/2020:06:51:28 +0800] "GET /xingrg/check_reg.html?_=1591397618948 HTTP/1.1" 200 22
172.17.0.185 - - [06/Jun/2020:06:51:31 +0800] "GET /xingrg/all/function/internal_message.html?_=1591397489329&CODE_STATE=getMsg HTTP/1.1" 200 27
180.162.232.172 - - [06/Jun/2020:06:51:38 +0800] "GET /xingrg/all/function/internal_message.html?_=1591397629601&CODE_STATE=getMsg HTTP/1.1" 200 27
61.172.5.115 - - [06/Jun/2020:06:51:40 +0800] "GET /xingrg/check_reg.html?_=1591397500997 HTTP/1.1" 302 -
61.172.5.115 - - [06/Jun/2020:06:51:40 +0800] "GET /xingrg/all/function/internal_message.html?_=1591397501047&CODE_STATE=getMsg HTTP/1.1" 302 -
114.84.33.255 - - [06/Jun/2020:06:51:43 +0800] "GET /xingrg/all/function/internal_message.html?_=1591397523842&CODE_STATE=getMsg HTTP/1.1" 200 27
114.88.170.9 - - [06/Jun/2020:06:51:47 +0800] "GET /xingrg/check_reg.html?_=1591397501685 HTTP/1.1" 200 22
172.17.0.115 - - [06/Jun/2020:06:51:48 +0800] "GET /xingrg/all/function/internal_message.html?_=1591397524655&CODE_STATE=getMsg HTTP/1.1" 200 27
58.40.7.146 - - [06/Jun/2020:06:51:49 +0800] "GET /xingrg/all/function/internal_message.html?_=1591397507680&CODE_STATE=getMsg HTTP/1.1" 200 27
172.17.0.110 - - [06/Jun/2020:06:51:51 +0800] "GET /xingrg/all/function/internal_message.html?_=1591397507859&CODE_STATE=getMsg HTTP/1.1" 200 27
116.230.77.149 - - [06/Jun/2020:06:51:51 +0800] "GET /xingrg/all/function/internal_message.html?_=1591397510040&CODE_STATE=getMsg HTTP/1.1" 200 27
172.17.0.110 - - [06/Jun/2020:06:51:51 +0800] "GET /xingrg/check_reg.html?_=1591397508002 HTTP/1.1" 200 22
120.253.135.82 - - [06/Jun/2020:06:51:53 +0800] "GET /xingrg/all/function/internal_message.html?_=1591397267093&CODE_STATE=getMsg HTTP/1.1" 200 27
114.88.170.9 - - [06/Jun/2020:06:51:54 +0800] "GET /xingrg/all/function/internal_message.html?_=1591397508408&CODE_STATE=getMsg HTTP/1.1" 200 27
180.162.232.172 - - [06/Jun/2020:06:52:25 +0800] "GET /xingrg/all/function/internal_message.html?_=1591397542776&CODE_STATE=getMsg HTTP/1.1" 200 27
172.17.0.185 - - [06/Jun/2020:06:52:31 +0800] "GET /xingrg/all/function/internal_message.html?_=1591397549337&CODE_STATE=getMsg HTTP/1.1" 200 27
172.17.0.185 - - [06/Jun/2020:06:52:31 +0800] "GET /xingrg/check_reg.html?_=1591397549342 HTTP/1.1" 200 22
180.162.232.172 - - [06/Jun/2020:06:52:38 +0800] "GET /xingrg/all/function/internal_message.html?_=1591397689615&CODE_STATE=getMsg HTTP/1.1" 200 27
61.172.5.115 - - [06/Jun/2020:06:52:40 +0800] "GET /xingrg/all/function/internal_message.html?_=1591397561046&CODE_STATE=getMsg HTTP/1.1" 302 -
114.84.33.255 - - [06/Jun/2020:06:52:43 +0800] "GET /xingrg/all/function/internal_message.html?_=1591397583917&CODE_STATE=getMsg HTTP/1.1" 200 27
120.253.135.82 - - [06/Jun/2020:06:52:46 +0800] "POST /xingrg/kc/pszx/mdps_list_operate.html HTTP/1.1" 200 610
120.253.135.82 - - [06/Jun/2020:06:52:46 +0800] "GET /xingrg/kc/pszx/mdps_order_info.html?code=312020060600129 HTTP/1.1" 200 23843
120.253.135.82 - - [06/Jun/2020:06:52:47 +0800] "GET /xingrg/javascript/easyui/themes/default/validatebox.css HTTP/1.1" 404 1104
120.253.135.82 - - [06/Jun/2020:06:52:47 +0800] "POST /xingrg/kc/pszx/mdps_order_operate.html HTTP/1.1" 200 6339
172.17.0.115 - - [06/Jun/2020:06:52:48 +0800] "GET /xingrg/all/function/internal_message.html?_=1591397584661&CODE_STATE=getMsg HTTP/1.1" 200 27
58.40.7.146 - - [06/Jun/2020:06:52:49 +0800] "GET /xingrg/all/function/internal_message.html?_=1591397567682&CODE_STATE=getMsg HTTP/1.1" 200 27
172.17.0.110 - - [06/Jun/2020:06:52:51 +0800] "GET /xingrg/all/function/internal_message.html?_=1591397567829&CODE_STATE=getMsg HTTP/1.1" 200 27
116.230.77.149 - - [06/Jun/2020:06:52:51 +0800] "GET /xingrg/all/function/internal_message.html?_=1591397570031&CODE_STATE=getMsg HTTP/1.1" 200 27
120.253.135.82 - - [06/Jun/2020:06:52:53 +0800] "GET /xingrg/all/function/internal_message.html?_=1591397327098&CODE_STATE=getMsg HTTP/1.1" 200 27
114.88.170.9 - - [06/Jun/2020:06:52:54 +0800] "GET /xingrg/all/function/internal_message.html?_=1591397568422&CODE_STATE=getMsg HTTP/1.1" 200 27
117.131.5.26 - - [06/Jun/2020:06:53:11 +0800] "GET /xingrg/check_reg.html?_=1591397598742 HTTP/1.1" 200 22
120.253.135.82 - - [06/Jun/2020:06:53:12 +0800] "POST /xingrg/kc/pszx/mdps_order_operate.html HTTP/1.1" 200 37
120.253.135.82 - - [06/Jun/2020:06:53:13 +0800] "GET /xingrg/kc/pszx/mdps_order_info.html?code=312020060600129 HTTP/1.1" 200 23843
120.253.135.82 - - [06/Jun/2020:06:53:14 +0800] "GET /xingrg/javascript/easyui/themes/default/validatebox.css HTTP/1.1" 404 1104
120.253.135.82 - - [06/Jun/2020:06:53:14 +0800] "POST /xingrg/kc/pszx/mdps_order_operate.html HTTP/1.1" 200 6339
180.162.232.172 - - [06/Jun/2020:06:53:25 +0800] "GET /xingrg/all/function/internal_message.html?_=1591397602775&CODE_STATE=getMsg HTTP/1.1" 200 27
114.84.33.255 - - [06/Jun/2020:06:53:30 +0800] "GET /xingrg/check_reg.html?_=1591397630688 HTTP/1.1" 200 22
172.17.0.185 - - [06/Jun/2020:06:53:31 +0800] "GET /xingrg/all/function/internal_message.html?_=1591397609329&CODE_STATE=getMsg HTTP/1.1" 200 27
180.162.232.172 - - [06/Jun/2020:06:53:38 +0800] "GET /xingrg/all/function/internal_message.html?_=1591397749636&CODE_STATE=getMsg HTTP/1.1" 200 27
61.172.5.115 - - [06/Jun/2020:06:53:40 +0800] "GET /xingrg/all/function/internal_message.html?_=1591397621049&CODE_STATE=getMsg HTTP/1.1" 302 -
114.84.33.255 - - [06/Jun/2020:06:53:43 +0800] "GET /xingrg/all/function/internal_message.html?_=1591397643931&CODE_STATE=getMsg HTTP/1.1" 200 27
172.17.0.115 - - [06/Jun/2020:06:53:48 +0800] "GET /xingrg/all/function/internal_message.html?_=1591397644684&CODE_STATE=getMsg HTTP/1.1" 200 27
120.253.135.82 - - [06/Jun/2020:06:53:49 +0800] "POST /xingrg/kc/pszx/mdps_order_operate.html HTTP/1.1" 200 37
58.40.7.146 - - [06/Jun/2020:06:53:49 +0800] "GET /xingrg/all/function/internal_message.html?_=1591397627685&CODE_STATE=getMsg HTTP/1.1" 200 27
120.253.135.82 - - [06/Jun/2020:06:53:49 +0800] "GET /xingrg/kc/pszx/mdps_order_info.html?code=312020060600129 HTTP/1.1" 200 23843
120.253.135.82 - - [06/Jun/2020:06:53:50 +0800] "POST /xingrg/kc/pszx/mdps_order_operate.html HTTP/1.1" 200 6339
120.253.135.82 - - [06/Jun/2020:06:53:50 +0800] "GET /xingrg/javascript/easyui/themes/default/validatebox.css HTTP/1.1" 404 1104
172.17.0.110 - - [06/Jun/2020:06:53:51 +0800] "GET /xingrg/all/function/internal_message.html?_=1591397627959&CODE_STATE=getMsg HTTP/1.1" 200 27
116.230.77.149 - - [06/Jun/2020:06:53:51 +0800] "GET /xingrg/all/function/internal_message.html?_=1591397630035&CODE_STATE=getMsg HTTP/1.1" 200 27
120.253.135.82 - - [06/Jun/2020:06:53:52 +0800] "POST /xingrg/kc/pszx/mdps_list_operate.html HTTP/1.1" 200 4954
120.253.135.82 - - [06/Jun/2020:06:53:52 +0800] "GET /xingrg/check_reg.html?_=1591397386550 HTTP/1.1" 200 22
120.253.135.82 - - [06/Jun/2020:06:53:53 +0800] "GET /xingrg/all/function/internal_message.html?_=1591397387112&CODE_STATE=getMsg HTTP/1.1" 200 27
114.88.170.9 - - [06/Jun/2020:06:53:54 +0800] "GET /xingrg/all/function/internal_message.html?_=1591397628651&CODE_STATE=getMsg HTTP/1.1" 200 27
120.253.135.82 - - [06/Jun/2020:06:53:56 +0800] "POST /xingrg/kc/pszx/mdps_list_operate.html HTTP/1.1" 200 610
120.253.135.82 - - [06/Jun/2020:06:53:58 +0800] "POST /xingrg/kc/pszx/mdps_list_operate.html HTTP/1.1" 200 376
120.253.135.82 - - [06/Jun/2020:06:53:59 +0800] "GET /xingrg/kc/pszx/mdps_order_info.html?code=312020060600130 HTTP/1.1" 200 23843
120.253.135.82 - - [06/Jun/2020:06:53:59 +0800] "POST /xingrg/kc/pszx/mdps_order_operate.html HTTP/1.1" 200 3274
120.253.135.82 - - [06/Jun/2020:06:53:59 +0800] "GET /xingrg/javascript/easyui/themes/default/validatebox.css HTTP/1.1" 404 1104
120.253.135.82 - - [06/Jun/2020:06:54:03 +0800] "POST /xingrg/kc/pszx/mdps_order_operate.html HTTP/1.1" 200 37
120.253.135.82 - - [06/Jun/2020:06:54:04 +0800] "GET /xingrg/kc/pszx/mdps_order_info.html?code=312020060600130 HTTP/1.1" 200 23843
120.253.135.82 - - [06/Jun/2020:06:54:04 +0800] "POST /xingrg/kc/pszx/mdps_order_operate.html HTTP/1.1" 200 3295
120.253.135.82 - - [06/Jun/2020:06:54:04 +0800] "GET /xingrg/javascript/easyui/themes/default/validatebox.css HTTP/1.1" 404 1104
120.253.135.82 - - [06/Jun/2020:06:54:13 +0800] "POST /xingrg/kc/pszx/mdps_list_operate.html HTTP/1.1" 200 4954
120.253.135.82 - - [06/Jun/2020:06:54:16 +0800] "GET /xingrg/javascript/jquery_easy_ui/themes/default/images/tabs_active.png HTTP/1.1" 200 2894
120.253.135.82 - - [06/Jun/2020:06:54:18 +0800] "POST /xingrg/kc/pszx/mdps_list_operate.html HTTP/1.1" 200 658
120.253.135.82 - - [06/Jun/2020:06:54:19 +0800] "GET /xingrg/kc/pszx/mdps_order_info.html?code=312020060600131 HTTP/1.1" 200 23843
120.253.135.82 - - [06/Jun/2020:06:54:19 +0800] "POST /xingrg/kc/pszx/mdps_order_operate.html HTTP/1.1" 200 17829
120.253.135.82 - - [06/Jun/2020:06:54:19 +0800] "GET /xingrg/javascript/easyui/themes/default/validatebox.css HTTP/1.1" 404 1104
120.253.135.82 - - [06/Jun/2020:06:54:24 +0800] "POST /xingrg/kc/pszx/mdps_order_operate.html HTTP/1.1" 200 37
180.162.232.172 - - [06/Jun/2020:06:54:25 +0800] "GET /xingrg/all/function/internal_message.html?_=1591397662774&CODE_STATE=getMsg HTTP/1.1" 200 27
120.253.135.82 - - [06/Jun/2020:06:54:27 +0800] "GET /xingrg/kc/pszx/mdps_order_info.html?code=312020060600131 HTTP/1.1" 200 23843
120.253.135.82 - - [06/Jun/2020:06:54:27 +0800] "GET /xingrg/javascript/easyui/themes/default/validatebox.css HTTP/1.1" 404 1104
120.253.135.82 - - [06/Jun/2020:06:54:27 +0800] "POST /xingrg/kc/pszx/mdps_order_operate.html HTTP/1.1" 200 18077
114.84.33.255 - - [06/Jun/2020:06:54:29 +0800] "GET /xingrg/kc/buy/cgsh_order_list.html HTTP/1.1" 200 43002
114.84.33.255 - - [06/Jun/2020:06:54:29 +0800] "POST /xingrg/kc/buy/cgsh_list_operate.html HTTP/1.1" 200 876
172.17.0.185 - - [06/Jun/2020:06:54:31 +0800] "GET /xingrg/all/function/internal_message.html?_=1591397669335&CODE_STATE=getMsg HTTP/1.1" 200 27
172.17.0.115 - - [06/Jun/2020:06:54:36 +0800] "GET /xingrg/check_reg.html?_=1591397692766 HTTP/1.1" 200 22
180.162.232.172 - - [06/Jun/2020:06:54:38 +0800] "GET /xingrg/all/function/internal_message.html?_=1591397809642&CODE_STATE=getMsg HTTP/1.1" 200 27
61.172.5.115 - - [06/Jun/2020:06:54:40 +0800] "GET /xingrg/all/function/internal_message.html?_=1591397681052&CODE_STATE=getMsg HTTP/1.1" 302 -
114.84.33.255 - - [06/Jun/2020:06:54:43 +0800] "GET /xingrg/all/function/internal_message.html?_=1591397703944&CODE_STATE=getMsg HTTP/1.1" 200 27
114.84.33.255 - - [06/Jun/2020:06:54:44 +0800] "POST /xingrg/kc/buy/cgsh_list_operate.html HTTP/1.1" 200 5555
172.17.0.115 - - [06/Jun/2020:06:54:48 +0800] "GET /xingrg/all/function/internal_message.html?_=1591397704689&CODE_STATE=getMsg HTTP/1.1" 200 27
58.40.7.146 - - [06/Jun/2020:06:54:49 +0800] "GET /xingrg/all/function/internal_message.html?_=1591397687689&CODE_STATE=getMsg HTTP/1.1" 200 27
