120.253.135.82 - - [05/Jun/2020:06:46:57 +0800] "GET /xingrg/dwr/interface/AjaxComOrderService.js HTTP/1.1" 200 18264
120.253.135.82 - - [05/Jun/2020:06:46:57 +0800] "GET /xingrg/dwr/interface/AjaxQqpsService.js HTTP/1.1" 200 16326
120.253.135.82 - - [05/Jun/2020:06:46:57 +0800] "GET /xingrg/dwr/engine.js HTTP/1.1" 200 43631
120.253.135.82 - - [05/Jun/2020:06:46:57 +0800] "POST /xingrg/dwr/call/plaincall/AjaxQqpsService.loadMaterielItems.dwr HTTP/1.1" 200 338
116.230.77.149 - - [05/Jun/2020:06:47:00 +0800] "GET /xingrg/all/function/internal_message.html?_=1591310815093&CODE_STATE=getMsg HTTP/1.1" 200 27
114.84.32.201 - - [05/Jun/2020:06:47:00 +0800] "GET /xingrg/all/function/internal_message.html?_=1591310820691&CODE_STATE=getMsg HTTP/1.1" 200 27
172.17.0.110 - - [05/Jun/2020:06:47:00 +0800] "GET /xingrg/all/function/internal_message.html?_=1591310818496&CODE_STATE=getMsg HTTP/1.1" 200 27
172.17.0.110 - - [05/Jun/2020:06:47:00 +0800] "GET /xingrg/check_reg.html?_=1591310818498 HTTP/1.1" 200 22
120.253.135.82 - - [05/Jun/2020:06:47:01 +0800] "GET /xingrg/kc/pszx/mdqp_order_list.html?isBack=1 HTTP/1.1" 302 -
120.253.135.82 - - [05/Jun/2020:06:47:01 +0800] "GET /xingrg/kc/pszx/mdqp_order_list.html?state=10 HTTP/1.1" 200 14918
120.253.135.82 - - [05/Jun/2020:06:47:01 +0800] "GET /xingrg/dwr/interface/AjaxReportQueryService.js HTTP/1.1" 200 13203
120.253.135.82 - - [05/Jun/2020:06:47:01 +0800] "GET /xingrg/dwr/interface/AjaxQqpsService.js HTTP/1.1" 200 16326
120.253.135.82 - - [05/Jun/2020:06:47:01 +0800] "GET /xingrg/dwr/engine.js HTTP/1.1" 200 43631
114.84.33.255 - - [05/Jun/2020:06:47:04 +0800] "GET /xingrg/all/function/internal_message.html?_=1591310840591&CODE_STATE=getMsg HTTP/1.1" 200 27
172.17.0.185 - - [05/Jun/2020:06:47:15 +0800] "GET /xingrg/all/function/internal_message.html?_=1591310832773&CODE_STATE=getMsg HTTP/1.1" 200 27
172.17.0.185 - - [05/Jun/2020:06:47:15 +0800] "GET /xingrg/check_reg.html?_=1591310832777 HTTP/1.1" 200 22
120.253.135.82 - - [05/Jun/2020:06:47:31 +0800] "GET /xingrg/all/function/internal_message.html?_=1591310606391&CODE_STATE=getMsg HTTP/1.1" 200 27
61.172.5.115 - - [05/Jun/2020:06:47:37 +0800] "GET /xingrg/all/function/internal_message.html?_=1591310858519&CODE_STATE=getMsg HTTP/1.1" 302 -
172.17.0.112 - - [05/Jun/2020:06:47:38 +0800] "GET /xingrg/all/function/internal_message.html?_=1591310857218&CODE_STATE=getMsg HTTP/1.1" 200 27
120.253.135.82 - - [05/Jun/2020:06:47:43 +0800] "GET /xingrg/kc/pszx/jzcl_ps.html HTTP/1.1" 200 7683
120.253.135.82 - - [05/Jun/2020:06:47:43 +0800] "GET /xingrg/javascript/step/step.css HTTP/1.1" 304 -
120.253.135.82 - - [05/Jun/2020:06:47:43 +0800] "GET /xingrg/css/table.css HTTP/1.1" 304 -
120.253.135.82 - - [05/Jun/2020:06:47:43 +0800] "GET /xingrg/javascript/step/images/navCurrentBtn.gif HTTP/1.1" 304 -
120.253.135.82 - - [05/Jun/2020:06:47:43 +0800] "GET /xingrg/javascript/jquery_easy_ui/themes/default/images/button_a_bg.gif HTTP/1.1" 304 -
120.253.135.82 - - [05/Jun/2020:06:47:43 +0800] "GET /xingrg/javascript/jquery_easy_ui/themes/default/images/button_span_bg.gif HTTP/1.1" 304 -
120.253.135.82 - - [05/Jun/2020:06:47:43 +0800] "GET /xingrg/javascript/jquery_easy_ui/themes/icons/search.png HTTP/1.1" 304 -
120.253.135.82 - - [05/Jun/2020:06:47:43 +0800] "GET /xingrg/javascript/jquery_easy_ui/themes/default/images/combo_arrow_dot.gif HTTP/1.1" 304 -
120.253.135.82 - - [05/Jun/2020:06:47:43 +0800] "GET /xingrg/javascript/jquery_easy_ui/themes/default/images/calendar_prevmonth.gif HTTP/1.1" 304 -
120.253.135.82 - - [05/Jun/2020:06:47:43 +0800] "POST /xingrg/all/common/load_tree.html?tree=area_rest_tree_json HTTP/1.1" 200 3088
120.253.135.82 - - [05/Jun/2020:06:47:43 +0800] "GET /xingrg/javascript/jquery_easy_ui/themes/default/images/calendar_nextmonth.gif HTTP/1.1" 304 -
120.253.135.82 - - [05/Jun/2020:06:47:43 +0800] "GET /xingrg/javascript/jquery_easy_ui/themes/default/images/calendar_prevyear.gif HTTP/1.1" 304 -
120.253.135.82 - - [05/Jun/2020:06:47:43 +0800] "GET /xingrg/javascript/jquery_easy_ui/themes/default/images/calendar_nextyear.gif HTTP/1.1" 304 -
120.253.135.82 - - [05/Jun/2020:06:47:43 +0800] "GET /xingrg/javascript/jquery_easy_ui/themes/default/images/datagrid_header_bg.gif HTTP/1.1" 304 -
120.253.135.82 - - [05/Jun/2020:06:47:43 +0800] "GET /xingrg/javascript/jquery_easy_ui/themes/default/images/pagination_loading.gif HTTP/1.1" 304 -
120.253.135.82 - - [05/Jun/2020:06:47:43 +0800] "GET /xingrg/javascript/jquery_easy_ui/themes/default/images/tree_checkbox_0.gif HTTP/1.1" 304 -
120.253.135.82 - - [05/Jun/2020:06:47:43 +0800] "POST /xingrg/kc/pszx/jzcl_ps_operate.html HTTP/1.1" 200 4946
120.253.135.82 - - [05/Jun/2020:06:47:43 +0800] "POST /xingrg/kc/pszx/jzcl_ps_operate.html HTTP/1.1" 200 4946
120.253.135.82 - - [05/Jun/2020:06:47:44 +0800] "GET /xingrg/javascript/jquery_easy_ui/themes/icons/rest.png HTTP/1.1" 304 -
114.88.170.9 - - [05/Jun/2020:06:47:52 +0800] "GET /xingrg/all/function/internal_message.html?_=1591310867434&CODE_STATE=getMsg HTTP/1.1" 200 27
114.84.32.201 - - [05/Jun/2020:06:47:52 +0800] "GET /xingrg/all/function/internal_message.html?_=1591310873373&CODE_STATE=getMsg HTTP/1.1" 200 27
116.230.77.149 - - [05/Jun/2020:06:48:00 +0800] "GET /xingrg/check_reg.html?_=1591310875098 HTTP/1.1" 200 22
114.84.32.201 - - [05/Jun/2020:06:48:00 +0800] "GET /xingrg/all/function/internal_message.html?_=1591310880695&CODE_STATE=getMsg HTTP/1.1" 200 27
116.230.77.149 - - [05/Jun/2020:06:48:00 +0800] "GET /xingrg/all/function/internal_message.html?_=1591310875102&CODE_STATE=getMsg HTTP/1.1" 200 27
172.17.0.110 - - [05/Jun/2020:06:48:00 +0800] "GET /xingrg/all/function/internal_message.html?_=1591310878497&CODE_STATE=getMsg HTTP/1.1" 200 27
120.253.135.82 - - [05/Jun/2020:06:48:00 +0800] "POST /xingrg/kc/pszx/jzcl_ps_operate.html HTTP/1.1" 200 4
120.253.135.82 - - [05/Jun/2020:06:48:00 +0800] "GET /xingrg/javascript/step/images/navBtn.gif HTTP/1.1" 200 361
120.253.135.82 - - [05/Jun/2020:06:48:00 +0800] "GET /xingrg/javascript/step/images/navLastDoneBtn.gif HTTP/1.1" 304 -
120.253.135.82 - - [05/Jun/2020:06:48:00 +0800] "GET /xingrg/javascript/step/images/navDoneBtn.gif HTTP/1.1" 304 -
120.253.135.82 - - [05/Jun/2020:06:48:00 +0800] "GET /xingrg/javascript/step/images/navBtn.gif HTTP/1.1" 200 361
120.253.135.82 - - [05/Jun/2020:06:48:01 +0800] "GET /xingrg/kc/pszx/mdps_order_list.html HTTP/1.1" 200 20967
120.253.135.82 - - [05/Jun/2020:06:48:02 +0800] "POST /xingrg/kc/pszx/jzcl_ps_operate.html HTTP/1.1" 200 2940
120.253.135.82 - - [05/Jun/2020:06:48:02 +0800] "POST /xingrg/kc/pszx/mdps_list_operate.html HTTP/1.1" 200 5308
117.131.5.26 - - [05/Jun/2020:06:48:03 +0800] "GET /xingrg/check_reg.html?_=1591310889336 HTTP/1.1" 200 22
114.84.33.255 - - [05/Jun/2020:06:48:04 +0800] "GET /xingrg/all/function/internal_message.html?_=1591310900615&CODE_STATE=getMsg HTTP/1.1" 200 27
120.253.135.82 - - [05/Jun/2020:06:48:04 +0800] "GET /xingrg/kc/pszx/jzcl_ps.html HTTP/1.1" 200 7683
120.253.135.82 - - [05/Jun/2020:06:48:05 +0800] "POST /xingrg/all/common/load_tree.html?tree=area_rest_tree_json HTTP/1.1" 200 3088
120.253.135.82 - - [05/Jun/2020:06:48:05 +0800] "POST /xingrg/kc/pszx/jzcl_ps_operate.html HTTP/1.1" 200 2940
120.253.135.82 - - [05/Jun/2020:06:48:05 +0800] "POST /xingrg/kc/pszx/jzcl_ps_operate.html HTTP/1.1" 200 2940
58.221.95.50 - - [05/Jun/2020:06:48:08 +0800] "GET /xingrg/check_reg.html?_=1591310937928 HTTP/1.1" 200 22
120.253.135.82 - - [05/Jun/2020:06:48:14 +0800] "POST /xingrg/kc/pszx/jzcl_ps_operate.html HTTP/1.1" 200 4
172.17.0.185 - - [05/Jun/2020:06:48:15 +0800] "GET /xingrg/all/function/internal_message.html?_=1591310892781&CODE_STATE=getMsg HTTP/1.1" 200 27
120.253.135.82 - - [05/Jun/2020:06:48:16 +0800] "GET /xingrg/kc/pszx/mdps_order_list.html HTTP/1.1" 200 20967
120.253.135.82 - - [05/Jun/2020:06:48:16 +0800] "POST /xingrg/kc/pszx/jzcl_ps_operate.html HTTP/1.1" 200 1228
120.253.135.82 - - [05/Jun/2020:06:48:16 +0800] "POST /xingrg/kc/pszx/mdps_list_operate.html HTTP/1.1" 200 5297
120.253.135.82 - - [05/Jun/2020:06:48:19 +0800] "GET /xingrg/kc/pszx/mdqp_order_list.html?state=10 HTTP/1.1" 200 11327
120.253.135.82 - - [05/Jun/2020:06:48:19 +0800] "GET /xingrg/dwr/interface/AjaxReportQueryService.js HTTP/1.1" 200 13203
120.253.135.82 - - [05/Jun/2020:06:48:19 +0800] "GET /xingrg/dwr/interface/AjaxQqpsService.js HTTP/1.1" 200 16326
120.253.135.82 - - [05/Jun/2020:06:48:19 +0800] "GET /xingrg/dwr/engine.js HTTP/1.1" 200 43631
120.253.135.82 - - [05/Jun/2020:06:48:23 +0800] "GET /xingrg/kc/pszx/mdqp_order_info.html?code=302020060400059 HTTP/1.1" 200 13350
120.253.135.82 - - [05/Jun/2020:06:48:23 +0800] "GET /xingrg/dwr/interface/AjaxComOrderService.js HTTP/1.1" 200 18264
120.253.135.82 - - [05/Jun/2020:06:48:23 +0800] "GET /xingrg/dwr/interface/AjaxQqpsService.js HTTP/1.1" 200 16326
120.253.135.82 - - [05/Jun/2020:06:48:23 +0800] "GET /xingrg/dwr/engine.js HTTP/1.1" 200 43631
120.253.135.82 - - [05/Jun/2020:06:48:23 +0800] "POST /xingrg/dwr/call/plaincall/AjaxQqpsService.loadMaterielItems.dwr HTTP/1.1" 200 451
120.253.135.82 - - [05/Jun/2020:06:48:29 +0800] "GET /xingrg/kc/pszx/mdqp_order_list.html?isBack=1 HTTP/1.1" 302 -
120.253.135.82 - - [05/Jun/2020:06:48:29 +0800] "GET /xingrg/kc/pszx/mdqp_order_list.html?state=10 HTTP/1.1" 200 11327
120.253.135.82 - - [05/Jun/2020:06:48:29 +0800] "GET /xingrg/dwr/interface/AjaxReportQueryService.js HTTP/1.1" 200 13203
120.253.135.82 - - [05/Jun/2020:06:48:29 +0800] "GET /xingrg/dwr/interface/AjaxQqpsService.js HTTP/1.1" 200 16326
120.253.135.82 - - [05/Jun/2020:06:48:29 +0800] "GET /xingrg/dwr/engine.js HTTP/1.1" 200 43631
120.253.135.82 - - [05/Jun/2020:06:48:31 +0800] "GET /xingrg/check_reg.html?_=1591310666234 HTTP/1.1" 200 22
120.253.135.82 - - [05/Jun/2020:06:48:31 +0800] "GET /xingrg/all/function/internal_message.html?_=1591310666406&CODE_STATE=getMsg HTTP/1.1" 200 27
120.253.135.82 - - [05/Jun/2020:06:48:33 +0800] "GET /xingrg/kc/pszx/mdqp_order_info.html?code=302020060400061 HTTP/1.1" 200 13350
120.253.135.82 - - [05/Jun/2020:06:48:33 +0800] "GET /xingrg/dwr/interface/AjaxComOrderService.js HTTP/1.1" 200 18264
120.253.135.82 - - [05/Jun/2020:06:48:33 +0800] "GET /xingrg/dwr/interface/AjaxQqpsService.js HTTP/1.1" 200 16326
120.253.135.82 - - [05/Jun/2020:06:48:33 +0800] "GET /xingrg/dwr/engine.js HTTP/1.1" 200 43631
120.253.135.82 - - [05/Jun/2020:06:48:33 +0800] "POST /xingrg/dwr/call/plaincall/AjaxQqpsService.loadMaterielItems.dwr HTTP/1.1" 200 1698
120.253.135.82 - - [05/Jun/2020:06:48:36 +0800] "GET /xingrg/kc/pszx/mdqp_order_list.html?isBack=1 HTTP/1.1" 302 -
120.253.135.82 - - [05/Jun/2020:06:48:36 +0800] "GET /xingrg/kc/pszx/mdqp_order_list.html?state=10 HTTP/1.1" 200 11327
120.253.135.82 - - [05/Jun/2020:06:48:36 +0800] "GET /xingrg/dwr/interface/AjaxReportQueryService.js HTTP/1.1" 200 13203
120.253.135.82 - - [05/Jun/2020:06:48:36 +0800] "GET /xingrg/dwr/interface/AjaxQqpsService.js HTTP/1.1" 200 16326
120.253.135.82 - - [05/Jun/2020:06:48:36 +0800] "GET /xingrg/dwr/engine.js HTTP/1.1" 200 43631
61.172.5.115 - - [05/Jun/2020:06:48:37 +0800] "GET /xingrg/all/function/internal_message.html?_=1591310918519&CODE_STATE=getMsg HTTP/1.1" 302 -
172.17.0.112 - - [05/Jun/2020:06:48:38 +0800] "GET /xingrg/all/function/internal_message.html?_=1591310917223&CODE_STATE=getMsg HTTP/1.1" 200 27
120.253.135.82 - - [05/Jun/2020:06:48:40 +0800] "GET /xingrg/kc/pszx/mdps_order_list.html?orderType=0 HTTP/1.1" 200 20967
120.253.135.82 - - [05/Jun/2020:06:48:41 +0800] "POST /xingrg/kc/pszx/mdps_list_operate.html HTTP/1.1" 200 5297
120.253.135.82 - - [05/Jun/2020:06:48:43 +0800] "GET /xingrg/kc/pszx/mdps_order_list.html?orderType=0 HTTP/1.1" 200 20967
120.253.135.82 - - [05/Jun/2020:06:48:43 +0800] "POST /xingrg/kc/pszx/mdps_list_operate.html HTTP/1.1" 200 5297
114.84.33.255 - - [05/Jun/2020:06:48:44 +0800] "GET /xingrg/check_reg.html?_=1591310940619 HTTP/1.1" 200 22
120.253.135.82 - - [05/Jun/2020:06:48:48 +0800] "POST /xingrg/kc/pszx/mdps_list_operate.html HTTP/1.1" 200 3497
120.253.135.82 - - [05/Jun/2020:06:48:49 +0800] "POST /xingrg/kc/pszx/mdps_list_operate.html HTTP/1.1" 200 202
120.253.135.82 - - [05/Jun/2020:06:48:51 +0800] "POST /xingrg/kc/pszx/mdps_list_operate.html HTTP/1.1" 200 207
114.88.170.9 - - [05/Jun/2020:06:48:52 +0800] "GET /xingrg/all/function/internal_message.html?_=1591310927461&CODE_STATE=getMsg HTTP/1.1" 200 27
114.84.32.201 - - [05/Jun/2020:06:48:52 +0800] "GET /xingrg/all/function/internal_message.html?_=1591310933372&CODE_STATE=getMsg HTTP/1.1" 200 27
114.84.32.201 - - [05/Jun/2020:06:48:52 +0800] "GET /xingrg/check_reg.html?_=1591310933374 HTTP/1.1" 200 22
120.253.135.82 - - [05/Jun/2020:06:48:54 +0800] "GET /xingrg/kc/pszx/mdps_order_info.html?code=312020060500104 HTTP/1.1" 200 23843
120.253.135.82 - - [05/Jun/2020:06:48:54 +0800] "POST /xingrg/kc/pszx/mdps_order_operate.html HTTP/1.1" 200 2278
120.253.135.82 - - [05/Jun/2020:06:48:54 +0800] "GET /xingrg/javascript/easyui/themes/default/validatebox.css HTTP/1.1" 404 1104
120.253.135.82 - - [05/Jun/2020:06:48:56 +0800] "GET /xingrg/css/images/panel_loading.gif HTTP/1.1" 304 -
120.253.135.82 - - [05/Jun/2020:06:48:56 +0800] "POST /xingrg/all/common/load_combo.html?type=base HTTP/1.1" 200 899
116.230.77.149 - - [05/Jun/2020:06:49:00 +0800] "GET /xingrg/all/function/internal_message.html?_=1591310935099&CODE_STATE=getMsg HTTP/1.1" 200 27
114.84.32.201 - - [05/Jun/2020:06:49:00 +0800] "GET /xingrg/all/function/internal_message.html?_=1591310940693&CODE_STATE=getMsg HTTP/1.1" 200 27
172.17.0.110 - - [05/Jun/2020:06:49:00 +0800] "GET /xingrg/all/function/internal_message.html?_=1591310938523&CODE_STATE=getMsg HTTP/1.1" 200 27
120.253.135.82 - - [05/Jun/2020:06:49:01 +0800] "POST /xingrg/kc/pszx/mdps_order_operate.html HTTP/1.1" 200 37
120.253.135.82 - - [05/Jun/2020:06:49:02 +0800] "GET /xingrg/kc/pszx/mdps_order_info.html?code=312020060500104 HTTP/1.1" 200 23841
120.253.135.82 - - [05/Jun/2020:06:49:02 +0800] "POST /xingrg/kc/pszx/mdps_order_operate.html HTTP/1.1" 200 2287
120.253.135.82 - - [05/Jun/2020:06:49:02 +0800] "GET /xingrg/javascript/easyui/themes/default/validatebox.css HTTP/1.1" 404 1104
114.84.33.255 - - [05/Jun/2020:06:49:04 +0800] "GET /xingrg/all/function/internal_message.html?_=1591310960619&CODE_STATE=getMsg HTTP/1.1" 200 27
120.253.135.82 - - [05/Jun/2020:06:49:07 +0800] "POST /xingrg/all/common/load_select.html HTTP/1.1" 200 25
120.253.135.82 - - [05/Jun/2020:06:49:09 +0800] "GET /xingrg/kc/pszx/mdps_order_operate.html?command=get_materiel_price&pszx_code=00101&rest_code=00109&base_code=0010253&code=00101036002&unit_code=00100317&order_time=2020-06-06 HTTP/1.1" 200 35
172.17.0.185 - - [05/Jun/2020:06:49:15 +0800] "GET /xingrg/all/function/internal_message.html?_=1591310952770&CODE_STATE=getMsg HTTP/1.1" 200 27
120.253.135.82 - - [05/Jun/2020:06:49:16 +0800] "POST /xingrg/kc/pszx/mdps_order_operate.html HTTP/1.1" 200 37
120.253.135.82 - - [05/Jun/2020:06:49:18 +0800] "GET /xingrg/kc/pszx/mdps_order_info.html?code=312020060500104 HTTP/1.1" 200 23841
120.253.135.82 - - [05/Jun/2020:06:49:18 +0800] "POST /xingrg/kc/pszx/mdps_order_operate.html HTTP/1.1" 200 2286
120.253.135.82 - - [05/Jun/2020:06:49:18 +0800] "GET /xingrg/javascript/easyui/themes/default/validatebox.css HTTP/1.1" 404 1104
120.253.135.82 - - [05/Jun/2020:06:49:21 +0800] "GET /xingrg/kc/pszx/mdps_order_info.html?code=312020060500104 HTTP/1.1" 200 23841
120.253.135.82 - - [05/Jun/2020:06:49:22 +0800] "POST /xingrg/kc/pszx/mdps_order_operate.html HTTP/1.1" 200 2286
120.253.135.82 - - [05/Jun/2020:06:49:22 +0800] "GET /xingrg/javascript/easyui/themes/default/validatebox.css HTTP/1.1" 404 1104
120.253.135.82 - - [05/Jun/2020:06:49:23 +0800] "POST /xingrg/kc/pszx/mdps_list_operate.html HTTP/1.1" 200 3494
120.253.135.82 - - [05/Jun/2020:06:49:28 +0800] "POST /xingrg/kc/pszx/mdps_list_operate.html HTTP/1.1" 200 588
120.253.135.82 - - [05/Jun/2020:06:49:28 +0800] "GET /xingrg/kc/pszx/mdps_order_info.html?code=312020060500105 HTTP/1.1" 200 23843
120.253.135.82 - - [05/Jun/2020:06:49:29 +0800] "GET /xingrg/javascript/easyui/themes/default/validatebox.css HTTP/1.1" 404 1104
120.253.135.82 - - [05/Jun/2020:06:49:29 +0800] "POST /xingrg/kc/pszx/mdps_order_operate.html HTTP/1.1" 200 8697
120.253.135.82 - - [05/Jun/2020:06:49:31 +0800] "GET /xingrg/all/function/internal_message.html?_=1591310726419&CODE_STATE=getMsg HTTP/1.1" 200 27
120.253.135.82 - - [05/Jun/2020:06:49:32 +0800] "POST /xingrg/all/common/load_combo.html?type=base HTTP/1.1" 200 899
120.253.135.82 - - [05/Jun/2020:06:49:36 +0800] "POST /xingrg/kc/pszx/mdps_order_operate.html HTTP/1.1" 200 37
120.253.135.82 - - [05/Jun/2020:06:49:36 +0800] "GET /xingrg/kc/pszx/mdps_order_info.html?code=312020060500105 HTTP/1.1" 200 23843
120.253.135.82 - - [05/Jun/2020:06:49:37 +0800] "POST /xingrg/kc/pszx/mdps_order_operate.html HTTP/1.1" 200 8811
120.253.135.82 - - [05/Jun/2020:06:49:37 +0800] "GET /xingrg/javascript/easyui/themes/default/validatebox.css HTTP/1.1" 404 1104
61.172.5.115 - - [05/Jun/2020:06:49:37 +0800] "GET /xingrg/all/function/internal_message.html?_=1591310978534&CODE_STATE=getMsg HTTP/1.1" 302 -
172.17.0.112 - - [05/Jun/2020:06:49:38 +0800] "GET /xingrg/all/function/internal_message.html?_=1591310977215&CODE_STATE=getMsg HTTP/1.1" 200 27
114.88.170.9 - - [05/Jun/2020:06:49:52 +0800] "GET /xingrg/all/function/internal_message.html?_=1591310987477&CODE_STATE=getMsg HTTP/1.1" 200 27
114.84.32.201 - - [05/Jun/2020:06:49:52 +0800] "GET /xingrg/all/function/internal_message.html?_=1591310993379&CODE_STATE=getMsg HTTP/1.1" 200 27
116.230.77.149 - - [05/Jun/2020:06:50:00 +0800] "GET /xingrg/all/function/internal_message.html?_=1591310995102&CODE_STATE=getMsg HTTP/1.1" 200 27
114.84.32.201 - - [05/Jun/2020:06:50:00 +0800] "GET /xingrg/all/function/internal_message.html?_=1591311000692&CODE_STATE=getMsg HTTP/1.1" 200 27
114.84.32.201 - - [05/Jun/2020:06:50:00 +0800] "GET /xingrg/check_reg.html?_=1591311000695 HTTP/1.1" 200 22
172.17.0.110 - - [05/Jun/2020:06:50:00 +0800] "GET /xingrg/all/function/internal_message.html?_=1591310998522&CODE_STATE=getMsg HTTP/1.1" 200 27
120.253.135.82 - - [05/Jun/2020:06:50:01 +0800] "POST /xingrg/kc/pszx/mdps_list_operate.html HTTP/1.1" 200 3494
114.84.33.255 - - [05/Jun/2020:06:50:04 +0800] "GET /xingrg/all/function/internal_message.html?_=1591311020633&CODE_STATE=getMsg HTTP/1.1" 200 27
120.253.135.82 - - [05/Jun/2020:06:50:13 +0800] "POST /xingrg/kc/pszx/mdps_list_operate.html HTTP/1.1" 200 2435
120.253.135.82 - - [05/Jun/2020:06:50:14 +0800] "POST /xingrg/kc/pszx/mdps_list_operate.html HTTP/1.1" 200 373
172.17.0.185 - - [05/Jun/2020:06:50:15 +0800] "GET /xingrg/all/function/internal_message.html?_=1591311012771&CODE_STATE=getMsg HTTP/1.1" 200 27
120.253.135.82 - - [05/Jun/2020:06:50:15 +0800] "GET /xingrg/kc/pszx/mdps_order_info.html?code=312020060200049 HTTP/1.1" 200 23849
120.253.135.82 - - [05/Jun/2020:06:50:16 +0800] "POST /xingrg/kc/pszx/mdps_order_operate.html HTTP/1.1" 200 3305
120.253.135.82 - - [05/Jun/2020:06:50:16 +0800] "GET /xingrg/javascript/easyui/themes/default/validatebox.css HTTP/1.1" 404 1104
120.253.135.82 - - [05/Jun/2020:06:50:22 +0800] "POST /xingrg/kc/pszx/mdps_list_operate.html HTTP/1.1" 200 2435
120.253.135.82 - - [05/Jun/2020:06:50:25 +0800] "GET /xingrg/kc/pszx/mdps_order_list.html?orderType=0 HTTP/1.1" 200 20967
120.253.135.82 - - [05/Jun/2020:06:50:26 +0800] "POST /xingrg/kc/pszx/mdps_list_operate.html HTTP/1.1" 200 5294
120.253.135.82 - - [05/Jun/2020:06:50:31 +0800] "GET /xingrg/all/function/internal_message.html?_=1591310786433&CODE_STATE=getMsg HTTP/1.1" 200 27
120.253.135.82 - - [05/Jun/2020:06:50:31 +0800] "POST /xingrg/kc/pszx/mdps_list_operate.html HTTP/1.1" 200 3494
120.253.135.82 - - [05/Jun/2020:06:50:33 +0800] "POST /xingrg/kc/pszx/mdps_list_operate.html HTTP/1.1" 200 588
120.253.135.82 - - [05/Jun/2020:06:50:34 +0800] "GET /xingrg/kc/pszx/mdps_order_info.html?code=312020060500105 HTTP/1.1" 200 23843
120.253.135.82 - - [05/Jun/2020:06:50:34 +0800] "POST /xingrg/kc/pszx/mdps_order_operate.html HTTP/1.1" 200 8811
120.253.135.82 - - [05/Jun/2020:06:50:34 +0800] "GET /xingrg/javascript/easyui/themes/default/validatebox.css HTTP/1.1" 404 1104
61.172.5.115 - - [05/Jun/2020:06:50:37 +0800] "GET /xingrg/all/function/internal_message.html?_=1591311038521&CODE_STATE=getMsg HTTP/1.1" 302 -
172.17.0.112 - - [05/Jun/2020:06:50:38 +0800] "GET /xingrg/all/function/internal_message.html?_=1591311037220&CODE_STATE=getMsg HTTP/1.1" 200 27
172.17.0.112 - - [05/Jun/2020:06:50:38 +0800] "GET /xingrg/check_reg.html?_=1591311037225 HTTP/1.1" 200 22
114.88.170.9 - - [05/Jun/2020:06:50:52 +0800] "GET /xingrg/all/function/internal_message.html?_=1591311047505&CODE_STATE=getMsg HTTP/1.1" 200 27
114.84.32.201 - - [05/Jun/2020:06:50:52 +0800] "GET /xingrg/all/function/internal_message.html?_=1591311053380&CODE_STATE=getMsg HTTP/1.1" 200 27
114.84.32.201 - - [05/Jun/2020:06:51:00 +0800] "GET /xingrg/all/function/internal_message.html?_=1591311060694&CODE_STATE=getMsg HTTP/1.1" 200 27
116.230.77.149 - - [05/Jun/2020:06:51:00 +0800] "GET /xingrg/all/function/internal_message.html?_=1591311055101&CODE_STATE=getMsg HTTP/1.1" 200 27
172.17.0.110 - - [05/Jun/2020:06:51:00 +0800] "GET /xingrg/all/function/internal_message.html?_=1591311058521&CODE_STATE=getMsg HTTP/1.1" 200 27
114.84.33.255 - - [05/Jun/2020:06:51:04 +0800] "GET /xingrg/all/function/internal_message.html?_=1591311080657&CODE_STATE=getMsg HTTP/1.1" 200 27
120.253.135.82 - - [05/Jun/2020:06:51:10 +0800] "GET /xingrg/kc/buy/buy_main.html HTTP/1.1" 200 12341
120.253.135.82 - - [05/Jun/2020:06:51:10 +0800] "GET /xingrg/javascript/jquery_ui/themes/humanity/humanity.css HTTP/1.1" 304 -
120.253.135.82 - - [05/Jun/2020:06:51:10 +0800] "GET /xingrg/css/new_ie.css HTTP/1.1" 404 1036
120.253.135.82 - - [05/Jun/2020:06:51:10 +0800] "GET /xingrg/javascript/jquery_ui/jquery-ui.min.js HTTP/1.1" 304 -
120.253.135.82 - - [05/Jun/2020:06:51:10 +0800] "GET /xingrg/images/blue/button/cgxqd.gif HTTP/1.1" 304 -
120.253.135.82 - - [05/Jun/2020:06:51:10 +0800] "GET /xingrg/images/blue/button/kc.gif HTTP/1.1" 304 -
120.253.135.82 - - [05/Jun/2020:06:51:10 +0800] "GET /xingrg/images/blue/bg_dotted.jpg HTTP/1.1" 304 -
120.253.135.82 - - [05/Jun/2020:06:51:10 +0800] "GET /xingrg/images/blue/button/cgydd.gif HTTP/1.1" 304 -
120.253.135.82 - - [05/Jun/2020:06:51:10 +0800] "GET /xingrg/images/blue/button/ckthd.gif HTTP/1.1" 304 -
120.253.135.82 - - [05/Jun/2020:06:51:10 +0800] "GET /xingrg/images/blue/button/down_ah.jpg HTTP/1.1" 304 -
120.253.135.82 - - [05/Jun/2020:06:51:10 +0800] "GET /xingrg/images/blue/button/cgfkd.gif HTTP/1.1" 304 -
120.253.135.82 - - [05/Jun/2020:06:51:10 +0800] "GET /xingrg/images/blue/button/right_ah.jpg HTTP/1.1" 304 -
120.253.135.82 - - [05/Jun/2020:06:51:10 +0800] "GET /xingrg/images/blue/pic_form2.gif HTTP/1.1" 304 -
120.253.135.82 - - [05/Jun/2020:06:51:10 +0800] "GET /xingrg/images/blue/button/cgshd.gif HTTP/1.1" 304 -
120.253.135.82 - - [05/Jun/2020:06:51:10 +0800] "GET /xingrg/javascript/jquery_ui/themes/humanity/images/ui-bg_inset-soft_100_f4f0ec_1x100.png HTTP/1.1" 304 -
120.253.135.82 - - [05/Jun/2020:06:51:10 +0800] "GET /xingrg/javascript/jquery_ui/themes/humanity/images/ui-iconsnew.jpg HTTP/1.1" 304 -
120.253.135.82 - - [05/Jun/2020:06:51:10 +0800] "GET /xingrg/javascript/jquery_ui/themes/humanity/images/ui-icons_ffffff_256x240.png HTTP/1.1" 304 -
120.253.135.82 - - [05/Jun/2020:06:51:10 +0800] "GET /xingrg/javascript/jquery_ui/themes/humanity/images/ui-icons_c47a23_256x240.png HTTP/1.1" 304 -
120.253.135.82 - - [05/Jun/2020:06:51:10 +0800] "GET /xingrg/javascript/jquery_ui/themes/humanity/images/ui-bg_glass_70_ede4d4_1x400.png HTTP/1.1" 304 -
120.253.135.82 - - [05/Jun/2020:06:51:10 +0800] "GET /xingrg/images/yd/bt.gif HTTP/1.1" 404 1040
120.253.135.82 - - [05/Jun/2020:06:51:11 +0800] "GET /xingrg/kc/buy/cgsh_order_list.html HTTP/1.1" 200 43251
120.253.135.82 - - [05/Jun/2020:06:51:13 +0800] "POST /xingrg/kc/buy/cgsh_list_operate.html HTTP/1.1" 200 2794
172.17.0.185 - - [05/Jun/2020:06:51:15 +0800] "GET /xingrg/all/function/internal_message.html?_=1591311072764&CODE_STATE=getMsg HTTP/1.1" 200 27
114.84.151.157 - - [05/Jun/2020:06:51:17 +0800] "POST /xingrg/services/DataTransmitService HTTP/1.1" 200 524
120.253.135.82 - - [05/Jun/2020:06:51:17 +0800] "GET /xingrg/kc/buy/cgsh_order_add.html HTTP/1.1" 200 57713
120.253.135.82 - - [05/Jun/2020:06:51:18 +0800] "GET /xingrg/javascript/easyui/themes/icons/template_new.png HTTP/1.1" 304 -
120.253.135.82 - - [05/Jun/2020:06:51:18 +0800] "POST /xingrg/kc/buy/cgsh_order_operate.html HTTP/1.1" 200 8245
120.253.135.82 - - [05/Jun/2020:06:51:18 +0800] "GET /xingrg/all/common/auto_word.html?type=employee&rest_code=00101 HTTP/1.1" 200 1123
120.253.135.82 - - [05/Jun/2020:06:51:18 +0800] "GET /xingrg/all/common/auto_word.html?type=employee&rest_code=00101 HTTP/1.1" 200 1123
120.253.135.82 - - [05/Jun/2020:06:51:18 +0800] "GET /xingrg/javascript/easyui/themes/default/validatebox.css HTTP/1.1" 404 1104
114.84.151.157 - - [05/Jun/2020:06:51:20 +0800] "POST /xingrg/services/DataTransmitService HTTP/1.1" 200 501
120.253.135.82 - - [05/Jun/2020:06:51:31 +0800] "GET /xingrg/kc/buy/cgsh_order_operate.html?command=get_materiel&rest_code=00101&code=00102002006&supplier_code=&order_time=2020-06-05 HTTP/1.1" 200 466
120.253.135.82 - - [05/Jun/2020:06:51:31 +0800] "GET /xingrg/all/function/internal_message.html?_=1591310846446&CODE_STATE=getMsg HTTP/1.1" 200 27
120.253.135.82 - - [05/Jun/2020:06:51:34 +0800] "POST /xingrg/all/common/load_select.html HTTP/1.1" 200 25
114.88.170.9 - - [05/Jun/2020:06:51:36 +0800] "GET /xingrg/check_reg.html?_=1591311091471 HTTP/1.1" 200 22
120.253.135.82 - - [05/Jun/2020:06:51:37 +0800] "GET /xingrg/kc/buy/cgsh_order_operate.html?command=get_materiel_price&rest_code=00101&code=00102002006&unit_code=00100043&supplier_code=&order_time=2020-06-05 HTTP/1.1" 200 30
61.172.5.115 - - [05/Jun/2020:06:51:37 +0800] "GET /xingrg/check_reg.html?_=1591311098518 HTTP/1.1" 302 -
61.172.5.115 - - [05/Jun/2020:06:51:37 +0800] "GET /xingrg/all/function/internal_message.html?_=1591311098558&CODE_STATE=getMsg HTTP/1.1" 302 -
172.17.0.112 - - [05/Jun/2020:06:51:38 +0800] "GET /xingrg/all/function/internal_message.html?_=1591311097214&CODE_STATE=getMsg HTTP/1.1" 200 27
120.253.135.82 - - [05/Jun/2020:06:51:42 +0800] "GET /xingrg/kc/pszx/mdps_order_list.html?orderType=0 HTTP/1.1" 200 20967
120.253.135.82 - - [05/Jun/2020:06:51:42 +0800] "POST /xingrg/kc/pszx/mdps_list_operate.html HTTP/1.1" 200 5294
120.253.135.82 - - [05/Jun/2020:06:51:49 +0800] "POST /xingrg/kc/pszx/mdps_list_operate.html HTTP/1.1" 200 3494
120.253.135.82 - - [05/Jun/2020:06:51:50 +0800] "POST /xingrg/kc/pszx/mdps_list_operate.html HTTP/1.1" 200 588
120.253.135.82 - - [05/Jun/2020:06:51:51 +0800] "GET /xingrg/kc/pszx/mdps_order_info.html?code=312020060500105 HTTP/1.1" 200 23843
120.253.135.82 - - [05/Jun/2020:06:51:51 +0800] "GET /xingrg/javascript/easyui/themes/default/validatebox.css HTTP/1.1" 404 1104
120.253.135.82 - - [05/Jun/2020:06:51:52 +0800] "POST /xingrg/kc/pszx/mdps_order_operate.html HTTP/1.1" 200 8811
114.88.170.9 - - [05/Jun/2020:06:51:52 +0800] "GET /xingrg/all/function/internal_message.html?_=1591311107519&CODE_STATE=getMsg HTTP/1.1" 200 27
114.84.32.201 - - [05/Jun/2020:06:51:52 +0800] "GET /xingrg/all/function/internal_message.html?_=1591311113379&CODE_STATE=getMsg HTTP/1.1" 200 27
120.253.135.82 - - [05/Jun/2020:06:51:56 +0800] "POST /xingrg/kc/pszx/mdps_list_operate.html HTTP/1.1" 200 233
120.253.135.82 - - [05/Jun/2020:06:51:57 +0800] "GET /xingrg/kc/pszx/mdps_order_info.html?code=312020060500106 HTTP/1.1" 200 23843
120.253.135.82 - - [05/Jun/2020:06:51:57 +0800] "GET /xingrg/javascript/easyui/themes/default/validatebox.css HTTP/1.1" 404 1104
120.253.135.82 - - [05/Jun/2020:06:51:57 +0800] "POST /xingrg/kc/pszx/mdps_order_operate.html HTTP/1.1" 200 2324
116.230.77.149 - - [05/Jun/2020:06:52:00 +0800] "GET /xingrg/all/function/internal_message.html?_=1591311115099&CODE_STATE=getMsg HTTP/1.1" 200 27
114.84.32.201 - - [05/Jun/2020:06:52:00 +0800] "GET /xingrg/all/function/internal_message.html?_=1591311120695&CODE_STATE=getMsg HTTP/1.1" 200 27
172.17.0.110 - - [05/Jun/2020:06:52:00 +0800] "GET /xingrg/check_reg.html?_=1591311118524 HTTP/1.1" 200 22
172.17.0.110 - - [05/Jun/2020:06:52:00 +0800] "GET /xingrg/all/function/internal_message.html?_=1591311118521&CODE_STATE=getMsg HTTP/1.1" 200 27
120.253.135.82 - - [05/Jun/2020:06:52:02 +0800] "POST /xingrg/kc/pszx/mdps_order_operate.html HTTP/1.1" 200 37
120.253.135.82 - - [05/Jun/2020:06:52:03 +0800] "GET /xingrg/kc/pszx/mdps_order_info.html?code=312020060500106 HTTP/1.1" 200 23843
120.253.135.82 - - [05/Jun/2020:06:52:03 +0800] "POST /xingrg/kc/pszx/mdps_order_operate.html HTTP/1.1" 200 2333
120.253.135.82 - - [05/Jun/2020:06:52:03 +0800] "GET /xingrg/javascript/easyui/themes/default/validatebox.css HTTP/1.1" 404 1104
114.84.33.255 - - [05/Jun/2020:06:52:04 +0800] "GET /xingrg/all/function/internal_message.html?_=1591311140659&CODE_STATE=getMsg HTTP/1.1" 200 27
120.253.135.82 - - [05/Jun/2020:06:52:04 +0800] "POST /xingrg/all/common/load_select.html HTTP/1.1" 200 25
120.253.135.82 - - [05/Jun/2020:06:52:06 +0800] "GET /xingrg/kc/pszx/mdps_order_operate.html?command=get_materiel_price&pszx_code=00101&rest_code=00109&base_code=0010246&code=00101029073&unit_code=00100179&order_time=2020-06-06 HTTP/1.1" 200 34
172.17.0.185 - - [05/Jun/2020:06:52:15 +0800] "GET /xingrg/all/function/internal_message.html?_=1591311132776&CODE_STATE=getMsg HTTP/1.1" 200 27
172.17.0.185 - - [05/Jun/2020:06:52:15 +0800] "GET /xingrg/check_reg.html?_=1591311132781 HTTP/1.1" 200 22
120.253.135.82 - - [05/Jun/2020:06:52:19 +0800] "POST /xingrg/kc/pszx/mdps_order_operate.html HTTP/1.1" 200 37
120.253.135.82 - - [05/Jun/2020:06:52:20 +0800] "GET /xingrg/kc/pszx/mdps_order_info.html?code=312020060500106 HTTP/1.1" 200 23843
120.253.135.82 - - [05/Jun/2020:06:52:20 +0800] "POST /xingrg/kc/pszx/mdps_order_operate.html HTTP/1.1" 200 2331
120.253.135.82 - - [05/Jun/2020:06:52:20 +0800] "GET /xingrg/javascript/easyui/themes/default/validatebox.css HTTP/1.1" 404 1104
120.253.135.82 - - [05/Jun/2020:06:52:22 +0800] "POST /xingrg/kc/pszx/mdps_list_operate.html HTTP/1.1" 200 3494
120.253.135.82 - - [05/Jun/2020:06:52:24 +0800] "POST /xingrg/kc/pszx/mdps_list_operate.html HTTP/1.1" 200 357
120.253.135.82 - - [05/Jun/2020:06:52:24 +0800] "GET /xingrg/kc/pszx/mdps_order_info.html?code=312020060500107 HTTP/1.1" 200 23843
120.253.135.82 - - [05/Jun/2020:06:52:25 +0800] "POST /xingrg/kc/pszx/mdps_order_operate.html HTTP/1.1" 200 3231
120.253.135.82 - - [05/Jun/2020:06:52:25 +0800] "GET /xingrg/javascript/easyui/themes/default/validatebox.css HTTP/1.1" 404 1104
120.253.135.82 - - [05/Jun/2020:06:52:27 +0800] "POST /xingrg/kc/pszx/mdps_order_operate.html HTTP/1.1" 200 37
120.253.135.82 - - [05/Jun/2020:06:52:28 +0800] "GET /xingrg/kc/pszx/mdps_order_info.html?code=312020060500107 HTTP/1.1" 200 23843
120.253.135.82 - - [05/Jun/2020:06:52:29 +0800] "GET /xingrg/javascript/easyui/themes/default/validatebox.css HTTP/1.1" 404 1104
120.253.135.82 - - [05/Jun/2020:06:52:29 +0800] "POST /xingrg/kc/pszx/mdps_order_operate.html HTTP/1.1" 200 3252
120.253.135.82 - - [05/Jun/2020:06:52:31 +0800] "GET /xingrg/all/function/internal_message.html?_=1591310906460&CODE_STATE=getMsg HTTP/1.1" 200 27
61.172.5.115 - - [05/Jun/2020:06:52:37 +0800] "GET /xingrg/all/function/internal_message.html?_=1591311158558&CODE_STATE=getMsg HTTP/1.1" 302 -
172.17.0.112 - - [05/Jun/2020:06:52:38 +0800] "GET /xingrg/all/function/internal_message.html?_=1591311157209&CODE_STATE=getMsg HTTP/1.1" 200 27
120.253.135.82 - - [05/Jun/2020:06:52:46 +0800] "POST /xingrg/kc/pszx/mdps_order_operate.html HTTP/1.1" 200 37
120.253.135.82 - - [05/Jun/2020:06:52:47 +0800] "GET /xingrg/kc/pszx/mdps_order_info.html?code=312020060500107 HTTP/1.1" 200 23843
120.253.135.82 - - [05/Jun/2020:06:52:47 +0800] "POST /xingrg/kc/pszx/mdps_order_operate.html HTTP/1.1" 200 3252
120.253.135.82 - - [05/Jun/2020:06:52:47 +0800] "GET /xingrg/javascript/easyui/themes/default/validatebox.css HTTP/1.1" 404 1104
120.253.135.82 - - [05/Jun/2020:06:52:49 +0800] "POST /xingrg/kc/pszx/mdps_list_operate.html HTTP/1.1" 200 3494
120.253.135.82 - - [05/Jun/2020:06:52:50 +0800] "POST /xingrg/kc/pszx/mdps_list_operate.html HTTP/1.1" 200 619
120.253.135.82 - - [05/Jun/2020:06:52:51 +0800] "GET /xingrg/kc/pszx/mdps_order_info.html?code=312020060500108 HTTP/1.1" 200 23843
120.253.135.82 - - [05/Jun/2020:06:52:52 +0800] "GET /xingrg/javascript/easyui/themes/default/validatebox.css HTTP/1.1" 404 1104
120.253.135.82 - - [05/Jun/2020:06:52:52 +0800] "POST /xingrg/kc/pszx/mdps_order_operate.html HTTP/1.1" 200 23972
114.88.170.9 - - [05/Jun/2020:06:52:52 +0800] "GET /xingrg/all/function/internal_message.html?_=1591311167534&CODE_STATE=getMsg HTTP/1.1" 200 27
114.84.32.201 - - [05/Jun/2020:06:52:52 +0800] "GET /xingrg/all/function/internal_message.html?_=1591311173379&CODE_STATE=getMsg HTTP/1.1" 200 27
120.253.135.82 - - [05/Jun/2020:06:52:54 +0800] "POST /xingrg/kc/pszx/mdps_order_operate.html HTTP/1.1" 200 37
120.253.135.82 - - [05/Jun/2020:06:52:55 +0800] "GET /xingrg/kc/pszx/mdps_order_info.html?code=312020060500108 HTTP/1.1" 200 23843
120.253.135.82 - - [05/Jun/2020:06:52:55 +0800] "POST /xingrg/kc/pszx/mdps_order_operate.html HTTP/1.1" 200 24308
120.253.135.82 - - [05/Jun/2020:06:52:55 +0800] "GET /xingrg/javascript/easyui/themes/default/validatebox.css HTTP/1.1" 404 1104
116.230.77.149 - - [05/Jun/2020:06:53:00 +0800] "GET /xingrg/all/function/internal_message.html?_=1591311175100&CODE_STATE=getMsg HTTP/1.1" 200 27
116.230.77.149 - - [05/Jun/2020:06:53:00 +0800] "GET /xingrg/check_reg.html?_=1591311175103 HTTP/1.1" 200 22
114.84.32.201 - - [05/Jun/2020:06:53:00 +0800] "GET /xingrg/all/function/internal_message.html?_=1591311180694&CODE_STATE=getMsg HTTP/1.1" 200 27
172.17.0.110 - - [05/Jun/2020:06:53:00 +0800] "GET /xingrg/all/function/internal_message.html?_=1591311178525&CODE_STATE=getMsg HTTP/1.1" 200 27
117.131.5.26 - - [05/Jun/2020:06:53:03 +0800] "GET /xingrg/check_reg.html?_=1591311189336 HTTP/1.1" 200 22
114.84.33.255 - - [05/Jun/2020:06:53:04 +0800] "GET /xingrg/all/function/internal_message.html?_=1591311200682&CODE_STATE=getMsg HTTP/1.1" 200 27
58.221.95.50 - - [05/Jun/2020:06:53:07 +0800] "GET /xingrg/check_reg.html?_=1591311237908 HTTP/1.1" 200 22
172.17.0.185 - - [05/Jun/2020:06:53:15 +0800] "GET /xingrg/all/function/internal_message.html?_=1591311192770&CODE_STATE=getMsg HTTP/1.1" 200 27
120.253.135.82 - - [05/Jun/2020:06:53:31 +0800] "GET /xingrg/check_reg.html?_=1591310966241 HTTP/1.1" 200 22
120.253.135.82 - - [05/Jun/2020:06:53:31 +0800] "GET /xingrg/all/function/internal_message.html?_=1591310966474&CODE_STATE=getMsg HTTP/1.1" 200 27
61.172.5.115 - - [05/Jun/2020:06:53:37 +0800] "GET /xingrg/all/function/internal_message.html?_=1591311218544&CODE_STATE=getMsg HTTP/1.1" 302 -
172.17.0.112 - - [05/Jun/2020:06:53:38 +0800] "GET /xingrg/all/function/internal_message.html?_=1591311217216&CODE_STATE=getMsg HTTP/1.1" 200 27
114.84.33.255 - - [05/Jun/2020:06:53:44 +0800] "GET /xingrg/check_reg.html?_=1591311240624 HTTP/1.1" 200 22
114.88.170.9 - - [05/Jun/2020:06:53:52 +0800] "GET /xingrg/all/function/internal_message.html?_=1591311227563&CODE_STATE=getMsg HTTP/1.1" 200 27
114.84.32.201 - - [05/Jun/2020:06:53:52 +0800] "GET /xingrg/all/function/internal_message.html?_=1591311233379&CODE_STATE=getMsg HTTP/1.1" 200 27
114.84.32.201 - - [05/Jun/2020:06:53:52 +0800] "GET /xingrg/check_reg.html?_=1591311233386 HTTP/1.1" 200 22
116.230.77.149 - - [05/Jun/2020:06:54:00 +0800] "GET /xingrg/all/function/internal_message.html?_=1591311235100&CODE_STATE=getMsg HTTP/1.1" 200 27
114.84.32.201 - - [05/Jun/2020:06:54:00 +0800] "GET /xingrg/all/function/internal_message.html?_=1591311240699&CODE_STATE=getMsg HTTP/1.1" 200 27
172.17.0.110 - - [05/Jun/2020:06:54:00 +0800] "GET /xingrg/all/function/internal_message.html?_=1591311238525&CODE_STATE=getMsg HTTP/1.1" 200 27
114.84.33.255 - - [05/Jun/2020:06:54:04 +0800] "GET /xingrg/all/function/internal_message.html?_=1591311260696&CODE_STATE=getMsg HTTP/1.1" 200 27
172.17.0.185 - - [05/Jun/2020:06:54:15 +0800] "GET /xingrg/all/function/internal_message.html?_=1591311252774&CODE_STATE=getMsg HTTP/1.1" 200 27
120.253.135.82 - - [05/Jun/2020:06:54:31 +0800] "GET /xingrg/all/function/internal_message.html?_=1591311026486&CODE_STATE=getMsg HTTP/1.1" 200 27
61.172.5.115 - - [05/Jun/2020:06:54:37 +0800] "GET /xingrg/all/function/internal_message.html?_=1591311278559&CODE_STATE=getMsg HTTP/1.1" 302 -
172.17.0.112 - - [05/Jun/2020:06:54:38 +0800] "GET /xingrg/all/function/internal_message.html?_=1591311277222&CODE_STATE=getMsg HTTP/1.1" 200 27
114.88.170.9 - - [05/Jun/2020:06:54:52 +0800] "GET /xingrg/all/function/internal_message.html?_=1591311287576&CODE_STATE=getMsg HTTP/1.1" 200 27
114.84.32.201 - - [05/Jun/2020:06:54:52 +0800] "GET /xingrg/all/function/internal_message.html?_=1591311293384&CODE_STATE=getMsg HTTP/1.1" 200 27
116.230.77.149 - - [05/Jun/2020:06:55:00 +0800] "GET /xingrg/all/function/internal_message.html?_=1591311295100&CODE_STATE=getMsg HTTP/1.1" 200 27
114.84.32.201 - - [05/Jun/2020:06:55:00 +0800] "GET /xingrg/all/function/internal_message.html?_=1591311300699&CODE_STATE=getMsg HTTP/1.1" 200 27
114.84.32.201 - - [05/Jun/2020:06:55:00 +0800] "GET /xingrg/check_reg.html?_=1591311300700 HTTP/1.1" 200 22
172.17.0.110 - - [05/Jun/2020:06:55:00 +0800] "GET /xingrg/all/function/internal_message.html?_=1591311298551&CODE_STATE=getMsg HTTP/1.1" 200 27
114.84.33.255 - - [05/Jun/2020:06:55:04 +0800] "GET /xingrg/all/function/internal_message.html?_=1591311320700&CODE_STATE=getMsg HTTP/1.1" 200 27
172.17.0.185 - - [05/Jun/2020:06:55:15 +0800] "GET /xingrg/all/function/internal_message.html?_=1591311312765&CODE_STATE=getMsg HTTP/1.1" 200 27
120.253.135.82 - - [05/Jun/2020:06:55:31 +0800] "GET /xingrg/all/function/internal_message.html?_=1591311086501&CODE_STATE=getMsg HTTP/1.1" 200 27
61.172.5.115 - - [05/Jun/2020:06:55:37 +0800] "GET /xingrg/all/function/internal_message.html?_=1591311338545&CODE_STATE=getMsg HTTP/1.1" 302 -
172.17.0.112 - - [05/Jun/2020:06:55:38 +0800] "GET /xingrg/all/function/internal_message.html?_=1591311337216&CODE_STATE=getMsg HTTP/1.1" 200 27
172.17.0.112 - - [05/Jun/2020:06:55:38 +0800] "GET /xingrg/check_reg.html?_=1591311337222 HTTP/1.1" 200 22
114.88.170.9 - - [05/Jun/2020:06:55:52 +0800] "GET /xingrg/all/function/internal_message.html?_=1591311347601&CODE_STATE=getMsg HTTP/1.1" 200 27
114.84.32.201 - - [05/Jun/2020:06:55:52 +0800] "GET /xingrg/all/function/internal_message.html?_=1591311353385&CODE_STATE=getMsg HTTP/1.1" 200 27
114.84.32.201 - - [05/Jun/2020:06:56:00 +0800] "GET /xingrg/all/function/internal_message.html?_=1591311360700&CODE_STATE=getMsg HTTP/1.1" 200 27
116.230.77.149 - - [05/Jun/2020:06:56:00 +0800] "GET /xingrg/all/function/internal_message.html?_=1591311355101&CODE_STATE=getMsg HTTP/1.1" 200 27
172.17.0.110 - - [05/Jun/2020:06:56:00 +0800] "GET /xingrg/all/function/internal_message.html?_=1591311358551&CODE_STATE=getMsg HTTP/1.1" 200 27
114.84.33.255 - - [05/Jun/2020:06:56:04 +0800] "GET /xingrg/all/function/internal_message.html?_=1591311380735&CODE_STATE=getMsg HTTP/1.1" 200 27
172.17.0.185 - - [05/Jun/2020:06:56:15 +0800] "GET /xingrg/all/function/internal_message.html?_=1591311372771&CODE_STATE=getMsg HTTP/1.1" 200 27
120.253.135.82 - - [05/Jun/2020:06:56:31 +0800] "GET /xingrg/all/function/internal_message.html?_=1591311146514&CODE_STATE=getMsg HTTP/1.1" 200 27
114.88.170.9 - - [05/Jun/2020:06:56:36 +0800] "GET /xingrg/check_reg.html?_=1591311391473 HTTP/1.1" 200 22
61.172.5.115 - - [05/Jun/2020:06:56:37 +0800] "GET /xingrg/check_reg.html?_=1591311398513 HTTP/1.1" 302 -
61.172.5.115 - - [05/Jun/2020:06:56:37 +0800] "GET /xingrg/all/function/internal_message.html?_=1591311398548&CODE_STATE=getMsg HTTP/1.1" 302 -
172.17.0.112 - - [05/Jun/2020:06:56:38 +0800] "GET /xingrg/all/function/internal_message.html?_=1591311397209&CODE_STATE=getMsg HTTP/1.1" 200 27
114.88.170.9 - - [05/Jun/2020:06:56:52 +0800] "GET /xingrg/all/function/internal_message.html?_=1591311407620&CODE_STATE=getMsg HTTP/1.1" 200 27
114.84.32.201 - - [05/Jun/2020:06:56:52 +0800] "GET /xingrg/all/function/internal_message.html?_=1591311413385&CODE_STATE=getMsg HTTP/1.1" 200 27
114.84.32.201 - - [05/Jun/2020:06:57:00 +0800] "GET /xingrg/all/function/internal_message.html?_=1591311420701&CODE_STATE=getMsg HTTP/1.1" 200 27
172.17.0.110 - - [05/Jun/2020:06:57:00 +0800] "GET /xingrg/check_reg.html?_=1591311418552 HTTP/1.1" 200 22
172.17.0.110 - - [05/Jun/2020:06:57:00 +0800] "GET /xingrg/all/function/internal_message.html?_=1591311418554&CODE_STATE=getMsg HTTP/1.1" 200 27
116.230.77.149 - - [05/Jun/2020:06:57:00 +0800] "GET /xingrg/all/function/internal_message.html?_=1591311415110&CODE_STATE=getMsg HTTP/1.1" 200 27
114.84.33.255 - - [05/Jun/2020:06:57:04 +0800] "GET /xingrg/all/function/internal_message.html?_=1591311440743&CODE_STATE=getMsg HTTP/1.1" 200 27
172.17.0.185 - - [05/Jun/2020:06:57:15 +0800] "GET /xingrg/all/function/internal_message.html?_=1591311432773&CODE_STATE=getMsg HTTP/1.1" 200 27
172.17.0.185 - - [05/Jun/2020:06:57:15 +0800] "GET /xingrg/check_reg.html?_=1591311432774 HTTP/1.1" 200 22
120.253.135.82 - - [05/Jun/2020:06:57:31 +0800] "GET /xingrg/all/function/internal_message.html?_=1591311206583&CODE_STATE=getMsg HTTP/1.1" 200 27
61.172.5.115 - - [05/Jun/2020:06:57:37 +0800] "GET /xingrg/all/function/internal_message.html?_=1591311458547&CODE_STATE=getMsg HTTP/1.1" 302 -
172.17.0.112 - - [05/Jun/2020:06:57:38 +0800] "GET /xingrg/all/function/internal_message.html?_=1591311457216&CODE_STATE=getMsg HTTP/1.1" 200 27
114.88.170.9 - - [05/Jun/2020:06:57:52 +0800] "GET /xingrg/all/function/internal_message.html?_=1591311467632&CODE_STATE=getMsg HTTP/1.1" 200 27
114.84.32.201 - - [05/Jun/2020:06:57:52 +0800] "GET /xingrg/all/function/internal_message.html?_=1591311473386&CODE_STATE=getMsg HTTP/1.1" 200 27
114.84.32.201 - - [05/Jun/2020:06:58:00 +0800] "GET /xingrg/all/function/internal_message.html?_=1591311480700&CODE_STATE=getMsg HTTP/1.1" 200 27
172.17.0.110 - - [05/Jun/2020:06:58:00 +0800] "GET /xingrg/all/function/internal_message.html?_=1591311478554&CODE_STATE=getMsg HTTP/1.1" 200 27
116.230.77.149 - - [05/Jun/2020:06:58:00 +0800] "GET /xingrg/check_reg.html?_=1591311475105 HTTP/1.1" 200 22
116.230.77.149 - - [05/Jun/2020:06:58:00 +0800] "GET /xingrg/all/function/internal_message.html?_=1591311475299&CODE_STATE=getMsg HTTP/1.1" 200 27
120.253.135.82 - - [05/Jun/2020:06:58:00 +0800] "POST /xingrg/kc/pszx/mdps_list_operate.html HTTP/1.1" 200 3494
120.253.135.82 - - [05/Jun/2020:06:58:03 +0800] "POST /xingrg/kc/pszx/mdps_list_operate.html HTTP/1.1" 200 619
117.131.5.26 - - [05/Jun/2020:06:58:03 +0800] "GET /xingrg/check_reg.html?_=1591311489336 HTTP/1.1" 200 22
114.84.33.255 - - [05/Jun/2020:06:58:04 +0800] "GET /xingrg/all/function/internal_message.html?_=1591311500768&CODE_STATE=getMsg HTTP/1.1" 200 27
120.253.135.82 - - [05/Jun/2020:06:58:07 +0800] "GET /xingrg/kc/pszx/jzcl_make.html HTTP/1.1" 200 11141
120.253.135.82 - - [05/Jun/2020:06:58:07 +0800] "GET /xingrg/dwr/interface/AjaxReportQueryService.js HTTP/1.1" 200 13203
120.253.135.82 - - [05/Jun/2020:06:58:07 +0800] "GET /xingrg/dwr/engine.js HTTP/1.1" 200 43631
120.253.135.82 - - [05/Jun/2020:06:58:07 +0800] "GET /xingrg/javascript/step/images/navBtn.gif HTTP/1.1" 200 361
58.221.95.50 - - [05/Jun/2020:06:58:07 +0800] "GET /xingrg/check_reg.html?_=1591311537883 HTTP/1.1" 200 22
120.253.135.82 - - [05/Jun/2020:06:58:08 +0800] "POST /xingrg/kc/pszx/jzcl_make_operate.html HTTP/1.1" 200 8163
120.253.135.82 - - [05/Jun/2020:06:58:08 +0800] "POST /xingrg/kc/pszx/jzcl_make_operate.html HTTP/1.1" 200 8163
120.253.135.82 - - [05/Jun/2020:06:58:14 +0800] "GET /xingrg/kc/pszx/mdqp_order_info.html?type=look&code=302020060400073 HTTP/1.1" 200 12597
120.253.135.82 - - [05/Jun/2020:06:58:15 +0800] "GET /xingrg/dwr/engine.js HTTP/1.1" 200 43631
172.17.0.185 - - [05/Jun/2020:06:58:15 +0800] "GET /xingrg/all/function/internal_message.html?_=1591311492777&CODE_STATE=getMsg HTTP/1.1" 200 27
120.253.135.82 - - [05/Jun/2020:06:58:15 +0800] "GET /favicon.ico HTTP/1.1" 404 -
120.253.135.82 - - [05/Jun/2020:06:58:15 +0800] "POST /xingrg/dwr/call/plaincall/AjaxQqpsService.loadMaterielItems.dwr HTTP/1.1" 200 356
120.253.135.82 - - [05/Jun/2020:06:58:22 +0800] "GET /xingrg/kc/pszx/mdqp_order_info.html?type=look&code=302020060400069 HTTP/1.1" 200 12597
120.253.135.82 - - [05/Jun/2020:06:58:22 +0800] "GET /xingrg/dwr/engine.js HTTP/1.1" 200 43631
120.253.135.82 - - [05/Jun/2020:06:58:22 +0800] "GET /favicon.ico HTTP/1.1" 404 -
120.253.135.82 - - [05/Jun/2020:06:58:22 +0800] "POST /xingrg/dwr/call/plaincall/AjaxQqpsService.loadMaterielItems.dwr HTTP/1.1" 200 13995
120.253.135.82 - - [05/Jun/2020:06:58:24 +0800] "GET /xingrg/images/yd/bt.gif HTTP/1.1" 404 1040
120.253.135.82 - - [05/Jun/2020:06:58:24 +0800] "GET /xingrg/images/yd/bt2.gif HTTP/1.1" 404 1042
120.253.135.82 - - [05/Jun/2020:06:58:31 +0800] "GET /xingrg/check_reg.html?_=1591311266245 HTTP/1.1" 200 22
120.253.135.82 - - [05/Jun/2020:06:58:31 +0800] "GET /xingrg/all/function/internal_message.html?_=1591311266588&CODE_STATE=getMsg HTTP/1.1" 200 27
61.172.5.115 - - [05/Jun/2020:06:58:37 +0800] "GET /xingrg/all/function/internal_message.html?_=1591311518546&CODE_STATE=getMsg HTTP/1.1" 302 -
172.17.0.112 - - [05/Jun/2020:06:58:38 +0800] "GET /xingrg/all/function/internal_message.html?_=1591311517222&CODE_STATE=getMsg HTTP/1.1" 200 27
114.84.33.255 - - [05/Jun/2020:06:58:44 +0800] "GET /xingrg/check_reg.html?_=1591311540631 HTTP/1.1" 200 22
114.88.170.9 - - [05/Jun/2020:06:58:52 +0800] "GET /xingrg/all/function/internal_message.html?_=1591311527658&CODE_STATE=getMsg HTTP/1.1" 200 27
114.84.32.201 - - [05/Jun/2020:06:58:52 +0800] "GET /xingrg/all/function/internal_message.html?_=1591311533384&CODE_STATE=getMsg HTTP/1.1" 200 27
114.84.32.201 - - [05/Jun/2020:06:58:52 +0800] "GET /xingrg/check_reg.html?_=1591311533387 HTTP/1.1" 200 22
120.253.135.82 - - [05/Jun/2020:06:58:56 +0800] "GET /xingrg/kc/pszx/mdps_order_list.html?orderType=0 HTTP/1.1" 200 20967
120.253.135.82 - - [05/Jun/2020:06:58:57 +0800] "POST /xingrg/kc/pszx/mdps_list_operate.html HTTP/1.1" 200 5294
114.84.32.201 - - [05/Jun/2020:06:59:00 +0800] "GET /xingrg/all/function/internal_message.html?_=1591311540701&CODE_STATE=getMsg HTTP/1.1" 200 27
116.230.77.149 - - [05/Jun/2020:06:59:00 +0800] "GET /xingrg/all/function/internal_message.html?_=1591311535272&CODE_STATE=getMsg HTTP/1.1" 200 27
172.17.0.110 - - [05/Jun/2020:06:59:00 +0800] "GET /xingrg/all/function/internal_message.html?_=1591311538554&CODE_STATE=getMsg HTTP/1.1" 200 27
120.253.135.82 - - [05/Jun/2020:06:59:01 +0800] "POST /xingrg/kc/pszx/mdps_list_operate.html HTTP/1.1" 200 3494
120.253.135.82 - - [05/Jun/2020:06:59:03 +0800] "POST /xingrg/kc/pszx/mdps_list_operate.html HTTP/1.1" 200 619
114.84.33.255 - - [05/Jun/2020:06:59:04 +0800] "GET /xingrg/all/function/internal_message.html?_=1591311560770&CODE_STATE=getMsg HTTP/1.1" 200 27
120.253.135.82 - - [05/Jun/2020:06:59:04 +0800] "GET /xingrg/kc/pszx/mdps_order_info.html?code=312020060500108 HTTP/1.1" 200 23843
120.253.135.82 - - [05/Jun/2020:06:59:05 +0800] "GET /xingrg/javascript/easyui/themes/default/validatebox.css HTTP/1.1" 404 1104
120.253.135.82 - - [05/Jun/2020:06:59:05 +0800] "POST /xingrg/kc/pszx/mdps_order_operate.html HTTP/1.1" 200 24308
172.17.0.185 - - [05/Jun/2020:06:59:15 +0800] "GET /xingrg/all/function/internal_message.html?_=1591311552779&CODE_STATE=getMsg HTTP/1.1" 200 27
120.253.135.82 - - [05/Jun/2020:06:59:31 +0800] "GET /xingrg/all/function/internal_message.html?_=1591311326602&CODE_STATE=getMsg HTTP/1.1" 200 27
61.172.5.115 - - [05/Jun/2020:06:59:37 +0800] "GET /xingrg/all/function/internal_message.html?_=1591311578548&CODE_STATE=getMsg HTTP/1.1" 302 -
172.17.0.112 - - [05/Jun/2020:06:59:38 +0800] "GET /xingrg/all/function/internal_message.html?_=1591311577210&CODE_STATE=getMsg HTTP/1.1" 200 27
114.88.170.9 - - [05/Jun/2020:06:59:52 +0800] "GET /xingrg/all/function/internal_message.html?_=1591311587675&CODE_STATE=getMsg HTTP/1.1" 200 27
114.84.32.201 - - [05/Jun/2020:06:59:52 +0800] "GET /xingrg/all/function/internal_message.html?_=1591311593389&CODE_STATE=getMsg HTTP/1.1" 200 27
114.84.32.201 - - [05/Jun/2020:07:00:00 +0800] "GET /xingrg/all/function/internal_message.html?_=1591311600699&CODE_STATE=getMsg HTTP/1.1" 200 27
114.84.32.201 - - [05/Jun/2020:07:00:00 +0800] "GET /xingrg/check_reg.html?_=1591311600702 HTTP/1.1" 200 22
116.230.77.149 - - [05/Jun/2020:07:00:00 +0800] "GET /xingrg/all/function/internal_message.html?_=1591311595264&CODE_STATE=getMsg HTTP/1.1" 200 27
172.17.0.110 - - [05/Jun/2020:07:00:00 +0800] "GET /xingrg/all/function/internal_message.html?_=1591311598554&CODE_STATE=getMsg HTTP/1.1" 200 27
114.84.33.255 - - [05/Jun/2020:07:00:04 +0800] "GET /xingrg/all/function/internal_message.html?_=1591311620783&CODE_STATE=getMsg HTTP/1.1" 200 27
172.17.0.185 - - [05/Jun/2020:07:00:15 +0800] "GET /xingrg/all/function/internal_message.html?_=1591311612768&CODE_STATE=getMsg HTTP/1.1" 200 27
120.253.135.82 - - [05/Jun/2020:07:00:31 +0800] "GET /xingrg/all/function/internal_message.html?_=1591311386651&CODE_STATE=getMsg HTTP/1.1" 200 27
61.172.5.115 - - [05/Jun/2020:07:00:37 +0800] "GET /xingrg/all/function/internal_message.html?_=1591311638547&CODE_STATE=getMsg HTTP/1.1" 302 -
172.17.0.112 - - [05/Jun/2020:07:00:38 +0800] "GET /xingrg/all/function/internal_message.html?_=1591311637216&CODE_STATE=getMsg HTTP/1.1" 200 27
172.17.0.112 - - [05/Jun/2020:07:00:38 +0800] "GET /xingrg/check_reg.html?_=1591311637233 HTTP/1.1" 200 22
