120.253.135.82 - - [05/Jun/2020:07:44:54 +0800] "POST /xingrg/all/common/load_combo.html?type=base HTTP/1.1" 200 899
116.230.77.149 - - [05/Jun/2020:07:45:00 +0800] "GET /xingrg/all/function/internal_message.html?_=1591314295148&CODE_STATE=getMsg HTTP/1.1" 200 27
114.84.32.201 - - [05/Jun/2020:07:45:00 +0800] "GET /xingrg/all/function/internal_message.html?_=1591314300756&CODE_STATE=getMsg HTTP/1.1" 200 27
114.84.32.201 - - [05/Jun/2020:07:45:00 +0800] "GET /xingrg/check_reg.html?_=1591314300757 HTTP/1.1" 200 22
172.17.0.110 - - [05/Jun/2020:07:45:00 +0800] "GET /xingrg/all/function/internal_message.html?_=1591314298802&CODE_STATE=getMsg HTTP/1.1" 200 27
120.253.135.82 - - [05/Jun/2020:07:45:02 +0800] "POST /xingrg/kc/base/stock_operate.html HTTP/1.1" 200 1466
114.84.33.255 - - [05/Jun/2020:07:45:04 +0800] "GET /xingrg/all/function/internal_message.html?_=1591314321550&CODE_STATE=getMsg HTTP/1.1" 200 27
172.17.0.185 - - [05/Jun/2020:07:45:15 +0800] "GET /xingrg/all/function/internal_message.html?_=1591314312769&CODE_STATE=getMsg HTTP/1.1" 200 27
61.172.5.115 - - [05/Jun/2020:07:45:37 +0800] "GET /xingrg/all/function/internal_message.html?_=1591314338638&CODE_STATE=getMsg HTTP/1.1" 302 -
120.253.135.82 - - [05/Jun/2020:07:45:37 +0800] "GET /xingrg/all/function/internal_message.html?_=1591314092812&CODE_STATE=getMsg HTTP/1.1" 200 27
172.17.0.112 - - [05/Jun/2020:07:45:38 +0800] "GET /xingrg/all/function/internal_message.html?_=1591314337222&CODE_STATE=getMsg HTTP/1.1" 200 27
172.17.0.112 - - [05/Jun/2020:07:45:38 +0800] "GET /xingrg/check_reg.html?_=1591314337226 HTTP/1.1" 200 22
114.84.32.201 - - [05/Jun/2020:07:45:52 +0800] "GET /xingrg/all/function/internal_message.html?_=1591314353444&CODE_STATE=getMsg HTTP/1.1" 200 27
114.88.170.9 - - [05/Jun/2020:07:45:53 +0800] "GET /xingrg/all/function/internal_message.html?_=1591314348503&CODE_STATE=getMsg HTTP/1.1" 200 27
116.230.77.149 - - [05/Jun/2020:07:46:00 +0800] "GET /xingrg/all/function/internal_message.html?_=1591314355142&CODE_STATE=getMsg HTTP/1.1" 200 27
114.84.32.201 - - [05/Jun/2020:07:46:00 +0800] "GET /xingrg/all/function/internal_message.html?_=1591314360759&CODE_STATE=getMsg HTTP/1.1" 200 27
172.17.0.110 - - [05/Jun/2020:07:46:00 +0800] "GET /xingrg/all/function/internal_message.html?_=1591314358773&CODE_STATE=getMsg HTTP/1.1" 200 27
114.84.33.255 - - [05/Jun/2020:07:46:04 +0800] "GET /xingrg/all/function/internal_message.html?_=1591314381581&CODE_STATE=getMsg HTTP/1.1" 200 27
172.17.0.185 - - [05/Jun/2020:07:46:15 +0800] "GET /xingrg/all/function/internal_message.html?_=1591314372773&CODE_STATE=getMsg HTTP/1.1" 200 27
114.88.170.9 - - [05/Jun/2020:07:46:36 +0800] "GET /xingrg/check_reg.html?_=1591314391527 HTTP/1.1" 200 22
61.172.5.115 - - [05/Jun/2020:07:46:37 +0800] "GET /xingrg/check_reg.html?_=1591314398590 HTTP/1.1" 302 -
61.172.5.115 - - [05/Jun/2020:07:46:37 +0800] "GET /xingrg/all/function/internal_message.html?_=1591314398624&CODE_STATE=getMsg HTTP/1.1" 302 -
120.253.135.82 - - [05/Jun/2020:07:46:37 +0800] "GET /xingrg/all/function/internal_message.html?_=1591314152825&CODE_STATE=getMsg HTTP/1.1" 200 27
172.17.0.112 - - [05/Jun/2020:07:46:38 +0800] "GET /xingrg/all/function/internal_message.html?_=1591314397214&CODE_STATE=getMsg HTTP/1.1" 200 27
114.84.32.201 - - [05/Jun/2020:07:46:52 +0800] "GET /xingrg/all/function/internal_message.html?_=1591314413445&CODE_STATE=getMsg HTTP/1.1" 200 27
114.88.170.9 - - [05/Jun/2020:07:46:53 +0800] "GET /xingrg/all/function/internal_message.html?_=1591314408518&CODE_STATE=getMsg HTTP/1.1" 200 27
116.230.77.149 - - [05/Jun/2020:07:46:59 +0800] "GET /xingrg/all/function/internal_message.html?_=1591314415139&CODE_STATE=getMsg HTTP/1.1" 200 27
114.84.32.201 - - [05/Jun/2020:07:47:00 +0800] "GET /xingrg/all/function/internal_message.html?_=1591314420759&CODE_STATE=getMsg HTTP/1.1" 200 27
172.17.0.110 - - [05/Jun/2020:07:47:00 +0800] "GET /xingrg/all/function/internal_message.html?_=1591314418757&CODE_STATE=getMsg HTTP/1.1" 200 27
172.17.0.110 - - [05/Jun/2020:07:47:00 +0800] "GET /xingrg/check_reg.html?_=1591314418794 HTTP/1.1" 200 22
114.84.33.255 - - [05/Jun/2020:07:47:04 +0800] "GET /xingrg/all/function/internal_message.html?_=1591314441613&CODE_STATE=getMsg HTTP/1.1" 200 27
172.17.0.185 - - [05/Jun/2020:07:47:15 +0800] "GET /xingrg/check_reg.html?_=1591314432778 HTTP/1.1" 200 22
172.17.0.185 - - [05/Jun/2020:07:47:15 +0800] "GET /xingrg/all/function/internal_message.html?_=1591314432781&CODE_STATE=getMsg HTTP/1.1" 200 27
61.172.5.115 - - [05/Jun/2020:07:47:37 +0800] "GET /xingrg/all/function/internal_message.html?_=1591314458623&CODE_STATE=getMsg HTTP/1.1" 302 -
120.253.135.82 - - [05/Jun/2020:07:47:38 +0800] "GET /xingrg/all/function/internal_message.html?_=1591314212840&CODE_STATE=getMsg HTTP/1.1" 200 27
172.17.0.112 - - [05/Jun/2020:07:47:38 +0800] "GET /xingrg/all/function/internal_message.html?_=1591314457220&CODE_STATE=getMsg HTTP/1.1" 200 27
120.253.135.82 - - [05/Jun/2020:07:47:39 +0800] "POST /xingrg/kc/base/stock_operate.html HTTP/1.1" 200 1741
114.84.32.201 - - [05/Jun/2020:07:47:52 +0800] "GET /xingrg/all/function/internal_message.html?_=1591314473446&CODE_STATE=getMsg HTTP/1.1" 200 27
114.88.170.9 - - [05/Jun/2020:07:47:53 +0800] "GET /xingrg/all/function/internal_message.html?_=1591314468529&CODE_STATE=getMsg HTTP/1.1" 200 27
120.253.135.82 - - [05/Jun/2020:07:47:58 +0800] "POST /xingrg/kc/base/stock_operate.html HTTP/1.1" 200 1471
116.230.77.149 - - [05/Jun/2020:07:48:00 +0800] "GET /xingrg/all/function/internal_message.html?_=1591314475148&CODE_STATE=getMsg HTTP/1.1" 200 27
116.230.77.149 - - [05/Jun/2020:07:48:00 +0800] "GET /xingrg/check_reg.html?_=1591314475172 HTTP/1.1" 200 22
114.84.32.201 - - [05/Jun/2020:07:48:00 +0800] "GET /xingrg/all/function/internal_message.html?_=1591314480760&CODE_STATE=getMsg HTTP/1.1" 200 27
172.17.0.110 - - [05/Jun/2020:07:48:00 +0800] "GET /xingrg/all/function/internal_message.html?_=1591314478766&CODE_STATE=getMsg HTTP/1.1" 200 27
117.131.5.26 - - [05/Jun/2020:07:48:03 +0800] "GET /xingrg/check_reg.html?_=1591314489336 HTTP/1.1" 200 22
114.84.33.255 - - [05/Jun/2020:07:48:04 +0800] "GET /xingrg/all/function/internal_message.html?_=1591314501633&CODE_STATE=getMsg HTTP/1.1" 200 27
58.221.95.50 - - [05/Jun/2020:07:48:07 +0800] "GET /xingrg/check_reg.html?_=1591314537690 HTTP/1.1" 200 22
172.17.0.185 - - [05/Jun/2020:07:48:15 +0800] "GET /xingrg/all/function/internal_message.html?_=1591314492770&CODE_STATE=getMsg HTTP/1.1" 200 27
120.253.135.82 - - [05/Jun/2020:07:48:31 +0800] "GET /xingrg/check_reg.html?_=1591314266552 HTTP/1.1" 200 22
61.172.5.115 - - [05/Jun/2020:07:48:37 +0800] "GET /xingrg/all/function/internal_message.html?_=1591314518624&CODE_STATE=getMsg HTTP/1.1" 302 -
120.253.135.82 - - [05/Jun/2020:07:48:38 +0800] "GET /xingrg/all/function/internal_message.html?_=1591314272852&CODE_STATE=getMsg HTTP/1.1" 200 27
172.17.0.112 - - [05/Jun/2020:07:48:38 +0800] "GET /xingrg/all/function/internal_message.html?_=1591314517210&CODE_STATE=getMsg HTTP/1.1" 200 27
120.253.135.82 - - [05/Jun/2020:07:48:39 +0800] "GET /xingrg/kc/buy/cgsh_order_list.html HTTP/1.1" 200 43251
120.253.135.82 - - [05/Jun/2020:07:48:41 +0800] "POST /xingrg/kc/buy/cgsh_list_operate.html HTTP/1.1" 200 2794
120.253.135.82 - - [05/Jun/2020:07:48:43 +0800] "POST /xingrg/kc/buy/cgsh_list_operate.html HTTP/1.1" 200 204
114.84.33.255 - - [05/Jun/2020:07:48:44 +0800] "GET /xingrg/check_reg.html?_=1591314540685 HTTP/1.1" 200 22
120.253.135.82 - - [05/Jun/2020:07:48:44 +0800] "GET /xingrg/kc/buy/cgsh_order_info.html?code=212020060401339 HTTP/1.1" 200 57714
120.253.135.82 - - [05/Jun/2020:07:48:44 +0800] "GET /xingrg/javascript/easyui/themes/default/validatebox.css HTTP/1.1" 404 1104
120.253.135.82 - - [05/Jun/2020:07:48:44 +0800] "POST /xingrg/kc/buy/cgsh_order_operate.html HTTP/1.1" 200 2673
120.253.135.82 - - [05/Jun/2020:07:48:50 +0800] "POST /xingrg/kc/buy/cgsh_order_operate.html HTTP/1.1" 200 37
120.253.135.82 - - [05/Jun/2020:07:48:52 +0800] "POST /xingrg/kc/buy/cgsh_order_operate.html HTTP/1.1" 200 12
114.84.32.201 - - [05/Jun/2020:07:48:52 +0800] "GET /xingrg/all/function/internal_message.html?_=1591314533445&CODE_STATE=getMsg HTTP/1.1" 200 27
114.84.32.201 - - [05/Jun/2020:07:48:52 +0800] "GET /xingrg/check_reg.html?_=1591314533448 HTTP/1.1" 200 22
114.88.170.9 - - [05/Jun/2020:07:48:53 +0800] "GET /xingrg/all/function/internal_message.html?_=1591314528557&CODE_STATE=getMsg HTTP/1.1" 200 27
116.230.77.149 - - [05/Jun/2020:07:49:00 +0800] "GET /xingrg/all/function/internal_message.html?_=1591314535148&CODE_STATE=getMsg HTTP/1.1" 200 27
114.84.32.201 - - [05/Jun/2020:07:49:00 +0800] "GET /xingrg/all/function/internal_message.html?_=1591314540760&CODE_STATE=getMsg HTTP/1.1" 200 27
172.17.0.110 - - [05/Jun/2020:07:49:00 +0800] "GET /xingrg/all/function/internal_message.html?_=1591314538814&CODE_STATE=getMsg HTTP/1.1" 200 27
120.253.135.82 - - [05/Jun/2020:07:49:00 +0800] "GET /xingrg/kc/buy/cgsh_order_info.html?code=212020060401339 HTTP/1.1" 200 52864
120.253.135.82 - - [05/Jun/2020:07:49:01 +0800] "GET /xingrg/javascript/easyui/themes/default/validatebox.css HTTP/1.1" 404 1104
120.253.135.82 - - [05/Jun/2020:07:49:01 +0800] "POST /xingrg/kc/buy/cgsh_order_operate.html HTTP/1.1" 200 623
114.84.33.255 - - [05/Jun/2020:07:49:04 +0800] "GET /xingrg/all/function/internal_message.html?_=1591314561637&CODE_STATE=getMsg HTTP/1.1" 200 27
120.253.135.82 - - [05/Jun/2020:07:49:06 +0800] "GET /xingrg/kc/buy/cgsh_order_info.html?code=212020060401339 HTTP/1.1" 200 52864
120.253.135.82 - - [05/Jun/2020:07:49:06 +0800] "GET /xingrg/javascript/easyui/themes/default/validatebox.css HTTP/1.1" 404 1104
120.253.135.82 - - [05/Jun/2020:07:49:06 +0800] "POST /xingrg/kc/buy/cgsh_order_operate.html HTTP/1.1" 200 623
120.253.135.82 - - [05/Jun/2020:07:49:10 +0800] "POST /xingrg/kc/buy/cgsh_list_operate.html HTTP/1.1" 200 2443
120.253.135.82 - - [05/Jun/2020:07:49:13 +0800] "POST /xingrg/kc/buy/cgsh_list_operate.html HTTP/1.1" 200 234
172.17.0.185 - - [05/Jun/2020:07:49:15 +0800] "GET /xingrg/all/function/internal_message.html?_=1591314552775&CODE_STATE=getMsg HTTP/1.1" 200 27
120.253.135.82 - - [05/Jun/2020:07:49:16 +0800] "GET /xingrg/kc/buy/cgsh_order_info.html?code=212020060401344 HTTP/1.1" 200 57729
120.253.135.82 - - [05/Jun/2020:07:49:16 +0800] "GET /xingrg/javascript/easyui/themes/default/validatebox.css HTTP/1.1" 404 1104
120.253.135.82 - - [05/Jun/2020:07:49:16 +0800] "POST /xingrg/kc/buy/cgsh_order_operate.html HTTP/1.1" 200 2718
61.172.5.115 - - [05/Jun/2020:07:49:37 +0800] "GET /xingrg/all/function/internal_message.html?_=1591314578625&CODE_STATE=getMsg HTTP/1.1" 302 -
120.253.135.82 - - [05/Jun/2020:07:49:38 +0800] "GET /xingrg/all/function/internal_message.html?_=1591314332866&CODE_STATE=getMsg HTTP/1.1" 200 27
172.17.0.112 - - [05/Jun/2020:07:49:38 +0800] "GET /xingrg/all/function/internal_message.html?_=1591314577217&CODE_STATE=getMsg HTTP/1.1" 200 27
114.84.32.201 - - [05/Jun/2020:07:49:52 +0800] "GET /xingrg/all/function/internal_message.html?_=1591314593450&CODE_STATE=getMsg HTTP/1.1" 200 27
114.88.170.9 - - [05/Jun/2020:07:49:53 +0800] "GET /xingrg/all/function/internal_message.html?_=1591314588573&CODE_STATE=getMsg HTTP/1.1" 200 27
116.230.77.149 - - [05/Jun/2020:07:50:00 +0800] "GET /xingrg/all/function/internal_message.html?_=1591314595146&CODE_STATE=getMsg HTTP/1.1" 200 27
114.84.32.201 - - [05/Jun/2020:07:50:00 +0800] "GET /xingrg/all/function/internal_message.html?_=1591314600775&CODE_STATE=getMsg HTTP/1.1" 200 27
114.84.32.201 - - [05/Jun/2020:07:50:00 +0800] "GET /xingrg/check_reg.html?_=1591314600780 HTTP/1.1" 200 22
172.17.0.110 - - [05/Jun/2020:07:50:00 +0800] "GET /xingrg/all/function/internal_message.html?_=1591314598784&CODE_STATE=getMsg HTTP/1.1" 200 27
114.84.33.255 - - [05/Jun/2020:07:50:04 +0800] "GET /xingrg/all/function/internal_message.html?_=1591314621649&CODE_STATE=getMsg HTTP/1.1" 200 27
120.253.135.82 - - [05/Jun/2020:07:50:08 +0800] "GET /xingrg/kc/print/load_data.html?order_code=212020060401344&kc_code=cgsh&condition= HTTP/1.1" 200 734
172.17.0.185 - - [05/Jun/2020:07:50:15 +0800] "GET /xingrg/all/function/internal_message.html?_=1591314612764&CODE_STATE=getMsg HTTP/1.1" 200 27
120.253.135.82 - - [05/Jun/2020:07:50:17 +0800] "POST /xingrg/kc/buy/cgsh_order_operate.html HTTP/1.1" 200 37
120.253.135.82 - - [05/Jun/2020:07:50:20 +0800] "POST /xingrg/kc/buy/cgsh_order_operate.html HTTP/1.1" 200 12
120.253.135.82 - - [05/Jun/2020:07:50:21 +0800] "GET /xingrg/kc/buy/cgsh_order_info.html?code=212020060401344 HTTP/1.1" 200 52879
120.253.135.82 - - [05/Jun/2020:07:50:22 +0800] "GET /xingrg/javascript/easyui/themes/default/validatebox.css HTTP/1.1" 404 1104
120.253.135.82 - - [05/Jun/2020:07:50:22 +0800] "POST /xingrg/kc/buy/cgsh_order_operate.html HTTP/1.1" 200 668
61.172.5.115 - - [05/Jun/2020:07:50:37 +0800] "GET /xingrg/all/function/internal_message.html?_=1591314638629&CODE_STATE=getMsg HTTP/1.1" 302 -
120.253.135.82 - - [05/Jun/2020:07:50:38 +0800] "GET /xingrg/all/function/internal_message.html?_=1591314392880&CODE_STATE=getMsg HTTP/1.1" 200 27
172.17.0.112 - - [05/Jun/2020:07:50:38 +0800] "GET /xingrg/all/function/internal_message.html?_=1591314637223&CODE_STATE=getMsg HTTP/1.1" 200 27
172.17.0.112 - - [05/Jun/2020:07:50:38 +0800] "GET /xingrg/check_reg.html?_=1591314637227 HTTP/1.1" 200 22
114.84.32.201 - - [05/Jun/2020:07:50:52 +0800] "GET /xingrg/all/function/internal_message.html?_=1591314653451&CODE_STATE=getMsg HTTP/1.1" 200 27
114.88.170.9 - - [05/Jun/2020:07:50:53 +0800] "GET /xingrg/all/function/internal_message.html?_=1591314648601&CODE_STATE=getMsg HTTP/1.1" 200 27
116.230.77.149 - - [05/Jun/2020:07:51:00 +0800] "GET /xingrg/all/function/internal_message.html?_=1591314655144&CODE_STATE=getMsg HTTP/1.1" 200 27
114.84.32.201 - - [05/Jun/2020:07:51:00 +0800] "GET /xingrg/all/function/internal_message.html?_=1591314660764&CODE_STATE=getMsg HTTP/1.1" 200 27
172.17.0.110 - - [05/Jun/2020:07:51:00 +0800] "GET /xingrg/all/function/internal_message.html?_=1591314658840&CODE_STATE=getMsg HTTP/1.1" 200 27
114.84.33.255 - - [05/Jun/2020:07:51:05 +0800] "GET /xingrg/all/function/internal_message.html?_=1591314681679&CODE_STATE=getMsg HTTP/1.1" 200 27
172.17.0.185 - - [05/Jun/2020:07:51:15 +0800] "GET /xingrg/all/function/internal_message.html?_=1591314672774&CODE_STATE=getMsg HTTP/1.1" 200 27
58.40.7.146 - - [05/Jun/2020:07:51:19 +0800] "POST /xingrg/services/DataTransmitService HTTP/1.1" 200 524
58.40.7.146 - - [05/Jun/2020:07:51:19 +0800] "POST /xingrg/services/DataTransmitService HTTP/1.1" 200 501
114.88.170.9 - - [05/Jun/2020:07:51:36 +0800] "GET /xingrg/check_reg.html?_=1591314691540 HTTP/1.1" 200 22
61.172.5.115 - - [05/Jun/2020:07:51:37 +0800] "GET /xingrg/check_reg.html?_=1591314698607 HTTP/1.1" 302 -
61.172.5.115 - - [05/Jun/2020:07:51:37 +0800] "GET /xingrg/all/function/internal_message.html?_=1591314698656&CODE_STATE=getMsg HTTP/1.1" 302 -
120.253.135.82 - - [05/Jun/2020:07:51:38 +0800] "GET /xingrg/all/function/internal_message.html?_=1591314452892&CODE_STATE=getMsg HTTP/1.1" 200 27
172.17.0.112 - - [05/Jun/2020:07:51:38 +0800] "GET /xingrg/all/function/internal_message.html?_=1591314697215&CODE_STATE=getMsg HTTP/1.1" 200 27
114.84.32.201 - - [05/Jun/2020:07:51:52 +0800] "GET /xingrg/all/function/internal_message.html?_=1591314713450&CODE_STATE=getMsg HTTP/1.1" 200 27
114.88.170.9 - - [05/Jun/2020:07:51:53 +0800] "GET /xingrg/all/function/internal_message.html?_=1591314708615&CODE_STATE=getMsg HTTP/1.1" 200 27
116.230.77.149 - - [05/Jun/2020:07:52:00 +0800] "GET /xingrg/all/function/internal_message.html?_=1591314715143&CODE_STATE=getMsg HTTP/1.1" 200 27
114.84.32.201 - - [05/Jun/2020:07:52:00 +0800] "GET /xingrg/all/function/internal_message.html?_=1591314720763&CODE_STATE=getMsg HTTP/1.1" 200 27
172.17.0.110 - - [05/Jun/2020:07:52:00 +0800] "GET /xingrg/all/function/internal_message.html?_=1591314718792&CODE_STATE=getMsg HTTP/1.1" 200 27
172.17.0.110 - - [05/Jun/2020:07:52:00 +0800] "GET /xingrg/check_reg.html?_=1591314718890 HTTP/1.1" 200 22
120.253.135.82 - - [05/Jun/2020:07:52:02 +0800] "POST /xingrg/kc/buy/cgsh_list_operate.html HTTP/1.1" 200 2070
114.84.33.255 - - [05/Jun/2020:07:52:05 +0800] "GET /xingrg/all/function/internal_message.html?_=1591314741695&CODE_STATE=getMsg HTTP/1.1" 200 27
172.17.0.185 - - [05/Jun/2020:07:52:15 +0800] "GET /xingrg/all/function/internal_message.html?_=1591314732764&CODE_STATE=getMsg HTTP/1.1" 200 27
172.17.0.185 - - [05/Jun/2020:07:52:15 +0800] "GET /xingrg/check_reg.html?_=1591314732769 HTTP/1.1" 200 22
120.253.135.82 - - [05/Jun/2020:07:52:36 +0800] "POST /xingrg/kc/buy/cgsh_list_operate.html HTTP/1.1" 200 210
120.253.135.82 - - [05/Jun/2020:07:52:37 +0800] "GET /xingrg/kc/buy/cgsh_order_info.html?code=212020060401343 HTTP/1.1" 200 57724
120.253.135.82 - - [05/Jun/2020:07:52:37 +0800] "GET /xingrg/javascript/easyui/themes/default/validatebox.css HTTP/1.1" 404 1104
120.253.135.82 - - [05/Jun/2020:07:52:37 +0800] "POST /xingrg/kc/buy/cgsh_order_operate.html HTTP/1.1" 200 2678
61.172.5.115 - - [05/Jun/2020:07:52:37 +0800] "GET /xingrg/all/function/internal_message.html?_=1591314758655&CODE_STATE=getMsg HTTP/1.1" 302 -
120.253.135.82 - - [05/Jun/2020:07:52:38 +0800] "GET /xingrg/all/function/internal_message.html?_=1591314512940&CODE_STATE=getMsg HTTP/1.1" 200 27
172.17.0.112 - - [05/Jun/2020:07:52:38 +0800] "GET /xingrg/all/function/internal_message.html?_=1591314757220&CODE_STATE=getMsg HTTP/1.1" 200 27
120.253.135.82 - - [05/Jun/2020:07:52:45 +0800] "POST /xingrg/kc/buy/cgsh_list_operate.html HTTP/1.1" 200 2070
120.253.135.82 - - [05/Jun/2020:07:52:47 +0800] "POST /xingrg/kc/buy/cgsh_list_operate.html HTTP/1.1" 200 210
120.253.135.82 - - [05/Jun/2020:07:52:48 +0800] "GET /xingrg/kc/buy/cgsh_order_info.html?code=212020060401343 HTTP/1.1" 200 57724
120.253.135.82 - - [05/Jun/2020:07:52:48 +0800] "GET /xingrg/javascript/easyui/themes/default/validatebox.css HTTP/1.1" 404 1104
120.253.135.82 - - [05/Jun/2020:07:52:48 +0800] "POST /xingrg/kc/buy/cgsh_order_operate.html HTTP/1.1" 200 2678
120.253.135.82 - - [05/Jun/2020:07:52:51 +0800] "GET /xingrg/kc/print/load_data.html?order_code=212020060401343&kc_code=cgsh&condition= HTTP/1.1" 200 688
114.84.32.201 - - [05/Jun/2020:07:52:52 +0800] "GET /xingrg/all/function/internal_message.html?_=1591314773448&CODE_STATE=getMsg HTTP/1.1" 200 27
114.88.170.9 - - [05/Jun/2020:07:52:53 +0800] "GET /xingrg/all/function/internal_message.html?_=1591314768636&CODE_STATE=getMsg HTTP/1.1" 200 27
120.253.135.82 - - [05/Jun/2020:07:52:58 +0800] "POST /xingrg/kc/buy/cgsh_order_operate.html HTTP/1.1" 200 37
116.230.77.149 - - [05/Jun/2020:07:52:59 +0800] "GET /xingrg/all/function/internal_message.html?_=1591314775147&CODE_STATE=getMsg HTTP/1.1" 200 27
116.230.77.149 - - [05/Jun/2020:07:53:00 +0800] "GET /xingrg/check_reg.html?_=1591314775159 HTTP/1.1" 200 22
114.84.32.201 - - [05/Jun/2020:07:53:00 +0800] "GET /xingrg/all/function/internal_message.html?_=1591314780766&CODE_STATE=getMsg HTTP/1.1" 200 27
120.253.135.82 - - [05/Jun/2020:07:53:00 +0800] "POST /xingrg/kc/buy/cgsh_order_operate.html HTTP/1.1" 200 12
172.17.0.110 - - [05/Jun/2020:07:53:00 +0800] "GET /xingrg/all/function/internal_message.html?_=1591314778798&CODE_STATE=getMsg HTTP/1.1" 200 27
120.253.135.82 - - [05/Jun/2020:07:53:01 +0800] "GET /xingrg/kc/buy/cgsh_order_info.html?code=212020060401343 HTTP/1.1" 200 52874
120.253.135.82 - - [05/Jun/2020:07:53:01 +0800] "GET /xingrg/javascript/easyui/themes/default/validatebox.css HTTP/1.1" 404 1104
120.253.135.82 - - [05/Jun/2020:07:53:02 +0800] "POST /xingrg/kc/buy/cgsh_order_operate.html HTTP/1.1" 200 628
117.131.5.26 - - [05/Jun/2020:07:53:03 +0800] "GET /xingrg/check_reg.html?_=1591314789336 HTTP/1.1" 200 22
114.84.33.255 - - [05/Jun/2020:07:53:05 +0800] "GET /xingrg/all/function/internal_message.html?_=1591314801720&CODE_STATE=getMsg HTTP/1.1" 200 27
58.221.95.50 - - [05/Jun/2020:07:53:07 +0800] "GET /xingrg/check_reg.html?_=1591314837662 HTTP/1.1" 200 22
172.17.0.185 - - [05/Jun/2020:07:53:15 +0800] "GET /xingrg/all/function/internal_message.html?_=1591314792774&CODE_STATE=getMsg HTTP/1.1" 200 27
120.253.135.82 - - [05/Jun/2020:07:53:31 +0800] "GET /xingrg/check_reg.html?_=1591314566556 HTTP/1.1" 200 22
180.175.212.199 - - [05/Jun/2020:07:53:35 +0800] "POST /xingrg/services/DataTransmitService HTTP/1.1" 200 524
61.172.5.115 - - [05/Jun/2020:07:53:37 +0800] "GET /xingrg/all/function/internal_message.html?_=1591314818655&CODE_STATE=getMsg HTTP/1.1" 302 -
120.253.135.82 - - [05/Jun/2020:07:53:38 +0800] "GET /xingrg/all/function/internal_message.html?_=1591314572952&CODE_STATE=getMsg HTTP/1.1" 200 27
172.17.0.112 - - [05/Jun/2020:07:53:38 +0800] "GET /xingrg/all/function/internal_message.html?_=1591314817214&CODE_STATE=getMsg HTTP/1.1" 200 27
114.84.33.255 - - [05/Jun/2020:07:53:44 +0800] "GET /xingrg/check_reg.html?_=1591314840691 HTTP/1.1" 200 22
114.84.32.201 - - [05/Jun/2020:07:53:52 +0800] "GET /xingrg/all/function/internal_message.html?_=1591314833468&CODE_STATE=getMsg HTTP/1.1" 200 27
114.84.32.201 - - [05/Jun/2020:07:53:52 +0800] "GET /xingrg/check_reg.html?_=1591314833470 HTTP/1.1" 200 22
114.88.170.9 - - [05/Jun/2020:07:53:53 +0800] "GET /xingrg/all/function/internal_message.html?_=1591314828660&CODE_STATE=getMsg HTTP/1.1" 200 27
116.230.77.149 - - [05/Jun/2020:07:54:00 +0800] "GET /xingrg/all/function/internal_message.html?_=1591314835151&CODE_STATE=getMsg HTTP/1.1" 200 27
114.84.32.201 - - [05/Jun/2020:07:54:00 +0800] "GET /xingrg/all/function/internal_message.html?_=1591314840766&CODE_STATE=getMsg HTTP/1.1" 200 27
172.17.0.110 - - [05/Jun/2020:07:54:00 +0800] "GET /xingrg/all/function/internal_message.html?_=1591314838816&CODE_STATE=getMsg HTTP/1.1" 200 27
114.84.33.255 - - [05/Jun/2020:07:54:05 +0800] "GET /xingrg/all/function/internal_message.html?_=1591314861736&CODE_STATE=getMsg HTTP/1.1" 200 27
120.253.135.82 - - [05/Jun/2020:07:54:09 +0800] "POST /xingrg/kc/buy/cgsh_list_operate.html HTTP/1.1" 200 1705
116.232.33.186 - - [05/Jun/2020:07:54:15 +0800] "POST /xingrg/services/DataTransmitService HTTP/1.1" 200 524
172.17.0.185 - - [05/Jun/2020:07:54:15 +0800] "GET /xingrg/all/function/internal_message.html?_=1591314852764&CODE_STATE=getMsg HTTP/1.1" 200 27
61.172.5.115 - - [05/Jun/2020:07:54:37 +0800] "GET /xingrg/all/function/internal_message.html?_=1591314878657&CODE_STATE=getMsg HTTP/1.1" 302 -
120.253.135.82 - - [05/Jun/2020:07:54:38 +0800] "GET /xingrg/all/function/internal_message.html?_=1591314633064&CODE_STATE=getMsg HTTP/1.1" 200 27
172.17.0.112 - - [05/Jun/2020:07:54:38 +0800] "GET /xingrg/all/function/internal_message.html?_=1591314877220&CODE_STATE=getMsg HTTP/1.1" 200 27
114.84.32.201 - - [05/Jun/2020:07:54:52 +0800] "GET /xingrg/all/function/internal_message.html?_=1591314893455&CODE_STATE=getMsg HTTP/1.1" 200 27
114.88.170.9 - - [05/Jun/2020:07:54:53 +0800] "GET /xingrg/all/function/internal_message.html?_=1591314888674&CODE_STATE=getMsg HTTP/1.1" 200 27
116.230.77.149 - - [05/Jun/2020:07:55:00 +0800] "GET /xingrg/all/function/internal_message.html?_=1591314895157&CODE_STATE=getMsg HTTP/1.1" 200 27
114.84.32.201 - - [05/Jun/2020:07:55:00 +0800] "GET /xingrg/check_reg.html?_=1591314900770 HTTP/1.1" 200 22
114.84.32.201 - - [05/Jun/2020:07:55:00 +0800] "GET /xingrg/all/function/internal_message.html?_=1591314900767&CODE_STATE=getMsg HTTP/1.1" 200 27
172.17.0.110 - - [05/Jun/2020:07:55:00 +0800] "GET /xingrg/all/function/internal_message.html?_=1591314898825&CODE_STATE=getMsg HTTP/1.1" 200 27
114.84.33.255 - - [05/Jun/2020:07:55:05 +0800] "GET /xingrg/all/function/internal_message.html?_=1591314921750&CODE_STATE=getMsg HTTP/1.1" 200 27
172.17.0.185 - - [05/Jun/2020:07:55:15 +0800] "GET /xingrg/all/function/internal_message.html?_=1591314912770&CODE_STATE=getMsg HTTP/1.1" 200 27
61.172.5.115 - - [05/Jun/2020:07:55:37 +0800] "GET /xingrg/all/function/internal_message.html?_=1591314938665&CODE_STATE=getMsg HTTP/1.1" 302 -
120.253.135.82 - - [05/Jun/2020:07:55:38 +0800] "GET /xingrg/all/function/internal_message.html?_=1591314693072&CODE_STATE=getMsg HTTP/1.1" 200 27
172.17.0.112 - - [05/Jun/2020:07:55:38 +0800] "GET /xingrg/all/function/internal_message.html?_=1591314937208&CODE_STATE=getMsg HTTP/1.1" 200 27
172.17.0.112 - - [05/Jun/2020:07:55:38 +0800] "GET /xingrg/check_reg.html?_=1591314937212 HTTP/1.1" 200 22
114.84.32.201 - - [05/Jun/2020:07:55:52 +0800] "GET /xingrg/all/function/internal_message.html?_=1591314953454&CODE_STATE=getMsg HTTP/1.1" 200 27
114.88.170.9 - - [05/Jun/2020:07:55:53 +0800] "GET /xingrg/all/function/internal_message.html?_=1591314948706&CODE_STATE=getMsg HTTP/1.1" 200 27
116.230.77.149 - - [05/Jun/2020:07:56:00 +0800] "GET /xingrg/all/function/internal_message.html?_=1591314955163&CODE_STATE=getMsg HTTP/1.1" 200 27
114.84.32.201 - - [05/Jun/2020:07:56:00 +0800] "GET /xingrg/all/function/internal_message.html?_=1591314960767&CODE_STATE=getMsg HTTP/1.1" 200 27
172.17.0.110 - - [05/Jun/2020:07:56:00 +0800] "GET /xingrg/all/function/internal_message.html?_=1591314958822&CODE_STATE=getMsg HTTP/1.1" 200 27
114.84.33.255 - - [05/Jun/2020:07:56:05 +0800] "GET /xingrg/all/function/internal_message.html?_=1591314981782&CODE_STATE=getMsg HTTP/1.1" 200 27
172.17.0.185 - - [05/Jun/2020:07:56:15 +0800] "GET /xingrg/all/function/internal_message.html?_=1591314972776&CODE_STATE=getMsg HTTP/1.1" 200 27
114.84.33.255 - - [05/Jun/2020:07:56:28 +0800] "GET /xingrg/css/base.css HTTP/1.1" 304 -
114.84.33.255 - - [05/Jun/2020:07:56:28 +0800] "GET /xingrg/css/site.css HTTP/1.1" 304 -
114.84.33.255 - - [05/Jun/2020:07:56:28 +0800] "GET /xingrg/javascript/jquery_tools/datebox.css HTTP/1.1" 304 -
114.84.33.255 - - [05/Jun/2020:07:56:28 +0800] "GET /xingrg/javascript/auto/jquery.autocomplete.css HTTP/1.1" 304 -
114.84.33.255 - - [05/Jun/2020:07:56:28 +0800] "GET /xingrg/javascript/jquery_tools/fix.css HTTP/1.1" 304 -
114.84.33.255 - - [05/Jun/2020:07:56:28 +0800] "GET /xingrg/javascript/easyui/themes/icon.css HTTP/1.1" 304 -
114.84.33.255 - - [05/Jun/2020:07:56:28 +0800] "GET /xingrg/javascript/easyui/themes/default/easyui.css HTTP/1.1" 304 -
114.84.33.255 - - [05/Jun/2020:07:56:28 +0800] "GET /xingrg/javascript/jquery_tools/jquery.tools.min.js HTTP/1.1" 304 -
114.84.33.255 - - [05/Jun/2020:07:56:28 +0800] "GET /xingrg/javascript/jquery_tools/jquery.tools.extend.js HTTP/1.1" 304 -
114.84.33.255 - - [05/Jun/2020:07:56:28 +0800] "GET /xingrg/javascript/jquery_tools/table.css HTTP/1.1" 304 -
114.84.33.255 - - [05/Jun/2020:07:56:28 +0800] "GET /xingrg/javascript/jquery_tools/jquery.tools.hotkey.js HTTP/1.1" 304 -
114.84.33.255 - - [05/Jun/2020:07:56:28 +0800] "GET /xingrg/javascript/jquery_tools/jquery.tools.table.js HTTP/1.1" 304 -
114.84.33.255 - - [05/Jun/2020:07:56:28 +0800] "GET /xingrg/javascript/jquery_tools/list_manager.js HTTP/1.1" 304 -
114.84.33.255 - - [05/Jun/2020:07:56:28 +0800] "GET /xingrg/javascript/easyui/easyloader.js HTTP/1.1" 304 -
114.84.33.255 - - [05/Jun/2020:07:56:28 +0800] "GET /xingrg/javascript/jquery.utils.js HTTP/1.1" 304 -
114.84.33.255 - - [05/Jun/2020:07:56:28 +0800] "GET /xingrg/javascript/auto/jquery.autocomplete.js HTTP/1.1" 304 -
114.84.33.255 - - [05/Jun/2020:07:56:28 +0800] "GET /xingrg/javascript/print/LodopFuncs.js HTTP/1.1" 304 -
114.84.33.255 - - [05/Jun/2020:07:56:28 +0800] "GET /xingrg/javascript/jquery.cookie.js HTTP/1.1" 304 -
114.84.33.255 - - [05/Jun/2020:07:56:28 +0800] "GET /xingrg/kc/buy/cgsh_order_list.html HTTP/1.1" 200 43002
114.84.33.255 - - [05/Jun/2020:07:56:28 +0800] "GET /xingrg/javascript/easyui/plugins/jquery.parser.js HTTP/1.1" 304 -
114.84.33.255 - - [05/Jun/2020:07:56:28 +0800] "POST /xingrg/kc/buy/cgsh_list_operate.html HTTP/1.1" 200 876
114.88.170.9 - - [05/Jun/2020:07:56:36 +0800] "GET /xingrg/check_reg.html?_=1591314991538 HTTP/1.1" 200 22
61.172.5.115 - - [05/Jun/2020:07:56:37 +0800] "GET /xingrg/check_reg.html?_=1591314998617 HTTP/1.1" 302 -
61.172.5.115 - - [05/Jun/2020:07:56:37 +0800] "GET /xingrg/all/function/internal_message.html?_=1591314998651&CODE_STATE=getMsg HTTP/1.1" 302 -
120.253.135.82 - - [05/Jun/2020:07:56:38 +0800] "GET /xingrg/all/function/internal_message.html?_=1591314753188&CODE_STATE=getMsg HTTP/1.1" 200 27
172.17.0.112 - - [05/Jun/2020:07:56:38 +0800] "GET /xingrg/all/function/internal_message.html?_=1591314997231&CODE_STATE=getMsg HTTP/1.1" 200 27
114.84.33.255 - - [05/Jun/2020:07:56:41 +0800] "GET /xingrg/javascript/jquery_tools/images/prev.gif HTTP/1.1" 404 1086
114.84.33.255 - - [05/Jun/2020:07:56:41 +0800] "GET /xingrg/javascript/jquery_tools/images/next.gif HTTP/1.1" 404 1086
114.84.32.201 - - [05/Jun/2020:07:56:52 +0800] "GET /xingrg/all/function/internal_message.html?_=1591315013454&CODE_STATE=getMsg HTTP/1.1" 200 27
114.88.170.9 - - [05/Jun/2020:07:56:53 +0800] "GET /xingrg/all/function/internal_message.html?_=1591315008715&CODE_STATE=getMsg HTTP/1.1" 200 27
116.230.77.149 - - [05/Jun/2020:07:57:00 +0800] "GET /xingrg/all/function/internal_message.html?_=1591315015156&CODE_STATE=getMsg HTTP/1.1" 200 27
114.84.32.201 - - [05/Jun/2020:07:57:00 +0800] "GET /xingrg/all/function/internal_message.html?_=1591315020784&CODE_STATE=getMsg HTTP/1.1" 200 27
172.17.0.110 - - [05/Jun/2020:07:57:00 +0800] "GET /xingrg/all/function/internal_message.html?_=1591315018807&CODE_STATE=getMsg HTTP/1.1" 200 27
172.17.0.110 - - [05/Jun/2020:07:57:00 +0800] "GET /xingrg/check_reg.html?_=1591315018885 HTTP/1.1" 200 22
114.84.33.255 - - [05/Jun/2020:07:57:02 +0800] "POST /xingrg/kc/buy/cgsh_list_operate.html HTTP/1.1" 200 5871
114.84.33.255 - - [05/Jun/2020:07:57:05 +0800] "GET /xingrg/all/function/internal_message.html?_=1591315041791&CODE_STATE=getMsg HTTP/1.1" 200 27
172.17.0.185 - - [05/Jun/2020:07:57:15 +0800] "GET /xingrg/check_reg.html?_=1591315032765 HTTP/1.1" 200 22
172.17.0.185 - - [05/Jun/2020:07:57:15 +0800] "GET /xingrg/all/function/internal_message.html?_=1591315032767&CODE_STATE=getMsg HTTP/1.1" 200 27
180.175.212.199 - - [05/Jun/2020:07:57:32 +0800] "GET /xingrg/index.html?sysBaseUrl=http%3A%2F%2F180.169.147.146%3A18081%2Fxingrg%2F&costTime=39×tamp=1591235342398 HTTP/1.1" 302 -
180.175.212.199 - - [05/Jun/2020:07:57:34 +0800] "GET /xingrg/login.html HTTP/1.1" 200 7641
61.172.5.115 - - [05/Jun/2020:07:57:37 +0800] "GET /xingrg/all/function/internal_message.html?_=1591315058649&CODE_STATE=getMsg HTTP/1.1" 302 -
120.253.135.82 - - [05/Jun/2020:07:57:38 +0800] "GET /xingrg/all/function/internal_message.html?_=1591314813193&CODE_STATE=getMsg HTTP/1.1" 200 27
172.17.0.112 - - [05/Jun/2020:07:57:38 +0800] "GET /xingrg/all/function/internal_message.html?_=1591315057221&CODE_STATE=getMsg HTTP/1.1" 200 27
180.175.212.199 - - [05/Jun/2020:07:57:45 +0800] "GET /favicon.ico HTTP/1.1" 404 -
180.175.212.199 - - [05/Jun/2020:07:57:45 +0800] "GET /xingrg/images/blue/jxLogo.png HTTP/1.1" 304 -
180.175.212.199 - - [05/Jun/2020:07:57:45 +0800] "GET /xingrg/images/blue/login_bg.png HTTP/1.1" 304 -
180.175.212.199 - - [05/Jun/2020:07:57:45 +0800] "GET /xingrg/images/blue/hj.png HTTP/1.1" 304 -
180.175.212.199 - - [05/Jun/2020:07:57:46 +0800] "GET /xingrg/images/blue/srbg.png HTTP/1.1" 304 -
114.84.32.201 - - [05/Jun/2020:07:57:52 +0800] "GET /xingrg/all/function/internal_message.html?_=1591315073457&CODE_STATE=getMsg HTTP/1.1" 200 27
114.88.170.9 - - [05/Jun/2020:07:57:53 +0800] "GET /xingrg/all/function/internal_message.html?_=1591315068729&CODE_STATE=getMsg HTTP/1.1" 200 27
116.230.77.149 - - [05/Jun/2020:07:58:00 +0800] "GET /xingrg/all/function/internal_message.html?_=1591315075155&CODE_STATE=getMsg HTTP/1.1" 200 27
116.230.77.149 - - [05/Jun/2020:07:58:00 +0800] "GET /xingrg/check_reg.html?_=1591315075168 HTTP/1.1" 200 22
114.84.32.201 - - [05/Jun/2020:07:58:00 +0800] "GET /xingrg/all/function/internal_message.html?_=1591315080786&CODE_STATE=getMsg HTTP/1.1" 200 27
172.17.0.110 - - [05/Jun/2020:07:58:00 +0800] "GET /xingrg/all/function/internal_message.html?_=1591315078825&CODE_STATE=getMsg HTTP/1.1" 200 27
117.131.5.26 - - [05/Jun/2020:07:58:03 +0800] "GET /xingrg/check_reg.html?_=1591315089336 HTTP/1.1" 200 22
114.84.33.255 - - [05/Jun/2020:07:58:05 +0800] "GET /xingrg/all/function/internal_message.html?_=1591315101805&CODE_STATE=getMsg HTTP/1.1" 200 27
58.221.95.50 - - [05/Jun/2020:07:58:07 +0800] "GET /xingrg/check_reg.html?_=1591315137664 HTTP/1.1" 200 22
172.17.0.185 - - [05/Jun/2020:07:58:15 +0800] "GET /xingrg/all/function/internal_message.html?_=1591315092770&CODE_STATE=getMsg HTTP/1.1" 200 27
120.253.135.82 - - [05/Jun/2020:07:58:31 +0800] "GET /xingrg/check_reg.html?_=1591314866667 HTTP/1.1" 200 22
61.172.5.115 - - [05/Jun/2020:07:58:37 +0800] "GET /xingrg/all/function/internal_message.html?_=1591315118649&CODE_STATE=getMsg HTTP/1.1" 302 -
120.253.135.82 - - [05/Jun/2020:07:58:38 +0800] "GET /xingrg/all/function/internal_message.html?_=1591314873207&CODE_STATE=getMsg HTTP/1.1" 200 27
172.17.0.112 - - [05/Jun/2020:07:58:38 +0800] "GET /xingrg/all/function/internal_message.html?_=1591315117210&CODE_STATE=getMsg HTTP/1.1" 200 27
114.84.33.255 - - [05/Jun/2020:07:58:44 +0800] "GET /xingrg/check_reg.html?_=1591315140696 HTTP/1.1" 200 22
114.84.32.201 - - [05/Jun/2020:07:58:52 +0800] "GET /xingrg/all/function/internal_message.html?_=1591315133475&CODE_STATE=getMsg HTTP/1.1" 200 27
114.84.32.201 - - [05/Jun/2020:07:58:52 +0800] "GET /xingrg/check_reg.html?_=1591315133476 HTTP/1.1" 200 22
114.88.170.9 - - [05/Jun/2020:07:58:53 +0800] "GET /xingrg/all/function/internal_message.html?_=1591315128754&CODE_STATE=getMsg HTTP/1.1" 200 27
116.230.77.149 - - [05/Jun/2020:07:59:00 +0800] "GET /xingrg/all/function/internal_message.html?_=1591315135156&CODE_STATE=getMsg HTTP/1.1" 200 27
114.84.32.201 - - [05/Jun/2020:07:59:00 +0800] "GET /xingrg/all/function/internal_message.html?_=1591315140771&CODE_STATE=getMsg HTTP/1.1" 200 27
172.17.0.110 - - [05/Jun/2020:07:59:00 +0800] "GET /xingrg/all/function/internal_message.html?_=1591315138820&CODE_STATE=getMsg HTTP/1.1" 200 27
114.84.33.255 - - [05/Jun/2020:07:59:05 +0800] "GET /xingrg/all/function/internal_message.html?_=1591315161819&CODE_STATE=getMsg HTTP/1.1" 200 27
172.17.0.185 - - [05/Jun/2020:07:59:15 +0800] "GET /xingrg/all/function/internal_message.html?_=1591315152773&CODE_STATE=getMsg HTTP/1.1" 200 27
61.172.5.115 - - [05/Jun/2020:07:59:37 +0800] "GET /xingrg/all/function/internal_message.html?_=1591315178650&CODE_STATE=getMsg HTTP/1.1" 302 -
120.253.135.82 - - [05/Jun/2020:07:59:38 +0800] "GET /xingrg/all/function/internal_message.html?_=1591314933220&CODE_STATE=getMsg HTTP/1.1" 200 27
172.17.0.112 - - [05/Jun/2020:07:59:38 +0800] "GET /xingrg/all/function/internal_message.html?_=1591315177216&CODE_STATE=getMsg HTTP/1.1" 200 27
120.253.135.82 - - [05/Jun/2020:07:59:39 +0800] "POST /xingrg/kc/buy/cgsh_list_operate.html HTTP/1.1" 200 1705
120.253.135.82 - - [05/Jun/2020:07:59:39 +0800] "POST /xingrg/kc/buy/cgsh_list_operate.html HTTP/1.1" 200 1705
120.253.135.82 - - [05/Jun/2020:07:59:42 +0800] "GET /xingrg/kc/buy/cgsh_order_add.html HTTP/1.1" 200 57713
120.253.135.82 - - [05/Jun/2020:07:59:42 +0800] "POST /xingrg/kc/buy/cgsh_order_operate.html HTTP/1.1" 200 8245
120.253.135.82 - - [05/Jun/2020:07:59:43 +0800] "GET /xingrg/javascript/easyui/themes/default/validatebox.css HTTP/1.1" 404 1104
114.84.32.201 - - [05/Jun/2020:07:59:52 +0800] "GET /xingrg/all/function/internal_message.html?_=1591315193461&CODE_STATE=getMsg HTTP/1.1" 200 27
114.88.170.9 - - [05/Jun/2020:07:59:53 +0800] "GET /xingrg/all/function/internal_message.html?_=1591315188755&CODE_STATE=getMsg HTTP/1.1" 200 27
116.230.77.149 - - [05/Jun/2020:07:59:59 +0800] "GET /xingrg/all/function/internal_message.html?_=1591315195156&CODE_STATE=getMsg HTTP/1.1" 200 27
114.84.32.201 - - [05/Jun/2020:08:00:00 +0800] "GET /xingrg/all/function/internal_message.html?_=1591315200774&CODE_STATE=getMsg HTTP/1.1" 200 27
114.84.32.201 - - [05/Jun/2020:08:00:00 +0800] "GET /xingrg/check_reg.html?_=1591315200775 HTTP/1.1" 200 22
172.17.0.110 - - [05/Jun/2020:08:00:00 +0800] "GET /xingrg/all/function/internal_message.html?_=1591315198840&CODE_STATE=getMsg HTTP/1.1" 200 27
114.84.33.255 - - [05/Jun/2020:08:00:05 +0800] "GET /xingrg/all/function/internal_message.html?_=1591315221832&CODE_STATE=getMsg HTTP/1.1" 200 27
172.17.0.185 - - [05/Jun/2020:08:00:15 +0800] "GET /xingrg/all/function/internal_message.html?_=1591315212779&CODE_STATE=getMsg HTTP/1.1" 200 27
120.253.135.82 - - [05/Jun/2020:08:00:26 +0800] "POST /xingrg/all/common/load_combo.html?type=employee HTTP/1.1" 200 2013
61.172.5.115 - - [05/Jun/2020:08:00:37 +0800] "GET /xingrg/all/function/internal_message.html?_=1591315238649&CODE_STATE=getMsg HTTP/1.1" 302 -
120.253.135.82 - - [05/Jun/2020:08:00:38 +0800] "GET /xingrg/all/function/internal_message.html?_=1591314993234&CODE_STATE=getMsg HTTP/1.1" 200 27
172.17.0.112 - - [05/Jun/2020:08:00:38 +0800] "GET /xingrg/check_reg.html?_=1591315237221 HTTP/1.1" 200 22
172.17.0.112 - - [05/Jun/2020:08:00:38 +0800] "GET /xingrg/all/function/internal_message.html?_=1591315237235&CODE_STATE=getMsg HTTP/1.1" 200 27
120.253.135.82 - - [05/Jun/2020:08:00:39 +0800] "GET /xingrg/kc/buy/cgsh_order_operate.html?command=get_materiel&rest_code=00101&code=00101008022&supplier_code=00100128&order_time=2020-06-05 HTTP/1.1" 200 453
120.253.135.82 - - [05/Jun/2020:08:00:40 +0800] "POST /xingrg/all/common/load_select.html HTTP/1.1" 200 25
120.253.135.82 - - [05/Jun/2020:08:00:43 +0800] "GET /xingrg/kc/buy/cgsh_order_operate.html?command=get_materiel_price&rest_code=00101&code=00101008022&unit_code=00100032&supplier_code=00100128&order_time=2020-06-05 HTTP/1.1" 200 28
114.84.32.201 - - [05/Jun/2020:08:00:52 +0800] "GET /xingrg/all/function/internal_message.html?_=1591315253463&CODE_STATE=getMsg HTTP/1.1" 200 27
114.88.170.9 - - [05/Jun/2020:08:00:53 +0800] "GET /xingrg/all/function/internal_message.html?_=1591315248783&CODE_STATE=getMsg HTTP/1.1" 200 27
116.230.77.149 - - [05/Jun/2020:08:01:00 +0800] "GET /xingrg/all/function/internal_message.html?_=1591315255155&CODE_STATE=getMsg HTTP/1.1" 200 27
114.84.32.201 - - [05/Jun/2020:08:01:00 +0800] "GET /xingrg/all/function/internal_message.html?_=1591315260775&CODE_STATE=getMsg HTTP/1.1" 200 27
172.17.0.110 - - [05/Jun/2020:08:01:00 +0800] "GET /xingrg/all/function/internal_message.html?_=1591315258847&CODE_STATE=getMsg HTTP/1.1" 200 27
114.84.33.255 - - [05/Jun/2020:08:01:05 +0800] "GET /xingrg/all/function/internal_message.html?_=1591315281866&CODE_STATE=getMsg HTTP/1.1" 200 27
120.253.135.82 - - [05/Jun/2020:08:01:07 +0800] "GET /xingrg/kc/buy/cgsh_order_operate.html?command=get_materiel&rest_code=00101&code=00101008052&supplier_code=00100128&order_time=2020-06-05 HTTP/1.1" 200 450
172.17.0.185 - - [05/Jun/2020:08:01:15 +0800] "GET /xingrg/all/function/internal_message.html?_=1591315272769&CODE_STATE=getMsg HTTP/1.1" 200 27
120.253.135.82 - - [05/Jun/2020:08:01:15 +0800] "POST /xingrg/kc/buy/cgsh_order_operate.html HTTP/1.1" 200 37
120.253.135.82 - - [05/Jun/2020:08:01:16 +0800] "POST /xingrg/kc/buy/cgsh_order_operate.html HTTP/1.1" 200 3288
114.88.170.9 - - [05/Jun/2020:08:01:36 +0800] "GET /xingrg/check_reg.html?_=1591315291544 HTTP/1.1" 200 22
61.172.5.115 - - [05/Jun/2020:08:01:37 +0800] "GET /xingrg/check_reg.html?_=1591315298617 HTTP/1.1" 302 -
61.172.5.115 - - [05/Jun/2020:08:01:37 +0800] "GET /xingrg/all/function/internal_message.html?_=1591315298650&CODE_STATE=getMsg HTTP/1.1" 302 -
172.17.0.112 - - [05/Jun/2020:08:01:38 +0800] "GET /xingrg/all/function/internal_message.html?_=1591315297217&CODE_STATE=getMsg HTTP/1.1" 200 27
120.253.135.82 - - [05/Jun/2020:08:01:38 +0800] "GET /xingrg/all/function/internal_message.html?_=1591315053247&CODE_STATE=getMsg HTTP/1.1" 200 27
120.253.135.82 - - [05/Jun/2020:08:01:45 +0800] "POST /xingrg/kc/buy/cgsh_order_operate.html HTTP/1.1" 200 37
120.253.135.82 - - [05/Jun/2020:08:01:46 +0800] "POST /xingrg/kc/buy/cgsh_order_operate.html HTTP/1.1" 200 3288
120.253.135.82 - - [05/Jun/2020:08:01:52 +0800] "GET /xingrg/kc/print/load_data.html?order_code=212020060501417&kc_code=cgsh&condition= HTTP/1.1" 200 1019
114.84.32.201 - - [05/Jun/2020:08:01:52 +0800] "GET /xingrg/all/function/internal_message.html?_=1591315313462&CODE_STATE=getMsg HTTP/1.1" 200 27
114.88.170.9 - - [05/Jun/2020:08:01:53 +0800] "GET /xingrg/all/function/internal_message.html?_=1591315308798&CODE_STATE=getMsg HTTP/1.1" 200 27
116.230.77.149 - - [05/Jun/2020:08:02:00 +0800] "GET /xingrg/all/function/internal_message.html?_=1591315315152&CODE_STATE=getMsg HTTP/1.1" 200 27
114.84.32.201 - - [05/Jun/2020:08:02:00 +0800] "GET /xingrg/all/function/internal_message.html?_=1591315320774&CODE_STATE=getMsg HTTP/1.1" 200 27
120.253.135.82 - - [05/Jun/2020:08:02:00 +0800] "POST /xingrg/kc/buy/cgsh_order_operate.html HTTP/1.1" 200 37
172.17.0.110 - - [05/Jun/2020:08:02:00 +0800] "GET /xingrg/all/function/internal_message.html?_=1591315318845&CODE_STATE=getMsg HTTP/1.1" 200 27
172.17.0.110 - - [05/Jun/2020:08:02:00 +0800] "GET /xingrg/check_reg.html?_=1591315318914 HTTP/1.1" 200 22
120.253.135.82 - - [05/Jun/2020:08:02:02 +0800] "POST /xingrg/kc/buy/cgsh_order_operate.html HTTP/1.1" 200 12
120.253.135.82 - - [05/Jun/2020:08:02:03 +0800] "GET /xingrg/kc/buy/cgsh_order_info.html?code=212020060501417 HTTP/1.1" 200 52872
120.253.135.82 - - [05/Jun/2020:08:02:04 +0800] "GET /xingrg/javascript/easyui/themes/default/validatebox.css HTTP/1.1" 404 1104
120.253.135.82 - - [05/Jun/2020:08:02:04 +0800] "POST /xingrg/kc/buy/cgsh_order_operate.html HTTP/1.1" 200 1238
114.84.33.255 - - [05/Jun/2020:08:02:05 +0800] "GET /xingrg/all/function/internal_message.html?_=1591315341876&CODE_STATE=getMsg HTTP/1.1" 200 27
172.17.0.185 - - [05/Jun/2020:08:02:15 +0800] "GET /xingrg/check_reg.html?_=1591315332776 HTTP/1.1" 200 22
172.17.0.185 - - [05/Jun/2020:08:02:15 +0800] "GET /xingrg/all/function/internal_message.html?_=1591315332778&CODE_STATE=getMsg HTTP/1.1" 200 27
61.172.5.115 - - [05/Jun/2020:08:02:37 +0800] "GET /xingrg/all/function/internal_message.html?_=1591315358649&CODE_STATE=getMsg HTTP/1.1" 302 -
172.17.0.112 - - [05/Jun/2020:08:02:38 +0800] "GET /xingrg/all/function/internal_message.html?_=1591315357223&CODE_STATE=getMsg HTTP/1.1" 200 27
120.253.135.82 - - [05/Jun/2020:08:02:38 +0800] "GET /xingrg/all/function/internal_message.html?_=1591315113261&CODE_STATE=getMsg HTTP/1.1" 200 27
114.84.32.201 - - [05/Jun/2020:08:02:52 +0800] "GET /xingrg/all/function/internal_message.html?_=1591315373478&CODE_STATE=getMsg HTTP/1.1" 200 27
114.88.170.9 - - [05/Jun/2020:08:02:53 +0800] "GET /xingrg/all/function/internal_message.html?_=1591315368811&CODE_STATE=getMsg HTTP/1.1" 200 27
116.230.77.149 - - [05/Jun/2020:08:03:00 +0800] "GET /xingrg/all/function/internal_message.html?_=1591315375166&CODE_STATE=getMsg HTTP/1.1" 200 27
116.230.77.149 - - [05/Jun/2020:08:03:00 +0800] "GET /xingrg/check_reg.html?_=1591315375185 HTTP/1.1" 200 22
114.84.32.201 - - [05/Jun/2020:08:03:00 +0800] "GET /xingrg/all/function/internal_message.html?_=1591315380792&CODE_STATE=getMsg HTTP/1.1" 200 27
172.17.0.110 - - [05/Jun/2020:08:03:00 +0800] "GET /xingrg/all/function/internal_message.html?_=1591315378868&CODE_STATE=getMsg HTTP/1.1" 200 27
117.131.5.26 - - [05/Jun/2020:08:03:03 +0800] "GET /xingrg/check_reg.html?_=1591315389336 HTTP/1.1" 200 22
114.84.33.255 - - [05/Jun/2020:08:03:05 +0800] "GET /xingrg/all/function/internal_message.html?_=1591315401908&CODE_STATE=getMsg HTTP/1.1" 200 27
58.221.95.50 - - [05/Jun/2020:08:03:07 +0800] "GET /xingrg/check_reg.html?_=1591315437639 HTTP/1.1" 200 22
172.17.0.185 - - [05/Jun/2020:08:03:15 +0800] "GET /xingrg/all/function/internal_message.html?_=1591315392765&CODE_STATE=getMsg HTTP/1.1" 200 27
120.253.135.82 - - [05/Jun/2020:08:03:31 +0800] "GET /xingrg/check_reg.html?_=1591315166660 HTTP/1.1" 200 22
61.172.5.115 - - [05/Jun/2020:08:03:37 +0800] "GET /xingrg/all/function/internal_message.html?_=1591315418663&CODE_STATE=getMsg HTTP/1.1" 302 -
172.17.0.112 - - [05/Jun/2020:08:03:38 +0800] "GET /xingrg/all/function/internal_message.html?_=1591315417213&CODE_STATE=getMsg HTTP/1.1" 200 27
120.253.135.82 - - [05/Jun/2020:08:03:38 +0800] "GET /xingrg/all/function/internal_message.html?_=1591315173275&CODE_STATE=getMsg HTTP/1.1" 200 27
114.84.33.255 - - [05/Jun/2020:08:03:44 +0800] "GET /xingrg/check_reg.html?_=1591315440707 HTTP/1.1" 200 22
114.84.32.201 - - [05/Jun/2020:08:03:52 +0800] "GET /xingrg/all/function/internal_message.html?_=1591315433478&CODE_STATE=getMsg HTTP/1.1" 200 27
114.84.32.201 - - [05/Jun/2020:08:03:52 +0800] "GET /xingrg/check_reg.html?_=1591315433479 HTTP/1.1" 200 22
114.88.170.9 - - [05/Jun/2020:08:03:53 +0800] "GET /xingrg/all/function/internal_message.html?_=1591315428842&CODE_STATE=getMsg HTTP/1.1" 200 27
116.230.77.149 - - [05/Jun/2020:08:04:00 +0800] "GET /xingrg/all/function/internal_message.html?_=1591315435169&CODE_STATE=getMsg HTTP/1.1" 200 27
114.84.32.201 - - [05/Jun/2020:08:04:00 +0800] "GET /xingrg/all/function/internal_message.html?_=1591315440778&CODE_STATE=getMsg HTTP/1.1" 200 27
172.17.0.110 - - [05/Jun/2020:08:04:00 +0800] "GET /xingrg/all/function/internal_message.html?_=1591315438856&CODE_STATE=getMsg HTTP/1.1" 200 27
114.84.33.255 - - [05/Jun/2020:08:04:05 +0800] "GET /xingrg/all/function/internal_message.html?_=1591315461919&CODE_STATE=getMsg HTTP/1.1" 200 27
172.17.0.185 - - [05/Jun/2020:08:04:15 +0800] "GET /xingrg/all/function/internal_message.html?_=1591315452770&CODE_STATE=getMsg HTTP/1.1" 200 27
61.172.5.115 - - [05/Jun/2020:08:04:37 +0800] "GET /xingrg/all/function/internal_message.html?_=1591315478661&CODE_STATE=getMsg HTTP/1.1" 302 -
172.17.0.112 - - [05/Jun/2020:08:04:38 +0800] "GET /xingrg/all/function/internal_message.html?_=1591315477218&CODE_STATE=getMsg HTTP/1.1" 200 27
120.253.135.82 - - [05/Jun/2020:08:04:38 +0800] "GET /xingrg/all/function/internal_message.html?_=1591315233288&CODE_STATE=getMsg HTTP/1.1" 200 27
120.253.135.82 - - [05/Jun/2020:08:04:40 +0800] "POST /xingrg/kc/buy/cgsh_list_operate.html HTTP/1.1" 200 1705
120.253.135.82 - - [05/Jun/2020:08:04:42 +0800] "GET /xingrg/kc/buy/cgsh_order_add.html HTTP/1.1" 200 57713
120.253.135.82 - - [05/Jun/2020:08:04:42 +0800] "POST /xingrg/kc/buy/cgsh_order_operate.html HTTP/1.1" 200 8245
120.253.135.82 - - [05/Jun/2020:08:04:42 +0800] "GET /xingrg/javascript/easyui/themes/default/validatebox.css HTTP/1.1" 404 1104
120.253.135.82 - - [05/Jun/2020:08:04:51 +0800] "POST /xingrg/all/common/load_combo.html?type=employee HTTP/1.1" 200 2013
114.84.32.201 - - [05/Jun/2020:08:04:52 +0800] "GET /xingrg/all/function/internal_message.html?_=1591315493466&CODE_STATE=getMsg HTTP/1.1" 200 27
114.88.170.9 - - [05/Jun/2020:08:04:53 +0800] "GET /xingrg/all/function/internal_message.html?_=1591315488855&CODE_STATE=getMsg HTTP/1.1" 200 27
116.230.77.149 - - [05/Jun/2020:08:05:00 +0800] "GET /xingrg/all/function/internal_message.html?_=1591315495168&CODE_STATE=getMsg HTTP/1.1" 200 27
114.84.32.201 - - [05/Jun/2020:08:05:00 +0800] "GET /xingrg/all/function/internal_message.html?_=1591315500794&CODE_STATE=getMsg HTTP/1.1" 200 27
114.84.32.201 - - [05/Jun/2020:08:05:00 +0800] "GET /xingrg/check_reg.html?_=1591315500796 HTTP/1.1" 200 22
172.17.0.110 - - [05/Jun/2020:08:05:00 +0800] "GET /xingrg/all/function/internal_message.html?_=1591315498863&CODE_STATE=getMsg HTTP/1.1" 200 27
114.84.33.255 - - [05/Jun/2020:08:05:05 +0800] "GET /xingrg/all/function/internal_message.html?_=1591315521931&CODE_STATE=getMsg HTTP/1.1" 200 27
172.17.0.185 - - [05/Jun/2020:08:05:15 +0800] "GET /xingrg/all/function/internal_message.html?_=1591315512775&CODE_STATE=getMsg HTTP/1.1" 200 27
120.253.135.82 - - [05/Jun/2020:08:05:21 +0800] "GET /xingrg/kc/buy/cgsh_order_operate.html?command=get_materiel&rest_code=00101&code=00101022021&supplier_code=00100392&order_time=2020-06-05 HTTP/1.1" 200 442
61.172.5.115 - - [05/Jun/2020:08:05:37 +0800] "GET /xingrg/all/function/internal_message.html?_=1591315538688&CODE_STATE=getMsg HTTP/1.1" 302 -
172.17.0.112 - - [05/Jun/2020:08:05:38 +0800] "GET /xingrg/all/function/internal_message.html?_=1591315537224&CODE_STATE=getMsg HTTP/1.1" 200 27
172.17.0.112 - - [05/Jun/2020:08:05:38 +0800] "GET /xingrg/check_reg.html?_=1591315537235 HTTP/1.1" 200 22
120.253.135.82 - - [05/Jun/2020:08:05:38 +0800] "GET /xingrg/all/function/internal_message.html?_=1591315293362&CODE_STATE=getMsg HTTP/1.1" 200 27
120.253.135.82 - - [05/Jun/2020:08:05:49 +0800] "GET /xingrg/kc/buy/cgsh_order_operate.html?command=get_materiel&rest_code=00101&code=00101022082&supplier_code=00100392&order_time=2020-06-05 HTTP/1.1" 200 406
114.84.32.201 - - [05/Jun/2020:08:05:52 +0800] "GET /xingrg/all/function/internal_message.html?_=1591315553466&CODE_STATE=getMsg HTTP/1.1" 200 27
114.88.170.9 - - [05/Jun/2020:08:05:53 +0800] "GET /xingrg/all/function/internal_message.html?_=1591315548879&CODE_STATE=getMsg HTTP/1.1" 200 27
116.230.77.149 - - [05/Jun/2020:08:05:59 +0800] "GET /xingrg/all/function/internal_message.html?_=1591315555165&CODE_STATE=getMsg HTTP/1.1" 200 27
114.84.32.201 - - [05/Jun/2020:08:06:00 +0800] "GET /xingrg/all/function/internal_message.html?_=1591315560780&CODE_STATE=getMsg HTTP/1.1" 200 27
172.17.0.110 - - [05/Jun/2020:08:06:00 +0800] "GET /xingrg/all/function/internal_message.html?_=1591315558846&CODE_STATE=getMsg HTTP/1.1" 200 27
114.84.33.255 - - [05/Jun/2020:08:06:05 +0800] "GET /xingrg/all/function/internal_message.html?_=1591315581965&CODE_STATE=getMsg HTTP/1.1" 200 27
120.253.135.82 - - [05/Jun/2020:08:06:09 +0800] "GET /xingrg/kc/buy/cgsh_order_operate.html?command=get_materiel&rest_code=00101&code=00101019120&supplier_code=00100392&order_time=2020-06-05 HTTP/1.1" 200 457
172.17.0.185 - - [05/Jun/2020:08:06:15 +0800] "GET /xingrg/all/function/internal_message.html?_=1591315572767&CODE_STATE=getMsg HTTP/1.1" 200 27
114.88.170.9 - - [05/Jun/2020:08:06:36 +0800] "GET /xingrg/check_reg.html?_=1591315591553 HTTP/1.1" 200 22
