172.17.0.185 - - [05/Jun/2020:06:25:15 +0800] "GET /xingrg/all/function/internal_message.html?_=1591309512770&CODE_STATE=getMsg HTTP/1.1" 200 27
120.253.135.82 - - [05/Jun/2020:06:25:32 +0800] "GET /xingrg/all/function/internal_message.html?_=1591309287684&CODE_STATE=getMsg HTTP/1.1" 200 27
61.172.5.115 - - [05/Jun/2020:06:25:37 +0800] "GET /xingrg/all/function/internal_message.html?_=1591309538500&CODE_STATE=getMsg HTTP/1.1" 302 -
172.17.0.112 - - [05/Jun/2020:06:25:38 +0800] "GET /xingrg/check_reg.html?_=1591309537211 HTTP/1.1" 200 22
172.17.0.112 - - [05/Jun/2020:06:25:38 +0800] "GET /xingrg/all/function/internal_message.html?_=1591309537217&CODE_STATE=getMsg HTTP/1.1" 200 27
114.88.170.9 - - [05/Jun/2020:06:25:51 +0800] "GET /xingrg/all/function/internal_message.html?_=1591309547028&CODE_STATE=getMsg HTTP/1.1" 200 27
114.84.32.201 - - [05/Jun/2020:06:25:52 +0800] "GET /xingrg/all/function/internal_message.html?_=1591309553347&CODE_STATE=getMsg HTTP/1.1" 200 27
172.17.0.110 - - [05/Jun/2020:06:25:56 +0800] "GET /xingrg/all/function/internal_message.html?_=1591309554496&CODE_STATE=getMsg HTTP/1.1" 200 27
172.17.0.110 - - [05/Jun/2020:06:25:56 +0800] "GET /xingrg/check_reg.html?_=1591309554499 HTTP/1.1" 200 22
116.230.77.149 - - [05/Jun/2020:06:26:00 +0800] "GET /xingrg/all/function/internal_message.html?_=1591309555069&CODE_STATE=getMsg HTTP/1.1" 200 27
114.84.32.201 - - [05/Jun/2020:06:26:00 +0800] "GET /xingrg/all/function/internal_message.html?_=1591309560673&CODE_STATE=getMsg HTTP/1.1" 200 27
120.253.135.82 - - [05/Jun/2020:06:26:03 +0800] "GET /xingrg/kc/report/report_main.html HTTP/1.1" 200 9370
120.253.135.82 - - [05/Jun/2020:06:26:03 +0800] "GET /xingrg/javascript/jquery_ui/themes/humanity/humanity.css HTTP/1.1" 200 27801
114.84.33.255 - - [05/Jun/2020:06:26:03 +0800] "GET /xingrg/all/function/internal_message.html?_=1591309580271&CODE_STATE=getMsg HTTP/1.1" 200 27
120.253.135.82 - - [05/Jun/2020:06:26:04 +0800] "GET /xingrg/kc/base/kc_stocks.html HTTP/1.1" 200 16278
120.253.135.82 - - [05/Jun/2020:06:26:04 +0800] "GET /xingrg/javascript/easyui/themes/sunny/easyui.css HTTP/1.1" 200 34304
120.253.135.82 - - [05/Jun/2020:06:26:04 +0800] "GET /xingrg/javascript/easyui/themes/icons/print_new.png HTTP/1.1" 200 3580
120.253.135.82 - - [05/Jun/2020:06:26:04 +0800] "GET /xingrg/javascript/easyui/themes/icons/refresh_new.png HTTP/1.1" 200 685
120.253.135.82 - - [05/Jun/2020:06:26:04 +0800] "GET /xingrg/javascript/easyui/themes/icons/filter_new.png HTTP/1.1" 200 795
120.253.135.82 - - [05/Jun/2020:06:26:04 +0800] "GET /xingrg/javascript/easyui/plugins/jquery.draggable.js HTTP/1.1" 200 6121
120.253.135.82 - - [05/Jun/2020:06:26:04 +0800] "GET /xingrg/javascript/easyui/plugins/jquery.droppable.js HTTP/1.1" 200 1167
120.253.135.82 - - [05/Jun/2020:06:26:04 +0800] "GET /xingrg/javascript/easyui/themes/default/tree.css HTTP/1.1" 404 1090
120.253.135.82 - - [05/Jun/2020:06:26:04 +0800] "GET /xingrg/javascript/easyui/plugins/jquery.tree.js HTTP/1.1" 200 20874
120.253.135.82 - - [05/Jun/2020:06:26:04 +0800] "POST /xingrg/all/common/load_tree.html?tree=materiel_sort_tree_json HTTP/1.1" 200 8666
120.253.135.82 - - [05/Jun/2020:06:26:04 +0800] "GET /xingrg/javascript/easyui/themes/sunny/images/tree_arrows.gif HTTP/1.1" 200 617
120.253.135.82 - - [05/Jun/2020:06:26:04 +0800] "GET /xingrg/javascript/easyui/themes/sunny/images/tree_folder.gif HTTP/1.1" 200 952
120.253.135.82 - - [05/Jun/2020:06:26:04 +0800] "GET /xingrg/javascript/easyui/themes/sunny/images/tree_file.gif HTTP/1.1" 200 118
120.253.135.82 - - [05/Jun/2020:06:26:04 +0800] "GET /xingrg/javascript/easyui/themes/sunny/images/tree_folder_open.gif HTTP/1.1" 200 956
120.253.135.82 - - [05/Jun/2020:06:26:05 +0800] "POST /xingrg/all/common/load_combo.html?type=base HTTP/1.1" 200 899
120.253.135.82 - - [05/Jun/2020:06:26:14 +0800] "POST /xingrg/kc/base/stock_operate.html HTTP/1.1" 200 2498
120.253.135.82 - - [05/Jun/2020:06:26:14 +0800] "GET /xingrg/javascript/jquery_tools/fix_table.js HTTP/1.1" 200 6528
172.17.0.185 - - [05/Jun/2020:06:26:15 +0800] "GET /xingrg/all/function/internal_message.html?_=1591309572776&CODE_STATE=getMsg HTTP/1.1" 200 27
120.253.135.82 - - [05/Jun/2020:06:26:31 +0800] "GET /xingrg/kc/pszx/mdqp_order_list.html?state=10 HTTP/1.1" 200 16269
120.253.135.82 - - [05/Jun/2020:06:26:31 +0800] "GET /xingrg/dwr/interface/AjaxReportQueryService.js HTTP/1.1" 200 13203
120.253.135.82 - - [05/Jun/2020:06:26:31 +0800] "GET /xingrg/dwr/engine.js HTTP/1.1" 200 43631
120.253.135.82 - - [05/Jun/2020:06:26:31 +0800] "GET /xingrg/dwr/interface/AjaxQqpsService.js HTTP/1.1" 200 16326
120.253.135.82 - - [05/Jun/2020:06:26:32 +0800] "GET /xingrg/all/function/internal_message.html?_=1591309347698&CODE_STATE=getMsg HTTP/1.1" 200 27
114.88.170.9 - - [05/Jun/2020:06:26:36 +0800] "GET /xingrg/check_reg.html?_=1591309591440 HTTP/1.1" 200 22
61.172.5.115 - - [05/Jun/2020:06:26:37 +0800] "GET /xingrg/check_reg.html?_=1591309598452 HTTP/1.1" 302 -
61.172.5.115 - - [05/Jun/2020:06:26:37 +0800] "GET /xingrg/all/function/internal_message.html?_=1591309598500&CODE_STATE=getMsg HTTP/1.1" 302 -
172.17.0.112 - - [05/Jun/2020:06:26:38 +0800] "GET /xingrg/all/function/internal_message.html?_=1591309597220&CODE_STATE=getMsg HTTP/1.1" 200 27
114.88.170.9 - - [05/Jun/2020:06:26:51 +0800] "GET /xingrg/all/function/internal_message.html?_=1591309607040&CODE_STATE=getMsg HTTP/1.1" 200 27
114.84.32.201 - - [05/Jun/2020:06:26:52 +0800] "GET /xingrg/all/function/internal_message.html?_=1591309613347&CODE_STATE=getMsg HTTP/1.1" 200 27
172.17.0.110 - - [05/Jun/2020:06:26:56 +0800] "GET /xingrg/all/function/internal_message.html?_=1591309614525&CODE_STATE=getMsg HTTP/1.1" 200 27
114.84.32.201 - - [05/Jun/2020:06:27:00 +0800] "GET /xingrg/all/function/internal_message.html?_=1591309620674&CODE_STATE=getMsg HTTP/1.1" 200 27
116.230.77.149 - - [05/Jun/2020:06:27:00 +0800] "GET /xingrg/all/function/internal_message.html?_=1591309615069&CODE_STATE=getMsg HTTP/1.1" 200 27
114.84.33.255 - - [05/Jun/2020:06:27:03 +0800] "GET /xingrg/all/function/internal_message.html?_=1591309640273&CODE_STATE=getMsg HTTP/1.1" 200 27
172.17.0.185 - - [05/Jun/2020:06:27:15 +0800] "GET /xingrg/check_reg.html?_=1591309632768 HTTP/1.1" 200 22
172.17.0.185 - - [05/Jun/2020:06:27:15 +0800] "GET /xingrg/all/function/internal_message.html?_=1591309632772&CODE_STATE=getMsg HTTP/1.1" 200 27
120.253.135.82 - - [05/Jun/2020:06:27:32 +0800] "GET /xingrg/check_reg.html?_=1591309407355 HTTP/1.1" 200 22
120.253.135.82 - - [05/Jun/2020:06:27:32 +0800] "GET /xingrg/all/function/internal_message.html?_=1591309407712&CODE_STATE=getMsg HTTP/1.1" 200 27
61.172.5.115 - - [05/Jun/2020:06:27:37 +0800] "GET /xingrg/all/function/internal_message.html?_=1591309658498&CODE_STATE=getMsg HTTP/1.1" 302 -
172.17.0.112 - - [05/Jun/2020:06:27:38 +0800] "GET /xingrg/all/function/internal_message.html?_=1591309657224&CODE_STATE=getMsg HTTP/1.1" 200 27
120.253.135.82 - - [05/Jun/2020:06:27:38 +0800] "GET /xingrg/kc/pszx/jzcl_ps.html HTTP/1.1" 200 7683
120.253.135.82 - - [05/Jun/2020:06:27:38 +0800] "POST /xingrg/all/common/load_tree.html?tree=area_rest_tree_json HTTP/1.1" 200 3088
120.253.135.82 - - [05/Jun/2020:06:27:39 +0800] "POST /xingrg/kc/pszx/jzcl_ps_operate.html HTTP/1.1" 200 7093
120.253.135.82 - - [05/Jun/2020:06:27:39 +0800] "POST /xingrg/kc/pszx/jzcl_ps_operate.html HTTP/1.1" 200 7093
114.88.170.9 - - [05/Jun/2020:06:27:51 +0800] "GET /xingrg/all/function/internal_message.html?_=1591309667053&CODE_STATE=getMsg HTTP/1.1" 200 27
114.84.32.201 - - [05/Jun/2020:06:27:52 +0800] "GET /xingrg/all/function/internal_message.html?_=1591309673347&CODE_STATE=getMsg HTTP/1.1" 200 27
120.253.135.82 - - [05/Jun/2020:06:27:53 +0800] "POST /xingrg/kc/pszx/jzcl_ps_operate.html HTTP/1.1" 200 4
120.253.135.82 - - [05/Jun/2020:06:27:54 +0800] "GET /xingrg/kc/pszx/mdps_order_list.html HTTP/1.1" 200 20967
120.253.135.82 - - [05/Jun/2020:06:27:55 +0800] "POST /xingrg/kc/pszx/mdps_list_operate.html HTTP/1.1" 200 5273
172.17.0.110 - - [05/Jun/2020:06:27:56 +0800] "GET /xingrg/all/function/internal_message.html?_=1591309674524&CODE_STATE=getMsg HTTP/1.1" 200 27
120.253.135.82 - - [05/Jun/2020:06:27:59 +0800] "POST /xingrg/kc/pszx/mdps_list_operate.html HTTP/1.1" 200 5273
116.230.77.149 - - [05/Jun/2020:06:28:00 +0800] "GET /xingrg/all/function/internal_message.html?_=1591309675070&CODE_STATE=getMsg HTTP/1.1" 200 27
114.84.32.201 - - [05/Jun/2020:06:28:00 +0800] "GET /xingrg/all/function/internal_message.html?_=1591309680674&CODE_STATE=getMsg HTTP/1.1" 200 27
116.230.77.149 - - [05/Jun/2020:06:28:00 +0800] "GET /xingrg/check_reg.html?_=1591309675074 HTTP/1.1" 200 22
120.253.135.82 - - [05/Jun/2020:06:28:01 +0800] "GET /xingrg/kc/pszx/jzcl_ps.html HTTP/1.1" 200 7683
120.253.135.82 - - [05/Jun/2020:06:28:01 +0800] "POST /xingrg/all/common/load_tree.html?tree=area_rest_tree_json HTTP/1.1" 200 3088
120.253.135.82 - - [05/Jun/2020:06:28:02 +0800] "POST /xingrg/kc/pszx/jzcl_ps_operate.html HTTP/1.1" 200 6280
120.253.135.82 - - [05/Jun/2020:06:28:02 +0800] "POST /xingrg/kc/pszx/jzcl_ps_operate.html HTTP/1.1" 200 6280
117.131.5.26 - - [05/Jun/2020:06:28:03 +0800] "GET /xingrg/check_reg.html?_=1591309689336 HTTP/1.1" 200 22
114.84.33.255 - - [05/Jun/2020:06:28:03 +0800] "GET /xingrg/all/function/internal_message.html?_=1591309700303&CODE_STATE=getMsg HTTP/1.1" 200 27
58.221.95.50 - - [05/Jun/2020:06:28:08 +0800] "GET /xingrg/check_reg.html?_=1591309738009 HTTP/1.1" 200 22
120.253.135.82 - - [05/Jun/2020:06:28:08 +0800] "POST /xingrg/kc/pszx/jzcl_ps_operate.html HTTP/1.1" 200 4
120.253.135.82 - - [05/Jun/2020:06:28:09 +0800] "GET /xingrg/kc/pszx/mdps_order_list.html HTTP/1.1" 200 20967
120.253.135.82 - - [05/Jun/2020:06:28:09 +0800] "POST /xingrg/kc/pszx/mdps_list_operate.html HTTP/1.1" 200 5275
114.88.170.9 - - [05/Jun/2020:06:28:10 +0800] "POST /xingrg/services/DataTransmitService HTTP/1.1" 200 524
114.88.170.9 - - [05/Jun/2020:06:28:10 +0800] "POST /xingrg/services/DataTransmitService HTTP/1.1" 200 501
120.253.135.82 - - [05/Jun/2020:06:28:12 +0800] "GET /xingrg/kc/pszx/jzcl_ps.html HTTP/1.1" 200 7683
120.253.135.82 - - [05/Jun/2020:06:28:13 +0800] "POST /xingrg/all/common/load_tree.html?tree=area_rest_tree_json HTTP/1.1" 200 3088
120.253.135.82 - - [05/Jun/2020:06:28:13 +0800] "POST /xingrg/kc/pszx/jzcl_ps_operate.html HTTP/1.1" 200 5810
120.253.135.82 - - [05/Jun/2020:06:28:13 +0800] "POST /xingrg/kc/pszx/jzcl_ps_operate.html HTTP/1.1" 200 5810
172.17.0.185 - - [05/Jun/2020:06:28:15 +0800] "GET /xingrg/all/function/internal_message.html?_=1591309692775&CODE_STATE=getMsg HTTP/1.1" 200 27
120.253.135.82 - - [05/Jun/2020:06:28:21 +0800] "POST /xingrg/kc/pszx/jzcl_ps_operate.html HTTP/1.1" 200 4
120.253.135.82 - - [05/Jun/2020:06:28:22 +0800] "GET /xingrg/kc/pszx/mdps_order_list.html HTTP/1.1" 200 20967
120.253.135.82 - - [05/Jun/2020:06:28:22 +0800] "POST /xingrg/kc/pszx/mdps_list_operate.html HTTP/1.1" 200 5275
120.253.135.82 - - [05/Jun/2020:06:28:24 +0800] "GET /xingrg/kc/pszx/mdqp_order_list.html?state=10 HTTP/1.1" 200 14918
120.253.135.82 - - [05/Jun/2020:06:28:24 +0800] "GET /xingrg/dwr/interface/AjaxReportQueryService.js HTTP/1.1" 200 13203
120.253.135.82 - - [05/Jun/2020:06:28:24 +0800] "GET /xingrg/dwr/interface/AjaxQqpsService.js HTTP/1.1" 200 16326
120.253.135.82 - - [05/Jun/2020:06:28:24 +0800] "GET /xingrg/dwr/engine.js HTTP/1.1" 200 43631
120.253.135.82 - - [05/Jun/2020:06:28:32 +0800] "GET /xingrg/all/function/internal_message.html?_=1591309467725&CODE_STATE=getMsg HTTP/1.1" 200 27
61.172.5.115 - - [05/Jun/2020:06:28:37 +0800] "GET /xingrg/all/function/internal_message.html?_=1591309718497&CODE_STATE=getMsg HTTP/1.1" 302 -
172.17.0.112 - - [05/Jun/2020:06:28:38 +0800] "GET /xingrg/all/function/internal_message.html?_=1591309717214&CODE_STATE=getMsg HTTP/1.1" 200 27
120.253.135.82 - - [05/Jun/2020:06:28:41 +0800] "GET /xingrg/kc/pszx/jzcl_ps.html HTTP/1.1" 200 7683
120.253.135.82 - - [05/Jun/2020:06:28:42 +0800] "POST /xingrg/all/common/load_tree.html?tree=area_rest_tree_json HTTP/1.1" 200 3088
120.253.135.82 - - [05/Jun/2020:06:28:42 +0800] "POST /xingrg/kc/pszx/jzcl_ps_operate.html HTTP/1.1" 200 4946
120.253.135.82 - - [05/Jun/2020:06:28:42 +0800] "POST /xingrg/kc/pszx/jzcl_ps_operate.html HTTP/1.1" 200 4946
114.84.33.255 - - [05/Jun/2020:06:28:44 +0800] "GET /xingrg/check_reg.html?_=1591309740597 HTTP/1.1" 200 22
120.253.135.82 - - [05/Jun/2020:06:28:48 +0800] "GET /xingrg/kc/pszx/mdps_order_list.html?orderType=0 HTTP/1.1" 200 20967
120.253.135.82 - - [05/Jun/2020:06:28:49 +0800] "POST /xingrg/kc/pszx/mdps_list_operate.html HTTP/1.1" 200 5275
114.88.170.9 - - [05/Jun/2020:06:28:51 +0800] "GET /xingrg/all/function/internal_message.html?_=1591309727085&CODE_STATE=getMsg HTTP/1.1" 200 27
180.162.232.172 - - [05/Jun/2020:06:28:51 +0800] "POST /xingrg/services/DataTransmitService HTTP/1.1" 200 524
180.162.232.172 - - [05/Jun/2020:06:28:52 +0800] "POST /xingrg/services/DataTransmitService HTTP/1.1" 200 501
180.162.232.172 - - [05/Jun/2020:06:28:52 +0800] "POST /xingrg/services/DataTransmitService HTTP/1.1" 200 501
114.84.32.201 - - [05/Jun/2020:06:28:52 +0800] "GET /xingrg/all/function/internal_message.html?_=1591309733345&CODE_STATE=getMsg HTTP/1.1" 200 27
114.84.32.201 - - [05/Jun/2020:06:28:52 +0800] "GET /xingrg/check_reg.html?_=1591309733348 HTTP/1.1" 200 22
180.162.232.172 - - [05/Jun/2020:06:28:52 +0800] "POST /xingrg/services/DataTransmitService HTTP/1.1" 200 501
180.162.232.172 - - [05/Jun/2020:06:28:53 +0800] "POST /xingrg/services/DataTransmitService HTTP/1.1" 200 501
180.162.232.172 - - [05/Jun/2020:06:28:53 +0800] "POST /xingrg/services/DataTransmitService HTTP/1.1" 200 501
180.162.232.172 - - [05/Jun/2020:06:28:53 +0800] "POST /xingrg/services/DataTransmitService HTTP/1.1" 200 501
180.162.232.172 - - [05/Jun/2020:06:28:54 +0800] "POST /xingrg/services/DataTransmitService HTTP/1.1" 200 501
180.162.232.172 - - [05/Jun/2020:06:28:54 +0800] "POST /xingrg/services/DataTransmitService HTTP/1.1" 200 501
180.162.232.172 - - [05/Jun/2020:06:28:54 +0800] "POST /xingrg/services/DataTransmitService HTTP/1.1" 200 412
172.17.0.110 - - [05/Jun/2020:06:28:56 +0800] "GET /xingrg/all/function/internal_message.html?_=1591309734524&CODE_STATE=getMsg HTTP/1.1" 200 27
116.230.77.149 - - [05/Jun/2020:06:29:00 +0800] "GET /xingrg/all/function/internal_message.html?_=1591309735072&CODE_STATE=getMsg HTTP/1.1" 200 27
114.84.32.201 - - [05/Jun/2020:06:29:00 +0800] "GET /xingrg/all/function/internal_message.html?_=1591309740673&CODE_STATE=getMsg HTTP/1.1" 200 27
120.253.135.82 - - [05/Jun/2020:06:29:01 +0800] "POST /xingrg/kc/pszx/mdps_list_operate.html HTTP/1.1" 200 2063
120.253.135.82 - - [05/Jun/2020:06:29:02 +0800] "POST /xingrg/kc/pszx/mdps_list_operate.html HTTP/1.1" 200 357
114.84.33.255 - - [05/Jun/2020:06:29:03 +0800] "GET /xingrg/all/function/internal_message.html?_=1591309760315&CODE_STATE=getMsg HTTP/1.1" 200 27
120.253.135.82 - - [05/Jun/2020:06:29:04 +0800] "POST /xingrg/kc/pszx/mdps_list_operate.html HTTP/1.1" 200 205
120.253.135.82 - - [05/Jun/2020:06:29:05 +0800] "GET /xingrg/kc/pszx/mdps_order_info.html?code=312020060500099 HTTP/1.1" 200 23849
120.253.135.82 - - [05/Jun/2020:06:29:05 +0800] "GET /xingrg/javascript/easyui/themes/default/validatebox.css HTTP/1.1" 404 1104
120.253.135.82 - - [05/Jun/2020:06:29:05 +0800] "POST /xingrg/kc/pszx/mdps_order_operate.html HTTP/1.1" 200 2281
117.185.32.26 - - [05/Jun/2020:06:29:06 +0800] "POST /xingrg/services/DataTransmitService HTTP/1.1" 200 524
117.185.32.26 - - [05/Jun/2020:06:29:06 +0800] "POST /xingrg/services/DataTransmitService HTTP/1.1" 200 501
120.253.135.82 - - [05/Jun/2020:06:29:08 +0800] "POST /xingrg/kc/pszx/mdps_order_operate.html HTTP/1.1" 200 37
120.253.135.82 - - [05/Jun/2020:06:29:09 +0800] "GET /xingrg/kc/pszx/mdps_order_info.html?code=312020060500099 HTTP/1.1" 200 23849
120.253.135.82 - - [05/Jun/2020:06:29:09 +0800] "GET /xingrg/javascript/easyui/themes/default/validatebox.css HTTP/1.1" 404 1104
120.253.135.82 - - [05/Jun/2020:06:29:09 +0800] "POST /xingrg/kc/pszx/mdps_order_operate.html HTTP/1.1" 200 2290
172.17.0.185 - - [05/Jun/2020:06:29:15 +0800] "GET /xingrg/all/function/internal_message.html?_=1591309752778&CODE_STATE=getMsg HTTP/1.1" 200 27
120.253.135.82 - - [05/Jun/2020:06:29:16 +0800] "GET /xingrg/kc/pszx/mdps_order_info.html?code=312020060500100 HTTP/1.1" 200 23849
120.253.135.82 - - [05/Jun/2020:06:29:17 +0800] "POST /xingrg/kc/pszx/mdps_order_operate.html HTTP/1.1" 200 3246
120.253.135.82 - - [05/Jun/2020:06:29:17 +0800] "GET /xingrg/javascript/easyui/themes/default/validatebox.css HTTP/1.1" 404 1104
120.253.135.82 - - [05/Jun/2020:06:29:20 +0800] "POST /xingrg/kc/pszx/mdps_order_operate.html HTTP/1.1" 200 37
120.253.135.82 - - [05/Jun/2020:06:29:21 +0800] "GET /xingrg/kc/pszx/mdps_order_info.html?code=312020060500100 HTTP/1.1" 200 23849
120.253.135.82 - - [05/Jun/2020:06:29:21 +0800] "POST /xingrg/kc/pszx/mdps_order_operate.html HTTP/1.1" 200 3268
120.253.135.82 - - [05/Jun/2020:06:29:21 +0800] "GET /xingrg/javascript/easyui/themes/default/validatebox.css HTTP/1.1" 404 1104
120.253.135.82 - - [05/Jun/2020:06:29:32 +0800] "GET /xingrg/all/function/internal_message.html?_=1591309527739&CODE_STATE=getMsg HTTP/1.1" 200 27
61.172.5.115 - - [05/Jun/2020:06:29:37 +0800] "GET /xingrg/all/function/internal_message.html?_=1591309778496&CODE_STATE=getMsg HTTP/1.1" 302 -
172.17.0.112 - - [05/Jun/2020:06:29:38 +0800] "GET /xingrg/all/function/internal_message.html?_=1591309777220&CODE_STATE=getMsg HTTP/1.1" 200 27
114.88.170.9 - - [05/Jun/2020:06:29:51 +0800] "GET /xingrg/all/function/internal_message.html?_=1591309787096&CODE_STATE=getMsg HTTP/1.1" 200 27
114.84.32.201 - - [05/Jun/2020:06:29:52 +0800] "GET /xingrg/all/function/internal_message.html?_=1591309793347&CODE_STATE=getMsg HTTP/1.1" 200 27
172.17.0.110 - - [05/Jun/2020:06:29:56 +0800] "GET /xingrg/all/function/internal_message.html?_=1591309794523&CODE_STATE=getMsg HTTP/1.1" 200 27
114.84.32.201 - - [05/Jun/2020:06:30:00 +0800] "GET /xingrg/all/function/internal_message.html?_=1591309800673&CODE_STATE=getMsg HTTP/1.1" 200 27
116.230.77.149 - - [05/Jun/2020:06:30:00 +0800] "GET /xingrg/all/function/internal_message.html?_=1591309795087&CODE_STATE=getMsg HTTP/1.1" 200 27
114.84.32.201 - - [05/Jun/2020:06:30:00 +0800] "GET /xingrg/check_reg.html?_=1591309800675 HTTP/1.1" 200 22
114.84.33.255 - - [05/Jun/2020:06:30:03 +0800] "GET /xingrg/all/function/internal_message.html?_=1591309820329&CODE_STATE=getMsg HTTP/1.1" 200 27
172.17.0.185 - - [05/Jun/2020:06:30:15 +0800] "GET /xingrg/all/function/internal_message.html?_=1591309812769&CODE_STATE=getMsg HTTP/1.1" 200 27
120.253.135.82 - - [05/Jun/2020:06:30:32 +0800] "GET /xingrg/all/function/internal_message.html?_=1591309587752&CODE_STATE=getMsg HTTP/1.1" 200 27
120.253.135.82 - - [05/Jun/2020:06:30:34 +0800] "POST /xingrg/kc/pszx/mdps_list_operate.html HTTP/1.1" 200 2063
61.172.5.115 - - [05/Jun/2020:06:30:37 +0800] "GET /xingrg/all/function/internal_message.html?_=1591309838495&CODE_STATE=getMsg HTTP/1.1" 302 -
172.17.0.112 - - [05/Jun/2020:06:30:38 +0800] "GET /xingrg/check_reg.html?_=1591309837211 HTTP/1.1" 200 22
172.17.0.112 - - [05/Jun/2020:06:30:38 +0800] "GET /xingrg/all/function/internal_message.html?_=1591309837217&CODE_STATE=getMsg HTTP/1.1" 200 27
120.253.135.82 - - [05/Jun/2020:06:30:47 +0800] "POST /xingrg/kc/pszx/mdps_list_operate.html HTTP/1.1" 200 1692
120.253.135.82 - - [05/Jun/2020:06:30:48 +0800] "POST /xingrg/kc/pszx/mdps_list_operate.html HTTP/1.1" 200 631
120.253.135.82 - - [05/Jun/2020:06:30:49 +0800] "GET /xingrg/kc/pszx/mdps_order_info.html?code=312020060500101 HTTP/1.1" 200 23849
120.253.135.82 - - [05/Jun/2020:06:30:50 +0800] "POST /xingrg/kc/pszx/mdps_order_operate.html HTTP/1.1" 200 7854
120.253.135.82 - - [05/Jun/2020:06:30:50 +0800] "GET /xingrg/javascript/easyui/themes/default/validatebox.css HTTP/1.1" 404 1104
114.88.170.9 - - [05/Jun/2020:06:30:51 +0800] "GET /xingrg/all/function/internal_message.html?_=1591309847123&CODE_STATE=getMsg HTTP/1.1" 200 27
114.84.32.201 - - [05/Jun/2020:06:30:52 +0800] "GET /xingrg/all/function/internal_message.html?_=1591309853345&CODE_STATE=getMsg HTTP/1.1" 200 27
120.253.135.82 - - [05/Jun/2020:06:30:53 +0800] "POST /xingrg/kc/pszx/mdps_order_operate.html HTTP/1.1" 200 37
120.253.135.82 - - [05/Jun/2020:06:30:54 +0800] "GET /xingrg/kc/pszx/mdps_order_info.html?code=312020060500101 HTTP/1.1" 200 23849
120.253.135.82 - - [05/Jun/2020:06:30:54 +0800] "POST /xingrg/kc/pszx/mdps_order_operate.html HTTP/1.1" 200 7945
120.253.135.82 - - [05/Jun/2020:06:30:54 +0800] "GET /xingrg/javascript/easyui/themes/default/validatebox.css HTTP/1.1" 404 1104
172.17.0.110 - - [05/Jun/2020:06:30:56 +0800] "GET /xingrg/all/function/internal_message.html?_=1591309854523&CODE_STATE=getMsg HTTP/1.1" 200 27
172.17.0.110 - - [05/Jun/2020:06:30:56 +0800] "GET /xingrg/check_reg.html?_=1591309854525 HTTP/1.1" 200 22
114.84.32.201 - - [05/Jun/2020:06:31:00 +0800] "GET /xingrg/all/function/internal_message.html?_=1591309860676&CODE_STATE=getMsg HTTP/1.1" 200 27
116.230.77.149 - - [05/Jun/2020:06:31:00 +0800] "GET /xingrg/all/function/internal_message.html?_=1591309855086&CODE_STATE=getMsg HTTP/1.1" 200 27
114.84.33.255 - - [05/Jun/2020:06:31:03 +0800] "GET /xingrg/all/function/internal_message.html?_=1591309880356&CODE_STATE=getMsg HTTP/1.1" 200 27
172.17.0.185 - - [05/Jun/2020:06:31:15 +0800] "GET /xingrg/all/function/internal_message.html?_=1591309872775&CODE_STATE=getMsg HTTP/1.1" 200 27
116.230.77.149 - - [05/Jun/2020:06:31:17 +0800] "POST /xingrg/services/DataTransmitService HTTP/1.1" 200 524
116.230.77.149 - - [05/Jun/2020:06:31:18 +0800] "POST /xingrg/services/DataTransmitService HTTP/1.1" 200 501
120.253.135.82 - - [05/Jun/2020:06:31:32 +0800] "POST /xingrg/all/common/load_select.html HTTP/1.1" 200 25
120.253.135.82 - - [05/Jun/2020:06:31:32 +0800] "GET /xingrg/all/function/internal_message.html?_=1591309647765&CODE_STATE=getMsg HTTP/1.1" 200 27
114.88.170.9 - - [05/Jun/2020:06:31:36 +0800] "GET /xingrg/check_reg.html?_=1591309891447 HTTP/1.1" 200 22
120.253.135.82 - - [05/Jun/2020:06:31:37 +0800] "GET /xingrg/kc/pszx/mdps_order_operate.html?command=get_materiel_price&pszx_code=00101&rest_code=00143&base_code=0010246&code=00101019238&unit_code=00100178&order_time=2020-06-05 HTTP/1.1" 200 47
61.172.5.115 - - [05/Jun/2020:06:31:37 +0800] "GET /xingrg/check_reg.html?_=1591309898451 HTTP/1.1" 302 -
61.172.5.115 - - [05/Jun/2020:06:31:37 +0800] "GET /xingrg/all/function/internal_message.html?_=1591309898501&CODE_STATE=getMsg HTTP/1.1" 302 -
172.17.0.112 - - [05/Jun/2020:06:31:38 +0800] "GET /xingrg/all/function/internal_message.html?_=1591309897222&CODE_STATE=getMsg HTTP/1.1" 200 27
114.88.170.9 - - [05/Jun/2020:06:31:51 +0800] "GET /xingrg/all/function/internal_message.html?_=1591309907123&CODE_STATE=getMsg HTTP/1.1" 200 27
114.84.32.201 - - [05/Jun/2020:06:31:52 +0800] "GET /xingrg/all/function/internal_message.html?_=1591309913344&CODE_STATE=getMsg HTTP/1.1" 200 27
172.17.0.110 - - [05/Jun/2020:06:31:56 +0800] "GET /xingrg/all/function/internal_message.html?_=1591309914524&CODE_STATE=getMsg HTTP/1.1" 200 27
114.84.32.201 - - [05/Jun/2020:06:32:00 +0800] "GET /xingrg/all/function/internal_message.html?_=1591309920674&CODE_STATE=getMsg HTTP/1.1" 200 27
116.230.77.149 - - [05/Jun/2020:06:32:00 +0800] "GET /xingrg/all/function/internal_message.html?_=1591309915085&CODE_STATE=getMsg HTTP/1.1" 200 27
114.84.33.255 - - [05/Jun/2020:06:32:03 +0800] "GET /xingrg/all/function/internal_message.html?_=1591309940371&CODE_STATE=getMsg HTTP/1.1" 200 27
172.17.0.185 - - [05/Jun/2020:06:32:15 +0800] "GET /xingrg/check_reg.html?_=1591309932780 HTTP/1.1" 200 22
172.17.0.185 - - [05/Jun/2020:06:32:15 +0800] "GET /xingrg/all/function/internal_message.html?_=1591309932783&CODE_STATE=getMsg HTTP/1.1" 200 27
120.253.135.82 - - [05/Jun/2020:06:32:32 +0800] "GET /xingrg/check_reg.html?_=1591309707358 HTTP/1.1" 200 22
120.253.135.82 - - [05/Jun/2020:06:32:32 +0800] "GET /xingrg/all/function/internal_message.html?_=1591309707780&CODE_STATE=getMsg HTTP/1.1" 200 27
61.172.5.115 - - [05/Jun/2020:06:32:37 +0800] "GET /xingrg/all/function/internal_message.html?_=1591309958499&CODE_STATE=getMsg HTTP/1.1" 302 -
172.17.0.112 - - [05/Jun/2020:06:32:38 +0800] "GET /xingrg/all/function/internal_message.html?_=1591309957212&CODE_STATE=getMsg HTTP/1.1" 200 27
114.88.170.9 - - [05/Jun/2020:06:32:51 +0800] "GET /xingrg/all/function/internal_message.html?_=1591309967136&CODE_STATE=getMsg HTTP/1.1" 200 27
114.84.32.201 - - [05/Jun/2020:06:32:52 +0800] "GET /xingrg/all/function/internal_message.html?_=1591309973343&CODE_STATE=getMsg HTTP/1.1" 200 27
172.17.0.110 - - [05/Jun/2020:06:32:56 +0800] "GET /xingrg/all/function/internal_message.html?_=1591309974549&CODE_STATE=getMsg HTTP/1.1" 200 27
114.84.32.201 - - [05/Jun/2020:06:33:00 +0800] "GET /xingrg/all/function/internal_message.html?_=1591309980679&CODE_STATE=getMsg HTTP/1.1" 200 27
116.230.77.149 - - [05/Jun/2020:06:33:00 +0800] "GET /xingrg/check_reg.html?_=1591309975085 HTTP/1.1" 200 22
116.230.77.149 - - [05/Jun/2020:06:33:00 +0800] "GET /xingrg/all/function/internal_message.html?_=1591309975103&CODE_STATE=getMsg HTTP/1.1" 200 27
117.131.5.26 - - [05/Jun/2020:06:33:03 +0800] "GET /xingrg/check_reg.html?_=1591309989336 HTTP/1.1" 200 22
114.84.33.255 - - [05/Jun/2020:06:33:03 +0800] "GET /xingrg/all/function/internal_message.html?_=1591310000395&CODE_STATE=getMsg HTTP/1.1" 200 27
58.221.95.50 - - [05/Jun/2020:06:33:08 +0800] "GET /xingrg/check_reg.html?_=1591310037981 HTTP/1.1" 200 22
172.17.0.185 - - [05/Jun/2020:06:33:15 +0800] "GET /xingrg/all/function/internal_message.html?_=1591309992770&CODE_STATE=getMsg HTTP/1.1" 200 27
120.253.135.82 - - [05/Jun/2020:06:33:32 +0800] "GET /xingrg/all/function/internal_message.html?_=1591309767792&CODE_STATE=getMsg HTTP/1.1" 200 27
61.172.5.115 - - [05/Jun/2020:06:33:37 +0800] "GET /xingrg/all/function/internal_message.html?_=1591310018498&CODE_STATE=getMsg HTTP/1.1" 302 -
172.17.0.112 - - [05/Jun/2020:06:33:38 +0800] "GET /xingrg/all/function/internal_message.html?_=1591310017217&CODE_STATE=getMsg HTTP/1.1" 200 27
114.84.33.255 - - [05/Jun/2020:06:33:44 +0800] "GET /xingrg/check_reg.html?_=1591310040605 HTTP/1.1" 200 22
114.88.170.9 - - [05/Jun/2020:06:33:51 +0800] "GET /xingrg/all/function/internal_message.html?_=1591310027166&CODE_STATE=getMsg HTTP/1.1" 200 27
114.84.32.201 - - [05/Jun/2020:06:33:52 +0800] "GET /xingrg/all/function/internal_message.html?_=1591310033345&CODE_STATE=getMsg HTTP/1.1" 200 27
114.84.32.201 - - [05/Jun/2020:06:33:52 +0800] "GET /xingrg/check_reg.html?_=1591310033347 HTTP/1.1" 200 22
172.17.0.110 - - [05/Jun/2020:06:33:56 +0800] "GET /xingrg/all/function/internal_message.html?_=1591310034548&CODE_STATE=getMsg HTTP/1.1" 200 27
114.84.32.201 - - [05/Jun/2020:06:34:00 +0800] "GET /xingrg/all/function/internal_message.html?_=1591310040682&CODE_STATE=getMsg HTTP/1.1" 200 27
116.230.77.149 - - [05/Jun/2020:06:34:00 +0800] "GET /xingrg/all/function/internal_message.html?_=1591310035090&CODE_STATE=getMsg HTTP/1.1" 200 27
116.230.77.149 - - [05/Jun/2020:06:34:01 +0800] "POST /xingrg/services/DataTransmitService HTTP/1.1" 200 524
120.253.135.82 - - [05/Jun/2020:06:34:02 +0800] "POST /xingrg/kc/pszx/mdps_order_operate.html HTTP/1.1" 200 37
120.253.135.82 - - [05/Jun/2020:06:34:02 +0800] "GET /xingrg/kc/pszx/mdps_order_info.html?code=312020060500101 HTTP/1.1" 200 23849
120.253.135.82 - - [05/Jun/2020:06:34:03 +0800] "POST /xingrg/kc/pszx/mdps_order_operate.html HTTP/1.1" 200 7946
120.253.135.82 - - [05/Jun/2020:06:34:03 +0800] "GET /xingrg/javascript/easyui/themes/default/validatebox.css HTTP/1.1" 404 1104
114.84.33.255 - - [05/Jun/2020:06:34:03 +0800] "GET /xingrg/all/function/internal_message.html?_=1591310060399&CODE_STATE=getMsg HTTP/1.1" 200 27
120.253.135.82 - - [05/Jun/2020:06:34:07 +0800] "POST /xingrg/kc/pszx/mdps_list_operate.html HTTP/1.1" 200 1692
172.17.0.185 - - [05/Jun/2020:06:34:15 +0800] "GET /xingrg/all/function/internal_message.html?_=1591310052771&CODE_STATE=getMsg HTTP/1.1" 200 27
120.253.135.82 - - [05/Jun/2020:06:34:17 +0800] "POST /xingrg/kc/pszx/mdps_list_operate.html HTTP/1.1" 200 2434
120.253.135.82 - - [05/Jun/2020:06:34:32 +0800] "GET /xingrg/all/function/internal_message.html?_=1591309827807&CODE_STATE=getMsg HTTP/1.1" 200 27
61.172.5.115 - - [05/Jun/2020:06:34:37 +0800] "GET /xingrg/all/function/internal_message.html?_=1591310078499&CODE_STATE=getMsg HTTP/1.1" 302 -
172.17.0.112 - - [05/Jun/2020:06:34:38 +0800] "GET /xingrg/all/function/internal_message.html?_=1591310077223&CODE_STATE=getMsg HTTP/1.1" 200 27
120.253.135.82 - - [05/Jun/2020:06:34:43 +0800] "POST /xingrg/kc/pszx/mdps_list_operate.html HTTP/1.1" 200 516
120.253.135.82 - - [05/Jun/2020:06:34:44 +0800] "GET /xingrg/kc/pszx/mdps_order_info.html?code=312020060500102 HTTP/1.1" 200 23849
120.253.135.82 - - [05/Jun/2020:06:34:44 +0800] "POST /xingrg/kc/pszx/mdps_order_operate.html HTTP/1.1" 200 4225
120.253.135.82 - - [05/Jun/2020:06:34:44 +0800] "GET /xingrg/javascript/easyui/themes/default/validatebox.css HTTP/1.1" 404 1104
120.253.135.82 - - [05/Jun/2020:06:34:47 +0800] "POST /xingrg/all/common/load_combo.html?type=base HTTP/1.1" 200 899
120.253.135.82 - - [05/Jun/2020:06:34:50 +0800] "POST /xingrg/kc/pszx/mdps_order_operate.html HTTP/1.1" 200 37
114.88.170.9 - - [05/Jun/2020:06:34:51 +0800] "GET /xingrg/all/function/internal_message.html?_=1591310087179&CODE_STATE=getMsg HTTP/1.1" 200 27
120.253.135.82 - - [05/Jun/2020:06:34:51 +0800] "GET /xingrg/kc/pszx/mdps_order_info.html?code=312020060500102 HTTP/1.1" 200 23849
120.253.135.82 - - [05/Jun/2020:06:34:52 +0800] "POST /xingrg/kc/pszx/mdps_order_operate.html HTTP/1.1" 200 4266
120.253.135.82 - - [05/Jun/2020:06:34:52 +0800] "GET /xingrg/javascript/easyui/themes/default/validatebox.css HTTP/1.1" 404 1104
114.84.32.201 - - [05/Jun/2020:06:34:52 +0800] "GET /xingrg/all/function/internal_message.html?_=1591310093362&CODE_STATE=getMsg HTTP/1.1" 200 27
172.17.0.110 - - [05/Jun/2020:06:34:56 +0800] "GET /xingrg/all/function/internal_message.html?_=1591310094549&CODE_STATE=getMsg HTTP/1.1" 200 27
114.84.32.201 - - [05/Jun/2020:06:35:00 +0800] "GET /xingrg/check_reg.html?_=1591310100681 HTTP/1.1" 200 22
114.84.32.201 - - [05/Jun/2020:06:35:00 +0800] "GET /xingrg/all/function/internal_message.html?_=1591310100684&CODE_STATE=getMsg HTTP/1.1" 200 27
116.230.77.149 - - [05/Jun/2020:06:35:00 +0800] "GET /xingrg/all/function/internal_message.html?_=1591310095770&CODE_STATE=getMsg HTTP/1.1" 200 27
114.84.33.255 - - [05/Jun/2020:06:35:03 +0800] "GET /xingrg/all/function/internal_message.html?_=1591310120413&CODE_STATE=getMsg HTTP/1.1" 200 27
117.184.7.26 - - [05/Jun/2020:06:35:14 +0800] "POST /xingrg/services/DataTransmitService HTTP/1.1" 200 524
172.17.0.185 - - [05/Jun/2020:06:35:15 +0800] "GET /xingrg/all/function/internal_message.html?_=1591310112776&CODE_STATE=getMsg HTTP/1.1" 200 27
117.184.7.26 - - [05/Jun/2020:06:35:15 +0800] "POST /xingrg/services/DataTransmitService HTTP/1.1" 200 501
117.184.7.26 - - [05/Jun/2020:06:35:15 +0800] "POST /xingrg/services/DataTransmitService HTTP/1.1" 200 501
117.184.7.26 - - [05/Jun/2020:06:35:16 +0800] "POST /xingrg/services/DataTransmitService HTTP/1.1" 200 501
117.184.7.26 - - [05/Jun/2020:06:35:16 +0800] "POST /xingrg/services/DataTransmitService HTTP/1.1" 200 501
117.184.7.26 - - [05/Jun/2020:06:35:17 +0800] "POST /xingrg/services/DataTransmitService HTTP/1.1" 200 501
117.184.7.26 - - [05/Jun/2020:06:35:17 +0800] "POST /xingrg/services/DataTransmitService HTTP/1.1" 200 501
117.184.7.26 - - [05/Jun/2020:06:35:17 +0800] "POST /xingrg/services/DataTransmitService HTTP/1.1" 200 501
117.184.7.26 - - [05/Jun/2020:06:35:17 +0800] "POST /xingrg/services/DataTransmitService HTTP/1.1" 200 501
117.184.7.26 - - [05/Jun/2020:06:35:17 +0800] "POST /xingrg/services/DataTransmitService HTTP/1.1" 200 412
120.253.135.82 - - [05/Jun/2020:06:35:33 +0800] "POST /xingrg/kc/pszx/mdps_order_operate.html HTTP/1.1" 200 37
120.253.135.82 - - [05/Jun/2020:06:35:34 +0800] "GET /xingrg/kc/pszx/mdps_order_info.html?code=312020060500102 HTTP/1.1" 200 23849
120.253.135.82 - - [05/Jun/2020:06:35:35 +0800] "POST /xingrg/kc/pszx/mdps_order_operate.html HTTP/1.1" 200 4266
120.253.135.82 - - [05/Jun/2020:06:35:35 +0800] "GET /xingrg/javascript/easyui/themes/default/validatebox.css HTTP/1.1" 404 1104
120.253.135.82 - - [05/Jun/2020:06:35:35 +0800] "GET /xingrg/all/function/internal_message.html?_=1591309890395&CODE_STATE=getMsg HTTP/1.1" 200 27
120.253.135.82 - - [05/Jun/2020:06:35:36 +0800] "POST /xingrg/kc/pszx/mdps_list_operate.html HTTP/1.1" 200 2434
120.253.135.82 - - [05/Jun/2020:06:35:37 +0800] "POST /xingrg/kc/pszx/mdps_list_operate.html HTTP/1.1" 200 436
61.172.5.115 - - [05/Jun/2020:06:35:37 +0800] "GET /xingrg/all/function/internal_message.html?_=1591310138501&CODE_STATE=getMsg HTTP/1.1" 302 -
172.17.0.112 - - [05/Jun/2020:06:35:38 +0800] "GET /xingrg/check_reg.html?_=1591310137217 HTTP/1.1" 200 22
172.17.0.112 - - [05/Jun/2020:06:35:38 +0800] "GET /xingrg/all/function/internal_message.html?_=1591310137221&CODE_STATE=getMsg HTTP/1.1" 200 27
120.253.135.82 - - [05/Jun/2020:06:35:38 +0800] "GET /xingrg/kc/pszx/mdps_order_info.html?code=312020060500103 HTTP/1.1" 200 23849
120.253.135.82 - - [05/Jun/2020:06:35:39 +0800] "POST /xingrg/kc/pszx/mdps_order_operate.html HTTP/1.1" 200 3731
120.253.135.82 - - [05/Jun/2020:06:35:39 +0800] "GET /xingrg/javascript/easyui/themes/default/validatebox.css HTTP/1.1" 404 1104
120.253.135.82 - - [05/Jun/2020:06:35:43 +0800] "POST /xingrg/kc/pszx/mdps_order_operate.html HTTP/1.1" 200 37
120.253.135.82 - - [05/Jun/2020:06:35:44 +0800] "GET /xingrg/kc/pszx/mdps_order_info.html?code=312020060500103 HTTP/1.1" 200 23849
120.253.135.82 - - [05/Jun/2020:06:35:44 +0800] "POST /xingrg/kc/pszx/mdps_order_operate.html HTTP/1.1" 200 3761
120.253.135.82 - - [05/Jun/2020:06:35:44 +0800] "GET /xingrg/javascript/easyui/themes/default/validatebox.css HTTP/1.1" 404 1104
114.88.170.9 - - [05/Jun/2020:06:35:51 +0800] "GET /xingrg/all/function/internal_message.html?_=1591310147206&CODE_STATE=getMsg HTTP/1.1" 200 27
114.84.32.201 - - [05/Jun/2020:06:35:52 +0800] "GET /xingrg/all/function/internal_message.html?_=1591310153362&CODE_STATE=getMsg HTTP/1.1" 200 27
120.253.135.82 - - [05/Jun/2020:06:35:54 +0800] "GET /xingrg/kc/pszx/mdps_order_operate.html?command=get_materiel&pszx_code=00101&rest_code=00142&base_code=0010246&code=00101016019 HTTP/1.1" 200 449
172.17.0.110 - - [05/Jun/2020:06:35:56 +0800] "GET /xingrg/check_reg.html?_=1591310154550 HTTP/1.1" 200 22
172.17.0.110 - - [05/Jun/2020:06:35:56 +0800] "GET /xingrg/all/function/internal_message.html?_=1591310154547&CODE_STATE=getMsg HTTP/1.1" 200 27
120.253.135.82 - - [05/Jun/2020:06:35:57 +0800] "POST /xingrg/all/common/load_select.html HTTP/1.1" 200 25
120.253.135.82 - - [05/Jun/2020:06:35:59 +0800] "GET /xingrg/kc/pszx/mdps_order_operate.html?command=get_materiel_price&pszx_code=00101&rest_code=00142&base_code=0010246&code=00101016019&unit_code=00100088&order_time=2020-06-05 HTTP/1.1" 200 35
116.230.77.149 - - [05/Jun/2020:06:36:00 +0800] "GET /xingrg/all/function/internal_message.html?_=1591310155078&CODE_STATE=getMsg HTTP/1.1" 200 27
114.84.32.201 - - [05/Jun/2020:06:36:00 +0800] "GET /xingrg/all/function/internal_message.html?_=1591310160686&CODE_STATE=getMsg HTTP/1.1" 200 27
114.84.33.255 - - [05/Jun/2020:06:36:03 +0800] "GET /xingrg/all/function/internal_message.html?_=1591310180438&CODE_STATE=getMsg HTTP/1.1" 200 27
120.253.135.82 - - [05/Jun/2020:06:36:06 +0800] "POST /xingrg/kc/pszx/mdps_order_operate.html HTTP/1.1" 200 37
120.253.135.82 - - [05/Jun/2020:06:36:07 +0800] "GET /xingrg/kc/pszx/mdps_order_info.html?code=312020060500103 HTTP/1.1" 200 23849
120.253.135.82 - - [05/Jun/2020:06:36:07 +0800] "POST /xingrg/kc/pszx/mdps_order_operate.html HTTP/1.1" 200 3765
120.253.135.82 - - [05/Jun/2020:06:36:07 +0800] "GET /xingrg/javascript/easyui/themes/default/validatebox.css HTTP/1.1" 404 1104
172.17.0.185 - - [05/Jun/2020:06:36:15 +0800] "GET /xingrg/all/function/internal_message.html?_=1591310172779&CODE_STATE=getMsg HTTP/1.1" 200 27
120.253.135.82 - - [05/Jun/2020:06:36:17 +0800] "POST /xingrg/kc/pszx/mdps_order_operate.html HTTP/1.1" 200 37
120.253.135.82 - - [05/Jun/2020:06:36:18 +0800] "GET /xingrg/kc/pszx/mdps_order_info.html?code=312020060500103 HTTP/1.1" 200 23849
120.253.135.82 - - [05/Jun/2020:06:36:18 +0800] "POST /xingrg/kc/pszx/mdps_order_operate.html HTTP/1.1" 200 3764
120.253.135.82 - - [05/Jun/2020:06:36:18 +0800] "GET /xingrg/javascript/easyui/themes/default/validatebox.css HTTP/1.1" 404 1104
120.253.135.82 - - [05/Jun/2020:06:36:20 +0800] "POST /xingrg/kc/pszx/mdps_list_operate.html HTTP/1.1" 200 2435
172.17.0.110 - - [05/Jun/2020:06:36:20 +0800] "GET /xingrg/logout.do HTTP/1.1" 302 -
172.17.0.110 - - [05/Jun/2020:06:36:20 +0800] "GET /xingrg/login.html?sysBaseUrl=http%3A%2F%2F172.17.0.8%3A18081%2Fxingrg%2F&costTime=2×tamp=1591310180978 HTTP/1.1" 200 7636
120.253.135.82 - - [05/Jun/2020:06:36:22 +0800] "POST /xingrg/kc/pszx/mdps_list_operate.html HTTP/1.1" 200 452
120.253.135.82 - - [05/Jun/2020:06:36:23 +0800] "POST /xingrg/kc/pszx/mdps_list_operate.html HTTP/1.1" 200 516
172.17.0.110 - - [05/Jun/2020:06:36:24 +0800] "GET /favicon.ico HTTP/1.1" 404 -
172.17.0.110 - - [05/Jun/2020:06:36:28 +0800] "POST /xingrg/login.do HTTP/1.1" 302 -
172.17.0.110 - - [05/Jun/2020:06:36:28 +0800] "GET /xingrg/index.html?sysBaseUrl=http%3A%2F%2F172.17.0.8%3A18081%2Fxingrg%2F&costTime=39×tamp=1591310188355 HTTP/1.1" 200 17448
172.17.0.110 - - [05/Jun/2020:06:36:28 +0800] "GET /favicon.ico HTTP/1.1" 404 -
172.17.0.110 - - [05/Jun/2020:06:36:28 +0800] "POST /xingrg/all/common/load_tree.html?tree=area_rest_tree_json&manage=1 HTTP/1.1" 200 3088
172.17.0.110 - - [05/Jun/2020:06:36:28 +0800] "GET /xingrg/check_reg.html?_=1591310187139 HTTP/1.1" 200 22
172.17.0.110 - - [05/Jun/2020:06:36:28 +0800] "GET /xingrg/all/function/internal_message.html?_=1591310187139&CODE_STATE=count HTTP/1.1" 200 11
172.17.0.110 - - [05/Jun/2020:06:36:28 +0800] "POST /xingrg/load_menu.html HTTP/1.1" 200 11408
172.17.0.110 - - [05/Jun/2020:06:36:32 +0800] "POST /xingrg/all/user/operate.html HTTP/1.1" 200 36
172.17.0.110 - - [05/Jun/2020:06:36:32 +0800] "GET /xingrg/javascript/jquery_easy_ui/themes/default/easyui.css HTTP/1.1" 304 -
172.17.0.110 - - [05/Jun/2020:06:36:32 +0800] "GET /xingrg/index.html?sysBaseUrl=http%3A%2F%2F172.17.0.8%3A18081%2Fxingrg%2F&costTime=39×tamp=1591310188355 HTTP/1.1" 200 17454
172.17.0.110 - - [05/Jun/2020:06:36:32 +0800] "GET /xingrg/javascript/jquery_easy_ui/themes/icon.css HTTP/1.1" 304 -
172.17.0.110 - - [05/Jun/2020:06:36:32 +0800] "GET /xingrg/css/form.css HTTP/1.1" 304 -
172.17.0.110 - - [05/Jun/2020:06:36:32 +0800] "GET /xingrg/javascript/jquery-1.4.2.min.js HTTP/1.1" 304 -
172.17.0.110 - - [05/Jun/2020:06:36:32 +0800] "GET /xingrg/javascript/jquery_easy_ui/jquery.easyui.min.js HTTP/1.1" 304 -
172.17.0.110 - - [05/Jun/2020:06:36:32 +0800] "GET /xingrg/javascript/jquery_easy_ui/easyui-lang-zh_CN.js HTTP/1.1" 304 -
172.17.0.110 - - [05/Jun/2020:06:36:32 +0800] "GET /xingrg/javascript/jquery.form.js HTTP/1.1" 304 -
172.17.0.110 - - [05/Jun/2020:06:36:32 +0800] "GET /xingrg/javascript/jquery.utils.js HTTP/1.1" 304 -
172.17.0.110 - - [05/Jun/2020:06:36:32 +0800] "GET /xingrg/javascript/jquery.timers.js HTTP/1.1" 304 -
172.17.0.110 - - [05/Jun/2020:06:36:32 +0800] "GET /xingrg/images/blue/jxLogo.png HTTP/1.1" 304 -
172.17.0.110 - - [05/Jun/2020:06:36:32 +0800] "GET /xingrg/javascript/jquery_easy_ui/themes/icons/settle_new.png HTTP/1.1" 304 -
172.17.0.110 - - [05/Jun/2020:06:36:32 +0800] "GET /xingrg/images/blue/navBackgound.jpg HTTP/1.1" 304 -
172.17.0.110 - - [05/Jun/2020:06:36:32 +0800] "GET /xingrg/javascript/jquery_easy_ui/themes/default/images/panel_tool_expand.gif HTTP/1.1" 304 -
172.17.0.110 - - [05/Jun/2020:06:36:32 +0800] "GET /xingrg/check_reg.html?_=1591310190906 HTTP/1.1" 200 22
172.17.0.110 - - [05/Jun/2020:06:36:32 +0800] "POST /xingrg/all/common/load_tree.html?tree=area_rest_tree_json&manage=1 HTTP/1.1" 200 3088
172.17.0.110 - - [05/Jun/2020:06:36:32 +0800] "GET /xingrg/all/function/internal_message.html?_=1591310190906&CODE_STATE=count HTTP/1.1" 200 11
172.17.0.110 - - [05/Jun/2020:06:36:32 +0800] "POST /xingrg/load_menu.html HTTP/1.1" 200 9924
172.17.0.110 - - [05/Jun/2020:06:36:32 +0800] "GET /xingrg/javascript/jquery_easy_ui/themes/default/images/panel_tool_collapse.gif HTTP/1.1" 304 -
172.17.0.110 - - [05/Jun/2020:06:36:32 +0800] "GET /xingrg/javascript/jquery_easy_ui/themes/default/images/tabs_rightarrow.png HTTP/1.1" 304 -
172.17.0.110 - - [05/Jun/2020:06:36:32 +0800] "GET /xingrg/images/blue/pingpu.png HTTP/1.1" 304 -
172.17.0.110 - - [05/Jun/2020:06:36:32 +0800] "GET /xingrg/javascript/jquery_easy_ui/themes/default/images/tree_arrows.gif HTTP/1.1" 304 -
172.17.0.110 - - [05/Jun/2020:06:36:32 +0800] "GET /xingrg/javascript/jquery_easy_ui/themes/default/images/tabs_leftarrow.png HTTP/1.1" 304 -
172.17.0.110 - - [05/Jun/2020:06:36:32 +0800] "GET /xingrg/javascript/jquery_easy_ui/themes/default/images/tree_file.gif HTTP/1.1" 304 -
172.17.0.110 - - [05/Jun/2020:06:36:32 +0800] "GET /xingrg/javascript/jquery_easy_ui/themes/icons/systemset_new.png HTTP/1.1" 304 -
172.17.0.110 - - [05/Jun/2020:06:36:32 +0800] "GET /xingrg/javascript/jquery_easy_ui/themes/icons/setting_new.png HTTP/1.1" 304 -
172.17.0.110 - - [05/Jun/2020:06:36:32 +0800] "GET /xingrg/javascript/jquery_easy_ui/themes/icons/forms_new.png HTTP/1.1" 304 -
172.17.0.110 - - [05/Jun/2020:06:36:32 +0800] "GET /xingrg/javascript/jquery_easy_ui/themes/icons/storage_new.png HTTP/1.1" 304 -
172.17.0.110 - - [05/Jun/2020:06:36:32 +0800] "GET /xingrg/javascript/jquery_easy_ui/themes/icons/checkout_new.png HTTP/1.1" 304 -
172.17.0.110 - - [05/Jun/2020:06:36:32 +0800] "GET /xingrg/javascript/jquery_easy_ui/themes/icons/search_new.png HTTP/1.1" 304 -
172.17.0.110 - - [05/Jun/2020:06:36:32 +0800] "GET /xingrg/javascript/jquery_easy_ui/themes/default/images/tree_folder_open.gif HTTP/1.1" 304 -
172.17.0.110 - - [05/Jun/2020:06:36:32 +0800] "GET /xingrg/javascript/jquery_easy_ui/themes/default/images/tree_folder.gif HTTP/1.1" 304 -
172.17.0.110 - - [05/Jun/2020:06:36:33 +0800] "GET /xingrg/kc/buy/buy_main.html HTTP/1.1" 200 12377
172.17.0.110 - - [05/Jun/2020:06:36:33 +0800] "GET /xingrg/css/new_ie.css HTTP/1.1" 404 1036
172.17.0.110 - - [05/Jun/2020:06:36:34 +0800] "GET /xingrg/images/yd/bt.gif HTTP/1.1" 404 1040
172.17.0.110 - - [05/Jun/2020:06:36:34 +0800] "GET /xingrg/kc/buy/cgsh_order_list.html HTTP/1.1" 200 43237
120.253.135.82 - - [05/Jun/2020:06:36:35 +0800] "GET /xingrg/all/function/internal_message.html?_=1591309950408&CODE_STATE=getMsg HTTP/1.1" 200 27
172.17.0.110 - - [05/Jun/2020:06:36:35 +0800] "POST /xingrg/kc/buy/cgsh_list_operate.html HTTP/1.1" 200 876
114.88.170.9 - - [05/Jun/2020:06:36:36 +0800] "GET /xingrg/check_reg.html?_=1591310191457 HTTP/1.1" 200 22
172.17.0.110 - - [05/Jun/2020:06:36:37 +0800] "GET /xingrg/javascript/jquery_tools/images/prev.gif HTTP/1.1" 404 1086
172.17.0.110 - - [05/Jun/2020:06:36:37 +0800] "GET /xingrg/javascript/jquery_tools/images/next.gif HTTP/1.1" 404 1086
61.172.5.115 - - [05/Jun/2020:06:36:37 +0800] "GET /xingrg/check_reg.html?_=1591310198481 HTTP/1.1" 302 -
61.172.5.115 - - [05/Jun/2020:06:36:37 +0800] "GET /xingrg/all/function/internal_message.html?_=1591310198528&CODE_STATE=getMsg HTTP/1.1" 302 -
172.17.0.112 - - [05/Jun/2020:06:36:38 +0800] "GET /xingrg/all/function/internal_message.html?_=1591310197220&CODE_STATE=getMsg HTTP/1.1" 200 27
120.253.135.82 - - [05/Jun/2020:06:36:40 +0800] "GET /xingrg/kc/pszx/mdps_order_info.html?code=312020060500102 HTTP/1.1" 200 23849
120.253.135.82 - - [05/Jun/2020:06:36:40 +0800] "POST /xingrg/kc/pszx/mdps_order_operate.html HTTP/1.1" 200 4266
120.253.135.82 - - [05/Jun/2020:06:36:40 +0800] "GET /xingrg/javascript/easyui/themes/default/validatebox.css HTTP/1.1" 404 1104
120.253.135.82 - - [05/Jun/2020:06:36:43 +0800] "GET /xingrg/kc/print/load_config.html?kc_code=mdps HTTP/1.1" 200 2396
120.253.135.82 - - [05/Jun/2020:06:36:43 +0800] "GET /xingrg/kc/print/load_data.html?order_code=312020060500102&kc_code=mdps&condition= HTTP/1.1" 200 1577
172.17.0.110 - - [05/Jun/2020:06:36:45 +0800] "GET /xingrg/javascript/auto/indicator.gif HTTP/1.1" 404 1066
172.17.0.110 - - [05/Jun/2020:06:36:48 +0800] "POST /xingrg/kc/buy/cgsh_list_operate.html HTTP/1.1" 200 4466
172.17.0.110 - - [05/Jun/2020:06:36:50 +0800] "POST /xingrg/kc/buy/cgsh_list_operate.html HTTP/1.1" 200 202
172.17.0.110 - - [05/Jun/2020:06:36:50 +0800] "GET /xingrg/kc/buy/cgsh_order_info.html?code=212020053111556 HTTP/1.1" 200 53792
172.17.0.110 - - [05/Jun/2020:06:36:50 +0800] "GET /xingrg/words/20200604174817_words.js HTTP/1.1" 304 -
172.17.0.110 - - [05/Jun/2020:06:36:51 +0800] "GET /xingrg/javascript/easyui/themes/default/validatebox.css HTTP/1.1" 404 1104
172.17.0.110 - - [05/Jun/2020:06:36:51 +0800] "POST /xingrg/kc/buy/cgsh_order_operate.html HTTP/1.1" 200 611
114.88.170.9 - - [05/Jun/2020:06:36:51 +0800] "GET /xingrg/all/function/internal_message.html?_=1591310207207&CODE_STATE=getMsg HTTP/1.1" 200 27
114.84.32.201 - - [05/Jun/2020:06:36:52 +0800] "GET /xingrg/all/function/internal_message.html?_=1591310213362&CODE_STATE=getMsg HTTP/1.1" 200 27
172.17.0.110 - - [05/Jun/2020:06:36:52 +0800] "POST /xingrg/kc/buy/cgsh_order_operate.html HTTP/1.1" 200 12
172.17.0.110 - - [05/Jun/2020:06:36:53 +0800] "GET /xingrg/kc/buy/cgsh_order_info.html?code=212020053111556 HTTP/1.1" 200 58636
172.17.0.110 - - [05/Jun/2020:06:36:53 +0800] "GET /xingrg/all/common/auto_word.html?type=employee&rest_code=00147 HTTP/1.1" 200 151
172.17.0.110 - - [05/Jun/2020:06:36:53 +0800] "GET /xingrg/all/common/auto_word.html?type=employee&rest_code=00147 HTTP/1.1" 200 151
172.17.0.110 - - [05/Jun/2020:06:36:53 +0800] "GET /xingrg/javascript/easyui/themes/default/validatebox.css HTTP/1.1" 404 1104
172.17.0.110 - - [05/Jun/2020:06:36:54 +0800] "POST /xingrg/kc/buy/cgsh_order_operate.html HTTP/1.1" 200 2661
172.17.0.110 - - [05/Jun/2020:06:36:56 +0800] "GET /xingrg/logout.do HTTP/1.1" 302 -
172.17.0.110 - - [05/Jun/2020:06:36:56 +0800] "GET /xingrg/login.html?sysBaseUrl=http%3A%2F%2F172.17.0.8%3A18081%2Fxingrg%2F&costTime=2×tamp=1591310216422 HTTP/1.1" 200 7636
172.17.0.110 - - [05/Jun/2020:06:36:56 +0800] "GET /favicon.ico HTTP/1.1" 404 -
120.253.135.82 - - [05/Jun/2020:06:36:57 +0800] "POST /xingrg/kc/pszx/mdps_order_operate.html HTTP/1.1" 200 37
120.253.135.82 - - [05/Jun/2020:06:36:58 +0800] "GET /xingrg/kc/pszx/mdps_order_info.html?code=312020060500102 HTTP/1.1" 200 23849
120.253.135.82 - - [05/Jun/2020:06:36:58 +0800] "POST /xingrg/kc/pszx/mdps_order_operate.html HTTP/1.1" 200 4266
120.253.135.82 - - [05/Jun/2020:06:36:58 +0800] "GET /xingrg/javascript/easyui/themes/default/validatebox.css HTTP/1.1" 404 1104
172.17.0.110 - - [05/Jun/2020:06:37:00 +0800] "POST /xingrg/login.do HTTP/1.1" 302 -
172.17.0.110 - - [05/Jun/2020:06:37:00 +0800] "GET /xingrg/index.html?sysBaseUrl=http%3A%2F%2F172.17.0.8%3A18081%2Fxingrg%2F&costTime=38×tamp=1591310220018 HTTP/1.1" 200 17124
116.230.77.149 - - [05/Jun/2020:06:37:00 +0800] "GET /xingrg/all/function/internal_message.html?_=1591310215078&CODE_STATE=getMsg HTTP/1.1" 200 27
114.84.32.201 - - [05/Jun/2020:06:37:00 +0800] "GET /xingrg/all/function/internal_message.html?_=1591310220684&CODE_STATE=getMsg HTTP/1.1" 200 27
172.17.0.110 - - [05/Jun/2020:06:37:00 +0800] "POST /xingrg/all/common/load_tree.html?tree=area_rest_tree_json&manage=1 HTTP/1.1" 200 351
172.17.0.110 - - [05/Jun/2020:06:37:00 +0800] "GET /xingrg/all/function/internal_message.html?_=1591310218466&CODE_STATE=count HTTP/1.1" 200 11
172.17.0.110 - - [05/Jun/2020:06:37:00 +0800] "GET /xingrg/check_reg.html?_=1591310218467 HTTP/1.1" 200 22
172.17.0.110 - - [05/Jun/2020:06:37:00 +0800] "POST /xingrg/load_menu.html HTTP/1.1" 200 5103
172.17.0.110 - - [05/Jun/2020:06:37:00 +0800] "GET /favicon.ico HTTP/1.1" 404 -
120.253.135.82 - - [05/Jun/2020:06:37:00 +0800] "POST /xingrg/kc/pszx/mdps_list_operate.html HTTP/1.1" 200 2435
172.17.0.110 - - [05/Jun/2020:06:37:01 +0800] "GET /xingrg/kc/buy/buy_main.html HTTP/1.1" 200 12377
172.17.0.110 - - [05/Jun/2020:06:37:01 +0800] "GET /xingrg/css/new_ie.css HTTP/1.1" 404 1036
172.17.0.110 - - [05/Jun/2020:06:37:01 +0800] "GET /xingrg/images/yd/bt.gif HTTP/1.1" 404 1040
172.17.0.110 - - [05/Jun/2020:06:37:02 +0800] "GET /xingrg/kc/buy/cgsh_order_list.html HTTP/1.1" 200 42982
120.253.135.82 - - [05/Jun/2020:06:37:02 +0800] "POST /xingrg/kc/pszx/mdps_list_operate.html HTTP/1.1" 200 438
172.17.0.110 - - [05/Jun/2020:06:37:02 +0800] "POST /xingrg/kc/buy/cgsh_list_operate.html HTTP/1.1" 200 1694
120.253.135.82 - - [05/Jun/2020:06:37:03 +0800] "GET /xingrg/kc/pszx/mdps_order_info.html?code=312020060500103 HTTP/1.1" 200 23849
120.253.135.82 - - [05/Jun/2020:06:37:03 +0800] "POST /xingrg/kc/pszx/mdps_order_operate.html HTTP/1.1" 200 3764
120.253.135.82 - - [05/Jun/2020:06:37:03 +0800] "GET /xingrg/javascript/easyui/themes/default/validatebox.css HTTP/1.1" 404 1104
172.17.0.110 - - [05/Jun/2020:06:37:03 +0800] "POST /xingrg/kc/buy/cgsh_list_operate.html HTTP/1.1" 200 202
172.17.0.110 - - [05/Jun/2020:06:37:03 +0800] "GET /xingrg/kc/buy/cgsh_order_info.html?code=212020053111556 HTTP/1.1" 200 58636
114.84.33.255 - - [05/Jun/2020:06:37:03 +0800] "GET /xingrg/all/function/internal_message.html?_=1591310240440&CODE_STATE=getMsg HTTP/1.1" 200 27
172.17.0.110 - - [05/Jun/2020:06:37:04 +0800] "GET /xingrg/javascript/easyui/themes/default/validatebox.css HTTP/1.1" 404 1104
172.17.0.110 - - [05/Jun/2020:06:37:04 +0800] "POST /xingrg/kc/buy/cgsh_order_operate.html HTTP/1.1" 200 2661
172.17.0.110 - - [05/Jun/2020:06:37:09 +0800] "POST /xingrg/kc/buy/cgsh_order_operate.html HTTP/1.1" 200 37
