117.131.5.26 - - [04/Jun/2020:10:21:08 +0800] "GET /xingrg/system/rest/get_item.html?table=menu&target=cook_mode&id=2145&_=1591237273429 HTTP/1.1" 200 63
117.131.5.26 - - [04/Jun/2020:10:21:08 +0800] "GET /xingrg/system/rest/get_item.html?table=menu&target=menu_rest&id=2145&_=1591237273429 HTTP/1.1" 200 160
117.131.5.26 - - [04/Jun/2020:10:21:10 +0800] "GET /xingrg/system/rest/get_infos.html?command=menu_img_show&id=2145 HTTP/1.1" 200 5
114.88.170.9 - - [04/Jun/2020:10:21:11 +0800] "POST /xingrg/kc/buy/cgsh_order_operate.html HTTP/1.1" 200 37
114.88.170.9 - - [04/Jun/2020:10:21:12 +0800] "POST /xingrg/kc/buy/cgsh_order_operate.html HTTP/1.1" 200 3257
114.88.170.9 - - [04/Jun/2020:10:21:13 +0800] "GET /xingrg/kc/print/load_data.html?order_code=212020060401115&kc_code=cgsh&condition= HTTP/1.1" 200 910
114.84.151.157 - - [04/Jun/2020:10:21:14 +0800] "GET /xingrg/check_reg.html?_=1591237259678 HTTP/1.1" 200 22
114.84.151.157 - - [04/Jun/2020:10:21:14 +0800] "GET /xingrg/all/function/internal_message.html?_=1591237259679&CODE_STATE=getMsg HTTP/1.1" 200 27
222.69.134.143 - - [04/Jun/2020:10:21:17 +0800] "GET /xingrg/all/function/internal_message.html?_=1591237271200&CODE_STATE=getMsg HTTP/1.1" 200 27
222.69.134.143 - - [04/Jun/2020:10:21:17 +0800] "GET /xingrg/check_reg.html?_=1591237271207 HTTP/1.1" 200 22
117.131.5.26 - - [04/Jun/2020:10:21:17 +0800] "GET /xingrg/system/rest/list_page.html?p=annotate&isSelect=1 HTTP/1.1" 200 12313
117.131.5.26 - - [04/Jun/2020:10:21:18 +0800] "GET /xingrg/javascript/jquery_easy_ui/themes/icons/search.png HTTP/1.1" 304 -
117.131.5.26 - - [04/Jun/2020:10:21:18 +0800] "GET /xingrg/javascript/jquery_easy_ui/themes/icons/edit_add.png HTTP/1.1" 304 -
117.131.5.26 - - [04/Jun/2020:10:21:18 +0800] "GET /xingrg/javascript/jquery_easy_ui/themes/icons/edit_remove.png HTTP/1.1" 304 -
117.131.5.26 - - [04/Jun/2020:10:21:18 +0800] "GET /xingrg/javascript/jquery_easy_ui/themes/icons/pencil.png HTTP/1.1" 304 -
117.131.5.26 - - [04/Jun/2020:10:21:18 +0800] "GET /xingrg/system/rest/query_items.html?_=1591237282976&table=annotate&annotateTypeId=&key= HTTP/1.1" 200 21
117.131.5.26 - - [04/Jun/2020:10:21:18 +0800] "GET /favicon.ico HTTP/1.1" 404 -
114.84.32.201 - - [04/Jun/2020:10:21:20 +0800] "GET /xingrg/system/rest/query_items.html?_=1591237281318&table=menu&page=1&rows=20&categoryId=&key=%25E6%2596%2591%25E8%258A%2582%25E8%2599%25BE HTTP/1.1" 200 1201
172.17.0.100 - - [04/Jun/2020:10:21:22 +0800] "GET /xingrg/all/function/internal_message.html?_=1591237282787&CODE_STATE=getMsg HTTP/1.1" 200 27
114.84.32.201 - - [04/Jun/2020:10:21:24 +0800] "GET /xingrg/system/rest/get_item.html?table=menu&id=1996&_=1591237285280 HTTP/1.1" 200 956
114.84.32.201 - - [04/Jun/2020:10:21:24 +0800] "GET /xingrg/system/rest/get_item.html?table=menu&target=menu_rest&id=1996&_=1591237285298 HTTP/1.1" 200 772
114.84.32.201 - - [04/Jun/2020:10:21:24 +0800] "GET /xingrg/system/rest/get_item.html?table=menu&target=cook_mode&id=1996&_=1591237285297 HTTP/1.1" 200 14339
114.84.32.201 - - [04/Jun/2020:10:21:25 +0800] "GET /xingrg/system/rest/get_infos.html?command=menu_img_show&id=1996 HTTP/1.1" 200 5
114.88.170.9 - - [04/Jun/2020:10:21:26 +0800] "GET /xingrg/index.html?sysBaseUrl=http%3A%2F%2F180.169.147.146%3A18081%2Fxingrg%2F&costTime=38×tamp=1588335986102 HTTP/1.1" 302 -
114.88.170.9 - - [04/Jun/2020:10:21:26 +0800] "GET /xingrg/login.html HTTP/1.1" 200 7641
114.88.170.9 - - [04/Jun/2020:10:21:27 +0800] "GET /favicon.ico HTTP/1.1" 404 -
114.84.32.201 - - [04/Jun/2020:10:21:27 +0800] "GET /xingrg/system/rest/get_item.html?table=menu&target=menu_rest_detail&id=1996&sid=12&_=1591237288524 HTTP/1.1" 200 430
172.17.0.185 - - [04/Jun/2020:10:21:29 +0800] "GET /xingrg/all/function/internal_message.html?_=1591237287039&CODE_STATE=getMsg HTTP/1.1" 200 27
114.88.170.9 - - [04/Jun/2020:10:21:32 +0800] "POST /xingrg/login.do HTTP/1.1" 302 -
114.88.170.9 - - [04/Jun/2020:10:21:32 +0800] "GET /xingrg/index.html?sysBaseUrl=http%3A%2F%2F180.169.147.146%3A18081%2Fxingrg%2F&costTime=39×tamp=1591237292110 HTTP/1.1" 200 17173
114.88.170.9 - - [04/Jun/2020:10:21:32 +0800] "POST /xingrg/all/common/load_tree.html?tree=area_rest_tree_json&manage=1 HTTP/1.1" 200 342
114.88.170.9 - - [04/Jun/2020:10:21:32 +0800] "GET /xingrg/all/function/internal_message.html?_=1591237289754&CODE_STATE=count HTTP/1.1" 200 11
114.88.170.9 - - [04/Jun/2020:10:21:32 +0800] "GET /xingrg/check_reg.html?_=1591237289755 HTTP/1.1" 200 22
114.88.170.9 - - [04/Jun/2020:10:21:32 +0800] "GET /favicon.ico HTTP/1.1" 404 -
114.88.170.9 - - [04/Jun/2020:10:21:32 +0800] "POST /xingrg/load_menu.html HTTP/1.1" 200 5138
114.88.170.9 - - [04/Jun/2020:10:21:34 +0800] "GET /xingrg/kc/buy/cgsh_order_list.html HTTP/1.1" 200 42996
61.172.5.115 - - [04/Jun/2020:10:21:35 +0800] "GET /xingrg/check_reg.html?_=1591237296358 HTTP/1.1" 302 -
61.172.5.115 - - [04/Jun/2020:10:21:35 +0800] "GET /xingrg/all/function/internal_message.html?_=1591237296406&CODE_STATE=getMsg HTTP/1.1" 302 -
114.88.170.9 - - [04/Jun/2020:10:21:37 +0800] "POST /xingrg/kc/buy/cgsh_list_operate.html HTTP/1.1" 200 3136
114.88.170.9 - - [04/Jun/2020:10:21:39 +0800] "GET /xingrg/all/function/internal_message.html?_=1591237295647&CODE_STATE=getMsg HTTP/1.1" 200 27
222.69.134.143 - - [04/Jun/2020:10:21:41 +0800] "POST /xingrg/kc/buy/cgsh_list_operate.html HTTP/1.1" 200 5505
101.85.53.146 - - [04/Jun/2020:10:21:43 +0800] "GET /xingrg/check_reg.html?_=1591236779189 HTTP/1.1" 200 22
120.253.135.82 - - [04/Jun/2020:10:21:46 +0800] "GET /xingrg/all/function/internal_message.html?_=1591237437712&CODE_STATE=getMsg HTTP/1.1" 200 27
117.131.5.26 - - [04/Jun/2020:10:21:46 +0800] "GET /xingrg/all/function/internal_message.html?_=1591237577853&CODE_STATE=getMsg HTTP/1.1" 200 27
117.131.5.26 - - [04/Jun/2020:10:21:46 +0800] "GET /xingrg/system/rest/query_items.html?_=1591237310992&table=annotate&annotateTypeId=&key=%25E6%25B5%25B7%25E9%25B2%259C%25E5%25A7%25BF%25E9%2580%25A0 HTTP/1.1" 200 21
120.253.135.82 - - [04/Jun/2020:10:21:46 +0800] "GET /xingrg/all/function/internal_message.html?_=1591237385426&CODE_STATE=getMsg HTTP/1.1" 200 27
117.131.5.26 - - [04/Jun/2020:10:21:48 +0800] "GET /xingrg/system/rest/query_items.html?_=1591237312726&table=annotate&annotateTypeId=5&key=%25E6%25B5%25B7%25E9%25B2%259C%25E5%25A7%25BF%25E9%2580%25A0 HTTP/1.1" 200 185
114.84.33.255 - - [04/Jun/2020:10:21:48 +0800] "GET /xingrg/all/function/internal_message.html?_=1591237321818&CODE_STATE=getMsg HTTP/1.1" 200 27
117.131.5.26 - - [04/Jun/2020:10:21:50 +0800] "POST /xingrg/system/rest/edit_item.html HTTP/1.1" 200 48
117.131.5.26 - - [04/Jun/2020:10:21:50 +0800] "GET /xingrg/system/rest/get_item.html?table=menu&target=cook_mode&id=2145&_=1591237315258 HTTP/1.1" 200 216
114.84.32.201 - - [04/Jun/2020:10:21:51 +0800] "GET /xingrg/all/function/internal_message.html?_=1591237311931&CODE_STATE=getMsg HTTP/1.1" 200 27
117.185.32.26 - - [04/Jun/2020:10:21:52 +0800] "GET /xingrg/all/function/internal_message.html?_=1591237309312&CODE_STATE=getMsg HTTP/1.1" 200 27
114.88.170.9 - - [04/Jun/2020:10:21:55 +0800] "GET /xingrg/javascript/jquery_tools/images/next.gif HTTP/1.1" 404 1086
114.88.170.9 - - [04/Jun/2020:10:21:55 +0800] "GET /xingrg/javascript/jquery_tools/images/prev.gif HTTP/1.1" 404 1086
114.84.33.255 - - [04/Jun/2020:10:22:00 +0800] "GET /xingrg/check_reg.html?_=1591237330714 HTTP/1.1" 200 22
116.230.77.149 - - [04/Jun/2020:10:22:00 +0800] "GET /xingrg/all/function/internal_message.html?_=1591237313604&CODE_STATE=getMsg HTTP/1.1" 200 27
114.84.33.255 - - [04/Jun/2020:10:22:01 +0800] "GET /xingrg/all/function/internal_message.html?_=1591237331223&CODE_STATE=getMsg HTTP/1.1" 200 27
180.162.232.172 - - [04/Jun/2020:10:22:02 +0800] "GET /xingrg/all/function/internal_message.html?_=1591237455637&CODE_STATE=getMsg HTTP/1.1" 200 27
180.175.212.199 - - [04/Jun/2020:10:22:03 +0800] "GET /xingrg/all/function/internal_message.html?_=1591237527342&CODE_STATE=getMsg HTTP/1.1" 200 27
116.233.77.16 - - [04/Jun/2020:10:22:04 +0800] "GET /xingrg/check_reg.html?_=1591237398500 HTTP/1.1" 200 22
58.40.7.146 - - [04/Jun/2020:10:22:04 +0800] "GET /xingrg/all/function/internal_message.html?_=1591237323629&CODE_STATE=getMsg HTTP/1.1" 200 27
116.233.77.16 - - [04/Jun/2020:10:22:04 +0800] "GET /xingrg/all/function/internal_message.html?_=1591237398750&CODE_STATE=getMsg HTTP/1.1" 200 27
117.131.5.26 - - [04/Jun/2020:10:22:11 +0800] "GET /xingrg/check_reg.html?_=1591237335679 HTTP/1.1" 200 22
114.84.151.157 - - [04/Jun/2020:10:22:14 +0800] "GET /xingrg/all/function/internal_message.html?_=1591237319676&CODE_STATE=getMsg HTTP/1.1" 200 27
180.175.212.199 - - [04/Jun/2020:10:22:16 +0800] "GET /xingrg/javascript/jquery_easy_ui/themes/default/images/tabs_close.gif HTTP/1.1" 304 -
180.175.212.199 - - [04/Jun/2020:10:22:16 +0800] "GET /xingrg/kc/base/wldb_order_list.html HTTP/1.1" 200 19255
180.175.212.199 - - [04/Jun/2020:10:22:16 +0800] "GET /xingrg/css/base.css HTTP/1.1" 304 -
180.175.212.199 - - [04/Jun/2020:10:22:16 +0800] "GET /xingrg/css/site.css HTTP/1.1" 304 -
180.175.212.199 - - [04/Jun/2020:10:22:16 +0800] "GET /xingrg/javascript/jquery_tools/datebox.css HTTP/1.1" 304 -
180.175.212.199 - - [04/Jun/2020:10:22:16 +0800] "GET /xingrg/javascript/easyui/themes/default/easyui.css HTTP/1.1" 304 -
180.175.212.199 - - [04/Jun/2020:10:22:16 +0800] "GET /xingrg/javascript/jquery_tools/jquery.tools.extend.js HTTP/1.1" 304 -
180.175.212.199 - - [04/Jun/2020:10:22:16 +0800] "GET /xingrg/javascript/easyui/themes/icon.css HTTP/1.1" 304 -
180.175.212.199 - - [04/Jun/2020:10:22:16 +0800] "GET /xingrg/javascript/auto/jquery.autocomplete.css HTTP/1.1" 304 -
180.175.212.199 - - [04/Jun/2020:10:22:16 +0800] "GET /xingrg/javascript/jquery_tools/fix.css HTTP/1.1" 304 -
180.175.212.199 - - [04/Jun/2020:10:22:16 +0800] "GET /xingrg/javascript/jquery_tools/jquery.tools.min.js HTTP/1.1" 304 -
180.175.212.199 - - [04/Jun/2020:10:22:16 +0800] "GET /xingrg/javascript/jquery_tools/jquery.tools.hotkey.js HTTP/1.1" 304 -
180.175.212.199 - - [04/Jun/2020:10:22:16 +0800] "GET /xingrg/javascript/jquery_tools/table.css HTTP/1.1" 304 -
180.175.212.199 - - [04/Jun/2020:10:22:16 +0800] "GET /xingrg/javascript/jquery_tools/jquery.tools.table.js HTTP/1.1" 304 -
180.175.212.199 - - [04/Jun/2020:10:22:16 +0800] "GET /xingrg/javascript/jquery_tools/list_manager.js HTTP/1.1" 304 -
180.175.212.199 - - [04/Jun/2020:10:22:16 +0800] "GET /xingrg/javascript/auto/jquery.autocomplete.js HTTP/1.1" 304 -
180.175.212.199 - - [04/Jun/2020:10:22:16 +0800] "GET /xingrg/javascript/easyui/easyloader.js HTTP/1.1" 304 -
180.175.212.199 - - [04/Jun/2020:10:22:16 +0800] "GET /xingrg/javascript/jquery.cookie.js HTTP/1.1" 304 -
180.175.212.199 - - [04/Jun/2020:10:22:16 +0800] "GET /xingrg/javascript/print/LodopFuncs.js HTTP/1.1" 304 -
180.175.212.199 - - [04/Jun/2020:10:22:17 +0800] "GET /xingrg/javascript/easyui/themes/icons/edit_add_new.png HTTP/1.1" 304 -
180.175.212.199 - - [04/Jun/2020:10:22:17 +0800] "GET /xingrg/javascript/easyui/themes/icons/cance_new.png HTTP/1.1" 304 -
180.175.212.199 - - [04/Jun/2020:10:22:17 +0800] "GET /xingrg/javascript/easyui/themes/icons/check_new.png HTTP/1.1" 304 -
180.175.212.199 - - [04/Jun/2020:10:22:17 +0800] "GET /xingrg/javascript/easyui/themes/icons/field_new.png HTTP/1.1" 304 -
180.175.212.199 - - [04/Jun/2020:10:22:17 +0800] "GET /xingrg/javascript/easyui/themes/icons/import_new.png HTTP/1.1" 304 -
180.175.212.199 - - [04/Jun/2020:10:22:17 +0800] "GET /xingrg/javascript/easyui/plugins/jquery.parser.js HTTP/1.1" 304 -
180.175.212.199 - - [04/Jun/2020:10:22:17 +0800] "GET /xingrg/images/control/ajaxLoader.gif HTTP/1.1" 304 -
117.131.5.26 - - [04/Jun/2020:10:22:17 +0800] "POST /xingrg/system/rest/edit_item.html HTTP/1.1" 200 4
222.69.134.143 - - [04/Jun/2020:10:22:17 +0800] "GET /xingrg/all/function/internal_message.html?_=1591237331209&CODE_STATE=getMsg HTTP/1.1" 200 27
117.131.5.26 - - [04/Jun/2020:10:22:17 +0800] "GET /xingrg/system/rest/get_item.html?table=menu&target=cook_mode&id=2145&_=1591237342101 HTTP/1.1" 200 384
180.175.212.199 - - [04/Jun/2020:10:22:17 +0800] "POST /xingrg/kc/base/wldb_list_operate.html HTTP/1.1" 200 928
180.175.212.199 - - [04/Jun/2020:10:22:18 +0800] "GET /xingrg/javascript/easyui/themes/default/images/button_plain_hover.png HTTP/1.1" 304 -
180.175.212.199 - - [04/Jun/2020:10:22:18 +0800] "GET /xingrg/javascript/easyui/themes/default/images/button_plain_hover.png HTTP/1.1" 304 -
180.175.212.199 - - [04/Jun/2020:10:22:19 +0800] "GET /xingrg/kc/base/wldb_order_add.html HTTP/1.1" 200 30312
180.175.212.199 - - [04/Jun/2020:10:22:19 +0800] "GET /xingrg/javascript/jquery_tools/order_manager.js HTTP/1.1" 304 -
180.175.212.199 - - [04/Jun/2020:10:22:19 +0800] "GET /xingrg/javascript/pic_change.js HTTP/1.1" 304 -
180.175.212.199 - - [04/Jun/2020:10:22:19 +0800] "GET /xingrg/javascript/convert.js HTTP/1.1" 304 -
180.175.212.199 - - [04/Jun/2020:10:22:19 +0800] "GET /xingrg/javascript/print/kc_print.js HTTP/1.1" 304 -
180.175.212.199 - - [04/Jun/2020:10:22:19 +0800] "GET /xingrg/javascript/json2.js HTTP/1.1" 304 -
180.175.212.199 - - [04/Jun/2020:10:22:19 +0800] "GET /xingrg/words/20200603131039_words.js HTTP/1.1" 304 -
180.175.212.199 - - [04/Jun/2020:10:22:19 +0800] "GET /xingrg/javascript/easyui/themes/icons/template_new.png HTTP/1.1" 304 -
180.175.212.199 - - [04/Jun/2020:10:22:19 +0800] "GET /xingrg/javascript/easyui/themes/icons/ok.png HTTP/1.1" 304 -
180.175.212.199 - - [04/Jun/2020:10:22:19 +0800] "GET /xingrg/javascript/easyui/themes/icons/print.png HTTP/1.1" 304 -
180.175.212.199 - - [04/Jun/2020:10:22:19 +0800] "GET /xingrg/javascript/easyui/themes/default/images/menu_downarrow.png HTTP/1.1" 304 -
180.175.212.199 - - [04/Jun/2020:10:22:19 +0800] "GET /xingrg/javascript/easyui/themes/icons/cancel.png HTTP/1.1" 304 -
180.175.212.199 - - [04/Jun/2020:10:22:19 +0800] "POST /xingrg/kc/base/wldb_order_operate.html HTTP/1.1" 200 6806
180.175.212.199 - - [04/Jun/2020:10:22:19 +0800] "GET /xingrg/javascript/easyui/themes/icons/edit_remove.png HTTP/1.1" 304 -
180.175.212.199 - - [04/Jun/2020:10:22:20 +0800] "GET /xingrg/all/common/auto_word.html?type=base&rest_code=00102 HTTP/1.1" 200 1653
180.175.212.199 - - [04/Jun/2020:10:22:20 +0800] "GET /xingrg/all/common/auto_word.html?type=base&rest_code=00102 HTTP/1.1" 200 1653
180.175.212.199 - - [04/Jun/2020:10:22:20 +0800] "GET /xingrg/javascript/easyui/themes/default/validatebox.css HTTP/1.1" 404 1104
180.175.212.199 - - [04/Jun/2020:10:22:20 +0800] "GET /xingrg/javascript/easyui/plugins/jquery.validatebox.js HTTP/1.1" 304 -
180.175.212.199 - - [04/Jun/2020:10:22:20 +0800] "GET /xingrg/javascript/easyui/plugins/jquery.numberbox.js HTTP/1.1" 304 -
180.175.212.199 - - [04/Jun/2020:10:22:20 +0800] "GET /xingrg/css/images/panel_loading.gif HTTP/1.1" 304 -
180.175.212.199 - - [04/Jun/2020:10:22:21 +0800] "POST /xingrg/all/common/load_combo.html?type=base HTTP/1.1" 200 2966
172.17.0.100 - - [04/Jun/2020:10:22:22 +0800] "GET /xingrg/all/function/internal_message.html?_=1591237342791&CODE_STATE=getMsg HTTP/1.1" 200 27
117.131.5.26 - - [04/Jun/2020:10:22:28 +0800] "GET /favicon.ico HTTP/1.1" 404 -
117.131.5.26 - - [04/Jun/2020:10:22:28 +0800] "GET /xingrg/system/rest/query_items.html?_=1591237352679&table=annotate&annotateTypeId=&key= HTTP/1.1" 200 21
180.175.212.199 - - [04/Jun/2020:10:22:28 +0800] "GET /xingrg/javascript/auto/indicator.gif HTTP/1.1" 404 1066
172.17.0.185 - - [04/Jun/2020:10:22:29 +0800] "GET /xingrg/all/function/internal_message.html?_=1591237347011&CODE_STATE=getMsg HTTP/1.1" 200 27
172.17.0.185 - - [04/Jun/2020:10:22:29 +0800] "GET /xingrg/check_reg.html?_=1591237347035 HTTP/1.1" 200 22
114.88.170.9 - - [04/Jun/2020:10:22:32 +0800] "GET /xingrg/all/function/internal_message.html?_=1591237349775&CODE_STATE=getMsg HTTP/1.1" 200 27
180.175.212.199 - - [04/Jun/2020:10:22:33 +0800] "GET /xingrg/kc/base/wldb_order_operate.html?command=get_materiel&rest_code=00102&base_code=0010493&code=00101026026 HTTP/1.1" 200 484
61.172.5.115 - - [04/Jun/2020:10:22:35 +0800] "GET /xingrg/all/function/internal_message.html?_=1591237356405&CODE_STATE=getMsg HTTP/1.1" 302 -
114.88.170.9 - - [04/Jun/2020:10:22:39 +0800] "GET /xingrg/all/function/internal_message.html?_=1591237355689&CODE_STATE=getMsg HTTP/1.1" 200 27
180.175.212.199 - - [04/Jun/2020:10:22:44 +0800] "GET /xingrg/kc/base/wldb_order_operate.html?command=get_materiel&rest_code=00102&base_code=0010493&code=00101026025 HTTP/1.1" 200 488
114.84.32.201 - - [04/Jun/2020:10:22:44 +0800] "GET /xingrg/system/rest/query_items.html?_=1591237365229&table=menu&page=1&rows=20&categoryId=&key=%25E9%2595%25BF%25E8%2584%259A%25E8%259F%25B9 HTTP/1.1" 200 761
117.131.5.26 - - [04/Jun/2020:10:22:45 +0800] "GET /xingrg/system/rest/query_items.html?_=1591237370258&table=annotate&annotateTypeId=&key=%25E8%25B1%2589%25E6%25B1%2581%25E8%2592%25B8 HTTP/1.1" 200 21
120.253.135.82 - - [04/Jun/2020:10:22:45 +0800] "GET /xingrg/check_reg.html?_=1591237497403 HTTP/1.1" 200 22
120.253.135.82 - - [04/Jun/2020:10:22:46 +0800] "GET /xingrg/all/function/internal_message.html?_=1591237497726&CODE_STATE=getMsg HTTP/1.1" 200 27
117.131.5.26 - - [04/Jun/2020:10:22:46 +0800] "GET /xingrg/all/function/internal_message.html?_=1591237637874&CODE_STATE=getMsg HTTP/1.1" 200 27
120.253.135.82 - - [04/Jun/2020:10:22:46 +0800] "GET /xingrg/check_reg.html?_=1591237445113 HTTP/1.1" 200 22
120.253.135.82 - - [04/Jun/2020:10:22:46 +0800] "GET /xingrg/all/function/internal_message.html?_=1591237445439&CODE_STATE=getMsg HTTP/1.1" 200 27
117.131.5.26 - - [04/Jun/2020:10:22:47 +0800] "GET /xingrg/system/rest/query_items.html?_=1591237371945&table=annotate&annotateTypeId=5&key=%25E8%25B1%2589%25E6%25B1%2581%25E8%2592%25B8 HTTP/1.1" 200 215
114.84.32.201 - - [04/Jun/2020:10:22:47 +0800] "GET /xingrg/system/rest/get_item.html?table=menu&id=2017&_=1591237368248 HTTP/1.1" 200 974
114.84.32.201 - - [04/Jun/2020:10:22:47 +0800] "GET /xingrg/system/rest/get_item.html?table=menu&target=menu_rest&id=2017&_=1591237368270 HTTP/1.1" 200 784
114.84.32.201 - - [04/Jun/2020:10:22:47 +0800] "GET /xingrg/system/rest/get_item.html?table=menu&target=cook_mode&id=2017&_=1591237368267 HTTP/1.1" 200 12970
180.175.212.199 - - [04/Jun/2020:10:22:48 +0800] "GET /xingrg/javascript/jquery_easy_ui/themes/default/images/tabs_active.png HTTP/1.1" 304 -
114.84.33.255 - - [04/Jun/2020:10:22:48 +0800] "GET /xingrg/all/function/internal_message.html?_=1591237381826&CODE_STATE=getMsg HTTP/1.1" 200 27
114.84.32.201 - - [04/Jun/2020:10:22:48 +0800] "GET /xingrg/system/rest/get_infos.html?command=menu_img_show&id=2017 HTTP/1.1" 200 5
117.131.5.26 - - [04/Jun/2020:10:22:49 +0800] "POST /xingrg/system/rest/edit_item.html HTTP/1.1" 200 44
117.131.5.26 - - [04/Jun/2020:10:22:49 +0800] "GET /xingrg/system/rest/get_item.html?table=menu&target=cook_mode&id=2145&_=1591237373758 HTTP/1.1" 200 534
180.175.212.199 - - [04/Jun/2020:10:22:50 +0800] "GET /xingrg/kc/base/check_order_list.html HTTP/1.1" 200 16374
180.175.212.199 - - [04/Jun/2020:10:22:50 +0800] "POST /xingrg/kc/base/check_list_operate.html HTTP/1.1" 200 781
114.84.32.201 - - [04/Jun/2020:10:22:50 +0800] "GET /xingrg/system/rest/get_item.html?table=menu&target=menu_rest_detail&id=2017&sid=12&_=1591237371440 HTTP/1.1" 200 429
114.84.32.201 - - [04/Jun/2020:10:22:51 +0800] "GET /xingrg/all/function/internal_message.html?_=1591237371917&CODE_STATE=getMsg HTTP/1.1" 200 27
117.185.32.26 - - [04/Jun/2020:10:22:52 +0800] "GET /xingrg/all/function/internal_message.html?_=1591237369282&CODE_STATE=getMsg HTTP/1.1" 200 27
180.175.212.199 - - [04/Jun/2020:10:22:54 +0800] "POST /xingrg/kc/base/check_list_operate.html HTTP/1.1" 200 5385
114.88.170.9 - - [04/Jun/2020:10:22:59 +0800] "POST /xingrg/kc/buy/cgsh_list_operate.html HTTP/1.1" 200 3136
120.253.135.82 - - [04/Jun/2020:10:23:00 +0800] "GET /xingrg/check_reg.html?_=1591237511827 HTTP/1.1" 200 22
120.204.17.68 - - [04/Jun/2020:10:23:00 +0800] "GET /xingrg/check_reg.html?_=1591236650788 HTTP/1.1" 302 -
116.230.77.149 - - [04/Jun/2020:10:23:00 +0800] "GET /xingrg/all/function/internal_message.html?_=1591237373586&CODE_STATE=getMsg HTTP/1.1" 200 27
114.84.33.255 - - [04/Jun/2020:10:23:01 +0800] "GET /xingrg/all/function/internal_message.html?_=1591237391238&CODE_STATE=getMsg HTTP/1.1" 200 27
117.131.5.26 - - [04/Jun/2020:10:23:01 +0800] "POST /xingrg/system/rest/edit_item.html HTTP/1.1" 200 4
117.131.5.26 - - [04/Jun/2020:10:23:01 +0800] "GET /xingrg/system/rest/get_item.html?table=menu&target=cook_mode&id=2145&_=1591237385992 HTTP/1.1" 200 699
180.162.232.172 - - [04/Jun/2020:10:23:02 +0800] "GET /xingrg/all/function/internal_message.html?_=1591237515674&CODE_STATE=getMsg HTTP/1.1" 200 27
180.175.212.199 - - [04/Jun/2020:10:23:02 +0800] "GET /xingrg/css/blue.css HTTP/1.1" 304 -
180.175.212.199 - - [04/Jun/2020:10:23:02 +0800] "GET /xingrg/dwr/util.js HTTP/1.1" 304 -
180.175.212.199 - - [04/Jun/2020:10:23:02 +0800] "GET /xingrg/javascript/AjaxInfoList.js HTTP/1.1" 304 -
180.175.212.199 - - [04/Jun/2020:10:23:02 +0800] "GET /xingrg/css/table.css HTTP/1.1" 304 -
180.175.212.199 - - [04/Jun/2020:10:23:02 +0800] "GET /xingrg/kc/base/check_order_info.html?code=452020053100593 HTTP/1.1" 200 22864
180.175.212.199 - - [04/Jun/2020:10:23:02 +0800] "GET /xingrg/javascript/myfunction.js HTTP/1.1" 304 -
180.175.212.199 - - [04/Jun/2020:10:23:02 +0800] "GET /xingrg/javascript/Calendar.js HTTP/1.1" 304 -
180.175.212.199 - - [04/Jun/2020:10:23:02 +0800] "GET /xingrg/dwr/interface/AjaxCheckService.js HTTP/1.1" 200 14003
116.233.77.16 - - [04/Jun/2020:10:23:02 +0800] "GET /xingrg/all/function/internal_message.html?_=1591237458750&CODE_STATE=getMsg HTTP/1.1" 200 27
180.175.212.199 - - [04/Jun/2020:10:23:02 +0800] "GET /xingrg/dwr/interface/AjaxComOrderService.js HTTP/1.1" 200 18264
180.175.212.199 - - [04/Jun/2020:10:23:02 +0800] "GET /xingrg/dwr/engine.js HTTP/1.1" 200 43631
180.175.212.199 - - [04/Jun/2020:10:23:02 +0800] "GET /xingrg/javascript/jquery_easy_ui/themes/icons/exam_new.png HTTP/1.1" 304 -
180.175.212.199 - - [04/Jun/2020:10:23:02 +0800] "GET /xingrg/javascript/jquery_easy_ui/themes/icons/print.png HTTP/1.1" 304 -
180.175.212.199 - - [04/Jun/2020:10:23:02 +0800] "GET /xingrg/javascript/jquery_easy_ui/themes/default/images/menu_downarrow.png HTTP/1.1" 304 -
180.175.212.199 - - [04/Jun/2020:10:23:02 +0800] "GET /xingrg/javascript/jquery_easy_ui/themes/icons/back_new.png HTTP/1.1" 304 -
180.175.212.199 - - [04/Jun/2020:10:23:03 +0800] "POST /xingrg/dwr/call/plaincall/AjaxCheckService.loadOrderItems.dwr HTTP/1.1" 200 37370
114.84.32.201 - - [04/Jun/2020:10:23:03 +0800] "POST /xingrg/system/rest/edit_item.html HTTP/1.1" 200 4
114.84.32.201 - - [04/Jun/2020:10:23:03 +0800] "GET /xingrg/system/rest/get_item.html?table=menu&target=menu_rest&id=2017&_=1591237384513 HTTP/1.1" 200 784
117.131.5.26 - - [04/Jun/2020:10:23:04 +0800] "GET /xingrg/javascript/jquery_easy_ui/themes/default/images/button_a_bg.gif HTTP/1.1" 304 -
117.131.5.26 - - [04/Jun/2020:10:23:04 +0800] "GET /favicon.ico HTTP/1.1" 404 -
117.131.5.26 - - [04/Jun/2020:10:23:04 +0800] "GET /xingrg/system/rest/query_items.html?_=1591237389164&table=annotate&annotateTypeId=&key= HTTP/1.1" 200 21
180.175.212.199 - - [04/Jun/2020:10:23:04 +0800] "GET /xingrg/all/function/internal_message.html?_=1591237588756&CODE_STATE=getMsg HTTP/1.1" 200 27
58.40.7.146 - - [04/Jun/2020:10:23:04 +0800] "GET /xingrg/all/function/internal_message.html?_=1591237383632&CODE_STATE=getMsg HTTP/1.1" 200 27
120.204.17.68 - - [04/Jun/2020:10:23:06 +0800] "GET /xingrg/login.html HTTP/1.1" 200 7641
114.88.170.9 - - [04/Jun/2020:10:23:10 +0800] "GET /xingrg/check_reg.html?_=1591237386268 HTTP/1.1" 200 22
58.221.95.50 - - [04/Jun/2020:10:23:12 +0800] "GET /xingrg/check_reg.html?_=1591237442539 HTTP/1.1" 200 22
117.131.5.26 - - [04/Jun/2020:10:23:13 +0800] "GET /xingrg/system/rest/query_items.html?_=1591237398320&table=annotate&annotateTypeId=&key=%25E8%2591%25B1%25E6%25B2%25B9%25E8%2592%25B8 HTTP/1.1" 200 21
114.84.151.157 - - [04/Jun/2020:10:23:14 +0800] "GET /xingrg/all/function/internal_message.html?_=1591237379678&CODE_STATE=getMsg HTTP/1.1" 200 27
117.131.5.26 - - [04/Jun/2020:10:23:15 +0800] "GET /xingrg/system/rest/query_items.html?_=1591237400164&table=annotate&annotateTypeId=5&key=%25E8%2591%25B1%25E6%25B2%25B9%25E8%2592%25B8 HTTP/1.1" 200 207
117.131.5.26 - - [04/Jun/2020:10:23:17 +0800] "POST /xingrg/system/rest/edit_item.html HTTP/1.1" 200 45
117.131.5.26 - - [04/Jun/2020:10:23:17 +0800] "GET /xingrg/system/rest/get_item.html?table=menu&target=cook_mode&id=2145&_=1591237401742 HTTP/1.1" 200 850
222.69.134.143 - - [04/Jun/2020:10:23:17 +0800] "GET /xingrg/all/function/internal_message.html?_=1591237391208&CODE_STATE=getMsg HTTP/1.1" 200 27
172.17.0.100 - - [04/Jun/2020:10:23:22 +0800] "GET /xingrg/all/function/internal_message.html?_=1591237402795&CODE_STATE=getMsg HTTP/1.1" 200 27
117.131.5.26 - - [04/Jun/2020:10:23:25 +0800] "POST /xingrg/system/rest/edit_item.html HTTP/1.1" 200 4
117.131.5.26 - - [04/Jun/2020:10:23:25 +0800] "GET /xingrg/system/rest/get_item.html?table=menu&target=cook_mode&id=2145&_=1591237410539 HTTP/1.1" 200 1016
180.175.212.199 - - [04/Jun/2020:10:23:27 +0800] "GET /xingrg/kc/base/check_order_info.html?code=452020053100625 HTTP/1.1" 200 22854
180.175.212.199 - - [04/Jun/2020:10:23:27 +0800] "GET /xingrg/dwr/interface/AjaxComOrderService.js HTTP/1.1" 200 18264
180.175.212.199 - - [04/Jun/2020:10:23:27 +0800] "GET /xingrg/dwr/interface/AjaxCheckService.js HTTP/1.1" 200 14003
180.175.212.199 - - [04/Jun/2020:10:23:27 +0800] "GET /xingrg/dwr/engine.js HTTP/1.1" 200 43631
180.175.212.199 - - [04/Jun/2020:10:23:27 +0800] "POST /xingrg/dwr/call/plaincall/AjaxCheckService.loadOrderItems.dwr HTTP/1.1" 200 16808
172.17.0.185 - - [04/Jun/2020:10:23:29 +0800] "GET /xingrg/all/function/internal_message.html?_=1591237407009&CODE_STATE=getMsg HTTP/1.1" 200 27
114.88.170.9 - - [04/Jun/2020:10:23:32 +0800] "GET /xingrg/all/function/internal_message.html?_=1591237409784&CODE_STATE=getMsg HTTP/1.1" 200 27
117.131.5.26 - - [04/Jun/2020:10:23:35 +0800] "GET /favicon.ico HTTP/1.1" 404 -
117.131.5.26 - - [04/Jun/2020:10:23:35 +0800] "GET /xingrg/system/rest/query_items.html?_=1591237419945&table=annotate&annotateTypeId=&key= HTTP/1.1" 200 21
61.172.5.115 - - [04/Jun/2020:10:23:35 +0800] "GET /xingrg/all/function/internal_message.html?_=1591237416416&CODE_STATE=getMsg HTTP/1.1" 302 -
114.88.170.9 - - [04/Jun/2020:10:23:39 +0800] "GET /xingrg/all/function/internal_message.html?_=1591237415705&CODE_STATE=getMsg HTTP/1.1" 200 27
114.84.33.255 - - [04/Jun/2020:10:23:45 +0800] "GET /xingrg/check_reg.html?_=1591237439224 HTTP/1.1" 200 22
120.253.135.82 - - [04/Jun/2020:10:23:46 +0800] "GET /xingrg/all/function/internal_message.html?_=1591237557738&CODE_STATE=getMsg HTTP/1.1" 200 27
117.131.5.26 - - [04/Jun/2020:10:23:46 +0800] "GET /xingrg/all/function/internal_message.html?_=1591237697874&CODE_STATE=getMsg HTTP/1.1" 200 27
120.253.135.82 - - [04/Jun/2020:10:23:46 +0800] "GET /xingrg/all/function/internal_message.html?_=1591237505452&CODE_STATE=getMsg HTTP/1.1" 200 27
117.131.5.26 - - [04/Jun/2020:10:23:48 +0800] "GET /xingrg/system/rest/query_items.html?_=1591237432648&table=annotate&annotateTypeId=&key=%25E5%2586%25B0%25E9%2595%2587 HTTP/1.1" 200 21
114.84.33.255 - - [04/Jun/2020:10:23:48 +0800] "GET /xingrg/all/function/internal_message.html?_=1591237441840&CODE_STATE=getMsg HTTP/1.1" 200 27
117.131.5.26 - - [04/Jun/2020:10:23:49 +0800] "GET /xingrg/system/rest/query_items.html?_=1591237433976&table=annotate&annotateTypeId=5&key=%25E5%2586%25B0%25E9%2595%2587 HTTP/1.1" 200 401
114.84.32.201 - - [04/Jun/2020:10:23:51 +0800] "GET /xingrg/all/function/internal_message.html?_=1591237431927&CODE_STATE=getMsg HTTP/1.1" 200 27
114.84.32.201 - - [04/Jun/2020:10:23:51 +0800] "GET /xingrg/check_reg.html?_=1591237431929 HTTP/1.1" 200 22
180.162.232.172 - - [04/Jun/2020:10:23:51 +0800] "GET /xingrg/check_reg.html?_=1591237564888 HTTP/1.1" 200 22
117.131.5.26 - - [04/Jun/2020:10:23:52 +0800] "POST /xingrg/system/rest/edit_item.html HTTP/1.1" 200 42
117.131.5.26 - - [04/Jun/2020:10:23:52 +0800] "GET /xingrg/system/rest/get_item.html?table=menu&target=cook_mode&id=2145&_=1591237436679 HTTP/1.1" 200 1164
117.185.32.26 - - [04/Jun/2020:10:23:52 +0800] "GET /xingrg/all/function/internal_message.html?_=1591237429258&CODE_STATE=getMsg HTTP/1.1" 200 27
117.131.5.26 - - [04/Jun/2020:10:24:00 +0800] "POST /xingrg/system/rest/edit_item.html HTTP/1.1" 200 4
117.131.5.26 - - [04/Jun/2020:10:24:00 +0800] "GET /xingrg/system/rest/get_item.html?table=menu&target=cook_mode&id=2145&_=1591237444617 HTTP/1.1" 200 1327
116.230.77.149 - - [04/Jun/2020:10:24:00 +0800] "GET /xingrg/all/function/internal_message.html?_=1591237433570&CODE_STATE=getMsg HTTP/1.1" 200 27
116.233.77.16 - - [04/Jun/2020:10:24:00 +0800] "GET /xingrg/all/function/internal_message.html?_=1591237518750&CODE_STATE=getMsg HTTP/1.1" 200 27
114.84.33.255 - - [04/Jun/2020:10:24:01 +0800] "GET /xingrg/all/function/internal_message.html?_=1591237451250&CODE_STATE=getMsg HTTP/1.1" 200 27
180.162.232.172 - - [04/Jun/2020:10:24:02 +0800] "GET /xingrg/all/function/internal_message.html?_=1591237575680&CODE_STATE=getMsg HTTP/1.1" 200 27
180.175.212.199 - - [04/Jun/2020:10:24:02 +0800] "GET /xingrg/check_reg.html?_=1591237646946 HTTP/1.1" 200 22
114.88.170.9 - - [04/Jun/2020:10:24:03 +0800] "POST /xingrg/services/DataTransmitService HTTP/1.1" 200 524
114.88.170.9 - - [04/Jun/2020:10:24:03 +0800] "POST /xingrg/services/DataTransmitService HTTP/1.1" 200 501
114.88.170.9 - - [04/Jun/2020:10:24:03 +0800] "POST /xingrg/services/DataTransmitService HTTP/1.1" 200 501
114.88.170.9 - - [04/Jun/2020:10:24:04 +0800] "POST /xingrg/services/DataTransmitService HTTP/1.1" 200 501
180.175.212.199 - - [04/Jun/2020:10:24:04 +0800] "GET /xingrg/all/function/internal_message.html?_=1591237648771&CODE_STATE=getMsg HTTP/1.1" 200 27
58.40.7.146 - - [04/Jun/2020:10:24:04 +0800] "GET /xingrg/all/function/internal_message.html?_=1591237443634&CODE_STATE=getMsg HTTP/1.1" 200 27
117.131.5.26 - - [04/Jun/2020:10:24:05 +0800] "GET /favicon.ico HTTP/1.1" 404 -
117.131.5.26 - - [04/Jun/2020:10:24:05 +0800] "GET /xingrg/system/rest/query_items.html?_=1591237449961&table=annotate&annotateTypeId=&key= HTTP/1.1" 200 21
114.88.170.9 - - [04/Jun/2020:10:24:05 +0800] "POST /xingrg/services/DataTransmitService HTTP/1.1" 200 501
114.88.170.9 - - [04/Jun/2020:10:24:05 +0800] "POST /xingrg/services/DataTransmitService HTTP/1.1" 200 501
114.88.170.9 - - [04/Jun/2020:10:24:05 +0800] "POST /xingrg/services/DataTransmitService HTTP/1.1" 200 501
114.88.170.9 - - [04/Jun/2020:10:24:06 +0800] "POST /xingrg/services/DataTransmitService HTTP/1.1" 200 501
114.88.170.9 - - [04/Jun/2020:10:24:06 +0800] "POST /xingrg/services/DataTransmitService HTTP/1.1" 200 501
114.88.170.9 - - [04/Jun/2020:10:24:06 +0800] "POST /xingrg/services/DataTransmitService HTTP/1.1" 200 412
114.84.32.201 - - [04/Jun/2020:10:24:08 +0800] "GET /xingrg/system/rest/query_items.html?_=1591237448523&table=menu&page=1&rows=20&categoryId=&key=%25E9%2595%25BF%25E8%2584%259A%25E8%259F%25B9 HTTP/1.1" 200 761
114.84.32.201 - - [04/Jun/2020:10:24:10 +0800] "GET /xingrg/system/rest/list_page.html?p=down HTTP/1.1" 200 20340
114.84.32.201 - - [04/Jun/2020:10:24:10 +0800] "GET /xingrg/system/rest/query_items.html?_=1591237450919&table=down&tcode=&key= HTTP/1.1" 200 11709
114.84.151.157 - - [04/Jun/2020:10:24:14 +0800] "GET /xingrg/all/function/internal_message.html?_=1591237439680&CODE_STATE=getMsg HTTP/1.1" 200 27
114.84.33.255 - - [04/Jun/2020:10:24:15 +0800] "POST /xingrg/kc/buy/cgsh_order_operate.html HTTP/1.1" 200 37
114.84.33.255 - - [04/Jun/2020:10:24:16 +0800] "POST /xingrg/kc/buy/cgsh_order_operate.html HTTP/1.1" 200 4432
117.131.5.26 - - [04/Jun/2020:10:24:16 +0800] "GET /xingrg/system/rest/query_items.html?_=1591237460664&table=annotate&annotateTypeId=&key=%25E8%2592%259C%25E8%2593%2589%25E8%2592%25B8 HTTP/1.1" 200 21
114.84.32.201 - - [04/Jun/2020:10:24:17 +0800] "GET /xingrg/system/rest/get_item.html?table=down&code=3c1176894aeb4acd82d8ad98a7e575ca&_=1591237457980 HTTP/1.1" 200 233
114.84.32.201 - - [04/Jun/2020:10:24:17 +0800] "POST /xingrg/system/rest/edit_item.html HTTP/1.1" 200 4
222.69.134.143 - - [04/Jun/2020:10:24:17 +0800] "GET /xingrg/all/function/internal_message.html?_=1591237451206&CODE_STATE=getMsg HTTP/1.1" 200 27
114.84.32.201 - - [04/Jun/2020:10:24:17 +0800] "POST /xingrg/all/common/load_tree.html?tree=area_station_tree_json&defaultRests=1_12 HTTP/1.1" 200 2989
114.84.32.201 - - [04/Jun/2020:10:24:17 +0800] "POST /xingrg/system/rest/get_infos.html HTTP/1.1" 200 443931
116.233.79.27 - - [04/Jun/2020:10:24:17 +0800] "POST /xingrg/services/DataTransmitService HTTP/1.1" 200 524
116.233.79.27 - - [04/Jun/2020:10:24:17 +0800] "POST /xingrg/services/DataTransmitService HTTP/1.1" 200 497
117.131.5.26 - - [04/Jun/2020:10:24:18 +0800] "GET /xingrg/system/rest/query_items.html?_=1591237463148&table=annotate&annotateTypeId=5&key=%25E8%2592%259C%25E8%2593%2589%25E8%2592%25B8 HTTP/1.1" 200 210
117.131.5.26 - - [04/Jun/2020:10:24:19 +0800] "POST /xingrg/system/rest/edit_item.html HTTP/1.1" 200 45
117.131.5.26 - - [04/Jun/2020:10:24:19 +0800] "GET /xingrg/system/rest/get_item.html?table=menu&target=cook_mode&id=2145&_=1591237464523 HTTP/1.1" 200 1478
114.86.190.97 - - [04/Jun/2020:10:24:20 +0800] "GET /xingrg/login.html HTTP/1.1" 200 7641
114.86.190.97 - - [04/Jun/2020:10:24:20 +0800] "GET /xingrg/login.html HTTP/1.1" 200 7641
114.86.190.97 - - [04/Jun/2020:10:24:20 +0800] "GET /xingrg/images/blue/jxLogo.png HTTP/1.1" 200 6156
114.86.190.97 - - [04/Jun/2020:10:24:20 +0800] "GET /xingrg/images/blue/jxLogo.png HTTP/1.1" 200 6156
114.86.190.97 - - [04/Jun/2020:10:24:20 +0800] "GET /xingrg/images/blue/login_bg.png HTTP/1.1" 200 22101
114.86.190.97 - - [04/Jun/2020:10:24:20 +0800] "GET /xingrg/images/blue/hj.png HTTP/1.1" 200 1014
114.86.190.97 - - [04/Jun/2020:10:24:20 +0800] "GET /xingrg/images/blue/srbg.png HTTP/1.1" 200 138
114.86.190.97 - - [04/Jun/2020:10:24:20 +0800] "GET /favicon.ico HTTP/1.1" 404 -
114.86.190.97 - - [04/Jun/2020:10:24:20 +0800] "GET /favicon.ico HTTP/1.1" 404 -
172.17.0.100 - - [04/Jun/2020:10:24:22 +0800] "GET /xingrg/check_reg.html?_=1591237462796 HTTP/1.1" 200 22
172.17.0.100 - - [04/Jun/2020:10:24:22 +0800] "GET /xingrg/all/function/internal_message.html?_=1591237462799&CODE_STATE=getMsg HTTP/1.1" 200 27
114.84.32.201 - - [04/Jun/2020:10:24:28 +0800] "POST /xingrg/system/rest/edit_item.html HTTP/1.1" 200 32
114.84.32.201 - - [04/Jun/2020:10:24:28 +0800] "POST /xingrg/system/rest/edit_item.html HTTP/1.1" 200 -
114.84.32.201 - - [04/Jun/2020:10:24:28 +0800] "POST /xingrg/system/rest/edit_item.html HTTP/1.1" 200 32
114.84.32.201 - - [04/Jun/2020:10:24:28 +0800] "GET /xingrg/system/rest/get_item.html?table=down&code=3c1176894aeb4acd82d8ad98a7e575ca&_=1591237468859 HTTP/1.1" 200 233
172.17.0.185 - - [04/Jun/2020:10:24:29 +0800] "GET /xingrg/all/function/internal_message.html?_=1591237467013&CODE_STATE=getMsg HTTP/1.1" 200 27
117.131.5.26 - - [04/Jun/2020:10:24:29 +0800] "POST /xingrg/system/rest/edit_item.html HTTP/1.1" 200 4
117.131.5.26 - - [04/Jun/2020:10:24:29 +0800] "GET /xingrg/system/rest/get_item.html?table=menu&target=cook_mode&id=2145&_=1591237474008 HTTP/1.1" 200 1645
114.84.32.201 - - [04/Jun/2020:10:24:29 +0800] "POST /xingrg/system/rest/edit_item.html HTTP/1.1" 200 4
114.84.32.201 - - [04/Jun/2020:10:24:29 +0800] "GET /xingrg/system/rest/query_items.html?_=1591237470477&table=down&tcode=&key= HTTP/1.1" 200 11709
114.84.32.201 - - [04/Jun/2020:10:24:30 +0800] "POST /xingrg/all/common/load_tree.html?tree=area_station_tree_json&defaultRests=1_12 HTTP/1.1" 200 2989
114.84.32.201 - - [04/Jun/2020:10:24:30 +0800] "POST /xingrg/system/rest/get_infos.html HTTP/1.1" 200 443931
114.88.170.9 - - [04/Jun/2020:10:24:32 +0800] "GET /xingrg/all/function/internal_message.html?_=1591237469772&CODE_STATE=getMsg HTTP/1.1" 200 27
222.69.134.143 - - [04/Jun/2020:10:24:33 +0800] "POST /xingrg/kc/buy/cgsh_list_operate.html HTTP/1.1" 200 5631
61.172.5.115 - - [04/Jun/2020:10:24:35 +0800] "GET /xingrg/all/function/internal_message.html?_=1591237476402&CODE_STATE=getMsg HTTP/1.1" 302 -
222.69.134.143 - - [04/Jun/2020:10:24:36 +0800] "POST /xingrg/kc/buy/cgsh_list_operate.html HTTP/1.1" 200 497
222.69.134.143 - - [04/Jun/2020:10:24:38 +0800] "GET /xingrg/kc/buy/cgsh_order_info.html?code=212020051605443 HTTP/1.1" 200 53690
222.69.134.143 - - [04/Jun/2020:10:24:39 +0800] "GET /xingrg/javascript/easyui/themes/default/validatebox.css HTTP/1.1" 404 1104
222.69.134.143 - - [04/Jun/2020:10:24:39 +0800] "POST /xingrg/kc/buy/cgsh_list_operate.html HTTP/1.1" 200 5631
222.69.134.143 - - [04/Jun/2020:10:24:39 +0800] "POST /xingrg/kc/buy/cgsh_order_operate.html HTTP/1.1" 200 2981
114.88.170.9 - - [04/Jun/2020:10:24:39 +0800] "GET /xingrg/all/function/internal_message.html?_=1591237475719&CODE_STATE=getMsg HTTP/1.1" 200 27
117.131.5.26 - - [04/Jun/2020:10:24:40 +0800] "GET /xingrg/system/rest/query_items.html?_=1591237484836&table=menu&page=1&rows=20&categoryId=&key= HTTP/1.1" 200 4729
114.86.190.97 - - [04/Jun/2020:10:24:43 +0800] "POST /xingrg/login.do HTTP/1.1" 302 -
114.86.190.97 - - [04/Jun/2020:10:24:43 +0800] "GET /xingrg/index.html?sysBaseUrl=http%3A%2F%2F180.169.147.146%3A18081%2Fxingrg%2F&costTime=41×tamp=1591237483447 HTTP/1.1" 200 17419
114.86.190.97 - - [04/Jun/2020:10:24:43 +0800] "GET /xingrg/javascript/jquery.timers.js HTTP/1.1" 200 3532
114.86.190.97 - - [04/Jun/2020:10:24:43 +0800] "GET /favicon.ico HTTP/1.1" 404 -
114.86.190.97 - - [04/Jun/2020:10:24:43 +0800] "GET /xingrg/javascript/jquery_easy_ui/themes/icons/settle_new.png HTTP/1.1" 200 826
114.86.190.97 - - [04/Jun/2020:10:24:43 +0800] "GET /xingrg/images/blue/navBackgound.jpg HTTP/1.1" 200 12378
114.86.190.97 - - [04/Jun/2020:10:24:43 +0800] "POST /xingrg/all/common/load_tree.html?tree=area_rest_tree_json&manage=1 HTTP/1.1" 200 3088
114.86.190.97 - - [04/Jun/2020:10:24:44 +0800] "GET /xingrg/all/function/internal_message.html?_=1591237482844&CODE_STATE=count HTTP/1.1" 200 11
114.86.190.97 - - [04/Jun/2020:10:24:44 +0800] "GET /xingrg/javascript/jquery_easy_ui/themes/default/images/panel_tool_collapse.gif HTTP/1.1" 200 246
114.86.190.97 - - [04/Jun/2020:10:24:44 +0800] "GET /xingrg/check_reg.html?_=1591237482847 HTTP/1.1" 200 22
114.86.190.97 - - [04/Jun/2020:10:24:44 +0800] "GET /xingrg/images/blue/pingpu.png HTTP/1.1" 200 231
114.86.190.97 - - [04/Jun/2020:10:24:44 +0800] "GET /xingrg/javascript/jquery_easy_ui/themes/default/images/tabs_leftarrow.png HTTP/1.1" 200 389
114.86.190.97 - - [04/Jun/2020:10:24:44 +0800] "GET /xingrg/javascript/jquery_easy_ui/themes/default/images/tabs_rightarrow.png HTTP/1.1" 200 395
114.86.190.97 - - [04/Jun/2020:10:24:44 +0800] "GET /xingrg/javascript/jquery_easy_ui/themes/default/images/panel_tool_expand.gif HTTP/1.1" 200 247
114.86.190.97 - - [04/Jun/2020:10:24:44 +0800] "POST /xingrg/load_menu.html HTTP/1.1" 200 9959
114.86.190.97 - - [04/Jun/2020:10:24:44 +0800] "GET /xingrg/javascript/jquery_easy_ui/themes/default/images/tree_arrows.gif HTTP/1.1" 200 1043
114.86.190.97 - - [04/Jun/2020:10:24:44 +0800] "GET /xingrg/javascript/jquery_easy_ui/themes/default/images/tree_folder_open.gif HTTP/1.1" 200 956
114.86.190.97 - - [04/Jun/2020:10:24:44 +0800] "GET /xingrg/javascript/jquery_easy_ui/themes/icons/search_new.png HTTP/1.1" 200 586
114.86.190.97 - - [04/Jun/2020:10:24:44 +0800] "GET /xingrg/javascript/jquery_easy_ui/themes/default/images/tree_folder.gif HTTP/1.1" 200 952
114.86.190.97 - - [04/Jun/2020:10:24:44 +0800] "GET /xingrg/javascript/jquery_easy_ui/themes/icons/storage_new.png HTTP/1.1" 200 853
114.86.190.97 - - [04/Jun/2020:10:24:44 +0800] "GET /xingrg/javascript/jquery_easy_ui/themes/icons/checkout_new.png HTTP/1.1" 200 744
114.86.190.97 - - [04/Jun/2020:10:24:44 +0800] "GET /xingrg/javascript/jquery_easy_ui/themes/icons/setting_new.png HTTP/1.1" 200 450
114.86.190.97 - - [04/Jun/2020:10:24:44 +0800] "GET /xingrg/javascript/jquery_easy_ui/themes/icons/forms_new.png HTTP/1.1" 200 350
114.86.190.97 - - [04/Jun/2020:10:24:44 +0800] "GET /xingrg/javascript/jquery_easy_ui/themes/icons/systemset_new.png HTTP/1.1" 200 606
114.86.190.97 - - [04/Jun/2020:10:24:44 +0800] "GET /xingrg/javascript/jquery_easy_ui/themes/default/images/tree_file.gif HTTP/1.1" 200 118
117.131.5.26 - - [04/Jun/2020:10:24:45 +0800] "GET /xingrg/check_reg.html?_=1591237757202 HTTP/1.1" 200 22
120.253.135.82 - - [04/Jun/2020:10:24:46 +0800] "GET /xingrg/all/function/internal_message.html?_=1591237617752&CODE_STATE=getMsg HTTP/1.1" 200 27
117.131.5.26 - - [04/Jun/2020:10:24:46 +0800] "GET /xingrg/all/function/internal_message.html?_=1591237757903&CODE_STATE=getMsg HTTP/1.1" 200 27
114.86.190.97 - - [04/Jun/2020:10:24:46 +0800] "POST /xingrg/load_menu.html HTTP/1.1" 200 10168
120.253.135.82 - - [04/Jun/2020:10:24:46 +0800] "GET /xingrg/all/function/internal_message.html?_=1591237565467&CODE_STATE=getMsg HTTP/1.1" 200 27
114.84.33.255 - - [04/Jun/2020:10:24:48 +0800] "GET /xingrg/all/function/internal_message.html?_=1591237501853&CODE_STATE=getMsg HTTP/1.1" 200 27
114.84.33.255 - - [04/Jun/2020:10:24:50 +0800] "POST /xingrg/kc/buy/cgsh_list_operate.html HTTP/1.1" 200 5408
117.131.5.26 - - [04/Jun/2020:10:24:51 +0800] "GET /xingrg/system/rest/query_items.html?_=1591237495883&table=menu&page=1&rows=20&categoryId=&key=xby HTTP/1.1" 200 4142
114.84.32.201 - - [04/Jun/2020:10:24:51 +0800] "GET /xingrg/all/function/internal_message.html?_=1591237491928&CODE_STATE=getMsg HTTP/1.1" 200 27
117.185.32.26 - - [04/Jun/2020:10:24:52 +0800] "GET /xingrg/all/function/internal_message.html?_=1591237489234&CODE_STATE=getMsg HTTP/1.1" 200 27
180.175.212.199 - - [04/Jun/2020:10:24:52 +0800] "GET /xingrg/kc/buy/cgsh_order_list.html HTTP/1.1" 200 42996
180.175.212.199 - - [04/Jun/2020:10:24:53 +0800] "POST /xingrg/kc/buy/cgsh_list_operate.html HTTP/1.1" 200 876
117.131.5.26 - - [04/Jun/2020:10:24:53 +0800] "GET /xingrg/system/rest/get_item.html?table=menu&id=2145&_=1591237498476 HTTP/1.1" 200 880
117.131.5.26 - - [04/Jun/2020:10:24:53 +0800] "GET /xingrg/system/rest/get_item.html?table=menu&target=cook_mode&id=2145&_=1591237498492 HTTP/1.1" 200 1645
117.131.5.26 - - [04/Jun/2020:10:24:53 +0800] "GET /xingrg/system/rest/get_item.html?table=menu&target=menu_rest&id=2145&_=1591237498492 HTTP/1.1" 200 160
114.84.33.255 - - [04/Jun/2020:10:24:54 +0800] "POST /xingrg/services/DataTransmitService HTTP/1.1" 200 524
114.84.33.255 - - [04/Jun/2020:10:24:54 +0800] "POST /xingrg/services/DataTransmitService HTTP/1.1" 200 2579
114.84.33.255 - - [04/Jun/2020:10:24:55 +0800] "POST /xingrg/services/DataTransmitService HTTP/1.1" 200 2255
114.84.33.255 - - [04/Jun/2020:10:24:55 +0800] "POST /xingrg/services/DataTransmitService HTTP/1.1" 200 1403
180.175.212.199 - - [04/Jun/2020:10:24:55 +0800] "GET /xingrg/kc/buy/cgsh_order_add.html HTTP/1.1" 200 58646
180.175.212.199 - - [04/Jun/2020:10:24:55 +0800] "GET /xingrg/javascript/easyui/themes/icons/copy_new.png HTTP/1.1" 304 -
180.175.212.199 - - [04/Jun/2020:10:24:55 +0800] "POST /xingrg/kc/buy/cgsh_order_operate.html HTTP/1.1" 200 8245
114.84.33.255 - - [04/Jun/2020:10:24:55 +0800] "POST /xingrg/services/DataTransmitService HTTP/1.1" 200 146568
180.175.212.199 - - [04/Jun/2020:10:24:55 +0800] "GET /xingrg/all/common/auto_word.html?type=employee&rest_code=00102 HTTP/1.1" 200 189
180.175.212.199 - - [04/Jun/2020:10:24:55 +0800] "GET /xingrg/all/common/auto_word.html?type=employee&rest_code=00102 HTTP/1.1" 200 189
180.175.212.199 - - [04/Jun/2020:10:24:55 +0800] "GET /xingrg/javascript/easyui/themes/default/validatebox.css HTTP/1.1" 404 1104
116.230.77.149 - - [04/Jun/2020:10:24:57 +0800] "GET /xingrg/check_reg.html?_=1591237490124 HTTP/1.1" 200 22
116.233.77.16 - - [04/Jun/2020:10:24:58 +0800] "GET /xingrg/all/function/internal_message.html?_=1591237578750&CODE_STATE=getMsg HTTP/1.1" 200 27
116.230.77.149 - - [04/Jun/2020:10:25:00 +0800] "GET /xingrg/all/function/internal_message.html?_=1591237493543&CODE_STATE=getMsg HTTP/1.1" 200 27
114.84.33.255 - - [04/Jun/2020:10:25:01 +0800] "GET /xingrg/all/function/internal_message.html?_=1591237511264&CODE_STATE=getMsg HTTP/1.1" 200 27
180.162.232.172 - - [04/Jun/2020:10:25:02 +0800] "GET /xingrg/all/function/internal_message.html?_=1591237635694&CODE_STATE=getMsg HTTP/1.1" 200 27
180.175.212.199 - - [04/Jun/2020:10:25:04 +0800] "GET /xingrg/all/function/internal_message.html?_=1591237708785&CODE_STATE=getMsg HTTP/1.1" 200 27
58.40.7.146 - - [04/Jun/2020:10:25:04 +0800] "GET /xingrg/check_reg.html?_=1591237503637 HTTP/1.1" 200 22
58.40.7.146 - - [04/Jun/2020:10:25:04 +0800] "GET /xingrg/all/function/internal_message.html?_=1591237503639&CODE_STATE=getMsg HTTP/1.1" 200 27
117.131.5.26 - - [04/Jun/2020:10:25:06 +0800] "GET /favicon.ico HTTP/1.1" 404 -
117.131.5.26 - - [04/Jun/2020:10:25:06 +0800] "GET /xingrg/system/rest/query_items.html?_=1591237511304&table=annotate&annotateTypeId=&key= HTTP/1.1" 200 21
114.84.151.157 - - [04/Jun/2020:10:25:14 +0800] "GET /xingrg/all/function/internal_message.html?_=1591237499679&CODE_STATE=getMsg HTTP/1.1" 200 27
222.69.134.143 - - [04/Jun/2020:10:25:17 +0800] "GET /xingrg/all/function/internal_message.html?_=1591237511206&CODE_STATE=getMsg HTTP/1.1" 200 27
114.86.190.97 - - [04/Jun/2020:10:25:19 +0800] "GET /xingrg/javascript/jquery_easy_ui/themes/default/images/tabs_close.gif HTTP/1.1" 200 829
114.86.190.97 - - [04/Jun/2020:10:25:19 +0800] "GET /xingrg/dwr/interface/AjaxGetFirstChart.js HTTP/1.1" 200 631
114.86.190.97 - - [04/Jun/2020:10:25:19 +0800] "GET /xingrg/dwr/util.js HTTP/1.1" 304 -
114.86.190.97 - - [04/Jun/2020:10:25:19 +0800] "GET /xingrg/dwr/engine.js HTTP/1.1" 200 43631
114.86.190.97 - - [04/Jun/2020:10:25:19 +0800] "GET /xingrg/system/rest/list_page.html?p=menu HTTP/1.1" 200 112918
114.86.190.97 - - [04/Jun/2020:10:25:19 +0800] "GET /xingrg/javascript/jquery_easy_ui/themes/default/images/button_a_bg.gif HTTP/1.1" 200 1194
114.86.190.97 - - [04/Jun/2020:10:25:19 +0800] "GET /xingrg/javascript/jquery_easy_ui/themes/icons/search.png HTTP/1.1" 200 813
114.86.190.97 - - [04/Jun/2020:10:25:19 +0800] "GET /xingrg/javascript/jquery_easy_ui/themes/icons/edit_add.png HTTP/1.1" 200 1088
114.86.190.97 - - [04/Jun/2020:10:25:19 +0800] "GET /xingrg/javascript/jquery_easy_ui/themes/icons/pencil.png HTTP/1.1" 200 713
114.86.190.97 - - [04/Jun/2020:10:25:19 +0800] "GET /xingrg/javascript/jquery_easy_ui/themes/icons/edit_remove.png HTTP/1.1" 200 625
114.86.190.97 - - [04/Jun/2020:10:25:19 +0800] "GET /xingrg/javascript/jquery_easy_ui/themes/icons/check_new.png HTTP/1.1" 200 3224
114.86.190.97 - - [04/Jun/2020:10:25:19 +0800] "GET /xingrg/javascript/jquery_easy_ui/themes/icons/uncheck_new.png HTTP/1.1" 200 3197
114.86.190.97 - - [04/Jun/2020:10:25:19 +0800] "GET /xingrg/javascript/jquery_easy_ui/themes/default/images/button_span_bg.gif HTTP/1.1" 200 2061
114.86.190.97 - - [04/Jun/2020:10:25:19 +0800] "GET /xingrg/javascript/jquery_easy_ui/themes/icons/ok.png HTTP/1.1" 200 883
114.86.190.97 - - [04/Jun/2020:10:25:19 +0800] "GET /xingrg/javascript/jquery_easy_ui/themes/default/images/datagrid_header_bg.gif HTTP/1.1" 200 97
114.86.190.97 - - [04/Jun/2020:10:25:19 +0800] "GET /xingrg/javascript/jquery_easy_ui/themes/default/images/pagination_prev.gif HTTP/1.1" 200 879
114.86.190.97 - - [04/Jun/2020:10:25:19 +0800] "GET /xingrg/javascript/jquery_easy_ui/themes/default/images/pagination_first.gif HTTP/1.1" 200 925
114.86.190.97 - - [04/Jun/2020:10:25:19 +0800] "GET /xingrg/javascript/jquery_easy_ui/themes/default/images/pagination_last.gif HTTP/1.1" 200 923
114.86.190.97 - - [04/Jun/2020:10:25:19 +0800] "GET /xingrg/javascript/jquery_easy_ui/themes/default/images/pagination_next.gif HTTP/1.1" 200 875
114.86.190.97 - - [04/Jun/2020:10:25:19 +0800] "GET /xingrg/javascript/jquery_easy_ui/themes/default/images/pagination_load.png HTTP/1.1" 200 827
114.86.190.97 - - [04/Jun/2020:10:25:19 +0800] "GET /xingrg/javascript/jquery_easy_ui/themes/default/images/pagination_loading.gif HTTP/1.1" 200 1737
114.86.190.97 - - [04/Jun/2020:10:25:19 +0800] "GET /xingrg/system/rest/query_items.html?_=1591237518699&table=menu&page=1&rows=20&categoryId=&key= HTTP/1.1" 200 4729
172.17.0.100 - - [04/Jun/2020:10:25:22 +0800] "GET /xingrg/all/function/internal_message.html?_=1591237522805&CODE_STATE=getMsg HTTP/1.1" 200 27
117.131.5.26 - - [04/Jun/2020:10:25:24 +0800] "GET /xingrg/system/rest/query_items.html?_=1591237528883&table=annotate&annotateTypeId=&key=%25E7%2594%259F%25E5%2595%25AB HTTP/1.1" 200 21
117.131.5.26 - - [04/Jun/2020:10:25:25 +0800] "GET /xingrg/system/rest/query_items.html?_=1591237530117&table=annotate&annotateTypeId=5&key=%25E7%2594%259F%25E5%2595%25AB HTTP/1.1" 200 207
117.131.5.26 - - [04/Jun/2020:10:25:26 +0800] "POST /xingrg/system/rest/edit_item.html HTTP/1.1" 200 42
117.131.5.26 - - [04/Jun/2020:10:25:26 +0800] "GET /xingrg/system/rest/get_item.html?table=menu&target=cook_mode&id=2145&_=1591237531554 HTTP/1.1" 200 1793
172.17.0.185 - - [04/Jun/2020:10:25:29 +0800] "GET /xingrg/all/function/internal_message.html?_=1591237527008&CODE_STATE=getMsg HTTP/1.1" 200 27
114.88.170.9 - - [04/Jun/2020:10:25:32 +0800] "GET /xingrg/all/function/internal_message.html?_=1591237529772&CODE_STATE=getMsg HTTP/1.1" 200 27
61.172.5.115 - - [04/Jun/2020:10:25:35 +0800] "GET /xingrg/all/function/internal_message.html?_=1591237536402&CODE_STATE=getMsg HTTP/1.1" 302 -
117.131.5.26 - - [04/Jun/2020:10:25:36 +0800] "POST /xingrg/system/rest/edit_item.html HTTP/1.1" 200 4
117.131.5.26 - - [04/Jun/2020:10:25:36 +0800] "GET /xingrg/system/rest/get_item.html?table=menu&target=cook_mode&id=2145&_=1591237541117 HTTP/1.1" 200 1956
114.88.170.9 - - [04/Jun/2020:10:25:39 +0800] "GET /xingrg/all/function/internal_message.html?_=1591237535771&CODE_STATE=getMsg HTTP/1.1" 200 27
