117.185.32.26 - - [04/Jun/2020:09:01:54 +0800] "GET /xingrg/kc/buy/cgsh_order_operate.html?command=get_materiel&rest_code=00106&code=00101008185&supplier_code=00100007&order_time=2020-06-04 HTTP/1.1" 200 408
114.88.170.9 - - [04/Jun/2020:09:01:54 +0800] "POST /xingrg/login.do HTTP/1.1" 302 -
116.233.77.16 - - [04/Jun/2020:09:01:54 +0800] "GET /xingrg/images/control/loading.gif HTTP/1.1" 304 -
116.233.77.16 - - [04/Jun/2020:09:01:54 +0800] "GET /xingrg/images/blue/button/advanceover.gif HTTP/1.1" 304 -
116.233.77.16 - - [04/Jun/2020:09:01:54 +0800] "GET /xingrg/images/blue/button/advance2over.gif HTTP/1.1" 304 -
114.88.170.9 - - [04/Jun/2020:09:01:54 +0800] "GET /xingrg/index.html?sysBaseUrl=http%3A%2F%2F180.169.147.146%3A18081%2Fxingrg%2F&costTime=85×tamp=1591232514395 HTTP/1.1" 200 17173
116.233.77.16 - - [04/Jun/2020:09:01:54 +0800] "GET /xingrg/images/blue/button/backover.gif HTTP/1.1" 304 -
116.233.77.16 - - [04/Jun/2020:09:01:54 +0800] "GET /xingrg/images/blue/button/back2over.gif HTTP/1.1" 304 -
116.233.77.16 - - [04/Jun/2020:09:01:54 +0800] "GET /xingrg/javascript/jquery_easy_ui/themes/icons/help.png HTTP/1.1" 304 -
116.233.77.16 - - [04/Jun/2020:09:01:54 +0800] "GET /xingrg/javascript/jquery_easy_ui/themes/default/images/menu_downarrow.png HTTP/1.1" 304 -
116.233.77.16 - - [04/Jun/2020:09:01:54 +0800] "GET /xingrg/javascript/jquery_easy_ui/themes/default/images/menu.gif HTTP/1.1" 304 -
116.233.77.16 - - [04/Jun/2020:09:01:54 +0800] "GET /xingrg/javascript/jquery_easy_ui/themes/icons/print.png HTTP/1.1" 304 -
116.233.77.16 - - [04/Jun/2020:09:01:54 +0800] "GET /xingrg/javascript/jquery_easy_ui/themes/icons/pencil.png HTTP/1.1" 304 -
116.233.77.16 - - [04/Jun/2020:09:01:54 +0800] "GET /xingrg/javascript/jquery_easy_ui/themes/default/images/menu_rightarrow.png HTTP/1.1" 304 -
114.88.170.9 - - [04/Jun/2020:09:01:54 +0800] "POST /xingrg/all/common/load_tree.html?tree=area_rest_tree_json&manage=1 HTTP/1.1" 200 342
114.88.170.9 - - [04/Jun/2020:09:01:54 +0800] "GET /xingrg/all/function/internal_message.html?_=1591232512109&CODE_STATE=count HTTP/1.1" 200 11
114.88.170.9 - - [04/Jun/2020:09:01:54 +0800] "GET /xingrg/check_reg.html?_=1591232512110 HTTP/1.1" 200 22
116.233.77.16 - - [04/Jun/2020:09:01:54 +0800] "POST /xingrg/dwr/call/plaincall/AjaxReportQueryService.getFixDate.dwr HTTP/1.1" 200 111
114.88.170.9 - - [04/Jun/2020:09:01:54 +0800] "GET /favicon.ico HTTP/1.1" 404 -
114.88.170.9 - - [04/Jun/2020:09:01:54 +0800] "POST /xingrg/load_menu.html HTTP/1.1" 200 5138
116.233.77.16 - - [04/Jun/2020:09:01:54 +0800] "GET /xingrg/javascript/jquery_easy_ui/themes/default/images/combo_arrow_dot.gif HTTP/1.1" 304 -
116.233.77.16 - - [04/Jun/2020:09:01:54 +0800] "POST /xingrg/all/common/load_tree.html?tree=supplier_tree_json&manage=1 HTTP/1.1" 200 49067
116.233.77.16 - - [04/Jun/2020:09:01:56 +0800] "GET /xingrg/javascript/jquery_easy_ui/themes/default/images/tree_checkbox_0.gif HTTP/1.1" 304 -
116.233.77.16 - - [04/Jun/2020:09:01:57 +0800] "POST /xingrg/all/common/load_tree.html?tree=materiel_sort_tree_json HTTP/1.1" 200 8666
222.69.134.143 - - [04/Jun/2020:09:01:57 +0800] "POST /xingrg/kc/buy/cgsh_order_operate.html HTTP/1.1" 200 2065
116.233.77.16 - - [04/Jun/2020:09:01:57 +0800] "POST /xingrg/dwr/call/plaincall/AjaxReportQueryService.getInitString.dwr HTTP/1.1" 200 1014
183.192.164.214 - - [04/Jun/2020:09:01:57 +0800] "GET /xingrg/login.html HTTP/1.1" 200 7641
116.233.77.16 - - [04/Jun/2020:09:01:57 +0800] "GET /xingrg/javascript/multi_select/dropdown.gif HTTP/1.1" 304 -
114.88.170.9 - - [04/Jun/2020:09:01:58 +0800] "GET /xingrg/kc/buy/cgsh_order_list.html HTTP/1.1" 200 42996
116.233.77.16 - - [04/Jun/2020:09:01:58 +0800] "POST /xingrg/dwr/call/plaincall/AjaxReportQueryService.getFixDate.dwr HTTP/1.1" 200 111
116.233.77.16 - - [04/Jun/2020:09:02:00 +0800] "GET /xingrg/javascript/multi_select/dropdown_hover.gif HTTP/1.1" 304 -
117.131.5.26 - - [04/Jun/2020:09:02:00 +0800] "GET /xingrg/check_reg.html?_=1591232525101 HTTP/1.1" 200 22
114.88.170.9 - - [04/Jun/2020:09:02:01 +0800] "POST /xingrg/kc/buy/cgsh_list_operate.html HTTP/1.1" 200 876
116.233.77.16 - - [04/Jun/2020:09:02:01 +0800] "POST /xingrg/dwr/call/plaincall/AjaxReportQueryService.refreshCache.dwr HTTP/1.1" 200 78
116.233.77.16 - - [04/Jun/2020:09:02:03 +0800] "POST /xingrg/all/report/load_report_page.html HTTP/1.1" 200 126141
116.233.77.16 - - [04/Jun/2020:09:02:03 +0800] "GET /xingrg/servlets/image?cache=0.6946935195720102&image=px HTTP/1.1" 200 807
61.172.5.115 - - [04/Jun/2020:09:02:03 +0800] "POST /xingrg/login.do HTTP/1.1" 302 -
117.185.32.26 - - [04/Jun/2020:09:02:03 +0800] "GET /xingrg/kc/buy/cgsh_order_operate.html?command=get_materiel&rest_code=00106&code=00101008354&supplier_code=00100007&order_time=2020-06-04 HTTP/1.1" 200 412
61.172.5.115 - - [04/Jun/2020:09:02:03 +0800] "GET /xingrg/index.html?sysBaseUrl=http%3A%2F%2F180.169.147.146%3A18081%2Fxingrg%2F&costTime=65×tamp=1591232523805 HTTP/1.1" 200 17173
61.172.5.115 - - [04/Jun/2020:09:02:03 +0800] "GET /xingrg/css/form.css HTTP/1.1" 304 -
61.172.5.115 - - [04/Jun/2020:09:02:03 +0800] "GET /xingrg/javascript/jquery.form.js HTTP/1.1" 304 -
61.172.5.115 - - [04/Jun/2020:09:02:03 +0800] "GET /xingrg/javascript/jquery.timers.js HTTP/1.1" 304 -
61.172.5.115 - - [04/Jun/2020:09:02:04 +0800] "GET /favicon.ico HTTP/1.1" 404 -
61.172.5.115 - - [04/Jun/2020:09:02:04 +0800] "GET /xingrg/javascript/jquery_easy_ui/themes/icons/settle_new.png HTTP/1.1" 304 -
61.172.5.115 - - [04/Jun/2020:09:02:04 +0800] "GET /xingrg/images/blue/navBackgound.jpg HTTP/1.1" 304 -
61.172.5.115 - - [04/Jun/2020:09:02:04 +0800] "POST /xingrg/all/common/load_tree.html?tree=area_rest_tree_json&manage=1 HTTP/1.1" 200 342
61.172.5.115 - - [04/Jun/2020:09:02:04 +0800] "GET /xingrg/images/blue/pingpu.png HTTP/1.1" 304 -
61.172.5.115 - - [04/Jun/2020:09:02:04 +0800] "GET /xingrg/check_reg.html?_=1591232525515 HTTP/1.1" 200 22
61.172.5.115 - - [04/Jun/2020:09:02:04 +0800] "GET /xingrg/all/function/internal_message.html?_=1591232525513&CODE_STATE=count HTTP/1.1" 200 11
61.172.5.115 - - [04/Jun/2020:09:02:04 +0800] "GET /xingrg/javascript/jquery_easy_ui/themes/default/images/tabs_leftarrow.png HTTP/1.1" 304 -
61.172.5.115 - - [04/Jun/2020:09:02:04 +0800] "GET /xingrg/javascript/jquery_easy_ui/themes/default/images/tabs_rightarrow.png HTTP/1.1" 304 -
61.172.5.115 - - [04/Jun/2020:09:02:04 +0800] "GET /xingrg/javascript/jquery_easy_ui/themes/default/images/panel_tool_collapse.gif HTTP/1.1" 304 -
61.172.5.115 - - [04/Jun/2020:09:02:04 +0800] "POST /xingrg/load_menu.html HTTP/1.1" 200 5138
114.86.190.97 - - [04/Jun/2020:09:02:05 +0800] "GET /xingrg/kc/buy/cgsh_order_operate.html?command=get_materiel&rest_code=00148&code=00101008305&supplier_code=00100007&order_time=2020-06-04 HTTP/1.1" 200 412
222.69.134.143 - - [04/Jun/2020:09:02:07 +0800] "GET /xingrg/kc/buy/cgsh_order_operate.html?command=get_materiel&rest_code=00149&code=00101008357&supplier_code=00100005&order_time=2020-06-04 HTTP/1.1" 200 408
61.172.5.115 - - [04/Jun/2020:09:02:11 +0800] "GET /xingrg/kc/buy/buy_main.html HTTP/1.1" 200 12412
61.172.5.115 - - [04/Jun/2020:09:02:11 +0800] "GET /xingrg/css/new_ie.css HTTP/1.1" 404 1036
61.172.5.115 - - [04/Jun/2020:09:02:12 +0800] "GET /xingrg/images/yd/bt.gif HTTP/1.1" 404 1040
61.172.5.115 - - [04/Jun/2020:09:02:13 +0800] "GET /xingrg/kc/buy/cgsh_order_list.html HTTP/1.1" 200 42996
61.172.5.115 - - [04/Jun/2020:09:02:13 +0800] "GET /xingrg/css/base.css HTTP/1.1" 304 -
61.172.5.115 - - [04/Jun/2020:09:02:13 +0800] "GET /xingrg/css/site.css HTTP/1.1" 304 -
61.172.5.115 - - [04/Jun/2020:09:02:13 +0800] "GET /xingrg/javascript/jquery_tools/datebox.css HTTP/1.1" 304 -
61.172.5.115 - - [04/Jun/2020:09:02:13 +0800] "GET /xingrg/javascript/easyui/themes/icon.css HTTP/1.1" 304 -
61.172.5.115 - - [04/Jun/2020:09:02:13 +0800] "GET /xingrg/javascript/jquery_tools/fix.css HTTP/1.1" 304 -
61.172.5.115 - - [04/Jun/2020:09:02:13 +0800] "GET /xingrg/javascript/jquery_tools/jquery.tools.min.js HTTP/1.1" 304 -
61.172.5.115 - - [04/Jun/2020:09:02:13 +0800] "GET /xingrg/javascript/jquery_tools/jquery.tools.extend.js HTTP/1.1" 304 -
61.172.5.115 - - [04/Jun/2020:09:02:13 +0800] "GET /xingrg/javascript/jquery_tools/jquery.tools.hotkey.js HTTP/1.1" 304 -
61.172.5.115 - - [04/Jun/2020:09:02:13 +0800] "GET /xingrg/javascript/jquery.cookie.js HTTP/1.1" 304 -
61.172.5.115 - - [04/Jun/2020:09:02:13 +0800] "GET /xingrg/javascript/easyui/easyloader.js HTTP/1.1" 304 -
61.172.5.115 - - [04/Jun/2020:09:02:13 +0800] "GET /xingrg/javascript/jquery_tools/list_manager.js HTTP/1.1" 304 -
114.88.170.9 - - [04/Jun/2020:09:02:13 +0800] "GET /xingrg/javascript/jquery_tools/images/prev.gif HTTP/1.1" 404 1086
114.88.170.9 - - [04/Jun/2020:09:02:13 +0800] "GET /xingrg/javascript/jquery_tools/images/next.gif HTTP/1.1" 404 1086
114.86.190.97 - - [04/Jun/2020:09:02:14 +0800] "GET /xingrg/kc/buy/cgsh_order_operate.html?command=get_materiel&rest_code=00148&code=00101008043&supplier_code=00100007&order_time=2020-06-04 HTTP/1.1" 200 416
61.172.5.115 - - [04/Jun/2020:09:02:14 +0800] "GET /xingrg/javascript/easyui/themes/icons/cance_new.png HTTP/1.1" 304 -
61.172.5.115 - - [04/Jun/2020:09:02:14 +0800] "GET /xingrg/javascript/easyui/themes/icons/check_new.png HTTP/1.1" 304 -
61.172.5.115 - - [04/Jun/2020:09:02:15 +0800] "GET /xingrg/javascript/easyui/plugins/jquery.parser.js HTTP/1.1" 304 -
61.172.5.115 - - [04/Jun/2020:09:02:15 +0800] "GET /xingrg/images/control/ajaxLoader.gif HTTP/1.1" 304 -
222.69.134.143 - - [04/Jun/2020:09:02:15 +0800] "GET /xingrg/kc/buy/cgsh_order_operate.html?command=get_materiel&rest_code=00149&code=00101008286&supplier_code=00100005&order_time=2020-06-04 HTTP/1.1" 200 408
222.69.134.143 - - [04/Jun/2020:09:02:17 +0800] "GET /xingrg/all/function/internal_message.html?_=1591232531093&CODE_STATE=getMsg HTTP/1.1" 200 27
114.84.33.255 - - [04/Jun/2020:09:02:21 +0800] "GET /xingrg/all/function/internal_message.html?_=1591232550978&CODE_STATE=getMsg HTTP/1.1" 200 27
117.185.32.26 - - [04/Jun/2020:09:02:22 +0800] "GET /xingrg/kc/buy/cgsh_order_operate.html?command=get_materiel&rest_code=00106&code=00101008003&supplier_code=00100007&order_time=2020-06-04 HTTP/1.1" 200 408
61.172.5.115 - - [04/Jun/2020:09:02:24 +0800] "POST /xingrg/kc/buy/cgsh_list_operate.html HTTP/1.1" 200 5136
222.69.134.143 - - [04/Jun/2020:09:02:30 +0800] "GET /xingrg/kc/buy/cgsh_order_operate.html?command=get_materiel&rest_code=00149&code=00101008036&supplier_code=00100005&order_time=2020-06-04 HTTP/1.1" 200 408
116.230.77.149 - - [04/Jun/2020:09:02:31 +0800] "GET /xingrg/all/function/internal_message.html?_=1591232544859&CODE_STATE=getMsg HTTP/1.1" 200 27
116.230.77.149 - - [04/Jun/2020:09:02:31 +0800] "GET /xingrg/check_reg.html?_=1591232544861 HTTP/1.1" 200 22
180.162.232.172 - - [04/Jun/2020:09:02:33 +0800] "GET /xingrg/all/function/internal_message.html?_=1591232552271&CODE_STATE=getMsg HTTP/1.1" 200 27
61.172.5.115 - - [04/Jun/2020:09:02:35 +0800] "GET /xingrg/all/function/internal_message.html?_=1591232556253&CODE_STATE=getMsg HTTP/1.1" 302 -
172.17.0.185 - - [04/Jun/2020:09:02:35 +0800] "GET /xingrg/all/function/internal_message.html?_=1591232553990&CODE_STATE=getMsg HTTP/1.1" 302 -
114.88.170.9 - - [04/Jun/2020:09:02:37 +0800] "GET /xingrg/all/function/internal_message.html?_=1591232553238&CODE_STATE=getMsg HTTP/1.1" 200 27
114.86.190.97 - - [04/Jun/2020:09:02:37 +0800] "GET /xingrg/all/function/internal_message.html?_=1591232558803&CODE_STATE=getMsg HTTP/1.1" 200 27
117.184.7.26 - - [04/Jun/2020:09:02:37 +0800] "GET /xingrg/kc/buy/cgsh_order_operate.html?command=get_materiel&rest_code=00108&code=00101006055&supplier_code=00100010&order_time=2020-06-04 HTTP/1.1" 200 409
180.162.232.172 - - [04/Jun/2020:09:02:43 +0800] "GET /xingrg/all/function/internal_message.html?_=1591232697279&CODE_STATE=getMsg HTTP/1.1" 200 27
117.184.7.26 - - [04/Jun/2020:09:02:43 +0800] "GET /xingrg/kc/buy/cgsh_order_operate.html?command=get_materiel&rest_code=00108&code=00101006133&supplier_code=00100010&order_time=2020-06-04 HTTP/1.1" 200 413
120.253.135.82 - - [04/Jun/2020:09:02:44 +0800] "GET /xingrg/all/function/internal_message.html?_=1591232319467&CODE_STATE=getMsg HTTP/1.1" 200 27
117.185.32.26 - - [04/Jun/2020:09:02:47 +0800] "GET /xingrg/all/function/internal_message.html?_=1591232563687&CODE_STATE=getMsg HTTP/1.1" 200 27
114.84.33.255 - - [04/Jun/2020:09:02:47 +0800] "GET /xingrg/all/function/internal_message.html?_=1591232580739&CODE_STATE=getMsg HTTP/1.1" 200 27
116.233.77.16 - - [04/Jun/2020:09:02:48 +0800] "GET /xingrg/all/function/internal_message.html?_=1591232590562&CODE_STATE=getMsg HTTP/1.1" 200 27
172.17.0.240 - - [04/Jun/2020:09:02:49 +0800] "GET /xingrg/all/function/internal_message.html?_=1591232567363&CODE_STATE=getMsg HTTP/1.1" 200 27
172.17.0.240 - - [04/Jun/2020:09:02:49 +0800] "GET /xingrg/check_reg.html?_=1591232567366 HTTP/1.1" 200 22
117.184.7.26 - - [04/Jun/2020:09:02:49 +0800] "GET /xingrg/all/function/internal_message.html?_=1591232563691&CODE_STATE=getMsg HTTP/1.1" 200 27
61.172.5.115 - - [04/Jun/2020:09:02:51 +0800] "POST /xingrg/kc/buy/cgsh_list_operate.html HTTP/1.1" 200 3328
222.69.134.143 - - [04/Jun/2020:09:02:52 +0800] "GET /xingrg/kc/buy/cgsh_order_operate.html?command=get_materiel&rest_code=00149&code=00101008131&supplier_code=00100005&order_time=2020-06-04 HTTP/1.1" 200 408
114.88.170.9 - - [04/Jun/2020:09:02:54 +0800] "GET /xingrg/all/function/internal_message.html?_=1591232572122&CODE_STATE=getMsg HTTP/1.1" 200 27
114.86.190.97 - - [04/Jun/2020:09:02:56 +0800] "GET /xingrg/kc/buy/cgsh_order_operate.html?command=get_materiel&rest_code=00148&code=00101008098&supplier_code=00100007&order_time=2020-06-04 HTTP/1.1" 200 412
117.184.7.26 - - [04/Jun/2020:09:02:56 +0800] "GET /xingrg/kc/buy/cgsh_order_operate.html?command=get_materiel&rest_code=00108&code=00101006111&supplier_code=00100010&order_time=2020-06-04 HTTP/1.1" 200 409
222.69.134.143 - - [04/Jun/2020:09:02:59 +0800] "POST /xingrg/kc/buy/cgsh_order_operate.html HTTP/1.1" 200 2065
120.253.135.82 - - [04/Jun/2020:09:03:00 +0800] "GET /xingrg/check_reg.html?_=1591232711742 HTTP/1.1" 200 22
61.172.5.115 - - [04/Jun/2020:09:03:04 +0800] "GET /xingrg/all/function/internal_message.html?_=1591232585520&CODE_STATE=getMsg HTTP/1.1" 200 27
222.69.134.143 - - [04/Jun/2020:09:03:05 +0800] "GET /xingrg/kc/buy/cgsh_order_operate.html?command=get_materiel&rest_code=00149&code=00101008296&supplier_code=00100005&order_time=2020-06-04 HTTP/1.1" 200 416
117.184.7.26 - - [04/Jun/2020:09:03:08 +0800] "GET /xingrg/kc/buy/cgsh_order_operate.html?command=get_materiel&rest_code=00108&code=00101006177&supplier_code=00100010&order_time=2020-06-04 HTTP/1.1" 200 409
114.88.170.9 - - [04/Jun/2020:09:03:09 +0800] "GET /xingrg/check_reg.html?_=1591232586085 HTTP/1.1" 200 22
183.192.164.90 - - [04/Jun/2020:09:03:12 +0800] "GET /xingrg/kc/buy/cgsh_order_operate.html?command=get_materiel&rest_code=00106&code=00101008318&supplier_code=00100007&order_time=2020-06-04 HTTP/1.1" 302 -
58.221.95.50 - - [04/Jun/2020:09:03:12 +0800] "GET /xingrg/check_reg.html?_=1591232642867 HTTP/1.1" 200 22
222.69.134.143 - - [04/Jun/2020:09:03:14 +0800] "GET /xingrg/kc/buy/cgsh_order_operate.html?command=get_materiel&rest_code=00149&code=00101008169&supplier_code=00100005&order_time=2020-06-04 HTTP/1.1" 200 412
183.192.164.85 - - [04/Jun/2020:09:03:15 +0800] "GET /xingrg/kc/buy/cgsh_order_operate.html?command=get_materiel&rest_code=00106&code=00101008352&supplier_code=00100007&order_time=2020-06-04 HTTP/1.1" 302 -
183.192.164.90 - - [04/Jun/2020:09:03:16 +0800] "GET /xingrg/login.html HTTP/1.1" 200 7641
222.69.134.143 - - [04/Jun/2020:09:03:17 +0800] "GET /xingrg/all/function/internal_message.html?_=1591232591103&CODE_STATE=getMsg HTTP/1.1" 200 27
183.192.164.85 - - [04/Jun/2020:09:03:20 +0800] "GET /xingrg/login.html HTTP/1.1" 200 7641
114.84.33.255 - - [04/Jun/2020:09:03:21 +0800] "GET /xingrg/all/function/internal_message.html?_=1591232610991&CODE_STATE=getMsg HTTP/1.1" 200 27
61.172.5.115 - - [04/Jun/2020:09:03:21 +0800] "GET /xingrg/index.html?sysBaseUrl=http%3A%2F%2F180.169.147.146%3A18081%2Fxingrg%2F&costTime=65×tamp=1591232523805 HTTP/1.1" 200 17173
61.172.5.115 - - [04/Jun/2020:09:03:22 +0800] "GET /xingrg/javascript/jquery_easy_ui/themes/default/easyui.css HTTP/1.1" 304 -
61.172.5.115 - - [04/Jun/2020:09:03:22 +0800] "GET /xingrg/javascript/jquery_easy_ui/themes/icon.css HTTP/1.1" 304 -
61.172.5.115 - - [04/Jun/2020:09:03:22 +0800] "GET /xingrg/css/form.css HTTP/1.1" 304 -
61.172.5.115 - - [04/Jun/2020:09:03:22 +0800] "GET /xingrg/javascript/jquery-1.4.2.min.js HTTP/1.1" 304 -
61.172.5.115 - - [04/Jun/2020:09:03:22 +0800] "GET /xingrg/javascript/jquery_easy_ui/jquery.easyui.min.js HTTP/1.1" 304 -
61.172.5.115 - - [04/Jun/2020:09:03:22 +0800] "GET /xingrg/javascript/jquery_easy_ui/easyui-lang-zh_CN.js HTTP/1.1" 304 -
61.172.5.115 - - [04/Jun/2020:09:03:22 +0800] "GET /xingrg/javascript/jquery.form.js HTTP/1.1" 304 -
61.172.5.115 - - [04/Jun/2020:09:03:22 +0800] "GET /xingrg/javascript/jquery.utils.js HTTP/1.1" 304 -
61.172.5.115 - - [04/Jun/2020:09:03:22 +0800] "GET /xingrg/javascript/jquery.timers.js HTTP/1.1" 304 -
61.172.5.115 - - [04/Jun/2020:09:03:22 +0800] "GET /xingrg/images/blue/jxLogo.png HTTP/1.1" 304 -
61.172.5.115 - - [04/Jun/2020:09:03:22 +0800] "GET /xingrg/javascript/jquery_easy_ui/themes/icons/settle_new.png HTTP/1.1" 304 -
61.172.5.115 - - [04/Jun/2020:09:03:22 +0800] "GET /xingrg/images/blue/navBackgound.jpg HTTP/1.1" 304 -
61.172.5.115 - - [04/Jun/2020:09:03:22 +0800] "POST /xingrg/all/common/load_tree.html?tree=area_rest_tree_json&manage=1 HTTP/1.1" 200 342
61.172.5.115 - - [04/Jun/2020:09:03:22 +0800] "GET /xingrg/all/function/internal_message.html?_=1591232603532&CODE_STATE=count HTTP/1.1" 200 11
61.172.5.115 - - [04/Jun/2020:09:03:22 +0800] "GET /xingrg/check_reg.html?_=1591232603533 HTTP/1.1" 200 22
61.172.5.115 - - [04/Jun/2020:09:03:22 +0800] "GET /xingrg/images/blue/pingpu.png HTTP/1.1" 304 -
61.172.5.115 - - [04/Jun/2020:09:03:22 +0800] "GET /xingrg/javascript/jquery_easy_ui/themes/default/images/tabs_rightarrow.png HTTP/1.1" 304 -
61.172.5.115 - - [04/Jun/2020:09:03:22 +0800] "GET /xingrg/javascript/jquery_easy_ui/themes/default/images/tabs_leftarrow.png HTTP/1.1" 304 -
61.172.5.115 - - [04/Jun/2020:09:03:22 +0800] "GET /xingrg/javascript/jquery_easy_ui/themes/default/images/panel_tool_collapse.gif HTTP/1.1" 304 -
61.172.5.115 - - [04/Jun/2020:09:03:22 +0800] "POST /xingrg/load_menu.html HTTP/1.1" 200 5138
61.172.5.115 - - [04/Jun/2020:09:03:26 +0800] "GET /xingrg/javascript/jquery_easy_ui/themes/default/easyui.css HTTP/1.1" 304 -
61.172.5.115 - - [04/Jun/2020:09:03:26 +0800] "GET /xingrg/index.html?sysBaseUrl=http%3A%2F%2F180.169.147.146%3A18081%2Fxingrg%2F&costTime=65×tamp=1591232523805 HTTP/1.1" 200 17173
61.172.5.115 - - [04/Jun/2020:09:03:26 +0800] "GET /xingrg/javascript/jquery_easy_ui/themes/icon.css HTTP/1.1" 304 -
61.172.5.115 - - [04/Jun/2020:09:03:26 +0800] "GET /xingrg/css/form.css HTTP/1.1" 304 -
61.172.5.115 - - [04/Jun/2020:09:03:26 +0800] "GET /xingrg/javascript/jquery-1.4.2.min.js HTTP/1.1" 304 -
61.172.5.115 - - [04/Jun/2020:09:03:26 +0800] "GET /xingrg/javascript/jquery_easy_ui/jquery.easyui.min.js HTTP/1.1" 304 -
61.172.5.115 - - [04/Jun/2020:09:03:26 +0800] "GET /xingrg/javascript/jquery_easy_ui/easyui-lang-zh_CN.js HTTP/1.1" 304 -
61.172.5.115 - - [04/Jun/2020:09:03:26 +0800] "GET /xingrg/javascript/jquery.form.js HTTP/1.1" 304 -
61.172.5.115 - - [04/Jun/2020:09:03:26 +0800] "GET /xingrg/javascript/jquery.utils.js HTTP/1.1" 304 -
61.172.5.115 - - [04/Jun/2020:09:03:26 +0800] "GET /xingrg/javascript/jquery.timers.js HTTP/1.1" 304 -
61.172.5.115 - - [04/Jun/2020:09:03:26 +0800] "GET /xingrg/images/blue/jxLogo.png HTTP/1.1" 304 -
61.172.5.115 - - [04/Jun/2020:09:03:26 +0800] "GET /xingrg/images/blue/navBackgound.jpg HTTP/1.1" 304 -
61.172.5.115 - - [04/Jun/2020:09:03:26 +0800] "GET /xingrg/javascript/jquery_easy_ui/themes/icons/settle_new.png HTTP/1.1" 304 -
61.172.5.115 - - [04/Jun/2020:09:03:26 +0800] "POST /xingrg/all/common/load_tree.html?tree=area_rest_tree_json&manage=1 HTTP/1.1" 200 342
61.172.5.115 - - [04/Jun/2020:09:03:26 +0800] "GET /xingrg/all/function/internal_message.html?_=1591232607872&CODE_STATE=count HTTP/1.1" 200 11
61.172.5.115 - - [04/Jun/2020:09:03:26 +0800] "GET /xingrg/javascript/jquery_easy_ui/themes/default/images/tabs_leftarrow.png HTTP/1.1" 304 -
61.172.5.115 - - [04/Jun/2020:09:03:26 +0800] "GET /xingrg/javascript/jquery_easy_ui/themes/default/images/tabs_rightarrow.png HTTP/1.1" 304 -
61.172.5.115 - - [04/Jun/2020:09:03:26 +0800] "GET /xingrg/javascript/jquery_easy_ui/themes/default/images/panel_tool_collapse.gif HTTP/1.1" 304 -
61.172.5.115 - - [04/Jun/2020:09:03:26 +0800] "GET /xingrg/check_reg.html?_=1591232607873 HTTP/1.1" 200 22
61.172.5.115 - - [04/Jun/2020:09:03:26 +0800] "GET /xingrg/images/blue/pingpu.png HTTP/1.1" 304 -
61.172.5.115 - - [04/Jun/2020:09:03:26 +0800] "POST /xingrg/load_menu.html HTTP/1.1" 200 5138
117.184.7.26 - - [04/Jun/2020:09:03:26 +0800] "POST /xingrg/kc/buy/cgsh_order_operate.html HTTP/1.1" 200 37
222.69.134.143 - - [04/Jun/2020:09:03:28 +0800] "GET /xingrg/kc/buy/cgsh_order_operate.html?command=get_materiel&rest_code=00149&code=00101008352&supplier_code=00100005&order_time=2020-06-04 HTTP/1.1" 200 412
116.230.77.149 - - [04/Jun/2020:09:03:32 +0800] "GET /xingrg/all/function/internal_message.html?_=1591232605241&CODE_STATE=getMsg HTTP/1.1" 200 27
180.162.232.172 - - [04/Jun/2020:09:03:34 +0800] "GET /xingrg/check_reg.html?_=1591232612275 HTTP/1.1" 200 22
180.162.232.172 - - [04/Jun/2020:09:03:34 +0800] "GET /xingrg/all/function/internal_message.html?_=1591232612271&CODE_STATE=getMsg HTTP/1.1" 200 27
61.172.5.115 - - [04/Jun/2020:09:03:35 +0800] "GET /xingrg/all/function/internal_message.html?_=1591232616266&CODE_STATE=getMsg HTTP/1.1" 302 -
172.17.0.185 - - [04/Jun/2020:09:03:35 +0800] "GET /xingrg/all/function/internal_message.html?_=1591232613981&CODE_STATE=getMsg HTTP/1.1" 302 -
114.88.170.9 - - [04/Jun/2020:09:03:37 +0800] "GET /xingrg/all/function/internal_message.html?_=1591232613246&CODE_STATE=getMsg HTTP/1.1" 200 27
114.86.190.97 - - [04/Jun/2020:09:03:37 +0800] "GET /xingrg/all/function/internal_message.html?_=1591232618801&CODE_STATE=getMsg HTTP/1.1" 200 27
180.162.232.172 - - [04/Jun/2020:09:03:43 +0800] "GET /xingrg/check_reg.html?_=1591232756710 HTTP/1.1" 200 22
180.162.232.172 - - [04/Jun/2020:09:03:43 +0800] "GET /xingrg/all/function/internal_message.html?_=1591232757292&CODE_STATE=getMsg HTTP/1.1" 200 27
120.253.135.82 - - [04/Jun/2020:09:03:44 +0800] "GET /xingrg/all/function/internal_message.html?_=1591232379472&CODE_STATE=getMsg HTTP/1.1" 200 27
114.84.33.255 - - [04/Jun/2020:09:03:45 +0800] "GET /xingrg/check_reg.html?_=1591232639141 HTTP/1.1" 200 22
116.233.77.16 - - [04/Jun/2020:09:03:46 +0800] "GET /xingrg/all/function/internal_message.html?_=1591232650562&CODE_STATE=getMsg HTTP/1.1" 200 27
117.185.32.26 - - [04/Jun/2020:09:03:46 +0800] "GET /xingrg/all/function/internal_message.html?_=1591232623607&CODE_STATE=getMsg HTTP/1.1" 200 27
114.84.33.255 - - [04/Jun/2020:09:03:47 +0800] "GET /xingrg/all/function/internal_message.html?_=1591232640754&CODE_STATE=getMsg HTTP/1.1" 200 27
172.17.0.240 - - [04/Jun/2020:09:03:49 +0800] "GET /xingrg/all/function/internal_message.html?_=1591232627368&CODE_STATE=getMsg HTTP/1.1" 200 27
114.88.170.9 - - [04/Jun/2020:09:03:54 +0800] "GET /xingrg/all/function/internal_message.html?_=1591232632123&CODE_STATE=getMsg HTTP/1.1" 200 27
222.69.134.143 - - [04/Jun/2020:09:03:58 +0800] "GET /xingrg/kc/buy/cgsh_order_operate.html?command=get_materiel&rest_code=00149&code=00101008098&supplier_code=00100005&order_time=2020-06-04 HTTP/1.1" 200 412
222.69.134.143 - - [04/Jun/2020:09:04:10 +0800] "GET /xingrg/kc/buy/cgsh_order_operate.html?command=get_materiel&rest_code=00149&code=00101008005&supplier_code=00100005&order_time=2020-06-04 HTTP/1.1" 200 412
222.69.134.143 - - [04/Jun/2020:09:04:14 +0800] "POST /xingrg/kc/buy/cgsh_order_operate.html HTTP/1.1" 200 2065
222.69.134.143 - - [04/Jun/2020:09:04:17 +0800] "GET /xingrg/all/function/internal_message.html?_=1591232651089&CODE_STATE=getMsg HTTP/1.1" 200 27
114.84.33.255 - - [04/Jun/2020:09:04:21 +0800] "GET /xingrg/all/function/internal_message.html?_=1591232671071&CODE_STATE=getMsg HTTP/1.1" 200 27
222.69.134.143 - - [04/Jun/2020:09:04:22 +0800] "GET /xingrg/kc/buy/cgsh_order_operate.html?command=get_materiel&rest_code=00149&code=00101008353&supplier_code=00100005&order_time=2020-06-04 HTTP/1.1" 200 408
61.172.5.115 - - [04/Jun/2020:09:04:26 +0800] "GET /xingrg/all/function/internal_message.html?_=1591232667879&CODE_STATE=getMsg HTTP/1.1" 200 27
116.230.77.149 - - [04/Jun/2020:09:04:32 +0800] "GET /xingrg/all/function/internal_message.html?_=1591232665221&CODE_STATE=getMsg HTTP/1.1" 200 27
180.162.232.172 - - [04/Jun/2020:09:04:34 +0800] "GET /xingrg/all/function/internal_message.html?_=1591232672276&CODE_STATE=getMsg HTTP/1.1" 200 27
61.172.5.115 - - [04/Jun/2020:09:04:35 +0800] "GET /xingrg/all/function/internal_message.html?_=1591232676266&CODE_STATE=getMsg HTTP/1.1" 302 -
172.17.0.185 - - [04/Jun/2020:09:04:36 +0800] "GET /xingrg/all/function/internal_message.html?_=1591232673989&CODE_STATE=getMsg HTTP/1.1" 302 -
117.185.32.26 - - [04/Jun/2020:09:04:36 +0800] "POST /xingrg/kc/buy/cgsh_order_operate.html HTTP/1.1" 200 2065
114.88.170.9 - - [04/Jun/2020:09:04:37 +0800] "GET /xingrg/all/function/internal_message.html?_=1591232673259&CODE_STATE=getMsg HTTP/1.1" 200 27
114.86.190.97 - - [04/Jun/2020:09:04:37 +0800] "GET /xingrg/all/function/internal_message.html?_=1591232678866&CODE_STATE=getMsg HTTP/1.1" 200 27
114.86.190.97 - - [04/Jun/2020:09:04:37 +0800] "GET /xingrg/check_reg.html?_=1591232678875 HTTP/1.1" 200 22
117.185.32.26 - - [04/Jun/2020:09:04:40 +0800] "GET /xingrg/kc/buy/cgsh_order_operate.html?command=get_materiel&rest_code=00106&code=00101009005&supplier_code=00100007&order_time=2020-06-04 HTTP/1.1" 200 416
222.69.134.143 - - [04/Jun/2020:09:04:40 +0800] "GET /xingrg/kc/buy/cgsh_order_operate.html?command=get_materiel&rest_code=00149&code=00101008213&supplier_code=00100005&order_time=2020-06-04 HTTP/1.1" 200 412
180.162.232.172 - - [04/Jun/2020:09:04:43 +0800] "GET /xingrg/all/function/internal_message.html?_=1591232817305&CODE_STATE=getMsg HTTP/1.1" 200 27
116.233.77.16 - - [04/Jun/2020:09:04:44 +0800] "GET /xingrg/all/function/internal_message.html?_=1591232710578&CODE_STATE=getMsg HTTP/1.1" 200 27
120.253.135.82 - - [04/Jun/2020:09:04:44 +0800] "GET /xingrg/check_reg.html?_=1591232439269 HTTP/1.1" 200 22
120.253.135.82 - - [04/Jun/2020:09:04:44 +0800] "GET /xingrg/all/function/internal_message.html?_=1591232439486&CODE_STATE=getMsg HTTP/1.1" 200 27
117.185.32.26 - - [04/Jun/2020:09:04:46 +0800] "GET /xingrg/all/function/internal_message.html?_=1591232683610&CODE_STATE=getMsg HTTP/1.1" 200 27
114.84.33.255 - - [04/Jun/2020:09:04:47 +0800] "GET /xingrg/all/function/internal_message.html?_=1591232700767&CODE_STATE=getMsg HTTP/1.1" 200 27
172.17.0.240 - - [04/Jun/2020:09:04:49 +0800] "GET /xingrg/all/function/internal_message.html?_=1591232687370&CODE_STATE=getMsg HTTP/1.1" 200 27
222.69.134.143 - - [04/Jun/2020:09:04:50 +0800] "GET /xingrg/kc/buy/cgsh_order_operate.html?command=get_materiel&rest_code=00149&code=00101008330&supplier_code=00100005&order_time=2020-06-04 HTTP/1.1" 200 408
114.88.170.9 - - [04/Jun/2020:09:04:54 +0800] "GET /xingrg/all/function/internal_message.html?_=1591232692111&CODE_STATE=getMsg HTTP/1.1" 200 27
117.185.32.26 - - [04/Jun/2020:09:05:16 +0800] "GET /xingrg/kc/buy/cgsh_order_operate.html?command=get_materiel&rest_code=00106&code=00101008036&supplier_code=00100007&order_time=2020-06-04 HTTP/1.1" 200 408
222.69.134.143 - - [04/Jun/2020:09:05:17 +0800] "GET /xingrg/all/function/internal_message.html?_=1591232711091&CODE_STATE=getMsg HTTP/1.1" 200 27
114.84.33.255 - - [04/Jun/2020:09:05:21 +0800] "GET /xingrg/all/function/internal_message.html?_=1591232731082&CODE_STATE=getMsg HTTP/1.1" 200 27
117.185.32.26 - - [04/Jun/2020:09:05:24 +0800] "POST /xingrg/kc/buy/cgsh_order_operate.html HTTP/1.1" 200 2065
61.172.5.115 - - [04/Jun/2020:09:05:26 +0800] "GET /xingrg/all/function/internal_message.html?_=1591232727879&CODE_STATE=getMsg HTTP/1.1" 200 27
222.69.134.143 - - [04/Jun/2020:09:05:29 +0800] "GET /xingrg/kc/buy/cgsh_order_operate.html?command=get_materiel&rest_code=00149&code=00101008010&supplier_code=00100005&order_time=2020-06-04 HTTP/1.1" 200 412
117.185.32.26 - - [04/Jun/2020:09:05:30 +0800] "GET /xingrg/kc/buy/cgsh_order_operate.html?command=get_materiel&rest_code=00106&code=00101008488&supplier_code=00100007&order_time=2020-06-04 HTTP/1.1" 200 406
116.230.77.149 - - [04/Jun/2020:09:05:32 +0800] "GET /xingrg/all/function/internal_message.html?_=1591232725206&CODE_STATE=getMsg HTTP/1.1" 200 27
222.69.134.143 - - [04/Jun/2020:09:05:33 +0800] "POST /xingrg/kc/buy/cgsh_order_operate.html HTTP/1.1" 200 2065
180.162.232.172 - - [04/Jun/2020:09:05:34 +0800] "GET /xingrg/all/function/internal_message.html?_=1591232732276&CODE_STATE=getMsg HTTP/1.1" 200 27
61.172.5.115 - - [04/Jun/2020:09:05:35 +0800] "GET /xingrg/all/function/internal_message.html?_=1591232736265&CODE_STATE=getMsg HTTP/1.1" 302 -
172.17.0.185 - - [04/Jun/2020:09:05:35 +0800] "GET /xingrg/all/function/internal_message.html?_=1591232733978&CODE_STATE=getMsg HTTP/1.1" 302 -
114.88.170.9 - - [04/Jun/2020:09:05:37 +0800] "GET /xingrg/all/function/internal_message.html?_=1591232733313&CODE_STATE=getMsg HTTP/1.1" 200 27
114.86.190.97 - - [04/Jun/2020:09:05:37 +0800] "GET /xingrg/all/function/internal_message.html?_=1591232738816&CODE_STATE=getMsg HTTP/1.1" 200 27
222.69.134.143 - - [04/Jun/2020:09:05:41 +0800] "GET /xingrg/kc/buy/cgsh_order_operate.html?command=get_materiel&rest_code=00149&code=00101008101&supplier_code=00100005&order_time=2020-06-04 HTTP/1.1" 200 412
116.233.77.16 - - [04/Jun/2020:09:05:42 +0800] "GET /xingrg/all/function/internal_message.html?_=1591232770578&CODE_STATE=getMsg HTTP/1.1" 200 27
180.162.232.172 - - [04/Jun/2020:09:05:43 +0800] "GET /xingrg/all/function/internal_message.html?_=1591232877319&CODE_STATE=getMsg HTTP/1.1" 200 27
114.88.170.9 - - [04/Jun/2020:09:05:44 +0800] "GET /xingrg/kc/buy/cgsh_order_add.html HTTP/1.1" 200 58734
114.88.170.9 - - [04/Jun/2020:09:05:44 +0800] "GET /xingrg/words/20200603131039_words.js HTTP/1.1" 304 -
114.88.170.9 - - [04/Jun/2020:09:05:44 +0800] "GET /xingrg/javascript/easyui/themes/default/validatebox.css HTTP/1.1" 404 1104
114.88.170.9 - - [04/Jun/2020:09:05:44 +0800] "GET /xingrg/all/common/auto_word.html?type=employee&rest_code=00111 HTTP/1.1" 200 205
114.88.170.9 - - [04/Jun/2020:09:05:44 +0800] "GET /xingrg/all/common/auto_word.html?type=employee&rest_code=00111 HTTP/1.1" 200 205
114.88.170.9 - - [04/Jun/2020:09:05:44 +0800] "POST /xingrg/kc/buy/cgsh_order_operate.html HTTP/1.1" 200 8245
120.253.135.82 - - [04/Jun/2020:09:05:44 +0800] "GET /xingrg/all/function/internal_message.html?_=1591232499499&CODE_STATE=getMsg HTTP/1.1" 200 27
114.88.170.9 - - [04/Jun/2020:09:05:46 +0800] "GET /xingrg/javascript/auto/indicator.gif HTTP/1.1" 404 1066
117.185.32.26 - - [04/Jun/2020:09:05:47 +0800] "GET /xingrg/check_reg.html?_=1591232743677 HTTP/1.1" 200 22
117.185.32.26 - - [04/Jun/2020:09:05:47 +0800] "GET /xingrg/all/function/internal_message.html?_=1591232743678&CODE_STATE=getMsg HTTP/1.1" 200 27
114.84.33.255 - - [04/Jun/2020:09:05:47 +0800] "GET /xingrg/all/function/internal_message.html?_=1591232760780&CODE_STATE=getMsg HTTP/1.1" 200 27
172.17.0.240 - - [04/Jun/2020:09:05:49 +0800] "GET /xingrg/all/function/internal_message.html?_=1591232747357&CODE_STATE=getMsg HTTP/1.1" 200 27
114.88.170.9 - - [04/Jun/2020:09:05:54 +0800] "GET /xingrg/all/function/internal_message.html?_=1591232752115&CODE_STATE=getMsg HTTP/1.1" 200 27
114.88.170.9 - - [04/Jun/2020:09:05:55 +0800] "GET /xingrg/kc/buy/cgsh_order_operate.html?command=get_materiel&rest_code=00111&code=00101007061&supplier_code=00100004&order_time=2020-06-04 HTTP/1.1" 200 409
222.69.134.143 - - [04/Jun/2020:09:05:56 +0800] "GET /xingrg/kc/buy/cgsh_order_operate.html?command=get_materiel&rest_code=00149&code=00101008095&supplier_code=00100005&order_time=2020-06-04 HTTP/1.1" 200 412
117.185.32.26 - - [04/Jun/2020:09:05:58 +0800] "GET /xingrg/kc/buy/cgsh_order_operate.html?command=get_materiel&rest_code=00106&code=00101008100&supplier_code=00100007&order_time=2020-06-04 HTTP/1.1" 200 408
114.88.170.9 - - [04/Jun/2020:09:06:02 +0800] "GET /xingrg/kc/buy/cgsh_order_operate.html?command=get_materiel&rest_code=00111&code=00101007081&supplier_code=00100004&order_time=2020-06-04 HTTP/1.1" 200 415
117.185.32.26 - - [04/Jun/2020:09:06:07 +0800] "GET /xingrg/kc/buy/cgsh_order_operate.html?command=get_materiel&rest_code=00106&code=00101008347&supplier_code=00100007&order_time=2020-06-04 HTTP/1.1" 200 408
114.88.170.9 - - [04/Jun/2020:09:06:10 +0800] "POST /xingrg/kc/buy/cgsh_order_operate.html HTTP/1.1" 200 37
222.69.134.143 - - [04/Jun/2020:09:06:12 +0800] "GET /xingrg/kc/buy/cgsh_order_operate.html?command=get_materiel&rest_code=00149&code=00101008110&supplier_code=00100005&order_time=2020-06-04 HTTP/1.1" 200 408
114.88.170.9 - - [04/Jun/2020:09:06:12 +0800] "POST /xingrg/kc/buy/cgsh_order_operate.html HTTP/1.1" 200 3245
117.185.32.26 - - [04/Jun/2020:09:06:14 +0800] "GET /xingrg/kc/buy/cgsh_order_operate.html?command=get_materiel&rest_code=00106&code=00101008161&supplier_code=00100007&order_time=2020-06-04 HTTP/1.1" 200 409
116.230.77.149 - - [04/Jun/2020:09:06:14 +0800] "GET /xingrg/kc/buy/cgsh_order_operate.html?command=get_materiel&rest_code=00107&code=00101008283&supplier_code=00100006&order_time=2020-06-04 HTTP/1.1" 200 408
222.69.134.143 - - [04/Jun/2020:09:06:17 +0800] "GET /xingrg/check_reg.html?_=1591232771123 HTTP/1.1" 200 22
222.69.134.143 - - [04/Jun/2020:09:06:17 +0800] "GET /xingrg/all/function/internal_message.html?_=1591232771117&CODE_STATE=getMsg HTTP/1.1" 200 27
114.84.33.255 - - [04/Jun/2020:09:06:20 +0800] "GET /xingrg/check_reg.html?_=1591232790427 HTTP/1.1" 200 22
114.84.33.255 - - [04/Jun/2020:09:06:21 +0800] "GET /xingrg/all/function/internal_message.html?_=1591232791094&CODE_STATE=getMsg HTTP/1.1" 200 27
117.185.32.26 - - [04/Jun/2020:09:06:22 +0800] "GET /xingrg/kc/buy/cgsh_order_operate.html?command=get_materiel&rest_code=00106&code=00101008283&supplier_code=00100007&order_time=2020-06-04 HTTP/1.1" 200 408
114.88.170.9 - - [04/Jun/2020:09:06:25 +0800] "GET /xingrg/kc/print/load_config.html?kc_code=cgsh HTTP/1.1" 200 1845
117.185.32.26 - - [04/Jun/2020:09:06:25 +0800] "POST /xingrg/kc/buy/cgsh_order_operate.html HTTP/1.1" 200 2065
114.88.170.9 - - [04/Jun/2020:09:06:25 +0800] "GET /xingrg/kc/print/load_data.html?order_code=212020060401087&kc_code=cgsh&condition= HTTP/1.1" 200 948
61.172.5.115 - - [04/Jun/2020:09:06:26 +0800] "GET /xingrg/all/function/internal_message.html?_=1591232787881&CODE_STATE=getMsg HTTP/1.1" 200 27
116.230.77.149 - - [04/Jun/2020:09:06:27 +0800] "GET /xingrg/kc/buy/cgsh_order_operate.html?command=get_materiel&rest_code=00107&code=00101008185&supplier_code=00100006&order_time=2020-06-04 HTTP/1.1" 200 408
117.185.32.26 - - [04/Jun/2020:09:06:31 +0800] "GET /xingrg/kc/buy/cgsh_order_operate.html?command=get_materiel&rest_code=00106&code=00101008210&supplier_code=00100007&order_time=2020-06-04 HTTP/1.1" 200 408
116.230.77.149 - - [04/Jun/2020:09:06:32 +0800] "GET /xingrg/all/function/internal_message.html?_=1591232785371&CODE_STATE=getMsg HTTP/1.1" 200 27
222.69.134.143 - - [04/Jun/2020:09:06:33 +0800] "GET /xingrg/kc/buy/cgsh_order_operate.html?command=get_materiel&rest_code=00149&code=00101008041&supplier_code=00100005&order_time=2020-06-04 HTTP/1.1" 200 408
180.162.232.172 - - [04/Jun/2020:09:06:34 +0800] "GET /xingrg/all/function/internal_message.html?_=1591232792277&CODE_STATE=getMsg HTTP/1.1" 200 27
61.172.5.115 - - [04/Jun/2020:09:06:35 +0800] "GET /xingrg/check_reg.html?_=1591232796236 HTTP/1.1" 302 -
61.172.5.115 - - [04/Jun/2020:09:06:35 +0800] "GET /xingrg/all/function/internal_message.html?_=1591232796269&CODE_STATE=getMsg HTTP/1.1" 302 -
172.17.0.185 - - [04/Jun/2020:09:06:35 +0800] "GET /xingrg/all/function/internal_message.html?_=1591232793986&CODE_STATE=getMsg HTTP/1.1" 302 -
172.17.0.185 - - [04/Jun/2020:09:06:35 +0800] "GET /xingrg/check_reg.html?_=1591232793992 HTTP/1.1" 302 -
114.88.170.9 - - [04/Jun/2020:09:06:37 +0800] "GET /xingrg/all/function/internal_message.html?_=1591232793317&CODE_STATE=getMsg HTTP/1.1" 200 27
114.86.190.97 - - [04/Jun/2020:09:06:37 +0800] "GET /xingrg/all/function/internal_message.html?_=1591232798811&CODE_STATE=getMsg HTTP/1.1" 200 27
222.69.134.143 - - [04/Jun/2020:09:06:38 +0800] "POST /xingrg/kc/buy/cgsh_order_operate.html HTTP/1.1" 200 2065
116.233.77.16 - - [04/Jun/2020:09:06:40 +0800] "GET /xingrg/check_reg.html?_=1591232830562 HTTP/1.1" 200 22
116.233.77.16 - - [04/Jun/2020:09:06:40 +0800] "GET /xingrg/all/function/internal_message.html?_=1591232830578&CODE_STATE=getMsg HTTP/1.1" 200 27
116.230.77.149 - - [04/Jun/2020:09:06:41 +0800] "GET /xingrg/kc/buy/cgsh_order_operate.html?command=get_materiel&rest_code=00107&code=00101008296&supplier_code=00100006&order_time=2020-06-04 HTTP/1.1" 200 416
101.85.53.146 - - [04/Jun/2020:09:06:43 +0800] "GET /xingrg/check_reg.html?_=1591232279393 HTTP/1.1" 200 22
180.162.232.172 - - [04/Jun/2020:09:06:43 +0800] "GET /xingrg/all/function/internal_message.html?_=1591232937437&CODE_STATE=getMsg HTTP/1.1" 200 27
120.253.135.82 - - [04/Jun/2020:09:06:44 +0800] "GET /xingrg/all/function/internal_message.html?_=1591232559513&CODE_STATE=getMsg HTTP/1.1" 200 27
222.69.134.143 - - [04/Jun/2020:09:06:46 +0800] "GET /xingrg/kc/buy/cgsh_order_operate.html?command=get_materiel&rest_code=00149&code=00101008168&supplier_code=00100005&order_time=2020-06-04 HTTP/1.1" 200 413
117.185.32.26 - - [04/Jun/2020:09:06:47 +0800] "GET /xingrg/all/function/internal_message.html?_=1591232803650&CODE_STATE=getMsg HTTP/1.1" 200 27
114.84.33.255 - - [04/Jun/2020:09:06:47 +0800] "GET /xingrg/all/function/internal_message.html?_=1591232820803&CODE_STATE=getMsg HTTP/1.1" 200 27
172.17.0.240 - - [04/Jun/2020:09:06:49 +0800] "GET /xingrg/all/function/internal_message.html?_=1591232807360&CODE_STATE=getMsg HTTP/1.1" 200 27
117.185.32.26 - - [04/Jun/2020:09:06:52 +0800] "GET /xingrg/kc/buy/cgsh_order_operate.html?command=get_materiel&rest_code=00106&code=00101008321&supplier_code=00100007&order_time=2020-06-04 HTTP/1.1" 200 412
116.230.77.149 - - [04/Jun/2020:09:06:52 +0800] "GET /xingrg/kc/buy/cgsh_order_operate.html?command=get_materiel&rest_code=00107&code=00101008213&supplier_code=00100006&order_time=2020-06-04 HTTP/1.1" 200 412
114.88.170.9 - - [04/Jun/2020:09:06:54 +0800] "GET /xingrg/check_reg.html?_=1591232812116 HTTP/1.1" 200 22
114.88.170.9 - - [04/Jun/2020:09:06:54 +0800] "GET /xingrg/all/function/internal_message.html?_=1591232812119&CODE_STATE=getMsg HTTP/1.1" 200 27
116.230.77.149 - - [04/Jun/2020:09:06:55 +0800] "POST /xingrg/kc/buy/cgsh_order_operate.html HTTP/1.1" 200 2065
117.131.5.26 - - [04/Jun/2020:09:07:00 +0800] "GET /xingrg/check_reg.html?_=1591232825101 HTTP/1.1" 200 22
116.230.77.149 - - [04/Jun/2020:09:07:03 +0800] "GET /xingrg/kc/buy/cgsh_order_operate.html?command=get_materiel&rest_code=00107&code=00101008344&supplier_code=00100006&order_time=2020-06-04 HTTP/1.1" 200 412
222.69.134.143 - - [04/Jun/2020:09:07:03 +0800] "GET /xingrg/kc/buy/cgsh_order_operate.html?command=get_materiel&rest_code=00149&code=00101020152&supplier_code=00100005&order_time=2020-06-04 HTTP/1.1" 200 416
116.233.77.16 - - [04/Jun/2020:09:07:06 +0800] "POST /xingrg/dwr/call/plaincall/AjaxReportQueryService.refreshCache.dwr HTTP/1.1" 200 78
116.233.77.16 - - [04/Jun/2020:09:07:07 +0800] "POST /xingrg/all/report/load_report_page.html HTTP/1.1" 200 126198
116.233.77.16 - - [04/Jun/2020:09:07:07 +0800] "GET /xingrg/servlets/image?cache=0.45537999892511116&image=px HTTP/1.1" 200 807
117.185.32.26 - - [04/Jun/2020:09:07:14 +0800] "GET /xingrg/kc/buy/cgsh_order_operate.html?command=get_materiel&rest_code=00106&code=00101008024&supplier_code=00100007&order_time=2020-06-04 HTTP/1.1" 200 408
222.69.134.143 - - [04/Jun/2020:09:07:15 +0800] "GET /xingrg/kc/buy/cgsh_order_operate.html?command=get_materiel&rest_code=00149&code=00101008061&supplier_code=00100005&order_time=2020-06-04 HTTP/1.1" 200 422
222.69.134.143 - - [04/Jun/2020:09:07:17 +0800] "GET /xingrg/all/function/internal_message.html?_=1591232831100&CODE_STATE=getMsg HTTP/1.1" 200 27
114.84.33.255 - - [04/Jun/2020:09:07:21 +0800] "GET /xingrg/all/function/internal_message.html?_=1591232851108&CODE_STATE=getMsg HTTP/1.1" 200 27
117.185.32.26 - - [04/Jun/2020:09:07:26 +0800] "GET /xingrg/kc/buy/cgsh_order_operate.html?command=get_materiel&rest_code=00106&code=00101008295&supplier_code=00100007&order_time=2020-06-04 HTTP/1.1" 200 412
61.172.5.115 - - [04/Jun/2020:09:07:26 +0800] "GET /xingrg/all/function/internal_message.html?_=1591232847883&CODE_STATE=getMsg HTTP/1.1" 200 27
117.185.32.26 - - [04/Jun/2020:09:07:30 +0800] "POST /xingrg/kc/buy/cgsh_order_operate.html HTTP/1.1" 200 2065
116.230.77.149 - - [04/Jun/2020:09:07:31 +0800] "GET /xingrg/check_reg.html?_=1591232844866 HTTP/1.1" 200 22
116.230.77.149 - - [04/Jun/2020:09:07:32 +0800] "GET /xingrg/all/function/internal_message.html?_=1591232845353&CODE_STATE=getMsg HTTP/1.1" 200 27
180.162.232.172 - - [04/Jun/2020:09:07:34 +0800] "GET /xingrg/all/function/internal_message.html?_=1591232852280&CODE_STATE=getMsg HTTP/1.1" 200 27
61.172.5.115 - - [04/Jun/2020:09:07:35 +0800] "GET /xingrg/all/function/internal_message.html?_=1591232856268&CODE_STATE=getMsg HTTP/1.1" 302 -
172.17.0.185 - - [04/Jun/2020:09:07:35 +0800] "GET /xingrg/all/function/internal_message.html?_=1591232853978&CODE_STATE=getMsg HTTP/1.1" 302 -
114.86.190.97 - - [04/Jun/2020:09:07:37 +0800] "GET /xingrg/all/function/internal_message.html?_=1591232858824&CODE_STATE=getMsg HTTP/1.1" 200 27
114.88.170.9 - - [04/Jun/2020:09:07:37 +0800] "GET /xingrg/all/function/internal_message.html?_=1591232853385&CODE_STATE=getMsg HTTP/1.1" 200 27
114.88.170.9 - - [04/Jun/2020:09:07:37 +0800] "GET /xingrg/kc/buy/cgsh_order_add.html HTTP/1.1" 200 58734
114.88.170.9 - - [04/Jun/2020:09:07:37 +0800] "POST /xingrg/kc/buy/cgsh_order_operate.html HTTP/1.1" 200 8245
114.88.170.9 - - [04/Jun/2020:09:07:37 +0800] "GET /xingrg/javascript/easyui/themes/default/validatebox.css HTTP/1.1" 404 1104
116.233.77.16 - - [04/Jun/2020:09:07:38 +0800] "GET /xingrg/all/function/internal_message.html?_=1591232890578&CODE_STATE=getMsg HTTP/1.1" 200 27
180.162.232.172 - - [04/Jun/2020:09:07:43 +0800] "GET /xingrg/all/function/internal_message.html?_=1591232997440&CODE_STATE=getMsg HTTP/1.1" 200 27
120.253.135.82 - - [04/Jun/2020:09:07:45 +0800] "GET /xingrg/all/function/internal_message.html?_=1591232619554&CODE_STATE=getMsg HTTP/1.1" 200 27
114.88.170.9 - - [04/Jun/2020:09:07:46 +0800] "GET /xingrg/kc/buy/cgsh_order_operate.html?command=get_materiel&rest_code=00111&code=00101012025&supplier_code=00100037&order_time=2020-06-04 HTTP/1.1" 200 412
117.185.32.26 - - [04/Jun/2020:09:07:47 +0800] "GET /xingrg/all/function/internal_message.html?_=1591232863667&CODE_STATE=getMsg HTTP/1.1" 200 27
114.84.33.255 - - [04/Jun/2020:09:07:47 +0800] "GET /xingrg/all/function/internal_message.html?_=1591232880807&CODE_STATE=getMsg HTTP/1.1" 200 27
172.17.0.240 - - [04/Jun/2020:09:07:49 +0800] "GET /xingrg/all/function/internal_message.html?_=1591232867362&CODE_STATE=getMsg HTTP/1.1" 200 27
172.17.0.240 - - [04/Jun/2020:09:07:49 +0800] "GET /xingrg/check_reg.html?_=1591232867364 HTTP/1.1" 200 22
120.204.17.70 - - [04/Jun/2020:09:07:54 +0800] "GET /xingrg/all/common/auto_word.html?type=employee&rest_code=00106 HTTP/1.1" 302 -
114.88.170.9 - - [04/Jun/2020:09:07:54 +0800] "GET /xingrg/all/function/internal_message.html?_=1591232872127&CODE_STATE=getMsg HTTP/1.1" 200 27
117.185.32.26 - - [04/Jun/2020:09:07:54 +0800] "POST /xingrg/kc/buy/cgsh_order_operate.html HTTP/1.1" 200 37
117.185.32.26 - - [04/Jun/2020:09:07:55 +0800] "POST /xingrg/kc/buy/cgsh_order_operate.html HTTP/1.1" 200 33387
120.253.135.82 - - [04/Jun/2020:09:08:00 +0800] "GET /xingrg/check_reg.html?_=1591233011754 HTTP/1.1" 200 22
117.185.32.26 - - [04/Jun/2020:09:08:00 +0800] "GET /xingrg/kc/buy/cgsh_order_operate.html?command=get_materiel&rest_code=00106&code=00101008331&supplier_code=00100007&order_time=2020-06-04 HTTP/1.1" 200 416
120.204.17.70 - - [04/Jun/2020:09:08:00 +0800] "GET /xingrg/login.html HTTP/1.1" 200 7641
116.230.77.149 - - [04/Jun/2020:09:08:01 +0800] "GET /xingrg/kc/buy/cgsh_order_operate.html?command=get_materiel&rest_code=00107&code=00101008067&supplier_code=00100006&order_time=2020-06-04 HTTP/1.1" 200 416
114.88.170.9 - - [04/Jun/2020:09:08:09 +0800] "GET /xingrg/check_reg.html?_=1591232886091 HTTP/1.1" 200 22
120.204.17.70 - - [04/Jun/2020:09:08:10 +0800] "GET /xingrg/kc/buy/buy_main.html HTTP/1.1" 302 -
58.221.95.50 - - [04/Jun/2020:09:08:12 +0800] "GET /xingrg/check_reg.html?_=1591232942835 HTTP/1.1" 200 22
114.88.170.9 - - [04/Jun/2020:09:08:13 +0800] "GET /xingrg/kc/buy/cgsh_order_operate.html?command=get_materiel&rest_code=00111&code=00101016025&supplier_code=00100037&order_time=2020-06-04 HTTP/1.1" 200 408
183.192.164.85 - - [04/Jun/2020:09:08:13 +0800] "GET /xingrg/kc/buy/cgsh_order_list.html HTTP/1.1" 302 -
120.204.17.70 - - [04/Jun/2020:09:08:15 +0800] "GET /xingrg/login.html HTTP/1.1" 200 7641
222.69.134.143 - - [04/Jun/2020:09:08:17 +0800] "GET /xingrg/all/function/internal_message.html?_=1591232891094&CODE_STATE=getMsg HTTP/1.1" 200 27
116.230.77.149 - - [04/Jun/2020:09:08:17 +0800] "GET /xingrg/kc/buy/cgsh_order_operate.html?command=get_materiel&rest_code=00107&code=00101008270&supplier_code=00100006&order_time=2020-06-04 HTTP/1.1" 200 412
117.185.32.26 - - [04/Jun/2020:09:08:19 +0800] "GET /xingrg/kc/buy/cgsh_order_operate.html?command=get_materiel&rest_code=00106&code=00101008168&supplier_code=00100007&order_time=2020-06-04 HTTP/1.1" 200 413
183.192.164.85 - - [04/Jun/2020:09:08:19 +0800] "GET /xingrg/login.html HTTP/1.1" 200 7641
114.84.33.255 - - [04/Jun/2020:09:08:21 +0800] "GET /xingrg/all/function/internal_message.html?_=1591232911122&CODE_STATE=getMsg HTTP/1.1" 200 27
114.88.170.9 - - [04/Jun/2020:09:08:24 +0800] "GET /xingrg/kc/buy/cgsh_order_operate.html?command=get_materiel&rest_code=00111&code=00101020153&supplier_code=00100037&order_time=2020-06-04 HTTP/1.1" 200 408
117.185.32.26 - - [04/Jun/2020:09:08:26 +0800] "GET /xingrg/kc/buy/cgsh_order_operate.html?command=get_materiel&rest_code=00106&code=00101008095&supplier_code=00100007&order_time=2020-06-04 HTTP/1.1" 200 412
61.172.5.115 - - [04/Jun/2020:09:08:26 +0800] "GET /xingrg/check_reg.html?_=1591232907883 HTTP/1.1" 200 22
61.172.5.115 - - [04/Jun/2020:09:08:26 +0800] "GET /xingrg/all/function/internal_message.html?_=1591232907886&CODE_STATE=getMsg HTTP/1.1" 200 27
117.185.32.26 - - [04/Jun/2020:09:08:29 +0800] "POST /xingrg/kc/buy/cgsh_order_operate.html HTTP/1.1" 200 2065
116.230.77.149 - - [04/Jun/2020:09:08:32 +0800] "GET /xingrg/all/function/internal_message.html?_=1591232905334&CODE_STATE=getMsg HTTP/1.1" 200 27
114.88.170.9 - - [04/Jun/2020:09:08:33 +0800] "GET /xingrg/kc/buy/cgsh_order_operate.html?command=get_materiel&rest_code=00111&code=00101004056&supplier_code=00100037&order_time=2020-06-04 HTTP/1.1" 200 418
180.162.232.172 - - [04/Jun/2020:09:08:34 +0800] "GET /xingrg/all/function/internal_message.html?_=1591232912280&CODE_STATE=getMsg HTTP/1.1" 200 27
180.162.232.172 - - [04/Jun/2020:09:08:34 +0800] "GET /xingrg/check_reg.html?_=1591232912284 HTTP/1.1" 200 22
61.172.5.115 - - [04/Jun/2020:09:08:35 +0800] "GET /xingrg/all/function/internal_message.html?_=1591232916271&CODE_STATE=getMsg HTTP/1.1" 302 -
116.233.77.16 - - [04/Jun/2020:09:08:35 +0800] "GET /xingrg/all/function/internal_message.html?_=1591232950578&CODE_STATE=getMsg HTTP/1.1" 200 27
172.17.0.185 - - [04/Jun/2020:09:08:35 +0800] "GET /xingrg/all/function/internal_message.html?_=1591232913984&CODE_STATE=getMsg HTTP/1.1" 302 -
116.230.77.149 - - [04/Jun/2020:09:08:36 +0800] "POST /xingrg/kc/buy/cgsh_order_operate.html HTTP/1.1" 200 2065
114.88.170.9 - - [04/Jun/2020:09:08:37 +0800] "GET /xingrg/all/function/internal_message.html?_=1591232913391&CODE_STATE=getMsg HTTP/1.1" 200 27
114.86.190.97 - - [04/Jun/2020:09:08:37 +0800] "GET /xingrg/all/function/internal_message.html?_=1591232918816&CODE_STATE=getMsg HTTP/1.1" 200 27
222.69.134.143 - - [04/Jun/2020:09:08:38 +0800] "GET /xingrg/kc/buy/cgsh_order_operate.html?command=get_materiel&rest_code=00149&code=00101008114&supplier_code=00100005&order_time=2020-06-04 HTTP/1.1" 200 412
114.88.170.9 - - [04/Jun/2020:09:08:40 +0800] "GET /xingrg/kc/buy/cgsh_order_operate.html?command=get_materiel&rest_code=00111&code=00101008109&supplier_code=00100037&order_time=2020-06-04 HTTP/1.1" 200 413
117.185.32.26 - - [04/Jun/2020:09:08:41 +0800] "GET /xingrg/kc/buy/cgsh_order_operate.html?command=get_materiel&rest_code=00106&code=00101008236&supplier_code=00100007&order_time=2020-06-04 HTTP/1.1" 200 416
180.162.232.172 - - [04/Jun/2020:09:08:43 +0800] "GET /xingrg/check_reg.html?_=1591233056807 HTTP/1.1" 200 22
180.162.232.172 - - [04/Jun/2020:09:08:43 +0800] "GET /xingrg/all/function/internal_message.html?_=1591233057453&CODE_STATE=getMsg HTTP/1.1" 200 27
120.253.135.82 - - [04/Jun/2020:09:08:45 +0800] "GET /xingrg/all/function/internal_message.html?_=1591232679556&CODE_STATE=getMsg HTTP/1.1" 200 27
114.84.33.255 - - [04/Jun/2020:09:08:45 +0800] "GET /xingrg/check_reg.html?_=1591232939141 HTTP/1.1" 200 22
117.185.32.26 - - [04/Jun/2020:09:08:47 +0800] "GET /xingrg/all/function/internal_message.html?_=1591232923644&CODE_STATE=getMsg HTTP/1.1" 200 27
