114.86.190.97 - - [04/Jun/2020:10:27:52 +0800] "GET /xingrg/system/rest/get_item.html?table=menu&target=cook_mode&id=1998&_=1591237671759 HTTP/1.1" 200 11442
114.86.190.97 - - [04/Jun/2020:10:27:53 +0800] "GET /xingrg/system/rest/get_infos.html?command=menu_img_show&id=1998 HTTP/1.1" 200 5
114.88.170.9 - - [04/Jun/2020:10:27:53 +0800] "POST /xingrg/services/DataTransmitService HTTP/1.1" 200 412
114.86.190.97 - - [04/Jun/2020:10:27:55 +0800] "GET /xingrg/system/rest/get_item.html?table=menu&target=menu_rest_detail&id=1998&sid=14&_=1591237674273 HTTP/1.1" 200 427
114.84.151.157 - - [04/Jun/2020:10:27:57 +0800] "POST /xingrg/system/rest/edit_item.html HTTP/1.1" 200 4
114.84.151.157 - - [04/Jun/2020:10:27:57 +0800] "GET /xingrg/system/rest/get_item.html?table=menu&target=menu_rest&id=1931&_=1591237675283 HTTP/1.1" 200 886
120.253.135.82 - - [04/Jun/2020:10:28:00 +0800] "GET /xingrg/check_reg.html?_=1591237811834 HTTP/1.1" 200 22
116.230.77.149 - - [04/Jun/2020:10:28:00 +0800] "GET /xingrg/all/function/internal_message.html?_=1591237673473&CODE_STATE=getMsg HTTP/1.1" 200 27
114.84.33.255 - - [04/Jun/2020:10:28:01 +0800] "GET /xingrg/all/function/internal_message.html?_=1591237691304&CODE_STATE=getMsg HTTP/1.1" 200 27
180.162.232.172 - - [04/Jun/2020:10:28:02 +0800] "GET /xingrg/all/function/internal_message.html?_=1591237815779&CODE_STATE=getMsg HTTP/1.1" 200 27
114.84.151.157 - - [04/Jun/2020:10:28:02 +0800] "GET /xingrg/system/rest/query_items.html?_=1591237680317&table=menu&page=1&rows=20&categoryId=&key=%25E6%25A2%2585%25E5%25AD%2590%25E9%25B1%25BC HTTP/1.1" 200 325
114.84.151.157 - - [04/Jun/2020:10:28:03 +0800] "GET /xingrg/system/rest/query_items.html?_=1591237681547&table=menu&page=1&rows=20&categoryId=&key=%25E6%25A2%2585%25E5%25AD%2590%25E9%25B1%25BC HTTP/1.1" 200 325
114.84.151.157 - - [04/Jun/2020:10:28:04 +0800] "GET /xingrg/system/rest/get_item.html?table=menu&id=1954&_=1591237682057 HTTP/1.1" 200 1027
114.84.151.157 - - [04/Jun/2020:10:28:04 +0800] "GET /xingrg/system/rest/get_item.html?table=menu&target=cook_mode&id=1954&_=1591237682077 HTTP/1.1" 200 6954
114.84.151.157 - - [04/Jun/2020:10:28:04 +0800] "GET /xingrg/system/rest/get_item.html?table=menu&target=menu_rest&id=1954&_=1591237682080 HTTP/1.1" 200 877
58.40.7.146 - - [04/Jun/2020:10:28:04 +0800] "GET /xingrg/all/function/internal_message.html?_=1591237683631&CODE_STATE=getMsg HTTP/1.1" 200 27
180.175.212.199 - - [04/Jun/2020:10:28:04 +0800] "GET /xingrg/all/function/internal_message.html?_=1591237888857&CODE_STATE=getMsg HTTP/1.1" 200 27
114.84.151.157 - - [04/Jun/2020:10:28:05 +0800] "GET /xingrg/system/rest/get_infos.html?command=menu_img_show&id=1954 HTTP/1.1" 200 5
114.86.190.97 - - [04/Jun/2020:10:28:05 +0800] "GET /xingrg/system/rest/query_items.html?_=1591237684173&table=menu&page=1&rows=20&categoryId=&key=%25E8%258D%2589%25E8%2599%25BE HTTP/1.1" 200 1236
114.84.151.157 - - [04/Jun/2020:10:28:06 +0800] "GET /xingrg/system/rest/get_item.html?table=menu&target=menu_rest_detail&id=1954&sid=11&_=1591237684517 HTTP/1.1" 200 426
116.230.77.149 - - [04/Jun/2020:10:28:07 +0800] "GET /xingrg/kc/buy/cgsh_order_operate.html?command=get_materiel&rest_code=00107&code=00101004030&supplier_code=00100312&order_time=2020-06-04 HTTP/1.1" 200 408
114.84.151.157 - - [04/Jun/2020:10:28:09 +0800] "POST /xingrg/system/rest/edit_item.html HTTP/1.1" 200 4
114.84.151.157 - - [04/Jun/2020:10:28:09 +0800] "GET /xingrg/system/rest/get_item.html?table=menu&target=menu_rest&id=1954&_=1591237687496 HTTP/1.1" 200 877
114.88.170.9 - - [04/Jun/2020:10:28:10 +0800] "GET /xingrg/check_reg.html?_=1591237686274 HTTP/1.1" 200 22
58.221.95.50 - - [04/Jun/2020:10:28:12 +0800] "GET /xingrg/check_reg.html?_=1591237742511 HTTP/1.1" 200 22
114.84.151.157 - - [04/Jun/2020:10:28:13 +0800] "GET /xingrg/system/rest/query_items.html?_=1591237690951&table=menu&page=1&rows=20&categoryId=&key=%25E9%25A6%2599%25E8%259E%25BA HTTP/1.1" 200 297
114.84.151.157 - - [04/Jun/2020:10:28:14 +0800] "GET /xingrg/system/rest/query_items.html?_=1591237692075&table=menu&page=1&rows=20&categoryId=&key=%25E9%25A6%2599%25E8%259E%25BA HTTP/1.1" 200 297
114.84.151.157 - - [04/Jun/2020:10:28:14 +0800] "GET /xingrg/system/rest/get_item.html?table=menu&id=2046&_=1591237692540 HTTP/1.1" 200 1005
114.84.151.157 - - [04/Jun/2020:10:28:14 +0800] "GET /xingrg/system/rest/get_item.html?table=menu&target=menu_rest&id=2046&_=1591237692561 HTTP/1.1" 200 852
114.84.151.157 - - [04/Jun/2020:10:28:14 +0800] "GET /xingrg/system/rest/get_item.html?table=menu&target=cook_mode&id=2046&_=1591237692559 HTTP/1.1" 200 9356
114.84.151.157 - - [04/Jun/2020:10:28:15 +0800] "GET /xingrg/all/function/internal_message.html?_=1591237679672&CODE_STATE=getMsg HTTP/1.1" 200 27
114.84.151.157 - - [04/Jun/2020:10:28:15 +0800] "GET /xingrg/system/rest/get_infos.html?command=menu_img_show&id=2046 HTTP/1.1" 200 5
222.69.134.143 - - [04/Jun/2020:10:28:17 +0800] "GET /xingrg/all/function/internal_message.html?_=1591237691210&CODE_STATE=getMsg HTTP/1.1" 200 27
114.84.151.157 - - [04/Jun/2020:10:28:17 +0800] "GET /xingrg/system/rest/get_item.html?table=menu&target=menu_rest_detail&id=2046&sid=11&_=1591237695501 HTTP/1.1" 200 426
116.230.77.149 - - [04/Jun/2020:10:28:19 +0800] "GET /xingrg/kc/buy/cgsh_order_operate.html?command=get_materiel&rest_code=00107&code=00101001029&supplier_code=00100312&order_time=2020-06-04 HTTP/1.1" 200 415
114.84.151.157 - - [04/Jun/2020:10:28:20 +0800] "POST /xingrg/system/rest/edit_item.html HTTP/1.1" 200 4
114.84.151.157 - - [04/Jun/2020:10:28:20 +0800] "GET /xingrg/system/rest/get_item.html?table=menu&target=menu_rest&id=2046&_=1591237698650 HTTP/1.1" 200 852
114.88.170.9 - - [04/Jun/2020:10:28:22 +0800] "POST /xingrg/kc/base/wldb_order_operate.html HTTP/1.1" 200 37
114.88.170.9 - - [04/Jun/2020:10:28:22 +0800] "POST /xingrg/kc/base/wldb_order_operate.html HTTP/1.1" 200 4600
172.17.0.100 - - [04/Jun/2020:10:28:22 +0800] "GET /xingrg/all/function/internal_message.html?_=1591237702798&CODE_STATE=getMsg HTTP/1.1" 200 27
114.88.170.9 - - [04/Jun/2020:10:28:22 +0800] "GET /xingrg/kc/base/wldb_order_info.html?code=422020060400328 HTTP/1.1" 200 30330
114.88.170.9 - - [04/Jun/2020:10:28:23 +0800] "GET /xingrg/javascript/easyui/themes/default/validatebox.css HTTP/1.1" 404 1104
114.88.170.9 - - [04/Jun/2020:10:28:23 +0800] "POST /xingrg/kc/base/wldb_order_operate.html HTTP/1.1" 200 4600
114.86.190.97 - - [04/Jun/2020:10:28:24 +0800] "GET /xingrg/system/rest/query_items.html?_=1591237702700&table=menu&page=1&rows=20&categoryId=&key=%25E7%25AC%258B%25E5%25A3%25B3%25E9%25B1%25BC HTTP/1.1" 200 2232
114.84.151.157 - - [04/Jun/2020:10:28:24 +0800] "GET /xingrg/system/rest/query_items.html?_=1591237702296&table=menu&page=1&rows=20&categoryId=&key=%25E9%259D%2592%25E5%258F%25A3 HTTP/1.1" 200 245
114.84.151.157 - - [04/Jun/2020:10:28:25 +0800] "GET /xingrg/system/rest/query_items.html?_=1591237703510&table=menu&page=1&rows=20&categoryId=&key=%25E9%259D%2592%25E5%258F%25A3 HTTP/1.1" 200 245
114.84.151.157 - - [04/Jun/2020:10:28:26 +0800] "GET /xingrg/system/rest/get_item.html?table=menu&id=2121&_=1591237703956 HTTP/1.1" 200 943
114.84.151.157 - - [04/Jun/2020:10:28:26 +0800] "GET /xingrg/system/rest/get_item.html?table=menu&target=menu_rest&id=2121&_=1591237703982 HTTP/1.1" 200 549
114.84.151.157 - - [04/Jun/2020:10:28:26 +0800] "GET /xingrg/system/rest/get_item.html?table=menu&target=cook_mode&id=2121&_=1591237703980 HTTP/1.1" 200 4431
114.86.190.97 - - [04/Jun/2020:10:28:26 +0800] "GET /xingrg/system/rest/query_items.html?_=1591237705357&table=menu&page=1&rows=20&categoryId=&key=%25E7%25AC%258B%25E5%25A3%25B3%25E9%25B1%25BC HTTP/1.1" 200 2232
114.84.151.157 - - [04/Jun/2020:10:28:26 +0800] "GET /xingrg/system/rest/get_infos.html?command=menu_img_show&id=2121 HTTP/1.1" 200 5
114.86.190.97 - - [04/Jun/2020:10:28:28 +0800] "GET /xingrg/system/rest/get_item.html?table=menu&id=1940&_=1591237706869 HTTP/1.1" 200 966
114.86.190.97 - - [04/Jun/2020:10:28:28 +0800] "GET /xingrg/system/rest/get_item.html?table=menu&target=menu_rest&id=1940&_=1591237706888 HTTP/1.1" 200 775
114.86.190.97 - - [04/Jun/2020:10:28:28 +0800] "GET /xingrg/system/rest/get_item.html?table=menu&target=cook_mode&id=1940&_=1591237706886 HTTP/1.1" 200 10973
114.84.151.157 - - [04/Jun/2020:10:28:28 +0800] "GET /xingrg/system/rest/get_item.html?table=menu&target=menu_rest_detail&id=2121&sid=11&_=1591237706453 HTTP/1.1" 200 426
114.86.190.97 - - [04/Jun/2020:10:28:28 +0800] "GET /xingrg/system/rest/get_infos.html?command=menu_img_show&id=1940 HTTP/1.1" 200 5
172.17.0.185 - - [04/Jun/2020:10:28:29 +0800] "GET /xingrg/all/function/internal_message.html?_=1591237707004&CODE_STATE=getMsg HTTP/1.1" 200 27
180.175.212.199 - - [04/Jun/2020:10:28:31 +0800] "GET /xingrg/kc/buy/cgsh_order_operate.html?command=get_materiel&rest_code=00102&code=00101015033&supplier_code=00100054&order_time=2020-06-04 HTTP/1.1" 200 408
114.84.151.157 - - [04/Jun/2020:10:28:31 +0800] "GET /xingrg/all/function/internal_message.html?_=1591237709737&CODE_STATE=getMsg HTTP/1.1" 200 27
114.88.170.9 - - [04/Jun/2020:10:28:32 +0800] "GET /xingrg/all/function/internal_message.html?_=1591237709752&CODE_STATE=getMsg HTTP/1.1" 200 27
114.84.151.157 - - [04/Jun/2020:10:28:32 +0800] "POST /xingrg/system/rest/edit_item.html HTTP/1.1" 200 4
114.84.151.157 - - [04/Jun/2020:10:28:32 +0800] "GET /xingrg/system/rest/get_item.html?table=menu&target=menu_rest&id=2121&_=1591237710264 HTTP/1.1" 200 549
114.86.190.97 - - [04/Jun/2020:10:28:34 +0800] "GET /xingrg/system/rest/get_item.html?table=menu&target=menu_rest_detail&id=1940&sid=14&_=1591237713373 HTTP/1.1" 200 426
114.88.170.9 - - [04/Jun/2020:10:28:35 +0800] "GET /xingrg/kc/base/wldb_order_add.html HTTP/1.1" 200 30316
61.172.5.115 - - [04/Jun/2020:10:28:35 +0800] "GET /xingrg/all/function/internal_message.html?_=1591237716409&CODE_STATE=getMsg HTTP/1.1" 302 -
114.88.170.9 - - [04/Jun/2020:10:28:36 +0800] "GET /xingrg/javascript/easyui/themes/default/validatebox.css HTTP/1.1" 404 1104
114.84.151.157 - - [04/Jun/2020:10:28:36 +0800] "GET /xingrg/system/rest/query_items.html?_=1591237713846&table=menu&page=1&rows=20&categoryId=&key=%25E5%25A8%2587%25E5%2596%2598 HTTP/1.1" 200 21
114.88.170.9 - - [04/Jun/2020:10:28:36 +0800] "POST /xingrg/kc/base/wldb_order_operate.html HTTP/1.1" 200 6806
114.84.151.157 - - [04/Jun/2020:10:28:37 +0800] "GET /xingrg/system/rest/query_items.html?_=1591237715477&table=menu&page=1&rows=20&categoryId=&key=%25E6%25B5%25B7%25E8%2582%25A0 HTTP/1.1" 200 248
114.84.151.157 - - [04/Jun/2020:10:28:39 +0800] "GET /xingrg/system/rest/query_items.html?_=1591237716768&table=menu&page=1&rows=20&categoryId=&key=%25E6%25B5%25B7%25E8%2582%25A0 HTTP/1.1" 200 248
114.84.151.157 - - [04/Jun/2020:10:28:39 +0800] "GET /xingrg/system/rest/get_item.html?table=menu&id=2090&_=1591237717188 HTTP/1.1" 200 935
114.84.151.157 - - [04/Jun/2020:10:28:39 +0800] "GET /xingrg/system/rest/get_item.html?table=menu&target=menu_rest&id=2090&_=1591237717207 HTTP/1.1" 200 551
114.84.151.157 - - [04/Jun/2020:10:28:39 +0800] "GET /xingrg/system/rest/get_item.html?table=menu&target=cook_mode&id=2090&_=1591237717205 HTTP/1.1" 200 9336
114.88.170.9 - - [04/Jun/2020:10:28:39 +0800] "GET /xingrg/all/function/internal_message.html?_=1591237715869&CODE_STATE=getMsg HTTP/1.1" 200 27
117.131.5.26 - - [04/Jun/2020:10:28:40 +0800] "GET /xingrg/system/rest/query_items.html?_=1591237724617&table=menu&page=1&rows=20&categoryId=&key=dky HTTP/1.1" 200 300
114.84.151.157 - - [04/Jun/2020:10:28:40 +0800] "GET /xingrg/system/rest/get_infos.html?command=menu_img_show&id=2090 HTTP/1.1" 200 5
116.230.77.149 - - [04/Jun/2020:10:28:40 +0800] "POST /xingrg/kc/buy/cgsh_order_operate.html HTTP/1.1" 200 37
114.84.151.157 - - [04/Jun/2020:10:28:41 +0800] "GET /xingrg/system/rest/get_item.html?table=menu&target=menu_rest_detail&id=2090&sid=11&_=1591237719112 HTTP/1.1" 200 426
116.230.77.149 - - [04/Jun/2020:10:28:41 +0800] "POST /xingrg/kc/buy/cgsh_order_operate.html HTTP/1.1" 200 3846
114.86.190.97 - - [04/Jun/2020:10:28:44 +0800] "GET /xingrg/all/function/internal_message.html?_=1591237722875&CODE_STATE=getMsg HTTP/1.1" 200 27
114.84.151.157 - - [04/Jun/2020:10:28:44 +0800] "POST /xingrg/system/rest/edit_item.html HTTP/1.1" 200 4
114.84.151.157 - - [04/Jun/2020:10:28:44 +0800] "GET /xingrg/system/rest/get_item.html?table=menu&target=menu_rest&id=2090&_=1591237722047 HTTP/1.1" 200 551
114.86.190.97 - - [04/Jun/2020:10:28:45 +0800] "GET /xingrg/system/rest/query_items.html?_=1591237723756&table=menu&page=1&rows=20&categoryId=&key=2001 HTTP/1.1" 200 249
114.84.33.255 - - [04/Jun/2020:10:28:45 +0800] "GET /xingrg/check_reg.html?_=1591237739237 HTTP/1.1" 200 22
116.230.77.149 - - [04/Jun/2020:10:28:45 +0800] "GET /xingrg/kc/print/load_data.html?order_code=212020060401117&kc_code=cgsh&condition= HTTP/1.1" 200 1129
114.86.190.97 - - [04/Jun/2020:10:28:46 +0800] "GET /xingrg/system/rest/query_items.html?_=1591237724744&table=menu&page=1&rows=20&categoryId=&key=2001 HTTP/1.1" 200 249
120.253.135.82 - - [04/Jun/2020:10:28:46 +0800] "GET /xingrg/all/function/internal_message.html?_=1591237857806&CODE_STATE=getMsg HTTP/1.1" 200 27
114.86.190.97 - - [04/Jun/2020:10:28:46 +0800] "GET /xingrg/system/rest/get_item.html?table=menu&id=2001&_=1591237725205 HTTP/1.1" 200 935
114.86.190.97 - - [04/Jun/2020:10:28:46 +0800] "GET /xingrg/system/rest/get_item.html?table=menu&target=menu_rest&id=2001&_=1591237725222 HTTP/1.1" 200 653
114.86.190.97 - - [04/Jun/2020:10:28:46 +0800] "GET /xingrg/system/rest/get_item.html?table=menu&target=cook_mode&id=2001&_=1591237725221 HTTP/1.1" 200 8443
117.131.5.26 - - [04/Jun/2020:10:28:46 +0800] "GET /xingrg/all/function/internal_message.html?_=1591237997968&CODE_STATE=getMsg HTTP/1.1" 200 27
117.131.5.26 - - [04/Jun/2020:10:28:46 +0800] "GET /xingrg/system/rest/query_items.html?_=1591237730961&table=menu&page=1&rows=20&categoryId=&key=sky HTTP/1.1" 200 2946
114.86.190.97 - - [04/Jun/2020:10:28:46 +0800] "GET /xingrg/system/rest/get_infos.html?command=menu_img_show&id=2001 HTTP/1.1" 200 5
120.253.135.82 - - [04/Jun/2020:10:28:47 +0800] "GET /xingrg/all/function/internal_message.html?_=1591237805522&CODE_STATE=getMsg HTTP/1.1" 200 27
180.162.232.172 - - [04/Jun/2020:10:28:47 +0800] "POST /xingrg/services/DataTransmitService HTTP/1.1" 200 524
114.84.151.157 - - [04/Jun/2020:10:28:48 +0800] "GET /xingrg/system/rest/query_items.html?_=1591237726150&table=menu&page=1&rows=20&categoryId=&key=%25E8%258A%2592%25E6%259E%259C HTTP/1.1" 200 2092
114.84.33.255 - - [04/Jun/2020:10:28:48 +0800] "GET /xingrg/all/function/internal_message.html?_=1591237741907&CODE_STATE=getMsg HTTP/1.1" 200 27
114.86.190.97 - - [04/Jun/2020:10:28:48 +0800] "GET /xingrg/system/rest/get_item.html?table=menu&target=menu_rest_detail&id=2001&sid=14&_=1591237727753 HTTP/1.1" 200 427
117.185.32.26 - - [04/Jun/2020:10:28:49 +0800] "POST /xingrg/services/DataTransmitService HTTP/1.1" 200 524
114.84.151.157 - - [04/Jun/2020:10:28:49 +0800] "GET /xingrg/system/rest/query_items.html?_=1591237727457&table=menu&page=1&rows=20&categoryId=&key=%25E8%258A%2592%25E6%259E%259C HTTP/1.1" 200 2092
117.131.5.26 - - [04/Jun/2020:10:28:49 +0800] "GET /xingrg/system/rest/get_item.html?table=menu&id=2137&_=1591237734336 HTTP/1.1" 200 894
117.131.5.26 - - [04/Jun/2020:10:28:49 +0800] "GET /xingrg/system/rest/get_item.html?table=menu&target=cook_mode&id=2137&_=1591237734351 HTTP/1.1" 200 71
117.131.5.26 - - [04/Jun/2020:10:28:49 +0800] "GET /xingrg/system/rest/get_item.html?table=menu&target=menu_rest&id=2137&_=1591237734351 HTTP/1.1" 200 170
117.185.32.26 - - [04/Jun/2020:10:28:49 +0800] "POST /xingrg/services/DataTransmitService HTTP/1.1" 200 501
117.185.32.26 - - [04/Jun/2020:10:28:49 +0800] "POST /xingrg/services/DataTransmitService HTTP/1.1" 200 501
117.185.32.26 - - [04/Jun/2020:10:28:49 +0800] "POST /xingrg/services/DataTransmitService HTTP/1.1" 200 501
117.185.32.26 - - [04/Jun/2020:10:28:50 +0800] "POST /xingrg/services/DataTransmitService HTTP/1.1" 200 501
114.84.151.157 - - [04/Jun/2020:10:28:50 +0800] "GET /xingrg/system/rest/get_item.html?table=menu&id=2072&_=1591237727921 HTTP/1.1" 200 942
114.84.151.157 - - [04/Jun/2020:10:28:50 +0800] "GET /xingrg/system/rest/get_item.html?table=menu&target=menu_rest&id=2072&_=1591237727941 HTTP/1.1" 200 255
114.84.151.157 - - [04/Jun/2020:10:28:50 +0800] "GET /xingrg/system/rest/get_item.html?table=menu&target=cook_mode&id=2072&_=1591237727939 HTTP/1.1" 200 8973
116.230.77.149 - - [04/Jun/2020:10:28:50 +0800] "GET /xingrg/kc/buy/cgsh_order_add.html HTTP/1.1" 200 58781
116.233.77.16 - - [04/Jun/2020:10:28:50 +0800] "GET /xingrg/all/function/internal_message.html?_=1591237818765&CODE_STATE=getMsg HTTP/1.1" 200 27
114.84.151.157 - - [04/Jun/2020:10:28:50 +0800] "GET /xingrg/system/rest/get_infos.html?command=menu_img_show&id=2072 HTTP/1.1" 200 5
116.230.77.149 - - [04/Jun/2020:10:28:51 +0800] "GET /xingrg/javascript/easyui/themes/default/validatebox.css HTTP/1.1" 404 1104
116.230.77.149 - - [04/Jun/2020:10:28:51 +0800] "POST /xingrg/kc/buy/cgsh_order_operate.html HTTP/1.1" 200 8245
114.84.32.201 - - [04/Jun/2020:10:28:51 +0800] "GET /xingrg/all/function/internal_message.html?_=1591237731928&CODE_STATE=getMsg HTTP/1.1" 200 27
114.84.32.201 - - [04/Jun/2020:10:28:51 +0800] "GET /xingrg/check_reg.html?_=1591237731931 HTTP/1.1" 200 22
180.162.232.172 - - [04/Jun/2020:10:28:51 +0800] "GET /xingrg/check_reg.html?_=1591237864894 HTTP/1.1" 200 22
117.131.5.26 - - [04/Jun/2020:10:28:51 +0800] "GET /xingrg/system/rest/get_infos.html?command=menu_img_show&id=2137 HTTP/1.1" 200 5
114.88.170.9 - - [04/Jun/2020:10:28:52 +0800] "GET /xingrg/kc/base/wldb_order_operate.html?command=get_materiel&rest_code=00111&base_code=0010283&code=00101019390 HTTP/1.1" 200 455
114.84.151.157 - - [04/Jun/2020:10:28:52 +0800] "GET /xingrg/system/rest/get_item.html?table=menu&target=menu_rest_detail&id=2072&sid=11&_=1591237730199 HTTP/1.1" 200 427
117.185.32.26 - - [04/Jun/2020:10:28:52 +0800] "POST /xingrg/services/DataTransmitService HTTP/1.1" 200 412
117.185.32.26 - - [04/Jun/2020:10:28:52 +0800] "GET /xingrg/all/function/internal_message.html?_=1591237729125&CODE_STATE=getMsg HTTP/1.1" 200 27
116.230.77.149 - - [04/Jun/2020:10:28:52 +0800] "GET /xingrg/javascript/easyui/themes/default/tree.css HTTP/1.1" 404 1090
116.230.77.149 - - [04/Jun/2020:10:28:52 +0800] "POST /xingrg/all/common/load_tree.html?tree=supplier_tree_json&isDelete=1 HTTP/1.1" 200 48460
114.84.151.157 - - [04/Jun/2020:10:28:55 +0800] "POST /xingrg/system/rest/edit_item.html HTTP/1.1" 200 4
114.84.151.157 - - [04/Jun/2020:10:28:55 +0800] "GET /xingrg/system/rest/get_item.html?table=menu&target=menu_rest&id=2072&_=1591237733378 HTTP/1.1" 200 255
114.86.190.97 - - [04/Jun/2020:10:28:55 +0800] "GET /xingrg/system/rest/query_items.html?_=1591237734414&table=menu&page=1&rows=20&categoryId=&key=%25E9%25B2%259C%25E9%25B2%258D%25E9%25B1%25BC HTTP/1.1" 200 3189
114.86.190.97 - - [04/Jun/2020:10:28:57 +0800] "GET /xingrg/system/rest/query_items.html?_=1591237736576&table=menu&page=1&rows=20&categoryId=&key=%25E9%25B2%259C%25E9%25B2%258D%25E9%25B1%25BC HTTP/1.1" 200 3189
120.204.17.71 - - [04/Jun/2020:10:28:58 +0800] "GET /xingrg/all/function/internal_message.html?_=1591237009431&CODE_STATE=getMsg HTTP/1.1" 302 -
117.131.5.26 - - [04/Jun/2020:10:28:58 +0800] "GET /favicon.ico HTTP/1.1" 404 -
117.131.5.26 - - [04/Jun/2020:10:28:58 +0800] "GET /xingrg/system/rest/query_items.html?_=1591237743445&table=annotate&annotateTypeId=&key= HTTP/1.1" 200 21
114.86.190.97 - - [04/Jun/2020:10:28:59 +0800] "GET /xingrg/system/rest/get_item.html?table=menu&id=2145&_=1591237738783 HTTP/1.1" 200 927
114.86.190.97 - - [04/Jun/2020:10:29:00 +0800] "GET /xingrg/system/rest/get_item.html?table=menu&target=cook_mode&id=2145&_=1591237738799 HTTP/1.1" 200 2594
114.86.190.97 - - [04/Jun/2020:10:29:00 +0800] "GET /xingrg/system/rest/get_item.html?table=menu&target=menu_rest&id=2145&_=1591237738799 HTTP/1.1" 200 160
114.84.151.157 - - [04/Jun/2020:10:29:00 +0800] "GET /xingrg/system/rest/query_items.html?_=1591237737847&table=menu&page=1&rows=20&categoryId=&key=%25E7%259B%25AE%25E9%25B1%25BC HTTP/1.1" 200 4389
116.230.77.149 - - [04/Jun/2020:10:29:00 +0800] "GET /xingrg/all/function/internal_message.html?_=1591237733448&CODE_STATE=getMsg HTTP/1.1" 200 27
114.86.190.97 - - [04/Jun/2020:10:29:00 +0800] "GET /xingrg/system/rest/get_infos.html?command=menu_img_show&id=2145 HTTP/1.1" 200 5
114.84.33.255 - - [04/Jun/2020:10:29:01 +0800] "GET /xingrg/all/function/internal_message.html?_=1591237751318&CODE_STATE=getMsg HTTP/1.1" 200 27
180.162.232.172 - - [04/Jun/2020:10:29:02 +0800] "GET /xingrg/all/function/internal_message.html?_=1591237875793&CODE_STATE=getMsg HTTP/1.1" 200 27
180.175.212.199 - - [04/Jun/2020:10:29:02 +0800] "GET /xingrg/check_reg.html?_=1591237946952 HTTP/1.1" 200 22
114.84.151.157 - - [04/Jun/2020:10:29:03 +0800] "GET /xingrg/system/rest/query_items.html?_=1591237741077&table=menu&page=1&rows=20&categoryId=&key=%25E7%259B%25AE%25E9%25B1%25BC HTTP/1.1" 200 4389
114.84.151.157 - - [04/Jun/2020:10:29:04 +0800] "GET /xingrg/system/rest/get_item.html?table=menu&id=2104&_=1591237741960 HTTP/1.1" 200 952
114.84.151.157 - - [04/Jun/2020:10:29:04 +0800] "GET /xingrg/system/rest/get_item.html?table=menu&target=menu_rest&id=2104&_=1591237741980 HTTP/1.1" 200 562
114.84.151.157 - - [04/Jun/2020:10:29:04 +0800] "GET /xingrg/system/rest/get_item.html?table=menu&target=cook_mode&id=2104&_=1591237741978 HTTP/1.1" 200 8964
114.88.170.9 - - [04/Jun/2020:10:29:04 +0800] "POST /xingrg/kc/base/wldb_order_operate.html HTTP/1.1" 200 37
58.40.7.146 - - [04/Jun/2020:10:29:04 +0800] "GET /xingrg/all/function/internal_message.html?_=1591237743636&CODE_STATE=getMsg HTTP/1.1" 200 27
180.175.212.199 - - [04/Jun/2020:10:29:04 +0800] "GET /xingrg/all/function/internal_message.html?_=1591237948885&CODE_STATE=getMsg HTTP/1.1" 200 27
114.88.170.9 - - [04/Jun/2020:10:29:04 +0800] "POST /xingrg/kc/base/wldb_order_operate.html HTTP/1.1" 200 2210
114.84.151.157 - - [04/Jun/2020:10:29:04 +0800] "GET /xingrg/system/rest/get_infos.html?command=menu_img_show&id=2104 HTTP/1.1" 200 5
114.84.151.157 - - [04/Jun/2020:10:29:05 +0800] "GET /xingrg/system/rest/get_item.html?table=menu&id=2104&_=1591237743206 HTTP/1.1" 200 952
114.84.151.157 - - [04/Jun/2020:10:29:05 +0800] "GET /xingrg/system/rest/get_item.html?table=menu&target=menu_rest&id=2104&_=1591237743211 HTTP/1.1" 200 562
114.84.151.157 - - [04/Jun/2020:10:29:05 +0800] "GET /xingrg/system/rest/get_item.html?table=menu&target=cook_mode&id=2104&_=1591237743209 HTTP/1.1" 200 8964
114.88.170.9 - - [04/Jun/2020:10:29:05 +0800] "GET /xingrg/kc/base/wldb_order_info.html?code=422020060400329 HTTP/1.1" 200 30332
114.88.170.9 - - [04/Jun/2020:10:29:06 +0800] "GET /xingrg/javascript/easyui/themes/default/validatebox.css HTTP/1.1" 404 1104
114.88.170.9 - - [04/Jun/2020:10:29:06 +0800] "POST /xingrg/kc/base/wldb_order_operate.html HTTP/1.1" 200 2210
120.204.17.71 - - [04/Jun/2020:10:29:06 +0800] "GET /xingrg/login.html HTTP/1.1" 200 7641
114.84.151.157 - - [04/Jun/2020:10:29:07 +0800] "GET /xingrg/system/rest/get_item.html?table=menu&target=menu_rest_detail&id=2104&sid=11&_=1591237745402 HTTP/1.1" 200 427
114.88.170.9 - - [04/Jun/2020:10:29:11 +0800] "GET /xingrg/kc/base/wldb_order_add.html HTTP/1.1" 200 30316
114.88.170.9 - - [04/Jun/2020:10:29:12 +0800] "GET /xingrg/javascript/easyui/themes/default/validatebox.css HTTP/1.1" 404 1104
114.88.170.9 - - [04/Jun/2020:10:29:12 +0800] "POST /xingrg/kc/base/wldb_order_operate.html HTTP/1.1" 200 6806
117.131.5.26 - - [04/Jun/2020:10:29:12 +0800] "GET /xingrg/system/rest/query_items.html?_=1591237756695&table=annotate&annotateTypeId=&key=%25E8%25B5%25B7%25E7%2589%2587%25E8%2591%25B1%25E6%25B2%25B9 HTTP/1.1" 200 21
114.84.151.157 - - [04/Jun/2020:10:29:12 +0800] "GET /xingrg/system/rest/query_items.html?_=1591237750400&table=menu&page=1&rows=20&categoryId=&key=%25E4%25B8%259C%25E6%2598%259F HTTP/1.1" 200 2531
117.131.5.26 - - [04/Jun/2020:10:29:13 +0800] "GET /xingrg/system/rest/query_items.html?_=1591237757789&table=annotate&annotateTypeId=2&key=%25E8%25B5%25B7%25E7%2589%2587%25E8%2591%25B1%25E6%25B2%25B9 HTTP/1.1" 200 405
114.84.151.157 - - [04/Jun/2020:10:29:14 +0800] "GET /xingrg/system/rest/query_items.html?_=1591237752401&table=menu&page=1&rows=20&categoryId=&key=%25E4%25B8%259C%25E6%2598%259F HTTP/1.1" 200 2531
114.84.151.157 - - [04/Jun/2020:10:29:14 +0800] "GET /xingrg/all/function/internal_message.html?_=1591237739681&CODE_STATE=getMsg HTTP/1.1" 200 27
183.192.164.97 - - [04/Jun/2020:10:29:16 +0800] "GET /xingrg/all/function/internal_message.html?_=1591236949425&CODE_STATE=getMsg HTTP/1.1" 302 -
222.69.134.143 - - [04/Jun/2020:10:29:17 +0800] "GET /xingrg/all/function/internal_message.html?_=1591237751223&CODE_STATE=getMsg HTTP/1.1" 200 27
114.84.151.157 - - [04/Jun/2020:10:29:17 +0800] "GET /xingrg/system/rest/get_item.html?table=menu&id=6990&_=1591237755670 HTTP/1.1" 200 948
114.84.151.157 - - [04/Jun/2020:10:29:17 +0800] "GET /xingrg/system/rest/get_item.html?table=menu&target=cook_mode&id=6990&_=1591237755689 HTTP/1.1" 200 671
114.84.151.157 - - [04/Jun/2020:10:29:17 +0800] "GET /xingrg/system/rest/get_item.html?table=menu&target=menu_rest&id=6990&_=1591237755691 HTTP/1.1" 200 65
117.131.5.26 - - [04/Jun/2020:10:29:18 +0800] "POST /xingrg/system/rest/edit_item.html HTTP/1.1" 200 47
117.131.5.26 - - [04/Jun/2020:10:29:18 +0800] "GET /xingrg/system/rest/get_item.html?table=menu&target=cook_mode&id=2137&_=1591237762742 HTTP/1.1" 200 223
114.84.151.157 - - [04/Jun/2020:10:29:18 +0800] "GET /xingrg/system/rest/get_infos.html?command=menu_img_show&id=6990 HTTP/1.1" 200 5
117.185.32.26 - - [04/Jun/2020:10:29:18 +0800] "GET /xingrg/kc/buy/buy_main.html HTTP/1.1" 200 12412
117.185.32.26 - - [04/Jun/2020:10:29:19 +0800] "GET /xingrg/css/new_ie.css HTTP/1.1" 404 1036
58.40.7.146 - - [04/Jun/2020:10:29:19 +0800] "GET /favicon.ico HTTP/1.1" 404 -
114.88.170.9 - - [04/Jun/2020:10:29:20 +0800] "GET /xingrg/kc/base/wldb_order_operate.html?command=get_materiel&rest_code=00111&base_code=0010283&code=00101019358 HTTP/1.1" 200 462
117.185.32.26 - - [04/Jun/2020:10:29:21 +0800] "GET /xingrg/kc/report/report_main.html HTTP/1.1" 200 7345
172.17.0.100 - - [04/Jun/2020:10:29:22 +0800] "GET /xingrg/all/function/internal_message.html?_=1591237762800&CODE_STATE=getMsg HTTP/1.1" 200 27
172.17.0.100 - - [04/Jun/2020:10:29:22 +0800] "GET /xingrg/check_reg.html?_=1591237762803 HTTP/1.1" 200 22
117.185.32.26 - - [04/Jun/2020:10:29:22 +0800] "GET /xingrg/all/report/report_query.html?fileName=kc/buy/gys_amount.xml&rh=99999 HTTP/1.1" 200 52006
117.185.32.26 - - [04/Jun/2020:10:29:22 +0800] "GET /xingrg/dwr/interface/AjaxReportQueryService.js HTTP/1.1" 200 13203
117.185.32.26 - - [04/Jun/2020:10:29:22 +0800] "GET /xingrg/dwr/util.js HTTP/1.1" 304 -
117.185.32.26 - - [04/Jun/2020:10:29:22 +0800] "GET /xingrg/dwr/engine.js HTTP/1.1" 200 43631
117.185.32.26 - - [04/Jun/2020:10:29:23 +0800] "POST /xingrg/dwr/call/plaincall/AjaxReportQueryService.getFixDate.dwr HTTP/1.1" 200 111
114.86.190.97 - - [04/Jun/2020:10:29:23 +0800] "GET /xingrg/system/rest/query_items.html?_=1591237762115&table=menu&page=1&rows=20&categoryId=&key=%25E8%2580%2581%25E8%2599%258E%25E6%2596%2591 HTTP/1.1" 200 2495
117.185.32.26 - - [04/Jun/2020:10:29:23 +0800] "POST /xingrg/all/common/load_tree.html?tree=supplier_tree_json&manage=1 HTTP/1.1" 200 49067
114.88.170.9 - - [04/Jun/2020:10:29:23 +0800] "POST /xingrg/kc/base/wldb_order_operate.html HTTP/1.1" 200 37
114.88.170.9 - - [04/Jun/2020:10:29:24 +0800] "POST /xingrg/kc/base/wldb_order_operate.html HTTP/1.1" 200 2205
117.185.32.26 - - [04/Jun/2020:10:29:24 +0800] "POST /xingrg/all/common/load_tree.html?tree=materiel_sort_tree_json HTTP/1.1" 200 8666
117.185.32.26 - - [04/Jun/2020:10:29:24 +0800] "POST /xingrg/dwr/call/plaincall/AjaxReportQueryService.getInitString.dwr HTTP/1.1" 200 975
114.88.170.9 - - [04/Jun/2020:10:29:24 +0800] "GET /xingrg/kc/base/wldb_order_info.html?code=422020060400330 HTTP/1.1" 200 30331
114.88.170.9 - - [04/Jun/2020:10:29:25 +0800] "GET /xingrg/javascript/easyui/themes/default/validatebox.css HTTP/1.1" 404 1104
114.88.170.9 - - [04/Jun/2020:10:29:25 +0800] "POST /xingrg/kc/base/wldb_order_operate.html HTTP/1.1" 200 2205
114.86.190.97 - - [04/Jun/2020:10:29:25 +0800] "GET /xingrg/system/rest/query_items.html?_=1591237764110&table=menu&page=1&rows=20&categoryId=&key=%25E8%2580%2581%25E8%2599%258E%25E6%2596%2591 HTTP/1.1" 200 2495
114.86.190.97 - - [04/Jun/2020:10:29:25 +0800] "GET /xingrg/system/rest/get_item.html?table=menu&id=1909&_=1591237764547 HTTP/1.1" 200 941
114.86.190.97 - - [04/Jun/2020:10:29:25 +0800] "GET /xingrg/system/rest/get_item.html?table=menu&target=menu_rest&id=1909&_=1591237764564 HTTP/1.1" 200 864
114.86.190.97 - - [04/Jun/2020:10:29:25 +0800] "GET /xingrg/system/rest/get_item.html?table=menu&target=cook_mode&id=1909&_=1591237764563 HTTP/1.1" 200 11347
180.175.212.199 - - [04/Jun/2020:10:29:25 +0800] "GET /xingrg/kc/buy/cgsh_order_operate.html?command=get_materiel&rest_code=00102&code=00101015032&supplier_code=00100054&order_time=2020-06-04 HTTP/1.1" 200 419
183.192.164.97 - - [04/Jun/2020:10:29:26 +0800] "GET /xingrg/login.html HTTP/1.1" 200 7641
114.86.190.97 - - [04/Jun/2020:10:29:26 +0800] "GET /xingrg/system/rest/get_infos.html?command=menu_img_show&id=1909 HTTP/1.1" 200 5
116.230.77.149 - - [04/Jun/2020:10:29:26 +0800] "GET /xingrg/kc/buy/cgsh_order_operate.html?command=get_materiel&rest_code=00107&code=00101010463&supplier_code=00100323&order_time=2020-06-04 HTTP/1.1" 200 399
117.185.32.26 - - [04/Jun/2020:10:29:26 +0800] "POST /xingrg/dwr/call/plaincall/AjaxReportQueryService.getFixDate.dwr HTTP/1.1" 200 111
117.131.5.26 - - [04/Jun/2020:10:29:27 +0800] "POST /xingrg/system/rest/edit_item.html HTTP/1.1" 200 4
117.131.5.26 - - [04/Jun/2020:10:29:27 +0800] "GET /xingrg/system/rest/get_item.html?table=menu&target=cook_mode&id=2137&_=1591237772304 HTTP/1.1" 200 392
114.86.190.97 - - [04/Jun/2020:10:29:27 +0800] "GET /xingrg/system/rest/get_item.html?table=menu&target=menu_rest_detail&id=1909&sid=14&_=1591237766739 HTTP/1.1" 200 428
172.17.0.185 - - [04/Jun/2020:10:29:29 +0800] "GET /xingrg/all/function/internal_message.html?_=1591237767003&CODE_STATE=getMsg HTTP/1.1" 200 27
117.131.5.26 - - [04/Jun/2020:10:29:30 +0800] "GET /favicon.ico HTTP/1.1" 404 -
117.131.5.26 - - [04/Jun/2020:10:29:30 +0800] "GET /xingrg/system/rest/query_items.html?_=1591237774898&table=annotate&annotateTypeId=&key= HTTP/1.1" 200 21
114.88.170.9 - - [04/Jun/2020:10:29:30 +0800] "GET /xingrg/kc/base/wldb_order_add.html HTTP/1.1" 200 30316
114.88.170.9 - - [04/Jun/2020:10:29:31 +0800] "GET /xingrg/javascript/easyui/themes/default/validatebox.css HTTP/1.1" 404 1104
114.88.170.9 - - [04/Jun/2020:10:29:31 +0800] "POST /xingrg/kc/base/wldb_order_operate.html HTTP/1.1" 200 6806
114.84.151.157 - - [04/Jun/2020:10:29:31 +0800] "GET /xingrg/all/function/internal_message.html?_=1591237769737&CODE_STATE=getMsg HTTP/1.1" 200 27
114.88.170.9 - - [04/Jun/2020:10:29:32 +0800] "GET /xingrg/all/function/internal_message.html?_=1591237769783&CODE_STATE=getMsg HTTP/1.1" 200 27
114.86.190.97 - - [04/Jun/2020:10:29:33 +0800] "POST /xingrg/system/rest/edit_item.html HTTP/1.1" 200 4
114.86.190.97 - - [04/Jun/2020:10:29:33 +0800] "GET /xingrg/system/rest/get_item.html?table=menu&target=menu_rest&id=1909&_=1591237772126 HTTP/1.1" 200 863
180.175.212.199 - - [04/Jun/2020:10:29:33 +0800] "POST /xingrg/kc/buy/cgsh_order_operate.html HTTP/1.1" 200 37
180.175.212.199 - - [04/Jun/2020:10:29:35 +0800] "POST /xingrg/kc/buy/cgsh_order_operate.html HTTP/1.1" 200 12
61.172.5.115 - - [04/Jun/2020:10:29:35 +0800] "GET /xingrg/all/function/internal_message.html?_=1591237776397&CODE_STATE=getMsg HTTP/1.1" 302 -
180.175.212.199 - - [04/Jun/2020:10:29:36 +0800] "GET /xingrg/kc/buy/cgsh_order_info.html?code=212020060401118 HTTP/1.1" 200 53545
180.175.212.199 - - [04/Jun/2020:10:29:36 +0800] "GET /xingrg/javascript/easyui/themes/default/validatebox.css HTTP/1.1" 404 1104
180.175.212.199 - - [04/Jun/2020:10:29:37 +0800] "POST /xingrg/kc/buy/cgsh_order_operate.html HTTP/1.1" 200 3540
114.88.170.9 - - [04/Jun/2020:10:29:37 +0800] "GET /xingrg/login.html HTTP/1.1" 200 7641
180.175.212.199 - - [04/Jun/2020:10:29:39 +0800] "GET /xingrg/kc/print/load_config.html?kc_code=cgsh HTTP/1.1" 200 1845
114.88.170.9 - - [04/Jun/2020:10:29:39 +0800] "GET /favicon.ico HTTP/1.1" 404 -
180.175.212.199 - - [04/Jun/2020:10:29:39 +0800] "GET /xingrg/kc/print/load_data.html?order_code=212020060401118&kc_code=cgsh&condition= HTTP/1.1" 200 1784
114.88.170.9 - - [04/Jun/2020:10:29:39 +0800] "GET /xingrg/all/function/internal_message.html?_=1591237775880&CODE_STATE=getMsg HTTP/1.1" 200 27
114.86.190.97 - - [04/Jun/2020:10:29:44 +0800] "GET /xingrg/check_reg.html?_=1591237782859 HTTP/1.1" 200 22
114.86.190.97 - - [04/Jun/2020:10:29:44 +0800] "GET /xingrg/all/function/internal_message.html?_=1591237782863&CODE_STATE=getMsg HTTP/1.1" 200 27
117.131.5.26 - - [04/Jun/2020:10:29:44 +0800] "GET /xingrg/system/rest/query_items.html?_=1591237788726&table=annotate&annotateTypeId=&key=%25E6%25B2%25B9%25E6%25B5%25B8 HTTP/1.1" 200 21
117.131.5.26 - - [04/Jun/2020:10:29:45 +0800] "GET /xingrg/system/rest/query_items.html?_=1591237789867&table=annotate&annotateTypeId=2&key=%25E6%25B2%25B9%25E6%25B5%25B8 HTTP/1.1" 200 207
117.131.5.26 - - [04/Jun/2020:10:29:45 +0800] "GET /xingrg/check_reg.html?_=1591238057218 HTTP/1.1" 200 22
120.253.135.82 - - [04/Jun/2020:10:29:46 +0800] "GET /xingrg/all/function/internal_message.html?_=1591237917821&CODE_STATE=getMsg HTTP/1.1" 200 27
114.88.170.9 - - [04/Jun/2020:10:29:46 +0800] "GET /xingrg/kc/base/wldb_order_operate.html?command=get_materiel&rest_code=00111&base_code=0010306&code=00102002029 HTTP/1.1" 200 454
117.131.5.26 - - [04/Jun/2020:10:29:46 +0800] "GET /xingrg/all/function/internal_message.html?_=1591238057978&CODE_STATE=getMsg HTTP/1.1" 200 27
117.131.5.26 - - [04/Jun/2020:10:29:46 +0800] "POST /xingrg/system/rest/edit_item.html HTTP/1.1" 200 42
117.131.5.26 - - [04/Jun/2020:10:29:46 +0800] "GET /xingrg/system/rest/get_item.html?table=menu&target=cook_mode&id=2137&_=1591237791133 HTTP/1.1" 200 540
114.84.151.157 - - [04/Jun/2020:10:29:46 +0800] "GET /xingrg/system/rest/query_items.html?_=1591237784681&table=menu&page=1&rows=20&categoryId=&key=%25E5%25B8%259D%25E7%258E%258B HTTP/1.1" 200 995
120.253.135.82 - - [04/Jun/2020:10:29:47 +0800] "GET /xingrg/all/function/internal_message.html?_=1591237865534&CODE_STATE=getMsg HTTP/1.1" 200 27
114.84.151.157 - - [04/Jun/2020:10:29:47 +0800] "GET /xingrg/system/rest/query_items.html?_=1591237785625&table=menu&page=1&rows=20&categoryId=&key=%25E5%25B8%259D%25E7%258E%258B HTTP/1.1" 200 995
114.84.151.157 - - [04/Jun/2020:10:29:48 +0800] "GET /xingrg/system/rest/get_item.html?table=menu&id=2023&_=1591237786091 HTTP/1.1" 200 953
114.84.151.157 - - [04/Jun/2020:10:29:48 +0800] "GET /xingrg/system/rest/get_item.html?table=menu&target=menu_rest&id=2023&_=1591237786113 HTTP/1.1" 200 956
114.84.151.157 - - [04/Jun/2020:10:29:48 +0800] "GET /xingrg/system/rest/get_item.html?table=menu&target=cook_mode&id=2023&_=1591237786112 HTTP/1.1" 200 28163
114.84.33.255 - - [04/Jun/2020:10:29:48 +0800] "GET /xingrg/all/function/internal_message.html?_=1591237801922&CODE_STATE=getMsg HTTP/1.1" 200 27
116.233.77.16 - - [04/Jun/2020:10:29:48 +0800] "GET /xingrg/all/function/internal_message.html?_=1591237878765&CODE_STATE=getMsg HTTP/1.1" 200 27
114.84.151.157 - - [04/Jun/2020:10:29:49 +0800] "GET /xingrg/system/rest/get_infos.html?command=menu_img_show&id=2023 HTTP/1.1" 200 5
114.84.151.157 - - [04/Jun/2020:10:29:51 +0800] "GET /xingrg/system/rest/get_item.html?table=menu&target=menu_rest_detail&id=2023&sid=11&_=1591237788994 HTTP/1.1" 200 428
114.84.32.201 - - [04/Jun/2020:10:29:51 +0800] "GET /xingrg/all/function/internal_message.html?_=1591237791937&CODE_STATE=getMsg HTTP/1.1" 200 27
114.88.170.9 - - [04/Jun/2020:10:29:51 +0800] "POST /xingrg/login.do HTTP/1.1" 302 -
114.88.170.9 - - [04/Jun/2020:10:29:51 +0800] "GET /xingrg/index.html?sysBaseUrl=http%3A%2F%2F180.169.147.146%3A18081%2Fxingrg%2F&costTime=40×tamp=1591237791724 HTTP/1.1" 200 17413
114.88.170.9 - - [04/Jun/2020:10:29:52 +0800] "GET /favicon.ico HTTP/1.1" 404 -
114.88.170.9 - - [04/Jun/2020:10:29:52 +0800] "POST /xingrg/all/common/load_tree.html?tree=area_rest_tree_json&manage=1 HTTP/1.1" 200 342
117.185.32.26 - - [04/Jun/2020:10:29:52 +0800] "GET /xingrg/all/function/internal_message.html?_=1591237789110&CODE_STATE=getMsg HTTP/1.1" 200 27
114.88.170.9 - - [04/Jun/2020:10:29:52 +0800] "GET /xingrg/all/function/internal_message.html?_=1591237785312&CODE_STATE=count HTTP/1.1" 200 11
114.88.170.9 - - [04/Jun/2020:10:29:52 +0800] "GET /xingrg/check_reg.html?_=1591237785313 HTTP/1.1" 200 22
114.88.170.9 - - [04/Jun/2020:10:29:52 +0800] "POST /xingrg/load_menu.html HTTP/1.1" 200 9959
114.88.170.9 - - [04/Jun/2020:10:29:52 +0800] "POST /xingrg/kc/base/wldb_order_operate.html HTTP/1.1" 200 37
114.88.170.9 - - [04/Jun/2020:10:29:53 +0800] "POST /xingrg/kc/base/wldb_order_operate.html HTTP/1.1" 200 2219
114.88.170.9 - - [04/Jun/2020:10:29:53 +0800] "GET /xingrg/kc/base/wldb_order_info.html?code=422020060400331 HTTP/1.1" 200 30328
114.88.170.9 - - [04/Jun/2020:10:29:53 +0800] "GET /xingrg/javascript/easyui/themes/default/validatebox.css HTTP/1.1" 404 1104
114.86.190.97 - - [04/Jun/2020:10:29:53 +0800] "GET /xingrg/system/rest/query_items.html?_=1591237792678&table=menu&page=1&rows=20&categoryId=&key=%25E8%258A%25B1%25E8%259E%25BA HTTP/1.1" 200 298
114.88.170.9 - - [04/Jun/2020:10:29:53 +0800] "POST /xingrg/kc/base/wldb_order_operate.html HTTP/1.1" 200 2219
114.88.170.9 - - [04/Jun/2020:10:29:55 +0800] "POST /xingrg/load_menu.html HTTP/1.1" 200 10168
114.86.190.97 - - [04/Jun/2020:10:29:55 +0800] "GET /xingrg/system/rest/query_items.html?_=1591237794515&table=menu&page=1&rows=20&categoryId=&key=%25E8%258A%25B1%25E8%259E%25BA HTTP/1.1" 200 298
114.86.190.97 - - [04/Jun/2020:10:29:56 +0800] "GET /xingrg/system/rest/get_item.html?table=menu&id=2054&_=1591237794981 HTTP/1.1" 200 1007
114.86.190.97 - - [04/Jun/2020:10:29:56 +0800] "GET /xingrg/system/rest/get_item.html?table=menu&target=menu_rest&id=2054&_=1591237794999 HTTP/1.1" 200 775
114.86.190.97 - - [04/Jun/2020:10:29:56 +0800] "GET /xingrg/system/rest/get_item.html?table=menu&target=cook_mode&id=2054&_=1591237794997 HTTP/1.1" 200 10645
116.230.77.149 - - [04/Jun/2020:10:29:56 +0800] "GET /xingrg/kc/buy/cgsh_order_operate.html?command=get_materiel&rest_code=00107&code=00101006047&supplier_code=00100323&order_time=2020-06-04 HTTP/1.1" 200 413
114.86.190.97 - - [04/Jun/2020:10:29:56 +0800] "GET /xingrg/system/rest/get_infos.html?command=menu_img_show&id=2054 HTTP/1.1" 200 5
116.230.77.149 - - [04/Jun/2020:10:29:57 +0800] "GET /xingrg/check_reg.html?_=1591237790126 HTTP/1.1" 200 22
114.84.151.157 - - [04/Jun/2020:10:29:57 +0800] "POST /xingrg/system/rest/edit_item.html HTTP/1.1" 200 4
114.84.151.157 - - [04/Jun/2020:10:29:57 +0800] "GET /xingrg/system/rest/get_item.html?table=menu&target=menu_rest&id=2023&_=1591237795196 HTTP/1.1" 200 956
117.131.5.26 - - [04/Jun/2020:10:29:58 +0800] "POST /xingrg/system/rest/edit_item.html HTTP/1.1" 200 4
117.131.5.26 - - [04/Jun/2020:10:29:58 +0800] "GET /xingrg/system/rest/get_item.html?table=menu&target=cook_mode&id=2137&_=1591237803054 HTTP/1.1" 200 704
114.88.170.9 - - [04/Jun/2020:10:29:58 +0800] "GET /xingrg/all/report/report_query.html?fileName=dma/new_5.0/yingye/order_list.xml HTTP/1.1" 200 55281
114.88.170.9 - - [04/Jun/2020:10:29:58 +0800] "GET /xingrg/dwr/interface/AjaxReportQueryService.js HTTP/1.1" 200 13203
114.88.170.9 - - [04/Jun/2020:10:29:59 +0800] "GET /xingrg/dwr/util.js HTTP/1.1" 304 -
114.88.170.9 - - [04/Jun/2020:10:29:59 +0800] "GET /xingrg/dwr/engine.js HTTP/1.1" 200 43631
114.88.170.9 - - [04/Jun/2020:10:29:59 +0800] "POST /xingrg/dwr/call/plaincall/AjaxReportQueryService.getFixDate.dwr HTTP/1.1" 200 111
114.88.170.9 - - [04/Jun/2020:10:29:59 +0800] "POST /xingrg/all/common/load_tree.html?tree=area_station_tree_json&manage=1 HTTP/1.1" 200 338
114.88.170.9 - - [04/Jun/2020:10:29:59 +0800] "POST /xingrg/dwr/call/plaincall/AjaxReportQueryService.getInitString.dwr HTTP/1.1" 200 76
114.86.190.97 - - [04/Jun/2020:10:29:59 +0800] "GET /xingrg/system/rest/get_item.html?table=menu&target=menu_rest_detail&id=2054&sid=14&_=1591237798757 HTTP/1.1" 200 427
116.230.77.149 - - [04/Jun/2020:10:30:00 +0800] "GET /xingrg/all/function/internal_message.html?_=1591237793422&CODE_STATE=getMsg HTTP/1.1" 200 27
114.84.33.255 - - [04/Jun/2020:10:30:01 +0800] "GET /xingrg/all/function/internal_message.html?_=1591237811366&CODE_STATE=getMsg HTTP/1.1" 200 27
117.131.5.26 - - [04/Jun/2020:10:30:01 +0800] "GET /favicon.ico HTTP/1.1" 404 -
117.131.5.26 - - [04/Jun/2020:10:30:01 +0800] "GET /xingrg/system/rest/query_items.html?_=1591237806054&table=annotate&annotateTypeId=&key= HTTP/1.1" 200 21
180.162.232.172 - - [04/Jun/2020:10:30:02 +0800] "GET /xingrg/all/function/internal_message.html?_=1591237935807&CODE_STATE=getMsg HTTP/1.1" 200 27
58.40.7.146 - - [04/Jun/2020:10:30:04 +0800] "GET /xingrg/all/function/internal_message.html?_=1591237803639&CODE_STATE=getMsg HTTP/1.1" 200 27
58.40.7.146 - - [04/Jun/2020:10:30:04 +0800] "GET /xingrg/check_reg.html?_=1591237803641 HTTP/1.1" 200 22
180.175.212.199 - - [04/Jun/2020:10:30:05 +0800] "GET /xingrg/all/function/internal_message.html?_=1591238008988&CODE_STATE=getMsg HTTP/1.1" 200 27
114.88.170.9 - - [04/Jun/2020:10:30:06 +0800] "GET /xingrg/kc/base/wldb_order_add.html HTTP/1.1" 200 30316
114.88.170.9 - - [04/Jun/2020:10:30:06 +0800] "GET /xingrg/javascript/easyui/themes/default/validatebox.css HTTP/1.1" 404 1104
114.88.170.9 - - [04/Jun/2020:10:30:06 +0800] "POST /xingrg/kc/base/wldb_order_operate.html HTTP/1.1" 200 6806
114.86.190.97 - - [04/Jun/2020:10:30:07 +0800] "GET /xingrg/system/rest/query_items.html?_=1591237806125&table=menu&page=1&rows=20&categoryId=&key=%25E6%25AF%258D%25E5%258D%25B7 HTTP/1.1" 200 4584
114.86.190.97 - - [04/Jun/2020:10:30:11 +0800] "GET /xingrg/system/rest/query_items.html?_=1591237810131&table=menu&page=1&rows=20&categoryId=&key=%25E6%25AF%258D%25E5%258D%25B7 HTTP/1.1" 200 4584
180.175.212.199 - - [04/Jun/2020:10:30:11 +0800] "POST /xingrg/kc/buy/cgsh_list_operate.html HTTP/1.1" 200 5731
114.86.190.97 - - [04/Jun/2020:10:30:12 +0800] "GET /xingrg/system/rest/get_item.html?table=menu&id=2084&_=1591237810902 HTTP/1.1" 200 971
114.86.190.97 - - [04/Jun/2020:10:30:12 +0800] "GET /xingrg/system/rest/get_item.html?table=menu&target=menu_rest&id=2084&_=1591237810922 HTTP/1.1" 200 1143
114.86.190.97 - - [04/Jun/2020:10:30:12 +0800] "GET /xingrg/system/rest/get_item.html?table=menu&target=cook_mode&id=2084&_=1591237810921 HTTP/1.1" 200 9679
117.131.5.26 - - [04/Jun/2020:10:30:12 +0800] "GET /xingrg/system/rest/query_items.html?_=1591237817101&table=annotate&annotateTypeId=&key=%25E6%25B8%2585%25E8%2592%25B8 HTTP/1.1" 200 21
114.86.190.97 - - [04/Jun/2020:10:30:12 +0800] "GET /xingrg/system/rest/get_infos.html?command=menu_img_show&id=2084 HTTP/1.1" 200 5
116.230.77.149 - - [04/Jun/2020:10:30:12 +0800] "GET /xingrg/kc/buy/cgsh_order_operate.html?command=get_materiel&rest_code=00107&code=00101012033&supplier_code=00100323&order_time=2020-06-04 HTTP/1.1" 200 427
114.86.190.97 - - [04/Jun/2020:10:30:14 +0800] "GET /xingrg/system/rest/get_item.html?table=menu&target=menu_rest_detail&id=2084&sid=14&_=1591237813292 HTTP/1.1" 200 426
117.131.5.26 - - [04/Jun/2020:10:30:14 +0800] "GET /xingrg/system/rest/query_items.html?_=1591237819289&table=annotate&annotateTypeId=2&key=%25E6%25B8%2585%25E8%2592%25B8 HTTP/1.1" 200 207
114.84.151.157 - - [04/Jun/2020:10:30:14 +0800] "GET /xingrg/all/function/internal_message.html?_=1591237799694&CODE_STATE=getMsg HTTP/1.1" 200 27
117.131.5.26 - - [04/Jun/2020:10:30:16 +0800] "POST /xingrg/system/rest/edit_item.html HTTP/1.1" 200 42
117.131.5.26 - - [04/Jun/2020:10:30:16 +0800] "GET /xingrg/system/rest/get_item.html?table=menu&target=cook_mode&id=2137&_=1591237820633 HTTP/1.1" 200 852
222.69.134.143 - - [04/Jun/2020:10:30:17 +0800] "GET /xingrg/all/function/internal_message.html?_=1591237811214&CODE_STATE=getMsg HTTP/1.1" 200 27
114.88.170.9 - - [04/Jun/2020:10:30:17 +0800] "POST /xingrg/dwr/call/plaincall/AjaxReportQueryService.queryInitializeString.dwr HTTP/1.1" 200 267
114.88.170.9 - - [04/Jun/2020:10:30:19 +0800] "POST /xingrg/dwr/call/plaincall/AjaxReportQueryService.refreshCache.dwr HTTP/1.1" 200 78
114.86.190.97 - - [04/Jun/2020:10:30:19 +0800] "POST /xingrg/system/rest/edit_item.html HTTP/1.1" 200 4
114.86.190.97 - - [04/Jun/2020:10:30:19 +0800] "GET /xingrg/system/rest/get_item.html?table=menu&target=menu_rest&id=2084&_=1591237818638 HTTP/1.1" 200 1143
114.88.170.9 - - [04/Jun/2020:10:30:20 +0800] "POST /xingrg/all/report/load_report_page.html HTTP/1.1" 200 53844
114.88.170.9 - - [04/Jun/2020:10:30:20 +0800] "GET /xingrg/servlets/image?cache=0.4374743865608848&image=px HTTP/1.1" 200 807
117.185.32.26 - - [04/Jun/2020:10:30:20 +0800] "POST /xingrg/dwr/call/plaincall/AjaxReportQueryService.refreshCache.dwr HTTP/1.1" 200 78
117.185.32.26 - - [04/Jun/2020:10:30:21 +0800] "POST /xingrg/all/report/load_report_page.html HTTP/1.1" 200 8920
117.185.32.26 - - [04/Jun/2020:10:30:21 +0800] "GET /xingrg/servlets/image?cache=0.5697845126707791&image=px HTTP/1.1" 200 807
172.17.0.100 - - [04/Jun/2020:10:30:22 +0800] "GET /xingrg/all/function/internal_message.html?_=1591237822806&CODE_STATE=getMsg HTTP/1.1" 200 27
114.88.170.9 - - [04/Jun/2020:10:30:22 +0800] "POST /xingrg/all/report/load_report_page.html HTTP/1.1" 200 41902
114.88.170.9 - - [04/Jun/2020:10:30:22 +0800] "GET /xingrg/servlets/image?cache=0.25289932369677903&image=px HTTP/1.1" 200 807
117.185.32.26 - - [04/Jun/2020:10:30:23 +0800] "GET /xingrg/all/report/report_query.html?isQuery=1&fileName=kc/buy/wlcg_cate_hz.xml&queryString=(CONVERT(char(10)%252Ca.order_time%252C%2520120)%253E%253D'2020-05-01')%2520and%2520(CONVERT(char(10)%252Ca.order_time%252C%2520120)%253C%253D'2020-05-31')%2520and%2520(a.supplier_code%2520in%2520('00100050'))%2520and%2520(a.supplier_code%253D'00100050')&queryText=%25E3%2580%2590%25E9%2587%2587%25E8%25B4%25AD%25E6%2597%25A5%25E6%259C%259F%253A2020-05-01%2520%25E8%2587%25B3%25202020-05-31%25E3%2580%2591%2520%25E5%25B9%25B6%25E4%25B8%2594%2520%2520%25E3%2580%2590%25E4%25BE%259B%25E5%25BA%2594%25E5%2595%2586%2520%253D%2520%25E9%25B8%25A1%25E8%259B%258B%25EF%25BC%2588%25E6%259C%25B1%25E7%25BA%25A2%25E9%25BE%2599%25EF%25BC%2589%25E3%2580%2591%2520%25E5%25B9%25B6%25E4%25B8%2594%2520%25E3%2580%2590%25E4%25BE%259B%25E5%25BA%2594%25E5%2595%2586%253D%25E9%25B8%25A1%25E8%259B%258B%25EF%25BC%2588%25E6%259C%25B1%25E7%25BA%25A2%25E9%25BE%2599%25EF%25BC%2589%25E3%2580%2591 HTTP/1.1" 200 54465
117.185.32.26 - - [04/Jun/2020:10:30:23 +0800] "GET /xingrg/dwr/interface/AjaxReportQueryService.js HTTP/1.1" 200 13203
117.185.32.26 - - [04/Jun/2020:10:30:24 +0800] "GET /xingrg/dwr/engine.js HTTP/1.1" 200 43631
180.175.212.199 - - [04/Jun/2020:10:30:25 +0800] "POST /xingrg/kc/buy/cgsh_list_operate.html HTTP/1.1" 200 549
117.131.5.26 - - [04/Jun/2020:10:30:25 +0800] "POST /xingrg/system/rest/edit_item.html HTTP/1.1" 200 4
117.131.5.26 - - [04/Jun/2020:10:30:25 +0800] "GET /xingrg/system/rest/get_item.html?table=menu&target=cook_mode&id=2137&_=1591237830117 HTTP/1.1" 200 1016
117.185.32.26 - - [04/Jun/2020:10:30:25 +0800] "POST /xingrg/all/report/load_report_page.html HTTP/1.1" 200 8712
117.185.32.26 - - [04/Jun/2020:10:30:25 +0800] "GET /xingrg/servlets/image?cache=0.6154144259193568&image=px HTTP/1.1" 200 807
180.175.212.199 - - [04/Jun/2020:10:30:26 +0800] "GET /xingrg/kc/buy/cgsh_order_info.html?code=212020060301074 HTTP/1.1" 200 53547
180.175.212.199 - - [04/Jun/2020:10:30:26 +0800] "GET /xingrg/javascript/easyui/themes/default/validatebox.css HTTP/1.1" 404 1104
180.175.212.199 - - [04/Jun/2020:10:30:26 +0800] "POST /xingrg/kc/buy/cgsh_order_operate.html HTTP/1.1" 200 3075
114.86.190.97 - - [04/Jun/2020:10:30:27 +0800] "GET /xingrg/system/rest/query_items.html?_=1591237826573&table=menu&page=1&rows=20&categoryId=&key=%25E6%25A2%2585%25E5%25AD%2590%25E9%25B1%25BC HTTP/1.1" 200 325
117.185.32.26 - - [04/Jun/2020:10:30:28 +0800] "POST /xingrg/all/report/load_report_page.html HTTP/1.1" 200 19788
117.185.32.26 - - [04/Jun/2020:10:30:28 +0800] "GET /xingrg/servlets/image?cache=0.6442616980369296&image=px HTTP/1.1" 200 807
117.131.5.26 - - [04/Jun/2020:10:30:28 +0800] "POST /xingrg/system/rest/edit_item.html HTTP/1.1" 200 4
117.131.5.26 - - [04/Jun/2020:10:30:28 +0800] "GET /xingrg/system/rest/get_item.html?table=menu&id=2137&_=1591237833414 HTTP/1.1" 200 941
172.17.0.185 - - [04/Jun/2020:10:30:29 +0800] "GET /xingrg/all/function/internal_message.html?_=1591237827026&CODE_STATE=getMsg HTTP/1.1" 200 27
114.86.190.97 - - [04/Jun/2020:10:30:29 +0800] "GET /xingrg/system/rest/query_items.html?_=1591237828146&table=menu&page=1&rows=20&categoryId=&key=%25E6%25A2%2585%25E5%25AD%2590%25E9%25B1%25BC HTTP/1.1" 200 325
114.86.190.97 - - [04/Jun/2020:10:30:29 +0800] "GET /xingrg/system/rest/get_item.html?table=menu&id=1954&_=1591237828587 HTTP/1.1" 200 1027
114.86.190.97 - - [04/Jun/2020:10:30:29 +0800] "GET /xingrg/system/rest/get_item.html?table=menu&target=menu_rest&id=1954&_=1591237828605 HTTP/1.1" 200 877
114.86.190.97 - - [04/Jun/2020:10:30:29 +0800] "GET /xingrg/system/rest/get_item.html?table=menu&target=cook_mode&id=1954&_=1591237828603 HTTP/1.1" 200 6954
114.86.190.97 - - [04/Jun/2020:10:30:30 +0800] "GET /xingrg/system/rest/get_infos.html?command=menu_img_show&id=1954 HTTP/1.1" 200 5
116.230.77.149 - - [04/Jun/2020:10:30:30 +0800] "GET /xingrg/kc/buy/cgsh_order_operate.html?command=get_materiel&rest_code=00107&code=00101013075&supplier_code=00100323&order_time=2020-06-04 HTTP/1.1" 200 418
