114.84.33.255 - - [04/Jun/2020:08:36:20 +0800] "GET /xingrg/javascript/jquery_easy_ui/themes/icon.css HTTP/1.1" 304 -
114.84.33.255 - - [04/Jun/2020:08:36:20 +0800] "GET /xingrg/index.html?sysBaseUrl=http%3A%2F%2F180.169.147.146%3A18081%2Fxingrg%2F&costTime=38×tamp=1591230980133 HTTP/1.1" 200 17179
114.84.33.255 - - [04/Jun/2020:08:36:20 +0800] "GET /xingrg/css/form.css HTTP/1.1" 304 -
114.84.33.255 - - [04/Jun/2020:08:36:20 +0800] "GET /xingrg/javascript/jquery-1.4.2.min.js HTTP/1.1" 304 -
114.84.33.255 - - [04/Jun/2020:08:36:20 +0800] "GET /xingrg/javascript/jquery_easy_ui/jquery.easyui.min.js HTTP/1.1" 304 -
114.84.33.255 - - [04/Jun/2020:08:36:20 +0800] "GET /xingrg/javascript/jquery_easy_ui/easyui-lang-zh_CN.js HTTP/1.1" 304 -
114.84.33.255 - - [04/Jun/2020:08:36:20 +0800] "GET /xingrg/javascript/jquery.form.js HTTP/1.1" 304 -
114.84.33.255 - - [04/Jun/2020:08:36:20 +0800] "GET /xingrg/javascript/jquery.timers.js HTTP/1.1" 304 -
114.84.33.255 - - [04/Jun/2020:08:36:20 +0800] "GET /xingrg/javascript/jquery.utils.js HTTP/1.1" 304 -
114.84.33.255 - - [04/Jun/2020:08:36:20 +0800] "GET /xingrg/images/blue/navBackgound.jpg HTTP/1.1" 304 -
114.84.33.255 - - [04/Jun/2020:08:36:20 +0800] "GET /xingrg/javascript/jquery_easy_ui/themes/icons/settle_new.png HTTP/1.1" 304 -
114.84.33.255 - - [04/Jun/2020:08:36:20 +0800] "POST /xingrg/all/common/load_tree.html?tree=area_rest_tree_json&manage=1 HTTP/1.1" 200 351
114.84.33.255 - - [04/Jun/2020:08:36:20 +0800] "GET /xingrg/images/blue/pingpu.png HTTP/1.1" 304 -
114.84.33.255 - - [04/Jun/2020:08:36:20 +0800] "GET /xingrg/javascript/jquery_easy_ui/themes/default/images/tabs_leftarrow.png HTTP/1.1" 304 -
114.84.33.255 - - [04/Jun/2020:08:36:20 +0800] "GET /xingrg/javascript/jquery_easy_ui/themes/default/images/tabs_rightarrow.png HTTP/1.1" 304 -
114.84.33.255 - - [04/Jun/2020:08:36:20 +0800] "GET /xingrg/javascript/jquery_easy_ui/themes/default/images/panel_tool_collapse.gif HTTP/1.1" 304 -
114.84.33.255 - - [04/Jun/2020:08:36:20 +0800] "GET /xingrg/all/function/internal_message.html?_=1591230990272&CODE_STATE=count HTTP/1.1" 200 11
114.84.33.255 - - [04/Jun/2020:08:36:20 +0800] "GET /xingrg/check_reg.html?_=1591230990274 HTTP/1.1" 200 22
114.84.33.255 - - [04/Jun/2020:08:36:20 +0800] "GET /favicon.ico HTTP/1.1" 404 -
114.84.33.255 - - [04/Jun/2020:08:36:20 +0800] "GET /xingrg/javascript/jquery_easy_ui/themes/default/images/tree_arrows.gif HTTP/1.1" 304 -
114.84.33.255 - - [04/Jun/2020:08:36:20 +0800] "POST /xingrg/load_menu.html HTTP/1.1" 200 5138
114.84.33.255 - - [04/Jun/2020:08:36:20 +0800] "GET /xingrg/javascript/jquery_easy_ui/themes/default/images/tree_folder_open.gif HTTP/1.1" 304 -
114.84.33.255 - - [04/Jun/2020:08:36:20 +0800] "GET /xingrg/javascript/jquery_easy_ui/themes/icons/search_new.png HTTP/1.1" 304 -
114.84.33.255 - - [04/Jun/2020:08:36:20 +0800] "GET /xingrg/javascript/jquery_easy_ui/themes/default/images/tree_folder.gif HTTP/1.1" 304 -
114.84.33.255 - - [04/Jun/2020:08:36:20 +0800] "GET /xingrg/javascript/jquery_easy_ui/themes/icons/storage_new.png HTTP/1.1" 304 -
114.84.33.255 - - [04/Jun/2020:08:36:20 +0800] "GET /xingrg/javascript/jquery_easy_ui/themes/default/images/tree_file.gif HTTP/1.1" 304 -
114.84.33.255 - - [04/Jun/2020:08:36:20 +0800] "GET /xingrg/javascript/jquery_easy_ui/themes/icons/forms_new.png HTTP/1.1" 304 -
222.69.134.143 - - [04/Jun/2020:08:36:21 +0800] "GET /xingrg/kc/buy/cgsh_order_list.html HTTP/1.1" 200 43002
114.84.33.255 - - [04/Jun/2020:08:36:21 +0800] "GET /xingrg/javascript/jquery_easy_ui/themes/default/images/tabs_close.gif HTTP/1.1" 304 -
114.84.33.255 - - [04/Jun/2020:08:36:21 +0800] "GET /xingrg/kc/buy/buy_main.html HTTP/1.1" 200 12412
114.84.33.255 - - [04/Jun/2020:08:36:21 +0800] "GET /xingrg/css/blue.css HTTP/1.1" 304 -
114.84.33.255 - - [04/Jun/2020:08:36:21 +0800] "GET /xingrg/css/new_ie.css HTTP/1.1" 404 1036
114.84.33.255 - - [04/Jun/2020:08:36:21 +0800] "GET /xingrg/javascript/jquery_ui/themes/humanity/humanity.css HTTP/1.1" 304 -
114.84.33.255 - - [04/Jun/2020:08:36:21 +0800] "GET /xingrg/javascript/pic_change.js HTTP/1.1" 304 -
114.84.33.255 - - [04/Jun/2020:08:36:21 +0800] "GET /xingrg/javascript/ToolTips.js HTTP/1.1" 304 -
114.84.33.255 - - [04/Jun/2020:08:36:21 +0800] "GET /xingrg/javascript/myfunction.js HTTP/1.1" 304 -
114.84.33.255 - - [04/Jun/2020:08:36:21 +0800] "GET /xingrg/javascript/jquery_ui/jquery-ui.min.js HTTP/1.1" 304 -
114.84.33.255 - - [04/Jun/2020:08:36:21 +0800] "GET /xingrg/images/blue/button/cgxqd.gif HTTP/1.1" 304 -
114.84.33.255 - - [04/Jun/2020:08:36:21 +0800] "GET /xingrg/images/blue/button/cgydd.gif HTTP/1.1" 304 -
114.84.33.255 - - [04/Jun/2020:08:36:21 +0800] "GET /xingrg/images/blue/button/cgshd.gif HTTP/1.1" 304 -
114.84.33.255 - - [04/Jun/2020:08:36:21 +0800] "GET /xingrg/images/blue/button/cgfkd.gif HTTP/1.1" 304 -
114.84.33.255 - - [04/Jun/2020:08:36:21 +0800] "GET /xingrg/images/blue/button/kc.gif HTTP/1.1" 304 -
114.84.33.255 - - [04/Jun/2020:08:36:21 +0800] "GET /xingrg/images/blue/button/ckthd.gif HTTP/1.1" 304 -
114.84.33.255 - - [04/Jun/2020:08:36:21 +0800] "GET /xingrg/images/blue/pic_form2.gif HTTP/1.1" 304 -
114.84.33.255 - - [04/Jun/2020:08:36:21 +0800] "GET /xingrg/javascript/jquery_ui/themes/humanity/images/ui-bg_inset-soft_100_f4f0ec_1x100.png HTTP/1.1" 304 -
114.84.33.255 - - [04/Jun/2020:08:36:21 +0800] "GET /xingrg/images/blue/bg_dotted.jpg HTTP/1.1" 304 -
114.84.33.255 - - [04/Jun/2020:08:36:21 +0800] "GET /xingrg/images/blue/button/right_ah.jpg HTTP/1.1" 304 -
114.84.33.255 - - [04/Jun/2020:08:36:21 +0800] "GET /xingrg/images/blue/button/down_ah.jpg HTTP/1.1" 304 -
114.84.33.255 - - [04/Jun/2020:08:36:21 +0800] "GET /xingrg/javascript/jquery_ui/themes/humanity/images/ui-iconsnew.jpg HTTP/1.1" 304 -
114.84.33.255 - - [04/Jun/2020:08:36:21 +0800] "GET /xingrg/javascript/jquery_ui/themes/humanity/images/ui-icons_ffffff_256x240.png HTTP/1.1" 304 -
114.84.33.255 - - [04/Jun/2020:08:36:21 +0800] "GET /xingrg/javascript/jquery_ui/themes/humanity/images/ui-icons_c47a23_256x240.png HTTP/1.1" 304 -
114.84.33.255 - - [04/Jun/2020:08:36:21 +0800] "GET /xingrg/javascript/jquery_ui/themes/humanity/images/ui-bg_glass_70_ede4d4_1x400.png HTTP/1.1" 304 -
114.84.33.255 - - [04/Jun/2020:08:36:22 +0800] "GET /xingrg/images/yd/bt.gif HTTP/1.1" 404 1040
114.84.33.255 - - [04/Jun/2020:08:36:22 +0800] "GET /xingrg/css/site.css HTTP/1.1" 304 -
114.84.33.255 - - [04/Jun/2020:08:36:22 +0800] "GET /xingrg/css/base.css HTTP/1.1" 304 -
114.84.33.255 - - [04/Jun/2020:08:36:22 +0800] "GET /xingrg/javascript/jquery_tools/datebox.css HTTP/1.1" 304 -
114.84.33.255 - - [04/Jun/2020:08:36:22 +0800] "GET /xingrg/javascript/auto/jquery.autocomplete.css HTTP/1.1" 304 -
114.84.33.255 - - [04/Jun/2020:08:36:22 +0800] "GET /xingrg/javascript/easyui/themes/default/easyui.css HTTP/1.1" 304 -
114.84.33.255 - - [04/Jun/2020:08:36:22 +0800] "GET /xingrg/javascript/easyui/themes/icon.css HTTP/1.1" 304 -
114.84.33.255 - - [04/Jun/2020:08:36:22 +0800] "GET /xingrg/javascript/jquery_tools/jquery.tools.extend.js HTTP/1.1" 304 -
114.84.33.255 - - [04/Jun/2020:08:36:22 +0800] "GET /xingrg/javascript/jquery_tools/jquery.tools.hotkey.js HTTP/1.1" 304 -
114.84.33.255 - - [04/Jun/2020:08:36:22 +0800] "GET /xingrg/javascript/jquery_tools/jquery.tools.table.js HTTP/1.1" 304 -
114.84.33.255 - - [04/Jun/2020:08:36:22 +0800] "GET /xingrg/javascript/jquery_tools/fix.css HTTP/1.1" 304 -
114.84.33.255 - - [04/Jun/2020:08:36:22 +0800] "GET /xingrg/javascript/jquery_tools/list_manager.js HTTP/1.1" 304 -
114.84.33.255 - - [04/Jun/2020:08:36:22 +0800] "GET /xingrg/javascript/auto/jquery.autocomplete.js HTTP/1.1" 304 -
114.84.33.255 - - [04/Jun/2020:08:36:22 +0800] "GET /xingrg/javascript/easyui/easyloader.js HTTP/1.1" 304 -
114.84.33.255 - - [04/Jun/2020:08:36:22 +0800] "GET /xingrg/javascript/jquery_tools/table.css HTTP/1.1" 304 -
114.84.33.255 - - [04/Jun/2020:08:36:22 +0800] "GET /xingrg/javascript/jquery_tools/jquery.tools.min.js HTTP/1.1" 304 -
114.84.33.255 - - [04/Jun/2020:08:36:22 +0800] "GET /xingrg/kc/buy/cgsh_order_list.html HTTP/1.1" 200 43002
114.84.33.255 - - [04/Jun/2020:08:36:22 +0800] "GET /xingrg/javascript/jquery.cookie.js HTTP/1.1" 304 -
114.84.33.255 - - [04/Jun/2020:08:36:22 +0800] "GET /xingrg/javascript/print/LodopFuncs.js HTTP/1.1" 304 -
222.69.134.143 - - [04/Jun/2020:08:36:22 +0800] "POST /xingrg/kc/buy/cgsh_list_operate.html HTTP/1.1" 200 876
114.84.33.255 - - [04/Jun/2020:08:36:24 +0800] "GET /xingrg/javascript/easyui/themes/icons/edit_add_new.png HTTP/1.1" 304 -
114.84.33.255 - - [04/Jun/2020:08:36:24 +0800] "GET /xingrg/javascript/easyui/themes/icons/cance_new.png HTTP/1.1" 304 -
114.84.33.255 - - [04/Jun/2020:08:36:24 +0800] "GET /xingrg/javascript/easyui/themes/icons/check_new.png HTTP/1.1" 304 -
114.84.33.255 - - [04/Jun/2020:08:36:24 +0800] "GET /xingrg/javascript/easyui/themes/icons/field_new.png HTTP/1.1" 304 -
114.84.33.255 - - [04/Jun/2020:08:36:24 +0800] "GET /xingrg/javascript/easyui/themes/icons/import_new.png HTTP/1.1" 304 -
114.84.33.255 - - [04/Jun/2020:08:36:24 +0800] "GET /xingrg/javascript/easyui/plugins/jquery.parser.js HTTP/1.1" 304 -
114.84.33.255 - - [04/Jun/2020:08:36:24 +0800] "GET /xingrg/images/control/ajaxLoader.gif HTTP/1.1" 304 -
114.84.33.255 - - [04/Jun/2020:08:36:24 +0800] "GET /xingrg/javascript/jquery_easy_ui/themes/icons/area.png HTTP/1.1" 304 -
114.84.33.255 - - [04/Jun/2020:08:36:24 +0800] "GET /xingrg/javascript/jquery_easy_ui/themes/icons/rest.png HTTP/1.1" 304 -
222.69.134.143 - - [04/Jun/2020:08:36:24 +0800] "GET /xingrg/kc/buy/cgsh_order_add.html HTTP/1.1" 200 58787
114.84.33.255 - - [04/Jun/2020:08:36:24 +0800] "POST /xingrg/kc/buy/cgsh_list_operate.html HTTP/1.1" 200 876
222.69.134.143 - - [04/Jun/2020:08:36:24 +0800] "GET /xingrg/words/20200603131039_words.js HTTP/1.1" 304 -
222.69.134.143 - - [04/Jun/2020:08:36:24 +0800] "POST /xingrg/kc/buy/cgsh_order_operate.html HTTP/1.1" 200 8245
222.69.134.143 - - [04/Jun/2020:08:36:24 +0800] "GET /xingrg/all/common/auto_word.html?type=employee&rest_code=00149 HTTP/1.1" 200 197
222.69.134.143 - - [04/Jun/2020:08:36:24 +0800] "GET /xingrg/all/common/auto_word.html?type=employee&rest_code=00149 HTTP/1.1" 200 197
222.69.134.143 - - [04/Jun/2020:08:36:24 +0800] "GET /xingrg/javascript/easyui/themes/default/validatebox.css HTTP/1.1" 404 1104
114.84.33.255 - - [04/Jun/2020:08:36:26 +0800] "GET /xingrg/javascript/easyui/themes/default/images/button_plain_hover.png HTTP/1.1" 304 -
114.84.33.255 - - [04/Jun/2020:08:36:26 +0800] "GET /xingrg/javascript/jquery_tools/order_manager.js HTTP/1.1" 304 -
114.84.33.255 - - [04/Jun/2020:08:36:26 +0800] "GET /xingrg/javascript/convert.js HTTP/1.1" 304 -
114.84.33.255 - - [04/Jun/2020:08:36:26 +0800] "GET /xingrg/javascript/json2.js HTTP/1.1" 304 -
114.84.33.255 - - [04/Jun/2020:08:36:26 +0800] "GET /xingrg/javascript/print/kc_print.js HTTP/1.1" 304 -
114.84.33.255 - - [04/Jun/2020:08:36:26 +0800] "GET /xingrg/kc/buy/cgsh_order_add.html HTTP/1.1" 200 58740
114.84.33.255 - - [04/Jun/2020:08:36:26 +0800] "GET /xingrg/words/20200603131039_words.js HTTP/1.1" 304 -
114.84.33.255 - - [04/Jun/2020:08:36:26 +0800] "GET /xingrg/javascript/easyui/themes/icons/copy_new.png HTTP/1.1" 304 -
114.84.33.255 - - [04/Jun/2020:08:36:26 +0800] "GET /xingrg/javascript/easyui/themes/icons/template_new.png HTTP/1.1" 304 -
114.84.33.255 - - [04/Jun/2020:08:36:26 +0800] "GET /xingrg/javascript/easyui/themes/icons/ok.png HTTP/1.1" 304 -
114.84.33.255 - - [04/Jun/2020:08:36:26 +0800] "GET /xingrg/javascript/easyui/themes/icons/print.png HTTP/1.1" 304 -
114.84.33.255 - - [04/Jun/2020:08:36:26 +0800] "GET /xingrg/javascript/easyui/themes/default/images/menu_downarrow.png HTTP/1.1" 304 -
114.84.33.255 - - [04/Jun/2020:08:36:26 +0800] "GET /xingrg/javascript/easyui/themes/icons/cancel.png HTTP/1.1" 304 -
114.84.33.255 - - [04/Jun/2020:08:36:26 +0800] "GET /xingrg/javascript/easyui/themes/icons/edit_remove.png HTTP/1.1" 304 -
114.84.33.255 - - [04/Jun/2020:08:36:26 +0800] "GET /xingrg/all/common/auto_word.html?type=employee&rest_code=00146 HTTP/1.1" 200 197
114.84.33.255 - - [04/Jun/2020:08:36:26 +0800] "GET /xingrg/all/common/auto_word.html?type=employee&rest_code=00146 HTTP/1.1" 200 197
114.84.33.255 - - [04/Jun/2020:08:36:26 +0800] "GET /xingrg/javascript/easyui/themes/default/validatebox.css HTTP/1.1" 404 1104
114.84.33.255 - - [04/Jun/2020:08:36:26 +0800] "GET /xingrg/javascript/easyui/plugins/jquery.validatebox.js HTTP/1.1" 304 -
114.84.33.255 - - [04/Jun/2020:08:36:26 +0800] "GET /xingrg/javascript/easyui/plugins/jquery.numberbox.js HTTP/1.1" 304 -
114.84.33.255 - - [04/Jun/2020:08:36:26 +0800] "POST /xingrg/kc/buy/cgsh_order_operate.html HTTP/1.1" 200 8245
114.84.33.255 - - [04/Jun/2020:08:36:29 +0800] "GET /xingrg/javascript/auto/indicator.gif HTTP/1.1" 404 1066
114.84.33.255 - - [04/Jun/2020:08:36:30 +0800] "GET /xingrg/javascript/jquery_tools/images/prev.gif HTTP/1.1" 404 1086
114.84.33.255 - - [04/Jun/2020:08:36:30 +0800] "GET /xingrg/javascript/jquery_tools/images/next.gif HTTP/1.1" 404 1086
180.162.232.172 - - [04/Jun/2020:08:36:33 +0800] "GET /xingrg/all/function/internal_message.html?_=1591230992234&CODE_STATE=getMsg HTTP/1.1" 200 27
180.175.212.199 - - [04/Jun/2020:08:36:34 +0800] "GET /xingrg/all/function/internal_message.html?_=1591231198201&CODE_STATE=getMsg HTTP/1.1" 200 27
61.172.5.115 - - [04/Jun/2020:08:36:35 +0800] "GET /xingrg/check_reg.html?_=1591230996172 HTTP/1.1" 302 -
61.172.5.115 - - [04/Jun/2020:08:36:35 +0800] "GET /xingrg/all/function/internal_message.html?_=1591230996224&CODE_STATE=getMsg HTTP/1.1" 302 -
172.17.0.185 - - [04/Jun/2020:08:36:35 +0800] "GET /xingrg/all/function/internal_message.html?_=1591230993980&CODE_STATE=getMsg HTTP/1.1" 302 -
172.17.0.185 - - [04/Jun/2020:08:36:35 +0800] "GET /xingrg/check_reg.html?_=1591230994000 HTTP/1.1" 302 -
114.88.170.9 - - [04/Jun/2020:08:36:36 +0800] "GET /xingrg/all/function/internal_message.html?_=1591230992489&CODE_STATE=getMsg HTTP/1.1" 200 27
114.84.33.255 - - [04/Jun/2020:08:36:37 +0800] "GET /xingrg/kc/buy/cgsh_order_operate.html?command=get_materiel&rest_code=00146&code=00101008072&supplier_code=00100005&order_time=2020-06-04 HTTP/1.1" 200 408
180.162.232.172 - - [04/Jun/2020:08:36:42 +0800] "GET /xingrg/all/function/internal_message.html?_=1591231136345&CODE_STATE=getMsg HTTP/1.1" 200 27
101.85.53.146 - - [04/Jun/2020:08:36:43 +0800] "GET /xingrg/check_reg.html?_=1591230479463 HTTP/1.1" 200 22
114.84.33.255 - - [04/Jun/2020:08:36:47 +0800] "GET /xingrg/all/function/internal_message.html?_=1591231020393&CODE_STATE=getMsg HTTP/1.1" 200 27
172.17.0.240 - - [04/Jun/2020:08:36:49 +0800] "GET /xingrg/all/function/internal_message.html?_=1591231007366&CODE_STATE=getMsg HTTP/1.1" 200 27
114.84.33.255 - - [04/Jun/2020:08:36:53 +0800] "GET /xingrg/kc/buy/cgsh_order_operate.html?command=get_materiel&rest_code=00146&code=00101008084&supplier_code=00100005&order_time=2020-06-04 HTTP/1.1" 200 412
117.131.5.26 - - [04/Jun/2020:08:37:00 +0800] "GET /xingrg/check_reg.html?_=1591231025101 HTTP/1.1" 200 22
114.84.33.255 - - [04/Jun/2020:08:37:03 +0800] "GET /xingrg/kc/buy/cgsh_order_operate.html?command=get_materiel&rest_code=00146&code=00101008087&supplier_code=00100005&order_time=2020-06-04 HTTP/1.1" 200 412
114.84.33.255 - - [04/Jun/2020:08:37:14 +0800] "GET /xingrg/kc/buy/cgsh_order_operate.html?command=get_materiel&rest_code=00146&code=00101008355&supplier_code=00100005&order_time=2020-06-04 HTTP/1.1" 200 408
222.69.134.143 - - [04/Jun/2020:08:37:17 +0800] "GET /xingrg/all/function/internal_message.html?_=1591231031143&CODE_STATE=getMsg HTTP/1.1" 200 27
114.84.33.255 - - [04/Jun/2020:08:37:20 +0800] "GET /xingrg/all/function/internal_message.html?_=1591231050279&CODE_STATE=getMsg HTTP/1.1" 200 27
114.84.33.255 - - [04/Jun/2020:08:37:25 +0800] "GET /xingrg/kc/buy/cgsh_order_operate.html?command=get_materiel&rest_code=00146&code=00101008270&supplier_code=00100005&order_time=2020-06-04 HTTP/1.1" 200 412
114.84.33.255 - - [04/Jun/2020:08:37:31 +0800] "GET /xingrg/kc/buy/cgsh_order_operate.html?command=get_materiel&rest_code=00146&code=00101008213&supplier_code=00100005&order_time=2020-06-04 HTTP/1.1" 200 412
180.162.232.172 - - [04/Jun/2020:08:37:33 +0800] "GET /xingrg/all/function/internal_message.html?_=1591231052234&CODE_STATE=getMsg HTTP/1.1" 200 27
180.175.212.199 - - [04/Jun/2020:08:37:34 +0800] "GET /xingrg/all/function/internal_message.html?_=1591231258207&CODE_STATE=getMsg HTTP/1.1" 200 27
61.172.5.115 - - [04/Jun/2020:08:37:35 +0800] "GET /xingrg/all/function/internal_message.html?_=1591231056226&CODE_STATE=getMsg HTTP/1.1" 302 -
172.17.0.185 - - [04/Jun/2020:08:37:35 +0800] "GET /xingrg/all/function/internal_message.html?_=1591231053987&CODE_STATE=getMsg HTTP/1.1" 302 -
114.88.170.9 - - [04/Jun/2020:08:37:36 +0800] "GET /xingrg/all/function/internal_message.html?_=1591231052533&CODE_STATE=getMsg HTTP/1.1" 200 27
114.84.33.255 - - [04/Jun/2020:08:37:38 +0800] "GET /xingrg/kc/buy/cgsh_order_operate.html?command=get_materiel&rest_code=00146&code=00101008017&supplier_code=00100005&order_time=2020-06-04 HTTP/1.1" 200 416
180.162.232.172 - - [04/Jun/2020:08:37:42 +0800] "GET /xingrg/all/function/internal_message.html?_=1591231196346&CODE_STATE=getMsg HTTP/1.1" 200 27
114.84.33.255 - - [04/Jun/2020:08:37:44 +0800] "GET /xingrg/kc/buy/cgsh_order_operate.html?command=get_materiel&rest_code=00146&code=00101008027&supplier_code=00100005&order_time=2020-06-04 HTTP/1.1" 200 408
114.84.33.255 - - [04/Jun/2020:08:37:47 +0800] "GET /xingrg/all/function/internal_message.html?_=1591231080399&CODE_STATE=getMsg HTTP/1.1" 200 27
172.17.0.240 - - [04/Jun/2020:08:37:49 +0800] "GET /xingrg/all/function/internal_message.html?_=1591231067367&CODE_STATE=getMsg HTTP/1.1" 200 27
172.17.0.240 - - [04/Jun/2020:08:37:49 +0800] "GET /xingrg/check_reg.html?_=1591231067369 HTTP/1.1" 200 22
114.86.190.97 - - [04/Jun/2020:08:37:53 +0800] "GET /favicon.ico HTTP/1.1" 404 -
114.84.33.255 - - [04/Jun/2020:08:37:54 +0800] "GET /xingrg/kc/buy/cgsh_order_operate.html?command=get_materiel&rest_code=00146&code=00101008175&supplier_code=00100005&order_time=2020-06-04 HTTP/1.1" 200 412
120.253.135.82 - - [04/Jun/2020:08:38:01 +0800] "GET /xingrg/check_reg.html?_=1591231211715 HTTP/1.1" 200 22
114.84.33.255 - - [04/Jun/2020:08:38:03 +0800] "GET /xingrg/kc/buy/cgsh_order_operate.html?command=get_materiel&rest_code=00146&code=00101008132&supplier_code=00100005&order_time=2020-06-04 HTTP/1.1" 200 408
114.88.170.9 - - [04/Jun/2020:08:38:09 +0800] "GET /xingrg/check_reg.html?_=1591231086058 HTTP/1.1" 200 22
222.69.134.143 - - [04/Jun/2020:08:38:17 +0800] "GET /xingrg/all/function/internal_message.html?_=1591231091061&CODE_STATE=getMsg HTTP/1.1" 200 27
114.84.33.255 - - [04/Jun/2020:08:38:20 +0800] "GET /xingrg/all/function/internal_message.html?_=1591231110293&CODE_STATE=getMsg HTTP/1.1" 200 27
180.175.212.199 - - [04/Jun/2020:08:38:33 +0800] "GET /xingrg/check_reg.html?_=1591231317831 HTTP/1.1" 200 22
180.162.232.172 - - [04/Jun/2020:08:38:33 +0800] "GET /xingrg/all/function/internal_message.html?_=1591231112237&CODE_STATE=getMsg HTTP/1.1" 200 27
180.162.232.172 - - [04/Jun/2020:08:38:33 +0800] "GET /xingrg/check_reg.html?_=1591231112240 HTTP/1.1" 200 22
180.175.212.199 - - [04/Jun/2020:08:38:34 +0800] "GET /xingrg/all/function/internal_message.html?_=1591231318219&CODE_STATE=getMsg HTTP/1.1" 200 27
61.172.5.115 - - [04/Jun/2020:08:38:35 +0800] "GET /xingrg/all/function/internal_message.html?_=1591231116227&CODE_STATE=getMsg HTTP/1.1" 302 -
61.172.5.115 - - [04/Jun/2020:08:38:35 +0800] "GET /xingrg/login.html HTTP/1.1" 200 7641
172.17.0.185 - - [04/Jun/2020:08:38:35 +0800] "GET /xingrg/all/function/internal_message.html?_=1591231113991&CODE_STATE=getMsg HTTP/1.1" 302 -
114.88.170.9 - - [04/Jun/2020:08:38:36 +0800] "GET /xingrg/all/function/internal_message.html?_=1591231112547&CODE_STATE=getMsg HTTP/1.1" 200 27
180.162.232.172 - - [04/Jun/2020:08:38:42 +0800] "GET /xingrg/check_reg.html?_=1591231256186 HTTP/1.1" 200 22
180.162.232.172 - - [04/Jun/2020:08:38:42 +0800] "GET /xingrg/all/function/internal_message.html?_=1591231256360&CODE_STATE=getMsg HTTP/1.1" 200 27
114.84.33.255 - - [04/Jun/2020:08:38:45 +0800] "GET /xingrg/check_reg.html?_=1591231139079 HTTP/1.1" 200 22
114.84.33.255 - - [04/Jun/2020:08:38:47 +0800] "GET /xingrg/all/function/internal_message.html?_=1591231140415&CODE_STATE=getMsg HTTP/1.1" 200 27
172.17.0.240 - - [04/Jun/2020:08:38:49 +0800] "GET /xingrg/all/function/internal_message.html?_=1591231127354&CODE_STATE=getMsg HTTP/1.1" 200 27
222.69.134.143 - - [04/Jun/2020:08:39:17 +0800] "GET /xingrg/all/function/internal_message.html?_=1591231151061&CODE_STATE=getMsg HTTP/1.1" 200 27
114.84.33.255 - - [04/Jun/2020:08:39:20 +0800] "GET /xingrg/all/function/internal_message.html?_=1591231170306&CODE_STATE=getMsg HTTP/1.1" 200 27
114.86.190.97 - - [04/Jun/2020:08:39:31 +0800] "GET /xingrg/login.html HTTP/1.1" 200 7641
114.86.190.97 - - [04/Jun/2020:08:39:32 +0800] "GET /favicon.ico HTTP/1.1" 404 -
180.162.232.172 - - [04/Jun/2020:08:39:33 +0800] "GET /xingrg/all/function/internal_message.html?_=1591231172240&CODE_STATE=getMsg HTTP/1.1" 200 27
180.175.212.199 - - [04/Jun/2020:08:39:34 +0800] "GET /xingrg/all/function/internal_message.html?_=1591231378234&CODE_STATE=getMsg HTTP/1.1" 200 27
61.172.5.115 - - [04/Jun/2020:08:39:35 +0800] "GET /xingrg/all/function/internal_message.html?_=1591231176225&CODE_STATE=getMsg HTTP/1.1" 302 -
172.17.0.185 - - [04/Jun/2020:08:39:35 +0800] "GET /xingrg/all/function/internal_message.html?_=1591231173979&CODE_STATE=getMsg HTTP/1.1" 302 -
114.86.190.97 - - [04/Jun/2020:08:39:36 +0800] "POST /xingrg/login.do HTTP/1.1" 302 -
114.86.190.97 - - [04/Jun/2020:08:39:36 +0800] "GET /xingrg/index.html?sysBaseUrl=http%3A%2F%2F180.169.147.146%3A18081%2Fxingrg%2F&costTime=39×tamp=1591231176057 HTTP/1.1" 200 17179
114.88.170.9 - - [04/Jun/2020:08:39:36 +0800] "GET /xingrg/all/function/internal_message.html?_=1591231172562&CODE_STATE=getMsg HTTP/1.1" 200 27
114.86.190.97 - - [04/Jun/2020:08:39:36 +0800] "GET /favicon.ico HTTP/1.1" 404 -
114.86.190.97 - - [04/Jun/2020:08:39:36 +0800] "POST /xingrg/all/common/load_tree.html?tree=area_rest_tree_json&manage=1 HTTP/1.1" 200 351
114.86.190.97 - - [04/Jun/2020:08:39:37 +0800] "GET /xingrg/all/function/internal_message.html?_=1591231178779&CODE_STATE=count HTTP/1.1" 200 11
114.86.190.97 - - [04/Jun/2020:08:39:37 +0800] "GET /xingrg/check_reg.html?_=1591231178782 HTTP/1.1" 200 22
114.86.190.97 - - [04/Jun/2020:08:39:37 +0800] "POST /xingrg/load_menu.html HTTP/1.1" 200 5138
180.162.232.172 - - [04/Jun/2020:08:39:42 +0800] "GET /xingrg/all/function/internal_message.html?_=1591231316373&CODE_STATE=getMsg HTTP/1.1" 200 27
114.84.33.255 - - [04/Jun/2020:08:39:47 +0800] "GET /xingrg/all/function/internal_message.html?_=1591231200428&CODE_STATE=getMsg HTTP/1.1" 200 27
172.17.0.240 - - [04/Jun/2020:08:39:49 +0800] "GET /xingrg/all/function/internal_message.html?_=1591231187355&CODE_STATE=getMsg HTTP/1.1" 200 27
114.86.190.97 - - [04/Jun/2020:08:39:51 +0800] "GET /xingrg/kc/buy/cgsh_order_list.html HTTP/1.1" 200 43002
114.86.190.97 - - [04/Jun/2020:08:39:54 +0800] "POST /xingrg/kc/buy/cgsh_list_operate.html HTTP/1.1" 200 876
114.86.190.97 - - [04/Jun/2020:08:40:01 +0800] "GET /xingrg/kc/buy/cgsh_order_add.html HTTP/1.1" 200 58740
114.86.190.97 - - [04/Jun/2020:08:40:01 +0800] "GET /xingrg/words/20200603131039_words.js HTTP/1.1" 304 -
114.86.190.97 - - [04/Jun/2020:08:40:01 +0800] "POST /xingrg/kc/buy/cgsh_order_operate.html HTTP/1.1" 200 8245
114.86.190.97 - - [04/Jun/2020:08:40:01 +0800] "GET /xingrg/all/common/auto_word.html?type=employee&rest_code=00148 HTTP/1.1" 200 147
114.86.190.97 - - [04/Jun/2020:08:40:01 +0800] "GET /xingrg/all/common/auto_word.html?type=employee&rest_code=00148 HTTP/1.1" 200 147
114.86.190.97 - - [04/Jun/2020:08:40:01 +0800] "GET /xingrg/javascript/easyui/themes/default/validatebox.css HTTP/1.1" 404 1104
114.84.33.255 - - [04/Jun/2020:08:40:02 +0800] "GET /xingrg/kc/buy/cgsh_order_operate.html?command=get_materiel&rest_code=00146&code=00101008257&supplier_code=00100005&order_time=2020-06-04 HTTP/1.1" 200 416
114.86.190.97 - - [04/Jun/2020:08:40:05 +0800] "GET /xingrg/javascript/auto/indicator.gif HTTP/1.1" 404 1066
114.86.190.97 - - [04/Jun/2020:08:40:06 +0800] "GET /xingrg/javascript/jquery_tools/images/prev.gif HTTP/1.1" 404 1086
114.86.190.97 - - [04/Jun/2020:08:40:06 +0800] "GET /xingrg/javascript/jquery_tools/images/next.gif HTTP/1.1" 404 1086
114.86.190.97 - - [04/Jun/2020:08:40:11 +0800] "GET /xingrg/kc/buy/cgsh_order_operate.html?command=get_materiel&rest_code=00148&code=00101008045&supplier_code=00100007&order_time=2020-06-04 HTTP/1.1" 200 412
222.69.134.143 - - [04/Jun/2020:08:40:17 +0800] "GET /xingrg/all/function/internal_message.html?_=1591231211062&CODE_STATE=getMsg HTTP/1.1" 200 27
114.84.33.255 - - [04/Jun/2020:08:40:20 +0800] "GET /xingrg/all/function/internal_message.html?_=1591231230321&CODE_STATE=getMsg HTTP/1.1" 200 27
114.86.190.97 - - [04/Jun/2020:08:40:25 +0800] "GET /xingrg/kc/buy/cgsh_order_operate.html?command=get_materiel&rest_code=00148&code=00101008112&supplier_code=00100007&order_time=2020-06-04 HTTP/1.1" 200 412
114.86.190.97 - - [04/Jun/2020:08:40:33 +0800] "GET /xingrg/kc/buy/cgsh_order_operate.html?command=get_materiel&rest_code=00148&code=00101008354&supplier_code=00100007&order_time=2020-06-04 HTTP/1.1" 200 412
180.162.232.172 - - [04/Jun/2020:08:40:33 +0800] "GET /xingrg/all/function/internal_message.html?_=1591231232240&CODE_STATE=getMsg HTTP/1.1" 200 27
61.172.5.115 - - [04/Jun/2020:08:40:35 +0800] "GET /xingrg/all/function/internal_message.html?_=1591231236227&CODE_STATE=getMsg HTTP/1.1" 302 -
172.17.0.185 - - [04/Jun/2020:08:40:35 +0800] "GET /xingrg/all/function/internal_message.html?_=1591231233983&CODE_STATE=getMsg HTTP/1.1" 302 -
114.84.33.255 - - [04/Jun/2020:08:40:35 +0800] "GET /xingrg/kc/buy/cgsh_order_operate.html?command=get_materiel&rest_code=00146&code=00101008354&supplier_code=00100005&order_time=2020-06-04 HTTP/1.1" 200 412
114.88.170.9 - - [04/Jun/2020:08:40:36 +0800] "GET /xingrg/all/function/internal_message.html?_=1591231232613&CODE_STATE=getMsg HTTP/1.1" 200 27
114.86.190.97 - - [04/Jun/2020:08:40:37 +0800] "GET /xingrg/all/function/internal_message.html?_=1591231238796&CODE_STATE=getMsg HTTP/1.1" 200 27
61.172.5.115 - - [04/Jun/2020:08:40:39 +0800] "POST /xingrg/services/DataTransmitService HTTP/1.1" 200 524
61.172.5.115 - - [04/Jun/2020:08:40:39 +0800] "POST /xingrg/services/DataTransmitService HTTP/1.1" 200 497
114.86.190.97 - - [04/Jun/2020:08:40:41 +0800] "GET /xingrg/kc/buy/cgsh_order_operate.html?command=get_materiel&rest_code=00148&code=00101008010&supplier_code=00100007&order_time=2020-06-04 HTTP/1.1" 200 412
180.162.232.172 - - [04/Jun/2020:08:40:42 +0800] "GET /xingrg/all/function/internal_message.html?_=1591231376386&CODE_STATE=getMsg HTTP/1.1" 200 27
114.84.33.255 - - [04/Jun/2020:08:40:44 +0800] "GET /xingrg/kc/buy/cgsh_order_operate.html?command=get_materiel&rest_code=00146&code=00101008088&supplier_code=00100005&order_time=2020-06-04 HTTP/1.1" 200 408
114.84.33.255 - - [04/Jun/2020:08:40:47 +0800] "GET /xingrg/all/function/internal_message.html?_=1591231260441&CODE_STATE=getMsg HTTP/1.1" 200 27
114.86.190.97 - - [04/Jun/2020:08:40:47 +0800] "GET /xingrg/kc/buy/cgsh_order_operate.html?command=get_materiel&rest_code=00148&code=00101008312&supplier_code=00100007&order_time=2020-06-04 HTTP/1.1" 200 412
172.17.0.240 - - [04/Jun/2020:08:40:49 +0800] "GET /xingrg/all/function/internal_message.html?_=1591231247357&CODE_STATE=getMsg HTTP/1.1" 200 27
114.84.33.255 - - [04/Jun/2020:08:40:50 +0800] "GET /xingrg/kc/buy/cgsh_order_operate.html?command=get_materiel&rest_code=00146&code=00101008290&supplier_code=00100005&order_time=2020-06-04 HTTP/1.1" 200 416
114.86.190.97 - - [04/Jun/2020:08:40:53 +0800] "GET /xingrg/kc/buy/cgsh_order_operate.html?command=get_materiel&rest_code=00148&code=00101008038&supplier_code=00100007&order_time=2020-06-04 HTTP/1.1" 200 412
114.84.33.255 - - [04/Jun/2020:08:40:55 +0800] "GET /xingrg/kc/buy/cgsh_order_operate.html?command=get_materiel&rest_code=00146&code=00101008003&supplier_code=00100005&order_time=2020-06-04 HTTP/1.1" 200 408
114.86.190.97 - - [04/Jun/2020:08:40:58 +0800] "GET /xingrg/kc/buy/cgsh_order_operate.html?command=get_materiel&rest_code=00148&code=00101008224&supplier_code=00100007&order_time=2020-06-04 HTTP/1.1" 200 416
114.86.190.97 - - [04/Jun/2020:08:41:05 +0800] "GET /xingrg/kc/buy/cgsh_order_operate.html?command=get_materiel&rest_code=00148&code=00101008069&supplier_code=00100007&order_time=2020-06-04 HTTP/1.1" 200 412
114.84.33.255 - - [04/Jun/2020:08:41:05 +0800] "GET /xingrg/kc/buy/cgsh_order_operate.html?command=get_materiel&rest_code=00146&code=00101008067&supplier_code=00100005&order_time=2020-06-04 HTTP/1.1" 200 416
114.86.190.97 - - [04/Jun/2020:08:41:11 +0800] "GET /xingrg/kc/buy/cgsh_order_operate.html?command=get_materiel&rest_code=00148&code=00101008036&supplier_code=00100007&order_time=2020-06-04 HTTP/1.1" 200 408
114.84.33.255 - - [04/Jun/2020:08:41:14 +0800] "GET /xingrg/kc/buy/cgsh_order_operate.html?command=get_materiel&rest_code=00146&code=00101008356&supplier_code=00100005&order_time=2020-06-04 HTTP/1.1" 200 408
114.86.190.97 - - [04/Jun/2020:08:41:16 +0800] "GET /xingrg/kc/buy/cgsh_order_operate.html?command=get_materiel&rest_code=00148&code=00101008286&supplier_code=00100007&order_time=2020-06-04 HTTP/1.1" 200 408
222.69.134.143 - - [04/Jun/2020:08:41:17 +0800] "GET /xingrg/check_reg.html?_=1591231271058 HTTP/1.1" 200 22
222.69.134.143 - - [04/Jun/2020:08:41:17 +0800] "GET /xingrg/all/function/internal_message.html?_=1591231271058&CODE_STATE=getMsg HTTP/1.1" 200 27
114.84.33.255 - - [04/Jun/2020:08:41:20 +0800] "GET /xingrg/check_reg.html?_=1591231290274 HTTP/1.1" 200 22
114.84.33.255 - - [04/Jun/2020:08:41:20 +0800] "GET /xingrg/all/function/internal_message.html?_=1591231290335&CODE_STATE=getMsg HTTP/1.1" 200 27
114.84.33.255 - - [04/Jun/2020:08:41:21 +0800] "GET /xingrg/kc/buy/cgsh_order_operate.html?command=get_materiel&rest_code=00146&code=00101008196&supplier_code=00100005&order_time=2020-06-04 HTTP/1.1" 200 416
114.86.190.97 - - [04/Jun/2020:08:41:21 +0800] "GET /xingrg/kc/buy/cgsh_order_operate.html?command=get_materiel&rest_code=00148&code=00101008131&supplier_code=00100007&order_time=2020-06-04 HTTP/1.1" 200 408
114.84.33.255 - - [04/Jun/2020:08:41:29 +0800] "GET /xingrg/kc/buy/cgsh_order_operate.html?command=get_materiel&rest_code=00146&code=00101008357&supplier_code=00100005&order_time=2020-06-04 HTTP/1.1" 200 408
114.84.33.255 - - [04/Jun/2020:08:41:31 +0800] "POST /xingrg/kc/buy/cgsh_order_operate.html HTTP/1.1" 200 2065
114.86.190.97 - - [04/Jun/2020:08:41:32 +0800] "GET /xingrg/kc/buy/cgsh_order_operate.html?command=get_materiel&rest_code=00148&code=00101008353&supplier_code=00100007&order_time=2020-06-04 HTTP/1.1" 200 408
180.162.232.172 - - [04/Jun/2020:08:41:33 +0800] "GET /xingrg/all/function/internal_message.html?_=1591231292242&CODE_STATE=getMsg HTTP/1.1" 200 27
61.172.5.115 - - [04/Jun/2020:08:41:35 +0800] "GET /xingrg/check_reg.html?_=1591231296182 HTTP/1.1" 302 -
61.172.5.115 - - [04/Jun/2020:08:41:35 +0800] "GET /xingrg/all/function/internal_message.html?_=1591231296219&CODE_STATE=getMsg HTTP/1.1" 302 -
172.17.0.185 - - [04/Jun/2020:08:41:35 +0800] "GET /xingrg/all/function/internal_message.html?_=1591231293985&CODE_STATE=getMsg HTTP/1.1" 302 -
172.17.0.185 - - [04/Jun/2020:08:41:35 +0800] "GET /xingrg/check_reg.html?_=1591231293987 HTTP/1.1" 302 -
114.88.170.9 - - [04/Jun/2020:08:41:36 +0800] "GET /xingrg/all/function/internal_message.html?_=1591231292618&CODE_STATE=getMsg HTTP/1.1" 200 27
114.86.190.97 - - [04/Jun/2020:08:41:37 +0800] "GET /xingrg/all/function/internal_message.html?_=1591231298802&CODE_STATE=getMsg HTTP/1.1" 200 27
114.84.33.255 - - [04/Jun/2020:08:41:37 +0800] "GET /xingrg/kc/buy/cgsh_order_operate.html?command=get_materiel&rest_code=00146&code=00101008006&supplier_code=00100005&order_time=2020-06-04 HTTP/1.1" 200 416
114.86.190.97 - - [04/Jun/2020:08:41:42 +0800] "GET /xingrg/kc/buy/cgsh_order_operate.html?command=get_materiel&rest_code=00148&code=00101008004&supplier_code=00100007&order_time=2020-06-04 HTTP/1.1" 200 416
180.162.232.172 - - [04/Jun/2020:08:41:43 +0800] "GET /xingrg/all/function/internal_message.html?_=1591231436525&CODE_STATE=getMsg HTTP/1.1" 200 27
101.85.53.146 - - [04/Jun/2020:08:41:43 +0800] "GET /xingrg/check_reg.html?_=1591230779447 HTTP/1.1" 200 22
114.84.33.255 - - [04/Jun/2020:08:41:44 +0800] "GET /xingrg/kc/buy/cgsh_order_operate.html?command=get_materiel&rest_code=00146&code=00101008296&supplier_code=00100005&order_time=2020-06-04 HTTP/1.1" 200 416
114.84.33.255 - - [04/Jun/2020:08:41:47 +0800] "GET /xingrg/all/function/internal_message.html?_=1591231320462&CODE_STATE=getMsg HTTP/1.1" 200 27
114.86.190.97 - - [04/Jun/2020:08:41:48 +0800] "GET /xingrg/kc/buy/cgsh_order_operate.html?command=get_materiel&rest_code=00148&code=00101008304&supplier_code=00100007&order_time=2020-06-04 HTTP/1.1" 200 412
172.17.0.240 - - [04/Jun/2020:08:41:49 +0800] "GET /xingrg/all/function/internal_message.html?_=1591231307358&CODE_STATE=getMsg HTTP/1.1" 200 27
114.86.190.97 - - [04/Jun/2020:08:41:53 +0800] "GET /xingrg/kc/buy/cgsh_order_operate.html?command=get_materiel&rest_code=00148&code=00101008101&supplier_code=00100007&order_time=2020-06-04 HTTP/1.1" 200 412
114.86.190.97 - - [04/Jun/2020:08:41:59 +0800] "GET /xingrg/kc/buy/cgsh_order_operate.html?command=get_materiel&rest_code=00148&code=00101008041&supplier_code=00100007&order_time=2020-06-04 HTTP/1.1" 200 408
117.131.5.26 - - [04/Jun/2020:08:42:00 +0800] "GET /xingrg/check_reg.html?_=1591231325101 HTTP/1.1" 200 22
114.84.33.255 - - [04/Jun/2020:08:42:02 +0800] "GET /xingrg/kc/buy/cgsh_order_operate.html?command=get_materiel&rest_code=00146&code=00101008305&supplier_code=00100005&order_time=2020-06-04 HTTP/1.1" 200 412
114.84.33.255 - - [04/Jun/2020:08:42:09 +0800] "GET /xingrg/kc/buy/cgsh_order_operate.html?command=get_materiel&rest_code=00146&code=00101008347&supplier_code=00100005&order_time=2020-06-04 HTTP/1.1" 200 408
114.86.190.97 - - [04/Jun/2020:08:42:10 +0800] "GET /xingrg/kc/buy/cgsh_order_operate.html?command=get_materiel&rest_code=00148&code=00101008229&supplier_code=00100007&order_time=2020-06-04 HTTP/1.1" 200 420
114.86.190.97 - - [04/Jun/2020:08:42:16 +0800] "GET /xingrg/kc/buy/cgsh_order_operate.html?command=get_materiel&rest_code=00148&code=00101009021&supplier_code=00100007&order_time=2020-06-04 HTTP/1.1" 200 416
222.69.134.143 - - [04/Jun/2020:08:42:17 +0800] "GET /xingrg/all/function/internal_message.html?_=1591231331056&CODE_STATE=getMsg HTTP/1.1" 200 27
114.84.33.255 - - [04/Jun/2020:08:42:17 +0800] "GET /xingrg/kc/buy/cgsh_order_operate.html?command=get_materiel&rest_code=00146&code=00101008298&supplier_code=00100005&order_time=2020-06-04 HTTP/1.1" 200 413
114.84.33.255 - - [04/Jun/2020:08:42:19 +0800] "POST /xingrg/kc/buy/cgsh_order_operate.html HTTP/1.1" 200 2065
114.84.33.255 - - [04/Jun/2020:08:42:20 +0800] "GET /xingrg/all/function/internal_message.html?_=1591231350348&CODE_STATE=getMsg HTTP/1.1" 200 27
114.84.33.255 - - [04/Jun/2020:08:42:25 +0800] "GET /xingrg/kc/buy/cgsh_order_operate.html?command=get_materiel&rest_code=00146&code=00101008201&supplier_code=00100005&order_time=2020-06-04 HTTP/1.1" 200 412
114.86.190.97 - - [04/Jun/2020:08:42:28 +0800] "GET /xingrg/kc/buy/cgsh_order_operate.html?command=get_materiel&rest_code=00148&code=00101008323&supplier_code=00100007&order_time=2020-06-04 HTTP/1.1" 200 428
114.84.33.255 - - [04/Jun/2020:08:42:33 +0800] "GET /xingrg/kc/buy/cgsh_order_operate.html?command=get_materiel&rest_code=00146&code=00101008225&supplier_code=00100005&order_time=2020-06-04 HTTP/1.1" 200 416
180.162.232.172 - - [04/Jun/2020:08:42:33 +0800] "GET /xingrg/all/function/internal_message.html?_=1591231352243&CODE_STATE=getMsg HTTP/1.1" 200 27
61.172.5.115 - - [04/Jun/2020:08:42:35 +0800] "GET /xingrg/all/function/internal_message.html?_=1591231356219&CODE_STATE=getMsg HTTP/1.1" 302 -
172.17.0.185 - - [04/Jun/2020:08:42:35 +0800] "GET /xingrg/all/function/internal_message.html?_=1591231353988&CODE_STATE=getMsg HTTP/1.1" 302 -
114.88.170.9 - - [04/Jun/2020:08:42:36 +0800] "GET /xingrg/all/function/internal_message.html?_=1591231352674&CODE_STATE=getMsg HTTP/1.1" 200 27
114.86.190.97 - - [04/Jun/2020:08:42:37 +0800] "GET /xingrg/all/function/internal_message.html?_=1591231358955&CODE_STATE=getMsg HTTP/1.1" 200 27
114.84.33.255 - - [04/Jun/2020:08:42:42 +0800] "GET /xingrg/kc/buy/cgsh_order_operate.html?command=get_materiel&rest_code=00146&code=00101008234&supplier_code=00100005&order_time=2020-06-04 HTTP/1.1" 200 408
180.162.232.172 - - [04/Jun/2020:08:42:43 +0800] "GET /xingrg/all/function/internal_message.html?_=1591231496632&CODE_STATE=getMsg HTTP/1.1" 200 27
114.86.190.97 - - [04/Jun/2020:08:42:47 +0800] "GET /xingrg/kc/buy/cgsh_order_operate.html?command=get_materiel&rest_code=00148&code=00101008302&supplier_code=00100007&order_time=2020-06-04 HTTP/1.1" 200 412
114.84.33.255 - - [04/Jun/2020:08:42:47 +0800] "GET /xingrg/all/function/internal_message.html?_=1591231380467&CODE_STATE=getMsg HTTP/1.1" 200 27
172.17.0.240 - - [04/Jun/2020:08:42:49 +0800] "GET /xingrg/all/function/internal_message.html?_=1591231367361&CODE_STATE=getMsg HTTP/1.1" 200 27
172.17.0.240 - - [04/Jun/2020:08:42:49 +0800] "GET /xingrg/check_reg.html?_=1591231367363 HTTP/1.1" 200 22
114.86.190.97 - - [04/Jun/2020:08:42:50 +0800] "POST /xingrg/kc/buy/cgsh_order_operate.html HTTP/1.1" 200 2065
114.84.33.255 - - [04/Jun/2020:08:42:52 +0800] "GET /xingrg/kc/buy/cgsh_order_operate.html?command=get_materiel&rest_code=00146&code=00101008185&supplier_code=00100005&order_time=2020-06-04 HTTP/1.1" 200 408
120.253.135.82 - - [04/Jun/2020:08:43:00 +0800] "GET /xingrg/check_reg.html?_=1591231511719 HTTP/1.1" 200 22
114.88.170.9 - - [04/Jun/2020:08:43:09 +0800] "GET /xingrg/check_reg.html?_=1591231386063 HTTP/1.1" 200 22
114.86.190.97 - - [04/Jun/2020:08:43:11 +0800] "GET /xingrg/kc/buy/cgsh_order_operate.html?command=get_materiel&rest_code=00148&code=00101008210&supplier_code=00100007&order_time=2020-06-04 HTTP/1.1" 200 408
114.86.190.97 - - [04/Jun/2020:08:43:17 +0800] "GET /xingrg/kc/buy/cgsh_order_operate.html?command=get_materiel&rest_code=00148&code=00101008149&supplier_code=00100007&order_time=2020-06-04 HTTP/1.1" 200 408
222.69.134.143 - - [04/Jun/2020:08:43:17 +0800] "GET /xingrg/all/function/internal_message.html?_=1591231391049&CODE_STATE=getMsg HTTP/1.1" 200 27
114.84.33.255 - - [04/Jun/2020:08:43:20 +0800] "GET /xingrg/all/function/internal_message.html?_=1591231410361&CODE_STATE=getMsg HTTP/1.1" 200 27
114.84.33.255 - - [04/Jun/2020:08:43:29 +0800] "GET /xingrg/kc/buy/cgsh_order_operate.html?command=get_materiel&rest_code=00146&code=00101008010&supplier_code=00100005&order_time=2020-06-04 HTTP/1.1" 200 412
114.84.33.255 - - [04/Jun/2020:08:43:31 +0800] "POST /xingrg/kc/buy/cgsh_order_operate.html HTTP/1.1" 200 2065
114.86.190.97 - - [04/Jun/2020:08:43:32 +0800] "GET /xingrg/kc/buy/cgsh_order_operate.html?command=get_materiel&rest_code=00148&code=00101008186&supplier_code=00100007&order_time=2020-06-04 HTTP/1.1" 200 408
180.162.232.172 - - [04/Jun/2020:08:43:33 +0800] "GET /xingrg/all/function/internal_message.html?_=1591231412245&CODE_STATE=getMsg HTTP/1.1" 200 27
180.162.232.172 - - [04/Jun/2020:08:43:33 +0800] "GET /xingrg/check_reg.html?_=1591231412248 HTTP/1.1" 200 22
114.86.190.97 - - [04/Jun/2020:08:43:34 +0800] "POST /xingrg/kc/buy/cgsh_order_operate.html HTTP/1.1" 200 2065
61.172.5.115 - - [04/Jun/2020:08:43:35 +0800] "GET /xingrg/all/function/internal_message.html?_=1591231416217&CODE_STATE=getMsg HTTP/1.1" 302 -
172.17.0.185 - - [04/Jun/2020:08:43:35 +0800] "GET /xingrg/all/function/internal_message.html?_=1591231413991&CODE_STATE=getMsg HTTP/1.1" 302 -
114.88.170.9 - - [04/Jun/2020:08:43:36 +0800] "GET /xingrg/all/function/internal_message.html?_=1591231412677&CODE_STATE=getMsg HTTP/1.1" 200 27
114.86.190.97 - - [04/Jun/2020:08:43:37 +0800] "GET /xingrg/all/function/internal_message.html?_=1591231418946&CODE_STATE=getMsg HTTP/1.1" 200 27
114.86.190.97 - - [04/Jun/2020:08:43:39 +0800] "GET /xingrg/kc/buy/cgsh_order_operate.html?command=get_materiel&rest_code=00148&code=00101008096&supplier_code=00100007&order_time=2020-06-04 HTTP/1.1" 200 413
114.84.33.255 - - [04/Jun/2020:08:43:40 +0800] "GET /xingrg/kc/buy/cgsh_order_operate.html?command=get_materiel&rest_code=00146&code=00101008351&supplier_code=00100005&order_time=2020-06-04 HTTP/1.1" 200 408
180.162.232.172 - - [04/Jun/2020:08:43:42 +0800] "GET /xingrg/check_reg.html?_=1591231556300 HTTP/1.1" 200 22
180.162.232.172 - - [04/Jun/2020:08:43:43 +0800] "GET /xingrg/all/function/internal_message.html?_=1591231556645&CODE_STATE=getMsg HTTP/1.1" 200 27
114.86.190.97 - - [04/Jun/2020:08:43:45 +0800] "GET /xingrg/kc/buy/cgsh_order_operate.html?command=get_materiel&rest_code=00148&code=00101008199&supplier_code=00100007&order_time=2020-06-04 HTTP/1.1" 200 408
114.84.33.255 - - [04/Jun/2020:08:43:45 +0800] "GET /xingrg/check_reg.html?_=1591231439088 HTTP/1.1" 200 22
114.84.33.255 - - [04/Jun/2020:08:43:47 +0800] "GET /xingrg/kc/buy/cgsh_order_operate.html?command=get_materiel&rest_code=00146&code=00101008096&supplier_code=00100005&order_time=2020-06-04 HTTP/1.1" 200 413
114.84.33.255 - - [04/Jun/2020:08:43:47 +0800] "GET /xingrg/all/function/internal_message.html?_=1591231440481&CODE_STATE=getMsg HTTP/1.1" 200 27
172.17.0.240 - - [04/Jun/2020:08:43:49 +0800] "GET /xingrg/all/function/internal_message.html?_=1591231427364&CODE_STATE=getMsg HTTP/1.1" 200 27
114.86.190.97 - - [04/Jun/2020:08:43:52 +0800] "GET /xingrg/kc/buy/cgsh_order_operate.html?command=get_materiel&rest_code=00148&code=00101008088&supplier_code=00100007&order_time=2020-06-04 HTTP/1.1" 200 408
114.84.33.255 - - [04/Jun/2020:08:43:57 +0800] "POST /xingrg/kc/buy/cgsh_order_operate.html HTTP/1.1" 200 37
114.86.190.97 - - [04/Jun/2020:08:43:58 +0800] "GET /xingrg/kc/buy/cgsh_order_operate.html?command=get_materiel&rest_code=00148&code=00101008190&supplier_code=00100007&order_time=2020-06-04 HTTP/1.1" 200 412
114.84.33.255 - - [04/Jun/2020:08:43:59 +0800] "POST /xingrg/kc/buy/cgsh_order_operate.html HTTP/1.1" 200 19825
114.86.190.97 - - [04/Jun/2020:08:44:02 +0800] "GET /xingrg/kc/buy/cgsh_order_operate.html?command=get_materiel&rest_code=00148&code=00101008126&supplier_code=00100007&order_time=2020-06-04 HTTP/1.1" 200 412
222.69.134.143 - - [04/Jun/2020:08:44:08 +0800] "GET /xingrg/javascript/auto/indicator.gif HTTP/1.1" 404 1066
222.69.134.143 - - [04/Jun/2020:08:44:10 +0800] "GET /xingrg/javascript/jquery_tools/images/prev.gif HTTP/1.1" 404 1086
222.69.134.143 - - [04/Jun/2020:08:44:10 +0800] "GET /xingrg/javascript/jquery_tools/images/next.gif HTTP/1.1" 404 1086
222.69.134.143 - - [04/Jun/2020:08:44:17 +0800] "GET /xingrg/kc/buy/cgsh_order_operate.html?command=get_materiel&rest_code=00149&code=00101008323&supplier_code=00100005&order_time=2020-06-04 HTTP/1.1" 200 428
222.69.134.143 - - [04/Jun/2020:08:44:17 +0800] "GET /xingrg/all/function/internal_message.html?_=1591231451058&CODE_STATE=getMsg HTTP/1.1" 200 27
114.84.33.255 - - [04/Jun/2020:08:44:20 +0800] "GET /xingrg/all/function/internal_message.html?_=1591231470375&CODE_STATE=getMsg HTTP/1.1" 200 27
180.162.232.172 - - [04/Jun/2020:08:44:33 +0800] "GET /xingrg/all/function/internal_message.html?_=1591231472249&CODE_STATE=getMsg HTTP/1.1" 200 27
61.172.5.115 - - [04/Jun/2020:08:44:35 +0800] "GET /xingrg/all/function/internal_message.html?_=1591231476220&CODE_STATE=getMsg HTTP/1.1" 302 -
172.17.0.185 - - [04/Jun/2020:08:44:35 +0800] "GET /xingrg/all/function/internal_message.html?_=1591231473977&CODE_STATE=getMsg HTTP/1.1" 302 -
222.69.134.143 - - [04/Jun/2020:08:44:36 +0800] "GET /xingrg/kc/buy/cgsh_order_operate.html?command=get_materiel&rest_code=00149&code=00101008175&supplier_code=00100005&order_time=2020-06-04 HTTP/1.1" 200 412
114.88.170.9 - - [04/Jun/2020:08:44:36 +0800] "GET /xingrg/all/function/internal_message.html?_=1591231472690&CODE_STATE=getMsg HTTP/1.1" 200 27
114.86.190.97 - - [04/Jun/2020:08:44:37 +0800] "GET /xingrg/check_reg.html?_=1591231478790 HTTP/1.1" 200 22
114.86.190.97 - - [04/Jun/2020:08:44:37 +0800] "GET /xingrg/all/function/internal_message.html?_=1591231478913&CODE_STATE=getMsg HTTP/1.1" 200 27
180.162.232.172 - - [04/Jun/2020:08:44:43 +0800] "GET /xingrg/all/function/internal_message.html?_=1591231616659&CODE_STATE=getMsg HTTP/1.1" 200 27
114.86.190.97 - - [04/Jun/2020:08:44:45 +0800] "POST /xingrg/kc/buy/cgsh_order_operate.html HTTP/1.1" 200 2065
114.84.33.255 - - [04/Jun/2020:08:44:47 +0800] "GET /xingrg/all/function/internal_message.html?_=1591231500496&CODE_STATE=getMsg HTTP/1.1" 200 27
172.17.0.240 - - [04/Jun/2020:08:44:49 +0800] "GET /xingrg/all/function/internal_message.html?_=1591231487366&CODE_STATE=getMsg HTTP/1.1" 200 27
222.69.134.143 - - [04/Jun/2020:08:45:17 +0800] "GET /xingrg/all/function/internal_message.html?_=1591231511065&CODE_STATE=getMsg HTTP/1.1" 200 27
114.84.33.255 - - [04/Jun/2020:08:45:20 +0800] "GET /xingrg/all/function/internal_message.html?_=1591231530389&CODE_STATE=getMsg HTTP/1.1" 200 27
180.162.232.172 - - [04/Jun/2020:08:45:33 +0800] "GET /xingrg/all/function/internal_message.html?_=1591231532250&CODE_STATE=getMsg HTTP/1.1" 200 27
61.172.5.115 - - [04/Jun/2020:08:45:35 +0800] "GET /xingrg/all/function/internal_message.html?_=1591231536219&CODE_STATE=getMsg HTTP/1.1" 302 -
172.17.0.185 - - [04/Jun/2020:08:45:35 +0800] "GET /xingrg/all/function/internal_message.html?_=1591231533980&CODE_STATE=getMsg HTTP/1.1" 302 -
114.88.170.9 - - [04/Jun/2020:08:45:36 +0800] "GET /xingrg/all/function/internal_message.html?_=1591231532761&CODE_STATE=getMsg HTTP/1.1" 200 27
114.86.190.97 - - [04/Jun/2020:08:45:37 +0800] "GET /xingrg/all/function/internal_message.html?_=1591231538904&CODE_STATE=getMsg HTTP/1.1" 200 27
180.162.232.172 - - [04/Jun/2020:08:45:43 +0800] "GET /xingrg/all/function/internal_message.html?_=1591231676672&CODE_STATE=getMsg HTTP/1.1" 200 27
114.84.33.255 - - [04/Jun/2020:08:45:47 +0800] "GET /xingrg/all/function/internal_message.html?_=1591231560509&CODE_STATE=getMsg HTTP/1.1" 200 27
172.17.0.240 - - [04/Jun/2020:08:45:49 +0800] "GET /xingrg/all/function/internal_message.html?_=1591231547367&CODE_STATE=getMsg HTTP/1.1" 200 27
222.69.134.143 - - [04/Jun/2020:08:46:10 +0800] "GET /xingrg/kc/buy/cgsh_order_operate.html?command=get_materiel&rest_code=00149&code=00101008176&supplier_code=00100005&order_time=2020-06-04 HTTP/1.1" 200 413
222.69.134.143 - - [04/Jun/2020:08:46:17 +0800] "GET /xingrg/all/function/internal_message.html?_=1591231571062&CODE_STATE=getMsg HTTP/1.1" 200 27
222.69.134.143 - - [04/Jun/2020:08:46:17 +0800] "GET /xingrg/check_reg.html?_=1591231571064 HTTP/1.1" 200 22
114.84.33.255 - - [04/Jun/2020:08:46:20 +0800] "GET /xingrg/check_reg.html?_=1591231590281 HTTP/1.1" 200 22
114.84.33.255 - - [04/Jun/2020:08:46:20 +0800] "GET /xingrg/all/function/internal_message.html?_=1591231590450&CODE_STATE=getMsg HTTP/1.1" 200 27
180.162.232.172 - - [04/Jun/2020:08:46:33 +0800] "GET /xingrg/all/function/internal_message.html?_=1591231592250&CODE_STATE=getMsg HTTP/1.1" 200 27
61.172.5.115 - - [04/Jun/2020:08:46:35 +0800] "GET /xingrg/check_reg.html?_=1591231596172 HTTP/1.1" 302 -
61.172.5.115 - - [04/Jun/2020:08:46:35 +0800] "GET /xingrg/all/function/internal_message.html?_=1591231596222&CODE_STATE=getMsg HTTP/1.1" 302 -
172.17.0.185 - - [04/Jun/2020:08:46:35 +0800] "GET /xingrg/all/function/internal_message.html?_=1591231593983&CODE_STATE=getMsg HTTP/1.1" 302 -
172.17.0.185 - - [04/Jun/2020:08:46:35 +0800] "GET /xingrg/check_reg.html?_=1591231593985 HTTP/1.1" 302 -
114.88.170.9 - - [04/Jun/2020:08:46:36 +0800] "GET /xingrg/all/function/internal_message.html?_=1591231592764&CODE_STATE=getMsg HTTP/1.1" 200 27
114.86.190.97 - - [04/Jun/2020:08:46:37 +0800] "GET /xingrg/all/function/internal_message.html?_=1591231598878&CODE_STATE=getMsg HTTP/1.1" 200 27
180.162.232.172 - - [04/Jun/2020:08:46:43 +0800] "GET /xingrg/all/function/internal_message.html?_=1591231736793&CODE_STATE=getMsg HTTP/1.1" 200 27
101.85.53.146 - - [04/Jun/2020:08:46:43 +0800] "GET /xingrg/check_reg.html?_=1591231079457 HTTP/1.1" 200 22
222.69.134.143 - - [04/Jun/2020:08:46:46 +0800] "GET /xingrg/kc/buy/cgsh_order_operate.html?command=get_materiel&rest_code=00149&code=00101008091&supplier_code=00100005&order_time=2020-06-04 HTTP/1.1" 200 412
114.84.33.255 - - [04/Jun/2020:08:46:47 +0800] "GET /xingrg/all/function/internal_message.html?_=1591231620529&CODE_STATE=getMsg HTTP/1.1" 200 27
172.17.0.240 - - [04/Jun/2020:08:46:49 +0800] "GET /xingrg/all/function/internal_message.html?_=1591231607369&CODE_STATE=getMsg HTTP/1.1" 200 27
222.69.134.143 - - [04/Jun/2020:08:46:52 +0800] "POST /xingrg/services/DataTransmitService HTTP/1.1" 200 524
222.69.134.143 - - [04/Jun/2020:08:46:58 +0800] "GET /xingrg/kc/buy/cgsh_order_operate.html?command=get_materiel&rest_code=00149&code=00101008256&supplier_code=00100005&order_time=2020-06-04 HTTP/1.1" 200 412
117.131.5.26 - - [04/Jun/2020:08:47:00 +0800] "GET /xingrg/check_reg.html?_=1591231625101 HTTP/1.1" 200 22
116.230.77.149 - - [04/Jun/2020:08:47:03 +0800] "GET /xingrg/login.html HTTP/1.1" 200 7641
116.230.77.149 - - [04/Jun/2020:08:47:04 +0800] "GET /favicon.ico HTTP/1.1" 404 -
222.69.134.143 - - [04/Jun/2020:08:47:08 +0800] "GET /xingrg/kc/buy/cgsh_order_operate.html?command=get_materiel&rest_code=00149&code=00101008302&supplier_code=00100005&order_time=2020-06-04 HTTP/1.1" 200 412
222.69.134.143 - - [04/Jun/2020:08:47:17 +0800] "GET /xingrg/all/function/internal_message.html?_=1591231631060&CODE_STATE=getMsg HTTP/1.1" 200 27
