180.175.212.199 - - [03/Jun/2020:10:12:07 +0800] "GET /xingrg/check_reg.html?_=1591150530759 HTTP/1.1" 200 22
114.84.32.201 - - [03/Jun/2020:10:12:08 +0800] "GET /xingrg/system/rest/get_item.html?table=menu&target=menu_rest_detail&id=1931&sid=12&_=1591150328818 HTTP/1.1" 200 439
180.175.212.199 - - [03/Jun/2020:10:12:09 +0800] "GET /xingrg/all/function/internal_message.html?_=1591150532882&CODE_STATE=getMsg HTTP/1.1" 200 27
114.88.170.9 - - [03/Jun/2020:10:12:10 +0800] "GET /xingrg/all/function/internal_message.html?_=1591150327366&CODE_STATE=getMsg HTTP/1.1" 200 27
58.40.7.146 - - [03/Jun/2020:10:12:11 +0800] "GET /xingrg/all/function/internal_message.html?_=1591150330627&CODE_STATE=getMsg HTTP/1.1" 200 27
58.40.7.146 - - [03/Jun/2020:10:12:13 +0800] "POST /xingrg/dwr/call/plaincall/AjaxCheckService.setItemNumber.dwr HTTP/1.1" 200 77
114.84.151.157 - - [03/Jun/2020:10:12:16 +0800] "GET /xingrg/all/function/internal_message.html?_=1591150349905&CODE_STATE=getMsg HTTP/1.1" 200 27
114.84.32.201 - - [03/Jun/2020:10:12:16 +0800] "POST /xingrg/system/rest/edit_item.html HTTP/1.1" 200 4
114.84.32.201 - - [03/Jun/2020:10:12:16 +0800] "GET /xingrg/system/rest/get_item.html?table=menu&target=menu_rest&id=1931&_=1591150337294 HTTP/1.1" 200 886
172.17.0.240 - - [03/Jun/2020:10:12:16 +0800] "GET /xingrg/system/rest/query_items.html?_=1591150335736&table=menu&page=1&rows=20&categoryId=&key=%25E5%25B0%258F%25E9%259D%2592%25E9%25BE%2599 HTTP/1.1" 200 1008
180.162.102.27 - - [03/Jun/2020:10:12:18 +0800] "GET /xingrg/all/function/internal_message.html?_=1591149730832&CODE_STATE=getMsg HTTP/1.1" 200 27
117.184.7.30 - - [03/Jun/2020:10:12:19 +0800] "GET /xingrg/all/function/internal_message.html?_=1591150335758&CODE_STATE=getMsg HTTP/1.1" 200 27
180.162.232.172 - - [03/Jun/2020:10:12:20 +0800] "GET /xingrg/all/function/internal_message.html?_=1591150339168&CODE_STATE=getMsg HTTP/1.1" 200 27
222.69.136.136 - - [03/Jun/2020:10:12:20 +0800] "GET /xingrg/all/function/internal_message.html?_=1591150322119&CODE_STATE=getMsg HTTP/1.1" 200 27
172.17.0.240 - - [03/Jun/2020:10:12:24 +0800] "GET /xingrg/system/rest/query_items.html?_=1591150343308&table=menu&page=1&rows=20&categoryId=&key=%25E5%25B0%258F%25E9%259D%2592%25E9%25BE%2599 HTTP/1.1" 200 1008
114.86.227.86 - - [03/Jun/2020:10:12:25 +0800] "GET /xingrg/all/function/internal_message.html?_=1591150423562&CODE_STATE=getMsg HTTP/1.1" 200 27
172.17.0.185 - - [03/Jun/2020:10:12:27 +0800] "GET /xingrg/check_reg.html?_=1591150346800 HTTP/1.1" 200 22
172.17.0.185 - - [03/Jun/2020:10:12:27 +0800] "GET /xingrg/all/function/internal_message.html?_=1591150346801&CODE_STATE=getMsg HTTP/1.1" 200 27
114.86.190.97 - - [03/Jun/2020:10:12:28 +0800] "GET /xingrg/all/function/internal_message.html?_=1591150351178&CODE_STATE=getMsg HTTP/1.1" 200 27
114.84.32.201 - - [03/Jun/2020:10:12:30 +0800] "GET /xingrg/system/rest/query_items.html?_=1591150350672&table=menu&page=1&rows=20&categoryId=&key=%25E5%25B8%25A6%25E9%25B1%25BC HTTP/1.1" 200 2871
114.84.33.255 - - [03/Jun/2020:10:12:30 +0800] "GET /xingrg/all/function/internal_message.html?_=1591150360350&CODE_STATE=getMsg HTTP/1.1" 200 27
117.131.5.26 - - [03/Jun/2020:10:12:33 +0800] "GET /xingrg/system/rest/get_item.html?table=menu&id=1931&_=1591150356258 HTTP/1.1" 200 944
117.131.5.26 - - [03/Jun/2020:10:12:33 +0800] "GET /xingrg/system/rest/get_item.html?table=menu&target=menu_rest&id=1931&_=1591150356273 HTTP/1.1" 200 886
117.131.5.26 - - [03/Jun/2020:10:12:33 +0800] "GET /xingrg/system/rest/get_item.html?table=menu&target=cook_mode&id=1931&_=1591150356273 HTTP/1.1" 200 17346
172.17.0.123 - - [03/Jun/2020:10:12:34 +0800] "GET /xingrg/all/function/internal_message.html?_=1591150335111&CODE_STATE=getMsg HTTP/1.1" 200 27
172.17.0.119 - - [03/Jun/2020:10:12:34 +0800] "GET /xingrg/login.html HTTP/1.1" 200 7636
114.84.32.201 - - [03/Jun/2020:10:12:34 +0800] "GET /xingrg/all/function/internal_message.html?_=1591150355164&CODE_STATE=getMsg HTTP/1.1" 200 27
172.17.0.119 - - [03/Jun/2020:10:12:34 +0800] "GET /favicon.ico HTTP/1.1" 404 -
172.17.0.119 - - [03/Jun/2020:10:12:36 +0800] "POST /xingrg/login.do HTTP/1.1" 302 -
172.17.0.119 - - [03/Jun/2020:10:12:36 +0800] "GET /xingrg/index.html?sysBaseUrl=http%3A%2F%2F172.17.0.8%3A18081%2Fxingrg%2F&costTime=145×tamp=1591150356435 HTTP/1.1" 200 17448
172.17.0.119 - - [03/Jun/2020:10:12:36 +0800] "GET /favicon.ico HTTP/1.1" 404 -
117.131.5.26 - - [03/Jun/2020:10:12:36 +0800] "GET /xingrg/system/rest/get_infos.html?command=menu_img_show&id=1931 HTTP/1.1" 200 5
172.17.0.119 - - [03/Jun/2020:10:12:36 +0800] "POST /xingrg/all/common/load_tree.html?tree=area_rest_tree_json&manage=1 HTTP/1.1" 200 3088
172.17.0.119 - - [03/Jun/2020:10:12:36 +0800] "GET /xingrg/all/function/internal_message.html?_=1591150355389&CODE_STATE=count HTTP/1.1" 200 11
172.17.0.119 - - [03/Jun/2020:10:12:36 +0800] "GET /xingrg/check_reg.html?_=1591150355391 HTTP/1.1" 200 22
172.17.0.119 - - [03/Jun/2020:10:12:37 +0800] "POST /xingrg/load_menu.html HTTP/1.1" 200 11529
58.40.7.146 - - [03/Jun/2020:10:12:39 +0800] "GET /xingrg/all/function/internal_message.html?_=1591150358532&CODE_STATE=getMsg HTTP/1.1" 200 27
117.131.5.26 - - [03/Jun/2020:10:12:39 +0800] "GET /xingrg/system/rest/get_item.html?table=menu&target=menu_rest_detail&id=1931&sid=5&_=1591150362711 HTTP/1.1" 200 440
120.253.135.82 - - [03/Jun/2020:10:12:40 +0800] "GET /xingrg/all/function/internal_message.html?_=1591150114939&CODE_STATE=getMsg HTTP/1.1" 200 27
58.40.7.146 - - [03/Jun/2020:10:12:41 +0800] "POST /xingrg/dwr/call/plaincall/AjaxCheckService.setItemNumber.dwr HTTP/1.1" 200 77
172.17.0.240 - - [03/Jun/2020:10:12:43 +0800] "GET /xingrg/check_reg.html?_=1591150361895 HTTP/1.1" 200 22
172.17.0.240 - - [03/Jun/2020:10:12:43 +0800] "GET /xingrg/all/function/internal_message.html?_=1591150361924&CODE_STATE=getMsg HTTP/1.1" 200 27
101.85.53.146 - - [03/Jun/2020:10:12:44 +0800] "GET /xingrg/all/function/internal_message.html?_=1591149847579&CODE_STATE=getMsg HTTP/1.1" 200 27
58.40.7.146 - - [03/Jun/2020:10:12:46 +0800] "POST /xingrg/dwr/call/plaincall/AjaxCheckService.setItemNumber.dwr HTTP/1.1" 200 77
172.17.0.119 - - [03/Jun/2020:10:12:47 +0800] "POST /xingrg/all/user/operate.html HTTP/1.1" 200 36
172.17.0.119 - - [03/Jun/2020:10:12:47 +0800] "GET /xingrg/javascript/jquery_easy_ui/themes/default/easyui.css HTTP/1.1" 304 -
172.17.0.119 - - [03/Jun/2020:10:12:47 +0800] "GET /xingrg/javascript/jquery_easy_ui/themes/icon.css HTTP/1.1" 304 -
172.17.0.119 - - [03/Jun/2020:10:12:47 +0800] "GET /xingrg/css/form.css HTTP/1.1" 304 -
172.17.0.119 - - [03/Jun/2020:10:12:47 +0800] "GET /xingrg/index.html?sysBaseUrl=http%3A%2F%2F172.17.0.8%3A18081%2Fxingrg%2F&costTime=145×tamp=1591150356435 HTTP/1.1" 200 17454
172.17.0.119 - - [03/Jun/2020:10:12:47 +0800] "GET /xingrg/javascript/jquery-1.4.2.min.js HTTP/1.1" 304 -
172.17.0.119 - - [03/Jun/2020:10:12:47 +0800] "GET /xingrg/javascript/jquery_easy_ui/jquery.easyui.min.js HTTP/1.1" 304 -
172.17.0.119 - - [03/Jun/2020:10:12:47 +0800] "GET /xingrg/javascript/jquery_easy_ui/easyui-lang-zh_CN.js HTTP/1.1" 304 -
172.17.0.119 - - [03/Jun/2020:10:12:47 +0800] "GET /xingrg/javascript/jquery.form.js HTTP/1.1" 304 -
172.17.0.119 - - [03/Jun/2020:10:12:47 +0800] "GET /xingrg/javascript/jquery.utils.js HTTP/1.1" 304 -
172.17.0.119 - - [03/Jun/2020:10:12:47 +0800] "GET /xingrg/javascript/jquery.timers.js HTTP/1.1" 304 -
172.17.0.119 - - [03/Jun/2020:10:12:47 +0800] "GET /xingrg/images/blue/jxLogo.png HTTP/1.1" 304 -
172.17.0.119 - - [03/Jun/2020:10:12:47 +0800] "GET /xingrg/images/blue/navBackgound.jpg HTTP/1.1" 304 -
172.17.0.119 - - [03/Jun/2020:10:12:47 +0800] "GET /xingrg/javascript/jquery_easy_ui/themes/icons/settle_new.png HTTP/1.1" 304 -
172.17.0.119 - - [03/Jun/2020:10:12:47 +0800] "POST /xingrg/all/common/load_tree.html?tree=area_rest_tree_json&manage=1 HTTP/1.1" 200 3088
172.17.0.119 - - [03/Jun/2020:10:12:47 +0800] "GET /xingrg/all/function/internal_message.html?_=1591150366307&CODE_STATE=count HTTP/1.1" 200 11
172.17.0.119 - - [03/Jun/2020:10:12:47 +0800] "GET /xingrg/check_reg.html?_=1591150366310 HTTP/1.1" 200 22
172.17.0.119 - - [03/Jun/2020:10:12:47 +0800] "GET /xingrg/javascript/jquery_easy_ui/themes/default/images/tabs_rightarrow.png HTTP/1.1" 304 -
172.17.0.119 - - [03/Jun/2020:10:12:47 +0800] "GET /xingrg/javascript/jquery_easy_ui/themes/default/images/panel_tool_expand.gif HTTP/1.1" 304 -
172.17.0.119 - - [03/Jun/2020:10:12:47 +0800] "GET /xingrg/javascript/jquery_easy_ui/themes/default/images/panel_tool_collapse.gif HTTP/1.1" 304 -
172.17.0.119 - - [03/Jun/2020:10:12:47 +0800] "GET /xingrg/javascript/jquery_easy_ui/themes/default/images/tabs_leftarrow.png HTTP/1.1" 304 -
172.17.0.119 - - [03/Jun/2020:10:12:47 +0800] "GET /xingrg/images/blue/pingpu.png HTTP/1.1" 304 -
172.17.0.119 - - [03/Jun/2020:10:12:47 +0800] "POST /xingrg/load_menu.html HTTP/1.1" 200 9924
172.17.0.119 - - [03/Jun/2020:10:12:49 +0800] "GET /xingrg/kc/report/report_main.html HTTP/1.1" 200 7325
116.230.77.149 - - [03/Jun/2020:10:12:49 +0800] "GET /xingrg/all/function/internal_message.html?_=1591150370207&CODE_STATE=getMsg HTTP/1.1" 200 27
114.84.32.201 - - [03/Jun/2020:10:12:51 +0800] "GET /xingrg/system/rest/get_item.html?table=menu&id=1932&_=1591150372269 HTTP/1.1" 200 946
114.84.32.201 - - [03/Jun/2020:10:12:51 +0800] "GET /xingrg/system/rest/get_item.html?table=menu&target=menu_rest&id=1932&_=1591150372289 HTTP/1.1" 200 762
114.84.32.201 - - [03/Jun/2020:10:12:51 +0800] "GET /xingrg/system/rest/get_item.html?table=menu&target=cook_mode&id=1932&_=1591150372288 HTTP/1.1" 200 15043
58.40.7.146 - - [03/Jun/2020:10:12:52 +0800] "POST /xingrg/dwr/call/plaincall/AjaxCheckService.setItemNumber.dwr HTTP/1.1" 200 77
114.84.32.201 - - [03/Jun/2020:10:12:52 +0800] "GET /xingrg/system/rest/get_infos.html?command=menu_img_show&id=1932 HTTP/1.1" 200 5
172.17.0.119 - - [03/Jun/2020:10:12:52 +0800] "GET /xingrg/all/report/report_query.html?fileName=kc/base/kc_ck_db_cate.xml HTTP/1.1" 200 54081
172.17.0.119 - - [03/Jun/2020:10:12:52 +0800] "GET /xingrg/dwr/interface/AjaxReportQueryService.js HTTP/1.1" 200 13203
120.253.135.82 - - [03/Jun/2020:10:12:52 +0800] "GET /xingrg/all/function/internal_message.html?_=1591150505732&CODE_STATE=getMsg HTTP/1.1" 200 27
172.17.0.119 - - [03/Jun/2020:10:12:52 +0800] "GET /xingrg/dwr/util.js HTTP/1.1" 304 -
172.17.0.119 - - [03/Jun/2020:10:12:52 +0800] "GET /xingrg/dwr/engine.js HTTP/1.1" 200 43631
172.17.0.119 - - [03/Jun/2020:10:12:52 +0800] "POST /xingrg/dwr/call/plaincall/AjaxReportQueryService.getFixDate.dwr HTTP/1.1" 200 111
172.17.0.119 - - [03/Jun/2020:10:12:52 +0800] "POST /xingrg/dwr/call/plaincall/AjaxReportQueryService.getInitString.dwr HTTP/1.1" 200 1014
172.17.0.119 - - [03/Jun/2020:10:12:53 +0800] "POST /xingrg/dwr/call/plaincall/AjaxReportQueryService.getInitString.dwr HTTP/1.1" 200 1014
172.17.0.100 - - [03/Jun/2020:10:12:53 +0800] "GET /xingrg/all/function/internal_message.html?_=1591150372832&CODE_STATE=getMsg HTTP/1.1" 200 27
172.17.0.119 - - [03/Jun/2020:10:12:53 +0800] "POST /xingrg/all/common/load_tree.html?tree=materiel_sort_tree_json HTTP/1.1" 200 8666
172.17.0.119 - - [03/Jun/2020:10:12:54 +0800] "POST /xingrg/dwr/call/plaincall/AjaxReportQueryService.getFixDate.dwr HTTP/1.1" 200 111
172.17.0.120 - - [03/Jun/2020:10:12:56 +0800] "GET /xingrg/check_reg.html?_=1591150374575 HTTP/1.1" 200 22
172.17.0.120 - - [03/Jun/2020:10:12:56 +0800] "GET /xingrg/all/function/internal_message.html?_=1591150374587&CODE_STATE=getMsg HTTP/1.1" 200 27
114.84.32.201 - - [03/Jun/2020:10:12:56 +0800] "GET /xingrg/system/rest/get_item.html?table=menu&target=menu_rest_detail&id=1932&sid=12&_=1591150377436 HTTP/1.1" 200 426
61.172.5.115 - - [03/Jun/2020:10:12:57 +0800] "GET /xingrg/all/function/internal_message.html?_=1591150377932&CODE_STATE=getMsg HTTP/1.1" 302 -
58.40.7.146 - - [03/Jun/2020:10:12:58 +0800] "GET /xingrg/all/function/internal_message.html?_=1591150377614&CODE_STATE=getMsg HTTP/1.1" 200 27
117.131.5.26 - - [03/Jun/2020:10:12:58 +0800] "GET /xingrg/system/rest/query_items.html?_=1591150381867&table=menu&page=1&rows=20&categoryId=&key=dy HTTP/1.1" 200 4839
180.162.232.172 - - [03/Jun/2020:10:12:59 +0800] "GET /xingrg/check_reg.html?_=1591150514503 HTTP/1.1" 200 22
172.17.0.119 - - [03/Jun/2020:10:12:59 +0800] "POST /xingrg/dwr/call/plaincall/AjaxReportQueryService.refreshCache.dwr HTTP/1.1" 200 78
180.162.232.172 - - [03/Jun/2020:10:13:00 +0800] "GET /xingrg/all/function/internal_message.html?_=1591150515016&CODE_STATE=getMsg HTTP/1.1" 200 27
117.131.5.26 - - [03/Jun/2020:10:13:00 +0800] "GET /xingrg/all/function/internal_message.html?_=1591150743724&CODE_STATE=getMsg HTTP/1.1" 200 27
172.17.0.119 - - [03/Jun/2020:10:13:00 +0800] "POST /xingrg/all/report/load_report_page.html HTTP/1.1" 200 5716
172.17.0.119 - - [03/Jun/2020:10:13:00 +0800] "GET /xingrg/servlets/image?cache=0.3854562441955328&image=px HTTP/1.1" 200 807
58.40.7.146 - - [03/Jun/2020:10:13:01 +0800] "POST /xingrg/dwr/call/plaincall/AjaxCheckService.setItemNumber.dwr HTTP/1.1" 200 77
172.17.0.112 - - [03/Jun/2020:10:13:03 +0800] "GET /xingrg/all/function/internal_message.html?_=1591150382614&CODE_STATE=getMsg HTTP/1.1" 200 27
117.131.5.26 - - [03/Jun/2020:10:13:03 +0800] "GET /xingrg/system/rest/get_item.html?table=menu&id=1932&_=1591150386273 HTTP/1.1" 200 946
117.131.5.26 - - [03/Jun/2020:10:13:03 +0800] "GET /xingrg/system/rest/get_item.html?table=menu&target=menu_rest&id=1932&_=1591150386289 HTTP/1.1" 200 762
117.131.5.26 - - [03/Jun/2020:10:13:03 +0800] "GET /xingrg/system/rest/get_item.html?table=menu&target=cook_mode&id=1932&_=1591150386289 HTTP/1.1" 200 15043
172.17.0.119 - - [03/Jun/2020:10:13:04 +0800] "POST /xingrg/all/report/load_report_page.html HTTP/1.1" 200 36577
172.17.0.119 - - [03/Jun/2020:10:13:04 +0800] "GET /xingrg/servlets/image?cache=0.267236712774223&image=px HTTP/1.1" 200 807
222.69.136.136 - - [03/Jun/2020:10:13:05 +0800] "GET /xingrg/check_reg.html?_=1591150381281 HTTP/1.1" 200 22
222.69.136.136 - - [03/Jun/2020:10:13:05 +0800] "GET /xingrg/all/function/internal_message.html?_=1591150381285&CODE_STATE=getMsg HTTP/1.1" 200 27
172.17.0.113 - - [03/Jun/2020:10:13:05 +0800] "GET /xingrg/all/function/internal_message.html?_=1591150385761&CODE_STATE=getMsg HTTP/1.1" 200 27
117.131.5.26 - - [03/Jun/2020:10:13:06 +0800] "GET /xingrg/system/rest/get_infos.html?command=menu_img_show&id=1932 HTTP/1.1" 200 5
117.131.5.26 - - [03/Jun/2020:10:13:07 +0800] "GET /xingrg/all/function/internal_message.html?_=1591150390351&CODE_STATE=getMsg HTTP/1.1" 200 27
114.84.32.201 - - [03/Jun/2020:10:13:07 +0800] "POST /xingrg/system/rest/edit_item.html HTTP/1.1" 200 4
114.84.32.201 - - [03/Jun/2020:10:13:08 +0800] "GET /xingrg/system/rest/get_item.html?table=menu&target=menu_rest&id=1932&_=1591150388452 HTTP/1.1" 200 762
180.175.212.199 - - [03/Jun/2020:10:13:09 +0800] "GET /xingrg/all/function/internal_message.html?_=1591150592895&CODE_STATE=getMsg HTTP/1.1" 200 27
172.17.0.240 - - [03/Jun/2020:10:13:10 +0800] "GET /xingrg/system/rest/get_item.html?table=menu&id=1991&_=1591150389150 HTTP/1.1" 200 950
172.17.0.240 - - [03/Jun/2020:10:13:10 +0800] "GET /xingrg/system/rest/get_item.html?table=menu&target=menu_rest&id=1991&_=1591150389170 HTTP/1.1" 200 910
172.17.0.240 - - [03/Jun/2020:10:13:10 +0800] "GET /xingrg/system/rest/get_item.html?table=menu&target=cook_mode&id=1991&_=1591150389169 HTTP/1.1" 200 6377
114.88.170.9 - - [03/Jun/2020:10:13:10 +0800] "GET /xingrg/all/function/internal_message.html?_=1591150387366&CODE_STATE=getMsg HTTP/1.1" 200 27
172.17.0.240 - - [03/Jun/2020:10:13:11 +0800] "GET /xingrg/system/rest/get_infos.html?command=menu_img_show&id=1991 HTTP/1.1" 200 5
58.40.7.146 - - [03/Jun/2020:10:13:11 +0800] "GET /xingrg/all/function/internal_message.html?_=1591150390629&CODE_STATE=getMsg HTTP/1.1" 200 27
117.131.5.26 - - [03/Jun/2020:10:13:12 +0800] "GET /xingrg/system/rest/get_item.html?table=menu&target=menu_rest_detail&id=1932&sid=5&_=1591150395945 HTTP/1.1" 200 425
114.84.151.157 - - [03/Jun/2020:10:13:16 +0800] "GET /xingrg/all/function/internal_message.html?_=1591150409903&CODE_STATE=getMsg HTTP/1.1" 200 27
180.162.102.27 - - [03/Jun/2020:10:13:18 +0800] "GET /xingrg/all/function/internal_message.html?_=1591149790847&CODE_STATE=getMsg HTTP/1.1" 200 27
114.84.32.201 - - [03/Jun/2020:10:13:19 +0800] "GET /xingrg/system/rest/query_items.html?_=1591150399886&table=menu&page=1&rows=20&categoryId=&key=%25E6%25A2%2585%25E5%25AD%2590%25E9%25B1%25BC HTTP/1.1" 200 325
117.184.7.30 - - [03/Jun/2020:10:13:19 +0800] "GET /xingrg/all/function/internal_message.html?_=1591150395743&CODE_STATE=getMsg HTTP/1.1" 200 27
180.162.232.172 - - [03/Jun/2020:10:13:20 +0800] "GET /xingrg/all/function/internal_message.html?_=1591150399169&CODE_STATE=getMsg HTTP/1.1" 200 27
222.69.136.136 - - [03/Jun/2020:10:13:20 +0800] "GET /xingrg/check_reg.html?_=1591150382123 HTTP/1.1" 200 22
222.69.136.136 - - [03/Jun/2020:10:13:20 +0800] "GET /xingrg/all/function/internal_message.html?_=1591150382126&CODE_STATE=getMsg HTTP/1.1" 200 27
114.84.32.201 - - [03/Jun/2020:10:13:21 +0800] "GET /xingrg/system/rest/get_item.html?table=menu&id=1954&_=1591150402332 HTTP/1.1" 200 1027
114.84.32.201 - - [03/Jun/2020:10:13:21 +0800] "GET /xingrg/system/rest/get_item.html?table=menu&target=cook_mode&id=1954&_=1591150402351 HTTP/1.1" 200 6954
114.84.32.201 - - [03/Jun/2020:10:13:21 +0800] "GET /xingrg/system/rest/get_item.html?table=menu&target=menu_rest&id=1954&_=1591150402352 HTTP/1.1" 200 877
114.84.32.201 - - [03/Jun/2020:10:13:22 +0800] "GET /xingrg/system/rest/get_infos.html?command=menu_img_show&id=1954 HTTP/1.1" 200 5
114.86.227.86 - - [03/Jun/2020:10:13:23 +0800] "GET /xingrg/check_reg.html?_=1591150483406 HTTP/1.1" 200 22
114.86.227.86 - - [03/Jun/2020:10:13:23 +0800] "GET /xingrg/all/function/internal_message.html?_=1591150483562&CODE_STATE=getMsg HTTP/1.1" 200 27
58.40.7.146 - - [03/Jun/2020:10:13:24 +0800] "POST /xingrg/dwr/call/plaincall/AjaxCheckService.setItemNumber.dwr HTTP/1.1" 200 77
114.84.32.201 - - [03/Jun/2020:10:13:26 +0800] "GET /xingrg/system/rest/get_item.html?table=menu&target=menu_rest_detail&id=1954&sid=12&_=1591150406673 HTTP/1.1" 200 426
172.17.0.185 - - [03/Jun/2020:10:13:27 +0800] "GET /xingrg/all/function/internal_message.html?_=1591150406817&CODE_STATE=getMsg HTTP/1.1" 200 27
114.86.190.97 - - [03/Jun/2020:10:13:28 +0800] "GET /xingrg/all/function/internal_message.html?_=1591150411163&CODE_STATE=getMsg HTTP/1.1" 200 27
114.84.33.255 - - [03/Jun/2020:10:13:30 +0800] "GET /xingrg/all/function/internal_message.html?_=1591150420518&CODE_STATE=getMsg HTTP/1.1" 200 27
58.40.7.146 - - [03/Jun/2020:10:13:32 +0800] "POST /xingrg/dwr/call/plaincall/AjaxCheckService.setItemNumber.dwr HTTP/1.1" 200 77
172.17.0.123 - - [03/Jun/2020:10:13:34 +0800] "GET /xingrg/all/function/internal_message.html?_=1591150395101&CODE_STATE=getMsg HTTP/1.1" 200 27
114.84.32.201 - - [03/Jun/2020:10:13:34 +0800] "GET /xingrg/all/function/internal_message.html?_=1591150415162&CODE_STATE=getMsg HTTP/1.1" 200 27
114.84.32.201 - - [03/Jun/2020:10:13:35 +0800] "POST /xingrg/system/rest/edit_item.html HTTP/1.1" 200 4
114.84.32.201 - - [03/Jun/2020:10:13:35 +0800] "GET /xingrg/system/rest/get_item.html?table=menu&target=menu_rest&id=1954&_=1591150416317 HTTP/1.1" 200 877
117.131.5.26 - - [03/Jun/2020:10:13:38 +0800] "GET /xingrg/system/rest/query_items.html?_=1591150421070&table=menu&page=1&rows=20&categoryId=&key=qx HTTP/1.1" 200 4786
120.253.135.82 - - [03/Jun/2020:10:13:38 +0800] "GET /xingrg/check_reg.html?_=1591150551441 HTTP/1.1" 200 22
58.40.7.146 - - [03/Jun/2020:10:13:39 +0800] "GET /xingrg/all/function/internal_message.html?_=1591150418535&CODE_STATE=getMsg HTTP/1.1" 200 27
120.253.135.82 - - [03/Jun/2020:10:13:40 +0800] "GET /xingrg/all/function/internal_message.html?_=1591150174970&CODE_STATE=getMsg HTTP/1.1" 200 27
172.17.0.240 - - [03/Jun/2020:10:13:40 +0800] "GET /xingrg/system/rest/get_item.html?table=menu&target=menu_rest_detail&id=1991&sid=15&_=1591150419303 HTTP/1.1" 200 445
117.131.5.26 - - [03/Jun/2020:10:13:40 +0800] "GET /xingrg/system/rest/get_item.html?table=menu&id=2014&_=1591150423695 HTTP/1.1" 200 970
117.131.5.26 - - [03/Jun/2020:10:13:40 +0800] "GET /xingrg/system/rest/get_item.html?table=menu&target=menu_rest&id=2014&_=1591150423711 HTTP/1.1" 200 779
117.131.5.26 - - [03/Jun/2020:10:13:40 +0800] "GET /xingrg/system/rest/get_item.html?table=menu&target=cook_mode&id=2014&_=1591150423711 HTTP/1.1" 200 14780
58.40.7.146 - - [03/Jun/2020:10:13:42 +0800] "POST /xingrg/dwr/call/plaincall/AjaxCheckService.setItemNumber.dwr HTTP/1.1" 200 77
172.17.0.240 - - [03/Jun/2020:10:13:43 +0800] "GET /xingrg/all/function/internal_message.html?_=1591150421953&CODE_STATE=getMsg HTTP/1.1" 200 27
117.131.5.26 - - [03/Jun/2020:10:13:43 +0800] "GET /xingrg/system/rest/get_infos.html?command=menu_img_show&id=2014 HTTP/1.1" 200 5
101.85.53.146 - - [03/Jun/2020:10:13:44 +0800] "GET /xingrg/all/function/internal_message.html?_=1591149907594&CODE_STATE=getMsg HTTP/1.1" 200 27
172.17.0.240 - - [03/Jun/2020:10:13:47 +0800] "POST /xingrg/system/rest/edit_item.html HTTP/1.1" 200 4
172.17.0.119 - - [03/Jun/2020:10:13:47 +0800] "GET /xingrg/all/function/internal_message.html?_=1591150426315&CODE_STATE=getMsg HTTP/1.1" 200 27
117.131.5.26 - - [03/Jun/2020:10:13:47 +0800] "GET /xingrg/system/rest/get_item.html?table=menu&target=menu_rest_detail&id=2014&sid=5&_=1591150430851 HTTP/1.1" 200 426
114.84.32.201 - - [03/Jun/2020:10:13:48 +0800] "GET /xingrg/system/rest/query_items.html?_=1591150428805&table=menu&page=1&rows=20&categoryId=&key=%25E8%2586%258F%25E8%259F%25B9 HTTP/1.1" 200 1260
116.230.77.149 - - [03/Jun/2020:10:13:49 +0800] "GET /xingrg/all/function/internal_message.html?_=1591150430208&CODE_STATE=getMsg HTTP/1.1" 200 27
114.84.32.201 - - [03/Jun/2020:10:13:50 +0800] "GET /xingrg/system/rest/get_item.html?table=menu&id=2013&_=1591150431275 HTTP/1.1" 200 970
114.84.32.201 - - [03/Jun/2020:10:13:50 +0800] "GET /xingrg/system/rest/get_item.html?table=menu&target=menu_rest&id=2013&_=1591150431292 HTTP/1.1" 200 780
114.84.32.201 - - [03/Jun/2020:10:13:50 +0800] "GET /xingrg/system/rest/get_item.html?table=menu&target=cook_mode&id=2013&_=1591150431291 HTTP/1.1" 200 15971
114.84.32.201 - - [03/Jun/2020:10:13:51 +0800] "GET /xingrg/system/rest/get_infos.html?command=menu_img_show&id=2013 HTTP/1.1" 200 5
120.253.135.82 - - [03/Jun/2020:10:13:52 +0800] "GET /xingrg/all/function/internal_message.html?_=1591150565746&CODE_STATE=getMsg HTTP/1.1" 200 27
172.17.0.100 - - [03/Jun/2020:10:13:53 +0800] "GET /xingrg/check_reg.html?_=1591150432836 HTTP/1.1" 200 22
172.17.0.100 - - [03/Jun/2020:10:13:53 +0800] "GET /xingrg/all/function/internal_message.html?_=1591150432840&CODE_STATE=getMsg HTTP/1.1" 200 27
172.17.0.240 - - [03/Jun/2020:10:13:54 +0800] "POST /xingrg/system/rest/edit_item.html HTTP/1.1" 200 4
172.17.0.240 - - [03/Jun/2020:10:13:54 +0800] "GET /xingrg/system/rest/get_item.html?table=menu&id=1991&_=1591150432974 HTTP/1.1" 200 950
114.84.32.201 - - [03/Jun/2020:10:13:54 +0800] "GET /xingrg/system/rest/get_item.html?table=menu&target=menu_rest_detail&id=2013&sid=12&_=1591150435038 HTTP/1.1" 200 429
172.17.0.240 - - [03/Jun/2020:10:13:55 +0800] "GET /xingrg/system/rest/query_items.html?_=1591150433872&table=menu&page=1&rows=20&categoryId=&key=%25E5%25B0%258F%25E9%259D%2592%25E9%25BE%2599 HTTP/1.1" 200 1008
172.17.0.120 - - [03/Jun/2020:10:13:56 +0800] "GET /xingrg/all/function/internal_message.html?_=1591150434579&CODE_STATE=getMsg HTTP/1.1" 200 27
61.172.5.115 - - [03/Jun/2020:10:13:57 +0800] "GET /xingrg/all/function/internal_message.html?_=1591150437930&CODE_STATE=getMsg HTTP/1.1" 302 -
58.40.7.146 - - [03/Jun/2020:10:13:58 +0800] "GET /xingrg/all/function/internal_message.html?_=1591150437618&CODE_STATE=getMsg HTTP/1.1" 200 27
117.131.5.26 - - [03/Jun/2020:10:13:59 +0800] "GET /xingrg/system/rest/query_items.html?_=1591150442179&table=menu&page=1&rows=20&categoryId=&key=lhb HTTP/1.1" 200 3181
58.40.7.146 - - [03/Jun/2020:10:13:59 +0800] "POST /xingrg/dwr/call/plaincall/AjaxCheckService.setItemNumber.dwr HTTP/1.1" 200 77
180.162.232.172 - - [03/Jun/2020:10:14:00 +0800] "GET /xingrg/all/function/internal_message.html?_=1591150575029&CODE_STATE=getMsg HTTP/1.1" 200 27
117.131.5.26 - - [03/Jun/2020:10:14:00 +0800] "GET /xingrg/check_reg.html?_=1591150803721 HTTP/1.1" 200 22
117.131.5.26 - - [03/Jun/2020:10:14:00 +0800] "GET /xingrg/all/function/internal_message.html?_=1591150803722&CODE_STATE=getMsg HTTP/1.1" 200 27
117.131.5.26 - - [03/Jun/2020:10:14:01 +0800] "GET /xingrg/system/rest/get_item.html?table=menu&id=1908&_=1591150444601 HTTP/1.1" 200 962
117.131.5.26 - - [03/Jun/2020:10:14:01 +0800] "GET /xingrg/system/rest/get_item.html?table=menu&target=menu_rest&id=1908&_=1591150444617 HTTP/1.1" 200 766
117.131.5.26 - - [03/Jun/2020:10:14:01 +0800] "GET /xingrg/system/rest/get_item.html?table=menu&target=cook_mode&id=1908&_=1591150444617 HTTP/1.1" 200 17457
172.17.0.112 - - [03/Jun/2020:10:14:03 +0800] "GET /xingrg/all/function/internal_message.html?_=1591150442621&CODE_STATE=getMsg HTTP/1.1" 200 27
117.131.5.26 - - [03/Jun/2020:10:14:04 +0800] "GET /xingrg/system/rest/get_infos.html?command=menu_img_show&id=1908 HTTP/1.1" 200 5
222.69.136.136 - - [03/Jun/2020:10:14:05 +0800] "GET /xingrg/all/function/internal_message.html?_=1591150441284&CODE_STATE=getMsg HTTP/1.1" 200 27
172.17.0.113 - - [03/Jun/2020:10:14:05 +0800] "GET /xingrg/all/function/internal_message.html?_=1591150445761&CODE_STATE=getMsg HTTP/1.1" 200 27
58.40.7.146 - - [03/Jun/2020:10:14:06 +0800] "POST /xingrg/dwr/call/plaincall/AjaxCheckService.setItemNumber.dwr HTTP/1.1" 200 77
117.131.5.26 - - [03/Jun/2020:10:14:07 +0800] "GET /xingrg/system/rest/get_item.html?table=menu&target=menu_rest_detail&id=1908&sid=5&_=1591150450320 HTTP/1.1" 200 425
117.131.5.26 - - [03/Jun/2020:10:14:07 +0800] "GET /xingrg/all/function/internal_message.html?_=1591150450726&CODE_STATE=getMsg HTTP/1.1" 200 27
180.175.212.199 - - [03/Jun/2020:10:14:09 +0800] "GET /xingrg/all/function/internal_message.html?_=1591150652909&CODE_STATE=getMsg HTTP/1.1" 200 27
114.88.170.9 - - [03/Jun/2020:10:14:10 +0800] "GET /xingrg/all/function/internal_message.html?_=1591150447367&CODE_STATE=getMsg HTTP/1.1" 200 27
58.40.7.146 - - [03/Jun/2020:10:14:11 +0800] "GET /xingrg/all/function/internal_message.html?_=1591150450631&CODE_STATE=getMsg HTTP/1.1" 200 27
114.84.32.201 - - [03/Jun/2020:10:14:11 +0800] "POST /xingrg/system/rest/edit_item.html HTTP/1.1" 200 4
114.84.32.201 - - [03/Jun/2020:10:14:11 +0800] "GET /xingrg/system/rest/get_item.html?table=menu&target=menu_rest&id=2013&_=1591150452224 HTTP/1.1" 200 780
114.84.151.157 - - [03/Jun/2020:10:14:16 +0800] "GET /xingrg/all/function/internal_message.html?_=1591150469901&CODE_STATE=getMsg HTTP/1.1" 200 27
172.17.0.240 - - [03/Jun/2020:10:14:18 +0800] "GET /xingrg/system/rest/query_items.html?_=1591150457146&table=menu&page=1&rows=20&categoryId=&key=%25E5%25B8%259D%25E7%258E%258B%25E8%259F%25B9 HTTP/1.1" 200 972
180.162.102.27 - - [03/Jun/2020:10:14:18 +0800] "GET /xingrg/all/function/internal_message.html?_=1591149850844&CODE_STATE=getMsg HTTP/1.1" 200 27
172.17.0.240 - - [03/Jun/2020:10:14:19 +0800] "GET /xingrg/system/rest/query_items.html?_=1591150458343&table=menu&page=1&rows=20&categoryId=&key=%25E5%25B8%259D%25E7%258E%258B%25E8%259F%25B9 HTTP/1.1" 200 972
117.184.7.30 - - [03/Jun/2020:10:14:19 +0800] "GET /xingrg/all/function/internal_message.html?_=1591150455729&CODE_STATE=getMsg HTTP/1.1" 200 27
180.162.232.172 - - [03/Jun/2020:10:14:20 +0800] "GET /xingrg/all/function/internal_message.html?_=1591150459174&CODE_STATE=getMsg HTTP/1.1" 200 27
222.69.136.136 - - [03/Jun/2020:10:14:20 +0800] "GET /xingrg/all/function/internal_message.html?_=1591150442112&CODE_STATE=getMsg HTTP/1.1" 200 27
117.131.5.26 - - [03/Jun/2020:10:14:21 +0800] "GET /xingrg/system/rest/query_items.html?_=1591150464164&table=menu&page=1&rows=20&categoryId=&key=xbl HTTP/1.1" 200 1174
114.86.227.86 - - [03/Jun/2020:10:14:22 +0800] "GET /xingrg/all/function/internal_message.html?_=1591150543562&CODE_STATE=getMsg HTTP/1.1" 200 27
172.17.0.240 - - [03/Jun/2020:10:14:22 +0800] "GET /xingrg/system/rest/get_item.html?table=menu&id=2023&_=1591150461049 HTTP/1.1" 200 953
172.17.0.240 - - [03/Jun/2020:10:14:22 +0800] "GET /xingrg/system/rest/get_item.html?table=menu&target=menu_rest&id=2023&_=1591150461074 HTTP/1.1" 200 956
172.17.0.240 - - [03/Jun/2020:10:14:22 +0800] "GET /xingrg/system/rest/get_item.html?table=menu&target=cook_mode&id=2023&_=1591150461073 HTTP/1.1" 200 28163
114.84.32.201 - - [03/Jun/2020:10:14:22 +0800] "GET /xingrg/system/rest/query_items.html?_=1591150463049&table=menu&page=1&rows=20&categoryId=&key=%25E9%259D%2592%25E5%258F%25A3%25E8%25B4%259D HTTP/1.1" 200 694
172.17.0.240 - - [03/Jun/2020:10:14:23 +0800] "GET /xingrg/system/rest/get_infos.html?command=menu_img_show&id=2023 HTTP/1.1" 200 5
172.17.0.240 - - [03/Jun/2020:10:14:25 +0800] "GET /xingrg/system/rest/get_item.html?table=menu&id=4460&_=1591150464494 HTTP/1.1" 200 968
172.17.0.240 - - [03/Jun/2020:10:14:25 +0800] "GET /xingrg/system/rest/get_item.html?table=menu&target=menu_rest&id=4460&_=1591150464524 HTTP/1.1" 200 554
172.17.0.240 - - [03/Jun/2020:10:14:25 +0800] "GET /xingrg/system/rest/get_item.html?table=menu&target=cook_mode&id=4460&_=1591150464523 HTTP/1.1" 200 3954
172.17.0.240 - - [03/Jun/2020:10:14:26 +0800] "GET /xingrg/system/rest/get_infos.html?command=menu_img_show&id=4460 HTTP/1.1" 200 5
172.17.0.185 - - [03/Jun/2020:10:14:27 +0800] "GET /xingrg/all/function/internal_message.html?_=1591150466807&CODE_STATE=getMsg HTTP/1.1" 200 27
172.17.0.119 - - [03/Jun/2020:10:14:28 +0800] "POST /xingrg/all/user/operate.html HTTP/1.1" 200 36
172.17.0.119 - - [03/Jun/2020:10:14:28 +0800] "GET /xingrg/index.html?sysBaseUrl=http%3A%2F%2F172.17.0.8%3A18081%2Fxingrg%2F&costTime=145×tamp=1591150356435 HTTP/1.1" 200 17448
172.17.0.119 - - [03/Jun/2020:10:14:28 +0800] "GET /xingrg/javascript/jquery_easy_ui/themes/default/easyui.css HTTP/1.1" 304 -
172.17.0.119 - - [03/Jun/2020:10:14:28 +0800] "GET /xingrg/javascript/jquery_easy_ui/themes/icon.css HTTP/1.1" 304 -
172.17.0.119 - - [03/Jun/2020:10:14:28 +0800] "GET /xingrg/css/form.css HTTP/1.1" 304 -
172.17.0.119 - - [03/Jun/2020:10:14:28 +0800] "GET /xingrg/javascript/jquery-1.4.2.min.js HTTP/1.1" 304 -
172.17.0.119 - - [03/Jun/2020:10:14:28 +0800] "GET /xingrg/javascript/jquery_easy_ui/jquery.easyui.min.js HTTP/1.1" 304 -
172.17.0.119 - - [03/Jun/2020:10:14:28 +0800] "GET /xingrg/javascript/jquery_easy_ui/easyui-lang-zh_CN.js HTTP/1.1" 304 -
172.17.0.119 - - [03/Jun/2020:10:14:28 +0800] "GET /xingrg/javascript/jquery.form.js HTTP/1.1" 304 -
172.17.0.119 - - [03/Jun/2020:10:14:28 +0800] "GET /xingrg/javascript/jquery.utils.js HTTP/1.1" 304 -
172.17.0.119 - - [03/Jun/2020:10:14:28 +0800] "GET /xingrg/javascript/jquery.timers.js HTTP/1.1" 304 -
172.17.0.119 - - [03/Jun/2020:10:14:28 +0800] "GET /xingrg/images/blue/jxLogo.png HTTP/1.1" 304 -
172.17.0.119 - - [03/Jun/2020:10:14:28 +0800] "GET /xingrg/javascript/jquery_easy_ui/themes/icons/settle_new.png HTTP/1.1" 304 -
172.17.0.119 - - [03/Jun/2020:10:14:28 +0800] "GET /xingrg/images/blue/navBackgound.jpg HTTP/1.1" 304 -
172.17.0.119 - - [03/Jun/2020:10:14:28 +0800] "POST /xingrg/all/common/load_tree.html?tree=area_rest_tree_json&manage=1 HTTP/1.1" 200 3088
172.17.0.119 - - [03/Jun/2020:10:14:28 +0800] "GET /xingrg/all/function/internal_message.html?_=1591150467078&CODE_STATE=count HTTP/1.1" 200 11
172.17.0.119 - - [03/Jun/2020:10:14:28 +0800] "GET /xingrg/check_reg.html?_=1591150467080 HTTP/1.1" 200 22
172.17.0.119 - - [03/Jun/2020:10:14:28 +0800] "GET /xingrg/javascript/jquery_easy_ui/themes/default/images/tabs_leftarrow.png HTTP/1.1" 304 -
172.17.0.119 - - [03/Jun/2020:10:14:28 +0800] "GET /xingrg/javascript/jquery_easy_ui/themes/default/images/tabs_rightarrow.png HTTP/1.1" 304 -
172.17.0.119 - - [03/Jun/2020:10:14:28 +0800] "GET /xingrg/javascript/jquery_easy_ui/themes/default/images/panel_tool_expand.gif HTTP/1.1" 304 -
172.17.0.119 - - [03/Jun/2020:10:14:28 +0800] "GET /xingrg/javascript/jquery_easy_ui/themes/default/images/panel_tool_collapse.gif HTTP/1.1" 304 -
172.17.0.119 - - [03/Jun/2020:10:14:28 +0800] "GET /xingrg/images/blue/pingpu.png HTTP/1.1" 304 -
172.17.0.119 - - [03/Jun/2020:10:14:28 +0800] "POST /xingrg/load_menu.html HTTP/1.1" 200 9924
172.17.0.240 - - [03/Jun/2020:10:14:28 +0800] "GET /xingrg/system/rest/get_item.html?table=menu&target=menu_rest_detail&id=4460&sid=16&_=1591150467389 HTTP/1.1" 200 428
114.86.190.97 - - [03/Jun/2020:10:14:28 +0800] "GET /xingrg/all/function/internal_message.html?_=1591150471138&CODE_STATE=getMsg HTTP/1.1" 200 27
172.17.0.119 - - [03/Jun/2020:10:14:29 +0800] "GET /xingrg/kc/report/report_main.html HTTP/1.1" 200 7325
114.84.33.255 - - [03/Jun/2020:10:14:30 +0800] "GET /xingrg/all/function/internal_message.html?_=1591150480536&CODE_STATE=getMsg HTTP/1.1" 200 27
172.17.0.119 - - [03/Jun/2020:10:14:32 +0800] "GET /xingrg/all/report/report_query.html?fileName=kc/base/kc_ck_db_cate.xml HTTP/1.1" 200 54081
172.17.0.119 - - [03/Jun/2020:10:14:32 +0800] "GET /xingrg/dwr/interface/AjaxReportQueryService.js HTTP/1.1" 200 13203
172.17.0.119 - - [03/Jun/2020:10:14:32 +0800] "GET /xingrg/dwr/engine.js HTTP/1.1" 200 43631
172.17.0.119 - - [03/Jun/2020:10:14:32 +0800] "POST /xingrg/dwr/call/plaincall/AjaxReportQueryService.getFixDate.dwr HTTP/1.1" 200 111
172.17.0.119 - - [03/Jun/2020:10:14:32 +0800] "POST /xingrg/dwr/call/plaincall/AjaxReportQueryService.getInitString.dwr HTTP/1.1" 200 921
172.17.0.119 - - [03/Jun/2020:10:14:32 +0800] "POST /xingrg/dwr/call/plaincall/AjaxReportQueryService.getInitString.dwr HTTP/1.1" 200 921
172.17.0.119 - - [03/Jun/2020:10:14:32 +0800] "POST /xingrg/all/common/load_tree.html?tree=materiel_sort_tree_json HTTP/1.1" 200 8666
117.131.5.26 - - [03/Jun/2020:10:14:33 +0800] "GET /xingrg/system/rest/query_items.html?_=1591150476258&table=menu&page=1&rows=20&categoryId=&key=bsdlx HTTP/1.1" 200 1793
172.17.0.123 - - [03/Jun/2020:10:14:34 +0800] "GET /xingrg/all/function/internal_message.html?_=1591150455105&CODE_STATE=getMsg HTTP/1.1" 200 27
172.17.0.240 - - [03/Jun/2020:10:14:34 +0800] "POST /xingrg/system/rest/edit_item.html HTTP/1.1" 200 4
172.17.0.240 - - [03/Jun/2020:10:14:34 +0800] "GET /xingrg/system/rest/get_item.html?table=menu&target=menu_rest&id=4460&_=1591150473157 HTTP/1.1" 200 554
120.253.135.82 - - [03/Jun/2020:10:14:34 +0800] "GET /xingrg/check_reg.html?_=1591150228977 HTTP/1.1" 200 22
114.84.32.201 - - [03/Jun/2020:10:14:34 +0800] "GET /xingrg/check_reg.html?_=1591150475158 HTTP/1.1" 200 22
114.84.32.201 - - [03/Jun/2020:10:14:34 +0800] "GET /xingrg/all/function/internal_message.html?_=1591150475161&CODE_STATE=getMsg HTTP/1.1" 200 27
172.17.0.119 - - [03/Jun/2020:10:14:35 +0800] "POST /xingrg/dwr/call/plaincall/AjaxReportQueryService.getFixDate.dwr HTTP/1.1" 200 111
117.131.5.26 - - [03/Jun/2020:10:14:36 +0800] "GET /xingrg/system/rest/get_item.html?table=menu&id=1987&_=1591150479273 HTTP/1.1" 200 958
117.131.5.26 - - [03/Jun/2020:10:14:36 +0800] "GET /xingrg/system/rest/get_item.html?table=menu&target=menu_rest&id=1987&_=1591150479289 HTTP/1.1" 200 889
117.131.5.26 - - [03/Jun/2020:10:14:36 +0800] "GET /xingrg/system/rest/get_item.html?table=menu&target=cook_mode&id=1987&_=1591150479289 HTTP/1.1" 200 12014
114.84.32.201 - - [03/Jun/2020:10:14:38 +0800] "GET /xingrg/system/rest/get_item.html?table=menu&id=7099&_=1591150478724 HTTP/1.1" 200 950
114.84.32.201 - - [03/Jun/2020:10:14:38 +0800] "GET /xingrg/system/rest/get_item.html?table=menu&target=menu_rest&id=7099&_=1591150478744 HTTP/1.1" 200 59
114.84.32.201 - - [03/Jun/2020:10:14:38 +0800] "GET /xingrg/system/rest/get_item.html?table=menu&target=cook_mode&id=7099&_=1591150478742 HTTP/1.1" 200 1652
114.84.32.201 - - [03/Jun/2020:10:14:39 +0800] "GET /xingrg/system/rest/get_infos.html?command=menu_img_show&id=7099 HTTP/1.1" 200 5
58.40.7.146 - - [03/Jun/2020:10:14:39 +0800] "GET /xingrg/all/function/internal_message.html?_=1591150478536&CODE_STATE=getMsg HTTP/1.1" 200 27
117.131.5.26 - - [03/Jun/2020:10:14:39 +0800] "GET /xingrg/system/rest/get_infos.html?command=menu_img_show&id=1987 HTTP/1.1" 200 5
120.253.135.82 - - [03/Jun/2020:10:14:40 +0800] "GET /xingrg/all/function/internal_message.html?_=1591150234982&CODE_STATE=getMsg HTTP/1.1" 200 27
172.17.0.119 - - [03/Jun/2020:10:14:40 +0800] "POST /xingrg/dwr/call/plaincall/AjaxReportQueryService.refreshCache.dwr HTTP/1.1" 200 78
172.17.0.119 - - [03/Jun/2020:10:14:41 +0800] "POST /xingrg/all/report/load_report_page.html HTTP/1.1" 200 5718
172.17.0.119 - - [03/Jun/2020:10:14:41 +0800] "GET /xingrg/servlets/image?cache=0.3975562040120969&image=px HTTP/1.1" 200 807
58.40.7.146 - - [03/Jun/2020:10:14:42 +0800] "POST /xingrg/dwr/call/plaincall/AjaxCheckService.setItemNumber.dwr HTTP/1.1" 200 77
172.17.0.240 - - [03/Jun/2020:10:14:43 +0800] "GET /xingrg/all/function/internal_message.html?_=1591150481926&CODE_STATE=getMsg HTTP/1.1" 200 27
114.84.32.201 - - [03/Jun/2020:10:14:43 +0800] "POST /xingrg/system/rest/edit_item.html HTTP/1.1" 200 -
172.17.0.119 - - [03/Jun/2020:10:14:43 +0800] "POST /xingrg/all/report/load_report_page.html HTTP/1.1" 200 25759
172.17.0.119 - - [03/Jun/2020:10:14:43 +0800] "GET /xingrg/servlets/image?cache=0.5693206495850796&image=px HTTP/1.1" 200 807
114.84.32.201 - - [03/Jun/2020:10:14:44 +0800] "GET /xingrg/system/rest/query_items.html?_=1591150484896&table=menu&page=1&rows=20&categoryId=&key=%25E9%259D%2592%25E5%258F%25A3%25E8%25B4%259D HTTP/1.1" 200 467
101.85.53.146 - - [03/Jun/2020:10:14:44 +0800] "GET /xingrg/all/function/internal_message.html?_=1591149967595&CODE_STATE=getMsg HTTP/1.1" 200 27
117.131.5.26 - - [03/Jun/2020:10:14:44 +0800] "GET /xingrg/system/rest/get_item.html?table=menu&target=menu_rest_detail&id=1987&sid=5&_=1591150487961 HTTP/1.1" 200 440
101.85.53.146 - - [03/Jun/2020:10:14:45 +0800] "GET /xingrg/check_reg.html?_=1591149967594 HTTP/1.1" 200 22
222.69.136.136 - - [03/Jun/2020:10:14:49 +0800] "GET /xingrg/kc/buy/cgsh_order_add.html HTTP/1.1" 200 58787
116.230.77.149 - - [03/Jun/2020:10:14:49 +0800] "GET /xingrg/all/function/internal_message.html?_=1591150490197&CODE_STATE=getMsg HTTP/1.1" 200 27
222.69.136.136 - - [03/Jun/2020:10:14:50 +0800] "POST /xingrg/kc/buy/cgsh_order_operate.html HTTP/1.1" 200 8245
222.69.136.136 - - [03/Jun/2020:10:14:50 +0800] "GET /xingrg/javascript/easyui/themes/default/validatebox.css HTTP/1.1" 404 1104
114.84.32.201 - - [03/Jun/2020:10:14:50 +0800] "GET /xingrg/system/rest/get_item.html?table=menu&id=2121&_=1591150490783 HTTP/1.1" 200 943
114.84.32.201 - - [03/Jun/2020:10:14:50 +0800] "GET /xingrg/system/rest/get_item.html?table=menu&target=cook_mode&id=2121&_=1591150490799 HTTP/1.1" 200 4431
114.84.32.201 - - [03/Jun/2020:10:14:50 +0800] "GET /xingrg/system/rest/get_item.html?table=menu&target=menu_rest&id=2121&_=1591150490801 HTTP/1.1" 200 449
114.84.32.201 - - [03/Jun/2020:10:14:51 +0800] "GET /xingrg/system/rest/get_infos.html?command=menu_img_show&id=2121 HTTP/1.1" 200 5
58.40.7.146 - - [03/Jun/2020:10:14:51 +0800] "POST /xingrg/dwr/call/plaincall/AjaxCheckService.setItemNumber.dwr HTTP/1.1" 200 77
120.253.135.82 - - [03/Jun/2020:10:14:52 +0800] "GET /xingrg/all/function/internal_message.html?_=1591150625764&CODE_STATE=getMsg HTTP/1.1" 200 27
172.17.0.100 - - [03/Jun/2020:10:14:53 +0800] "GET /xingrg/all/function/internal_message.html?_=1591150492827&CODE_STATE=getMsg HTTP/1.1" 200 27
172.17.0.120 - - [03/Jun/2020:10:14:56 +0800] "GET /xingrg/all/function/internal_message.html?_=1591150494583&CODE_STATE=getMsg HTTP/1.1" 200 27
58.40.7.146 - - [03/Jun/2020:10:14:56 +0800] "POST /xingrg/dwr/call/plaincall/AjaxCheckService.setItemNumber.dwr HTTP/1.1" 200 77
61.172.5.115 - - [03/Jun/2020:10:14:57 +0800] "GET /xingrg/all/function/internal_message.html?_=1591150497904&CODE_STATE=getMsg HTTP/1.1" 302 -
114.84.32.201 - - [03/Jun/2020:10:14:57 +0800] "GET /xingrg/system/rest/get_item.html?table=menu&target=menu_rest_detail&id=2121&sid=12&_=1591150498176 HTTP/1.1" 200 426
58.40.7.146 - - [03/Jun/2020:10:14:58 +0800] "GET /xingrg/all/function/internal_message.html?_=1591150497609&CODE_STATE=getMsg HTTP/1.1" 200 27
180.162.232.172 - - [03/Jun/2020:10:15:00 +0800] "GET /xingrg/all/function/internal_message.html?_=1591150635042&CODE_STATE=getMsg HTTP/1.1" 200 27
117.131.5.26 - - [03/Jun/2020:10:15:00 +0800] "GET /xingrg/all/function/internal_message.html?_=1591150863719&CODE_STATE=getMsg HTTP/1.1" 200 27
172.17.0.112 - - [03/Jun/2020:10:15:03 +0800] "GET /xingrg/all/function/internal_message.html?_=1591150502615&CODE_STATE=getMsg HTTP/1.1" 200 27
222.69.136.136 - - [03/Jun/2020:10:15:05 +0800] "GET /xingrg/all/function/internal_message.html?_=1591150501288&CODE_STATE=getMsg HTTP/1.1" 200 27
172.17.0.113 - - [03/Jun/2020:10:15:05 +0800] "GET /xingrg/all/function/internal_message.html?_=1591150505762&CODE_STATE=getMsg HTTP/1.1" 200 27
117.131.5.26 - - [03/Jun/2020:10:15:07 +0800] "GET /xingrg/all/function/internal_message.html?_=1591150510726&CODE_STATE=getMsg HTTP/1.1" 200 27
180.175.212.199 - - [03/Jun/2020:10:15:09 +0800] "GET /xingrg/all/function/internal_message.html?_=1591150713246&CODE_STATE=getMsg HTTP/1.1" 200 27
114.86.190.97 - - [03/Jun/2020:10:15:10 +0800] "GET /xingrg/check_reg.html?_=1591150512298 HTTP/1.1" 200 22
114.88.170.9 - - [03/Jun/2020:10:15:10 +0800] "GET /xingrg/all/function/internal_message.html?_=1591150507353&CODE_STATE=getMsg HTTP/1.1" 200 27
117.131.5.26 - - [03/Jun/2020:10:15:11 +0800] "GET /xingrg/system/rest/get_item.html?table=menu&id=1987&_=1591150514164 HTTP/1.1" 200 958
117.131.5.26 - - [03/Jun/2020:10:15:11 +0800] "GET /xingrg/system/rest/get_item.html?table=menu&target=menu_rest&id=1987&_=1591150514179 HTTP/1.1" 200 889
117.131.5.26 - - [03/Jun/2020:10:15:11 +0800] "GET /xingrg/system/rest/get_item.html?table=menu&target=cook_mode&id=1987&_=1591150514164 HTTP/1.1" 200 12014
58.40.7.146 - - [03/Jun/2020:10:15:11 +0800] "GET /xingrg/check_reg.html?_=1591150510620 HTTP/1.1" 200 22
58.40.7.146 - - [03/Jun/2020:10:15:11 +0800] "GET /xingrg/all/function/internal_message.html?_=1591150510623&CODE_STATE=getMsg HTTP/1.1" 200 27
58.40.7.146 - - [03/Jun/2020:10:15:13 +0800] "POST /xingrg/dwr/call/plaincall/AjaxCheckService.setItemNumber.dwr HTTP/1.1" 200 77
114.84.32.201 - - [03/Jun/2020:10:15:16 +0800] "POST /xingrg/system/rest/edit_item.html HTTP/1.1" 200 4
114.84.32.201 - - [03/Jun/2020:10:15:16 +0800] "GET /xingrg/system/rest/get_item.html?table=menu&target=menu_rest&id=2121&_=1591150516662 HTTP/1.1" 200 449
114.84.151.157 - - [03/Jun/2020:10:15:16 +0800] "GET /xingrg/all/function/internal_message.html?_=1591150529899&CODE_STATE=getMsg HTTP/1.1" 200 27
172.17.0.240 - - [03/Jun/2020:10:15:16 +0800] "GET /xingrg/system/rest/query_items.html?_=1591150515254&table=menu&page=1&rows=20&categoryId=&key=%25E9%2595%25BF%25E8%2584%259A%25E8%259F%25B9 HTTP/1.1" 200 761
58.40.7.146 - - [03/Jun/2020:10:15:17 +0800] "POST /xingrg/dwr/call/plaincall/AjaxCheckService.setItemNumber.dwr HTTP/1.1" 200 77
172.17.0.240 - - [03/Jun/2020:10:15:17 +0800] "GET /xingrg/system/rest/query_items.html?_=1591150516523&table=menu&page=1&rows=20&categoryId=&key=%25E9%2595%25BF%25E8%2584%259A%25E8%259F%25B9 HTTP/1.1" 200 761
180.162.102.27 - - [03/Jun/2020:10:15:18 +0800] "GET /xingrg/check_reg.html?_=1591149910844 HTTP/1.1" 200 22
180.162.102.27 - - [03/Jun/2020:10:15:18 +0800] "GET /xingrg/all/function/internal_message.html?_=1591149910847&CODE_STATE=getMsg HTTP/1.1" 200 27
172.17.0.240 - - [03/Jun/2020:10:15:18 +0800] "GET /xingrg/system/rest/get_item.html?table=menu&id=2017&_=1591150517443 HTTP/1.1" 200 974
172.17.0.240 - - [03/Jun/2020:10:15:18 +0800] "GET /xingrg/system/rest/get_item.html?table=menu&target=menu_rest&id=2017&_=1591150517462 HTTP/1.1" 200 885
172.17.0.240 - - [03/Jun/2020:10:15:18 +0800] "GET /xingrg/system/rest/get_item.html?table=menu&target=cook_mode&id=2017&_=1591150517461 HTTP/1.1" 200 12970
172.17.0.240 - - [03/Jun/2020:10:15:19 +0800] "GET /xingrg/system/rest/get_infos.html?command=menu_img_show&id=2017 HTTP/1.1" 200 5
117.184.7.30 - - [03/Jun/2020:10:15:19 +0800] "GET /xingrg/all/function/internal_message.html?_=1591150515702&CODE_STATE=getMsg HTTP/1.1" 200 27
114.86.227.86 - - [03/Jun/2020:10:15:20 +0800] "GET /xingrg/all/function/internal_message.html?_=1591150603562&CODE_STATE=getMsg HTTP/1.1" 200 27
180.162.232.172 - - [03/Jun/2020:10:15:20 +0800] "GET /xingrg/all/function/internal_message.html?_=1591150519177&CODE_STATE=getMsg HTTP/1.1" 200 27
180.162.232.172 - - [03/Jun/2020:10:15:20 +0800] "GET /xingrg/check_reg.html?_=1591150519175 HTTP/1.1" 200 22
222.69.136.136 - - [03/Jun/2020:10:15:20 +0800] "GET /xingrg/all/function/internal_message.html?_=1591150502108&CODE_STATE=getMsg HTTP/1.1" 200 27
114.84.32.201 - - [03/Jun/2020:10:15:22 +0800] "GET /xingrg/system/rest/get_item.html?table=menu&id=7174&_=1591150522929 HTTP/1.1" 200 935
114.84.32.201 - - [03/Jun/2020:10:15:22 +0800] "GET /xingrg/system/rest/get_item.html?table=menu&target=cook_mode&id=7174&_=1591150522942 HTTP/1.1" 200 1011
114.84.32.201 - - [03/Jun/2020:10:15:22 +0800] "GET /xingrg/system/rest/get_item.html?table=menu&target=menu_rest&id=7174&_=1591150522944 HTTP/1.1" 200 57
114.84.32.201 - - [03/Jun/2020:10:15:23 +0800] "GET /xingrg/system/rest/get_infos.html?command=menu_img_show&id=7174 HTTP/1.1" 200 5
117.131.5.26 - - [03/Jun/2020:10:15:23 +0800] "GET /xingrg/system/rest/query_items.html?_=1591150526773&table=menu&page=1&rows=20&categoryId=&key=xql HTTP/1.1" 200 1008
117.131.5.26 - - [03/Jun/2020:10:15:26 +0800] "GET /xingrg/system/rest/get_item.html?table=menu&id=1991&_=1591150529242 HTTP/1.1" 200 950
117.131.5.26 - - [03/Jun/2020:10:15:26 +0800] "GET /xingrg/system/rest/get_item.html?table=menu&target=menu_rest&id=1991&_=1591150529258 HTTP/1.1" 200 802
117.131.5.26 - - [03/Jun/2020:10:15:26 +0800] "GET /xingrg/system/rest/get_item.html?table=menu&target=cook_mode&id=1991&_=1591150529258 HTTP/1.1" 200 6377
172.17.0.185 - - [03/Jun/2020:10:15:27 +0800] "GET /xingrg/all/function/internal_message.html?_=1591150526827&CODE_STATE=getMsg HTTP/1.1" 200 27
172.17.0.119 - - [03/Jun/2020:10:15:28 +0800] "GET /xingrg/all/function/internal_message.html?_=1591150527093&CODE_STATE=getMsg HTTP/1.1" 200 27
172.17.0.119 - - [03/Jun/2020:10:15:28 +0800] "POST /xingrg/all/user/operate.html HTTP/1.1" 200 36
172.17.0.119 - - [03/Jun/2020:10:15:28 +0800] "GET /xingrg/index.html?sysBaseUrl=http%3A%2F%2F172.17.0.8%3A18081%2Fxingrg%2F&costTime=145×tamp=1591150356435 HTTP/1.1" 200 17454
114.84.33.255 - - [03/Jun/2020:10:15:28 +0800] "GET /xingrg/check_reg.html?_=1591150538267 HTTP/1.1" 200 22
172.17.0.119 - - [03/Jun/2020:10:15:28 +0800] "GET /xingrg/javascript/jquery_easy_ui/themes/default/easyui.css HTTP/1.1" 304 -
172.17.0.119 - - [03/Jun/2020:10:15:28 +0800] "GET /xingrg/javascript/jquery_easy_ui/themes/icon.css HTTP/1.1" 304 -
172.17.0.119 - - [03/Jun/2020:10:15:28 +0800] "GET /xingrg/css/form.css HTTP/1.1" 304 -
172.17.0.119 - - [03/Jun/2020:10:15:28 +0800] "GET /xingrg/javascript/jquery-1.4.2.min.js HTTP/1.1" 304 -
172.17.0.119 - - [03/Jun/2020:10:15:28 +0800] "GET /xingrg/javascript/jquery_easy_ui/jquery.easyui.min.js HTTP/1.1" 304 -
172.17.0.119 - - [03/Jun/2020:10:15:28 +0800] "GET /xingrg/javascript/jquery_easy_ui/easyui-lang-zh_CN.js HTTP/1.1" 304 -
172.17.0.119 - - [03/Jun/2020:10:15:28 +0800] "GET /xingrg/javascript/jquery.form.js HTTP/1.1" 304 -
172.17.0.119 - - [03/Jun/2020:10:15:28 +0800] "GET /xingrg/javascript/jquery.utils.js HTTP/1.1" 304 -
172.17.0.119 - - [03/Jun/2020:10:15:28 +0800] "GET /xingrg/javascript/jquery.timers.js HTTP/1.1" 304 -
172.17.0.119 - - [03/Jun/2020:10:15:28 +0800] "GET /xingrg/images/blue/jxLogo.png HTTP/1.1" 304 -
172.17.0.119 - - [03/Jun/2020:10:15:28 +0800] "GET /xingrg/images/blue/navBackgound.jpg HTTP/1.1" 304 -
172.17.0.119 - - [03/Jun/2020:10:15:28 +0800] "GET /xingrg/javascript/jquery_easy_ui/themes/icons/settle_new.png HTTP/1.1" 304 -
114.86.190.97 - - [03/Jun/2020:10:15:28 +0800] "GET /xingrg/all/function/internal_message.html?_=1591150531126&CODE_STATE=getMsg HTTP/1.1" 200 27
172.17.0.119 - - [03/Jun/2020:10:15:28 +0800] "POST /xingrg/all/common/load_tree.html?tree=area_rest_tree_json&manage=1 HTTP/1.1" 200 3088
172.17.0.119 - - [03/Jun/2020:10:15:28 +0800] "GET /xingrg/all/function/internal_message.html?_=1591150527553&CODE_STATE=count HTTP/1.1" 200 11
172.17.0.119 - - [03/Jun/2020:10:15:28 +0800] "GET /xingrg/check_reg.html?_=1591150527555 HTTP/1.1" 200 22
172.17.0.119 - - [03/Jun/2020:10:15:28 +0800] "GET /xingrg/javascript/jquery_easy_ui/themes/default/images/panel_tool_collapse.gif HTTP/1.1" 304 -
172.17.0.119 - - [03/Jun/2020:10:15:28 +0800] "GET /xingrg/images/blue/pingpu.png HTTP/1.1" 304 -
172.17.0.119 - - [03/Jun/2020:10:15:28 +0800] "GET /xingrg/javascript/jquery_easy_ui/themes/default/images/panel_tool_expand.gif HTTP/1.1" 304 -
172.17.0.119 - - [03/Jun/2020:10:15:28 +0800] "GET /xingrg/javascript/jquery_easy_ui/themes/default/images/tabs_leftarrow.png HTTP/1.1" 304 -
172.17.0.119 - - [03/Jun/2020:10:15:28 +0800] "GET /xingrg/javascript/jquery_easy_ui/themes/default/images/tabs_rightarrow.png HTTP/1.1" 304 -
172.17.0.119 - - [03/Jun/2020:10:15:28 +0800] "POST /xingrg/load_menu.html HTTP/1.1" 200 9924
117.131.5.26 - - [03/Jun/2020:10:15:29 +0800] "GET /xingrg/system/rest/get_infos.html?command=menu_img_show&id=1991 HTTP/1.1" 200 5
172.17.0.119 - - [03/Jun/2020:10:15:29 +0800] "GET /xingrg/kc/report/report_main.html HTTP/1.1" 200 7325
114.84.33.255 - - [03/Jun/2020:10:15:30 +0800] "GET /xingrg/all/function/internal_message.html?_=1591150540547&CODE_STATE=getMsg HTTP/1.1" 200 27
117.131.5.26 - - [03/Jun/2020:10:15:31 +0800] "GET /xingrg/system/rest/get_item.html?table=menu&target=menu_rest_detail&id=1991&sid=5&_=1591150534898 HTTP/1.1" 200 443
