180.162.232.172 - - [03/Jun/2020:08:37:54 +0800] "POST /xingrg/kc/base/yddb_list_operate.html HTTP/1.1" 200 583
180.162.232.172 - - [03/Jun/2020:08:37:55 +0800] "GET /xingrg/kc/base/yddb_order_add.html HTTP/1.1" 200 29561
180.162.232.172 - - [03/Jun/2020:08:37:55 +0800] "GET /xingrg/dwr/interface/AjaxComOrderService.js HTTP/1.1" 200 18264
180.162.232.172 - - [03/Jun/2020:08:37:55 +0800] "GET /xingrg/dwr/util.js HTTP/1.1" 304 -
180.162.232.172 - - [03/Jun/2020:08:37:55 +0800] "GET /xingrg/dwr/interface/AjaxYddbService.js HTTP/1.1" 200 13201
180.162.232.172 - - [03/Jun/2020:08:37:55 +0800] "GET /xingrg/dwr/engine.js HTTP/1.1" 200 43631
180.162.232.172 - - [03/Jun/2020:08:37:59 +0800] "POST /xingrg/dwr/call/plaincall/AjaxYddbService.getRestBases.dwr HTTP/1.1" 200 1514
61.172.5.115 - - [03/Jun/2020:08:37:59 +0800] "GET /xingrg/all/function/internal_message.html?_=1591144680177&CODE_STATE=getMsg HTTP/1.1" 302 -
114.84.33.255 - - [03/Jun/2020:08:38:00 +0800] "GET /xingrg/kc/buy/cgsh_order_operate.html?command=get_materiel&rest_code=00146&code=00101008356&supplier_code=00100005&order_time=2020-06-03 HTTP/1.1" 200 408
117.131.5.26 - - [03/Jun/2020:08:38:02 +0800] "GET /xingrg/all/function/internal_message.html?_=1591144685148&CODE_STATE=getMsg HTTP/1.1" 302 -
114.88.170.9 - - [03/Jun/2020:08:38:03 +0800] "GET /xingrg/all/function/internal_message.html?_=1591144680026&CODE_STATE=getMsg HTTP/1.1" 200 27
222.69.136.136 - - [03/Jun/2020:08:38:05 +0800] "GET /xingrg/check_reg.html?_=1591144681142 HTTP/1.1" 200 22
222.69.136.136 - - [03/Jun/2020:08:38:05 +0800] "GET /xingrg/all/function/internal_message.html?_=1591144681146&CODE_STATE=getMsg HTTP/1.1" 200 27
180.162.232.172 - - [03/Jun/2020:08:38:06 +0800] "POST /xingrg/dwr/call/plaincall/AjaxYddbService.saveOrder.dwr HTTP/1.1" 200 78
114.84.33.255 - - [03/Jun/2020:08:38:09 +0800] "GET /xingrg/kc/buy/cgsh_order_operate.html?command=get_materiel&rest_code=00146&code=00101008212&supplier_code=00100005&order_time=2020-06-03 HTTP/1.1" 200 412
114.86.190.97 - - [03/Jun/2020:08:38:09 +0800] "GET /xingrg/all/function/internal_message.html?_=1591144692143&CODE_STATE=getMsg HTTP/1.1" 200 27
180.162.232.172 - - [03/Jun/2020:08:38:10 +0800] "POST /xingrg/dwr/call/plaincall/AjaxComOrderService.getMaterielSearchList.dwr HTTP/1.1" 200 2148
180.162.232.172 - - [03/Jun/2020:08:38:10 +0800] "POST /xingrg/dwr/call/plaincall/AjaxComOrderService.getMaterielSearchList.dwr HTTP/1.1" 200 2148
180.162.232.172 - - [03/Jun/2020:08:38:13 +0800] "POST /xingrg/dwr/call/plaincall/AjaxYddbService.getMaterielByMap.dwr HTTP/1.1" 200 3683
180.162.232.172 - - [03/Jun/2020:08:38:15 +0800] "POST /xingrg/dwr/call/plaincall/AjaxYddbService.saveMaterielItem.dwr HTTP/1.1" 200 78
180.162.232.172 - - [03/Jun/2020:08:38:21 +0800] "POST /xingrg/dwr/call/plaincall/AjaxYddbService.checkOrder.dwr HTTP/1.1" 200 78
180.162.232.172 - - [03/Jun/2020:08:38:23 +0800] "GET /xingrg/kc/base/yddb_order_info.html?code=482020060300022 HTTP/1.1" 200 29190
180.162.232.172 - - [03/Jun/2020:08:38:23 +0800] "GET /xingrg/dwr/interface/AjaxYddbService.js HTTP/1.1" 200 13201
180.162.232.172 - - [03/Jun/2020:08:38:23 +0800] "GET /xingrg/dwr/interface/AjaxComOrderService.js HTTP/1.1" 200 18264
180.162.232.172 - - [03/Jun/2020:08:38:23 +0800] "GET /xingrg/dwr/engine.js HTTP/1.1" 200 43631
180.162.232.172 - - [03/Jun/2020:08:38:23 +0800] "POST /xingrg/dwr/call/plaincall/AjaxYddbService.loadMaterielItems.dwr HTTP/1.1" 200 406
114.84.33.255 - - [03/Jun/2020:08:38:26 +0800] "GET /xingrg/all/function/internal_message.html?_=1591144716094&CODE_STATE=getMsg HTTP/1.1" 200 27
172.17.0.185 - - [03/Jun/2020:08:38:27 +0800] "GET /xingrg/all/function/internal_message.html?_=1591144706805&CODE_STATE=getMsg HTTP/1.1" 200 27
180.162.232.172 - - [03/Jun/2020:08:38:29 +0800] "GET /xingrg/kc/buy/cgsh_order_list.html HTTP/1.1" 200 43002
180.162.232.172 - - [03/Jun/2020:08:38:30 +0800] "POST /xingrg/kc/buy/cgsh_list_operate.html HTTP/1.1" 200 876
180.162.232.172 - - [03/Jun/2020:08:38:31 +0800] "GET /xingrg/kc/buy/cgsh_order_add.html HTTP/1.1" 200 58658
180.162.232.172 - - [03/Jun/2020:08:38:31 +0800] "GET /xingrg/words/20200602170121_words.js HTTP/1.1" 304 -
180.162.232.172 - - [03/Jun/2020:08:38:31 +0800] "POST /xingrg/kc/buy/cgsh_order_operate.html HTTP/1.1" 200 8245
180.162.232.172 - - [03/Jun/2020:08:38:31 +0800] "GET /xingrg/all/common/auto_word.html?type=employee&rest_code=00150 HTTP/1.1" 200 205
180.162.232.172 - - [03/Jun/2020:08:38:31 +0800] "GET /xingrg/all/common/auto_word.html?type=employee&rest_code=00150 HTTP/1.1" 200 205
180.162.232.172 - - [03/Jun/2020:08:38:31 +0800] "GET /xingrg/javascript/easyui/themes/default/validatebox.css HTTP/1.1" 404 1104
180.162.232.172 - - [03/Jun/2020:08:38:32 +0800] "GET /xingrg/all/function/internal_message.html?_=1591144711368&CODE_STATE=getMsg HTTP/1.1" 200 27
180.162.232.172 - - [03/Jun/2020:08:38:33 +0800] "GET /xingrg/javascript/auto/indicator.gif HTTP/1.1" 404 1066
180.162.232.172 - - [03/Jun/2020:08:38:33 +0800] "GET /xingrg/javascript/jquery_tools/images/prev.gif HTTP/1.1" 404 1086
180.162.232.172 - - [03/Jun/2020:08:38:33 +0800] "GET /xingrg/javascript/jquery_tools/images/next.gif HTTP/1.1" 404 1086
58.221.95.50 - - [03/Jun/2020:08:38:37 +0800] "GET /xingrg/all/function/internal_message.html?_=1591144767452&CODE_STATE=getMsg HTTP/1.1" 302 -
120.253.135.82 - - [03/Jun/2020:08:38:38 +0800] "GET /xingrg/check_reg.html?_=1591144851337 HTTP/1.1" 200 22
120.253.135.82 - - [03/Jun/2020:08:38:38 +0800] "GET /xingrg/all/function/internal_message.html?_=1591144473045&CODE_STATE=getMsg HTTP/1.1" 200 27
58.40.7.146 - - [03/Jun/2020:08:38:39 +0800] "GET /xingrg/all/function/internal_message.html?_=1591144718490&CODE_STATE=getMsg HTTP/1.1" 200 27
180.162.232.172 - - [03/Jun/2020:08:38:40 +0800] "GET /xingrg/kc/buy/cgsh_order_operate.html?command=get_materiel&rest_code=00150&code=00101007022&supplier_code=00100002&order_time=2020-06-03 HTTP/1.1" 200 413
172.17.0.240 - - [03/Jun/2020:08:38:42 +0800] "GET /xingrg/all/function/internal_message.html?_=1591144721934&CODE_STATE=getMsg HTTP/1.1" 200 27
180.162.232.172 - - [03/Jun/2020:08:38:50 +0800] "GET /xingrg/kc/buy/cgsh_order_operate.html?command=get_materiel&rest_code=00150&code=00101007071&supplier_code=00100002&order_time=2020-06-03 HTTP/1.1" 200 417
120.253.135.82 - - [03/Jun/2020:08:38:51 +0800] "GET /xingrg/all/function/internal_message.html?_=1591144864315&CODE_STATE=getMsg HTTP/1.1" 200 27
117.131.5.26 - - [03/Jun/2020:08:38:56 +0800] "GET /xingrg/check_reg.html?_=1591144738976 HTTP/1.1" 302 -
114.84.33.255 - - [03/Jun/2020:08:38:58 +0800] "GET /xingrg/kc/buy/cgsh_order_operate.html?command=get_materiel&rest_code=00146&code=00101008006&supplier_code=00100005&order_time=2020-06-03 HTTP/1.1" 200 416
180.162.232.172 - - [03/Jun/2020:08:38:59 +0800] "GET /xingrg/kc/buy/cgsh_order_operate.html?command=get_materiel&rest_code=00150&code=00101007048&supplier_code=00100002&order_time=2020-06-03 HTTP/1.1" 200 408
61.172.5.115 - - [03/Jun/2020:08:38:59 +0800] "GET /xingrg/all/function/internal_message.html?_=1591144740147&CODE_STATE=getMsg HTTP/1.1" 302 -
117.131.5.26 - - [03/Jun/2020:08:39:02 +0800] "GET /xingrg/all/function/internal_message.html?_=1591144745148&CODE_STATE=getMsg HTTP/1.1" 302 -
114.88.170.9 - - [03/Jun/2020:08:39:03 +0800] "GET /xingrg/all/function/internal_message.html?_=1591144740026&CODE_STATE=getMsg HTTP/1.1" 200 27
222.69.136.136 - - [03/Jun/2020:08:39:05 +0800] "GET /xingrg/all/function/internal_message.html?_=1591144741152&CODE_STATE=getMsg HTTP/1.1" 200 27
114.84.33.255 - - [03/Jun/2020:08:39:06 +0800] "GET /xingrg/kc/buy/cgsh_order_operate.html?command=get_materiel&rest_code=00146&code=00101008131&supplier_code=00100005&order_time=2020-06-03 HTTP/1.1" 200 408
180.162.232.172 - - [03/Jun/2020:08:39:09 +0800] "GET /xingrg/kc/buy/cgsh_order_operate.html?command=get_materiel&rest_code=00150&code=00101007061&supplier_code=00100002&order_time=2020-06-03 HTTP/1.1" 200 409
114.86.190.97 - - [03/Jun/2020:08:39:09 +0800] "GET /xingrg/all/function/internal_message.html?_=1591144752139&CODE_STATE=getMsg HTTP/1.1" 200 27
114.84.33.255 - - [03/Jun/2020:08:39:16 +0800] "GET /xingrg/kc/buy/cgsh_order_operate.html?command=get_materiel&rest_code=00146&code=00101008296&supplier_code=00100005&order_time=2020-06-03 HTTP/1.1" 200 416
114.84.33.255 - - [03/Jun/2020:08:39:25 +0800] "GET /xingrg/kc/buy/cgsh_order_operate.html?command=get_materiel&rest_code=00146&code=00101008098&supplier_code=00100005&order_time=2020-06-03 HTTP/1.1" 200 412
180.162.232.172 - - [03/Jun/2020:08:39:26 +0800] "GET /xingrg/kc/buy/cgsh_order_operate.html?command=get_materiel&rest_code=00150&code=00101007076&supplier_code=00100002&order_time=2020-06-03 HTTP/1.1" 200 408
114.84.33.255 - - [03/Jun/2020:08:39:26 +0800] "GET /xingrg/all/function/internal_message.html?_=1591144776107&CODE_STATE=getMsg HTTP/1.1" 200 27
172.17.0.185 - - [03/Jun/2020:08:39:27 +0800] "GET /xingrg/all/function/internal_message.html?_=1591144766808&CODE_STATE=getMsg HTTP/1.1" 200 27
180.162.232.172 - - [03/Jun/2020:08:39:32 +0800] "GET /xingrg/all/function/internal_message.html?_=1591144771414&CODE_STATE=getMsg HTTP/1.1" 200 27
120.253.135.82 - - [03/Jun/2020:08:39:34 +0800] "GET /xingrg/check_reg.html?_=1591144528873 HTTP/1.1" 200 22
114.84.33.255 - - [03/Jun/2020:08:39:35 +0800] "GET /xingrg/kc/buy/cgsh_order_operate.html?command=get_materiel&rest_code=00146&code=00101008353&supplier_code=00100005&order_time=2020-06-03 HTTP/1.1" 200 408
58.221.95.50 - - [03/Jun/2020:08:39:37 +0800] "GET /xingrg/all/function/internal_message.html?_=1591144827437&CODE_STATE=getMsg HTTP/1.1" 302 -
180.162.232.172 - - [03/Jun/2020:08:39:37 +0800] "GET /xingrg/kc/buy/cgsh_order_operate.html?command=get_materiel&rest_code=00150&code=00101007049&supplier_code=00100002&order_time=2020-06-03 HTTP/1.1" 200 409
114.84.33.255 - - [03/Jun/2020:08:39:38 +0800] "POST /xingrg/kc/buy/cgsh_order_operate.html HTTP/1.1" 200 2065
120.253.135.82 - - [03/Jun/2020:08:39:38 +0800] "GET /xingrg/all/function/internal_message.html?_=1591144533052&CODE_STATE=getMsg HTTP/1.1" 200 27
58.40.7.146 - - [03/Jun/2020:08:39:39 +0800] "GET /xingrg/all/function/internal_message.html?_=1591144778492&CODE_STATE=getMsg HTTP/1.1" 200 27
172.17.0.240 - - [03/Jun/2020:08:39:42 +0800] "GET /xingrg/all/function/internal_message.html?_=1591144781926&CODE_STATE=getMsg HTTP/1.1" 200 27
120.253.135.82 - - [03/Jun/2020:08:39:51 +0800] "GET /xingrg/all/function/internal_message.html?_=1591144924332&CODE_STATE=getMsg HTTP/1.1" 200 27
114.84.33.255 - - [03/Jun/2020:08:39:52 +0800] "GET /xingrg/kc/buy/cgsh_order_operate.html?command=get_materiel&rest_code=00146&code=00101016122&supplier_code=00100005&order_time=2020-06-03 HTTP/1.1" 200 395
180.162.232.172 - - [03/Jun/2020:08:39:55 +0800] "GET /xingrg/kc/buy/cgsh_order_operate.html?command=get_materiel&rest_code=00150&code=00101007083&supplier_code=00100002&order_time=2020-06-03 HTTP/1.1" 200 421
61.172.5.115 - - [03/Jun/2020:08:39:59 +0800] "GET /xingrg/all/function/internal_message.html?_=1591144800127&CODE_STATE=getMsg HTTP/1.1" 302 -
180.162.232.172 - - [03/Jun/2020:08:40:01 +0800] "POST /xingrg/kc/buy/cgsh_order_operate.html HTTP/1.1" 200 37
117.131.5.26 - - [03/Jun/2020:08:40:02 +0800] "GET /xingrg/all/function/internal_message.html?_=1591144805164&CODE_STATE=getMsg HTTP/1.1" 302 -
180.162.232.172 - - [03/Jun/2020:08:40:02 +0800] "POST /xingrg/kc/buy/cgsh_order_operate.html HTTP/1.1" 200 6796
114.84.33.255 - - [03/Jun/2020:08:40:02 +0800] "GET /xingrg/kc/buy/cgsh_order_operate.html?command=get_materiel&rest_code=00146&code=00101008225&supplier_code=00100005&order_time=2020-06-03 HTTP/1.1" 200 416
116.230.77.149 - - [03/Jun/2020:08:40:02 +0800] "GET /favicon.ico HTTP/1.1" 404 -
114.88.170.9 - - [03/Jun/2020:08:40:03 +0800] "GET /xingrg/all/function/internal_message.html?_=1591144800034&CODE_STATE=getMsg HTTP/1.1" 200 27
222.69.136.136 - - [03/Jun/2020:08:40:05 +0800] "GET /xingrg/all/function/internal_message.html?_=1591144801155&CODE_STATE=getMsg HTTP/1.1" 200 27
114.86.190.97 - - [03/Jun/2020:08:40:09 +0800] "GET /xingrg/check_reg.html?_=1591144812136 HTTP/1.1" 200 22
114.86.190.97 - - [03/Jun/2020:08:40:09 +0800] "GET /xingrg/all/function/internal_message.html?_=1591144812141&CODE_STATE=getMsg HTTP/1.1" 200 27
114.84.33.255 - - [03/Jun/2020:08:40:11 +0800] "GET /xingrg/kc/buy/cgsh_order_operate.html?command=get_materiel&rest_code=00146&code=00101008161&supplier_code=00100005&order_time=2020-06-03 HTTP/1.1" 200 409
114.86.190.97 - - [03/Jun/2020:08:40:20 +0800] "GET /xingrg/kc/buy/cgsh_order_operate.html?command=get_materiel&rest_code=00148&code=00101008323&supplier_code=00100007&order_time=2020-06-03 HTTP/1.1" 200 428
61.172.5.115 - - [03/Jun/2020:08:40:21 +0800] "POST /xingrg/services/DataTransmitService HTTP/1.1" 200 524
61.172.5.115 - - [03/Jun/2020:08:40:22 +0800] "POST /xingrg/services/DataTransmitService HTTP/1.1" 200 501
61.172.5.115 - - [03/Jun/2020:08:40:22 +0800] "POST /xingrg/services/DataTransmitService HTTP/1.1" 200 501
114.84.33.255 - - [03/Jun/2020:08:40:22 +0800] "GET /xingrg/kc/buy/cgsh_order_operate.html?command=get_materiel&rest_code=00146&code=00101008330&supplier_code=00100005&order_time=2020-06-03 HTTP/1.1" 200 408
61.172.5.115 - - [03/Jun/2020:08:40:23 +0800] "POST /xingrg/services/DataTransmitService HTTP/1.1" 200 501
61.172.5.115 - - [03/Jun/2020:08:40:24 +0800] "POST /xingrg/services/DataTransmitService HTTP/1.1" 200 501
61.172.5.115 - - [03/Jun/2020:08:40:24 +0800] "POST /xingrg/services/DataTransmitService HTTP/1.1" 200 501
61.172.5.115 - - [03/Jun/2020:08:40:24 +0800] "POST /xingrg/services/DataTransmitService HTTP/1.1" 200 501
61.172.5.115 - - [03/Jun/2020:08:40:25 +0800] "POST /xingrg/services/DataTransmitService HTTP/1.1" 200 501
114.88.170.9 - - [03/Jun/2020:08:40:25 +0800] "GET /xingrg/check_reg.html?_=1591144822916 HTTP/1.1" 200 22
61.172.5.115 - - [03/Jun/2020:08:40:26 +0800] "POST /xingrg/services/DataTransmitService HTTP/1.1" 200 501
114.84.33.255 - - [03/Jun/2020:08:40:26 +0800] "POST /xingrg/kc/buy/cgsh_order_operate.html HTTP/1.1" 200 2065
114.84.33.255 - - [03/Jun/2020:08:40:26 +0800] "GET /xingrg/check_reg.html?_=1591144836031 HTTP/1.1" 200 22
114.84.33.255 - - [03/Jun/2020:08:40:26 +0800] "GET /xingrg/all/function/internal_message.html?_=1591144836121&CODE_STATE=getMsg HTTP/1.1" 200 27
172.17.0.185 - - [03/Jun/2020:08:40:27 +0800] "GET /xingrg/all/function/internal_message.html?_=1591144826814&CODE_STATE=getMsg HTTP/1.1" 200 27
61.172.5.115 - - [03/Jun/2020:08:40:27 +0800] "POST /xingrg/services/DataTransmitService HTTP/1.1" 200 412
114.86.190.97 - - [03/Jun/2020:08:40:32 +0800] "GET /xingrg/kc/buy/cgsh_order_operate.html?command=get_materiel&rest_code=00148&code=00101008257&supplier_code=00100007&order_time=2020-06-03 HTTP/1.1" 200 416
180.162.232.172 - - [03/Jun/2020:08:40:32 +0800] "GET /xingrg/check_reg.html?_=1591144831279 HTTP/1.1" 200 22
180.162.232.172 - - [03/Jun/2020:08:40:32 +0800] "GET /xingrg/all/function/internal_message.html?_=1591144831392&CODE_STATE=getMsg HTTP/1.1" 200 27
58.221.95.50 - - [03/Jun/2020:08:40:37 +0800] "GET /xingrg/all/function/internal_message.html?_=1591144887463&CODE_STATE=getMsg HTTP/1.1" 302 -
120.253.135.82 - - [03/Jun/2020:08:40:38 +0800] "GET /xingrg/all/function/internal_message.html?_=1591144593066&CODE_STATE=getMsg HTTP/1.1" 200 27
58.40.7.146 - - [03/Jun/2020:08:40:39 +0800] "GET /xingrg/all/function/internal_message.html?_=1591144838495&CODE_STATE=getMsg HTTP/1.1" 200 27
114.86.190.97 - - [03/Jun/2020:08:40:40 +0800] "GET /xingrg/kc/buy/cgsh_order_operate.html?command=get_materiel&rest_code=00148&code=00101008244&supplier_code=00100007&order_time=2020-06-03 HTTP/1.1" 200 408
180.162.232.172 - - [03/Jun/2020:08:40:40 +0800] "POST /xingrg/kc/buy/cgsh_order_operate.html HTTP/1.1" 200 37
114.86.190.97 - - [03/Jun/2020:08:40:42 +0800] "POST /xingrg/kc/buy/cgsh_order_operate.html HTTP/1.1" 200 2065
172.17.0.240 - - [03/Jun/2020:08:40:42 +0800] "GET /xingrg/all/function/internal_message.html?_=1591144841937&CODE_STATE=getMsg HTTP/1.1" 200 27
180.162.232.172 - - [03/Jun/2020:08:40:43 +0800] "POST /xingrg/kc/buy/cgsh_order_operate.html HTTP/1.1" 200 12
180.162.232.172 - - [03/Jun/2020:08:40:43 +0800] "GET /xingrg/kc/buy/cgsh_order_info.html?code=212020060300750 HTTP/1.1" 200 53561
180.162.232.172 - - [03/Jun/2020:08:40:44 +0800] "GET /xingrg/javascript/easyui/themes/default/validatebox.css HTTP/1.1" 404 1104
180.162.232.172 - - [03/Jun/2020:08:40:44 +0800] "POST /xingrg/kc/buy/cgsh_order_operate.html HTTP/1.1" 200 4742
114.86.190.97 - - [03/Jun/2020:08:40:45 +0800] "GET /xingrg/kc/buy/cgsh_order_operate.html?command=get_materiel&rest_code=00148&code=00101008149&supplier_code=00100007&order_time=2020-06-03 HTTP/1.1" 200 408
180.162.232.172 - - [03/Jun/2020:08:40:46 +0800] "GET /xingrg/kc/print/load_config.html?kc_code=cgsh HTTP/1.1" 200 1845
180.162.232.172 - - [03/Jun/2020:08:40:46 +0800] "GET /xingrg/kc/print/load_data.html?order_code=212020060300750&kc_code=cgsh&condition= HTTP/1.1" 200 2342
120.253.135.82 - - [03/Jun/2020:08:40:51 +0800] "GET /xingrg/all/function/internal_message.html?_=1591144984354&CODE_STATE=getMsg HTTP/1.1" 200 27
114.84.33.255 - - [03/Jun/2020:08:40:52 +0800] "GET /xingrg/kc/buy/cgsh_order_operate.html?command=get_materiel&rest_code=00146&code=00101008201&supplier_code=00100005&order_time=2020-06-03 HTTP/1.1" 200 412
117.184.7.26 - - [03/Jun/2020:08:40:54 +0800] "GET /xingrg/login.html HTTP/1.1" 200 7641
114.86.190.97 - - [03/Jun/2020:08:40:55 +0800] "GET /xingrg/kc/buy/cgsh_order_operate.html?command=get_materiel&rest_code=00148&code=00101013227&supplier_code=00100007&order_time=2020-06-03 HTTP/1.1" 200 416
180.162.232.172 - - [03/Jun/2020:08:40:58 +0800] "POST /xingrg/all/user/operate.html HTTP/1.1" 200 36
180.162.232.172 - - [03/Jun/2020:08:40:58 +0800] "GET /xingrg/index.html?sysBaseUrl=http%3A%2F%2F180.169.147.146%3A18081%2Fxingrg%2F&costTime=54×tamp=1591080775874 HTTP/1.1" 200 17177
180.162.232.172 - - [03/Jun/2020:08:40:58 +0800] "GET /xingrg/javascript/jquery_easy_ui/themes/default/easyui.css HTTP/1.1" 304 -
180.162.232.172 - - [03/Jun/2020:08:40:58 +0800] "GET /xingrg/javascript/jquery_easy_ui/themes/icon.css HTTP/1.1" 304 -
180.162.232.172 - - [03/Jun/2020:08:40:58 +0800] "GET /xingrg/css/form.css HTTP/1.1" 304 -
180.162.232.172 - - [03/Jun/2020:08:40:58 +0800] "GET /xingrg/javascript/jquery-1.4.2.min.js HTTP/1.1" 304 -
180.162.232.172 - - [03/Jun/2020:08:40:58 +0800] "GET /xingrg/javascript/jquery_easy_ui/jquery.easyui.min.js HTTP/1.1" 304 -
180.162.232.172 - - [03/Jun/2020:08:40:58 +0800] "GET /xingrg/javascript/jquery_easy_ui/easyui-lang-zh_CN.js HTTP/1.1" 304 -
180.162.232.172 - - [03/Jun/2020:08:40:58 +0800] "GET /xingrg/javascript/jquery.form.js HTTP/1.1" 304 -
180.162.232.172 - - [03/Jun/2020:08:40:58 +0800] "GET /xingrg/javascript/jquery.utils.js HTTP/1.1" 304 -
180.162.232.172 - - [03/Jun/2020:08:40:58 +0800] "GET /xingrg/javascript/jquery.timers.js HTTP/1.1" 304 -
180.162.232.172 - - [03/Jun/2020:08:40:58 +0800] "GET /xingrg/images/blue/jxLogo.png HTTP/1.1" 304 -
180.162.232.172 - - [03/Jun/2020:08:40:58 +0800] "GET /xingrg/images/blue/navBackgound.jpg HTTP/1.1" 304 -
180.162.232.172 - - [03/Jun/2020:08:40:58 +0800] "GET /xingrg/javascript/jquery_easy_ui/themes/icons/settle_new.png HTTP/1.1" 304 -
180.162.232.172 - - [03/Jun/2020:08:40:58 +0800] "POST /xingrg/all/common/load_tree.html?tree=area_rest_tree_json&manage=1 HTTP/1.1" 200 476
180.162.232.172 - - [03/Jun/2020:08:40:58 +0800] "GET /xingrg/all/function/internal_message.html?_=1591144857460&CODE_STATE=count HTTP/1.1" 200 11
180.162.232.172 - - [03/Jun/2020:08:40:58 +0800] "GET /xingrg/check_reg.html?_=1591144857462 HTTP/1.1" 200 22
180.162.232.172 - - [03/Jun/2020:08:40:58 +0800] "GET /xingrg/javascript/jquery_easy_ui/themes/default/images/panel_tool_collapse.gif HTTP/1.1" 304 -
180.162.232.172 - - [03/Jun/2020:08:40:58 +0800] "GET /xingrg/images/blue/pingpu.png HTTP/1.1" 304 -
180.162.232.172 - - [03/Jun/2020:08:40:58 +0800] "GET /xingrg/javascript/jquery_easy_ui/themes/default/images/tabs_rightarrow.png HTTP/1.1" 304 -
180.162.232.172 - - [03/Jun/2020:08:40:58 +0800] "GET /xingrg/javascript/jquery_easy_ui/themes/default/images/tabs_leftarrow.png HTTP/1.1" 304 -
180.162.232.172 - - [03/Jun/2020:08:40:58 +0800] "POST /xingrg/load_menu.html HTTP/1.1" 200 5138
61.172.5.115 - - [03/Jun/2020:08:40:59 +0800] "GET /xingrg/all/function/internal_message.html?_=1591144860101&CODE_STATE=getMsg HTTP/1.1" 302 -
117.184.7.26 - - [03/Jun/2020:08:41:01 +0800] "GET /favicon.ico HTTP/1.1" 404 -
180.162.232.172 - - [03/Jun/2020:08:41:01 +0800] "GET /xingrg/kc/buy/cgsh_order_list.html HTTP/1.1" 200 43000
180.162.232.172 - - [03/Jun/2020:08:41:02 +0800] "POST /xingrg/kc/buy/cgsh_list_operate.html HTTP/1.1" 200 876
117.131.5.26 - - [03/Jun/2020:08:41:02 +0800] "GET /xingrg/all/function/internal_message.html?_=1591144865179&CODE_STATE=getMsg HTTP/1.1" 302 -
180.162.232.172 - - [03/Jun/2020:08:41:02 +0800] "GET /xingrg/kc/buy/cgsh_order_add.html HTTP/1.1" 200 58376
114.88.170.9 - - [03/Jun/2020:08:41:03 +0800] "GET /xingrg/check_reg.html?_=1591144860034 HTTP/1.1" 200 22
114.88.170.9 - - [03/Jun/2020:08:41:03 +0800] "GET /xingrg/all/function/internal_message.html?_=1591144860038&CODE_STATE=getMsg HTTP/1.1" 200 27
180.162.232.172 - - [03/Jun/2020:08:41:03 +0800] "POST /xingrg/kc/buy/cgsh_order_operate.html HTTP/1.1" 200 8245
180.162.232.172 - - [03/Jun/2020:08:41:03 +0800] "GET /xingrg/all/common/auto_word.html?type=employee&rest_code=00151 HTTP/1.1" 200 243
180.162.232.172 - - [03/Jun/2020:08:41:03 +0800] "GET /xingrg/javascript/easyui/themes/default/validatebox.css HTTP/1.1" 404 1104
180.162.232.172 - - [03/Jun/2020:08:41:03 +0800] "GET /xingrg/all/common/auto_word.html?type=employee&rest_code=00151 HTTP/1.1" 200 243
180.162.232.172 - - [03/Jun/2020:08:41:04 +0800] "GET /xingrg/javascript/auto/indicator.gif HTTP/1.1" 404 1066
222.69.136.136 - - [03/Jun/2020:08:41:05 +0800] "GET /xingrg/all/function/internal_message.html?_=1591144861155&CODE_STATE=getMsg HTTP/1.1" 200 27
116.230.77.149 - - [03/Jun/2020:08:41:07 +0800] "GET /xingrg/login.html HTTP/1.1" 200 7641
114.86.190.97 - - [03/Jun/2020:08:41:07 +0800] "GET /xingrg/kc/buy/cgsh_order_operate.html?command=get_materiel&rest_code=00148&code=00101008186&supplier_code=00100007&order_time=2020-06-03 HTTP/1.1" 200 408
116.230.77.149 - - [03/Jun/2020:08:41:09 +0800] "GET /favicon.ico HTTP/1.1" 404 -
114.86.190.97 - - [03/Jun/2020:08:41:09 +0800] "GET /xingrg/all/function/internal_message.html?_=1591144872266&CODE_STATE=getMsg HTTP/1.1" 200 27
180.162.232.172 - - [03/Jun/2020:08:41:10 +0800] "GET /xingrg/kc/buy/cgsh_order_operate.html?command=get_materiel&rest_code=00151&code=00101011005&supplier_code=00100047&order_time=2020-06-03 HTTP/1.1" 200 408
114.84.33.255 - - [03/Jun/2020:08:41:13 +0800] "GET /xingrg/kc/buy/cgsh_order_operate.html?command=get_materiel&rest_code=00146&code=00101008091&supplier_code=00100005&order_time=2020-06-03 HTTP/1.1" 200 412
114.86.190.97 - - [03/Jun/2020:08:41:16 +0800] "GET /xingrg/kc/buy/cgsh_order_operate.html?command=get_materiel&rest_code=00148&code=00101008190&supplier_code=00100007&order_time=2020-06-03 HTTP/1.1" 200 412
117.184.7.26 - - [03/Jun/2020:08:41:16 +0800] "POST /xingrg/login.do HTTP/1.1" 302 -
117.184.7.26 - - [03/Jun/2020:08:41:17 +0800] "GET /xingrg/index.html?sysBaseUrl=http%3A%2F%2F180.169.147.146%3A18081%2Fxingrg%2F&costTime=38×tamp=1591144876984 HTTP/1.1" 200 17173
117.184.7.26 - - [03/Jun/2020:08:41:18 +0800] "GET /favicon.ico HTTP/1.1" 404 -
117.184.7.26 - - [03/Jun/2020:08:41:18 +0800] "POST /xingrg/all/common/load_tree.html?tree=area_rest_tree_json&manage=1 HTTP/1.1" 200 470
117.184.7.30 - - [03/Jun/2020:08:41:18 +0800] "GET /xingrg/all/function/internal_message.html?_=1591144875126&CODE_STATE=count HTTP/1.1" 200 11
117.184.7.30 - - [03/Jun/2020:08:41:18 +0800] "GET /xingrg/check_reg.html?_=1591144875127 HTTP/1.1" 200 22
117.184.7.26 - - [03/Jun/2020:08:41:18 +0800] "POST /xingrg/load_menu.html HTTP/1.1" 200 5138
114.86.190.97 - - [03/Jun/2020:08:41:20 +0800] "GET /xingrg/kc/buy/cgsh_order_operate.html?command=get_materiel&rest_code=00148&code=00101008361&supplier_code=00100007&order_time=2020-06-03 HTTP/1.1" 200 408
114.86.190.97 - - [03/Jun/2020:08:41:22 +0800] "POST /xingrg/kc/buy/cgsh_order_operate.html HTTP/1.1" 200 2065
114.84.33.255 - - [03/Jun/2020:08:41:26 +0800] "GET /xingrg/all/function/internal_message.html?_=1591144896135&CODE_STATE=getMsg HTTP/1.1" 200 27
172.17.0.185 - - [03/Jun/2020:08:41:27 +0800] "GET /xingrg/all/function/internal_message.html?_=1591144886801&CODE_STATE=getMsg HTTP/1.1" 200 27
114.86.190.97 - - [03/Jun/2020:08:41:28 +0800] "GET /xingrg/kc/buy/cgsh_order_operate.html?command=get_materiel&rest_code=00148&code=00101008355&supplier_code=00100007&order_time=2020-06-03 HTTP/1.1" 200 408
114.84.33.255 - - [03/Jun/2020:08:41:29 +0800] "GET /xingrg/kc/buy/cgsh_order_operate.html?command=get_materiel&rest_code=00146&code=00101008256&supplier_code=00100005&order_time=2020-06-03 HTTP/1.1" 200 412
117.184.7.26 - - [03/Jun/2020:08:41:32 +0800] "GET /xingrg/kc/buy/buy_main.html HTTP/1.1" 200 12412
117.184.7.26 - - [03/Jun/2020:08:41:32 +0800] "GET /xingrg/css/new_ie.css HTTP/1.1" 404 1036
117.184.7.30 - - [03/Jun/2020:08:41:33 +0800] "GET /xingrg/images/yd/bt.gif HTTP/1.1" 404 1040
61.172.5.115 - - [03/Jun/2020:08:41:33 +0800] "GET /xingrg/check_reg.html?_=1591144893661 HTTP/1.1" 302 -
117.184.7.30 - - [03/Jun/2020:08:41:33 +0800] "GET /xingrg/kc/buy/cgsh_order_list.html HTTP/1.1" 200 42996
117.184.7.30 - - [03/Jun/2020:08:41:35 +0800] "POST /xingrg/kc/buy/cgsh_list_operate.html HTTP/1.1" 200 876
180.162.232.172 - - [03/Jun/2020:08:41:36 +0800] "GET /xingrg/javascript/jquery_tools/images/next.gif HTTP/1.1" 404 1086
180.162.232.172 - - [03/Jun/2020:08:41:36 +0800] "GET /xingrg/javascript/jquery_tools/images/prev.gif HTTP/1.1" 404 1086
58.221.95.50 - - [03/Jun/2020:08:41:37 +0800] "GET /xingrg/all/function/internal_message.html?_=1591144947463&CODE_STATE=getMsg HTTP/1.1" 302 -
58.221.95.50 - - [03/Jun/2020:08:41:37 +0800] "GET /xingrg/check_reg.html?_=1591144947466 HTTP/1.1" 302 -
120.253.135.82 - - [03/Jun/2020:08:41:38 +0800] "GET /xingrg/all/function/internal_message.html?_=1591144653090&CODE_STATE=getMsg HTTP/1.1" 200 27
180.162.232.172 - - [03/Jun/2020:08:41:39 +0800] "POST /xingrg/kc/buy/cgsh_order_operate.html HTTP/1.1" 200 37
58.40.7.146 - - [03/Jun/2020:08:41:39 +0800] "GET /xingrg/all/function/internal_message.html?_=1591144898496&CODE_STATE=getMsg HTTP/1.1" 200 27
58.40.7.146 - - [03/Jun/2020:08:41:39 +0800] "GET /xingrg/check_reg.html?_=1591144898498 HTTP/1.1" 200 22
114.86.190.97 - - [03/Jun/2020:08:41:40 +0800] "GET /xingrg/kc/buy/cgsh_order_operate.html?command=get_materiel&rest_code=00148&code=00101008357&supplier_code=00100007&order_time=2020-06-03 HTTP/1.1" 200 408
180.162.232.172 - - [03/Jun/2020:08:41:41 +0800] "POST /xingrg/kc/buy/cgsh_order_operate.html HTTP/1.1" 200 12
114.84.33.255 - - [03/Jun/2020:08:41:41 +0800] "GET /xingrg/kc/buy/cgsh_order_operate.html?command=get_materiel&rest_code=00146&code=00101008155&supplier_code=00100005&order_time=2020-06-03 HTTP/1.1" 200 408
180.162.232.172 - - [03/Jun/2020:08:41:42 +0800] "GET /xingrg/kc/buy/cgsh_order_info.html?code=212020060300751 HTTP/1.1" 200 53278
180.162.232.172 - - [03/Jun/2020:08:41:42 +0800] "GET /xingrg/javascript/easyui/themes/default/validatebox.css HTTP/1.1" 404 1104
172.17.0.240 - - [03/Jun/2020:08:41:42 +0800] "GET /xingrg/all/function/internal_message.html?_=1591144901930&CODE_STATE=getMsg HTTP/1.1" 200 27
180.162.232.172 - - [03/Jun/2020:08:41:43 +0800] "POST /xingrg/kc/buy/cgsh_order_operate.html HTTP/1.1" 200 1192
180.162.232.172 - - [03/Jun/2020:08:41:44 +0800] "GET /xingrg/kc/print/load_data.html?order_code=212020060300751&kc_code=cgsh&condition= HTTP/1.1" 200 975
120.253.135.82 - - [03/Jun/2020:08:41:51 +0800] "GET /xingrg/all/function/internal_message.html?_=1591145044357&CODE_STATE=getMsg HTTP/1.1" 200 27
114.86.190.97 - - [03/Jun/2020:08:41:51 +0800] "GET /xingrg/kc/buy/cgsh_order_operate.html?command=get_materiel&rest_code=00148&code=00101008213&supplier_code=00100007&order_time=2020-06-03 HTTP/1.1" 200 412
114.84.33.255 - - [03/Jun/2020:08:41:53 +0800] "POST /xingrg/kc/buy/cgsh_order_operate.html HTTP/1.1" 200 2065
180.162.232.172 - - [03/Jun/2020:08:41:55 +0800] "GET /xingrg/kc/base/yddb_order_list.html HTTP/1.1" 200 16865
180.162.232.172 - - [03/Jun/2020:08:41:55 +0800] "POST /xingrg/kc/base/yddb_list_operate.html HTTP/1.1" 200 583
114.86.190.97 - - [03/Jun/2020:08:41:58 +0800] "GET /xingrg/kc/buy/cgsh_order_operate.html?command=get_materiel&rest_code=00148&code=00101008185&supplier_code=00100007&order_time=2020-06-03 HTTP/1.1" 200 408
180.162.232.172 - - [03/Jun/2020:08:41:58 +0800] "GET /xingrg/all/function/internal_message.html?_=1591144917468&CODE_STATE=getMsg HTTP/1.1" 200 27
114.84.33.255 - - [03/Jun/2020:08:41:59 +0800] "GET /xingrg/kc/buy/cgsh_order_operate.html?command=get_materiel&rest_code=00146&code=00101008244&supplier_code=00100005&order_time=2020-06-03 HTTP/1.1" 200 408
61.172.5.115 - - [03/Jun/2020:08:41:59 +0800] "GET /xingrg/all/function/internal_message.html?_=1591144920073&CODE_STATE=getMsg HTTP/1.1" 302 -
117.184.7.30 - - [03/Jun/2020:08:42:01 +0800] "POST /xingrg/kc/buy/cgsh_list_operate.html HTTP/1.1" 200 876
180.162.232.172 - - [03/Jun/2020:08:42:01 +0800] "POST /xingrg/kc/base/yddb_list_operate.html HTTP/1.1" 200 1254
114.86.190.97 - - [03/Jun/2020:08:42:01 +0800] "POST /xingrg/kc/buy/cgsh_order_operate.html HTTP/1.1" 200 2065
117.131.5.26 - - [03/Jun/2020:08:42:02 +0800] "GET /xingrg/all/function/internal_message.html?_=1591144925195&CODE_STATE=getMsg HTTP/1.1" 302 -
117.184.7.30 - - [03/Jun/2020:08:42:02 +0800] "POST /xingrg/kc/buy/cgsh_list_operate.html HTTP/1.1" 200 876
180.162.232.172 - - [03/Jun/2020:08:42:02 +0800] "POST /xingrg/kc/base/yddb_list_operate.html HTTP/1.1" 200 211
114.88.170.9 - - [03/Jun/2020:08:42:03 +0800] "GET /xingrg/all/function/internal_message.html?_=1591144920037&CODE_STATE=getMsg HTTP/1.1" 200 27
180.162.232.172 - - [03/Jun/2020:08:42:03 +0800] "GET /xingrg/kc/base/yddb_order_info.html?code=482020060300022 HTTP/1.1" 200 30755
180.162.232.172 - - [03/Jun/2020:08:42:03 +0800] "GET /xingrg/dwr/interface/AjaxYddbService.js HTTP/1.1" 200 13201
180.162.232.172 - - [03/Jun/2020:08:42:03 +0800] "GET /xingrg/dwr/interface/AjaxComOrderService.js HTTP/1.1" 200 18264
180.162.232.172 - - [03/Jun/2020:08:42:03 +0800] "GET /xingrg/dwr/engine.js HTTP/1.1" 200 43631
180.162.232.172 - - [03/Jun/2020:08:42:03 +0800] "POST /xingrg/dwr/call/plaincall/AjaxYddbService.loadMaterielItems.dwr HTTP/1.1" 200 406
117.184.7.30 - - [03/Jun/2020:08:42:03 +0800] "GET /xingrg/kc/buy/cgsh_order_add.html HTTP/1.1" 200 58699
117.184.7.30 - - [03/Jun/2020:08:42:03 +0800] "GET /xingrg/words/20200602170121_words.js HTTP/1.1" 304 -
117.184.7.30 - - [03/Jun/2020:08:42:04 +0800] "POST /xingrg/kc/buy/cgsh_order_operate.html HTTP/1.1" 200 8245
117.184.7.30 - - [03/Jun/2020:08:42:04 +0800] "GET /xingrg/all/common/auto_word.html?type=employee&rest_code=00108 HTTP/1.1" 200 197
117.184.7.26 - - [03/Jun/2020:08:42:04 +0800] "GET /xingrg/all/common/auto_word.html?type=employee&rest_code=00108 HTTP/1.1" 200 197
117.184.7.26 - - [03/Jun/2020:08:42:04 +0800] "GET /xingrg/javascript/easyui/themes/default/validatebox.css HTTP/1.1" 404 1104
222.69.136.136 - - [03/Jun/2020:08:42:05 +0800] "GET /xingrg/all/function/internal_message.html?_=1591144921162&CODE_STATE=getMsg HTTP/1.1" 200 27
180.162.232.172 - - [03/Jun/2020:08:42:06 +0800] "POST /xingrg/dwr/call/plaincall/AjaxYddbService.saveOrder.dwr HTTP/1.1" 200 78
114.84.33.255 - - [03/Jun/2020:08:42:08 +0800] "GET /xingrg/kc/buy/cgsh_order_operate.html?command=get_materiel&rest_code=00146&code=00101008185&supplier_code=00100005&order_time=2020-06-03 HTTP/1.1" 200 408
114.86.190.97 - - [03/Jun/2020:08:42:09 +0800] "GET /xingrg/all/function/internal_message.html?_=1591144932263&CODE_STATE=getMsg HTTP/1.1" 200 27
114.86.190.97 - - [03/Jun/2020:08:42:09 +0800] "GET /xingrg/kc/buy/cgsh_order_operate.html?command=get_materiel&rest_code=00148&code=00101008205&supplier_code=00100007&order_time=2020-06-03 HTTP/1.1" 200 412
180.162.232.172 - - [03/Jun/2020:08:42:11 +0800] "POST /xingrg/dwr/call/plaincall/AjaxYddbService.objCheckOrder.dwr HTTP/1.1" 200 78
180.162.232.172 - - [03/Jun/2020:08:42:11 +0800] "GET /xingrg/kc/base/yddb_order_info.html?code=482020060300022 HTTP/1.1" 200 30876
180.162.232.172 - - [03/Jun/2020:08:42:11 +0800] "GET /xingrg/dwr/interface/AjaxComOrderService.js HTTP/1.1" 200 18264
180.162.232.172 - - [03/Jun/2020:08:42:11 +0800] "GET /xingrg/dwr/interface/AjaxYddbService.js HTTP/1.1" 200 13201
180.162.232.172 - - [03/Jun/2020:08:42:11 +0800] "GET /xingrg/dwr/engine.js HTTP/1.1" 200 43631
180.162.232.172 - - [03/Jun/2020:08:42:12 +0800] "POST /xingrg/dwr/call/plaincall/AjaxYddbService.loadMaterielItems.dwr HTTP/1.1" 200 406
180.162.232.172 - - [03/Jun/2020:08:42:15 +0800] "POST /xingrg/all/user/operate.html HTTP/1.1" 200 36
180.162.232.172 - - [03/Jun/2020:08:42:15 +0800] "GET /xingrg/index.html?sysBaseUrl=http%3A%2F%2F180.169.147.146%3A18081%2Fxingrg%2F&costTime=54×tamp=1591080775874 HTTP/1.1" 200 17179
180.162.232.172 - - [03/Jun/2020:08:42:15 +0800] "GET /xingrg/javascript/jquery_easy_ui/themes/default/easyui.css HTTP/1.1" 304 -
180.162.232.172 - - [03/Jun/2020:08:42:15 +0800] "GET /xingrg/javascript/jquery_easy_ui/themes/icon.css HTTP/1.1" 304 -
180.162.232.172 - - [03/Jun/2020:08:42:15 +0800] "GET /xingrg/css/form.css HTTP/1.1" 304 -
180.162.232.172 - - [03/Jun/2020:08:42:15 +0800] "GET /xingrg/javascript/jquery-1.4.2.min.js HTTP/1.1" 304 -
180.162.232.172 - - [03/Jun/2020:08:42:15 +0800] "GET /xingrg/javascript/jquery_easy_ui/jquery.easyui.min.js HTTP/1.1" 304 -
180.162.232.172 - - [03/Jun/2020:08:42:15 +0800] "GET /xingrg/javascript/jquery_easy_ui/easyui-lang-zh_CN.js HTTP/1.1" 304 -
180.162.232.172 - - [03/Jun/2020:08:42:15 +0800] "GET /xingrg/javascript/jquery.form.js HTTP/1.1" 304 -
180.162.232.172 - - [03/Jun/2020:08:42:15 +0800] "GET /xingrg/javascript/jquery.utils.js HTTP/1.1" 304 -
180.162.232.172 - - [03/Jun/2020:08:42:15 +0800] "GET /xingrg/javascript/jquery.timers.js HTTP/1.1" 304 -
180.162.232.172 - - [03/Jun/2020:08:42:15 +0800] "GET /xingrg/images/blue/jxLogo.png HTTP/1.1" 304 -
180.162.232.172 - - [03/Jun/2020:08:42:15 +0800] "GET /xingrg/images/blue/navBackgound.jpg HTTP/1.1" 304 -
180.162.232.172 - - [03/Jun/2020:08:42:15 +0800] "GET /xingrg/javascript/jquery_easy_ui/themes/icons/settle_new.png HTTP/1.1" 304 -
180.162.232.172 - - [03/Jun/2020:08:42:15 +0800] "POST /xingrg/all/common/load_tree.html?tree=area_rest_tree_json&manage=1 HTTP/1.1" 200 476
180.162.232.172 - - [03/Jun/2020:08:42:15 +0800] "GET /xingrg/all/function/internal_message.html?_=1591144934440&CODE_STATE=count HTTP/1.1" 200 11
180.162.232.172 - - [03/Jun/2020:08:42:15 +0800] "GET /xingrg/check_reg.html?_=1591144934441 HTTP/1.1" 200 22
180.162.232.172 - - [03/Jun/2020:08:42:15 +0800] "GET /xingrg/images/blue/pingpu.png HTTP/1.1" 304 -
180.162.232.172 - - [03/Jun/2020:08:42:15 +0800] "GET /xingrg/javascript/jquery_easy_ui/themes/default/images/panel_tool_collapse.gif HTTP/1.1" 304 -
180.162.232.172 - - [03/Jun/2020:08:42:15 +0800] "GET /xingrg/javascript/jquery_easy_ui/themes/default/images/tabs_rightarrow.png HTTP/1.1" 304 -
180.162.232.172 - - [03/Jun/2020:08:42:15 +0800] "GET /xingrg/javascript/jquery_easy_ui/themes/default/images/tabs_leftarrow.png HTTP/1.1" 304 -
180.162.232.172 - - [03/Jun/2020:08:42:15 +0800] "POST /xingrg/load_menu.html HTTP/1.1" 200 5138
114.84.33.255 - - [03/Jun/2020:08:42:17 +0800] "GET /xingrg/kc/buy/cgsh_order_operate.html?command=get_materiel&rest_code=00146&code=00101008354&supplier_code=00100005&order_time=2020-06-03 HTTP/1.1" 200 412
180.162.232.172 - - [03/Jun/2020:08:42:18 +0800] "GET /xingrg/kc/base/yddb_order_list.html HTTP/1.1" 200 16867
117.184.7.30 - - [03/Jun/2020:08:42:18 +0800] "GET /xingrg/all/function/internal_message.html?_=1591144935144&CODE_STATE=getMsg HTTP/1.1" 200 27
180.162.232.172 - - [03/Jun/2020:08:42:18 +0800] "POST /xingrg/kc/base/yddb_list_operate.html HTTP/1.1" 200 583
180.162.232.172 - - [03/Jun/2020:08:42:22 +0800] "POST /xingrg/kc/base/yddb_list_operate.html HTTP/1.1" 200 4070
180.162.232.172 - - [03/Jun/2020:08:42:22 +0800] "POST /xingrg/kc/base/yddb_list_operate.html HTTP/1.1" 200 211
180.162.232.172 - - [03/Jun/2020:08:42:23 +0800] "GET /xingrg/kc/base/yddb_order_info.html?code=482020060300022 HTTP/1.1" 200 30903
180.162.232.172 - - [03/Jun/2020:08:42:23 +0800] "GET /xingrg/dwr/interface/AjaxComOrderService.js HTTP/1.1" 200 18264
180.162.232.172 - - [03/Jun/2020:08:42:23 +0800] "GET /xingrg/dwr/interface/AjaxYddbService.js HTTP/1.1" 200 13201
180.162.232.172 - - [03/Jun/2020:08:42:23 +0800] "GET /xingrg/dwr/engine.js HTTP/1.1" 200 43631
180.162.232.172 - - [03/Jun/2020:08:42:23 +0800] "POST /xingrg/dwr/call/plaincall/AjaxYddbService.loadMaterielItems.dwr HTTP/1.1" 200 406
114.86.190.97 - - [03/Jun/2020:08:42:24 +0800] "GET /xingrg/kc/buy/cgsh_order_operate.html?command=get_materiel&rest_code=00148&code=00101012067&supplier_code=00100007&order_time=2020-06-03 HTTP/1.1" 200 405
180.162.232.172 - - [03/Jun/2020:08:42:26 +0800] "GET /xingrg/kc/base/yddb_order_report.html?fileType=servlets/html&code=482020060300022&reportName=ck_order_report&subName=yddb HTTP/1.1" 302 -
180.162.232.172 - - [03/Jun/2020:08:42:26 +0800] "GET /xingrg/servlets/html?sysBaseUrl=http%3A%2F%2F180.169.147.146%3A18081%2Fxingrg%2F&costTime=71×tamp=1591144946206 HTTP/1.1" 200 14774
180.162.232.172 - - [03/Jun/2020:08:42:26 +0800] "GET /xingrg/servlets/image?image=px HTTP/1.1" 200 807
180.162.232.172 - - [03/Jun/2020:08:42:26 +0800] "GET /favicon.ico HTTP/1.1" 404 -
114.84.33.255 - - [03/Jun/2020:08:42:26 +0800] "GET /xingrg/all/function/internal_message.html?_=1591144956147&CODE_STATE=getMsg HTTP/1.1" 200 27
172.17.0.185 - - [03/Jun/2020:08:42:27 +0800] "GET /xingrg/check_reg.html?_=1591144946806 HTTP/1.1" 200 22
172.17.0.185 - - [03/Jun/2020:08:42:27 +0800] "GET /xingrg/all/function/internal_message.html?_=1591144946809&CODE_STATE=getMsg HTTP/1.1" 200 27
114.84.33.255 - - [03/Jun/2020:08:42:27 +0800] "GET /xingrg/kc/buy/cgsh_order_operate.html?command=get_materiel&rest_code=00146&code=00101008110&supplier_code=00100005&order_time=2020-06-03 HTTP/1.1" 200 408
117.184.7.30 - - [03/Jun/2020:08:42:28 +0800] "GET /xingrg/javascript/auto/indicator.gif HTTP/1.1" 404 1066
117.185.32.26 - - [03/Jun/2020:08:42:29 +0800] "GET /xingrg/check_reg.html?_=1591145373392 HTTP/1.1" 200 22
117.184.7.30 - - [03/Jun/2020:08:42:30 +0800] "GET /xingrg/javascript/jquery_tools/images/next.gif HTTP/1.1" 404 1086
117.184.7.26 - - [03/Jun/2020:08:42:30 +0800] "GET /xingrg/javascript/jquery_tools/images/prev.gif HTTP/1.1" 404 1086
117.185.32.26 - - [03/Jun/2020:08:42:36 +0800] "GET /xingrg/kc/base/base_main.html HTTP/1.1" 200 12142
58.221.95.50 - - [03/Jun/2020:08:42:37 +0800] "GET /xingrg/all/function/internal_message.html?_=1591145007465&CODE_STATE=getMsg HTTP/1.1" 302 -
114.84.33.255 - - [03/Jun/2020:08:42:37 +0800] "GET /xingrg/kc/buy/cgsh_order_operate.html?command=get_materiel&rest_code=00146&code=00101008096&supplier_code=00100005&order_time=2020-06-03 HTTP/1.1" 200 413
120.253.135.82 - - [03/Jun/2020:08:42:38 +0800] "GET /xingrg/all/function/internal_message.html?_=1591144713093&CODE_STATE=getMsg HTTP/1.1" 200 27
117.185.32.26 - - [03/Jun/2020:08:42:38 +0800] "GET /xingrg/kc/base/wldb_order_list.html HTTP/1.1" 200 19255
58.40.7.146 - - [03/Jun/2020:08:42:39 +0800] "GET /xingrg/all/function/internal_message.html?_=1591144958499&CODE_STATE=getMsg HTTP/1.1" 200 27
117.185.32.26 - - [03/Jun/2020:08:42:40 +0800] "POST /xingrg/kc/base/wldb_list_operate.html HTTP/1.1" 200 928
114.84.33.255 - - [03/Jun/2020:08:42:40 +0800] "POST /xingrg/kc/buy/cgsh_order_operate.html HTTP/1.1" 200 2065
114.86.190.97 - - [03/Jun/2020:08:42:41 +0800] "GET /xingrg/kc/buy/cgsh_order_operate.html?command=get_materiel&rest_code=00148&code=00101008330&supplier_code=00100007&order_time=2020-06-03 HTTP/1.1" 200 408
172.17.0.240 - - [03/Jun/2020:08:42:42 +0800] "GET /xingrg/check_reg.html?_=1591144961909 HTTP/1.1" 200 22
172.17.0.240 - - [03/Jun/2020:08:42:42 +0800] "GET /xingrg/all/function/internal_message.html?_=1591144961924&CODE_STATE=getMsg HTTP/1.1" 200 27
114.84.33.255 - - [03/Jun/2020:08:42:46 +0800] "GET /xingrg/kc/buy/cgsh_order_operate.html?command=get_materiel&rest_code=00146&code=00101008038&supplier_code=00100005&order_time=2020-06-03 HTTP/1.1" 200 412
120.253.135.82 - - [03/Jun/2020:08:42:51 +0800] "GET /xingrg/all/function/internal_message.html?_=1591145104382&CODE_STATE=getMsg HTTP/1.1" 200 27
117.184.7.26 - - [03/Jun/2020:08:42:51 +0800] "GET /xingrg/kc/buy/cgsh_order_operate.html?command=get_materiel&rest_code=00108&code=00101001075&supplier_code=00100044&order_time=2020-06-03 HTTP/1.1" 200 409
114.86.190.97 - - [03/Jun/2020:08:42:53 +0800] "GET /xingrg/kc/buy/cgsh_order_operate.html?command=get_materiel&rest_code=00148&code=00101008356&supplier_code=00100007&order_time=2020-06-03 HTTP/1.1" 200 408
180.162.232.172 - - [03/Jun/2020:08:42:55 +0800] "GET /xingrg/kc/base/wldb_order_list.html HTTP/1.1" 200 19261
180.162.232.172 - - [03/Jun/2020:08:42:56 +0800] "POST /xingrg/kc/base/wldb_list_operate.html HTTP/1.1" 200 928
180.162.232.172 - - [03/Jun/2020:08:42:57 +0800] "GET /xingrg/kc/base/wldb_order_add.html HTTP/1.1" 200 30322
180.162.232.172 - - [03/Jun/2020:08:42:57 +0800] "POST /xingrg/kc/base/wldb_order_operate.html HTTP/1.1" 200 6806
180.162.232.172 - - [03/Jun/2020:08:42:57 +0800] "GET /xingrg/all/common/auto_word.html?type=base&rest_code=00150 HTTP/1.1" 200 1653
180.162.232.172 - - [03/Jun/2020:08:42:57 +0800] "GET /xingrg/all/common/auto_word.html?type=base&rest_code=00150 HTTP/1.1" 200 1653
180.162.232.172 - - [03/Jun/2020:08:42:57 +0800] "GET /xingrg/javascript/easyui/themes/default/validatebox.css HTTP/1.1" 404 1104
61.172.5.115 - - [03/Jun/2020:08:42:59 +0800] "GET /xingrg/all/function/internal_message.html?_=1591144980044&CODE_STATE=getMsg HTTP/1.1" 302 -
180.162.232.172 - - [03/Jun/2020:08:43:00 +0800] "GET /xingrg/javascript/auto/indicator.gif HTTP/1.1" 404 1066
117.131.5.26 - - [03/Jun/2020:08:43:02 +0800] "GET /xingrg/all/function/internal_message.html?_=1591144985211&CODE_STATE=getMsg HTTP/1.1" 302 -
114.88.170.9 - - [03/Jun/2020:08:43:03 +0800] "GET /xingrg/all/function/internal_message.html?_=1591144980037&CODE_STATE=getMsg HTTP/1.1" 200 27
114.84.33.255 - - [03/Jun/2020:08:43:04 +0800] "GET /xingrg/kc/buy/cgsh_order_operate.html?command=get_materiel&rest_code=00146&code=00101008361&supplier_code=00100005&order_time=2020-06-03 HTTP/1.1" 200 408
222.69.136.136 - - [03/Jun/2020:08:43:05 +0800] "GET /xingrg/check_reg.html?_=1591144981150 HTTP/1.1" 200 22
222.69.136.136 - - [03/Jun/2020:08:43:05 +0800] "GET /xingrg/all/function/internal_message.html?_=1591144981153&CODE_STATE=getMsg HTTP/1.1" 200 27
180.162.232.172 - - [03/Jun/2020:08:43:07 +0800] "GET /xingrg/kc/base/wldb_order_operate.html?command=get_materiel&rest_code=00150&base_code=0010446&code=00102002315 HTTP/1.1" 200 448
114.86.190.97 - - [03/Jun/2020:08:43:09 +0800] "GET /xingrg/all/function/internal_message.html?_=1591144992233&CODE_STATE=getMsg HTTP/1.1" 200 27
180.162.232.172 - - [03/Jun/2020:08:43:13 +0800] "GET /xingrg/kc/base/wldb_order_operate.html?command=get_materiel&rest_code=00150&base_code=0010446&code=00102002610 HTTP/1.1" 200 430
180.162.232.172 - - [03/Jun/2020:08:43:15 +0800] "GET /xingrg/all/function/internal_message.html?_=1591144994451&CODE_STATE=getMsg HTTP/1.1" 200 27
117.184.7.26 - - [03/Jun/2020:08:43:18 +0800] "GET /xingrg/all/function/internal_message.html?_=1591144995137&CODE_STATE=getMsg HTTP/1.1" 200 27
180.162.232.172 - - [03/Jun/2020:08:43:19 +0800] "GET /xingrg/kc/base/wldb_order_operate.html?command=get_materiel&rest_code=00150&base_code=0010446&code=00102002497 HTTP/1.1" 200 439
180.162.232.172 - - [03/Jun/2020:08:43:23 +0800] "GET /xingrg/kc/base/wldb_order_operate.html?command=get_materiel&rest_code=00150&base_code=0010446&code=00102004030 HTTP/1.1" 200 442
114.84.33.255 - - [03/Jun/2020:08:43:24 +0800] "GET /xingrg/kc/buy/cgsh_order_operate.html?command=get_materiel&rest_code=00146&code=00101008144&supplier_code=00100005&order_time=2020-06-03 HTTP/1.1" 200 412
180.162.232.172 - - [03/Jun/2020:08:43:26 +0800] "GET /xingrg/javascript/jquery_tools/images/next.gif HTTP/1.1" 404 1086
180.162.232.172 - - [03/Jun/2020:08:43:26 +0800] "GET /xingrg/javascript/jquery_tools/images/prev.gif HTTP/1.1" 404 1086
114.84.33.255 - - [03/Jun/2020:08:43:26 +0800] "GET /xingrg/all/function/internal_message.html?_=1591145016164&CODE_STATE=getMsg HTTP/1.1" 200 27
114.84.33.255 - - [03/Jun/2020:08:43:27 +0800] "POST /xingrg/kc/buy/cgsh_order_operate.html HTTP/1.1" 200 2065
172.17.0.185 - - [03/Jun/2020:08:43:27 +0800] "GET /xingrg/all/function/internal_message.html?_=1591145006798&CODE_STATE=getMsg HTTP/1.1" 200 27
114.84.33.255 - - [03/Jun/2020:08:43:32 +0800] "GET /xingrg/kc/buy/cgsh_order_operate.html?command=get_materiel&rest_code=00146&code=00101008264&supplier_code=00100005&order_time=2020-06-03 HTTP/1.1" 200 412
114.86.190.97 - - [03/Jun/2020:08:43:36 +0800] "POST /xingrg/kc/buy/cgsh_order_operate.html HTTP/1.1" 200 2065
58.221.95.50 - - [03/Jun/2020:08:43:37 +0800] "GET /xingrg/all/function/internal_message.html?_=1591145067465&CODE_STATE=getMsg HTTP/1.1" 302 -
117.184.7.26 - - [03/Jun/2020:08:43:37 +0800] "POST /xingrg/kc/buy/cgsh_order_operate.html HTTP/1.1" 200 37
120.253.135.82 - - [03/Jun/2020:08:43:38 +0800] "GET /xingrg/check_reg.html?_=1591145151345 HTTP/1.1" 200 22
117.184.7.26 - - [03/Jun/2020:08:43:38 +0800] "POST /xingrg/kc/buy/cgsh_order_operate.html HTTP/1.1" 200 2652
120.253.135.82 - - [03/Jun/2020:08:43:38 +0800] "GET /xingrg/all/function/internal_message.html?_=1591144773122&CODE_STATE=getMsg HTTP/1.1" 200 27
58.40.7.146 - - [03/Jun/2020:08:43:39 +0800] "GET /xingrg/all/function/internal_message.html?_=1591145018502&CODE_STATE=getMsg HTTP/1.1" 200 27
117.184.7.26 - - [03/Jun/2020:08:43:40 +0800] "GET /xingrg/kc/print/load_config.html?kc_code=cgsh HTTP/1.1" 200 1845
117.184.7.26 - - [03/Jun/2020:08:43:40 +0800] "GET /xingrg/kc/print/load_data.html?order_code=212020060300752&kc_code=cgsh&condition= HTTP/1.1" 200 696
222.69.136.136 - - [03/Jun/2020:08:43:41 +0800] "GET /xingrg/kc/buy/cgsh_order_list.html HTTP/1.1" 200 43002
222.69.136.136 - - [03/Jun/2020:08:43:42 +0800] "POST /xingrg/kc/buy/cgsh_list_operate.html HTTP/1.1" 200 876
172.17.0.240 - - [03/Jun/2020:08:43:42 +0800] "GET /xingrg/all/function/internal_message.html?_=1591145021933&CODE_STATE=getMsg HTTP/1.1" 200 27
120.253.135.82 - - [03/Jun/2020:08:43:51 +0800] "GET /xingrg/all/function/internal_message.html?_=1591145164383&CODE_STATE=getMsg HTTP/1.1" 200 27
180.162.232.172 - - [03/Jun/2020:08:43:55 +0800] "POST /xingrg/kc/base/wldb_order_operate.html HTTP/1.1" 200 37
117.131.5.26 - - [03/Jun/2020:08:43:56 +0800] "GET /xingrg/check_reg.html?_=1591145038992 HTTP/1.1" 302 -
114.86.190.97 - - [03/Jun/2020:08:43:56 +0800] "GET /xingrg/kc/buy/cgsh_order_operate.html?command=get_materiel&rest_code=00148&code=00101008331&supplier_code=00100007&order_time=2020-06-03 HTTP/1.1" 200 416
180.162.232.172 - - [03/Jun/2020:08:43:56 +0800] "POST /xingrg/kc/base/wldb_order_operate.html HTTP/1.1" 200 12
180.162.232.172 - - [03/Jun/2020:08:43:56 +0800] "POST /xingrg/kc/base/wldb_order_operate.html HTTP/1.1" 200 3168
180.162.232.172 - - [03/Jun/2020:08:43:58 +0800] "GET /xingrg/kc/base/wldb_order_info.html?code=422020060300216 HTTP/1.1" 200 26200
180.162.232.172 - - [03/Jun/2020:08:43:58 +0800] "GET /xingrg/javascript/easyui/themes/default/validatebox.css HTTP/1.1" 404 1104
180.162.232.172 - - [03/Jun/2020:08:43:58 +0800] "POST /xingrg/kc/base/wldb_order_operate.html HTTP/1.1" 200 1442
114.84.33.255 - - [03/Jun/2020:08:43:59 +0800] "GET /xingrg/kc/buy/cgsh_order_operate.html?command=get_materiel&rest_code=00146&code=00101008137&supplier_code=00100005&order_time=2020-06-03 HTTP/1.1" 200 408
61.172.5.115 - - [03/Jun/2020:08:43:59 +0800] "GET /xingrg/all/function/internal_message.html?_=1591145040048&CODE_STATE=getMsg HTTP/1.1" 302 -
117.131.5.26 - - [03/Jun/2020:08:44:02 +0800] "GET /xingrg/all/function/internal_message.html?_=1591145045211&CODE_STATE=getMsg HTTP/1.1" 302 -
114.88.170.9 - - [03/Jun/2020:08:44:03 +0800] "GET /xingrg/all/function/internal_message.html?_=1591145040036&CODE_STATE=getMsg HTTP/1.1" 200 27
180.162.232.172 - - [03/Jun/2020:08:44:04 +0800] "GET /xingrg/kc/base/wldb_order_add.html HTTP/1.1" 200 30322
180.162.232.172 - - [03/Jun/2020:08:44:04 +0800] "POST /xingrg/kc/base/wldb_order_operate.html HTTP/1.1" 200 6806
180.162.232.172 - - [03/Jun/2020:08:44:05 +0800] "GET /xingrg/javascript/easyui/themes/default/validatebox.css HTTP/1.1" 404 1104
222.69.136.136 - - [03/Jun/2020:08:44:05 +0800] "GET /xingrg/all/function/internal_message.html?_=1591145041152&CODE_STATE=getMsg HTTP/1.1" 200 27
114.86.190.97 - - [03/Jun/2020:08:44:06 +0800] "GET /xingrg/kc/buy/cgsh_order_operate.html?command=get_materiel&rest_code=00148&code=00101008112&supplier_code=00100007&order_time=2020-06-03 HTTP/1.1" 200 412
114.84.33.255 - - [03/Jun/2020:08:44:09 +0800] "GET /xingrg/kc/buy/cgsh_order_operate.html?command=get_materiel&rest_code=00146&code=00101008196&supplier_code=00100005&order_time=2020-06-03 HTTP/1.1" 200 416
114.86.190.97 - - [03/Jun/2020:08:44:09 +0800] "GET /xingrg/all/function/internal_message.html?_=1591145052212&CODE_STATE=getMsg HTTP/1.1" 200 27
180.162.232.172 - - [03/Jun/2020:08:44:15 +0800] "GET /xingrg/all/function/internal_message.html?_=1591145054449&CODE_STATE=getMsg HTTP/1.1" 200 27
