120.253.135.82 - - [03/Jun/2020:08:24:40 +0800] "GET /xingrg/javascript/easyui/plugins/jquery.parser.js HTTP/1.1" 200 1142
120.253.135.82 - - [03/Jun/2020:08:24:40 +0800] "GET /xingrg/images/control/ajaxLoader.gif HTTP/1.1" 200 4659
120.253.135.82 - - [03/Jun/2020:08:24:40 +0800] "GET /xingrg/javascript/jquery_easy_ui/themes/icons/area.png HTTP/1.1" 200 262
120.253.135.82 - - [03/Jun/2020:08:24:40 +0800] "GET /xingrg/javascript/jquery_easy_ui/themes/icons/manage.png HTTP/1.1" 200 696
120.253.135.82 - - [03/Jun/2020:08:24:40 +0800] "POST /xingrg/kc/pszx/mdps_list_operate.html HTTP/1.1" 200 5456
120.253.135.82 - - [03/Jun/2020:08:24:41 +0800] "GET /xingrg/javascript/auto/indicator.gif HTTP/1.1" 404 1066
172.17.0.240 - - [03/Jun/2020:08:24:42 +0800] "GET /xingrg/all/function/internal_message.html?_=1591143881930&CODE_STATE=getMsg HTTP/1.1" 200 27
120.253.135.82 - - [03/Jun/2020:08:24:48 +0800] "POST /xingrg/kc/pszx/mdps_list_operate.html HTTP/1.1" 200 2807
114.84.33.255 - - [03/Jun/2020:08:24:48 +0800] "GET /xingrg/all/function/internal_message.html?_=1591143898251&CODE_STATE=getMsg HTTP/1.1" 302 -
120.253.135.82 - - [03/Jun/2020:08:24:49 +0800] "POST /xingrg/kc/pszx/mdps_list_operate.html HTTP/1.1" 200 638
114.84.33.255 - - [03/Jun/2020:08:24:49 +0800] "GET /xingrg/check_reg.html?_=1591143898897 HTTP/1.1" 302 -
120.253.135.82 - - [03/Jun/2020:08:24:50 +0800] "GET /xingrg/javascript/jquery_tools/images/prev.gif HTTP/1.1" 404 1086
120.253.135.82 - - [03/Jun/2020:08:24:50 +0800] "GET /xingrg/javascript/jquery_tools/images/next.gif HTTP/1.1" 404 1086
120.253.135.82 - - [03/Jun/2020:08:24:50 +0800] "GET /xingrg/kc/pszx/mdps_order_info.html?code=312020060200041 HTTP/1.1" 200 23849
120.253.135.82 - - [03/Jun/2020:08:24:50 +0800] "GET /xingrg/javascript/convert.js HTTP/1.1" 200 1239
120.253.135.82 - - [03/Jun/2020:08:24:50 +0800] "GET /xingrg/javascript/json2.js HTTP/1.1" 200 11259
120.253.135.82 - - [03/Jun/2020:08:24:50 +0800] "GET /xingrg/javascript/print/kc_print.js HTTP/1.1" 200 11415
120.253.135.82 - - [03/Jun/2020:08:24:50 +0800] "GET /xingrg/javascript/jquery_tools/order_manager.js HTTP/1.1" 200 11183
120.253.135.82 - - [03/Jun/2020:08:24:50 +0800] "GET /xingrg/words/20200602170121_words.js HTTP/1.1" 200 735129
120.253.135.82 - - [03/Jun/2020:08:24:50 +0800] "GET /xingrg/javascript/easyui/themes/icons/copy_new.png HTTP/1.1" 200 815
120.253.135.82 - - [03/Jun/2020:08:24:50 +0800] "GET /xingrg/javascript/easyui/themes/icons/cancel.png HTTP/1.1" 200 1133
120.253.135.82 - - [03/Jun/2020:08:24:50 +0800] "GET /xingrg/javascript/easyui/themes/icons/ok.png HTTP/1.1" 200 883
120.253.135.82 - - [03/Jun/2020:08:24:50 +0800] "GET /xingrg/javascript/easyui/themes/icons/print.png HTTP/1.1" 200 1057
120.253.135.82 - - [03/Jun/2020:08:24:50 +0800] "GET /xingrg/javascript/easyui/themes/default/images/menu_downarrow.png HTTP/1.1" 200 173
120.253.135.82 - - [03/Jun/2020:08:24:50 +0800] "GET /xingrg/all/function/internal_message.html?_=1591144024079&CODE_STATE=getMsg HTTP/1.1" 200 27
120.253.135.82 - - [03/Jun/2020:08:24:51 +0800] "GET /xingrg/all/common/auto_word.html?type=base&rest_code=00101 HTTP/1.1" 200 513
120.253.135.82 - - [03/Jun/2020:08:24:51 +0800] "POST /xingrg/kc/pszx/mdps_order_operate.html HTTP/1.1" 200 9988
120.253.135.82 - - [03/Jun/2020:08:24:51 +0800] "GET /xingrg/javascript/easyui/themes/icons/edit_remove.png HTTP/1.1" 200 625
120.253.135.82 - - [03/Jun/2020:08:24:51 +0800] "GET /xingrg/javascript/easyui/plugins/jquery.validatebox.js HTTP/1.1" 200 6103
120.253.135.82 - - [03/Jun/2020:08:24:51 +0800] "GET /xingrg/javascript/easyui/themes/default/validatebox.css HTTP/1.1" 404 1104
120.253.135.82 - - [03/Jun/2020:08:24:51 +0800] "GET /xingrg/javascript/easyui/plugins/jquery.numberbox.js HTTP/1.1" 200 5213
61.172.5.115 - - [03/Jun/2020:08:25:00 +0800] "GET /xingrg/all/function/internal_message.html?_=1591143900464&CODE_STATE=getMsg HTTP/1.1" 302 -
117.131.5.26 - - [03/Jun/2020:08:25:02 +0800] "GET /xingrg/all/function/internal_message.html?_=1591143905070&CODE_STATE=getMsg HTTP/1.1" 302 -
120.253.135.82 - - [03/Jun/2020:08:25:15 +0800] "GET /xingrg/javascript/easyui/themes/default/images/button_plain_hover.png HTTP/1.1" 200 144
120.253.135.82 - - [03/Jun/2020:08:25:21 +0800] "POST /xingrg/kc/pszx/mdps_list_operate.html HTTP/1.1" 200 217
172.17.0.185 - - [03/Jun/2020:08:25:27 +0800] "GET /xingrg/all/function/internal_message.html?_=1591143926802&CODE_STATE=getMsg HTTP/1.1" 200 27
120.253.135.82 - - [03/Jun/2020:08:25:28 +0800] "POST /xingrg/kc/pszx/mdps_list_operate.html HTTP/1.1" 200 464
120.253.135.82 - - [03/Jun/2020:08:25:31 +0800] "GET /xingrg/kc/pszx/mdps_order_info.html?code=312020060100003 HTTP/1.1" 200 23849
120.253.135.82 - - [03/Jun/2020:08:25:31 +0800] "POST /xingrg/kc/pszx/mdps_order_operate.html HTTP/1.1" 200 3807
120.253.135.82 - - [03/Jun/2020:08:25:31 +0800] "GET /xingrg/javascript/easyui/themes/default/validatebox.css HTTP/1.1" 404 1104
180.162.232.172 - - [03/Jun/2020:08:25:32 +0800] "GET /xingrg/all/function/internal_message.html?_=1591143931263&CODE_STATE=getMsg HTTP/1.1" 200 27
180.162.232.172 - - [03/Jun/2020:08:25:32 +0800] "GET /xingrg/check_reg.html?_=1591143931267 HTTP/1.1" 200 22
120.253.135.82 - - [03/Jun/2020:08:25:36 +0800] "POST /xingrg/kc/pszx/mdps_order_operate.html HTTP/1.1" 200 37
58.221.95.50 - - [03/Jun/2020:08:25:37 +0800] "GET /xingrg/all/function/internal_message.html?_=1591143987448&CODE_STATE=getMsg HTTP/1.1" 302 -
120.253.135.82 - - [03/Jun/2020:08:25:37 +0800] "GET /xingrg/kc/pszx/mdps_order_info.html?code=312020060100003 HTTP/1.1" 200 23849
120.253.135.82 - - [03/Jun/2020:08:25:37 +0800] "POST /xingrg/kc/pszx/mdps_order_operate.html HTTP/1.1" 200 3296
120.253.135.82 - - [03/Jun/2020:08:25:37 +0800] "GET /xingrg/javascript/easyui/themes/default/validatebox.css HTTP/1.1" 404 1104
120.253.135.82 - - [03/Jun/2020:08:25:38 +0800] "GET /xingrg/all/function/internal_message.html?_=1591143692800&CODE_STATE=getMsg HTTP/1.1" 200 27
58.40.7.146 - - [03/Jun/2020:08:25:39 +0800] "GET /xingrg/all/function/internal_message.html?_=1591143938488&CODE_STATE=getMsg HTTP/1.1" 200 27
172.17.0.240 - - [03/Jun/2020:08:25:42 +0800] "GET /xingrg/all/function/internal_message.html?_=1591143941924&CODE_STATE=getMsg HTTP/1.1" 200 27
114.84.33.255 - - [03/Jun/2020:08:25:49 +0800] "GET /xingrg/all/function/internal_message.html?_=1591143958371&CODE_STATE=getMsg HTTP/1.1" 302 -
120.253.135.82 - - [03/Jun/2020:08:25:50 +0800] "GET /xingrg/all/function/internal_message.html?_=1591144084107&CODE_STATE=getMsg HTTP/1.1" 200 27
61.172.5.115 - - [03/Jun/2020:08:26:00 +0800] "GET /xingrg/all/function/internal_message.html?_=1591143960435&CODE_STATE=getMsg HTTP/1.1" 302 -
117.131.5.26 - - [03/Jun/2020:08:26:02 +0800] "GET /xingrg/all/function/internal_message.html?_=1591143965070&CODE_STATE=getMsg HTTP/1.1" 302 -
172.17.0.185 - - [03/Jun/2020:08:26:27 +0800] "GET /xingrg/all/function/internal_message.html?_=1591143986804&CODE_STATE=getMsg HTTP/1.1" 200 27
180.162.232.172 - - [03/Jun/2020:08:26:32 +0800] "GET /xingrg/all/function/internal_message.html?_=1591143991264&CODE_STATE=getMsg HTTP/1.1" 200 27
61.172.5.115 - - [03/Jun/2020:08:26:33 +0800] "GET /xingrg/check_reg.html?_=1591143993632 HTTP/1.1" 302 -
58.221.95.50 - - [03/Jun/2020:08:26:37 +0800] "GET /xingrg/check_reg.html?_=1591144047447 HTTP/1.1" 302 -
58.221.95.50 - - [03/Jun/2020:08:26:37 +0800] "GET /xingrg/all/function/internal_message.html?_=1591144047450&CODE_STATE=getMsg HTTP/1.1" 302 -
120.253.135.82 - - [03/Jun/2020:08:26:38 +0800] "GET /xingrg/all/function/internal_message.html?_=1591143752813&CODE_STATE=getMsg HTTP/1.1" 200 27
58.40.7.146 - - [03/Jun/2020:08:26:39 +0800] "GET /xingrg/all/function/internal_message.html?_=1591143998490&CODE_STATE=getMsg HTTP/1.1" 200 27
58.40.7.146 - - [03/Jun/2020:08:26:39 +0800] "GET /xingrg/check_reg.html?_=1591143998493 HTTP/1.1" 200 22
172.17.0.240 - - [03/Jun/2020:08:26:42 +0800] "GET /xingrg/all/function/internal_message.html?_=1591144001933&CODE_STATE=getMsg HTTP/1.1" 200 27
114.84.33.255 - - [03/Jun/2020:08:26:49 +0800] "GET /xingrg/all/function/internal_message.html?_=1591144018380&CODE_STATE=getMsg HTTP/1.1" 302 -
120.253.135.82 - - [03/Jun/2020:08:26:50 +0800] "GET /xingrg/all/function/internal_message.html?_=1591144144122&CODE_STATE=getMsg HTTP/1.1" 200 27
61.172.5.115 - - [03/Jun/2020:08:27:00 +0800] "GET /xingrg/all/function/internal_message.html?_=1591144020403&CODE_STATE=getMsg HTTP/1.1" 302 -
117.131.5.26 - - [03/Jun/2020:08:27:02 +0800] "GET /xingrg/all/function/internal_message.html?_=1591144025086&CODE_STATE=getMsg HTTP/1.1" 302 -
172.17.0.185 - - [03/Jun/2020:08:27:27 +0800] "GET /xingrg/all/function/internal_message.html?_=1591144046810&CODE_STATE=getMsg HTTP/1.1" 200 27
172.17.0.185 - - [03/Jun/2020:08:27:27 +0800] "GET /xingrg/check_reg.html?_=1591144046813 HTTP/1.1" 200 22
180.162.232.172 - - [03/Jun/2020:08:27:32 +0800] "GET /xingrg/all/function/internal_message.html?_=1591144051265&CODE_STATE=getMsg HTTP/1.1" 200 27
58.221.95.50 - - [03/Jun/2020:08:27:37 +0800] "GET /xingrg/all/function/internal_message.html?_=1591144107449&CODE_STATE=getMsg HTTP/1.1" 302 -
120.253.135.82 - - [03/Jun/2020:08:27:38 +0800] "GET /xingrg/all/function/internal_message.html?_=1591143812827&CODE_STATE=getMsg HTTP/1.1" 200 27
58.40.7.146 - - [03/Jun/2020:08:27:39 +0800] "GET /xingrg/all/function/internal_message.html?_=1591144058494&CODE_STATE=getMsg HTTP/1.1" 200 27
172.17.0.240 - - [03/Jun/2020:08:27:42 +0800] "GET /xingrg/check_reg.html?_=1591144061911 HTTP/1.1" 200 22
172.17.0.240 - - [03/Jun/2020:08:27:42 +0800] "GET /xingrg/all/function/internal_message.html?_=1591144061926&CODE_STATE=getMsg HTTP/1.1" 200 27
114.84.33.255 - - [03/Jun/2020:08:27:49 +0800] "GET /xingrg/all/function/internal_message.html?_=1591144078514&CODE_STATE=getMsg HTTP/1.1" 302 -
120.253.135.82 - - [03/Jun/2020:08:27:51 +0800] "GET /xingrg/all/function/internal_message.html?_=1591144204148&CODE_STATE=getMsg HTTP/1.1" 200 27
61.172.5.115 - - [03/Jun/2020:08:28:00 +0800] "GET /xingrg/all/function/internal_message.html?_=1591144080381&CODE_STATE=getMsg HTTP/1.1" 302 -
117.131.5.26 - - [03/Jun/2020:08:28:02 +0800] "GET /xingrg/all/function/internal_message.html?_=1591144085086&CODE_STATE=getMsg HTTP/1.1" 302 -
172.17.0.185 - - [03/Jun/2020:08:28:27 +0800] "GET /xingrg/all/function/internal_message.html?_=1591144106801&CODE_STATE=getMsg HTTP/1.1" 200 27
114.86.190.97 - - [03/Jun/2020:08:28:27 +0800] "GET /xingrg/login.html HTTP/1.1" 200 7641
114.86.190.97 - - [03/Jun/2020:08:28:30 +0800] "GET /favicon.ico HTTP/1.1" 404 -
180.162.232.172 - - [03/Jun/2020:08:28:32 +0800] "GET /xingrg/all/function/internal_message.html?_=1591144111265&CODE_STATE=getMsg HTTP/1.1" 200 27
114.88.170.9 - - [03/Jun/2020:08:28:34 +0800] "GET /xingrg/index.html?sysBaseUrl=http%3A%2F%2F180.169.147.146%3A18081%2Fxingrg%2F&costTime=38×tamp=1588335986102 HTTP/1.1" 302 -
114.88.170.9 - - [03/Jun/2020:08:28:34 +0800] "GET /xingrg/login.html HTTP/1.1" 200 7641
114.88.170.9 - - [03/Jun/2020:08:28:34 +0800] "GET /favicon.ico HTTP/1.1" 404 -
58.221.95.50 - - [03/Jun/2020:08:28:37 +0800] "GET /xingrg/all/function/internal_message.html?_=1591144167682&CODE_STATE=getMsg HTTP/1.1" 302 -
120.253.135.82 - - [03/Jun/2020:08:28:38 +0800] "GET /xingrg/check_reg.html?_=1591144251325 HTTP/1.1" 200 22
120.253.135.82 - - [03/Jun/2020:08:28:38 +0800] "GET /xingrg/all/function/internal_message.html?_=1591143872854&CODE_STATE=getMsg HTTP/1.1" 200 27
58.40.7.146 - - [03/Jun/2020:08:28:39 +0800] "GET /xingrg/all/function/internal_message.html?_=1591144118496&CODE_STATE=getMsg HTTP/1.1" 200 27
172.17.0.240 - - [03/Jun/2020:08:28:42 +0800] "GET /xingrg/all/function/internal_message.html?_=1591144121936&CODE_STATE=getMsg HTTP/1.1" 200 27
114.84.33.255 - - [03/Jun/2020:08:28:49 +0800] "GET /xingrg/all/function/internal_message.html?_=1591144138516&CODE_STATE=getMsg HTTP/1.1" 302 -
120.253.135.82 - - [03/Jun/2020:08:28:50 +0800] "GET /xingrg/all/function/internal_message.html?_=1591144264149&CODE_STATE=getMsg HTTP/1.1" 200 27
117.131.5.26 - - [03/Jun/2020:08:28:56 +0800] "GET /xingrg/check_reg.html?_=1591144138945 HTTP/1.1" 302 -
61.172.5.115 - - [03/Jun/2020:08:29:00 +0800] "GET /xingrg/all/function/internal_message.html?_=1591144140390&CODE_STATE=getMsg HTTP/1.1" 302 -
117.131.5.26 - - [03/Jun/2020:08:29:02 +0800] "GET /xingrg/all/function/internal_message.html?_=1591144145086&CODE_STATE=getMsg HTTP/1.1" 302 -
172.17.0.185 - - [03/Jun/2020:08:29:27 +0800] "GET /xingrg/all/function/internal_message.html?_=1591144166807&CODE_STATE=getMsg HTTP/1.1" 200 27
180.162.232.172 - - [03/Jun/2020:08:29:32 +0800] "GET /xingrg/all/function/internal_message.html?_=1591144171267&CODE_STATE=getMsg HTTP/1.1" 200 27
120.253.135.82 - - [03/Jun/2020:08:29:34 +0800] "GET /xingrg/check_reg.html?_=1591143928863 HTTP/1.1" 200 22
58.221.95.50 - - [03/Jun/2020:08:29:37 +0800] "GET /xingrg/all/function/internal_message.html?_=1591144227659&CODE_STATE=getMsg HTTP/1.1" 302 -
120.253.135.82 - - [03/Jun/2020:08:29:38 +0800] "GET /xingrg/all/function/internal_message.html?_=1591143932870&CODE_STATE=getMsg HTTP/1.1" 200 27
58.40.7.146 - - [03/Jun/2020:08:29:39 +0800] "GET /xingrg/all/function/internal_message.html?_=1591144178500&CODE_STATE=getMsg HTTP/1.1" 200 27
172.17.0.240 - - [03/Jun/2020:08:29:42 +0800] "GET /xingrg/all/function/internal_message.html?_=1591144181929&CODE_STATE=getMsg HTTP/1.1" 200 27
114.84.33.255 - - [03/Jun/2020:08:29:49 +0800] "GET /xingrg/all/function/internal_message.html?_=1591144198643&CODE_STATE=getMsg HTTP/1.1" 302 -
114.84.33.255 - - [03/Jun/2020:08:29:49 +0800] "GET /xingrg/check_reg.html?_=1591144198915 HTTP/1.1" 302 -
120.253.135.82 - - [03/Jun/2020:08:29:51 +0800] "GET /xingrg/all/function/internal_message.html?_=1591144324162&CODE_STATE=getMsg HTTP/1.1" 200 27
61.172.5.115 - - [03/Jun/2020:08:30:00 +0800] "GET /xingrg/all/function/internal_message.html?_=1591144200357&CODE_STATE=getMsg HTTP/1.1" 302 -
117.131.5.26 - - [03/Jun/2020:08:30:02 +0800] "GET /xingrg/all/function/internal_message.html?_=1591144205101&CODE_STATE=getMsg HTTP/1.1" 302 -
114.86.190.97 - - [03/Jun/2020:08:30:08 +0800] "POST /xingrg/login.do HTTP/1.1" 302 -
114.86.190.97 - - [03/Jun/2020:08:30:08 +0800] "GET /xingrg/index.html?sysBaseUrl=http%3A%2F%2F180.169.147.146%3A18081%2Fxingrg%2F&costTime=38×tamp=1591144208768 HTTP/1.1" 200 17179
114.86.190.97 - - [03/Jun/2020:08:30:09 +0800] "GET /favicon.ico HTTP/1.1" 404 -
114.86.190.97 - - [03/Jun/2020:08:30:09 +0800] "POST /xingrg/all/common/load_tree.html?tree=area_rest_tree_json&manage=1 HTTP/1.1" 200 351
114.86.190.97 - - [03/Jun/2020:08:30:09 +0800] "GET /xingrg/all/function/internal_message.html?_=1591144212112&CODE_STATE=count HTTP/1.1" 200 11
114.86.190.97 - - [03/Jun/2020:08:30:09 +0800] "GET /xingrg/check_reg.html?_=1591144212116 HTTP/1.1" 200 22
114.86.190.97 - - [03/Jun/2020:08:30:09 +0800] "POST /xingrg/load_menu.html HTTP/1.1" 200 5138
114.86.190.97 - - [03/Jun/2020:08:30:13 +0800] "GET /xingrg/kc/buy/cgsh_order_list.html HTTP/1.1" 200 43002
114.86.190.97 - - [03/Jun/2020:08:30:16 +0800] "POST /xingrg/kc/buy/cgsh_list_operate.html HTTP/1.1" 200 876
114.88.170.9 - - [03/Jun/2020:08:30:25 +0800] "GET /xingrg/check_reg.html?_=1591144222953 HTTP/1.1" 302 -
114.88.170.9 - - [03/Jun/2020:08:30:25 +0800] "GET /xingrg/login.html HTTP/1.1" 200 7641
172.17.0.185 - - [03/Jun/2020:08:30:27 +0800] "GET /xingrg/all/function/internal_message.html?_=1591144226810&CODE_STATE=getMsg HTTP/1.1" 200 27
180.162.232.172 - - [03/Jun/2020:08:30:32 +0800] "GET /xingrg/all/function/internal_message.html?_=1591144231267&CODE_STATE=getMsg HTTP/1.1" 200 27
180.162.232.172 - - [03/Jun/2020:08:30:32 +0800] "GET /xingrg/check_reg.html?_=1591144231270 HTTP/1.1" 200 22
58.221.95.50 - - [03/Jun/2020:08:30:37 +0800] "GET /xingrg/all/function/internal_message.html?_=1591144287635&CODE_STATE=getMsg HTTP/1.1" 302 -
120.253.135.82 - - [03/Jun/2020:08:30:38 +0800] "GET /xingrg/all/function/internal_message.html?_=1591143992883&CODE_STATE=getMsg HTTP/1.1" 200 27
58.40.7.146 - - [03/Jun/2020:08:30:39 +0800] "GET /xingrg/all/function/internal_message.html?_=1591144238502&CODE_STATE=getMsg HTTP/1.1" 200 27
172.17.0.240 - - [03/Jun/2020:08:30:42 +0800] "GET /xingrg/all/function/internal_message.html?_=1591144241925&CODE_STATE=getMsg HTTP/1.1" 200 27
114.84.33.255 - - [03/Jun/2020:08:30:49 +0800] "GET /xingrg/all/function/internal_message.html?_=1591144258759&CODE_STATE=getMsg HTTP/1.1" 302 -
120.253.135.82 - - [03/Jun/2020:08:30:51 +0800] "GET /xingrg/all/function/internal_message.html?_=1591144384187&CODE_STATE=getMsg HTTP/1.1" 200 27
61.172.5.115 - - [03/Jun/2020:08:31:00 +0800] "GET /xingrg/all/function/internal_message.html?_=1591144260339&CODE_STATE=getMsg HTTP/1.1" 302 -
117.131.5.26 - - [03/Jun/2020:08:31:02 +0800] "GET /xingrg/all/function/internal_message.html?_=1591144265101&CODE_STATE=getMsg HTTP/1.1" 302 -
114.88.170.9 - - [03/Jun/2020:08:31:02 +0800] "POST /xingrg/login.do HTTP/1.1" 302 -
114.88.170.9 - - [03/Jun/2020:08:31:02 +0800] "GET /xingrg/index.html?sysBaseUrl=http%3A%2F%2F180.169.147.146%3A18081%2Fxingrg%2F&costTime=39×tamp=1591144262636 HTTP/1.1" 200 17173
114.88.170.9 - - [03/Jun/2020:08:31:02 +0800] "POST /xingrg/all/common/load_tree.html?tree=area_rest_tree_json&manage=1 HTTP/1.1" 200 342
114.88.170.9 - - [03/Jun/2020:08:31:03 +0800] "GET /xingrg/check_reg.html?_=1591144260021 HTTP/1.1" 200 22
114.88.170.9 - - [03/Jun/2020:08:31:03 +0800] "GET /xingrg/all/function/internal_message.html?_=1591144260020&CODE_STATE=count HTTP/1.1" 200 11
114.88.170.9 - - [03/Jun/2020:08:31:03 +0800] "POST /xingrg/load_menu.html HTTP/1.1" 200 5138
114.88.170.9 - - [03/Jun/2020:08:31:03 +0800] "GET /favicon.ico HTTP/1.1" 404 -
114.86.190.97 - - [03/Jun/2020:08:31:06 +0800] "GET /xingrg/kc/buy/cgsh_order_add.html HTTP/1.1" 200 58740
114.86.190.97 - - [03/Jun/2020:08:31:06 +0800] "GET /xingrg/words/20200602170121_words.js HTTP/1.1" 304 -
114.86.190.97 - - [03/Jun/2020:08:31:07 +0800] "POST /xingrg/kc/buy/cgsh_order_operate.html HTTP/1.1" 200 8245
114.86.190.97 - - [03/Jun/2020:08:31:07 +0800] "GET /xingrg/all/common/auto_word.html?type=employee&rest_code=00148 HTTP/1.1" 200 147
114.86.190.97 - - [03/Jun/2020:08:31:07 +0800] "GET /xingrg/all/common/auto_word.html?type=employee&rest_code=00148 HTTP/1.1" 200 147
114.86.190.97 - - [03/Jun/2020:08:31:07 +0800] "GET /xingrg/javascript/easyui/themes/default/validatebox.css HTTP/1.1" 404 1104
114.86.190.97 - - [03/Jun/2020:08:31:09 +0800] "GET /xingrg/all/function/internal_message.html?_=1591144272254&CODE_STATE=getMsg HTTP/1.1" 200 27
114.88.170.9 - - [03/Jun/2020:08:31:12 +0800] "GET /xingrg/kc/buy/cgsh_order_list.html HTTP/1.1" 200 42996
114.88.170.9 - - [03/Jun/2020:08:31:14 +0800] "POST /xingrg/kc/buy/cgsh_list_operate.html HTTP/1.1" 200 876
114.88.170.9 - - [03/Jun/2020:08:31:21 +0800] "GET /xingrg/kc/mdqp/pssh_order_list.html HTTP/1.1" 200 17741
114.88.170.9 - - [03/Jun/2020:08:31:21 +0800] "POST /xingrg/kc/mdqp/pssh_list_operate.html HTTP/1.1" 200 9079
114.88.170.9 - - [03/Jun/2020:08:31:25 +0800] "POST /xingrg/kc/mdqp/pssh_list_operate.html HTTP/1.1" 200 351
114.86.190.97 - - [03/Jun/2020:08:31:25 +0800] "GET /xingrg/javascript/auto/indicator.gif HTTP/1.1" 404 1066
114.86.190.97 - - [03/Jun/2020:08:31:27 +0800] "GET /xingrg/javascript/jquery_tools/images/prev.gif HTTP/1.1" 404 1086
114.86.190.97 - - [03/Jun/2020:08:31:27 +0800] "GET /xingrg/javascript/jquery_tools/images/next.gif HTTP/1.1" 404 1086
172.17.0.185 - - [03/Jun/2020:08:31:27 +0800] "GET /xingrg/all/function/internal_message.html?_=1591144286814&CODE_STATE=getMsg HTTP/1.1" 200 27
114.88.170.9 - - [03/Jun/2020:08:31:32 +0800] "GET /xingrg/kc/base/wldb_order_list.html HTTP/1.1" 200 19255
180.162.232.172 - - [03/Jun/2020:08:31:32 +0800] "GET /xingrg/all/function/internal_message.html?_=1591144291272&CODE_STATE=getMsg HTTP/1.1" 200 27
114.88.170.9 - - [03/Jun/2020:08:31:32 +0800] "POST /xingrg/kc/base/wldb_list_operate.html HTTP/1.1" 200 928
61.172.5.115 - - [03/Jun/2020:08:31:33 +0800] "GET /xingrg/check_reg.html?_=1591144293662 HTTP/1.1" 302 -
114.86.190.97 - - [03/Jun/2020:08:31:34 +0800] "GET /xingrg/kc/buy/cgsh_order_operate.html?command=get_materiel&rest_code=00148&code=00101008312&supplier_code=00100007&order_time=2020-06-03 HTTP/1.1" 200 412
114.88.170.9 - - [03/Jun/2020:08:31:34 +0800] "GET /xingrg/kc/buy/cgsh_order_list.html HTTP/1.1" 200 42996
114.88.170.9 - - [03/Jun/2020:08:31:35 +0800] "POST /xingrg/kc/buy/cgsh_list_operate.html HTTP/1.1" 200 876
58.221.95.50 - - [03/Jun/2020:08:31:37 +0800] "GET /xingrg/check_reg.html?_=1591144347448 HTTP/1.1" 302 -
58.221.95.50 - - [03/Jun/2020:08:31:37 +0800] "GET /xingrg/all/function/internal_message.html?_=1591144347604&CODE_STATE=getMsg HTTP/1.1" 302 -
120.253.135.82 - - [03/Jun/2020:08:31:38 +0800] "GET /xingrg/all/function/internal_message.html?_=1591144052913&CODE_STATE=getMsg HTTP/1.1" 200 27
58.40.7.146 - - [03/Jun/2020:08:31:39 +0800] "GET /xingrg/check_reg.html?_=1591144298488 HTTP/1.1" 200 22
58.40.7.146 - - [03/Jun/2020:08:31:39 +0800] "GET /xingrg/all/function/internal_message.html?_=1591144298489&CODE_STATE=getMsg HTTP/1.1" 200 27
172.17.0.240 - - [03/Jun/2020:08:31:42 +0800] "GET /xingrg/all/function/internal_message.html?_=1591144301932&CODE_STATE=getMsg HTTP/1.1" 200 27
114.86.190.97 - - [03/Jun/2020:08:31:43 +0800] "GET /xingrg/kc/buy/cgsh_order_operate.html?command=get_materiel&rest_code=00148&code=00101008038&supplier_code=00100007&order_time=2020-06-03 HTTP/1.1" 200 412
114.84.33.255 - - [03/Jun/2020:08:31:49 +0800] "GET /xingrg/all/function/internal_message.html?_=1591144318760&CODE_STATE=getMsg HTTP/1.1" 302 -
114.86.190.97 - - [03/Jun/2020:08:31:49 +0800] "GET /xingrg/kc/buy/cgsh_order_operate.html?command=get_materiel&rest_code=00148&code=00101008199&supplier_code=00100007&order_time=2020-06-03 HTTP/1.1" 200 408
120.253.135.82 - - [03/Jun/2020:08:31:51 +0800] "GET /xingrg/all/function/internal_message.html?_=1591144444189&CODE_STATE=getMsg HTTP/1.1" 200 27
114.86.190.97 - - [03/Jun/2020:08:31:54 +0800] "GET /xingrg/kc/buy/cgsh_order_operate.html?command=get_materiel&rest_code=00148&code=00101008264&supplier_code=00100007&order_time=2020-06-03 HTTP/1.1" 200 412
114.86.190.97 - - [03/Jun/2020:08:31:59 +0800] "GET /xingrg/kc/buy/cgsh_order_operate.html?command=get_materiel&rest_code=00148&code=00101008069&supplier_code=00100007&order_time=2020-06-03 HTTP/1.1" 200 412
61.172.5.115 - - [03/Jun/2020:08:31:59 +0800] "GET /xingrg/all/function/internal_message.html?_=1591144320317&CODE_STATE=getMsg HTTP/1.1" 302 -
117.131.5.26 - - [03/Jun/2020:08:32:02 +0800] "GET /xingrg/all/function/internal_message.html?_=1591144325117&CODE_STATE=getMsg HTTP/1.1" 302 -
114.88.170.9 - - [03/Jun/2020:08:32:03 +0800] "GET /xingrg/all/function/internal_message.html?_=1591144320026&CODE_STATE=getMsg HTTP/1.1" 200 27
114.86.190.97 - - [03/Jun/2020:08:32:03 +0800] "GET /xingrg/kc/buy/cgsh_order_operate.html?command=get_materiel&rest_code=00148&code=00101008036&supplier_code=00100007&order_time=2020-06-03 HTTP/1.1" 200 408
114.86.190.97 - - [03/Jun/2020:08:32:08 +0800] "GET /xingrg/kc/buy/cgsh_order_operate.html?command=get_materiel&rest_code=00148&code=00101008286&supplier_code=00100007&order_time=2020-06-03 HTTP/1.1" 200 408
114.86.190.97 - - [03/Jun/2020:08:32:09 +0800] "GET /xingrg/all/function/internal_message.html?_=1591144332135&CODE_STATE=getMsg HTTP/1.1" 200 27
114.86.190.97 - - [03/Jun/2020:08:32:15 +0800] "GET /xingrg/kc/buy/cgsh_order_operate.html?command=get_materiel&rest_code=00148&code=00101008131&supplier_code=00100007&order_time=2020-06-03 HTTP/1.1" 200 408
114.86.190.97 - - [03/Jun/2020:08:32:19 +0800] "GET /xingrg/kc/buy/cgsh_order_operate.html?command=get_materiel&rest_code=00148&code=00101008005&supplier_code=00100007&order_time=2020-06-03 HTTP/1.1" 200 412
114.86.190.97 - - [03/Jun/2020:08:32:25 +0800] "GET /xingrg/kc/buy/cgsh_order_operate.html?command=get_materiel&rest_code=00148&code=00101008271&supplier_code=00100007&order_time=2020-06-03 HTTP/1.1" 200 408
172.17.0.185 - - [03/Jun/2020:08:32:27 +0800] "GET /xingrg/check_reg.html?_=1591144346803 HTTP/1.1" 200 22
172.17.0.185 - - [03/Jun/2020:08:32:27 +0800] "GET /xingrg/all/function/internal_message.html?_=1591144346808&CODE_STATE=getMsg HTTP/1.1" 200 27
114.86.190.97 - - [03/Jun/2020:08:32:30 +0800] "GET /xingrg/kc/buy/cgsh_order_operate.html?command=get_materiel&rest_code=00148&code=00101008353&supplier_code=00100007&order_time=2020-06-03 HTTP/1.1" 200 408
180.162.232.172 - - [03/Jun/2020:08:32:32 +0800] "GET /xingrg/all/function/internal_message.html?_=1591144351271&CODE_STATE=getMsg HTTP/1.1" 200 27
114.86.190.97 - - [03/Jun/2020:08:32:37 +0800] "GET /xingrg/kc/buy/cgsh_order_operate.html?command=get_materiel&rest_code=00148&code=00101008004&supplier_code=00100007&order_time=2020-06-03 HTTP/1.1" 200 416
58.221.95.50 - - [03/Jun/2020:08:32:37 +0800] "GET /xingrg/all/function/internal_message.html?_=1591144407583&CODE_STATE=getMsg HTTP/1.1" 302 -
120.253.135.82 - - [03/Jun/2020:08:32:38 +0800] "GET /xingrg/all/function/internal_message.html?_=1591144112926&CODE_STATE=getMsg HTTP/1.1" 200 27
58.40.7.146 - - [03/Jun/2020:08:32:39 +0800] "GET /xingrg/all/function/internal_message.html?_=1591144358491&CODE_STATE=getMsg HTTP/1.1" 200 27
172.17.0.240 - - [03/Jun/2020:08:32:42 +0800] "GET /xingrg/check_reg.html?_=1591144361911 HTTP/1.1" 200 22
172.17.0.240 - - [03/Jun/2020:08:32:42 +0800] "GET /xingrg/all/function/internal_message.html?_=1591144361925&CODE_STATE=getMsg HTTP/1.1" 200 27
114.84.33.255 - - [03/Jun/2020:08:32:49 +0800] "GET /xingrg/all/function/internal_message.html?_=1591144378908&CODE_STATE=getMsg HTTP/1.1" 302 -
120.253.135.82 - - [03/Jun/2020:08:32:51 +0800] "GET /xingrg/all/function/internal_message.html?_=1591144504216&CODE_STATE=getMsg HTTP/1.1" 200 27
114.86.190.97 - - [03/Jun/2020:08:32:56 +0800] "GET /xingrg/kc/buy/cgsh_order_operate.html?command=get_materiel&rest_code=00148&code=00101008101&supplier_code=00100007&order_time=2020-06-03 HTTP/1.1" 200 412
61.172.5.115 - - [03/Jun/2020:08:32:59 +0800] "GET /xingrg/all/function/internal_message.html?_=1591144380296&CODE_STATE=getMsg HTTP/1.1" 302 -
117.131.5.26 - - [03/Jun/2020:08:33:02 +0800] "GET /xingrg/all/function/internal_message.html?_=1591144385117&CODE_STATE=getMsg HTTP/1.1" 302 -
114.86.190.97 - - [03/Jun/2020:08:33:02 +0800] "GET /xingrg/kc/buy/cgsh_order_operate.html?command=get_materiel&rest_code=00148&code=00101008041&supplier_code=00100007&order_time=2020-06-03 HTTP/1.1" 200 408
114.88.170.9 - - [03/Jun/2020:08:33:03 +0800] "GET /xingrg/all/function/internal_message.html?_=1591144380027&CODE_STATE=getMsg HTTP/1.1" 200 27
222.69.136.136 - - [03/Jun/2020:08:33:03 +0800] "GET /xingrg/index.html?sysBaseUrl=http%3A%2F%2F180.169.147.146%3A18081%2Fxingrg%2F&costTime=45×tamp=1585216556132 HTTP/1.1" 302 -
222.69.136.136 - - [03/Jun/2020:08:33:03 +0800] "GET /xingrg/login.html HTTP/1.1" 200 7641
222.69.136.136 - - [03/Jun/2020:08:33:03 +0800] "GET /favicon.ico HTTP/1.1" 404 -
222.69.136.136 - - [03/Jun/2020:08:33:04 +0800] "POST /xingrg/login.do HTTP/1.1" 302 -
222.69.136.136 - - [03/Jun/2020:08:33:04 +0800] "GET /xingrg/index.html?sysBaseUrl=http%3A%2F%2F180.169.147.146%3A18081%2Fxingrg%2F&costTime=51×tamp=1591144384855 HTTP/1.1" 200 17179
222.69.136.136 - - [03/Jun/2020:08:33:05 +0800] "POST /xingrg/all/common/load_tree.html?tree=area_rest_tree_json&manage=1 HTTP/1.1" 200 351
222.69.136.136 - - [03/Jun/2020:08:33:05 +0800] "GET /xingrg/all/function/internal_message.html?_=1591144381134&CODE_STATE=count HTTP/1.1" 200 11
222.69.136.136 - - [03/Jun/2020:08:33:05 +0800] "GET /xingrg/check_reg.html?_=1591144381134 HTTP/1.1" 200 22
222.69.136.136 - - [03/Jun/2020:08:33:05 +0800] "GET /favicon.ico HTTP/1.1" 404 -
222.69.136.136 - - [03/Jun/2020:08:33:05 +0800] "POST /xingrg/load_menu.html HTTP/1.1" 200 5138
114.86.190.97 - - [03/Jun/2020:08:33:07 +0800] "GET /xingrg/kc/buy/cgsh_order_operate.html?command=get_materiel&rest_code=00148&code=00101009021&supplier_code=00100007&order_time=2020-06-03 HTTP/1.1" 200 416
114.86.190.97 - - [03/Jun/2020:08:33:09 +0800] "GET /xingrg/all/function/internal_message.html?_=1591144392143&CODE_STATE=getMsg HTTP/1.1" 200 27
222.69.136.136 - - [03/Jun/2020:08:33:10 +0800] "GET /xingrg/kc/buy/cgsh_order_list.html HTTP/1.1" 200 43002
222.69.136.136 - - [03/Jun/2020:08:33:12 +0800] "POST /xingrg/kc/buy/cgsh_list_operate.html HTTP/1.1" 200 876
114.86.190.97 - - [03/Jun/2020:08:33:13 +0800] "GET /xingrg/kc/buy/cgsh_order_operate.html?command=get_materiel&rest_code=00148&code=00101008114&supplier_code=00100007&order_time=2020-06-03 HTTP/1.1" 200 412
222.69.136.136 - - [03/Jun/2020:08:33:18 +0800] "GET /xingrg/javascript/auto/indicator.gif HTTP/1.1" 404 1066
114.86.190.97 - - [03/Jun/2020:08:33:21 +0800] "GET /xingrg/kc/buy/cgsh_order_operate.html?command=get_materiel&rest_code=00148&code=00101008236&supplier_code=00100007&order_time=2020-06-03 HTTP/1.1" 200 416
222.69.136.136 - - [03/Jun/2020:08:33:22 +0800] "POST /xingrg/kc/buy/cgsh_list_operate.html HTTP/1.1" 200 5506
172.17.0.185 - - [03/Jun/2020:08:33:27 +0800] "GET /xingrg/all/function/internal_message.html?_=1591144406809&CODE_STATE=getMsg HTTP/1.1" 200 27
180.162.232.172 - - [03/Jun/2020:08:33:32 +0800] "GET /xingrg/all/function/internal_message.html?_=1591144411271&CODE_STATE=getMsg HTTP/1.1" 200 27
58.221.95.50 - - [03/Jun/2020:08:33:37 +0800] "GET /xingrg/all/function/internal_message.html?_=1591144467562&CODE_STATE=getMsg HTTP/1.1" 302 -
120.253.135.82 - - [03/Jun/2020:08:33:38 +0800] "GET /xingrg/check_reg.html?_=1591144551334 HTTP/1.1" 200 22
120.253.135.82 - - [03/Jun/2020:08:33:38 +0800] "GET /xingrg/all/function/internal_message.html?_=1591144172954&CODE_STATE=getMsg HTTP/1.1" 200 27
58.40.7.146 - - [03/Jun/2020:08:33:39 +0800] "GET /xingrg/all/function/internal_message.html?_=1591144418493&CODE_STATE=getMsg HTTP/1.1" 200 27
172.17.0.240 - - [03/Jun/2020:08:33:42 +0800] "GET /xingrg/all/function/internal_message.html?_=1591144421935&CODE_STATE=getMsg HTTP/1.1" 200 27
114.84.33.255 - - [03/Jun/2020:08:33:49 +0800] "GET /xingrg/all/function/internal_message.html?_=1591144438911&CODE_STATE=getMsg HTTP/1.1" 302 -
222.69.136.136 - - [03/Jun/2020:08:33:50 +0800] "GET /xingrg/javascript/jquery_tools/images/prev.gif HTTP/1.1" 404 1086
222.69.136.136 - - [03/Jun/2020:08:33:50 +0800] "GET /xingrg/javascript/jquery_tools/images/next.gif HTTP/1.1" 404 1086
120.253.135.82 - - [03/Jun/2020:08:33:51 +0800] "GET /xingrg/all/function/internal_message.html?_=1591144564217&CODE_STATE=getMsg HTTP/1.1" 200 27
117.131.5.26 - - [03/Jun/2020:08:33:56 +0800] "GET /xingrg/check_reg.html?_=1591144438961 HTTP/1.1" 302 -
61.172.5.115 - - [03/Jun/2020:08:33:59 +0800] "GET /xingrg/all/function/internal_message.html?_=1591144440275&CODE_STATE=getMsg HTTP/1.1" 302 -
117.131.5.26 - - [03/Jun/2020:08:34:02 +0800] "GET /xingrg/all/function/internal_message.html?_=1591144445117&CODE_STATE=getMsg HTTP/1.1" 302 -
114.88.170.9 - - [03/Jun/2020:08:34:03 +0800] "GET /xingrg/all/function/internal_message.html?_=1591144440030&CODE_STATE=getMsg HTTP/1.1" 200 27
222.69.136.136 - - [03/Jun/2020:08:34:05 +0800] "GET /xingrg/all/function/internal_message.html?_=1591144441155&CODE_STATE=getMsg HTTP/1.1" 200 27
222.69.136.136 - - [03/Jun/2020:08:34:05 +0800] "GET /xingrg/ HTTP/1.1" 200 292
222.69.136.136 - - [03/Jun/2020:08:34:06 +0800] "GET /favicon.ico HTTP/1.1" 404 -
222.69.136.136 - - [03/Jun/2020:08:34:06 +0800] "GET /xingrg/index.html HTTP/1.1" 200 17179
222.69.136.136 - - [03/Jun/2020:08:34:06 +0800] "POST /xingrg/all/common/load_tree.html?tree=area_rest_tree_json&manage=1 HTTP/1.1" 200 351
222.69.136.136 - - [03/Jun/2020:08:34:06 +0800] "GET /xingrg/all/function/internal_message.html?_=1591144442219&CODE_STATE=count HTTP/1.1" 200 11
222.69.136.136 - - [03/Jun/2020:08:34:06 +0800] "GET /xingrg/check_reg.html?_=1591144442220 HTTP/1.1" 200 22
222.69.136.136 - - [03/Jun/2020:08:34:06 +0800] "GET /favicon.ico HTTP/1.1" 404 -
222.69.136.136 - - [03/Jun/2020:08:34:06 +0800] "POST /xingrg/load_menu.html HTTP/1.1" 200 5138
114.86.190.97 - - [03/Jun/2020:08:34:09 +0800] "GET /xingrg/all/function/internal_message.html?_=1591144452146&CODE_STATE=getMsg HTTP/1.1" 200 27
222.69.136.136 - - [03/Jun/2020:08:34:10 +0800] "POST /xingrg/kc/buy/cgsh_list_operate.html HTTP/1.1" 200 876
222.69.136.136 - - [03/Jun/2020:08:34:15 +0800] "POST /xingrg/kc/buy/cgsh_list_operate.html HTTP/1.1" 200 876
222.69.136.136 - - [03/Jun/2020:08:34:21 +0800] "POST /xingrg/kc/buy/cgsh_list_operate.html HTTP/1.1" 200 876
222.69.136.136 - - [03/Jun/2020:08:34:22 +0800] "POST /xingrg/kc/buy/cgsh_list_operate.html HTTP/1.1" 200 876
172.17.0.185 - - [03/Jun/2020:08:34:27 +0800] "GET /xingrg/all/function/internal_message.html?_=1591144466813&CODE_STATE=getMsg HTTP/1.1" 200 27
222.69.136.136 - - [03/Jun/2020:08:34:29 +0800] "POST /xingrg/kc/buy/cgsh_list_operate.html HTTP/1.1" 200 5446
180.162.232.172 - - [03/Jun/2020:08:34:32 +0800] "GET /xingrg/all/function/internal_message.html?_=1591144471269&CODE_STATE=getMsg HTTP/1.1" 200 27
120.253.135.82 - - [03/Jun/2020:08:34:34 +0800] "GET /xingrg/check_reg.html?_=1591144228865 HTTP/1.1" 200 22
58.221.95.50 - - [03/Jun/2020:08:34:37 +0800] "GET /xingrg/all/function/internal_message.html?_=1591144527543&CODE_STATE=getMsg HTTP/1.1" 302 -
120.253.135.82 - - [03/Jun/2020:08:34:38 +0800] "GET /xingrg/all/function/internal_message.html?_=1591144232969&CODE_STATE=getMsg HTTP/1.1" 200 27
58.40.7.146 - - [03/Jun/2020:08:34:39 +0800] "GET /xingrg/all/function/internal_message.html?_=1591144478495&CODE_STATE=getMsg HTTP/1.1" 200 27
172.17.0.240 - - [03/Jun/2020:08:34:42 +0800] "GET /xingrg/all/function/internal_message.html?_=1591144481927&CODE_STATE=getMsg HTTP/1.1" 200 27
114.84.33.255 - - [03/Jun/2020:08:34:49 +0800] "GET /xingrg/check_reg.html?_=1591144498909 HTTP/1.1" 302 -
114.84.33.255 - - [03/Jun/2020:08:34:49 +0800] "GET /xingrg/all/function/internal_message.html?_=1591144499035&CODE_STATE=getMsg HTTP/1.1" 302 -
120.253.135.82 - - [03/Jun/2020:08:34:51 +0800] "GET /xingrg/all/function/internal_message.html?_=1591144624230&CODE_STATE=getMsg HTTP/1.1" 200 27
114.84.33.255 - - [03/Jun/2020:08:34:54 +0800] "POST /xingrg/kc/buy/cgsh_list_operate.html HTTP/1.1" 302 -
61.172.5.115 - - [03/Jun/2020:08:34:59 +0800] "GET /xingrg/all/function/internal_message.html?_=1591144500252&CODE_STATE=getMsg HTTP/1.1" 302 -
117.131.5.26 - - [03/Jun/2020:08:35:02 +0800] "GET /xingrg/all/function/internal_message.html?_=1591144505133&CODE_STATE=getMsg HTTP/1.1" 302 -
114.88.170.9 - - [03/Jun/2020:08:35:03 +0800] "GET /xingrg/all/function/internal_message.html?_=1591144500031&CODE_STATE=getMsg HTTP/1.1" 200 27
222.69.136.136 - - [03/Jun/2020:08:35:05 +0800] "GET /xingrg/all/function/internal_message.html?_=1591144501138&CODE_STATE=getMsg HTTP/1.1" 200 27
114.86.190.97 - - [03/Jun/2020:08:35:09 +0800] "GET /xingrg/check_reg.html?_=1591144512129 HTTP/1.1" 200 22
114.86.190.97 - - [03/Jun/2020:08:35:09 +0800] "GET /xingrg/all/function/internal_message.html?_=1591144512135&CODE_STATE=getMsg HTTP/1.1" 200 27
114.84.33.255 - - [03/Jun/2020:08:35:12 +0800] "GET /xingrg/login.html HTTP/1.1" 200 7641
114.84.33.255 - - [03/Jun/2020:08:35:12 +0800] "GET /favicon.ico HTTP/1.1" 404 -
114.88.170.9 - - [03/Jun/2020:08:35:25 +0800] "GET /xingrg/check_reg.html?_=1591144522936 HTTP/1.1" 200 22
114.84.33.255 - - [03/Jun/2020:08:35:26 +0800] "POST /xingrg/login.do HTTP/1.1" 302 -
114.84.33.255 - - [03/Jun/2020:08:35:26 +0800] "GET /xingrg/index.html?sysBaseUrl=http%3A%2F%2F180.169.147.146%3A18081%2Fxingrg%2F&costTime=40×tamp=1591144526459 HTTP/1.1" 200 17179
114.84.33.255 - - [03/Jun/2020:08:35:26 +0800] "GET /xingrg/javascript/jquery_easy_ui/themes/default/easyui.css HTTP/1.1" 304 -
114.84.33.255 - - [03/Jun/2020:08:35:26 +0800] "GET /xingrg/javascript/jquery_easy_ui/themes/icon.css HTTP/1.1" 304 -
114.84.33.255 - - [03/Jun/2020:08:35:26 +0800] "GET /xingrg/css/form.css HTTP/1.1" 304 -
114.84.33.255 - - [03/Jun/2020:08:35:26 +0800] "GET /xingrg/javascript/jquery-1.4.2.min.js HTTP/1.1" 304 -
114.84.33.255 - - [03/Jun/2020:08:35:26 +0800] "GET /xingrg/javascript/jquery_easy_ui/jquery.easyui.min.js HTTP/1.1" 304 -
114.84.33.255 - - [03/Jun/2020:08:35:26 +0800] "GET /xingrg/javascript/jquery_easy_ui/easyui-lang-zh_CN.js HTTP/1.1" 304 -
114.84.33.255 - - [03/Jun/2020:08:35:26 +0800] "GET /xingrg/javascript/jquery.form.js HTTP/1.1" 304 -
114.84.33.255 - - [03/Jun/2020:08:35:26 +0800] "GET /xingrg/javascript/jquery.timers.js HTTP/1.1" 304 -
114.84.33.255 - - [03/Jun/2020:08:35:26 +0800] "GET /xingrg/javascript/jquery.utils.js HTTP/1.1" 304 -
114.84.33.255 - - [03/Jun/2020:08:35:26 +0800] "GET /favicon.ico HTTP/1.1" 404 -
114.84.33.255 - - [03/Jun/2020:08:35:26 +0800] "GET /xingrg/javascript/jquery_easy_ui/themes/icons/settle_new.png HTTP/1.1" 304 -
114.84.33.255 - - [03/Jun/2020:08:35:26 +0800] "POST /xingrg/all/common/load_tree.html?tree=area_rest_tree_json&manage=1 HTTP/1.1" 200 479
114.84.33.255 - - [03/Jun/2020:08:35:26 +0800] "GET /xingrg/check_reg.html?_=1591144536021 HTTP/1.1" 200 22
114.84.33.255 - - [03/Jun/2020:08:35:26 +0800] "GET /xingrg/all/function/internal_message.html?_=1591144536020&CODE_STATE=count HTTP/1.1" 200 11
114.84.33.255 - - [03/Jun/2020:08:35:26 +0800] "POST /xingrg/load_menu.html HTTP/1.1" 200 5138
172.17.0.185 - - [03/Jun/2020:08:35:27 +0800] "GET /xingrg/all/function/internal_message.html?_=1591144526803&CODE_STATE=getMsg HTTP/1.1" 200 27
180.162.232.172 - - [03/Jun/2020:08:35:32 +0800] "GET /xingrg/all/function/internal_message.html?_=1591144531265&CODE_STATE=getMsg HTTP/1.1" 200 27
180.162.232.172 - - [03/Jun/2020:08:35:32 +0800] "GET /xingrg/check_reg.html?_=1591144531269 HTTP/1.1" 200 22
58.221.95.50 - - [03/Jun/2020:08:35:37 +0800] "GET /xingrg/all/function/internal_message.html?_=1591144587524&CODE_STATE=getMsg HTTP/1.1" 302 -
114.84.33.255 - - [03/Jun/2020:08:35:37 +0800] "GET /xingrg/css/base.css HTTP/1.1" 304 -
114.84.33.255 - - [03/Jun/2020:08:35:37 +0800] "GET /xingrg/css/site.css HTTP/1.1" 304 -
114.84.33.255 - - [03/Jun/2020:08:35:37 +0800] "GET /xingrg/javascript/jquery_tools/datebox.css HTTP/1.1" 304 -
114.84.33.255 - - [03/Jun/2020:08:35:37 +0800] "GET /xingrg/javascript/easyui/themes/default/easyui.css HTTP/1.1" 304 -
114.84.33.255 - - [03/Jun/2020:08:35:37 +0800] "GET /xingrg/javascript/easyui/themes/icon.css HTTP/1.1" 304 -
114.84.33.255 - - [03/Jun/2020:08:35:37 +0800] "GET /xingrg/javascript/jquery_tools/fix.css HTTP/1.1" 304 -
114.84.33.255 - - [03/Jun/2020:08:35:37 +0800] "GET /xingrg/javascript/jquery_tools/table.css HTTP/1.1" 304 -
114.84.33.255 - - [03/Jun/2020:08:35:37 +0800] "GET /xingrg/javascript/jquery_tools/jquery.tools.min.js HTTP/1.1" 304 -
114.84.33.255 - - [03/Jun/2020:08:35:37 +0800] "GET /xingrg/javascript/jquery_tools/jquery.tools.extend.js HTTP/1.1" 304 -
114.84.33.255 - - [03/Jun/2020:08:35:37 +0800] "GET /xingrg/javascript/jquery_tools/jquery.tools.hotkey.js HTTP/1.1" 304 -
114.84.33.255 - - [03/Jun/2020:08:35:37 +0800] "GET /xingrg/javascript/jquery_tools/list_manager.js HTTP/1.1" 304 -
114.84.33.255 - - [03/Jun/2020:08:35:37 +0800] "GET /xingrg/javascript/jquery_tools/jquery.tools.table.js HTTP/1.1" 304 -
114.84.33.255 - - [03/Jun/2020:08:35:37 +0800] "GET /xingrg/javascript/easyui/easyloader.js HTTP/1.1" 304 -
114.84.33.255 - - [03/Jun/2020:08:35:37 +0800] "GET /xingrg/javascript/auto/jquery.autocomplete.css HTTP/1.1" 304 -
114.84.33.255 - - [03/Jun/2020:08:35:37 +0800] "GET /xingrg/javascript/print/LodopFuncs.js HTTP/1.1" 304 -
114.84.33.255 - - [03/Jun/2020:08:35:37 +0800] "GET /xingrg/javascript/auto/jquery.autocomplete.js HTTP/1.1" 304 -
114.84.33.255 - - [03/Jun/2020:08:35:37 +0800] "GET /xingrg/javascript/jquery.cookie.js HTTP/1.1" 304 -
114.84.33.255 - - [03/Jun/2020:08:35:37 +0800] "GET /xingrg/kc/buy/cgsh_order_list.html HTTP/1.1" 200 43002
120.253.135.82 - - [03/Jun/2020:08:35:38 +0800] "GET /xingrg/all/function/internal_message.html?_=1591144292983&CODE_STATE=getMsg HTTP/1.1" 200 27
114.84.33.255 - - [03/Jun/2020:08:35:39 +0800] "GET /xingrg/javascript/easyui/plugins/jquery.parser.js HTTP/1.1" 304 -
58.40.7.146 - - [03/Jun/2020:08:35:39 +0800] "GET /xingrg/all/function/internal_message.html?_=1591144538497&CODE_STATE=getMsg HTTP/1.1" 200 27
114.84.33.255 - - [03/Jun/2020:08:35:39 +0800] "POST /xingrg/kc/buy/cgsh_list_operate.html HTTP/1.1" 200 876
114.84.33.255 - - [03/Jun/2020:08:35:42 +0800] "GET /xingrg/javascript/pic_change.js HTTP/1.1" 304 -
114.84.33.255 - - [03/Jun/2020:08:35:42 +0800] "GET /xingrg/javascript/json2.js HTTP/1.1" 304 -
114.84.33.255 - - [03/Jun/2020:08:35:42 +0800] "GET /xingrg/javascript/jquery_tools/order_manager.js HTTP/1.1" 304 -
114.84.33.255 - - [03/Jun/2020:08:35:42 +0800] "GET /xingrg/javascript/print/kc_print.js HTTP/1.1" 304 -
114.84.33.255 - - [03/Jun/2020:08:35:42 +0800] "GET /xingrg/javascript/convert.js HTTP/1.1" 304 -
114.84.33.255 - - [03/Jun/2020:08:35:42 +0800] "GET /xingrg/kc/buy/cgsh_order_add.html HTTP/1.1" 200 58740
114.84.33.255 - - [03/Jun/2020:08:35:42 +0800] "GET /xingrg/words/20200602170121_words.js HTTP/1.1" 200 735129
114.84.33.255 - - [03/Jun/2020:08:35:42 +0800] "GET /xingrg/javascript/easyui/themes/icons/copy_new.png HTTP/1.1" 304 -
172.17.0.240 - - [03/Jun/2020:08:35:42 +0800] "GET /xingrg/all/function/internal_message.html?_=1591144541940&CODE_STATE=getMsg HTTP/1.1" 200 27
114.84.33.255 - - [03/Jun/2020:08:35:43 +0800] "POST /xingrg/kc/buy/cgsh_order_operate.html HTTP/1.1" 200 8245
114.84.33.255 - - [03/Jun/2020:08:35:43 +0800] "GET /xingrg/all/common/auto_word.html?type=employee&rest_code=00146 HTTP/1.1" 200 197
114.84.33.255 - - [03/Jun/2020:08:35:43 +0800] "GET /xingrg/all/common/auto_word.html?type=employee&rest_code=00146 HTTP/1.1" 200 197
114.84.33.255 - - [03/Jun/2020:08:35:43 +0800] "GET /xingrg/javascript/easyui/themes/default/validatebox.css HTTP/1.1" 404 1104
114.84.33.255 - - [03/Jun/2020:08:35:43 +0800] "GET /xingrg/javascript/easyui/plugins/jquery.validatebox.js HTTP/1.1" 304 -
114.84.33.255 - - [03/Jun/2020:08:35:43 +0800] "GET /xingrg/javascript/easyui/plugins/jquery.numberbox.js HTTP/1.1" 304 -
120.253.135.82 - - [03/Jun/2020:08:35:51 +0800] "GET /xingrg/all/function/internal_message.html?_=1591144684256&CODE_STATE=getMsg HTTP/1.1" 200 27
114.84.33.255 - - [03/Jun/2020:08:35:53 +0800] "GET /xingrg/javascript/auto/indicator.gif HTTP/1.1" 404 1066
61.172.5.115 - - [03/Jun/2020:08:35:59 +0800] "GET /xingrg/all/function/internal_message.html?_=1591144560224&CODE_STATE=getMsg HTTP/1.1" 302 -
114.84.33.255 - - [03/Jun/2020:08:36:01 +0800] "GET /xingrg/javascript/jquery_tools/images/prev.gif HTTP/1.1" 404 1086
114.84.33.255 - - [03/Jun/2020:08:36:01 +0800] "GET /xingrg/javascript/jquery_tools/images/next.gif HTTP/1.1" 404 1086
117.131.5.26 - - [03/Jun/2020:08:36:02 +0800] "GET /xingrg/all/function/internal_message.html?_=1591144565133&CODE_STATE=getMsg HTTP/1.1" 302 -
114.88.170.9 - - [03/Jun/2020:08:36:03 +0800] "GET /xingrg/check_reg.html?_=1591144560033 HTTP/1.1" 200 22
114.88.170.9 - - [03/Jun/2020:08:36:03 +0800] "GET /xingrg/all/function/internal_message.html?_=1591144560036&CODE_STATE=getMsg HTTP/1.1" 200 27
222.69.136.136 - - [03/Jun/2020:08:36:05 +0800] "GET /xingrg/all/function/internal_message.html?_=1591144561146&CODE_STATE=getMsg HTTP/1.1" 200 27
114.84.33.255 - - [03/Jun/2020:08:36:08 +0800] "GET /xingrg/kc/buy/cgsh_order_operate.html?command=get_materiel&rest_code=00146&code=00101008350&supplier_code=00100005&order_time=2020-06-03 HTTP/1.1" 200 408
114.86.190.97 - - [03/Jun/2020:08:36:09 +0800] "GET /xingrg/all/function/internal_message.html?_=1591144572138&CODE_STATE=getMsg HTTP/1.1" 200 27
114.84.33.255 - - [03/Jun/2020:08:36:23 +0800] "GET /xingrg/kc/buy/cgsh_order_operate.html?command=get_materiel&rest_code=00146&code=00101008141&supplier_code=00100005&order_time=2020-06-03 HTTP/1.1" 200 412
114.84.33.255 - - [03/Jun/2020:08:36:26 +0800] "GET /xingrg/all/function/internal_message.html?_=1591144596035&CODE_STATE=getMsg HTTP/1.1" 200 27
172.17.0.185 - - [03/Jun/2020:08:36:27 +0800] "GET /xingrg/all/function/internal_message.html?_=1591144586808&CODE_STATE=getMsg HTTP/1.1" 200 27
114.84.33.255 - - [03/Jun/2020:08:36:31 +0800] "GET /xingrg/kc/buy/cgsh_order_operate.html?command=get_materiel&rest_code=00146&code=00101008126&supplier_code=00100005&order_time=2020-06-03 HTTP/1.1" 200 412
180.162.232.172 - - [03/Jun/2020:08:36:32 +0800] "GET /xingrg/all/function/internal_message.html?_=1591144591285&CODE_STATE=getMsg HTTP/1.1" 200 27
61.172.5.115 - - [03/Jun/2020:08:36:33 +0800] "GET /xingrg/check_reg.html?_=1591144593657 HTTP/1.1" 302 -
58.221.95.50 - - [03/Jun/2020:08:36:37 +0800] "GET /xingrg/check_reg.html?_=1591144647445 HTTP/1.1" 302 -
58.221.95.50 - - [03/Jun/2020:08:36:37 +0800] "GET /xingrg/all/function/internal_message.html?_=1591144647498&CODE_STATE=getMsg HTTP/1.1" 302 -
120.253.135.82 - - [03/Jun/2020:08:36:38 +0800] "GET /xingrg/all/function/internal_message.html?_=1591144353010&CODE_STATE=getMsg HTTP/1.1" 200 27
58.40.7.146 - - [03/Jun/2020:08:36:39 +0800] "GET /xingrg/check_reg.html?_=1591144598499 HTTP/1.1" 200 22
58.40.7.146 - - [03/Jun/2020:08:36:39 +0800] "GET /xingrg/all/function/internal_message.html?_=1591144598501&CODE_STATE=getMsg HTTP/1.1" 200 27
172.17.0.240 - - [03/Jun/2020:08:36:42 +0800] "GET /xingrg/all/function/internal_message.html?_=1591144601932&CODE_STATE=getMsg HTTP/1.1" 200 27
114.84.33.255 - - [03/Jun/2020:08:36:44 +0800] "GET /xingrg/kc/buy/cgsh_order_operate.html?command=get_materiel&rest_code=00146&code=00101008355&supplier_code=00100005&order_time=2020-06-03 HTTP/1.1" 200 408
120.253.135.82 - - [03/Jun/2020:08:36:51 +0800] "GET /xingrg/all/function/internal_message.html?_=1591144744257&CODE_STATE=getMsg HTTP/1.1" 200 27
114.84.33.255 - - [03/Jun/2020:08:36:54 +0800] "GET /xingrg/kc/buy/cgsh_order_operate.html?command=get_materiel&rest_code=00146&code=00101008270&supplier_code=00100005&order_time=2020-06-03 HTTP/1.1" 200 412
61.172.5.115 - - [03/Jun/2020:08:36:59 +0800] "GET /xingrg/all/function/internal_message.html?_=1591144620204&CODE_STATE=getMsg HTTP/1.1" 302 -
61.172.5.115 - - [03/Jun/2020:08:36:59 +0800] "GET /xingrg/login.html HTTP/1.1" 200 7641
117.131.5.26 - - [03/Jun/2020:08:37:02 +0800] "GET /xingrg/all/function/internal_message.html?_=1591144625148&CODE_STATE=getMsg HTTP/1.1" 302 -
114.88.170.9 - - [03/Jun/2020:08:37:02 +0800] "GET /xingrg/javascript/jquery_tools/images/prev.gif HTTP/1.1" 404 1086
114.88.170.9 - - [03/Jun/2020:08:37:02 +0800] "GET /xingrg/javascript/jquery_tools/images/next.gif HTTP/1.1" 404 1086
114.84.33.255 - - [03/Jun/2020:08:37:02 +0800] "GET /xingrg/kc/buy/cgsh_order_operate.html?command=get_materiel&rest_code=00146&code=00101008213&supplier_code=00100005&order_time=2020-06-03 HTTP/1.1" 200 412
114.88.170.9 - - [03/Jun/2020:08:37:02 +0800] "GET /xingrg/all/function/internal_message.html?_=1591144620025&CODE_STATE=getMsg HTTP/1.1" 200 27
222.69.136.136 - - [03/Jun/2020:08:37:05 +0800] "GET /xingrg/all/function/internal_message.html?_=1591144621148&CODE_STATE=getMsg HTTP/1.1" 200 27
114.86.190.97 - - [03/Jun/2020:08:37:09 +0800] "GET /xingrg/all/function/internal_message.html?_=1591144632130&CODE_STATE=getMsg HTTP/1.1" 200 27
114.84.33.255 - - [03/Jun/2020:08:37:13 +0800] "GET /xingrg/kc/buy/cgsh_order_operate.html?command=get_materiel&rest_code=00146&code=00101008017&supplier_code=00100005&order_time=2020-06-03 HTTP/1.1" 200 416
114.84.33.255 - - [03/Jun/2020:08:37:22 +0800] "GET /xingrg/kc/buy/cgsh_order_operate.html?command=get_materiel&rest_code=00146&code=00101008219&supplier_code=00100005&order_time=2020-06-03 HTTP/1.1" 200 412
114.84.33.255 - - [03/Jun/2020:08:37:26 +0800] "GET /xingrg/all/function/internal_message.html?_=1591144656086&CODE_STATE=getMsg HTTP/1.1" 200 27
172.17.0.185 - - [03/Jun/2020:08:37:27 +0800] "GET /xingrg/check_reg.html?_=1591144646800 HTTP/1.1" 200 22
172.17.0.185 - - [03/Jun/2020:08:37:27 +0800] "GET /xingrg/all/function/internal_message.html?_=1591144646802&CODE_STATE=getMsg HTTP/1.1" 200 27
114.84.33.255 - - [03/Jun/2020:08:37:32 +0800] "GET /xingrg/kc/buy/cgsh_order_operate.html?command=get_materiel&rest_code=00146&code=00101008027&supplier_code=00100005&order_time=2020-06-03 HTTP/1.1" 200 408
180.162.232.172 - - [03/Jun/2020:08:37:32 +0800] "GET /xingrg/all/function/internal_message.html?_=1591144651285&CODE_STATE=getMsg HTTP/1.1" 200 27
58.221.95.50 - - [03/Jun/2020:08:37:37 +0800] "GET /xingrg/all/function/internal_message.html?_=1591144707466&CODE_STATE=getMsg HTTP/1.1" 302 -
120.253.135.82 - - [03/Jun/2020:08:37:38 +0800] "GET /xingrg/all/function/internal_message.html?_=1591144413025&CODE_STATE=getMsg HTTP/1.1" 200 27
58.40.7.146 - - [03/Jun/2020:08:37:39 +0800] "GET /xingrg/all/function/internal_message.html?_=1591144658504&CODE_STATE=getMsg HTTP/1.1" 200 27
114.84.33.255 - - [03/Jun/2020:08:37:40 +0800] "GET /xingrg/kc/buy/cgsh_order_operate.html?command=get_materiel&rest_code=00146&code=00101008358&supplier_code=00100005&order_time=2020-06-03 HTTP/1.1" 200 412
172.17.0.240 - - [03/Jun/2020:08:37:42 +0800] "GET /xingrg/check_reg.html?_=1591144661911 HTTP/1.1" 200 22
172.17.0.240 - - [03/Jun/2020:08:37:42 +0800] "GET /xingrg/all/function/internal_message.html?_=1591144661926&CODE_STATE=getMsg HTTP/1.1" 200 27
114.84.33.255 - - [03/Jun/2020:08:37:50 +0800] "GET /xingrg/kc/buy/cgsh_order_operate.html?command=get_materiel&rest_code=00146&code=00101008067&supplier_code=00100005&order_time=2020-06-03 HTTP/1.1" 200 416
120.253.135.82 - - [03/Jun/2020:08:37:51 +0800] "GET /xingrg/all/function/internal_message.html?_=1591144804307&CODE_STATE=getMsg HTTP/1.1" 200 27
180.162.232.172 - - [03/Jun/2020:08:37:54 +0800] "GET /xingrg/kc/base/yddb_order_list.html HTTP/1.1" 200 16867
