172.17.0.112 - - [03/Jun/2020:09:36:02 +0800] "GET /xingrg/javascript/jquery_easy_ui/themes/default/easyui.css HTTP/1.1" 304 -
172.17.0.112 - - [03/Jun/2020:09:36:02 +0800] "GET /xingrg/index.html?sysBaseUrl=http%3A%2F%2F172.17.0.8%3A18081%2Fxingrg%2F&costTime=40×tamp=1591148141012 HTTP/1.1" 200 17454
172.17.0.112 - - [03/Jun/2020:09:36:02 +0800] "GET /xingrg/javascript/jquery_easy_ui/themes/icon.css HTTP/1.1" 304 -
172.17.0.112 - - [03/Jun/2020:09:36:02 +0800] "GET /xingrg/css/form.css HTTP/1.1" 304 -
172.17.0.112 - - [03/Jun/2020:09:36:02 +0800] "GET /xingrg/javascript/jquery-1.4.2.min.js HTTP/1.1" 304 -
172.17.0.112 - - [03/Jun/2020:09:36:02 +0800] "GET /xingrg/javascript/jquery_easy_ui/jquery.easyui.min.js HTTP/1.1" 304 -
172.17.0.112 - - [03/Jun/2020:09:36:02 +0800] "GET /xingrg/javascript/jquery_easy_ui/easyui-lang-zh_CN.js HTTP/1.1" 304 -
172.17.0.112 - - [03/Jun/2020:09:36:02 +0800] "GET /xingrg/javascript/jquery.form.js HTTP/1.1" 304 -
172.17.0.112 - - [03/Jun/2020:09:36:02 +0800] "GET /xingrg/javascript/jquery.utils.js HTTP/1.1" 304 -
172.17.0.112 - - [03/Jun/2020:09:36:02 +0800] "GET /xingrg/javascript/jquery.timers.js HTTP/1.1" 304 -
172.17.0.112 - - [03/Jun/2020:09:36:02 +0800] "GET /xingrg/images/blue/jxLogo.png HTTP/1.1" 304 -
172.17.0.112 - - [03/Jun/2020:09:36:02 +0800] "GET /xingrg/javascript/jquery_easy_ui/themes/icons/settle_new.png HTTP/1.1" 304 -
172.17.0.112 - - [03/Jun/2020:09:36:02 +0800] "GET /xingrg/images/blue/navBackgound.jpg HTTP/1.1" 304 -
172.17.0.112 - - [03/Jun/2020:09:36:02 +0800] "POST /xingrg/all/common/load_tree.html?tree=area_rest_tree_json&manage=1 HTTP/1.1" 200 3088
180.162.232.172 - - [03/Jun/2020:09:36:03 +0800] "GET /xingrg/kc/buy/cgsh_order_operate.html?command=get_materiel&rest_code=00150&code=00101006068&supplier_code=00100012&order_time=2020-06-03 HTTP/1.1" 200 409
172.17.0.112 - - [03/Jun/2020:09:36:03 +0800] "GET /xingrg/all/function/internal_message.html?_=1591148162607&CODE_STATE=count HTTP/1.1" 200 11
172.17.0.112 - - [03/Jun/2020:09:36:03 +0800] "GET /xingrg/check_reg.html?_=1591148162607 HTTP/1.1" 200 22
172.17.0.112 - - [03/Jun/2020:09:36:03 +0800] "GET /xingrg/javascript/jquery_easy_ui/themes/default/images/tabs_rightarrow.png HTTP/1.1" 304 -
172.17.0.112 - - [03/Jun/2020:09:36:03 +0800] "GET /xingrg/javascript/jquery_easy_ui/themes/default/images/tabs_leftarrow.png HTTP/1.1" 304 -
172.17.0.112 - - [03/Jun/2020:09:36:03 +0800] "GET /xingrg/javascript/jquery_easy_ui/themes/default/images/panel_tool_collapse.gif HTTP/1.1" 304 -
172.17.0.112 - - [03/Jun/2020:09:36:03 +0800] "GET /xingrg/images/blue/pingpu.png HTTP/1.1" 304 -
172.17.0.112 - - [03/Jun/2020:09:36:03 +0800] "GET /xingrg/javascript/jquery_easy_ui/themes/default/images/panel_tool_expand.gif HTTP/1.1" 304 -
172.17.0.112 - - [03/Jun/2020:09:36:03 +0800] "POST /xingrg/load_menu.html HTTP/1.1" 200 9924
222.69.136.136 - - [03/Jun/2020:09:36:05 +0800] "GET /xingrg/all/function/internal_message.html?_=1591148161232&CODE_STATE=getMsg HTTP/1.1" 200 27
172.17.0.113 - - [03/Jun/2020:09:36:05 +0800] "GET /xingrg/all/function/internal_message.html?_=1591148165654&CODE_STATE=getMsg HTTP/1.1" 200 27
180.175.212.199 - - [03/Jun/2020:09:36:06 +0800] "GET /xingrg/all/function/internal_message.html?_=1591148370053&CODE_STATE=getMsg HTTP/1.1" 200 27
114.88.170.9 - - [03/Jun/2020:09:36:10 +0800] "GET /xingrg/check_reg.html?_=1591148167328 HTTP/1.1" 200 22
114.88.170.9 - - [03/Jun/2020:09:36:10 +0800] "GET /xingrg/all/function/internal_message.html?_=1591148167331&CODE_STATE=getMsg HTTP/1.1" 200 27
180.175.212.199 - - [03/Jun/2020:09:36:13 +0800] "GET /xingrg/kc/base/wldb_order_list.html HTTP/1.1" 200 19255
180.175.212.199 - - [03/Jun/2020:09:36:14 +0800] "POST /xingrg/kc/base/wldb_list_operate.html HTTP/1.1" 200 928
180.175.212.199 - - [03/Jun/2020:09:36:15 +0800] "GET /xingrg/kc/base/wldb_order_add.html HTTP/1.1" 200 30312
180.175.212.199 - - [03/Jun/2020:09:36:16 +0800] "POST /xingrg/kc/base/wldb_order_operate.html HTTP/1.1" 200 6806
180.175.212.199 - - [03/Jun/2020:09:36:16 +0800] "GET /xingrg/javascript/easyui/themes/default/validatebox.css HTTP/1.1" 404 1104
180.175.212.199 - - [03/Jun/2020:09:36:17 +0800] "POST /xingrg/all/common/load_combo.html?type=base HTTP/1.1" 200 2966
117.184.7.26 - - [03/Jun/2020:09:36:18 +0800] "GET /xingrg/all/function/internal_message.html?_=1591148175171&CODE_STATE=getMsg HTTP/1.1" 200 27
117.184.7.30 - - [03/Jun/2020:09:36:18 +0800] "GET /xingrg/check_reg.html?_=1591148175174 HTTP/1.1" 200 22
180.162.232.172 - - [03/Jun/2020:09:36:20 +0800] "GET /xingrg/kc/buy/cgsh_order_operate.html?command=get_materiel&rest_code=00150&code=00101006133&supplier_code=00100012&order_time=2020-06-03 HTTP/1.1" 200 413
180.162.232.172 - - [03/Jun/2020:09:36:20 +0800] "GET /xingrg/all/function/internal_message.html?_=1591148179168&CODE_STATE=getMsg HTTP/1.1" 200 27
222.69.136.136 - - [03/Jun/2020:09:36:20 +0800] "GET /xingrg/all/function/internal_message.html?_=1591148162039&CODE_STATE=getMsg HTTP/1.1" 200 27
114.86.227.86 - - [03/Jun/2020:09:36:22 +0800] "GET /xingrg/all/function/internal_message.html?_=1591148203546&CODE_STATE=getMsg HTTP/1.1" 200 27
172.17.0.112 - - [03/Jun/2020:09:36:24 +0800] "GET /xingrg/javascript/jquery_easy_ui/themes/default/images/button_plain_hover.png HTTP/1.1" 200 252
172.17.0.112 - - [03/Jun/2020:09:36:26 +0800] "GET /xingrg/kc/report/report_main.html HTTP/1.1" 200 7325
172.17.0.112 - - [03/Jun/2020:09:36:26 +0800] "GET /xingrg/javascript/jquery_easy_ui/themes/default/images/tabs_close.gif HTTP/1.1" 200 829
172.17.0.112 - - [03/Jun/2020:09:36:26 +0800] "GET /xingrg/css/blue.css HTTP/1.1" 200 15949
172.17.0.112 - - [03/Jun/2020:09:36:26 +0800] "GET /xingrg/javascript/jquery_ui/themes/humanity/humanity.css HTTP/1.1" 200 27801
172.17.0.112 - - [03/Jun/2020:09:36:26 +0800] "GET /xingrg/javascript/pic_change.js HTTP/1.1" 200 4739
172.17.0.112 - - [03/Jun/2020:09:36:26 +0800] "GET /xingrg/javascript/json2.js HTTP/1.1" 200 11259
172.17.0.112 - - [03/Jun/2020:09:36:26 +0800] "GET /xingrg/javascript/myfunction.js HTTP/1.1" 200 24559
172.17.0.112 - - [03/Jun/2020:09:36:27 +0800] "GET /xingrg/javascript/jquery_easy_ui/themes/icons/back_new.png HTTP/1.1" 200 3414
172.17.0.185 - - [03/Jun/2020:09:36:27 +0800] "GET /xingrg/all/function/internal_message.html?_=1591148186803&CODE_STATE=getMsg HTTP/1.1" 200 27
172.17.0.112 - - [03/Jun/2020:09:36:28 +0800] "GET /xingrg/all/report/report_query.html?fileName=kc/buy/gys_amount.xml&rh=99999 HTTP/1.1" 200 51931
172.17.0.112 - - [03/Jun/2020:09:36:28 +0800] "GET /xingrg/javascript/multi_select/jqueryMultiSelect.css HTTP/1.1" 200 951
172.17.0.112 - - [03/Jun/2020:09:36:28 +0800] "GET /xingrg/javascript/calendar/timePicker.css HTTP/1.1" 200 523
172.17.0.112 - - [03/Jun/2020:09:36:28 +0800] "GET /xingrg/javascript/bigrid/fix.css HTTP/1.1" 200 1702
172.17.0.112 - - [03/Jun/2020:09:36:28 +0800] "GET /xingrg/dwr/interface/AjaxReportQueryService.js HTTP/1.1" 200 13203
172.17.0.112 - - [03/Jun/2020:09:36:28 +0800] "GET /xingrg/dwr/util.js HTTP/1.1" 200 35990
172.17.0.112 - - [03/Jun/2020:09:36:28 +0800] "GET /xingrg/dwr/engine.js HTTP/1.1" 200 43631
172.17.0.112 - - [03/Jun/2020:09:36:28 +0800] "GET /xingrg/javascript/jqueryMultiSelect.js HTTP/1.1" 200 11866
172.17.0.112 - - [03/Jun/2020:09:36:28 +0800] "GET /xingrg/javascript/calendar/jquery.timePicker.min.js HTTP/1.1" 200 2997
172.17.0.112 - - [03/Jun/2020:09:36:28 +0800] "GET /xingrg/javascript/bigrid/fix.js HTTP/1.1" 200 6439
172.17.0.112 - - [03/Jun/2020:09:36:28 +0800] "GET /xingrg/javascript/Calendar.js HTTP/1.1" 200 31561
172.17.0.112 - - [03/Jun/2020:09:36:28 +0800] "GET /xingrg/images/control/loading.gif HTTP/1.1" 200 13463
172.17.0.112 - - [03/Jun/2020:09:36:28 +0800] "GET /xingrg/images/blue/button/advanceover.gif HTTP/1.1" 200 1347
172.17.0.112 - - [03/Jun/2020:09:36:28 +0800] "GET /xingrg/images/blue/button/advance2over.gif HTTP/1.1" 200 1336
172.17.0.112 - - [03/Jun/2020:09:36:28 +0800] "GET /xingrg/images/blue/button/back2over.gif HTTP/1.1" 200 1335
172.17.0.112 - - [03/Jun/2020:09:36:28 +0800] "GET /xingrg/images/blue/button/backover.gif HTTP/1.1" 200 1348
172.17.0.112 - - [03/Jun/2020:09:36:29 +0800] "GET /xingrg/javascript/jquery_easy_ui/themes/icons/pencil.png HTTP/1.1" 200 713
172.17.0.112 - - [03/Jun/2020:09:36:29 +0800] "GET /xingrg/javascript/jquery_easy_ui/themes/default/images/menu.gif HTTP/1.1" 200 834
172.17.0.112 - - [03/Jun/2020:09:36:29 +0800] "GET /xingrg/javascript/jquery_easy_ui/themes/icons/help.png HTTP/1.1" 200 1187
172.17.0.112 - - [03/Jun/2020:09:36:29 +0800] "GET /xingrg/javascript/jquery_easy_ui/themes/default/images/menu_downarrow.png HTTP/1.1" 200 173
172.17.0.112 - - [03/Jun/2020:09:36:29 +0800] "GET /xingrg/javascript/jquery_easy_ui/themes/icons/print.png HTTP/1.1" 200 1057
172.17.0.112 - - [03/Jun/2020:09:36:29 +0800] "POST /xingrg/dwr/call/plaincall/AjaxReportQueryService.getFixDate.dwr HTTP/1.1" 200 111
172.17.0.112 - - [03/Jun/2020:09:36:29 +0800] "GET /xingrg/javascript/jquery_easy_ui/themes/default/images/menu_rightarrow.png HTTP/1.1" 200 3617
114.84.33.255 - - [03/Jun/2020:09:36:29 +0800] "GET /xingrg/all/function/internal_message.html?_=1591148198566&CODE_STATE=getMsg HTTP/1.1" 200 27
114.86.190.97 - - [03/Jun/2020:09:36:29 +0800] "GET /xingrg/all/function/internal_message.html?_=1591148191809&CODE_STATE=getMsg HTTP/1.1" 200 27
172.17.0.112 - - [03/Jun/2020:09:36:29 +0800] "GET /xingrg/javascript/jquery_easy_ui/themes/default/images/combo_arrow_dot.gif HTTP/1.1" 200 79
172.17.0.112 - - [03/Jun/2020:09:36:29 +0800] "POST /xingrg/all/common/load_tree.html?tree=supplier_tree_json&manage=1 HTTP/1.1" 200 49067
172.17.0.112 - - [03/Jun/2020:09:36:29 +0800] "POST /xingrg/all/common/load_tree.html?tree=materiel_sort_tree_json HTTP/1.1" 200 8666
172.17.0.112 - - [03/Jun/2020:09:36:30 +0800] "GET /xingrg/javascript/jquery_easy_ui/themes/default/images/tree_checkbox_0.gif HTTP/1.1" 200 168
172.17.0.112 - - [03/Jun/2020:09:36:30 +0800] "POST /xingrg/dwr/call/plaincall/AjaxReportQueryService.getInitString.dwr HTTP/1.1" 200 411
172.17.0.112 - - [03/Jun/2020:09:36:30 +0800] "GET /xingrg/javascript/multi_select/dropdown.gif HTTP/1.1" 200 61
61.172.5.115 - - [03/Jun/2020:09:36:33 +0800] "GET /xingrg/check_reg.html?_=1591148193757 HTTP/1.1" 302 -
180.175.212.199 - - [03/Jun/2020:09:36:34 +0800] "GET /xingrg/kc/base/wldb_order_operate.html?command=get_materiel&rest_code=00102&base_code=0010493&code=00101020079 HTTP/1.1" 200 441
180.162.232.172 - - [03/Jun/2020:09:36:36 +0800] "POST /xingrg/kc/buy/cgsh_order_operate.html HTTP/1.1" 200 37
58.221.95.50 - - [03/Jun/2020:09:36:37 +0800] "GET /xingrg/check_reg.html?_=1591148247527 HTTP/1.1" 302 -
58.221.95.50 - - [03/Jun/2020:09:36:37 +0800] "GET /xingrg/all/function/internal_message.html?_=1591148247529&CODE_STATE=getMsg HTTP/1.1" 302 -
180.162.232.172 - - [03/Jun/2020:09:36:37 +0800] "POST /xingrg/kc/buy/cgsh_order_operate.html HTTP/1.1" 200 12
180.162.232.172 - - [03/Jun/2020:09:36:38 +0800] "GET /xingrg/kc/buy/cgsh_order_info.html?code=212020060300781 HTTP/1.1" 200 53577
180.162.232.172 - - [03/Jun/2020:09:36:39 +0800] "GET /xingrg/javascript/easyui/themes/default/validatebox.css HTTP/1.1" 404 1104
58.40.7.146 - - [03/Jun/2020:09:36:39 +0800] "GET /xingrg/all/function/internal_message.html?_=1591148198518&CODE_STATE=getMsg HTTP/1.1" 200 27
58.40.7.146 - - [03/Jun/2020:09:36:39 +0800] "GET /xingrg/check_reg.html?_=1591148198519 HTTP/1.1" 200 22
180.162.232.172 - - [03/Jun/2020:09:36:39 +0800] "POST /xingrg/kc/buy/cgsh_order_operate.html HTTP/1.1" 200 3567
120.253.135.82 - - [03/Jun/2020:09:36:39 +0800] "GET /xingrg/all/function/internal_message.html?_=1591147954200&CODE_STATE=getMsg HTTP/1.1" 200 27
180.175.212.199 - - [03/Jun/2020:09:36:41 +0800] "GET /xingrg/kc/buy/cgsh_order_list.html HTTP/1.1" 200 42996
180.162.232.172 - - [03/Jun/2020:09:36:41 +0800] "GET /xingrg/kc/print/load_data.html?order_code=212020060300781&kc_code=cgsh&condition= HTTP/1.1" 200 1955
180.175.212.199 - - [03/Jun/2020:09:36:42 +0800] "POST /xingrg/kc/buy/cgsh_list_operate.html HTTP/1.1" 200 876
172.17.0.240 - - [03/Jun/2020:09:36:43 +0800] "GET /xingrg/all/function/internal_message.html?_=1591148201956&CODE_STATE=getMsg HTTP/1.1" 200 27
180.175.212.199 - - [03/Jun/2020:09:36:48 +0800] "GET /xingrg/kc/buy/cgsh_order_add.html HTTP/1.1" 200 58646
180.175.212.199 - - [03/Jun/2020:09:36:48 +0800] "GET /xingrg/javascript/easyui/themes/icons/copy_new.png HTTP/1.1" 304 -
180.175.212.199 - - [03/Jun/2020:09:36:48 +0800] "POST /xingrg/kc/buy/cgsh_order_operate.html HTTP/1.1" 200 8245
180.175.212.199 - - [03/Jun/2020:09:36:48 +0800] "GET /xingrg/all/common/auto_word.html?type=employee&rest_code=00102 HTTP/1.1" 200 189
180.175.212.199 - - [03/Jun/2020:09:36:48 +0800] "GET /xingrg/all/common/auto_word.html?type=employee&rest_code=00102 HTTP/1.1" 200 189
180.175.212.199 - - [03/Jun/2020:09:36:48 +0800] "GET /xingrg/javascript/easyui/themes/default/validatebox.css HTTP/1.1" 404 1104
180.175.212.199 - - [03/Jun/2020:09:36:49 +0800] "GET /xingrg/javascript/easyui/plugins/jquery.draggable.js HTTP/1.1" 304 -
116.230.77.149 - - [03/Jun/2020:09:36:49 +0800] "GET /xingrg/all/function/internal_message.html?_=1591148210208&CODE_STATE=getMsg HTTP/1.1" 200 27
180.175.212.199 - - [03/Jun/2020:09:36:49 +0800] "GET /xingrg/javascript/easyui/plugins/jquery.droppable.js HTTP/1.1" 304 -
180.175.212.199 - - [03/Jun/2020:09:36:49 +0800] "GET /xingrg/javascript/easyui/themes/default/tree.css HTTP/1.1" 404 1090
180.175.212.199 - - [03/Jun/2020:09:36:49 +0800] "GET /xingrg/javascript/easyui/plugins/jquery.tree.js HTTP/1.1" 304 -
180.175.212.199 - - [03/Jun/2020:09:36:50 +0800] "POST /xingrg/all/common/load_tree.html?tree=supplier_tree_json&isDelete=1 HTTP/1.1" 200 48460
180.175.212.199 - - [03/Jun/2020:09:36:51 +0800] "GET /xingrg/javascript/easyui/themes/default/images/tree_arrows.gif HTTP/1.1" 304 -
180.175.212.199 - - [03/Jun/2020:09:36:51 +0800] "GET /xingrg/javascript/easyui/themes/default/images/tree_folder_open.gif HTTP/1.1" 304 -
180.175.212.199 - - [03/Jun/2020:09:36:51 +0800] "GET /xingrg/javascript/easyui/themes/default/images/tree_folder.gif HTTP/1.1" 304 -
180.175.212.199 - - [03/Jun/2020:09:36:51 +0800] "GET /xingrg/javascript/easyui/themes/default/images/tree_file.gif HTTP/1.1" 304 -
120.253.135.82 - - [03/Jun/2020:09:36:52 +0800] "GET /xingrg/all/function/internal_message.html?_=1591148345182&CODE_STATE=getMsg HTTP/1.1" 200 27
172.17.0.100 - - [03/Jun/2020:09:36:53 +0800] "GET /xingrg/all/function/internal_message.html?_=1591148212781&CODE_STATE=getMsg HTTP/1.1" 200 27
180.162.232.172 - - [03/Jun/2020:09:36:55 +0800] "GET /xingrg/check_reg.html?_=1591148350407 HTTP/1.1" 200 22
172.17.0.120 - - [03/Jun/2020:09:36:56 +0800] "GET /xingrg/all/function/internal_message.html?_=1591148214577&CODE_STATE=getMsg HTTP/1.1" 200 27
61.172.5.115 - - [03/Jun/2020:09:36:58 +0800] "GET /xingrg/all/function/internal_message.html?_=1591148218771&CODE_STATE=getMsg HTTP/1.1" 302 -
180.162.232.172 - - [03/Jun/2020:09:37:00 +0800] "GET /xingrg/all/function/internal_message.html?_=1591148355384&CODE_STATE=getMsg HTTP/1.1" 200 27
117.131.5.26 - - [03/Jun/2020:09:37:00 +0800] "GET /xingrg/all/function/internal_message.html?_=1591148583642&CODE_STATE=getMsg HTTP/1.1" 200 27
172.17.0.123 - - [03/Jun/2020:09:37:01 +0800] "GET /xingrg/all/function/internal_message.html?_=1591148202296&CODE_STATE=getMsg HTTP/1.1" 200 27
180.175.212.199 - - [03/Jun/2020:09:37:01 +0800] "GET /xingrg/kc/buy/cgsh_order_operate.html?command=get_materiel&rest_code=00102&code=00101011005&supplier_code=00100047&order_time=2020-06-03 HTTP/1.1" 200 408
117.131.5.26 - - [03/Jun/2020:09:37:02 +0800] "GET /xingrg/all/function/internal_message.html?_=1591148225570&CODE_STATE=getMsg HTTP/1.1" 302 -
172.17.0.112 - - [03/Jun/2020:09:37:03 +0800] "GET /xingrg/all/function/internal_message.html?_=1591148222623&CODE_STATE=getMsg HTTP/1.1" 200 27
222.69.136.136 - - [03/Jun/2020:09:37:05 +0800] "GET /xingrg/all/function/internal_message.html?_=1591148221234&CODE_STATE=getMsg HTTP/1.1" 200 27
172.17.0.113 - - [03/Jun/2020:09:37:05 +0800] "GET /xingrg/check_reg.html?_=1591148225663 HTTP/1.1" 200 22
172.17.0.113 - - [03/Jun/2020:09:37:05 +0800] "GET /xingrg/all/function/internal_message.html?_=1591148225666&CODE_STATE=getMsg HTTP/1.1" 200 27
180.175.212.199 - - [03/Jun/2020:09:37:06 +0800] "GET /xingrg/check_reg.html?_=1591148429801 HTTP/1.1" 200 22
180.175.212.199 - - [03/Jun/2020:09:37:06 +0800] "GET /xingrg/all/function/internal_message.html?_=1591148430147&CODE_STATE=getMsg HTTP/1.1" 200 27
114.88.170.9 - - [03/Jun/2020:09:37:10 +0800] "GET /xingrg/all/function/internal_message.html?_=1591148227330&CODE_STATE=getMsg HTTP/1.1" 200 27
180.175.212.199 - - [03/Jun/2020:09:37:16 +0800] "POST /xingrg/kc/buy/cgsh_order_operate.html HTTP/1.1" 200 37
180.175.212.199 - - [03/Jun/2020:09:37:18 +0800] "POST /xingrg/kc/buy/cgsh_order_operate.html HTTP/1.1" 200 12
117.184.7.26 - - [03/Jun/2020:09:37:18 +0800] "GET /xingrg/all/function/internal_message.html?_=1591148235175&CODE_STATE=getMsg HTTP/1.1" 200 27
180.175.212.199 - - [03/Jun/2020:09:37:20 +0800] "GET /xingrg/kc/buy/cgsh_order_info.html?code=212020060300782 HTTP/1.1" 200 53547
180.162.232.172 - - [03/Jun/2020:09:37:20 +0800] "GET /xingrg/all/function/internal_message.html?_=1591148239148&CODE_STATE=getMsg HTTP/1.1" 200 27
222.69.136.136 - - [03/Jun/2020:09:37:20 +0800] "GET /xingrg/all/function/internal_message.html?_=1591148222037&CODE_STATE=getMsg HTTP/1.1" 200 27
114.86.227.86 - - [03/Jun/2020:09:37:21 +0800] "GET /xingrg/all/function/internal_message.html?_=1591148263546&CODE_STATE=getMsg HTTP/1.1" 200 27
180.175.212.199 - - [03/Jun/2020:09:37:21 +0800] "GET /xingrg/javascript/easyui/themes/default/validatebox.css HTTP/1.1" 404 1104
180.175.212.199 - - [03/Jun/2020:09:37:21 +0800] "POST /xingrg/kc/buy/cgsh_order_operate.html HTTP/1.1" 200 609
172.17.0.185 - - [03/Jun/2020:09:37:27 +0800] "GET /xingrg/check_reg.html?_=1591148246799 HTTP/1.1" 200 22
172.17.0.185 - - [03/Jun/2020:09:37:27 +0800] "GET /xingrg/all/function/internal_message.html?_=1591148246806&CODE_STATE=getMsg HTTP/1.1" 200 27
114.84.33.255 - - [03/Jun/2020:09:37:29 +0800] "GET /xingrg/all/function/internal_message.html?_=1591148258580&CODE_STATE=getMsg HTTP/1.1" 200 27
114.86.190.97 - - [03/Jun/2020:09:37:29 +0800] "GET /xingrg/all/function/internal_message.html?_=1591148251791&CODE_STATE=getMsg HTTP/1.1" 200 27
172.17.0.112 - - [03/Jun/2020:09:37:31 +0800] "GET /xingrg/javascript/multi_select/dropdown_hover.gif HTTP/1.1" 200 61
172.17.0.112 - - [03/Jun/2020:09:37:35 +0800] "GET /xingrg/kc/report/report_main.html HTTP/1.1" 200 7325
172.17.0.112 - - [03/Jun/2020:09:37:36 +0800] "GET /xingrg/all/report/report_query.html?fileName=kc/buy/gys_amount.xml&rh=99999 HTTP/1.1" 200 51931
172.17.0.112 - - [03/Jun/2020:09:37:36 +0800] "GET /xingrg/dwr/interface/AjaxReportQueryService.js HTTP/1.1" 200 13203
172.17.0.112 - - [03/Jun/2020:09:37:36 +0800] "GET /xingrg/dwr/engine.js HTTP/1.1" 200 43631
172.17.0.112 - - [03/Jun/2020:09:37:36 +0800] "POST /xingrg/dwr/call/plaincall/AjaxReportQueryService.getFixDate.dwr HTTP/1.1" 200 111
172.17.0.112 - - [03/Jun/2020:09:37:37 +0800] "POST /xingrg/all/common/load_tree.html?tree=supplier_tree_json&manage=1 HTTP/1.1" 200 49067
58.221.95.50 - - [03/Jun/2020:09:37:37 +0800] "GET /xingrg/all/function/internal_message.html?_=1591148307523&CODE_STATE=getMsg HTTP/1.1" 302 -
172.17.0.112 - - [03/Jun/2020:09:37:38 +0800] "POST /xingrg/all/common/load_tree.html?tree=materiel_sort_tree_json HTTP/1.1" 200 8666
172.17.0.112 - - [03/Jun/2020:09:37:38 +0800] "POST /xingrg/dwr/call/plaincall/AjaxReportQueryService.getInitString.dwr HTTP/1.1" 200 411
58.40.7.146 - - [03/Jun/2020:09:37:39 +0800] "GET /xingrg/all/function/internal_message.html?_=1591148258521&CODE_STATE=getMsg HTTP/1.1" 200 27
120.253.135.82 - - [03/Jun/2020:09:37:39 +0800] "GET /xingrg/all/function/internal_message.html?_=1591148014215&CODE_STATE=getMsg HTTP/1.1" 200 27
172.17.0.112 - - [03/Jun/2020:09:37:40 +0800] "GET /xingrg/javascript/jquery_easy_ui/themes/default/images/tabs_active.png HTTP/1.1" 200 2894
172.17.0.240 - - [03/Jun/2020:09:37:42 +0800] "GET /xingrg/check_reg.html?_=1591148261897 HTTP/1.1" 200 22
172.17.0.240 - - [03/Jun/2020:09:37:43 +0800] "GET /xingrg/all/function/internal_message.html?_=1591148261929&CODE_STATE=getMsg HTTP/1.1" 200 27
172.17.0.112 - - [03/Jun/2020:09:37:46 +0800] "GET /xingrg/all/report/report_query.html?fileName=kc/buy/gys_amount.xml&rh=99999 HTTP/1.1" 200 51931
172.17.0.112 - - [03/Jun/2020:09:37:46 +0800] "GET /xingrg/dwr/interface/AjaxReportQueryService.js HTTP/1.1" 200 13203
172.17.0.112 - - [03/Jun/2020:09:37:46 +0800] "GET /xingrg/dwr/engine.js HTTP/1.1" 200 43631
172.17.0.112 - - [03/Jun/2020:09:37:46 +0800] "POST /xingrg/dwr/call/plaincall/AjaxReportQueryService.getFixDate.dwr HTTP/1.1" 200 111
172.17.0.112 - - [03/Jun/2020:09:37:46 +0800] "POST /xingrg/all/common/load_tree.html?tree=supplier_tree_json&manage=1 HTTP/1.1" 200 49067
172.17.0.112 - - [03/Jun/2020:09:37:47 +0800] "POST /xingrg/all/common/load_tree.html?tree=materiel_sort_tree_json HTTP/1.1" 200 8666
172.17.0.112 - - [03/Jun/2020:09:37:47 +0800] "POST /xingrg/dwr/call/plaincall/AjaxReportQueryService.getInitString.dwr HTTP/1.1" 200 411
116.230.77.149 - - [03/Jun/2020:09:37:49 +0800] "GET /xingrg/all/function/internal_message.html?_=1591148270188&CODE_STATE=getMsg HTTP/1.1" 200 27
172.17.0.112 - - [03/Jun/2020:09:37:51 +0800] "POST /xingrg/dwr/call/plaincall/AjaxReportQueryService.getFixDate.dwr HTTP/1.1" 200 111
120.253.135.82 - - [03/Jun/2020:09:37:52 +0800] "GET /xingrg/all/function/internal_message.html?_=1591148405206&CODE_STATE=getMsg HTTP/1.1" 200 27
172.17.0.100 - - [03/Jun/2020:09:37:53 +0800] "GET /xingrg/all/function/internal_message.html?_=1591148272772&CODE_STATE=getMsg HTTP/1.1" 200 27
172.17.0.112 - - [03/Jun/2020:09:37:54 +0800] "GET /xingrg/javascript/multi_select/dropdown_active.gif HTTP/1.1" 200 61
180.162.232.172 - - [03/Jun/2020:09:37:56 +0800] "GET /xingrg/javascript/jquery_easy_ui/themes/default/images/button_a_bg.gif HTTP/1.1" 304 -
180.162.232.172 - - [03/Jun/2020:09:37:56 +0800] "GET /xingrg/javascript/jquery_easy_ui/themes/default/images/button_span_bg.gif HTTP/1.1" 304 -
180.162.232.172 - - [03/Jun/2020:09:37:56 +0800] "GET /xingrg/javascript/jquery_easy_ui/themes/default/images/panel_title.png HTTP/1.1" 304 -
180.162.232.172 - - [03/Jun/2020:09:37:56 +0800] "GET /xingrg/javascript/jquery_easy_ui/themes/default/images/panel_tools.gif HTTP/1.1" 304 -
172.17.0.120 - - [03/Jun/2020:09:37:56 +0800] "GET /xingrg/all/function/internal_message.html?_=1591148274582&CODE_STATE=getMsg HTTP/1.1" 200 27
172.17.0.120 - - [03/Jun/2020:09:37:56 +0800] "GET /xingrg/check_reg.html?_=1591148274589 HTTP/1.1" 200 22
172.17.0.112 - - [03/Jun/2020:09:37:57 +0800] "POST /xingrg/dwr/call/plaincall/AjaxReportQueryService.refreshCache.dwr HTTP/1.1" 200 78
61.172.5.115 - - [03/Jun/2020:09:37:58 +0800] "GET /xingrg/all/function/internal_message.html?_=1591148278749&CODE_STATE=getMsg HTTP/1.1" 302 -
172.17.0.112 - - [03/Jun/2020:09:37:58 +0800] "POST /xingrg/all/report/load_report_page.html HTTP/1.1" 200 36878
172.17.0.112 - - [03/Jun/2020:09:37:58 +0800] "GET /xingrg/servlets/image?cache=0.5757314416635086&image=px HTTP/1.1" 200 807
180.162.232.172 - - [03/Jun/2020:09:37:58 +0800] "POST /xingrg/all/user/operate.html HTTP/1.1" 200 36
180.162.232.172 - - [03/Jun/2020:09:37:59 +0800] "GET /xingrg/javascript/jquery_easy_ui/themes/default/easyui.css HTTP/1.1" 304 -
180.162.232.172 - - [03/Jun/2020:09:37:59 +0800] "GET /xingrg/index.html?sysBaseUrl=http%3A%2F%2F180.169.147.146%3A18081%2Fxingrg%2F&costTime=44×tamp=1591147615273 HTTP/1.1" 200 17177
180.162.232.172 - - [03/Jun/2020:09:37:59 +0800] "GET /xingrg/javascript/jquery_easy_ui/themes/icon.css HTTP/1.1" 304 -
180.162.232.172 - - [03/Jun/2020:09:37:59 +0800] "GET /xingrg/css/form.css HTTP/1.1" 304 -
180.162.232.172 - - [03/Jun/2020:09:37:59 +0800] "GET /xingrg/javascript/jquery-1.4.2.min.js HTTP/1.1" 304 -
180.162.232.172 - - [03/Jun/2020:09:37:59 +0800] "GET /xingrg/javascript/jquery_easy_ui/jquery.easyui.min.js HTTP/1.1" 304 -
180.162.232.172 - - [03/Jun/2020:09:37:59 +0800] "GET /xingrg/javascript/jquery_easy_ui/easyui-lang-zh_CN.js HTTP/1.1" 304 -
180.162.232.172 - - [03/Jun/2020:09:37:59 +0800] "GET /xingrg/javascript/jquery.form.js HTTP/1.1" 304 -
180.162.232.172 - - [03/Jun/2020:09:37:59 +0800] "GET /xingrg/javascript/jquery.utils.js HTTP/1.1" 304 -
180.162.232.172 - - [03/Jun/2020:09:37:59 +0800] "GET /xingrg/javascript/jquery.timers.js HTTP/1.1" 304 -
180.162.232.172 - - [03/Jun/2020:09:37:59 +0800] "GET /xingrg/images/blue/jxLogo.png HTTP/1.1" 304 -
180.162.232.172 - - [03/Jun/2020:09:37:59 +0800] "GET /xingrg/images/blue/navBackgound.jpg HTTP/1.1" 304 -
180.162.232.172 - - [03/Jun/2020:09:37:59 +0800] "GET /xingrg/javascript/jquery_easy_ui/themes/icons/settle_new.png HTTP/1.1" 304 -
180.162.232.172 - - [03/Jun/2020:09:37:59 +0800] "POST /xingrg/all/common/load_tree.html?tree=area_rest_tree_json&manage=1 HTTP/1.1" 200 476
180.162.232.172 - - [03/Jun/2020:09:37:59 +0800] "GET /xingrg/images/blue/pingpu.png HTTP/1.1" 304 -
180.162.232.172 - - [03/Jun/2020:09:37:59 +0800] "GET /xingrg/javascript/jquery_easy_ui/themes/default/images/tabs_leftarrow.png HTTP/1.1" 304 -
180.162.232.172 - - [03/Jun/2020:09:37:59 +0800] "GET /xingrg/javascript/jquery_easy_ui/themes/default/images/tabs_rightarrow.png HTTP/1.1" 304 -
180.162.232.172 - - [03/Jun/2020:09:37:59 +0800] "GET /xingrg/javascript/jquery_easy_ui/themes/default/images/panel_tool_collapse.gif HTTP/1.1" 304 -
180.162.232.172 - - [03/Jun/2020:09:37:59 +0800] "GET /xingrg/all/function/internal_message.html?_=1591148414297&CODE_STATE=count HTTP/1.1" 200 11
180.162.232.172 - - [03/Jun/2020:09:37:59 +0800] "GET /xingrg/check_reg.html?_=1591148414298 HTTP/1.1" 200 22
180.162.232.172 - - [03/Jun/2020:09:37:59 +0800] "POST /xingrg/load_menu.html HTTP/1.1" 200 5138
117.131.5.26 - - [03/Jun/2020:09:38:00 +0800] "GET /xingrg/all/function/internal_message.html?_=1591148643645&CODE_STATE=getMsg HTTP/1.1" 200 27
172.17.0.123 - - [03/Jun/2020:09:38:01 +0800] "GET /xingrg/all/function/internal_message.html?_=1591148262299&CODE_STATE=getMsg HTTP/1.1" 200 27
172.17.0.112 - - [03/Jun/2020:09:38:01 +0800] "POST /xingrg/all/report/report_print.html HTTP/1.1" 200 6144
117.131.5.26 - - [03/Jun/2020:09:38:02 +0800] "GET /xingrg/all/function/internal_message.html?_=1591148285570&CODE_STATE=getMsg HTTP/1.1" 302 -
172.17.0.112 - - [03/Jun/2020:09:38:03 +0800] "GET /xingrg/all/function/internal_message.html?_=1591148282610&CODE_STATE=getMsg HTTP/1.1" 200 27
222.69.136.136 - - [03/Jun/2020:09:38:05 +0800] "GET /xingrg/check_reg.html?_=1591148281240 HTTP/1.1" 200 22
222.69.136.136 - - [03/Jun/2020:09:38:05 +0800] "GET /xingrg/all/function/internal_message.html?_=1591148281236&CODE_STATE=getMsg HTTP/1.1" 200 27
172.17.0.113 - - [03/Jun/2020:09:38:05 +0800] "GET /xingrg/all/function/internal_message.html?_=1591148285666&CODE_STATE=getMsg HTTP/1.1" 200 27
180.175.212.199 - - [03/Jun/2020:09:38:06 +0800] "GET /xingrg/all/function/internal_message.html?_=1591148490158&CODE_STATE=getMsg HTTP/1.1" 200 27
180.162.232.172 - - [03/Jun/2020:09:38:08 +0800] "GET /xingrg/kc/buy/cgsh_order_list.html HTTP/1.1" 200 43000
180.162.232.172 - - [03/Jun/2020:09:38:08 +0800] "POST /xingrg/kc/buy/cgsh_list_operate.html HTTP/1.1" 200 876
114.88.170.9 - - [03/Jun/2020:09:38:10 +0800] "GET /xingrg/all/function/internal_message.html?_=1591148287331&CODE_STATE=getMsg HTTP/1.1" 200 27
180.162.232.172 - - [03/Jun/2020:09:38:14 +0800] "GET /xingrg/kc/buy/cgsh_order_add.html HTTP/1.1" 200 58388
180.162.232.172 - - [03/Jun/2020:09:38:14 +0800] "POST /xingrg/kc/buy/cgsh_order_operate.html HTTP/1.1" 200 8245
180.162.232.172 - - [03/Jun/2020:09:38:14 +0800] "GET /xingrg/all/common/auto_word.html?type=employee&rest_code=00151 HTTP/1.1" 200 243
180.162.232.172 - - [03/Jun/2020:09:38:14 +0800] "GET /xingrg/all/common/auto_word.html?type=employee&rest_code=00151 HTTP/1.1" 200 243
180.162.232.172 - - [03/Jun/2020:09:38:14 +0800] "GET /xingrg/javascript/easyui/themes/default/validatebox.css HTTP/1.1" 404 1104
180.162.232.172 - - [03/Jun/2020:09:38:16 +0800] "GET /xingrg/javascript/auto/indicator.gif HTTP/1.1" 404 1066
117.184.7.26 - - [03/Jun/2020:09:38:18 +0800] "GET /xingrg/all/function/internal_message.html?_=1591148295176&CODE_STATE=getMsg HTTP/1.1" 200 27
114.86.227.86 - - [03/Jun/2020:09:38:19 +0800] "GET /xingrg/all/function/internal_message.html?_=1591148323546&CODE_STATE=getMsg HTTP/1.1" 200 27
180.162.232.172 - - [03/Jun/2020:09:38:20 +0800] "GET /xingrg/all/function/internal_message.html?_=1591148299130&CODE_STATE=getMsg HTTP/1.1" 200 27
222.69.136.136 - - [03/Jun/2020:09:38:20 +0800] "GET /xingrg/all/function/internal_message.html?_=1591148282040&CODE_STATE=getMsg HTTP/1.1" 200 27
222.69.136.136 - - [03/Jun/2020:09:38:20 +0800] "GET /xingrg/check_reg.html?_=1591148282041 HTTP/1.1" 200 22
124.78.136.8 - - [03/Jun/2020:09:38:23 +0800] "GET /favicon.ico HTTP/1.1" 404 -
124.78.136.8 - - [03/Jun/2020:09:38:24 +0800] "GET /favicon.ico HTTP/1.1" 404 -
124.78.136.8 - - [03/Jun/2020:09:38:25 +0800] "GET /favicon.ico HTTP/1.1" 404 -
124.78.136.8 - - [03/Jun/2020:09:38:26 +0800] "GET /favicon.ico HTTP/1.1" 404 -
124.78.136.8 - - [03/Jun/2020:09:38:26 +0800] "GET /favicon.ico HTTP/1.1" 404 -
180.162.232.172 - - [03/Jun/2020:09:38:26 +0800] "GET /xingrg/kc/buy/cgsh_order_operate.html?command=get_materiel&rest_code=00151&code=00101006168&supplier_code=00100012&order_time=2020-06-03 HTTP/1.1" 200 421
124.78.136.8 - - [03/Jun/2020:09:38:27 +0800] "GET /favicon.ico HTTP/1.1" 404 -
172.17.0.185 - - [03/Jun/2020:09:38:27 +0800] "GET /xingrg/all/function/internal_message.html?_=1591148306808&CODE_STATE=getMsg HTTP/1.1" 200 27
124.78.136.8 - - [03/Jun/2020:09:38:27 +0800] "GET /favicon.ico HTTP/1.1" 404 -
124.78.136.8 - - [03/Jun/2020:09:38:28 +0800] "GET /favicon.ico HTTP/1.1" 404 -
114.84.33.255 - - [03/Jun/2020:09:38:29 +0800] "GET /xingrg/all/function/internal_message.html?_=1591148318756&CODE_STATE=getMsg HTTP/1.1" 200 27
124.78.136.8 - - [03/Jun/2020:09:38:29 +0800] "GET /favicon.ico HTTP/1.1" 404 -
114.86.190.97 - - [03/Jun/2020:09:38:29 +0800] "GET /xingrg/all/function/internal_message.html?_=1591148311770&CODE_STATE=getMsg HTTP/1.1" 200 27
124.78.136.8 - - [03/Jun/2020:09:38:31 +0800] "GET /favicon.ico HTTP/1.1" 404 -
124.78.136.8 - - [03/Jun/2020:09:38:32 +0800] "GET /favicon.ico HTTP/1.1" 404 -
124.78.136.8 - - [03/Jun/2020:09:38:32 +0800] "GET /favicon.ico HTTP/1.1" 404 -
124.78.136.8 - - [03/Jun/2020:09:38:33 +0800] "GET /favicon.ico HTTP/1.1" 404 -
124.78.136.8 - - [03/Jun/2020:09:38:34 +0800] "GET /favicon.ico HTTP/1.1" 404 -
124.78.136.8 - - [03/Jun/2020:09:38:34 +0800] "GET /favicon.ico HTTP/1.1" 404 -
124.78.136.8 - - [03/Jun/2020:09:38:35 +0800] "GET /favicon.ico HTTP/1.1" 404 -
124.78.136.8 - - [03/Jun/2020:09:38:35 +0800] "GET /favicon.ico HTTP/1.1" 404 -
124.78.136.8 - - [03/Jun/2020:09:38:36 +0800] "GET /favicon.ico HTTP/1.1" 404 -
124.78.136.8 - - [03/Jun/2020:09:38:37 +0800] "GET /favicon.ico HTTP/1.1" 404 -
58.221.95.50 - - [03/Jun/2020:09:38:37 +0800] "GET /xingrg/all/function/internal_message.html?_=1591148367522&CODE_STATE=getMsg HTTP/1.1" 302 -
124.78.136.8 - - [03/Jun/2020:09:38:37 +0800] "GET /favicon.ico HTTP/1.1" 404 -
120.253.135.82 - - [03/Jun/2020:09:38:38 +0800] "GET /xingrg/check_reg.html?_=1591148451403 HTTP/1.1" 200 22
124.78.136.8 - - [03/Jun/2020:09:38:38 +0800] "GET /favicon.ico HTTP/1.1" 404 -
124.78.136.8 - - [03/Jun/2020:09:38:39 +0800] "GET /favicon.ico HTTP/1.1" 404 -
58.40.7.146 - - [03/Jun/2020:09:38:39 +0800] "GET /xingrg/all/function/internal_message.html?_=1591148318526&CODE_STATE=getMsg HTTP/1.1" 200 27
124.78.136.8 - - [03/Jun/2020:09:38:39 +0800] "GET /favicon.ico HTTP/1.1" 404 -
120.253.135.82 - - [03/Jun/2020:09:38:39 +0800] "GET /xingrg/all/function/internal_message.html?_=1591148074242&CODE_STATE=getMsg HTTP/1.1" 200 27
124.78.136.8 - - [03/Jun/2020:09:38:40 +0800] "GET /favicon.ico HTTP/1.1" 404 -
124.78.136.8 - - [03/Jun/2020:09:38:40 +0800] "GET /favicon.ico HTTP/1.1" 404 -
124.78.136.8 - - [03/Jun/2020:09:38:41 +0800] "GET /favicon.ico HTTP/1.1" 404 -
172.17.0.240 - - [03/Jun/2020:09:38:43 +0800] "GET /xingrg/all/function/internal_message.html?_=1591148321925&CODE_STATE=getMsg HTTP/1.1" 200 27
116.230.77.149 - - [03/Jun/2020:09:38:49 +0800] "GET /xingrg/all/function/internal_message.html?_=1591148330176&CODE_STATE=getMsg HTTP/1.1" 200 27
120.253.135.82 - - [03/Jun/2020:09:38:52 +0800] "GET /xingrg/all/function/internal_message.html?_=1591148465210&CODE_STATE=getMsg HTTP/1.1" 200 27
172.17.0.100 - - [03/Jun/2020:09:38:53 +0800] "GET /xingrg/check_reg.html?_=1591148332772 HTTP/1.1" 200 22
172.17.0.100 - - [03/Jun/2020:09:38:53 +0800] "GET /xingrg/all/function/internal_message.html?_=1591148332777&CODE_STATE=getMsg HTTP/1.1" 200 27
117.131.5.26 - - [03/Jun/2020:09:38:56 +0800] "GET /xingrg/check_reg.html?_=1591148339164 HTTP/1.1" 302 -
172.17.0.120 - - [03/Jun/2020:09:38:56 +0800] "GET /xingrg/all/function/internal_message.html?_=1591148334575&CODE_STATE=getMsg HTTP/1.1" 200 27
61.172.5.115 - - [03/Jun/2020:09:38:58 +0800] "GET /xingrg/all/function/internal_message.html?_=1591148338732&CODE_STATE=getMsg HTTP/1.1" 302 -
180.162.232.172 - - [03/Jun/2020:09:38:59 +0800] "GET /xingrg/all/function/internal_message.html?_=1591148474315&CODE_STATE=getMsg HTTP/1.1" 200 27
117.131.5.26 - - [03/Jun/2020:09:39:00 +0800] "GET /xingrg/check_reg.html?_=1591148703642 HTTP/1.1" 200 22
117.131.5.26 - - [03/Jun/2020:09:39:00 +0800] "GET /xingrg/all/function/internal_message.html?_=1591148703644&CODE_STATE=getMsg HTTP/1.1" 200 27
172.17.0.123 - - [03/Jun/2020:09:39:01 +0800] "GET /xingrg/all/function/internal_message.html?_=1591148322303&CODE_STATE=getMsg HTTP/1.1" 200 27
117.131.5.26 - - [03/Jun/2020:09:39:02 +0800] "GET /xingrg/all/function/internal_message.html?_=1591148345570&CODE_STATE=getMsg HTTP/1.1" 302 -
172.17.0.112 - - [03/Jun/2020:09:39:03 +0800] "GET /xingrg/all/function/internal_message.html?_=1591148342619&CODE_STATE=getMsg HTTP/1.1" 200 27
222.69.136.136 - - [03/Jun/2020:09:39:05 +0800] "GET /xingrg/all/function/internal_message.html?_=1591148341240&CODE_STATE=getMsg HTTP/1.1" 200 27
172.17.0.113 - - [03/Jun/2020:09:39:05 +0800] "GET /xingrg/all/function/internal_message.html?_=1591148345672&CODE_STATE=getMsg HTTP/1.1" 200 27
180.175.212.199 - - [03/Jun/2020:09:39:06 +0800] "GET /xingrg/all/function/internal_message.html?_=1591148550172&CODE_STATE=getMsg HTTP/1.1" 200 27
114.88.170.9 - - [03/Jun/2020:09:39:10 +0800] "GET /xingrg/all/function/internal_message.html?_=1591148347332&CODE_STATE=getMsg HTTP/1.1" 200 27
114.86.227.86 - - [03/Jun/2020:09:39:17 +0800] "GET /xingrg/check_reg.html?_=1591148383406 HTTP/1.1" 200 22
114.86.227.86 - - [03/Jun/2020:09:39:18 +0800] "GET /xingrg/all/function/internal_message.html?_=1591148383546&CODE_STATE=getMsg HTTP/1.1" 200 27
117.184.7.26 - - [03/Jun/2020:09:39:18 +0800] "GET /xingrg/all/function/internal_message.html?_=1591148355174&CODE_STATE=getMsg HTTP/1.1" 200 27
180.162.232.172 - - [03/Jun/2020:09:39:20 +0800] "GET /xingrg/all/function/internal_message.html?_=1591148359127&CODE_STATE=getMsg HTTP/1.1" 200 27
222.69.136.136 - - [03/Jun/2020:09:39:20 +0800] "GET /xingrg/all/function/internal_message.html?_=1591148342051&CODE_STATE=getMsg HTTP/1.1" 200 27
124.78.136.8 - - [03/Jun/2020:09:39:24 +0800] "GET /favicon.ico HTTP/1.1" 404 -
124.78.136.8 - - [03/Jun/2020:09:39:25 +0800] "GET /favicon.ico HTTP/1.1" 404 -
124.78.136.8 - - [03/Jun/2020:09:39:26 +0800] "GET /favicon.ico HTTP/1.1" 404 -
124.78.136.8 - - [03/Jun/2020:09:39:27 +0800] "GET /favicon.ico HTTP/1.1" 404 -
172.17.0.185 - - [03/Jun/2020:09:39:27 +0800] "GET /xingrg/all/function/internal_message.html?_=1591148366813&CODE_STATE=getMsg HTTP/1.1" 200 27
114.84.33.255 - - [03/Jun/2020:09:39:29 +0800] "GET /xingrg/all/function/internal_message.html?_=1591148378763&CODE_STATE=getMsg HTTP/1.1" 200 27
114.86.190.97 - - [03/Jun/2020:09:39:29 +0800] "GET /xingrg/all/function/internal_message.html?_=1591148371758&CODE_STATE=getMsg HTTP/1.1" 200 27
124.78.136.8 - - [03/Jun/2020:09:39:29 +0800] "GET /favicon.ico HTTP/1.1" 404 -
124.78.136.8 - - [03/Jun/2020:09:39:32 +0800] "GET /favicon.ico HTTP/1.1" 404 -
124.78.136.8 - - [03/Jun/2020:09:39:32 +0800] "GET /favicon.ico HTTP/1.1" 404 -
124.78.136.8 - - [03/Jun/2020:09:39:33 +0800] "GET /favicon.ico HTTP/1.1" 404 -
120.253.135.82 - - [03/Jun/2020:09:39:34 +0800] "GET /xingrg/check_reg.html?_=1591148128940 HTTP/1.1" 200 22
58.221.95.50 - - [03/Jun/2020:09:39:37 +0800] "GET /xingrg/all/function/internal_message.html?_=1591148427523&CODE_STATE=getMsg HTTP/1.1" 302 -
180.162.232.172 - - [03/Jun/2020:09:39:38 +0800] "GET /xingrg/kc/buy/cgsh_order_operate.html?command=get_materiel&rest_code=00151&code=00101006057&supplier_code=00100012&order_time=2020-06-03 HTTP/1.1" 200 413
58.40.7.146 - - [03/Jun/2020:09:39:39 +0800] "GET /xingrg/all/function/internal_message.html?_=1591148378528&CODE_STATE=getMsg HTTP/1.1" 200 27
120.253.135.82 - - [03/Jun/2020:09:39:39 +0800] "GET /xingrg/all/function/internal_message.html?_=1591148134258&CODE_STATE=getMsg HTTP/1.1" 200 27
172.17.0.240 - - [03/Jun/2020:09:39:43 +0800] "GET /xingrg/all/function/internal_message.html?_=1591148381932&CODE_STATE=getMsg HTTP/1.1" 200 27
116.230.77.149 - - [03/Jun/2020:09:39:49 +0800] "GET /xingrg/all/function/internal_message.html?_=1591148390161&CODE_STATE=getMsg HTTP/1.1" 200 27
120.253.135.82 - - [03/Jun/2020:09:39:52 +0800] "GET /xingrg/all/function/internal_message.html?_=1591148525223&CODE_STATE=getMsg HTTP/1.1" 200 27
172.17.0.100 - - [03/Jun/2020:09:39:53 +0800] "GET /xingrg/all/function/internal_message.html?_=1591148392779&CODE_STATE=getMsg HTTP/1.1" 200 27
180.162.232.172 - - [03/Jun/2020:09:39:54 +0800] "GET /xingrg/kc/buy/cgsh_order_operate.html?command=get_materiel&rest_code=00151&code=00101006055&supplier_code=00100012&order_time=2020-06-03 HTTP/1.1" 200 409
172.17.0.120 - - [03/Jun/2020:09:39:56 +0800] "GET /xingrg/all/function/internal_message.html?_=1591148394584&CODE_STATE=getMsg HTTP/1.1" 200 27
61.172.5.115 - - [03/Jun/2020:09:39:58 +0800] "GET /xingrg/all/function/internal_message.html?_=1591148398713&CODE_STATE=getMsg HTTP/1.1" 302 -
180.162.232.172 - - [03/Jun/2020:09:39:59 +0800] "GET /xingrg/all/function/internal_message.html?_=1591148534317&CODE_STATE=getMsg HTTP/1.1" 200 27
117.131.5.26 - - [03/Jun/2020:09:40:00 +0800] "GET /xingrg/all/function/internal_message.html?_=1591148763641&CODE_STATE=getMsg HTTP/1.1" 200 27
172.17.0.123 - - [03/Jun/2020:09:40:01 +0800] "GET /xingrg/all/function/internal_message.html?_=1591148382306&CODE_STATE=getMsg HTTP/1.1" 200 27
172.17.0.123 - - [03/Jun/2020:09:40:01 +0800] "GET /xingrg/check_reg.html?_=1591148382309 HTTP/1.1" 200 22
117.131.5.26 - - [03/Jun/2020:09:40:02 +0800] "GET /xingrg/all/function/internal_message.html?_=1591148405617&CODE_STATE=getMsg HTTP/1.1" 302 -
172.17.0.112 - - [03/Jun/2020:09:40:03 +0800] "GET /xingrg/all/function/internal_message.html?_=1591148402626&CODE_STATE=getMsg HTTP/1.1" 200 27
222.69.136.136 - - [03/Jun/2020:09:40:05 +0800] "GET /xingrg/all/function/internal_message.html?_=1591148401243&CODE_STATE=getMsg HTTP/1.1" 200 27
172.17.0.113 - - [03/Jun/2020:09:40:05 +0800] "GET /xingrg/all/function/internal_message.html?_=1591148405675&CODE_STATE=getMsg HTTP/1.1" 200 27
180.175.212.199 - - [03/Jun/2020:09:40:06 +0800] "GET /xingrg/kc/print/load_config.html?kc_code=cgsh HTTP/1.1" 200 1845
180.175.212.199 - - [03/Jun/2020:09:40:06 +0800] "GET /xingrg/kc/print/load_data.html?order_code=212020060300782&kc_code=cgsh&condition= HTTP/1.1" 200 741
180.175.212.199 - - [03/Jun/2020:09:40:06 +0800] "GET /xingrg/all/function/internal_message.html?_=1591148610185&CODE_STATE=getMsg HTTP/1.1" 200 27
114.86.190.97 - - [03/Jun/2020:09:40:09 +0800] "GET /xingrg/check_reg.html?_=1591148412256 HTTP/1.1" 200 22
114.88.170.9 - - [03/Jun/2020:09:40:10 +0800] "GET /xingrg/all/function/internal_message.html?_=1591148407332&CODE_STATE=getMsg HTTP/1.1" 200 27
114.86.227.86 - - [03/Jun/2020:09:40:16 +0800] "GET /xingrg/all/function/internal_message.html?_=1591148443546&CODE_STATE=getMsg HTTP/1.1" 200 27
180.162.232.172 - - [03/Jun/2020:09:40:16 +0800] "GET /xingrg/kc/buy/cgsh_order_operate.html?command=get_materiel&rest_code=00151&code=00101016104&supplier_code=00100012&order_time=2020-06-03 HTTP/1.1" 200 409
117.184.7.26 - - [03/Jun/2020:09:40:18 +0800] "GET /xingrg/all/function/internal_message.html?_=1591148415175&CODE_STATE=getMsg HTTP/1.1" 200 27
180.162.232.172 - - [03/Jun/2020:09:40:20 +0800] "GET /xingrg/all/function/internal_message.html?_=1591148419126&CODE_STATE=getMsg HTTP/1.1" 200 27
180.162.232.172 - - [03/Jun/2020:09:40:20 +0800] "GET /xingrg/check_reg.html?_=1591148419190 HTTP/1.1" 200 22
222.69.136.136 - - [03/Jun/2020:09:40:20 +0800] "GET /xingrg/all/function/internal_message.html?_=1591148402052&CODE_STATE=getMsg HTTP/1.1" 200 27
172.17.0.185 - - [03/Jun/2020:09:40:27 +0800] "GET /xingrg/all/function/internal_message.html?_=1591148426804&CODE_STATE=getMsg HTTP/1.1" 200 27
114.84.33.255 - - [03/Jun/2020:09:40:27 +0800] "GET /xingrg/check_reg.html?_=1591148437390 HTTP/1.1" 200 22
114.84.33.255 - - [03/Jun/2020:09:40:29 +0800] "GET /xingrg/all/function/internal_message.html?_=1591148438908&CODE_STATE=getMsg HTTP/1.1" 200 27
114.86.190.97 - - [03/Jun/2020:09:40:29 +0800] "GET /xingrg/all/function/internal_message.html?_=1591148431739&CODE_STATE=getMsg HTTP/1.1" 200 27
58.221.95.50 - - [03/Jun/2020:09:40:37 +0800] "GET /xingrg/all/function/internal_message.html?_=1591148487523&CODE_STATE=getMsg HTTP/1.1" 302 -
58.40.7.146 - - [03/Jun/2020:09:40:39 +0800] "GET /xingrg/all/function/internal_message.html?_=1591148438515&CODE_STATE=getMsg HTTP/1.1" 200 27
120.253.135.82 - - [03/Jun/2020:09:40:39 +0800] "GET /xingrg/all/function/internal_message.html?_=1591148194270&CODE_STATE=getMsg HTTP/1.1" 200 27
172.17.0.240 - - [03/Jun/2020:09:40:43 +0800] "GET /xingrg/all/function/internal_message.html?_=1591148441926&CODE_STATE=getMsg HTTP/1.1" 200 27
116.230.77.149 - - [03/Jun/2020:09:40:49 +0800] "GET /xingrg/check_reg.html?_=1591148450161 HTTP/1.1" 200 22
116.230.77.149 - - [03/Jun/2020:09:40:49 +0800] "GET /xingrg/all/function/internal_message.html?_=1591148450163&CODE_STATE=getMsg HTTP/1.1" 200 27
120.253.135.82 - - [03/Jun/2020:09:40:52 +0800] "GET /xingrg/all/function/internal_message.html?_=1591148585261&CODE_STATE=getMsg HTTP/1.1" 200 27
172.17.0.100 - - [03/Jun/2020:09:40:53 +0800] "GET /xingrg/all/function/internal_message.html?_=1591148452781&CODE_STATE=getMsg HTTP/1.1" 200 27
172.17.0.120 - - [03/Jun/2020:09:40:56 +0800] "GET /xingrg/all/function/internal_message.html?_=1591148454575&CODE_STATE=getMsg HTTP/1.1" 200 27
180.175.212.199 - - [03/Jun/2020:09:40:57 +0800] "GET /xingrg/kc/buy/cgsh_order_add.html HTTP/1.1" 200 58646
61.172.5.115 - - [03/Jun/2020:09:40:58 +0800] "GET /xingrg/all/function/internal_message.html?_=1591148458682&CODE_STATE=getMsg HTTP/1.1" 302 -
180.175.212.199 - - [03/Jun/2020:09:40:58 +0800] "POST /xingrg/kc/buy/cgsh_order_operate.html HTTP/1.1" 200 8245
180.175.212.199 - - [03/Jun/2020:09:40:58 +0800] "GET /xingrg/javascript/easyui/themes/default/validatebox.css HTTP/1.1" 404 1104
180.162.232.172 - - [03/Jun/2020:09:40:59 +0800] "GET /xingrg/all/function/internal_message.html?_=1591148594345&CODE_STATE=getMsg HTTP/1.1" 200 27
117.131.5.26 - - [03/Jun/2020:09:41:00 +0800] "GET /xingrg/all/function/internal_message.html?_=1591148823639&CODE_STATE=getMsg HTTP/1.1" 200 27
172.17.0.123 - - [03/Jun/2020:09:41:01 +0800] "GET /xingrg/all/function/internal_message.html?_=1591148442294&CODE_STATE=getMsg HTTP/1.1" 200 27
117.131.5.26 - - [03/Jun/2020:09:41:02 +0800] "GET /xingrg/all/function/internal_message.html?_=1591148465617&CODE_STATE=getMsg HTTP/1.1" 302 -
172.17.0.112 - - [03/Jun/2020:09:41:03 +0800] "GET /xingrg/check_reg.html?_=1591148462610 HTTP/1.1" 200 22
172.17.0.112 - - [03/Jun/2020:09:41:03 +0800] "GET /xingrg/all/function/internal_message.html?_=1591148462615&CODE_STATE=getMsg HTTP/1.1" 200 27
222.69.136.136 - - [03/Jun/2020:09:41:05 +0800] "GET /xingrg/all/function/internal_message.html?_=1591148461244&CODE_STATE=getMsg HTTP/1.1" 200 27
172.17.0.113 - - [03/Jun/2020:09:41:05 +0800] "GET /xingrg/all/function/internal_message.html?_=1591148465680&CODE_STATE=getMsg HTTP/1.1" 200 27
180.175.212.199 - - [03/Jun/2020:09:41:06 +0800] "GET /xingrg/all/function/internal_message.html?_=1591148670248&CODE_STATE=getMsg HTTP/1.1" 200 27
114.88.170.9 - - [03/Jun/2020:09:41:10 +0800] "GET /xingrg/check_reg.html?_=1591148467333 HTTP/1.1" 200 22
114.88.170.9 - - [03/Jun/2020:09:41:10 +0800] "GET /xingrg/all/function/internal_message.html?_=1591148467336&CODE_STATE=getMsg HTTP/1.1" 200 27
114.86.227.86 - - [03/Jun/2020:09:41:14 +0800] "GET /xingrg/all/function/internal_message.html?_=1591148503546&CODE_STATE=getMsg HTTP/1.1" 200 27
180.175.212.199 - - [03/Jun/2020:09:41:15 +0800] "GET /xingrg/javascript/easyui/themes/default/tree.css HTTP/1.1" 404 1090
180.175.212.199 - - [03/Jun/2020:09:41:15 +0800] "POST /xingrg/all/common/load_tree.html?tree=supplier_tree_json&isDelete=1 HTTP/1.1" 200 48460
117.184.7.26 - - [03/Jun/2020:09:41:18 +0800] "GET /xingrg/check_reg.html?_=1591148475179 HTTP/1.1" 200 22
117.184.7.26 - - [03/Jun/2020:09:41:18 +0800] "GET /xingrg/all/function/internal_message.html?_=1591148475180&CODE_STATE=getMsg HTTP/1.1" 200 27
180.162.232.172 - - [03/Jun/2020:09:41:20 +0800] "GET /xingrg/all/function/internal_message.html?_=1591148479135&CODE_STATE=getMsg HTTP/1.1" 200 27
222.69.136.136 - - [03/Jun/2020:09:41:20 +0800] "GET /xingrg/all/function/internal_message.html?_=1591148462056&CODE_STATE=getMsg HTTP/1.1" 200 27
172.17.0.185 - - [03/Jun/2020:09:41:27 +0800] "GET /xingrg/all/function/internal_message.html?_=1591148486809&CODE_STATE=getMsg HTTP/1.1" 200 27
114.84.33.255 - - [03/Jun/2020:09:41:29 +0800] "GET /xingrg/all/function/internal_message.html?_=1591148498916&CODE_STATE=getMsg HTTP/1.1" 200 27
114.86.190.97 - - [03/Jun/2020:09:41:29 +0800] "GET /xingrg/all/function/internal_message.html?_=1591148491726&CODE_STATE=getMsg HTTP/1.1" 200 27
61.172.5.115 - - [03/Jun/2020:09:41:33 +0800] "GET /xingrg/check_reg.html?_=1591148493768 HTTP/1.1" 302 -
58.221.95.50 - - [03/Jun/2020:09:41:37 +0800] "GET /xingrg/check_reg.html?_=1591148547525 HTTP/1.1" 302 -
58.221.95.50 - - [03/Jun/2020:09:41:37 +0800] "GET /xingrg/all/function/internal_message.html?_=1591148547522&CODE_STATE=getMsg HTTP/1.1" 302 -
58.40.7.146 - - [03/Jun/2020:09:41:39 +0800] "GET /xingrg/all/function/internal_message.html?_=1591148498517&CODE_STATE=getMsg HTTP/1.1" 200 27
58.40.7.146 - - [03/Jun/2020:09:41:39 +0800] "GET /xingrg/check_reg.html?_=1591148498518 HTTP/1.1" 200 22
120.253.135.82 - - [03/Jun/2020:09:41:39 +0800] "GET /xingrg/all/function/internal_message.html?_=1591148254307&CODE_STATE=getMsg HTTP/1.1" 200 27
172.17.0.240 - - [03/Jun/2020:09:41:43 +0800] "GET /xingrg/all/function/internal_message.html?_=1591148501936&CODE_STATE=getMsg HTTP/1.1" 200 27
180.175.212.199 - - [03/Jun/2020:09:41:43 +0800] "GET /xingrg/kc/buy/cgsh_order_operate.html?command=get_materiel&rest_code=00102&code=00101007085&supplier_code=00100002&order_time=2020-06-03 HTTP/1.1" 200 413
116.230.77.149 - - [03/Jun/2020:09:41:49 +0800] "GET /xingrg/all/function/internal_message.html?_=1591148510157&CODE_STATE=getMsg HTTP/1.1" 200 27
120.253.135.82 - - [03/Jun/2020:09:41:52 +0800] "GET /xingrg/all/function/internal_message.html?_=1591148645266&CODE_STATE=getMsg HTTP/1.1" 200 27
172.17.0.100 - - [03/Jun/2020:09:41:53 +0800] "GET /xingrg/all/function/internal_message.html?_=1591148512787&CODE_STATE=getMsg HTTP/1.1" 200 27
172.17.0.120 - - [03/Jun/2020:09:41:56 +0800] "GET /xingrg/all/function/internal_message.html?_=1591148514579&CODE_STATE=getMsg HTTP/1.1" 200 27
180.162.232.172 - - [03/Jun/2020:09:41:58 +0800] "GET /xingrg/kc/buy/cgsh_order_list.html HTTP/1.1" 200 43002
61.172.5.115 - - [03/Jun/2020:09:41:58 +0800] "GET /xingrg/all/function/internal_message.html?_=1591148518653&CODE_STATE=getMsg HTTP/1.1" 302 -
180.162.232.172 - - [03/Jun/2020:09:41:58 +0800] "POST /xingrg/kc/buy/cgsh_list_operate.html HTTP/1.1" 200 876
180.162.232.172 - - [03/Jun/2020:09:41:59 +0800] "GET /xingrg/all/function/internal_message.html?_=1591148654361&CODE_STATE=getMsg HTTP/1.1" 200 27
117.131.5.26 - - [03/Jun/2020:09:42:00 +0800] "GET /xingrg/all/function/internal_message.html?_=1591148883663&CODE_STATE=getMsg HTTP/1.1" 200 27
172.17.0.123 - - [03/Jun/2020:09:42:01 +0800] "GET /xingrg/all/function/internal_message.html?_=1591148502296&CODE_STATE=getMsg HTTP/1.1" 200 27
117.131.5.26 - - [03/Jun/2020:09:42:02 +0800] "GET /xingrg/all/function/internal_message.html?_=1591148525633&CODE_STATE=getMsg HTTP/1.1" 302 -
172.17.0.112 - - [03/Jun/2020:09:42:03 +0800] "GET /xingrg/all/function/internal_message.html?_=1591148522670&CODE_STATE=getMsg HTTP/1.1" 200 27
180.162.232.172 - - [03/Jun/2020:09:42:04 +0800] "POST /xingrg/kc/buy/cgsh_order_operate.html HTTP/1.1" 200 37
222.69.136.136 - - [03/Jun/2020:09:42:05 +0800] "GET /xingrg/all/function/internal_message.html?_=1591148521244&CODE_STATE=getMsg HTTP/1.1" 200 27
172.17.0.113 - - [03/Jun/2020:09:42:05 +0800] "GET /xingrg/check_reg.html?_=1591148525670 HTTP/1.1" 200 22
172.17.0.113 - - [03/Jun/2020:09:42:05 +0800] "GET /xingrg/all/function/internal_message.html?_=1591148525683&CODE_STATE=getMsg HTTP/1.1" 200 27
180.162.232.172 - - [03/Jun/2020:09:42:06 +0800] "POST /xingrg/kc/buy/cgsh_order_operate.html HTTP/1.1" 200 12
180.175.212.199 - - [03/Jun/2020:09:42:06 +0800] "GET /xingrg/check_reg.html?_=1591148729815 HTTP/1.1" 200 22
