172.17.0.240 - - [03/Jun/2020:08:59:04 +0800] "POST /xingrg/dwr/call/plaincall/AjaxGetFirstChart.getFirstChart.dwr HTTP/1.1" 200 93
172.17.0.240 - - [03/Jun/2020:08:59:04 +0800] "POST /xingrg/dwr/call/plaincall/AjaxGetFirstChart.getFirstChart.dwr HTTP/1.1" 200 94
222.69.136.136 - - [03/Jun/2020:08:59:05 +0800] "GET /xingrg/all/function/internal_message.html?_=1591145941181&CODE_STATE=getMsg HTTP/1.1" 200 27
172.17.0.240 - - [03/Jun/2020:08:59:05 +0800] "POST /xingrg/dwr/call/plaincall/AjaxGetFirstChart.getFirstChart.dwr HTTP/1.1" 200 82
172.17.0.240 - - [03/Jun/2020:08:59:06 +0800] "POST /xingrg/dwr/call/plaincall/AjaxGetFirstChart.getFirstChart.dwr HTTP/1.1" 200 82
172.17.0.240 - - [03/Jun/2020:08:59:08 +0800] "POST /xingrg/dwr/call/plaincall/AjaxGetFirstChart.getFirstChart.dwr HTTP/1.1" 200 83
172.17.0.240 - - [03/Jun/2020:08:59:08 +0800] "POST /xingrg/dwr/call/plaincall/AjaxGetFirstChart.getFirstChart.dwr HTTP/1.1" 200 83
114.86.190.97 - - [03/Jun/2020:08:59:10 +0800] "GET /xingrg/all/function/internal_message.html?_=1591145952708&CODE_STATE=getMsg HTTP/1.1" 200 27
117.184.7.26 - - [03/Jun/2020:08:59:18 +0800] "GET /xingrg/all/function/internal_message.html?_=1591145955140&CODE_STATE=getMsg HTTP/1.1" 200 27
222.69.136.136 - - [03/Jun/2020:08:59:19 +0800] "GET /xingrg/kc/buy/cgsh_order_operate.html?command=get_materiel&rest_code=00149&code=00101008114&supplier_code=00100005&order_time=2020-06-03 HTTP/1.1" 200 412
114.84.33.255 - - [03/Jun/2020:08:59:27 +0800] "GET /xingrg/all/function/internal_message.html?_=1591145976940&CODE_STATE=getMsg HTTP/1.1" 200 27
172.17.0.185 - - [03/Jun/2020:08:59:27 +0800] "GET /xingrg/all/function/internal_message.html?_=1591145966805&CODE_STATE=getMsg HTTP/1.1" 200 27
120.253.135.82 - - [03/Jun/2020:08:59:34 +0800] "GET /xingrg/check_reg.html?_=1591145728897 HTTP/1.1" 200 22
172.17.0.240 - - [03/Jun/2020:08:59:34 +0800] "POST /xingrg/system/rest/edit_item.html HTTP/1.1" 200 4
172.17.0.240 - - [03/Jun/2020:08:59:34 +0800] "GET /xingrg/system/rest/get_item.html?table=menu&id=2034&_=1591145973248 HTTP/1.1" 200 929
172.17.0.240 - - [03/Jun/2020:08:59:36 +0800] "GET /xingrg/system/rest/get_infos.html?command=menu_img_show&id=2034 HTTP/1.1" 200 5
172.17.0.240 - - [03/Jun/2020:08:59:36 +0800] "GET /xingrg/system/rest/query_items.html?_=1591145975058&table=menu&page=1&rows=20&categoryId=&key= HTTP/1.1" 200 4729
58.221.95.50 - - [03/Jun/2020:08:59:37 +0800] "GET /xingrg/all/function/internal_message.html?_=1591146027465&CODE_STATE=getMsg HTTP/1.1" 302 -
120.253.135.82 - - [03/Jun/2020:08:59:38 +0800] "GET /xingrg/all/function/internal_message.html?_=1591145733402&CODE_STATE=getMsg HTTP/1.1" 200 27
58.40.7.146 - - [03/Jun/2020:08:59:39 +0800] "GET /xingrg/all/function/internal_message.html?_=1591145978514&CODE_STATE=getMsg HTTP/1.1" 200 27
180.162.232.172 - - [03/Jun/2020:08:59:40 +0800] "GET /xingrg/all/function/internal_message.html?_=1591145978883&CODE_STATE=getMsg HTTP/1.1" 200 27
172.17.0.240 - - [03/Jun/2020:08:59:42 +0800] "POST /xingrg/system/rest/edit_item.html HTTP/1.1" 200 4
172.17.0.240 - - [03/Jun/2020:08:59:42 +0800] "GET /xingrg/system/rest/get_item.html?table=menu&id=2034&_=1591145981031 HTTP/1.1" 200 932
114.88.170.9 - - [03/Jun/2020:08:59:42 +0800] "GET /xingrg/kc/buy/cgsh_order_add.html HTTP/1.1" 200 58734
114.88.170.9 - - [03/Jun/2020:08:59:42 +0800] "POST /xingrg/kc/buy/cgsh_order_operate.html HTTP/1.1" 200 8245
114.88.170.9 - - [03/Jun/2020:08:59:43 +0800] "GET /xingrg/javascript/easyui/themes/default/validatebox.css HTTP/1.1" 404 1104
172.17.0.240 - - [03/Jun/2020:08:59:43 +0800] "GET /xingrg/all/function/internal_message.html?_=1591145982804&CODE_STATE=getMsg HTTP/1.1" 200 27
172.17.0.240 - - [03/Jun/2020:08:59:43 +0800] "GET /xingrg/system/rest/query_items.html?_=1591145982747&table=menu&page=1&rows=20&categoryId=&key= HTTP/1.1" 200 4729
116.230.77.149 - - [03/Jun/2020:08:59:49 +0800] "GET /xingrg/all/function/internal_message.html?_=1591145990115&CODE_STATE=getMsg HTTP/1.1" 200 27
172.17.0.240 - - [03/Jun/2020:08:59:50 +0800] "GET /xingrg/system/rest/list_page.html?p=down HTTP/1.1" 200 20275
172.17.0.240 - - [03/Jun/2020:08:59:50 +0800] "GET /xingrg/system/rest/query_items.html?_=1591145989556&table=down&tcode=&key= HTTP/1.1" 200 11709
120.253.135.82 - - [03/Jun/2020:08:59:51 +0800] "GET /xingrg/all/function/internal_message.html?_=1591146124632&CODE_STATE=getMsg HTTP/1.1" 200 27
222.69.136.136 - - [03/Jun/2020:08:59:53 +0800] "GET /xingrg/kc/buy/cgsh_order_operate.html?command=get_materiel&rest_code=00149&code=00101015066&supplier_code=00100005&order_time=2020-06-03 HTTP/1.1" 200 413
172.17.0.240 - - [03/Jun/2020:08:59:59 +0800] "GET /xingrg/system/rest/get_item.html?table=down&code=b695d57b2fa14f599a2263bec1b9e6f4&_=1591145997993 HTTP/1.1" 200 215
172.17.0.240 - - [03/Jun/2020:08:59:59 +0800] "POST /xingrg/system/rest/edit_item.html HTTP/1.1" 200 66
172.17.0.240 - - [03/Jun/2020:08:59:59 +0800] "POST /xingrg/system/rest/get_infos.html HTTP/1.1" 200 445298
172.17.0.240 - - [03/Jun/2020:08:59:59 +0800] "POST /xingrg/all/common/load_tree.html?tree=area_station_tree_json&defaultRests=1_1,1_2,1_5,1_3,1_4,1_6,1_8,1_7,1_10,1_11,1_12,1_13,1_14,1_15,1_16 HTTP/1.1" 200 2975
61.172.5.115 - - [03/Jun/2020:08:59:59 +0800] "GET /xingrg/all/function/internal_message.html?_=1591145999652&CODE_STATE=getMsg HTTP/1.1" 302 -
114.86.190.97 - - [03/Jun/2020:09:00:00 +0800] "GET /xingrg/kc/buy/cgsh_order_operate.html?command=get_materiel&rest_code=00148&code=00101006209&supplier_code=00100010&order_time=2020-06-03 HTTP/1.1" 200 410
117.131.5.26 - - [03/Jun/2020:09:00:02 +0800] "GET /xingrg/all/function/internal_message.html?_=1591146005336&CODE_STATE=getMsg HTTP/1.1" 302 -
114.88.170.9 - - [03/Jun/2020:09:00:03 +0800] "GET /xingrg/all/function/internal_message.html?_=1591146000053&CODE_STATE=getMsg HTTP/1.1" 200 27
222.69.136.136 - - [03/Jun/2020:09:00:05 +0800] "GET /xingrg/all/function/internal_message.html?_=1591146001179&CODE_STATE=getMsg HTTP/1.1" 200 27
114.88.170.9 - - [03/Jun/2020:09:00:05 +0800] "GET /xingrg/kc/buy/cgsh_order_operate.html?command=get_materiel&rest_code=00111&code=00101008210&supplier_code=00100005&order_time=2020-06-03 HTTP/1.1" 200 408
114.86.190.97 - - [03/Jun/2020:09:00:10 +0800] "GET /xingrg/check_reg.html?_=1591146012345 HTTP/1.1" 200 22
172.17.0.240 - - [03/Jun/2020:09:00:10 +0800] "POST /xingrg/system/rest/search_item.html HTTP/1.1" 200 489
114.86.190.97 - - [03/Jun/2020:09:00:10 +0800] "GET /xingrg/all/function/internal_message.html?_=1591146012688&CODE_STATE=getMsg HTTP/1.1" 200 27
114.86.190.97 - - [03/Jun/2020:09:00:11 +0800] "GET /xingrg/kc/buy/cgsh_order_operate.html?command=get_materiel&rest_code=00148&code=00101006212&supplier_code=00100010&order_time=2020-06-03 HTTP/1.1" 200 406
114.88.170.9 - - [03/Jun/2020:09:00:12 +0800] "GET /xingrg/kc/buy/cgsh_order_operate.html?command=get_materiel&rest_code=00111&code=00101008126&supplier_code=00100005&order_time=2020-06-03 HTTP/1.1" 200 412
222.69.136.136 - - [03/Jun/2020:09:00:12 +0800] "GET /xingrg/kc/buy/cgsh_order_operate.html?command=get_materiel&rest_code=00149&code=00101015024&supplier_code=00100005&order_time=2020-06-03 HTTP/1.1" 200 413
172.17.0.240 - - [03/Jun/2020:09:00:13 +0800] "POST /xingrg/system/rest/edit_item.html HTTP/1.1" 200 32
172.17.0.240 - - [03/Jun/2020:09:00:13 +0800] "POST /xingrg/system/rest/edit_item.html HTTP/1.1" 200 -
172.17.0.240 - - [03/Jun/2020:09:00:13 +0800] "POST /xingrg/system/rest/edit_item.html HTTP/1.1" 200 32
172.17.0.240 - - [03/Jun/2020:09:00:13 +0800] "GET /xingrg/system/rest/get_item.html?table=down&code=b695d57b2fa14f599a2263bec1b9e6f4&_=1591146012506 HTTP/1.1" 200 215
222.69.136.136 - - [03/Jun/2020:09:00:15 +0800] "POST /xingrg/kc/buy/cgsh_order_operate.html HTTP/1.1" 200 2065
114.86.227.86 - - [03/Jun/2020:09:00:15 +0800] "GET /xingrg/login.html HTTP/1.1" 200 7641
114.86.227.86 - - [03/Jun/2020:09:00:16 +0800] "GET /xingrg/images/blue/jxLogo.png HTTP/1.1" 304 -
114.86.227.86 - - [03/Jun/2020:09:00:16 +0800] "GET /xingrg/images/blue/login_bg.png HTTP/1.1" 304 -
114.86.227.86 - - [03/Jun/2020:09:00:16 +0800] "GET /xingrg/images/blue/hj.png HTTP/1.1" 304 -
114.86.227.86 - - [03/Jun/2020:09:00:16 +0800] "GET /xingrg/images/blue/srbg.png HTTP/1.1" 304 -
114.86.227.86 - - [03/Jun/2020:09:00:16 +0800] "GET /favicon.ico HTTP/1.1" 404 -
114.88.170.9 - - [03/Jun/2020:09:00:16 +0800] "GET /xingrg/kc/buy/cgsh_order_operate.html?command=get_materiel&rest_code=00111&code=00101008005&supplier_code=00100005&order_time=2020-06-03 HTTP/1.1" 200 412
117.184.7.26 - - [03/Jun/2020:09:00:18 +0800] "GET /xingrg/all/function/internal_message.html?_=1591146015148&CODE_STATE=getMsg HTTP/1.1" 200 27
114.86.227.86 - - [03/Jun/2020:09:00:18 +0800] "POST /xingrg/login.do HTTP/1.1" 302 -
114.86.227.86 - - [03/Jun/2020:09:00:19 +0800] "GET /xingrg/index.html?sysBaseUrl=http%3A%2F%2F180.169.147.146%3A18081%2Fxingrg%2F&costTime=61×tamp=1591146018946 HTTP/1.1" 200 17173
114.86.227.86 - - [03/Jun/2020:09:00:19 +0800] "GET /xingrg/javascript/jquery_easy_ui/themes/default/easyui.css HTTP/1.1" 304 -
114.86.227.86 - - [03/Jun/2020:09:00:19 +0800] "GET /xingrg/javascript/jquery_easy_ui/themes/icon.css HTTP/1.1" 304 -
114.86.227.86 - - [03/Jun/2020:09:00:19 +0800] "GET /xingrg/css/form.css HTTP/1.1" 304 -
114.86.227.86 - - [03/Jun/2020:09:00:19 +0800] "GET /xingrg/javascript/jquery-1.4.2.min.js HTTP/1.1" 304 -
114.86.227.86 - - [03/Jun/2020:09:00:19 +0800] "GET /xingrg/javascript/jquery_easy_ui/jquery.easyui.min.js HTTP/1.1" 304 -
114.86.227.86 - - [03/Jun/2020:09:00:19 +0800] "GET /xingrg/javascript/jquery_easy_ui/easyui-lang-zh_CN.js HTTP/1.1" 304 -
114.86.227.86 - - [03/Jun/2020:09:00:19 +0800] "GET /xingrg/javascript/jquery.form.js HTTP/1.1" 304 -
114.86.227.86 - - [03/Jun/2020:09:00:19 +0800] "GET /xingrg/javascript/jquery.utils.js HTTP/1.1" 304 -
114.86.227.86 - - [03/Jun/2020:09:00:19 +0800] "GET /xingrg/javascript/jquery.timers.js HTTP/1.1" 304 -
114.86.227.86 - - [03/Jun/2020:09:00:19 +0800] "GET /favicon.ico HTTP/1.1" 404 -
114.86.227.86 - - [03/Jun/2020:09:00:19 +0800] "GET /xingrg/images/blue/navBackgound.jpg HTTP/1.1" 304 -
114.86.227.86 - - [03/Jun/2020:09:00:20 +0800] "GET /xingrg/javascript/jquery_easy_ui/themes/icons/settle_new.png HTTP/1.1" 304 -
114.86.227.86 - - [03/Jun/2020:09:00:20 +0800] "POST /xingrg/all/common/load_tree.html?tree=area_rest_tree_json&manage=1 HTTP/1.1" 200 342
114.86.227.86 - - [03/Jun/2020:09:00:21 +0800] "GET /xingrg/images/blue/pingpu.png HTTP/1.1" 304 -
114.86.227.86 - - [03/Jun/2020:09:00:21 +0800] "GET /xingrg/javascript/jquery_easy_ui/themes/default/images/tabs_leftarrow.png HTTP/1.1" 304 -
114.86.227.86 - - [03/Jun/2020:09:00:21 +0800] "GET /xingrg/javascript/jquery_easy_ui/themes/default/images/tabs_rightarrow.png HTTP/1.1" 304 -
114.86.227.86 - - [03/Jun/2020:09:00:21 +0800] "GET /xingrg/javascript/jquery_easy_ui/themes/default/images/panel_tool_collapse.gif HTTP/1.1" 304 -
114.86.227.86 - - [03/Jun/2020:09:00:21 +0800] "GET /xingrg/all/function/internal_message.html?_=1591146144500&CODE_STATE=count HTTP/1.1" 200 11
114.86.227.86 - - [03/Jun/2020:09:00:21 +0800] "GET /xingrg/check_reg.html?_=1591146144500 HTTP/1.1" 200 22
114.86.227.86 - - [03/Jun/2020:09:00:21 +0800] "POST /xingrg/load_menu.html HTTP/1.1" 200 5138
114.86.227.86 - - [03/Jun/2020:09:00:22 +0800] "GET /xingrg/javascript/jquery_easy_ui/themes/default/images/tree_arrows.gif HTTP/1.1" 304 -
114.86.190.97 - - [03/Jun/2020:09:00:22 +0800] "POST /xingrg/kc/buy/cgsh_order_operate.html HTTP/1.1" 200 37
114.88.170.9 - - [03/Jun/2020:09:00:22 +0800] "GET /xingrg/kc/buy/cgsh_order_operate.html?command=get_materiel&rest_code=00111&code=00101008270&supplier_code=00100005&order_time=2020-06-03 HTTP/1.1" 200 412
114.86.227.86 - - [03/Jun/2020:09:00:22 +0800] "GET /xingrg/javascript/jquery_easy_ui/themes/default/images/tree_folder_open.gif HTTP/1.1" 304 -
114.86.227.86 - - [03/Jun/2020:09:00:22 +0800] "GET /xingrg/javascript/jquery_easy_ui/themes/icons/search_new.png HTTP/1.1" 304 -
114.86.227.86 - - [03/Jun/2020:09:00:22 +0800] "GET /xingrg/javascript/jquery_easy_ui/themes/default/images/tree_folder.gif HTTP/1.1" 304 -
114.86.227.86 - - [03/Jun/2020:09:00:22 +0800] "GET /xingrg/javascript/jquery_easy_ui/themes/icons/storage_new.png HTTP/1.1" 304 -
114.86.227.86 - - [03/Jun/2020:09:00:22 +0800] "GET /xingrg/javascript/jquery_easy_ui/themes/icons/forms_new.png HTTP/1.1" 304 -
114.86.227.86 - - [03/Jun/2020:09:00:22 +0800] "GET /xingrg/javascript/jquery_easy_ui/themes/default/images/tree_file.gif HTTP/1.1" 304 -
172.17.0.240 - - [03/Jun/2020:09:00:24 +0800] "POST /xingrg/system/rest/edit_item.html HTTP/1.1" 200 66
172.17.0.240 - - [03/Jun/2020:09:00:24 +0800] "GET /xingrg/system/rest/query_items.html?_=1591146023095&table=down&tcode=&key= HTTP/1.1" 200 11709
172.17.0.240 - - [03/Jun/2020:09:00:24 +0800] "POST /xingrg/all/common/load_tree.html?tree=area_station_tree_json&defaultRests=1_1,1_2,1_5,1_3,1_4,1_6,1_8,1_7,1_10,1_11,1_12,1_13,1_14,1_15,1_16 HTTP/1.1" 200 2975
172.17.0.240 - - [03/Jun/2020:09:00:24 +0800] "POST /xingrg/system/rest/get_infos.html HTTP/1.1" 200 445307
114.86.227.86 - - [03/Jun/2020:09:00:25 +0800] "GET /xingrg/javascript/jquery_easy_ui/themes/default/images/tabs_close.gif HTTP/1.1" 304 -
114.86.227.86 - - [03/Jun/2020:09:00:25 +0800] "GET /xingrg/kc/base/base_main.html HTTP/1.1" 200 12142
114.86.227.86 - - [03/Jun/2020:09:00:25 +0800] "GET /xingrg/css/blue.css HTTP/1.1" 304 -
114.86.227.86 - - [03/Jun/2020:09:00:25 +0800] "GET /xingrg/javascript/pic_change.js HTTP/1.1" 304 -
114.86.227.86 - - [03/Jun/2020:09:00:25 +0800] "GET /xingrg/javascript/myfunction.js HTTP/1.1" 304 -
114.86.227.86 - - [03/Jun/2020:09:00:25 +0800] "GET /xingrg/images/blue/button/wlsy.gif HTTP/1.1" 304 -
114.86.227.86 - - [03/Jun/2020:09:00:25 +0800] "GET /xingrg/images/blue/button/ckpd.gif HTTP/1.1" 304 -
114.86.227.86 - - [03/Jun/2020:09:00:25 +0800] "GET /xingrg/images/blue/button/kc.gif HTTP/1.1" 304 -
114.86.227.86 - - [03/Jun/2020:09:00:25 +0800] "GET /xingrg/images/blue/button/top_right.jpg HTTP/1.1" 304 -
114.86.227.86 - - [03/Jun/2020:09:00:25 +0800] "GET /xingrg/images/blue/button/top_left.jpg HTTP/1.1" 304 -
114.86.227.86 - - [03/Jun/2020:09:00:25 +0800] "GET /xingrg/images/blue/button/yddb.gif HTTP/1.1" 304 -
114.86.227.86 - - [03/Jun/2020:09:00:25 +0800] "GET /xingrg/images/blue/button/ckdb.gif HTTP/1.1" 304 -
114.86.227.86 - - [03/Jun/2020:09:00:25 +0800] "GET /xingrg/images/blue/button/down.jpg HTTP/1.1" 304 -
114.86.227.86 - - [03/Jun/2020:09:00:25 +0800] "GET /xingrg/images/blue/pic_form2.gif HTTP/1.1" 304 -
114.86.227.86 - - [03/Jun/2020:09:00:25 +0800] "GET /xingrg/images/blue/bg_dotted.jpg HTTP/1.1" 304 -
114.86.227.86 - - [03/Jun/2020:09:00:25 +0800] "GET /xingrg/images/blue/button/right_ah.jpg HTTP/1.1" 304 -
114.86.227.86 - - [03/Jun/2020:09:00:25 +0800] "GET /xingrg/images/blue/button/left_ah.jpg HTTP/1.1" 304 -
114.88.170.9 - - [03/Jun/2020:09:00:25 +0800] "GET /xingrg/check_reg.html?_=1591146022836 HTTP/1.1" 200 22
114.86.227.86 - - [03/Jun/2020:09:00:25 +0800] "GET /xingrg/images/blue/button/bottom_left.jpg HTTP/1.1" 304 -
114.86.227.86 - - [03/Jun/2020:09:00:25 +0800] "GET /xingrg/images/blue/button/bottom_right.jpg HTTP/1.1" 304 -
114.84.33.255 - - [03/Jun/2020:09:00:26 +0800] "GET /xingrg/check_reg.html?_=1591146036346 HTTP/1.1" 200 22
114.86.227.86 - - [03/Jun/2020:09:00:27 +0800] "GET /xingrg/kc/base/yddb_order_list.html HTTP/1.1" 200 16861
114.86.227.86 - - [03/Jun/2020:09:00:27 +0800] "GET /xingrg/css/site.css HTTP/1.1" 304 -
114.86.227.86 - - [03/Jun/2020:09:00:27 +0800] "GET /xingrg/css/base.css HTTP/1.1" 304 -
114.86.227.86 - - [03/Jun/2020:09:00:27 +0800] "GET /xingrg/javascript/jquery_tools/datebox.css HTTP/1.1" 304 -
114.86.227.86 - - [03/Jun/2020:09:00:27 +0800] "GET /xingrg/javascript/easyui/themes/default/easyui.css HTTP/1.1" 304 -
114.86.227.86 - - [03/Jun/2020:09:00:27 +0800] "GET /xingrg/javascript/auto/jquery.autocomplete.css HTTP/1.1" 304 -
114.86.227.86 - - [03/Jun/2020:09:00:27 +0800] "GET /xingrg/javascript/jquery_tools/fix.css HTTP/1.1" 304 -
114.86.227.86 - - [03/Jun/2020:09:00:27 +0800] "GET /xingrg/javascript/easyui/themes/icon.css HTTP/1.1" 304 -
114.86.227.86 - - [03/Jun/2020:09:00:27 +0800] "GET /xingrg/javascript/jquery_tools/table.css HTTP/1.1" 304 -
114.86.227.86 - - [03/Jun/2020:09:00:27 +0800] "GET /xingrg/javascript/jquery_tools/jquery.tools.min.js HTTP/1.1" 304 -
114.86.227.86 - - [03/Jun/2020:09:00:27 +0800] "GET /xingrg/javascript/jquery_tools/jquery.tools.extend.js HTTP/1.1" 304 -
114.86.227.86 - - [03/Jun/2020:09:00:27 +0800] "GET /xingrg/javascript/jquery_tools/jquery.tools.table.js HTTP/1.1" 304 -
114.86.227.86 - - [03/Jun/2020:09:00:27 +0800] "GET /xingrg/javascript/jquery_tools/list_manager.js HTTP/1.1" 304 -
114.86.227.86 - - [03/Jun/2020:09:00:27 +0800] "GET /xingrg/javascript/jquery_tools/jquery.tools.hotkey.js HTTP/1.1" 304 -
114.86.227.86 - - [03/Jun/2020:09:00:27 +0800] "GET /xingrg/javascript/auto/jquery.autocomplete.js HTTP/1.1" 304 -
114.86.227.86 - - [03/Jun/2020:09:00:27 +0800] "GET /xingrg/javascript/easyui/easyloader.js HTTP/1.1" 304 -
114.86.227.86 - - [03/Jun/2020:09:00:27 +0800] "GET /xingrg/javascript/jquery.cookie.js HTTP/1.1" 304 -
114.86.227.86 - - [03/Jun/2020:09:00:27 +0800] "GET /xingrg/javascript/print/LodopFuncs.js HTTP/1.1" 304 -
114.84.33.255 - - [03/Jun/2020:09:00:27 +0800] "GET /xingrg/all/function/internal_message.html?_=1591146036955&CODE_STATE=getMsg HTTP/1.1" 200 27
172.17.0.185 - - [03/Jun/2020:09:00:27 +0800] "GET /xingrg/all/function/internal_message.html?_=1591146026810&CODE_STATE=getMsg HTTP/1.1" 200 27
114.86.227.86 - - [03/Jun/2020:09:00:28 +0800] "GET /xingrg/javascript/easyui/themes/icons/field_new.png HTTP/1.1" 304 -
114.86.227.86 - - [03/Jun/2020:09:00:28 +0800] "GET /xingrg/javascript/easyui/themes/icons/edit_add_new.png HTTP/1.1" 304 -
114.86.227.86 - - [03/Jun/2020:09:00:28 +0800] "GET /xingrg/javascript/easyui/themes/icons/import_new.png HTTP/1.1" 304 -
114.86.227.86 - - [03/Jun/2020:09:00:28 +0800] "GET /xingrg/javascript/easyui/plugins/jquery.parser.js HTTP/1.1" 304 -
114.86.227.86 - - [03/Jun/2020:09:00:29 +0800] "GET /xingrg/images/control/ajaxLoader.gif HTTP/1.1" 304 -
114.86.227.86 - - [03/Jun/2020:09:00:29 +0800] "POST /xingrg/kc/base/yddb_list_operate.html HTTP/1.1" 200 583
114.88.170.9 - - [03/Jun/2020:09:00:29 +0800] "GET /xingrg/kc/buy/cgsh_order_operate.html?command=get_materiel&rest_code=00111&code=00101008361&supplier_code=00100005&order_time=2020-06-03 HTTP/1.1" 200 408
114.86.190.97 - - [03/Jun/2020:09:00:30 +0800] "POST /xingrg/kc/buy/cgsh_order_operate.html HTTP/1.1" 200 12
222.69.136.136 - - [03/Jun/2020:09:00:31 +0800] "GET /xingrg/kc/buy/cgsh_order_operate.html?command=get_materiel&rest_code=00149&code=00101008099&supplier_code=00100005&order_time=2020-06-03 HTTP/1.1" 200 417
114.86.190.97 - - [03/Jun/2020:09:00:32 +0800] "GET /xingrg/kc/buy/cgsh_order_info.html?code=212020060300759 HTTP/1.1" 200 53643
114.86.190.97 - - [03/Jun/2020:09:00:32 +0800] "GET /xingrg/javascript/easyui/themes/default/validatebox.css HTTP/1.1" 404 1104
114.86.190.97 - - [03/Jun/2020:09:00:33 +0800] "POST /xingrg/kc/buy/cgsh_order_operate.html HTTP/1.1" 200 4146
114.86.227.86 - - [03/Jun/2020:09:00:33 +0800] "POST /xingrg/kc/base/yddb_list_operate.html HTTP/1.1" 200 3975
114.86.190.97 - - [03/Jun/2020:09:00:34 +0800] "GET /xingrg/kc/print/load_config.html?kc_code=cgsh HTTP/1.1" 200 1845
114.86.227.86 - - [03/Jun/2020:09:00:34 +0800] "POST /xingrg/kc/base/yddb_list_operate.html HTTP/1.1" 200 202
114.86.190.97 - - [03/Jun/2020:09:00:34 +0800] "GET /xingrg/kc/print/load_data.html?order_code=212020060300759&kc_code=cgsh&condition= HTTP/1.1" 200 2100
222.69.136.136 - - [03/Jun/2020:09:00:36 +0800] "POST /xingrg/kc/buy/cgsh_order_operate.html HTTP/1.1" 200 75
58.221.95.50 - - [03/Jun/2020:09:00:37 +0800] "GET /xingrg/all/function/internal_message.html?_=1591146087465&CODE_STATE=getMsg HTTP/1.1" 302 -
114.88.170.9 - - [03/Jun/2020:09:00:37 +0800] "GET /xingrg/kc/buy/cgsh_order_operate.html?command=get_materiel&rest_code=00111&code=00101008321&supplier_code=00100005&order_time=2020-06-03 HTTP/1.1" 200 412
172.17.0.240 - - [03/Jun/2020:09:00:38 +0800] "GET /xingrg/system/rest/list_page.html?p=menu HTTP/1.1" 200 112589
172.17.0.240 - - [03/Jun/2020:09:00:38 +0800] "GET /xingrg/dwr/interface/AjaxGetFirstChart.js HTTP/1.1" 200 631
172.17.0.240 - - [03/Jun/2020:09:00:38 +0800] "GET /xingrg/dwr/util.js HTTP/1.1" 304 -
172.17.0.240 - - [03/Jun/2020:09:00:38 +0800] "GET /xingrg/dwr/engine.js HTTP/1.1" 200 43631
120.253.135.82 - - [03/Jun/2020:09:00:38 +0800] "GET /xingrg/all/function/internal_message.html?_=1591145793416&CODE_STATE=getMsg HTTP/1.1" 200 27
172.17.0.240 - - [03/Jun/2020:09:00:39 +0800] "GET /xingrg/system/rest/query_items.html?_=1591146037942&table=menu&page=1&rows=20&categoryId=&key= HTTP/1.1" 200 4729
58.40.7.146 - - [03/Jun/2020:09:00:39 +0800] "GET /xingrg/all/function/internal_message.html?_=1591146038500&CODE_STATE=getMsg HTTP/1.1" 200 27
180.162.232.172 - - [03/Jun/2020:09:00:40 +0800] "GET /xingrg/all/function/internal_message.html?_=1591146038882&CODE_STATE=getMsg HTTP/1.1" 200 27
172.17.0.240 - - [03/Jun/2020:09:00:42 +0800] "GET /xingrg/system/rest/query_items.html?_=1591146041094&table=menu&page=1&rows=20&categoryId=&key=%25E9%2595%25BF%25E8%2584%259A%25E8%259F%25B9 HTTP/1.1" 200 753
114.86.190.97 - - [03/Jun/2020:09:00:42 +0800] "POST /xingrg/kc/buy/cgsh_list_operate.html HTTP/1.1" 200 2774
172.17.0.240 - - [03/Jun/2020:09:00:43 +0800] "GET /xingrg/all/function/internal_message.html?_=1591146042785&CODE_STATE=getMsg HTTP/1.1" 200 27
114.86.190.97 - - [03/Jun/2020:09:00:44 +0800] "POST /xingrg/kc/buy/cgsh_list_operate.html HTTP/1.1" 200 565
114.88.170.9 - - [03/Jun/2020:09:00:44 +0800] "GET /xingrg/kc/buy/cgsh_order_operate.html?command=get_materiel&rest_code=00111&code=00101008080&supplier_code=00100005&order_time=2020-06-03 HTTP/1.1" 200 416
172.17.0.240 - - [03/Jun/2020:09:00:44 +0800] "GET /xingrg/system/rest/query_items.html?_=1591146043489&table=menu&page=1&rows=20&categoryId=&key=%25E9%2595%25BF%25E8%2584%259A%25E8%259F%25B9 HTTP/1.1" 200 753
114.86.190.97 - - [03/Jun/2020:09:00:44 +0800] "GET /xingrg/kc/buy/cgsh_order_info.html?code=212020060300753 HTTP/1.1" 200 58749
172.17.0.240 - - [03/Jun/2020:09:00:45 +0800] "GET /xingrg/system/rest/get_item.html?table=menu&id=2017&_=1591146044338 HTTP/1.1" 200 974
172.17.0.240 - - [03/Jun/2020:09:00:45 +0800] "GET /xingrg/system/rest/get_item.html?table=menu&target=menu_rest&id=2017&_=1591146044369 HTTP/1.1" 200 886
172.17.0.240 - - [03/Jun/2020:09:00:45 +0800] "GET /xingrg/system/rest/get_item.html?table=menu&target=cook_mode&id=2017&_=1591146044367 HTTP/1.1" 200 12970
114.86.190.97 - - [03/Jun/2020:09:00:45 +0800] "GET /xingrg/javascript/easyui/themes/default/validatebox.css HTTP/1.1" 404 1104
114.86.190.97 - - [03/Jun/2020:09:00:46 +0800] "POST /xingrg/kc/buy/cgsh_order_operate.html HTTP/1.1" 200 30996
172.17.0.240 - - [03/Jun/2020:09:00:46 +0800] "GET /xingrg/system/rest/get_infos.html?command=menu_img_show&id=2017 HTTP/1.1" 200 5
114.86.190.97 - - [03/Jun/2020:09:00:48 +0800] "GET /xingrg/kc/print/load_data.html?order_code=212020060300753&kc_code=cgsh HTTP/1.1" 200 11406
172.17.0.240 - - [03/Jun/2020:09:00:49 +0800] "POST /xingrg/dwr/call/plaincall/AjaxGetFirstChart.getFirstChart.dwr HTTP/1.1" 200 92
172.17.0.240 - - [03/Jun/2020:09:00:49 +0800] "POST /xingrg/dwr/call/plaincall/AjaxGetFirstChart.getFirstChart.dwr HTTP/1.1" 200 92
116.230.77.149 - - [03/Jun/2020:09:00:49 +0800] "GET /xingrg/all/function/internal_message.html?_=1591146050121&CODE_STATE=getMsg HTTP/1.1" 200 27
116.230.77.149 - - [03/Jun/2020:09:00:49 +0800] "GET /xingrg/check_reg.html?_=1591146050115 HTTP/1.1" 200 22
222.69.136.136 - - [03/Jun/2020:09:00:50 +0800] "POST /xingrg/kc/buy/cgsh_order_operate.html HTTP/1.1" 200 37
120.253.135.82 - - [03/Jun/2020:09:00:51 +0800] "GET /xingrg/all/function/internal_message.html?_=1591146184659&CODE_STATE=getMsg HTTP/1.1" 200 27
222.69.136.136 - - [03/Jun/2020:09:00:51 +0800] "POST /xingrg/kc/buy/cgsh_order_operate.html HTTP/1.1" 200 31660
114.88.170.9 - - [03/Jun/2020:09:00:53 +0800] "GET /xingrg/kc/buy/cgsh_order_operate.html?command=get_materiel&rest_code=00111&code=00101008185&supplier_code=00100005&order_time=2020-06-03 HTTP/1.1" 200 408
172.17.0.240 - - [03/Jun/2020:09:00:58 +0800] "GET /xingrg/system/rest/get_item.html?table=menu&id=2034&_=1591146057900 HTTP/1.1" 200 932
172.17.0.240 - - [03/Jun/2020:09:00:59 +0800] "GET /xingrg/system/rest/get_item.html?table=menu&target=menu_rest&id=2034&_=1591146057930 HTTP/1.1" 200 63
172.17.0.240 - - [03/Jun/2020:09:00:59 +0800] "GET /xingrg/system/rest/get_item.html?table=menu&target=cook_mode&id=2034&_=1591146057929 HTTP/1.1" 200 63
114.88.170.9 - - [03/Jun/2020:09:00:59 +0800] "GET /xingrg/kc/buy/cgsh_order_operate.html?command=get_materiel&rest_code=00111&code=00101008026&supplier_code=00100005&order_time=2020-06-03 HTTP/1.1" 200 408
61.172.5.115 - - [03/Jun/2020:09:00:59 +0800] "GET /xingrg/all/function/internal_message.html?_=1591146059629&CODE_STATE=getMsg HTTP/1.1" 302 -
172.17.0.240 - - [03/Jun/2020:09:00:59 +0800] "GET /xingrg/system/rest/get_infos.html?command=menu_img_show&id=2034 HTTP/1.1" 200 5
222.69.136.136 - - [03/Jun/2020:09:01:00 +0800] "GET /xingrg/kc/buy/cgsh_order_operate.html?command=get_materiel&rest_code=00149&code=00101008183&supplier_code=00100005&order_time=2020-06-03 HTTP/1.1" 200 413
117.131.5.26 - - [03/Jun/2020:09:01:02 +0800] "GET /xingrg/all/function/internal_message.html?_=1591146065336&CODE_STATE=getMsg HTTP/1.1" 302 -
114.88.170.9 - - [03/Jun/2020:09:01:03 +0800] "GET /xingrg/all/function/internal_message.html?_=1591146060047&CODE_STATE=getMsg HTTP/1.1" 200 27
114.88.170.9 - - [03/Jun/2020:09:01:03 +0800] "GET /xingrg/check_reg.html?_=1591146060051 HTTP/1.1" 200 22
172.17.0.240 - - [03/Jun/2020:09:01:03 +0800] "POST /xingrg/dwr/call/plaincall/AjaxGetFirstChart.getFirstChart.dwr HTTP/1.1" 200 85
172.17.0.240 - - [03/Jun/2020:09:01:03 +0800] "POST /xingrg/dwr/call/plaincall/AjaxGetFirstChart.getFirstChart.dwr HTTP/1.1" 200 85
222.69.136.136 - - [03/Jun/2020:09:01:05 +0800] "GET /xingrg/all/function/internal_message.html?_=1591146061183&CODE_STATE=getMsg HTTP/1.1" 200 27
172.17.0.240 - - [03/Jun/2020:09:01:05 +0800] "POST /xingrg/system/rest/edit_item.html HTTP/1.1" 200 4
172.17.0.240 - - [03/Jun/2020:09:01:05 +0800] "GET /xingrg/system/rest/get_item.html?table=menu&id=2034&_=1591146064556 HTTP/1.1" 200 940
114.88.170.9 - - [03/Jun/2020:09:01:06 +0800] "GET /xingrg/kc/buy/cgsh_order_operate.html?command=get_materiel&rest_code=00111&code=00101008038&supplier_code=00100005&order_time=2020-06-03 HTTP/1.1" 200 412
172.17.0.240 - - [03/Jun/2020:09:01:06 +0800] "GET /xingrg/system/rest/query_items.html?_=1591146065327&table=menu&page=1&rows=20&categoryId=&key=%25E9%2595%25BF%25E8%2584%259A%25E8%259F%25B9 HTTP/1.1" 200 761
172.17.0.240 - - [03/Jun/2020:09:01:09 +0800] "GET /xingrg/system/rest/list_page.html?p=annotate&isSelect=1 HTTP/1.1" 200 12282
172.17.0.240 - - [03/Jun/2020:09:01:09 +0800] "GET /xingrg/system/rest/query_items.html?_=1591146068437&table=annotate&annotateTypeId=&key= HTTP/1.1" 200 21
172.17.0.240 - - [03/Jun/2020:09:01:09 +0800] "GET /favicon.ico HTTP/1.1" 404 -
222.69.136.136 - - [03/Jun/2020:09:01:10 +0800] "GET /xingrg/kc/buy/cgsh_order_operate.html?command=get_materiel&rest_code=00149&code=00101008236&supplier_code=00100005&order_time=2020-06-03 HTTP/1.1" 200 416
114.88.170.9 - - [03/Jun/2020:09:01:13 +0800] "GET /xingrg/kc/buy/cgsh_order_operate.html?command=get_materiel&rest_code=00111&code=00101008088&supplier_code=00100005&order_time=2020-06-03 HTTP/1.1" 200 408
172.17.0.240 - - [03/Jun/2020:09:01:13 +0800] "GET /xingrg/system/rest/query_items.html?_=1591146072604&table=annotate&annotateTypeId=&key=%25E4%25B8%25B4%25E6%2597%25B6 HTTP/1.1" 200 21
172.17.0.240 - - [03/Jun/2020:09:01:15 +0800] "GET /xingrg/system/rest/query_items.html?_=1591146074867&table=annotate&annotateTypeId=4&key=%25E4%25B8%25B4%25E6%2597%25B6 HTTP/1.1" 200 21
172.17.0.240 - - [03/Jun/2020:09:01:17 +0800] "GET /xingrg/system/rest/query_items.html?_=1591146076577&table=annotate&annotateTypeId=2&key=%25E4%25B8%25B4%25E6%2597%25B6 HTTP/1.1" 200 210
222.69.136.136 - - [03/Jun/2020:09:01:18 +0800] "GET /xingrg/kc/buy/cgsh_order_operate.html?command=get_materiel&rest_code=00149&code=00101008101&supplier_code=00100005&order_time=2020-06-03 HTTP/1.1" 200 412
117.184.7.26 - - [03/Jun/2020:09:01:18 +0800] "GET /xingrg/check_reg.html?_=1591146075148 HTTP/1.1" 200 22
117.184.7.30 - - [03/Jun/2020:09:01:18 +0800] "GET /xingrg/all/function/internal_message.html?_=1591146075157&CODE_STATE=getMsg HTTP/1.1" 200 27
172.17.0.240 - - [03/Jun/2020:09:01:19 +0800] "POST /xingrg/system/rest/edit_item.html HTTP/1.1" 200 48
172.17.0.240 - - [03/Jun/2020:09:01:19 +0800] "GET /xingrg/system/rest/get_item.html?table=menu&target=cook_mode&id=2034&_=1591146078772 HTTP/1.1" 200 221
114.86.227.86 - - [03/Jun/2020:09:01:20 +0800] "GET /xingrg/all/function/internal_message.html?_=1591146204515&CODE_STATE=getMsg HTTP/1.1" 200 27
114.88.170.9 - - [03/Jun/2020:09:01:21 +0800] "GET /xingrg/kc/buy/cgsh_order_operate.html?command=get_materiel&rest_code=00111&code=00101008355&supplier_code=00100005&order_time=2020-06-03 HTTP/1.1" 200 408
114.84.33.255 - - [03/Jun/2020:09:01:27 +0800] "GET /xingrg/all/function/internal_message.html?_=1591146097077&CODE_STATE=getMsg HTTP/1.1" 200 27
172.17.0.185 - - [03/Jun/2020:09:01:27 +0800] "GET /xingrg/all/function/internal_message.html?_=1591146086800&CODE_STATE=getMsg HTTP/1.1" 200 27
172.17.0.240 - - [03/Jun/2020:09:01:28 +0800] "POST /xingrg/system/rest/edit_item.html HTTP/1.1" 200 4
172.17.0.240 - - [03/Jun/2020:09:01:28 +0800] "GET /xingrg/system/rest/get_item.html?table=menu&id=2034&_=1591146087077 HTTP/1.1" 200 940
172.17.0.240 - - [03/Jun/2020:09:01:29 +0800] "GET /xingrg/system/rest/query_items.html?_=1591146088514&table=menu&page=1&rows=20&categoryId=&key=%25E9%2595%25BF%25E8%2584%259A%25E8%259F%25B9 HTTP/1.1" 200 761
114.86.190.97 - - [03/Jun/2020:09:01:29 +0800] "GET /xingrg/all/function/internal_message.html?_=1591146092016&CODE_STATE=getMsg HTTP/1.1" 200 27
222.69.136.136 - - [03/Jun/2020:09:01:31 +0800] "POST /xingrg/kc/buy/cgsh_order_operate.html HTTP/1.1" 200 37
172.17.0.240 - - [03/Jun/2020:09:01:32 +0800] "GET /xingrg/system/rest/get_item.html?table=menu&id=2017&_=1591146090960 HTTP/1.1" 200 974
172.17.0.240 - - [03/Jun/2020:09:01:32 +0800] "GET /xingrg/system/rest/get_item.html?table=menu&target=menu_rest&id=2017&_=1591146090969 HTTP/1.1" 200 886
172.17.0.240 - - [03/Jun/2020:09:01:32 +0800] "GET /xingrg/system/rest/get_item.html?table=menu&target=cook_mode&id=2017&_=1591146090969 HTTP/1.1" 200 12970
172.17.0.240 - - [03/Jun/2020:09:01:32 +0800] "GET /xingrg/system/rest/get_infos.html?command=menu_img_show&id=2017 HTTP/1.1" 200 5
61.172.5.115 - - [03/Jun/2020:09:01:33 +0800] "GET /xingrg/check_reg.html?_=1591146093717 HTTP/1.1" 302 -
114.88.170.9 - - [03/Jun/2020:09:01:33 +0800] "GET /xingrg/kc/buy/cgsh_order_operate.html?command=get_materiel&rest_code=00111&code=00101008004&supplier_code=00100005&order_time=2020-06-03 HTTP/1.1" 200 416
222.69.136.136 - - [03/Jun/2020:09:01:33 +0800] "POST /xingrg/kc/buy/cgsh_order_operate.html HTTP/1.1" 200 12
222.69.136.136 - - [03/Jun/2020:09:01:35 +0800] "GET /xingrg/kc/buy/cgsh_order_info.html?code=212020060300764 HTTP/1.1" 200 53690
222.69.136.136 - - [03/Jun/2020:09:01:35 +0800] "GET /xingrg/javascript/easyui/themes/default/validatebox.css HTTP/1.1" 404 1104
222.69.136.136 - - [03/Jun/2020:09:01:36 +0800] "POST /xingrg/kc/buy/cgsh_order_operate.html HTTP/1.1" 200 31384
58.221.95.50 - - [03/Jun/2020:09:01:37 +0800] "GET /xingrg/all/function/internal_message.html?_=1591146147465&CODE_STATE=getMsg HTTP/1.1" 302 -
58.221.95.50 - - [03/Jun/2020:09:01:37 +0800] "GET /xingrg/check_reg.html?_=1591146147493 HTTP/1.1" 302 -
222.69.136.136 - - [03/Jun/2020:09:01:37 +0800] "GET /xingrg/kc/print/load_config.html?kc_code=cgsh HTTP/1.1" 200 1845
222.69.136.136 - - [03/Jun/2020:09:01:37 +0800] "GET /xingrg/kc/print/load_data.html?order_code=212020060300764&kc_code=cgsh&condition= HTTP/1.1" 200 12413
120.253.135.82 - - [03/Jun/2020:09:01:38 +0800] "GET /xingrg/all/function/internal_message.html?_=1591145853457&CODE_STATE=getMsg HTTP/1.1" 200 27
58.40.7.146 - - [03/Jun/2020:09:01:39 +0800] "GET /xingrg/all/function/internal_message.html?_=1591146098503&CODE_STATE=getMsg HTTP/1.1" 200 27
58.40.7.146 - - [03/Jun/2020:09:01:39 +0800] "GET /xingrg/check_reg.html?_=1591146098504 HTTP/1.1" 200 22
114.88.170.9 - - [03/Jun/2020:09:01:39 +0800] "GET /xingrg/kc/buy/cgsh_order_operate.html?command=get_materiel&rest_code=00111&code=00101008067&supplier_code=00100005&order_time=2020-06-03 HTTP/1.1" 200 416
180.162.232.172 - - [03/Jun/2020:09:01:40 +0800] "GET /xingrg/all/function/internal_message.html?_=1591146098897&CODE_STATE=getMsg HTTP/1.1" 200 27
172.17.0.240 - - [03/Jun/2020:09:01:43 +0800] "GET /xingrg/all/function/internal_message.html?_=1591146102781&CODE_STATE=getMsg HTTP/1.1" 200 27
116.230.77.149 - - [03/Jun/2020:09:01:49 +0800] "GET /xingrg/all/function/internal_message.html?_=1591146110112&CODE_STATE=getMsg HTTP/1.1" 200 27
114.88.170.9 - - [03/Jun/2020:09:01:51 +0800] "GET /xingrg/kc/buy/cgsh_order_operate.html?command=get_materiel&rest_code=00111&code=00101008264&supplier_code=00100005&order_time=2020-06-03 HTTP/1.1" 200 412
120.253.135.82 - - [03/Jun/2020:09:01:51 +0800] "GET /xingrg/all/function/internal_message.html?_=1591146244661&CODE_STATE=getMsg HTTP/1.1" 200 27
114.88.170.9 - - [03/Jun/2020:09:01:56 +0800] "GET /xingrg/kc/buy/cgsh_order_operate.html?command=get_materiel&rest_code=00111&code=00101008362&supplier_code=00100005&order_time=2020-06-03 HTTP/1.1" 200 408
61.172.5.115 - - [03/Jun/2020:09:01:59 +0800] "GET /xingrg/all/function/internal_message.html?_=1591146119601&CODE_STATE=getMsg HTTP/1.1" 302 -
117.131.5.26 - - [03/Jun/2020:09:02:02 +0800] "GET /xingrg/all/function/internal_message.html?_=1591146125351&CODE_STATE=getMsg HTTP/1.1" 302 -
114.88.170.9 - - [03/Jun/2020:09:02:03 +0800] "GET /xingrg/all/function/internal_message.html?_=1591146120059&CODE_STATE=getMsg HTTP/1.1" 200 27
222.69.136.136 - - [03/Jun/2020:09:02:05 +0800] "GET /xingrg/all/function/internal_message.html?_=1591146121181&CODE_STATE=getMsg HTTP/1.1" 200 27
114.88.170.9 - - [03/Jun/2020:09:02:14 +0800] "GET /xingrg/kc/buy/cgsh_order_operate.html?command=get_materiel&rest_code=00111&code=00101008006&supplier_code=00100005&order_time=2020-06-03 HTTP/1.1" 200 416
117.184.7.30 - - [03/Jun/2020:09:02:18 +0800] "GET /xingrg/all/function/internal_message.html?_=1591146135142&CODE_STATE=getMsg HTTP/1.1" 200 27
114.86.227.86 - - [03/Jun/2020:09:02:20 +0800] "GET /xingrg/all/function/internal_message.html?_=1591146264531&CODE_STATE=getMsg HTTP/1.1" 200 27
114.88.170.9 - - [03/Jun/2020:09:02:20 +0800] "GET /xingrg/kc/buy/cgsh_order_operate.html?command=get_materiel&rest_code=00111&code=00101006058&supplier_code=00100005&order_time=2020-06-03 HTTP/1.1" 200 413
114.88.170.9 - - [03/Jun/2020:09:02:23 +0800] "GET /xingrg/kc/buy/cgsh_order_operate.html?command=get_materiel&rest_code=00111&code=00101008131&supplier_code=00100005&order_time=2020-06-03 HTTP/1.1" 200 408
114.84.33.255 - - [03/Jun/2020:09:02:27 +0800] "GET /xingrg/all/function/internal_message.html?_=1591146157091&CODE_STATE=getMsg HTTP/1.1" 200 27
172.17.0.185 - - [03/Jun/2020:09:02:27 +0800] "GET /xingrg/all/function/internal_message.html?_=1591146146807&CODE_STATE=getMsg HTTP/1.1" 200 27
172.17.0.185 - - [03/Jun/2020:09:02:27 +0800] "GET /xingrg/check_reg.html?_=1591146146811 HTTP/1.1" 200 22
222.69.136.136 - - [03/Jun/2020:09:02:28 +0800] "GET /xingrg/kc/buy/cgsh_order_add.html HTTP/1.1" 200 58787
116.230.77.149 - - [03/Jun/2020:09:02:29 +0800] "POST /xingrg/kc/buy/cgsh_order_operate.html HTTP/1.1" 200 37
222.69.136.136 - - [03/Jun/2020:09:02:29 +0800] "POST /xingrg/kc/buy/cgsh_order_operate.html HTTP/1.1" 200 8245
222.69.136.136 - - [03/Jun/2020:09:02:29 +0800] "GET /xingrg/javascript/easyui/themes/default/validatebox.css HTTP/1.1" 404 1104
114.86.190.97 - - [03/Jun/2020:09:02:29 +0800] "GET /xingrg/all/function/internal_message.html?_=1591146151999&CODE_STATE=getMsg HTTP/1.1" 200 27
116.230.77.149 - - [03/Jun/2020:09:02:30 +0800] "POST /xingrg/kc/buy/cgsh_order_operate.html HTTP/1.1" 200 6207
114.88.170.9 - - [03/Jun/2020:09:02:31 +0800] "GET /xingrg/kc/buy/cgsh_order_operate.html?command=get_materiel&rest_code=00111&code=00101008318&supplier_code=00100005&order_time=2020-06-03 HTTP/1.1" 200 408
114.88.170.9 - - [03/Jun/2020:09:02:33 +0800] "POST /xingrg/kc/buy/cgsh_order_operate.html HTTP/1.1" 200 2065
58.221.95.50 - - [03/Jun/2020:09:02:37 +0800] "GET /xingrg/all/function/internal_message.html?_=1591146207493&CODE_STATE=getMsg HTTP/1.1" 302 -
116.230.77.149 - - [03/Jun/2020:09:02:38 +0800] "GET /xingrg/kc/buy/cgsh_order_add.html HTTP/1.1" 200 58781
120.253.135.82 - - [03/Jun/2020:09:02:38 +0800] "GET /xingrg/all/function/internal_message.html?_=1591145913474&CODE_STATE=getMsg HTTP/1.1" 200 27
116.230.77.149 - - [03/Jun/2020:09:02:38 +0800] "POST /xingrg/kc/buy/cgsh_order_operate.html HTTP/1.1" 200 8245
116.230.77.149 - - [03/Jun/2020:09:02:39 +0800] "GET /xingrg/javascript/easyui/themes/default/validatebox.css HTTP/1.1" 404 1104
58.40.7.146 - - [03/Jun/2020:09:02:39 +0800] "GET /xingrg/all/function/internal_message.html?_=1591146158506&CODE_STATE=getMsg HTTP/1.1" 200 27
180.162.232.172 - - [03/Jun/2020:09:02:40 +0800] "GET /xingrg/check_reg.html?_=1591146158889 HTTP/1.1" 200 22
180.162.232.172 - - [03/Jun/2020:09:02:40 +0800] "GET /xingrg/all/function/internal_message.html?_=1591146158893&CODE_STATE=getMsg HTTP/1.1" 200 27
114.88.170.9 - - [03/Jun/2020:09:02:41 +0800] "GET /xingrg/kc/buy/cgsh_order_operate.html?command=get_materiel&rest_code=00111&code=00101008352&supplier_code=00100005&order_time=2020-06-03 HTTP/1.1" 200 412
116.230.77.149 - - [03/Jun/2020:09:02:41 +0800] "GET /xingrg/javascript/easyui/themes/default/tree.css HTTP/1.1" 404 1090
116.230.77.149 - - [03/Jun/2020:09:02:41 +0800] "POST /xingrg/all/common/load_tree.html?tree=supplier_tree_json&isDelete=1 HTTP/1.1" 200 48460
172.17.0.240 - - [03/Jun/2020:09:02:42 +0800] "GET /xingrg/check_reg.html?_=1591146161903 HTTP/1.1" 200 22
172.17.0.240 - - [03/Jun/2020:09:02:43 +0800] "GET /xingrg/all/function/internal_message.html?_=1591146162738&CODE_STATE=getMsg HTTP/1.1" 200 27
116.230.77.149 - - [03/Jun/2020:09:02:49 +0800] "GET /xingrg/all/function/internal_message.html?_=1591146170108&CODE_STATE=getMsg HTTP/1.1" 200 27
114.88.170.9 - - [03/Jun/2020:09:02:49 +0800] "GET /xingrg/kc/buy/cgsh_order_operate.html?command=get_materiel&rest_code=00111&code=00101008271&supplier_code=00100005&order_time=2020-06-03 HTTP/1.1" 200 408
120.253.135.82 - - [03/Jun/2020:09:02:51 +0800] "GET /xingrg/all/function/internal_message.html?_=1591146304689&CODE_STATE=getMsg HTTP/1.1" 200 27
172.17.0.100 - - [03/Jun/2020:09:02:51 +0800] "GET /xingrg/login.html HTTP/1.1" 200 7636
172.17.0.100 - - [03/Jun/2020:09:02:53 +0800] "GET /favicon.ico HTTP/1.1" 404 -
114.88.170.9 - - [03/Jun/2020:09:02:57 +0800] "GET /xingrg/kc/buy/cgsh_order_operate.html?command=get_materiel&rest_code=00111&code=00101008101&supplier_code=00100005&order_time=2020-06-03 HTTP/1.1" 200 412
61.172.5.115 - - [03/Jun/2020:09:02:59 +0800] "GET /xingrg/all/function/internal_message.html?_=1591146179571&CODE_STATE=getMsg HTTP/1.1" 302 -
117.131.5.26 - - [03/Jun/2020:09:03:02 +0800] "GET /xingrg/all/function/internal_message.html?_=1591146185351&CODE_STATE=getMsg HTTP/1.1" 302 -
116.230.77.149 - - [03/Jun/2020:09:03:02 +0800] "GET /xingrg/kc/buy/cgsh_order_operate.html?command=get_materiel&rest_code=00107&code=00101008351&supplier_code=00100006&order_time=2020-06-03 HTTP/1.1" 200 408
114.88.170.9 - - [03/Jun/2020:09:03:03 +0800] "GET /xingrg/all/function/internal_message.html?_=1591146180044&CODE_STATE=getMsg HTTP/1.1" 200 27
222.69.136.136 - - [03/Jun/2020:09:03:05 +0800] "GET /xingrg/all/function/internal_message.html?_=1591146181182&CODE_STATE=getMsg HTTP/1.1" 200 27
222.69.136.136 - - [03/Jun/2020:09:03:05 +0800] "GET /xingrg/check_reg.html?_=1591146181186 HTTP/1.1" 200 22
114.88.170.9 - - [03/Jun/2020:09:03:06 +0800] "GET /xingrg/kc/buy/cgsh_order_operate.html?command=get_materiel&rest_code=00111&code=00101009030&supplier_code=00100005&order_time=2020-06-03 HTTP/1.1" 200 412
114.86.227.86 - - [03/Jun/2020:09:03:18 +0800] "GET /xingrg/all/function/internal_message.html?_=1591146324531&CODE_STATE=getMsg HTTP/1.1" 200 27
117.184.7.30 - - [03/Jun/2020:09:03:18 +0800] "GET /xingrg/all/function/internal_message.html?_=1591146195145&CODE_STATE=getMsg HTTP/1.1" 200 27
114.88.170.9 - - [03/Jun/2020:09:03:22 +0800] "GET /xingrg/kc/buy/cgsh_order_operate.html?command=get_materiel&rest_code=00111&code=00101008371&supplier_code=00100005&order_time=2020-06-03 HTTP/1.1" 200 412
114.88.170.9 - - [03/Jun/2020:09:03:23 +0800] "POST /xingrg/kc/buy/cgsh_order_operate.html HTTP/1.1" 200 2065
116.230.77.149 - - [03/Jun/2020:09:03:26 +0800] "GET /xingrg/kc/buy/cgsh_order_operate.html?command=get_materiel&rest_code=00107&code=00101008119&supplier_code=00100006&order_time=2020-06-03 HTTP/1.1" 200 412
172.17.0.185 - - [03/Jun/2020:09:03:27 +0800] "GET /xingrg/all/function/internal_message.html?_=1591146206798&CODE_STATE=getMsg HTTP/1.1" 200 27
114.84.33.255 - - [03/Jun/2020:09:03:27 +0800] "GET /xingrg/all/function/internal_message.html?_=1591146217255&CODE_STATE=getMsg HTTP/1.1" 200 27
114.86.190.97 - - [03/Jun/2020:09:03:29 +0800] "GET /xingrg/all/function/internal_message.html?_=1591146211987&CODE_STATE=getMsg HTTP/1.1" 200 27
114.88.170.9 - - [03/Jun/2020:09:03:32 +0800] "GET /xingrg/kc/buy/cgsh_order_operate.html?command=get_materiel&rest_code=00111&code=00101008091&supplier_code=00100005&order_time=2020-06-03 HTTP/1.1" 200 412
58.221.95.50 - - [03/Jun/2020:09:03:37 +0800] "GET /xingrg/all/function/internal_message.html?_=1591146267492&CODE_STATE=getMsg HTTP/1.1" 302 -
180.162.232.172 - - [03/Jun/2020:09:03:37 +0800] "GET /xingrg/kc/buy/cgsh_order_add.html HTTP/1.1" 200 58376
180.162.232.172 - - [03/Jun/2020:09:03:37 +0800] "POST /xingrg/kc/buy/cgsh_order_operate.html HTTP/1.1" 200 8245
116.230.77.149 - - [03/Jun/2020:09:03:37 +0800] "GET /xingrg/kc/buy/cgsh_order_operate.html?command=get_materiel&rest_code=00107&code=00101008004&supplier_code=00100006&order_time=2020-06-03 HTTP/1.1" 200 416
180.162.232.172 - - [03/Jun/2020:09:03:37 +0800] "GET /xingrg/javascript/easyui/themes/default/validatebox.css HTTP/1.1" 404 1104
120.253.135.82 - - [03/Jun/2020:09:03:38 +0800] "GET /xingrg/check_reg.html?_=1591146351364 HTTP/1.1" 200 22
120.253.135.82 - - [03/Jun/2020:09:03:38 +0800] "GET /xingrg/all/function/internal_message.html?_=1591145973520&CODE_STATE=getMsg HTTP/1.1" 200 27
180.162.232.172 - - [03/Jun/2020:09:03:39 +0800] "GET /xingrg/javascript/auto/indicator.gif HTTP/1.1" 404 1066
58.40.7.146 - - [03/Jun/2020:09:03:39 +0800] "GET /xingrg/all/function/internal_message.html?_=1591146218506&CODE_STATE=getMsg HTTP/1.1" 200 27
180.162.232.172 - - [03/Jun/2020:09:03:40 +0800] "GET /xingrg/all/function/internal_message.html?_=1591146218896&CODE_STATE=getMsg HTTP/1.1" 200 27
172.17.0.240 - - [03/Jun/2020:09:03:43 +0800] "GET /xingrg/all/function/internal_message.html?_=1591146222713&CODE_STATE=getMsg HTTP/1.1" 200 27
116.230.77.149 - - [03/Jun/2020:09:03:49 +0800] "GET /xingrg/all/function/internal_message.html?_=1591146230110&CODE_STATE=getMsg HTTP/1.1" 200 27
120.253.135.82 - - [03/Jun/2020:09:03:51 +0800] "GET /xingrg/all/function/internal_message.html?_=1591146364703&CODE_STATE=getMsg HTTP/1.1" 200 27
180.162.232.172 - - [03/Jun/2020:09:03:52 +0800] "GET /xingrg/kc/buy/cgsh_order_operate.html?command=get_materiel&rest_code=00151&code=00101008323&supplier_code=00100007&order_time=2020-06-03 HTTP/1.1" 200 428
117.131.5.26 - - [03/Jun/2020:09:03:56 +0800] "GET /xingrg/check_reg.html?_=1591146239054 HTTP/1.1" 302 -
61.172.5.115 - - [03/Jun/2020:09:03:59 +0800] "GET /xingrg/all/function/internal_message.html?_=1591146239554&CODE_STATE=getMsg HTTP/1.1" 302 -
114.88.170.9 - - [03/Jun/2020:09:03:59 +0800] "GET /xingrg/kc/buy/cgsh_order_operate.html?command=get_materiel&rest_code=00111&code=00101008257&supplier_code=00100005&order_time=2020-06-03 HTTP/1.1" 200 416
180.162.232.172 - - [03/Jun/2020:09:04:00 +0800] "GET /xingrg/kc/buy/cgsh_order_operate.html?command=get_materiel&rest_code=00151&code=00101008300&supplier_code=00100007&order_time=2020-06-03 HTTP/1.1" 200 412
117.131.5.26 - - [03/Jun/2020:09:04:02 +0800] "GET /xingrg/all/function/internal_message.html?_=1591146245351&CODE_STATE=getMsg HTTP/1.1" 302 -
114.88.170.9 - - [03/Jun/2020:09:04:03 +0800] "GET /xingrg/all/function/internal_message.html?_=1591146240138&CODE_STATE=getMsg HTTP/1.1" 200 27
222.69.136.136 - - [03/Jun/2020:09:04:05 +0800] "GET /xingrg/kc/buy/cgsh_order_operate.html?command=get_materiel&rest_code=00149&code=00102002453&supplier_code=00100072&order_time=2020-06-03 HTTP/1.1" 200 433
222.69.136.136 - - [03/Jun/2020:09:04:05 +0800] "GET /xingrg/all/function/internal_message.html?_=1591146241190&CODE_STATE=getMsg HTTP/1.1" 200 27
180.162.232.172 - - [03/Jun/2020:09:04:05 +0800] "GET /xingrg/kc/buy/cgsh_order_operate.html?command=get_materiel&rest_code=00151&code=00101008312&supplier_code=00100007&order_time=2020-06-03 HTTP/1.1" 200 412
114.88.170.9 - - [03/Jun/2020:09:04:06 +0800] "GET /xingrg/kc/buy/cgsh_order_operate.html?command=get_materiel&rest_code=00111&code=00101008003&supplier_code=00100005&order_time=2020-06-03 HTTP/1.1" 200 408
116.230.77.149 - - [03/Jun/2020:09:04:07 +0800] "GET /xingrg/kc/buy/cgsh_order_operate.html?command=get_materiel&rest_code=00107&code=00101008270&supplier_code=00100006&order_time=2020-06-03 HTTP/1.1" 200 412
180.162.232.172 - - [03/Jun/2020:09:04:11 +0800] "GET /xingrg/kc/buy/cgsh_order_operate.html?command=get_materiel&rest_code=00151&code=00101008354&supplier_code=00100007&order_time=2020-06-03 HTTP/1.1" 200 412
114.86.227.86 - - [03/Jun/2020:09:04:17 +0800] "GET /xingrg/all/function/internal_message.html?_=1591146384531&CODE_STATE=getMsg HTTP/1.1" 200 27
180.162.232.172 - - [03/Jun/2020:09:04:18 +0800] "GET /xingrg/kc/buy/cgsh_order_operate.html?command=get_materiel&rest_code=00151&code=00101008098&supplier_code=00100007&order_time=2020-06-03 HTTP/1.1" 200 412
117.184.7.30 - - [03/Jun/2020:09:04:18 +0800] "GET /xingrg/all/function/internal_message.html?_=1591146255145&CODE_STATE=getMsg HTTP/1.1" 200 27
114.88.170.9 - - [03/Jun/2020:09:04:20 +0800] "GET /xingrg/kc/buy/cgsh_order_operate.html?command=get_materiel&rest_code=00111&code=00101008295&supplier_code=00100005&order_time=2020-06-03 HTTP/1.1" 200 412
114.88.170.9 - - [03/Jun/2020:09:04:21 +0800] "POST /xingrg/kc/buy/cgsh_order_operate.html HTTP/1.1" 200 2065
222.69.136.136 - - [03/Jun/2020:09:04:22 +0800] "POST /xingrg/kc/buy/cgsh_order_operate.html HTTP/1.1" 200 37
116.230.77.149 - - [03/Jun/2020:09:04:22 +0800] "GET /xingrg/kc/buy/cgsh_order_operate.html?command=get_materiel&rest_code=00107&code=00101008357&supplier_code=00100006&order_time=2020-06-03 HTTP/1.1" 200 408
114.88.170.9 - - [03/Jun/2020:09:04:25 +0800] "GET /xingrg/kc/buy/cgsh_order_operate.html?command=get_materiel&rest_code=00111&code=00101008275&supplier_code=00100005&order_time=2020-06-03 HTTP/1.1" 200 417
222.69.136.136 - - [03/Jun/2020:09:04:25 +0800] "POST /xingrg/kc/buy/cgsh_order_operate.html HTTP/1.1" 200 12
172.17.0.185 - - [03/Jun/2020:09:04:27 +0800] "GET /xingrg/all/function/internal_message.html?_=1591146266803&CODE_STATE=getMsg HTTP/1.1" 200 27
114.84.33.255 - - [03/Jun/2020:09:04:27 +0800] "GET /xingrg/all/function/internal_message.html?_=1591146277257&CODE_STATE=getMsg HTTP/1.1" 200 27
180.162.232.172 - - [03/Jun/2020:09:04:28 +0800] "GET /xingrg/kc/buy/cgsh_order_operate.html?command=get_materiel&rest_code=00151&code=00101008440&supplier_code=00100007&order_time=2020-06-03 HTTP/1.1" 200 398
114.86.190.97 - - [03/Jun/2020:09:04:29 +0800] "GET /xingrg/all/function/internal_message.html?_=1591146271959&CODE_STATE=getMsg HTTP/1.1" 200 27
222.69.136.136 - - [03/Jun/2020:09:04:30 +0800] "GET /xingrg/kc/buy/cgsh_order_info.html?code=212020060300765 HTTP/1.1" 200 53692
222.69.136.136 - - [03/Jun/2020:09:04:30 +0800] "GET /xingrg/javascript/easyui/themes/default/validatebox.css HTTP/1.1" 404 1104
222.69.136.136 - - [03/Jun/2020:09:04:30 +0800] "POST /xingrg/kc/buy/cgsh_order_operate.html HTTP/1.1" 200 611
116.230.77.149 - - [03/Jun/2020:09:04:32 +0800] "GET /xingrg/kc/buy/cgsh_order_operate.html?command=get_materiel&rest_code=00107&code=00101008286&supplier_code=00100006&order_time=2020-06-03 HTTP/1.1" 200 408
222.69.136.136 - - [03/Jun/2020:09:04:33 +0800] "GET /xingrg/kc/print/load_data.html?order_code=212020060300765&kc_code=cgsh&condition= HTTP/1.1" 200 718
120.253.135.82 - - [03/Jun/2020:09:04:34 +0800] "GET /xingrg/check_reg.html?_=1591146028898 HTTP/1.1" 200 22
180.162.232.172 - - [03/Jun/2020:09:04:34 +0800] "GET /xingrg/kc/buy/cgsh_order_operate.html?command=get_materiel&rest_code=00151&code=00101008111&supplier_code=00100007&order_time=2020-06-03 HTTP/1.1" 200 412
58.221.95.50 - - [03/Jun/2020:09:04:37 +0800] "GET /xingrg/all/function/internal_message.html?_=1591146327493&CODE_STATE=getMsg HTTP/1.1" 302 -
120.253.135.82 - - [03/Jun/2020:09:04:38 +0800] "GET /xingrg/all/function/internal_message.html?_=1591146033533&CODE_STATE=getMsg HTTP/1.1" 200 27
114.88.170.9 - - [03/Jun/2020:09:04:39 +0800] "GET /xingrg/kc/buy/cgsh_order_operate.html?command=get_materiel&rest_code=00111&code=00101008010&supplier_code=00100005&order_time=2020-06-03 HTTP/1.1" 200 412
