180.175.212.199 - - [03/Jun/2020:09:31:20 +0800] "GET /xingrg/javascript/easyui/plugins/jquery.numberbox.js HTTP/1.1" 304 -
180.162.232.172 - - [03/Jun/2020:09:31:20 +0800] "GET /xingrg/all/function/internal_message.html?_=1591147879139&CODE_STATE=getMsg HTTP/1.1" 200 27
222.69.136.136 - - [03/Jun/2020:09:31:20 +0800] "GET /xingrg/all/function/internal_message.html?_=1591147862037&CODE_STATE=getMsg HTTP/1.1" 200 27
180.175.212.199 - - [03/Jun/2020:09:31:20 +0800] "GET /xingrg/css/images/panel_loading.gif HTTP/1.1" 304 -
180.175.212.199 - - [03/Jun/2020:09:31:21 +0800] "POST /xingrg/all/common/load_combo.html?type=base HTTP/1.1" 200 2966
180.162.232.172 - - [03/Jun/2020:09:31:21 +0800] "GET /xingrg/kc/buy/cgsh_order_add.html HTTP/1.1" 200 58670
180.162.232.172 - - [03/Jun/2020:09:31:21 +0800] "POST /xingrg/kc/buy/cgsh_order_operate.html HTTP/1.1" 200 8245
180.162.232.172 - - [03/Jun/2020:09:31:21 +0800] "GET /xingrg/javascript/easyui/themes/default/validatebox.css HTTP/1.1" 404 1104
114.88.170.9 - - [03/Jun/2020:09:31:24 +0800] "GET /xingrg/kc/buy/cgsh_order_list.html HTTP/1.1" 200 42996
114.88.170.9 - - [03/Jun/2020:09:31:27 +0800] "POST /xingrg/kc/buy/cgsh_list_operate.html HTTP/1.1" 200 2412
172.17.0.185 - - [03/Jun/2020:09:31:27 +0800] "GET /xingrg/all/function/internal_message.html?_=1591147886807&CODE_STATE=getMsg HTTP/1.1" 200 27
114.84.33.255 - - [03/Jun/2020:09:31:28 +0800] "GET /xingrg/all/function/internal_message.html?_=1591147898359&CODE_STATE=getMsg HTTP/1.1" 200 27
114.86.190.97 - - [03/Jun/2020:09:31:29 +0800] "GET /xingrg/all/function/internal_message.html?_=1591147891887&CODE_STATE=getMsg HTTP/1.1" 200 27
180.175.212.199 - - [03/Jun/2020:09:31:29 +0800] "GET /xingrg/javascript/auto/indicator.gif HTTP/1.1" 404 1066
114.86.227.86 - - [03/Jun/2020:09:31:30 +0800] "GET /xingrg/all/function/internal_message.html?_=1591148064640&CODE_STATE=getMsg HTTP/1.1" 200 27
114.88.170.9 - - [03/Jun/2020:09:31:31 +0800] "POST /xingrg/kc/buy/cgsh_list_operate.html HTTP/1.1" 200 2412
114.88.170.9 - - [03/Jun/2020:09:31:33 +0800] "GET /xingrg/javascript/jquery_tools/images/prev.gif HTTP/1.1" 404 1086
114.88.170.9 - - [03/Jun/2020:09:31:33 +0800] "GET /xingrg/javascript/jquery_tools/images/next.gif HTTP/1.1" 404 1086
61.172.5.115 - - [03/Jun/2020:09:31:33 +0800] "GET /xingrg/check_reg.html?_=1591147893768 HTTP/1.1" 302 -
180.162.232.172 - - [03/Jun/2020:09:31:33 +0800] "GET /xingrg/kc/buy/cgsh_order_operate.html?command=get_materiel&rest_code=00150&code=00101012029&supplier_code=00100036&order_time=2020-06-03 HTTP/1.1" 200 412
114.88.170.9 - - [03/Jun/2020:09:31:34 +0800] "POST /xingrg/kc/buy/cgsh_list_operate.html HTTP/1.1" 200 567
114.88.170.9 - - [03/Jun/2020:09:31:36 +0800] "GET /xingrg/kc/buy/cgsh_order_info.html?code=212020060300767 HTTP/1.1" 200 58743
114.88.170.9 - - [03/Jun/2020:09:31:36 +0800] "GET /xingrg/all/common/auto_word.html?type=employee&rest_code=00111 HTTP/1.1" 200 205
114.88.170.9 - - [03/Jun/2020:09:31:36 +0800] "GET /xingrg/all/common/auto_word.html?type=employee&rest_code=00111 HTTP/1.1" 200 205
114.88.170.9 - - [03/Jun/2020:09:31:36 +0800] "GET /xingrg/javascript/easyui/themes/default/validatebox.css HTTP/1.1" 404 1104
114.88.170.9 - - [03/Jun/2020:09:31:37 +0800] "POST /xingrg/kc/buy/cgsh_order_operate.html HTTP/1.1" 200 28692
58.221.95.50 - - [03/Jun/2020:09:31:37 +0800] "GET /xingrg/check_reg.html?_=1591147947525 HTTP/1.1" 302 -
58.221.95.50 - - [03/Jun/2020:09:31:37 +0800] "GET /xingrg/all/function/internal_message.html?_=1591147947523&CODE_STATE=getMsg HTTP/1.1" 302 -
180.175.212.199 - - [03/Jun/2020:09:31:38 +0800] "GET /xingrg/kc/base/wldb_order_operate.html?command=get_materiel&rest_code=00102&base_code=0010493&code=00101026025 HTTP/1.1" 200 488
58.40.7.146 - - [03/Jun/2020:09:31:39 +0800] "GET /xingrg/all/function/internal_message.html?_=1591147898516&CODE_STATE=getMsg HTTP/1.1" 200 27
58.40.7.146 - - [03/Jun/2020:09:31:39 +0800] "GET /xingrg/check_reg.html?_=1591147898518 HTTP/1.1" 200 22
120.253.135.82 - - [03/Jun/2020:09:31:39 +0800] "GET /xingrg/all/function/internal_message.html?_=1591147654105&CODE_STATE=getMsg HTTP/1.1" 200 27
172.17.0.240 - - [03/Jun/2020:09:31:43 +0800] "GET /xingrg/all/function/internal_message.html?_=1591147902054&CODE_STATE=getMsg HTTP/1.1" 200 27
116.230.77.149 - - [03/Jun/2020:09:31:49 +0800] "GET /xingrg/all/function/internal_message.html?_=1591147910325&CODE_STATE=getMsg HTTP/1.1" 200 27
120.253.135.82 - - [03/Jun/2020:09:31:52 +0800] "GET /xingrg/all/function/internal_message.html?_=1591148045113&CODE_STATE=getMsg HTTP/1.1" 200 27
172.17.0.113 - - [03/Jun/2020:09:31:55 +0800] "GET /favicon.ico HTTP/1.1" 404 -
114.88.170.9 - - [03/Jun/2020:09:31:55 +0800] "GET /xingrg/javascript/auto/indicator.gif HTTP/1.1" 404 1066
180.162.232.172 - - [03/Jun/2020:09:31:55 +0800] "GET /xingrg/check_reg.html?_=1591148050408 HTTP/1.1" 200 22
180.162.232.172 - - [03/Jun/2020:09:31:55 +0800] "GET /xingrg/all/function/internal_message.html?_=1591148050496&CODE_STATE=getMsg HTTP/1.1" 200 27
172.17.0.120 - - [03/Jun/2020:09:31:56 +0800] "GET /xingrg/all/function/internal_message.html?_=1591147914576&CODE_STATE=getMsg HTTP/1.1" 200 27
117.131.5.26 - - [03/Jun/2020:09:31:57 +0800] "POST /xingrg/dwr/call/plaincall/AjaxCheckService.setItemNumber.dwr HTTP/1.1" 200 77
61.172.5.115 - - [03/Jun/2020:09:31:58 +0800] "GET /xingrg/all/function/internal_message.html?_=1591147918908&CODE_STATE=getMsg HTTP/1.1" 302 -
180.175.212.199 - - [03/Jun/2020:09:31:58 +0800] "GET /xingrg/kc/base/wldb_order_operate.html?command=get_materiel&rest_code=00102&base_code=0010493&code=00101026024 HTTP/1.1" 200 478
172.17.0.100 - - [03/Jun/2020:09:31:59 +0800] "GET /xingrg/all/function/internal_message.html?_=1591147919055&CODE_STATE=getMsg HTTP/1.1" 200 27
114.88.170.9 - - [03/Jun/2020:09:31:59 +0800] "POST /xingrg/kc/buy/cgsh_order_operate.html HTTP/1.1" 200 37
117.131.5.26 - - [03/Jun/2020:09:32:00 +0800] "GET /xingrg/all/function/internal_message.html?_=1591148283706&CODE_STATE=getMsg HTTP/1.1" 200 27
114.88.170.9 - - [03/Jun/2020:09:32:00 +0800] "POST /xingrg/kc/buy/cgsh_order_operate.html HTTP/1.1" 200 28692
172.17.0.123 - - [03/Jun/2020:09:32:01 +0800] "GET /xingrg/all/function/internal_message.html?_=1591147902296&CODE_STATE=getMsg HTTP/1.1" 200 27
117.131.5.26 - - [03/Jun/2020:09:32:02 +0800] "GET /xingrg/all/function/internal_message.html?_=1591147925539&CODE_STATE=getMsg HTTP/1.1" 302 -
222.69.136.136 - - [03/Jun/2020:09:32:05 +0800] "GET /xingrg/all/function/internal_message.html?_=1591147921220&CODE_STATE=getMsg HTTP/1.1" 200 27
172.17.0.113 - - [03/Jun/2020:09:32:05 +0800] "GET /xingrg/check_reg.html?_=1591147925635 HTTP/1.1" 200 22
172.17.0.113 - - [03/Jun/2020:09:32:05 +0800] "GET /xingrg/all/function/internal_message.html?_=1591147925632&CODE_STATE=getMsg HTTP/1.1" 200 27
180.175.212.199 - - [03/Jun/2020:09:32:06 +0800] "GET /xingrg/check_reg.html?_=1591148129800 HTTP/1.1" 200 22
180.175.212.199 - - [03/Jun/2020:09:32:06 +0800] "GET /xingrg/all/function/internal_message.html?_=1591148129858&CODE_STATE=getMsg HTTP/1.1" 200 27
117.131.5.26 - - [03/Jun/2020:09:32:08 +0800] "POST /xingrg/dwr/call/plaincall/AjaxCheckService.setItemNumber.dwr HTTP/1.1" 200 77
114.88.170.9 - - [03/Jun/2020:09:32:10 +0800] "GET /xingrg/all/function/internal_message.html?_=1591147927341&CODE_STATE=getMsg HTTP/1.1" 200 27
180.175.212.199 - - [03/Jun/2020:09:32:11 +0800] "GET /xingrg/kc/base/wldb_order_operate.html?command=get_materiel&rest_code=00102&base_code=0010493&code=00101026026 HTTP/1.1" 200 484
117.131.5.26 - - [03/Jun/2020:09:32:18 +0800] "POST /xingrg/dwr/call/plaincall/AjaxCheckService.setItemNumber.dwr HTTP/1.1" 200 77
117.184.7.26 - - [03/Jun/2020:09:32:18 +0800] "GET /xingrg/all/function/internal_message.html?_=1591147935214&CODE_STATE=getMsg HTTP/1.1" 200 27
180.162.232.172 - - [03/Jun/2020:09:32:20 +0800] "GET /xingrg/all/function/internal_message.html?_=1591147939132&CODE_STATE=getMsg HTTP/1.1" 200 27
222.69.136.136 - - [03/Jun/2020:09:32:20 +0800] "GET /xingrg/all/function/internal_message.html?_=1591147922033&CODE_STATE=getMsg HTTP/1.1" 200 27
117.131.5.26 - - [03/Jun/2020:09:32:22 +0800] "POST /xingrg/dwr/call/plaincall/AjaxCheckService.setItemNumber.dwr HTTP/1.1" 200 77
180.162.232.172 - - [03/Jun/2020:09:32:22 +0800] "POST /xingrg/kc/buy/cgsh_order_operate.html HTTP/1.1" 200 37
114.88.170.9 - - [03/Jun/2020:09:32:23 +0800] "POST /xingrg/kc/buy/cgsh_order_operate.html HTTP/1.1" 200 37
114.88.170.9 - - [03/Jun/2020:09:32:24 +0800] "POST /xingrg/kc/buy/cgsh_order_operate.html HTTP/1.1" 200 28692
180.162.232.172 - - [03/Jun/2020:09:32:24 +0800] "POST /xingrg/kc/buy/cgsh_order_operate.html HTTP/1.1" 200 12
180.162.232.172 - - [03/Jun/2020:09:32:25 +0800] "GET /xingrg/kc/buy/cgsh_order_info.html?code=212020060300779 HTTP/1.1" 200 53579
180.162.232.172 - - [03/Jun/2020:09:32:25 +0800] "GET /xingrg/javascript/easyui/themes/default/validatebox.css HTTP/1.1" 404 1104
180.162.232.172 - - [03/Jun/2020:09:32:25 +0800] "POST /xingrg/kc/buy/cgsh_order_operate.html HTTP/1.1" 200 605
114.88.170.9 - - [03/Jun/2020:09:32:26 +0800] "GET /xingrg/kc/print/load_config.html?kc_code=cgsh HTTP/1.1" 200 1845
114.88.170.9 - - [03/Jun/2020:09:32:26 +0800] "GET /xingrg/kc/print/load_data.html?order_code=212020060300767&kc_code=cgsh&condition= HTTP/1.1" 200 10559
180.162.232.172 - - [03/Jun/2020:09:32:27 +0800] "GET /xingrg/kc/print/load_data.html?order_code=212020060300779&kc_code=cgsh&condition= HTTP/1.1" 200 800
172.17.0.185 - - [03/Jun/2020:09:32:27 +0800] "GET /xingrg/check_reg.html?_=1591147946804 HTTP/1.1" 200 22
172.17.0.185 - - [03/Jun/2020:09:32:27 +0800] "GET /xingrg/all/function/internal_message.html?_=1591147946832&CODE_STATE=getMsg HTTP/1.1" 200 27
117.131.5.26 - - [03/Jun/2020:09:32:28 +0800] "POST /xingrg/dwr/call/plaincall/AjaxCheckService.setItemNumber.dwr HTTP/1.1" 200 77
114.84.33.255 - - [03/Jun/2020:09:32:28 +0800] "GET /xingrg/all/function/internal_message.html?_=1591147958372&CODE_STATE=getMsg HTTP/1.1" 200 27
114.86.227.86 - - [03/Jun/2020:09:32:29 +0800] "GET /xingrg/all/function/internal_message.html?_=1591148124640&CODE_STATE=getMsg HTTP/1.1" 200 27
114.86.190.97 - - [03/Jun/2020:09:32:29 +0800] "GET /xingrg/all/function/internal_message.html?_=1591147951873&CODE_STATE=getMsg HTTP/1.1" 200 27
117.131.5.26 - - [03/Jun/2020:09:32:30 +0800] "POST /xingrg/dwr/call/plaincall/AjaxCheckService.setItemNumber.dwr HTTP/1.1" 200 77
117.131.5.26 - - [03/Jun/2020:09:32:30 +0800] "POST /xingrg/dwr/call/plaincall/AjaxCheckService.setItemNumber.dwr HTTP/1.1" 200 77
180.175.212.199 - - [03/Jun/2020:09:32:34 +0800] "GET /xingrg/kc/base/wldb_order_operate.html?command=get_materiel&rest_code=00102&base_code=0010493&code=00101025041 HTTP/1.1" 200 455
58.221.95.50 - - [03/Jun/2020:09:32:37 +0800] "GET /xingrg/all/function/internal_message.html?_=1591148007524&CODE_STATE=getMsg HTTP/1.1" 302 -
180.162.232.172 - - [03/Jun/2020:09:32:38 +0800] "GET /xingrg/kc/buy/cgsh_order_add.html HTTP/1.1" 200 58670
116.230.77.149 - - [03/Jun/2020:09:32:38 +0800] "POST /xingrg/kc/buy/cgsh_list_operate.html HTTP/1.1" 200 5257
180.162.232.172 - - [03/Jun/2020:09:32:38 +0800] "POST /xingrg/kc/buy/cgsh_order_operate.html HTTP/1.1" 200 8245
180.162.232.172 - - [03/Jun/2020:09:32:39 +0800] "GET /xingrg/javascript/easyui/themes/default/validatebox.css HTTP/1.1" 404 1104
117.131.5.26 - - [03/Jun/2020:09:32:39 +0800] "POST /xingrg/dwr/call/plaincall/AjaxCheckService.setItemNumber.dwr HTTP/1.1" 200 77
58.40.7.146 - - [03/Jun/2020:09:32:39 +0800] "GET /xingrg/all/function/internal_message.html?_=1591147958519&CODE_STATE=getMsg HTTP/1.1" 200 27
120.253.135.82 - - [03/Jun/2020:09:32:39 +0800] "GET /xingrg/all/function/internal_message.html?_=1591147714116&CODE_STATE=getMsg HTTP/1.1" 200 27
117.131.5.26 - - [03/Jun/2020:09:32:42 +0800] "POST /xingrg/dwr/call/plaincall/AjaxCheckService.setItemNumber.dwr HTTP/1.1" 200 77
172.17.0.240 - - [03/Jun/2020:09:32:42 +0800] "GET /xingrg/check_reg.html?_=1591147961898 HTTP/1.1" 200 22
172.17.0.240 - - [03/Jun/2020:09:32:43 +0800] "GET /xingrg/all/function/internal_message.html?_=1591147962031&CODE_STATE=getMsg HTTP/1.1" 200 27
117.131.5.26 - - [03/Jun/2020:09:32:46 +0800] "POST /xingrg/dwr/call/plaincall/AjaxCheckService.setItemNumber.dwr HTTP/1.1" 200 77
180.162.232.172 - - [03/Jun/2020:09:32:47 +0800] "GET /xingrg/kc/buy/cgsh_order_operate.html?command=get_materiel&rest_code=00150&code=00101001084&supplier_code=00100040&order_time=2020-06-03 HTTP/1.1" 200 413
117.131.5.26 - - [03/Jun/2020:09:32:49 +0800] "POST /xingrg/dwr/call/plaincall/AjaxCheckService.setItemNumber.dwr HTTP/1.1" 200 77
116.230.77.149 - - [03/Jun/2020:09:32:49 +0800] "GET /xingrg/all/function/internal_message.html?_=1591147970303&CODE_STATE=getMsg HTTP/1.1" 200 27
120.253.135.82 - - [03/Jun/2020:09:32:52 +0800] "GET /xingrg/all/function/internal_message.html?_=1591148105139&CODE_STATE=getMsg HTTP/1.1" 200 27
117.131.5.26 - - [03/Jun/2020:09:32:53 +0800] "POST /xingrg/dwr/call/plaincall/AjaxCheckService.setItemNumber.dwr HTTP/1.1" 200 77
117.131.5.26 - - [03/Jun/2020:09:32:55 +0800] "POST /xingrg/dwr/call/plaincall/AjaxCheckService.setItemNumber.dwr HTTP/1.1" 200 77
172.17.0.120 - - [03/Jun/2020:09:32:56 +0800] "GET /xingrg/all/function/internal_message.html?_=1591147974573&CODE_STATE=getMsg HTTP/1.1" 200 27
172.17.0.120 - - [03/Jun/2020:09:32:56 +0800] "GET /xingrg/check_reg.html?_=1591147974584 HTTP/1.1" 200 22
180.162.232.172 - - [03/Jun/2020:09:32:57 +0800] "POST /xingrg/kc/buy/cgsh_order_operate.html HTTP/1.1" 200 37
61.172.5.115 - - [03/Jun/2020:09:32:58 +0800] "GET /xingrg/all/function/internal_message.html?_=1591147978877&CODE_STATE=getMsg HTTP/1.1" 302 -
180.162.232.172 - - [03/Jun/2020:09:32:58 +0800] "POST /xingrg/kc/buy/cgsh_order_operate.html HTTP/1.1" 200 12
172.17.0.100 - - [03/Jun/2020:09:32:59 +0800] "GET /xingrg/all/function/internal_message.html?_=1591147979058&CODE_STATE=getMsg HTTP/1.1" 200 27
180.162.232.172 - - [03/Jun/2020:09:32:59 +0800] "GET /xingrg/kc/buy/cgsh_order_info.html?code=212020060300780 HTTP/1.1" 200 53577
117.131.5.26 - - [03/Jun/2020:09:32:59 +0800] "POST /xingrg/dwr/call/plaincall/AjaxCheckService.setItemNumber.dwr HTTP/1.1" 200 77
180.162.232.172 - - [03/Jun/2020:09:32:59 +0800] "GET /xingrg/javascript/easyui/themes/default/validatebox.css HTTP/1.1" 404 1104
180.162.232.172 - - [03/Jun/2020:09:33:00 +0800] "POST /xingrg/kc/buy/cgsh_order_operate.html HTTP/1.1" 200 606
180.162.232.172 - - [03/Jun/2020:09:33:00 +0800] "GET /xingrg/all/function/internal_message.html?_=1591148115331&CODE_STATE=getMsg HTTP/1.1" 200 27
117.131.5.26 - - [03/Jun/2020:09:33:00 +0800] "GET /xingrg/all/function/internal_message.html?_=1591148343680&CODE_STATE=getMsg HTTP/1.1" 200 27
172.17.0.123 - - [03/Jun/2020:09:33:01 +0800] "GET /xingrg/all/function/internal_message.html?_=1591147962297&CODE_STATE=getMsg HTTP/1.1" 200 27
180.162.232.172 - - [03/Jun/2020:09:33:01 +0800] "GET /xingrg/kc/print/load_data.html?order_code=212020060300780&kc_code=cgsh&condition= HTTP/1.1" 200 804
117.131.5.26 - - [03/Jun/2020:09:33:02 +0800] "GET /xingrg/all/function/internal_message.html?_=1591147985539&CODE_STATE=getMsg HTTP/1.1" 302 -
117.131.5.26 - - [03/Jun/2020:09:33:03 +0800] "POST /xingrg/dwr/call/plaincall/AjaxCheckService.setItemNumber.dwr HTTP/1.1" 200 77
222.69.136.136 - - [03/Jun/2020:09:33:05 +0800] "GET /xingrg/all/function/internal_message.html?_=1591147981222&CODE_STATE=getMsg HTTP/1.1" 200 27
222.69.136.136 - - [03/Jun/2020:09:33:05 +0800] "GET /xingrg/check_reg.html?_=1591147981232 HTTP/1.1" 200 22
172.17.0.113 - - [03/Jun/2020:09:33:05 +0800] "GET /xingrg/all/function/internal_message.html?_=1591147985636&CODE_STATE=getMsg HTTP/1.1" 200 27
180.175.212.199 - - [03/Jun/2020:09:33:06 +0800] "GET /xingrg/all/function/internal_message.html?_=1591148189958&CODE_STATE=getMsg HTTP/1.1" 200 27
117.131.5.26 - - [03/Jun/2020:09:33:06 +0800] "POST /xingrg/dwr/call/plaincall/AjaxCheckService.setItemNumber.dwr HTTP/1.1" 200 77
117.131.5.26 - - [03/Jun/2020:09:33:09 +0800] "POST /xingrg/dwr/call/plaincall/AjaxCheckService.setItemNumber.dwr HTTP/1.1" 200 77
114.88.170.9 - - [03/Jun/2020:09:33:10 +0800] "GET /xingrg/all/function/internal_message.html?_=1591147987332&CODE_STATE=getMsg HTTP/1.1" 200 27
180.175.212.199 - - [03/Jun/2020:09:33:18 +0800] "GET /xingrg/kc/base/wlsy_order_list.html?syType=0 HTTP/1.1" 200 17375
180.175.212.199 - - [03/Jun/2020:09:33:18 +0800] "GET /xingrg/javascript/easyui/themes/icons/uncheck_new.png HTTP/1.1" 304 -
117.184.7.26 - - [03/Jun/2020:09:33:18 +0800] "GET /xingrg/all/function/internal_message.html?_=1591147995197&CODE_STATE=getMsg HTTP/1.1" 200 27
180.175.212.199 - - [03/Jun/2020:09:33:18 +0800] "POST /xingrg/kc/base/wlsy_list_operate.html?syType=0 HTTP/1.1" 200 862
180.162.232.172 - - [03/Jun/2020:09:33:20 +0800] "GET /xingrg/all/function/internal_message.html?_=1591147999126&CODE_STATE=getMsg HTTP/1.1" 200 27
222.69.136.136 - - [03/Jun/2020:09:33:20 +0800] "GET /xingrg/check_reg.html?_=1591147982040 HTTP/1.1" 200 22
222.69.136.136 - - [03/Jun/2020:09:33:20 +0800] "GET /xingrg/all/function/internal_message.html?_=1591147982042&CODE_STATE=getMsg HTTP/1.1" 200 27
180.175.212.199 - - [03/Jun/2020:09:33:22 +0800] "GET /xingrg/kc/base/wlsy_order_add.html?syType=0 HTTP/1.1" 200 28519
180.175.212.199 - - [03/Jun/2020:09:33:22 +0800] "POST /xingrg/kc/base/wlsy_order_operate.html HTTP/1.1" 200 6806
180.175.212.199 - - [03/Jun/2020:09:33:23 +0800] "GET /xingrg/javascript/easyui/themes/default/validatebox.css HTTP/1.1" 404 1104
180.175.212.199 - - [03/Jun/2020:09:33:24 +0800] "POST /xingrg/all/common/load_combo.html?type=base HTTP/1.1" 200 2966
114.86.227.86 - - [03/Jun/2020:09:33:27 +0800] "GET /xingrg/all/function/internal_message.html?_=1591148023546&CODE_STATE=getMsg HTTP/1.1" 200 27
172.17.0.185 - - [03/Jun/2020:09:33:27 +0800] "GET /xingrg/all/function/internal_message.html?_=1591148006810&CODE_STATE=getMsg HTTP/1.1" 200 27
114.84.33.255 - - [03/Jun/2020:09:33:29 +0800] "GET /xingrg/all/function/internal_message.html?_=1591148018538&CODE_STATE=getMsg HTTP/1.1" 200 27
114.86.190.97 - - [03/Jun/2020:09:33:29 +0800] "GET /xingrg/all/function/internal_message.html?_=1591148011853&CODE_STATE=getMsg HTTP/1.1" 200 27
58.221.95.50 - - [03/Jun/2020:09:33:37 +0800] "GET /xingrg/all/function/internal_message.html?_=1591148067514&CODE_STATE=getMsg HTTP/1.1" 302 -
120.253.135.82 - - [03/Jun/2020:09:33:38 +0800] "GET /xingrg/check_reg.html?_=1591148151403 HTTP/1.1" 200 22
58.40.7.146 - - [03/Jun/2020:09:33:39 +0800] "GET /xingrg/all/function/internal_message.html?_=1591148018525&CODE_STATE=getMsg HTTP/1.1" 200 27
120.253.135.82 - - [03/Jun/2020:09:33:39 +0800] "GET /xingrg/all/function/internal_message.html?_=1591147774156&CODE_STATE=getMsg HTTP/1.1" 200 27
172.17.0.240 - - [03/Jun/2020:09:33:43 +0800] "GET /xingrg/all/function/internal_message.html?_=1591148022007&CODE_STATE=getMsg HTTP/1.1" 200 27
116.230.77.149 - - [03/Jun/2020:09:33:49 +0800] "GET /xingrg/all/function/internal_message.html?_=1591148030298&CODE_STATE=getMsg HTTP/1.1" 200 27
120.253.135.82 - - [03/Jun/2020:09:33:52 +0800] "GET /xingrg/all/function/internal_message.html?_=1591148165145&CODE_STATE=getMsg HTTP/1.1" 200 27
172.17.0.100 - - [03/Jun/2020:09:33:52 +0800] "POST /xingrg/all/user/operate.html HTTP/1.1" 200 36
172.17.0.100 - - [03/Jun/2020:09:33:52 +0800] "GET /xingrg/index.html?sysBaseUrl=http%3A%2F%2F172.17.0.8%3A18081%2Fxingrg%2F&costTime=133×tamp=1591146350231 HTTP/1.1" 200 17454
172.17.0.100 - - [03/Jun/2020:09:33:52 +0800] "GET /xingrg/javascript/jquery_easy_ui/themes/default/easyui.css HTTP/1.1" 304 -
172.17.0.100 - - [03/Jun/2020:09:33:52 +0800] "GET /xingrg/javascript/jquery_easy_ui/themes/icon.css HTTP/1.1" 304 -
172.17.0.100 - - [03/Jun/2020:09:33:52 +0800] "GET /xingrg/css/form.css HTTP/1.1" 304 -
172.17.0.100 - - [03/Jun/2020:09:33:52 +0800] "GET /xingrg/javascript/jquery-1.4.2.min.js HTTP/1.1" 304 -
172.17.0.100 - - [03/Jun/2020:09:33:52 +0800] "GET /xingrg/javascript/jquery_easy_ui/jquery.easyui.min.js HTTP/1.1" 304 -
172.17.0.100 - - [03/Jun/2020:09:33:52 +0800] "GET /xingrg/javascript/jquery_easy_ui/easyui-lang-zh_CN.js HTTP/1.1" 304 -
172.17.0.100 - - [03/Jun/2020:09:33:52 +0800] "GET /xingrg/javascript/jquery.form.js HTTP/1.1" 304 -
172.17.0.100 - - [03/Jun/2020:09:33:52 +0800] "GET /xingrg/javascript/jquery.utils.js HTTP/1.1" 304 -
172.17.0.100 - - [03/Jun/2020:09:33:52 +0800] "GET /xingrg/javascript/jquery.timers.js HTTP/1.1" 304 -
172.17.0.100 - - [03/Jun/2020:09:33:52 +0800] "GET /xingrg/images/blue/jxLogo.png HTTP/1.1" 304 -
172.17.0.100 - - [03/Jun/2020:09:33:52 +0800] "GET /xingrg/images/blue/navBackgound.jpg HTTP/1.1" 304 -
172.17.0.100 - - [03/Jun/2020:09:33:52 +0800] "GET /xingrg/javascript/jquery_easy_ui/themes/icons/settle_new.png HTTP/1.1" 304 -
172.17.0.100 - - [03/Jun/2020:09:33:53 +0800] "POST /xingrg/all/common/load_tree.html?tree=area_rest_tree_json&manage=1 HTTP/1.1" 200 3088
172.17.0.100 - - [03/Jun/2020:09:33:53 +0800] "GET /xingrg/all/function/internal_message.html?_=1591148032763&CODE_STATE=count HTTP/1.1" 200 11
172.17.0.100 - - [03/Jun/2020:09:33:53 +0800] "GET /xingrg/check_reg.html?_=1591148032763 HTTP/1.1" 200 22
172.17.0.100 - - [03/Jun/2020:09:33:53 +0800] "GET /xingrg/images/blue/pingpu.png HTTP/1.1" 304 -
172.17.0.100 - - [03/Jun/2020:09:33:53 +0800] "GET /xingrg/javascript/jquery_easy_ui/themes/default/images/panel_tool_expand.gif HTTP/1.1" 304 -
172.17.0.100 - - [03/Jun/2020:09:33:53 +0800] "GET /xingrg/javascript/jquery_easy_ui/themes/default/images/tabs_leftarrow.png HTTP/1.1" 304 -
172.17.0.100 - - [03/Jun/2020:09:33:53 +0800] "GET /xingrg/javascript/jquery_easy_ui/themes/default/images/tabs_rightarrow.png HTTP/1.1" 304 -
172.17.0.100 - - [03/Jun/2020:09:33:53 +0800] "GET /xingrg/javascript/jquery_easy_ui/themes/default/images/panel_tool_collapse.gif HTTP/1.1" 304 -
172.17.0.100 - - [03/Jun/2020:09:33:53 +0800] "POST /xingrg/load_menu.html HTTP/1.1" 200 9924
172.17.0.100 - - [03/Jun/2020:09:33:54 +0800] "GET /xingrg/kc/report/report_main.html HTTP/1.1" 200 7325
117.131.5.26 - - [03/Jun/2020:09:33:56 +0800] "GET /xingrg/check_reg.html?_=1591148039148 HTTP/1.1" 302 -
172.17.0.120 - - [03/Jun/2020:09:33:56 +0800] "GET /xingrg/all/function/internal_message.html?_=1591148034578&CODE_STATE=getMsg HTTP/1.1" 200 27
172.17.0.100 - - [03/Jun/2020:09:33:56 +0800] "GET /xingrg/kc/base/kc_stocks.html HTTP/1.1" 200 16259
61.172.5.115 - - [03/Jun/2020:09:33:58 +0800] "GET /xingrg/all/function/internal_message.html?_=1591148038848&CODE_STATE=getMsg HTTP/1.1" 302 -
172.17.0.100 - - [03/Jun/2020:09:33:59 +0800] "GET /xingrg/javascript/easyui/themes/default/tree.css HTTP/1.1" 404 1090
172.17.0.100 - - [03/Jun/2020:09:34:00 +0800] "GET /xingrg/all/common/auto_word.html?type=base&rest_code=00146 HTTP/1.1" 200 1753
172.17.0.100 - - [03/Jun/2020:09:34:00 +0800] "POST /xingrg/all/common/load_tree.html?tree=materiel_sort_tree_json HTTP/1.1" 200 8666
180.162.232.172 - - [03/Jun/2020:09:34:00 +0800] "GET /xingrg/all/function/internal_message.html?_=1591148175344&CODE_STATE=getMsg HTTP/1.1" 200 27
117.131.5.26 - - [03/Jun/2020:09:34:00 +0800] "GET /xingrg/check_reg.html?_=1591148403641 HTTP/1.1" 200 22
117.131.5.26 - - [03/Jun/2020:09:34:00 +0800] "GET /xingrg/all/function/internal_message.html?_=1591148403658&CODE_STATE=getMsg HTTP/1.1" 200 27
172.17.0.123 - - [03/Jun/2020:09:34:01 +0800] "GET /xingrg/all/function/internal_message.html?_=1591148022302&CODE_STATE=getMsg HTTP/1.1" 200 27
117.131.5.26 - - [03/Jun/2020:09:34:02 +0800] "GET /xingrg/all/function/internal_message.html?_=1591148045539&CODE_STATE=getMsg HTTP/1.1" 302 -
222.69.136.136 - - [03/Jun/2020:09:34:05 +0800] "GET /xingrg/all/function/internal_message.html?_=1591148041229&CODE_STATE=getMsg HTTP/1.1" 200 27
172.17.0.113 - - [03/Jun/2020:09:34:05 +0800] "GET /xingrg/all/function/internal_message.html?_=1591148045652&CODE_STATE=getMsg HTTP/1.1" 200 27
180.175.212.199 - - [03/Jun/2020:09:34:06 +0800] "GET /xingrg/all/function/internal_message.html?_=1591148250025&CODE_STATE=getMsg HTTP/1.1" 200 27
172.17.0.100 - - [03/Jun/2020:09:34:08 +0800] "POST /xingrg/kc/base/stock_operate.html HTTP/1.1" 200 1728
114.88.170.9 - - [03/Jun/2020:09:34:10 +0800] "GET /xingrg/all/function/internal_message.html?_=1591148047327&CODE_STATE=getMsg HTTP/1.1" 200 27
172.17.0.100 - - [03/Jun/2020:09:34:10 +0800] "GET /xingrg/kc/base/stock_detail.html?m=00101034034 HTTP/1.1" 200 7268
180.162.232.172 - - [03/Jun/2020:09:34:12 +0800] "POST /xingrg/kc/buy/cgsh_order_operate.html HTTP/1.1" 200 37
180.175.212.199 - - [03/Jun/2020:09:34:12 +0800] "GET /xingrg/kc/base/wlsy_order_operate.html?command=get_materiel&rest_code=00102&base_code=0010493&code=00101026038 HTTP/1.1" 200 464
180.162.232.172 - - [03/Jun/2020:09:34:14 +0800] "POST /xingrg/kc/buy/cgsh_order_operate.html HTTP/1.1" 200 12
180.162.232.172 - - [03/Jun/2020:09:34:15 +0800] "GET /xingrg/kc/buy/cgsh_order_info.html?code=212020060300773 HTTP/1.1" 200 53561
180.162.232.172 - - [03/Jun/2020:09:34:16 +0800] "GET /xingrg/javascript/easyui/themes/default/validatebox.css HTTP/1.1" 404 1104
180.162.232.172 - - [03/Jun/2020:09:34:16 +0800] "POST /xingrg/kc/buy/cgsh_order_operate.html HTTP/1.1" 200 27249
117.184.7.26 - - [03/Jun/2020:09:34:18 +0800] "GET /xingrg/all/function/internal_message.html?_=1591148055187&CODE_STATE=getMsg HTTP/1.1" 200 27
180.162.232.172 - - [03/Jun/2020:09:34:19 +0800] "GET /xingrg/kc/print/load_data.html?order_code=212020060300773&kc_code=cgsh&condition= HTTP/1.1" 200 10855
172.17.0.100 - - [03/Jun/2020:09:34:20 +0800] "GET /xingrg/kc/base/stock_operate.html?_=1591148060018&command=get_report_file&start_day=20200101 HTTP/1.1" 200 53
172.17.0.100 - - [03/Jun/2020:09:34:20 +0800] "GET /xingrg/all/report/report_query.html?isQuery=1&onlyBody=1&rh=2000&fileName=kc/base/kc_stock_detail_new.xml&queryString=(1=1)&queryText=&tableQueryString=init_table$sp1$$sp$crk_table$sp1$order_day%20between%2020200101%20and%2020200630&varString=start_day:20200101,materiel_code:00101034034,cost_id:2496,end_date:20191231 HTTP/1.1" 200 48626
180.162.232.172 - - [03/Jun/2020:09:34:20 +0800] "GET /xingrg/all/function/internal_message.html?_=1591148059200&CODE_STATE=getMsg HTTP/1.1" 200 27
222.69.136.136 - - [03/Jun/2020:09:34:20 +0800] "GET /xingrg/all/function/internal_message.html?_=1591148042040&CODE_STATE=getMsg HTTP/1.1" 200 27
172.17.0.100 - - [03/Jun/2020:09:34:20 +0800] "GET /xingrg/dwr/interface/AjaxReportQueryService.js HTTP/1.1" 200 13203
172.17.0.100 - - [03/Jun/2020:09:34:20 +0800] "GET /xingrg/dwr/engine.js HTTP/1.1" 200 43631
172.17.0.100 - - [03/Jun/2020:09:34:21 +0800] "POST /xingrg/all/report/load_report_page.html HTTP/1.1" 200 20207
172.17.0.100 - - [03/Jun/2020:09:34:22 +0800] "GET /xingrg/servlets/image?cache=0.1269835748021576&image=px HTTP/1.1" 200 807
114.86.227.86 - - [03/Jun/2020:09:34:25 +0800] "GET /xingrg/check_reg.html?_=1591148083406 HTTP/1.1" 200 22
114.86.227.86 - - [03/Jun/2020:09:34:25 +0800] "GET /xingrg/all/function/internal_message.html?_=1591148083546&CODE_STATE=getMsg HTTP/1.1" 200 27
172.17.0.185 - - [03/Jun/2020:09:34:27 +0800] "GET /xingrg/all/function/internal_message.html?_=1591148066809&CODE_STATE=getMsg HTTP/1.1" 200 27
114.84.33.255 - - [03/Jun/2020:09:34:29 +0800] "GET /xingrg/all/function/internal_message.html?_=1591148078540&CODE_STATE=getMsg HTTP/1.1" 200 27
114.86.190.97 - - [03/Jun/2020:09:34:29 +0800] "GET /xingrg/all/function/internal_message.html?_=1591148071849&CODE_STATE=getMsg HTTP/1.1" 200 27
180.175.212.199 - - [03/Jun/2020:09:34:31 +0800] "GET /xingrg/kc/base/check_order_list.html HTTP/1.1" 200 16374
180.175.212.199 - - [03/Jun/2020:09:34:31 +0800] "POST /xingrg/kc/base/check_list_operate.html HTTP/1.1" 200 781
180.162.232.172 - - [03/Jun/2020:09:34:31 +0800] "GET /xingrg/kc/buy/cgsh_order_add.html HTTP/1.1" 200 58670
180.162.232.172 - - [03/Jun/2020:09:34:32 +0800] "POST /xingrg/kc/buy/cgsh_order_operate.html HTTP/1.1" 200 8245
180.162.232.172 - - [03/Jun/2020:09:34:32 +0800] "GET /xingrg/javascript/easyui/themes/default/validatebox.css HTTP/1.1" 404 1104
120.253.135.82 - - [03/Jun/2020:09:34:34 +0800] "GET /xingrg/check_reg.html?_=1591147828932 HTTP/1.1" 200 22
180.175.212.199 - - [03/Jun/2020:09:34:35 +0800] "POST /xingrg/kc/base/check_list_operate.html HTTP/1.1" 200 5391
58.221.95.50 - - [03/Jun/2020:09:34:37 +0800] "GET /xingrg/all/function/internal_message.html?_=1591148127513&CODE_STATE=getMsg HTTP/1.1" 302 -
172.17.0.100 - - [03/Jun/2020:09:34:38 +0800] "GET /xingrg/kc/base/stock_detail.html?m=00101034035 HTTP/1.1" 200 7268
58.40.7.146 - - [03/Jun/2020:09:34:39 +0800] "GET /xingrg/all/function/internal_message.html?_=1591148078516&CODE_STATE=getMsg HTTP/1.1" 200 27
120.253.135.82 - - [03/Jun/2020:09:34:39 +0800] "GET /xingrg/all/function/internal_message.html?_=1591147834158&CODE_STATE=getMsg HTTP/1.1" 200 27
180.175.212.199 - - [03/Jun/2020:09:34:41 +0800] "GET /xingrg/kc/base/check_order_info.html?code=452020053100586 HTTP/1.1" 200 22862
180.175.212.199 - - [03/Jun/2020:09:34:41 +0800] "GET /xingrg/dwr/interface/AjaxComOrderService.js HTTP/1.1" 200 18264
180.175.212.199 - - [03/Jun/2020:09:34:41 +0800] "GET /xingrg/dwr/interface/AjaxCheckService.js HTTP/1.1" 200 14003
180.175.212.199 - - [03/Jun/2020:09:34:41 +0800] "GET /xingrg/dwr/engine.js HTTP/1.1" 200 43631
180.175.212.199 - - [03/Jun/2020:09:34:41 +0800] "POST /xingrg/dwr/call/plaincall/AjaxCheckService.loadOrderItems.dwr HTTP/1.1" 200 41381
172.17.0.240 - - [03/Jun/2020:09:34:43 +0800] "GET /xingrg/all/function/internal_message.html?_=1591148081979&CODE_STATE=getMsg HTTP/1.1" 200 27
172.17.0.100 - - [03/Jun/2020:09:34:46 +0800] "GET /xingrg/kc/base/stock_operate.html?_=1591148085716&command=get_report_file&start_day=20200101 HTTP/1.1" 200 53
172.17.0.100 - - [03/Jun/2020:09:34:46 +0800] "GET /xingrg/all/report/report_query.html?isQuery=1&onlyBody=1&rh=2000&fileName=kc/base/kc_stock_detail_new.xml&queryString=(1=1)&queryText=&tableQueryString=init_table$sp1$$sp$crk_table$sp1$order_day%20between%2020200101%20and%2020200630&varString=start_day:20200101,materiel_code:00101034035,cost_id:2496,end_date:20191231 HTTP/1.1" 200 48626
172.17.0.100 - - [03/Jun/2020:09:34:46 +0800] "GET /xingrg/dwr/interface/AjaxReportQueryService.js HTTP/1.1" 200 13203
172.17.0.100 - - [03/Jun/2020:09:34:46 +0800] "GET /xingrg/dwr/engine.js HTTP/1.1" 200 43631
172.17.0.100 - - [03/Jun/2020:09:34:46 +0800] "POST /xingrg/all/report/load_report_page.html HTTP/1.1" 200 20207
172.17.0.100 - - [03/Jun/2020:09:34:46 +0800] "GET /xingrg/servlets/image?cache=0.9174556621247794&image=px HTTP/1.1" 200 807
180.175.212.199 - - [03/Jun/2020:09:34:49 +0800] "POST /xingrg/kc/base/check_list_operate.html HTTP/1.1" 200 5468
172.17.0.100 - - [03/Jun/2020:09:34:49 +0800] "GET /xingrg/kc/guide/show_order.html?code=312020011200373&type=31 HTTP/1.1" 302 -
172.17.0.100 - - [03/Jun/2020:09:34:49 +0800] "GET /xingrg/kc/mdqp/pssh_order_info.html?code=312020011200373&sysBaseUrl=http%3A%2F%2F172.17.0.8%3A18081%2Fxingrg%2F&costTime=1×tamp=1591148089768 HTTP/1.1" 200 14368
116.230.77.149 - - [03/Jun/2020:09:34:49 +0800] "GET /xingrg/all/function/internal_message.html?_=1591148090256&CODE_STATE=getMsg HTTP/1.1" 200 27
172.17.0.100 - - [03/Jun/2020:09:34:50 +0800] "GET /xingrg/javascript/jquery_tools/jquery-1.4.2.min.js HTTP/1.1" 404 1094
172.17.0.100 - - [03/Jun/2020:09:34:50 +0800] "GET /xingrg/words/20200602170121_words.js HTTP/1.1" 200 735129
172.17.0.100 - - [03/Jun/2020:09:34:50 +0800] "GET /favicon.ico HTTP/1.1" 404 -
172.17.0.100 - - [03/Jun/2020:09:34:51 +0800] "GET /xingrg/javascript/easyui/themes/default/validatebox.css HTTP/1.1" 404 1104
172.17.0.100 - - [03/Jun/2020:09:34:51 +0800] "POST /xingrg/kc/mdqp/pssh_order_operate.html HTTP/1.1" 200 1577
120.253.135.82 - - [03/Jun/2020:09:34:52 +0800] "GET /xingrg/all/function/internal_message.html?_=1591148225154&CODE_STATE=getMsg HTTP/1.1" 200 27
172.17.0.100 - - [03/Jun/2020:09:34:53 +0800] "GET /xingrg/all/function/internal_message.html?_=1591148092778&CODE_STATE=getMsg HTTP/1.1" 200 27
172.17.0.123 - - [03/Jun/2020:09:34:55 +0800] "GET /favicon.ico HTTP/1.1" 404 -
172.17.0.120 - - [03/Jun/2020:09:34:56 +0800] "GET /xingrg/all/function/internal_message.html?_=1591148094585&CODE_STATE=getMsg HTTP/1.1" 200 27
180.175.212.199 - - [03/Jun/2020:09:34:57 +0800] "GET /xingrg/kc/base/check_order_info.html?code=452020053100594 HTTP/1.1" 200 22858
180.175.212.199 - - [03/Jun/2020:09:34:57 +0800] "GET /xingrg/dwr/interface/AjaxCheckService.js HTTP/1.1" 200 14003
180.175.212.199 - - [03/Jun/2020:09:34:57 +0800] "GET /xingrg/dwr/interface/AjaxComOrderService.js HTTP/1.1" 200 18264
180.175.212.199 - - [03/Jun/2020:09:34:57 +0800] "GET /xingrg/dwr/engine.js HTTP/1.1" 200 43631
180.175.212.199 - - [03/Jun/2020:09:34:57 +0800] "POST /xingrg/dwr/call/plaincall/AjaxCheckService.loadOrderItems.dwr HTTP/1.1" 200 6629
61.172.5.115 - - [03/Jun/2020:09:34:58 +0800] "GET /xingrg/all/function/internal_message.html?_=1591148098820&CODE_STATE=getMsg HTTP/1.1" 302 -
180.162.232.172 - - [03/Jun/2020:09:35:00 +0800] "GET /xingrg/all/function/internal_message.html?_=1591148235358&CODE_STATE=getMsg HTTP/1.1" 200 27
117.131.5.26 - - [03/Jun/2020:09:35:00 +0800] "GET /xingrg/all/function/internal_message.html?_=1591148463639&CODE_STATE=getMsg HTTP/1.1" 200 27
172.17.0.123 - - [03/Jun/2020:09:35:01 +0800] "GET /xingrg/check_reg.html?_=1591148082305 HTTP/1.1" 200 22
172.17.0.123 - - [03/Jun/2020:09:35:01 +0800] "GET /xingrg/all/function/internal_message.html?_=1591148082307&CODE_STATE=getMsg HTTP/1.1" 200 27
180.162.232.172 - - [03/Jun/2020:09:35:01 +0800] "GET /xingrg/kc/buy/cgsh_order_operate.html?command=get_materiel&rest_code=00150&code=00101006229&supplier_code=00100012&order_time=2020-06-03 HTTP/1.1" 200 412
117.131.5.26 - - [03/Jun/2020:09:35:02 +0800] "GET /xingrg/all/function/internal_message.html?_=1591148105554&CODE_STATE=getMsg HTTP/1.1" 302 -
180.175.212.199 - - [03/Jun/2020:09:35:04 +0800] "POST /xingrg/kc/base/check_list_operate.html HTTP/1.1" 200 5429
222.69.136.136 - - [03/Jun/2020:09:35:05 +0800] "GET /xingrg/all/function/internal_message.html?_=1591148101241&CODE_STATE=getMsg HTTP/1.1" 200 27
172.17.0.113 - - [03/Jun/2020:09:35:05 +0800] "GET /xingrg/all/function/internal_message.html?_=1591148105654&CODE_STATE=getMsg HTTP/1.1" 200 27
180.175.212.199 - - [03/Jun/2020:09:35:06 +0800] "GET /xingrg/all/function/internal_message.html?_=1591148310038&CODE_STATE=getMsg HTTP/1.1" 200 27
114.86.190.97 - - [03/Jun/2020:09:35:09 +0800] "GET /xingrg/check_reg.html?_=1591148112267 HTTP/1.1" 200 22
114.88.170.9 - - [03/Jun/2020:09:35:10 +0800] "GET /xingrg/all/function/internal_message.html?_=1591148107327&CODE_STATE=getMsg HTTP/1.1" 200 27
180.162.232.172 - - [03/Jun/2020:09:35:13 +0800] "GET /xingrg/kc/buy/cgsh_order_operate.html?command=get_materiel&rest_code=00150&code=00101006124&supplier_code=00100012&order_time=2020-06-03 HTTP/1.1" 200 409
117.184.7.26 - - [03/Jun/2020:09:35:18 +0800] "GET /xingrg/all/function/internal_message.html?_=1591148115171&CODE_STATE=getMsg HTTP/1.1" 200 27
180.162.232.172 - - [03/Jun/2020:09:35:20 +0800] "GET /xingrg/all/function/internal_message.html?_=1591148119184&CODE_STATE=getMsg HTTP/1.1" 200 27
180.162.232.172 - - [03/Jun/2020:09:35:20 +0800] "GET /xingrg/check_reg.html?_=1591148119218 HTTP/1.1" 200 22
222.69.136.136 - - [03/Jun/2020:09:35:20 +0800] "GET /xingrg/all/function/internal_message.html?_=1591148102040&CODE_STATE=getMsg HTTP/1.1" 200 27
180.162.232.172 - - [03/Jun/2020:09:35:20 +0800] "GET /xingrg/kc/buy/cgsh_order_operate.html?command=get_materiel&rest_code=00150&code=00101006184&supplier_code=00100012&order_time=2020-06-03 HTTP/1.1" 200 408
172.17.0.112 - - [03/Jun/2020:09:35:22 +0800] "GET /xingrg HTTP/1.1" 302 -
172.17.0.112 - - [03/Jun/2020:09:35:22 +0800] "GET /xingrg/ HTTP/1.1" 200 292
114.86.227.86 - - [03/Jun/2020:09:35:24 +0800] "GET /xingrg/all/function/internal_message.html?_=1591148143546&CODE_STATE=getMsg HTTP/1.1" 200 27
172.17.0.112 - - [03/Jun/2020:09:35:24 +0800] "GET /xingrg/index.html HTTP/1.1" 302 -
172.17.0.112 - - [03/Jun/2020:09:35:24 +0800] "GET /xingrg/login.html HTTP/1.1" 200 7636
172.17.0.112 - - [03/Jun/2020:09:35:24 +0800] "GET /favicon.ico HTTP/1.1" 404 -
172.17.0.112 - - [03/Jun/2020:09:35:24 +0800] "GET /xingrg/images/blue/jxLogo.png HTTP/1.1" 200 6156
172.17.0.185 - - [03/Jun/2020:09:35:27 +0800] "GET /xingrg/all/function/internal_message.html?_=1591148126799&CODE_STATE=getMsg HTTP/1.1" 200 27
114.84.33.255 - - [03/Jun/2020:09:35:27 +0800] "GET /xingrg/check_reg.html?_=1591148137381 HTTP/1.1" 200 22
114.84.33.255 - - [03/Jun/2020:09:35:29 +0800] "GET /xingrg/all/function/internal_message.html?_=1591148138552&CODE_STATE=getMsg HTTP/1.1" 200 27
114.86.190.97 - - [03/Jun/2020:09:35:29 +0800] "GET /xingrg/all/function/internal_message.html?_=1591148131828&CODE_STATE=getMsg HTTP/1.1" 200 27
172.17.0.112 - - [03/Jun/2020:09:35:30 +0800] "GET /xingrg/images/blue/login_bg.png HTTP/1.1" 200 22101
172.17.0.112 - - [03/Jun/2020:09:35:30 +0800] "GET /xingrg/images/blue/hj.png HTTP/1.1" 200 1014
172.17.0.112 - - [03/Jun/2020:09:35:31 +0800] "GET /xingrg/images/blue/srbg.png HTTP/1.1" 200 138
172.17.0.112 - - [03/Jun/2020:09:35:32 +0800] "GET /favicon.ico HTTP/1.1" 404 -
180.175.212.199 - - [03/Jun/2020:09:35:33 +0800] "GET /xingrg/kc/base/check_order_info.html?code=452020053100625 HTTP/1.1" 200 22854
180.175.212.199 - - [03/Jun/2020:09:35:33 +0800] "GET /xingrg/dwr/interface/AjaxCheckService.js HTTP/1.1" 200 14003
180.175.212.199 - - [03/Jun/2020:09:35:33 +0800] "GET /xingrg/dwr/interface/AjaxComOrderService.js HTTP/1.1" 200 18264
180.175.212.199 - - [03/Jun/2020:09:35:33 +0800] "GET /xingrg/dwr/engine.js HTTP/1.1" 200 43631
180.175.212.199 - - [03/Jun/2020:09:35:33 +0800] "POST /xingrg/dwr/call/plaincall/AjaxCheckService.loadOrderItems.dwr HTTP/1.1" 200 16466
58.221.95.50 - - [03/Jun/2020:09:35:37 +0800] "GET /xingrg/all/function/internal_message.html?_=1591148187527&CODE_STATE=getMsg HTTP/1.1" 302 -
58.40.7.146 - - [03/Jun/2020:09:35:39 +0800] "GET /xingrg/all/function/internal_message.html?_=1591148138515&CODE_STATE=getMsg HTTP/1.1" 200 27
120.253.135.82 - - [03/Jun/2020:09:35:39 +0800] "GET /xingrg/all/function/internal_message.html?_=1591147894172&CODE_STATE=getMsg HTTP/1.1" 200 27
172.17.0.112 - - [03/Jun/2020:09:35:41 +0800] "POST /xingrg/login.do HTTP/1.1" 302 -
172.17.0.112 - - [03/Jun/2020:09:35:41 +0800] "GET /xingrg/index.html?sysBaseUrl=http%3A%2F%2F172.17.0.8%3A18081%2Fxingrg%2F&costTime=40×tamp=1591148141012 HTTP/1.1" 200 17448
172.17.0.112 - - [03/Jun/2020:09:35:41 +0800] "GET /xingrg/javascript/jquery_easy_ui/themes/icon.css HTTP/1.1" 200 3949
172.17.0.112 - - [03/Jun/2020:09:35:41 +0800] "GET /xingrg/javascript/jquery_easy_ui/themes/default/easyui.css HTTP/1.1" 200 26500
172.17.0.112 - - [03/Jun/2020:09:35:41 +0800] "GET /xingrg/css/form.css HTTP/1.1" 200 893
172.17.0.112 - - [03/Jun/2020:09:35:41 +0800] "GET /xingrg/javascript/jquery-1.4.2.min.js HTTP/1.1" 200 72205
172.17.0.112 - - [03/Jun/2020:09:35:41 +0800] "GET /xingrg/javascript/jquery_easy_ui/jquery.easyui.min.js HTTP/1.1" 200 213662
172.17.0.112 - - [03/Jun/2020:09:35:41 +0800] "GET /xingrg/javascript/jquery_easy_ui/easyui-lang-zh_CN.js HTTP/1.1" 200 1900
172.17.0.112 - - [03/Jun/2020:09:35:41 +0800] "GET /xingrg/javascript/jquery.timers.js HTTP/1.1" 200 3532
172.17.0.112 - - [03/Jun/2020:09:35:41 +0800] "GET /xingrg/javascript/jquery.form.js HTTP/1.1" 200 23110
172.17.0.112 - - [03/Jun/2020:09:35:41 +0800] "GET /xingrg/javascript/jquery.utils.js HTTP/1.1" 200 11805
172.17.0.112 - - [03/Jun/2020:09:35:42 +0800] "GET /favicon.ico HTTP/1.1" 404 -
172.17.0.112 - - [03/Jun/2020:09:35:42 +0800] "GET /xingrg/javascript/jquery_easy_ui/themes/icons/settle_new.png HTTP/1.1" 200 826
172.17.0.112 - - [03/Jun/2020:09:35:42 +0800] "GET /xingrg/images/blue/navBackgound.jpg HTTP/1.1" 200 12378
172.17.0.240 - - [03/Jun/2020:09:35:43 +0800] "GET /xingrg/all/function/internal_message.html?_=1591148141977&CODE_STATE=getMsg HTTP/1.1" 200 27
180.175.212.199 - - [03/Jun/2020:09:35:43 +0800] "GET /xingrg/javascript/jquery_easy_ui/themes/default/images/button_plain_hover.png HTTP/1.1" 304 -
172.17.0.112 - - [03/Jun/2020:09:35:45 +0800] "POST /xingrg/all/common/load_tree.html?tree=area_rest_tree_json&manage=1 HTTP/1.1" 200 3088
180.175.212.199 - - [03/Jun/2020:09:35:45 +0800] "GET /xingrg/kc/sw/order_link_query.html?enName=check&orderCode=452020053100625 HTTP/1.1" 200 4771
180.175.212.199 - - [03/Jun/2020:09:35:45 +0800] "GET /xingrg/javascript/ToolTips.js HTTP/1.1" 304 -
180.175.212.199 - - [03/Jun/2020:09:35:45 +0800] "GET /xingrg/javascript/checkform.js HTTP/1.1" 304 -
180.175.212.199 - - [03/Jun/2020:09:35:45 +0800] "GET /xingrg/dwr/engine.js HTTP/1.1" 200 43631
180.175.212.199 - - [03/Jun/2020:09:35:45 +0800] "GET /xingrg/images/blue/add_kctop.gif HTTP/1.1" 200 1120
180.175.212.199 - - [03/Jun/2020:09:35:45 +0800] "GET /xingrg/images/blue/button/buttom_see.gif HTTP/1.1" 200 1478
180.175.212.199 - - [03/Jun/2020:09:35:45 +0800] "GET /xingrg/images/blue/button/buttom_close.gif HTTP/1.1" 200 1461
180.175.212.199 - - [03/Jun/2020:09:35:45 +0800] "GET /xingrg/images/blue/add_kcmid.gif HTTP/1.1" 200 166
180.175.212.199 - - [03/Jun/2020:09:35:45 +0800] "GET /xingrg/images/blue/add_kcbut.gif HTTP/1.1" 200 1177
180.175.212.199 - - [03/Jun/2020:09:35:46 +0800] "GET /xingrg/images/blue/wait.gif HTTP/1.1" 304 -
180.175.212.199 - - [03/Jun/2020:09:35:46 +0800] "POST /xingrg/dwr/call/plaincall/AjaxComOrderService.getLinkOrder.dwr HTTP/1.1" 200 266
172.17.0.112 - - [03/Jun/2020:09:35:47 +0800] "GET /xingrg/all/function/internal_message.html?_=1591148147340&CODE_STATE=count HTTP/1.1" 200 11
172.17.0.112 - - [03/Jun/2020:09:35:47 +0800] "GET /xingrg/check_reg.html?_=1591148147340 HTTP/1.1" 200 22
172.17.0.112 - - [03/Jun/2020:09:35:47 +0800] "GET /xingrg/images/blue/pingpu.png HTTP/1.1" 200 231
172.17.0.112 - - [03/Jun/2020:09:35:47 +0800] "GET /xingrg/javascript/jquery_easy_ui/themes/default/images/tabs_leftarrow.png HTTP/1.1" 200 389
172.17.0.112 - - [03/Jun/2020:09:35:47 +0800] "GET /xingrg/javascript/jquery_easy_ui/themes/default/images/tabs_rightarrow.png HTTP/1.1" 200 395
172.17.0.112 - - [03/Jun/2020:09:35:47 +0800] "GET /xingrg/javascript/jquery_easy_ui/themes/default/images/panel_tool_expand.gif HTTP/1.1" 200 247
172.17.0.112 - - [03/Jun/2020:09:35:47 +0800] "GET /xingrg/javascript/jquery_easy_ui/themes/default/images/panel_tool_collapse.gif HTTP/1.1" 200 246
172.17.0.112 - - [03/Jun/2020:09:35:47 +0800] "POST /xingrg/load_menu.html HTTP/1.1" 200 11529
172.17.0.112 - - [03/Jun/2020:09:35:49 +0800] "GET /xingrg/javascript/jquery_easy_ui/themes/default/images/tree_arrows.gif HTTP/1.1" 200 1043
172.17.0.112 - - [03/Jun/2020:09:35:49 +0800] "GET /xingrg/javascript/jquery_easy_ui/themes/default/images/tree_folder_open.gif HTTP/1.1" 200 956
172.17.0.112 - - [03/Jun/2020:09:35:49 +0800] "GET /xingrg/javascript/jquery_easy_ui/themes/icons/search_new.png HTTP/1.1" 200 586
172.17.0.112 - - [03/Jun/2020:09:35:49 +0800] "GET /xingrg/javascript/jquery_easy_ui/themes/icons/delivery_new.png HTTP/1.1" 200 700
172.17.0.112 - - [03/Jun/2020:09:35:49 +0800] "GET /xingrg/javascript/jquery_easy_ui/themes/icons/storage_new.png HTTP/1.1" 200 853
172.17.0.112 - - [03/Jun/2020:09:35:49 +0800] "GET /xingrg/javascript/jquery_easy_ui/themes/icons/checkout_new.png HTTP/1.1" 200 744
172.17.0.112 - - [03/Jun/2020:09:35:49 +0800] "GET /xingrg/javascript/jquery_easy_ui/themes/icons/forms_new.png HTTP/1.1" 200 350
172.17.0.112 - - [03/Jun/2020:09:35:49 +0800] "GET /xingrg/javascript/jquery_easy_ui/themes/icons/setting_new.png HTTP/1.1" 200 450
172.17.0.112 - - [03/Jun/2020:09:35:49 +0800] "GET /xingrg/javascript/jquery_easy_ui/themes/icons/systemset_new.png HTTP/1.1" 200 606
172.17.0.112 - - [03/Jun/2020:09:35:49 +0800] "GET /xingrg/javascript/jquery_easy_ui/themes/default/images/tree_file.gif HTTP/1.1" 200 118
172.17.0.112 - - [03/Jun/2020:09:35:49 +0800] "GET /xingrg/javascript/jquery_easy_ui/themes/default/images/tree_folder.gif HTTP/1.1" 200 952
116.230.77.149 - - [03/Jun/2020:09:35:49 +0800] "GET /xingrg/check_reg.html?_=1591148150144 HTTP/1.1" 200 22
116.230.77.149 - - [03/Jun/2020:09:35:49 +0800] "GET /xingrg/all/function/internal_message.html?_=1591148150233&CODE_STATE=getMsg HTTP/1.1" 200 27
120.253.135.82 - - [03/Jun/2020:09:35:52 +0800] "GET /xingrg/all/function/internal_message.html?_=1591148285180&CODE_STATE=getMsg HTTP/1.1" 200 27
180.162.232.172 - - [03/Jun/2020:09:35:52 +0800] "GET /xingrg/kc/buy/cgsh_order_operate.html?command=get_materiel&rest_code=00150&code=00101006055&supplier_code=00100012&order_time=2020-06-03 HTTP/1.1" 200 409
172.17.0.100 - - [03/Jun/2020:09:35:53 +0800] "GET /xingrg/all/function/internal_message.html?_=1591148152778&CODE_STATE=getMsg HTTP/1.1" 200 27
172.17.0.112 - - [03/Jun/2020:09:35:53 +0800] "GET /xingrg/javascript/jquery_easy_ui/themes/icons/area.png HTTP/1.1" 200 262
172.17.0.112 - - [03/Jun/2020:09:35:53 +0800] "GET /xingrg/javascript/jquery_easy_ui/themes/icons/manage.png HTTP/1.1" 200 696
172.17.0.112 - - [03/Jun/2020:09:35:53 +0800] "GET /xingrg/javascript/jquery_easy_ui/themes/icons/rest.png HTTP/1.1" 200 695
172.17.0.112 - - [03/Jun/2020:09:35:53 +0800] "GET /xingrg/javascript/jquery_easy_ui/themes/default/images/button_span_bg.gif HTTP/1.1" 200 2061
172.17.0.112 - - [03/Jun/2020:09:35:53 +0800] "GET /xingrg/javascript/jquery_easy_ui/themes/icons/ok.png HTTP/1.1" 200 883
172.17.0.112 - - [03/Jun/2020:09:35:53 +0800] "GET /xingrg/javascript/jquery_easy_ui/themes/default/images/panel_title.png HTTP/1.1" 200 266
172.17.0.112 - - [03/Jun/2020:09:35:53 +0800] "GET /xingrg/javascript/jquery_easy_ui/themes/default/images/panel_tools.gif HTTP/1.1" 200 737
172.17.0.112 - - [03/Jun/2020:09:35:53 +0800] "GET /xingrg/javascript/jquery_easy_ui/themes/default/images/button_a_bg.gif HTTP/1.1" 200 1194
172.17.0.120 - - [03/Jun/2020:09:35:56 +0800] "GET /xingrg/all/function/internal_message.html?_=1591148154573&CODE_STATE=getMsg HTTP/1.1" 200 27
172.17.0.112 - - [03/Jun/2020:09:35:57 +0800] "GET /xingrg/images/control/ajaxLoader.gif HTTP/1.1" 200 4659
172.17.0.112 - - [03/Jun/2020:09:35:57 +0800] "POST /xingrg/all/user/operate.html HTTP/1.1" 200 36
172.17.0.112 - - [03/Jun/2020:09:35:57 +0800] "GET /xingrg/javascript/jquery_easy_ui/themes/default/easyui.css HTTP/1.1" 304 -
172.17.0.112 - - [03/Jun/2020:09:35:57 +0800] "GET /xingrg/javascript/jquery_easy_ui/themes/icon.css HTTP/1.1" 304 -
172.17.0.112 - - [03/Jun/2020:09:35:57 +0800] "GET /xingrg/css/form.css HTTP/1.1" 304 -
172.17.0.112 - - [03/Jun/2020:09:35:57 +0800] "GET /xingrg/javascript/jquery-1.4.2.min.js HTTP/1.1" 304 -
172.17.0.112 - - [03/Jun/2020:09:35:57 +0800] "GET /xingrg/javascript/jquery_easy_ui/jquery.easyui.min.js HTTP/1.1" 304 -
172.17.0.112 - - [03/Jun/2020:09:35:57 +0800] "GET /xingrg/javascript/jquery_easy_ui/easyui-lang-zh_CN.js HTTP/1.1" 304 -
172.17.0.112 - - [03/Jun/2020:09:35:57 +0800] "GET /xingrg/javascript/jquery.form.js HTTP/1.1" 304 -
172.17.0.112 - - [03/Jun/2020:09:35:57 +0800] "GET /xingrg/index.html?sysBaseUrl=http%3A%2F%2F172.17.0.8%3A18081%2Fxingrg%2F&costTime=40×tamp=1591148141012 HTTP/1.1" 200 17454
172.17.0.112 - - [03/Jun/2020:09:35:57 +0800] "GET /xingrg/javascript/jquery.utils.js HTTP/1.1" 304 -
172.17.0.112 - - [03/Jun/2020:09:35:58 +0800] "GET /xingrg/javascript/jquery.timers.js HTTP/1.1" 304 -
172.17.0.112 - - [03/Jun/2020:09:35:58 +0800] "GET /xingrg/images/blue/jxLogo.png HTTP/1.1" 304 -
172.17.0.112 - - [03/Jun/2020:09:35:58 +0800] "GET /xingrg/images/blue/navBackgound.jpg HTTP/1.1" 304 -
172.17.0.112 - - [03/Jun/2020:09:35:58 +0800] "GET /xingrg/javascript/jquery_easy_ui/themes/icons/settle_new.png HTTP/1.1" 304 -
172.17.0.112 - - [03/Jun/2020:09:35:58 +0800] "POST /xingrg/all/common/load_tree.html?tree=area_rest_tree_json&manage=1 HTTP/1.1" 200 3088
172.17.0.112 - - [03/Jun/2020:09:35:58 +0800] "GET /xingrg/all/function/internal_message.html?_=1591148157700&CODE_STATE=count HTTP/1.1" 200 11
172.17.0.112 - - [03/Jun/2020:09:35:58 +0800] "GET /xingrg/check_reg.html?_=1591148157700 HTTP/1.1" 200 22
172.17.0.112 - - [03/Jun/2020:09:35:58 +0800] "GET /xingrg/javascript/jquery_easy_ui/themes/default/images/tabs_leftarrow.png HTTP/1.1" 304 -
172.17.0.112 - - [03/Jun/2020:09:35:58 +0800] "GET /xingrg/javascript/jquery_easy_ui/themes/default/images/panel_tool_expand.gif HTTP/1.1" 304 -
172.17.0.112 - - [03/Jun/2020:09:35:58 +0800] "GET /xingrg/javascript/jquery_easy_ui/themes/default/images/panel_tool_collapse.gif HTTP/1.1" 304 -
172.17.0.112 - - [03/Jun/2020:09:35:58 +0800] "GET /xingrg/javascript/jquery_easy_ui/themes/default/images/tabs_rightarrow.png HTTP/1.1" 304 -
172.17.0.112 - - [03/Jun/2020:09:35:58 +0800] "GET /xingrg/images/blue/pingpu.png HTTP/1.1" 304 -
172.17.0.112 - - [03/Jun/2020:09:35:58 +0800] "POST /xingrg/load_menu.html HTTP/1.1" 200 9924
61.172.5.115 - - [03/Jun/2020:09:35:58 +0800] "GET /xingrg/all/function/internal_message.html?_=1591148158796&CODE_STATE=getMsg HTTP/1.1" 302 -
58.40.7.146 - - [03/Jun/2020:09:36:00 +0800] "GET /favicon.ico HTTP/1.1" 404 -
180.162.232.172 - - [03/Jun/2020:09:36:00 +0800] "GET /xingrg/all/function/internal_message.html?_=1591148295370&CODE_STATE=getMsg HTTP/1.1" 200 27
117.131.5.26 - - [03/Jun/2020:09:36:00 +0800] "GET /xingrg/all/function/internal_message.html?_=1591148523650&CODE_STATE=getMsg HTTP/1.1" 200 27
172.17.0.123 - - [03/Jun/2020:09:36:01 +0800] "GET /xingrg/all/function/internal_message.html?_=1591148142292&CODE_STATE=getMsg HTTP/1.1" 200 27
117.131.5.26 - - [03/Jun/2020:09:36:02 +0800] "GET /xingrg/all/function/internal_message.html?_=1591148165554&CODE_STATE=getMsg HTTP/1.1" 302 -
172.17.0.112 - - [03/Jun/2020:09:36:02 +0800] "POST /xingrg/all/user/operate.html HTTP/1.1" 200 36
