180.175.212.199 - - [02/Jun/2020:09:01:04 +0800] "GET /xingrg/all/function/internal_message.html?_=1591059867572&CODE_STATE=getMsg HTTP/1.1" 200 27
114.88.170.9 - - [02/Jun/2020:09:01:06 +0800] "GET /xingrg/all/function/internal_message.html?_=1591059662933&CODE_STATE=getMsg HTTP/1.1" 200 27
61.172.5.115 - - [02/Jun/2020:09:01:12 +0800] "GET /xingrg/kc/buy/cgsh_order_list.html HTTP/1.1" 200 42996
61.172.5.115 - - [02/Jun/2020:09:01:14 +0800] "POST /xingrg/kc/buy/cgsh_list_operate.html HTTP/1.1" 200 2414
114.84.151.157 - - [02/Jun/2020:09:01:17 +0800] "GET /xingrg/all/function/internal_message.html?_=1591059688557&CODE_STATE=getMsg HTTP/1.1" 200 27
114.84.33.255 - - [02/Jun/2020:09:01:18 +0800] "GET /xingrg/all/function/internal_message.html?_=1591059683881&CODE_STATE=getMsg HTTP/1.1" 200 27
120.253.135.82 - - [02/Jun/2020:09:01:21 +0800] "GET /xingrg/check_reg.html?_=1591059437018 HTTP/1.1" 200 22
120.253.135.82 - - [02/Jun/2020:09:01:21 +0800] "GET /xingrg/all/function/internal_message.html?_=1591059437244&CODE_STATE=getMsg HTTP/1.1" 200 27
61.172.5.115 - - [02/Jun/2020:09:01:22 +0800] "GET /xingrg/kc/buy/cgsh_order_add.html HTTP/1.1" 200 58734
61.172.5.115 - - [02/Jun/2020:09:01:22 +0800] "POST /xingrg/kc/buy/cgsh_order_operate.html HTTP/1.1" 200 8245
61.172.5.115 - - [02/Jun/2020:09:01:22 +0800] "GET /xingrg/javascript/easyui/themes/default/validatebox.css HTTP/1.1" 404 1104
116.230.77.149 - - [02/Jun/2020:09:01:29 +0800] "GET /xingrg/check_reg.html?_=1591059687757 HTTP/1.1" 200 22
116.230.77.149 - - [02/Jun/2020:09:01:29 +0800] "GET /xingrg/all/function/internal_message.html?_=1591059687759&CODE_STATE=getMsg HTTP/1.1" 200 27
61.172.5.115 - - [02/Jun/2020:09:01:31 +0800] "GET /xingrg/check_reg.html?_=1591059691256 HTTP/1.1" 200 22
61.172.5.115 - - [02/Jun/2020:09:01:31 +0800] "GET /xingrg/all/function/internal_message.html?_=1591059691258&CODE_STATE=getMsg HTTP/1.1" 200 27
114.84.33.255 - - [02/Jun/2020:09:01:31 +0800] "GET /xingrg/all/function/internal_message.html?_=1591059695129&CODE_STATE=getMsg HTTP/1.1" 200 27
58.221.95.50 - - [02/Jun/2020:09:01:35 +0800] "GET /xingrg/check_reg.html?_=1591059745763 HTTP/1.1" 200 22
58.221.95.50 - - [02/Jun/2020:09:01:35 +0800] "GET /xingrg/all/function/internal_message.html?_=1591059745765&CODE_STATE=getMsg HTTP/1.1" 200 27
172.17.0.240 - - [02/Jun/2020:09:01:42 +0800] "GET /xingrg/all/function/internal_message.html?_=1591059700132&CODE_STATE=getMsg HTTP/1.1" 200 27
172.17.0.240 - - [02/Jun/2020:09:01:42 +0800] "GET /xingrg/check_reg.html?_=1591059700132 HTTP/1.1" 200 22
120.253.135.82 - - [02/Jun/2020:09:01:49 +0800] "GET /xingrg/all/function/internal_message.html?_=1591059790953&CODE_STATE=getMsg HTTP/1.1" 200 27
180.162.232.172 - - [02/Jun/2020:09:02:00 +0800] "GET /xingrg/check_reg.html?_=1591059718866 HTTP/1.1" 200 22
180.175.212.199 - - [02/Jun/2020:09:02:04 +0800] "GET /xingrg/all/function/internal_message.html?_=1591059927599&CODE_STATE=getMsg HTTP/1.1" 200 27
114.88.170.9 - - [02/Jun/2020:09:02:06 +0800] "GET /xingrg/all/function/internal_message.html?_=1591059722932&CODE_STATE=getMsg HTTP/1.1" 200 27
114.84.151.157 - - [02/Jun/2020:09:02:17 +0800] "GET /xingrg/all/function/internal_message.html?_=1591059748555&CODE_STATE=getMsg HTTP/1.1" 200 27
114.84.33.255 - - [02/Jun/2020:09:02:18 +0800] "GET /xingrg/all/function/internal_message.html?_=1591059744030&CODE_STATE=getMsg HTTP/1.1" 200 27
120.253.135.82 - - [02/Jun/2020:09:02:21 +0800] "GET /xingrg/all/function/internal_message.html?_=1591059497257&CODE_STATE=getMsg HTTP/1.1" 200 27
116.230.77.149 - - [02/Jun/2020:09:02:29 +0800] "GET /xingrg/all/function/internal_message.html?_=1591059747744&CODE_STATE=getMsg HTTP/1.1" 200 27
61.172.5.115 - - [02/Jun/2020:09:02:31 +0800] "GET /xingrg/all/function/internal_message.html?_=1591059751229&CODE_STATE=getMsg HTTP/1.1" 200 27
114.84.33.255 - - [02/Jun/2020:09:02:31 +0800] "GET /xingrg/all/function/internal_message.html?_=1591059755255&CODE_STATE=getMsg HTTP/1.1" 200 27
58.221.95.50 - - [02/Jun/2020:09:02:35 +0800] "GET /xingrg/all/function/internal_message.html?_=1591059805761&CODE_STATE=getMsg HTTP/1.1" 200 27
172.17.0.240 - - [02/Jun/2020:09:02:42 +0800] "GET /xingrg/all/function/internal_message.html?_=1591059760134&CODE_STATE=getMsg HTTP/1.1" 200 27
120.253.135.82 - - [02/Jun/2020:09:02:49 +0800] "GET /xingrg/all/function/internal_message.html?_=1591059850975&CODE_STATE=getMsg HTTP/1.1" 200 27
116.230.77.149 - - [02/Jun/2020:09:03:00 +0800] "GET /xingrg/kc/buy/cgsh_order_add.html HTTP/1.1" 200 58781
116.230.77.149 - - [02/Jun/2020:09:03:01 +0800] "GET /xingrg/javascript/easyui/themes/default/validatebox.css HTTP/1.1" 404 1104
116.230.77.149 - - [02/Jun/2020:09:03:01 +0800] "POST /xingrg/kc/buy/cgsh_order_operate.html HTTP/1.1" 200 8245
116.230.77.149 - - [02/Jun/2020:09:03:02 +0800] "GET /xingrg/javascript/easyui/themes/default/tree.css HTTP/1.1" 404 1090
116.230.77.149 - - [02/Jun/2020:09:03:02 +0800] "POST /xingrg/all/common/load_tree.html?tree=supplier_tree_json&isDelete=1 HTTP/1.1" 200 48460
180.175.212.199 - - [02/Jun/2020:09:03:04 +0800] "GET /xingrg/all/function/internal_message.html?_=1591059987615&CODE_STATE=getMsg HTTP/1.1" 200 27
114.88.170.9 - - [02/Jun/2020:09:03:06 +0800] "GET /xingrg/all/function/internal_message.html?_=1591059782932&CODE_STATE=getMsg HTTP/1.1" 200 27
172.17.0.240 - - [02/Jun/2020:09:03:14 +0800] "GET /xingrg/check_reg.html?_=1591059792593 HTTP/1.1" 200 22
172.17.0.240 - - [02/Jun/2020:09:03:17 +0800] "GET /xingrg/index.html?sysBaseUrl=http%3A%2F%2F172.17.0.8%3A18081%2Fxingrg%2F&costTime=213×tamp=1585200360465 HTTP/1.1" 200 17448
114.84.151.157 - - [02/Jun/2020:09:03:17 +0800] "GET /xingrg/all/function/internal_message.html?_=1591059808554&CODE_STATE=getMsg HTTP/1.1" 200 27
114.84.33.255 - - [02/Jun/2020:09:03:18 +0800] "GET /xingrg/all/function/internal_message.html?_=1591059804038&CODE_STATE=getMsg HTTP/1.1" 200 27
172.17.0.240 - - [02/Jun/2020:09:03:18 +0800] "POST /xingrg/all/common/load_tree.html?tree=area_rest_tree_json&manage=1 HTTP/1.1" 200 3088
172.17.0.240 - - [02/Jun/2020:09:03:18 +0800] "GET /xingrg/all/function/internal_message.html?_=1591059796116&CODE_STATE=count HTTP/1.1" 200 11
172.17.0.240 - - [02/Jun/2020:09:03:18 +0800] "GET /xingrg/check_reg.html?_=1591059796117 HTTP/1.1" 200 22
172.17.0.240 - - [02/Jun/2020:09:03:18 +0800] "GET /favicon.ico HTTP/1.1" 404 -
172.17.0.240 - - [02/Jun/2020:09:03:18 +0800] "POST /xingrg/load_menu.html HTTP/1.1" 200 11529
172.17.0.240 - - [02/Jun/2020:09:03:20 +0800] "POST /xingrg/load_menu.html HTTP/1.1" 200 10512
120.253.135.82 - - [02/Jun/2020:09:03:21 +0800] "GET /xingrg/all/function/internal_message.html?_=1591059557271&CODE_STATE=getMsg HTTP/1.1" 200 27
172.17.0.240 - - [02/Jun/2020:09:03:24 +0800] "GET /xingrg/system/rest/list_page.html?p=down&table=dl_menu HTTP/1.1" 200 20293
172.17.0.240 - - [02/Jun/2020:09:03:25 +0800] "GET /xingrg/system/rest/query_items.html?_=1591059802699&table=down&tcode=dl_menu&key= HTTP/1.1" 200 11491
116.230.77.149 - - [02/Jun/2020:09:03:30 +0800] "GET /xingrg/all/function/internal_message.html?_=1591059807742&CODE_STATE=getMsg HTTP/1.1" 200 27
61.172.5.115 - - [02/Jun/2020:09:03:31 +0800] "GET /xingrg/all/function/internal_message.html?_=1591059811215&CODE_STATE=getMsg HTTP/1.1" 200 27
172.17.0.240 - - [02/Jun/2020:09:03:31 +0800] "GET /xingrg/system/rest/get_item.html?table=down&code=5ac83cb1e23045b2ba7c5743978a6e77&_=1591059808947 HTTP/1.1" 200 233
172.17.0.240 - - [02/Jun/2020:09:03:31 +0800] "POST /xingrg/system/rest/edit_item.html HTTP/1.1" 200 4
172.17.0.240 - - [02/Jun/2020:09:03:31 +0800] "POST /xingrg/all/common/load_tree.html?tree=area_station_tree_json&defaultRests=1_15 HTTP/1.1" 200 2989
114.84.33.255 - - [02/Jun/2020:09:03:31 +0800] "GET /xingrg/all/function/internal_message.html?_=1591059815271&CODE_STATE=getMsg HTTP/1.1" 200 27
172.17.0.240 - - [02/Jun/2020:09:03:31 +0800] "POST /xingrg/system/rest/get_infos.html HTTP/1.1" 200 458915
58.221.95.50 - - [02/Jun/2020:09:03:35 +0800] "GET /xingrg/all/function/internal_message.html?_=1591059865763&CODE_STATE=getMsg HTTP/1.1" 200 27
114.84.33.255 - - [02/Jun/2020:09:03:39 +0800] "GET /xingrg/kc/buy/cgsh_order_add.html HTTP/1.1" 200 58740
172.17.0.240 - - [02/Jun/2020:09:03:39 +0800] "POST /xingrg/system/rest/edit_item.html HTTP/1.1" 200 32
172.17.0.240 - - [02/Jun/2020:09:03:39 +0800] "POST /xingrg/system/rest/edit_item.html HTTP/1.1" 200 -
172.17.0.240 - - [02/Jun/2020:09:03:39 +0800] "POST /xingrg/system/rest/edit_item.html HTTP/1.1" 200 32
172.17.0.240 - - [02/Jun/2020:09:03:39 +0800] "GET /xingrg/system/rest/get_item.html?table=down&code=5ac83cb1e23045b2ba7c5743978a6e77&_=1591059817496 HTTP/1.1" 200 233
114.84.33.255 - - [02/Jun/2020:09:03:39 +0800] "POST /xingrg/kc/buy/cgsh_order_operate.html HTTP/1.1" 200 8245
114.84.33.255 - - [02/Jun/2020:09:03:40 +0800] "GET /xingrg/javascript/easyui/themes/default/validatebox.css HTTP/1.1" 404 1104
172.17.0.240 - - [02/Jun/2020:09:03:41 +0800] "POST /xingrg/system/rest/edit_item.html HTTP/1.1" 200 8
172.17.0.240 - - [02/Jun/2020:09:03:41 +0800] "GET /xingrg/system/rest/query_items.html?_=1591059818779&table=down&tcode=dl_menu&key= HTTP/1.1" 200 11491
172.17.0.240 - - [02/Jun/2020:09:03:41 +0800] "POST /xingrg/all/common/load_tree.html?tree=area_station_tree_json&defaultRests=1_9,1_15 HTTP/1.1" 200 2988
172.17.0.240 - - [02/Jun/2020:09:03:41 +0800] "POST /xingrg/system/rest/get_infos.html HTTP/1.1" 200 458915
172.17.0.240 - - [02/Jun/2020:09:03:48 +0800] "POST /xingrg/system/rest/edit_item.html HTTP/1.1" 200 32
172.17.0.240 - - [02/Jun/2020:09:03:48 +0800] "POST /xingrg/system/rest/edit_item.html HTTP/1.1" 200 -
172.17.0.240 - - [02/Jun/2020:09:03:48 +0800] "POST /xingrg/system/rest/edit_item.html HTTP/1.1" 200 32
172.17.0.240 - - [02/Jun/2020:09:03:48 +0800] "GET /xingrg/system/rest/get_item.html?table=down&code=5ac83cb1e23045b2ba7c5743978a6e77&_=1591059826050 HTTP/1.1" 200 233
120.253.135.82 - - [02/Jun/2020:09:03:49 +0800] "GET /xingrg/all/function/internal_message.html?_=1591059910981&CODE_STATE=getMsg HTTP/1.1" 200 27
172.17.0.240 - - [02/Jun/2020:09:03:49 +0800] "POST /xingrg/system/rest/edit_item.html HTTP/1.1" 200 4
172.17.0.240 - - [02/Jun/2020:09:03:49 +0800] "GET /xingrg/system/rest/query_items.html?_=1591059827587&table=down&tcode=dl_menu&key= HTTP/1.1" 200 11491
172.17.0.240 - - [02/Jun/2020:09:03:50 +0800] "POST /xingrg/all/common/load_tree.html?tree=area_station_tree_json&defaultRests=1_15 HTTP/1.1" 200 2989
172.17.0.240 - - [02/Jun/2020:09:03:50 +0800] "POST /xingrg/system/rest/get_infos.html HTTP/1.1" 200 458915
114.84.33.255 - - [02/Jun/2020:09:03:55 +0800] "GET /xingrg/kc/buy/cgsh_order_operate.html?command=get_materiel&rest_code=00146&code=00101031006&supplier_code=00100065&order_time=2020-06-02 HTTP/1.1" 200 417
180.175.212.199 - - [02/Jun/2020:09:04:04 +0800] "GET /xingrg/all/function/internal_message.html?_=1591060047639&CODE_STATE=getMsg HTTP/1.1" 200 27
114.88.170.9 - - [02/Jun/2020:09:04:06 +0800] "GET /xingrg/check_reg.html?_=1591059842933 HTTP/1.1" 200 22
114.88.170.9 - - [02/Jun/2020:09:04:06 +0800] "GET /xingrg/all/function/internal_message.html?_=1591059842935&CODE_STATE=getMsg HTTP/1.1" 200 27
114.84.33.255 - - [02/Jun/2020:09:04:06 +0800] "POST /xingrg/kc/buy/cgsh_order_operate.html HTTP/1.1" 200 37
114.84.33.255 - - [02/Jun/2020:09:04:07 +0800] "POST /xingrg/kc/buy/cgsh_order_operate.html HTTP/1.1" 200 2660
114.84.33.255 - - [02/Jun/2020:09:04:10 +0800] "GET /xingrg/kc/print/load_config.html?kc_code=cgsh HTTP/1.1" 200 1845
114.84.33.255 - - [02/Jun/2020:09:04:11 +0800] "GET /xingrg/kc/print/load_data.html?order_code=212020060200383&kc_code=cgsh&condition= HTTP/1.1" 200 678
114.84.151.157 - - [02/Jun/2020:09:04:17 +0800] "GET /xingrg/all/function/internal_message.html?_=1591059868580&CODE_STATE=getMsg HTTP/1.1" 200 27
172.17.0.240 - - [02/Jun/2020:09:04:18 +0800] "GET /xingrg/all/function/internal_message.html?_=1591059856139&CODE_STATE=getMsg HTTP/1.1" 200 27
114.84.33.255 - - [02/Jun/2020:09:04:18 +0800] "GET /xingrg/all/function/internal_message.html?_=1591059864171&CODE_STATE=getMsg HTTP/1.1" 200 27
120.253.135.82 - - [02/Jun/2020:09:04:21 +0800] "GET /xingrg/all/function/internal_message.html?_=1591059617292&CODE_STATE=getMsg HTTP/1.1" 200 27
114.84.33.255 - - [02/Jun/2020:09:04:25 +0800] "GET /xingrg/kc/buy/cgsh_order_add.html HTTP/1.1" 200 58740
114.84.33.255 - - [02/Jun/2020:09:04:25 +0800] "POST /xingrg/kc/buy/cgsh_order_operate.html HTTP/1.1" 200 8245
114.84.33.255 - - [02/Jun/2020:09:04:25 +0800] "GET /xingrg/javascript/easyui/themes/default/validatebox.css HTTP/1.1" 404 1104
116.230.77.149 - - [02/Jun/2020:09:04:29 +0800] "GET /xingrg/all/function/internal_message.html?_=1591059867746&CODE_STATE=getMsg HTTP/1.1" 200 27
114.84.33.255 - - [02/Jun/2020:09:04:31 +0800] "GET /xingrg/check_reg.html?_=1591059874896 HTTP/1.1" 200 22
61.172.5.115 - - [02/Jun/2020:09:04:31 +0800] "GET /xingrg/all/function/internal_message.html?_=1591059871216&CODE_STATE=getMsg HTTP/1.1" 200 27
114.84.33.255 - - [02/Jun/2020:09:04:31 +0800] "GET /xingrg/all/function/internal_message.html?_=1591059875419&CODE_STATE=getMsg HTTP/1.1" 200 27
58.221.95.50 - - [02/Jun/2020:09:04:35 +0800] "GET /xingrg/all/function/internal_message.html?_=1591059925761&CODE_STATE=getMsg HTTP/1.1" 200 27
114.84.33.255 - - [02/Jun/2020:09:04:36 +0800] "GET /xingrg/check_reg.html?_=1591059882157 HTTP/1.1" 200 22
116.230.77.149 - - [02/Jun/2020:09:04:39 +0800] "GET /xingrg/kc/buy/cgsh_order_operate.html?command=get_materiel&rest_code=00107&code=00101008091&supplier_code=00100006&order_time=2020-06-02 HTTP/1.1" 200 412
114.84.33.255 - - [02/Jun/2020:09:04:40 +0800] "GET /xingrg/kc/buy/cgsh_order_operate.html?command=get_materiel&rest_code=00146&code=00101007081&supplier_code=00100002&order_time=2020-06-02 HTTP/1.1" 200 415
120.253.135.82 - - [02/Jun/2020:09:04:49 +0800] "GET /xingrg/check_reg.html?_=1591059970665 HTTP/1.1" 200 22
120.253.135.82 - - [02/Jun/2020:09:04:49 +0800] "GET /xingrg/all/function/internal_message.html?_=1591059970995&CODE_STATE=getMsg HTTP/1.1" 200 27
116.230.77.149 - - [02/Jun/2020:09:04:52 +0800] "GET /xingrg/kc/buy/cgsh_order_operate.html?command=get_materiel&rest_code=00107&code=00101008256&supplier_code=00100006&order_time=2020-06-02 HTTP/1.1" 200 412
114.84.33.255 - - [02/Jun/2020:09:04:57 +0800] "GET /xingrg/kc/buy/cgsh_order_operate.html?command=get_materiel&rest_code=00146&code=00101007049&supplier_code=00100002&order_time=2020-06-02 HTTP/1.1" 200 409
180.175.212.199 - - [02/Jun/2020:09:05:04 +0800] "GET /xingrg/check_reg.html?_=1591060107488 HTTP/1.1" 200 22
180.175.212.199 - - [02/Jun/2020:09:05:04 +0800] "GET /xingrg/all/function/internal_message.html?_=1591060107652&CODE_STATE=getMsg HTTP/1.1" 200 27
114.84.33.255 - - [02/Jun/2020:09:05:05 +0800] "GET /xingrg/kc/buy/cgsh_order_operate.html?command=get_materiel&rest_code=00146&code=00101007089&supplier_code=00100002&order_time=2020-06-02 HTTP/1.1" 200 408
116.230.77.149 - - [02/Jun/2020:09:05:05 +0800] "GET /xingrg/kc/buy/cgsh_order_operate.html?command=get_materiel&rest_code=00107&code=00101008155&supplier_code=00100006&order_time=2020-06-02 HTTP/1.1" 200 408
114.88.170.9 - - [02/Jun/2020:09:05:06 +0800] "GET /xingrg/all/function/internal_message.html?_=1591059902934&CODE_STATE=getMsg HTTP/1.1" 200 27
116.230.77.149 - - [02/Jun/2020:09:05:14 +0800] "GET /xingrg/kc/buy/cgsh_order_operate.html?command=get_materiel&rest_code=00107&code=00101008349&supplier_code=00100006&order_time=2020-06-02 HTTP/1.1" 200 412
172.17.0.240 - - [02/Jun/2020:09:05:18 +0800] "GET /xingrg/all/function/internal_message.html?_=1591059916121&CODE_STATE=getMsg HTTP/1.1" 200 27
114.84.33.255 - - [02/Jun/2020:09:05:18 +0800] "GET /xingrg/all/function/internal_message.html?_=1591059924183&CODE_STATE=getMsg HTTP/1.1" 200 27
172.17.0.240 - - [02/Jun/2020:09:05:19 +0800] "GET /xingrg/system/rest/list_page.html?p=menu HTTP/1.1" 200 112549
172.17.0.240 - - [02/Jun/2020:09:05:20 +0800] "GET /xingrg/dwr/interface/AjaxGetFirstChart.js HTTP/1.1" 200 631
172.17.0.240 - - [02/Jun/2020:09:05:20 +0800] "GET /xingrg/dwr/util.js HTTP/1.1" 304 -
172.17.0.240 - - [02/Jun/2020:09:05:20 +0800] "GET /xingrg/dwr/engine.js HTTP/1.1" 200 43631
172.17.0.240 - - [02/Jun/2020:09:05:20 +0800] "GET /xingrg/system/rest/query_items.html?_=1591059918316&table=menu&page=1&rows=20&categoryId=&key= HTTP/1.1" 200 4729
120.253.135.82 - - [02/Jun/2020:09:05:21 +0800] "GET /xingrg/all/function/internal_message.html?_=1591059677298&CODE_STATE=getMsg HTTP/1.1" 200 27
172.17.0.240 - - [02/Jun/2020:09:05:22 +0800] "GET /xingrg/system/rest/query_items.html?_=1591059919890&table=menu&page=1&rows=20&categoryId=&key=3052 HTTP/1.1" 200 263
116.230.77.149 - - [02/Jun/2020:09:05:23 +0800] "GET /xingrg/kc/buy/cgsh_order_operate.html?command=get_materiel&rest_code=00107&code=00101008015&supplier_code=00100006&order_time=2020-06-02 HTTP/1.1" 200 414
172.17.0.240 - - [02/Jun/2020:09:05:25 +0800] "GET /xingrg/system/rest/query_items.html?_=1591059923314&table=menu&page=1&rows=20&categoryId=&key=3052 HTTP/1.1" 200 263
116.230.77.149 - - [02/Jun/2020:09:05:29 +0800] "GET /xingrg/all/function/internal_message.html?_=1591059927755&CODE_STATE=getMsg HTTP/1.1" 200 27
61.172.5.115 - - [02/Jun/2020:09:05:31 +0800] "GET /xingrg/all/function/internal_message.html?_=1591059931202&CODE_STATE=getMsg HTTP/1.1" 200 27
114.84.33.255 - - [02/Jun/2020:09:05:31 +0800] "GET /xingrg/kc/buy/cgsh_order_operate.html?command=get_materiel&rest_code=00146&code=00101007059&supplier_code=00100002&order_time=2020-06-02 HTTP/1.1" 200 409
114.84.33.255 - - [02/Jun/2020:09:05:31 +0800] "GET /xingrg/all/function/internal_message.html?_=1591059935432&CODE_STATE=getMsg HTTP/1.1" 200 27
58.221.95.50 - - [02/Jun/2020:09:05:32 +0800] "POST /xingrg/dwr/call/plaincall/AjaxCheckService.setItemNumber.dwr HTTP/1.1" 200 78
58.221.95.50 - - [02/Jun/2020:09:05:35 +0800] "GET /xingrg/all/function/internal_message.html?_=1591059985778&CODE_STATE=getMsg HTTP/1.1" 200 27
116.230.77.149 - - [02/Jun/2020:09:05:36 +0800] "GET /xingrg/kc/buy/cgsh_order_operate.html?command=get_materiel&rest_code=00107&code=00101008038&supplier_code=00100006&order_time=2020-06-02 HTTP/1.1" 200 412
114.84.33.255 - - [02/Jun/2020:09:05:43 +0800] "GET /xingrg/kc/buy/cgsh_order_operate.html?command=get_materiel&rest_code=00146&code=00101007061&supplier_code=00100002&order_time=2020-06-02 HTTP/1.1" 200 409
116.230.77.149 - - [02/Jun/2020:09:05:45 +0800] "GET /xingrg/kc/buy/cgsh_order_operate.html?command=get_materiel&rest_code=00107&code=00101008358&supplier_code=00100006&order_time=2020-06-02 HTTP/1.1" 200 412
120.253.135.82 - - [02/Jun/2020:09:05:49 +0800] "GET /xingrg/all/function/internal_message.html?_=1591060031009&CODE_STATE=getMsg HTTP/1.1" 200 27
116.230.77.149 - - [02/Jun/2020:09:05:56 +0800] "GET /xingrg/kc/buy/cgsh_order_operate.html?command=get_materiel&rest_code=00107&code=00101008163&supplier_code=00100006&order_time=2020-06-02 HTTP/1.1" 200 408
114.84.33.255 - - [02/Jun/2020:09:05:57 +0800] "POST /xingrg/kc/buy/cgsh_order_operate.html HTTP/1.1" 200 37
114.84.33.255 - - [02/Jun/2020:09:05:59 +0800] "POST /xingrg/kc/buy/cgsh_order_operate.html HTTP/1.1" 200 5604
58.221.95.50 - - [02/Jun/2020:09:05:59 +0800] "POST /xingrg/dwr/call/plaincall/AjaxCheckService.setItemNumber.dwr HTTP/1.1" 200 78
180.175.212.199 - - [02/Jun/2020:09:06:04 +0800] "GET /xingrg/all/function/internal_message.html?_=1591060167671&CODE_STATE=getMsg HTTP/1.1" 200 27
114.88.170.9 - - [02/Jun/2020:09:06:06 +0800] "GET /xingrg/all/function/internal_message.html?_=1591059962937&CODE_STATE=getMsg HTTP/1.1" 200 27
116.230.77.149 - - [02/Jun/2020:09:06:11 +0800] "GET /xingrg/kc/buy/cgsh_order_operate.html?command=get_materiel&rest_code=00107&code=00101008083&supplier_code=00100006&order_time=2020-06-02 HTTP/1.1" 200 427
116.230.77.149 - - [02/Jun/2020:09:06:13 +0800] "POST /xingrg/all/common/load_select.html HTTP/1.1" 200 25
116.230.77.149 - - [02/Jun/2020:09:06:15 +0800] "GET /xingrg/kc/buy/cgsh_order_operate.html?command=get_materiel_price&rest_code=00107&code=00101008083&unit_code=00100026&supplier_code=00100006&order_time=2020-06-02 HTTP/1.1" 200 27
172.17.0.240 - - [02/Jun/2020:09:06:18 +0800] "GET /xingrg/all/function/internal_message.html?_=1591059976131&CODE_STATE=getMsg HTTP/1.1" 200 27
114.84.33.255 - - [02/Jun/2020:09:06:18 +0800] "GET /xingrg/all/function/internal_message.html?_=1591059984198&CODE_STATE=getMsg HTTP/1.1" 200 27
120.253.135.82 - - [02/Jun/2020:09:06:21 +0800] "GET /xingrg/check_reg.html?_=1591059737022 HTTP/1.1" 200 22
120.253.135.82 - - [02/Jun/2020:09:06:21 +0800] "GET /xingrg/all/function/internal_message.html?_=1591059737311&CODE_STATE=getMsg HTTP/1.1" 200 27
116.230.77.149 - - [02/Jun/2020:09:06:29 +0800] "GET /xingrg/all/function/internal_message.html?_=1591059987812&CODE_STATE=getMsg HTTP/1.1" 200 27
116.230.77.149 - - [02/Jun/2020:09:06:29 +0800] "GET /xingrg/check_reg.html?_=1591059987823 HTTP/1.1" 200 22
61.172.5.115 - - [02/Jun/2020:09:06:31 +0800] "GET /xingrg/check_reg.html?_=1591059991204 HTTP/1.1" 200 22
61.172.5.115 - - [02/Jun/2020:09:06:31 +0800] "GET /xingrg/all/function/internal_message.html?_=1591059991208&CODE_STATE=getMsg HTTP/1.1" 200 27
114.84.33.255 - - [02/Jun/2020:09:06:31 +0800] "GET /xingrg/all/function/internal_message.html?_=1591059995443&CODE_STATE=getMsg HTTP/1.1" 200 27
116.230.77.149 - - [02/Jun/2020:09:06:33 +0800] "GET /xingrg/kc/buy/cgsh_order_operate.html?command=get_materiel&rest_code=00107&code=00101008355&supplier_code=00100006&order_time=2020-06-02 HTTP/1.1" 200 408
58.221.95.50 - - [02/Jun/2020:09:06:35 +0800] "GET /xingrg/check_reg.html?_=1591060045765 HTTP/1.1" 200 22
58.221.95.50 - - [02/Jun/2020:09:06:35 +0800] "GET /xingrg/all/function/internal_message.html?_=1591060045768&CODE_STATE=getMsg HTTP/1.1" 200 27
116.230.77.149 - - [02/Jun/2020:09:06:47 +0800] "GET /xingrg/kc/buy/cgsh_order_operate.html?command=get_materiel&rest_code=00107&code=00101008067&supplier_code=00100006&order_time=2020-06-02 HTTP/1.1" 200 416
120.253.135.82 - - [02/Jun/2020:09:06:49 +0800] "GET /xingrg/all/function/internal_message.html?_=1591060091021&CODE_STATE=getMsg HTTP/1.1" 200 27
114.84.33.255 - - [02/Jun/2020:09:06:56 +0800] "POST /xingrg/kc/buy/cgsh_order_operate.html HTTP/1.1" 200 37
114.84.33.255 - - [02/Jun/2020:09:06:57 +0800] "POST /xingrg/kc/buy/cgsh_order_operate.html HTTP/1.1" 200 5604
114.84.33.255 - - [02/Jun/2020:09:06:59 +0800] "GET /xingrg/kc/print/load_data.html?order_code=212020060200384&kc_code=cgsh&condition= HTTP/1.1" 200 1858
180.162.232.172 - - [02/Jun/2020:09:07:00 +0800] "GET /xingrg/check_reg.html?_=1591060018846 HTTP/1.1" 200 22
116.230.77.149 - - [02/Jun/2020:09:07:01 +0800] "GET /xingrg/kc/buy/cgsh_order_operate.html?command=get_materiel&rest_code=00107&code=00101008270&supplier_code=00100006&order_time=2020-06-02 HTTP/1.1" 200 412
180.175.212.199 - - [02/Jun/2020:09:07:04 +0800] "GET /xingrg/all/function/internal_message.html?_=1591060227684&CODE_STATE=getMsg HTTP/1.1" 200 27
114.88.170.9 - - [02/Jun/2020:09:07:06 +0800] "GET /xingrg/all/function/internal_message.html?_=1591060022935&CODE_STATE=getMsg HTTP/1.1" 200 27
116.230.77.149 - - [02/Jun/2020:09:07:15 +0800] "GET /xingrg/kc/buy/cgsh_order_operate.html?command=get_materiel&rest_code=00107&code=00101008352&supplier_code=00100006&order_time=2020-06-02 HTTP/1.1" 200 412
172.17.0.240 - - [02/Jun/2020:09:07:18 +0800] "GET /xingrg/all/function/internal_message.html?_=1591060036124&CODE_STATE=getMsg HTTP/1.1" 200 27
114.84.33.255 - - [02/Jun/2020:09:07:18 +0800] "GET /xingrg/all/function/internal_message.html?_=1591060044333&CODE_STATE=getMsg HTTP/1.1" 200 27
120.253.135.82 - - [02/Jun/2020:09:07:21 +0800] "GET /xingrg/all/function/internal_message.html?_=1591059797325&CODE_STATE=getMsg HTTP/1.1" 200 27
116.230.77.149 - - [02/Jun/2020:09:07:28 +0800] "GET /xingrg/kc/buy/cgsh_order_operate.html?command=get_materiel&rest_code=00107&code=00101015006&supplier_code=00100006&order_time=2020-06-02 HTTP/1.1" 200 413
116.230.77.149 - - [02/Jun/2020:09:07:29 +0800] "GET /xingrg/all/function/internal_message.html?_=1591060047830&CODE_STATE=getMsg HTTP/1.1" 200 27
61.172.5.115 - - [02/Jun/2020:09:07:31 +0800] "GET /xingrg/all/function/internal_message.html?_=1591060051209&CODE_STATE=getMsg HTTP/1.1" 200 27
114.84.33.255 - - [02/Jun/2020:09:07:31 +0800] "GET /xingrg/all/function/internal_message.html?_=1591060055577&CODE_STATE=getMsg HTTP/1.1" 200 27
58.221.95.50 - - [02/Jun/2020:09:07:35 +0800] "GET /xingrg/all/function/internal_message.html?_=1591060105764&CODE_STATE=getMsg HTTP/1.1" 200 27
116.230.77.149 - - [02/Jun/2020:09:07:40 +0800] "POST /xingrg/kc/buy/cgsh_order_operate.html HTTP/1.1" 200 37
116.230.77.149 - - [02/Jun/2020:09:07:42 +0800] "POST /xingrg/kc/buy/cgsh_order_operate.html HTTP/1.1" 200 9765
58.221.95.50 - - [02/Jun/2020:09:07:42 +0800] "POST /xingrg/dwr/call/plaincall/AjaxCheckService.setItemNumber.dwr HTTP/1.1" 200 78
58.221.95.50 - - [02/Jun/2020:09:07:46 +0800] "POST /xingrg/dwr/call/plaincall/AjaxCheckService.setItemNumber.dwr HTTP/1.1" 200 78
116.230.77.149 - - [02/Jun/2020:09:07:49 +0800] "GET /xingrg/kc/buy/cgsh_order_operate.html?command=get_materiel&rest_code=00107&code=00101008176&supplier_code=00100006&order_time=2020-06-02 HTTP/1.1" 200 413
120.253.135.82 - - [02/Jun/2020:09:07:49 +0800] "GET /xingrg/all/function/internal_message.html?_=1591060151048&CODE_STATE=getMsg HTTP/1.1" 200 27
58.221.95.50 - - [02/Jun/2020:09:07:53 +0800] "POST /xingrg/dwr/call/plaincall/AjaxCheckService.setItemNumber.dwr HTTP/1.1" 200 78
116.230.77.149 - - [02/Jun/2020:09:08:00 +0800] "GET /xingrg/kc/buy/cgsh_order_operate.html?command=get_materiel&rest_code=00107&code=00101008244&supplier_code=00100006&order_time=2020-06-02 HTTP/1.1" 200 410
180.175.212.199 - - [02/Jun/2020:09:08:04 +0800] "GET /xingrg/all/function/internal_message.html?_=1591060287710&CODE_STATE=getMsg HTTP/1.1" 200 27
114.88.170.9 - - [02/Jun/2020:09:08:06 +0800] "GET /xingrg/all/function/internal_message.html?_=1591060082935&CODE_STATE=getMsg HTTP/1.1" 200 27
116.230.77.149 - - [02/Jun/2020:09:08:14 +0800] "GET /xingrg/kc/buy/cgsh_order_operate.html?command=get_materiel&rest_code=00107&code=00101008224&supplier_code=00100006&order_time=2020-06-02 HTTP/1.1" 200 416
172.17.0.240 - - [02/Jun/2020:09:08:14 +0800] "GET /xingrg/check_reg.html?_=1591060092585 HTTP/1.1" 200 22
172.17.0.240 - - [02/Jun/2020:09:08:18 +0800] "GET /xingrg/check_reg.html?_=1591060096135 HTTP/1.1" 200 22
172.17.0.240 - - [02/Jun/2020:09:08:18 +0800] "GET /xingrg/all/function/internal_message.html?_=1591060096136&CODE_STATE=getMsg HTTP/1.1" 200 27
114.84.33.255 - - [02/Jun/2020:09:08:18 +0800] "GET /xingrg/all/function/internal_message.html?_=1591060104349&CODE_STATE=getMsg HTTP/1.1" 200 27
120.253.135.82 - - [02/Jun/2020:09:08:21 +0800] "GET /xingrg/all/function/internal_message.html?_=1591059857339&CODE_STATE=getMsg HTTP/1.1" 200 27
116.230.77.149 - - [02/Jun/2020:09:08:23 +0800] "GET /xingrg/kc/buy/cgsh_order_operate.html?command=get_materiel&rest_code=00107&code=00101008185&supplier_code=00100006&order_time=2020-06-02 HTTP/1.1" 200 408
116.230.77.149 - - [02/Jun/2020:09:08:26 +0800] "POST /xingrg/kc/buy/cgsh_order_operate.html HTTP/1.1" 200 2065
116.230.77.149 - - [02/Jun/2020:09:08:30 +0800] "GET /xingrg/all/function/internal_message.html?_=1591060107915&CODE_STATE=getMsg HTTP/1.1" 200 27
61.172.5.115 - - [02/Jun/2020:09:08:31 +0800] "GET /xingrg/all/function/internal_message.html?_=1591060111210&CODE_STATE=getMsg HTTP/1.1" 200 27
114.84.33.255 - - [02/Jun/2020:09:08:31 +0800] "GET /xingrg/all/function/internal_message.html?_=1591060115585&CODE_STATE=getMsg HTTP/1.1" 200 27
116.230.77.149 - - [02/Jun/2020:09:08:33 +0800] "GET /xingrg/kc/buy/cgsh_order_operate.html?command=get_materiel&rest_code=00107&code=00101008003&supplier_code=00100006&order_time=2020-06-02 HTTP/1.1" 200 408
58.221.95.50 - - [02/Jun/2020:09:08:35 +0800] "GET /xingrg/all/function/internal_message.html?_=1591060165763&CODE_STATE=getMsg HTTP/1.1" 200 27
114.84.33.255 - - [02/Jun/2020:09:08:42 +0800] "GET /xingrg/kc/buy/buy_main.html HTTP/1.1" 200 12412
114.84.33.255 - - [02/Jun/2020:09:08:42 +0800] "GET /xingrg/css/new_ie.css HTTP/1.1" 404 1036
114.84.33.255 - - [02/Jun/2020:09:08:43 +0800] "GET /xingrg/images/yd/bt.gif HTTP/1.1" 404 1040
114.84.33.255 - - [02/Jun/2020:09:08:43 +0800] "GET /xingrg/kc/buy/cgsh_order_list.html HTTP/1.1" 200 43002
114.84.33.255 - - [02/Jun/2020:09:08:45 +0800] "POST /xingrg/kc/buy/cgsh_list_operate.html HTTP/1.1" 200 2411
114.84.33.255 - - [02/Jun/2020:09:08:47 +0800] "POST /xingrg/kc/buy/cgsh_list_operate.html HTTP/1.1" 200 579
114.84.33.255 - - [02/Jun/2020:09:08:48 +0800] "GET /xingrg/kc/buy/cgsh_order_info.html?code=212020060200381 HTTP/1.1" 200 58749
114.84.33.255 - - [02/Jun/2020:09:08:48 +0800] "GET /xingrg/javascript/easyui/themes/default/validatebox.css HTTP/1.1" 404 1104
114.84.33.255 - - [02/Jun/2020:09:08:48 +0800] "POST /xingrg/kc/buy/cgsh_order_operate.html HTTP/1.1" 200 47584
120.253.135.82 - - [02/Jun/2020:09:08:49 +0800] "GET /xingrg/all/function/internal_message.html?_=1591060211064&CODE_STATE=getMsg HTTP/1.1" 200 27
116.230.77.149 - - [02/Jun/2020:09:09:00 +0800] "GET /xingrg/kc/buy/cgsh_order_operate.html?command=get_materiel&rest_code=00107&code=00101008126&supplier_code=00100006&order_time=2020-06-02 HTTP/1.1" 200 412
180.175.212.199 - - [02/Jun/2020:09:09:04 +0800] "GET /xingrg/all/function/internal_message.html?_=1591060347712&CODE_STATE=getMsg HTTP/1.1" 200 27
114.88.170.9 - - [02/Jun/2020:09:09:06 +0800] "GET /xingrg/check_reg.html?_=1591060142936 HTTP/1.1" 200 22
114.88.170.9 - - [02/Jun/2020:09:09:06 +0800] "GET /xingrg/all/function/internal_message.html?_=1591060142939&CODE_STATE=getMsg HTTP/1.1" 200 27
116.230.77.149 - - [02/Jun/2020:09:09:08 +0800] "GET /xingrg/kc/buy/cgsh_order_operate.html?command=get_materiel&rest_code=00107&code=00101008415&supplier_code=00100006&order_time=2020-06-02 HTTP/1.1" 200 398
172.17.0.240 - - [02/Jun/2020:09:09:18 +0800] "GET /xingrg/all/function/internal_message.html?_=1591060156129&CODE_STATE=getMsg HTTP/1.1" 200 27
114.84.33.255 - - [02/Jun/2020:09:09:18 +0800] "GET /xingrg/all/function/internal_message.html?_=1591060164519&CODE_STATE=getMsg HTTP/1.1" 200 27
116.230.77.149 - - [02/Jun/2020:09:09:19 +0800] "GET /xingrg/kc/buy/cgsh_order_operate.html?command=get_materiel&rest_code=00107&code=00101008188&supplier_code=00100006&order_time=2020-06-02 HTTP/1.1" 200 412
120.253.135.82 - - [02/Jun/2020:09:09:21 +0800] "GET /xingrg/all/function/internal_message.html?_=1591059917365&CODE_STATE=getMsg HTTP/1.1" 200 27
116.230.77.149 - - [02/Jun/2020:09:09:29 +0800] "GET /xingrg/all/function/internal_message.html?_=1591060167919&CODE_STATE=getMsg HTTP/1.1" 200 27
116.230.77.149 - - [02/Jun/2020:09:09:30 +0800] "GET /xingrg/kc/buy/cgsh_order_operate.html?command=get_materiel&rest_code=00107&code=00101008360&supplier_code=00100006&order_time=2020-06-02 HTTP/1.1" 200 412
114.84.33.255 - - [02/Jun/2020:09:09:31 +0800] "GET /xingrg/check_reg.html?_=1591060174896 HTTP/1.1" 200 22
61.172.5.115 - - [02/Jun/2020:09:09:31 +0800] "GET /xingrg/all/function/internal_message.html?_=1591060171210&CODE_STATE=getMsg HTTP/1.1" 200 27
114.84.33.255 - - [02/Jun/2020:09:09:31 +0800] "GET /xingrg/all/function/internal_message.html?_=1591060175723&CODE_STATE=getMsg HTTP/1.1" 200 27
58.221.95.50 - - [02/Jun/2020:09:09:35 +0800] "GET /xingrg/all/function/internal_message.html?_=1591060225758&CODE_STATE=getMsg HTTP/1.1" 200 27
114.84.33.255 - - [02/Jun/2020:09:09:36 +0800] "GET /xingrg/check_reg.html?_=1591060182170 HTTP/1.1" 200 22
116.230.77.149 - - [02/Jun/2020:09:09:38 +0800] "GET /xingrg/kc/buy/cgsh_order_operate.html?command=get_materiel&rest_code=00107&code=00101008137&supplier_code=00100006&order_time=2020-06-02 HTTP/1.1" 200 408
114.84.33.255 - - [02/Jun/2020:09:09:38 +0800] "POST /xingrg/kc/buy/cgsh_order_operate.html HTTP/1.1" 200 37
116.230.77.149 - - [02/Jun/2020:09:09:40 +0800] "POST /xingrg/kc/buy/cgsh_order_operate.html HTTP/1.1" 200 2065
114.84.33.255 - - [02/Jun/2020:09:09:41 +0800] "POST /xingrg/kc/buy/cgsh_order_operate.html HTTP/1.1" 200 47585
116.230.77.149 - - [02/Jun/2020:09:09:48 +0800] "GET /xingrg/kc/buy/cgsh_order_operate.html?command=get_materiel&rest_code=00107&code=00101008286&supplier_code=00100006&order_time=2020-06-02 HTTP/1.1" 200 408
120.253.135.82 - - [02/Jun/2020:09:09:49 +0800] "GET /xingrg/check_reg.html?_=1591060270685 HTTP/1.1" 200 22
120.253.135.82 - - [02/Jun/2020:09:09:49 +0800] "GET /xingrg/all/function/internal_message.html?_=1591060271078&CODE_STATE=getMsg HTTP/1.1" 200 27
116.230.77.149 - - [02/Jun/2020:09:10:01 +0800] "GET /xingrg/kc/buy/cgsh_order_operate.html?command=get_materiel&rest_code=00107&code=00101008296&supplier_code=00100006&order_time=2020-06-02 HTTP/1.1" 200 416
58.221.95.50 - - [02/Jun/2020:09:10:02 +0800] "POST /xingrg/dwr/call/plaincall/AjaxCheckService.setItemNumber.dwr HTTP/1.1" 200 78
180.175.212.199 - - [02/Jun/2020:09:10:04 +0800] "GET /xingrg/check_reg.html?_=1591060407506 HTTP/1.1" 200 22
180.175.212.199 - - [02/Jun/2020:09:10:04 +0800] "GET /xingrg/all/function/internal_message.html?_=1591060407726&CODE_STATE=getMsg HTTP/1.1" 200 27
114.88.170.9 - - [02/Jun/2020:09:10:06 +0800] "GET /xingrg/all/function/internal_message.html?_=1591060202938&CODE_STATE=getMsg HTTP/1.1" 200 27
172.17.0.240 - - [02/Jun/2020:09:10:18 +0800] "GET /xingrg/all/function/internal_message.html?_=1591060216121&CODE_STATE=getMsg HTTP/1.1" 200 27
114.84.33.255 - - [02/Jun/2020:09:10:18 +0800] "GET /xingrg/all/function/internal_message.html?_=1591060224532&CODE_STATE=getMsg HTTP/1.1" 200 27
116.230.77.149 - - [02/Jun/2020:09:10:20 +0800] "GET /xingrg/kc/buy/cgsh_order_operate.html?command=get_materiel&rest_code=00107&code=00101008344&supplier_code=00100006&order_time=2020-06-02 HTTP/1.1" 200 412
120.253.135.82 - - [02/Jun/2020:09:10:21 +0800] "GET /xingrg/all/function/internal_message.html?_=1591059977382&CODE_STATE=getMsg HTTP/1.1" 200 27
116.230.77.149 - - [02/Jun/2020:09:10:29 +0800] "GET /xingrg/all/function/internal_message.html?_=1591060227899&CODE_STATE=getMsg HTTP/1.1" 200 27
61.172.5.115 - - [02/Jun/2020:09:10:31 +0800] "GET /xingrg/all/function/internal_message.html?_=1591060231208&CODE_STATE=getMsg HTTP/1.1" 200 27
114.84.33.255 - - [02/Jun/2020:09:10:31 +0800] "GET /xingrg/all/function/internal_message.html?_=1591060235738&CODE_STATE=getMsg HTTP/1.1" 200 27
116.230.77.149 - - [02/Jun/2020:09:10:33 +0800] "GET /xingrg/kc/buy/cgsh_order_operate.html?command=get_materiel&rest_code=00107&code=00101008331&supplier_code=00100006&order_time=2020-06-02 HTTP/1.1" 200 416
58.221.95.50 - - [02/Jun/2020:09:10:35 +0800] "GET /xingrg/all/function/internal_message.html?_=1591060285767&CODE_STATE=getMsg HTTP/1.1" 200 27
116.230.77.149 - - [02/Jun/2020:09:10:47 +0800] "GET /xingrg/kc/buy/cgsh_order_operate.html?command=get_materiel&rest_code=00107&code=00101008350&supplier_code=00100006&order_time=2020-06-02 HTTP/1.1" 200 408
120.253.135.82 - - [02/Jun/2020:09:10:49 +0800] "GET /xingrg/all/function/internal_message.html?_=1591060331092&CODE_STATE=getMsg HTTP/1.1" 200 27
116.230.77.149 - - [02/Jun/2020:09:10:58 +0800] "GET /xingrg/kc/buy/cgsh_order_operate.html?command=get_materiel&rest_code=00107&code=00101008356&supplier_code=00100006&order_time=2020-06-02 HTTP/1.1" 200 408
116.230.77.149 - - [02/Jun/2020:09:11:00 +0800] "POST /xingrg/kc/buy/cgsh_order_operate.html HTTP/1.1" 200 2065
180.175.212.199 - - [02/Jun/2020:09:11:04 +0800] "GET /xingrg/all/function/internal_message.html?_=1591060467740&CODE_STATE=getMsg HTTP/1.1" 200 27
114.88.170.9 - - [02/Jun/2020:09:11:06 +0800] "GET /xingrg/all/function/internal_message.html?_=1591060262938&CODE_STATE=getMsg HTTP/1.1" 200 27
61.172.5.115 - - [02/Jun/2020:09:11:07 +0800] "GET /xingrg/kc/buy/cgsh_order_list.html HTTP/1.1" 200 42996
116.230.77.149 - - [02/Jun/2020:09:11:07 +0800] "GET /xingrg/kc/buy/cgsh_order_operate.html?command=get_materiel&rest_code=00107&code=00101008223&supplier_code=00100006&order_time=2020-06-02 HTTP/1.1" 200 412
61.172.5.115 - - [02/Jun/2020:09:11:09 +0800] "POST /xingrg/kc/buy/cgsh_list_operate.html HTTP/1.1" 200 2414
172.17.0.240 - - [02/Jun/2020:09:11:18 +0800] "GET /xingrg/all/function/internal_message.html?_=1591060276130&CODE_STATE=getMsg HTTP/1.1" 200 27
114.84.33.255 - - [02/Jun/2020:09:11:18 +0800] "GET /xingrg/all/function/internal_message.html?_=1591060284546&CODE_STATE=getMsg HTTP/1.1" 200 27
61.172.5.115 - - [02/Jun/2020:09:11:20 +0800] "GET /xingrg/kc/buy/cgsh_order_add.html HTTP/1.1" 200 58734
61.172.5.115 - - [02/Jun/2020:09:11:20 +0800] "GET /xingrg/javascript/easyui/themes/default/validatebox.css HTTP/1.1" 404 1104
61.172.5.115 - - [02/Jun/2020:09:11:20 +0800] "POST /xingrg/kc/buy/cgsh_order_operate.html HTTP/1.1" 200 8245
120.253.135.82 - - [02/Jun/2020:09:11:21 +0800] "GET /xingrg/check_reg.html?_=1591060037028 HTTP/1.1" 200 22
120.253.135.82 - - [02/Jun/2020:09:11:21 +0800] "GET /xingrg/all/function/internal_message.html?_=1591060037394&CODE_STATE=getMsg HTTP/1.1" 200 27
172.17.0.119 - - [02/Jun/2020:09:11:25 +0800] "GET /xingrg/all/function/internal_message.html?_=1591060284072&CODE_STATE=getMsg HTTP/1.1" 302 -
172.17.0.119 - - [02/Jun/2020:09:11:25 +0800] "GET /xingrg/login.html HTTP/1.1" 200 7636
172.17.0.119 - - [02/Jun/2020:09:11:26 +0800] "GET /xingrg/check_reg.html?_=1591060284064 HTTP/1.1" 302 -
172.17.0.119 - - [02/Jun/2020:09:11:26 +0800] "GET /xingrg/all/function/internal_message.html?_=1591060285155&CODE_STATE=getMsg HTTP/1.1" 200 27
172.17.0.119 - - [02/Jun/2020:09:11:26 +0800] "GET /xingrg/check_reg.html?_=1591060285163 HTTP/1.1" 200 22
61.172.5.115 - - [02/Jun/2020:09:11:28 +0800] "GET /xingrg/kc/buy/cgsh_order_operate.html?command=get_materiel&rest_code=00105&code=00101002027&supplier_code=00100203&order_time=2020-06-02 HTTP/1.1" 200 413
116.230.77.149 - - [02/Jun/2020:09:11:29 +0800] "GET /xingrg/check_reg.html?_=1591060287812 HTTP/1.1" 200 22
116.230.77.149 - - [02/Jun/2020:09:11:29 +0800] "GET /xingrg/all/function/internal_message.html?_=1591060287869&CODE_STATE=getMsg HTTP/1.1" 200 27
61.172.5.115 - - [02/Jun/2020:09:11:31 +0800] "GET /xingrg/check_reg.html?_=1591060291223 HTTP/1.1" 200 22
61.172.5.115 - - [02/Jun/2020:09:11:31 +0800] "GET /xingrg/all/function/internal_message.html?_=1591060291224&CODE_STATE=getMsg HTTP/1.1" 200 27
116.230.77.149 - - [02/Jun/2020:09:11:31 +0800] "GET /xingrg/kc/buy/cgsh_order_operate.html?command=get_materiel&rest_code=00107&code=00101008114&supplier_code=00100006&order_time=2020-06-02 HTTP/1.1" 200 412
114.84.33.255 - - [02/Jun/2020:09:11:31 +0800] "GET /xingrg/all/function/internal_message.html?_=1591060295750&CODE_STATE=getMsg HTTP/1.1" 200 27
58.221.95.50 - - [02/Jun/2020:09:11:35 +0800] "GET /xingrg/all/function/internal_message.html?_=1591060345767&CODE_STATE=getMsg HTTP/1.1" 200 27
58.221.95.50 - - [02/Jun/2020:09:11:35 +0800] "GET /xingrg/check_reg.html?_=1591060345764 HTTP/1.1" 200 22
61.172.5.115 - - [02/Jun/2020:09:11:42 +0800] "GET /xingrg/kc/buy/cgsh_order_operate.html?command=get_materiel&rest_code=00105&code=00101008221&supplier_code=00100203&order_time=2020-06-02 HTTP/1.1" 200 412
116.230.77.149 - - [02/Jun/2020:09:11:47 +0800] "GET /xingrg/kc/buy/cgsh_order_operate.html?command=get_materiel&rest_code=00107&code=00101009007&supplier_code=00100006&order_time=2020-06-02 HTTP/1.1" 200 408
120.253.135.82 - - [02/Jun/2020:09:11:49 +0800] "GET /xingrg/all/function/internal_message.html?_=1591060391105&CODE_STATE=getMsg HTTP/1.1" 200 27
61.172.5.115 - - [02/Jun/2020:09:11:54 +0800] "GET /xingrg/kc/buy/cgsh_order_operate.html?command=get_materiel&rest_code=00105&code=00101008361&supplier_code=00100203&order_time=2020-06-02 HTTP/1.1" 200 408
116.230.77.149 - - [02/Jun/2020:09:11:56 +0800] "GET /xingrg/kc/buy/cgsh_order_operate.html?command=get_materiel&rest_code=00107&code=00101008041&supplier_code=00100006&order_time=2020-06-02 HTTP/1.1" 200 408
180.162.232.172 - - [02/Jun/2020:09:12:00 +0800] "GET /xingrg/check_reg.html?_=1591060318852 HTTP/1.1" 200 22
180.175.212.199 - - [02/Jun/2020:09:12:04 +0800] "GET /xingrg/all/function/internal_message.html?_=1591060527752&CODE_STATE=getMsg HTTP/1.1" 200 27
114.88.170.9 - - [02/Jun/2020:09:12:06 +0800] "GET /xingrg/all/function/internal_message.html?_=1591060322939&CODE_STATE=getMsg HTTP/1.1" 200 27
116.230.77.149 - - [02/Jun/2020:09:12:07 +0800] "GET /xingrg/kc/buy/cgsh_order_operate.html?command=get_materiel&rest_code=00107&code=00101008236&supplier_code=00100006&order_time=2020-06-02 HTTP/1.1" 200 416
116.230.77.149 - - [02/Jun/2020:09:12:10 +0800] "POST /xingrg/kc/buy/cgsh_order_operate.html HTTP/1.1" 200 2065
61.172.5.115 - - [02/Jun/2020:09:12:13 +0800] "GET /xingrg/kc/buy/cgsh_order_operate.html?command=get_materiel&rest_code=00105&code=00101008264&supplier_code=00100203&order_time=2020-06-02 HTTP/1.1" 200 412
172.17.0.240 - - [02/Jun/2020:09:12:18 +0800] "GET /xingrg/all/function/internal_message.html?_=1591060336124&CODE_STATE=getMsg HTTP/1.1" 200 27
114.84.33.255 - - [02/Jun/2020:09:12:19 +0800] "GET /xingrg/all/function/internal_message.html?_=1591060344676&CODE_STATE=getMsg HTTP/1.1" 200 27
61.172.5.115 - - [02/Jun/2020:09:12:21 +0800] "GET /xingrg/kc/buy/cgsh_order_operate.html?command=get_materiel&rest_code=00105&code=00101008357&supplier_code=00100203&order_time=2020-06-02 HTTP/1.1" 200 408
116.230.77.149 - - [02/Jun/2020:09:12:21 +0800] "GET /xingrg/kc/buy/cgsh_order_operate.html?command=get_materiel&rest_code=00107&code=00101009054&supplier_code=00100006&order_time=2020-06-02 HTTP/1.1" 200 412
120.253.135.82 - - [02/Jun/2020:09:12:21 +0800] "GET /xingrg/all/function/internal_message.html?_=1591060097409&CODE_STATE=getMsg HTTP/1.1" 200 27
172.17.0.119 - - [02/Jun/2020:09:12:25 +0800] "GET /xingrg/all/function/internal_message.html?_=1591060344044&CODE_STATE=getMsg HTTP/1.1" 302 -
172.17.0.119 - - [02/Jun/2020:09:12:26 +0800] "GET /xingrg/all/function/internal_message.html?_=1591060345135&CODE_STATE=getMsg HTTP/1.1" 200 27
61.172.5.115 - - [02/Jun/2020:09:12:27 +0800] "GET /xingrg/kc/buy/cgsh_order_operate.html?command=get_materiel&rest_code=00105&code=00101008108&supplier_code=00100203&order_time=2020-06-02 HTTP/1.1" 200 412
116.230.77.149 - - [02/Jun/2020:09:12:30 +0800] "GET /xingrg/all/function/internal_message.html?_=1591060348007&CODE_STATE=getMsg HTTP/1.1" 200 27
61.172.5.115 - - [02/Jun/2020:09:12:31 +0800] "GET /xingrg/all/function/internal_message.html?_=1591060351229&CODE_STATE=getMsg HTTP/1.1" 200 27
61.172.5.115 - - [02/Jun/2020:09:12:31 +0800] "GET /xingrg/kc/buy/cgsh_order_operate.html?command=get_materiel&rest_code=00105&code=00101008318&supplier_code=00100203&order_time=2020-06-02 HTTP/1.1" 200 408
116.230.77.149 - - [02/Jun/2020:09:12:32 +0800] "GET /xingrg/kc/buy/cgsh_order_operate.html?command=get_materiel&rest_code=00107&code=00101015062&supplier_code=00100006&order_time=2020-06-02 HTTP/1.1" 200 412
114.84.33.255 - - [02/Jun/2020:09:12:32 +0800] "GET /xingrg/all/function/internal_message.html?_=1591060355964&CODE_STATE=getMsg HTTP/1.1" 200 27
58.221.95.50 - - [02/Jun/2020:09:12:35 +0800] "GET /xingrg/all/function/internal_message.html?_=1591060405789&CODE_STATE=getMsg HTTP/1.1" 200 27
61.172.5.115 - - [02/Jun/2020:09:12:37 +0800] "GET /xingrg/kc/buy/cgsh_order_operate.html?command=get_materiel&rest_code=00105&code=00101008005&supplier_code=00100203&order_time=2020-06-02 HTTP/1.1" 200 412
61.172.5.115 - - [02/Jun/2020:09:12:44 +0800] "GET /xingrg/kc/buy/cgsh_order_operate.html?command=get_materiel&rest_code=00105&code=00101008271&supplier_code=00100203&order_time=2020-06-02 HTTP/1.1" 200 408
116.230.77.149 - - [02/Jun/2020:09:12:44 +0800] "GET /xingrg/kc/buy/cgsh_order_operate.html?command=get_materiel&rest_code=00107&code=00101015033&supplier_code=00100006&order_time=2020-06-02 HTTP/1.1" 200 408
120.253.135.82 - - [02/Jun/2020:09:12:49 +0800] "GET /xingrg/all/function/internal_message.html?_=1591060451131&CODE_STATE=getMsg HTTP/1.1" 200 27
58.221.95.50 - - [02/Jun/2020:09:12:51 +0800] "POST /xingrg/dwr/call/plaincall/AjaxCheckService.setItemNumber.dwr HTTP/1.1" 200 78
58.221.95.50 - - [02/Jun/2020:09:12:57 +0800] "POST /xingrg/dwr/call/plaincall/AjaxCheckService.setItemNumber.dwr HTTP/1.1" 200 78
180.175.212.199 - - [02/Jun/2020:09:13:04 +0800] "GET /xingrg/all/function/internal_message.html?_=1591060587777&CODE_STATE=getMsg HTTP/1.1" 200 27
172.17.0.110 - - [02/Jun/2020:09:13:06 +0800] "GET /xingrg/index.html?sysBaseUrl=http%3A%2F%2F172.17.0.8%3A18081%2Fxingrg%2F&costTime=32×tamp=1585227824564 HTTP/1.1" 302 -
172.17.0.110 - - [02/Jun/2020:09:13:06 +0800] "GET /xingrg/login.html HTTP/1.1" 200 7636
114.88.170.9 - - [02/Jun/2020:09:13:06 +0800] "GET /xingrg/all/function/internal_message.html?_=1591060382938&CODE_STATE=getMsg HTTP/1.1" 200 27
172.17.0.110 - - [02/Jun/2020:09:13:07 +0800] "GET /favicon.ico HTTP/1.1" 404 -
172.17.0.240 - - [02/Jun/2020:09:13:14 +0800] "GET /xingrg/check_reg.html?_=1591060392560 HTTP/1.1" 200 22
58.221.95.50 - - [02/Jun/2020:09:13:17 +0800] "POST /xingrg/dwr/call/plaincall/AjaxCheckService.setItemNumber.dwr HTTP/1.1" 200 78
116.230.77.149 - - [02/Jun/2020:09:13:18 +0800] "POST /xingrg/kc/buy/cgsh_order_operate.html HTTP/1.1" 200 2065
172.17.0.240 - - [02/Jun/2020:09:13:18 +0800] "GET /xingrg/all/function/internal_message.html?_=1591060396133&CODE_STATE=getMsg HTTP/1.1" 200 27
172.17.0.240 - - [02/Jun/2020:09:13:18 +0800] "GET /xingrg/check_reg.html?_=1591060396134 HTTP/1.1" 200 22
114.84.33.255 - - [02/Jun/2020:09:13:19 +0800] "GET /xingrg/all/function/internal_message.html?_=1591060404684&CODE_STATE=getMsg HTTP/1.1" 200 27
58.221.95.50 - - [02/Jun/2020:09:13:21 +0800] "POST /xingrg/dwr/call/plaincall/AjaxCheckService.setItemNumber.dwr HTTP/1.1" 200 78
172.17.0.110 - - [02/Jun/2020:09:13:22 +0800] "POST /xingrg/login.do HTTP/1.1" 302 -
172.17.0.110 - - [02/Jun/2020:09:13:22 +0800] "GET /xingrg/index.html?sysBaseUrl=http%3A%2F%2F172.17.0.8%3A18081%2Fxingrg%2F&costTime=40×tamp=1591060402115 HTTP/1.1" 200 17124
172.17.0.110 - - [02/Jun/2020:09:13:22 +0800] "GET /favicon.ico HTTP/1.1" 404 -
172.17.0.110 - - [02/Jun/2020:09:13:22 +0800] "POST /xingrg/all/common/load_tree.html?tree=area_rest_tree_json&manage=1 HTTP/1.1" 200 351
172.17.0.110 - - [02/Jun/2020:09:13:23 +0800] "GET /xingrg/all/function/internal_message.html?_=1591060400300&CODE_STATE=count HTTP/1.1" 200 11
172.17.0.110 - - [02/Jun/2020:09:13:23 +0800] "GET /xingrg/check_reg.html?_=1591060400301 HTTP/1.1" 200 22
172.17.0.110 - - [02/Jun/2020:09:13:23 +0800] "POST /xingrg/load_menu.html HTTP/1.1" 200 5103
58.221.95.50 - - [02/Jun/2020:09:13:23 +0800] "POST /xingrg/dwr/call/plaincall/AjaxCheckService.setItemNumber.dwr HTTP/1.1" 200 78
114.86.190.97 - - [02/Jun/2020:09:13:24 +0800] "GET /xingrg/login.html HTTP/1.1" 200 7641
114.86.190.97 - - [02/Jun/2020:09:13:24 +0800] "GET /favicon.ico HTTP/1.1" 404 -
172.17.0.119 - - [02/Jun/2020:09:13:25 +0800] "GET /xingrg/all/function/internal_message.html?_=1591060404015&CODE_STATE=getMsg HTTP/1.1" 302 -
58.221.95.50 - - [02/Jun/2020:09:13:25 +0800] "POST /xingrg/dwr/call/plaincall/AjaxCheckService.setItemNumber.dwr HTTP/1.1" 200 78
116.230.77.149 - - [02/Jun/2020:09:13:26 +0800] "GET /xingrg/kc/buy/cgsh_order_operate.html?command=get_materiel&rest_code=00107&code=00101008246&supplier_code=00100006&order_time=2020-06-02 HTTP/1.1" 200 408
172.17.0.119 - - [02/Jun/2020:09:13:26 +0800] "GET /xingrg/all/function/internal_message.html?_=1591060405107&CODE_STATE=getMsg HTTP/1.1" 200 27
114.86.190.97 - - [02/Jun/2020:09:13:28 +0800] "POST /xingrg/login.do HTTP/1.1" 302 -
114.86.190.97 - - [02/Jun/2020:09:13:28 +0800] "GET /xingrg/index.html?sysBaseUrl=http%3A%2F%2F180.169.147.146%3A18081%2Fxingrg%2F&costTime=40×tamp=1591060408404 HTTP/1.1" 200 17179
114.86.190.97 - - [02/Jun/2020:09:13:28 +0800] "GET /favicon.ico HTTP/1.1" 404 -
114.86.190.97 - - [02/Jun/2020:09:13:28 +0800] "POST /xingrg/all/common/load_tree.html?tree=area_rest_tree_json&manage=1 HTTP/1.1" 200 351
114.86.190.97 - - [02/Jun/2020:09:13:29 +0800] "POST /xingrg/load_menu.html HTTP/1.1" 200 5138
114.86.190.97 - - [02/Jun/2020:09:13:29 +0800] "GET /xingrg/all/function/internal_message.html?_=1591060410245&CODE_STATE=count HTTP/1.1" 200 11
114.86.190.97 - - [02/Jun/2020:09:13:29 +0800] "GET /xingrg/check_reg.html?_=1591060410249 HTTP/1.1" 200 22
58.221.95.50 - - [02/Jun/2020:09:13:29 +0800] "POST /xingrg/dwr/call/plaincall/AjaxCheckService.setItemNumber.dwr HTTP/1.1" 200 78
116.230.77.149 - - [02/Jun/2020:09:13:30 +0800] "GET /xingrg/all/function/internal_message.html?_=1591060407978&CODE_STATE=getMsg HTTP/1.1" 200 27
61.172.5.115 - - [02/Jun/2020:09:13:31 +0800] "GET /xingrg/all/function/internal_message.html?_=1591060411235&CODE_STATE=getMsg HTTP/1.1" 200 27
58.221.95.50 - - [02/Jun/2020:09:13:31 +0800] "POST /xingrg/dwr/call/plaincall/AjaxCheckService.setItemNumber.dwr HTTP/1.1" 200 78
114.84.33.255 - - [02/Jun/2020:09:13:32 +0800] "GET /xingrg/all/function/internal_message.html?_=1591060415965&CODE_STATE=getMsg HTTP/1.1" 200 27
58.221.95.50 - - [02/Jun/2020:09:13:34 +0800] "POST /xingrg/dwr/call/plaincall/AjaxCheckService.setItemNumber.dwr HTTP/1.1" 200 78
58.221.95.50 - - [02/Jun/2020:09:13:35 +0800] "GET /xingrg/all/function/internal_message.html?_=1591060465787&CODE_STATE=getMsg HTTP/1.1" 200 27
114.86.190.97 - - [02/Jun/2020:09:13:36 +0800] "GET /xingrg/kc/buy/cgsh_order_list.html HTTP/1.1" 200 43002
58.221.95.50 - - [02/Jun/2020:09:13:37 +0800] "POST /xingrg/dwr/call/plaincall/AjaxCheckService.setItemNumber.dwr HTTP/1.1" 200 78
114.86.190.97 - - [02/Jun/2020:09:13:38 +0800] "POST /xingrg/kc/buy/cgsh_list_operate.html HTTP/1.1" 200 876
58.221.95.50 - - [02/Jun/2020:09:13:40 +0800] "POST /xingrg/dwr/call/plaincall/AjaxCheckService.setItemNumber.dwr HTTP/1.1" 200 78
