180.175.212.199 - - [02/Jun/2020:09:51:22 +0800] "POST /xingrg/kc/buy/cgsh_list_operate.html HTTP/1.1" 200 567
172.17.0.110 - - [02/Jun/2020:09:51:23 +0800] "GET /xingrg/all/function/internal_message.html?_=1591062680519&CODE_STATE=getMsg HTTP/1.1" 200 27
172.17.0.102 - - [02/Jun/2020:09:51:23 +0800] "GET /xingrg/all/function/internal_message.html?_=1591062683430&CODE_STATE=getMsg HTTP/1.1" 200 27
172.17.0.102 - - [02/Jun/2020:09:51:23 +0800] "GET /xingrg/check_reg.html?_=1591062683451 HTTP/1.1" 200 22
180.175.212.199 - - [02/Jun/2020:09:51:23 +0800] "GET /xingrg/kc/buy/cgsh_order_info.html?code=212020060200405 HTTP/1.1" 200 58655
180.175.212.199 - - [02/Jun/2020:09:51:24 +0800] "GET /xingrg/javascript/easyui/themes/default/validatebox.css HTTP/1.1" 404 1104
180.175.212.199 - - [02/Jun/2020:09:51:24 +0800] "GET /xingrg/javascript/jquery_tools/images/prev.gif HTTP/1.1" 404 1086
180.175.212.199 - - [02/Jun/2020:09:51:24 +0800] "GET /xingrg/javascript/jquery_tools/images/next.gif HTTP/1.1" 404 1086
180.175.212.199 - - [02/Jun/2020:09:51:24 +0800] "POST /xingrg/kc/buy/cgsh_order_operate.html HTTP/1.1" 200 7376
172.17.0.119 - - [02/Jun/2020:09:51:24 +0800] "GET /xingrg/all/function/internal_message.html?_=1591062683153&CODE_STATE=getMsg HTTP/1.1" 302 -
172.17.0.119 - - [02/Jun/2020:09:51:25 +0800] "GET /xingrg/check_reg.html?_=1591062683889 HTTP/1.1" 302 -
172.17.0.119 - - [02/Jun/2020:09:51:25 +0800] "GET /xingrg/all/function/internal_message.html?_=1591062684054&CODE_STATE=getMsg HTTP/1.1" 200 27
172.17.0.119 - - [02/Jun/2020:09:51:26 +0800] "GET /xingrg/check_reg.html?_=1591062685011 HTTP/1.1" 200 22
114.88.170.9 - - [02/Jun/2020:09:51:26 +0800] "GET /xingrg/all/function/internal_message.html?_=1591062683453&CODE_STATE=getMsg HTTP/1.1" 200 27
114.88.170.9 - - [02/Jun/2020:09:51:27 +0800] "GET /xingrg/check_reg.html?_=1591062683674 HTTP/1.1" 200 22
114.86.190.97 - - [02/Jun/2020:09:51:27 +0800] "GET /xingrg/all/function/internal_message.html?_=1591062685435&CODE_STATE=getMsg HTTP/1.1" 200 27
180.175.212.199 - - [02/Jun/2020:09:51:28 +0800] "POST /xingrg/kc/buy/cgsh_order_operate.html HTTP/1.1" 200 37
116.230.77.149 - - [02/Jun/2020:09:51:29 +0800] "GET /xingrg/all/function/internal_message.html?_=1591062687804&CODE_STATE=getMsg HTTP/1.1" 200 27
116.230.77.149 - - [02/Jun/2020:09:51:29 +0800] "GET /xingrg/check_reg.html?_=1591062687807 HTTP/1.1" 200 22
180.175.212.199 - - [02/Jun/2020:09:51:30 +0800] "POST /xingrg/kc/buy/cgsh_order_operate.html HTTP/1.1" 200 12
58.40.7.146 - - [02/Jun/2020:09:51:31 +0800] "GET /xingrg/all/function/internal_message.html?_=1591062690444&CODE_STATE=getMsg HTTP/1.1" 200 27
61.172.5.115 - - [02/Jun/2020:09:51:31 +0800] "GET /xingrg/check_reg.html?_=1591062691283 HTTP/1.1" 200 22
61.172.5.115 - - [02/Jun/2020:09:51:31 +0800] "GET /xingrg/all/function/internal_message.html?_=1591062691284&CODE_STATE=getMsg HTTP/1.1" 200 27
180.175.212.199 - - [02/Jun/2020:09:51:31 +0800] "GET /xingrg/kc/buy/cgsh_order_info.html?code=212020060200405 HTTP/1.1" 200 53547
180.175.212.199 - - [02/Jun/2020:09:51:32 +0800] "GET /xingrg/javascript/easyui/themes/default/validatebox.css HTTP/1.1" 404 1104
180.175.212.199 - - [02/Jun/2020:09:51:32 +0800] "POST /xingrg/kc/buy/cgsh_order_operate.html HTTP/1.1" 200 5321
180.162.232.172 - - [02/Jun/2020:09:51:33 +0800] "GET /xingrg/all/function/internal_message.html?_=1591062691911&CODE_STATE=getMsg HTTP/1.1" 200 27
114.84.33.255 - - [02/Jun/2020:09:51:34 +0800] "GET /xingrg/all/function/internal_message.html?_=1591062698369&CODE_STATE=getMsg HTTP/1.1" 200 27
58.221.95.50 - - [02/Jun/2020:09:51:35 +0800] "GET /xingrg/check_reg.html?_=1591062745818 HTTP/1.1" 200 22
58.221.95.50 - - [02/Jun/2020:09:51:35 +0800] "GET /xingrg/all/function/internal_message.html?_=1591062745821&CODE_STATE=getMsg HTTP/1.1" 200 27
172.17.0.110 - - [02/Jun/2020:09:51:35 +0800] "GET /xingrg/kc/buy/cgsh_order_operate.html?command=get_materiel&rest_code=00147&code=00101008117&supplier_code=00100007&order_time=2020-05-18 HTTP/1.1" 200 412
180.175.212.199 - - [02/Jun/2020:09:51:37 +0800] "POST /xingrg/kc/buy/cgsh_list_operate.html HTTP/1.1" 200 1677
180.175.212.199 - - [02/Jun/2020:09:51:38 +0800] "POST /xingrg/kc/buy/cgsh_list_operate.html HTTP/1.1" 200 426
180.175.212.199 - - [02/Jun/2020:09:51:38 +0800] "GET /xingrg/kc/buy/cgsh_order_info.html?code=212020060200402 HTTP/1.1" 200 58655
180.175.212.199 - - [02/Jun/2020:09:51:39 +0800] "GET /xingrg/javascript/easyui/themes/default/validatebox.css HTTP/1.1" 404 1104
180.175.212.199 - - [02/Jun/2020:09:51:39 +0800] "POST /xingrg/kc/buy/cgsh_order_operate.html HTTP/1.1" 200 4429
180.175.212.199 - - [02/Jun/2020:09:51:43 +0800] "POST /xingrg/kc/buy/cgsh_order_operate.html HTTP/1.1" 200 37
180.175.212.199 - - [02/Jun/2020:09:51:44 +0800] "POST /xingrg/kc/buy/cgsh_order_operate.html HTTP/1.1" 200 12
180.175.212.199 - - [02/Jun/2020:09:51:49 +0800] "GET /xingrg/kc/buy/cgsh_order_info.html?code=212020060200402 HTTP/1.1" 200 53547
120.253.135.82 - - [02/Jun/2020:09:51:50 +0800] "GET /xingrg/all/function/internal_message.html?_=1591062791743&CODE_STATE=getMsg HTTP/1.1" 200 27
180.175.212.199 - - [02/Jun/2020:09:51:50 +0800] "GET /xingrg/javascript/easyui/themes/default/validatebox.css HTTP/1.1" 404 1104
180.175.212.199 - - [02/Jun/2020:09:51:50 +0800] "POST /xingrg/kc/buy/cgsh_order_operate.html HTTP/1.1" 200 2379
172.17.0.185 - - [02/Jun/2020:09:51:53 +0800] "GET /xingrg/all/function/internal_message.html?_=1591062711534&CODE_STATE=getMsg HTTP/1.1" 200 27
180.175.212.199 - - [02/Jun/2020:09:51:53 +0800] "GET /xingrg/kc/buy/cgsh_order_add.html HTTP/1.1" 200 58646
180.162.102.27 - - [02/Jun/2020:09:51:54 +0800] "GET /xingrg/check_reg.html?_=1591062108772 HTTP/1.1" 200 22
180.162.102.27 - - [02/Jun/2020:09:51:54 +0800] "GET /xingrg/all/function/internal_message.html?_=1591062108773&CODE_STATE=getMsg HTTP/1.1" 200 27
172.17.0.110 - - [02/Jun/2020:09:51:54 +0800] "GET /xingrg/kc/buy/cgsh_order_operate.html?command=get_materiel&rest_code=00147&code=00101008286&supplier_code=00100007&order_time=2020-05-18 HTTP/1.1" 200 408
180.175.212.199 - - [02/Jun/2020:09:51:54 +0800] "POST /xingrg/kc/buy/cgsh_order_operate.html HTTP/1.1" 200 8245
180.175.212.199 - - [02/Jun/2020:09:51:55 +0800] "GET /xingrg/javascript/easyui/themes/default/validatebox.css HTTP/1.1" 404 1104
180.175.212.199 - - [02/Jun/2020:09:51:55 +0800] "GET /xingrg/javascript/easyui/themes/default/tree.css HTTP/1.1" 404 1090
180.175.212.199 - - [02/Jun/2020:09:51:55 +0800] "POST /xingrg/all/common/load_tree.html?tree=supplier_tree_json&isDelete=1 HTTP/1.1" 200 48460
172.17.0.110 - - [02/Jun/2020:09:52:01 +0800] "GET /xingrg/kc/buy/cgsh_order_operate.html?command=get_materiel&rest_code=00147&code=00101008131&supplier_code=00100007&order_time=2020-05-18 HTTP/1.1" 200 408
180.175.212.199 - - [02/Jun/2020:09:52:05 +0800] "GET /xingrg/all/function/internal_message.html?_=1591062928421&CODE_STATE=getMsg HTTP/1.1" 200 27
172.17.0.120 - - [02/Jun/2020:09:52:07 +0800] "GET /xingrg/all/function/internal_message.html?_=1591062726064&CODE_STATE=getMsg HTTP/1.1" 200 27
180.175.212.199 - - [02/Jun/2020:09:52:13 +0800] "GET /xingrg/kc/buy/cgsh_order_operate.html?command=get_materiel&rest_code=00102&code=00101007061&supplier_code=00100002&order_time=2020-06-02 HTTP/1.1" 200 409
114.88.170.9 - - [02/Jun/2020:09:52:14 +0800] "GET /xingrg/kc/buy/cgsh_order_add.html HTTP/1.1" 200 58734
114.88.170.9 - - [02/Jun/2020:09:52:14 +0800] "POST /xingrg/kc/buy/cgsh_order_operate.html HTTP/1.1" 200 8245
114.88.170.9 - - [02/Jun/2020:09:52:14 +0800] "GET /xingrg/javascript/easyui/themes/default/validatebox.css HTTP/1.1" 404 1104
114.86.190.97 - - [02/Jun/2020:09:52:20 +0800] "GET /xingrg/check_reg.html?_=1591062741666 HTTP/1.1" 200 22
114.86.190.97 - - [02/Jun/2020:09:52:20 +0800] "GET /xingrg/all/function/internal_message.html?_=1591062741939&CODE_STATE=getMsg HTTP/1.1" 200 27
114.84.33.255 - - [02/Jun/2020:09:52:21 +0800] "GET /xingrg/all/function/internal_message.html?_=1591062747008&CODE_STATE=getMsg HTTP/1.1" 200 27
114.88.170.9 - - [02/Jun/2020:09:52:22 +0800] "GET /xingrg/kc/buy/cgsh_order_operate.html?command=get_materiel&rest_code=00111&code=00101008261&supplier_code=00100005&order_time=2020-06-02 HTTP/1.1" 200 408
172.17.0.110 - - [02/Jun/2020:09:52:23 +0800] "GET /xingrg/all/function/internal_message.html?_=1591062740470&CODE_STATE=getMsg HTTP/1.1" 200 27
172.17.0.102 - - [02/Jun/2020:09:52:23 +0800] "GET /xingrg/all/function/internal_message.html?_=1591062743437&CODE_STATE=getMsg HTTP/1.1" 200 27
172.17.0.119 - - [02/Jun/2020:09:52:24 +0800] "GET /xingrg/all/function/internal_message.html?_=1591062743125&CODE_STATE=getMsg HTTP/1.1" 302 -
172.17.0.119 - - [02/Jun/2020:09:52:25 +0800] "GET /xingrg/all/function/internal_message.html?_=1591062744028&CODE_STATE=getMsg HTTP/1.1" 200 27
114.88.170.9 - - [02/Jun/2020:09:52:26 +0800] "GET /xingrg/all/function/internal_message.html?_=1591062743445&CODE_STATE=getMsg HTTP/1.1" 200 27
114.86.190.97 - - [02/Jun/2020:09:52:27 +0800] "GET /xingrg/all/function/internal_message.html?_=1591062745434&CODE_STATE=getMsg HTTP/1.1" 200 27
116.230.77.149 - - [02/Jun/2020:09:52:29 +0800] "GET /xingrg/kc/buy/buy_main.html HTTP/1.1" 200 12412
116.230.77.149 - - [02/Jun/2020:09:52:29 +0800] "GET /xingrg/css/new_ie.css HTTP/1.1" 404 1036
116.230.77.149 - - [02/Jun/2020:09:52:29 +0800] "GET /xingrg/all/function/internal_message.html?_=1591062747812&CODE_STATE=getMsg HTTP/1.1" 200 27
114.88.170.9 - - [02/Jun/2020:09:52:30 +0800] "GET /xingrg/kc/buy/cgsh_order_operate.html?command=get_materiel&rest_code=00111&code=00101008003&supplier_code=00100005&order_time=2020-06-02 HTTP/1.1" 200 408
116.230.77.149 - - [02/Jun/2020:09:52:30 +0800] "GET /xingrg/images/yd/bt.gif HTTP/1.1" 404 1040
58.40.7.146 - - [02/Jun/2020:09:52:31 +0800] "GET /xingrg/all/function/internal_message.html?_=1591062750449&CODE_STATE=getMsg HTTP/1.1" 200 27
116.230.77.149 - - [02/Jun/2020:09:52:31 +0800] "GET /xingrg/kc/buy/cgsh_order_list.html HTTP/1.1" 200 43002
61.172.5.115 - - [02/Jun/2020:09:52:31 +0800] "GET /xingrg/all/function/internal_message.html?_=1591062751283&CODE_STATE=getMsg HTTP/1.1" 200 27
180.162.232.172 - - [02/Jun/2020:09:52:33 +0800] "GET /xingrg/all/function/internal_message.html?_=1591062751907&CODE_STATE=getMsg HTTP/1.1" 200 27
116.230.77.149 - - [02/Jun/2020:09:52:33 +0800] "POST /xingrg/kc/buy/cgsh_list_operate.html HTTP/1.1" 200 2739
114.84.33.255 - - [02/Jun/2020:09:52:34 +0800] "GET /xingrg/all/function/internal_message.html?_=1591062758541&CODE_STATE=getMsg HTTP/1.1" 200 27
180.175.212.199 - - [02/Jun/2020:09:52:35 +0800] "GET /xingrg/kc/buy/cgsh_order_operate.html?command=get_materiel&rest_code=00102&code=00101007085&supplier_code=00100002&order_time=2020-06-02 HTTP/1.1" 200 413
58.221.95.50 - - [02/Jun/2020:09:52:35 +0800] "GET /xingrg/all/function/internal_message.html?_=1591062805806&CODE_STATE=getMsg HTTP/1.1" 200 27
116.230.77.149 - - [02/Jun/2020:09:52:35 +0800] "GET /xingrg/kc/buy/cgsh_order_add.html HTTP/1.1" 200 58781
116.230.77.149 - - [02/Jun/2020:09:52:36 +0800] "GET /xingrg/javascript/easyui/themes/default/validatebox.css HTTP/1.1" 404 1104
116.230.77.149 - - [02/Jun/2020:09:52:36 +0800] "POST /xingrg/kc/buy/cgsh_order_operate.html HTTP/1.1" 200 8245
180.175.212.199 - - [02/Jun/2020:09:52:47 +0800] "GET /xingrg/kc/buy/cgsh_order_operate.html?command=get_materiel&rest_code=00102&code=00101007076&supplier_code=00100002&order_time=2020-06-02 HTTP/1.1" 200 408
120.253.135.82 - - [02/Jun/2020:09:52:50 +0800] "GET /xingrg/all/function/internal_message.html?_=1591062851769&CODE_STATE=getMsg HTTP/1.1" 200 27
172.17.0.185 - - [02/Jun/2020:09:52:53 +0800] "GET /xingrg/all/function/internal_message.html?_=1591062771539&CODE_STATE=getMsg HTTP/1.1" 200 27
180.162.102.27 - - [02/Jun/2020:09:52:54 +0800] "GET /xingrg/all/function/internal_message.html?_=1591062168777&CODE_STATE=getMsg HTTP/1.1" 200 27
172.17.0.110 - - [02/Jun/2020:09:52:57 +0800] "GET /xingrg/kc/buy/cgsh_order_operate.html?command=get_materiel&rest_code=00147&code=00101008296&supplier_code=00100007&order_time=2020-05-18 HTTP/1.1" 200 416
180.175.212.199 - - [02/Jun/2020:09:53:05 +0800] "GET /xingrg/all/function/internal_message.html?_=1591062988435&CODE_STATE=getMsg HTTP/1.1" 200 27
172.17.0.120 - - [02/Jun/2020:09:53:07 +0800] "GET /xingrg/all/function/internal_message.html?_=1591062786069&CODE_STATE=getMsg HTTP/1.1" 200 27
101.85.53.146 - - [02/Jun/2020:09:53:17 +0800] "GET /xingrg/check_reg.html?_=1591062281128 HTTP/1.1" 200 22
114.86.190.97 - - [02/Jun/2020:09:53:20 +0800] "GET /xingrg/all/function/internal_message.html?_=1591062801919&CODE_STATE=getMsg HTTP/1.1" 200 27
180.175.212.199 - - [02/Jun/2020:09:53:21 +0800] "GET /xingrg/kc/buy/cgsh_order_operate.html?command=get_materiel&rest_code=00102&code=00101007048&supplier_code=00100002&order_time=2020-06-02 HTTP/1.1" 200 408
114.84.33.255 - - [02/Jun/2020:09:53:21 +0800] "GET /xingrg/all/function/internal_message.html?_=1591062807020&CODE_STATE=getMsg HTTP/1.1" 200 27
172.17.0.110 - - [02/Jun/2020:09:53:23 +0800] "GET /xingrg/all/function/internal_message.html?_=1591062800521&CODE_STATE=getMsg HTTP/1.1" 200 27
172.17.0.110 - - [02/Jun/2020:09:53:23 +0800] "GET /xingrg/check_reg.html?_=1591062800522 HTTP/1.1" 200 22
172.17.0.102 - - [02/Jun/2020:09:53:23 +0800] "GET /xingrg/all/function/internal_message.html?_=1591062803438&CODE_STATE=getMsg HTTP/1.1" 200 27
172.17.0.119 - - [02/Jun/2020:09:53:24 +0800] "GET /xingrg/all/function/internal_message.html?_=1591062803095&CODE_STATE=getMsg HTTP/1.1" 302 -
172.17.0.119 - - [02/Jun/2020:09:53:25 +0800] "GET /xingrg/all/function/internal_message.html?_=1591062803999&CODE_STATE=getMsg HTTP/1.1" 200 27
114.88.170.9 - - [02/Jun/2020:09:53:26 +0800] "GET /xingrg/all/function/internal_message.html?_=1591062803419&CODE_STATE=getMsg HTTP/1.1" 200 27
114.86.190.97 - - [02/Jun/2020:09:53:27 +0800] "GET /xingrg/all/function/internal_message.html?_=1591062805434&CODE_STATE=getMsg HTTP/1.1" 200 27
116.230.77.149 - - [02/Jun/2020:09:53:29 +0800] "GET /xingrg/all/function/internal_message.html?_=1591062807809&CODE_STATE=getMsg HTTP/1.1" 200 27
58.40.7.146 - - [02/Jun/2020:09:53:31 +0800] "GET /xingrg/all/function/internal_message.html?_=1591062810454&CODE_STATE=getMsg HTTP/1.1" 200 27
61.172.5.115 - - [02/Jun/2020:09:53:31 +0800] "GET /xingrg/all/function/internal_message.html?_=1591062811290&CODE_STATE=getMsg HTTP/1.1" 200 27
180.175.212.199 - - [02/Jun/2020:09:53:32 +0800] "POST /xingrg/services/DataTransmitService HTTP/1.1" 401 565
180.175.212.199 - - [02/Jun/2020:09:53:32 +0800] "POST /xingrg/services/DataTransmitService HTTP/1.1" 200 478
180.175.212.199 - - [02/Jun/2020:09:53:32 +0800] "POST /xingrg/services/DataTransmitService HTTP/1.1" 200 1320
180.175.212.199 - - [02/Jun/2020:09:53:32 +0800] "POST /xingrg/services/DataTransmitService HTTP/1.1" 200 478
180.175.212.199 - - [02/Jun/2020:09:53:32 +0800] "POST /xingrg/services/DataTransmitService HTTP/1.1" 200 1320
180.175.212.199 - - [02/Jun/2020:09:53:32 +0800] "POST /xingrg/services/DataTransmitService HTTP/1.1" 200 524
180.175.212.199 - - [02/Jun/2020:09:53:32 +0800] "POST /xingrg/services/DataTransmitService HTTP/1.1" 200 2671
180.175.212.199 - - [02/Jun/2020:09:53:32 +0800] "POST /xingrg/services/DataTransmitService HTTP/1.1" 200 9031
180.175.212.199 - - [02/Jun/2020:09:53:32 +0800] "POST /xingrg/services/DataTransmitService HTTP/1.1" 200 2307
180.175.212.199 - - [02/Jun/2020:09:53:33 +0800] "POST /xingrg/services/DataTransmitService HTTP/1.1" 200 1443
180.162.232.172 - - [02/Jun/2020:09:53:33 +0800] "GET /xingrg/all/function/internal_message.html?_=1591062811919&CODE_STATE=getMsg HTTP/1.1" 200 27
180.175.212.199 - - [02/Jun/2020:09:53:33 +0800] "POST /xingrg/kc/buy/cgsh_order_operate.html HTTP/1.1" 200 37
180.175.212.199 - - [02/Jun/2020:09:53:33 +0800] "POST /xingrg/services/DataTransmitService HTTP/1.1" 200 134959
114.84.33.255 - - [02/Jun/2020:09:53:34 +0800] "GET /xingrg/all/function/internal_message.html?_=1591062818552&CODE_STATE=getMsg HTTP/1.1" 200 27
58.221.95.50 - - [02/Jun/2020:09:53:35 +0800] "GET /xingrg/all/function/internal_message.html?_=1591062865806&CODE_STATE=getMsg HTTP/1.1" 200 27
172.17.0.110 - - [02/Jun/2020:09:53:35 +0800] "GET /xingrg/kc/buy/cgsh_order_operate.html?command=get_materiel&rest_code=00147&code=00101008318&supplier_code=00100007&order_time=2020-05-18 HTTP/1.1" 200 408
180.162.232.172 - - [02/Jun/2020:09:53:37 +0800] "POST /xingrg/kc/buy/cgsh_order_operate.html HTTP/1.1" 200 37
180.162.232.172 - - [02/Jun/2020:09:53:39 +0800] "POST /xingrg/kc/buy/cgsh_order_operate.html HTTP/1.1" 200 32198
61.172.5.115 - - [02/Jun/2020:09:53:43 +0800] "GET /xingrg/kc/buy/cgsh_order_list.html HTTP/1.1" 200 42996
61.172.5.115 - - [02/Jun/2020:09:53:45 +0800] "POST /xingrg/kc/buy/cgsh_list_operate.html HTTP/1.1" 200 3127
120.253.135.82 - - [02/Jun/2020:09:53:50 +0800] "GET /xingrg/all/function/internal_message.html?_=1591062911786&CODE_STATE=getMsg HTTP/1.1" 200 27
61.172.5.115 - - [02/Jun/2020:09:53:50 +0800] "GET /xingrg/kc/buy/cgsh_order_add.html HTTP/1.1" 200 58734
61.172.5.115 - - [02/Jun/2020:09:53:50 +0800] "POST /xingrg/kc/buy/cgsh_order_operate.html HTTP/1.1" 200 8245
61.172.5.115 - - [02/Jun/2020:09:53:50 +0800] "GET /xingrg/javascript/easyui/themes/default/validatebox.css HTTP/1.1" 404 1104
61.172.5.115 - - [02/Jun/2020:09:53:52 +0800] "GET /xingrg/javascript/auto/indicator.gif HTTP/1.1" 404 1066
172.17.0.185 - - [02/Jun/2020:09:53:53 +0800] "GET /xingrg/all/function/internal_message.html?_=1591062831533&CODE_STATE=getMsg HTTP/1.1" 200 27
172.17.0.185 - - [02/Jun/2020:09:53:53 +0800] "GET /xingrg/check_reg.html?_=1591062831535 HTTP/1.1" 200 22
180.162.102.27 - - [02/Jun/2020:09:53:54 +0800] "GET /xingrg/all/function/internal_message.html?_=1591062228777&CODE_STATE=getMsg HTTP/1.1" 200 27
180.175.212.199 - - [02/Jun/2020:09:53:57 +0800] "POST /xingrg/kc/buy/cgsh_order_operate.html HTTP/1.1" 200 12
180.175.212.199 - - [02/Jun/2020:09:53:58 +0800] "GET /xingrg/kc/buy/cgsh_order_info.html?code=212020060200407 HTTP/1.1" 200 53547
61.172.5.115 - - [02/Jun/2020:09:53:59 +0800] "GET /xingrg/kc/buy/cgsh_order_operate.html?command=get_materiel&rest_code=00105&code=00101001125&supplier_code=00100319&order_time=2020-06-02 HTTP/1.1" 200 415
180.175.212.199 - - [02/Jun/2020:09:53:59 +0800] "GET /xingrg/javascript/easyui/themes/default/validatebox.css HTTP/1.1" 404 1104
180.175.212.199 - - [02/Jun/2020:09:53:59 +0800] "POST /xingrg/kc/buy/cgsh_order_operate.html HTTP/1.1" 200 2963
114.84.33.255 - - [02/Jun/2020:09:54:01 +0800] "GET /xingrg/kc/buy/cgsh_order_add.html HTTP/1.1" 200 58740
180.175.212.199 - - [02/Jun/2020:09:54:01 +0800] "POST /xingrg/services/DataTransmitService HTTP/1.1" 200 45454
180.175.212.199 - - [02/Jun/2020:09:54:02 +0800] "POST /xingrg/services/DataTransmitService HTTP/1.1" 200 19237
114.84.33.255 - - [02/Jun/2020:09:54:02 +0800] "POST /xingrg/kc/buy/cgsh_order_operate.html HTTP/1.1" 200 8245
114.84.33.255 - - [02/Jun/2020:09:54:02 +0800] "GET /xingrg/javascript/easyui/themes/default/validatebox.css HTTP/1.1" 404 1104
180.175.212.199 - - [02/Jun/2020:09:54:02 +0800] "GET /xingrg/kc/print/load_config.html?kc_code=cgsh HTTP/1.1" 200 1845
180.175.212.199 - - [02/Jun/2020:09:54:02 +0800] "GET /xingrg/kc/print/load_data.html?order_code=212020060200407&kc_code=cgsh&condition= HTTP/1.1" 200 1653
180.175.212.199 - - [02/Jun/2020:09:54:06 +0800] "GET /xingrg/all/function/internal_message.html?_=1591063049649&CODE_STATE=getMsg HTTP/1.1" 200 27
114.88.170.9 - - [02/Jun/2020:09:54:06 +0800] "GET /xingrg/kc/buy/cgsh_order_operate.html?command=get_materiel&rest_code=00111&code=00101008356&supplier_code=00100005&order_time=2020-06-02 HTTP/1.1" 200 408
172.17.0.120 - - [02/Jun/2020:09:54:07 +0800] "GET /xingrg/all/function/internal_message.html?_=1591062846070&CODE_STATE=getMsg HTTP/1.1" 200 27
116.232.33.186 - - [02/Jun/2020:09:54:11 +0800] "POST /xingrg/services/DataTransmitService HTTP/1.1" 401 565
116.232.33.186 - - [02/Jun/2020:09:54:11 +0800] "POST /xingrg/services/DataTransmitService HTTP/1.1" 200 478
116.232.33.186 - - [02/Jun/2020:09:54:11 +0800] "POST /xingrg/services/DataTransmitService HTTP/1.1" 200 1320
116.232.33.186 - - [02/Jun/2020:09:54:11 +0800] "POST /xingrg/services/DataTransmitService HTTP/1.1" 200 478
116.232.33.186 - - [02/Jun/2020:09:54:11 +0800] "POST /xingrg/services/DataTransmitService HTTP/1.1" 200 1320
116.232.33.186 - - [02/Jun/2020:09:54:11 +0800] "POST /xingrg/services/DataTransmitService HTTP/1.1" 200 524
116.232.33.186 - - [02/Jun/2020:09:54:11 +0800] "POST /xingrg/services/DataTransmitService HTTP/1.1" 200 2559
116.232.33.186 - - [02/Jun/2020:09:54:11 +0800] "POST /xingrg/services/DataTransmitService HTTP/1.1" 200 2247
116.232.33.186 - - [02/Jun/2020:09:54:12 +0800] "POST /xingrg/services/DataTransmitService HTTP/1.1" 200 1407
116.232.33.186 - - [02/Jun/2020:09:54:12 +0800] "POST /xingrg/services/DataTransmitService HTTP/1.1" 200 148507
114.84.33.255 - - [02/Jun/2020:09:54:13 +0800] "GET /xingrg/kc/buy/cgsh_order_operate.html?command=get_materiel&rest_code=00146&code=00101001099&supplier_code=00100199&order_time=2020-06-02 HTTP/1.1" 200 409
61.172.5.115 - - [02/Jun/2020:09:54:13 +0800] "GET /xingrg/kc/buy/cgsh_order_operate.html?command=get_materiel&rest_code=00105&code=00101001044&supplier_code=00100319&order_time=2020-06-02 HTTP/1.1" 200 411
114.88.170.9 - - [02/Jun/2020:09:54:14 +0800] "GET /xingrg/kc/buy/cgsh_order_operate.html?command=get_materiel&rest_code=00111&code=00101008049&supplier_code=00100005&order_time=2020-06-02 HTTP/1.1" 200 408
172.17.0.110 - - [02/Jun/2020:09:54:15 +0800] "GET /xingrg/kc/buy/cgsh_order_operate.html?command=get_materiel&rest_code=00147&code=00101008352&supplier_code=00100007&order_time=2020-05-18 HTTP/1.1" 200 412
114.88.170.9 - - [02/Jun/2020:09:54:18 +0800] "GET /xingrg/kc/buy/cgsh_order_operate.html?command=get_materiel&rest_code=00111&code=00101008358&supplier_code=00100005&order_time=2020-06-02 HTTP/1.1" 200 412
61.172.5.115 - - [02/Jun/2020:09:54:20 +0800] "GET /xingrg/kc/buy/cgsh_order_operate.html?command=get_materiel&rest_code=00105&code=00101001140&supplier_code=00100319&order_time=2020-06-02 HTTP/1.1" 200 413
114.86.190.97 - - [02/Jun/2020:09:54:20 +0800] "GET /xingrg/all/function/internal_message.html?_=1591062861891&CODE_STATE=getMsg HTTP/1.1" 200 27
114.84.33.255 - - [02/Jun/2020:09:54:21 +0800] "GET /xingrg/all/function/internal_message.html?_=1591062867151&CODE_STATE=getMsg HTTP/1.1" 200 27
180.175.212.199 - - [02/Jun/2020:09:54:21 +0800] "GET /xingrg/kc/buy/cgsh_order_add.html HTTP/1.1" 200 58646
172.17.0.110 - - [02/Jun/2020:09:54:23 +0800] "GET /xingrg/all/function/internal_message.html?_=1591062860501&CODE_STATE=getMsg HTTP/1.1" 200 27
114.84.33.255 - - [02/Jun/2020:09:54:23 +0800] "GET /xingrg/kc/buy/cgsh_order_operate.html?command=get_materiel&rest_code=00146&code=00101004030&supplier_code=00100199&order_time=2020-06-02 HTTP/1.1" 200 408
172.17.0.102 - - [02/Jun/2020:09:54:23 +0800] "GET /xingrg/all/function/internal_message.html?_=1591062863441&CODE_STATE=getMsg HTTP/1.1" 200 27
114.88.170.9 - - [02/Jun/2020:09:54:23 +0800] "GET /xingrg/kc/buy/cgsh_order_operate.html?command=get_materiel&rest_code=00111&code=00101008126&supplier_code=00100005&order_time=2020-06-02 HTTP/1.1" 200 412
180.175.212.199 - - [02/Jun/2020:09:54:24 +0800] "POST /xingrg/kc/buy/cgsh_order_operate.html HTTP/1.1" 200 8245
172.17.0.110 - - [02/Jun/2020:09:54:24 +0800] "GET /xingrg/kc/buy/cgsh_order_operate.html?command=get_materiel&rest_code=00147&code=00101008005&supplier_code=00100007&order_time=2020-05-18 HTTP/1.1" 200 412
180.175.212.199 - - [02/Jun/2020:09:54:24 +0800] "GET /xingrg/javascript/easyui/themes/default/validatebox.css HTTP/1.1" 404 1104
172.17.0.119 - - [02/Jun/2020:09:54:24 +0800] "GET /xingrg/all/function/internal_message.html?_=1591062863065&CODE_STATE=getMsg HTTP/1.1" 302 -
172.17.0.119 - - [02/Jun/2020:09:54:25 +0800] "GET /xingrg/all/function/internal_message.html?_=1591062863970&CODE_STATE=getMsg HTTP/1.1" 200 27
114.88.170.9 - - [02/Jun/2020:09:54:26 +0800] "GET /xingrg/all/function/internal_message.html?_=1591062863381&CODE_STATE=getMsg HTTP/1.1" 200 27
180.175.212.199 - - [02/Jun/2020:09:54:27 +0800] "GET /xingrg/javascript/easyui/themes/default/tree.css HTTP/1.1" 404 1090
180.175.212.199 - - [02/Jun/2020:09:54:27 +0800] "POST /xingrg/all/common/load_tree.html?tree=supplier_tree_json&isDelete=1 HTTP/1.1" 200 48460
114.86.190.97 - - [02/Jun/2020:09:54:27 +0800] "GET /xingrg/check_reg.html?_=1591062865452 HTTP/1.1" 200 22
114.86.190.97 - - [02/Jun/2020:09:54:27 +0800] "GET /xingrg/all/function/internal_message.html?_=1591062865450&CODE_STATE=getMsg HTTP/1.1" 200 27
116.230.77.149 - - [02/Jun/2020:09:54:29 +0800] "GET /xingrg/all/function/internal_message.html?_=1591062867799&CODE_STATE=getMsg HTTP/1.1" 200 27
114.84.33.255 - - [02/Jun/2020:09:54:30 +0800] "GET /xingrg/kc/buy/cgsh_order_operate.html?command=get_materiel&rest_code=00146&code=00101002022&supplier_code=00100199&order_time=2020-06-02 HTTP/1.1" 200 409
58.40.7.146 - - [02/Jun/2020:09:54:31 +0800] "GET /xingrg/all/function/internal_message.html?_=1591062870456&CODE_STATE=getMsg HTTP/1.1" 200 27
58.40.7.146 - - [02/Jun/2020:09:54:31 +0800] "GET /xingrg/check_reg.html?_=1591062870458 HTTP/1.1" 200 22
61.172.5.115 - - [02/Jun/2020:09:54:31 +0800] "GET /xingrg/all/function/internal_message.html?_=1591062871303&CODE_STATE=getMsg HTTP/1.1" 200 27
114.84.33.255 - - [02/Jun/2020:09:54:31 +0800] "GET /xingrg/check_reg.html?_=1591062875421 HTTP/1.1" 200 22
180.162.232.172 - - [02/Jun/2020:09:54:33 +0800] "GET /xingrg/check_reg.html?_=1591062872002 HTTP/1.1" 200 22
180.162.232.172 - - [02/Jun/2020:09:54:33 +0800] "GET /xingrg/all/function/internal_message.html?_=1591062872004&CODE_STATE=getMsg HTTP/1.1" 200 27
61.172.5.115 - - [02/Jun/2020:09:54:33 +0800] "POST /xingrg/kc/buy/cgsh_order_operate.html HTTP/1.1" 200 37
172.17.0.110 - - [02/Jun/2020:09:54:34 +0800] "GET /xingrg/kc/buy/cgsh_order_operate.html?command=get_materiel&rest_code=00147&code=00101008238&supplier_code=00100007&order_time=2020-05-18 HTTP/1.1" 200 416
61.172.5.115 - - [02/Jun/2020:09:54:34 +0800] "POST /xingrg/kc/buy/cgsh_order_operate.html HTTP/1.1" 200 3851
114.84.33.255 - - [02/Jun/2020:09:54:34 +0800] "GET /xingrg/all/function/internal_message.html?_=1591062878566&CODE_STATE=getMsg HTTP/1.1" 200 27
58.221.95.50 - - [02/Jun/2020:09:54:35 +0800] "GET /xingrg/all/function/internal_message.html?_=1591062925805&CODE_STATE=getMsg HTTP/1.1" 200 27
61.172.5.115 - - [02/Jun/2020:09:54:36 +0800] "GET /xingrg/kc/print/load_data.html?order_code=212020060200408&kc_code=cgsh&condition= HTTP/1.1" 200 1130
114.84.33.255 - - [02/Jun/2020:09:54:36 +0800] "GET /xingrg/check_reg.html?_=1591062882212 HTTP/1.1" 200 22
114.84.33.255 - - [02/Jun/2020:09:54:39 +0800] "GET /xingrg/kc/buy/cgsh_order_operate.html?command=get_materiel&rest_code=00146&code=00101002007&supplier_code=00100199&order_time=2020-06-02 HTTP/1.1" 200 409
61.172.5.115 - - [02/Jun/2020:09:54:45 +0800] "GET /xingrg/kc/buy/cgsh_order_add.html HTTP/1.1" 200 58734
61.172.5.115 - - [02/Jun/2020:09:54:45 +0800] "GET /xingrg/javascript/easyui/themes/default/validatebox.css HTTP/1.1" 404 1104
61.172.5.115 - - [02/Jun/2020:09:54:45 +0800] "POST /xingrg/kc/buy/cgsh_order_operate.html HTTP/1.1" 200 8245
180.175.212.199 - - [02/Jun/2020:09:54:48 +0800] "POST /xingrg/services/DataTransmitService HTTP/1.1" 200 524
180.175.212.199 - - [02/Jun/2020:09:54:48 +0800] "POST /xingrg/services/DataTransmitService HTTP/1.1" 200 501
180.175.212.199 - - [02/Jun/2020:09:54:48 +0800] "POST /xingrg/services/DataTransmitService HTTP/1.1" 200 501
180.175.212.199 - - [02/Jun/2020:09:54:48 +0800] "POST /xingrg/services/DataTransmitService HTTP/1.1" 200 501
120.253.135.82 - - [02/Jun/2020:09:54:49 +0800] "GET /xingrg/check_reg.html?_=1591062970852 HTTP/1.1" 200 22
180.175.212.199 - - [02/Jun/2020:09:54:49 +0800] "POST /xingrg/services/DataTransmitService HTTP/1.1" 200 501
180.175.212.199 - - [02/Jun/2020:09:54:49 +0800] "POST /xingrg/services/DataTransmitService HTTP/1.1" 200 501
180.175.212.199 - - [02/Jun/2020:09:54:49 +0800] "POST /xingrg/services/DataTransmitService HTTP/1.1" 200 501
180.175.212.199 - - [02/Jun/2020:09:54:50 +0800] "POST /xingrg/services/DataTransmitService HTTP/1.1" 200 501
120.253.135.82 - - [02/Jun/2020:09:54:50 +0800] "GET /xingrg/all/function/internal_message.html?_=1591062971798&CODE_STATE=getMsg HTTP/1.1" 200 27
180.175.212.199 - - [02/Jun/2020:09:54:50 +0800] "POST /xingrg/services/DataTransmitService HTTP/1.1" 200 501
180.175.212.199 - - [02/Jun/2020:09:54:51 +0800] "POST /xingrg/services/DataTransmitService HTTP/1.1" 200 412
114.84.33.255 - - [02/Jun/2020:09:54:52 +0800] "POST /xingrg/kc/buy/cgsh_order_operate.html HTTP/1.1" 200 37
172.17.0.185 - - [02/Jun/2020:09:54:53 +0800] "GET /xingrg/all/function/internal_message.html?_=1591062891537&CODE_STATE=getMsg HTTP/1.1" 200 27
114.84.33.255 - - [02/Jun/2020:09:54:53 +0800] "POST /xingrg/kc/buy/cgsh_order_operate.html HTTP/1.1" 200 4427
180.162.102.27 - - [02/Jun/2020:09:54:54 +0800] "GET /xingrg/all/function/internal_message.html?_=1591062288777&CODE_STATE=getMsg HTTP/1.1" 200 27
114.84.33.255 - - [02/Jun/2020:09:54:55 +0800] "GET /xingrg/kc/print/load_data.html?order_code=212020060200409&kc_code=cgsh&condition= HTTP/1.1" 200 1345
61.172.5.115 - - [02/Jun/2020:09:54:55 +0800] "GET /xingrg/kc/buy/cgsh_order_operate.html?command=get_materiel&rest_code=00105&code=00101001104&supplier_code=00100313&order_time=2020-06-02 HTTP/1.1" 200 413
180.175.212.199 - - [02/Jun/2020:09:55:04 +0800] "GET /xingrg/check_reg.html?_=1591063107760 HTTP/1.1" 200 22
180.175.212.199 - - [02/Jun/2020:09:55:04 +0800] "GET /xingrg/kc/buy/cgsh_order_operate.html?command=get_materiel&rest_code=00102&code=00101006039&supplier_code=00100011&order_time=2020-06-02 HTTP/1.1" 200 413
180.175.212.199 - - [02/Jun/2020:09:55:06 +0800] "GET /xingrg/all/function/internal_message.html?_=1591063109779&CODE_STATE=getMsg HTTP/1.1" 200 27
172.17.0.120 - - [02/Jun/2020:09:55:07 +0800] "GET /xingrg/all/function/internal_message.html?_=1591062906072&CODE_STATE=getMsg HTTP/1.1" 200 27
114.84.33.255 - - [02/Jun/2020:09:55:12 +0800] "POST /xingrg/kc/buy/cgsh_list_operate.html HTTP/1.1" 200 203
114.84.33.255 - - [02/Jun/2020:09:55:12 +0800] "POST /xingrg/kc/buy/cgsh_list_operate.html HTTP/1.1" 200 565
116.232.33.186 - - [02/Jun/2020:09:55:13 +0800] "POST /xingrg/services/DataTransmitService HTTP/1.1" 200 45454
116.232.33.186 - - [02/Jun/2020:09:55:13 +0800] "POST /xingrg/services/DataTransmitService HTTP/1.1" 200 19237
114.86.190.97 - - [02/Jun/2020:09:55:20 +0800] "GET /xingrg/all/function/internal_message.html?_=1591062921881&CODE_STATE=getMsg HTTP/1.1" 200 27
114.84.33.255 - - [02/Jun/2020:09:55:21 +0800] "GET /xingrg/all/function/internal_message.html?_=1591062927156&CODE_STATE=getMsg HTTP/1.1" 200 27
172.17.0.110 - - [02/Jun/2020:09:55:23 +0800] "GET /xingrg/all/function/internal_message.html?_=1591062920489&CODE_STATE=getMsg HTTP/1.1" 200 27
172.17.0.102 - - [02/Jun/2020:09:55:23 +0800] "GET /xingrg/all/function/internal_message.html?_=1591062923453&CODE_STATE=getMsg HTTP/1.1" 200 27
172.17.0.119 - - [02/Jun/2020:09:55:24 +0800] "GET /xingrg/all/function/internal_message.html?_=1591062923034&CODE_STATE=getMsg HTTP/1.1" 302 -
172.17.0.119 - - [02/Jun/2020:09:55:25 +0800] "GET /xingrg/all/function/internal_message.html?_=1591062923941&CODE_STATE=getMsg HTTP/1.1" 200 27
114.88.170.9 - - [02/Jun/2020:09:55:26 +0800] "GET /xingrg/all/function/internal_message.html?_=1591062923387&CODE_STATE=getMsg HTTP/1.1" 200 27
180.175.212.199 - - [02/Jun/2020:09:55:27 +0800] "GET /xingrg/kc/buy/cgsh_order_operate.html?command=get_materiel&rest_code=00102&code=00101006019&supplier_code=00100011&order_time=2020-06-02 HTTP/1.1" 200 417
180.162.232.172 - - [02/Jun/2020:09:55:27 +0800] "POST /xingrg/kc/buy/cgsh_order_operate.html HTTP/1.1" 200 37
114.86.190.97 - - [02/Jun/2020:09:55:27 +0800] "GET /xingrg/all/function/internal_message.html?_=1591062925449&CODE_STATE=getMsg HTTP/1.1" 200 27
61.172.5.115 - - [02/Jun/2020:09:55:27 +0800] "GET /xingrg/kc/buy/cgsh_order_operate.html?command=get_materiel&rest_code=00105&code=00101001096&supplier_code=00100313&order_time=2020-06-02 HTTP/1.1" 200 415
180.162.232.172 - - [02/Jun/2020:09:55:29 +0800] "POST /xingrg/kc/buy/cgsh_order_operate.html HTTP/1.1" 200 12
114.84.33.255 - - [02/Jun/2020:09:55:29 +0800] "POST /xingrg/kc/buy/cgsh_list_operate.html HTTP/1.1" 200 5412
116.230.77.149 - - [02/Jun/2020:09:55:29 +0800] "GET /xingrg/all/function/internal_message.html?_=1591062927810&CODE_STATE=getMsg HTTP/1.1" 200 27
58.40.7.146 - - [02/Jun/2020:09:55:31 +0800] "GET /xingrg/all/function/internal_message.html?_=1591062930447&CODE_STATE=getMsg HTTP/1.1" 200 27
61.172.5.115 - - [02/Jun/2020:09:55:31 +0800] "GET /xingrg/all/function/internal_message.html?_=1591062931324&CODE_STATE=getMsg HTTP/1.1" 200 27
114.84.33.255 - - [02/Jun/2020:09:55:34 +0800] "GET /xingrg/all/function/internal_message.html?_=1591062938580&CODE_STATE=getMsg HTTP/1.1" 200 27
58.221.95.50 - - [02/Jun/2020:09:55:35 +0800] "GET /xingrg/all/function/internal_message.html?_=1591062985830&CODE_STATE=getMsg HTTP/1.1" 200 27
180.162.232.172 - - [02/Jun/2020:09:55:37 +0800] "GET /xingrg/all/function/internal_message.html?_=1591062935992&CODE_STATE=getMsg HTTP/1.1" 200 27
180.162.232.172 - - [02/Jun/2020:09:55:37 +0800] "GET /xingrg/kc/buy/cgsh_order_info.html?code=212020060200400 HTTP/1.1" 200 53561
180.162.232.172 - - [02/Jun/2020:09:55:38 +0800] "GET /xingrg/javascript/easyui/themes/default/validatebox.css HTTP/1.1" 404 1104
180.162.232.172 - - [02/Jun/2020:09:55:38 +0800] "POST /xingrg/kc/buy/cgsh_order_operate.html HTTP/1.1" 200 30141
114.88.170.9 - - [02/Jun/2020:09:55:38 +0800] "GET /xingrg/kc/buy/cgsh_order_operate.html?command=get_materiel&rest_code=00111&code=00101008087&supplier_code=00100005&order_time=2020-06-02 HTTP/1.1" 200 412
61.172.5.115 - - [02/Jun/2020:09:55:38 +0800] "GET /xingrg/kc/buy/cgsh_order_operate.html?command=get_materiel&rest_code=00105&code=00101001138&supplier_code=00100313&order_time=2020-06-02 HTTP/1.1" 200 413
180.162.232.172 - - [02/Jun/2020:09:55:40 +0800] "GET /xingrg/kc/print/load_config.html?kc_code=cgsh HTTP/1.1" 200 1845
180.162.232.172 - - [02/Jun/2020:09:55:40 +0800] "GET /xingrg/kc/print/load_data.html?order_code=212020060200400&kc_code=cgsh&condition= HTTP/1.1" 200 11905
172.17.0.110 - - [02/Jun/2020:09:55:42 +0800] "GET /xingrg/kc/buy/cgsh_order_operate.html?command=get_materiel&rest_code=00147&code=00101008114&supplier_code=00100007&order_time=2020-05-18 HTTP/1.1" 200 412
180.175.212.199 - - [02/Jun/2020:09:55:44 +0800] "GET /xingrg/kc/buy/cgsh_order_operate.html?command=get_materiel&rest_code=00102&code=00101006063&supplier_code=00100011&order_time=2020-06-02 HTTP/1.1" 200 413
114.88.170.9 - - [02/Jun/2020:09:55:44 +0800] "GET /xingrg/kc/buy/cgsh_order_operate.html?command=get_materiel&rest_code=00111&code=00101008355&supplier_code=00100005&order_time=2020-06-02 HTTP/1.1" 200 408
114.88.170.9 - - [02/Jun/2020:09:55:49 +0800] "GET /xingrg/kc/buy/cgsh_order_operate.html?command=get_materiel&rest_code=00111&code=00101008270&supplier_code=00100005&order_time=2020-06-02 HTTP/1.1" 200 412
120.253.135.82 - - [02/Jun/2020:09:55:50 +0800] "GET /xingrg/all/function/internal_message.html?_=1591063031813&CODE_STATE=getMsg HTTP/1.1" 200 27
61.172.5.115 - - [02/Jun/2020:09:55:51 +0800] "GET /xingrg/kc/buy/cgsh_order_operate.html?command=get_materiel&rest_code=00105&code=00101001162&supplier_code=00100313&order_time=2020-06-02 HTTP/1.1" 200 413
172.17.0.185 - - [02/Jun/2020:09:55:53 +0800] "GET /xingrg/all/function/internal_message.html?_=1591062951540&CODE_STATE=getMsg HTTP/1.1" 200 27
180.162.102.27 - - [02/Jun/2020:09:55:54 +0800] "GET /xingrg/all/function/internal_message.html?_=1591062348777&CODE_STATE=getMsg HTTP/1.1" 200 27
114.88.170.9 - - [02/Jun/2020:09:55:55 +0800] "GET /xingrg/kc/buy/cgsh_order_operate.html?command=get_materiel&rest_code=00111&code=00101008349&supplier_code=00100005&order_time=2020-06-02 HTTP/1.1" 200 412
61.172.5.115 - - [02/Jun/2020:09:55:57 +0800] "GET /xingrg/kc/buy/cgsh_order_operate.html?command=get_materiel&rest_code=00105&code=00102026001&supplier_code=00100313&order_time=2020-06-02 HTTP/1.1" 200 409
180.175.212.199 - - [02/Jun/2020:09:55:59 +0800] "GET /xingrg/kc/buy/cgsh_order_operate.html?command=get_materiel&rest_code=00102&code=00101006193&supplier_code=00100011&order_time=2020-06-02 HTTP/1.1" 200 409
114.88.170.9 - - [02/Jun/2020:09:56:04 +0800] "GET /xingrg/kc/buy/cgsh_order_operate.html?command=get_materiel&rest_code=00111&code=00101008088&supplier_code=00100005&order_time=2020-06-02 HTTP/1.1" 200 408
180.175.212.199 - - [02/Jun/2020:09:56:06 +0800] "GET /xingrg/all/function/internal_message.html?_=1591063169786&CODE_STATE=getMsg HTTP/1.1" 200 27
172.17.0.120 - - [02/Jun/2020:09:56:07 +0800] "GET /xingrg/check_reg.html?_=1591062966060 HTTP/1.1" 200 22
172.17.0.120 - - [02/Jun/2020:09:56:07 +0800] "GET /xingrg/all/function/internal_message.html?_=1591062966061&CODE_STATE=getMsg HTTP/1.1" 200 27
114.88.170.9 - - [02/Jun/2020:09:56:10 +0800] "GET /xingrg/kc/buy/cgsh_order_operate.html?command=get_materiel&rest_code=00111&code=00101008290&supplier_code=00100005&order_time=2020-06-02 HTTP/1.1" 200 416
114.86.190.97 - - [02/Jun/2020:09:56:20 +0800] "GET /xingrg/all/function/internal_message.html?_=1591062981860&CODE_STATE=getMsg HTTP/1.1" 200 27
114.84.33.255 - - [02/Jun/2020:09:56:21 +0800] "GET /xingrg/all/function/internal_message.html?_=1591062987170&CODE_STATE=getMsg HTTP/1.1" 200 27
172.17.0.110 - - [02/Jun/2020:09:56:23 +0800] "GET /xingrg/all/function/internal_message.html?_=1591062980539&CODE_STATE=getMsg HTTP/1.1" 200 27
172.17.0.102 - - [02/Jun/2020:09:56:23 +0800] "GET /xingrg/all/function/internal_message.html?_=1591062983441&CODE_STATE=getMsg HTTP/1.1" 200 27
172.17.0.102 - - [02/Jun/2020:09:56:23 +0800] "GET /xingrg/check_reg.html?_=1591062983449 HTTP/1.1" 200 22
172.17.0.119 - - [02/Jun/2020:09:56:24 +0800] "GET /xingrg/all/function/internal_message.html?_=1591062983020&CODE_STATE=getMsg HTTP/1.1" 302 -
172.17.0.119 - - [02/Jun/2020:09:56:25 +0800] "GET /xingrg/check_reg.html?_=1591062983865 HTTP/1.1" 302 -
172.17.0.119 - - [02/Jun/2020:09:56:25 +0800] "GET /xingrg/all/function/internal_message.html?_=1591062983911&CODE_STATE=getMsg HTTP/1.1" 200 27
114.88.170.9 - - [02/Jun/2020:09:56:25 +0800] "GET /xingrg/kc/buy/cgsh_order_operate.html?command=get_materiel&rest_code=00111&code=00101008067&supplier_code=00100005&order_time=2020-06-02 HTTP/1.1" 200 416
172.17.0.119 - - [02/Jun/2020:09:56:26 +0800] "GET /xingrg/check_reg.html?_=1591062984993 HTTP/1.1" 200 22
114.88.170.9 - - [02/Jun/2020:09:56:26 +0800] "GET /xingrg/all/function/internal_message.html?_=1591062983336&CODE_STATE=getMsg HTTP/1.1" 200 27
114.88.170.9 - - [02/Jun/2020:09:56:27 +0800] "GET /xingrg/check_reg.html?_=1591062983650 HTTP/1.1" 200 22
114.86.190.97 - - [02/Jun/2020:09:56:27 +0800] "GET /xingrg/all/function/internal_message.html?_=1591062985450&CODE_STATE=getMsg HTTP/1.1" 200 27
116.230.77.149 - - [02/Jun/2020:09:56:29 +0800] "GET /xingrg/check_reg.html?_=1591062987796 HTTP/1.1" 200 22
116.230.77.149 - - [02/Jun/2020:09:56:29 +0800] "GET /xingrg/all/function/internal_message.html?_=1591062987796&CODE_STATE=getMsg HTTP/1.1" 200 27
58.40.7.146 - - [02/Jun/2020:09:56:31 +0800] "GET /xingrg/all/function/internal_message.html?_=1591062990449&CODE_STATE=getMsg HTTP/1.1" 200 27
61.172.5.115 - - [02/Jun/2020:09:56:31 +0800] "GET /xingrg/check_reg.html?_=1591062991334 HTTP/1.1" 200 22
61.172.5.115 - - [02/Jun/2020:09:56:31 +0800] "GET /xingrg/all/function/internal_message.html?_=1591062991338&CODE_STATE=getMsg HTTP/1.1" 200 27
180.175.212.199 - - [02/Jun/2020:09:56:32 +0800] "GET /xingrg/kc/buy/cgsh_order_operate.html?command=get_materiel&rest_code=00102&code=00101006195&supplier_code=00100011&order_time=2020-06-02 HTTP/1.1" 200 409
114.84.33.255 - - [02/Jun/2020:09:56:34 +0800] "GET /xingrg/all/function/internal_message.html?_=1591062998592&CODE_STATE=getMsg HTTP/1.1" 200 27
58.221.95.50 - - [02/Jun/2020:09:56:35 +0800] "GET /xingrg/all/function/internal_message.html?_=1591063045830&CODE_STATE=getMsg HTTP/1.1" 200 27
58.221.95.50 - - [02/Jun/2020:09:56:35 +0800] "GET /xingrg/check_reg.html?_=1591063045831 HTTP/1.1" 200 22
180.162.232.172 - - [02/Jun/2020:09:56:37 +0800] "GET /xingrg/all/function/internal_message.html?_=1591062995967&CODE_STATE=getMsg HTTP/1.1" 200 27
180.175.212.199 - - [02/Jun/2020:09:56:41 +0800] "GET /xingrg/kc/buy/cgsh_order_operate.html?command=get_materiel&rest_code=00102&code=00101006017&supplier_code=00100011&order_time=2020-06-02 HTTP/1.1" 200 417
172.17.0.110 - - [02/Jun/2020:09:56:47 +0800] "POST /xingrg/kc/buy/cgsh_order_operate.html HTTP/1.1" 200 2065
180.162.232.172 - - [02/Jun/2020:09:56:48 +0800] "POST /xingrg/all/user/operate.html HTTP/1.1" 200 36
180.162.232.172 - - [02/Jun/2020:09:56:49 +0800] "GET /xingrg/index.html?sysBaseUrl=http%3A%2F%2F180.169.147.146%3A18081%2Fxingrg%2F&costTime=40×tamp=1591062261725 HTTP/1.1" 200 17177
180.162.232.172 - - [02/Jun/2020:09:56:49 +0800] "GET /xingrg/javascript/jquery_easy_ui/themes/default/easyui.css HTTP/1.1" 304 -
180.162.232.172 - - [02/Jun/2020:09:56:49 +0800] "GET /xingrg/javascript/jquery_easy_ui/themes/icon.css HTTP/1.1" 304 -
180.162.232.172 - - [02/Jun/2020:09:56:49 +0800] "GET /xingrg/css/form.css HTTP/1.1" 304 -
180.162.232.172 - - [02/Jun/2020:09:56:49 +0800] "GET /xingrg/javascript/jquery-1.4.2.min.js HTTP/1.1" 304 -
180.162.232.172 - - [02/Jun/2020:09:56:49 +0800] "GET /xingrg/javascript/jquery_easy_ui/jquery.easyui.min.js HTTP/1.1" 304 -
180.162.232.172 - - [02/Jun/2020:09:56:49 +0800] "GET /xingrg/javascript/jquery_easy_ui/easyui-lang-zh_CN.js HTTP/1.1" 304 -
180.162.232.172 - - [02/Jun/2020:09:56:49 +0800] "GET /xingrg/javascript/jquery.form.js HTTP/1.1" 304 -
180.162.232.172 - - [02/Jun/2020:09:56:49 +0800] "GET /xingrg/javascript/jquery.utils.js HTTP/1.1" 304 -
180.162.232.172 - - [02/Jun/2020:09:56:49 +0800] "GET /xingrg/javascript/jquery.timers.js HTTP/1.1" 304 -
180.162.232.172 - - [02/Jun/2020:09:56:49 +0800] "GET /xingrg/images/blue/jxLogo.png HTTP/1.1" 304 -
180.162.232.172 - - [02/Jun/2020:09:56:49 +0800] "GET /xingrg/images/blue/navBackgound.jpg HTTP/1.1" 304 -
180.162.232.172 - - [02/Jun/2020:09:56:49 +0800] "GET /xingrg/javascript/jquery_easy_ui/themes/icons/settle_new.png HTTP/1.1" 304 -
180.162.232.172 - - [02/Jun/2020:09:56:49 +0800] "POST /xingrg/all/common/load_tree.html?tree=area_rest_tree_json&manage=1 HTTP/1.1" 200 476
180.162.232.172 - - [02/Jun/2020:09:56:49 +0800] "GET /xingrg/all/function/internal_message.html?_=1591063008009&CODE_STATE=count HTTP/1.1" 200 11
180.162.232.172 - - [02/Jun/2020:09:56:49 +0800] "GET /xingrg/check_reg.html?_=1591063008009 HTTP/1.1" 200 22
180.162.232.172 - - [02/Jun/2020:09:56:49 +0800] "GET /xingrg/javascript/jquery_easy_ui/themes/default/images/tabs_leftarrow.png HTTP/1.1" 304 -
180.162.232.172 - - [02/Jun/2020:09:56:49 +0800] "GET /xingrg/images/blue/pingpu.png HTTP/1.1" 304 -
180.162.232.172 - - [02/Jun/2020:09:56:49 +0800] "GET /xingrg/javascript/jquery_easy_ui/themes/default/images/panel_tool_collapse.gif HTTP/1.1" 304 -
180.162.232.172 - - [02/Jun/2020:09:56:49 +0800] "GET /xingrg/javascript/jquery_easy_ui/themes/default/images/tabs_rightarrow.png HTTP/1.1" 304 -
180.162.232.172 - - [02/Jun/2020:09:56:49 +0800] "POST /xingrg/load_menu.html HTTP/1.1" 200 5138
120.253.135.82 - - [02/Jun/2020:09:56:50 +0800] "GET /xingrg/all/function/internal_message.html?_=1591063091826&CODE_STATE=getMsg HTTP/1.1" 200 27
180.162.232.172 - - [02/Jun/2020:09:56:51 +0800] "GET /xingrg/kc/buy/cgsh_order_list.html HTTP/1.1" 200 43000
180.162.232.172 - - [02/Jun/2020:09:56:51 +0800] "POST /xingrg/kc/buy/cgsh_list_operate.html HTTP/1.1" 200 876
180.162.232.172 - - [02/Jun/2020:09:56:52 +0800] "GET /xingrg/kc/buy/cgsh_order_add.html HTTP/1.1" 200 58376
172.17.0.110 - - [02/Jun/2020:09:56:52 +0800] "GET /xingrg/kc/buy/cgsh_order_operate.html?command=get_materiel&rest_code=00147&code=00101008062&supplier_code=00100007&order_time=2020-05-18 HTTP/1.1" 200 408
180.162.232.172 - - [02/Jun/2020:09:56:52 +0800] "GET /xingrg/all/common/auto_word.html?type=employee&rest_code=00151 HTTP/1.1" 200 243
180.162.232.172 - - [02/Jun/2020:09:56:52 +0800] "GET /xingrg/javascript/easyui/themes/default/validatebox.css HTTP/1.1" 404 1104
180.162.232.172 - - [02/Jun/2020:09:56:52 +0800] "GET /xingrg/all/common/auto_word.html?type=employee&rest_code=00151 HTTP/1.1" 200 243
180.162.232.172 - - [02/Jun/2020:09:56:52 +0800] "POST /xingrg/kc/buy/cgsh_order_operate.html HTTP/1.1" 200 8245
172.17.0.185 - - [02/Jun/2020:09:56:53 +0800] "GET /xingrg/all/function/internal_message.html?_=1591063011542&CODE_STATE=getMsg HTTP/1.1" 200 27
180.162.102.27 - - [02/Jun/2020:09:56:54 +0800] "GET /xingrg/check_reg.html?_=1591062408777 HTTP/1.1" 200 22
180.162.102.27 - - [02/Jun/2020:09:56:54 +0800] "GET /xingrg/all/function/internal_message.html?_=1591062408780&CODE_STATE=getMsg HTTP/1.1" 200 27
180.175.212.199 - - [02/Jun/2020:09:56:56 +0800] "GET /xingrg/kc/buy/cgsh_order_operate.html?command=get_materiel&rest_code=00102&code=00101006130&supplier_code=00100011&order_time=2020-06-02 HTTP/1.1" 200 427
114.88.170.9 - - [02/Jun/2020:09:57:02 +0800] "GET /xingrg/kc/buy/cgsh_order_operate.html?command=get_materiel&rest_code=00111&code=00101008357&supplier_code=00100005&order_time=2020-06-02 HTTP/1.1" 200 408
180.162.232.172 - - [02/Jun/2020:09:57:05 +0800] "GET /xingrg/javascript/auto/indicator.gif HTTP/1.1" 404 1066
172.17.0.110 - - [02/Jun/2020:09:57:05 +0800] "GET /xingrg/kc/buy/cgsh_order_operate.html?command=get_materiel&rest_code=00147&code=00101008331&supplier_code=00100007&order_time=2020-05-18 HTTP/1.1" 200 416
180.175.212.199 - - [02/Jun/2020:09:57:05 +0800] "GET /xingrg/kc/buy/cgsh_order_operate.html?command=get_materiel&rest_code=00102&code=00101006112&supplier_code=00100011&order_time=2020-06-02 HTTP/1.1" 200 409
180.175.212.199 - - [02/Jun/2020:09:57:06 +0800] "GET /xingrg/all/function/internal_message.html?_=1591063229800&CODE_STATE=getMsg HTTP/1.1" 200 27
172.17.0.120 - - [02/Jun/2020:09:57:07 +0800] "GET /xingrg/all/function/internal_message.html?_=1591063026064&CODE_STATE=getMsg HTTP/1.1" 200 27
114.88.170.9 - - [02/Jun/2020:09:57:09 +0800] "GET /xingrg/kc/buy/cgsh_order_operate.html?command=get_materiel&rest_code=00111&code=00101008006&supplier_code=00100005&order_time=2020-06-02 HTTP/1.1" 200 416
180.162.232.172 - - [02/Jun/2020:09:57:12 +0800] "POST /xingrg/all/user/operate.html HTTP/1.1" 200 36
180.162.232.172 - - [02/Jun/2020:09:57:12 +0800] "GET /xingrg/javascript/jquery_easy_ui/themes/default/easyui.css HTTP/1.1" 304 -
180.162.232.172 - - [02/Jun/2020:09:57:12 +0800] "GET /xingrg/index.html?sysBaseUrl=http%3A%2F%2F180.169.147.146%3A18081%2Fxingrg%2F&costTime=40×tamp=1591062261725 HTTP/1.1" 200 17179
180.162.232.172 - - [02/Jun/2020:09:57:12 +0800] "GET /xingrg/javascript/jquery_easy_ui/themes/icon.css HTTP/1.1" 304 -
180.162.232.172 - - [02/Jun/2020:09:57:12 +0800] "GET /xingrg/css/form.css HTTP/1.1" 304 -
180.162.232.172 - - [02/Jun/2020:09:57:12 +0800] "GET /xingrg/javascript/jquery-1.4.2.min.js HTTP/1.1" 304 -
180.162.232.172 - - [02/Jun/2020:09:57:12 +0800] "GET /xingrg/javascript/jquery_easy_ui/jquery.easyui.min.js HTTP/1.1" 304 -
180.162.232.172 - - [02/Jun/2020:09:57:12 +0800] "GET /xingrg/javascript/jquery_easy_ui/easyui-lang-zh_CN.js HTTP/1.1" 304 -
180.162.232.172 - - [02/Jun/2020:09:57:12 +0800] "GET /xingrg/javascript/jquery.form.js HTTP/1.1" 304 -
180.162.232.172 - - [02/Jun/2020:09:57:12 +0800] "GET /xingrg/javascript/jquery.utils.js HTTP/1.1" 304 -
180.162.232.172 - - [02/Jun/2020:09:57:12 +0800] "GET /xingrg/javascript/jquery.timers.js HTTP/1.1" 304 -
180.162.232.172 - - [02/Jun/2020:09:57:12 +0800] "GET /xingrg/images/blue/jxLogo.png HTTP/1.1" 304 -
180.162.232.172 - - [02/Jun/2020:09:57:12 +0800] "GET /xingrg/javascript/jquery_easy_ui/themes/icons/settle_new.png HTTP/1.1" 304 -
180.162.232.172 - - [02/Jun/2020:09:57:12 +0800] "GET /xingrg/images/blue/navBackgound.jpg HTTP/1.1" 304 -
180.162.232.172 - - [02/Jun/2020:09:57:12 +0800] "POST /xingrg/all/common/load_tree.html?tree=area_rest_tree_json&manage=1 HTTP/1.1" 200 476
180.162.232.172 - - [02/Jun/2020:09:57:12 +0800] "GET /xingrg/check_reg.html?_=1591063031568 HTTP/1.1" 200 22
180.162.232.172 - - [02/Jun/2020:09:57:12 +0800] "GET /xingrg/all/function/internal_message.html?_=1591063031568&CODE_STATE=count HTTP/1.1" 200 11
180.162.232.172 - - [02/Jun/2020:09:57:12 +0800] "GET /xingrg/images/blue/pingpu.png HTTP/1.1" 304 -
180.162.232.172 - - [02/Jun/2020:09:57:12 +0800] "GET /xingrg/javascript/jquery_easy_ui/themes/default/images/panel_tool_collapse.gif HTTP/1.1" 304 -
180.162.232.172 - - [02/Jun/2020:09:57:12 +0800] "GET /xingrg/javascript/jquery_easy_ui/themes/default/images/tabs_rightarrow.png HTTP/1.1" 304 -
180.162.232.172 - - [02/Jun/2020:09:57:12 +0800] "GET /xingrg/javascript/jquery_easy_ui/themes/default/images/tabs_leftarrow.png HTTP/1.1" 304 -
180.162.232.172 - - [02/Jun/2020:09:57:12 +0800] "POST /xingrg/load_menu.html HTTP/1.1" 200 5138
114.88.170.9 - - [02/Jun/2020:09:57:13 +0800] "GET /xingrg/kc/buy/cgsh_order_operate.html?command=get_materiel&rest_code=00111&code=00101008036&supplier_code=00100005&order_time=2020-06-02 HTTP/1.1" 200 408
180.162.232.172 - - [02/Jun/2020:09:57:15 +0800] "GET /xingrg/kc/base/wldb_order_list.html HTTP/1.1" 200 19261
180.162.232.172 - - [02/Jun/2020:09:57:15 +0800] "POST /xingrg/kc/base/wldb_list_operate.html HTTP/1.1" 200 928
180.162.232.172 - - [02/Jun/2020:09:57:16 +0800] "GET /xingrg/kc/base/wldb_order_add.html HTTP/1.1" 200 30322
