58.221.95.50 - - [02/Jun/2020:09:13:47 +0800] "POST /xingrg/dwr/call/plaincall/AjaxCheckService.setItemNumber.dwr HTTP/1.1" 200 78
120.253.135.82 - - [02/Jun/2020:09:13:49 +0800] "GET /xingrg/all/function/internal_message.html?_=1591060511149&CODE_STATE=getMsg HTTP/1.1" 200 27
180.175.212.199 - - [02/Jun/2020:09:14:04 +0800] "GET /xingrg/all/function/internal_message.html?_=1591060647795&CODE_STATE=getMsg HTTP/1.1" 200 27
114.88.170.9 - - [02/Jun/2020:09:14:06 +0800] "GET /xingrg/check_reg.html?_=1591060442939 HTTP/1.1" 200 22
114.88.170.9 - - [02/Jun/2020:09:14:06 +0800] "GET /xingrg/all/function/internal_message.html?_=1591060442942&CODE_STATE=getMsg HTTP/1.1" 200 27
172.17.0.110 - - [02/Jun/2020:09:14:11 +0800] "GET /xingrg/kc/buy/buy_main.html HTTP/1.1" 200 12377
172.17.0.110 - - [02/Jun/2020:09:14:12 +0800] "GET /xingrg/css/new_ie.css HTTP/1.1" 404 1036
172.17.0.110 - - [02/Jun/2020:09:14:12 +0800] "GET /xingrg/images/yd/bt.gif HTTP/1.1" 404 1040
172.17.0.110 - - [02/Jun/2020:09:14:13 +0800] "GET /xingrg/kc/buy/cgsh_order_list.html HTTP/1.1" 200 42982
172.17.0.110 - - [02/Jun/2020:09:14:14 +0800] "POST /xingrg/kc/buy/cgsh_list_operate.html HTTP/1.1" 200 876
172.17.0.240 - - [02/Jun/2020:09:14:18 +0800] "GET /xingrg/all/function/internal_message.html?_=1591060456128&CODE_STATE=getMsg HTTP/1.1" 200 27
114.84.33.255 - - [02/Jun/2020:09:14:19 +0800] "GET /xingrg/all/function/internal_message.html?_=1591060464818&CODE_STATE=getMsg HTTP/1.1" 200 27
116.230.77.149 - - [02/Jun/2020:09:14:21 +0800] "GET /xingrg/kc/buy/cgsh_order_operate.html?command=get_materiel&rest_code=00107&code=00101008321&supplier_code=00100006&order_time=2020-06-02 HTTP/1.1" 200 412
172.17.0.110 - - [02/Jun/2020:09:14:23 +0800] "GET /xingrg/all/function/internal_message.html?_=1591060460307&CODE_STATE=getMsg HTTP/1.1" 200 27
172.17.0.110 - - [02/Jun/2020:09:14:25 +0800] "GET /xingrg/kc/buy/buy_main.html HTTP/1.1" 200 12377
172.17.0.110 - - [02/Jun/2020:09:14:25 +0800] "GET /xingrg/css/new_ie.css HTTP/1.1" 404 1036
172.17.0.119 - - [02/Jun/2020:09:14:25 +0800] "GET /xingrg/all/function/internal_message.html?_=1591060463988&CODE_STATE=getMsg HTTP/1.1" 302 -
172.17.0.110 - - [02/Jun/2020:09:14:25 +0800] "GET /xingrg/images/yd/bt.gif HTTP/1.1" 404 1040
172.17.0.119 - - [02/Jun/2020:09:14:26 +0800] "GET /xingrg/all/function/internal_message.html?_=1591060465078&CODE_STATE=getMsg HTTP/1.1" 200 27
172.17.0.110 - - [02/Jun/2020:09:14:27 +0800] "GET /xingrg/kc/buy/cgsh_order_list.html HTTP/1.1" 200 42982
172.17.0.110 - - [02/Jun/2020:09:14:27 +0800] "POST /xingrg/kc/buy/cgsh_list_operate.html HTTP/1.1" 200 876
114.86.190.97 - - [02/Jun/2020:09:14:29 +0800] "GET /xingrg/all/function/internal_message.html?_=1591060470285&CODE_STATE=getMsg HTTP/1.1" 200 27
116.230.77.149 - - [02/Jun/2020:09:14:30 +0800] "GET /xingrg/all/function/internal_message.html?_=1591060467961&CODE_STATE=getMsg HTTP/1.1" 200 27
61.172.5.115 - - [02/Jun/2020:09:14:31 +0800] "GET /xingrg/all/function/internal_message.html?_=1591060471322&CODE_STATE=getMsg HTTP/1.1" 200 27
114.84.33.255 - - [02/Jun/2020:09:14:31 +0800] "GET /xingrg/check_reg.html?_=1591060475094 HTTP/1.1" 200 22
114.84.33.255 - - [02/Jun/2020:09:14:32 +0800] "GET /xingrg/all/function/internal_message.html?_=1591060475978&CODE_STATE=getMsg HTTP/1.1" 200 27
61.172.5.115 - - [02/Jun/2020:09:14:34 +0800] "GET /xingrg/kc/buy/cgsh_order_operate.html?command=get_materiel&rest_code=00105&code=00101008185&supplier_code=00100203&order_time=2020-06-02 HTTP/1.1" 200 408
58.221.95.50 - - [02/Jun/2020:09:14:35 +0800] "GET /xingrg/all/function/internal_message.html?_=1591060525783&CODE_STATE=getMsg HTTP/1.1" 200 27
114.84.33.255 - - [02/Jun/2020:09:14:36 +0800] "GET /xingrg/check_reg.html?_=1591060482167 HTTP/1.1" 200 22
172.17.0.110 - - [02/Jun/2020:09:14:39 +0800] "GET /xingrg/kc/buy/cgsh_order_add.html HTTP/1.1" 200 58623
172.17.0.110 - - [02/Jun/2020:09:14:40 +0800] "GET /xingrg/all/common/auto_word.html?type=employee&rest_code=00147 HTTP/1.1" 200 151
172.17.0.110 - - [02/Jun/2020:09:14:40 +0800] "GET /xingrg/all/common/auto_word.html?type=employee&rest_code=00147 HTTP/1.1" 200 151
172.17.0.110 - - [02/Jun/2020:09:14:40 +0800] "GET /xingrg/javascript/easyui/themes/default/validatebox.css HTTP/1.1" 404 1104
172.17.0.110 - - [02/Jun/2020:09:14:40 +0800] "POST /xingrg/kc/buy/cgsh_order_operate.html HTTP/1.1" 200 8245
116.230.77.149 - - [02/Jun/2020:09:14:40 +0800] "GET /xingrg/kc/buy/cgsh_order_operate.html?command=get_materiel&rest_code=00107&code=00101008098&supplier_code=00100006&order_time=2020-06-02 HTTP/1.1" 200 412
172.17.0.110 - - [02/Jun/2020:09:14:40 +0800] "GET /xingrg/javascript/auto/indicator.gif HTTP/1.1" 404 1066
61.172.5.115 - - [02/Jun/2020:09:14:41 +0800] "GET /xingrg/kc/buy/cgsh_order_operate.html?command=get_materiel&rest_code=00105&code=00101008323&supplier_code=00100203&order_time=2020-06-02 HTTP/1.1" 200 408
172.17.0.110 - - [02/Jun/2020:09:14:42 +0800] "GET /xingrg/javascript/jquery_tools/images/prev.gif HTTP/1.1" 404 1086
172.17.0.110 - - [02/Jun/2020:09:14:42 +0800] "GET /xingrg/javascript/jquery_tools/images/next.gif HTTP/1.1" 404 1086
116.230.77.149 - - [02/Jun/2020:09:14:43 +0800] "POST /xingrg/kc/buy/cgsh_order_operate.html HTTP/1.1" 200 2065
116.230.77.149 - - [02/Jun/2020:09:14:49 +0800] "GET /xingrg/kc/buy/cgsh_order_operate.html?command=get_materiel&rest_code=00107&code=00101008049&supplier_code=00100006&order_time=2020-06-02 HTTP/1.1" 200 410
120.253.135.82 - - [02/Jun/2020:09:14:49 +0800] "GET /xingrg/check_reg.html?_=1591060570691 HTTP/1.1" 200 22
120.253.135.82 - - [02/Jun/2020:09:14:49 +0800] "GET /xingrg/all/function/internal_message.html?_=1591060571162&CODE_STATE=getMsg HTTP/1.1" 200 27
61.172.5.115 - - [02/Jun/2020:09:14:54 +0800] "GET /xingrg/kc/buy/cgsh_order_operate.html?command=get_materiel&rest_code=00105&code=00101008302&supplier_code=00100203&order_time=2020-06-02 HTTP/1.1" 200 412
172.17.0.110 - - [02/Jun/2020:09:15:01 +0800] "GET /xingrg/kc/buy/cgsh_order_operate.html?command=get_materiel&rest_code=00147&code=00101008323&supplier_code=00100007&order_time=2020-05-16 HTTP/1.1" 200 408
61.172.5.115 - - [02/Jun/2020:09:15:01 +0800] "GET /xingrg/kc/buy/cgsh_order_operate.html?command=get_materiel&rest_code=00105&code=00101008210&supplier_code=00100203&order_time=2020-06-02 HTTP/1.1" 200 408
180.175.212.199 - - [02/Jun/2020:09:15:04 +0800] "GET /xingrg/check_reg.html?_=1591060707529 HTTP/1.1" 200 22
180.175.212.199 - - [02/Jun/2020:09:15:04 +0800] "GET /xingrg/all/function/internal_message.html?_=1591060707809&CODE_STATE=getMsg HTTP/1.1" 200 27
114.88.170.9 - - [02/Jun/2020:09:15:06 +0800] "GET /xingrg/all/function/internal_message.html?_=1591060502941&CODE_STATE=getMsg HTTP/1.1" 200 27
61.172.5.115 - - [02/Jun/2020:09:15:09 +0800] "GET /xingrg/kc/buy/cgsh_order_operate.html?command=get_materiel&rest_code=00105&code=00101008257&supplier_code=00100203&order_time=2020-06-02 HTTP/1.1" 200 416
172.17.0.182 - - [02/Jun/2020:09:15:15 +0800] "GET /favicon.ico HTTP/1.1" 404 -
172.17.0.240 - - [02/Jun/2020:09:15:18 +0800] "GET /xingrg/all/function/internal_message.html?_=1591060516136&CODE_STATE=getMsg HTTP/1.1" 200 27
114.84.33.255 - - [02/Jun/2020:09:15:19 +0800] "GET /xingrg/all/function/internal_message.html?_=1591060524818&CODE_STATE=getMsg HTTP/1.1" 200 27
172.17.0.110 - - [02/Jun/2020:09:15:23 +0800] "GET /xingrg/all/function/internal_message.html?_=1591060520343&CODE_STATE=getMsg HTTP/1.1" 200 27
61.172.5.115 - - [02/Jun/2020:09:15:25 +0800] "GET /xingrg/kc/buy/cgsh_order_operate.html?command=get_materiel&rest_code=00105&code=00101008112&supplier_code=00100203&order_time=2020-06-02 HTTP/1.1" 200 412
172.17.0.110 - - [02/Jun/2020:09:15:25 +0800] "GET /xingrg/kc/buy/cgsh_order_operate.html?command=get_materiel&rest_code=00147&code=00101015048&supplier_code=00100007&order_time=2020-05-16 HTTP/1.1" 200 412
172.17.0.119 - - [02/Jun/2020:09:15:25 +0800] "GET /xingrg/all/function/internal_message.html?_=1591060523958&CODE_STATE=getMsg HTTP/1.1" 302 -
172.17.0.113 - - [02/Jun/2020:09:15:25 +0800] "GET /favicon.ico HTTP/1.1" 404 -
172.17.0.119 - - [02/Jun/2020:09:15:26 +0800] "GET /xingrg/all/function/internal_message.html?_=1591060525050&CODE_STATE=getMsg HTTP/1.1" 200 27
172.17.0.110 - - [02/Jun/2020:09:15:28 +0800] "GET /xingrg/kc/buy/cgsh_order_operate.html?command=get_materiel&rest_code=00147&code=00101008256&supplier_code=00100007&order_time=2020-05-16 HTTP/1.1" 200 412
114.86.190.97 - - [02/Jun/2020:09:15:29 +0800] "GET /xingrg/all/function/internal_message.html?_=1591060530265&CODE_STATE=getMsg HTTP/1.1" 200 27
116.230.77.149 - - [02/Jun/2020:09:15:30 +0800] "GET /xingrg/all/function/internal_message.html?_=1591060527956&CODE_STATE=getMsg HTTP/1.1" 200 27
61.172.5.115 - - [02/Jun/2020:09:15:31 +0800] "GET /xingrg/all/function/internal_message.html?_=1591060531251&CODE_STATE=getMsg HTTP/1.1" 200 27
114.84.33.255 - - [02/Jun/2020:09:15:32 +0800] "GET /xingrg/all/function/internal_message.html?_=1591060536124&CODE_STATE=getMsg HTTP/1.1" 200 27
61.172.5.115 - - [02/Jun/2020:09:15:32 +0800] "GET /xingrg/kc/buy/cgsh_order_operate.html?command=get_materiel&rest_code=00105&code=00101008028&supplier_code=00100203&order_time=2020-06-02 HTTP/1.1" 200 412
116.230.77.149 - - [02/Jun/2020:09:15:34 +0800] "GET /xingrg/kc/buy/cgsh_order_operate.html?command=get_materiel&rest_code=00107&code=00101008364&supplier_code=00100006&order_time=2020-06-02 HTTP/1.1" 200 413
58.221.95.50 - - [02/Jun/2020:09:15:35 +0800] "GET /xingrg/all/function/internal_message.html?_=1591060585783&CODE_STATE=getMsg HTTP/1.1" 200 27
172.17.0.110 - - [02/Jun/2020:09:15:39 +0800] "GET /xingrg/kc/buy/cgsh_order_operate.html?command=get_materiel&rest_code=00147&code=00101008185&supplier_code=00100007&order_time=2020-05-16 HTTP/1.1" 200 408
116.230.77.149 - - [02/Jun/2020:09:15:41 +0800] "POST /xingrg/kc/buy/cgsh_order_operate.html HTTP/1.1" 200 37
61.172.5.115 - - [02/Jun/2020:09:15:42 +0800] "GET /xingrg/kc/buy/cgsh_order_operate.html?command=get_materiel&rest_code=00105&code=00101008063&supplier_code=00100203&order_time=2020-06-02 HTTP/1.1" 200 412
116.230.77.149 - - [02/Jun/2020:09:15:43 +0800] "POST /xingrg/kc/buy/cgsh_order_operate.html HTTP/1.1" 200 29286
120.253.135.82 - - [02/Jun/2020:09:15:49 +0800] "GET /xingrg/all/function/internal_message.html?_=1591060631175&CODE_STATE=getMsg HTTP/1.1" 200 27
61.172.5.115 - - [02/Jun/2020:09:15:50 +0800] "GET /xingrg/kc/buy/cgsh_order_operate.html?command=get_materiel&rest_code=00105&code=00101008305&supplier_code=00100203&order_time=2020-06-02 HTTP/1.1" 200 412
61.172.5.115 - - [02/Jun/2020:09:15:58 +0800] "GET /xingrg/kc/buy/cgsh_order_operate.html?command=get_materiel&rest_code=00105&code=00101008276&supplier_code=00100203&order_time=2020-06-02 HTTP/1.1" 200 412
180.175.212.199 - - [02/Jun/2020:09:16:04 +0800] "GET /xingrg/all/function/internal_message.html?_=1591060767823&CODE_STATE=getMsg HTTP/1.1" 200 27
114.88.170.9 - - [02/Jun/2020:09:16:06 +0800] "GET /xingrg/all/function/internal_message.html?_=1591060562939&CODE_STATE=getMsg HTTP/1.1" 200 27
116.230.77.149 - - [02/Jun/2020:09:16:09 +0800] "POST /xingrg/kc/buy/cgsh_order_operate.html HTTP/1.1" 200 37
116.230.77.149 - - [02/Jun/2020:09:16:10 +0800] "POST /xingrg/kc/buy/cgsh_order_operate.html HTTP/1.1" 200 29286
114.84.33.255 - - [02/Jun/2020:09:16:13 +0800] "POST /xingrg/kc/buy/cgsh_order_operate.html HTTP/1.1" 200 37
114.84.33.255 - - [02/Jun/2020:09:16:14 +0800] "POST /xingrg/kc/buy/cgsh_order_operate.html HTTP/1.1" 200 46999
114.84.33.255 - - [02/Jun/2020:09:16:16 +0800] "GET /xingrg/kc/buy/buy_main.html HTTP/1.1" 200 12412
114.84.33.255 - - [02/Jun/2020:09:16:17 +0800] "GET /xingrg/css/new_ie.css HTTP/1.1" 404 1036
114.84.33.255 - - [02/Jun/2020:09:16:17 +0800] "GET /xingrg/images/yd/bt.gif HTTP/1.1" 404 1040
114.84.33.255 - - [02/Jun/2020:09:16:17 +0800] "GET /xingrg/kc/buy/cgsh_order_list.html HTTP/1.1" 200 43002
172.17.0.110 - - [02/Jun/2020:09:16:18 +0800] "GET /xingrg/kc/buy/cgsh_order_operate.html?command=get_materiel&rest_code=00147&code=00101008110&supplier_code=00100007&order_time=2020-05-16 HTTP/1.1" 200 408
172.17.0.240 - - [02/Jun/2020:09:16:18 +0800] "GET /xingrg/all/function/internal_message.html?_=1591060576147&CODE_STATE=getMsg HTTP/1.1" 200 27
114.84.33.255 - - [02/Jun/2020:09:16:19 +0800] "GET /xingrg/all/function/internal_message.html?_=1591060584832&CODE_STATE=getMsg HTTP/1.1" 200 27
114.84.33.255 - - [02/Jun/2020:09:16:19 +0800] "POST /xingrg/kc/buy/cgsh_list_operate.html HTTP/1.1" 200 2411
61.172.5.115 - - [02/Jun/2020:09:16:20 +0800] "POST /xingrg/kc/buy/cgsh_order_operate.html HTTP/1.1" 200 2065
172.17.0.110 - - [02/Jun/2020:09:16:23 +0800] "GET /xingrg/all/function/internal_message.html?_=1591060580347&CODE_STATE=getMsg HTTP/1.1" 200 27
172.17.0.119 - - [02/Jun/2020:09:16:25 +0800] "GET /xingrg/all/function/internal_message.html?_=1591060583931&CODE_STATE=getMsg HTTP/1.1" 302 -
172.17.0.119 - - [02/Jun/2020:09:16:25 +0800] "GET /xingrg/check_reg.html?_=1591060584042 HTTP/1.1" 302 -
172.17.0.119 - - [02/Jun/2020:09:16:26 +0800] "GET /xingrg/all/function/internal_message.html?_=1591060585021&CODE_STATE=getMsg HTTP/1.1" 200 27
172.17.0.119 - - [02/Jun/2020:09:16:26 +0800] "GET /xingrg/check_reg.html?_=1591060585148 HTTP/1.1" 200 22
61.172.5.115 - - [02/Jun/2020:09:16:26 +0800] "POST /xingrg/kc/buy/cgsh_order_operate.html HTTP/1.1" 200 2065
172.17.0.110 - - [02/Jun/2020:09:16:28 +0800] "GET /xingrg/kc/buy/cgsh_order_operate.html?command=get_materiel&rest_code=00147&code=00101008038&supplier_code=00100007&order_time=2020-05-16 HTTP/1.1" 200 412
114.86.190.97 - - [02/Jun/2020:09:16:29 +0800] "GET /xingrg/all/function/internal_message.html?_=1591060590276&CODE_STATE=getMsg HTTP/1.1" 200 27
116.230.77.149 - - [02/Jun/2020:09:16:29 +0800] "GET /xingrg/check_reg.html?_=1591060587811 HTTP/1.1" 200 22
116.230.77.149 - - [02/Jun/2020:09:16:29 +0800] "GET /xingrg/all/function/internal_message.html?_=1591060587920&CODE_STATE=getMsg HTTP/1.1" 200 27
61.172.5.115 - - [02/Jun/2020:09:16:31 +0800] "GET /xingrg/check_reg.html?_=1591060591264 HTTP/1.1" 200 22
61.172.5.115 - - [02/Jun/2020:09:16:31 +0800] "GET /xingrg/all/function/internal_message.html?_=1591060591265&CODE_STATE=getMsg HTTP/1.1" 200 27
114.84.33.255 - - [02/Jun/2020:09:16:32 +0800] "GET /xingrg/all/function/internal_message.html?_=1591060596137&CODE_STATE=getMsg HTTP/1.1" 200 27
61.172.5.115 - - [02/Jun/2020:09:16:33 +0800] "GET /xingrg/kc/buy/cgsh_order_operate.html?command=get_materiel&rest_code=00105&code=00101008350&supplier_code=00100203&order_time=2020-06-02 HTTP/1.1" 200 408
58.221.95.50 - - [02/Jun/2020:09:16:35 +0800] "GET /xingrg/all/function/internal_message.html?_=1591060645784&CODE_STATE=getMsg HTTP/1.1" 200 27
58.221.95.50 - - [02/Jun/2020:09:16:35 +0800] "GET /xingrg/check_reg.html?_=1591060645785 HTTP/1.1" 200 22
172.17.0.110 - - [02/Jun/2020:09:16:37 +0800] "GET /xingrg/kc/buy/cgsh_order_operate.html?command=get_materiel&rest_code=00147&code=00101008088&supplier_code=00100007&order_time=2020-05-16 HTTP/1.1" 200 408
61.172.5.115 - - [02/Jun/2020:09:16:47 +0800] "GET /xingrg/kc/buy/cgsh_order_operate.html?command=get_materiel&rest_code=00105&code=00101008067&supplier_code=00100203&order_time=2020-06-02 HTTP/1.1" 200 416
120.253.135.82 - - [02/Jun/2020:09:16:49 +0800] "GET /xingrg/all/function/internal_message.html?_=1591060691188&CODE_STATE=getMsg HTTP/1.1" 200 27
172.17.0.110 - - [02/Jun/2020:09:16:55 +0800] "GET /xingrg/kc/buy/cgsh_order_operate.html?command=get_materiel&rest_code=00147&code=00101008190&supplier_code=00100007&order_time=2020-05-16 HTTP/1.1" 200 412
61.172.5.115 - - [02/Jun/2020:09:16:55 +0800] "GET /xingrg/kc/buy/cgsh_order_operate.html?command=get_materiel&rest_code=00105&code=00101008353&supplier_code=00100203&order_time=2020-06-02 HTTP/1.1" 200 408
116.230.77.149 - - [02/Jun/2020:09:16:55 +0800] "GET /xingrg/kc/buy/cgsh_order_operate.html?command=get_materiel&rest_code=00107&code=00101008300&supplier_code=00100006&order_time=2020-06-02 HTTP/1.1" 200 412
180.162.232.172 - - [02/Jun/2020:09:17:00 +0800] "GET /xingrg/check_reg.html?_=1591060618835 HTTP/1.1" 200 22
61.172.5.115 - - [02/Jun/2020:09:17:02 +0800] "GET /xingrg/kc/buy/cgsh_order_operate.html?command=get_materiel&rest_code=00105&code=00101009063&supplier_code=00100203&order_time=2020-06-02 HTTP/1.1" 200 409
180.175.212.199 - - [02/Jun/2020:09:17:04 +0800] "GET /xingrg/all/function/internal_message.html?_=1591060827836&CODE_STATE=getMsg HTTP/1.1" 200 27
114.88.170.9 - - [02/Jun/2020:09:17:06 +0800] "GET /xingrg/all/function/internal_message.html?_=1591060622942&CODE_STATE=getMsg HTTP/1.1" 200 27
61.172.5.115 - - [02/Jun/2020:09:17:09 +0800] "GET /xingrg/kc/buy/cgsh_order_operate.html?command=get_materiel&rest_code=00105&code=00101008168&supplier_code=00100203&order_time=2020-06-02 HTTP/1.1" 200 413
172.17.0.110 - - [02/Jun/2020:09:17:11 +0800] "GET /xingrg/kc/buy/cgsh_order_operate.html?command=get_materiel&rest_code=00147&code=00101008141&supplier_code=00100007&order_time=2020-05-16 HTTP/1.1" 200 412
172.17.0.240 - - [02/Jun/2020:09:17:18 +0800] "GET /xingrg/all/function/internal_message.html?_=1591060636123&CODE_STATE=getMsg HTTP/1.1" 200 27
61.172.5.115 - - [02/Jun/2020:09:17:18 +0800] "GET /xingrg/kc/buy/cgsh_order_operate.html?command=get_materiel&rest_code=00105&code=00101008096&supplier_code=00100203&order_time=2020-06-02 HTTP/1.1" 200 413
114.84.33.255 - - [02/Jun/2020:09:17:19 +0800] "GET /xingrg/all/function/internal_message.html?_=1591060644973&CODE_STATE=getMsg HTTP/1.1" 200 27
172.17.0.110 - - [02/Jun/2020:09:17:19 +0800] "GET /xingrg/kc/buy/cgsh_order_operate.html?command=get_materiel&rest_code=00147&code=00101008126&supplier_code=00100007&order_time=2020-05-16 HTTP/1.1" 200 412
172.17.0.110 - - [02/Jun/2020:09:17:23 +0800] "GET /xingrg/all/function/internal_message.html?_=1591060640347&CODE_STATE=getMsg HTTP/1.1" 200 27
172.17.0.119 - - [02/Jun/2020:09:17:25 +0800] "GET /xingrg/all/function/internal_message.html?_=1591060643909&CODE_STATE=getMsg HTTP/1.1" 302 -
172.17.0.119 - - [02/Jun/2020:09:17:26 +0800] "GET /xingrg/all/function/internal_message.html?_=1591060644994&CODE_STATE=getMsg HTTP/1.1" 200 27
114.86.190.97 - - [02/Jun/2020:09:17:29 +0800] "GET /xingrg/all/function/internal_message.html?_=1591060650290&CODE_STATE=getMsg HTTP/1.1" 200 27
116.230.77.149 - - [02/Jun/2020:09:17:30 +0800] "GET /xingrg/all/function/internal_message.html?_=1591060647985&CODE_STATE=getMsg HTTP/1.1" 200 27
61.172.5.115 - - [02/Jun/2020:09:17:31 +0800] "GET /xingrg/kc/buy/cgsh_order_operate.html?command=get_materiel&rest_code=00105&code=00101008088&supplier_code=00100203&order_time=2020-06-02 HTTP/1.1" 200 408
61.172.5.115 - - [02/Jun/2020:09:17:31 +0800] "GET /xingrg/all/function/internal_message.html?_=1591060651289&CODE_STATE=getMsg HTTP/1.1" 200 27
114.84.33.255 - - [02/Jun/2020:09:17:32 +0800] "GET /xingrg/all/function/internal_message.html?_=1591060656146&CODE_STATE=getMsg HTTP/1.1" 200 27
114.86.190.97 - - [02/Jun/2020:09:17:35 +0800] "POST /xingrg/kc/buy/cgsh_list_operate.html HTTP/1.1" 200 876
58.221.95.50 - - [02/Jun/2020:09:17:35 +0800] "GET /xingrg/all/function/internal_message.html?_=1591060705785&CODE_STATE=getMsg HTTP/1.1" 200 27
61.172.5.115 - - [02/Jun/2020:09:17:36 +0800] "GET /xingrg/kc/buy/cgsh_order_operate.html?command=get_materiel&rest_code=00105&code=00101008224&supplier_code=00100203&order_time=2020-06-02 HTTP/1.1" 200 416
114.86.190.97 - - [02/Jun/2020:09:17:38 +0800] "GET /xingrg/kc/buy/cgsh_order_list.html HTTP/1.1" 200 43002
114.86.190.97 - - [02/Jun/2020:09:17:39 +0800] "POST /xingrg/kc/buy/cgsh_list_operate.html HTTP/1.1" 200 876
114.86.190.97 - - [02/Jun/2020:09:17:40 +0800] "GET /xingrg/kc/buy/cgsh_order_add.html HTTP/1.1" 200 58740
114.86.190.97 - - [02/Jun/2020:09:17:41 +0800] "GET /xingrg/words/20200531155812_words.js HTTP/1.1" 304 -
114.86.190.97 - - [02/Jun/2020:09:17:41 +0800] "POST /xingrg/kc/buy/cgsh_order_operate.html HTTP/1.1" 200 8245
114.86.190.97 - - [02/Jun/2020:09:17:41 +0800] "GET /xingrg/all/common/auto_word.html?type=employee&rest_code=00148 HTTP/1.1" 200 147
114.86.190.97 - - [02/Jun/2020:09:17:41 +0800] "GET /xingrg/javascript/easyui/themes/default/validatebox.css HTTP/1.1" 404 1104
114.86.190.97 - - [02/Jun/2020:09:17:41 +0800] "GET /xingrg/all/common/auto_word.html?type=employee&rest_code=00148 HTTP/1.1" 200 147
61.172.5.115 - - [02/Jun/2020:09:17:42 +0800] "GET /xingrg/kc/buy/cgsh_order_operate.html?command=get_materiel&rest_code=00105&code=00101008087&supplier_code=00100203&order_time=2020-06-02 HTTP/1.1" 200 412
114.86.190.97 - - [02/Jun/2020:09:17:46 +0800] "GET /xingrg/javascript/auto/indicator.gif HTTP/1.1" 404 1066
116.230.77.149 - - [02/Jun/2020:09:17:46 +0800] "GET /xingrg/kc/buy/cgsh_order_operate.html?command=get_materiel&rest_code=00107&code=00101008213&supplier_code=00100006&order_time=2020-06-02 HTTP/1.1" 200 412
120.253.135.82 - - [02/Jun/2020:09:17:49 +0800] "GET /xingrg/all/function/internal_message.html?_=1591060751215&CODE_STATE=getMsg HTTP/1.1" 200 27
61.172.5.115 - - [02/Jun/2020:09:17:53 +0800] "POST /xingrg/kc/buy/cgsh_order_operate.html HTTP/1.1" 200 2065
116.230.77.149 - - [02/Jun/2020:09:17:54 +0800] "POST /xingrg/kc/buy/cgsh_order_operate.html HTTP/1.1" 200 37
116.230.77.149 - - [02/Jun/2020:09:17:55 +0800] "POST /xingrg/kc/buy/cgsh_order_operate.html HTTP/1.1" 200 30467
116.230.77.149 - - [02/Jun/2020:09:17:57 +0800] "GET /xingrg/kc/print/load_data.html?order_code=212020060200385&kc_code=cgsh&condition= HTTP/1.1" 200 11208
61.172.5.115 - - [02/Jun/2020:09:18:00 +0800] "GET /xingrg/kc/buy/cgsh_order_operate.html?command=get_materiel&rest_code=00105&code=00101008137&supplier_code=00100203&order_time=2020-06-02 HTTP/1.1" 200 408
180.175.212.199 - - [02/Jun/2020:09:18:04 +0800] "GET /xingrg/all/function/internal_message.html?_=1591060887865&CODE_STATE=getMsg HTTP/1.1" 200 27
61.172.5.115 - - [02/Jun/2020:09:18:06 +0800] "GET /xingrg/kc/buy/cgsh_order_operate.html?command=get_materiel&rest_code=00105&code=00101008059&supplier_code=00100203&order_time=2020-06-02 HTTP/1.1" 200 408
172.17.0.240 - - [02/Jun/2020:09:18:06 +0800] "GET /xingrg/system/rest/menu_rest.html HTTP/1.1" 200 13039
172.17.0.240 - - [02/Jun/2020:09:18:06 +0800] "GET /xingrg/javascript/auto/jquery.autocomplete.css HTTP/1.1" 200 587
172.17.0.240 - - [02/Jun/2020:09:18:06 +0800] "GET /xingrg/javascript/auto/jquery.autocomplete.js HTTP/1.1" 200 21624
172.17.0.240 - - [02/Jun/2020:09:18:06 +0800] "GET /xingrg/javascript/tools/jquery.qtip-1.0.0-rc3.min.js HTTP/1.1" 200 38404
114.88.170.9 - - [02/Jun/2020:09:18:06 +0800] "GET /xingrg/all/function/internal_message.html?_=1591060682942&CODE_STATE=getMsg HTTP/1.1" 200 27
172.17.0.240 - - [02/Jun/2020:09:18:06 +0800] "POST /xingrg/all/common/load_tree.html?tree=area_station_tree_json&manage=1 HTTP/1.1" 200 2990
172.17.0.240 - - [02/Jun/2020:09:18:06 +0800] "POST /xingrg/all/common/load_tree.html?tree=area_station_tree_json&manage=1 HTTP/1.1" 200 2990
172.17.0.240 - - [02/Jun/2020:09:18:07 +0800] "GET /xingrg/system/rest/list_page.html?p=menu HTTP/1.1" 200 112549
172.17.0.240 - - [02/Jun/2020:09:18:07 +0800] "GET /xingrg/dwr/interface/AjaxGetFirstChart.js HTTP/1.1" 200 631
172.17.0.240 - - [02/Jun/2020:09:18:07 +0800] "GET /xingrg/dwr/engine.js HTTP/1.1" 200 43631
172.17.0.240 - - [02/Jun/2020:09:18:08 +0800] "GET /xingrg/system/rest/query_items.html?_=1591060685624&table=menu&page=1&rows=20&categoryId=&key= HTTP/1.1" 200 4729
116.230.77.149 - - [02/Jun/2020:09:18:08 +0800] "GET /xingrg/kc/buy/cgsh_order_add.html HTTP/1.1" 200 58781
116.230.77.149 - - [02/Jun/2020:09:18:09 +0800] "GET /xingrg/javascript/easyui/themes/default/validatebox.css HTTP/1.1" 404 1104
116.230.77.149 - - [02/Jun/2020:09:18:09 +0800] "POST /xingrg/kc/buy/cgsh_order_operate.html HTTP/1.1" 200 8245
116.230.77.149 - - [02/Jun/2020:09:18:11 +0800] "GET /xingrg/javascript/easyui/themes/default/tree.css HTTP/1.1" 404 1090
116.230.77.149 - - [02/Jun/2020:09:18:11 +0800] "POST /xingrg/all/common/load_tree.html?tree=supplier_tree_json&isDelete=1 HTTP/1.1" 200 48460
114.84.33.255 - - [02/Jun/2020:09:18:19 +0800] "GET /xingrg/all/function/internal_message.html?_=1591060704986&CODE_STATE=getMsg HTTP/1.1" 200 27
61.172.5.115 - - [02/Jun/2020:09:18:23 +0800] "GET /xingrg/system/info/materiel_import.html?isSelect=1&singleSelect=false HTTP/1.1" 200 5600
172.17.0.110 - - [02/Jun/2020:09:18:23 +0800] "GET /xingrg/check_reg.html?_=1591060700310 HTTP/1.1" 200 22
172.17.0.110 - - [02/Jun/2020:09:18:23 +0800] "GET /xingrg/all/function/internal_message.html?_=1591060700312&CODE_STATE=getMsg HTTP/1.1" 200 27
61.172.5.115 - - [02/Jun/2020:09:18:23 +0800] "GET /favicon.ico HTTP/1.1" 404 -
61.172.5.115 - - [02/Jun/2020:09:18:23 +0800] "POST /xingrg/all/common/load_tree.html?tree=materiel_sort_tree_json HTTP/1.1" 200 8666
172.17.0.119 - - [02/Jun/2020:09:18:25 +0800] "GET /xingrg/all/function/internal_message.html?_=1591060703879&CODE_STATE=getMsg HTTP/1.1" 302 -
172.17.0.119 - - [02/Jun/2020:09:18:26 +0800] "GET /xingrg/all/function/internal_message.html?_=1591060704965&CODE_STATE=getMsg HTTP/1.1" 200 27
114.86.190.97 - - [02/Jun/2020:09:18:29 +0800] "GET /xingrg/check_reg.html?_=1591060710274 HTTP/1.1" 200 22
114.86.190.97 - - [02/Jun/2020:09:18:29 +0800] "GET /xingrg/all/function/internal_message.html?_=1591060710299&CODE_STATE=getMsg HTTP/1.1" 200 27
116.230.77.149 - - [02/Jun/2020:09:18:30 +0800] "GET /xingrg/all/function/internal_message.html?_=1591060707962&CODE_STATE=getMsg HTTP/1.1" 200 27
61.172.5.115 - - [02/Jun/2020:09:18:31 +0800] "GET /xingrg/kc/buy/cgsh_order_operate.html?command=get_materiel&rest_code=00105&code=00101008098&supplier_code=00100203&order_time=2020-06-02 HTTP/1.1" 200 412
61.172.5.115 - - [02/Jun/2020:09:18:31 +0800] "GET /xingrg/all/function/internal_message.html?_=1591060711261&CODE_STATE=getMsg HTTP/1.1" 200 27
114.84.33.255 - - [02/Jun/2020:09:18:32 +0800] "GET /xingrg/all/function/internal_message.html?_=1591060716305&CODE_STATE=getMsg HTTP/1.1" 200 27
116.230.77.149 - - [02/Jun/2020:09:18:33 +0800] "GET /xingrg/kc/buy/cgsh_order_operate.html?command=get_materiel&rest_code=00107&code=00101011010&supplier_code=00100049&order_time=2020-06-02 HTTP/1.1" 200 418
61.172.5.115 - - [02/Jun/2020:09:18:34 +0800] "POST /xingrg/kc/buy/cgsh_order_operate.html HTTP/1.1" 200 2065
58.221.95.50 - - [02/Jun/2020:09:18:35 +0800] "GET /xingrg/all/function/internal_message.html?_=1591060765783&CODE_STATE=getMsg HTTP/1.1" 200 27
61.172.5.115 - - [02/Jun/2020:09:18:38 +0800] "GET /xingrg/kc/buy/cgsh_order_operate.html?command=get_materiel&rest_code=00105&code=00101008213&supplier_code=00100203&order_time=2020-06-02 HTTP/1.1" 200 412
61.172.5.115 - - [02/Jun/2020:09:18:45 +0800] "GET /xingrg/kc/buy/cgsh_order_operate.html?command=get_materiel&rest_code=00105&code=00101008004&supplier_code=00100203&order_time=2020-06-02 HTTP/1.1" 200 416
172.17.0.185 - - [02/Jun/2020:09:18:49 +0800] "GET /xingrg/index.html?sysBaseUrl=http%3A%2F%2F172.17.0.8%3A18081%2Fxingrg%2F&costTime=35×tamp=1585202411715 HTTP/1.1" 302 -
172.17.0.185 - - [02/Jun/2020:09:18:49 +0800] "GET /xingrg/login.html HTTP/1.1" 200 7636
172.17.0.185 - - [02/Jun/2020:09:18:49 +0800] "GET /xingrg/images/blue/jxLogo.png HTTP/1.1" 200 6156
120.253.135.82 - - [02/Jun/2020:09:18:49 +0800] "GET /xingrg/all/function/internal_message.html?_=1591060811232&CODE_STATE=getMsg HTTP/1.1" 200 27
172.17.0.185 - - [02/Jun/2020:09:18:50 +0800] "GET /xingrg/images/blue/login_bg.png HTTP/1.1" 200 22101
172.17.0.185 - - [02/Jun/2020:09:18:50 +0800] "GET /xingrg/images/blue/hj.png HTTP/1.1" 200 1014
172.17.0.185 - - [02/Jun/2020:09:18:50 +0800] "GET /xingrg/images/blue/srbg.png HTTP/1.1" 200 138
172.17.0.185 - - [02/Jun/2020:09:18:51 +0800] "GET /favicon.ico HTTP/1.1" 404 -
172.17.0.185 - - [02/Jun/2020:09:18:53 +0800] "POST /xingrg/login.do HTTP/1.1" 302 -
172.17.0.185 - - [02/Jun/2020:09:18:53 +0800] "GET /xingrg/index.html?sysBaseUrl=http%3A%2F%2F172.17.0.8%3A18081%2Fxingrg%2F&costTime=38×tamp=1591060733105 HTTP/1.1" 200 17448
172.17.0.185 - - [02/Jun/2020:09:18:53 +0800] "GET /xingrg/javascript/jquery_easy_ui/themes/default/easyui.css HTTP/1.1" 200 26500
172.17.0.185 - - [02/Jun/2020:09:18:53 +0800] "GET /xingrg/javascript/jquery_easy_ui/themes/icon.css HTTP/1.1" 200 3949
172.17.0.185 - - [02/Jun/2020:09:18:53 +0800] "GET /xingrg/css/form.css HTTP/1.1" 200 893
172.17.0.185 - - [02/Jun/2020:09:18:53 +0800] "GET /xingrg/javascript/jquery-1.4.2.min.js HTTP/1.1" 200 72205
172.17.0.185 - - [02/Jun/2020:09:18:53 +0800] "GET /xingrg/javascript/jquery_easy_ui/jquery.easyui.min.js HTTP/1.1" 200 213662
172.17.0.185 - - [02/Jun/2020:09:18:53 +0800] "GET /xingrg/javascript/jquery_easy_ui/easyui-lang-zh_CN.js HTTP/1.1" 200 1900
172.17.0.185 - - [02/Jun/2020:09:18:53 +0800] "GET /xingrg/javascript/jquery.form.js HTTP/1.1" 200 23110
172.17.0.185 - - [02/Jun/2020:09:18:53 +0800] "GET /xingrg/javascript/jquery.utils.js HTTP/1.1" 200 11805
172.17.0.185 - - [02/Jun/2020:09:18:53 +0800] "GET /xingrg/javascript/jquery.timers.js HTTP/1.1" 200 3532
172.17.0.185 - - [02/Jun/2020:09:18:53 +0800] "POST /xingrg/all/common/load_tree.html?tree=area_rest_tree_json&manage=1 HTTP/1.1" 200 3088
172.17.0.185 - - [02/Jun/2020:09:18:53 +0800] "GET /xingrg/all/function/internal_message.html?_=1591060731527&CODE_STATE=count HTTP/1.1" 200 11
172.17.0.185 - - [02/Jun/2020:09:18:53 +0800] "GET /xingrg/check_reg.html?_=1591060731528 HTTP/1.1" 200 22
172.17.0.185 - - [02/Jun/2020:09:18:53 +0800] "GET /xingrg/images/blue/pingpu.png HTTP/1.1" 200 231
172.17.0.185 - - [02/Jun/2020:09:18:53 +0800] "GET /xingrg/javascript/jquery_easy_ui/themes/default/images/tabs_leftarrow.png HTTP/1.1" 200 389
172.17.0.185 - - [02/Jun/2020:09:18:53 +0800] "GET /xingrg/images/blue/navBackgound.jpg HTTP/1.1" 200 12378
172.17.0.185 - - [02/Jun/2020:09:18:53 +0800] "GET /xingrg/javascript/jquery_easy_ui/themes/icons/settle_new.png HTTP/1.1" 200 826
172.17.0.185 - - [02/Jun/2020:09:18:53 +0800] "GET /xingrg/javascript/jquery_easy_ui/themes/default/images/tabs_rightarrow.png HTTP/1.1" 200 395
172.17.0.185 - - [02/Jun/2020:09:18:53 +0800] "GET /xingrg/javascript/jquery_easy_ui/themes/default/images/panel_tool_collapse.gif HTTP/1.1" 200 246
172.17.0.185 - - [02/Jun/2020:09:18:53 +0800] "GET /xingrg/javascript/jquery_easy_ui/themes/default/images/panel_tool_expand.gif HTTP/1.1" 200 247
172.17.0.185 - - [02/Jun/2020:09:18:53 +0800] "GET /favicon.ico HTTP/1.1" 404 -
172.17.0.185 - - [02/Jun/2020:09:18:53 +0800] "POST /xingrg/load_menu.html HTTP/1.1" 200 11529
172.17.0.185 - - [02/Jun/2020:09:18:53 +0800] "GET /xingrg/javascript/jquery_easy_ui/themes/default/images/tree_arrows.gif HTTP/1.1" 200 1043
172.17.0.185 - - [02/Jun/2020:09:18:53 +0800] "GET /xingrg/javascript/jquery_easy_ui/themes/default/images/tree_folder_open.gif HTTP/1.1" 200 956
172.17.0.185 - - [02/Jun/2020:09:18:53 +0800] "GET /xingrg/javascript/jquery_easy_ui/themes/icons/area.png HTTP/1.1" 200 262
172.17.0.185 - - [02/Jun/2020:09:18:53 +0800] "GET /xingrg/javascript/jquery_easy_ui/themes/icons/manage.png HTTP/1.1" 200 696
172.17.0.185 - - [02/Jun/2020:09:18:53 +0800] "GET /xingrg/javascript/jquery_easy_ui/themes/icons/rest.png HTTP/1.1" 200 695
172.17.0.185 - - [02/Jun/2020:09:18:53 +0800] "GET /xingrg/javascript/jquery_easy_ui/themes/icons/search_new.png HTTP/1.1" 200 586
172.17.0.185 - - [02/Jun/2020:09:18:53 +0800] "GET /xingrg/javascript/jquery_easy_ui/themes/icons/delivery_new.png HTTP/1.1" 200 700
172.17.0.185 - - [02/Jun/2020:09:18:53 +0800] "GET /xingrg/javascript/jquery_easy_ui/themes/icons/storage_new.png HTTP/1.1" 200 853
172.17.0.185 - - [02/Jun/2020:09:18:53 +0800] "GET /xingrg/javascript/jquery_easy_ui/themes/icons/checkout_new.png HTTP/1.1" 200 744
172.17.0.185 - - [02/Jun/2020:09:18:53 +0800] "GET /xingrg/javascript/jquery_easy_ui/themes/icons/forms_new.png HTTP/1.1" 200 350
172.17.0.185 - - [02/Jun/2020:09:18:53 +0800] "GET /xingrg/javascript/jquery_easy_ui/themes/icons/setting_new.png HTTP/1.1" 200 450
172.17.0.185 - - [02/Jun/2020:09:18:53 +0800] "GET /xingrg/javascript/jquery_easy_ui/themes/icons/systemset_new.png HTTP/1.1" 200 606
172.17.0.185 - - [02/Jun/2020:09:18:53 +0800] "GET /xingrg/javascript/jquery_easy_ui/themes/default/images/tree_file.gif HTTP/1.1" 200 118
172.17.0.185 - - [02/Jun/2020:09:18:53 +0800] "GET /xingrg/javascript/jquery_easy_ui/themes/default/images/tree_folder.gif HTTP/1.1" 200 952
116.230.77.149 - - [02/Jun/2020:09:18:53 +0800] "GET /xingrg/kc/buy/cgsh_order_operate.html?command=get_materiel&rest_code=00107&code=00101011012&supplier_code=00100049&order_time=2020-06-02 HTTP/1.1" 200 412
172.17.0.185 - - [02/Jun/2020:09:18:56 +0800] "POST /xingrg/load_menu.html HTTP/1.1" 200 10512
172.17.0.185 - - [02/Jun/2020:09:18:57 +0800] "GET /xingrg/all/report/report_query.html?fileName=dma/new_5.0/menu/menu_category_hz.xml HTTP/1.1" 200 52989
172.17.0.185 - - [02/Jun/2020:09:18:57 +0800] "GET /xingrg/javascript/jquery_easy_ui/themes/default/images/tabs_close.gif HTTP/1.1" 200 829
172.17.0.185 - - [02/Jun/2020:09:18:57 +0800] "GET /xingrg/css/blue.css HTTP/1.1" 200 15949
172.17.0.185 - - [02/Jun/2020:09:18:57 +0800] "GET /xingrg/javascript/multi_select/jqueryMultiSelect.css HTTP/1.1" 200 951
172.17.0.185 - - [02/Jun/2020:09:18:57 +0800] "GET /xingrg/javascript/calendar/timePicker.css HTTP/1.1" 200 523
172.17.0.185 - - [02/Jun/2020:09:18:57 +0800] "GET /xingrg/javascript/bigrid/fix.css HTTP/1.1" 200 1702
172.17.0.185 - - [02/Jun/2020:09:18:57 +0800] "GET /xingrg/javascript/pic_change.js HTTP/1.1" 200 4739
172.17.0.185 - - [02/Jun/2020:09:18:58 +0800] "GET /xingrg/dwr/interface/AjaxReportQueryService.js HTTP/1.1" 200 13203
172.17.0.185 - - [02/Jun/2020:09:18:58 +0800] "GET /xingrg/dwr/engine.js HTTP/1.1" 200 43631
172.17.0.185 - - [02/Jun/2020:09:18:58 +0800] "GET /xingrg/dwr/util.js HTTP/1.1" 200 35990
172.17.0.185 - - [02/Jun/2020:09:18:58 +0800] "GET /xingrg/javascript/myfunction.js HTTP/1.1" 200 24559
172.17.0.185 - - [02/Jun/2020:09:18:58 +0800] "GET /xingrg/javascript/jqueryMultiSelect.js HTTP/1.1" 200 11866
172.17.0.185 - - [02/Jun/2020:09:18:58 +0800] "GET /xingrg/javascript/Calendar.js HTTP/1.1" 200 31561
172.17.0.185 - - [02/Jun/2020:09:18:58 +0800] "GET /xingrg/javascript/calendar/jquery.timePicker.min.js HTTP/1.1" 200 2997
172.17.0.185 - - [02/Jun/2020:09:18:58 +0800] "GET /xingrg/javascript/bigrid/fix.js HTTP/1.1" 200 6439
172.17.0.185 - - [02/Jun/2020:09:18:58 +0800] "GET /xingrg/images/control/loading.gif HTTP/1.1" 200 13463
172.17.0.185 - - [02/Jun/2020:09:18:58 +0800] "GET /xingrg/images/blue/button/advanceover.gif HTTP/1.1" 200 1347
172.17.0.185 - - [02/Jun/2020:09:18:58 +0800] "GET /xingrg/images/blue/button/advance2over.gif HTTP/1.1" 200 1336
172.17.0.185 - - [02/Jun/2020:09:18:58 +0800] "GET /xingrg/images/blue/button/back2over.gif HTTP/1.1" 200 1335
172.17.0.185 - - [02/Jun/2020:09:18:58 +0800] "GET /xingrg/images/blue/button/backover.gif HTTP/1.1" 200 1348
172.17.0.185 - - [02/Jun/2020:09:18:58 +0800] "GET /xingrg/javascript/jquery_easy_ui/themes/icons/help.png HTTP/1.1" 200 1187
172.17.0.185 - - [02/Jun/2020:09:18:58 +0800] "GET /xingrg/javascript/jquery_easy_ui/themes/default/images/menu_downarrow.png HTTP/1.1" 200 173
172.17.0.185 - - [02/Jun/2020:09:18:58 +0800] "GET /xingrg/javascript/jquery_easy_ui/themes/default/images/menu.gif HTTP/1.1" 200 834
172.17.0.185 - - [02/Jun/2020:09:18:58 +0800] "GET /xingrg/javascript/jquery_easy_ui/themes/icons/print.png HTTP/1.1" 200 1057
172.17.0.185 - - [02/Jun/2020:09:18:58 +0800] "GET /xingrg/javascript/jquery_easy_ui/themes/icons/pencil.png HTTP/1.1" 200 713
172.17.0.185 - - [02/Jun/2020:09:18:58 +0800] "POST /xingrg/dwr/call/plaincall/AjaxReportQueryService.getFixDate.dwr HTTP/1.1" 200 111
172.17.0.185 - - [02/Jun/2020:09:18:58 +0800] "GET /xingrg/javascript/jquery_easy_ui/themes/default/images/menu_rightarrow.png HTTP/1.1" 200 3617
172.17.0.185 - - [02/Jun/2020:09:18:58 +0800] "GET /xingrg/javascript/jquery_easy_ui/themes/default/images/combo_arrow_dot.gif HTTP/1.1" 200 79
172.17.0.185 - - [02/Jun/2020:09:18:58 +0800] "POST /xingrg/all/common/load_tree.html?tree=area_station_tree_json&manage=1 HTTP/1.1" 200 2990
172.17.0.185 - - [02/Jun/2020:09:18:58 +0800] "GET /xingrg/javascript/multi_select/dropdown.gif HTTP/1.1" 200 61
172.17.0.185 - - [02/Jun/2020:09:19:00 +0800] "GET /xingrg/all/report/report_query.html?fileName=dma/new_5.0/menu/menu_stca_hz.xml HTTP/1.1" 200 51343
172.17.0.185 - - [02/Jun/2020:09:19:00 +0800] "GET /xingrg/dwr/interface/AjaxReportQueryService.js HTTP/1.1" 200 13203
172.17.0.185 - - [02/Jun/2020:09:19:00 +0800] "GET /xingrg/dwr/engine.js HTTP/1.1" 200 43631
172.17.0.185 - - [02/Jun/2020:09:19:00 +0800] "POST /xingrg/dwr/call/plaincall/AjaxReportQueryService.getFixDate.dwr HTTP/1.1" 200 111
172.17.0.185 - - [02/Jun/2020:09:19:00 +0800] "POST /xingrg/all/common/load_tree.html?tree=area_station_tree_json&manage=1 HTTP/1.1" 200 2990
172.17.0.185 - - [02/Jun/2020:09:19:00 +0800] "GET /xingrg/javascript/jquery_easy_ui/themes/default/images/tree_checkbox_0.gif HTTP/1.1" 200 168
172.17.0.185 - - [02/Jun/2020:09:19:01 +0800] "POST /xingrg/dwr/call/plaincall/AjaxReportQueryService.getFixDate.dwr HTTP/1.1" 200 111
172.17.0.185 - - [02/Jun/2020:09:19:04 +0800] "GET /xingrg/javascript/jquery_easy_ui/themes/default/images/tree_checkbox_1.gif HTTP/1.1" 200 174
172.17.0.185 - - [02/Jun/2020:09:19:04 +0800] "GET /xingrg/javascript/jquery_easy_ui/themes/default/images/tree_checkbox_2.gif HTTP/1.1" 200 181
180.175.212.199 - - [02/Jun/2020:09:19:04 +0800] "GET /xingrg/all/function/internal_message.html?_=1591060947889&CODE_STATE=getMsg HTTP/1.1" 200 27
172.17.0.185 - - [02/Jun/2020:09:19:05 +0800] "POST /xingrg/dwr/call/plaincall/AjaxReportQueryService.refreshCache.dwr HTTP/1.1" 200 78
172.17.0.185 - - [02/Jun/2020:09:19:05 +0800] "POST /xingrg/all/report/load_report_page.html HTTP/1.1" 200 61469
172.17.0.185 - - [02/Jun/2020:09:19:05 +0800] "GET /xingrg/servlets/image?cache=0.2860495474399617&image=px HTTP/1.1" 200 807
114.88.170.9 - - [02/Jun/2020:09:19:06 +0800] "GET /xingrg/check_reg.html?_=1591060742929 HTTP/1.1" 200 22
114.88.170.9 - - [02/Jun/2020:09:19:06 +0800] "GET /xingrg/all/function/internal_message.html?_=1591060742932&CODE_STATE=getMsg HTTP/1.1" 200 27
172.17.0.185 - - [02/Jun/2020:09:19:09 +0800] "GET /xingrg/all/report/report_query.html?isQuery=1&fileName=dma/new_5.0/menu/menu_hz.xml&queryString=(a.sale_day%2520between%252020200501%2520and%252020200531)%2520and%2520(a.sid%2520in%2520(13))%2520and%2520(a.tj_code%253D7)&queryText=%25E3%2580%2590%25E8%2590%25A5%25E4%25B8%259A%25E6%2597%25A5%25E6%259C%259F%253A2020-05-01%2520%25E8%2587%25B3%25202020-05-31%25E3%2580%2591%2520%25E5%25B9%25B6%25E4%25B8%2594%2520%2520%25E3%2580%2590%25E9%2597%25A8%25E5%25BA%2597%25E5%2590%258D%25E7%25A7%25B0%2520%253D%2520%25E6%25A6%2595%25E6%25B8%25AF%25E5%2590%258D%25E8%25BD%25A9%25E5%2590%25B4%25E4%25B8%25AD%25E5%25BA%2597%25E3%2580%2591%2520%25E5%25B9%25B6%25E4%25B8%2594%2520%25E3%2580%2590%25E7%25BB%259F%25E8%25AE%25A1%25E7%25B1%25BB%25E5%2588%25AB%2520%253D%2520%25E9%2585%2592%25E6%25B0%25B4%25E3%2580%2591 HTTP/1.1" 200 54040
172.17.0.185 - - [02/Jun/2020:09:19:09 +0800] "GET /xingrg/dwr/engine.js HTTP/1.1" 200 43631
116.230.77.149 - - [02/Jun/2020:09:19:09 +0800] "POST /xingrg/kc/buy/cgsh_order_operate.html HTTP/1.1" 200 37
172.17.0.185 - - [02/Jun/2020:09:19:09 +0800] "GET /favicon.ico HTTP/1.1" 404 -
172.17.0.185 - - [02/Jun/2020:09:19:09 +0800] "POST /xingrg/all/report/load_report_page.html HTTP/1.1" 200 156703
172.17.0.185 - - [02/Jun/2020:09:19:09 +0800] "GET /xingrg/images/blue/button/back2.gif HTTP/1.1" 200 1339
172.17.0.185 - - [02/Jun/2020:09:19:09 +0800] "GET /xingrg/images/blue/button/back.gif HTTP/1.1" 200 1352
172.17.0.185 - - [02/Jun/2020:09:19:09 +0800] "GET /xingrg/servlets/image?cache=0.04470751210632251&image=px HTTP/1.1" 200 807
172.17.0.110 - - [02/Jun/2020:09:19:10 +0800] "GET /xingrg/kc/buy/cgsh_order_operate.html?command=get_materiel&rest_code=00147&code=00101008355&supplier_code=00100007&order_time=2020-05-16 HTTP/1.1" 200 408
116.230.77.149 - - [02/Jun/2020:09:19:10 +0800] "POST /xingrg/kc/buy/cgsh_order_operate.html HTTP/1.1" 200 3252
114.86.190.97 - - [02/Jun/2020:09:19:13 +0800] "GET /xingrg/kc/buy/cgsh_order_operate.html?command=get_materiel&rest_code=00148&code=00101009050&supplier_code=00100022&order_time=2020-06-02 HTTP/1.1" 200 408
114.84.33.255 - - [02/Jun/2020:09:19:19 +0800] "GET /xingrg/all/function/internal_message.html?_=1591060765103&CODE_STATE=getMsg HTTP/1.1" 200 27
116.230.77.149 - - [02/Jun/2020:09:19:20 +0800] "GET /xingrg/kc/print/load_data.html?order_code=212020060200386&kc_code=cgsh&condition= HTTP/1.1" 200 938
172.17.0.110 - - [02/Jun/2020:09:19:23 +0800] "GET /xingrg/all/function/internal_message.html?_=1591060760307&CODE_STATE=getMsg HTTP/1.1" 200 27
116.230.77.149 - - [02/Jun/2020:09:19:24 +0800] "GET /xingrg/kc/buy/cgsh_order_add.html HTTP/1.1" 200 58781
172.17.0.110 - - [02/Jun/2020:09:19:24 +0800] "GET /xingrg/kc/buy/cgsh_order_operate.html?command=get_materiel&rest_code=00147&code=00101008004&supplier_code=00100007&order_time=2020-05-16 HTTP/1.1" 200 416
116.230.77.149 - - [02/Jun/2020:09:19:24 +0800] "GET /xingrg/javascript/easyui/themes/default/validatebox.css HTTP/1.1" 404 1104
116.230.77.149 - - [02/Jun/2020:09:19:24 +0800] "POST /xingrg/kc/buy/cgsh_order_operate.html HTTP/1.1" 200 8245
172.17.0.119 - - [02/Jun/2020:09:19:25 +0800] "GET /xingrg/all/function/internal_message.html?_=1591060763865&CODE_STATE=getMsg HTTP/1.1" 302 -
116.230.77.149 - - [02/Jun/2020:09:19:26 +0800] "GET /xingrg/javascript/easyui/themes/default/tree.css HTTP/1.1" 404 1090
116.230.77.149 - - [02/Jun/2020:09:19:26 +0800] "POST /xingrg/all/common/load_tree.html?tree=supplier_tree_json&isDelete=1 HTTP/1.1" 200 48460
172.17.0.119 - - [02/Jun/2020:09:19:26 +0800] "GET /xingrg/all/function/internal_message.html?_=1591060764942&CODE_STATE=getMsg HTTP/1.1" 200 27
114.86.190.97 - - [02/Jun/2020:09:19:29 +0800] "GET /xingrg/all/function/internal_message.html?_=1591060770268&CODE_STATE=getMsg HTTP/1.1" 200 27
61.172.5.115 - - [02/Jun/2020:09:19:29 +0800] "POST /xingrg/kc/buy/cgsh_order_operate.html HTTP/1.1" 200 37
116.230.77.149 - - [02/Jun/2020:09:19:30 +0800] "GET /xingrg/all/function/internal_message.html?_=1591060767952&CODE_STATE=getMsg HTTP/1.1" 200 27
61.172.5.115 - - [02/Jun/2020:09:19:30 +0800] "POST /xingrg/kc/buy/cgsh_order_operate.html HTTP/1.1" 200 23940
61.172.5.115 - - [02/Jun/2020:09:19:31 +0800] "GET /xingrg/all/function/internal_message.html?_=1591060771242&CODE_STATE=getMsg HTTP/1.1" 200 27
114.84.33.255 - - [02/Jun/2020:09:19:31 +0800] "GET /xingrg/check_reg.html?_=1591060775101 HTTP/1.1" 200 22
114.84.33.255 - - [02/Jun/2020:09:19:32 +0800] "GET /xingrg/all/function/internal_message.html?_=1591060776463&CODE_STATE=getMsg HTTP/1.1" 200 27
172.17.0.110 - - [02/Jun/2020:09:19:34 +0800] "GET /xingrg/kc/buy/cgsh_order_operate.html?command=get_materiel&rest_code=00147&code=00101008264&supplier_code=00100007&order_time=2020-05-16 HTTP/1.1" 200 412
58.221.95.50 - - [02/Jun/2020:09:19:35 +0800] "GET /xingrg/all/function/internal_message.html?_=1591060825791&CODE_STATE=getMsg HTTP/1.1" 200 27
114.84.33.255 - - [02/Jun/2020:09:19:36 +0800] "GET /xingrg/check_reg.html?_=1591060782174 HTTP/1.1" 200 22
114.86.190.97 - - [02/Jun/2020:09:19:48 +0800] "GET /xingrg/kc/buy/cgsh_order_operate.html?command=get_materiel&rest_code=00148&code=00101009001&supplier_code=00100022&order_time=2020-06-02 HTTP/1.1" 200 416
120.253.135.82 - - [02/Jun/2020:09:19:49 +0800] "GET /xingrg/check_reg.html?_=1591060870712 HTTP/1.1" 200 22
120.253.135.82 - - [02/Jun/2020:09:19:49 +0800] "GET /xingrg/all/function/internal_message.html?_=1591060871246&CODE_STATE=getMsg HTTP/1.1" 200 27
172.17.0.185 - - [02/Jun/2020:09:19:53 +0800] "GET /xingrg/all/function/internal_message.html?_=1591060791541&CODE_STATE=getMsg HTTP/1.1" 200 27
116.230.77.149 - - [02/Jun/2020:09:19:54 +0800] "GET /xingrg/kc/buy/cgsh_order_operate.html?command=get_materiel&rest_code=00107&code=00101012029&supplier_code=00100033&order_time=2020-06-02 HTTP/1.1" 200 412
172.17.0.110 - - [02/Jun/2020:09:19:54 +0800] "GET /xingrg/kc/buy/cgsh_order_operate.html?command=get_materiel&rest_code=00147&code=00101008300&supplier_code=00100007&order_time=2020-05-16 HTTP/1.1" 200 412
180.175.212.199 - - [02/Jun/2020:09:20:04 +0800] "GET /xingrg/check_reg.html?_=1591061007535 HTTP/1.1" 200 22
180.175.212.199 - - [02/Jun/2020:09:20:04 +0800] "GET /xingrg/all/function/internal_message.html?_=1591061007918&CODE_STATE=getMsg HTTP/1.1" 200 27
116.230.77.149 - - [02/Jun/2020:09:20:06 +0800] "GET /xingrg/kc/buy/cgsh_order_operate.html?command=get_materiel&rest_code=00107&code=00101016010&supplier_code=00100033&order_time=2020-06-02 HTTP/1.1" 200 408
114.88.170.9 - - [02/Jun/2020:09:20:06 +0800] "GET /xingrg/all/function/internal_message.html?_=1591060802932&CODE_STATE=getMsg HTTP/1.1" 200 27
114.86.190.97 - - [02/Jun/2020:09:20:14 +0800] "GET /xingrg/kc/buy/cgsh_order_operate.html?command=get_materiel&rest_code=00148&code=00101009019&supplier_code=00100022&order_time=2020-06-02 HTTP/1.1" 200 412
116.230.77.149 - - [02/Jun/2020:09:20:18 +0800] "GET /xingrg/kc/buy/cgsh_order_operate.html?command=get_materiel&rest_code=00107&code=00101016100&supplier_code=00100033&order_time=2020-06-02 HTTP/1.1" 200 412
114.84.33.255 - - [02/Jun/2020:09:20:19 +0800] "GET /xingrg/all/function/internal_message.html?_=1591060825105&CODE_STATE=getMsg HTTP/1.1" 200 27
172.17.0.110 - - [02/Jun/2020:09:20:23 +0800] "GET /xingrg/all/function/internal_message.html?_=1591060820398&CODE_STATE=getMsg HTTP/1.1" 200 27
172.17.0.119 - - [02/Jun/2020:09:20:25 +0800] "GET /xingrg/all/function/internal_message.html?_=1591060823837&CODE_STATE=getMsg HTTP/1.1" 302 -
114.86.190.97 - - [02/Jun/2020:09:20:25 +0800] "GET /xingrg/kc/buy/cgsh_order_operate.html?command=get_materiel&rest_code=00148&code=00101009011&supplier_code=00100022&order_time=2020-06-02 HTTP/1.1" 200 416
172.17.0.119 - - [02/Jun/2020:09:20:26 +0800] "GET /xingrg/all/function/internal_message.html?_=1591060824911&CODE_STATE=getMsg HTTP/1.1" 200 27
114.86.190.97 - - [02/Jun/2020:09:20:29 +0800] "GET /xingrg/all/function/internal_message.html?_=1591060830290&CODE_STATE=getMsg HTTP/1.1" 200 27
116.230.77.149 - - [02/Jun/2020:09:20:29 +0800] "GET /xingrg/all/function/internal_message.html?_=1591060827930&CODE_STATE=getMsg HTTP/1.1" 200 27
61.172.5.115 - - [02/Jun/2020:09:20:31 +0800] "GET /xingrg/all/function/internal_message.html?_=1591060831225&CODE_STATE=getMsg HTTP/1.1" 200 27
114.84.33.255 - - [02/Jun/2020:09:20:32 +0800] "GET /xingrg/all/function/internal_message.html?_=1591060836467&CODE_STATE=getMsg HTTP/1.1" 200 27
58.221.95.50 - - [02/Jun/2020:09:20:35 +0800] "GET /xingrg/all/function/internal_message.html?_=1591060885790&CODE_STATE=getMsg HTTP/1.1" 200 27
116.230.77.149 - - [02/Jun/2020:09:20:39 +0800] "GET /xingrg/kc/buy/cgsh_order_operate.html?command=get_materiel&rest_code=00107&code=00101016057&supplier_code=00100033&order_time=2020-06-02 HTTP/1.1" 200 408
114.86.190.97 - - [02/Jun/2020:09:20:43 +0800] "GET /xingrg/kc/buy/cgsh_order_operate.html?command=get_materiel&rest_code=00148&code=00101009031&supplier_code=00100022&order_time=2020-06-02 HTTP/1.1" 200 408
172.17.0.110 - - [02/Jun/2020:09:20:46 +0800] "GET /xingrg/kc/buy/cgsh_order_operate.html?command=get_materiel&rest_code=00147&code=00101008069&supplier_code=00100007&order_time=2020-05-16 HTTP/1.1" 200 412
116.230.77.149 - - [02/Jun/2020:09:20:47 +0800] "POST /xingrg/kc/buy/cgsh_order_operate.html HTTP/1.1" 200 37
116.230.77.149 - - [02/Jun/2020:09:20:48 +0800] "POST /xingrg/kc/buy/cgsh_order_operate.html HTTP/1.1" 200 4421
120.253.135.82 - - [02/Jun/2020:09:20:49 +0800] "GET /xingrg/all/function/internal_message.html?_=1591060931259&CODE_STATE=getMsg HTTP/1.1" 200 27
116.230.77.149 - - [02/Jun/2020:09:20:50 +0800] "GET /xingrg/kc/print/load_data.html?order_code=212020060200388&kc_code=cgsh&condition= HTTP/1.1" 200 1381
172.17.0.185 - - [02/Jun/2020:09:20:53 +0800] "GET /xingrg/all/function/internal_message.html?_=1591060851532&CODE_STATE=getMsg HTTP/1.1" 200 27
116.230.77.149 - - [02/Jun/2020:09:21:00 +0800] "GET /xingrg/index.html?sysBaseUrl=http%3A%2F%2F180.169.147.146%3A18081%2Fxingrg%2F&costTime=33×tamp=1585306063269 HTTP/1.1" 302 -
116.230.77.149 - - [02/Jun/2020:09:21:00 +0800] "GET /xingrg/login.html HTTP/1.1" 200 7641
172.17.0.110 - - [02/Jun/2020:09:21:01 +0800] "GET /xingrg/kc/buy/cgsh_order_operate.html?command=get_materiel&rest_code=00147&code=00101008286&supplier_code=00100007&order_time=2020-05-16 HTTP/1.1" 200 408
180.175.212.199 - - [02/Jun/2020:09:21:04 +0800] "GET /xingrg/all/function/internal_message.html?_=1591061067922&CODE_STATE=getMsg HTTP/1.1" 200 27
114.86.190.97 - - [02/Jun/2020:09:21:05 +0800] "POST /xingrg/kc/buy/cgsh_order_operate.html HTTP/1.1" 200 37
114.88.170.9 - - [02/Jun/2020:09:21:06 +0800] "GET /xingrg/all/function/internal_message.html?_=1591060862932&CODE_STATE=getMsg HTTP/1.1" 200 27
114.86.190.97 - - [02/Jun/2020:09:21:07 +0800] "POST /xingrg/kc/buy/cgsh_order_operate.html HTTP/1.1" 200 12
114.86.190.97 - - [02/Jun/2020:09:21:08 +0800] "GET /xingrg/kc/buy/cgsh_order_info.html?code=212020060200389 HTTP/1.1" 200 53641
114.86.190.97 - - [02/Jun/2020:09:21:09 +0800] "GET /xingrg/javascript/easyui/themes/default/validatebox.css HTTP/1.1" 404 1104
114.86.190.97 - - [02/Jun/2020:09:21:09 +0800] "POST /xingrg/kc/buy/cgsh_order_operate.html HTTP/1.1" 200 2386
114.86.190.97 - - [02/Jun/2020:09:21:11 +0800] "GET /xingrg/kc/print/load_config.html?kc_code=cgsh HTTP/1.1" 200 1845
114.86.190.97 - - [02/Jun/2020:09:21:11 +0800] "GET /xingrg/kc/print/load_data.html?order_code=212020060200389&kc_code=cgsh&condition= HTTP/1.1" 200 1425
