180.175.212.199 - - [31/May/2020:08:57:21 +0800] "GET /xingrg/javascript/easyui/plugins/jquery.numberbox.js HTTP/1.1" 304 -
172.17.0.110 - - [31/May/2020:08:57:21 +0800] "GET /xingrg/all/function/internal_message.html?_=1590886639180&CODE_STATE=getMsg HTTP/1.1" 200 27
180.175.212.199 - - [31/May/2020:08:57:21 +0800] "GET /xingrg/javascript/auto/indicator.gif HTTP/1.1" 404 1066
180.175.212.199 - - [31/May/2020:08:57:22 +0800] "GET /xingrg/all/function/internal_message.html?_=1590886846138&CODE_STATE=getMsg HTTP/1.1" 200 27
116.232.33.186 - - [31/May/2020:08:57:23 +0800] "GET /xingrg/kc/buy/cgsh_order_operate.html?command=get_materiel&rest_code=00147&code=00101028016&supplier_code=00100017&order_time=2020-05-13 HTTP/1.1" 200 447
61.172.5.115 - - [31/May/2020:08:57:24 +0800] "GET /xingrg/kc/buy/cgsh_order_operate.html?command=get_materiel&rest_code=00105&code=00101006184&supplier_code=00100013&order_time=2020-05-31 HTTP/1.1" 200 408
117.131.5.26 - - [31/May/2020:08:57:26 +0800] "GET /xingrg/all/function/internal_message.html?_=1590886658406&CODE_STATE=getMsg HTTP/1.1" 200 27
114.84.33.255 - - [31/May/2020:08:57:27 +0800] "GET /xingrg/all/function/internal_message.html?_=1590886650309&CODE_STATE=getMsg HTTP/1.1" 200 27
61.172.5.115 - - [31/May/2020:08:57:30 +0800] "GET /xingrg/all/function/internal_message.html?_=1590886652415&CODE_STATE=getMsg HTTP/1.1" 200 27
172.17.0.123 - - [31/May/2020:08:57:32 +0800] "GET /xingrg/all/function/internal_message.html?_=1590886637674&CODE_STATE=getMsg HTTP/1.1" 200 27
58.221.95.50 - - [31/May/2020:08:57:33 +0800] "GET /xingrg/all/function/internal_message.html?_=1590886705846&CODE_STATE=getMsg HTTP/1.1" 200 27
116.232.33.186 - - [31/May/2020:08:57:33 +0800] "POST /xingrg/kc/buy/cgsh_order_operate.html HTTP/1.1" 200 37
117.184.7.26 - - [31/May/2020:08:57:34 +0800] "POST /xingrg/kc/buy/cgsh_order_operate.html HTTP/1.1" 200 6193
61.172.5.115 - - [31/May/2020:08:57:35 +0800] "GET /xingrg/kc/buy/cgsh_order_operate.html?command=get_materiel&rest_code=00105&code=00101006195&supplier_code=00100013&order_time=2020-05-31 HTTP/1.1" 200 409
116.232.49.71 - - [31/May/2020:08:57:38 +0800] "GET /xingrg/all/function/internal_message.html?_=1590886681937&CODE_STATE=getMsg HTTP/1.1" 200 27
117.184.7.26 - - [31/May/2020:08:57:39 +0800] "GET /xingrg/kc/print/load_data.html?order_code=212020053111459&kc_code=cgsh&condition= HTTP/1.1" 200 2062
117.185.32.26 - - [31/May/2020:08:57:40 +0800] "GET /xingrg/kc/buy/cgsh_order_operate.html?command=get_materiel&rest_code=00106&code=00101008244&supplier_code=00100007&order_time=2020-05-31 HTTP/1.1" 200 408
120.253.135.82 - - [31/May/2020:08:57:42 +0800] "GET /xingrg/all/function/internal_message.html?_=1590886419589&CODE_STATE=getMsg HTTP/1.1" 200 27
114.84.33.255 - - [31/May/2020:08:57:48 +0800] "GET /xingrg/all/function/internal_message.html?_=1590886671017&CODE_STATE=getMsg HTTP/1.1" 200 27
117.185.32.26 - - [31/May/2020:08:57:49 +0800] "GET /xingrg/kc/buy/cgsh_order_operate.html?command=get_materiel&rest_code=00106&code=00101008185&supplier_code=00100007&order_time=2020-05-31 HTTP/1.1" 200 408
120.253.135.82 - - [31/May/2020:08:57:49 +0800] "GET /xingrg/all/function/internal_message.html?_=1590886796408&CODE_STATE=getMsg HTTP/1.1" 200 27
117.185.32.26 - - [31/May/2020:08:57:52 +0800] "GET /xingrg/all/function/internal_message.html?_=1590887095350&CODE_STATE=getMsg HTTP/1.1" 200 27
61.172.5.115 - - [31/May/2020:08:57:57 +0800] "GET /xingrg/kc/buy/cgsh_order_operate.html?command=get_materiel&rest_code=00105&code=00101006115&supplier_code=00100013&order_time=2020-05-31 HTTP/1.1" 200 409
180.162.232.172 - - [31/May/2020:08:57:58 +0800] "GET /xingrg/all/function/internal_message.html?_=1590886679001&CODE_STATE=getMsg HTTP/1.1" 200 27
58.40.7.146 - - [31/May/2020:08:57:59 +0800] "GET /xingrg/all/function/internal_message.html?_=1590886680575&CODE_STATE=getMsg HTTP/1.1" 200 27
117.185.32.26 - - [31/May/2020:08:58:00 +0800] "GET /xingrg/kc/buy/cgsh_order_operate.html?command=get_materiel&rest_code=00106&code=00101008224&supplier_code=00100007&order_time=2020-05-31 HTTP/1.1" 200 416
117.185.32.26 - - [31/May/2020:08:58:03 +0800] "POST /xingrg/kc/buy/cgsh_order_operate.html HTTP/1.1" 200 2065
114.88.170.9 - - [31/May/2020:08:58:05 +0800] "GET /xingrg/all/function/internal_message.html?_=1590886686190&CODE_STATE=getMsg HTTP/1.1" 200 27
117.184.7.26 - - [31/May/2020:08:58:06 +0800] "GET /xingrg/all/function/internal_message.html?_=1590886676659&CODE_STATE=getMsg HTTP/1.1" 200 27
117.184.7.26 - - [31/May/2020:08:58:07 +0800] "GET /xingrg/all/function/internal_message.html?_=1590886688729&CODE_STATE=getMsg HTTP/1.1" 200 27
117.185.32.26 - - [31/May/2020:08:58:10 +0800] "GET /xingrg/kc/buy/cgsh_order_operate.html?command=get_materiel&rest_code=00106&code=00101008003&supplier_code=00100007&order_time=2020-05-31 HTTP/1.1" 200 408
116.232.49.71 - - [31/May/2020:08:58:10 +0800] "GET /xingrg/all/function/internal_message.html?_=1590886748218&CODE_STATE=getMsg HTTP/1.1" 200 27
222.69.136.168 - - [31/May/2020:08:58:16 +0800] "GET /xingrg/all/function/internal_message.html?_=1590886698137&CODE_STATE=getMsg HTTP/1.1" 200 27
61.172.5.115 - - [31/May/2020:08:58:17 +0800] "GET /xingrg/kc/buy/cgsh_order_operate.html?command=get_materiel&rest_code=00105&code=00101006106&supplier_code=00100013&order_time=2020-05-31 HTTP/1.1" 200 421
114.88.170.9 - - [31/May/2020:08:58:18 +0800] "GET /xingrg/all/function/internal_message.html?_=1590886695098&CODE_STATE=getMsg HTTP/1.1" 200 27
117.185.32.26 - - [31/May/2020:08:58:20 +0800] "GET /xingrg/kc/buy/cgsh_order_operate.html?command=get_materiel&rest_code=00106&code=00101008361&supplier_code=00100007&order_time=2020-05-31 HTTP/1.1" 200 427
172.17.0.110 - - [31/May/2020:08:58:21 +0800] "GET /xingrg/all/function/internal_message.html?_=1590886699207&CODE_STATE=getMsg HTTP/1.1" 200 27
180.175.212.199 - - [31/May/2020:08:58:22 +0800] "GET /xingrg/check_reg.html?_=1590886906109 HTTP/1.1" 200 22
180.175.212.199 - - [31/May/2020:08:58:22 +0800] "GET /xingrg/all/function/internal_message.html?_=1590886906151&CODE_STATE=getMsg HTTP/1.1" 200 27
117.184.7.26 - - [31/May/2020:08:58:24 +0800] "POST /xingrg/kc/buy/cgsh_list_operate.html HTTP/1.1" 200 2409
114.84.33.255 - - [31/May/2020:08:58:25 +0800] "GET /xingrg/kc/buy/cgsh_order_operate.html?command=get_materiel&rest_code=00146&code=00101008225&supplier_code=00100005&order_time=2020-05-31 HTTP/1.1" 200 416
117.131.5.26 - - [31/May/2020:08:58:26 +0800] "GET /xingrg/all/function/internal_message.html?_=1590886718406&CODE_STATE=getMsg HTTP/1.1" 200 27
114.84.33.255 - - [31/May/2020:08:58:27 +0800] "GET /xingrg/all/function/internal_message.html?_=1590886710335&CODE_STATE=getMsg HTTP/1.1" 200 27
116.232.33.186 - - [31/May/2020:08:58:28 +0800] "POST /xingrg/kc/buy/cgsh_order_operate.html HTTP/1.1" 200 12
116.232.33.186 - - [31/May/2020:08:58:29 +0800] "GET /xingrg/kc/buy/cgsh_order_info.html?code=212020053111460 HTTP/1.1" 200 53559
116.232.33.186 - - [31/May/2020:08:58:29 +0800] "GET /xingrg/javascript/easyui/themes/default/validatebox.css HTTP/1.1" 404 1104
116.232.33.186 - - [31/May/2020:08:58:29 +0800] "POST /xingrg/kc/buy/cgsh_order_operate.html HTTP/1.1" 200 3773
116.232.33.186 - - [31/May/2020:08:58:30 +0800] "GET /xingrg/kc/buy/cgsh_order_add.html HTTP/1.1" 200 58658
116.232.33.186 - - [31/May/2020:08:58:30 +0800] "POST /xingrg/kc/buy/cgsh_order_operate.html HTTP/1.1" 200 8245
116.232.33.186 - - [31/May/2020:08:58:30 +0800] "GET /xingrg/javascript/easyui/themes/default/validatebox.css HTTP/1.1" 404 1104
61.172.5.115 - - [31/May/2020:08:58:30 +0800] "GET /xingrg/all/function/internal_message.html?_=1590886712388&CODE_STATE=getMsg HTTP/1.1" 200 27
172.17.0.123 - - [31/May/2020:08:58:32 +0800] "GET /xingrg/all/function/internal_message.html?_=1590886697676&CODE_STATE=getMsg HTTP/1.1" 200 27
58.221.95.50 - - [31/May/2020:08:58:33 +0800] "GET /xingrg/all/function/internal_message.html?_=1590886765794&CODE_STATE=getMsg HTTP/1.1" 200 27
114.84.33.255 - - [31/May/2020:08:58:35 +0800] "GET /xingrg/kc/buy/cgsh_order_operate.html?command=get_materiel&rest_code=00146&code=00101008155&supplier_code=00100005&order_time=2020-05-31 HTTP/1.1" 200 408
116.232.49.71 - - [31/May/2020:08:58:37 +0800] "GET /xingrg/all/function/internal_message.html?_=1590886741953&CODE_STATE=getMsg HTTP/1.1" 200 27
116.232.33.186 - - [31/May/2020:08:58:38 +0800] "GET /xingrg/all/function/internal_message.html?_=1590886708733&CODE_STATE=getMsg HTTP/1.1" 200 27
114.88.170.9 - - [31/May/2020:08:58:42 +0800] "GET /xingrg/check_reg.html?_=1590886723713 HTTP/1.1" 200 22
120.253.135.82 - - [31/May/2020:08:58:42 +0800] "GET /xingrg/all/function/internal_message.html?_=1590886479594&CODE_STATE=getMsg HTTP/1.1" 200 27
61.172.5.115 - - [31/May/2020:08:58:43 +0800] "GET /xingrg/kc/buy/cgsh_order_operate.html?command=get_materiel&rest_code=00105&code=00101010136&supplier_code=00100013&order_time=2020-05-31 HTTP/1.1" 200 408
116.232.33.186 - - [31/May/2020:08:58:43 +0800] "GET /xingrg/kc/buy/cgsh_order_operate.html?command=get_materiel&rest_code=00147&code=00101029039&supplier_code=00100241&order_time=2020-05-12 HTTP/1.1" 200 436
114.84.33.255 - - [31/May/2020:08:58:45 +0800] "GET /xingrg/kc/buy/cgsh_order_operate.html?command=get_materiel&rest_code=00146&code=00101008350&supplier_code=00100005&order_time=2020-05-31 HTTP/1.1" 200 408
114.84.33.255 - - [31/May/2020:08:58:48 +0800] "GET /xingrg/all/function/internal_message.html?_=1590886731050&CODE_STATE=getMsg HTTP/1.1" 200 27
120.253.135.82 - - [31/May/2020:08:58:49 +0800] "GET /xingrg/all/function/internal_message.html?_=1590886856415&CODE_STATE=getMsg HTTP/1.1" 200 27
117.185.32.26 - - [31/May/2020:08:58:52 +0800] "GET /xingrg/all/function/internal_message.html?_=1590887155330&CODE_STATE=getMsg HTTP/1.1" 200 27
117.184.7.26 - - [31/May/2020:08:58:55 +0800] "GET /xingrg/check_reg.html?_=1590886737140 HTTP/1.1" 200 22
114.84.33.255 - - [31/May/2020:08:58:55 +0800] "GET /xingrg/kc/buy/cgsh_order_operate.html?command=get_materiel&rest_code=00146&code=00101008244&supplier_code=00100005&order_time=2020-05-31 HTTP/1.1" 200 408
116.232.33.186 - - [31/May/2020:08:58:57 +0800] "POST /xingrg/kc/buy/cgsh_order_operate.html HTTP/1.1" 200 37
114.84.33.255 - - [31/May/2020:08:58:58 +0800] "POST /xingrg/kc/buy/cgsh_order_operate.html HTTP/1.1" 200 2065
180.162.232.172 - - [31/May/2020:08:58:58 +0800] "GET /xingrg/all/function/internal_message.html?_=1590886739000&CODE_STATE=getMsg HTTP/1.1" 200 27
116.232.33.186 - - [31/May/2020:08:58:59 +0800] "POST /xingrg/kc/buy/cgsh_order_operate.html HTTP/1.1" 200 12
58.40.7.146 - - [31/May/2020:08:58:59 +0800] "GET /xingrg/all/function/internal_message.html?_=1590886740578&CODE_STATE=getMsg HTTP/1.1" 200 27
58.40.7.146 - - [31/May/2020:08:58:59 +0800] "GET /xingrg/check_reg.html?_=1590886740581 HTTP/1.1" 200 22
116.232.33.186 - - [31/May/2020:08:59:01 +0800] "GET /xingrg/kc/buy/cgsh_order_info.html?code=212020053111461 HTTP/1.1" 200 53561
116.232.33.186 - - [31/May/2020:08:59:01 +0800] "GET /xingrg/javascript/easyui/themes/default/validatebox.css HTTP/1.1" 404 1104
117.185.32.26 - - [31/May/2020:08:59:01 +0800] "POST /xingrg/kc/buy/cgsh_order_operate.html HTTP/1.1" 200 2065
116.232.33.186 - - [31/May/2020:08:59:01 +0800] "POST /xingrg/kc/buy/cgsh_order_operate.html HTTP/1.1" 200 645
116.230.77.149 - - [31/May/2020:08:59:03 +0800] "GET /xingrg/kc/base/wldb_order_list.html HTTP/1.1" 200 19261
114.88.170.9 - - [31/May/2020:08:59:05 +0800] "GET /xingrg/all/function/internal_message.html?_=1590886746210&CODE_STATE=getMsg HTTP/1.1" 200 27
116.230.77.149 - - [31/May/2020:08:59:05 +0800] "POST /xingrg/kc/base/wldb_list_operate.html HTTP/1.1" 200 928
116.230.77.149 - - [31/May/2020:08:59:06 +0800] "GET /xingrg/kc/base/check_order_list.html HTTP/1.1" 200 16380
116.232.49.71 - - [31/May/2020:08:59:06 +0800] "GET /xingrg/all/function/internal_message.html?_=1590886808218&CODE_STATE=getMsg HTTP/1.1" 200 27
116.230.77.149 - - [31/May/2020:08:59:07 +0800] "POST /xingrg/kc/base/check_list_operate.html HTTP/1.1" 200 1566
117.184.7.30 - - [31/May/2020:08:59:07 +0800] "GET /xingrg/all/function/internal_message.html?_=1590886748742&CODE_STATE=getMsg HTTP/1.1" 200 27
116.230.77.149 - - [31/May/2020:08:59:11 +0800] "POST /xingrg/kc/base/check_list_operate.html HTTP/1.1" 200 4
116.230.77.149 - - [31/May/2020:08:59:12 +0800] "POST /xingrg/kc/base/check_list_operate.html HTTP/1.1" 200 781
114.84.33.255 - - [31/May/2020:08:59:12 +0800] "GET /xingrg/kc/buy/cgsh_order_operate.html?command=get_materiel&rest_code=00146&code=00101008185&supplier_code=00100005&order_time=2020-05-31 HTTP/1.1" 200 408
61.172.5.115 - - [31/May/2020:08:59:13 +0800] "POST /xingrg/kc/buy/cgsh_order_operate.html HTTP/1.1" 200 37
61.172.5.115 - - [31/May/2020:08:59:14 +0800] "POST /xingrg/kc/buy/cgsh_order_operate.html HTTP/1.1" 200 7975
61.172.5.115 - - [31/May/2020:08:59:16 +0800] "GET /xingrg/kc/print/load_config.html?kc_code=cgsh HTTP/1.1" 200 1845
61.172.5.115 - - [31/May/2020:08:59:16 +0800] "GET /xingrg/kc/print/load_data.html?order_code=212020053111462&kc_code=cgsh&condition= HTTP/1.1" 200 2737
114.84.33.255 - - [31/May/2020:08:59:16 +0800] "GET /xingrg/check_reg.html?_=1590886759153 HTTP/1.1" 200 22
222.69.136.168 - - [31/May/2020:08:59:16 +0800] "GET /xingrg/all/function/internal_message.html?_=1590886758149&CODE_STATE=getMsg HTTP/1.1" 200 27
114.88.170.9 - - [31/May/2020:08:59:18 +0800] "GET /xingrg/all/function/internal_message.html?_=1590886755097&CODE_STATE=getMsg HTTP/1.1" 200 27
172.17.0.110 - - [31/May/2020:08:59:21 +0800] "GET /xingrg/all/function/internal_message.html?_=1590886759205&CODE_STATE=getMsg HTTP/1.1" 200 27
117.185.32.26 - - [31/May/2020:08:59:21 +0800] "GET /xingrg/kc/buy/cgsh_order_operate.html?command=get_materiel&rest_code=00106&code=00101019746&supplier_code=00100007&order_time=2020-05-31 HTTP/1.1" 200 394
180.175.212.199 - - [31/May/2020:08:59:22 +0800] "GET /xingrg/all/function/internal_message.html?_=1590886966164&CODE_STATE=getMsg HTTP/1.1" 200 27
114.88.170.9 - - [31/May/2020:08:59:24 +0800] "GET /xingrg/kc/base/wldb_order_list.html HTTP/1.1" 200 19255
114.88.170.9 - - [31/May/2020:08:59:24 +0800] "POST /xingrg/kc/base/wldb_list_operate.html HTTP/1.1" 200 928
114.88.170.9 - - [31/May/2020:08:59:26 +0800] "GET /xingrg/kc/base/wldb_order_add.html HTTP/1.1" 200 30316
114.88.170.9 - - [31/May/2020:08:59:26 +0800] "GET /xingrg/words/20200530162513_words.js HTTP/1.1" 304 -
114.88.170.9 - - [31/May/2020:08:59:26 +0800] "POST /xingrg/kc/base/wldb_order_operate.html HTTP/1.1" 200 6806
114.88.170.9 - - [31/May/2020:08:59:26 +0800] "GET /xingrg/all/common/auto_word.html?type=base&rest_code=00111 HTTP/1.1" 200 1753
114.88.170.9 - - [31/May/2020:08:59:26 +0800] "GET /xingrg/all/common/auto_word.html?type=base&rest_code=00111 HTTP/1.1" 200 1753
114.88.170.9 - - [31/May/2020:08:59:26 +0800] "GET /xingrg/javascript/easyui/themes/default/validatebox.css HTTP/1.1" 404 1104
117.131.5.26 - - [31/May/2020:08:59:26 +0800] "GET /xingrg/all/function/internal_message.html?_=1590886778437&CODE_STATE=getMsg HTTP/1.1" 200 27
114.84.33.255 - - [31/May/2020:08:59:27 +0800] "GET /xingrg/all/function/internal_message.html?_=1590886770357&CODE_STATE=getMsg HTTP/1.1" 200 27
61.172.5.115 - - [31/May/2020:08:59:29 +0800] "GET /xingrg/kc/buy/cgsh_order_add.html HTTP/1.1" 200 58734
61.172.5.115 - - [31/May/2020:08:59:30 +0800] "POST /xingrg/kc/buy/cgsh_order_operate.html HTTP/1.1" 200 8245
61.172.5.115 - - [31/May/2020:08:59:30 +0800] "GET /xingrg/javascript/easyui/themes/default/validatebox.css HTTP/1.1" 404 1104
61.172.5.115 - - [31/May/2020:08:59:30 +0800] "GET /xingrg/all/function/internal_message.html?_=1590886772385&CODE_STATE=getMsg HTTP/1.1" 200 27
114.88.170.9 - - [31/May/2020:08:59:31 +0800] "GET /xingrg/javascript/auto/indicator.gif HTTP/1.1" 404 1066
114.84.33.255 - - [31/May/2020:08:59:32 +0800] "GET /xingrg/kc/buy/cgsh_order_operate.html?command=get_materiel&rest_code=00146&code=00101008351&supplier_code=00100005&order_time=2020-05-31 HTTP/1.1" 200 408
172.17.0.123 - - [31/May/2020:08:59:32 +0800] "GET /xingrg/all/function/internal_message.html?_=1590886757679&CODE_STATE=getMsg HTTP/1.1" 200 27
114.88.170.9 - - [31/May/2020:08:59:33 +0800] "GET /xingrg/javascript/jquery_tools/images/next.gif HTTP/1.1" 404 1086
114.88.170.9 - - [31/May/2020:08:59:33 +0800] "GET /xingrg/javascript/jquery_tools/images/prev.gif HTTP/1.1" 404 1086
58.221.95.50 - - [31/May/2020:08:59:33 +0800] "GET /xingrg/all/function/internal_message.html?_=1590886825777&CODE_STATE=getMsg HTTP/1.1" 200 27
116.232.49.71 - - [31/May/2020:08:59:37 +0800] "GET /xingrg/all/function/internal_message.html?_=1590886801968&CODE_STATE=getMsg HTTP/1.1" 200 27
114.88.170.9 - - [31/May/2020:08:59:38 +0800] "GET /xingrg/kc/base/wldb_order_operate.html?command=get_materiel&rest_code=00111&base_code=0010711&code=00101034054 HTTP/1.1" 200 421
116.232.33.186 - - [31/May/2020:08:59:38 +0800] "GET /xingrg/all/function/internal_message.html?_=1590886768730&CODE_STATE=getMsg HTTP/1.1" 200 27
114.84.33.255 - - [31/May/2020:08:59:39 +0800] "GET /xingrg/kc/buy/cgsh_order_operate.html?command=get_materiel&rest_code=00146&code=00101008110&supplier_code=00100005&order_time=2020-05-31 HTTP/1.1" 200 408
120.253.135.82 - - [31/May/2020:08:59:40 +0800] "GET /xingrg/check_reg.html?_=1590886537047 HTTP/1.1" 200 22
120.253.135.82 - - [31/May/2020:08:59:42 +0800] "GET /xingrg/all/function/internal_message.html?_=1590886539608&CODE_STATE=getMsg HTTP/1.1" 200 27
114.84.33.255 - - [31/May/2020:08:59:42 +0800] "POST /xingrg/kc/buy/cgsh_order_operate.html HTTP/1.1" 200 2065
120.253.135.82 - - [31/May/2020:08:59:44 +0800] "GET /xingrg/check_reg.html?_=1590886911630 HTTP/1.1" 200 22
61.172.5.115 - - [31/May/2020:08:59:44 +0800] "GET /xingrg/system/info/materiel_import.html?isSelect=1&singleSelect=false HTTP/1.1" 200 5600
61.172.5.115 - - [31/May/2020:08:59:44 +0800] "POST /xingrg/all/common/load_tree.html?tree=materiel_sort_tree_json HTTP/1.1" 200 8666
61.172.5.115 - - [31/May/2020:08:59:45 +0800] "GET /favicon.ico HTTP/1.1" 404 -
114.88.170.9 - - [31/May/2020:08:59:47 +0800] "GET /xingrg/kc/base/wldb_order_operate.html?command=get_materiel&rest_code=00111&base_code=0010711&code=00101009075 HTTP/1.1" 200 422
114.84.33.255 - - [31/May/2020:08:59:47 +0800] "GET /xingrg/kc/buy/cgsh_order_operate.html?command=get_materiel&rest_code=00146&code=00101008096&supplier_code=00100005&order_time=2020-05-31 HTTP/1.1" 200 413
114.84.33.255 - - [31/May/2020:08:59:48 +0800] "GET /xingrg/all/function/internal_message.html?_=1590886791060&CODE_STATE=getMsg HTTP/1.1" 200 27
120.253.135.82 - - [31/May/2020:08:59:49 +0800] "GET /xingrg/all/function/internal_message.html?_=1590886916435&CODE_STATE=getMsg HTTP/1.1" 200 27
222.69.136.168 - - [31/May/2020:08:59:49 +0800] "POST /xingrg/kc/buy/cgsh_order_operate.html HTTP/1.1" 200 37
117.185.32.26 - - [31/May/2020:08:59:49 +0800] "GET /xingrg/kc/buy/cgsh_order_operate.html?command=get_materiel&rest_code=00106&code=00101008296&supplier_code=00100007&order_time=2020-05-31 HTTP/1.1" 200 416
117.185.32.26 - - [31/May/2020:08:59:53 +0800] "GET /xingrg/all/function/internal_message.html?_=1590887215385&CODE_STATE=getMsg HTTP/1.1" 200 27
180.162.232.172 - - [31/May/2020:08:59:58 +0800] "GET /xingrg/all/function/internal_message.html?_=1590886799003&CODE_STATE=getMsg HTTP/1.1" 200 27
222.69.136.168 - - [31/May/2020:08:59:58 +0800] "POST /xingrg/kc/buy/cgsh_order_operate.html HTTP/1.1" 200 12
58.40.7.146 - - [31/May/2020:08:59:59 +0800] "GET /xingrg/all/function/internal_message.html?_=1590886800582&CODE_STATE=getMsg HTTP/1.1" 200 27
116.232.49.71 - - [31/May/2020:09:00:01 +0800] "GET /xingrg/check_reg.html?_=1590886867609 HTTP/1.1" 200 22
116.232.49.71 - - [31/May/2020:09:00:02 +0800] "GET /xingrg/all/function/internal_message.html?_=1590886868218&CODE_STATE=getMsg HTTP/1.1" 200 27
114.84.33.255 - - [31/May/2020:09:00:03 +0800] "GET /xingrg/kc/buy/cgsh_order_operate.html?command=get_materiel&rest_code=00146&code=00101008163&supplier_code=00100005&order_time=2020-05-31 HTTP/1.1" 200 408
222.69.136.168 - - [31/May/2020:09:00:04 +0800] "GET /xingrg/kc/buy/cgsh_order_info.html?code=212020053111463 HTTP/1.1" 200 53643
222.69.136.168 - - [31/May/2020:09:00:04 +0800] "GET /xingrg/javascript/easyui/themes/default/validatebox.css HTTP/1.1" 404 1104
222.69.136.168 - - [31/May/2020:09:00:04 +0800] "POST /xingrg/kc/buy/cgsh_order_operate.html HTTP/1.1" 200 27227
114.88.170.9 - - [31/May/2020:09:00:05 +0800] "GET /xingrg/all/function/internal_message.html?_=1590886806222&CODE_STATE=getMsg HTTP/1.1" 200 27
116.232.49.71 - - [31/May/2020:09:00:07 +0800] "GET /xingrg/kc/buy/buy_main.html HTTP/1.1" 200 12412
116.232.49.71 - - [31/May/2020:09:00:07 +0800] "GET /xingrg/css/new_ie.css HTTP/1.1" 404 1036
117.184.7.30 - - [31/May/2020:09:00:07 +0800] "GET /xingrg/all/function/internal_message.html?_=1590886808755&CODE_STATE=getMsg HTTP/1.1" 200 27
117.184.7.30 - - [31/May/2020:09:00:07 +0800] "GET /xingrg/kc/base/base_main.html HTTP/1.1" 200 12142
116.232.49.71 - - [31/May/2020:09:00:07 +0800] "GET /xingrg/images/yd/bt.gif HTTP/1.1" 404 1040
116.232.49.71 - - [31/May/2020:09:00:08 +0800] "GET /xingrg/kc/buy/cgsh_order_list.html HTTP/1.1" 200 42996
116.232.49.71 - - [31/May/2020:09:00:09 +0800] "POST /xingrg/kc/buy/cgsh_list_operate.html HTTP/1.1" 200 876
117.185.32.26 - - [31/May/2020:09:00:11 +0800] "GET /xingrg/kc/buy/cgsh_order_operate.html?command=get_materiel&rest_code=00106&code=00101008225&supplier_code=00100007&order_time=2020-05-31 HTTP/1.1" 200 416
117.185.32.26 - - [31/May/2020:09:00:15 +0800] "POST /xingrg/kc/buy/cgsh_order_operate.html HTTP/1.1" 200 2065
116.232.49.71 - - [31/May/2020:09:00:15 +0800] "GET /xingrg/index.html?sysBaseUrl=http%3A%2F%2F180.169.147.146%3A18081%2Fxingrg%2F&costTime=51×tamp=1590886299576 HTTP/1.1" 200 17173
222.69.136.168 - - [31/May/2020:09:00:16 +0800] "GET /xingrg/check_reg.html?_=1590886818149 HTTP/1.1" 200 22
222.69.136.168 - - [31/May/2020:09:00:16 +0800] "GET /xingrg/all/function/internal_message.html?_=1590886818152&CODE_STATE=getMsg HTTP/1.1" 200 27
114.84.33.255 - - [31/May/2020:09:00:17 +0800] "GET /xingrg/kc/buy/cgsh_order_operate.html?command=get_materiel&rest_code=00146&code=00101008144&supplier_code=00100005&order_time=2020-05-31 HTTP/1.1" 200 412
114.88.170.9 - - [31/May/2020:09:00:18 +0800] "GET /xingrg/all/function/internal_message.html?_=1590886815144&CODE_STATE=getMsg HTTP/1.1" 200 27
116.232.49.71 - - [31/May/2020:09:00:18 +0800] "POST /xingrg/all/common/load_tree.html?tree=area_rest_tree_json&manage=1 HTTP/1.1" 200 342
116.232.49.71 - - [31/May/2020:09:00:18 +0800] "GET /xingrg/check_reg.html?_=1590886843077 HTTP/1.1" 200 22
116.232.49.71 - - [31/May/2020:09:00:18 +0800] "GET /xingrg/all/function/internal_message.html?_=1590886843077&CODE_STATE=count HTTP/1.1" 200 11
116.232.49.71 - - [31/May/2020:09:00:18 +0800] "POST /xingrg/load_menu.html HTTP/1.1" 200 5138
116.232.49.71 - - [31/May/2020:09:00:19 +0800] "GET /favicon.ico HTTP/1.1" 404 -
114.84.33.255 - - [31/May/2020:09:00:20 +0800] "POST /xingrg/kc/buy/cgsh_order_operate.html HTTP/1.1" 200 2065
116.232.49.71 - - [31/May/2020:09:00:21 +0800] "GET /xingrg/kc/buy/buy_main.html HTTP/1.1" 200 12412
116.232.49.71 - - [31/May/2020:09:00:21 +0800] "GET /xingrg/css/new_ie.css HTTP/1.1" 404 1036
172.17.0.110 - - [31/May/2020:09:00:21 +0800] "GET /xingrg/all/function/internal_message.html?_=1590886819203&CODE_STATE=getMsg HTTP/1.1" 200 27
180.175.212.199 - - [31/May/2020:09:00:22 +0800] "GET /xingrg/all/function/internal_message.html?_=1590887026179&CODE_STATE=getMsg HTTP/1.1" 200 27
116.232.49.71 - - [31/May/2020:09:00:23 +0800] "GET /xingrg/kc/buy/cgsh_order_list.html HTTP/1.1" 200 42996
114.84.33.255 - - [31/May/2020:09:00:24 +0800] "GET /xingrg/kc/buy/cgsh_order_operate.html?command=get_materiel&rest_code=00146&code=00101008264&supplier_code=00100005&order_time=2020-05-31 HTTP/1.1" 200 412
116.232.49.71 - - [31/May/2020:09:00:24 +0800] "POST /xingrg/kc/buy/cgsh_list_operate.html HTTP/1.1" 200 876
117.131.5.26 - - [31/May/2020:09:00:26 +0800] "GET /xingrg/all/function/internal_message.html?_=1590886838437&CODE_STATE=getMsg HTTP/1.1" 200 27
116.232.49.71 - - [31/May/2020:09:00:26 +0800] "GET /xingrg/kc/buy/cgsh_order_add.html HTTP/1.1" 200 58775
114.88.170.9 - - [31/May/2020:09:00:27 +0800] "GET /xingrg/kc/buy/cgsh_order_list.html HTTP/1.1" 200 42996
116.232.49.71 - - [31/May/2020:09:00:27 +0800] "GET /xingrg/words/20200530162513_words.js HTTP/1.1" 304 -
114.88.170.9 - - [31/May/2020:09:00:27 +0800] "POST /xingrg/kc/buy/cgsh_list_operate.html HTTP/1.1" 200 876
114.84.33.255 - - [31/May/2020:09:00:27 +0800] "GET /xingrg/all/function/internal_message.html?_=1590886830366&CODE_STATE=getMsg HTTP/1.1" 200 27
116.232.49.71 - - [31/May/2020:09:00:27 +0800] "POST /xingrg/kc/buy/cgsh_order_operate.html HTTP/1.1" 200 8245
116.232.49.71 - - [31/May/2020:09:00:28 +0800] "GET /xingrg/all/common/auto_word.html?type=employee&rest_code=00109 HTTP/1.1" 200 255
116.232.49.71 - - [31/May/2020:09:00:28 +0800] "GET /xingrg/javascript/easyui/themes/default/validatebox.css HTTP/1.1" 404 1104
116.232.49.71 - - [31/May/2020:09:00:28 +0800] "GET /xingrg/all/common/auto_word.html?type=employee&rest_code=00109 HTTP/1.1" 200 255
117.185.32.26 - - [31/May/2020:09:00:29 +0800] "GET /xingrg/kc/buy/cgsh_order_operate.html?command=get_materiel&rest_code=00106&code=00101008085&supplier_code=00100007&order_time=2020-05-31 HTTP/1.1" 200 412
116.232.49.71 - - [31/May/2020:09:00:30 +0800] "GET /xingrg/javascript/jquery_tools/images/prev.gif HTTP/1.1" 404 1086
116.232.49.71 - - [31/May/2020:09:00:30 +0800] "GET /xingrg/javascript/jquery_tools/images/next.gif HTTP/1.1" 404 1086
61.172.5.115 - - [31/May/2020:09:00:30 +0800] "GET /xingrg/check_reg.html?_=1590886832403 HTTP/1.1" 200 22
61.172.5.115 - - [31/May/2020:09:00:30 +0800] "GET /xingrg/all/function/internal_message.html?_=1590886832398&CODE_STATE=getMsg HTTP/1.1" 200 27
172.17.0.123 - - [31/May/2020:09:00:32 +0800] "GET /xingrg/all/function/internal_message.html?_=1590886817681&CODE_STATE=getMsg HTTP/1.1" 200 27
172.17.0.123 - - [31/May/2020:09:00:32 +0800] "GET /xingrg/check_reg.html?_=1590886817683 HTTP/1.1" 200 22
58.221.95.50 - - [31/May/2020:09:00:33 +0800] "GET /xingrg/all/function/internal_message.html?_=1590886885751&CODE_STATE=getMsg HTTP/1.1" 200 27
114.88.170.9 - - [31/May/2020:09:00:34 +0800] "POST /xingrg/kc/buy/cgsh_list_operate.html HTTP/1.1" 200 9317
222.69.136.168 - - [31/May/2020:09:00:34 +0800] "GET /xingrg/kc/print/load_config.html?kc_code=cgsh HTTP/1.1" 200 1845
222.69.136.168 - - [31/May/2020:09:00:35 +0800] "GET /xingrg/kc/print/load_data.html?order_code=212020053111463&kc_code=cgsh&condition= HTTP/1.1" 200 10832
114.84.33.255 - - [31/May/2020:09:00:35 +0800] "GET /xingrg/check_reg.html?_=1590886837868 HTTP/1.1" 200 22
116.232.49.71 - - [31/May/2020:09:00:35 +0800] "GET /xingrg/kc/buy/cgsh_order_operate.html?command=get_materiel&rest_code=00109&code=00102010562&supplier_code=00100151&order_time=2020-05-31 HTTP/1.1" 200 414
120.253.135.82 - - [31/May/2020:09:00:36 +0800] "GET /xingrg/check_reg.html?_=1590886963636 HTTP/1.1" 200 22
116.232.33.186 - - [31/May/2020:09:00:38 +0800] "GET /xingrg/all/function/internal_message.html?_=1590886828686&CODE_STATE=getMsg HTTP/1.1" 200 27
120.253.135.82 - - [31/May/2020:09:00:42 +0800] "GET /xingrg/all/function/internal_message.html?_=1590886599621&CODE_STATE=getMsg HTTP/1.1" 200 27
114.88.170.9 - - [31/May/2020:09:00:43 +0800] "POST /xingrg/kc/buy/cgsh_list_operate.html HTTP/1.1" 200 3446
117.185.32.26 - - [31/May/2020:09:00:43 +0800] "GET /xingrg/kc/buy/cgsh_order_operate.html?command=get_materiel&rest_code=00106&code=00101010168&supplier_code=00100007&order_time=2020-05-31 HTTP/1.1" 200 413
114.84.33.255 - - [31/May/2020:09:00:44 +0800] "GET /xingrg/kc/buy/cgsh_order_operate.html?command=get_materiel&rest_code=00146&code=00101008197&supplier_code=00100005&order_time=2020-05-31 HTTP/1.1" 200 416
116.232.49.71 - - [31/May/2020:09:00:46 +0800] "POST /xingrg/kc/buy/cgsh_order_operate.html HTTP/1.1" 200 37
114.88.170.9 - - [31/May/2020:09:00:46 +0800] "POST /xingrg/kc/buy/cgsh_list_operate.html HTTP/1.1" 200 517
116.232.49.71 - - [31/May/2020:09:00:47 +0800] "POST /xingrg/kc/buy/cgsh_order_operate.html HTTP/1.1" 200 2659
114.84.33.255 - - [31/May/2020:09:00:48 +0800] "GET /xingrg/all/function/internal_message.html?_=1590886851074&CODE_STATE=getMsg HTTP/1.1" 200 27
116.232.49.71 - - [31/May/2020:09:00:49 +0800] "GET /xingrg/kc/print/load_config.html?kc_code=cgsh HTTP/1.1" 200 1845
116.232.49.71 - - [31/May/2020:09:00:49 +0800] "GET /xingrg/kc/print/load_data.html?order_code=212020053111464&kc_code=cgsh&condition= HTTP/1.1" 200 635
120.253.135.82 - - [31/May/2020:09:00:50 +0800] "GET /xingrg/all/function/internal_message.html?_=1590886976443&CODE_STATE=getMsg HTTP/1.1" 200 27
114.84.33.255 - - [31/May/2020:09:00:52 +0800] "GET /xingrg/kc/buy/cgsh_order_operate.html?command=get_materiel&rest_code=00146&code=00101008357&supplier_code=00100005&order_time=2020-05-31 HTTP/1.1" 200 408
117.185.32.26 - - [31/May/2020:09:00:52 +0800] "GET /xingrg/check_reg.html?_=1590887275332 HTTP/1.1" 200 22
117.185.32.26 - - [31/May/2020:09:00:52 +0800] "GET /xingrg/all/function/internal_message.html?_=1590887275369&CODE_STATE=getMsg HTTP/1.1" 200 27
114.84.33.255 - - [31/May/2020:09:00:55 +0800] "POST /xingrg/kc/buy/cgsh_order_operate.html HTTP/1.1" 200 2065
116.232.49.71 - - [31/May/2020:09:00:58 +0800] "GET /xingrg/all/function/internal_message.html?_=1590886928218&CODE_STATE=getMsg HTTP/1.1" 200 27
180.162.232.172 - - [31/May/2020:09:00:58 +0800] "GET /xingrg/all/function/internal_message.html?_=1590886859003&CODE_STATE=getMsg HTTP/1.1" 200 27
58.40.7.146 - - [31/May/2020:09:00:59 +0800] "GET /xingrg/all/function/internal_message.html?_=1590886860588&CODE_STATE=getMsg HTTP/1.1" 200 27
58.221.95.50 - - [31/May/2020:09:00:59 +0800] "GET /xingrg/check_reg.html?_=1590886911680 HTTP/1.1" 200 22
114.88.170.9 - - [31/May/2020:09:01:05 +0800] "GET /xingrg/all/function/internal_message.html?_=1590886866246&CODE_STATE=getMsg HTTP/1.1" 200 27
180.162.232.172 - - [31/May/2020:09:01:05 +0800] "GET /xingrg/check_reg.html?_=1590886995136 HTTP/1.1" 200 22
117.184.7.30 - - [31/May/2020:09:01:07 +0800] "GET /xingrg/all/function/internal_message.html?_=1590886868787&CODE_STATE=getMsg HTTP/1.1" 200 27
117.185.32.26 - - [31/May/2020:09:01:07 +0800] "GET /xingrg/kc/buy/cgsh_order_operate.html?command=get_materiel&rest_code=00106&code=00101008032&supplier_code=00100007&order_time=2020-05-31 HTTP/1.1" 200 408
114.84.33.255 - - [31/May/2020:09:01:09 +0800] "GET /xingrg/kc/buy/cgsh_order_operate.html?command=get_materiel&rest_code=00146&code=00101008036&supplier_code=00100005&order_time=2020-05-31 HTTP/1.1" 200 408
61.172.5.115 - - [31/May/2020:09:01:13 +0800] "GET /xingrg/kc/buy/cgsh_order_operate.html?command=get_materiel&rest_code=00105&code=00101007059&supplier_code=00100002&order_time=2020-05-31 HTTP/1.1" 200 409
222.69.136.168 - - [31/May/2020:09:01:16 +0800] "GET /xingrg/all/function/internal_message.html?_=1590886878146&CODE_STATE=getMsg HTTP/1.1" 200 27
114.88.170.9 - - [31/May/2020:09:01:18 +0800] "GET /xingrg/check_reg.html?_=1590886875157 HTTP/1.1" 200 22
114.88.170.9 - - [31/May/2020:09:01:18 +0800] "GET /xingrg/all/function/internal_message.html?_=1590886875154&CODE_STATE=getMsg HTTP/1.1" 200 27
114.84.33.255 - - [31/May/2020:09:01:18 +0800] "GET /xingrg/kc/buy/cgsh_order_operate.html?command=get_materiel&rest_code=00146&code=00101008318&supplier_code=00100005&order_time=2020-05-31 HTTP/1.1" 200 408
116.232.49.71 - - [31/May/2020:09:01:20 +0800] "GET /xingrg/all/function/internal_message.html?_=1590886906425&CODE_STATE=getMsg HTTP/1.1" 200 27
172.17.0.110 - - [31/May/2020:09:01:21 +0800] "GET /xingrg/all/function/internal_message.html?_=1590886879202&CODE_STATE=getMsg HTTP/1.1" 200 27
172.17.0.110 - - [31/May/2020:09:01:21 +0800] "GET /xingrg/check_reg.html?_=1590886879203 HTTP/1.1" 200 22
180.175.212.199 - - [31/May/2020:09:01:22 +0800] "GET /xingrg/all/function/internal_message.html?_=1590887086209&CODE_STATE=getMsg HTTP/1.1" 200 27
117.185.32.26 - - [31/May/2020:09:01:22 +0800] "GET /xingrg/kc/buy/cgsh_order_operate.html?command=get_materiel&rest_code=00106&code=00101008350&supplier_code=00100007&order_time=2020-05-31 HTTP/1.1" 200 408
61.172.5.115 - - [31/May/2020:09:01:24 +0800] "GET /xingrg/kc/buy/cgsh_order_operate.html?command=get_materiel&rest_code=00105&code=00101007061&supplier_code=00100002&order_time=2020-05-31 HTTP/1.1" 200 409
117.131.5.26 - - [31/May/2020:09:01:24 +0800] "GET /xingrg/check_reg.html?_=1590886896687 HTTP/1.1" 200 22
116.232.49.71 - - [31/May/2020:09:01:25 +0800] "GET /xingrg/kc/print/load_config.html?kc_code=cgsh HTTP/1.1" 200 1845
116.232.49.71 - - [31/May/2020:09:01:25 +0800] "GET /xingrg/kc/print/load_data.html?order_code=212020053111464&kc_code=cgsh&condition= HTTP/1.1" 200 635
114.84.33.255 - - [31/May/2020:09:01:26 +0800] "GET /xingrg/kc/buy/cgsh_order_operate.html?command=get_materiel&rest_code=00146&code=00101008005&supplier_code=00100005&order_time=2020-05-31 HTTP/1.1" 200 412
117.131.5.26 - - [31/May/2020:09:01:26 +0800] "GET /xingrg/all/function/internal_message.html?_=1590886898437&CODE_STATE=getMsg HTTP/1.1" 200 27
114.84.33.255 - - [31/May/2020:09:01:27 +0800] "GET /xingrg/all/function/internal_message.html?_=1590886890387&CODE_STATE=getMsg HTTP/1.1" 200 27
61.172.5.115 - - [31/May/2020:09:01:30 +0800] "GET /xingrg/all/function/internal_message.html?_=1590886892410&CODE_STATE=getMsg HTTP/1.1" 200 27
172.17.0.123 - - [31/May/2020:09:01:32 +0800] "GET /xingrg/all/function/internal_message.html?_=1590886877684&CODE_STATE=getMsg HTTP/1.1" 200 27
58.221.95.50 - - [31/May/2020:09:01:33 +0800] "GET /xingrg/all/function/internal_message.html?_=1590886945751&CODE_STATE=getMsg HTTP/1.1" 200 27
101.89.239.216 - - [31/May/2020:09:01:34 +0800] "GET /xingrg/all/function/internal_message.html?_=1590886395030&CODE_STATE=getMsg HTTP/1.1" 302 -
101.89.239.216 - - [31/May/2020:09:01:36 +0800] "GET /xingrg/login.html HTTP/1.1" 200 7641
116.232.33.186 - - [31/May/2020:09:01:38 +0800] "GET /xingrg/all/function/internal_message.html?_=1590886888659&CODE_STATE=getMsg HTTP/1.1" 200 27
117.185.32.26 - - [31/May/2020:09:01:40 +0800] "POST /xingrg/kc/buy/cgsh_order_operate.html HTTP/1.1" 200 2065
114.84.33.255 - - [31/May/2020:09:01:41 +0800] "POST /xingrg/kc/buy/cgsh_order_operate.html HTTP/1.1" 200 2065
120.253.135.82 - - [31/May/2020:09:01:42 +0800] "GET /xingrg/all/function/internal_message.html?_=1590886659635&CODE_STATE=getMsg HTTP/1.1" 200 27
61.172.5.115 - - [31/May/2020:09:01:47 +0800] "GET /xingrg/kc/buy/cgsh_order_operate.html?command=get_materiel&rest_code=00105&code=00101007049&supplier_code=00100002&order_time=2020-05-31 HTTP/1.1" 200 409
114.84.33.255 - - [31/May/2020:09:01:48 +0800] "GET /xingrg/all/function/internal_message.html?_=1590886911087&CODE_STATE=getMsg HTTP/1.1" 200 27
114.84.33.255 - - [31/May/2020:09:01:48 +0800] "GET /xingrg/kc/buy/cgsh_order_operate.html?command=get_materiel&rest_code=00146&code=00101008291&supplier_code=00100005&order_time=2020-05-31 HTTP/1.1" 200 410
120.253.135.82 - - [31/May/2020:09:01:49 +0800] "GET /xingrg/all/function/internal_message.html?_=1590887036458&CODE_STATE=getMsg HTTP/1.1" 200 27
222.69.136.168 - - [31/May/2020:09:01:51 +0800] "GET /xingrg/kc/buy/cgsh_order_add.html HTTP/1.1" 200 58740
222.69.136.168 - - [31/May/2020:09:01:52 +0800] "POST /xingrg/kc/buy/cgsh_order_operate.html HTTP/1.1" 200 8245
222.69.136.168 - - [31/May/2020:09:01:52 +0800] "GET /xingrg/javascript/easyui/themes/default/validatebox.css HTTP/1.1" 404 1104
117.185.32.26 - - [31/May/2020:09:01:53 +0800] "GET /xingrg/all/function/internal_message.html?_=1590887335895&CODE_STATE=getMsg HTTP/1.1" 200 27
116.232.49.71 - - [31/May/2020:09:01:53 +0800] "GET /xingrg/all/function/internal_message.html?_=1590886988218&CODE_STATE=getMsg HTTP/1.1" 200 27
61.172.5.115 - - [31/May/2020:09:01:57 +0800] "GET /xingrg/kc/buy/cgsh_order_operate.html?command=get_materiel&rest_code=00105&code=00101007024&supplier_code=00100002&order_time=2020-05-31 HTTP/1.1" 200 415
180.162.232.172 - - [31/May/2020:09:01:58 +0800] "GET /xingrg/all/function/internal_message.html?_=1590886919004&CODE_STATE=getMsg HTTP/1.1" 200 27
180.162.232.172 - - [31/May/2020:09:01:58 +0800] "GET /xingrg/check_reg.html?_=1590886919007 HTTP/1.1" 200 22
58.40.7.146 - - [31/May/2020:09:01:59 +0800] "GET /xingrg/all/function/internal_message.html?_=1590886920575&CODE_STATE=getMsg HTTP/1.1" 200 27
114.84.33.255 - - [31/May/2020:09:02:02 +0800] "GET /xingrg/kc/buy/cgsh_order_operate.html?command=get_materiel&rest_code=00146&code=00101008114&supplier_code=00100005&order_time=2020-05-31 HTTP/1.1" 200 412
114.88.170.9 - - [31/May/2020:09:02:05 +0800] "GET /xingrg/all/function/internal_message.html?_=1590886926251&CODE_STATE=getMsg HTTP/1.1" 200 27
120.253.135.82 - - [31/May/2020:09:02:05 +0800] "GET /xingrg/check_reg.html?_=1590887052154 HTTP/1.1" 200 22
117.184.7.26 - - [31/May/2020:09:02:07 +0800] "GET /xingrg/all/function/internal_message.html?_=1590886928798&CODE_STATE=getMsg HTTP/1.1" 200 27
114.88.170.9 - - [31/May/2020:09:02:07 +0800] "GET /xingrg/kc/base/wldb_order_list.html HTTP/1.1" 200 19255
114.88.170.9 - - [31/May/2020:09:02:07 +0800] "POST /xingrg/kc/base/wldb_list_operate.html HTTP/1.1" 200 928
114.88.170.9 - - [31/May/2020:09:02:09 +0800] "GET /xingrg/kc/base/wldb_order_add.html HTTP/1.1" 200 30316
114.88.170.9 - - [31/May/2020:09:02:09 +0800] "POST /xingrg/kc/base/wldb_order_operate.html HTTP/1.1" 200 6806
114.88.170.9 - - [31/May/2020:09:02:09 +0800] "GET /xingrg/javascript/easyui/themes/default/validatebox.css HTTP/1.1" 404 1104
61.172.5.115 - - [31/May/2020:09:02:10 +0800] "GET /xingrg/kc/buy/cgsh_order_operate.html?command=get_materiel&rest_code=00105&code=00101007082&supplier_code=00100002&order_time=2020-05-31 HTTP/1.1" 200 427
114.84.33.255 - - [31/May/2020:09:02:12 +0800] "GET /xingrg/kc/buy/cgsh_order_operate.html?command=get_materiel&rest_code=00146&code=00101008283&supplier_code=00100005&order_time=2020-05-31 HTTP/1.1" 200 408
116.232.49.71 - - [31/May/2020:09:02:16 +0800] "GET /xingrg/all/function/internal_message.html?_=1590886963093&CODE_STATE=getMsg HTTP/1.1" 200 27
222.69.136.168 - - [31/May/2020:09:02:16 +0800] "GET /xingrg/all/function/internal_message.html?_=1590886938146&CODE_STATE=getMsg HTTP/1.1" 200 27
117.185.32.26 - - [31/May/2020:09:02:16 +0800] "GET /xingrg/kc/buy/cgsh_order_operate.html?command=get_materiel&rest_code=00106&code=00101008182&supplier_code=00100007&order_time=2020-05-31 HTTP/1.1" 200 413
114.88.170.9 - - [31/May/2020:09:02:18 +0800] "GET /xingrg/all/function/internal_message.html?_=1590886935145&CODE_STATE=getMsg HTTP/1.1" 200 27
116.230.77.149 - - [31/May/2020:09:02:19 +0800] "GET /xingrg/check_reg.html?_=1590886942004 HTTP/1.1" 200 22
172.17.0.110 - - [31/May/2020:09:02:21 +0800] "GET /xingrg/all/function/internal_message.html?_=1590886939201&CODE_STATE=getMsg HTTP/1.1" 200 27
61.172.5.115 - - [31/May/2020:09:02:21 +0800] "POST /xingrg/kc/buy/cgsh_order_operate.html HTTP/1.1" 200 37
114.84.33.255 - - [31/May/2020:09:02:21 +0800] "GET /xingrg/kc/buy/cgsh_order_operate.html?command=get_materiel&rest_code=00146&code=00101015026&supplier_code=00100005&order_time=2020-05-31 HTTP/1.1" 200 412
180.175.212.199 - - [31/May/2020:09:02:22 +0800] "GET /xingrg/all/function/internal_message.html?_=1590887146222&CODE_STATE=getMsg HTTP/1.1" 200 27
61.172.5.115 - - [31/May/2020:09:02:23 +0800] "POST /xingrg/kc/buy/cgsh_order_operate.html HTTP/1.1" 200 5033
61.172.5.115 - - [31/May/2020:09:02:24 +0800] "GET /xingrg/kc/print/load_data.html?order_code=212020053111465&kc_code=cgsh&condition= HTTP/1.1" 200 1653
117.131.5.26 - - [31/May/2020:09:02:26 +0800] "GET /xingrg/all/function/internal_message.html?_=1590886958437&CODE_STATE=getMsg HTTP/1.1" 200 27
114.84.33.255 - - [31/May/2020:09:02:27 +0800] "GET /xingrg/all/function/internal_message.html?_=1590886950392&CODE_STATE=getMsg HTTP/1.1" 200 27
114.84.33.255 - - [31/May/2020:09:02:29 +0800] "GET /xingrg/kc/buy/cgsh_order_operate.html?command=get_materiel&rest_code=00146&code=00101015068&supplier_code=00100005&order_time=2020-05-31 HTTP/1.1" 200 412
61.172.5.115 - - [31/May/2020:09:02:29 +0800] "GET /xingrg/kc/buy/cgsh_order_add.html HTTP/1.1" 200 58734
61.172.5.115 - - [31/May/2020:09:02:30 +0800] "POST /xingrg/kc/buy/cgsh_order_operate.html HTTP/1.1" 200 8245
61.172.5.115 - - [31/May/2020:09:02:30 +0800] "GET /xingrg/javascript/easyui/themes/default/validatebox.css HTTP/1.1" 404 1104
61.172.5.115 - - [31/May/2020:09:02:30 +0800] "GET /xingrg/all/function/internal_message.html?_=1590886952404&CODE_STATE=getMsg HTTP/1.1" 200 27
114.84.33.255 - - [31/May/2020:09:02:32 +0800] "POST /xingrg/kc/buy/cgsh_order_operate.html HTTP/1.1" 200 2065
172.17.0.123 - - [31/May/2020:09:02:32 +0800] "GET /xingrg/all/function/internal_message.html?_=1590886937671&CODE_STATE=getMsg HTTP/1.1" 200 27
58.221.95.50 - - [31/May/2020:09:02:33 +0800] "GET /xingrg/all/function/internal_message.html?_=1590887005699&CODE_STATE=getMsg HTTP/1.1" 200 27
114.88.170.9 - - [31/May/2020:09:02:35 +0800] "GET /xingrg/kc/base/wldb_order_operate.html?command=get_materiel&rest_code=00111&base_code=0010309&code=00101026084 HTTP/1.1" 200 470
116.232.33.186 - - [31/May/2020:09:02:38 +0800] "GET /xingrg/all/function/internal_message.html?_=1590886948638&CODE_STATE=getMsg HTTP/1.1" 200 27
117.185.32.26 - - [31/May/2020:09:02:38 +0800] "GET /xingrg/kc/buy/cgsh_order_operate.html?command=get_materiel&rest_code=00106&code=00101008199&supplier_code=00100007&order_time=2020-05-31 HTTP/1.1" 200 408
114.88.170.9 - - [31/May/2020:09:02:39 +0800] "POST /xingrg/kc/base/wldb_order_operate.html HTTP/1.1" 200 37
114.88.170.9 - - [31/May/2020:09:02:39 +0800] "POST /xingrg/kc/base/wldb_order_operate.html HTTP/1.1" 200 2214
114.88.170.9 - - [31/May/2020:09:02:41 +0800] "GET /xingrg/kc/base/wldb_order_info.html?code=422020053103236 HTTP/1.1" 200 30324
114.88.170.9 - - [31/May/2020:09:02:41 +0800] "GET /xingrg/javascript/easyui/themes/default/validatebox.css HTTP/1.1" 404 1104
114.88.170.9 - - [31/May/2020:09:02:41 +0800] "POST /xingrg/kc/base/wldb_order_operate.html HTTP/1.1" 200 2214
120.253.135.82 - - [31/May/2020:09:02:42 +0800] "GET /xingrg/all/function/internal_message.html?_=1590886719733&CODE_STATE=getMsg HTTP/1.1" 200 27
114.84.33.255 - - [31/May/2020:09:02:48 +0800] "GET /xingrg/all/function/internal_message.html?_=1590886971109&CODE_STATE=getMsg HTTP/1.1" 200 27
117.185.32.26 - - [31/May/2020:09:02:49 +0800] "GET /xingrg/kc/buy/cgsh_order_operate.html?command=get_materiel&rest_code=00106&code=00101008088&supplier_code=00100007&order_time=2020-05-31 HTTP/1.1" 200 408
120.253.135.82 - - [31/May/2020:09:02:49 +0800] "GET /xingrg/all/function/internal_message.html?_=1590887096476&CODE_STATE=getMsg HTTP/1.1" 200 27
116.232.49.71 - - [31/May/2020:09:02:49 +0800] "GET /xingrg/all/function/internal_message.html?_=1590887048218&CODE_STATE=getMsg HTTP/1.1" 200 27
222.69.136.168 - - [31/May/2020:09:02:50 +0800] "GET /xingrg/kc/buy/cgsh_order_operate.html?command=get_materiel&rest_code=00149&code=00101007049&supplier_code=00100205&order_time=2020-05-31 HTTP/1.1" 200 409
117.185.32.26 - - [31/May/2020:09:02:53 +0800] "GET /xingrg/all/function/internal_message.html?_=1590887395868&CODE_STATE=getMsg HTTP/1.1" 200 27
120.253.135.82 - - [31/May/2020:09:02:57 +0800] "GET /xingrg/kc/report/report_main.html HTTP/1.1" 200 9370
120.253.135.82 - - [31/May/2020:09:02:57 +0800] "POST /xingrg/kc/pszx/mdps_list_operate.html HTTP/1.1" 200 3154
180.162.232.172 - - [31/May/2020:09:02:58 +0800] "GET /xingrg/all/function/internal_message.html?_=1590886978993&CODE_STATE=getMsg HTTP/1.1" 200 27
120.253.135.82 - - [31/May/2020:09:02:58 +0800] "GET /xingrg/kc/base/kc_stocks.html HTTP/1.1" 200 16278
120.253.135.82 - - [31/May/2020:09:02:58 +0800] "GET /xingrg/javascript/easyui/themes/default/tree.css HTTP/1.1" 404 1090
120.253.135.82 - - [31/May/2020:09:02:58 +0800] "POST /xingrg/all/common/load_tree.html?tree=materiel_sort_tree_json HTTP/1.1" 200 8666
58.40.7.146 - - [31/May/2020:09:02:59 +0800] "GET /xingrg/all/function/internal_message.html?_=1590886980578&CODE_STATE=getMsg HTTP/1.1" 200 27
117.185.32.26 - - [31/May/2020:09:02:59 +0800] "GET /xingrg/kc/buy/cgsh_order_operate.html?command=get_materiel&rest_code=00106&code=00101008141&supplier_code=00100007&order_time=2020-05-31 HTTP/1.1" 200 412
120.253.135.82 - - [31/May/2020:09:02:59 +0800] "POST /xingrg/all/common/load_combo.html?type=base HTTP/1.1" 200 899
222.69.136.168 - - [31/May/2020:09:03:01 +0800] "GET /xingrg/kc/buy/cgsh_order_operate.html?command=get_materiel&rest_code=00149&code=00101007048&supplier_code=00100205&order_time=2020-05-31 HTTP/1.1" 200 408
117.185.32.26 - - [31/May/2020:09:03:04 +0800] "POST /xingrg/kc/buy/cgsh_order_operate.html HTTP/1.1" 200 2065
114.84.33.255 - - [31/May/2020:09:03:04 +0800] "GET /xingrg/kc/buy/cgsh_order_operate.html?command=get_materiel&rest_code=00146&code=00101020152&supplier_code=00100005&order_time=2020-05-31 HTTP/1.1" 200 416
114.88.170.9 - - [31/May/2020:09:03:05 +0800] "GET /xingrg/all/function/internal_message.html?_=1590886986275&CODE_STATE=getMsg HTTP/1.1" 200 27
180.175.212.199 - - [31/May/2020:09:03:07 +0800] "GET /xingrg/kc/buy/cgsh_order_operate.html?command=get_materiel&rest_code=00102&code=00101001009&supplier_code=00100151&order_time=2020-05-31 HTTP/1.1" 200 409
117.184.7.26 - - [31/May/2020:09:03:07 +0800] "GET /xingrg/all/function/internal_message.html?_=1590886988831&CODE_STATE=getMsg HTTP/1.1" 200 27
120.253.135.82 - - [31/May/2020:09:03:08 +0800] "POST /xingrg/kc/base/stock_operate.html HTTP/1.1" 200 1719
114.84.33.255 - - [31/May/2020:09:03:11 +0800] "GET /xingrg/kc/buy/cgsh_order_operate.html?command=get_materiel&rest_code=00146&code=00101008095&supplier_code=00100005&order_time=2020-05-31 HTTP/1.1" 200 412
222.69.136.168 - - [31/May/2020:09:03:12 +0800] "GET /xingrg/kc/buy/cgsh_order_operate.html?command=get_materiel&rest_code=00149&code=00101007059&supplier_code=00100205&order_time=2020-05-31 HTTP/1.1" 200 410
116.232.49.71 - - [31/May/2020:09:03:15 +0800] "GET /xingrg/all/function/internal_message.html?_=1590887023081&CODE_STATE=getMsg HTTP/1.1" 200 27
116.232.33.186 - - [31/May/2020:09:03:15 +0800] "GET /xingrg/check_reg.html?_=1590886986023 HTTP/1.1" 200 22
61.172.5.115 - - [31/May/2020:09:03:15 +0800] "GET /xingrg/kc/buy/cgsh_order_operate.html?command=get_materiel&rest_code=00105&code=00101016017&supplier_code=00100034&order_time=2020-05-31 HTTP/1.1" 200 408
222.69.136.168 - - [31/May/2020:09:03:16 +0800] "GET /xingrg/all/function/internal_message.html?_=1590886998172&CODE_STATE=getMsg HTTP/1.1" 200 27
114.88.170.9 - - [31/May/2020:09:03:18 +0800] "GET /xingrg/all/function/internal_message.html?_=1590886995155&CODE_STATE=getMsg HTTP/1.1" 200 27
114.84.33.255 - - [31/May/2020:09:03:21 +0800] "POST /xingrg/kc/buy/cgsh_order_operate.html HTTP/1.1" 200 2065
117.185.32.26 - - [31/May/2020:09:03:21 +0800] "GET /xingrg/kc/buy/cgsh_order_operate.html?command=get_materiel&rest_code=00106&code=00101008126&supplier_code=00100007&order_time=2020-05-31 HTTP/1.1" 200 412
172.17.0.110 - - [31/May/2020:09:03:21 +0800] "GET /xingrg/all/function/internal_message.html?_=1590886999199&CODE_STATE=getMsg HTTP/1.1" 200 27
180.175.212.199 - - [31/May/2020:09:03:22 +0800] "GET /xingrg/check_reg.html?_=1590887206109 HTTP/1.1" 200 22
180.175.212.199 - - [31/May/2020:09:03:22 +0800] "GET /xingrg/all/function/internal_message.html?_=1590887206234&CODE_STATE=getMsg HTTP/1.1" 200 27
117.131.5.26 - - [31/May/2020:09:03:26 +0800] "GET /xingrg/all/function/internal_message.html?_=1590887018437&CODE_STATE=getMsg HTTP/1.1" 200 27
114.84.33.255 - - [31/May/2020:09:03:27 +0800] "GET /xingrg/kc/buy/cgsh_order_operate.html?command=get_materiel&rest_code=00146&code=00101008061&supplier_code=00100005&order_time=2020-05-31 HTTP/1.1" 200 441
114.84.33.255 - - [31/May/2020:09:03:27 +0800] "GET /xingrg/all/function/internal_message.html?_=1590887010420&CODE_STATE=getMsg HTTP/1.1" 200 27
120.253.135.82 - - [31/May/2020:09:03:27 +0800] "GET /xingrg/kc/pszx/mdqp_order_list.html?state=10 HTTP/1.1" 200 11307
120.253.135.82 - - [31/May/2020:09:03:27 +0800] "GET /xingrg/dwr/interface/AjaxQqpsService.js HTTP/1.1" 200 16326
120.253.135.82 - - [31/May/2020:09:03:27 +0800] "GET /xingrg/dwr/interface/AjaxReportQueryService.js HTTP/1.1" 200 13203
120.253.135.82 - - [31/May/2020:09:03:27 +0800] "GET /xingrg/dwr/engine.js HTTP/1.1" 200 43631
61.172.5.115 - - [31/May/2020:09:03:30 +0800] "GET /xingrg/all/function/internal_message.html?_=1590887012392&CODE_STATE=getMsg HTTP/1.1" 200 27
222.69.136.168 - - [31/May/2020:09:03:31 +0800] "POST /xingrg/kc/buy/cgsh_order_operate.html HTTP/1.1" 200 37
120.253.135.82 - - [31/May/2020:09:03:31 +0800] "GET /xingrg/kc/pszx/mdth_order_list.html HTTP/1.1" 200 18391
120.253.135.82 - - [31/May/2020:09:03:31 +0800] "POST /xingrg/kc/pszx/mdth_order_new_list.html HTTP/1.1" 200 4640
117.185.32.26 - - [31/May/2020:09:03:32 +0800] "GET /xingrg/kc/buy/cgsh_order_operate.html?command=get_materiel&rest_code=00106&code=00101008087&supplier_code=00100007&order_time=2020-05-31 HTTP/1.1" 200 412
172.17.0.123 - - [31/May/2020:09:03:32 +0800] "GET /xingrg/all/function/internal_message.html?_=1590886997673&CODE_STATE=getMsg HTTP/1.1" 200 27
222.69.136.168 - - [31/May/2020:09:03:33 +0800] "POST /xingrg/kc/buy/cgsh_order_operate.html HTTP/1.1" 200 12
58.221.95.50 - - [31/May/2020:09:03:33 +0800] "GET /xingrg/all/function/internal_message.html?_=1590887065673&CODE_STATE=getMsg HTTP/1.1" 200 27
61.172.5.115 - - [31/May/2020:09:03:33 +0800] "GET /xingrg/kc/buy/cgsh_order_operate.html?command=get_materiel&rest_code=00105&code=00101012051&supplier_code=00100034&order_time=2020-05-31 HTTP/1.1" 200 408
