117.184.7.26 - - [31/May/2020:08:49:29 +0800] "GET /xingrg/kc/buy/cgsh_order_list.html HTTP/1.1" 200 42996
222.69.136.168 - - [31/May/2020:08:49:30 +0800] "GET /xingrg/kc/buy/cgsh_order_operate.html?command=get_materiel&rest_code=00149&code=00101008185&supplier_code=00100005&order_time=2020-05-31 HTTP/1.1" 200 408
61.172.5.115 - - [31/May/2020:08:49:30 +0800] "GET /xingrg/all/function/internal_message.html?_=1590886172349&CODE_STATE=getMsg HTTP/1.1" 200 27
117.184.7.26 - - [31/May/2020:08:49:30 +0800] "POST /xingrg/kc/buy/cgsh_list_operate.html HTTP/1.1" 200 876
116.232.33.186 - - [31/May/2020:08:49:31 +0800] "GET /xingrg/kc/buy/cgsh_order_operate.html?command=get_materiel&rest_code=00147&code=00101028020&supplier_code=00100017&order_time=2020-05-20 HTTP/1.1" 200 451
172.17.0.123 - - [31/May/2020:08:49:32 +0800] "GET /xingrg/all/function/internal_message.html?_=1590886157670&CODE_STATE=getMsg HTTP/1.1" 200 27
58.221.95.50 - - [31/May/2020:08:49:33 +0800] "GET /xingrg/all/function/internal_message.html?_=1590886225982&CODE_STATE=getMsg HTTP/1.1" 200 27
222.69.136.168 - - [31/May/2020:08:49:37 +0800] "GET /xingrg/kc/buy/cgsh_order_operate.html?command=get_materiel&rest_code=00149&code=00101008028&supplier_code=00100005&order_time=2020-05-31 HTTP/1.1" 200 412
116.232.33.186 - - [31/May/2020:08:49:39 +0800] "POST /xingrg/kc/buy/cgsh_order_operate.html HTTP/1.1" 200 37
120.253.135.82 - - [31/May/2020:08:49:39 +0800] "GET /xingrg/check_reg.html?_=1590885936891 HTTP/1.1" 200 22
116.232.33.186 - - [31/May/2020:08:49:40 +0800] "POST /xingrg/kc/buy/cgsh_order_operate.html HTTP/1.1" 200 12
116.232.33.186 - - [31/May/2020:08:49:42 +0800] "GET /xingrg/kc/buy/cgsh_order_info.html?code=212020053111452 HTTP/1.1" 200 53559
116.232.33.186 - - [31/May/2020:08:49:42 +0800] "GET /xingrg/javascript/easyui/themes/default/validatebox.css HTTP/1.1" 404 1104
120.253.135.82 - - [31/May/2020:08:49:42 +0800] "GET /xingrg/all/function/internal_message.html?_=1590885939347&CODE_STATE=getMsg HTTP/1.1" 200 27
116.232.33.186 - - [31/May/2020:08:49:42 +0800] "POST /xingrg/kc/buy/cgsh_order_operate.html HTTP/1.1" 200 640
116.232.33.186 - - [31/May/2020:08:49:43 +0800] "GET /xingrg/kc/buy/cgsh_order_add.html HTTP/1.1" 200 58658
116.232.33.186 - - [31/May/2020:08:49:44 +0800] "POST /xingrg/kc/buy/cgsh_order_operate.html HTTP/1.1" 200 8245
116.232.33.186 - - [31/May/2020:08:49:44 +0800] "GET /xingrg/javascript/easyui/themes/default/validatebox.css HTTP/1.1" 404 1104
222.69.136.168 - - [31/May/2020:08:49:44 +0800] "GET /xingrg/kc/buy/cgsh_order_operate.html?command=get_materiel&rest_code=00149&code=00101008224&supplier_code=00100005&order_time=2020-05-31 HTTP/1.1" 200 416
120.253.135.82 - - [31/May/2020:08:49:44 +0800] "GET /xingrg/check_reg.html?_=1590886311613 HTTP/1.1" 200 22
114.84.33.255 - - [31/May/2020:08:49:48 +0800] "GET /xingrg/all/function/internal_message.html?_=1590886190712&CODE_STATE=getMsg HTTP/1.1" 200 27
116.232.49.71 - - [31/May/2020:08:49:49 +0800] "GET /xingrg/all/function/internal_message.html?_=1590886208218&CODE_STATE=getMsg HTTP/1.1" 200 27
120.253.135.82 - - [31/May/2020:08:49:49 +0800] "GET /xingrg/all/function/internal_message.html?_=1590886316284&CODE_STATE=getMsg HTTP/1.1" 200 27
222.69.136.168 - - [31/May/2020:08:49:54 +0800] "GET /xingrg/kc/buy/cgsh_order_operate.html?command=get_materiel&rest_code=00149&code=00101008190&supplier_code=00100005&order_time=2020-05-31 HTTP/1.1" 200 412
116.232.33.186 - - [31/May/2020:08:49:58 +0800] "GET /xingrg/kc/buy/cgsh_order_operate.html?command=get_materiel&rest_code=00147&code=00101026081&supplier_code=00100017&order_time=2020-05-21 HTTP/1.1" 200 458
180.162.232.172 - - [31/May/2020:08:49:58 +0800] "GET /xingrg/all/function/internal_message.html?_=1590886198994&CODE_STATE=getMsg HTTP/1.1" 200 27
58.40.7.146 - - [31/May/2020:08:49:59 +0800] "GET /xingrg/all/function/internal_message.html?_=1590886200575&CODE_STATE=getMsg HTTP/1.1" 200 27
116.232.33.186 - - [31/May/2020:08:50:04 +0800] "GET /xingrg/kc/buy/cgsh_order_operate.html?command=get_materiel&rest_code=00147&code=00101029033&supplier_code=00100017&order_time=2020-05-21 HTTP/1.1" 200 456
117.184.7.26 - - [31/May/2020:08:50:04 +0800] "POST /xingrg/kc/buy/cgsh_list_operate.html HTTP/1.1" 200 876
114.88.170.9 - - [31/May/2020:08:50:04 +0800] "GET /xingrg/all/function/internal_message.html?_=1590886206071&CODE_STATE=getMsg HTTP/1.1" 200 27
117.184.7.26 - - [31/May/2020:08:50:05 +0800] "GET /xingrg/kc/buy/cgsh_order_add.html HTTP/1.1" 200 58699
117.184.7.26 - - [31/May/2020:08:50:05 +0800] "GET /xingrg/words/20200530162513_words.js HTTP/1.1" 304 -
117.184.7.26 - - [31/May/2020:08:50:06 +0800] "POST /xingrg/kc/buy/cgsh_order_operate.html HTTP/1.1" 200 8245
117.184.7.30 - - [31/May/2020:08:50:06 +0800] "GET /xingrg/all/common/auto_word.html?type=employee&rest_code=00108 HTTP/1.1" 200 197
117.184.7.30 - - [31/May/2020:08:50:06 +0800] "GET /xingrg/all/common/auto_word.html?type=employee&rest_code=00108 HTTP/1.1" 200 197
117.184.7.30 - - [31/May/2020:08:50:06 +0800] "GET /xingrg/javascript/easyui/themes/default/validatebox.css HTTP/1.1" 404 1104
117.184.7.26 - - [31/May/2020:08:50:06 +0800] "GET /xingrg/check_reg.html?_=1590886196615 HTTP/1.1" 200 22
117.184.7.30 - - [31/May/2020:08:50:06 +0800] "GET /xingrg/all/function/internal_message.html?_=1590886196617&CODE_STATE=getMsg HTTP/1.1" 200 27
222.69.136.168 - - [31/May/2020:08:50:08 +0800] "GET /xingrg/kc/buy/cgsh_order_operate.html?command=get_materiel&rest_code=00149&code=00101008126&supplier_code=00100005&order_time=2020-05-31 HTTP/1.1" 200 412
114.84.151.157 - - [31/May/2020:08:50:08 +0800] "GET /xingrg/all/function/internal_message.html?_=1590886215096&CODE_STATE=getMsg HTTP/1.1" 200 27
116.232.33.186 - - [31/May/2020:08:50:10 +0800] "GET /xingrg/kc/buy/cgsh_order_operate.html?command=get_materiel&rest_code=00147&code=00101029018&supplier_code=00100017&order_time=2020-05-21 HTTP/1.1" 200 447
116.232.33.186 - - [31/May/2020:08:50:16 +0800] "POST /xingrg/kc/buy/cgsh_order_operate.html HTTP/1.1" 200 37
222.69.136.168 - - [31/May/2020:08:50:16 +0800] "GET /xingrg/kc/buy/cgsh_order_operate.html?command=get_materiel&rest_code=00149&code=00101008087&supplier_code=00100005&order_time=2020-05-31 HTTP/1.1" 200 412
222.69.136.168 - - [31/May/2020:08:50:16 +0800] "GET /xingrg/check_reg.html?_=1590886218127 HTTP/1.1" 200 22
222.69.136.168 - - [31/May/2020:08:50:16 +0800] "GET /xingrg/all/function/internal_message.html?_=1590886218129&CODE_STATE=getMsg HTTP/1.1" 200 27
114.88.170.9 - - [31/May/2020:08:50:18 +0800] "GET /xingrg/all/function/internal_message.html?_=1590886215103&CODE_STATE=getMsg HTTP/1.1" 200 27
172.17.0.110 - - [31/May/2020:08:50:21 +0800] "GET /xingrg/all/function/internal_message.html?_=1590886219143&CODE_STATE=getMsg HTTP/1.1" 200 27
117.131.5.26 - - [31/May/2020:08:50:26 +0800] "GET /xingrg/all/function/internal_message.html?_=1590886238375&CODE_STATE=getMsg HTTP/1.1" 200 27
114.84.33.255 - - [31/May/2020:08:50:27 +0800] "GET /xingrg/all/function/internal_message.html?_=1590886230198&CODE_STATE=getMsg HTTP/1.1" 200 27
222.69.136.168 - - [31/May/2020:08:50:27 +0800] "GET /xingrg/kc/buy/cgsh_order_operate.html?command=get_materiel&rest_code=00149&code=00101008355&supplier_code=00100005&order_time=2020-05-31 HTTP/1.1" 200 408
61.172.5.115 - - [31/May/2020:08:50:30 +0800] "GET /xingrg/all/function/internal_message.html?_=1590886232350&CODE_STATE=getMsg HTTP/1.1" 200 27
61.172.5.115 - - [31/May/2020:08:50:30 +0800] "GET /xingrg/check_reg.html?_=1590886232353 HTTP/1.1" 200 22
172.17.0.123 - - [31/May/2020:08:50:32 +0800] "GET /xingrg/all/function/internal_message.html?_=1590886217672&CODE_STATE=getMsg HTTP/1.1" 200 27
172.17.0.123 - - [31/May/2020:08:50:32 +0800] "GET /xingrg/check_reg.html?_=1590886217673 HTTP/1.1" 200 22
58.221.95.50 - - [31/May/2020:08:50:33 +0800] "GET /xingrg/all/function/internal_message.html?_=1590886285954&CODE_STATE=getMsg HTTP/1.1" 200 27
114.84.33.255 - - [31/May/2020:08:50:35 +0800] "GET /xingrg/check_reg.html?_=1590886237852 HTTP/1.1" 200 22
117.185.32.26 - - [31/May/2020:08:50:35 +0800] "GET /xingrg/login.html HTTP/1.1" 200 7641
120.253.135.82 - - [31/May/2020:08:50:36 +0800] "GET /xingrg/check_reg.html?_=1590886363627 HTTP/1.1" 200 22
116.232.33.186 - - [31/May/2020:08:50:38 +0800] "GET /xingrg/all/function/internal_message.html?_=1590886228736&CODE_STATE=getMsg HTTP/1.1" 200 27
116.232.33.186 - - [31/May/2020:08:50:39 +0800] "POST /xingrg/kc/buy/cgsh_order_operate.html HTTP/1.1" 200 12
117.185.32.26 - - [31/May/2020:08:50:39 +0800] "GET /favicon.ico HTTP/1.1" 404 -
116.232.33.186 - - [31/May/2020:08:50:40 +0800] "GET /xingrg/kc/buy/cgsh_order_info.html?code=212020053111453 HTTP/1.1" 200 53559
222.69.136.168 - - [31/May/2020:08:50:40 +0800] "POST /xingrg/kc/buy/cgsh_order_operate.html HTTP/1.1" 200 2065
116.232.33.186 - - [31/May/2020:08:50:40 +0800] "GET /xingrg/javascript/easyui/themes/default/validatebox.css HTTP/1.1" 404 1104
116.232.33.186 - - [31/May/2020:08:50:40 +0800] "POST /xingrg/kc/buy/cgsh_order_operate.html HTTP/1.1" 200 1899
120.253.135.82 - - [31/May/2020:08:50:42 +0800] "GET /xingrg/all/function/internal_message.html?_=1590885999361&CODE_STATE=getMsg HTTP/1.1" 200 27
116.232.33.186 - - [31/May/2020:08:50:43 +0800] "GET /xingrg/kc/buy/cgsh_order_add.html HTTP/1.1" 200 58658
116.232.33.186 - - [31/May/2020:08:50:44 +0800] "POST /xingrg/kc/buy/cgsh_order_operate.html HTTP/1.1" 200 8245
116.232.33.186 - - [31/May/2020:08:50:44 +0800] "GET /xingrg/javascript/easyui/themes/default/validatebox.css HTTP/1.1" 404 1104
116.232.49.71 - - [31/May/2020:08:50:44 +0800] "GET /xingrg/check_reg.html?_=1590886267578 HTTP/1.1" 200 22
116.232.49.71 - - [31/May/2020:08:50:44 +0800] "GET /xingrg/all/function/internal_message.html?_=1590886268218&CODE_STATE=getMsg HTTP/1.1" 200 27
114.84.33.255 - - [31/May/2020:08:50:48 +0800] "GET /xingrg/all/function/internal_message.html?_=1590886250745&CODE_STATE=getMsg HTTP/1.1" 200 27
117.184.7.30 - - [31/May/2020:08:50:48 +0800] "GET /xingrg/javascript/auto/indicator.gif HTTP/1.1" 404 1066
120.253.135.82 - - [31/May/2020:08:50:49 +0800] "GET /xingrg/all/function/internal_message.html?_=1590886376292&CODE_STATE=getMsg HTTP/1.1" 200 27
117.184.7.26 - - [31/May/2020:08:50:49 +0800] "GET /xingrg/javascript/jquery_tools/images/prev.gif HTTP/1.1" 404 1086
117.184.7.30 - - [31/May/2020:08:50:49 +0800] "GET /xingrg/javascript/jquery_tools/images/next.gif HTTP/1.1" 404 1086
117.185.32.26 - - [31/May/2020:08:50:51 +0800] "POST /xingrg/login.do HTTP/1.1" 302 -
117.185.32.26 - - [31/May/2020:08:50:51 +0800] "GET /xingrg/index.html?sysBaseUrl=http%3A%2F%2F180.169.147.146%3A18081%2Fxingrg%2F&costTime=37×tamp=1590886251090 HTTP/1.1" 200 17173
117.185.32.26 - - [31/May/2020:08:50:52 +0800] "GET /favicon.ico HTTP/1.1" 404 -
117.185.32.26 - - [31/May/2020:08:50:52 +0800] "POST /xingrg/all/common/load_tree.html?tree=area_rest_tree_json&manage=1 HTTP/1.1" 200 342
117.185.32.26 - - [31/May/2020:08:50:52 +0800] "GET /xingrg/all/function/internal_message.html?_=1590886675269&CODE_STATE=count HTTP/1.1" 200 11
117.185.32.26 - - [31/May/2020:08:50:52 +0800] "GET /xingrg/check_reg.html?_=1590886675272 HTTP/1.1" 200 22
117.185.32.26 - - [31/May/2020:08:50:52 +0800] "POST /xingrg/load_menu.html HTTP/1.1" 200 5138
117.185.32.26 - - [31/May/2020:08:50:55 +0800] "GET /xingrg/kc/buy/buy_main.html HTTP/1.1" 200 12412
117.185.32.26 - - [31/May/2020:08:50:55 +0800] "GET /xingrg/css/new_ie.css HTTP/1.1" 404 1036
117.185.32.26 - - [31/May/2020:08:50:57 +0800] "GET /xingrg/images/yd/bt.gif HTTP/1.1" 404 1040
222.69.136.168 - - [31/May/2020:08:50:57 +0800] "GET /xingrg/kc/buy/cgsh_order_operate.html?command=get_materiel&rest_code=00149&code=00101008144&supplier_code=00100005&order_time=2020-05-31 HTTP/1.1" 200 412
117.185.32.26 - - [31/May/2020:08:50:58 +0800] "GET /xingrg/kc/buy/cgsh_order_list.html HTTP/1.1" 200 42996
180.162.232.172 - - [31/May/2020:08:50:58 +0800] "GET /xingrg/all/function/internal_message.html?_=1590886258994&CODE_STATE=getMsg HTTP/1.1" 200 27
58.40.7.146 - - [31/May/2020:08:50:59 +0800] "GET /xingrg/all/function/internal_message.html?_=1590886260580&CODE_STATE=getMsg HTTP/1.1" 200 27
58.221.95.50 - - [31/May/2020:08:50:59 +0800] "GET /xingrg/check_reg.html?_=1590886311691 HTTP/1.1" 200 22
117.184.7.26 - - [31/May/2020:08:51:00 +0800] "GET /xingrg/kc/buy/cgsh_order_operate.html?command=get_materiel&rest_code=00108&code=00101007049&supplier_code=00100002&order_time=2020-05-31 HTTP/1.1" 200 409
117.185.32.26 - - [31/May/2020:08:51:00 +0800] "POST /xingrg/kc/buy/cgsh_list_operate.html HTTP/1.1" 200 876
117.185.32.26 - - [31/May/2020:08:51:02 +0800] "GET /xingrg/kc/buy/cgsh_order_add.html HTTP/1.1" 200 58734
117.185.32.26 - - [31/May/2020:08:51:03 +0800] "GET /xingrg/words/20200530162513_words.js HTTP/1.1" 304 -
117.185.32.26 - - [31/May/2020:08:51:03 +0800] "POST /xingrg/kc/buy/cgsh_order_operate.html HTTP/1.1" 200 8245
117.185.32.26 - - [31/May/2020:08:51:03 +0800] "GET /xingrg/all/common/auto_word.html?type=employee&rest_code=00106 HTTP/1.1" 200 205
117.185.32.26 - - [31/May/2020:08:51:03 +0800] "GET /xingrg/all/common/auto_word.html?type=employee&rest_code=00106 HTTP/1.1" 200 205
117.185.32.26 - - [31/May/2020:08:51:03 +0800] "GET /xingrg/javascript/easyui/themes/default/validatebox.css HTTP/1.1" 404 1104
114.88.170.9 - - [31/May/2020:08:51:05 +0800] "GET /xingrg/all/function/internal_message.html?_=1590886266095&CODE_STATE=getMsg HTTP/1.1" 200 27
117.185.32.26 - - [31/May/2020:08:51:05 +0800] "GET /xingrg/javascript/easyui/themes/default/tree.css HTTP/1.1" 404 1090
117.185.32.26 - - [31/May/2020:08:51:05 +0800] "POST /xingrg/all/common/load_tree.html?tree=supplier_tree_json&isDelete=1 HTTP/1.1" 200 48460
180.162.232.172 - - [31/May/2020:08:51:05 +0800] "GET /xingrg/check_reg.html?_=1590886395120 HTTP/1.1" 200 22
117.184.7.26 - - [31/May/2020:08:51:06 +0800] "GET /xingrg/all/function/internal_message.html?_=1590886256619&CODE_STATE=getMsg HTTP/1.1" 200 27
222.69.136.168 - - [31/May/2020:08:51:06 +0800] "GET /xingrg/kc/buy/cgsh_order_operate.html?command=get_materiel&rest_code=00149&code=00101008264&supplier_code=00100005&order_time=2020-05-31 HTTP/1.1" 200 412
114.84.151.157 - - [31/May/2020:08:51:08 +0800] "GET /xingrg/all/function/internal_message.html?_=1590886275068&CODE_STATE=getMsg HTTP/1.1" 200 27
222.69.136.168 - - [31/May/2020:08:51:15 +0800] "GET /xingrg/kc/buy/cgsh_order_operate.html?command=get_materiel&rest_code=00149&code=00101008356&supplier_code=00100005&order_time=2020-05-31 HTTP/1.1" 200 408
116.232.33.186 - - [31/May/2020:08:51:16 +0800] "GET /xingrg/kc/buy/cgsh_order_operate.html?command=get_materiel&rest_code=00147&code=00101029033&supplier_code=00100017&order_time=2020-05-22 HTTP/1.1" 200 456
222.69.136.168 - - [31/May/2020:08:51:16 +0800] "GET /xingrg/all/function/internal_message.html?_=1590886278125&CODE_STATE=getMsg HTTP/1.1" 200 27
117.184.7.26 - - [31/May/2020:08:51:18 +0800] "POST /xingrg/kc/buy/cgsh_order_operate.html HTTP/1.1" 200 37
114.88.170.9 - - [31/May/2020:08:51:18 +0800] "GET /xingrg/check_reg.html?_=1590886275103 HTTP/1.1" 200 22
114.88.170.9 - - [31/May/2020:08:51:18 +0800] "GET /xingrg/all/function/internal_message.html?_=1590886275106&CODE_STATE=getMsg HTTP/1.1" 200 27
117.185.32.26 - - [31/May/2020:08:51:20 +0800] "GET /xingrg/javascript/auto/indicator.gif HTTP/1.1" 404 1066
172.17.0.110 - - [31/May/2020:08:51:21 +0800] "GET /xingrg/check_reg.html?_=1590886279158 HTTP/1.1" 200 22
172.17.0.110 - - [31/May/2020:08:51:21 +0800] "GET /xingrg/all/function/internal_message.html?_=1590886279157&CODE_STATE=getMsg HTTP/1.1" 200 27
222.69.136.168 - - [31/May/2020:08:51:22 +0800] "GET /xingrg/kc/buy/cgsh_order_operate.html?command=get_materiel&rest_code=00149&code=00101008205&supplier_code=00100005&order_time=2020-05-31 HTTP/1.1" 200 412
117.185.32.26 - - [31/May/2020:08:51:23 +0800] "GET /xingrg/kc/buy/cgsh_order_operate.html?command=get_materiel&rest_code=00106&code=00101008256&supplier_code=00100007&order_time=2020-05-31 HTTP/1.1" 200 412
116.232.33.186 - - [31/May/2020:08:51:23 +0800] "GET /xingrg/kc/buy/cgsh_order_operate.html?command=get_materiel&rest_code=00147&code=00101028015&supplier_code=00100017&order_time=2020-05-22 HTTP/1.1" 200 443
117.131.5.26 - - [31/May/2020:08:51:24 +0800] "GET /xingrg/check_reg.html?_=1590886296625 HTTP/1.1" 200 22
117.131.5.26 - - [31/May/2020:08:51:26 +0800] "GET /xingrg/all/function/internal_message.html?_=1590886298375&CODE_STATE=getMsg HTTP/1.1" 200 27
114.84.33.255 - - [31/May/2020:08:51:27 +0800] "GET /xingrg/all/function/internal_message.html?_=1590886290229&CODE_STATE=getMsg HTTP/1.1" 200 27
222.69.136.168 - - [31/May/2020:08:51:29 +0800] "GET /xingrg/kc/buy/cgsh_order_operate.html?command=get_materiel&rest_code=00149&code=00101008223&supplier_code=00100005&order_time=2020-05-31 HTTP/1.1" 200 412
116.232.33.186 - - [31/May/2020:08:51:30 +0800] "GET /xingrg/kc/buy/cgsh_order_operate.html?command=get_materiel&rest_code=00147&code=00101029018&supplier_code=00100017&order_time=2020-05-22 HTTP/1.1" 200 447
61.172.5.115 - - [31/May/2020:08:51:30 +0800] "GET /xingrg/all/function/internal_message.html?_=1590886292350&CODE_STATE=getMsg HTTP/1.1" 200 27
116.232.49.71 - - [31/May/2020:08:51:30 +0800] "GET /xingrg/login.html HTTP/1.1" 200 7641
116.232.49.71 - - [31/May/2020:08:51:31 +0800] "GET /xingrg/images/blue/jxLogo.png HTTP/1.1" 304 -
116.232.49.71 - - [31/May/2020:08:51:31 +0800] "GET /xingrg/images/blue/login_bg.png HTTP/1.1" 304 -
116.232.49.71 - - [31/May/2020:08:51:31 +0800] "GET /xingrg/images/blue/hj.png HTTP/1.1" 304 -
116.232.49.71 - - [31/May/2020:08:51:31 +0800] "GET /xingrg/images/blue/srbg.png HTTP/1.1" 304 -
116.232.49.71 - - [31/May/2020:08:51:31 +0800] "GET /favicon.ico HTTP/1.1" 404 -
172.17.0.123 - - [31/May/2020:08:51:32 +0800] "GET /xingrg/all/function/internal_message.html?_=1590886277675&CODE_STATE=getMsg HTTP/1.1" 200 27
58.221.95.50 - - [31/May/2020:08:51:33 +0800] "GET /xingrg/all/function/internal_message.html?_=1590886345957&CODE_STATE=getMsg HTTP/1.1" 200 27
61.129.6.151 - - [31/May/2020:08:51:36 +0800] "GET /xingrg/all/function/internal_message.html?_=1590885915185&CODE_STATE=getMsg HTTP/1.1" 302 -
222.69.136.168 - - [31/May/2020:08:51:37 +0800] "POST /xingrg/kc/buy/cgsh_order_operate.html HTTP/1.1" 200 2065
116.232.33.186 - - [31/May/2020:08:51:37 +0800] "GET /xingrg/kc/buy/cgsh_order_operate.html?command=get_materiel&rest_code=00147&code=00101028011&supplier_code=00100017&order_time=2020-05-22 HTTP/1.1" 200 476
116.232.33.186 - - [31/May/2020:08:51:38 +0800] "GET /xingrg/all/function/internal_message.html?_=1590886288716&CODE_STATE=getMsg HTTP/1.1" 200 27
116.232.49.71 - - [31/May/2020:08:51:39 +0800] "POST /xingrg/login.do HTTP/1.1" 302 -
116.232.49.71 - - [31/May/2020:08:51:39 +0800] "GET /xingrg/index.html?sysBaseUrl=http%3A%2F%2F180.169.147.146%3A18081%2Fxingrg%2F&costTime=51×tamp=1590886299576 HTTP/1.1" 200 17173
116.232.49.71 - - [31/May/2020:08:51:39 +0800] "GET /xingrg/javascript/jquery_easy_ui/themes/default/easyui.css HTTP/1.1" 304 -
116.232.49.71 - - [31/May/2020:08:51:39 +0800] "GET /xingrg/javascript/jquery_easy_ui/themes/icon.css HTTP/1.1" 304 -
116.232.49.71 - - [31/May/2020:08:51:39 +0800] "GET /xingrg/css/form.css HTTP/1.1" 304 -
116.232.49.71 - - [31/May/2020:08:51:39 +0800] "GET /xingrg/javascript/jquery-1.4.2.min.js HTTP/1.1" 304 -
61.172.5.115 - - [31/May/2020:08:51:39 +0800] "GET /xingrg/kc/buy/cgsh_order_add.html HTTP/1.1" 200 58734
116.232.49.71 - - [31/May/2020:08:51:39 +0800] "GET /xingrg/javascript/jquery_easy_ui/jquery.easyui.min.js HTTP/1.1" 304 -
116.232.49.71 - - [31/May/2020:08:51:39 +0800] "GET /xingrg/javascript/jquery_easy_ui/easyui-lang-zh_CN.js HTTP/1.1" 304 -
116.232.49.71 - - [31/May/2020:08:51:39 +0800] "GET /xingrg/javascript/jquery.form.js HTTP/1.1" 304 -
116.232.49.71 - - [31/May/2020:08:51:39 +0800] "GET /xingrg/javascript/jquery.utils.js HTTP/1.1" 304 -
116.232.49.71 - - [31/May/2020:08:51:39 +0800] "GET /xingrg/javascript/jquery.timers.js HTTP/1.1" 304 -
61.172.5.115 - - [31/May/2020:08:51:40 +0800] "GET /xingrg/all/common/auto_word.html?type=employee&rest_code=00105 HTTP/1.1" 200 193
61.172.5.115 - - [31/May/2020:08:51:40 +0800] "GET /xingrg/all/common/auto_word.html?type=employee&rest_code=00105 HTTP/1.1" 200 193
61.172.5.115 - - [31/May/2020:08:51:40 +0800] "GET /xingrg/javascript/easyui/themes/default/validatebox.css HTTP/1.1" 404 1104
61.172.5.115 - - [31/May/2020:08:51:40 +0800] "POST /xingrg/kc/buy/cgsh_order_operate.html HTTP/1.1" 200 8245
116.232.49.71 - - [31/May/2020:08:51:40 +0800] "GET /xingrg/all/function/internal_message.html?_=1590886328218&CODE_STATE=getMsg HTTP/1.1" 200 27
116.232.49.71 - - [31/May/2020:08:51:40 +0800] "GET /favicon.ico HTTP/1.1" 404 -
222.69.136.168 - - [31/May/2020:08:51:40 +0800] "GET /xingrg/kc/buy/cgsh_order_operate.html?command=get_materiel&rest_code=00149&code=00101008079&supplier_code=00100005&order_time=2020-05-31 HTTP/1.1" 200 416
116.232.49.71 - - [31/May/2020:08:51:40 +0800] "GET /xingrg/images/blue/navBackgound.jpg HTTP/1.1" 304 -
116.232.49.71 - - [31/May/2020:08:51:40 +0800] "GET /xingrg/javascript/jquery_easy_ui/themes/icons/settle_new.png HTTP/1.1" 304 -
116.232.49.71 - - [31/May/2020:08:51:41 +0800] "POST /xingrg/all/common/load_tree.html?tree=area_rest_tree_json&manage=1 HTTP/1.1" 200 342
116.232.49.71 - - [31/May/2020:08:51:41 +0800] "GET /xingrg/images/blue/pingpu.png HTTP/1.1" 304 -
116.232.49.71 - - [31/May/2020:08:51:41 +0800] "GET /xingrg/javascript/jquery_easy_ui/themes/default/images/tabs_leftarrow.png HTTP/1.1" 304 -
116.232.49.71 - - [31/May/2020:08:51:41 +0800] "GET /xingrg/javascript/jquery_easy_ui/themes/default/images/tabs_rightarrow.png HTTP/1.1" 304 -
116.232.49.71 - - [31/May/2020:08:51:41 +0800] "GET /xingrg/javascript/jquery_easy_ui/themes/default/images/panel_tool_collapse.gif HTTP/1.1" 304 -
116.232.49.71 - - [31/May/2020:08:51:41 +0800] "GET /xingrg/check_reg.html?_=1590886321921 HTTP/1.1" 200 22
116.232.49.71 - - [31/May/2020:08:51:41 +0800] "GET /xingrg/all/function/internal_message.html?_=1590886321906&CODE_STATE=count HTTP/1.1" 200 11
116.232.49.71 - - [31/May/2020:08:51:41 +0800] "POST /xingrg/load_menu.html HTTP/1.1" 200 5138
116.232.49.71 - - [31/May/2020:08:51:41 +0800] "GET /xingrg/javascript/jquery_easy_ui/themes/default/images/tree_arrows.gif HTTP/1.1" 304 -
61.129.6.151 - - [31/May/2020:08:51:41 +0800] "GET /xingrg/login.html HTTP/1.1" 200 7641
116.232.49.71 - - [31/May/2020:08:51:41 +0800] "GET /xingrg/javascript/jquery_easy_ui/themes/default/images/tree_folder_open.gif HTTP/1.1" 304 -
116.232.49.71 - - [31/May/2020:08:51:41 +0800] "GET /xingrg/javascript/jquery_easy_ui/themes/icons/search_new.png HTTP/1.1" 304 -
116.232.49.71 - - [31/May/2020:08:51:41 +0800] "GET /xingrg/javascript/jquery_easy_ui/themes/default/images/tree_folder.gif HTTP/1.1" 304 -
116.232.49.71 - - [31/May/2020:08:51:41 +0800] "GET /xingrg/javascript/jquery_easy_ui/themes/icons/storage_new.png HTTP/1.1" 304 -
116.232.49.71 - - [31/May/2020:08:51:42 +0800] "GET /xingrg/javascript/jquery_easy_ui/themes/icons/forms_new.png HTTP/1.1" 304 -
116.232.49.71 - - [31/May/2020:08:51:42 +0800] "GET /xingrg/javascript/jquery_easy_ui/themes/default/images/tree_file.gif HTTP/1.1" 304 -
120.253.135.82 - - [31/May/2020:08:51:42 +0800] "GET /xingrg/all/function/internal_message.html?_=1590886059375&CODE_STATE=getMsg HTTP/1.1" 200 27
116.232.49.71 - - [31/May/2020:08:51:43 +0800] "GET /xingrg/javascript/jquery_easy_ui/themes/default/images/tabs_close.gif HTTP/1.1" 304 -
116.232.49.71 - - [31/May/2020:08:51:43 +0800] "GET /xingrg/kc/buy/buy_main.html HTTP/1.1" 200 12412
116.232.49.71 - - [31/May/2020:08:51:43 +0800] "GET /xingrg/css/blue.css HTTP/1.1" 304 -
116.232.49.71 - - [31/May/2020:08:51:43 +0800] "GET /xingrg/css/new_ie.css HTTP/1.1" 404 1036
116.232.49.71 - - [31/May/2020:08:51:43 +0800] "GET /xingrg/javascript/jquery_ui/themes/humanity/humanity.css HTTP/1.1" 304 -
116.232.49.71 - - [31/May/2020:08:51:43 +0800] "GET /xingrg/javascript/pic_change.js HTTP/1.1" 304 -
116.232.49.71 - - [31/May/2020:08:51:43 +0800] "GET /xingrg/javascript/ToolTips.js HTTP/1.1" 304 -
116.232.49.71 - - [31/May/2020:08:51:43 +0800] "GET /xingrg/javascript/myfunction.js HTTP/1.1" 304 -
116.232.49.71 - - [31/May/2020:08:51:43 +0800] "GET /xingrg/javascript/jquery_ui/jquery-ui.min.js HTTP/1.1" 304 -
116.232.49.71 - - [31/May/2020:08:51:43 +0800] "GET /xingrg/images/blue/button/cgxqd.gif HTTP/1.1" 304 -
116.232.49.71 - - [31/May/2020:08:51:43 +0800] "GET /xingrg/images/blue/button/cgydd.gif HTTP/1.1" 304 -
116.232.49.71 - - [31/May/2020:08:51:43 +0800] "GET /xingrg/images/blue/button/cgshd.gif HTTP/1.1" 304 -
116.232.49.71 - - [31/May/2020:08:51:43 +0800] "GET /xingrg/images/blue/button/right_ah.jpg HTTP/1.1" 304 -
116.232.49.71 - - [31/May/2020:08:51:43 +0800] "GET /xingrg/images/blue/button/cgfkd.gif HTTP/1.1" 304 -
116.232.49.71 - - [31/May/2020:08:51:43 +0800] "GET /xingrg/images/blue/button/kc.gif HTTP/1.1" 304 -
116.232.49.71 - - [31/May/2020:08:51:43 +0800] "GET /xingrg/images/blue/button/ckthd.gif HTTP/1.1" 304 -
116.232.49.71 - - [31/May/2020:08:51:43 +0800] "GET /xingrg/images/blue/pic_form2.gif HTTP/1.1" 304 -
116.232.49.71 - - [31/May/2020:08:51:43 +0800] "GET /xingrg/javascript/jquery_ui/themes/humanity/images/ui-bg_inset-soft_100_f4f0ec_1x100.png HTTP/1.1" 304 -
116.232.49.71 - - [31/May/2020:08:51:43 +0800] "GET /xingrg/images/blue/bg_dotted.jpg HTTP/1.1" 304 -
116.232.49.71 - - [31/May/2020:08:51:43 +0800] "GET /xingrg/images/blue/button/down_ah.jpg HTTP/1.1" 304 -
116.232.49.71 - - [31/May/2020:08:51:43 +0800] "GET /xingrg/javascript/jquery_ui/themes/humanity/images/ui-iconsnew.jpg HTTP/1.1" 304 -
116.232.49.71 - - [31/May/2020:08:51:43 +0800] "GET /xingrg/javascript/jquery_ui/themes/humanity/images/ui-icons_ffffff_256x240.png HTTP/1.1" 304 -
116.232.49.71 - - [31/May/2020:08:51:43 +0800] "GET /xingrg/javascript/jquery_ui/themes/humanity/images/ui-icons_c47a23_256x240.png HTTP/1.1" 304 -
116.232.49.71 - - [31/May/2020:08:51:43 +0800] "GET /xingrg/javascript/jquery_ui/themes/humanity/images/ui-bg_glass_70_ede4d4_1x400.png HTTP/1.1" 304 -
116.232.49.71 - - [31/May/2020:08:51:44 +0800] "GET /xingrg/images/yd/bt.gif HTTP/1.1" 404 1040
116.232.49.71 - - [31/May/2020:08:51:44 +0800] "GET /xingrg/css/base.css HTTP/1.1" 304 -
116.232.49.71 - - [31/May/2020:08:51:44 +0800] "GET /xingrg/css/site.css HTTP/1.1" 304 -
116.232.49.71 - - [31/May/2020:08:51:44 +0800] "GET /xingrg/kc/buy/cgsh_order_list.html HTTP/1.1" 200 42996
116.232.49.71 - - [31/May/2020:08:51:44 +0800] "GET /xingrg/javascript/jquery_tools/datebox.css HTTP/1.1" 304 -
116.232.49.71 - - [31/May/2020:08:51:44 +0800] "GET /xingrg/javascript/easyui/themes/default/easyui.css HTTP/1.1" 304 -
116.232.49.71 - - [31/May/2020:08:51:44 +0800] "GET /xingrg/javascript/easyui/themes/icon.css HTTP/1.1" 304 -
116.232.49.71 - - [31/May/2020:08:51:44 +0800] "GET /xingrg/javascript/auto/jquery.autocomplete.css HTTP/1.1" 304 -
116.232.49.71 - - [31/May/2020:08:51:44 +0800] "GET /xingrg/javascript/jquery_tools/fix.css HTTP/1.1" 304 -
116.232.49.71 - - [31/May/2020:08:51:44 +0800] "GET /xingrg/javascript/jquery_tools/jquery.tools.min.js HTTP/1.1" 304 -
116.232.49.71 - - [31/May/2020:08:51:44 +0800] "GET /xingrg/javascript/jquery_tools/table.css HTTP/1.1" 304 -
116.232.49.71 - - [31/May/2020:08:51:44 +0800] "GET /xingrg/javascript/jquery_tools/jquery.tools.extend.js HTTP/1.1" 304 -
116.232.49.71 - - [31/May/2020:08:51:44 +0800] "GET /xingrg/javascript/jquery_tools/jquery.tools.hotkey.js HTTP/1.1" 304 -
116.232.49.71 - - [31/May/2020:08:51:44 +0800] "GET /xingrg/javascript/jquery_tools/jquery.tools.table.js HTTP/1.1" 304 -
116.232.49.71 - - [31/May/2020:08:51:44 +0800] "GET /xingrg/javascript/jquery_tools/list_manager.js HTTP/1.1" 304 -
116.232.49.71 - - [31/May/2020:08:51:44 +0800] "GET /xingrg/javascript/auto/jquery.autocomplete.js HTTP/1.1" 304 -
116.232.49.71 - - [31/May/2020:08:51:44 +0800] "GET /xingrg/javascript/easyui/easyloader.js HTTP/1.1" 304 -
116.232.49.71 - - [31/May/2020:08:51:44 +0800] "GET /xingrg/javascript/jquery.cookie.js HTTP/1.1" 304 -
116.232.49.71 - - [31/May/2020:08:51:44 +0800] "GET /xingrg/javascript/print/LodopFuncs.js HTTP/1.1" 304 -
117.185.32.26 - - [31/May/2020:08:51:45 +0800] "GET /xingrg/kc/buy/cgsh_order_operate.html?command=get_materiel&rest_code=00106&code=00101008337&supplier_code=00100007&order_time=2020-05-31 HTTP/1.1" 200 408
117.184.7.26 - - [31/May/2020:08:51:45 +0800] "POST /xingrg/kc/buy/cgsh_order_operate.html HTTP/1.1" 200 2652
116.232.33.186 - - [31/May/2020:08:51:46 +0800] "GET /xingrg/kc/buy/cgsh_order_operate.html?command=get_materiel&rest_code=00147&code=00101026081&supplier_code=00100017&order_time=2020-05-22 HTTP/1.1" 200 458
116.232.49.71 - - [31/May/2020:08:51:46 +0800] "GET /xingrg/javascript/easyui/themes/icons/edit_add_new.png HTTP/1.1" 304 -
116.232.49.71 - - [31/May/2020:08:51:46 +0800] "GET /xingrg/javascript/easyui/themes/icons/cance_new.png HTTP/1.1" 304 -
116.232.49.71 - - [31/May/2020:08:51:46 +0800] "GET /xingrg/javascript/easyui/themes/icons/check_new.png HTTP/1.1" 304 -
116.232.49.71 - - [31/May/2020:08:51:46 +0800] "GET /xingrg/javascript/easyui/themes/icons/field_new.png HTTP/1.1" 304 -
116.232.49.71 - - [31/May/2020:08:51:46 +0800] "GET /xingrg/javascript/easyui/themes/icons/import_new.png HTTP/1.1" 304 -
116.232.49.71 - - [31/May/2020:08:51:47 +0800] "GET /xingrg/javascript/easyui/plugins/jquery.parser.js HTTP/1.1" 304 -
116.232.49.71 - - [31/May/2020:08:51:47 +0800] "GET /xingrg/images/control/ajaxLoader.gif HTTP/1.1" 304 -
116.232.49.71 - - [31/May/2020:08:51:47 +0800] "POST /xingrg/kc/buy/cgsh_list_operate.html HTTP/1.1" 200 876
114.84.33.255 - - [31/May/2020:08:51:48 +0800] "GET /xingrg/all/function/internal_message.html?_=1590886310763&CODE_STATE=getMsg HTTP/1.1" 200 27
116.232.49.71 - - [31/May/2020:08:51:48 +0800] "GET /xingrg/javascript/easyui/themes/default/images/button_plain_hover.png HTTP/1.1" 304 -
116.232.49.71 - - [31/May/2020:08:51:48 +0800] "GET /xingrg/javascript/easyui/themes/default/images/button_plain_hover.png HTTP/1.1" 304 -
116.232.49.71 - - [31/May/2020:08:51:49 +0800] "GET /xingrg/javascript/convert.js HTTP/1.1" 304 -
116.232.49.71 - - [31/May/2020:08:51:49 +0800] "GET /xingrg/javascript/jquery_tools/order_manager.js HTTP/1.1" 304 -
116.232.49.71 - - [31/May/2020:08:51:49 +0800] "GET /xingrg/javascript/json2.js HTTP/1.1" 304 -
116.232.49.71 - - [31/May/2020:08:51:49 +0800] "GET /xingrg/javascript/print/kc_print.js HTTP/1.1" 304 -
116.232.49.71 - - [31/May/2020:08:51:49 +0800] "GET /xingrg/kc/buy/cgsh_order_add.html HTTP/1.1" 200 58775
116.232.49.71 - - [31/May/2020:08:51:49 +0800] "GET /xingrg/words/20200530162513_words.js HTTP/1.1" 304 -
120.253.135.82 - - [31/May/2020:08:51:49 +0800] "GET /xingrg/all/function/internal_message.html?_=1590886436304&CODE_STATE=getMsg HTTP/1.1" 200 27
116.232.49.71 - - [31/May/2020:08:51:49 +0800] "GET /xingrg/javascript/easyui/themes/icons/copy_new.png HTTP/1.1" 304 -
116.232.49.71 - - [31/May/2020:08:51:49 +0800] "GET /xingrg/javascript/easyui/themes/icons/template_new.png HTTP/1.1" 304 -
116.232.49.71 - - [31/May/2020:08:51:49 +0800] "GET /xingrg/javascript/easyui/themes/icons/ok.png HTTP/1.1" 304 -
116.232.49.71 - - [31/May/2020:08:51:49 +0800] "GET /xingrg/javascript/easyui/themes/icons/print.png HTTP/1.1" 304 -
116.232.49.71 - - [31/May/2020:08:51:49 +0800] "GET /xingrg/javascript/easyui/themes/default/images/menu_downarrow.png HTTP/1.1" 304 -
116.232.49.71 - - [31/May/2020:08:51:49 +0800] "GET /xingrg/javascript/easyui/themes/icons/cancel.png HTTP/1.1" 304 -
116.232.49.71 - - [31/May/2020:08:51:49 +0800] "POST /xingrg/kc/buy/cgsh_order_operate.html HTTP/1.1" 200 8245
116.232.49.71 - - [31/May/2020:08:51:50 +0800] "GET /xingrg/javascript/easyui/themes/icons/edit_remove.png HTTP/1.1" 304 -
116.232.49.71 - - [31/May/2020:08:51:50 +0800] "GET /xingrg/all/common/auto_word.html?type=employee&rest_code=00109 HTTP/1.1" 200 255
116.232.49.71 - - [31/May/2020:08:51:50 +0800] "GET /xingrg/all/common/auto_word.html?type=employee&rest_code=00109 HTTP/1.1" 200 255
116.232.49.71 - - [31/May/2020:08:51:50 +0800] "GET /xingrg/javascript/easyui/themes/default/validatebox.css HTTP/1.1" 404 1104
116.232.49.71 - - [31/May/2020:08:51:50 +0800] "GET /xingrg/javascript/easyui/plugins/jquery.validatebox.js HTTP/1.1" 304 -
116.232.49.71 - - [31/May/2020:08:51:50 +0800] "GET /xingrg/javascript/easyui/plugins/jquery.numberbox.js HTTP/1.1" 304 -
117.185.32.26 - - [31/May/2020:08:51:52 +0800] "GET /xingrg/all/function/internal_message.html?_=1590886735279&CODE_STATE=getMsg HTTP/1.1" 200 27
116.232.33.186 - - [31/May/2020:08:51:53 +0800] "POST /xingrg/kc/buy/cgsh_order_operate.html HTTP/1.1" 200 37
116.232.33.186 - - [31/May/2020:08:51:55 +0800] "POST /xingrg/kc/buy/cgsh_order_operate.html HTTP/1.1" 200 12
116.232.33.186 - - [31/May/2020:08:51:55 +0800] "GET /xingrg/kc/buy/cgsh_order_info.html?code=212020053111455 HTTP/1.1" 200 53559
116.232.33.186 - - [31/May/2020:08:51:55 +0800] "GET /xingrg/javascript/easyui/themes/default/validatebox.css HTTP/1.1" 404 1104
116.232.33.186 - - [31/May/2020:08:51:56 +0800] "POST /xingrg/kc/buy/cgsh_order_operate.html HTTP/1.1" 200 3142
117.185.32.26 - - [31/May/2020:08:51:56 +0800] "GET /xingrg/kc/buy/cgsh_order_operate.html?command=get_materiel&rest_code=00106&code=00101008010&supplier_code=00100007&order_time=2020-05-31 HTTP/1.1" 200 412
116.232.33.186 - - [31/May/2020:08:51:56 +0800] "GET /xingrg/kc/buy/cgsh_order_add.html HTTP/1.1" 200 58658
116.232.33.186 - - [31/May/2020:08:51:57 +0800] "POST /xingrg/kc/buy/cgsh_order_operate.html HTTP/1.1" 200 8245
116.232.33.186 - - [31/May/2020:08:51:57 +0800] "GET /xingrg/javascript/easyui/themes/default/validatebox.css HTTP/1.1" 404 1104
180.162.232.172 - - [31/May/2020:08:51:58 +0800] "GET /xingrg/check_reg.html?_=1590886318996 HTTP/1.1" 200 22
180.162.232.172 - - [31/May/2020:08:51:58 +0800] "GET /xingrg/all/function/internal_message.html?_=1590886318998&CODE_STATE=getMsg HTTP/1.1" 200 27
58.40.7.146 - - [31/May/2020:08:51:59 +0800] "GET /xingrg/all/function/internal_message.html?_=1590886320584&CODE_STATE=getMsg HTTP/1.1" 200 27
114.88.170.9 - - [31/May/2020:08:52:05 +0800] "GET /xingrg/all/function/internal_message.html?_=1590886326098&CODE_STATE=getMsg HTTP/1.1" 200 27
120.253.135.82 - - [31/May/2020:08:52:05 +0800] "GET /xingrg/check_reg.html?_=1590886452142 HTTP/1.1" 200 22
61.172.5.115 - - [31/May/2020:08:52:05 +0800] "GET /xingrg/kc/buy/cgsh_order_operate.html?command=get_materiel&rest_code=00105&code=00101006133&supplier_code=00100013&order_time=2020-05-31 HTTP/1.1" 200 413
117.184.7.26 - - [31/May/2020:08:52:06 +0800] "GET /xingrg/all/function/internal_message.html?_=1590886316610&CODE_STATE=getMsg HTTP/1.1" 200 27
117.185.32.26 - - [31/May/2020:08:52:07 +0800] "GET /xingrg/kc/buy/cgsh_order_operate.html?command=get_materiel&rest_code=00106&code=00101008144&supplier_code=00100007&order_time=2020-05-31 HTTP/1.1" 200 412
114.84.151.157 - - [31/May/2020:08:52:08 +0800] "GET /xingrg/all/function/internal_message.html?_=1590886335043&CODE_STATE=getMsg HTTP/1.1" 200 27
116.232.33.186 - - [31/May/2020:08:52:08 +0800] "GET /xingrg/kc/buy/cgsh_order_operate.html?command=get_materiel&rest_code=00147&code=00101029002&supplier_code=00100017&order_time=2020-05-29 HTTP/1.1" 200 470
117.184.7.26 - - [31/May/2020:08:52:12 +0800] "GET /xingrg/kc/print/load_config.html?kc_code=cgsh HTTP/1.1" 200 1845
117.184.7.26 - - [31/May/2020:08:52:12 +0800] "GET /xingrg/kc/print/load_data.html?order_code=212020053111454&kc_code=cgsh&condition= HTTP/1.1" 200 725
116.232.49.71 - - [31/May/2020:08:52:14 +0800] "GET /xingrg/javascript/auto/indicator.gif HTTP/1.1" 404 1066
116.232.49.71 - - [31/May/2020:08:52:14 +0800] "GET /xingrg/javascript/jquery_tools/images/prev.gif HTTP/1.1" 404 1086
116.232.49.71 - - [31/May/2020:08:52:14 +0800] "GET /xingrg/javascript/jquery_tools/images/next.gif HTTP/1.1" 404 1086
116.232.33.186 - - [31/May/2020:08:52:16 +0800] "GET /xingrg/kc/buy/cgsh_order_operate.html?command=get_materiel&rest_code=00147&code=00101029022&supplier_code=00100017&order_time=2020-05-29 HTTP/1.1" 200 472
222.69.136.168 - - [31/May/2020:08:52:16 +0800] "GET /xingrg/all/function/internal_message.html?_=1590886338127&CODE_STATE=getMsg HTTP/1.1" 200 27
116.232.49.71 - - [31/May/2020:08:52:17 +0800] "GET /xingrg/kc/base/base_main.html HTTP/1.1" 200 12142
116.232.49.71 - - [31/May/2020:08:52:17 +0800] "GET /xingrg/images/blue/button/wlsy.gif HTTP/1.1" 304 -
116.232.49.71 - - [31/May/2020:08:52:17 +0800] "GET /xingrg/images/blue/button/ckpd.gif HTTP/1.1" 304 -
116.232.49.71 - - [31/May/2020:08:52:17 +0800] "GET /xingrg/images/blue/button/ckdb.gif HTTP/1.1" 304 -
116.232.49.71 - - [31/May/2020:08:52:17 +0800] "GET /xingrg/images/blue/button/yddb.gif HTTP/1.1" 304 -
116.232.49.71 - - [31/May/2020:08:52:17 +0800] "GET /xingrg/images/blue/button/top_left.jpg HTTP/1.1" 304 -
116.232.49.71 - - [31/May/2020:08:52:17 +0800] "GET /xingrg/images/blue/button/top_right.jpg HTTP/1.1" 304 -
116.232.49.71 - - [31/May/2020:08:52:18 +0800] "GET /xingrg/images/blue/button/left_ah.jpg HTTP/1.1" 304 -
116.232.49.71 - - [31/May/2020:08:52:18 +0800] "GET /xingrg/images/blue/button/down.jpg HTTP/1.1" 304 -
114.88.170.9 - - [31/May/2020:08:52:18 +0800] "GET /xingrg/all/function/internal_message.html?_=1590886335106&CODE_STATE=getMsg HTTP/1.1" 200 27
116.232.49.71 - - [31/May/2020:08:52:18 +0800] "GET /xingrg/images/blue/button/bottom_left.jpg HTTP/1.1" 304 -
116.232.49.71 - - [31/May/2020:08:52:18 +0800] "GET /xingrg/images/blue/button/bottom_right.jpg HTTP/1.1" 304 -
222.69.136.168 - - [31/May/2020:08:52:18 +0800] "GET /xingrg/kc/buy/cgsh_order_operate.html?command=get_materiel&rest_code=00149&code=00101008357&supplier_code=00100005&order_time=2020-05-31 HTTP/1.1" 200 408
116.232.49.71 - - [31/May/2020:08:52:19 +0800] "GET /xingrg/kc/base/yddb_order_list.html HTTP/1.1" 200 16861
116.232.49.71 - - [31/May/2020:08:52:19 +0800] "POST /xingrg/kc/base/yddb_list_operate.html HTTP/1.1" 200 583
172.17.0.110 - - [31/May/2020:08:52:21 +0800] "GET /xingrg/all/function/internal_message.html?_=1590886339184&CODE_STATE=getMsg HTTP/1.1" 200 27
116.232.49.71 - - [31/May/2020:08:52:22 +0800] "POST /xingrg/kc/base/yddb_list_operate.html HTTP/1.1" 200 3975
116.232.33.186 - - [31/May/2020:08:52:23 +0800] "GET /xingrg/kc/buy/cgsh_order_operate.html?command=get_materiel&rest_code=00147&code=00101028011&supplier_code=00100017&order_time=2020-05-29 HTTP/1.1" 200 476
116.232.49.71 - - [31/May/2020:08:52:23 +0800] "POST /xingrg/kc/base/yddb_list_operate.html HTTP/1.1" 200 207
222.69.136.168 - - [31/May/2020:08:52:25 +0800] "GET /xingrg/kc/buy/cgsh_order_operate.html?command=get_materiel&rest_code=00149&code=00101008286&supplier_code=00100005&order_time=2020-05-31 HTTP/1.1" 200 408
117.185.32.26 - - [31/May/2020:08:52:26 +0800] "GET /xingrg/kc/buy/cgsh_order_operate.html?command=get_materiel&rest_code=00106&code=00101008137&supplier_code=00100007&order_time=2020-05-31 HTTP/1.1" 200 408
117.131.5.26 - - [31/May/2020:08:52:26 +0800] "GET /xingrg/all/function/internal_message.html?_=1590886358375&CODE_STATE=getMsg HTTP/1.1" 200 27
114.84.33.255 - - [31/May/2020:08:52:27 +0800] "GET /xingrg/all/function/internal_message.html?_=1590886350242&CODE_STATE=getMsg HTTP/1.1" 200 27
116.232.33.186 - - [31/May/2020:08:52:30 +0800] "GET /xingrg/kc/buy/cgsh_order_operate.html?command=get_materiel&rest_code=00147&code=00101028016&supplier_code=00100017&order_time=2020-05-29 HTTP/1.1" 200 447
61.172.5.115 - - [31/May/2020:08:52:30 +0800] "GET /xingrg/all/function/internal_message.html?_=1590886352381&CODE_STATE=getMsg HTTP/1.1" 200 27
172.17.0.123 - - [31/May/2020:08:52:32 +0800] "GET /xingrg/all/function/internal_message.html?_=1590886337679&CODE_STATE=getMsg HTTP/1.1" 200 27
222.69.136.168 - - [31/May/2020:08:52:33 +0800] "GET /xingrg/kc/buy/cgsh_order_operate.html?command=get_materiel&rest_code=00149&code=00101008036&supplier_code=00100005&order_time=2020-05-31 HTTP/1.1" 200 408
58.221.95.50 - - [31/May/2020:08:52:33 +0800] "GET /xingrg/all/function/internal_message.html?_=1590886405937&CODE_STATE=getMsg HTTP/1.1" 200 27
117.185.32.26 - - [31/May/2020:08:52:34 +0800] "GET /xingrg/kc/buy/cgsh_order_operate.html?command=get_materiel&rest_code=00106&code=00101008360&supplier_code=00100007&order_time=2020-05-31 HTTP/1.1" 200 412
116.232.49.71 - - [31/May/2020:08:52:36 +0800] "GET /xingrg/all/function/internal_message.html?_=1590886388218&CODE_STATE=getMsg HTTP/1.1" 200 27
116.232.33.186 - - [31/May/2020:08:52:38 +0800] "GET /xingrg/all/function/internal_message.html?_=1590886348701&CODE_STATE=getMsg HTTP/1.1" 200 27
116.232.33.186 - - [31/May/2020:08:52:39 +0800] "GET /xingrg/kc/buy/cgsh_order_operate.html?command=get_materiel&rest_code=00147&code=00101029003&supplier_code=00100017&order_time=2020-05-29 HTTP/1.1" 200 475
116.232.49.71 - - [31/May/2020:08:52:40 +0800] "GET /xingrg/all/function/internal_message.html?_=1590886381921&CODE_STATE=getMsg HTTP/1.1" 200 27
120.253.135.82 - - [31/May/2020:08:52:42 +0800] "GET /xingrg/all/function/internal_message.html?_=1590886119464&CODE_STATE=getMsg HTTP/1.1" 200 27
117.184.7.26 - - [31/May/2020:08:52:42 +0800] "GET /xingrg/kc/buy/cgsh_order_add.html HTTP/1.1" 200 58699
117.184.7.26 - - [31/May/2020:08:52:42 +0800] "POST /xingrg/kc/buy/cgsh_order_operate.html HTTP/1.1" 200 8245
117.184.7.30 - - [31/May/2020:08:52:43 +0800] "GET /xingrg/javascript/easyui/themes/default/validatebox.css HTTP/1.1" 404 1104
116.232.33.186 - - [31/May/2020:08:52:46 +0800] "GET /xingrg/kc/buy/cgsh_order_operate.html?command=get_materiel&rest_code=00147&code=00101029025&supplier_code=00100017&order_time=2020-05-29 HTTP/1.1" 200 462
222.69.136.168 - - [31/May/2020:08:52:46 +0800] "POST /xingrg/kc/buy/cgsh_order_operate.html HTTP/1.1" 200 2065
114.84.33.255 - - [31/May/2020:08:52:48 +0800] "GET /xingrg/all/function/internal_message.html?_=1590886370824&CODE_STATE=getMsg HTTP/1.1" 200 27
120.253.135.82 - - [31/May/2020:08:52:49 +0800] "GET /xingrg/all/function/internal_message.html?_=1590886496331&CODE_STATE=getMsg HTTP/1.1" 200 27
222.69.136.168 - - [31/May/2020:08:52:51 +0800] "GET /xingrg/kc/buy/cgsh_order_operate.html?command=get_materiel&rest_code=00149&code=00101008092&supplier_code=00100005&order_time=2020-05-31 HTTP/1.1" 200 412
117.185.32.26 - - [31/May/2020:08:52:52 +0800] "GET /xingrg/kc/buy/cgsh_order_operate.html?command=get_materiel&rest_code=00106&code=00101008357&supplier_code=00100007&order_time=2020-05-31 HTTP/1.1" 200 408
117.185.32.26 - - [31/May/2020:08:52:52 +0800] "GET /xingrg/all/function/internal_message.html?_=1590886795291&CODE_STATE=getMsg HTTP/1.1" 200 27
116.232.33.186 - - [31/May/2020:08:52:53 +0800] "GET /xingrg/kc/buy/cgsh_order_operate.html?command=get_materiel&rest_code=00147&code=00101029033&supplier_code=00100017&order_time=2020-05-29 HTTP/1.1" 200 456
180.162.232.172 - - [31/May/2020:08:52:58 +0800] "GET /xingrg/all/function/internal_message.html?_=1590886378997&CODE_STATE=getMsg HTTP/1.1" 200 27
58.40.7.146 - - [31/May/2020:08:52:59 +0800] "GET /xingrg/all/function/internal_message.html?_=1590886380573&CODE_STATE=getMsg HTTP/1.1" 200 27
117.184.7.26 - - [31/May/2020:08:53:01 +0800] "GET /favicon.ico HTTP/1.1" 404 -
114.88.170.9 - - [31/May/2020:08:53:05 +0800] "GET /xingrg/all/function/internal_message.html?_=1590886386121&CODE_STATE=getMsg HTTP/1.1" 200 27
117.184.7.26 - - [31/May/2020:08:53:06 +0800] "GET /xingrg/all/function/internal_message.html?_=1590886376624&CODE_STATE=getMsg HTTP/1.1" 200 27
114.84.151.157 - - [31/May/2020:08:53:08 +0800] "GET /xingrg/all/function/internal_message.html?_=1590886395030&CODE_STATE=getMsg HTTP/1.1" 200 27
117.185.32.26 - - [31/May/2020:08:53:11 +0800] "GET /xingrg/kc/buy/cgsh_order_operate.html?command=get_materiel&rest_code=00106&code=00101008069&supplier_code=00100007&order_time=2020-05-31 HTTP/1.1" 200 412
116.232.33.186 - - [31/May/2020:08:53:12 +0800] "GET /xingrg/kc/buy/cgsh_order_operate.html?command=get_materiel&rest_code=00147&code=00101029018&supplier_code=00100017&order_time=2020-05-29 HTTP/1.1" 200 447
180.175.212.199 - - [31/May/2020:08:53:14 +0800] "GET /xingrg/login.html HTTP/1.1" 200 7641
180.175.212.199 - - [31/May/2020:08:53:15 +0800] "GET /xingrg/images/blue/jxLogo.png HTTP/1.1" 304 -
180.175.212.199 - - [31/May/2020:08:53:15 +0800] "GET /xingrg/images/blue/hj.png HTTP/1.1" 304 -
180.175.212.199 - - [31/May/2020:08:53:15 +0800] "GET /xingrg/images/blue/login_bg.png HTTP/1.1" 304 -
180.175.212.199 - - [31/May/2020:08:53:15 +0800] "GET /xingrg/images/blue/srbg.png HTTP/1.1" 304 -
180.175.212.199 - - [31/May/2020:08:53:15 +0800] "GET /favicon.ico HTTP/1.1" 404 -
116.232.33.186 - - [31/May/2020:08:53:15 +0800] "GET /xingrg/check_reg.html?_=1590886386016 HTTP/1.1" 200 22
222.69.136.168 - - [31/May/2020:08:53:16 +0800] "GET /xingrg/all/function/internal_message.html?_=1590886398135&CODE_STATE=getMsg HTTP/1.1" 200 27
114.88.170.9 - - [31/May/2020:08:53:18 +0800] "GET /xingrg/all/function/internal_message.html?_=1590886395106&CODE_STATE=getMsg HTTP/1.1" 200 27
117.184.7.26 - - [31/May/2020:08:53:20 +0800] "GET /xingrg/login.html HTTP/1.1" 200 7641
180.175.212.199 - - [31/May/2020:08:53:20 +0800] "POST /xingrg/login.do HTTP/1.1" 302 -
117.184.7.26 - - [31/May/2020:08:53:21 +0800] "GET /favicon.ico HTTP/1.1" 404 -
180.175.212.199 - - [31/May/2020:08:53:21 +0800] "GET /xingrg/javascript/jquery_easy_ui/themes/default/easyui.css HTTP/1.1" 304 -
180.175.212.199 - - [31/May/2020:08:53:21 +0800] "GET /xingrg/javascript/jquery_easy_ui/themes/icon.css HTTP/1.1" 304 -
180.175.212.199 - - [31/May/2020:08:53:21 +0800] "GET /xingrg/index.html?sysBaseUrl=http%3A%2F%2F180.169.147.146%3A18081%2Fxingrg%2F&costTime=38×tamp=1590886400547 HTTP/1.1" 200 17173
180.175.212.199 - - [31/May/2020:08:53:21 +0800] "GET /xingrg/javascript/jquery-1.4.2.min.js HTTP/1.1" 304 -
180.175.212.199 - - [31/May/2020:08:53:21 +0800] "GET /xingrg/javascript/jquery_easy_ui/jquery.easyui.min.js HTTP/1.1" 304 -
180.175.212.199 - - [31/May/2020:08:53:21 +0800] "GET /xingrg/css/form.css HTTP/1.1" 304 -
180.175.212.199 - - [31/May/2020:08:53:21 +0800] "GET /xingrg/javascript/jquery.utils.js HTTP/1.1" 304 -
180.175.212.199 - - [31/May/2020:08:53:21 +0800] "GET /xingrg/javascript/jquery_easy_ui/easyui-lang-zh_CN.js HTTP/1.1" 304 -
180.175.212.199 - - [31/May/2020:08:53:21 +0800] "GET /xingrg/javascript/jquery.form.js HTTP/1.1" 304 -
180.175.212.199 - - [31/May/2020:08:53:21 +0800] "GET /xingrg/javascript/jquery.timers.js HTTP/1.1" 304 -
172.17.0.110 - - [31/May/2020:08:53:21 +0800] "GET /xingrg/all/function/internal_message.html?_=1590886399183&CODE_STATE=getMsg HTTP/1.1" 200 27
180.175.212.199 - - [31/May/2020:08:53:21 +0800] "GET /xingrg/images/blue/navBackgound.jpg HTTP/1.1" 304 -
180.175.212.199 - - [31/May/2020:08:53:21 +0800] "GET /xingrg/javascript/jquery_easy_ui/themes/icons/settle_new.png HTTP/1.1" 304 -
180.175.212.199 - - [31/May/2020:08:53:21 +0800] "GET /favicon.ico HTTP/1.1" 404 -
180.175.212.199 - - [31/May/2020:08:53:21 +0800] "POST /xingrg/all/common/load_tree.html?tree=area_rest_tree_json&manage=1 HTTP/1.1" 200 342
180.175.212.199 - - [31/May/2020:08:53:22 +0800] "GET /xingrg/images/blue/pingpu.png HTTP/1.1" 304 -
180.175.212.199 - - [31/May/2020:08:53:22 +0800] "GET /xingrg/javascript/jquery_easy_ui/themes/default/images/tabs_rightarrow.png HTTP/1.1" 304 -
180.175.212.199 - - [31/May/2020:08:53:22 +0800] "GET /xingrg/javascript/jquery_easy_ui/themes/default/images/tabs_leftarrow.png HTTP/1.1" 304 -
180.175.212.199 - - [31/May/2020:08:53:22 +0800] "GET /xingrg/javascript/jquery_easy_ui/themes/default/images/panel_tool_collapse.gif HTTP/1.1" 304 -
180.175.212.199 - - [31/May/2020:08:53:22 +0800] "GET /xingrg/all/function/internal_message.html?_=1590886606087&CODE_STATE=count HTTP/1.1" 200 11
180.175.212.199 - - [31/May/2020:08:53:22 +0800] "POST /xingrg/load_menu.html HTTP/1.1" 200 5138
180.175.212.199 - - [31/May/2020:08:53:22 +0800] "GET /xingrg/javascript/jquery_easy_ui/themes/default/images/tree_arrows.gif HTTP/1.1" 304 -
180.175.212.199 - - [31/May/2020:08:53:22 +0800] "GET /xingrg/check_reg.html?_=1590886606089 HTTP/1.1" 200 22
116.232.33.186 - - [31/May/2020:08:53:22 +0800] "GET /xingrg/kc/buy/cgsh_order_operate.html?command=get_materiel&rest_code=00147&code=00101027001&supplier_code=00100017&order_time=2020-05-29 HTTP/1.1" 200 470
180.175.212.199 - - [31/May/2020:08:53:22 +0800] "GET /xingrg/javascript/jquery_easy_ui/themes/default/images/tree_folder.gif HTTP/1.1" 304 -
180.175.212.199 - - [31/May/2020:08:53:22 +0800] "GET /xingrg/javascript/jquery_easy_ui/themes/default/images/tree_folder_open.gif HTTP/1.1" 304 -
180.175.212.199 - - [31/May/2020:08:53:22 +0800] "GET /xingrg/javascript/jquery_easy_ui/themes/icons/search_new.png HTTP/1.1" 304 -
180.175.212.199 - - [31/May/2020:08:53:22 +0800] "GET /xingrg/javascript/jquery_easy_ui/themes/icons/forms_new.png HTTP/1.1" 304 -
180.175.212.199 - - [31/May/2020:08:53:22 +0800] "GET /xingrg/javascript/jquery_easy_ui/themes/icons/storage_new.png HTTP/1.1" 304 -
180.175.212.199 - - [31/May/2020:08:53:22 +0800] "GET /xingrg/javascript/jquery_easy_ui/themes/default/images/tree_file.gif HTTP/1.1" 304 -
117.184.7.26 - - [31/May/2020:08:53:23 +0800] "GET /xingrg/kc/buy/cgsh_order_operate.html?command=get_materiel&rest_code=00108&code=00101001010&supplier_code=00100044&order_time=2020-05-31 HTTP/1.1" 200 408
117.185.32.26 - - [31/May/2020:08:53:25 +0800] "GET /xingrg/kc/buy/cgsh_order_operate.html?command=get_materiel&rest_code=00106&code=00101008286&supplier_code=00100007&order_time=2020-05-31 HTTP/1.1" 200 408
222.69.136.168 - - [31/May/2020:08:53:25 +0800] "GET /xingrg/kc/buy/cgsh_order_operate.html?command=get_materiel&rest_code=00149&code=00101008353&supplier_code=00100005&order_time=2020-05-31 HTTP/1.1" 200 408
