222.69.136.168 - - [31/May/2020:09:11:16 +0800] "GET /xingrg/all/function/internal_message.html?_=1590887478168&CODE_STATE=getMsg HTTP/1.1" 200 27
61.172.5.115 - - [31/May/2020:09:11:17 +0800] "GET /xingrg/kc/buy/cgsh_order_operate.html?command=get_materiel&rest_code=00105&code=00101008005&supplier_code=00100203&order_time=2020-05-31 HTTP/1.1" 200 412
114.88.170.9 - - [31/May/2020:09:11:18 +0800] "GET /xingrg/kc/buy/cgsh_order_operate.html?command=get_materiel&rest_code=00111&code=00101008355&supplier_code=00100005&order_time=2020-05-31 HTTP/1.1" 200 408
172.17.0.110 - - [31/May/2020:09:11:21 +0800] "GET /xingrg/all/function/internal_message.html?_=1590887479257&CODE_STATE=getMsg HTTP/1.1" 200 27
172.17.0.110 - - [31/May/2020:09:11:21 +0800] "GET /xingrg/check_reg.html?_=1590887479259 HTTP/1.1" 200 22
180.175.212.199 - - [31/May/2020:09:11:22 +0800] "GET /xingrg/all/function/internal_message.html?_=1590887686359&CODE_STATE=getMsg HTTP/1.1" 200 27
117.131.5.26 - - [31/May/2020:09:11:24 +0800] "GET /xingrg/check_reg.html?_=1590887496750 HTTP/1.1" 200 22
114.88.170.9 - - [31/May/2020:09:11:24 +0800] "GET /xingrg/kc/buy/cgsh_order_operate.html?command=get_materiel&rest_code=00111&code=00101008091&supplier_code=00100005&order_time=2020-05-31 HTTP/1.1" 200 412
117.131.5.26 - - [31/May/2020:09:11:25 +0800] "GET /xingrg/kc/base/check_order_list.html HTTP/1.1" 200 16380
117.131.5.26 - - [31/May/2020:09:11:25 +0800] "POST /xingrg/kc/base/check_list_operate.html HTTP/1.1" 200 781
117.131.5.26 - - [31/May/2020:09:11:26 +0800] "GET /xingrg/all/function/internal_message.html?_=1590887498500&CODE_STATE=getMsg HTTP/1.1" 200 27
117.131.5.26 - - [31/May/2020:09:11:26 +0800] "GET /xingrg/kc/base/check_order_add.html HTTP/1.1" 200 26396
117.131.5.26 - - [31/May/2020:09:11:26 +0800] "GET /xingrg/dwr/util.js HTTP/1.1" 304 -
117.131.5.26 - - [31/May/2020:09:11:26 +0800] "GET /xingrg/dwr/interface/AjaxCheckService.js HTTP/1.1" 200 14003
117.131.5.26 - - [31/May/2020:09:11:26 +0800] "GET /xingrg/dwr/interface/AjaxComOrderService.js HTTP/1.1" 200 18264
117.131.5.26 - - [31/May/2020:09:11:27 +0800] "GET /xingrg/dwr/engine.js HTTP/1.1" 200 43631
114.84.33.255 - - [31/May/2020:09:11:27 +0800] "GET /xingrg/all/function/internal_message.html?_=1590887490554&CODE_STATE=getMsg HTTP/1.1" 200 27
61.172.5.115 - - [31/May/2020:09:11:28 +0800] "GET /xingrg/kc/buy/cgsh_order_operate.html?command=get_materiel&rest_code=00105&code=00101008197&supplier_code=00100203&order_time=2020-05-31 HTTP/1.1" 200 416
61.172.5.115 - - [31/May/2020:09:11:30 +0800] "GET /xingrg/all/function/internal_message.html?_=1590887492405&CODE_STATE=getMsg HTTP/1.1" 200 27
180.175.212.199 - - [31/May/2020:09:11:32 +0800] "GET /xingrg/kc/buy/cgsh_order_operate.html?command=get_materiel&rest_code=00102&code=00101001053&supplier_code=00100151&order_time=2020-05-31 HTTP/1.1" 200 409
172.17.0.123 - - [31/May/2020:09:11:32 +0800] "GET /xingrg/all/function/internal_message.html?_=1590887477686&CODE_STATE=getMsg HTTP/1.1" 200 27
114.88.170.9 - - [31/May/2020:09:11:32 +0800] "GET /xingrg/kc/buy/cgsh_order_operate.html?command=get_materiel&rest_code=00111&code=00101008234&supplier_code=00100005&order_time=2020-05-31 HTTP/1.1" 200 408
58.221.95.50 - - [31/May/2020:09:11:33 +0800] "GET /xingrg/all/function/internal_message.html?_=1590887545515&CODE_STATE=getMsg HTTP/1.1" 200 27
117.131.5.26 - - [31/May/2020:09:11:33 +0800] "POST /xingrg/dwr/call/plaincall/AjaxCheckService.saveOrder.dwr HTTP/1.1" 200 78
117.131.5.26 - - [31/May/2020:09:11:34 +0800] "POST /xingrg/dwr/call/plaincall/AjaxCheckService.loadOrderItems.dwr HTTP/1.1" 200 367
117.131.5.26 - - [31/May/2020:09:11:35 +0800] "GET /xingrg/javascript/jquery_easy_ui/themes/icons/pencil.png HTTP/1.1" 200 713
61.172.5.115 - - [31/May/2020:09:11:37 +0800] "GET /xingrg/kc/buy/cgsh_order_operate.html?command=get_materiel&rest_code=00105&code=00101009063&supplier_code=00100203&order_time=2020-05-31 HTTP/1.1" 200 409
117.131.5.26 - - [31/May/2020:09:11:38 +0800] "POST /xingrg/kc/report/common_data.html?type=materiel_category_tree HTTP/1.1" 200 3570
117.131.5.26 - - [31/May/2020:09:11:38 +0800] "GET /xingrg/javascript/jquery_easy_ui/themes/default/images/tree_checkbox_0.gif HTTP/1.1" 200 168
116.232.33.186 - - [31/May/2020:09:11:38 +0800] "GET /xingrg/all/function/internal_message.html?_=1590887488457&CODE_STATE=getMsg HTTP/1.1" 200 27
117.131.5.26 - - [31/May/2020:09:11:38 +0800] "GET /xingrg/all/function/internal_message.html?_=1590887863783&CODE_STATE=getMsg HTTP/1.1" 200 27
114.88.170.9 - - [31/May/2020:09:11:38 +0800] "GET /xingrg/kc/buy/cgsh_order_operate.html?command=get_materiel&rest_code=00111&code=00101008155&supplier_code=00100005&order_time=2020-05-31 HTTP/1.1" 200 408
61.172.5.115 - - [31/May/2020:09:11:39 +0800] "POST /xingrg/kc/buy/cgsh_order_operate.html HTTP/1.1" 200 2065
117.131.5.26 - - [31/May/2020:09:11:40 +0800] "GET /xingrg/javascript/jquery_easy_ui/themes/default/images/tree_checkbox_2.gif HTTP/1.1" 200 181
117.131.5.26 - - [31/May/2020:09:11:40 +0800] "GET /xingrg/javascript/jquery_easy_ui/themes/default/images/tree_checkbox_1.gif HTTP/1.1" 200 174
61.172.5.115 - - [31/May/2020:09:11:41 +0800] "POST /xingrg/kc/buy/cgsh_order_operate.html HTTP/1.1" 200 2065
61.172.5.115 - - [31/May/2020:09:11:42 +0800] "POST /xingrg/kc/buy/cgsh_order_operate.html HTTP/1.1" 200 2065
117.131.5.26 - - [31/May/2020:09:11:42 +0800] "POST /xingrg/dwr/call/plaincall/AjaxCheckService.importOrderItems.dwr HTTP/1.1" 200 78
117.131.5.26 - - [31/May/2020:09:11:44 +0800] "POST /xingrg/dwr/call/plaincall/AjaxCheckService.loadOrderItems.dwr HTTP/1.1" 200 64099
117.131.5.26 - - [31/May/2020:09:11:44 +0800] "GET /xingrg/javascript/jquery_easy_ui/themes/icons/no.png HTTP/1.1" 200 922
114.88.170.9 - - [31/May/2020:09:11:44 +0800] "GET /xingrg/kc/buy/cgsh_order_operate.html?command=get_materiel&rest_code=00111&code=00101008349&supplier_code=00100005&order_time=2020-05-31 HTTP/1.1" 200 412
117.131.5.26 - - [31/May/2020:09:11:47 +0800] "GET /xingrg/kc/print/load_config.html?_=1590887872604&kc_code=check HTTP/1.1" 200 2411
117.131.5.26 - - [31/May/2020:09:11:47 +0800] "GET /xingrg/kc/print/load_data.html?_=1590887872623&order_code=452020053100400&kc_code=check&condition= HTTP/1.1" 200 18018
114.84.33.255 - - [31/May/2020:09:11:48 +0800] "GET /xingrg/all/function/internal_message.html?_=1590887511223&CODE_STATE=getMsg HTTP/1.1" 200 27
120.253.135.82 - - [31/May/2020:09:11:49 +0800] "GET /xingrg/all/function/internal_message.html?_=1590887636594&CODE_STATE=getMsg HTTP/1.1" 200 27
114.88.170.9 - - [31/May/2020:09:11:50 +0800] "GET /xingrg/kc/buy/cgsh_order_operate.html?command=get_materiel&rest_code=00111&code=00101008003&supplier_code=00100005&order_time=2020-05-31 HTTP/1.1" 200 409
61.172.5.115 - - [31/May/2020:09:11:50 +0800] "GET /xingrg/kc/buy/cgsh_order_operate.html?command=get_materiel&rest_code=00105&code=00101008304&supplier_code=00100203&order_time=2020-05-31 HTTP/1.1" 200 412
180.175.212.199 - - [31/May/2020:09:11:51 +0800] "GET /xingrg/kc/buy/cgsh_order_operate.html?command=get_materiel&rest_code=00102&code=00101002048&supplier_code=00100151&order_time=2020-05-31 HTTP/1.1" 200 399
117.185.32.26 - - [31/May/2020:09:11:53 +0800] "GET /xingrg/all/function/internal_message.html?_=1590887935772&CODE_STATE=getMsg HTTP/1.1" 200 27
114.88.170.9 - - [31/May/2020:09:11:57 +0800] "GET /xingrg/kc/buy/cgsh_order_operate.html?command=get_materiel&rest_code=00111&code=00101008126&supplier_code=00100005&order_time=2020-05-31 HTTP/1.1" 200 412
180.162.232.172 - - [31/May/2020:09:11:58 +0800] "GET /xingrg/all/function/internal_message.html?_=1590887519016&CODE_STATE=getMsg HTTP/1.1" 200 27
180.162.232.172 - - [31/May/2020:09:11:58 +0800] "GET /xingrg/check_reg.html?_=1590887519020 HTTP/1.1" 200 22
58.40.7.146 - - [31/May/2020:09:11:59 +0800] "GET /xingrg/all/function/internal_message.html?_=1590887520605&CODE_STATE=getMsg HTTP/1.1" 200 27
222.69.136.168 - - [31/May/2020:09:12:02 +0800] "POST /xingrg/kc/buy/cgsh_list_operate.html HTTP/1.1" 200 2018
61.172.5.115 - - [31/May/2020:09:12:02 +0800] "GET /xingrg/kc/buy/cgsh_order_operate.html?command=get_materiel&rest_code=00105&code=00101008210&supplier_code=00100203&order_time=2020-05-31 HTTP/1.1" 200 408
120.253.135.82 - - [31/May/2020:09:12:05 +0800] "GET /xingrg/check_reg.html?_=1590887652183 HTTP/1.1" 200 22
114.88.170.9 - - [31/May/2020:09:12:05 +0800] "GET /xingrg/all/function/internal_message.html?_=1590887526434&CODE_STATE=getMsg HTTP/1.1" 200 27
180.175.212.199 - - [31/May/2020:09:12:05 +0800] "GET /xingrg/kc/buy/cgsh_order_operate.html?command=get_materiel&rest_code=00102&code=00101002047&supplier_code=00100151&order_time=2020-05-31 HTTP/1.1" 200 405
117.184.7.26 - - [31/May/2020:09:12:07 +0800] "GET /xingrg/all/function/internal_message.html?_=1590887529012&CODE_STATE=getMsg HTTP/1.1" 200 27
114.88.170.9 - - [31/May/2020:09:12:07 +0800] "GET /xingrg/all/function/internal_message.html?_=1590887524610&CODE_STATE=getMsg HTTP/1.1" 200 27
116.232.49.71 - - [31/May/2020:09:12:08 +0800] "GET /xingrg/all/function/internal_message.html?_=1590887648218&CODE_STATE=getMsg HTTP/1.1" 200 27
116.232.49.71 - - [31/May/2020:09:12:09 +0800] "GET /xingrg/all/function/internal_message.html?_=1590887563078&CODE_STATE=getMsg HTTP/1.1" 200 27
222.69.136.168 - - [31/May/2020:09:12:10 +0800] "GET /xingrg/kc/base/wldb_order_list.html HTTP/1.1" 200 19261
222.69.136.168 - - [31/May/2020:09:12:11 +0800] "POST /xingrg/kc/base/wldb_list_operate.html HTTP/1.1" 200 928
222.69.136.168 - - [31/May/2020:09:12:12 +0800] "GET /xingrg/kc/base/wldb_order_add.html HTTP/1.1" 200 30322
222.69.136.168 - - [31/May/2020:09:12:13 +0800] "POST /xingrg/kc/base/wldb_order_operate.html HTTP/1.1" 200 6806
222.69.136.168 - - [31/May/2020:09:12:13 +0800] "GET /xingrg/javascript/easyui/themes/default/validatebox.css HTTP/1.1" 404 1104
114.88.170.9 - - [31/May/2020:09:12:14 +0800] "GET /xingrg/kc/buy/cgsh_order_operate.html?command=get_materiel&rest_code=00111&code=00101008196&supplier_code=00100005&order_time=2020-05-31 HTTP/1.1" 200 416
61.172.5.115 - - [31/May/2020:09:12:15 +0800] "GET /xingrg/kc/buy/cgsh_order_operate.html?command=get_materiel&rest_code=00105&code=00101008132&supplier_code=00100203&order_time=2020-05-31 HTTP/1.1" 200 408
222.69.136.168 - - [31/May/2020:09:12:16 +0800] "GET /xingrg/all/function/internal_message.html?_=1590887538166&CODE_STATE=getMsg HTTP/1.1" 200 27
61.172.5.115 - - [31/May/2020:09:12:17 +0800] "GET /xingrg/system/info/materiel_import.html?isSelect=1&singleSelect=false HTTP/1.1" 200 5600
61.172.5.115 - - [31/May/2020:09:12:17 +0800] "GET /favicon.ico HTTP/1.1" 404 -
61.172.5.115 - - [31/May/2020:09:12:17 +0800] "POST /xingrg/all/common/load_tree.html?tree=materiel_sort_tree_json HTTP/1.1" 200 8666
116.230.77.149 - - [31/May/2020:09:12:19 +0800] "GET /xingrg/check_reg.html?_=1590887541974 HTTP/1.1" 200 22
114.88.170.9 - - [31/May/2020:09:12:20 +0800] "GET /xingrg/kc/buy/cgsh_order_operate.html?command=get_materiel&rest_code=00111&code=00101008357&supplier_code=00100005&order_time=2020-05-31 HTTP/1.1" 200 408
172.17.0.110 - - [31/May/2020:09:12:21 +0800] "GET /xingrg/all/function/internal_message.html?_=1590887539258&CODE_STATE=getMsg HTTP/1.1" 200 27
180.175.212.199 - - [31/May/2020:09:12:22 +0800] "GET /xingrg/all/function/internal_message.html?_=1590887746373&CODE_STATE=getMsg HTTP/1.1" 200 27
42.236.10.78 - - [31/May/2020:09:12:23 +0800] "GET /xingrg/system/info/materiel_import.html HTTP/1.1" 302 -
42.236.10.75 - - [31/May/2020:09:12:23 +0800] "GET /xingrg/system/info/materiel_import.html HTTP/1.1" 302 -
42.236.10.75 - - [31/May/2020:09:12:23 +0800] "GET /xingrg/login.html HTTP/1.1" 200 2139
42.236.10.75 - - [31/May/2020:09:12:24 +0800] "GET /xingrg/javascript/mobile/jquery.mobile-1.3.2.min.css HTTP/1.1" 200 94670
42.236.10.93 - - [31/May/2020:09:12:24 +0800] "GET /xingrg/javascript/mobile/jquery-1.8.3.min.js HTTP/1.1" 200 93637
42.236.10.84 - - [31/May/2020:09:12:24 +0800] "GET /xingrg/javascript/mobile/jquery.mobile-1.3.2.min.js HTTP/1.1" 200 145396
42.236.10.84 - - [31/May/2020:09:12:24 +0800] "GET /xingrg/javascript/mobile/images/ajax-loader.gif HTTP/1.1" 200 7825
114.88.170.9 - - [31/May/2020:09:12:24 +0800] "GET /xingrg/kc/buy/cgsh_order_operate.html?command=get_materiel&rest_code=00111&code=00101008006&supplier_code=00100005&order_time=2020-05-31 HTTP/1.1" 200 416
117.131.5.26 - - [31/May/2020:09:12:26 +0800] "GET /xingrg/all/function/internal_message.html?_=1590887558500&CODE_STATE=getMsg HTTP/1.1" 200 27
114.84.33.255 - - [31/May/2020:09:12:27 +0800] "GET /xingrg/all/function/internal_message.html?_=1590887550561&CODE_STATE=getMsg HTTP/1.1" 200 27
222.69.136.168 - - [31/May/2020:09:12:28 +0800] "GET /xingrg/kc/base/wldb_order_operate.html?command=get_materiel&rest_code=00149&base_code=0010437&code=00101020225 HTTP/1.1" 200 425
114.88.170.9 - - [31/May/2020:09:12:30 +0800] "GET /xingrg/kc/buy/cgsh_order_operate.html?command=get_materiel&rest_code=00111&code=00101008295&supplier_code=00100005&order_time=2020-05-31 HTTP/1.1" 200 412
61.172.5.115 - - [31/May/2020:09:12:30 +0800] "GET /xingrg/all/function/internal_message.html?_=1590887552403&CODE_STATE=getMsg HTTP/1.1" 200 27
172.17.0.123 - - [31/May/2020:09:12:32 +0800] "GET /xingrg/all/function/internal_message.html?_=1590887537671&CODE_STATE=getMsg HTTP/1.1" 200 27
114.88.170.9 - - [31/May/2020:09:12:32 +0800] "POST /xingrg/kc/buy/cgsh_order_operate.html HTTP/1.1" 200 2065
58.221.95.50 - - [31/May/2020:09:12:33 +0800] "GET /xingrg/all/function/internal_message.html?_=1590887605476&CODE_STATE=getMsg HTTP/1.1" 200 27
61.172.5.115 - - [31/May/2020:09:12:34 +0800] "GET /xingrg/kc/buy/cgsh_order_operate.html?command=get_materiel&rest_code=00105&code=00101008354&supplier_code=00100203&order_time=2020-05-31 HTTP/1.1" 200 412
222.69.136.168 - - [31/May/2020:09:12:35 +0800] "GET /xingrg/kc/base/wldb_order_operate.html?command=get_materiel&rest_code=00149&base_code=0010437&code=00101012010 HTTP/1.1" 200 431
114.88.170.9 - - [31/May/2020:09:12:35 +0800] "GET /xingrg/kc/buy/cgsh_order_operate.html?command=get_materiel&rest_code=00111&code=00101008213&supplier_code=00100005&order_time=2020-05-31 HTTP/1.1" 200 412
116.232.33.186 - - [31/May/2020:09:12:38 +0800] "GET /xingrg/all/function/internal_message.html?_=1590887548430&CODE_STATE=getMsg HTTP/1.1" 200 27
117.131.5.26 - - [31/May/2020:09:12:38 +0800] "GET /xingrg/all/function/internal_message.html?_=1590887923781&CODE_STATE=getMsg HTTP/1.1" 200 27
114.88.170.9 - - [31/May/2020:09:12:41 +0800] "GET /xingrg/kc/buy/cgsh_order_operate.html?command=get_materiel&rest_code=00111&code=00101008010&supplier_code=00100005&order_time=2020-05-31 HTTP/1.1" 200 412
61.172.5.115 - - [31/May/2020:09:12:45 +0800] "GET /xingrg/kc/buy/cgsh_order_operate.html?command=get_materiel&rest_code=00105&code=00101008096&supplier_code=00100203&order_time=2020-05-31 HTTP/1.1" 200 413
114.88.170.9 - - [31/May/2020:09:12:47 +0800] "GET /xingrg/kc/buy/cgsh_order_operate.html?command=get_materiel&rest_code=00111&code=00101008306&supplier_code=00100005&order_time=2020-05-31 HTTP/1.1" 200 412
114.84.33.255 - - [31/May/2020:09:12:48 +0800] "GET /xingrg/all/function/internal_message.html?_=1590887571236&CODE_STATE=getMsg HTTP/1.1" 200 27
180.175.212.199 - - [31/May/2020:09:12:49 +0800] "POST /xingrg/kc/buy/cgsh_order_operate.html HTTP/1.1" 200 37
120.253.135.82 - - [31/May/2020:09:12:49 +0800] "GET /xingrg/all/function/internal_message.html?_=1590887696610&CODE_STATE=getMsg HTTP/1.1" 200 27
180.175.212.199 - - [31/May/2020:09:12:50 +0800] "POST /xingrg/kc/buy/cgsh_order_operate.html HTTP/1.1" 200 9202
117.185.32.26 - - [31/May/2020:09:12:53 +0800] "GET /xingrg/all/function/internal_message.html?_=1590887995757&CODE_STATE=getMsg HTTP/1.1" 200 27
61.172.5.115 - - [31/May/2020:09:12:55 +0800] "GET /xingrg/kc/buy/cgsh_order_operate.html?command=get_materiel&rest_code=00105&code=00101008088&supplier_code=00100203&order_time=2020-05-31 HTTP/1.1" 200 408
180.162.232.172 - - [31/May/2020:09:12:58 +0800] "GET /xingrg/all/function/internal_message.html?_=1590887579019&CODE_STATE=getMsg HTTP/1.1" 200 27
58.40.7.146 - - [31/May/2020:09:12:59 +0800] "GET /xingrg/all/function/internal_message.html?_=1590887580609&CODE_STATE=getMsg HTTP/1.1" 200 27
116.230.77.149 - - [31/May/2020:09:13:02 +0800] "GET /xingrg/kc/buy/buy_main.html HTTP/1.1" 200 12412
116.230.77.149 - - [31/May/2020:09:13:02 +0800] "GET /xingrg/css/new_ie.css HTTP/1.1" 404 1036
116.230.77.149 - - [31/May/2020:09:13:03 +0800] "GET /xingrg/images/yd/bt.gif HTTP/1.1" 404 1040
116.230.77.149 - - [31/May/2020:09:13:03 +0800] "GET /xingrg/kc/buy/cgsh_order_list.html HTTP/1.1" 200 43002
116.232.49.71 - - [31/May/2020:09:13:03 +0800] "GET /xingrg/all/function/internal_message.html?_=1590887708218&CODE_STATE=getMsg HTTP/1.1" 200 27
116.230.77.149 - - [31/May/2020:09:13:04 +0800] "POST /xingrg/kc/buy/cgsh_list_operate.html HTTP/1.1" 200 876
114.88.170.9 - - [31/May/2020:09:13:05 +0800] "GET /xingrg/all/function/internal_message.html?_=1590887586458&CODE_STATE=getMsg HTTP/1.1" 200 27
61.172.5.115 - - [31/May/2020:09:13:06 +0800] "GET /xingrg/kc/buy/cgsh_order_operate.html?command=get_materiel&rest_code=00105&code=00101008003&supplier_code=00100203&order_time=2020-05-31 HTTP/1.1" 200 408
117.184.7.26 - - [31/May/2020:09:13:07 +0800] "GET /xingrg/all/function/internal_message.html?_=1590887589045&CODE_STATE=getMsg HTTP/1.1" 200 27
114.88.170.9 - - [31/May/2020:09:13:07 +0800] "GET /xingrg/all/function/internal_message.html?_=1590887584654&CODE_STATE=getMsg HTTP/1.1" 200 27
116.232.49.71 - - [31/May/2020:09:13:08 +0800] "GET /xingrg/all/function/internal_message.html?_=1590887623093&CODE_STATE=getMsg HTTP/1.1" 200 27
114.88.170.9 - - [31/May/2020:09:13:09 +0800] "GET /xingrg/kc/buy/cgsh_order_operate.html?command=get_materiel&rest_code=00111&code=00101008277&supplier_code=00100005&order_time=2020-05-31 HTTP/1.1" 200 412
222.69.136.168 - - [31/May/2020:09:13:10 +0800] "GET /xingrg/kc/buy/cgsh_order_list.html HTTP/1.1" 200 43002
222.69.136.168 - - [31/May/2020:09:13:11 +0800] "POST /xingrg/kc/buy/cgsh_list_operate.html HTTP/1.1" 200 1690
116.232.33.186 - - [31/May/2020:09:13:15 +0800] "GET /xingrg/check_reg.html?_=1590887586019 HTTP/1.1" 200 22
222.69.136.168 - - [31/May/2020:09:13:16 +0800] "GET /xingrg/all/function/internal_message.html?_=1590887598169&CODE_STATE=getMsg HTTP/1.1" 200 27
222.69.136.168 - - [31/May/2020:09:13:17 +0800] "GET /xingrg/javascript/easyui/themes/default/tree.css HTTP/1.1" 404 1090
114.88.170.9 - - [31/May/2020:09:13:17 +0800] "GET /xingrg/kc/buy/cgsh_order_operate.html?command=get_materiel&rest_code=00111&code=00101008256&supplier_code=00100005&order_time=2020-05-31 HTTP/1.1" 200 412
222.69.136.168 - - [31/May/2020:09:13:17 +0800] "POST /xingrg/all/common/load_tree.html?tree=supplier_tree_json&manage=1 HTTP/1.1" 200 49067
222.69.136.168 - - [31/May/2020:09:13:18 +0800] "GET /xingrg/javascript/easyui/themes/default/images/tree_folder.gif HTTP/1.1" 200 952
61.172.5.115 - - [31/May/2020:09:13:20 +0800] "GET /xingrg/kc/buy/cgsh_order_operate.html?command=get_materiel&rest_code=00105&code=00101008361&supplier_code=00100203&order_time=2020-05-31 HTTP/1.1" 200 427
114.88.170.9 - - [31/May/2020:09:13:20 +0800] "POST /xingrg/kc/buy/cgsh_order_operate.html HTTP/1.1" 200 2065
172.17.0.110 - - [31/May/2020:09:13:21 +0800] "GET /xingrg/all/function/internal_message.html?_=1590887599257&CODE_STATE=getMsg HTTP/1.1" 200 27
180.175.212.199 - - [31/May/2020:09:13:22 +0800] "GET /xingrg/check_reg.html?_=1590887806141 HTTP/1.1" 200 22
180.175.212.199 - - [31/May/2020:09:13:22 +0800] "GET /xingrg/all/function/internal_message.html?_=1590887806385&CODE_STATE=getMsg HTTP/1.1" 200 27
222.69.136.168 - - [31/May/2020:09:13:25 +0800] "POST /xingrg/kc/buy/cgsh_list_operate.html HTTP/1.1" 200 5469
117.131.5.26 - - [31/May/2020:09:13:26 +0800] "GET /xingrg/all/function/internal_message.html?_=1590887618500&CODE_STATE=getMsg HTTP/1.1" 200 27
114.84.33.255 - - [31/May/2020:09:13:27 +0800] "GET /xingrg/all/function/internal_message.html?_=1590887610581&CODE_STATE=getMsg HTTP/1.1" 200 27
61.172.5.115 - - [31/May/2020:09:13:30 +0800] "GET /xingrg/all/function/internal_message.html?_=1590887612486&CODE_STATE=getMsg HTTP/1.1" 200 27
172.17.0.123 - - [31/May/2020:09:13:32 +0800] "GET /xingrg/all/function/internal_message.html?_=1590887597673&CODE_STATE=getMsg HTTP/1.1" 200 27
58.221.95.50 - - [31/May/2020:09:13:33 +0800] "GET /xingrg/all/function/internal_message.html?_=1590887665448&CODE_STATE=getMsg HTTP/1.1" 200 27
114.88.170.9 - - [31/May/2020:09:13:37 +0800] "GET /xingrg/kc/buy/cgsh_order_operate.html?command=get_materiel&rest_code=00111&code=00101008149&supplier_code=00100005&order_time=2020-05-31 HTTP/1.1" 200 408
116.232.33.186 - - [31/May/2020:09:13:38 +0800] "GET /xingrg/all/function/internal_message.html?_=1590887608409&CODE_STATE=getMsg HTTP/1.1" 200 27
117.131.5.26 - - [31/May/2020:09:13:38 +0800] "GET /xingrg/all/function/internal_message.html?_=1590887983784&CODE_STATE=getMsg HTTP/1.1" 200 27
114.88.170.9 - - [31/May/2020:09:13:42 +0800] "GET /xingrg/check_reg.html?_=1590887623733 HTTP/1.1" 200 22
61.172.5.115 - - [31/May/2020:09:13:46 +0800] "GET /xingrg/kc/buy/cgsh_order_operate.html?command=get_materiel&rest_code=00105&code=00101008212&supplier_code=00100203&order_time=2020-05-31 HTTP/1.1" 200 412
114.84.33.255 - - [31/May/2020:09:13:48 +0800] "GET /xingrg/all/function/internal_message.html?_=1590887631250&CODE_STATE=getMsg HTTP/1.1" 200 27
120.253.135.82 - - [31/May/2020:09:13:49 +0800] "GET /xingrg/all/function/internal_message.html?_=1590887756619&CODE_STATE=getMsg HTTP/1.1" 200 27
114.88.170.9 - - [31/May/2020:09:13:50 +0800] "GET /xingrg/kc/buy/cgsh_order_operate.html?command=get_materiel&rest_code=00111&code=00101008185&supplier_code=00100005&order_time=2020-05-31 HTTP/1.1" 200 408
117.185.32.26 - - [31/May/2020:09:13:53 +0800] "GET /xingrg/all/function/internal_message.html?_=1590888055742&CODE_STATE=getMsg HTTP/1.1" 200 27
116.230.77.149 - - [31/May/2020:09:13:54 +0800] "POST /xingrg/all/user/operate.html HTTP/1.1" 200 36
116.230.77.149 - - [31/May/2020:09:13:54 +0800] "GET /xingrg/index.html?sysBaseUrl=http%3A%2F%2F180.169.147.146%3A18081%2Fxingrg%2F&costTime=85×tamp=1590800538524 HTTP/1.1" 200 17177
116.230.77.149 - - [31/May/2020:09:13:54 +0800] "GET /xingrg/javascript/jquery_easy_ui/themes/default/easyui.css HTTP/1.1" 304 -
116.230.77.149 - - [31/May/2020:09:13:54 +0800] "GET /xingrg/javascript/jquery_easy_ui/themes/icon.css HTTP/1.1" 304 -
116.230.77.149 - - [31/May/2020:09:13:54 +0800] "GET /xingrg/css/form.css HTTP/1.1" 304 -
116.230.77.149 - - [31/May/2020:09:13:54 +0800] "GET /xingrg/javascript/jquery-1.4.2.min.js HTTP/1.1" 304 -
116.230.77.149 - - [31/May/2020:09:13:54 +0800] "GET /xingrg/javascript/jquery_easy_ui/jquery.easyui.min.js HTTP/1.1" 304 -
116.230.77.149 - - [31/May/2020:09:13:54 +0800] "GET /xingrg/javascript/jquery_easy_ui/easyui-lang-zh_CN.js HTTP/1.1" 304 -
116.230.77.149 - - [31/May/2020:09:13:54 +0800] "GET /xingrg/javascript/jquery.form.js HTTP/1.1" 304 -
116.230.77.149 - - [31/May/2020:09:13:54 +0800] "GET /xingrg/javascript/jquery.utils.js HTTP/1.1" 304 -
116.230.77.149 - - [31/May/2020:09:13:54 +0800] "GET /xingrg/javascript/jquery.timers.js HTTP/1.1" 304 -
116.230.77.149 - - [31/May/2020:09:13:54 +0800] "GET /xingrg/images/blue/jxLogo.png HTTP/1.1" 304 -
116.230.77.149 - - [31/May/2020:09:13:54 +0800] "GET /xingrg/images/blue/navBackgound.jpg HTTP/1.1" 304 -
116.230.77.149 - - [31/May/2020:09:13:54 +0800] "GET /xingrg/javascript/jquery_easy_ui/themes/icons/settle_new.png HTTP/1.1" 304 -
116.230.77.149 - - [31/May/2020:09:13:54 +0800] "POST /xingrg/all/common/load_tree.html?tree=area_rest_tree_json&manage=1 HTTP/1.1" 200 476
116.230.77.149 - - [31/May/2020:09:13:54 +0800] "GET /xingrg/all/function/internal_message.html?_=1590887637260&CODE_STATE=count HTTP/1.1" 200 11
116.230.77.149 - - [31/May/2020:09:13:54 +0800] "GET /xingrg/check_reg.html?_=1590887637265 HTTP/1.1" 200 22
116.230.77.149 - - [31/May/2020:09:13:54 +0800] "GET /xingrg/javascript/jquery_easy_ui/themes/default/images/tabs_leftarrow.png HTTP/1.1" 304 -
116.230.77.149 - - [31/May/2020:09:13:54 +0800] "GET /xingrg/javascript/jquery_easy_ui/themes/default/images/tabs_rightarrow.png HTTP/1.1" 304 -
116.230.77.149 - - [31/May/2020:09:13:54 +0800] "GET /xingrg/images/blue/pingpu.png HTTP/1.1" 304 -
116.230.77.149 - - [31/May/2020:09:13:54 +0800] "GET /xingrg/javascript/jquery_easy_ui/themes/default/images/panel_tool_collapse.gif HTTP/1.1" 304 -
116.230.77.149 - - [31/May/2020:09:13:54 +0800] "POST /xingrg/load_menu.html HTTP/1.1" 200 5138
116.230.77.149 - - [31/May/2020:09:13:55 +0800] "GET /xingrg/javascript/jquery_easy_ui/themes/default/images/tree_folder.gif HTTP/1.1" 304 -
116.230.77.149 - - [31/May/2020:09:13:55 +0800] "GET /xingrg/javascript/jquery_easy_ui/themes/default/images/tree_file.gif HTTP/1.1" 304 -
116.230.77.149 - - [31/May/2020:09:13:55 +0800] "GET /xingrg/javascript/jquery_easy_ui/themes/default/images/tree_folder_open.gif HTTP/1.1" 304 -
116.230.77.149 - - [31/May/2020:09:13:55 +0800] "GET /xingrg/javascript/jquery_easy_ui/themes/icons/forms_new.png HTTP/1.1" 304 -
116.230.77.149 - - [31/May/2020:09:13:55 +0800] "GET /xingrg/javascript/jquery_easy_ui/themes/icons/search_new.png HTTP/1.1" 304 -
116.230.77.149 - - [31/May/2020:09:13:55 +0800] "GET /xingrg/javascript/jquery_easy_ui/themes/default/images/tree_arrows.gif HTTP/1.1" 304 -
116.230.77.149 - - [31/May/2020:09:13:55 +0800] "GET /xingrg/javascript/jquery_easy_ui/themes/icons/storage_new.png HTTP/1.1" 304 -
117.184.7.26 - - [31/May/2020:09:13:55 +0800] "GET /xingrg/check_reg.html?_=1590887637169 HTTP/1.1" 200 22
114.88.170.9 - - [31/May/2020:09:13:56 +0800] "GET /xingrg/kc/buy/cgsh_order_operate.html?command=get_materiel&rest_code=00111&code=00101008038&supplier_code=00100005&order_time=2020-05-31 HTTP/1.1" 200 412
180.162.232.172 - - [31/May/2020:09:13:58 +0800] "GET /xingrg/all/function/internal_message.html?_=1590887639022&CODE_STATE=getMsg HTTP/1.1" 200 27
61.172.5.115 - - [31/May/2020:09:13:58 +0800] "GET /xingrg/kc/buy/cgsh_order_operate.html?command=get_materiel&rest_code=00105&code=00101008063&supplier_code=00100203&order_time=2020-05-31 HTTP/1.1" 200 412
116.230.77.149 - - [31/May/2020:09:13:58 +0800] "GET /xingrg/kc/base/base_main.html HTTP/1.1" 200 12142
114.88.170.9 - - [31/May/2020:09:13:58 +0800] "POST /xingrg/kc/buy/cgsh_order_operate.html HTTP/1.1" 200 2065
58.40.7.146 - - [31/May/2020:09:13:59 +0800] "GET /xingrg/all/function/internal_message.html?_=1590887640612&CODE_STATE=getMsg HTTP/1.1" 200 27
58.40.7.146 - - [31/May/2020:09:13:59 +0800] "GET /xingrg/check_reg.html?_=1590887640615 HTTP/1.1" 200 22
116.232.49.71 - - [31/May/2020:09:13:59 +0800] "GET /xingrg/check_reg.html?_=1590887767750 HTTP/1.1" 200 22
116.232.49.71 - - [31/May/2020:09:13:59 +0800] "GET /xingrg/all/function/internal_message.html?_=1590887768218&CODE_STATE=getMsg HTTP/1.1" 200 27
116.230.77.149 - - [31/May/2020:09:14:01 +0800] "GET /xingrg/kc/base/wldb_order_list.html HTTP/1.1" 200 19259
116.230.77.149 - - [31/May/2020:09:14:02 +0800] "POST /xingrg/kc/base/wldb_list_operate.html HTTP/1.1" 200 928
116.230.77.149 - - [31/May/2020:09:14:03 +0800] "GET /xingrg/kc/base/base_main.html HTTP/1.1" 200 12142
114.88.170.9 - - [31/May/2020:09:14:04 +0800] "GET /xingrg/kc/buy/cgsh_order_operate.html?command=get_materiel&rest_code=00111&code=00101008358&supplier_code=00100005&order_time=2020-05-31 HTTP/1.1" 200 431
116.230.77.149 - - [31/May/2020:09:14:04 +0800] "GET /xingrg/kc/base/check_order_list.html HTTP/1.1" 200 16378
116.230.77.149 - - [31/May/2020:09:14:04 +0800] "POST /xingrg/kc/base/check_list_operate.html HTTP/1.1" 200 781
114.88.170.9 - - [31/May/2020:09:14:05 +0800] "GET /xingrg/all/function/internal_message.html?_=1590887646475&CODE_STATE=getMsg HTTP/1.1" 200 27
116.230.77.149 - - [31/May/2020:09:14:06 +0800] "GET /xingrg/kc/base/check_order_add.html HTTP/1.1" 200 25300
116.230.77.149 - - [31/May/2020:09:14:06 +0800] "GET /xingrg/dwr/interface/AjaxComOrderService.js HTTP/1.1" 200 18264
116.230.77.149 - - [31/May/2020:09:14:07 +0800] "GET /xingrg/dwr/interface/AjaxCheckService.js HTTP/1.1" 200 14003
116.230.77.149 - - [31/May/2020:09:14:07 +0800] "GET /xingrg/dwr/util.js HTTP/1.1" 304 -
116.230.77.149 - - [31/May/2020:09:14:07 +0800] "GET /xingrg/dwr/engine.js HTTP/1.1" 200 43631
61.172.5.115 - - [31/May/2020:09:14:07 +0800] "GET /xingrg/kc/buy/cgsh_order_operate.html?command=get_materiel&rest_code=00105&code=00101008137&supplier_code=00100203&order_time=2020-05-31 HTTP/1.1" 200 408
117.184.7.26 - - [31/May/2020:09:14:07 +0800] "GET /xingrg/all/function/internal_message.html?_=1590887649054&CODE_STATE=getMsg HTTP/1.1" 200 27
114.88.170.9 - - [31/May/2020:09:14:07 +0800] "GET /xingrg/all/function/internal_message.html?_=1590887644660&CODE_STATE=getMsg HTTP/1.1" 200 27
116.232.49.71 - - [31/May/2020:09:14:07 +0800] "GET /xingrg/all/function/internal_message.html?_=1590887683092&CODE_STATE=getMsg HTTP/1.1" 200 27
61.172.5.115 - - [31/May/2020:09:14:08 +0800] "GET /xingrg/system/info/materiel_import.html?isSelect=1&singleSelect=false HTTP/1.1" 200 5600
61.172.5.115 - - [31/May/2020:09:14:09 +0800] "GET /favicon.ico HTTP/1.1" 404 -
61.172.5.115 - - [31/May/2020:09:14:09 +0800] "POST /xingrg/all/common/load_tree.html?tree=materiel_sort_tree_json HTTP/1.1" 200 8666
114.88.170.9 - - [31/May/2020:09:14:12 +0800] "GET /xingrg/kc/buy/cgsh_order_operate.html?command=get_materiel&rest_code=00111&code=00101008141&supplier_code=00100005&order_time=2020-05-31 HTTP/1.1" 200 412
114.84.33.255 - - [31/May/2020:09:14:16 +0800] "GET /xingrg/check_reg.html?_=1590887659169 HTTP/1.1" 200 22
222.69.136.168 - - [31/May/2020:09:14:16 +0800] "GET /xingrg/all/function/internal_message.html?_=1590887658168&CODE_STATE=getMsg HTTP/1.1" 200 27
116.230.77.149 - - [31/May/2020:09:14:16 +0800] "GET /xingrg/kc/base/base_main.html HTTP/1.1" 200 12142
61.172.5.115 - - [31/May/2020:09:14:21 +0800] "GET /xingrg/kc/buy/cgsh_order_operate.html?command=get_materiel&rest_code=00105&code=00101008357&supplier_code=00100203&order_time=2020-05-31 HTTP/1.1" 200 408
172.17.0.110 - - [31/May/2020:09:14:21 +0800] "GET /xingrg/all/function/internal_message.html?_=1590887659255&CODE_STATE=getMsg HTTP/1.1" 200 27
116.230.77.149 - - [31/May/2020:09:14:22 +0800] "GET /xingrg/kc/base/check_order_list.html HTTP/1.1" 200 16378
180.175.212.199 - - [31/May/2020:09:14:22 +0800] "GET /xingrg/all/function/internal_message.html?_=1590887866400&CODE_STATE=getMsg HTTP/1.1" 200 27
116.230.77.149 - - [31/May/2020:09:14:22 +0800] "POST /xingrg/kc/base/check_list_operate.html HTTP/1.1" 200 781
116.230.77.149 - - [31/May/2020:09:14:23 +0800] "GET /xingrg/kc/base/check_order_add.html HTTP/1.1" 200 25300
116.230.77.149 - - [31/May/2020:09:14:23 +0800] "GET /xingrg/dwr/interface/AjaxComOrderService.js HTTP/1.1" 200 18264
116.230.77.149 - - [31/May/2020:09:14:23 +0800] "GET /xingrg/dwr/interface/AjaxCheckService.js HTTP/1.1" 200 14003
116.230.77.149 - - [31/May/2020:09:14:23 +0800] "GET /xingrg/dwr/engine.js HTTP/1.1" 200 43631
114.88.170.9 - - [31/May/2020:09:14:26 +0800] "GET /xingrg/kc/buy/cgsh_order_operate.html?command=get_materiel&rest_code=00111&code=00101008004&supplier_code=00100005&order_time=2020-05-31 HTTP/1.1" 200 416
117.131.5.26 - - [31/May/2020:09:14:26 +0800] "GET /xingrg/all/function/internal_message.html?_=1590887678531&CODE_STATE=getMsg HTTP/1.1" 200 27
114.84.33.255 - - [31/May/2020:09:14:27 +0800] "GET /xingrg/all/function/internal_message.html?_=1590887670587&CODE_STATE=getMsg HTTP/1.1" 200 27
61.172.5.115 - - [31/May/2020:09:14:30 +0800] "GET /xingrg/all/function/internal_message.html?_=1590887672441&CODE_STATE=getMsg HTTP/1.1" 200 27
61.172.5.115 - - [31/May/2020:09:14:30 +0800] "POST /xingrg/kc/buy/cgsh_order_operate.html HTTP/1.1" 200 2065
172.17.0.123 - - [31/May/2020:09:14:32 +0800] "GET /xingrg/all/function/internal_message.html?_=1590887657678&CODE_STATE=getMsg HTTP/1.1" 200 27
61.172.5.115 - - [31/May/2020:09:14:32 +0800] "POST /xingrg/kc/buy/cgsh_order_operate.html HTTP/1.1" 200 2065
58.221.95.50 - - [31/May/2020:09:14:33 +0800] "GET /xingrg/all/function/internal_message.html?_=1590887725426&CODE_STATE=getMsg HTTP/1.1" 200 27
61.172.5.115 - - [31/May/2020:09:14:33 +0800] "POST /xingrg/kc/buy/cgsh_order_operate.html HTTP/1.1" 200 2065
116.230.77.149 - - [31/May/2020:09:14:33 +0800] "POST /xingrg/dwr/call/plaincall/AjaxCheckService.saveOrder.dwr HTTP/1.1" 200 78
116.230.77.149 - - [31/May/2020:09:14:35 +0800] "POST /xingrg/dwr/call/plaincall/AjaxCheckService.loadOrderItems.dwr HTTP/1.1" 200 367
114.88.170.9 - - [31/May/2020:09:14:35 +0800] "POST /xingrg/kc/buy/cgsh_order_operate.html HTTP/1.1" 200 2065
116.232.33.186 - - [31/May/2020:09:14:38 +0800] "GET /xingrg/all/function/internal_message.html?_=1590887668383&CODE_STATE=getMsg HTTP/1.1" 200 27
117.131.5.26 - - [31/May/2020:09:14:38 +0800] "GET /xingrg/all/function/internal_message.html?_=1590888043781&CODE_STATE=getMsg HTTP/1.1" 200 27
114.88.170.9 - - [31/May/2020:09:14:39 +0800] "GET /xingrg/kc/buy/cgsh_order_operate.html?command=get_materiel&rest_code=00111&code=00101008264&supplier_code=00100005&order_time=2020-05-31 HTTP/1.1" 200 412
120.253.135.82 - - [31/May/2020:09:14:44 +0800] "GET /xingrg/check_reg.html?_=1590887811641 HTTP/1.1" 200 22
114.88.170.9 - - [31/May/2020:09:14:46 +0800] "GET /xingrg/kc/buy/cgsh_order_operate.html?command=get_materiel&rest_code=00111&code=00101008137&supplier_code=00100005&order_time=2020-05-31 HTTP/1.1" 200 408
114.84.33.255 - - [31/May/2020:09:14:48 +0800] "GET /xingrg/all/function/internal_message.html?_=1590887691444&CODE_STATE=getMsg HTTP/1.1" 200 27
120.253.135.82 - - [31/May/2020:09:14:49 +0800] "GET /xingrg/all/function/internal_message.html?_=1590887816638&CODE_STATE=getMsg HTTP/1.1" 200 27
61.172.5.115 - - [31/May/2020:09:14:52 +0800] "GET /xingrg/kc/buy/cgsh_order_operate.html?command=get_materiel&rest_code=00105&code=00101008295&supplier_code=00100203&order_time=2020-05-31 HTTP/1.1" 200 412
114.88.170.9 - - [31/May/2020:09:14:53 +0800] "GET /xingrg/kc/buy/cgsh_order_operate.html?command=get_materiel&rest_code=00111&code=00101008360&supplier_code=00100005&order_time=2020-05-31 HTTP/1.1" 200 412
116.230.77.149 - - [31/May/2020:09:14:53 +0800] "GET /xingrg/kc/report/report_main.html HTTP/1.1" 200 7345
117.185.32.26 - - [31/May/2020:09:14:53 +0800] "GET /xingrg/all/function/internal_message.html?_=1590888115752&CODE_STATE=getMsg HTTP/1.1" 200 27
116.230.77.149 - - [31/May/2020:09:14:54 +0800] "GET /xingrg/all/function/internal_message.html?_=1590887697275&CODE_STATE=getMsg HTTP/1.1" 200 27
116.232.49.71 - - [31/May/2020:09:14:55 +0800] "GET /xingrg/all/function/internal_message.html?_=1590887828218&CODE_STATE=getMsg HTTP/1.1" 200 27
180.162.232.172 - - [31/May/2020:09:14:58 +0800] "GET /xingrg/all/function/internal_message.html?_=1590887699014&CODE_STATE=getMsg HTTP/1.1" 200 27
58.40.7.146 - - [31/May/2020:09:14:59 +0800] "GET /xingrg/all/function/internal_message.html?_=1590887700617&CODE_STATE=getMsg HTTP/1.1" 200 27
116.230.77.149 - - [31/May/2020:09:15:02 +0800] "GET /xingrg/kc/base/check_order_list.html HTTP/1.1" 200 16378
116.230.77.149 - - [31/May/2020:09:15:03 +0800] "POST /xingrg/kc/base/check_list_operate.html HTTP/1.1" 200 1560
114.88.170.9 - - [31/May/2020:09:15:03 +0800] "GET /xingrg/kc/buy/cgsh_order_operate.html?command=get_materiel&rest_code=00111&code=00101008136&supplier_code=00100005&order_time=2020-05-31 HTTP/1.1" 200 413
61.172.5.115 - - [31/May/2020:09:15:04 +0800] "GET /xingrg/kc/buy/cgsh_order_operate.html?command=get_materiel&rest_code=00105&code=00101008353&supplier_code=00100203&order_time=2020-05-31 HTTP/1.1" 200 408
114.88.170.9 - - [31/May/2020:09:15:05 +0800] "GET /xingrg/all/function/internal_message.html?_=1590887706489&CODE_STATE=getMsg HTTP/1.1" 200 27
116.232.49.71 - - [31/May/2020:09:15:07 +0800] "GET /xingrg/check_reg.html?_=1590887743097 HTTP/1.1" 200 22
116.232.49.71 - - [31/May/2020:09:15:07 +0800] "GET /xingrg/all/function/internal_message.html?_=1590887743097&CODE_STATE=getMsg HTTP/1.1" 200 27
117.184.7.26 - - [31/May/2020:09:15:07 +0800] "GET /xingrg/all/function/internal_message.html?_=1590887709068&CODE_STATE=getMsg HTTP/1.1" 200 27
114.88.170.9 - - [31/May/2020:09:15:07 +0800] "GET /xingrg/check_reg.html?_=1590887704678 HTTP/1.1" 200 22
114.88.170.9 - - [31/May/2020:09:15:07 +0800] "GET /xingrg/all/function/internal_message.html?_=1590887704679&CODE_STATE=getMsg HTTP/1.1" 200 27
116.230.77.149 - - [31/May/2020:09:15:12 +0800] "GET /xingrg/kc/report/report_main.html HTTP/1.1" 200 7345
61.172.5.115 - - [31/May/2020:09:15:13 +0800] "GET /xingrg/kc/buy/cgsh_order_operate.html?command=get_materiel&rest_code=00105&code=00101008213&supplier_code=00100203&order_time=2020-05-31 HTTP/1.1" 200 412
114.88.170.9 - - [31/May/2020:09:15:13 +0800] "POST /xingrg/kc/buy/cgsh_order_operate.html HTTP/1.1" 200 2065
222.69.136.168 - - [31/May/2020:09:15:16 +0800] "GET /xingrg/all/function/internal_message.html?_=1590887718172&CODE_STATE=getMsg HTTP/1.1" 200 27
222.69.136.168 - - [31/May/2020:09:15:16 +0800] "GET /xingrg/check_reg.html?_=1590887718177 HTTP/1.1" 200 22
61.172.5.115 - - [31/May/2020:09:15:19 +0800] "GET /xingrg/kc/buy/cgsh_order_operate.html?command=get_materiel&rest_code=00105&code=00101008004&supplier_code=00100203&order_time=2020-05-31 HTTP/1.1" 200 416
172.17.0.110 - - [31/May/2020:09:15:21 +0800] "GET /xingrg/all/function/internal_message.html?_=1590887719262&CODE_STATE=getMsg HTTP/1.1" 200 27
114.88.170.9 - - [31/May/2020:09:15:22 +0800] "GET /xingrg/kc/buy/cgsh_order_operate.html?command=get_materiel&rest_code=00111&code=00101008131&supplier_code=00100005&order_time=2020-05-31 HTTP/1.1" 200 408
180.175.212.199 - - [31/May/2020:09:15:22 +0800] "GET /xingrg/all/function/internal_message.html?_=1590887926413&CODE_STATE=getMsg HTTP/1.1" 200 27
116.230.77.149 - - [31/May/2020:09:15:25 +0800] "GET /xingrg/kc/base/check_order_list.html HTTP/1.1" 200 16378
61.172.5.115 - - [31/May/2020:09:15:26 +0800] "GET /xingrg/kc/buy/cgsh_order_operate.html?command=get_materiel&rest_code=00105&code=00101008188&supplier_code=00100203&order_time=2020-05-31 HTTP/1.1" 200 412
116.230.77.149 - - [31/May/2020:09:15:26 +0800] "POST /xingrg/kc/base/check_list_operate.html HTTP/1.1" 200 1560
117.131.5.26 - - [31/May/2020:09:15:26 +0800] "GET /xingrg/all/function/internal_message.html?_=1590887738531&CODE_STATE=getMsg HTTP/1.1" 200 27
114.84.33.255 - - [31/May/2020:09:15:27 +0800] "GET /xingrg/all/function/internal_message.html?_=1590887730602&CODE_STATE=getMsg HTTP/1.1" 200 27
114.88.170.9 - - [31/May/2020:09:15:28 +0800] "GET /xingrg/kc/buy/cgsh_order_operate.html?command=get_materiel&rest_code=00111&code=00101008318&supplier_code=00100005&order_time=2020-05-31 HTTP/1.1" 200 408
116.230.77.149 - - [31/May/2020:09:15:29 +0800] "GET /xingrg/kc/base/check_order_info.html?code=452020053100402 HTTP/1.1" 200 25342
116.230.77.149 - - [31/May/2020:09:15:29 +0800] "GET /xingrg/dwr/interface/AjaxComOrderService.js HTTP/1.1" 200 18264
116.230.77.149 - - [31/May/2020:09:15:29 +0800] "GET /xingrg/dwr/interface/AjaxCheckService.js HTTP/1.1" 200 14003
116.230.77.149 - - [31/May/2020:09:15:29 +0800] "GET /xingrg/dwr/engine.js HTTP/1.1" 200 43631
116.230.77.149 - - [31/May/2020:09:15:29 +0800] "POST /xingrg/dwr/call/plaincall/AjaxCheckService.loadOrderItems.dwr HTTP/1.1" 200 367
61.172.5.115 - - [31/May/2020:09:15:30 +0800] "GET /xingrg/all/function/internal_message.html?_=1590887732518&CODE_STATE=getMsg HTTP/1.1" 200 27
61.172.5.115 - - [31/May/2020:09:15:30 +0800] "GET /xingrg/check_reg.html?_=1590887732519 HTTP/1.1" 200 22
172.17.0.123 - - [31/May/2020:09:15:32 +0800] "GET /xingrg/all/function/internal_message.html?_=1590887717680&CODE_STATE=getMsg HTTP/1.1" 200 27
172.17.0.123 - - [31/May/2020:09:15:32 +0800] "GET /xingrg/check_reg.html?_=1590887717681 HTTP/1.1" 200 22
61.172.5.115 - - [31/May/2020:09:15:32 +0800] "GET /xingrg/kc/buy/cgsh_order_operate.html?command=get_materiel&rest_code=00105&code=00101008201&supplier_code=00100203&order_time=2020-05-31 HTTP/1.1" 200 412
58.221.95.50 - - [31/May/2020:09:15:33 +0800] "GET /xingrg/all/function/internal_message.html?_=1590887785401&CODE_STATE=getMsg HTTP/1.1" 200 27
114.88.170.9 - - [31/May/2020:09:15:34 +0800] "GET /xingrg/kc/buy/cgsh_order_operate.html?command=get_materiel&rest_code=00111&code=00101008352&supplier_code=00100005&order_time=2020-05-31 HTTP/1.1" 200 412
114.84.33.255 - - [31/May/2020:09:15:35 +0800] "GET /xingrg/check_reg.html?_=1590887737876 HTTP/1.1" 200 22
120.253.135.82 - - [31/May/2020:09:15:36 +0800] "GET /xingrg/check_reg.html?_=1590887863651 HTTP/1.1" 200 22
116.232.33.186 - - [31/May/2020:09:15:38 +0800] "GET /xingrg/all/function/internal_message.html?_=1590887728353&CODE_STATE=getMsg HTTP/1.1" 200 27
117.131.5.26 - - [31/May/2020:09:15:38 +0800] "GET /xingrg/check_reg.html?_=1590888103778 HTTP/1.1" 200 22
117.131.5.26 - - [31/May/2020:09:15:38 +0800] "GET /xingrg/all/function/internal_message.html?_=1590888103779&CODE_STATE=getMsg HTTP/1.1" 200 27
222.69.136.168 - - [31/May/2020:09:15:39 +0800] "POST /xingrg/services/DataTransmitService HTTP/1.1" 200 524
222.69.136.168 - - [31/May/2020:09:15:43 +0800] "POST /xingrg/services/DataTransmitService HTTP/1.1" 200 501
61.172.5.115 - - [31/May/2020:09:15:43 +0800] "GET /xingrg/kc/buy/cgsh_order_operate.html?command=get_materiel&rest_code=00105&code=00101008494&supplier_code=00100203&order_time=2020-05-31 HTTP/1.1" 200 394
114.88.170.9 - - [31/May/2020:09:15:44 +0800] "GET /xingrg/kc/buy/cgsh_order_operate.html?command=get_materiel&rest_code=00111&code=00101008271&supplier_code=00100005&order_time=2020-05-31 HTTP/1.1" 200 408
114.88.170.9 - - [31/May/2020:09:15:46 +0800] "POST /xingrg/kc/buy/cgsh_order_operate.html HTTP/1.1" 200 2065
114.84.33.255 - - [31/May/2020:09:15:48 +0800] "GET /xingrg/all/function/internal_message.html?_=1590887751449&CODE_STATE=getMsg HTTP/1.1" 200 27
120.253.135.82 - - [31/May/2020:09:15:49 +0800] "GET /xingrg/all/function/internal_message.html?_=1590887876647&CODE_STATE=getMsg HTTP/1.1" 200 27
114.88.170.9 - - [31/May/2020:09:15:50 +0800] "GET /xingrg/kc/buy/cgsh_order_operate.html?command=get_materiel&rest_code=00111&code=00101008353&supplier_code=00100005&order_time=2020-05-31 HTTP/1.1" 200 408
116.232.49.71 - - [31/May/2020:09:15:51 +0800] "GET /xingrg/all/function/internal_message.html?_=1590887888218&CODE_STATE=getMsg HTTP/1.1" 200 27
117.185.32.26 - - [31/May/2020:09:15:53 +0800] "GET /xingrg/check_reg.html?_=1590888175407 HTTP/1.1" 200 22
117.185.32.26 - - [31/May/2020:09:15:53 +0800] "GET /xingrg/all/function/internal_message.html?_=1590888175735&CODE_STATE=getMsg HTTP/1.1" 200 27
116.230.77.149 - - [31/May/2020:09:15:54 +0800] "GET /xingrg/all/function/internal_message.html?_=1590887757269&CODE_STATE=getMsg HTTP/1.1" 200 27
61.172.5.115 - - [31/May/2020:09:15:58 +0800] "GET /xingrg/kc/buy/cgsh_order_operate.html?command=get_materiel&rest_code=00105&code=00101008106&supplier_code=00100203&order_time=2020-05-31 HTTP/1.1" 200 412
58.40.7.146 - - [31/May/2020:09:15:59 +0800] "GET /xingrg/all/function/internal_message.html?_=1590887760622&CODE_STATE=getMsg HTTP/1.1" 200 27
58.221.95.50 - - [31/May/2020:09:15:59 +0800] "GET /xingrg/check_reg.html?_=1590887811735 HTTP/1.1" 200 22
116.232.49.71 - - [31/May/2020:09:16:00 +0800] "GET /xingrg/kc/buy/cgsh_order_add.html HTTP/1.1" 200 58775
116.232.49.71 - - [31/May/2020:09:16:00 +0800] "POST /xingrg/kc/buy/cgsh_order_operate.html HTTP/1.1" 200 8245
116.232.49.71 - - [31/May/2020:09:16:00 +0800] "GET /xingrg/all/common/auto_word.html?type=employee&rest_code=00109 HTTP/1.1" 200 255
116.232.49.71 - - [31/May/2020:09:16:00 +0800] "GET /xingrg/javascript/easyui/themes/default/validatebox.css HTTP/1.1" 404 1104
116.232.49.71 - - [31/May/2020:09:16:00 +0800] "GET /xingrg/all/common/auto_word.html?type=employee&rest_code=00109 HTTP/1.1" 200 255
222.69.136.168 - - [31/May/2020:09:16:01 +0800] "GET /xingrg/kc/base/wldb_order_operate.html?command=get_materiel&rest_code=00149&base_code=0010437&code=00101020017 HTTP/1.1" 200 437
114.88.170.9 - - [31/May/2020:09:16:01 +0800] "GET /xingrg/kc/buy/cgsh_order_operate.html?command=get_materiel&rest_code=00111&code=00101008125&supplier_code=00100005&order_time=2020-05-31 HTTP/1.1" 200 413
116.232.49.71 - - [31/May/2020:09:16:02 +0800] "GET /xingrg/javascript/jquery_tools/images/prev.gif HTTP/1.1" 404 1086
116.232.49.71 - - [31/May/2020:09:16:02 +0800] "GET /xingrg/javascript/jquery_tools/images/next.gif HTTP/1.1" 404 1086
114.88.170.9 - - [31/May/2020:09:16:05 +0800] "GET /xingrg/all/function/internal_message.html?_=1590887766513&CODE_STATE=getMsg HTTP/1.1" 200 27
180.162.232.172 - - [31/May/2020:09:16:05 +0800] "GET /xingrg/check_reg.html?_=1590887895150 HTTP/1.1" 200 22
116.232.49.71 - - [31/May/2020:09:16:06 +0800] "GET /xingrg/kc/buy/cgsh_order_operate.html?command=get_materiel&rest_code=00109&code=00101020036&supplier_code=00100151&order_time=2020-05-31 HTTP/1.1" 200 428
116.232.49.71 - - [31/May/2020:09:16:06 +0800] "GET /xingrg/all/function/internal_message.html?_=1590887803089&CODE_STATE=getMsg HTTP/1.1" 200 27
114.88.170.9 - - [31/May/2020:09:16:07 +0800] "GET /xingrg/kc/buy/cgsh_order_operate.html?command=get_materiel&rest_code=00111&code=00101008101&supplier_code=00100005&order_time=2020-05-31 HTTP/1.1" 200 412
117.184.7.30 - - [31/May/2020:09:16:07 +0800] "GET /xingrg/all/function/internal_message.html?_=1590887769105&CODE_STATE=getMsg HTTP/1.1" 200 27
114.88.170.9 - - [31/May/2020:09:16:07 +0800] "GET /xingrg/all/function/internal_message.html?_=1590887764658&CODE_STATE=getMsg HTTP/1.1" 200 27
114.88.170.9 - - [31/May/2020:09:16:12 +0800] "GET /xingrg/kc/buy/cgsh_order_operate.html?command=get_materiel&rest_code=00111&code=00101009030&supplier_code=00100005&order_time=2020-05-31 HTTP/1.1" 200 412
114.88.170.9 - - [31/May/2020:09:16:15 +0800] "POST /xingrg/kc/buy/cgsh_order_operate.html HTTP/1.1" 200 2065
222.69.136.168 - - [31/May/2020:09:16:16 +0800] "GET /xingrg/all/function/internal_message.html?_=1590887778165&CODE_STATE=getMsg HTTP/1.1" 200 27
116.230.77.149 - - [31/May/2020:09:16:17 +0800] "POST /xingrg/kc/report/common_data.html?type=materiel_category_tree HTTP/1.1" 200 3570
172.17.0.110 - - [31/May/2020:09:16:21 +0800] "GET /xingrg/check_reg.html?_=1590887779287 HTTP/1.1" 200 22
172.17.0.110 - - [31/May/2020:09:16:21 +0800] "GET /xingrg/all/function/internal_message.html?_=1590887779288&CODE_STATE=getMsg HTTP/1.1" 200 27
180.175.212.199 - - [31/May/2020:09:16:22 +0800] "GET /xingrg/all/function/internal_message.html?_=1590887986427&CODE_STATE=getMsg HTTP/1.1" 200 27
117.131.5.26 - - [31/May/2020:09:16:24 +0800] "GET /xingrg/check_reg.html?_=1590887796781 HTTP/1.1" 200 22
116.232.49.71 - - [31/May/2020:09:16:25 +0800] "POST /xingrg/kc/buy/cgsh_order_operate.html HTTP/1.1" 200 37
116.232.49.71 - - [31/May/2020:09:16:26 +0800] "POST /xingrg/kc/buy/cgsh_order_operate.html HTTP/1.1" 200 2666
117.131.5.26 - - [31/May/2020:09:16:26 +0800] "GET /xingrg/all/function/internal_message.html?_=1590887798531&CODE_STATE=getMsg HTTP/1.1" 200 27
114.88.170.9 - - [31/May/2020:09:16:27 +0800] "GET /xingrg/kc/buy/cgsh_order_operate.html?command=get_materiel&rest_code=00111&code=00101008036&supplier_code=00100005&order_time=2020-05-31 HTTP/1.1" 200 408
116.232.49.71 - - [31/May/2020:09:16:27 +0800] "GET /xingrg/kc/print/load_config.html?kc_code=cgsh HTTP/1.1" 200 1845
116.232.49.71 - - [31/May/2020:09:16:27 +0800] "GET /xingrg/kc/print/load_data.html?order_code=212020053111470&kc_code=cgsh&condition= HTTP/1.1" 200 648
114.84.33.255 - - [31/May/2020:09:16:27 +0800] "GET /xingrg/all/function/internal_message.html?_=1590887790624&CODE_STATE=getMsg HTTP/1.1" 200 27
180.175.212.199 - - [31/May/2020:09:16:29 +0800] "POST /xingrg/kc/buy/cgsh_order_operate.html HTTP/1.1" 200 37
61.172.5.115 - - [31/May/2020:09:16:30 +0800] "GET /xingrg/all/function/internal_message.html?_=1590887792397&CODE_STATE=getMsg HTTP/1.1" 200 27
180.175.212.199 - - [31/May/2020:09:16:30 +0800] "POST /xingrg/kc/buy/cgsh_order_operate.html HTTP/1.1" 200 9801
172.17.0.123 - - [31/May/2020:09:16:32 +0800] "GET /xingrg/all/function/internal_message.html?_=1590887777683&CODE_STATE=getMsg HTTP/1.1" 200 27
114.88.170.9 - - [31/May/2020:09:16:33 +0800] "GET /xingrg/kc/buy/cgsh_order_operate.html?command=get_materiel&rest_code=00111&code=00101008323&supplier_code=00100005&order_time=2020-05-31 HTTP/1.1" 200 427
58.221.95.50 - - [31/May/2020:09:16:34 +0800] "GET /xingrg/all/function/internal_message.html?_=1590887846415&CODE_STATE=getMsg HTTP/1.1" 200 27
222.69.136.168 - - [31/May/2020:09:16:37 +0800] "GET /xingrg/kc/base/wldb_order_operate.html?command=get_materiel&rest_code=00149&base_code=0010437&code=00101020063 HTTP/1.1" 200 462
116.232.33.186 - - [31/May/2020:09:16:38 +0800] "GET /xingrg/all/function/internal_message.html?_=1590887788323&CODE_STATE=getMsg HTTP/1.1" 200 27
117.131.5.26 - - [31/May/2020:09:16:38 +0800] "GET /xingrg/all/function/internal_message.html?_=1590888163777&CODE_STATE=getMsg HTTP/1.1" 200 27
116.230.77.149 - - [31/May/2020:09:16:39 +0800] "POST /xingrg/dwr/call/plaincall/AjaxCheckService.importOrderItems.dwr HTTP/1.1" 200 78
116.230.77.149 - - [31/May/2020:09:16:40 +0800] "POST /xingrg/dwr/call/plaincall/AjaxCheckService.loadOrderItems.dwr HTTP/1.1" 200 1018
116.232.49.71 - - [31/May/2020:09:16:47 +0800] "GET /xingrg/all/function/internal_message.html?_=1590887948218&CODE_STATE=getMsg HTTP/1.1" 200 27
114.84.33.255 - - [31/May/2020:09:16:48 +0800] "GET /xingrg/all/function/internal_message.html?_=1590887811462&CODE_STATE=getMsg HTTP/1.1" 200 27
