172.17.0.240 - - [30/May/2020:08:48:37 +0800] "GET /xingrg/all/function/internal_message.html?_=1590799719118&CODE_STATE=getMsg HTTP/1.1" 200 27
120.253.135.82 - - [30/May/2020:08:48:38 +0800] "GET /xingrg/all/function/internal_message.html?_=1590799847528&CODE_STATE=getMsg HTTP/1.1" 200 27
180.175.212.199 - - [30/May/2020:08:48:41 +0800] "GET /xingrg/all/function/internal_message.html?_=1590799926766&CODE_STATE=getMsg HTTP/1.1" 200 27
180.162.232.172 - - [30/May/2020:08:48:43 +0800] "GET /xingrg/javascript/jquery_tools/images/prev.gif HTTP/1.1" 404 1086
180.162.232.172 - - [30/May/2020:08:48:43 +0800] "GET /xingrg/javascript/jquery_tools/images/next.gif HTTP/1.1" 404 1086
180.162.232.172 - - [30/May/2020:08:48:44 +0800] "GET /xingrg/kc/buy/cgsh_order_add.html HTTP/1.1" 200 58658
180.162.232.172 - - [30/May/2020:08:48:44 +0800] "GET /xingrg/words/20200529170309_words.js HTTP/1.1" 200 733751
180.162.232.172 - - [30/May/2020:08:48:44 +0800] "POST /xingrg/kc/buy/cgsh_order_operate.html HTTP/1.1" 200 8245
180.162.232.172 - - [30/May/2020:08:48:44 +0800] "GET /xingrg/all/common/auto_word.html?type=employee&rest_code=00150 HTTP/1.1" 200 205
180.162.232.172 - - [30/May/2020:08:48:44 +0800] "GET /xingrg/javascript/easyui/themes/default/validatebox.css HTTP/1.1" 404 1104
180.162.232.172 - - [30/May/2020:08:48:44 +0800] "GET /xingrg/all/common/auto_word.html?type=employee&rest_code=00150 HTTP/1.1" 200 205
101.83.241.210 - - [30/May/2020:08:48:44 +0800] "GET /xingrg/all/function/internal_message.html?_=1590799720637&CODE_STATE=getMsg HTTP/1.1" 200 27
117.184.7.26 - - [30/May/2020:08:48:47 +0800] "GET /xingrg/all/function/internal_message.html?_=1590799720303&CODE_STATE=getMsg HTTP/1.1" 200 27
117.185.32.26 - - [30/May/2020:08:48:48 +0800] "GET /xingrg/all/function/internal_message.html?_=1590800152604&CODE_STATE=getMsg HTTP/1.1" 200 27
116.230.77.149 - - [30/May/2020:08:48:48 +0800] "GET /favicon.ico HTTP/1.1" 404 -
180.175.212.199 - - [30/May/2020:08:48:50 +0800] "GET /xingrg/kc/base/wldb_order_operate.html?command=get_materiel&rest_code=00102&base_code=0010476&code=00101019155 HTTP/1.1" 200 478
116.230.77.149 - - [30/May/2020:08:48:51 +0800] "GET /xingrg/login.html HTTP/1.1" 200 7641
116.230.77.149 - - [30/May/2020:08:48:53 +0800] "GET /favicon.ico HTTP/1.1" 404 -
117.184.7.26 - - [30/May/2020:08:48:53 +0800] "POST /xingrg/kc/buy/cgsh_order_operate.html HTTP/1.1" 200 37
117.184.7.26 - - [30/May/2020:08:48:53 +0800] "POST /xingrg/kc/buy/cgsh_order_operate.html HTTP/1.1" 200 10403
117.184.7.26 - - [30/May/2020:08:48:55 +0800] "GET /xingrg/kc/print/load_data.html?order_code=212020053011000&kc_code=cgsh&condition= HTTP/1.1" 200 3681
180.175.212.199 - - [30/May/2020:08:48:57 +0800] "GET /xingrg/kc/base/wldb_order_add.html HTTP/1.1" 200 30312
58.221.95.50 - - [30/May/2020:08:48:57 +0800] "GET /xingrg/all/function/internal_message.html?_=1590799789950&CODE_STATE=getMsg HTTP/1.1" 200 27
114.88.170.9 - - [30/May/2020:08:48:57 +0800] "GET /xingrg/all/function/internal_message.html?_=1590799734146&CODE_STATE=getMsg HTTP/1.1" 200 27
180.175.212.199 - - [30/May/2020:08:48:57 +0800] "POST /xingrg/kc/base/wldb_order_operate.html HTTP/1.1" 200 6806
180.175.212.199 - - [30/May/2020:08:48:58 +0800] "GET /xingrg/javascript/easyui/themes/default/validatebox.css HTTP/1.1" 404 1104
101.83.241.210 - - [30/May/2020:08:48:59 +0800] "GET /xingrg/kc/buy/cgsh_order_operate.html?command=get_materiel&rest_code=00149&code=00101008355&supplier_code=00100005&order_time=2020-05-30 HTTP/1.1" 200 408
114.84.33.255 - - [30/May/2020:08:49:02 +0800] "GET /xingrg/all/function/internal_message.html?_=1590799760624&CODE_STATE=getMsg HTTP/1.1" 200 27
101.83.241.210 - - [30/May/2020:08:49:02 +0800] "POST /xingrg/kc/buy/cgsh_order_operate.html HTTP/1.1" 200 2065
172.17.0.185 - - [30/May/2020:08:49:03 +0800] "GET /xingrg/all/function/internal_message.html?_=1590799744923&CODE_STATE=getMsg HTTP/1.1" 200 27
61.172.5.115 - - [30/May/2020:08:49:03 +0800] "GET /xingrg/kc/buy/cgsh_order_operate.html?command=get_materiel&rest_code=00105&code=00101006129&supplier_code=00100013&order_time=2020-05-30 HTTP/1.1" 200 431
180.162.232.172 - - [30/May/2020:08:49:07 +0800] "GET /xingrg/javascript/auto/indicator.gif HTTP/1.1" 404 1066
117.184.7.26 - - [30/May/2020:08:49:13 +0800] "GET /xingrg/kc/buy/cgsh_order_add.html HTTP/1.1" 200 58699
117.184.7.26 - - [30/May/2020:08:49:13 +0800] "POST /xingrg/kc/buy/cgsh_order_operate.html HTTP/1.1" 200 8245
117.184.7.26 - - [30/May/2020:08:49:13 +0800] "GET /xingrg/javascript/easyui/themes/default/validatebox.css HTTP/1.1" 404 1104
180.162.232.172 - - [30/May/2020:08:49:13 +0800] "GET /xingrg/kc/buy/cgsh_order_operate.html?command=get_materiel&rest_code=00150&code=00101008323&supplier_code=00100007&order_time=2020-05-30 HTTP/1.1" 200 408
61.172.5.115 - - [30/May/2020:08:49:18 +0800] "GET /xingrg/kc/buy/cgsh_order_operate.html?command=get_materiel&rest_code=00105&code=00101006109&supplier_code=00100013&order_time=2020-05-30 HTTP/1.1" 200 409
61.172.5.115 - - [30/May/2020:08:49:22 +0800] "GET /xingrg/system/info/materiel_import.html?isSelect=1&singleSelect=false HTTP/1.1" 200 5600
61.172.5.115 - - [30/May/2020:08:49:22 +0800] "GET /xingrg/all/function/internal_message.html?_=1590799765901&CODE_STATE=getMsg HTTP/1.1" 200 27
61.172.5.115 - - [30/May/2020:08:49:22 +0800] "POST /xingrg/all/common/load_tree.html?tree=materiel_sort_tree_json HTTP/1.1" 200 8666
61.172.5.115 - - [30/May/2020:08:49:22 +0800] "GET /favicon.ico HTTP/1.1" 404 -
180.162.232.172 - - [30/May/2020:08:49:24 +0800] "GET /xingrg/kc/buy/cgsh_order_operate.html?command=get_materiel&rest_code=00150&code=00101008176&supplier_code=00100007&order_time=2020-05-30 HTTP/1.1" 200 413
101.83.241.210 - - [30/May/2020:08:49:24 +0800] "GET /xingrg/kc/buy/cgsh_order_operate.html?command=get_materiel&rest_code=00149&code=00101008144&supplier_code=00100005&order_time=2020-05-30 HTTP/1.1" 200 412
180.162.232.172 - - [30/May/2020:08:49:29 +0800] "GET /xingrg/kc/buy/cgsh_order_operate.html?command=get_materiel&rest_code=00150&code=00101008091&supplier_code=00100007&order_time=2020-05-30 HTTP/1.1" 200 412
61.172.5.115 - - [30/May/2020:08:49:31 +0800] "GET /xingrg/kc/buy/cgsh_order_operate.html?command=get_materiel&rest_code=00105&code=00101010248&supplier_code=00100013&order_time=2020-05-30 HTTP/1.1" 200 430
180.162.232.172 - - [30/May/2020:08:49:32 +0800] "GET /xingrg/all/function/internal_message.html?_=1590799773409&CODE_STATE=getMsg HTTP/1.1" 200 27
61.172.5.115 - - [30/May/2020:08:49:32 +0800] "POST /xingrg/all/common/load_select.html HTTP/1.1" 200 25
180.162.232.172 - - [30/May/2020:08:49:34 +0800] "GET /xingrg/kc/buy/cgsh_order_operate.html?command=get_materiel&rest_code=00150&code=00101008027&supplier_code=00100007&order_time=2020-05-30 HTTP/1.1" 200 408
180.162.232.172 - - [30/May/2020:08:49:34 +0800] "GET /xingrg/all/function/internal_message.html?_=1590799905717&CODE_STATE=getMsg HTTP/1.1" 200 27
61.172.5.115 - - [30/May/2020:08:49:35 +0800] "GET /xingrg/kc/buy/cgsh_order_operate.html?command=get_materiel_price&rest_code=00105&code=00101010248&unit_code=00100043&supplier_code=00100013&order_time=2020-05-30 HTTP/1.1" 200 29
172.17.0.240 - - [30/May/2020:08:49:37 +0800] "GET /xingrg/all/function/internal_message.html?_=1590799779131&CODE_STATE=getMsg HTTP/1.1" 200 27
120.253.135.82 - - [30/May/2020:08:49:38 +0800] "GET /xingrg/all/function/internal_message.html?_=1590799907559&CODE_STATE=getMsg HTTP/1.1" 200 27
180.162.232.172 - - [30/May/2020:08:49:40 +0800] "GET /xingrg/kc/buy/cgsh_order_operate.html?command=get_materiel&rest_code=00150&code=00102010752&supplier_code=00100007&order_time=2020-05-30 HTTP/1.1" 200 412
120.253.135.82 - - [30/May/2020:08:49:41 +0800] "GET /xingrg/check_reg.html?_=1590799909888 HTTP/1.1" 200 22
180.175.212.199 - - [30/May/2020:08:49:41 +0800] "GET /xingrg/all/function/internal_message.html?_=1590799986780&CODE_STATE=getMsg HTTP/1.1" 200 27
101.83.241.210 - - [30/May/2020:08:49:44 +0800] "GET /xingrg/check_reg.html?_=1590799780624 HTTP/1.1" 200 22
101.83.241.210 - - [30/May/2020:08:49:44 +0800] "GET /xingrg/all/function/internal_message.html?_=1590799780626&CODE_STATE=getMsg HTTP/1.1" 200 27
180.162.232.172 - - [30/May/2020:08:49:46 +0800] "GET /xingrg/kc/buy/cgsh_order_operate.html?command=get_materiel&rest_code=00150&code=00101008132&supplier_code=00100007&order_time=2020-05-30 HTTP/1.1" 200 408
101.83.241.210 - - [30/May/2020:08:49:47 +0800] "GET /xingrg/kc/buy/cgsh_order_operate.html?command=get_materiel&rest_code=00149&code=00101008067&supplier_code=00100005&order_time=2020-05-30 HTTP/1.1" 200 416
117.184.7.26 - - [30/May/2020:08:49:47 +0800] "GET /xingrg/all/function/internal_message.html?_=1590799780303&CODE_STATE=getMsg HTTP/1.1" 200 27
117.185.32.26 - - [30/May/2020:08:49:48 +0800] "GET /xingrg/all/function/internal_message.html?_=1590800212633&CODE_STATE=getMsg HTTP/1.1" 200 27
117.185.32.26 - - [30/May/2020:08:49:48 +0800] "GET /xingrg/check_reg.html?_=1590800212646 HTTP/1.1" 200 22
61.172.5.115 - - [30/May/2020:08:49:54 +0800] "POST /xingrg/kc/buy/cgsh_order_operate.html HTTP/1.1" 200 37
61.172.5.115 - - [30/May/2020:08:49:55 +0800] "POST /xingrg/kc/buy/cgsh_order_operate.html HTTP/1.1" 200 7415
101.83.241.210 - - [30/May/2020:08:49:56 +0800] "GET /xingrg/kc/buy/cgsh_order_operate.html?command=get_materiel&rest_code=00149&code=00101008264&supplier_code=00100005&order_time=2020-05-30 HTTP/1.1" 200 412
61.172.5.115 - - [30/May/2020:08:49:57 +0800] "GET /xingrg/kc/print/load_data.html?order_code=212020053011001&kc_code=cgsh&condition= HTTP/1.1" 200 2541
58.221.95.50 - - [30/May/2020:08:49:57 +0800] "GET /xingrg/all/function/internal_message.html?_=1590799849949&CODE_STATE=getMsg HTTP/1.1" 200 27
114.88.170.9 - - [30/May/2020:08:49:57 +0800] "GET /xingrg/all/function/internal_message.html?_=1590799794146&CODE_STATE=getMsg HTTP/1.1" 200 27
180.162.232.172 - - [30/May/2020:08:49:59 +0800] "GET /xingrg/kc/buy/cgsh_order_operate.html?command=get_materiel&rest_code=00150&code=00101008257&supplier_code=00100007&order_time=2020-05-30 HTTP/1.1" 200 416
116.230.77.149 - - [30/May/2020:08:50:02 +0800] "POST /xingrg/login.do HTTP/1.1" 302 -
116.230.77.149 - - [30/May/2020:08:50:02 +0800] "GET /xingrg/index.html?sysBaseUrl=http%3A%2F%2F180.169.147.146%3A18081%2Fxingrg%2F&costTime=40×tamp=1590799802004 HTTP/1.1" 200 17179
114.84.33.255 - - [30/May/2020:08:50:02 +0800] "GET /xingrg/all/function/internal_message.html?_=1590799820626&CODE_STATE=getMsg HTTP/1.1" 200 27
172.17.0.185 - - [30/May/2020:08:50:03 +0800] "GET /xingrg/all/function/internal_message.html?_=1590799804926&CODE_STATE=getMsg HTTP/1.1" 200 27
116.230.77.149 - - [30/May/2020:08:50:03 +0800] "GET /favicon.ico HTTP/1.1" 404 -
116.230.77.149 - - [30/May/2020:08:50:03 +0800] "POST /xingrg/all/common/load_tree.html?tree=area_rest_tree_json&manage=1 HTTP/1.1" 200 476
116.230.77.149 - - [30/May/2020:08:50:04 +0800] "GET /xingrg/all/function/internal_message.html?_=1590799796052&CODE_STATE=count HTTP/1.1" 200 11
116.230.77.149 - - [30/May/2020:08:50:04 +0800] "GET /xingrg/check_reg.html?_=1590799796067 HTTP/1.1" 200 22
116.230.77.149 - - [30/May/2020:08:50:04 +0800] "POST /xingrg/load_menu.html HTTP/1.1" 200 5138
180.162.232.172 - - [30/May/2020:08:50:08 +0800] "GET /xingrg/kc/buy/cgsh_order_operate.html?command=get_materiel&rest_code=00150&code=00101008349&supplier_code=00100007&order_time=2020-05-30 HTTP/1.1" 200 412
117.184.7.26 - - [30/May/2020:08:50:11 +0800] "GET /xingrg/kc/buy/cgsh_order_operate.html?command=get_materiel&rest_code=00108&code=00101015026&supplier_code=00100054&order_time=2020-05-30 HTTP/1.1" 200 412
180.162.232.172 - - [30/May/2020:08:50:16 +0800] "GET /xingrg/kc/buy/cgsh_order_operate.html?command=get_materiel&rest_code=00150&code=00101008244&supplier_code=00100007&order_time=2020-05-30 HTTP/1.1" 200 408
61.172.5.115 - - [30/May/2020:08:50:22 +0800] "GET /xingrg/all/function/internal_message.html?_=1590799825916&CODE_STATE=getMsg HTTP/1.1" 200 27
180.162.232.172 - - [30/May/2020:08:50:23 +0800] "GET /xingrg/kc/buy/cgsh_order_operate.html?command=get_materiel&rest_code=00150&code=00101008185&supplier_code=00100007&order_time=2020-05-30 HTTP/1.1" 200 408
117.184.7.26 - - [30/May/2020:08:50:27 +0800] "GET /xingrg/kc/buy/cgsh_order_operate.html?command=get_materiel&rest_code=00108&code=00101015040&supplier_code=00100054&order_time=2020-05-30 HTTP/1.1" 200 408
180.162.232.172 - - [30/May/2020:08:50:32 +0800] "GET /xingrg/all/function/internal_message.html?_=1590799833401&CODE_STATE=getMsg HTTP/1.1" 200 27
180.162.232.172 - - [30/May/2020:08:50:34 +0800] "GET /xingrg/all/function/internal_message.html?_=1590799965743&CODE_STATE=getMsg HTTP/1.1" 200 27
172.17.0.240 - - [30/May/2020:08:50:37 +0800] "GET /xingrg/all/function/internal_message.html?_=1590799839119&CODE_STATE=getMsg HTTP/1.1" 200 27
120.253.135.82 - - [30/May/2020:08:50:38 +0800] "GET /xingrg/all/function/internal_message.html?_=1590799967592&CODE_STATE=getMsg HTTP/1.1" 200 27
180.175.212.199 - - [30/May/2020:08:50:41 +0800] "GET /xingrg/check_reg.html?_=1590800045969 HTTP/1.1" 200 22
180.175.212.199 - - [30/May/2020:08:50:41 +0800] "GET /xingrg/all/function/internal_message.html?_=1590800046793&CODE_STATE=getMsg HTTP/1.1" 200 27
180.162.232.172 - - [30/May/2020:08:50:42 +0800] "GET /xingrg/kc/buy/cgsh_order_operate.html?command=get_materiel&rest_code=00150&code=00101008354&supplier_code=00100007&order_time=2020-05-30 HTTP/1.1" 200 412
101.83.241.210 - - [30/May/2020:08:50:44 +0800] "GET /xingrg/all/function/internal_message.html?_=1590799840597&CODE_STATE=getMsg HTTP/1.1" 200 27
117.184.7.26 - - [30/May/2020:08:50:46 +0800] "GET /xingrg/kc/buy/cgsh_order_operate.html?command=get_materiel&rest_code=00108&code=00101015059&supplier_code=00100054&order_time=2020-05-30 HTTP/1.1" 200 412
117.184.7.26 - - [30/May/2020:08:50:47 +0800] "GET /xingrg/all/function/internal_message.html?_=1590799840305&CODE_STATE=getMsg HTTP/1.1" 200 27
117.184.7.26 - - [30/May/2020:08:50:47 +0800] "GET /xingrg/check_reg.html?_=1590799840307 HTTP/1.1" 200 22
117.185.32.26 - - [30/May/2020:08:50:48 +0800] "GET /xingrg/all/function/internal_message.html?_=1590800272630&CODE_STATE=getMsg HTTP/1.1" 200 27
61.172.5.115 - - [30/May/2020:08:50:49 +0800] "GET /xingrg/kc/base/wldb_order_list.html HTTP/1.1" 200 19255
61.172.5.115 - - [30/May/2020:08:50:49 +0800] "POST /xingrg/kc/base/wldb_list_operate.html HTTP/1.1" 200 928
180.162.232.172 - - [30/May/2020:08:50:50 +0800] "GET /xingrg/kc/buy/cgsh_order_operate.html?command=get_materiel&rest_code=00150&code=00101008351&supplier_code=00100007&order_time=2020-05-30 HTTP/1.1" 200 408
61.172.5.115 - - [30/May/2020:08:50:50 +0800] "GET /xingrg/kc/base/wldb_order_add.html HTTP/1.1" 200 30316
61.172.5.115 - - [30/May/2020:08:50:51 +0800] "GET /xingrg/all/common/auto_word.html?type=base&rest_code=00105 HTTP/1.1" 200 1753
61.172.5.115 - - [30/May/2020:08:50:51 +0800] "GET /xingrg/all/common/auto_word.html?type=base&rest_code=00105 HTTP/1.1" 200 1753
61.172.5.115 - - [30/May/2020:08:50:51 +0800] "GET /xingrg/javascript/easyui/themes/default/validatebox.css HTTP/1.1" 404 1104
61.172.5.115 - - [30/May/2020:08:50:51 +0800] "POST /xingrg/kc/base/wldb_order_operate.html HTTP/1.1" 200 6806
117.184.7.26 - - [30/May/2020:08:50:55 +0800] "GET /xingrg/kc/buy/cgsh_order_operate.html?command=get_materiel&rest_code=00108&code=00101015005&supplier_code=00100054&order_time=2020-05-30 HTTP/1.1" 200 412
180.162.232.172 - - [30/May/2020:08:50:57 +0800] "GET /xingrg/kc/buy/cgsh_order_operate.html?command=get_materiel&rest_code=00150&code=00101008038&supplier_code=00100007&order_time=2020-05-30 HTTP/1.1" 200 412
58.221.95.50 - - [30/May/2020:08:50:57 +0800] "GET /xingrg/check_reg.html?_=1590799909965 HTTP/1.1" 200 22
58.221.95.50 - - [30/May/2020:08:50:57 +0800] "GET /xingrg/all/function/internal_message.html?_=1590799909950&CODE_STATE=getMsg HTTP/1.1" 200 27
114.88.170.9 - - [30/May/2020:08:50:57 +0800] "GET /xingrg/all/function/internal_message.html?_=1590799854146&CODE_STATE=getMsg HTTP/1.1" 200 27
61.172.5.115 - - [30/May/2020:08:50:59 +0800] "GET /xingrg/kc/base/wldb_order_operate.html?command=get_materiel&rest_code=00105&base_code=0010513&code=00102002794 HTTP/1.1" 200 430
114.84.33.255 - - [30/May/2020:08:51:02 +0800] "GET /xingrg/all/function/internal_message.html?_=1590799880639&CODE_STATE=getMsg HTTP/1.1" 200 27
180.162.232.172 - - [30/May/2020:08:51:03 +0800] "GET /xingrg/kc/buy/cgsh_order_operate.html?command=get_materiel&rest_code=00150&code=00101008088&supplier_code=00100007&order_time=2020-05-30 HTTP/1.1" 200 408
172.17.0.185 - - [30/May/2020:08:51:03 +0800] "GET /xingrg/all/function/internal_message.html?_=1590799864929&CODE_STATE=getMsg HTTP/1.1" 200 27
116.230.77.149 - - [30/May/2020:08:51:04 +0800] "GET /xingrg/all/function/internal_message.html?_=1590799856082&CODE_STATE=getMsg HTTP/1.1" 200 27
61.172.5.115 - - [30/May/2020:08:51:04 +0800] "POST /xingrg/all/common/load_combo.html?type=base HTTP/1.1" 200 3142
180.162.232.172 - - [30/May/2020:08:51:09 +0800] "GET /xingrg/kc/buy/cgsh_order_operate.html?command=get_materiel&rest_code=00150&code=00101008163&supplier_code=00100007&order_time=2020-05-30 HTTP/1.1" 200 408
61.172.5.115 - - [30/May/2020:08:51:13 +0800] "GET /xingrg/kc/base/wldb_order_operate.html?command=get_materiel&rest_code=00105&base_code=0010523&code=00102002794 HTTP/1.1" 200 430
180.162.232.172 - - [30/May/2020:08:51:17 +0800] "GET /xingrg/kc/buy/cgsh_order_operate.html?command=get_materiel&rest_code=00150&code=00101008004&supplier_code=00100007&order_time=2020-05-30 HTTP/1.1" 200 416
61.172.5.115 - - [30/May/2020:08:51:22 +0800] "GET /xingrg/all/function/internal_message.html?_=1590799885963&CODE_STATE=getMsg HTTP/1.1" 200 27
61.172.5.115 - - [30/May/2020:08:51:22 +0800] "GET /xingrg/check_reg.html?_=1590799885965 HTTP/1.1" 200 22
180.162.232.172 - - [30/May/2020:08:51:25 +0800] "GET /xingrg/kc/buy/cgsh_order_operate.html?command=get_materiel&rest_code=00150&code=00101008355&supplier_code=00100007&order_time=2020-05-30 HTTP/1.1" 200 408
180.162.232.172 - - [30/May/2020:08:51:30 +0800] "GET /xingrg/kc/buy/cgsh_order_operate.html?command=get_materiel&rest_code=00150&code=00101008264&supplier_code=00100007&order_time=2020-05-30 HTTP/1.1" 200 412
180.162.232.172 - - [30/May/2020:08:51:32 +0800] "GET /xingrg/all/function/internal_message.html?_=1590799893421&CODE_STATE=getMsg HTTP/1.1" 200 27
120.253.135.82 - - [30/May/2020:08:51:34 +0800] "GET /xingrg/check_reg.html?_=1590800023052 HTTP/1.1" 200 22
180.162.232.172 - - [30/May/2020:08:51:34 +0800] "GET /xingrg/check_reg.html?_=1590800025667 HTTP/1.1" 200 22
180.162.232.172 - - [30/May/2020:08:51:34 +0800] "GET /xingrg/all/function/internal_message.html?_=1590800025773&CODE_STATE=getMsg HTTP/1.1" 200 27
180.162.232.172 - - [30/May/2020:08:51:36 +0800] "GET /xingrg/kc/buy/cgsh_order_operate.html?command=get_materiel&rest_code=00150&code=00101008356&supplier_code=00100007&order_time=2020-05-30 HTTP/1.1" 200 408
180.175.212.199 - - [30/May/2020:08:51:37 +0800] "POST /xingrg/all/common/load_combo.html?type=base HTTP/1.1" 200 2966
172.17.0.240 - - [30/May/2020:08:51:37 +0800] "GET /xingrg/all/function/internal_message.html?_=1590799899131&CODE_STATE=getMsg HTTP/1.1" 200 27
120.253.135.82 - - [30/May/2020:08:51:38 +0800] "GET /xingrg/all/function/internal_message.html?_=1590800027601&CODE_STATE=getMsg HTTP/1.1" 200 27
180.175.212.199 - - [30/May/2020:08:51:41 +0800] "GET /xingrg/all/function/internal_message.html?_=1590800106948&CODE_STATE=getMsg HTTP/1.1" 200 27
180.162.232.172 - - [30/May/2020:08:51:44 +0800] "GET /xingrg/kc/buy/cgsh_order_operate.html?command=get_materiel&rest_code=00150&code=00101008300&supplier_code=00100007&order_time=2020-05-30 HTTP/1.1" 200 412
180.175.212.199 - - [30/May/2020:08:51:44 +0800] "GET /xingrg/kc/base/wldb_order_operate.html?command=get_materiel&rest_code=00102&base_code=0010476&code=00101019056 HTTP/1.1" 200 474
101.83.241.210 - - [30/May/2020:08:51:44 +0800] "GET /xingrg/all/function/internal_message.html?_=1590799900604&CODE_STATE=getMsg HTTP/1.1" 200 27
117.184.7.26 - - [30/May/2020:08:51:46 +0800] "GET /xingrg/kc/buy/cgsh_order_operate.html?command=get_materiel&rest_code=00108&code=00101015070&supplier_code=00100054&order_time=2020-05-30 HTTP/1.1" 200 413
117.184.7.26 - - [30/May/2020:08:51:47 +0800] "GET /xingrg/all/function/internal_message.html?_=1590799900368&CODE_STATE=getMsg HTTP/1.1" 200 27
117.185.32.26 - - [30/May/2020:08:51:48 +0800] "GET /xingrg/all/function/internal_message.html?_=1590800332630&CODE_STATE=getMsg HTTP/1.1" 200 27
180.175.212.199 - - [30/May/2020:08:51:50 +0800] "GET /xingrg/kc/base/wldb_order_operate.html?command=get_materiel&rest_code=00102&base_code=0010476&code=00101019073 HTTP/1.1" 200 475
101.83.241.210 - - [30/May/2020:08:51:53 +0800] "GET /xingrg/kc/buy/cgsh_order_operate.html?command=get_materiel&rest_code=00149&code=00101009030&supplier_code=00100005&order_time=2020-05-30 HTTP/1.1" 200 412
180.162.232.172 - - [30/May/2020:08:51:54 +0800] "GET /xingrg/kc/buy/cgsh_order_operate.html?command=get_materiel&rest_code=00150&code=00101008439&supplier_code=00100007&order_time=2020-05-30 HTTP/1.1" 200 399
180.175.212.199 - - [30/May/2020:08:51:55 +0800] "GET /xingrg/kc/base/wldb_order_operate.html?command=get_materiel&rest_code=00102&base_code=0010476&code=00101019536 HTTP/1.1" 200 470
180.162.232.172 - - [30/May/2020:08:51:56 +0800] "POST /xingrg/kc/buy/cgsh_order_operate.html HTTP/1.1" 200 2065
58.221.95.50 - - [30/May/2020:08:51:57 +0800] "GET /xingrg/all/function/internal_message.html?_=1590799969947&CODE_STATE=getMsg HTTP/1.1" 200 27
114.88.170.9 - - [30/May/2020:08:51:57 +0800] "GET /xingrg/all/function/internal_message.html?_=1590799914146&CODE_STATE=getMsg HTTP/1.1" 200 27
180.175.212.199 - - [30/May/2020:08:51:58 +0800] "GET /xingrg/kc/base/wldb_order_operate.html?command=get_materiel&rest_code=00102&base_code=0010476&code=00101019535 HTTP/1.1" 200 476
120.253.135.82 - - [30/May/2020:08:52:01 +0800] "GET /xingrg/check_reg.html?_=1590800050330 HTTP/1.1" 200 22
180.162.232.172 - - [30/May/2020:08:52:01 +0800] "GET /xingrg/kc/buy/cgsh_order_operate.html?command=get_materiel&rest_code=00150&code=00101008360&supplier_code=00100007&order_time=2020-05-30 HTTP/1.1" 200 412
114.84.33.255 - - [30/May/2020:08:52:02 +0800] "GET /xingrg/all/function/internal_message.html?_=1590799940746&CODE_STATE=getMsg HTTP/1.1" 200 27
172.17.0.185 - - [30/May/2020:08:52:03 +0800] "GET /xingrg/all/function/internal_message.html?_=1590799924934&CODE_STATE=getMsg HTTP/1.1" 200 27
180.175.212.199 - - [30/May/2020:08:52:03 +0800] "GET /xingrg/kc/base/wldb_order_operate.html?command=get_materiel&rest_code=00102&base_code=0010476&code=00101019295 HTTP/1.1" 200 463
116.230.77.149 - - [30/May/2020:08:52:04 +0800] "GET /xingrg/all/function/internal_message.html?_=1590799916074&CODE_STATE=getMsg HTTP/1.1" 200 27
180.175.212.199 - - [30/May/2020:08:52:06 +0800] "GET /xingrg/kc/base/wldb_order_operate.html?command=get_materiel&rest_code=00102&base_code=0010476&code=00101019071 HTTP/1.1" 200 455
180.162.232.172 - - [30/May/2020:08:52:07 +0800] "GET /xingrg/kc/buy/cgsh_order_operate.html?command=get_materiel&rest_code=00150&code=00101008286&supplier_code=00100007&order_time=2020-05-30 HTTP/1.1" 200 408
117.184.7.26 - - [30/May/2020:08:52:10 +0800] "GET /xingrg/kc/buy/cgsh_order_operate.html?command=get_materiel&rest_code=00108&code=00101030030&supplier_code=00100054&order_time=2020-05-30 HTTP/1.1" 200 391
101.83.241.210 - - [30/May/2020:08:52:10 +0800] "POST /xingrg/kc/buy/cgsh_order_operate.html HTTP/1.1" 200 2065
180.162.232.172 - - [30/May/2020:08:52:14 +0800] "GET /xingrg/kc/buy/cgsh_order_operate.html?command=get_materiel&rest_code=00150&code=00101008036&supplier_code=00100007&order_time=2020-05-30 HTTP/1.1" 200 408
180.162.232.172 - - [30/May/2020:08:52:20 +0800] "GET /xingrg/kc/buy/cgsh_order_operate.html?command=get_materiel&rest_code=00150&code=00101008131&supplier_code=00100007&order_time=2020-05-30 HTTP/1.1" 200 408
117.184.7.26 - - [30/May/2020:08:52:22 +0800] "GET /xingrg/kc/buy/cgsh_order_operate.html?command=get_materiel&rest_code=00108&code=00101015061&supplier_code=00100054&order_time=2020-05-30 HTTP/1.1" 200 412
61.172.5.115 - - [30/May/2020:08:52:22 +0800] "GET /xingrg/all/function/internal_message.html?_=1590799945933&CODE_STATE=getMsg HTTP/1.1" 200 27
180.162.232.172 - - [30/May/2020:08:52:26 +0800] "GET /xingrg/kc/buy/cgsh_order_operate.html?command=get_materiel&rest_code=00150&code=00101008296&supplier_code=00100007&order_time=2020-05-30 HTTP/1.1" 200 416
180.162.232.172 - - [30/May/2020:08:52:32 +0800] "GET /xingrg/all/function/internal_message.html?_=1590799953400&CODE_STATE=getMsg HTTP/1.1" 200 27
180.162.232.172 - - [30/May/2020:08:52:33 +0800] "POST /xingrg/kc/buy/cgsh_order_operate.html HTTP/1.1" 200 2065
180.162.232.172 - - [30/May/2020:08:52:34 +0800] "GET /xingrg/all/function/internal_message.html?_=1590800085789&CODE_STATE=getMsg HTTP/1.1" 200 27
172.17.0.240 - - [30/May/2020:08:52:37 +0800] "GET /xingrg/all/function/internal_message.html?_=1590799959122&CODE_STATE=getMsg HTTP/1.1" 200 27
180.162.232.172 - - [30/May/2020:08:52:38 +0800] "GET /xingrg/kc/buy/cgsh_order_operate.html?command=get_materiel&rest_code=00150&code=00101008169&supplier_code=00100007&order_time=2020-05-30 HTTP/1.1" 200 412
120.253.135.82 - - [30/May/2020:08:52:39 +0800] "GET /xingrg/all/function/internal_message.html?_=1590800087650&CODE_STATE=getMsg HTTP/1.1" 200 27
180.175.212.199 - - [30/May/2020:08:52:42 +0800] "GET /xingrg/all/function/internal_message.html?_=1590800166961&CODE_STATE=getMsg HTTP/1.1" 200 27
101.83.241.210 - - [30/May/2020:08:52:44 +0800] "GET /xingrg/all/function/internal_message.html?_=1590799960599&CODE_STATE=getMsg HTTP/1.1" 200 27
180.162.232.172 - - [30/May/2020:08:52:45 +0800] "GET /xingrg/kc/buy/cgsh_order_operate.html?command=get_materiel&rest_code=00150&code=00101008353&supplier_code=00100007&order_time=2020-05-30 HTTP/1.1" 200 408
117.184.7.26 - - [30/May/2020:08:52:47 +0800] "GET /xingrg/kc/buy/cgsh_order_operate.html?command=get_materiel&rest_code=00108&code=00101015099&supplier_code=00100054&order_time=2020-05-30 HTTP/1.1" 200 395
117.184.7.26 - - [30/May/2020:08:52:47 +0800] "GET /xingrg/all/function/internal_message.html?_=1590799960355&CODE_STATE=getMsg HTTP/1.1" 200 27
117.185.32.26 - - [30/May/2020:08:52:48 +0800] "GET /xingrg/all/function/internal_message.html?_=1590800392636&CODE_STATE=getMsg HTTP/1.1" 200 27
101.83.241.210 - - [30/May/2020:08:52:51 +0800] "GET /xingrg/kc/buy/cgsh_order_operate.html?command=get_materiel&rest_code=00149&code=00101008356&supplier_code=00100005&order_time=2020-05-30 HTTP/1.1" 200 408
180.162.232.172 - - [30/May/2020:08:52:52 +0800] "GET /xingrg/kc/buy/cgsh_order_operate.html?command=get_materiel&rest_code=00150&code=00101008110&supplier_code=00100007&order_time=2020-05-30 HTTP/1.1" 200 408
101.83.241.210 - - [30/May/2020:08:52:53 +0800] "POST /xingrg/services/DataTransmitService HTTP/1.1" 200 524
180.162.232.172 - - [30/May/2020:08:52:56 +0800] "GET /xingrg/kc/buy/cgsh_order_operate.html?command=get_materiel&rest_code=00150&code=00101008229&supplier_code=00100007&order_time=2020-05-30 HTTP/1.1" 200 420
117.184.7.26 - - [30/May/2020:08:52:57 +0800] "GET /xingrg/kc/buy/cgsh_order_operate.html?command=get_materiel&rest_code=00108&code=00101015032&supplier_code=00100054&order_time=2020-05-30 HTTP/1.1" 200 418
58.221.95.50 - - [30/May/2020:08:52:57 +0800] "GET /xingrg/all/function/internal_message.html?_=1590800029943&CODE_STATE=getMsg HTTP/1.1" 200 27
114.88.170.9 - - [30/May/2020:08:52:57 +0800] "GET /xingrg/all/function/internal_message.html?_=1590799974146&CODE_STATE=getMsg HTTP/1.1" 200 27
114.88.170.9 - - [30/May/2020:08:52:57 +0800] "GET /xingrg/check_reg.html?_=1590799974149 HTTP/1.1" 200 22
114.84.33.255 - - [30/May/2020:08:53:02 +0800] "GET /xingrg/check_reg.html?_=1590800000275 HTTP/1.1" 200 22
114.84.33.255 - - [30/May/2020:08:53:02 +0800] "GET /xingrg/all/function/internal_message.html?_=1590800000760&CODE_STATE=getMsg HTTP/1.1" 200 27
172.17.0.185 - - [30/May/2020:08:53:03 +0800] "GET /xingrg/all/function/internal_message.html?_=1590799984924&CODE_STATE=getMsg HTTP/1.1" 200 27
172.17.0.185 - - [30/May/2020:08:53:03 +0800] "GET /xingrg/check_reg.html?_=1590799984925 HTTP/1.1" 200 22
180.162.232.172 - - [30/May/2020:08:53:03 +0800] "GET /xingrg/kc/buy/cgsh_order_operate.html?command=get_materiel&rest_code=00150&code=00101016071&supplier_code=00100007&order_time=2020-05-30 HTTP/1.1" 200 416
116.230.77.149 - - [30/May/2020:08:53:04 +0800] "GET /xingrg/all/function/internal_message.html?_=1590799976073&CODE_STATE=getMsg HTTP/1.1" 200 27
180.162.232.172 - - [30/May/2020:08:53:06 +0800] "POST /xingrg/kc/buy/cgsh_order_operate.html HTTP/1.1" 200 2065
120.253.135.82 - - [30/May/2020:08:53:16 +0800] "GET /xingrg/check_reg.html?_=1590800125465 HTTP/1.1" 200 22
180.162.232.172 - - [30/May/2020:08:53:21 +0800] "GET /xingrg/kc/buy/cgsh_order_operate.html?command=get_materiel&rest_code=00150&code=00101008020&supplier_code=00100007&order_time=2020-05-30 HTTP/1.1" 200 408
61.172.5.115 - - [30/May/2020:08:53:22 +0800] "GET /xingrg/all/function/internal_message.html?_=1590800005920&CODE_STATE=getMsg HTTP/1.1" 200 27
101.83.241.210 - - [30/May/2020:08:53:26 +0800] "GET /xingrg/kc/buy/cgsh_order_operate.html?command=get_materiel&rest_code=00149&code=00101008205&supplier_code=00100005&order_time=2020-05-30 HTTP/1.1" 200 412
180.162.232.172 - - [30/May/2020:08:53:32 +0800] "GET /xingrg/all/function/internal_message.html?_=1590800013470&CODE_STATE=getMsg HTTP/1.1" 200 27
180.162.232.172 - - [30/May/2020:08:53:32 +0800] "GET /xingrg/check_reg.html?_=1590800013471 HTTP/1.1" 200 22
114.84.151.157 - - [30/May/2020:08:53:33 +0800] "GET /xingrg/index.html?sysBaseUrl=http%3A%2F%2F180.169.147.146%3A18081%2Fxingrg%2F&costTime=34×tamp=1585622960984 HTTP/1.1" 302 -
114.84.151.157 - - [30/May/2020:08:53:33 +0800] "GET /xingrg/login.html HTTP/1.1" 200 7641
180.162.232.172 - - [30/May/2020:08:53:33 +0800] "GET /xingrg/kc/buy/cgsh_order_operate.html?command=get_materiel&rest_code=00150&code=00101008219&supplier_code=00100007&order_time=2020-05-30 HTTP/1.1" 200 412
114.84.151.157 - - [30/May/2020:08:53:33 +0800] "GET /favicon.ico HTTP/1.1" 404 -
180.162.232.172 - - [30/May/2020:08:53:34 +0800] "GET /xingrg/all/function/internal_message.html?_=1590800145802&CODE_STATE=getMsg HTTP/1.1" 200 27
172.17.0.240 - - [30/May/2020:08:53:37 +0800] "GET /xingrg/check_reg.html?_=1590800019115 HTTP/1.1" 200 22
172.17.0.240 - - [30/May/2020:08:53:37 +0800] "GET /xingrg/all/function/internal_message.html?_=1590800019116&CODE_STATE=getMsg HTTP/1.1" 200 27
180.163.220.67 - - [30/May/2020:08:53:38 +0800] "GET / HTTP/1.1" 404 -
42.236.10.93 - - [30/May/2020:08:53:38 +0800] "GET /xingrg/index.html HTTP/1.1" 302 -
120.253.135.82 - - [30/May/2020:08:53:39 +0800] "GET /xingrg/all/function/internal_message.html?_=1590800147659&CODE_STATE=getMsg HTTP/1.1" 200 27
114.84.151.157 - - [30/May/2020:08:53:39 +0800] "POST /xingrg/login.do HTTP/1.1" 302 -
114.84.151.157 - - [30/May/2020:08:53:39 +0800] "GET /xingrg/index.html?sysBaseUrl=http%3A%2F%2F180.169.147.146%3A18081%2Fxingrg%2F&costTime=39×tamp=1590800019637 HTTP/1.1" 200 17179
42.236.10.93 - - [30/May/2020:08:53:39 +0800] "GET /xingrg/index.html HTTP/1.1" 302 -
114.84.151.157 - - [30/May/2020:08:53:39 +0800] "POST /xingrg/all/common/load_tree.html?tree=area_rest_tree_json&manage=1 HTTP/1.1" 200 351
114.84.151.157 - - [30/May/2020:08:53:39 +0800] "GET /xingrg/all/function/internal_message.html?_=1590800023939&CODE_STATE=count HTTP/1.1" 200 11
114.84.151.157 - - [30/May/2020:08:53:39 +0800] "GET /xingrg/check_reg.html?_=1590800023940 HTTP/1.1" 200 22
114.84.151.157 - - [30/May/2020:08:53:39 +0800] "GET /favicon.ico HTTP/1.1" 404 -
114.84.151.157 - - [30/May/2020:08:53:39 +0800] "POST /xingrg/load_menu.html HTTP/1.1" 200 5138
42.236.10.93 - - [30/May/2020:08:53:40 +0800] "GET /xingrg/login.html HTTP/1.1" 200 2139
101.83.241.210 - - [30/May/2020:08:53:40 +0800] "GET /xingrg/kc/buy/cgsh_order_operate.html?command=get_materiel&rest_code=00149&code=00101008118&supplier_code=00100005&order_time=2020-05-30 HTTP/1.1" 200 418
42.236.10.93 - - [30/May/2020:08:53:40 +0800] "GET /xingrg/javascript/mobile/jquery.mobile-1.3.2.min.css HTTP/1.1" 200 94670
42.236.10.78 - - [30/May/2020:08:53:40 +0800] "GET /xingrg/javascript/mobile/jquery-1.8.3.min.js HTTP/1.1" 200 93637
42.236.10.125 - - [30/May/2020:08:53:40 +0800] "GET /xingrg/javascript/mobile/jquery.mobile-1.3.2.min.js HTTP/1.1" 200 145396
114.84.151.157 - - [30/May/2020:08:53:41 +0800] "GET /xingrg/kc/buy/buy_main.html HTTP/1.1" 200 12412
114.84.151.157 - - [30/May/2020:08:53:41 +0800] "GET /xingrg/css/new_ie.css HTTP/1.1" 404 1036
42.236.10.125 - - [30/May/2020:08:53:41 +0800] "GET /xingrg/javascript/mobile/images/ajax-loader.gif HTTP/1.1" 200 7825
180.175.212.199 - - [30/May/2020:08:53:42 +0800] "GET /xingrg/all/function/internal_message.html?_=1590800226974&CODE_STATE=getMsg HTTP/1.1" 200 27
114.84.151.157 - - [30/May/2020:08:53:42 +0800] "GET /xingrg/images/yd/bt.gif HTTP/1.1" 404 1040
180.163.220.5 - - [30/May/2020:08:53:42 +0800] "GET / HTTP/1.1" 404 -
114.84.151.157 - - [30/May/2020:08:53:42 +0800] "GET /xingrg/kc/buy/cgsh_order_list.html HTTP/1.1" 200 43002
180.162.232.172 - - [30/May/2020:08:53:44 +0800] "GET /xingrg/kc/buy/cgsh_order_operate.html?command=get_materiel&rest_code=00150&code=00101008221&supplier_code=00100007&order_time=2020-05-30 HTTP/1.1" 200 412
114.84.151.157 - - [30/May/2020:08:53:44 +0800] "POST /xingrg/kc/buy/cgsh_list_operate.html HTTP/1.1" 200 876
101.83.241.210 - - [30/May/2020:08:53:44 +0800] "GET /xingrg/all/function/internal_message.html?_=1590800020624&CODE_STATE=getMsg HTTP/1.1" 200 27
114.84.151.157 - - [30/May/2020:08:53:45 +0800] "GET /xingrg/kc/buy/cgsh_order_add.html HTTP/1.1" 200 58740
114.84.151.157 - - [30/May/2020:08:53:45 +0800] "GET /xingrg/words/20200529170309_words.js HTTP/1.1" 304 -
114.84.151.157 - - [30/May/2020:08:53:45 +0800] "GET /xingrg/all/common/auto_word.html?type=employee&rest_code=00141 HTTP/1.1" 200 201
114.84.151.157 - - [30/May/2020:08:53:45 +0800] "GET /xingrg/javascript/easyui/themes/default/validatebox.css HTTP/1.1" 404 1104
114.84.151.157 - - [30/May/2020:08:53:45 +0800] "GET /xingrg/all/common/auto_word.html?type=employee&rest_code=00141 HTTP/1.1" 200 201
114.84.151.157 - - [30/May/2020:08:53:45 +0800] "POST /xingrg/kc/buy/cgsh_order_operate.html HTTP/1.1" 200 8245
42.236.10.84 - - [30/May/2020:08:53:47 +0800] "GET / HTTP/1.1" 404 -
117.184.7.26 - - [30/May/2020:08:53:47 +0800] "GET /xingrg/all/function/internal_message.html?_=1590800020396&CODE_STATE=getMsg HTTP/1.1" 200 27
42.236.10.84 - - [30/May/2020:08:53:47 +0800] "GET / HTTP/1.1" 404 -
117.185.32.26 - - [30/May/2020:08:53:48 +0800] "GET /xingrg/all/function/internal_message.html?_=1590800452637&CODE_STATE=getMsg HTTP/1.1" 200 27
114.84.151.157 - - [30/May/2020:08:53:48 +0800] "GET /xingrg/javascript/auto/indicator.gif HTTP/1.1" 404 1066
114.84.151.157 - - [30/May/2020:08:53:49 +0800] "GET /xingrg/javascript/jquery_tools/images/prev.gif HTTP/1.1" 404 1086
114.84.151.157 - - [30/May/2020:08:53:49 +0800] "GET /xingrg/javascript/jquery_tools/images/next.gif HTTP/1.1" 404 1086
117.184.7.26 - - [30/May/2020:08:53:49 +0800] "POST /xingrg/kc/buy/cgsh_order_operate.html HTTP/1.1" 200 37
180.162.232.172 - - [30/May/2020:08:53:50 +0800] "GET /xingrg/kc/buy/cgsh_order_operate.html?command=get_materiel&rest_code=00150&code=00101008010&supplier_code=00100007&order_time=2020-05-30 HTTP/1.1" 200 412
117.184.7.26 - - [30/May/2020:08:53:50 +0800] "POST /xingrg/kc/buy/cgsh_order_operate.html HTTP/1.1" 200 7377
101.83.241.210 - - [30/May/2020:08:53:51 +0800] "GET /xingrg/kc/buy/cgsh_order_operate.html?command=get_materiel&rest_code=00149&code=00101015004&supplier_code=00100005&order_time=2020-05-30 HTTP/1.1" 200 408
114.84.151.157 - - [30/May/2020:08:53:53 +0800] "GET /xingrg/kc/buy/cgsh_order_operate.html?command=get_materiel&rest_code=00141&code=00101008271&supplier_code=00100007&order_time=2020-05-30 HTTP/1.1" 200 408
180.162.232.172 - - [30/May/2020:08:53:55 +0800] "GET /xingrg/kc/buy/cgsh_order_operate.html?command=get_materiel&rest_code=00150&code=00101008361&supplier_code=00100007&order_time=2020-05-30 HTTP/1.1" 200 408
101.83.241.210 - - [30/May/2020:08:53:56 +0800] "POST /xingrg/kc/buy/cgsh_order_operate.html HTTP/1.1" 200 2065
58.221.95.50 - - [30/May/2020:08:53:57 +0800] "GET /xingrg/all/function/internal_message.html?_=1590800089943&CODE_STATE=getMsg HTTP/1.1" 200 27
114.88.170.9 - - [30/May/2020:08:53:57 +0800] "GET /xingrg/all/function/internal_message.html?_=1590800034148&CODE_STATE=getMsg HTTP/1.1" 200 27
117.184.7.26 - - [30/May/2020:08:53:57 +0800] "GET /xingrg/kc/print/load_data.html?order_code=212020053011002&kc_code=cgsh&condition= HTTP/1.1" 200 2441
180.162.232.172 - - [30/May/2020:08:53:58 +0800] "POST /xingrg/kc/buy/cgsh_order_operate.html HTTP/1.1" 200 2065
180.162.232.172 - - [30/May/2020:08:54:02 +0800] "GET /xingrg/kc/buy/cgsh_order_operate.html?command=get_materiel&rest_code=00150&code=00101008283&supplier_code=00100007&order_time=2020-05-30 HTTP/1.1" 200 408
114.84.33.255 - - [30/May/2020:08:54:02 +0800] "GET /xingrg/all/function/internal_message.html?_=1590800060773&CODE_STATE=getMsg HTTP/1.1" 200 27
172.17.0.185 - - [30/May/2020:08:54:03 +0800] "GET /xingrg/all/function/internal_message.html?_=1590800044922&CODE_STATE=getMsg HTTP/1.1" 200 27
116.230.77.149 - - [30/May/2020:08:54:04 +0800] "GET /xingrg/all/function/internal_message.html?_=1590800036074&CODE_STATE=getMsg HTTP/1.1" 200 27
117.184.7.26 - - [30/May/2020:08:54:05 +0800] "POST /xingrg/kc/buy/cgsh_list_operate.html HTTP/1.1" 200 2769
101.83.241.210 - - [30/May/2020:08:54:06 +0800] "GET /xingrg/kc/buy/cgsh_order_operate.html?command=get_materiel&rest_code=00149&code=00101008137&supplier_code=00100005&order_time=2020-05-30 HTTP/1.1" 200 408
114.84.151.157 - - [30/May/2020:08:54:07 +0800] "GET /xingrg/kc/buy/cgsh_order_operate.html?command=get_materiel&rest_code=00141&code=00101008288&supplier_code=00100007&order_time=2020-05-30 HTTP/1.1" 200 408
114.84.151.157 - - [30/May/2020:08:54:13 +0800] "GET /xingrg/kc/buy/cgsh_order_operate.html?command=get_materiel&rest_code=00141&code=00101008357&supplier_code=00100007&order_time=2020-05-30 HTTP/1.1" 200 410
114.84.151.157 - - [30/May/2020:08:54:20 +0800] "GET /xingrg/kc/buy/cgsh_order_operate.html?command=get_materiel&rest_code=00141&code=00101008098&supplier_code=00100007&order_time=2020-05-30 HTTP/1.1" 200 412
61.172.5.115 - - [30/May/2020:08:54:22 +0800] "GET /xingrg/all/function/internal_message.html?_=1590800065919&CODE_STATE=getMsg HTTP/1.1" 200 27
101.83.241.210 - - [30/May/2020:08:54:30 +0800] "GET /xingrg/kc/buy/cgsh_order_operate.html?command=get_materiel&rest_code=00149&code=00101008059&supplier_code=00100005&order_time=2020-05-30 HTTP/1.1" 200 408
180.162.232.172 - - [30/May/2020:08:54:32 +0800] "GET /xingrg/all/function/internal_message.html?_=1590800073451&CODE_STATE=getMsg HTTP/1.1" 200 27
114.84.151.157 - - [30/May/2020:08:54:33 +0800] "GET /xingrg/kc/buy/cgsh_order_operate.html?command=get_materiel&rest_code=00141&code=00101008356&supplier_code=00100007&order_time=2020-05-30 HTTP/1.1" 200 408
180.162.232.172 - - [30/May/2020:08:54:34 +0800] "GET /xingrg/all/function/internal_message.html?_=1590800205830&CODE_STATE=getMsg HTTP/1.1" 200 27
172.17.0.240 - - [30/May/2020:08:54:37 +0800] "GET /xingrg/all/function/internal_message.html?_=1590800079127&CODE_STATE=getMsg HTTP/1.1" 200 27
120.253.135.82 - - [30/May/2020:08:54:39 +0800] "GET /xingrg/all/function/internal_message.html?_=1590800207673&CODE_STATE=getMsg HTTP/1.1" 200 27
114.84.151.157 - - [30/May/2020:08:54:39 +0800] "GET /xingrg/all/function/internal_message.html?_=1590800083959&CODE_STATE=getMsg HTTP/1.1" 200 27
120.253.135.82 - - [30/May/2020:08:54:41 +0800] "GET /xingrg/check_reg.html?_=1590800209888 HTTP/1.1" 200 22
180.175.212.199 - - [30/May/2020:08:54:42 +0800] "GET /xingrg/all/function/internal_message.html?_=1590800287265&CODE_STATE=getMsg HTTP/1.1" 200 27
101.83.241.210 - - [30/May/2020:08:54:44 +0800] "GET /xingrg/all/function/internal_message.html?_=1590800080608&CODE_STATE=getMsg HTTP/1.1" 200 27
101.83.241.210 - - [30/May/2020:08:54:44 +0800] "GET /xingrg/check_reg.html?_=1590800080613 HTTP/1.1" 200 22
180.162.232.172 - - [30/May/2020:08:54:44 +0800] "POST /xingrg/kc/buy/cgsh_order_operate.html HTTP/1.1" 200 37
180.162.232.172 - - [30/May/2020:08:54:45 +0800] "POST /xingrg/kc/buy/cgsh_order_operate.html HTTP/1.1" 200 23346
101.83.241.210 - - [30/May/2020:08:54:46 +0800] "GET /xingrg/kc/buy/cgsh_order_operate.html?command=get_materiel&rest_code=00149&code=00101008079&supplier_code=00100005&order_time=2020-05-30 HTTP/1.1" 200 416
117.184.7.26 - - [30/May/2020:08:54:47 +0800] "GET /xingrg/all/function/internal_message.html?_=1590800080372&CODE_STATE=getMsg HTTP/1.1" 200 27
116.230.77.149 - - [30/May/2020:08:54:47 +0800] "GET /xingrg/kc/buy/buy_main.html HTTP/1.1" 200 12412
116.230.77.149 - - [30/May/2020:08:54:47 +0800] "GET /xingrg/css/new_ie.css HTTP/1.1" 404 1036
114.84.151.157 - - [30/May/2020:08:54:47 +0800] "POST /xingrg/kc/buy/cgsh_order_operate.html HTTP/1.1" 200 37
117.185.32.26 - - [30/May/2020:08:54:48 +0800] "GET /xingrg/all/function/internal_message.html?_=1590800512637&CODE_STATE=getMsg HTTP/1.1" 200 27
117.185.32.26 - - [30/May/2020:08:54:48 +0800] "GET /xingrg/check_reg.html?_=1590800512641 HTTP/1.1" 200 22
114.84.151.157 - - [30/May/2020:08:54:49 +0800] "POST /xingrg/kc/buy/cgsh_order_operate.html HTTP/1.1" 200 12
114.84.151.157 - - [30/May/2020:08:54:50 +0800] "GET /xingrg/kc/buy/cgsh_order_info.html?code=212020053011004 HTTP/1.1" 200 53643
114.84.151.157 - - [30/May/2020:08:54:50 +0800] "GET /xingrg/javascript/easyui/themes/default/validatebox.css HTTP/1.1" 404 1104
114.84.151.157 - - [30/May/2020:08:54:51 +0800] "POST /xingrg/kc/buy/cgsh_order_operate.html HTTP/1.1" 200 2946
116.230.77.149 - - [30/May/2020:08:54:51 +0800] "GET /xingrg/images/yd/bt.gif HTTP/1.1" 404 1040
116.230.77.149 - - [30/May/2020:08:54:51 +0800] "GET /xingrg/kc/buy/cgsh_order_list.html HTTP/1.1" 200 43002
114.84.151.157 - - [30/May/2020:08:54:52 +0800] "GET /xingrg/kc/print/load_config.html?kc_code=cgsh HTTP/1.1" 200 1845
114.84.151.157 - - [30/May/2020:08:54:52 +0800] "GET /xingrg/kc/print/load_data.html?order_code=212020053011004&kc_code=cgsh&condition= HTTP/1.1" 200 1634
116.230.77.149 - - [30/May/2020:08:54:55 +0800] "POST /xingrg/kc/buy/cgsh_list_operate.html HTTP/1.1" 200 1666
58.221.95.50 - - [30/May/2020:08:54:57 +0800] "GET /xingrg/all/function/internal_message.html?_=1590800149956&CODE_STATE=getMsg HTTP/1.1" 200 27
114.88.170.9 - - [30/May/2020:08:54:57 +0800] "GET /xingrg/all/function/internal_message.html?_=1590800094152&CODE_STATE=getMsg HTTP/1.1" 200 27
116.230.77.149 - - [30/May/2020:08:54:57 +0800] "POST /xingrg/kc/buy/cgsh_list_operate.html HTTP/1.1" 200 594
180.175.212.199 - - [30/May/2020:08:54:58 +0800] "GET /xingrg/kc/base/wldb_order_operate.html?command=get_materiel&rest_code=00102&base_code=0010476&code=00101019315 HTTP/1.1" 200 463
114.84.151.157 - - [30/May/2020:08:54:59 +0800] "GET /xingrg/kc/buy/cgsh_order_add.html HTTP/1.1" 200 58740
114.84.151.157 - - [30/May/2020:08:55:00 +0800] "POST /xingrg/kc/buy/cgsh_order_operate.html HTTP/1.1" 200 8245
114.84.151.157 - - [30/May/2020:08:55:00 +0800] "GET /xingrg/javascript/easyui/themes/default/validatebox.css HTTP/1.1" 404 1104
114.84.33.255 - - [30/May/2020:08:55:02 +0800] "GET /xingrg/all/function/internal_message.html?_=1590800120787&CODE_STATE=getMsg HTTP/1.1" 200 27
180.175.212.199 - - [30/May/2020:08:55:03 +0800] "GET /xingrg/kc/base/wldb_order_operate.html?command=get_materiel&rest_code=00102&base_code=0010476&code=00101016076 HTTP/1.1" 200 477
172.17.0.185 - - [30/May/2020:08:55:03 +0800] "GET /xingrg/all/function/internal_message.html?_=1590800104923&CODE_STATE=getMsg HTTP/1.1" 200 27
116.230.77.149 - - [30/May/2020:08:55:04 +0800] "GET /xingrg/check_reg.html?_=1590800096090 HTTP/1.1" 200 22
116.230.77.149 - - [30/May/2020:08:55:04 +0800] "GET /xingrg/all/function/internal_message.html?_=1590800096093&CODE_STATE=getMsg HTTP/1.1" 200 27
116.230.77.149 - - [30/May/2020:08:55:05 +0800] "GET /xingrg/kc/buy/cgsh_order_info.html?code=212020052910938 HTTP/1.1" 200 58780
114.84.151.157 - - [30/May/2020:08:55:05 +0800] "GET /xingrg/kc/buy/cgsh_order_operate.html?command=get_materiel&rest_code=00141&code=00101008126&supplier_code=00100007&order_time=2020-05-30 HTTP/1.1" 200 412
116.230.77.149 - - [30/May/2020:08:55:06 +0800] "GET /xingrg/words/20200529170309_words.js HTTP/1.1" 304 -
116.230.77.149 - - [30/May/2020:08:55:06 +0800] "GET /xingrg/all/common/auto_word.html?type=employee&rest_code=00107 HTTP/1.1" 200 197
116.230.77.149 - - [30/May/2020:08:55:06 +0800] "GET /xingrg/javascript/easyui/themes/default/validatebox.css HTTP/1.1" 404 1104
116.230.77.149 - - [30/May/2020:08:55:06 +0800] "GET /xingrg/all/common/auto_word.html?type=employee&rest_code=00107 HTTP/1.1" 200 197
116.230.77.149 - - [30/May/2020:08:55:06 +0800] "POST /xingrg/kc/buy/cgsh_order_operate.html HTTP/1.1" 200 6814
180.175.212.199 - - [30/May/2020:08:55:07 +0800] "GET /xingrg/kc/base/wldb_order_operate.html?command=get_materiel&rest_code=00102&base_code=0010476&code=00101019438 HTTP/1.1" 200 447
180.175.212.199 - - [30/May/2020:08:55:11 +0800] "GET /xingrg/kc/base/wldb_order_operate.html?command=get_materiel&rest_code=00102&base_code=0010476&code=00101019398 HTTP/1.1" 200 471
116.230.77.149 - - [30/May/2020:08:55:13 +0800] "POST /xingrg/kc/buy/cgsh_order_operate.html HTTP/1.1" 200 37
116.230.77.149 - - [30/May/2020:08:55:15 +0800] "POST /xingrg/kc/buy/cgsh_order_operate.html HTTP/1.1" 200 12
116.230.77.149 - - [30/May/2020:08:55:16 +0800] "GET /xingrg/kc/buy/cgsh_order_info.html?code=212020052910938 HTTP/1.1" 200 53672
180.162.232.172 - - [30/May/2020:08:55:16 +0800] "GET /xingrg/kc/buy/cgsh_order_operate.html?command=get_materiel&rest_code=00150&code=00101008331&supplier_code=00100007&order_time=2020-05-30 HTTP/1.1" 200 416
116.230.77.149 - - [30/May/2020:08:55:16 +0800] "GET /xingrg/javascript/easyui/themes/default/validatebox.css HTTP/1.1" 404 1104
116.230.77.149 - - [30/May/2020:08:55:17 +0800] "POST /xingrg/kc/buy/cgsh_order_operate.html HTTP/1.1" 200 4760
101.83.241.210 - - [30/May/2020:08:55:20 +0800] "GET /xingrg/kc/buy/cgsh_order_operate.html?command=get_materiel&rest_code=00149&code=00101008161&supplier_code=00100005&order_time=2020-05-30 HTTP/1.1" 200 409
180.175.212.199 - - [30/May/2020:08:55:20 +0800] "GET /xingrg/kc/base/wldb_order_operate.html?command=get_materiel&rest_code=00102&base_code=0010476&code=00101019405 HTTP/1.1" 200 468
114.84.33.255 - - [30/May/2020:08:55:21 +0800] "POST /xingrg/kc/buy/cgsh_order_operate.html HTTP/1.1" 200 37
180.162.232.172 - - [30/May/2020:08:55:21 +0800] "GET /xingrg/kc/buy/cgsh_order_operate.html?command=get_materiel&rest_code=00150&code=00101008350&supplier_code=00100007&order_time=2020-05-30 HTTP/1.1" 200 408
114.84.33.255 - - [30/May/2020:08:55:21 +0800] "POST /xingrg/kc/buy/cgsh_order_operate.html HTTP/1.1" 200 2661
61.172.5.115 - - [30/May/2020:08:55:22 +0800] "GET /xingrg/all/function/internal_message.html?_=1590800125919&CODE_STATE=getMsg HTTP/1.1" 200 27
114.84.33.255 - - [30/May/2020:08:55:22 +0800] "GET /xingrg/kc/buy/buy_main.html HTTP/1.1" 200 12412
114.84.33.255 - - [30/May/2020:08:55:22 +0800] "GET /xingrg/css/new_ie.css HTTP/1.1" 404 1036
114.84.33.255 - - [30/May/2020:08:55:23 +0800] "GET /xingrg/images/yd/bt.gif HTTP/1.1" 404 1040
114.84.33.255 - - [30/May/2020:08:55:23 +0800] "GET /xingrg/kc/buy/cgsh_order_list.html HTTP/1.1" 200 43002
180.175.212.199 - - [30/May/2020:08:55:24 +0800] "GET /xingrg/kc/base/wldb_order_operate.html?command=get_materiel&rest_code=00102&base_code=0010476&code=00101019391 HTTP/1.1" 200 471
114.84.33.255 - - [30/May/2020:08:55:25 +0800] "POST /xingrg/kc/buy/cgsh_list_operate.html HTTP/1.1" 200 2412
180.162.232.172 - - [30/May/2020:08:55:32 +0800] "GET /xingrg/all/function/internal_message.html?_=1590800133427&CODE_STATE=getMsg HTTP/1.1" 200 27
180.162.232.172 - - [30/May/2020:08:55:33 +0800] "GET /xingrg/kc/buy/cgsh_order_operate.html?command=get_materiel&rest_code=00150&code=00101008223&supplier_code=00100007&order_time=2020-05-30 HTTP/1.1" 200 412
180.162.232.172 - - [30/May/2020:08:55:34 +0800] "GET /xingrg/all/function/internal_message.html?_=1590800265845&CODE_STATE=getMsg HTTP/1.1" 200 27
180.162.232.172 - - [30/May/2020:08:55:35 +0800] "POST /xingrg/kc/buy/cgsh_order_operate.html HTTP/1.1" 200 2065
172.17.0.240 - - [30/May/2020:08:55:37 +0800] "GET /xingrg/all/function/internal_message.html?_=1590800139117&CODE_STATE=getMsg HTTP/1.1" 200 27
120.253.135.82 - - [30/May/2020:08:55:39 +0800] "GET /xingrg/all/function/internal_message.html?_=1590800267706&CODE_STATE=getMsg HTTP/1.1" 200 27
180.162.232.172 - - [30/May/2020:08:55:39 +0800] "GET /xingrg/kc/buy/cgsh_order_operate.html?command=get_materiel&rest_code=00150&code=00101008357&supplier_code=00100007&order_time=2020-05-30 HTTP/1.1" 200 408
114.84.151.157 - - [30/May/2020:08:55:39 +0800] "GET /xingrg/all/function/internal_message.html?_=1590800143966&CODE_STATE=getMsg HTTP/1.1" 200 27
180.175.212.199 - - [30/May/2020:08:55:41 +0800] "GET /xingrg/check_reg.html?_=1590800345981 HTTP/1.1" 200 22
180.175.212.199 - - [30/May/2020:08:55:42 +0800] "GET /xingrg/all/function/internal_message.html?_=1590800347267&CODE_STATE=getMsg HTTP/1.1" 200 27
101.83.241.210 - - [30/May/2020:08:55:44 +0800] "GET /xingrg/all/function/internal_message.html?_=1590800140602&CODE_STATE=getMsg HTTP/1.1" 200 27
117.184.7.26 - - [30/May/2020:08:55:47 +0800] "GET /xingrg/check_reg.html?_=1590800140315 HTTP/1.1" 200 22
