114.88.170.9 - - [30/May/2020:09:30:57 +0800] "GET /xingrg/all/function/internal_message.html?_=1590802254232&CODE_STATE=getMsg HTTP/1.1" 200 27
180.162.232.172 - - [30/May/2020:09:30:57 +0800] "GET /xingrg/javascript/jquery_tools/images/prev.gif HTTP/1.1" 404 1086
180.162.232.172 - - [30/May/2020:09:30:57 +0800] "GET /xingrg/javascript/jquery_tools/images/next.gif HTTP/1.1" 404 1086
101.91.60.11 - - [30/May/2020:09:31:02 +0800] "GET /xingrg/login.html HTTP/1.1" 200 7641
172.17.0.185 - - [30/May/2020:09:31:03 +0800] "GET /xingrg/all/function/internal_message.html?_=1590802264924&CODE_STATE=getMsg HTTP/1.1" 200 27
114.84.33.255 - - [30/May/2020:09:31:04 +0800] "GET /xingrg/all/function/internal_message.html?_=1590802282486&CODE_STATE=getMsg HTTP/1.1" 200 27
180.175.212.199 - - [30/May/2020:09:31:05 +0800] "GET /xingrg/kc/base/wldb_order_operate.html?command=get_materiel&rest_code=00102&base_code=0010476&code=00101016086 HTTP/1.1" 200 469
116.230.77.149 - - [30/May/2020:09:31:05 +0800] "GET /xingrg/kc/buy/cgsh_order_add.html HTTP/1.1" 200 58781
116.230.77.149 - - [30/May/2020:09:31:06 +0800] "GET /xingrg/javascript/easyui/themes/default/validatebox.css HTTP/1.1" 404 1104
116.230.77.149 - - [30/May/2020:09:31:06 +0800] "POST /xingrg/kc/buy/cgsh_order_operate.html HTTP/1.1" 200 8245
116.230.77.149 - - [30/May/2020:09:31:07 +0800] "GET /xingrg/javascript/easyui/themes/default/tree.css HTTP/1.1" 404 1090
116.230.77.149 - - [30/May/2020:09:31:07 +0800] "POST /xingrg/all/common/load_tree.html?tree=supplier_tree_json&isDelete=1 HTTP/1.1" 200 48460
117.184.7.30 - - [30/May/2020:09:31:14 +0800] "GET /xingrg/all/function/internal_message.html?_=1590802267865&CODE_STATE=getMsg HTTP/1.1" 200 27
116.230.77.149 - - [30/May/2020:09:31:19 +0800] "GET /xingrg/all/function/internal_message.html?_=1590802271562&CODE_STATE=getMsg HTTP/1.1" 200 27
101.85.53.146 - - [30/May/2020:09:31:20 +0800] "GET /xingrg/check_reg.html?_=1590801771992 HTTP/1.1" 200 22
180.162.232.172 - - [30/May/2020:09:31:21 +0800] "GET /xingrg/all/function/internal_message.html?_=1590802412279&CODE_STATE=getMsg HTTP/1.1" 200 27
61.172.5.115 - - [30/May/2020:09:31:22 +0800] "GET /xingrg/all/function/internal_message.html?_=1590802285968&CODE_STATE=getMsg HTTP/1.1" 200 27
61.172.5.115 - - [30/May/2020:09:31:22 +0800] "GET /xingrg/check_reg.html?_=1590802286091 HTTP/1.1" 200 22
114.88.170.9 - - [30/May/2020:09:31:24 +0800] "GET /xingrg/all/function/internal_message.html?_=1590802286630&CODE_STATE=getMsg HTTP/1.1" 200 27
101.83.241.210 - - [30/May/2020:09:31:24 +0800] "POST /xingrg/kc/buy/cgsh_order_operate.html HTTP/1.1" 200 37
116.230.77.149 - - [30/May/2020:09:31:24 +0800] "GET /xingrg/kc/buy/cgsh_order_operate.html?command=get_materiel&rest_code=00107&code=00101006055&supplier_code=00100010&order_time=2020-05-30 HTTP/1.1" 200 409
61.129.6.225 - - [30/May/2020:09:31:30 +0800] "GET /xingrg/all/function/internal_message.html?_=1590801584031&CODE_STATE=getMsg HTTP/1.1" 302 -
101.83.241.210 - - [30/May/2020:09:31:30 +0800] "POST /xingrg/kc/buy/cgsh_order_operate.html HTTP/1.1" 200 12
61.129.6.225 - - [30/May/2020:09:31:32 +0800] "GET /xingrg/login.html HTTP/1.1" 200 7641
120.253.135.82 - - [30/May/2020:09:31:34 +0800] "GET /xingrg/check_reg.html?_=1590802423105 HTTP/1.1" 200 22
172.17.0.240 - - [30/May/2020:09:31:37 +0800] "GET /xingrg/all/function/internal_message.html?_=1590802299114&CODE_STATE=getMsg HTTP/1.1" 200 27
120.253.135.82 - - [30/May/2020:09:31:39 +0800] "GET /xingrg/all/function/internal_message.html?_=1590802428410&CODE_STATE=getMsg HTTP/1.1" 200 27
114.84.151.157 - - [30/May/2020:09:31:40 +0800] "GET /xingrg/all/function/internal_message.html?_=1590802304055&CODE_STATE=getMsg HTTP/1.1" 200 27
180.175.212.199 - - [30/May/2020:09:31:45 +0800] "GET /xingrg/all/function/internal_message.html?_=1590802510596&CODE_STATE=getMsg HTTP/1.1" 200 27
117.185.32.26 - - [30/May/2020:09:31:48 +0800] "GET /xingrg/all/function/internal_message.html?_=1590802732829&CODE_STATE=getMsg HTTP/1.1" 200 27
180.162.232.172 - - [30/May/2020:09:31:49 +0800] "GET /xingrg/all/function/internal_message.html?_=1590802311148&CODE_STATE=getMsg HTTP/1.1" 200 27
116.230.77.149 - - [30/May/2020:09:31:53 +0800] "GET /xingrg/kc/buy/cgsh_order_operate.html?command=get_materiel&rest_code=00107&code=00101006065&supplier_code=00100010&order_time=2020-05-30 HTTP/1.1" 200 409
101.83.241.210 - - [30/May/2020:09:31:55 +0800] "GET /xingrg/kc/buy/cgsh_order_info.html?code=212020053011029 HTTP/1.1" 200 53633
101.83.241.210 - - [30/May/2020:09:31:56 +0800] "GET /xingrg/javascript/easyui/themes/default/validatebox.css HTTP/1.1" 404 1104
101.83.241.210 - - [30/May/2020:09:31:56 +0800] "POST /xingrg/kc/buy/cgsh_order_operate.html HTTP/1.1" 200 608
58.221.95.50 - - [30/May/2020:09:31:57 +0800] "GET /xingrg/all/function/internal_message.html?_=1590802369997&CODE_STATE=getMsg HTTP/1.1" 200 27
114.88.170.9 - - [30/May/2020:09:31:57 +0800] "GET /xingrg/all/function/internal_message.html?_=1590802314205&CODE_STATE=getMsg HTTP/1.1" 200 27
120.253.135.82 - - [30/May/2020:09:32:01 +0800] "GET /xingrg/check_reg.html?_=1590802450378 HTTP/1.1" 200 22
116.230.77.149 - - [30/May/2020:09:32:02 +0800] "GET /xingrg/kc/buy/cgsh_order_operate.html?command=get_materiel&rest_code=00107&code=00101006094&supplier_code=00100010&order_time=2020-05-30 HTTP/1.1" 200 410
172.17.0.185 - - [30/May/2020:09:32:03 +0800] "GET /xingrg/all/function/internal_message.html?_=1590802324927&CODE_STATE=getMsg HTTP/1.1" 200 27
114.84.33.255 - - [30/May/2020:09:32:04 +0800] "GET /xingrg/all/function/internal_message.html?_=1590802342491&CODE_STATE=getMsg HTTP/1.1" 200 27
180.162.232.172 - - [30/May/2020:09:32:07 +0800] "GET /xingrg/kc/buy/cgsh_order_add.html HTTP/1.1" 200 58388
172.17.0.110 - - [30/May/2020:09:32:08 +0800] "GET /xingrg/index.html?sysBaseUrl=http%3A%2F%2F172.17.0.8%3A18081%2Fxingrg%2F&costTime=32×tamp=1585227824564 HTTP/1.1" 302 -
172.17.0.110 - - [30/May/2020:09:32:08 +0800] "GET /xingrg/login.html HTTP/1.1" 200 7636
180.162.232.172 - - [30/May/2020:09:32:08 +0800] "POST /xingrg/kc/buy/cgsh_order_operate.html HTTP/1.1" 200 8245
180.162.232.172 - - [30/May/2020:09:32:08 +0800] "GET /xingrg/javascript/easyui/themes/default/validatebox.css HTTP/1.1" 404 1104
172.17.0.110 - - [30/May/2020:09:32:08 +0800] "GET /favicon.ico HTTP/1.1" 404 -
101.89.239.120 - - [30/May/2020:09:32:11 +0800] "GET /xingrg/all/function/internal_message.html?_=1590801644030&CODE_STATE=getMsg HTTP/1.1" 302 -
172.17.0.110 - - [30/May/2020:09:32:13 +0800] "POST /xingrg/login.do HTTP/1.1" 302 -
172.17.0.110 - - [30/May/2020:09:32:13 +0800] "GET /xingrg/index.html?sysBaseUrl=http%3A%2F%2F172.17.0.8%3A18081%2Fxingrg%2F&costTime=38×tamp=1590802333109 HTTP/1.1" 200 17124
172.17.0.110 - - [30/May/2020:09:32:13 +0800] "GET /favicon.ico HTTP/1.1" 404 -
172.17.0.110 - - [30/May/2020:09:32:13 +0800] "POST /xingrg/all/common/load_tree.html?tree=area_rest_tree_json&manage=1 HTTP/1.1" 200 351
172.17.0.110 - - [30/May/2020:09:32:13 +0800] "GET /xingrg/all/function/internal_message.html?_=1590802332920&CODE_STATE=count HTTP/1.1" 200 11
172.17.0.110 - - [30/May/2020:09:32:13 +0800] "GET /xingrg/check_reg.html?_=1590802332920 HTTP/1.1" 200 22
172.17.0.110 - - [30/May/2020:09:32:13 +0800] "POST /xingrg/load_menu.html HTTP/1.1" 200 5103
172.17.0.110 - - [30/May/2020:09:32:14 +0800] "GET /xingrg/kc/buy/buy_main.html HTTP/1.1" 200 12377
172.17.0.110 - - [30/May/2020:09:32:14 +0800] "GET /xingrg/css/new_ie.css HTTP/1.1" 404 1036
172.17.0.110 - - [30/May/2020:09:32:14 +0800] "GET /xingrg/images/yd/bt.gif HTTP/1.1" 404 1040
117.184.7.30 - - [30/May/2020:09:32:14 +0800] "GET /xingrg/all/function/internal_message.html?_=1590802327877&CODE_STATE=getMsg HTTP/1.1" 200 27
172.17.0.110 - - [30/May/2020:09:32:15 +0800] "GET /xingrg/kc/buy/cgsh_order_list.html HTTP/1.1" 200 42982
172.17.0.110 - - [30/May/2020:09:32:16 +0800] "POST /xingrg/kc/buy/cgsh_list_operate.html HTTP/1.1" 200 1694
116.230.77.149 - - [30/May/2020:09:32:19 +0800] "GET /xingrg/all/function/internal_message.html?_=1590802331565&CODE_STATE=getMsg HTTP/1.1" 200 27
116.230.77.149 - - [30/May/2020:09:32:19 +0800] "GET /xingrg/check_reg.html?_=1590802331565 HTTP/1.1" 200 22
101.89.239.120 - - [30/May/2020:09:32:20 +0800] "GET /xingrg/login.html HTTP/1.1" 200 7641
116.230.77.149 - - [30/May/2020:09:32:21 +0800] "GET /xingrg/kc/buy/cgsh_order_operate.html?command=get_materiel&rest_code=00107&code=00101006133&supplier_code=00100010&order_time=2020-05-30 HTTP/1.1" 200 413
180.162.232.172 - - [30/May/2020:09:32:21 +0800] "GET /xingrg/all/function/internal_message.html?_=1590802472292&CODE_STATE=getMsg HTTP/1.1" 200 27
61.172.5.115 - - [30/May/2020:09:32:22 +0800] "GET /xingrg/all/function/internal_message.html?_=1590802345981&CODE_STATE=getMsg HTTP/1.1" 200 27
114.88.170.9 - - [30/May/2020:09:32:24 +0800] "GET /xingrg/all/function/internal_message.html?_=1590802346642&CODE_STATE=getMsg HTTP/1.1" 200 27
172.17.0.110 - - [30/May/2020:09:32:24 +0800] "GET /xingrg/javascript/auto/indicator.gif HTTP/1.1" 404 1066
172.17.0.110 - - [30/May/2020:09:32:28 +0800] "POST /xingrg/kc/buy/cgsh_list_operate.html HTTP/1.1" 200 4783
116.230.77.149 - - [30/May/2020:09:32:33 +0800] "GET /xingrg/kc/buy/cgsh_order_operate.html?command=get_materiel&rest_code=00107&code=00101006130&supplier_code=00100010&order_time=2020-05-30 HTTP/1.1" 200 427
172.17.0.240 - - [30/May/2020:09:32:37 +0800] "GET /xingrg/all/function/internal_message.html?_=1590802359123&CODE_STATE=getMsg HTTP/1.1" 200 27
120.253.135.82 - - [30/May/2020:09:32:39 +0800] "GET /xingrg/all/function/internal_message.html?_=1590802488445&CODE_STATE=getMsg HTTP/1.1" 200 27
114.84.151.157 - - [30/May/2020:09:32:40 +0800] "GET /xingrg/all/function/internal_message.html?_=1590802364053&CODE_STATE=getMsg HTTP/1.1" 200 27
180.162.232.172 - - [30/May/2020:09:32:40 +0800] "GET /xingrg/kc/buy/cgsh_order_operate.html?command=get_materiel&rest_code=00151&code=00101007090&supplier_code=00100002&order_time=2020-05-30 HTTP/1.1" 200 413
101.83.241.210 - - [30/May/2020:09:32:44 +0800] "GET /xingrg/all/function/internal_message.html?_=1590802360669&CODE_STATE=getMsg HTTP/1.1" 200 27
180.175.212.199 - - [30/May/2020:09:32:45 +0800] "GET /xingrg/all/function/internal_message.html?_=1590802570608&CODE_STATE=getMsg HTTP/1.1" 200 27
117.185.32.26 - - [30/May/2020:09:32:48 +0800] "GET /xingrg/all/function/internal_message.html?_=1590802792828&CODE_STATE=getMsg HTTP/1.1" 200 27
180.162.232.172 - - [30/May/2020:09:32:49 +0800] "GET /xingrg/check_reg.html?_=1590802371150 HTTP/1.1" 200 22
180.162.232.172 - - [30/May/2020:09:32:49 +0800] "GET /xingrg/all/function/internal_message.html?_=1590802371152&CODE_STATE=getMsg HTTP/1.1" 200 27
116.230.77.149 - - [30/May/2020:09:32:52 +0800] "GET /xingrg/kc/buy/cgsh_order_operate.html?command=get_materiel&rest_code=00107&code=00101006109&supplier_code=00100010&order_time=2020-05-30 HTTP/1.1" 200 409
58.221.95.50 - - [30/May/2020:09:32:57 +0800] "GET /xingrg/all/function/internal_message.html?_=1590802429997&CODE_STATE=getMsg HTTP/1.1" 200 27
114.88.170.9 - - [30/May/2020:09:32:57 +0800] "GET /xingrg/all/function/internal_message.html?_=1590802374188&CODE_STATE=getMsg HTTP/1.1" 200 27
114.88.170.9 - - [30/May/2020:09:32:57 +0800] "GET /xingrg/check_reg.html?_=1590802374185 HTTP/1.1" 200 22
180.162.232.172 - - [30/May/2020:09:32:58 +0800] "GET /xingrg/kc/buy/cgsh_order_operate.html?command=get_materiel&rest_code=00151&code=00101007055&supplier_code=00100002&order_time=2020-05-30 HTTP/1.1" 200 409
114.84.33.255 - - [30/May/2020:09:33:02 +0800] "GET /xingrg/check_reg.html?_=1590802401128 HTTP/1.1" 200 22
172.17.0.185 - - [30/May/2020:09:33:03 +0800] "GET /xingrg/all/function/internal_message.html?_=1590802384931&CODE_STATE=getMsg HTTP/1.1" 200 27
172.17.0.185 - - [30/May/2020:09:33:03 +0800] "GET /xingrg/check_reg.html?_=1590802384938 HTTP/1.1" 200 22
114.84.33.255 - - [30/May/2020:09:33:04 +0800] "GET /xingrg/all/function/internal_message.html?_=1590802402504&CODE_STATE=getMsg HTTP/1.1" 200 27
116.230.77.149 - - [30/May/2020:09:33:04 +0800] "GET /xingrg/kc/buy/cgsh_order_operate.html?command=get_materiel&rest_code=00107&code=00101006111&supplier_code=00100010&order_time=2020-05-30 HTTP/1.1" 200 409
116.230.77.149 - - [30/May/2020:09:33:10 +0800] "POST /xingrg/kc/buy/cgsh_order_operate.html HTTP/1.1" 200 37
101.83.241.210 - - [30/May/2020:09:33:10 +0800] "GET /xingrg/kc/print/load_data.html?order_code=212020053011029&kc_code=cgsh&condition= HTTP/1.1" 200 685
180.162.232.172 - - [30/May/2020:09:33:10 +0800] "GET /xingrg/kc/buy/cgsh_order_operate.html?command=get_materiel&rest_code=00151&code=00101007125&supplier_code=00100002&order_time=2020-05-30 HTTP/1.1" 200 406
116.230.77.149 - - [30/May/2020:09:33:11 +0800] "POST /xingrg/kc/buy/cgsh_order_operate.html HTTP/1.1" 200 6214
172.17.0.110 - - [30/May/2020:09:33:13 +0800] "GET /xingrg/all/function/internal_message.html?_=1590802392935&CODE_STATE=getMsg HTTP/1.1" 200 27
116.230.77.149 - - [30/May/2020:09:33:14 +0800] "GET /xingrg/kc/print/load_data.html?order_code=212020053011030&kc_code=cgsh&condition= HTTP/1.1" 200 2081
117.184.7.30 - - [30/May/2020:09:33:14 +0800] "GET /xingrg/all/function/internal_message.html?_=1590802387858&CODE_STATE=getMsg HTTP/1.1" 200 27
120.253.135.82 - - [30/May/2020:09:33:16 +0800] "GET /xingrg/check_reg.html?_=1590802525516 HTTP/1.1" 200 22
116.230.77.149 - - [30/May/2020:09:33:19 +0800] "GET /xingrg/all/function/internal_message.html?_=1590802391565&CODE_STATE=getMsg HTTP/1.1" 200 27
180.162.232.172 - - [30/May/2020:09:33:21 +0800] "GET /xingrg/all/function/internal_message.html?_=1590802532306&CODE_STATE=getMsg HTTP/1.1" 200 27
61.172.5.115 - - [30/May/2020:09:33:22 +0800] "GET /xingrg/all/function/internal_message.html?_=1590802405968&CODE_STATE=getMsg HTTP/1.1" 200 27
114.88.170.9 - - [30/May/2020:09:33:24 +0800] "GET /xingrg/all/function/internal_message.html?_=1590802406675&CODE_STATE=getMsg HTTP/1.1" 200 27
117.184.7.30 - - [30/May/2020:09:33:34 +0800] "GET /favicon.ico HTTP/1.1" 404 -
172.17.0.240 - - [30/May/2020:09:33:37 +0800] "GET /xingrg/check_reg.html?_=1590802419117 HTTP/1.1" 200 22
172.17.0.240 - - [30/May/2020:09:33:37 +0800] "GET /xingrg/all/function/internal_message.html?_=1590802419119&CODE_STATE=getMsg HTTP/1.1" 200 27
120.253.135.82 - - [30/May/2020:09:33:39 +0800] "GET /xingrg/all/function/internal_message.html?_=1590802548452&CODE_STATE=getMsg HTTP/1.1" 200 27
114.84.151.157 - - [30/May/2020:09:33:40 +0800] "GET /xingrg/all/function/internal_message.html?_=1590802424052&CODE_STATE=getMsg HTTP/1.1" 200 27
114.84.151.157 - - [30/May/2020:09:33:40 +0800] "GET /xingrg/check_reg.html?_=1590802424054 HTTP/1.1" 200 22
101.83.241.210 - - [30/May/2020:09:33:44 +0800] "GET /xingrg/all/function/internal_message.html?_=1590802420651&CODE_STATE=getMsg HTTP/1.1" 200 27
180.175.212.199 - - [30/May/2020:09:33:46 +0800] "GET /xingrg/all/function/internal_message.html?_=1590802631207&CODE_STATE=getMsg HTTP/1.1" 200 27
117.185.32.26 - - [30/May/2020:09:33:48 +0800] "GET /xingrg/all/function/internal_message.html?_=1590802852827&CODE_STATE=getMsg HTTP/1.1" 200 27
180.162.232.172 - - [30/May/2020:09:33:49 +0800] "GET /xingrg/all/function/internal_message.html?_=1590802431139&CODE_STATE=getMsg HTTP/1.1" 200 27
180.175.212.199 - - [30/May/2020:09:33:54 +0800] "GET /xingrg/kc/base/wldb_order_operate.html?command=get_materiel&rest_code=00102&base_code=0010476&code=00101011005 HTTP/1.1" 200 430
58.221.95.50 - - [30/May/2020:09:33:57 +0800] "GET /xingrg/all/function/internal_message.html?_=1590802489997&CODE_STATE=getMsg HTTP/1.1" 200 27
114.88.170.9 - - [30/May/2020:09:33:57 +0800] "GET /xingrg/all/function/internal_message.html?_=1590802434177&CODE_STATE=getMsg HTTP/1.1" 200 27
172.17.0.185 - - [30/May/2020:09:34:03 +0800] "GET /xingrg/all/function/internal_message.html?_=1590802444927&CODE_STATE=getMsg HTTP/1.1" 200 27
114.84.33.255 - - [30/May/2020:09:34:04 +0800] "GET /xingrg/all/function/internal_message.html?_=1590802462517&CODE_STATE=getMsg HTTP/1.1" 200 27
172.17.0.110 - - [30/May/2020:09:34:13 +0800] "GET /xingrg/all/function/internal_message.html?_=1590802452933&CODE_STATE=getMsg HTTP/1.1" 200 27
117.184.7.30 - - [30/May/2020:09:34:14 +0800] "GET /xingrg/all/function/internal_message.html?_=1590802447893&CODE_STATE=getMsg HTTP/1.1" 200 27
172.17.0.123 - - [30/May/2020:09:34:16 +0800] "GET /xingrg/login.html HTTP/1.1" 200 7636
172.17.0.123 - - [30/May/2020:09:34:16 +0800] "GET /xingrg/images/blue/jxLogo.png HTTP/1.1" 200 6156
172.17.0.123 - - [30/May/2020:09:34:16 +0800] "GET /xingrg/images/blue/login_bg.png HTTP/1.1" 200 22101
172.17.0.123 - - [30/May/2020:09:34:16 +0800] "GET /xingrg/images/blue/hj.png HTTP/1.1" 200 1014
172.17.0.123 - - [30/May/2020:09:34:16 +0800] "GET /xingrg/images/blue/srbg.png HTTP/1.1" 200 138
172.17.0.123 - - [30/May/2020:09:34:16 +0800] "GET /favicon.ico HTTP/1.1" 404 -
116.230.77.149 - - [30/May/2020:09:34:19 +0800] "GET /xingrg/all/function/internal_message.html?_=1590802451563&CODE_STATE=getMsg HTTP/1.1" 200 27
180.162.232.172 - - [30/May/2020:09:34:21 +0800] "GET /xingrg/all/function/internal_message.html?_=1590802592376&CODE_STATE=getMsg HTTP/1.1" 200 27
61.172.5.115 - - [30/May/2020:09:34:22 +0800] "GET /xingrg/all/function/internal_message.html?_=1590802465969&CODE_STATE=getMsg HTTP/1.1" 200 27
114.88.170.9 - - [30/May/2020:09:34:24 +0800] "GET /xingrg/all/function/internal_message.html?_=1590802466685&CODE_STATE=getMsg HTTP/1.1" 200 27
172.17.0.123 - - [30/May/2020:09:34:25 +0800] "POST /xingrg/login.do HTTP/1.1" 302 -
172.17.0.123 - - [30/May/2020:09:34:25 +0800] "GET /xingrg/index.html?sysBaseUrl=http%3A%2F%2F172.17.0.8%3A18081%2Fxingrg%2F&costTime=41×tamp=1590802465525 HTTP/1.1" 200 17448
172.17.0.123 - - [30/May/2020:09:34:25 +0800] "GET /xingrg/javascript/jquery_easy_ui/themes/default/easyui.css HTTP/1.1" 200 26500
172.17.0.123 - - [30/May/2020:09:34:25 +0800] "GET /xingrg/javascript/jquery_easy_ui/themes/icon.css HTTP/1.1" 200 3949
172.17.0.123 - - [30/May/2020:09:34:25 +0800] "GET /xingrg/css/form.css HTTP/1.1" 200 893
172.17.0.123 - - [30/May/2020:09:34:25 +0800] "GET /xingrg/javascript/jquery-1.4.2.min.js HTTP/1.1" 200 72205
172.17.0.123 - - [30/May/2020:09:34:25 +0800] "GET /xingrg/javascript/jquery_easy_ui/easyui-lang-zh_CN.js HTTP/1.1" 200 1900
172.17.0.123 - - [30/May/2020:09:34:25 +0800] "GET /xingrg/javascript/jquery_easy_ui/jquery.easyui.min.js HTTP/1.1" 200 213662
172.17.0.123 - - [30/May/2020:09:34:25 +0800] "GET /xingrg/javascript/jquery.form.js HTTP/1.1" 200 23110
172.17.0.123 - - [30/May/2020:09:34:25 +0800] "GET /xingrg/javascript/jquery.timers.js HTTP/1.1" 200 3532
172.17.0.123 - - [30/May/2020:09:34:25 +0800] "GET /xingrg/javascript/jquery.utils.js HTTP/1.1" 200 11805
172.17.0.123 - - [30/May/2020:09:34:25 +0800] "GET /favicon.ico HTTP/1.1" 404 -
172.17.0.123 - - [30/May/2020:09:34:25 +0800] "GET /xingrg/javascript/jquery_easy_ui/themes/icons/settle_new.png HTTP/1.1" 200 826
172.17.0.123 - - [30/May/2020:09:34:25 +0800] "GET /xingrg/images/blue/navBackgound.jpg HTTP/1.1" 200 12378
172.17.0.123 - - [30/May/2020:09:34:25 +0800] "POST /xingrg/all/common/load_tree.html?tree=area_rest_tree_json&manage=1 HTTP/1.1" 200 3088
172.17.0.123 - - [30/May/2020:09:34:26 +0800] "GET /xingrg/all/function/internal_message.html?_=1590802451858&CODE_STATE=count HTTP/1.1" 200 11
172.17.0.123 - - [30/May/2020:09:34:26 +0800] "GET /xingrg/check_reg.html?_=1590802451858 HTTP/1.1" 200 22
172.17.0.123 - - [30/May/2020:09:34:26 +0800] "GET /xingrg/images/blue/pingpu.png HTTP/1.1" 200 231
172.17.0.123 - - [30/May/2020:09:34:26 +0800] "GET /xingrg/javascript/jquery_easy_ui/themes/default/images/tabs_leftarrow.png HTTP/1.1" 200 389
172.17.0.123 - - [30/May/2020:09:34:26 +0800] "GET /xingrg/javascript/jquery_easy_ui/themes/default/images/tabs_rightarrow.png HTTP/1.1" 200 395
172.17.0.123 - - [30/May/2020:09:34:26 +0800] "GET /xingrg/javascript/jquery_easy_ui/themes/default/images/panel_tool_expand.gif HTTP/1.1" 200 247
172.17.0.123 - - [30/May/2020:09:34:26 +0800] "GET /xingrg/javascript/jquery_easy_ui/themes/default/images/panel_tool_collapse.gif HTTP/1.1" 200 246
172.17.0.123 - - [30/May/2020:09:34:26 +0800] "POST /xingrg/load_menu.html HTTP/1.1" 200 11408
101.91.60.105 - - [30/May/2020:09:34:26 +0800] "GET /xingrg/all/function/internal_message.html?_=1590801764027&CODE_STATE=getMsg HTTP/1.1" 302 -
172.17.0.123 - - [30/May/2020:09:34:26 +0800] "GET /xingrg/javascript/jquery_easy_ui/themes/default/images/tree_arrows.gif HTTP/1.1" 200 1043
172.17.0.123 - - [30/May/2020:09:34:26 +0800] "GET /xingrg/javascript/jquery_easy_ui/themes/default/images/tree_folder_open.gif HTTP/1.1" 200 956
172.17.0.123 - - [30/May/2020:09:34:26 +0800] "GET /xingrg/javascript/jquery_easy_ui/themes/icons/search_new.png HTTP/1.1" 200 586
172.17.0.123 - - [30/May/2020:09:34:26 +0800] "GET /xingrg/javascript/jquery_easy_ui/themes/icons/delivery_new.png HTTP/1.1" 200 700
172.17.0.123 - - [30/May/2020:09:34:26 +0800] "GET /xingrg/javascript/jquery_easy_ui/themes/icons/storage_new.png HTTP/1.1" 200 853
172.17.0.123 - - [30/May/2020:09:34:26 +0800] "GET /xingrg/javascript/jquery_easy_ui/themes/icons/checkout_new.png HTTP/1.1" 200 744
172.17.0.123 - - [30/May/2020:09:34:26 +0800] "GET /xingrg/javascript/jquery_easy_ui/themes/icons/forms_new.png HTTP/1.1" 200 350
172.17.0.123 - - [30/May/2020:09:34:26 +0800] "GET /xingrg/javascript/jquery_easy_ui/themes/icons/setting_new.png HTTP/1.1" 200 450
172.17.0.123 - - [30/May/2020:09:34:26 +0800] "GET /xingrg/javascript/jquery_easy_ui/themes/icons/systemset_new.png HTTP/1.1" 200 606
172.17.0.123 - - [30/May/2020:09:34:26 +0800] "GET /xingrg/javascript/jquery_easy_ui/themes/default/images/tree_file.gif HTTP/1.1" 200 118
172.17.0.123 - - [30/May/2020:09:34:26 +0800] "GET /xingrg/javascript/jquery_easy_ui/themes/default/images/tree_folder.gif HTTP/1.1" 200 952
101.91.60.105 - - [30/May/2020:09:34:34 +0800] "GET /xingrg/login.html HTTP/1.1" 200 7641
172.17.0.240 - - [30/May/2020:09:34:37 +0800] "GET /xingrg/all/function/internal_message.html?_=1590802479112&CODE_STATE=getMsg HTTP/1.1" 200 27
120.253.135.82 - - [30/May/2020:09:34:39 +0800] "GET /xingrg/all/function/internal_message.html?_=1590802608465&CODE_STATE=getMsg HTTP/1.1" 200 27
114.84.151.157 - - [30/May/2020:09:34:40 +0800] "GET /xingrg/all/function/internal_message.html?_=1590802484079&CODE_STATE=getMsg HTTP/1.1" 200 27
120.253.135.82 - - [30/May/2020:09:34:41 +0800] "GET /xingrg/check_reg.html?_=1590802609947 HTTP/1.1" 200 22
101.83.241.210 - - [30/May/2020:09:34:44 +0800] "GET /xingrg/all/function/internal_message.html?_=1590802480638&CODE_STATE=getMsg HTTP/1.1" 200 27
101.83.241.210 - - [30/May/2020:09:34:44 +0800] "GET /xingrg/check_reg.html?_=1590802480662 HTTP/1.1" 200 22
116.230.77.149 - - [30/May/2020:09:34:45 +0800] "GET /xingrg/index.html?sysBaseUrl=http%3A%2F%2F180.169.147.146%3A18081%2Fxingrg%2F&costTime=33×tamp=1585306063269 HTTP/1.1" 302 -
116.230.77.149 - - [30/May/2020:09:34:45 +0800] "GET /xingrg/login.html HTTP/1.1" 200 7641
180.175.212.199 - - [30/May/2020:09:34:46 +0800] "GET /xingrg/all/function/internal_message.html?_=1590802691213&CODE_STATE=getMsg HTTP/1.1" 200 27
117.185.32.26 - - [30/May/2020:09:34:48 +0800] "GET /xingrg/all/function/internal_message.html?_=1590802912841&CODE_STATE=getMsg HTTP/1.1" 200 27
117.185.32.26 - - [30/May/2020:09:34:48 +0800] "GET /xingrg/check_reg.html?_=1590802912845 HTTP/1.1" 200 22
180.162.232.172 - - [30/May/2020:09:34:49 +0800] "POST /xingrg/kc/buy/cgsh_order_operate.html HTTP/1.1" 200 37
180.162.232.172 - - [30/May/2020:09:34:50 +0800] "GET /xingrg/all/function/internal_message.html?_=1590802491919&CODE_STATE=getMsg HTTP/1.1" 200 27
180.162.232.172 - - [30/May/2020:09:34:51 +0800] "POST /xingrg/kc/buy/cgsh_order_operate.html HTTP/1.1" 200 12
180.162.232.172 - - [30/May/2020:09:34:56 +0800] "GET /xingrg/kc/buy/cgsh_order_info.html?code=212020053011011 HTTP/1.1" 200 53278
180.162.232.172 - - [30/May/2020:09:34:56 +0800] "GET /xingrg/javascript/easyui/themes/default/validatebox.css HTTP/1.1" 404 1104
180.162.232.172 - - [30/May/2020:09:34:56 +0800] "POST /xingrg/kc/buy/cgsh_order_operate.html HTTP/1.1" 200 19671
58.221.95.50 - - [30/May/2020:09:34:57 +0800] "GET /xingrg/all/function/internal_message.html?_=1590802549996&CODE_STATE=getMsg HTTP/1.1" 200 27
114.88.170.9 - - [30/May/2020:09:34:57 +0800] "GET /xingrg/all/function/internal_message.html?_=1590802494183&CODE_STATE=getMsg HTTP/1.1" 200 27
180.162.232.172 - - [30/May/2020:09:34:57 +0800] "GET /xingrg/kc/print/load_config.html?kc_code=cgsh HTTP/1.1" 200 1845
180.162.232.172 - - [30/May/2020:09:34:58 +0800] "GET /xingrg/kc/print/load_data.html?order_code=212020053011011&kc_code=cgsh&condition= HTTP/1.1" 200 8039
172.17.0.185 - - [30/May/2020:09:35:03 +0800] "GET /xingrg/all/function/internal_message.html?_=1590802504933&CODE_STATE=getMsg HTTP/1.1" 200 27
114.84.33.255 - - [30/May/2020:09:35:04 +0800] "GET /xingrg/all/function/internal_message.html?_=1590802522531&CODE_STATE=getMsg HTTP/1.1" 200 27
172.17.0.110 - - [30/May/2020:09:35:13 +0800] "GET /xingrg/all/function/internal_message.html?_=1590802512931&CODE_STATE=getMsg HTTP/1.1" 200 27
117.184.7.30 - - [30/May/2020:09:35:14 +0800] "GET /xingrg/check_reg.html?_=1590802507893 HTTP/1.1" 200 22
117.184.7.26 - - [30/May/2020:09:35:14 +0800] "GET /xingrg/all/function/internal_message.html?_=1590802507900&CODE_STATE=getMsg HTTP/1.1" 200 27
116.230.77.149 - - [30/May/2020:09:35:19 +0800] "GET /xingrg/all/function/internal_message.html?_=1590802511573&CODE_STATE=getMsg HTTP/1.1" 200 27
180.162.232.172 - - [30/May/2020:09:35:21 +0800] "GET /xingrg/check_reg.html?_=1590802652270 HTTP/1.1" 200 22
180.162.232.172 - - [30/May/2020:09:35:21 +0800] "GET /xingrg/all/function/internal_message.html?_=1590802652436&CODE_STATE=getMsg HTTP/1.1" 200 27
61.172.5.115 - - [30/May/2020:09:35:22 +0800] "GET /xingrg/all/function/internal_message.html?_=1590802525971&CODE_STATE=getMsg HTTP/1.1" 200 27
114.88.170.9 - - [30/May/2020:09:35:23 +0800] "GET /xingrg/check_reg.html?_=1590802526242 HTTP/1.1" 200 22
114.88.170.9 - - [30/May/2020:09:35:24 +0800] "GET /xingrg/all/function/internal_message.html?_=1590802526698&CODE_STATE=getMsg HTTP/1.1" 200 27
172.17.0.123 - - [30/May/2020:09:35:26 +0800] "GET /xingrg/all/function/internal_message.html?_=1590802511872&CODE_STATE=getMsg HTTP/1.1" 200 27
172.17.0.240 - - [30/May/2020:09:35:37 +0800] "GET /xingrg/all/function/internal_message.html?_=1590802539119&CODE_STATE=getMsg HTTP/1.1" 200 27
180.175.212.199 - - [30/May/2020:09:35:38 +0800] "GET /xingrg/kc/base/wldb_order_operate.html?command=get_materiel&rest_code=00102&base_code=0010476&code=00101013166 HTTP/1.1" 200 454
120.253.135.82 - - [30/May/2020:09:35:39 +0800] "GET /xingrg/all/function/internal_message.html?_=1590802668497&CODE_STATE=getMsg HTTP/1.1" 200 27
114.84.151.157 - - [30/May/2020:09:35:40 +0800] "GET /xingrg/all/function/internal_message.html?_=1590802544077&CODE_STATE=getMsg HTTP/1.1" 200 27
180.175.212.199 - - [30/May/2020:09:35:41 +0800] "GET /xingrg/check_reg.html?_=1590802746021 HTTP/1.1" 200 22
180.175.212.199 - - [30/May/2020:09:35:44 +0800] "GET /xingrg/kc/base/wldb_order_operate.html?command=get_materiel&rest_code=00102&base_code=0010476&code=00101013221 HTTP/1.1" 200 432
101.83.241.210 - - [30/May/2020:09:35:44 +0800] "GET /xingrg/all/function/internal_message.html?_=1590802540635&CODE_STATE=getMsg HTTP/1.1" 200 27
180.175.212.199 - - [30/May/2020:09:35:46 +0800] "GET /xingrg/all/function/internal_message.html?_=1590802751392&CODE_STATE=getMsg HTTP/1.1" 200 27
117.185.32.26 - - [30/May/2020:09:35:48 +0800] "GET /xingrg/all/function/internal_message.html?_=1590802972828&CODE_STATE=getMsg HTTP/1.1" 200 27
180.175.212.199 - - [30/May/2020:09:35:48 +0800] "GET /xingrg/kc/base/wldb_order_operate.html?command=get_materiel&rest_code=00102&base_code=0010476&code=00101013193 HTTP/1.1" 200 446
180.162.232.172 - - [30/May/2020:09:35:50 +0800] "GET /xingrg/all/function/internal_message.html?_=1590802551889&CODE_STATE=getMsg HTTP/1.1" 200 27
180.175.212.199 - - [30/May/2020:09:35:50 +0800] "POST /xingrg/kc/base/wldb_order_operate.html HTTP/1.1" 200 1710
58.221.95.50 - - [30/May/2020:09:35:57 +0800] "GET /xingrg/all/function/internal_message.html?_=1590802609998&CODE_STATE=getMsg HTTP/1.1" 200 27
58.221.95.50 - - [30/May/2020:09:35:57 +0800] "GET /xingrg/check_reg.html?_=1590802610000 HTTP/1.1" 200 22
114.88.170.9 - - [30/May/2020:09:35:57 +0800] "GET /xingrg/all/function/internal_message.html?_=1590802554180&CODE_STATE=getMsg HTTP/1.1" 200 27
172.17.0.185 - - [30/May/2020:09:36:03 +0800] "GET /xingrg/all/function/internal_message.html?_=1590802564924&CODE_STATE=getMsg HTTP/1.1" 200 27
114.84.33.255 - - [30/May/2020:09:36:04 +0800] "GET /xingrg/all/function/internal_message.html?_=1590802582723&CODE_STATE=getMsg HTTP/1.1" 200 27
172.17.0.110 - - [30/May/2020:09:36:13 +0800] "GET /xingrg/all/function/internal_message.html?_=1590802572930&CODE_STATE=getMsg HTTP/1.1" 200 27
117.184.7.26 - - [30/May/2020:09:36:14 +0800] "GET /xingrg/all/function/internal_message.html?_=1590802567887&CODE_STATE=getMsg HTTP/1.1" 200 27
116.230.77.149 - - [30/May/2020:09:36:19 +0800] "GET /xingrg/all/function/internal_message.html?_=1590802571564&CODE_STATE=getMsg HTTP/1.1" 200 27
101.85.53.146 - - [30/May/2020:09:36:21 +0800] "GET /xingrg/check_reg.html?_=1590802071969 HTTP/1.1" 200 22
180.162.232.172 - - [30/May/2020:09:36:21 +0800] "GET /xingrg/all/function/internal_message.html?_=1590802712441&CODE_STATE=getMsg HTTP/1.1" 200 27
61.172.5.115 - - [30/May/2020:09:36:22 +0800] "GET /xingrg/all/function/internal_message.html?_=1590802585975&CODE_STATE=getMsg HTTP/1.1" 200 27
61.172.5.115 - - [30/May/2020:09:36:22 +0800] "GET /xingrg/check_reg.html?_=1590802586068 HTTP/1.1" 200 22
114.88.170.9 - - [30/May/2020:09:36:24 +0800] "GET /xingrg/all/function/internal_message.html?_=1590802586712&CODE_STATE=getMsg HTTP/1.1" 200 27
172.17.0.123 - - [30/May/2020:09:36:26 +0800] "GET /xingrg/all/function/internal_message.html?_=1590802571860&CODE_STATE=getMsg HTTP/1.1" 200 27
180.175.212.199 - - [30/May/2020:09:36:33 +0800] "GET /xingrg/kc/base/wldb_order_operate.html?command=get_materiel&rest_code=00102&base_code=0010476&code=00101013011 HTTP/1.1" 200 451
120.253.135.82 - - [30/May/2020:09:36:34 +0800] "GET /xingrg/check_reg.html?_=1590802723112 HTTP/1.1" 200 22
172.17.0.123 - - [30/May/2020:09:36:35 +0800] "GET /xingrg/system/info/materiel_manager.html HTTP/1.1" 200 19442
172.17.0.123 - - [30/May/2020:09:36:35 +0800] "GET /xingrg/javascript/jquery_easy_ui/themes/default/images/tabs_close.gif HTTP/1.1" 200 829
172.17.0.123 - - [30/May/2020:09:36:35 +0800] "GET /xingrg/css/blue.css HTTP/1.1" 200 15949
172.17.0.123 - - [30/May/2020:09:36:35 +0800] "GET /xingrg/css/xtree.css HTTP/1.1" 200 880
172.17.0.123 - - [30/May/2020:09:36:35 +0800] "GET /xingrg/javascript/jquery_ui/themes/base/base.css HTTP/1.1" 200 28568
172.17.0.123 - - [30/May/2020:09:36:35 +0800] "GET /xingrg/javascript/pic_change.js HTTP/1.1" 200 4739
172.17.0.123 - - [30/May/2020:09:36:35 +0800] "GET /xingrg/dwr/interface/AjaxBaseInfoService.js HTTP/1.1" 200 21363
172.17.0.123 - - [30/May/2020:09:36:35 +0800] "GET /xingrg/dwr/interface/AjaxComOrderService.js HTTP/1.1" 200 18264
172.17.0.123 - - [30/May/2020:09:36:35 +0800] "GET /xingrg/dwr/engine.js HTTP/1.1" 200 43631
172.17.0.123 - - [30/May/2020:09:36:35 +0800] "GET /xingrg/dwr/util.js HTTP/1.1" 200 35990
172.17.0.123 - - [30/May/2020:09:36:35 +0800] "GET /xingrg/javascript/Calendar.js HTTP/1.1" 200 31561
172.17.0.123 - - [30/May/2020:09:36:35 +0800] "GET /xingrg/javascript/myfunction.js HTTP/1.1" 200 24559
172.17.0.123 - - [30/May/2020:09:36:35 +0800] "GET /xingrg/javascript/Grid.js HTTP/1.1" 200 58908
172.17.0.123 - - [30/May/2020:09:36:35 +0800] "GET /xingrg/javascript/ToolTips.js HTTP/1.1" 200 5615
172.17.0.123 - - [30/May/2020:09:36:35 +0800] "GET /xingrg/javascript/print/LodopFuncs.js HTTP/1.1" 200 5121
172.17.0.123 - - [30/May/2020:09:36:35 +0800] "GET /xingrg/javascript/xtree.js HTTP/1.1" 200 26582
172.17.0.123 - - [30/May/2020:09:36:36 +0800] "GET /xingrg/images/xtree/openfoldericon.png HTTP/1.1" 200 232
172.17.0.123 - - [30/May/2020:09:36:36 +0800] "GET /xingrg/javascript/jquery_easy_ui/themes/icons/import_new.png HTTP/1.1" 200 1247
172.17.0.123 - - [30/May/2020:09:36:36 +0800] "GET /xingrg/javascript/jquery_easy_ui/themes/icons/print_new.png HTTP/1.1" 200 3580
172.17.0.123 - - [30/May/2020:09:36:36 +0800] "GET /xingrg/javascript/jquery_easy_ui/themes/icons/back_new.png HTTP/1.1" 200 3414
172.17.0.123 - - [30/May/2020:09:36:36 +0800] "GET /xingrg/images/blue/wait.gif HTTP/1.1" 200 1100
172.17.0.123 - - [30/May/2020:09:36:36 +0800] "POST /xingrg/dwr/call/plaincall/AjaxBaseInfoService.getSubMaterielSorts.dwr HTTP/1.1" 200 219
172.17.0.123 - - [30/May/2020:09:36:37 +0800] "GET /xingrg/images/xtree/Lplus.png HTTP/1.1" 200 224
172.17.0.123 - - [30/May/2020:09:36:37 +0800] "GET /xingrg/images/xtree/foldericon.png HTTP/1.1" 200 229
172.17.0.123 - - [30/May/2020:09:36:37 +0800] "GET /xingrg/images/xtree/Tplus.png HTTP/1.1" 200 222
172.17.0.123 - - [30/May/2020:09:36:37 +0800] "GET /xingrg/images/xtree/Lplus.png HTTP/1.1" 200 224
172.17.0.123 - - [30/May/2020:09:36:37 +0800] "POST /xingrg/dwr/call/plaincall/AjaxBaseInfoService.getMateriels.dwr HTTP/1.1" 200 2929
172.17.0.240 - - [30/May/2020:09:36:37 +0800] "GET /xingrg/all/function/internal_message.html?_=1590802599118&CODE_STATE=getMsg HTTP/1.1" 200 27
120.253.135.82 - - [30/May/2020:09:36:39 +0800] "GET /xingrg/all/function/internal_message.html?_=1590802728508&CODE_STATE=getMsg HTTP/1.1" 200 27
114.84.151.157 - - [30/May/2020:09:36:40 +0800] "GET /xingrg/all/function/internal_message.html?_=1590802604091&CODE_STATE=getMsg HTTP/1.1" 200 27
101.83.241.210 - - [30/May/2020:09:36:44 +0800] "GET /xingrg/all/function/internal_message.html?_=1590802600618&CODE_STATE=getMsg HTTP/1.1" 200 27
180.175.212.199 - - [30/May/2020:09:36:46 +0800] "GET /xingrg/all/function/internal_message.html?_=1590802811397&CODE_STATE=getMsg HTTP/1.1" 200 27
117.185.32.26 - - [30/May/2020:09:36:48 +0800] "GET /xingrg/all/function/internal_message.html?_=1590803032859&CODE_STATE=getMsg HTTP/1.1" 200 27
180.162.232.172 - - [30/May/2020:09:36:50 +0800] "GET /xingrg/all/function/internal_message.html?_=1590802611866&CODE_STATE=getMsg HTTP/1.1" 200 27
58.221.95.50 - - [30/May/2020:09:36:57 +0800] "GET /xingrg/all/function/internal_message.html?_=1590802670000&CODE_STATE=getMsg HTTP/1.1" 200 27
114.88.170.9 - - [30/May/2020:09:36:57 +0800] "GET /xingrg/all/function/internal_message.html?_=1590802614174&CODE_STATE=getMsg HTTP/1.1" 200 27
172.17.0.123 - - [30/May/2020:09:37:00 +0800] "POST /xingrg/dwr/call/plaincall/AjaxBaseInfoService.getSubMaterielSorts.dwr HTTP/1.1" 200 3482
172.17.0.123 - - [30/May/2020:09:37:00 +0800] "GET /xingrg/images/xtree/blank.png HTTP/1.1" 200 144
172.17.0.123 - - [30/May/2020:09:37:00 +0800] "GET /xingrg/images/xtree/L.png HTTP/1.1" 200 153
172.17.0.123 - - [30/May/2020:09:37:00 +0800] "GET /xingrg/images/xtree/file.png HTTP/1.1" 200 251
172.17.0.123 - - [30/May/2020:09:37:00 +0800] "GET /xingrg/images/xtree/T.png HTTP/1.1" 200 152
172.17.0.123 - - [30/May/2020:09:37:01 +0800] "GET /xingrg/images/xtree/L.png HTTP/1.1" 200 153
172.17.0.123 - - [30/May/2020:09:37:01 +0800] "GET /xingrg/images/xtree/Lminus.png HTTP/1.1" 200 219
172.17.0.123 - - [30/May/2020:09:37:01 +0800] "POST /xingrg/dwr/call/plaincall/AjaxBaseInfoService.getMateriels.dwr HTTP/1.1" 200 3020
120.253.135.82 - - [30/May/2020:09:37:01 +0800] "GET /xingrg/check_reg.html?_=1590802750383 HTTP/1.1" 200 22
172.17.0.185 - - [30/May/2020:09:37:03 +0800] "GET /xingrg/all/function/internal_message.html?_=1590802624926&CODE_STATE=getMsg HTTP/1.1" 200 27
114.84.33.255 - - [30/May/2020:09:37:04 +0800] "GET /xingrg/all/function/internal_message.html?_=1590802642731&CODE_STATE=getMsg HTTP/1.1" 200 27
172.17.0.123 - - [30/May/2020:09:37:05 +0800] "POST /xingrg/dwr/call/plaincall/AjaxBaseInfoService.getMateriels.dwr HTTP/1.1" 200 3504
172.17.0.123 - - [30/May/2020:09:37:07 +0800] "POST /xingrg/dwr/call/plaincall/AjaxBaseInfoService.getMateriels.dwr HTTP/1.1" 200 3239
172.17.0.110 - - [30/May/2020:09:37:13 +0800] "GET /xingrg/check_reg.html?_=1590802632930 HTTP/1.1" 200 22
172.17.0.110 - - [30/May/2020:09:37:13 +0800] "GET /xingrg/all/function/internal_message.html?_=1590802632931&CODE_STATE=getMsg HTTP/1.1" 200 27
172.17.0.123 - - [30/May/2020:09:37:14 +0800] "GET /xingrg/system/info/materiel_info.html?code=00102031&isAdd=1 HTTP/1.1" 200 33917
172.17.0.123 - - [30/May/2020:09:37:14 +0800] "GET /xingrg/dwr/interface/AjaxGetFirstChart.js HTTP/1.1" 200 631
172.17.0.123 - - [30/May/2020:09:37:14 +0800] "GET /xingrg/dwr/engine.js HTTP/1.1" 200 43631
172.17.0.123 - - [30/May/2020:09:37:14 +0800] "GET /xingrg/javascript/checkform.js HTTP/1.1" 200 18351
172.17.0.123 - - [30/May/2020:09:37:14 +0800] "POST /xingrg/all/common/load_tree.html?tree=area_rest_tree_json HTTP/1.1" 200 3088
172.17.0.123 - - [30/May/2020:09:37:14 +0800] "GET /favicon.ico HTTP/1.1" 404 -
172.17.0.123 - - [30/May/2020:09:37:14 +0800] "POST /xingrg/dwr/call/plaincall/AjaxBaseInfoService.getMaterielInfo.dwr HTTP/1.1" 200 216
172.17.0.123 - - [30/May/2020:09:37:14 +0800] "POST /xingrg/all/common/load_tree.html?tree=area_rest_tree_json&defaultRests=undefined HTTP/1.1" 200 3088
172.17.0.123 - - [30/May/2020:09:37:14 +0800] "GET /xingrg/javascript/jquery_easy_ui/themes/default/images/tree_checkbox_0.gif HTTP/1.1" 200 168
172.17.0.123 - - [30/May/2020:09:37:14 +0800] "GET /xingrg/javascript/jquery_easy_ui/themes/icons/area.png HTTP/1.1" 200 262
172.17.0.123 - - [30/May/2020:09:37:14 +0800] "GET /xingrg/javascript/jquery_easy_ui/themes/icons/manage.png HTTP/1.1" 200 696
172.17.0.123 - - [30/May/2020:09:37:14 +0800] "GET /xingrg/javascript/jquery_easy_ui/themes/icons/rest.png HTTP/1.1" 200 695
180.175.212.199 - - [30/May/2020:09:37:14 +0800] "GET /xingrg/kc/base/wldb_order_operate.html?command=get_materiel&rest_code=00102&base_code=0010476&code=00101016059 HTTP/1.1" 200 429
117.184.7.26 - - [30/May/2020:09:37:14 +0800] "GET /xingrg/all/function/internal_message.html?_=1590802627867&CODE_STATE=getMsg HTTP/1.1" 200 27
116.230.77.149 - - [30/May/2020:09:37:19 +0800] "GET /xingrg/all/function/internal_message.html?_=1590802631573&CODE_STATE=getMsg HTTP/1.1" 200 27
116.230.77.149 - - [30/May/2020:09:37:19 +0800] "GET /xingrg/check_reg.html?_=1590802631576 HTTP/1.1" 200 22
180.162.232.172 - - [30/May/2020:09:37:21 +0800] "GET /xingrg/all/function/internal_message.html?_=1590802772454&CODE_STATE=getMsg HTTP/1.1" 200 27
61.172.5.115 - - [30/May/2020:09:37:22 +0800] "GET /xingrg/all/function/internal_message.html?_=1590802645975&CODE_STATE=getMsg HTTP/1.1" 200 27
114.88.170.9 - - [30/May/2020:09:37:24 +0800] "GET /xingrg/all/function/internal_message.html?_=1590802646725&CODE_STATE=getMsg HTTP/1.1" 200 27
172.17.0.123 - - [30/May/2020:09:37:26 +0800] "GET /xingrg/all/function/internal_message.html?_=1590802631864&CODE_STATE=getMsg HTTP/1.1" 200 27
172.17.0.123 - - [30/May/2020:09:37:30 +0800] "POST /xingrg/dwr/call/plaincall/AjaxGetFirstChart.getFirstChart.dwr HTTP/1.1" 200 80
101.91.60.104 - - [30/May/2020:09:37:33 +0800] "GET /xingrg/all/function/internal_message.html?_=1590801944037&CODE_STATE=getMsg HTTP/1.1" 302 -
172.17.0.123 - - [30/May/2020:09:37:34 +0800] "POST /xingrg/dwr/call/plaincall/AjaxBaseInfoService.changeUnitGroup.dwr HTTP/1.1" 200 243
172.17.0.123 - - [30/May/2020:09:37:37 +0800] "POST /xingrg/dwr/call/plaincall/AjaxBaseInfoService.saveMateriel.dwr HTTP/1.1" 200 108
172.17.0.123 - - [30/May/2020:09:37:37 +0800] "POST /xingrg/dwr/call/plaincall/AjaxBaseInfoService.getMateriels.dwr HTTP/1.1" 200 3239
172.17.0.240 - - [30/May/2020:09:37:37 +0800] "GET /xingrg/all/function/internal_message.html?_=1590802659122&CODE_STATE=getMsg HTTP/1.1" 200 27
172.17.0.123 - - [30/May/2020:09:37:38 +0800] "GET /xingrg/system/info/materiel_info.html?code=00102031&isAdd=1 HTTP/1.1" 200 33917
172.17.0.123 - - [30/May/2020:09:37:38 +0800] "GET /xingrg/dwr/interface/AjaxBaseInfoService.js HTTP/1.1" 200 21363
172.17.0.123 - - [30/May/2020:09:37:38 +0800] "GET /xingrg/dwr/interface/AjaxGetFirstChart.js HTTP/1.1" 200 631
172.17.0.123 - - [30/May/2020:09:37:38 +0800] "GET /xingrg/dwr/interface/AjaxComOrderService.js HTTP/1.1" 200 18264
172.17.0.123 - - [30/May/2020:09:37:38 +0800] "GET /xingrg/dwr/engine.js HTTP/1.1" 200 43631
172.17.0.123 - - [30/May/2020:09:37:39 +0800] "POST /xingrg/all/common/load_tree.html?tree=area_rest_tree_json HTTP/1.1" 200 3088
172.17.0.123 - - [30/May/2020:09:37:39 +0800] "POST /xingrg/dwr/call/plaincall/AjaxBaseInfoService.getMaterielInfo.dwr HTTP/1.1" 200 216
172.17.0.123 - - [30/May/2020:09:37:39 +0800] "POST /xingrg/all/common/load_tree.html?tree=area_rest_tree_json&defaultRests=undefined HTTP/1.1" 200 3088
101.91.60.104 - - [30/May/2020:09:37:39 +0800] "GET /xingrg/login.html HTTP/1.1" 200 7641
120.253.135.82 - - [30/May/2020:09:37:39 +0800] "GET /xingrg/all/function/internal_message.html?_=1590802788540&CODE_STATE=getMsg HTTP/1.1" 200 27
114.84.151.157 - - [30/May/2020:09:37:40 +0800] "GET /xingrg/all/function/internal_message.html?_=1590802664089&CODE_STATE=getMsg HTTP/1.1" 200 27
172.17.0.123 - - [30/May/2020:09:37:43 +0800] "POST /xingrg/dwr/call/plaincall/AjaxGetFirstChart.getFirstChart.dwr HTTP/1.1" 200 80
180.175.212.199 - - [30/May/2020:09:37:44 +0800] "GET /xingrg/kc/base/wldb_order_operate.html?command=get_materiel&rest_code=00102&base_code=0010476&code=00101013139 HTTP/1.1" 200 450
101.83.241.210 - - [30/May/2020:09:37:44 +0800] "GET /xingrg/all/function/internal_message.html?_=1590802660599&CODE_STATE=getMsg HTTP/1.1" 200 27
172.17.0.123 - - [30/May/2020:09:37:46 +0800] "POST /xingrg/dwr/call/plaincall/AjaxBaseInfoService.changeUnitGroup.dwr HTTP/1.1" 200 243
180.175.212.199 - - [30/May/2020:09:37:46 +0800] "GET /xingrg/all/function/internal_message.html?_=1590802871534&CODE_STATE=getMsg HTTP/1.1" 200 27
117.185.32.26 - - [30/May/2020:09:37:48 +0800] "GET /xingrg/all/function/internal_message.html?_=1590803092857&CODE_STATE=getMsg HTTP/1.1" 200 27
180.162.232.172 - - [30/May/2020:09:37:49 +0800] "GET /xingrg/check_reg.html?_=1590802671151 HTTP/1.1" 200 22
172.17.0.123 - - [30/May/2020:09:37:50 +0800] "POST /xingrg/dwr/call/plaincall/AjaxBaseInfoService.saveMateriel.dwr HTTP/1.1" 200 108
172.17.0.123 - - [30/May/2020:09:37:50 +0800] "POST /xingrg/dwr/call/plaincall/AjaxBaseInfoService.getMateriels.dwr HTTP/1.1" 200 3239
180.162.232.172 - - [30/May/2020:09:37:50 +0800] "GET /xingrg/all/function/internal_message.html?_=1590802671845&CODE_STATE=getMsg HTTP/1.1" 200 27
172.17.0.123 - - [30/May/2020:09:37:52 +0800] "GET /xingrg/system/info/materiel_info.html?code=00102031&isAdd=1 HTTP/1.1" 200 33917
172.17.0.123 - - [30/May/2020:09:37:52 +0800] "GET /xingrg/dwr/interface/AjaxBaseInfoService.js HTTP/1.1" 200 21363
172.17.0.123 - - [30/May/2020:09:37:52 +0800] "GET /xingrg/dwr/interface/AjaxGetFirstChart.js HTTP/1.1" 200 631
172.17.0.123 - - [30/May/2020:09:37:52 +0800] "GET /xingrg/dwr/interface/AjaxComOrderService.js HTTP/1.1" 200 18264
172.17.0.123 - - [30/May/2020:09:37:52 +0800] "GET /xingrg/dwr/engine.js HTTP/1.1" 200 43631
172.17.0.123 - - [30/May/2020:09:37:52 +0800] "POST /xingrg/all/common/load_tree.html?tree=area_rest_tree_json HTTP/1.1" 200 3088
172.17.0.123 - - [30/May/2020:09:37:52 +0800] "POST /xingrg/dwr/call/plaincall/AjaxBaseInfoService.getMaterielInfo.dwr HTTP/1.1" 200 216
172.17.0.123 - - [30/May/2020:09:37:52 +0800] "POST /xingrg/all/common/load_tree.html?tree=area_rest_tree_json&defaultRests=undefined HTTP/1.1" 200 3088
58.221.95.50 - - [30/May/2020:09:37:57 +0800] "GET /xingrg/all/function/internal_message.html?_=1590802729999&CODE_STATE=getMsg HTTP/1.1" 200 27
114.88.170.9 - - [30/May/2020:09:37:57 +0800] "GET /xingrg/all/function/internal_message.html?_=1590802674179&CODE_STATE=getMsg HTTP/1.1" 200 27
114.88.170.9 - - [30/May/2020:09:37:57 +0800] "GET /xingrg/check_reg.html?_=1590802674182 HTTP/1.1" 200 22
114.84.33.255 - - [30/May/2020:09:38:03 +0800] "GET /xingrg/check_reg.html?_=1590802701301 HTTP/1.1" 200 22
172.17.0.185 - - [30/May/2020:09:38:03 +0800] "GET /xingrg/all/function/internal_message.html?_=1590802684932&CODE_STATE=getMsg HTTP/1.1" 200 27
172.17.0.185 - - [30/May/2020:09:38:03 +0800] "GET /xingrg/check_reg.html?_=1590802684937 HTTP/1.1" 200 22
114.84.33.255 - - [30/May/2020:09:38:04 +0800] "GET /xingrg/all/function/internal_message.html?_=1590802702744&CODE_STATE=getMsg HTTP/1.1" 200 27
172.17.0.123 - - [30/May/2020:09:38:09 +0800] "POST /xingrg/dwr/call/plaincall/AjaxGetFirstChart.getFirstChart.dwr HTTP/1.1" 200 83
172.17.0.110 - - [30/May/2020:09:38:10 +0800] "GET /xingrg/javascript/jquery_tools/images/next.gif HTTP/1.1" 404 1086
172.17.0.110 - - [30/May/2020:09:38:10 +0800] "GET /xingrg/javascript/jquery_tools/images/prev.gif HTTP/1.1" 404 1086
172.17.0.123 - - [30/May/2020:09:38:10 +0800] "POST /xingrg/dwr/call/plaincall/AjaxBaseInfoService.changeUnitGroup.dwr HTTP/1.1" 200 243
172.17.0.110 - - [30/May/2020:09:38:13 +0800] "GET /xingrg/all/function/internal_message.html?_=1590802692949&CODE_STATE=getMsg HTTP/1.1" 200 27
117.184.7.26 - - [30/May/2020:09:38:14 +0800] "GET /xingrg/all/function/internal_message.html?_=1590802687890&CODE_STATE=getMsg HTTP/1.1" 200 27
172.17.0.123 - - [30/May/2020:09:38:15 +0800] "POST /xingrg/dwr/call/plaincall/AjaxBaseInfoService.saveMateriel.dwr HTTP/1.1" 200 108
172.17.0.123 - - [30/May/2020:09:38:15 +0800] "POST /xingrg/dwr/call/plaincall/AjaxBaseInfoService.getMateriels.dwr HTTP/1.1" 200 3239
172.17.0.123 - - [30/May/2020:09:38:16 +0800] "GET /xingrg/system/info/materiel_info.html?code=00102031&isAdd=1 HTTP/1.1" 200 33917
172.17.0.123 - - [30/May/2020:09:38:16 +0800] "GET /xingrg/dwr/interface/AjaxBaseInfoService.js HTTP/1.1" 200 21363
172.17.0.123 - - [30/May/2020:09:38:16 +0800] "GET /xingrg/dwr/interface/AjaxGetFirstChart.js HTTP/1.1" 200 631
172.17.0.123 - - [30/May/2020:09:38:16 +0800] "GET /xingrg/dwr/interface/AjaxComOrderService.js HTTP/1.1" 200 18264
172.17.0.123 - - [30/May/2020:09:38:16 +0800] "GET /xingrg/dwr/engine.js HTTP/1.1" 200 43631
180.162.232.172 - - [30/May/2020:09:38:16 +0800] "POST /xingrg/kc/buy/cgsh_order_operate.html HTTP/1.1" 200 37
172.17.0.123 - - [30/May/2020:09:38:16 +0800] "POST /xingrg/all/common/load_tree.html?tree=area_rest_tree_json HTTP/1.1" 200 3088
172.17.0.123 - - [30/May/2020:09:38:16 +0800] "POST /xingrg/dwr/call/plaincall/AjaxBaseInfoService.getMaterielInfo.dwr HTTP/1.1" 200 216
172.17.0.123 - - [30/May/2020:09:38:16 +0800] "POST /xingrg/all/common/load_tree.html?tree=area_rest_tree_json&defaultRests=undefined HTTP/1.1" 200 3088
120.253.135.82 - - [30/May/2020:09:38:16 +0800] "GET /xingrg/check_reg.html?_=1590802825513 HTTP/1.1" 200 22
180.162.232.172 - - [30/May/2020:09:38:18 +0800] "POST /xingrg/kc/buy/cgsh_order_operate.html HTTP/1.1" 200 12
180.162.232.172 - - [30/May/2020:09:38:18 +0800] "GET /xingrg/kc/buy/cgsh_order_info.html?code=212020053011031 HTTP/1.1" 200 53294
180.162.232.172 - - [30/May/2020:09:38:19 +0800] "GET /xingrg/words/20200530093815_words.js HTTP/1.1" 200 733931
116.230.77.149 - - [30/May/2020:09:38:19 +0800] "GET /xingrg/all/function/internal_message.html?_=1590802691575&CODE_STATE=getMsg HTTP/1.1" 200 27
180.162.232.172 - - [30/May/2020:09:38:19 +0800] "GET /xingrg/javascript/easyui/themes/default/validatebox.css HTTP/1.1" 404 1104
172.17.0.110 - - [30/May/2020:09:38:19 +0800] "POST /xingrg/kc/buy/cgsh_list_operate.html HTTP/1.1" 200 5375
180.162.232.172 - - [30/May/2020:09:38:19 +0800] "POST /xingrg/kc/buy/cgsh_order_operate.html HTTP/1.1" 200 1796
180.162.232.172 - - [30/May/2020:09:38:21 +0800] "GET /xingrg/kc/print/load_data.html?order_code=212020053011031&kc_code=cgsh&condition= HTTP/1.1" 200 1260
180.175.212.199 - - [30/May/2020:09:38:21 +0800] "GET /xingrg/kc/base/wldb_order_operate.html?command=get_materiel&rest_code=00102&base_code=0010476&code=00101013052 HTTP/1.1" 200 440
180.162.232.172 - - [30/May/2020:09:38:21 +0800] "GET /xingrg/all/function/internal_message.html?_=1590802832773&CODE_STATE=getMsg HTTP/1.1" 200 27
61.172.5.115 - - [30/May/2020:09:38:22 +0800] "GET /xingrg/all/function/internal_message.html?_=1590802705978&CODE_STATE=getMsg HTTP/1.1" 200 27
61.129.6.227 - - [30/May/2020:09:38:23 +0800] "GET /xingrg/all/function/internal_message.html?_=1590802004063&CODE_STATE=getMsg HTTP/1.1" 302 -
114.88.170.9 - - [30/May/2020:09:38:24 +0800] "GET /xingrg/all/function/internal_message.html?_=1590802706761&CODE_STATE=getMsg HTTP/1.1" 200 27
172.17.0.123 - - [30/May/2020:09:38:26 +0800] "GET /xingrg/all/function/internal_message.html?_=1590802691867&CODE_STATE=getMsg HTTP/1.1" 200 27
180.162.232.172 - - [30/May/2020:09:38:28 +0800] "GET /xingrg/kc/buy/cgsh_order_add.html HTTP/1.1" 200 58388
180.162.232.172 - - [30/May/2020:09:38:29 +0800] "POST /xingrg/kc/buy/cgsh_order_operate.html HTTP/1.1" 200 8245
180.162.232.172 - - [30/May/2020:09:38:29 +0800] "GET /xingrg/javascript/easyui/themes/default/validatebox.css HTTP/1.1" 404 1104
61.129.6.227 - - [30/May/2020:09:38:33 +0800] "GET /xingrg/login.html HTTP/1.1" 200 7641
172.17.0.123 - - [30/May/2020:09:38:35 +0800] "GET /xingrg/system/info/materiel_info.html?code=00102031&isAdd=1 HTTP/1.1" 200 33917
172.17.0.123 - - [30/May/2020:09:38:35 +0800] "GET /xingrg/dwr/engine.js HTTP/1.1" 200 43631
172.17.0.123 - - [30/May/2020:09:38:35 +0800] "POST /xingrg/all/common/load_tree.html?tree=area_rest_tree_json HTTP/1.1" 200 3088
172.17.0.123 - - [30/May/2020:09:38:35 +0800] "GET /favicon.ico HTTP/1.1" 404 -
172.17.0.123 - - [30/May/2020:09:38:35 +0800] "POST /xingrg/dwr/call/plaincall/AjaxBaseInfoService.getMaterielInfo.dwr HTTP/1.1" 200 216
