172.17.0.123 - - [30/May/2020:09:38:35 +0800] "POST /xingrg/all/common/load_tree.html?tree=area_rest_tree_json&defaultRests=undefined HTTP/1.1" 200 3088
180.162.232.172 - - [30/May/2020:09:38:37 +0800] "GET /xingrg/kc/buy/cgsh_order_operate.html?command=get_materiel&rest_code=00151&code=00101011005&supplier_code=00100047&order_time=2020-05-30 HTTP/1.1" 200 429
172.17.0.240 - - [30/May/2020:09:38:37 +0800] "GET /xingrg/check_reg.html?_=1590802719116 HTTP/1.1" 200 22
172.17.0.240 - - [30/May/2020:09:38:37 +0800] "GET /xingrg/all/function/internal_message.html?_=1590802719119&CODE_STATE=getMsg HTTP/1.1" 200 27
120.253.135.82 - - [30/May/2020:09:38:39 +0800] "GET /xingrg/all/function/internal_message.html?_=1590802848552&CODE_STATE=getMsg HTTP/1.1" 200 27
114.84.151.157 - - [30/May/2020:09:38:40 +0800] "GET /xingrg/check_reg.html?_=1590802724087 HTTP/1.1" 200 22
114.84.151.157 - - [30/May/2020:09:38:40 +0800] "GET /xingrg/all/function/internal_message.html?_=1590802724088&CODE_STATE=getMsg HTTP/1.1" 200 27
101.83.241.210 - - [30/May/2020:09:38:44 +0800] "GET /xingrg/all/function/internal_message.html?_=1590802720571&CODE_STATE=getMsg HTTP/1.1" 200 27
180.175.212.199 - - [30/May/2020:09:38:46 +0800] "GET /xingrg/all/function/internal_message.html?_=1590802931549&CODE_STATE=getMsg HTTP/1.1" 200 27
172.17.0.123 - - [30/May/2020:09:38:48 +0800] "POST /xingrg/dwr/call/plaincall/AjaxGetFirstChart.getFirstChart.dwr HTTP/1.1" 200 79
117.185.32.26 - - [30/May/2020:09:38:48 +0800] "GET /xingrg/all/function/internal_message.html?_=1590803152874&CODE_STATE=getMsg HTTP/1.1" 200 27
172.17.0.123 - - [30/May/2020:09:38:50 +0800] "POST /xingrg/dwr/call/plaincall/AjaxBaseInfoService.changeUnitGroup.dwr HTTP/1.1" 200 243
180.162.232.172 - - [30/May/2020:09:38:50 +0800] "GET /xingrg/all/function/internal_message.html?_=1590802731830&CODE_STATE=getMsg HTTP/1.1" 200 27
116.230.77.149 - - [30/May/2020:09:38:54 +0800] "GET /xingrg/kc/base/base_main.html HTTP/1.1" 200 12142
172.17.0.123 - - [30/May/2020:09:38:54 +0800] "POST /xingrg/dwr/call/plaincall/AjaxBaseInfoService.saveMateriel.dwr HTTP/1.1" 200 108
172.17.0.123 - - [30/May/2020:09:38:54 +0800] "POST /xingrg/dwr/call/plaincall/AjaxBaseInfoService.getMateriels.dwr HTTP/1.1" 200 3239
172.17.0.123 - - [30/May/2020:09:38:55 +0800] "GET /xingrg/system/info/materiel_info.html?code=00102031&isAdd=1 HTTP/1.1" 200 33917
172.17.0.123 - - [30/May/2020:09:38:55 +0800] "GET /xingrg/dwr/interface/AjaxGetFirstChart.js HTTP/1.1" 200 631
172.17.0.123 - - [30/May/2020:09:38:55 +0800] "GET /xingrg/dwr/interface/AjaxBaseInfoService.js HTTP/1.1" 200 21363
172.17.0.123 - - [30/May/2020:09:38:55 +0800] "GET /xingrg/dwr/interface/AjaxComOrderService.js HTTP/1.1" 200 18264
172.17.0.123 - - [30/May/2020:09:38:55 +0800] "GET /xingrg/dwr/engine.js HTTP/1.1" 200 43631
172.17.0.123 - - [30/May/2020:09:38:55 +0800] "POST /xingrg/all/common/load_tree.html?tree=area_rest_tree_json HTTP/1.1" 200 3088
172.17.0.123 - - [30/May/2020:09:38:55 +0800] "POST /xingrg/dwr/call/plaincall/AjaxBaseInfoService.getMaterielInfo.dwr HTTP/1.1" 200 216
172.17.0.123 - - [30/May/2020:09:38:56 +0800] "POST /xingrg/all/common/load_tree.html?tree=area_rest_tree_json&defaultRests=undefined HTTP/1.1" 200 3088
116.230.77.149 - - [30/May/2020:09:38:57 +0800] "GET /xingrg/kc/base/wldb_order_list.html HTTP/1.1" 200 19261
58.221.95.50 - - [30/May/2020:09:38:57 +0800] "GET /xingrg/all/function/internal_message.html?_=1590802789998&CODE_STATE=getMsg HTTP/1.1" 200 27
114.88.170.9 - - [30/May/2020:09:38:57 +0800] "GET /xingrg/all/function/internal_message.html?_=1590802734175&CODE_STATE=getMsg HTTP/1.1" 200 27
116.230.77.149 - - [30/May/2020:09:38:59 +0800] "POST /xingrg/kc/base/wldb_list_operate.html HTTP/1.1" 200 928
116.230.77.149 - - [30/May/2020:09:39:00 +0800] "GET /xingrg/kc/base/wldb_order_add.html HTTP/1.1" 200 30318
116.230.77.149 - - [30/May/2020:09:39:00 +0800] "GET /xingrg/words/20200530093854_words.js HTTP/1.1" 200 733985
180.162.232.172 - - [30/May/2020:09:39:01 +0800] "GET /xingrg/kc/buy/cgsh_order_operate.html?command=get_materiel&rest_code=00151&code=00101011007&supplier_code=00100047&order_time=2020-05-30 HTTP/1.1" 200 414
116.230.77.149 - - [30/May/2020:09:39:02 +0800] "GET /xingrg/all/common/auto_word.html?type=base&rest_code=00107 HTTP/1.1" 200 1811
116.230.77.149 - - [30/May/2020:09:39:02 +0800] "GET /xingrg/words/20200530093854_words.js HTTP/1.1" 304 -
116.230.77.149 - - [30/May/2020:09:39:02 +0800] "GET /xingrg/javascript/easyui/themes/default/validatebox.css HTTP/1.1" 404 1104
116.230.77.149 - - [30/May/2020:09:39:02 +0800] "GET /xingrg/all/common/auto_word.html?type=base&rest_code=00107 HTTP/1.1" 200 1811
172.17.0.123 - - [30/May/2020:09:39:02 +0800] "POST /xingrg/dwr/call/plaincall/AjaxGetFirstChart.getFirstChart.dwr HTTP/1.1" 200 79
116.230.77.149 - - [30/May/2020:09:39:02 +0800] "POST /xingrg/kc/base/wldb_order_operate.html HTTP/1.1" 200 6806
172.17.0.185 - - [30/May/2020:09:39:03 +0800] "GET /xingrg/all/function/internal_message.html?_=1590802744924&CODE_STATE=getMsg HTTP/1.1" 200 27
116.230.77.149 - - [30/May/2020:09:39:04 +0800] "POST /xingrg/all/common/load_combo.html?type=base HTTP/1.1" 200 3236
114.84.33.255 - - [30/May/2020:09:39:04 +0800] "GET /xingrg/all/function/internal_message.html?_=1590802762757&CODE_STATE=getMsg HTTP/1.1" 200 27
172.17.0.123 - - [30/May/2020:09:39:05 +0800] "POST /xingrg/dwr/call/plaincall/AjaxBaseInfoService.changeUnitGroup.dwr HTTP/1.1" 200 243
116.230.77.149 - - [30/May/2020:09:39:06 +0800] "POST /xingrg/all/common/load_combo.html?type=base HTTP/1.1" 200 3236
172.17.0.123 - - [30/May/2020:09:39:11 +0800] "POST /xingrg/dwr/call/plaincall/AjaxBaseInfoService.saveMateriel.dwr HTTP/1.1" 200 108
172.17.0.123 - - [30/May/2020:09:39:11 +0800] "POST /xingrg/dwr/call/plaincall/AjaxBaseInfoService.getMateriels.dwr HTTP/1.1" 200 3240
172.17.0.110 - - [30/May/2020:09:39:13 +0800] "GET /xingrg/all/function/internal_message.html?_=1590802752954&CODE_STATE=getMsg HTTP/1.1" 200 27
117.184.7.26 - - [30/May/2020:09:39:14 +0800] "GET /xingrg/all/function/internal_message.html?_=1590802747903&CODE_STATE=getMsg HTTP/1.1" 200 27
172.17.0.123 - - [30/May/2020:09:39:15 +0800] "POST /xingrg/dwr/call/plaincall/AjaxBaseInfoService.searchMateriels.dwr HTTP/1.1" 200 153
172.17.0.123 - - [30/May/2020:09:39:17 +0800] "POST /xingrg/dwr/call/plaincall/AjaxBaseInfoService.getMateriels.dwr HTTP/1.1" 200 3240
116.230.77.149 - - [30/May/2020:09:39:19 +0800] "GET /xingrg/all/function/internal_message.html?_=1590802751575&CODE_STATE=getMsg HTTP/1.1" 200 27
172.17.0.123 - - [30/May/2020:09:39:19 +0800] "POST /xingrg/dwr/call/plaincall/AjaxBaseInfoService.getMateriels.dwr HTTP/1.1" 200 1307
180.175.212.199 - - [30/May/2020:09:39:19 +0800] "GET /xingrg/kc/base/wldb_order_add.html HTTP/1.1" 200 30312
180.175.212.199 - - [30/May/2020:09:39:21 +0800] "GET /xingrg/words/20200530093911_words.js HTTP/1.1" 200 734039
180.162.232.172 - - [30/May/2020:09:39:21 +0800] "GET /xingrg/all/function/internal_message.html?_=1590802892777&CODE_STATE=getMsg HTTP/1.1" 200 27
180.175.212.199 - - [30/May/2020:09:39:22 +0800] "POST /xingrg/kc/base/wldb_order_operate.html HTTP/1.1" 200 6806
180.162.232.172 - - [30/May/2020:09:39:22 +0800] "POST /xingrg/kc/buy/cgsh_order_operate.html HTTP/1.1" 200 37
61.172.5.115 - - [30/May/2020:09:39:22 +0800] "GET /xingrg/all/function/internal_message.html?_=1590802765979&CODE_STATE=getMsg HTTP/1.1" 200 27
116.230.77.149 - - [30/May/2020:09:39:22 +0800] "GET /xingrg/kc/base/wldb_order_operate.html?command=get_materiel&rest_code=00107&base_code=0010151&code=00101019071 HTTP/1.1" 200 455
172.17.0.123 - - [30/May/2020:09:39:23 +0800] "POST /xingrg/dwr/call/plaincall/AjaxBaseInfoService.getMateriels.dwr HTTP/1.1" 200 3040
180.175.212.199 - - [30/May/2020:09:39:23 +0800] "GET /xingrg/javascript/easyui/themes/default/validatebox.css HTTP/1.1" 404 1104
114.88.170.9 - - [30/May/2020:09:39:24 +0800] "GET /xingrg/all/function/internal_message.html?_=1590802766769&CODE_STATE=getMsg HTTP/1.1" 200 27
180.162.232.172 - - [30/May/2020:09:39:24 +0800] "POST /xingrg/kc/buy/cgsh_order_operate.html HTTP/1.1" 200 12
172.17.0.123 - - [30/May/2020:09:39:24 +0800] "POST /xingrg/dwr/call/plaincall/AjaxBaseInfoService.getMateriels.dwr HTTP/1.1" 200 1307
180.175.212.199 - - [30/May/2020:09:39:24 +0800] "POST /xingrg/all/common/load_combo.html?type=base HTTP/1.1" 200 2966
180.162.232.172 - - [30/May/2020:09:39:25 +0800] "GET /xingrg/kc/buy/cgsh_order_info.html?code=212020053011032 HTTP/1.1" 200 53294
180.162.232.172 - - [30/May/2020:09:39:25 +0800] "GET /xingrg/words/20200530093911_words.js HTTP/1.1" 200 734039
172.17.0.123 - - [30/May/2020:09:39:26 +0800] "GET /xingrg/check_reg.html?_=1590802751874 HTTP/1.1" 200 22
172.17.0.123 - - [30/May/2020:09:39:26 +0800] "GET /xingrg/all/function/internal_message.html?_=1590802751876&CODE_STATE=getMsg HTTP/1.1" 200 27
180.162.232.172 - - [30/May/2020:09:39:26 +0800] "GET /xingrg/javascript/easyui/themes/default/validatebox.css HTTP/1.1" 404 1104
180.162.232.172 - - [30/May/2020:09:39:27 +0800] "POST /xingrg/kc/buy/cgsh_order_operate.html HTTP/1.1" 200 1195
180.162.232.172 - - [30/May/2020:09:39:29 +0800] "GET /xingrg/kc/print/load_data.html?order_code=212020053011032&kc_code=cgsh&condition= HTTP/1.1" 200 1002
116.230.77.149 - - [30/May/2020:09:39:32 +0800] "GET /xingrg/kc/base/wldb_order_operate.html?command=get_materiel&rest_code=00107&base_code=0010151&code=00101019204 HTTP/1.1" 200 438
180.175.212.199 - - [30/May/2020:09:39:32 +0800] "GET /xingrg/kc/base/wldb_order_operate.html?command=get_materiel&rest_code=00102&base_code=0010476&code=00101013003 HTTP/1.1" 200 430
172.17.0.240 - - [30/May/2020:09:39:37 +0800] "GET /xingrg/all/function/internal_message.html?_=1590802779124&CODE_STATE=getMsg HTTP/1.1" 200 27
114.84.151.157 - - [30/May/2020:09:39:40 +0800] "GET /xingrg/all/function/internal_message.html?_=1590802784086&CODE_STATE=getMsg HTTP/1.1" 200 27
120.253.135.82 - - [30/May/2020:09:39:40 +0800] "GET /xingrg/all/function/internal_message.html?_=1590802908565&CODE_STATE=getMsg HTTP/1.1" 200 27
120.253.135.82 - - [30/May/2020:09:39:41 +0800] "GET /xingrg/check_reg.html?_=1590802909960 HTTP/1.1" 200 22
116.230.77.149 - - [30/May/2020:09:39:42 +0800] "GET /xingrg/kc/base/wldb_order_operate.html?command=get_materiel&rest_code=00107&base_code=0010151&code=00101016094 HTTP/1.1" 200 470
180.175.212.199 - - [30/May/2020:09:39:43 +0800] "GET /xingrg/kc/base/wldb_order_operate.html?command=get_materiel&rest_code=00102&base_code=0010476&code=00101013081 HTTP/1.1" 200 430
180.162.232.172 - - [30/May/2020:09:39:44 +0800] "POST /xingrg/all/user/operate.html HTTP/1.1" 200 36
180.162.232.172 - - [30/May/2020:09:39:44 +0800] "GET /xingrg/index.html?sysBaseUrl=http%3A%2F%2F180.169.147.146%3A18081%2Fxingrg%2F&costTime=39×tamp=1590801335285 HTTP/1.1" 200 17179
180.162.232.172 - - [30/May/2020:09:39:44 +0800] "GET /xingrg/javascript/jquery_easy_ui/themes/default/easyui.css HTTP/1.1" 304 -
180.162.232.172 - - [30/May/2020:09:39:44 +0800] "GET /xingrg/javascript/jquery_easy_ui/themes/icon.css HTTP/1.1" 304 -
180.162.232.172 - - [30/May/2020:09:39:44 +0800] "GET /xingrg/css/form.css HTTP/1.1" 304 -
180.162.232.172 - - [30/May/2020:09:39:44 +0800] "GET /xingrg/javascript/jquery-1.4.2.min.js HTTP/1.1" 304 -
180.162.232.172 - - [30/May/2020:09:39:44 +0800] "GET /xingrg/javascript/jquery_easy_ui/jquery.easyui.min.js HTTP/1.1" 304 -
180.162.232.172 - - [30/May/2020:09:39:44 +0800] "GET /xingrg/javascript/jquery_easy_ui/easyui-lang-zh_CN.js HTTP/1.1" 304 -
180.162.232.172 - - [30/May/2020:09:39:44 +0800] "GET /xingrg/javascript/jquery.form.js HTTP/1.1" 304 -
180.162.232.172 - - [30/May/2020:09:39:44 +0800] "GET /xingrg/javascript/jquery.utils.js HTTP/1.1" 304 -
180.162.232.172 - - [30/May/2020:09:39:44 +0800] "GET /xingrg/javascript/jquery.timers.js HTTP/1.1" 304 -
180.162.232.172 - - [30/May/2020:09:39:44 +0800] "GET /xingrg/images/blue/jxLogo.png HTTP/1.1" 304 -
180.162.232.172 - - [30/May/2020:09:39:44 +0800] "GET /xingrg/javascript/jquery_easy_ui/themes/icons/settle_new.png HTTP/1.1" 304 -
180.162.232.172 - - [30/May/2020:09:39:44 +0800] "GET /xingrg/images/blue/navBackgound.jpg HTTP/1.1" 304 -
180.162.232.172 - - [30/May/2020:09:39:44 +0800] "POST /xingrg/all/common/load_tree.html?tree=area_rest_tree_json&manage=1 HTTP/1.1" 200 476
180.162.232.172 - - [30/May/2020:09:39:44 +0800] "GET /xingrg/javascript/jquery_easy_ui/themes/default/images/tabs_leftarrow.png HTTP/1.1" 304 -
180.162.232.172 - - [30/May/2020:09:39:44 +0800] "GET /xingrg/check_reg.html?_=1590802786095 HTTP/1.1" 200 22
180.162.232.172 - - [30/May/2020:09:39:44 +0800] "GET /xingrg/all/function/internal_message.html?_=1590802786094&CODE_STATE=count HTTP/1.1" 200 11
180.162.232.172 - - [30/May/2020:09:39:44 +0800] "GET /xingrg/javascript/jquery_easy_ui/themes/default/images/panel_tool_collapse.gif HTTP/1.1" 304 -
180.162.232.172 - - [30/May/2020:09:39:44 +0800] "GET /xingrg/images/blue/pingpu.png HTTP/1.1" 304 -
180.162.232.172 - - [30/May/2020:09:39:44 +0800] "GET /xingrg/javascript/jquery_easy_ui/themes/default/images/tabs_rightarrow.png HTTP/1.1" 304 -
101.83.241.210 - - [30/May/2020:09:39:44 +0800] "GET /xingrg/all/function/internal_message.html?_=1590802780544&CODE_STATE=getMsg HTTP/1.1" 200 27
180.162.232.172 - - [30/May/2020:09:39:44 +0800] "POST /xingrg/load_menu.html HTTP/1.1" 200 5138
101.83.241.210 - - [30/May/2020:09:39:44 +0800] "GET /xingrg/check_reg.html?_=1590802780675 HTTP/1.1" 200 22
180.175.212.199 - - [30/May/2020:09:39:46 +0800] "GET /xingrg/all/function/internal_message.html?_=1590802991795&CODE_STATE=getMsg HTTP/1.1" 200 27
180.162.232.172 - - [30/May/2020:09:39:48 +0800] "GET /xingrg/kc/buy/cgsh_order_add.html HTTP/1.1" 200 58388
180.162.232.172 - - [30/May/2020:09:39:48 +0800] "POST /xingrg/kc/buy/cgsh_order_operate.html HTTP/1.1" 200 8245
117.185.32.26 - - [30/May/2020:09:39:48 +0800] "GET /xingrg/check_reg.html?_=1590803212861 HTTP/1.1" 200 22
117.185.32.26 - - [30/May/2020:09:39:48 +0800] "GET /xingrg/all/function/internal_message.html?_=1590803212862&CODE_STATE=getMsg HTTP/1.1" 200 27
180.162.232.172 - - [30/May/2020:09:39:48 +0800] "GET /xingrg/javascript/easyui/themes/default/validatebox.css HTTP/1.1" 404 1104
180.162.232.172 - - [30/May/2020:09:39:50 +0800] "GET /xingrg/kc/base/yddb_order_list.html HTTP/1.1" 200 16867
180.162.232.172 - - [30/May/2020:09:39:50 +0800] "POST /xingrg/kc/base/yddb_list_operate.html HTTP/1.1" 200 583
116.230.77.149 - - [30/May/2020:09:39:56 +0800] "GET /xingrg/kc/base/wldb_order_operate.html?command=get_materiel&rest_code=00107&base_code=0010151&code=00101019390 HTTP/1.1" 200 456
180.162.232.172 - - [30/May/2020:09:39:56 +0800] "POST /xingrg/kc/base/yddb_list_operate.html HTTP/1.1" 200 583
180.162.232.172 - - [30/May/2020:09:39:57 +0800] "GET /xingrg/kc/buy/cgsh_order_operate.html?command=get_materiel&rest_code=00151&code=00102031092&supplier_code=00100151&order_time=2020-05-30 HTTP/1.1" 200 402
58.221.95.50 - - [30/May/2020:09:39:57 +0800] "GET /xingrg/all/function/internal_message.html?_=1590802850000&CODE_STATE=getMsg HTTP/1.1" 200 27
114.88.170.9 - - [30/May/2020:09:39:57 +0800] "GET /xingrg/all/function/internal_message.html?_=1590802794183&CODE_STATE=getMsg HTTP/1.1" 200 27
180.162.232.172 - - [30/May/2020:09:40:00 +0800] "POST /xingrg/kc/base/yddb_list_operate.html HTTP/1.1" 200 583
172.17.0.185 - - [30/May/2020:09:40:03 +0800] "GET /xingrg/all/function/internal_message.html?_=1590802804930&CODE_STATE=getMsg HTTP/1.1" 200 27
114.84.33.255 - - [30/May/2020:09:40:04 +0800] "GET /xingrg/all/function/internal_message.html?_=1590802822925&CODE_STATE=getMsg HTTP/1.1" 200 27
116.230.77.149 - - [30/May/2020:09:40:09 +0800] "GET /xingrg/kc/base/wldb_order_operate.html?command=get_materiel&rest_code=00107&base_code=0010151&code=00101019372 HTTP/1.1" 200 468
180.162.232.172 - - [30/May/2020:09:40:11 +0800] "GET /xingrg/kc/buy/cgsh_order_operate.html?command=get_materiel&rest_code=00151&code=00102031093&supplier_code=00100151&order_time=2020-05-30 HTTP/1.1" 200 402
172.17.0.110 - - [30/May/2020:09:40:13 +0800] "GET /xingrg/all/function/internal_message.html?_=1590802812953&CODE_STATE=getMsg HTTP/1.1" 200 27
117.184.7.26 - - [30/May/2020:09:40:14 +0800] "GET /xingrg/check_reg.html?_=1590802807900 HTTP/1.1" 200 22
117.184.7.26 - - [30/May/2020:09:40:14 +0800] "GET /xingrg/all/function/internal_message.html?_=1590802807903&CODE_STATE=getMsg HTTP/1.1" 200 27
116.230.77.149 - - [30/May/2020:09:40:19 +0800] "GET /xingrg/all/function/internal_message.html?_=1590802811587&CODE_STATE=getMsg HTTP/1.1" 200 27
180.162.232.172 - - [30/May/2020:09:40:21 +0800] "GET /xingrg/check_reg.html?_=1590802952281 HTTP/1.1" 200 22
180.162.232.172 - - [30/May/2020:09:40:21 +0800] "GET /xingrg/all/function/internal_message.html?_=1590802952791&CODE_STATE=getMsg HTTP/1.1" 200 27
61.172.5.115 - - [30/May/2020:09:40:22 +0800] "GET /xingrg/all/function/internal_message.html?_=1590802825979&CODE_STATE=getMsg HTTP/1.1" 200 27
114.88.170.9 - - [30/May/2020:09:40:23 +0800] "GET /xingrg/check_reg.html?_=1590802826256 HTTP/1.1" 200 22
114.88.170.9 - - [30/May/2020:09:40:24 +0800] "GET /xingrg/all/function/internal_message.html?_=1590802826782&CODE_STATE=getMsg HTTP/1.1" 200 27
116.230.77.149 - - [30/May/2020:09:40:25 +0800] "GET /xingrg/kc/base/wldb_order_operate.html?command=get_materiel&rest_code=00107&base_code=0010151&code=00101019184 HTTP/1.1" 200 443
180.162.232.172 - - [30/May/2020:09:40:25 +0800] "GET /xingrg/kc/buy/cgsh_order_operate.html?command=get_materiel&rest_code=00151&code=00102031094&supplier_code=00100151&order_time=2020-05-30 HTTP/1.1" 200 414
172.17.0.123 - - [30/May/2020:09:40:26 +0800] "GET /xingrg/all/function/internal_message.html?_=1590802811870&CODE_STATE=getMsg HTTP/1.1" 200 27
61.151.207.141 - - [30/May/2020:09:40:29 +0800] "GET /xingrg/all/function/internal_message.html?_=1590802124060&CODE_STATE=getMsg HTTP/1.1" 302 -
120.253.135.82 - - [30/May/2020:09:40:34 +0800] "GET /xingrg/login.html HTTP/1.1" 200 7641
120.253.135.82 - - [30/May/2020:09:40:34 +0800] "GET /xingrg/images/blue/jxLogo.png HTTP/1.1" 304 -
120.253.135.82 - - [30/May/2020:09:40:34 +0800] "GET /xingrg/images/blue/login_bg.png HTTP/1.1" 304 -
120.253.135.82 - - [30/May/2020:09:40:34 +0800] "GET /xingrg/images/blue/hj.png HTTP/1.1" 304 -
120.253.135.82 - - [30/May/2020:09:40:34 +0800] "GET /xingrg/images/blue/srbg.png HTTP/1.1" 304 -
120.253.135.82 - - [30/May/2020:09:40:34 +0800] "GET /favicon.ico HTTP/1.1" 404 -
61.151.207.141 - - [30/May/2020:09:40:34 +0800] "GET /xingrg/login.html HTTP/1.1" 200 7641
120.253.135.82 - - [30/May/2020:09:40:36 +0800] "POST /xingrg/login.do HTTP/1.1" 302 -
120.253.135.82 - - [30/May/2020:09:40:36 +0800] "GET /xingrg/index.html?sysBaseUrl=http%3A%2F%2F180.169.147.146%3A18081%2Fxingrg%2F&costTime=39×tamp=1590802836497 HTTP/1.1" 200 17503
120.253.135.82 - - [30/May/2020:09:40:36 +0800] "GET /xingrg/javascript/jquery_easy_ui/themes/default/easyui.css HTTP/1.1" 304 -
120.253.135.82 - - [30/May/2020:09:40:36 +0800] "GET /xingrg/javascript/jquery_easy_ui/themes/icon.css HTTP/1.1" 304 -
120.253.135.82 - - [30/May/2020:09:40:36 +0800] "GET /xingrg/javascript/jquery.form.js HTTP/1.1" 304 -
120.253.135.82 - - [30/May/2020:09:40:36 +0800] "GET /xingrg/javascript/jquery.utils.js HTTP/1.1" 304 -
120.253.135.82 - - [30/May/2020:09:40:36 +0800] "GET /xingrg/javascript/jquery-1.4.2.min.js HTTP/1.1" 304 -
120.253.135.82 - - [30/May/2020:09:40:36 +0800] "GET /xingrg/css/form.css HTTP/1.1" 304 -
120.253.135.82 - - [30/May/2020:09:40:36 +0800] "GET /xingrg/javascript/jquery_easy_ui/jquery.easyui.min.js HTTP/1.1" 304 -
120.253.135.82 - - [30/May/2020:09:40:36 +0800] "GET /xingrg/javascript/jquery.timers.js HTTP/1.1" 304 -
120.253.135.82 - - [30/May/2020:09:40:36 +0800] "GET /xingrg/javascript/jquery_easy_ui/easyui-lang-zh_CN.js HTTP/1.1" 304 -
120.253.135.82 - - [30/May/2020:09:40:36 +0800] "GET /favicon.ico HTTP/1.1" 404 -
120.253.135.82 - - [30/May/2020:09:40:36 +0800] "GET /xingrg/images/blue/navBackgound.jpg HTTP/1.1" 304 -
120.253.135.82 - - [30/May/2020:09:40:36 +0800] "GET /xingrg/javascript/jquery_easy_ui/themes/icons/settle_new.png HTTP/1.1" 304 -
120.253.135.82 - - [30/May/2020:09:40:36 +0800] "POST /xingrg/all/common/load_tree.html?tree=area_rest_tree_json&manage=1 HTTP/1.1" 200 344
120.253.135.82 - - [30/May/2020:09:40:36 +0800] "GET /xingrg/images/blue/pingpu.png HTTP/1.1" 304 -
120.253.135.82 - - [30/May/2020:09:40:36 +0800] "GET /xingrg/javascript/jquery_easy_ui/themes/default/images/panel_tool_expand.gif HTTP/1.1" 304 -
120.253.135.82 - - [30/May/2020:09:40:36 +0800] "GET /xingrg/javascript/jquery_easy_ui/themes/default/images/tabs_rightarrow.png HTTP/1.1" 304 -
120.253.135.82 - - [30/May/2020:09:40:36 +0800] "GET /xingrg/javascript/jquery_easy_ui/themes/default/images/tabs_leftarrow.png HTTP/1.1" 304 -
120.253.135.82 - - [30/May/2020:09:40:36 +0800] "GET /xingrg/javascript/jquery_easy_ui/themes/default/images/panel_tool_collapse.gif HTTP/1.1" 304 -
120.253.135.82 - - [30/May/2020:09:40:36 +0800] "GET /xingrg/check_reg.html?_=1590802594560 HTTP/1.1" 200 22
120.253.135.82 - - [30/May/2020:09:40:36 +0800] "GET /xingrg/all/function/internal_message.html?_=1590802594559&CODE_STATE=count HTTP/1.1" 200 11
120.253.135.82 - - [30/May/2020:09:40:37 +0800] "GET /xingrg/javascript/jquery_easy_ui/themes/default/images/tree_arrows.gif HTTP/1.1" 304 -
120.253.135.82 - - [30/May/2020:09:40:37 +0800] "POST /xingrg/load_menu.html HTTP/1.1" 200 11564
120.253.135.82 - - [30/May/2020:09:40:37 +0800] "GET /xingrg/javascript/jquery_easy_ui/themes/default/images/tree_folder_open.gif HTTP/1.1" 304 -
120.253.135.82 - - [30/May/2020:09:40:37 +0800] "GET /xingrg/javascript/jquery_easy_ui/themes/icons/search_new.png HTTP/1.1" 304 -
120.253.135.82 - - [30/May/2020:09:40:37 +0800] "GET /xingrg/javascript/jquery_easy_ui/themes/icons/delivery_new.png HTTP/1.1" 304 -
120.253.135.82 - - [30/May/2020:09:40:37 +0800] "GET /xingrg/javascript/jquery_easy_ui/themes/icons/storage_new.png HTTP/1.1" 304 -
120.253.135.82 - - [30/May/2020:09:40:37 +0800] "GET /xingrg/javascript/jquery_easy_ui/themes/icons/checkout_new.png HTTP/1.1" 304 -
120.253.135.82 - - [30/May/2020:09:40:37 +0800] "GET /xingrg/javascript/jquery_easy_ui/themes/icons/systemset_new.png HTTP/1.1" 304 -
120.253.135.82 - - [30/May/2020:09:40:37 +0800] "GET /xingrg/javascript/jquery_easy_ui/themes/icons/forms_new.png HTTP/1.1" 304 -
120.253.135.82 - - [30/May/2020:09:40:37 +0800] "GET /xingrg/javascript/jquery_easy_ui/themes/icons/setting_new.png HTTP/1.1" 304 -
120.253.135.82 - - [30/May/2020:09:40:37 +0800] "GET /xingrg/javascript/jquery_easy_ui/themes/default/images/tree_folder.gif HTTP/1.1" 304 -
120.253.135.82 - - [30/May/2020:09:40:37 +0800] "GET /xingrg/javascript/jquery_easy_ui/themes/default/images/tree_file.gif HTTP/1.1" 304 -
172.17.0.240 - - [30/May/2020:09:40:37 +0800] "GET /xingrg/all/function/internal_message.html?_=1590802839117&CODE_STATE=getMsg HTTP/1.1" 200 27
180.162.232.172 - - [30/May/2020:09:40:39 +0800] "POST /xingrg/kc/buy/cgsh_order_operate.html HTTP/1.1" 200 37
120.253.135.82 - - [30/May/2020:09:40:39 +0800] "GET /xingrg/javascript/jquery_easy_ui/themes/default/images/tabs_close.gif HTTP/1.1" 304 -
114.84.151.157 - - [30/May/2020:09:40:40 +0800] "GET /xingrg/all/function/internal_message.html?_=1590802844085&CODE_STATE=getMsg HTTP/1.1" 200 27
120.253.135.82 - - [30/May/2020:09:40:40 +0800] "GET /xingrg/css/blue.css HTTP/1.1" 304 -
120.253.135.82 - - [30/May/2020:09:40:40 +0800] "GET /xingrg/javascript/pic_change.js HTTP/1.1" 304 -
120.253.135.82 - - [30/May/2020:09:40:40 +0800] "GET /xingrg/dwr/interface/AjaxReportQueryService.js HTTP/1.1" 200 13203
120.253.135.82 - - [30/May/2020:09:40:40 +0800] "GET /xingrg/dwr/util.js HTTP/1.1" 304 -
120.253.135.82 - - [30/May/2020:09:40:40 +0800] "GET /xingrg/kc/pszx/mdqp_order_list.html?state=10 HTTP/1.1" 200 10079
120.253.135.82 - - [30/May/2020:09:40:40 +0800] "GET /xingrg/javascript/myfunction.js HTTP/1.1" 304 -
120.253.135.82 - - [30/May/2020:09:40:40 +0800] "GET /xingrg/javascript/Calendar.js HTTP/1.1" 304 -
120.253.135.82 - - [30/May/2020:09:40:40 +0800] "GET /xingrg/dwr/interface/AjaxQqpsService.js HTTP/1.1" 200 16326
120.253.135.82 - - [30/May/2020:09:40:40 +0800] "GET /xingrg/all/function/internal_message.html?_=1590802968594&CODE_STATE=getMsg HTTP/1.1" 200 27
120.253.135.82 - - [30/May/2020:09:40:40 +0800] "GET /xingrg/dwr/engine.js HTTP/1.1" 200 43631
120.253.135.82 - - [30/May/2020:09:40:40 +0800] "GET /xingrg/javascript/jquery_easy_ui/themes/icons/check_new.png HTTP/1.1" 304 -
120.253.135.82 - - [30/May/2020:09:40:40 +0800] "GET /xingrg/javascript/jquery_easy_ui/themes/icons/back_new.png HTTP/1.1" 304 -
120.253.135.82 - - [30/May/2020:09:40:40 +0800] "GET /xingrg/javascript/jquery_easy_ui/themes/icons/uncheck_new.png HTTP/1.1" 304 -
180.162.232.172 - - [30/May/2020:09:40:40 +0800] "POST /xingrg/kc/buy/cgsh_order_operate.html HTTP/1.1" 200 12
180.175.212.199 - - [30/May/2020:09:40:41 +0800] "GET /xingrg/check_reg.html?_=1590803046028 HTTP/1.1" 200 22
180.162.232.172 - - [30/May/2020:09:40:41 +0800] "GET /xingrg/kc/buy/cgsh_order_info.html?code=212020053011033 HTTP/1.1" 200 53284
180.162.232.172 - - [30/May/2020:09:40:42 +0800] "GET /xingrg/javascript/easyui/themes/default/validatebox.css HTTP/1.1" 404 1104
180.162.232.172 - - [30/May/2020:09:40:42 +0800] "POST /xingrg/kc/buy/cgsh_order_operate.html HTTP/1.1" 200 1816
180.162.232.172 - - [30/May/2020:09:40:44 +0800] "GET /xingrg/kc/print/load_data.html?order_code=212020053011033&kc_code=cgsh&condition= HTTP/1.1" 200 1187
101.83.241.210 - - [30/May/2020:09:40:44 +0800] "GET /xingrg/all/function/internal_message.html?_=1590802840522&CODE_STATE=getMsg HTTP/1.1" 200 27
180.162.232.172 - - [30/May/2020:09:40:44 +0800] "GET /xingrg/all/function/internal_message.html?_=1590802846101&CODE_STATE=getMsg HTTP/1.1" 200 27
180.175.212.199 - - [30/May/2020:09:40:46 +0800] "GET /xingrg/all/function/internal_message.html?_=1590803051809&CODE_STATE=getMsg HTTP/1.1" 200 27
116.230.77.149 - - [30/May/2020:09:40:48 +0800] "GET /xingrg/kc/base/wldb_order_operate.html?command=get_materiel&rest_code=00107&base_code=0010151&code=00101019222 HTTP/1.1" 200 453
117.185.32.26 - - [30/May/2020:09:40:48 +0800] "GET /xingrg/all/function/internal_message.html?_=1590803272863&CODE_STATE=getMsg HTTP/1.1" 200 27
180.162.232.172 - - [30/May/2020:09:40:49 +0800] "POST /xingrg/kc/base/yddb_list_operate.html HTTP/1.1" 200 583
180.162.232.172 - - [30/May/2020:09:40:51 +0800] "GET /xingrg/kc/buy/cgsh_order_info.html?code=212020052910919 HTTP/1.1" 200 58403
180.162.232.172 - - [30/May/2020:09:40:52 +0800] "GET /xingrg/javascript/easyui/themes/default/validatebox.css HTTP/1.1" 404 1104
180.162.232.172 - - [30/May/2020:09:40:52 +0800] "POST /xingrg/kc/buy/cgsh_order_operate.html HTTP/1.1" 200 3852
180.162.232.172 - - [30/May/2020:09:40:53 +0800] "GET /xingrg/javascript/jquery_tools/images/next.gif HTTP/1.1" 404 1086
180.162.232.172 - - [30/May/2020:09:40:53 +0800] "GET /xingrg/javascript/jquery_tools/images/prev.gif HTTP/1.1" 404 1086
116.230.77.149 - - [30/May/2020:09:40:54 +0800] "POST /xingrg/kc/base/wldb_order_operate.html HTTP/1.1" 200 37
116.230.77.149 - - [30/May/2020:09:40:54 +0800] "POST /xingrg/kc/base/wldb_order_operate.html HTTP/1.1" 200 5179
116.230.77.149 - - [30/May/2020:09:40:56 +0800] "GET /xingrg/kc/base/wldb_order_info.html?code=422020053003050 HTTP/1.1" 200 30333
58.221.95.50 - - [30/May/2020:09:40:57 +0800] "GET /xingrg/all/function/internal_message.html?_=1590802909999&CODE_STATE=getMsg HTTP/1.1" 200 27
58.221.95.50 - - [30/May/2020:09:40:57 +0800] "GET /xingrg/check_reg.html?_=1590802910002 HTTP/1.1" 200 22
114.88.170.9 - - [30/May/2020:09:40:57 +0800] "GET /xingrg/all/function/internal_message.html?_=1590802854185&CODE_STATE=getMsg HTTP/1.1" 200 27
180.162.232.172 - - [30/May/2020:09:40:57 +0800] "GET /xingrg/kc/buy/cgsh_order_operate.html?command=get_materiel&rest_code=00151&code=00102031096&supplier_code=00100281&order_time=2020-05-29 HTTP/1.1" 200 398
116.230.77.149 - - [30/May/2020:09:40:58 +0800] "GET /xingrg/words/20200530093911_words.js HTTP/1.1" 200 734039
116.230.77.149 - - [30/May/2020:09:40:59 +0800] "GET /xingrg/javascript/easyui/themes/default/validatebox.css HTTP/1.1" 404 1104
116.230.77.149 - - [30/May/2020:09:40:59 +0800] "POST /xingrg/kc/base/wldb_order_operate.html HTTP/1.1" 200 5179
180.175.212.199 - - [30/May/2020:09:41:02 +0800] "GET /xingrg/kc/base/wldb_order_operate.html?command=get_materiel&rest_code=00102&base_code=0010476&code=00101016028 HTTP/1.1" 200 432
172.17.0.185 - - [30/May/2020:09:41:03 +0800] "GET /xingrg/all/function/internal_message.html?_=1590802864937&CODE_STATE=getMsg HTTP/1.1" 200 27
114.84.33.255 - - [30/May/2020:09:41:04 +0800] "GET /xingrg/all/function/internal_message.html?_=1590802882925&CODE_STATE=getMsg HTTP/1.1" 200 27
172.17.0.110 - - [30/May/2020:09:41:13 +0800] "GET /xingrg/all/function/internal_message.html?_=1590802872955&CODE_STATE=getMsg HTTP/1.1" 200 27
180.162.232.172 - - [30/May/2020:09:41:14 +0800] "POST /xingrg/kc/buy/cgsh_order_operate.html HTTP/1.1" 200 37
117.184.7.26 - - [30/May/2020:09:41:14 +0800] "GET /xingrg/all/function/internal_message.html?_=1590802867897&CODE_STATE=getMsg HTTP/1.1" 200 27
116.230.77.149 - - [30/May/2020:09:41:15 +0800] "GET /xingrg/kc/base/wldb_order_operate.html?command=get_materiel&rest_code=00107&base_code=0010151&code=00101016007 HTTP/1.1" 200 450
180.162.232.172 - - [30/May/2020:09:41:16 +0800] "POST /xingrg/kc/buy/cgsh_order_operate.html HTTP/1.1" 200 12
116.230.77.149 - - [30/May/2020:09:41:19 +0800] "GET /xingrg/all/function/internal_message.html?_=1590802871598&CODE_STATE=getMsg HTTP/1.1" 200 27
180.162.232.172 - - [30/May/2020:09:41:20 +0800] "GET /xingrg/kc/buy/cgsh_order_info.html?code=212020052910919 HTTP/1.1" 200 53300
101.85.53.146 - - [30/May/2020:09:41:20 +0800] "GET /xingrg/check_reg.html?_=1590802371961 HTTP/1.1" 200 22
180.162.232.172 - - [30/May/2020:09:41:20 +0800] "GET /xingrg/javascript/easyui/themes/default/validatebox.css HTTP/1.1" 404 1104
180.162.232.172 - - [30/May/2020:09:41:20 +0800] "POST /xingrg/kc/buy/cgsh_order_operate.html HTTP/1.1" 200 2402
180.162.232.172 - - [30/May/2020:09:41:21 +0800] "GET /xingrg/all/function/internal_message.html?_=1590803012804&CODE_STATE=getMsg HTTP/1.1" 200 27
61.172.5.115 - - [30/May/2020:09:41:22 +0800] "GET /xingrg/all/function/internal_message.html?_=1590802885965&CODE_STATE=getMsg HTTP/1.1" 200 27
61.172.5.115 - - [30/May/2020:09:41:22 +0800] "GET /xingrg/check_reg.html?_=1590802886044 HTTP/1.1" 200 22
116.230.77.149 - - [30/May/2020:09:41:24 +0800] "POST /xingrg/kc/base/wldb_order_operate.html HTTP/1.1" 200 37
114.88.170.9 - - [30/May/2020:09:41:24 +0800] "GET /xingrg/all/function/internal_message.html?_=1590802886796&CODE_STATE=getMsg HTTP/1.1" 200 27
116.230.77.149 - - [30/May/2020:09:41:24 +0800] "POST /xingrg/kc/base/wldb_order_operate.html HTTP/1.1" 200 5665
180.162.232.172 - - [30/May/2020:09:41:25 +0800] "GET /xingrg/kc/print/load_data.html?order_code=212020052910919&kc_code=cgsh&condition= HTTP/1.1" 200 1423
172.17.0.123 - - [30/May/2020:09:41:26 +0800] "GET /xingrg/all/function/internal_message.html?_=1590802871873&CODE_STATE=getMsg HTTP/1.1" 200 27
61.129.6.159 - - [30/May/2020:09:41:29 +0800] "GET /xingrg/all/function/internal_message.html?_=1590802184058&CODE_STATE=getMsg HTTP/1.1" 302 -
116.230.77.149 - - [30/May/2020:09:41:33 +0800] "GET /xingrg/kc/base/wldb_order_info.html?code=422020053003050 HTTP/1.1" 200 30332
180.162.232.172 - - [30/May/2020:09:41:34 +0800] "GET /xingrg/kc/buy/cgsh_order_add.html HTTP/1.1" 200 58388
180.162.232.172 - - [30/May/2020:09:41:34 +0800] "POST /xingrg/kc/buy/cgsh_order_operate.html HTTP/1.1" 200 8245
120.253.135.82 - - [30/May/2020:09:41:34 +0800] "GET /xingrg/check_reg.html?_=1590803023120 HTTP/1.1" 200 22
180.162.232.172 - - [30/May/2020:09:41:34 +0800] "GET /xingrg/javascript/easyui/themes/default/validatebox.css HTTP/1.1" 404 1104
116.230.77.149 - - [30/May/2020:09:41:35 +0800] "GET /xingrg/words/20200530093911_words.js HTTP/1.1" 304 -
61.129.6.159 - - [30/May/2020:09:41:36 +0800] "GET /xingrg/login.html HTTP/1.1" 200 7641
116.230.77.149 - - [30/May/2020:09:41:36 +0800] "GET /xingrg/javascript/easyui/themes/default/validatebox.css HTTP/1.1" 404 1104
116.230.77.149 - - [30/May/2020:09:41:36 +0800] "POST /xingrg/kc/base/wldb_order_operate.html HTTP/1.1" 200 5665
120.253.135.82 - - [30/May/2020:09:41:36 +0800] "GET /xingrg/all/function/internal_message.html?_=1590802654566&CODE_STATE=getMsg HTTP/1.1" 200 27
172.17.0.240 - - [30/May/2020:09:41:37 +0800] "GET /xingrg/all/function/internal_message.html?_=1590802899111&CODE_STATE=getMsg HTTP/1.1" 200 27
114.84.151.157 - - [30/May/2020:09:41:40 +0800] "GET /xingrg/all/function/internal_message.html?_=1590802904084&CODE_STATE=getMsg HTTP/1.1" 200 27
120.253.135.82 - - [30/May/2020:09:41:40 +0800] "GET /xingrg/all/function/internal_message.html?_=1590803028607&CODE_STATE=getMsg HTTP/1.1" 200 27
101.83.241.210 - - [30/May/2020:09:41:44 +0800] "GET /xingrg/all/function/internal_message.html?_=1590802900497&CODE_STATE=getMsg HTTP/1.1" 200 27
180.162.232.172 - - [30/May/2020:09:41:44 +0800] "GET /xingrg/all/function/internal_message.html?_=1590802906109&CODE_STATE=getMsg HTTP/1.1" 200 27
172.17.0.110 - - [30/May/2020:09:41:46 +0800] "POST /xingrg/kc/buy/cgsh_list_operate.html HTTP/1.1" 200 5376
180.175.212.199 - - [30/May/2020:09:41:47 +0800] "GET /xingrg/all/function/internal_message.html?_=1590803112308&CODE_STATE=getMsg HTTP/1.1" 200 27
180.162.232.172 - - [30/May/2020:09:41:48 +0800] "GET /xingrg/kc/buy/cgsh_order_operate.html?command=get_materiel&rest_code=00151&code=00102031095&supplier_code=00100281&order_time=2020-05-30 HTTP/1.1" 200 398
117.185.32.26 - - [30/May/2020:09:41:48 +0800] "GET /xingrg/all/function/internal_message.html?_=1590803332862&CODE_STATE=getMsg HTTP/1.1" 200 27
120.253.135.82 - - [30/May/2020:09:41:51 +0800] "GET /xingrg/javascript/jquery_easy_ui/themes/icons/manage.png HTTP/1.1" 304 -
120.253.135.82 - - [30/May/2020:09:41:51 +0800] "GET /xingrg/javascript/jquery_easy_ui/themes/icons/area.png HTTP/1.1" 304 -
120.253.135.82 - - [30/May/2020:09:41:52 +0800] "GET /xingrg/javascript/jquery_easy_ui/themes/default/images/tabs_active.png HTTP/1.1" 200 2894
180.175.212.199 - - [30/May/2020:09:41:53 +0800] "GET /xingrg/kc/base/wldb_order_operate.html?command=get_materiel&rest_code=00102&base_code=0010478&code=00101014061 HTTP/1.1" 200 435
58.221.95.50 - - [30/May/2020:09:41:57 +0800] "GET /xingrg/all/function/internal_message.html?_=1590802970000&CODE_STATE=getMsg HTTP/1.1" 200 27
116.230.77.149 - - [30/May/2020:09:41:57 +0800] "POST /xingrg/kc/base/wldb_order_operate.html HTTP/1.1" 200 37
114.88.170.9 - - [30/May/2020:09:41:57 +0800] "GET /xingrg/all/function/internal_message.html?_=1590802914173&CODE_STATE=getMsg HTTP/1.1" 200 27
116.230.77.149 - - [30/May/2020:09:41:57 +0800] "POST /xingrg/kc/base/wldb_order_operate.html HTTP/1.1" 200 5665
116.230.77.149 - - [30/May/2020:09:41:58 +0800] "GET /xingrg/kc/base/wldb_order_info.html?code=422020053003050 HTTP/1.1" 200 30332
116.230.77.149 - - [30/May/2020:09:41:59 +0800] "GET /xingrg/words/20200530093911_words.js HTTP/1.1" 304 -
116.230.77.149 - - [30/May/2020:09:42:01 +0800] "GET /xingrg/javascript/easyui/themes/default/validatebox.css HTTP/1.1" 404 1104
116.230.77.149 - - [30/May/2020:09:42:01 +0800] "POST /xingrg/kc/base/wldb_order_operate.html HTTP/1.1" 200 5665
120.253.135.82 - - [30/May/2020:09:42:01 +0800] "GET /xingrg/check_reg.html?_=1590803050385 HTTP/1.1" 200 22
116.230.77.149 - - [30/May/2020:09:42:03 +0800] "GET /xingrg/kc/base/wldb_order_add.html HTTP/1.1" 200 30318
172.17.0.185 - - [30/May/2020:09:42:03 +0800] "GET /xingrg/all/function/internal_message.html?_=1590802924928&CODE_STATE=getMsg HTTP/1.1" 200 27
180.162.232.172 - - [30/May/2020:09:42:04 +0800] "POST /xingrg/kc/buy/cgsh_order_operate.html HTTP/1.1" 200 37
114.84.33.255 - - [30/May/2020:09:42:04 +0800] "GET /xingrg/all/function/internal_message.html?_=1590802943111&CODE_STATE=getMsg HTTP/1.1" 200 27
116.230.77.149 - - [30/May/2020:09:42:05 +0800] "GET /xingrg/javascript/easyui/themes/default/validatebox.css HTTP/1.1" 404 1104
116.230.77.149 - - [30/May/2020:09:42:05 +0800] "POST /xingrg/kc/base/wldb_order_operate.html HTTP/1.1" 200 6806
180.162.232.172 - - [30/May/2020:09:42:06 +0800] "POST /xingrg/kc/buy/cgsh_order_operate.html HTTP/1.1" 200 12
116.230.77.149 - - [30/May/2020:09:42:07 +0800] "POST /xingrg/all/common/load_combo.html?type=base HTTP/1.1" 200 3236
180.162.232.172 - - [30/May/2020:09:42:07 +0800] "GET /xingrg/kc/buy/cgsh_order_info.html?code=212020053011034 HTTP/1.1" 200 53300
180.162.232.172 - - [30/May/2020:09:42:07 +0800] "GET /xingrg/javascript/easyui/themes/default/validatebox.css HTTP/1.1" 404 1104
180.162.232.172 - - [30/May/2020:09:42:07 +0800] "POST /xingrg/kc/buy/cgsh_order_operate.html HTTP/1.1" 200 618
180.162.232.172 - - [30/May/2020:09:42:09 +0800] "GET /xingrg/kc/print/load_data.html?order_code=212020053011034&kc_code=cgsh&condition= HTTP/1.1" 200 738
116.230.77.149 - - [30/May/2020:09:42:10 +0800] "POST /xingrg/all/common/load_combo.html?type=base HTTP/1.1" 200 3236
172.17.0.110 - - [30/May/2020:09:42:13 +0800] "GET /xingrg/all/function/internal_message.html?_=1590802932961&CODE_STATE=getMsg HTTP/1.1" 200 27
172.17.0.110 - - [30/May/2020:09:42:13 +0800] "GET /xingrg/check_reg.html?_=1590802932964 HTTP/1.1" 200 22
117.184.7.26 - - [30/May/2020:09:42:14 +0800] "GET /xingrg/all/function/internal_message.html?_=1590802927883&CODE_STATE=getMsg HTTP/1.1" 200 27
180.175.212.199 - - [30/May/2020:09:42:16 +0800] "GET /xingrg/kc/base/wldb_order_operate.html?command=get_materiel&rest_code=00102&base_code=0010478&code=00101014076 HTTP/1.1" 200 440
116.230.77.149 - - [30/May/2020:09:42:18 +0800] "GET /xingrg/kc/base/wldb_order_operate.html?command=get_materiel&rest_code=00107&base_code=0010151&code=00101011005 HTTP/1.1" 200 430
116.230.77.149 - - [30/May/2020:09:42:19 +0800] "GET /xingrg/check_reg.html?_=1590802931574 HTTP/1.1" 200 22
116.230.77.149 - - [30/May/2020:09:42:19 +0800] "GET /xingrg/all/function/internal_message.html?_=1590802931576&CODE_STATE=getMsg HTTP/1.1" 200 27
180.162.232.172 - - [30/May/2020:09:42:21 +0800] "GET /xingrg/all/function/internal_message.html?_=1590803072818&CODE_STATE=getMsg HTTP/1.1" 200 27
61.172.5.115 - - [30/May/2020:09:42:22 +0800] "GET /xingrg/all/function/internal_message.html?_=1590802945966&CODE_STATE=getMsg HTTP/1.1" 200 27
114.88.170.9 - - [30/May/2020:09:42:24 +0800] "GET /xingrg/all/function/internal_message.html?_=1590802946810&CODE_STATE=getMsg HTTP/1.1" 200 27
172.17.0.123 - - [30/May/2020:09:42:26 +0800] "GET /xingrg/all/function/internal_message.html?_=1590802931876&CODE_STATE=getMsg HTTP/1.1" 200 27
116.230.77.149 - - [30/May/2020:09:42:32 +0800] "GET /xingrg/kc/base/wldb_order_operate.html?command=get_materiel&rest_code=00107&base_code=0010151&code=00101019111 HTTP/1.1" 200 455
172.17.0.240 - - [30/May/2020:09:42:37 +0800] "GET /xingrg/all/function/internal_message.html?_=1590802959120&CODE_STATE=getMsg HTTP/1.1" 200 27
114.84.151.157 - - [30/May/2020:09:42:40 +0800] "GET /xingrg/all/function/internal_message.html?_=1590802964108&CODE_STATE=getMsg HTTP/1.1" 200 27
120.253.135.82 - - [30/May/2020:09:42:40 +0800] "GET /xingrg/all/function/internal_message.html?_=1590803088642&CODE_STATE=getMsg HTTP/1.1" 200 27
180.175.212.199 - - [30/May/2020:09:42:43 +0800] "GET /xingrg/kc/base/wldb_order_operate.html?command=get_materiel&rest_code=00102&base_code=0010478&code=00101013116 HTTP/1.1" 200 431
116.230.77.149 - - [30/May/2020:09:42:44 +0800] "GET /xingrg/kc/base/wldb_order_operate.html?command=get_materiel&rest_code=00107&base_code=0010151&code=00101013225 HTTP/1.1" 200 448
101.83.241.210 - - [30/May/2020:09:42:44 +0800] "GET /xingrg/all/function/internal_message.html?_=1590802960477&CODE_STATE=getMsg HTTP/1.1" 200 27
180.162.232.172 - - [30/May/2020:09:42:44 +0800] "GET /xingrg/all/function/internal_message.html?_=1590802966111&CODE_STATE=getMsg HTTP/1.1" 200 27
180.175.212.199 - - [30/May/2020:09:42:47 +0800] "GET /xingrg/all/function/internal_message.html?_=1590803172320&CODE_STATE=getMsg HTTP/1.1" 200 27
180.175.212.199 - - [30/May/2020:09:42:48 +0800] "GET /xingrg/kc/base/wldb_order_operate.html?command=get_materiel&rest_code=00102&base_code=0010478&code=00101013223 HTTP/1.1" 200 434
117.185.32.26 - - [30/May/2020:09:42:48 +0800] "GET /xingrg/all/function/internal_message.html?_=1590803392891&CODE_STATE=getMsg HTTP/1.1" 200 27
180.175.212.199 - - [30/May/2020:09:42:53 +0800] "GET /xingrg/kc/base/wldb_order_operate.html?command=get_materiel&rest_code=00102&base_code=0010478&code=00101013012 HTTP/1.1" 200 430
58.221.95.50 - - [30/May/2020:09:42:57 +0800] "GET /xingrg/all/function/internal_message.html?_=1590803030000&CODE_STATE=getMsg HTTP/1.1" 200 27
114.88.170.9 - - [30/May/2020:09:42:57 +0800] "GET /xingrg/check_reg.html?_=1590802974187 HTTP/1.1" 200 22
114.88.170.9 - - [30/May/2020:09:42:57 +0800] "GET /xingrg/all/function/internal_message.html?_=1590802974184&CODE_STATE=getMsg HTTP/1.1" 200 27
180.175.212.199 - - [30/May/2020:09:42:58 +0800] "GET /xingrg/kc/base/wldb_order_operate.html?command=get_materiel&rest_code=00102&base_code=0010478&code=00101013188 HTTP/1.1" 200 433
114.84.33.255 - - [30/May/2020:09:43:03 +0800] "GET /xingrg/check_reg.html?_=1590803001302 HTTP/1.1" 200 22
172.17.0.185 - - [30/May/2020:09:43:03 +0800] "GET /xingrg/all/function/internal_message.html?_=1590802984934&CODE_STATE=getMsg HTTP/1.1" 200 27
172.17.0.185 - - [30/May/2020:09:43:03 +0800] "GET /xingrg/check_reg.html?_=1590802984940 HTTP/1.1" 200 22
114.84.33.255 - - [30/May/2020:09:43:05 +0800] "GET /xingrg/all/function/internal_message.html?_=1590803003283&CODE_STATE=getMsg HTTP/1.1" 200 27
180.175.212.199 - - [30/May/2020:09:43:06 +0800] "GET /xingrg/kc/base/wldb_order_operate.html?command=get_materiel&rest_code=00102&base_code=0010476&code=00101013188 HTTP/1.1" 200 433
116.230.77.149 - - [30/May/2020:09:43:06 +0800] "POST /xingrg/kc/base/wldb_order_operate.html HTTP/1.1" 200 37
116.230.77.149 - - [30/May/2020:09:43:06 +0800] "POST /xingrg/kc/base/wldb_order_operate.html HTTP/1.1" 200 3164
116.230.77.149 - - [30/May/2020:09:43:07 +0800] "GET /xingrg/kc/base/wldb_order_info.html?code=422020053003051 HTTP/1.1" 200 30335
116.230.77.149 - - [30/May/2020:09:43:08 +0800] "GET /xingrg/words/20200530093911_words.js HTTP/1.1" 304 -
116.230.77.149 - - [30/May/2020:09:43:09 +0800] "GET /xingrg/javascript/easyui/themes/default/validatebox.css HTTP/1.1" 404 1104
116.230.77.149 - - [30/May/2020:09:43:10 +0800] "POST /xingrg/kc/base/wldb_order_operate.html HTTP/1.1" 200 3164
180.175.212.199 - - [30/May/2020:09:43:10 +0800] "GET /xingrg/kc/base/wldb_order_operate.html?command=get_materiel&rest_code=00102&base_code=0010476&code=00101013012 HTTP/1.1" 200 430
172.17.0.110 - - [30/May/2020:09:43:13 +0800] "GET /xingrg/all/function/internal_message.html?_=1590802992960&CODE_STATE=getMsg HTTP/1.1" 200 27
117.184.7.26 - - [30/May/2020:09:43:14 +0800] "GET /xingrg/all/function/internal_message.html?_=1590802987866&CODE_STATE=getMsg HTTP/1.1" 200 27
180.175.212.199 - - [30/May/2020:09:43:16 +0800] "GET /xingrg/kc/base/wldb_order_operate.html?command=get_materiel&rest_code=00102&base_code=0010476&code=00101013223 HTTP/1.1" 200 434
120.253.135.82 - - [30/May/2020:09:43:16 +0800] "GET /xingrg/check_reg.html?_=1590803125521 HTTP/1.1" 200 22
116.230.77.149 - - [30/May/2020:09:43:19 +0800] "GET /xingrg/all/function/internal_message.html?_=1590802991582&CODE_STATE=getMsg HTTP/1.1" 200 27
180.175.212.199 - - [30/May/2020:09:43:21 +0800] "GET /xingrg/kc/base/wldb_order_operate.html?command=get_materiel&rest_code=00102&base_code=0010476&code=00101013116 HTTP/1.1" 200 431
180.162.232.172 - - [30/May/2020:09:43:21 +0800] "GET /xingrg/all/function/internal_message.html?_=1590803132917&CODE_STATE=getMsg HTTP/1.1" 200 27
61.172.5.115 - - [30/May/2020:09:43:22 +0800] "GET /xingrg/all/function/internal_message.html?_=1590803005967&CODE_STATE=getMsg HTTP/1.1" 200 27
116.230.77.149 - - [30/May/2020:09:43:22 +0800] "GET /xingrg/kc/base/wldb_order_add.html HTTP/1.1" 200 30318
114.88.170.9 - - [30/May/2020:09:43:24 +0800] "GET /xingrg/all/function/internal_message.html?_=1590803006847&CODE_STATE=getMsg HTTP/1.1" 200 27
116.230.77.149 - - [30/May/2020:09:43:25 +0800] "GET /xingrg/javascript/easyui/themes/default/validatebox.css HTTP/1.1" 404 1104
116.230.77.149 - - [30/May/2020:09:43:25 +0800] "POST /xingrg/kc/base/wldb_order_operate.html HTTP/1.1" 200 6806
172.17.0.123 - - [30/May/2020:09:43:26 +0800] "GET /xingrg/all/function/internal_message.html?_=1590802991862&CODE_STATE=getMsg HTTP/1.1" 200 27
116.230.77.149 - - [30/May/2020:09:43:27 +0800] "POST /xingrg/all/common/load_combo.html?type=base HTTP/1.1" 200 3236
116.230.77.149 - - [30/May/2020:09:43:30 +0800] "POST /xingrg/all/common/load_combo.html?type=base HTTP/1.1" 200 3236
101.91.60.105 - - [30/May/2020:09:43:34 +0800] "GET /xingrg/all/function/internal_message.html?_=1590802304055&CODE_STATE=getMsg HTTP/1.1" 302 -
101.91.60.105 - - [30/May/2020:09:43:37 +0800] "GET /xingrg/login.html HTTP/1.1" 200 7641
172.17.0.240 - - [30/May/2020:09:43:37 +0800] "GET /xingrg/check_reg.html?_=1590803019115 HTTP/1.1" 200 22
172.17.0.240 - - [30/May/2020:09:43:37 +0800] "GET /xingrg/all/function/internal_message.html?_=1590803019120&CODE_STATE=getMsg HTTP/1.1" 200 27
114.84.151.157 - - [30/May/2020:09:43:40 +0800] "GET /xingrg/all/function/internal_message.html?_=1590803024105&CODE_STATE=getMsg HTTP/1.1" 200 27
114.84.151.157 - - [30/May/2020:09:43:40 +0800] "GET /xingrg/check_reg.html?_=1590803024106 HTTP/1.1" 200 22
120.253.135.82 - - [30/May/2020:09:43:40 +0800] "GET /xingrg/all/function/internal_message.html?_=1590803148651&CODE_STATE=getMsg HTTP/1.1" 200 27
116.230.77.149 - - [30/May/2020:09:43:41 +0800] "GET /xingrg/kc/base/wldb_order_operate.html?command=get_materiel&rest_code=00107&base_code=0010151&code=00101019056 HTTP/1.1" 200 475
101.83.241.210 - - [30/May/2020:09:43:44 +0800] "GET /xingrg/all/function/internal_message.html?_=1590803020458&CODE_STATE=getMsg HTTP/1.1" 200 27
180.162.232.172 - - [30/May/2020:09:43:44 +0800] "GET /xingrg/all/function/internal_message.html?_=1590803026114&CODE_STATE=getMsg HTTP/1.1" 200 27
180.175.212.199 - - [30/May/2020:09:43:47 +0800] "GET /xingrg/all/function/internal_message.html?_=1590803232334&CODE_STATE=getMsg HTTP/1.1" 200 27
117.185.32.26 - - [30/May/2020:09:43:48 +0800] "GET /xingrg/all/function/internal_message.html?_=1590803452899&CODE_STATE=getMsg HTTP/1.1" 200 27
116.230.77.149 - - [30/May/2020:09:43:52 +0800] "GET /xingrg/kc/base/wldb_order_operate.html?command=get_materiel&rest_code=00107&base_code=0010151&code=00101016029 HTTP/1.1" 200 463
58.221.95.50 - - [30/May/2020:09:43:57 +0800] "GET /xingrg/all/function/internal_message.html?_=1590803090028&CODE_STATE=getMsg HTTP/1.1" 200 27
114.88.170.9 - - [30/May/2020:09:43:57 +0800] "GET /xingrg/all/function/internal_message.html?_=1590803034171&CODE_STATE=getMsg HTTP/1.1" 200 27
116.230.77.149 - - [30/May/2020:09:44:01 +0800] "GET /xingrg/kc/base/wldb_order_operate.html?command=get_materiel&rest_code=00107&base_code=0010151&code=00101019529 HTTP/1.1" 200 476
172.17.0.185 - - [30/May/2020:09:44:03 +0800] "GET /xingrg/all/function/internal_message.html?_=1590803044929&CODE_STATE=getMsg HTTP/1.1" 200 27
114.84.33.255 - - [30/May/2020:09:44:05 +0800] "GET /xingrg/all/function/internal_message.html?_=1590803063294&CODE_STATE=getMsg HTTP/1.1" 200 27
172.17.0.110 - - [30/May/2020:09:44:13 +0800] "GET /xingrg/all/function/internal_message.html?_=1590803052988&CODE_STATE=getMsg HTTP/1.1" 200 27
117.184.7.26 - - [30/May/2020:09:44:14 +0800] "GET /xingrg/all/function/internal_message.html?_=1590803047886&CODE_STATE=getMsg HTTP/1.1" 200 27
61.172.5.115 - - [30/May/2020:09:44:18 +0800] "GET /xingrg/kc/buy/cgsh_order_add.html HTTP/1.1" 200 58734
61.172.5.115 - - [30/May/2020:09:44:18 +0800] "GET /xingrg/words/20200530093911_words.js HTTP/1.1" 200 734039
61.172.5.115 - - [30/May/2020:09:44:19 +0800] "POST /xingrg/kc/buy/cgsh_order_operate.html HTTP/1.1" 200 8245
61.172.5.115 - - [30/May/2020:09:44:19 +0800] "GET /xingrg/javascript/easyui/themes/default/validatebox.css HTTP/1.1" 404 1104
116.230.77.149 - - [30/May/2020:09:44:19 +0800] "GET /xingrg/all/function/internal_message.html?_=1590803051585&CODE_STATE=getMsg HTTP/1.1" 200 27
180.162.232.172 - - [30/May/2020:09:44:21 +0800] "GET /xingrg/all/function/internal_message.html?_=1590803192924&CODE_STATE=getMsg HTTP/1.1" 200 27
61.172.5.115 - - [30/May/2020:09:44:22 +0800] "GET /xingrg/all/function/internal_message.html?_=1590803065991&CODE_STATE=getMsg HTTP/1.1" 200 27
114.88.170.9 - - [30/May/2020:09:44:24 +0800] "GET /xingrg/all/function/internal_message.html?_=1590803066853&CODE_STATE=getMsg HTTP/1.1" 200 27
116.230.77.149 - - [30/May/2020:09:44:25 +0800] "GET /xingrg/kc/base/wldb_order_operate.html?command=get_materiel&rest_code=00107&base_code=0010151&code=00101019339 HTTP/1.1" 200 455
172.17.0.123 - - [30/May/2020:09:44:26 +0800] "GET /xingrg/all/function/internal_message.html?_=1590803051867&CODE_STATE=getMsg HTTP/1.1" 200 27
172.17.0.123 - - [30/May/2020:09:44:26 +0800] "GET /xingrg/check_reg.html?_=1590803051870 HTTP/1.1" 200 22
61.151.178.175 - - [30/May/2020:09:44:28 +0800] "GET /xingrg/all/function/internal_message.html?_=1590802364053&CODE_STATE=getMsg HTTP/1.1" 302 -
116.230.77.149 - - [30/May/2020:09:44:30 +0800] "POST /xingrg/kc/base/wldb_order_operate.html HTTP/1.1" 200 37
116.230.77.149 - - [30/May/2020:09:44:30 +0800] "POST /xingrg/kc/base/wldb_order_operate.html HTTP/1.1" 200 4221
