180.162.232.172 - - [30/May/2020:09:49:07 +0800] "GET /xingrg/images/blue/navBackgound.jpg HTTP/1.1" 304 -
180.162.232.172 - - [30/May/2020:09:49:07 +0800] "GET /xingrg/javascript/jquery_easy_ui/themes/icons/settle_new.png HTTP/1.1" 304 -
180.162.232.172 - - [30/May/2020:09:49:08 +0800] "POST /xingrg/all/common/load_tree.html?tree=area_rest_tree_json&manage=1 HTTP/1.1" 200 476
180.162.232.172 - - [30/May/2020:09:49:08 +0800] "GET /xingrg/javascript/jquery_easy_ui/themes/default/images/tabs_rightarrow.png HTTP/1.1" 304 -
180.162.232.172 - - [30/May/2020:09:49:08 +0800] "GET /xingrg/all/function/internal_message.html?_=1590803349403&CODE_STATE=count HTTP/1.1" 200 11
180.162.232.172 - - [30/May/2020:09:49:08 +0800] "GET /xingrg/check_reg.html?_=1590803349404 HTTP/1.1" 200 22
180.162.232.172 - - [30/May/2020:09:49:08 +0800] "GET /xingrg/javascript/jquery_easy_ui/themes/default/images/panel_tool_collapse.gif HTTP/1.1" 304 -
180.162.232.172 - - [30/May/2020:09:49:08 +0800] "GET /xingrg/images/blue/pingpu.png HTTP/1.1" 304 -
180.162.232.172 - - [30/May/2020:09:49:08 +0800] "GET /xingrg/javascript/jquery_easy_ui/themes/default/images/tabs_leftarrow.png HTTP/1.1" 304 -
180.162.232.172 - - [30/May/2020:09:49:08 +0800] "POST /xingrg/load_menu.html HTTP/1.1" 200 5138
180.175.212.199 - - [30/May/2020:09:49:09 +0800] "GET /xingrg/all/function/internal_message.html?_=1590803346319&CODE_STATE=getMsg HTTP/1.1" 200 27
120.253.135.82 - - [30/May/2020:09:49:10 +0800] "GET /xingrg/css/base.css HTTP/1.1" 304 -
120.253.135.82 - - [30/May/2020:09:49:10 +0800] "GET /xingrg/css/site.css HTTP/1.1" 304 -
120.253.135.82 - - [30/May/2020:09:49:10 +0800] "GET /xingrg/javascript/auto/jquery.autocomplete.css HTTP/1.1" 304 -
120.253.135.82 - - [30/May/2020:09:49:10 +0800] "GET /xingrg/javascript/jquery_tools/fix.css HTTP/1.1" 304 -
120.253.135.82 - - [30/May/2020:09:49:10 +0800] "GET /xingrg/javascript/jquery_tools/datebox.css HTTP/1.1" 304 -
120.253.135.82 - - [30/May/2020:09:49:10 +0800] "GET /xingrg/kc/pszx/mdps_order_list.html?orderType=0 HTTP/1.1" 200 20967
120.253.135.82 - - [30/May/2020:09:49:10 +0800] "GET /xingrg/javascript/easyui/themes/icon.css HTTP/1.1" 304 -
120.253.135.82 - - [30/May/2020:09:49:10 +0800] "GET /xingrg/javascript/jquery_tools/table.css HTTP/1.1" 200 1032
120.253.135.82 - - [30/May/2020:09:49:10 +0800] "GET /xingrg/javascript/jquery_tools/jquery.tools.min.js HTTP/1.1" 304 -
120.253.135.82 - - [30/May/2020:09:49:10 +0800] "GET /xingrg/javascript/jquery_tools/jquery.tools.extend.js HTTP/1.1" 304 -
120.253.135.82 - - [30/May/2020:09:49:10 +0800] "GET /xingrg/javascript/auto/jquery.autocomplete.js HTTP/1.1" 304 -
120.253.135.82 - - [30/May/2020:09:49:10 +0800] "GET /xingrg/javascript/jquery.cookie.js HTTP/1.1" 304 -
120.253.135.82 - - [30/May/2020:09:49:10 +0800] "GET /xingrg/javascript/jquery_tools/list_manager.js HTTP/1.1" 304 -
120.253.135.82 - - [30/May/2020:09:49:10 +0800] "GET /xingrg/javascript/easyui/easyloader.js HTTP/1.1" 304 -
120.253.135.82 - - [30/May/2020:09:49:10 +0800] "GET /xingrg/javascript/jquery_tools/jquery.tools.hotkey.js HTTP/1.1" 304 -
120.253.135.82 - - [30/May/2020:09:49:10 +0800] "GET /xingrg/javascript/jquery_tools/jquery.tools.table.js HTTP/1.1" 200 6994
120.253.135.82 - - [30/May/2020:09:49:10 +0800] "GET /xingrg/javascript/print/LodopFuncs.js HTTP/1.1" 304 -
120.253.135.82 - - [30/May/2020:09:49:10 +0800] "GET /xingrg/javascript/easyui/themes/default/easyui.css HTTP/1.1" 200 30432
114.84.33.255 - - [30/May/2020:09:49:11 +0800] "POST /xingrg/kc/buy/cgsh_order_operate.html HTTP/1.1" 200 37
120.253.135.82 - - [30/May/2020:09:49:11 +0800] "GET /xingrg/javascript/easyui/themes/icons/uncheck_new.png HTTP/1.1" 200 3197
120.253.135.82 - - [30/May/2020:09:49:11 +0800] "GET /xingrg/javascript/easyui/themes/icons/field_new.png HTTP/1.1" 304 -
120.253.135.82 - - [30/May/2020:09:49:11 +0800] "GET /xingrg/javascript/easyui/themes/icons/cance_new.png HTTP/1.1" 200 3986
120.253.135.82 - - [30/May/2020:09:49:11 +0800] "GET /xingrg/javascript/easyui/themes/icons/import_new.png HTTP/1.1" 304 -
120.253.135.82 - - [30/May/2020:09:49:11 +0800] "GET /xingrg/javascript/easyui/themes/icons/check_new.png HTTP/1.1" 200 3224
120.253.135.82 - - [30/May/2020:09:49:11 +0800] "GET /xingrg/javascript/easyui/themes/icons/edit_add_new.png HTTP/1.1" 200 2997
120.253.135.82 - - [30/May/2020:09:49:11 +0800] "GET /xingrg/javascript/easyui/plugins/jquery.parser.js HTTP/1.1" 304 -
120.253.135.82 - - [30/May/2020:09:49:11 +0800] "GET /xingrg/images/control/ajaxLoader.gif HTTP/1.1" 304 -
120.253.135.82 - - [30/May/2020:09:49:11 +0800] "GET /xingrg/javascript/jquery_easy_ui/themes/icons/area.png HTTP/1.1" 304 -
120.253.135.82 - - [30/May/2020:09:49:11 +0800] "GET /xingrg/javascript/jquery_easy_ui/themes/icons/manage.png HTTP/1.1" 304 -
120.253.135.82 - - [30/May/2020:09:49:11 +0800] "POST /xingrg/kc/pszx/mdps_list_operate.html HTTP/1.1" 200 5014
114.84.33.255 - - [30/May/2020:09:49:12 +0800] "POST /xingrg/kc/buy/cgsh_order_operate.html HTTP/1.1" 200 7360
114.84.33.255 - - [30/May/2020:09:49:14 +0800] "GET /xingrg/kc/print/load_data.html?order_code=212020053011037&kc_code=cgsh&condition= HTTP/1.1" 200 2483
117.184.7.26 - - [30/May/2020:09:49:14 +0800] "GET /xingrg/all/function/internal_message.html?_=1590803347908&CODE_STATE=getMsg HTTP/1.1" 200 27
172.17.0.240 - - [30/May/2020:09:49:15 +0800] "GET /xingrg/all/function/internal_message.html?_=1590803356627&CODE_STATE=getMsg HTTP/1.1" 200 27
120.253.135.82 - - [30/May/2020:09:49:17 +0800] "GET /xingrg/javascript/auto/indicator.gif HTTP/1.1" 404 1066
61.172.5.115 - - [30/May/2020:09:49:17 +0800] "POST /xingrg/kc/buy/cgsh_order_operate.html HTTP/1.1" 200 37
61.172.5.115 - - [30/May/2020:09:49:18 +0800] "POST /xingrg/kc/buy/cgsh_order_operate.html HTTP/1.1" 200 54686
116.230.77.149 - - [30/May/2020:09:49:19 +0800] "GET /xingrg/all/function/internal_message.html?_=1590803351597&CODE_STATE=getMsg HTTP/1.1" 200 27
172.17.0.240 - - [30/May/2020:09:49:20 +0800] "GET /xingrg/system/rest/query_items.html?_=1590803361802&table=menu&page=1&rows=20&categoryId=&key=%25E9%25BB%2591%25E6%259D%25BE%25E9%259C%25B2%25E6%25B1%2581%25E6%2589%25A3%25E8%25BE%25BD%25E5%258F%2582 HTTP/1.1" 200 21
180.162.232.172 - - [30/May/2020:09:49:21 +0800] "GET /xingrg/kc/base/yddb_order_list.html HTTP/1.1" 200 16865
180.162.232.172 - - [30/May/2020:09:49:22 +0800] "GET /xingrg/all/function/internal_message.html?_=1590803493069&CODE_STATE=getMsg HTTP/1.1" 200 27
172.17.0.240 - - [30/May/2020:09:49:22 +0800] "GET /xingrg/system/rest/query_items.html?_=1590803364124&table=menu&page=1&rows=20&categoryId=&key=%25E8%25BE%25BD%25E5%258F%2582 HTTP/1.1" 200 5145
61.172.5.115 - - [30/May/2020:09:49:22 +0800] "GET /xingrg/all/function/internal_message.html?_=1590803366138&CODE_STATE=getMsg HTTP/1.1" 200 27
180.162.232.172 - - [30/May/2020:09:49:23 +0800] "GET /xingrg/kc/base/yddb_order_list.html HTTP/1.1" 200 16865
180.162.232.172 - - [30/May/2020:09:49:23 +0800] "POST /xingrg/kc/base/yddb_list_operate.html HTTP/1.1" 200 583
120.253.135.82 - - [30/May/2020:09:49:24 +0800] "POST /xingrg/kc/pszx/mdps_list_operate.html HTTP/1.1" 200 1690
114.88.170.9 - - [30/May/2020:09:49:24 +0800] "GET /xingrg/all/function/internal_message.html?_=1590803366937&CODE_STATE=getMsg HTTP/1.1" 200 27
120.253.135.82 - - [30/May/2020:09:49:25 +0800] "POST /xingrg/kc/pszx/mdps_list_operate.html HTTP/1.1" 200 363
180.162.232.172 - - [30/May/2020:09:49:26 +0800] "POST /xingrg/kc/base/yddb_list_operate.html HTTP/1.1" 200 1261
120.253.135.82 - - [30/May/2020:09:49:26 +0800] "GET /xingrg/kc/pszx/mdps_order_info.html?code=312020052700569 HTTP/1.1" 200 23849
120.253.135.82 - - [30/May/2020:09:49:26 +0800] "GET /xingrg/javascript/print/kc_print.js HTTP/1.1" 304 -
120.253.135.82 - - [30/May/2020:09:49:26 +0800] "GET /xingrg/javascript/convert.js HTTP/1.1" 304 -
120.253.135.82 - - [30/May/2020:09:49:26 +0800] "GET /xingrg/javascript/jquery_tools/order_manager.js HTTP/1.1" 200 11183
120.253.135.82 - - [30/May/2020:09:49:26 +0800] "GET /xingrg/words/20200530093911_words.js HTTP/1.1" 200 734039
120.253.135.82 - - [30/May/2020:09:49:26 +0800] "GET /xingrg/javascript/easyui/themes/icons/copy_new.png HTTP/1.1" 200 815
120.253.135.82 - - [30/May/2020:09:49:26 +0800] "GET /xingrg/javascript/easyui/themes/icons/ok.png HTTP/1.1" 200 883
120.253.135.82 - - [30/May/2020:09:49:26 +0800] "GET /xingrg/javascript/easyui/themes/icons/print.png HTTP/1.1" 200 1057
120.253.135.82 - - [30/May/2020:09:49:26 +0800] "GET /xingrg/javascript/easyui/themes/default/images/menu_downarrow.png HTTP/1.1" 200 173
120.253.135.82 - - [30/May/2020:09:49:26 +0800] "GET /xingrg/javascript/easyui/themes/icons/cancel.png HTTP/1.1" 200 1133
180.162.232.172 - - [30/May/2020:09:49:26 +0800] "POST /xingrg/kc/base/yddb_list_operate.html HTTP/1.1" 200 205
180.162.232.172 - - [30/May/2020:09:49:27 +0800] "GET /xingrg/kc/base/yddb_order_info.html?code=482020053000204 HTTP/1.1" 200 30755
180.162.232.172 - - [30/May/2020:09:49:27 +0800] "GET /xingrg/dwr/interface/AjaxComOrderService.js HTTP/1.1" 200 18264
180.162.232.172 - - [30/May/2020:09:49:27 +0800] "GET /xingrg/dwr/interface/AjaxYddbService.js HTTP/1.1" 200 13201
180.162.232.172 - - [30/May/2020:09:49:27 +0800] "GET /xingrg/dwr/engine.js HTTP/1.1" 200 43631
120.253.135.82 - - [30/May/2020:09:49:27 +0800] "GET /xingrg/all/common/auto_word.html?type=base&rest_code=00101 HTTP/1.1" 200 513
120.253.135.82 - - [30/May/2020:09:49:27 +0800] "GET /xingrg/javascript/easyui/themes/default/validatebox.css HTTP/1.1" 404 1104
120.253.135.82 - - [30/May/2020:09:49:27 +0800] "GET /xingrg/javascript/easyui/plugins/jquery.validatebox.js HTTP/1.1" 200 6103
120.253.135.82 - - [30/May/2020:09:49:27 +0800] "POST /xingrg/kc/pszx/mdps_order_operate.html HTTP/1.1" 200 3265
120.253.135.82 - - [30/May/2020:09:49:27 +0800] "GET /xingrg/javascript/easyui/plugins/jquery.numberbox.js HTTP/1.1" 200 5213
120.253.135.82 - - [30/May/2020:09:49:27 +0800] "GET /xingrg/javascript/easyui/themes/icons/edit_remove.png HTTP/1.1" 200 625
180.162.232.172 - - [30/May/2020:09:49:27 +0800] "POST /xingrg/dwr/call/plaincall/AjaxYddbService.loadMaterielItems.dwr HTTP/1.1" 200 400
101.91.60.11 - - [30/May/2020:09:49:29 +0800] "GET /xingrg/all/function/internal_message.html?_=1590802664089&CODE_STATE=getMsg HTTP/1.1" 302 -
172.17.0.240 - - [30/May/2020:09:49:30 +0800] "GET /xingrg/system/rest/query_items.html?_=1590803372090&table=menu&page=1&rows=20&categoryId=&key=%25E8%25BE%25BD%25E5%258F%2582 HTTP/1.1" 200 5145
180.162.232.172 - - [30/May/2020:09:49:31 +0800] "POST /xingrg/dwr/call/plaincall/AjaxYddbService.saveOrder.dwr HTTP/1.1" 200 78
180.162.232.172 - - [30/May/2020:09:49:34 +0800] "POST /xingrg/dwr/call/plaincall/AjaxYddbService.objCheckOrder.dwr HTTP/1.1" 200 78
101.91.60.11 - - [30/May/2020:09:49:35 +0800] "GET /xingrg/login.html HTTP/1.1" 200 7641
180.162.232.172 - - [30/May/2020:09:49:36 +0800] "GET /xingrg/kc/base/yddb_order_info.html?code=482020053000204 HTTP/1.1" 200 30876
180.162.232.172 - - [30/May/2020:09:49:36 +0800] "GET /xingrg/dwr/interface/AjaxYddbService.js HTTP/1.1" 200 13201
180.162.232.172 - - [30/May/2020:09:49:36 +0800] "GET /xingrg/dwr/interface/AjaxComOrderService.js HTTP/1.1" 200 18264
180.162.232.172 - - [30/May/2020:09:49:36 +0800] "GET /xingrg/dwr/engine.js HTTP/1.1" 200 43631
180.162.232.172 - - [30/May/2020:09:49:36 +0800] "POST /xingrg/dwr/call/plaincall/AjaxYddbService.loadMaterielItems.dwr HTTP/1.1" 200 400
120.253.135.82 - - [30/May/2020:09:49:37 +0800] "GET /xingrg/kc/pszx/mdps_order_operate.html?command=get_materiel&pszx_code=00101&rest_code=00141&base_code=0010246&code=00101006002 HTTP/1.1" 200 427
114.84.151.157 - - [30/May/2020:09:49:40 +0800] "GET /xingrg/all/function/internal_message.html?_=1590803384114&CODE_STATE=getMsg HTTP/1.1" 200 27
120.253.135.82 - - [30/May/2020:09:49:40 +0800] "GET /xingrg/all/function/internal_message.html?_=1590803508780&CODE_STATE=getMsg HTTP/1.1" 200 27
172.17.0.240 - - [30/May/2020:09:49:40 +0800] "GET /xingrg/system/rest/query_items.html?_=1590803382026&table=menu&page=1&rows=20&categoryId=14&key=%25E8%25BE%25BD%25E5%258F%2582 HTTP/1.1" 200 2437
120.253.135.82 - - [30/May/2020:09:49:41 +0800] "GET /xingrg/check_reg.html?_=1590803509964 HTTP/1.1" 200 22
101.83.241.210 - - [30/May/2020:09:49:44 +0800] "GET /xingrg/all/function/internal_message.html?_=1590803380344&CODE_STATE=getMsg HTTP/1.1" 200 27
101.83.241.210 - - [30/May/2020:09:49:44 +0800] "GET /xingrg/check_reg.html?_=1590803380697 HTTP/1.1" 200 22
117.184.7.26 - - [30/May/2020:09:49:45 +0800] "POST /xingrg/login.do HTTP/1.1" 302 -
117.184.7.26 - - [30/May/2020:09:49:45 +0800] "GET /xingrg/index.html?sysBaseUrl=http%3A%2F%2F180.169.147.146%3A18081%2Fxingrg%2F&costTime=40×tamp=1590803385369 HTTP/1.1" 200 17179
117.184.7.26 - - [30/May/2020:09:49:45 +0800] "GET /xingrg/javascript/jquery_easy_ui/themes/default/easyui.css HTTP/1.1" 304 -
117.184.7.26 - - [30/May/2020:09:49:45 +0800] "GET /xingrg/javascript/jquery_easy_ui/themes/icon.css HTTP/1.1" 304 -
117.184.7.26 - - [30/May/2020:09:49:45 +0800] "GET /xingrg/css/form.css HTTP/1.1" 304 -
117.184.7.26 - - [30/May/2020:09:49:45 +0800] "GET /xingrg/javascript/jquery-1.4.2.min.js HTTP/1.1" 304 -
117.184.7.26 - - [30/May/2020:09:49:45 +0800] "GET /xingrg/javascript/jquery_easy_ui/jquery.easyui.min.js HTTP/1.1" 304 -
117.184.7.26 - - [30/May/2020:09:49:45 +0800] "GET /xingrg/javascript/jquery_easy_ui/easyui-lang-zh_CN.js HTTP/1.1" 304 -
117.184.7.26 - - [30/May/2020:09:49:45 +0800] "GET /xingrg/javascript/jquery.form.js HTTP/1.1" 304 -
117.184.7.26 - - [30/May/2020:09:49:45 +0800] "GET /xingrg/javascript/jquery.utils.js HTTP/1.1" 304 -
117.184.7.26 - - [30/May/2020:09:49:46 +0800] "GET /xingrg/javascript/jquery.timers.js HTTP/1.1" 304 -
172.17.0.240 - - [30/May/2020:09:49:46 +0800] "GET /xingrg/system/rest/query_items.html?_=1590803387880&table=menu&page=1&rows=20&categoryId=14&key= HTTP/1.1" 200 5345
117.184.7.26 - - [30/May/2020:09:49:48 +0800] "POST /xingrg/all/common/load_tree.html?tree=area_rest_tree_json&manage=1 HTTP/1.1" 200 470
180.175.212.199 - - [30/May/2020:09:49:48 +0800] "GET /xingrg/all/function/internal_message.html?_=1590803593819&CODE_STATE=getMsg HTTP/1.1" 200 27
117.185.32.26 - - [30/May/2020:09:49:48 +0800] "GET /xingrg/all/function/internal_message.html?_=1590803812920&CODE_STATE=getMsg HTTP/1.1" 200 27
117.185.32.26 - - [30/May/2020:09:49:48 +0800] "GET /xingrg/check_reg.html?_=1590803812921 HTTP/1.1" 200 22
117.184.7.26 - - [30/May/2020:09:49:49 +0800] "GET /xingrg/check_reg.html?_=1590803387837 HTTP/1.1" 200 22
117.184.7.26 - - [30/May/2020:09:49:49 +0800] "GET /xingrg/all/function/internal_message.html?_=1590803387836&CODE_STATE=count HTTP/1.1" 200 11
117.184.7.26 - - [30/May/2020:09:49:49 +0800] "POST /xingrg/load_menu.html HTTP/1.1" 200 5138
117.184.7.26 - - [30/May/2020:09:49:49 +0800] "GET /favicon.ico HTTP/1.1" 404 -
172.17.0.240 - - [30/May/2020:09:49:50 +0800] "GET /xingrg/system/rest/query_items.html?_=1590803392012&table=menu&page=1&rows=20&categoryId=14&key= HTTP/1.1" 200 5345
172.17.0.240 - - [30/May/2020:09:49:52 +0800] "GET /xingrg/system/rest/query_items.html?_=1590803394278&table=menu&page=2&rows=20&categoryId=14&key= HTTP/1.1" 200 5224
117.184.7.26 - - [30/May/2020:09:49:53 +0800] "POST /xingrg/all/user/operate.html HTTP/1.1" 200 36
117.184.7.26 - - [30/May/2020:09:49:53 +0800] "GET /xingrg/javascript/jquery_easy_ui/themes/default/easyui.css HTTP/1.1" 304 -
117.184.7.26 - - [30/May/2020:09:49:53 +0800] "GET /xingrg/javascript/jquery_easy_ui/themes/icon.css HTTP/1.1" 304 -
117.184.7.26 - - [30/May/2020:09:49:53 +0800] "GET /xingrg/index.html?sysBaseUrl=http%3A%2F%2F180.169.147.146%3A18081%2Fxingrg%2F&costTime=40×tamp=1590803385369 HTTP/1.1" 200 17173
117.184.7.26 - - [30/May/2020:09:49:53 +0800] "GET /xingrg/css/form.css HTTP/1.1" 304 -
117.184.7.26 - - [30/May/2020:09:49:53 +0800] "GET /xingrg/javascript/jquery-1.4.2.min.js HTTP/1.1" 304 -
117.184.7.26 - - [30/May/2020:09:49:53 +0800] "GET /xingrg/javascript/jquery_easy_ui/jquery.easyui.min.js HTTP/1.1" 304 -
117.184.7.26 - - [30/May/2020:09:49:53 +0800] "GET /xingrg/javascript/jquery_easy_ui/easyui-lang-zh_CN.js HTTP/1.1" 304 -
117.184.7.26 - - [30/May/2020:09:49:53 +0800] "GET /xingrg/javascript/jquery.form.js HTTP/1.1" 304 -
117.184.7.26 - - [30/May/2020:09:49:53 +0800] "GET /xingrg/javascript/jquery.utils.js HTTP/1.1" 304 -
117.184.7.26 - - [30/May/2020:09:49:53 +0800] "GET /xingrg/javascript/jquery.timers.js HTTP/1.1" 304 -
117.184.7.26 - - [30/May/2020:09:49:53 +0800] "GET /xingrg/images/blue/jxLogo.png HTTP/1.1" 304 -
117.184.7.26 - - [30/May/2020:09:49:53 +0800] "GET /xingrg/images/blue/navBackgound.jpg HTTP/1.1" 304 -
117.184.7.26 - - [30/May/2020:09:49:53 +0800] "GET /xingrg/javascript/jquery_easy_ui/themes/icons/settle_new.png HTTP/1.1" 304 -
117.184.7.26 - - [30/May/2020:09:49:53 +0800] "GET /xingrg/images/blue/pingpu.png HTTP/1.1" 304 -
117.184.7.26 - - [30/May/2020:09:49:53 +0800] "POST /xingrg/all/common/load_tree.html?tree=area_rest_tree_json&manage=1 HTTP/1.1" 200 470
117.184.7.26 - - [30/May/2020:09:49:53 +0800] "GET /xingrg/javascript/jquery_easy_ui/themes/default/images/tabs_leftarrow.png HTTP/1.1" 304 -
117.184.7.26 - - [30/May/2020:09:49:53 +0800] "GET /xingrg/javascript/jquery_easy_ui/themes/default/images/tabs_rightarrow.png HTTP/1.1" 304 -
117.184.7.26 - - [30/May/2020:09:49:53 +0800] "GET /xingrg/javascript/jquery_easy_ui/themes/default/images/panel_tool_collapse.gif HTTP/1.1" 304 -
117.184.7.26 - - [30/May/2020:09:49:53 +0800] "GET /xingrg/all/function/internal_message.html?_=1590803392102&CODE_STATE=count HTTP/1.1" 200 11
117.184.7.26 - - [30/May/2020:09:49:53 +0800] "GET /xingrg/check_reg.html?_=1590803392103 HTTP/1.1" 200 22
117.184.7.26 - - [30/May/2020:09:49:53 +0800] "POST /xingrg/load_menu.html HTTP/1.1" 200 5138
120.253.135.82 - - [30/May/2020:09:49:56 +0800] "GET /xingrg/all/function/internal_message.html?_=1590803153829&CODE_STATE=getMsg HTTP/1.1" 200 27
172.17.0.240 - - [30/May/2020:09:49:57 +0800] "GET /xingrg/system/rest/query_items.html?_=1590803398776&table=menu&page=1&rows=20&categoryId=14&key= HTTP/1.1" 200 5345
58.221.95.50 - - [30/May/2020:09:49:57 +0800] "GET /xingrg/all/function/internal_message.html?_=1590803450017&CODE_STATE=getMsg HTTP/1.1" 200 27
114.88.170.9 - - [30/May/2020:09:49:57 +0800] "GET /xingrg/all/function/internal_message.html?_=1590803394172&CODE_STATE=getMsg HTTP/1.1" 200 27
172.17.0.240 - - [30/May/2020:09:49:59 +0800] "GET /xingrg/javascript/jquery_easy_ui/themes/default/images/tabs_active.png HTTP/1.1" 200 2894
172.17.0.240 - - [30/May/2020:09:50:01 +0800] "GET /xingrg/system/rest/get_item.html?table=menu&isAdd=1&_=1590803402470 HTTP/1.1" 200 22
172.17.0.240 - - [30/May/2020:09:50:01 +0800] "GET /xingrg/javascript/jquery_easy_ui/themes/default/images/validatebox_warning.png HTTP/1.1" 200 921
172.17.0.240 - - [30/May/2020:09:50:01 +0800] "GET /xingrg/javascript/jquery_easy_ui/themes/default/images/validatebox_pointer.gif HTTP/1.1" 200 82
172.17.0.185 - - [30/May/2020:09:50:03 +0800] "GET /xingrg/all/function/internal_message.html?_=1590803404927&CODE_STATE=getMsg HTTP/1.1" 200 27
172.17.0.240 - - [30/May/2020:09:50:05 +0800] "POST /xingrg/dwr/call/plaincall/AjaxGetFirstChart.getFirstChart.dwr HTTP/1.1" 200 76
114.84.33.255 - - [30/May/2020:09:50:05 +0800] "GET /xingrg/all/function/internal_message.html?_=1590803423877&CODE_STATE=getMsg HTTP/1.1" 200 27
180.162.232.172 - - [30/May/2020:09:50:08 +0800] "GET /xingrg/all/function/internal_message.html?_=1590803409414&CODE_STATE=getMsg HTTP/1.1" 200 27
172.17.0.240 - - [30/May/2020:09:50:09 +0800] "POST /xingrg/dwr/call/plaincall/AjaxGetFirstChart.getFirstChart.dwr HTTP/1.1" 200 83
172.17.0.240 - - [30/May/2020:09:50:09 +0800] "POST /xingrg/dwr/call/plaincall/AjaxGetFirstChart.getFirstChart.dwr HTTP/1.1" 200 83
180.175.212.199 - - [30/May/2020:09:50:09 +0800] "GET /xingrg/all/function/internal_message.html?_=1590803406323&CODE_STATE=getMsg HTTP/1.1" 200 27
172.17.0.240 - - [30/May/2020:09:50:10 +0800] "POST /xingrg/dwr/call/plaincall/AjaxGetFirstChart.getFirstChart.dwr HTTP/1.1" 200 83
172.17.0.240 - - [30/May/2020:09:50:10 +0800] "POST /xingrg/dwr/call/plaincall/AjaxGetFirstChart.getFirstChart.dwr HTTP/1.1" 200 84
172.17.0.240 - - [30/May/2020:09:50:11 +0800] "POST /xingrg/dwr/call/plaincall/AjaxGetFirstChart.getFirstChart.dwr HTTP/1.1" 200 85
120.253.135.82 - - [30/May/2020:09:50:11 +0800] "GET /xingrg/kc/pszx/mdps_order_operate.html?command=get_materiel&pszx_code=00101&rest_code=00141&base_code=0010246&code=00101007003 HTTP/1.1" 200 423
172.17.0.240 - - [30/May/2020:09:50:11 +0800] "POST /xingrg/dwr/call/plaincall/AjaxGetFirstChart.getFirstChart.dwr HTTP/1.1" 200 85
117.184.7.26 - - [30/May/2020:09:50:14 +0800] "GET /xingrg/check_reg.html?_=1590803407907 HTTP/1.1" 200 22
117.184.7.26 - - [30/May/2020:09:50:14 +0800] "GET /xingrg/all/function/internal_message.html?_=1590803407909&CODE_STATE=getMsg HTTP/1.1" 200 27
172.17.0.240 - - [30/May/2020:09:50:15 +0800] "GET /xingrg/all/function/internal_message.html?_=1590803416635&CODE_STATE=getMsg HTTP/1.1" 200 27
116.230.77.149 - - [30/May/2020:09:50:19 +0800] "GET /xingrg/all/function/internal_message.html?_=1590803411596&CODE_STATE=getMsg HTTP/1.1" 200 27
180.162.232.172 - - [30/May/2020:09:50:21 +0800] "GET /xingrg/check_reg.html?_=1590803552452 HTTP/1.1" 200 22
180.162.232.172 - - [30/May/2020:09:50:22 +0800] "GET /xingrg/all/function/internal_message.html?_=1590803553082&CODE_STATE=getMsg HTTP/1.1" 200 27
61.172.5.115 - - [30/May/2020:09:50:22 +0800] "GET /xingrg/all/function/internal_message.html?_=1590803426057&CODE_STATE=getMsg HTTP/1.1" 200 27
114.88.170.9 - - [30/May/2020:09:50:23 +0800] "GET /xingrg/check_reg.html?_=1590803426306 HTTP/1.1" 200 22
114.88.170.9 - - [30/May/2020:09:50:24 +0800] "GET /xingrg/all/function/internal_message.html?_=1590803426950&CODE_STATE=getMsg HTTP/1.1" 200 27
172.17.0.240 - - [30/May/2020:09:50:38 +0800] "POST /xingrg/system/rest/edit_item.html HTTP/1.1" 200 8
114.84.151.157 - - [30/May/2020:09:50:40 +0800] "GET /xingrg/all/function/internal_message.html?_=1590803444139&CODE_STATE=getMsg HTTP/1.1" 200 27
120.253.135.82 - - [30/May/2020:09:50:40 +0800] "GET /xingrg/all/function/internal_message.html?_=1590803568812&CODE_STATE=getMsg HTTP/1.1" 200 27
180.175.212.199 - - [30/May/2020:09:50:41 +0800] "GET /xingrg/check_reg.html?_=1590803646740 HTTP/1.1" 200 22
172.17.0.240 - - [30/May/2020:09:50:43 +0800] "GET /xingrg/system/rest/query_items.html?_=1590803445275&table=menu&page=1&rows=20&categoryId=&key= HTTP/1.1" 200 4729
101.83.241.210 - - [30/May/2020:09:50:44 +0800] "GET /xingrg/all/function/internal_message.html?_=1590803440331&CODE_STATE=getMsg HTTP/1.1" 200 27
172.17.0.240 - - [30/May/2020:09:50:46 +0800] "GET /xingrg/system/rest/query_items.html?_=1590803447515&table=menu&page=1&rows=20&categoryId=&key=1561 HTTP/1.1" 200 276
180.175.212.199 - - [30/May/2020:09:50:48 +0800] "GET /xingrg/all/function/internal_message.html?_=1590803653832&CODE_STATE=getMsg HTTP/1.1" 200 27
117.185.32.26 - - [30/May/2020:09:50:48 +0800] "GET /xingrg/all/function/internal_message.html?_=1590803872920&CODE_STATE=getMsg HTTP/1.1" 200 27
172.17.0.240 - - [30/May/2020:09:50:49 +0800] "GET /xingrg/system/rest/query_items.html?_=1590803450958&table=menu&page=1&rows=20&categoryId=&key= HTTP/1.1" 200 4729
172.17.0.240 - - [30/May/2020:09:50:51 +0800] "GET /xingrg/system/rest/query_items.html?_=1590803452493&table=menu&page=1&rows=20&categoryId=&key= HTTP/1.1" 200 4729
117.184.7.30 - - [30/May/2020:09:50:53 +0800] "GET /xingrg/all/function/internal_message.html?_=1590803452118&CODE_STATE=getMsg HTTP/1.1" 200 27
172.17.0.240 - - [30/May/2020:09:50:54 +0800] "GET /xingrg/system/rest/query_items.html?_=1590803455506&table=menu&page=1&rows=20&categoryId=14&key= HTTP/1.1" 200 5345
120.253.135.82 - - [30/May/2020:09:50:56 +0800] "GET /xingrg/all/function/internal_message.html?_=1590803213842&CODE_STATE=getMsg HTTP/1.1" 200 27
172.17.0.240 - - [30/May/2020:09:50:56 +0800] "GET /xingrg/system/rest/query_items.html?_=1590803458023&table=menu&page=2&rows=20&categoryId=14&key= HTTP/1.1" 200 5224
58.221.95.50 - - [30/May/2020:09:50:57 +0800] "GET /xingrg/all/function/internal_message.html?_=1590803510031&CODE_STATE=getMsg HTTP/1.1" 200 27
58.221.95.50 - - [30/May/2020:09:50:57 +0800] "GET /xingrg/check_reg.html?_=1590803510047 HTTP/1.1" 200 22
172.17.0.240 - - [30/May/2020:09:50:57 +0800] "GET /xingrg/system/rest/query_items.html?_=1590803459260&table=menu&page=3&rows=20&categoryId=14&key= HTTP/1.1" 200 4750
114.88.170.9 - - [30/May/2020:09:50:57 +0800] "GET /xingrg/all/function/internal_message.html?_=1590803454174&CODE_STATE=getMsg HTTP/1.1" 200 27
172.17.0.185 - - [30/May/2020:09:51:03 +0800] "GET /xingrg/all/function/internal_message.html?_=1590803464931&CODE_STATE=getMsg HTTP/1.1" 200 27
120.253.135.82 - - [30/May/2020:09:51:03 +0800] "GET /xingrg/javascript/easyui/themes/default/images/button_plain_hover.png HTTP/1.1" 200 144
120.253.135.82 - - [30/May/2020:09:51:03 +0800] "GET /xingrg/javascript/easyui/themes/default/images/button_plain_hover.png HTTP/1.1" 200 144
120.253.135.82 - - [30/May/2020:09:51:05 +0800] "POST /xingrg/kc/pszx/mdps_order_operate.html HTTP/1.1" 200 37
114.84.33.255 - - [30/May/2020:09:51:05 +0800] "GET /xingrg/all/function/internal_message.html?_=1590803483888&CODE_STATE=getMsg HTTP/1.1" 200 27
120.253.135.82 - - [30/May/2020:09:51:06 +0800] "GET /xingrg/kc/pszx/mdps_order_info.html?code=312020052700569 HTTP/1.1" 200 23849
120.253.135.82 - - [30/May/2020:09:51:06 +0800] "GET /xingrg/javascript/easyui/themes/default/validatebox.css HTTP/1.1" 404 1104
172.17.0.240 - - [30/May/2020:09:51:06 +0800] "GET /xingrg/system/rest/get_item.html?table=menu&isAdd=1&_=1590803468178 HTTP/1.1" 200 22
120.253.135.82 - - [30/May/2020:09:51:06 +0800] "POST /xingrg/kc/pszx/mdps_order_operate.html HTTP/1.1" 200 3275
180.162.232.172 - - [30/May/2020:09:51:08 +0800] "GET /xingrg/all/function/internal_message.html?_=1590803469414&CODE_STATE=getMsg HTTP/1.1" 200 27
180.175.212.199 - - [30/May/2020:09:51:09 +0800] "GET /xingrg/all/function/internal_message.html?_=1590803466323&CODE_STATE=getMsg HTTP/1.1" 200 27
172.17.0.240 - - [30/May/2020:09:51:09 +0800] "POST /xingrg/dwr/call/plaincall/AjaxGetFirstChart.getFirstChart.dwr HTTP/1.1" 200 77
172.17.0.240 - - [30/May/2020:09:51:13 +0800] "POST /xingrg/dwr/call/plaincall/AjaxGetFirstChart.getFirstChart.dwr HTTP/1.1" 200 84
172.17.0.240 - - [30/May/2020:09:51:13 +0800] "POST /xingrg/dwr/call/plaincall/AjaxGetFirstChart.getFirstChart.dwr HTTP/1.1" 200 84
172.17.0.240 - - [30/May/2020:09:51:14 +0800] "POST /xingrg/dwr/call/plaincall/AjaxGetFirstChart.getFirstChart.dwr HTTP/1.1" 200 84
172.17.0.240 - - [30/May/2020:09:51:14 +0800] "POST /xingrg/dwr/call/plaincall/AjaxGetFirstChart.getFirstChart.dwr HTTP/1.1" 200 85
172.17.0.240 - - [30/May/2020:09:51:14 +0800] "POST /xingrg/dwr/call/plaincall/AjaxGetFirstChart.getFirstChart.dwr HTTP/1.1" 200 85
117.184.7.26 - - [30/May/2020:09:51:14 +0800] "GET /xingrg/all/function/internal_message.html?_=1590803467902&CODE_STATE=getMsg HTTP/1.1" 200 27
172.17.0.240 - - [30/May/2020:09:51:15 +0800] "GET /xingrg/all/function/internal_message.html?_=1590803476610&CODE_STATE=getMsg HTTP/1.1" 200 27
116.230.77.149 - - [30/May/2020:09:51:19 +0800] "GET /xingrg/all/function/internal_message.html?_=1590803471595&CODE_STATE=getMsg HTTP/1.1" 200 27
101.85.53.146 - - [30/May/2020:09:51:20 +0800] "GET /xingrg/check_reg.html?_=1590802971912 HTTP/1.1" 200 22
180.162.232.172 - - [30/May/2020:09:51:22 +0800] "GET /xingrg/all/function/internal_message.html?_=1590803613097&CODE_STATE=getMsg HTTP/1.1" 200 27
61.172.5.115 - - [30/May/2020:09:51:22 +0800] "GET /xingrg/all/function/internal_message.html?_=1590803486029&CODE_STATE=getMsg HTTP/1.1" 200 27
61.172.5.115 - - [30/May/2020:09:51:22 +0800] "GET /xingrg/check_reg.html?_=1590803486044 HTTP/1.1" 200 22
114.88.170.9 - - [30/May/2020:09:51:24 +0800] "GET /xingrg/all/function/internal_message.html?_=1590803486982&CODE_STATE=getMsg HTTP/1.1" 200 27
172.17.0.240 - - [30/May/2020:09:51:33 +0800] "POST /xingrg/system/rest/edit_item.html HTTP/1.1" 200 4
172.17.0.240 - - [30/May/2020:09:51:33 +0800] "GET /xingrg/system/rest/get_item.html?table=menu&id=1593&_=1590803495274 HTTP/1.1" 200 939
120.253.135.82 - - [30/May/2020:09:51:34 +0800] "GET /xingrg/check_reg.html?_=1590803623127 HTTP/1.1" 200 22
172.17.0.240 - - [30/May/2020:09:51:35 +0800] "GET /xingrg/system/rest/get_infos.html?command=menu_img_show&id=1593 HTTP/1.1" 200 5
172.17.0.240 - - [30/May/2020:09:51:35 +0800] "GET /xingrg/system/rest/query_items.html?_=1590803497142&table=menu&page=3&rows=20&categoryId=14&key= HTTP/1.1" 200 4990
114.84.33.255 - - [30/May/2020:09:51:36 +0800] "GET /xingrg/kc/buy/cgsh_order_add.html HTTP/1.1" 200 58740
114.84.33.255 - - [30/May/2020:09:51:37 +0800] "POST /xingrg/kc/buy/cgsh_order_operate.html HTTP/1.1" 200 8245
114.84.33.255 - - [30/May/2020:09:51:37 +0800] "GET /xingrg/javascript/easyui/themes/default/validatebox.css HTTP/1.1" 404 1104
114.84.151.157 - - [30/May/2020:09:51:40 +0800] "GET /xingrg/all/function/internal_message.html?_=1590803504137&CODE_STATE=getMsg HTTP/1.1" 200 27
120.253.135.82 - - [30/May/2020:09:51:42 +0800] "GET /xingrg/all/function/internal_message.html?_=1590803628821&CODE_STATE=getMsg HTTP/1.1" 200 27
101.83.241.210 - - [30/May/2020:09:51:44 +0800] "GET /xingrg/all/function/internal_message.html?_=1590803500301&CODE_STATE=getMsg HTTP/1.1" 200 27
114.84.33.255 - - [30/May/2020:09:51:46 +0800] "GET /xingrg/kc/buy/cgsh_order_operate.html?command=get_materiel&rest_code=00146&code=00101002007&supplier_code=00100199&order_time=2020-05-30 HTTP/1.1" 200 410
120.253.135.82 - - [30/May/2020:09:51:47 +0800] "POST /xingrg/kc/pszx/mdps_order_operate.html HTTP/1.1" 200 37
120.253.135.82 - - [30/May/2020:09:51:48 +0800] "GET /xingrg/kc/pszx/mdps_order_info.html?code=312020052700569 HTTP/1.1" 200 23855
120.253.135.82 - - [30/May/2020:09:51:48 +0800] "GET /xingrg/javascript/easyui/themes/default/validatebox.css HTTP/1.1" 404 1104
120.253.135.82 - - [30/May/2020:09:51:48 +0800] "POST /xingrg/kc/pszx/mdps_order_operate.html HTTP/1.1" 200 3275
180.175.212.199 - - [30/May/2020:09:51:48 +0800] "GET /xingrg/all/function/internal_message.html?_=1590803713847&CODE_STATE=getMsg HTTP/1.1" 200 27
117.185.32.26 - - [30/May/2020:09:51:48 +0800] "GET /xingrg/all/function/internal_message.html?_=1590803932919&CODE_STATE=getMsg HTTP/1.1" 200 27
101.89.29.97 - - [30/May/2020:09:51:48 +0800] "GET /xingrg/all/function/internal_message.html?_=1590802724088&CODE_STATE=getMsg HTTP/1.1" 302 -
117.184.7.30 - - [30/May/2020:09:51:53 +0800] "GET /xingrg/all/function/internal_message.html?_=1590803512133&CODE_STATE=getMsg HTTP/1.1" 200 27
101.89.29.97 - - [30/May/2020:09:51:55 +0800] "GET /xingrg/login.html HTTP/1.1" 200 7641
120.253.135.82 - - [30/May/2020:09:51:56 +0800] "GET /xingrg/all/function/internal_message.html?_=1590803273855&CODE_STATE=getMsg HTTP/1.1" 200 27
58.221.95.50 - - [30/May/2020:09:51:57 +0800] "GET /xingrg/all/function/internal_message.html?_=1590803570031&CODE_STATE=getMsg HTTP/1.1" 200 27
114.88.170.9 - - [30/May/2020:09:51:57 +0800] "GET /xingrg/all/function/internal_message.html?_=1590803514184&CODE_STATE=getMsg HTTP/1.1" 200 27
120.253.135.82 - - [30/May/2020:09:51:58 +0800] "POST /xingrg/kc/pszx/mdps_order_operate.html HTTP/1.1" 200 37
172.17.0.240 - - [30/May/2020:09:51:58 +0800] "GET /xingrg/system/rest/query_items.html?_=1590803520324&table=menu&page=3&rows=20&categoryId=14&key= HTTP/1.1" 200 4990
120.253.135.82 - - [30/May/2020:09:51:59 +0800] "GET /xingrg/kc/pszx/mdps_order_info.html?code=312020052700569 HTTP/1.1" 200 23855
120.253.135.82 - - [30/May/2020:09:51:59 +0800] "GET /xingrg/javascript/easyui/themes/default/validatebox.css HTTP/1.1" 404 1104
120.253.135.82 - - [30/May/2020:09:52:00 +0800] "POST /xingrg/kc/pszx/mdps_order_operate.html HTTP/1.1" 200 3275
172.17.0.240 - - [30/May/2020:09:52:00 +0800] "GET /xingrg/system/rest/query_items.html?_=1590803521752&table=menu&page=3&rows=20&categoryId=&key= HTTP/1.1" 200 4663
114.84.33.255 - - [30/May/2020:09:52:00 +0800] "POST /xingrg/kc/buy/cgsh_order_operate.html HTTP/1.1" 200 37
114.84.33.255 - - [30/May/2020:09:52:01 +0800] "POST /xingrg/kc/buy/cgsh_order_operate.html HTTP/1.1" 200 2658
120.253.135.82 - - [30/May/2020:09:52:01 +0800] "GET /xingrg/check_reg.html?_=1590803650403 HTTP/1.1" 200 22
172.17.0.240 - - [30/May/2020:09:52:01 +0800] "GET /xingrg/system/rest/query_items.html?_=1590803523417&table=menu&page=3&rows=20&categoryId=&key=%25E9%2587%2591%25E6%25A1%2594%25E5%25B7%259D%25E8%25B4%259D%25E7%2582%2596%25E9%25B2%259C%25E9%25B2%258D HTTP/1.1" 200 21
172.17.0.240 - - [30/May/2020:09:52:02 +0800] "GET /xingrg/system/rest/query_items.html?_=1590803524121&table=menu&page=3&rows=20&categoryId=&key=%25E9%2587%2591%25E6%25A1%2594%25E5%25B7%259D%25E8%25B4%259D%25E7%2582%2596%25E9%25B2%259C%25E9%25B2%258D HTTP/1.1" 200 21
172.17.0.185 - - [30/May/2020:09:52:03 +0800] "GET /xingrg/all/function/internal_message.html?_=1590803524932&CODE_STATE=getMsg HTTP/1.1" 200 27
114.84.33.255 - - [30/May/2020:09:52:03 +0800] "GET /xingrg/kc/print/load_data.html?order_code=212020053011038&kc_code=cgsh&condition= HTTP/1.1" 200 681
114.84.33.255 - - [30/May/2020:09:52:05 +0800] "GET /xingrg/all/function/internal_message.html?_=1590803544072&CODE_STATE=getMsg HTTP/1.1" 200 27
180.162.232.172 - - [30/May/2020:09:52:08 +0800] "GET /xingrg/all/function/internal_message.html?_=1590803529413&CODE_STATE=getMsg HTTP/1.1" 200 27
180.175.212.199 - - [30/May/2020:09:52:09 +0800] "GET /xingrg/all/function/internal_message.html?_=1590803526323&CODE_STATE=getMsg HTTP/1.1" 200 27
180.175.212.199 - - [30/May/2020:09:52:09 +0800] "GET /xingrg/check_reg.html?_=1590803526321 HTTP/1.1" 200 22
117.184.7.26 - - [30/May/2020:09:52:14 +0800] "GET /xingrg/all/function/internal_message.html?_=1590803527891&CODE_STATE=getMsg HTTP/1.1" 200 27
172.17.0.240 - - [30/May/2020:09:52:15 +0800] "GET /xingrg/all/function/internal_message.html?_=1590803536605&CODE_STATE=getMsg HTTP/1.1" 200 27
116.230.77.149 - - [30/May/2020:09:52:19 +0800] "GET /xingrg/all/function/internal_message.html?_=1590803531587&CODE_STATE=getMsg HTTP/1.1" 200 27
116.230.77.149 - - [30/May/2020:09:52:19 +0800] "GET /xingrg/check_reg.html?_=1590803531601 HTTP/1.1" 200 22
120.253.135.82 - - [30/May/2020:09:52:21 +0800] "POST /xingrg/kc/pszx/mdps_order_operate.html HTTP/1.1" 200 37
120.253.135.82 - - [30/May/2020:09:52:21 +0800] "GET /xingrg/kc/pszx/mdps_order_info.html?code=312020052700569 HTTP/1.1" 200 23855
180.162.232.172 - - [30/May/2020:09:52:22 +0800] "GET /xingrg/all/function/internal_message.html?_=1590803673109&CODE_STATE=getMsg HTTP/1.1" 200 27
120.253.135.82 - - [30/May/2020:09:52:22 +0800] "GET /xingrg/javascript/easyui/themes/default/validatebox.css HTTP/1.1" 404 1104
120.253.135.82 - - [30/May/2020:09:52:22 +0800] "POST /xingrg/kc/pszx/mdps_order_operate.html HTTP/1.1" 200 3275
61.172.5.115 - - [30/May/2020:09:52:22 +0800] "GET /xingrg/all/function/internal_message.html?_=1590803546011&CODE_STATE=getMsg HTTP/1.1" 200 27
114.88.170.9 - - [30/May/2020:09:52:24 +0800] "GET /xingrg/all/function/internal_message.html?_=1590803546991&CODE_STATE=getMsg HTTP/1.1" 200 27
120.253.135.82 - - [30/May/2020:09:52:25 +0800] "GET /xingrg/kc/pszx/mdps_order_info.html?code=312020052700569 HTTP/1.1" 200 23855
120.253.135.82 - - [30/May/2020:09:52:26 +0800] "GET /xingrg/javascript/easyui/themes/default/validatebox.css HTTP/1.1" 404 1104
120.253.135.82 - - [30/May/2020:09:52:26 +0800] "POST /xingrg/kc/pszx/mdps_order_operate.html HTTP/1.1" 200 3275
172.17.0.240 - - [30/May/2020:09:52:31 +0800] "GET /xingrg/system/rest/list_page.html?p=down HTTP/1.1" 200 20275
172.17.0.240 - - [30/May/2020:09:52:32 +0800] "GET /xingrg/javascript/jquery_easy_ui/themes/default/images/calendar_prevmonth.gif HTTP/1.1" 200 66
172.17.0.240 - - [30/May/2020:09:52:32 +0800] "GET /xingrg/javascript/jquery_easy_ui/themes/default/images/calendar_nextmonth.gif HTTP/1.1" 200 64
172.17.0.240 - - [30/May/2020:09:52:32 +0800] "GET /xingrg/javascript/jquery_easy_ui/themes/default/images/calendar_prevyear.gif HTTP/1.1" 200 76
172.17.0.240 - - [30/May/2020:09:52:32 +0800] "GET /xingrg/javascript/jquery_easy_ui/themes/default/images/calendar_nextyear.gif HTTP/1.1" 200 75
172.17.0.240 - - [30/May/2020:09:52:32 +0800] "GET /xingrg/system/rest/query_items.html?_=1590803553594&table=down&tcode=&key= HTTP/1.1" 200 11930
120.253.135.82 - - [30/May/2020:09:52:33 +0800] "POST /xingrg/kc/pszx/mdps_order_operate.html HTTP/1.1" 200 37
172.17.0.240 - - [30/May/2020:09:52:35 +0800] "GET /xingrg/system/rest/list_page.html?p=menu HTTP/1.1" 200 112549
172.17.0.240 - - [30/May/2020:09:52:35 +0800] "GET /xingrg/dwr/interface/AjaxGetFirstChart.js HTTP/1.1" 200 631
172.17.0.240 - - [30/May/2020:09:52:35 +0800] "GET /xingrg/dwr/engine.js HTTP/1.1" 200 43631
120.253.135.82 - - [30/May/2020:09:52:36 +0800] "GET /xingrg/kc/pszx/mdps_order_info.html?code=312020052700569 HTTP/1.1" 200 23855
172.17.0.240 - - [30/May/2020:09:52:36 +0800] "GET /xingrg/system/rest/query_items.html?_=1590803557668&table=menu&page=1&rows=20&categoryId=&key= HTTP/1.1" 200 4729
120.253.135.82 - - [30/May/2020:09:52:36 +0800] "GET /xingrg/javascript/easyui/themes/default/validatebox.css HTTP/1.1" 404 1104
120.253.135.82 - - [30/May/2020:09:52:36 +0800] "POST /xingrg/kc/pszx/mdps_order_operate.html HTTP/1.1" 200 3275
120.253.135.82 - - [30/May/2020:09:52:38 +0800] "POST /xingrg/kc/pszx/mdps_list_operate.html HTTP/1.1" 200 1701
114.84.151.157 - - [30/May/2020:09:52:40 +0800] "GET /xingrg/all/function/internal_message.html?_=1590803564135&CODE_STATE=getMsg HTTP/1.1" 200 27
120.253.135.82 - - [30/May/2020:09:52:40 +0800] "GET /xingrg/all/function/internal_message.html?_=1590803688864&CODE_STATE=getMsg HTTP/1.1" 200 27
120.253.135.82 - - [30/May/2020:09:52:42 +0800] "GET /xingrg/kc/pszx/mdps_order_list.html?orderType=0 HTTP/1.1" 200 20967
120.253.135.82 - - [30/May/2020:09:52:42 +0800] "POST /xingrg/kc/pszx/mdps_list_operate.html HTTP/1.1" 200 5024
101.83.241.210 - - [30/May/2020:09:52:44 +0800] "GET /xingrg/all/function/internal_message.html?_=1590803560273&CODE_STATE=getMsg HTTP/1.1" 200 27
117.185.32.26 - - [30/May/2020:09:52:48 +0800] "GET /xingrg/all/function/internal_message.html?_=1590803992919&CODE_STATE=getMsg HTTP/1.1" 200 27
180.175.212.199 - - [30/May/2020:09:52:49 +0800] "GET /xingrg/all/function/internal_message.html?_=1590803774583&CODE_STATE=getMsg HTTP/1.1" 200 27
117.184.7.26 - - [30/May/2020:09:52:54 +0800] "GET /xingrg/all/function/internal_message.html?_=1590803572149&CODE_STATE=getMsg HTTP/1.1" 200 27
120.253.135.82 - - [30/May/2020:09:52:56 +0800] "GET /xingrg/all/function/internal_message.html?_=1590803333869&CODE_STATE=getMsg HTTP/1.1" 200 27
58.221.95.50 - - [30/May/2020:09:52:57 +0800] "GET /xingrg/all/function/internal_message.html?_=1590803630030&CODE_STATE=getMsg HTTP/1.1" 200 27
172.17.0.240 - - [30/May/2020:09:52:57 +0800] "GET /xingrg/system/rest/list_page.html?p=menu HTTP/1.1" 200 112549
114.88.170.9 - - [30/May/2020:09:52:57 +0800] "GET /xingrg/all/function/internal_message.html?_=1590803574175&CODE_STATE=getMsg HTTP/1.1" 200 27
172.17.0.240 - - [30/May/2020:09:52:57 +0800] "GET /xingrg/dwr/interface/AjaxGetFirstChart.js HTTP/1.1" 200 631
114.88.170.9 - - [30/May/2020:09:52:57 +0800] "GET /xingrg/check_reg.html?_=1590803574177 HTTP/1.1" 200 22
172.17.0.240 - - [30/May/2020:09:52:57 +0800] "GET /xingrg/dwr/engine.js HTTP/1.1" 200 43631
172.17.0.240 - - [30/May/2020:09:52:58 +0800] "GET /xingrg/system/rest/query_items.html?_=1590803579856&table=menu&page=1&rows=20&categoryId=&key= HTTP/1.1" 200 4729
114.84.33.255 - - [30/May/2020:09:53:03 +0800] "GET /xingrg/check_reg.html?_=1590803601493 HTTP/1.1" 200 22
172.17.0.185 - - [30/May/2020:09:53:03 +0800] "GET /xingrg/all/function/internal_message.html?_=1590803584935&CODE_STATE=getMsg HTTP/1.1" 200 27
172.17.0.185 - - [30/May/2020:09:53:03 +0800] "GET /xingrg/check_reg.html?_=1590803584941 HTTP/1.1" 200 22
114.84.33.255 - - [30/May/2020:09:53:05 +0800] "GET /xingrg/all/function/internal_message.html?_=1590803604087&CODE_STATE=getMsg HTTP/1.1" 200 27
180.162.232.172 - - [30/May/2020:09:53:08 +0800] "GET /xingrg/all/function/internal_message.html?_=1590803589416&CODE_STATE=getMsg HTTP/1.1" 200 27
180.175.212.199 - - [30/May/2020:09:53:09 +0800] "GET /xingrg/all/function/internal_message.html?_=1590803586321&CODE_STATE=getMsg HTTP/1.1" 200 27
101.91.62.65 - - [30/May/2020:09:53:13 +0800] "GET /xingrg/all/function/internal_message.html?_=1590802904084&CODE_STATE=getMsg HTTP/1.1" 302 -
117.184.7.26 - - [30/May/2020:09:53:14 +0800] "GET /xingrg/all/function/internal_message.html?_=1590803587878&CODE_STATE=getMsg HTTP/1.1" 200 27
172.17.0.240 - - [30/May/2020:09:53:15 +0800] "GET /xingrg/all/function/internal_message.html?_=1590803596617&CODE_STATE=getMsg HTTP/1.1" 200 27
172.17.0.240 - - [30/May/2020:09:53:15 +0800] "GET /xingrg/check_reg.html?_=1590803596619 HTTP/1.1" 200 22
120.253.135.82 - - [30/May/2020:09:53:17 +0800] "GET /xingrg/check_reg.html?_=1590803725529 HTTP/1.1" 200 22
120.253.135.82 - - [30/May/2020:09:53:17 +0800] "GET /xingrg/kc/buy/cgsh_order_list.html HTTP/1.1" 200 43251
120.253.135.82 - - [30/May/2020:09:53:17 +0800] "POST /xingrg/kc/buy/cgsh_list_operate.html HTTP/1.1" 200 876
120.253.135.82 - - [30/May/2020:09:53:18 +0800] "GET /xingrg/kc/buy/cgsh_order_add.html HTTP/1.1" 200 57713
120.253.135.82 - - [30/May/2020:09:53:19 +0800] "GET /xingrg/javascript/easyui/themes/icons/template_new.png HTTP/1.1" 200 3956
120.253.135.82 - - [30/May/2020:09:53:19 +0800] "GET /xingrg/all/common/auto_word.html?type=employee&rest_code=00101 HTTP/1.1" 200 1123
120.253.135.82 - - [30/May/2020:09:53:19 +0800] "GET /xingrg/all/common/auto_word.html?type=employee&rest_code=00101 HTTP/1.1" 200 1123
120.253.135.82 - - [30/May/2020:09:53:19 +0800] "GET /xingrg/javascript/easyui/themes/default/validatebox.css HTTP/1.1" 404 1104
120.253.135.82 - - [30/May/2020:09:53:19 +0800] "POST /xingrg/kc/buy/cgsh_order_operate.html HTTP/1.1" 200 8245
101.91.62.65 - - [30/May/2020:09:53:19 +0800] "GET /xingrg/login.html HTTP/1.1" 200 7641
116.230.77.149 - - [30/May/2020:09:53:19 +0800] "GET /xingrg/all/function/internal_message.html?_=1590803591592&CODE_STATE=getMsg HTTP/1.1" 200 27
180.162.232.172 - - [30/May/2020:09:53:22 +0800] "GET /xingrg/all/function/internal_message.html?_=1590803733124&CODE_STATE=getMsg HTTP/1.1" 200 27
61.172.5.115 - - [30/May/2020:09:53:22 +0800] "GET /xingrg/all/function/internal_message.html?_=1590803605997&CODE_STATE=getMsg HTTP/1.1" 200 27
114.88.170.9 - - [30/May/2020:09:53:24 +0800] "GET /xingrg/all/function/internal_message.html?_=1590803607016&CODE_STATE=getMsg HTTP/1.1" 200 27
120.253.135.82 - - [30/May/2020:09:53:28 +0800] "GET /xingrg/css/images/panel_loading.gif HTTP/1.1" 304 -
120.253.135.82 - - [30/May/2020:09:53:28 +0800] "POST /xingrg/all/common/load_combo.html?type=employee HTTP/1.1" 200 2013
180.162.232.172 - - [30/May/2020:09:53:35 +0800] "GET /xingrg/kc/base/yddb_order_list.html HTTP/1.1" 200 16865
180.162.232.172 - - [30/May/2020:09:53:36 +0800] "POST /xingrg/kc/base/yddb_list_operate.html HTTP/1.1" 200 583
120.253.135.82 - - [30/May/2020:09:53:38 +0800] "GET /xingrg/kc/buy/cgsh_order_operate.html?command=get_materiel&rest_code=00101&code=00101006002&supplier_code=00100139&order_time=2020-05-30 HTTP/1.1" 200 438
180.162.232.172 - - [30/May/2020:09:53:39 +0800] "POST /xingrg/kc/base/yddb_list_operate.html HTTP/1.1" 200 4084
114.84.151.157 - - [30/May/2020:09:53:40 +0800] "GET /xingrg/all/function/internal_message.html?_=1590803624134&CODE_STATE=getMsg HTTP/1.1" 200 27
114.84.151.157 - - [30/May/2020:09:53:40 +0800] "GET /xingrg/check_reg.html?_=1590803624135 HTTP/1.1" 200 22
120.253.135.82 - - [30/May/2020:09:53:40 +0800] "GET /xingrg/all/function/internal_message.html?_=1590803748864&CODE_STATE=getMsg HTTP/1.1" 200 27
101.83.241.210 - - [30/May/2020:09:53:44 +0800] "GET /xingrg/all/function/internal_message.html?_=1590803620249&CODE_STATE=getMsg HTTP/1.1" 200 27
117.185.32.26 - - [30/May/2020:09:53:48 +0800] "GET /xingrg/all/function/internal_message.html?_=1590804052927&CODE_STATE=getMsg HTTP/1.1" 200 27
180.175.212.199 - - [30/May/2020:09:53:49 +0800] "GET /xingrg/all/function/internal_message.html?_=1590803834592&CODE_STATE=getMsg HTTP/1.1" 200 27
117.184.7.30 - - [30/May/2020:09:53:54 +0800] "GET /xingrg/all/function/internal_message.html?_=1590803632160&CODE_STATE=getMsg HTTP/1.1" 200 27
180.162.232.172 - - [30/May/2020:09:53:54 +0800] "POST /xingrg/all/user/operate.html HTTP/1.1" 200 36
180.162.232.172 - - [30/May/2020:09:53:54 +0800] "GET /xingrg/index.html?sysBaseUrl=http%3A%2F%2F180.169.147.146%3A18081%2Fxingrg%2F&costTime=39×tamp=1590801335285 HTTP/1.1" 200 17179
180.162.232.172 - - [30/May/2020:09:53:54 +0800] "GET /xingrg/javascript/jquery_easy_ui/themes/default/easyui.css HTTP/1.1" 304 -
180.162.232.172 - - [30/May/2020:09:53:54 +0800] "GET /xingrg/javascript/jquery_easy_ui/themes/icon.css HTTP/1.1" 304 -
180.162.232.172 - - [30/May/2020:09:53:54 +0800] "GET /xingrg/css/form.css HTTP/1.1" 304 -
180.162.232.172 - - [30/May/2020:09:53:54 +0800] "GET /xingrg/javascript/jquery-1.4.2.min.js HTTP/1.1" 304 -
180.162.232.172 - - [30/May/2020:09:53:54 +0800] "GET /xingrg/javascript/jquery_easy_ui/jquery.easyui.min.js HTTP/1.1" 304 -
180.162.232.172 - - [30/May/2020:09:53:54 +0800] "GET /xingrg/javascript/jquery_easy_ui/easyui-lang-zh_CN.js HTTP/1.1" 304 -
180.162.232.172 - - [30/May/2020:09:53:54 +0800] "GET /xingrg/javascript/jquery.form.js HTTP/1.1" 304 -
180.162.232.172 - - [30/May/2020:09:53:54 +0800] "GET /xingrg/javascript/jquery.utils.js HTTP/1.1" 304 -
180.162.232.172 - - [30/May/2020:09:53:54 +0800] "GET /xingrg/javascript/jquery.timers.js HTTP/1.1" 304 -
180.162.232.172 - - [30/May/2020:09:53:54 +0800] "GET /xingrg/images/blue/jxLogo.png HTTP/1.1" 304 -
180.162.232.172 - - [30/May/2020:09:53:54 +0800] "GET /xingrg/images/blue/navBackgound.jpg HTTP/1.1" 304 -
180.162.232.172 - - [30/May/2020:09:53:54 +0800] "GET /xingrg/javascript/jquery_easy_ui/themes/icons/settle_new.png HTTP/1.1" 304 -
180.162.232.172 - - [30/May/2020:09:53:54 +0800] "POST /xingrg/all/common/load_tree.html?tree=area_rest_tree_json&manage=1 HTTP/1.1" 200 476
180.162.232.172 - - [30/May/2020:09:53:54 +0800] "GET /xingrg/all/function/internal_message.html?_=1590803636036&CODE_STATE=count HTTP/1.1" 200 11
180.162.232.172 - - [30/May/2020:09:53:54 +0800] "GET /xingrg/images/blue/pingpu.png HTTP/1.1" 304 -
180.162.232.172 - - [30/May/2020:09:53:54 +0800] "GET /xingrg/check_reg.html?_=1590803636037 HTTP/1.1" 200 22
180.162.232.172 - - [30/May/2020:09:53:54 +0800] "GET /xingrg/javascript/jquery_easy_ui/themes/default/images/tabs_rightarrow.png HTTP/1.1" 304 -
180.162.232.172 - - [30/May/2020:09:53:54 +0800] "GET /xingrg/javascript/jquery_easy_ui/themes/default/images/tabs_leftarrow.png HTTP/1.1" 304 -
180.162.232.172 - - [30/May/2020:09:53:54 +0800] "GET /xingrg/javascript/jquery_easy_ui/themes/default/images/panel_tool_collapse.gif HTTP/1.1" 304 -
180.162.232.172 - - [30/May/2020:09:53:54 +0800] "POST /xingrg/load_menu.html HTTP/1.1" 200 5138
120.253.135.82 - - [30/May/2020:09:53:56 +0800] "GET /xingrg/check_reg.html?_=1590803393825 HTTP/1.1" 200 22
120.253.135.82 - - [30/May/2020:09:53:56 +0800] "GET /xingrg/all/function/internal_message.html?_=1590803393883&CODE_STATE=getMsg HTTP/1.1" 200 27
180.162.232.172 - - [30/May/2020:09:53:57 +0800] "GET /xingrg/kc/base/yddb_order_list.html HTTP/1.1" 200 16867
58.221.95.50 - - [30/May/2020:09:53:57 +0800] "GET /xingrg/all/function/internal_message.html?_=1590803690031&CODE_STATE=getMsg HTTP/1.1" 200 27
180.162.232.172 - - [30/May/2020:09:53:57 +0800] "POST /xingrg/kc/base/yddb_list_operate.html HTTP/1.1" 200 583
114.88.170.9 - - [30/May/2020:09:53:57 +0800] "GET /xingrg/all/function/internal_message.html?_=1590803634183&CODE_STATE=getMsg HTTP/1.1" 200 27
180.162.232.172 - - [30/May/2020:09:54:00 +0800] "POST /xingrg/kc/base/yddb_list_operate.html HTTP/1.1" 200 4058
172.17.0.185 - - [30/May/2020:09:54:03 +0800] "GET /xingrg/all/function/internal_message.html?_=1590803644931&CODE_STATE=getMsg HTTP/1.1" 200 27
120.253.135.82 - - [30/May/2020:09:54:05 +0800] "GET /xingrg/kc/buy/cgsh_order_operate.html?command=get_materiel&rest_code=00101&code=00101007003&supplier_code=00100139&order_time=2020-05-30 HTTP/1.1" 200 436
180.162.232.172 - - [30/May/2020:09:54:05 +0800] "POST /xingrg/kc/base/yddb_list_operate.html HTTP/1.1" 200 209
114.84.33.255 - - [30/May/2020:09:54:05 +0800] "GET /xingrg/all/function/internal_message.html?_=1590803664100&CODE_STATE=getMsg HTTP/1.1" 200 27
180.162.232.172 - - [30/May/2020:09:54:07 +0800] "POST /xingrg/kc/base/yddb_list_operate.html HTTP/1.1" 200 378
180.162.232.172 - - [30/May/2020:09:54:09 +0800] "POST /xingrg/kc/base/yddb_list_operate.html HTTP/1.1" 200 609
180.175.212.199 - - [30/May/2020:09:54:09 +0800] "GET /xingrg/all/function/internal_message.html?_=1590803646321&CODE_STATE=getMsg HTTP/1.1" 200 27
117.184.7.26 - - [30/May/2020:09:54:14 +0800] "GET /xingrg/all/function/internal_message.html?_=1590803647880&CODE_STATE=getMsg HTTP/1.1" 200 27
180.162.232.172 - - [30/May/2020:09:54:14 +0800] "GET /xingrg/kc/base/yddb_order_info.html?code=482020052900201 HTTP/1.1" 200 31200
180.162.232.172 - - [30/May/2020:09:54:14 +0800] "GET /xingrg/dwr/interface/AjaxComOrderService.js HTTP/1.1" 200 18264
180.162.232.172 - - [30/May/2020:09:54:14 +0800] "GET /xingrg/dwr/interface/AjaxYddbService.js HTTP/1.1" 200 13201
180.162.232.172 - - [30/May/2020:09:54:15 +0800] "GET /xingrg/dwr/engine.js HTTP/1.1" 200 43631
180.162.232.172 - - [30/May/2020:09:54:15 +0800] "POST /xingrg/dwr/call/plaincall/AjaxYddbService.loadMaterielItems.dwr HTTP/1.1" 200 2893
