172.17.0.185 - - [30/May/2020:10:07:03 +0800] "GET /xingrg/all/function/internal_message.html?_=1590804424924&CODE_STATE=getMsg HTTP/1.1" 200 27
114.88.170.9 - - [30/May/2020:10:07:03 +0800] "GET /xingrg/kc/buy/cgsh_order_operate.html?command=get_materiel&rest_code=00111&code=00101008114&supplier_code=00100005&order_time=2020-05-30 HTTP/1.1" 200 412
101.83.241.210 - - [30/May/2020:10:07:04 +0800] "GET /xingrg/kc/buy/cgsh_order_operate.html?command=get_materiel&rest_code=00149&code=00101011005&supplier_code=00100051&order_time=2020-05-30 HTTP/1.1" 200 428
180.175.212.199 - - [30/May/2020:10:07:05 +0800] "GET /xingrg/kc/base/wldb_order_operate.html?command=get_materiel&rest_code=00102&base_code=0010476&code=00101013065 HTTP/1.1" 200 433
114.84.33.255 - - [30/May/2020:10:07:07 +0800] "GET /xingrg/all/function/internal_message.html?_=1590804445634&CODE_STATE=getMsg HTTP/1.1" 200 27
61.151.178.225 - - [30/May/2020:10:07:07 +0800] "GET /xingrg/login.html HTTP/1.1" 200 7641
117.184.7.26 - - [30/May/2020:10:07:10 +0800] "GET /xingrg/kc/buy/cgsh_order_operate.html?command=get_materiel&rest_code=00108&code=00101008275&supplier_code=00100008&order_time=2020-05-30 HTTP/1.1" 200 417
114.88.170.9 - - [30/May/2020:10:07:11 +0800] "GET /xingrg/kc/buy/cgsh_order_operate.html?command=get_materiel&rest_code=00111&code=00101008061&supplier_code=00100005&order_time=2020-05-30 HTTP/1.1" 200 422
101.83.241.210 - - [30/May/2020:10:07:13 +0800] "POST /xingrg/kc/buy/cgsh_order_operate.html HTTP/1.1" 200 37
117.185.32.26 - - [30/May/2020:10:07:13 +0800] "GET /xingrg/kc/buy/cgsh_order_operate.html?command=get_materiel&rest_code=00106&code=00101005037&supplier_code=00100032&order_time=2020-05-30 HTTP/1.1" 200 409
117.184.7.30 - - [30/May/2020:10:07:15 +0800] "GET /xingrg/all/function/internal_message.html?_=1590804427909&CODE_STATE=getMsg HTTP/1.1" 200 27
117.184.7.26 - - [30/May/2020:10:07:15 +0800] "POST /xingrg/kc/buy/cgsh_order_operate.html HTTP/1.1" 200 37
101.83.241.210 - - [30/May/2020:10:07:17 +0800] "POST /xingrg/kc/buy/cgsh_order_operate.html HTTP/1.1" 200 12
114.88.170.9 - - [30/May/2020:10:07:18 +0800] "GET /xingrg/kc/buy/cgsh_order_operate.html?command=get_materiel&rest_code=00111&code=00101008095&supplier_code=00100005&order_time=2020-05-30 HTTP/1.1" 200 412
101.83.241.210 - - [30/May/2020:10:07:19 +0800] "GET /xingrg/kc/buy/cgsh_order_info.html?code=212020053011046 HTTP/1.1" 200 53643
116.230.77.149 - - [30/May/2020:10:07:19 +0800] "GET /xingrg/all/function/internal_message.html?_=1590804431622&CODE_STATE=getMsg HTTP/1.1" 200 27
116.230.77.149 - - [30/May/2020:10:07:19 +0800] "GET /xingrg/check_reg.html?_=1590804431625 HTTP/1.1" 200 22
101.83.241.210 - - [30/May/2020:10:07:19 +0800] "GET /xingrg/javascript/easyui/themes/default/validatebox.css HTTP/1.1" 404 1104
101.83.241.210 - - [30/May/2020:10:07:19 +0800] "POST /xingrg/kc/buy/cgsh_order_operate.html HTTP/1.1" 200 606
101.83.241.210 - - [30/May/2020:10:07:22 +0800] "GET /xingrg/kc/print/load_data.html?order_code=212020053011046&kc_code=cgsh&condition= HTTP/1.1" 200 721
180.162.232.172 - - [30/May/2020:10:07:22 +0800] "GET /xingrg/all/function/internal_message.html?_=1590804573610&CODE_STATE=getMsg HTTP/1.1" 200 27
61.172.5.115 - - [30/May/2020:10:07:22 +0800] "GET /xingrg/all/function/internal_message.html?_=1590804446016&CODE_STATE=getMsg HTTP/1.1" 200 27
114.88.170.9 - - [30/May/2020:10:07:24 +0800] "GET /xingrg/all/function/internal_message.html?_=1590804447242&CODE_STATE=getMsg HTTP/1.1" 200 27
114.88.170.9 - - [30/May/2020:10:07:27 +0800] "GET /xingrg/kc/buy/cgsh_order_operate.html?command=get_materiel&rest_code=00111&code=00101008080&supplier_code=00100005&order_time=2020-05-30 HTTP/1.1" 200 416
117.185.32.26 - - [30/May/2020:10:07:28 +0800] "GET /xingrg/kc/buy/cgsh_order_operate.html?command=get_materiel&rest_code=00106&code=00101010161&supplier_code=00100032&order_time=2020-05-30 HTTP/1.1" 200 408
117.184.7.26 - - [30/May/2020:10:07:29 +0800] "POST /xingrg/kc/buy/cgsh_order_operate.html HTTP/1.1" 200 27471
120.253.135.82 - - [30/May/2020:10:07:34 +0800] "POST /xingrg/kc/buy/cgsh_order_operate.html HTTP/1.1" 200 37
101.83.241.210 - - [30/May/2020:10:07:34 +0800] "GET /xingrg/kc/buy/cgsh_order_add.html HTTP/1.1" 200 58740
120.253.135.82 - - [30/May/2020:10:07:35 +0800] "POST /xingrg/kc/buy/cgsh_order_operate.html HTTP/1.1" 200 3256
101.83.241.210 - - [30/May/2020:10:07:35 +0800] "POST /xingrg/kc/buy/cgsh_order_operate.html HTTP/1.1" 200 8245
101.83.241.210 - - [30/May/2020:10:07:35 +0800] "GET /xingrg/javascript/easyui/themes/default/validatebox.css HTTP/1.1" 404 1104
117.185.32.26 - - [30/May/2020:10:07:37 +0800] "GET /xingrg/kc/buy/cgsh_order_operate.html?command=get_materiel&rest_code=00106&code=00101001002&supplier_code=00100032&order_time=2020-05-30 HTTP/1.1" 200 415
120.253.135.82 - - [30/May/2020:10:07:37 +0800] "GET /xingrg/kc/print/load_data.html?order_code=212020053011048&kc_code=cgsh&condition= HTTP/1.1" 200 931
117.184.7.26 - - [30/May/2020:10:07:38 +0800] "GET /xingrg/kc/buy/cgsh_order_operate.html?command=get_materiel&rest_code=00108&code=00101008323&supplier_code=00100008&order_time=2020-05-30 HTTP/1.1" 200 408
114.84.151.157 - - [30/May/2020:10:07:39 +0800] "GET /xingrg/all/function/internal_message.html?_=1590804463961&CODE_STATE=getMsg HTTP/1.1" 200 27
180.175.212.199 - - [30/May/2020:10:07:40 +0800] "GET /xingrg/kc/base/wldb_order_operate.html?command=get_materiel&rest_code=00102&base_code=0010476&code=00101013010 HTTP/1.1" 200 438
120.253.135.82 - - [30/May/2020:10:07:40 +0800] "GET /xingrg/all/function/internal_message.html?_=1590804589167&CODE_STATE=getMsg HTTP/1.1" 200 27
101.83.241.210 - - [30/May/2020:10:07:44 +0800] "GET /xingrg/all/function/internal_message.html?_=1590804460319&CODE_STATE=getMsg HTTP/1.1" 200 27
117.184.7.26 - - [30/May/2020:10:07:46 +0800] "GET /xingrg/kc/buy/cgsh_order_operate.html?command=get_materiel&rest_code=00108&code=00101008175&supplier_code=00100008&order_time=2020-05-30 HTTP/1.1" 200 412
180.175.212.199 - - [30/May/2020:10:07:47 +0800] "GET /xingrg/kc/base/wldb_order_operate.html?command=get_materiel&rest_code=00102&base_code=0010476&code=00101013177 HTTP/1.1" 200 433
101.83.241.210 - - [30/May/2020:10:07:48 +0800] "GET /xingrg/kc/buy/cgsh_order_operate.html?command=get_materiel&rest_code=00149&code=00102002453&supplier_code=00100072&order_time=2020-05-30 HTTP/1.1" 200 433
117.185.32.26 - - [30/May/2020:10:07:48 +0800] "GET /xingrg/all/function/internal_message.html?_=1590804893003&CODE_STATE=getMsg HTTP/1.1" 200 27
117.185.32.26 - - [30/May/2020:10:07:51 +0800] "GET /xingrg/kc/buy/cgsh_order_operate.html?command=get_materiel&rest_code=00106&code=00101016053&supplier_code=00100032&order_time=2020-05-30 HTTP/1.1" 200 408
180.175.212.199 - - [30/May/2020:10:07:52 +0800] "GET /xingrg/all/function/internal_message.html?_=1590804677216&CODE_STATE=getMsg HTTP/1.1" 200 27
117.184.7.26 - - [30/May/2020:10:07:54 +0800] "GET /xingrg/all/function/internal_message.html?_=1590804472555&CODE_STATE=getMsg HTTP/1.1" 200 27
180.162.232.172 - - [30/May/2020:10:07:54 +0800] "GET /xingrg/all/function/internal_message.html?_=1590804476066&CODE_STATE=getMsg HTTP/1.1" 200 27
120.253.135.82 - - [30/May/2020:10:07:56 +0800] "GET /xingrg/all/function/internal_message.html?_=1590804234214&CODE_STATE=getMsg HTTP/1.1" 200 27
58.221.95.50 - - [30/May/2020:10:07:57 +0800] "GET /xingrg/all/function/internal_message.html?_=1590804530057&CODE_STATE=getMsg HTTP/1.1" 200 27
114.88.170.9 - - [30/May/2020:10:07:57 +0800] "GET /xingrg/check_reg.html?_=1590804474333 HTTP/1.1" 200 22
114.88.170.9 - - [30/May/2020:10:07:57 +0800] "GET /xingrg/all/function/internal_message.html?_=1590804474335&CODE_STATE=getMsg HTTP/1.1" 200 27
101.83.241.210 - - [30/May/2020:10:07:58 +0800] "POST /xingrg/kc/buy/cgsh_order_operate.html HTTP/1.1" 200 37
117.184.7.26 - - [30/May/2020:10:08:00 +0800] "GET /xingrg/kc/buy/cgsh_order_operate.html?command=get_materiel&rest_code=00108&code=00101008027&supplier_code=00100008&order_time=2020-05-30 HTTP/1.1" 200 408
117.185.32.26 - - [30/May/2020:10:08:02 +0800] "GET /xingrg/kc/buy/cgsh_order_operate.html?command=get_materiel&rest_code=00106&code=00101016017&supplier_code=00100032&order_time=2020-05-30 HTTP/1.1" 200 408
101.83.241.210 - - [30/May/2020:10:08:02 +0800] "POST /xingrg/kc/buy/cgsh_order_operate.html HTTP/1.1" 200 12
172.17.0.185 - - [30/May/2020:10:08:03 +0800] "GET /xingrg/all/function/internal_message.html?_=1590804484937&CODE_STATE=getMsg HTTP/1.1" 200 27
172.17.0.185 - - [30/May/2020:10:08:03 +0800] "GET /xingrg/check_reg.html?_=1590804484942 HTTP/1.1" 200 22
180.162.232.172 - - [30/May/2020:10:08:03 +0800] "POST /xingrg/services/DataTransmitService HTTP/1.1" 200 524
114.84.33.255 - - [30/May/2020:10:08:03 +0800] "GET /xingrg/check_reg.html?_=1590804501891 HTTP/1.1" 200 22
117.184.7.26 - - [30/May/2020:10:08:04 +0800] "POST /xingrg/kc/buy/cgsh_order_operate.html HTTP/1.1" 200 2065
61.129.6.159 - - [30/May/2020:10:08:05 +0800] "GET /xingrg/kc/buy/cgsh_order_operate.html?command=get_materiel&rest_code=00141&code=00101011005&supplier_code=00100036&order_time=2020-05-30 HTTP/1.1" 302 -
101.83.241.210 - - [30/May/2020:10:08:05 +0800] "GET /xingrg/kc/buy/cgsh_order_info.html?code=212020053011049 HTTP/1.1" 200 53645
101.83.241.210 - - [30/May/2020:10:08:06 +0800] "GET /xingrg/javascript/easyui/themes/default/validatebox.css HTTP/1.1" 404 1104
101.83.241.210 - - [30/May/2020:10:08:06 +0800] "POST /xingrg/kc/buy/cgsh_order_operate.html HTTP/1.1" 200 611
114.84.33.255 - - [30/May/2020:10:08:07 +0800] "GET /xingrg/all/function/internal_message.html?_=1590804505648&CODE_STATE=getMsg HTTP/1.1" 200 27
117.184.7.26 - - [30/May/2020:10:08:08 +0800] "GET /xingrg/kc/buy/cgsh_order_operate.html?command=get_materiel&rest_code=00108&code=00101008132&supplier_code=00100008&order_time=2020-05-30 HTTP/1.1" 200 408
61.129.6.159 - - [30/May/2020:10:08:11 +0800] "GET /xingrg/login.html HTTP/1.1" 200 7641
101.83.241.210 - - [30/May/2020:10:08:13 +0800] "GET /xingrg/kc/print/load_data.html?order_code=212020053011049&kc_code=cgsh&condition= HTTP/1.1" 200 718
117.184.7.30 - - [30/May/2020:10:08:15 +0800] "GET /xingrg/all/function/internal_message.html?_=1590804487892&CODE_STATE=getMsg HTTP/1.1" 200 27
120.253.135.82 - - [30/May/2020:10:08:17 +0800] "GET /xingrg/check_reg.html?_=1590804625542 HTTP/1.1" 200 22
116.230.77.149 - - [30/May/2020:10:08:19 +0800] "GET /xingrg/all/function/internal_message.html?_=1590804491611&CODE_STATE=getMsg HTTP/1.1" 200 27
117.184.7.26 - - [30/May/2020:10:08:20 +0800] "GET /xingrg/kc/buy/cgsh_order_operate.html?command=get_materiel&rest_code=00108&code=00101008244&supplier_code=00100008&order_time=2020-05-30 HTTP/1.1" 200 408
101.83.241.210 - - [30/May/2020:10:08:21 +0800] "GET /xingrg/kc/buy/cgsh_order_add.html HTTP/1.1" 200 58740
101.83.241.210 - - [30/May/2020:10:08:22 +0800] "POST /xingrg/kc/buy/cgsh_order_operate.html HTTP/1.1" 200 8245
101.83.241.210 - - [30/May/2020:10:08:22 +0800] "GET /xingrg/javascript/easyui/themes/default/validatebox.css HTTP/1.1" 404 1104
180.175.212.199 - - [30/May/2020:10:08:22 +0800] "GET /xingrg/kc/base/wldb_order_operate.html?command=get_materiel&rest_code=00102&base_code=0010476&code=00102012003 HTTP/1.1" 200 442
61.172.5.115 - - [30/May/2020:10:08:22 +0800] "GET /xingrg/all/function/internal_message.html?_=1590804506015&CODE_STATE=getMsg HTTP/1.1" 200 27
180.162.232.172 - - [30/May/2020:10:08:22 +0800] "GET /xingrg/all/function/internal_message.html?_=1590804633710&CODE_STATE=getMsg HTTP/1.1" 200 27
114.88.170.9 - - [30/May/2020:10:08:24 +0800] "GET /xingrg/all/function/internal_message.html?_=1590804507279&CODE_STATE=getMsg HTTP/1.1" 200 27
117.184.7.26 - - [30/May/2020:10:08:28 +0800] "GET /xingrg/kc/buy/cgsh_order_operate.html?command=get_materiel&rest_code=00108&code=00101008356&supplier_code=00100008&order_time=2020-05-30 HTTP/1.1" 200 408
117.185.32.26 - - [30/May/2020:10:08:32 +0800] "POST /xingrg/kc/buy/cgsh_order_operate.html HTTP/1.1" 200 37
117.185.32.26 - - [30/May/2020:10:08:33 +0800] "POST /xingrg/kc/buy/cgsh_order_operate.html HTTP/1.1" 200 7956
117.185.32.26 - - [30/May/2020:10:08:35 +0800] "GET /xingrg/kc/buy/cgsh_order_add.html HTTP/1.1" 200 58734
117.185.32.26 - - [30/May/2020:10:08:36 +0800] "POST /xingrg/kc/buy/cgsh_order_operate.html HTTP/1.1" 200 8245
117.185.32.26 - - [30/May/2020:10:08:36 +0800] "GET /xingrg/javascript/easyui/themes/default/validatebox.css HTTP/1.1" 404 1104
117.185.32.26 - - [30/May/2020:10:08:37 +0800] "GET /xingrg/javascript/easyui/themes/default/tree.css HTTP/1.1" 404 1090
117.185.32.26 - - [30/May/2020:10:08:37 +0800] "POST /xingrg/all/common/load_tree.html?tree=supplier_tree_json&isDelete=1 HTTP/1.1" 200 48460
101.83.241.210 - - [30/May/2020:10:08:38 +0800] "GET /xingrg/kc/buy/cgsh_order_operate.html?command=get_materiel&rest_code=00149&code=00101004065&supplier_code=00100083&order_time=2020-05-30 HTTP/1.1" 200 433
114.84.151.157 - - [30/May/2020:10:08:39 +0800] "GET /xingrg/all/function/internal_message.html?_=1590804523932&CODE_STATE=getMsg HTTP/1.1" 200 27
114.84.151.157 - - [30/May/2020:10:08:40 +0800] "GET /xingrg/check_reg.html?_=1590804524204 HTTP/1.1" 200 22
120.253.135.82 - - [30/May/2020:10:08:40 +0800] "GET /xingrg/all/function/internal_message.html?_=1590804649177&CODE_STATE=getMsg HTTP/1.1" 200 27
101.83.241.210 - - [30/May/2020:10:08:44 +0800] "GET /xingrg/all/function/internal_message.html?_=1590804520300&CODE_STATE=getMsg HTTP/1.1" 200 27
180.175.212.199 - - [30/May/2020:10:08:44 +0800] "GET /xingrg/kc/base/wldb_order_operate.html?command=get_materiel&rest_code=00102&base_code=0010476&code=00101013263 HTTP/1.1" 200 419
180.175.212.199 - - [30/May/2020:10:08:46 +0800] "POST /xingrg/kc/base/wldb_order_operate.html HTTP/1.1" 200 1710
101.83.241.210 - - [30/May/2020:10:08:47 +0800] "GET /xingrg/kc/buy/cgsh_order_operate.html?command=get_materiel&rest_code=00149&code=00101004011&supplier_code=00100083&order_time=2020-05-30 HTTP/1.1" 200 434
117.185.32.26 - - [30/May/2020:10:08:48 +0800] "GET /xingrg/all/function/internal_message.html?_=1590804952988&CODE_STATE=getMsg HTTP/1.1" 200 27
180.175.212.199 - - [30/May/2020:10:08:50 +0800] "GET /xingrg/kc/base/wldb_order_operate.html?command=get_materiel&rest_code=00102&base_code=0010476&code=00101013264 HTTP/1.1" 200 419
180.175.212.199 - - [30/May/2020:10:08:52 +0800] "GET /xingrg/all/function/internal_message.html?_=1590804737759&CODE_STATE=getMsg HTTP/1.1" 200 27
117.184.7.26 - - [30/May/2020:10:08:54 +0800] "GET /xingrg/all/function/internal_message.html?_=1590804532567&CODE_STATE=getMsg HTTP/1.1" 200 27
101.83.241.210 - - [30/May/2020:10:08:54 +0800] "GET /xingrg/kc/buy/cgsh_order_operate.html?command=get_materiel&rest_code=00149&code=00101004048&supplier_code=00100083&order_time=2020-05-30 HTTP/1.1" 200 417
180.162.232.172 - - [30/May/2020:10:08:54 +0800] "GET /xingrg/check_reg.html?_=1590804536061 HTTP/1.1" 200 22
180.162.232.172 - - [30/May/2020:10:08:54 +0800] "GET /xingrg/all/function/internal_message.html?_=1590804536064&CODE_STATE=getMsg HTTP/1.1" 200 27
180.175.212.199 - - [30/May/2020:10:08:56 +0800] "GET /xingrg/kc/base/wldb_order_operate.html?command=get_materiel&rest_code=00102&base_code=0010476&code=00101013265 HTTP/1.1" 200 419
120.253.135.82 - - [30/May/2020:10:08:56 +0800] "GET /xingrg/check_reg.html?_=1590804293837 HTTP/1.1" 200 22
120.253.135.82 - - [30/May/2020:10:08:56 +0800] "GET /xingrg/all/function/internal_message.html?_=1590804294227&CODE_STATE=getMsg HTTP/1.1" 200 27
58.221.95.50 - - [30/May/2020:10:08:57 +0800] "GET /xingrg/all/function/internal_message.html?_=1590804590054&CODE_STATE=getMsg HTTP/1.1" 200 27
114.88.170.9 - - [30/May/2020:10:08:58 +0800] "GET /xingrg/all/function/internal_message.html?_=1590804534445&CODE_STATE=getMsg HTTP/1.1" 200 27
117.185.32.26 - - [30/May/2020:10:08:58 +0800] "GET /xingrg/kc/buy/cgsh_order_operate.html?command=get_materiel&rest_code=00106&code=00101006084&supplier_code=00100016&order_time=2020-05-30 HTTP/1.1" 200 413
117.184.7.26 - - [30/May/2020:10:08:59 +0800] "POST /xingrg/kc/buy/cgsh_order_operate.html HTTP/1.1" 200 2065
114.88.170.9 - - [30/May/2020:10:09:02 +0800] "POST /xingrg/kc/buy/cgsh_order_operate.html HTTP/1.1" 200 37
172.17.0.185 - - [30/May/2020:10:09:03 +0800] "GET /xingrg/all/function/internal_message.html?_=1590804544932&CODE_STATE=getMsg HTTP/1.1" 200 27
114.88.170.9 - - [30/May/2020:10:09:04 +0800] "POST /xingrg/kc/buy/cgsh_order_operate.html HTTP/1.1" 200 42290
101.83.241.210 - - [30/May/2020:10:09:07 +0800] "GET /xingrg/kc/buy/cgsh_order_operate.html?command=get_materiel&rest_code=00149&code=00101004067&supplier_code=00100083&order_time=2020-05-30 HTTP/1.1" 200 413
114.84.33.255 - - [30/May/2020:10:09:07 +0800] "GET /xingrg/all/function/internal_message.html?_=1590804565662&CODE_STATE=getMsg HTTP/1.1" 200 27
117.184.7.26 - - [30/May/2020:10:09:12 +0800] "GET /xingrg/kc/buy/cgsh_order_operate.html?command=get_materiel&rest_code=00108&code=00101008296&supplier_code=00100008&order_time=2020-05-30 HTTP/1.1" 200 416
117.184.7.30 - - [30/May/2020:10:09:15 +0800] "GET /xingrg/all/function/internal_message.html?_=1590804547914&CODE_STATE=getMsg HTTP/1.1" 200 27
114.88.170.9 - - [30/May/2020:10:09:19 +0800] "POST /xingrg/kc/buy/cgsh_order_operate.html HTTP/1.1" 200 37
116.230.77.149 - - [30/May/2020:10:09:19 +0800] "GET /xingrg/all/function/internal_message.html?_=1590804551628&CODE_STATE=getMsg HTTP/1.1" 200 27
117.184.7.30 - - [30/May/2020:10:09:20 +0800] "GET /xingrg/kc/buy/cgsh_order_operate.html?command=get_materiel&rest_code=00108&code=00101008005&supplier_code=00100008&order_time=2020-05-30 HTTP/1.1" 200 412
114.88.170.9 - - [30/May/2020:10:09:20 +0800] "POST /xingrg/kc/buy/cgsh_order_operate.html HTTP/1.1" 200 42290
101.83.241.210 - - [30/May/2020:10:09:20 +0800] "GET /xingrg/kc/buy/cgsh_order_operate.html?command=get_materiel&rest_code=00149&code=00101004030&supplier_code=00100083&order_time=2020-05-30 HTTP/1.1" 200 408
61.129.8.179 - - [30/May/2020:10:09:21 +0800] "GET /xingrg/kc/buy/cgsh_order_operate.html?command=get_materiel&rest_code=00141&code=00101012038&supplier_code=00100036&order_time=2020-05-30 HTTP/1.1" 302 -
180.175.212.199 - - [30/May/2020:10:09:22 +0800] "GET /xingrg/kc/base/wldb_order_operate.html?command=get_materiel&rest_code=00102&base_code=0010476&code=00101016014 HTTP/1.1" 200 451
61.172.5.115 - - [30/May/2020:10:09:22 +0800] "GET /xingrg/all/function/internal_message.html?_=1590804566015&CODE_STATE=getMsg HTTP/1.1" 200 27
180.162.232.172 - - [30/May/2020:10:09:22 +0800] "GET /xingrg/all/function/internal_message.html?_=1590804693715&CODE_STATE=getMsg HTTP/1.1" 200 27
114.88.170.9 - - [30/May/2020:10:09:23 +0800] "GET /xingrg/kc/print/load_config.html?kc_code=cgsh HTTP/1.1" 200 1845
120.253.135.82 - - [30/May/2020:10:09:23 +0800] "POST /xingrg/kc/buy/cgsh_list_operate.html HTTP/1.1" 200 2441
114.88.170.9 - - [30/May/2020:10:09:23 +0800] "GET /xingrg/kc/print/load_data.html?order_code=212020053011051&kc_code=cgsh&condition= HTTP/1.1" 200 15688
61.151.178.225 - - [30/May/2020:10:09:23 +0800] "GET /xingrg/kc/buy/cgsh_order_operate.html?command=get_materiel&rest_code=00141&code=00101006134&supplier_code=00100012&order_time=2020-05-30 HTTP/1.1" 302 -
114.88.170.9 - - [30/May/2020:10:09:24 +0800] "GET /xingrg/all/function/internal_message.html?_=1590804567301&CODE_STATE=getMsg HTTP/1.1" 200 27
120.253.135.82 - - [30/May/2020:10:09:25 +0800] "GET /xingrg/kc/buy/cgsh_order_add.html HTTP/1.1" 200 57713
120.253.135.82 - - [30/May/2020:10:09:25 +0800] "POST /xingrg/kc/buy/cgsh_order_operate.html HTTP/1.1" 200 8245
120.253.135.82 - - [30/May/2020:10:09:25 +0800] "GET /xingrg/javascript/easyui/themes/default/validatebox.css HTTP/1.1" 404 1104
117.185.32.26 - - [30/May/2020:10:09:25 +0800] "GET /xingrg/kc/buy/cgsh_order_operate.html?command=get_materiel&rest_code=00106&code=00101006094&supplier_code=00100016&order_time=2020-05-30 HTTP/1.1" 200 410
101.83.241.210 - - [30/May/2020:10:09:26 +0800] "GET /xingrg/kc/buy/cgsh_order_operate.html?command=get_materiel&rest_code=00149&code=00101004017&supplier_code=00100083&order_time=2020-05-30 HTTP/1.1" 200 413
180.175.212.199 - - [30/May/2020:10:09:28 +0800] "GET /xingrg/kc/base/wldb_order_operate.html?command=get_materiel&rest_code=00102&base_code=0010476&code=00101019041 HTTP/1.1" 200 468
61.151.178.225 - - [30/May/2020:10:09:30 +0800] "GET /xingrg/login.html HTTP/1.1" 200 7641
180.175.212.199 - - [30/May/2020:10:09:30 +0800] "POST /xingrg/kc/base/wldb_order_operate.html HTTP/1.1" 200 1710
61.129.8.179 - - [30/May/2020:10:09:31 +0800] "GET /xingrg/login.html HTTP/1.1" 200 7641
120.253.135.82 - - [30/May/2020:10:09:32 +0800] "POST /xingrg/all/common/load_combo.html?type=employee HTTP/1.1" 200 2013
101.83.241.210 - - [30/May/2020:10:09:34 +0800] "POST /xingrg/kc/buy/cgsh_order_operate.html HTTP/1.1" 200 37
117.184.7.26 - - [30/May/2020:10:09:35 +0800] "GET /xingrg/kc/buy/cgsh_order_operate.html?command=get_materiel&rest_code=00108&code=00101008297&supplier_code=00100008&order_time=2020-05-30 HTTP/1.1" 200 412
61.151.178.197 - - [30/May/2020:10:09:36 +0800] "GET /xingrg/kc/buy/cgsh_order_operate.html?command=get_materiel&rest_code=00141&code=00101006168&supplier_code=00100012&order_time=2020-05-30 HTTP/1.1" 302 -
117.184.7.26 - - [30/May/2020:10:09:39 +0800] "POST /xingrg/kc/buy/cgsh_order_operate.html HTTP/1.1" 200 2065
101.83.241.210 - - [30/May/2020:10:09:39 +0800] "POST /xingrg/kc/buy/cgsh_order_operate.html HTTP/1.1" 200 12
114.84.151.157 - - [30/May/2020:10:09:39 +0800] "GET /xingrg/all/function/internal_message.html?_=1590804583902&CODE_STATE=getMsg HTTP/1.1" 200 27
101.83.241.210 - - [30/May/2020:10:09:40 +0800] "GET /xingrg/kc/buy/cgsh_order_info.html?code=212020053011052 HTTP/1.1" 200 53641
120.253.135.82 - - [30/May/2020:10:09:40 +0800] "GET /xingrg/all/function/internal_message.html?_=1590804709191&CODE_STATE=getMsg HTTP/1.1" 200 27
101.83.241.210 - - [30/May/2020:10:09:40 +0800] "GET /xingrg/words/20200530093911_words.js HTTP/1.1" 304 -
101.83.241.210 - - [30/May/2020:10:09:41 +0800] "GET /xingrg/javascript/easyui/themes/default/validatebox.css HTTP/1.1" 404 1104
101.83.241.210 - - [30/May/2020:10:09:41 +0800] "POST /xingrg/kc/buy/cgsh_order_operate.html HTTP/1.1" 200 3588
120.253.135.82 - - [30/May/2020:10:09:41 +0800] "GET /xingrg/check_reg.html?_=1590804709986 HTTP/1.1" 200 22
117.184.7.26 - - [30/May/2020:10:09:42 +0800] "GET /xingrg/kc/buy/cgsh_order_operate.html?command=get_materiel&rest_code=00108&code=00101010232&supplier_code=00100008&order_time=2020-05-30 HTTP/1.1" 200 437
101.83.241.210 - - [30/May/2020:10:09:42 +0800] "GET /xingrg/kc/print/load_data.html?order_code=212020053011052&kc_code=cgsh&condition= HTTP/1.1" 200 1867
114.84.33.255 - - [30/May/2020:10:09:43 +0800] "GET /xingrg/kc/buy/buy_main.html HTTP/1.1" 200 12412
114.84.33.255 - - [30/May/2020:10:09:43 +0800] "GET /xingrg/css/new_ie.css HTTP/1.1" 404 1036
114.84.33.255 - - [30/May/2020:10:09:44 +0800] "GET /xingrg/images/yd/bt.gif HTTP/1.1" 404 1040
101.83.241.210 - - [30/May/2020:10:09:44 +0800] "GET /xingrg/all/function/internal_message.html?_=1590804580295&CODE_STATE=getMsg HTTP/1.1" 200 27
114.84.33.255 - - [30/May/2020:10:09:44 +0800] "GET /xingrg/kc/buy/cgsh_order_list.html HTTP/1.1" 200 43002
101.83.241.210 - - [30/May/2020:10:09:44 +0800] "GET /xingrg/check_reg.html?_=1590804580747 HTTP/1.1" 200 22
61.151.178.197 - - [30/May/2020:10:09:46 +0800] "GET /xingrg/login.html HTTP/1.1" 200 7641
114.84.33.255 - - [30/May/2020:10:09:47 +0800] "POST /xingrg/kc/buy/cgsh_list_operate.html HTTP/1.1" 200 3496
117.185.32.26 - - [30/May/2020:10:09:48 +0800] "GET /xingrg/all/function/internal_message.html?_=1590805012963&CODE_STATE=getMsg HTTP/1.1" 200 27
117.185.32.26 - - [30/May/2020:10:09:48 +0800] "GET /xingrg/check_reg.html?_=1590805013011 HTTP/1.1" 200 22
101.83.241.210 - - [30/May/2020:10:09:51 +0800] "GET /xingrg/kc/buy/cgsh_order_add.html HTTP/1.1" 200 58740
101.83.241.210 - - [30/May/2020:10:09:51 +0800] "POST /xingrg/kc/buy/cgsh_order_operate.html HTTP/1.1" 200 8245
101.83.241.210 - - [30/May/2020:10:09:52 +0800] "GET /xingrg/javascript/easyui/themes/default/validatebox.css HTTP/1.1" 404 1104
114.84.151.157 - - [30/May/2020:10:09:52 +0800] "POST /xingrg/services/DataTransmitService HTTP/1.1" 200 524
180.175.212.199 - - [30/May/2020:10:09:52 +0800] "GET /xingrg/all/function/internal_message.html?_=1590804797774&CODE_STATE=getMsg HTTP/1.1" 200 27
117.184.7.26 - - [30/May/2020:10:09:52 +0800] "GET /xingrg/kc/buy/cgsh_order_operate.html?command=get_materiel&rest_code=00108&code=00101008101&supplier_code=00100008&order_time=2020-05-30 HTTP/1.1" 200 412
114.84.151.157 - - [30/May/2020:10:09:52 +0800] "POST /xingrg/services/DataTransmitService HTTP/1.1" 200 501
117.184.7.26 - - [30/May/2020:10:09:53 +0800] "GET /xingrg/check_reg.html?_=1590804592128 HTTP/1.1" 200 22
117.184.7.26 - - [30/May/2020:10:09:54 +0800] "GET /xingrg/all/function/internal_message.html?_=1590804592718&CODE_STATE=getMsg HTTP/1.1" 200 27
180.162.232.172 - - [30/May/2020:10:09:54 +0800] "GET /xingrg/all/function/internal_message.html?_=1590804596061&CODE_STATE=getMsg HTTP/1.1" 200 27
117.185.32.26 - - [30/May/2020:10:09:55 +0800] "POST /xingrg/kc/buy/cgsh_order_operate.html HTTP/1.1" 200 37
61.151.178.174 - - [30/May/2020:10:09:56 +0800] "GET /xingrg/kc/print/load_data.html?order_code=212020053011040&kc_code=cgsh&condition= HTTP/1.1" 302 -
117.185.32.26 - - [30/May/2020:10:09:56 +0800] "POST /xingrg/kc/buy/cgsh_order_operate.html HTTP/1.1" 200 3250
120.253.135.82 - - [30/May/2020:10:09:56 +0800] "GET /xingrg/all/function/internal_message.html?_=1590804354240&CODE_STATE=getMsg HTTP/1.1" 200 27
58.221.95.50 - - [30/May/2020:10:09:57 +0800] "GET /xingrg/all/function/internal_message.html?_=1590804650058&CODE_STATE=getMsg HTTP/1.1" 200 27
114.88.170.9 - - [30/May/2020:10:09:57 +0800] "GET /xingrg/all/function/internal_message.html?_=1590804594288&CODE_STATE=getMsg HTTP/1.1" 200 27
117.185.32.26 - - [30/May/2020:10:09:59 +0800] "GET /xingrg/kc/buy/buy_main.html HTTP/1.1" 200 12412
117.185.32.26 - - [30/May/2020:10:09:59 +0800] "GET /xingrg/css/new_ie.css HTTP/1.1" 404 1036
117.185.32.26 - - [30/May/2020:10:10:01 +0800] "GET /xingrg/images/yd/bt.gif HTTP/1.1" 404 1040
120.253.135.82 - - [30/May/2020:10:10:01 +0800] "POST /xingrg/kc/buy/cgsh_order_operate.html HTTP/1.1" 200 37
120.253.135.82 - - [30/May/2020:10:10:01 +0800] "POST /xingrg/kc/buy/cgsh_order_operate.html HTTP/1.1" 200 3256
117.185.32.26 - - [30/May/2020:10:10:02 +0800] "GET /xingrg/kc/buy/cgsh_order_list.html HTTP/1.1" 200 42996
172.17.0.185 - - [30/May/2020:10:10:03 +0800] "GET /xingrg/all/function/internal_message.html?_=1590804604938&CODE_STATE=getMsg HTTP/1.1" 200 27
120.253.135.82 - - [30/May/2020:10:10:03 +0800] "GET /xingrg/kc/print/load_data.html?order_code=212020053011054&kc_code=cgsh&condition= HTTP/1.1" 200 931
117.185.32.26 - - [30/May/2020:10:10:04 +0800] "POST /xingrg/kc/buy/cgsh_list_operate.html HTTP/1.1" 200 2779
61.151.178.174 - - [30/May/2020:10:10:04 +0800] "GET /xingrg/login.html HTTP/1.1" 200 7641
180.175.212.199 - - [30/May/2020:10:10:06 +0800] "GET /xingrg/kc/base/wldb_order_operate.html?command=get_materiel&rest_code=00102&base_code=0010476&code=00101013076 HTTP/1.1" 200 442
117.184.7.26 - - [30/May/2020:10:10:06 +0800] "POST /xingrg/kc/buy/cgsh_order_operate.html HTTP/1.1" 200 37
114.84.33.255 - - [30/May/2020:10:10:07 +0800] "GET /xingrg/all/function/internal_message.html?_=1590804625675&CODE_STATE=getMsg HTTP/1.1" 200 27
117.184.7.26 - - [30/May/2020:10:10:07 +0800] "POST /xingrg/kc/buy/cgsh_order_operate.html HTTP/1.1" 200 36934
101.89.239.230 - - [30/May/2020:10:10:13 +0800] "GET /xingrg/kc/print/load_data.html?order_code=212020053011041&kc_code=cgsh&condition= HTTP/1.1" 302 -
101.83.241.210 - - [30/May/2020:10:10:13 +0800] "GET /xingrg/kc/buy/cgsh_order_operate.html?command=get_materiel&rest_code=00149&code=00101012027&supplier_code=00100036&order_time=2020-05-30 HTTP/1.1" 200 408
117.184.7.30 - - [30/May/2020:10:10:15 +0800] "GET /xingrg/check_reg.html?_=1590804607898 HTTP/1.1" 200 22
117.184.7.26 - - [30/May/2020:10:10:15 +0800] "GET /xingrg/all/function/internal_message.html?_=1590804607899&CODE_STATE=getMsg HTTP/1.1" 200 27
61.151.178.166 - - [30/May/2020:10:10:19 +0800] "GET /xingrg/kc/buy/cgsh_order_info.html?code=212020053011041 HTTP/1.1" 302 -
116.230.77.149 - - [30/May/2020:10:10:19 +0800] "GET /xingrg/all/function/internal_message.html?_=1590804611627&CODE_STATE=getMsg HTTP/1.1" 200 27
101.83.241.210 - - [30/May/2020:10:10:20 +0800] "GET /xingrg/kc/buy/cgsh_order_operate.html?command=get_materiel&rest_code=00149&code=00101012028&supplier_code=00100036&order_time=2020-05-30 HTTP/1.1" 200 414
101.89.239.230 - - [30/May/2020:10:10:21 +0800] "GET /xingrg/login.html HTTP/1.1" 200 7641
180.162.232.172 - - [30/May/2020:10:10:21 +0800] "GET /xingrg/check_reg.html?_=1590804752727 HTTP/1.1" 200 22
61.172.5.115 - - [30/May/2020:10:10:22 +0800] "GET /xingrg/all/function/internal_message.html?_=1590804626018&CODE_STATE=getMsg HTTP/1.1" 200 27
180.162.232.172 - - [30/May/2020:10:10:22 +0800] "GET /xingrg/all/function/internal_message.html?_=1590804753729&CODE_STATE=getMsg HTTP/1.1" 200 27
114.88.170.9 - - [30/May/2020:10:10:24 +0800] "GET /xingrg/check_reg.html?_=1590804626416 HTTP/1.1" 200 22
61.151.178.166 - - [30/May/2020:10:10:24 +0800] "GET /xingrg/login.html HTTP/1.1" 200 7641
114.88.170.9 - - [30/May/2020:10:10:25 +0800] "GET /xingrg/all/function/internal_message.html?_=1590804627315&CODE_STATE=getMsg HTTP/1.1" 200 27
61.151.207.186 - - [30/May/2020:10:10:25 +0800] "GET /xingrg/all/function/internal_message.html?_=1590803924156&CODE_STATE=getMsg HTTP/1.1" 302 -
101.83.241.210 - - [30/May/2020:10:10:29 +0800] "GET /xingrg/kc/buy/cgsh_order_operate.html?command=get_materiel&rest_code=00149&code=00101016030&supplier_code=00100036&order_time=2020-05-30 HTTP/1.1" 200 412
101.91.60.11 - - [30/May/2020:10:10:30 +0800] "GET /xingrg/kc/buy/cgsh_order_operate.html?command=get_materiel&rest_code=00141&code=00101001010&supplier_code=00100040&order_time=2020-05-30 HTTP/1.1" 302 -
117.185.32.26 - - [30/May/2020:10:10:33 +0800] "POST /xingrg/kc/buy/cgsh_list_operate.html HTTP/1.1" 200 2779
180.175.212.199 - - [30/May/2020:10:10:34 +0800] "GET /xingrg/kc/base/wldb_order_operate.html?command=get_materiel&rest_code=00102&base_code=0010476&code=00101013172 HTTP/1.1" 200 430
117.185.32.26 - - [30/May/2020:10:10:35 +0800] "GET /xingrg/kc/buy/buy_main.html HTTP/1.1" 200 12412
117.185.32.26 - - [30/May/2020:10:10:35 +0800] "GET /xingrg/css/new_ie.css HTTP/1.1" 404 1036
61.151.207.186 - - [30/May/2020:10:10:35 +0800] "GET /xingrg/login.html HTTP/1.1" 200 7641
101.83.241.210 - - [30/May/2020:10:10:39 +0800] "GET /xingrg/kc/buy/cgsh_order_operate.html?command=get_materiel&rest_code=00149&code=00101010348&supplier_code=00100036&order_time=2020-05-30 HTTP/1.1" 200 417
101.91.60.11 - - [30/May/2020:10:10:39 +0800] "GET /xingrg/login.html HTTP/1.1" 200 7641
114.84.151.157 - - [30/May/2020:10:10:39 +0800] "GET /xingrg/all/function/internal_message.html?_=1590804643873&CODE_STATE=getMsg HTTP/1.1" 200 27
120.253.135.82 - - [30/May/2020:10:10:40 +0800] "GET /xingrg/all/function/internal_message.html?_=1590804769224&CODE_STATE=getMsg HTTP/1.1" 200 27
180.175.212.199 - - [30/May/2020:10:10:41 +0800] "GET /xingrg/check_reg.html?_=1590804846762 HTTP/1.1" 200 22
101.83.241.210 - - [30/May/2020:10:10:44 +0800] "GET /xingrg/all/function/internal_message.html?_=1590804640270&CODE_STATE=getMsg HTTP/1.1" 200 27
117.185.32.26 - - [30/May/2020:10:10:48 +0800] "GET /xingrg/all/function/internal_message.html?_=1590805072951&CODE_STATE=getMsg HTTP/1.1" 200 27
101.91.60.105 - - [30/May/2020:10:10:49 +0800] "GET /xingrg/kc/buy/cgsh_order_operate.html?command=get_materiel&rest_code=00141&code=00101005036&supplier_code=00100040&order_time=2020-05-30 HTTP/1.1" 302 -
180.175.212.199 - - [30/May/2020:10:10:52 +0800] "GET /xingrg/all/function/internal_message.html?_=1590804857787&CODE_STATE=getMsg HTTP/1.1" 200 27
117.184.7.30 - - [30/May/2020:10:10:54 +0800] "GET /xingrg/all/function/internal_message.html?_=1590804652734&CODE_STATE=getMsg HTTP/1.1" 200 27
180.162.232.172 - - [30/May/2020:10:10:54 +0800] "GET /xingrg/all/function/internal_message.html?_=1590804656060&CODE_STATE=getMsg HTTP/1.1" 200 27
180.175.212.199 - - [30/May/2020:10:10:55 +0800] "GET /xingrg/kc/base/wldb_order_operate.html?command=get_materiel&rest_code=00102&base_code=0010476&code=00101020144 HTTP/1.1" 200 449
120.253.135.82 - - [30/May/2020:10:10:56 +0800] "GET /xingrg/all/function/internal_message.html?_=1590804414254&CODE_STATE=getMsg HTTP/1.1" 200 27
58.221.95.50 - - [30/May/2020:10:10:57 +0800] "GET /xingrg/check_reg.html?_=1590804710045 HTTP/1.1" 200 22
58.221.95.50 - - [30/May/2020:10:10:57 +0800] "GET /xingrg/all/function/internal_message.html?_=1590804710059&CODE_STATE=getMsg HTTP/1.1" 200 27
114.88.170.9 - - [30/May/2020:10:10:57 +0800] "GET /xingrg/all/function/internal_message.html?_=1590804654270&CODE_STATE=getMsg HTTP/1.1" 200 27
101.91.60.105 - - [30/May/2020:10:10:59 +0800] "GET /xingrg/login.html HTTP/1.1" 200 7641
180.175.212.199 - - [30/May/2020:10:10:59 +0800] "GET /xingrg/kc/base/wldb_order_operate.html?command=get_materiel&rest_code=00102&base_code=0010476&code=00101010285 HTTP/1.1" 200 431
172.17.0.185 - - [30/May/2020:10:11:03 +0800] "GET /xingrg/all/function/internal_message.html?_=1590804664928&CODE_STATE=getMsg HTTP/1.1" 200 27
117.184.7.26 - - [30/May/2020:10:11:05 +0800] "POST /xingrg/kc/buy/cgsh_order_operate.html HTTP/1.1" 200 2065
180.175.212.199 - - [30/May/2020:10:11:06 +0800] "GET /xingrg/kc/base/wldb_order_operate.html?command=get_materiel&rest_code=00102&base_code=0010476&code=00101013082 HTTP/1.1" 200 434
180.175.212.199 - - [30/May/2020:10:11:07 +0800] "POST /xingrg/kc/base/wldb_order_operate.html HTTP/1.1" 200 1710
114.84.33.255 - - [30/May/2020:10:11:07 +0800] "GET /xingrg/all/function/internal_message.html?_=1590804685692&CODE_STATE=getMsg HTTP/1.1" 200 27
117.184.7.26 - - [30/May/2020:10:11:09 +0800] "GET /xingrg/kc/buy/cgsh_order_operate.html?command=get_materiel&rest_code=00108&code=00101008223&supplier_code=00100008&order_time=2020-05-30 HTTP/1.1" 200 412
101.91.60.11 - - [30/May/2020:10:11:10 +0800] "GET /xingrg/kc/print/load_data.html?order_code=212020053011042&kc_code=cgsh&condition= HTTP/1.1" 302 -
120.253.135.82 - - [30/May/2020:10:11:12 +0800] "POST /xingrg/kc/buy/cgsh_list_operate.html HTTP/1.1" 200 2812
117.184.7.26 - - [30/May/2020:10:11:15 +0800] "GET /xingrg/all/function/internal_message.html?_=1590804667900&CODE_STATE=getMsg HTTP/1.1" 200 27
120.253.135.82 - - [30/May/2020:10:11:15 +0800] "GET /xingrg/kc/buy/cgsh_order_add.html HTTP/1.1" 200 57713
120.253.135.82 - - [30/May/2020:10:11:15 +0800] "POST /xingrg/kc/buy/cgsh_order_operate.html HTTP/1.1" 200 8245
120.253.135.82 - - [30/May/2020:10:11:15 +0800] "GET /xingrg/javascript/easyui/themes/default/validatebox.css HTTP/1.1" 404 1104
61.129.8.179 - - [30/May/2020:10:11:17 +0800] "GET /xingrg/kc/buy/cgsh_order_info.html?code=212020053011042 HTTP/1.1" 302 -
101.91.60.11 - - [30/May/2020:10:11:18 +0800] "GET /xingrg/login.html HTTP/1.1" 200 7641
116.230.77.149 - - [30/May/2020:10:11:19 +0800] "GET /xingrg/all/function/internal_message.html?_=1590804671653&CODE_STATE=getMsg HTTP/1.1" 200 27
61.129.8.179 - - [30/May/2020:10:11:19 +0800] "GET /xingrg/login.html HTTP/1.1" 200 7641
101.85.53.146 - - [30/May/2020:10:11:20 +0800] "GET /xingrg/check_reg.html?_=1590804171863 HTTP/1.1" 200 22
180.175.212.199 - - [30/May/2020:10:11:22 +0800] "GET /xingrg/kc/base/wldb_order_operate.html?command=get_materiel&rest_code=00102&base_code=0010476&code=00101013039 HTTP/1.1" 200 433
61.172.5.115 - - [30/May/2020:10:11:22 +0800] "GET /xingrg/check_reg.html?_=1590804686018 HTTP/1.1" 200 22
61.172.5.115 - - [30/May/2020:10:11:22 +0800] "GET /xingrg/all/function/internal_message.html?_=1590804686019&CODE_STATE=getMsg HTTP/1.1" 200 27
180.162.232.172 - - [30/May/2020:10:11:22 +0800] "GET /xingrg/all/function/internal_message.html?_=1590804813743&CODE_STATE=getMsg HTTP/1.1" 200 27
120.253.135.82 - - [30/May/2020:10:11:23 +0800] "POST /xingrg/all/common/load_combo.html?type=employee HTTP/1.1" 200 2013
114.88.170.9 - - [30/May/2020:10:11:25 +0800] "GET /xingrg/all/function/internal_message.html?_=1590804687329&CODE_STATE=getMsg HTTP/1.1" 200 27
114.88.170.9 - - [30/May/2020:10:11:26 +0800] "GET /xingrg/index.html?sysBaseUrl=http%3A%2F%2F180.169.147.146%3A18081%2Fxingrg%2F&costTime=38×tamp=1588335986102 HTTP/1.1" 302 -
114.88.170.9 - - [30/May/2020:10:11:26 +0800] "GET /xingrg/login.html HTTP/1.1" 200 7641
114.88.170.9 - - [30/May/2020:10:11:26 +0800] "GET /favicon.ico HTTP/1.1" 404 -
101.89.239.232 - - [30/May/2020:10:11:30 +0800] "GET /xingrg/all/function/internal_message.html?_=1590803984127&CODE_STATE=getMsg HTTP/1.1" 302 -
114.88.170.9 - - [30/May/2020:10:11:31 +0800] "POST /xingrg/login.do HTTP/1.1" 302 -
114.88.170.9 - - [30/May/2020:10:11:31 +0800] "GET /xingrg/index.html?sysBaseUrl=http%3A%2F%2F180.169.147.146%3A18081%2Fxingrg%2F&costTime=38×tamp=1590804691606 HTTP/1.1" 200 17173
114.88.170.9 - - [30/May/2020:10:11:31 +0800] "GET /favicon.ico HTTP/1.1" 404 -
114.88.170.9 - - [30/May/2020:10:11:31 +0800] "POST /xingrg/all/common/load_tree.html?tree=area_rest_tree_json&manage=1 HTTP/1.1" 200 342
114.88.170.9 - - [30/May/2020:10:11:31 +0800] "GET /xingrg/all/function/internal_message.html?_=1590804688274&CODE_STATE=count HTTP/1.1" 200 11
114.88.170.9 - - [30/May/2020:10:11:31 +0800] "GET /xingrg/check_reg.html?_=1590804688275 HTTP/1.1" 200 22
114.88.170.9 - - [30/May/2020:10:11:31 +0800] "POST /xingrg/load_menu.html HTTP/1.1" 200 5138
117.184.7.26 - - [30/May/2020:10:11:33 +0800] "GET /xingrg/kc/buy/cgsh_order_operate.html?command=get_materiel&rest_code=00108&code=00101015044&supplier_code=00100008&order_time=2020-05-30 HTTP/1.1" 200 408
114.88.170.9 - - [30/May/2020:10:11:33 +0800] "GET /xingrg/kc/buy/cgsh_order_list.html HTTP/1.1" 200 42996
120.253.135.82 - - [30/May/2020:10:11:34 +0800] "GET /xingrg/check_reg.html?_=1590804823151 HTTP/1.1" 200 22
114.88.170.9 - - [30/May/2020:10:11:35 +0800] "POST /xingrg/kc/buy/cgsh_list_operate.html HTTP/1.1" 200 2054
101.89.239.232 - - [30/May/2020:10:11:38 +0800] "GET /xingrg/login.html HTTP/1.1" 200 7641
114.84.151.157 - - [30/May/2020:10:11:39 +0800] "GET /xingrg/all/function/internal_message.html?_=1590804703853&CODE_STATE=getMsg HTTP/1.1" 200 27
114.88.170.9 - - [30/May/2020:10:11:40 +0800] "POST /xingrg/kc/buy/cgsh_list_operate.html HTTP/1.1" 200 2054
120.253.135.82 - - [30/May/2020:10:11:40 +0800] "GET /xingrg/all/function/internal_message.html?_=1590804829233&CODE_STATE=getMsg HTTP/1.1" 200 27
114.88.170.9 - - [30/May/2020:10:11:40 +0800] "GET /xingrg/kc/buy/cgsh_order_add.html HTTP/1.1" 200 58734
114.88.170.9 - - [30/May/2020:10:11:40 +0800] "GET /xingrg/words/20200530093911_words.js HTTP/1.1" 200 734039
117.184.7.26 - - [30/May/2020:10:11:41 +0800] "GET /xingrg/kc/buy/cgsh_order_operate.html?command=get_materiel&rest_code=00108&code=00101008114&supplier_code=00100008&order_time=2020-05-30 HTTP/1.1" 200 412
180.175.212.199 - - [30/May/2020:10:11:41 +0800] "GET /xingrg/kc/base/wldb_order_operate.html?command=get_materiel&rest_code=00102&base_code=0010476&code=00101010057 HTTP/1.1" 200 440
114.88.170.9 - - [30/May/2020:10:11:41 +0800] "GET /xingrg/all/common/auto_word.html?type=employee&rest_code=00111 HTTP/1.1" 200 205
114.88.170.9 - - [30/May/2020:10:11:41 +0800] "GET /xingrg/all/common/auto_word.html?type=employee&rest_code=00111 HTTP/1.1" 200 205
114.88.170.9 - - [30/May/2020:10:11:41 +0800] "GET /xingrg/javascript/easyui/themes/default/validatebox.css HTTP/1.1" 404 1104
114.88.170.9 - - [30/May/2020:10:11:41 +0800] "POST /xingrg/kc/buy/cgsh_order_operate.html HTTP/1.1" 200 8245
114.88.170.9 - - [30/May/2020:10:11:44 +0800] "GET /xingrg/javascript/auto/indicator.gif HTTP/1.1" 404 1066
101.83.241.210 - - [30/May/2020:10:11:44 +0800] "GET /xingrg/all/function/internal_message.html?_=1590804700252&CODE_STATE=getMsg HTTP/1.1" 200 27
114.88.170.9 - - [30/May/2020:10:11:45 +0800] "GET /xingrg/javascript/jquery_tools/images/prev.gif HTTP/1.1" 404 1086
114.88.170.9 - - [30/May/2020:10:11:45 +0800] "GET /xingrg/javascript/jquery_tools/images/next.gif HTTP/1.1" 404 1086
117.184.7.30 - - [30/May/2020:10:11:47 +0800] "POST /xingrg/kc/buy/cgsh_order_operate.html HTTP/1.1" 200 2065
117.185.32.26 - - [30/May/2020:10:11:48 +0800] "GET /xingrg/all/function/internal_message.html?_=1590805132949&CODE_STATE=getMsg HTTP/1.1" 200 27
114.88.170.9 - - [30/May/2020:10:11:50 +0800] "GET /xingrg/kc/buy/cgsh_order_operate.html?command=get_materiel&rest_code=00111&code=00101006144&supplier_code=00100012&order_time=2020-05-30 HTTP/1.1" 200 409
180.175.212.199 - - [30/May/2020:10:11:52 +0800] "GET /xingrg/all/function/internal_message.html?_=1590804917816&CODE_STATE=getMsg HTTP/1.1" 200 27
117.184.7.30 - - [30/May/2020:10:11:53 +0800] "GET /xingrg/kc/buy/cgsh_order_operate.html?command=get_materiel&rest_code=00108&code=00101015023&supplier_code=00100008&order_time=2020-05-30 HTTP/1.1" 200 413
117.184.7.30 - - [30/May/2020:10:11:54 +0800] "GET /xingrg/all/function/internal_message.html?_=1590804712747&CODE_STATE=getMsg HTTP/1.1" 200 27
180.162.232.172 - - [30/May/2020:10:11:54 +0800] "GET /xingrg/all/function/internal_message.html?_=1590804716069&CODE_STATE=getMsg HTTP/1.1" 200 27
180.175.212.199 - - [30/May/2020:10:11:56 +0800] "GET /xingrg/kc/base/wldb_order_operate.html?command=get_materiel&rest_code=00102&base_code=0010476&code=00101014087 HTTP/1.1" 200 427
120.253.135.82 - - [30/May/2020:10:11:56 +0800] "GET /xingrg/all/function/internal_message.html?_=1590804474268&CODE_STATE=getMsg HTTP/1.1" 200 27
114.88.170.9 - - [30/May/2020:10:11:57 +0800] "GET /xingrg/kc/buy/cgsh_order_operate.html?command=get_materiel&rest_code=00111&code=00101006055&supplier_code=00100012&order_time=2020-05-30 HTTP/1.1" 200 409
58.221.95.50 - - [30/May/2020:10:11:57 +0800] "GET /xingrg/all/function/internal_message.html?_=1590804770051&CODE_STATE=getMsg HTTP/1.1" 200 27
120.253.135.82 - - [30/May/2020:10:12:01 +0800] "GET /xingrg/check_reg.html?_=1590804850421 HTTP/1.1" 200 22
117.184.7.26 - - [30/May/2020:10:12:01 +0800] "GET /xingrg/kc/buy/cgsh_order_operate.html?command=get_materiel&rest_code=00108&code=00101015038&supplier_code=00100008&order_time=2020-05-30 HTTP/1.1" 200 418
172.17.0.185 - - [30/May/2020:10:12:03 +0800] "GET /xingrg/all/function/internal_message.html?_=1590804724934&CODE_STATE=getMsg HTTP/1.1" 200 27
114.84.33.255 - - [30/May/2020:10:12:07 +0800] "GET /xingrg/all/function/internal_message.html?_=1590804745873&CODE_STATE=getMsg HTTP/1.1" 200 27
117.184.7.26 - - [30/May/2020:10:12:08 +0800] "GET /xingrg/kc/buy/cgsh_order_operate.html?command=get_materiel&rest_code=00108&code=00101008041&supplier_code=00100008&order_time=2020-05-30 HTTP/1.1" 200 408
114.88.170.9 - - [30/May/2020:10:12:09 +0800] "GET /xingrg/kc/buy/cgsh_order_operate.html?command=get_materiel&rest_code=00111&code=00101006056&supplier_code=00100012&order_time=2020-05-30 HTTP/1.1" 200 413
117.184.7.26 - - [30/May/2020:10:12:15 +0800] "GET /xingrg/all/function/internal_message.html?_=1590804727914&CODE_STATE=getMsg HTTP/1.1" 200 27
101.83.241.210 - - [30/May/2020:10:12:15 +0800] "POST /xingrg/kc/buy/cgsh_order_operate.html HTTP/1.1" 200 37
117.184.7.30 - - [30/May/2020:10:12:17 +0800] "GET /xingrg/kc/buy/cgsh_order_operate.html?command=get_materiel&rest_code=00108&code=00101008229&supplier_code=00100008&order_time=2020-05-30 HTTP/1.1" 200 420
101.83.241.210 - - [30/May/2020:10:12:17 +0800] "POST /xingrg/kc/buy/cgsh_order_operate.html HTTP/1.1" 200 12
114.88.170.9 - - [30/May/2020:10:12:18 +0800] "GET /xingrg/kc/buy/cgsh_order_operate.html?command=get_materiel&rest_code=00111&code=00101006065&supplier_code=00100012&order_time=2020-05-30 HTTP/1.1" 200 409
116.230.77.149 - - [30/May/2020:10:12:19 +0800] "GET /xingrg/check_reg.html?_=1590804731625 HTTP/1.1" 200 22
116.230.77.149 - - [30/May/2020:10:12:19 +0800] "GET /xingrg/all/function/internal_message.html?_=1590804731626&CODE_STATE=getMsg HTTP/1.1" 200 27
120.253.135.82 - - [30/May/2020:10:12:20 +0800] "POST /xingrg/kc/buy/cgsh_order_operate.html HTTP/1.1" 200 37
101.83.241.210 - - [30/May/2020:10:12:21 +0800] "GET /xingrg/kc/buy/cgsh_order_info.html?code=212020053011055 HTTP/1.1" 200 53645
101.83.241.210 - - [30/May/2020:10:12:21 +0800] "GET /xingrg/javascript/easyui/themes/default/validatebox.css HTTP/1.1" 404 1104
101.83.241.210 - - [30/May/2020:10:12:21 +0800] "POST /xingrg/kc/buy/cgsh_order_operate.html HTTP/1.1" 200 1801
120.253.135.82 - - [30/May/2020:10:12:21 +0800] "POST /xingrg/kc/buy/cgsh_order_operate.html HTTP/1.1" 200 3256
61.172.5.115 - - [30/May/2020:10:12:22 +0800] "GET /xingrg/all/function/internal_message.html?_=1590804746017&CODE_STATE=getMsg HTTP/1.1" 200 27
180.162.232.172 - - [30/May/2020:10:12:22 +0800] "GET /xingrg/all/function/internal_message.html?_=1590804873755&CODE_STATE=getMsg HTTP/1.1" 200 27
101.83.241.210 - - [30/May/2020:10:12:23 +0800] "GET /xingrg/kc/print/load_data.html?order_code=212020053011055&kc_code=cgsh&condition= HTTP/1.1" 200 1245
114.88.170.9 - - [30/May/2020:10:12:24 +0800] "GET /xingrg/kc/buy/cgsh_order_operate.html?command=get_materiel&rest_code=00111&code=00101006177&supplier_code=00100012&order_time=2020-05-30 HTTP/1.1" 200 409
114.88.170.9 - - [30/May/2020:10:12:25 +0800] "GET /xingrg/all/function/internal_message.html?_=1590804747341&CODE_STATE=getMsg HTTP/1.1" 200 27
117.184.7.30 - - [30/May/2020:10:12:25 +0800] "GET /xingrg/kc/buy/cgsh_order_operate.html?command=get_materiel&rest_code=00108&code=00101008236&supplier_code=00100008&order_time=2020-05-30 HTTP/1.1" 200 416
101.83.241.210 - - [30/May/2020:10:12:28 +0800] "GET /xingrg/kc/buy/cgsh_order_add.html HTTP/1.1" 200 58740
101.83.241.210 - - [30/May/2020:10:12:29 +0800] "POST /xingrg/kc/buy/cgsh_order_operate.html HTTP/1.1" 200 8245
101.83.241.210 - - [30/May/2020:10:12:29 +0800] "GET /xingrg/javascript/easyui/themes/default/validatebox.css HTTP/1.1" 404 1104
114.88.170.9 - - [30/May/2020:10:12:30 +0800] "GET /xingrg/kc/buy/cgsh_order_operate.html?command=get_materiel&rest_code=00111&code=00101006038&supplier_code=00100012&order_time=2020-05-30 HTTP/1.1" 200 421
180.175.212.199 - - [30/May/2020:10:12:31 +0800] "GET /xingrg/kc/base/wldb_order_add.html HTTP/1.1" 200 30312
114.88.170.9 - - [30/May/2020:10:12:31 +0800] "GET /xingrg/all/function/internal_message.html?_=1590804748318&CODE_STATE=getMsg HTTP/1.1" 200 27
180.175.212.199 - - [30/May/2020:10:12:33 +0800] "POST /xingrg/kc/base/wldb_order_operate.html HTTP/1.1" 200 6806
180.175.212.199 - - [30/May/2020:10:12:34 +0800] "GET /xingrg/javascript/easyui/themes/default/validatebox.css HTTP/1.1" 404 1104
117.184.7.26 - - [30/May/2020:10:12:38 +0800] "POST /xingrg/kc/buy/cgsh_order_operate.html HTTP/1.1" 200 37
117.184.7.26 - - [30/May/2020:10:12:39 +0800] "POST /xingrg/kc/buy/cgsh_order_operate.html HTTP/1.1" 200 45206
114.84.151.157 - - [30/May/2020:10:12:39 +0800] "GET /xingrg/all/function/internal_message.html?_=1590804763831&CODE_STATE=getMsg HTTP/1.1" 200 27
120.253.135.82 - - [30/May/2020:10:12:40 +0800] "GET /xingrg/all/function/internal_message.html?_=1590804889263&CODE_STATE=getMsg HTTP/1.1" 200 27
114.88.170.9 - - [30/May/2020:10:12:43 +0800] "GET /xingrg/kc/buy/cgsh_order_operate.html?command=get_materiel&rest_code=00111&code=00101006134&supplier_code=00100012&order_time=2020-05-30 HTTP/1.1" 200 417
101.83.241.210 - - [30/May/2020:10:12:44 +0800] "GET /xingrg/all/function/internal_message.html?_=1590804760235&CODE_STATE=getMsg HTTP/1.1" 200 27
180.175.212.199 - - [30/May/2020:10:12:44 +0800] "POST /xingrg/all/common/load_combo.html?type=base HTTP/1.1" 200 2966
117.184.7.30 - - [30/May/2020:10:12:45 +0800] "GET /xingrg/kc/print/load_config.html?kc_code=cgsh HTTP/1.1" 200 1845
117.184.7.30 - - [30/May/2020:10:12:46 +0800] "GET /xingrg/kc/print/load_data.html?order_code=212020053011047&kc_code=cgsh&condition= HTTP/1.1" 200 16721
117.185.32.26 - - [30/May/2020:10:12:48 +0800] "GET /xingrg/all/function/internal_message.html?_=1590805192907&CODE_STATE=getMsg HTTP/1.1" 200 27
120.253.135.82 - - [30/May/2020:10:12:51 +0800] "POST /xingrg/kc/buy/cgsh_order_operate.html HTTP/1.1" 200 37
120.253.135.82 - - [30/May/2020:10:12:52 +0800] "POST /xingrg/kc/buy/cgsh_order_operate.html HTTP/1.1" 200 3256
117.184.7.26 - - [30/May/2020:10:12:54 +0800] "GET /xingrg/all/function/internal_message.html?_=1590804772760&CODE_STATE=getMsg HTTP/1.1" 200 27
180.162.232.172 - - [30/May/2020:10:12:54 +0800] "GET /xingrg/all/function/internal_message.html?_=1590804776066&CODE_STATE=getMsg HTTP/1.1" 200 27
114.88.170.9 - - [30/May/2020:10:12:54 +0800] "GET /xingrg/kc/buy/cgsh_order_operate.html?command=get_materiel&rest_code=00111&code=00101011005&supplier_code=00100012&order_time=2020-05-30 HTTP/1.1" 200 428
120.253.135.82 - - [30/May/2020:10:12:55 +0800] "GET /xingrg/kc/print/load_data.html?order_code=212020053011056&kc_code=cgsh&condition= HTTP/1.1" 200 924
120.253.135.82 - - [30/May/2020:10:12:56 +0800] "GET /xingrg/all/function/internal_message.html?_=1590804534281&CODE_STATE=getMsg HTTP/1.1" 200 27
58.221.95.50 - - [30/May/2020:10:12:57 +0800] "GET /xingrg/all/function/internal_message.html?_=1590804830057&CODE_STATE=getMsg HTTP/1.1" 200 27
180.175.212.199 - - [30/May/2020:10:13:03 +0800] "GET /xingrg/login.html HTTP/1.1" 200 7641
172.17.0.185 - - [30/May/2020:10:13:03 +0800] "GET /xingrg/all/function/internal_message.html?_=1590804784924&CODE_STATE=getMsg HTTP/1.1" 200 27
172.17.0.185 - - [30/May/2020:10:13:03 +0800] "GET /xingrg/check_reg.html?_=1590804784929 HTTP/1.1" 200 22
180.175.212.199 - - [30/May/2020:10:13:03 +0800] "GET /xingrg/images/blue/jxLogo.png HTTP/1.1" 304 -
