180.162.232.172 - - [28/May/2020:10:39:24 +0800] "GET /xingrg/javascript/jquery_easy_ui/easyui-lang-zh_CN.js HTTP/1.1" 304 -
180.162.232.172 - - [28/May/2020:10:39:24 +0800] "GET /xingrg/javascript/jquery.form.js HTTP/1.1" 304 -
180.162.232.172 - - [28/May/2020:10:39:24 +0800] "GET /xingrg/javascript/jquery.utils.js HTTP/1.1" 304 -
180.162.232.172 - - [28/May/2020:10:39:24 +0800] "GET /xingrg/javascript/jquery.timers.js HTTP/1.1" 304 -
180.162.232.172 - - [28/May/2020:10:39:24 +0800] "GET /xingrg/images/blue/navBackgound.jpg HTTP/1.1" 304 -
180.162.232.172 - - [28/May/2020:10:39:24 +0800] "GET /xingrg/images/blue/jxLogo.png HTTP/1.1" 304 -
180.162.232.172 - - [28/May/2020:10:39:24 +0800] "GET /xingrg/javascript/jquery_easy_ui/themes/icons/settle_new.png HTTP/1.1" 304 -
180.162.232.172 - - [28/May/2020:10:39:24 +0800] "POST /xingrg/all/common/load_tree.html?tree=area_rest_tree_json&manage=1 HTTP/1.1" 200 476
180.162.232.172 - - [28/May/2020:10:39:24 +0800] "GET /xingrg/check_reg.html?_=1590633561896 HTTP/1.1" 200 22
180.162.232.172 - - [28/May/2020:10:39:24 +0800] "GET /xingrg/all/function/internal_message.html?_=1590633561895&CODE_STATE=count HTTP/1.1" 200 11
180.162.232.172 - - [28/May/2020:10:39:24 +0800] "GET /xingrg/javascript/jquery_easy_ui/themes/default/images/panel_tool_collapse.gif HTTP/1.1" 304 -
180.162.232.172 - - [28/May/2020:10:39:24 +0800] "GET /xingrg/images/blue/pingpu.png HTTP/1.1" 304 -
180.162.232.172 - - [28/May/2020:10:39:24 +0800] "GET /xingrg/javascript/jquery_easy_ui/themes/default/images/tabs_rightarrow.png HTTP/1.1" 304 -
180.162.232.172 - - [28/May/2020:10:39:24 +0800] "GET /xingrg/javascript/jquery_easy_ui/themes/default/images/tabs_leftarrow.png HTTP/1.1" 304 -
180.162.232.172 - - [28/May/2020:10:39:24 +0800] "POST /xingrg/load_menu.html HTTP/1.1" 200 5138
180.162.232.172 - - [28/May/2020:10:39:27 +0800] "GET /xingrg/kc/buy/cgsh_order_list.html HTTP/1.1" 200 43002
117.131.5.26 - - [28/May/2020:10:39:28 +0800] "GET /xingrg/all/function/internal_message.html?_=1590633570360&CODE_STATE=getMsg HTTP/1.1" 200 27
222.69.137.38 - - [28/May/2020:10:39:28 +0800] "POST /xingrg/all/report/report_print.html HTTP/1.1" 200 34348
180.162.232.172 - - [28/May/2020:10:39:28 +0800] "POST /xingrg/kc/buy/cgsh_list_operate.html HTTP/1.1" 200 1691
114.86.190.97 - - [28/May/2020:10:39:28 +0800] "GET /xingrg/all/function/internal_message.html?_=1590633564258&CODE_STATE=getMsg HTTP/1.1" 200 27
172.17.0.101 - - [28/May/2020:10:39:29 +0800] "GET /xingrg/all/function/internal_message.html?_=1590633611857&CODE_STATE=getMsg HTTP/1.1" 200 27
180.162.232.172 - - [28/May/2020:10:39:29 +0800] "GET /xingrg/kc/buy/cgsh_order_add.html HTTP/1.1" 200 58658
180.162.232.172 - - [28/May/2020:10:39:30 +0800] "POST /xingrg/kc/buy/cgsh_order_operate.html HTTP/1.1" 200 8245
180.162.232.172 - - [28/May/2020:10:39:30 +0800] "GET /xingrg/javascript/easyui/themes/default/validatebox.css HTTP/1.1" 404 1104
180.162.232.172 - - [28/May/2020:10:39:31 +0800] "GET /xingrg/javascript/auto/indicator.gif HTTP/1.1" 404 1066
172.17.0.115 - - [28/May/2020:10:39:34 +0800] "GET /xingrg/all/function/internal_message.html?_=1590633584008&CODE_STATE=getMsg HTTP/1.1" 200 27
222.69.137.38 - - [28/May/2020:10:39:34 +0800] "GET /xingrg/all/function/internal_message.html?_=1590633568433&CODE_STATE=getMsg HTTP/1.1" 200 27
114.88.170.9 - - [28/May/2020:10:39:34 +0800] "GET /xingrg/all/function/internal_message.html?_=1590633568591&CODE_STATE=getMsg HTTP/1.1" 302 -
222.69.137.38 - - [28/May/2020:10:39:34 +0800] "GET /xingrg/all/function/internal_message.html?_=1590633566248&CODE_STATE=getMsg HTTP/1.1" 200 27
172.17.0.185 - - [28/May/2020:10:39:35 +0800] "GET /xingrg/check_reg.html?_=1590633573502 HTTP/1.1" 200 22
172.17.0.185 - - [28/May/2020:10:39:35 +0800] "GET /xingrg/all/function/internal_message.html?_=1590633573507&CODE_STATE=getMsg HTTP/1.1" 200 27
120.253.135.82 - - [28/May/2020:10:39:36 +0800] "GET /xingrg/check_reg.html?_=1590633703282 HTTP/1.1" 200 22
117.184.7.26 - - [28/May/2020:10:39:38 +0800] "GET /xingrg/kc/buy/cgsh_order_operate.html?command=get_materiel&rest_code=00108&code=00101008331&supplier_code=00100008&order_time=2020-05-28 HTTP/1.1" 200 416
114.86.190.97 - - [28/May/2020:10:39:39 +0800] "GET /xingrg/system/rest/get_item.html?table=menu&target=menu_rest_detail&id=2054&sid=14&_=1590633574429 HTTP/1.1" 200 427
114.84.33.255 - - [28/May/2020:10:39:41 +0800] "GET /xingrg/all/function/internal_message.html?_=1590633576822&CODE_STATE=getMsg HTTP/1.1" 200 27
180.162.232.172 - - [28/May/2020:10:39:42 +0800] "GET /xingrg/kc/buy/cgsh_order_operate.html?command=get_materiel&rest_code=00150&code=00101016025&supplier_code=00100036&order_time=2020-05-28 HTTP/1.1" 200 408
58.221.95.50 - - [28/May/2020:10:39:46 +0800] "GET /xingrg/all/function/internal_message.html?_=1590633634258&CODE_STATE=getMsg HTTP/1.1" 200 27
117.185.32.26 - - [28/May/2020:10:39:49 +0800] "GET /xingrg/all/function/internal_message.html?_=1590634011423&CODE_STATE=getMsg HTTP/1.1" 200 27
180.162.232.172 - - [28/May/2020:10:39:50 +0800] "GET /xingrg/javascript/jquery_tools/images/prev.gif HTTP/1.1" 404 1086
180.162.232.172 - - [28/May/2020:10:39:50 +0800] "GET /xingrg/javascript/jquery_tools/images/next.gif HTTP/1.1" 404 1086
117.184.7.26 - - [28/May/2020:10:39:55 +0800] "GET /xingrg/all/function/internal_message.html?_=1590633586957&CODE_STATE=getMsg HTTP/1.1" 200 27
114.86.190.97 - - [28/May/2020:10:39:56 +0800] "GET /xingrg/all/function/internal_message.html?_=1590633600745&CODE_STATE=getMsg HTTP/1.1" 200 27
117.184.7.26 - - [28/May/2020:10:39:58 +0800] "GET /xingrg/kc/buy/cgsh_order_operate.html?command=get_materiel&rest_code=00108&code=00101008223&supplier_code=00100008&order_time=2020-05-28 HTTP/1.1" 200 412
180.162.232.172 - - [28/May/2020:10:40:04 +0800] "POST /xingrg/kc/buy/cgsh_order_operate.html HTTP/1.1" 200 37
180.162.232.172 - - [28/May/2020:10:40:06 +0800] "POST /xingrg/kc/buy/cgsh_order_operate.html HTTP/1.1" 200 12
180.162.232.172 - - [28/May/2020:10:40:07 +0800] "GET /xingrg/kc/buy/cgsh_order_info.html?code=212020052810217 HTTP/1.1" 200 53563
180.162.232.172 - - [28/May/2020:10:40:07 +0800] "GET /xingrg/javascript/easyui/themes/default/validatebox.css HTTP/1.1" 404 1104
180.162.232.172 - - [28/May/2020:10:40:08 +0800] "POST /xingrg/kc/buy/cgsh_order_operate.html HTTP/1.1" 200 605
180.162.232.172 - - [28/May/2020:10:40:09 +0800] "GET /xingrg/kc/print/load_data.html?order_code=212020052810217&kc_code=cgsh&condition= HTTP/1.1" 200 782
116.230.77.149 - - [28/May/2020:10:40:09 +0800] "GET /xingrg/all/function/internal_message.html?_=1590633601788&CODE_STATE=getMsg HTTP/1.1" 200 27
114.84.32.201 - - [28/May/2020:10:40:13 +0800] "GET /xingrg/all/function/internal_message.html?_=1590633605344&CODE_STATE=getMsg HTTP/1.1" 200 27
180.162.232.172 - - [28/May/2020:10:40:13 +0800] "GET /xingrg/kc/buy/cgsh_order_add.html HTTP/1.1" 200 58658
180.162.232.172 - - [28/May/2020:10:40:13 +0800] "POST /xingrg/kc/buy/cgsh_order_operate.html HTTP/1.1" 200 8245
180.162.232.172 - - [28/May/2020:10:40:13 +0800] "GET /xingrg/javascript/easyui/themes/default/validatebox.css HTTP/1.1" 404 1104
180.162.102.27 - - [28/May/2020:10:40:13 +0800] "GET /xingrg/all/function/internal_message.html?_=1590633013940&CODE_STATE=getMsg HTTP/1.1" 200 27
172.17.0.100 - - [28/May/2020:10:40:14 +0800] "GET /xingrg/all/function/internal_message.html?_=1590633616315&CODE_STATE=getMsg HTTP/1.1" 200 27
172.17.0.100 - - [28/May/2020:10:40:14 +0800] "GET /xingrg/check_reg.html?_=1590633616319 HTTP/1.1" 200 22
114.84.33.255 - - [28/May/2020:10:40:15 +0800] "GET /xingrg/all/function/internal_message.html?_=1590633622744&CODE_STATE=getMsg HTTP/1.1" 200 27
114.86.190.97 - - [28/May/2020:10:40:19 +0800] "GET /xingrg/system/rest/query_items.html?_=1590633614750&table=menu&page=1&rows=20&categoryId=&key=%25E6%25AF%258D%25E5%258D%25B7 HTTP/1.1" 200 4343
114.86.190.97 - - [28/May/2020:10:40:21 +0800] "GET /xingrg/system/rest/query_items.html?_=1590633616885&table=menu&page=1&rows=20&categoryId=&key=%25E6%25AF%258D%25E5%258D%25B7 HTTP/1.1" 200 4343
114.86.190.97 - - [28/May/2020:10:40:22 +0800] "GET /xingrg/system/rest/get_item.html?table=menu&id=2084&_=1590633617663 HTTP/1.1" 200 971
114.86.190.97 - - [28/May/2020:10:40:22 +0800] "GET /xingrg/system/rest/get_item.html?table=menu&target=menu_rest&id=2084&_=1590633617682 HTTP/1.1" 200 1143
114.86.190.97 - - [28/May/2020:10:40:22 +0800] "GET /xingrg/system/rest/get_item.html?table=menu&target=cook_mode&id=2084&_=1590633617680 HTTP/1.1" 200 9370
114.86.190.97 - - [28/May/2020:10:40:22 +0800] "GET /xingrg/system/rest/get_infos.html?command=menu_img_show&id=2084 HTTP/1.1" 200 5
61.172.5.115 - - [28/May/2020:10:40:23 +0800] "GET /xingrg/all/function/internal_message.html?_=1590633621072&CODE_STATE=getMsg HTTP/1.1" 200 27
180.162.232.172 - - [28/May/2020:10:40:23 +0800] "GET /xingrg/kc/buy/cgsh_order_operate.html?command=get_materiel&rest_code=00150&code=00101001010&supplier_code=00100040&order_time=2020-05-28 HTTP/1.1" 200 428
117.184.7.26 - - [28/May/2020:10:40:23 +0800] "POST /xingrg/kc/buy/cgsh_order_operate.html HTTP/1.1" 200 2065
114.86.190.97 - - [28/May/2020:10:40:24 +0800] "GET /xingrg/system/rest/get_item.html?table=menu&target=menu_rest_detail&id=2084&sid=14&_=1590633620104 HTTP/1.1" 200 426
180.162.232.172 - - [28/May/2020:10:40:24 +0800] "GET /xingrg/all/function/internal_message.html?_=1590633621915&CODE_STATE=getMsg HTTP/1.1" 200 27
117.184.7.26 - - [28/May/2020:10:40:27 +0800] "GET /xingrg/kc/buy/cgsh_order_operate.html?command=get_materiel&rest_code=00108&code=00101008114&supplier_code=00100008&order_time=2020-05-28 HTTP/1.1" 200 412
117.131.5.26 - - [28/May/2020:10:40:28 +0800] "GET /xingrg/all/function/internal_message.html?_=1590633630360&CODE_STATE=getMsg HTTP/1.1" 200 27
114.86.190.97 - - [28/May/2020:10:40:28 +0800] "GET /xingrg/all/function/internal_message.html?_=1590633624241&CODE_STATE=getMsg HTTP/1.1" 200 27
114.86.190.97 - - [28/May/2020:10:40:28 +0800] "GET /xingrg/check_reg.html?_=1590633624293 HTTP/1.1" 200 22
172.17.0.101 - - [28/May/2020:10:40:29 +0800] "GET /xingrg/all/function/internal_message.html?_=1590633671861&CODE_STATE=getMsg HTTP/1.1" 200 27
114.86.190.97 - - [28/May/2020:10:40:29 +0800] "POST /xingrg/system/rest/edit_item.html HTTP/1.1" 200 4
114.86.190.97 - - [28/May/2020:10:40:29 +0800] "GET /xingrg/system/rest/get_item.html?table=menu&target=menu_rest&id=2084&_=1590633625158 HTTP/1.1" 200 1143
172.17.0.115 - - [28/May/2020:10:40:34 +0800] "GET /xingrg/all/function/internal_message.html?_=1590633644022&CODE_STATE=getMsg HTTP/1.1" 200 27
222.69.137.38 - - [28/May/2020:10:40:34 +0800] "GET /xingrg/all/function/internal_message.html?_=1590633628406&CODE_STATE=getMsg HTTP/1.1" 200 27
114.88.170.9 - - [28/May/2020:10:40:34 +0800] "GET /xingrg/all/function/internal_message.html?_=1590633628590&CODE_STATE=getMsg HTTP/1.1" 302 -
222.69.137.38 - - [28/May/2020:10:40:34 +0800] "GET /xingrg/all/function/internal_message.html?_=1590633626246&CODE_STATE=getMsg HTTP/1.1" 200 27
180.162.232.172 - - [28/May/2020:10:40:35 +0800] "GET /xingrg/kc/buy/cgsh_order_operate.html?command=get_materiel&rest_code=00150&code=00101001075&supplier_code=00100040&order_time=2020-05-28 HTTP/1.1" 200 409
172.17.0.185 - - [28/May/2020:10:40:35 +0800] "GET /xingrg/all/function/internal_message.html?_=1590633633509&CODE_STATE=getMsg HTTP/1.1" 200 27
114.86.190.97 - - [28/May/2020:10:40:37 +0800] "GET /xingrg/system/rest/query_items.html?_=1590633632530&table=menu&page=1&rows=20&categoryId=&key=%25E6%25A2%2585%25E5%25AD%2590%25E9%25B1%25BC HTTP/1.1" 200 325
114.86.190.97 - - [28/May/2020:10:40:38 +0800] "GET /xingrg/system/rest/query_items.html?_=1590633634251&table=menu&page=1&rows=20&categoryId=&key=%25E6%25A2%2585%25E5%25AD%2590%25E9%25B1%25BC HTTP/1.1" 200 325
114.86.190.97 - - [28/May/2020:10:40:39 +0800] "GET /xingrg/system/rest/get_item.html?table=menu&id=1954&_=1590633634750 HTTP/1.1" 200 1027
114.86.190.97 - - [28/May/2020:10:40:39 +0800] "GET /xingrg/system/rest/get_item.html?table=menu&target=menu_rest&id=1954&_=1590633634769 HTTP/1.1" 200 970
114.86.190.97 - - [28/May/2020:10:40:39 +0800] "GET /xingrg/system/rest/get_item.html?table=menu&target=cook_mode&id=1954&_=1590633634767 HTTP/1.1" 200 6954
114.86.190.97 - - [28/May/2020:10:40:39 +0800] "GET /xingrg/system/rest/get_infos.html?command=menu_img_show&id=1954 HTTP/1.1" 200 5
58.221.95.50 - - [28/May/2020:10:40:40 +0800] "GET /xingrg/kc/buy/cgsh_order_list.html HTTP/1.1" 200 43000
58.221.95.50 - - [28/May/2020:10:40:40 +0800] "POST /xingrg/kc/buy/cgsh_list_operate.html HTTP/1.1" 200 876
114.84.33.255 - - [28/May/2020:10:40:41 +0800] "GET /xingrg/all/function/internal_message.html?_=1590633636853&CODE_STATE=getMsg HTTP/1.1" 200 27
117.184.7.26 - - [28/May/2020:10:40:41 +0800] "GET /xingrg/kc/buy/cgsh_order_operate.html?command=get_materiel&rest_code=00108&code=00101015044&supplier_code=00100008&order_time=2020-05-28 HTTP/1.1" 200 408
114.86.190.97 - - [28/May/2020:10:40:42 +0800] "GET /xingrg/system/rest/get_item.html?table=menu&target=menu_rest_detail&id=1954&sid=14&_=1590633637577 HTTP/1.1" 200 426
58.221.95.50 - - [28/May/2020:10:40:43 +0800] "GET /xingrg/kc/buy/cgsh_order_add.html HTTP/1.1" 200 57708
58.221.95.50 - - [28/May/2020:10:40:43 +0800] "GET /xingrg/words/20200527141323_words.js HTTP/1.1" 304 -
58.221.95.50 - - [28/May/2020:10:40:43 +0800] "POST /xingrg/kc/buy/cgsh_order_operate.html HTTP/1.1" 200 8245
58.221.95.50 - - [28/May/2020:10:40:43 +0800] "GET /xingrg/all/common/auto_word.html?type=employee&rest_code=00152 HTTP/1.1" 200 101
58.221.95.50 - - [28/May/2020:10:40:43 +0800] "GET /xingrg/javascript/easyui/themes/default/validatebox.css HTTP/1.1" 404 1104
58.221.95.50 - - [28/May/2020:10:40:43 +0800] "GET /xingrg/all/common/auto_word.html?type=employee&rest_code=00152 HTTP/1.1" 200 101
58.221.95.50 - - [28/May/2020:10:40:46 +0800] "GET /xingrg/all/function/internal_message.html?_=1590633694272&CODE_STATE=getMsg HTTP/1.1" 200 27
117.185.32.26 - - [28/May/2020:10:40:49 +0800] "GET /xingrg/all/function/internal_message.html?_=1590634071408&CODE_STATE=getMsg HTTP/1.1" 200 27
114.86.190.97 - - [28/May/2020:10:40:51 +0800] "POST /xingrg/system/rest/edit_item.html HTTP/1.1" 200 4
114.86.190.97 - - [28/May/2020:10:40:51 +0800] "GET /xingrg/system/rest/get_item.html?table=menu&target=menu_rest&id=1954&_=1590633647314 HTTP/1.1" 200 970
180.162.232.172 - - [28/May/2020:10:40:53 +0800] "GET /xingrg/kc/buy/cgsh_order_operate.html?command=get_materiel&rest_code=00150&code=00101001161&supplier_code=00100040&order_time=2020-05-28 HTTP/1.1" 200 429
117.184.7.26 - - [28/May/2020:10:40:53 +0800] "GET /xingrg/kc/buy/cgsh_order_operate.html?command=get_materiel&rest_code=00108&code=00101015006&supplier_code=00100008&order_time=2020-05-28 HTTP/1.1" 200 412
180.162.232.172 - - [28/May/2020:10:40:53 +0800] "GET /xingrg/check_reg.html?_=1590633782566 HTTP/1.1" 302 -
117.184.7.26 - - [28/May/2020:10:40:55 +0800] "GET /xingrg/check_reg.html?_=1590633646950 HTTP/1.1" 200 22
117.184.7.26 - - [28/May/2020:10:40:55 +0800] "GET /xingrg/all/function/internal_message.html?_=1590633646953&CODE_STATE=getMsg HTTP/1.1" 200 27
114.86.190.97 - - [28/May/2020:10:40:56 +0800] "GET /xingrg/all/function/internal_message.html?_=1590633660751&CODE_STATE=getMsg HTTP/1.1" 200 27
114.86.190.97 - - [28/May/2020:10:40:59 +0800] "GET /xingrg/system/rest/query_items.html?_=1590633654427&table=menu&page=1&rows=20&categoryId=&key=%25E5%25B0%258F%25E7%2599%25BD HTTP/1.1" 200 1200
58.221.95.50 - - [28/May/2020:10:40:59 +0800] "GET /xingrg/kc/buy/cgsh_order_operate.html?command=get_materiel&rest_code=00152&code=00102011222&supplier_code=00100151&order_time=2020-05-26 HTTP/1.1" 200 420
114.86.190.97 - - [28/May/2020:10:41:00 +0800] "GET /xingrg/system/rest/query_items.html?_=1590633656305&table=menu&page=1&rows=20&categoryId=&key=%25E5%25B0%258F%25E7%2599%25BD HTTP/1.1" 200 1200
114.86.190.97 - - [28/May/2020:10:41:01 +0800] "GET /xingrg/system/rest/get_item.html?table=menu&id=1931&_=1590633656761 HTTP/1.1" 200 944
114.86.190.97 - - [28/May/2020:10:41:01 +0800] "GET /xingrg/system/rest/get_item.html?table=menu&target=menu_rest&id=1931&_=1590633656781 HTTP/1.1" 200 886
114.86.190.97 - - [28/May/2020:10:41:01 +0800] "GET /xingrg/system/rest/get_item.html?table=menu&target=cook_mode&id=1931&_=1590633656780 HTTP/1.1" 200 17346
114.86.190.97 - - [28/May/2020:10:41:02 +0800] "GET /xingrg/system/rest/get_infos.html?command=menu_img_show&id=1931 HTTP/1.1" 200 5
180.162.232.172 - - [28/May/2020:10:41:03 +0800] "POST /xingrg/kc/buy/cgsh_order_operate.html HTTP/1.1" 200 37
114.86.190.97 - - [28/May/2020:10:41:04 +0800] "GET /xingrg/system/rest/get_item.html?table=menu&target=menu_rest_detail&id=1931&sid=14&_=1590633659670 HTTP/1.1" 200 439
180.162.232.172 - - [28/May/2020:10:41:05 +0800] "POST /xingrg/kc/buy/cgsh_order_operate.html HTTP/1.1" 200 12
180.162.232.172 - - [28/May/2020:10:41:06 +0800] "GET /xingrg/kc/buy/cgsh_order_info.html?code=212020052810218 HTTP/1.1" 200 53561
180.162.232.172 - - [28/May/2020:10:41:06 +0800] "GET /xingrg/javascript/easyui/themes/default/validatebox.css HTTP/1.1" 404 1104
180.162.232.172 - - [28/May/2020:10:41:07 +0800] "POST /xingrg/kc/buy/cgsh_order_operate.html HTTP/1.1" 200 1778
180.162.232.172 - - [28/May/2020:10:41:08 +0800] "GET /xingrg/kc/print/load_data.html?order_code=212020052810218&kc_code=cgsh&condition= HTTP/1.1" 200 1227
114.86.190.97 - - [28/May/2020:10:41:09 +0800] "POST /xingrg/system/rest/edit_item.html HTTP/1.1" 200 4
114.86.190.97 - - [28/May/2020:10:41:09 +0800] "GET /xingrg/system/rest/get_item.html?table=menu&target=menu_rest&id=1931&_=1590633664961 HTTP/1.1" 200 886
116.230.77.149 - - [28/May/2020:10:41:09 +0800] "GET /xingrg/all/function/internal_message.html?_=1590633661787&CODE_STATE=getMsg HTTP/1.1" 200 27
180.162.232.172 - - [28/May/2020:10:41:12 +0800] "GET /xingrg/kc/buy/cgsh_order_add.html HTTP/1.1" 200 58658
114.84.32.201 - - [28/May/2020:10:41:13 +0800] "GET /xingrg/all/function/internal_message.html?_=1590633665329&CODE_STATE=getMsg HTTP/1.1" 200 27
180.162.232.172 - - [28/May/2020:10:41:13 +0800] "POST /xingrg/kc/buy/cgsh_order_operate.html HTTP/1.1" 200 8245
180.162.232.172 - - [28/May/2020:10:41:13 +0800] "GET /xingrg/javascript/easyui/themes/default/validatebox.css HTTP/1.1" 404 1104
117.184.7.26 - - [28/May/2020:10:41:13 +0800] "GET /xingrg/kc/buy/cgsh_order_operate.html?command=get_materiel&rest_code=00108&code=00101008005&supplier_code=00100008&order_time=2020-05-28 HTTP/1.1" 200 412
180.162.102.27 - - [28/May/2020:10:41:13 +0800] "GET /xingrg/all/function/internal_message.html?_=1590633073939&CODE_STATE=getMsg HTTP/1.1" 200 27
172.17.0.100 - - [28/May/2020:10:41:14 +0800] "GET /xingrg/all/function/internal_message.html?_=1590633676320&CODE_STATE=getMsg HTTP/1.1" 200 27
114.84.33.255 - - [28/May/2020:10:41:14 +0800] "GET /xingrg/check_reg.html?_=1590633682149 HTTP/1.1" 200 22
114.84.33.255 - - [28/May/2020:10:41:15 +0800] "GET /xingrg/all/function/internal_message.html?_=1590633682758&CODE_STATE=getMsg HTTP/1.1" 200 27
114.86.190.97 - - [28/May/2020:10:41:17 +0800] "GET /xingrg/system/rest/query_items.html?_=1590633672790&table=menu&page=1&rows=20&categoryId=&key=%25E6%259D%2582%25E9%25B1%25BC HTTP/1.1" 200 1752
58.221.95.50 - - [28/May/2020:10:41:18 +0800] "GET /xingrg/kc/buy/cgsh_order_operate.html?command=get_materiel&rest_code=00152&code=00102002293&supplier_code=00100151&order_time=2020-05-26 HTTP/1.1" 200 412
114.86.190.97 - - [28/May/2020:10:41:19 +0800] "GET /xingrg/system/rest/query_items.html?_=1590633675113&table=menu&page=1&rows=20&categoryId=&key=%25E6%259D%2582%25E9%25B1%25BC HTTP/1.1" 200 1752
114.86.190.97 - - [28/May/2020:10:41:20 +0800] "GET /xingrg/system/rest/get_item.html?table=menu&id=1965&_=1590633675661 HTTP/1.1" 200 969
114.86.190.97 - - [28/May/2020:10:41:20 +0800] "GET /xingrg/system/rest/get_item.html?table=menu&target=cook_mode&id=1965&_=1590633675678 HTTP/1.1" 200 6235
114.86.190.97 - - [28/May/2020:10:41:20 +0800] "GET /xingrg/system/rest/get_item.html?table=menu&target=menu_rest&id=1965&_=1590633675680 HTTP/1.1" 200 669
114.86.190.97 - - [28/May/2020:10:41:20 +0800] "GET /xingrg/system/rest/get_infos.html?command=menu_img_show&id=1965 HTTP/1.1" 200 5
117.184.7.26 - - [28/May/2020:10:41:21 +0800] "GET /xingrg/kc/buy/cgsh_order_operate.html?command=get_materiel&rest_code=00108&code=00101008041&supplier_code=00100008&order_time=2020-05-28 HTTP/1.1" 200 408
114.86.190.97 - - [28/May/2020:10:41:22 +0800] "GET /xingrg/system/rest/get_item.html?table=menu&target=menu_rest_detail&id=1965&sid=14&_=1590633677644 HTTP/1.1" 200 426
180.162.232.172 - - [28/May/2020:10:41:23 +0800] "GET /xingrg/kc/buy/cgsh_order_operate.html?command=get_materiel&rest_code=00150&code=00101006229&supplier_code=00100012&order_time=2020-05-28 HTTP/1.1" 200 412
61.172.5.115 - - [28/May/2020:10:41:23 +0800] "GET /xingrg/all/function/internal_message.html?_=1590633681071&CODE_STATE=getMsg HTTP/1.1" 200 27
61.172.5.115 - - [28/May/2020:10:41:23 +0800] "GET /xingrg/check_reg.html?_=1590633681073 HTTP/1.1" 200 22
117.184.7.26 - - [28/May/2020:10:41:23 +0800] "POST /xingrg/kc/buy/cgsh_order_operate.html HTTP/1.1" 200 2065
180.162.232.172 - - [28/May/2020:10:41:24 +0800] "GET /xingrg/all/function/internal_message.html?_=1590633681910&CODE_STATE=getMsg HTTP/1.1" 200 27
114.88.170.9 - - [28/May/2020:10:41:25 +0800] "GET /xingrg/check_reg.html?_=1590633678654 HTTP/1.1" 302 -
114.84.33.255 - - [28/May/2020:10:41:25 +0800] "GET /xingrg/check_reg.html?_=1590633681374 HTTP/1.1" 200 22
58.221.95.50 - - [28/May/2020:10:41:27 +0800] "GET /xingrg/kc/buy/cgsh_order_operate.html?command=get_materiel&rest_code=00152&code=00102002294&supplier_code=00100151&order_time=2020-05-26 HTTP/1.1" 200 416
117.131.5.26 - - [28/May/2020:10:41:28 +0800] "GET /xingrg/check_reg.html?_=1590633690360 HTTP/1.1" 200 22
117.131.5.26 - - [28/May/2020:10:41:28 +0800] "GET /xingrg/all/function/internal_message.html?_=1590633690360&CODE_STATE=getMsg HTTP/1.1" 200 27
114.86.190.97 - - [28/May/2020:10:41:28 +0800] "GET /xingrg/all/function/internal_message.html?_=1590633684223&CODE_STATE=getMsg HTTP/1.1" 200 27
172.17.0.101 - - [28/May/2020:10:41:29 +0800] "GET /xingrg/all/function/internal_message.html?_=1590633731850&CODE_STATE=getMsg HTTP/1.1" 200 27
222.69.137.38 - - [28/May/2020:10:41:30 +0800] "GET /xingrg/all/report/report_query.html?isQuery=1&fileName=dma/new_5.0/menu/menu_hz.xml&queryString=(a.sale_day%2520between%252020200501%2520and%252020200528)%2520and%2520(a.tj_code%253D3)&queryText=%25E3%2580%2590%25E8%2590%25A5%25E4%25B8%259A%25E6%2597%25A5%25E6%259C%259F%253A2020-05-01%2520%25E8%2587%25B3%25202020-05-28%25E3%2580%2591%2520%25E5%25B9%25B6%25E4%25B8%2594%2520%25E3%2580%2590%25E7%25BB%259F%25E8%25AE%25A1%25E7%25B1%25BB%25E5%2588%25AB%2520%253D%2520%25E7%25B2%25A4%25E8%258F%259C%25E3%2580%2591 HTTP/1.1" 200 54023
222.69.137.38 - - [28/May/2020:10:41:30 +0800] "GET /xingrg/dwr/engine.js HTTP/1.1" 200 43631
222.69.137.38 - - [28/May/2020:10:41:30 +0800] "GET /favicon.ico HTTP/1.1" 404 -
222.69.137.38 - - [28/May/2020:10:41:30 +0800] "POST /xingrg/all/report/load_report_page.html HTTP/1.1" 200 157829
222.69.137.38 - - [28/May/2020:10:41:30 +0800] "GET /xingrg/servlets/image?cache=0.5241698622186218&image=px HTTP/1.1" 200 807
180.162.232.172 - - [28/May/2020:10:41:31 +0800] "GET /xingrg/kc/buy/cgsh_order_operate.html?command=get_materiel&rest_code=00150&code=00101006055&supplier_code=00100012&order_time=2020-05-28 HTTP/1.1" 200 409
222.69.137.38 - - [28/May/2020:10:41:32 +0800] "GET /xingrg/check_reg.html?_=1590633686801 HTTP/1.1" 200 22
172.17.0.115 - - [28/May/2020:10:41:34 +0800] "GET /xingrg/all/function/internal_message.html?_=1590633704043&CODE_STATE=getMsg HTTP/1.1" 200 27
222.69.137.38 - - [28/May/2020:10:41:34 +0800] "GET /xingrg/all/function/internal_message.html?_=1590633688389&CODE_STATE=getMsg HTTP/1.1" 200 27
222.69.137.38 - - [28/May/2020:10:41:34 +0800] "POST /xingrg/all/report/load_report_page.html HTTP/1.1" 200 156783
222.69.137.38 - - [28/May/2020:10:41:34 +0800] "GET /xingrg/servlets/image?cache=0.6201297816455482&image=px HTTP/1.1" 200 807
114.88.170.9 - - [28/May/2020:10:41:34 +0800] "GET /xingrg/all/function/internal_message.html?_=1590633688604&CODE_STATE=getMsg HTTP/1.1" 302 -
222.69.137.38 - - [28/May/2020:10:41:34 +0800] "GET /xingrg/all/function/internal_message.html?_=1590633686237&CODE_STATE=getMsg HTTP/1.1" 200 27
172.17.0.185 - - [28/May/2020:10:41:35 +0800] "GET /xingrg/all/function/internal_message.html?_=1590633693496&CODE_STATE=getMsg HTTP/1.1" 200 27
222.69.137.38 - - [28/May/2020:10:41:36 +0800] "POST /xingrg/all/report/load_report_page.html HTTP/1.1" 200 157659
222.69.137.38 - - [28/May/2020:10:41:36 +0800] "GET /xingrg/servlets/image?cache=0.08581624840836233&image=px HTTP/1.1" 200 807
180.162.232.172 - - [28/May/2020:10:41:38 +0800] "GET /xingrg/kc/buy/cgsh_order_operate.html?command=get_materiel&rest_code=00150&code=00101006068&supplier_code=00100012&order_time=2020-05-28 HTTP/1.1" 200 409
114.84.33.255 - - [28/May/2020:10:41:41 +0800] "GET /xingrg/all/function/internal_message.html?_=1590633696867&CODE_STATE=getMsg HTTP/1.1" 200 27
117.184.7.26 - - [28/May/2020:10:41:41 +0800] "POST /xingrg/kc/buy/cgsh_order_operate.html HTTP/1.1" 200 37
117.184.7.26 - - [28/May/2020:10:41:42 +0800] "POST /xingrg/kc/buy/cgsh_order_operate.html HTTP/1.1" 200 31553
58.40.7.146 - - [28/May/2020:10:41:42 +0800] "GET /xingrg/login.html HTTP/1.1" 200 7641
58.40.7.146 - - [28/May/2020:10:41:42 +0800] "GET /xingrg/images/blue/jxLogo.png HTTP/1.1" 200 6156
58.40.7.146 - - [28/May/2020:10:41:43 +0800] "GET /xingrg/images/blue/login_bg.png HTTP/1.1" 200 22101
58.40.7.146 - - [28/May/2020:10:41:43 +0800] "GET /xingrg/images/blue/hj.png HTTP/1.1" 200 1014
58.40.7.146 - - [28/May/2020:10:41:43 +0800] "GET /xingrg/images/blue/srbg.png HTTP/1.1" 200 138
58.40.7.146 - - [28/May/2020:10:41:43 +0800] "GET /favicon.ico HTTP/1.1" 404 -
180.162.232.172 - - [28/May/2020:10:41:44 +0800] "GET /xingrg/kc/buy/cgsh_order_operate.html?command=get_materiel&rest_code=00150&code=00101006178&supplier_code=00100012&order_time=2020-05-28 HTTP/1.1" 200 409
222.69.137.38 - - [28/May/2020:10:41:44 +0800] "POST /xingrg/all/report/report_print.html HTTP/1.1" 200 52284
58.40.7.146 - - [28/May/2020:10:41:44 +0800] "POST /xingrg/login.do HTTP/1.1" 302 -
58.40.7.146 - - [28/May/2020:10:41:44 +0800] "GET /xingrg/index.html?sysBaseUrl=http%3A%2F%2F180.169.147.146%3A18081%2Fxingrg%2F&costTime=41×tamp=1590633704957 HTTP/1.1" 200 17503
58.40.7.146 - - [28/May/2020:10:41:45 +0800] "GET /xingrg/javascript/jquery_easy_ui/themes/icon.css HTTP/1.1" 200 3949
58.40.7.146 - - [28/May/2020:10:41:45 +0800] "GET /xingrg/css/form.css HTTP/1.1" 200 893
58.40.7.146 - - [28/May/2020:10:41:45 +0800] "GET /xingrg/javascript/jquery-1.4.2.min.js HTTP/1.1" 200 72205
58.40.7.146 - - [28/May/2020:10:41:45 +0800] "GET /xingrg/javascript/jquery_easy_ui/themes/default/easyui.css HTTP/1.1" 200 26500
58.40.7.146 - - [28/May/2020:10:41:45 +0800] "GET /xingrg/javascript/jquery_easy_ui/easyui-lang-zh_CN.js HTTP/1.1" 200 1900
58.40.7.146 - - [28/May/2020:10:41:45 +0800] "GET /xingrg/javascript/jquery_easy_ui/jquery.easyui.min.js HTTP/1.1" 200 213662
58.40.7.146 - - [28/May/2020:10:41:45 +0800] "GET /xingrg/javascript/jquery.timers.js HTTP/1.1" 200 3532
58.40.7.146 - - [28/May/2020:10:41:45 +0800] "GET /xingrg/javascript/jquery.utils.js HTTP/1.1" 200 11805
58.40.7.146 - - [28/May/2020:10:41:45 +0800] "GET /xingrg/javascript/jquery.form.js HTTP/1.1" 200 23110
58.40.7.146 - - [28/May/2020:10:41:45 +0800] "GET /favicon.ico HTTP/1.1" 404 -
58.40.7.146 - - [28/May/2020:10:41:45 +0800] "GET /xingrg/javascript/jquery_easy_ui/themes/icons/settle_new.png HTTP/1.1" 200 826
58.40.7.146 - - [28/May/2020:10:41:45 +0800] "GET /xingrg/images/blue/navBackgound.jpg HTTP/1.1" 200 12378
58.40.7.146 - - [28/May/2020:10:41:45 +0800] "POST /xingrg/all/common/load_tree.html?tree=area_rest_tree_json&manage=1 HTTP/1.1" 200 2838
58.40.7.146 - - [28/May/2020:10:41:45 +0800] "GET /xingrg/all/function/internal_message.html?_=1590633703353&CODE_STATE=count HTTP/1.1" 200 11
58.40.7.146 - - [28/May/2020:10:41:45 +0800] "GET /xingrg/check_reg.html?_=1590633703355 HTTP/1.1" 200 22
58.40.7.146 - - [28/May/2020:10:41:45 +0800] "GET /xingrg/images/blue/pingpu.png HTTP/1.1" 200 231
58.40.7.146 - - [28/May/2020:10:41:45 +0800] "GET /xingrg/javascript/jquery_easy_ui/themes/default/images/tabs_leftarrow.png HTTP/1.1" 200 389
58.40.7.146 - - [28/May/2020:10:41:45 +0800] "GET /xingrg/javascript/jquery_easy_ui/themes/default/images/tabs_rightarrow.png HTTP/1.1" 200 395
58.40.7.146 - - [28/May/2020:10:41:45 +0800] "GET /xingrg/javascript/jquery_easy_ui/themes/default/images/panel_tool_expand.gif HTTP/1.1" 200 247
58.40.7.146 - - [28/May/2020:10:41:45 +0800] "GET /xingrg/javascript/jquery_easy_ui/themes/default/images/panel_tool_collapse.gif HTTP/1.1" 200 246
58.40.7.146 - - [28/May/2020:10:41:45 +0800] "POST /xingrg/load_menu.html HTTP/1.1" 200 11564
58.40.7.146 - - [28/May/2020:10:41:45 +0800] "GET /xingrg/javascript/jquery_easy_ui/themes/default/images/tree_arrows.gif HTTP/1.1" 200 1043
58.40.7.146 - - [28/May/2020:10:41:45 +0800] "GET /xingrg/javascript/jquery_easy_ui/themes/default/images/tree_folder_open.gif HTTP/1.1" 200 956
58.40.7.146 - - [28/May/2020:10:41:45 +0800] "GET /xingrg/javascript/jquery_easy_ui/themes/icons/search_new.png HTTP/1.1" 200 586
58.40.7.146 - - [28/May/2020:10:41:45 +0800] "GET /xingrg/javascript/jquery_easy_ui/themes/icons/delivery_new.png HTTP/1.1" 200 700
58.40.7.146 - - [28/May/2020:10:41:45 +0800] "GET /xingrg/javascript/jquery_easy_ui/themes/icons/storage_new.png HTTP/1.1" 200 853
58.40.7.146 - - [28/May/2020:10:41:45 +0800] "GET /xingrg/javascript/jquery_easy_ui/themes/icons/checkout_new.png HTTP/1.1" 200 744
58.40.7.146 - - [28/May/2020:10:41:45 +0800] "GET /xingrg/javascript/jquery_easy_ui/themes/icons/forms_new.png HTTP/1.1" 200 350
58.40.7.146 - - [28/May/2020:10:41:45 +0800] "GET /xingrg/javascript/jquery_easy_ui/themes/icons/setting_new.png HTTP/1.1" 200 450
58.40.7.146 - - [28/May/2020:10:41:45 +0800] "GET /xingrg/javascript/jquery_easy_ui/themes/icons/systemset_new.png HTTP/1.1" 200 606
58.40.7.146 - - [28/May/2020:10:41:45 +0800] "GET /xingrg/javascript/jquery_easy_ui/themes/default/images/tree_file.gif HTTP/1.1" 200 118
58.40.7.146 - - [28/May/2020:10:41:45 +0800] "GET /xingrg/javascript/jquery_easy_ui/themes/default/images/tree_folder.gif HTTP/1.1" 200 952
58.40.7.146 - - [28/May/2020:10:41:48 +0800] "POST /xingrg/load_menu.html HTTP/1.1" 200 10797
117.185.32.26 - - [28/May/2020:10:41:49 +0800] "GET /xingrg/all/function/internal_message.html?_=1590634131393&CODE_STATE=getMsg HTTP/1.1" 200 27
58.221.95.50 - - [28/May/2020:10:41:51 +0800] "POST /xingrg/kc/buy/cgsh_order_operate.html HTTP/1.1" 200 37
58.221.95.50 - - [28/May/2020:10:41:53 +0800] "POST /xingrg/kc/buy/cgsh_order_operate.html HTTP/1.1" 200 3857
58.40.7.146 - - [28/May/2020:10:41:55 +0800] "GET /xingrg/javascript/jquery_easy_ui/themes/default/images/tabs_close.gif HTTP/1.1" 200 829
58.40.7.146 - - [28/May/2020:10:41:55 +0800] "GET /xingrg/css/table.css HTTP/1.1" 200 3684
58.40.7.146 - - [28/May/2020:10:41:55 +0800] "GET /xingrg/dwr/interface/AjaxGetFirstChart.js HTTP/1.1" 200 631
58.40.7.146 - - [28/May/2020:10:41:55 +0800] "GET /xingrg/system/rest/list_page.html?p=menu HTTP/1.1" 200 112769
58.40.7.146 - - [28/May/2020:10:41:55 +0800] "GET /xingrg/dwr/util.js HTTP/1.1" 200 35990
58.40.7.146 - - [28/May/2020:10:41:55 +0800] "GET /xingrg/dwr/engine.js HTTP/1.1" 200 43631
58.40.7.146 - - [28/May/2020:10:41:55 +0800] "GET /xingrg/javascript/Calendar.js HTTP/1.1" 200 31561
58.40.7.146 - - [28/May/2020:10:41:55 +0800] "GET /xingrg/javascript/jquery.shich.js HTTP/1.1" 200 4857
58.40.7.146 - - [28/May/2020:10:41:55 +0800] "GET /xingrg/javascript/convert.js HTTP/1.1" 200 1239
117.184.7.26 - - [28/May/2020:10:41:55 +0800] "GET /xingrg/all/function/internal_message.html?_=1590633706971&CODE_STATE=getMsg HTTP/1.1" 200 27
114.86.190.97 - - [28/May/2020:10:41:55 +0800] "GET /xingrg/check_reg.html?_=1590633720452 HTTP/1.1" 200 22
58.40.7.146 - - [28/May/2020:10:41:55 +0800] "GET /xingrg/images/control/ajaxLoader.gif HTTP/1.1" 200 4659
58.40.7.146 - - [28/May/2020:10:41:55 +0800] "GET /xingrg/javascript/jquery_easy_ui/themes/icons/search.png HTTP/1.1" 200 813
58.40.7.146 - - [28/May/2020:10:41:55 +0800] "GET /xingrg/javascript/jquery_easy_ui/themes/default/images/button_a_bg.gif HTTP/1.1" 200 1194
58.40.7.146 - - [28/May/2020:10:41:55 +0800] "GET /xingrg/javascript/jquery_easy_ui/themes/icons/edit_add.png HTTP/1.1" 200 1088
58.40.7.146 - - [28/May/2020:10:41:55 +0800] "GET /xingrg/javascript/jquery_easy_ui/themes/icons/pencil.png HTTP/1.1" 200 713
58.40.7.146 - - [28/May/2020:10:41:55 +0800] "GET /xingrg/javascript/jquery_easy_ui/themes/icons/edit_remove.png HTTP/1.1" 200 625
58.40.7.146 - - [28/May/2020:10:41:55 +0800] "GET /xingrg/javascript/jquery_easy_ui/themes/icons/check_new.png HTTP/1.1" 200 3224
58.40.7.146 - - [28/May/2020:10:41:55 +0800] "GET /xingrg/javascript/jquery_easy_ui/themes/icons/uncheck_new.png HTTP/1.1" 200 3197
58.40.7.146 - - [28/May/2020:10:41:55 +0800] "GET /xingrg/javascript/jquery_easy_ui/themes/default/images/button_span_bg.gif HTTP/1.1" 200 2061
58.40.7.146 - - [28/May/2020:10:41:55 +0800] "GET /xingrg/javascript/jquery_easy_ui/themes/icons/ok.png HTTP/1.1" 200 883
58.40.7.146 - - [28/May/2020:10:41:55 +0800] "GET /xingrg/javascript/jquery_easy_ui/themes/default/images/datagrid_header_bg.gif HTTP/1.1" 200 97
58.40.7.146 - - [28/May/2020:10:41:56 +0800] "GET /xingrg/javascript/jquery_easy_ui/themes/default/images/pagination_first.gif HTTP/1.1" 200 925
58.40.7.146 - - [28/May/2020:10:41:56 +0800] "GET /xingrg/javascript/jquery_easy_ui/themes/default/images/pagination_prev.gif HTTP/1.1" 200 879
58.40.7.146 - - [28/May/2020:10:41:56 +0800] "GET /xingrg/javascript/jquery_easy_ui/themes/default/images/pagination_next.gif HTTP/1.1" 200 875
58.40.7.146 - - [28/May/2020:10:41:56 +0800] "GET /xingrg/javascript/jquery_easy_ui/themes/default/images/pagination_last.gif HTTP/1.1" 200 923
58.40.7.146 - - [28/May/2020:10:41:56 +0800] "GET /xingrg/javascript/jquery_easy_ui/themes/default/images/pagination_load.png HTTP/1.1" 200 827
58.40.7.146 - - [28/May/2020:10:41:56 +0800] "GET /xingrg/javascript/jquery_easy_ui/themes/default/images/pagination_loading.gif HTTP/1.1" 200 1737
114.86.190.97 - - [28/May/2020:10:41:56 +0800] "GET /xingrg/all/function/internal_message.html?_=1590633720765&CODE_STATE=getMsg HTTP/1.1" 200 27
58.40.7.146 - - [28/May/2020:10:41:56 +0800] "GET /xingrg/system/rest/query_items.html?_=1590633713899&table=menu&page=1&rows=20&categoryId=&key= HTTP/1.1" 200 4731
58.221.95.50 - - [28/May/2020:10:41:57 +0800] "GET /xingrg/kc/print/load_config.html?kc_code=cgsh HTTP/1.1" 200 1845
58.221.95.50 - - [28/May/2020:10:41:57 +0800] "GET /xingrg/kc/print/load_data.html?order_code=212020052810219&kc_code=cgsh&condition= HTTP/1.1" 200 1111
180.162.232.172 - - [28/May/2020:10:41:57 +0800] "GET /xingrg/kc/buy/cgsh_order_operate.html?command=get_materiel&rest_code=00150&code=00101006065&supplier_code=00100012&order_time=2020-05-28 HTTP/1.1" 200 409
120.253.135.82 - - [28/May/2020:10:41:59 +0800] "GET /xingrg/check_reg.html?_=1590633845541 HTTP/1.1" 200 22
58.40.7.146 - - [28/May/2020:10:41:59 +0800] "GET /xingrg/system/rest/query_items.html?_=1590633717673&table=menu&page=1&rows=20&categoryId=218&key= HTTP/1.1" 200 239
114.86.190.97 - - [28/May/2020:10:42:02 +0800] "POST /xingrg/system/rest/edit_item.html HTTP/1.1" 200 4
114.86.190.97 - - [28/May/2020:10:42:02 +0800] "GET /xingrg/system/rest/get_item.html?table=menu&target=menu_rest&id=1965&_=1590633718275 HTTP/1.1" 200 669
180.162.232.172 - - [28/May/2020:10:42:03 +0800] "GET /xingrg/kc/buy/cgsh_order_operate.html?command=get_materiel&rest_code=00150&code=00101007067&supplier_code=00100012&order_time=2020-05-28 HTTP/1.1" 200 409
116.230.77.149 - - [28/May/2020:10:42:09 +0800] "GET /xingrg/all/function/internal_message.html?_=1590633721786&CODE_STATE=getMsg HTTP/1.1" 200 27
116.230.77.149 - - [28/May/2020:10:42:09 +0800] "GET /xingrg/check_reg.html?_=1590633721789 HTTP/1.1" 200 22
114.86.190.97 - - [28/May/2020:10:42:10 +0800] "GET /xingrg/system/rest/query_items.html?_=1590633726168&table=menu&page=1&rows=20&categoryId=&key=%25E5%25B8%25A6%25E9%25B1%25BC HTTP/1.1" 200 3346
114.84.32.201 - - [28/May/2020:10:42:13 +0800] "GET /xingrg/all/function/internal_message.html?_=1590633725317&CODE_STATE=getMsg HTTP/1.1" 200 27
114.86.190.97 - - [28/May/2020:10:42:13 +0800] "GET /xingrg/system/rest/query_items.html?_=1590633728462&table=menu&page=1&rows=20&categoryId=&key=%25E5%25B8%25A6%25E9%25B1%25BC HTTP/1.1" 200 3346
180.162.102.27 - - [28/May/2020:10:42:13 +0800] "GET /xingrg/all/function/internal_message.html?_=1590633133938&CODE_STATE=getMsg HTTP/1.1" 200 27
114.86.190.97 - - [28/May/2020:10:42:13 +0800] "GET /xingrg/system/rest/get_item.html?table=menu&id=1932&_=1590633729035 HTTP/1.1" 200 946
114.86.190.97 - - [28/May/2020:10:42:13 +0800] "GET /xingrg/system/rest/get_item.html?table=menu&target=menu_rest&id=1932&_=1590633729053 HTTP/1.1" 200 762
114.86.190.97 - - [28/May/2020:10:42:13 +0800] "GET /xingrg/system/rest/get_item.html?table=menu&target=cook_mode&id=1932&_=1590633729050 HTTP/1.1" 200 15043
172.17.0.100 - - [28/May/2020:10:42:14 +0800] "GET /xingrg/all/function/internal_message.html?_=1590633736321&CODE_STATE=getMsg HTTP/1.1" 200 27
114.86.190.97 - - [28/May/2020:10:42:14 +0800] "GET /xingrg/system/rest/get_infos.html?command=menu_img_show&id=1932 HTTP/1.1" 200 5
114.84.33.255 - - [28/May/2020:10:42:15 +0800] "GET /xingrg/all/function/internal_message.html?_=1590633742772&CODE_STATE=getMsg HTTP/1.1" 200 27
114.86.190.97 - - [28/May/2020:10:42:17 +0800] "GET /xingrg/system/rest/get_item.html?table=menu&target=menu_rest_detail&id=1932&sid=14&_=1590633732652 HTTP/1.1" 200 426
58.40.7.146 - - [28/May/2020:10:42:18 +0800] "GET /xingrg/javascript/jquery_easy_ui/themes/default/images/button_plain_hover.png HTTP/1.1" 200 252
114.86.190.97 - - [28/May/2020:10:42:22 +0800] "POST /xingrg/system/rest/edit_item.html HTTP/1.1" 200 4
114.86.190.97 - - [28/May/2020:10:42:22 +0800] "GET /xingrg/system/rest/get_item.html?table=menu&target=menu_rest&id=1932&_=1590633738386 HTTP/1.1" 200 762
61.172.5.115 - - [28/May/2020:10:42:23 +0800] "GET /xingrg/all/function/internal_message.html?_=1590633741070&CODE_STATE=getMsg HTTP/1.1" 200 27
180.162.232.172 - - [28/May/2020:10:42:24 +0800] "GET /xingrg/all/function/internal_message.html?_=1590633741909&CODE_STATE=getMsg HTTP/1.1" 200 27
117.131.5.26 - - [28/May/2020:10:42:28 +0800] "GET /xingrg/all/function/internal_message.html?_=1590633750360&CODE_STATE=getMsg HTTP/1.1" 200 27
114.86.190.97 - - [28/May/2020:10:42:28 +0800] "GET /xingrg/all/function/internal_message.html?_=1590633744206&CODE_STATE=getMsg HTTP/1.1" 200 27
172.17.0.101 - - [28/May/2020:10:42:29 +0800] "GET /xingrg/all/function/internal_message.html?_=1590633791859&CODE_STATE=getMsg HTTP/1.1" 200 27
114.86.190.97 - - [28/May/2020:10:42:31 +0800] "GET /xingrg/system/rest/query_items.html?_=1590633746425&table=menu&page=1&rows=20&categoryId=&key=%25E6%25B5%25B7%25E8%2582%25A0 HTTP/1.1" 200 248
114.86.190.97 - - [28/May/2020:10:42:32 +0800] "GET /xingrg/system/rest/query_items.html?_=1590633747637&table=menu&page=1&rows=20&categoryId=&key=%25E6%25B5%25B7%25E8%2582%25A0 HTTP/1.1" 200 248
114.86.190.97 - - [28/May/2020:10:42:33 +0800] "GET /xingrg/system/rest/get_item.html?table=menu&id=2090&_=1590633748379 HTTP/1.1" 200 935
114.86.190.97 - - [28/May/2020:10:42:33 +0800] "GET /xingrg/system/rest/get_item.html?table=menu&target=menu_rest&id=2090&_=1590633748412 HTTP/1.1" 200 551
114.86.190.97 - - [28/May/2020:10:42:33 +0800] "GET /xingrg/system/rest/get_item.html?table=menu&target=cook_mode&id=2090&_=1590633748411 HTTP/1.1" 200 9336
114.86.190.97 - - [28/May/2020:10:42:33 +0800] "GET /xingrg/system/rest/get_infos.html?command=menu_img_show&id=2090 HTTP/1.1" 200 5
172.17.0.115 - - [28/May/2020:10:42:34 +0800] "GET /xingrg/all/function/internal_message.html?_=1590633764049&CODE_STATE=getMsg HTTP/1.1" 200 27
222.69.137.38 - - [28/May/2020:10:42:34 +0800] "GET /xingrg/all/function/internal_message.html?_=1590633748359&CODE_STATE=getMsg HTTP/1.1" 200 27
222.69.137.38 - - [28/May/2020:10:42:34 +0800] "GET /xingrg/all/function/internal_message.html?_=1590633746235&CODE_STATE=getMsg HTTP/1.1" 200 27
114.88.170.9 - - [28/May/2020:10:42:35 +0800] "GET /xingrg/all/function/internal_message.html?_=1590633749073&CODE_STATE=getMsg HTTP/1.1" 302 -
172.17.0.185 - - [28/May/2020:10:42:35 +0800] "GET /xingrg/all/function/internal_message.html?_=1590633753499&CODE_STATE=getMsg HTTP/1.1" 200 27
114.86.190.97 - - [28/May/2020:10:42:35 +0800] "GET /xingrg/system/rest/get_item.html?table=menu&target=menu_rest_detail&id=2090&sid=14&_=1590633751316 HTTP/1.1" 200 426
180.162.232.172 - - [28/May/2020:10:42:36 +0800] "POST /xingrg/kc/buy/cgsh_order_operate.html HTTP/1.1" 200 37
180.162.232.172 - - [28/May/2020:10:42:38 +0800] "POST /xingrg/kc/buy/cgsh_order_operate.html HTTP/1.1" 200 12
180.162.232.172 - - [28/May/2020:10:42:39 +0800] "GET /xingrg/kc/buy/cgsh_order_info.html?code=212020052810220 HTTP/1.1" 200 53561
180.162.232.172 - - [28/May/2020:10:42:40 +0800] "GET /xingrg/javascript/easyui/themes/default/validatebox.css HTTP/1.1" 404 1104
180.162.232.172 - - [28/May/2020:10:42:40 +0800] "POST /xingrg/kc/buy/cgsh_order_operate.html HTTP/1.1" 200 3565
114.84.33.255 - - [28/May/2020:10:42:41 +0800] "GET /xingrg/all/function/internal_message.html?_=1590633756885&CODE_STATE=getMsg HTTP/1.1" 200 27
114.86.190.97 - - [28/May/2020:10:42:41 +0800] "POST /xingrg/system/rest/edit_item.html HTTP/1.1" 200 4
114.86.190.97 - - [28/May/2020:10:42:41 +0800] "GET /xingrg/system/rest/get_item.html?table=menu&target=menu_rest&id=2090&_=1590633756685 HTTP/1.1" 200 551
180.162.232.172 - - [28/May/2020:10:42:42 +0800] "GET /xingrg/kc/print/load_data.html?order_code=212020052810220&kc_code=cgsh&condition= HTTP/1.1" 200 1932
58.40.7.146 - - [28/May/2020:10:42:45 +0800] "GET /xingrg/all/function/internal_message.html?_=1590633763365&CODE_STATE=getMsg HTTP/1.1" 200 27
58.221.95.50 - - [28/May/2020:10:42:46 +0800] "GET /xingrg/all/function/internal_message.html?_=1590633814278&CODE_STATE=getMsg HTTP/1.1" 200 27
114.86.190.97 - - [28/May/2020:10:42:46 +0800] "GET /xingrg/system/rest/get_item.html?table=menu&target=menu_rest_detail&id=2090&sid=14&_=1590633762314 HTTP/1.1" 200 426
117.185.32.26 - - [28/May/2020:10:42:49 +0800] "GET /xingrg/all/function/internal_message.html?_=1590634191366&CODE_STATE=getMsg HTTP/1.1" 200 27
117.185.32.26 - - [28/May/2020:10:42:50 +0800] "GET /xingrg/check_reg.html?_=1590634192273 HTTP/1.1" 200 22
180.162.232.172 - - [28/May/2020:10:42:52 +0800] "GET /xingrg/javascript/jquery_easy_ui/themes/default/easyui.css HTTP/1.1" 304 -
180.162.232.172 - - [28/May/2020:10:42:52 +0800] "GET /xingrg/javascript/jquery_easy_ui/themes/icon.css HTTP/1.1" 304 -
180.162.232.172 - - [28/May/2020:10:42:52 +0800] "GET /xingrg/css/form.css HTTP/1.1" 304 -
180.162.232.172 - - [28/May/2020:10:42:52 +0800] "GET /xingrg/index.html?sysBaseUrl=http%3A%2F%2F180.169.147.146%3A18081%2Fxingrg%2F&costTime=39×tamp=1590627595274 HTTP/1.1" 200 17179
180.162.232.172 - - [28/May/2020:10:42:52 +0800] "GET /xingrg/javascript/jquery-1.4.2.min.js HTTP/1.1" 304 -
180.162.232.172 - - [28/May/2020:10:42:52 +0800] "GET /xingrg/javascript/jquery_easy_ui/jquery.easyui.min.js HTTP/1.1" 304 -
180.162.232.172 - - [28/May/2020:10:42:52 +0800] "GET /xingrg/javascript/jquery_easy_ui/easyui-lang-zh_CN.js HTTP/1.1" 304 -
180.162.232.172 - - [28/May/2020:10:42:52 +0800] "GET /xingrg/javascript/jquery.form.js HTTP/1.1" 304 -
180.162.232.172 - - [28/May/2020:10:42:52 +0800] "GET /xingrg/javascript/jquery.utils.js HTTP/1.1" 304 -
180.162.232.172 - - [28/May/2020:10:42:52 +0800] "GET /xingrg/javascript/jquery.timers.js HTTP/1.1" 304 -
180.162.232.172 - - [28/May/2020:10:42:52 +0800] "GET /xingrg/images/blue/jxLogo.png HTTP/1.1" 304 -
180.162.232.172 - - [28/May/2020:10:42:52 +0800] "GET /xingrg/images/blue/navBackgound.jpg HTTP/1.1" 304 -
180.162.232.172 - - [28/May/2020:10:42:52 +0800] "GET /xingrg/javascript/jquery_easy_ui/themes/icons/settle_new.png HTTP/1.1" 304 -
180.162.232.172 - - [28/May/2020:10:42:52 +0800] "POST /xingrg/all/common/load_tree.html?tree=area_rest_tree_json&manage=1 HTTP/1.1" 200 476
180.162.232.172 - - [28/May/2020:10:42:52 +0800] "GET /xingrg/javascript/jquery_easy_ui/themes/default/images/tabs_rightarrow.png HTTP/1.1" 304 -
180.162.232.172 - - [28/May/2020:10:42:52 +0800] "GET /xingrg/all/function/internal_message.html?_=1590633769855&CODE_STATE=count HTTP/1.1" 200 11
180.162.232.172 - - [28/May/2020:10:42:52 +0800] "GET /xingrg/check_reg.html?_=1590633769856 HTTP/1.1" 200 22
180.162.232.172 - - [28/May/2020:10:42:52 +0800] "GET /xingrg/javascript/jquery_easy_ui/themes/default/images/panel_tool_collapse.gif HTTP/1.1" 304 -
180.162.232.172 - - [28/May/2020:10:42:52 +0800] "GET /xingrg/images/blue/pingpu.png HTTP/1.1" 304 -
180.162.232.172 - - [28/May/2020:10:42:52 +0800] "GET /xingrg/javascript/jquery_easy_ui/themes/default/images/tabs_leftarrow.png HTTP/1.1" 304 -
180.162.232.172 - - [28/May/2020:10:42:53 +0800] "POST /xingrg/load_menu.html HTTP/1.1" 200 5138
180.162.232.172 - - [28/May/2020:10:42:55 +0800] "GET /xingrg/kc/buy/cgsh_order_list.html HTTP/1.1" 200 43002
117.184.7.26 - - [28/May/2020:10:42:55 +0800] "GET /xingrg/all/function/internal_message.html?_=1590633766957&CODE_STATE=getMsg HTTP/1.1" 200 27
114.86.190.97 - - [28/May/2020:10:42:56 +0800] "GET /xingrg/all/function/internal_message.html?_=1590633780778&CODE_STATE=getMsg HTTP/1.1" 200 27
180.162.232.172 - - [28/May/2020:10:42:56 +0800] "POST /xingrg/kc/buy/cgsh_list_operate.html HTTP/1.1" 200 1691
114.86.190.97 - - [28/May/2020:10:42:58 +0800] "GET /xingrg/system/rest/query_items.html?_=1590633773831&table=menu&page=1&rows=20&categoryId=&key=%25E9%259D%2592%25E5%258F%25A3%25E8%25B4%259D HTTP/1.1" 200 694
180.162.232.172 - - [28/May/2020:10:42:58 +0800] "GET /xingrg/kc/buy/cgsh_order_add.html HTTP/1.1" 200 58658
180.162.232.172 - - [28/May/2020:10:42:59 +0800] "GET /xingrg/javascript/easyui/themes/default/validatebox.css HTTP/1.1" 404 1104
180.162.232.172 - - [28/May/2020:10:42:59 +0800] "POST /xingrg/kc/buy/cgsh_order_operate.html HTTP/1.1" 200 8245
114.86.190.97 - - [28/May/2020:10:43:00 +0800] "GET /xingrg/system/rest/query_items.html?_=1590633775866&table=menu&page=1&rows=20&categoryId=&key=%25E9%259D%2592%25E5%258F%25A3%25E8%25B4%259D HTTP/1.1" 200 694
114.86.190.97 - - [28/May/2020:10:43:00 +0800] "GET /xingrg/system/rest/get_item.html?table=menu&id=2121&_=1590633776337 HTTP/1.1" 200 943
114.86.190.97 - - [28/May/2020:10:43:00 +0800] "GET /xingrg/system/rest/get_item.html?table=menu&target=cook_mode&id=2121&_=1590633776353 HTTP/1.1" 200 4431
114.86.190.97 - - [28/May/2020:10:43:00 +0800] "GET /xingrg/system/rest/get_item.html?table=menu&target=menu_rest&id=2121&_=1590633776354 HTTP/1.1" 200 349
114.86.190.97 - - [28/May/2020:10:43:01 +0800] "GET /xingrg/system/rest/get_infos.html?command=menu_img_show&id=2121 HTTP/1.1" 200 5
180.162.232.172 - - [28/May/2020:10:43:02 +0800] "GET /xingrg/javascript/auto/indicator.gif HTTP/1.1" 404 1066
116.230.77.149 - - [28/May/2020:10:43:09 +0800] "GET /xingrg/all/function/internal_message.html?_=1590633781791&CODE_STATE=getMsg HTTP/1.1" 200 27
114.84.32.201 - - [28/May/2020:10:43:13 +0800] "GET /xingrg/all/function/internal_message.html?_=1590633785302&CODE_STATE=getMsg HTTP/1.1" 200 27
180.162.102.27 - - [28/May/2020:10:43:13 +0800] "GET /xingrg/all/function/internal_message.html?_=1590633193953&CODE_STATE=getMsg HTTP/1.1" 200 27
172.17.0.100 - - [28/May/2020:10:43:14 +0800] "GET /xingrg/all/function/internal_message.html?_=1590633796323&CODE_STATE=getMsg HTTP/1.1" 200 27
114.86.190.97 - - [28/May/2020:10:43:14 +0800] "POST /xingrg/system/rest/edit_item.html HTTP/1.1" 200 4
114.86.190.97 - - [28/May/2020:10:43:15 +0800] "GET /xingrg/system/rest/get_item.html?table=menu&id=2121&_=1590633790397 HTTP/1.1" 200 943
114.84.33.255 - - [28/May/2020:10:43:15 +0800] "GET /xingrg/all/function/internal_message.html?_=1590633802785&CODE_STATE=getMsg HTTP/1.1" 200 27
114.86.190.97 - - [28/May/2020:10:43:16 +0800] "GET /xingrg/system/rest/query_items.html?_=1590633792034&table=menu&page=1&rows=20&categoryId=&key=%25E9%259D%2592%25E5%258F%25A3%25E8%25B4%259D HTTP/1.1" 200 694
61.172.5.115 - - [28/May/2020:10:43:23 +0800] "GET /xingrg/all/function/internal_message.html?_=1590633801068&CODE_STATE=getMsg HTTP/1.1" 200 27
114.86.190.97 - - [28/May/2020:10:43:25 +0800] "GET /xingrg/system/rest/query_items.html?_=1590633800395&table=menu&page=1&rows=20&categoryId=&key=%25E7%259B%25AE%25E9%25B1%25BC HTTP/1.1" 200 4627
117.131.5.26 - - [28/May/2020:10:43:28 +0800] "GET /xingrg/all/function/internal_message.html?_=1590633810360&CODE_STATE=getMsg HTTP/1.1" 200 27
114.86.190.97 - - [28/May/2020:10:43:28 +0800] "GET /xingrg/all/function/internal_message.html?_=1590633804188&CODE_STATE=getMsg HTTP/1.1" 200 27
172.17.0.101 - - [28/May/2020:10:43:29 +0800] "GET /xingrg/check_reg.html?_=1590633851860 HTTP/1.1" 200 22
172.17.0.101 - - [28/May/2020:10:43:29 +0800] "GET /xingrg/all/function/internal_message.html?_=1590633851867&CODE_STATE=getMsg HTTP/1.1" 200 27
117.184.7.26 - - [28/May/2020:10:43:33 +0800] "POST /xingrg/kc/buy/cgsh_order_operate.html HTTP/1.1" 200 37
172.17.0.115 - - [28/May/2020:10:43:34 +0800] "GET /xingrg/all/function/internal_message.html?_=1590633824071&CODE_STATE=getMsg HTTP/1.1" 200 27
222.69.137.38 - - [28/May/2020:10:43:34 +0800] "GET /xingrg/all/function/internal_message.html?_=1590633808338&CODE_STATE=getMsg HTTP/1.1" 200 27
