114.84.33.255 - - [28/May/2020:10:20:40 +0800] "GET /xingrg/all/function/internal_message.html?_=1590632436447&CODE_STATE=getMsg HTTP/1.1" 200 27
114.84.151.157 - - [28/May/2020:10:20:41 +0800] "POST /xingrg/login.do HTTP/1.1" 302 -
114.84.151.157 - - [28/May/2020:10:20:41 +0800] "GET /xingrg/index.html?sysBaseUrl=http%3A%2F%2F180.169.147.146%3A18081%2Fxingrg%2F&costTime=39×tamp=1590632441805 HTTP/1.1" 200 17419
117.131.5.26 - - [28/May/2020:10:20:42 +0800] "GET /xingrg/system/rest/query_items.html?_=1590632443953&table=menu&page=1&rows=20&categoryId=&key=dwx HTTP/1.1" 200 3376
114.84.151.157 - - [28/May/2020:10:20:42 +0800] "POST /xingrg/all/common/load_tree.html?tree=area_rest_tree_json&manage=1 HTTP/1.1" 200 3088
114.84.151.157 - - [28/May/2020:10:20:42 +0800] "GET /xingrg/check_reg.html?_=1590632439686 HTTP/1.1" 200 22
114.84.151.157 - - [28/May/2020:10:20:42 +0800] "GET /xingrg/all/function/internal_message.html?_=1590632439686&CODE_STATE=count HTTP/1.1" 200 11
114.84.151.157 - - [28/May/2020:10:20:42 +0800] "GET /favicon.ico HTTP/1.1" 404 -
114.84.151.157 - - [28/May/2020:10:20:42 +0800] "POST /xingrg/load_menu.html HTTP/1.1" 200 9959
117.185.32.26 - - [28/May/2020:10:20:44 +0800] "GET /xingrg/kc/buy/cgsh_order_operate.html?command=get_materiel&rest_code=00106&code=00101006130&supplier_code=00100015&order_time=2020-05-28 HTTP/1.1" 200 427
117.131.5.26 - - [28/May/2020:10:20:45 +0800] "GET /xingrg/system/rest/get_item.html?table=menu&id=2023&_=1590632447313 HTTP/1.1" 200 955
117.131.5.26 - - [28/May/2020:10:20:45 +0800] "GET /xingrg/system/rest/get_item.html?table=menu&target=menu_rest&id=2023&_=1590632447328 HTTP/1.1" 200 761
117.131.5.26 - - [28/May/2020:10:20:45 +0800] "GET /xingrg/system/rest/get_item.html?table=menu&target=cook_mode&id=2023&_=1590632447328 HTTP/1.1" 200 28163
58.221.95.50 - - [28/May/2020:10:20:46 +0800] "GET /xingrg/all/function/internal_message.html?_=1590632494236&CODE_STATE=getMsg HTTP/1.1" 200 27
117.131.5.26 - - [28/May/2020:10:20:48 +0800] "GET /xingrg/system/rest/get_infos.html?command=menu_img_show&id=2023 HTTP/1.1" 200 5
117.185.32.26 - - [28/May/2020:10:20:49 +0800] "GET /xingrg/all/function/internal_message.html?_=1590632871676&CODE_STATE=getMsg HTTP/1.1" 200 27
117.131.5.26 - - [28/May/2020:10:20:51 +0800] "GET /xingrg/system/rest/get_item.html?table=menu&target=menu_rest_detail&id=2023&sid=5&_=1590632453422 HTTP/1.1" 200 427
114.84.151.157 - - [28/May/2020:10:20:52 +0800] "POST /xingrg/load_menu.html HTTP/1.1" 200 10168
180.162.232.172 - - [28/May/2020:10:20:53 +0800] "GET /xingrg/all/function/internal_message.html?_=1590632450351&CODE_STATE=getMsg HTTP/1.1" 200 27
180.162.232.172 - - [28/May/2020:10:20:53 +0800] "GET /xingrg/check_reg.html?_=1590632582477 HTTP/1.1" 302 -
180.175.212.199 - - [28/May/2020:10:20:54 +0800] "GET /xingrg/check_reg.html?_=1590632655155 HTTP/1.1" 200 22
114.86.190.97 - - [28/May/2020:10:20:55 +0800] "GET /xingrg/all/function/internal_message.html?_=1590632460480&CODE_STATE=getMsg HTTP/1.1" 200 27
114.84.151.157 - - [28/May/2020:10:20:55 +0800] "GET /xingrg/system/rest/list_page.html?p=menu HTTP/1.1" 200 112769
114.84.151.157 - - [28/May/2020:10:20:55 +0800] "GET /xingrg/css/table.css HTTP/1.1" 200 3684
114.84.151.157 - - [28/May/2020:10:20:55 +0800] "GET /xingrg/dwr/interface/AjaxGetFirstChart.js HTTP/1.1" 200 631
114.84.151.157 - - [28/May/2020:10:20:56 +0800] "GET /xingrg/dwr/engine.js HTTP/1.1" 200 43631
114.84.151.157 - - [28/May/2020:10:20:56 +0800] "GET /xingrg/javascript/jquery.shich.js HTTP/1.1" 200 4857
114.84.151.157 - - [28/May/2020:10:20:56 +0800] "GET /xingrg/javascript/convert.js HTTP/1.1" 200 1239
114.84.151.157 - - [28/May/2020:10:20:56 +0800] "GET /xingrg/images/control/ajaxLoader.gif HTTP/1.1" 200 4659
114.84.151.157 - - [28/May/2020:10:20:56 +0800] "GET /xingrg/javascript/jquery_easy_ui/themes/icons/search.png HTTP/1.1" 200 813
114.84.151.157 - - [28/May/2020:10:20:56 +0800] "GET /xingrg/javascript/jquery_easy_ui/themes/icons/edit_add.png HTTP/1.1" 200 1088
114.84.151.157 - - [28/May/2020:10:20:56 +0800] "GET /xingrg/javascript/jquery_easy_ui/themes/icons/edit_remove.png HTTP/1.1" 200 625
114.84.151.157 - - [28/May/2020:10:20:56 +0800] "GET /xingrg/javascript/jquery_easy_ui/themes/icons/check_new.png HTTP/1.1" 200 3224
114.84.151.157 - - [28/May/2020:10:20:56 +0800] "GET /xingrg/javascript/jquery_easy_ui/themes/icons/uncheck_new.png HTTP/1.1" 200 3197
114.84.151.157 - - [28/May/2020:10:20:56 +0800] "GET /xingrg/javascript/jquery_easy_ui/themes/default/images/button_span_bg.gif HTTP/1.1" 200 2061
114.84.151.157 - - [28/May/2020:10:20:56 +0800] "GET /xingrg/javascript/jquery_easy_ui/themes/icons/ok.png HTTP/1.1" 200 883
114.84.151.157 - - [28/May/2020:10:20:56 +0800] "GET /xingrg/javascript/jquery_easy_ui/themes/default/images/datagrid_header_bg.gif HTTP/1.1" 200 97
114.84.151.157 - - [28/May/2020:10:20:56 +0800] "GET /xingrg/javascript/jquery_easy_ui/themes/default/images/pagination_first.gif HTTP/1.1" 200 925
114.84.151.157 - - [28/May/2020:10:20:56 +0800] "GET /xingrg/javascript/jquery_easy_ui/themes/default/images/pagination_prev.gif HTTP/1.1" 200 879
114.84.151.157 - - [28/May/2020:10:20:56 +0800] "GET /xingrg/javascript/jquery_easy_ui/themes/default/images/pagination_next.gif HTTP/1.1" 200 875
114.84.151.157 - - [28/May/2020:10:20:56 +0800] "GET /xingrg/javascript/jquery_easy_ui/themes/default/images/pagination_last.gif HTTP/1.1" 200 923
114.84.151.157 - - [28/May/2020:10:20:56 +0800] "GET /xingrg/javascript/jquery_easy_ui/themes/default/images/pagination_load.png HTTP/1.1" 200 827
114.84.151.157 - - [28/May/2020:10:20:56 +0800] "GET /xingrg/javascript/jquery_easy_ui/themes/default/images/pagination_loading.gif HTTP/1.1" 200 1737
114.84.151.157 - - [28/May/2020:10:20:57 +0800] "GET /xingrg/system/rest/query_items.html?_=1590632454435&table=menu&page=1&rows=20&categoryId=&key= HTTP/1.1" 200 4731
117.131.5.26 - - [28/May/2020:10:20:59 +0800] "GET /xingrg/system/rest/query_items.html?_=1590632460938&table=menu&page=1&rows=20&categoryId=&key=xbb HTTP/1.1" 200 2953
117.131.5.26 - - [28/May/2020:10:21:01 +0800] "GET /xingrg/system/rest/get_item.html?table=menu&id=2061&_=1590632463485 HTTP/1.1" 200 954
117.131.5.26 - - [28/May/2020:10:21:01 +0800] "GET /xingrg/system/rest/get_item.html?table=menu&target=menu_rest&id=2061&_=1590632463500 HTTP/1.1" 200 653
117.131.5.26 - - [28/May/2020:10:21:01 +0800] "GET /xingrg/system/rest/get_item.html?table=menu&target=cook_mode&id=2061&_=1590632463500 HTTP/1.1" 200 18248
117.131.5.26 - - [28/May/2020:10:21:04 +0800] "GET /xingrg/system/rest/get_infos.html?command=menu_img_show&id=2061 HTTP/1.1" 200 5
117.131.5.26 - - [28/May/2020:10:21:06 +0800] "GET /xingrg/system/rest/get_item.html?table=menu&target=menu_rest_detail&id=2061&sid=5&_=1590632468828 HTTP/1.1" 200 427
116.230.77.149 - - [28/May/2020:10:21:09 +0800] "GET /xingrg/all/function/internal_message.html?_=1590632461721&CODE_STATE=getMsg HTTP/1.1" 200 27
114.84.32.201 - - [28/May/2020:10:21:12 +0800] "GET /xingrg/all/function/internal_message.html?_=1590632465156&CODE_STATE=getMsg HTTP/1.1" 200 27
180.162.102.27 - - [28/May/2020:10:21:13 +0800] "GET /xingrg/all/function/internal_message.html?_=1590631873924&CODE_STATE=getMsg HTTP/1.1" 200 27
172.17.0.100 - - [28/May/2020:10:21:13 +0800] "GET /xingrg/all/function/internal_message.html?_=1590632476235&CODE_STATE=getMsg HTTP/1.1" 200 27
114.84.33.255 - - [28/May/2020:10:21:14 +0800] "GET /xingrg/check_reg.html?_=1590632481942 HTTP/1.1" 200 22
114.84.33.255 - - [28/May/2020:10:21:14 +0800] "GET /xingrg/all/function/internal_message.html?_=1590632482299&CODE_STATE=getMsg HTTP/1.1" 200 27
180.175.212.199 - - [28/May/2020:10:21:17 +0800] "GET /xingrg/all/function/internal_message.html?_=1590632678010&CODE_STATE=getMsg HTTP/1.1" 200 27
117.131.5.26 - - [28/May/2020:10:21:18 +0800] "GET /xingrg/system/rest/query_items.html?_=1590632480844&table=menu&page=1&rows=20&categoryId=&key=dxb HTTP/1.1" 200 4968
117.185.32.26 - - [28/May/2020:10:21:20 +0800] "POST /xingrg/kc/buy/cgsh_order_operate.html HTTP/1.1" 200 37
117.185.32.26 - - [28/May/2020:10:21:21 +0800] "POST /xingrg/kc/buy/cgsh_order_operate.html HTTP/1.1" 200 4450
61.172.5.115 - - [28/May/2020:10:21:23 +0800] "GET /xingrg/check_reg.html?_=1590632481057 HTTP/1.1" 200 22
61.172.5.115 - - [28/May/2020:10:21:23 +0800] "GET /xingrg/all/function/internal_message.html?_=1590632481058&CODE_STATE=getMsg HTTP/1.1" 200 27
114.88.170.9 - - [28/May/2020:10:21:23 +0800] "GET /xingrg/check_reg.html?_=1590632477116 HTTP/1.1" 302 -
117.131.5.26 - - [28/May/2020:10:21:24 +0800] "GET /xingrg/system/rest/get_item.html?table=menu&id=1903&_=1590632486391 HTTP/1.1" 200 997
117.131.5.26 - - [28/May/2020:10:21:24 +0800] "GET /xingrg/system/rest/get_item.html?table=menu&target=menu_rest&id=1903&_=1590632486407 HTTP/1.1" 200 1074
117.185.32.26 - - [28/May/2020:10:21:24 +0800] "GET /xingrg/kc/buy/buy_main.html HTTP/1.1" 200 12412
117.131.5.26 - - [28/May/2020:10:21:24 +0800] "GET /xingrg/system/rest/get_item.html?table=menu&target=cook_mode&id=1903&_=1590632486407 HTTP/1.1" 200 12632
117.185.32.26 - - [28/May/2020:10:21:24 +0800] "GET /xingrg/css/new_ie.css HTTP/1.1" 404 1036
114.84.33.255 - - [28/May/2020:10:21:25 +0800] "GET /xingrg/check_reg.html?_=1590632481352 HTTP/1.1" 200 22
117.185.32.26 - - [28/May/2020:10:21:25 +0800] "GET /xingrg/images/yd/bt.gif HTTP/1.1" 404 1040
117.185.32.26 - - [28/May/2020:10:21:26 +0800] "GET /xingrg/kc/buy/cgsh_order_list.html HTTP/1.1" 200 42996
117.131.5.26 - - [28/May/2020:10:21:27 +0800] "GET /xingrg/system/rest/get_infos.html?command=menu_img_show&id=1903 HTTP/1.1" 200 5
117.131.5.26 - - [28/May/2020:10:21:27 +0800] "GET /xingrg/check_reg.html?_=1590632489875 HTTP/1.1" 200 22
117.131.5.26 - - [28/May/2020:10:21:27 +0800] "GET /xingrg/all/function/internal_message.html?_=1590632489875&CODE_STATE=getMsg HTTP/1.1" 200 27
117.185.32.26 - - [28/May/2020:10:21:28 +0800] "POST /xingrg/kc/buy/cgsh_list_operate.html HTTP/1.1" 200 3134
172.17.0.101 - - [28/May/2020:10:21:28 +0800] "GET /xingrg/all/function/internal_message.html?_=1590632531830&CODE_STATE=getMsg HTTP/1.1" 200 27
117.131.5.26 - - [28/May/2020:10:21:30 +0800] "GET /xingrg/system/rest/get_item.html?table=menu&target=menu_rest_detail&id=1903&sid=5&_=1590632492453 HTTP/1.1" 200 427
114.88.170.9 - - [28/May/2020:10:21:31 +0800] "GET /xingrg/all/function/internal_message.html?_=1590632484995&CODE_STATE=getMsg HTTP/1.1" 302 -
222.69.137.38 - - [28/May/2020:10:21:32 +0800] "GET /xingrg/check_reg.html?_=1590632486782 HTTP/1.1" 200 22
172.17.0.115 - - [28/May/2020:10:21:33 +0800] "GET /xingrg/all/function/internal_message.html?_=1590632503758&CODE_STATE=getMsg HTTP/1.1" 200 27
222.69.137.38 - - [28/May/2020:10:21:34 +0800] "GET /xingrg/all/function/internal_message.html?_=1590632488815&CODE_STATE=getMsg HTTP/1.1" 200 27
172.17.0.185 - - [28/May/2020:10:21:35 +0800] "GET /xingrg/all/function/internal_message.html?_=1590632493500&CODE_STATE=getMsg HTTP/1.1" 200 27
114.84.151.157 - - [28/May/2020:10:21:38 +0800] "GET /xingrg/system/rest/query_items.html?_=1590632496190&table=menu&page=1&rows=20&categoryId=&key=%25E6%259D%2582%25E9%25B1%25BC HTTP/1.1" 200 1752
117.131.5.26 - - [28/May/2020:10:21:39 +0800] "GET /xingrg/system/rest/query_items.html?_=1590632501016&table=menu&page=1&rows=20&categoryId=&key=yl HTTP/1.1" 200 4931
114.84.33.255 - - [28/May/2020:10:21:40 +0800] "GET /xingrg/all/function/internal_message.html?_=1590632496454&CODE_STATE=getMsg HTTP/1.1" 200 27
114.84.151.157 - - [28/May/2020:10:21:40 +0800] "GET /xingrg/system/rest/query_items.html?_=1590632498035&table=menu&page=1&rows=20&categoryId=&key=%25E6%259D%2582%25E9%25B1%25BC HTTP/1.1" 200 1752
117.131.5.26 - - [28/May/2020:10:21:41 +0800] "GET /xingrg/system/rest/get_item.html?table=menu&id=6452&_=1590632503453 HTTP/1.1" 200 935
117.131.5.26 - - [28/May/2020:10:21:41 +0800] "GET /xingrg/system/rest/get_item.html?table=menu&target=menu_rest&id=6452&_=1590632503469 HTTP/1.1" 200 54
117.131.5.26 - - [28/May/2020:10:21:41 +0800] "GET /xingrg/system/rest/get_item.html?table=menu&target=cook_mode&id=6452&_=1590632503469 HTTP/1.1" 200 1762
114.84.151.157 - - [28/May/2020:10:21:42 +0800] "GET /xingrg/javascript/jquery_easy_ui/themes/default/images/panel_title.png HTTP/1.1" 200 266
114.84.151.157 - - [28/May/2020:10:21:42 +0800] "GET /xingrg/system/rest/get_item.html?table=menu&id=1965&_=1590632499394 HTTP/1.1" 200 969
114.84.151.157 - - [28/May/2020:10:21:42 +0800] "GET /xingrg/javascript/jquery_easy_ui/themes/default/images/panel_tools.gif HTTP/1.1" 200 737
114.84.151.157 - - [28/May/2020:10:21:42 +0800] "GET /xingrg/system/rest/get_item.html?table=menu&target=cook_mode&id=1965&_=1590632499450 HTTP/1.1" 200 6235
114.84.151.157 - - [28/May/2020:10:21:42 +0800] "GET /xingrg/system/rest/get_item.html?table=menu&target=menu_rest&id=1965&_=1590632499454 HTTP/1.1" 200 669
114.84.151.157 - - [28/May/2020:10:21:43 +0800] "GET /xingrg/system/rest/get_infos.html?command=menu_img_show&id=1965 HTTP/1.1" 200 5
114.84.33.255 - - [28/May/2020:10:21:43 +0800] "GET /favicon.ico HTTP/1.1" 404 -
114.84.151.157 - - [28/May/2020:10:21:43 +0800] "GET /xingrg/all/function/internal_message.html?_=1590632501444&CODE_STATE=getMsg HTTP/1.1" 200 27
117.131.5.26 - - [28/May/2020:10:21:44 +0800] "GET /xingrg/system/rest/get_infos.html?command=menu_img_show&id=6452 HTTP/1.1" 200 5
114.84.151.157 - - [28/May/2020:10:21:45 +0800] "GET /xingrg/system/rest/get_item.html?table=menu&target=menu_rest_detail&id=1965&sid=11&_=1590632502838 HTTP/1.1" 200 426
58.221.95.50 - - [28/May/2020:10:21:46 +0800] "GET /xingrg/all/function/internal_message.html?_=1590632554235&CODE_STATE=getMsg HTTP/1.1" 200 27
114.84.151.157 - - [28/May/2020:10:21:48 +0800] "POST /xingrg/system/rest/edit_item.html HTTP/1.1" 200 4
114.84.151.157 - - [28/May/2020:10:21:49 +0800] "GET /xingrg/system/rest/get_item.html?table=menu&target=menu_rest&id=1965&_=1590632506506 HTTP/1.1" 200 669
117.185.32.26 - - [28/May/2020:10:21:49 +0800] "GET /xingrg/all/function/internal_message.html?_=1590632931669&CODE_STATE=getMsg HTTP/1.1" 200 27
180.162.232.172 - - [28/May/2020:10:21:53 +0800] "GET /xingrg/check_reg.html?_=1590632510354 HTTP/1.1" 200 22
180.162.232.172 - - [28/May/2020:10:21:53 +0800] "GET /xingrg/all/function/internal_message.html?_=1590632510357&CODE_STATE=getMsg HTTP/1.1" 200 27
114.84.151.157 - - [28/May/2020:10:21:53 +0800] "GET /xingrg/system/rest/query_items.html?_=1590632510832&table=menu&page=1&rows=20&categoryId=&key=%25E8%258A%25B1%25E8%259E%25BA HTTP/1.1" 200 298
114.84.151.157 - - [28/May/2020:10:21:54 +0800] "GET /xingrg/system/rest/query_items.html?_=1590632512307&table=menu&page=1&rows=20&categoryId=&key=%25E8%258A%25B1%25E8%259E%25BA HTTP/1.1" 200 298
114.84.151.157 - - [28/May/2020:10:21:55 +0800] "GET /xingrg/system/rest/get_item.html?table=menu&id=2054&_=1590632512931 HTTP/1.1" 200 1007
114.84.151.157 - - [28/May/2020:10:21:55 +0800] "GET /xingrg/system/rest/get_item.html?table=menu&target=menu_rest&id=2054&_=1590632512972 HTTP/1.1" 200 775
114.84.151.157 - - [28/May/2020:10:21:55 +0800] "GET /xingrg/system/rest/get_item.html?table=menu&target=cook_mode&id=2054&_=1590632512971 HTTP/1.1" 200 10645
114.86.190.97 - - [28/May/2020:10:21:55 +0800] "GET /xingrg/check_reg.html?_=1590632520422 HTTP/1.1" 200 22
114.86.190.97 - - [28/May/2020:10:21:55 +0800] "GET /xingrg/all/function/internal_message.html?_=1590632520493&CODE_STATE=getMsg HTTP/1.1" 200 27
114.84.151.157 - - [28/May/2020:10:21:56 +0800] "GET /xingrg/system/rest/get_infos.html?command=menu_img_show&id=2054 HTTP/1.1" 200 5
114.84.151.157 - - [28/May/2020:10:21:56 +0800] "GET /xingrg/system/rest/get_item.html?table=menu&id=2054&_=1590632514447 HTTP/1.1" 200 1007
114.84.151.157 - - [28/May/2020:10:21:57 +0800] "GET /xingrg/system/rest/get_item.html?table=menu&target=cook_mode&id=2054&_=1590632514454 HTTP/1.1" 200 10645
114.84.151.157 - - [28/May/2020:10:21:57 +0800] "GET /xingrg/system/rest/get_item.html?table=menu&target=menu_rest&id=2054&_=1590632514457 HTTP/1.1" 200 775
117.131.5.26 - - [28/May/2020:10:21:58 +0800] "POST /xingrg/system/rest/edit_item.html HTTP/1.1" 200 4
117.131.5.26 - - [28/May/2020:10:21:58 +0800] "GET /xingrg/system/rest/get_item.html?table=menu&id=6452&_=1590632520235 HTTP/1.1" 200 935
120.253.135.82 - - [28/May/2020:10:21:59 +0800] "GET /xingrg/check_reg.html?_=1590632645520 HTTP/1.1" 200 22
114.84.151.157 - - [28/May/2020:10:21:59 +0800] "GET /xingrg/system/rest/get_item.html?table=menu&id=2054&_=1590632517030 HTTP/1.1" 200 1007
114.84.151.157 - - [28/May/2020:10:21:59 +0800] "GET /xingrg/system/rest/get_item.html?table=menu&target=menu_rest&id=2054&_=1590632517077 HTTP/1.1" 200 775
114.84.151.157 - - [28/May/2020:10:21:59 +0800] "GET /xingrg/system/rest/get_item.html?table=menu&target=cook_mode&id=2054&_=1590632517073 HTTP/1.1" 200 10645
117.131.5.26 - - [28/May/2020:10:22:02 +0800] "GET /xingrg/system/rest/query_items.html?_=1590632524110&table=menu&page=1&rows=20&categoryId=&key=yl HTTP/1.1" 200 4931
114.84.151.157 - - [28/May/2020:10:22:02 +0800] "GET /xingrg/system/rest/get_item.html?table=menu&target=menu_rest_detail&id=2054&sid=11&_=1590632519840 HTTP/1.1" 200 427
114.84.151.157 - - [28/May/2020:10:22:05 +0800] "POST /xingrg/system/rest/edit_item.html HTTP/1.1" 200 4
114.84.151.157 - - [28/May/2020:10:22:05 +0800] "GET /xingrg/system/rest/get_item.html?table=menu&target=menu_rest&id=2054&_=1590632523410 HTTP/1.1" 200 775
117.131.5.26 - - [28/May/2020:10:22:08 +0800] "GET /xingrg/system/rest/query_items.html?_=1590632530547&table=menu&page=1&rows=20&categoryId=&key=azlx HTTP/1.1" 200 1273
114.84.151.157 - - [28/May/2020:10:22:09 +0800] "GET /xingrg/system/rest/query_items.html?_=1590632526724&table=menu&page=1&rows=20&categoryId=&key=%25E8%2586%258F%25E8%259F%25B9 HTTP/1.1" 200 1501
116.230.77.149 - - [28/May/2020:10:22:09 +0800] "GET /xingrg/check_reg.html?_=1590632521738 HTTP/1.1" 200 22
116.230.77.149 - - [28/May/2020:10:22:09 +0800] "GET /xingrg/all/function/internal_message.html?_=1590632521741&CODE_STATE=getMsg HTTP/1.1" 200 27
114.84.151.157 - - [28/May/2020:10:22:10 +0800] "GET /xingrg/system/rest/query_items.html?_=1590632528070&table=menu&page=1&rows=20&categoryId=&key=%25E8%2586%258F%25E8%259F%25B9 HTTP/1.1" 200 1501
117.131.5.26 - - [28/May/2020:10:22:10 +0800] "GET /xingrg/system/rest/get_item.html?table=menu&id=1981&_=1590632532719 HTTP/1.1" 200 973
117.131.5.26 - - [28/May/2020:10:22:10 +0800] "GET /xingrg/system/rest/get_item.html?table=menu&target=menu_rest&id=1981&_=1590632532735 HTTP/1.1" 200 783
117.131.5.26 - - [28/May/2020:10:22:10 +0800] "GET /xingrg/system/rest/get_item.html?table=menu&target=cook_mode&id=1981&_=1590632532735 HTTP/1.1" 200 23102
114.84.151.157 - - [28/May/2020:10:22:11 +0800] "GET /xingrg/system/rest/get_item.html?table=menu&id=2013&_=1590632528720 HTTP/1.1" 200 970
114.84.151.157 - - [28/May/2020:10:22:11 +0800] "GET /xingrg/system/rest/get_item.html?table=menu&target=menu_rest&id=2013&_=1590632528751 HTTP/1.1" 200 780
114.84.151.157 - - [28/May/2020:10:22:11 +0800] "GET /xingrg/system/rest/get_item.html?table=menu&target=cook_mode&id=2013&_=1590632528747 HTTP/1.1" 200 15971
114.84.151.157 - - [28/May/2020:10:22:12 +0800] "GET /xingrg/system/rest/get_infos.html?command=menu_img_show&id=2013 HTTP/1.1" 200 5
114.84.32.201 - - [28/May/2020:10:22:12 +0800] "GET /xingrg/all/function/internal_message.html?_=1590632525135&CODE_STATE=getMsg HTTP/1.1" 200 27
117.131.5.26 - - [28/May/2020:10:22:13 +0800] "GET /xingrg/system/rest/get_infos.html?command=menu_img_show&id=1981 HTTP/1.1" 200 5
180.162.102.27 - - [28/May/2020:10:22:13 +0800] "GET /xingrg/all/function/internal_message.html?_=1590631933924&CODE_STATE=getMsg HTTP/1.1" 200 27
172.17.0.100 - - [28/May/2020:10:22:13 +0800] "GET /xingrg/all/function/internal_message.html?_=1590632536236&CODE_STATE=getMsg HTTP/1.1" 200 27
114.84.151.157 - - [28/May/2020:10:22:14 +0800] "GET /xingrg/system/rest/get_item.html?table=menu&target=menu_rest_detail&id=2013&sid=11&_=1590632532017 HTTP/1.1" 200 429
114.84.33.255 - - [28/May/2020:10:22:14 +0800] "GET /xingrg/all/function/internal_message.html?_=1590632542313&CODE_STATE=getMsg HTTP/1.1" 200 27
180.175.212.199 - - [28/May/2020:10:22:17 +0800] "GET /xingrg/all/function/internal_message.html?_=1590632738022&CODE_STATE=getMsg HTTP/1.1" 200 27
114.84.151.157 - - [28/May/2020:10:22:17 +0800] "POST /xingrg/system/rest/edit_item.html HTTP/1.1" 200 4
114.84.151.157 - - [28/May/2020:10:22:17 +0800] "GET /xingrg/system/rest/get_item.html?table=menu&target=menu_rest&id=2013&_=1590632535368 HTTP/1.1" 200 780
117.131.5.26 - - [28/May/2020:10:22:19 +0800] "GET /xingrg/system/rest/get_item.html?table=menu&target=menu_rest_detail&id=1981&sid=5&_=1590632541391 HTTP/1.1" 200 427
61.172.5.115 - - [28/May/2020:10:22:23 +0800] "GET /xingrg/all/function/internal_message.html?_=1590632541056&CODE_STATE=getMsg HTTP/1.1" 200 27
117.131.5.26 - - [28/May/2020:10:22:27 +0800] "GET /xingrg/system/rest/query_items.html?_=1590632549235&table=menu&page=1&rows=20&categoryId=&key=fgx HTTP/1.1" 200 1670
117.131.5.26 - - [28/May/2020:10:22:27 +0800] "GET /xingrg/all/function/internal_message.html?_=1590632549875&CODE_STATE=getMsg HTTP/1.1" 200 27
172.17.0.101 - - [28/May/2020:10:22:28 +0800] "GET /xingrg/all/function/internal_message.html?_=1590632591835&CODE_STATE=getMsg HTTP/1.1" 200 27
117.131.5.26 - - [28/May/2020:10:22:29 +0800] "GET /xingrg/system/rest/get_item.html?table=menu&id=1993&_=1590632551485 HTTP/1.1" 200 941
117.131.5.26 - - [28/May/2020:10:22:29 +0800] "GET /xingrg/system/rest/get_item.html?table=menu&target=menu_rest&id=1993&_=1590632551500 HTTP/1.1" 200 956
117.131.5.26 - - [28/May/2020:10:22:29 +0800] "GET /xingrg/system/rest/get_item.html?table=menu&target=cook_mode&id=1993&_=1590632551500 HTTP/1.1" 200 10386
114.88.170.9 - - [28/May/2020:10:22:31 +0800] "GET /xingrg/all/function/internal_message.html?_=1590632545484&CODE_STATE=getMsg HTTP/1.1" 302 -
117.131.5.26 - - [28/May/2020:10:22:32 +0800] "GET /xingrg/system/rest/get_infos.html?command=menu_img_show&id=1993 HTTP/1.1" 200 5
172.17.0.115 - - [28/May/2020:10:22:33 +0800] "GET /xingrg/all/function/internal_message.html?_=1590632563763&CODE_STATE=getMsg HTTP/1.1" 200 27
222.69.137.38 - - [28/May/2020:10:22:34 +0800] "GET /xingrg/all/function/internal_message.html?_=1590632548787&CODE_STATE=getMsg HTTP/1.1" 200 27
117.131.5.26 - - [28/May/2020:10:22:35 +0800] "GET /xingrg/system/rest/get_item.html?table=menu&target=menu_rest_detail&id=1993&sid=5&_=1590632557610 HTTP/1.1" 200 427
172.17.0.185 - - [28/May/2020:10:22:35 +0800] "GET /xingrg/all/function/internal_message.html?_=1590632553505&CODE_STATE=getMsg HTTP/1.1" 200 27
114.84.33.255 - - [28/May/2020:10:22:40 +0800] "GET /xingrg/all/function/internal_message.html?_=1590632556466&CODE_STATE=getMsg HTTP/1.1" 200 27
117.131.5.26 - - [28/May/2020:10:22:43 +0800] "GET /xingrg/system/rest/query_items.html?_=1590632565828&table=menu&page=1&rows=20&categoryId=&key=cjx HTTP/1.1" 200 1460
114.84.151.157 - - [28/May/2020:10:22:43 +0800] "GET /xingrg/all/function/internal_message.html?_=1590632561418&CODE_STATE=getMsg HTTP/1.1" 200 27
117.131.5.26 - - [28/May/2020:10:22:45 +0800] "GET /xingrg/system/rest/get_item.html?table=menu&id=2017&_=1590632567875 HTTP/1.1" 200 974
117.131.5.26 - - [28/May/2020:10:22:45 +0800] "GET /xingrg/system/rest/get_item.html?table=menu&target=menu_rest&id=2017&_=1590632567891 HTTP/1.1" 200 886
117.131.5.26 - - [28/May/2020:10:22:45 +0800] "GET /xingrg/system/rest/get_item.html?table=menu&target=cook_mode&id=2017&_=1590632567875 HTTP/1.1" 200 12970
58.221.95.50 - - [28/May/2020:10:22:46 +0800] "GET /xingrg/all/function/internal_message.html?_=1590632614234&CODE_STATE=getMsg HTTP/1.1" 200 27
114.84.32.201 - - [28/May/2020:10:22:48 +0800] "GET /xingrg/system/rest/get_item.html?table=menu&id=2103&_=1590632560557 HTTP/1.1" 200 948
114.84.32.201 - - [28/May/2020:10:22:48 +0800] "GET /xingrg/system/rest/get_item.html?table=menu&target=menu_rest&id=2103&_=1590632560572 HTTP/1.1" 200 168
114.84.32.201 - - [28/May/2020:10:22:48 +0800] "GET /xingrg/system/rest/get_item.html?table=menu&target=cook_mode&id=2103&_=1590632560571 HTTP/1.1" 200 6246
117.131.5.26 - - [28/May/2020:10:22:48 +0800] "GET /xingrg/system/rest/get_infos.html?command=menu_img_show&id=2017 HTTP/1.1" 200 5
114.84.32.201 - - [28/May/2020:10:22:49 +0800] "GET /xingrg/system/rest/get_infos.html?command=menu_img_show&id=2103 HTTP/1.1" 200 5
117.185.32.26 - - [28/May/2020:10:22:49 +0800] "GET /xingrg/all/function/internal_message.html?_=1590632991654&CODE_STATE=getMsg HTTP/1.1" 200 27
117.185.32.26 - - [28/May/2020:10:22:50 +0800] "GET /xingrg/check_reg.html?_=1590632992187 HTTP/1.1" 200 22
180.162.232.172 - - [28/May/2020:10:22:53 +0800] "GET /xingrg/all/function/internal_message.html?_=1590632570362&CODE_STATE=getMsg HTTP/1.1" 200 27
114.84.151.157 - - [28/May/2020:10:22:55 +0800] "GET /xingrg/system/rest/get_item.html?table=menu&target=menu_rest_detail&id=2013&sid=11&_=1590632573061 HTTP/1.1" 200 429
114.86.190.97 - - [28/May/2020:10:22:55 +0800] "GET /xingrg/all/function/internal_message.html?_=1590632580506&CODE_STATE=getMsg HTTP/1.1" 200 27
117.131.5.26 - - [28/May/2020:10:22:58 +0800] "GET /xingrg/system/rest/get_item.html?table=menu&target=menu_rest_detail&id=2017&sid=5&_=1590632580063 HTTP/1.1" 200 428
114.84.151.157 - - [28/May/2020:10:23:01 +0800] "GET /xingrg/system/rest/query_items.html?_=1590632578666&table=menu&page=1&rows=20&categoryId=&key=%25E6%25AF%258D%25E5%258D%25B7 HTTP/1.1" 200 4343
114.84.151.157 - - [28/May/2020:10:23:02 +0800] "GET /xingrg/system/rest/query_items.html?_=1590632580382&table=menu&page=1&rows=20&categoryId=&key=%25E6%25AF%258D%25E5%258D%25B7 HTTP/1.1" 200 4343
114.84.151.157 - - [28/May/2020:10:23:04 +0800] "GET /xingrg/system/rest/get_item.html?table=menu&id=2084&_=1590632581769 HTTP/1.1" 200 971
114.84.151.157 - - [28/May/2020:10:23:04 +0800] "GET /xingrg/system/rest/get_item.html?table=menu&target=menu_rest&id=2084&_=1590632581799 HTTP/1.1" 200 1143
114.84.151.157 - - [28/May/2020:10:23:04 +0800] "GET /xingrg/system/rest/get_item.html?table=menu&target=cook_mode&id=2084&_=1590632581795 HTTP/1.1" 200 9370
114.84.151.157 - - [28/May/2020:10:23:05 +0800] "GET /xingrg/system/rest/get_infos.html?command=menu_img_show&id=2084 HTTP/1.1" 200 5
117.131.5.26 - - [28/May/2020:10:23:08 +0800] "GET /xingrg/system/rest/query_items.html?_=1590632590063&table=menu&page=1&rows=20&categoryId=&key=lhx HTTP/1.1" 200 1386
114.84.151.157 - - [28/May/2020:10:23:08 +0800] "GET /xingrg/system/rest/get_item.html?table=menu&target=menu_rest_detail&id=2084&sid=11&_=1590632585801 HTTP/1.1" 200 426
116.230.77.149 - - [28/May/2020:10:23:09 +0800] "GET /xingrg/all/function/internal_message.html?_=1590632581723&CODE_STATE=getMsg HTTP/1.1" 200 27
114.84.32.201 - - [28/May/2020:10:23:10 +0800] "GET /xingrg/system/rest/get_item.html?table=menu&id=2104&_=1590632583158 HTTP/1.1" 200 952
114.84.32.201 - - [28/May/2020:10:23:10 +0800] "GET /xingrg/system/rest/get_item.html?table=menu&target=menu_rest&id=2104&_=1590632583177 HTTP/1.1" 200 362
114.84.32.201 - - [28/May/2020:10:23:10 +0800] "GET /xingrg/system/rest/get_item.html?table=menu&target=cook_mode&id=2104&_=1590632583176 HTTP/1.1" 200 6165
114.84.151.157 - - [28/May/2020:10:23:11 +0800] "POST /xingrg/system/rest/edit_item.html HTTP/1.1" 200 4
114.84.151.157 - - [28/May/2020:10:23:11 +0800] "GET /xingrg/system/rest/get_item.html?table=menu&target=menu_rest&id=2084&_=1590632588737 HTTP/1.1" 200 1143
114.84.32.201 - - [28/May/2020:10:23:11 +0800] "GET /xingrg/system/rest/get_infos.html?command=menu_img_show&id=2104 HTTP/1.1" 200 5
114.84.32.201 - - [28/May/2020:10:23:12 +0800] "GET /xingrg/all/function/internal_message.html?_=1590632585107&CODE_STATE=getMsg HTTP/1.1" 200 27
180.162.102.27 - - [28/May/2020:10:23:13 +0800] "GET /xingrg/all/function/internal_message.html?_=1590631993923&CODE_STATE=getMsg HTTP/1.1" 200 27
172.17.0.100 - - [28/May/2020:10:23:14 +0800] "GET /xingrg/all/function/internal_message.html?_=1590632596236&CODE_STATE=getMsg HTTP/1.1" 200 27
114.84.33.255 - - [28/May/2020:10:23:15 +0800] "GET /xingrg/all/function/internal_message.html?_=1590632602326&CODE_STATE=getMsg HTTP/1.1" 200 27
114.84.151.157 - - [28/May/2020:10:23:16 +0800] "GET /xingrg/system/rest/query_items.html?_=1590632593530&table=menu&page=1&rows=20&categoryId=&key=%25E5%25B8%25A6%25E9%25B1%25BC HTTP/1.1" 200 3346
180.175.212.199 - - [28/May/2020:10:23:17 +0800] "GET /xingrg/all/function/internal_message.html?_=1590632798743&CODE_STATE=getMsg HTTP/1.1" 200 27
114.84.151.157 - - [28/May/2020:10:23:18 +0800] "GET /xingrg/system/rest/query_items.html?_=1590632595952&table=menu&page=1&rows=20&categoryId=&key=%25E5%25B8%25A6%25E9%25B1%25BC HTTP/1.1" 200 3346
114.84.151.157 - - [28/May/2020:10:23:19 +0800] "GET /xingrg/system/rest/get_item.html?table=menu&id=1932&_=1590632597208 HTTP/1.1" 200 946
114.84.151.157 - - [28/May/2020:10:23:19 +0800] "GET /xingrg/system/rest/get_item.html?table=menu&target=menu_rest&id=1932&_=1590632597252 HTTP/1.1" 200 762
114.84.151.157 - - [28/May/2020:10:23:19 +0800] "GET /xingrg/system/rest/get_item.html?table=menu&target=cook_mode&id=1932&_=1590632597249 HTTP/1.1" 200 15043
117.131.5.26 - - [28/May/2020:10:23:20 +0800] "GET /xingrg/system/rest/query_items.html?_=1590632602625&table=menu&page=1&rows=20&categoryId=&key=bjx HTTP/1.1" 200 2385
114.84.151.157 - - [28/May/2020:10:23:21 +0800] "GET /xingrg/system/rest/get_infos.html?command=menu_img_show&id=1932 HTTP/1.1" 200 5
114.84.151.157 - - [28/May/2020:10:23:21 +0800] "GET /xingrg/system/rest/get_item.html?table=menu&id=1932&_=1590632599445 HTTP/1.1" 200 946
114.84.151.157 - - [28/May/2020:10:23:21 +0800] "GET /xingrg/system/rest/get_item.html?table=menu&target=menu_rest&id=1932&_=1590632599455 HTTP/1.1" 200 762
114.84.151.157 - - [28/May/2020:10:23:22 +0800] "GET /xingrg/system/rest/get_item.html?table=menu&target=cook_mode&id=1932&_=1590632599452 HTTP/1.1" 200 15043
61.172.5.115 - - [28/May/2020:10:23:23 +0800] "GET /xingrg/all/function/internal_message.html?_=1590632601054&CODE_STATE=getMsg HTTP/1.1" 200 27
117.131.5.26 - - [28/May/2020:10:23:24 +0800] "GET /xingrg/system/rest/get_item.html?table=menu&id=1996&_=1590632605985 HTTP/1.1" 200 956
117.131.5.26 - - [28/May/2020:10:23:24 +0800] "GET /xingrg/system/rest/get_item.html?table=menu&target=menu_rest&id=1996&_=1590632606000 HTTP/1.1" 200 772
117.131.5.26 - - [28/May/2020:10:23:24 +0800] "GET /xingrg/system/rest/get_item.html?table=menu&target=cook_mode&id=1996&_=1590632605985 HTTP/1.1" 200 14339
114.84.151.157 - - [28/May/2020:10:23:24 +0800] "GET /xingrg/system/rest/get_item.html?table=menu&id=1932&_=1590632601950 HTTP/1.1" 200 946
114.84.151.157 - - [28/May/2020:10:23:24 +0800] "GET /xingrg/system/rest/get_item.html?table=menu&target=menu_rest&id=1932&_=1590632602000 HTTP/1.1" 200 762
114.84.151.157 - - [28/May/2020:10:23:24 +0800] "GET /xingrg/system/rest/get_item.html?table=menu&target=cook_mode&id=1932&_=1590632601997 HTTP/1.1" 200 15043
117.131.5.26 - - [28/May/2020:10:23:27 +0800] "GET /xingrg/system/rest/get_infos.html?command=menu_img_show&id=1996 HTTP/1.1" 200 5
114.84.151.157 - - [28/May/2020:10:23:27 +0800] "GET /xingrg/system/rest/get_item.html?table=menu&target=menu_rest_detail&id=1932&sid=11&_=1590632604986 HTTP/1.1" 200 426
117.131.5.26 - - [28/May/2020:10:23:27 +0800] "GET /xingrg/all/function/internal_message.html?_=1590632609875&CODE_STATE=getMsg HTTP/1.1" 200 27
172.17.0.119 - - [28/May/2020:10:23:28 +0800] "GET /xingrg/login.html HTTP/1.1" 200 7636
172.17.0.119 - - [28/May/2020:10:23:28 +0800] "GET /favicon.ico HTTP/1.1" 404 -
172.17.0.119 - - [28/May/2020:10:23:28 +0800] "GET /xingrg/images/blue/jxLogo.png HTTP/1.1" 200 6156
172.17.0.101 - - [28/May/2020:10:23:28 +0800] "GET /xingrg/all/function/internal_message.html?_=1590632651824&CODE_STATE=getMsg HTTP/1.1" 200 27
172.17.0.101 - - [28/May/2020:10:23:28 +0800] "GET /xingrg/check_reg.html?_=1590632651831 HTTP/1.1" 200 22
172.17.0.119 - - [28/May/2020:10:23:29 +0800] "GET /xingrg/images/blue/login_bg.png HTTP/1.1" 200 22101
172.17.0.119 - - [28/May/2020:10:23:29 +0800] "GET /xingrg/images/blue/hj.png HTTP/1.1" 200 1014
172.17.0.119 - - [28/May/2020:10:23:29 +0800] "GET /xingrg/images/blue/srbg.png HTTP/1.1" 200 138
172.17.0.119 - - [28/May/2020:10:23:29 +0800] "GET /favicon.ico HTTP/1.1" 404 -
117.131.5.26 - - [28/May/2020:10:23:29 +0800] "GET /xingrg/system/rest/get_item.html?table=menu&target=menu_rest_detail&id=1996&sid=5&_=1590632611735 HTTP/1.1" 200 429
172.17.0.119 - - [28/May/2020:10:23:31 +0800] "POST /xingrg/login.do HTTP/1.1" 302 -
172.17.0.119 - - [28/May/2020:10:23:31 +0800] "GET /xingrg/index.html?sysBaseUrl=http%3A%2F%2F172.17.0.8%3A18081%2Fxingrg%2F&costTime=41×tamp=1590632611042 HTTP/1.1" 200 17448
172.17.0.119 - - [28/May/2020:10:23:31 +0800] "GET /xingrg/javascript/jquery_easy_ui/themes/default/easyui.css HTTP/1.1" 200 26500
172.17.0.119 - - [28/May/2020:10:23:31 +0800] "GET /xingrg/javascript/jquery_easy_ui/themes/icon.css HTTP/1.1" 200 3949
172.17.0.119 - - [28/May/2020:10:23:31 +0800] "GET /xingrg/css/form.css HTTP/1.1" 200 893
172.17.0.119 - - [28/May/2020:10:23:31 +0800] "GET /xingrg/javascript/jquery-1.4.2.min.js HTTP/1.1" 200 72205
172.17.0.119 - - [28/May/2020:10:23:31 +0800] "GET /xingrg/javascript/jquery_easy_ui/jquery.easyui.min.js HTTP/1.1" 200 213662
172.17.0.119 - - [28/May/2020:10:23:31 +0800] "GET /xingrg/javascript/jquery_easy_ui/easyui-lang-zh_CN.js HTTP/1.1" 200 1900
172.17.0.119 - - [28/May/2020:10:23:31 +0800] "GET /xingrg/javascript/jquery.form.js HTTP/1.1" 200 23110
172.17.0.119 - - [28/May/2020:10:23:31 +0800] "GET /xingrg/javascript/jquery.utils.js HTTP/1.1" 200 11805
172.17.0.119 - - [28/May/2020:10:23:31 +0800] "GET /xingrg/javascript/jquery.timers.js HTTP/1.1" 200 3532
172.17.0.119 - - [28/May/2020:10:23:31 +0800] "GET /favicon.ico HTTP/1.1" 404 -
172.17.0.119 - - [28/May/2020:10:23:31 +0800] "GET /xingrg/javascript/jquery_easy_ui/themes/icons/settle_new.png HTTP/1.1" 200 826
172.17.0.119 - - [28/May/2020:10:23:31 +0800] "GET /xingrg/images/blue/navBackgound.jpg HTTP/1.1" 200 12378
172.17.0.119 - - [28/May/2020:10:23:31 +0800] "POST /xingrg/all/common/load_tree.html?tree=area_rest_tree_json&manage=1 HTTP/1.1" 200 3088
172.17.0.119 - - [28/May/2020:10:23:31 +0800] "GET /xingrg/all/function/internal_message.html?_=1590632610084&CODE_STATE=count HTTP/1.1" 200 11
172.17.0.119 - - [28/May/2020:10:23:31 +0800] "GET /xingrg/check_reg.html?_=1590632610085 HTTP/1.1" 200 22
172.17.0.119 - - [28/May/2020:10:23:31 +0800] "GET /xingrg/images/blue/pingpu.png HTTP/1.1" 200 231
172.17.0.119 - - [28/May/2020:10:23:31 +0800] "GET /xingrg/javascript/jquery_easy_ui/themes/default/images/tabs_leftarrow.png HTTP/1.1" 200 389
114.84.151.157 - - [28/May/2020:10:23:31 +0800] "POST /xingrg/system/rest/edit_item.html HTTP/1.1" 200 4
172.17.0.119 - - [28/May/2020:10:23:31 +0800] "GET /xingrg/javascript/jquery_easy_ui/themes/default/images/tabs_rightarrow.png HTTP/1.1" 200 395
172.17.0.119 - - [28/May/2020:10:23:31 +0800] "GET /xingrg/javascript/jquery_easy_ui/themes/default/images/panel_tool_expand.gif HTTP/1.1" 200 247
172.17.0.119 - - [28/May/2020:10:23:31 +0800] "GET /xingrg/javascript/jquery_easy_ui/themes/default/images/panel_tool_collapse.gif HTTP/1.1" 200 246
172.17.0.119 - - [28/May/2020:10:23:31 +0800] "POST /xingrg/load_menu.html HTTP/1.1" 200 11529
114.84.151.157 - - [28/May/2020:10:23:31 +0800] "GET /xingrg/system/rest/get_item.html?table=menu&target=menu_rest&id=1932&_=1590632608953 HTTP/1.1" 200 762
114.88.170.9 - - [28/May/2020:10:23:31 +0800] "GET /xingrg/all/function/internal_message.html?_=1590632605493&CODE_STATE=getMsg HTTP/1.1" 302 -
172.17.0.119 - - [28/May/2020:10:23:31 +0800] "GET /xingrg/javascript/jquery_easy_ui/themes/default/images/tree_arrows.gif HTTP/1.1" 200 1043
172.17.0.119 - - [28/May/2020:10:23:31 +0800] "GET /xingrg/javascript/jquery_easy_ui/themes/default/images/tree_folder_open.gif HTTP/1.1" 200 956
172.17.0.119 - - [28/May/2020:10:23:31 +0800] "GET /xingrg/javascript/jquery_easy_ui/themes/icons/search_new.png HTTP/1.1" 200 586
172.17.0.119 - - [28/May/2020:10:23:31 +0800] "GET /xingrg/javascript/jquery_easy_ui/themes/icons/delivery_new.png HTTP/1.1" 200 700
172.17.0.119 - - [28/May/2020:10:23:31 +0800] "GET /xingrg/javascript/jquery_easy_ui/themes/icons/storage_new.png HTTP/1.1" 200 853
172.17.0.119 - - [28/May/2020:10:23:31 +0800] "GET /xingrg/javascript/jquery_easy_ui/themes/icons/checkout_new.png HTTP/1.1" 200 744
172.17.0.119 - - [28/May/2020:10:23:31 +0800] "GET /xingrg/javascript/jquery_easy_ui/themes/icons/forms_new.png HTTP/1.1" 200 350
172.17.0.119 - - [28/May/2020:10:23:31 +0800] "GET /xingrg/javascript/jquery_easy_ui/themes/icons/setting_new.png HTTP/1.1" 200 450
172.17.0.119 - - [28/May/2020:10:23:31 +0800] "GET /xingrg/javascript/jquery_easy_ui/themes/icons/systemset_new.png HTTP/1.1" 200 606
172.17.0.119 - - [28/May/2020:10:23:31 +0800] "GET /xingrg/javascript/jquery_easy_ui/themes/default/images/tree_file.gif HTTP/1.1" 200 118
172.17.0.119 - - [28/May/2020:10:23:31 +0800] "GET /xingrg/javascript/jquery_easy_ui/themes/default/images/tree_folder.gif HTTP/1.1" 200 952
172.17.0.115 - - [28/May/2020:10:23:33 +0800] "GET /xingrg/all/function/internal_message.html?_=1590632623784&CODE_STATE=getMsg HTTP/1.1" 200 27
222.69.137.38 - - [28/May/2020:10:23:34 +0800] "GET /xingrg/all/function/internal_message.html?_=1590632608773&CODE_STATE=getMsg HTTP/1.1" 200 27
114.84.151.157 - - [28/May/2020:10:23:35 +0800] "GET /xingrg/system/rest/query_items.html?_=1590632612463&table=menu&page=1&rows=20&categoryId=&key=%25E5%25B0%258F%25E7%2599%25BD HTTP/1.1" 200 1200
172.17.0.185 - - [28/May/2020:10:23:35 +0800] "GET /xingrg/all/function/internal_message.html?_=1590632613499&CODE_STATE=getMsg HTTP/1.1" 200 27
117.131.5.26 - - [28/May/2020:10:23:35 +0800] "GET /xingrg/system/rest/query_items.html?_=1590632617860&table=menu&page=1&rows=20&categoryId=&key=zc HTTP/1.1" 200 4866
114.84.151.157 - - [28/May/2020:10:23:36 +0800] "GET /xingrg/system/rest/query_items.html?_=1590632613900&table=menu&page=1&rows=20&categoryId=&key=%25E5%25B0%258F%25E7%2599%25BD HTTP/1.1" 200 1200
114.84.151.157 - - [28/May/2020:10:23:37 +0800] "GET /xingrg/system/rest/get_item.html?table=menu&id=1931&_=1590632614638 HTTP/1.1" 200 944
114.84.151.157 - - [28/May/2020:10:23:37 +0800] "GET /xingrg/system/rest/get_item.html?table=menu&target=menu_rest&id=1931&_=1590632614684 HTTP/1.1" 200 886
114.84.151.157 - - [28/May/2020:10:23:37 +0800] "GET /xingrg/system/rest/get_item.html?table=menu&target=cook_mode&id=1931&_=1590632614682 HTTP/1.1" 200 17346
114.84.151.157 - - [28/May/2020:10:23:38 +0800] "GET /xingrg/system/rest/get_infos.html?command=menu_img_show&id=1931 HTTP/1.1" 200 5
117.131.5.26 - - [28/May/2020:10:23:38 +0800] "GET /xingrg/system/rest/get_item.html?table=menu&id=2059&_=1590632620703 HTTP/1.1" 200 952
117.131.5.26 - - [28/May/2020:10:23:38 +0800] "GET /xingrg/system/rest/get_item.html?table=menu&target=menu_rest&id=2059&_=1590632620719 HTTP/1.1" 200 763
117.131.5.26 - - [28/May/2020:10:23:38 +0800] "GET /xingrg/system/rest/get_item.html?table=menu&target=cook_mode&id=2059&_=1590632620719 HTTP/1.1" 200 11447
114.86.190.97 - - [28/May/2020:10:23:39 +0800] "POST /xingrg/services/DataTransmitService HTTP/1.1" 200 524
114.84.151.157 - - [28/May/2020:10:23:40 +0800] "GET /xingrg/system/rest/get_item.html?table=menu&target=menu_rest_detail&id=1931&sid=11&_=1590632617854 HTTP/1.1" 200 441
114.84.33.255 - - [28/May/2020:10:23:40 +0800] "GET /xingrg/all/function/internal_message.html?_=1590632616510&CODE_STATE=getMsg HTTP/1.1" 200 27
117.131.5.26 - - [28/May/2020:10:23:41 +0800] "GET /xingrg/system/rest/get_infos.html?command=menu_img_show&id=2059 HTTP/1.1" 200 5
114.84.151.157 - - [28/May/2020:10:23:43 +0800] "POST /xingrg/system/rest/edit_item.html HTTP/1.1" 200 4
114.84.151.157 - - [28/May/2020:10:23:43 +0800] "GET /xingrg/system/rest/get_item.html?table=menu&target=menu_rest&id=1931&_=1590632621011 HTTP/1.1" 200 886
117.131.5.26 - - [28/May/2020:10:23:44 +0800] "GET /xingrg/system/rest/get_item.html?table=menu&target=menu_rest_detail&id=2059&sid=5&_=1590632626110 HTTP/1.1" 200 425
114.84.151.157 - - [28/May/2020:10:23:44 +0800] "GET /xingrg/all/function/internal_message.html?_=1590632621948&CODE_STATE=getMsg HTTP/1.1" 200 27
58.221.95.50 - - [28/May/2020:10:23:46 +0800] "GET /xingrg/all/function/internal_message.html?_=1590632674232&CODE_STATE=getMsg HTTP/1.1" 200 27
58.221.95.50 - - [28/May/2020:10:23:46 +0800] "GET /xingrg/check_reg.html?_=1590632674234 HTTP/1.1" 200 22
114.84.151.157 - - [28/May/2020:10:23:47 +0800] "GET /xingrg/system/rest/query_items.html?_=1590632624933&table=menu&page=1&rows=20&categoryId=&key=%25E6%25A2%2585%25E5%25AD%2590%25E9%25B1%25BC HTTP/1.1" 200 325
114.84.151.157 - - [28/May/2020:10:23:48 +0800] "GET /xingrg/system/rest/query_items.html?_=1590632626151&table=menu&page=1&rows=20&categoryId=&key=%25E6%25A2%2585%25E5%25AD%2590%25E9%25B1%25BC HTTP/1.1" 200 325
114.84.151.157 - - [28/May/2020:10:23:49 +0800] "GET /xingrg/system/rest/get_item.html?table=menu&id=1954&_=1590632626950 HTTP/1.1" 200 1027
114.84.151.157 - - [28/May/2020:10:23:49 +0800] "GET /xingrg/system/rest/get_item.html?table=menu&target=cook_mode&id=1954&_=1590632626994 HTTP/1.1" 200 6954
114.84.151.157 - - [28/May/2020:10:23:49 +0800] "GET /xingrg/system/rest/get_item.html?table=menu&target=menu_rest&id=1954&_=1590632626999 HTTP/1.1" 200 970
117.185.32.26 - - [28/May/2020:10:23:49 +0800] "GET /xingrg/all/function/internal_message.html?_=1590633051626&CODE_STATE=getMsg HTTP/1.1" 200 27
114.84.151.157 - - [28/May/2020:10:23:50 +0800] "GET /xingrg/system/rest/get_infos.html?command=menu_img_show&id=1954 HTTP/1.1" 200 5
114.84.151.157 - - [28/May/2020:10:23:50 +0800] "GET /xingrg/system/rest/get_item.html?table=menu&id=1954&_=1590632628395 HTTP/1.1" 200 1027
114.84.151.157 - - [28/May/2020:10:23:50 +0800] "GET /xingrg/system/rest/get_item.html?table=menu&target=cook_mode&id=1954&_=1590632628403 HTTP/1.1" 200 6954
114.84.151.157 - - [28/May/2020:10:23:50 +0800] "GET /xingrg/system/rest/get_item.html?table=menu&target=menu_rest&id=1954&_=1590632628406 HTTP/1.1" 200 970
120.253.135.82 - - [28/May/2020:10:23:51 +0800] "GET /xingrg/check_reg.html?_=1590632385521 HTTP/1.1" 200 22
180.162.232.172 - - [28/May/2020:10:23:53 +0800] "GET /xingrg/all/function/internal_message.html?_=1590632630363&CODE_STATE=getMsg HTTP/1.1" 200 27
117.131.5.26 - - [28/May/2020:10:23:53 +0800] "GET /xingrg/system/rest/query_items.html?_=1590632635391&table=menu&page=1&rows=20&categoryId=&key=sky HTTP/1.1" 200 2699
114.84.151.157 - - [28/May/2020:10:23:53 +0800] "GET /xingrg/system/rest/get_item.html?table=menu&target=menu_rest_detail&id=1954&sid=11&_=1590632631047 HTTP/1.1" 200 426
117.131.5.26 - - [28/May/2020:10:23:55 +0800] "GET /xingrg/system/rest/get_item.html?table=menu&id=1940&_=1590632637532 HTTP/1.1" 200 966
117.131.5.26 - - [28/May/2020:10:23:55 +0800] "GET /xingrg/system/rest/get_item.html?table=menu&target=menu_rest&id=1940&_=1590632637547 HTTP/1.1" 200 775
117.131.5.26 - - [28/May/2020:10:23:55 +0800] "GET /xingrg/system/rest/get_item.html?table=menu&target=cook_mode&id=1940&_=1590632637547 HTTP/1.1" 200 10808
114.86.190.97 - - [28/May/2020:10:23:55 +0800] "GET /xingrg/all/function/internal_message.html?_=1590632640521&CODE_STATE=getMsg HTTP/1.1" 200 27
114.84.151.157 - - [28/May/2020:10:23:56 +0800] "POST /xingrg/system/rest/edit_item.html HTTP/1.1" 200 4
114.84.151.157 - - [28/May/2020:10:23:56 +0800] "GET /xingrg/system/rest/get_item.html?table=menu&target=menu_rest&id=1954&_=1590632634177 HTTP/1.1" 200 970
117.131.5.26 - - [28/May/2020:10:23:58 +0800] "GET /xingrg/system/rest/get_infos.html?command=menu_img_show&id=1940 HTTP/1.1" 200 5
114.84.151.157 - - [28/May/2020:10:24:00 +0800] "GET /xingrg/system/rest/query_items.html?_=1590632638372&table=menu&page=1&rows=20&categoryId=&key=%25E9%25A6%2599%25E8%259E%25BA HTTP/1.1" 200 297
117.131.5.26 - - [28/May/2020:10:24:01 +0800] "GET /xingrg/system/rest/get_item.html?table=menu&target=menu_rest_detail&id=1940&sid=5&_=1590632643703 HTTP/1.1" 200 425
114.84.151.157 - - [28/May/2020:10:24:02 +0800] "GET /xingrg/system/rest/query_items.html?_=1590632639877&table=menu&page=1&rows=20&categoryId=&key=%25E9%25A6%2599%25E8%259E%25BA HTTP/1.1" 200 297
114.84.151.157 - - [28/May/2020:10:24:03 +0800] "GET /xingrg/system/rest/get_item.html?table=menu&id=2046&_=1590632640558 HTTP/1.1" 200 1005
114.84.151.157 - - [28/May/2020:10:24:03 +0800] "GET /xingrg/system/rest/get_item.html?table=menu&target=menu_rest&id=2046&_=1590632640603 HTTP/1.1" 200 852
114.84.151.157 - - [28/May/2020:10:24:03 +0800] "GET /xingrg/system/rest/get_item.html?table=menu&target=cook_mode&id=2046&_=1590632640599 HTTP/1.1" 200 9356
114.84.151.157 - - [28/May/2020:10:24:04 +0800] "GET /xingrg/system/rest/get_infos.html?command=menu_img_show&id=2046 HTTP/1.1" 200 5
114.84.151.157 - - [28/May/2020:10:24:04 +0800] "GET /xingrg/system/rest/get_item.html?table=menu&id=2046&_=1590632642151 HTTP/1.1" 200 1005
114.84.151.157 - - [28/May/2020:10:24:04 +0800] "GET /xingrg/system/rest/get_item.html?table=menu&target=menu_rest&id=2046&_=1590632642160 HTTP/1.1" 200 852
114.84.151.157 - - [28/May/2020:10:24:04 +0800] "GET /xingrg/system/rest/get_item.html?table=menu&target=cook_mode&id=2046&_=1590632642158 HTTP/1.1" 200 9356
114.84.151.157 - - [28/May/2020:10:24:07 +0800] "GET /xingrg/system/rest/get_item.html?table=menu&target=menu_rest_detail&id=2046&sid=11&_=1590632644886 HTTP/1.1" 200 426
117.131.5.26 - - [28/May/2020:10:24:08 +0800] "GET /xingrg/system/rest/query_items.html?_=1590632650016&table=menu&page=1&rows=20&categoryId=&key=xg HTTP/1.1" 200 4827
116.230.77.149 - - [28/May/2020:10:24:09 +0800] "GET /xingrg/all/function/internal_message.html?_=1590632641724&CODE_STATE=getMsg HTTP/1.1" 200 27
114.84.151.157 - - [28/May/2020:10:24:10 +0800] "POST /xingrg/system/rest/edit_item.html HTTP/1.1" 200 4
114.84.151.157 - - [28/May/2020:10:24:10 +0800] "GET /xingrg/system/rest/get_item.html?table=menu&target=menu_rest&id=2046&_=1590632647924 HTTP/1.1" 200 852
114.84.32.201 - - [28/May/2020:10:24:12 +0800] "GET /xingrg/all/function/internal_message.html?_=1590632645118&CODE_STATE=getMsg HTTP/1.1" 200 27
114.84.32.201 - - [28/May/2020:10:24:12 +0800] "GET /xingrg/check_reg.html?_=1590632645165 HTTP/1.1" 200 22
180.162.102.27 - - [28/May/2020:10:24:13 +0800] "GET /xingrg/check_reg.html?_=1590632053923 HTTP/1.1" 200 22
172.17.0.100 - - [28/May/2020:10:24:13 +0800] "GET /xingrg/all/function/internal_message.html?_=1590632656250&CODE_STATE=getMsg HTTP/1.1" 200 27
114.84.151.157 - - [28/May/2020:10:24:14 +0800] "GET /xingrg/system/rest/query_items.html?_=1590632651756&table=menu&page=1&rows=20&categoryId=&key=%25E9%259D%2592%25E5%258F%25A3%25E8%25B4%259D HTTP/1.1" 200 694
114.84.33.255 - - [28/May/2020:10:24:15 +0800] "GET /xingrg/all/function/internal_message.html?_=1590632662385&CODE_STATE=getMsg HTTP/1.1" 200 27
117.131.5.26 - - [28/May/2020:10:24:15 +0800] "GET /xingrg/system/rest/get_item.html?table=menu&id=2001&_=1590632657375 HTTP/1.1" 200 935
117.131.5.26 - - [28/May/2020:10:24:15 +0800] "GET /xingrg/system/rest/get_item.html?table=menu&target=menu_rest&id=2001&_=1590632657391 HTTP/1.1" 200 653
117.131.5.26 - - [28/May/2020:10:24:15 +0800] "GET /xingrg/system/rest/get_item.html?table=menu&target=cook_mode&id=2001&_=1590632657391 HTTP/1.1" 200 8443
114.84.151.157 - - [28/May/2020:10:24:15 +0800] "GET /xingrg/system/rest/query_items.html?_=1590632653405&table=menu&page=1&rows=20&categoryId=&key=%25E9%259D%2592%25E5%258F%25A3%25E8%25B4%259D HTTP/1.1" 200 694
114.84.151.157 - - [28/May/2020:10:24:16 +0800] "GET /xingrg/system/rest/get_item.html?table=menu&id=2121&_=1590632653976 HTTP/1.1" 200 943
114.84.151.157 - - [28/May/2020:10:24:16 +0800] "GET /xingrg/system/rest/get_item.html?table=menu&target=cook_mode&id=2121&_=1590632653998 HTTP/1.1" 200 4431
114.84.151.157 - - [28/May/2020:10:24:16 +0800] "GET /xingrg/system/rest/get_item.html?table=menu&target=menu_rest&id=2121&_=1590632654000 HTTP/1.1" 200 349
180.162.102.27 - - [28/May/2020:10:24:16 +0800] "GET /xingrg/all/function/internal_message.html?_=1590632053926&CODE_STATE=getMsg HTTP/1.1" 200 27
172.17.0.115 - - [28/May/2020:10:24:17 +0800] "GET /xingrg/check_reg.html?_=1590632667378 HTTP/1.1" 200 22
180.175.212.199 - - [28/May/2020:10:24:17 +0800] "GET /xingrg/all/function/internal_message.html?_=1590632858753&CODE_STATE=getMsg HTTP/1.1" 200 27
114.84.151.157 - - [28/May/2020:10:24:18 +0800] "GET /xingrg/system/rest/get_infos.html?command=menu_img_show&id=2121 HTTP/1.1" 200 5
114.84.151.157 - - [28/May/2020:10:24:19 +0800] "GET /xingrg/system/rest/get_item.html?table=menu&target=menu_rest_detail&id=2121&sid=11&_=1590632656635 HTTP/1.1" 200 426
117.131.5.26 - - [28/May/2020:10:24:19 +0800] "GET /xingrg/system/rest/get_infos.html?command=menu_img_show&id=2001 HTTP/1.1" 200 5
117.131.5.26 - - [28/May/2020:10:24:22 +0800] "GET /xingrg/system/rest/get_item.html?table=menu&target=menu_rest_detail&id=2001&sid=5&_=1590632664000 HTTP/1.1" 200 426
114.84.151.157 - - [28/May/2020:10:24:22 +0800] "POST /xingrg/system/rest/edit_item.html HTTP/1.1" 200 4
114.84.151.157 - - [28/May/2020:10:24:22 +0800] "GET /xingrg/system/rest/get_item.html?table=menu&target=menu_rest&id=2121&_=1590632659769 HTTP/1.1" 200 349
61.172.5.115 - - [28/May/2020:10:24:23 +0800] "GET /xingrg/all/function/internal_message.html?_=1590632661052&CODE_STATE=getMsg HTTP/1.1" 200 27
114.84.151.157 - - [28/May/2020:10:24:25 +0800] "GET /xingrg/system/rest/query_items.html?_=1590632663374&table=menu&page=1&rows=20&categoryId=&key=%25E6%25B5%25B7%25E8%2582%25A0 HTTP/1.1" 200 248
