180.175.212.199 - - [28/May/2020:09:54:15 +0800] "GET /xingrg/kc/buy/cgsh_order_info.html?code=212020052810202 HTTP/1.1" 200 53549
180.175.212.199 - - [28/May/2020:09:54:16 +0800] "GET /xingrg/javascript/easyui/themes/default/validatebox.css HTTP/1.1" 404 1104
180.175.212.199 - - [28/May/2020:09:54:16 +0800] "POST /xingrg/kc/buy/cgsh_order_operate.html HTTP/1.1" 200 4160
172.17.0.115 - - [28/May/2020:09:54:17 +0800] "GET /xingrg/check_reg.html?_=1590630867345 HTTP/1.1" 200 22
61.172.5.115 - - [28/May/2020:09:54:23 +0800] "GET /xingrg/all/function/internal_message.html?_=1590630861019&CODE_STATE=getMsg HTTP/1.1" 200 27
114.88.170.9 - - [28/May/2020:09:54:26 +0800] "GET /xingrg/all/function/internal_message.html?_=1590630860375&CODE_STATE=getMsg HTTP/1.1" 302 -
172.17.0.101 - - [28/May/2020:09:54:28 +0800] "GET /xingrg/all/function/internal_message.html?_=1590630911805&CODE_STATE=getMsg HTTP/1.1" 200 27
172.17.0.115 - - [28/May/2020:09:54:33 +0800] "GET /xingrg/all/function/internal_message.html?_=1590630883381&CODE_STATE=getMsg HTTP/1.1" 200 27
222.69.137.38 - - [28/May/2020:09:54:35 +0800] "GET /xingrg/all/function/internal_message.html?_=1590630869408&CODE_STATE=getMsg HTTP/1.1" 200 27
172.17.0.185 - - [28/May/2020:09:54:35 +0800] "GET /xingrg/check_reg.html?_=1590630873515 HTTP/1.1" 200 22
172.17.0.185 - - [28/May/2020:09:54:35 +0800] "GET /xingrg/all/function/internal_message.html?_=1590630873520&CODE_STATE=getMsg HTTP/1.1" 200 27
120.253.135.82 - - [28/May/2020:09:54:36 +0800] "GET /xingrg/check_reg.html?_=1590631003231 HTTP/1.1" 200 22
114.84.33.255 - - [28/May/2020:09:54:40 +0800] "GET /xingrg/all/function/internal_message.html?_=1590630875914&CODE_STATE=getMsg HTTP/1.1" 200 27
58.221.95.50 - - [28/May/2020:09:54:46 +0800] "GET /xingrg/all/function/internal_message.html?_=1590630934207&CODE_STATE=getMsg HTTP/1.1" 200 27
180.175.212.199 - - [28/May/2020:09:54:48 +0800] "POST /xingrg/kc/buy/cgsh_list_operate.html HTTP/1.1" 200 5742
117.185.32.26 - - [28/May/2020:09:54:49 +0800] "GET /xingrg/all/function/internal_message.html?_=1590631311994&CODE_STATE=getMsg HTTP/1.1" 200 27
180.162.232.172 - - [28/May/2020:09:54:53 +0800] "GET /xingrg/all/function/internal_message.html?_=1590630890315&CODE_STATE=getMsg HTTP/1.1" 200 27
114.84.32.201 - - [28/May/2020:09:55:00 +0800] "GET /xingrg/check_reg.html?_=1590630892711 HTTP/1.1" 200 22
114.84.32.201 - - [28/May/2020:09:55:00 +0800] "GET /xingrg/all/function/internal_message.html?_=1590630892714&CODE_STATE=getMsg HTTP/1.1" 200 27
180.175.212.199 - - [28/May/2020:09:55:09 +0800] "GET /xingrg/all/function/internal_message.html?_=1590631110564&CODE_STATE=getMsg HTTP/1.1" 200 27
116.230.77.149 - - [28/May/2020:09:55:09 +0800] "GET /xingrg/all/function/internal_message.html?_=1590630901648&CODE_STATE=getMsg HTTP/1.1" 200 27
180.162.102.27 - - [28/May/2020:09:55:13 +0800] "GET /xingrg/all/function/internal_message.html?_=1590630313863&CODE_STATE=getMsg HTTP/1.1" 200 27
172.17.0.100 - - [28/May/2020:09:55:13 +0800] "GET /xingrg/check_reg.html?_=1590630916113 HTTP/1.1" 200 22
172.17.0.100 - - [28/May/2020:09:55:13 +0800] "GET /xingrg/all/function/internal_message.html?_=1590630916115&CODE_STATE=getMsg HTTP/1.1" 200 27
114.84.33.255 - - [28/May/2020:09:55:14 +0800] "GET /xingrg/all/function/internal_message.html?_=1590630921900&CODE_STATE=getMsg HTTP/1.1" 200 27
114.84.33.255 - - [28/May/2020:09:55:18 +0800] "GET /xingrg/kc/buy/cgsh_order_add.html HTTP/1.1" 200 58740
114.84.33.255 - - [28/May/2020:09:55:19 +0800] "POST /xingrg/kc/buy/cgsh_order_operate.html HTTP/1.1" 200 8245
114.84.33.255 - - [28/May/2020:09:55:19 +0800] "GET /xingrg/javascript/easyui/themes/default/validatebox.css HTTP/1.1" 404 1104
61.172.5.115 - - [28/May/2020:09:55:23 +0800] "GET /xingrg/all/function/internal_message.html?_=1590630921021&CODE_STATE=getMsg HTTP/1.1" 200 27
114.88.170.9 - - [28/May/2020:09:55:26 +0800] "GET /xingrg/all/function/internal_message.html?_=1590630920382&CODE_STATE=getMsg HTTP/1.1" 302 -
172.17.0.101 - - [28/May/2020:09:55:28 +0800] "GET /xingrg/all/function/internal_message.html?_=1590630971809&CODE_STATE=getMsg HTTP/1.1" 200 27
172.17.0.115 - - [28/May/2020:09:55:33 +0800] "GET /xingrg/all/function/internal_message.html?_=1590630943396&CODE_STATE=getMsg HTTP/1.1" 200 27
222.69.137.38 - - [28/May/2020:09:55:35 +0800] "GET /xingrg/all/function/internal_message.html?_=1590630929384&CODE_STATE=getMsg HTTP/1.1" 200 27
172.17.0.185 - - [28/May/2020:09:55:35 +0800] "GET /xingrg/all/function/internal_message.html?_=1590630933498&CODE_STATE=getMsg HTTP/1.1" 200 27
114.84.33.255 - - [28/May/2020:09:55:40 +0800] "GET /xingrg/all/function/internal_message.html?_=1590630935957&CODE_STATE=getMsg HTTP/1.1" 200 27
58.221.95.50 - - [28/May/2020:09:55:46 +0800] "GET /xingrg/all/function/internal_message.html?_=1590630994209&CODE_STATE=getMsg HTTP/1.1" 200 27
114.84.33.255 - - [28/May/2020:09:55:46 +0800] "GET /xingrg/javascript/jquery_easy_ui/themes/default/images/tabs_active.png HTTP/1.1" 304 -
117.185.32.26 - - [28/May/2020:09:55:49 +0800] "GET /xingrg/all/function/internal_message.html?_=1590631371979&CODE_STATE=getMsg HTTP/1.1" 200 27
180.162.232.172 - - [28/May/2020:09:55:53 +0800] "GET /xingrg/all/function/internal_message.html?_=1590630950324&CODE_STATE=getMsg HTTP/1.1" 200 27
180.162.232.172 - - [28/May/2020:09:55:53 +0800] "GET /xingrg/check_reg.html?_=1590631082375 HTTP/1.1" 302 -
180.175.212.199 - - [28/May/2020:09:55:54 +0800] "GET /xingrg/check_reg.html?_=1590631155136 HTTP/1.1" 200 22
114.84.32.201 - - [28/May/2020:09:56:00 +0800] "GET /xingrg/all/function/internal_message.html?_=1590630952709&CODE_STATE=getMsg HTTP/1.1" 200 27
180.175.212.199 - - [28/May/2020:09:56:09 +0800] "GET /xingrg/all/function/internal_message.html?_=1590631170571&CODE_STATE=getMsg HTTP/1.1" 200 27
116.230.77.149 - - [28/May/2020:09:56:09 +0800] "GET /xingrg/all/function/internal_message.html?_=1590630961646&CODE_STATE=getMsg HTTP/1.1" 200 27
180.162.102.27 - - [28/May/2020:09:56:13 +0800] "GET /xingrg/all/function/internal_message.html?_=1590630373861&CODE_STATE=getMsg HTTP/1.1" 200 27
172.17.0.100 - - [28/May/2020:09:56:13 +0800] "GET /xingrg/all/function/internal_message.html?_=1590630976123&CODE_STATE=getMsg HTTP/1.1" 200 27
114.84.33.255 - - [28/May/2020:09:56:14 +0800] "GET /xingrg/check_reg.html?_=1590630981855 HTTP/1.1" 200 22
114.84.33.255 - - [28/May/2020:09:56:14 +0800] "GET /xingrg/all/function/internal_message.html?_=1590630981914&CODE_STATE=getMsg HTTP/1.1" 200 27
114.88.170.9 - - [28/May/2020:09:56:21 +0800] "GET /xingrg/check_reg.html?_=1590630974846 HTTP/1.1" 302 -
61.172.5.115 - - [28/May/2020:09:56:23 +0800] "GET /xingrg/check_reg.html?_=1590630981015 HTTP/1.1" 200 22
61.172.5.115 - - [28/May/2020:09:56:23 +0800] "GET /xingrg/all/function/internal_message.html?_=1590630981016&CODE_STATE=getMsg HTTP/1.1" 200 27
114.84.33.255 - - [28/May/2020:09:56:25 +0800] "GET /xingrg/check_reg.html?_=1590630981324 HTTP/1.1" 200 22
114.88.170.9 - - [28/May/2020:09:56:26 +0800] "GET /xingrg/all/function/internal_message.html?_=1590630980395&CODE_STATE=getMsg HTTP/1.1" 302 -
172.17.0.101 - - [28/May/2020:09:56:28 +0800] "GET /xingrg/all/function/internal_message.html?_=1590631031799&CODE_STATE=getMsg HTTP/1.1" 200 27
222.69.137.38 - - [28/May/2020:09:56:32 +0800] "GET /xingrg/check_reg.html?_=1590630986748 HTTP/1.1" 200 22
172.17.0.115 - - [28/May/2020:09:56:33 +0800] "GET /xingrg/all/function/internal_message.html?_=1590631003420&CODE_STATE=getMsg HTTP/1.1" 200 27
222.69.137.38 - - [28/May/2020:09:56:35 +0800] "GET /xingrg/all/function/internal_message.html?_=1590630989358&CODE_STATE=getMsg HTTP/1.1" 200 27
172.17.0.185 - - [28/May/2020:09:56:35 +0800] "GET /xingrg/all/function/internal_message.html?_=1590630993499&CODE_STATE=getMsg HTTP/1.1" 200 27
114.84.33.255 - - [28/May/2020:09:56:40 +0800] "GET /xingrg/all/function/internal_message.html?_=1590630995975&CODE_STATE=getMsg HTTP/1.1" 200 27
58.221.95.50 - - [28/May/2020:09:56:46 +0800] "GET /xingrg/all/function/internal_message.html?_=1590631054208&CODE_STATE=getMsg HTTP/1.1" 200 27
117.185.32.26 - - [28/May/2020:09:56:49 +0800] "GET /xingrg/all/function/internal_message.html?_=1590631431963&CODE_STATE=getMsg HTTP/1.1" 200 27
180.162.232.172 - - [28/May/2020:09:56:53 +0800] "GET /xingrg/check_reg.html?_=1590631010324 HTTP/1.1" 200 22
180.162.232.172 - - [28/May/2020:09:56:53 +0800] "GET /xingrg/all/function/internal_message.html?_=1590631010329&CODE_STATE=getMsg HTTP/1.1" 200 27
117.131.5.26 - - [28/May/2020:09:56:55 +0800] "GET /xingrg/check_reg.html?_=1590631017610 HTTP/1.1" 302 -
120.253.135.82 - - [28/May/2020:09:56:59 +0800] "GET /xingrg/check_reg.html?_=1590631145493 HTTP/1.1" 200 22
114.84.32.201 - - [28/May/2020:09:57:00 +0800] "GET /xingrg/all/function/internal_message.html?_=1590631012704&CODE_STATE=getMsg HTTP/1.1" 200 27
180.175.212.199 - - [28/May/2020:09:57:09 +0800] "GET /xingrg/all/function/internal_message.html?_=1590631230586&CODE_STATE=getMsg HTTP/1.1" 200 27
116.230.77.149 - - [28/May/2020:09:57:09 +0800] "GET /xingrg/all/function/internal_message.html?_=1590631021657&CODE_STATE=getMsg HTTP/1.1" 200 27
116.230.77.149 - - [28/May/2020:09:57:09 +0800] "GET /xingrg/check_reg.html?_=1590631021661 HTTP/1.1" 200 22
180.162.102.27 - - [28/May/2020:09:57:13 +0800] "GET /xingrg/all/function/internal_message.html?_=1590630433865&CODE_STATE=getMsg HTTP/1.1" 200 27
172.17.0.100 - - [28/May/2020:09:57:13 +0800] "GET /xingrg/all/function/internal_message.html?_=1590631036126&CODE_STATE=getMsg HTTP/1.1" 200 27
114.84.33.255 - - [28/May/2020:09:57:14 +0800] "GET /xingrg/all/function/internal_message.html?_=1590631041926&CODE_STATE=getMsg HTTP/1.1" 200 27
61.172.5.115 - - [28/May/2020:09:57:23 +0800] "GET /xingrg/all/function/internal_message.html?_=1590631041023&CODE_STATE=getMsg HTTP/1.1" 200 27
114.88.170.9 - - [28/May/2020:09:57:26 +0800] "GET /xingrg/all/function/internal_message.html?_=1590631040796&CODE_STATE=getMsg HTTP/1.1" 302 -
172.17.0.101 - - [28/May/2020:09:57:28 +0800] "GET /xingrg/all/function/internal_message.html?_=1590631091802&CODE_STATE=getMsg HTTP/1.1" 200 27
172.17.0.115 - - [28/May/2020:09:57:33 +0800] "GET /xingrg/all/function/internal_message.html?_=1590631063424&CODE_STATE=getMsg HTTP/1.1" 200 27
222.69.137.38 - - [28/May/2020:09:57:35 +0800] "GET /xingrg/all/function/internal_message.html?_=1590631049332&CODE_STATE=getMsg HTTP/1.1" 200 27
172.17.0.185 - - [28/May/2020:09:57:35 +0800] "GET /xingrg/all/function/internal_message.html?_=1590631053515&CODE_STATE=getMsg HTTP/1.1" 200 27
114.84.33.255 - - [28/May/2020:09:57:40 +0800] "GET /xingrg/all/function/internal_message.html?_=1590631055987&CODE_STATE=getMsg HTTP/1.1" 200 27
58.221.95.50 - - [28/May/2020:09:57:46 +0800] "GET /xingrg/all/function/internal_message.html?_=1590631114207&CODE_STATE=getMsg HTTP/1.1" 200 27
117.185.32.26 - - [28/May/2020:09:57:49 +0800] "GET /xingrg/all/function/internal_message.html?_=1590631491978&CODE_STATE=getMsg HTTP/1.1" 200 27
117.185.32.26 - - [28/May/2020:09:57:50 +0800] "GET /xingrg/check_reg.html?_=1590631492073 HTTP/1.1" 200 22
180.162.232.172 - - [28/May/2020:09:57:53 +0800] "GET /xingrg/all/function/internal_message.html?_=1590631070329&CODE_STATE=getMsg HTTP/1.1" 200 27
114.84.32.201 - - [28/May/2020:09:58:00 +0800] "GET /xingrg/all/function/internal_message.html?_=1590631072707&CODE_STATE=getMsg HTTP/1.1" 200 27
116.230.77.149 - - [28/May/2020:09:58:09 +0800] "GET /xingrg/all/function/internal_message.html?_=1590631081659&CODE_STATE=getMsg HTTP/1.1" 200 27
180.175.212.199 - - [28/May/2020:09:58:10 +0800] "GET /xingrg/all/function/internal_message.html?_=1590631291304&CODE_STATE=getMsg HTTP/1.1" 200 27
180.162.102.27 - - [28/May/2020:09:58:13 +0800] "GET /xingrg/all/function/internal_message.html?_=1590630493889&CODE_STATE=getMsg HTTP/1.1" 200 27
172.17.0.100 - - [28/May/2020:09:58:13 +0800] "GET /xingrg/all/function/internal_message.html?_=1590631096129&CODE_STATE=getMsg HTTP/1.1" 200 27
114.84.33.255 - - [28/May/2020:09:58:14 +0800] "GET /xingrg/all/function/internal_message.html?_=1590631101941&CODE_STATE=getMsg HTTP/1.1" 200 27
61.172.5.115 - - [28/May/2020:09:58:23 +0800] "GET /xingrg/all/function/internal_message.html?_=1590631101023&CODE_STATE=getMsg HTTP/1.1" 200 27
114.88.170.9 - - [28/May/2020:09:58:26 +0800] "GET /xingrg/all/function/internal_message.html?_=1590631100797&CODE_STATE=getMsg HTTP/1.1" 302 -
172.17.0.101 - - [28/May/2020:09:58:28 +0800] "GET /xingrg/check_reg.html?_=1590631151814 HTTP/1.1" 200 22
172.17.0.101 - - [28/May/2020:09:58:28 +0800] "GET /xingrg/all/function/internal_message.html?_=1590631151807&CODE_STATE=getMsg HTTP/1.1" 200 27
172.17.0.115 - - [28/May/2020:09:58:33 +0800] "GET /xingrg/all/function/internal_message.html?_=1590631123448&CODE_STATE=getMsg HTTP/1.1" 200 27
222.69.137.38 - - [28/May/2020:09:58:35 +0800] "GET /xingrg/all/function/internal_message.html?_=1590631109314&CODE_STATE=getMsg HTTP/1.1" 200 27
172.17.0.185 - - [28/May/2020:09:58:35 +0800] "GET /xingrg/all/function/internal_message.html?_=1590631113494&CODE_STATE=getMsg HTTP/1.1" 200 27
114.84.33.255 - - [28/May/2020:09:58:40 +0800] "GET /xingrg/all/function/internal_message.html?_=1590631116019&CODE_STATE=getMsg HTTP/1.1" 200 27
58.221.95.50 - - [28/May/2020:09:58:46 +0800] "GET /xingrg/check_reg.html?_=1590631174206 HTTP/1.1" 200 22
58.221.95.50 - - [28/May/2020:09:58:46 +0800] "GET /xingrg/all/function/internal_message.html?_=1590631174220&CODE_STATE=getMsg HTTP/1.1" 200 27
117.185.32.26 - - [28/May/2020:09:58:49 +0800] "GET /xingrg/all/function/internal_message.html?_=1590631551962&CODE_STATE=getMsg HTTP/1.1" 200 27
180.162.232.172 - - [28/May/2020:09:58:53 +0800] "GET /xingrg/all/function/internal_message.html?_=1590631130330&CODE_STATE=getMsg HTTP/1.1" 200 27
114.84.32.201 - - [28/May/2020:09:59:00 +0800] "GET /xingrg/all/function/internal_message.html?_=1590631132704&CODE_STATE=getMsg HTTP/1.1" 200 27
116.230.77.149 - - [28/May/2020:09:59:02 +0800] "POST /xingrg/kc/buy/cgsh_order_operate.html HTTP/1.1" 200 37
116.230.77.149 - - [28/May/2020:09:59:03 +0800] "POST /xingrg/kc/buy/cgsh_order_operate.html HTTP/1.1" 200 30458
116.230.77.149 - - [28/May/2020:09:59:04 +0800] "GET /xingrg/kc/buy/cgsh_order_add.html HTTP/1.1" 200 58781
116.230.77.149 - - [28/May/2020:09:59:05 +0800] "GET /xingrg/javascript/easyui/themes/default/validatebox.css HTTP/1.1" 404 1104
116.230.77.149 - - [28/May/2020:09:59:06 +0800] "POST /xingrg/kc/buy/cgsh_order_operate.html HTTP/1.1" 200 8245
116.230.77.149 - - [28/May/2020:09:59:07 +0800] "GET /xingrg/javascript/easyui/themes/default/tree.css HTTP/1.1" 404 1090
116.230.77.149 - - [28/May/2020:09:59:07 +0800] "POST /xingrg/all/common/load_tree.html?tree=supplier_tree_json&isDelete=1 HTTP/1.1" 200 48460
116.230.77.149 - - [28/May/2020:09:59:09 +0800] "GET /xingrg/all/function/internal_message.html?_=1590631141701&CODE_STATE=getMsg HTTP/1.1" 200 27
180.175.212.199 - - [28/May/2020:09:59:10 +0800] "GET /xingrg/all/function/internal_message.html?_=1590631351314&CODE_STATE=getMsg HTTP/1.1" 200 27
180.162.102.27 - - [28/May/2020:09:59:13 +0800] "GET /xingrg/all/function/internal_message.html?_=1590630553887&CODE_STATE=getMsg HTTP/1.1" 200 27
180.162.102.27 - - [28/May/2020:09:59:13 +0800] "GET /xingrg/check_reg.html?_=1590630553889 HTTP/1.1" 200 22
172.17.0.100 - - [28/May/2020:09:59:13 +0800] "GET /xingrg/all/function/internal_message.html?_=1590631156123&CODE_STATE=getMsg HTTP/1.1" 200 27
114.84.33.255 - - [28/May/2020:09:59:14 +0800] "GET /xingrg/all/function/internal_message.html?_=1590631161960&CODE_STATE=getMsg HTTP/1.1" 200 27
172.17.0.115 - - [28/May/2020:09:59:17 +0800] "GET /xingrg/check_reg.html?_=1590631167350 HTTP/1.1" 200 22
61.172.5.115 - - [28/May/2020:09:59:23 +0800] "GET /xingrg/all/function/internal_message.html?_=1590631161017&CODE_STATE=getMsg HTTP/1.1" 200 27
116.230.77.149 - - [28/May/2020:09:59:23 +0800] "GET /xingrg/kc/buy/cgsh_order_operate.html?command=get_materiel&rest_code=00107&code=00101010161&supplier_code=00100041&order_time=2020-05-28 HTTP/1.1" 200 409
114.88.170.9 - - [28/May/2020:09:59:27 +0800] "GET /xingrg/all/function/internal_message.html?_=1590631161204&CODE_STATE=getMsg HTTP/1.1" 302 -
172.17.0.101 - - [28/May/2020:09:59:28 +0800] "GET /xingrg/all/function/internal_message.html?_=1590631211799&CODE_STATE=getMsg HTTP/1.1" 200 27
172.17.0.115 - - [28/May/2020:09:59:33 +0800] "GET /xingrg/all/function/internal_message.html?_=1590631183450&CODE_STATE=getMsg HTTP/1.1" 200 27
116.230.77.149 - - [28/May/2020:09:59:35 +0800] "GET /xingrg/kc/buy/cgsh_order_operate.html?command=get_materiel&rest_code=00107&code=00101001160&supplier_code=00100041&order_time=2020-05-28 HTTP/1.1" 200 408
222.69.137.38 - - [28/May/2020:09:59:35 +0800] "GET /xingrg/all/function/internal_message.html?_=1590631169296&CODE_STATE=getMsg HTTP/1.1" 200 27
172.17.0.185 - - [28/May/2020:09:59:35 +0800] "GET /xingrg/all/function/internal_message.html?_=1590631173513&CODE_STATE=getMsg HTTP/1.1" 200 27
172.17.0.185 - - [28/May/2020:09:59:35 +0800] "GET /xingrg/check_reg.html?_=1590631173514 HTTP/1.1" 200 22
120.253.135.82 - - [28/May/2020:09:59:36 +0800] "GET /xingrg/check_reg.html?_=1590631303242 HTTP/1.1" 200 22
114.84.33.255 - - [28/May/2020:09:59:40 +0800] "GET /xingrg/all/function/internal_message.html?_=1590631176029&CODE_STATE=getMsg HTTP/1.1" 200 27
58.221.95.50 - - [28/May/2020:09:59:46 +0800] "GET /xingrg/all/function/internal_message.html?_=1590631234204&CODE_STATE=getMsg HTTP/1.1" 200 27
117.185.32.26 - - [28/May/2020:09:59:49 +0800] "GET /xingrg/all/function/internal_message.html?_=1590631611948&CODE_STATE=getMsg HTTP/1.1" 200 27
180.162.232.172 - - [28/May/2020:09:59:53 +0800] "GET /xingrg/all/function/internal_message.html?_=1590631190330&CODE_STATE=getMsg HTTP/1.1" 200 27
116.230.77.149 - - [28/May/2020:09:59:53 +0800] "GET /xingrg/kc/buy/cgsh_order_operate.html?command=get_materiel&rest_code=00107&code=00101001010&supplier_code=00100041&order_time=2020-05-28 HTTP/1.1" 200 428
114.84.32.201 - - [28/May/2020:10:00:00 +0800] "GET /xingrg/all/function/internal_message.html?_=1590631192717&CODE_STATE=getMsg HTTP/1.1" 200 27
114.84.32.201 - - [28/May/2020:10:00:00 +0800] "GET /xingrg/check_reg.html?_=1590631192719 HTTP/1.1" 200 22
116.230.77.149 - - [28/May/2020:10:00:02 +0800] "POST /xingrg/kc/buy/cgsh_order_operate.html HTTP/1.1" 200 37
116.230.77.149 - - [28/May/2020:10:00:03 +0800] "POST /xingrg/kc/buy/cgsh_order_operate.html HTTP/1.1" 200 3831
116.230.77.149 - - [28/May/2020:10:00:05 +0800] "GET /xingrg/kc/print/load_data.html?order_code=212020052810203&kc_code=cgsh&condition= HTTP/1.1" 200 1127
116.230.77.149 - - [28/May/2020:10:00:09 +0800] "GET /xingrg/kc/buy/cgsh_order_add.html HTTP/1.1" 200 58781
61.172.5.115 - - [28/May/2020:10:00:09 +0800] "POST /xingrg/kc/buy/cgsh_list_operate.html HTTP/1.1" 200 5866
116.230.77.149 - - [28/May/2020:10:00:09 +0800] "GET /xingrg/javascript/easyui/themes/default/validatebox.css HTTP/1.1" 404 1104
116.230.77.149 - - [28/May/2020:10:00:09 +0800] "POST /xingrg/kc/buy/cgsh_order_operate.html HTTP/1.1" 200 8245
116.230.77.149 - - [28/May/2020:10:00:10 +0800] "GET /xingrg/all/function/internal_message.html?_=1590631201716&CODE_STATE=getMsg HTTP/1.1" 200 27
180.175.212.199 - - [28/May/2020:10:00:11 +0800] "GET /xingrg/all/function/internal_message.html?_=1590631412035&CODE_STATE=getMsg HTTP/1.1" 200 27
180.162.102.27 - - [28/May/2020:10:00:13 +0800] "GET /xingrg/all/function/internal_message.html?_=1590630613888&CODE_STATE=getMsg HTTP/1.1" 200 27
172.17.0.100 - - [28/May/2020:10:00:13 +0800] "GET /xingrg/check_reg.html?_=1590631216135 HTTP/1.1" 200 22
172.17.0.100 - - [28/May/2020:10:00:13 +0800] "GET /xingrg/all/function/internal_message.html?_=1590631216157&CODE_STATE=getMsg HTTP/1.1" 200 27
114.84.33.255 - - [28/May/2020:10:00:14 +0800] "GET /xingrg/all/function/internal_message.html?_=1590631221968&CODE_STATE=getMsg HTTP/1.1" 200 27
116.230.77.149 - - [28/May/2020:10:00:15 +0800] "GET /xingrg/javascript/easyui/themes/default/tree.css HTTP/1.1" 404 1090
116.230.77.149 - - [28/May/2020:10:00:15 +0800] "POST /xingrg/all/common/load_tree.html?tree=supplier_tree_json&isDelete=1 HTTP/1.1" 200 48460
61.172.5.115 - - [28/May/2020:10:00:16 +0800] "POST /xingrg/kc/buy/cgsh_list_operate.html HTTP/1.1" 200 4335
61.172.5.115 - - [28/May/2020:10:00:23 +0800] "GET /xingrg/all/function/internal_message.html?_=1590631221022&CODE_STATE=getMsg HTTP/1.1" 200 27
114.88.170.9 - - [28/May/2020:10:00:27 +0800] "GET /xingrg/all/function/internal_message.html?_=1590631221214&CODE_STATE=getMsg HTTP/1.1" 302 -
172.17.0.101 - - [28/May/2020:10:00:28 +0800] "GET /xingrg/all/function/internal_message.html?_=1590631271828&CODE_STATE=getMsg HTTP/1.1" 200 27
172.17.0.115 - - [28/May/2020:10:00:33 +0800] "GET /xingrg/all/function/internal_message.html?_=1590631243464&CODE_STATE=getMsg HTTP/1.1" 200 27
222.69.137.38 - - [28/May/2020:10:00:35 +0800] "GET /xingrg/all/function/internal_message.html?_=1590631229282&CODE_STATE=getMsg HTTP/1.1" 200 27
172.17.0.185 - - [28/May/2020:10:00:35 +0800] "GET /xingrg/all/function/internal_message.html?_=1590631233499&CODE_STATE=getMsg HTTP/1.1" 200 27
116.230.77.149 - - [28/May/2020:10:00:40 +0800] "GET /xingrg/kc/buy/cgsh_order_operate.html?command=get_materiel&rest_code=00107&code=00101011010&supplier_code=00100049&order_time=2020-05-28 HTTP/1.1" 200 418
114.84.33.255 - - [28/May/2020:10:00:40 +0800] "GET /xingrg/all/function/internal_message.html?_=1590631236070&CODE_STATE=getMsg HTTP/1.1" 200 27
58.221.95.50 - - [28/May/2020:10:00:46 +0800] "GET /xingrg/all/function/internal_message.html?_=1590631294202&CODE_STATE=getMsg HTTP/1.1" 200 27
116.230.77.149 - - [28/May/2020:10:00:49 +0800] "POST /xingrg/kc/buy/cgsh_order_operate.html HTTP/1.1" 200 37
117.185.32.26 - - [28/May/2020:10:00:49 +0800] "GET /xingrg/all/function/internal_message.html?_=1590631671933&CODE_STATE=getMsg HTTP/1.1" 200 27
116.230.77.149 - - [28/May/2020:10:00:50 +0800] "POST /xingrg/kc/buy/cgsh_order_operate.html HTTP/1.1" 200 2662
116.230.77.149 - - [28/May/2020:10:00:51 +0800] "GET /xingrg/kc/print/load_data.html?order_code=212020052810204&kc_code=cgsh&condition= HTTP/1.1" 200 715
180.162.232.172 - - [28/May/2020:10:00:53 +0800] "GET /xingrg/all/function/internal_message.html?_=1590631250331&CODE_STATE=getMsg HTTP/1.1" 200 27
180.162.232.172 - - [28/May/2020:10:00:53 +0800] "GET /xingrg/check_reg.html?_=1590631382397 HTTP/1.1" 302 -
180.175.212.199 - - [28/May/2020:10:00:54 +0800] "GET /xingrg/check_reg.html?_=1590631455133 HTTP/1.1" 200 22
114.84.32.201 - - [28/May/2020:10:01:00 +0800] "GET /xingrg/all/function/internal_message.html?_=1590631252715&CODE_STATE=getMsg HTTP/1.1" 200 27
116.230.77.149 - - [28/May/2020:10:01:00 +0800] "GET /xingrg/login.html HTTP/1.1" 200 7641
116.230.77.149 - - [28/May/2020:10:01:02 +0800] "GET /favicon.ico HTTP/1.1" 404 -
116.230.77.149 - - [28/May/2020:10:01:09 +0800] "GET /xingrg/all/function/internal_message.html?_=1590631261704&CODE_STATE=getMsg HTTP/1.1" 200 27
180.175.212.199 - - [28/May/2020:10:01:11 +0800] "GET /xingrg/all/function/internal_message.html?_=1590631472045&CODE_STATE=getMsg HTTP/1.1" 200 27
116.230.77.149 - - [28/May/2020:10:01:12 +0800] "POST /xingrg/login.do HTTP/1.1" 302 -
116.230.77.149 - - [28/May/2020:10:01:12 +0800] "GET /xingrg/index.html?sysBaseUrl=http%3A%2F%2F180.169.147.146%3A18081%2Fxingrg%2F&costTime=40×tamp=1590631272510 HTTP/1.1" 200 17503
180.162.102.27 - - [28/May/2020:10:01:13 +0800] "GET /xingrg/all/function/internal_message.html?_=1590630673886&CODE_STATE=getMsg HTTP/1.1" 200 27
116.230.77.149 - - [28/May/2020:10:01:13 +0800] "GET /favicon.ico HTTP/1.1" 404 -
172.17.0.100 - - [28/May/2020:10:01:13 +0800] "GET /xingrg/all/function/internal_message.html?_=1590631276144&CODE_STATE=getMsg HTTP/1.1" 200 27
116.230.77.149 - - [28/May/2020:10:01:14 +0800] "POST /xingrg/all/common/load_tree.html?tree=area_rest_tree_json&manage=1 HTTP/1.1" 200 3088
116.230.77.149 - - [28/May/2020:10:01:14 +0800] "GET /xingrg/check_reg.html?_=1590631266050 HTTP/1.1" 200 22
116.230.77.149 - - [28/May/2020:10:01:14 +0800] "GET /xingrg/all/function/internal_message.html?_=1590631266042&CODE_STATE=count HTTP/1.1" 200 11
116.230.77.149 - - [28/May/2020:10:01:14 +0800] "POST /xingrg/load_menu.html HTTP/1.1" 200 11443
114.84.33.255 - - [28/May/2020:10:01:14 +0800] "GET /xingrg/check_reg.html?_=1590631281862 HTTP/1.1" 200 22
114.84.33.255 - - [28/May/2020:10:01:14 +0800] "GET /xingrg/all/function/internal_message.html?_=1590631281982&CODE_STATE=getMsg HTTP/1.1" 200 27
116.230.77.149 - - [28/May/2020:10:01:18 +0800] "POST /xingrg/all/user/operate.html HTTP/1.1" 200 36
116.230.77.149 - - [28/May/2020:10:01:18 +0800] "GET /xingrg/index.html?sysBaseUrl=http%3A%2F%2F180.169.147.146%3A18081%2Fxingrg%2F&costTime=40×tamp=1590631272510 HTTP/1.1" 200 17509
116.230.77.149 - - [28/May/2020:10:01:18 +0800] "GET /xingrg/javascript/jquery_easy_ui/themes/default/easyui.css HTTP/1.1" 304 -
116.230.77.149 - - [28/May/2020:10:01:18 +0800] "GET /xingrg/javascript/jquery_easy_ui/themes/icon.css HTTP/1.1" 304 -
116.230.77.149 - - [28/May/2020:10:01:18 +0800] "GET /xingrg/css/form.css HTTP/1.1" 304 -
116.230.77.149 - - [28/May/2020:10:01:18 +0800] "GET /xingrg/javascript/jquery-1.4.2.min.js HTTP/1.1" 304 -
116.230.77.149 - - [28/May/2020:10:01:18 +0800] "GET /xingrg/javascript/jquery_easy_ui/jquery.easyui.min.js HTTP/1.1" 304 -
116.230.77.149 - - [28/May/2020:10:01:18 +0800] "GET /xingrg/javascript/jquery_easy_ui/easyui-lang-zh_CN.js HTTP/1.1" 304 -
116.230.77.149 - - [28/May/2020:10:01:18 +0800] "GET /xingrg/javascript/jquery.form.js HTTP/1.1" 304 -
116.230.77.149 - - [28/May/2020:10:01:18 +0800] "GET /xingrg/javascript/jquery.utils.js HTTP/1.1" 304 -
116.230.77.149 - - [28/May/2020:10:01:18 +0800] "GET /xingrg/javascript/jquery.timers.js HTTP/1.1" 304 -
116.230.77.149 - - [28/May/2020:10:01:19 +0800] "GET /xingrg/images/blue/jxLogo.png HTTP/1.1" 304 -
116.230.77.149 - - [28/May/2020:10:01:19 +0800] "GET /xingrg/images/blue/navBackgound.jpg HTTP/1.1" 304 -
116.230.77.149 - - [28/May/2020:10:01:19 +0800] "GET /xingrg/javascript/jquery_easy_ui/themes/icons/settle_new.png HTTP/1.1" 304 -
116.230.77.149 - - [28/May/2020:10:01:19 +0800] "GET /xingrg/all/function/internal_message.html?_=1590631271054&CODE_STATE=count HTTP/1.1" 200 11
116.230.77.149 - - [28/May/2020:10:01:19 +0800] "GET /xingrg/javascript/jquery_easy_ui/themes/default/images/tabs_leftarrow.png HTTP/1.1" 304 -
116.230.77.149 - - [28/May/2020:10:01:19 +0800] "GET /xingrg/check_reg.html?_=1590631271061 HTTP/1.1" 200 22
116.230.77.149 - - [28/May/2020:10:01:19 +0800] "GET /xingrg/javascript/jquery_easy_ui/themes/default/images/panel_tool_expand.gif HTTP/1.1" 304 -
116.230.77.149 - - [28/May/2020:10:01:19 +0800] "POST /xingrg/all/common/load_tree.html?tree=area_rest_tree_json&manage=1 HTTP/1.1" 200 3088
116.230.77.149 - - [28/May/2020:10:01:19 +0800] "GET /xingrg/javascript/jquery_easy_ui/themes/default/images/panel_tool_collapse.gif HTTP/1.1" 304 -
116.230.77.149 - - [28/May/2020:10:01:19 +0800] "GET /xingrg/javascript/jquery_easy_ui/themes/default/images/tabs_rightarrow.png HTTP/1.1" 304 -
116.230.77.149 - - [28/May/2020:10:01:19 +0800] "GET /xingrg/images/blue/pingpu.png HTTP/1.1" 304 -
116.230.77.149 - - [28/May/2020:10:01:19 +0800] "POST /xingrg/load_menu.html HTTP/1.1" 200 9959
116.230.77.149 - - [28/May/2020:10:01:19 +0800] "GET /xingrg/javascript/jquery_easy_ui/themes/icons/checkout_new.png HTTP/1.1" 304 -
116.230.77.149 - - [28/May/2020:10:01:19 +0800] "GET /xingrg/javascript/jquery_easy_ui/themes/icons/storage_new.png HTTP/1.1" 304 -
116.230.77.149 - - [28/May/2020:10:01:19 +0800] "GET /xingrg/javascript/jquery_easy_ui/themes/default/images/tree_arrows.gif HTTP/1.1" 304 -
116.230.77.149 - - [28/May/2020:10:01:19 +0800] "GET /xingrg/javascript/jquery_easy_ui/themes/default/images/tree_folder.gif HTTP/1.1" 304 -
116.230.77.149 - - [28/May/2020:10:01:19 +0800] "GET /xingrg/javascript/jquery_easy_ui/themes/default/images/tree_folder_open.gif HTTP/1.1" 304 -
116.230.77.149 - - [28/May/2020:10:01:19 +0800] "GET /xingrg/javascript/jquery_easy_ui/themes/icons/search_new.png HTTP/1.1" 304 -
116.230.77.149 - - [28/May/2020:10:01:19 +0800] "GET /xingrg/javascript/jquery_easy_ui/themes/icons/forms_new.png HTTP/1.1" 304 -
116.230.77.149 - - [28/May/2020:10:01:19 +0800] "GET /xingrg/javascript/jquery_easy_ui/themes/icons/systemset_new.png HTTP/1.1" 304 -
116.230.77.149 - - [28/May/2020:10:01:19 +0800] "GET /xingrg/javascript/jquery_easy_ui/themes/icons/setting_new.png HTTP/1.1" 304 -
116.230.77.149 - - [28/May/2020:10:01:19 +0800] "GET /xingrg/javascript/jquery_easy_ui/themes/default/images/tree_file.gif HTTP/1.1" 304 -
116.230.77.149 - - [28/May/2020:10:01:21 +0800] "GET /xingrg/kc/buy/buy_main.html HTTP/1.1" 200 12412
116.230.77.149 - - [28/May/2020:10:01:21 +0800] "GET /xingrg/css/new_ie.css HTTP/1.1" 404 1036
114.88.170.9 - - [28/May/2020:10:01:21 +0800] "GET /xingrg/check_reg.html?_=1590631275252 HTTP/1.1" 302 -
116.230.77.149 - - [28/May/2020:10:01:22 +0800] "GET /xingrg/images/yd/bt.gif HTTP/1.1" 404 1040
116.230.77.149 - - [28/May/2020:10:01:22 +0800] "GET /xingrg/kc/buy/cgsh_order_list.html HTTP/1.1" 200 43257
61.172.5.115 - - [28/May/2020:10:01:23 +0800] "GET /xingrg/check_reg.html?_=1590631281013 HTTP/1.1" 200 22
61.172.5.115 - - [28/May/2020:10:01:23 +0800] "GET /xingrg/all/function/internal_message.html?_=1590631281015&CODE_STATE=getMsg HTTP/1.1" 200 27
116.230.77.149 - - [28/May/2020:10:01:25 +0800] "POST /xingrg/kc/buy/cgsh_list_operate.html HTTP/1.1" 200 2001
114.84.33.255 - - [28/May/2020:10:01:25 +0800] "GET /xingrg/check_reg.html?_=1590631281330 HTTP/1.1" 200 22
114.88.170.9 - - [28/May/2020:10:01:27 +0800] "GET /xingrg/all/function/internal_message.html?_=1590631281228&CODE_STATE=getMsg HTTP/1.1" 302 -
116.230.77.149 - - [28/May/2020:10:01:28 +0800] "GET /xingrg/javascript/jquery_tools/images/next.gif HTTP/1.1" 404 1086
116.230.77.149 - - [28/May/2020:10:01:28 +0800] "GET /xingrg/javascript/jquery_tools/images/prev.gif HTTP/1.1" 404 1086
172.17.0.101 - - [28/May/2020:10:01:28 +0800] "GET /xingrg/all/function/internal_message.html?_=1590631331833&CODE_STATE=getMsg HTTP/1.1" 200 27
116.230.77.149 - - [28/May/2020:10:01:32 +0800] "GET /xingrg/javascript/easyui/themes/default/tree.css HTTP/1.1" 404 1090
222.69.137.38 - - [28/May/2020:10:01:32 +0800] "GET /xingrg/check_reg.html?_=1590631286742 HTTP/1.1" 200 22
116.230.77.149 - - [28/May/2020:10:01:32 +0800] "POST /xingrg/all/common/load_tree.html?tree=supplier_tree_json&manage=1 HTTP/1.1" 200 49067
172.17.0.115 - - [28/May/2020:10:01:33 +0800] "GET /xingrg/all/function/internal_message.html?_=1590631303486&CODE_STATE=getMsg HTTP/1.1" 200 27
222.69.137.38 - - [28/May/2020:10:01:35 +0800] "GET /xingrg/all/function/internal_message.html?_=1590631289254&CODE_STATE=getMsg HTTP/1.1" 200 27
172.17.0.185 - - [28/May/2020:10:01:35 +0800] "GET /xingrg/all/function/internal_message.html?_=1590631293506&CODE_STATE=getMsg HTTP/1.1" 200 27
114.84.33.255 - - [28/May/2020:10:01:40 +0800] "GET /xingrg/all/function/internal_message.html?_=1590631296072&CODE_STATE=getMsg HTTP/1.1" 200 27
222.69.137.38 - - [28/May/2020:10:01:41 +0800] "GET /xingrg/kc/buy/cgsh_order_operate.html?command=get_materiel&rest_code=00149&code=00101002027&supplier_code=00100039&order_time=2020-05-28 HTTP/1.1" 200 413
116.230.77.149 - - [28/May/2020:10:01:41 +0800] "POST /xingrg/kc/buy/cgsh_list_operate.html HTTP/1.1" 200 5372
58.221.95.50 - - [28/May/2020:10:01:46 +0800] "GET /xingrg/all/function/internal_message.html?_=1590631354201&CODE_STATE=getMsg HTTP/1.1" 200 27
117.185.32.26 - - [28/May/2020:10:01:49 +0800] "GET /xingrg/all/function/internal_message.html?_=1590631731917&CODE_STATE=getMsg HTTP/1.1" 200 27
61.172.5.115 - - [28/May/2020:10:01:50 +0800] "GET /xingrg/kc/buy/cgsh_order_list.html HTTP/1.1" 200 42996
222.69.137.38 - - [28/May/2020:10:01:51 +0800] "GET /xingrg/kc/buy/cgsh_order_operate.html?command=get_materiel&rest_code=00149&code=00101002022&supplier_code=00100039&order_time=2020-05-28 HTTP/1.1" 200 429
61.172.5.115 - - [28/May/2020:10:01:52 +0800] "POST /xingrg/kc/buy/cgsh_list_operate.html HTTP/1.1" 200 3129
180.162.232.172 - - [28/May/2020:10:01:53 +0800] "GET /xingrg/check_reg.html?_=1590631310324 HTTP/1.1" 200 22
180.162.232.172 - - [28/May/2020:10:01:53 +0800] "GET /xingrg/all/function/internal_message.html?_=1590631310328&CODE_STATE=getMsg HTTP/1.1" 200 27
117.131.5.26 - - [28/May/2020:10:01:55 +0800] "GET /xingrg/check_reg.html?_=1590631317625 HTTP/1.1" 302 -
120.253.135.82 - - [28/May/2020:10:01:59 +0800] "GET /xingrg/check_reg.html?_=1590631445498 HTTP/1.1" 200 22
114.84.32.201 - - [28/May/2020:10:02:00 +0800] "GET /xingrg/all/function/internal_message.html?_=1590631312715&CODE_STATE=getMsg HTTP/1.1" 200 27
116.230.77.149 - - [28/May/2020:10:02:01 +0800] "POST /xingrg/kc/buy/cgsh_list_operate.html HTTP/1.1" 200 5385
116.230.77.149 - - [28/May/2020:10:02:09 +0800] "GET /xingrg/check_reg.html?_=1590631321678 HTTP/1.1" 200 22
116.230.77.149 - - [28/May/2020:10:02:09 +0800] "GET /xingrg/all/function/internal_message.html?_=1590631321680&CODE_STATE=getMsg HTTP/1.1" 200 27
180.175.212.199 - - [28/May/2020:10:02:11 +0800] "GET /xingrg/all/function/internal_message.html?_=1590631532057&CODE_STATE=getMsg HTTP/1.1" 200 27
180.162.102.27 - - [28/May/2020:10:02:13 +0800] "GET /xingrg/all/function/internal_message.html?_=1590630733884&CODE_STATE=getMsg HTTP/1.1" 200 27
172.17.0.100 - - [28/May/2020:10:02:13 +0800] "GET /xingrg/all/function/internal_message.html?_=1590631336144&CODE_STATE=getMsg HTTP/1.1" 200 27
114.84.33.255 - - [28/May/2020:10:02:14 +0800] "GET /xingrg/all/function/internal_message.html?_=1590631342000&CODE_STATE=getMsg HTTP/1.1" 200 27
61.172.5.115 - - [28/May/2020:10:02:23 +0800] "GET /xingrg/all/function/internal_message.html?_=1590631341046&CODE_STATE=getMsg HTTP/1.1" 200 27
114.88.170.9 - - [28/May/2020:10:02:27 +0800] "GET /xingrg/all/function/internal_message.html?_=1590631341679&CODE_STATE=getMsg HTTP/1.1" 302 -
172.17.0.101 - - [28/May/2020:10:02:28 +0800] "GET /xingrg/all/function/internal_message.html?_=1590631391822&CODE_STATE=getMsg HTTP/1.1" 200 27
172.17.0.115 - - [28/May/2020:10:02:33 +0800] "GET /xingrg/all/function/internal_message.html?_=1590631363490&CODE_STATE=getMsg HTTP/1.1" 200 27
222.69.137.38 - - [28/May/2020:10:02:35 +0800] "GET /xingrg/all/function/internal_message.html?_=1590631349247&CODE_STATE=getMsg HTTP/1.1" 200 27
172.17.0.185 - - [28/May/2020:10:02:35 +0800] "GET /xingrg/all/function/internal_message.html?_=1590631353507&CODE_STATE=getMsg HTTP/1.1" 200 27
114.84.33.255 - - [28/May/2020:10:02:40 +0800] "GET /xingrg/all/function/internal_message.html?_=1590631356085&CODE_STATE=getMsg HTTP/1.1" 200 27
58.221.95.50 - - [28/May/2020:10:02:46 +0800] "GET /xingrg/all/function/internal_message.html?_=1590631414201&CODE_STATE=getMsg HTTP/1.1" 200 27
117.185.32.26 - - [28/May/2020:10:02:49 +0800] "GET /xingrg/all/function/internal_message.html?_=1590631791902&CODE_STATE=getMsg HTTP/1.1" 200 27
117.185.32.26 - - [28/May/2020:10:02:50 +0800] "GET /xingrg/check_reg.html?_=1590631792076 HTTP/1.1" 200 22
222.69.137.38 - - [28/May/2020:10:02:50 +0800] "GET /xingrg/kc/buy/cgsh_order_operate.html?command=get_materiel&rest_code=00149&code=00101010161&supplier_code=00100039&order_time=2020-05-28 HTTP/1.1" 200 411
180.162.232.172 - - [28/May/2020:10:02:53 +0800] "GET /xingrg/all/function/internal_message.html?_=1590631370328&CODE_STATE=getMsg HTTP/1.1" 200 27
222.69.137.38 - - [28/May/2020:10:02:59 +0800] "GET /xingrg/kc/buy/cgsh_order_operate.html?command=get_materiel&rest_code=00149&code=00101005037&supplier_code=00100039&order_time=2020-05-28 HTTP/1.1" 200 409
114.84.32.201 - - [28/May/2020:10:03:00 +0800] "GET /xingrg/all/function/internal_message.html?_=1590631372710&CODE_STATE=getMsg HTTP/1.1" 200 27
222.69.137.38 - - [28/May/2020:10:03:09 +0800] "GET /xingrg/kc/buy/cgsh_order_operate.html?command=get_materiel&rest_code=00149&code=00101001060&supplier_code=00100039&order_time=2020-05-28 HTTP/1.1" 200 421
116.230.77.149 - - [28/May/2020:10:03:09 +0800] "GET /xingrg/all/function/internal_message.html?_=1590631381679&CODE_STATE=getMsg HTTP/1.1" 200 27
180.175.212.199 - - [28/May/2020:10:03:11 +0800] "GET /xingrg/all/function/internal_message.html?_=1590631592768&CODE_STATE=getMsg HTTP/1.1" 200 27
180.162.102.27 - - [28/May/2020:10:03:13 +0800] "GET /xingrg/all/function/internal_message.html?_=1590630793898&CODE_STATE=getMsg HTTP/1.1" 200 27
172.17.0.100 - - [28/May/2020:10:03:13 +0800] "GET /xingrg/all/function/internal_message.html?_=1590631396144&CODE_STATE=getMsg HTTP/1.1" 200 27
114.84.33.255 - - [28/May/2020:10:03:14 +0800] "GET /xingrg/all/function/internal_message.html?_=1590631402009&CODE_STATE=getMsg HTTP/1.1" 200 27
61.172.5.115 - - [28/May/2020:10:03:23 +0800] "GET /xingrg/all/function/internal_message.html?_=1590631401046&CODE_STATE=getMsg HTTP/1.1" 200 27
222.69.137.38 - - [28/May/2020:10:03:27 +0800] "POST /xingrg/kc/buy/cgsh_order_operate.html HTTP/1.1" 200 37
114.88.170.9 - - [28/May/2020:10:03:27 +0800] "GET /xingrg/all/function/internal_message.html?_=1590631401698&CODE_STATE=getMsg HTTP/1.1" 302 -
172.17.0.101 - - [28/May/2020:10:03:28 +0800] "GET /xingrg/all/function/internal_message.html?_=1590631451825&CODE_STATE=getMsg HTTP/1.1" 200 27
172.17.0.101 - - [28/May/2020:10:03:28 +0800] "GET /xingrg/check_reg.html?_=1590631451832 HTTP/1.1" 200 22
222.69.137.38 - - [28/May/2020:10:03:30 +0800] "POST /xingrg/kc/buy/cgsh_order_operate.html HTTP/1.1" 200 12
222.69.137.38 - - [28/May/2020:10:03:32 +0800] "GET /xingrg/kc/buy/cgsh_order_info.html?code=212020052810205 HTTP/1.1" 200 53643
222.69.137.38 - - [28/May/2020:10:03:32 +0800] "GET /xingrg/javascript/easyui/themes/default/validatebox.css HTTP/1.1" 404 1104
222.69.137.38 - - [28/May/2020:10:03:33 +0800] "POST /xingrg/kc/buy/cgsh_order_operate.html HTTP/1.1" 200 2979
172.17.0.115 - - [28/May/2020:10:03:33 +0800] "GET /xingrg/all/function/internal_message.html?_=1590631423513&CODE_STATE=getMsg HTTP/1.1" 200 27
61.172.5.115 - - [28/May/2020:10:03:34 +0800] "POST /xingrg/kc/buy/cgsh_list_operate.html HTTP/1.1" 200 565
61.172.5.115 - - [28/May/2020:10:03:35 +0800] "GET /xingrg/kc/buy/cgsh_order_info.html?code=212020052810179 HTTP/1.1" 200 58737
222.69.137.38 - - [28/May/2020:10:03:35 +0800] "GET /xingrg/all/function/internal_message.html?_=1590631409223&CODE_STATE=getMsg HTTP/1.1" 200 27
61.172.5.115 - - [28/May/2020:10:03:35 +0800] "GET /xingrg/javascript/easyui/themes/default/validatebox.css HTTP/1.1" 404 1104
61.172.5.115 - - [28/May/2020:10:03:35 +0800] "POST /xingrg/kc/buy/cgsh_order_operate.html HTTP/1.1" 200 35149
172.17.0.185 - - [28/May/2020:10:03:35 +0800] "GET /xingrg/all/function/internal_message.html?_=1590631413493&CODE_STATE=getMsg HTTP/1.1" 200 27
116.230.77.149 - - [28/May/2020:10:03:36 +0800] "GET /xingrg/login.html HTTP/1.1" 200 7641
116.230.77.149 - - [28/May/2020:10:03:37 +0800] "GET /favicon.ico HTTP/1.1" 404 -
222.69.137.38 - - [28/May/2020:10:03:38 +0800] "GET /xingrg/kc/print/load_data.html?order_code=212020052810205&kc_code=cgsh&condition= HTTP/1.1" 200 1631
114.84.33.255 - - [28/May/2020:10:03:40 +0800] "GET /xingrg/all/function/internal_message.html?_=1590631416118&CODE_STATE=getMsg HTTP/1.1" 200 27
58.221.95.50 - - [28/May/2020:10:03:46 +0800] "GET /xingrg/all/function/internal_message.html?_=1590631474200&CODE_STATE=getMsg HTTP/1.1" 200 27
58.221.95.50 - - [28/May/2020:10:03:46 +0800] "GET /xingrg/check_reg.html?_=1590631474202 HTTP/1.1" 200 22
117.185.32.26 - - [28/May/2020:10:03:49 +0800] "GET /xingrg/all/function/internal_message.html?_=1590631851902&CODE_STATE=getMsg HTTP/1.1" 200 27
180.162.232.172 - - [28/May/2020:10:03:53 +0800] "GET /xingrg/all/function/internal_message.html?_=1590631430327&CODE_STATE=getMsg HTTP/1.1" 200 27
116.230.77.149 - - [28/May/2020:10:03:54 +0800] "POST /xingrg/login.do HTTP/1.1" 302 -
116.230.77.149 - - [28/May/2020:10:03:54 +0800] "GET /xingrg/index.html?sysBaseUrl=http%3A%2F%2F180.169.147.146%3A18081%2Fxingrg%2F&costTime=39×tamp=1590631434175 HTTP/1.1" 200 17503
116.230.77.149 - - [28/May/2020:10:03:55 +0800] "POST /xingrg/all/common/load_tree.html?tree=area_rest_tree_json&manage=1 HTTP/1.1" 200 3088
116.230.77.149 - - [28/May/2020:10:03:55 +0800] "GET /xingrg/all/function/internal_message.html?_=1590631427322&CODE_STATE=count HTTP/1.1" 200 11
116.230.77.149 - - [28/May/2020:10:03:55 +0800] "GET /xingrg/check_reg.html?_=1590631427323 HTTP/1.1" 200 22
116.230.77.149 - - [28/May/2020:10:03:55 +0800] "GET /favicon.ico HTTP/1.1" 404 -
116.230.77.149 - - [28/May/2020:10:03:55 +0800] "POST /xingrg/load_menu.html HTTP/1.1" 200 11443
116.230.77.149 - - [28/May/2020:10:03:58 +0800] "POST /xingrg/all/user/operate.html HTTP/1.1" 200 36
116.230.77.149 - - [28/May/2020:10:03:58 +0800] "GET /xingrg/index.html?sysBaseUrl=http%3A%2F%2F180.169.147.146%3A18081%2Fxingrg%2F&costTime=39×tamp=1590631434175 HTTP/1.1" 200 17509
116.230.77.149 - - [28/May/2020:10:03:58 +0800] "GET /xingrg/javascript/jquery_easy_ui/themes/default/easyui.css HTTP/1.1" 304 -
116.230.77.149 - - [28/May/2020:10:03:58 +0800] "GET /xingrg/javascript/jquery_easy_ui/themes/icon.css HTTP/1.1" 304 -
116.230.77.149 - - [28/May/2020:10:03:58 +0800] "GET /xingrg/css/form.css HTTP/1.1" 304 -
116.230.77.149 - - [28/May/2020:10:03:58 +0800] "GET /xingrg/javascript/jquery-1.4.2.min.js HTTP/1.1" 304 -
116.230.77.149 - - [28/May/2020:10:03:58 +0800] "GET /xingrg/javascript/jquery_easy_ui/jquery.easyui.min.js HTTP/1.1" 304 -
116.230.77.149 - - [28/May/2020:10:03:59 +0800] "GET /xingrg/javascript/jquery_easy_ui/easyui-lang-zh_CN.js HTTP/1.1" 304 -
116.230.77.149 - - [28/May/2020:10:03:59 +0800] "GET /xingrg/javascript/jquery.form.js HTTP/1.1" 304 -
116.230.77.149 - - [28/May/2020:10:03:59 +0800] "GET /xingrg/javascript/jquery.utils.js HTTP/1.1" 304 -
116.230.77.149 - - [28/May/2020:10:03:59 +0800] "GET /xingrg/javascript/jquery.timers.js HTTP/1.1" 304 -
116.230.77.149 - - [28/May/2020:10:03:59 +0800] "GET /xingrg/images/blue/jxLogo.png HTTP/1.1" 304 -
116.230.77.149 - - [28/May/2020:10:03:59 +0800] "GET /xingrg/images/blue/navBackgound.jpg HTTP/1.1" 304 -
116.230.77.149 - - [28/May/2020:10:03:59 +0800] "GET /xingrg/javascript/jquery_easy_ui/themes/icons/settle_new.png HTTP/1.1" 304 -
116.230.77.149 - - [28/May/2020:10:03:59 +0800] "POST /xingrg/all/common/load_tree.html?tree=area_rest_tree_json&manage=1 HTTP/1.1" 200 3088
116.230.77.149 - - [28/May/2020:10:03:59 +0800] "GET /xingrg/all/function/internal_message.html?_=1590631431118&CODE_STATE=count HTTP/1.1" 200 11
116.230.77.149 - - [28/May/2020:10:03:59 +0800] "GET /xingrg/check_reg.html?_=1590631431127 HTTP/1.1" 200 22
116.230.77.149 - - [28/May/2020:10:03:59 +0800] "GET /xingrg/javascript/jquery_easy_ui/themes/default/images/panel_tool_collapse.gif HTTP/1.1" 304 -
116.230.77.149 - - [28/May/2020:10:03:59 +0800] "GET /xingrg/javascript/jquery_easy_ui/themes/default/images/tabs_leftarrow.png HTTP/1.1" 304 -
116.230.77.149 - - [28/May/2020:10:03:59 +0800] "GET /xingrg/javascript/jquery_easy_ui/themes/default/images/tabs_rightarrow.png HTTP/1.1" 304 -
116.230.77.149 - - [28/May/2020:10:03:59 +0800] "GET /xingrg/javascript/jquery_easy_ui/themes/default/images/panel_tool_expand.gif HTTP/1.1" 304 -
116.230.77.149 - - [28/May/2020:10:03:59 +0800] "GET /xingrg/images/blue/pingpu.png HTTP/1.1" 304 -
116.230.77.149 - - [28/May/2020:10:03:59 +0800] "POST /xingrg/load_menu.html HTTP/1.1" 200 9959
114.84.32.201 - - [28/May/2020:10:04:00 +0800] "GET /xingrg/all/function/internal_message.html?_=1590631432707&CODE_STATE=getMsg HTTP/1.1" 200 27
116.230.77.149 - - [28/May/2020:10:04:00 +0800] "GET /xingrg/kc/buy/buy_main.html HTTP/1.1" 200 12412
116.230.77.149 - - [28/May/2020:10:04:00 +0800] "GET /xingrg/css/new_ie.css HTTP/1.1" 404 1036
222.69.137.38 - - [28/May/2020:10:04:01 +0800] "GET /xingrg/kc/buy/cgsh_order_add.html HTTP/1.1" 200 58740
222.69.137.38 - - [28/May/2020:10:04:01 +0800] "POST /xingrg/kc/buy/cgsh_order_operate.html HTTP/1.1" 200 8245
222.69.137.38 - - [28/May/2020:10:04:01 +0800] "GET /xingrg/javascript/easyui/themes/default/validatebox.css HTTP/1.1" 404 1104
116.230.77.149 - - [28/May/2020:10:04:01 +0800] "GET /xingrg/images/yd/bt.gif HTTP/1.1" 404 1040
116.230.77.149 - - [28/May/2020:10:04:02 +0800] "GET /xingrg/kc/buy/cgsh_order_list.html HTTP/1.1" 200 43257
116.230.77.149 - - [28/May/2020:10:04:05 +0800] "POST /xingrg/kc/buy/cgsh_list_operate.html HTTP/1.1" 200 2001
116.230.77.149 - - [28/May/2020:10:04:07 +0800] "GET /xingrg/javascript/jquery_tools/images/next.gif HTTP/1.1" 404 1086
116.230.77.149 - - [28/May/2020:10:04:07 +0800] "GET /xingrg/javascript/jquery_tools/images/prev.gif HTTP/1.1" 404 1086
116.230.77.149 - - [28/May/2020:10:04:09 +0800] "GET /xingrg/all/function/internal_message.html?_=1590631441670&CODE_STATE=getMsg HTTP/1.1" 200 27
180.175.212.199 - - [28/May/2020:10:04:11 +0800] "GET /xingrg/all/function/internal_message.html?_=1590631652770&CODE_STATE=getMsg HTTP/1.1" 200 27
180.162.102.27 - - [28/May/2020:10:04:13 +0800] "GET /xingrg/check_reg.html?_=1590630853897 HTTP/1.1" 200 22
180.162.102.27 - - [28/May/2020:10:04:13 +0800] "GET /xingrg/all/function/internal_message.html?_=1590630853898&CODE_STATE=getMsg HTTP/1.1" 200 27
172.17.0.100 - - [28/May/2020:10:04:13 +0800] "GET /xingrg/all/function/internal_message.html?_=1590631456155&CODE_STATE=getMsg HTTP/1.1" 200 27
222.69.137.38 - - [28/May/2020:10:04:14 +0800] "GET /xingrg/kc/buy/cgsh_order_operate.html?command=get_materiel&rest_code=00149&code=00101007061&supplier_code=00100205&order_time=2020-05-28 HTTP/1.1" 200 409
114.84.33.255 - - [28/May/2020:10:04:14 +0800] "GET /xingrg/all/function/internal_message.html?_=1590631462028&CODE_STATE=getMsg HTTP/1.1" 200 27
172.17.0.115 - - [28/May/2020:10:04:17 +0800] "GET /xingrg/check_reg.html?_=1590631467356 HTTP/1.1" 200 22
61.172.5.115 - - [28/May/2020:10:04:23 +0800] "GET /xingrg/all/function/internal_message.html?_=1590631461037&CODE_STATE=getMsg HTTP/1.1" 200 27
116.230.77.149 - - [28/May/2020:10:04:26 +0800] "GET /xingrg/javascript/easyui/themes/default/tree.css HTTP/1.1" 404 1090
116.230.77.149 - - [28/May/2020:10:04:26 +0800] "POST /xingrg/all/common/load_tree.html?tree=supplier_tree_json&manage=1 HTTP/1.1" 200 49067
114.88.170.9 - - [28/May/2020:10:04:28 +0800] "GET /xingrg/all/function/internal_message.html?_=1590631462067&CODE_STATE=getMsg HTTP/1.1" 302 -
172.17.0.101 - - [28/May/2020:10:04:28 +0800] "GET /xingrg/all/function/internal_message.html?_=1590631511833&CODE_STATE=getMsg HTTP/1.1" 200 27
172.17.0.115 - - [28/May/2020:10:04:33 +0800] "GET /xingrg/all/function/internal_message.html?_=1590631483517&CODE_STATE=getMsg HTTP/1.1" 200 27
222.69.137.38 - - [28/May/2020:10:04:35 +0800] "GET /xingrg/all/function/internal_message.html?_=1590631469208&CODE_STATE=getMsg HTTP/1.1" 200 27
172.17.0.185 - - [28/May/2020:10:04:35 +0800] "GET /xingrg/all/function/internal_message.html?_=1590631473494&CODE_STATE=getMsg HTTP/1.1" 200 27
172.17.0.185 - - [28/May/2020:10:04:35 +0800] "GET /xingrg/check_reg.html?_=1590631473496 HTTP/1.1" 200 22
120.253.135.82 - - [28/May/2020:10:04:36 +0800] "GET /xingrg/check_reg.html?_=1590631603251 HTTP/1.1" 200 22
116.230.77.149 - - [28/May/2020:10:04:37 +0800] "POST /xingrg/kc/buy/cgsh_list_operate.html HTTP/1.1" 200 5333
117.131.5.26 - - [28/May/2020:10:04:37 +0800] "POST /xingrg/services/DataTransmitService HTTP/1.1" 200 524
117.131.5.26 - - [28/May/2020:10:04:38 +0800] "POST /xingrg/services/DataTransmitService HTTP/1.1" 200 501
114.84.33.255 - - [28/May/2020:10:04:40 +0800] "GET /xingrg/all/function/internal_message.html?_=1590631476129&CODE_STATE=getMsg HTTP/1.1" 200 27
58.221.95.50 - - [28/May/2020:10:04:46 +0800] "GET /xingrg/all/function/internal_message.html?_=1590631534200&CODE_STATE=getMsg HTTP/1.1" 200 27
117.185.32.26 - - [28/May/2020:10:04:49 +0800] "GET /xingrg/all/function/internal_message.html?_=1590631911887&CODE_STATE=getMsg HTTP/1.1" 200 27
180.162.232.172 - - [28/May/2020:10:04:53 +0800] "GET /xingrg/all/function/internal_message.html?_=1590631490331&CODE_STATE=getMsg HTTP/1.1" 200 27
222.69.137.38 - - [28/May/2020:10:04:56 +0800] "GET /xingrg/kc/buy/cgsh_order_operate.html?command=get_materiel&rest_code=00149&code=00101007083&supplier_code=00100205&order_time=2020-05-28 HTTP/1.1" 200 421
116.230.77.149 - - [28/May/2020:10:04:57 +0800] "POST /xingrg/kc/buy/cgsh_list_operate.html HTTP/1.1" 200 5363
116.230.77.149 - - [28/May/2020:10:04:59 +0800] "GET /xingrg/all/function/internal_message.html?_=1590631491145&CODE_STATE=getMsg HTTP/1.1" 200 27
114.84.32.201 - - [28/May/2020:10:05:00 +0800] "GET /xingrg/all/function/internal_message.html?_=1590631492706&CODE_STATE=getMsg HTTP/1.1" 200 27
114.84.32.201 - - [28/May/2020:10:05:00 +0800] "GET /xingrg/check_reg.html?_=1590631492711 HTTP/1.1" 200 22
61.172.5.115 - - [28/May/2020:10:05:01 +0800] "GET /xingrg/kc/buy/cgsh_order_operate.html?command=get_materiel&rest_code=00105&code=00101015060&supplier_code=00100203&order_time=2020-05-28 HTTP/1.1" 200 412
222.69.137.38 - - [28/May/2020:10:05:08 +0800] "GET /xingrg/kc/buy/cgsh_order_operate.html?command=get_materiel&rest_code=00149&code=00101007081&supplier_code=00100205&order_time=2020-05-28 HTTP/1.1" 200 415
116.230.77.149 - - [28/May/2020:10:05:09 +0800] "GET /xingrg/all/function/internal_message.html?_=1590631501673&CODE_STATE=getMsg HTTP/1.1" 200 27
180.175.212.199 - - [28/May/2020:10:05:12 +0800] "GET /xingrg/all/function/internal_message.html?_=1590631713485&CODE_STATE=getMsg HTTP/1.1" 200 27
114.84.33.255 - - [28/May/2020:10:05:12 +0800] "GET /xingrg/javascript/auto/indicator.gif HTTP/1.1" 404 1066
180.162.102.27 - - [28/May/2020:10:05:13 +0800] "GET /xingrg/all/function/internal_message.html?_=1590630913899&CODE_STATE=getMsg HTTP/1.1" 200 27
