114.84.33.255 - - [28/May/2020:08:39:04 +0800] "GET /xingrg/javascript/jquery_tools/fix.css HTTP/1.1" 304 -
114.84.33.255 - - [28/May/2020:08:39:04 +0800] "GET /xingrg/javascript/jquery_tools/table.css HTTP/1.1" 304 -
114.84.33.255 - - [28/May/2020:08:39:04 +0800] "GET /xingrg/javascript/jquery_tools/jquery.tools.min.js HTTP/1.1" 304 -
114.84.33.255 - - [28/May/2020:08:39:04 +0800] "GET /xingrg/javascript/jquery_tools/jquery.tools.extend.js HTTP/1.1" 304 -
114.84.33.255 - - [28/May/2020:08:39:04 +0800] "GET /xingrg/javascript/jquery_tools/jquery.tools.hotkey.js HTTP/1.1" 304 -
114.84.33.255 - - [28/May/2020:08:39:04 +0800] "GET /xingrg/javascript/jquery_tools/jquery.tools.table.js HTTP/1.1" 304 -
114.84.33.255 - - [28/May/2020:08:39:04 +0800] "GET /xingrg/javascript/jquery_tools/list_manager.js HTTP/1.1" 304 -
114.84.33.255 - - [28/May/2020:08:39:04 +0800] "GET /xingrg/javascript/auto/jquery.autocomplete.js HTTP/1.1" 304 -
114.84.33.255 - - [28/May/2020:08:39:04 +0800] "GET /xingrg/javascript/easyui/easyloader.js HTTP/1.1" 304 -
114.84.33.255 - - [28/May/2020:08:39:04 +0800] "GET /xingrg/javascript/jquery.cookie.js HTTP/1.1" 304 -
114.84.33.255 - - [28/May/2020:08:39:04 +0800] "GET /xingrg/javascript/print/LodopFuncs.js HTTP/1.1" 304 -
114.84.33.255 - - [28/May/2020:08:39:04 +0800] "GET /xingrg/kc/buy/cgsh_order_list.html HTTP/1.1" 200 43002
114.84.33.255 - - [28/May/2020:08:39:05 +0800] "GET /xingrg/javascript/easyui/plugins/jquery.parser.js HTTP/1.1" 304 -
114.84.33.255 - - [28/May/2020:08:39:15 +0800] "POST /xingrg/kc/buy/cgsh_list_operate.html HTTP/1.1" 200 5179
172.17.0.115 - - [28/May/2020:08:39:17 +0800] "GET /xingrg/check_reg.html?_=1590626367262 HTTP/1.1" 200 22
61.172.5.115 - - [28/May/2020:08:39:22 +0800] "GET /xingrg/all/function/internal_message.html?_=1590626360901&CODE_STATE=getMsg HTTP/1.1" 200 27
120.253.135.82 - - [28/May/2020:08:39:32 +0800] "GET /xingrg/all/function/internal_message.html?_=1590626125958&CODE_STATE=getMsg HTTP/1.1" 200 27
172.17.0.115 - - [28/May/2020:08:39:32 +0800] "GET /xingrg/all/function/internal_message.html?_=1590626382332&CODE_STATE=getMsg HTTP/1.1" 200 27
222.69.137.38 - - [28/May/2020:08:39:32 +0800] "GET /xingrg/all/function/internal_message.html?_=1590626366622&CODE_STATE=getMsg HTTP/1.1" 200 27
114.84.33.255 - - [28/May/2020:08:39:33 +0800] "POST /xingrg/kc/buy/cgsh_list_operate.html HTTP/1.1" 200 4
172.17.0.185 - - [28/May/2020:08:39:34 +0800] "GET /xingrg/all/function/internal_message.html?_=1590626371488&CODE_STATE=getMsg HTTP/1.1" 200 27
114.84.33.255 - - [28/May/2020:08:39:38 +0800] "GET /xingrg/all/function/internal_message.html?_=1590626374319&CODE_STATE=getMsg HTTP/1.1" 200 27
114.84.33.255 - - [28/May/2020:08:39:41 +0800] "POST /xingrg/kc/buy/cgsh_list_operate.html HTTP/1.1" 200 5163
180.162.232.172 - - [28/May/2020:08:39:41 +0800] "GET /xingrg/all/function/internal_message.html?_=1590626378386&CODE_STATE=getMsg HTTP/1.1" 200 27
58.221.95.50 - - [28/May/2020:08:39:45 +0800] "GET /xingrg/all/function/internal_message.html?_=1590626434108&CODE_STATE=getMsg HTTP/1.1" 200 27
180.175.212.199 - - [28/May/2020:08:39:47 +0800] "GET /xingrg/all/function/internal_message.html?_=1590626384070&CODE_STATE=getMsg HTTP/1.1" 200 27
114.84.33.255 - - [28/May/2020:08:39:47 +0800] "GET /xingrg/all/function/internal_message.html?_=1590626394560&CODE_STATE=getMsg HTTP/1.1" 200 27
114.84.33.255 - - [28/May/2020:08:39:57 +0800] "POST /xingrg/kc/buy/cgsh_list_operate.html HTTP/1.1" 200 4
114.84.32.201 - - [28/May/2020:08:40:00 +0800] "GET /xingrg/all/function/internal_message.html?_=1590626392625&CODE_STATE=getMsg HTTP/1.1" 200 27
114.84.32.201 - - [28/May/2020:08:40:00 +0800] "GET /xingrg/check_reg.html?_=1590626392627 HTTP/1.1" 200 22
114.84.33.255 - - [28/May/2020:08:40:02 +0800] "POST /xingrg/kc/buy/cgsh_list_operate.html HTTP/1.1" 200 4217
114.84.33.255 - - [28/May/2020:08:40:16 +0800] "POST /xingrg/kc/buy/cgsh_list_operate.html HTTP/1.1" 200 4
114.84.33.255 - - [28/May/2020:08:40:18 +0800] "POST /xingrg/kc/buy/cgsh_list_operate.html HTTP/1.1" 200 876
114.84.33.255 - - [28/May/2020:08:40:20 +0800] "GET /xingrg/kc/base/wldb_order_list.html HTTP/1.1" 200 19261
114.84.33.255 - - [28/May/2020:08:40:20 +0800] "POST /xingrg/kc/base/wldb_list_operate.html HTTP/1.1" 200 4991
61.172.5.115 - - [28/May/2020:08:40:22 +0800] "GET /xingrg/all/function/internal_message.html?_=1590626420905&CODE_STATE=getMsg HTTP/1.1" 200 27
120.253.135.82 - - [28/May/2020:08:40:32 +0800] "GET /xingrg/check_reg.html?_=1590626185814 HTTP/1.1" 200 22
120.253.135.82 - - [28/May/2020:08:40:32 +0800] "GET /xingrg/all/function/internal_message.html?_=1590626185972&CODE_STATE=getMsg HTTP/1.1" 200 27
172.17.0.115 - - [28/May/2020:08:40:32 +0800] "GET /xingrg/all/function/internal_message.html?_=1590626442345&CODE_STATE=getMsg HTTP/1.1" 200 27
222.69.137.38 - - [28/May/2020:08:40:32 +0800] "GET /xingrg/all/function/internal_message.html?_=1590626426622&CODE_STATE=getMsg HTTP/1.1" 200 27
172.17.0.185 - - [28/May/2020:08:40:34 +0800] "GET /xingrg/all/function/internal_message.html?_=1590626431492&CODE_STATE=getMsg HTTP/1.1" 200 27
114.84.33.255 - - [28/May/2020:08:40:35 +0800] "POST /xingrg/kc/base/wldb_list_operate.html HTTP/1.1" 200 4
114.84.33.255 - - [28/May/2020:08:40:37 +0800] "POST /xingrg/kc/base/wldb_list_operate.html HTTP/1.1" 200 928
114.84.33.255 - - [28/May/2020:08:40:38 +0800] "GET /xingrg/all/function/internal_message.html?_=1590626434362&CODE_STATE=getMsg HTTP/1.1" 200 27
120.253.135.82 - - [28/May/2020:08:40:40 +0800] "GET /xingrg/kc/pszx/mdps_order_info.html?code=312020052700577 HTTP/1.1" 200 23849
120.253.135.82 - - [28/May/2020:08:40:40 +0800] "GET /xingrg/javascript/jquery_tools/order_manager.js HTTP/1.1" 200 11183
120.253.135.82 - - [28/May/2020:08:40:40 +0800] "GET /xingrg/javascript/print/kc_print.js HTTP/1.1" 200 11415
120.253.135.82 - - [28/May/2020:08:40:40 +0800] "GET /xingrg/words/20200527141323_words.js HTTP/1.1" 200 732852
120.253.135.82 - - [28/May/2020:08:40:40 +0800] "GET /xingrg/javascript/easyui/themes/icons/copy_new.png HTTP/1.1" 200 815
120.253.135.82 - - [28/May/2020:08:40:40 +0800] "GET /xingrg/javascript/easyui/themes/icons/ok.png HTTP/1.1" 200 883
120.253.135.82 - - [28/May/2020:08:40:40 +0800] "GET /xingrg/javascript/easyui/themes/icons/cancel.png HTTP/1.1" 200 1133
120.253.135.82 - - [28/May/2020:08:40:40 +0800] "GET /xingrg/javascript/easyui/themes/icons/print.png HTTP/1.1" 200 1057
120.253.135.82 - - [28/May/2020:08:40:40 +0800] "GET /xingrg/javascript/easyui/themes/default/images/menu_downarrow.png HTTP/1.1" 200 173
120.253.135.82 - - [28/May/2020:08:40:41 +0800] "GET /xingrg/javascript/easyui/themes/default/validatebox.css HTTP/1.1" 404 1104
120.253.135.82 - - [28/May/2020:08:40:41 +0800] "GET /xingrg/javascript/easyui/plugins/jquery.validatebox.js HTTP/1.1" 200 6103
120.253.135.82 - - [28/May/2020:08:40:41 +0800] "POST /xingrg/kc/pszx/mdps_order_operate.html HTTP/1.1" 200 22862
120.253.135.82 - - [28/May/2020:08:40:41 +0800] "GET /xingrg/javascript/easyui/themes/icons/edit_remove.png HTTP/1.1" 200 625
120.253.135.82 - - [28/May/2020:08:40:41 +0800] "GET /xingrg/javascript/easyui/plugins/jquery.numberbox.js HTTP/1.1" 200 5213
180.162.232.172 - - [28/May/2020:08:40:41 +0800] "GET /xingrg/check_reg.html?_=1590626438387 HTTP/1.1" 200 22
180.162.232.172 - - [28/May/2020:08:40:41 +0800] "GET /xingrg/all/function/internal_message.html?_=1590626438390&CODE_STATE=getMsg HTTP/1.1" 200 27
58.221.95.50 - - [28/May/2020:08:40:45 +0800] "GET /xingrg/all/function/internal_message.html?_=1590626494108&CODE_STATE=getMsg HTTP/1.1" 200 27
180.175.212.199 - - [28/May/2020:08:40:47 +0800] "GET /xingrg/all/function/internal_message.html?_=1590626444066&CODE_STATE=getMsg HTTP/1.1" 200 27
120.253.135.82 - - [28/May/2020:08:40:49 +0800] "GET /xingrg/javascript/easyui/themes/default/images/button_plain_hover.png HTTP/1.1" 200 144
180.162.232.172 - - [28/May/2020:08:40:53 +0800] "GET /xingrg/check_reg.html?_=1590626582045 HTTP/1.1" 302 -
120.253.135.82 - - [28/May/2020:08:41:00 +0800] "GET /xingrg/kc/pszx/mdps_order_info.html?code=312020052700592 HTTP/1.1" 200 23849
114.84.32.201 - - [28/May/2020:08:41:00 +0800] "GET /xingrg/all/function/internal_message.html?_=1590626452622&CODE_STATE=getMsg HTTP/1.1" 200 27
120.253.135.82 - - [28/May/2020:08:41:00 +0800] "GET /xingrg/javascript/easyui/themes/default/validatebox.css HTTP/1.1" 404 1104
120.253.135.82 - - [28/May/2020:08:41:00 +0800] "POST /xingrg/kc/pszx/mdps_order_operate.html HTTP/1.1" 200 3261
61.172.5.115 - - [28/May/2020:08:41:22 +0800] "GET /xingrg/all/function/internal_message.html?_=1590626480906&CODE_STATE=getMsg HTTP/1.1" 200 27
61.172.5.115 - - [28/May/2020:08:41:22 +0800] "GET /xingrg/check_reg.html?_=1590626480913 HTTP/1.1" 200 22
114.84.33.255 - - [28/May/2020:08:41:25 +0800] "GET /xingrg/check_reg.html?_=1590626481243 HTTP/1.1" 200 22
120.253.135.82 - - [28/May/2020:08:41:32 +0800] "GET /xingrg/all/function/internal_message.html?_=1590626245986&CODE_STATE=getMsg HTTP/1.1" 200 27
222.69.137.38 - - [28/May/2020:08:41:32 +0800] "GET /xingrg/all/function/internal_message.html?_=1590626486621&CODE_STATE=getMsg HTTP/1.1" 200 27
172.17.0.115 - - [28/May/2020:08:41:32 +0800] "GET /xingrg/all/function/internal_message.html?_=1590626502369&CODE_STATE=getMsg HTTP/1.1" 200 27
222.69.137.38 - - [28/May/2020:08:41:32 +0800] "GET /xingrg/check_reg.html?_=1590626486626 HTTP/1.1" 200 22
172.17.0.185 - - [28/May/2020:08:41:34 +0800] "GET /xingrg/check_reg.html?_=1590626491494 HTTP/1.1" 200 22
172.17.0.185 - - [28/May/2020:08:41:34 +0800] "GET /xingrg/all/function/internal_message.html?_=1590626491496&CODE_STATE=getMsg HTTP/1.1" 200 27
114.84.33.255 - - [28/May/2020:08:41:38 +0800] "GET /xingrg/all/function/internal_message.html?_=1590626494377&CODE_STATE=getMsg HTTP/1.1" 200 27
180.162.232.172 - - [28/May/2020:08:41:41 +0800] "GET /xingrg/all/function/internal_message.html?_=1590626498390&CODE_STATE=getMsg HTTP/1.1" 200 27
58.221.95.50 - - [28/May/2020:08:41:45 +0800] "GET /xingrg/all/function/internal_message.html?_=1590626554108&CODE_STATE=getMsg HTTP/1.1" 200 27
180.175.212.199 - - [28/May/2020:08:41:47 +0800] "GET /xingrg/all/function/internal_message.html?_=1590626504088&CODE_STATE=getMsg HTTP/1.1" 200 27
117.131.5.26 - - [28/May/2020:08:41:55 +0800] "GET /xingrg/check_reg.html?_=1590626517375 HTTP/1.1" 302 -
120.253.135.82 - - [28/May/2020:08:41:58 +0800] "GET /xingrg/check_reg.html?_=1590626645411 HTTP/1.1" 200 22
114.84.32.201 - - [28/May/2020:08:42:00 +0800] "GET /xingrg/all/function/internal_message.html?_=1590626512621&CODE_STATE=getMsg HTTP/1.1" 200 27
61.172.5.115 - - [28/May/2020:08:42:22 +0800] "GET /xingrg/all/function/internal_message.html?_=1590626540912&CODE_STATE=getMsg HTTP/1.1" 200 27
120.253.135.82 - - [28/May/2020:08:42:32 +0800] "GET /xingrg/all/function/internal_message.html?_=1590626306000&CODE_STATE=getMsg HTTP/1.1" 200 27
222.69.137.38 - - [28/May/2020:08:42:32 +0800] "GET /xingrg/all/function/internal_message.html?_=1590626546627&CODE_STATE=getMsg HTTP/1.1" 200 27
172.17.0.115 - - [28/May/2020:08:42:32 +0800] "GET /xingrg/all/function/internal_message.html?_=1590626562372&CODE_STATE=getMsg HTTP/1.1" 200 27
172.17.0.185 - - [28/May/2020:08:42:34 +0800] "GET /xingrg/all/function/internal_message.html?_=1590626551482&CODE_STATE=getMsg HTTP/1.1" 200 27
114.84.33.255 - - [28/May/2020:08:42:38 +0800] "GET /xingrg/all/function/internal_message.html?_=1590626554391&CODE_STATE=getMsg HTTP/1.1" 200 27
180.162.232.172 - - [28/May/2020:08:42:41 +0800] "GET /xingrg/all/function/internal_message.html?_=1590626558392&CODE_STATE=getMsg HTTP/1.1" 200 27
58.221.95.50 - - [28/May/2020:08:42:45 +0800] "GET /xingrg/all/function/internal_message.html?_=1590626614135&CODE_STATE=getMsg HTTP/1.1" 200 27
180.175.212.199 - - [28/May/2020:08:42:47 +0800] "GET /xingrg/all/function/internal_message.html?_=1590626564085&CODE_STATE=getMsg HTTP/1.1" 200 27
114.84.32.201 - - [28/May/2020:08:43:00 +0800] "GET /xingrg/all/function/internal_message.html?_=1590626572624&CODE_STATE=getMsg HTTP/1.1" 200 27
114.84.151.157 - - [28/May/2020:08:43:17 +0800] "GET /xingrg/check_reg.html?_=1590626590761 HTTP/1.1" 200 22
61.172.5.115 - - [28/May/2020:08:43:22 +0800] "GET /xingrg/all/function/internal_message.html?_=1590626600939&CODE_STATE=getMsg HTTP/1.1" 200 27
120.253.135.82 - - [28/May/2020:08:43:32 +0800] "GET /xingrg/all/function/internal_message.html?_=1590626366029&CODE_STATE=getMsg HTTP/1.1" 200 27
222.69.137.38 - - [28/May/2020:08:43:32 +0800] "GET /xingrg/all/function/internal_message.html?_=1590626606627&CODE_STATE=getMsg HTTP/1.1" 200 27
172.17.0.115 - - [28/May/2020:08:43:32 +0800] "GET /xingrg/all/function/internal_message.html?_=1590626622394&CODE_STATE=getMsg HTTP/1.1" 200 27
172.17.0.185 - - [28/May/2020:08:43:34 +0800] "GET /xingrg/all/function/internal_message.html?_=1590626611484&CODE_STATE=getMsg HTTP/1.1" 200 27
114.84.33.255 - - [28/May/2020:08:43:38 +0800] "GET /xingrg/all/function/internal_message.html?_=1590626614421&CODE_STATE=getMsg HTTP/1.1" 200 27
180.162.232.172 - - [28/May/2020:08:43:41 +0800] "GET /xingrg/all/function/internal_message.html?_=1590626618394&CODE_STATE=getMsg HTTP/1.1" 200 27
58.221.95.50 - - [28/May/2020:08:43:45 +0800] "GET /xingrg/check_reg.html?_=1590626674134 HTTP/1.1" 200 22
58.221.95.50 - - [28/May/2020:08:43:46 +0800] "GET /xingrg/all/function/internal_message.html?_=1590626674137&CODE_STATE=getMsg HTTP/1.1" 200 27
180.175.212.199 - - [28/May/2020:08:43:47 +0800] "GET /xingrg/all/function/internal_message.html?_=1590626624083&CODE_STATE=getMsg HTTP/1.1" 200 27
180.175.212.199 - - [28/May/2020:08:43:47 +0800] "GET /xingrg/check_reg.html?_=1590626624086 HTTP/1.1" 200 22
114.84.32.201 - - [28/May/2020:08:44:00 +0800] "GET /xingrg/all/function/internal_message.html?_=1590626632618&CODE_STATE=getMsg HTTP/1.1" 200 27
172.17.0.115 - - [28/May/2020:08:44:17 +0800] "GET /xingrg/check_reg.html?_=1590626667268 HTTP/1.1" 200 22
61.172.5.115 - - [28/May/2020:08:44:22 +0800] "GET /xingrg/all/function/internal_message.html?_=1590626660928&CODE_STATE=getMsg HTTP/1.1" 200 27
120.253.135.82 - - [28/May/2020:08:44:32 +0800] "GET /xingrg/all/function/internal_message.html?_=1590626426041&CODE_STATE=getMsg HTTP/1.1" 200 27
222.69.137.38 - - [28/May/2020:08:44:32 +0800] "GET /xingrg/all/function/internal_message.html?_=1590626666628&CODE_STATE=getMsg HTTP/1.1" 200 27
172.17.0.115 - - [28/May/2020:08:44:32 +0800] "GET /xingrg/all/function/internal_message.html?_=1590626682399&CODE_STATE=getMsg HTTP/1.1" 200 27
172.17.0.185 - - [28/May/2020:08:44:34 +0800] "GET /xingrg/all/function/internal_message.html?_=1590626671487&CODE_STATE=getMsg HTTP/1.1" 200 27
114.84.33.255 - - [28/May/2020:08:44:38 +0800] "GET /xingrg/all/function/internal_message.html?_=1590626674433&CODE_STATE=getMsg HTTP/1.1" 200 27
180.162.232.172 - - [28/May/2020:08:44:41 +0800] "GET /xingrg/all/function/internal_message.html?_=1590626678381&CODE_STATE=getMsg HTTP/1.1" 200 27
58.221.95.50 - - [28/May/2020:08:44:45 +0800] "GET /xingrg/all/function/internal_message.html?_=1590626734121&CODE_STATE=getMsg HTTP/1.1" 200 27
180.175.212.199 - - [28/May/2020:08:44:47 +0800] "GET /xingrg/all/function/internal_message.html?_=1590626684092&CODE_STATE=getMsg HTTP/1.1" 200 27
114.84.32.201 - - [28/May/2020:08:45:00 +0800] "GET /xingrg/all/function/internal_message.html?_=1590626692631&CODE_STATE=getMsg HTTP/1.1" 200 27
114.84.32.201 - - [28/May/2020:08:45:00 +0800] "GET /xingrg/check_reg.html?_=1590626692633 HTTP/1.1" 200 22
61.172.5.115 - - [28/May/2020:08:45:22 +0800] "GET /xingrg/all/function/internal_message.html?_=1590626720929&CODE_STATE=getMsg HTTP/1.1" 200 27
120.253.135.82 - - [28/May/2020:08:45:32 +0800] "GET /xingrg/check_reg.html?_=1590626485838 HTTP/1.1" 200 22
120.253.135.82 - - [28/May/2020:08:45:32 +0800] "GET /xingrg/all/function/internal_message.html?_=1590626486056&CODE_STATE=getMsg HTTP/1.1" 200 27
222.69.137.38 - - [28/May/2020:08:45:32 +0800] "GET /xingrg/all/function/internal_message.html?_=1590626726631&CODE_STATE=getMsg HTTP/1.1" 200 27
172.17.0.115 - - [28/May/2020:08:45:32 +0800] "GET /xingrg/all/function/internal_message.html?_=1590626742413&CODE_STATE=getMsg HTTP/1.1" 200 27
172.17.0.185 - - [28/May/2020:08:45:34 +0800] "GET /xingrg/all/function/internal_message.html?_=1590626731490&CODE_STATE=getMsg HTTP/1.1" 200 27
180.162.232.172 - - [28/May/2020:08:45:41 +0800] "GET /xingrg/all/function/internal_message.html?_=1590626738395&CODE_STATE=getMsg HTTP/1.1" 200 27
180.162.232.172 - - [28/May/2020:08:45:41 +0800] "GET /xingrg/check_reg.html?_=1590626738399 HTTP/1.1" 200 22
114.84.33.255 - - [28/May/2020:08:45:41 +0800] "GET /xingrg/all/function/internal_message.html?_=1590626734473&CODE_STATE=getMsg HTTP/1.1" 200 27
180.175.212.199 - - [28/May/2020:08:45:45 +0800] "GET /xingrg/login.html HTTP/1.1" 200 7641
58.221.95.50 - - [28/May/2020:08:45:45 +0800] "GET /xingrg/all/function/internal_message.html?_=1590626794121&CODE_STATE=getMsg HTTP/1.1" 200 27
180.175.212.199 - - [28/May/2020:08:45:46 +0800] "GET /xingrg/images/blue/jxLogo.png HTTP/1.1" 304 -
180.175.212.199 - - [28/May/2020:08:45:46 +0800] "GET /xingrg/images/blue/hj.png HTTP/1.1" 304 -
180.175.212.199 - - [28/May/2020:08:45:46 +0800] "GET /xingrg/images/blue/login_bg.png HTTP/1.1" 304 -
180.175.212.199 - - [28/May/2020:08:45:46 +0800] "GET /xingrg/images/blue/srbg.png HTTP/1.1" 304 -
180.175.212.199 - - [28/May/2020:08:45:46 +0800] "GET /favicon.ico HTTP/1.1" 404 -
180.175.212.199 - - [28/May/2020:08:45:47 +0800] "GET /xingrg/all/function/internal_message.html?_=1590626744100&CODE_STATE=getMsg HTTP/1.1" 200 27
180.175.212.199 - - [28/May/2020:08:45:51 +0800] "POST /xingrg/login.do HTTP/1.1" 302 -
180.175.212.199 - - [28/May/2020:08:45:51 +0800] "GET /xingrg/javascript/jquery_easy_ui/themes/icon.css HTTP/1.1" 304 -
180.175.212.199 - - [28/May/2020:08:45:51 +0800] "GET /xingrg/javascript/jquery_easy_ui/themes/default/easyui.css HTTP/1.1" 304 -
180.175.212.199 - - [28/May/2020:08:45:51 +0800] "GET /xingrg/index.html?sysBaseUrl=http%3A%2F%2F180.169.147.146%3A18081%2Fxingrg%2F&costTime=39×tamp=1590626751623 HTTP/1.1" 200 17173
180.175.212.199 - - [28/May/2020:08:45:51 +0800] "GET /xingrg/javascript/jquery.timers.js HTTP/1.1" 304 -
180.175.212.199 - - [28/May/2020:08:45:51 +0800] "GET /xingrg/javascript/jquery.utils.js HTTP/1.1" 304 -
180.175.212.199 - - [28/May/2020:08:45:51 +0800] "GET /xingrg/css/form.css HTTP/1.1" 304 -
180.175.212.199 - - [28/May/2020:08:45:51 +0800] "GET /xingrg/javascript/jquery-1.4.2.min.js HTTP/1.1" 304 -
180.175.212.199 - - [28/May/2020:08:45:51 +0800] "GET /xingrg/javascript/jquery_easy_ui/jquery.easyui.min.js HTTP/1.1" 304 -
180.175.212.199 - - [28/May/2020:08:45:51 +0800] "GET /xingrg/javascript/jquery.form.js HTTP/1.1" 304 -
180.175.212.199 - - [28/May/2020:08:45:51 +0800] "GET /xingrg/javascript/jquery_easy_ui/easyui-lang-zh_CN.js HTTP/1.1" 304 -
180.175.212.199 - - [28/May/2020:08:45:51 +0800] "GET /xingrg/images/blue/navBackgound.jpg HTTP/1.1" 304 -
180.175.212.199 - - [28/May/2020:08:45:51 +0800] "GET /xingrg/javascript/jquery_easy_ui/themes/icons/settle_new.png HTTP/1.1" 304 -
180.175.212.199 - - [28/May/2020:08:45:51 +0800] "GET /favicon.ico HTTP/1.1" 404 -
180.175.212.199 - - [28/May/2020:08:45:52 +0800] "POST /xingrg/all/common/load_tree.html?tree=area_rest_tree_json&manage=1 HTTP/1.1" 200 342
180.175.212.199 - - [28/May/2020:08:45:52 +0800] "GET /xingrg/images/blue/pingpu.png HTTP/1.1" 304 -
180.175.212.199 - - [28/May/2020:08:45:52 +0800] "GET /xingrg/javascript/jquery_easy_ui/themes/default/images/tabs_leftarrow.png HTTP/1.1" 304 -
180.175.212.199 - - [28/May/2020:08:45:52 +0800] "GET /xingrg/javascript/jquery_easy_ui/themes/default/images/tabs_rightarrow.png HTTP/1.1" 304 -
180.175.212.199 - - [28/May/2020:08:45:52 +0800] "GET /xingrg/javascript/jquery_easy_ui/themes/default/images/panel_tool_collapse.gif HTTP/1.1" 304 -
180.175.212.199 - - [28/May/2020:08:45:52 +0800] "GET /xingrg/all/function/internal_message.html?_=1590626952974&CODE_STATE=count HTTP/1.1" 200 11
180.175.212.199 - - [28/May/2020:08:45:52 +0800] "GET /xingrg/check_reg.html?_=1590626952976 HTTP/1.1" 200 22
180.175.212.199 - - [28/May/2020:08:45:52 +0800] "POST /xingrg/load_menu.html HTTP/1.1" 200 5138
180.175.212.199 - - [28/May/2020:08:45:52 +0800] "GET /xingrg/javascript/jquery_easy_ui/themes/default/images/tree_arrows.gif HTTP/1.1" 304 -
180.175.212.199 - - [28/May/2020:08:45:52 +0800] "GET /xingrg/javascript/jquery_easy_ui/themes/default/images/tree_folder_open.gif HTTP/1.1" 304 -
180.175.212.199 - - [28/May/2020:08:45:52 +0800] "GET /xingrg/javascript/jquery_easy_ui/themes/icons/storage_new.png HTTP/1.1" 304 -
180.175.212.199 - - [28/May/2020:08:45:52 +0800] "GET /xingrg/javascript/jquery_easy_ui/themes/icons/search_new.png HTTP/1.1" 304 -
180.175.212.199 - - [28/May/2020:08:45:52 +0800] "GET /xingrg/javascript/jquery_easy_ui/themes/default/images/tree_folder.gif HTTP/1.1" 304 -
180.175.212.199 - - [28/May/2020:08:45:52 +0800] "GET /xingrg/javascript/jquery_easy_ui/themes/icons/forms_new.png HTTP/1.1" 304 -
180.175.212.199 - - [28/May/2020:08:45:52 +0800] "GET /xingrg/javascript/jquery_easy_ui/themes/default/images/tree_file.gif HTTP/1.1" 304 -
180.162.232.172 - - [28/May/2020:08:45:53 +0800] "GET /xingrg/check_reg.html?_=1590626882062 HTTP/1.1" 302 -
114.84.32.201 - - [28/May/2020:08:46:00 +0800] "GET /xingrg/all/function/internal_message.html?_=1590626752631&CODE_STATE=getMsg HTTP/1.1" 200 27
180.175.212.199 - - [28/May/2020:08:46:02 +0800] "GET /xingrg/javascript/jquery_easy_ui/themes/icons/area.png HTTP/1.1" 304 -
180.175.212.199 - - [28/May/2020:08:46:02 +0800] "GET /xingrg/javascript/jquery_easy_ui/themes/icons/rest.png HTTP/1.1" 304 -
180.175.212.199 - - [28/May/2020:08:46:03 +0800] "GET /xingrg/javascript/jquery_easy_ui/themes/default/images/tabs_close.gif HTTP/1.1" 304 -
180.175.212.199 - - [28/May/2020:08:46:03 +0800] "GET /xingrg/css/site.css HTTP/1.1" 304 -
180.175.212.199 - - [28/May/2020:08:46:03 +0800] "GET /xingrg/javascript/jquery_tools/jquery.tools.hotkey.js HTTP/1.1" 304 -
180.175.212.199 - - [28/May/2020:08:46:03 +0800] "GET /xingrg/javascript/jquery_tools/datebox.css HTTP/1.1" 304 -
180.175.212.199 - - [28/May/2020:08:46:03 +0800] "GET /xingrg/javascript/easyui/themes/default/easyui.css HTTP/1.1" 304 -
180.175.212.199 - - [28/May/2020:08:46:03 +0800] "GET /xingrg/javascript/easyui/themes/icon.css HTTP/1.1" 304 -
180.175.212.199 - - [28/May/2020:08:46:03 +0800] "GET /xingrg/javascript/auto/jquery.autocomplete.css HTTP/1.1" 304 -
180.175.212.199 - - [28/May/2020:08:46:03 +0800] "GET /xingrg/javascript/jquery_tools/fix.css HTTP/1.1" 304 -
180.175.212.199 - - [28/May/2020:08:46:03 +0800] "GET /xingrg/javascript/jquery_tools/table.css HTTP/1.1" 304 -
180.175.212.199 - - [28/May/2020:08:46:03 +0800] "GET /xingrg/javascript/jquery_tools/jquery.tools.min.js HTTP/1.1" 304 -
180.175.212.199 - - [28/May/2020:08:46:03 +0800] "GET /xingrg/javascript/jquery_tools/jquery.tools.extend.js HTTP/1.1" 304 -
180.175.212.199 - - [28/May/2020:08:46:03 +0800] "GET /xingrg/javascript/jquery_tools/jquery.tools.table.js HTTP/1.1" 304 -
180.175.212.199 - - [28/May/2020:08:46:03 +0800] "GET /xingrg/kc/buy/cgsh_order_list.html HTTP/1.1" 200 42996
180.175.212.199 - - [28/May/2020:08:46:03 +0800] "GET /xingrg/css/base.css HTTP/1.1" 304 -
180.175.212.199 - - [28/May/2020:08:46:03 +0800] "GET /xingrg/javascript/jquery_tools/list_manager.js HTTP/1.1" 304 -
180.175.212.199 - - [28/May/2020:08:46:03 +0800] "GET /xingrg/javascript/jquery.cookie.js HTTP/1.1" 304 -
180.175.212.199 - - [28/May/2020:08:46:03 +0800] "GET /xingrg/javascript/auto/jquery.autocomplete.js HTTP/1.1" 304 -
180.175.212.199 - - [28/May/2020:08:46:03 +0800] "GET /xingrg/javascript/easyui/easyloader.js HTTP/1.1" 304 -
180.175.212.199 - - [28/May/2020:08:46:03 +0800] "GET /xingrg/javascript/print/LodopFuncs.js HTTP/1.1" 304 -
180.175.212.199 - - [28/May/2020:08:46:05 +0800] "GET /xingrg/javascript/easyui/themes/icons/edit_add_new.png HTTP/1.1" 304 -
180.175.212.199 - - [28/May/2020:08:46:05 +0800] "GET /xingrg/javascript/easyui/themes/icons/cance_new.png HTTP/1.1" 304 -
180.175.212.199 - - [28/May/2020:08:46:05 +0800] "GET /xingrg/javascript/easyui/themes/icons/check_new.png HTTP/1.1" 304 -
180.175.212.199 - - [28/May/2020:08:46:05 +0800] "GET /xingrg/javascript/easyui/themes/icons/field_new.png HTTP/1.1" 304 -
180.175.212.199 - - [28/May/2020:08:46:05 +0800] "GET /xingrg/javascript/easyui/themes/icons/import_new.png HTTP/1.1" 304 -
180.175.212.199 - - [28/May/2020:08:46:05 +0800] "GET /xingrg/javascript/easyui/plugins/jquery.parser.js HTTP/1.1" 304 -
180.175.212.199 - - [28/May/2020:08:46:05 +0800] "GET /xingrg/images/control/ajaxLoader.gif HTTP/1.1" 304 -
180.175.212.199 - - [28/May/2020:08:46:05 +0800] "POST /xingrg/kc/buy/cgsh_list_operate.html HTTP/1.1" 200 876
61.172.5.115 - - [28/May/2020:08:46:22 +0800] "GET /xingrg/all/function/internal_message.html?_=1590626780931&CODE_STATE=getMsg HTTP/1.1" 200 27
61.172.5.115 - - [28/May/2020:08:46:22 +0800] "GET /xingrg/check_reg.html?_=1590626780934 HTTP/1.1" 200 22
101.91.60.105 - - [28/May/2020:08:46:24 +0800] "GET /xingrg/check_reg.html?_=1590625990787 HTTP/1.1" 302 -
114.84.33.255 - - [28/May/2020:08:46:25 +0800] "GET /xingrg/check_reg.html?_=1590626781250 HTTP/1.1" 200 22
120.253.135.82 - - [28/May/2020:08:46:32 +0800] "GET /xingrg/all/function/internal_message.html?_=1590626546069&CODE_STATE=getMsg HTTP/1.1" 200 27
222.69.137.38 - - [28/May/2020:08:46:32 +0800] "GET /xingrg/all/function/internal_message.html?_=1590626786631&CODE_STATE=getMsg HTTP/1.1" 200 27
222.69.137.38 - - [28/May/2020:08:46:32 +0800] "GET /xingrg/check_reg.html?_=1590626786633 HTTP/1.1" 200 22
172.17.0.115 - - [28/May/2020:08:46:32 +0800] "GET /xingrg/all/function/internal_message.html?_=1590626802435&CODE_STATE=getMsg HTTP/1.1" 200 27
101.91.60.105 - - [28/May/2020:08:46:32 +0800] "GET /xingrg/login.html HTTP/1.1" 200 7641
180.175.212.199 - - [28/May/2020:08:46:34 +0800] "GET /xingrg/javascript/easyui/themes/default/images/button_plain_hover.png HTTP/1.1" 304 -
172.17.0.185 - - [28/May/2020:08:46:34 +0800] "GET /xingrg/all/function/internal_message.html?_=1590626791493&CODE_STATE=getMsg HTTP/1.1" 200 27
172.17.0.185 - - [28/May/2020:08:46:34 +0800] "GET /xingrg/check_reg.html?_=1590626791495 HTTP/1.1" 200 22
180.175.212.199 - - [28/May/2020:08:46:35 +0800] "GET /xingrg/javascript/pic_change.js HTTP/1.1" 304 -
180.175.212.199 - - [28/May/2020:08:46:35 +0800] "GET /xingrg/javascript/convert.js HTTP/1.1" 304 -
180.175.212.199 - - [28/May/2020:08:46:35 +0800] "GET /xingrg/javascript/json2.js HTTP/1.1" 304 -
180.175.212.199 - - [28/May/2020:08:46:35 +0800] "GET /xingrg/javascript/print/kc_print.js HTTP/1.1" 304 -
180.175.212.199 - - [28/May/2020:08:46:35 +0800] "GET /xingrg/javascript/jquery_tools/order_manager.js HTTP/1.1" 304 -
180.175.212.199 - - [28/May/2020:08:46:35 +0800] "GET /xingrg/kc/buy/cgsh_order_add.html HTTP/1.1" 200 58646
180.175.212.199 - - [28/May/2020:08:46:35 +0800] "GET /xingrg/words/20200527141323_words.js HTTP/1.1" 304 -
180.175.212.199 - - [28/May/2020:08:46:35 +0800] "GET /xingrg/javascript/easyui/themes/icons/copy_new.png HTTP/1.1" 304 -
180.175.212.199 - - [28/May/2020:08:46:35 +0800] "GET /xingrg/javascript/easyui/themes/icons/template_new.png HTTP/1.1" 304 -
180.175.212.199 - - [28/May/2020:08:46:35 +0800] "GET /xingrg/javascript/easyui/themes/icons/ok.png HTTP/1.1" 304 -
180.175.212.199 - - [28/May/2020:08:46:35 +0800] "GET /xingrg/javascript/easyui/themes/icons/print.png HTTP/1.1" 304 -
180.175.212.199 - - [28/May/2020:08:46:35 +0800] "GET /xingrg/javascript/easyui/themes/default/images/menu_downarrow.png HTTP/1.1" 304 -
180.175.212.199 - - [28/May/2020:08:46:35 +0800] "GET /xingrg/javascript/easyui/themes/icons/cancel.png HTTP/1.1" 304 -
180.175.212.199 - - [28/May/2020:08:46:35 +0800] "POST /xingrg/kc/buy/cgsh_order_operate.html HTTP/1.1" 200 8245
180.175.212.199 - - [28/May/2020:08:46:35 +0800] "GET /xingrg/javascript/easyui/themes/icons/edit_remove.png HTTP/1.1" 304 -
180.175.212.199 - - [28/May/2020:08:46:35 +0800] "GET /xingrg/all/common/auto_word.html?type=employee&rest_code=00102 HTTP/1.1" 200 189
180.175.212.199 - - [28/May/2020:08:46:35 +0800] "GET /xingrg/all/common/auto_word.html?type=employee&rest_code=00102 HTTP/1.1" 200 189
180.175.212.199 - - [28/May/2020:08:46:36 +0800] "GET /xingrg/javascript/easyui/themes/default/validatebox.css HTTP/1.1" 404 1104
180.175.212.199 - - [28/May/2020:08:46:36 +0800] "GET /xingrg/javascript/easyui/plugins/jquery.validatebox.js HTTP/1.1" 304 -
180.175.212.199 - - [28/May/2020:08:46:36 +0800] "GET /xingrg/javascript/easyui/plugins/jquery.numberbox.js HTTP/1.1" 304 -
114.84.33.255 - - [28/May/2020:08:46:38 +0800] "GET /xingrg/all/function/internal_message.html?_=1590626794476&CODE_STATE=getMsg HTTP/1.1" 200 27
180.175.212.199 - - [28/May/2020:08:46:41 +0800] "GET /xingrg/javascript/auto/indicator.gif HTTP/1.1" 404 1066
180.162.232.172 - - [28/May/2020:08:46:41 +0800] "GET /xingrg/all/function/internal_message.html?_=1590626798390&CODE_STATE=getMsg HTTP/1.1" 200 27
180.175.212.199 - - [28/May/2020:08:46:43 +0800] "GET /xingrg/javascript/easyui/plugins/jquery.draggable.js HTTP/1.1" 304 -
180.175.212.199 - - [28/May/2020:08:46:43 +0800] "GET /xingrg/css/images/panel_loading.gif HTTP/1.1" 304 -
180.175.212.199 - - [28/May/2020:08:46:43 +0800] "GET /xingrg/javascript/easyui/plugins/jquery.droppable.js HTTP/1.1" 304 -
180.175.212.199 - - [28/May/2020:08:46:43 +0800] "GET /xingrg/javascript/easyui/themes/default/tree.css HTTP/1.1" 404 1090
180.175.212.199 - - [28/May/2020:08:46:43 +0800] "GET /xingrg/javascript/easyui/plugins/jquery.tree.js HTTP/1.1" 304 -
180.175.212.199 - - [28/May/2020:08:46:43 +0800] "POST /xingrg/all/common/load_tree.html?tree=supplier_tree_json&isDelete=1 HTTP/1.1" 200 48460
180.175.212.199 - - [28/May/2020:08:46:45 +0800] "GET /xingrg/javascript/easyui/themes/default/images/tree_arrows.gif HTTP/1.1" 304 -
180.175.212.199 - - [28/May/2020:08:46:45 +0800] "GET /xingrg/javascript/easyui/themes/default/images/tree_folder_open.gif HTTP/1.1" 304 -
180.175.212.199 - - [28/May/2020:08:46:45 +0800] "GET /xingrg/javascript/easyui/themes/default/images/tree_folder.gif HTTP/1.1" 304 -
180.175.212.199 - - [28/May/2020:08:46:45 +0800] "GET /xingrg/javascript/easyui/themes/default/images/tree_file.gif HTTP/1.1" 304 -
58.221.95.50 - - [28/May/2020:08:46:45 +0800] "GET /xingrg/all/function/internal_message.html?_=1590626854136&CODE_STATE=getMsg HTTP/1.1" 200 27
180.175.212.199 - - [28/May/2020:08:46:47 +0800] "GET /xingrg/all/function/internal_message.html?_=1590626804089&CODE_STATE=getMsg HTTP/1.1" 200 27
180.175.212.199 - - [28/May/2020:08:46:52 +0800] "GET /xingrg/all/function/internal_message.html?_=1590627013150&CODE_STATE=getMsg HTTP/1.1" 200 27
117.131.5.26 - - [28/May/2020:08:46:55 +0800] "GET /xingrg/check_reg.html?_=1590626817391 HTTP/1.1" 302 -
180.175.212.199 - - [28/May/2020:08:46:56 +0800] "GET /xingrg/kc/buy/cgsh_order_operate.html?command=get_materiel&rest_code=00102&code=00101008257&supplier_code=00100008&order_time=2020-05-28 HTTP/1.1" 200 416
120.253.135.82 - - [28/May/2020:08:46:58 +0800] "GET /xingrg/check_reg.html?_=1590626945414 HTTP/1.1" 200 22
114.84.32.201 - - [28/May/2020:08:47:00 +0800] "GET /xingrg/all/function/internal_message.html?_=1590626812628&CODE_STATE=getMsg HTTP/1.1" 200 27
120.253.135.82 - - [28/May/2020:08:47:10 +0800] "POST /xingrg/kc/pszx/mdps_list_operate.html HTTP/1.1" 200 3934
120.253.135.82 - - [28/May/2020:08:47:13 +0800] "GET /xingrg/kc/report/report_main.html HTTP/1.1" 200 9370
120.253.135.82 - - [28/May/2020:08:47:13 +0800] "POST /xingrg/kc/pszx/mdps_list_operate.html HTTP/1.1" 200 3934
120.253.135.82 - - [28/May/2020:08:47:14 +0800] "GET /xingrg/kc/base/kc_stocks.html HTTP/1.1" 200 16278
120.253.135.82 - - [28/May/2020:08:47:14 +0800] "GET /xingrg/javascript/easyui/themes/default/tree.css HTTP/1.1" 404 1090
120.253.135.82 - - [28/May/2020:08:47:14 +0800] "POST /xingrg/all/common/load_tree.html?tree=materiel_sort_tree_json HTTP/1.1" 200 8666
120.253.135.82 - - [28/May/2020:08:47:15 +0800] "POST /xingrg/all/common/load_combo.html?type=base HTTP/1.1" 200 899
120.253.135.82 - - [28/May/2020:08:47:22 +0800] "POST /xingrg/kc/base/stock_operate.html HTTP/1.1" 200 1464
61.172.5.115 - - [28/May/2020:08:47:22 +0800] "GET /xingrg/all/function/internal_message.html?_=1590626840935&CODE_STATE=getMsg HTTP/1.1" 200 27
180.175.212.199 - - [28/May/2020:08:47:27 +0800] "GET /xingrg/kc/buy/cgsh_order_operate.html?command=get_materiel&rest_code=00102&code=00101008337&supplier_code=00100008&order_time=2020-05-28 HTTP/1.1" 200 408
120.253.135.82 - - [28/May/2020:08:47:32 +0800] "GET /xingrg/all/function/internal_message.html?_=1590626606083&CODE_STATE=getMsg HTTP/1.1" 200 27
222.69.137.38 - - [28/May/2020:08:47:32 +0800] "GET /xingrg/all/function/internal_message.html?_=1590626846633&CODE_STATE=getMsg HTTP/1.1" 200 27
172.17.0.115 - - [28/May/2020:08:47:32 +0800] "GET /xingrg/all/function/internal_message.html?_=1590626862440&CODE_STATE=getMsg HTTP/1.1" 200 27
120.253.135.82 - - [28/May/2020:08:47:33 +0800] "POST /xingrg/kc/base/stock_operate.html HTTP/1.1" 200 1467
180.175.212.199 - - [28/May/2020:08:47:33 +0800] "GET /xingrg/kc/buy/cgsh_order_operate.html?command=get_materiel&rest_code=00102&code=00101008080&supplier_code=00100008&order_time=2020-05-28 HTTP/1.1" 200 416
172.17.0.185 - - [28/May/2020:08:47:34 +0800] "GET /xingrg/all/function/internal_message.html?_=1590626851482&CODE_STATE=getMsg HTTP/1.1" 200 27
120.253.135.82 - - [28/May/2020:08:47:36 +0800] "GET /xingrg/kc/base/stock_detail.html?m=00101013052 HTTP/1.1" 200 6271
120.253.135.82 - - [28/May/2020:08:47:36 +0800] "GET /xingrg/javascript/jquery_easy_ui/themes/default/images/button_a_bg.gif HTTP/1.1" 200 1194
120.253.135.82 - - [28/May/2020:08:47:36 +0800] "GET /xingrg/javascript/jquery_easy_ui/themes/icons/search.png HTTP/1.1" 200 813
120.253.135.82 - - [28/May/2020:08:47:36 +0800] "GET /xingrg/javascript/jquery_easy_ui/themes/default/images/menu.gif HTTP/1.1" 200 834
120.253.135.82 - - [28/May/2020:08:47:36 +0800] "GET /xingrg/javascript/jquery_easy_ui/themes/default/images/button_span_bg.gif HTTP/1.1" 200 2061
120.253.135.82 - - [28/May/2020:08:47:36 +0800] "GET /xingrg/javascript/jquery_easy_ui/themes/default/images/menu_downarrow.png HTTP/1.1" 200 173
120.253.135.82 - - [28/May/2020:08:47:36 +0800] "GET /xingrg/javascript/jquery_easy_ui/themes/icons/print.png HTTP/1.1" 200 1057
120.253.135.82 - - [28/May/2020:08:47:36 +0800] "GET /xingrg/javascript/jquery_easy_ui/themes/default/images/calendar_prevmonth.gif HTTP/1.1" 200 66
120.253.135.82 - - [28/May/2020:08:47:36 +0800] "GET /xingrg/javascript/jquery_easy_ui/themes/default/images/calendar_prevyear.gif HTTP/1.1" 200 76
120.253.135.82 - - [28/May/2020:08:47:36 +0800] "GET /xingrg/javascript/jquery_easy_ui/themes/default/images/calendar_nextmonth.gif HTTP/1.1" 200 64
120.253.135.82 - - [28/May/2020:08:47:36 +0800] "GET /xingrg/javascript/jquery_easy_ui/themes/default/images/calendar_nextyear.gif HTTP/1.1" 200 75
114.84.33.255 - - [28/May/2020:08:47:38 +0800] "GET /xingrg/all/function/internal_message.html?_=1590626854490&CODE_STATE=getMsg HTTP/1.1" 200 27
180.175.212.199 - - [28/May/2020:08:47:39 +0800] "GET /xingrg/kc/buy/cgsh_order_operate.html?command=get_materiel&rest_code=00102&code=00101008350&supplier_code=00100008&order_time=2020-05-28 HTTP/1.1" 200 408
120.253.135.82 - - [28/May/2020:08:47:39 +0800] "GET /xingrg/kc/base/stock_operate.html?_=1590626613090&command=get_report_file&start_day=20200501 HTTP/1.1" 200 53
120.253.135.82 - - [28/May/2020:08:47:39 +0800] "GET /xingrg/javascript/multi_select/jqueryMultiSelect.css HTTP/1.1" 200 951
120.253.135.82 - - [28/May/2020:08:47:39 +0800] "GET /xingrg/javascript/calendar/timePicker.css HTTP/1.1" 200 523
120.253.135.82 - - [28/May/2020:08:47:39 +0800] "GET /xingrg/javascript/bigrid/fix.css HTTP/1.1" 200 1702
120.253.135.82 - - [28/May/2020:08:47:39 +0800] "GET /xingrg/javascript/bigrid/fix.js HTTP/1.1" 200 6439
120.253.135.82 - - [28/May/2020:08:47:39 +0800] "GET /xingrg/javascript/calendar/jquery.timePicker.min.js HTTP/1.1" 200 2997
120.253.135.82 - - [28/May/2020:08:47:39 +0800] "GET /xingrg/dwr/interface/AjaxReportQueryService.js HTTP/1.1" 200 13203
120.253.135.82 - - [28/May/2020:08:47:39 +0800] "GET /xingrg/all/report/report_query.html?isQuery=1&onlyBody=1&rh=2000&fileName=kc/base/kc_stock_detail_new.xml&queryString=(1=1)&queryText=&tableQueryString=init_table$sp1$$sp$crk_table$sp1$order_day%20between%2020200501%20and%2020200531&varString=start_day:20200501,materiel_code:00101013052,cost_id:2622,end_date:20200331 HTTP/1.1" 200 48701
120.253.135.82 - - [28/May/2020:08:47:39 +0800] "GET /xingrg/javascript/jqueryMultiSelect.js HTTP/1.1" 200 11866
120.253.135.82 - - [28/May/2020:08:47:39 +0800] "GET /xingrg/dwr/engine.js HTTP/1.1" 200 43631
120.253.135.82 - - [28/May/2020:08:47:39 +0800] "GET /xingrg/javascript/jquery_easy_ui/themes/icons/help.png HTTP/1.1" 200 1187
120.253.135.82 - - [28/May/2020:08:47:39 +0800] "GET /xingrg/images/blue/button/advanceover.gif HTTP/1.1" 200 1347
120.253.135.82 - - [28/May/2020:08:47:39 +0800] "GET /xingrg/images/blue/button/back2over.gif HTTP/1.1" 200 1335
120.253.135.82 - - [28/May/2020:08:47:39 +0800] "GET /xingrg/images/blue/button/backover.gif HTTP/1.1" 200 1348
120.253.135.82 - - [28/May/2020:08:47:39 +0800] "GET /xingrg/images/blue/button/advance2over.gif HTTP/1.1" 200 1336
120.253.135.82 - - [28/May/2020:08:47:39 +0800] "GET /xingrg/images/control/loading.gif HTTP/1.1" 200 13463
120.253.135.82 - - [28/May/2020:08:47:40 +0800] "POST /xingrg/all/report/load_report_page.html HTTP/1.1" 200 59378
120.253.135.82 - - [28/May/2020:08:47:40 +0800] "GET /xingrg/servlets/image?cache=0.6032512426587024&image=px HTTP/1.1" 200 807
180.162.232.172 - - [28/May/2020:08:47:41 +0800] "GET /xingrg/all/function/internal_message.html?_=1590626858390&CODE_STATE=getMsg HTTP/1.1" 200 27
58.221.95.50 - - [28/May/2020:08:47:45 +0800] "GET /xingrg/all/function/internal_message.html?_=1590626914121&CODE_STATE=getMsg HTTP/1.1" 200 27
180.175.212.199 - - [28/May/2020:08:47:47 +0800] "GET /xingrg/all/function/internal_message.html?_=1590626864085&CODE_STATE=getMsg HTTP/1.1" 200 27
120.253.135.82 - - [28/May/2020:08:47:49 +0800] "GET /xingrg/javascript/jquery_easy_ui/themes/default/images/button_plain_hover.png HTTP/1.1" 200 252
180.175.212.199 - - [28/May/2020:08:47:52 +0800] "GET /xingrg/all/function/internal_message.html?_=1590627073159&CODE_STATE=getMsg HTTP/1.1" 200 27
180.175.212.199 - - [28/May/2020:08:47:53 +0800] "GET /xingrg/kc/buy/cgsh_order_operate.html?command=get_materiel&rest_code=00102&code=00101008185&supplier_code=00100008&order_time=2020-05-28 HTTP/1.1" 200 408
120.253.135.82 - - [28/May/2020:08:47:54 +0800] "GET /xingrg/kc/guide/show_order.html?code=312020052600541&type=31 HTTP/1.1" 302 -
120.253.135.82 - - [28/May/2020:08:47:54 +0800] "GET /xingrg/kc/pszx/mdps_order_info.html?code=312020052600541&sysBaseUrl=http%3A%2F%2F180.169.147.146%3A18081%2Fxingrg%2F&costTime=0×tamp=1590626874102 HTTP/1.1" 200 19503
120.253.135.82 - - [28/May/2020:08:47:54 +0800] "GET /favicon.ico HTTP/1.1" 404 -
120.253.135.82 - - [28/May/2020:08:47:54 +0800] "GET /xingrg/javascript/easyui/themes/default/validatebox.css HTTP/1.1" 404 1104
120.253.135.82 - - [28/May/2020:08:47:54 +0800] "POST /xingrg/kc/pszx/mdps_order_operate.html HTTP/1.1" 200 13288
114.84.32.201 - - [28/May/2020:08:48:00 +0800] "GET /xingrg/all/function/internal_message.html?_=1590626872627&CODE_STATE=getMsg HTTP/1.1" 200 27
120.253.135.82 - - [28/May/2020:08:48:02 +0800] "GET /xingrg/kc/guide/show_order.html?code=312020052100423&type=31 HTTP/1.1" 302 -
180.175.212.199 - - [28/May/2020:08:48:02 +0800] "GET /xingrg/kc/buy/cgsh_order_operate.html?command=get_materiel&rest_code=00102&code=00101008354&supplier_code=00100008&order_time=2020-05-28 HTTP/1.1" 200 412
120.253.135.82 - - [28/May/2020:08:48:02 +0800] "GET /xingrg/kc/pszx/mdps_order_info.html?code=312020052100423&sysBaseUrl=http%3A%2F%2F180.169.147.146%3A18081%2Fxingrg%2F&costTime=0×tamp=1590626882544 HTTP/1.1" 200 19503
120.253.135.82 - - [28/May/2020:08:48:02 +0800] "GET /favicon.ico HTTP/1.1" 404 -
120.253.135.82 - - [28/May/2020:08:48:03 +0800] "GET /xingrg/javascript/easyui/themes/default/validatebox.css HTTP/1.1" 404 1104
120.253.135.82 - - [28/May/2020:08:48:03 +0800] "POST /xingrg/kc/pszx/mdps_order_operate.html HTTP/1.1" 200 8625
180.175.212.199 - - [28/May/2020:08:48:08 +0800] "GET /xingrg/kc/buy/cgsh_order_operate.html?command=get_materiel&rest_code=00102&code=00101008312&supplier_code=00100008&order_time=2020-05-28 HTTP/1.1" 200 412
180.175.212.199 - - [28/May/2020:08:48:14 +0800] "GET /xingrg/kc/buy/cgsh_order_operate.html?command=get_materiel&rest_code=00102&code=00101008351&supplier_code=00100008&order_time=2020-05-28 HTTP/1.1" 200 427
114.84.151.157 - - [28/May/2020:08:48:17 +0800] "GET /xingrg/check_reg.html?_=1590626890772 HTTP/1.1" 200 22
180.175.212.199 - - [28/May/2020:08:48:20 +0800] "GET /xingrg/kc/buy/cgsh_order_operate.html?command=get_materiel&rest_code=00102&code=00101008186&supplier_code=00100008&order_time=2020-05-28 HTTP/1.1" 200 408
61.172.5.115 - - [28/May/2020:08:48:22 +0800] "GET /xingrg/all/function/internal_message.html?_=1590626900935&CODE_STATE=getMsg HTTP/1.1" 200 27
114.88.170.9 - - [28/May/2020:08:48:23 +0800] "POST /xingrg/services/DataTransmitService HTTP/1.1" 200 524
114.88.170.9 - - [28/May/2020:08:48:24 +0800] "POST /xingrg/services/DataTransmitService HTTP/1.1" 200 501
120.253.135.82 - - [28/May/2020:08:48:24 +0800] "GET /xingrg/kc/pszx/mdqp_order_list.html?state=10 HTTP/1.1" 200 10079
120.253.135.82 - - [28/May/2020:08:48:24 +0800] "GET /xingrg/dwr/interface/AjaxQqpsService.js HTTP/1.1" 200 16326
120.253.135.82 - - [28/May/2020:08:48:24 +0800] "GET /xingrg/dwr/interface/AjaxReportQueryService.js HTTP/1.1" 200 13203
120.253.135.82 - - [28/May/2020:08:48:24 +0800] "GET /xingrg/dwr/engine.js HTTP/1.1" 200 43631
180.175.212.199 - - [28/May/2020:08:48:29 +0800] "GET /xingrg/kc/buy/cgsh_order_operate.html?command=get_materiel&rest_code=00102&code=00101008026&supplier_code=00100008&order_time=2020-05-28 HTTP/1.1" 200 408
120.253.135.82 - - [28/May/2020:08:48:29 +0800] "GET /xingrg/kc/pszx/mdqp_order_list.html?state=10 HTTP/1.1" 200 10079
120.253.135.82 - - [28/May/2020:08:48:30 +0800] "GET /xingrg/dwr/interface/AjaxQqpsService.js HTTP/1.1" 200 16326
120.253.135.82 - - [28/May/2020:08:48:30 +0800] "GET /xingrg/dwr/interface/AjaxReportQueryService.js HTTP/1.1" 200 13203
120.253.135.82 - - [28/May/2020:08:48:30 +0800] "GET /xingrg/dwr/engine.js HTTP/1.1" 200 43631
222.69.137.38 - - [28/May/2020:08:48:32 +0800] "GET /xingrg/all/function/internal_message.html?_=1590626906633&CODE_STATE=getMsg HTTP/1.1" 200 27
172.17.0.115 - - [28/May/2020:08:48:32 +0800] "GET /xingrg/all/function/internal_message.html?_=1590626922463&CODE_STATE=getMsg HTTP/1.1" 200 27
172.17.0.185 - - [28/May/2020:08:48:34 +0800] "GET /xingrg/all/function/internal_message.html?_=1590626911484&CODE_STATE=getMsg HTTP/1.1" 200 27
180.175.212.199 - - [28/May/2020:08:48:36 +0800] "GET /xingrg/kc/buy/cgsh_order_operate.html?command=get_materiel&rest_code=00102&code=00101008110&supplier_code=00100008&order_time=2020-05-28 HTTP/1.1" 200 408
114.84.33.255 - - [28/May/2020:08:48:38 +0800] "GET /xingrg/all/function/internal_message.html?_=1590626914519&CODE_STATE=getMsg HTTP/1.1" 200 27
180.162.232.172 - - [28/May/2020:08:48:41 +0800] "GET /xingrg/all/function/internal_message.html?_=1590626918390&CODE_STATE=getMsg HTTP/1.1" 200 27
58.221.95.50 - - [28/May/2020:08:48:45 +0800] "GET /xingrg/all/function/internal_message.html?_=1590626974135&CODE_STATE=getMsg HTTP/1.1" 200 27
58.221.95.50 - - [28/May/2020:08:48:46 +0800] "GET /xingrg/check_reg.html?_=1590626974136 HTTP/1.1" 200 22
180.175.212.199 - - [28/May/2020:08:48:46 +0800] "GET /xingrg/kc/buy/cgsh_order_operate.html?command=get_materiel&rest_code=00102&code=00101008038&supplier_code=00100008&order_time=2020-05-28 HTTP/1.1" 200 412
180.175.212.199 - - [28/May/2020:08:48:47 +0800] "GET /xingrg/all/function/internal_message.html?_=1590626924082&CODE_STATE=getMsg HTTP/1.1" 200 27
180.175.212.199 - - [28/May/2020:08:48:47 +0800] "GET /xingrg/check_reg.html?_=1590626924088 HTTP/1.1" 200 22
180.175.212.199 - - [28/May/2020:08:48:52 +0800] "GET /xingrg/all/function/internal_message.html?_=1590627133238&CODE_STATE=getMsg HTTP/1.1" 200 27
180.175.212.199 - - [28/May/2020:08:48:54 +0800] "GET /xingrg/kc/buy/cgsh_order_operate.html?command=get_materiel&rest_code=00102&code=00101008358&supplier_code=00100008&order_time=2020-05-28 HTTP/1.1" 200 412
114.84.32.201 - - [28/May/2020:08:49:00 +0800] "GET /xingrg/all/function/internal_message.html?_=1590626932624&CODE_STATE=getMsg HTTP/1.1" 200 27
180.175.212.199 - - [28/May/2020:08:49:03 +0800] "GET /xingrg/kc/buy/cgsh_order_operate.html?command=get_materiel&rest_code=00102&code=00101008355&supplier_code=00100008&order_time=2020-05-28 HTTP/1.1" 200 408
180.175.212.199 - - [28/May/2020:08:49:09 +0800] "GET /xingrg/kc/buy/cgsh_order_operate.html?command=get_materiel&rest_code=00102&code=00101008264&supplier_code=00100008&order_time=2020-05-28 HTTP/1.1" 200 412
172.17.0.115 - - [28/May/2020:08:49:17 +0800] "GET /xingrg/check_reg.html?_=1590626967274 HTTP/1.1" 200 22
180.175.212.199 - - [28/May/2020:08:49:22 +0800] "GET /xingrg/kc/buy/cgsh_order_operate.html?command=get_materiel&rest_code=00102&code=00101008024&supplier_code=00100008&order_time=2020-05-28 HTTP/1.1" 200 408
61.172.5.115 - - [28/May/2020:08:49:22 +0800] "GET /xingrg/all/function/internal_message.html?_=1590626960936&CODE_STATE=getMsg HTTP/1.1" 200 27
180.175.212.199 - - [28/May/2020:08:49:31 +0800] "GET /xingrg/kc/buy/cgsh_order_operate.html?command=get_materiel&rest_code=00102&code=00101008300&supplier_code=00100008&order_time=2020-05-28 HTTP/1.1" 200 412
222.69.137.38 - - [28/May/2020:08:49:32 +0800] "GET /xingrg/all/function/internal_message.html?_=1590626966640&CODE_STATE=getMsg HTTP/1.1" 200 27
172.17.0.115 - - [28/May/2020:08:49:32 +0800] "GET /xingrg/all/function/internal_message.html?_=1590626982468&CODE_STATE=getMsg HTTP/1.1" 200 27
172.17.0.185 - - [28/May/2020:08:49:34 +0800] "GET /xingrg/all/function/internal_message.html?_=1590626971485&CODE_STATE=getMsg HTTP/1.1" 200 27
114.84.33.255 - - [28/May/2020:08:49:38 +0800] "GET /xingrg/all/function/internal_message.html?_=1590626974533&CODE_STATE=getMsg HTTP/1.1" 200 27
180.175.212.199 - - [28/May/2020:08:49:40 +0800] "GET /xingrg/kc/buy/cgsh_order_operate.html?command=get_materiel&rest_code=00102&code=00101008362&supplier_code=00100008&order_time=2020-05-28 HTTP/1.1" 200 408
180.162.232.172 - - [28/May/2020:08:49:41 +0800] "GET /xingrg/all/function/internal_message.html?_=1590626978393&CODE_STATE=getMsg HTTP/1.1" 200 27
101.91.60.105 - - [28/May/2020:08:49:44 +0800] "GET /xingrg/check_reg.html?_=1590626290789 HTTP/1.1" 302 -
58.221.95.50 - - [28/May/2020:08:49:45 +0800] "GET /xingrg/all/function/internal_message.html?_=1590627034135&CODE_STATE=getMsg HTTP/1.1" 200 27
180.175.212.199 - - [28/May/2020:08:49:47 +0800] "GET /xingrg/all/function/internal_message.html?_=1590626984082&CODE_STATE=getMsg HTTP/1.1" 200 27
101.91.60.105 - - [28/May/2020:08:49:49 +0800] "GET /xingrg/login.html HTTP/1.1" 200 7641
180.175.212.199 - - [28/May/2020:08:49:51 +0800] "GET /xingrg/kc/buy/cgsh_order_operate.html?command=get_materiel&rest_code=00102&code=00101008077&supplier_code=00100008&order_time=2020-05-28 HTTP/1.1" 200 416
180.175.212.199 - - [28/May/2020:08:49:52 +0800] "GET /xingrg/all/function/internal_message.html?_=1590627193248&CODE_STATE=getMsg HTTP/1.1" 200 27
180.175.212.199 - - [28/May/2020:08:49:54 +0800] "POST /xingrg/kc/buy/cgsh_order_operate.html HTTP/1.1" 200 2065
180.175.212.199 - - [28/May/2020:08:49:59 +0800] "GET /xingrg/kc/buy/cgsh_order_operate.html?command=get_materiel&rest_code=00102&code=00101008357&supplier_code=00100008&order_time=2020-05-28 HTTP/1.1" 200 408
114.84.32.201 - - [28/May/2020:08:50:00 +0800] "GET /xingrg/all/function/internal_message.html?_=1590626992635&CODE_STATE=getMsg HTTP/1.1" 200 27
114.84.32.201 - - [28/May/2020:08:50:00 +0800] "GET /xingrg/check_reg.html?_=1590626992637 HTTP/1.1" 200 22
180.175.212.199 - - [28/May/2020:08:50:06 +0800] "GET /xingrg/kc/buy/cgsh_order_operate.html?command=get_materiel&rest_code=00102&code=00101008069&supplier_code=00100008&order_time=2020-05-28 HTTP/1.1" 200 412
180.175.212.199 - - [28/May/2020:08:50:14 +0800] "GET /xingrg/kc/buy/cgsh_order_operate.html?command=get_materiel&rest_code=00102&code=00101008286&supplier_code=00100008&order_time=2020-05-28 HTTP/1.1" 200 408
180.175.212.199 - - [28/May/2020:08:50:22 +0800] "GET /xingrg/kc/buy/cgsh_order_operate.html?command=get_materiel&rest_code=00102&code=00101008131&supplier_code=00100008&order_time=2020-05-28 HTTP/1.1" 200 408
61.172.5.115 - - [28/May/2020:08:50:22 +0800] "GET /xingrg/all/function/internal_message.html?_=1590627020936&CODE_STATE=getMsg HTTP/1.1" 200 27
116.230.77.149 - - [28/May/2020:08:50:28 +0800] "GET /xingrg/login.html HTTP/1.1" 200 7641
116.230.77.149 - - [28/May/2020:08:50:29 +0800] "GET /favicon.ico HTTP/1.1" 404 -
180.175.212.199 - - [28/May/2020:08:50:30 +0800] "GET /xingrg/kc/buy/cgsh_order_operate.html?command=get_materiel&rest_code=00102&code=00101008318&supplier_code=00100008&order_time=2020-05-28 HTTP/1.1" 200 408
222.69.137.38 - - [28/May/2020:08:50:32 +0800] "GET /xingrg/all/function/internal_message.html?_=1590627026642&CODE_STATE=getMsg HTTP/1.1" 200 27
172.17.0.115 - - [28/May/2020:08:50:32 +0800] "GET /xingrg/all/function/internal_message.html?_=1590627042482&CODE_STATE=getMsg HTTP/1.1" 200 27
