180.175.212.199 - - [28/May/2020:08:50:32 +0800] "POST /xingrg/kc/buy/cgsh_order_operate.html HTTP/1.1" 200 2065
172.17.0.185 - - [28/May/2020:08:50:34 +0800] "GET /xingrg/all/function/internal_message.html?_=1590627031492&CODE_STATE=getMsg HTTP/1.1" 200 27
180.175.212.199 - - [28/May/2020:08:50:38 +0800] "GET /xingrg/kc/buy/cgsh_order_operate.html?command=get_materiel&rest_code=00102&code=00101008352&supplier_code=00100008&order_time=2020-05-28 HTTP/1.1" 200 412
114.84.33.255 - - [28/May/2020:08:50:39 +0800] "GET /xingrg/all/function/internal_message.html?_=1590627034573&CODE_STATE=getMsg HTTP/1.1" 200 27
180.162.232.172 - - [28/May/2020:08:50:41 +0800] "GET /xingrg/all/function/internal_message.html?_=1590627038393&CODE_STATE=getMsg HTTP/1.1" 200 27
180.162.232.172 - - [28/May/2020:08:50:41 +0800] "GET /xingrg/check_reg.html?_=1590627038396 HTTP/1.1" 200 22
58.221.95.50 - - [28/May/2020:08:50:46 +0800] "GET /xingrg/all/function/internal_message.html?_=1590627094134&CODE_STATE=getMsg HTTP/1.1" 200 27
180.175.212.199 - - [28/May/2020:08:50:46 +0800] "GET /xingrg/kc/buy/cgsh_order_operate.html?command=get_materiel&rest_code=00102&code=00101008098&supplier_code=00100008&order_time=2020-05-28 HTTP/1.1" 200 412
180.175.212.199 - - [28/May/2020:08:50:47 +0800] "GET /xingrg/all/function/internal_message.html?_=1590627044089&CODE_STATE=getMsg HTTP/1.1" 200 27
116.230.77.149 - - [28/May/2020:08:50:50 +0800] "POST /xingrg/login.do HTTP/1.1" 302 -
116.230.77.149 - - [28/May/2020:08:50:50 +0800] "GET /xingrg/index.html?sysBaseUrl=http%3A%2F%2F180.169.147.146%3A18081%2Fxingrg%2F&costTime=39×tamp=1590627050882 HTTP/1.1" 200 17503
180.175.212.199 - - [28/May/2020:08:50:52 +0800] "GET /xingrg/check_reg.html?_=1590627252985 HTTP/1.1" 200 22
116.230.77.149 - - [28/May/2020:08:50:52 +0800] "GET /favicon.ico HTTP/1.1" 404 -
180.175.212.199 - - [28/May/2020:08:50:52 +0800] "GET /xingrg/all/function/internal_message.html?_=1590627253261&CODE_STATE=getMsg HTTP/1.1" 200 27
116.230.77.149 - - [28/May/2020:08:50:52 +0800] "POST /xingrg/all/common/load_tree.html?tree=area_rest_tree_json&manage=1 HTTP/1.1" 200 3088
116.230.77.149 - - [28/May/2020:08:50:53 +0800] "GET /xingrg/check_reg.html?_=1590627044741 HTTP/1.1" 200 22
116.230.77.149 - - [28/May/2020:08:50:53 +0800] "GET /xingrg/all/function/internal_message.html?_=1590627044734&CODE_STATE=count HTTP/1.1" 200 11
180.162.232.172 - - [28/May/2020:08:50:53 +0800] "GET /xingrg/check_reg.html?_=1590627182081 HTTP/1.1" 302 -
116.230.77.149 - - [28/May/2020:08:50:53 +0800] "POST /xingrg/load_menu.html HTTP/1.1" 200 11443
180.175.212.199 - - [28/May/2020:08:50:54 +0800] "GET /xingrg/kc/buy/cgsh_order_operate.html?command=get_materiel&rest_code=00102&code=00101008271&supplier_code=00100008&order_time=2020-05-28 HTTP/1.1" 200 408
116.230.77.149 - - [28/May/2020:08:50:57 +0800] "POST /xingrg/all/user/operate.html HTTP/1.1" 200 36
116.230.77.149 - - [28/May/2020:08:50:57 +0800] "GET /xingrg/index.html?sysBaseUrl=http%3A%2F%2F180.169.147.146%3A18081%2Fxingrg%2F&costTime=39×tamp=1590627050882 HTTP/1.1" 200 17509
116.230.77.149 - - [28/May/2020:08:50:57 +0800] "GET /xingrg/javascript/jquery_easy_ui/themes/default/easyui.css HTTP/1.1" 304 -
116.230.77.149 - - [28/May/2020:08:50:57 +0800] "GET /xingrg/javascript/jquery_easy_ui/themes/icon.css HTTP/1.1" 304 -
116.230.77.149 - - [28/May/2020:08:50:57 +0800] "GET /xingrg/css/form.css HTTP/1.1" 304 -
116.230.77.149 - - [28/May/2020:08:50:57 +0800] "GET /xingrg/javascript/jquery-1.4.2.min.js HTTP/1.1" 304 -
116.230.77.149 - - [28/May/2020:08:50:57 +0800] "GET /xingrg/javascript/jquery_easy_ui/jquery.easyui.min.js HTTP/1.1" 304 -
116.230.77.149 - - [28/May/2020:08:50:57 +0800] "GET /xingrg/javascript/jquery_easy_ui/easyui-lang-zh_CN.js HTTP/1.1" 304 -
116.230.77.149 - - [28/May/2020:08:50:57 +0800] "GET /xingrg/javascript/jquery.form.js HTTP/1.1" 304 -
116.230.77.149 - - [28/May/2020:08:50:57 +0800] "GET /xingrg/javascript/jquery.utils.js HTTP/1.1" 304 -
116.230.77.149 - - [28/May/2020:08:50:57 +0800] "GET /xingrg/javascript/jquery.timers.js HTTP/1.1" 304 -
116.230.77.149 - - [28/May/2020:08:50:57 +0800] "GET /xingrg/images/blue/jxLogo.png HTTP/1.1" 304 -
116.230.77.149 - - [28/May/2020:08:50:57 +0800] "GET /xingrg/images/blue/navBackgound.jpg HTTP/1.1" 304 -
116.230.77.149 - - [28/May/2020:08:50:57 +0800] "GET /xingrg/javascript/jquery_easy_ui/themes/icons/settle_new.png HTTP/1.1" 304 -
116.230.77.149 - - [28/May/2020:08:50:58 +0800] "POST /xingrg/all/common/load_tree.html?tree=area_rest_tree_json&manage=1 HTTP/1.1" 200 3088
116.230.77.149 - - [28/May/2020:08:50:58 +0800] "GET /xingrg/all/function/internal_message.html?_=1590627049837&CODE_STATE=count HTTP/1.1" 200 11
116.230.77.149 - - [28/May/2020:08:50:58 +0800] "GET /xingrg/check_reg.html?_=1590627049844 HTTP/1.1" 200 22
116.230.77.149 - - [28/May/2020:08:50:58 +0800] "GET /xingrg/images/blue/pingpu.png HTTP/1.1" 304 -
116.230.77.149 - - [28/May/2020:08:50:58 +0800] "GET /xingrg/javascript/jquery_easy_ui/themes/default/images/tabs_rightarrow.png HTTP/1.1" 304 -
116.230.77.149 - - [28/May/2020:08:50:58 +0800] "POST /xingrg/load_menu.html HTTP/1.1" 200 9959
116.230.77.149 - - [28/May/2020:08:50:58 +0800] "GET /xingrg/javascript/jquery_easy_ui/themes/default/images/tabs_leftarrow.png HTTP/1.1" 304 -
116.230.77.149 - - [28/May/2020:08:50:58 +0800] "GET /xingrg/javascript/jquery_easy_ui/themes/default/images/panel_tool_collapse.gif HTTP/1.1" 304 -
116.230.77.149 - - [28/May/2020:08:50:58 +0800] "GET /xingrg/javascript/jquery_easy_ui/themes/default/images/panel_tool_expand.gif HTTP/1.1" 304 -
116.230.77.149 - - [28/May/2020:08:50:58 +0800] "GET /xingrg/javascript/jquery_easy_ui/themes/icons/forms_new.png HTTP/1.1" 304 -
116.230.77.149 - - [28/May/2020:08:50:58 +0800] "GET /xingrg/javascript/jquery_easy_ui/themes/default/images/tree_arrows.gif HTTP/1.1" 304 -
116.230.77.149 - - [28/May/2020:08:50:58 +0800] "GET /xingrg/javascript/jquery_easy_ui/themes/default/images/tree_folder_open.gif HTTP/1.1" 304 -
116.230.77.149 - - [28/May/2020:08:50:58 +0800] "GET /xingrg/javascript/jquery_easy_ui/themes/default/images/tree_folder.gif HTTP/1.1" 304 -
116.230.77.149 - - [28/May/2020:08:50:58 +0800] "GET /xingrg/javascript/jquery_easy_ui/themes/icons/search_new.png HTTP/1.1" 304 -
116.230.77.149 - - [28/May/2020:08:50:58 +0800] "GET /xingrg/javascript/jquery_easy_ui/themes/icons/storage_new.png HTTP/1.1" 304 -
116.230.77.149 - - [28/May/2020:08:50:59 +0800] "GET /xingrg/javascript/jquery_easy_ui/themes/icons/setting_new.png HTTP/1.1" 304 -
116.230.77.149 - - [28/May/2020:08:50:59 +0800] "GET /xingrg/javascript/jquery_easy_ui/themes/default/images/tree_file.gif HTTP/1.1" 304 -
116.230.77.149 - - [28/May/2020:08:50:59 +0800] "GET /xingrg/javascript/jquery_easy_ui/themes/icons/systemset_new.png HTTP/1.1" 304 -
116.230.77.149 - - [28/May/2020:08:50:59 +0800] "GET /xingrg/javascript/jquery_easy_ui/themes/icons/checkout_new.png HTTP/1.1" 304 -
116.230.77.149 - - [28/May/2020:08:50:59 +0800] "GET /xingrg/kc/buy/buy_main.html HTTP/1.1" 200 12412
116.230.77.149 - - [28/May/2020:08:50:59 +0800] "GET /xingrg/css/new_ie.css HTTP/1.1" 404 1036
114.84.32.201 - - [28/May/2020:08:51:00 +0800] "GET /xingrg/all/function/internal_message.html?_=1590627052633&CODE_STATE=getMsg HTTP/1.1" 200 27
180.175.212.199 - - [28/May/2020:08:51:00 +0800] "GET /xingrg/kc/buy/cgsh_order_operate.html?command=get_materiel&rest_code=00102&code=00101008213&supplier_code=00100008&order_time=2020-05-28 HTTP/1.1" 200 412
116.230.77.149 - - [28/May/2020:08:51:00 +0800] "GET /xingrg/images/yd/bt.gif HTTP/1.1" 404 1040
116.230.77.149 - - [28/May/2020:08:51:01 +0800] "GET /xingrg/kc/buy/cgsh_order_list.html HTTP/1.1" 200 43257
116.230.77.149 - - [28/May/2020:08:51:05 +0800] "POST /xingrg/kc/buy/cgsh_list_operate.html HTTP/1.1" 200 2001
180.175.212.199 - - [28/May/2020:08:51:09 +0800] "GET /xingrg/kc/buy/cgsh_order_operate.html?command=get_materiel&rest_code=00102&code=00101008208&supplier_code=00100008&order_time=2020-05-28 HTTP/1.1" 200 411
116.230.77.149 - - [28/May/2020:08:51:09 +0800] "GET /xingrg/javascript/jquery_tools/images/next.gif HTTP/1.1" 404 1086
116.230.77.149 - - [28/May/2020:08:51:09 +0800] "GET /xingrg/javascript/jquery_tools/images/prev.gif HTTP/1.1" 404 1086
180.175.212.199 - - [28/May/2020:08:51:12 +0800] "POST /xingrg/kc/buy/cgsh_order_operate.html HTTP/1.1" 200 2065
180.175.212.199 - - [28/May/2020:08:51:17 +0800] "GET /xingrg/kc/buy/cgsh_order_operate.html?command=get_materiel&rest_code=00102&code=00101015065&supplier_code=00100008&order_time=2020-05-28 HTTP/1.1" 200 413
116.230.77.149 - - [28/May/2020:08:51:17 +0800] "GET /xingrg/javascript/easyui/themes/default/tree.css HTTP/1.1" 404 1090
116.230.77.149 - - [28/May/2020:08:51:17 +0800] "POST /xingrg/all/common/load_tree.html?tree=supplier_tree_json&manage=1 HTTP/1.1" 200 49067
61.172.5.115 - - [28/May/2020:08:51:22 +0800] "GET /xingrg/check_reg.html?_=1590627080940 HTTP/1.1" 200 22
61.172.5.115 - - [28/May/2020:08:51:22 +0800] "GET /xingrg/all/function/internal_message.html?_=1590627080943&CODE_STATE=getMsg HTTP/1.1" 200 27
114.84.33.255 - - [28/May/2020:08:51:25 +0800] "GET /xingrg/check_reg.html?_=1590627081253 HTTP/1.1" 200 22
180.175.212.199 - - [28/May/2020:08:51:26 +0800] "GET /xingrg/kc/buy/cgsh_order_operate.html?command=get_materiel&rest_code=00102&code=00101008114&supplier_code=00100008&order_time=2020-05-28 HTTP/1.1" 200 412
116.230.77.149 - - [28/May/2020:08:51:26 +0800] "POST /xingrg/kc/buy/cgsh_list_operate.html HTTP/1.1" 200 5317
222.69.137.38 - - [28/May/2020:08:51:32 +0800] "GET /xingrg/check_reg.html?_=1590627086642 HTTP/1.1" 200 22
222.69.137.38 - - [28/May/2020:08:51:32 +0800] "GET /xingrg/all/function/internal_message.html?_=1590627086645&CODE_STATE=getMsg HTTP/1.1" 200 27
172.17.0.115 - - [28/May/2020:08:51:32 +0800] "GET /xingrg/all/function/internal_message.html?_=1590627102502&CODE_STATE=getMsg HTTP/1.1" 200 27
180.175.212.199 - - [28/May/2020:08:51:33 +0800] "GET /xingrg/kc/buy/cgsh_order_operate.html?command=get_materiel&rest_code=00102&code=00101008101&supplier_code=00100008&order_time=2020-05-28 HTTP/1.1" 200 412
172.17.0.185 - - [28/May/2020:08:51:34 +0800] "GET /xingrg/all/function/internal_message.html?_=1590627091482&CODE_STATE=getMsg HTTP/1.1" 200 27
172.17.0.185 - - [28/May/2020:08:51:34 +0800] "GET /xingrg/check_reg.html?_=1590627091489 HTTP/1.1" 200 22
114.84.33.255 - - [28/May/2020:08:51:39 +0800] "GET /xingrg/all/function/internal_message.html?_=1590627094575&CODE_STATE=getMsg HTTP/1.1" 200 27
180.175.212.199 - - [28/May/2020:08:51:40 +0800] "GET /xingrg/kc/buy/cgsh_order_operate.html?command=get_materiel&rest_code=00102&code=00101008041&supplier_code=00100008&order_time=2020-05-28 HTTP/1.1" 200 408
180.162.232.172 - - [28/May/2020:08:51:41 +0800] "GET /xingrg/all/function/internal_message.html?_=1590627098399&CODE_STATE=getMsg HTTP/1.1" 200 27
58.221.95.50 - - [28/May/2020:08:51:46 +0800] "GET /xingrg/all/function/internal_message.html?_=1590627154136&CODE_STATE=getMsg HTTP/1.1" 200 27
180.175.212.199 - - [28/May/2020:08:51:46 +0800] "GET /xingrg/kc/buy/cgsh_order_operate.html?command=get_materiel&rest_code=00102&code=00101008229&supplier_code=00100008&order_time=2020-05-28 HTTP/1.1" 200 420
180.175.212.199 - - [28/May/2020:08:51:47 +0800] "GET /xingrg/all/function/internal_message.html?_=1590627104093&CODE_STATE=getMsg HTTP/1.1" 200 27
180.175.212.199 - - [28/May/2020:08:51:52 +0800] "GET /xingrg/all/function/internal_message.html?_=1590627313312&CODE_STATE=getMsg HTTP/1.1" 200 27
180.175.212.199 - - [28/May/2020:08:51:53 +0800] "POST /xingrg/kc/buy/cgsh_order_operate.html HTTP/1.1" 200 37
180.175.212.199 - - [28/May/2020:08:51:54 +0800] "POST /xingrg/kc/buy/cgsh_order_operate.html HTTP/1.1" 200 22132
117.131.5.26 - - [28/May/2020:08:51:55 +0800] "GET /xingrg/check_reg.html?_=1590627117407 HTTP/1.1" 302 -
116.230.77.149 - - [28/May/2020:08:51:56 +0800] "POST /xingrg/kc/buy/cgsh_list_operate.html HTTP/1.1" 200 5081
116.230.77.149 - - [28/May/2020:08:51:58 +0800] "GET /xingrg/all/function/internal_message.html?_=1590627109866&CODE_STATE=getMsg HTTP/1.1" 200 27
120.253.135.82 - - [28/May/2020:08:51:58 +0800] "GET /xingrg/check_reg.html?_=1590627245426 HTTP/1.1" 200 22
114.84.32.201 - - [28/May/2020:08:52:00 +0800] "GET /xingrg/all/function/internal_message.html?_=1590627112633&CODE_STATE=getMsg HTTP/1.1" 200 27
116.230.77.149 - - [28/May/2020:08:52:04 +0800] "GET /xingrg/login.html HTTP/1.1" 200 7641
116.230.77.149 - - [28/May/2020:08:52:06 +0800] "GET /favicon.ico HTTP/1.1" 404 -
180.175.212.199 - - [28/May/2020:08:52:08 +0800] "POST /xingrg/kc/buy/cgsh_order_operate.html HTTP/1.1" 200 37
116.230.77.149 - - [28/May/2020:08:52:08 +0800] "POST /xingrg/login.do HTTP/1.1" 302 -
116.230.77.149 - - [28/May/2020:08:52:08 +0800] "GET /xingrg/index.html?sysBaseUrl=http%3A%2F%2F180.169.147.146%3A18081%2Fxingrg%2F&costTime=38×tamp=1590627128814 HTTP/1.1" 200 17179
180.175.212.199 - - [28/May/2020:08:52:09 +0800] "POST /xingrg/kc/buy/cgsh_order_operate.html HTTP/1.1" 200 22132
116.230.77.149 - - [28/May/2020:08:52:09 +0800] "POST /xingrg/all/common/load_tree.html?tree=area_rest_tree_json&manage=1 HTTP/1.1" 200 476
116.230.77.149 - - [28/May/2020:08:52:09 +0800] "GET /xingrg/check_reg.html?_=1590627121466 HTTP/1.1" 200 22
116.230.77.149 - - [28/May/2020:08:52:09 +0800] "GET /xingrg/all/function/internal_message.html?_=1590627121458&CODE_STATE=count HTTP/1.1" 200 11
116.230.77.149 - - [28/May/2020:08:52:10 +0800] "POST /xingrg/load_menu.html HTTP/1.1" 200 5138
116.230.77.149 - - [28/May/2020:08:52:10 +0800] "GET /favicon.ico HTTP/1.1" 404 -
180.175.212.199 - - [28/May/2020:08:52:16 +0800] "GET /xingrg/kc/buy/cgsh_order_add.html HTTP/1.1" 200 58646
180.175.212.199 - - [28/May/2020:08:52:16 +0800] "POST /xingrg/kc/buy/cgsh_order_operate.html HTTP/1.1" 200 8245
180.175.212.199 - - [28/May/2020:08:52:17 +0800] "GET /xingrg/javascript/easyui/themes/default/validatebox.css HTTP/1.1" 404 1104
180.175.212.199 - - [28/May/2020:08:52:18 +0800] "GET /xingrg/javascript/easyui/themes/default/tree.css HTTP/1.1" 404 1090
180.175.212.199 - - [28/May/2020:08:52:18 +0800] "POST /xingrg/all/common/load_tree.html?tree=supplier_tree_json&isDelete=1 HTTP/1.1" 200 48460
61.172.5.115 - - [28/May/2020:08:52:22 +0800] "GET /xingrg/all/function/internal_message.html?_=1590627140928&CODE_STATE=getMsg HTTP/1.1" 200 27
180.175.212.199 - - [28/May/2020:08:52:28 +0800] "GET /xingrg/kc/buy/cgsh_order_operate.html?command=get_materiel&rest_code=00102&code=00102010240&supplier_code=00100008&order_time=2020-05-28 HTTP/1.1" 200 414
222.69.137.38 - - [28/May/2020:08:52:32 +0800] "GET /xingrg/all/function/internal_message.html?_=1590627146648&CODE_STATE=getMsg HTTP/1.1" 200 27
172.17.0.115 - - [28/May/2020:08:52:32 +0800] "GET /xingrg/all/function/internal_message.html?_=1590627162509&CODE_STATE=getMsg HTTP/1.1" 200 27
117.185.32.26 - - [28/May/2020:08:52:33 +0800] "GET /xingrg/login.html HTTP/1.1" 200 7641
172.17.0.185 - - [28/May/2020:08:52:34 +0800] "GET /xingrg/all/function/internal_message.html?_=1590627151490&CODE_STATE=getMsg HTTP/1.1" 200 27
117.185.32.26 - - [28/May/2020:08:52:36 +0800] "GET /favicon.ico HTTP/1.1" 404 -
180.175.212.199 - - [28/May/2020:08:52:36 +0800] "GET /xingrg/kc/buy/cgsh_order_operate.html?command=get_materiel&rest_code=00102&code=00101008175&supplier_code=00100008&order_time=2020-05-28 HTTP/1.1" 200 412
114.84.33.255 - - [28/May/2020:08:52:39 +0800] "GET /xingrg/all/function/internal_message.html?_=1590627154593&CODE_STATE=getMsg HTTP/1.1" 200 27
180.162.232.172 - - [28/May/2020:08:52:41 +0800] "GET /xingrg/all/function/internal_message.html?_=1590627158400&CODE_STATE=getMsg HTTP/1.1" 200 27
58.221.95.50 - - [28/May/2020:08:52:46 +0800] "GET /xingrg/all/function/internal_message.html?_=1590627214135&CODE_STATE=getMsg HTTP/1.1" 200 27
116.230.77.149 - - [28/May/2020:08:52:47 +0800] "GET /xingrg/kc/buy/buy_main.html HTTP/1.1" 200 12412
116.230.77.149 - - [28/May/2020:08:52:47 +0800] "GET /xingrg/css/new_ie.css HTTP/1.1" 404 1036
180.175.212.199 - - [28/May/2020:08:52:47 +0800] "GET /xingrg/all/function/internal_message.html?_=1590627164095&CODE_STATE=getMsg HTTP/1.1" 200 27
117.185.32.26 - - [28/May/2020:08:52:48 +0800] "POST /xingrg/login.do HTTP/1.1" 302 -
116.230.77.149 - - [28/May/2020:08:52:48 +0800] "GET /xingrg/images/yd/bt.gif HTTP/1.1" 404 1040
117.185.32.26 - - [28/May/2020:08:52:48 +0800] "GET /xingrg/index.html?sysBaseUrl=http%3A%2F%2F180.169.147.146%3A18081%2Fxingrg%2F&costTime=39×tamp=1590627168253 HTTP/1.1" 200 17173
116.230.77.149 - - [28/May/2020:08:52:48 +0800] "GET /xingrg/kc/buy/cgsh_order_list.html HTTP/1.1" 200 43002
117.185.32.26 - - [28/May/2020:08:52:48 +0800] "GET /favicon.ico HTTP/1.1" 404 -
117.185.32.26 - - [28/May/2020:08:52:49 +0800] "POST /xingrg/all/common/load_tree.html?tree=area_rest_tree_json&manage=1 HTTP/1.1" 200 342
117.185.32.26 - - [28/May/2020:08:52:49 +0800] "GET /xingrg/all/function/internal_message.html?_=1590627591748&CODE_STATE=count HTTP/1.1" 200 11
117.185.32.26 - - [28/May/2020:08:52:49 +0800] "GET /xingrg/check_reg.html?_=1590627591750 HTTP/1.1" 200 22
117.185.32.26 - - [28/May/2020:08:52:49 +0800] "POST /xingrg/load_menu.html HTTP/1.1" 200 5138
116.230.77.149 - - [28/May/2020:08:52:50 +0800] "POST /xingrg/kc/buy/cgsh_list_operate.html HTTP/1.1" 200 876
117.185.32.26 - - [28/May/2020:08:52:51 +0800] "GET /xingrg/kc/buy/buy_main.html HTTP/1.1" 200 12412
117.185.32.26 - - [28/May/2020:08:52:51 +0800] "GET /xingrg/css/new_ie.css HTTP/1.1" 404 1036
180.175.212.199 - - [28/May/2020:08:52:52 +0800] "GET /xingrg/all/function/internal_message.html?_=1590627373377&CODE_STATE=getMsg HTTP/1.1" 200 27
117.185.32.26 - - [28/May/2020:08:52:53 +0800] "GET /xingrg/images/yd/bt.gif HTTP/1.1" 404 1040
117.185.32.26 - - [28/May/2020:08:52:54 +0800] "GET /xingrg/kc/buy/cgsh_order_list.html HTTP/1.1" 200 42996
117.185.32.26 - - [28/May/2020:08:52:57 +0800] "POST /xingrg/kc/buy/cgsh_list_operate.html HTTP/1.1" 200 876
180.175.212.199 - - [28/May/2020:08:52:58 +0800] "GET /xingrg/kc/buy/cgsh_order_operate.html?command=get_materiel&rest_code=00102&code=00101008244&supplier_code=00100008&order_time=2020-05-28 HTTP/1.1" 200 408
117.185.32.26 - - [28/May/2020:08:52:59 +0800] "GET /xingrg/kc/buy/cgsh_order_add.html HTTP/1.1" 200 58734
117.185.32.26 - - [28/May/2020:08:53:00 +0800] "GET /xingrg/words/20200527141323_words.js HTTP/1.1" 304 -
114.84.32.201 - - [28/May/2020:08:53:00 +0800] "GET /xingrg/all/function/internal_message.html?_=1590627172630&CODE_STATE=getMsg HTTP/1.1" 200 27
117.185.32.26 - - [28/May/2020:08:53:00 +0800] "GET /xingrg/all/common/auto_word.html?type=employee&rest_code=00106 HTTP/1.1" 200 205
117.185.32.26 - - [28/May/2020:08:53:00 +0800] "GET /xingrg/javascript/easyui/themes/default/validatebox.css HTTP/1.1" 404 1104
117.185.32.26 - - [28/May/2020:08:53:00 +0800] "GET /xingrg/all/common/auto_word.html?type=employee&rest_code=00106 HTTP/1.1" 200 205
117.185.32.26 - - [28/May/2020:08:53:00 +0800] "POST /xingrg/kc/buy/cgsh_order_operate.html HTTP/1.1" 200 8245
117.185.32.26 - - [28/May/2020:08:53:02 +0800] "GET /xingrg/javascript/easyui/themes/default/tree.css HTTP/1.1" 404 1090
117.185.32.26 - - [28/May/2020:08:53:02 +0800] "POST /xingrg/all/common/load_tree.html?tree=supplier_tree_json&isDelete=1 HTTP/1.1" 200 48460
180.175.212.199 - - [28/May/2020:08:53:06 +0800] "GET /xingrg/kc/buy/cgsh_order_operate.html?command=get_materiel&rest_code=00102&code=00101008096&supplier_code=00100008&order_time=2020-05-28 HTTP/1.1" 200 413
116.230.77.149 - - [28/May/2020:08:53:09 +0800] "GET /xingrg/all/function/internal_message.html?_=1590627181469&CODE_STATE=getMsg HTTP/1.1" 200 27
117.185.32.26 - - [28/May/2020:08:53:16 +0800] "GET /xingrg/javascript/auto/indicator.gif HTTP/1.1" 404 1066
114.84.151.157 - - [28/May/2020:08:53:17 +0800] "GET /xingrg/check_reg.html?_=1590627190750 HTTP/1.1" 200 22
116.230.77.149 - - [28/May/2020:08:53:18 +0800] "GET /xingrg/kc/buy/cgsh_order_add.html HTTP/1.1" 200 58781
116.230.77.149 - - [28/May/2020:08:53:19 +0800] "GET /xingrg/words/20200527141323_words.js HTTP/1.1" 304 -
117.185.32.26 - - [28/May/2020:08:53:19 +0800] "GET /xingrg/kc/buy/cgsh_order_operate.html?command=get_materiel&rest_code=00106&code=00101008256&supplier_code=00100007&order_time=2020-05-28 HTTP/1.1" 200 412
116.230.77.149 - - [28/May/2020:08:53:19 +0800] "POST /xingrg/kc/buy/cgsh_order_operate.html HTTP/1.1" 200 8245
116.230.77.149 - - [28/May/2020:08:53:19 +0800] "GET /xingrg/all/common/auto_word.html?type=employee&rest_code=00107 HTTP/1.1" 200 197
116.230.77.149 - - [28/May/2020:08:53:19 +0800] "GET /xingrg/all/common/auto_word.html?type=employee&rest_code=00107 HTTP/1.1" 200 197
116.230.77.149 - - [28/May/2020:08:53:19 +0800] "GET /xingrg/javascript/easyui/themes/default/validatebox.css HTTP/1.1" 404 1104
116.230.77.149 - - [28/May/2020:08:53:22 +0800] "GET /xingrg/javascript/easyui/themes/default/tree.css HTTP/1.1" 404 1090
61.172.5.115 - - [28/May/2020:08:53:22 +0800] "GET /xingrg/all/function/internal_message.html?_=1590627200926&CODE_STATE=getMsg HTTP/1.1" 200 27
116.230.77.149 - - [28/May/2020:08:53:23 +0800] "POST /xingrg/all/common/load_tree.html?tree=supplier_tree_json&isDelete=1 HTTP/1.1" 200 48460
180.175.212.199 - - [28/May/2020:08:53:25 +0800] "GET /xingrg/kc/buy/cgsh_order_operate.html?command=get_materiel&rest_code=00102&code=00101008088&supplier_code=00100008&order_time=2020-05-28 HTTP/1.1" 200 408
222.69.137.38 - - [28/May/2020:08:53:32 +0800] "GET /xingrg/all/function/internal_message.html?_=1590627206646&CODE_STATE=getMsg HTTP/1.1" 200 27
172.17.0.115 - - [28/May/2020:08:53:32 +0800] "GET /xingrg/all/function/internal_message.html?_=1590627222531&CODE_STATE=getMsg HTTP/1.1" 200 27
117.185.32.26 - - [28/May/2020:08:53:33 +0800] "GET /xingrg/kc/buy/cgsh_order_operate.html?command=get_materiel&rest_code=00106&code=00101008210&supplier_code=00100007&order_time=2020-05-28 HTTP/1.1" 200 408
172.17.0.185 - - [28/May/2020:08:53:34 +0800] "GET /xingrg/all/function/internal_message.html?_=1590627211492&CODE_STATE=getMsg HTTP/1.1" 200 27
114.84.33.255 - - [28/May/2020:08:53:39 +0800] "GET /xingrg/all/function/internal_message.html?_=1590627214622&CODE_STATE=getMsg HTTP/1.1" 200 27
180.162.232.172 - - [28/May/2020:08:53:41 +0800] "GET /xingrg/all/function/internal_message.html?_=1590627218400&CODE_STATE=getMsg HTTP/1.1" 200 27
116.230.77.149 - - [28/May/2020:08:53:42 +0800] "GET /xingrg/javascript/auto/indicator.gif HTTP/1.1" 404 1066
116.230.77.149 - - [28/May/2020:08:53:45 +0800] "GET /xingrg/kc/buy/cgsh_order_operate.html?command=get_materiel&rest_code=00107&code=00101007048&supplier_code=00100002&order_time=2020-05-28 HTTP/1.1" 200 408
58.221.95.50 - - [28/May/2020:08:53:46 +0800] "GET /xingrg/all/function/internal_message.html?_=1590627274133&CODE_STATE=getMsg HTTP/1.1" 200 27
58.221.95.50 - - [28/May/2020:08:53:46 +0800] "GET /xingrg/check_reg.html?_=1590627274135 HTTP/1.1" 200 22
180.175.212.199 - - [28/May/2020:08:53:47 +0800] "GET /xingrg/all/function/internal_message.html?_=1590627224095&CODE_STATE=getMsg HTTP/1.1" 200 27
180.175.212.199 - - [28/May/2020:08:53:47 +0800] "GET /xingrg/check_reg.html?_=1590627224092 HTTP/1.1" 200 22
117.185.32.26 - - [28/May/2020:08:53:50 +0800] "GET /xingrg/all/function/internal_message.html?_=1590627652699&CODE_STATE=getMsg HTTP/1.1" 200 27
117.185.32.26 - - [28/May/2020:08:53:52 +0800] "GET /xingrg/kc/buy/cgsh_order_operate.html?command=get_materiel&rest_code=00106&code=00101008337&supplier_code=00100007&order_time=2020-05-28 HTTP/1.1" 200 408
180.175.212.199 - - [28/May/2020:08:53:52 +0800] "GET /xingrg/all/function/internal_message.html?_=1590627433380&CODE_STATE=getMsg HTTP/1.1" 200 27
114.84.32.201 - - [28/May/2020:08:54:00 +0800] "GET /xingrg/all/function/internal_message.html?_=1590627232629&CODE_STATE=getMsg HTTP/1.1" 200 27
116.230.77.149 - - [28/May/2020:08:54:09 +0800] "GET /xingrg/all/function/internal_message.html?_=1590627241486&CODE_STATE=getMsg HTTP/1.1" 200 27
117.185.32.26 - - [28/May/2020:08:54:12 +0800] "GET /xingrg/kc/buy/cgsh_order_operate.html?command=get_materiel&rest_code=00106&code=00101008350&supplier_code=00100007&order_time=2020-05-28 HTTP/1.1" 200 408
172.17.0.115 - - [28/May/2020:08:54:17 +0800] "GET /xingrg/check_reg.html?_=1590627267279 HTTP/1.1" 200 22
61.172.5.115 - - [28/May/2020:08:54:22 +0800] "GET /xingrg/all/function/internal_message.html?_=1590627260927&CODE_STATE=getMsg HTTP/1.1" 200 27
222.69.137.38 - - [28/May/2020:08:54:32 +0800] "GET /xingrg/all/function/internal_message.html?_=1590627266646&CODE_STATE=getMsg HTTP/1.1" 200 27
172.17.0.115 - - [28/May/2020:08:54:32 +0800] "GET /xingrg/all/function/internal_message.html?_=1590627282535&CODE_STATE=getMsg HTTP/1.1" 200 27
172.17.0.185 - - [28/May/2020:08:54:34 +0800] "GET /xingrg/all/function/internal_message.html?_=1590627271477&CODE_STATE=getMsg HTTP/1.1" 200 27
114.84.33.255 - - [28/May/2020:08:54:39 +0800] "GET /xingrg/all/function/internal_message.html?_=1590627274631&CODE_STATE=getMsg HTTP/1.1" 200 27
180.162.232.172 - - [28/May/2020:08:54:41 +0800] "GET /xingrg/all/function/internal_message.html?_=1590627278402&CODE_STATE=getMsg HTTP/1.1" 200 27
58.221.95.50 - - [28/May/2020:08:54:46 +0800] "GET /xingrg/all/function/internal_message.html?_=1590627334134&CODE_STATE=getMsg HTTP/1.1" 200 27
172.17.0.182 - - [28/May/2020:08:54:47 +0800] "GET /favicon.ico HTTP/1.1" 404 -
180.175.212.199 - - [28/May/2020:08:54:47 +0800] "GET /xingrg/all/function/internal_message.html?_=1590627284089&CODE_STATE=getMsg HTTP/1.1" 200 27
117.185.32.26 - - [28/May/2020:08:54:50 +0800] "GET /xingrg/all/function/internal_message.html?_=1590627712682&CODE_STATE=getMsg HTTP/1.1" 200 27
180.175.212.199 - - [28/May/2020:08:54:52 +0800] "GET /xingrg/all/function/internal_message.html?_=1590627493395&CODE_STATE=getMsg HTTP/1.1" 200 27
114.84.32.201 - - [28/May/2020:08:55:00 +0800] "GET /xingrg/all/function/internal_message.html?_=1590627292631&CODE_STATE=getMsg HTTP/1.1" 200 27
114.84.32.201 - - [28/May/2020:08:55:00 +0800] "GET /xingrg/check_reg.html?_=1590627292633 HTTP/1.1" 200 22
61.151.207.141 - - [28/May/2020:08:55:01 +0800] "GET /xingrg/check_reg.html?_=1590626590761 HTTP/1.1" 302 -
116.230.77.149 - - [28/May/2020:08:55:04 +0800] "GET /xingrg/kc/buy/cgsh_order_operate.html?command=get_materiel&rest_code=00107&code=00101007017&supplier_code=00100002&order_time=2020-05-28 HTTP/1.1" 200 408
116.230.77.149 - - [28/May/2020:08:55:09 +0800] "GET /xingrg/all/function/internal_message.html?_=1590627301479&CODE_STATE=getMsg HTTP/1.1" 200 27
61.151.207.141 - - [28/May/2020:08:55:11 +0800] "GET /xingrg/login.html HTTP/1.1" 200 7641
116.230.77.149 - - [28/May/2020:08:55:13 +0800] "POST /xingrg/kc/buy/cgsh_order_operate.html HTTP/1.1" 200 37
116.230.77.149 - - [28/May/2020:08:55:15 +0800] "POST /xingrg/kc/buy/cgsh_order_operate.html HTTP/1.1" 200 3239
117.185.32.26 - - [28/May/2020:08:55:16 +0800] "GET /xingrg/kc/buy/cgsh_order_operate.html?command=get_materiel&rest_code=00106&code=00101008049&supplier_code=00100007&order_time=2020-05-28 HTTP/1.1" 200 408
116.230.77.149 - - [28/May/2020:08:55:17 +0800] "GET /xingrg/kc/print/load_config.html?kc_code=cgsh HTTP/1.1" 200 1845
116.230.77.149 - - [28/May/2020:08:55:17 +0800] "GET /xingrg/kc/print/load_data.html?order_code=212020052810182&kc_code=cgsh&condition= HTTP/1.1" 200 952
114.84.151.157 - - [28/May/2020:08:55:20 +0800] "GET /favicon.ico HTTP/1.1" 404 -
61.172.5.115 - - [28/May/2020:08:55:22 +0800] "GET /xingrg/all/function/internal_message.html?_=1590627320929&CODE_STATE=getMsg HTTP/1.1" 200 27
116.230.77.149 - - [28/May/2020:08:55:26 +0800] "GET /xingrg/kc/buy/cgsh_order_add.html HTTP/1.1" 200 58781
116.230.77.149 - - [28/May/2020:08:55:27 +0800] "GET /xingrg/javascript/easyui/themes/default/validatebox.css HTTP/1.1" 404 1104
116.230.77.149 - - [28/May/2020:08:55:27 +0800] "POST /xingrg/kc/buy/cgsh_order_operate.html HTTP/1.1" 200 8245
116.230.77.149 - - [28/May/2020:08:55:28 +0800] "GET /xingrg/javascript/easyui/themes/default/tree.css HTTP/1.1" 404 1090
116.230.77.149 - - [28/May/2020:08:55:28 +0800] "POST /xingrg/all/common/load_tree.html?tree=supplier_tree_json&isDelete=1 HTTP/1.1" 200 48460
222.69.137.38 - - [28/May/2020:08:55:32 +0800] "GET /xingrg/all/function/internal_message.html?_=1590627326652&CODE_STATE=getMsg HTTP/1.1" 200 27
172.17.0.115 - - [28/May/2020:08:55:32 +0800] "GET /xingrg/all/function/internal_message.html?_=1590627342549&CODE_STATE=getMsg HTTP/1.1" 200 27
172.17.0.185 - - [28/May/2020:08:55:34 +0800] "GET /xingrg/all/function/internal_message.html?_=1590627331480&CODE_STATE=getMsg HTTP/1.1" 200 27
117.185.32.26 - - [28/May/2020:08:55:34 +0800] "GET /xingrg/kc/buy/cgsh_order_operate.html?command=get_materiel&rest_code=00106&code=00101008312&supplier_code=00100007&order_time=2020-05-28 HTTP/1.1" 200 412
114.84.33.255 - - [28/May/2020:08:55:39 +0800] "GET /xingrg/all/function/internal_message.html?_=1590627334664&CODE_STATE=getMsg HTTP/1.1" 200 27
180.162.232.172 - - [28/May/2020:08:55:41 +0800] "GET /xingrg/check_reg.html?_=1590627338403 HTTP/1.1" 200 22
180.162.232.172 - - [28/May/2020:08:55:41 +0800] "GET /xingrg/all/function/internal_message.html?_=1590627338405&CODE_STATE=getMsg HTTP/1.1" 200 27
58.221.95.50 - - [28/May/2020:08:55:46 +0800] "GET /xingrg/all/function/internal_message.html?_=1590627394134&CODE_STATE=getMsg HTTP/1.1" 200 27
180.175.212.199 - - [28/May/2020:08:55:47 +0800] "GET /xingrg/all/function/internal_message.html?_=1590627344086&CODE_STATE=getMsg HTTP/1.1" 200 27
116.230.77.149 - - [28/May/2020:08:55:50 +0800] "GET /xingrg/kc/buy/cgsh_order_operate.html?command=get_materiel&rest_code=00107&code=00101006113&supplier_code=00100010&order_time=2020-05-28 HTTP/1.1" 200 413
117.185.32.26 - - [28/May/2020:08:55:50 +0800] "GET /xingrg/all/function/internal_message.html?_=1590627772673&CODE_STATE=getMsg HTTP/1.1" 200 27
180.175.212.199 - - [28/May/2020:08:55:52 +0800] "GET /xingrg/check_reg.html?_=1590627553264 HTTP/1.1" 200 22
180.175.212.199 - - [28/May/2020:08:55:52 +0800] "GET /xingrg/all/function/internal_message.html?_=1590627553409&CODE_STATE=getMsg HTTP/1.1" 200 27
180.162.232.172 - - [28/May/2020:08:55:53 +0800] "GET /xingrg/check_reg.html?_=1590627482108 HTTP/1.1" 302 -
114.84.32.201 - - [28/May/2020:08:56:00 +0800] "GET /xingrg/all/function/internal_message.html?_=1590627352628&CODE_STATE=getMsg HTTP/1.1" 200 27
117.185.32.26 - - [28/May/2020:08:56:04 +0800] "GET /xingrg/kc/buy/cgsh_order_operate.html?command=get_materiel&rest_code=00106&code=00101008110&supplier_code=00100007&order_time=2020-05-28 HTTP/1.1" 200 408
116.230.77.149 - - [28/May/2020:08:56:07 +0800] "GET /xingrg/kc/buy/cgsh_order_operate.html?command=get_materiel&rest_code=00107&code=00101006109&supplier_code=00100010&order_time=2020-05-28 HTTP/1.1" 200 409
116.230.77.149 - - [28/May/2020:08:56:09 +0800] "GET /xingrg/all/function/internal_message.html?_=1590627361483&CODE_STATE=getMsg HTTP/1.1" 200 27
117.185.32.26 - - [28/May/2020:08:56:14 +0800] "GET /xingrg/kc/buy/cgsh_order_operate.html?command=get_materiel&rest_code=00106&code=00101008038&supplier_code=00100007&order_time=2020-05-28 HTTP/1.1" 200 412
61.172.5.115 - - [28/May/2020:08:56:22 +0800] "GET /xingrg/all/function/internal_message.html?_=1590627380931&CODE_STATE=getMsg HTTP/1.1" 200 27
61.172.5.115 - - [28/May/2020:08:56:22 +0800] "GET /xingrg/check_reg.html?_=1590627380934 HTTP/1.1" 200 22
114.84.33.255 - - [28/May/2020:08:56:25 +0800] "GET /xingrg/check_reg.html?_=1590627381258 HTTP/1.1" 200 22
222.69.137.38 - - [28/May/2020:08:56:32 +0800] "GET /xingrg/all/function/internal_message.html?_=1590627386656&CODE_STATE=getMsg HTTP/1.1" 200 27
222.69.137.38 - - [28/May/2020:08:56:32 +0800] "GET /xingrg/check_reg.html?_=1590627386653 HTTP/1.1" 200 22
172.17.0.115 - - [28/May/2020:08:56:32 +0800] "GET /xingrg/all/function/internal_message.html?_=1590627402571&CODE_STATE=getMsg HTTP/1.1" 200 27
116.230.77.149 - - [28/May/2020:08:56:33 +0800] "GET /xingrg/kc/buy/cgsh_order_operate.html?command=get_materiel&rest_code=00107&code=00101006130&supplier_code=00100010&order_time=2020-05-28 HTTP/1.1" 200 427
172.17.0.185 - - [28/May/2020:08:56:34 +0800] "GET /xingrg/all/function/internal_message.html?_=1590627391483&CODE_STATE=getMsg HTTP/1.1" 200 27
172.17.0.185 - - [28/May/2020:08:56:34 +0800] "GET /xingrg/check_reg.html?_=1590627391487 HTTP/1.1" 200 22
114.84.33.255 - - [28/May/2020:08:56:39 +0800] "GET /xingrg/all/function/internal_message.html?_=1590627394674&CODE_STATE=getMsg HTTP/1.1" 200 27
180.162.232.172 - - [28/May/2020:08:56:41 +0800] "GET /xingrg/all/function/internal_message.html?_=1590627398405&CODE_STATE=getMsg HTTP/1.1" 200 27
58.221.95.50 - - [28/May/2020:08:56:46 +0800] "GET /xingrg/all/function/internal_message.html?_=1590627454135&CODE_STATE=getMsg HTTP/1.1" 200 27
180.175.212.199 - - [28/May/2020:08:56:47 +0800] "GET /xingrg/all/function/internal_message.html?_=1590627404082&CODE_STATE=getMsg HTTP/1.1" 200 27
117.185.32.26 - - [28/May/2020:08:56:47 +0800] "GET /xingrg/kc/buy/cgsh_order_operate.html?command=get_materiel&rest_code=00106&code=00101008163&supplier_code=00100007&order_time=2020-05-28 HTTP/1.1" 200 408
116.230.77.149 - - [28/May/2020:08:56:50 +0800] "GET /xingrg/kc/buy/cgsh_order_operate.html?command=get_materiel&rest_code=00107&code=00101006144&supplier_code=00100010&order_time=2020-05-28 HTTP/1.1" 200 409
180.175.212.199 - - [28/May/2020:08:56:52 +0800] "GET /xingrg/all/function/internal_message.html?_=1590627613422&CODE_STATE=getMsg HTTP/1.1" 200 27
117.131.5.26 - - [28/May/2020:08:56:55 +0800] "GET /xingrg/check_reg.html?_=1590627417422 HTTP/1.1" 302 -
120.253.135.82 - - [28/May/2020:08:56:58 +0800] "GET /xingrg/check_reg.html?_=1590627545425 HTTP/1.1" 200 22
114.84.32.201 - - [28/May/2020:08:57:00 +0800] "GET /xingrg/all/function/internal_message.html?_=1590627412637&CODE_STATE=getMsg HTTP/1.1" 200 27
116.230.77.149 - - [28/May/2020:08:57:00 +0800] "POST /xingrg/kc/buy/cgsh_order_operate.html HTTP/1.1" 200 37
117.185.32.26 - - [28/May/2020:08:57:01 +0800] "GET /xingrg/kc/buy/cgsh_order_operate.html?command=get_materiel&rest_code=00106&code=00101008412&supplier_code=00100007&order_time=2020-05-28 HTTP/1.1" 200 399
116.230.77.149 - - [28/May/2020:08:57:02 +0800] "POST /xingrg/kc/buy/cgsh_order_operate.html HTTP/1.1" 200 5031
116.230.77.149 - - [28/May/2020:08:57:04 +0800] "GET /xingrg/kc/print/load_data.html?order_code=212020052810183&kc_code=cgsh&condition= HTTP/1.1" 200 1636
116.230.77.149 - - [28/May/2020:08:57:09 +0800] "GET /xingrg/check_reg.html?_=1590627421491 HTTP/1.1" 200 22
116.230.77.149 - - [28/May/2020:08:57:09 +0800] "GET /xingrg/all/function/internal_message.html?_=1590627421493&CODE_STATE=getMsg HTTP/1.1" 200 27
117.185.32.26 - - [28/May/2020:08:57:11 +0800] "GET /xingrg/kc/buy/cgsh_order_operate.html?command=get_materiel&rest_code=00106&code=00101008355&supplier_code=00100007&order_time=2020-05-28 HTTP/1.1" 200 408
116.230.77.149 - - [28/May/2020:08:57:17 +0800] "GET /xingrg/kc/buy/cgsh_order_add.html HTTP/1.1" 200 58781
116.230.77.149 - - [28/May/2020:08:57:18 +0800] "GET /xingrg/javascript/easyui/themes/default/validatebox.css HTTP/1.1" 404 1104
116.230.77.149 - - [28/May/2020:08:57:18 +0800] "POST /xingrg/kc/buy/cgsh_order_operate.html HTTP/1.1" 200 8245
117.185.32.26 - - [28/May/2020:08:57:21 +0800] "GET /xingrg/kc/buy/cgsh_order_operate.html?command=get_materiel&rest_code=00106&code=00101008144&supplier_code=00100007&order_time=2020-05-28 HTTP/1.1" 200 412
61.172.5.115 - - [28/May/2020:08:57:22 +0800] "GET /xingrg/all/function/internal_message.html?_=1590627440935&CODE_STATE=getMsg HTTP/1.1" 200 27
222.69.137.38 - - [28/May/2020:08:57:32 +0800] "GET /xingrg/all/function/internal_message.html?_=1590627446656&CODE_STATE=getMsg HTTP/1.1" 200 27
172.17.0.115 - - [28/May/2020:08:57:32 +0800] "GET /xingrg/all/function/internal_message.html?_=1590627462576&CODE_STATE=getMsg HTTP/1.1" 200 27
117.185.32.26 - - [28/May/2020:08:57:33 +0800] "GET /xingrg/kc/buy/cgsh_order_operate.html?command=get_materiel&rest_code=00106&code=00101008067&supplier_code=00100007&order_time=2020-05-28 HTTP/1.1" 200 416
172.17.0.185 - - [28/May/2020:08:57:34 +0800] "GET /xingrg/all/function/internal_message.html?_=1590627451488&CODE_STATE=getMsg HTTP/1.1" 200 27
114.84.33.255 - - [28/May/2020:08:57:39 +0800] "GET /xingrg/all/function/internal_message.html?_=1590627454689&CODE_STATE=getMsg HTTP/1.1" 200 27
180.162.232.172 - - [28/May/2020:08:57:41 +0800] "GET /xingrg/all/function/internal_message.html?_=1590627458410&CODE_STATE=getMsg HTTP/1.1" 200 27
117.185.32.26 - - [28/May/2020:08:57:44 +0800] "GET /xingrg/kc/buy/cgsh_order_operate.html?command=get_materiel&rest_code=00106&code=00101008264&supplier_code=00100007&order_time=2020-05-28 HTTP/1.1" 200 412
116.230.77.149 - - [28/May/2020:08:57:44 +0800] "GET /xingrg/javascript/easyui/themes/default/tree.css HTTP/1.1" 404 1090
116.230.77.149 - - [28/May/2020:08:57:45 +0800] "POST /xingrg/all/common/load_tree.html?tree=supplier_tree_json&isDelete=1 HTTP/1.1" 200 48460
58.221.95.50 - - [28/May/2020:08:57:46 +0800] "GET /xingrg/all/function/internal_message.html?_=1590627514134&CODE_STATE=getMsg HTTP/1.1" 200 27
180.175.212.199 - - [28/May/2020:08:57:47 +0800] "GET /xingrg/all/function/internal_message.html?_=1590627464094&CODE_STATE=getMsg HTTP/1.1" 200 27
117.185.32.26 - - [28/May/2020:08:57:49 +0800] "GET /xingrg/check_reg.html?_=1590627891762 HTTP/1.1" 200 22
117.185.32.26 - - [28/May/2020:08:57:50 +0800] "GET /xingrg/all/function/internal_message.html?_=1590627892677&CODE_STATE=getMsg HTTP/1.1" 200 27
180.175.212.199 - - [28/May/2020:08:57:52 +0800] "GET /xingrg/all/function/internal_message.html?_=1590627673434&CODE_STATE=getMsg HTTP/1.1" 200 27
117.185.32.26 - - [28/May/2020:08:57:56 +0800] "GET /xingrg/kc/buy/cgsh_order_operate.html?command=get_materiel&rest_code=00106&code=00101008360&supplier_code=00100007&order_time=2020-05-28 HTTP/1.1" 200 412
114.84.32.201 - - [28/May/2020:08:58:00 +0800] "GET /xingrg/all/function/internal_message.html?_=1590627472634&CODE_STATE=getMsg HTTP/1.1" 200 27
117.185.32.26 - - [28/May/2020:08:58:06 +0800] "GET /xingrg/kc/buy/cgsh_order_operate.html?command=get_materiel&rest_code=00106&code=00101008059&supplier_code=00100007&order_time=2020-05-28 HTTP/1.1" 200 408
116.230.77.149 - - [28/May/2020:08:58:09 +0800] "GET /xingrg/kc/buy/cgsh_order_operate.html?command=get_materiel&rest_code=00107&code=00101008312&supplier_code=00100006&order_time=2020-05-28 HTTP/1.1" 200 412
116.230.77.149 - - [28/May/2020:08:58:09 +0800] "GET /xingrg/all/function/internal_message.html?_=1590627481513&CODE_STATE=getMsg HTTP/1.1" 200 27
117.185.32.26 - - [28/May/2020:08:58:15 +0800] "GET /xingrg/kc/buy/cgsh_order_operate.html?command=get_materiel&rest_code=00106&code=00101008230&supplier_code=00100007&order_time=2020-05-28 HTTP/1.1" 200 408
116.230.77.149 - - [28/May/2020:08:58:21 +0800] "GET /xingrg/kc/buy/cgsh_order_operate.html?command=get_materiel&rest_code=00107&code=00101008004&supplier_code=00100006&order_time=2020-05-28 HTTP/1.1" 200 416
61.172.5.115 - - [28/May/2020:08:58:22 +0800] "GET /xingrg/all/function/internal_message.html?_=1590627500936&CODE_STATE=getMsg HTTP/1.1" 200 27
117.185.32.26 - - [28/May/2020:08:58:29 +0800] "GET /xingrg/kc/buy/cgsh_order_operate.html?command=get_materiel&rest_code=00106&code=00101008069&supplier_code=00100007&order_time=2020-05-28 HTTP/1.1" 200 412
117.185.32.26 - - [28/May/2020:08:58:31 +0800] "POST /xingrg/kc/buy/cgsh_order_operate.html HTTP/1.1" 200 2065
116.230.77.149 - - [28/May/2020:08:58:31 +0800] "GET /xingrg/kc/buy/cgsh_order_operate.html?command=get_materiel&rest_code=00107&code=00101008360&supplier_code=00100006&order_time=2020-05-28 HTTP/1.1" 200 412
222.69.137.38 - - [28/May/2020:08:58:32 +0800] "GET /xingrg/all/function/internal_message.html?_=1590627506658&CODE_STATE=getMsg HTTP/1.1" 200 27
172.17.0.115 - - [28/May/2020:08:58:32 +0800] "GET /xingrg/all/function/internal_message.html?_=1590627522597&CODE_STATE=getMsg HTTP/1.1" 200 27
172.17.0.185 - - [28/May/2020:08:58:34 +0800] "GET /xingrg/all/function/internal_message.html?_=1590627511480&CODE_STATE=getMsg HTTP/1.1" 200 27
114.84.33.255 - - [28/May/2020:08:58:39 +0800] "GET /xingrg/all/function/internal_message.html?_=1590627514729&CODE_STATE=getMsg HTTP/1.1" 200 27
117.185.32.26 - - [28/May/2020:08:58:39 +0800] "GET /xingrg/kc/buy/cgsh_order_operate.html?command=get_materiel&rest_code=00106&code=00101008286&supplier_code=00100007&order_time=2020-05-28 HTTP/1.1" 200 408
180.162.232.172 - - [28/May/2020:08:58:41 +0800] "GET /xingrg/all/function/internal_message.html?_=1590627518412&CODE_STATE=getMsg HTTP/1.1" 200 27
116.230.77.149 - - [28/May/2020:08:58:43 +0800] "GET /xingrg/kc/buy/cgsh_order_operate.html?command=get_materiel&rest_code=00107&code=00101008098&supplier_code=00100006&order_time=2020-05-28 HTTP/1.1" 200 412
58.221.95.50 - - [28/May/2020:08:58:46 +0800] "GET /xingrg/all/function/internal_message.html?_=1590627574128&CODE_STATE=getMsg HTTP/1.1" 200 27
58.221.95.50 - - [28/May/2020:08:58:46 +0800] "GET /xingrg/check_reg.html?_=1590627574163 HTTP/1.1" 200 22
180.175.212.199 - - [28/May/2020:08:58:47 +0800] "GET /xingrg/check_reg.html?_=1590627524119 HTTP/1.1" 200 22
180.175.212.199 - - [28/May/2020:08:58:47 +0800] "GET /xingrg/all/function/internal_message.html?_=1590627524121&CODE_STATE=getMsg HTTP/1.1" 200 27
117.185.32.26 - - [28/May/2020:08:58:48 +0800] "GET /xingrg/kc/buy/cgsh_order_operate.html?command=get_materiel&rest_code=00106&code=00101008036&supplier_code=00100007&order_time=2020-05-28 HTTP/1.1" 200 408
117.185.32.26 - - [28/May/2020:08:58:50 +0800] "GET /xingrg/all/function/internal_message.html?_=1590627952748&CODE_STATE=getMsg HTTP/1.1" 200 27
180.175.212.199 - - [28/May/2020:08:58:52 +0800] "GET /xingrg/all/function/internal_message.html?_=1590627733719&CODE_STATE=getMsg HTTP/1.1" 200 27
116.230.77.149 - - [28/May/2020:08:58:53 +0800] "GET /xingrg/kc/buy/cgsh_order_operate.html?command=get_materiel&rest_code=00107&code=00101008323&supplier_code=00100006&order_time=2020-05-28 HTTP/1.1" 200 408
117.185.32.26 - - [28/May/2020:08:58:57 +0800] "GET /xingrg/kc/buy/cgsh_order_operate.html?command=get_materiel&rest_code=00106&code=00101008131&supplier_code=00100007&order_time=2020-05-28 HTTP/1.1" 200 408
114.84.32.201 - - [28/May/2020:08:59:00 +0800] "GET /xingrg/all/function/internal_message.html?_=1590627532633&CODE_STATE=getMsg HTTP/1.1" 200 27
117.185.32.26 - - [28/May/2020:08:59:06 +0800] "GET /xingrg/kc/buy/cgsh_order_operate.html?command=get_materiel&rest_code=00106&code=00101008318&supplier_code=00100007&order_time=2020-05-28 HTTP/1.1" 200 408
116.230.77.149 - - [28/May/2020:08:59:09 +0800] "GET /xingrg/kc/buy/cgsh_order_operate.html?command=get_materiel&rest_code=00107&code=00101008302&supplier_code=00100006&order_time=2020-05-28 HTTP/1.1" 200 412
116.230.77.149 - - [28/May/2020:08:59:09 +0800] "GET /xingrg/all/function/internal_message.html?_=1590627541504&CODE_STATE=getMsg HTTP/1.1" 200 27
117.185.32.26 - - [28/May/2020:08:59:15 +0800] "GET /xingrg/kc/buy/cgsh_order_operate.html?command=get_materiel&rest_code=00106&code=00101008352&supplier_code=00100007&order_time=2020-05-28 HTTP/1.1" 200 412
172.17.0.115 - - [28/May/2020:08:59:17 +0800] "GET /xingrg/check_reg.html?_=1590627567286 HTTP/1.1" 200 22
117.185.32.26 - - [28/May/2020:08:59:17 +0800] "POST /xingrg/kc/buy/cgsh_order_operate.html HTTP/1.1" 200 2065
116.230.77.149 - - [28/May/2020:08:59:21 +0800] "GET /xingrg/kc/buy/cgsh_order_operate.html?command=get_materiel&rest_code=00107&code=00101008257&supplier_code=00100006&order_time=2020-05-28 HTTP/1.1" 200 416
117.185.32.26 - - [28/May/2020:08:59:22 +0800] "GET /xingrg/kc/buy/cgsh_order_operate.html?command=get_materiel&rest_code=00106&code=00101008005&supplier_code=00100007&order_time=2020-05-28 HTTP/1.1" 200 412
61.172.5.115 - - [28/May/2020:08:59:22 +0800] "GET /xingrg/all/function/internal_message.html?_=1590627560937&CODE_STATE=getMsg HTTP/1.1" 200 27
222.69.137.38 - - [28/May/2020:08:59:32 +0800] "GET /xingrg/all/function/internal_message.html?_=1590627566656&CODE_STATE=getMsg HTTP/1.1" 200 27
172.17.0.115 - - [28/May/2020:08:59:32 +0800] "GET /xingrg/all/function/internal_message.html?_=1590627582603&CODE_STATE=getMsg HTTP/1.1" 200 27
116.230.77.149 - - [28/May/2020:08:59:33 +0800] "GET /xingrg/kc/buy/cgsh_order_operate.html?command=get_materiel&rest_code=00107&code=00101008038&supplier_code=00100006&order_time=2020-05-28 HTTP/1.1" 200 412
172.17.0.185 - - [28/May/2020:08:59:34 +0800] "GET /xingrg/all/function/internal_message.html?_=1590627571482&CODE_STATE=getMsg HTTP/1.1" 200 27
117.185.32.26 - - [28/May/2020:08:59:38 +0800] "GET /xingrg/kc/buy/cgsh_order_operate.html?command=get_materiel&rest_code=00106&code=00101008101&supplier_code=00100007&order_time=2020-05-28 HTTP/1.1" 200 412
114.84.33.255 - - [28/May/2020:08:59:39 +0800] "GET /xingrg/all/function/internal_message.html?_=1590627574731&CODE_STATE=getMsg HTTP/1.1" 200 27
58.221.95.50 - - [28/May/2020:08:59:46 +0800] "GET /xingrg/all/function/internal_message.html?_=1590627634123&CODE_STATE=getMsg HTTP/1.1" 200 27
116.230.77.149 - - [28/May/2020:08:59:47 +0800] "GET /xingrg/kc/buy/cgsh_order_operate.html?command=get_materiel&rest_code=00107&code=00101008283&supplier_code=00100006&order_time=2020-05-28 HTTP/1.1" 200 408
117.185.32.26 - - [28/May/2020:08:59:47 +0800] "GET /xingrg/kc/buy/cgsh_order_operate.html?command=get_materiel&rest_code=00106&code=00101008365&supplier_code=00100007&order_time=2020-05-28 HTTP/1.1" 200 412
180.175.212.199 - - [28/May/2020:08:59:47 +0800] "GET /xingrg/all/function/internal_message.html?_=1590627584115&CODE_STATE=getMsg HTTP/1.1" 200 27
180.162.232.172 - - [28/May/2020:08:59:48 +0800] "GET /xingrg/login.html HTTP/1.1" 200 7641
180.162.232.172 - - [28/May/2020:08:59:48 +0800] "GET /xingrg/images/blue/login_bg.png HTTP/1.1" 304 -
180.162.232.172 - - [28/May/2020:08:59:48 +0800] "GET /xingrg/images/blue/hj.png HTTP/1.1" 304 -
180.162.232.172 - - [28/May/2020:08:59:48 +0800] "GET /xingrg/images/blue/srbg.png HTTP/1.1" 304 -
180.162.232.172 - - [28/May/2020:08:59:48 +0800] "GET /favicon.ico HTTP/1.1" 404 -
117.185.32.26 - - [28/May/2020:08:59:50 +0800] "GET /xingrg/all/function/internal_message.html?_=1590628012728&CODE_STATE=getMsg HTTP/1.1" 200 27
180.175.212.199 - - [28/May/2020:08:59:53 +0800] "GET /xingrg/all/function/internal_message.html?_=1590627793727&CODE_STATE=getMsg HTTP/1.1" 200 27
180.162.232.172 - - [28/May/2020:08:59:55 +0800] "POST /xingrg/login.do HTTP/1.1" 302 -
180.162.232.172 - - [28/May/2020:08:59:55 +0800] "GET /xingrg/index.html?sysBaseUrl=http%3A%2F%2F180.169.147.146%3A18081%2Fxingrg%2F&costTime=39×tamp=1590627595274 HTTP/1.1" 200 17177
180.162.232.172 - - [28/May/2020:08:59:55 +0800] "GET /favicon.ico HTTP/1.1" 404 -
180.162.232.172 - - [28/May/2020:08:59:55 +0800] "POST /xingrg/all/common/load_tree.html?tree=area_rest_tree_json&manage=1 HTTP/1.1" 200 476
180.162.232.172 - - [28/May/2020:08:59:55 +0800] "GET /xingrg/check_reg.html?_=1590627592681 HTTP/1.1" 200 22
180.162.232.172 - - [28/May/2020:08:59:55 +0800] "GET /xingrg/all/function/internal_message.html?_=1590627592680&CODE_STATE=count HTTP/1.1" 200 11
180.162.232.172 - - [28/May/2020:08:59:55 +0800] "POST /xingrg/load_menu.html HTTP/1.1" 200 5138
116.230.77.149 - - [28/May/2020:08:59:55 +0800] "GET /xingrg/kc/buy/cgsh_order_operate.html?command=get_materiel&rest_code=00107&code=00101008185&supplier_code=00100006&order_time=2020-05-28 HTTP/1.1" 200 408
180.162.232.172 - - [28/May/2020:08:59:59 +0800] "GET /xingrg/kc/buy/cgsh_order_list.html HTTP/1.1" 200 43000
114.84.32.201 - - [28/May/2020:09:00:00 +0800] "GET /xingrg/check_reg.html?_=1590627592637 HTTP/1.1" 200 22
114.84.32.201 - - [28/May/2020:09:00:00 +0800] "GET /xingrg/all/function/internal_message.html?_=1590627592640&CODE_STATE=getMsg HTTP/1.1" 200 27
180.162.232.172 - - [28/May/2020:09:00:01 +0800] "POST /xingrg/kc/buy/cgsh_list_operate.html HTTP/1.1" 200 876
117.185.32.26 - - [28/May/2020:09:00:09 +0800] "GET /xingrg/kc/buy/cgsh_order_operate.html?command=get_materiel&rest_code=00106&code=00101008300&supplier_code=00100007&order_time=2020-05-28 HTTP/1.1" 200 412
116.230.77.149 - - [28/May/2020:09:00:10 +0800] "GET /xingrg/all/function/internal_message.html?_=1590627601497&CODE_STATE=getMsg HTTP/1.1" 200 27
117.185.32.26 - - [28/May/2020:09:00:22 +0800] "GET /xingrg/kc/buy/cgsh_order_operate.html?command=get_materiel&rest_code=00106&code=00101008125&supplier_code=00100007&order_time=2020-05-28 HTTP/1.1" 200 413
61.172.5.115 - - [28/May/2020:09:00:22 +0800] "GET /xingrg/all/function/internal_message.html?_=1590627620938&CODE_STATE=getMsg HTTP/1.1" 200 27
117.185.32.26 - - [28/May/2020:09:00:24 +0800] "POST /xingrg/kc/buy/cgsh_order_operate.html HTTP/1.1" 200 2065
180.162.232.172 - - [28/May/2020:09:00:26 +0800] "GET /xingrg/javascript/auto/indicator.gif HTTP/1.1" 404 1066
222.69.137.38 - - [28/May/2020:09:00:32 +0800] "GET /xingrg/all/function/internal_message.html?_=1590627626655&CODE_STATE=getMsg HTTP/1.1" 200 27
172.17.0.115 - - [28/May/2020:09:00:32 +0800] "GET /xingrg/all/function/internal_message.html?_=1590627642617&CODE_STATE=getMsg HTTP/1.1" 200 27
117.185.32.26 - - [28/May/2020:09:00:34 +0800] "GET /xingrg/kc/buy/cgsh_order_operate.html?command=get_materiel&rest_code=00106&code=00101008114&supplier_code=00100007&order_time=2020-05-28 HTTP/1.1" 200 412
172.17.0.185 - - [28/May/2020:09:00:34 +0800] "GET /xingrg/all/function/internal_message.html?_=1590627631485&CODE_STATE=getMsg HTTP/1.1" 200 27
117.185.32.26 - - [28/May/2020:09:00:35 +0800] "GET /xingrg/kc/buy/cgsh_order_operate.html?command=get_materiel&rest_code=00106&code=00102010139&supplier_code=00100007&order_time=2020-05-28 HTTP/1.1" 200 408
