61.151.207.141 - - [25/May/2020:08:38:04 +0800] "GET /xingrg/login.html HTTP/1.1" 200 7641
61.129.7.235 - - [25/May/2020:08:38:06 +0800] "GET /xingrg/login.html HTTP/1.1" 200 7641
114.84.33.255 - - [25/May/2020:08:38:07 +0800] "GET /xingrg/login.html HTTP/1.1" 200 7641
114.84.33.255 - - [25/May/2020:08:38:09 +0800] "GET /xingrg/images/blue/jxLogo.png HTTP/1.1" 304 -
114.84.33.255 - - [25/May/2020:08:38:09 +0800] "GET /xingrg/images/blue/login_bg.png HTTP/1.1" 304 -
114.84.33.255 - - [25/May/2020:08:38:09 +0800] "GET /xingrg/images/blue/hj.png HTTP/1.1" 304 -
114.84.33.255 - - [25/May/2020:08:38:09 +0800] "GET /xingrg/images/blue/srbg.png HTTP/1.1" 304 -
114.84.33.255 - - [25/May/2020:08:38:09 +0800] "GET /favicon.ico HTTP/1.1" 404 -
114.84.33.255 - - [25/May/2020:08:38:16 +0800] "POST /xingrg/login.do HTTP/1.1" 302 -
114.84.33.255 - - [25/May/2020:08:38:16 +0800] "GET /xingrg/index.html?sysBaseUrl=http%3A%2F%2F180.169.147.146%3A18081%2Fxingrg%2F&costTime=39×tamp=1590367096672 HTTP/1.1" 200 17179
114.84.33.255 - - [25/May/2020:08:38:16 +0800] "POST /xingrg/login.do HTTP/1.1" 302 -
114.84.33.255 - - [25/May/2020:08:38:16 +0800] "GET /xingrg/index.html?sysBaseUrl=http%3A%2F%2F180.169.147.146%3A18081%2Fxingrg%2F&costTime=38×tamp=1590367096803 HTTP/1.1" 200 17179
114.84.33.255 - - [25/May/2020:08:38:16 +0800] "GET /xingrg/javascript/jquery_easy_ui/themes/default/easyui.css HTTP/1.1" 304 -
114.84.33.255 - - [25/May/2020:08:38:16 +0800] "GET /xingrg/css/form.css HTTP/1.1" 304 -
114.84.33.255 - - [25/May/2020:08:38:16 +0800] "GET /xingrg/javascript/jquery_easy_ui/themes/icon.css HTTP/1.1" 304 -
114.84.33.255 - - [25/May/2020:08:38:16 +0800] "GET /xingrg/javascript/jquery-1.4.2.min.js HTTP/1.1" 304 -
114.84.33.255 - - [25/May/2020:08:38:16 +0800] "GET /xingrg/javascript/jquery_easy_ui/jquery.easyui.min.js HTTP/1.1" 304 -
114.84.33.255 - - [25/May/2020:08:38:16 +0800] "GET /xingrg/javascript/jquery_easy_ui/easyui-lang-zh_CN.js HTTP/1.1" 304 -
114.84.33.255 - - [25/May/2020:08:38:16 +0800] "GET /xingrg/javascript/jquery.form.js HTTP/1.1" 304 -
114.84.33.255 - - [25/May/2020:08:38:16 +0800] "GET /xingrg/javascript/jquery.utils.js HTTP/1.1" 304 -
114.84.33.255 - - [25/May/2020:08:38:16 +0800] "GET /xingrg/javascript/jquery.timers.js HTTP/1.1" 304 -
114.84.33.255 - - [25/May/2020:08:38:17 +0800] "GET /favicon.ico HTTP/1.1" 404 -
114.84.33.255 - - [25/May/2020:08:38:17 +0800] "GET /xingrg/images/blue/navBackgound.jpg HTTP/1.1" 304 -
114.84.33.255 - - [25/May/2020:08:38:17 +0800] "GET /xingrg/javascript/jquery_easy_ui/themes/icons/settle_new.png HTTP/1.1" 304 -
114.84.33.255 - - [25/May/2020:08:38:17 +0800] "GET /xingrg/images/blue/pingpu.png HTTP/1.1" 304 -
114.84.33.255 - - [25/May/2020:08:38:17 +0800] "POST /xingrg/all/common/load_tree.html?tree=area_rest_tree_json&manage=1 HTTP/1.1" 200 351
114.84.33.255 - - [25/May/2020:08:38:17 +0800] "GET /xingrg/javascript/jquery_easy_ui/themes/default/images/tabs_leftarrow.png HTTP/1.1" 304 -
114.84.33.255 - - [25/May/2020:08:38:17 +0800] "GET /xingrg/javascript/jquery_easy_ui/themes/default/images/tabs_rightarrow.png HTTP/1.1" 304 -
114.84.33.255 - - [25/May/2020:08:38:17 +0800] "GET /xingrg/javascript/jquery_easy_ui/themes/default/images/panel_tool_collapse.gif HTTP/1.1" 304 -
114.84.33.255 - - [25/May/2020:08:38:17 +0800] "GET /xingrg/all/function/internal_message.html?_=1590367096527&CODE_STATE=count HTTP/1.1" 200 11
114.84.33.255 - - [25/May/2020:08:38:17 +0800] "GET /xingrg/check_reg.html?_=1590367096528 HTTP/1.1" 200 22
114.84.33.255 - - [25/May/2020:08:38:17 +0800] "GET /xingrg/javascript/jquery_easy_ui/themes/default/images/tree_arrows.gif HTTP/1.1" 304 -
114.84.33.255 - - [25/May/2020:08:38:17 +0800] "POST /xingrg/load_menu.html HTTP/1.1" 200 5138
114.84.33.255 - - [25/May/2020:08:38:17 +0800] "GET /xingrg/javascript/jquery_easy_ui/themes/default/images/tree_folder_open.gif HTTP/1.1" 304 -
114.84.33.255 - - [25/May/2020:08:38:17 +0800] "GET /xingrg/javascript/jquery_easy_ui/themes/icons/search_new.png HTTP/1.1" 304 -
114.84.33.255 - - [25/May/2020:08:38:17 +0800] "GET /xingrg/javascript/jquery_easy_ui/themes/default/images/tree_folder.gif HTTP/1.1" 304 -
114.84.33.255 - - [25/May/2020:08:38:17 +0800] "GET /xingrg/javascript/jquery_easy_ui/themes/icons/storage_new.png HTTP/1.1" 304 -
114.84.33.255 - - [25/May/2020:08:38:17 +0800] "GET /xingrg/javascript/jquery_easy_ui/themes/icons/forms_new.png HTTP/1.1" 304 -
114.84.33.255 - - [25/May/2020:08:38:17 +0800] "GET /xingrg/javascript/jquery_easy_ui/themes/default/images/tree_file.gif HTTP/1.1" 304 -
114.84.33.255 - - [25/May/2020:08:38:19 +0800] "GET /xingrg/kc/buy/buy_main.html HTTP/1.1" 200 12412
114.84.33.255 - - [25/May/2020:08:38:19 +0800] "GET /xingrg/javascript/jquery_easy_ui/themes/default/images/tabs_close.gif HTTP/1.1" 304 -
114.84.33.255 - - [25/May/2020:08:38:19 +0800] "GET /xingrg/css/blue.css HTTP/1.1" 304 -
114.84.33.255 - - [25/May/2020:08:38:19 +0800] "GET /xingrg/css/new_ie.css HTTP/1.1" 404 1036
114.84.33.255 - - [25/May/2020:08:38:19 +0800] "GET /xingrg/javascript/jquery_ui/themes/humanity/humanity.css HTTP/1.1" 304 -
114.84.33.255 - - [25/May/2020:08:38:19 +0800] "GET /xingrg/javascript/pic_change.js HTTP/1.1" 304 -
114.84.33.255 - - [25/May/2020:08:38:19 +0800] "GET /xingrg/javascript/ToolTips.js HTTP/1.1" 304 -
114.84.33.255 - - [25/May/2020:08:38:19 +0800] "GET /xingrg/javascript/myfunction.js HTTP/1.1" 304 -
114.84.33.255 - - [25/May/2020:08:38:19 +0800] "GET /xingrg/javascript/jquery_ui/jquery-ui.min.js HTTP/1.1" 304 -
114.84.33.255 - - [25/May/2020:08:38:19 +0800] "GET /xingrg/images/blue/button/cgxqd.gif HTTP/1.1" 304 -
114.84.33.255 - - [25/May/2020:08:38:19 +0800] "GET /xingrg/images/blue/button/cgydd.gif HTTP/1.1" 304 -
114.84.33.255 - - [25/May/2020:08:38:19 +0800] "GET /xingrg/images/blue/button/cgshd.gif HTTP/1.1" 304 -
114.84.33.255 - - [25/May/2020:08:38:19 +0800] "GET /xingrg/images/blue/button/cgfkd.gif HTTP/1.1" 304 -
114.84.33.255 - - [25/May/2020:08:38:19 +0800] "GET /xingrg/images/blue/button/right_ah.jpg HTTP/1.1" 304 -
114.84.33.255 - - [25/May/2020:08:38:19 +0800] "GET /xingrg/images/blue/button/kc.gif HTTP/1.1" 304 -
114.84.33.255 - - [25/May/2020:08:38:19 +0800] "GET /xingrg/images/blue/button/down_ah.jpg HTTP/1.1" 304 -
114.84.33.255 - - [25/May/2020:08:38:19 +0800] "GET /xingrg/images/blue/button/ckthd.gif HTTP/1.1" 304 -
114.84.33.255 - - [25/May/2020:08:38:19 +0800] "GET /xingrg/images/blue/pic_form2.gif HTTP/1.1" 304 -
114.84.33.255 - - [25/May/2020:08:38:19 +0800] "GET /xingrg/javascript/jquery_ui/themes/humanity/images/ui-bg_inset-soft_100_f4f0ec_1x100.png HTTP/1.1" 304 -
114.84.33.255 - - [25/May/2020:08:38:19 +0800] "GET /xingrg/images/blue/bg_dotted.jpg HTTP/1.1" 304 -
114.84.33.255 - - [25/May/2020:08:38:19 +0800] "GET /xingrg/javascript/jquery_ui/themes/humanity/images/ui-iconsnew.jpg HTTP/1.1" 304 -
114.84.33.255 - - [25/May/2020:08:38:19 +0800] "GET /xingrg/javascript/jquery_ui/themes/humanity/images/ui-icons_ffffff_256x240.png HTTP/1.1" 304 -
114.84.33.255 - - [25/May/2020:08:38:19 +0800] "GET /xingrg/javascript/jquery_ui/themes/humanity/images/ui-icons_c47a23_256x240.png HTTP/1.1" 304 -
114.84.33.255 - - [25/May/2020:08:38:19 +0800] "GET /xingrg/javascript/jquery_ui/themes/humanity/images/ui-bg_glass_70_ede4d4_1x400.png HTTP/1.1" 304 -
114.84.33.255 - - [25/May/2020:08:38:19 +0800] "GET /xingrg/images/yd/bt.gif HTTP/1.1" 404 1040
114.84.33.255 - - [25/May/2020:08:38:21 +0800] "GET /xingrg/kc/buy/cgsh_order_list.html HTTP/1.1" 200 42946
114.84.33.255 - - [25/May/2020:08:38:21 +0800] "GET /xingrg/css/base.css HTTP/1.1" 304 -
114.84.33.255 - - [25/May/2020:08:38:21 +0800] "GET /xingrg/css/site.css HTTP/1.1" 304 -
114.84.33.255 - - [25/May/2020:08:38:21 +0800] "GET /xingrg/javascript/jquery_tools/datebox.css HTTP/1.1" 304 -
114.84.33.255 - - [25/May/2020:08:38:21 +0800] "GET /xingrg/javascript/easyui/themes/default/easyui.css HTTP/1.1" 304 -
114.84.33.255 - - [25/May/2020:08:38:21 +0800] "GET /xingrg/javascript/easyui/themes/icon.css HTTP/1.1" 304 -
114.84.33.255 - - [25/May/2020:08:38:21 +0800] "GET /xingrg/javascript/auto/jquery.autocomplete.css HTTP/1.1" 304 -
114.84.33.255 - - [25/May/2020:08:38:21 +0800] "GET /xingrg/javascript/jquery_tools/fix.css HTTP/1.1" 304 -
114.84.33.255 - - [25/May/2020:08:38:21 +0800] "GET /xingrg/javascript/jquery_tools/table.css HTTP/1.1" 304 -
114.84.33.255 - - [25/May/2020:08:38:21 +0800] "GET /xingrg/javascript/jquery_tools/jquery.tools.min.js HTTP/1.1" 304 -
114.84.33.255 - - [25/May/2020:08:38:21 +0800] "GET /xingrg/javascript/jquery_tools/jquery.tools.extend.js HTTP/1.1" 304 -
114.84.33.255 - - [25/May/2020:08:38:21 +0800] "GET /xingrg/javascript/jquery_tools/jquery.tools.hotkey.js HTTP/1.1" 304 -
114.84.33.255 - - [25/May/2020:08:38:21 +0800] "GET /xingrg/javascript/jquery_tools/jquery.tools.table.js HTTP/1.1" 304 -
114.84.33.255 - - [25/May/2020:08:38:21 +0800] "GET /xingrg/javascript/jquery_tools/list_manager.js HTTP/1.1" 304 -
114.84.33.255 - - [25/May/2020:08:38:21 +0800] "GET /xingrg/javascript/auto/jquery.autocomplete.js HTTP/1.1" 304 -
114.84.33.255 - - [25/May/2020:08:38:21 +0800] "GET /xingrg/javascript/easyui/easyloader.js HTTP/1.1" 304 -
114.84.33.255 - - [25/May/2020:08:38:21 +0800] "GET /xingrg/javascript/jquery.cookie.js HTTP/1.1" 304 -
114.84.33.255 - - [25/May/2020:08:38:21 +0800] "GET /xingrg/javascript/print/LodopFuncs.js HTTP/1.1" 304 -
114.84.33.255 - - [25/May/2020:08:38:22 +0800] "GET /xingrg/kc/buy/cgsh_order_list.html HTTP/1.1" 200 42946
114.84.33.255 - - [25/May/2020:08:38:22 +0800] "GET /xingrg/javascript/jquery.utils.js HTTP/1.1" 304 -
114.88.170.9 - - [25/May/2020:08:38:25 +0800] "GET /xingrg/all/function/internal_message.html?_=1590367100929&CODE_STATE=getMsg HTTP/1.1" 200 27
114.84.33.255 - - [25/May/2020:08:38:25 +0800] "GET /xingrg/javascript/easyui/themes/icons/edit_add_new.png HTTP/1.1" 304 -
114.84.33.255 - - [25/May/2020:08:38:25 +0800] "GET /xingrg/javascript/easyui/themes/icons/edit_add_new.png HTTP/1.1" 304 -
114.84.33.255 - - [25/May/2020:08:38:25 +0800] "GET /xingrg/javascript/easyui/themes/icons/cance_new.png HTTP/1.1" 304 -
114.84.33.255 - - [25/May/2020:08:38:25 +0800] "GET /xingrg/javascript/easyui/themes/icons/check_new.png HTTP/1.1" 304 -
114.84.33.255 - - [25/May/2020:08:38:25 +0800] "GET /xingrg/javascript/easyui/themes/icons/check_new.png HTTP/1.1" 304 -
114.84.33.255 - - [25/May/2020:08:38:25 +0800] "GET /xingrg/javascript/easyui/themes/icons/field_new.png HTTP/1.1" 304 -
114.84.33.255 - - [25/May/2020:08:38:25 +0800] "GET /xingrg/javascript/easyui/themes/icons/cance_new.png HTTP/1.1" 304 -
114.84.33.255 - - [25/May/2020:08:38:25 +0800] "GET /xingrg/javascript/easyui/themes/icons/field_new.png HTTP/1.1" 304 -
114.84.33.255 - - [25/May/2020:08:38:25 +0800] "GET /xingrg/javascript/easyui/themes/icons/import_new.png HTTP/1.1" 304 -
114.84.33.255 - - [25/May/2020:08:38:25 +0800] "GET /xingrg/javascript/easyui/themes/icons/import_new.png HTTP/1.1" 304 -
114.84.33.255 - - [25/May/2020:08:38:25 +0800] "GET /xingrg/javascript/easyui/plugins/jquery.parser.js HTTP/1.1" 304 -
114.84.33.255 - - [25/May/2020:08:38:25 +0800] "GET /xingrg/javascript/easyui/plugins/jquery.parser.js HTTP/1.1" 304 -
114.84.33.255 - - [25/May/2020:08:38:25 +0800] "GET /xingrg/images/control/ajaxLoader.gif HTTP/1.1" 304 -
114.84.33.255 - - [25/May/2020:08:38:25 +0800] "GET /xingrg/images/control/ajaxLoader.gif HTTP/1.1" 304 -
114.84.33.255 - - [25/May/2020:08:38:25 +0800] "GET /xingrg/javascript/jquery_easy_ui/themes/icons/area.png HTTP/1.1" 304 -
114.84.33.255 - - [25/May/2020:08:38:25 +0800] "GET /xingrg/javascript/jquery_easy_ui/themes/icons/rest.png HTTP/1.1" 304 -
114.84.33.255 - - [25/May/2020:08:38:25 +0800] "GET /favicon.ico HTTP/1.1" 404 -
114.84.33.255 - - [25/May/2020:08:38:26 +0800] "POST /xingrg/kc/buy/cgsh_list_operate.html HTTP/1.1" 200 876
114.84.33.255 - - [25/May/2020:08:38:26 +0800] "POST /xingrg/kc/buy/cgsh_list_operate.html HTTP/1.1" 200 876
114.84.151.157 - - [25/May/2020:08:38:27 +0800] "GET /xingrg/all/function/internal_message.html?_=1590367108550&CODE_STATE=getMsg HTTP/1.1" 200 27
114.84.33.255 - - [25/May/2020:08:38:27 +0800] "GET /xingrg/javascript/easyui/themes/default/images/button_plain_hover.png HTTP/1.1" 304 -
114.84.33.255 - - [25/May/2020:08:38:27 +0800] "GET /xingrg/javascript/easyui/themes/default/images/button_plain_hover.png HTTP/1.1" 304 -
114.84.33.255 - - [25/May/2020:08:38:28 +0800] "GET /xingrg/kc/buy/cgsh_order_add.html HTTP/1.1" 200 58684
114.84.33.255 - - [25/May/2020:08:38:28 +0800] "GET /xingrg/javascript/jquery_tools/order_manager.js HTTP/1.1" 304 -
114.84.33.255 - - [25/May/2020:08:38:28 +0800] "GET /xingrg/javascript/convert.js HTTP/1.1" 304 -
114.84.33.255 - - [25/May/2020:08:38:28 +0800] "GET /xingrg/javascript/json2.js HTTP/1.1" 304 -
114.84.33.255 - - [25/May/2020:08:38:28 +0800] "GET /xingrg/javascript/print/kc_print.js HTTP/1.1" 304 -
114.84.33.255 - - [25/May/2020:08:38:28 +0800] "GET /xingrg/words/20200524114319_words.js HTTP/1.1" 304 -
114.84.33.255 - - [25/May/2020:08:38:28 +0800] "GET /xingrg/javascript/easyui/themes/icons/copy_new.png HTTP/1.1" 304 -
114.84.33.255 - - [25/May/2020:08:38:28 +0800] "GET /xingrg/javascript/easyui/themes/icons/template_new.png HTTP/1.1" 304 -
114.84.33.255 - - [25/May/2020:08:38:28 +0800] "GET /xingrg/javascript/easyui/themes/icons/ok.png HTTP/1.1" 304 -
114.84.33.255 - - [25/May/2020:08:38:28 +0800] "GET /xingrg/javascript/easyui/themes/icons/print.png HTTP/1.1" 304 -
114.84.33.255 - - [25/May/2020:08:38:28 +0800] "GET /xingrg/javascript/easyui/themes/default/images/menu_downarrow.png HTTP/1.1" 304 -
114.84.33.255 - - [25/May/2020:08:38:29 +0800] "GET /xingrg/javascript/easyui/themes/icons/cancel.png HTTP/1.1" 304 -
114.84.33.255 - - [25/May/2020:08:38:29 +0800] "POST /xingrg/kc/buy/cgsh_order_operate.html HTTP/1.1" 200 8245
114.84.33.255 - - [25/May/2020:08:38:29 +0800] "GET /xingrg/javascript/easyui/themes/icons/edit_remove.png HTTP/1.1" 304 -
114.84.33.255 - - [25/May/2020:08:38:29 +0800] "GET /xingrg/all/common/auto_word.html?type=employee&rest_code=00146 HTTP/1.1" 200 197
114.84.33.255 - - [25/May/2020:08:38:29 +0800] "GET /xingrg/all/common/auto_word.html?type=employee&rest_code=00146 HTTP/1.1" 200 197
114.84.33.255 - - [25/May/2020:08:38:29 +0800] "GET /xingrg/javascript/easyui/themes/default/validatebox.css HTTP/1.1" 404 1104
114.84.33.255 - - [25/May/2020:08:38:29 +0800] "GET /xingrg/javascript/easyui/plugins/jquery.validatebox.js HTTP/1.1" 304 -
114.84.33.255 - - [25/May/2020:08:38:29 +0800] "GET /xingrg/javascript/easyui/plugins/jquery.numberbox.js HTTP/1.1" 304 -
114.84.32.201 - - [25/May/2020:08:38:31 +0800] "GET /xingrg/all/function/internal_message.html?_=1590367108397&CODE_STATE=getMsg HTTP/1.1" 200 27
114.84.33.255 - - [25/May/2020:08:38:35 +0800] "GET /xingrg/javascript/auto/indicator.gif HTTP/1.1" 404 1066
114.84.33.255 - - [25/May/2020:08:38:36 +0800] "GET /xingrg/javascript/jquery_tools/images/prev.gif HTTP/1.1" 404 1086
114.84.33.255 - - [25/May/2020:08:38:36 +0800] "GET /xingrg/javascript/jquery_tools/images/next.gif HTTP/1.1" 404 1086
114.84.33.255 - - [25/May/2020:08:38:41 +0800] "GET /xingrg/kc/buy/cgsh_order_operate.html?command=get_materiel&rest_code=00146&code=00101008072&supplier_code=00100005&order_time=2020-05-25 HTTP/1.1" 200 408
114.84.33.255 - - [25/May/2020:08:38:49 +0800] "GET /xingrg/kc/buy/cgsh_order_operate.html?command=get_materiel&rest_code=00146&code=00101008210&supplier_code=00100005&order_time=2020-05-25 HTTP/1.1" 200 408
114.88.170.9 - - [25/May/2020:08:38:50 +0800] "GET /xingrg/all/function/internal_message.html?_=1590367125874&CODE_STATE=getMsg HTTP/1.1" 200 27
114.84.33.255 - - [25/May/2020:08:38:56 +0800] "GET /xingrg/kc/buy/cgsh_order_operate.html?command=get_materiel&rest_code=00146&code=00101008207&supplier_code=00100005&order_time=2020-05-25 HTTP/1.1" 200 408
58.40.7.146 - - [25/May/2020:08:38:57 +0800] "GET /xingrg/all/function/internal_message.html?_=1590367136815&CODE_STATE=getMsg HTTP/1.1" 200 27
114.84.33.255 - - [25/May/2020:08:39:03 +0800] "GET /xingrg/kc/buy/cgsh_order_operate.html?command=get_materiel&rest_code=00146&code=00101008003&supplier_code=00100005&order_time=2020-05-25 HTTP/1.1" 200 408
114.84.33.255 - - [25/May/2020:08:39:10 +0800] "GET /xingrg/kc/buy/cgsh_order_operate.html?command=get_materiel&rest_code=00146&code=00101008144&supplier_code=00100005&order_time=2020-05-25 HTTP/1.1" 200 412
114.84.33.255 - - [25/May/2020:08:39:17 +0800] "GET /xingrg/all/function/internal_message.html?_=1590367156532&CODE_STATE=getMsg HTTP/1.1" 200 27
114.84.33.255 - - [25/May/2020:08:39:18 +0800] "GET /xingrg/kc/buy/cgsh_order_operate.html?command=get_materiel&rest_code=00146&code=00101008321&supplier_code=00100005&order_time=2020-05-25 HTTP/1.1" 200 412
114.88.170.9 - - [25/May/2020:08:39:25 +0800] "GET /xingrg/all/function/internal_message.html?_=1590367160973&CODE_STATE=getMsg HTTP/1.1" 200 27
114.84.33.255 - - [25/May/2020:08:39:26 +0800] "GET /xingrg/kc/buy/cgsh_order_operate.html?command=get_materiel&rest_code=00146&code=00101008270&supplier_code=00100005&order_time=2020-05-25 HTTP/1.1" 200 412
114.84.151.157 - - [25/May/2020:08:39:27 +0800] "GET /xingrg/all/function/internal_message.html?_=1590367168518&CODE_STATE=getMsg HTTP/1.1" 200 27
114.84.32.201 - - [25/May/2020:08:39:31 +0800] "GET /xingrg/check_reg.html?_=1590367168397 HTTP/1.1" 200 22
114.84.32.201 - - [25/May/2020:08:39:31 +0800] "GET /xingrg/all/function/internal_message.html?_=1590367168399&CODE_STATE=getMsg HTTP/1.1" 200 27
114.84.33.255 - - [25/May/2020:08:39:44 +0800] "GET /xingrg/kc/buy/cgsh_order_operate.html?command=get_materiel&rest_code=00146&code=00101008005&supplier_code=00100005&order_time=2020-05-25 HTTP/1.1" 200 412
114.88.170.9 - - [25/May/2020:08:39:50 +0800] "GET /xingrg/all/function/internal_message.html?_=1590367185889&CODE_STATE=getMsg HTTP/1.1" 200 27
114.84.33.255 - - [25/May/2020:08:39:50 +0800] "GET /xingrg/kc/buy/cgsh_order_operate.html?command=get_materiel&rest_code=00146&code=00101008354&supplier_code=00100005&order_time=2020-05-25 HTTP/1.1" 200 412
58.40.7.146 - - [25/May/2020:08:39:56 +0800] "GET /xingrg/all/function/internal_message.html?_=1590367196787&CODE_STATE=getMsg HTTP/1.1" 200 27
114.84.33.255 - - [25/May/2020:08:39:59 +0800] "GET /xingrg/kc/buy/cgsh_order_operate.html?command=get_materiel&rest_code=00146&code=00101008088&supplier_code=00100005&order_time=2020-05-25 HTTP/1.1" 200 408
117.184.7.30 - - [25/May/2020:08:40:04 +0800] "GET /xingrg/login.html HTTP/1.1" 200 7641
117.184.7.30 - - [25/May/2020:08:40:05 +0800] "GET /favicon.ico HTTP/1.1" 404 -
114.84.33.255 - - [25/May/2020:08:40:13 +0800] "GET /xingrg/kc/buy/cgsh_order_operate.html?command=get_materiel&rest_code=00146&code=00101008338&supplier_code=00100005&order_time=2020-05-25 HTTP/1.1" 200 408
114.84.33.255 - - [25/May/2020:08:40:17 +0800] "GET /xingrg/all/function/internal_message.html?_=1590367216545&CODE_STATE=getMsg HTTP/1.1" 200 27
114.88.170.9 - - [25/May/2020:08:40:25 +0800] "GET /xingrg/all/function/internal_message.html?_=1590367220987&CODE_STATE=getMsg HTTP/1.1" 200 27
114.84.151.157 - - [25/May/2020:08:40:27 +0800] "GET /xingrg/all/function/internal_message.html?_=1590367228499&CODE_STATE=getMsg HTTP/1.1" 200 27
114.84.33.255 - - [25/May/2020:08:40:31 +0800] "GET /xingrg/kc/buy/cgsh_order_operate.html?command=get_materiel&rest_code=00146&code=00101008356&supplier_code=00100005&order_time=2020-05-25 HTTP/1.1" 200 408
114.84.32.201 - - [25/May/2020:08:40:31 +0800] "GET /xingrg/all/function/internal_message.html?_=1590367228402&CODE_STATE=getMsg HTTP/1.1" 200 27
114.84.33.255 - - [25/May/2020:08:40:38 +0800] "GET /xingrg/kc/buy/cgsh_order_operate.html?command=get_materiel&rest_code=00146&code=00101008212&supplier_code=00100005&order_time=2020-05-25 HTTP/1.1" 200 412
114.88.170.9 - - [25/May/2020:08:40:50 +0800] "GET /xingrg/all/function/internal_message.html?_=1590367245901&CODE_STATE=getMsg HTTP/1.1" 200 27
58.40.7.146 - - [25/May/2020:08:40:56 +0800] "GET /xingrg/all/function/internal_message.html?_=1590367256758&CODE_STATE=getMsg HTTP/1.1" 200 27
117.185.32.26 - - [25/May/2020:08:41:09 +0800] "GET /xingrg/check_reg.html?_=1590367691297 HTTP/1.1" 200 22
114.84.33.255 - - [25/May/2020:08:41:17 +0800] "GET /xingrg/all/function/internal_message.html?_=1590367276567&CODE_STATE=getMsg HTTP/1.1" 200 27
114.88.170.9 - - [25/May/2020:08:41:25 +0800] "GET /xingrg/all/function/internal_message.html?_=1590367281029&CODE_STATE=getMsg HTTP/1.1" 200 27
114.84.151.157 - - [25/May/2020:08:41:27 +0800] "GET /xingrg/all/function/internal_message.html?_=1590367288479&CODE_STATE=getMsg HTTP/1.1" 200 27
114.84.32.201 - - [25/May/2020:08:41:31 +0800] "GET /xingrg/all/function/internal_message.html?_=1590367288402&CODE_STATE=getMsg HTTP/1.1" 200 27
114.88.170.9 - - [25/May/2020:08:41:48 +0800] "GET /xingrg/check_reg.html?_=1590367304655 HTTP/1.1" 200 22
114.88.170.9 - - [25/May/2020:08:41:50 +0800] "GET /xingrg/all/function/internal_message.html?_=1590367305914&CODE_STATE=getMsg HTTP/1.1" 200 27
58.40.7.146 - - [25/May/2020:08:41:56 +0800] "GET /xingrg/all/function/internal_message.html?_=1590367316730&CODE_STATE=getMsg HTTP/1.1" 200 27
114.88.170.9 - - [25/May/2020:08:42:03 +0800] "GET /xingrg/check_reg.html?_=1590367319380 HTTP/1.1" 200 22
114.84.33.255 - - [25/May/2020:08:42:17 +0800] "GET /xingrg/all/function/internal_message.html?_=1590367336572&CODE_STATE=getMsg HTTP/1.1" 200 27
58.40.7.146 - - [25/May/2020:08:42:23 +0800] "GET /xingrg/check_reg.html?_=1590367343481 HTTP/1.1" 200 22
61.151.207.158 - - [25/May/2020:08:42:25 +0800] "GET /xingrg/all/function/internal_message.html?_=1590366688695&CODE_STATE=getMsg HTTP/1.1" 302 -
114.88.170.9 - - [25/May/2020:08:42:25 +0800] "GET /xingrg/all/function/internal_message.html?_=1590367341045&CODE_STATE=getMsg HTTP/1.1" 200 27
61.151.207.158 - - [25/May/2020:08:42:27 +0800] "GET /xingrg/login.html HTTP/1.1" 200 7641
114.84.151.157 - - [25/May/2020:08:42:27 +0800] "GET /xingrg/all/function/internal_message.html?_=1590367348460&CODE_STATE=getMsg HTTP/1.1" 200 27
114.84.32.201 - - [25/May/2020:08:42:31 +0800] "GET /xingrg/all/function/internal_message.html?_=1590367348400&CODE_STATE=getMsg HTTP/1.1" 200 27
114.88.170.9 - - [25/May/2020:08:42:50 +0800] "GET /xingrg/all/function/internal_message.html?_=1590367365928&CODE_STATE=getMsg HTTP/1.1" 200 27
58.40.7.146 - - [25/May/2020:08:42:56 +0800] "GET /xingrg/all/function/internal_message.html?_=1590367376702&CODE_STATE=getMsg HTTP/1.1" 200 27
114.84.151.157 - - [25/May/2020:08:42:58 +0800] "GET /xingrg/check_reg.html?_=1590367378881 HTTP/1.1" 200 22
114.84.33.255 - - [25/May/2020:08:43:17 +0800] "GET /xingrg/check_reg.html?_=1590367396545 HTTP/1.1" 200 22
114.84.33.255 - - [25/May/2020:08:43:17 +0800] "GET /xingrg/all/function/internal_message.html?_=1590367396592&CODE_STATE=getMsg HTTP/1.1" 200 27
114.88.170.9 - - [25/May/2020:08:43:25 +0800] "GET /xingrg/all/function/internal_message.html?_=1590367401059&CODE_STATE=getMsg HTTP/1.1" 200 27
114.84.151.157 - - [25/May/2020:08:43:27 +0800] "GET /xingrg/all/function/internal_message.html?_=1590367408433&CODE_STATE=getMsg HTTP/1.1" 200 27
114.84.32.201 - - [25/May/2020:08:43:31 +0800] "GET /xingrg/all/function/internal_message.html?_=1590367408399&CODE_STATE=getMsg HTTP/1.1" 200 27
114.88.170.9 - - [25/May/2020:08:43:50 +0800] "GET /xingrg/all/function/internal_message.html?_=1590367425941&CODE_STATE=getMsg HTTP/1.1" 200 27
58.40.7.146 - - [25/May/2020:08:43:56 +0800] "GET /xingrg/all/function/internal_message.html?_=1590367436688&CODE_STATE=getMsg HTTP/1.1" 200 27
114.84.33.255 - - [25/May/2020:08:44:17 +0800] "GET /xingrg/all/function/internal_message.html?_=1590367456614&CODE_STATE=getMsg HTTP/1.1" 200 27
61.172.5.115 - - [25/May/2020:08:44:17 +0800] "GET /xingrg/index.html?sysBaseUrl=http%3A%2F%2F180.169.147.146%3A18081%2Fxingrg%2F&costTime=36×tamp=1585223203754 HTTP/1.1" 302 -
61.172.5.115 - - [25/May/2020:08:44:17 +0800] "GET /xingrg/login.html HTTP/1.1" 200 7641
61.172.5.115 - - [25/May/2020:08:44:18 +0800] "GET /favicon.ico HTTP/1.1" 404 -
61.172.5.115 - - [25/May/2020:08:44:22 +0800] "POST /xingrg/login.do HTTP/1.1" 200 2421
61.172.5.115 - - [25/May/2020:08:44:22 +0800] "GET /favicon.ico HTTP/1.1" 404 -
61.172.5.115 - - [25/May/2020:08:44:23 +0800] "GET /xingrg/login.html HTTP/1.1" 200 7641
61.172.5.115 - - [25/May/2020:08:44:23 +0800] "GET /favicon.ico HTTP/1.1" 404 -
61.172.5.115 - - [25/May/2020:08:44:24 +0800] "POST /xingrg/login.do HTTP/1.1" 302 -
61.172.5.115 - - [25/May/2020:08:44:24 +0800] "GET /xingrg/index.html?sysBaseUrl=http%3A%2F%2F180.169.147.146%3A18081%2Fxingrg%2F&costTime=43×tamp=1590367464204 HTTP/1.1" 200 17173
61.172.5.115 - - [25/May/2020:08:44:24 +0800] "GET /favicon.ico HTTP/1.1" 404 -
61.172.5.115 - - [25/May/2020:08:44:24 +0800] "POST /xingrg/all/common/load_tree.html?tree=area_rest_tree_json&manage=1 HTTP/1.1" 200 3088
61.172.5.115 - - [25/May/2020:08:44:24 +0800] "GET /xingrg/check_reg.html?_=1590367465388 HTTP/1.1" 200 22
61.172.5.115 - - [25/May/2020:08:44:24 +0800] "GET /xingrg/all/function/internal_message.html?_=1590367465387&CODE_STATE=count HTTP/1.1" 200 11
61.172.5.115 - - [25/May/2020:08:44:24 +0800] "POST /xingrg/load_menu.html HTTP/1.1" 200 5138
114.88.170.9 - - [25/May/2020:08:44:25 +0800] "GET /xingrg/all/function/internal_message.html?_=1590367461093&CODE_STATE=getMsg HTTP/1.1" 200 27
114.84.151.157 - - [25/May/2020:08:44:27 +0800] "GET /xingrg/all/function/internal_message.html?_=1590367468431&CODE_STATE=getMsg HTTP/1.1" 200 27
114.84.32.201 - - [25/May/2020:08:44:31 +0800] "GET /xingrg/all/function/internal_message.html?_=1590367468403&CODE_STATE=getMsg HTTP/1.1" 200 27
114.84.32.201 - - [25/May/2020:08:44:31 +0800] "GET /xingrg/check_reg.html?_=1590367468405 HTTP/1.1" 200 22
61.172.5.115 - - [25/May/2020:08:44:41 +0800] "GET /xingrg/kc/buy/cgsh_order_list.html HTTP/1.1" 200 42940
61.172.5.115 - - [25/May/2020:08:44:43 +0800] "POST /xingrg/kc/buy/cgsh_list_operate.html HTTP/1.1" 200 876
61.172.5.115 - - [25/May/2020:08:44:44 +0800] "GET /xingrg/kc/buy/cgsh_order_add.html HTTP/1.1" 200 58678
61.172.5.115 - - [25/May/2020:08:44:44 +0800] "GET /xingrg/words/20200524114319_words.js HTTP/1.1" 304 -
61.172.5.115 - - [25/May/2020:08:44:44 +0800] "GET /xingrg/javascript/easyui/themes/default/validatebox.css HTTP/1.1" 404 1104
61.172.5.115 - - [25/May/2020:08:44:44 +0800] "GET /xingrg/all/common/auto_word.html?type=employee&rest_code=00105 HTTP/1.1" 200 193
61.172.5.115 - - [25/May/2020:08:44:44 +0800] "GET /xingrg/all/common/auto_word.html?type=employee&rest_code=00105 HTTP/1.1" 200 193
61.172.5.115 - - [25/May/2020:08:44:44 +0800] "POST /xingrg/kc/buy/cgsh_order_operate.html HTTP/1.1" 200 8245
61.172.5.115 - - [25/May/2020:08:44:45 +0800] "GET /xingrg/javascript/auto/indicator.gif HTTP/1.1" 404 1066
114.88.170.9 - - [25/May/2020:08:44:50 +0800] "GET /xingrg/all/function/internal_message.html?_=1590367485958&CODE_STATE=getMsg HTTP/1.1" 200 27
58.40.7.146 - - [25/May/2020:08:44:56 +0800] "GET /xingrg/all/function/internal_message.html?_=1590367496676&CODE_STATE=getMsg HTTP/1.1" 200 27
61.172.5.115 - - [25/May/2020:08:45:09 +0800] "GET /xingrg/kc/buy/cgsh_order_operate.html?command=get_materiel&rest_code=00105&code=00101016030&supplier_code=00100034&order_time=2020-05-25 HTTP/1.1" 200 412
114.84.33.255 - - [25/May/2020:08:45:17 +0800] "GET /xingrg/all/function/internal_message.html?_=1590367516614&CODE_STATE=getMsg HTTP/1.1" 200 27
61.172.5.115 - - [25/May/2020:08:45:18 +0800] "GET /xingrg/kc/buy/cgsh_order_operate.html?command=get_materiel&rest_code=00105&code=00101016071&supplier_code=00100034&order_time=2020-05-25 HTTP/1.1" 200 416
61.172.5.115 - - [25/May/2020:08:45:24 +0800] "GET /xingrg/all/function/internal_message.html?_=1590367525400&CODE_STATE=getMsg HTTP/1.1" 200 27
114.88.170.9 - - [25/May/2020:08:45:25 +0800] "GET /xingrg/all/function/internal_message.html?_=1590367521102&CODE_STATE=getMsg HTTP/1.1" 200 27
114.84.151.157 - - [25/May/2020:08:45:27 +0800] "GET /xingrg/all/function/internal_message.html?_=1590367528404&CODE_STATE=getMsg HTTP/1.1" 200 27
61.172.5.115 - - [25/May/2020:08:45:29 +0800] "GET /xingrg/kc/buy/cgsh_order_operate.html?command=get_materiel&rest_code=00105&code=00101012029&supplier_code=00100034&order_time=2020-05-25 HTTP/1.1" 200 412
114.84.32.201 - - [25/May/2020:08:45:31 +0800] "GET /xingrg/all/function/internal_message.html?_=1590367528405&CODE_STATE=getMsg HTTP/1.1" 200 27
114.88.170.9 - - [25/May/2020:08:45:50 +0800] "GET /xingrg/all/function/internal_message.html?_=1590367545968&CODE_STATE=getMsg HTTP/1.1" 200 27
58.40.7.146 - - [25/May/2020:08:45:56 +0800] "GET /xingrg/all/function/internal_message.html?_=1590367556661&CODE_STATE=getMsg HTTP/1.1" 200 27
61.172.5.115 - - [25/May/2020:08:45:57 +0800] "POST /xingrg/kc/buy/cgsh_order_operate.html HTTP/1.1" 200 37
61.172.5.115 - - [25/May/2020:08:46:01 +0800] "POST /xingrg/kc/buy/cgsh_order_operate.html HTTP/1.1" 200 3838
117.185.32.26 - - [25/May/2020:08:46:09 +0800] "GET /xingrg/check_reg.html?_=1590367991303 HTTP/1.1" 200 22
114.84.33.255 - - [25/May/2020:08:46:17 +0800] "GET /xingrg/all/function/internal_message.html?_=1590367576644&CODE_STATE=getMsg HTTP/1.1" 200 27
61.172.5.115 - - [25/May/2020:08:46:22 +0800] "POST /xingrg/kc/buy/cgsh_order_operate.html HTTP/1.1" 200 37
61.172.5.115 - - [25/May/2020:08:46:23 +0800] "POST /xingrg/kc/buy/cgsh_order_operate.html HTTP/1.1" 200 3246
61.172.5.115 - - [25/May/2020:08:46:24 +0800] "GET /xingrg/all/function/internal_message.html?_=1590367585400&CODE_STATE=getMsg HTTP/1.1" 200 27
114.88.170.9 - - [25/May/2020:08:46:25 +0800] "GET /xingrg/all/function/internal_message.html?_=1590367581139&CODE_STATE=getMsg HTTP/1.1" 200 27
61.172.5.115 - - [25/May/2020:08:46:26 +0800] "GET /xingrg/kc/print/load_config.html?kc_code=cgsh HTTP/1.1" 200 1845
61.172.5.115 - - [25/May/2020:08:46:27 +0800] "GET /xingrg/kc/print/load_data.html?order_code=212020052508957&kc_code=cgsh&condition= HTTP/1.1" 200 935
114.84.151.157 - - [25/May/2020:08:46:27 +0800] "GET /xingrg/all/function/internal_message.html?_=1590367588380&CODE_STATE=getMsg HTTP/1.1" 200 27
114.84.32.201 - - [25/May/2020:08:46:31 +0800] "GET /xingrg/all/function/internal_message.html?_=1590367588405&CODE_STATE=getMsg HTTP/1.1" 200 27
61.172.5.115 - - [25/May/2020:08:46:32 +0800] "GET /xingrg/kc/buy/cgsh_order_add.html HTTP/1.1" 200 58678
61.172.5.115 - - [25/May/2020:08:46:32 +0800] "GET /xingrg/javascript/easyui/themes/default/validatebox.css HTTP/1.1" 404 1104
61.172.5.115 - - [25/May/2020:08:46:32 +0800] "POST /xingrg/kc/buy/cgsh_order_operate.html HTTP/1.1" 200 8245
61.172.5.115 - - [25/May/2020:08:46:44 +0800] "GET /xingrg/kc/buy/cgsh_order_operate.html?command=get_materiel&rest_code=00105&code=00101006109&supplier_code=00100013&order_time=2020-05-25 HTTP/1.1" 200 409
114.88.170.9 - - [25/May/2020:08:46:48 +0800] "GET /xingrg/check_reg.html?_=1590367604656 HTTP/1.1" 200 22
114.88.170.9 - - [25/May/2020:08:46:50 +0800] "GET /xingrg/all/function/internal_message.html?_=1590367605982&CODE_STATE=getMsg HTTP/1.1" 200 27
61.172.5.115 - - [25/May/2020:08:46:56 +0800] "GET /xingrg/kc/buy/cgsh_order_operate.html?command=get_materiel&rest_code=00105&code=00101006133&supplier_code=00100013&order_time=2020-05-25 HTTP/1.1" 200 433
58.40.7.146 - - [25/May/2020:08:46:56 +0800] "GET /xingrg/all/function/internal_message.html?_=1590367616633&CODE_STATE=getMsg HTTP/1.1" 200 27
114.88.170.9 - - [25/May/2020:08:47:03 +0800] "GET /xingrg/check_reg.html?_=1590367619384 HTTP/1.1" 200 22
61.172.5.115 - - [25/May/2020:08:47:04 +0800] "GET /xingrg/kc/buy/cgsh_order_operate.html?command=get_materiel&rest_code=00105&code=00101016104&supplier_code=00100013&order_time=2020-05-25 HTTP/1.1" 200 409
61.151.178.166 - - [25/May/2020:08:47:12 +0800] "GET /xingrg/all/function/internal_message.html?_=1590366928595&CODE_STATE=getMsg HTTP/1.1" 302 -
61.172.5.115 - - [25/May/2020:08:47:13 +0800] "GET /xingrg/kc/buy/cgsh_order_operate.html?command=get_materiel&rest_code=00105&code=00101006112&supplier_code=00100013&order_time=2020-05-25 HTTP/1.1" 200 409
114.84.33.255 - - [25/May/2020:08:47:17 +0800] "GET /xingrg/all/function/internal_message.html?_=1590367636656&CODE_STATE=getMsg HTTP/1.1" 200 27
61.151.178.166 - - [25/May/2020:08:47:18 +0800] "GET /xingrg/login.html HTTP/1.1" 200 7641
114.84.33.255 - - [25/May/2020:08:47:18 +0800] "GET /xingrg/kc/buy/cgsh_order_operate.html?command=get_materiel&rest_code=00146&code=00101008196&supplier_code=00100005&order_time=2020-05-25 HTTP/1.1" 200 416
58.40.7.146 - - [25/May/2020:08:47:23 +0800] "GET /xingrg/check_reg.html?_=1590367643463 HTTP/1.1" 200 22
61.172.5.115 - - [25/May/2020:08:47:24 +0800] "GET /xingrg/all/function/internal_message.html?_=1590367645398&CODE_STATE=getMsg HTTP/1.1" 200 27
114.88.170.9 - - [25/May/2020:08:47:25 +0800] "GET /xingrg/all/function/internal_message.html?_=1590367641144&CODE_STATE=getMsg HTTP/1.1" 200 27
61.172.5.115 - - [25/May/2020:08:47:25 +0800] "GET /xingrg/kc/buy/cgsh_order_operate.html?command=get_materiel&rest_code=00105&code=00101006106&supplier_code=00100013&order_time=2020-05-25 HTTP/1.1" 200 421
114.84.151.157 - - [25/May/2020:08:47:27 +0800] "GET /xingrg/all/function/internal_message.html?_=1590367648358&CODE_STATE=getMsg HTTP/1.1" 200 27
114.84.32.201 - - [25/May/2020:08:47:31 +0800] "GET /xingrg/all/function/internal_message.html?_=1590367648403&CODE_STATE=getMsg HTTP/1.1" 200 27
61.172.5.115 - - [25/May/2020:08:47:33 +0800] "GET /xingrg/kc/buy/cgsh_order_operate.html?command=get_materiel&rest_code=00105&code=00101010136&supplier_code=00100013&order_time=2020-05-25 HTTP/1.1" 200 408
114.84.33.255 - - [25/May/2020:08:47:36 +0800] "GET /xingrg/kc/buy/cgsh_order_operate.html?command=get_materiel&rest_code=00146&code=00101008357&supplier_code=00100005&order_time=2020-05-25 HTTP/1.1" 200 408
114.84.33.255 - - [25/May/2020:08:47:44 +0800] "GET /xingrg/kc/buy/cgsh_order_operate.html?command=get_materiel&rest_code=00146&code=00101008006&supplier_code=00100005&order_time=2020-05-25 HTTP/1.1" 200 416
114.88.170.9 - - [25/May/2020:08:47:50 +0800] "GET /xingrg/all/function/internal_message.html?_=1590367665996&CODE_STATE=getMsg HTTP/1.1" 200 27
114.84.33.255 - - [25/May/2020:08:47:53 +0800] "GET /xingrg/kc/buy/cgsh_order_operate.html?command=get_materiel&rest_code=00146&code=00101008296&supplier_code=00100005&order_time=2020-05-25 HTTP/1.1" 200 416
116.232.33.186 - - [25/May/2020:08:47:54 +0800] "POST /xingrg/services/DataTransmitService HTTP/1.1" 200 524
114.84.33.255 - - [25/May/2020:08:47:55 +0800] "POST /xingrg/kc/buy/cgsh_order_operate.html HTTP/1.1" 200 2065
58.40.7.146 - - [25/May/2020:08:47:56 +0800] "GET /xingrg/all/function/internal_message.html?_=1590367676605&CODE_STATE=getMsg HTTP/1.1" 200 27
114.84.151.157 - - [25/May/2020:08:47:58 +0800] "GET /xingrg/check_reg.html?_=1590367678903 HTTP/1.1" 200 22
114.84.33.255 - - [25/May/2020:08:48:01 +0800] "GET /xingrg/kc/buy/cgsh_order_operate.html?command=get_materiel&rest_code=00146&code=00101008353&supplier_code=00100005&order_time=2020-05-25 HTTP/1.1" 200 408
61.172.5.115 - - [25/May/2020:08:48:06 +0800] "GET /xingrg/kc/buy/cgsh_order_operate.html?command=get_materiel&rest_code=00105&code=00101006174&supplier_code=00100013&order_time=2020-05-25 HTTP/1.1" 200 415
114.86.190.97 - - [25/May/2020:08:48:11 +0800] "GET /xingrg/login.html HTTP/1.1" 200 7641
114.84.33.255 - - [25/May/2020:08:48:13 +0800] "GET /xingrg/kc/buy/cgsh_order_operate.html?command=get_materiel&rest_code=00146&code=00101008213&supplier_code=00100005&order_time=2020-05-25 HTTP/1.1" 200 412
61.172.5.115 - - [25/May/2020:08:48:14 +0800] "POST /xingrg/kc/buy/cgsh_order_operate.html HTTP/1.1" 200 37
114.86.190.97 - - [25/May/2020:08:48:14 +0800] "GET /xingrg/images/blue/jxLogo.png HTTP/1.1" 304 -
114.86.190.97 - - [25/May/2020:08:48:14 +0800] "GET /xingrg/images/blue/login_bg.png HTTP/1.1" 304 -
114.86.190.97 - - [25/May/2020:08:48:14 +0800] "GET /xingrg/images/blue/hj.png HTTP/1.1" 304 -
114.86.190.97 - - [25/May/2020:08:48:15 +0800] "GET /xingrg/images/blue/srbg.png HTTP/1.1" 304 -
114.86.190.97 - - [25/May/2020:08:48:15 +0800] "GET /favicon.ico HTTP/1.1" 404 -
61.172.5.115 - - [25/May/2020:08:48:16 +0800] "POST /xingrg/kc/buy/cgsh_order_operate.html HTTP/1.1" 200 6210
114.84.33.255 - - [25/May/2020:08:48:17 +0800] "GET /xingrg/check_reg.html?_=1590367696557 HTTP/1.1" 200 22
114.84.33.255 - - [25/May/2020:08:48:17 +0800] "GET /xingrg/all/function/internal_message.html?_=1590367696681&CODE_STATE=getMsg HTTP/1.1" 200 27
114.84.33.255 - - [25/May/2020:08:48:22 +0800] "GET /xingrg/kc/buy/cgsh_order_operate.html?command=get_materiel&rest_code=00146&code=00101016122&supplier_code=00100005&order_time=2020-05-25 HTTP/1.1" 200 395
114.86.190.97 - - [25/May/2020:08:48:22 +0800] "POST /xingrg/login.do HTTP/1.1" 302 -
114.86.190.97 - - [25/May/2020:08:48:22 +0800] "GET /xingrg/index.html?sysBaseUrl=http%3A%2F%2F180.169.147.146%3A18081%2Fxingrg%2F&costTime=40×tamp=1590367702547 HTTP/1.1" 200 17179
114.86.190.97 - - [25/May/2020:08:48:22 +0800] "GET /xingrg/javascript/jquery_easy_ui/themes/default/easyui.css HTTP/1.1" 304 -
114.86.190.97 - - [25/May/2020:08:48:22 +0800] "GET /xingrg/javascript/jquery_easy_ui/themes/icon.css HTTP/1.1" 304 -
114.86.190.97 - - [25/May/2020:08:48:22 +0800] "GET /xingrg/javascript/jquery_easy_ui/easyui-lang-zh_CN.js HTTP/1.1" 304 -
114.86.190.97 - - [25/May/2020:08:48:22 +0800] "GET /xingrg/css/form.css HTTP/1.1" 304 -
114.86.190.97 - - [25/May/2020:08:48:22 +0800] "GET /xingrg/javascript/jquery-1.4.2.min.js HTTP/1.1" 304 -
114.86.190.97 - - [25/May/2020:08:48:22 +0800] "GET /xingrg/javascript/jquery_easy_ui/jquery.easyui.min.js HTTP/1.1" 304 -
114.86.190.97 - - [25/May/2020:08:48:22 +0800] "GET /xingrg/javascript/jquery.form.js HTTP/1.1" 304 -
114.86.190.97 - - [25/May/2020:08:48:22 +0800] "GET /xingrg/javascript/jquery.utils.js HTTP/1.1" 304 -
114.86.190.97 - - [25/May/2020:08:48:22 +0800] "GET /xingrg/javascript/jquery.timers.js HTTP/1.1" 304 -
114.86.190.97 - - [25/May/2020:08:48:22 +0800] "GET /favicon.ico HTTP/1.1" 404 -
114.86.190.97 - - [25/May/2020:08:48:22 +0800] "GET /xingrg/images/blue/jxLogo.png HTTP/1.1" 304 -
114.86.190.97 - - [25/May/2020:08:48:22 +0800] "GET /xingrg/images/blue/navBackgound.jpg HTTP/1.1" 304 -
114.86.190.97 - - [25/May/2020:08:48:22 +0800] "GET /xingrg/javascript/jquery_easy_ui/themes/icons/settle_new.png HTTP/1.1" 304 -
114.86.190.97 - - [25/May/2020:08:48:22 +0800] "POST /xingrg/all/common/load_tree.html?tree=area_rest_tree_json&manage=1 HTTP/1.1" 200 351
114.86.190.97 - - [25/May/2020:08:48:22 +0800] "GET /xingrg/images/blue/pingpu.png HTTP/1.1" 304 -
114.86.190.97 - - [25/May/2020:08:48:22 +0800] "GET /xingrg/javascript/jquery_easy_ui/themes/default/images/tabs_leftarrow.png HTTP/1.1" 304 -
114.86.190.97 - - [25/May/2020:08:48:23 +0800] "GET /xingrg/javascript/jquery_easy_ui/themes/default/images/tabs_rightarrow.png HTTP/1.1" 304 -
114.86.190.97 - - [25/May/2020:08:48:23 +0800] "GET /xingrg/javascript/jquery_easy_ui/themes/default/images/panel_tool_collapse.gif HTTP/1.1" 304 -
114.86.190.97 - - [25/May/2020:08:48:23 +0800] "GET /xingrg/all/function/internal_message.html?_=1590367704607&CODE_STATE=count HTTP/1.1" 200 11
114.86.190.97 - - [25/May/2020:08:48:23 +0800] "GET /xingrg/check_reg.html?_=1590367704608 HTTP/1.1" 200 22
114.86.190.97 - - [25/May/2020:08:48:23 +0800] "POST /xingrg/load_menu.html HTTP/1.1" 200 5138
114.86.190.97 - - [25/May/2020:08:48:23 +0800] "GET /xingrg/javascript/jquery_easy_ui/themes/default/images/tree_arrows.gif HTTP/1.1" 304 -
114.86.190.97 - - [25/May/2020:08:48:23 +0800] "GET /xingrg/javascript/jquery_easy_ui/themes/icons/search_new.png HTTP/1.1" 304 -
114.86.190.97 - - [25/May/2020:08:48:23 +0800] "GET /xingrg/javascript/jquery_easy_ui/themes/default/images/tree_folder_open.gif HTTP/1.1" 304 -
114.86.190.97 - - [25/May/2020:08:48:23 +0800] "GET /xingrg/javascript/jquery_easy_ui/themes/default/images/tree_folder.gif HTTP/1.1" 304 -
114.86.190.97 - - [25/May/2020:08:48:23 +0800] "GET /xingrg/javascript/jquery_easy_ui/themes/icons/storage_new.png HTTP/1.1" 304 -
114.86.190.97 - - [25/May/2020:08:48:23 +0800] "GET /xingrg/javascript/jquery_easy_ui/themes/icons/forms_new.png HTTP/1.1" 304 -
114.86.190.97 - - [25/May/2020:08:48:23 +0800] "GET /xingrg/javascript/jquery_easy_ui/themes/default/images/tree_file.gif HTTP/1.1" 304 -
61.172.5.115 - - [25/May/2020:08:48:24 +0800] "GET /xingrg/all/function/internal_message.html?_=1590367705411&CODE_STATE=getMsg HTTP/1.1" 200 27
114.88.170.9 - - [25/May/2020:08:48:25 +0800] "GET /xingrg/all/function/internal_message.html?_=1590367701158&CODE_STATE=getMsg HTTP/1.1" 200 27
114.86.190.97 - - [25/May/2020:08:48:26 +0800] "GET /xingrg/javascript/jquery_easy_ui/themes/default/images/tabs_close.gif HTTP/1.1" 304 -
114.86.190.97 - - [25/May/2020:08:48:26 +0800] "GET /xingrg/css/base.css HTTP/1.1" 304 -
114.86.190.97 - - [25/May/2020:08:48:26 +0800] "GET /xingrg/kc/buy/cgsh_order_list.html HTTP/1.1" 200 42946
114.86.190.97 - - [25/May/2020:08:48:26 +0800] "GET /xingrg/css/site.css HTTP/1.1" 304 -
114.86.190.97 - - [25/May/2020:08:48:26 +0800] "GET /xingrg/javascript/jquery_tools/datebox.css HTTP/1.1" 304 -
114.86.190.97 - - [25/May/2020:08:48:26 +0800] "GET /xingrg/javascript/easyui/themes/default/easyui.css HTTP/1.1" 304 -
114.86.190.97 - - [25/May/2020:08:48:26 +0800] "GET /xingrg/javascript/easyui/themes/icon.css HTTP/1.1" 304 -
114.86.190.97 - - [25/May/2020:08:48:26 +0800] "GET /xingrg/javascript/auto/jquery.autocomplete.css HTTP/1.1" 304 -
114.86.190.97 - - [25/May/2020:08:48:26 +0800] "GET /xingrg/javascript/jquery_tools/table.css HTTP/1.1" 304 -
114.86.190.97 - - [25/May/2020:08:48:26 +0800] "GET /xingrg/javascript/jquery_tools/fix.css HTTP/1.1" 304 -
114.86.190.97 - - [25/May/2020:08:48:26 +0800] "GET /xingrg/javascript/jquery_tools/jquery.tools.min.js HTTP/1.1" 304 -
114.86.190.97 - - [25/May/2020:08:48:26 +0800] "GET /xingrg/javascript/jquery_tools/jquery.tools.extend.js HTTP/1.1" 304 -
114.86.190.97 - - [25/May/2020:08:48:26 +0800] "GET /xingrg/javascript/jquery_tools/jquery.tools.hotkey.js HTTP/1.1" 304 -
114.86.190.97 - - [25/May/2020:08:48:26 +0800] "GET /xingrg/javascript/jquery_tools/list_manager.js HTTP/1.1" 304 -
114.86.190.97 - - [25/May/2020:08:48:26 +0800] "GET /xingrg/javascript/jquery_tools/jquery.tools.table.js HTTP/1.1" 304 -
114.86.190.97 - - [25/May/2020:08:48:26 +0800] "GET /xingrg/javascript/auto/jquery.autocomplete.js HTTP/1.1" 304 -
114.86.190.97 - - [25/May/2020:08:48:26 +0800] "GET /xingrg/javascript/jquery.utils.js HTTP/1.1" 304 -
114.86.190.97 - - [25/May/2020:08:48:26 +0800] "GET /xingrg/javascript/easyui/easyloader.js HTTP/1.1" 304 -
114.86.190.97 - - [25/May/2020:08:48:26 +0800] "GET /xingrg/javascript/jquery.cookie.js HTTP/1.1" 304 -
114.86.190.97 - - [25/May/2020:08:48:26 +0800] "GET /xingrg/javascript/print/LodopFuncs.js HTTP/1.1" 304 -
114.86.190.97 - - [25/May/2020:08:48:27 +0800] "GET /xingrg/javascript/easyui/themes/icons/edit_add_new.png HTTP/1.1" 304 -
114.86.190.97 - - [25/May/2020:08:48:27 +0800] "GET /xingrg/javascript/easyui/themes/icons/cance_new.png HTTP/1.1" 304 -
114.86.190.97 - - [25/May/2020:08:48:27 +0800] "GET /xingrg/javascript/easyui/themes/icons/check_new.png HTTP/1.1" 304 -
114.86.190.97 - - [25/May/2020:08:48:27 +0800] "GET /xingrg/javascript/easyui/themes/icons/field_new.png HTTP/1.1" 304 -
114.86.190.97 - - [25/May/2020:08:48:27 +0800] "GET /xingrg/javascript/easyui/themes/icons/import_new.png HTTP/1.1" 304 -
114.86.190.97 - - [25/May/2020:08:48:27 +0800] "GET /xingrg/javascript/easyui/plugins/jquery.parser.js HTTP/1.1" 304 -
114.86.190.97 - - [25/May/2020:08:48:27 +0800] "GET /xingrg/images/control/ajaxLoader.gif HTTP/1.1" 304 -
114.86.190.97 - - [25/May/2020:08:48:27 +0800] "GET /xingrg/javascript/jquery_easy_ui/themes/icons/area.png HTTP/1.1" 304 -
114.86.190.97 - - [25/May/2020:08:48:27 +0800] "GET /xingrg/javascript/jquery_easy_ui/themes/icons/rest.png HTTP/1.1" 304 -
114.84.151.157 - - [25/May/2020:08:48:27 +0800] "GET /xingrg/all/function/internal_message.html?_=1590367708336&CODE_STATE=getMsg HTTP/1.1" 200 27
114.86.190.97 - - [25/May/2020:08:48:27 +0800] "POST /xingrg/kc/buy/cgsh_list_operate.html HTTP/1.1" 200 876
114.84.32.201 - - [25/May/2020:08:48:31 +0800] "GET /xingrg/all/function/internal_message.html?_=1590367708402&CODE_STATE=getMsg HTTP/1.1" 200 27
114.84.33.255 - - [25/May/2020:08:48:33 +0800] "GET /xingrg/kc/buy/cgsh_order_operate.html?command=get_materiel&rest_code=00146&code=00101008347&supplier_code=00100005&order_time=2020-05-25 HTTP/1.1" 200 408
114.86.190.97 - - [25/May/2020:08:48:34 +0800] "GET /xingrg/javascript/auto/indicator.gif HTTP/1.1" 404 1066
114.86.190.97 - - [25/May/2020:08:48:37 +0800] "POST /xingrg/kc/buy/cgsh_list_operate.html HTTP/1.1" 200 5108
114.84.33.255 - - [25/May/2020:08:48:41 +0800] "GET /xingrg/kc/buy/cgsh_order_operate.html?command=get_materiel&rest_code=00146&code=00101008017&supplier_code=00100005&order_time=2020-05-25 HTTP/1.1" 200 416
114.86.190.97 - - [25/May/2020:08:48:43 +0800] "POST /xingrg/kc/buy/cgsh_list_operate.html HTTP/1.1" 200 206
114.84.33.255 - - [25/May/2020:08:48:43 +0800] "POST /xingrg/kc/buy/cgsh_order_operate.html HTTP/1.1" 200 2065
101.91.62.65 - - [25/May/2020:08:48:43 +0800] "GET /xingrg/all/function/internal_message.html?_=1590366988596&CODE_STATE=getMsg HTTP/1.1" 302 -
114.86.190.97 - - [25/May/2020:08:48:44 +0800] "POST /xingrg/kc/buy/cgsh_list_operate.html HTTP/1.1" 200 583
114.86.190.97 - - [25/May/2020:08:48:46 +0800] "POST /xingrg/kc/buy/cgsh_list_operate.html HTTP/1.1" 200 567
114.86.190.97 - - [25/May/2020:08:48:48 +0800] "POST /xingrg/kc/buy/cgsh_list_operate.html HTTP/1.1" 200 596
114.84.33.255 - - [25/May/2020:08:48:48 +0800] "GET /xingrg/kc/buy/cgsh_order_operate.html?command=get_materiel&rest_code=00146&code=00101008201&supplier_code=00100005&order_time=2020-05-25 HTTP/1.1" 200 412
101.91.62.65 - - [25/May/2020:08:48:49 +0800] "GET /xingrg/login.html HTTP/1.1" 200 7641
114.88.170.9 - - [25/May/2020:08:48:50 +0800] "GET /xingrg/all/function/internal_message.html?_=1590367726010&CODE_STATE=getMsg HTTP/1.1" 200 27
114.84.33.255 - - [25/May/2020:08:48:53 +0800] "GET /xingrg/kc/buy/cgsh_order_operate.html?command=get_materiel&rest_code=00146&code=00101008045&supplier_code=00100005&order_time=2020-05-25 HTTP/1.1" 200 412
58.40.7.146 - - [25/May/2020:08:48:56 +0800] "GET /xingrg/all/function/internal_message.html?_=1590367736593&CODE_STATE=getMsg HTTP/1.1" 200 27
114.84.33.255 - - [25/May/2020:08:49:00 +0800] "GET /xingrg/kc/buy/cgsh_order_operate.html?command=get_materiel&rest_code=00146&code=00101008155&supplier_code=00100005&order_time=2020-05-25 HTTP/1.1" 200 408
114.84.33.255 - - [25/May/2020:08:49:06 +0800] "GET /xingrg/kc/buy/cgsh_order_operate.html?command=get_materiel&rest_code=00146&code=00101008350&supplier_code=00100005&order_time=2020-05-25 HTTP/1.1" 200 408
114.84.33.255 - - [25/May/2020:08:49:15 +0800] "GET /xingrg/kc/buy/cgsh_order_operate.html?command=get_materiel&rest_code=00146&code=00101008185&supplier_code=00100005&order_time=2020-05-25 HTTP/1.1" 200 408
114.84.33.255 - - [25/May/2020:08:49:17 +0800] "POST /xingrg/kc/buy/cgsh_order_operate.html HTTP/1.1" 200 2065
114.84.33.255 - - [25/May/2020:08:49:17 +0800] "GET /xingrg/all/function/internal_message.html?_=1590367756684&CODE_STATE=getMsg HTTP/1.1" 200 27
114.84.33.255 - - [25/May/2020:08:49:23 +0800] "GET /xingrg/kc/buy/cgsh_order_operate.html?command=get_materiel&rest_code=00146&code=00101010033&supplier_code=00100005&order_time=2020-05-25 HTTP/1.1" 200 416
61.172.5.115 - - [25/May/2020:08:49:24 +0800] "GET /xingrg/all/function/internal_message.html?_=1590367765400&CODE_STATE=getMsg HTTP/1.1" 200 27
61.172.5.115 - - [25/May/2020:08:49:24 +0800] "GET /xingrg/check_reg.html?_=1590367765399 HTTP/1.1" 200 22
114.88.170.9 - - [25/May/2020:08:49:25 +0800] "GET /xingrg/all/function/internal_message.html?_=1590367761194&CODE_STATE=getMsg HTTP/1.1" 200 27
114.84.151.157 - - [25/May/2020:08:49:27 +0800] "GET /xingrg/all/function/internal_message.html?_=1590367768316&CODE_STATE=getMsg HTTP/1.1" 200 27
114.84.32.201 - - [25/May/2020:08:49:31 +0800] "GET /xingrg/all/function/internal_message.html?_=1590367768401&CODE_STATE=getMsg HTTP/1.1" 200 27
114.84.32.201 - - [25/May/2020:08:49:31 +0800] "GET /xingrg/check_reg.html?_=1590367768403 HTTP/1.1" 200 22
114.84.33.255 - - [25/May/2020:08:49:44 +0800] "GET /xingrg/kc/buy/cgsh_order_operate.html?command=get_materiel&rest_code=00146&code=00101008029&supplier_code=00100005&order_time=2020-05-25 HTTP/1.1" 200 416
114.88.170.9 - - [25/May/2020:08:49:50 +0800] "GET /xingrg/all/function/internal_message.html?_=1590367786025&CODE_STATE=getMsg HTTP/1.1" 200 27
58.40.7.146 - - [25/May/2020:08:49:56 +0800] "GET /xingrg/all/function/internal_message.html?_=1590367796566&CODE_STATE=getMsg HTTP/1.1" 200 27
61.172.5.115 - - [25/May/2020:08:50:02 +0800] "GET /xingrg/kc/print/load_data.html?order_code=212020052508958&kc_code=cgsh&condition= HTTP/1.1" 200 2078
114.84.33.255 - - [25/May/2020:08:50:04 +0800] "GET /xingrg/kc/buy/cgsh_order_operate.html?command=get_materiel&rest_code=00146&code=00101008010&supplier_code=00100005&order_time=2020-05-25 HTTP/1.1" 200 412
61.172.5.115 - - [25/May/2020:08:50:10 +0800] "GET /xingrg/kc/buy/cgsh_order_add.html HTTP/1.1" 200 58678
61.172.5.115 - - [25/May/2020:08:50:10 +0800] "POST /xingrg/kc/buy/cgsh_order_operate.html HTTP/1.1" 200 8245
61.172.5.115 - - [25/May/2020:08:50:10 +0800] "GET /xingrg/javascript/easyui/themes/default/validatebox.css HTTP/1.1" 404 1104
114.84.33.255 - - [25/May/2020:08:50:12 +0800] "GET /xingrg/kc/buy/cgsh_order_operate.html?command=get_materiel&rest_code=00146&code=00101008225&supplier_code=00100005&order_time=2020-05-25 HTTP/1.1" 200 416
