172.17.0.119 - - [25/May/2020:10:38:11 +0800] "GET /xingrg/system/rest/query_items.html?_=1590374291556&table=annotate&annotateTypeId=&key= HTTP/1.1" 200 21
114.86.230.91 - - [25/May/2020:10:38:14 +0800] "POST /xingrg/kc/buy/cgsh_order_operate.html HTTP/1.1" 200 37
180.162.232.172 - - [25/May/2020:10:38:15 +0800] "GET /xingrg/all/function/internal_message.html?_=1590374294490&CODE_STATE=getMsg HTTP/1.1" 200 27
114.86.230.91 - - [25/May/2020:10:38:15 +0800] "POST /xingrg/kc/buy/cgsh_order_operate.html HTTP/1.1" 200 7972
114.86.190.97 - - [25/May/2020:10:38:16 +0800] "POST /xingrg/system/rest/edit_item.html HTTP/1.1" 200 4
114.86.190.97 - - [25/May/2020:10:38:16 +0800] "GET /xingrg/system/rest/get_item.html?table=menu&id=7174&_=1590374295748 HTTP/1.1" 200 935
180.162.232.172 - - [25/May/2020:10:38:17 +0800] "GET /xingrg/kc/base/wldb_order_operate.html?command=get_materiel&rest_code=00150&base_code=0010445&code=00101019529 HTTP/1.1" 200 475
114.86.230.91 - - [25/May/2020:10:38:18 +0800] "GET /xingrg/kc/print/load_config.html?kc_code=cgsh HTTP/1.1" 200 1845
114.86.230.91 - - [25/May/2020:10:38:18 +0800] "GET /xingrg/kc/print/load_data.html?order_code=212020052509003&kc_code=cgsh&condition= HTTP/1.1" 200 2762
114.86.190.97 - - [25/May/2020:10:38:18 +0800] "GET /xingrg/system/rest/query_items.html?_=1590374297493&table=menu&page=1&rows=20&categoryId=&key=%25E9%259D%2592%25E5%258F%25A3%25E8%25B4%259D HTTP/1.1" 200 694
114.84.33.255 - - [25/May/2020:10:38:19 +0800] "GET /xingrg/check_reg.html?_=1590374298344 HTTP/1.1" 200 22
117.131.5.26 - - [25/May/2020:10:38:19 +0800] "GET /xingrg/system/rest/query_items.html?_=1590374310546&table=menu&page=1&rows=20&categoryId=&key=al HTTP/1.1" 200 760
172.17.0.119 - - [25/May/2020:10:38:20 +0800] "GET /xingrg/system/rest/query_items.html?_=1590374300731&table=annotate&annotateTypeId=&key=%25E8%25B5%25B7%25E7%2589%2587 HTTP/1.1" 200 21
114.84.33.255 - - [25/May/2020:10:38:21 +0800] "GET /xingrg/all/function/internal_message.html?_=1590374300817&CODE_STATE=getMsg HTTP/1.1" 200 27
114.88.170.9 - - [25/May/2020:10:38:21 +0800] "GET /xingrg/all/function/internal_message.html?_=1590374655098&CODE_STATE=getMsg HTTP/1.1" 200 27
172.17.0.119 - - [25/May/2020:10:38:22 +0800] "GET /xingrg/system/rest/query_items.html?_=1590374303025&table=annotate&annotateTypeId=5&key=%25E8%25B5%25B7%25E7%2589%2587 HTTP/1.1" 200 792
58.40.7.146 - - [25/May/2020:10:38:23 +0800] "GET /xingrg/all/function/internal_message.html?_=1590374302789&CODE_STATE=getMsg HTTP/1.1" 200 27
61.172.5.115 - - [25/May/2020:10:38:24 +0800] "GET /xingrg/all/function/internal_message.html?_=1590374305508&CODE_STATE=getMsg HTTP/1.1" 200 27
114.84.151.157 - - [25/May/2020:10:38:24 +0800] "GET /xingrg/all/function/internal_message.html?_=1590374305916&CODE_STATE=getMsg HTTP/1.1" 200 27
172.17.0.119 - - [25/May/2020:10:38:26 +0800] "POST /xingrg/system/rest/edit_item.html HTTP/1.1" 200 51
172.17.0.119 - - [25/May/2020:10:38:26 +0800] "GET /xingrg/system/rest/get_item.html?table=menu&target=cook_mode&id=2125&_=1590374306705 HTTP/1.1" 200 216
180.162.232.172 - - [25/May/2020:10:38:28 +0800] "GET /xingrg/kc/base/wldb_order_operate.html?command=get_materiel&rest_code=00150&base_code=0010445&code=00101019503 HTTP/1.1" 200 465
114.88.170.9 - - [25/May/2020:10:38:28 +0800] "GET /xingrg/all/function/internal_message.html?_=1590374303667&CODE_STATE=getMsg HTTP/1.1" 200 27
114.86.230.91 - - [25/May/2020:10:38:28 +0800] "GET /xingrg/kc/buy/cgsh_order_add.html HTTP/1.1" 200 58719
116.230.77.149 - - [25/May/2020:10:38:28 +0800] "GET /xingrg/kc/buy/cgsh_order_operate.html?command=get_materiel&rest_code=00107&code=00101008296&supplier_code=00100006&order_time=2020-05-25 HTTP/1.1" 200 416
114.86.230.91 - - [25/May/2020:10:38:28 +0800] "POST /xingrg/kc/buy/cgsh_order_operate.html HTTP/1.1" 200 8245
114.86.230.91 - - [25/May/2020:10:38:28 +0800] "GET /xingrg/all/common/auto_word.html?type=employee&rest_code=00109 HTTP/1.1" 200 255
114.86.230.91 - - [25/May/2020:10:38:28 +0800] "GET /xingrg/all/common/auto_word.html?type=employee&rest_code=00109 HTTP/1.1" 200 255
114.86.230.91 - - [25/May/2020:10:38:28 +0800] "GET /xingrg/javascript/easyui/themes/default/validatebox.css HTTP/1.1" 404 1104
101.87.18.29 - - [25/May/2020:10:38:28 +0800] "GET /xingrg/all/function/internal_message.html?_=1590374306157&CODE_STATE=getMsg HTTP/1.1" 200 27
101.87.18.29 - - [25/May/2020:10:38:30 +0800] "GET /xingrg/system/rest/get_item.html?table=menu&target=menu_rest_detail&id=1965&sid=6&_=1590374308083 HTTP/1.1" 200 419
172.17.0.119 - - [25/May/2020:10:38:31 +0800] "GET /xingrg/system/rest/list_page.html?p=annotate&isSelect=1 HTTP/1.1" 200 12282
114.84.32.201 - - [25/May/2020:10:38:32 +0800] "GET /xingrg/all/function/internal_message.html?_=1590374308528&CODE_STATE=getMsg HTTP/1.1" 200 27
172.17.0.119 - - [25/May/2020:10:38:32 +0800] "GET /favicon.ico HTTP/1.1" 404 -
172.17.0.119 - - [25/May/2020:10:38:32 +0800] "GET /xingrg/system/rest/query_items.html?_=1590374312397&table=annotate&annotateTypeId=&key= HTTP/1.1" 200 21
222.69.134.73 - - [25/May/2020:10:38:33 +0800] "GET /xingrg/all/function/internal_message.html?_=1590374312856&CODE_STATE=getMsg HTTP/1.1" 200 27
114.86.190.97 - - [25/May/2020:10:38:34 +0800] "GET /xingrg/system/rest/query_items.html?_=1590374313168&table=menu&page=1&rows=20&categoryId=&key=%25E5%25BC%2580%25E5%2588%2580 HTTP/1.1" 200 4849
101.87.18.29 - - [25/May/2020:10:38:35 +0800] "POST /xingrg/system/rest/edit_item.html HTTP/1.1" 200 4
101.87.18.29 - - [25/May/2020:10:38:35 +0800] "GET /xingrg/system/rest/get_item.html?table=menu&target=menu_rest&id=1965&_=1590374313162 HTTP/1.1" 200 669
180.162.232.172 - - [25/May/2020:10:38:36 +0800] "GET /xingrg/kc/base/wldb_order_operate.html?command=get_materiel&rest_code=00150&base_code=0010445&code=00101019067 HTTP/1.1" 200 447
114.86.190.97 - - [25/May/2020:10:38:36 +0800] "GET /xingrg/system/rest/query_items.html?_=1590374315217&table=menu&page=1&rows=20&categoryId=&key=%25E5%25BC%2580%25E5%2588%2580 HTTP/1.1" 200 4849
114.86.190.97 - - [25/May/2020:10:38:36 +0800] "GET /xingrg/system/rest/get_item.html?table=menu&id=1908&_=1590374316001 HTTP/1.1" 200 962
114.86.190.97 - - [25/May/2020:10:38:36 +0800] "GET /xingrg/system/rest/get_item.html?table=menu&target=menu_rest&id=1908&_=1590374316017 HTTP/1.1" 200 765
114.86.190.97 - - [25/May/2020:10:38:36 +0800] "GET /xingrg/system/rest/get_item.html?table=menu&target=cook_mode&id=1908&_=1590374316017 HTTP/1.1" 200 17148
114.86.230.91 - - [25/May/2020:10:38:37 +0800] "GET /xingrg/kc/buy/cgsh_order_operate.html?command=get_materiel&rest_code=00109&code=00101001111&supplier_code=00100038&order_time=2020-05-25 HTTP/1.1" 200 408
114.86.190.97 - - [25/May/2020:10:38:37 +0800] "GET /xingrg/system/rest/get_infos.html?command=menu_img_show&id=1908 HTTP/1.1" 200 5
117.131.5.26 - - [25/May/2020:10:38:40 +0800] "GET /xingrg/check_reg.html?_=1590374331359 HTTP/1.1" 200 22
117.131.5.26 - - [25/May/2020:10:38:40 +0800] "GET /xingrg/all/function/internal_message.html?_=1590374332109&CODE_STATE=getMsg HTTP/1.1" 200 27
172.17.0.119 - - [25/May/2020:10:38:42 +0800] "GET /xingrg/system/rest/query_items.html?_=1590374322280&table=annotate&annotateTypeId=&key=%25E9%2585%25B8%25E6%25B1%25A4 HTTP/1.1" 200 21
116.230.77.149 - - [25/May/2020:10:38:42 +0800] "GET /xingrg/kc/buy/cgsh_order_operate.html?command=get_materiel&rest_code=00107&code=00101008331&supplier_code=00100006&order_time=2020-05-25 HTTP/1.1" 200 416
114.86.230.91 - - [25/May/2020:10:38:42 +0800] "GET /xingrg/kc/buy/cgsh_order_operate.html?command=get_materiel&rest_code=00109&code=00101005037&supplier_code=00100038&order_time=2020-05-25 HTTP/1.1" 200 409
116.230.77.149 - - [25/May/2020:10:38:42 +0800] "GET /xingrg/all/function/internal_message.html?_=1590374321371&CODE_STATE=getMsg HTTP/1.1" 200 27
172.17.0.119 - - [25/May/2020:10:38:44 +0800] "GET /xingrg/system/rest/query_items.html?_=1590374324325&table=annotate&annotateTypeId=5&key=%25E9%2585%25B8%25E6%25B1%25A4 HTTP/1.1" 200 21
172.17.0.119 - - [25/May/2020:10:38:45 +0800] "GET /xingrg/system/rest/get_item.html?table=annotate&isAdd=1&annotateTypeId=5&_=1590374326112 HTTP/1.1" 200 65
114.86.190.97 - - [25/May/2020:10:38:45 +0800] "GET /xingrg/system/rest/get_item.html?table=menu&target=menu_rest_detail&id=1908&sid=14&_=1590374325049 HTTP/1.1" 200 426
172.17.0.119 - - [25/May/2020:10:38:47 +0800] "GET /xingrg/all/function/internal_message.html?_=1590374328243&CODE_STATE=getMsg HTTP/1.1" 200 27
101.87.18.29 - - [25/May/2020:10:38:51 +0800] "GET /xingrg/system/rest/query_items.html?_=1590374329380&table=menu&page=1&rows=20&categoryId=&key=%25E8%258A%25B1%25E8%259E%25BA HTTP/1.1" 200 298
114.86.230.91 - - [25/May/2020:10:38:53 +0800] "GET /xingrg/kc/buy/cgsh_order_operate.html?command=get_materiel&rest_code=00109&code=00101006161&supplier_code=00100038&order_time=2020-05-25 HTTP/1.1" 200 409
58.40.7.146 - - [25/May/2020:10:38:54 +0800] "GET /xingrg/all/function/internal_message.html?_=1590374333881&CODE_STATE=getMsg HTTP/1.1" 200 27
117.184.7.30 - - [25/May/2020:10:38:55 +0800] "GET /xingrg/all/function/internal_message.html?_=1590374332270&CODE_STATE=getMsg HTTP/1.1" 200 27
114.86.190.97 - - [25/May/2020:10:38:55 +0800] "GET /xingrg/system/rest/query_items.html?_=1590374334590&table=menu&page=1&rows=20&categoryId=&key=%25E5%25B8%25A6%25E9%25B1%25BC HTTP/1.1" 200 3346
114.84.32.201 - - [25/May/2020:10:38:56 +0800] "GET /xingrg/system/rest/query_items.html?_=1590374332819&table=menu&page=1&rows=20&categoryId=&key=%25E9%259D%25A2%25E5%258C%2585%25E8%259F%25B9 HTTP/1.1" 200 486
114.86.190.97 - - [25/May/2020:10:38:57 +0800] "GET /xingrg/system/rest/query_items.html?_=1590374336256&table=menu&page=1&rows=20&categoryId=&key=%25E5%25B8%25A6%25E9%25B1%25BC HTTP/1.1" 200 3346
116.230.77.149 - - [25/May/2020:10:38:57 +0800] "GET /xingrg/kc/buy/cgsh_order_operate.html?command=get_materiel&rest_code=00107&code=00101008112&supplier_code=00100006&order_time=2020-05-25 HTTP/1.1" 200 412
114.84.33.255 - - [25/May/2020:10:38:57 +0800] "GET /xingrg/kc/buy/cgsh_order_operate.html?command=get_materiel&rest_code=00146&code=00101010397&supplier_code=00100337&order_time=2020-05-25 HTTP/1.1" 200 418
114.86.230.91 - - [25/May/2020:10:38:58 +0800] "GET /xingrg/kc/buy/cgsh_order_operate.html?command=get_materiel&rest_code=00109&code=00101001160&supplier_code=00100038&order_time=2020-05-25 HTTP/1.1" 200 408
114.86.190.97 - - [25/May/2020:10:38:59 +0800] "GET /xingrg/system/rest/get_item.html?table=menu&id=2124&_=1590374338791 HTTP/1.1" 200 931
114.86.190.97 - - [25/May/2020:10:38:59 +0800] "GET /xingrg/system/rest/get_item.html?table=menu&target=menu_rest&id=2124&_=1590374338812 HTTP/1.1" 200 265
114.86.190.97 - - [25/May/2020:10:38:59 +0800] "GET /xingrg/system/rest/get_item.html?table=menu&target=cook_mode&id=2124&_=1590374338810 HTTP/1.1" 200 513
116.232.33.186 - - [25/May/2020:10:38:59 +0800] "GET /xingrg/check_reg.html?_=1590374330967 HTTP/1.1" 200 22
116.232.33.186 - - [25/May/2020:10:38:59 +0800] "GET /xingrg/all/function/internal_message.html?_=1590374330969&CODE_STATE=getMsg HTTP/1.1" 200 27
114.84.33.255 - - [25/May/2020:10:38:59 +0800] "POST /xingrg/all/common/load_select.html HTTP/1.1" 200 12
101.87.18.29 - - [25/May/2020:10:38:59 +0800] "GET /xingrg/system/rest/query_items.html?_=1590374337323&table=menu&page=1&rows=20&categoryId=&key=%25E8%258A%25B1%25E8%259E%25BA HTTP/1.1" 200 298
101.87.18.29 - - [25/May/2020:10:39:00 +0800] "GET /xingrg/system/rest/get_item.html?table=menu&id=2054&_=1590374337693 HTTP/1.1" 200 1007
101.87.18.29 - - [25/May/2020:10:39:00 +0800] "GET /xingrg/system/rest/get_item.html?table=menu&target=menu_rest&id=2054&_=1590374337702 HTTP/1.1" 200 775
101.87.18.29 - - [25/May/2020:10:39:00 +0800] "GET /xingrg/system/rest/get_item.html?table=menu&target=cook_mode&id=2054&_=1590374337701 HTTP/1.1" 200 10645
101.87.18.29 - - [25/May/2020:10:39:00 +0800] "GET /xingrg/system/rest/get_infos.html?command=menu_img_show&id=2054 HTTP/1.1" 200 5
114.86.190.97 - - [25/May/2020:10:39:00 +0800] "GET /xingrg/system/rest/get_infos.html?command=menu_img_show&id=2124 HTTP/1.1" 200 5
101.87.18.29 - - [25/May/2020:10:39:02 +0800] "GET /xingrg/system/rest/get_item.html?table=menu&target=menu_rest_detail&id=2054&sid=6&_=1590374339579 HTTP/1.1" 200 420
114.84.32.201 - - [25/May/2020:10:39:02 +0800] "GET /xingrg/system/rest/get_item.html?table=menu&id=2020&_=1590374339105 HTTP/1.1" 200 941
114.84.32.201 - - [25/May/2020:10:39:02 +0800] "GET /xingrg/system/rest/get_item.html?table=menu&target=menu_rest&id=2020&_=1590374339122 HTTP/1.1" 200 758
114.84.32.201 - - [25/May/2020:10:39:02 +0800] "GET /xingrg/system/rest/get_item.html?table=menu&target=cook_mode&id=2020&_=1590374339121 HTTP/1.1" 200 14834
114.84.32.201 - - [25/May/2020:10:39:03 +0800] "GET /xingrg/system/rest/get_infos.html?command=menu_img_show&id=2020 HTTP/1.1" 200 5
114.84.33.255 - - [25/May/2020:10:39:03 +0800] "GET /xingrg/kc/buy/cgsh_order_operate.html?command=get_materiel_price&rest_code=00146&code=00101010397&unit_code=00100005&supplier_code=00100337&order_time=2020-05-25 HTTP/1.1" 200 27
120.253.135.82 - - [25/May/2020:10:39:04 +0800] "GET /xingrg/all/function/internal_message.html?_=1590374476482&CODE_STATE=getMsg HTTP/1.1" 200 27
114.84.32.201 - - [25/May/2020:10:39:05 +0800] "GET /xingrg/system/rest/get_item.html?table=menu&target=menu_rest_detail&id=2020&sid=12&_=1590374341965 HTTP/1.1" 200 426
114.86.230.91 - - [25/May/2020:10:39:05 +0800] "GET /xingrg/check_reg.html?_=1590374367859 HTTP/1.1" 200 22
114.86.230.91 - - [25/May/2020:10:39:05 +0800] "GET /xingrg/all/function/internal_message.html?_=1590374367861&CODE_STATE=getMsg HTTP/1.1" 200 27
114.84.32.201 - - [25/May/2020:10:39:06 +0800] "GET /xingrg/all/function/internal_message.html?_=1590374342459&CODE_STATE=getMsg HTTP/1.1" 200 27
114.84.32.201 - - [25/May/2020:10:39:06 +0800] "GET /xingrg/check_reg.html?_=1590374342732 HTTP/1.1" 200 22
180.162.232.172 - - [25/May/2020:10:39:06 +0800] "POST /xingrg/kc/base/wldb_order_operate.html HTTP/1.1" 200 37
114.86.230.91 - - [25/May/2020:10:39:06 +0800] "POST /xingrg/kc/buy/cgsh_order_operate.html HTTP/1.1" 200 37
114.86.190.97 - - [25/May/2020:10:39:07 +0800] "POST /xingrg/system/rest/get_infos.html?command=get_rest_tree HTTP/1.1" 200 903
114.86.230.91 - - [25/May/2020:10:39:07 +0800] "POST /xingrg/kc/buy/cgsh_order_operate.html HTTP/1.1" 200 4416
116.230.77.149 - - [25/May/2020:10:39:07 +0800] "GET /xingrg/kc/buy/cgsh_order_operate.html?command=get_materiel&rest_code=00107&code=00101008069&supplier_code=00100006&order_time=2020-05-25 HTTP/1.1" 200 412
180.162.232.172 - - [25/May/2020:10:39:07 +0800] "POST /xingrg/kc/base/wldb_order_operate.html HTTP/1.1" 200 12
180.162.232.172 - - [25/May/2020:10:39:08 +0800] "POST /xingrg/kc/base/wldb_order_operate.html HTTP/1.1" 200 6278
114.86.190.97 - - [25/May/2020:10:39:09 +0800] "GET /xingrg/all/function/internal_message.html?_=1590374348454&CODE_STATE=getMsg HTTP/1.1" 200 27
172.17.0.119 - - [25/May/2020:10:39:10 +0800] "POST /xingrg/system/rest/edit_item.html HTTP/1.1" 200 3
172.17.0.119 - - [25/May/2020:10:39:10 +0800] "GET /xingrg/system/rest/get_item.html?table=annotate&id=104&_=1590374350378 HTTP/1.1" 200 2
101.87.18.29 - - [25/May/2020:10:39:10 +0800] "POST /xingrg/system/rest/edit_item.html HTTP/1.1" 200 4
101.87.18.29 - - [25/May/2020:10:39:10 +0800] "GET /xingrg/system/rest/get_item.html?table=menu&target=menu_rest&id=2054&_=1590374347720 HTTP/1.1" 200 775
172.17.0.100 - - [25/May/2020:10:39:10 +0800] "GET /xingrg/all/function/internal_message.html?_=1590374353427&CODE_STATE=getMsg HTTP/1.1" 200 27
172.17.0.120 - - [25/May/2020:10:39:10 +0800] "GET /xingrg/all/function/internal_message.html?_=1590374349635&CODE_STATE=getMsg HTTP/1.1" 200 27
172.17.0.120 - - [25/May/2020:10:39:10 +0800] "GET /xingrg/check_reg.html?_=1590374349647 HTTP/1.1" 200 22
114.86.230.91 - - [25/May/2020:10:39:10 +0800] "GET /xingrg/kc/print/load_config.html?kc_code=cgsh HTTP/1.1" 200 1845
114.86.230.91 - - [25/May/2020:10:39:10 +0800] "GET /xingrg/kc/print/load_data.html?order_code=212020052509004&kc_code=cgsh&condition= HTTP/1.1" 200 1344
172.17.0.119 - - [25/May/2020:10:39:11 +0800] "GET /xingrg/system/rest/query_items.html?_=1590374351257&table=annotate&annotateTypeId=5&key=%25E9%2585%25B8%25E6%25B1%25A4 HTTP/1.1" 200 190
114.84.33.255 - - [25/May/2020:10:39:12 +0800] "GET /xingrg/css/new_ie.css HTTP/1.1" 404 1036
172.17.0.119 - - [25/May/2020:10:39:12 +0800] "GET /xingrg/system/rest/get_item.html?table=annotate&id=104&annotateTypeId=5&_=1590374352418 HTTP/1.1" 200 148
114.84.33.255 - - [25/May/2020:10:39:13 +0800] "GET /favicon.ico HTTP/1.1" 404 -
114.86.230.91 - - [25/May/2020:10:39:14 +0800] "GET /xingrg/kc/buy/cgsh_order_add.html HTTP/1.1" 200 58719
114.86.230.91 - - [25/May/2020:10:39:14 +0800] "POST /xingrg/kc/buy/cgsh_order_operate.html HTTP/1.1" 200 8245
114.86.230.91 - - [25/May/2020:10:39:14 +0800] "GET /xingrg/all/common/auto_word.html?type=employee&rest_code=00109 HTTP/1.1" 200 255
114.86.230.91 - - [25/May/2020:10:39:14 +0800] "GET /xingrg/all/common/auto_word.html?type=employee&rest_code=00109 HTTP/1.1" 200 255
114.86.230.91 - - [25/May/2020:10:39:14 +0800] "GET /xingrg/javascript/easyui/themes/default/validatebox.css HTTP/1.1" 404 1104
172.17.0.119 - - [25/May/2020:10:39:14 +0800] "POST /xingrg/system/rest/edit_item.html HTTP/1.1" 200 53
172.17.0.119 - - [25/May/2020:10:39:14 +0800] "GET /xingrg/system/rest/get_item.html?table=menu&target=cook_mode&id=2125&_=1590374354979 HTTP/1.1" 200 375
114.86.190.97 - - [25/May/2020:10:39:16 +0800] "POST /xingrg/system/rest/edit_item.html HTTP/1.1" 200 4
114.86.190.97 - - [25/May/2020:10:39:16 +0800] "GET /xingrg/system/rest/get_item.html?table=menu&target=menu_rest&id=2124&_=1590374355384 HTTP/1.1" 200 366
180.162.232.172 - - [25/May/2020:10:39:16 +0800] "GET /xingrg/kc/base/wldb_order_info.html?code=422020052502468 HTTP/1.1" 200 26201
172.17.0.119 - - [25/May/2020:10:39:16 +0800] "GET /xingrg/system/rest/list_page.html?p=annotate&isSelect=1 HTTP/1.1" 200 12282
180.162.232.172 - - [25/May/2020:10:39:17 +0800] "GET /xingrg/javascript/easyui/themes/default/validatebox.css HTTP/1.1" 404 1104
180.162.232.172 - - [25/May/2020:10:39:17 +0800] "POST /xingrg/kc/base/wldb_order_operate.html HTTP/1.1" 200 4483
172.17.0.119 - - [25/May/2020:10:39:17 +0800] "GET /favicon.ico HTTP/1.1" 404 -
172.17.0.119 - - [25/May/2020:10:39:17 +0800] "GET /xingrg/system/rest/query_items.html?_=1590374357735&table=annotate&annotateTypeId=&key= HTTP/1.1" 200 21
101.87.18.29 - - [25/May/2020:10:39:19 +0800] "GET /xingrg/system/rest/query_items.html?_=1590374356528&table=menu&page=1&rows=20&categoryId=&key=%25E9%25AB%2598%25E5%2590%25B8 HTTP/1.1" 200 21
114.86.190.97 - - [25/May/2020:10:39:21 +0800] "GET /xingrg/system/rest/get_item.html?table=menu&target=menu_rest_detail&id=2124&sid=14&_=1590374360128 HTTP/1.1" 200 428
114.88.170.9 - - [25/May/2020:10:39:21 +0800] "GET /xingrg/all/function/internal_message.html?_=1590374715098&CODE_STATE=getMsg HTTP/1.1" 200 27
114.86.230.91 - - [25/May/2020:10:39:22 +0800] "GET /xingrg/kc/buy/cgsh_order_operate.html?command=get_materiel&rest_code=00109&code=00101012059&supplier_code=00100035&order_time=2020-05-25 HTTP/1.1" 200 412
58.40.7.146 - - [25/May/2020:10:39:23 +0800] "GET /xingrg/all/function/internal_message.html?_=1590374362778&CODE_STATE=getMsg HTTP/1.1" 200 27
101.87.18.29 - - [25/May/2020:10:39:23 +0800] "GET /xingrg/system/rest/query_items.html?_=1590374360996&table=menu&page=1&rows=20&categoryId=&key=%25E8%2586%258F%25E8%259F%25B9 HTTP/1.1" 200 1501
61.172.5.115 - - [25/May/2020:10:39:24 +0800] "GET /xingrg/all/function/internal_message.html?_=1590374365510&CODE_STATE=getMsg HTTP/1.1" 200 27
61.172.5.115 - - [25/May/2020:10:39:24 +0800] "GET /xingrg/check_reg.html?_=1590374365508 HTTP/1.1" 200 22
101.87.18.29 - - [25/May/2020:10:39:24 +0800] "GET /xingrg/system/rest/query_items.html?_=1590374362377&table=menu&page=1&rows=20&categoryId=&key=%25E8%2586%258F%25E8%259F%25B9 HTTP/1.1" 200 1501
114.84.151.157 - - [25/May/2020:10:39:24 +0800] "GET /xingrg/all/function/internal_message.html?_=1590374365887&CODE_STATE=getMsg HTTP/1.1" 200 27
101.87.18.29 - - [25/May/2020:10:39:25 +0800] "GET /xingrg/system/rest/get_item.html?table=menu&id=2013&_=1590374362734 HTTP/1.1" 200 970
101.87.18.29 - - [25/May/2020:10:39:25 +0800] "GET /xingrg/system/rest/get_item.html?table=menu&target=menu_rest&id=2013&_=1590374362743 HTTP/1.1" 200 780
101.87.18.29 - - [25/May/2020:10:39:25 +0800] "GET /xingrg/system/rest/get_item.html?table=menu&target=cook_mode&id=2013&_=1590374362742 HTTP/1.1" 200 15971
101.87.18.29 - - [25/May/2020:10:39:25 +0800] "GET /xingrg/system/rest/get_infos.html?command=menu_img_show&id=2013 HTTP/1.1" 200 5
101.87.18.29 - - [25/May/2020:10:39:27 +0800] "GET /xingrg/system/rest/get_item.html?table=menu&target=menu_rest_detail&id=2013&sid=6&_=1590374364612 HTTP/1.1" 200 422
114.86.230.91 - - [25/May/2020:10:39:27 +0800] "GET /xingrg/kc/buy/cgsh_order_operate.html?command=get_materiel&rest_code=00109&code=00101016010&supplier_code=00100035&order_time=2020-05-25 HTTP/1.1" 200 408
114.88.170.9 - - [25/May/2020:10:39:28 +0800] "GET /xingrg/all/function/internal_message.html?_=1590374363705&CODE_STATE=getMsg HTTP/1.1" 200 27
101.87.18.29 - - [25/May/2020:10:39:28 +0800] "GET /xingrg/all/function/internal_message.html?_=1590374366157&CODE_STATE=getMsg HTTP/1.1" 200 27
172.17.0.119 - - [25/May/2020:10:39:30 +0800] "GET /xingrg/system/rest/query_items.html?_=1590374370343&table=annotate&annotateTypeId=&key=%25E9%2580%25A0 HTTP/1.1" 200 21
114.84.33.255 - - [25/May/2020:10:39:31 +0800] "POST /xingrg/login.do HTTP/1.1" 302 -
172.17.0.119 - - [25/May/2020:10:39:31 +0800] "GET /xingrg/system/rest/query_items.html?_=1590374371344&table=annotate&annotateTypeId=5&key=%25E9%2580%25A0 HTTP/1.1" 200 185
114.84.33.255 - - [25/May/2020:10:39:31 +0800] "GET /xingrg/index.html?sysBaseUrl=http%3A%2F%2F180.169.147.146%3A18081%2Fxingrg%2F&costTime=40×tamp=1590374371095 HTTP/1.1" 200 17179
114.84.33.255 - - [25/May/2020:10:39:31 +0800] "POST /xingrg/all/common/load_tree.html?tree=area_rest_tree_json&manage=1 HTTP/1.1" 200 351
114.84.33.255 - - [25/May/2020:10:39:31 +0800] "GET /xingrg/all/function/internal_message.html?_=1590374370422&CODE_STATE=count HTTP/1.1" 200 11
114.84.33.255 - - [25/May/2020:10:39:31 +0800] "GET /favicon.ico HTTP/1.1" 404 -
114.84.33.255 - - [25/May/2020:10:39:31 +0800] "GET /xingrg/check_reg.html?_=1590374370424 HTTP/1.1" 200 22
114.84.33.255 - - [25/May/2020:10:39:31 +0800] "POST /xingrg/load_menu.html HTTP/1.1" 200 5138
114.86.230.91 - - [25/May/2020:10:39:31 +0800] "GET /xingrg/kc/buy/cgsh_order_operate.html?command=get_materiel&rest_code=00109&code=00101012025&supplier_code=00100035&order_time=2020-05-25 HTTP/1.1" 200 412
114.84.32.201 - - [25/May/2020:10:39:32 +0800] "GET /xingrg/check_reg.html?_=1590374368529 HTTP/1.1" 200 22
114.84.32.201 - - [25/May/2020:10:39:32 +0800] "GET /xingrg/all/function/internal_message.html?_=1590374368531&CODE_STATE=getMsg HTTP/1.1" 200 27
172.17.0.119 - - [25/May/2020:10:39:32 +0800] "POST /xingrg/system/rest/edit_item.html HTTP/1.1" 200 48
172.17.0.119 - - [25/May/2020:10:39:32 +0800] "GET /xingrg/system/rest/get_item.html?table=menu&target=cook_mode&id=2125&_=1590374373137 HTTP/1.1" 200 529
222.69.134.73 - - [25/May/2020:10:39:33 +0800] "GET /xingrg/all/function/internal_message.html?_=1590374372856&CODE_STATE=getMsg HTTP/1.1" 200 27
222.69.134.73 - - [25/May/2020:10:39:33 +0800] "GET /xingrg/check_reg.html?_=1590374372996 HTTP/1.1" 200 22
114.84.32.201 - - [25/May/2020:10:39:34 +0800] "POST /xingrg/system/rest/edit_item.html HTTP/1.1" 200 4
114.84.32.201 - - [25/May/2020:10:39:34 +0800] "GET /xingrg/system/rest/get_item.html?table=menu&target=menu_rest&id=2020&_=1590374370516 HTTP/1.1" 200 759
114.84.33.255 - - [25/May/2020:10:39:34 +0800] "GET /xingrg/kc/buy/buy_main.html HTTP/1.1" 200 12412
114.84.33.255 - - [25/May/2020:10:39:34 +0800] "GET /xingrg/css/new_ie.css HTTP/1.1" 404 1036
114.84.33.255 - - [25/May/2020:10:39:34 +0800] "GET /xingrg/images/yd/bt.gif HTTP/1.1" 404 1040
101.87.18.29 - - [25/May/2020:10:39:34 +0800] "POST /xingrg/system/rest/edit_item.html HTTP/1.1" 200 4
101.87.18.29 - - [25/May/2020:10:39:34 +0800] "GET /xingrg/system/rest/get_item.html?table=menu&target=menu_rest&id=2013&_=1590374372390 HTTP/1.1" 200 780
114.84.33.255 - - [25/May/2020:10:39:35 +0800] "GET /xingrg/kc/buy/cgsh_order_list.html HTTP/1.1" 200 42946
172.17.0.119 - - [25/May/2020:10:39:36 +0800] "GET /xingrg/system/rest/list_page.html?p=annotate&isSelect=1 HTTP/1.1" 200 12282
172.17.0.119 - - [25/May/2020:10:39:37 +0800] "GET /favicon.ico HTTP/1.1" 404 -
172.17.0.119 - - [25/May/2020:10:39:37 +0800] "GET /xingrg/system/rest/query_items.html?_=1590374377531&table=annotate&annotateTypeId=&key= HTTP/1.1" 200 21
116.230.77.149 - - [25/May/2020:10:39:38 +0800] "GET /xingrg/kc/buy/cgsh_order_operate.html?command=get_materiel&rest_code=00107&code=00101008131&supplier_code=00100006&order_time=2020-05-25 HTTP/1.1" 200 408
114.84.33.255 - - [25/May/2020:10:39:39 +0800] "POST /xingrg/kc/buy/cgsh_list_operate.html HTTP/1.1" 200 4961
172.17.0.119 - - [25/May/2020:10:39:39 +0800] "GET /xingrg/system/rest/query_items.html?_=1590374380193&table=annotate&annotateTypeId=&key=xo HTTP/1.1" 200 21
117.131.5.26 - - [25/May/2020:10:39:40 +0800] "GET /xingrg/all/function/internal_message.html?_=1590374392109&CODE_STATE=getMsg HTTP/1.1" 200 27
114.84.33.255 - - [25/May/2020:10:39:41 +0800] "GET /xingrg/kc/buy/cgsh_order_add.html HTTP/1.1" 200 58684
172.17.0.119 - - [25/May/2020:10:39:42 +0800] "GET /xingrg/system/rest/query_items.html?_=1590374382394&table=annotate&annotateTypeId=5&key=xo HTTP/1.1" 200 208
114.84.33.255 - - [25/May/2020:10:39:42 +0800] "GET /xingrg/javascript/easyui/themes/default/validatebox.css HTTP/1.1" 404 1104
114.84.33.255 - - [25/May/2020:10:39:42 +0800] "POST /xingrg/kc/buy/cgsh_order_operate.html HTTP/1.1" 200 8245
116.230.77.149 - - [25/May/2020:10:39:42 +0800] "GET /xingrg/check_reg.html?_=1590374381351 HTTP/1.1" 200 22
116.230.77.149 - - [25/May/2020:10:39:42 +0800] "GET /xingrg/all/function/internal_message.html?_=1590374381352&CODE_STATE=getMsg HTTP/1.1" 200 27
172.17.0.119 - - [25/May/2020:10:39:43 +0800] "POST /xingrg/system/rest/edit_item.html HTTP/1.1" 200 43
172.17.0.119 - - [25/May/2020:10:39:43 +0800] "GET /xingrg/system/rest/get_item.html?table=menu&target=cook_mode&id=2125&_=1590374383612 HTTP/1.1" 200 678
172.17.0.119 - - [25/May/2020:10:39:43 +0800] "GET /xingrg/javascript/jquery_easy_ui/themes/default/images/tabs_active.png HTTP/1.1" 200 2894
114.86.230.91 - - [25/May/2020:10:39:43 +0800] "GET /xingrg/kc/buy/cgsh_order_operate.html?command=get_materiel&rest_code=00109&code=00101016017&supplier_code=00100035&order_time=2020-05-25 HTTP/1.1" 200 408
114.84.33.255 - - [25/May/2020:10:39:44 +0800] "GET /xingrg/javascript/auto/indicator.gif HTTP/1.1" 404 1066
172.17.0.119 - - [25/May/2020:10:39:45 +0800] "POST /xingrg/system/rest/edit_item.html HTTP/1.1" 200 4
172.17.0.119 - - [25/May/2020:10:39:45 +0800] "GET /xingrg/system/rest/get_item.html?table=menu&id=2125&_=1590374385323 HTTP/1.1" 200 925
114.84.33.255 - - [25/May/2020:10:39:45 +0800] "GET /xingrg/javascript/jquery_tools/images/prev.gif HTTP/1.1" 404 1086
114.84.33.255 - - [25/May/2020:10:39:45 +0800] "GET /xingrg/javascript/jquery_tools/images/next.gif HTTP/1.1" 404 1086
101.87.18.29 - - [25/May/2020:10:39:46 +0800] "GET /xingrg/system/rest/query_items.html?_=1590374383861&table=menu&page=1&rows=20&categoryId=&key=%25E9%259D%2592%25E8%259F%25B9 HTTP/1.1" 200 514
172.17.0.119 - - [25/May/2020:10:39:46 +0800] "GET /xingrg/system/rest/query_items.html?_=1590374387069&table=menu&page=1&rows=20&categoryId=&key=2125 HTTP/1.1" 200 247
114.86.190.97 - - [25/May/2020:10:39:47 +0800] "POST /xingrg/system/rest/edit_item.html HTTP/1.1" 200 4
114.86.190.97 - - [25/May/2020:10:39:47 +0800] "GET /xingrg/system/rest/get_item.html?table=menu&target=cook_mode&id=2124&_=1590374386393 HTTP/1.1" 200 678
101.87.18.29 - - [25/May/2020:10:39:47 +0800] "GET /xingrg/system/rest/query_items.html?_=1590374385040&table=menu&page=1&rows=20&categoryId=&key=%25E9%259D%2592%25E8%259F%25B9 HTTP/1.1" 200 514
101.87.18.29 - - [25/May/2020:10:39:47 +0800] "GET /xingrg/system/rest/get_item.html?table=menu&id=2014&_=1590374385447 HTTP/1.1" 200 970
101.87.18.29 - - [25/May/2020:10:39:47 +0800] "GET /xingrg/system/rest/get_item.html?table=menu&target=menu_rest&id=2014&_=1590374385461 HTTP/1.1" 200 780
101.87.18.29 - - [25/May/2020:10:39:47 +0800] "GET /xingrg/system/rest/get_item.html?table=menu&target=cook_mode&id=2014&_=1590374385458 HTTP/1.1" 200 14780
172.17.0.119 - - [25/May/2020:10:39:47 +0800] "GET /xingrg/all/function/internal_message.html?_=1590374388245&CODE_STATE=getMsg HTTP/1.1" 200 27
101.87.18.29 - - [25/May/2020:10:39:48 +0800] "GET /xingrg/system/rest/get_infos.html?command=menu_img_show&id=2014 HTTP/1.1" 200 5
116.230.77.149 - - [25/May/2020:10:39:48 +0800] "GET /xingrg/kc/buy/cgsh_order_operate.html?command=get_materiel&rest_code=00107&code=00101015038&supplier_code=00100006&order_time=2020-05-25 HTTP/1.1" 200 419
101.87.18.29 - - [25/May/2020:10:39:49 +0800] "GET /xingrg/system/rest/get_item.html?table=menu&target=menu_rest_detail&id=2014&sid=6&_=1590374387286 HTTP/1.1" 200 422
101.91.62.99 - - [25/May/2020:10:39:49 +0800] "GET /xingrg/check_reg.html?_=1590373679221 HTTP/1.1" 302 -
116.230.77.149 - - [25/May/2020:10:39:50 +0800] "POST /xingrg/kc/buy/cgsh_order_operate.html HTTP/1.1" 200 2065
172.17.0.119 - - [25/May/2020:10:39:51 +0800] "POST /xingrg/system/rest/edit_item.html HTTP/1.1" 200 4
172.17.0.119 - - [25/May/2020:10:39:51 +0800] "GET /xingrg/system/rest/get_item.html?table=menu&id=2125&_=1590374391396 HTTP/1.1" 200 925
172.17.0.119 - - [25/May/2020:10:39:52 +0800] "GET /xingrg/system/rest/query_items.html?_=1590374392338&table=menu&page=1&rows=20&categoryId=&key=2125 HTTP/1.1" 200 247
58.40.7.146 - - [25/May/2020:10:39:54 +0800] "GET /xingrg/all/function/internal_message.html?_=1590374393851&CODE_STATE=getMsg HTTP/1.1" 200 27
114.86.230.91 - - [25/May/2020:10:39:54 +0800] "GET /xingrg/kc/buy/cgsh_order_operate.html?command=get_materiel&rest_code=00109&code=00101012029&supplier_code=00100035&order_time=2020-05-25 HTTP/1.1" 200 412
117.184.7.30 - - [25/May/2020:10:39:55 +0800] "GET /xingrg/all/function/internal_message.html?_=1590374392273&CODE_STATE=getMsg HTTP/1.1" 200 27
101.91.62.99 - - [25/May/2020:10:39:56 +0800] "GET /xingrg/login.html HTTP/1.1" 200 7641
172.17.0.119 - - [25/May/2020:10:39:57 +0800] "POST /xingrg/system/rest/edit_item.html HTTP/1.1" 200 4
172.17.0.119 - - [25/May/2020:10:39:57 +0800] "GET /xingrg/system/rest/get_item.html?table=menu&target=cook_mode&id=2125&_=1590374397443 HTTP/1.1" 200 679
101.87.18.29 - - [25/May/2020:10:39:58 +0800] "POST /xingrg/system/rest/edit_item.html HTTP/1.1" 200 4
101.87.18.29 - - [25/May/2020:10:39:58 +0800] "GET /xingrg/system/rest/get_item.html?table=menu&target=menu_rest&id=2014&_=1590374395611 HTTP/1.1" 200 780
116.230.77.149 - - [25/May/2020:10:39:59 +0800] "GET /xingrg/kc/buy/cgsh_order_operate.html?command=get_materiel&rest_code=00107&code=00101015046&supplier_code=00100006&order_time=2020-05-25 HTTP/1.1" 200 413
116.232.33.186 - - [25/May/2020:10:39:59 +0800] "GET /xingrg/all/function/internal_message.html?_=1590374390954&CODE_STATE=getMsg HTTP/1.1" 200 27
114.86.230.91 - - [25/May/2020:10:40:00 +0800] "GET /xingrg/kc/buy/cgsh_order_operate.html?command=get_materiel&rest_code=00109&code=00101016025&supplier_code=00100035&order_time=2020-05-25 HTTP/1.1" 200 408
172.17.0.119 - - [25/May/2020:10:40:00 +0800] "POST /xingrg/system/rest/edit_item.html HTTP/1.1" 200 4
172.17.0.119 - - [25/May/2020:10:40:00 +0800] "GET /xingrg/system/rest/get_item.html?table=menu&target=cook_mode&id=2125&_=1590374401013 HTTP/1.1" 200 680
120.253.135.82 - - [25/May/2020:10:40:04 +0800] "GET /xingrg/check_reg.html?_=1590374536311 HTTP/1.1" 200 22
120.253.135.82 - - [25/May/2020:10:40:04 +0800] "GET /xingrg/all/function/internal_message.html?_=1590374536496&CODE_STATE=getMsg HTTP/1.1" 200 27
114.86.230.91 - - [25/May/2020:10:40:05 +0800] "GET /xingrg/all/function/internal_message.html?_=1590374427890&CODE_STATE=getMsg HTTP/1.1" 200 27
101.87.18.29 - - [25/May/2020:10:40:05 +0800] "GET /xingrg/system/rest/query_items.html?_=1590374403083&table=menu&page=1&rows=20&categoryId=&key=%25E6%25AF%258D%25E5%258D%25B7 HTTP/1.1" 200 4343
114.84.32.201 - - [25/May/2020:10:40:06 +0800] "GET /xingrg/all/function/internal_message.html?_=1590374402460&CODE_STATE=getMsg HTTP/1.1" 200 27
117.131.5.26 - - [25/May/2020:10:40:06 +0800] "POST /xingrg/services/DataTransmitService HTTP/1.1" 200 524
117.131.5.26 - - [25/May/2020:10:40:06 +0800] "POST /xingrg/services/DataTransmitService HTTP/1.1" 200 2531
117.131.5.26 - - [25/May/2020:10:40:06 +0800] "POST /xingrg/services/DataTransmitService HTTP/1.1" 200 8983
101.87.18.29 - - [25/May/2020:10:40:06 +0800] "GET /xingrg/system/rest/query_items.html?_=1590374404216&table=menu&page=1&rows=20&categoryId=&key=%25E6%25AF%258D%25E5%258D%25B7 HTTP/1.1" 200 4343
117.131.5.26 - - [25/May/2020:10:40:06 +0800] "POST /xingrg/services/DataTransmitService HTTP/1.1" 200 2307
117.131.5.26 - - [25/May/2020:10:40:07 +0800] "POST /xingrg/services/DataTransmitService HTTP/1.1" 200 1443
101.87.18.29 - - [25/May/2020:10:40:07 +0800] "GET /xingrg/system/rest/get_item.html?table=menu&id=2084&_=1590374404606 HTTP/1.1" 200 971
101.87.18.29 - - [25/May/2020:10:40:07 +0800] "GET /xingrg/system/rest/get_item.html?table=menu&target=menu_rest&id=2084&_=1590374404618 HTTP/1.1" 200 1143
101.87.18.29 - - [25/May/2020:10:40:07 +0800] "GET /xingrg/system/rest/get_item.html?table=menu&target=cook_mode&id=2084&_=1590374404616 HTTP/1.1" 200 9370
101.87.18.29 - - [25/May/2020:10:40:07 +0800] "GET /xingrg/system/rest/get_infos.html?command=menu_img_show&id=2084 HTTP/1.1" 200 5
114.86.230.91 - - [25/May/2020:10:40:07 +0800] "GET /xingrg/kc/buy/cgsh_order_operate.html?command=get_materiel&rest_code=00109&code=00101016010&supplier_code=00100035&order_time=2020-05-25 HTTP/1.1" 200 408
172.17.0.119 - - [25/May/2020:10:40:07 +0800] "GET /xingrg/system/rest/get_item.html?table=menu&id=2125&_=1590374407918 HTTP/1.1" 200 925
172.17.0.119 - - [25/May/2020:10:40:07 +0800] "GET /xingrg/system/rest/get_item.html?table=menu&target=cook_mode&id=2125&_=1590374407928 HTTP/1.1" 200 680
172.17.0.119 - - [25/May/2020:10:40:07 +0800] "GET /xingrg/system/rest/get_item.html?table=menu&target=menu_rest&id=2125&_=1590374407930 HTTP/1.1" 200 261
117.131.5.26 - - [25/May/2020:10:40:07 +0800] "POST /xingrg/services/DataTransmitService HTTP/1.1" 200 266331
101.87.18.29 - - [25/May/2020:10:40:08 +0800] "GET /xingrg/system/rest/get_item.html?table=menu&target=menu_rest_detail&id=2084&sid=3&_=1590374406121 HTTP/1.1" 200 419
114.86.190.97 - - [25/May/2020:10:40:09 +0800] "GET /xingrg/all/function/internal_message.html?_=1590374408446&CODE_STATE=getMsg HTTP/1.1" 200 27
101.87.18.29 - - [25/May/2020:10:40:09 +0800] "GET /xingrg/system/rest/get_item.html?table=menu&target=menu_rest_detail&id=2084&sid=6&_=1590374407072 HTTP/1.1" 200 419
172.17.0.100 - - [25/May/2020:10:40:10 +0800] "GET /xingrg/check_reg.html?_=1590374413417 HTTP/1.1" 200 22
172.17.0.100 - - [25/May/2020:10:40:10 +0800] "GET /xingrg/all/function/internal_message.html?_=1590374413421&CODE_STATE=getMsg HTTP/1.1" 200 27
172.17.0.120 - - [25/May/2020:10:40:10 +0800] "GET /xingrg/all/function/internal_message.html?_=1590374409635&CODE_STATE=getMsg HTTP/1.1" 200 27
116.230.77.149 - - [25/May/2020:10:40:11 +0800] "GET /xingrg/kc/buy/cgsh_order_operate.html?command=get_materiel&rest_code=00107&code=00101009011&supplier_code=00100006&order_time=2020-05-25 HTTP/1.1" 200 416
114.86.190.97 - - [25/May/2020:10:40:11 +0800] "GET /xingrg/system/rest/list_page.html?p=annotate&isSelect=1 HTTP/1.1" 200 12313
114.84.32.201 - - [25/May/2020:10:40:11 +0800] "GET /xingrg/system/rest/list_page.html?p=down HTTP/1.1" 200 20340
114.86.190.97 - - [25/May/2020:10:40:11 +0800] "GET /favicon.ico HTTP/1.1" 404 -
114.86.190.97 - - [25/May/2020:10:40:11 +0800] "GET /xingrg/system/rest/query_items.html?_=1590374410583&table=annotate&annotateTypeId=&key= HTTP/1.1" 200 21
114.84.32.201 - - [25/May/2020:10:40:11 +0800] "GET /xingrg/system/rest/query_items.html?_=1590374408163&table=down&tcode=&key= HTTP/1.1" 200 10786
114.86.230.91 - - [25/May/2020:10:40:12 +0800] "GET /xingrg/kc/buy/cgsh_order_operate.html?command=get_materiel&rest_code=00109&code=00101012030&supplier_code=00100035&order_time=2020-05-25 HTTP/1.1" 200 416
101.87.18.29 - - [25/May/2020:10:40:14 +0800] "POST /xingrg/system/rest/edit_item.html HTTP/1.1" 200 4
101.87.18.29 - - [25/May/2020:10:40:14 +0800] "GET /xingrg/system/rest/get_item.html?table=menu&target=menu_rest&id=2084&_=1590374412269 HTTP/1.1" 200 1143
180.162.232.172 - - [25/May/2020:10:40:15 +0800] "GET /xingrg/all/function/internal_message.html?_=1590374414516&CODE_STATE=getMsg HTTP/1.1" 200 27
114.86.230.91 - - [25/May/2020:10:40:17 +0800] "GET /xingrg/kc/buy/cgsh_order_operate.html?command=get_materiel&rest_code=00109&code=00101012026&supplier_code=00100035&order_time=2020-05-25 HTTP/1.1" 200 408
114.86.190.97 - - [25/May/2020:10:40:17 +0800] "GET /xingrg/system/rest/query_items.html?_=1590374416700&table=annotate&annotateTypeId=2&key= HTTP/1.1" 200 18360
61.172.5.115 - - [25/May/2020:10:40:20 +0800] "GET /xingrg/kc/buy/cgsh_order_add.html HTTP/1.1" 200 58678
61.172.5.115 - - [25/May/2020:10:40:21 +0800] "POST /xingrg/kc/buy/cgsh_order_operate.html HTTP/1.1" 200 8245
61.172.5.115 - - [25/May/2020:10:40:21 +0800] "GET /xingrg/javascript/easyui/themes/default/validatebox.css HTTP/1.1" 404 1104
114.84.32.201 - - [25/May/2020:10:40:21 +0800] "GET /xingrg/system/rest/get_item.html?table=down&code=3c1176894aeb4acd82d8ad98a7e575ca&_=1590374417781 HTTP/1.1" 200 233
114.84.32.201 - - [25/May/2020:10:40:21 +0800] "POST /xingrg/system/rest/edit_item.html HTTP/1.1" 200 4
116.230.77.149 - - [25/May/2020:10:40:21 +0800] "GET /xingrg/kc/buy/cgsh_order_operate.html?command=get_materiel&rest_code=00107&code=00101015062&supplier_code=00100006&order_time=2020-05-25 HTTP/1.1" 200 412
114.84.32.201 - - [25/May/2020:10:40:21 +0800] "POST /xingrg/all/common/load_tree.html?tree=area_station_tree_json&defaultRests=1_12 HTTP/1.1" 200 2989
114.84.32.201 - - [25/May/2020:10:40:21 +0800] "POST /xingrg/system/rest/get_infos.html HTTP/1.1" 200 460664
114.88.170.9 - - [25/May/2020:10:40:21 +0800] "GET /xingrg/all/function/internal_message.html?_=1590374775099&CODE_STATE=getMsg HTTP/1.1" 200 27
114.88.170.9 - - [25/May/2020:10:40:21 +0800] "GET /xingrg/check_reg.html?_=1590374775102 HTTP/1.1" 200 22
101.87.18.29 - - [25/May/2020:10:40:22 +0800] "GET /xingrg/system/rest/query_items.html?_=1590374419444&table=menu&page=1&rows=20&categoryId=&key=%25E5%25B8%25A6%25E9%25B1%25BC HTTP/1.1" 200 3346
58.40.7.146 - - [25/May/2020:10:40:23 +0800] "GET /xingrg/all/function/internal_message.html?_=1590374422781&CODE_STATE=getMsg HTTP/1.1" 200 27
101.87.18.29 - - [25/May/2020:10:40:23 +0800] "GET /xingrg/system/rest/query_items.html?_=1590374420845&table=menu&page=1&rows=20&categoryId=&key=%25E5%25B8%25A6%25E9%25B1%25BC HTTP/1.1" 200 3346
101.87.18.29 - - [25/May/2020:10:40:23 +0800] "GET /xingrg/system/rest/get_item.html?table=menu&id=1932&_=1590374421218 HTTP/1.1" 200 946
101.87.18.29 - - [25/May/2020:10:40:23 +0800] "GET /xingrg/system/rest/get_item.html?table=menu&target=menu_rest&id=1932&_=1590374421229 HTTP/1.1" 200 762
101.87.18.29 - - [25/May/2020:10:40:23 +0800] "GET /xingrg/system/rest/get_item.html?table=menu&target=cook_mode&id=1932&_=1590374421228 HTTP/1.1" 200 15043
101.87.18.29 - - [25/May/2020:10:40:23 +0800] "GET /xingrg/system/rest/get_infos.html?command=menu_img_show&id=1932 HTTP/1.1" 200 5
61.172.5.115 - - [25/May/2020:10:40:24 +0800] "GET /xingrg/all/function/internal_message.html?_=1590374425508&CODE_STATE=getMsg HTTP/1.1" 200 27
114.86.190.97 - - [25/May/2020:10:40:24 +0800] "POST /xingrg/system/rest/edit_item.html HTTP/1.1" 200 41
114.86.190.97 - - [25/May/2020:10:40:24 +0800] "GET /xingrg/system/rest/get_item.html?table=menu&target=cook_mode&id=2124&_=1590374423967 HTTP/1.1" 200 825
114.84.151.157 - - [25/May/2020:10:40:24 +0800] "GET /xingrg/all/function/internal_message.html?_=1590374425861&CODE_STATE=getMsg HTTP/1.1" 200 27
101.87.18.29 - - [25/May/2020:10:40:25 +0800] "GET /xingrg/system/rest/get_item.html?table=menu&target=menu_rest_detail&id=1932&sid=6&_=1590374422939 HTTP/1.1" 200 419
114.88.170.9 - - [25/May/2020:10:40:28 +0800] "GET /xingrg/all/function/internal_message.html?_=1590374423709&CODE_STATE=getMsg HTTP/1.1" 200 27
101.87.18.29 - - [25/May/2020:10:40:28 +0800] "GET /xingrg/all/function/internal_message.html?_=1590374426157&CODE_STATE=getMsg HTTP/1.1" 200 27
114.86.230.91 - - [25/May/2020:10:40:29 +0800] "GET /xingrg/kc/buy/cgsh_order_operate.html?command=get_materiel&rest_code=00109&code=00101012019&supplier_code=00100035&order_time=2020-05-25 HTTP/1.1" 200 412
114.84.32.201 - - [25/May/2020:10:40:30 +0800] "POST /xingrg/system/rest/edit_item.html HTTP/1.1" 200 32
114.84.32.201 - - [25/May/2020:10:40:30 +0800] "POST /xingrg/system/rest/edit_item.html HTTP/1.1" 200 -
114.84.32.201 - - [25/May/2020:10:40:30 +0800] "POST /xingrg/system/rest/edit_item.html HTTP/1.1" 200 32
114.84.32.201 - - [25/May/2020:10:40:30 +0800] "GET /xingrg/system/rest/get_item.html?table=down&code=3c1176894aeb4acd82d8ad98a7e575ca&_=1590374426818 HTTP/1.1" 200 233
114.84.33.255 - - [25/May/2020:10:40:31 +0800] "GET /xingrg/all/function/internal_message.html?_=1590374430438&CODE_STATE=getMsg HTTP/1.1" 200 27
114.84.32.201 - - [25/May/2020:10:40:31 +0800] "POST /xingrg/system/rest/edit_item.html HTTP/1.1" 200 4
114.84.32.201 - - [25/May/2020:10:40:31 +0800] "GET /xingrg/system/rest/query_items.html?_=1590374428054&table=down&tcode=&key= HTTP/1.1" 200 10786
114.84.32.201 - - [25/May/2020:10:40:31 +0800] "POST /xingrg/all/common/load_tree.html?tree=area_station_tree_json&defaultRests=1_12 HTTP/1.1" 200 2989
114.84.32.201 - - [25/May/2020:10:40:32 +0800] "GET /xingrg/all/function/internal_message.html?_=1590374428531&CODE_STATE=getMsg HTTP/1.1" 200 27
114.84.32.201 - - [25/May/2020:10:40:32 +0800] "POST /xingrg/system/rest/get_infos.html HTTP/1.1" 200 460664
222.69.134.73 - - [25/May/2020:10:40:33 +0800] "GET /xingrg/all/function/internal_message.html?_=1590374432845&CODE_STATE=getMsg HTTP/1.1" 200 27
114.84.33.255 - - [25/May/2020:10:40:33 +0800] "GET /xingrg/kc/buy/cgsh_order_operate.html?command=get_materiel&rest_code=00146&code=00101010406&supplier_code=00100337&order_time=2020-05-25 HTTP/1.1" 200 418
101.87.18.29 - - [25/May/2020:10:40:34 +0800] "POST /xingrg/system/rest/edit_item.html HTTP/1.1" 200 4
101.87.18.29 - - [25/May/2020:10:40:34 +0800] "GET /xingrg/system/rest/get_item.html?table=menu&target=menu_rest&id=1932&_=1590374432201 HTTP/1.1" 200 762
116.230.77.149 - - [25/May/2020:10:40:36 +0800] "GET /xingrg/kc/buy/cgsh_order_operate.html?command=get_materiel&rest_code=00107&code=00101008041&supplier_code=00100006&order_time=2020-05-25 HTTP/1.1" 200 408
117.131.5.26 - - [25/May/2020:10:40:40 +0800] "GET /xingrg/all/function/internal_message.html?_=1590374452109&CODE_STATE=getMsg HTTP/1.1" 200 27
116.230.77.149 - - [25/May/2020:10:40:43 +0800] "GET /xingrg/all/function/internal_message.html?_=1590374441358&CODE_STATE=getMsg HTTP/1.1" 200 27
101.87.18.29 - - [25/May/2020:10:40:46 +0800] "GET /xingrg/system/rest/query_items.html?_=1590374444060&table=menu&page=1&rows=20&categoryId=&key=%25E5%25B0%258F%25E7%2599%25BD HTTP/1.1" 200 1200
61.172.5.115 - - [25/May/2020:10:40:47 +0800] "GET /xingrg/kc/buy/cgsh_order_operate.html?command=get_materiel&rest_code=00105&code=00101004038&supplier_code=00100347&order_time=2020-05-25 HTTP/1.1" 200 430
114.86.190.97 - - [25/May/2020:10:40:47 +0800] "GET /xingrg/javascript/jquery_easy_ui/themes/default/images/tabs_active.png HTTP/1.1" 200 2894
101.87.18.29 - - [25/May/2020:10:40:47 +0800] "GET /xingrg/system/rest/query_items.html?_=1590374445186&table=menu&page=1&rows=20&categoryId=&key=%25E5%25B0%258F%25E7%2599%25BD HTTP/1.1" 200 1200
172.17.0.119 - - [25/May/2020:10:40:47 +0800] "GET /xingrg/all/function/internal_message.html?_=1590374448248&CODE_STATE=getMsg HTTP/1.1" 200 27
101.87.18.29 - - [25/May/2020:10:40:48 +0800] "GET /xingrg/system/rest/get_item.html?table=menu&id=1931&_=1590374445559 HTTP/1.1" 200 944
101.87.18.29 - - [25/May/2020:10:40:48 +0800] "GET /xingrg/system/rest/get_item.html?table=menu&target=menu_rest&id=1931&_=1590374445571 HTTP/1.1" 200 886
101.87.18.29 - - [25/May/2020:10:40:48 +0800] "GET /xingrg/system/rest/get_item.html?table=menu&target=cook_mode&id=1931&_=1590374445570 HTTP/1.1" 200 17346
101.87.18.29 - - [25/May/2020:10:40:48 +0800] "GET /xingrg/system/rest/get_infos.html?command=menu_img_show&id=1931 HTTP/1.1" 200 5
172.17.0.119 - - [25/May/2020:10:40:48 +0800] "POST /xingrg/dwr/call/plaincall/AjaxGetFirstChart.getFirstChart.dwr HTTP/1.1" 200 82
172.17.0.119 - - [25/May/2020:10:40:48 +0800] "POST /xingrg/dwr/call/plaincall/AjaxGetFirstChart.getFirstChart.dwr HTTP/1.1" 200 82
101.87.18.29 - - [25/May/2020:10:40:49 +0800] "GET /xingrg/system/rest/get_item.html?table=menu&target=menu_rest_detail&id=1931&sid=6&_=1590374446994 HTTP/1.1" 200 434
58.221.95.50 - - [25/May/2020:10:40:50 +0800] "GET /xingrg/check_reg.html?_=1590374499689 HTTP/1.1" 302 -
116.232.33.186 - - [25/May/2020:10:40:50 +0800] "GET /xingrg/system/rest/query_items.html?_=1590374441528&table=menu&page=1&rows=20&categoryId=&key=7297 HTTP/1.1" 200 265
116.230.77.149 - - [25/May/2020:10:40:50 +0800] "GET /xingrg/kc/buy/cgsh_order_operate.html?command=get_materiel&rest_code=00107&code=00101008358&supplier_code=00100006&order_time=2020-05-25 HTTP/1.1" 200 412
172.17.0.119 - - [25/May/2020:10:40:53 +0800] "GET /xingrg/system/rest/list_page.html?p=down HTTP/1.1" 200 20275
172.17.0.119 - - [25/May/2020:10:40:53 +0800] "GET /xingrg/javascript/jquery_easy_ui/themes/default/images/calendar_prevmonth.gif HTTP/1.1" 200 66
172.17.0.119 - - [25/May/2020:10:40:53 +0800] "GET /xingrg/javascript/jquery_easy_ui/themes/default/images/calendar_nextmonth.gif HTTP/1.1" 200 64
172.17.0.119 - - [25/May/2020:10:40:53 +0800] "GET /xingrg/javascript/jquery_easy_ui/themes/default/images/calendar_prevyear.gif HTTP/1.1" 200 76
172.17.0.119 - - [25/May/2020:10:40:53 +0800] "GET /xingrg/javascript/jquery_easy_ui/themes/default/images/calendar_nextyear.gif HTTP/1.1" 200 75
172.17.0.119 - - [25/May/2020:10:40:53 +0800] "GET /xingrg/system/rest/query_items.html?_=1590374453788&table=down&tcode=&key= HTTP/1.1" 200 10786
58.40.7.146 - - [25/May/2020:10:40:54 +0800] "GET /xingrg/all/function/internal_message.html?_=1590374453823&CODE_STATE=getMsg HTTP/1.1" 200 27
117.184.7.30 - - [25/May/2020:10:40:55 +0800] "GET /xingrg/all/function/internal_message.html?_=1590374452273&CODE_STATE=getMsg HTTP/1.1" 200 27
101.87.18.29 - - [25/May/2020:10:40:55 +0800] "POST /xingrg/system/rest/edit_item.html HTTP/1.1" 200 4
101.87.18.29 - - [25/May/2020:10:40:55 +0800] "GET /xingrg/system/rest/get_item.html?table=menu&target=menu_rest&id=1931&_=1590374452735 HTTP/1.1" 200 886
172.17.0.119 - - [25/May/2020:10:40:56 +0800] "GET /xingrg/system/rest/get_item.html?table=down&code=b695d57b2fa14f599a2263bec1b9e6f4&_=1590374456321 HTTP/1.1" 200 215
172.17.0.119 - - [25/May/2020:10:40:56 +0800] "POST /xingrg/system/rest/edit_item.html HTTP/1.1" 200 66
172.17.0.119 - - [25/May/2020:10:40:56 +0800] "POST /xingrg/all/common/load_tree.html?tree=area_station_tree_json&defaultRests=1_1,1_2,1_5,1_3,1_4,1_6,1_8,1_7,1_10,1_11,1_12,1_13,1_14,1_15,1_16 HTTP/1.1" 200 2975
172.17.0.119 - - [25/May/2020:10:40:56 +0800] "POST /xingrg/system/rest/get_infos.html HTTP/1.1" 200 456391
116.230.77.149 - - [25/May/2020:10:40:58 +0800] "POST /xingrg/kc/buy/cgsh_order_operate.html HTTP/1.1" 200 2065
116.232.33.186 - - [25/May/2020:10:40:58 +0800] "GET /xingrg/system/rest/query_items.html?_=1590374449956&table=menu&page=1&rows=20&categoryId=&key=7297 HTTP/1.1" 200 265
114.86.230.91 - - [25/May/2020:10:40:59 +0800] "POST /xingrg/kc/buy/cgsh_order_operate.html HTTP/1.1" 200 37
116.232.33.186 - - [25/May/2020:10:40:59 +0800] "GET /xingrg/system/rest/get_item.html?table=menu&id=7297&_=1590374450706 HTTP/1.1" 200 965
116.232.33.186 - - [25/May/2020:10:40:59 +0800] "GET /xingrg/system/rest/get_item.html?table=menu&target=cook_mode&id=7297&_=1590374450711 HTTP/1.1" 200 73
116.232.33.186 - - [25/May/2020:10:40:59 +0800] "GET /xingrg/system/rest/get_item.html?table=menu&target=menu_rest&id=7297&_=1590374450712 HTTP/1.1" 200 73
116.232.33.186 - - [25/May/2020:10:40:59 +0800] "GET /xingrg/system/rest/get_infos.html?command=menu_img_show&id=7297 HTTP/1.1" 200 5
116.232.33.186 - - [25/May/2020:10:41:00 +0800] "GET /xingrg/all/function/internal_message.html?_=1590374451291&CODE_STATE=getMsg HTTP/1.1" 200 27
61.172.5.115 - - [25/May/2020:10:41:00 +0800] "GET /xingrg/kc/buy/cgsh_order_operate.html?command=get_materiel&rest_code=00105&code=00101001045&supplier_code=00100347&order_time=2020-05-25 HTTP/1.1" 200 423
114.86.230.91 - - [25/May/2020:10:41:02 +0800] "POST /xingrg/kc/buy/cgsh_order_operate.html HTTP/1.1" 200 7383
172.17.0.119 - - [25/May/2020:10:41:02 +0800] "POST /xingrg/system/rest/search_item.html HTTP/1.1" 200 205
114.86.190.97 - - [25/May/2020:10:41:03 +0800] "POST /xingrg/system/rest/edit_item.html HTTP/1.1" 200 4
114.86.190.97 - - [25/May/2020:10:41:03 +0800] "GET /xingrg/system/rest/get_item.html?table=menu&target=cook_mode&id=2124&_=1590374462357 HTTP/1.1" 200 989
114.86.230.91 - - [25/May/2020:10:41:03 +0800] "GET /xingrg/kc/print/load_config.html?kc_code=cgsh HTTP/1.1" 200 1845
