58.221.95.50 - - [25/May/2020:09:55:50 +0800] "GET /xingrg/check_reg.html?_=1590371799856 HTTP/1.1" 302 -
180.175.212.199 - - [25/May/2020:09:55:50 +0800] "GET /xingrg/kc/base/wldb_order_operate.html?command=get_materiel&rest_code=00102&base_code=0010477&code=00102002314 HTTP/1.1" 200 447
172.17.0.123 - - [25/May/2020:09:55:51 +0800] "GET /xingrg/kc/base/stock_detail.html?m=00101034071 HTTP/1.1" 200 7774
114.88.170.9 - - [25/May/2020:09:55:51 +0800] "GET /xingrg/all/function/internal_message.html?_=1590371746919&CODE_STATE=getMsg HTTP/1.1" 200 27
117.131.5.26 - - [25/May/2020:09:55:51 +0800] "GET /xingrg/javascript/jquery_tools/images/next.gif HTTP/1.1" 404 1086
117.131.5.26 - - [25/May/2020:09:55:51 +0800] "GET /xingrg/javascript/jquery_tools/images/prev.gif HTTP/1.1" 404 1086
117.184.7.30 - - [25/May/2020:09:55:54 +0800] "GET /xingrg/all/function/internal_message.html?_=1590371752243&CODE_STATE=getMsg HTTP/1.1" 200 27
172.17.0.123 - - [25/May/2020:09:55:54 +0800] "GET /xingrg/kc/base/stock_operate.html?_=1590371743000&command=get_report_file&start_day=20190501 HTTP/1.1" 200 53
172.17.0.123 - - [25/May/2020:09:55:54 +0800] "GET /xingrg/all/report/report_query.html?isQuery=1&onlyBody=1&rh=2000&fileName=kc/base/kc_stock_detail_new.xml&queryString=(1=1)&queryText=&tableQueryString=init_table$sp1$$sp$crk_table$sp1$order_day%20between%2020190501%20and%2020200531&varString=start_day:20190501,materiel_code:00101034071,cost_id:1984,end_date:20190430 HTTP/1.1" 200 48626
172.17.0.123 - - [25/May/2020:09:55:54 +0800] "GET /xingrg/dwr/interface/AjaxReportQueryService.js HTTP/1.1" 200 13203
172.17.0.123 - - [25/May/2020:09:55:54 +0800] "GET /xingrg/dwr/engine.js HTTP/1.1" 200 43631
58.40.7.146 - - [25/May/2020:09:55:55 +0800] "GET /xingrg/all/function/internal_message.html?_=1590371754993&CODE_STATE=getMsg HTTP/1.1" 200 27
180.175.212.199 - - [25/May/2020:09:55:55 +0800] "POST /xingrg/kc/base/wldb_order_operate.html HTTP/1.1" 200 37
172.17.0.123 - - [25/May/2020:09:55:55 +0800] "POST /xingrg/all/report/load_report_page.html HTTP/1.1" 200 83346
172.17.0.123 - - [25/May/2020:09:55:55 +0800] "GET /xingrg/servlets/image?cache=0.3318278725556427&image=px HTTP/1.1" 200 807
180.175.212.199 - - [25/May/2020:09:55:57 +0800] "POST /xingrg/kc/base/wldb_order_operate.html HTTP/1.1" 200 12
180.175.212.199 - - [25/May/2020:09:55:57 +0800] "POST /xingrg/kc/base/wldb_order_operate.html HTTP/1.1" 200 2211
172.17.0.100 - - [25/May/2020:09:56:04 +0800] "GET /xingrg/check_reg.html?_=1590371766971 HTTP/1.1" 200 22
172.17.0.100 - - [25/May/2020:09:56:04 +0800] "GET /xingrg/all/function/internal_message.html?_=1590371766975&CODE_STATE=getMsg HTTP/1.1" 200 27
117.185.32.26 - - [25/May/2020:09:56:10 +0800] "GET /xingrg/check_reg.html?_=1590372191362 HTTP/1.1" 200 22
172.17.0.120 - - [25/May/2020:09:56:10 +0800] "GET /xingrg/all/function/internal_message.html?_=1590371769631&CODE_STATE=getMsg HTTP/1.1" 200 27
117.131.5.26 - - [25/May/2020:09:56:17 +0800] "GET /xingrg/all/function/internal_message.html?_=1590372047753&CODE_STATE=getMsg HTTP/1.1" 200 27
180.162.232.172 - - [25/May/2020:09:56:19 +0800] "GET /xingrg/all/function/internal_message.html?_=1590371778375&CODE_STATE=getMsg HTTP/1.1" 200 27
114.84.33.255 - - [25/May/2020:09:56:20 +0800] "GET /xingrg/all/function/internal_message.html?_=1590371779278&CODE_STATE=getMsg HTTP/1.1" 200 27
114.88.170.9 - - [25/May/2020:09:56:21 +0800] "GET /xingrg/all/function/internal_message.html?_=1590372135093&CODE_STATE=getMsg HTTP/1.1" 200 27
61.172.5.115 - - [25/May/2020:09:56:24 +0800] "GET /xingrg/all/function/internal_message.html?_=1590371785462&CODE_STATE=getMsg HTTP/1.1" 200 27
114.84.151.157 - - [25/May/2020:09:56:25 +0800] "GET /xingrg/all/function/internal_message.html?_=1590371786844&CODE_STATE=getMsg HTTP/1.1" 200 27
114.88.170.9 - - [25/May/2020:09:56:27 +0800] "GET /xingrg/all/function/internal_message.html?_=1590371782759&CODE_STATE=getMsg HTTP/1.1" 200 27
114.84.32.201 - - [25/May/2020:09:56:32 +0800] "GET /xingrg/all/function/internal_message.html?_=1590371788480&CODE_STATE=getMsg HTTP/1.1" 200 27
172.17.0.123 - - [25/May/2020:09:56:41 +0800] "GET /xingrg/all/function/internal_message.html?_=1590371789317&CODE_STATE=getMsg HTTP/1.1" 200 27
120.253.135.82 - - [25/May/2020:09:56:48 +0800] "GET /xingrg/check_reg.html?_=1590371940375 HTTP/1.1" 200 22
114.88.170.9 - - [25/May/2020:09:56:49 +0800] "GET /xingrg/check_reg.html?_=1590371804742 HTTP/1.1" 200 22
114.88.170.9 - - [25/May/2020:09:56:51 +0800] "GET /xingrg/all/function/internal_message.html?_=1590371806933&CODE_STATE=getMsg HTTP/1.1" 200 27
117.184.7.30 - - [25/May/2020:09:56:54 +0800] "GET /xingrg/all/function/internal_message.html?_=1590371812244&CODE_STATE=getMsg HTTP/1.1" 200 27
117.184.7.30 - - [25/May/2020:09:56:54 +0800] "GET /xingrg/check_reg.html?_=1590371812289 HTTP/1.1" 200 22
58.40.7.146 - - [25/May/2020:09:56:55 +0800] "GET /xingrg/all/function/internal_message.html?_=1590371814964&CODE_STATE=getMsg HTTP/1.1" 200 27
180.175.212.199 - - [25/May/2020:09:56:57 +0800] "GET /xingrg/kc/base/wldb_order_info.html?code=422020052502451 HTTP/1.1" 200 26194
180.175.212.199 - - [25/May/2020:09:56:58 +0800] "POST /xingrg/kc/base/wldb_order_operate.html HTTP/1.1" 200 506
180.175.212.199 - - [25/May/2020:09:56:58 +0800] "GET /xingrg/javascript/easyui/themes/default/validatebox.css HTTP/1.1" 404 1104
180.175.212.199 - - [25/May/2020:09:56:58 +0800] "GET /xingrg/check_reg.html?_=1590371819691 HTTP/1.1" 200 22
180.175.212.199 - - [25/May/2020:09:56:58 +0800] "GET /xingrg/all/function/internal_message.html?_=1590371819692&CODE_STATE=getMsg HTTP/1.1" 200 27
114.88.170.9 - - [25/May/2020:09:57:03 +0800] "GET /xingrg/check_reg.html?_=1590371819461 HTTP/1.1" 200 22
180.175.212.199 - - [25/May/2020:09:57:03 +0800] "GET /xingrg/kc/base/wldb_order_add.html HTTP/1.1" 200 30316
172.17.0.100 - - [25/May/2020:09:57:04 +0800] "GET /xingrg/all/function/internal_message.html?_=1590371826976&CODE_STATE=getMsg HTTP/1.1" 200 27
180.175.212.199 - - [25/May/2020:09:57:04 +0800] "POST /xingrg/kc/base/wldb_order_operate.html HTTP/1.1" 200 6806
180.175.212.199 - - [25/May/2020:09:57:04 +0800] "GET /xingrg/javascript/easyui/themes/default/validatebox.css HTTP/1.1" 404 1104
172.17.0.120 - - [25/May/2020:09:57:10 +0800] "GET /xingrg/all/function/internal_message.html?_=1590371829637&CODE_STATE=getMsg HTTP/1.1" 200 27
180.175.212.199 - - [25/May/2020:09:57:16 +0800] "GET /xingrg/kc/base/wldb_order_operate.html?command=get_materiel&rest_code=00102&base_code=0010477&code=00102004030 HTTP/1.1" 200 442
117.131.5.26 - - [25/May/2020:09:57:17 +0800] "GET /xingrg/all/function/internal_message.html?_=1590372107760&CODE_STATE=getMsg HTTP/1.1" 200 27
180.175.212.199 - - [25/May/2020:09:57:19 +0800] "GET /xingrg/kc/base/wldb_order_operate.html?command=get_materiel&rest_code=00102&base_code=0010477&code=00102004006 HTTP/1.1" 200 442
180.162.232.172 - - [25/May/2020:09:57:19 +0800] "GET /xingrg/check_reg.html?_=1590371838368 HTTP/1.1" 200 22
180.162.232.172 - - [25/May/2020:09:57:19 +0800] "GET /xingrg/all/function/internal_message.html?_=1590371838371&CODE_STATE=getMsg HTTP/1.1" 200 27
114.84.33.255 - - [25/May/2020:09:57:20 +0800] "GET /xingrg/all/function/internal_message.html?_=1590371839400&CODE_STATE=getMsg HTTP/1.1" 200 27
114.88.170.9 - - [25/May/2020:09:57:21 +0800] "GET /xingrg/all/function/internal_message.html?_=1590372195099&CODE_STATE=getMsg HTTP/1.1" 200 27
180.175.212.199 - - [25/May/2020:09:57:23 +0800] "GET /xingrg/kc/base/wldb_order_operate.html?command=get_materiel&rest_code=00102&base_code=0010477&code=00102004026 HTTP/1.1" 200 442
58.40.7.146 - - [25/May/2020:09:57:23 +0800] "GET /xingrg/check_reg.html?_=1590371843231 HTTP/1.1" 200 22
61.172.5.115 - - [25/May/2020:09:57:24 +0800] "GET /xingrg/all/function/internal_message.html?_=1590371845461&CODE_STATE=getMsg HTTP/1.1" 200 27
114.84.151.157 - - [25/May/2020:09:57:25 +0800] "GET /xingrg/all/function/internal_message.html?_=1590371846813&CODE_STATE=getMsg HTTP/1.1" 200 27
114.88.170.9 - - [25/May/2020:09:57:27 +0800] "GET /xingrg/all/function/internal_message.html?_=1590371842767&CODE_STATE=getMsg HTTP/1.1" 200 27
114.84.32.201 - - [25/May/2020:09:57:32 +0800] "GET /xingrg/all/function/internal_message.html?_=1590371848482&CODE_STATE=getMsg HTTP/1.1" 200 27
180.175.212.199 - - [25/May/2020:09:57:33 +0800] "GET /xingrg/kc/base/wldb_order_operate.html?command=get_materiel&rest_code=00102&base_code=0010477&code=00102002448 HTTP/1.1" 200 426
180.175.212.199 - - [25/May/2020:09:57:36 +0800] "GET /xingrg/kc/base/wldb_order_operate.html?command=get_materiel&rest_code=00102&base_code=0010477&code=00102002347 HTTP/1.1" 200 443
180.175.212.199 - - [25/May/2020:09:57:40 +0800] "POST /xingrg/kc/base/wldb_order_operate.html HTTP/1.1" 200 37
172.17.0.123 - - [25/May/2020:09:57:41 +0800] "GET /xingrg/all/function/internal_message.html?_=1590371849321&CODE_STATE=getMsg HTTP/1.1" 200 27
180.175.212.199 - - [25/May/2020:09:57:41 +0800] "POST /xingrg/kc/base/wldb_order_operate.html HTTP/1.1" 200 12
180.175.212.199 - - [25/May/2020:09:57:41 +0800] "POST /xingrg/kc/base/wldb_order_operate.html HTTP/1.1" 200 4610
180.175.212.199 - - [25/May/2020:09:57:43 +0800] "GET /xingrg/kc/base/wldb_order_info.html?code=422020052502452 HTTP/1.1" 200 26194
180.175.212.199 - - [25/May/2020:09:57:43 +0800] "POST /xingrg/kc/base/wldb_order_operate.html HTTP/1.1" 200 2848
180.175.212.199 - - [25/May/2020:09:57:43 +0800] "GET /xingrg/javascript/easyui/themes/default/validatebox.css HTTP/1.1" 404 1104
180.175.212.199 - - [25/May/2020:09:57:45 +0800] "GET /xingrg/kc/base/wldb_order_add.html HTTP/1.1" 200 30316
180.175.212.199 - - [25/May/2020:09:57:46 +0800] "POST /xingrg/kc/base/wldb_order_operate.html HTTP/1.1" 200 6806
180.175.212.199 - - [25/May/2020:09:57:46 +0800] "GET /xingrg/javascript/easyui/themes/default/validatebox.css HTTP/1.1" 404 1104
114.88.170.9 - - [25/May/2020:09:57:51 +0800] "GET /xingrg/all/function/internal_message.html?_=1590371866946&CODE_STATE=getMsg HTTP/1.1" 200 27
116.232.33.186 - - [25/May/2020:09:57:54 +0800] "POST /xingrg/services/DataTransmitService HTTP/1.1" 200 524
117.184.7.30 - - [25/May/2020:09:57:54 +0800] "GET /xingrg/all/function/internal_message.html?_=1590371872250&CODE_STATE=getMsg HTTP/1.1" 200 27
58.40.7.146 - - [25/May/2020:09:57:55 +0800] "GET /xingrg/all/function/internal_message.html?_=1590371874936&CODE_STATE=getMsg HTTP/1.1" 200 27
180.175.212.199 - - [25/May/2020:09:57:56 +0800] "GET /xingrg/kc/base/wldb_order_operate.html?command=get_materiel&rest_code=00102&base_code=0010477&code=00102002391 HTTP/1.1" 200 435
114.84.151.157 - - [25/May/2020:09:57:58 +0800] "GET /xingrg/check_reg.html?_=1590371879138 HTTP/1.1" 200 22
180.175.212.199 - - [25/May/2020:09:57:58 +0800] "GET /xingrg/all/function/internal_message.html?_=1590371879697&CODE_STATE=getMsg HTTP/1.1" 200 27
172.17.0.100 - - [25/May/2020:09:58:04 +0800] "GET /xingrg/all/function/internal_message.html?_=1590371886980&CODE_STATE=getMsg HTTP/1.1" 200 27
180.175.212.199 - - [25/May/2020:09:58:06 +0800] "POST /xingrg/kc/base/wldb_order_operate.html HTTP/1.1" 200 37
180.175.212.199 - - [25/May/2020:09:58:07 +0800] "POST /xingrg/kc/base/wldb_order_operate.html HTTP/1.1" 200 12
180.175.212.199 - - [25/May/2020:09:58:07 +0800] "POST /xingrg/kc/base/wldb_order_operate.html HTTP/1.1" 200 2674
172.17.0.120 - - [25/May/2020:09:58:10 +0800] "GET /xingrg/all/function/internal_message.html?_=1590371889641&CODE_STATE=getMsg HTTP/1.1" 200 27
180.175.212.199 - - [25/May/2020:09:58:11 +0800] "GET /xingrg/kc/base/wldb_order_info.html?code=422020052502453 HTTP/1.1" 200 26194
180.175.212.199 - - [25/May/2020:09:58:12 +0800] "POST /xingrg/kc/base/wldb_order_operate.html HTTP/1.1" 200 958
180.175.212.199 - - [25/May/2020:09:58:12 +0800] "GET /xingrg/javascript/easyui/themes/default/validatebox.css HTTP/1.1" 404 1104
180.175.212.199 - - [25/May/2020:09:58:16 +0800] "GET /xingrg/kc/base/wldb_order_add.html HTTP/1.1" 200 30316
180.175.212.199 - - [25/May/2020:09:58:16 +0800] "POST /xingrg/kc/base/wldb_order_operate.html HTTP/1.1" 200 6806
117.131.5.26 - - [25/May/2020:09:58:17 +0800] "GET /xingrg/all/function/internal_message.html?_=1590372167783&CODE_STATE=getMsg HTTP/1.1" 200 27
180.175.212.199 - - [25/May/2020:09:58:17 +0800] "GET /xingrg/javascript/easyui/themes/default/validatebox.css HTTP/1.1" 404 1104
114.84.33.255 - - [25/May/2020:09:58:18 +0800] "GET /xingrg/check_reg.html?_=1590371897547 HTTP/1.1" 200 22
180.162.232.172 - - [25/May/2020:09:58:19 +0800] "GET /xingrg/all/function/internal_message.html?_=1590371898376&CODE_STATE=getMsg HTTP/1.1" 200 27
114.84.33.255 - - [25/May/2020:09:58:20 +0800] "GET /xingrg/all/function/internal_message.html?_=1590371899414&CODE_STATE=getMsg HTTP/1.1" 200 27
114.88.170.9 - - [25/May/2020:09:58:21 +0800] "GET /xingrg/all/function/internal_message.html?_=1590372255101&CODE_STATE=getMsg HTTP/1.1" 200 27
61.172.5.115 - - [25/May/2020:09:58:24 +0800] "GET /xingrg/all/function/internal_message.html?_=1590371905460&CODE_STATE=getMsg HTTP/1.1" 200 27
114.84.151.157 - - [25/May/2020:09:58:25 +0800] "GET /xingrg/all/function/internal_message.html?_=1590371906784&CODE_STATE=getMsg HTTP/1.1" 200 27
114.88.170.9 - - [25/May/2020:09:58:27 +0800] "GET /xingrg/all/function/internal_message.html?_=1590371902780&CODE_STATE=getMsg HTTP/1.1" 200 27
180.175.212.199 - - [25/May/2020:09:58:31 +0800] "GET /xingrg/kc/base/wldb_order_operate.html?command=get_materiel&rest_code=00102&base_code=0010477&code=00102002685 HTTP/1.1" 200 442
114.84.32.201 - - [25/May/2020:09:58:32 +0800] "GET /xingrg/all/function/internal_message.html?_=1590371908483&CODE_STATE=getMsg HTTP/1.1" 200 27
180.175.212.199 - - [25/May/2020:09:58:35 +0800] "POST /xingrg/kc/base/wldb_order_operate.html HTTP/1.1" 200 37
180.175.212.199 - - [25/May/2020:09:58:35 +0800] "POST /xingrg/kc/base/wldb_order_operate.html HTTP/1.1" 200 2691
180.175.212.199 - - [25/May/2020:09:58:35 +0800] "GET /xingrg/kc/base/wldb_order_info.html?code=422020052502454 HTTP/1.1" 200 30330
180.175.212.199 - - [25/May/2020:09:58:36 +0800] "POST /xingrg/kc/base/wldb_order_operate.html HTTP/1.1" 200 2691
180.175.212.199 - - [25/May/2020:09:58:36 +0800] "GET /xingrg/javascript/easyui/themes/default/validatebox.css HTTP/1.1" 404 1104
172.17.0.123 - - [25/May/2020:09:58:41 +0800] "GET /xingrg/all/function/internal_message.html?_=1590371909323&CODE_STATE=getMsg HTTP/1.1" 200 27
180.175.212.199 - - [25/May/2020:09:58:44 +0800] "POST /xingrg/kc/base/wldb_order_operate.html HTTP/1.1" 200 37
180.175.212.199 - - [25/May/2020:09:58:46 +0800] "POST /xingrg/kc/base/wldb_order_operate.html HTTP/1.1" 200 12
180.175.212.199 - - [25/May/2020:09:58:46 +0800] "POST /xingrg/kc/base/wldb_order_operate.html HTTP/1.1" 200 2691
180.175.212.199 - - [25/May/2020:09:58:49 +0800] "GET /xingrg/kc/base/wldb_order_info.html?code=422020052502454 HTTP/1.1" 200 26194
180.175.212.199 - - [25/May/2020:09:58:50 +0800] "POST /xingrg/kc/base/wldb_order_operate.html HTTP/1.1" 200 975
180.175.212.199 - - [25/May/2020:09:58:50 +0800] "GET /xingrg/javascript/easyui/themes/default/validatebox.css HTTP/1.1" 404 1104
114.88.170.9 - - [25/May/2020:09:58:51 +0800] "GET /xingrg/all/function/internal_message.html?_=1590371926960&CODE_STATE=getMsg HTTP/1.1" 200 27
180.175.212.199 - - [25/May/2020:09:58:53 +0800] "GET /xingrg/kc/base/wldb_order_add.html HTTP/1.1" 200 30316
180.175.212.199 - - [25/May/2020:09:58:53 +0800] "POST /xingrg/kc/base/wldb_order_operate.html HTTP/1.1" 200 6806
180.175.212.199 - - [25/May/2020:09:58:54 +0800] "GET /xingrg/javascript/easyui/themes/default/validatebox.css HTTP/1.1" 404 1104
117.184.7.30 - - [25/May/2020:09:58:54 +0800] "GET /xingrg/all/function/internal_message.html?_=1590371932287&CODE_STATE=getMsg HTTP/1.1" 200 27
58.40.7.146 - - [25/May/2020:09:58:55 +0800] "GET /xingrg/all/function/internal_message.html?_=1590371934906&CODE_STATE=getMsg HTTP/1.1" 200 27
180.175.212.199 - - [25/May/2020:09:58:58 +0800] "GET /xingrg/all/function/internal_message.html?_=1590371939710&CODE_STATE=getMsg HTTP/1.1" 200 27
222.69.134.73 - - [25/May/2020:09:59:03 +0800] "GET /favicon.ico HTTP/1.1" 404 -
172.17.0.100 - - [25/May/2020:09:59:04 +0800] "GET /xingrg/all/function/internal_message.html?_=1590371946981&CODE_STATE=getMsg HTTP/1.1" 200 27
172.17.0.120 - - [25/May/2020:09:59:10 +0800] "GET /xingrg/check_reg.html?_=1590371949634 HTTP/1.1" 200 22
172.17.0.120 - - [25/May/2020:09:59:10 +0800] "GET /xingrg/all/function/internal_message.html?_=1590371949640&CODE_STATE=getMsg HTTP/1.1" 200 27
180.175.212.199 - - [25/May/2020:09:59:10 +0800] "GET /xingrg/kc/base/wldb_order_operate.html?command=get_materiel&rest_code=00102&base_code=0010477&code=00102002497 HTTP/1.1" 200 439
117.131.5.26 - - [25/May/2020:09:59:17 +0800] "GET /xingrg/all/function/internal_message.html?_=1590372227799&CODE_STATE=getMsg HTTP/1.1" 200 27
180.162.232.172 - - [25/May/2020:09:59:19 +0800] "GET /xingrg/all/function/internal_message.html?_=1590371958377&CODE_STATE=getMsg HTTP/1.1" 200 27
222.69.134.73 - - [25/May/2020:09:59:19 +0800] "GET /xingrg/login.html HTTP/1.1" 200 7641
222.69.134.73 - - [25/May/2020:09:59:20 +0800] "GET /favicon.ico HTTP/1.1" 404 -
114.84.33.255 - - [25/May/2020:09:59:20 +0800] "GET /xingrg/all/function/internal_message.html?_=1590371959428&CODE_STATE=getMsg HTTP/1.1" 200 27
114.88.170.9 - - [25/May/2020:09:59:21 +0800] "GET /xingrg/all/function/internal_message.html?_=1590372315099&CODE_STATE=getMsg HTTP/1.1" 200 27
180.175.212.199 - - [25/May/2020:09:59:22 +0800] "GET /xingrg/kc/base/wldb_order_operate.html?command=get_materiel&rest_code=00102&base_code=0010477&code=00102002025 HTTP/1.1" 200 454
61.172.5.115 - - [25/May/2020:09:59:24 +0800] "GET /xingrg/all/function/internal_message.html?_=1590371965458&CODE_STATE=getMsg HTTP/1.1" 200 27
61.172.5.115 - - [25/May/2020:09:59:24 +0800] "GET /xingrg/check_reg.html?_=1590371965459 HTTP/1.1" 200 22
114.84.151.157 - - [25/May/2020:09:59:25 +0800] "GET /xingrg/all/function/internal_message.html?_=1590371966754&CODE_STATE=getMsg HTTP/1.1" 200 27
114.88.170.9 - - [25/May/2020:09:59:27 +0800] "GET /xingrg/all/function/internal_message.html?_=1590371962827&CODE_STATE=getMsg HTTP/1.1" 200 27
114.84.32.201 - - [25/May/2020:09:59:32 +0800] "GET /xingrg/check_reg.html?_=1590371968482 HTTP/1.1" 200 22
114.84.32.201 - - [25/May/2020:09:59:32 +0800] "GET /xingrg/all/function/internal_message.html?_=1590371968485&CODE_STATE=getMsg HTTP/1.1" 200 27
222.69.134.73 - - [25/May/2020:09:59:32 +0800] "POST /xingrg/login.do HTTP/1.1" 302 -
222.69.134.73 - - [25/May/2020:09:59:32 +0800] "GET /xingrg/index.html?sysBaseUrl=http%3A%2F%2F180.169.147.146%3A18081%2Fxingrg%2F&costTime=53×tamp=1590371972651 HTTP/1.1" 200 17179
222.69.134.73 - - [25/May/2020:09:59:32 +0800] "POST /xingrg/all/common/load_tree.html?tree=area_rest_tree_json&manage=1 HTTP/1.1" 200 351
222.69.134.73 - - [25/May/2020:09:59:32 +0800] "GET /xingrg/all/function/internal_message.html?_=1590371972721&CODE_STATE=count HTTP/1.1" 200 11
222.69.134.73 - - [25/May/2020:09:59:32 +0800] "GET /xingrg/check_reg.html?_=1590371972722 HTTP/1.1" 200 22
222.69.134.73 - - [25/May/2020:09:59:32 +0800] "GET /favicon.ico HTTP/1.1" 404 -
222.69.134.73 - - [25/May/2020:09:59:32 +0800] "POST /xingrg/load_menu.html HTTP/1.1" 200 5138
222.69.134.73 - - [25/May/2020:09:59:37 +0800] "GET /xingrg/kc/buy/cgsh_order_list.html HTTP/1.1" 200 42946
222.69.134.73 - - [25/May/2020:09:59:39 +0800] "POST /xingrg/kc/buy/cgsh_list_operate.html HTTP/1.1" 200 1690
114.88.170.9 - - [25/May/2020:09:59:40 +0800] "GET /xingrg/kc/buy/cgsh_order_list.html HTTP/1.1" 200 42940
172.17.0.123 - - [25/May/2020:09:59:41 +0800] "GET /xingrg/all/function/internal_message.html?_=1590371969325&CODE_STATE=getMsg HTTP/1.1" 200 27
114.88.170.9 - - [25/May/2020:09:59:42 +0800] "POST /xingrg/kc/buy/cgsh_list_operate.html HTTP/1.1" 200 3133
222.69.134.73 - - [25/May/2020:09:59:43 +0800] "GET /xingrg/kc/buy/cgsh_order_add.html HTTP/1.1" 200 58684
222.69.134.73 - - [25/May/2020:09:59:43 +0800] "GET /xingrg/words/20200524114319_words.js HTTP/1.1" 200 732385
222.69.134.73 - - [25/May/2020:09:59:43 +0800] "GET /xingrg/javascript/easyui/themes/default/validatebox.css HTTP/1.1" 404 1104
222.69.134.73 - - [25/May/2020:09:59:43 +0800] "GET /xingrg/all/common/auto_word.html?type=employee&rest_code=00149 HTTP/1.1" 200 197
222.69.134.73 - - [25/May/2020:09:59:43 +0800] "GET /xingrg/all/common/auto_word.html?type=employee&rest_code=00149 HTTP/1.1" 200 197
222.69.134.73 - - [25/May/2020:09:59:43 +0800] "POST /xingrg/kc/buy/cgsh_order_operate.html HTTP/1.1" 200 8245
180.175.212.199 - - [25/May/2020:09:59:45 +0800] "POST /xingrg/kc/base/wldb_order_operate.html HTTP/1.1" 200 37
180.175.212.199 - - [25/May/2020:09:59:47 +0800] "POST /xingrg/kc/base/wldb_order_operate.html HTTP/1.1" 200 12
180.175.212.199 - - [25/May/2020:09:59:47 +0800] "POST /xingrg/kc/base/wldb_order_operate.html HTTP/1.1" 200 3645
180.175.212.199 - - [25/May/2020:09:59:48 +0800] "GET /xingrg/kc/base/wldb_order_info.html?code=422020052502455 HTTP/1.1" 200 26194
180.175.212.199 - - [25/May/2020:09:59:49 +0800] "POST /xingrg/kc/base/wldb_order_operate.html HTTP/1.1" 200 1908
180.175.212.199 - - [25/May/2020:09:59:49 +0800] "GET /xingrg/javascript/easyui/themes/default/validatebox.css HTTP/1.1" 404 1104
180.162.232.172 - - [25/May/2020:09:59:50 +0800] "GET /xingrg/kc/buy/cgsh_order_operate.html?command=get_materiel&rest_code=00150&code=00101009001&supplier_code=00100096&order_time=2020-05-25 HTTP/1.1" 200 416
180.175.212.199 - - [25/May/2020:09:59:51 +0800] "GET /xingrg/kc/base/wldb_order_add.html HTTP/1.1" 200 30316
114.88.170.9 - - [25/May/2020:09:59:51 +0800] "GET /xingrg/all/function/internal_message.html?_=1590371986976&CODE_STATE=getMsg HTTP/1.1" 200 27
180.175.212.199 - - [25/May/2020:09:59:51 +0800] "POST /xingrg/kc/base/wldb_order_operate.html HTTP/1.1" 200 6806
180.175.212.199 - - [25/May/2020:09:59:52 +0800] "GET /xingrg/javascript/easyui/themes/default/validatebox.css HTTP/1.1" 404 1104
222.69.134.73 - - [25/May/2020:09:59:53 +0800] "GET /xingrg/javascript/jquery_tools/images/prev.gif HTTP/1.1" 404 1086
222.69.134.73 - - [25/May/2020:09:59:53 +0800] "GET /xingrg/javascript/jquery_tools/images/next.gif HTTP/1.1" 404 1086
117.184.7.30 - - [25/May/2020:09:59:54 +0800] "GET /xingrg/all/function/internal_message.html?_=1590371992269&CODE_STATE=getMsg HTTP/1.1" 200 27
58.40.7.146 - - [25/May/2020:09:59:55 +0800] "GET /xingrg/all/function/internal_message.html?_=1590371994878&CODE_STATE=getMsg HTTP/1.1" 200 27
180.175.212.199 - - [25/May/2020:09:59:58 +0800] "GET /xingrg/all/function/internal_message.html?_=1590371999753&CODE_STATE=getMsg HTTP/1.1" 200 27
180.175.212.199 - - [25/May/2020:10:00:03 +0800] "GET /xingrg/kc/base/wldb_order_operate.html?command=get_materiel&rest_code=00102&base_code=0010477&code=00102002118 HTTP/1.1" 200 452
172.17.0.100 - - [25/May/2020:10:00:04 +0800] "GET /xingrg/all/function/internal_message.html?_=1590372006983&CODE_STATE=getMsg HTTP/1.1" 200 27
180.175.212.199 - - [25/May/2020:10:00:06 +0800] "GET /xingrg/kc/base/wldb_order_operate.html?command=get_materiel&rest_code=00102&base_code=0010477&code=00102002453 HTTP/1.1" 200 435
172.17.0.120 - - [25/May/2020:10:00:10 +0800] "GET /xingrg/all/function/internal_message.html?_=1590372009641&CODE_STATE=getMsg HTTP/1.1" 200 27
180.162.232.172 - - [25/May/2020:10:00:12 +0800] "GET /xingrg/kc/buy/cgsh_order_operate.html?command=get_materiel&rest_code=00150&code=00101009062&supplier_code=00100096&order_time=2020-05-25 HTTP/1.1" 200 412
172.17.0.115 - - [25/May/2020:10:00:14 +0800] "GET /favicon.ico HTTP/1.1" 404 -
180.175.212.199 - - [25/May/2020:10:00:14 +0800] "GET /xingrg/kc/base/wldb_order_operate.html?command=get_materiel&rest_code=00102&base_code=0010477&code=00102002410 HTTP/1.1" 200 438
117.131.5.26 - - [25/May/2020:10:00:17 +0800] "GET /xingrg/check_reg.html?_=1590372287758 HTTP/1.1" 200 22
117.131.5.26 - - [25/May/2020:10:00:17 +0800] "GET /xingrg/all/function/internal_message.html?_=1590372287813&CODE_STATE=getMsg HTTP/1.1" 200 27
180.162.232.172 - - [25/May/2020:10:00:19 +0800] "GET /xingrg/all/function/internal_message.html?_=1590372018371&CODE_STATE=getMsg HTTP/1.1" 200 27
114.84.33.255 - - [25/May/2020:10:00:20 +0800] "GET /xingrg/all/function/internal_message.html?_=1590372019441&CODE_STATE=getMsg HTTP/1.1" 200 27
114.88.170.9 - - [25/May/2020:10:00:21 +0800] "GET /xingrg/check_reg.html?_=1590372375103 HTTP/1.1" 200 22
114.88.170.9 - - [25/May/2020:10:00:21 +0800] "GET /xingrg/all/function/internal_message.html?_=1590372375106&CODE_STATE=getMsg HTTP/1.1" 200 27
180.175.212.199 - - [25/May/2020:10:00:23 +0800] "POST /xingrg/kc/base/wldb_order_operate.html HTTP/1.1" 200 37
61.172.5.115 - - [25/May/2020:10:00:24 +0800] "GET /xingrg/all/function/internal_message.html?_=1590372025458&CODE_STATE=getMsg HTTP/1.1" 200 27
180.175.212.199 - - [25/May/2020:10:00:24 +0800] "POST /xingrg/kc/base/wldb_order_operate.html HTTP/1.1" 200 12
180.175.212.199 - - [25/May/2020:10:00:24 +0800] "POST /xingrg/kc/base/wldb_order_operate.html HTTP/1.1" 200 3650
180.175.212.199 - - [25/May/2020:10:00:25 +0800] "GET /xingrg/kc/base/wldb_order_info.html?code=422020052502456 HTTP/1.1" 200 26197
114.84.151.157 - - [25/May/2020:10:00:25 +0800] "GET /xingrg/all/function/internal_message.html?_=1590372026732&CODE_STATE=getMsg HTTP/1.1" 200 27
180.175.212.199 - - [25/May/2020:10:00:26 +0800] "POST /xingrg/kc/base/wldb_order_operate.html HTTP/1.1" 200 1910
180.175.212.199 - - [25/May/2020:10:00:26 +0800] "GET /xingrg/javascript/easyui/themes/default/validatebox.css HTTP/1.1" 404 1104
114.88.170.9 - - [25/May/2020:10:00:27 +0800] "GET /xingrg/all/function/internal_message.html?_=1590372022839&CODE_STATE=getMsg HTTP/1.1" 200 27
180.175.212.199 - - [25/May/2020:10:00:27 +0800] "GET /xingrg/kc/base/wldb_order_add.html HTTP/1.1" 200 30316
180.175.212.199 - - [25/May/2020:10:00:28 +0800] "POST /xingrg/kc/base/wldb_order_operate.html HTTP/1.1" 200 6806
180.175.212.199 - - [25/May/2020:10:00:29 +0800] "GET /xingrg/javascript/easyui/themes/default/validatebox.css HTTP/1.1" 404 1104
114.84.32.201 - - [25/May/2020:10:00:32 +0800] "GET /xingrg/all/function/internal_message.html?_=1590372028484&CODE_STATE=getMsg HTTP/1.1" 200 27
180.162.232.172 - - [25/May/2020:10:00:32 +0800] "GET /xingrg/kc/buy/cgsh_order_operate.html?command=get_materiel&rest_code=00150&code=00101009011&supplier_code=00100096&order_time=2020-05-25 HTTP/1.1" 200 416
222.69.134.73 - - [25/May/2020:10:00:32 +0800] "GET /xingrg/all/function/internal_message.html?_=1590372032741&CODE_STATE=getMsg HTTP/1.1" 200 27
180.175.212.199 - - [25/May/2020:10:00:37 +0800] "GET /xingrg/login.html HTTP/1.1" 200 7641
180.175.212.199 - - [25/May/2020:10:00:37 +0800] "GET /favicon.ico HTTP/1.1" 404 -
180.175.212.199 - - [25/May/2020:10:00:38 +0800] "POST /xingrg/login.do HTTP/1.1" 302 -
180.175.212.199 - - [25/May/2020:10:00:38 +0800] "GET /xingrg/index.html?sysBaseUrl=http%3A%2F%2F180.169.147.146%3A18081%2Fxingrg%2F&costTime=41×tamp=1590372038361 HTTP/1.1" 200 17173
180.175.212.199 - - [25/May/2020:10:00:38 +0800] "GET /xingrg/css/form.css HTTP/1.1" 304 -
180.175.212.199 - - [25/May/2020:10:00:38 +0800] "GET /xingrg/javascript/jquery_easy_ui/themes/icon.css HTTP/1.1" 304 -
180.175.212.199 - - [25/May/2020:10:00:38 +0800] "GET /xingrg/javascript/jquery_easy_ui/themes/default/easyui.css HTTP/1.1" 304 -
180.175.212.199 - - [25/May/2020:10:00:38 +0800] "GET /xingrg/javascript/jquery.utils.js HTTP/1.1" 304 -
180.175.212.199 - - [25/May/2020:10:00:38 +0800] "GET /xingrg/javascript/jquery_easy_ui/jquery.easyui.min.js HTTP/1.1" 304 -
180.175.212.199 - - [25/May/2020:10:00:38 +0800] "GET /xingrg/javascript/jquery_easy_ui/easyui-lang-zh_CN.js HTTP/1.1" 304 -
180.175.212.199 - - [25/May/2020:10:00:38 +0800] "GET /xingrg/javascript/jquery.timers.js HTTP/1.1" 304 -
180.175.212.199 - - [25/May/2020:10:00:38 +0800] "GET /xingrg/javascript/jquery-1.4.2.min.js HTTP/1.1" 304 -
180.175.212.199 - - [25/May/2020:10:00:38 +0800] "GET /xingrg/javascript/jquery.form.js HTTP/1.1" 304 -
180.162.232.172 - - [25/May/2020:10:00:38 +0800] "GET /xingrg/kc/buy/cgsh_order_operate.html?command=get_materiel&rest_code=00150&code=00101009010&supplier_code=00100096&order_time=2020-05-25 HTTP/1.1" 200 412
180.175.212.199 - - [25/May/2020:10:00:38 +0800] "GET /favicon.ico HTTP/1.1" 404 -
180.175.212.199 - - [25/May/2020:10:00:38 +0800] "POST /xingrg/all/common/load_tree.html?tree=area_rest_tree_json&manage=1 HTTP/1.1" 200 342
180.175.212.199 - - [25/May/2020:10:00:38 +0800] "GET /xingrg/all/function/internal_message.html?_=1590372040153&CODE_STATE=count HTTP/1.1" 200 11
180.175.212.199 - - [25/May/2020:10:00:38 +0800] "GET /xingrg/check_reg.html?_=1590372040154 HTTP/1.1" 200 22
180.175.212.199 - - [25/May/2020:10:00:38 +0800] "POST /xingrg/load_menu.html HTTP/1.1" 200 5138
180.175.212.199 - - [25/May/2020:10:00:40 +0800] "GET /xingrg/kc/base/wldb_order_list.html HTTP/1.1" 200 19255
180.175.212.199 - - [25/May/2020:10:00:40 +0800] "GET /xingrg/css/base.css HTTP/1.1" 304 -
180.175.212.199 - - [25/May/2020:10:00:40 +0800] "GET /xingrg/css/site.css HTTP/1.1" 304 -
180.175.212.199 - - [25/May/2020:10:00:40 +0800] "GET /xingrg/javascript/jquery_tools/datebox.css HTTP/1.1" 304 -
180.175.212.199 - - [25/May/2020:10:00:40 +0800] "GET /xingrg/javascript/easyui/themes/default/easyui.css HTTP/1.1" 304 -
180.175.212.199 - - [25/May/2020:10:00:40 +0800] "GET /xingrg/javascript/auto/jquery.autocomplete.css HTTP/1.1" 304 -
180.175.212.199 - - [25/May/2020:10:00:40 +0800] "GET /xingrg/javascript/easyui/themes/icon.css HTTP/1.1" 304 -
180.175.212.199 - - [25/May/2020:10:00:40 +0800] "GET /xingrg/javascript/jquery_tools/fix.css HTTP/1.1" 304 -
180.175.212.199 - - [25/May/2020:10:00:40 +0800] "GET /xingrg/javascript/jquery_tools/jquery.tools.extend.js HTTP/1.1" 304 -
180.175.212.199 - - [25/May/2020:10:00:40 +0800] "GET /xingrg/javascript/jquery_tools/table.css HTTP/1.1" 304 -
180.175.212.199 - - [25/May/2020:10:00:40 +0800] "GET /xingrg/javascript/jquery_tools/jquery.tools.hotkey.js HTTP/1.1" 304 -
180.175.212.199 - - [25/May/2020:10:00:40 +0800] "GET /xingrg/javascript/auto/jquery.autocomplete.js HTTP/1.1" 304 -
180.175.212.199 - - [25/May/2020:10:00:40 +0800] "GET /xingrg/javascript/jquery_tools/jquery.tools.min.js HTTP/1.1" 304 -
180.175.212.199 - - [25/May/2020:10:00:40 +0800] "GET /xingrg/javascript/print/LodopFuncs.js HTTP/1.1" 304 -
180.175.212.199 - - [25/May/2020:10:00:40 +0800] "GET /xingrg/javascript/easyui/easyloader.js HTTP/1.1" 304 -
180.175.212.199 - - [25/May/2020:10:00:40 +0800] "GET /xingrg/javascript/jquery.cookie.js HTTP/1.1" 304 -
180.175.212.199 - - [25/May/2020:10:00:40 +0800] "GET /xingrg/javascript/jquery_tools/jquery.tools.table.js HTTP/1.1" 304 -
180.175.212.199 - - [25/May/2020:10:00:40 +0800] "GET /xingrg/javascript/jquery_tools/list_manager.js HTTP/1.1" 304 -
172.17.0.123 - - [25/May/2020:10:00:41 +0800] "GET /xingrg/check_reg.html?_=1590372029311 HTTP/1.1" 200 22
172.17.0.123 - - [25/May/2020:10:00:41 +0800] "GET /xingrg/all/function/internal_message.html?_=1590372029314&CODE_STATE=getMsg HTTP/1.1" 200 27
180.175.212.199 - - [25/May/2020:10:00:42 +0800] "GET /xingrg/javascript/easyui/plugins/jquery.parser.js HTTP/1.1" 304 -
180.175.212.199 - - [25/May/2020:10:00:42 +0800] "POST /xingrg/kc/base/wldb_list_operate.html HTTP/1.1" 200 928
180.175.212.199 - - [25/May/2020:10:00:43 +0800] "GET /xingrg/kc/base/wldb_order_add.html HTTP/1.1" 200 30316
180.175.212.199 - - [25/May/2020:10:00:43 +0800] "GET /xingrg/javascript/pic_change.js HTTP/1.1" 304 -
180.175.212.199 - - [25/May/2020:10:00:43 +0800] "GET /xingrg/javascript/jquery_tools/order_manager.js HTTP/1.1" 304 -
180.175.212.199 - - [25/May/2020:10:00:43 +0800] "GET /xingrg/javascript/convert.js HTTP/1.1" 304 -
180.175.212.199 - - [25/May/2020:10:00:43 +0800] "GET /xingrg/javascript/json2.js HTTP/1.1" 304 -
180.175.212.199 - - [25/May/2020:10:00:43 +0800] "GET /xingrg/javascript/print/kc_print.js HTTP/1.1" 304 -
180.175.212.199 - - [25/May/2020:10:00:43 +0800] "GET /xingrg/words/20200524114319_words.js HTTP/1.1" 304 -
180.175.212.199 - - [25/May/2020:10:00:43 +0800] "POST /xingrg/kc/base/wldb_order_operate.html HTTP/1.1" 200 6806
180.175.212.199 - - [25/May/2020:10:00:44 +0800] "GET /xingrg/all/common/auto_word.html?type=base&rest_code=00102 HTTP/1.1" 200 1653
180.175.212.199 - - [25/May/2020:10:00:44 +0800] "GET /xingrg/all/common/auto_word.html?type=base&rest_code=00102 HTTP/1.1" 200 1653
180.175.212.199 - - [25/May/2020:10:00:44 +0800] "GET /xingrg/javascript/easyui/themes/default/validatebox.css HTTP/1.1" 404 1104
180.175.212.199 - - [25/May/2020:10:00:44 +0800] "GET /xingrg/javascript/easyui/plugins/jquery.validatebox.js HTTP/1.1" 304 -
180.175.212.199 - - [25/May/2020:10:00:44 +0800] "GET /xingrg/javascript/easyui/plugins/jquery.numberbox.js HTTP/1.1" 304 -
180.175.212.199 - - [25/May/2020:10:00:45 +0800] "GET /xingrg/javascript/auto/indicator.gif HTTP/1.1" 404 1066
180.162.232.172 - - [25/May/2020:10:00:45 +0800] "GET /xingrg/kc/buy/cgsh_order_operate.html?command=get_materiel&rest_code=00150&code=00101009007&supplier_code=00100096&order_time=2020-05-25 HTTP/1.1" 200 410
180.175.212.199 - - [25/May/2020:10:00:48 +0800] "GET /xingrg/javascript/jquery_tools/images/prev.gif HTTP/1.1" 404 1086
180.175.212.199 - - [25/May/2020:10:00:48 +0800] "GET /xingrg/javascript/jquery_tools/images/next.gif HTTP/1.1" 404 1086
58.221.95.50 - - [25/May/2020:10:00:50 +0800] "GET /xingrg/check_reg.html?_=1590372099836 HTTP/1.1" 302 -
114.88.170.9 - - [25/May/2020:10:00:51 +0800] "GET /xingrg/all/function/internal_message.html?_=1590372046988&CODE_STATE=getMsg HTTP/1.1" 200 27
180.175.212.199 - - [25/May/2020:10:00:52 +0800] "GET /xingrg/kc/base/wldb_order_operate.html?command=get_materiel&rest_code=00102&base_code=0010477&code=00102002685 HTTP/1.1" 200 442
117.184.7.30 - - [25/May/2020:10:00:54 +0800] "GET /xingrg/all/function/internal_message.html?_=1590372052284&CODE_STATE=getMsg HTTP/1.1" 200 27
58.40.7.146 - - [25/May/2020:10:00:55 +0800] "GET /xingrg/all/function/internal_message.html?_=1590372054848&CODE_STATE=getMsg HTTP/1.1" 200 27
180.162.232.172 - - [25/May/2020:10:00:56 +0800] "GET /xingrg/kc/buy/cgsh_order_operate.html?command=get_materiel&rest_code=00150&code=00101009016&supplier_code=00100096&order_time=2020-05-25 HTTP/1.1" 200 412
172.17.0.100 - - [25/May/2020:10:01:04 +0800] "GET /xingrg/check_reg.html?_=1590372066985 HTTP/1.1" 200 22
172.17.0.100 - - [25/May/2020:10:01:04 +0800] "GET /xingrg/all/function/internal_message.html?_=1590372066989&CODE_STATE=getMsg HTTP/1.1" 200 27
180.162.232.172 - - [25/May/2020:10:01:04 +0800] "GET /xingrg/kc/buy/cgsh_order_operate.html?command=get_materiel&rest_code=00150&code=00101009013&supplier_code=00100096&order_time=2020-05-25 HTTP/1.1" 200 420
117.185.32.26 - - [25/May/2020:10:01:10 +0800] "GET /xingrg/check_reg.html?_=1590372491369 HTTP/1.1" 200 22
172.17.0.120 - - [25/May/2020:10:01:10 +0800] "GET /xingrg/all/function/internal_message.html?_=1590372069629&CODE_STATE=getMsg HTTP/1.1" 200 27
180.162.232.172 - - [25/May/2020:10:01:15 +0800] "GET /xingrg/kc/buy/cgsh_order_operate.html?command=get_materiel&rest_code=00150&code=00101009086&supplier_code=00100096&order_time=2020-05-25 HTTP/1.1" 200 404
117.131.5.26 - - [25/May/2020:10:01:17 +0800] "GET /xingrg/all/function/internal_message.html?_=1590372347823&CODE_STATE=getMsg HTTP/1.1" 200 27
180.162.232.172 - - [25/May/2020:10:01:19 +0800] "GET /xingrg/all/function/internal_message.html?_=1590372078402&CODE_STATE=getMsg HTTP/1.1" 200 27
114.84.33.255 - - [25/May/2020:10:01:20 +0800] "GET /xingrg/all/function/internal_message.html?_=1590372079580&CODE_STATE=getMsg HTTP/1.1" 200 27
114.88.170.9 - - [25/May/2020:10:01:21 +0800] "GET /xingrg/all/function/internal_message.html?_=1590372435091&CODE_STATE=getMsg HTTP/1.1" 200 27
61.172.5.115 - - [25/May/2020:10:01:24 +0800] "GET /xingrg/all/function/internal_message.html?_=1590372085472&CODE_STATE=getMsg HTTP/1.1" 200 27
114.84.151.157 - - [25/May/2020:10:01:25 +0800] "GET /xingrg/all/function/internal_message.html?_=1590372086710&CODE_STATE=getMsg HTTP/1.1" 200 27
114.88.170.9 - - [25/May/2020:10:01:27 +0800] "GET /xingrg/all/function/internal_message.html?_=1590372082873&CODE_STATE=getMsg HTTP/1.1" 200 27
114.84.32.201 - - [25/May/2020:10:01:32 +0800] "GET /xingrg/all/function/internal_message.html?_=1590372088483&CODE_STATE=getMsg HTTP/1.1" 200 27
222.69.134.73 - - [25/May/2020:10:01:32 +0800] "GET /xingrg/all/function/internal_message.html?_=1590372092740&CODE_STATE=getMsg HTTP/1.1" 200 27
180.175.212.199 - - [25/May/2020:10:01:38 +0800] "GET /xingrg/all/function/internal_message.html?_=1590372100165&CODE_STATE=getMsg HTTP/1.1" 200 27
172.17.0.123 - - [25/May/2020:10:01:41 +0800] "GET /xingrg/all/function/internal_message.html?_=1590372089315&CODE_STATE=getMsg HTTP/1.1" 200 27
180.175.212.199 - - [25/May/2020:10:01:45 +0800] "GET /xingrg/kc/base/wldb_order_operate.html?command=get_materiel&rest_code=00102&base_code=0010477&code=00102002197 HTTP/1.1" 200 445
180.175.212.199 - - [25/May/2020:10:01:48 +0800] "GET /xingrg/kc/base/wldb_order_operate.html?command=get_materiel&rest_code=00102&base_code=0010477&code=00102002439 HTTP/1.1" 200 458
120.253.135.82 - - [25/May/2020:10:01:48 +0800] "GET /xingrg/check_reg.html?_=1590372240381 HTTP/1.1" 200 22
114.88.170.9 - - [25/May/2020:10:01:49 +0800] "GET /xingrg/check_reg.html?_=1590372104744 HTTP/1.1" 200 22
114.88.170.9 - - [25/May/2020:10:01:51 +0800] "GET /xingrg/all/function/internal_message.html?_=1590372107001&CODE_STATE=getMsg HTTP/1.1" 200 27
180.175.212.199 - - [25/May/2020:10:01:52 +0800] "GET /xingrg/kc/base/wldb_order_operate.html?command=get_materiel&rest_code=00102&base_code=0010477&code=00102002484 HTTP/1.1" 200 455
117.184.7.30 - - [25/May/2020:10:01:54 +0800] "GET /xingrg/all/function/internal_message.html?_=1590372112295&CODE_STATE=getMsg HTTP/1.1" 200 27
117.184.7.26 - - [25/May/2020:10:01:55 +0800] "GET /xingrg/check_reg.html?_=1590372112299 HTTP/1.1" 200 22
58.40.7.146 - - [25/May/2020:10:01:55 +0800] "GET /xingrg/all/function/internal_message.html?_=1590372114819&CODE_STATE=getMsg HTTP/1.1" 200 27
180.175.212.199 - - [25/May/2020:10:01:57 +0800] "POST /xingrg/kc/base/wldb_order_operate.html HTTP/1.1" 200 37
180.175.212.199 - - [25/May/2020:10:01:59 +0800] "POST /xingrg/kc/base/wldb_order_operate.html HTTP/1.1" 200 12
180.175.212.199 - - [25/May/2020:10:01:59 +0800] "POST /xingrg/kc/base/wldb_order_operate.html HTTP/1.1" 200 3691
180.175.212.199 - - [25/May/2020:10:02:02 +0800] "GET /xingrg/kc/base/wldb_order_info.html?code=422020052502457 HTTP/1.1" 200 26195
180.175.212.199 - - [25/May/2020:10:02:02 +0800] "POST /xingrg/kc/base/wldb_order_operate.html HTTP/1.1" 200 1951
180.175.212.199 - - [25/May/2020:10:02:03 +0800] "GET /xingrg/javascript/easyui/themes/default/validatebox.css HTTP/1.1" 404 1104
114.88.170.9 - - [25/May/2020:10:02:03 +0800] "GET /xingrg/check_reg.html?_=1590372119467 HTTP/1.1" 200 22
172.17.0.100 - - [25/May/2020:10:02:04 +0800] "GET /xingrg/all/function/internal_message.html?_=1590372126975&CODE_STATE=getMsg HTTP/1.1" 200 27
180.175.212.199 - - [25/May/2020:10:02:04 +0800] "GET /xingrg/kc/base/wldb_order_add.html HTTP/1.1" 200 30316
180.175.212.199 - - [25/May/2020:10:02:04 +0800] "POST /xingrg/kc/base/wldb_order_operate.html HTTP/1.1" 200 6806
180.175.212.199 - - [25/May/2020:10:02:05 +0800] "GET /xingrg/javascript/easyui/themes/default/validatebox.css HTTP/1.1" 404 1104
172.17.0.120 - - [25/May/2020:10:02:10 +0800] "GET /xingrg/all/function/internal_message.html?_=1590372129632&CODE_STATE=getMsg HTTP/1.1" 200 27
180.175.212.199 - - [25/May/2020:10:02:16 +0800] "GET /xingrg/kc/base/wldb_order_operate.html?command=get_materiel&rest_code=00102&base_code=0010477&code=00102002315 HTTP/1.1" 200 444
117.131.5.26 - - [25/May/2020:10:02:17 +0800] "GET /xingrg/all/function/internal_message.html?_=1590372407839&CODE_STATE=getMsg HTTP/1.1" 200 27
180.162.232.172 - - [25/May/2020:10:02:19 +0800] "GET /xingrg/check_reg.html?_=1590372138373 HTTP/1.1" 200 22
180.162.232.172 - - [25/May/2020:10:02:19 +0800] "GET /xingrg/all/function/internal_message.html?_=1590372138375&CODE_STATE=getMsg HTTP/1.1" 200 27
114.84.33.255 - - [25/May/2020:10:02:20 +0800] "GET /xingrg/all/function/internal_message.html?_=1590372139594&CODE_STATE=getMsg HTTP/1.1" 200 27
180.175.212.199 - - [25/May/2020:10:02:21 +0800] "GET /xingrg/kc/base/wldb_order_operate.html?command=get_materiel&rest_code=00102&base_code=0010477&code=00102002314 HTTP/1.1" 200 447
114.88.170.9 - - [25/May/2020:10:02:21 +0800] "GET /xingrg/all/function/internal_message.html?_=1590372495091&CODE_STATE=getMsg HTTP/1.1" 200 27
58.40.7.146 - - [25/May/2020:10:02:23 +0800] "GET /xingrg/check_reg.html?_=1590372143213 HTTP/1.1" 200 22
61.172.5.115 - - [25/May/2020:10:02:24 +0800] "GET /xingrg/all/function/internal_message.html?_=1590372145471&CODE_STATE=getMsg HTTP/1.1" 200 27
114.84.151.157 - - [25/May/2020:10:02:25 +0800] "GET /xingrg/all/function/internal_message.html?_=1590372146688&CODE_STATE=getMsg HTTP/1.1" 200 27
114.88.170.9 - - [25/May/2020:10:02:27 +0800] "GET /xingrg/all/function/internal_message.html?_=1590372142881&CODE_STATE=getMsg HTTP/1.1" 200 27
180.175.212.199 - - [25/May/2020:10:02:29 +0800] "GET /xingrg/kc/base/wldb_order_operate.html?command=get_materiel&rest_code=00102&base_code=0010477&code=00102004030 HTTP/1.1" 200 442
114.84.32.201 - - [25/May/2020:10:02:32 +0800] "GET /xingrg/all/function/internal_message.html?_=1590372148485&CODE_STATE=getMsg HTTP/1.1" 200 27
180.175.212.199 - - [25/May/2020:10:02:32 +0800] "POST /xingrg/kc/base/wldb_order_operate.html HTTP/1.1" 200 37
222.69.134.73 - - [25/May/2020:10:02:32 +0800] "GET /xingrg/all/function/internal_message.html?_=1590372152746&CODE_STATE=getMsg HTTP/1.1" 200 27
180.175.212.199 - - [25/May/2020:10:02:34 +0800] "POST /xingrg/kc/base/wldb_order_operate.html HTTP/1.1" 200 12
180.175.212.199 - - [25/May/2020:10:02:34 +0800] "POST /xingrg/kc/base/wldb_order_operate.html HTTP/1.1" 200 2690
180.175.212.199 - - [25/May/2020:10:02:34 +0800] "GET /xingrg/kc/base/wldb_order_info.html?code=422020052502458 HTTP/1.1" 200 26194
180.175.212.199 - - [25/May/2020:10:02:35 +0800] "POST /xingrg/kc/base/wldb_order_operate.html HTTP/1.1" 200 974
180.175.212.199 - - [25/May/2020:10:02:35 +0800] "GET /xingrg/javascript/easyui/themes/default/validatebox.css HTTP/1.1" 404 1104
180.175.212.199 - - [25/May/2020:10:02:39 +0800] "GET /xingrg/all/function/internal_message.html?_=1590372160675&CODE_STATE=getMsg HTTP/1.1" 200 27
180.175.212.199 - - [25/May/2020:10:02:39 +0800] "GET /xingrg/kc/base/wldb_order_add.html HTTP/1.1" 200 30316
180.175.212.199 - - [25/May/2020:10:02:39 +0800] "POST /xingrg/kc/base/wldb_order_operate.html HTTP/1.1" 200 6806
180.175.212.199 - - [25/May/2020:10:02:40 +0800] "GET /xingrg/javascript/easyui/themes/default/validatebox.css HTTP/1.1" 404 1104
117.185.32.26 - - [25/May/2020:10:02:40 +0800] "GET /favicon.ico HTTP/1.1" 404 -
172.17.0.123 - - [25/May/2020:10:02:41 +0800] "GET /xingrg/all/function/internal_message.html?_=1590372149325&CODE_STATE=getMsg HTTP/1.1" 200 27
117.185.32.26 - - [25/May/2020:10:02:48 +0800] "GET /xingrg/login.html HTTP/1.1" 200 7641
180.175.212.199 - - [25/May/2020:10:02:49 +0800] "GET /xingrg/kc/base/wldb_order_operate.html?command=get_materiel&rest_code=00102&base_code=0010477&code=00102002035 HTTP/1.1" 200 425
117.185.32.26 - - [25/May/2020:10:02:49 +0800] "GET /favicon.ico HTTP/1.1" 404 -
114.88.170.9 - - [25/May/2020:10:02:51 +0800] "GET /xingrg/all/function/internal_message.html?_=1590372167015&CODE_STATE=getMsg HTTP/1.1" 200 27
180.175.212.199 - - [25/May/2020:10:02:52 +0800] "GET /xingrg/kc/base/wldb_order_operate.html?command=get_materiel&rest_code=00102&base_code=0010477&code=00102002204 HTTP/1.1" 200 433
117.184.7.30 - - [25/May/2020:10:02:54 +0800] "GET /xingrg/all/function/internal_message.html?_=1590372172280&CODE_STATE=getMsg HTTP/1.1" 200 27
58.40.7.146 - - [25/May/2020:10:02:55 +0800] "GET /xingrg/all/function/internal_message.html?_=1590372174793&CODE_STATE=getMsg HTTP/1.1" 200 27
180.175.212.199 - - [25/May/2020:10:02:55 +0800] "POST /xingrg/kc/base/wldb_order_operate.html HTTP/1.1" 200 37
180.175.212.199 - - [25/May/2020:10:02:56 +0800] "POST /xingrg/kc/base/wldb_order_operate.html HTTP/1.1" 200 12
180.175.212.199 - - [25/May/2020:10:02:56 +0800] "POST /xingrg/kc/base/wldb_order_operate.html HTTP/1.1" 200 2674
180.175.212.199 - - [25/May/2020:10:02:58 +0800] "GET /xingrg/kc/base/wldb_order_info.html?code=422020052502459 HTTP/1.1" 200 26193
114.84.151.157 - - [25/May/2020:10:02:58 +0800] "GET /xingrg/check_reg.html?_=1590372179138 HTTP/1.1" 200 22
180.175.212.199 - - [25/May/2020:10:02:58 +0800] "POST /xingrg/kc/base/wldb_order_operate.html HTTP/1.1" 200 957
180.175.212.199 - - [25/May/2020:10:02:58 +0800] "GET /xingrg/javascript/easyui/themes/default/validatebox.css HTTP/1.1" 404 1104
117.185.32.26 - - [25/May/2020:10:02:59 +0800] "POST /xingrg/login.do HTTP/1.1" 302 -
117.185.32.26 - - [25/May/2020:10:02:59 +0800] "GET /xingrg/index.html?sysBaseUrl=http%3A%2F%2F180.169.147.146%3A18081%2Fxingrg%2F&costTime=40×tamp=1590372179343 HTTP/1.1" 200 17173
117.185.32.26 - - [25/May/2020:10:02:59 +0800] "GET /favicon.ico HTTP/1.1" 404 -
117.185.32.26 - - [25/May/2020:10:02:59 +0800] "POST /xingrg/all/common/load_tree.html?tree=area_rest_tree_json&manage=1 HTTP/1.1" 200 342
117.185.32.26 - - [25/May/2020:10:03:00 +0800] "GET /xingrg/all/function/internal_message.html?_=1590372601289&CODE_STATE=count HTTP/1.1" 200 11
117.185.32.26 - - [25/May/2020:10:03:00 +0800] "GET /xingrg/check_reg.html?_=1590372601290 HTTP/1.1" 200 22
117.185.32.26 - - [25/May/2020:10:03:00 +0800] "POST /xingrg/load_menu.html HTTP/1.1" 200 5138
180.175.212.199 - - [25/May/2020:10:03:00 +0800] "GET /xingrg/kc/base/wldb_order_add.html HTTP/1.1" 200 30316
180.175.212.199 - - [25/May/2020:10:03:00 +0800] "POST /xingrg/kc/base/wldb_order_operate.html HTTP/1.1" 200 6806
180.175.212.199 - - [25/May/2020:10:03:01 +0800] "GET /xingrg/javascript/easyui/themes/default/validatebox.css HTTP/1.1" 404 1104
117.185.32.26 - - [25/May/2020:10:03:03 +0800] "GET /xingrg/kc/buy/buy_main.html HTTP/1.1" 200 12412
117.185.32.26 - - [25/May/2020:10:03:03 +0800] "GET /xingrg/css/new_ie.css HTTP/1.1" 404 1036
172.17.0.100 - - [25/May/2020:10:03:04 +0800] "GET /xingrg/all/function/internal_message.html?_=1590372186975&CODE_STATE=getMsg HTTP/1.1" 200 27
117.185.32.26 - - [25/May/2020:10:03:04 +0800] "GET /xingrg/images/yd/bt.gif HTTP/1.1" 404 1040
117.185.32.26 - - [25/May/2020:10:03:05 +0800] "GET /xingrg/kc/buy/cgsh_order_list.html HTTP/1.1" 200 42940
117.185.32.26 - - [25/May/2020:10:03:07 +0800] "POST /xingrg/kc/buy/cgsh_list_operate.html HTTP/1.1" 200 1690
117.185.32.26 - - [25/May/2020:10:03:10 +0800] "GET /xingrg/kc/buy/cgsh_order_add.html HTTP/1.1" 200 58678
117.185.32.26 - - [25/May/2020:10:03:10 +0800] "GET /xingrg/javascript/easyui/themes/default/validatebox.css HTTP/1.1" 404 1104
117.185.32.26 - - [25/May/2020:10:03:10 +0800] "POST /xingrg/kc/buy/cgsh_order_operate.html HTTP/1.1" 200 8245
117.185.32.26 - - [25/May/2020:10:03:10 +0800] "GET /xingrg/all/common/auto_word.html?type=employee&rest_code=00106 HTTP/1.1" 200 205
117.185.32.26 - - [25/May/2020:10:03:10 +0800] "GET /xingrg/all/common/auto_word.html?type=employee&rest_code=00106 HTTP/1.1" 200 205
172.17.0.120 - - [25/May/2020:10:03:10 +0800] "GET /xingrg/all/function/internal_message.html?_=1590372189636&CODE_STATE=getMsg HTTP/1.1" 200 27
180.175.212.199 - - [25/May/2020:10:03:11 +0800] "GET /xingrg/kc/base/wldb_order_operate.html?command=get_materiel&rest_code=00102&base_code=0010477&code=00102002304 HTTP/1.1" 200 449
117.185.32.26 - - [25/May/2020:10:03:12 +0800] "GET /xingrg/javascript/easyui/themes/default/tree.css HTTP/1.1" 404 1090
117.185.32.26 - - [25/May/2020:10:03:12 +0800] "POST /xingrg/all/common/load_tree.html?tree=supplier_tree_json&isDelete=1 HTTP/1.1" 200 48344
180.162.232.172 - - [25/May/2020:10:03:13 +0800] "POST /xingrg/kc/buy/cgsh_order_operate.html HTTP/1.1" 200 37
180.162.232.172 - - [25/May/2020:10:03:14 +0800] "POST /xingrg/kc/buy/cgsh_order_operate.html HTTP/1.1" 200 12
180.175.212.199 - - [25/May/2020:10:03:15 +0800] "POST /xingrg/kc/base/wldb_order_operate.html HTTP/1.1" 200 37
180.162.232.172 - - [25/May/2020:10:03:15 +0800] "GET /xingrg/kc/buy/cgsh_order_info.html?code=212020052508988 HTTP/1.1" 200 53495
180.162.232.172 - - [25/May/2020:10:03:16 +0800] "GET /xingrg/javascript/easyui/themes/default/validatebox.css HTTP/1.1" 404 1104
180.162.232.172 - - [25/May/2020:10:03:16 +0800] "POST /xingrg/kc/buy/cgsh_order_operate.html HTTP/1.1" 200 5357
180.175.212.199 - - [25/May/2020:10:03:16 +0800] "POST /xingrg/kc/base/wldb_order_operate.html HTTP/1.1" 200 12
180.175.212.199 - - [25/May/2020:10:03:16 +0800] "POST /xingrg/kc/base/wldb_order_operate.html HTTP/1.1" 200 2691
117.131.5.26 - - [25/May/2020:10:03:17 +0800] "GET /xingrg/all/function/internal_message.html?_=1590372467863&CODE_STATE=getMsg HTTP/1.1" 200 27
180.162.232.172 - - [25/May/2020:10:03:17 +0800] "GET /xingrg/kc/print/load_data.html?order_code=212020052508988&kc_code=cgsh&condition= HTTP/1.1" 200 2491
180.175.212.199 - - [25/May/2020:10:03:18 +0800] "GET /xingrg/kc/base/wldb_order_info.html?code=422020052502460 HTTP/1.1" 200 26193
180.175.212.199 - - [25/May/2020:10:03:18 +0800] "POST /xingrg/kc/base/wldb_order_operate.html HTTP/1.1" 200 974
114.84.33.255 - - [25/May/2020:10:03:18 +0800] "GET /xingrg/check_reg.html?_=1590372197799 HTTP/1.1" 200 22
180.175.212.199 - - [25/May/2020:10:03:18 +0800] "GET /xingrg/javascript/easyui/themes/default/validatebox.css HTTP/1.1" 404 1104
180.162.232.172 - - [25/May/2020:10:03:19 +0800] "GET /xingrg/all/function/internal_message.html?_=1590372198477&CODE_STATE=getMsg HTTP/1.1" 200 27
