117.131.5.26 - - [25/May/2020:10:20:20 +0800] "GET /xingrg/system/rest/query_items.html?_=1590373231812&table=menu&page=1&rows=20&categoryId=&key=fzmj HTTP/1.1" 200 745
114.84.33.255 - - [25/May/2020:10:20:21 +0800] "GET /xingrg/all/function/internal_message.html?_=1590373220321&CODE_STATE=getMsg HTTP/1.1" 200 27
114.88.170.9 - - [25/May/2020:10:20:21 +0800] "GET /xingrg/all/function/internal_message.html?_=1590373575098&CODE_STATE=getMsg HTTP/1.1" 200 27
114.88.170.9 - - [25/May/2020:10:20:21 +0800] "GET /xingrg/check_reg.html?_=1590373575095 HTTP/1.1" 200 22
117.131.5.26 - - [25/May/2020:10:20:22 +0800] "GET /xingrg/system/rest/get_item.html?table=menu&id=2084&_=1590373233453 HTTP/1.1" 200 971
117.131.5.26 - - [25/May/2020:10:20:22 +0800] "GET /xingrg/system/rest/get_item.html?table=menu&target=menu_rest&id=2084&_=1590373233468 HTTP/1.1" 200 1143
117.131.5.26 - - [25/May/2020:10:20:22 +0800] "GET /xingrg/system/rest/get_item.html?table=menu&target=cook_mode&id=2084&_=1590373233468 HTTP/1.1" 200 9370
58.40.7.146 - - [25/May/2020:10:20:23 +0800] "GET /xingrg/all/function/internal_message.html?_=1590373222767&CODE_STATE=getMsg HTTP/1.1" 200 27
180.175.212.199 - - [25/May/2020:10:20:23 +0800] "GET /xingrg/kc/buy/cgsh_order_list.html HTTP/1.1" 200 42940
180.175.212.199 - - [25/May/2020:10:20:23 +0800] "POST /xingrg/kc/buy/cgsh_list_operate.html HTTP/1.1" 200 876
117.131.5.26 - - [25/May/2020:10:20:24 +0800] "GET /xingrg/system/rest/get_infos.html?command=menu_img_show&id=2084 HTTP/1.1" 200 5
61.172.5.115 - - [25/May/2020:10:20:24 +0800] "GET /xingrg/all/function/internal_message.html?_=1590373225483&CODE_STATE=getMsg HTTP/1.1" 200 27
180.175.212.199 - - [25/May/2020:10:20:24 +0800] "GET /xingrg/kc/buy/cgsh_order_list.html HTTP/1.1" 200 42940
114.84.151.157 - - [25/May/2020:10:20:25 +0800] "GET /xingrg/all/function/internal_message.html?_=1590373226313&CODE_STATE=getMsg HTTP/1.1" 200 27
180.175.212.199 - - [25/May/2020:10:20:25 +0800] "POST /xingrg/kc/buy/cgsh_list_operate.html HTTP/1.1" 200 876
222.69.134.73 - - [25/May/2020:10:20:25 +0800] "GET /xingrg/kc/buy/cgsh_order_operate.html?command=get_materiel&rest_code=00149&code=00101008357&supplier_code=00100005&order_time=2020-05-25 HTTP/1.1" 200 408
180.162.232.172 - - [25/May/2020:10:20:25 +0800] "POST /xingrg/kc/base/wldb_order_operate.html HTTP/1.1" 200 37
180.162.232.172 - - [25/May/2020:10:20:27 +0800] "POST /xingrg/kc/base/wldb_order_operate.html HTTP/1.1" 200 12
180.162.232.172 - - [25/May/2020:10:20:27 +0800] "POST /xingrg/kc/base/wldb_order_operate.html HTTP/1.1" 200 2651
117.131.5.26 - - [25/May/2020:10:20:27 +0800] "GET /xingrg/system/rest/get_item.html?table=menu&target=menu_rest_detail&id=2084&sid=5&_=1590373238890 HTTP/1.1" 200 425
114.88.170.9 - - [25/May/2020:10:20:27 +0800] "GET /xingrg/all/function/internal_message.html?_=1590373223299&CODE_STATE=getMsg HTTP/1.1" 200 27
172.17.0.100 - - [25/May/2020:10:20:28 +0800] "GET /xingrg/javascript/jquery_tools/images/prev.gif HTTP/1.1" 404 1086
172.17.0.100 - - [25/May/2020:10:20:28 +0800] "GET /xingrg/javascript/jquery_tools/images/next.gif HTTP/1.1" 404 1086
180.162.232.172 - - [25/May/2020:10:20:28 +0800] "GET /xingrg/kc/base/wldb_order_info.html?code=422020052502463 HTTP/1.1" 200 26198
180.162.232.172 - - [25/May/2020:10:20:29 +0800] "GET /xingrg/javascript/easyui/themes/default/validatebox.css HTTP/1.1" 404 1104
180.162.232.172 - - [25/May/2020:10:20:29 +0800] "POST /xingrg/kc/base/wldb_order_operate.html HTTP/1.1" 200 935
114.84.32.201 - - [25/May/2020:10:20:29 +0800] "GET /xingrg/system/rest/query_items.html?_=1590373225616&table=menu&page=1&rows=20&categoryId=&key=7010 HTTP/1.1" 200 281
114.84.32.201 - - [25/May/2020:10:20:32 +0800] "GET /xingrg/all/function/internal_message.html?_=1590373228504&CODE_STATE=getMsg HTTP/1.1" 200 27
222.69.134.73 - - [25/May/2020:10:20:32 +0800] "GET /xingrg/all/function/internal_message.html?_=1590373232775&CODE_STATE=getMsg HTTP/1.1" 200 27
114.84.32.201 - - [25/May/2020:10:20:33 +0800] "GET /xingrg/system/rest/query_items.html?_=1590373230337&table=menu&page=1&rows=20&categoryId=&key=7012 HTTP/1.1" 200 241
117.131.5.26 - - [25/May/2020:10:20:34 +0800] "GET /xingrg/system/rest/query_items.html?_=1590373245359&table=menu&page=1&rows=20&categoryId=&key=xbc HTTP/1.1" 200 3846
117.131.5.26 - - [25/May/2020:10:20:36 +0800] "GET /xingrg/system/rest/get_item.html?table=menu&id=1931&_=1590373247312 HTTP/1.1" 200 944
117.131.5.26 - - [25/May/2020:10:20:36 +0800] "GET /xingrg/system/rest/get_item.html?table=menu&target=menu_rest&id=1931&_=1590373247343 HTTP/1.1" 200 886
117.131.5.26 - - [25/May/2020:10:20:36 +0800] "GET /xingrg/system/rest/get_item.html?table=menu&target=cook_mode&id=1931&_=1590373247328 HTTP/1.1" 200 17346
172.17.0.100 - - [25/May/2020:10:20:36 +0800] "POST /xingrg/kc/buy/cgsh_list_operate.html HTTP/1.1" 200 9319
222.69.134.73 - - [25/May/2020:10:20:37 +0800] "GET /xingrg/kc/buy/cgsh_order_operate.html?command=get_materiel&rest_code=00149&code=00101008286&supplier_code=00100005&order_time=2020-05-25 HTTP/1.1" 200 408
117.131.5.26 - - [25/May/2020:10:20:38 +0800] "GET /xingrg/system/rest/get_infos.html?command=menu_img_show&id=1931 HTTP/1.1" 200 5
114.84.32.201 - - [25/May/2020:10:20:38 +0800] "GET /xingrg/system/rest/query_items.html?_=1590373235102&table=menu&page=1&rows=20&categoryId=&key=7013 HTTP/1.1" 200 249
117.131.5.26 - - [25/May/2020:10:20:40 +0800] "GET /xingrg/all/function/internal_message.html?_=1590373251468&CODE_STATE=getMsg HTTP/1.1" 200 27
172.17.0.100 - - [25/May/2020:10:20:41 +0800] "POST /xingrg/kc/buy/cgsh_list_operate.html HTTP/1.1" 200 199
117.131.5.26 - - [25/May/2020:10:20:42 +0800] "GET /xingrg/system/rest/get_item.html?table=menu&target=menu_rest_detail&id=1931&sid=5&_=1590373253421 HTTP/1.1" 200 440
114.84.32.201 - - [25/May/2020:10:20:42 +0800] "GET /xingrg/system/rest/query_items.html?_=1590373239402&table=menu&page=1&rows=20&categoryId=&key=7014 HTTP/1.1" 200 274
172.17.0.100 - - [25/May/2020:10:20:46 +0800] "POST /xingrg/kc/buy/cgsh_list_operate.html HTTP/1.1" 200 4
114.84.32.201 - - [25/May/2020:10:20:46 +0800] "GET /xingrg/system/rest/query_items.html?_=1590373243239&table=menu&page=1&rows=20&categoryId=&key=7025 HTTP/1.1" 200 257
172.17.0.100 - - [25/May/2020:10:20:47 +0800] "POST /xingrg/kc/buy/cgsh_list_operate.html HTTP/1.1" 200 9324
58.221.95.50 - - [25/May/2020:10:20:50 +0800] "GET /xingrg/check_reg.html?_=1590373299760 HTTP/1.1" 302 -
114.84.32.201 - - [25/May/2020:10:20:50 +0800] "GET /xingrg/system/rest/query_items.html?_=1590373247346&table=menu&page=1&rows=20&categoryId=&key=7026 HTTP/1.1" 200 259
117.131.5.26 - - [25/May/2020:10:20:51 +0800] "GET /xingrg/system/rest/query_items.html?_=1590373262859&table=menu&page=1&rows=20&categoryId=&key=dy HTTP/1.1" 200 4821
114.88.170.9 - - [25/May/2020:10:20:51 +0800] "GET /xingrg/all/function/internal_message.html?_=1590373247259&CODE_STATE=getMsg HTTP/1.1" 200 27
222.69.134.73 - - [25/May/2020:10:20:54 +0800] "GET /xingrg/kc/buy/cgsh_order_operate.html?command=get_materiel&rest_code=00149&code=00101008036&supplier_code=00100005&order_time=2020-05-25 HTTP/1.1" 200 408
58.40.7.146 - - [25/May/2020:10:20:54 +0800] "GET /xingrg/all/function/internal_message.html?_=1590373254340&CODE_STATE=getMsg HTTP/1.1" 200 27
117.184.7.30 - - [25/May/2020:10:20:55 +0800] "GET /xingrg/all/function/internal_message.html?_=1590373252365&CODE_STATE=getMsg HTTP/1.1" 200 27
120.253.135.82 - - [25/May/2020:10:20:57 +0800] "GET /xingrg/all/function/internal_message.html?_=1590373012552&CODE_STATE=getMsg HTTP/1.1" 200 27
114.84.32.201 - - [25/May/2020:10:20:58 +0800] "GET /xingrg/system/rest/query_items.html?_=1590373254723&table=menu&page=1&rows=20&categoryId=&key=7084 HTTP/1.1" 200 242
114.84.32.201 - - [25/May/2020:10:21:02 +0800] "GET /xingrg/system/rest/query_items.html?_=1590373259135&table=menu&page=1&rows=20&categoryId=&key=7085 HTTP/1.1" 200 241
117.131.5.26 - - [25/May/2020:10:21:06 +0800] "GET /xingrg/system/rest/query_items.html?_=1590373277296&table=menu&page=1&rows=20&categoryId=&key=dy HTTP/1.1" 200 4821
114.84.32.201 - - [25/May/2020:10:21:06 +0800] "GET /xingrg/all/function/internal_message.html?_=1590373262673&CODE_STATE=getMsg HTTP/1.1" 200 27
180.162.232.172 - - [25/May/2020:10:21:06 +0800] "GET /xingrg/kc/base/wldb_order_add.html HTTP/1.1" 200 30322
180.175.212.199 - - [25/May/2020:10:21:06 +0800] "GET /xingrg/all/function/internal_message.html?_=1590373267934&CODE_STATE=getMsg HTTP/1.1" 200 27
180.162.232.172 - - [25/May/2020:10:21:07 +0800] "GET /xingrg/javascript/easyui/themes/default/validatebox.css HTTP/1.1" 404 1104
180.162.232.172 - - [25/May/2020:10:21:07 +0800] "POST /xingrg/kc/base/wldb_order_operate.html HTTP/1.1" 200 6806
114.84.32.201 - - [25/May/2020:10:21:08 +0800] "GET /xingrg/system/rest/query_items.html?_=1590373265234&table=menu&page=1&rows=20&categoryId=&key=7089 HTTP/1.1" 200 256
172.17.0.100 - - [25/May/2020:10:21:10 +0800] "GET /xingrg/all/function/internal_message.html?_=1590373273400&CODE_STATE=getMsg HTTP/1.1" 200 27
172.17.0.120 - - [25/May/2020:10:21:10 +0800] "GET /xingrg/all/function/internal_message.html?_=1590373269639&CODE_STATE=getMsg HTTP/1.1" 200 27
222.69.134.73 - - [25/May/2020:10:21:10 +0800] "GET /xingrg/kc/buy/cgsh_order_operate.html?command=get_materiel&rest_code=00149&code=00101008296&supplier_code=00100005&order_time=2020-05-25 HTTP/1.1" 200 416
222.69.134.73 - - [25/May/2020:10:21:14 +0800] "POST /xingrg/kc/buy/cgsh_order_operate.html HTTP/1.1" 200 2065
114.84.32.201 - - [25/May/2020:10:21:15 +0800] "GET /xingrg/system/rest/query_items.html?_=1590373271685&table=menu&page=1&rows=20&categoryId=&key=7090 HTTP/1.1" 200 243
180.162.232.172 - - [25/May/2020:10:21:15 +0800] "GET /xingrg/all/function/internal_message.html?_=1590373274466&CODE_STATE=getMsg HTTP/1.1" 200 27
222.69.134.73 - - [25/May/2020:10:21:19 +0800] "GET /xingrg/kc/buy/cgsh_order_operate.html?command=get_materiel&rest_code=00149&code=00101008213&supplier_code=00100005&order_time=2020-05-25 HTTP/1.1" 200 412
114.84.32.201 - - [25/May/2020:10:21:19 +0800] "GET /xingrg/system/rest/query_items.html?_=1590373275855&table=menu&page=1&rows=20&categoryId=&key=7091 HTTP/1.1" 200 240
114.84.33.255 - - [25/May/2020:10:21:21 +0800] "GET /xingrg/all/function/internal_message.html?_=1590373280463&CODE_STATE=getMsg HTTP/1.1" 200 27
114.88.170.9 - - [25/May/2020:10:21:21 +0800] "GET /xingrg/all/function/internal_message.html?_=1590373635097&CODE_STATE=getMsg HTTP/1.1" 200 27
58.40.7.146 - - [25/May/2020:10:21:23 +0800] "GET /xingrg/all/function/internal_message.html?_=1590373282771&CODE_STATE=getMsg HTTP/1.1" 200 27
114.84.32.201 - - [25/May/2020:10:21:23 +0800] "GET /xingrg/system/rest/query_items.html?_=1590373279496&table=menu&page=1&rows=20&categoryId=&key=7092 HTTP/1.1" 200 261
61.172.5.115 - - [25/May/2020:10:21:24 +0800] "GET /xingrg/all/function/internal_message.html?_=1590373285488&CODE_STATE=getMsg HTTP/1.1" 200 27
114.84.151.157 - - [25/May/2020:10:21:25 +0800] "GET /xingrg/all/function/internal_message.html?_=1590373286288&CODE_STATE=getMsg HTTP/1.1" 200 27
114.84.32.201 - - [25/May/2020:10:21:27 +0800] "GET /xingrg/system/rest/query_items.html?_=1590373283735&table=menu&page=1&rows=20&categoryId=&key=7093 HTTP/1.1" 200 244
114.88.170.9 - - [25/May/2020:10:21:27 +0800] "GET /xingrg/all/function/internal_message.html?_=1590373283331&CODE_STATE=getMsg HTTP/1.1" 200 27
180.162.232.172 - - [25/May/2020:10:21:29 +0800] "GET /xingrg/kc/base/wldb_order_operate.html?command=get_materiel&rest_code=00150&base_code=0010445&code=00101019370 HTTP/1.1" 200 437
114.84.32.201 - - [25/May/2020:10:21:31 +0800] "GET /xingrg/system/rest/query_items.html?_=1590373287603&table=menu&page=1&rows=20&categoryId=&key=7094 HTTP/1.1" 200 244
114.84.32.201 - - [25/May/2020:10:21:32 +0800] "GET /xingrg/all/function/internal_message.html?_=1590373288507&CODE_STATE=getMsg HTTP/1.1" 200 27
222.69.134.73 - - [25/May/2020:10:21:32 +0800] "GET /xingrg/all/function/internal_message.html?_=1590373292753&CODE_STATE=getMsg HTTP/1.1" 200 27
114.84.32.201 - - [25/May/2020:10:21:34 +0800] "GET /xingrg/system/rest/query_items.html?_=1590373290983&table=menu&page=1&rows=20&categoryId=&key=7095 HTTP/1.1" 200 250
180.162.232.172 - - [25/May/2020:10:21:36 +0800] "GET /xingrg/kc/base/wldb_order_operate.html?command=get_materiel&rest_code=00150&base_code=0010445&code=00101013011 HTTP/1.1" 200 451
114.84.32.201 - - [25/May/2020:10:21:38 +0800] "GET /xingrg/system/rest/query_items.html?_=1590373294735&table=menu&page=1&rows=20&categoryId=&key=7096 HTTP/1.1" 200 255
117.131.5.26 - - [25/May/2020:10:21:40 +0800] "GET /xingrg/all/function/internal_message.html?_=1590373311468&CODE_STATE=getMsg HTTP/1.1" 200 27
222.69.134.73 - - [25/May/2020:10:21:41 +0800] "GET /xingrg/kc/buy/cgsh_order_operate.html?command=get_materiel&rest_code=00149&code=00101008225&supplier_code=00100005&order_time=2020-05-25 HTTP/1.1" 200 416
114.84.32.201 - - [25/May/2020:10:21:42 +0800] "GET /xingrg/system/rest/query_items.html?_=1590373298544&table=menu&page=1&rows=20&categoryId=&key=7097 HTTP/1.1" 200 257
180.162.232.172 - - [25/May/2020:10:21:44 +0800] "GET /xingrg/kc/base/wldb_order_operate.html?command=get_materiel&rest_code=00150&base_code=0010445&code=00101019127 HTTP/1.1" 200 466
114.84.32.201 - - [25/May/2020:10:21:45 +0800] "GET /xingrg/system/rest/query_items.html?_=1590373302273&table=menu&page=1&rows=20&categoryId=&key=7098 HTTP/1.1" 200 255
120.253.135.82 - - [25/May/2020:10:21:48 +0800] "GET /xingrg/check_reg.html?_=1590373440408 HTTP/1.1" 200 22
114.88.170.9 - - [25/May/2020:10:21:49 +0800] "GET /xingrg/check_reg.html?_=1590373304762 HTTP/1.1" 200 22
114.88.170.9 - - [25/May/2020:10:21:51 +0800] "GET /xingrg/all/function/internal_message.html?_=1590373307274&CODE_STATE=getMsg HTTP/1.1" 200 27
114.84.32.201 - - [25/May/2020:10:21:52 +0800] "GET /xingrg/system/rest/query_items.html?_=1590373308864&table=menu&page=1&rows=20&categoryId=&key=7099 HTTP/1.1" 200 247
180.162.232.172 - - [25/May/2020:10:21:53 +0800] "GET /xingrg/kc/base/wldb_order_operate.html?command=get_materiel&rest_code=00150&base_code=0010445&code=00101019108 HTTP/1.1" 200 463
58.40.7.146 - - [25/May/2020:10:21:54 +0800] "GET /xingrg/all/function/internal_message.html?_=1590373314312&CODE_STATE=getMsg HTTP/1.1" 200 27
117.184.7.30 - - [25/May/2020:10:21:54 +0800] "GET /xingrg/check_reg.html?_=1590373312257 HTTP/1.1" 200 22
117.184.7.30 - - [25/May/2020:10:21:55 +0800] "GET /xingrg/all/function/internal_message.html?_=1590373312337&CODE_STATE=getMsg HTTP/1.1" 200 27
114.84.32.201 - - [25/May/2020:10:21:57 +0800] "GET /xingrg/system/rest/query_items.html?_=1590373313503&table=menu&page=1&rows=20&categoryId=&key=7070 HTTP/1.1" 200 255
222.69.134.73 - - [25/May/2020:10:21:57 +0800] "GET /xingrg/kc/buy/cgsh_order_operate.html?command=get_materiel&rest_code=00149&code=00101008114&supplier_code=00100005&order_time=2020-05-25 HTTP/1.1" 200 412
120.253.135.82 - - [25/May/2020:10:21:57 +0800] "GET /xingrg/all/function/internal_message.html?_=1590373072585&CODE_STATE=getMsg HTTP/1.1" 200 27
114.84.32.201 - - [25/May/2020:10:22:01 +0800] "GET /xingrg/system/rest/query_items.html?_=1590373317534&table=menu&page=1&rows=20&categoryId=&key=7071 HTTP/1.1" 200 273
180.162.232.172 - - [25/May/2020:10:22:02 +0800] "GET /xingrg/kc/base/wldb_order_operate.html?command=get_materiel&rest_code=00150&base_code=0010445&code=00101019267 HTTP/1.1" 200 481
114.88.170.9 - - [25/May/2020:10:22:03 +0800] "GET /xingrg/check_reg.html?_=1590373319487 HTTP/1.1" 200 22
172.17.0.100 - - [25/May/2020:10:22:04 +0800] "POST /xingrg/kc/buy/cgsh_list_operate.html HTTP/1.1" 200 1690
114.84.32.201 - - [25/May/2020:10:22:04 +0800] "GET /xingrg/system/rest/query_items.html?_=1590373321263&table=menu&page=1&rows=20&categoryId=&key=7072 HTTP/1.1" 200 256
114.84.32.201 - - [25/May/2020:10:22:06 +0800] "GET /xingrg/all/function/internal_message.html?_=1590373322642&CODE_STATE=getMsg HTTP/1.1" 200 27
180.175.212.199 - - [25/May/2020:10:22:06 +0800] "GET /xingrg/all/function/internal_message.html?_=1590373327972&CODE_STATE=getMsg HTTP/1.1" 200 27
114.84.32.201 - - [25/May/2020:10:22:08 +0800] "GET /xingrg/system/rest/query_items.html?_=1590373324898&table=menu&page=1&rows=20&categoryId=&key=7073 HTTP/1.1" 200 256
180.162.232.172 - - [25/May/2020:10:22:08 +0800] "GET /xingrg/kc/base/wldb_order_operate.html?command=get_materiel&rest_code=00150&base_code=0010445&code=00101019185 HTTP/1.1" 200 455
172.17.0.100 - - [25/May/2020:10:22:10 +0800] "GET /xingrg/all/function/internal_message.html?_=1590373333404&CODE_STATE=getMsg HTTP/1.1" 200 27
172.17.0.120 - - [25/May/2020:10:22:10 +0800] "GET /xingrg/all/function/internal_message.html?_=1590373329630&CODE_STATE=getMsg HTTP/1.1" 200 27
114.84.32.201 - - [25/May/2020:10:22:11 +0800] "GET /xingrg/system/rest/query_items.html?_=1590373328379&table=menu&page=1&rows=20&categoryId=&key=7074 HTTP/1.1" 200 21
180.162.232.172 - - [25/May/2020:10:22:13 +0800] "GET /xingrg/kc/base/wldb_order_operate.html?command=get_materiel&rest_code=00150&base_code=0010445&code=00101019438 HTTP/1.1" 200 447
180.162.232.172 - - [25/May/2020:10:22:15 +0800] "GET /xingrg/all/function/internal_message.html?_=1590373334471&CODE_STATE=getMsg HTTP/1.1" 200 27
114.84.32.201 - - [25/May/2020:10:22:17 +0800] "GET /xingrg/system/rest/get_item.html?table=menu&isAdd=1&_=1590373333830 HTTP/1.1" 200 22
180.162.232.172 - - [25/May/2020:10:22:19 +0800] "GET /xingrg/kc/base/wldb_order_operate.html?command=get_materiel&rest_code=00150&base_code=0010445&code=00101019391 HTTP/1.1" 200 471
114.84.33.255 - - [25/May/2020:10:22:21 +0800] "GET /xingrg/all/function/internal_message.html?_=1590373340473&CODE_STATE=getMsg HTTP/1.1" 200 27
114.88.170.9 - - [25/May/2020:10:22:21 +0800] "GET /xingrg/all/function/internal_message.html?_=1590373695099&CODE_STATE=getMsg HTTP/1.1" 200 27
117.131.5.26 - - [25/May/2020:10:22:22 +0800] "GET /xingrg/system/rest/get_item.html?table=menu&id=2124&_=1590373354078 HTTP/1.1" 200 931
117.131.5.26 - - [25/May/2020:10:22:22 +0800] "GET /xingrg/system/rest/get_item.html?table=menu&target=cook_mode&id=2124&_=1590373354093 HTTP/1.1" 200 513
117.131.5.26 - - [25/May/2020:10:22:22 +0800] "GET /xingrg/system/rest/get_item.html?table=menu&target=menu_rest&id=2124&_=1590373354093 HTTP/1.1" 200 265
58.40.7.146 - - [25/May/2020:10:22:23 +0800] "GET /xingrg/check_reg.html?_=1590373342775 HTTP/1.1" 200 22
58.40.7.146 - - [25/May/2020:10:22:23 +0800] "GET /xingrg/all/function/internal_message.html?_=1590373342777&CODE_STATE=getMsg HTTP/1.1" 200 27
58.40.7.146 - - [25/May/2020:10:22:23 +0800] "GET /xingrg/check_reg.html?_=1590373343143 HTTP/1.1" 200 22
61.172.5.115 - - [25/May/2020:10:22:24 +0800] "GET /xingrg/all/function/internal_message.html?_=1590373345495&CODE_STATE=getMsg HTTP/1.1" 200 27
117.131.5.26 - - [25/May/2020:10:22:24 +0800] "GET /xingrg/system/rest/get_infos.html?command=menu_img_show&id=2124 HTTP/1.1" 200 5
114.84.151.157 - - [25/May/2020:10:22:25 +0800] "GET /xingrg/all/function/internal_message.html?_=1590373346256&CODE_STATE=getMsg HTTP/1.1" 200 27
180.162.232.172 - - [25/May/2020:10:22:26 +0800] "GET /xingrg/kc/base/wldb_order_operate.html?command=get_materiel&rest_code=00150&base_code=0010445&code=00101019243 HTTP/1.1" 200 465
114.88.170.9 - - [25/May/2020:10:22:27 +0800] "GET /xingrg/all/function/internal_message.html?_=1590373343340&CODE_STATE=getMsg HTTP/1.1" 200 27
114.84.32.201 - - [25/May/2020:10:22:32 +0800] "GET /xingrg/all/function/internal_message.html?_=1590373348506&CODE_STATE=getMsg HTTP/1.1" 200 27
180.162.232.172 - - [25/May/2020:10:22:32 +0800] "GET /xingrg/kc/base/wldb_order_operate.html?command=get_materiel&rest_code=00150&base_code=0010445&code=00101019063 HTTP/1.1" 200 447
114.84.32.201 - - [25/May/2020:10:22:32 +0800] "POST /xingrg/dwr/call/plaincall/AjaxGetFirstChart.getFirstChart.dwr HTTP/1.1" 200 76
222.69.134.73 - - [25/May/2020:10:22:32 +0800] "GET /xingrg/all/function/internal_message.html?_=1590373352758&CODE_STATE=getMsg HTTP/1.1" 200 27
114.84.32.201 - - [25/May/2020:10:22:33 +0800] "POST /xingrg/dwr/call/plaincall/AjaxGetFirstChart.getFirstChart.dwr HTTP/1.1" 200 76
114.84.32.201 - - [25/May/2020:10:22:33 +0800] "POST /xingrg/dwr/call/plaincall/AjaxGetFirstChart.getFirstChart.dwr HTTP/1.1" 200 76
114.84.32.201 - - [25/May/2020:10:22:35 +0800] "POST /xingrg/dwr/call/plaincall/AjaxGetFirstChart.getFirstChart.dwr HTTP/1.1" 200 79
180.162.232.172 - - [25/May/2020:10:22:38 +0800] "GET /xingrg/kc/base/wldb_order_operate.html?command=get_materiel&rest_code=00150&base_code=0010445&code=00101013010 HTTP/1.1" 200 436
180.175.212.199 - - [25/May/2020:10:22:39 +0800] "GET /xingrg/kc/buy/cgsh_order_list.html HTTP/1.1" 200 42940
180.175.212.199 - - [25/May/2020:10:22:40 +0800] "POST /xingrg/kc/buy/cgsh_list_operate.html HTTP/1.1" 200 1690
117.131.5.26 - - [25/May/2020:10:22:40 +0800] "GET /xingrg/all/function/internal_message.html?_=1590373371468&CODE_STATE=getMsg HTTP/1.1" 200 27
180.175.212.199 - - [25/May/2020:10:22:41 +0800] "POST /xingrg/kc/buy/cgsh_list_operate.html HTTP/1.1" 200 199
222.69.134.73 - - [25/May/2020:10:22:42 +0800] "GET /xingrg/kc/buy/cgsh_order_operate.html?command=get_materiel&rest_code=00149&code=00101008061&supplier_code=00100005&order_time=2020-05-25 HTTP/1.1" 200 422
180.162.232.172 - - [25/May/2020:10:22:43 +0800] "GET /xingrg/kc/base/wldb_order_operate.html?command=get_materiel&rest_code=00150&base_code=0010445&code=00101019183 HTTP/1.1" 200 433
117.131.5.26 - - [25/May/2020:10:22:44 +0800] "GET /xingrg/system/rest/get_item.html?table=menu&id=1932&_=1590373375546 HTTP/1.1" 200 946
117.131.5.26 - - [25/May/2020:10:22:44 +0800] "GET /xingrg/system/rest/get_item.html?table=menu&target=menu_rest&id=1932&_=1590373375562 HTTP/1.1" 200 762
117.131.5.26 - - [25/May/2020:10:22:44 +0800] "GET /xingrg/system/rest/get_item.html?table=menu&target=cook_mode&id=1932&_=1590373375562 HTTP/1.1" 200 15043
117.131.5.26 - - [25/May/2020:10:22:46 +0800] "GET /xingrg/system/rest/get_infos.html?command=menu_img_show&id=1932 HTTP/1.1" 200 5
180.162.232.172 - - [25/May/2020:10:22:49 +0800] "GET /xingrg/kc/base/wldb_order_operate.html?command=get_materiel&rest_code=00150&base_code=0010445&code=00101019400 HTTP/1.1" 200 450
117.131.5.26 - - [25/May/2020:10:22:49 +0800] "GET /xingrg/system/rest/get_item.html?table=menu&target=menu_rest_detail&id=1932&sid=5&_=1590373381218 HTTP/1.1" 200 425
114.88.170.9 - - [25/May/2020:10:22:51 +0800] "GET /xingrg/all/function/internal_message.html?_=1590373367286&CODE_STATE=getMsg HTTP/1.1" 200 27
58.40.7.146 - - [25/May/2020:10:22:54 +0800] "GET /xingrg/all/function/internal_message.html?_=1590373374284&CODE_STATE=getMsg HTTP/1.1" 200 27
180.162.232.172 - - [25/May/2020:10:22:54 +0800] "GET /xingrg/kc/base/wldb_order_operate.html?command=get_materiel&rest_code=00150&base_code=0010445&code=00101019222 HTTP/1.1" 200 455
117.184.7.30 - - [25/May/2020:10:22:55 +0800] "GET /xingrg/all/function/internal_message.html?_=1590373372307&CODE_STATE=getMsg HTTP/1.1" 200 27
120.253.135.82 - - [25/May/2020:10:22:57 +0800] "GET /xingrg/all/function/internal_message.html?_=1590373132596&CODE_STATE=getMsg HTTP/1.1" 200 27
114.84.151.157 - - [25/May/2020:10:22:58 +0800] "GET /xingrg/check_reg.html?_=1590373379219 HTTP/1.1" 200 22
180.162.232.172 - - [25/May/2020:10:23:03 +0800] "GET /xingrg/kc/base/wldb_order_operate.html?command=get_materiel&rest_code=00150&base_code=0010445&code=00101016086 HTTP/1.1" 200 468
114.84.32.201 - - [25/May/2020:10:23:06 +0800] "GET /xingrg/all/function/internal_message.html?_=1590373382623&CODE_STATE=getMsg HTTP/1.1" 200 27
180.175.212.199 - - [25/May/2020:10:23:06 +0800] "GET /xingrg/all/function/internal_message.html?_=1590373387992&CODE_STATE=getMsg HTTP/1.1" 200 27
222.69.134.73 - - [25/May/2020:10:23:08 +0800] "GET /xingrg/kc/buy/cgsh_order_operate.html?command=get_materiel&rest_code=00149&code=00101008330&supplier_code=00100005&order_time=2020-05-25 HTTP/1.1" 200 408
180.162.232.172 - - [25/May/2020:10:23:09 +0800] "GET /xingrg/kc/base/wldb_order_operate.html?command=get_materiel&rest_code=00150&base_code=0010445&code=00101013115 HTTP/1.1" 200 433
117.131.5.26 - - [25/May/2020:10:23:10 +0800] "GET /xingrg/system/rest/query_items.html?_=1590373401656&table=menu&page=1&rows=20&categoryId=&key=qx HTTP/1.1" 200 4786
172.17.0.120 - - [25/May/2020:10:23:10 +0800] "GET /xingrg/all/function/internal_message.html?_=1590373389635&CODE_STATE=getMsg HTTP/1.1" 200 27
172.17.0.100 - - [25/May/2020:10:23:10 +0800] "GET /xingrg/all/function/internal_message.html?_=1590373393412&CODE_STATE=getMsg HTTP/1.1" 200 27
117.131.5.26 - - [25/May/2020:10:23:14 +0800] "GET /xingrg/system/rest/get_item.html?table=menu&id=2014&_=1590373405500 HTTP/1.1" 200 970
117.131.5.26 - - [25/May/2020:10:23:14 +0800] "GET /xingrg/system/rest/get_item.html?table=menu&target=menu_rest&id=2014&_=1590373405515 HTTP/1.1" 200 780
117.131.5.26 - - [25/May/2020:10:23:14 +0800] "GET /xingrg/system/rest/get_item.html?table=menu&target=cook_mode&id=2014&_=1590373405515 HTTP/1.1" 200 14780
180.162.232.172 - - [25/May/2020:10:23:15 +0800] "GET /xingrg/all/function/internal_message.html?_=1590373394467&CODE_STATE=getMsg HTTP/1.1" 200 27
117.131.5.26 - - [25/May/2020:10:23:16 +0800] "GET /xingrg/system/rest/get_infos.html?command=menu_img_show&id=2014 HTTP/1.1" 200 5
180.162.232.172 - - [25/May/2020:10:23:17 +0800] "POST /xingrg/kc/base/wldb_order_operate.html HTTP/1.1" 200 37
222.69.134.73 - - [25/May/2020:10:23:17 +0800] "POST /xingrg/kc/buy/cgsh_order_operate.html HTTP/1.1" 200 2065
180.162.232.172 - - [25/May/2020:10:23:17 +0800] "POST /xingrg/kc/base/wldb_order_operate.html HTTP/1.1" 200 9175
114.84.33.255 - - [25/May/2020:10:23:19 +0800] "GET /xingrg/check_reg.html?_=1590373398199 HTTP/1.1" 200 22
117.131.5.26 - - [25/May/2020:10:23:19 +0800] "GET /xingrg/system/rest/get_item.html?table=menu&target=menu_rest_detail&id=2014&sid=5&_=1590373410515 HTTP/1.1" 200 428
114.84.33.255 - - [25/May/2020:10:23:21 +0800] "GET /xingrg/all/function/internal_message.html?_=1590373400487&CODE_STATE=getMsg HTTP/1.1" 200 27
114.88.170.9 - - [25/May/2020:10:23:21 +0800] "GET /xingrg/all/function/internal_message.html?_=1590373755100&CODE_STATE=getMsg HTTP/1.1" 200 27
58.40.7.146 - - [25/May/2020:10:23:23 +0800] "GET /xingrg/all/function/internal_message.html?_=1590373402778&CODE_STATE=getMsg HTTP/1.1" 200 27
180.162.232.172 - - [25/May/2020:10:23:23 +0800] "GET /xingrg/kc/base/wldb_order_info.html?code=422020052502464 HTTP/1.1" 200 30339
61.172.5.115 - - [25/May/2020:10:23:24 +0800] "GET /xingrg/all/function/internal_message.html?_=1590373405497&CODE_STATE=getMsg HTTP/1.1" 200 27
180.162.232.172 - - [25/May/2020:10:23:24 +0800] "GET /xingrg/javascript/easyui/themes/default/validatebox.css HTTP/1.1" 404 1104
180.162.232.172 - - [25/May/2020:10:23:24 +0800] "POST /xingrg/kc/base/wldb_order_operate.html HTTP/1.1" 200 9175
222.69.134.73 - - [25/May/2020:10:23:24 +0800] "GET /xingrg/kc/buy/cgsh_order_operate.html?command=get_materiel&rest_code=00149&code=00101008281&supplier_code=00100005&order_time=2020-05-25 HTTP/1.1" 200 412
114.84.151.157 - - [25/May/2020:10:23:25 +0800] "GET /xingrg/all/function/internal_message.html?_=1590373406224&CODE_STATE=getMsg HTTP/1.1" 200 27
114.88.170.9 - - [25/May/2020:10:23:27 +0800] "GET /xingrg/all/function/internal_message.html?_=1590373403353&CODE_STATE=getMsg HTTP/1.1" 200 27
114.84.32.201 - - [25/May/2020:10:23:32 +0800] "GET /xingrg/all/function/internal_message.html?_=1590373408507&CODE_STATE=getMsg HTTP/1.1" 200 27
222.69.134.73 - - [25/May/2020:10:23:32 +0800] "GET /xingrg/all/function/internal_message.html?_=1590373412760&CODE_STATE=getMsg HTTP/1.1" 200 27
117.131.5.26 - - [25/May/2020:10:23:33 +0800] "GET /xingrg/system/rest/query_items.html?_=1590373425171&table=menu&page=1&rows=20&categoryId=&key=qx HTTP/1.1" 200 4786
117.131.5.26 - - [25/May/2020:10:23:36 +0800] "GET /xingrg/system/rest/get_item.html?table=menu&id=2014&_=1590373427906 HTTP/1.1" 200 970
117.131.5.26 - - [25/May/2020:10:23:36 +0800] "GET /xingrg/system/rest/get_item.html?table=menu&target=menu_rest&id=2014&_=1590373427921 HTTP/1.1" 200 780
117.131.5.26 - - [25/May/2020:10:23:36 +0800] "GET /xingrg/system/rest/get_item.html?table=menu&target=cook_mode&id=2014&_=1590373427921 HTTP/1.1" 200 14780
180.175.212.199 - - [25/May/2020:10:23:37 +0800] "GET /xingrg/kc/buy/cgsh_order_info.html?code=212020050902925 HTTP/1.1" 200 58605
180.175.212.199 - - [25/May/2020:10:23:37 +0800] "GET /xingrg/all/common/auto_word.html?type=employee&rest_code=00102 HTTP/1.1" 200 189
180.175.212.199 - - [25/May/2020:10:23:37 +0800] "GET /xingrg/all/common/auto_word.html?type=employee&rest_code=00102 HTTP/1.1" 200 189
180.175.212.199 - - [25/May/2020:10:23:37 +0800] "GET /xingrg/javascript/easyui/themes/default/validatebox.css HTTP/1.1" 404 1104
180.175.212.199 - - [25/May/2020:10:23:37 +0800] "POST /xingrg/kc/buy/cgsh_order_operate.html HTTP/1.1" 200 2655
180.175.212.199 - - [25/May/2020:10:23:39 +0800] "GET /xingrg/javascript/auto/indicator.gif HTTP/1.1" 404 1066
117.131.5.26 - - [25/May/2020:10:23:40 +0800] "GET /xingrg/check_reg.html?_=1590373431343 HTTP/1.1" 200 22
117.131.5.26 - - [25/May/2020:10:23:40 +0800] "GET /xingrg/all/function/internal_message.html?_=1590373431468&CODE_STATE=getMsg HTTP/1.1" 200 27
117.131.5.26 - - [25/May/2020:10:23:42 +0800] "GET /xingrg/system/rest/get_item.html?table=menu&target=menu_rest_detail&id=2014&sid=5&_=1590373434093 HTTP/1.1" 200 428
222.69.134.73 - - [25/May/2020:10:23:43 +0800] "GET /xingrg/kc/buy/cgsh_order_operate.html?command=get_materiel&rest_code=00149&code=00101008101&supplier_code=00100005&order_time=2020-05-25 HTTP/1.1" 200 412
180.175.212.199 - - [25/May/2020:10:23:45 +0800] "POST /xingrg/kc/buy/cgsh_order_operate.html HTTP/1.1" 200 37
180.175.212.199 - - [25/May/2020:10:23:47 +0800] "POST /xingrg/kc/buy/cgsh_order_operate.html HTTP/1.1" 200 12
180.175.212.199 - - [25/May/2020:10:23:47 +0800] "GET /xingrg/kc/buy/cgsh_order_info.html?code=212020050902925 HTTP/1.1" 200 53503
180.175.212.199 - - [25/May/2020:10:23:48 +0800] "GET /xingrg/javascript/easyui/themes/default/validatebox.css HTTP/1.1" 404 1104
180.175.212.199 - - [25/May/2020:10:23:48 +0800] "POST /xingrg/kc/buy/cgsh_order_operate.html HTTP/1.1" 200 605
114.88.170.9 - - [25/May/2020:10:23:51 +0800] "GET /xingrg/all/function/internal_message.html?_=1590373427299&CODE_STATE=getMsg HTTP/1.1" 200 27
114.84.32.201 - - [25/May/2020:10:23:53 +0800] "POST /xingrg/system/rest/edit_item.html HTTP/1.1" 200 4
114.84.32.201 - - [25/May/2020:10:23:53 +0800] "GET /xingrg/system/rest/get_item.html?table=menu&id=7074&_=1590373429683 HTTP/1.1" 200 932
120.253.135.82 - - [25/May/2020:10:23:54 +0800] "POST /xingrg/kc/pszx/mdps_list_operate.html HTTP/1.1" 200 1683
58.40.7.146 - - [25/May/2020:10:23:54 +0800] "GET /xingrg/all/function/internal_message.html?_=1590373434256&CODE_STATE=getMsg HTTP/1.1" 200 27
117.184.7.30 - - [25/May/2020:10:23:54 +0800] "GET /xingrg/all/function/internal_message.html?_=1590373432292&CODE_STATE=getMsg HTTP/1.1" 200 27
114.84.32.201 - - [25/May/2020:10:23:55 +0800] "GET /xingrg/system/rest/get_infos.html?command=menu_img_show&id=7074 HTTP/1.1" 200 5
114.84.32.201 - - [25/May/2020:10:23:55 +0800] "GET /xingrg/system/rest/query_items.html?_=1590373431505&table=menu&page=1&rows=20&categoryId=&key=7074 HTTP/1.1" 200 240
222.69.134.73 - - [25/May/2020:10:23:56 +0800] "GET /xingrg/kc/buy/cgsh_order_operate.html?command=get_materiel&rest_code=00149&code=00101008368&supplier_code=00100005&order_time=2020-05-25 HTTP/1.1" 200 408
120.253.135.82 - - [25/May/2020:10:23:56 +0800] "GET /xingrg/kc/pszx/mdqp_order_list.html?state=10 HTTP/1.1" 200 10914
120.253.135.82 - - [25/May/2020:10:23:56 +0800] "GET /xingrg/dwr/interface/AjaxReportQueryService.js HTTP/1.1" 200 13203
120.253.135.82 - - [25/May/2020:10:23:56 +0800] "GET /xingrg/dwr/interface/AjaxQqpsService.js HTTP/1.1" 200 16326
120.253.135.82 - - [25/May/2020:10:23:56 +0800] "GET /xingrg/dwr/engine.js HTTP/1.1" 200 43631
117.131.5.26 - - [25/May/2020:10:23:56 +0800] "GET /xingrg/system/rest/query_items.html?_=1590373447640&table=menu&page=1&rows=20&categoryId=&key=lhb HTTP/1.1" 200 4379
120.253.135.82 - - [25/May/2020:10:23:57 +0800] "GET /xingrg/check_reg.html?_=1590373192328 HTTP/1.1" 200 22
120.253.135.82 - - [25/May/2020:10:23:57 +0800] "GET /xingrg/all/function/internal_message.html?_=1590373192609&CODE_STATE=getMsg HTTP/1.1" 200 27
117.131.5.26 - - [25/May/2020:10:23:58 +0800] "GET /xingrg/system/rest/get_item.html?table=menu&id=1908&_=1590373450078 HTTP/1.1" 200 962
117.131.5.26 - - [25/May/2020:10:23:58 +0800] "GET /xingrg/system/rest/get_item.html?table=menu&target=menu_rest&id=1908&_=1590373450093 HTTP/1.1" 200 765
117.131.5.26 - - [25/May/2020:10:23:58 +0800] "GET /xingrg/system/rest/get_item.html?table=menu&target=cook_mode&id=1908&_=1590373450093 HTTP/1.1" 200 17148
114.84.32.201 - - [25/May/2020:10:23:59 +0800] "GET /xingrg/system/rest/list_page.html?p=annotate&isSelect=1 HTTP/1.1" 200 12313
180.162.232.172 - - [25/May/2020:10:23:59 +0800] "POST /xingrg/services/DataTransmitService HTTP/1.1" 200 524
180.162.232.172 - - [25/May/2020:10:23:59 +0800] "POST /xingrg/services/DataTransmitService HTTP/1.1" 200 2219
180.162.232.172 - - [25/May/2020:10:23:59 +0800] "POST /xingrg/services/DataTransmitService HTTP/1.1" 200 2247
114.84.32.201 - - [25/May/2020:10:23:59 +0800] "GET /xingrg/system/rest/query_items.html?_=1590373436107&table=annotate&annotateTypeId=&key= HTTP/1.1" 200 21
114.84.32.201 - - [25/May/2020:10:23:59 +0800] "GET /favicon.ico HTTP/1.1" 404 -
180.162.232.172 - - [25/May/2020:10:23:59 +0800] "POST /xingrg/services/DataTransmitService HTTP/1.1" 200 1423
117.131.5.26 - - [25/May/2020:10:24:00 +0800] "GET /xingrg/system/rest/get_infos.html?command=menu_img_show&id=1908 HTTP/1.1" 200 5
120.253.135.82 - - [25/May/2020:10:24:02 +0800] "GET /xingrg/kc/pszx/mdqp_order_info.html?code=302020052400366 HTTP/1.1" 200 13350
120.253.135.82 - - [25/May/2020:10:24:02 +0800] "GET /xingrg/dwr/interface/AjaxQqpsService.js HTTP/1.1" 200 16326
120.253.135.82 - - [25/May/2020:10:24:02 +0800] "GET /xingrg/javascript/tools/jquery.qtip-1.0.0-rc3.min.js HTTP/1.1" 200 38404
120.253.135.82 - - [25/May/2020:10:24:02 +0800] "GET /xingrg/dwr/interface/AjaxComOrderService.js HTTP/1.1" 200 18264
120.253.135.82 - - [25/May/2020:10:24:02 +0800] "GET /xingrg/javascript/AjaxInfoList.js HTTP/1.1" 200 3774
120.253.135.82 - - [25/May/2020:10:24:02 +0800] "GET /xingrg/javascript/Grid.js HTTP/1.1" 200 58908
120.253.135.82 - - [25/May/2020:10:24:02 +0800] "GET /xingrg/javascript/ToolTips.js HTTP/1.1" 200 5615
120.253.135.82 - - [25/May/2020:10:24:02 +0800] "GET /xingrg/dwr/engine.js HTTP/1.1" 200 43631
120.253.135.82 - - [25/May/2020:10:24:02 +0800] "GET /xingrg/javascript/checkform.js HTTP/1.1" 200 18351
120.253.135.82 - - [25/May/2020:10:24:02 +0800] "GET /xingrg/javascript/jquery_easy_ui/themes/icons/print.png HTTP/1.1" 200 1057
120.253.135.82 - - [25/May/2020:10:24:02 +0800] "GET /xingrg/javascript/jquery_easy_ui/themes/default/images/menu_downarrow.png HTTP/1.1" 200 173
120.253.135.82 - - [25/May/2020:10:24:02 +0800] "GET /xingrg/images/blue/button/kc_tab_edit.gif HTTP/1.1" 200 551
120.253.135.82 - - [25/May/2020:10:24:02 +0800] "GET /xingrg/images/blue/button/kc_tab_save.gif HTTP/1.1" 200 777
120.253.135.82 - - [25/May/2020:10:24:02 +0800] "GET /xingrg/images/blue/kc_tab_left.gif HTTP/1.1" 200 188
120.253.135.82 - - [25/May/2020:10:24:02 +0800] "GET /xingrg/images/blue/kc_tab_mid.gif HTTP/1.1" 200 44
120.253.135.82 - - [25/May/2020:10:24:02 +0800] "GET /xingrg/images/blue/kc_tab_right.gif HTTP/1.1" 200 643
120.253.135.82 - - [25/May/2020:10:24:02 +0800] "GET /xingrg/images/blue/kc_tab2_right.gif HTTP/1.1" 200 192
120.253.135.82 - - [25/May/2020:10:24:02 +0800] "GET /xingrg/images/blue/kc_tab2_left.gif HTTP/1.1" 200 625
120.253.135.82 - - [25/May/2020:10:24:02 +0800] "GET /xingrg/images/blue/wait.gif HTTP/1.1" 200 1100
120.253.135.82 - - [25/May/2020:10:24:02 +0800] "POST /xingrg/dwr/call/plaincall/AjaxQqpsService.loadMaterielItems.dwr HTTP/1.1" 200 1094
114.84.32.201 - - [25/May/2020:10:24:03 +0800] "GET /xingrg/system/rest/query_items.html?_=1590373439714&table=annotate&annotateTypeId=2&key= HTTP/1.1" 200 18360
117.131.5.26 - - [25/May/2020:10:24:03 +0800] "GET /xingrg/system/rest/get_item.html?table=menu&target=menu_rest_detail&id=1908&sid=5&_=1590373455218 HTTP/1.1" 200 425
114.84.32.201 - - [25/May/2020:10:24:06 +0800] "GET /xingrg/all/function/internal_message.html?_=1590373442603&CODE_STATE=getMsg HTTP/1.1" 200 27
114.84.32.201 - - [25/May/2020:10:24:06 +0800] "GET /xingrg/check_reg.html?_=1590373442805 HTTP/1.1" 200 22
120.253.135.82 - - [25/May/2020:10:24:07 +0800] "GET /xingrg/javascript/jquery_easy_ui/themes/default/images/button_plain_hover.png HTTP/1.1" 200 252
120.253.135.82 - - [25/May/2020:10:24:07 +0800] "GET /xingrg/kc/pszx/mdqp_order_list.html?isBack=1 HTTP/1.1" 302 -
120.253.135.82 - - [25/May/2020:10:24:07 +0800] "GET /xingrg/kc/pszx/mdqp_order_list.html?state=10 HTTP/1.1" 200 10914
120.253.135.82 - - [25/May/2020:10:24:08 +0800] "GET /xingrg/dwr/interface/AjaxQqpsService.js HTTP/1.1" 200 16326
120.253.135.82 - - [25/May/2020:10:24:08 +0800] "GET /xingrg/dwr/interface/AjaxReportQueryService.js HTTP/1.1" 200 13203
120.253.135.82 - - [25/May/2020:10:24:08 +0800] "GET /xingrg/dwr/engine.js HTTP/1.1" 200 43631
172.17.0.100 - - [25/May/2020:10:24:10 +0800] "GET /xingrg/all/function/internal_message.html?_=1590373453413&CODE_STATE=getMsg HTTP/1.1" 200 27
172.17.0.120 - - [25/May/2020:10:24:10 +0800] "GET /xingrg/all/function/internal_message.html?_=1590373449640&CODE_STATE=getMsg HTTP/1.1" 200 27
172.17.0.120 - - [25/May/2020:10:24:10 +0800] "GET /xingrg/check_reg.html?_=1590373449642 HTTP/1.1" 200 22
120.253.135.82 - - [25/May/2020:10:24:11 +0800] "GET /xingrg/kc/pszx/mdth_order_list.html HTTP/1.1" 200 18391
120.253.135.82 - - [25/May/2020:10:24:11 +0800] "POST /xingrg/kc/pszx/mdth_order_new_list.html HTTP/1.1" 200 4628
120.253.135.82 - - [25/May/2020:10:24:14 +0800] "GET /xingrg/javascript/jquery_easy_ui/themes/default/images/tabs_active.png HTTP/1.1" 304 -
180.162.232.172 - - [25/May/2020:10:24:15 +0800] "GET /xingrg/all/function/internal_message.html?_=1590373454480&CODE_STATE=getMsg HTTP/1.1" 200 27
180.162.232.172 - - [25/May/2020:10:24:15 +0800] "GET /xingrg/check_reg.html?_=1590373454481 HTTP/1.1" 200 22
120.253.135.82 - - [25/May/2020:10:24:15 +0800] "GET /xingrg/dwr/interface/AjaxReportQueryService.js HTTP/1.1" 200 13203
120.253.135.82 - - [25/May/2020:10:24:15 +0800] "GET /xingrg/dwr/interface/AjaxQqpsService.js HTTP/1.1" 200 16326
120.253.135.82 - - [25/May/2020:10:24:16 +0800] "GET /xingrg/dwr/engine.js HTTP/1.1" 200 43631
120.253.135.82 - - [25/May/2020:10:24:16 +0800] "GET /xingrg/kc/pszx/mdqp_order_list.html?state=10 HTTP/1.1" 200 10914
117.131.5.26 - - [25/May/2020:10:24:16 +0800] "GET /xingrg/system/rest/query_items.html?_=1590373467718&table=menu&page=1&rows=20&categoryId=&key=bl HTTP/1.1" 200 4819
114.84.32.201 - - [25/May/2020:10:24:16 +0800] "POST /xingrg/system/rest/edit_item.html HTTP/1.1" 200 44
114.84.32.201 - - [25/May/2020:10:24:16 +0800] "GET /xingrg/system/rest/get_item.html?table=menu&target=cook_mode&id=7074&_=1590373452981 HTTP/1.1" 200 205
114.84.33.255 - - [25/May/2020:10:24:21 +0800] "GET /xingrg/all/function/internal_message.html?_=1590373460501&CODE_STATE=getMsg HTTP/1.1" 200 27
114.88.170.9 - - [25/May/2020:10:24:21 +0800] "GET /xingrg/all/function/internal_message.html?_=1590373815098&CODE_STATE=getMsg HTTP/1.1" 200 27
58.40.7.146 - - [25/May/2020:10:24:23 +0800] "GET /xingrg/all/function/internal_message.html?_=1590373462766&CODE_STATE=getMsg HTTP/1.1" 200 27
61.172.5.115 - - [25/May/2020:10:24:24 +0800] "GET /xingrg/check_reg.html?_=1590373465490 HTTP/1.1" 200 22
61.172.5.115 - - [25/May/2020:10:24:24 +0800] "GET /xingrg/all/function/internal_message.html?_=1590373465491&CODE_STATE=getMsg HTTP/1.1" 200 27
114.84.151.157 - - [25/May/2020:10:24:25 +0800] "GET /xingrg/all/function/internal_message.html?_=1590373466204&CODE_STATE=getMsg HTTP/1.1" 200 27
114.88.170.9 - - [25/May/2020:10:24:27 +0800] "GET /xingrg/all/function/internal_message.html?_=1590373463388&CODE_STATE=getMsg HTTP/1.1" 200 27
114.84.32.201 - - [25/May/2020:10:24:32 +0800] "GET /xingrg/check_reg.html?_=1590373468509 HTTP/1.1" 200 22
114.84.32.201 - - [25/May/2020:10:24:32 +0800] "GET /xingrg/all/function/internal_message.html?_=1590373468511&CODE_STATE=getMsg HTTP/1.1" 200 27
114.84.32.201 - - [25/May/2020:10:24:32 +0800] "POST /xingrg/system/rest/edit_item.html HTTP/1.1" 200 4
114.84.32.201 - - [25/May/2020:10:24:32 +0800] "GET /xingrg/system/rest/get_item.html?table=menu&target=cook_mode&id=7074&_=1590373469227 HTTP/1.1" 200 371
222.69.134.73 - - [25/May/2020:10:24:32 +0800] "GET /xingrg/all/function/internal_message.html?_=1590373472754&CODE_STATE=getMsg HTTP/1.1" 200 27
222.69.134.73 - - [25/May/2020:10:24:32 +0800] "GET /xingrg/check_reg.html?_=1590373472759 HTTP/1.1" 200 22
180.162.232.172 - - [25/May/2020:10:24:34 +0800] "POST /xingrg/kc/base/wldb_order_operate.html HTTP/1.1" 200 37
180.162.232.172 - - [25/May/2020:10:24:36 +0800] "POST /xingrg/kc/base/wldb_order_operate.html HTTP/1.1" 200 12
180.162.232.172 - - [25/May/2020:10:24:36 +0800] "POST /xingrg/kc/base/wldb_order_operate.html HTTP/1.1" 200 9173
117.131.5.26 - - [25/May/2020:10:24:40 +0800] "GET /xingrg/all/function/internal_message.html?_=1590373491468&CODE_STATE=getMsg HTTP/1.1" 200 27
114.84.32.201 - - [25/May/2020:10:24:42 +0800] "GET /xingrg/system/rest/query_items.html?_=1590373478665&table=menu&page=1&rows=20&categoryId=&key=7075 HTTP/1.1" 200 246
180.162.232.172 - - [25/May/2020:10:24:43 +0800] "GET /xingrg/kc/base/wldb_order_info.html?code=422020052502464 HTTP/1.1" 200 26203
180.162.232.172 - - [25/May/2020:10:24:44 +0800] "GET /xingrg/javascript/easyui/themes/default/validatebox.css HTTP/1.1" 404 1104
180.162.232.172 - - [25/May/2020:10:24:44 +0800] "POST /xingrg/kc/base/wldb_order_operate.html HTTP/1.1" 200 7292
117.131.5.26 - - [25/May/2020:10:24:46 +0800] "GET /xingrg/system/rest/query_items.html?_=1590373497687&table=menu&page=1&rows=20&categoryId=&key=bl HTTP/1.1" 200 4819
114.84.32.201 - - [25/May/2020:10:24:48 +0800] "GET /xingrg/system/rest/query_items.html?_=1590373484473&table=menu&page=1&rows=20&categoryId=&key=7076 HTTP/1.1" 200 248
120.253.135.82 - - [25/May/2020:10:24:50 +0800] "GET /xingrg/login.html HTTP/1.1" 200 7641
120.253.135.82 - - [25/May/2020:10:24:51 +0800] "GET /favicon.ico HTTP/1.1" 404 -
114.88.170.9 - - [25/May/2020:10:24:51 +0800] "GET /xingrg/all/function/internal_message.html?_=1590373487317&CODE_STATE=getMsg HTTP/1.1" 200 27
114.84.32.201 - - [25/May/2020:10:24:52 +0800] "GET /xingrg/system/rest/query_items.html?_=1590373488548&table=menu&page=1&rows=20&categoryId=&key=7077 HTTP/1.1" 200 274
58.40.7.146 - - [25/May/2020:10:24:54 +0800] "GET /xingrg/all/function/internal_message.html?_=1590373494227&CODE_STATE=getMsg HTTP/1.1" 200 27
117.184.7.30 - - [25/May/2020:10:24:55 +0800] "GET /xingrg/all/function/internal_message.html?_=1590373492294&CODE_STATE=getMsg HTTP/1.1" 200 27
114.84.32.201 - - [25/May/2020:10:24:56 +0800] "GET /xingrg/system/rest/query_items.html?_=1590373492569&table=menu&page=1&rows=20&categoryId=&key=7078 HTTP/1.1" 200 277
114.88.170.9 - - [25/May/2020:10:24:59 +0800] "GET /xingrg/javascript/jquery_easy_ui/themes/default/images/button_plain_hover.png HTTP/1.1" 304 -
114.84.32.201 - - [25/May/2020:10:25:02 +0800] "GET /xingrg/system/rest/query_items.html?_=1590373498771&table=menu&page=1&rows=20&categoryId=&key=7079 HTTP/1.1" 200 295
120.253.135.82 - - [25/May/2020:10:25:03 +0800] "POST /xingrg/login.do HTTP/1.1" 302 -
120.253.135.82 - - [25/May/2020:10:25:03 +0800] "GET /xingrg/javascript/jquery_easy_ui/themes/default/easyui.css HTTP/1.1" 304 -
120.253.135.82 - - [25/May/2020:10:25:03 +0800] "GET /xingrg/index.html?sysBaseUrl=http%3A%2F%2F180.169.147.146%3A18081%2Fxingrg%2F&costTime=43×tamp=1590373503839 HTTP/1.1" 200 17173
120.253.135.82 - - [25/May/2020:10:25:03 +0800] "GET /xingrg/javascript/jquery_easy_ui/themes/icon.css HTTP/1.1" 304 -
120.253.135.82 - - [25/May/2020:10:25:03 +0800] "GET /xingrg/javascript/jquery-1.4.2.min.js HTTP/1.1" 304 -
120.253.135.82 - - [25/May/2020:10:25:03 +0800] "GET /xingrg/css/form.css HTTP/1.1" 304 -
120.253.135.82 - - [25/May/2020:10:25:03 +0800] "GET /xingrg/javascript/jquery.form.js HTTP/1.1" 304 -
120.253.135.82 - - [25/May/2020:10:25:03 +0800] "GET /xingrg/javascript/jquery_easy_ui/easyui-lang-zh_CN.js HTTP/1.1" 304 -
120.253.135.82 - - [25/May/2020:10:25:03 +0800] "GET /xingrg/javascript/jquery_easy_ui/jquery.easyui.min.js HTTP/1.1" 304 -
120.253.135.82 - - [25/May/2020:10:25:03 +0800] "GET /xingrg/javascript/jquery.utils.js HTTP/1.1" 304 -
120.253.135.82 - - [25/May/2020:10:25:03 +0800] "GET /xingrg/javascript/jquery.timers.js HTTP/1.1" 304 -
120.253.135.82 - - [25/May/2020:10:25:04 +0800] "GET /favicon.ico HTTP/1.1" 404 -
120.253.135.82 - - [25/May/2020:10:25:04 +0800] "POST /xingrg/all/common/load_tree.html?tree=area_rest_tree_json&manage=1 HTTP/1.1" 200 344
120.253.135.82 - - [25/May/2020:10:25:04 +0800] "GET /xingrg/all/function/internal_message.html?_=1590373636295&CODE_STATE=count HTTP/1.1" 200 11
120.253.135.82 - - [25/May/2020:10:25:04 +0800] "GET /xingrg/check_reg.html?_=1590373636296 HTTP/1.1" 200 22
120.253.135.82 - - [25/May/2020:10:25:04 +0800] "POST /xingrg/load_menu.html HTTP/1.1" 200 6743
114.84.32.201 - - [25/May/2020:10:25:06 +0800] "GET /xingrg/all/function/internal_message.html?_=1590373502571&CODE_STATE=getMsg HTTP/1.1" 200 27
114.84.32.201 - - [25/May/2020:10:25:08 +0800] "GET /xingrg/system/rest/query_items.html?_=1590373504505&table=menu&page=1&rows=20&categoryId=&key=7080 HTTP/1.1" 200 248
120.253.135.82 - - [25/May/2020:10:25:09 +0800] "GET /xingrg/css/blue.css HTTP/1.1" 304 -
120.253.135.82 - - [25/May/2020:10:25:09 +0800] "GET /xingrg/javascript/pic_change.js HTTP/1.1" 304 -
120.253.135.82 - - [25/May/2020:10:25:09 +0800] "GET /xingrg/kc/pszx/mdqp_order_list.html?state=10 HTTP/1.1" 200 10914
120.253.135.82 - - [25/May/2020:10:25:09 +0800] "GET /xingrg/dwr/util.js HTTP/1.1" 304 -
120.253.135.82 - - [25/May/2020:10:25:09 +0800] "GET /xingrg/dwr/interface/AjaxReportQueryService.js HTTP/1.1" 200 13203
120.253.135.82 - - [25/May/2020:10:25:09 +0800] "GET /xingrg/javascript/Calendar.js HTTP/1.1" 304 -
120.253.135.82 - - [25/May/2020:10:25:09 +0800] "GET /xingrg/dwr/interface/AjaxQqpsService.js HTTP/1.1" 200 16326
120.253.135.82 - - [25/May/2020:10:25:09 +0800] "GET /xingrg/javascript/myfunction.js HTTP/1.1" 304 -
120.253.135.82 - - [25/May/2020:10:25:09 +0800] "GET /xingrg/dwr/engine.js HTTP/1.1" 200 43631
180.162.232.172 - - [25/May/2020:10:25:10 +0800] "GET /xingrg/kc/base/yddb_order_list.html HTTP/1.1" 200 16867
180.162.232.172 - - [25/May/2020:10:25:10 +0800] "POST /xingrg/kc/base/yddb_list_operate.html HTTP/1.1" 200 583
172.17.0.120 - - [25/May/2020:10:25:10 +0800] "GET /xingrg/all/function/internal_message.html?_=1590373509632&CODE_STATE=getMsg HTTP/1.1" 200 27
172.17.0.100 - - [25/May/2020:10:25:10 +0800] "GET /xingrg/check_reg.html?_=1590373513414 HTTP/1.1" 200 22
172.17.0.100 - - [25/May/2020:10:25:10 +0800] "GET /xingrg/all/function/internal_message.html?_=1590373513418&CODE_STATE=getMsg HTTP/1.1" 200 27
180.162.232.172 - - [25/May/2020:10:25:11 +0800] "GET /xingrg/kc/base/yddb_order_add.html HTTP/1.1" 200 29561
180.162.232.172 - - [25/May/2020:10:25:11 +0800] "GET /xingrg/dwr/interface/AjaxComOrderService.js HTTP/1.1" 200 18264
180.162.232.172 - - [25/May/2020:10:25:11 +0800] "GET /xingrg/dwr/interface/AjaxYddbService.js HTTP/1.1" 200 13201
180.162.232.172 - - [25/May/2020:10:25:11 +0800] "GET /xingrg/dwr/engine.js HTTP/1.1" 200 43631
114.84.32.201 - - [25/May/2020:10:25:12 +0800] "GET /xingrg/system/rest/query_items.html?_=1590373508717&table=menu&page=1&rows=20&categoryId=&key=7081 HTTP/1.1" 200 259
180.162.232.172 - - [25/May/2020:10:25:14 +0800] "POST /xingrg/dwr/call/plaincall/AjaxYddbService.getRestBases.dwr HTTP/1.1" 200 1514
120.253.135.82 - - [25/May/2020:10:25:15 +0800] "GET /xingrg/kc/pszx/mdqp_order_info.html?code=302020052400366 HTTP/1.1" 200 13350
120.253.135.82 - - [25/May/2020:10:25:15 +0800] "GET /xingrg/javascript/auto/jquery.autocomplete.js HTTP/1.1" 304 -
120.253.135.82 - - [25/May/2020:10:25:15 +0800] "GET /xingrg/javascript/AjaxInfoList.js HTTP/1.1" 304 -
120.253.135.82 - - [25/May/2020:10:25:15 +0800] "GET /xingrg/javascript/checkform.js HTTP/1.1" 304 -
120.253.135.82 - - [25/May/2020:10:25:15 +0800] "GET /xingrg/javascript/tools/jquery.qtip-1.0.0-rc3.min.js HTTP/1.1" 304 -
120.253.135.82 - - [25/May/2020:10:25:15 +0800] "GET /xingrg/javascript/print/kc_print.js HTTP/1.1" 304 -
120.253.135.82 - - [25/May/2020:10:25:15 +0800] "GET /xingrg/javascript/print/LodopFuncs.js HTTP/1.1" 304 -
120.253.135.82 - - [25/May/2020:10:25:15 +0800] "GET /xingrg/javascript/ToolTips.js HTTP/1.1" 304 -
120.253.135.82 - - [25/May/2020:10:25:15 +0800] "GET /xingrg/javascript/Grid.js HTTP/1.1" 304 -
120.253.135.82 - - [25/May/2020:10:25:15 +0800] "GET /xingrg/dwr/interface/AjaxComOrderService.js HTTP/1.1" 200 18264
120.253.135.82 - - [25/May/2020:10:25:15 +0800] "GET /xingrg/dwr/interface/AjaxQqpsService.js HTTP/1.1" 200 16326
120.253.135.82 - - [25/May/2020:10:25:15 +0800] "GET /xingrg/dwr/engine.js HTTP/1.1" 200 43631
180.162.232.172 - - [25/May/2020:10:25:15 +0800] "GET /xingrg/all/function/internal_message.html?_=1590373514469&CODE_STATE=getMsg HTTP/1.1" 200 27
120.253.135.82 - - [25/May/2020:10:25:16 +0800] "POST /xingrg/dwr/call/plaincall/AjaxQqpsService.loadMaterielItems.dwr HTTP/1.1" 200 1094
114.84.32.201 - - [25/May/2020:10:25:16 +0800] "GET /xingrg/system/rest/query_items.html?_=1590373513121&table=menu&page=1&rows=20&categoryId=&key=7082 HTTP/1.1" 200 268
