117.131.5.26 - - [23/May/2020:10:25:43 +0800] "GET /xingrg/index.html?sysBaseUrl=http%3A%2F%2F180.169.147.146%3A18081%2Fxingrg%2F&costTime=42×tamp=1590200743182 HTTP/1.1" 200 17419
117.131.5.26 - - [23/May/2020:10:25:43 +0800] "GET /xingrg/javascript/jquery_easy_ui/themes/icon.css HTTP/1.1" 200 3949
117.131.5.26 - - [23/May/2020:10:25:43 +0800] "GET /xingrg/css/form.css HTTP/1.1" 200 893
117.131.5.26 - - [23/May/2020:10:25:43 +0800] "GET /xingrg/javascript/jquery-1.4.2.min.js HTTP/1.1" 200 72205
117.131.5.26 - - [23/May/2020:10:25:43 +0800] "GET /xingrg/javascript/jquery_easy_ui/themes/default/easyui.css HTTP/1.1" 200 26500
117.131.5.26 - - [23/May/2020:10:25:43 +0800] "GET /xingrg/javascript/jquery_easy_ui/jquery.easyui.min.js HTTP/1.1" 200 213662
117.131.5.26 - - [23/May/2020:10:25:43 +0800] "GET /xingrg/javascript/jquery.form.js HTTP/1.1" 200 23110
117.131.5.26 - - [23/May/2020:10:25:43 +0800] "GET /xingrg/javascript/jquery_easy_ui/easyui-lang-zh_CN.js HTTP/1.1" 200 1900
117.131.5.26 - - [23/May/2020:10:25:43 +0800] "GET /xingrg/javascript/jquery.utils.js HTTP/1.1" 200 11805
117.131.5.26 - - [23/May/2020:10:25:43 +0800] "GET /xingrg/javascript/jquery.timers.js HTTP/1.1" 200 3532
114.88.170.9 - - [23/May/2020:10:25:43 +0800] "GET /xingrg/check_reg.html?_=1590200738557 HTTP/1.1" 200 22
117.131.5.26 - - [23/May/2020:10:25:43 +0800] "GET /xingrg/images/blue/navBackgound.jpg HTTP/1.1" 200 12378
117.131.5.26 - - [23/May/2020:10:25:43 +0800] "GET /xingrg/javascript/jquery_easy_ui/themes/icons/settle_new.png HTTP/1.1" 200 826
117.131.5.26 - - [23/May/2020:10:25:43 +0800] "GET /favicon.ico HTTP/1.1" 404 -
117.131.5.26 - - [23/May/2020:10:25:43 +0800] "POST /xingrg/all/common/load_tree.html?tree=area_rest_tree_json&manage=1 HTTP/1.1" 200 351
117.131.5.26 - - [23/May/2020:10:25:43 +0800] "GET /xingrg/images/blue/pingpu.png HTTP/1.1" 200 231
117.131.5.26 - - [23/May/2020:10:25:43 +0800] "GET /xingrg/javascript/jquery_easy_ui/themes/default/images/tabs_leftarrow.png HTTP/1.1" 200 389
117.131.5.26 - - [23/May/2020:10:25:43 +0800] "GET /xingrg/javascript/jquery_easy_ui/themes/default/images/tabs_rightarrow.png HTTP/1.1" 200 395
117.131.5.26 - - [23/May/2020:10:25:44 +0800] "GET /xingrg/javascript/jquery_easy_ui/themes/default/images/panel_tool_collapse.gif HTTP/1.1" 200 246
117.131.5.26 - - [23/May/2020:10:25:44 +0800] "GET /xingrg/javascript/jquery_easy_ui/themes/default/images/panel_tool_expand.gif HTTP/1.1" 200 247
117.131.5.26 - - [23/May/2020:10:25:44 +0800] "GET /xingrg/all/function/internal_message.html?_=1590200749484&CODE_STATE=count HTTP/1.1" 200 11
117.131.5.26 - - [23/May/2020:10:25:44 +0800] "GET /xingrg/check_reg.html?_=1590200749500 HTTP/1.1" 200 22
117.131.5.26 - - [23/May/2020:10:25:44 +0800] "POST /xingrg/load_menu.html HTTP/1.1" 200 9959
117.131.5.26 - - [23/May/2020:10:25:44 +0800] "GET /xingrg/javascript/jquery_easy_ui/themes/default/images/tree_arrows.gif HTTP/1.1" 200 1043
114.84.151.157 - - [23/May/2020:10:25:45 +0800] "POST /xingrg/system/rest/edit_item.html HTTP/1.1" 200 4
114.84.151.157 - - [23/May/2020:10:25:45 +0800] "GET /xingrg/system/rest/get_item.html?table=menu&target=menu_rest&id=2084&_=1590200742139 HTTP/1.1" 200 1143
114.88.170.9 - - [23/May/2020:10:25:45 +0800] "GET /xingrg/all/function/internal_message.html?_=1590200740089&CODE_STATE=getMsg HTTP/1.1" 200 27
117.131.5.26 - - [23/May/2020:10:25:45 +0800] "GET /xingrg/javascript/jquery_easy_ui/themes/default/images/tree_folder_open.gif HTTP/1.1" 200 956
117.131.5.26 - - [23/May/2020:10:25:45 +0800] "GET /xingrg/javascript/jquery_easy_ui/themes/icons/search_new.png HTTP/1.1" 200 586
117.131.5.26 - - [23/May/2020:10:25:45 +0800] "GET /xingrg/javascript/jquery_easy_ui/themes/default/images/tree_folder.gif HTTP/1.1" 200 952
117.131.5.26 - - [23/May/2020:10:25:45 +0800] "GET /xingrg/javascript/jquery_easy_ui/themes/icons/storage_new.png HTTP/1.1" 200 853
117.131.5.26 - - [23/May/2020:10:25:45 +0800] "GET /xingrg/javascript/jquery_easy_ui/themes/icons/checkout_new.png HTTP/1.1" 200 744
117.131.5.26 - - [23/May/2020:10:25:45 +0800] "GET /xingrg/javascript/jquery_easy_ui/themes/icons/forms_new.png HTTP/1.1" 200 350
117.131.5.26 - - [23/May/2020:10:25:45 +0800] "GET /xingrg/javascript/jquery_easy_ui/themes/icons/setting_new.png HTTP/1.1" 200 450
117.131.5.26 - - [23/May/2020:10:25:45 +0800] "GET /xingrg/javascript/jquery_easy_ui/themes/default/images/tree_file.gif HTTP/1.1" 200 118
117.131.5.26 - - [23/May/2020:10:25:45 +0800] "GET /xingrg/javascript/jquery_easy_ui/themes/icons/systemset_new.png HTTP/1.1" 200 606
120.253.135.82 - - [23/May/2020:10:25:46 +0800] "GET /xingrg/all/function/internal_message.html?_=1590200812153&CODE_STATE=getMsg HTTP/1.1" 200 27
58.40.7.146 - - [23/May/2020:10:25:49 +0800] "GET /xingrg/all/function/internal_message.html?_=1590200746886&CODE_STATE=getMsg HTTP/1.1" 200 27
117.131.5.26 - - [23/May/2020:10:25:49 +0800] "POST /xingrg/load_menu.html HTTP/1.1" 200 10168
116.230.146.250 - - [23/May/2020:10:25:53 +0800] "GET /xingrg/all/function/internal_message.html?_=1590200750916&CODE_STATE=getMsg HTTP/1.1" 200 27
117.131.5.26 - - [23/May/2020:10:25:53 +0800] "GET /xingrg/javascript/jquery_easy_ui/themes/default/images/tabs_close.gif HTTP/1.1" 200 829
117.131.5.26 - - [23/May/2020:10:25:54 +0800] "GET /xingrg/css/table.css HTTP/1.1" 200 3684
117.131.5.26 - - [23/May/2020:10:25:54 +0800] "GET /xingrg/system/rest/list_page.html?p=menu HTTP/1.1" 200 112701
117.131.5.26 - - [23/May/2020:10:25:54 +0800] "GET /xingrg/dwr/interface/AjaxGetFirstChart.js HTTP/1.1" 200 631
117.131.5.26 - - [23/May/2020:10:25:54 +0800] "GET /xingrg/dwr/util.js HTTP/1.1" 200 35990
117.131.5.26 - - [23/May/2020:10:25:54 +0800] "GET /xingrg/dwr/engine.js HTTP/1.1" 200 43631
117.131.5.26 - - [23/May/2020:10:25:54 +0800] "GET /xingrg/javascript/jquery.shich.js HTTP/1.1" 200 4857
117.131.5.26 - - [23/May/2020:10:25:54 +0800] "GET /xingrg/javascript/convert.js HTTP/1.1" 200 1239
117.131.5.26 - - [23/May/2020:10:25:54 +0800] "GET /xingrg/javascript/Calendar.js HTTP/1.1" 200 31561
117.131.5.26 - - [23/May/2020:10:25:54 +0800] "GET /xingrg/ HTTP/1.1" 200 292
117.131.5.26 - - [23/May/2020:10:25:54 +0800] "GET /xingrg/javascript/jquery_easy_ui/themes/icons/search.png HTTP/1.1" 200 813
117.131.5.26 - - [23/May/2020:10:25:54 +0800] "GET /xingrg/javascript/jquery_easy_ui/themes/default/images/button_a_bg.gif HTTP/1.1" 200 1194
117.131.5.26 - - [23/May/2020:10:25:54 +0800] "GET /xingrg/javascript/jquery_easy_ui/themes/icons/edit_add.png HTTP/1.1" 200 1088
117.131.5.26 - - [23/May/2020:10:25:54 +0800] "GET /xingrg/javascript/jquery_easy_ui/themes/icons/pencil.png HTTP/1.1" 200 713
117.131.5.26 - - [23/May/2020:10:25:54 +0800] "GET /xingrg/javascript/jquery_easy_ui/themes/icons/edit_remove.png HTTP/1.1" 200 625
117.131.5.26 - - [23/May/2020:10:25:54 +0800] "GET /xingrg/javascript/jquery_easy_ui/themes/icons/check_new.png HTTP/1.1" 200 3224
117.131.5.26 - - [23/May/2020:10:25:54 +0800] "GET /xingrg/javascript/jquery_easy_ui/themes/default/images/button_a_bg.gif HTTP/1.1" 200 1194
117.131.5.26 - - [23/May/2020:10:25:54 +0800] "GET /xingrg/javascript/jquery_easy_ui/themes/icons/uncheck_new.png HTTP/1.1" 200 3197
117.131.5.26 - - [23/May/2020:10:25:54 +0800] "GET /xingrg/javascript/jquery_easy_ui/themes/default/images/button_a_bg.gif HTTP/1.1" 200 1194
117.131.5.26 - - [23/May/2020:10:25:54 +0800] "GET /xingrg/javascript/jquery_easy_ui/themes/default/images/button_span_bg.gif HTTP/1.1" 200 2061
117.131.5.26 - - [23/May/2020:10:25:54 +0800] "GET /xingrg/javascript/jquery_easy_ui/themes/icons/ok.png HTTP/1.1" 200 883
114.84.151.157 - - [23/May/2020:10:25:54 +0800] "GET /xingrg/check_reg.html?_=1590200752354 HTTP/1.1" 200 22
117.131.5.26 - - [23/May/2020:10:25:54 +0800] "GET /xingrg/images/control/ajaxLoader.gif HTTP/1.1" 200 4659
117.131.5.26 - - [23/May/2020:10:25:54 +0800] "GET /xingrg/javascript/jquery_easy_ui/themes/default/images/datagrid_header_bg.gif HTTP/1.1" 200 97
117.131.5.26 - - [23/May/2020:10:25:54 +0800] "GET /xingrg/javascript/jquery_easy_ui/themes/default/images/pagination_first.gif HTTP/1.1" 200 925
117.131.5.26 - - [23/May/2020:10:25:54 +0800] "GET /xingrg/javascript/jquery_easy_ui/themes/default/images/pagination_prev.gif HTTP/1.1" 200 879
117.131.5.26 - - [23/May/2020:10:25:54 +0800] "GET /xingrg/javascript/jquery_easy_ui/themes/default/images/pagination_next.gif HTTP/1.1" 200 875
117.131.5.26 - - [23/May/2020:10:25:54 +0800] "GET /xingrg/javascript/jquery_easy_ui/themes/default/images/pagination_last.gif HTTP/1.1" 200 923
117.131.5.26 - - [23/May/2020:10:25:54 +0800] "GET /xingrg/javascript/jquery_easy_ui/themes/default/images/pagination_load.png HTTP/1.1" 200 827
117.131.5.26 - - [23/May/2020:10:25:55 +0800] "GET /xingrg/javascript/jquery_easy_ui/themes/default/images/pagination_loading.gif HTTP/1.1" 200 1737
58.221.95.50 - - [23/May/2020:10:25:55 +0800] "GET /xingrg/check_reg.html?_=1590200802507 HTTP/1.1" 200 22
117.131.5.26 - - [23/May/2020:10:25:55 +0800] "GET /xingrg/system/rest/query_items.html?_=1590200760515&table=menu&page=1&rows=20&categoryId=&key= HTTP/1.1" 200 4731
114.84.33.255 - - [23/May/2020:10:25:57 +0800] "GET /xingrg/all/function/internal_message.html?_=1590200755242&CODE_STATE=getMsg HTTP/1.1" 200 27
114.84.32.201 - - [23/May/2020:10:26:00 +0800] "GET /xingrg/all/function/internal_message.html?_=1590200758324&CODE_STATE=getMsg HTTP/1.1" 200 27
117.184.7.26 - - [23/May/2020:10:26:01 +0800] "POST /xingrg/services/DataTransmitService HTTP/1.1" 200 524
117.184.7.26 - - [23/May/2020:10:26:01 +0800] "POST /xingrg/services/DataTransmitService HTTP/1.1" 200 501
117.184.7.26 - - [23/May/2020:10:26:02 +0800] "POST /xingrg/services/DataTransmitService HTTP/1.1" 200 501
117.184.7.26 - - [23/May/2020:10:26:02 +0800] "POST /xingrg/services/DataTransmitService HTTP/1.1" 200 501
117.184.7.26 - - [23/May/2020:10:26:02 +0800] "POST /xingrg/services/DataTransmitService HTTP/1.1" 200 501
117.184.7.26 - - [23/May/2020:10:26:02 +0800] "POST /xingrg/services/DataTransmitService HTTP/1.1" 200 501
117.184.7.26 - - [23/May/2020:10:26:03 +0800] "POST /xingrg/services/DataTransmitService HTTP/1.1" 200 501
117.184.7.26 - - [23/May/2020:10:26:03 +0800] "POST /xingrg/services/DataTransmitService HTTP/1.1" 200 501
117.184.7.26 - - [23/May/2020:10:26:03 +0800] "POST /xingrg/services/DataTransmitService HTTP/1.1" 200 412
114.86.190.97 - - [23/May/2020:10:26:04 +0800] "GET /xingrg/system/rest/get_item.html?table=menu&target=menu_rest_detail&id=2090&sid=14&_=1590200762138 HTTP/1.1" 200 426
117.131.5.26 - - [23/May/2020:10:26:04 +0800] "GET /xingrg/javascript/jquery_easy_ui/themes/icons/area.png HTTP/1.1" 200 262
117.131.5.26 - - [23/May/2020:10:26:04 +0800] "GET /xingrg/javascript/jquery_easy_ui/themes/icons/rest.png HTTP/1.1" 200 695
117.185.32.26 - - [23/May/2020:10:26:05 +0800] "GET /xingrg/check_reg.html?_=1590201187078 HTTP/1.1" 200 22
120.253.135.82 - - [23/May/2020:10:26:05 +0800] "GET /xingrg/check_reg.html?_=1590200897572 HTTP/1.1" 200 22
120.253.135.82 - - [23/May/2020:10:26:07 +0800] "GET /xingrg/all/function/internal_message.html?_=1590200520288&CODE_STATE=getMsg HTTP/1.1" 200 27
114.86.190.97 - - [23/May/2020:10:26:12 +0800] "GET /xingrg/all/function/internal_message.html?_=1590200770498&CODE_STATE=getMsg HTTP/1.1" 200 27
114.86.190.97 - - [23/May/2020:10:26:12 +0800] "GET /xingrg/system/rest/query_items.html?_=1590200770726&table=menu&page=1&rows=20&categoryId=&key=%25E9%259D%2592%25E5%258F%25A3%25E8%25B4%259D HTTP/1.1" 200 694
114.88.170.9 - - [23/May/2020:10:26:13 +0800] "GET /xingrg/all/function/internal_message.html?_=1590201123641&CODE_STATE=getMsg HTTP/1.1" 200 27
114.86.190.97 - - [23/May/2020:10:26:14 +0800] "GET /xingrg/system/rest/query_items.html?_=1590200771942&table=menu&page=1&rows=20&categoryId=&key=%25E9%259D%2592%25E5%258F%25A3%25E8%25B4%259D HTTP/1.1" 200 694
114.86.190.97 - - [23/May/2020:10:26:14 +0800] "GET /xingrg/system/rest/get_item.html?table=menu&id=2121&_=1590200772468 HTTP/1.1" 200 943
114.86.190.97 - - [23/May/2020:10:26:14 +0800] "GET /xingrg/system/rest/get_item.html?table=menu&target=cook_mode&id=2121&_=1590200772490 HTTP/1.1" 200 4431
114.86.190.97 - - [23/May/2020:10:26:14 +0800] "GET /xingrg/system/rest/get_item.html?table=menu&target=menu_rest&id=2121&_=1590200772491 HTTP/1.1" 200 349
180.162.232.172 - - [23/May/2020:10:26:14 +0800] "GET /xingrg/all/function/internal_message.html?_=1590200908592&CODE_STATE=getMsg HTTP/1.1" 200 27
114.86.190.97 - - [23/May/2020:10:26:15 +0800] "GET /xingrg/system/rest/get_infos.html?command=menu_img_show&id=2121 HTTP/1.1" 200 5
120.253.135.82 - - [23/May/2020:10:26:15 +0800] "GET /xingrg/check_reg.html?_=1590200841054 HTTP/1.1" 200 22
180.175.212.199 - - [23/May/2020:10:26:18 +0800] "GET /xingrg/all/function/internal_message.html?_=1590200976636&CODE_STATE=getMsg HTTP/1.1" 200 27
117.131.5.26 - - [23/May/2020:10:26:18 +0800] "GET /xingrg/system/rest/query_items.html?_=1590200783593&table=menu&page=1&rows=20&categoryId=&key=hl HTTP/1.1" 200 4774
61.172.5.115 - - [23/May/2020:10:26:19 +0800] "GET /xingrg/all/function/internal_message.html?_=1590200776890&CODE_STATE=getMsg HTTP/1.1" 200 27
114.86.190.97 - - [23/May/2020:10:26:19 +0800] "GET /xingrg/system/rest/get_item.html?table=menu&id=7174&_=1590200777087 HTTP/1.1" 200 935
114.86.190.97 - - [23/May/2020:10:26:19 +0800] "GET /xingrg/system/rest/get_item.html?table=menu&target=cook_mode&id=7174&_=1590200777104 HTTP/1.1" 200 1011
114.86.190.97 - - [23/May/2020:10:26:19 +0800] "GET /xingrg/system/rest/get_item.html?table=menu&target=menu_rest&id=7174&_=1590200777106 HTTP/1.1" 200 57
114.86.190.97 - - [23/May/2020:10:26:19 +0800] "GET /xingrg/system/rest/get_infos.html?command=menu_img_show&id=7174 HTTP/1.1" 200 5
117.131.5.26 - - [23/May/2020:10:26:22 +0800] "GET /xingrg/javascript/jquery_easy_ui/themes/default/images/panel_tools.gif HTTP/1.1" 200 737
117.131.5.26 - - [23/May/2020:10:26:22 +0800] "GET /xingrg/javascript/jquery_easy_ui/themes/default/images/panel_title.png HTTP/1.1" 200 266
117.131.5.26 - - [23/May/2020:10:26:23 +0800] "GET /xingrg/system/rest/get_item.html?table=menu&id=2054&_=1590200788250 HTTP/1.1" 200 1007
117.131.5.26 - - [23/May/2020:10:26:23 +0800] "GET /xingrg/system/rest/get_item.html?table=menu&target=menu_rest&id=2054&_=1590200788265 HTTP/1.1" 200 775
117.131.5.26 - - [23/May/2020:10:26:23 +0800] "GET /xingrg/system/rest/get_item.html?table=menu&target=cook_mode&id=2054&_=1590200788265 HTTP/1.1" 200 10645
117.131.5.26 - - [23/May/2020:10:26:25 +0800] "GET /xingrg/system/rest/get_infos.html?command=menu_img_show&id=2054 HTTP/1.1" 200 5
117.131.5.26 - - [23/May/2020:10:26:28 +0800] "GET /xingrg/system/rest/get_item.html?table=menu&target=menu_rest_detail&id=2054&sid=5&_=1590200793515 HTTP/1.1" 200 426
114.84.151.157 - - [23/May/2020:10:26:28 +0800] "GET /xingrg/all/function/internal_message.html?_=1590200786652&CODE_STATE=getMsg HTTP/1.1" 200 27
114.86.190.97 - - [23/May/2020:10:26:30 +0800] "GET /xingrg/all/function/internal_message.html?_=1590200796711&CODE_STATE=getMsg HTTP/1.1" 200 27
58.221.95.50 - - [23/May/2020:10:26:31 +0800] "GET /xingrg/all/function/internal_message.html?_=1590200838620&CODE_STATE=getMsg HTTP/1.1" 200 27
114.86.190.97 - - [23/May/2020:10:26:31 +0800] "POST /xingrg/system/rest/edit_item.html HTTP/1.1" 200 4
114.86.190.97 - - [23/May/2020:10:26:31 +0800] "GET /xingrg/system/rest/get_item.html?table=menu&id=7174&_=1590200789576 HTTP/1.1" 200 935
114.86.190.97 - - [23/May/2020:10:26:33 +0800] "GET /xingrg/system/rest/query_items.html?_=1590200791716&table=menu&page=1&rows=20&categoryId=&key=%25E9%259D%2592%25E5%258F%25A3%25E8%25B4%259D HTTP/1.1" 200 694
180.162.232.172 - - [23/May/2020:10:26:37 +0800] "GET /xingrg/check_reg.html?_=1590200794595 HTTP/1.1" 200 22
180.162.232.172 - - [23/May/2020:10:26:37 +0800] "GET /xingrg/all/function/internal_message.html?_=1590200794598&CODE_STATE=getMsg HTTP/1.1" 200 27
172.17.0.105 - - [23/May/2020:10:26:38 +0800] "GET /xingrg/check_reg.html?_=1590200793850 HTTP/1.1" 200 22
172.17.0.105 - - [23/May/2020:10:26:38 +0800] "GET /xingrg/all/function/internal_message.html?_=1590200793851&CODE_STATE=getMsg HTTP/1.1" 200 27
117.131.5.26 - - [23/May/2020:10:26:38 +0800] "POST /xingrg/system/rest/edit_item.html HTTP/1.1" 200 4
180.162.232.172 - - [23/May/2020:10:26:38 +0800] "POST /xingrg/all/user/operate.html HTTP/1.1" 200 36
117.131.5.26 - - [23/May/2020:10:26:38 +0800] "GET /xingrg/system/rest/get_item.html?table=menu&target=menu_rest&id=2054&_=1590200804125 HTTP/1.1" 200 775
180.162.232.172 - - [23/May/2020:10:26:39 +0800] "GET /xingrg/javascript/jquery_easy_ui/themes/default/easyui.css HTTP/1.1" 304 -
180.162.232.172 - - [23/May/2020:10:26:39 +0800] "GET /xingrg/index.html?sysBaseUrl=http%3A%2F%2F180.169.147.146%3A18081%2Fxingrg%2F&costTime=66×tamp=1590195705758 HTTP/1.1" 200 17177
180.162.232.172 - - [23/May/2020:10:26:39 +0800] "GET /xingrg/javascript/jquery_easy_ui/themes/icon.css HTTP/1.1" 304 -
180.162.232.172 - - [23/May/2020:10:26:39 +0800] "GET /xingrg/css/form.css HTTP/1.1" 304 -
180.162.232.172 - - [23/May/2020:10:26:39 +0800] "GET /xingrg/javascript/jquery-1.4.2.min.js HTTP/1.1" 304 -
180.162.232.172 - - [23/May/2020:10:26:39 +0800] "GET /xingrg/javascript/jquery_easy_ui/jquery.easyui.min.js HTTP/1.1" 304 -
180.162.232.172 - - [23/May/2020:10:26:39 +0800] "GET /xingrg/javascript/jquery_easy_ui/easyui-lang-zh_CN.js HTTP/1.1" 304 -
180.162.232.172 - - [23/May/2020:10:26:39 +0800] "GET /xingrg/javascript/jquery.form.js HTTP/1.1" 304 -
180.162.232.172 - - [23/May/2020:10:26:39 +0800] "GET /xingrg/javascript/jquery.utils.js HTTP/1.1" 304 -
180.162.232.172 - - [23/May/2020:10:26:39 +0800] "GET /xingrg/javascript/jquery.timers.js HTTP/1.1" 304 -
180.162.232.172 - - [23/May/2020:10:26:39 +0800] "GET /xingrg/images/blue/jxLogo.png HTTP/1.1" 304 -
180.162.232.172 - - [23/May/2020:10:26:39 +0800] "GET /xingrg/javascript/jquery_easy_ui/themes/icons/settle_new.png HTTP/1.1" 304 -
180.162.232.172 - - [23/May/2020:10:26:39 +0800] "GET /xingrg/images/blue/navBackgound.jpg HTTP/1.1" 304 -
180.162.232.172 - - [23/May/2020:10:26:39 +0800] "POST /xingrg/all/common/load_tree.html?tree=area_rest_tree_json&manage=1 HTTP/1.1" 200 476
180.162.232.172 - - [23/May/2020:10:26:39 +0800] "GET /xingrg/all/function/internal_message.html?_=1590200796014&CODE_STATE=count HTTP/1.1" 200 11
180.162.232.172 - - [23/May/2020:10:26:39 +0800] "GET /xingrg/javascript/jquery_easy_ui/themes/default/images/tabs_leftarrow.png HTTP/1.1" 304 -
180.162.232.172 - - [23/May/2020:10:26:39 +0800] "GET /xingrg/check_reg.html?_=1590200796015 HTTP/1.1" 200 22
180.162.232.172 - - [23/May/2020:10:26:39 +0800] "GET /xingrg/javascript/jquery_easy_ui/themes/default/images/panel_tool_collapse.gif HTTP/1.1" 304 -
180.162.232.172 - - [23/May/2020:10:26:39 +0800] "GET /xingrg/images/blue/pingpu.png HTTP/1.1" 304 -
180.162.232.172 - - [23/May/2020:10:26:39 +0800] "GET /xingrg/javascript/jquery_easy_ui/themes/default/images/tabs_rightarrow.png HTTP/1.1" 304 -
180.162.232.172 - - [23/May/2020:10:26:39 +0800] "POST /xingrg/load_menu.html HTTP/1.1" 200 5138
180.162.232.172 - - [23/May/2020:10:26:41 +0800] "GET /xingrg/kc/buy/cgsh_order_list.html HTTP/1.1" 200 42944
180.162.232.172 - - [23/May/2020:10:26:41 +0800] "POST /xingrg/kc/buy/cgsh_list_operate.html HTTP/1.1" 200 876
180.162.232.172 - - [23/May/2020:10:26:43 +0800] "GET /xingrg/javascript/jquery_tools/images/prev.gif HTTP/1.1" 404 1086
180.162.232.172 - - [23/May/2020:10:26:43 +0800] "GET /xingrg/javascript/jquery_tools/images/next.gif HTTP/1.1" 404 1086
117.131.5.26 - - [23/May/2020:10:26:44 +0800] "GET /xingrg/all/function/internal_message.html?_=1590200809500&CODE_STATE=getMsg HTTP/1.1" 200 27
114.88.170.9 - - [23/May/2020:10:26:45 +0800] "GET /xingrg/all/function/internal_message.html?_=1590200800103&CODE_STATE=getMsg HTTP/1.1" 200 27
120.253.135.82 - - [23/May/2020:10:26:46 +0800] "GET /xingrg/all/function/internal_message.html?_=1590200872156&CODE_STATE=getMsg HTTP/1.1" 200 27
117.131.5.26 - - [23/May/2020:10:26:48 +0800] "GET /xingrg/system/rest/query_items.html?_=1590200813328&table=menu&page=1&rows=20&categoryId=&key=hc HTTP/1.1" 200 5140
180.162.232.172 - - [23/May/2020:10:26:48 +0800] "POST /xingrg/kc/buy/cgsh_list_operate.html HTTP/1.1" 200 5038
58.40.7.146 - - [23/May/2020:10:26:49 +0800] "GET /xingrg/all/function/internal_message.html?_=1590200806873&CODE_STATE=getMsg HTTP/1.1" 200 27
116.230.146.250 - - [23/May/2020:10:26:53 +0800] "GET /xingrg/all/function/internal_message.html?_=1590200810916&CODE_STATE=getMsg HTTP/1.1" 200 27
114.86.190.97 - - [23/May/2020:10:26:54 +0800] "GET /xingrg/system/rest/query_items.html?_=1590200812000&table=menu&page=1&rows=20&categoryId=&key=2023 HTTP/1.1" 200 257
117.131.5.26 - - [23/May/2020:10:26:54 +0800] "GET /xingrg/system/rest/query_items.html?_=1590200819531&table=menu&page=1&rows=20&categoryId=&key=hh HTTP/1.1" 200 4803
117.131.5.26 - - [23/May/2020:10:26:55 +0800] "GET /xingrg/javascript/jquery_easy_ui/themes/default/images/button_plain_hover.png HTTP/1.1" 200 252
114.86.190.97 - - [23/May/2020:10:26:55 +0800] "GET /xingrg/system/rest/query_items.html?_=1590200813288&table=menu&page=1&rows=20&categoryId=&key=2023 HTTP/1.1" 200 257
114.86.190.97 - - [23/May/2020:10:26:55 +0800] "GET /xingrg/system/rest/get_item.html?table=menu&id=2023&_=1590200813749 HTTP/1.1" 200 955
114.86.190.97 - - [23/May/2020:10:26:55 +0800] "GET /xingrg/system/rest/get_item.html?table=menu&target=menu_rest&id=2023&_=1590200813770 HTTP/1.1" 200 761
114.86.190.97 - - [23/May/2020:10:26:55 +0800] "GET /xingrg/system/rest/get_item.html?table=menu&target=cook_mode&id=2023&_=1590200813769 HTTP/1.1" 200 28163
114.84.33.255 - - [23/May/2020:10:26:56 +0800] "GET /xingrg/check_reg.html?_=1590200814422 HTTP/1.1" 200 22
114.86.190.97 - - [23/May/2020:10:26:56 +0800] "GET /xingrg/system/rest/get_infos.html?command=menu_img_show&id=2023 HTTP/1.1" 200 5
114.84.33.255 - - [23/May/2020:10:26:57 +0800] "GET /xingrg/all/function/internal_message.html?_=1590200815257&CODE_STATE=getMsg HTTP/1.1" 200 27
117.131.5.26 - - [23/May/2020:10:26:57 +0800] "GET /xingrg/system/rest/get_item.html?table=menu&id=2115&_=1590200823125 HTTP/1.1" 200 938
117.131.5.26 - - [23/May/2020:10:26:57 +0800] "GET /xingrg/system/rest/get_item.html?table=menu&target=cook_mode&id=2115&_=1590200823125 HTTP/1.1" 200 2236
117.131.5.26 - - [23/May/2020:10:26:57 +0800] "GET /xingrg/system/rest/get_item.html?table=menu&target=menu_rest&id=2115&_=1590200823125 HTTP/1.1" 200 753
114.86.190.97 - - [23/May/2020:10:26:59 +0800] "GET /xingrg/system/rest/get_item.html?table=menu&target=menu_rest_detail&id=2023&sid=14&_=1590200817271 HTTP/1.1" 200 428
117.131.5.26 - - [23/May/2020:10:27:00 +0800] "GET /xingrg/system/rest/get_infos.html?command=menu_img_show&id=2115 HTTP/1.1" 200 5
114.84.32.201 - - [23/May/2020:10:27:00 +0800] "GET /xingrg/all/function/internal_message.html?_=1590200818327&CODE_STATE=getMsg HTTP/1.1" 200 27
114.84.32.201 - - [23/May/2020:10:27:03 +0800] "GET /xingrg/system/rest/list_page.html?p=down HTTP/1.1" 200 20340
114.84.32.201 - - [23/May/2020:10:27:03 +0800] "GET /xingrg/system/rest/query_items.html?_=1590200821158&table=down&tcode=&key= HTTP/1.1" 200 10786
117.131.5.26 - - [23/May/2020:10:27:03 +0800] "GET /xingrg/system/rest/get_item.html?table=menu&target=menu_rest_detail&id=2115&sid=5&_=1590200828687 HTTP/1.1" 200 426
120.253.135.82 - - [23/May/2020:10:27:07 +0800] "GET /xingrg/all/function/internal_message.html?_=1590200580301&CODE_STATE=getMsg HTTP/1.1" 200 27
101.89.19.149 - - [23/May/2020:10:27:10 +0800] "GET /xingrg/all/function/internal_message.html?_=1590200126904&CODE_STATE=getMsg HTTP/1.1" 302 -
180.162.232.172 - - [23/May/2020:10:27:11 +0800] "POST /xingrg/kc/buy/cgsh_list_operate.html HTTP/1.1" 200 5599
114.86.190.97 - - [23/May/2020:10:27:12 +0800] "GET /xingrg/all/function/internal_message.html?_=1590200830485&CODE_STATE=getMsg HTTP/1.1" 200 27
114.88.170.9 - - [23/May/2020:10:27:13 +0800] "GET /xingrg/all/function/internal_message.html?_=1590201183639&CODE_STATE=getMsg HTTP/1.1" 200 27
101.89.19.149 - - [23/May/2020:10:27:14 +0800] "GET /xingrg/login.html HTTP/1.1" 200 7641
180.162.232.172 - - [23/May/2020:10:27:14 +0800] "GET /xingrg/all/function/internal_message.html?_=1590200968597&CODE_STATE=getMsg HTTP/1.1" 200 27
114.84.32.201 - - [23/May/2020:10:27:14 +0800] "GET /xingrg/system/rest/get_item.html?table=down&code=3c1176894aeb4acd82d8ad98a7e575ca&_=1590200832549 HTTP/1.1" 200 233
114.84.32.201 - - [23/May/2020:10:27:14 +0800] "POST /xingrg/system/rest/edit_item.html HTTP/1.1" 200 4
114.84.32.201 - - [23/May/2020:10:27:15 +0800] "POST /xingrg/all/common/load_tree.html?tree=area_station_tree_json&defaultRests=1_12 HTTP/1.1" 200 2989
117.131.5.26 - - [23/May/2020:10:27:15 +0800] "GET /xingrg/system/rest/query_items.html?_=1590200840390&table=menu&page=1&rows=20&categoryId=&key=dbc HTTP/1.1" 200 4174
114.84.32.201 - - [23/May/2020:10:27:15 +0800] "POST /xingrg/system/rest/get_infos.html HTTP/1.1" 200 459277
117.131.5.26 - - [23/May/2020:10:27:17 +0800] "GET /xingrg/system/rest/get_item.html?table=menu&id=1969&_=1590200842718 HTTP/1.1" 200 942
117.131.5.26 - - [23/May/2020:10:27:17 +0800] "GET /xingrg/system/rest/get_item.html?table=menu&target=menu_rest&id=1969&_=1590200842734 HTTP/1.1" 200 559
117.131.5.26 - - [23/May/2020:10:27:17 +0800] "GET /xingrg/system/rest/get_item.html?table=menu&target=cook_mode&id=1969&_=1590200842734 HTTP/1.1" 200 12550
114.86.190.97 - - [23/May/2020:10:27:18 +0800] "GET /xingrg/system/rest/query_items.html?_=1590200836591&table=menu&page=1&rows=20&categoryId=&key=%25E5%25B0%258F%25E9%259D%2592%25E9%25BE%2599 HTTP/1.1" 200 1500
180.175.212.199 - - [23/May/2020:10:27:18 +0800] "GET /xingrg/all/function/internal_message.html?_=1590201037400&CODE_STATE=getMsg HTTP/1.1" 200 27
61.172.5.115 - - [23/May/2020:10:27:19 +0800] "GET /xingrg/all/function/internal_message.html?_=1590200836889&CODE_STATE=getMsg HTTP/1.1" 200 27
117.131.5.26 - - [23/May/2020:10:27:20 +0800] "GET /xingrg/system/rest/get_infos.html?command=menu_img_show&id=1969 HTTP/1.1" 200 5
114.86.190.97 - - [23/May/2020:10:27:20 +0800] "GET /xingrg/system/rest/query_items.html?_=1590200838080&table=menu&page=1&rows=20&categoryId=&key=%25E5%25B0%258F%25E9%259D%2592%25E9%25BE%2599 HTTP/1.1" 200 1500
114.86.190.97 - - [23/May/2020:10:27:20 +0800] "GET /xingrg/system/rest/get_item.html?table=menu&id=1991&_=1590200838624 HTTP/1.1" 200 950
114.86.190.97 - - [23/May/2020:10:27:20 +0800] "GET /xingrg/system/rest/get_item.html?table=menu&target=cook_mode&id=1991&_=1590200838645 HTTP/1.1" 200 6377
114.86.190.97 - - [23/May/2020:10:27:20 +0800] "GET /xingrg/system/rest/get_item.html?table=menu&target=menu_rest&id=1991&_=1590200838647 HTTP/1.1" 200 909
114.86.190.97 - - [23/May/2020:10:27:21 +0800] "GET /xingrg/system/rest/get_infos.html?command=menu_img_show&id=1991 HTTP/1.1" 200 5
117.131.5.26 - - [23/May/2020:10:27:22 +0800] "GET /xingrg/system/rest/get_item.html?table=menu&target=menu_rest_detail&id=1969&sid=5&_=1590200847500 HTTP/1.1" 200 427
114.86.190.97 - - [23/May/2020:10:27:23 +0800] "GET /xingrg/system/rest/get_item.html?table=menu&target=menu_rest_detail&id=1991&sid=14&_=1590200841066 HTTP/1.1" 200 444
114.84.32.201 - - [23/May/2020:10:27:23 +0800] "POST /xingrg/system/rest/edit_item.html HTTP/1.1" 200 32
114.84.32.201 - - [23/May/2020:10:27:23 +0800] "POST /xingrg/system/rest/edit_item.html HTTP/1.1" 200 -
114.84.32.201 - - [23/May/2020:10:27:23 +0800] "POST /xingrg/system/rest/edit_item.html HTTP/1.1" 200 32
114.84.32.201 - - [23/May/2020:10:27:24 +0800] "GET /xingrg/system/rest/get_item.html?table=down&code=3c1176894aeb4acd82d8ad98a7e575ca&_=1590200841732 HTTP/1.1" 200 233
114.84.32.201 - - [23/May/2020:10:27:25 +0800] "POST /xingrg/system/rest/edit_item.html HTTP/1.1" 200 4
114.84.32.201 - - [23/May/2020:10:27:25 +0800] "GET /xingrg/system/rest/query_items.html?_=1590200843262&table=down&tcode=&key= HTTP/1.1" 200 10786
114.84.32.201 - - [23/May/2020:10:27:25 +0800] "POST /xingrg/all/common/load_tree.html?tree=area_station_tree_json&defaultRests=1_12 HTTP/1.1" 200 2989
114.84.32.201 - - [23/May/2020:10:27:26 +0800] "POST /xingrg/system/rest/get_infos.html HTTP/1.1" 200 459277
101.89.19.197 - - [23/May/2020:10:27:27 +0800] "GET /xingrg/check_reg.html?_=1590200152317 HTTP/1.1" 302 -
114.86.190.97 - - [23/May/2020:10:27:28 +0800] "GET /xingrg/check_reg.html?_=1590200854891 HTTP/1.1" 200 22
114.84.151.157 - - [23/May/2020:10:27:28 +0800] "GET /xingrg/all/function/internal_message.html?_=1590200846626&CODE_STATE=getMsg HTTP/1.1" 200 27
120.253.135.82 - - [23/May/2020:10:27:28 +0800] "GET /xingrg/kc/pszx/mdqp_order_list.html?state=10 HTTP/1.1" 200 10511
120.253.135.82 - - [23/May/2020:10:27:28 +0800] "GET /xingrg/dwr/util.js HTTP/1.1" 304 -
120.253.135.82 - - [23/May/2020:10:27:28 +0800] "GET /xingrg/dwr/interface/AjaxQqpsService.js HTTP/1.1" 200 16326
120.253.135.82 - - [23/May/2020:10:27:28 +0800] "GET /xingrg/javascript/Calendar.js HTTP/1.1" 304 -
120.253.135.82 - - [23/May/2020:10:27:28 +0800] "GET /xingrg/dwr/interface/AjaxReportQueryService.js HTTP/1.1" 200 13203
120.253.135.82 - - [23/May/2020:10:27:28 +0800] "GET /xingrg/dwr/engine.js HTTP/1.1" 200 43631
120.253.135.82 - - [23/May/2020:10:27:28 +0800] "GET /xingrg/javascript/jquery_easy_ui/themes/icons/check_new.png HTTP/1.1" 304 -
120.253.135.82 - - [23/May/2020:10:27:28 +0800] "GET /xingrg/javascript/jquery_easy_ui/themes/icons/uncheck_new.png HTTP/1.1" 304 -
114.86.190.97 - - [23/May/2020:10:27:29 +0800] "GET /xingrg/system/rest/query_items.html?_=1590200846908&table=menu&page=1&rows=20&categoryId=&key=%25E8%25B1%25A1%25E6%258B%2594%25E8%259A%258C HTTP/1.1" 200 2432
114.86.190.97 - - [23/May/2020:10:27:30 +0800] "GET /xingrg/all/function/internal_message.html?_=1590200856724&CODE_STATE=getMsg HTTP/1.1" 200 27
114.86.190.97 - - [23/May/2020:10:27:31 +0800] "GET /xingrg/system/rest/query_items.html?_=1590200848913&table=menu&page=1&rows=20&categoryId=&key=%25E8%25B1%25A1%25E6%258B%2594%25E8%259A%258C HTTP/1.1" 200 2432
120.253.135.82 - - [23/May/2020:10:27:31 +0800] "GET /xingrg/javascript/jquery_easy_ui/themes/icons/area.png HTTP/1.1" 304 -
120.253.135.82 - - [23/May/2020:10:27:31 +0800] "GET /xingrg/javascript/jquery_easy_ui/themes/icons/manage.png HTTP/1.1" 304 -
120.253.135.82 - - [23/May/2020:10:27:31 +0800] "GET /xingrg/javascript/jquery_tools/table.css HTTP/1.1" 304 -
120.253.135.82 - - [23/May/2020:10:27:31 +0800] "GET /xingrg/javascript/easyui/themes/default/easyui.css HTTP/1.1" 304 -
120.253.135.82 - - [23/May/2020:10:27:31 +0800] "GET /xingrg/javascript/jquery_tools/jquery.tools.table.js HTTP/1.1" 304 -
120.253.135.82 - - [23/May/2020:10:27:31 +0800] "GET /xingrg/kc/pszx/mdps_order_list.html?orderType=0 HTTP/1.1" 200 20967
58.221.95.50 - - [23/May/2020:10:27:31 +0800] "GET /xingrg/all/function/internal_message.html?_=1590200898621&CODE_STATE=getMsg HTTP/1.1" 200 27
120.253.135.82 - - [23/May/2020:10:27:31 +0800] "GET /xingrg/javascript/easyui/themes/icons/edit_add_new.png HTTP/1.1" 304 -
120.253.135.82 - - [23/May/2020:10:27:31 +0800] "GET /xingrg/javascript/easyui/themes/icons/uncheck_new.png HTTP/1.1" 304 -
120.253.135.82 - - [23/May/2020:10:27:31 +0800] "GET /xingrg/javascript/easyui/themes/icons/cance_new.png HTTP/1.1" 304 -
120.253.135.82 - - [23/May/2020:10:27:31 +0800] "GET /xingrg/javascript/easyui/themes/icons/check_new.png HTTP/1.1" 304 -
120.253.135.82 - - [23/May/2020:10:27:31 +0800] "POST /xingrg/kc/pszx/mdps_list_operate.html HTTP/1.1" 200 5595
117.131.5.26 - - [23/May/2020:10:27:32 +0800] "GET /xingrg/system/rest/query_items.html?_=1590200857671&table=menu&page=1&rows=20&categoryId=&key=2090 HTTP/1.1" 200 248
101.89.19.197 - - [23/May/2020:10:27:33 +0800] "GET /xingrg/login.html HTTP/1.1" 200 7641
114.86.190.97 - - [23/May/2020:10:27:33 +0800] "GET /xingrg/system/rest/get_item.html?table=menu&id=2061&_=1590200851018 HTTP/1.1" 200 954
114.86.190.97 - - [23/May/2020:10:27:33 +0800] "GET /xingrg/system/rest/get_item.html?table=menu&target=menu_rest&id=2061&_=1590200851035 HTTP/1.1" 200 653
114.86.190.97 - - [23/May/2020:10:27:33 +0800] "GET /xingrg/system/rest/get_item.html?table=menu&target=cook_mode&id=2061&_=1590200851033 HTTP/1.1" 200 18248
114.86.190.97 - - [23/May/2020:10:27:33 +0800] "GET /xingrg/system/rest/get_infos.html?command=menu_img_show&id=2061 HTTP/1.1" 200 5
120.253.135.82 - - [23/May/2020:10:27:34 +0800] "GET /xingrg/javascript/auto/indicator.gif HTTP/1.1" 404 1066
117.131.5.26 - - [23/May/2020:10:27:34 +0800] "GET /xingrg/system/rest/get_item.html?table=menu&id=2090&_=1590200860171 HTTP/1.1" 200 935
117.131.5.26 - - [23/May/2020:10:27:35 +0800] "GET /xingrg/system/rest/get_item.html?table=menu&target=menu_rest&id=2090&_=1590200860187 HTTP/1.1" 200 551
117.131.5.26 - - [23/May/2020:10:27:35 +0800] "GET /xingrg/system/rest/get_item.html?table=menu&target=cook_mode&id=2090&_=1590200860187 HTTP/1.1" 200 9336
114.86.190.97 - - [23/May/2020:10:27:36 +0800] "GET /xingrg/system/rest/get_item.html?table=menu&target=menu_rest_detail&id=2061&sid=14&_=1590200854389 HTTP/1.1" 200 428
117.131.5.26 - - [23/May/2020:10:27:37 +0800] "GET /xingrg/system/rest/get_infos.html?command=menu_img_show&id=2090 HTTP/1.1" 200 5
172.17.0.105 - - [23/May/2020:10:27:38 +0800] "GET /xingrg/all/function/internal_message.html?_=1590200853849&CODE_STATE=getMsg HTTP/1.1" 200 27
180.162.232.172 - - [23/May/2020:10:27:39 +0800] "GET /xingrg/all/function/internal_message.html?_=1590200856018&CODE_STATE=getMsg HTTP/1.1" 200 27
117.131.5.26 - - [23/May/2020:10:27:39 +0800] "GET /xingrg/system/rest/get_item.html?table=menu&target=menu_rest_detail&id=2090&sid=5&_=1590200864734 HTTP/1.1" 200 425
117.131.5.26 - - [23/May/2020:10:27:44 +0800] "GET /xingrg/all/function/internal_message.html?_=1590200869500&CODE_STATE=getMsg HTTP/1.1" 200 27
114.88.170.9 - - [23/May/2020:10:27:45 +0800] "GET /xingrg/all/function/internal_message.html?_=1590200860117&CODE_STATE=getMsg HTTP/1.1" 200 27
120.253.135.82 - - [23/May/2020:10:27:46 +0800] "POST /xingrg/kc/pszx/mdps_list_operate.html HTTP/1.1" 200 2803
120.253.135.82 - - [23/May/2020:10:27:46 +0800] "GET /xingrg/all/function/internal_message.html?_=1590200932170&CODE_STATE=getMsg HTTP/1.1" 200 27
117.131.5.26 - - [23/May/2020:10:27:48 +0800] "GET /xingrg/system/rest/query_items.html?_=1590200873171&table=menu&page=1&rows=20&categoryId=&key=fzmj HTTP/1.1" 200 745
58.40.7.146 - - [23/May/2020:10:27:49 +0800] "GET /xingrg/all/function/internal_message.html?_=1590200866877&CODE_STATE=getMsg HTTP/1.1" 200 27
114.86.190.97 - - [23/May/2020:10:27:49 +0800] "GET /xingrg/system/rest/query_items.html?_=1590200867115&table=menu&page=1&rows=20&categoryId=&key=%25E7%25BA%25A2%25E9%25BE%2599 HTTP/1.1" 200 690
117.131.5.26 - - [23/May/2020:10:27:50 +0800] "GET /xingrg/system/rest/get_item.html?table=menu&id=2084&_=1590200875265 HTTP/1.1" 200 971
117.131.5.26 - - [23/May/2020:10:27:50 +0800] "GET /xingrg/system/rest/get_item.html?table=menu&target=menu_rest&id=2084&_=1590200875281 HTTP/1.1" 200 1143
117.131.5.26 - - [23/May/2020:10:27:50 +0800] "GET /xingrg/system/rest/get_item.html?table=menu&target=cook_mode&id=2084&_=1590200875281 HTTP/1.1" 200 9370
114.86.190.97 - - [23/May/2020:10:27:51 +0800] "GET /xingrg/system/rest/query_items.html?_=1590200869207&table=menu&page=1&rows=20&categoryId=&key=%25E7%25BA%25A2%25E9%25BE%2599 HTTP/1.1" 200 690
114.86.190.97 - - [23/May/2020:10:27:51 +0800] "GET /xingrg/system/rest/get_item.html?table=menu&id=2003&_=1590200869651 HTTP/1.1" 200 942
114.86.190.97 - - [23/May/2020:10:27:51 +0800] "GET /xingrg/system/rest/get_item.html?table=menu&target=cook_mode&id=2003&_=1590200869673 HTTP/1.1" 200 4587
114.86.190.97 - - [23/May/2020:10:27:51 +0800] "GET /xingrg/system/rest/get_item.html?table=menu&target=menu_rest&id=2003&_=1590200869675 HTTP/1.1" 200 559
180.162.232.172 - - [23/May/2020:10:27:52 +0800] "POST /xingrg/kc/buy/cgsh_list_operate.html HTTP/1.1" 200 2750
114.86.190.97 - - [23/May/2020:10:27:52 +0800] "GET /xingrg/system/rest/get_infos.html?command=menu_img_show&id=2003 HTTP/1.1" 200 5
117.131.5.26 - - [23/May/2020:10:27:52 +0800] "GET /xingrg/system/rest/get_infos.html?command=menu_img_show&id=2084 HTTP/1.1" 200 5
116.230.146.250 - - [23/May/2020:10:27:53 +0800] "GET /xingrg/all/function/internal_message.html?_=1590200870916&CODE_STATE=getMsg HTTP/1.1" 200 27
114.86.190.97 - - [23/May/2020:10:27:53 +0800] "GET /xingrg/system/rest/get_item.html?table=menu&target=menu_rest_detail&id=2003&sid=14&_=1590200871801 HTTP/1.1" 200 428
117.131.5.26 - - [23/May/2020:10:27:56 +0800] "GET /xingrg/system/rest/get_item.html?table=menu&target=menu_rest_detail&id=2084&sid=5&_=1590200881265 HTTP/1.1" 200 425
114.84.33.255 - - [23/May/2020:10:27:57 +0800] "GET /xingrg/all/function/internal_message.html?_=1590200875271&CODE_STATE=getMsg HTTP/1.1" 200 27
114.84.32.201 - - [23/May/2020:10:28:00 +0800] "GET /xingrg/all/function/internal_message.html?_=1590200878324&CODE_STATE=getMsg HTTP/1.1" 200 27
114.84.32.201 - - [23/May/2020:10:28:00 +0800] "GET /xingrg/check_reg.html?_=1590200878326 HTTP/1.1" 200 22
120.253.135.82 - - [23/May/2020:10:28:02 +0800] "POST /xingrg/kc/pszx/mdps_list_operate.html HTTP/1.1" 200 202
117.131.5.26 - - [23/May/2020:10:28:02 +0800] "GET /xingrg/system/rest/query_items.html?_=1590200887640&table=menu&page=1&rows=20&categoryId=&key=xbc HTTP/1.1" 200 3846
120.253.135.82 - - [23/May/2020:10:28:03 +0800] "GET /xingrg/kc/pszx/mdps_order_info.html?code=312020051800382 HTTP/1.1" 200 23849
120.253.135.82 - - [23/May/2020:10:28:03 +0800] "GET /xingrg/javascript/jquery_tools/order_manager.js HTTP/1.1" 304 -
120.253.135.82 - - [23/May/2020:10:28:03 +0800] "GET /xingrg/javascript/print/kc_print.js HTTP/1.1" 304 -
120.253.135.82 - - [23/May/2020:10:28:03 +0800] "GET /xingrg/words/20200522114528_words.js HTTP/1.1" 304 -
114.86.190.97 - - [23/May/2020:10:28:03 +0800] "GET /xingrg/system/rest/query_items.html?_=1590200881009&table=menu&page=1&rows=20&categoryId=&key=%25E5%25A5%25A5%25E9%25BE%2599 HTTP/1.1" 200 1250
120.253.135.82 - - [23/May/2020:10:28:03 +0800] "GET /xingrg/javascript/easyui/themes/icons/copy_new.png HTTP/1.1" 200 815
120.253.135.82 - - [23/May/2020:10:28:03 +0800] "GET /xingrg/javascript/easyui/themes/icons/print.png HTTP/1.1" 304 -
120.253.135.82 - - [23/May/2020:10:28:03 +0800] "GET /xingrg/javascript/easyui/themes/icons/ok.png HTTP/1.1" 304 -
120.253.135.82 - - [23/May/2020:10:28:03 +0800] "GET /xingrg/javascript/easyui/themes/icons/cancel.png HTTP/1.1" 304 -
120.253.135.82 - - [23/May/2020:10:28:03 +0800] "GET /xingrg/javascript/easyui/themes/default/images/menu_downarrow.png HTTP/1.1" 304 -
120.253.135.82 - - [23/May/2020:10:28:03 +0800] "POST /xingrg/kc/pszx/mdps_order_operate.html HTTP/1.1" 200 2276
120.253.135.82 - - [23/May/2020:10:28:03 +0800] "GET /xingrg/javascript/easyui/themes/default/validatebox.css HTTP/1.1" 404 1104
120.253.135.82 - - [23/May/2020:10:28:03 +0800] "GET /xingrg/javascript/easyui/plugins/jquery.validatebox.js HTTP/1.1" 304 -
120.253.135.82 - - [23/May/2020:10:28:03 +0800] "GET /xingrg/javascript/easyui/themes/icons/edit_remove.png HTTP/1.1" 200 625
120.253.135.82 - - [23/May/2020:10:28:03 +0800] "GET /xingrg/javascript/easyui/plugins/jquery.numberbox.js HTTP/1.1" 304 -
120.253.135.82 - - [23/May/2020:10:28:04 +0800] "GET /xingrg/javascript/easyui/themes/default/images/button_plain_hover.png HTTP/1.1" 304 -
117.131.5.26 - - [23/May/2020:10:28:04 +0800] "GET /xingrg/system/rest/get_item.html?table=menu&id=1931&_=1590200889984 HTTP/1.1" 200 944
117.131.5.26 - - [23/May/2020:10:28:04 +0800] "GET /xingrg/system/rest/get_item.html?table=menu&target=menu_rest&id=1931&_=1590200890015 HTTP/1.1" 200 886
117.131.5.26 - - [23/May/2020:10:28:04 +0800] "GET /xingrg/system/rest/get_item.html?table=menu&target=cook_mode&id=1931&_=1590200890015 HTTP/1.1" 200 17346
114.86.190.97 - - [23/May/2020:10:28:05 +0800] "GET /xingrg/system/rest/query_items.html?_=1590200883254&table=menu&page=1&rows=20&categoryId=&key=%25E5%25A5%25A5%25E9%25BE%2599 HTTP/1.1" 200 1250
114.86.190.97 - - [23/May/2020:10:28:05 +0800] "GET /xingrg/system/rest/get_item.html?table=menu&id=1981&_=1590200883654 HTTP/1.1" 200 965
114.86.190.97 - - [23/May/2020:10:28:05 +0800] "GET /xingrg/system/rest/get_item.html?table=menu&target=menu_rest&id=1981&_=1590200883671 HTTP/1.1" 200 777
114.86.190.97 - - [23/May/2020:10:28:05 +0800] "GET /xingrg/system/rest/get_item.html?table=menu&target=cook_mode&id=1981&_=1590200883669 HTTP/1.1" 200 23096
114.86.190.97 - - [23/May/2020:10:28:06 +0800] "GET /xingrg/system/rest/get_infos.html?command=menu_img_show&id=1981 HTTP/1.1" 200 5
120.253.135.82 - - [23/May/2020:10:28:06 +0800] "POST /xingrg/kc/pszx/mdps_order_operate.html HTTP/1.1" 200 37
120.253.135.82 - - [23/May/2020:10:28:07 +0800] "GET /xingrg/all/function/internal_message.html?_=1590200640314&CODE_STATE=getMsg HTTP/1.1" 200 27
120.253.135.82 - - [23/May/2020:10:28:07 +0800] "POST /xingrg/kc/pszx/mdps_order_operate.html HTTP/1.1" 200 12
117.131.5.26 - - [23/May/2020:10:28:07 +0800] "GET /xingrg/system/rest/get_infos.html?command=menu_img_show&id=1931 HTTP/1.1" 200 5
120.253.135.82 - - [23/May/2020:10:28:08 +0800] "GET /xingrg/kc/pszx/mdps_order_info.html?code=312020051800382 HTTP/1.1" 200 19509
120.253.135.82 - - [23/May/2020:10:28:08 +0800] "POST /xingrg/kc/pszx/mdps_order_operate.html HTTP/1.1" 200 496
120.253.135.82 - - [23/May/2020:10:28:08 +0800] "GET /xingrg/javascript/easyui/themes/default/validatebox.css HTTP/1.1" 404 1104
114.88.170.9 - - [23/May/2020:10:28:09 +0800] "GET /xingrg/check_reg.html?_=1590200884595 HTTP/1.1" 200 22
114.86.190.97 - - [23/May/2020:10:28:09 +0800] "GET /xingrg/system/rest/get_item.html?table=menu&target=menu_rest_detail&id=1981&sid=14&_=1590200887502 HTTP/1.1" 200 428
117.131.5.26 - - [23/May/2020:10:28:10 +0800] "GET /xingrg/system/rest/get_item.html?table=menu&target=menu_rest_detail&id=1931&sid=5&_=1590200895390 HTTP/1.1" 200 440
114.86.190.97 - - [23/May/2020:10:28:12 +0800] "GET /xingrg/check_reg.html?_=1590200890079 HTTP/1.1" 200 22
114.86.190.97 - - [23/May/2020:10:28:12 +0800] "GET /xingrg/all/function/internal_message.html?_=1590200890465&CODE_STATE=getMsg HTTP/1.1" 200 27
114.88.170.9 - - [23/May/2020:10:28:13 +0800] "GET /xingrg/check_reg.html?_=1590201243643 HTTP/1.1" 200 22
114.88.170.9 - - [23/May/2020:10:28:13 +0800] "GET /xingrg/all/function/internal_message.html?_=1590201243643&CODE_STATE=getMsg HTTP/1.1" 200 27
180.162.232.172 - - [23/May/2020:10:28:14 +0800] "GET /xingrg/check_reg.html?_=1590201028142 HTTP/1.1" 200 22
180.162.232.172 - - [23/May/2020:10:28:14 +0800] "GET /xingrg/all/function/internal_message.html?_=1590201028610&CODE_STATE=getMsg HTTP/1.1" 200 27
114.86.190.97 - - [23/May/2020:10:28:16 +0800] "GET /xingrg/system/rest/query_items.html?_=1590200894053&table=menu&page=1&rows=20&categoryId=&key=%25E5%25A5%25A5%25E9%25BE%2599 HTTP/1.1" 200 1250
114.86.190.97 - - [23/May/2020:10:28:17 +0800] "GET /xingrg/javascript/jquery_easy_ui/themes/icons/rest.png HTTP/1.1" 200 695
114.86.190.97 - - [23/May/2020:10:28:17 +0800] "GET /xingrg/javascript/jquery_easy_ui/themes/icons/manage.png HTTP/1.1" 200 696
114.86.190.97 - - [23/May/2020:10:28:17 +0800] "GET /xingrg/javascript/jquery_easy_ui/themes/icons/area.png HTTP/1.1" 200 262
114.84.151.157 - - [23/May/2020:10:28:18 +0800] "GET /xingrg/system/rest/query_items.html?_=1590200895033&table=menu&page=1&rows=20&categoryId=&key=%25E5%25B8%25A6%25E9%25B1%25BC HTTP/1.1" 200 3338
180.175.212.199 - - [23/May/2020:10:28:18 +0800] "GET /xingrg/all/function/internal_message.html?_=1590201097411&CODE_STATE=getMsg HTTP/1.1" 200 27
61.172.5.115 - - [23/May/2020:10:28:19 +0800] "GET /xingrg/all/function/internal_message.html?_=1590200896887&CODE_STATE=getMsg HTTP/1.1" 200 27
114.84.151.157 - - [23/May/2020:10:28:20 +0800] "GET /xingrg/system/rest/query_items.html?_=1590200897025&table=menu&page=1&rows=20&categoryId=&key=%25E5%25B8%25A6%25E9%25B1%25BC HTTP/1.1" 200 3338
120.253.135.82 - - [23/May/2020:10:28:20 +0800] "POST /xingrg/kc/pszx/mdps_list_operate.html HTTP/1.1" 200 211
114.84.151.157 - - [23/May/2020:10:28:21 +0800] "GET /xingrg/system/rest/get_item.html?table=menu&id=1932&_=1590200898017 HTTP/1.1" 200 938
114.84.151.157 - - [23/May/2020:10:28:21 +0800] "GET /xingrg/system/rest/get_item.html?table=menu&target=menu_rest&id=1932&_=1590200898048 HTTP/1.1" 200 756
114.84.151.157 - - [23/May/2020:10:28:21 +0800] "GET /xingrg/system/rest/get_item.html?table=menu&target=cook_mode&id=1932&_=1590200898044 HTTP/1.1" 200 15037
120.253.135.82 - - [23/May/2020:10:28:21 +0800] "GET /xingrg/kc/pszx/mdps_order_info.html?code=312020052300492 HTTP/1.1" 200 23849
120.253.135.82 - - [23/May/2020:10:28:21 +0800] "POST /xingrg/kc/pszx/mdps_order_operate.html HTTP/1.1" 200 2294
120.253.135.82 - - [23/May/2020:10:28:21 +0800] "GET /xingrg/javascript/easyui/themes/default/validatebox.css HTTP/1.1" 404 1104
114.84.151.157 - - [23/May/2020:10:28:22 +0800] "GET /xingrg/system/rest/get_infos.html?command=menu_img_show&id=1932 HTTP/1.1" 200 5
117.131.5.26 - - [23/May/2020:10:28:26 +0800] "GET /xingrg/system/rest/query_items.html?_=1590200911906&table=menu&page=1&rows=20&categoryId=&key=dy HTTP/1.1" 200 4813
120.253.135.82 - - [23/May/2020:10:28:27 +0800] "POST /xingrg/kc/pszx/mdps_order_operate.html HTTP/1.1" 200 37
120.253.135.82 - - [23/May/2020:10:28:28 +0800] "POST /xingrg/kc/pszx/mdps_order_operate.html HTTP/1.1" 200 12
114.84.151.157 - - [23/May/2020:10:28:28 +0800] "GET /xingrg/all/function/internal_message.html?_=1590200906606&CODE_STATE=getMsg HTTP/1.1" 200 27
120.253.135.82 - - [23/May/2020:10:28:28 +0800] "GET /xingrg/kc/pszx/mdps_order_info.html?code=312020052300492 HTTP/1.1" 200 19509
120.253.135.82 - - [23/May/2020:10:28:29 +0800] "POST /xingrg/kc/pszx/mdps_order_operate.html HTTP/1.1" 200 515
120.253.135.82 - - [23/May/2020:10:28:29 +0800] "GET /xingrg/javascript/easyui/themes/default/validatebox.css HTTP/1.1" 404 1104
117.131.5.26 - - [23/May/2020:10:28:29 +0800] "GET /xingrg/system/rest/get_item.html?table=menu&id=1932&_=1590200914859 HTTP/1.1" 200 938
117.131.5.26 - - [23/May/2020:10:28:29 +0800] "GET /xingrg/system/rest/get_item.html?table=menu&target=menu_rest&id=1932&_=1590200914859 HTTP/1.1" 200 756
117.131.5.26 - - [23/May/2020:10:28:29 +0800] "GET /xingrg/system/rest/get_item.html?table=menu&target=cook_mode&id=1932&_=1590200914859 HTTP/1.1" 200 15037
114.86.190.97 - - [23/May/2020:10:28:30 +0800] "GET /xingrg/all/function/internal_message.html?_=1590200916739&CODE_STATE=getMsg HTTP/1.1" 200 27
120.253.135.82 - - [23/May/2020:10:28:30 +0800] "POST /xingrg/kc/pszx/mdps_list_operate.html HTTP/1.1" 200 2061
58.221.95.50 - - [23/May/2020:10:28:31 +0800] "GET /xingrg/all/function/internal_message.html?_=1590200958589&CODE_STATE=getMsg HTTP/1.1" 200 27
117.131.5.26 - - [23/May/2020:10:28:32 +0800] "GET /xingrg/system/rest/get_infos.html?command=menu_img_show&id=1932 HTTP/1.1" 200 5
114.86.190.97 - - [23/May/2020:10:28:34 +0800] "GET /xingrg/system/rest/query_items.html?_=1590200912229&table=menu&page=1&rows=20&categoryId=&key=%25E5%2585%25B0%25E8%258A%25B1 HTTP/1.1" 200 1624
117.131.5.26 - - [23/May/2020:10:28:35 +0800] "GET /xingrg/system/rest/get_item.html?table=menu&target=menu_rest_detail&id=1932&sid=5&_=1590200920281 HTTP/1.1" 200 425
114.86.190.97 - - [23/May/2020:10:28:36 +0800] "GET /xingrg/system/rest/query_items.html?_=1590200914595&table=menu&page=1&rows=20&categoryId=&key=%25E5%2585%25B0%25E8%258A%25B1 HTTP/1.1" 200 1624
172.17.0.105 - - [23/May/2020:10:28:38 +0800] "GET /xingrg/all/function/internal_message.html?_=1590200913849&CODE_STATE=getMsg HTTP/1.1" 200 27
180.162.232.172 - - [23/May/2020:10:28:39 +0800] "GET /xingrg/all/function/internal_message.html?_=1590200916028&CODE_STATE=getMsg HTTP/1.1" 200 27
117.131.5.26 - - [23/May/2020:10:28:42 +0800] "GET /xingrg/system/rest/query_items.html?_=1590200927812&table=menu&page=1&rows=20&categoryId=&key=qx HTTP/1.1" 200 4786
117.131.5.26 - - [23/May/2020:10:28:44 +0800] "GET /xingrg/all/function/internal_message.html?_=1590200929781&CODE_STATE=getMsg HTTP/1.1" 200 27
114.88.170.9 - - [23/May/2020:10:28:45 +0800] "GET /xingrg/all/function/internal_message.html?_=1590200920144&CODE_STATE=getMsg HTTP/1.1" 200 27
114.86.190.97 - - [23/May/2020:10:28:45 +0800] "GET /xingrg/system/rest/get_item.html?table=menu&id=7085&_=1590200923390 HTTP/1.1" 200 934
114.86.190.97 - - [23/May/2020:10:28:45 +0800] "GET /xingrg/system/rest/get_item.html?table=menu&target=menu_rest&id=7085&_=1590200923411 HTTP/1.1" 200 56
114.86.190.97 - - [23/May/2020:10:28:45 +0800] "GET /xingrg/system/rest/get_item.html?table=menu&target=cook_mode&id=7085&_=1590200923409 HTTP/1.1" 200 1782
117.131.5.26 - - [23/May/2020:10:28:45 +0800] "GET /xingrg/system/rest/get_item.html?table=menu&id=2014&_=1590200931093 HTTP/1.1" 200 970
117.131.5.26 - - [23/May/2020:10:28:45 +0800] "GET /xingrg/system/rest/get_item.html?table=menu&target=menu_rest&id=2014&_=1590200931109 HTTP/1.1" 200 780
117.131.5.26 - - [23/May/2020:10:28:45 +0800] "GET /xingrg/system/rest/get_item.html?table=menu&target=cook_mode&id=2014&_=1590200931093 HTTP/1.1" 200 14780
114.86.190.97 - - [23/May/2020:10:28:46 +0800] "GET /xingrg/system/rest/get_infos.html?command=menu_img_show&id=7085 HTTP/1.1" 200 5
120.253.135.82 - - [23/May/2020:10:28:46 +0800] "POST /xingrg/kc/pszx/mdps_list_operate.html HTTP/1.1" 200 207
120.253.135.82 - - [23/May/2020:10:28:46 +0800] "GET /xingrg/all/function/internal_message.html?_=1590200992222&CODE_STATE=getMsg HTTP/1.1" 200 27
120.253.135.82 - - [23/May/2020:10:28:48 +0800] "GET /xingrg/kc/pszx/mdps_order_info.html?code=312020052300493 HTTP/1.1" 200 23847
117.131.5.26 - - [23/May/2020:10:28:48 +0800] "GET /xingrg/system/rest/get_infos.html?command=menu_img_show&id=2014 HTTP/1.1" 200 5
