120.253.135.82 - - [23/May/2020:10:07:53 +0800] "GET /xingrg/all/function/internal_message.html?_=1590199426846&CODE_STATE=getMsg HTTP/1.1" 200 27
114.84.33.255 - - [23/May/2020:10:07:57 +0800] "GET /xingrg/all/function/internal_message.html?_=1590199674998&CODE_STATE=getMsg HTTP/1.1" 200 27
114.84.32.201 - - [23/May/2020:10:08:00 +0800] "POST /xingrg/login.do HTTP/1.1" 302 -
114.84.32.201 - - [23/May/2020:10:08:00 +0800] "GET /xingrg/index.html?sysBaseUrl=http%3A%2F%2F180.169.147.146%3A18081%2Fxingrg%2F&costTime=38×tamp=1590199680136 HTTP/1.1" 200 17419
114.84.32.201 - - [23/May/2020:10:08:00 +0800] "GET /favicon.ico HTTP/1.1" 404 -
114.84.32.201 - - [23/May/2020:10:08:00 +0800] "POST /xingrg/all/common/load_tree.html?tree=area_rest_tree_json&manage=1 HTTP/1.1" 200 3088
114.84.32.201 - - [23/May/2020:10:08:00 +0800] "GET /xingrg/all/function/internal_message.html?_=1590199675306&CODE_STATE=count HTTP/1.1" 200 11
114.84.32.201 - - [23/May/2020:10:08:00 +0800] "GET /xingrg/check_reg.html?_=1590199675307 HTTP/1.1" 200 22
114.84.32.201 - - [23/May/2020:10:08:00 +0800] "POST /xingrg/load_menu.html HTTP/1.1" 200 9959
114.88.170.9 - - [23/May/2020:10:08:07 +0800] "GET /xingrg/index.html?sysBaseUrl=http%3A%2F%2F180.169.147.146%3A18081%2Fxingrg%2F&costTime=38×tamp=1588335986102 HTTP/1.1" 302 -
114.88.170.9 - - [23/May/2020:10:08:07 +0800] "GET /xingrg/login.html HTTP/1.1" 200 7641
114.88.170.9 - - [23/May/2020:10:08:07 +0800] "GET /favicon.ico HTTP/1.1" 404 -
114.88.170.9 - - [23/May/2020:10:08:09 +0800] "GET /xingrg/check_reg.html?_=1590199684546 HTTP/1.1" 200 22
120.253.135.82 - - [23/May/2020:10:08:11 +0800] "GET /xingrg/kc/pszx/mdth_order_info.html?code=322020052200020 HTTP/1.1" 200 22010
114.88.170.9 - - [23/May/2020:10:08:11 +0800] "GET /xingrg/login.do HTTP/1.1" 302 -
114.88.170.9 - - [23/May/2020:10:08:11 +0800] "GET /xingrg/login.html?sysBaseUrl=http%3A%2F%2F180.169.147.146%3A18081%2Fxingrg%2F&costTime=0×tamp=1590199691474 HTTP/1.1" 200 7641
120.253.135.82 - - [23/May/2020:10:08:11 +0800] "POST /xingrg/kc/pszx/mdth_order_new_info.html HTTP/1.1" 200 1437
120.253.135.82 - - [23/May/2020:10:08:11 +0800] "GET /xingrg/javascript/easyui/themes/default/validatebox.css HTTP/1.1" 404 1104
114.88.170.9 - - [23/May/2020:10:08:11 +0800] "GET /favicon.ico HTTP/1.1" 404 -
114.88.170.9 - - [23/May/2020:10:08:13 +0800] "POST /xingrg/login.do HTTP/1.1" 302 -
114.88.170.9 - - [23/May/2020:10:08:13 +0800] "GET /xingrg/index.html?sysBaseUrl=http%3A%2F%2F180.169.147.146%3A18081%2Fxingrg%2F&costTime=38×tamp=1590199693034 HTTP/1.1" 200 17173
114.88.170.9 - - [23/May/2020:10:08:13 +0800] "GET /favicon.ico HTTP/1.1" 404 -
114.88.170.9 - - [23/May/2020:10:08:13 +0800] "POST /xingrg/all/common/load_tree.html?tree=area_rest_tree_json&manage=1 HTTP/1.1" 200 342
114.88.170.9 - - [23/May/2020:10:08:13 +0800] "GET /xingrg/all/function/internal_message.html?_=1590200043633&CODE_STATE=count HTTP/1.1" 200 11
114.88.170.9 - - [23/May/2020:10:08:13 +0800] "GET /xingrg/check_reg.html?_=1590200043634 HTTP/1.1" 200 22
114.88.170.9 - - [23/May/2020:10:08:13 +0800] "POST /xingrg/load_menu.html HTTP/1.1" 200 5138
180.162.232.172 - - [23/May/2020:10:08:14 +0800] "GET /xingrg/check_reg.html?_=1590199827964 HTTP/1.1" 200 22
180.162.232.172 - - [23/May/2020:10:08:14 +0800] "GET /xingrg/all/function/internal_message.html?_=1590199828183&CODE_STATE=getMsg HTTP/1.1" 200 27
180.175.212.199 - - [23/May/2020:10:08:14 +0800] "GET /xingrg/all/function/internal_message.html?_=1590199893411&CODE_STATE=getMsg HTTP/1.1" 200 27
114.88.170.9 - - [23/May/2020:10:08:15 +0800] "GET /xingrg/kc/buy/cgsh_order_list.html HTTP/1.1" 200 42940
114.88.170.9 - - [23/May/2020:10:08:18 +0800] "POST /xingrg/kc/buy/cgsh_list_operate.html HTTP/1.1" 200 3135
61.172.5.115 - - [23/May/2020:10:08:18 +0800] "GET /xingrg/all/function/internal_message.html?_=1590199696863&CODE_STATE=getMsg HTTP/1.1" 200 27
114.88.170.9 - - [23/May/2020:10:08:22 +0800] "POST /xingrg/kc/buy/cgsh_list_operate.html HTTP/1.1" 200 3135
114.88.170.9 - - [23/May/2020:10:08:23 +0800] "GET /xingrg/kc/buy/cgsh_order_add.html HTTP/1.1" 200 58678
114.88.170.9 - - [23/May/2020:10:08:24 +0800] "POST /xingrg/kc/buy/cgsh_order_operate.html HTTP/1.1" 200 8245
114.88.170.9 - - [23/May/2020:10:08:24 +0800] "GET /xingrg/all/common/auto_word.html?type=employee&rest_code=00111 HTTP/1.1" 200 205
114.88.170.9 - - [23/May/2020:10:08:24 +0800] "GET /xingrg/all/common/auto_word.html?type=employee&rest_code=00111 HTTP/1.1" 200 205
114.88.170.9 - - [23/May/2020:10:08:24 +0800] "GET /xingrg/javascript/easyui/themes/default/validatebox.css HTTP/1.1" 404 1104
114.84.32.201 - - [23/May/2020:10:08:24 +0800] "POST /xingrg/load_menu.html HTTP/1.1" 200 10168
114.86.190.97 - - [23/May/2020:10:08:24 +0800] "POST /xingrg/services/DataTransmitService HTTP/1.1" 200 524
114.88.170.9 - - [23/May/2020:10:08:24 +0800] "GET /xingrg/javascript/auto/indicator.gif HTTP/1.1" 404 1066
114.88.170.9 - - [23/May/2020:10:08:25 +0800] "GET /xingrg/javascript/jquery_tools/images/prev.gif HTTP/1.1" 404 1086
114.88.170.9 - - [23/May/2020:10:08:25 +0800] "GET /xingrg/javascript/jquery_tools/images/next.gif HTTP/1.1" 404 1086
114.86.190.97 - - [23/May/2020:10:08:27 +0800] "POST /xingrg/services/DataTransmitService HTTP/1.1" 200 501
114.88.170.9 - - [23/May/2020:10:08:28 +0800] "GET /xingrg/kc/buy/cgsh_order_operate.html?command=get_materiel&rest_code=00111&code=00101001167&supplier_code=00100314&order_time=2020-05-23 HTTP/1.1" 200 419
114.86.190.97 - - [23/May/2020:10:08:29 +0800] "GET /xingrg/all/function/internal_message.html?_=1590199715655&CODE_STATE=getMsg HTTP/1.1" 200 27
114.84.151.157 - - [23/May/2020:10:08:29 +0800] "GET /xingrg/all/function/internal_message.html?_=1590199707050&CODE_STATE=getMsg HTTP/1.1" 200 27
114.84.32.201 - - [23/May/2020:10:08:30 +0800] "GET /xingrg/dwr/interface/AjaxGetFirstChart.js HTTP/1.1" 200 631
114.84.32.201 - - [23/May/2020:10:08:30 +0800] "GET /xingrg/dwr/util.js HTTP/1.1" 304 -
114.84.32.201 - - [23/May/2020:10:08:30 +0800] "GET /xingrg/system/rest/list_page.html?p=menu HTTP/1.1" 200 112701
114.84.32.201 - - [23/May/2020:10:08:30 +0800] "GET /xingrg/dwr/engine.js HTTP/1.1" 200 43631
120.253.135.82 - - [23/May/2020:10:08:30 +0800] "POST /xingrg/all/common/load_combo.html?type=employee HTTP/1.1" 200 2013
114.84.32.201 - - [23/May/2020:10:08:30 +0800] "GET /xingrg/system/rest/query_items.html?_=1590199705412&table=menu&page=1&rows=20&categoryId=&key= HTTP/1.1" 200 4731
58.221.95.50 - - [23/May/2020:10:08:31 +0800] "GET /xingrg/all/function/internal_message.html?_=1590199759074&CODE_STATE=getMsg HTTP/1.1" 200 27
120.253.135.82 - - [23/May/2020:10:08:34 +0800] "GET /xingrg/javascript/jquery_tools/images/prev.gif HTTP/1.1" 404 1086
120.253.135.82 - - [23/May/2020:10:08:34 +0800] "GET /xingrg/javascript/jquery_tools/images/next.gif HTTP/1.1" 404 1086
114.88.170.9 - - [23/May/2020:10:08:35 +0800] "POST /xingrg/kc/buy/cgsh_order_operate.html HTTP/1.1" 200 37
114.88.170.9 - - [23/May/2020:10:08:36 +0800] "POST /xingrg/kc/buy/cgsh_order_operate.html HTTP/1.1" 200 2666
114.88.170.9 - - [23/May/2020:10:08:37 +0800] "GET /xingrg/kc/print/load_config.html?kc_code=cgsh HTTP/1.1" 200 1845
114.88.170.9 - - [23/May/2020:10:08:37 +0800] "GET /xingrg/kc/print/load_data.html?order_code=212020052308269&kc_code=cgsh&condition= HTTP/1.1" 200 677
120.253.135.82 - - [23/May/2020:10:08:37 +0800] "POST /xingrg/all/common/load_combo.html?type=base HTTP/1.1" 200 899
180.162.232.172 - - [23/May/2020:10:08:37 +0800] "GET /xingrg/all/function/internal_message.html?_=1590199714567&CODE_STATE=getMsg HTTP/1.1" 200 27
172.17.0.105 - - [23/May/2020:10:08:38 +0800] "GET /xingrg/all/function/internal_message.html?_=1590199713762&CODE_STATE=getMsg HTTP/1.1" 200 27
120.253.135.82 - - [23/May/2020:10:08:42 +0800] "POST /xingrg/kc/pszx/mdth_order_new_info.html HTTP/1.1" 200 37
114.88.170.9 - - [23/May/2020:10:08:42 +0800] "GET /xingrg/kc/buy/cgsh_order_add.html HTTP/1.1" 200 58678
114.88.170.9 - - [23/May/2020:10:08:42 +0800] "POST /xingrg/kc/buy/cgsh_order_operate.html HTTP/1.1" 200 8245
114.88.170.9 - - [23/May/2020:10:08:42 +0800] "GET /xingrg/javascript/easyui/themes/default/validatebox.css HTTP/1.1" 404 1104
120.253.135.82 - - [23/May/2020:10:08:43 +0800] "POST /xingrg/kc/pszx/mdth_order_new_info.html HTTP/1.1" 200 1472
114.88.170.9 - - [23/May/2020:10:08:44 +0800] "GET /xingrg/all/function/internal_message.html?_=1590199719826&CODE_STATE=getMsg HTTP/1.1" 200 27
120.253.135.82 - - [23/May/2020:10:08:46 +0800] "GET /xingrg/all/function/internal_message.html?_=1590199791690&CODE_STATE=getMsg HTTP/1.1" 200 27
114.88.170.9 - - [23/May/2020:10:08:48 +0800] "GET /xingrg/kc/buy/cgsh_order_operate.html?command=get_materiel&rest_code=00111&code=00101007032&supplier_code=00100328&order_time=2020-05-23 HTTP/1.1" 200 432
58.40.7.146 - - [23/May/2020:10:08:49 +0800] "GET /xingrg/all/function/internal_message.html?_=1590199726866&CODE_STATE=getMsg HTTP/1.1" 200 27
120.253.135.82 - - [23/May/2020:10:08:51 +0800] "POST /xingrg/kc/pszx/mdth_order_new_info.html HTTP/1.1" 200 37
120.253.135.82 - - [23/May/2020:10:08:52 +0800] "POST /xingrg/kc/pszx/mdth_order_new_info.html HTTP/1.1" 200 1472
120.253.135.82 - - [23/May/2020:10:08:52 +0800] "POST /xingrg/kc/pszx/mdth_order_new_info.html HTTP/1.1" 200 12
120.253.135.82 - - [23/May/2020:10:08:53 +0800] "GET /xingrg/kc/pszx/mdth_order_info.html?code=322020052200020 HTTP/1.1" 200 20070
120.253.135.82 - - [23/May/2020:10:08:53 +0800] "POST /xingrg/kc/pszx/mdth_order_new_info.html HTTP/1.1" 200 1472
114.84.151.157 - - [23/May/2020:10:08:53 +0800] "GET /xingrg/check_reg.html?_=1590199730845 HTTP/1.1" 200 22
120.253.135.82 - - [23/May/2020:10:08:53 +0800] "GET /xingrg/check_reg.html?_=1590199486951 HTTP/1.1" 200 22
120.253.135.82 - - [23/May/2020:10:08:53 +0800] "GET /xingrg/all/function/internal_message.html?_=1590199486953&CODE_STATE=getMsg HTTP/1.1" 200 27
120.253.135.82 - - [23/May/2020:10:08:53 +0800] "GET /xingrg/javascript/easyui/themes/default/validatebox.css HTTP/1.1" 404 1104
114.88.170.9 - - [23/May/2020:10:08:56 +0800] "GET /xingrg/kc/buy/cgsh_order_operate.html?command=get_materiel&rest_code=00111&code=00101007077&supplier_code=00100328&order_time=2020-05-23 HTTP/1.1" 200 415
120.253.135.82 - - [23/May/2020:10:08:56 +0800] "GET /xingrg/kc/print/load_config.html?kc_code=mdth HTTP/1.1" 200 3088
120.253.135.82 - - [23/May/2020:10:08:56 +0800] "GET /xingrg/kc/print/load_data.html?order_code=322020052200020&kc_code=mdth&condition= HTTP/1.1" 200 1484
114.84.33.255 - - [23/May/2020:10:08:57 +0800] "GET /xingrg/all/function/internal_message.html?_=1590199735011&CODE_STATE=getMsg HTTP/1.1" 200 27
114.84.32.201 - - [23/May/2020:10:09:00 +0800] "GET /xingrg/all/function/internal_message.html?_=1590199735318&CODE_STATE=getMsg HTTP/1.1" 200 27
114.88.170.9 - - [23/May/2020:10:09:02 +0800] "POST /xingrg/kc/buy/cgsh_order_operate.html HTTP/1.1" 200 37
114.88.170.9 - - [23/May/2020:10:09:03 +0800] "POST /xingrg/kc/buy/cgsh_order_operate.html HTTP/1.1" 200 3253
114.88.170.9 - - [23/May/2020:10:09:03 +0800] "GET /xingrg/kc/print/load_data.html?order_code=212020052308270&kc_code=cgsh&condition= HTTP/1.1" 200 905
180.175.212.199 - - [23/May/2020:10:09:11 +0800] "GET /xingrg/check_reg.html?_=1590199949558 HTTP/1.1" 200 22
114.88.170.9 - - [23/May/2020:10:09:11 +0800] "GET /xingrg/kc/buy/cgsh_order_add.html HTTP/1.1" 200 58678
114.88.170.9 - - [23/May/2020:10:09:11 +0800] "GET /xingrg/javascript/easyui/themes/default/validatebox.css HTTP/1.1" 404 1104
114.88.170.9 - - [23/May/2020:10:09:11 +0800] "POST /xingrg/kc/buy/cgsh_order_operate.html HTTP/1.1" 200 8245
114.88.170.9 - - [23/May/2020:10:09:13 +0800] "GET /xingrg/all/function/internal_message.html?_=1590200103642&CODE_STATE=getMsg HTTP/1.1" 200 27
180.162.232.172 - - [23/May/2020:10:09:14 +0800] "GET /xingrg/all/function/internal_message.html?_=1590199888228&CODE_STATE=getMsg HTTP/1.1" 200 27
180.175.212.199 - - [23/May/2020:10:09:14 +0800] "GET /xingrg/all/function/internal_message.html?_=1590199953425&CODE_STATE=getMsg HTTP/1.1" 200 27
61.172.5.115 - - [23/May/2020:10:09:18 +0800] "GET /xingrg/all/function/internal_message.html?_=1590199756861&CODE_STATE=getMsg HTTP/1.1" 200 27
61.172.5.115 - - [23/May/2020:10:09:18 +0800] "GET /xingrg/check_reg.html?_=1590199756862 HTTP/1.1" 200 22
114.88.170.9 - - [23/May/2020:10:09:19 +0800] "GET /xingrg/kc/buy/cgsh_order_operate.html?command=get_materiel&rest_code=00111&code=00101010567&supplier_code=00100326&order_time=2020-05-23 HTTP/1.1" 200 399
114.84.32.201 - - [23/May/2020:10:09:25 +0800] "GET /xingrg/system/rest/query_items.html?_=1590199759997&table=menu&page=1&rows=20&categoryId=&key=%25E6%259D%2582%25E9%25B1%25BC HTTP/1.1" 200 1752
114.88.170.9 - - [23/May/2020:10:09:26 +0800] "GET /xingrg/kc/buy/cgsh_order_operate.html?command=get_materiel&rest_code=00111&code=00101010501&supplier_code=00100326&order_time=2020-05-23 HTTP/1.1" 200 396
114.84.151.157 - - [23/May/2020:10:09:26 +0800] "POST /xingrg/services/DataTransmitService HTTP/1.1" 200 524
114.84.151.157 - - [23/May/2020:10:09:27 +0800] "POST /xingrg/services/DataTransmitService HTTP/1.1" 200 501
114.84.151.157 - - [23/May/2020:10:09:27 +0800] "POST /xingrg/services/DataTransmitService HTTP/1.1" 200 501
114.84.32.201 - - [23/May/2020:10:09:28 +0800] "GET /xingrg/system/rest/get_item.html?table=menu&id=1965&_=1590199763141 HTTP/1.1" 200 969
114.84.32.201 - - [23/May/2020:10:09:28 +0800] "GET /xingrg/system/rest/get_item.html?table=menu&target=cook_mode&id=1965&_=1590199763162 HTTP/1.1" 200 6235
114.84.32.201 - - [23/May/2020:10:09:28 +0800] "GET /xingrg/system/rest/get_item.html?table=menu&target=menu_rest&id=1965&_=1590199763165 HTTP/1.1" 200 669
114.86.190.97 - - [23/May/2020:10:09:29 +0800] "GET /xingrg/all/function/internal_message.html?_=1590199775668&CODE_STATE=getMsg HTTP/1.1" 200 27
114.84.32.201 - - [23/May/2020:10:09:29 +0800] "GET /xingrg/system/rest/get_infos.html?command=menu_img_show&id=1965 HTTP/1.1" 200 5
114.84.151.157 - - [23/May/2020:10:09:29 +0800] "GET /xingrg/all/function/internal_message.html?_=1590199767028&CODE_STATE=getMsg HTTP/1.1" 200 27
114.84.151.157 - - [23/May/2020:10:09:29 +0800] "POST /xingrg/services/DataTransmitService HTTP/1.1" 200 501
101.85.52.41 - - [23/May/2020:10:09:30 +0800] "GET /xingrg/check_reg.html?_=1590199273504 HTTP/1.1" 302 -
114.88.170.9 - - [23/May/2020:10:09:31 +0800] "POST /xingrg/kc/buy/cgsh_order_operate.html HTTP/1.1" 200 37
114.84.151.157 - - [23/May/2020:10:09:31 +0800] "POST /xingrg/services/DataTransmitService HTTP/1.1" 200 501
58.221.95.50 - - [23/May/2020:10:09:31 +0800] "GET /xingrg/all/function/internal_message.html?_=1590199819055&CODE_STATE=getMsg HTTP/1.1" 200 27
114.84.151.157 - - [23/May/2020:10:09:32 +0800] "POST /xingrg/services/DataTransmitService HTTP/1.1" 200 501
114.84.151.157 - - [23/May/2020:10:09:32 +0800] "POST /xingrg/services/DataTransmitService HTTP/1.1" 200 501
114.88.170.9 - - [23/May/2020:10:09:32 +0800] "POST /xingrg/kc/buy/cgsh_order_operate.html HTTP/1.1" 200 3248
114.84.151.157 - - [23/May/2020:10:09:32 +0800] "POST /xingrg/services/DataTransmitService HTTP/1.1" 200 501
114.84.151.157 - - [23/May/2020:10:09:32 +0800] "POST /xingrg/services/DataTransmitService HTTP/1.1" 200 501
114.84.151.157 - - [23/May/2020:10:09:32 +0800] "POST /xingrg/services/DataTransmitService HTTP/1.1" 200 501
114.84.32.201 - - [23/May/2020:10:09:32 +0800] "GET /xingrg/system/rest/get_item.html?table=menu&target=menu_rest_detail&id=1965&sid=12&_=1590199767390 HTTP/1.1" 200 426
114.84.151.157 - - [23/May/2020:10:09:32 +0800] "POST /xingrg/services/DataTransmitService HTTP/1.1" 200 412
114.84.151.157 - - [23/May/2020:10:09:32 +0800] "POST /xingrg/services/DataTransmitService HTTP/1.1" 200 524
114.84.151.157 - - [23/May/2020:10:09:32 +0800] "POST /xingrg/services/DataTransmitService HTTP/1.1" 200 501
114.88.170.9 - - [23/May/2020:10:09:33 +0800] "GET /xingrg/kc/print/load_data.html?order_code=212020052308271&kc_code=cgsh&condition= HTTP/1.1" 200 900
114.84.151.157 - - [23/May/2020:10:09:34 +0800] "POST /xingrg/services/DataTransmitService HTTP/1.1" 200 524
114.84.151.157 - - [23/May/2020:10:09:34 +0800] "POST /xingrg/services/DataTransmitService HTTP/1.1" 200 524
114.84.151.157 - - [23/May/2020:10:09:35 +0800] "POST /xingrg/services/DataTransmitService HTTP/1.1" 200 524
180.162.232.172 - - [23/May/2020:10:09:37 +0800] "GET /xingrg/all/function/internal_message.html?_=1590199774568&CODE_STATE=getMsg HTTP/1.1" 200 27
114.88.170.9 - - [23/May/2020:10:09:37 +0800] "GET /xingrg/kc/buy/cgsh_order_add.html HTTP/1.1" 200 58678
172.17.0.105 - - [23/May/2020:10:09:38 +0800] "GET /xingrg/all/function/internal_message.html?_=1590199773760&CODE_STATE=getMsg HTTP/1.1" 200 27
114.88.170.9 - - [23/May/2020:10:09:38 +0800] "POST /xingrg/kc/buy/cgsh_order_operate.html HTTP/1.1" 200 8245
114.88.170.9 - - [23/May/2020:10:09:38 +0800] "GET /xingrg/javascript/easyui/themes/default/validatebox.css HTTP/1.1" 404 1104
114.84.32.201 - - [23/May/2020:10:09:42 +0800] "POST /xingrg/system/rest/edit_item.html HTTP/1.1" 200 4
114.84.32.201 - - [23/May/2020:10:09:42 +0800] "GET /xingrg/system/rest/get_item.html?table=menu&target=menu_rest&id=1965&_=1590199776880 HTTP/1.1" 200 669
114.88.170.9 - - [23/May/2020:10:09:44 +0800] "GET /xingrg/all/function/internal_message.html?_=1590199779841&CODE_STATE=getMsg HTTP/1.1" 200 27
120.253.135.82 - - [23/May/2020:10:09:46 +0800] "GET /xingrg/all/function/internal_message.html?_=1590199851707&CODE_STATE=getMsg HTTP/1.1" 200 27
114.84.151.157 - - [23/May/2020:10:09:48 +0800] "GET /xingrg/system/rest/query_items.html?_=1590199785974&table=menu&page=1&rows=20&categoryId=&key=1647 HTTP/1.1" 200 280
114.84.151.157 - - [23/May/2020:10:09:49 +0800] "GET /xingrg/system/rest/list_page.html?p=menu HTTP/1.1" 200 112701
114.84.151.157 - - [23/May/2020:10:09:49 +0800] "GET /xingrg/dwr/interface/AjaxGetFirstChart.js HTTP/1.1" 200 631
58.40.7.146 - - [23/May/2020:10:09:49 +0800] "GET /xingrg/check_reg.html?_=1590199786870 HTTP/1.1" 200 22
58.40.7.146 - - [23/May/2020:10:09:49 +0800] "GET /xingrg/all/function/internal_message.html?_=1590199786872&CODE_STATE=getMsg HTTP/1.1" 200 27
114.84.151.157 - - [23/May/2020:10:09:49 +0800] "GET /xingrg/dwr/engine.js HTTP/1.1" 200 43631
114.84.151.157 - - [23/May/2020:10:09:49 +0800] "GET /xingrg/system/rest/query_items.html?_=1590199786964&table=menu&page=1&rows=20&categoryId=&key= HTTP/1.1" 200 4731
114.88.170.9 - - [23/May/2020:10:09:50 +0800] "GET /xingrg/kc/buy/cgsh_order_operate.html?command=get_materiel&rest_code=00111&code=00101001051&supplier_code=00100090&order_time=2020-05-22 HTTP/1.1" 200 422
114.84.151.157 - - [23/May/2020:10:09:51 +0800] "GET /xingrg/all/report/report_query.html?fileName=dma/new_5.0/yingye/order_list.xml HTTP/1.1" 200 55281
114.84.151.157 - - [23/May/2020:10:09:51 +0800] "GET /xingrg/javascript/multi_select/jqueryMultiSelect.css HTTP/1.1" 200 951
114.84.151.157 - - [23/May/2020:10:09:51 +0800] "GET /xingrg/css/blue.css HTTP/1.1" 200 15949
114.84.151.157 - - [23/May/2020:10:09:51 +0800] "GET /xingrg/javascript/calendar/timePicker.css HTTP/1.1" 200 523
114.84.151.157 - - [23/May/2020:10:09:51 +0800] "GET /xingrg/javascript/bigrid/fix.css HTTP/1.1" 200 1702
114.84.151.157 - - [23/May/2020:10:09:51 +0800] "GET /xingrg/javascript/pic_change.js HTTP/1.1" 200 4739
114.84.151.157 - - [23/May/2020:10:09:51 +0800] "GET /xingrg/dwr/interface/AjaxReportQueryService.js HTTP/1.1" 200 13203
114.84.151.157 - - [23/May/2020:10:09:51 +0800] "GET /xingrg/javascript/myfunction.js HTTP/1.1" 200 24559
114.84.151.157 - - [23/May/2020:10:09:51 +0800] "GET /xingrg/dwr/engine.js HTTP/1.1" 200 43631
114.84.32.201 - - [23/May/2020:10:09:51 +0800] "GET /xingrg/system/rest/query_items.html?_=1590199785760&table=menu&page=1&rows=20&categoryId=&key= HTTP/1.1" 200 4731
114.84.151.157 - - [23/May/2020:10:09:51 +0800] "GET /xingrg/javascript/jqueryMultiSelect.js HTTP/1.1" 200 11866
114.84.151.157 - - [23/May/2020:10:09:51 +0800] "GET /xingrg/javascript/calendar/jquery.timePicker.min.js HTTP/1.1" 200 2997
114.84.151.157 - - [23/May/2020:10:09:51 +0800] "GET /xingrg/javascript/bigrid/fix.js HTTP/1.1" 200 6439
114.84.151.157 - - [23/May/2020:10:09:51 +0800] "GET /xingrg/images/blue/button/advanceover.gif HTTP/1.1" 200 1347
114.84.151.157 - - [23/May/2020:10:09:51 +0800] "GET /xingrg/images/control/loading.gif HTTP/1.1" 200 13463
114.84.151.157 - - [23/May/2020:10:09:51 +0800] "GET /xingrg/images/blue/button/advance2over.gif HTTP/1.1" 200 1336
114.84.151.157 - - [23/May/2020:10:09:51 +0800] "GET /xingrg/images/blue/button/back2over.gif HTTP/1.1" 200 1335
114.84.151.157 - - [23/May/2020:10:09:51 +0800] "GET /xingrg/images/blue/button/backover.gif HTTP/1.1" 200 1348
114.84.151.157 - - [23/May/2020:10:09:51 +0800] "GET /xingrg/javascript/jquery_easy_ui/themes/icons/help.png HTTP/1.1" 200 1187
114.84.151.157 - - [23/May/2020:10:09:51 +0800] "GET /xingrg/javascript/jquery_easy_ui/themes/default/images/menu_downarrow.png HTTP/1.1" 200 173
114.84.151.157 - - [23/May/2020:10:09:51 +0800] "GET /xingrg/javascript/jquery_easy_ui/themes/default/images/menu.gif HTTP/1.1" 200 834
114.84.151.157 - - [23/May/2020:10:09:51 +0800] "GET /xingrg/javascript/jquery_easy_ui/themes/icons/print.png HTTP/1.1" 200 1057
114.84.151.157 - - [23/May/2020:10:09:51 +0800] "GET /xingrg/javascript/jquery_easy_ui/themes/default/images/menu_rightarrow.png HTTP/1.1" 200 3617
114.84.151.157 - - [23/May/2020:10:09:51 +0800] "POST /xingrg/dwr/call/plaincall/AjaxReportQueryService.getFixDate.dwr HTTP/1.1" 200 111
114.84.151.157 - - [23/May/2020:10:09:51 +0800] "POST /xingrg/all/common/load_tree.html?tree=area_station_tree_json&manage=1 HTTP/1.1" 200 2990
114.84.151.157 - - [23/May/2020:10:09:51 +0800] "GET /xingrg/javascript/jquery_easy_ui/themes/default/images/combo_arrow_dot.gif HTTP/1.1" 200 79
114.84.151.157 - - [23/May/2020:10:09:51 +0800] "POST /xingrg/dwr/call/plaincall/AjaxReportQueryService.getInitString.dwr HTTP/1.1" 200 76
114.84.151.157 - - [23/May/2020:10:09:52 +0800] "GET /xingrg/javascript/multi_select/dropdown.gif HTTP/1.1" 200 61
120.253.135.82 - - [23/May/2020:10:09:53 +0800] "GET /xingrg/all/function/internal_message.html?_=1590199546967&CODE_STATE=getMsg HTTP/1.1" 200 27
114.84.33.255 - - [23/May/2020:10:09:57 +0800] "GET /xingrg/all/function/internal_message.html?_=1590199795034&CODE_STATE=getMsg HTTP/1.1" 200 27
114.84.32.201 - - [23/May/2020:10:10:00 +0800] "GET /xingrg/system/rest/query_items.html?_=1590199794817&table=menu&page=1&rows=20&categoryId=&key=%25E8%258A%25B1%25E8%259E%25BA HTTP/1.1" 200 298
114.84.32.201 - - [23/May/2020:10:10:00 +0800] "GET /xingrg/all/function/internal_message.html?_=1590199795316&CODE_STATE=getMsg HTTP/1.1" 200 27
114.84.151.157 - - [23/May/2020:10:10:00 +0800] "POST /xingrg/dwr/call/plaincall/AjaxReportQueryService.queryInitializeString.dwr HTTP/1.1" 200 201
114.84.151.157 - - [23/May/2020:10:10:02 +0800] "POST /xingrg/dwr/call/plaincall/AjaxReportQueryService.refreshCache.dwr HTTP/1.1" 200 78
114.84.151.157 - - [23/May/2020:10:10:03 +0800] "POST /xingrg/all/report/load_report_page.html HTTP/1.1" 200 196668
114.84.151.157 - - [23/May/2020:10:10:03 +0800] "GET /xingrg/images/blue/button/back2.gif HTTP/1.1" 200 1339
114.84.151.157 - - [23/May/2020:10:10:03 +0800] "GET /xingrg/images/blue/button/back.gif HTTP/1.1" 200 1352
114.84.151.157 - - [23/May/2020:10:10:03 +0800] "GET /xingrg/servlets/image?cache=0.12798263637134144&image=px HTTP/1.1" 200 807
114.84.32.201 - - [23/May/2020:10:10:03 +0800] "GET /xingrg/system/rest/get_item.html?table=menu&id=2054&_=1590199797950 HTTP/1.1" 200 1007
114.84.32.201 - - [23/May/2020:10:10:03 +0800] "GET /xingrg/system/rest/get_item.html?table=menu&target=menu_rest&id=2054&_=1590199797965 HTTP/1.1" 200 775
114.84.32.201 - - [23/May/2020:10:10:03 +0800] "GET /xingrg/system/rest/get_item.html?table=menu&target=cook_mode&id=2054&_=1590199797965 HTTP/1.1" 200 10645
114.84.32.201 - - [23/May/2020:10:10:03 +0800] "GET /xingrg/system/rest/get_infos.html?command=menu_img_show&id=2054 HTTP/1.1" 200 5
114.84.151.157 - - [23/May/2020:10:10:06 +0800] "POST /xingrg/all/report/load_report_page.html HTTP/1.1" 200 54199
114.84.151.157 - - [23/May/2020:10:10:06 +0800] "GET /xingrg/images/blue/button/advance.gif HTTP/1.1" 200 1354
114.84.151.157 - - [23/May/2020:10:10:06 +0800] "GET /xingrg/images/blue/button/advance2.gif HTTP/1.1" 200 1338
114.84.151.157 - - [23/May/2020:10:10:06 +0800] "GET /xingrg/servlets/image?cache=0.8291418980447877&image=px HTTP/1.1" 200 807
114.84.32.201 - - [23/May/2020:10:10:06 +0800] "GET /xingrg/system/rest/get_item.html?table=menu&target=menu_rest_detail&id=2054&sid=12&_=1590199801058 HTTP/1.1" 200 427
114.88.170.9 - - [23/May/2020:10:10:06 +0800] "GET /xingrg/kc/buy/cgsh_order_operate.html?command=get_materiel&rest_code=00111&code=00101001140&supplier_code=00100090&order_time=2020-05-22 HTTP/1.1" 200 415
114.88.170.9 - - [23/May/2020:10:10:13 +0800] "GET /xingrg/all/function/internal_message.html?_=1590200163735&CODE_STATE=getMsg HTTP/1.1" 200 27
180.162.232.172 - - [23/May/2020:10:10:14 +0800] "GET /xingrg/all/function/internal_message.html?_=1590199948241&CODE_STATE=getMsg HTTP/1.1" 200 27
180.175.212.199 - - [23/May/2020:10:10:14 +0800] "GET /xingrg/all/function/internal_message.html?_=1590200013439&CODE_STATE=getMsg HTTP/1.1" 200 27
114.88.170.9 - - [23/May/2020:10:10:15 +0800] "GET /xingrg/kc/buy/cgsh_order_operate.html?command=get_materiel&rest_code=00111&code=00101001125&supplier_code=00100090&order_time=2020-05-22 HTTP/1.1" 200 415
114.84.32.201 - - [23/May/2020:10:10:18 +0800] "POST /xingrg/system/rest/edit_item.html HTTP/1.1" 200 4
114.84.32.201 - - [23/May/2020:10:10:18 +0800] "GET /xingrg/system/rest/get_item.html?table=menu&target=menu_rest&id=2054&_=1590199813613 HTTP/1.1" 200 775
61.172.5.115 - - [23/May/2020:10:10:18 +0800] "GET /xingrg/all/function/internal_message.html?_=1590199816887&CODE_STATE=getMsg HTTP/1.1" 200 27
114.88.170.9 - - [23/May/2020:10:10:25 +0800] "GET /xingrg/kc/buy/cgsh_order_operate.html?command=get_materiel&rest_code=00111&code=00101001093&supplier_code=00100090&order_time=2020-05-22 HTTP/1.1" 200 411
114.84.151.157 - - [23/May/2020:10:10:29 +0800] "GET /xingrg/all/function/internal_message.html?_=1590199826998&CODE_STATE=getMsg HTTP/1.1" 200 27
114.86.190.97 - - [23/May/2020:10:10:29 +0800] "GET /xingrg/all/function/internal_message.html?_=1590199835849&CODE_STATE=getMsg HTTP/1.1" 200 27
114.84.32.201 - - [23/May/2020:10:10:30 +0800] "GET /xingrg/system/rest/query_items.html?_=1590199824932&table=menu&page=1&rows=20&categoryId=&key=%25E6%25B5%25B7%25E8%2582%25A0 HTTP/1.1" 200 248
58.221.95.50 - - [23/May/2020:10:10:31 +0800] "GET /xingrg/all/function/internal_message.html?_=1590199879030&CODE_STATE=getMsg HTTP/1.1" 200 27
114.84.32.201 - - [23/May/2020:10:10:32 +0800] "GET /xingrg/system/rest/get_item.html?table=menu&id=2090&_=1590199826938 HTTP/1.1" 200 935
114.84.32.201 - - [23/May/2020:10:10:32 +0800] "GET /xingrg/system/rest/get_item.html?table=menu&target=menu_rest&id=2090&_=1590199826955 HTTP/1.1" 200 551
114.84.32.201 - - [23/May/2020:10:10:32 +0800] "GET /xingrg/system/rest/get_item.html?table=menu&target=cook_mode&id=2090&_=1590199826953 HTTP/1.1" 200 9336
114.88.170.9 - - [23/May/2020:10:10:32 +0800] "POST /xingrg/kc/buy/cgsh_order_operate.html HTTP/1.1" 200 37
114.84.32.201 - - [23/May/2020:10:10:33 +0800] "GET /xingrg/system/rest/get_infos.html?command=menu_img_show&id=2090 HTTP/1.1" 200 5
114.88.170.9 - - [23/May/2020:10:10:33 +0800] "POST /xingrg/kc/buy/cgsh_order_operate.html HTTP/1.1" 200 4459
114.88.170.9 - - [23/May/2020:10:10:34 +0800] "GET /xingrg/kc/print/load_data.html?order_code=212020052308272&kc_code=cgsh&condition= HTTP/1.1" 200 1441
114.84.32.201 - - [23/May/2020:10:10:35 +0800] "GET /xingrg/system/rest/get_item.html?table=menu&target=menu_rest_detail&id=2090&sid=12&_=1590199830523 HTTP/1.1" 200 426
180.162.232.172 - - [23/May/2020:10:10:37 +0800] "GET /xingrg/all/function/internal_message.html?_=1590199834569&CODE_STATE=getMsg HTTP/1.1" 200 27
172.17.0.105 - - [23/May/2020:10:10:38 +0800] "GET /xingrg/all/function/internal_message.html?_=1590199833758&CODE_STATE=getMsg HTTP/1.1" 200 27
114.88.170.9 - - [23/May/2020:10:10:40 +0800] "GET /xingrg/kc/buy/cgsh_order_add.html HTTP/1.1" 200 58678
114.88.170.9 - - [23/May/2020:10:10:40 +0800] "POST /xingrg/kc/buy/cgsh_order_operate.html HTTP/1.1" 200 8245
114.88.170.9 - - [23/May/2020:10:10:40 +0800] "GET /xingrg/javascript/easyui/themes/default/validatebox.css HTTP/1.1" 404 1104
114.88.170.9 - - [23/May/2020:10:10:43 +0800] "GET /xingrg/check_reg.html?_=1590199838516 HTTP/1.1" 200 22
114.88.170.9 - - [23/May/2020:10:10:44 +0800] "GET /xingrg/all/function/internal_message.html?_=1590199839856&CODE_STATE=getMsg HTTP/1.1" 200 27
120.253.135.82 - - [23/May/2020:10:10:46 +0800] "GET /xingrg/all/function/internal_message.html?_=1590199911761&CODE_STATE=getMsg HTTP/1.1" 200 27
114.84.32.201 - - [23/May/2020:10:10:47 +0800] "POST /xingrg/system/rest/edit_item.html HTTP/1.1" 200 4
114.84.32.201 - - [23/May/2020:10:10:47 +0800] "GET /xingrg/system/rest/get_item.html?table=menu&target=menu_rest&id=2090&_=1590199841793 HTTP/1.1" 200 551
58.40.7.146 - - [23/May/2020:10:10:49 +0800] "GET /xingrg/all/function/internal_message.html?_=1590199846874&CODE_STATE=getMsg HTTP/1.1" 200 27
120.253.135.82 - - [23/May/2020:10:10:53 +0800] "GET /xingrg/all/function/internal_message.html?_=1590199607012&CODE_STATE=getMsg HTTP/1.1" 200 27
114.84.151.157 - - [23/May/2020:10:10:54 +0800] "GET /xingrg/check_reg.html?_=1590199852303 HTTP/1.1" 200 22
58.221.95.50 - - [23/May/2020:10:10:55 +0800] "GET /xingrg/check_reg.html?_=1590199902571 HTTP/1.1" 200 22
114.84.33.255 - - [23/May/2020:10:10:57 +0800] "GET /xingrg/all/function/internal_message.html?_=1590199855039&CODE_STATE=getMsg HTTP/1.1" 200 27
114.84.32.201 - - [23/May/2020:10:10:58 +0800] "GET /xingrg/system/rest/query_items.html?_=1590199853641&table=menu&page=1&rows=20&categoryId=&key=%25E6%25AF%258D%25E5%258D%25B7 HTTP/1.1" 200 4116
114.88.170.9 - - [23/May/2020:10:10:59 +0800] "GET /xingrg/kc/buy/cgsh_order_operate.html?command=get_materiel&rest_code=00111&code=00101003053&supplier_code=00100091&order_time=2020-05-23 HTTP/1.1" 200 398
114.84.32.201 - - [23/May/2020:10:11:00 +0800] "GET /xingrg/all/function/internal_message.html?_=1590199855313&CODE_STATE=getMsg HTTP/1.1" 200 27
114.84.32.201 - - [23/May/2020:10:11:03 +0800] "GET /xingrg/system/rest/get_item.html?table=menu&id=2084&_=1590199857690 HTTP/1.1" 200 971
114.84.32.201 - - [23/May/2020:10:11:03 +0800] "GET /xingrg/system/rest/get_item.html?table=menu&target=menu_rest&id=2084&_=1590199857706 HTTP/1.1" 200 1143
114.84.32.201 - - [23/May/2020:10:11:03 +0800] "GET /xingrg/system/rest/get_item.html?table=menu&target=cook_mode&id=2084&_=1590199857705 HTTP/1.1" 200 9370
114.84.32.201 - - [23/May/2020:10:11:03 +0800] "GET /xingrg/system/rest/get_infos.html?command=menu_img_show&id=2084 HTTP/1.1" 200 5
117.185.32.26 - - [23/May/2020:10:11:05 +0800] "GET /xingrg/check_reg.html?_=1590200287076 HTTP/1.1" 200 22
120.253.135.82 - - [23/May/2020:10:11:05 +0800] "GET /xingrg/check_reg.html?_=1590199997537 HTTP/1.1" 200 22
114.88.170.9 - - [23/May/2020:10:11:08 +0800] "POST /xingrg/kc/buy/cgsh_order_operate.html HTTP/1.1" 200 37
114.88.170.9 - - [23/May/2020:10:11:08 +0800] "POST /xingrg/kc/buy/cgsh_order_operate.html HTTP/1.1" 200 2659
114.84.32.201 - - [23/May/2020:10:11:09 +0800] "GET /xingrg/system/rest/get_item.html?table=menu&target=menu_rest_detail&id=2084&sid=12&_=1590199863981 HTTP/1.1" 200 426
114.88.170.9 - - [23/May/2020:10:11:10 +0800] "GET /xingrg/kc/print/load_data.html?order_code=212020052308273&kc_code=cgsh&condition= HTTP/1.1" 200 736
114.88.170.9 - - [23/May/2020:10:11:13 +0800] "GET /xingrg/all/function/internal_message.html?_=1590200223707&CODE_STATE=getMsg HTTP/1.1" 200 27
180.162.232.172 - - [23/May/2020:10:11:14 +0800] "GET /xingrg/all/function/internal_message.html?_=1590200008294&CODE_STATE=getMsg HTTP/1.1" 200 27
114.88.170.9 - - [23/May/2020:10:11:14 +0800] "GET /xingrg/kc/buy/cgsh_order_add.html HTTP/1.1" 200 58678
114.88.170.9 - - [23/May/2020:10:11:15 +0800] "GET /xingrg/javascript/easyui/themes/default/validatebox.css HTTP/1.1" 404 1104
114.88.170.9 - - [23/May/2020:10:11:15 +0800] "POST /xingrg/kc/buy/cgsh_order_operate.html HTTP/1.1" 200 8245
180.175.212.199 - - [23/May/2020:10:11:15 +0800] "GET /xingrg/all/function/internal_message.html?_=1590200074033&CODE_STATE=getMsg HTTP/1.1" 200 27
120.253.135.82 - - [23/May/2020:10:11:15 +0800] "GET /xingrg/check_reg.html?_=1590199941032 HTTP/1.1" 200 22
61.172.5.115 - - [23/May/2020:10:11:18 +0800] "GET /xingrg/all/function/internal_message.html?_=1590199876885&CODE_STATE=getMsg HTTP/1.1" 200 27
114.88.170.9 - - [23/May/2020:10:11:23 +0800] "GET /xingrg/kc/buy/cgsh_order_operate.html?command=get_materiel&rest_code=00111&code=00101004046&supplier_code=00100312&order_time=2020-05-23 HTTP/1.1" 200 433
114.84.151.157 - - [23/May/2020:10:11:29 +0800] "GET /xingrg/all/function/internal_message.html?_=1590199886975&CODE_STATE=getMsg HTTP/1.1" 200 27
114.86.190.97 - - [23/May/2020:10:11:29 +0800] "GET /xingrg/all/function/internal_message.html?_=1590199895852&CODE_STATE=getMsg HTTP/1.1" 200 27
120.253.135.82 - - [23/May/2020:10:11:30 +0800] "POST /xingrg/kc/pszx/mdth_order_new_list.html HTTP/1.1" 200 4628
58.221.95.50 - - [23/May/2020:10:11:31 +0800] "GET /xingrg/all/function/internal_message.html?_=1590199939005&CODE_STATE=getMsg HTTP/1.1" 200 27
114.88.170.9 - - [23/May/2020:10:11:36 +0800] "GET /xingrg/kc/buy/cgsh_order_operate.html?command=get_materiel&rest_code=00111&code=00101004067&supplier_code=00100312&order_time=2020-05-23 HTTP/1.1" 200 415
114.86.190.97 - - [23/May/2020:10:11:37 +0800] "GET /favicon.ico HTTP/1.1" 404 -
180.162.232.172 - - [23/May/2020:10:11:37 +0800] "GET /xingrg/all/function/internal_message.html?_=1590199894571&CODE_STATE=getMsg HTTP/1.1" 200 27
180.162.232.172 - - [23/May/2020:10:11:37 +0800] "GET /xingrg/check_reg.html?_=1590199894575 HTTP/1.1" 200 22
172.17.0.105 - - [23/May/2020:10:11:38 +0800] "GET /xingrg/all/function/internal_message.html?_=1590199893772&CODE_STATE=getMsg HTTP/1.1" 200 27
172.17.0.105 - - [23/May/2020:10:11:38 +0800] "GET /xingrg/check_reg.html?_=1590199893773 HTTP/1.1" 200 22
120.253.135.82 - - [23/May/2020:10:11:39 +0800] "POST /xingrg/kc/pszx/mdth_order_new_list.html HTTP/1.1" 200 4628
120.253.135.82 - - [23/May/2020:10:11:39 +0800] "GET /xingrg/kc/buy/cgth_order_list.html HTTP/1.1" 200 42598
120.253.135.82 - - [23/May/2020:10:11:39 +0800] "POST /xingrg/kc/buy/cgth_list_operate.html HTTP/1.1" 200 1035
114.84.32.201 - - [23/May/2020:10:11:40 +0800] "POST /xingrg/system/rest/edit_item.html HTTP/1.1" 200 4
114.84.32.201 - - [23/May/2020:10:11:40 +0800] "GET /xingrg/system/rest/get_item.html?table=menu&target=menu_rest&id=2084&_=1590199895016 HTTP/1.1" 200 1143
120.253.135.82 - - [23/May/2020:10:11:41 +0800] "GET /xingrg/javascript/Grid.js HTTP/1.1" 200 58908
120.253.135.82 - - [23/May/2020:10:11:41 +0800] "GET /xingrg/javascript/ToolTips.js HTTP/1.1" 200 5615
120.253.135.82 - - [23/May/2020:10:11:41 +0800] "GET /xingrg/kc/buy/cgth_order_add.html HTTP/1.1" 200 60136
120.253.135.82 - - [23/May/2020:10:11:41 +0800] "GET /xingrg/javascript/AjaxInfoList.js HTTP/1.1" 200 3774
120.253.135.82 - - [23/May/2020:10:11:41 +0800] "GET /xingrg/javascript/tools/jquery.qtip-1.0.0-rc3.min.js HTTP/1.1" 200 38404
120.253.135.82 - - [23/May/2020:10:11:41 +0800] "GET /xingrg/dwr/interface/AjaxCgthService.js HTTP/1.1" 200 14519
120.253.135.82 - - [23/May/2020:10:11:41 +0800] "GET /xingrg/dwr/interface/AjaxComOrderService.js HTTP/1.1" 200 18264
120.253.135.82 - - [23/May/2020:10:11:42 +0800] "GET /xingrg/dwr/engine.js HTTP/1.1" 200 43631
120.253.135.82 - - [23/May/2020:10:11:42 +0800] "GET /xingrg/javascript/jquery_easy_ui/themes/icons/edit_add_new.png HTTP/1.1" 200 2997
120.253.135.82 - - [23/May/2020:10:11:42 +0800] "GET /xingrg/javascript/jquery_easy_ui/themes/icons/ok.png HTTP/1.1" 200 883
120.253.135.82 - - [23/May/2020:10:11:42 +0800] "GET /xingrg/javascript/jquery_easy_ui/themes/icons/cance_new.png HTTP/1.1" 200 3986
120.253.135.82 - - [23/May/2020:10:11:42 +0800] "GET /xingrg/javascript/jquery_easy_ui/themes/icons/print.png HTTP/1.1" 200 1057
120.253.135.82 - - [23/May/2020:10:11:42 +0800] "GET /xingrg/javascript/jquery_easy_ui/themes/default/images/menu_downarrow.png HTTP/1.1" 200 173
120.253.135.82 - - [23/May/2020:10:11:42 +0800] "GET /xingrg/javascript/jquery_easy_ui/themes/default/images/combo_arrow_dot.gif HTTP/1.1" 200 79
120.253.135.82 - - [23/May/2020:10:11:42 +0800] "GET /xingrg/javascript/jquery_easy_ui/themes/default/images/validatebox_warning.png HTTP/1.1" 200 921
120.253.135.82 - - [23/May/2020:10:11:42 +0800] "GET /xingrg/javascript/jquery_easy_ui/themes/default/images/validatebox_pointer.gif HTTP/1.1" 200 82
120.253.135.82 - - [23/May/2020:10:11:42 +0800] "GET /xingrg/javascript/jquery_easy_ui/themes/default/images/calendar_prevmonth.gif HTTP/1.1" 200 66
120.253.135.82 - - [23/May/2020:10:11:42 +0800] "GET /xingrg/javascript/jquery_easy_ui/themes/default/images/calendar_prevyear.gif HTTP/1.1" 200 76
120.253.135.82 - - [23/May/2020:10:11:42 +0800] "GET /xingrg/javascript/jquery_easy_ui/themes/default/images/calendar_nextmonth.gif HTTP/1.1" 200 64
120.253.135.82 - - [23/May/2020:10:11:42 +0800] "GET /xingrg/javascript/jquery_easy_ui/themes/default/images/calendar_nextyear.gif HTTP/1.1" 200 75
120.253.135.82 - - [23/May/2020:10:11:42 +0800] "GET /xingrg/images/blue/button/kc_tab_add.gif HTTP/1.1" 200 375
120.253.135.82 - - [23/May/2020:10:11:42 +0800] "GET /xingrg/images/blue/button/kc_tab_del.gif HTTP/1.1" 200 383
120.253.135.82 - - [23/May/2020:10:11:42 +0800] "GET /xingrg/images/blue/button/kc_tab_save.gif HTTP/1.1" 200 777
120.253.135.82 - - [23/May/2020:10:11:42 +0800] "GET /xingrg/images/blue/kc_tab_right.gif HTTP/1.1" 200 643
120.253.135.82 - - [23/May/2020:10:11:42 +0800] "GET /xingrg/images/blue/button/kc_tab_edit.gif HTTP/1.1" 200 551
120.253.135.82 - - [23/May/2020:10:11:42 +0800] "GET /xingrg/images/blue/kc_tab_left.gif HTTP/1.1" 200 188
120.253.135.82 - - [23/May/2020:10:11:42 +0800] "GET /xingrg/images/blue/kc_tab_mid.gif HTTP/1.1" 200 44
120.253.135.82 - - [23/May/2020:10:11:42 +0800] "GET /xingrg/images/blue/kc_tab2_left.gif HTTP/1.1" 200 625
120.253.135.82 - - [23/May/2020:10:11:42 +0800] "GET /xingrg/images/blue/kc_tab2_right.gif HTTP/1.1" 200 192
120.253.135.82 - - [23/May/2020:10:11:42 +0800] "POST /xingrg/all/common/load_tree.html?tree=supplier_tree_json&isDelete=1 HTTP/1.1" 200 48344
114.88.170.9 - - [23/May/2020:10:11:44 +0800] "GET /xingrg/all/function/internal_message.html?_=1590199899870&CODE_STATE=getMsg HTTP/1.1" 200 27
114.88.170.9 - - [23/May/2020:10:11:46 +0800] "GET /xingrg/kc/buy/cgsh_order_operate.html?command=get_materiel&rest_code=00111&code=00101001029&supplier_code=00100312&order_time=2020-05-23 HTTP/1.1" 200 415
120.253.135.82 - - [23/May/2020:10:11:46 +0800] "GET /xingrg/all/function/internal_message.html?_=1590199971764&CODE_STATE=getMsg HTTP/1.1" 200 27
58.40.7.146 - - [23/May/2020:10:11:49 +0800] "GET /xingrg/all/function/internal_message.html?_=1590199906872&CODE_STATE=getMsg HTTP/1.1" 200 27
114.84.32.201 - - [23/May/2020:10:11:50 +0800] "GET /xingrg/system/rest/query_items.html?_=1590199905213&table=menu&page=1&rows=20&categoryId=&key=%25E5%25B0%258F%25E7%2599%25BD%25E9%25B2%25B3 HTTP/1.1" 200 975
114.88.170.9 - - [23/May/2020:10:11:52 +0800] "POST /xingrg/kc/buy/cgsh_order_operate.html HTTP/1.1" 200 37
114.84.32.201 - - [23/May/2020:10:11:52 +0800] "GET /xingrg/system/rest/get_item.html?table=menu&id=1931&_=1590199907560 HTTP/1.1" 200 944
114.84.32.201 - - [23/May/2020:10:11:52 +0800] "GET /xingrg/system/rest/get_item.html?table=menu&target=menu_rest&id=1931&_=1590199907577 HTTP/1.1" 200 886
114.84.32.201 - - [23/May/2020:10:11:52 +0800] "GET /xingrg/system/rest/get_item.html?table=menu&target=cook_mode&id=1931&_=1590199907576 HTTP/1.1" 200 17346
114.88.170.9 - - [23/May/2020:10:11:53 +0800] "POST /xingrg/kc/buy/cgsh_order_operate.html HTTP/1.1" 200 3856
114.84.32.201 - - [23/May/2020:10:11:53 +0800] "GET /xingrg/system/rest/get_infos.html?command=menu_img_show&id=1931 HTTP/1.1" 200 5
120.253.135.82 - - [23/May/2020:10:11:53 +0800] "GET /xingrg/all/function/internal_message.html?_=1590199667025&CODE_STATE=getMsg HTTP/1.1" 200 27
114.88.170.9 - - [23/May/2020:10:11:56 +0800] "GET /xingrg/kc/print/load_data.html?order_code=212020052308274&kc_code=cgsh&condition= HTTP/1.1" 200 1139
114.84.33.255 - - [23/May/2020:10:11:56 +0800] "GET /xingrg/check_reg.html?_=1590199914411 HTTP/1.1" 200 22
114.84.32.201 - - [23/May/2020:10:11:57 +0800] "GET /xingrg/system/rest/get_item.html?table=menu&target=menu_rest_detail&id=1931&sid=12&_=1590199911742 HTTP/1.1" 200 439
114.84.33.255 - - [23/May/2020:10:11:57 +0800] "GET /xingrg/all/function/internal_message.html?_=1590199915052&CODE_STATE=getMsg HTTP/1.1" 200 27
120.253.135.82 - - [23/May/2020:10:11:57 +0800] "GET /xingrg/javascript/auto/indicator.gif HTTP/1.1" 404 1066
114.84.32.201 - - [23/May/2020:10:12:00 +0800] "GET /xingrg/all/function/internal_message.html?_=1590199915327&CODE_STATE=getMsg HTTP/1.1" 200 27
120.253.135.82 - - [23/May/2020:10:12:02 +0800] "GET /xingrg/images/blue/wait.gif HTTP/1.1" 200 1100
120.253.135.82 - - [23/May/2020:10:12:02 +0800] "POST /xingrg/dwr/call/plaincall/AjaxCgthService.saveOrder.dwr HTTP/1.1" 200 78
114.88.170.9 - - [23/May/2020:10:12:03 +0800] "GET /xingrg/kc/buy/cgsh_order_add.html HTTP/1.1" 200 58678
114.88.170.9 - - [23/May/2020:10:12:03 +0800] "POST /xingrg/kc/buy/cgsh_order_operate.html HTTP/1.1" 200 8245
114.88.170.9 - - [23/May/2020:10:12:03 +0800] "GET /xingrg/javascript/easyui/themes/default/validatebox.css HTTP/1.1" 404 1104
120.253.135.82 - - [23/May/2020:10:12:04 +0800] "GET /xingrg/images/yd/bt.gif HTTP/1.1" 404 1040
114.84.32.201 - - [23/May/2020:10:12:06 +0800] "POST /xingrg/system/rest/edit_item.html HTTP/1.1" 200 4
114.84.32.201 - - [23/May/2020:10:12:06 +0800] "GET /xingrg/system/rest/get_item.html?table=menu&target=menu_rest&id=1931&_=1590199921375 HTTP/1.1" 200 886
120.253.135.82 - - [23/May/2020:10:12:12 +0800] "POST /xingrg/dwr/call/plaincall/AjaxComOrderService.getMaterielSearchList.dwr HTTP/1.1" 200 9223
114.88.170.9 - - [23/May/2020:10:12:13 +0800] "GET /xingrg/all/function/internal_message.html?_=1590200283690&CODE_STATE=getMsg HTTP/1.1" 200 27
120.253.135.82 - - [23/May/2020:10:12:13 +0800] "POST /xingrg/dwr/call/plaincall/AjaxComOrderService.getMaterielSearchList.dwr HTTP/1.1" 200 606
180.162.232.172 - - [23/May/2020:10:12:14 +0800] "GET /xingrg/all/function/internal_message.html?_=1590200068299&CODE_STATE=getMsg HTTP/1.1" 200 27
120.253.135.82 - - [23/May/2020:10:12:14 +0800] "POST /xingrg/dwr/call/plaincall/AjaxComOrderService.getMaterielSearchList.dwr HTTP/1.1" 200 302
180.175.212.199 - - [23/May/2020:10:12:15 +0800] "GET /xingrg/all/function/internal_message.html?_=1590200134044&CODE_STATE=getMsg HTTP/1.1" 200 27
120.253.135.82 - - [23/May/2020:10:12:16 +0800] "POST /xingrg/dwr/call/plaincall/AjaxCgthService.getMaterielByMap.dwr HTTP/1.1" 200 1510
61.172.5.115 - - [23/May/2020:10:12:18 +0800] "GET /xingrg/all/function/internal_message.html?_=1590199936900&CODE_STATE=getMsg HTTP/1.1" 200 27
114.84.32.201 - - [23/May/2020:10:12:20 +0800] "GET /xingrg/system/rest/query_items.html?_=1590199938158&table=menu&page=1&rows=20&categoryId=&key=%25E5%25B8%25A6%25E9%25B1%25BC HTTP/1.1" 200 3338
114.84.32.201 - - [23/May/2020:10:12:23 +0800] "GET /xingrg/system/rest/get_item.html?table=menu&id=1932&_=1590199941094 HTTP/1.1" 200 938
114.84.32.201 - - [23/May/2020:10:12:23 +0800] "GET /xingrg/system/rest/get_item.html?table=menu&target=menu_rest&id=1932&_=1590199941114 HTTP/1.1" 200 756
114.84.32.201 - - [23/May/2020:10:12:23 +0800] "GET /xingrg/system/rest/get_item.html?table=menu&target=cook_mode&id=1932&_=1590199941112 HTTP/1.1" 200 15037
114.84.32.201 - - [23/May/2020:10:12:24 +0800] "GET /xingrg/system/rest/get_infos.html?command=menu_img_show&id=1932 HTTP/1.1" 200 5
114.86.190.97 - - [23/May/2020:10:12:27 +0800] "GET /xingrg/check_reg.html?_=1590199954073 HTTP/1.1" 200 22
114.84.32.201 - - [23/May/2020:10:12:28 +0800] "GET /xingrg/system/rest/get_item.html?table=menu&target=menu_rest_detail&id=1932&sid=12&_=1590199946630 HTTP/1.1" 200 426
114.84.151.157 - - [23/May/2020:10:12:29 +0800] "GET /xingrg/all/function/internal_message.html?_=1590199946944&CODE_STATE=getMsg HTTP/1.1" 200 27
114.86.190.97 - - [23/May/2020:10:12:29 +0800] "GET /xingrg/all/function/internal_message.html?_=1590199955865&CODE_STATE=getMsg HTTP/1.1" 200 27
58.221.95.50 - - [23/May/2020:10:12:31 +0800] "GET /xingrg/all/function/internal_message.html?_=1590199998977&CODE_STATE=getMsg HTTP/1.1" 200 27
120.253.135.82 - - [23/May/2020:10:12:32 +0800] "POST /xingrg/dwr/call/plaincall/AjaxCgthService.saveMaterielItem.dwr HTTP/1.1" 200 78
180.162.232.172 - - [23/May/2020:10:12:37 +0800] "GET /xingrg/all/function/internal_message.html?_=1590199954581&CODE_STATE=getMsg HTTP/1.1" 200 27
120.253.135.82 - - [23/May/2020:10:12:38 +0800] "POST /xingrg/dwr/call/plaincall/AjaxCgthService.saveOrder.dwr HTTP/1.1" 200 78
114.84.32.201 - - [23/May/2020:10:12:38 +0800] "POST /xingrg/system/rest/edit_item.html HTTP/1.1" 200 4
172.17.0.105 - - [23/May/2020:10:12:38 +0800] "GET /xingrg/all/function/internal_message.html?_=1590199953771&CODE_STATE=getMsg HTTP/1.1" 200 27
114.84.32.201 - - [23/May/2020:10:12:38 +0800] "GET /xingrg/system/rest/get_item.html?table=menu&target=menu_rest&id=1932&_=1590199955917 HTTP/1.1" 200 756
120.253.135.82 - - [23/May/2020:10:12:42 +0800] "POST /xingrg/dwr/call/plaincall/AjaxComOrderService.getMaterielSearchList.dwr HTTP/1.1" 200 16012
120.253.135.82 - - [23/May/2020:10:12:42 +0800] "POST /xingrg/dwr/call/plaincall/AjaxComOrderService.getMaterielSearchList.dwr HTTP/1.1" 200 16012
120.253.135.82 - - [23/May/2020:10:12:43 +0800] "POST /xingrg/dwr/call/plaincall/AjaxComOrderService.getMaterielSearchList.dwr HTTP/1.1" 200 439
114.88.170.9 - - [23/May/2020:10:12:44 +0800] "GET /xingrg/all/function/internal_message.html?_=1590199959882&CODE_STATE=getMsg HTTP/1.1" 200 27
120.253.135.82 - - [23/May/2020:10:12:46 +0800] "GET /xingrg/all/function/internal_message.html?_=1590200031778&CODE_STATE=getMsg HTTP/1.1" 200 27
58.40.7.146 - - [23/May/2020:10:12:49 +0800] "GET /xingrg/all/function/internal_message.html?_=1590199966871&CODE_STATE=getMsg HTTP/1.1" 200 27
120.253.135.82 - - [23/May/2020:10:12:51 +0800] "POST /xingrg/dwr/call/plaincall/AjaxCgthService.getMaterielByMap.dwr HTTP/1.1" 200 1515
117.131.5.26 - - [23/May/2020:10:12:51 +0800] "POST /xingrg/services/DataTransmitService HTTP/1.1" 200 524
117.131.5.26 - - [23/May/2020:10:12:52 +0800] "POST /xingrg/services/DataTransmitService HTTP/1.1" 200 501
120.253.135.82 - - [23/May/2020:10:12:53 +0800] "GET /xingrg/all/function/internal_message.html?_=1590199727038&CODE_STATE=getMsg HTTP/1.1" 200 27
114.84.33.255 - - [23/May/2020:10:12:57 +0800] "GET /xingrg/all/function/internal_message.html?_=1590199975066&CODE_STATE=getMsg HTTP/1.1" 200 27
114.84.32.201 - - [23/May/2020:10:12:58 +0800] "GET /xingrg/system/rest/query_items.html?_=1590199976037&table=menu&page=1&rows=20&categoryId=&key=%25E6%25A2%2585%25E5%25AD%2590%25E9%25B1%25BC HTTP/1.1" 200 325
120.253.135.82 - - [23/May/2020:10:13:00 +0800] "POST /xingrg/dwr/call/plaincall/AjaxCgthService.getUnitPrice.dwr HTTP/1.1" 200 87
114.84.32.201 - - [23/May/2020:10:13:00 +0800] "GET /xingrg/check_reg.html?_=1590199978321 HTTP/1.1" 200 22
114.84.32.201 - - [23/May/2020:10:13:00 +0800] "GET /xingrg/all/function/internal_message.html?_=1590199978323&CODE_STATE=getMsg HTTP/1.1" 200 27
120.253.135.82 - - [23/May/2020:10:13:07 +0800] "POST /xingrg/dwr/call/plaincall/AjaxCgthService.saveMaterielItem.dwr HTTP/1.1" 200 79
114.88.170.9 - - [23/May/2020:10:13:09 +0800] "GET /xingrg/check_reg.html?_=1590199984561 HTTP/1.1" 200 22
120.253.135.82 - - [23/May/2020:10:13:11 +0800] "GET /xingrg/javascript/jquery_easy_ui/themes/default/images/button_plain_hover.png HTTP/1.1" 200 252
120.253.135.82 - - [23/May/2020:10:13:11 +0800] "POST /xingrg/dwr/call/plaincall/AjaxCgthService.saveOrder.dwr HTTP/1.1" 200 79
114.88.170.9 - - [23/May/2020:10:13:13 +0800] "GET /xingrg/check_reg.html?_=1590200343655 HTTP/1.1" 200 22
114.88.170.9 - - [23/May/2020:10:13:13 +0800] "GET /xingrg/all/function/internal_message.html?_=1590200343660&CODE_STATE=getMsg HTTP/1.1" 200 27
180.162.232.172 - - [23/May/2020:10:13:14 +0800] "GET /xingrg/check_reg.html?_=1590200128017 HTTP/1.1" 200 22
180.162.232.172 - - [23/May/2020:10:13:14 +0800] "GET /xingrg/all/function/internal_message.html?_=1590200128313&CODE_STATE=getMsg HTTP/1.1" 200 27
120.253.135.82 - - [23/May/2020:10:13:14 +0800] "GET /xingrg/kc/buy/cgth_order_list.html?isBack=1 HTTP/1.1" 200 42598
120.253.135.82 - - [23/May/2020:10:13:15 +0800] "POST /xingrg/kc/buy/cgth_list_operate.html HTTP/1.1" 200 1939
114.88.170.9 - - [23/May/2020:10:13:15 +0800] "GET /xingrg/kc/buy/cgsh_order_operate.html?command=get_materiel&rest_code=00111&code=00101004080&supplier_code=00100094&order_time=2020-05-23 HTTP/1.1" 200 405
180.175.212.199 - - [23/May/2020:10:13:16 +0800] "GET /xingrg/all/function/internal_message.html?_=1590200194627&CODE_STATE=getMsg HTTP/1.1" 200 27
120.253.135.82 - - [23/May/2020:10:13:17 +0800] "POST /xingrg/kc/buy/cgth_list_operate.html HTTP/1.1" 200 295
120.253.135.82 - - [23/May/2020:10:13:18 +0800] "GET /xingrg/kc/buy/cgth_order_info.html?code=232020052300029 HTTP/1.1" 200 60289
120.253.135.82 - - [23/May/2020:10:13:18 +0800] "GET /xingrg/dwr/interface/AjaxComOrderService.js HTTP/1.1" 200 18264
120.253.135.82 - - [23/May/2020:10:13:18 +0800] "GET /xingrg/dwr/interface/AjaxCgthService.js HTTP/1.1" 200 14519
