114.86.190.97 - - [18/May/2020:10:42:27 +0800] "GET /xingrg/system/rest/query_items.html?_=1589769747701&table=menu&page=1&rows=20&categoryId=&key=%25E7%25AC%258B%25E5%25A3%25B3%25E9%25B1%25BC HTTP/1.1" 200 1985
114.86.190.97 - - [18/May/2020:10:42:27 +0800] "GET /xingrg/system/rest/get_item.html?table=menu&id=1940&_=1589769748274 HTTP/1.1" 200 966
114.86.190.97 - - [18/May/2020:10:42:27 +0800] "GET /xingrg/system/rest/get_item.html?table=menu&target=menu_rest&id=1940&_=1589769748294 HTTP/1.1" 200 776
114.86.190.97 - - [18/May/2020:10:42:27 +0800] "GET /xingrg/system/rest/get_item.html?table=menu&target=cook_mode&id=1940&_=1589769748291 HTTP/1.1" 200 10808
114.86.190.97 - - [18/May/2020:10:42:28 +0800] "GET /xingrg/system/rest/get_infos.html?command=menu_img_show&id=1940 HTTP/1.1" 200 5
114.86.190.97 - - [18/May/2020:10:42:28 +0800] "GET /xingrg/all/function/internal_message.html?_=1589769749087&CODE_STATE=getMsg HTTP/1.1" 200 27
114.86.190.97 - - [18/May/2020:10:42:30 +0800] "GET /xingrg/system/rest/get_item.html?table=menu&target=menu_rest_detail&id=1940&sid=14&_=1589769750396 HTTP/1.1" 200 426
172.17.0.101 - - [18/May/2020:10:42:31 +0800] "GET /xingrg/all/function/internal_message.html?_=1589769788684&CODE_STATE=getMsg HTTP/1.1" 200 27
183.192.88.133 - - [18/May/2020:10:42:31 +0800] "GET /xingrg/all/function/internal_message.html?_=1589769755043&CODE_STATE=getMsg HTTP/1.1" 200 27
172.17.0.123 - - [18/May/2020:10:42:32 +0800] "GET /xingrg/all/function/internal_message.html?_=1589769747395&CODE_STATE=getMsg HTTP/1.1" 302 -
180.175.212.199 - - [18/May/2020:10:42:32 +0800] "GET /xingrg/javascript/jquery_tools/images/next.gif HTTP/1.1" 404 1086
180.175.212.199 - - [18/May/2020:10:42:32 +0800] "GET /xingrg/javascript/jquery_tools/images/prev.gif HTTP/1.1" 404 1086
172.17.0.100 - - [18/May/2020:10:42:33 +0800] "GET /xingrg/all/function/internal_message.html?_=1589769754223&CODE_STATE=getMsg HTTP/1.1" 200 27
180.175.212.199 - - [18/May/2020:10:42:36 +0800] "POST /xingrg/kc/base/wldb_list_operate.html HTTP/1.1" 200 1789
180.162.232.172 - - [18/May/2020:10:42:37 +0800] "GET /xingrg/all/function/internal_message.html?_=1589769758228&CODE_STATE=getMsg HTTP/1.1" 200 27
172.17.0.119 - - [18/May/2020:10:42:37 +0800] "GET /xingrg/all/function/internal_message.html?_=1589769757199&CODE_STATE=getMsg HTTP/1.1" 200 27
180.175.212.199 - - [18/May/2020:10:42:38 +0800] "GET /xingrg/kc/base/wldb_order_list.html HTTP/1.1" 200 19255
180.175.212.199 - - [18/May/2020:10:42:39 +0800] "POST /xingrg/kc/base/wldb_list_operate.html HTTP/1.1" 200 928
180.175.212.199 - - [18/May/2020:10:42:40 +0800] "GET /xingrg/kc/base/wldb_order_add.html HTTP/1.1" 200 30316
180.175.212.199 - - [18/May/2020:10:42:40 +0800] "GET /xingrg/javascript/pic_change.js HTTP/1.1" 304 -
180.175.212.199 - - [18/May/2020:10:42:40 +0800] "GET /xingrg/javascript/convert.js HTTP/1.1" 304 -
180.175.212.199 - - [18/May/2020:10:42:40 +0800] "GET /xingrg/javascript/jquery_tools/order_manager.js HTTP/1.1" 304 -
180.175.212.199 - - [18/May/2020:10:42:40 +0800] "GET /xingrg/javascript/print/kc_print.js HTTP/1.1" 304 -
180.175.212.199 - - [18/May/2020:10:42:40 +0800] "GET /xingrg/javascript/json2.js HTTP/1.1" 304 -
180.175.212.199 - - [18/May/2020:10:42:40 +0800] "GET /xingrg/words/20200517194425_words.js HTTP/1.1" 304 -
114.84.151.157 - - [18/May/2020:10:42:40 +0800] "POST /xingrg/system/rest/edit_item.html HTTP/1.1" 200 4
180.175.212.199 - - [18/May/2020:10:42:40 +0800] "POST /xingrg/kc/base/wldb_order_operate.html HTTP/1.1" 200 6806
114.84.151.157 - - [18/May/2020:10:42:40 +0800] "GET /xingrg/system/rest/get_item.html?table=menu&target=menu_rest&id=1932&_=1589769663233 HTTP/1.1" 200 756
58.40.7.146 - - [18/May/2020:10:42:40 +0800] "GET /xingrg/all/function/internal_message.html?_=1589769761755&CODE_STATE=getMsg HTTP/1.1" 200 27
180.175.212.199 - - [18/May/2020:10:42:41 +0800] "GET /xingrg/all/common/auto_word.html?type=base&rest_code=00102 HTTP/1.1" 200 1653
180.175.212.199 - - [18/May/2020:10:42:41 +0800] "GET /xingrg/all/common/auto_word.html?type=base&rest_code=00102 HTTP/1.1" 200 1653
180.175.212.199 - - [18/May/2020:10:42:41 +0800] "GET /xingrg/javascript/easyui/themes/default/validatebox.css HTTP/1.1" 404 1104
180.175.212.199 - - [18/May/2020:10:42:41 +0800] "GET /xingrg/javascript/easyui/plugins/jquery.validatebox.js HTTP/1.1" 304 -
180.175.212.199 - - [18/May/2020:10:42:41 +0800] "GET /xingrg/javascript/easyui/plugins/jquery.numberbox.js HTTP/1.1" 304 -
114.86.190.97 - - [18/May/2020:10:42:44 +0800] "GET /xingrg/system/rest/query_items.html?_=1589769764806&table=menu&page=1&rows=20&categoryId=&key=%25E7%25AC%258B%25E5%25A3%25B3%25E9%25B1%25BC HTTP/1.1" 200 1985
124.77.110.230 - - [18/May/2020:10:42:45 +0800] "GET /xingrg/kc/buy/cgsh_order_operate.html?command=get_materiel&rest_code=00107&code=00101001037&supplier_code=00100090&order_time=2020-05-18 HTTP/1.1" 200 416
114.84.151.157 - - [18/May/2020:10:42:48 +0800] "GET /xingrg/system/rest/query_items.html?_=1589769670438&table=menu&page=1&rows=20&categoryId=&key=%25E5%25B0%258F%25E7%2599%25BD HTTP/1.1" 200 1200
114.84.32.201 - - [18/May/2020:10:42:48 +0800] "GET /xingrg/all/function/internal_message.html?_=1589769769961&CODE_STATE=getMsg HTTP/1.1" 200 27
114.84.151.157 - - [18/May/2020:10:42:49 +0800] "GET /xingrg/system/rest/query_items.html?_=1589769671965&table=menu&page=1&rows=20&categoryId=&key=%25E5%25B0%258F%25E7%2599%25BD HTTP/1.1" 200 1200
114.84.151.157 - - [18/May/2020:10:42:49 +0800] "GET /xingrg/system/rest/get_item.html?table=menu&id=1931&_=1589769672287 HTTP/1.1" 200 944
114.84.151.157 - - [18/May/2020:10:42:49 +0800] "GET /xingrg/system/rest/get_item.html?table=menu&target=menu_rest&id=1931&_=1589769672308 HTTP/1.1" 200 886
114.84.151.157 - - [18/May/2020:10:42:49 +0800] "GET /xingrg/system/rest/get_item.html?table=menu&target=cook_mode&id=1931&_=1589769672307 HTTP/1.1" 200 17346
58.40.7.146 - - [18/May/2020:10:42:50 +0800] "GET /xingrg/all/function/internal_message.html?_=1589769771386&CODE_STATE=getMsg HTTP/1.1" 200 27
114.84.151.157 - - [18/May/2020:10:42:50 +0800] "GET /xingrg/system/rest/get_infos.html?command=menu_img_show&id=1931 HTTP/1.1" 200 5
114.86.190.97 - - [18/May/2020:10:42:51 +0800] "GET /xingrg/system/rest/query_items.html?_=1589769771337&table=menu&page=1&rows=20&categoryId=&key=%25E7%25AC%258B%25E5%25A3%25B3%25E9%25B1%25BC HTTP/1.1" 200 1985
120.253.135.82 - - [18/May/2020:10:42:51 +0800] "GET /xingrg/all/function/internal_message.html?_=1589769526784&CODE_STATE=getMsg HTTP/1.1" 200 27
180.162.232.172 - - [18/May/2020:10:42:51 +0800] "GET /xingrg/all/function/internal_message.html?_=1589769906853&CODE_STATE=getMsg HTTP/1.1" 200 27
117.185.32.26 - - [18/May/2020:10:42:53 +0800] "GET /xingrg/all/function/internal_message.html?_=1589770196406&CODE_STATE=getMsg HTTP/1.1" 200 27
114.86.190.97 - - [18/May/2020:10:42:56 +0800] "GET /xingrg/system/rest/query_items.html?_=1589769776448&table=menu&page=1&rows=20&categoryId=&key=2413 HTTP/1.1" 200 255
114.84.151.157 - - [18/May/2020:10:42:56 +0800] "GET /xingrg/system/rest/get_item.html?table=menu&target=menu_rest_detail&id=1931&sid=11&_=1589769679234 HTTP/1.1" 200 441
114.84.151.157 - - [18/May/2020:10:42:57 +0800] "GET /xingrg/all/function/internal_message.html?_=1589769679728&CODE_STATE=getMsg HTTP/1.1" 200 27
114.86.190.97 - - [18/May/2020:10:42:57 +0800] "GET /xingrg/system/rest/query_items.html?_=1589769777777&table=menu&page=1&rows=20&categoryId=&key=2413 HTTP/1.1" 200 255
117.185.32.26 - - [18/May/2020:10:42:57 +0800] "GET /xingrg/kc/buy/cgsh_order_operate.html?command=get_materiel&rest_code=00106&code=00101012025&supplier_code=00100032&order_time=2020-05-18 HTTP/1.1" 200 412
180.175.212.199 - - [18/May/2020:10:42:57 +0800] "GET /xingrg/all/function/internal_message.html?_=1589769783273&CODE_STATE=getMsg HTTP/1.1" 200 27
114.86.190.97 - - [18/May/2020:10:42:58 +0800] "GET /xingrg/system/rest/get_item.html?table=menu&id=2413&_=1589769778834 HTTP/1.1" 200 932
114.86.190.97 - - [18/May/2020:10:42:58 +0800] "GET /xingrg/system/rest/get_item.html?table=menu&target=menu_rest&id=2413&_=1589769778852 HTTP/1.1" 200 557
114.86.190.97 - - [18/May/2020:10:42:58 +0800] "GET /xingrg/system/rest/get_item.html?table=menu&target=cook_mode&id=2413&_=1589769778851 HTTP/1.1" 200 66
124.77.110.230 - - [18/May/2020:10:42:58 +0800] "GET /xingrg/all/function/internal_message.html?_=1589769779046&CODE_STATE=getMsg HTTP/1.1" 200 27
114.86.190.97 - - [18/May/2020:10:42:59 +0800] "GET /xingrg/system/rest/get_infos.html?command=menu_img_show&id=2413 HTTP/1.1" 200 5
180.175.212.199 - - [18/May/2020:10:43:01 +0800] "GET /xingrg/all/function/internal_message.html?_=1589769981032&CODE_STATE=getMsg HTTP/1.1" 200 27
222.69.138.209 - - [18/May/2020:10:43:02 +0800] "GET /xingrg/all/function/internal_message.html?_=1589769782757&CODE_STATE=getMsg HTTP/1.1" 200 27
114.86.190.97 - - [18/May/2020:10:43:03 +0800] "GET /xingrg/system/rest/get_item.html?table=menu&target=menu_rest_detail&id=2413&sid=14&_=1589769783590 HTTP/1.1" 200 426
117.131.5.26 - - [18/May/2020:10:43:03 +0800] "GET /xingrg/check_reg.html?_=1589769797015 HTTP/1.1" 200 22
61.172.5.115 - - [18/May/2020:10:43:03 +0800] "GET /xingrg/all/function/internal_message.html?_=1589769784833&CODE_STATE=getMsg HTTP/1.1" 200 27
114.84.151.157 - - [18/May/2020:10:43:04 +0800] "POST /xingrg/system/rest/edit_item.html HTTP/1.1" 200 4
114.84.151.157 - - [18/May/2020:10:43:04 +0800] "GET /xingrg/system/rest/get_item.html?table=menu&target=menu_rest&id=1931&_=1589769686930 HTTP/1.1" 200 886
114.86.190.97 - - [18/May/2020:10:43:06 +0800] "GET /xingrg/check_reg.html?_=1589769787255 HTTP/1.1" 200 22
114.88.170.9 - - [18/May/2020:10:43:06 +0800] "GET /xingrg/all/function/internal_message.html?_=1589769787105&CODE_STATE=getMsg HTTP/1.1" 200 27
114.86.190.97 - - [18/May/2020:10:43:07 +0800] "GET /xingrg/system/rest/query_items.html?_=1589769787598&table=menu&page=1&rows=20&categoryId=&key=7113 HTTP/1.1" 200 238
114.86.190.97 - - [18/May/2020:10:43:07 +0800] "GET /xingrg/all/function/internal_message.html?_=1589769788282&CODE_STATE=getMsg HTTP/1.1" 200 27
114.86.190.97 - - [18/May/2020:10:43:08 +0800] "GET /xingrg/system/rest/query_items.html?_=1589769788606&table=menu&page=1&rows=20&categoryId=&key=7113 HTTP/1.1" 200 238
114.86.190.97 - - [18/May/2020:10:43:08 +0800] "GET /xingrg/system/rest/get_item.html?table=menu&id=7113&_=1589769789023 HTTP/1.1" 200 931
114.86.190.97 - - [18/May/2020:10:43:08 +0800] "GET /xingrg/system/rest/get_item.html?table=menu&target=menu_rest&id=7113&_=1589769789042 HTTP/1.1" 200 54
114.86.190.97 - - [18/May/2020:10:43:08 +0800] "GET /xingrg/system/rest/get_item.html?table=menu&target=cook_mode&id=7113&_=1589769789042 HTTP/1.1" 200 369
114.86.190.97 - - [18/May/2020:10:43:09 +0800] "GET /xingrg/system/rest/get_infos.html?command=menu_img_show&id=7113 HTTP/1.1" 200 5
114.84.151.157 - - [18/May/2020:10:43:11 +0800] "GET /xingrg/system/rest/query_items.html?_=1589769693836&table=menu&page=1&rows=20&categoryId=&key=%25E6%25A2%2585%25E5%25AD%2590 HTTP/1.1" 200 795
124.77.110.230 - - [18/May/2020:10:43:11 +0800] "GET /xingrg/kc/buy/cgsh_order_operate.html?command=get_materiel&rest_code=00107&code=00101001125&supplier_code=00100090&order_time=2020-05-18 HTTP/1.1" 200 413
114.84.151.157 - - [18/May/2020:10:43:12 +0800] "GET /xingrg/system/rest/query_items.html?_=1589769695361&table=menu&page=1&rows=20&categoryId=&key=%25E6%25A2%2585%25E5%25AD%2590 HTTP/1.1" 200 795
114.84.151.157 - - [18/May/2020:10:43:13 +0800] "GET /xingrg/system/rest/get_item.html?table=menu&id=1954&_=1589769695686 HTTP/1.1" 200 1027
114.84.151.157 - - [18/May/2020:10:43:13 +0800] "GET /xingrg/system/rest/get_item.html?table=menu&target=cook_mode&id=1954&_=1589769695705 HTTP/1.1" 200 6954
114.84.151.157 - - [18/May/2020:10:43:13 +0800] "GET /xingrg/system/rest/get_item.html?table=menu&target=menu_rest&id=1954&_=1589769695707 HTTP/1.1" 200 970
114.84.151.157 - - [18/May/2020:10:43:14 +0800] "GET /xingrg/system/rest/get_infos.html?command=menu_img_show&id=1954 HTTP/1.1" 200 5
114.86.226.250 - - [18/May/2020:10:43:15 +0800] "GET /xingrg/all/function/internal_message.html?_=1589769823140&CODE_STATE=getMsg HTTP/1.1" 200 27
117.185.32.26 - - [18/May/2020:10:43:16 +0800] "GET /xingrg/kc/buy/cgsh_order_operate.html?command=get_materiel&rest_code=00106&code=00101016025&supplier_code=00100032&order_time=2020-05-18 HTTP/1.1" 200 408
114.84.151.157 - - [18/May/2020:10:43:17 +0800] "GET /xingrg/system/rest/get_item.html?table=menu&target=menu_rest_detail&id=1954&sid=11&_=1589769700426 HTTP/1.1" 200 426
114.84.151.157 - - [18/May/2020:10:43:18 +0800] "GET /xingrg/all/function/internal_message.html?_=1589769798345&CODE_STATE=getMsg HTTP/1.1" 200 27
114.86.190.97 - - [18/May/2020:10:43:18 +0800] "GET /xingrg/system/rest/query_items.html?_=1589769798550&table=menu&page=1&rows=20&categoryId=&key=%25E6%25B1%259F%25E5%258D%2597 HTTP/1.1" 200 734
61.172.5.115 - - [18/May/2020:10:43:19 +0800] "GET /xingrg/check_reg.html?_=1589769800559 HTTP/1.1" 200 22
61.151.178.166 - - [18/May/2020:10:43:20 +0800] "GET /xingrg/check_reg.html?_=1589769078314 HTTP/1.1" 302 -
114.86.190.97 - - [18/May/2020:10:43:20 +0800] "GET /xingrg/system/rest/query_items.html?_=1589769800508&table=menu&page=1&rows=20&categoryId=&key=%25E6%25B1%259F%25E5%258D%2597 HTTP/1.1" 200 734
117.131.5.26 - - [18/May/2020:10:43:20 +0800] "GET /xingrg/all/function/internal_message.html?_=1589770071892&CODE_STATE=getMsg HTTP/1.1" 200 27
58.221.95.50 - - [18/May/2020:10:43:20 +0800] "GET /xingrg/check_reg.html?_=1589769850878 HTTP/1.1" 200 22
58.221.95.50 - - [18/May/2020:10:43:20 +0800] "GET /xingrg/all/function/internal_message.html?_=1589769850877&CODE_STATE=getMsg HTTP/1.1" 200 27
114.86.190.97 - - [18/May/2020:10:43:24 +0800] "GET /xingrg/system/rest/query_items.html?_=1589769805032&table=menu&page=1&rows=20&categoryId=&key=7113 HTTP/1.1" 200 238
172.17.0.119 - - [18/May/2020:10:43:24 +0800] "GET /xingrg/system/rest/list_page.html?p=down HTTP/1.1" 200 20275
172.17.0.119 - - [18/May/2020:10:43:25 +0800] "GET /xingrg/system/rest/query_items.html?_=1589769804743&table=down&tcode=&key= HTTP/1.1" 200 10786
117.184.7.26 - - [18/May/2020:10:43:25 +0800] "GET /xingrg/all/function/internal_message.html?_=1589769806039&CODE_STATE=getMsg HTTP/1.1" 200 27
124.77.110.230 - - [18/May/2020:10:43:25 +0800] "GET /xingrg/kc/buy/cgsh_order_operate.html?command=get_materiel&rest_code=00107&code=00101001093&supplier_code=00100090&order_time=2020-05-18 HTTP/1.1" 200 411
114.86.190.97 - - [18/May/2020:10:43:25 +0800] "GET /xingrg/system/rest/query_items.html?_=1589769806196&table=menu&page=1&rows=20&categoryId=&key=7113 HTTP/1.1" 200 238
114.86.190.97 - - [18/May/2020:10:43:26 +0800] "GET /xingrg/system/rest/get_item.html?table=menu&id=7113&_=1589769806582 HTTP/1.1" 200 931
114.86.190.97 - - [18/May/2020:10:43:26 +0800] "GET /xingrg/system/rest/get_item.html?table=menu&target=cook_mode&id=7113&_=1589769806598 HTTP/1.1" 200 369
114.86.190.97 - - [18/May/2020:10:43:26 +0800] "GET /xingrg/system/rest/get_item.html?table=menu&target=menu_rest&id=7113&_=1589769806599 HTTP/1.1" 200 54
180.175.212.199 - - [18/May/2020:10:43:27 +0800] "GET /favicon.ico HTTP/1.1" 404 -
180.175.212.199 - - [18/May/2020:10:43:28 +0800] "GET /favicon.ico HTTP/1.1" 404 -
114.84.151.157 - - [18/May/2020:10:43:28 +0800] "POST /xingrg/system/rest/edit_item.html HTTP/1.1" 200 4
114.86.190.97 - - [18/May/2020:10:43:28 +0800] "GET /xingrg/all/function/internal_message.html?_=1589769809061&CODE_STATE=getMsg HTTP/1.1" 200 27
114.84.151.157 - - [18/May/2020:10:43:28 +0800] "GET /xingrg/system/rest/get_item.html?table=menu&target=menu_rest&id=1954&_=1589769711168 HTTP/1.1" 200 970
117.185.32.26 - - [18/May/2020:10:43:28 +0800] "GET /xingrg/kc/buy/cgsh_order_operate.html?command=get_materiel&rest_code=00106&code=00101010161&supplier_code=00100032&order_time=2020-05-18 HTTP/1.1" 200 410
180.175.212.199 - - [18/May/2020:10:43:28 +0800] "GET /favicon.ico HTTP/1.1" 404 -
61.151.178.166 - - [18/May/2020:10:43:30 +0800] "GET /xingrg/login.html HTTP/1.1" 200 7641
172.17.0.101 - - [18/May/2020:10:43:31 +0800] "GET /xingrg/all/function/internal_message.html?_=1589769848688&CODE_STATE=getMsg HTTP/1.1" 200 27
172.17.0.101 - - [18/May/2020:10:43:31 +0800] "GET /xingrg/check_reg.html?_=1589769848692 HTTP/1.1" 200 22
183.192.88.133 - - [18/May/2020:10:43:31 +0800] "GET /xingrg/check_reg.html?_=1589769815032 HTTP/1.1" 200 22
183.192.88.133 - - [18/May/2020:10:43:31 +0800] "GET /xingrg/all/function/internal_message.html?_=1589769815035&CODE_STATE=getMsg HTTP/1.1" 200 27
172.17.0.123 - - [18/May/2020:10:43:32 +0800] "GET /xingrg/all/function/internal_message.html?_=1589769807398&CODE_STATE=getMsg HTTP/1.1" 302 -
172.17.0.100 - - [18/May/2020:10:43:33 +0800] "GET /xingrg/all/function/internal_message.html?_=1589769814225&CODE_STATE=getMsg HTTP/1.1" 200 27
172.17.0.119 - - [18/May/2020:10:43:33 +0800] "GET /xingrg/system/rest/get_item.html?table=down&code=91290748557e4d669eb9575a79772b3d&_=1589769812770 HTTP/1.1" 200 221
172.17.0.119 - - [18/May/2020:10:43:33 +0800] "POST /xingrg/system/rest/edit_item.html HTTP/1.1" 200 27
172.17.0.119 - - [18/May/2020:10:43:33 +0800] "POST /xingrg/all/common/load_tree.html?tree=area_station_tree_json&defaultRests=1_4,1_7,1_10,1_11,1_12,1_14 HTTP/1.1" 200 2984
172.17.0.119 - - [18/May/2020:10:43:33 +0800] "POST /xingrg/system/rest/get_infos.html HTTP/1.1" 200 438341
114.86.190.97 - - [18/May/2020:10:43:33 +0800] "POST /xingrg/dwr/call/plaincall/AjaxGetFirstChart.getFirstChart.dwr HTTP/1.1" 200 79
114.86.190.97 - - [18/May/2020:10:43:33 +0800] "POST /xingrg/dwr/call/plaincall/AjaxGetFirstChart.getFirstChart.dwr HTTP/1.1" 200 79
114.86.190.97 - - [18/May/2020:10:43:34 +0800] "POST /xingrg/dwr/call/plaincall/AjaxGetFirstChart.getFirstChart.dwr HTTP/1.1" 200 79
114.86.190.97 - - [18/May/2020:10:43:34 +0800] "POST /xingrg/dwr/call/plaincall/AjaxGetFirstChart.getFirstChart.dwr HTTP/1.1" 200 79
114.86.190.97 - - [18/May/2020:10:43:34 +0800] "POST /xingrg/dwr/call/plaincall/AjaxGetFirstChart.getFirstChart.dwr HTTP/1.1" 200 79
114.86.190.97 - - [18/May/2020:10:43:34 +0800] "POST /xingrg/dwr/call/plaincall/AjaxGetFirstChart.getFirstChart.dwr HTTP/1.1" 200 79
114.86.190.97 - - [18/May/2020:10:43:34 +0800] "POST /xingrg/dwr/call/plaincall/AjaxGetFirstChart.getFirstChart.dwr HTTP/1.1" 200 79
114.86.190.97 - - [18/May/2020:10:43:34 +0800] "POST /xingrg/dwr/call/plaincall/AjaxGetFirstChart.getFirstChart.dwr HTTP/1.1" 200 79
114.86.190.97 - - [18/May/2020:10:43:35 +0800] "POST /xingrg/dwr/call/plaincall/AjaxGetFirstChart.getFirstChart.dwr HTTP/1.1" 200 78
114.86.190.97 - - [18/May/2020:10:43:36 +0800] "POST /xingrg/dwr/call/plaincall/AjaxGetFirstChart.getFirstChart.dwr HTTP/1.1" 200 78
114.86.190.97 - - [18/May/2020:10:43:36 +0800] "POST /xingrg/dwr/call/plaincall/AjaxGetFirstChart.getFirstChart.dwr HTTP/1.1" 200 79
114.86.190.97 - - [18/May/2020:10:43:36 +0800] "POST /xingrg/dwr/call/plaincall/AjaxGetFirstChart.getFirstChart.dwr HTTP/1.1" 200 79
114.86.190.97 - - [18/May/2020:10:43:36 +0800] "POST /xingrg/dwr/call/plaincall/AjaxGetFirstChart.getFirstChart.dwr HTTP/1.1" 200 79
180.175.212.199 - - [18/May/2020:10:43:36 +0800] "GET /xingrg/login.html HTTP/1.1" 200 7641
114.84.151.157 - - [18/May/2020:10:43:37 +0800] "GET /xingrg/system/rest/query_items.html?_=1589769719496&table=menu&page=1&rows=20&categoryId=&key=%25E9%25A6%2599%25E8%259E%25BA HTTP/1.1" 200 297
180.162.232.172 - - [18/May/2020:10:43:37 +0800] "GET /xingrg/all/function/internal_message.html?_=1589769818242&CODE_STATE=getMsg HTTP/1.1" 200 27
180.162.232.172 - - [18/May/2020:10:43:37 +0800] "GET /xingrg/check_reg.html?_=1589769818246 HTTP/1.1" 200 22
114.86.190.97 - - [18/May/2020:10:43:37 +0800] "POST /xingrg/dwr/call/plaincall/AjaxGetFirstChart.getFirstChart.dwr HTTP/1.1" 200 80
172.17.0.119 - - [18/May/2020:10:43:37 +0800] "GET /xingrg/all/function/internal_message.html?_=1589769817182&CODE_STATE=getMsg HTTP/1.1" 200 27
172.17.0.115 - - [18/May/2020:10:43:38 +0800] "GET /favicon.ico HTTP/1.1" 404 -
114.84.151.157 - - [18/May/2020:10:43:38 +0800] "GET /xingrg/system/rest/query_items.html?_=1589769720857&table=menu&page=1&rows=20&categoryId=&key=%25E9%25A6%2599%25E8%259E%25BA HTTP/1.1" 200 297
114.86.190.97 - - [18/May/2020:10:43:38 +0800] "POST /xingrg/dwr/call/plaincall/AjaxGetFirstChart.getFirstChart.dwr HTTP/1.1" 200 79
114.84.151.157 - - [18/May/2020:10:43:38 +0800] "GET /xingrg/system/rest/get_item.html?table=menu&id=2046&_=1589769721216 HTTP/1.1" 200 1005
114.84.151.157 - - [18/May/2020:10:43:38 +0800] "GET /xingrg/system/rest/get_item.html?table=menu&target=menu_rest&id=2046&_=1589769721238 HTTP/1.1" 200 852
114.84.151.157 - - [18/May/2020:10:43:38 +0800] "GET /xingrg/system/rest/get_item.html?table=menu&target=cook_mode&id=2046&_=1589769721237 HTTP/1.1" 200 9356
114.86.190.97 - - [18/May/2020:10:43:38 +0800] "POST /xingrg/dwr/call/plaincall/AjaxGetFirstChart.getFirstChart.dwr HTTP/1.1" 200 79
114.86.190.97 - - [18/May/2020:10:43:38 +0800] "POST /xingrg/dwr/call/plaincall/AjaxGetFirstChart.getFirstChart.dwr HTTP/1.1" 200 79
114.86.190.97 - - [18/May/2020:10:43:39 +0800] "POST /xingrg/dwr/call/plaincall/AjaxGetFirstChart.getFirstChart.dwr HTTP/1.1" 200 79
114.86.190.97 - - [18/May/2020:10:43:39 +0800] "POST /xingrg/dwr/call/plaincall/AjaxGetFirstChart.getFirstChart.dwr HTTP/1.1" 200 79
114.84.151.157 - - [18/May/2020:10:43:39 +0800] "GET /xingrg/system/rest/get_infos.html?command=menu_img_show&id=2046 HTTP/1.1" 200 5
114.86.190.97 - - [18/May/2020:10:43:40 +0800] "POST /xingrg/dwr/call/plaincall/AjaxGetFirstChart.getFirstChart.dwr HTTP/1.1" 200 80
58.40.7.146 - - [18/May/2020:10:43:40 +0800] "GET /xingrg/all/function/internal_message.html?_=1589769821757&CODE_STATE=getMsg HTTP/1.1" 200 27
114.86.190.97 - - [18/May/2020:10:43:41 +0800] "POST /xingrg/dwr/call/plaincall/AjaxGetFirstChart.getFirstChart.dwr HTTP/1.1" 200 80
114.86.190.97 - - [18/May/2020:10:43:41 +0800] "POST /xingrg/dwr/call/plaincall/AjaxGetFirstChart.getFirstChart.dwr HTTP/1.1" 200 80
114.86.190.97 - - [18/May/2020:10:43:41 +0800] "POST /xingrg/dwr/call/plaincall/AjaxGetFirstChart.getFirstChart.dwr HTTP/1.1" 200 80
114.86.190.97 - - [18/May/2020:10:43:42 +0800] "POST /xingrg/dwr/call/plaincall/AjaxGetFirstChart.getFirstChart.dwr HTTP/1.1" 200 80
114.84.151.157 - - [18/May/2020:10:43:42 +0800] "GET /xingrg/system/rest/get_item.html?table=menu&target=menu_rest_detail&id=2046&sid=11&_=1589769724962 HTTP/1.1" 200 426
180.175.212.199 - - [18/May/2020:10:43:43 +0800] "GET /favicon.ico HTTP/1.1" 404 -
114.86.190.97 - - [18/May/2020:10:43:44 +0800] "POST /xingrg/dwr/call/plaincall/AjaxGetFirstChart.getFirstChart.dwr HTTP/1.1" 200 80
172.17.0.119 - - [18/May/2020:10:43:44 +0800] "POST /xingrg/system/rest/search_item.html HTTP/1.1" 200 214
114.86.190.97 - - [18/May/2020:10:43:45 +0800] "POST /xingrg/dwr/call/plaincall/AjaxGetFirstChart.getFirstChart.dwr HTTP/1.1" 200 80
114.86.190.97 - - [18/May/2020:10:43:46 +0800] "POST /xingrg/dwr/call/plaincall/AjaxGetFirstChart.getFirstChart.dwr HTTP/1.1" 200 80
114.86.190.97 - - [18/May/2020:10:43:46 +0800] "POST /xingrg/dwr/call/plaincall/AjaxGetFirstChart.getFirstChart.dwr HTTP/1.1" 200 80
124.77.110.230 - - [18/May/2020:10:43:46 +0800] "POST /xingrg/kc/buy/cgsh_order_operate.html HTTP/1.1" 200 37
172.17.0.119 - - [18/May/2020:10:43:47 +0800] "POST /xingrg/system/rest/edit_item.html HTTP/1.1" 200 32
172.17.0.119 - - [18/May/2020:10:43:47 +0800] "POST /xingrg/system/rest/edit_item.html HTTP/1.1" 200 -
172.17.0.119 - - [18/May/2020:10:43:47 +0800] "POST /xingrg/system/rest/edit_item.html HTTP/1.1" 200 32
172.17.0.119 - - [18/May/2020:10:43:47 +0800] "GET /xingrg/system/rest/get_item.html?table=down&code=91290748557e4d669eb9575a79772b3d&_=1589769826748 HTTP/1.1" 200 221
114.86.190.97 - - [18/May/2020:10:43:48 +0800] "POST /xingrg/dwr/call/plaincall/AjaxGetFirstChart.getFirstChart.dwr HTTP/1.1" 200 80
124.77.110.230 - - [18/May/2020:10:43:48 +0800] "POST /xingrg/kc/buy/cgsh_order_operate.html HTTP/1.1" 200 3854
172.17.0.119 - - [18/May/2020:10:43:48 +0800] "GET /xingrg/system/rest/query_items.html?_=1589769827642&table=down&tcode=&key= HTTP/1.1" 200 10786
172.17.0.119 - - [18/May/2020:10:43:48 +0800] "POST /xingrg/system/rest/edit_item.html HTTP/1.1" 200 27
114.84.32.201 - - [18/May/2020:10:43:48 +0800] "GET /xingrg/all/function/internal_message.html?_=1589769829946&CODE_STATE=getMsg HTTP/1.1" 200 27
117.185.32.26 - - [18/May/2020:10:43:48 +0800] "GET /xingrg/kc/buy/cgsh_order_operate.html?command=get_materiel&rest_code=00106&code=00101005037&supplier_code=00100032&order_time=2020-05-18 HTTP/1.1" 200 409
172.17.0.119 - - [18/May/2020:10:43:48 +0800] "POST /xingrg/system/rest/get_infos.html HTTP/1.1" 200 438350
172.17.0.119 - - [18/May/2020:10:43:49 +0800] "POST /xingrg/all/common/load_tree.html?tree=area_station_tree_json&defaultRests=1_4,1_7,1_10,1_11,1_12,1_14 HTTP/1.1" 200 2984
114.86.190.97 - - [18/May/2020:10:43:49 +0800] "POST /xingrg/dwr/call/plaincall/AjaxGetFirstChart.getFirstChart.dwr HTTP/1.1" 200 80
114.86.190.97 - - [18/May/2020:10:43:49 +0800] "POST /xingrg/dwr/call/plaincall/AjaxGetFirstChart.getFirstChart.dwr HTTP/1.1" 200 82
114.84.151.157 - - [18/May/2020:10:43:50 +0800] "POST /xingrg/system/rest/edit_item.html HTTP/1.1" 200 4
114.84.151.157 - - [18/May/2020:10:43:50 +0800] "GET /xingrg/system/rest/get_item.html?table=menu&target=menu_rest&id=2046&_=1589769732679 HTTP/1.1" 200 852
58.40.7.146 - - [18/May/2020:10:43:50 +0800] "GET /xingrg/all/function/internal_message.html?_=1589769831390&CODE_STATE=getMsg HTTP/1.1" 200 27
124.77.110.230 - - [18/May/2020:10:43:50 +0800] "GET /xingrg/kc/print/load_data.html?order_code=212020051806212&kc_code=cgsh&condition= HTTP/1.1" 200 1202
180.162.232.172 - - [18/May/2020:10:43:51 +0800] "GET /xingrg/all/function/internal_message.html?_=1589769966867&CODE_STATE=getMsg HTTP/1.1" 200 27
120.253.135.82 - - [18/May/2020:10:43:51 +0800] "GET /xingrg/all/function/internal_message.html?_=1589769586894&CODE_STATE=getMsg HTTP/1.1" 200 27
180.175.212.199 - - [18/May/2020:10:43:53 +0800] "GET /xingrg/check_reg.html?_=1589770033469 HTTP/1.1" 200 22
117.185.32.26 - - [18/May/2020:10:43:53 +0800] "GET /xingrg/all/function/internal_message.html?_=1589770256406&CODE_STATE=getMsg HTTP/1.1" 200 27
124.77.110.230 - - [18/May/2020:10:43:54 +0800] "GET /xingrg/kc/buy/cgsh_order_add.html HTTP/1.1" 200 58668
124.77.110.230 - - [18/May/2020:10:43:55 +0800] "GET /xingrg/javascript/easyui/themes/default/validatebox.css HTTP/1.1" 404 1104
124.77.110.230 - - [18/May/2020:10:43:55 +0800] "POST /xingrg/kc/buy/cgsh_order_operate.html HTTP/1.1" 200 8245
172.17.0.119 - - [18/May/2020:10:43:56 +0800] "POST /xingrg/system/rest/search_item.html HTTP/1.1" 200 223
114.84.151.157 - - [18/May/2020:10:43:57 +0800] "GET /xingrg/all/function/internal_message.html?_=1589769739743&CODE_STATE=getMsg HTTP/1.1" 200 27
114.84.151.157 - - [18/May/2020:10:43:57 +0800] "GET /xingrg/system/rest/query_items.html?_=1589769739923&table=menu&page=1&rows=20&categoryId=&key=%25E9%259D%2592%25E5%258F%25A3 HTTP/1.1" 200 694
172.17.0.119 - - [18/May/2020:10:43:57 +0800] "POST /xingrg/system/rest/search_item.html HTTP/1.1" 200 208
180.175.212.199 - - [18/May/2020:10:43:57 +0800] "GET /xingrg/all/function/internal_message.html?_=1589769843281&CODE_STATE=getMsg HTTP/1.1" 200 27
124.77.110.230 - - [18/May/2020:10:43:58 +0800] "GET /xingrg/all/function/internal_message.html?_=1589769839033&CODE_STATE=getMsg HTTP/1.1" 200 27
124.77.110.230 - - [18/May/2020:10:43:59 +0800] "GET /xingrg/javascript/easyui/themes/default/tree.css HTTP/1.1" 404 1090
114.84.151.157 - - [18/May/2020:10:43:59 +0800] "GET /xingrg/system/rest/query_items.html?_=1589769741714&table=menu&page=1&rows=20&categoryId=&key=%25E9%259D%2592%25E5%258F%25A3 HTTP/1.1" 200 694
124.77.110.230 - - [18/May/2020:10:43:59 +0800] "POST /xingrg/all/common/load_tree.html?tree=supplier_tree_json&isDelete=1 HTTP/1.1" 200 48225
114.84.151.157 - - [18/May/2020:10:43:59 +0800] "GET /xingrg/system/rest/get_item.html?table=menu&id=2121&_=1589769742051 HTTP/1.1" 200 943
114.84.151.157 - - [18/May/2020:10:43:59 +0800] "GET /xingrg/system/rest/get_item.html?table=menu&target=cook_mode&id=2121&_=1589769742071 HTTP/1.1" 200 4431
114.84.151.157 - - [18/May/2020:10:43:59 +0800] "GET /xingrg/system/rest/get_item.html?table=menu&target=menu_rest&id=2121&_=1589769742073 HTTP/1.1" 200 349
117.185.32.26 - - [18/May/2020:10:44:00 +0800] "GET /xingrg/kc/buy/cgsh_order_operate.html?command=get_materiel&rest_code=00106&code=00101002022&supplier_code=00100032&order_time=2020-05-18 HTTP/1.1" 200 429
172.17.0.119 - - [18/May/2020:10:44:00 +0800] "POST /xingrg/system/rest/edit_item.html HTTP/1.1" 200 32
172.17.0.119 - - [18/May/2020:10:44:00 +0800] "POST /xingrg/system/rest/edit_item.html HTTP/1.1" 200 -
172.17.0.119 - - [18/May/2020:10:44:00 +0800] "POST /xingrg/system/rest/edit_item.html HTTP/1.1" 200 32
172.17.0.119 - - [18/May/2020:10:44:00 +0800] "GET /xingrg/system/rest/get_item.html?table=down&code=91290748557e4d669eb9575a79772b3d&_=1589769839703 HTTP/1.1" 200 221
114.84.151.157 - - [18/May/2020:10:44:00 +0800] "GET /xingrg/system/rest/get_infos.html?command=menu_img_show&id=2121 HTTP/1.1" 200 5
180.175.212.199 - - [18/May/2020:10:44:01 +0800] "GET /xingrg/all/function/internal_message.html?_=1589770041047&CODE_STATE=getMsg HTTP/1.1" 200 27
172.17.0.119 - - [18/May/2020:10:44:01 +0800] "GET /xingrg/system/rest/query_items.html?_=1589769840848&table=down&tcode=&key= HTTP/1.1" 200 10786
172.17.0.119 - - [18/May/2020:10:44:01 +0800] "POST /xingrg/system/rest/edit_item.html HTTP/1.1" 200 27
114.84.151.157 - - [18/May/2020:10:44:01 +0800] "GET /xingrg/system/rest/get_item.html?table=menu&target=menu_rest_detail&id=2121&sid=11&_=1589769744408 HTTP/1.1" 200 426
172.17.0.119 - - [18/May/2020:10:44:02 +0800] "POST /xingrg/system/rest/get_infos.html HTTP/1.1" 200 438359
172.17.0.119 - - [18/May/2020:10:44:02 +0800] "POST /xingrg/all/common/load_tree.html?tree=area_station_tree_json&defaultRests=1_4,1_7,1_10,1_11,1_12,1_14 HTTP/1.1" 200 2984
222.69.138.209 - - [18/May/2020:10:44:02 +0800] "GET /xingrg/all/function/internal_message.html?_=1589769842735&CODE_STATE=getMsg HTTP/1.1" 200 27
222.69.138.209 - - [18/May/2020:10:44:03 +0800] "GET /xingrg/check_reg.html?_=1589769843678 HTTP/1.1" 200 22
61.172.5.115 - - [18/May/2020:10:44:03 +0800] "GET /xingrg/all/function/internal_message.html?_=1589769844806&CODE_STATE=getMsg HTTP/1.1" 200 27
114.88.170.9 - - [18/May/2020:10:44:06 +0800] "GET /xingrg/all/function/internal_message.html?_=1589769847379&CODE_STATE=getMsg HTTP/1.1" 200 27
114.86.190.97 - - [18/May/2020:10:44:07 +0800] "GET /xingrg/all/function/internal_message.html?_=1589769848296&CODE_STATE=getMsg HTTP/1.1" 200 27
114.84.151.157 - - [18/May/2020:10:44:10 +0800] "POST /xingrg/system/rest/edit_item.html HTTP/1.1" 200 4
114.84.151.157 - - [18/May/2020:10:44:10 +0800] "GET /xingrg/system/rest/get_item.html?table=menu&target=menu_rest&id=2121&_=1589769753199 HTTP/1.1" 200 349
114.86.190.97 - - [18/May/2020:10:44:14 +0800] "POST /xingrg/system/rest/edit_item.html HTTP/1.1" 200 4
114.86.190.97 - - [18/May/2020:10:44:14 +0800] "GET /xingrg/system/rest/get_item.html?table=menu&id=7113&_=1589769854865 HTTP/1.1" 200 942
114.86.226.250 - - [18/May/2020:10:44:15 +0800] "GET /xingrg/check_reg.html?_=1589769883138 HTTP/1.1" 200 22
114.86.226.250 - - [18/May/2020:10:44:15 +0800] "GET /xingrg/all/function/internal_message.html?_=1589769883138&CODE_STATE=getMsg HTTP/1.1" 200 27
114.84.151.157 - - [18/May/2020:10:44:16 +0800] "GET /xingrg/system/rest/query_items.html?_=1589769758622&table=menu&page=1&rows=20&categoryId=&key=%25E6%25B5%25B7%25E8%2582%25A0 HTTP/1.1" 200 248
114.86.190.97 - - [18/May/2020:10:44:16 +0800] "GET /xingrg/system/rest/query_items.html?_=1589769856653&table=menu&page=1&rows=20&categoryId=&key=7113 HTTP/1.1" 200 249
114.84.151.157 - - [18/May/2020:10:44:17 +0800] "GET /xingrg/system/rest/query_items.html?_=1589769760217&table=menu&page=1&rows=20&categoryId=&key=%25E6%25B5%25B7%25E8%2582%25A0 HTTP/1.1" 200 248
114.84.151.157 - - [18/May/2020:10:44:18 +0800] "GET /xingrg/all/function/internal_message.html?_=1589769858344&CODE_STATE=getMsg HTTP/1.1" 200 27
114.84.151.157 - - [18/May/2020:10:44:18 +0800] "GET /xingrg/system/rest/get_item.html?table=menu&id=2090&_=1589769761187 HTTP/1.1" 200 935
114.84.151.157 - - [18/May/2020:10:44:18 +0800] "GET /xingrg/system/rest/get_item.html?table=menu&target=menu_rest&id=2090&_=1589769761207 HTTP/1.1" 200 551
114.84.151.157 - - [18/May/2020:10:44:18 +0800] "GET /xingrg/system/rest/get_item.html?table=menu&target=cook_mode&id=2090&_=1589769761206 HTTP/1.1" 200 9336
114.84.151.157 - - [18/May/2020:10:44:19 +0800] "GET /xingrg/system/rest/get_infos.html?command=menu_img_show&id=2090 HTTP/1.1" 200 5
117.131.5.26 - - [18/May/2020:10:44:20 +0800] "GET /xingrg/all/function/internal_message.html?_=1589770132092&CODE_STATE=getMsg HTTP/1.1" 200 27
58.221.95.50 - - [18/May/2020:10:44:20 +0800] "GET /xingrg/all/function/internal_message.html?_=1589769910876&CODE_STATE=getMsg HTTP/1.1" 200 27
114.84.151.157 - - [18/May/2020:10:44:21 +0800] "GET /xingrg/system/rest/get_item.html?table=menu&target=menu_rest_detail&id=2090&sid=11&_=1589769763559 HTTP/1.1" 200 426
117.185.32.26 - - [18/May/2020:10:44:22 +0800] "GET /xingrg/kc/buy/cgsh_order_operate.html?command=get_materiel&rest_code=00106&code=00101012070&supplier_code=00100032&order_time=2020-05-18 HTTP/1.1" 200 398
180.175.212.199 - - [18/May/2020:10:44:23 +0800] "POST /xingrg/login.do HTTP/1.1" 302 -
180.175.212.199 - - [18/May/2020:10:44:24 +0800] "GET /xingrg/index.html?sysBaseUrl=http%3A%2F%2F180.169.147.146%3A18081%2Fxingrg%2F&costTime=40×tamp=1589769863982 HTTP/1.1" 200 17413
124.77.110.230 - - [18/May/2020:10:44:24 +0800] "GET /xingrg/kc/buy/cgsh_order_operate.html?command=get_materiel&rest_code=00107&code=00101001044&supplier_code=00100319&order_time=2020-05-18 HTTP/1.1" 200 411
180.175.212.199 - - [18/May/2020:10:44:25 +0800] "POST /xingrg/all/common/load_tree.html?tree=area_rest_tree_json&manage=1 HTTP/1.1" 200 342
117.184.7.26 - - [18/May/2020:10:44:25 +0800] "GET /xingrg/all/function/internal_message.html?_=1589769866041&CODE_STATE=getMsg HTTP/1.1" 200 27
117.184.7.30 - - [18/May/2020:10:44:25 +0800] "GET /xingrg/check_reg.html?_=1589769866043 HTTP/1.1" 200 22
180.175.212.199 - - [18/May/2020:10:44:25 +0800] "GET /xingrg/check_reg.html?_=1589769869426 HTTP/1.1" 200 22
180.175.212.199 - - [18/May/2020:10:44:25 +0800] "GET /xingrg/all/function/internal_message.html?_=1589769869425&CODE_STATE=count HTTP/1.1" 200 11
180.175.212.199 - - [18/May/2020:10:44:25 +0800] "GET /favicon.ico HTTP/1.1" 404 -
180.175.212.199 - - [18/May/2020:10:44:26 +0800] "POST /xingrg/load_menu.html HTTP/1.1" 200 9959
180.175.212.199 - - [18/May/2020:10:44:28 +0800] "POST /xingrg/load_menu.html HTTP/1.1" 200 10168
114.84.151.157 - - [18/May/2020:10:44:28 +0800] "POST /xingrg/system/rest/edit_item.html HTTP/1.1" 200 4
114.84.151.157 - - [18/May/2020:10:44:28 +0800] "GET /xingrg/system/rest/get_item.html?table=menu&target=menu_rest&id=2090&_=1589769770962 HTTP/1.1" 200 551
114.86.190.97 - - [18/May/2020:10:44:28 +0800] "GET /xingrg/all/function/internal_message.html?_=1589769869040&CODE_STATE=getMsg HTTP/1.1" 200 27
180.175.212.199 - - [18/May/2020:10:44:29 +0800] "GET /xingrg/all/report/report_query.html?fileName=dma/new_5.0/yingye/order_list.xml HTTP/1.1" 200 55281
180.175.212.199 - - [18/May/2020:10:44:29 +0800] "GET /xingrg/dwr/util.js HTTP/1.1" 304 -
180.175.212.199 - - [18/May/2020:10:44:29 +0800] "GET /xingrg/dwr/interface/AjaxReportQueryService.js HTTP/1.1" 200 13203
180.175.212.199 - - [18/May/2020:10:44:29 +0800] "GET /xingrg/dwr/engine.js HTTP/1.1" 200 43631
180.175.212.199 - - [18/May/2020:10:44:30 +0800] "POST /xingrg/dwr/call/plaincall/AjaxReportQueryService.getFixDate.dwr HTTP/1.1" 200 111
180.175.212.199 - - [18/May/2020:10:44:30 +0800] "POST /xingrg/all/common/load_tree.html?tree=area_station_tree_json&manage=1 HTTP/1.1" 200 336
180.175.212.199 - - [18/May/2020:10:44:30 +0800] "GET /xingrg/javascript/jquery_easy_ui/themes/icons/area.png HTTP/1.1" 200 262
180.175.212.199 - - [18/May/2020:10:44:30 +0800] "POST /xingrg/dwr/call/plaincall/AjaxReportQueryService.getInitString.dwr HTTP/1.1" 200 76
172.17.0.101 - - [18/May/2020:10:44:31 +0800] "GET /xingrg/all/function/internal_message.html?_=1589769908679&CODE_STATE=getMsg HTTP/1.1" 200 27
172.17.0.119 - - [18/May/2020:10:44:31 +0800] "GET /xingrg/system/rest/get_item.html?table=down&code=b695d57b2fa14f599a2263bec1b9e6f4&_=1589769870610 HTTP/1.1" 200 215
172.17.0.119 - - [18/May/2020:10:44:31 +0800] "POST /xingrg/system/rest/edit_item.html HTTP/1.1" 200 66
172.17.0.119 - - [18/May/2020:10:44:31 +0800] "POST /xingrg/system/rest/get_infos.html HTTP/1.1" 200 442900
172.17.0.119 - - [18/May/2020:10:44:31 +0800] "POST /xingrg/all/common/load_tree.html?tree=area_station_tree_json&defaultRests=1_1,1_2,1_5,1_3,1_4,1_6,1_8,1_7,1_10,1_11,1_12,1_13,1_14,1_15,1_16 HTTP/1.1" 200 2975
183.192.88.133 - - [18/May/2020:10:44:31 +0800] "GET /xingrg/all/function/internal_message.html?_=1589769875035&CODE_STATE=getMsg HTTP/1.1" 200 27
172.17.0.123 - - [18/May/2020:10:44:32 +0800] "GET /xingrg/all/function/internal_message.html?_=1589769867401&CODE_STATE=getMsg HTTP/1.1" 302 -
180.175.212.199 - - [18/May/2020:10:44:33 +0800] "POST /xingrg/dwr/call/plaincall/AjaxReportQueryService.getFixDate.dwr HTTP/1.1" 200 111
172.17.0.100 - - [18/May/2020:10:44:33 +0800] "GET /xingrg/all/function/internal_message.html?_=1589769874228&CODE_STATE=getMsg HTTP/1.1" 200 27
172.17.0.100 - - [18/May/2020:10:44:33 +0800] "GET /xingrg/check_reg.html?_=1589769874233 HTTP/1.1" 200 22
114.84.151.157 - - [18/May/2020:10:44:35 +0800] "GET /xingrg/system/rest/query_items.html?_=1589769777911&table=menu&page=1&rows=20&categoryId=&key=%25E8%258A%2592%25E6%259E%259C HTTP/1.1" 200 2092
117.185.32.26 - - [18/May/2020:10:44:36 +0800] "GET /xingrg/kc/buy/cgsh_order_operate.html?command=get_materiel&rest_code=00106&code=00101016053&supplier_code=00100032&order_time=2020-05-18 HTTP/1.1" 200 408
180.162.232.172 - - [18/May/2020:10:44:37 +0800] "GET /xingrg/all/function/internal_message.html?_=1589769878238&CODE_STATE=getMsg HTTP/1.1" 200 27
114.84.151.157 - - [18/May/2020:10:44:37 +0800] "GET /xingrg/system/rest/query_items.html?_=1589769779916&table=menu&page=1&rows=20&categoryId=&key=%25E8%258A%2592%25E6%259E%259C HTTP/1.1" 200 2092
114.84.151.157 - - [18/May/2020:10:44:37 +0800] "GET /xingrg/system/rest/get_item.html?table=menu&id=2053&_=1589769780212 HTTP/1.1" 200 939
114.84.151.157 - - [18/May/2020:10:44:37 +0800] "GET /xingrg/system/rest/get_item.html?table=menu&target=menu_rest&id=2053&_=1589769780233 HTTP/1.1" 200 455
114.84.151.157 - - [18/May/2020:10:44:37 +0800] "GET /xingrg/system/rest/get_item.html?table=menu&target=cook_mode&id=2053&_=1589769780232 HTTP/1.1" 200 6751
172.17.0.119 - - [18/May/2020:10:44:37 +0800] "GET /xingrg/all/function/internal_message.html?_=1589769877230&CODE_STATE=getMsg HTTP/1.1" 200 27
114.84.151.157 - - [18/May/2020:10:44:38 +0800] "GET /xingrg/system/rest/get_infos.html?command=menu_img_show&id=2053 HTTP/1.1" 200 5
58.40.7.146 - - [18/May/2020:10:44:40 +0800] "GET /xingrg/all/function/internal_message.html?_=1589769881759&CODE_STATE=getMsg HTTP/1.1" 200 27
114.84.151.157 - - [18/May/2020:10:44:42 +0800] "GET /xingrg/system/rest/get_item.html?table=menu&target=menu_rest_detail&id=2053&sid=11&_=1589769784512 HTTP/1.1" 200 426
172.17.0.119 - - [18/May/2020:10:44:42 +0800] "GET /xingrg/system/rest/get_item.html?table=down&code=91290748557e4d669eb9575a79772b3d&_=1589769881623 HTTP/1.1" 200 221
172.17.0.119 - - [18/May/2020:10:44:42 +0800] "POST /xingrg/system/rest/edit_item.html HTTP/1.1" 200 27
172.17.0.119 - - [18/May/2020:10:44:42 +0800] "POST /xingrg/all/common/load_tree.html?tree=area_station_tree_json&defaultRests=1_4,1_7,1_10,1_11,1_12,1_14 HTTP/1.1" 200 2984
172.17.0.119 - - [18/May/2020:10:44:42 +0800] "POST /xingrg/system/rest/get_infos.html HTTP/1.1" 200 438367
124.77.110.230 - - [18/May/2020:10:44:42 +0800] "POST /xingrg/kc/buy/cgsh_order_operate.html HTTP/1.1" 200 37
124.77.110.230 - - [18/May/2020:10:44:43 +0800] "POST /xingrg/kc/buy/cgsh_order_operate.html HTTP/1.1" 200 2658
180.175.212.199 - - [18/May/2020:10:44:45 +0800] "POST /xingrg/dwr/call/plaincall/AjaxReportQueryService.refreshCache.dwr HTTP/1.1" 200 78
124.77.110.230 - - [18/May/2020:10:44:46 +0800] "GET /xingrg/kc/print/load_data.html?order_code=212020051806213&kc_code=cgsh&condition= HTTP/1.1" 200 675
180.175.212.199 - - [18/May/2020:10:44:46 +0800] "POST /xingrg/all/report/load_report_page.html HTTP/1.1" 200 89
117.185.32.26 - - [18/May/2020:10:44:46 +0800] "GET /xingrg/kc/buy/cgsh_order_operate.html?command=get_materiel&rest_code=00106&code=00101001111&supplier_code=00100032&order_time=2020-05-18 HTTP/1.1" 200 408
120.253.135.82 - - [18/May/2020:10:44:46 +0800] "GET /xingrg/check_reg.html?_=1589769642593 HTTP/1.1" 200 22
114.84.32.201 - - [18/May/2020:10:44:48 +0800] "GET /xingrg/all/function/internal_message.html?_=1589769889932&CODE_STATE=getMsg HTTP/1.1" 200 27
114.84.151.157 - - [18/May/2020:10:44:50 +0800] "POST /xingrg/system/rest/edit_item.html HTTP/1.1" 200 4
58.40.7.146 - - [18/May/2020:10:44:50 +0800] "GET /xingrg/all/function/internal_message.html?_=1589769891394&CODE_STATE=getMsg HTTP/1.1" 200 27
114.84.151.157 - - [18/May/2020:10:44:50 +0800] "GET /xingrg/system/rest/get_item.html?table=menu&target=menu_rest&id=2053&_=1589769792922 HTTP/1.1" 200 455
180.162.232.172 - - [18/May/2020:10:44:51 +0800] "GET /xingrg/all/function/internal_message.html?_=1589770026883&CODE_STATE=getMsg HTTP/1.1" 200 27
120.253.135.82 - - [18/May/2020:10:44:51 +0800] "GET /xingrg/all/function/internal_message.html?_=1589769646905&CODE_STATE=getMsg HTTP/1.1" 200 27
180.175.212.199 - - [18/May/2020:10:44:51 +0800] "POST /xingrg/dwr/call/plaincall/AjaxReportQueryService.refreshCache.dwr HTTP/1.1" 200 78
180.175.212.199 - - [18/May/2020:10:44:51 +0800] "POST /xingrg/all/report/load_report_page.html HTTP/1.1" 200 89
117.185.32.26 - - [18/May/2020:10:44:53 +0800] "GET /xingrg/all/function/internal_message.html?_=1589770316404&CODE_STATE=getMsg HTTP/1.1" 200 27
114.84.151.157 - - [18/May/2020:10:44:53 +0800] "GET /xingrg/system/rest/get_item.html?table=menu&id=2072&_=1589769796278 HTTP/1.1" 200 942
114.84.151.157 - - [18/May/2020:10:44:53 +0800] "GET /xingrg/system/rest/get_item.html?table=menu&target=menu_rest&id=2072&_=1589769796298 HTTP/1.1" 200 255
114.84.151.157 - - [18/May/2020:10:44:53 +0800] "GET /xingrg/system/rest/get_item.html?table=menu&target=cook_mode&id=2072&_=1589769796297 HTTP/1.1" 200 8973
124.77.110.230 - - [18/May/2020:10:44:54 +0800] "GET /xingrg/kc/buy/cgsh_order_add.html HTTP/1.1" 200 58668
114.86.190.97 - - [18/May/2020:10:44:54 +0800] "POST /xingrg/services/DataTransmitService HTTP/1.1" 200 524
114.86.190.97 - - [18/May/2020:10:44:54 +0800] "POST /xingrg/services/DataTransmitService HTTP/1.1" 200 2407
114.86.190.97 - - [18/May/2020:10:44:54 +0800] "POST /xingrg/services/DataTransmitService HTTP/1.1" 200 2283
114.84.151.157 - - [18/May/2020:10:44:54 +0800] "GET /xingrg/system/rest/get_infos.html?command=menu_img_show&id=2072 HTTP/1.1" 200 5
114.86.190.97 - - [18/May/2020:10:44:54 +0800] "POST /xingrg/services/DataTransmitService HTTP/1.1" 200 1495
124.77.110.230 - - [18/May/2020:10:44:55 +0800] "POST /xingrg/kc/buy/cgsh_order_operate.html HTTP/1.1" 200 8245
124.77.110.230 - - [18/May/2020:10:44:55 +0800] "GET /xingrg/javascript/easyui/themes/default/validatebox.css HTTP/1.1" 404 1104
114.86.190.97 - - [18/May/2020:10:44:55 +0800] "POST /xingrg/services/DataTransmitService HTTP/1.1" 200 145112
114.84.151.157 - - [18/May/2020:10:44:55 +0800] "GET /xingrg/system/rest/get_item.html?table=menu&target=menu_rest_detail&id=2072&sid=11&_=1589769798312 HTTP/1.1" 200 427
124.77.110.230 - - [18/May/2020:10:44:56 +0800] "GET /xingrg/javascript/easyui/themes/default/tree.css HTTP/1.1" 404 1090
124.77.110.230 - - [18/May/2020:10:44:57 +0800] "POST /xingrg/all/common/load_tree.html?tree=supplier_tree_json&isDelete=1 HTTP/1.1" 200 48225
114.84.151.157 - - [18/May/2020:10:44:57 +0800] "GET /xingrg/all/function/internal_message.html?_=1589769799755&CODE_STATE=getMsg HTTP/1.1" 200 27
180.175.212.199 - - [18/May/2020:10:44:57 +0800] "GET /xingrg/all/function/internal_message.html?_=1589769903306&CODE_STATE=getMsg HTTP/1.1" 200 27
124.77.110.230 - - [18/May/2020:10:44:59 +0800] "GET /xingrg/check_reg.html?_=1589769899658 HTTP/1.1" 200 22
124.77.110.230 - - [18/May/2020:10:44:59 +0800] "GET /xingrg/all/function/internal_message.html?_=1589769899672&CODE_STATE=getMsg HTTP/1.1" 200 27
180.175.212.199 - - [18/May/2020:10:45:01 +0800] "GET /xingrg/all/function/internal_message.html?_=1589770101060&CODE_STATE=getMsg HTTP/1.1" 200 27
222.69.138.209 - - [18/May/2020:10:45:02 +0800] "GET /xingrg/all/function/internal_message.html?_=1589769902712&CODE_STATE=getMsg HTTP/1.1" 200 27
61.172.5.115 - - [18/May/2020:10:45:03 +0800] "GET /xingrg/all/function/internal_message.html?_=1589769904775&CODE_STATE=getMsg HTTP/1.1" 200 27
114.84.151.157 - - [18/May/2020:10:45:03 +0800] "POST /xingrg/system/rest/edit_item.html HTTP/1.1" 200 4
114.84.151.157 - - [18/May/2020:10:45:03 +0800] "GET /xingrg/system/rest/get_item.html?table=menu&target=menu_rest&id=2072&_=1589769806177 HTTP/1.1" 200 255
172.17.0.119 - - [18/May/2020:10:45:04 +0800] "GET /xingrg/system/rest/get_item.html?table=down&code=b695d57b2fa14f599a2263bec1b9e6f4&_=1589769904050 HTTP/1.1" 200 215
172.17.0.119 - - [18/May/2020:10:45:05 +0800] "POST /xingrg/system/rest/edit_item.html HTTP/1.1" 200 66
172.17.0.119 - - [18/May/2020:10:45:05 +0800] "POST /xingrg/all/common/load_tree.html?tree=area_station_tree_json&defaultRests=1_1,1_2,1_5,1_3,1_4,1_6,1_8,1_7,1_10,1_11,1_12,1_13,1_14,1_15,1_16 HTTP/1.1" 200 2975
172.17.0.119 - - [18/May/2020:10:45:05 +0800] "POST /xingrg/system/rest/get_infos.html HTTP/1.1" 200 442900
114.88.170.9 - - [18/May/2020:10:45:06 +0800] "GET /xingrg/all/function/internal_message.html?_=1589769907380&CODE_STATE=getMsg HTTP/1.1" 200 27
114.86.190.97 - - [18/May/2020:10:45:07 +0800] "GET /xingrg/all/function/internal_message.html?_=1589769908310&CODE_STATE=getMsg HTTP/1.1" 200 27
124.77.110.230 - - [18/May/2020:10:45:12 +0800] "GET /xingrg/kc/buy/cgsh_order_operate.html?command=get_materiel&rest_code=00107&code=00101002006&supplier_code=00100091&order_time=2020-05-18 HTTP/1.1" 200 414
117.185.32.26 - - [18/May/2020:10:45:12 +0800] "POST /xingrg/kc/buy/cgsh_order_operate.html HTTP/1.1" 200 37
117.185.32.26 - - [18/May/2020:10:45:13 +0800] "POST /xingrg/kc/buy/cgsh_order_operate.html HTTP/1.1" 200 7974
114.86.226.250 - - [18/May/2020:10:45:14 +0800] "GET /xingrg/all/function/internal_message.html?_=1589769943148&CODE_STATE=getMsg HTTP/1.1" 200 27
117.185.32.26 - - [18/May/2020:10:45:15 +0800] "GET /xingrg/kc/buy/cgsh_order_add.html HTTP/1.1" 200 58621
117.185.32.26 - - [18/May/2020:10:45:16 +0800] "POST /xingrg/kc/buy/cgsh_order_operate.html HTTP/1.1" 200 8245
117.185.32.26 - - [18/May/2020:10:45:16 +0800] "GET /xingrg/javascript/easyui/themes/default/validatebox.css HTTP/1.1" 404 1104
117.185.32.26 - - [18/May/2020:10:45:18 +0800] "GET /xingrg/javascript/easyui/themes/default/tree.css HTTP/1.1" 404 1090
114.84.151.157 - - [18/May/2020:10:45:18 +0800] "GET /xingrg/all/function/internal_message.html?_=1589769918369&CODE_STATE=getMsg HTTP/1.1" 200 27
117.185.32.26 - - [18/May/2020:10:45:18 +0800] "POST /xingrg/all/common/load_tree.html?tree=supplier_tree_json&isDelete=1 HTTP/1.1" 200 48225
117.131.5.26 - - [18/May/2020:10:45:20 +0800] "GET /xingrg/all/function/internal_message.html?_=1589770192107&CODE_STATE=getMsg HTTP/1.1" 200 27
172.17.0.119 - - [18/May/2020:10:45:20 +0800] "GET /xingrg/system/rest/get_item.html?table=down&code=91290748557e4d669eb9575a79772b3d&_=1589769919888 HTTP/1.1" 200 221
172.17.0.119 - - [18/May/2020:10:45:20 +0800] "POST /xingrg/system/rest/edit_item.html HTTP/1.1" 200 27
172.17.0.119 - - [18/May/2020:10:45:20 +0800] "POST /xingrg/all/common/load_tree.html?tree=area_station_tree_json&defaultRests=1_4,1_7,1_10,1_11,1_12,1_14 HTTP/1.1" 200 2984
172.17.0.119 - - [18/May/2020:10:45:20 +0800] "POST /xingrg/system/rest/get_infos.html HTTP/1.1" 200 438367
101.89.29.92 - - [18/May/2020:10:45:21 +0800] "GET /xingrg/all/function/internal_message.html?_=1589769258314&CODE_STATE=getMsg HTTP/1.1" 302 -
114.84.151.157 - - [18/May/2020:10:45:21 +0800] "GET /xingrg/system/rest/query_items.html?_=1589769823787&table=menu&page=1&rows=20&categoryId=&key=%25E5%25A4%25A9%25E7%2584%25B6%25E9%25BB%2591 HTTP/1.1" 200 259
114.84.151.157 - - [18/May/2020:10:45:22 +0800] "GET /xingrg/system/rest/query_items.html?_=1589769825351&table=menu&page=1&rows=20&categoryId=&key=%25E5%25A4%25A9%25E7%2584%25B6%25E9%25BB%2591 HTTP/1.1" 200 259
114.84.151.157 - - [18/May/2020:10:45:23 +0800] "GET /xingrg/system/rest/get_item.html?table=menu&id=6919&_=1589769825813 HTTP/1.1" 200 952
114.84.151.157 - - [18/May/2020:10:45:23 +0800] "GET /xingrg/system/rest/get_item.html?table=menu&target=menu_rest&id=6919&_=1589769825832 HTTP/1.1" 200 69
114.84.151.157 - - [18/May/2020:10:45:23 +0800] "GET /xingrg/system/rest/get_item.html?table=menu&target=cook_mode&id=6919&_=1589769825831 HTTP/1.1" 200 675
114.84.151.157 - - [18/May/2020:10:45:24 +0800] "GET /xingrg/system/rest/get_infos.html?command=menu_img_show&id=6919 HTTP/1.1" 200 5
117.184.7.30 - - [18/May/2020:10:45:25 +0800] "GET /xingrg/all/function/internal_message.html?_=1589769926042&CODE_STATE=getMsg HTTP/1.1" 200 27
101.89.29.92 - - [18/May/2020:10:45:25 +0800] "GET /xingrg/login.html HTTP/1.1" 200 7641
180.175.212.199 - - [18/May/2020:10:45:25 +0800] "GET /xingrg/all/function/internal_message.html?_=1589769929442&CODE_STATE=getMsg HTTP/1.1" 200 27
