114.86.190.97 - - [18/May/2020:09:18:51 +0800] "GET /xingrg/javascript/easyui/themes/icons/edit_add_new.png HTTP/1.1" 304 -
114.86.190.97 - - [18/May/2020:09:18:51 +0800] "GET /xingrg/javascript/easyui/themes/icons/print.png HTTP/1.1" 304 -
114.86.190.97 - - [18/May/2020:09:18:51 +0800] "GET /xingrg/javascript/easyui/themes/default/images/menu_downarrow.png HTTP/1.1" 304 -
114.86.190.97 - - [18/May/2020:09:18:51 +0800] "GET /xingrg/javascript/easyui/themes/icons/cancel.png HTTP/1.1" 304 -
114.86.190.97 - - [18/May/2020:09:18:51 +0800] "GET /xingrg/javascript/easyui/plugins/jquery.parser.js HTTP/1.1" 304 -
114.86.190.97 - - [18/May/2020:09:18:51 +0800] "GET /xingrg/images/control/ajaxLoader.gif HTTP/1.1" 304 -
114.86.190.97 - - [18/May/2020:09:18:51 +0800] "GET /xingrg/javascript/easyui/themes/default/validatebox.css HTTP/1.1" 404 1104
114.86.190.97 - - [18/May/2020:09:18:51 +0800] "GET /xingrg/words/20200517194425_words.js HTTP/1.1" 304 -
114.86.190.97 - - [18/May/2020:09:18:51 +0800] "GET /xingrg/javascript/easyui/plugins/jquery.validatebox.js HTTP/1.1" 304 -
114.86.190.97 - - [18/May/2020:09:18:51 +0800] "POST /xingrg/kc/base/wldb_order_operate.html HTTP/1.1" 200 8301
114.86.190.97 - - [18/May/2020:09:18:51 +0800] "GET /xingrg/javascript/easyui/plugins/jquery.numberbox.js HTTP/1.1" 304 -
114.86.190.97 - - [18/May/2020:09:18:51 +0800] "GET /xingrg/javascript/easyui/themes/icons/edit_remove.png HTTP/1.1" 304 -
114.88.170.9 - - [18/May/2020:09:18:52 +0800] "GET /xingrg/kc/buy/cgsh_order_operate.html?command=get_materiel&rest_code=00111&code=00101006087&supplier_code=00100037&order_time=2020-05-18 HTTP/1.1" 200 409
172.17.0.101 - - [18/May/2020:09:18:53 +0800] "POST /xingrg/all/report/report_print.html HTTP/1.1" 200 8724
124.77.110.230 - - [18/May/2020:09:18:58 +0800] "GET /xingrg/all/function/internal_message.html?_=1589764738302&CODE_STATE=getMsg HTTP/1.1" 200 27
114.88.170.9 - - [18/May/2020:09:19:01 +0800] "GET /xingrg/all/function/internal_message.html?_=1589764742172&CODE_STATE=getMsg HTTP/1.1" 200 27
114.88.170.9 - - [18/May/2020:09:19:03 +0800] "GET /xingrg/kc/buy/cgsh_order_operate.html?command=get_materiel&rest_code=00111&code=00101020196&supplier_code=00100037&order_time=2020-05-18 HTTP/1.1" 200 432
172.17.0.101 - - [18/May/2020:09:19:03 +0800] "POST /xingrg/dwr/call/plaincall/AjaxReportQueryService.refreshCache.dwr HTTP/1.1" 200 78
222.69.138.209 - - [18/May/2020:09:19:03 +0800] "GET /xingrg/all/function/internal_message.html?_=1589764743547&CODE_STATE=getMsg HTTP/1.1" 200 27
222.69.138.209 - - [18/May/2020:09:19:03 +0800] "GET /xingrg/check_reg.html?_=1589764743557 HTTP/1.1" 200 22
172.17.0.101 - - [18/May/2020:09:19:03 +0800] "POST /xingrg/all/report/load_report_page.html HTTP/1.1" 200 60934
172.17.0.101 - - [18/May/2020:09:19:03 +0800] "GET /xingrg/servlets/image?cache=0.9332852963790247&image=px HTTP/1.1" 200 807
61.172.5.115 - - [18/May/2020:09:19:05 +0800] "GET /xingrg/all/function/internal_message.html?_=1589764746384&CODE_STATE=getMsg HTTP/1.1" 200 27
114.86.190.97 - - [18/May/2020:09:19:06 +0800] "GET /xingrg/all/function/internal_message.html?_=1589764749301&CODE_STATE=getMsg HTTP/1.1" 200 27
172.17.0.101 - - [18/May/2020:09:19:08 +0800] "POST /xingrg/all/report/report_print.html HTTP/1.1" 200 8724
124.77.110.230 - - [18/May/2020:09:19:10 +0800] "GET /xingrg/kc/buy/cgsh_order_operate.html?command=get_materiel&rest_code=00107&code=00101008155&supplier_code=00100006&order_time=2020-05-18 HTTP/1.1" 200 408
117.131.5.26 - - [18/May/2020:09:19:14 +0800] "GET /xingrg/all/function/internal_message.html?_=1589765025803&CODE_STATE=getMsg HTTP/1.1" 200 27
114.88.170.9 - - [18/May/2020:09:19:16 +0800] "GET /xingrg/kc/buy/cgsh_order_operate.html?command=get_materiel&rest_code=00111&code=00101015046&supplier_code=00100037&order_time=2020-05-18 HTTP/1.1" 200 412
172.17.0.101 - - [18/May/2020:09:19:17 +0800] "GET /xingrg/all/report/report_query.html?isQuery=1&fileName=dma/new_5.0/menu/menu_hz.xml&queryString=(a.sale_day%2520between%252020200501%2520and%252020200517)%2520and%2520(a.sid%2520in%2520(5))%2520and%2520(a.tj_code%253D2)&queryText=%25E3%2580%2590%25E8%2590%25A5%25E4%25B8%259A%25E6%2597%25A5%25E6%259C%259F%253A2020-05-01%2520%25E8%2587%25B3%25202020-05-17%25E3%2580%2591%2520%25E5%25B9%25B6%25E4%25B8%2594%2520%2520%25E3%2580%2590%25E9%2597%25A8%25E5%25BA%2597%25E5%2590%258D%25E7%25A7%25B0%2520%253D%2520%25E6%25B7%25B1%25E6%25B5%25B7%25E6%25B8%2594%25E6%25B8%25AF%25E5%25AE%259D%25E5%25B1%25B1%25E5%25BA%2597%25E3%2580%2591%2520%25E5%25B9%25B6%25E4%25B8%2594%2520%25E3%2580%2590%25E7%25BB%259F%25E8%25AE%25A1%25E7%25B1%25BB%25E5%2588%25AB%2520%253D%2520%25E6%25B5%25B7%25E9%25B2%259C%25E3%2580%2591 HTTP/1.1" 200 54039
172.17.0.101 - - [18/May/2020:09:19:17 +0800] "GET /xingrg/dwr/engine.js HTTP/1.1" 200 43631
172.17.0.101 - - [18/May/2020:09:19:17 +0800] "GET /favicon.ico HTTP/1.1" 404 -
172.17.0.101 - - [18/May/2020:09:19:18 +0800] "POST /xingrg/all/report/load_report_page.html HTTP/1.1" 200 119290
172.17.0.101 - - [18/May/2020:09:19:18 +0800] "GET /xingrg/servlets/image?cache=0.925795485905005&image=px HTTP/1.1" 200 807
114.88.170.9 - - [18/May/2020:09:19:22 +0800] "GET /xingrg/kc/buy/cgsh_order_operate.html?command=get_materiel&rest_code=00111&code=00101015053&supplier_code=00100037&order_time=2020-05-18 HTTP/1.1" 200 412
114.86.226.250 - - [18/May/2020:09:19:23 +0800] "GET /xingrg/all/function/internal_message.html?_=1589764815187&CODE_STATE=getMsg HTTP/1.1" 200 27
180.162.232.172 - - [18/May/2020:09:19:23 +0800] "GET /xingrg/all/function/internal_message.html?_=1589764764435&CODE_STATE=getMsg HTTP/1.1" 200 27
117.184.7.30 - - [18/May/2020:09:19:25 +0800] "GET /xingrg/all/function/internal_message.html?_=1589764765873&CODE_STATE=getMsg HTTP/1.1" 200 27
117.184.7.26 - - [18/May/2020:09:19:25 +0800] "GET /xingrg/check_reg.html?_=1589764765873 HTTP/1.1" 200 22
172.17.0.101 - - [18/May/2020:09:19:25 +0800] "POST /xingrg/all/report/load_report_page.html HTTP/1.1" 200 31534
172.17.0.101 - - [18/May/2020:09:19:25 +0800] "GET /xingrg/servlets/image?cache=0.051911424229313274&image=px HTTP/1.1" 200 807
172.17.0.101 - - [18/May/2020:09:19:28 +0800] "POST /xingrg/all/report/load_report_page.html HTTP/1.1" 200 124191
172.17.0.101 - - [18/May/2020:09:19:28 +0800] "GET /xingrg/servlets/image?cache=0.43637384900971354&image=px HTTP/1.1" 200 807
172.17.0.101 - - [18/May/2020:09:19:31 +0800] "GET /xingrg/all/function/internal_message.html?_=1589764808556&CODE_STATE=getMsg HTTP/1.1" 200 27
183.192.88.133 - - [18/May/2020:09:19:31 +0800] "GET /xingrg/all/function/internal_message.html?_=1589764774998&CODE_STATE=getMsg HTTP/1.1" 200 27
172.17.0.123 - - [18/May/2020:09:19:32 +0800] "GET /xingrg/all/function/internal_message.html?_=1589764767402&CODE_STATE=getMsg HTTP/1.1" 302 -
172.17.0.100 - - [18/May/2020:09:19:33 +0800] "GET /xingrg/all/function/internal_message.html?_=1589764774176&CODE_STATE=getMsg HTTP/1.1" 200 27
172.17.0.100 - - [18/May/2020:09:19:33 +0800] "GET /xingrg/check_reg.html?_=1589764774181 HTTP/1.1" 200 22
172.17.0.101 - - [18/May/2020:09:19:34 +0800] "POST /xingrg/all/report/report_print.html HTTP/1.1" 200 32293
114.88.170.9 - - [18/May/2020:09:19:38 +0800] "GET /xingrg/kc/buy/cgsh_order_operate.html?command=get_materiel&rest_code=00111&code=00101009021&supplier_code=00100037&order_time=2020-05-18 HTTP/1.1" 200 416
58.40.7.146 - - [18/May/2020:09:19:40 +0800] "GET /xingrg/all/function/internal_message.html?_=1589764781769&CODE_STATE=getMsg HTTP/1.1" 200 27
124.77.110.230 - - [18/May/2020:09:19:44 +0800] "GET /xingrg/kc/buy/cgsh_order_operate.html?command=get_materiel&rest_code=00107&code=00101008080&supplier_code=00100006&order_time=2020-05-18 HTTP/1.1" 200 416
114.88.170.9 - - [18/May/2020:09:19:49 +0800] "GET /xingrg/kc/buy/cgsh_order_operate.html?command=get_materiel&rest_code=00111&code=00101009013&supplier_code=00100037&order_time=2020-05-18 HTTP/1.1" 200 422
58.40.7.146 - - [18/May/2020:09:19:50 +0800] "GET /xingrg/all/function/internal_message.html?_=1589764791329&CODE_STATE=getMsg HTTP/1.1" 200 27
124.77.110.230 - - [18/May/2020:09:19:52 +0800] "GET /xingrg/kc/buy/cgsh_order_operate.html?command=get_materiel&rest_code=00107&code=00101008312&supplier_code=00100006&order_time=2020-05-18 HTTP/1.1" 200 412
124.77.110.230 - - [18/May/2020:09:19:57 +0800] "GET /xingrg/check_reg.html?_=1589764797795 HTTP/1.1" 200 22
124.77.110.230 - - [18/May/2020:09:19:58 +0800] "GET /xingrg/all/function/internal_message.html?_=1589764798279&CODE_STATE=getMsg HTTP/1.1" 200 27
114.88.170.9 - - [18/May/2020:09:20:01 +0800] "GET /xingrg/all/function/internal_message.html?_=1589764802184&CODE_STATE=getMsg HTTP/1.1" 200 27
222.69.138.209 - - [18/May/2020:09:20:03 +0800] "GET /xingrg/all/function/internal_message.html?_=1589764803554&CODE_STATE=getMsg HTTP/1.1" 200 27
61.172.5.115 - - [18/May/2020:09:20:05 +0800] "GET /xingrg/all/function/internal_message.html?_=1589764806353&CODE_STATE=getMsg HTTP/1.1" 200 27
114.88.170.9 - - [18/May/2020:09:20:05 +0800] "GET /xingrg/kc/buy/cgsh_order_operate.html?command=get_materiel&rest_code=00111&code=00101009004&supplier_code=00100037&order_time=2020-05-18 HTTP/1.1" 200 409
114.86.190.97 - - [18/May/2020:09:20:06 +0800] "GET /xingrg/all/function/internal_message.html?_=1589764809307&CODE_STATE=getMsg HTTP/1.1" 200 27
124.77.110.230 - - [18/May/2020:09:20:07 +0800] "GET /xingrg/kc/buy/cgsh_order_operate.html?command=get_materiel&rest_code=00107&code=00101008163&supplier_code=00100006&order_time=2020-05-18 HTTP/1.1" 200 408
117.131.5.26 - - [18/May/2020:09:20:14 +0800] "GET /xingrg/all/function/internal_message.html?_=1589765085804&CODE_STATE=getMsg HTTP/1.1" 200 27
124.77.110.230 - - [18/May/2020:09:20:16 +0800] "GET /xingrg/kc/buy/cgsh_order_operate.html?command=get_materiel&rest_code=00107&code=00101008355&supplier_code=00100006&order_time=2020-05-18 HTTP/1.1" 200 408
114.86.226.250 - - [18/May/2020:09:20:23 +0800] "GET /xingrg/all/function/internal_message.html?_=1589764875203&CODE_STATE=getMsg HTTP/1.1" 200 27
180.162.232.172 - - [18/May/2020:09:20:23 +0800] "GET /xingrg/all/function/internal_message.html?_=1589764824431&CODE_STATE=getMsg HTTP/1.1" 200 27
117.184.7.26 - - [18/May/2020:09:20:25 +0800] "GET /xingrg/all/function/internal_message.html?_=1589764825875&CODE_STATE=getMsg HTTP/1.1" 200 27
124.77.110.230 - - [18/May/2020:09:20:28 +0800] "GET /xingrg/kc/buy/cgsh_order_operate.html?command=get_materiel&rest_code=00107&code=00101008270&supplier_code=00100006&order_time=2020-05-18 HTTP/1.1" 200 412
172.17.0.101 - - [18/May/2020:09:20:31 +0800] "GET /xingrg/all/function/internal_message.html?_=1589764868559&CODE_STATE=getMsg HTTP/1.1" 200 27
183.192.88.133 - - [18/May/2020:09:20:31 +0800] "GET /xingrg/all/function/internal_message.html?_=1589764834998&CODE_STATE=getMsg HTTP/1.1" 200 27
172.17.0.123 - - [18/May/2020:09:20:32 +0800] "GET /xingrg/all/function/internal_message.html?_=1589764827404&CODE_STATE=getMsg HTTP/1.1" 302 -
172.17.0.123 - - [18/May/2020:09:20:32 +0800] "GET /xingrg/check_reg.html?_=1589764827406 HTTP/1.1" 302 -
172.17.0.100 - - [18/May/2020:09:20:33 +0800] "GET /xingrg/all/function/internal_message.html?_=1589764834167&CODE_STATE=getMsg HTTP/1.1" 200 27
172.17.0.101 - - [18/May/2020:09:20:35 +0800] "POST /xingrg/dwr/call/plaincall/AjaxReportQueryService.refreshCache.dwr HTTP/1.1" 200 78
172.17.0.101 - - [18/May/2020:09:20:36 +0800] "POST /xingrg/all/report/load_report_page.html HTTP/1.1" 200 61436
172.17.0.101 - - [18/May/2020:09:20:36 +0800] "GET /xingrg/servlets/image?cache=0.06608918795231511&image=px HTTP/1.1" 200 807
172.17.0.101 - - [18/May/2020:09:20:39 +0800] "POST /xingrg/all/report/report_print.html HTTP/1.1" 200 8192
58.40.7.146 - - [18/May/2020:09:20:40 +0800] "GET /xingrg/check_reg.html?_=1589764841791 HTTP/1.1" 200 22
58.40.7.146 - - [18/May/2020:09:20:40 +0800] "GET /xingrg/all/function/internal_message.html?_=1589764841793&CODE_STATE=getMsg HTTP/1.1" 200 27
172.17.0.101 - - [18/May/2020:09:20:48 +0800] "GET /xingrg/all/report/report_query.html?isQuery=1&fileName=dma/new_5.0/menu/menu_hz.xml&queryString=(a.sale_day%2520between%252020200501%2520and%252020200517)%2520and%2520(a.sid%2520in%2520(3))%2520and%2520(a.tj_code%253D2)&queryText=%25E3%2580%2590%25E8%2590%25A5%25E4%25B8%259A%25E6%2597%25A5%25E6%259C%259F%253A2020-05-01%2520%25E8%2587%25B3%25202020-05-17%25E3%2580%2591%2520%25E5%25B9%25B6%25E4%25B8%2594%2520%2520%25E3%2580%2590%25E9%2597%25A8%25E5%25BA%2597%25E5%2590%258D%25E7%25A7%25B0%2520%253D%2520%25E5%2598%2589%25E5%25AE%259A%25E6%25A6%2595%25E6%25B8%25AF%25E3%2580%2591%2520%25E5%25B9%25B6%25E4%25B8%2594%2520%25E3%2580%2590%25E7%25BB%259F%25E8%25AE%25A1%25E7%25B1%25BB%25E5%2588%25AB%2520%253D%2520%25E6%25B5%25B7%25E9%25B2%259C%25E3%2580%2591 HTTP/1.1" 200 54027
172.17.0.101 - - [18/May/2020:09:20:48 +0800] "GET /xingrg/dwr/engine.js HTTP/1.1" 200 43631
172.17.0.101 - - [18/May/2020:09:20:48 +0800] "GET /favicon.ico HTTP/1.1" 404 -
172.17.0.101 - - [18/May/2020:09:20:48 +0800] "POST /xingrg/all/report/load_report_page.html HTTP/1.1" 200 115343
172.17.0.101 - - [18/May/2020:09:20:48 +0800] "GET /xingrg/servlets/image?cache=0.5051416806256188&image=px HTTP/1.1" 200 807
58.40.7.146 - - [18/May/2020:09:20:50 +0800] "GET /xingrg/check_reg.html?_=1589764851316 HTTP/1.1" 200 22
58.40.7.146 - - [18/May/2020:09:20:50 +0800] "GET /xingrg/all/function/internal_message.html?_=1589764851318&CODE_STATE=getMsg HTTP/1.1" 200 27
172.17.0.101 - - [18/May/2020:09:20:50 +0800] "POST /xingrg/all/report/report_print.html HTTP/1.1" 200 32293
124.77.110.230 - - [18/May/2020:09:20:58 +0800] "GET /xingrg/all/function/internal_message.html?_=1589764858313&CODE_STATE=getMsg HTTP/1.1" 200 27
114.88.170.9 - - [18/May/2020:09:21:01 +0800] "GET /xingrg/check_reg.html?_=1589764861667 HTTP/1.1" 200 22
114.88.170.9 - - [18/May/2020:09:21:01 +0800] "GET /xingrg/all/function/internal_message.html?_=1589764862199&CODE_STATE=getMsg HTTP/1.1" 200 27
114.88.170.9 - - [18/May/2020:09:21:01 +0800] "GET /xingrg/kc/buy/cgsh_order_operate.html?command=get_materiel&rest_code=00111&code=00101009007&supplier_code=00100037&order_time=2020-05-18 HTTP/1.1" 200 408
222.69.138.209 - - [18/May/2020:09:21:03 +0800] "GET /xingrg/all/function/internal_message.html?_=1589764863547&CODE_STATE=getMsg HTTP/1.1" 200 27
61.172.5.115 - - [18/May/2020:09:21:05 +0800] "GET /xingrg/all/function/internal_message.html?_=1589764866332&CODE_STATE=getMsg HTTP/1.1" 200 27
114.86.190.97 - - [18/May/2020:09:21:06 +0800] "GET /xingrg/all/function/internal_message.html?_=1589764869323&CODE_STATE=getMsg HTTP/1.1" 200 27
124.77.110.230 - - [18/May/2020:09:21:11 +0800] "GET /xingrg/kc/buy/cgsh_order_operate.html?command=get_materiel&rest_code=00107&code=00101008230&supplier_code=00100006&order_time=2020-05-18 HTTP/1.1" 200 408
117.131.5.26 - - [18/May/2020:09:21:14 +0800] "GET /xingrg/all/function/internal_message.html?_=1589765146017&CODE_STATE=getMsg HTTP/1.1" 200 27
117.131.5.26 - - [18/May/2020:09:21:17 +0800] "GET /xingrg/check_reg.html?_=1589765148720 HTTP/1.1" 200 22
114.86.226.250 - - [18/May/2020:09:21:22 +0800] "GET /xingrg/check_reg.html?_=1589764935187 HTTP/1.1" 200 22
114.86.226.250 - - [18/May/2020:09:21:22 +0800] "GET /xingrg/all/function/internal_message.html?_=1589764935203&CODE_STATE=getMsg HTTP/1.1" 200 27
180.162.232.172 - - [18/May/2020:09:21:23 +0800] "GET /xingrg/check_reg.html?_=1589764884435 HTTP/1.1" 200 22
180.162.232.172 - - [18/May/2020:09:21:23 +0800] "GET /xingrg/all/function/internal_message.html?_=1589764884438&CODE_STATE=getMsg HTTP/1.1" 200 27
117.184.7.26 - - [18/May/2020:09:21:25 +0800] "GET /xingrg/all/function/internal_message.html?_=1589764885876&CODE_STATE=getMsg HTTP/1.1" 200 27
124.77.110.230 - - [18/May/2020:09:21:25 +0800] "GET /xingrg/kc/buy/cgsh_order_operate.html?command=get_materiel&rest_code=00107&code=00101008352&supplier_code=00100006&order_time=2020-05-18 HTTP/1.1" 200 412
172.17.0.101 - - [18/May/2020:09:21:27 +0800] "POST /xingrg/dwr/call/plaincall/AjaxReportQueryService.refreshCache.dwr HTTP/1.1" 200 78
172.17.0.101 - - [18/May/2020:09:21:28 +0800] "POST /xingrg/all/report/load_report_page.html HTTP/1.1" 200 58984
172.17.0.101 - - [18/May/2020:09:21:28 +0800] "GET /xingrg/servlets/image?cache=0.7820357319976614&image=px HTTP/1.1" 200 807
172.17.0.101 - - [18/May/2020:09:21:30 +0800] "GET /xingrg/all/function/internal_message.html?_=1589764928555&CODE_STATE=getMsg HTTP/1.1" 200 27
172.17.0.101 - - [18/May/2020:09:21:31 +0800] "POST /xingrg/all/report/report_print.html HTTP/1.1" 200 8192
183.192.88.133 - - [18/May/2020:09:21:31 +0800] "GET /xingrg/all/function/internal_message.html?_=1589764894998&CODE_STATE=getMsg HTTP/1.1" 200 27
172.17.0.123 - - [18/May/2020:09:21:32 +0800] "GET /xingrg/all/function/internal_message.html?_=1589764887397&CODE_STATE=getMsg HTTP/1.1" 302 -
172.17.0.100 - - [18/May/2020:09:21:33 +0800] "GET /xingrg/all/function/internal_message.html?_=1589764894167&CODE_STATE=getMsg HTTP/1.1" 200 27
124.77.110.230 - - [18/May/2020:09:21:36 +0800] "GET /xingrg/kc/buy/cgsh_order_operate.html?command=get_materiel&rest_code=00107&code=00101015060&supplier_code=00100006&order_time=2020-05-18 HTTP/1.1" 200 412
58.40.7.146 - - [18/May/2020:09:21:40 +0800] "GET /xingrg/all/function/internal_message.html?_=1589764901779&CODE_STATE=getMsg HTTP/1.1" 200 27
172.17.0.101 - - [18/May/2020:09:21:45 +0800] "POST /xingrg/dwr/call/plaincall/AjaxReportQueryService.refreshCache.dwr HTTP/1.1" 200 78
172.17.0.101 - - [18/May/2020:09:21:45 +0800] "POST /xingrg/all/report/load_report_page.html HTTP/1.1" 200 60935
172.17.0.101 - - [18/May/2020:09:21:45 +0800] "GET /xingrg/servlets/image?cache=0.8558209242813576&image=px HTTP/1.1" 200 807
124.77.110.230 - - [18/May/2020:09:21:46 +0800] "GET /xingrg/kc/buy/cgsh_order_operate.html?command=get_materiel&rest_code=00107&code=00101008044&supplier_code=00100006&order_time=2020-05-18 HTTP/1.1" 200 408
172.17.0.101 - - [18/May/2020:09:21:47 +0800] "POST /xingrg/all/report/report_print.html HTTP/1.1" 200 8724
58.40.7.146 - - [18/May/2020:09:21:50 +0800] "GET /xingrg/all/function/internal_message.html?_=1589764911321&CODE_STATE=getMsg HTTP/1.1" 200 27
172.17.0.101 - - [18/May/2020:09:21:57 +0800] "POST /xingrg/dwr/call/plaincall/AjaxReportQueryService.refreshCache.dwr HTTP/1.1" 200 78
172.17.0.101 - - [18/May/2020:09:21:58 +0800] "POST /xingrg/all/report/load_report_page.html HTTP/1.1" 200 63427
172.17.0.101 - - [18/May/2020:09:21:58 +0800] "GET /xingrg/servlets/image?cache=0.18276599986633524&image=px HTTP/1.1" 200 807
124.77.110.230 - - [18/May/2020:09:21:58 +0800] "GET /xingrg/all/function/internal_message.html?_=1589764918301&CODE_STATE=getMsg HTTP/1.1" 200 27
124.77.110.230 - - [18/May/2020:09:22:01 +0800] "GET /xingrg/kc/buy/cgsh_order_operate.html?command=get_materiel&rest_code=00107&code=00101008323&supplier_code=00100006&order_time=2020-05-18 HTTP/1.1" 200 408
172.17.0.101 - - [18/May/2020:09:22:01 +0800] "POST /xingrg/all/report/report_print.html HTTP/1.1" 200 8724
114.88.170.9 - - [18/May/2020:09:22:01 +0800] "GET /xingrg/all/function/internal_message.html?_=1589764922213&CODE_STATE=getMsg HTTP/1.1" 200 27
222.69.138.209 - - [18/May/2020:09:22:03 +0800] "GET /xingrg/all/function/internal_message.html?_=1589764923549&CODE_STATE=getMsg HTTP/1.1" 200 27
61.172.5.115 - - [18/May/2020:09:22:05 +0800] "GET /xingrg/all/function/internal_message.html?_=1589764926313&CODE_STATE=getMsg HTTP/1.1" 200 27
114.86.190.97 - - [18/May/2020:09:22:06 +0800] "GET /xingrg/all/function/internal_message.html?_=1589764929334&CODE_STATE=getMsg HTTP/1.1" 200 27
124.77.110.230 - - [18/May/2020:09:22:14 +0800] "GET /xingrg/kc/buy/cgsh_order_operate.html?command=get_materiel&rest_code=00107&code=00101008331&supplier_code=00100006&order_time=2020-05-18 HTTP/1.1" 200 416
117.131.5.26 - - [18/May/2020:09:22:14 +0800] "GET /xingrg/all/function/internal_message.html?_=1589765206018&CODE_STATE=getMsg HTTP/1.1" 200 27
172.17.0.101 - - [18/May/2020:09:22:15 +0800] "POST /xingrg/dwr/call/plaincall/AjaxReportQueryService.refreshCache.dwr HTTP/1.1" 200 78
172.17.0.101 - - [18/May/2020:09:22:15 +0800] "POST /xingrg/all/report/load_report_page.html HTTP/1.1" 200 63476
172.17.0.101 - - [18/May/2020:09:22:15 +0800] "GET /xingrg/servlets/image?cache=0.2971449396300534&image=px HTTP/1.1" 200 807
116.232.33.186 - - [18/May/2020:09:22:18 +0800] "POST /xingrg/services/DataTransmitService HTTP/1.1" 200 524
172.17.0.101 - - [18/May/2020:09:22:18 +0800] "POST /xingrg/all/report/report_print.html HTTP/1.1" 200 8724
117.131.5.26 - - [18/May/2020:09:22:22 +0800] "GET /xingrg/login.html HTTP/1.1" 200 7641
114.86.226.250 - - [18/May/2020:09:22:22 +0800] "GET /xingrg/all/function/internal_message.html?_=1589764995203&CODE_STATE=getMsg HTTP/1.1" 200 27
117.131.5.26 - - [18/May/2020:09:22:22 +0800] "GET /favicon.ico HTTP/1.1" 404 -
124.77.110.230 - - [18/May/2020:09:22:24 +0800] "GET /xingrg/kc/buy/cgsh_order_operate.html?command=get_materiel&rest_code=00107&code=00101008358&supplier_code=00100006&order_time=2020-05-18 HTTP/1.1" 200 412
117.184.7.26 - - [18/May/2020:09:22:25 +0800] "GET /xingrg/all/function/internal_message.html?_=1589764945880&CODE_STATE=getMsg HTTP/1.1" 200 27
180.162.232.172 - - [18/May/2020:09:22:25 +0800] "POST /xingrg/kc/buy/cgsh_order_operate.html HTTP/1.1" 200 37
180.162.232.172 - - [18/May/2020:09:22:26 +0800] "POST /xingrg/kc/buy/cgsh_order_operate.html HTTP/1.1" 200 6782
172.17.0.101 - - [18/May/2020:09:22:28 +0800] "POST /xingrg/dwr/call/plaincall/AjaxReportQueryService.refreshCache.dwr HTTP/1.1" 200 79
172.17.0.101 - - [18/May/2020:09:22:28 +0800] "POST /xingrg/all/report/load_report_page.html HTTP/1.1" 200 61538
172.17.0.101 - - [18/May/2020:09:22:28 +0800] "GET /xingrg/servlets/image?cache=0.010132186047935532&image=px HTTP/1.1" 200 807
172.17.0.101 - - [18/May/2020:09:22:30 +0800] "POST /xingrg/all/report/report_print.html HTTP/1.1" 200 8192
117.131.5.26 - - [18/May/2020:09:22:30 +0800] "POST /xingrg/login.do HTTP/1.1" 302 -
117.131.5.26 - - [18/May/2020:09:22:30 +0800] "GET /xingrg/index.html?sysBaseUrl=http%3A%2F%2F180.169.147.146%3A18081%2Fxingrg%2F&costTime=39×tamp=1589764950671 HTTP/1.1" 200 17179
117.131.5.26 - - [18/May/2020:09:22:30 +0800] "GET /favicon.ico HTTP/1.1" 404 -
172.17.0.101 - - [18/May/2020:09:22:31 +0800] "GET /xingrg/all/function/internal_message.html?_=1589764988552&CODE_STATE=getMsg HTTP/1.1" 200 27
117.131.5.26 - - [18/May/2020:09:22:31 +0800] "POST /xingrg/all/common/load_tree.html?tree=area_rest_tree_json&manage=1 HTTP/1.1" 200 351
117.131.5.26 - - [18/May/2020:09:22:31 +0800] "GET /xingrg/all/function/internal_message.html?_=1589765312995&CODE_STATE=count HTTP/1.1" 200 11
117.131.5.26 - - [18/May/2020:09:22:31 +0800] "GET /xingrg/check_reg.html?_=1589765312996 HTTP/1.1" 200 22
117.131.5.26 - - [18/May/2020:09:22:31 +0800] "POST /xingrg/load_menu.html HTTP/1.1" 200 5138
183.192.88.133 - - [18/May/2020:09:22:31 +0800] "GET /xingrg/all/function/internal_message.html?_=1589764954997&CODE_STATE=getMsg HTTP/1.1" 200 27
172.17.0.123 - - [18/May/2020:09:22:32 +0800] "GET /xingrg/all/function/internal_message.html?_=1589764947399&CODE_STATE=getMsg HTTP/1.1" 302 -
172.17.0.100 - - [18/May/2020:09:22:33 +0800] "GET /xingrg/all/function/internal_message.html?_=1589764954172&CODE_STATE=getMsg HTTP/1.1" 200 27
222.69.138.209 - - [18/May/2020:09:22:33 +0800] "POST /xingrg/services/DataTransmitService HTTP/1.1" 200 524
222.69.138.209 - - [18/May/2020:09:22:33 +0800] "POST /xingrg/services/DataTransmitService HTTP/1.1" 200 2327
222.69.138.209 - - [18/May/2020:09:22:33 +0800] "POST /xingrg/services/DataTransmitService HTTP/1.1" 200 2283
222.69.138.209 - - [18/May/2020:09:22:34 +0800] "POST /xingrg/services/DataTransmitService HTTP/1.1" 200 1495
222.69.138.209 - - [18/May/2020:09:22:34 +0800] "POST /xingrg/services/DataTransmitService HTTP/1.1" 200 142383
124.77.110.230 - - [18/May/2020:09:22:36 +0800] "GET /xingrg/kc/buy/cgsh_order_operate.html?command=get_materiel&rest_code=00107&code=00101008239&supplier_code=00100006&order_time=2020-05-18 HTTP/1.1" 200 416
117.131.5.26 - - [18/May/2020:09:22:37 +0800] "GET /xingrg/kc/buy/cgsh_order_list.html HTTP/1.1" 200 42889
180.162.232.172 - - [18/May/2020:09:22:38 +0800] "POST /xingrg/all/user/operate.html HTTP/1.1" 200 36
180.162.232.172 - - [18/May/2020:09:22:38 +0800] "GET /xingrg/index.html?sysBaseUrl=http%3A%2F%2F180.169.147.146%3A18081%2Fxingrg%2F&costTime=38×tamp=1589762000539 HTTP/1.1" 200 17179
180.162.232.172 - - [18/May/2020:09:22:38 +0800] "GET /xingrg/javascript/jquery_easy_ui/themes/default/easyui.css HTTP/1.1" 304 -
180.162.232.172 - - [18/May/2020:09:22:38 +0800] "GET /xingrg/javascript/jquery_easy_ui/themes/icon.css HTTP/1.1" 304 -
180.162.232.172 - - [18/May/2020:09:22:38 +0800] "GET /xingrg/css/form.css HTTP/1.1" 304 -
180.162.232.172 - - [18/May/2020:09:22:38 +0800] "GET /xingrg/javascript/jquery-1.4.2.min.js HTTP/1.1" 304 -
180.162.232.172 - - [18/May/2020:09:22:38 +0800] "GET /xingrg/javascript/jquery_easy_ui/jquery.easyui.min.js HTTP/1.1" 304 -
180.162.232.172 - - [18/May/2020:09:22:38 +0800] "GET /xingrg/javascript/jquery_easy_ui/easyui-lang-zh_CN.js HTTP/1.1" 304 -
180.162.232.172 - - [18/May/2020:09:22:38 +0800] "GET /xingrg/javascript/jquery.form.js HTTP/1.1" 304 -
180.162.232.172 - - [18/May/2020:09:22:38 +0800] "GET /xingrg/javascript/jquery.utils.js HTTP/1.1" 304 -
180.162.232.172 - - [18/May/2020:09:22:38 +0800] "GET /xingrg/javascript/jquery.timers.js HTTP/1.1" 304 -
180.162.232.172 - - [18/May/2020:09:22:38 +0800] "GET /xingrg/images/blue/jxLogo.png HTTP/1.1" 304 -
180.162.232.172 - - [18/May/2020:09:22:38 +0800] "GET /xingrg/images/blue/navBackgound.jpg HTTP/1.1" 304 -
180.162.232.172 - - [18/May/2020:09:22:38 +0800] "GET /xingrg/javascript/jquery_easy_ui/themes/icons/settle_new.png HTTP/1.1" 304 -
180.162.232.172 - - [18/May/2020:09:22:38 +0800] "POST /xingrg/all/common/load_tree.html?tree=area_rest_tree_json&manage=1 HTTP/1.1" 200 476
180.162.232.172 - - [18/May/2020:09:22:38 +0800] "GET /xingrg/all/function/internal_message.html?_=1589764959813&CODE_STATE=count HTTP/1.1" 200 11
180.162.232.172 - - [18/May/2020:09:22:38 +0800] "GET /xingrg/check_reg.html?_=1589764959814 HTTP/1.1" 200 22
180.162.232.172 - - [18/May/2020:09:22:38 +0800] "GET /xingrg/javascript/jquery_easy_ui/themes/default/images/tabs_leftarrow.png HTTP/1.1" 304 -
180.162.232.172 - - [18/May/2020:09:22:38 +0800] "GET /xingrg/javascript/jquery_easy_ui/themes/default/images/tabs_rightarrow.png HTTP/1.1" 304 -
180.162.232.172 - - [18/May/2020:09:22:38 +0800] "GET /xingrg/images/blue/pingpu.png HTTP/1.1" 304 -
180.162.232.172 - - [18/May/2020:09:22:38 +0800] "GET /xingrg/javascript/jquery_easy_ui/themes/default/images/panel_tool_collapse.gif HTTP/1.1" 304 -
180.162.232.172 - - [18/May/2020:09:22:38 +0800] "POST /xingrg/load_menu.html HTTP/1.1" 200 5138
117.131.5.26 - - [18/May/2020:09:22:39 +0800] "POST /xingrg/kc/buy/cgsh_list_operate.html HTTP/1.1" 200 876
180.162.232.172 - - [18/May/2020:09:22:40 +0800] "GET /xingrg/kc/base/wldb_order_list.html HTTP/1.1" 200 19261
58.40.7.146 - - [18/May/2020:09:22:40 +0800] "GET /xingrg/all/function/internal_message.html?_=1589764961768&CODE_STATE=getMsg HTTP/1.1" 200 27
180.162.232.172 - - [18/May/2020:09:22:41 +0800] "POST /xingrg/kc/base/wldb_list_operate.html HTTP/1.1" 200 928
180.162.232.172 - - [18/May/2020:09:22:42 +0800] "GET /xingrg/kc/base/wldb_order_add.html HTTP/1.1" 200 30322
180.162.232.172 - - [18/May/2020:09:22:42 +0800] "POST /xingrg/kc/base/wldb_order_operate.html HTTP/1.1" 200 6806
180.162.232.172 - - [18/May/2020:09:22:42 +0800] "GET /xingrg/all/common/auto_word.html?type=base&rest_code=00150 HTTP/1.1" 200 1653
180.162.232.172 - - [18/May/2020:09:22:42 +0800] "GET /xingrg/all/common/auto_word.html?type=base&rest_code=00150 HTTP/1.1" 200 1653
180.162.232.172 - - [18/May/2020:09:22:42 +0800] "GET /xingrg/javascript/easyui/themes/default/validatebox.css HTTP/1.1" 404 1104
117.131.5.26 - - [18/May/2020:09:22:43 +0800] "GET /xingrg/kc/buy/cgsh_order_add.html HTTP/1.1" 200 58627
117.131.5.26 - - [18/May/2020:09:22:43 +0800] "GET /xingrg/words/20200517194425_words.js HTTP/1.1" 200 728487
117.131.5.26 - - [18/May/2020:09:22:44 +0800] "POST /xingrg/kc/buy/cgsh_order_operate.html HTTP/1.1" 200 8245
117.131.5.26 - - [18/May/2020:09:22:44 +0800] "GET /xingrg/all/common/auto_word.html?type=employee&rest_code=00104 HTTP/1.1" 200 193
117.131.5.26 - - [18/May/2020:09:22:44 +0800] "GET /xingrg/all/common/auto_word.html?type=employee&rest_code=00104 HTTP/1.1" 200 193
117.131.5.26 - - [18/May/2020:09:22:44 +0800] "GET /xingrg/javascript/easyui/themes/default/validatebox.css HTTP/1.1" 404 1104
180.162.232.172 - - [18/May/2020:09:22:44 +0800] "GET /xingrg/javascript/auto/indicator.gif HTTP/1.1" 404 1066
117.131.5.26 - - [18/May/2020:09:22:45 +0800] "GET /xingrg/javascript/easyui/themes/default/tree.css HTTP/1.1" 404 1090
117.131.5.26 - - [18/May/2020:09:22:45 +0800] "POST /xingrg/all/common/load_tree.html?tree=supplier_tree_json&isDelete=1 HTTP/1.1" 200 48225
172.17.0.101 - - [18/May/2020:09:22:47 +0800] "POST /xingrg/dwr/call/plaincall/AjaxReportQueryService.refreshCache.dwr HTTP/1.1" 200 79
172.17.0.101 - - [18/May/2020:09:22:47 +0800] "POST /xingrg/all/report/load_report_page.html HTTP/1.1" 200 61412
172.17.0.101 - - [18/May/2020:09:22:47 +0800] "GET /xingrg/servlets/image?cache=0.4656818500211819&image=px HTTP/1.1" 200 807
172.17.0.101 - - [18/May/2020:09:22:49 +0800] "POST /xingrg/all/report/report_print.html HTTP/1.1" 200 8192
58.40.7.146 - - [18/May/2020:09:22:50 +0800] "GET /xingrg/all/function/internal_message.html?_=1589764971326&CODE_STATE=getMsg HTTP/1.1" 200 27
180.162.232.172 - - [18/May/2020:09:22:51 +0800] "GET /xingrg/kc/base/wldb_order_operate.html?command=get_materiel&rest_code=00150&base_code=0010446&code=00102002315 HTTP/1.1" 200 447
180.162.232.172 - - [18/May/2020:09:22:54 +0800] "GET /xingrg/javascript/jquery_tools/images/prev.gif HTTP/1.1" 404 1086
180.162.232.172 - - [18/May/2020:09:22:54 +0800] "GET /xingrg/javascript/jquery_tools/images/next.gif HTTP/1.1" 404 1086
180.162.232.172 - - [18/May/2020:09:22:57 +0800] "POST /xingrg/kc/base/wldb_order_operate.html HTTP/1.1" 200 37
124.77.110.230 - - [18/May/2020:09:22:58 +0800] "GET /xingrg/all/function/internal_message.html?_=1589764978455&CODE_STATE=getMsg HTTP/1.1" 200 27
117.131.5.26 - - [18/May/2020:09:22:58 +0800] "GET /xingrg/check_reg.html?_=1589764992015 HTTP/1.1" 200 22
180.162.232.172 - - [18/May/2020:09:22:58 +0800] "POST /xingrg/kc/base/wldb_order_operate.html HTTP/1.1" 200 12
180.162.232.172 - - [18/May/2020:09:22:58 +0800] "POST /xingrg/kc/base/wldb_order_operate.html HTTP/1.1" 200 2211
114.88.170.9 - - [18/May/2020:09:22:59 +0800] "GET /xingrg/kc/buy/cgsh_order_operate.html?command=get_materiel&rest_code=00111&code=00101009011&supplier_code=00100037&order_time=2020-05-18 HTTP/1.1" 200 416
180.162.232.172 - - [18/May/2020:09:22:59 +0800] "GET /xingrg/kc/base/wldb_order_info.html?code=422020051801746 HTTP/1.1" 200 26202
180.162.232.172 - - [18/May/2020:09:23:00 +0800] "POST /xingrg/kc/base/wldb_order_operate.html HTTP/1.1" 200 506
180.162.232.172 - - [18/May/2020:09:23:00 +0800] "GET /xingrg/javascript/easyui/themes/default/validatebox.css HTTP/1.1" 404 1104
114.88.170.9 - - [18/May/2020:09:23:01 +0800] "GET /xingrg/all/function/internal_message.html?_=1589764982226&CODE_STATE=getMsg HTTP/1.1" 200 27
222.69.138.209 - - [18/May/2020:09:23:03 +0800] "GET /xingrg/all/function/internal_message.html?_=1589764983557&CODE_STATE=getMsg HTTP/1.1" 200 27
61.172.5.115 - - [18/May/2020:09:23:05 +0800] "GET /xingrg/all/function/internal_message.html?_=1589764986292&CODE_STATE=getMsg HTTP/1.1" 200 27
114.86.190.97 - - [18/May/2020:09:23:06 +0800] "GET /xingrg/check_reg.html?_=1589764989292 HTTP/1.1" 200 22
114.86.190.97 - - [18/May/2020:09:23:06 +0800] "GET /xingrg/all/function/internal_message.html?_=1589764989348&CODE_STATE=getMsg HTTP/1.1" 200 27
172.17.0.101 - - [18/May/2020:09:23:08 +0800] "POST /xingrg/dwr/call/plaincall/AjaxReportQueryService.refreshCache.dwr HTTP/1.1" 200 79
172.17.0.101 - - [18/May/2020:09:23:08 +0800] "POST /xingrg/all/report/load_report_page.html HTTP/1.1" 200 58889
172.17.0.101 - - [18/May/2020:09:23:08 +0800] "GET /xingrg/servlets/image?cache=0.158732905092432&image=px HTTP/1.1" 200 807
114.88.170.9 - - [18/May/2020:09:23:10 +0800] "GET /xingrg/kc/buy/cgsh_order_operate.html?command=get_materiel&rest_code=00111&code=00101008092&supplier_code=00100037&order_time=2020-05-18 HTTP/1.1" 200 412
172.17.0.101 - - [18/May/2020:09:23:10 +0800] "POST /xingrg/all/report/report_print.html HTTP/1.1" 200 8192
114.88.170.9 - - [18/May/2020:09:23:10 +0800] "GET /xingrg/check_reg.html?_=1589764991449 HTTP/1.1" 200 22
124.77.110.230 - - [18/May/2020:09:23:12 +0800] "GET /xingrg/kc/buy/cgsh_order_operate.html?command=get_materiel&rest_code=00107&code=00101008004&supplier_code=00100006&order_time=2020-05-18 HTTP/1.1" 200 416
117.131.5.26 - - [18/May/2020:09:23:14 +0800] "GET /xingrg/all/function/internal_message.html?_=1589765266032&CODE_STATE=getMsg HTTP/1.1" 200 27
124.77.110.230 - - [18/May/2020:09:23:18 +0800] "GET /xingrg/kc/buy/cgsh_order_operate.html?command=get_materiel&rest_code=00107&code=00101008144&supplier_code=00100006&order_time=2020-05-18 HTTP/1.1" 200 414
61.172.5.115 - - [18/May/2020:09:23:19 +0800] "GET /xingrg/check_reg.html?_=1589765000863 HTTP/1.1" 200 22
180.162.232.172 - - [18/May/2020:09:23:21 +0800] "GET /xingrg/kc/buy/cgsh_order_list.html HTTP/1.1" 200 42889
114.86.226.250 - - [18/May/2020:09:23:21 +0800] "GET /xingrg/all/function/internal_message.html?_=1589765055203&CODE_STATE=getMsg HTTP/1.1" 200 27
180.162.232.172 - - [18/May/2020:09:23:22 +0800] "POST /xingrg/kc/buy/cgsh_list_operate.html HTTP/1.1" 200 1690
180.162.232.172 - - [18/May/2020:09:23:22 +0800] "GET /xingrg/kc/buy/cgsh_order_add.html HTTP/1.1" 200 58545
180.162.232.172 - - [18/May/2020:09:23:23 +0800] "POST /xingrg/kc/buy/cgsh_order_operate.html HTTP/1.1" 200 8245
180.162.232.172 - - [18/May/2020:09:23:23 +0800] "GET /xingrg/javascript/easyui/themes/default/validatebox.css HTTP/1.1" 404 1104
172.17.0.101 - - [18/May/2020:09:23:24 +0800] "POST /xingrg/dwr/call/plaincall/AjaxReportQueryService.refreshCache.dwr HTTP/1.1" 200 79
172.17.0.101 - - [18/May/2020:09:23:24 +0800] "POST /xingrg/all/report/load_report_page.html HTTP/1.1" 200 61441
172.17.0.101 - - [18/May/2020:09:23:24 +0800] "GET /xingrg/servlets/image?cache=0.643127422283134&image=px HTTP/1.1" 200 807
117.184.7.26 - - [18/May/2020:09:23:25 +0800] "GET /xingrg/all/function/internal_message.html?_=1589765005882&CODE_STATE=getMsg HTTP/1.1" 200 27
172.17.0.101 - - [18/May/2020:09:23:27 +0800] "POST /xingrg/all/report/report_print.html HTTP/1.1" 200 8192
172.17.0.101 - - [18/May/2020:09:23:31 +0800] "GET /xingrg/check_reg.html?_=1589765048559 HTTP/1.1" 200 22
172.17.0.101 - - [18/May/2020:09:23:31 +0800] "GET /xingrg/all/function/internal_message.html?_=1589765048562&CODE_STATE=getMsg HTTP/1.1" 200 27
117.131.5.26 - - [18/May/2020:09:23:31 +0800] "GET /xingrg/all/function/internal_message.html?_=1589765373021&CODE_STATE=getMsg HTTP/1.1" 200 27
180.162.232.172 - - [18/May/2020:09:23:31 +0800] "GET /xingrg/kc/buy/cgsh_order_operate.html?command=get_materiel&rest_code=00150&code=00101016080&supplier_code=00100151&order_time=2020-05-18 HTTP/1.1" 200 408
183.192.88.133 - - [18/May/2020:09:23:31 +0800] "GET /xingrg/all/function/internal_message.html?_=1589765014995&CODE_STATE=getMsg HTTP/1.1" 200 27
183.192.88.133 - - [18/May/2020:09:23:31 +0800] "GET /xingrg/check_reg.html?_=1589765014998 HTTP/1.1" 200 22
172.17.0.123 - - [18/May/2020:09:23:32 +0800] "GET /xingrg/all/function/internal_message.html?_=1589765007402&CODE_STATE=getMsg HTTP/1.1" 302 -
172.17.0.100 - - [18/May/2020:09:23:33 +0800] "GET /xingrg/all/function/internal_message.html?_=1589765014254&CODE_STATE=getMsg HTTP/1.1" 200 27
124.77.110.230 - - [18/May/2020:09:23:34 +0800] "GET /xingrg/kc/buy/cgsh_order_operate.html?command=get_materiel&rest_code=00107&code=00101008321&supplier_code=00100006&order_time=2020-05-18 HTTP/1.1" 200 412
114.88.170.9 - - [18/May/2020:09:23:39 +0800] "GET /xingrg/kc/buy/cgsh_order_operate.html?command=get_materiel&rest_code=00111&code=00101007081&supplier_code=00100037&order_time=2020-05-18 HTTP/1.1" 200 413
180.162.232.172 - - [18/May/2020:09:23:40 +0800] "POST /xingrg/kc/buy/cgsh_order_operate.html HTTP/1.1" 200 37
58.40.7.146 - - [18/May/2020:09:23:40 +0800] "GET /xingrg/all/function/internal_message.html?_=1589765021773&CODE_STATE=getMsg HTTP/1.1" 200 27
180.162.232.172 - - [18/May/2020:09:23:41 +0800] "POST /xingrg/kc/buy/cgsh_order_operate.html HTTP/1.1" 200 12
180.162.232.172 - - [18/May/2020:09:23:42 +0800] "GET /xingrg/kc/buy/cgsh_order_info.html?code=212020051806160 HTTP/1.1" 200 53438
180.162.232.172 - - [18/May/2020:09:23:42 +0800] "GET /xingrg/javascript/easyui/themes/default/validatebox.css HTTP/1.1" 404 1104
180.162.232.172 - - [18/May/2020:09:23:43 +0800] "POST /xingrg/kc/buy/cgsh_order_operate.html HTTP/1.1" 200 602
124.77.110.230 - - [18/May/2020:09:23:44 +0800] "GET /xingrg/kc/buy/cgsh_order_operate.html?command=get_materiel&rest_code=00107&code=00101008357&supplier_code=00100006&order_time=2020-05-18 HTTP/1.1" 200 408
180.162.232.172 - - [18/May/2020:09:23:44 +0800] "GET /xingrg/kc/print/load_data.html?order_code=212020051806160&kc_code=cgsh&condition= HTTP/1.1" 200 672
124.77.110.230 - - [18/May/2020:09:23:47 +0800] "POST /xingrg/kc/buy/cgsh_order_operate.html HTTP/1.1" 200 2065
114.88.170.9 - - [18/May/2020:09:23:49 +0800] "POST /xingrg/kc/buy/cgsh_order_operate.html HTTP/1.1" 200 2065
58.40.7.146 - - [18/May/2020:09:23:50 +0800] "GET /xingrg/all/function/internal_message.html?_=1589765031328&CODE_STATE=getMsg HTTP/1.1" 200 27
124.77.110.230 - - [18/May/2020:09:23:58 +0800] "GET /xingrg/all/function/internal_message.html?_=1589765038433&CODE_STATE=getMsg HTTP/1.1" 200 27
124.77.110.230 - - [18/May/2020:09:24:01 +0800] "GET /xingrg/kc/buy/cgsh_order_operate.html?command=get_materiel&rest_code=00107&code=00101008098&supplier_code=00100006&order_time=2020-05-18 HTTP/1.1" 200 412
172.17.0.101 - - [18/May/2020:09:24:01 +0800] "POST /xingrg/dwr/call/plaincall/AjaxReportQueryService.refreshCache.dwr HTTP/1.1" 200 79
114.88.170.9 - - [18/May/2020:09:24:01 +0800] "GET /xingrg/all/function/internal_message.html?_=1589765042240&CODE_STATE=getMsg HTTP/1.1" 200 27
172.17.0.101 - - [18/May/2020:09:24:02 +0800] "POST /xingrg/all/report/load_report_page.html HTTP/1.1" 200 58946
172.17.0.101 - - [18/May/2020:09:24:02 +0800] "GET /xingrg/servlets/image?cache=0.11270314439415907&image=px HTTP/1.1" 200 807
222.69.138.209 - - [18/May/2020:09:24:03 +0800] "GET /xingrg/all/function/internal_message.html?_=1589765043547&CODE_STATE=getMsg HTTP/1.1" 200 27
222.69.138.209 - - [18/May/2020:09:24:03 +0800] "GET /xingrg/check_reg.html?_=1589765043559 HTTP/1.1" 200 22
172.17.0.101 - - [18/May/2020:09:24:03 +0800] "POST /xingrg/all/report/report_print.html HTTP/1.1" 200 8192
114.88.170.9 - - [18/May/2020:09:24:04 +0800] "GET /xingrg/kc/buy/cgsh_order_operate.html?command=get_materiel&rest_code=00111&code=00101019483&supplier_code=00100037&order_time=2020-05-18 HTTP/1.1" 200 428
61.172.5.115 - - [18/May/2020:09:24:05 +0800] "GET /xingrg/all/function/internal_message.html?_=1589765046274&CODE_STATE=getMsg HTTP/1.1" 200 27
114.86.190.97 - - [18/May/2020:09:24:06 +0800] "GET /xingrg/all/function/internal_message.html?_=1589765049361&CODE_STATE=getMsg HTTP/1.1" 200 27
172.17.0.101 - - [18/May/2020:09:24:14 +0800] "POST /xingrg/dwr/call/plaincall/AjaxReportQueryService.refreshCache.dwr HTTP/1.1" 200 79
117.131.5.26 - - [18/May/2020:09:24:14 +0800] "GET /xingrg/all/function/internal_message.html?_=1589765326270&CODE_STATE=getMsg HTTP/1.1" 200 27
172.17.0.101 - - [18/May/2020:09:24:14 +0800] "POST /xingrg/all/report/load_report_page.html HTTP/1.1" 200 58975
172.17.0.101 - - [18/May/2020:09:24:14 +0800] "GET /xingrg/servlets/image?cache=0.04019955457772517&image=px HTTP/1.1" 200 807
124.77.110.230 - - [18/May/2020:09:24:15 +0800] "GET /xingrg/kc/buy/cgsh_order_operate.html?command=get_materiel&rest_code=00107&code=00101008256&supplier_code=00100006&order_time=2020-05-18 HTTP/1.1" 200 412
172.17.0.101 - - [18/May/2020:09:24:16 +0800] "POST /xingrg/all/report/report_print.html HTTP/1.1" 200 8192
114.86.226.250 - - [18/May/2020:09:24:21 +0800] "GET /xingrg/all/function/internal_message.html?_=1589765115203&CODE_STATE=getMsg HTTP/1.1" 200 27
114.88.170.9 - - [18/May/2020:09:24:22 +0800] "GET /xingrg/kc/buy/cgsh_order_operate.html?command=get_materiel&rest_code=00111&code=00101037132&supplier_code=00100037&order_time=2020-05-18 HTTP/1.1" 200 420
117.184.7.26 - - [18/May/2020:09:24:25 +0800] "GET /xingrg/all/function/internal_message.html?_=1589765065884&CODE_STATE=getMsg HTTP/1.1" 200 27
117.184.7.30 - - [18/May/2020:09:24:25 +0800] "GET /xingrg/check_reg.html?_=1589765065885 HTTP/1.1" 200 22
172.17.0.101 - - [18/May/2020:09:24:26 +0800] "POST /xingrg/dwr/call/plaincall/AjaxReportQueryService.refreshCache.dwr HTTP/1.1" 200 79
172.17.0.101 - - [18/May/2020:09:24:27 +0800] "POST /xingrg/all/report/load_report_page.html HTTP/1.1" 200 60881
172.17.0.101 - - [18/May/2020:09:24:27 +0800] "GET /xingrg/servlets/image?cache=0.17329137532985117&image=px HTTP/1.1" 200 807
124.77.110.230 - - [18/May/2020:09:24:29 +0800] "GET /xingrg/kc/buy/cgsh_order_operate.html?command=get_materiel&rest_code=00107&code=00101008027&supplier_code=00100006&order_time=2020-05-18 HTTP/1.1" 200 408
172.17.0.101 - - [18/May/2020:09:24:30 +0800] "POST /xingrg/all/report/report_print.html HTTP/1.1" 200 8724
172.17.0.101 - - [18/May/2020:09:24:31 +0800] "GET /xingrg/all/function/internal_message.html?_=1589765108572&CODE_STATE=getMsg HTTP/1.1" 200 27
117.131.5.26 - - [18/May/2020:09:24:31 +0800] "GET /xingrg/all/function/internal_message.html?_=1589765433003&CODE_STATE=getMsg HTTP/1.1" 200 27
183.192.88.133 - - [18/May/2020:09:24:31 +0800] "GET /xingrg/all/function/internal_message.html?_=1589765075000&CODE_STATE=getMsg HTTP/1.1" 200 27
172.17.0.123 - - [18/May/2020:09:24:32 +0800] "GET /xingrg/all/function/internal_message.html?_=1589765067390&CODE_STATE=getMsg HTTP/1.1" 302 -
172.17.0.100 - - [18/May/2020:09:24:33 +0800] "GET /xingrg/all/function/internal_message.html?_=1589765074160&CODE_STATE=getMsg HTTP/1.1" 200 27
172.17.0.100 - - [18/May/2020:09:24:33 +0800] "GET /xingrg/check_reg.html?_=1589765074173 HTTP/1.1" 200 22
180.162.232.172 - - [18/May/2020:09:24:38 +0800] "GET /xingrg/all/function/internal_message.html?_=1589765079823&CODE_STATE=getMsg HTTP/1.1" 200 27
58.40.7.146 - - [18/May/2020:09:24:40 +0800] "GET /xingrg/all/function/internal_message.html?_=1589765081780&CODE_STATE=getMsg HTTP/1.1" 200 27
114.88.170.9 - - [18/May/2020:09:24:42 +0800] "POST /xingrg/kc/buy/cgsh_order_operate.html HTTP/1.1" 200 37
114.88.170.9 - - [18/May/2020:09:24:45 +0800] "POST /xingrg/kc/buy/cgsh_order_operate.html HTTP/1.1" 200 14525
114.88.170.9 - - [18/May/2020:09:24:47 +0800] "GET /xingrg/kc/buy/cgsh_order_add.html HTTP/1.1" 200 58621
114.88.170.9 - - [18/May/2020:09:24:48 +0800] "POST /xingrg/kc/buy/cgsh_order_operate.html HTTP/1.1" 200 8245
114.88.170.9 - - [18/May/2020:09:24:48 +0800] "GET /xingrg/javascript/easyui/themes/default/validatebox.css HTTP/1.1" 404 1104
58.40.7.146 - - [18/May/2020:09:24:50 +0800] "GET /xingrg/all/function/internal_message.html?_=1589765091330&CODE_STATE=getMsg HTTP/1.1" 200 27
124.77.110.230 - - [18/May/2020:09:24:53 +0800] "GET /xingrg/kc/buy/cgsh_order_operate.html?command=get_materiel&rest_code=00107&code=00101008298&supplier_code=00100006&order_time=2020-05-18 HTTP/1.1" 200 413
124.77.110.230 - - [18/May/2020:09:24:55 +0800] "POST /xingrg/kc/buy/cgsh_order_operate.html HTTP/1.1" 200 2065
124.77.110.230 - - [18/May/2020:09:24:57 +0800] "GET /xingrg/check_reg.html?_=1589765097797 HTTP/1.1" 200 22
124.77.110.230 - - [18/May/2020:09:24:58 +0800] "GET /xingrg/all/function/internal_message.html?_=1589765098429&CODE_STATE=getMsg HTTP/1.1" 200 27
114.88.170.9 - - [18/May/2020:09:25:01 +0800] "GET /xingrg/all/function/internal_message.html?_=1589765102253&CODE_STATE=getMsg HTTP/1.1" 200 27
222.69.138.209 - - [18/May/2020:09:25:03 +0800] "GET /xingrg/all/function/internal_message.html?_=1589765103558&CODE_STATE=getMsg HTTP/1.1" 200 27
61.172.5.115 - - [18/May/2020:09:25:05 +0800] "GET /xingrg/all/function/internal_message.html?_=1589765106255&CODE_STATE=getMsg HTTP/1.1" 200 27
114.86.190.97 - - [18/May/2020:09:25:06 +0800] "GET /xingrg/all/function/internal_message.html?_=1589765107223&CODE_STATE=getMsg HTTP/1.1" 200 27
124.77.110.230 - - [18/May/2020:09:25:06 +0800] "GET /xingrg/kc/buy/cgsh_order_operate.html?command=get_materiel&rest_code=00107&code=00101008038&supplier_code=00100006&order_time=2020-05-18 HTTP/1.1" 200 412
114.88.170.9 - - [18/May/2020:09:25:12 +0800] "GET /xingrg/kc/buy/cgsh_order_operate.html?command=get_materiel&rest_code=00111&code=00101002006&supplier_code=00100199&order_time=2020-05-18 HTTP/1.1" 200 414
117.131.5.26 - - [18/May/2020:09:25:14 +0800] "GET /xingrg/all/function/internal_message.html?_=1589765386277&CODE_STATE=getMsg HTTP/1.1" 200 27
124.77.110.230 - - [18/May/2020:09:25:16 +0800] "GET /xingrg/kc/buy/cgsh_order_operate.html?command=get_materiel&rest_code=00107&code=00101008283&supplier_code=00100006&order_time=2020-05-18 HTTP/1.1" 200 408
114.86.226.250 - - [18/May/2020:09:25:21 +0800] "GET /xingrg/all/function/internal_message.html?_=1589765175203&CODE_STATE=getMsg HTTP/1.1" 200 27
117.131.5.26 - - [18/May/2020:09:25:21 +0800] "GET /xingrg/javascript/auto/indicator.gif HTTP/1.1" 404 1066
114.88.170.9 - - [18/May/2020:09:25:23 +0800] "GET /xingrg/kc/buy/cgsh_order_operate.html?command=get_materiel&rest_code=00111&code=00101002027&supplier_code=00100199&order_time=2020-05-18 HTTP/1.1" 200 413
117.184.7.30 - - [18/May/2020:09:25:25 +0800] "GET /xingrg/all/function/internal_message.html?_=1589765125884&CODE_STATE=getMsg HTTP/1.1" 200 27
124.77.110.230 - - [18/May/2020:09:25:27 +0800] "GET /xingrg/kc/buy/cgsh_order_operate.html?command=get_materiel&rest_code=00107&code=00101008185&supplier_code=00100006&order_time=2020-05-18 HTTP/1.1" 200 408
172.17.0.101 - - [18/May/2020:09:25:31 +0800] "GET /xingrg/all/function/internal_message.html?_=1589765168548&CODE_STATE=getMsg HTTP/1.1" 200 27
117.131.5.26 - - [18/May/2020:09:25:31 +0800] "GET /xingrg/all/function/internal_message.html?_=1589765493004&CODE_STATE=getMsg HTTP/1.1" 200 27
183.192.88.133 - - [18/May/2020:09:25:31 +0800] "GET /xingrg/all/function/internal_message.html?_=1589765135000&CODE_STATE=getMsg HTTP/1.1" 200 27
172.17.0.123 - - [18/May/2020:09:25:32 +0800] "GET /xingrg/all/function/internal_message.html?_=1589765127391&CODE_STATE=getMsg HTTP/1.1" 302 -
172.17.0.123 - - [18/May/2020:09:25:32 +0800] "GET /xingrg/check_reg.html?_=1589765127393 HTTP/1.1" 302 -
172.17.0.100 - - [18/May/2020:09:25:33 +0800] "GET /xingrg/all/function/internal_message.html?_=1589765134173&CODE_STATE=getMsg HTTP/1.1" 200 27
114.88.170.9 - - [18/May/2020:09:25:33 +0800] "GET /xingrg/kc/buy/cgsh_order_operate.html?command=get_materiel&rest_code=00111&code=00101002022&supplier_code=00100199&order_time=2020-05-18 HTTP/1.1" 200 429
117.131.5.26 - - [18/May/2020:09:25:37 +0800] "GET /xingrg/kc/buy/cgsh_order_operate.html?command=get_materiel&rest_code=00104&code=00101007049&supplier_code=00100003&order_time=2020-05-18 HTTP/1.1" 200 409
180.162.232.172 - - [18/May/2020:09:25:38 +0800] "GET /xingrg/all/function/internal_message.html?_=1589765139803&CODE_STATE=getMsg HTTP/1.1" 200 27
58.40.7.146 - - [18/May/2020:09:25:40 +0800] "GET /xingrg/check_reg.html?_=1589765141768 HTTP/1.1" 200 22
58.40.7.146 - - [18/May/2020:09:25:40 +0800] "GET /xingrg/all/function/internal_message.html?_=1589765141771&CODE_STATE=getMsg HTTP/1.1" 200 27
180.162.232.172 - - [18/May/2020:09:25:41 +0800] "GET /xingrg/login.html HTTP/1.1" 200 7641
180.162.232.172 - - [18/May/2020:09:25:42 +0800] "GET /favicon.ico HTTP/1.1" 404 -
180.162.232.172 - - [18/May/2020:09:25:43 +0800] "POST /xingrg/login.do HTTP/1.1" 302 -
180.162.232.172 - - [18/May/2020:09:25:43 +0800] "GET /xingrg/index.html?sysBaseUrl=http%3A%2F%2F180.169.147.146%3A18081%2Fxingrg%2F&costTime=39×tamp=1589765143725 HTTP/1.1" 200 17179
180.162.232.172 - - [18/May/2020:09:25:43 +0800] "GET /xingrg/css/form.css HTTP/1.1" 304 -
180.162.232.172 - - [18/May/2020:09:25:43 +0800] "GET /xingrg/javascript/jquery-1.4.2.min.js HTTP/1.1" 304 -
180.162.232.172 - - [18/May/2020:09:25:43 +0800] "GET /xingrg/javascript/jquery_easy_ui/themes/icon.css HTTP/1.1" 304 -
180.162.232.172 - - [18/May/2020:09:25:43 +0800] "GET /xingrg/javascript/jquery_easy_ui/themes/default/easyui.css HTTP/1.1" 304 -
180.162.232.172 - - [18/May/2020:09:25:43 +0800] "GET /xingrg/javascript/jquery.form.js HTTP/1.1" 304 -
180.162.232.172 - - [18/May/2020:09:25:43 +0800] "GET /xingrg/javascript/jquery_easy_ui/jquery.easyui.min.js HTTP/1.1" 304 -
180.162.232.172 - - [18/May/2020:09:25:43 +0800] "GET /xingrg/javascript/jquery_easy_ui/easyui-lang-zh_CN.js HTTP/1.1" 304 -
180.162.232.172 - - [18/May/2020:09:25:43 +0800] "GET /xingrg/javascript/jquery.utils.js HTTP/1.1" 304 -
180.162.232.172 - - [18/May/2020:09:25:43 +0800] "GET /xingrg/javascript/jquery.timers.js HTTP/1.1" 304 -
180.162.232.172 - - [18/May/2020:09:25:43 +0800] "POST /xingrg/all/common/load_tree.html?tree=area_rest_tree_json&manage=1 HTTP/1.1" 200 476
180.162.232.172 - - [18/May/2020:09:25:43 +0800] "GET /favicon.ico HTTP/1.1" 404 -
180.162.232.172 - - [18/May/2020:09:25:43 +0800] "GET /xingrg/all/function/internal_message.html?_=1589765279770&CODE_STATE=count HTTP/1.1" 200 11
180.162.232.172 - - [18/May/2020:09:25:43 +0800] "GET /xingrg/check_reg.html?_=1589765279771 HTTP/1.1" 200 22
180.162.232.172 - - [18/May/2020:09:25:44 +0800] "POST /xingrg/load_menu.html HTTP/1.1" 200 5138
