101.85.28.157 - - [18/May/2020:10:12:35 +0800] "GET /xingrg/javascript/jquery_easy_ui/themes/default/images/menu_downarrow.png HTTP/1.1" 304 -
101.85.28.157 - - [18/May/2020:10:12:35 +0800] "GET /xingrg/javascript/jquery_easy_ui/themes/default/images/menu.gif HTTP/1.1" 304 -
101.85.28.157 - - [18/May/2020:10:12:35 +0800] "GET /xingrg/javascript/jquery_easy_ui/themes/icons/print.png HTTP/1.1" 304 -
101.85.28.157 - - [18/May/2020:10:12:35 +0800] "GET /xingrg/javascript/jquery_easy_ui/themes/icons/pencil.png HTTP/1.1" 304 -
101.85.28.157 - - [18/May/2020:10:12:35 +0800] "GET /xingrg/javascript/jquery_easy_ui/themes/default/images/menu_rightarrow.png HTTP/1.1" 304 -
172.17.0.119 - - [18/May/2020:10:12:35 +0800] "GET /xingrg/all/function/internal_message.html?_=1589767955177&CODE_STATE=getMsg HTTP/1.1" 200 27
101.85.28.157 - - [18/May/2020:10:12:35 +0800] "POST /xingrg/dwr/call/plaincall/AjaxReportQueryService.getFixDate.dwr HTTP/1.1" 200 111
101.85.28.157 - - [18/May/2020:10:12:35 +0800] "GET /xingrg/javascript/jquery_easy_ui/themes/default/images/combo_arrow_dot.gif HTTP/1.1" 304 -
101.85.28.157 - - [18/May/2020:10:12:35 +0800] "POST /xingrg/all/common/load_tree.html?tree=area_station_tree_json&manage=1 HTTP/1.1" 200 336
101.85.28.157 - - [18/May/2020:10:12:36 +0800] "GET /xingrg/javascript/jquery_easy_ui/themes/default/images/tree_checkbox_0.gif HTTP/1.1" 304 -
101.85.28.157 - - [18/May/2020:10:12:36 +0800] "GET /xingrg/javascript/jquery_easy_ui/themes/icons/rest.png HTTP/1.1" 304 -
101.85.28.157 - - [18/May/2020:10:12:36 +0800] "GET /xingrg/javascript/jquery_easy_ui/themes/icons/area.png HTTP/1.1" 304 -
101.85.28.157 - - [18/May/2020:10:12:37 +0800] "POST /xingrg/dwr/call/plaincall/AjaxReportQueryService.getFixDate.dwr HTTP/1.1" 200 111
180.162.232.172 - - [18/May/2020:10:12:37 +0800] "GET /xingrg/all/function/internal_message.html?_=1589767958853&CODE_STATE=getMsg HTTP/1.1" 200 27
101.85.28.157 - - [18/May/2020:10:12:38 +0800] "GET /xingrg/javascript/jquery_easy_ui/themes/default/images/button_plain_hover.png HTTP/1.1" 304 -
101.85.28.157 - - [18/May/2020:10:12:38 +0800] "POST /xingrg/dwr/call/plaincall/AjaxReportQueryService.refreshCache.dwr HTTP/1.1" 200 78
180.162.232.172 - - [18/May/2020:10:12:38 +0800] "GET /xingrg/check_reg.html?_=1589767959916 HTTP/1.1" 200 22
101.85.28.157 - - [18/May/2020:10:12:39 +0800] "POST /xingrg/all/report/load_report_page.html HTTP/1.1" 200 32778
101.85.28.157 - - [18/May/2020:10:12:39 +0800] "GET /xingrg/servlets/image?cache=0.5226269393809849&image=px HTTP/1.1" 200 807
58.40.7.146 - - [18/May/2020:10:12:40 +0800] "GET /xingrg/all/function/internal_message.html?_=1589767961765&CODE_STATE=getMsg HTTP/1.1" 200 27
101.85.28.157 - - [18/May/2020:10:12:42 +0800] "GET /xingrg/javascript/jquery_easy_ui/themes/default/images/tree_checkbox_1.gif HTTP/1.1" 304 -
101.85.28.157 - - [18/May/2020:10:12:43 +0800] "POST /xingrg/dwr/call/plaincall/AjaxReportQueryService.refreshCache.dwr HTTP/1.1" 200 78
117.185.32.26 - - [18/May/2020:10:12:44 +0800] "GET /xingrg/kc/buy/cgsh_order_operate.html?command=get_materiel&rest_code=00106&code=00101008144&supplier_code=00100007&order_time=2020-05-18 HTTP/1.1" 200 412
101.85.28.157 - - [18/May/2020:10:12:44 +0800] "POST /xingrg/all/report/load_report_page.html HTTP/1.1" 200 32813
101.85.28.157 - - [18/May/2020:10:12:44 +0800] "GET /xingrg/servlets/image?cache=0.07495587359810563&image=px HTTP/1.1" 200 807
58.40.7.146 - - [18/May/2020:10:12:50 +0800] "GET /xingrg/all/function/internal_message.html?_=1589767971369&CODE_STATE=getMsg HTTP/1.1" 200 27
180.162.232.172 - - [18/May/2020:10:12:50 +0800] "GET /xingrg/all/function/internal_message.html?_=1589768106445&CODE_STATE=getMsg HTTP/1.1" 200 27
172.17.0.119 - - [18/May/2020:10:12:52 +0800] "POST /xingrg/system/rest/edit_item.html HTTP/1.1" 200 4
172.17.0.119 - - [18/May/2020:10:12:52 +0800] "GET /xingrg/system/rest/get_item.html?table=menu&id=5063&_=1589767971485 HTTP/1.1" 200 923
172.17.0.119 - - [18/May/2020:10:12:52 +0800] "GET /xingrg/system/rest/query_items.html?_=1589767972378&table=menu&page=2&rows=20&categoryId=&key=5063 HTTP/1.1" 200 239
117.185.32.26 - - [18/May/2020:10:12:53 +0800] "GET /xingrg/kc/buy/cgsh_order_operate.html?command=get_materiel&rest_code=00106&code=00101008264&supplier_code=00100007&order_time=2020-05-18 HTTP/1.1" 200 412
172.17.0.119 - - [18/May/2020:10:12:53 +0800] "GET /xingrg/system/rest/get_infos.html?command=menu_img_show&id=5063 HTTP/1.1" 200 5
172.17.0.119 - - [18/May/2020:10:12:56 +0800] "POST /xingrg/system/rest/get_infos.html?command=get_rest_tree HTTP/1.1" 200 903
180.175.212.199 - - [18/May/2020:10:12:58 +0800] "GET /xingrg/all/function/internal_message.html?_=1589768178275&CODE_STATE=getMsg HTTP/1.1" 200 27
117.131.5.26 - - [18/May/2020:10:12:58 +0800] "GET /xingrg/check_reg.html?_=1589767992015 HTTP/1.1" 200 22
124.77.110.230 - - [18/May/2020:10:12:59 +0800] "GET /xingrg/all/function/internal_message.html?_=1589767979408&CODE_STATE=getMsg HTTP/1.1" 200 27
114.86.226.250 - - [18/May/2020:10:13:01 +0800] "GET /xingrg/all/function/internal_message.html?_=1589768055218&CODE_STATE=getMsg HTTP/1.1" 200 27
117.185.32.26 - - [18/May/2020:10:13:02 +0800] "GET /xingrg/kc/buy/cgsh_order_operate.html?command=get_materiel&rest_code=00106&code=00101008137&supplier_code=00100007&order_time=2020-05-18 HTTP/1.1" 200 408
222.69.138.209 - - [18/May/2020:10:13:03 +0800] "GET /xingrg/all/function/internal_message.html?_=1589767983430&CODE_STATE=getMsg HTTP/1.1" 200 27
61.172.5.115 - - [18/May/2020:10:13:03 +0800] "GET /xingrg/all/function/internal_message.html?_=1589767985055&CODE_STATE=getMsg HTTP/1.1" 200 27
114.88.170.9 - - [18/May/2020:10:13:04 +0800] "GET /xingrg/all/function/internal_message.html?_=1589767984948&CODE_STATE=getMsg HTTP/1.1" 200 27
114.86.190.97 - - [18/May/2020:10:13:06 +0800] "GET /xingrg/check_reg.html?_=1589767987213 HTTP/1.1" 200 22
114.86.190.97 - - [18/May/2020:10:13:06 +0800] "GET /xingrg/all/function/internal_message.html?_=1589767987874&CODE_STATE=getMsg HTTP/1.1" 200 27
172.17.0.119 - - [18/May/2020:10:13:09 +0800] "POST /xingrg/system/rest/edit_item.html HTTP/1.1" 200 4
172.17.0.119 - - [18/May/2020:10:13:09 +0800] "GET /xingrg/system/rest/get_item.html?table=menu&target=menu_rest&id=5063&_=1589767988460 HTTP/1.1" 200 258
180.175.212.199 - - [18/May/2020:10:13:12 +0800] "GET /xingrg/check_reg.html?_=1589767997853 HTTP/1.1" 200 22
180.175.212.199 - - [18/May/2020:10:13:12 +0800] "GET /xingrg/all/function/internal_message.html?_=1589767997913&CODE_STATE=getMsg HTTP/1.1" 200 27
172.17.0.119 - - [18/May/2020:10:13:15 +0800] "GET /xingrg/system/rest/query_items.html?_=1589767995159&table=menu&page=2&rows=20&categoryId=&key=5065 HTTP/1.1" 200 21
117.185.32.26 - - [18/May/2020:10:13:16 +0800] "GET /xingrg/kc/buy/cgsh_order_operate.html?command=get_materiel&rest_code=00106&code=00101008360&supplier_code=00100007&order_time=2020-05-18 HTTP/1.1" 200 412
172.17.0.119 - - [18/May/2020:10:13:17 +0800] "GET /xingrg/system/rest/query_items.html?_=1589767996660&table=menu&page=2&rows=20&categoryId=&key=5065 HTTP/1.1" 200 21
114.84.151.157 - - [18/May/2020:10:13:18 +0800] "GET /xingrg/all/function/internal_message.html?_=1589767998272&CODE_STATE=getMsg HTTP/1.1" 200 27
117.131.5.26 - - [18/May/2020:10:13:18 +0800] "GET /xingrg/all/function/internal_message.html?_=1589768270283&CODE_STATE=getMsg HTTP/1.1" 200 27
61.172.5.115 - - [18/May/2020:10:13:19 +0800] "GET /xingrg/check_reg.html?_=1589768000635 HTTP/1.1" 200 22
117.185.32.26 - - [18/May/2020:10:13:19 +0800] "GET /xingrg/all/function/internal_message.html?_=1589768422539&CODE_STATE=getMsg HTTP/1.1" 200 27
58.221.95.50 - - [18/May/2020:10:13:20 +0800] "GET /xingrg/check_reg.html?_=1589768050858 HTTP/1.1" 200 22
58.221.95.50 - - [18/May/2020:10:13:20 +0800] "GET /xingrg/all/function/internal_message.html?_=1589768050860&CODE_STATE=getMsg HTTP/1.1" 200 27
180.175.212.199 - - [18/May/2020:10:13:20 +0800] "GET /xingrg/kc/buy/cgsh_order_operate.html?command=get_materiel&rest_code=00102&code=00101008200&supplier_code=00100008&order_time=2020-05-18 HTTP/1.1" 200 412
172.17.0.119 - - [18/May/2020:10:13:21 +0800] "GET /xingrg/system/rest/get_item.html?table=menu&isAdd=1&_=1589768000636 HTTP/1.1" 200 22
117.184.7.30 - - [18/May/2020:10:13:21 +0800] "GET /xingrg/all/function/internal_message.html?_=1589768001141&CODE_STATE=getMsg HTTP/1.1" 200 27
101.91.60.108 - - [18/May/2020:10:13:23 +0800] "GET /xingrg/check_reg.html?_=1589767278242 HTTP/1.1" 302 -
117.184.7.26 - - [18/May/2020:10:13:25 +0800] "GET /xingrg/all/function/internal_message.html?_=1589768005981&CODE_STATE=getMsg HTTP/1.1" 200 27
180.175.212.199 - - [18/May/2020:10:13:25 +0800] "GET /xingrg/kc/buy/cgsh_order_operate.html?command=get_materiel&rest_code=00102&code=00101008090&supplier_code=00100008&order_time=2020-05-18 HTTP/1.1" 200 408
172.17.0.119 - - [18/May/2020:10:13:28 +0800] "POST /xingrg/dwr/call/plaincall/AjaxGetFirstChart.getFirstChart.dwr HTTP/1.1" 200 82
172.17.0.119 - - [18/May/2020:10:13:28 +0800] "POST /xingrg/dwr/call/plaincall/AjaxGetFirstChart.getFirstChart.dwr HTTP/1.1" 200 82
101.85.28.157 - - [18/May/2020:10:13:30 +0800] "GET /xingrg/all/function/internal_message.html?_=1589769766476&CODE_STATE=getMsg HTTP/1.1" 200 27
172.17.0.101 - - [18/May/2020:10:13:31 +0800] "GET /xingrg/all/function/internal_message.html?_=1589768048637&CODE_STATE=getMsg HTTP/1.1" 200 27
172.17.0.101 - - [18/May/2020:10:13:31 +0800] "GET /xingrg/check_reg.html?_=1589768048641 HTTP/1.1" 200 22
101.91.60.108 - - [18/May/2020:10:13:31 +0800] "GET /xingrg/login.html HTTP/1.1" 200 7641
183.192.88.133 - - [18/May/2020:10:13:31 +0800] "GET /xingrg/all/function/internal_message.html?_=1589768015025&CODE_STATE=getMsg HTTP/1.1" 200 27
183.192.88.133 - - [18/May/2020:10:13:31 +0800] "GET /xingrg/check_reg.html?_=1589768015025 HTTP/1.1" 200 22
172.17.0.123 - - [18/May/2020:10:13:32 +0800] "GET /xingrg/all/function/internal_message.html?_=1589768007399&CODE_STATE=getMsg HTTP/1.1" 302 -
172.17.0.100 - - [18/May/2020:10:13:33 +0800] "GET /xingrg/all/function/internal_message.html?_=1589768014200&CODE_STATE=getMsg HTTP/1.1" 200 27
180.175.212.199 - - [18/May/2020:10:13:35 +0800] "GET /xingrg/kc/buy/cgsh_order_operate.html?command=get_materiel&rest_code=00102&code=00101008010&supplier_code=00100008&order_time=2020-05-18 HTTP/1.1" 200 412
172.17.0.119 - - [18/May/2020:10:13:35 +0800] "GET /xingrg/all/function/internal_message.html?_=1589768015147&CODE_STATE=getMsg HTTP/1.1" 200 27
180.162.232.172 - - [18/May/2020:10:13:37 +0800] "GET /xingrg/all/function/internal_message.html?_=1589768018826&CODE_STATE=getMsg HTTP/1.1" 200 27
180.175.212.199 - - [18/May/2020:10:13:40 +0800] "GET /xingrg/kc/buy/cgsh_order_operate.html?command=get_materiel&rest_code=00102&code=00101015006&supplier_code=00100008&order_time=2020-05-18 HTTP/1.1" 200 412
58.40.7.146 - - [18/May/2020:10:13:40 +0800] "GET /xingrg/all/function/internal_message.html?_=1589768021753&CODE_STATE=getMsg HTTP/1.1" 200 27
117.185.32.26 - - [18/May/2020:10:13:43 +0800] "GET /xingrg/kc/buy/cgsh_order_operate.html?command=get_materiel&rest_code=00106&code=00101008078&supplier_code=00100007&order_time=2020-05-18 HTTP/1.1" 200 416
180.175.212.199 - - [18/May/2020:10:13:47 +0800] "GET /xingrg/kc/buy/cgsh_order_operate.html?command=get_materiel&rest_code=00102&code=00101008299&supplier_code=00100008&order_time=2020-05-18 HTTP/1.1" 200 412
172.17.0.119 - - [18/May/2020:10:13:48 +0800] "POST /xingrg/system/rest/edit_item.html HTTP/1.1" 200 4
172.17.0.119 - - [18/May/2020:10:13:49 +0800] "GET /xingrg/system/rest/get_item.html?table=menu&id=5065&_=1589768028429 HTTP/1.1" 200 927
172.17.0.119 - - [18/May/2020:10:13:49 +0800] "GET /xingrg/system/rest/query_items.html?_=1589768029255&table=menu&page=2&rows=20&categoryId=&key=5065 HTTP/1.1" 200 243
58.40.7.146 - - [18/May/2020:10:13:50 +0800] "GET /xingrg/all/function/internal_message.html?_=1589768031356&CODE_STATE=getMsg HTTP/1.1" 200 27
172.17.0.119 - - [18/May/2020:10:13:50 +0800] "GET /xingrg/system/rest/get_infos.html?command=menu_img_show&id=5065 HTTP/1.1" 200 5
180.162.232.172 - - [18/May/2020:10:13:50 +0800] "GET /xingrg/all/function/internal_message.html?_=1589768166459&CODE_STATE=getMsg HTTP/1.1" 200 27
172.17.0.119 - - [18/May/2020:10:13:52 +0800] "POST /xingrg/system/rest/get_infos.html?command=get_rest_tree HTTP/1.1" 200 903
180.175.212.199 - - [18/May/2020:10:13:53 +0800] "GET /xingrg/check_reg.html?_=1589768233251 HTTP/1.1" 200 22
180.175.212.199 - - [18/May/2020:10:13:55 +0800] "GET /xingrg/kc/buy/cgsh_order_operate.html?command=get_materiel&rest_code=00102&code=00101008358&supplier_code=00100008&order_time=2020-05-18 HTTP/1.1" 200 412
180.175.212.199 - - [18/May/2020:10:13:58 +0800] "GET /xingrg/all/function/internal_message.html?_=1589768238283&CODE_STATE=getMsg HTTP/1.1" 200 27
124.77.110.230 - - [18/May/2020:10:13:59 +0800] "GET /xingrg/all/function/internal_message.html?_=1589768039409&CODE_STATE=getMsg HTTP/1.1" 200 27
114.86.226.250 - - [18/May/2020:10:14:01 +0800] "GET /xingrg/all/function/internal_message.html?_=1589768115218&CODE_STATE=getMsg HTTP/1.1" 200 27
180.175.212.199 - - [18/May/2020:10:14:01 +0800] "GET /xingrg/kc/buy/cgsh_order_operate.html?command=get_materiel&rest_code=00102&code=00101008246&supplier_code=00100008&order_time=2020-05-18 HTTP/1.1" 200 408
222.69.138.209 - - [18/May/2020:10:14:03 +0800] "GET /xingrg/all/function/internal_message.html?_=1589768043407&CODE_STATE=getMsg HTTP/1.1" 200 27
222.69.138.209 - - [18/May/2020:10:14:03 +0800] "GET /xingrg/check_reg.html?_=1589768043620 HTTP/1.1" 200 22
61.172.5.115 - - [18/May/2020:10:14:03 +0800] "GET /xingrg/all/function/internal_message.html?_=1589768045024&CODE_STATE=getMsg HTTP/1.1" 200 27
114.88.170.9 - - [18/May/2020:10:14:04 +0800] "GET /xingrg/all/function/internal_message.html?_=1589768045307&CODE_STATE=getMsg HTTP/1.1" 200 27
114.86.190.97 - - [18/May/2020:10:14:06 +0800] "GET /xingrg/all/function/internal_message.html?_=1589768047888&CODE_STATE=getMsg HTTP/1.1" 200 27
180.175.212.199 - - [18/May/2020:10:14:09 +0800] "GET /xingrg/kc/buy/cgsh_order_operate.html?command=get_materiel&rest_code=00102&code=00101008355&supplier_code=00100008&order_time=2020-05-18 HTTP/1.1" 200 410
172.17.0.119 - - [18/May/2020:10:14:09 +0800] "POST /xingrg/system/rest/edit_item.html HTTP/1.1" 200 4
172.17.0.119 - - [18/May/2020:10:14:09 +0800] "GET /xingrg/system/rest/get_item.html?table=menu&target=menu_rest&id=5065&_=1589768049049 HTTP/1.1" 200 261
172.17.0.119 - - [18/May/2020:10:14:12 +0800] "POST /xingrg/system/rest/edit_item.html HTTP/1.1" 200 4
172.17.0.119 - - [18/May/2020:10:14:12 +0800] "GET /xingrg/system/rest/get_item.html?table=menu&id=5065&_=1589768051684 HTTP/1.1" 200 927
180.175.212.199 - - [18/May/2020:10:14:12 +0800] "GET /xingrg/all/function/internal_message.html?_=1589768057926&CODE_STATE=getMsg HTTP/1.1" 200 27
172.17.0.119 - - [18/May/2020:10:14:13 +0800] "GET /xingrg/system/rest/query_items.html?_=1589768053208&table=menu&page=2&rows=20&categoryId=&key=5065 HTTP/1.1" 200 243
180.175.212.199 - - [18/May/2020:10:14:15 +0800] "GET /xingrg/kc/buy/cgsh_order_operate.html?command=get_materiel&rest_code=00102&code=00101008270&supplier_code=00100008&order_time=2020-05-18 HTTP/1.1" 200 412
114.84.151.157 - - [18/May/2020:10:14:18 +0800] "GET /xingrg/all/function/internal_message.html?_=1589768058259&CODE_STATE=getMsg HTTP/1.1" 200 27
117.131.5.26 - - [18/May/2020:10:14:18 +0800] "GET /xingrg/all/function/internal_message.html?_=1589768330490&CODE_STATE=getMsg HTTP/1.1" 200 27
117.184.7.30 - - [18/May/2020:10:14:18 +0800] "GET /xingrg/check_reg.html?_=1589768058178 HTTP/1.1" 200 22
117.185.32.26 - - [18/May/2020:10:14:19 +0800] "GET /xingrg/all/function/internal_message.html?_=1589768482546&CODE_STATE=getMsg HTTP/1.1" 200 27
58.221.95.50 - - [18/May/2020:10:14:20 +0800] "GET /xingrg/all/function/internal_message.html?_=1589768110859&CODE_STATE=getMsg HTTP/1.1" 200 27
172.17.0.119 - - [18/May/2020:10:14:20 +0800] "GET /xingrg/system/rest/query_items.html?_=1589768060296&table=menu&page=2&rows=20&categoryId=&key=5002 HTTP/1.1" 200 21
117.184.7.30 - - [18/May/2020:10:14:21 +0800] "GET /xingrg/all/function/internal_message.html?_=1589768061114&CODE_STATE=getMsg HTTP/1.1" 200 27
172.17.0.119 - - [18/May/2020:10:14:22 +0800] "GET /xingrg/system/rest/query_items.html?_=1589768061494&table=menu&page=2&rows=20&categoryId=&key=5002 HTTP/1.1" 200 21
172.17.0.119 - - [18/May/2020:10:14:22 +0800] "GET /xingrg/system/rest/get_item.html?table=menu&isAdd=1&_=1589768061777 HTTP/1.1" 200 22
117.185.32.26 - - [18/May/2020:10:14:22 +0800] "POST /xingrg/services/DataTransmitService HTTP/1.1" 200 524
117.185.32.26 - - [18/May/2020:10:14:22 +0800] "POST /xingrg/services/DataTransmitService HTTP/1.1" 200 501
117.185.32.26 - - [18/May/2020:10:14:23 +0800] "POST /xingrg/services/DataTransmitService HTTP/1.1" 200 501
117.185.32.26 - - [18/May/2020:10:14:24 +0800] "GET /xingrg/kc/buy/cgsh_order_operate.html?command=get_materiel&rest_code=00106&code=00101008357&supplier_code=00100007&order_time=2020-05-18 HTTP/1.1" 200 408
117.185.32.26 - - [18/May/2020:10:14:24 +0800] "POST /xingrg/services/DataTransmitService HTTP/1.1" 200 501
117.184.7.26 - - [18/May/2020:10:14:25 +0800] "GET /xingrg/all/function/internal_message.html?_=1589768065981&CODE_STATE=getMsg HTTP/1.1" 200 27
117.184.7.26 - - [18/May/2020:10:14:25 +0800] "GET /xingrg/check_reg.html?_=1589768065984 HTTP/1.1" 200 22
117.185.32.26 - - [18/May/2020:10:14:25 +0800] "POST /xingrg/services/DataTransmitService HTTP/1.1" 200 501
117.185.32.26 - - [18/May/2020:10:14:26 +0800] "POST /xingrg/services/DataTransmitService HTTP/1.1" 200 501
117.185.32.26 - - [18/May/2020:10:14:26 +0800] "POST /xingrg/services/DataTransmitService HTTP/1.1" 200 501
117.185.32.26 - - [18/May/2020:10:14:26 +0800] "POST /xingrg/services/DataTransmitService HTTP/1.1" 200 501
117.185.32.26 - - [18/May/2020:10:14:27 +0800] "POST /xingrg/services/DataTransmitService HTTP/1.1" 200 501
180.175.212.199 - - [18/May/2020:10:14:27 +0800] "POST /xingrg/kc/buy/cgsh_order_operate.html HTTP/1.1" 200 37
180.175.212.199 - - [18/May/2020:10:14:28 +0800] "POST /xingrg/kc/buy/cgsh_order_operate.html HTTP/1.1" 200 9776
117.185.32.26 - - [18/May/2020:10:14:28 +0800] "POST /xingrg/services/DataTransmitService HTTP/1.1" 200 501
117.185.32.26 - - [18/May/2020:10:14:29 +0800] "POST /xingrg/services/DataTransmitService HTTP/1.1" 200 412
101.85.28.157 - - [18/May/2020:10:14:30 +0800] "GET /xingrg/all/function/internal_message.html?_=1589769826487&CODE_STATE=getMsg HTTP/1.1" 200 27
172.17.0.101 - - [18/May/2020:10:14:31 +0800] "GET /xingrg/all/function/internal_message.html?_=1589768108628&CODE_STATE=getMsg HTTP/1.1" 200 27
183.192.88.133 - - [18/May/2020:10:14:31 +0800] "GET /xingrg/all/function/internal_message.html?_=1589768075024&CODE_STATE=getMsg HTTP/1.1" 200 27
180.175.212.199 - - [18/May/2020:10:14:32 +0800] "POST /xingrg/kc/buy/cgsh_list_operate.html HTTP/1.1" 200 2410
172.17.0.123 - - [18/May/2020:10:14:32 +0800] "GET /xingrg/all/function/internal_message.html?_=1589768067401&CODE_STATE=getMsg HTTP/1.1" 302 -
117.185.32.26 - - [18/May/2020:10:14:32 +0800] "POST /xingrg/services/DataTransmitService HTTP/1.1" 200 524
117.185.32.26 - - [18/May/2020:10:14:32 +0800] "POST /xingrg/services/DataTransmitService HTTP/1.1" 200 501
117.185.32.26 - - [18/May/2020:10:14:33 +0800] "POST /xingrg/services/DataTransmitService HTTP/1.1" 200 501
172.17.0.119 - - [18/May/2020:10:14:33 +0800] "POST /xingrg/dwr/call/plaincall/AjaxGetFirstChart.getFirstChart.dwr HTTP/1.1" 200 80
117.185.32.26 - - [18/May/2020:10:14:33 +0800] "POST /xingrg/services/DataTransmitService HTTP/1.1" 200 501
172.17.0.119 - - [18/May/2020:10:14:33 +0800] "POST /xingrg/dwr/call/plaincall/AjaxGetFirstChart.getFirstChart.dwr HTTP/1.1" 200 80
172.17.0.100 - - [18/May/2020:10:14:33 +0800] "GET /xingrg/all/function/internal_message.html?_=1589768074201&CODE_STATE=getMsg HTTP/1.1" 200 27
172.17.0.100 - - [18/May/2020:10:14:33 +0800] "GET /xingrg/check_reg.html?_=1589768074205 HTTP/1.1" 200 22
117.185.32.26 - - [18/May/2020:10:14:33 +0800] "POST /xingrg/services/DataTransmitService HTTP/1.1" 200 501
117.185.32.26 - - [18/May/2020:10:14:33 +0800] "POST /xingrg/services/DataTransmitService HTTP/1.1" 200 412
180.175.212.199 - - [18/May/2020:10:14:34 +0800] "POST /xingrg/kc/buy/cgsh_list_operate.html HTTP/1.1" 200 2410
117.185.32.26 - - [18/May/2020:10:14:34 +0800] "POST /xingrg/services/DataTransmitService HTTP/1.1" 200 524
117.185.32.26 - - [18/May/2020:10:14:34 +0800] "POST /xingrg/services/DataTransmitService HTTP/1.1" 200 524
117.185.32.26 - - [18/May/2020:10:14:35 +0800] "POST /xingrg/services/DataTransmitService HTTP/1.1" 200 524
117.185.32.26 - - [18/May/2020:10:14:35 +0800] "POST /xingrg/services/DataTransmitService HTTP/1.1" 200 524
172.17.0.119 - - [18/May/2020:10:14:35 +0800] "GET /xingrg/all/function/internal_message.html?_=1589768075132&CODE_STATE=getMsg HTTP/1.1" 200 27
117.185.32.26 - - [18/May/2020:10:14:35 +0800] "POST /xingrg/services/DataTransmitService HTTP/1.1" 200 524
117.185.32.26 - - [18/May/2020:10:14:36 +0800] "POST /xingrg/services/DataTransmitService HTTP/1.1" 200 524
117.185.32.26 - - [18/May/2020:10:14:36 +0800] "POST /xingrg/services/DataTransmitService HTTP/1.1" 200 524
117.185.32.26 - - [18/May/2020:10:14:36 +0800] "POST /xingrg/services/DataTransmitService HTTP/1.1" 200 524
117.185.32.26 - - [18/May/2020:10:14:36 +0800] "POST /xingrg/services/DataTransmitService HTTP/1.1" 200 524
117.185.32.26 - - [18/May/2020:10:14:36 +0800] "POST /xingrg/services/DataTransmitService HTTP/1.1" 200 524
117.185.32.26 - - [18/May/2020:10:14:36 +0800] "POST /xingrg/services/DataTransmitService HTTP/1.1" 200 524
117.185.32.26 - - [18/May/2020:10:14:37 +0800] "POST /xingrg/services/DataTransmitService HTTP/1.1" 200 524
117.185.32.26 - - [18/May/2020:10:14:37 +0800] "POST /xingrg/services/DataTransmitService HTTP/1.1" 200 524
117.185.32.26 - - [18/May/2020:10:14:37 +0800] "POST /xingrg/services/DataTransmitService HTTP/1.1" 200 524
117.185.32.26 - - [18/May/2020:10:14:37 +0800] "POST /xingrg/services/DataTransmitService HTTP/1.1" 200 524
117.185.32.26 - - [18/May/2020:10:14:37 +0800] "POST /xingrg/services/DataTransmitService HTTP/1.1" 200 524
180.162.232.172 - - [18/May/2020:10:14:37 +0800] "GET /xingrg/all/function/internal_message.html?_=1589768078811&CODE_STATE=getMsg HTTP/1.1" 200 27
117.185.32.26 - - [18/May/2020:10:14:37 +0800] "POST /xingrg/services/DataTransmitService HTTP/1.1" 200 524
180.175.212.199 - - [18/May/2020:10:14:40 +0800] "POST /xingrg/kc/buy/cgsh_list_operate.html HTTP/1.1" 200 4
58.40.7.146 - - [18/May/2020:10:14:40 +0800] "GET /xingrg/all/function/internal_message.html?_=1589768081755&CODE_STATE=getMsg HTTP/1.1" 200 27
180.175.212.199 - - [18/May/2020:10:14:41 +0800] "POST /xingrg/kc/buy/cgsh_list_operate.html HTTP/1.1" 200 876
117.185.32.26 - - [18/May/2020:10:14:41 +0800] "GET /xingrg/kc/buy/cgsh_order_operate.html?command=get_materiel&rest_code=00106&code=00101008069&supplier_code=00100007&order_time=2020-05-18 HTTP/1.1" 200 412
180.175.212.199 - - [18/May/2020:10:14:43 +0800] "GET /xingrg/kc/base/wldb_order_list.html HTTP/1.1" 200 19255
180.175.212.199 - - [18/May/2020:10:14:44 +0800] "POST /xingrg/kc/base/wldb_list_operate.html HTTP/1.1" 200 928
180.175.212.199 - - [18/May/2020:10:14:48 +0800] "GET /xingrg/kc/base/wldb_order_add.html HTTP/1.1" 200 30316
180.175.212.199 - - [18/May/2020:10:14:48 +0800] "POST /xingrg/kc/base/wldb_order_operate.html HTTP/1.1" 200 6806
180.175.212.199 - - [18/May/2020:10:14:49 +0800] "GET /xingrg/all/common/auto_word.html?type=base&rest_code=00102 HTTP/1.1" 200 1653
180.175.212.199 - - [18/May/2020:10:14:49 +0800] "GET /xingrg/all/common/auto_word.html?type=base&rest_code=00102 HTTP/1.1" 200 1653
180.175.212.199 - - [18/May/2020:10:14:49 +0800] "GET /xingrg/javascript/easyui/themes/default/validatebox.css HTTP/1.1" 404 1104
58.40.7.146 - - [18/May/2020:10:14:50 +0800] "GET /xingrg/all/function/internal_message.html?_=1589768091360&CODE_STATE=getMsg HTTP/1.1" 200 27
172.17.0.119 - - [18/May/2020:10:14:50 +0800] "POST /xingrg/system/rest/edit_item.html HTTP/1.1" 200 4
172.17.0.119 - - [18/May/2020:10:14:50 +0800] "GET /xingrg/system/rest/get_item.html?table=menu&id=5002&_=1589768089935 HTTP/1.1" 200 919
180.162.232.172 - - [18/May/2020:10:14:50 +0800] "GET /xingrg/all/function/internal_message.html?_=1589768226477&CODE_STATE=getMsg HTTP/1.1" 200 27
172.17.0.119 - - [18/May/2020:10:14:52 +0800] "GET /xingrg/system/rest/get_infos.html?command=menu_img_show&id=5002 HTTP/1.1" 200 5
172.17.0.119 - - [18/May/2020:10:14:52 +0800] "GET /xingrg/system/rest/query_items.html?_=1589768091588&table=menu&page=2&rows=20&categoryId=&key=5002 HTTP/1.1" 200 235
117.185.32.26 - - [18/May/2020:10:14:52 +0800] "GET /xingrg/kc/buy/cgsh_order_operate.html?command=get_materiel&rest_code=00106&code=00101008286&supplier_code=00100007&order_time=2020-05-18 HTTP/1.1" 200 408
58.221.95.50 - - [18/May/2020:10:14:52 +0800] "POST /xingrg/kc/buy/cgsh_list_operate.html HTTP/1.1" 200 1673
172.17.0.119 - - [18/May/2020:10:14:55 +0800] "POST /xingrg/system/rest/get_infos.html?command=get_rest_tree HTTP/1.1" 200 903
58.221.95.50 - - [18/May/2020:10:14:55 +0800] "POST /xingrg/kc/buy/cgsh_list_operate.html HTTP/1.1" 200 201
117.185.32.26 - - [18/May/2020:10:14:56 +0800] "POST /xingrg/services/DataTransmitService HTTP/1.1" 200 524
117.185.32.26 - - [18/May/2020:10:14:56 +0800] "POST /xingrg/services/DataTransmitService HTTP/1.1" 200 501
117.185.32.26 - - [18/May/2020:10:14:57 +0800] "POST /xingrg/services/DataTransmitService HTTP/1.1" 200 501
124.77.110.230 - - [18/May/2020:10:14:57 +0800] "GET /xingrg/check_reg.html?_=1589768097840 HTTP/1.1" 200 22
180.175.212.199 - - [18/May/2020:10:14:58 +0800] "GET /xingrg/all/function/internal_message.html?_=1589768298296&CODE_STATE=getMsg HTTP/1.1" 200 27
117.185.32.26 - - [18/May/2020:10:14:58 +0800] "POST /xingrg/services/DataTransmitService HTTP/1.1" 200 501
124.77.110.230 - - [18/May/2020:10:14:59 +0800] "GET /xingrg/all/function/internal_message.html?_=1589768099374&CODE_STATE=getMsg HTTP/1.1" 200 27
58.221.95.50 - - [18/May/2020:10:14:59 +0800] "POST /xingrg/kc/buy/cgsh_list_operate.html HTTP/1.1" 200 4
117.185.32.26 - - [18/May/2020:10:14:59 +0800] "POST /xingrg/services/DataTransmitService HTTP/1.1" 200 501
180.175.212.199 - - [18/May/2020:10:15:00 +0800] "GET /xingrg/kc/base/wldb_order_operate.html?command=get_materiel&rest_code=00102&base_code=0010477&code=00102002433 HTTP/1.1" 200 457
117.185.32.26 - - [18/May/2020:10:15:00 +0800] "POST /xingrg/services/DataTransmitService HTTP/1.1" 200 501
117.185.32.26 - - [18/May/2020:10:15:00 +0800] "POST /xingrg/services/DataTransmitService HTTP/1.1" 200 501
117.185.32.26 - - [18/May/2020:10:15:00 +0800] "POST /xingrg/services/DataTransmitService HTTP/1.1" 200 501
58.221.95.50 - - [18/May/2020:10:15:00 +0800] "POST /xingrg/kc/buy/cgsh_list_operate.html HTTP/1.1" 200 876
114.86.226.250 - - [18/May/2020:10:15:00 +0800] "GET /xingrg/all/function/internal_message.html?_=1589768175218&CODE_STATE=getMsg HTTP/1.1" 200 27
117.185.32.26 - - [18/May/2020:10:15:01 +0800] "GET /xingrg/kc/buy/cgsh_order_operate.html?command=get_materiel&rest_code=00106&code=00101008036&supplier_code=00100007&order_time=2020-05-18 HTTP/1.1" 200 408
117.185.32.26 - - [18/May/2020:10:15:01 +0800] "POST /xingrg/services/DataTransmitService HTTP/1.1" 200 501
117.185.32.26 - - [18/May/2020:10:15:02 +0800] "POST /xingrg/services/DataTransmitService HTTP/1.1" 200 501
117.185.32.26 - - [18/May/2020:10:15:03 +0800] "POST /xingrg/services/DataTransmitService HTTP/1.1" 200 412
222.69.138.209 - - [18/May/2020:10:15:03 +0800] "GET /xingrg/all/function/internal_message.html?_=1589768103387&CODE_STATE=getMsg HTTP/1.1" 200 27
61.172.5.115 - - [18/May/2020:10:15:03 +0800] "GET /xingrg/all/function/internal_message.html?_=1589768104995&CODE_STATE=getMsg HTTP/1.1" 200 27
114.88.170.9 - - [18/May/2020:10:15:04 +0800] "GET /xingrg/all/function/internal_message.html?_=1589768105319&CODE_STATE=getMsg HTTP/1.1" 200 27
180.175.212.199 - - [18/May/2020:10:15:06 +0800] "GET /xingrg/kc/base/wldb_order_operate.html?command=get_materiel&rest_code=00102&base_code=0010477&code=00102012040 HTTP/1.1" 200 450
114.86.190.97 - - [18/May/2020:10:15:06 +0800] "GET /xingrg/all/function/internal_message.html?_=1589768107902&CODE_STATE=getMsg HTTP/1.1" 200 27
172.17.0.119 - - [18/May/2020:10:15:07 +0800] "POST /xingrg/system/rest/edit_item.html HTTP/1.1" 200 4
172.17.0.119 - - [18/May/2020:10:15:07 +0800] "GET /xingrg/system/rest/get_item.html?table=menu&target=menu_rest&id=5002&_=1589768106791 HTTP/1.1" 200 255
180.175.212.199 - - [18/May/2020:10:15:11 +0800] "GET /xingrg/kc/base/wldb_order_operate.html?command=get_materiel&rest_code=00102&base_code=0010477&code=00102002150 HTTP/1.1" 200 434
180.175.212.199 - - [18/May/2020:10:15:12 +0800] "GET /xingrg/all/function/internal_message.html?_=1589768117939&CODE_STATE=getMsg HTTP/1.1" 200 27
172.17.0.119 - - [18/May/2020:10:15:13 +0800] "GET /xingrg/system/rest/query_items.html?_=1589768113177&table=menu&page=2&rows=20&categoryId=&key=5002 HTTP/1.1" 200 235
117.185.32.26 - - [18/May/2020:10:15:15 +0800] "GET /xingrg/kc/buy/cgsh_order_operate.html?command=get_materiel&rest_code=00106&code=00101008131&supplier_code=00100007&order_time=2020-05-18 HTTP/1.1" 200 408
172.17.0.119 - - [18/May/2020:10:15:16 +0800] "GET /xingrg/system/rest/query_items.html?_=1589768116319&table=menu&page=2&rows=20&categoryId=&key=5002 HTTP/1.1" 200 235
114.84.151.157 - - [18/May/2020:10:15:18 +0800] "GET /xingrg/all/function/internal_message.html?_=1589768118257&CODE_STATE=getMsg HTTP/1.1" 200 27
117.131.5.26 - - [18/May/2020:10:15:18 +0800] "GET /xingrg/all/function/internal_message.html?_=1589768390498&CODE_STATE=getMsg HTTP/1.1" 200 27
180.175.212.199 - - [18/May/2020:10:15:19 +0800] "GET /xingrg/kc/base/wldb_order_operate.html?command=get_materiel&rest_code=00102&base_code=0010477&code=00102002104 HTTP/1.1" 200 466
172.17.0.119 - - [18/May/2020:10:15:19 +0800] "GET /xingrg/system/rest/get_item.html?table=menu&isAdd=1&_=1589768119031 HTTP/1.1" 200 22
117.185.32.26 - - [18/May/2020:10:15:19 +0800] "GET /xingrg/all/function/internal_message.html?_=1589768542545&CODE_STATE=getMsg HTTP/1.1" 200 27
117.185.32.26 - - [18/May/2020:10:15:19 +0800] "GET /xingrg/check_reg.html?_=1589768542547 HTTP/1.1" 200 22
58.221.95.50 - - [18/May/2020:10:15:20 +0800] "GET /xingrg/all/function/internal_message.html?_=1589768170860&CODE_STATE=getMsg HTTP/1.1" 200 27
117.184.7.30 - - [18/May/2020:10:15:21 +0800] "GET /xingrg/all/function/internal_message.html?_=1589768121101&CODE_STATE=getMsg HTTP/1.1" 200 27
114.84.151.157 - - [18/May/2020:10:15:22 +0800] "POST /xingrg/services/DataTransmitService HTTP/1.1" 200 524
114.84.151.157 - - [18/May/2020:10:15:22 +0800] "POST /xingrg/services/DataTransmitService HTTP/1.1" 200 501
117.184.7.26 - - [18/May/2020:10:15:25 +0800] "GET /xingrg/all/function/internal_message.html?_=1589768125985&CODE_STATE=getMsg HTTP/1.1" 200 27
180.175.212.199 - - [18/May/2020:10:15:25 +0800] "POST /xingrg/kc/base/wldb_order_operate.html HTTP/1.1" 200 37
180.175.212.199 - - [18/May/2020:10:15:26 +0800] "POST /xingrg/kc/base/wldb_order_operate.html HTTP/1.1" 200 12
180.175.212.199 - - [18/May/2020:10:15:26 +0800] "POST /xingrg/kc/base/wldb_order_operate.html HTTP/1.1" 200 3682
172.17.0.119 - - [18/May/2020:10:15:28 +0800] "GET /xingrg/system/rest/query_items.html?_=1589768128067&table=menu&page=2&rows=20&categoryId=&key=5002 HTTP/1.1" 200 235
172.17.0.119 - - [18/May/2020:10:15:29 +0800] "GET /xingrg/system/rest/query_items.html?_=1589768129317&table=menu&page=2&rows=20&categoryId=&key=5002 HTTP/1.1" 200 235
117.185.32.26 - - [18/May/2020:10:15:30 +0800] "GET /xingrg/kc/buy/cgsh_order_operate.html?command=get_materiel&rest_code=00106&code=00101008318&supplier_code=00100007&order_time=2020-05-18 HTTP/1.1" 200 408
101.85.28.157 - - [18/May/2020:10:15:30 +0800] "GET /xingrg/all/function/internal_message.html?_=1589769886502&CODE_STATE=getMsg HTTP/1.1" 200 27
172.17.0.101 - - [18/May/2020:10:15:31 +0800] "GET /xingrg/all/function/internal_message.html?_=1589768168628&CODE_STATE=getMsg HTTP/1.1" 200 27
180.175.212.199 - - [18/May/2020:10:15:31 +0800] "GET /xingrg/kc/base/wldb_order_info.html?code=422020051801747 HTTP/1.1" 200 26195
183.192.88.133 - - [18/May/2020:10:15:31 +0800] "GET /xingrg/all/function/internal_message.html?_=1589768135021&CODE_STATE=getMsg HTTP/1.1" 200 27
172.17.0.123 - - [18/May/2020:10:15:32 +0800] "GET /xingrg/check_reg.html?_=1589768127403 HTTP/1.1" 302 -
172.17.0.123 - - [18/May/2020:10:15:32 +0800] "GET /xingrg/all/function/internal_message.html?_=1589768127407&CODE_STATE=getMsg HTTP/1.1" 302 -
180.175.212.199 - - [18/May/2020:10:15:32 +0800] "POST /xingrg/kc/base/wldb_order_operate.html HTTP/1.1" 200 1942
180.175.212.199 - - [18/May/2020:10:15:32 +0800] "GET /xingrg/javascript/easyui/themes/default/validatebox.css HTTP/1.1" 404 1104
172.17.0.100 - - [18/May/2020:10:15:33 +0800] "GET /xingrg/all/function/internal_message.html?_=1589768134206&CODE_STATE=getMsg HTTP/1.1" 200 27
117.185.32.26 - - [18/May/2020:10:15:33 +0800] "POST /xingrg/kc/buy/cgsh_order_operate.html HTTP/1.1" 200 2065
172.17.0.119 - - [18/May/2020:10:15:34 +0800] "GET /xingrg/system/rest/query_items.html?_=1589768133527&table=menu&page=2&rows=20&categoryId=&key=5048 HTTP/1.1" 200 259
172.17.0.119 - - [18/May/2020:10:15:35 +0800] "GET /xingrg/system/rest/query_items.html?_=1589768134792&table=menu&page=2&rows=20&categoryId=&key=5048 HTTP/1.1" 200 259
172.17.0.119 - - [18/May/2020:10:15:35 +0800] "GET /xingrg/check_reg.html?_=1589768134947 HTTP/1.1" 200 22
172.17.0.119 - - [18/May/2020:10:15:35 +0800] "GET /xingrg/all/function/internal_message.html?_=1589768135114&CODE_STATE=getMsg HTTP/1.1" 200 27
180.175.212.199 - - [18/May/2020:10:15:37 +0800] "GET /xingrg/kc/base/wldb_order_add.html HTTP/1.1" 200 30316
172.17.0.119 - - [18/May/2020:10:15:37 +0800] "GET /xingrg/system/rest/get_item.html?table=menu&isAdd=1&_=1589768136753 HTTP/1.1" 200 22
180.162.232.172 - - [18/May/2020:10:15:37 +0800] "GET /xingrg/all/function/internal_message.html?_=1589768138798&CODE_STATE=getMsg HTTP/1.1" 200 27
180.175.212.199 - - [18/May/2020:10:15:37 +0800] "POST /xingrg/kc/base/wldb_order_operate.html HTTP/1.1" 200 6806
180.175.212.199 - - [18/May/2020:10:15:38 +0800] "GET /xingrg/javascript/easyui/themes/default/validatebox.css HTTP/1.1" 404 1104
58.40.7.146 - - [18/May/2020:10:15:40 +0800] "GET /xingrg/all/function/internal_message.html?_=1589768141757&CODE_STATE=getMsg HTTP/1.1" 200 27
58.40.7.146 - - [18/May/2020:10:15:40 +0800] "GET /xingrg/check_reg.html?_=1589768141759 HTTP/1.1" 200 22
117.185.32.26 - - [18/May/2020:10:15:43 +0800] "GET /xingrg/kc/buy/cgsh_order_operate.html?command=get_materiel&rest_code=00106&code=00101008352&supplier_code=00100007&order_time=2020-05-18 HTTP/1.1" 200 412
117.185.32.26 - - [18/May/2020:10:15:48 +0800] "POST /xingrg/services/DataTransmitService HTTP/1.1" 200 524
117.185.32.26 - - [18/May/2020:10:15:48 +0800] "POST /xingrg/services/DataTransmitService HTTP/1.1" 200 524
117.185.32.26 - - [18/May/2020:10:15:48 +0800] "POST /xingrg/services/DataTransmitService HTTP/1.1" 200 524
117.185.32.26 - - [18/May/2020:10:15:48 +0800] "POST /xingrg/services/DataTransmitService HTTP/1.1" 200 524
117.185.32.26 - - [18/May/2020:10:15:49 +0800] "POST /xingrg/services/DataTransmitService HTTP/1.1" 200 524
117.185.32.26 - - [18/May/2020:10:15:49 +0800] "POST /xingrg/services/DataTransmitService HTTP/1.1" 200 524
117.185.32.26 - - [18/May/2020:10:15:49 +0800] "POST /xingrg/services/DataTransmitService HTTP/1.1" 200 524
117.185.32.26 - - [18/May/2020:10:15:49 +0800] "POST /xingrg/services/DataTransmitService HTTP/1.1" 200 524
58.40.7.146 - - [18/May/2020:10:15:50 +0800] "GET /xingrg/all/function/internal_message.html?_=1589768151361&CODE_STATE=getMsg HTTP/1.1" 200 27
58.40.7.146 - - [18/May/2020:10:15:50 +0800] "GET /xingrg/check_reg.html?_=1589768151363 HTTP/1.1" 200 22
180.162.232.172 - - [18/May/2020:10:15:50 +0800] "GET /xingrg/all/function/internal_message.html?_=1589768286485&CODE_STATE=getMsg HTTP/1.1" 200 27
172.17.0.119 - - [18/May/2020:10:15:53 +0800] "POST /xingrg/dwr/call/plaincall/AjaxGetFirstChart.getFirstChart.dwr HTTP/1.1" 200 81
172.17.0.119 - - [18/May/2020:10:15:53 +0800] "POST /xingrg/dwr/call/plaincall/AjaxGetFirstChart.getFirstChart.dwr HTTP/1.1" 200 81
117.185.32.26 - - [18/May/2020:10:15:56 +0800] "GET /xingrg/kc/buy/cgsh_order_operate.html?command=get_materiel&rest_code=00106&code=00101008098&supplier_code=00100007&order_time=2020-05-18 HTTP/1.1" 200 412
180.175.212.199 - - [18/May/2020:10:15:58 +0800] "GET /xingrg/all/function/internal_message.html?_=1589768358507&CODE_STATE=getMsg HTTP/1.1" 200 27
124.77.110.230 - - [18/May/2020:10:15:59 +0800] "GET /xingrg/all/function/internal_message.html?_=1589768159364&CODE_STATE=getMsg HTTP/1.1" 200 27
114.86.226.250 - - [18/May/2020:10:16:00 +0800] "GET /xingrg/check_reg.html?_=1589768235218 HTTP/1.1" 200 22
114.86.226.250 - - [18/May/2020:10:16:00 +0800] "GET /xingrg/all/function/internal_message.html?_=1589768235218&CODE_STATE=getMsg HTTP/1.1" 200 27
180.175.212.199 - - [18/May/2020:10:16:02 +0800] "GET /xingrg/kc/base/wldb_order_operate.html?command=get_materiel&rest_code=00102&base_code=0010477&code=00102002439 HTTP/1.1" 200 458
114.88.170.9 - - [18/May/2020:10:16:02 +0800] "GET /xingrg/check_reg.html?_=1589768163126 HTTP/1.1" 200 22
222.69.138.209 - - [18/May/2020:10:16:03 +0800] "GET /xingrg/all/function/internal_message.html?_=1589768163358&CODE_STATE=getMsg HTTP/1.1" 200 27
61.172.5.115 - - [18/May/2020:10:16:03 +0800] "GET /xingrg/all/function/internal_message.html?_=1589768164974&CODE_STATE=getMsg HTTP/1.1" 200 27
114.88.170.9 - - [18/May/2020:10:16:04 +0800] "GET /xingrg/all/function/internal_message.html?_=1589768165333&CODE_STATE=getMsg HTTP/1.1" 200 27
117.185.32.26 - - [18/May/2020:10:16:05 +0800] "GET /xingrg/kc/buy/cgsh_order_operate.html?command=get_materiel&rest_code=00106&code=00101008005&supplier_code=00100007&order_time=2020-05-18 HTTP/1.1" 200 412
180.175.212.199 - - [18/May/2020:10:16:05 +0800] "GET /xingrg/kc/base/wldb_order_operate.html?command=get_materiel&rest_code=00102&base_code=0010477&code=00102002685 HTTP/1.1" 200 442
114.86.190.97 - - [18/May/2020:10:16:06 +0800] "GET /xingrg/all/function/internal_message.html?_=1589768167924&CODE_STATE=getMsg HTTP/1.1" 200 27
117.185.32.26 - - [18/May/2020:10:16:09 +0800] "POST /xingrg/services/DataTransmitService HTTP/1.1" 200 524
117.185.32.26 - - [18/May/2020:10:16:09 +0800] "POST /xingrg/services/DataTransmitService HTTP/1.1" 200 524
117.185.32.26 - - [18/May/2020:10:16:10 +0800] "POST /xingrg/services/DataTransmitService HTTP/1.1" 200 524
117.185.32.26 - - [18/May/2020:10:16:10 +0800] "POST /xingrg/services/DataTransmitService HTTP/1.1" 200 524
172.17.0.119 - - [18/May/2020:10:16:10 +0800] "POST /xingrg/system/rest/edit_item.html HTTP/1.1" 200 10
180.175.212.199 - - [18/May/2020:10:16:10 +0800] "GET /xingrg/kc/base/wldb_order_operate.html?command=get_materiel&rest_code=00102&base_code=0010477&code=00102002197 HTTP/1.1" 200 445
180.175.212.199 - - [18/May/2020:10:16:12 +0800] "GET /xingrg/all/function/internal_message.html?_=1589768177952&CODE_STATE=getMsg HTTP/1.1" 200 27
117.185.32.26 - - [18/May/2020:10:16:15 +0800] "GET /xingrg/kc/buy/cgsh_order_operate.html?command=get_materiel&rest_code=00106&code=00101008271&supplier_code=00100007&order_time=2020-05-18 HTTP/1.1" 200 408
180.175.212.199 - - [18/May/2020:10:16:15 +0800] "GET /xingrg/kc/base/wldb_order_operate.html?command=get_materiel&rest_code=00102&base_code=0010477&code=00102002557 HTTP/1.1" 200 444
114.84.151.157 - - [18/May/2020:10:16:18 +0800] "GET /xingrg/check_reg.html?_=1589768178273 HTTP/1.1" 200 22
114.84.151.157 - - [18/May/2020:10:16:18 +0800] "GET /xingrg/all/function/internal_message.html?_=1589768178272&CODE_STATE=getMsg HTTP/1.1" 200 27
117.131.5.26 - - [18/May/2020:10:16:18 +0800] "GET /xingrg/check_reg.html?_=1589768450071 HTTP/1.1" 200 22
117.131.5.26 - - [18/May/2020:10:16:18 +0800] "GET /xingrg/all/function/internal_message.html?_=1589768450512&CODE_STATE=getMsg HTTP/1.1" 200 27
172.17.0.119 - - [18/May/2020:10:16:19 +0800] "POST /xingrg/dwr/call/plaincall/AjaxGetFirstChart.getFirstChart.dwr HTTP/1.1" 200 82
172.17.0.119 - - [18/May/2020:10:16:19 +0800] "POST /xingrg/dwr/call/plaincall/AjaxGetFirstChart.getFirstChart.dwr HTTP/1.1" 200 82
117.185.32.26 - - [18/May/2020:10:16:19 +0800] "GET /xingrg/all/function/internal_message.html?_=1589768602555&CODE_STATE=getMsg HTTP/1.1" 200 27
180.175.212.199 - - [18/May/2020:10:16:20 +0800] "GET /xingrg/kc/base/wldb_order_operate.html?command=get_materiel&rest_code=00102&base_code=0010477&code=00102002556 HTTP/1.1" 200 430
58.221.95.50 - - [18/May/2020:10:16:20 +0800] "GET /xingrg/all/function/internal_message.html?_=1589768230859&CODE_STATE=getMsg HTTP/1.1" 200 27
101.85.28.157 - - [18/May/2020:10:16:21 +0800] "POST /xingrg/dwr/call/plaincall/AjaxReportQueryService.refreshCache.dwr HTTP/1.1" 200 78
117.184.7.30 - - [18/May/2020:10:16:21 +0800] "GET /xingrg/all/function/internal_message.html?_=1589768181085&CODE_STATE=getMsg HTTP/1.1" 200 27
101.85.28.157 - - [18/May/2020:10:16:21 +0800] "POST /xingrg/all/report/load_report_page.html HTTP/1.1" 200 32752
101.85.28.157 - - [18/May/2020:10:16:22 +0800] "GET /xingrg/servlets/image?cache=0.387085664446018&image=px HTTP/1.1" 200 807
172.17.0.119 - - [18/May/2020:10:16:22 +0800] "POST /xingrg/system/rest/edit_item.html HTTP/1.1" 200 4
172.17.0.119 - - [18/May/2020:10:16:22 +0800] "GET /xingrg/system/rest/get_item.html?table=menu&id=5066&_=1589768181809 HTTP/1.1" 200 925
172.17.0.119 - - [18/May/2020:10:16:24 +0800] "GET /xingrg/system/rest/get_infos.html?command=menu_img_show&id=5066 HTTP/1.1" 200 5
172.17.0.119 - - [18/May/2020:10:16:24 +0800] "GET /xingrg/system/rest/query_items.html?_=1589768183543&table=menu&page=2&rows=20&categoryId=&key=5048 HTTP/1.1" 200 259
180.175.212.199 - - [18/May/2020:10:16:24 +0800] "GET /xingrg/kc/base/wldb_order_operate.html?command=get_materiel&rest_code=00102&base_code=0010477&code=00102002453 HTTP/1.1" 200 435
117.184.7.26 - - [18/May/2020:10:16:25 +0800] "GET /xingrg/all/function/internal_message.html?_=1589768185985&CODE_STATE=getMsg HTTP/1.1" 200 27
117.185.32.26 - - [18/May/2020:10:16:26 +0800] "GET /xingrg/kc/buy/cgsh_order_operate.html?command=get_materiel&rest_code=00106&code=00101008353&supplier_code=00100007&order_time=2020-05-18 HTTP/1.1" 200 408
172.17.0.119 - - [18/May/2020:10:16:28 +0800] "POST /xingrg/system/rest/get_infos.html?command=get_rest_tree HTTP/1.1" 200 903
117.185.32.26 - - [18/May/2020:10:16:30 +0800] "POST /xingrg/kc/buy/cgsh_order_operate.html HTTP/1.1" 200 2065
101.85.28.157 - - [18/May/2020:10:16:30 +0800] "GET /xingrg/all/function/internal_message.html?_=1589769946515&CODE_STATE=getMsg HTTP/1.1" 200 27
172.17.0.101 - - [18/May/2020:10:16:31 +0800] "GET /xingrg/all/function/internal_message.html?_=1589768228630&CODE_STATE=getMsg HTTP/1.1" 200 27
183.192.88.133 - - [18/May/2020:10:16:31 +0800] "GET /xingrg/all/function/internal_message.html?_=1589768195025&CODE_STATE=getMsg HTTP/1.1" 200 27
172.17.0.123 - - [18/May/2020:10:16:32 +0800] "GET /xingrg/all/function/internal_message.html?_=1589768187392&CODE_STATE=getMsg HTTP/1.1" 302 -
172.17.0.100 - - [18/May/2020:10:16:33 +0800] "GET /xingrg/all/function/internal_message.html?_=1589768194206&CODE_STATE=getMsg HTTP/1.1" 200 27
172.17.0.119 - - [18/May/2020:10:16:35 +0800] "GET /xingrg/all/function/internal_message.html?_=1589768195100&CODE_STATE=getMsg HTTP/1.1" 200 27
180.175.212.199 - - [18/May/2020:10:16:35 +0800] "POST /xingrg/kc/base/wldb_order_operate.html HTTP/1.1" 200 37
180.175.212.199 - - [18/May/2020:10:16:37 +0800] "POST /xingrg/kc/base/wldb_order_operate.html HTTP/1.1" 200 12
180.175.212.199 - - [18/May/2020:10:16:37 +0800] "POST /xingrg/kc/base/wldb_order_operate.html HTTP/1.1" 200 4641
180.175.212.199 - - [18/May/2020:10:16:37 +0800] "GET /xingrg/kc/base/wldb_order_info.html?code=422020051801748 HTTP/1.1" 200 26195
180.162.232.172 - - [18/May/2020:10:16:37 +0800] "GET /xingrg/all/function/internal_message.html?_=1589768198795&CODE_STATE=getMsg HTTP/1.1" 200 27
180.175.212.199 - - [18/May/2020:10:16:38 +0800] "POST /xingrg/kc/base/wldb_order_operate.html HTTP/1.1" 200 2875
180.175.212.199 - - [18/May/2020:10:16:38 +0800] "GET /xingrg/javascript/easyui/themes/default/validatebox.css HTTP/1.1" 404 1104
172.17.0.119 - - [18/May/2020:10:16:40 +0800] "POST /xingrg/system/rest/edit_item.html HTTP/1.1" 200 4
172.17.0.119 - - [18/May/2020:10:16:40 +0800] "GET /xingrg/system/rest/get_item.html?table=menu&target=menu_rest&id=5066&_=1589768200246 HTTP/1.1" 200 259
58.40.7.146 - - [18/May/2020:10:16:40 +0800] "GET /xingrg/all/function/internal_message.html?_=1589768201761&CODE_STATE=getMsg HTTP/1.1" 200 27
180.175.212.199 - - [18/May/2020:10:16:41 +0800] "GET /xingrg/kc/base/wldb_order_add.html HTTP/1.1" 200 30316
180.175.212.199 - - [18/May/2020:10:16:42 +0800] "POST /xingrg/kc/base/wldb_order_operate.html HTTP/1.1" 200 6806
180.175.212.199 - - [18/May/2020:10:16:42 +0800] "GET /xingrg/javascript/easyui/themes/default/validatebox.css HTTP/1.1" 404 1104
180.162.232.172 - - [18/May/2020:10:16:50 +0800] "GET /xingrg/check_reg.html?_=1589768345941 HTTP/1.1" 200 22
58.40.7.146 - - [18/May/2020:10:16:50 +0800] "GET /xingrg/all/function/internal_message.html?_=1589768211366&CODE_STATE=getMsg HTTP/1.1" 200 27
114.84.33.255 - - [18/May/2020:10:16:50 +0800] "GET /xingrg/check_reg.html?_=1589768241397 HTTP/1.1" 200 22
180.162.232.172 - - [18/May/2020:10:16:50 +0800] "GET /xingrg/all/function/internal_message.html?_=1589768346499&CODE_STATE=getMsg HTTP/1.1" 200 27
172.17.0.119 - - [18/May/2020:10:16:51 +0800] "GET /xingrg/system/rest/query_items.html?_=1589768210961&table=menu&page=2&rows=20&categoryId=&key=5048 HTTP/1.1" 200 259
172.17.0.119 - - [18/May/2020:10:16:52 +0800] "GET /xingrg/system/rest/query_items.html?_=1589768212238&table=menu&page=2&rows=20&categoryId=&key=5048 HTTP/1.1" 200 259
172.17.0.119 - - [18/May/2020:10:16:53 +0800] "GET /xingrg/system/rest/get_item.html?table=menu&id=5048&_=1589768212720 HTTP/1.1" 200 943
172.17.0.119 - - [18/May/2020:10:16:53 +0800] "GET /xingrg/system/rest/get_item.html?table=menu&target=cook_mode&id=5048&_=1589768212744 HTTP/1.1" 200 71
172.17.0.119 - - [18/May/2020:10:16:53 +0800] "GET /xingrg/system/rest/get_item.html?table=menu&target=menu_rest&id=5048&_=1589768212746 HTTP/1.1" 200 363
172.17.0.119 - - [18/May/2020:10:16:54 +0800] "GET /xingrg/system/rest/get_infos.html?command=menu_img_show&id=5048 HTTP/1.1" 200 5
180.175.212.199 - - [18/May/2020:10:16:58 +0800] "GET /xingrg/all/function/internal_message.html?_=1589768418791&CODE_STATE=getMsg HTTP/1.1" 200 27
114.86.226.250 - - [18/May/2020:10:16:59 +0800] "GET /xingrg/all/function/internal_message.html?_=1589768295234&CODE_STATE=getMsg HTTP/1.1" 200 27
124.77.110.230 - - [18/May/2020:10:16:59 +0800] "GET /xingrg/all/function/internal_message.html?_=1589768219375&CODE_STATE=getMsg HTTP/1.1" 200 27
172.17.0.119 - - [18/May/2020:10:17:00 +0800] "GET /xingrg/system/rest/get_item.html?table=menu&isAdd=1&_=1589768220116 HTTP/1.1" 200 22
222.69.138.209 - - [18/May/2020:10:17:03 +0800] "GET /xingrg/all/function/internal_message.html?_=1589768223354&CODE_STATE=getMsg HTTP/1.1" 200 27
61.172.5.115 - - [18/May/2020:10:17:03 +0800] "GET /xingrg/all/function/internal_message.html?_=1589768224945&CODE_STATE=getMsg HTTP/1.1" 200 27
114.88.170.9 - - [18/May/2020:10:17:04 +0800] "GET /xingrg/all/function/internal_message.html?_=1589768225346&CODE_STATE=getMsg HTTP/1.1" 200 27
180.175.212.199 - - [18/May/2020:10:17:05 +0800] "GET /xingrg/kc/base/wldb_order_operate.html?command=get_materiel&rest_code=00102&base_code=0010477&code=00102002204 HTTP/1.1" 200 434
114.86.190.97 - - [18/May/2020:10:17:06 +0800] "GET /xingrg/all/function/internal_message.html?_=1589768227929&CODE_STATE=getMsg HTTP/1.1" 200 27
172.17.0.119 - - [18/May/2020:10:17:08 +0800] "POST /xingrg/dwr/call/plaincall/AjaxGetFirstChart.getFirstChart.dwr HTTP/1.1" 200 80
172.17.0.119 - - [18/May/2020:10:17:08 +0800] "POST /xingrg/dwr/call/plaincall/AjaxGetFirstChart.getFirstChart.dwr HTTP/1.1" 200 80
180.175.212.199 - - [18/May/2020:10:17:10 +0800] "GET /xingrg/kc/base/wldb_order_operate.html?command=get_materiel&rest_code=00102&base_code=0010477&code=00102002025 HTTP/1.1" 200 453
180.175.212.199 - - [18/May/2020:10:17:12 +0800] "GET /xingrg/all/function/internal_message.html?_=1589768237965&CODE_STATE=getMsg HTTP/1.1" 200 27
180.175.212.199 - - [18/May/2020:10:17:13 +0800] "GET /xingrg/kc/base/wldb_order_operate.html?command=get_materiel&rest_code=00102&base_code=0010477&code=00102001084 HTTP/1.1" 200 432
180.175.212.199 - - [18/May/2020:10:17:16 +0800] "GET /xingrg/kc/base/wldb_order_operate.html?command=get_materiel&rest_code=00102&base_code=0010477&code=00102002391 HTTP/1.1" 200 435
114.84.151.157 - - [18/May/2020:10:17:18 +0800] "GET /xingrg/all/function/internal_message.html?_=1589768238271&CODE_STATE=getMsg HTTP/1.1" 200 27
117.131.5.26 - - [18/May/2020:10:17:18 +0800] "GET /xingrg/all/function/internal_message.html?_=1589768510525&CODE_STATE=getMsg HTTP/1.1" 200 27
117.185.32.26 - - [18/May/2020:10:17:19 +0800] "GET /xingrg/all/function/internal_message.html?_=1589768662573&CODE_STATE=getMsg HTTP/1.1" 200 27
58.221.95.50 - - [18/May/2020:10:17:20 +0800] "GET /xingrg/all/function/internal_message.html?_=1589768290859&CODE_STATE=getMsg HTTP/1.1" 200 27
117.184.7.30 - - [18/May/2020:10:17:21 +0800] "GET /xingrg/all/function/internal_message.html?_=1589768241070&CODE_STATE=getMsg HTTP/1.1" 200 27
180.175.212.199 - - [18/May/2020:10:17:23 +0800] "POST /xingrg/kc/base/wldb_order_operate.html HTTP/1.1" 200 37
