58.40.7.146 - - [18/May/2020:07:30:50 +0800] "GET /xingrg/all/function/internal_message.html?_=1589758251236&CODE_STATE=getMsg HTTP/1.1" 200 27
58.40.7.146 - - [18/May/2020:07:30:50 +0800] "GET /xingrg/check_reg.html?_=1589758251237 HTTP/1.1" 200 22
120.253.135.82 - - [18/May/2020:07:30:57 +0800] "GET /xingrg/all/function/internal_message.html?_=1589758012662&CODE_STATE=getMsg HTTP/1.1" 200 27
117.131.5.26 - - [18/May/2020:07:31:03 +0800] "GET /xingrg/all/function/internal_message.html?_=1589758535073&CODE_STATE=getMsg HTTP/1.1" 200 27
61.172.5.115 - - [18/May/2020:07:31:07 +0800] "GET /xingrg/all/function/internal_message.html?_=1589758269027&CODE_STATE=getMsg HTTP/1.1" 200 27
117.131.5.26 - - [18/May/2020:07:31:16 +0800] "GET /xingrg/check_reg.html?_=1589758548551 HTTP/1.1" 200 22
117.184.7.26 - - [18/May/2020:07:31:24 +0800] "GET /xingrg/all/function/internal_message.html?_=1589758285657&CODE_STATE=getMsg HTTP/1.1" 200 27
183.192.88.133 - - [18/May/2020:07:31:31 +0800] "GET /xingrg/all/function/internal_message.html?_=1589758294949&CODE_STATE=getMsg HTTP/1.1" 200 27
172.17.0.123 - - [18/May/2020:07:31:32 +0800] "GET /xingrg/all/function/internal_message.html?_=1589758287400&CODE_STATE=getMsg HTTP/1.1" 302 -
58.40.7.146 - - [18/May/2020:07:31:40 +0800] "GET /xingrg/all/function/internal_message.html?_=1589758301727&CODE_STATE=getMsg HTTP/1.1" 200 27
58.40.7.146 - - [18/May/2020:07:31:50 +0800] "GET /xingrg/all/function/internal_message.html?_=1589758311239&CODE_STATE=getMsg HTTP/1.1" 200 27
120.253.135.82 - - [18/May/2020:07:31:57 +0800] "GET /xingrg/all/function/internal_message.html?_=1589758072676&CODE_STATE=getMsg HTTP/1.1" 200 27
117.131.5.26 - - [18/May/2020:07:32:03 +0800] "GET /xingrg/all/function/internal_message.html?_=1589758595086&CODE_STATE=getMsg HTTP/1.1" 200 27
61.172.5.115 - - [18/May/2020:07:32:07 +0800] "GET /xingrg/all/function/internal_message.html?_=1589758329010&CODE_STATE=getMsg HTTP/1.1" 200 27
116.232.33.186 - - [18/May/2020:07:32:17 +0800] "POST /xingrg/services/DataTransmitService HTTP/1.1" 200 524
117.184.7.26 - - [18/May/2020:07:32:24 +0800] "GET /xingrg/all/function/internal_message.html?_=1589758345660&CODE_STATE=getMsg HTTP/1.1" 200 27
183.192.88.133 - - [18/May/2020:07:32:31 +0800] "GET /xingrg/all/function/internal_message.html?_=1589758354964&CODE_STATE=getMsg HTTP/1.1" 200 27
172.17.0.123 - - [18/May/2020:07:32:32 +0800] "GET /xingrg/all/function/internal_message.html?_=1589758347404&CODE_STATE=getMsg HTTP/1.1" 302 -
120.253.135.82 - - [18/May/2020:07:32:38 +0800] "GET /xingrg/kc/pszx/jzcl_ps.html HTTP/1.1" 200 7683
120.253.135.82 - - [18/May/2020:07:32:38 +0800] "POST /xingrg/kc/pszx/mdps_list_operate.html HTTP/1.1" 200 3557
120.253.135.82 - - [18/May/2020:07:32:38 +0800] "POST /xingrg/all/common/load_tree.html?tree=area_rest_tree_json HTTP/1.1" 200 3088
120.253.135.82 - - [18/May/2020:07:32:39 +0800] "POST /xingrg/kc/pszx/jzcl_ps_operate.html HTTP/1.1" 200 2495
120.253.135.82 - - [18/May/2020:07:32:39 +0800] "POST /xingrg/kc/pszx/jzcl_ps_operate.html HTTP/1.1" 200 2495
58.40.7.146 - - [18/May/2020:07:32:40 +0800] "GET /xingrg/all/function/internal_message.html?_=1589758361730&CODE_STATE=getMsg HTTP/1.1" 200 27
120.253.135.82 - - [18/May/2020:07:32:45 +0800] "POST /xingrg/kc/pszx/jzcl_ps_operate.html HTTP/1.1" 200 4
120.253.135.82 - - [18/May/2020:07:32:46 +0800] "GET /xingrg/kc/pszx/mdps_order_list.html HTTP/1.1" 200 20967
120.253.135.82 - - [18/May/2020:07:32:46 +0800] "POST /xingrg/kc/pszx/mdps_list_operate.html HTTP/1.1" 200 5403
58.40.7.146 - - [18/May/2020:07:32:50 +0800] "GET /xingrg/all/function/internal_message.html?_=1589758371242&CODE_STATE=getMsg HTTP/1.1" 200 27
120.253.135.82 - - [18/May/2020:07:32:50 +0800] "POST /xingrg/kc/pszx/mdps_list_operate.html HTTP/1.1" 200 5403
120.253.135.82 - - [18/May/2020:07:32:52 +0800] "GET /xingrg/kc/pszx/jzcl_ps.html HTTP/1.1" 200 7683
120.253.135.82 - - [18/May/2020:07:32:52 +0800] "POST /xingrg/all/common/load_tree.html?tree=area_rest_tree_json HTTP/1.1" 200 3088
120.253.135.82 - - [18/May/2020:07:32:53 +0800] "POST /xingrg/kc/pszx/jzcl_ps_operate.html HTTP/1.1" 200 2059
120.253.135.82 - - [18/May/2020:07:32:53 +0800] "POST /xingrg/kc/pszx/jzcl_ps_operate.html HTTP/1.1" 200 2059
120.253.135.82 - - [18/May/2020:07:32:57 +0800] "GET /xingrg/all/function/internal_message.html?_=1589758132690&CODE_STATE=getMsg HTTP/1.1" 200 27
117.131.5.26 - - [18/May/2020:07:32:58 +0800] "GET /xingrg/check_reg.html?_=1589758391984 HTTP/1.1" 200 22
117.131.5.26 - - [18/May/2020:07:33:03 +0800] "GET /xingrg/all/function/internal_message.html?_=1589758655100&CODE_STATE=getMsg HTTP/1.1" 200 27
120.253.135.82 - - [18/May/2020:07:33:04 +0800] "POST /xingrg/kc/pszx/jzcl_ps_operate.html HTTP/1.1" 200 4
120.253.135.82 - - [18/May/2020:07:33:05 +0800] "GET /xingrg/kc/pszx/mdps_order_list.html HTTP/1.1" 200 20967
120.253.135.82 - - [18/May/2020:07:33:05 +0800] "POST /xingrg/kc/pszx/mdps_list_operate.html HTTP/1.1" 200 5404
61.172.5.115 - - [18/May/2020:07:33:07 +0800] "GET /xingrg/all/function/internal_message.html?_=1589758388984&CODE_STATE=getMsg HTTP/1.1" 200 27
114.88.170.9 - - [18/May/2020:07:33:10 +0800] "GET /xingrg/check_reg.html?_=1589758391231 HTTP/1.1" 200 22
120.253.135.82 - - [18/May/2020:07:33:17 +0800] "POST /xingrg/kc/pszx/mdps_list_operate.html HTTP/1.1" 200 868
61.172.5.115 - - [18/May/2020:07:33:20 +0800] "GET /xingrg/check_reg.html?_=1589758401319 HTTP/1.1" 200 22
117.184.7.26 - - [18/May/2020:07:33:24 +0800] "GET /xingrg/all/function/internal_message.html?_=1589758405660&CODE_STATE=getMsg HTTP/1.1" 200 27
120.253.135.82 - - [18/May/2020:07:33:26 +0800] "POST /xingrg/kc/pszx/mdps_list_operate.html HTTP/1.1" 200 1690
120.253.135.82 - - [18/May/2020:07:33:27 +0800] "POST /xingrg/kc/pszx/mdps_list_operate.html HTTP/1.1" 200 460
120.253.135.82 - - [18/May/2020:07:33:28 +0800] "GET /xingrg/kc/pszx/mdps_order_info.html?code=312020051800356 HTTP/1.1" 200 23849
120.253.135.82 - - [18/May/2020:07:33:28 +0800] "POST /xingrg/kc/pszx/mdps_order_operate.html HTTP/1.1" 200 3783
120.253.135.82 - - [18/May/2020:07:33:28 +0800] "GET /xingrg/javascript/easyui/themes/default/validatebox.css HTTP/1.1" 404 1104
183.192.88.133 - - [18/May/2020:07:33:31 +0800] "GET /xingrg/check_reg.html?_=1589758414965 HTTP/1.1" 200 22
183.192.88.133 - - [18/May/2020:07:33:31 +0800] "GET /xingrg/all/function/internal_message.html?_=1589758414966&CODE_STATE=getMsg HTTP/1.1" 200 27
172.17.0.123 - - [18/May/2020:07:33:32 +0800] "GET /xingrg/all/function/internal_message.html?_=1589758407391&CODE_STATE=getMsg HTTP/1.1" 302 -
120.253.135.82 - - [18/May/2020:07:33:32 +0800] "POST /xingrg/kc/pszx/mdps_order_operate.html HTTP/1.1" 200 37
120.253.135.82 - - [18/May/2020:07:33:33 +0800] "GET /xingrg/kc/pszx/mdps_order_info.html?code=312020051800356 HTTP/1.1" 200 23849
120.253.135.82 - - [18/May/2020:07:33:33 +0800] "POST /xingrg/kc/pszx/mdps_order_operate.html HTTP/1.1" 200 3812
120.253.135.82 - - [18/May/2020:07:33:33 +0800] "GET /xingrg/javascript/easyui/themes/default/validatebox.css HTTP/1.1" 404 1104
58.40.7.146 - - [18/May/2020:07:33:40 +0800] "GET /xingrg/all/function/internal_message.html?_=1589758421732&CODE_STATE=getMsg HTTP/1.1" 200 27
58.40.7.146 - - [18/May/2020:07:33:50 +0800] "GET /xingrg/all/function/internal_message.html?_=1589758431245&CODE_STATE=getMsg HTTP/1.1" 200 27
120.253.135.82 - - [18/May/2020:07:33:51 +0800] "POST /xingrg/kc/pszx/mdps_list_operate.html HTTP/1.1" 200 3181
120.253.135.82 - - [18/May/2020:07:33:52 +0800] "GET /xingrg/check_reg.html?_=1589758187979 HTTP/1.1" 200 22
120.253.135.82 - - [18/May/2020:07:33:53 +0800] "POST /xingrg/kc/pszx/mdps_list_operate.html HTTP/1.1" 200 280
120.253.135.82 - - [18/May/2020:07:33:54 +0800] "GET /xingrg/kc/pszx/mdps_order_info.html?code=312020051800357 HTTP/1.1" 200 23849
120.253.135.82 - - [18/May/2020:07:33:55 +0800] "POST /xingrg/kc/pszx/mdps_order_operate.html HTTP/1.1" 200 2760
120.253.135.82 - - [18/May/2020:07:33:55 +0800] "GET /xingrg/javascript/easyui/themes/default/validatebox.css HTTP/1.1" 404 1104
120.253.135.82 - - [18/May/2020:07:33:57 +0800] "GET /xingrg/all/function/internal_message.html?_=1589758192703&CODE_STATE=getMsg HTTP/1.1" 200 27
120.253.135.82 - - [18/May/2020:07:34:01 +0800] "POST /xingrg/kc/pszx/mdps_order_operate.html HTTP/1.1" 200 37
120.253.135.82 - - [18/May/2020:07:34:03 +0800] "GET /xingrg/kc/pszx/mdps_order_info.html?code=312020051800357 HTTP/1.1" 200 23849
120.253.135.82 - - [18/May/2020:07:34:03 +0800] "GET /xingrg/javascript/easyui/themes/default/validatebox.css HTTP/1.1" 404 1104
117.131.5.26 - - [18/May/2020:07:34:03 +0800] "GET /xingrg/all/function/internal_message.html?_=1589758715311&CODE_STATE=getMsg HTTP/1.1" 200 27
120.253.135.82 - - [18/May/2020:07:34:03 +0800] "POST /xingrg/kc/pszx/mdps_order_operate.html HTTP/1.1" 200 2776
61.172.5.115 - - [18/May/2020:07:34:07 +0800] "GET /xingrg/all/function/internal_message.html?_=1589758448960&CODE_STATE=getMsg HTTP/1.1" 200 27
117.184.7.26 - - [18/May/2020:07:34:24 +0800] "GET /xingrg/all/function/internal_message.html?_=1589758465665&CODE_STATE=getMsg HTTP/1.1" 200 27
117.184.7.26 - - [18/May/2020:07:34:24 +0800] "GET /xingrg/check_reg.html?_=1589758465666 HTTP/1.1" 200 22
183.192.88.133 - - [18/May/2020:07:34:31 +0800] "GET /xingrg/all/function/internal_message.html?_=1589758474965&CODE_STATE=getMsg HTTP/1.1" 200 27
172.17.0.123 - - [18/May/2020:07:34:32 +0800] "GET /xingrg/all/function/internal_message.html?_=1589758467396&CODE_STATE=getMsg HTTP/1.1" 302 -
58.40.7.146 - - [18/May/2020:07:34:40 +0800] "GET /xingrg/all/function/internal_message.html?_=1589758481737&CODE_STATE=getMsg HTTP/1.1" 200 27
58.40.7.146 - - [18/May/2020:07:34:50 +0800] "GET /xingrg/all/function/internal_message.html?_=1589758491249&CODE_STATE=getMsg HTTP/1.1" 200 27
120.253.135.82 - - [18/May/2020:07:34:57 +0800] "GET /xingrg/all/function/internal_message.html?_=1589758252718&CODE_STATE=getMsg HTTP/1.1" 200 27
120.253.135.82 - - [18/May/2020:07:35:01 +0800] "POST /xingrg/kc/pszx/mdps_list_operate.html HTTP/1.1" 200 3181
120.253.135.82 - - [18/May/2020:07:35:03 +0800] "POST /xingrg/kc/pszx/mdps_list_operate.html HTTP/1.1" 200 642
117.131.5.26 - - [18/May/2020:07:35:03 +0800] "GET /xingrg/all/function/internal_message.html?_=1589758775314&CODE_STATE=getMsg HTTP/1.1" 200 27
120.253.135.82 - - [18/May/2020:07:35:04 +0800] "GET /xingrg/kc/pszx/mdps_order_info.html?code=312020051800358 HTTP/1.1" 200 23849
120.253.135.82 - - [18/May/2020:07:35:04 +0800] "GET /xingrg/javascript/easyui/themes/default/validatebox.css HTTP/1.1" 404 1104
120.253.135.82 - - [18/May/2020:07:35:04 +0800] "POST /xingrg/kc/pszx/mdps_order_operate.html HTTP/1.1" 200 11934
120.253.135.82 - - [18/May/2020:07:35:07 +0800] "POST /xingrg/kc/pszx/mdps_order_operate.html HTTP/1.1" 200 37
61.172.5.115 - - [18/May/2020:07:35:07 +0800] "GET /xingrg/all/function/internal_message.html?_=1589758508940&CODE_STATE=getMsg HTTP/1.1" 200 27
120.253.135.82 - - [18/May/2020:07:35:08 +0800] "GET /xingrg/kc/pszx/mdps_order_info.html?code=312020051800358 HTTP/1.1" 200 23849
120.253.135.82 - - [18/May/2020:07:35:08 +0800] "GET /xingrg/javascript/easyui/themes/default/validatebox.css HTTP/1.1" 404 1104
120.253.135.82 - - [18/May/2020:07:35:08 +0800] "POST /xingrg/kc/pszx/mdps_order_operate.html HTTP/1.1" 200 12087
117.184.7.26 - - [18/May/2020:07:35:24 +0800] "GET /xingrg/all/function/internal_message.html?_=1589758525667&CODE_STATE=getMsg HTTP/1.1" 200 27
183.192.88.133 - - [18/May/2020:07:35:31 +0800] "GET /xingrg/all/function/internal_message.html?_=1589758534964&CODE_STATE=getMsg HTTP/1.1" 200 27
172.17.0.123 - - [18/May/2020:07:35:32 +0800] "GET /xingrg/all/function/internal_message.html?_=1589758527398&CODE_STATE=getMsg HTTP/1.1" 302 -
172.17.0.123 - - [18/May/2020:07:35:32 +0800] "GET /xingrg/check_reg.html?_=1589758527399 HTTP/1.1" 302 -
58.40.7.146 - - [18/May/2020:07:35:40 +0800] "GET /xingrg/check_reg.html?_=1589758541724 HTTP/1.1" 200 22
58.40.7.146 - - [18/May/2020:07:35:40 +0800] "GET /xingrg/all/function/internal_message.html?_=1589758541725&CODE_STATE=getMsg HTTP/1.1" 200 27
58.40.7.146 - - [18/May/2020:07:35:50 +0800] "GET /xingrg/check_reg.html?_=1589758551236 HTTP/1.1" 200 22
58.40.7.146 - - [18/May/2020:07:35:50 +0800] "GET /xingrg/all/function/internal_message.html?_=1589758551237&CODE_STATE=getMsg HTTP/1.1" 200 27
120.253.135.82 - - [18/May/2020:07:35:57 +0800] "GET /xingrg/all/function/internal_message.html?_=1589758312731&CODE_STATE=getMsg HTTP/1.1" 200 27
117.131.5.26 - - [18/May/2020:07:36:03 +0800] "GET /xingrg/all/function/internal_message.html?_=1589758835517&CODE_STATE=getMsg HTTP/1.1" 200 27
61.172.5.115 - - [18/May/2020:07:36:07 +0800] "GET /xingrg/all/function/internal_message.html?_=1589758568918&CODE_STATE=getMsg HTTP/1.1" 200 27
117.131.5.26 - - [18/May/2020:07:36:16 +0800] "GET /xingrg/check_reg.html?_=1589758848556 HTTP/1.1" 200 22
117.184.7.26 - - [18/May/2020:07:36:24 +0800] "GET /xingrg/all/function/internal_message.html?_=1589758585669&CODE_STATE=getMsg HTTP/1.1" 200 27
183.192.88.133 - - [18/May/2020:07:36:31 +0800] "GET /xingrg/all/function/internal_message.html?_=1589758594964&CODE_STATE=getMsg HTTP/1.1" 200 27
172.17.0.123 - - [18/May/2020:07:36:32 +0800] "GET /xingrg/all/function/internal_message.html?_=1589758587401&CODE_STATE=getMsg HTTP/1.1" 302 -
120.253.135.82 - - [18/May/2020:07:36:40 +0800] "POST /xingrg/kc/pszx/mdps_order_operate.html HTTP/1.1" 200 37
58.40.7.146 - - [18/May/2020:07:36:40 +0800] "GET /xingrg/all/function/internal_message.html?_=1589758601726&CODE_STATE=getMsg HTTP/1.1" 200 27
120.253.135.82 - - [18/May/2020:07:36:41 +0800] "GET /xingrg/kc/pszx/mdps_order_info.html?code=312020051800358 HTTP/1.1" 200 23849
120.253.135.82 - - [18/May/2020:07:36:41 +0800] "GET /xingrg/javascript/easyui/themes/default/validatebox.css HTTP/1.1" 404 1104
120.253.135.82 - - [18/May/2020:07:36:42 +0800] "POST /xingrg/kc/pszx/mdps_order_operate.html HTTP/1.1" 200 12087
58.40.7.146 - - [18/May/2020:07:36:50 +0800] "GET /xingrg/all/function/internal_message.html?_=1589758611239&CODE_STATE=getMsg HTTP/1.1" 200 27
120.253.135.82 - - [18/May/2020:07:36:54 +0800] "POST /xingrg/kc/pszx/mdps_order_operate.html HTTP/1.1" 200 37
120.253.135.82 - - [18/May/2020:07:36:54 +0800] "GET /xingrg/kc/pszx/mdps_order_info.html?code=312020051800358 HTTP/1.1" 200 23849
120.253.135.82 - - [18/May/2020:07:36:55 +0800] "GET /xingrg/javascript/easyui/themes/default/validatebox.css HTTP/1.1" 404 1104
120.253.135.82 - - [18/May/2020:07:36:55 +0800] "POST /xingrg/kc/pszx/mdps_order_operate.html HTTP/1.1" 200 12087
120.253.135.82 - - [18/May/2020:07:36:57 +0800] "GET /xingrg/all/function/internal_message.html?_=1589758372745&CODE_STATE=getMsg HTTP/1.1" 200 27
120.253.135.82 - - [18/May/2020:07:37:03 +0800] "POST /xingrg/kc/pszx/mdps_list_operate.html HTTP/1.1" 200 3180
117.131.5.26 - - [18/May/2020:07:37:03 +0800] "GET /xingrg/all/function/internal_message.html?_=1589758895544&CODE_STATE=getMsg HTTP/1.1" 200 27
120.253.135.82 - - [18/May/2020:07:37:04 +0800] "POST /xingrg/kc/pszx/mdps_list_operate.html HTTP/1.1" 200 278
120.253.135.82 - - [18/May/2020:07:37:05 +0800] "GET /xingrg/kc/pszx/mdps_order_info.html?code=312020051800359 HTTP/1.1" 200 23849
120.253.135.82 - - [18/May/2020:07:37:06 +0800] "GET /xingrg/javascript/easyui/themes/default/validatebox.css HTTP/1.1" 404 1104
120.253.135.82 - - [18/May/2020:07:37:06 +0800] "POST /xingrg/kc/pszx/mdps_order_operate.html HTTP/1.1" 200 2763
61.172.5.115 - - [18/May/2020:07:37:07 +0800] "GET /xingrg/all/function/internal_message.html?_=1589758628899&CODE_STATE=getMsg HTTP/1.1" 200 27
120.253.135.82 - - [18/May/2020:07:37:08 +0800] "POST /xingrg/all/common/load_combo.html?type=base HTTP/1.1" 200 899
120.253.135.82 - - [18/May/2020:07:37:15 +0800] "POST /xingrg/kc/pszx/mdps_order_operate.html HTTP/1.1" 200 37
120.253.135.82 - - [18/May/2020:07:37:16 +0800] "GET /xingrg/kc/pszx/mdps_order_info.html?code=312020051800359 HTTP/1.1" 200 23847
120.253.135.82 - - [18/May/2020:07:37:17 +0800] "GET /xingrg/javascript/easyui/themes/default/validatebox.css HTTP/1.1" 404 1104
120.253.135.82 - - [18/May/2020:07:37:17 +0800] "POST /xingrg/kc/pszx/mdps_order_operate.html HTTP/1.1" 200 2779
120.253.135.82 - - [18/May/2020:07:37:21 +0800] "POST /xingrg/kc/pszx/mdps_list_operate.html HTTP/1.1" 200 3177
120.253.135.82 - - [18/May/2020:07:37:23 +0800] "POST /xingrg/kc/pszx/mdps_list_operate.html HTTP/1.1" 200 203
120.253.135.82 - - [18/May/2020:07:37:24 +0800] "GET /xingrg/kc/pszx/mdps_order_info.html?code=312020051800360 HTTP/1.1" 200 23849
120.253.135.82 - - [18/May/2020:07:37:24 +0800] "GET /xingrg/javascript/easyui/themes/default/validatebox.css HTTP/1.1" 404 1104
120.253.135.82 - - [18/May/2020:07:37:24 +0800] "POST /xingrg/kc/pszx/mdps_order_operate.html HTTP/1.1" 200 2287
117.184.7.26 - - [18/May/2020:07:37:24 +0800] "GET /xingrg/all/function/internal_message.html?_=1589758645671&CODE_STATE=getMsg HTTP/1.1" 200 27
120.253.135.82 - - [18/May/2020:07:37:26 +0800] "POST /xingrg/all/common/load_combo.html?type=base HTTP/1.1" 200 899
183.192.88.133 - - [18/May/2020:07:37:31 +0800] "GET /xingrg/all/function/internal_message.html?_=1589758654964&CODE_STATE=getMsg HTTP/1.1" 200 27
172.17.0.123 - - [18/May/2020:07:37:32 +0800] "GET /xingrg/all/function/internal_message.html?_=1589758647403&CODE_STATE=getMsg HTTP/1.1" 302 -
120.253.135.82 - - [18/May/2020:07:37:33 +0800] "POST /xingrg/kc/pszx/mdps_order_operate.html HTTP/1.1" 200 37
120.253.135.82 - - [18/May/2020:07:37:34 +0800] "GET /xingrg/kc/pszx/mdps_order_info.html?code=312020051800360 HTTP/1.1" 200 23847
120.253.135.82 - - [18/May/2020:07:37:35 +0800] "GET /xingrg/javascript/easyui/themes/default/validatebox.css HTTP/1.1" 404 1104
120.253.135.82 - - [18/May/2020:07:37:35 +0800] "POST /xingrg/kc/pszx/mdps_order_operate.html HTTP/1.1" 200 2295
58.40.7.146 - - [18/May/2020:07:37:40 +0800] "GET /xingrg/all/function/internal_message.html?_=1589758661729&CODE_STATE=getMsg HTTP/1.1" 200 27
58.40.7.146 - - [18/May/2020:07:37:50 +0800] "GET /xingrg/all/function/internal_message.html?_=1589758671242&CODE_STATE=getMsg HTTP/1.1" 200 27
120.253.135.82 - - [18/May/2020:07:37:57 +0800] "GET /xingrg/all/function/internal_message.html?_=1589758432757&CODE_STATE=getMsg HTTP/1.1" 200 27
117.131.5.26 - - [18/May/2020:07:37:58 +0800] "GET /xingrg/check_reg.html?_=1589758691984 HTTP/1.1" 200 22
120.253.135.82 - - [18/May/2020:07:37:59 +0800] "POST /xingrg/kc/pszx/mdps_order_operate.html HTTP/1.1" 200 37
120.253.135.82 - - [18/May/2020:07:38:00 +0800] "GET /xingrg/kc/pszx/mdps_order_info.html?code=312020051800360 HTTP/1.1" 200 23847
120.253.135.82 - - [18/May/2020:07:38:00 +0800] "GET /xingrg/javascript/easyui/themes/default/validatebox.css HTTP/1.1" 404 1104
120.253.135.82 - - [18/May/2020:07:38:00 +0800] "POST /xingrg/kc/pszx/mdps_order_operate.html HTTP/1.1" 200 2295
120.253.135.82 - - [18/May/2020:07:38:02 +0800] "POST /xingrg/kc/pszx/mdps_list_operate.html HTTP/1.1" 200 3174
117.131.5.26 - - [18/May/2020:07:38:03 +0800] "GET /xingrg/all/function/internal_message.html?_=1589758955557&CODE_STATE=getMsg HTTP/1.1" 200 27
120.253.135.82 - - [18/May/2020:07:38:04 +0800] "POST /xingrg/kc/pszx/mdps_list_operate.html HTTP/1.1" 200 606
61.172.5.115 - - [18/May/2020:07:38:07 +0800] "GET /xingrg/all/function/internal_message.html?_=1589758688881&CODE_STATE=getMsg HTTP/1.1" 200 27
114.88.170.9 - - [18/May/2020:07:38:10 +0800] "GET /xingrg/check_reg.html?_=1589758691242 HTTP/1.1" 200 22
120.253.135.82 - - [18/May/2020:07:38:19 +0800] "GET /xingrg/kc/pszx/ps_main.html HTTP/1.1" 200 13401
120.253.135.82 - - [18/May/2020:07:38:19 +0800] "GET /xingrg/images/blue/button/fdqpd.gif HTTP/1.1" 200 2116
120.253.135.82 - - [18/May/2020:07:38:19 +0800] "GET /xingrg/images/blue/button/pszx.gif HTTP/1.1" 200 2648
120.253.135.82 - - [18/May/2020:07:38:19 +0800] "GET /xingrg/images/blue/button/ckpd.gif HTTP/1.1" 200 2051
120.253.135.82 - - [18/May/2020:07:38:19 +0800] "GET /xingrg/images/blue/button/jzcgd.gif HTTP/1.1" 200 1976
120.253.135.82 - - [18/May/2020:07:38:19 +0800] "GET /xingrg/images/blue/button/fdps2.gif HTTP/1.1" 200 2548
120.253.135.82 - - [18/May/2020:07:38:19 +0800] "GET /xingrg/images/blue/button/yddb.gif HTTP/1.1" 200 2040
120.253.135.82 - - [18/May/2020:07:38:19 +0800] "GET /xingrg/images/blue/button/left_down_ah.jpg HTTP/1.1" 200 1848
120.253.135.82 - - [18/May/2020:07:38:19 +0800] "GET /xingrg/images/blue/button/line.jpg HTTP/1.1" 200 1397
120.253.135.82 - - [18/May/2020:07:38:19 +0800] "GET /xingrg/images/blue/button/right_down_ah.jpg HTTP/1.1" 200 1842
61.172.5.115 - - [18/May/2020:07:38:20 +0800] "GET /xingrg/check_reg.html?_=1589758701288 HTTP/1.1" 200 22
120.253.135.82 - - [18/May/2020:07:38:20 +0800] "GET /xingrg/images/yd/bt.gif HTTP/1.1" 404 1040
120.253.135.82 - - [18/May/2020:07:38:24 +0800] "GET /xingrg/kc/buy/buy_main.html HTTP/1.1" 200 12341
120.253.135.82 - - [18/May/2020:07:38:24 +0800] "GET /xingrg/css/new_ie.css HTTP/1.1" 404 1036
117.184.7.26 - - [18/May/2020:07:38:24 +0800] "GET /xingrg/all/function/internal_message.html?_=1589758705671&CODE_STATE=getMsg HTTP/1.1" 200 27
120.253.135.82 - - [18/May/2020:07:38:26 +0800] "GET /xingrg/kc/buy/cgsh_order_list.html HTTP/1.1" 200 43138
120.253.135.82 - - [18/May/2020:07:38:26 +0800] "POST /xingrg/kc/buy/cgsh_list_operate.html HTTP/1.1" 200 876
120.253.135.82 - - [18/May/2020:07:38:28 +0800] "GET /xingrg/kc/buy/cgsh_order_add.html HTTP/1.1" 200 57599
120.253.135.82 - - [18/May/2020:07:38:28 +0800] "POST /xingrg/kc/buy/cgsh_order_operate.html HTTP/1.1" 200 8245
120.253.135.82 - - [18/May/2020:07:38:28 +0800] "GET /xingrg/javascript/easyui/themes/default/validatebox.css HTTP/1.1" 404 1104
183.192.88.133 - - [18/May/2020:07:38:31 +0800] "GET /xingrg/all/function/internal_message.html?_=1589758714962&CODE_STATE=getMsg HTTP/1.1" 200 27
183.192.88.133 - - [18/May/2020:07:38:31 +0800] "GET /xingrg/check_reg.html?_=1589758714967 HTTP/1.1" 200 22
172.17.0.123 - - [18/May/2020:07:38:32 +0800] "GET /xingrg/all/function/internal_message.html?_=1589758707390&CODE_STATE=getMsg HTTP/1.1" 302 -
120.253.135.82 - - [18/May/2020:07:38:36 +0800] "GET /xingrg/kc/buy/cgsh_order_operate.html?command=get_materiel&rest_code=00101&code=00101025041&supplier_code=&order_time=2020-05-18 HTTP/1.1" 200 454
58.40.7.146 - - [18/May/2020:07:38:40 +0800] "GET /xingrg/all/function/internal_message.html?_=1589758721730&CODE_STATE=getMsg HTTP/1.1" 200 27
120.253.135.82 - - [18/May/2020:07:38:50 +0800] "GET /xingrg/kc/pszx/mdps_order_list.html?orderType=0 HTTP/1.1" 200 20967
58.40.7.146 - - [18/May/2020:07:38:50 +0800] "GET /xingrg/all/function/internal_message.html?_=1589758731246&CODE_STATE=getMsg HTTP/1.1" 200 27
120.253.135.82 - - [18/May/2020:07:38:50 +0800] "POST /xingrg/kc/pszx/mdps_list_operate.html HTTP/1.1" 200 5398
120.253.135.82 - - [18/May/2020:07:38:52 +0800] "GET /xingrg/check_reg.html?_=1589758487997 HTTP/1.1" 200 22
120.253.135.82 - - [18/May/2020:07:38:57 +0800] "GET /xingrg/all/function/internal_message.html?_=1589758492772&CODE_STATE=getMsg HTTP/1.1" 200 27
120.253.135.82 - - [18/May/2020:07:38:58 +0800] "POST /xingrg/kc/pszx/mdps_list_operate.html HTTP/1.1" 200 3174
120.253.135.82 - - [18/May/2020:07:39:00 +0800] "POST /xingrg/kc/pszx/mdps_list_operate.html HTTP/1.1" 200 606
120.253.135.82 - - [18/May/2020:07:39:01 +0800] "GET /xingrg/kc/pszx/mdps_order_info.html?code=312020051800361 HTTP/1.1" 200 23849
120.253.135.82 - - [18/May/2020:07:39:01 +0800] "GET /xingrg/javascript/easyui/themes/default/validatebox.css HTTP/1.1" 404 1104
120.253.135.82 - - [18/May/2020:07:39:01 +0800] "POST /xingrg/kc/pszx/mdps_order_operate.html HTTP/1.1" 200 9218
120.253.135.82 - - [18/May/2020:07:39:04 +0800] "POST /xingrg/all/common/load_combo.html?type=base HTTP/1.1" 200 899
117.131.5.26 - - [18/May/2020:07:39:04 +0800] "GET /xingrg/all/function/internal_message.html?_=1589759015760&CODE_STATE=getMsg HTTP/1.1" 200 27
61.172.5.115 - - [18/May/2020:07:39:07 +0800] "GET /xingrg/all/function/internal_message.html?_=1589758748851&CODE_STATE=getMsg HTTP/1.1" 200 27
120.253.135.82 - - [18/May/2020:07:39:08 +0800] "POST /xingrg/kc/pszx/mdps_order_operate.html HTTP/1.1" 200 37
120.253.135.82 - - [18/May/2020:07:39:09 +0800] "GET /xingrg/kc/pszx/mdps_order_info.html?code=312020051800361 HTTP/1.1" 200 23849
120.253.135.82 - - [18/May/2020:07:39:09 +0800] "GET /xingrg/javascript/easyui/themes/default/validatebox.css HTTP/1.1" 404 1104
120.253.135.82 - - [18/May/2020:07:39:10 +0800] "POST /xingrg/kc/pszx/mdps_order_operate.html HTTP/1.1" 200 9337
117.184.7.26 - - [18/May/2020:07:39:24 +0800] "GET /xingrg/all/function/internal_message.html?_=1589758765675&CODE_STATE=getMsg HTTP/1.1" 200 27
117.184.7.26 - - [18/May/2020:07:39:24 +0800] "GET /xingrg/check_reg.html?_=1589758765676 HTTP/1.1" 200 22
183.192.88.133 - - [18/May/2020:07:39:31 +0800] "GET /xingrg/all/function/internal_message.html?_=1589758774952&CODE_STATE=getMsg HTTP/1.1" 200 27
172.17.0.123 - - [18/May/2020:07:39:32 +0800] "GET /xingrg/all/function/internal_message.html?_=1589758767391&CODE_STATE=getMsg HTTP/1.1" 302 -
58.40.7.146 - - [18/May/2020:07:39:40 +0800] "GET /xingrg/all/function/internal_message.html?_=1589758781734&CODE_STATE=getMsg HTTP/1.1" 200 27
58.40.7.146 - - [18/May/2020:07:39:50 +0800] "GET /xingrg/all/function/internal_message.html?_=1589758791247&CODE_STATE=getMsg HTTP/1.1" 200 27
120.253.135.82 - - [18/May/2020:07:39:53 +0800] "POST /xingrg/kc/pszx/mdps_list_operate.html HTTP/1.1" 200 642
120.253.135.82 - - [18/May/2020:07:39:54 +0800] "GET /xingrg/kc/pszx/mdps_order_info.html?code=312020051800358 HTTP/1.1" 200 23849
120.253.135.82 - - [18/May/2020:07:39:55 +0800] "GET /xingrg/javascript/easyui/themes/default/validatebox.css HTTP/1.1" 404 1104
120.253.135.82 - - [18/May/2020:07:39:55 +0800] "POST /xingrg/kc/pszx/mdps_order_operate.html HTTP/1.1" 200 12087
120.253.135.82 - - [18/May/2020:07:39:57 +0800] "GET /xingrg/all/function/internal_message.html?_=1589758552942&CODE_STATE=getMsg HTTP/1.1" 200 27
117.131.5.26 - - [18/May/2020:07:40:04 +0800] "GET /xingrg/all/function/internal_message.html?_=1589759075772&CODE_STATE=getMsg HTTP/1.1" 200 27
61.172.5.115 - - [18/May/2020:07:40:07 +0800] "GET /xingrg/all/function/internal_message.html?_=1589758808831&CODE_STATE=getMsg HTTP/1.1" 200 27
120.253.135.82 - - [18/May/2020:07:40:18 +0800] "POST /xingrg/kc/pszx/mdps_list_operate.html HTTP/1.1" 200 3174
120.253.135.82 - - [18/May/2020:07:40:20 +0800] "POST /xingrg/kc/pszx/mdps_list_operate.html HTTP/1.1" 200 278
120.253.135.82 - - [18/May/2020:07:40:23 +0800] "GET /xingrg/kc/pszx/jzcl_make.html HTTP/1.1" 200 11141
120.253.135.82 - - [18/May/2020:07:40:23 +0800] "GET /xingrg/dwr/interface/AjaxReportQueryService.js HTTP/1.1" 200 13203
120.253.135.82 - - [18/May/2020:07:40:23 +0800] "GET /xingrg/dwr/engine.js HTTP/1.1" 200 43631
120.253.135.82 - - [18/May/2020:07:40:23 +0800] "GET /xingrg/javascript/step/images/navBtn.gif HTTP/1.1" 200 361
120.253.135.82 - - [18/May/2020:07:40:23 +0800] "POST /xingrg/kc/pszx/jzcl_make_operate.html HTTP/1.1" 200 18193
120.253.135.82 - - [18/May/2020:07:40:23 +0800] "POST /xingrg/kc/pszx/jzcl_make_operate.html HTTP/1.1" 200 18193
117.184.7.26 - - [18/May/2020:07:40:24 +0800] "GET /xingrg/all/function/internal_message.html?_=1589758825675&CODE_STATE=getMsg HTTP/1.1" 200 27
120.253.135.82 - - [18/May/2020:07:40:27 +0800] "GET /xingrg/kc/pszx/mdqp_order_info.html?type=look&code=302020051700269 HTTP/1.1" 200 12609
120.253.135.82 - - [18/May/2020:07:40:27 +0800] "GET /xingrg/dwr/engine.js HTTP/1.1" 200 43631
120.253.135.82 - - [18/May/2020:07:40:27 +0800] "GET /favicon.ico HTTP/1.1" 404 -
120.253.135.82 - - [18/May/2020:07:40:27 +0800] "POST /xingrg/dwr/call/plaincall/AjaxQqpsService.loadMaterielItems.dwr HTTP/1.1" 200 653
42.236.10.78 - - [18/May/2020:07:40:31 +0800] "GET /xingrg/kc/pszx/mdqp_order_info.html HTTP/1.1" 302 -
42.236.10.78 - - [18/May/2020:07:40:31 +0800] "GET /xingrg/login.html HTTP/1.1" 200 2139
42.236.10.117 - - [18/May/2020:07:40:31 +0800] "GET / HTTP/1.1" 404 -
183.192.88.133 - - [18/May/2020:07:40:31 +0800] "GET /xingrg/all/function/internal_message.html?_=1589758834968&CODE_STATE=getMsg HTTP/1.1" 200 27
42.236.10.78 - - [18/May/2020:07:40:31 +0800] "GET /xingrg/kc/pszx/mdqp_order_info.html HTTP/1.1" 302 -
42.236.10.117 - - [18/May/2020:07:40:31 +0800] "GET / HTTP/1.1" 404 -
42.236.10.78 - - [18/May/2020:07:40:32 +0800] "GET /xingrg/login.html HTTP/1.1" 200 2139
42.236.10.78 - - [18/May/2020:07:40:32 +0800] "GET /xingrg/javascript/mobile/jquery.mobile-1.3.2.min.css HTTP/1.1" 200 94670
42.236.10.93 - - [18/May/2020:07:40:32 +0800] "GET /xingrg/javascript/mobile/jquery.mobile-1.3.2.min.js HTTP/1.1" 200 145396
42.236.10.78 - - [18/May/2020:07:40:32 +0800] "GET /xingrg/javascript/mobile/jquery-1.8.3.min.js HTTP/1.1" 200 93637
172.17.0.123 - - [18/May/2020:07:40:32 +0800] "GET /xingrg/all/function/internal_message.html?_=1589758827396&CODE_STATE=getMsg HTTP/1.1" 302 -
172.17.0.123 - - [18/May/2020:07:40:32 +0800] "GET /xingrg/check_reg.html?_=1589758827397 HTTP/1.1" 302 -
42.236.10.93 - - [18/May/2020:07:40:33 +0800] "GET /xingrg/javascript/mobile/images/ajax-loader.gif HTTP/1.1" 200 7825
180.163.220.3 - - [18/May/2020:07:40:35 +0800] "GET / HTTP/1.1" 404 -
180.163.220.3 - - [18/May/2020:07:40:35 +0800] "GET / HTTP/1.1" 404 -
120.253.135.82 - - [18/May/2020:07:40:37 +0800] "GET /xingrg/kc/pszx/mdqp_order_info.html?type=look&code=302020051700262 HTTP/1.1" 200 12609
120.253.135.82 - - [18/May/2020:07:40:37 +0800] "GET /xingrg/dwr/engine.js HTTP/1.1" 200 43631
120.253.135.82 - - [18/May/2020:07:40:37 +0800] "GET /favicon.ico HTTP/1.1" 404 -
120.253.135.82 - - [18/May/2020:07:40:37 +0800] "POST /xingrg/dwr/call/plaincall/AjaxQqpsService.loadMaterielItems.dwr HTTP/1.1" 200 6424
58.40.7.146 - - [18/May/2020:07:40:40 +0800] "GET /xingrg/check_reg.html?_=1589758841735 HTTP/1.1" 200 22
58.40.7.146 - - [18/May/2020:07:40:40 +0800] "GET /xingrg/all/function/internal_message.html?_=1589758841736&CODE_STATE=getMsg HTTP/1.1" 200 27
58.40.7.146 - - [18/May/2020:07:40:50 +0800] "GET /xingrg/check_reg.html?_=1589758851252 HTTP/1.1" 200 22
58.40.7.146 - - [18/May/2020:07:40:50 +0800] "GET /xingrg/all/function/internal_message.html?_=1589758851253&CODE_STATE=getMsg HTTP/1.1" 200 27
120.253.135.82 - - [18/May/2020:07:40:53 +0800] "GET /xingrg/images/yd/bt.gif HTTP/1.1" 404 1040
120.253.135.82 - - [18/May/2020:07:40:53 +0800] "GET /xingrg/images/yd/bt2.gif HTTP/1.1" 404 1042
120.253.135.82 - - [18/May/2020:07:40:57 +0800] "GET /xingrg/all/function/internal_message.html?_=1589758613024&CODE_STATE=getMsg HTTP/1.1" 200 27
117.131.5.26 - - [18/May/2020:07:41:04 +0800] "GET /xingrg/all/function/internal_message.html?_=1589759135993&CODE_STATE=getMsg HTTP/1.1" 200 27
61.172.5.115 - - [18/May/2020:07:41:07 +0800] "GET /xingrg/all/function/internal_message.html?_=1589758868806&CODE_STATE=getMsg HTTP/1.1" 200 27
120.253.135.82 - - [18/May/2020:07:41:07 +0800] "GET /xingrg/kc/report/report_main.html HTTP/1.1" 200 9370
120.253.135.82 - - [18/May/2020:07:41:08 +0800] "GET /xingrg/kc/base/kc_stocks.html HTTP/1.1" 200 16278
120.253.135.82 - - [18/May/2020:07:41:08 +0800] "GET /xingrg/javascript/easyui/themes/sunny/easyui.css HTTP/1.1" 200 34304
120.253.135.82 - - [18/May/2020:07:41:09 +0800] "GET /xingrg/javascript/easyui/themes/icons/print_new.png HTTP/1.1" 200 3580
120.253.135.82 - - [18/May/2020:07:41:09 +0800] "GET /xingrg/javascript/easyui/themes/icons/filter_new.png HTTP/1.1" 200 795
120.253.135.82 - - [18/May/2020:07:41:09 +0800] "GET /xingrg/javascript/easyui/themes/icons/refresh_new.png HTTP/1.1" 200 685
120.253.135.82 - - [18/May/2020:07:41:09 +0800] "GET /xingrg/javascript/easyui/plugins/jquery.draggable.js HTTP/1.1" 200 6121
120.253.135.82 - - [18/May/2020:07:41:09 +0800] "GET /xingrg/javascript/easyui/plugins/jquery.droppable.js HTTP/1.1" 200 1167
120.253.135.82 - - [18/May/2020:07:41:09 +0800] "GET /xingrg/javascript/easyui/themes/default/tree.css HTTP/1.1" 404 1090
120.253.135.82 - - [18/May/2020:07:41:09 +0800] "GET /xingrg/javascript/easyui/plugins/jquery.tree.js HTTP/1.1" 200 20874
120.253.135.82 - - [18/May/2020:07:41:09 +0800] "POST /xingrg/all/common/load_tree.html?tree=materiel_sort_tree_json HTTP/1.1" 200 8666
120.253.135.82 - - [18/May/2020:07:41:09 +0800] "GET /xingrg/javascript/easyui/themes/sunny/images/tree_arrows.gif HTTP/1.1" 200 617
120.253.135.82 - - [18/May/2020:07:41:09 +0800] "GET /xingrg/javascript/easyui/themes/sunny/images/tree_folder_open.gif HTTP/1.1" 200 956
120.253.135.82 - - [18/May/2020:07:41:09 +0800] "GET /xingrg/javascript/easyui/themes/sunny/images/tree_folder.gif HTTP/1.1" 200 952
120.253.135.82 - - [18/May/2020:07:41:09 +0800] "GET /xingrg/javascript/easyui/themes/sunny/images/tree_file.gif HTTP/1.1" 200 118
120.253.135.82 - - [18/May/2020:07:41:10 +0800] "POST /xingrg/all/common/load_combo.html?type=base HTTP/1.1" 200 899
117.131.5.26 - - [18/May/2020:07:41:16 +0800] "GET /xingrg/check_reg.html?_=1589759148572 HTTP/1.1" 200 22
120.253.135.82 - - [18/May/2020:07:41:23 +0800] "POST /xingrg/kc/base/stock_operate.html HTTP/1.1" 200 2254
120.253.135.82 - - [18/May/2020:07:41:23 +0800] "GET /xingrg/javascript/jquery_tools/fix_table.js HTTP/1.1" 200 6528
117.184.7.26 - - [18/May/2020:07:41:24 +0800] "GET /xingrg/all/function/internal_message.html?_=1589758885677&CODE_STATE=getMsg HTTP/1.1" 200 27
183.192.88.133 - - [18/May/2020:07:41:31 +0800] "GET /xingrg/all/function/internal_message.html?_=1589758894967&CODE_STATE=getMsg HTTP/1.1" 200 27
172.17.0.123 - - [18/May/2020:07:41:32 +0800] "GET /xingrg/all/function/internal_message.html?_=1589758887399&CODE_STATE=getMsg HTTP/1.1" 302 -
120.253.135.82 - - [18/May/2020:07:41:38 +0800] "GET /xingrg/javascript/easyui/themes/sunny/images/ui-bg_gloss-wave_60_fece2f_500x100.png HTTP/1.1" 200 3512
58.40.7.146 - - [18/May/2020:07:41:40 +0800] "GET /xingrg/all/function/internal_message.html?_=1589758901739&CODE_STATE=getMsg HTTP/1.1" 200 27
120.253.135.82 - - [18/May/2020:07:41:43 +0800] "GET /xingrg/kc/pszx/mdps_order_list.html?orderType=0 HTTP/1.1" 200 20967
120.253.135.82 - - [18/May/2020:07:41:43 +0800] "POST /xingrg/kc/pszx/mdps_list_operate.html HTTP/1.1" 200 5398
58.40.7.146 - - [18/May/2020:07:41:50 +0800] "GET /xingrg/all/function/internal_message.html?_=1589758911240&CODE_STATE=getMsg HTTP/1.1" 200 27
120.253.135.82 - - [18/May/2020:07:41:52 +0800] "POST /xingrg/kc/pszx/mdps_list_operate.html HTTP/1.1" 200 3174
120.253.135.82 - - [18/May/2020:07:41:54 +0800] "POST /xingrg/kc/pszx/mdps_list_operate.html HTTP/1.1" 200 642
120.253.135.82 - - [18/May/2020:07:41:56 +0800] "GET /xingrg/kc/pszx/mdps_order_info.html?code=312020051800358 HTTP/1.1" 200 23849
120.253.135.82 - - [18/May/2020:07:41:57 +0800] "POST /xingrg/kc/pszx/mdps_order_operate.html HTTP/1.1" 200 12087
120.253.135.82 - - [18/May/2020:07:41:57 +0800] "GET /xingrg/javascript/easyui/themes/default/validatebox.css HTTP/1.1" 404 1104
120.253.135.82 - - [18/May/2020:07:41:57 +0800] "GET /xingrg/all/function/internal_message.html?_=1589758673030&CODE_STATE=getMsg HTTP/1.1" 200 27
117.131.5.26 - - [18/May/2020:07:42:04 +0800] "GET /xingrg/all/function/internal_message.html?_=1589759196001&CODE_STATE=getMsg HTTP/1.1" 200 27
61.172.5.115 - - [18/May/2020:07:42:07 +0800] "GET /xingrg/all/function/internal_message.html?_=1589758928784&CODE_STATE=getMsg HTTP/1.1" 200 27
116.232.33.186 - - [18/May/2020:07:42:17 +0800] "POST /xingrg/services/DataTransmitService HTTP/1.1" 200 524
117.184.7.26 - - [18/May/2020:07:42:24 +0800] "GET /xingrg/all/function/internal_message.html?_=1589758945679&CODE_STATE=getMsg HTTP/1.1" 200 27
183.192.88.133 - - [18/May/2020:07:42:31 +0800] "GET /xingrg/all/function/internal_message.html?_=1589758954965&CODE_STATE=getMsg HTTP/1.1" 200 27
172.17.0.123 - - [18/May/2020:07:42:32 +0800] "GET /xingrg/all/function/internal_message.html?_=1589758947402&CODE_STATE=getMsg HTTP/1.1" 302 -
58.40.7.146 - - [18/May/2020:07:42:40 +0800] "GET /xingrg/all/function/internal_message.html?_=1589758961727&CODE_STATE=getMsg HTTP/1.1" 200 27
58.40.7.146 - - [18/May/2020:07:42:50 +0800] "GET /xingrg/all/function/internal_message.html?_=1589758971244&CODE_STATE=getMsg HTTP/1.1" 200 27
120.253.135.82 - - [18/May/2020:07:42:57 +0800] "GET /xingrg/all/function/internal_message.html?_=1589758733138&CODE_STATE=getMsg HTTP/1.1" 200 27
117.131.5.26 - - [18/May/2020:07:42:58 +0800] "GET /xingrg/check_reg.html?_=1589758991984 HTTP/1.1" 200 22
117.131.5.26 - - [18/May/2020:07:43:04 +0800] "GET /xingrg/all/function/internal_message.html?_=1589759256016&CODE_STATE=getMsg HTTP/1.1" 200 27
61.172.5.115 - - [18/May/2020:07:43:07 +0800] "GET /xingrg/all/function/internal_message.html?_=1589758988753&CODE_STATE=getMsg HTTP/1.1" 200 27
114.88.170.9 - - [18/May/2020:07:43:10 +0800] "GET /xingrg/check_reg.html?_=1589758991241 HTTP/1.1" 200 22
61.172.5.115 - - [18/May/2020:07:43:20 +0800] "GET /xingrg/check_reg.html?_=1589759001261 HTTP/1.1" 200 22
117.184.7.26 - - [18/May/2020:07:43:24 +0800] "GET /xingrg/all/function/internal_message.html?_=1589759005681&CODE_STATE=getMsg HTTP/1.1" 200 27
183.192.88.133 - - [18/May/2020:07:43:31 +0800] "GET /xingrg/all/function/internal_message.html?_=1589759014965&CODE_STATE=getMsg HTTP/1.1" 200 27
183.192.88.133 - - [18/May/2020:07:43:31 +0800] "GET /xingrg/check_reg.html?_=1589759014966 HTTP/1.1" 200 22
172.17.0.123 - - [18/May/2020:07:43:32 +0800] "GET /xingrg/all/function/internal_message.html?_=1589759007403&CODE_STATE=getMsg HTTP/1.1" 302 -
58.40.7.146 - - [18/May/2020:07:43:40 +0800] "GET /xingrg/all/function/internal_message.html?_=1589759021728&CODE_STATE=getMsg HTTP/1.1" 200 27
58.40.7.146 - - [18/May/2020:07:43:50 +0800] "GET /xingrg/all/function/internal_message.html?_=1589759031245&CODE_STATE=getMsg HTTP/1.1" 200 27
120.253.135.82 - - [18/May/2020:07:43:52 +0800] "GET /xingrg/check_reg.html?_=1589758788008 HTTP/1.1" 200 22
120.253.135.82 - - [18/May/2020:07:43:57 +0800] "GET /xingrg/all/function/internal_message.html?_=1589758793151&CODE_STATE=getMsg HTTP/1.1" 200 27
117.131.5.26 - - [18/May/2020:07:44:04 +0800] "GET /xingrg/all/function/internal_message.html?_=1589759316253&CODE_STATE=getMsg HTTP/1.1" 200 27
61.172.5.115 - - [18/May/2020:07:44:07 +0800] "GET /xingrg/all/function/internal_message.html?_=1589759048725&CODE_STATE=getMsg HTTP/1.1" 200 27
117.184.7.26 - - [18/May/2020:07:44:24 +0800] "GET /xingrg/all/function/internal_message.html?_=1589759065682&CODE_STATE=getMsg HTTP/1.1" 200 27
117.184.7.26 - - [18/May/2020:07:44:24 +0800] "GET /xingrg/check_reg.html?_=1589759065684 HTTP/1.1" 200 22
183.192.88.133 - - [18/May/2020:07:44:31 +0800] "GET /xingrg/all/function/internal_message.html?_=1589759074964&CODE_STATE=getMsg HTTP/1.1" 200 27
172.17.0.123 - - [18/May/2020:07:44:32 +0800] "GET /xingrg/all/function/internal_message.html?_=1589759067389&CODE_STATE=getMsg HTTP/1.1" 302 -
120.253.135.82 - - [18/May/2020:07:44:40 +0800] "POST /xingrg/kc/pszx/mdps_list_operate.html HTTP/1.1" 200 4296
58.40.7.146 - - [18/May/2020:07:44:40 +0800] "GET /xingrg/all/function/internal_message.html?_=1589759081730&CODE_STATE=getMsg HTTP/1.1" 200 27
120.253.135.82 - - [18/May/2020:07:44:42 +0800] "POST /xingrg/kc/pszx/mdps_list_operate.html HTTP/1.1" 200 201
120.253.135.82 - - [18/May/2020:07:44:43 +0800] "POST /xingrg/kc/pszx/mdps_list_operate.html HTTP/1.1" 200 211
120.253.135.82 - - [18/May/2020:07:44:47 +0800] "POST /xingrg/kc/pszx/mdps_list_operate.html HTTP/1.1" 200 200
120.253.135.82 - - [18/May/2020:07:44:49 +0800] "GET /xingrg/kc/pszx/mdps_order_info.html?code=312020051800352 HTTP/1.1" 200 23849
120.253.135.82 - - [18/May/2020:07:44:50 +0800] "POST /xingrg/kc/pszx/mdps_order_operate.html HTTP/1.1" 200 2266
120.253.135.82 - - [18/May/2020:07:44:50 +0800] "GET /xingrg/javascript/easyui/themes/default/validatebox.css HTTP/1.1" 404 1104
58.40.7.146 - - [18/May/2020:07:44:50 +0800] "GET /xingrg/all/function/internal_message.html?_=1589759091248&CODE_STATE=getMsg HTTP/1.1" 200 27
120.253.135.82 - - [18/May/2020:07:44:57 +0800] "GET /xingrg/all/function/internal_message.html?_=1589758853164&CODE_STATE=getMsg HTTP/1.1" 200 27
120.253.135.82 - - [18/May/2020:07:44:58 +0800] "POST /xingrg/kc/pszx/mdps_list_operate.html HTTP/1.1" 200 4296
120.253.135.82 - - [18/May/2020:07:45:01 +0800] "POST /xingrg/kc/pszx/mdps_list_operate.html HTTP/1.1" 200 200
120.253.135.82 - - [18/May/2020:07:45:01 +0800] "GET /xingrg/kc/pszx/mdps_order_info.html?code=312020051800352 HTTP/1.1" 200 23849
120.253.135.82 - - [18/May/2020:07:45:02 +0800] "POST /xingrg/kc/pszx/mdps_order_operate.html HTTP/1.1" 200 2266
120.253.135.82 - - [18/May/2020:07:45:02 +0800] "GET /xingrg/javascript/easyui/themes/default/validatebox.css HTTP/1.1" 404 1104
117.131.5.26 - - [18/May/2020:07:45:04 +0800] "GET /xingrg/all/function/internal_message.html?_=1589759376260&CODE_STATE=getMsg HTTP/1.1" 200 27
61.172.5.115 - - [18/May/2020:07:45:07 +0800] "GET /xingrg/all/function/internal_message.html?_=1589759108706&CODE_STATE=getMsg HTTP/1.1" 200 27
117.184.7.26 - - [18/May/2020:07:45:24 +0800] "GET /xingrg/all/function/internal_message.html?_=1589759125685&CODE_STATE=getMsg HTTP/1.1" 200 27
120.253.135.82 - - [18/May/2020:07:45:28 +0800] "POST /xingrg/kc/pszx/mdps_list_operate.html HTTP/1.1" 200 4296
183.192.88.133 - - [18/May/2020:07:45:31 +0800] "GET /xingrg/all/function/internal_message.html?_=1589759134966&CODE_STATE=getMsg HTTP/1.1" 200 27
172.17.0.123 - - [18/May/2020:07:45:32 +0800] "GET /xingrg/all/function/internal_message.html?_=1589759127391&CODE_STATE=getMsg HTTP/1.1" 302 -
172.17.0.123 - - [18/May/2020:07:45:32 +0800] "GET /xingrg/check_reg.html?_=1589759127393 HTTP/1.1" 302 -
58.40.7.146 - - [18/May/2020:07:45:40 +0800] "GET /xingrg/all/function/internal_message.html?_=1589759141733&CODE_STATE=getMsg HTTP/1.1" 200 27
58.40.7.146 - - [18/May/2020:07:45:40 +0800] "GET /xingrg/check_reg.html?_=1589759141734 HTTP/1.1" 200 22
120.253.135.82 - - [18/May/2020:07:45:42 +0800] "POST /xingrg/kc/pszx/mdps_list_operate.html HTTP/1.1" 200 4289
120.253.135.82 - - [18/May/2020:07:45:44 +0800] "POST /xingrg/kc/pszx/mdps_list_operate.html HTTP/1.1" 200 201
120.253.135.82 - - [18/May/2020:07:45:45 +0800] "POST /xingrg/kc/pszx/mdps_list_operate.html HTTP/1.1" 200 609
120.253.135.82 - - [18/May/2020:07:45:48 +0800] "GET /xingrg/kc/pszx/mdps_order_info.html?code=312020051800354 HTTP/1.1" 200 23849
120.253.135.82 - - [18/May/2020:07:45:48 +0800] "POST /xingrg/kc/pszx/mdps_order_operate.html HTTP/1.1" 200 2283
120.253.135.82 - - [18/May/2020:07:45:48 +0800] "GET /xingrg/javascript/easyui/themes/default/validatebox.css HTTP/1.1" 404 1104
58.40.7.146 - - [18/May/2020:07:45:50 +0800] "GET /xingrg/all/function/internal_message.html?_=1589759151250&CODE_STATE=getMsg HTTP/1.1" 200 27
58.40.7.146 - - [18/May/2020:07:45:50 +0800] "GET /xingrg/check_reg.html?_=1589759151252 HTTP/1.1" 200 22
120.253.135.82 - - [18/May/2020:07:45:57 +0800] "GET /xingrg/all/function/internal_message.html?_=1589758913179&CODE_STATE=getMsg HTTP/1.1" 200 27
117.131.5.26 - - [18/May/2020:07:46:04 +0800] "GET /xingrg/all/function/internal_message.html?_=1589759436566&CODE_STATE=getMsg HTTP/1.1" 200 27
61.172.5.115 - - [18/May/2020:07:46:07 +0800] "GET /xingrg/all/function/internal_message.html?_=1589759168682&CODE_STATE=getMsg HTTP/1.1" 200 27
117.131.5.26 - - [18/May/2020:07:46:16 +0800] "GET /xingrg/check_reg.html?_=1589759448572 HTTP/1.1" 200 22
117.184.7.26 - - [18/May/2020:07:46:24 +0800] "GET /xingrg/all/function/internal_message.html?_=1589759185686&CODE_STATE=getMsg HTTP/1.1" 200 27
183.192.88.133 - - [18/May/2020:07:46:31 +0800] "GET /xingrg/all/function/internal_message.html?_=1589759194963&CODE_STATE=getMsg HTTP/1.1" 200 27
172.17.0.123 - - [18/May/2020:07:46:32 +0800] "GET /xingrg/all/function/internal_message.html?_=1589759187397&CODE_STATE=getMsg HTTP/1.1" 302 -
58.40.7.146 - - [18/May/2020:07:46:40 +0800] "GET /xingrg/all/function/internal_message.html?_=1589759201735&CODE_STATE=getMsg HTTP/1.1" 200 27
58.40.7.146 - - [18/May/2020:07:46:50 +0800] "GET /xingrg/all/function/internal_message.html?_=1589759211254&CODE_STATE=getMsg HTTP/1.1" 200 27
120.253.135.82 - - [18/May/2020:07:46:57 +0800] "GET /xingrg/all/function/internal_message.html?_=1589758973192&CODE_STATE=getMsg HTTP/1.1" 200 27
117.131.5.26 - - [18/May/2020:07:47:05 +0800] "GET /xingrg/all/function/internal_message.html?_=1589759496603&CODE_STATE=getMsg HTTP/1.1" 200 27
61.172.5.115 - - [18/May/2020:07:47:07 +0800] "GET /xingrg/all/function/internal_message.html?_=1589759228660&CODE_STATE=getMsg HTTP/1.1" 200 27
117.184.7.26 - - [18/May/2020:07:47:24 +0800] "GET /xingrg/all/function/internal_message.html?_=1589759245691&CODE_STATE=getMsg HTTP/1.1" 200 27
183.192.88.133 - - [18/May/2020:07:47:31 +0800] "GET /xingrg/all/function/internal_message.html?_=1589759254962&CODE_STATE=getMsg HTTP/1.1" 200 27
172.17.0.123 - - [18/May/2020:07:47:32 +0800] "GET /xingrg/all/function/internal_message.html?_=1589759247399&CODE_STATE=getMsg HTTP/1.1" 302 -
58.40.7.146 - - [18/May/2020:07:47:40 +0800] "GET /xingrg/all/function/internal_message.html?_=1589759261737&CODE_STATE=getMsg HTTP/1.1" 200 27
120.253.135.82 - - [18/May/2020:07:47:50 +0800] "POST /xingrg/kc/pszx/mdps_list_operate.html HTTP/1.1" 200 4289
58.40.7.146 - - [18/May/2020:07:47:50 +0800] "GET /xingrg/all/function/internal_message.html?_=1589759271257&CODE_STATE=getMsg HTTP/1.1" 200 27
120.253.135.82 - - [18/May/2020:07:47:52 +0800] "GET /xingrg/kc/pszx/mdqp_order_list.html?state=10 HTTP/1.1" 200 10079
120.253.135.82 - - [18/May/2020:07:47:52 +0800] "POST /xingrg/kc/pszx/mdps_list_operate.html HTTP/1.1" 200 4289
120.253.135.82 - - [18/May/2020:07:47:52 +0800] "GET /xingrg/dwr/interface/AjaxReportQueryService.js HTTP/1.1" 200 13203
120.253.135.82 - - [18/May/2020:07:47:52 +0800] "GET /xingrg/dwr/interface/AjaxQqpsService.js HTTP/1.1" 200 16326
120.253.135.82 - - [18/May/2020:07:47:52 +0800] "GET /xingrg/dwr/engine.js HTTP/1.1" 200 43631
120.253.135.82 - - [18/May/2020:07:47:56 +0800] "GET /xingrg/kc/report/report_main.html HTTP/1.1" 200 9370
120.253.135.82 - - [18/May/2020:07:47:57 +0800] "GET /xingrg/kc/base/kc_stocks.html HTTP/1.1" 200 16278
120.253.135.82 - - [18/May/2020:07:47:57 +0800] "GET /xingrg/javascript/easyui/themes/default/tree.css HTTP/1.1" 404 1090
120.253.135.82 - - [18/May/2020:07:47:57 +0800] "POST /xingrg/all/common/load_tree.html?tree=materiel_sort_tree_json HTTP/1.1" 200 8666
120.253.135.82 - - [18/May/2020:07:47:57 +0800] "GET /xingrg/all/function/internal_message.html?_=1589759033296&CODE_STATE=getMsg HTTP/1.1" 200 27
117.131.5.26 - - [18/May/2020:07:47:58 +0800] "GET /xingrg/check_reg.html?_=1589759291984 HTTP/1.1" 200 22
120.253.135.82 - - [18/May/2020:07:47:59 +0800] "POST /xingrg/all/common/load_combo.html?type=base HTTP/1.1" 200 899
117.131.5.26 - - [18/May/2020:07:48:05 +0800] "GET /xingrg/all/function/internal_message.html?_=1589759556667&CODE_STATE=getMsg HTTP/1.1" 200 27
61.172.5.115 - - [18/May/2020:07:48:07 +0800] "GET /xingrg/all/function/internal_message.html?_=1589759288630&CODE_STATE=getMsg HTTP/1.1" 200 27
114.88.170.9 - - [18/May/2020:07:48:10 +0800] "GET /xingrg/check_reg.html?_=1589759291248 HTTP/1.1" 200 22
61.172.5.115 - - [18/May/2020:07:48:20 +0800] "GET /xingrg/check_reg.html?_=1589759301241 HTTP/1.1" 200 22
120.253.135.82 - - [18/May/2020:07:48:20 +0800] "POST /xingrg/kc/base/stock_operate.html HTTP/1.1" 200 1490
117.184.7.26 - - [18/May/2020:07:48:24 +0800] "GET /xingrg/all/function/internal_message.html?_=1589759305691&CODE_STATE=getMsg HTTP/1.1" 200 27
183.192.88.133 - - [18/May/2020:07:48:31 +0800] "GET /xingrg/all/function/internal_message.html?_=1589759314963&CODE_STATE=getMsg HTTP/1.1" 200 27
183.192.88.133 - - [18/May/2020:07:48:31 +0800] "GET /xingrg/check_reg.html?_=1589759314965 HTTP/1.1" 200 22
172.17.0.123 - - [18/May/2020:07:48:32 +0800] "GET /xingrg/all/function/internal_message.html?_=1589759307400&CODE_STATE=getMsg HTTP/1.1" 302 -
58.40.7.146 - - [18/May/2020:07:48:40 +0800] "GET /xingrg/all/function/internal_message.html?_=1589759321742&CODE_STATE=getMsg HTTP/1.1" 200 27
58.40.7.146 - - [18/May/2020:07:48:50 +0800] "GET /xingrg/all/function/internal_message.html?_=1589759331258&CODE_STATE=getMsg HTTP/1.1" 200 27
120.253.135.82 - - [18/May/2020:07:48:52 +0800] "GET /xingrg/check_reg.html?_=1589759088018 HTTP/1.1" 200 22
120.253.135.82 - - [18/May/2020:07:48:57 +0800] "GET /xingrg/all/function/internal_message.html?_=1589759093297&CODE_STATE=getMsg HTTP/1.1" 200 27
117.131.5.26 - - [18/May/2020:07:49:05 +0800] "GET /xingrg/all/function/internal_message.html?_=1589759616905&CODE_STATE=getMsg HTTP/1.1" 200 27
61.172.5.115 - - [18/May/2020:07:49:07 +0800] "GET /xingrg/all/function/internal_message.html?_=1589759348598&CODE_STATE=getMsg HTTP/1.1" 200 27
117.184.7.26 - - [18/May/2020:07:49:24 +0800] "GET /xingrg/all/function/internal_message.html?_=1589759365692&CODE_STATE=getMsg HTTP/1.1" 200 27
117.184.7.26 - - [18/May/2020:07:49:24 +0800] "GET /xingrg/check_reg.html?_=1589759365695 HTTP/1.1" 200 22
183.192.88.133 - - [18/May/2020:07:49:31 +0800] "GET /xingrg/all/function/internal_message.html?_=1589759374964&CODE_STATE=getMsg HTTP/1.1" 200 27
172.17.0.123 - - [18/May/2020:07:49:32 +0800] "GET /xingrg/all/function/internal_message.html?_=1589759367404&CODE_STATE=getMsg HTTP/1.1" 302 -
58.40.7.146 - - [18/May/2020:07:49:40 +0800] "GET /xingrg/all/function/internal_message.html?_=1589759381727&CODE_STATE=getMsg HTTP/1.1" 200 27
120.253.135.82 - - [18/May/2020:07:49:46 +0800] "POST /xingrg/kc/base/stock_operate.html HTTP/1.1" 200 1471
58.40.7.146 - - [18/May/2020:07:49:50 +0800] "GET /xingrg/all/function/internal_message.html?_=1589759391246&CODE_STATE=getMsg HTTP/1.1" 200 27
120.253.135.82 - - [18/May/2020:07:49:57 +0800] "GET /xingrg/all/function/internal_message.html?_=1589759153311&CODE_STATE=getMsg HTTP/1.1" 200 27
