180.175.212.199 - - [18/May/2020:10:17:24 +0800] "POST /xingrg/kc/base/wldb_order_operate.html HTTP/1.1" 200 12
180.175.212.199 - - [18/May/2020:10:17:25 +0800] "POST /xingrg/kc/base/wldb_order_operate.html HTTP/1.1" 200 4111
117.184.7.26 - - [18/May/2020:10:17:25 +0800] "GET /xingrg/all/function/internal_message.html?_=1589768245987&CODE_STATE=getMsg HTTP/1.1" 200 27
172.17.0.119 - - [18/May/2020:10:17:26 +0800] "POST /xingrg/system/rest/edit_item.html HTTP/1.1" 200 4
172.17.0.119 - - [18/May/2020:10:17:26 +0800] "GET /xingrg/system/rest/get_item.html?table=menu&id=5006&_=1589768246162 HTTP/1.1" 200 919
172.17.0.119 - - [18/May/2020:10:17:28 +0800] "GET /xingrg/system/rest/get_infos.html?command=menu_img_show&id=5006 HTTP/1.1" 200 5
172.17.0.119 - - [18/May/2020:10:17:28 +0800] "GET /xingrg/system/rest/query_items.html?_=1589768247918&table=menu&page=2&rows=20&categoryId=&key=5048 HTTP/1.1" 200 259
180.175.212.199 - - [18/May/2020:10:17:29 +0800] "GET /xingrg/kc/base/wldb_order_info.html?code=422020051801749 HTTP/1.1" 200 26195
172.17.0.119 - - [18/May/2020:10:17:30 +0800] "POST /xingrg/system/rest/get_infos.html?command=get_rest_tree HTTP/1.1" 200 903
180.175.212.199 - - [18/May/2020:10:17:30 +0800] "POST /xingrg/kc/base/wldb_order_operate.html HTTP/1.1" 200 2358
180.175.212.199 - - [18/May/2020:10:17:30 +0800] "GET /xingrg/javascript/easyui/themes/default/validatebox.css HTTP/1.1" 404 1104
172.17.0.101 - - [18/May/2020:10:17:31 +0800] "GET /xingrg/all/function/internal_message.html?_=1589768288632&CODE_STATE=getMsg HTTP/1.1" 200 27
183.192.88.133 - - [18/May/2020:10:17:31 +0800] "GET /xingrg/all/function/internal_message.html?_=1589768255031&CODE_STATE=getMsg HTTP/1.1" 200 27
172.17.0.123 - - [18/May/2020:10:17:32 +0800] "GET /xingrg/all/function/internal_message.html?_=1589768247396&CODE_STATE=getMsg HTTP/1.1" 302 -
172.17.0.100 - - [18/May/2020:10:17:33 +0800] "GET /xingrg/all/function/internal_message.html?_=1589768254207&CODE_STATE=getMsg HTTP/1.1" 200 27
180.175.212.199 - - [18/May/2020:10:17:35 +0800] "GET /xingrg/kc/base/wldb_order_add.html HTTP/1.1" 200 30316
172.17.0.119 - - [18/May/2020:10:17:35 +0800] "GET /xingrg/all/function/internal_message.html?_=1589768255068&CODE_STATE=getMsg HTTP/1.1" 200 27
180.175.212.199 - - [18/May/2020:10:17:36 +0800] "POST /xingrg/kc/base/wldb_order_operate.html HTTP/1.1" 200 6806
180.175.212.199 - - [18/May/2020:10:17:36 +0800] "GET /xingrg/javascript/easyui/themes/default/validatebox.css HTTP/1.1" 404 1104
180.162.232.172 - - [18/May/2020:10:17:37 +0800] "GET /xingrg/all/function/internal_message.html?_=1589768258779&CODE_STATE=getMsg HTTP/1.1" 200 27
101.227.139.171 - - [18/May/2020:10:17:38 +0800] "GET /xingrg/all/function/internal_message.html?_=1589767458237&CODE_STATE=getMsg HTTP/1.1" 302 -
180.162.232.172 - - [18/May/2020:10:17:38 +0800] "GET /xingrg/check_reg.html?_=1589768259922 HTTP/1.1" 200 22
58.40.7.146 - - [18/May/2020:10:17:40 +0800] "GET /xingrg/all/function/internal_message.html?_=1589768261749&CODE_STATE=getMsg HTTP/1.1" 200 27
117.185.32.26 - - [18/May/2020:10:17:41 +0800] "GET /xingrg/kc/buy/cgsh_order_operate.html?command=get_materiel&rest_code=00106&code=00101008059&supplier_code=00100007&order_time=2020-05-18 HTTP/1.1" 200 408
117.131.5.26 - - [18/May/2020:10:17:41 +0800] "POST /xingrg/services/DataTransmitService HTTP/1.1" 200 524
117.131.5.26 - - [18/May/2020:10:17:41 +0800] "POST /xingrg/services/DataTransmitService HTTP/1.1" 200 501
180.175.212.199 - - [18/May/2020:10:17:43 +0800] "GET /xingrg/kc/base/wldb_order_operate.html?command=get_materiel&rest_code=00102&base_code=0010477&code=00102002164 HTTP/1.1" 200 428
101.227.139.171 - - [18/May/2020:10:17:45 +0800] "GET /xingrg/login.html HTTP/1.1" 200 7641
180.175.212.199 - - [18/May/2020:10:17:46 +0800] "GET /xingrg/kc/base/wldb_order_operate.html?command=get_materiel&rest_code=00102&base_code=0010477&code=00102002610 HTTP/1.1" 200 429
172.17.0.119 - - [18/May/2020:10:17:50 +0800] "POST /xingrg/system/rest/edit_item.html HTTP/1.1" 200 4
172.17.0.119 - - [18/May/2020:10:17:50 +0800] "GET /xingrg/system/rest/get_item.html?table=menu&target=menu_rest&id=5006&_=1589768269809 HTTP/1.1" 200 255
58.40.7.146 - - [18/May/2020:10:17:50 +0800] "GET /xingrg/all/function/internal_message.html?_=1589768271369&CODE_STATE=getMsg HTTP/1.1" 200 27
180.162.232.172 - - [18/May/2020:10:17:50 +0800] "GET /xingrg/all/function/internal_message.html?_=1589768406514&CODE_STATE=getMsg HTTP/1.1" 200 27
172.17.0.119 - - [18/May/2020:10:17:52 +0800] "POST /xingrg/system/rest/edit_item.html HTTP/1.1" 200 4
172.17.0.119 - - [18/May/2020:10:17:52 +0800] "GET /xingrg/system/rest/get_item.html?table=menu&id=5006&_=1589768272392 HTTP/1.1" 200 919
172.17.0.119 - - [18/May/2020:10:17:54 +0800] "GET /xingrg/system/rest/query_items.html?_=1589768274170&table=menu&page=2&rows=20&categoryId=&key=5048 HTTP/1.1" 200 259
180.175.212.199 - - [18/May/2020:10:17:55 +0800] "GET /xingrg/kc/base/wldb_order_operate.html?command=get_materiel&rest_code=00102&base_code=0010477&code=00102002314 HTTP/1.1" 200 447
117.185.32.26 - - [18/May/2020:10:17:55 +0800] "GET /xingrg/kc/buy/cgsh_order_operate.html?command=get_materiel&rest_code=00106&code=00101008114&supplier_code=00100007&order_time=2020-05-18 HTTP/1.1" 200 412
172.17.0.119 - - [18/May/2020:10:17:58 +0800] "GET /xingrg/system/rest/query_items.html?_=1589768277400&table=menu&page=2&rows=20&categoryId=&key=5048 HTTP/1.1" 200 259
117.131.5.26 - - [18/May/2020:10:17:58 +0800] "GET /xingrg/check_reg.html?_=1589768292015 HTTP/1.1" 200 22
180.175.212.199 - - [18/May/2020:10:17:58 +0800] "GET /xingrg/all/function/internal_message.html?_=1589768478807&CODE_STATE=getMsg HTTP/1.1" 200 27
180.175.212.199 - - [18/May/2020:10:17:58 +0800] "GET /xingrg/kc/base/wldb_order_operate.html?command=get_materiel&rest_code=00102&base_code=0010477&code=00102002315 HTTP/1.1" 200 444
124.77.110.230 - - [18/May/2020:10:17:59 +0800] "GET /xingrg/all/function/internal_message.html?_=1589768279346&CODE_STATE=getMsg HTTP/1.1" 200 27
114.86.226.250 - - [18/May/2020:10:17:59 +0800] "GET /xingrg/all/function/internal_message.html?_=1589768355234&CODE_STATE=getMsg HTTP/1.1" 200 27
172.17.0.119 - - [18/May/2020:10:18:00 +0800] "GET /xingrg/system/rest/query_items.html?_=1589768279441&table=menu&page=2&rows=20&categoryId=&key=5006 HTTP/1.1" 200 235
222.69.138.209 - - [18/May/2020:10:18:03 +0800] "GET /xingrg/all/function/internal_message.html?_=1589768283337&CODE_STATE=getMsg HTTP/1.1" 200 27
180.175.212.199 - - [18/May/2020:10:18:03 +0800] "POST /xingrg/kc/base/wldb_order_operate.html HTTP/1.1" 200 37
61.172.5.115 - - [18/May/2020:10:18:03 +0800] "GET /xingrg/all/function/internal_message.html?_=1589768284915&CODE_STATE=getMsg HTTP/1.1" 200 27
172.17.0.119 - - [18/May/2020:10:18:04 +0800] "GET /xingrg/system/rest/query_items.html?_=1589768283534&table=menu&page=2&rows=20&categoryId=&key=5066 HTTP/1.1" 200 241
180.175.212.199 - - [18/May/2020:10:18:04 +0800] "POST /xingrg/kc/base/wldb_order_operate.html HTTP/1.1" 200 12
180.175.212.199 - - [18/May/2020:10:18:04 +0800] "POST /xingrg/kc/base/wldb_order_operate.html HTTP/1.1" 200 2691
114.88.170.9 - - [18/May/2020:10:18:04 +0800] "GET /xingrg/all/function/internal_message.html?_=1589768285361&CODE_STATE=getMsg HTTP/1.1" 200 27
117.185.32.26 - - [18/May/2020:10:18:06 +0800] "GET /xingrg/kc/buy/cgsh_order_operate.html?command=get_materiel&rest_code=00106&code=00101008236&supplier_code=00100007&order_time=2020-05-18 HTTP/1.1" 200 416
114.86.190.97 - - [18/May/2020:10:18:06 +0800] "GET /xingrg/check_reg.html?_=1589768287222 HTTP/1.1" 200 22
114.86.190.97 - - [18/May/2020:10:18:07 +0800] "GET /xingrg/all/function/internal_message.html?_=1589768287943&CODE_STATE=getMsg HTTP/1.1" 200 27
180.175.212.199 - - [18/May/2020:10:18:07 +0800] "GET /xingrg/kc/base/wldb_order_info.html?code=422020051801750 HTTP/1.1" 200 26195
180.175.212.199 - - [18/May/2020:10:18:08 +0800] "POST /xingrg/kc/base/wldb_order_operate.html HTTP/1.1" 200 976
61.151.178.165 - - [18/May/2020:10:18:08 +0800] "GET /xingrg/check_reg.html?_=1589767578241 HTTP/1.1" 302 -
180.175.212.199 - - [18/May/2020:10:18:09 +0800] "GET /xingrg/javascript/easyui/themes/default/validatebox.css HTTP/1.1" 404 1104
172.17.0.119 - - [18/May/2020:10:18:10 +0800] "GET /xingrg/system/rest/query_items.html?_=1589768289393&table=menu&page=2&rows=20&categoryId=&key=5066 HTTP/1.1" 200 241
180.175.212.199 - - [18/May/2020:10:18:10 +0800] "GET /xingrg/kc/base/wldb_order_add.html HTTP/1.1" 200 30316
180.175.212.199 - - [18/May/2020:10:18:11 +0800] "POST /xingrg/kc/base/wldb_order_operate.html HTTP/1.1" 200 6806
180.175.212.199 - - [18/May/2020:10:18:11 +0800] "GET /xingrg/javascript/easyui/themes/default/validatebox.css HTTP/1.1" 404 1104
180.175.212.199 - - [18/May/2020:10:18:12 +0800] "GET /xingrg/check_reg.html?_=1589768297855 HTTP/1.1" 200 22
180.175.212.199 - - [18/May/2020:10:18:12 +0800] "GET /xingrg/all/function/internal_message.html?_=1589768298069&CODE_STATE=getMsg HTTP/1.1" 200 27
172.17.0.119 - - [18/May/2020:10:18:13 +0800] "GET /xingrg/system/rest/get_item.html?table=menu&isAdd=1&_=1589768292514 HTTP/1.1" 200 22
61.151.178.165 - - [18/May/2020:10:18:16 +0800] "GET /xingrg/login.html HTTP/1.1" 200 7641
114.84.151.157 - - [18/May/2020:10:18:18 +0800] "GET /xingrg/all/function/internal_message.html?_=1589768298296&CODE_STATE=getMsg HTTP/1.1" 200 27
117.131.5.26 - - [18/May/2020:10:18:18 +0800] "GET /xingrg/all/function/internal_message.html?_=1589768570539&CODE_STATE=getMsg HTTP/1.1" 200 27
61.172.5.115 - - [18/May/2020:10:18:19 +0800] "GET /xingrg/check_reg.html?_=1589768300608 HTTP/1.1" 200 22
172.17.0.119 - - [18/May/2020:10:18:19 +0800] "POST /xingrg/dwr/call/plaincall/AjaxGetFirstChart.getFirstChart.dwr HTTP/1.1" 200 81
117.185.32.26 - - [18/May/2020:10:18:19 +0800] "GET /xingrg/all/function/internal_message.html?_=1589768722569&CODE_STATE=getMsg HTTP/1.1" 200 27
172.17.0.119 - - [18/May/2020:10:18:19 +0800] "POST /xingrg/dwr/call/plaincall/AjaxGetFirstChart.getFirstChart.dwr HTTP/1.1" 200 81
58.221.95.50 - - [18/May/2020:10:18:20 +0800] "GET /xingrg/check_reg.html?_=1589768350858 HTTP/1.1" 200 22
58.221.95.50 - - [18/May/2020:10:18:20 +0800] "GET /xingrg/all/function/internal_message.html?_=1589768350859&CODE_STATE=getMsg HTTP/1.1" 200 27
117.184.7.30 - - [18/May/2020:10:18:21 +0800] "GET /xingrg/all/function/internal_message.html?_=1589768301056&CODE_STATE=getMsg HTTP/1.1" 200 27
117.185.32.26 - - [18/May/2020:10:18:24 +0800] "GET /xingrg/kc/buy/cgsh_order_operate.html?command=get_materiel&rest_code=00106&code=00101008229&supplier_code=00100007&order_time=2020-05-18 HTTP/1.1" 200 420
117.184.7.26 - - [18/May/2020:10:18:25 +0800] "GET /xingrg/all/function/internal_message.html?_=1589768305988&CODE_STATE=getMsg HTTP/1.1" 200 27
117.185.32.26 - - [18/May/2020:10:18:27 +0800] "POST /xingrg/kc/buy/cgsh_order_operate.html HTTP/1.1" 200 2065
172.17.0.101 - - [18/May/2020:10:18:31 +0800] "GET /xingrg/all/function/internal_message.html?_=1589768348634&CODE_STATE=getMsg HTTP/1.1" 200 27
172.17.0.101 - - [18/May/2020:10:18:31 +0800] "GET /xingrg/check_reg.html?_=1589768348638 HTTP/1.1" 200 22
183.192.88.133 - - [18/May/2020:10:18:31 +0800] "GET /xingrg/check_reg.html?_=1589768315033 HTTP/1.1" 200 22
183.192.88.133 - - [18/May/2020:10:18:31 +0800] "GET /xingrg/all/function/internal_message.html?_=1589768315037&CODE_STATE=getMsg HTTP/1.1" 200 27
172.17.0.123 - - [18/May/2020:10:18:32 +0800] "GET /xingrg/all/function/internal_message.html?_=1589768307399&CODE_STATE=getMsg HTTP/1.1" 302 -
172.17.0.100 - - [18/May/2020:10:18:33 +0800] "GET /xingrg/all/function/internal_message.html?_=1589768314210&CODE_STATE=getMsg HTTP/1.1" 200 27
117.185.32.26 - - [18/May/2020:10:18:34 +0800] "GET /xingrg/kc/buy/cgsh_order_operate.html?command=get_materiel&rest_code=00106&code=00101008041&supplier_code=00100007&order_time=2020-05-18 HTTP/1.1" 200 408
172.17.0.119 - - [18/May/2020:10:18:35 +0800] "GET /xingrg/all/function/internal_message.html?_=1589768315036&CODE_STATE=getMsg HTTP/1.1" 200 27
180.162.232.172 - - [18/May/2020:10:18:37 +0800] "GET /xingrg/all/function/internal_message.html?_=1589768318753&CODE_STATE=getMsg HTTP/1.1" 200 27
180.175.212.199 - - [18/May/2020:10:18:39 +0800] "GET /xingrg/kc/base/wldb_order_operate.html?command=get_materiel&rest_code=00102&base_code=0010477&code=00102002304 HTTP/1.1" 200 449
58.40.7.146 - - [18/May/2020:10:18:40 +0800] "GET /xingrg/all/function/internal_message.html?_=1589768321751&CODE_STATE=getMsg HTTP/1.1" 200 27
172.17.0.119 - - [18/May/2020:10:18:41 +0800] "POST /xingrg/system/rest/edit_item.html HTTP/1.1" 200 4
172.17.0.119 - - [18/May/2020:10:18:41 +0800] "GET /xingrg/system/rest/get_item.html?table=menu&id=5014&_=1589768320806 HTTP/1.1" 200 923
172.17.0.119 - - [18/May/2020:10:18:42 +0800] "GET /xingrg/system/rest/query_items.html?_=1589768321764&table=menu&page=2&rows=20&categoryId=&key=5066 HTTP/1.1" 200 241
172.17.0.119 - - [18/May/2020:10:18:43 +0800] "GET /xingrg/system/rest/get_infos.html?command=menu_img_show&id=5014 HTTP/1.1" 200 5
172.17.0.119 - - [18/May/2020:10:18:44 +0800] "POST /xingrg/system/rest/get_infos.html?command=get_rest_tree HTTP/1.1" 200 903
180.175.212.199 - - [18/May/2020:10:18:44 +0800] "GET /xingrg/kc/base/wldb_order_operate.html?command=get_materiel&rest_code=00102&base_code=0010477&code=00102002006 HTTP/1.1" 200 466
58.40.7.146 - - [18/May/2020:10:18:50 +0800] "GET /xingrg/all/function/internal_message.html?_=1589768331372&CODE_STATE=getMsg HTTP/1.1" 200 27
180.162.232.172 - - [18/May/2020:10:18:50 +0800] "GET /xingrg/all/function/internal_message.html?_=1589768466527&CODE_STATE=getMsg HTTP/1.1" 200 27
117.185.32.26 - - [18/May/2020:10:18:53 +0800] "GET /xingrg/kc/buy/cgsh_order_operate.html?command=get_materiel&rest_code=00106&code=00101015006&supplier_code=00100007&order_time=2020-05-18 HTTP/1.1" 200 412
180.175.212.199 - - [18/May/2020:10:18:53 +0800] "GET /xingrg/check_reg.html?_=1589768533443 HTTP/1.1" 200 22
172.17.0.119 - - [18/May/2020:10:18:57 +0800] "POST /xingrg/system/rest/edit_item.html HTTP/1.1" 200 4
172.17.0.119 - - [18/May/2020:10:18:57 +0800] "GET /xingrg/system/rest/get_item.html?table=menu&target=menu_rest&id=5014&_=1589768336943 HTTP/1.1" 200 258
114.86.226.250 - - [18/May/2020:10:18:58 +0800] "GET /xingrg/all/function/internal_message.html?_=1589768415234&CODE_STATE=getMsg HTTP/1.1" 200 27
180.175.212.199 - - [18/May/2020:10:18:58 +0800] "GET /xingrg/all/function/internal_message.html?_=1589768538819&CODE_STATE=getMsg HTTP/1.1" 200 27
124.77.110.230 - - [18/May/2020:10:18:59 +0800] "GET /xingrg/all/function/internal_message.html?_=1589768339339&CODE_STATE=getMsg HTTP/1.1" 200 27
180.175.212.199 - - [18/May/2020:10:19:01 +0800] "POST /xingrg/kc/base/wldb_order_operate.html HTTP/1.1" 200 37
180.175.212.199 - - [18/May/2020:10:19:03 +0800] "POST /xingrg/kc/base/wldb_order_operate.html HTTP/1.1" 200 12
180.175.212.199 - - [18/May/2020:10:19:03 +0800] "POST /xingrg/kc/base/wldb_order_operate.html HTTP/1.1" 200 4631
222.69.138.209 - - [18/May/2020:10:19:03 +0800] "GET /xingrg/all/function/internal_message.html?_=1589768343326&CODE_STATE=getMsg HTTP/1.1" 200 27
222.69.138.209 - - [18/May/2020:10:19:03 +0800] "GET /xingrg/check_reg.html?_=1589768343637 HTTP/1.1" 200 22
61.172.5.115 - - [18/May/2020:10:19:03 +0800] "GET /xingrg/all/function/internal_message.html?_=1589768344884&CODE_STATE=getMsg HTTP/1.1" 200 27
180.175.212.199 - - [18/May/2020:10:19:05 +0800] "GET /xingrg/kc/base/wldb_order_info.html?code=422020051801751 HTTP/1.1" 200 26195
114.88.170.9 - - [18/May/2020:10:19:05 +0800] "GET /xingrg/all/function/internal_message.html?_=1589768345667&CODE_STATE=getMsg HTTP/1.1" 200 27
180.175.212.199 - - [18/May/2020:10:19:06 +0800] "POST /xingrg/kc/base/wldb_order_operate.html HTTP/1.1" 200 2867
114.86.190.97 - - [18/May/2020:10:19:07 +0800] "GET /xingrg/all/function/internal_message.html?_=1589768347956&CODE_STATE=getMsg HTTP/1.1" 200 27
180.175.212.199 - - [18/May/2020:10:19:07 +0800] "GET /xingrg/javascript/easyui/themes/default/validatebox.css HTTP/1.1" 404 1104
117.131.5.26 - - [18/May/2020:10:19:08 +0800] "POST /xingrg/services/DataTransmitService HTTP/1.1" 200 524
117.131.5.26 - - [18/May/2020:10:19:08 +0800] "POST /xingrg/services/DataTransmitService HTTP/1.1" 200 501
117.131.5.26 - - [18/May/2020:10:19:08 +0800] "POST /xingrg/services/DataTransmitService HTTP/1.1" 200 501
180.175.212.199 - - [18/May/2020:10:19:08 +0800] "GET /xingrg/kc/base/wldb_order_add.html HTTP/1.1" 200 30316
172.17.0.119 - - [18/May/2020:10:19:09 +0800] "GET /xingrg/system/rest/query_items.html?_=1589768348490&table=menu&page=2&rows=20&categoryId=&key=5042 HTTP/1.1" 200 263
117.131.5.26 - - [18/May/2020:10:19:09 +0800] "POST /xingrg/services/DataTransmitService HTTP/1.1" 200 501
117.131.5.26 - - [18/May/2020:10:19:09 +0800] "POST /xingrg/services/DataTransmitService HTTP/1.1" 200 501
180.175.212.199 - - [18/May/2020:10:19:10 +0800] "POST /xingrg/kc/base/wldb_order_operate.html HTTP/1.1" 200 6806
117.131.5.26 - - [18/May/2020:10:19:10 +0800] "POST /xingrg/services/DataTransmitService HTTP/1.1" 200 501
117.131.5.26 - - [18/May/2020:10:19:10 +0800] "POST /xingrg/services/DataTransmitService HTTP/1.1" 200 501
117.131.5.26 - - [18/May/2020:10:19:10 +0800] "POST /xingrg/services/DataTransmitService HTTP/1.1" 200 501
180.175.212.199 - - [18/May/2020:10:19:10 +0800] "GET /xingrg/javascript/easyui/themes/default/validatebox.css HTTP/1.1" 404 1104
117.131.5.26 - - [18/May/2020:10:19:10 +0800] "POST /xingrg/services/DataTransmitService HTTP/1.1" 200 501
117.131.5.26 - - [18/May/2020:10:19:10 +0800] "POST /xingrg/services/DataTransmitService HTTP/1.1" 200 412
172.17.0.119 - - [18/May/2020:10:19:12 +0800] "GET /xingrg/system/rest/query_items.html?_=1589768351938&table=menu&page=2&rows=20&categoryId=&key=5009 HTTP/1.1" 200 263
180.175.212.199 - - [18/May/2020:10:19:12 +0800] "GET /xingrg/all/function/internal_message.html?_=1589768358070&CODE_STATE=getMsg HTTP/1.1" 200 27
172.17.0.119 - - [18/May/2020:10:19:16 +0800] "GET /xingrg/system/rest/query_items.html?_=1589768355436&table=menu&page=2&rows=20&categoryId=&key=5017 HTTP/1.1" 200 239
172.17.0.119 - - [18/May/2020:10:19:16 +0800] "GET /xingrg/system/rest/query_items.html?_=1589768356276&table=menu&page=2&rows=20&categoryId=&key=5017 HTTP/1.1" 200 239
172.17.0.119 - - [18/May/2020:10:19:17 +0800] "GET /xingrg/system/rest/get_item.html?table=menu&id=5017&_=1589768356671 HTTP/1.1" 200 923
172.17.0.119 - - [18/May/2020:10:19:17 +0800] "GET /xingrg/system/rest/get_item.html?table=menu&target=cook_mode&id=5017&_=1589768356687 HTTP/1.1" 200 59
172.17.0.119 - - [18/May/2020:10:19:17 +0800] "GET /xingrg/system/rest/get_item.html?table=menu&target=menu_rest&id=5017&_=1589768356689 HTTP/1.1" 200 260
172.17.0.119 - - [18/May/2020:10:19:17 +0800] "GET /xingrg/system/rest/get_infos.html?command=menu_img_show&id=5017 HTTP/1.1" 200 5
114.84.151.157 - - [18/May/2020:10:19:18 +0800] "GET /xingrg/all/function/internal_message.html?_=1589768358295&CODE_STATE=getMsg HTTP/1.1" 200 27
117.184.7.30 - - [18/May/2020:10:19:18 +0800] "GET /xingrg/check_reg.html?_=1589768358170 HTTP/1.1" 200 22
117.131.5.26 - - [18/May/2020:10:19:19 +0800] "GET /xingrg/all/function/internal_message.html?_=1589768630752&CODE_STATE=getMsg HTTP/1.1" 200 27
117.185.32.26 - - [18/May/2020:10:19:19 +0800] "GET /xingrg/all/function/internal_message.html?_=1589768782558&CODE_STATE=getMsg HTTP/1.1" 200 27
58.221.95.50 - - [18/May/2020:10:19:20 +0800] "GET /xingrg/all/function/internal_message.html?_=1589768410858&CODE_STATE=getMsg HTTP/1.1" 200 27
172.17.0.119 - - [18/May/2020:10:19:20 +0800] "POST /xingrg/dwr/call/plaincall/AjaxGetFirstChart.getFirstChart.dwr HTTP/1.1" 200 93
172.17.0.119 - - [18/May/2020:10:19:20 +0800] "POST /xingrg/dwr/call/plaincall/AjaxGetFirstChart.getFirstChart.dwr HTTP/1.1" 200 93
172.17.0.119 - - [18/May/2020:10:19:20 +0800] "POST /xingrg/dwr/call/plaincall/AjaxGetFirstChart.getFirstChart.dwr HTTP/1.1" 200 93
172.17.0.119 - - [18/May/2020:10:19:21 +0800] "POST /xingrg/dwr/call/plaincall/AjaxGetFirstChart.getFirstChart.dwr HTTP/1.1" 200 95
172.17.0.119 - - [18/May/2020:10:19:21 +0800] "POST /xingrg/dwr/call/plaincall/AjaxGetFirstChart.getFirstChart.dwr HTTP/1.1" 200 95
117.184.7.30 - - [18/May/2020:10:19:21 +0800] "GET /xingrg/all/function/internal_message.html?_=1589768361027&CODE_STATE=getMsg HTTP/1.1" 200 27
172.17.0.119 - - [18/May/2020:10:19:22 +0800] "POST /xingrg/dwr/call/plaincall/AjaxGetFirstChart.getFirstChart.dwr HTTP/1.1" 200 98
172.17.0.119 - - [18/May/2020:10:19:22 +0800] "POST /xingrg/dwr/call/plaincall/AjaxGetFirstChart.getFirstChart.dwr HTTP/1.1" 200 95
172.17.0.119 - - [18/May/2020:10:19:24 +0800] "POST /xingrg/dwr/call/plaincall/AjaxGetFirstChart.getFirstChart.dwr HTTP/1.1" 200 95
172.17.0.119 - - [18/May/2020:10:19:24 +0800] "POST /xingrg/dwr/call/plaincall/AjaxGetFirstChart.getFirstChart.dwr HTTP/1.1" 200 95
172.17.0.119 - - [18/May/2020:10:19:25 +0800] "POST /xingrg/system/rest/edit_item.html HTTP/1.1" 200 4
172.17.0.119 - - [18/May/2020:10:19:25 +0800] "GET /xingrg/system/rest/get_item.html?table=menu&id=5017&_=1589768364872 HTTP/1.1" 200 943
117.184.7.26 - - [18/May/2020:10:19:25 +0800] "GET /xingrg/all/function/internal_message.html?_=1589768365991&CODE_STATE=getMsg HTTP/1.1" 200 27
117.184.7.26 - - [18/May/2020:10:19:25 +0800] "GET /xingrg/check_reg.html?_=1589768365993 HTTP/1.1" 200 22
172.17.0.119 - - [18/May/2020:10:19:26 +0800] "GET /xingrg/system/rest/query_items.html?_=1589768365685&table=menu&page=2&rows=20&categoryId=&key=5017 HTTP/1.1" 200 259
101.91.60.108 - - [18/May/2020:10:19:27 +0800] "GET /xingrg/all/function/internal_message.html?_=1589767638233&CODE_STATE=getMsg HTTP/1.1" 302 -
172.17.0.119 - - [18/May/2020:10:19:30 +0800] "GET /xingrg/system/rest/query_items.html?_=1589768369679&table=menu&page=2&rows=20&categoryId=&key=5062 HTTP/1.1" 200 241
172.17.0.101 - - [18/May/2020:10:19:31 +0800] "GET /xingrg/all/function/internal_message.html?_=1589768408624&CODE_STATE=getMsg HTTP/1.1" 200 27
172.17.0.119 - - [18/May/2020:10:19:31 +0800] "GET /xingrg/system/rest/query_items.html?_=1589768370653&table=menu&page=2&rows=20&categoryId=&key=5062 HTTP/1.1" 200 241
172.17.0.119 - - [18/May/2020:10:19:31 +0800] "GET /xingrg/system/rest/get_item.html?table=menu&id=5062&_=1589768371127 HTTP/1.1" 200 925
172.17.0.119 - - [18/May/2020:10:19:31 +0800] "GET /xingrg/system/rest/get_item.html?table=menu&target=cook_mode&id=5062&_=1589768371149 HTTP/1.1" 200 60
172.17.0.119 - - [18/May/2020:10:19:31 +0800] "GET /xingrg/system/rest/get_item.html?table=menu&target=menu_rest&id=5062&_=1589768371151 HTTP/1.1" 200 259
183.192.88.133 - - [18/May/2020:10:19:31 +0800] "GET /xingrg/all/function/internal_message.html?_=1589768375026&CODE_STATE=getMsg HTTP/1.1" 200 27
172.17.0.123 - - [18/May/2020:10:19:32 +0800] "GET /xingrg/all/function/internal_message.html?_=1589768367401&CODE_STATE=getMsg HTTP/1.1" 302 -
172.17.0.119 - - [18/May/2020:10:19:32 +0800] "GET /xingrg/system/rest/get_infos.html?command=menu_img_show&id=5062 HTTP/1.1" 200 5
172.17.0.100 - - [18/May/2020:10:19:33 +0800] "GET /xingrg/check_reg.html?_=1589768374210 HTTP/1.1" 200 22
172.17.0.100 - - [18/May/2020:10:19:33 +0800] "GET /xingrg/all/function/internal_message.html?_=1589768374214&CODE_STATE=getMsg HTTP/1.1" 200 27
172.17.0.119 - - [18/May/2020:10:19:34 +0800] "POST /xingrg/dwr/call/plaincall/AjaxGetFirstChart.getFirstChart.dwr HTTP/1.1" 200 96
101.91.60.108 - - [18/May/2020:10:19:34 +0800] "GET /xingrg/login.html HTTP/1.1" 200 7641
172.17.0.119 - - [18/May/2020:10:19:34 +0800] "POST /xingrg/dwr/call/plaincall/AjaxGetFirstChart.getFirstChart.dwr HTTP/1.1" 200 96
172.17.0.119 - - [18/May/2020:10:19:35 +0800] "GET /xingrg/all/function/internal_message.html?_=1589768375004&CODE_STATE=getMsg HTTP/1.1" 200 27
172.17.0.119 - - [18/May/2020:10:19:35 +0800] "POST /xingrg/system/rest/edit_item.html HTTP/1.1" 200 4
172.17.0.119 - - [18/May/2020:10:19:35 +0800] "GET /xingrg/system/rest/get_item.html?table=menu&id=5062&_=1589768375307 HTTP/1.1" 200 945
172.17.0.119 - - [18/May/2020:10:19:36 +0800] "GET /xingrg/system/rest/query_items.html?_=1589768376167&table=menu&page=2&rows=20&categoryId=&key=5062 HTTP/1.1" 200 261
180.162.232.172 - - [18/May/2020:10:19:37 +0800] "GET /xingrg/all/function/internal_message.html?_=1589768378724&CODE_STATE=getMsg HTTP/1.1" 200 27
180.175.212.199 - - [18/May/2020:10:19:39 +0800] "POST /xingrg/kc/base/wldb_order_operate.html HTTP/1.1" 200 37
172.17.0.119 - - [18/May/2020:10:19:40 +0800] "POST /xingrg/dwr/call/plaincall/AjaxGetFirstChart.getFirstChart.dwr HTTP/1.1" 200 96
117.185.32.26 - - [18/May/2020:10:19:40 +0800] "GET /xingrg/kc/buy/cgsh_order_operate.html?command=get_materiel&rest_code=00106&code=00101008072&supplier_code=00100007&order_time=2020-05-18 HTTP/1.1" 200 408
172.17.0.119 - - [18/May/2020:10:19:40 +0800] "POST /xingrg/dwr/call/plaincall/AjaxGetFirstChart.getFirstChart.dwr HTTP/1.1" 200 96
180.175.212.199 - - [18/May/2020:10:19:40 +0800] "POST /xingrg/kc/base/wldb_order_operate.html HTTP/1.1" 200 12
180.175.212.199 - - [18/May/2020:10:19:40 +0800] "POST /xingrg/kc/base/wldb_order_operate.html HTTP/1.1" 200 3166
58.40.7.146 - - [18/May/2020:10:19:40 +0800] "GET /xingrg/all/function/internal_message.html?_=1589768381753&CODE_STATE=getMsg HTTP/1.1" 200 27
172.17.0.119 - - [18/May/2020:10:19:40 +0800] "POST /xingrg/dwr/call/plaincall/AjaxGetFirstChart.getFirstChart.dwr HTTP/1.1" 200 96
172.17.0.119 - - [18/May/2020:10:19:40 +0800] "POST /xingrg/dwr/call/plaincall/AjaxGetFirstChart.getFirstChart.dwr HTTP/1.1" 200 96
172.17.0.119 - - [18/May/2020:10:19:41 +0800] "POST /xingrg/dwr/call/plaincall/AjaxGetFirstChart.getFirstChart.dwr HTTP/1.1" 200 96
172.17.0.119 - - [18/May/2020:10:19:41 +0800] "POST /xingrg/dwr/call/plaincall/AjaxGetFirstChart.getFirstChart.dwr HTTP/1.1" 200 96
172.17.0.119 - - [18/May/2020:10:19:41 +0800] "POST /xingrg/dwr/call/plaincall/AjaxGetFirstChart.getFirstChart.dwr HTTP/1.1" 200 96
172.17.0.119 - - [18/May/2020:10:19:42 +0800] "POST /xingrg/dwr/call/plaincall/AjaxGetFirstChart.getFirstChart.dwr HTTP/1.1" 200 101
172.17.0.119 - - [18/May/2020:10:19:42 +0800] "POST /xingrg/dwr/call/plaincall/AjaxGetFirstChart.getFirstChart.dwr HTTP/1.1" 200 101
172.17.0.119 - - [18/May/2020:10:19:43 +0800] "POST /xingrg/dwr/call/plaincall/AjaxGetFirstChart.getFirstChart.dwr HTTP/1.1" 200 95
180.175.212.199 - - [18/May/2020:10:19:44 +0800] "GET /xingrg/kc/base/wldb_order_info.html?code=422020051801752 HTTP/1.1" 200 26194
172.17.0.119 - - [18/May/2020:10:19:44 +0800] "POST /xingrg/system/rest/edit_item.html HTTP/1.1" 200 4
172.17.0.119 - - [18/May/2020:10:19:44 +0800] "GET /xingrg/system/rest/get_item.html?table=menu&id=5062&_=1589768384202 HTTP/1.1" 200 943
180.175.212.199 - - [18/May/2020:10:19:45 +0800] "POST /xingrg/kc/base/wldb_order_operate.html HTTP/1.1" 200 1436
180.175.212.199 - - [18/May/2020:10:19:45 +0800] "GET /xingrg/javascript/easyui/themes/default/validatebox.css HTTP/1.1" 404 1104
172.17.0.119 - - [18/May/2020:10:19:46 +0800] "GET /xingrg/system/rest/query_items.html?_=1589768385717&table=menu&page=2&rows=20&categoryId=&key=5062 HTTP/1.1" 200 259
180.175.212.199 - - [18/May/2020:10:19:47 +0800] "GET /xingrg/kc/base/wldb_order_add.html HTTP/1.1" 200 30316
180.175.212.199 - - [18/May/2020:10:19:48 +0800] "POST /xingrg/kc/base/wldb_order_operate.html HTTP/1.1" 200 6806
180.175.212.199 - - [18/May/2020:10:19:49 +0800] "GET /xingrg/javascript/easyui/themes/default/validatebox.css HTTP/1.1" 404 1104
58.40.7.146 - - [18/May/2020:10:19:50 +0800] "GET /xingrg/all/function/internal_message.html?_=1589768391373&CODE_STATE=getMsg HTTP/1.1" 200 27
180.162.232.172 - - [18/May/2020:10:19:50 +0800] "GET /xingrg/all/function/internal_message.html?_=1589768526545&CODE_STATE=getMsg HTTP/1.1" 200 27
172.17.0.119 - - [18/May/2020:10:19:50 +0800] "GET /xingrg/system/rest/query_items.html?_=1589768390295&table=menu&page=2&rows=20&categoryId=&key=5063 HTTP/1.1" 200 239
172.17.0.119 - - [18/May/2020:10:19:51 +0800] "GET /xingrg/system/rest/query_items.html?_=1589768391294&table=menu&page=2&rows=20&categoryId=&key=5063 HTTP/1.1" 200 239
172.17.0.119 - - [18/May/2020:10:19:52 +0800] "GET /xingrg/system/rest/get_item.html?table=menu&id=5063&_=1589768391703 HTTP/1.1" 200 923
172.17.0.119 - - [18/May/2020:10:19:52 +0800] "GET /xingrg/system/rest/get_item.html?table=menu&target=cook_mode&id=5063&_=1589768391723 HTTP/1.1" 200 59
172.17.0.119 - - [18/May/2020:10:19:52 +0800] "GET /xingrg/system/rest/get_item.html?table=menu&target=menu_rest&id=5063&_=1589768391724 HTTP/1.1" 200 258
172.17.0.119 - - [18/May/2020:10:19:52 +0800] "GET /xingrg/system/rest/get_infos.html?command=menu_img_show&id=5063 HTTP/1.1" 200 5
172.17.0.119 - - [18/May/2020:10:19:54 +0800] "POST /xingrg/dwr/call/plaincall/AjaxGetFirstChart.getFirstChart.dwr HTTP/1.1" 200 95
172.17.0.119 - - [18/May/2020:10:19:54 +0800] "POST /xingrg/dwr/call/plaincall/AjaxGetFirstChart.getFirstChart.dwr HTTP/1.1" 200 95
61.172.5.115 - - [18/May/2020:10:19:55 +0800] "GET /xingrg/kc/buy/cgsh_order_list.html HTTP/1.1" 200 42883
172.17.0.119 - - [18/May/2020:10:19:56 +0800] "POST /xingrg/system/rest/edit_item.html HTTP/1.1" 200 4
172.17.0.119 - - [18/May/2020:10:19:56 +0800] "GET /xingrg/system/rest/get_item.html?table=menu&id=5063&_=1589768395497 HTTP/1.1" 200 943
172.17.0.119 - - [18/May/2020:10:19:56 +0800] "GET /xingrg/system/rest/query_items.html?_=1589768396314&table=menu&page=2&rows=20&categoryId=&key=5063 HTTP/1.1" 200 259
124.77.110.230 - - [18/May/2020:10:19:57 +0800] "GET /xingrg/check_reg.html?_=1589768397842 HTTP/1.1" 200 22
61.172.5.115 - - [18/May/2020:10:19:57 +0800] "POST /xingrg/kc/buy/cgsh_list_operate.html HTTP/1.1" 200 3127
114.86.226.250 - - [18/May/2020:10:19:58 +0800] "GET /xingrg/all/function/internal_message.html?_=1589768475250&CODE_STATE=getMsg HTTP/1.1" 200 27
180.175.212.199 - - [18/May/2020:10:19:58 +0800] "GET /xingrg/all/function/internal_message.html?_=1589768598833&CODE_STATE=getMsg HTTP/1.1" 200 27
124.77.110.230 - - [18/May/2020:10:19:59 +0800] "GET /xingrg/all/function/internal_message.html?_=1589768399310&CODE_STATE=getMsg HTTP/1.1" 200 27
61.172.5.115 - - [18/May/2020:10:20:00 +0800] "GET /xingrg/kc/buy/cgsh_order_add.html HTTP/1.1" 200 58621
61.172.5.115 - - [18/May/2020:10:20:01 +0800] "POST /xingrg/kc/buy/cgsh_order_operate.html HTTP/1.1" 200 8245
61.172.5.115 - - [18/May/2020:10:20:01 +0800] "GET /xingrg/javascript/easyui/themes/default/validatebox.css HTTP/1.1" 404 1104
222.69.138.209 - - [18/May/2020:10:20:03 +0800] "GET /xingrg/all/function/internal_message.html?_=1589768403308&CODE_STATE=getMsg HTTP/1.1" 200 27
172.17.0.119 - - [18/May/2020:10:20:03 +0800] "GET /xingrg/system/rest/query_items.html?_=1589768402975&table=menu&page=2&rows=20&categoryId=&key=5065 HTTP/1.1" 200 243
61.172.5.115 - - [18/May/2020:10:20:03 +0800] "GET /xingrg/all/function/internal_message.html?_=1589768404882&CODE_STATE=getMsg HTTP/1.1" 200 27
180.175.212.199 - - [18/May/2020:10:20:04 +0800] "POST /xingrg/kc/base/wldb_order_operate.html HTTP/1.1" 200 37
180.175.212.199 - - [18/May/2020:10:20:04 +0800] "POST /xingrg/kc/base/wldb_order_operate.html HTTP/1.1" 200 2692
172.17.0.119 - - [18/May/2020:10:20:04 +0800] "GET /xingrg/system/rest/query_items.html?_=1589768404183&table=menu&page=2&rows=20&categoryId=&key=5065 HTTP/1.1" 200 243
172.17.0.119 - - [18/May/2020:10:20:05 +0800] "GET /xingrg/system/rest/get_item.html?table=menu&id=5065&_=1589768404655 HTTP/1.1" 200 927
114.88.170.9 - - [18/May/2020:10:20:05 +0800] "GET /xingrg/all/function/internal_message.html?_=1589768405669&CODE_STATE=getMsg HTTP/1.1" 200 27
172.17.0.119 - - [18/May/2020:10:20:05 +0800] "GET /xingrg/system/rest/get_item.html?table=menu&target=cook_mode&id=5065&_=1589768404671 HTTP/1.1" 200 62
172.17.0.119 - - [18/May/2020:10:20:05 +0800] "GET /xingrg/system/rest/get_item.html?table=menu&target=menu_rest&id=5065&_=1589768404672 HTTP/1.1" 200 261
172.17.0.119 - - [18/May/2020:10:20:05 +0800] "GET /xingrg/system/rest/get_infos.html?command=menu_img_show&id=5065 HTTP/1.1" 200 5
180.175.212.199 - - [18/May/2020:10:20:06 +0800] "GET /xingrg/kc/base/wldb_order_info.html?code=422020051801753 HTTP/1.1" 200 30330
114.86.190.97 - - [18/May/2020:10:20:07 +0800] "GET /xingrg/all/function/internal_message.html?_=1589768407970&CODE_STATE=getMsg HTTP/1.1" 200 27
172.17.0.119 - - [18/May/2020:10:20:08 +0800] "POST /xingrg/dwr/call/plaincall/AjaxGetFirstChart.getFirstChart.dwr HTTP/1.1" 200 96
172.17.0.119 - - [18/May/2020:10:20:08 +0800] "POST /xingrg/dwr/call/plaincall/AjaxGetFirstChart.getFirstChart.dwr HTTP/1.1" 200 96
180.175.212.199 - - [18/May/2020:10:20:08 +0800] "POST /xingrg/kc/base/wldb_order_operate.html HTTP/1.1" 200 2692
180.175.212.199 - - [18/May/2020:10:20:08 +0800] "GET /xingrg/javascript/easyui/themes/default/validatebox.css HTTP/1.1" 404 1104
61.172.5.115 - - [18/May/2020:10:20:09 +0800] "GET /xingrg/kc/buy/cgsh_order_operate.html?command=get_materiel&rest_code=00105&code=00101011005&supplier_code=00100052&order_time=2020-05-18 HTTP/1.1" 200 428
172.17.0.119 - - [18/May/2020:10:20:09 +0800] "POST /xingrg/system/rest/edit_item.html HTTP/1.1" 200 4
172.17.0.119 - - [18/May/2020:10:20:09 +0800] "GET /xingrg/system/rest/get_item.html?table=menu&id=5065&_=1589768408827 HTTP/1.1" 200 947
172.17.0.119 - - [18/May/2020:10:20:11 +0800] "GET /xingrg/system/rest/query_items.html?_=1589768410426&table=menu&page=2&rows=20&categoryId=&key=5065 HTTP/1.1" 200 263
180.175.212.199 - - [18/May/2020:10:20:12 +0800] "GET /xingrg/all/function/internal_message.html?_=1589768418083&CODE_STATE=getMsg HTTP/1.1" 200 27
172.17.0.119 - - [18/May/2020:10:20:14 +0800] "GET /xingrg/system/rest/query_items.html?_=1589768413974&table=menu&page=2&rows=20&categoryId=&key=5002 HTTP/1.1" 200 235
172.17.0.119 - - [18/May/2020:10:20:15 +0800] "GET /xingrg/system/rest/query_items.html?_=1589768414973&table=menu&page=2&rows=20&categoryId=&key=5002 HTTP/1.1" 200 235
172.17.0.119 - - [18/May/2020:10:20:16 +0800] "GET /xingrg/system/rest/get_item.html?table=menu&id=5002&_=1589768415445 HTTP/1.1" 200 919
172.17.0.119 - - [18/May/2020:10:20:16 +0800] "GET /xingrg/system/rest/get_item.html?table=menu&target=cook_mode&id=5002&_=1589768415469 HTTP/1.1" 200 56
172.17.0.119 - - [18/May/2020:10:20:16 +0800] "GET /xingrg/system/rest/get_item.html?table=menu&target=menu_rest&id=5002&_=1589768415471 HTTP/1.1" 200 255
172.17.0.119 - - [18/May/2020:10:20:16 +0800] "GET /xingrg/system/rest/get_infos.html?command=menu_img_show&id=5002 HTTP/1.1" 200 5
61.172.5.115 - - [18/May/2020:10:20:17 +0800] "POST /xingrg/kc/buy/cgsh_order_operate.html HTTP/1.1" 200 37
114.84.151.157 - - [18/May/2020:10:20:18 +0800] "GET /xingrg/all/function/internal_message.html?_=1589768418292&CODE_STATE=getMsg HTTP/1.1" 200 27
61.172.5.115 - - [18/May/2020:10:20:18 +0800] "POST /xingrg/kc/buy/cgsh_order_operate.html HTTP/1.1" 200 2658
117.131.5.26 - - [18/May/2020:10:20:19 +0800] "GET /xingrg/all/function/internal_message.html?_=1589768690753&CODE_STATE=getMsg HTTP/1.1" 200 27
172.17.0.119 - - [18/May/2020:10:20:19 +0800] "POST /xingrg/dwr/call/plaincall/AjaxGetFirstChart.getFirstChart.dwr HTTP/1.1" 200 94
172.17.0.119 - - [18/May/2020:10:20:19 +0800] "POST /xingrg/dwr/call/plaincall/AjaxGetFirstChart.getFirstChart.dwr HTTP/1.1" 200 94
117.185.32.26 - - [18/May/2020:10:20:19 +0800] "GET /xingrg/all/function/internal_message.html?_=1589768842558&CODE_STATE=getMsg HTTP/1.1" 200 27
117.185.32.26 - - [18/May/2020:10:20:19 +0800] "GET /xingrg/check_reg.html?_=1589768842561 HTTP/1.1" 200 22
61.172.5.115 - - [18/May/2020:10:20:19 +0800] "GET /xingrg/kc/print/load_data.html?order_code=212020051806195&kc_code=cgsh&condition= HTTP/1.1" 200 712
172.17.0.119 - - [18/May/2020:10:20:20 +0800] "POST /xingrg/system/rest/edit_item.html HTTP/1.1" 200 4
172.17.0.119 - - [18/May/2020:10:20:20 +0800] "GET /xingrg/system/rest/get_item.html?table=menu&id=5002&_=1589768419841 HTTP/1.1" 200 939
58.221.95.50 - - [18/May/2020:10:20:20 +0800] "GET /xingrg/all/function/internal_message.html?_=1589768470858&CODE_STATE=getMsg HTTP/1.1" 200 27
172.17.0.119 - - [18/May/2020:10:20:21 +0800] "GET /xingrg/system/rest/query_items.html?_=1589768420654&table=menu&page=2&rows=20&categoryId=&key=5002 HTTP/1.1" 200 255
117.184.7.30 - - [18/May/2020:10:20:21 +0800] "GET /xingrg/all/function/internal_message.html?_=1589768421017&CODE_STATE=getMsg HTTP/1.1" 200 27
180.175.212.199 - - [18/May/2020:10:20:23 +0800] "POST /xingrg/kc/base/wldb_order_operate.html HTTP/1.1" 200 37
172.17.0.119 - - [18/May/2020:10:20:25 +0800] "GET /xingrg/system/rest/query_items.html?_=1589768424462&table=menu&page=2&rows=20&categoryId=&key=5066 HTTP/1.1" 200 241
180.175.212.199 - - [18/May/2020:10:20:25 +0800] "POST /xingrg/kc/base/wldb_order_operate.html HTTP/1.1" 200 12
180.175.212.199 - - [18/May/2020:10:20:25 +0800] "POST /xingrg/kc/base/wldb_order_operate.html HTTP/1.1" 200 2692
117.184.7.26 - - [18/May/2020:10:20:25 +0800] "GET /xingrg/all/function/internal_message.html?_=1589768425992&CODE_STATE=getMsg HTTP/1.1" 200 27
172.17.0.119 - - [18/May/2020:10:20:26 +0800] "GET /xingrg/system/rest/query_items.html?_=1589768425482&table=menu&page=2&rows=20&categoryId=&key=5066 HTTP/1.1" 200 241
172.17.0.119 - - [18/May/2020:10:20:26 +0800] "GET /xingrg/system/rest/get_item.html?table=menu&id=5066&_=1589768425944 HTTP/1.1" 200 925
172.17.0.119 - - [18/May/2020:10:20:26 +0800] "GET /xingrg/system/rest/get_item.html?table=menu&target=cook_mode&id=5066&_=1589768425969 HTTP/1.1" 200 60
172.17.0.119 - - [18/May/2020:10:20:26 +0800] "GET /xingrg/system/rest/get_item.html?table=menu&target=menu_rest&id=5066&_=1589768425971 HTTP/1.1" 200 259
180.175.212.199 - - [18/May/2020:10:20:26 +0800] "GET /xingrg/kc/base/wldb_order_info.html?code=422020051801753 HTTP/1.1" 200 26194
172.17.0.119 - - [18/May/2020:10:20:27 +0800] "GET /xingrg/system/rest/get_infos.html?command=menu_img_show&id=5066 HTTP/1.1" 200 5
180.175.212.199 - - [18/May/2020:10:20:28 +0800] "POST /xingrg/kc/base/wldb_order_operate.html HTTP/1.1" 200 975
180.175.212.199 - - [18/May/2020:10:20:28 +0800] "GET /xingrg/javascript/easyui/themes/default/validatebox.css HTTP/1.1" 404 1104
172.17.0.101 - - [18/May/2020:10:20:31 +0800] "GET /xingrg/all/function/internal_message.html?_=1589768468639&CODE_STATE=getMsg HTTP/1.1" 200 27
172.17.0.119 - - [18/May/2020:10:20:31 +0800] "POST /xingrg/dwr/call/plaincall/AjaxGetFirstChart.getFirstChart.dwr HTTP/1.1" 200 82
183.192.88.133 - - [18/May/2020:10:20:31 +0800] "GET /xingrg/all/function/internal_message.html?_=1589768435028&CODE_STATE=getMsg HTTP/1.1" 200 27
172.17.0.119 - - [18/May/2020:10:20:32 +0800] "POST /xingrg/dwr/call/plaincall/AjaxGetFirstChart.getFirstChart.dwr HTTP/1.1" 200 81
172.17.0.119 - - [18/May/2020:10:20:32 +0800] "POST /xingrg/dwr/call/plaincall/AjaxGetFirstChart.getFirstChart.dwr HTTP/1.1" 200 95
172.17.0.123 - - [18/May/2020:10:20:32 +0800] "GET /xingrg/all/function/internal_message.html?_=1589768427402&CODE_STATE=getMsg HTTP/1.1" 302 -
172.17.0.123 - - [18/May/2020:10:20:32 +0800] "GET /xingrg/check_reg.html?_=1589768427404 HTTP/1.1" 302 -
172.17.0.119 - - [18/May/2020:10:20:32 +0800] "POST /xingrg/dwr/call/plaincall/AjaxGetFirstChart.getFirstChart.dwr HTTP/1.1" 200 95
172.17.0.100 - - [18/May/2020:10:20:33 +0800] "GET /xingrg/all/function/internal_message.html?_=1589768434201&CODE_STATE=getMsg HTTP/1.1" 200 27
172.17.0.119 - - [18/May/2020:10:20:33 +0800] "POST /xingrg/system/rest/edit_item.html HTTP/1.1" 200 4
172.17.0.119 - - [18/May/2020:10:20:33 +0800] "GET /xingrg/system/rest/get_item.html?table=menu&id=5066&_=1589768433048 HTTP/1.1" 200 943
172.17.0.119 - - [18/May/2020:10:20:35 +0800] "GET /xingrg/system/rest/query_items.html?_=1589768434553&table=menu&page=2&rows=20&categoryId=&key=5066 HTTP/1.1" 200 259
172.17.0.119 - - [18/May/2020:10:20:35 +0800] "GET /xingrg/check_reg.html?_=1589768434973 HTTP/1.1" 200 22
172.17.0.119 - - [18/May/2020:10:20:35 +0800] "GET /xingrg/all/function/internal_message.html?_=1589768434974&CODE_STATE=getMsg HTTP/1.1" 200 27
117.185.32.26 - - [18/May/2020:10:20:36 +0800] "GET /xingrg/kc/buy/cgsh_order_operate.html?command=get_materiel&rest_code=00106&code=00101008087&supplier_code=00100007&order_time=2020-05-18 HTTP/1.1" 200 412
180.162.232.172 - - [18/May/2020:10:20:37 +0800] "GET /xingrg/all/function/internal_message.html?_=1589768438723&CODE_STATE=getMsg HTTP/1.1" 200 27
114.84.32.201 - - [18/May/2020:10:20:38 +0800] "GET /xingrg/index.html?sysBaseUrl=http%3A%2F%2F180.169.147.146%3A18081%2Fxingrg%2F&costTime=71×tamp=1586403971840 HTTP/1.1" 302 -
114.84.32.201 - - [18/May/2020:10:20:38 +0800] "GET /xingrg/login.html HTTP/1.1" 200 7641
114.84.32.201 - - [18/May/2020:10:20:38 +0800] "GET /favicon.ico HTTP/1.1" 404 -
58.40.7.146 - - [18/May/2020:10:20:40 +0800] "GET /xingrg/all/function/internal_message.html?_=1589768441757&CODE_STATE=getMsg HTTP/1.1" 200 27
58.40.7.146 - - [18/May/2020:10:20:40 +0800] "GET /xingrg/check_reg.html?_=1589768441759 HTTP/1.1" 200 22
172.17.0.119 - - [18/May/2020:10:20:43 +0800] "GET /xingrg/system/rest/query_items.html?_=1589768442479&table=menu&page=2&rows=20&categoryId=&key=5006 HTTP/1.1" 200 235
172.17.0.119 - - [18/May/2020:10:20:44 +0800] "GET /xingrg/system/rest/query_items.html?_=1589768443535&table=menu&page=2&rows=20&categoryId=&key=5006 HTTP/1.1" 200 235
172.17.0.119 - - [18/May/2020:10:20:44 +0800] "GET /xingrg/system/rest/get_item.html?table=menu&id=5006&_=1589768444025 HTTP/1.1" 200 919
172.17.0.119 - - [18/May/2020:10:20:44 +0800] "GET /xingrg/system/rest/get_item.html?table=menu&target=menu_rest&id=5006&_=1589768444048 HTTP/1.1" 200 255
172.17.0.119 - - [18/May/2020:10:20:44 +0800] "GET /xingrg/system/rest/get_item.html?table=menu&target=cook_mode&id=5006&_=1589768444046 HTTP/1.1" 200 56
172.17.0.119 - - [18/May/2020:10:20:45 +0800] "GET /xingrg/system/rest/get_infos.html?command=menu_img_show&id=5006 HTTP/1.1" 200 5
180.175.212.199 - - [18/May/2020:10:20:45 +0800] "GET /xingrg/kc/base/wldb_order_add.html HTTP/1.1" 200 30316
172.17.0.119 - - [18/May/2020:10:20:47 +0800] "POST /xingrg/dwr/call/plaincall/AjaxGetFirstChart.getFirstChart.dwr HTTP/1.1" 200 94
180.175.212.199 - - [18/May/2020:10:20:47 +0800] "POST /xingrg/kc/base/wldb_order_operate.html HTTP/1.1" 200 6806
172.17.0.119 - - [18/May/2020:10:20:47 +0800] "POST /xingrg/dwr/call/plaincall/AjaxGetFirstChart.getFirstChart.dwr HTTP/1.1" 200 94
114.84.32.201 - - [18/May/2020:10:20:47 +0800] "POST /xingrg/login.do HTTP/1.1" 302 -
114.84.32.201 - - [18/May/2020:10:20:47 +0800] "GET /xingrg/index.html?sysBaseUrl=http%3A%2F%2F180.169.147.146%3A18081%2Fxingrg%2F&costTime=69×tamp=1589768447564 HTTP/1.1" 200 17419
180.175.212.199 - - [18/May/2020:10:20:47 +0800] "GET /xingrg/javascript/easyui/themes/default/validatebox.css HTTP/1.1" 404 1104
114.84.32.201 - - [18/May/2020:10:20:47 +0800] "GET /favicon.ico HTTP/1.1" 404 -
114.84.32.201 - - [18/May/2020:10:20:47 +0800] "POST /xingrg/all/common/load_tree.html?tree=area_rest_tree_json&manage=1 HTTP/1.1" 200 3088
114.84.32.201 - - [18/May/2020:10:20:47 +0800] "GET /xingrg/all/function/internal_message.html?_=1589768449318&CODE_STATE=count HTTP/1.1" 200 11
114.84.32.201 - - [18/May/2020:10:20:47 +0800] "GET /xingrg/check_reg.html?_=1589768449319 HTTP/1.1" 200 22
114.84.32.201 - - [18/May/2020:10:20:48 +0800] "POST /xingrg/load_menu.html HTTP/1.1" 200 9959
172.17.0.119 - - [18/May/2020:10:20:48 +0800] "POST /xingrg/system/rest/edit_item.html HTTP/1.1" 200 4
172.17.0.119 - - [18/May/2020:10:20:48 +0800] "GET /xingrg/system/rest/get_item.html?table=menu&id=5006&_=1589768447626 HTTP/1.1" 200 939
117.185.32.26 - - [18/May/2020:10:20:48 +0800] "GET /xingrg/kc/buy/cgsh_order_operate.html?command=get_materiel&rest_code=00106&code=00101008355&supplier_code=00100007&order_time=2020-05-18 HTTP/1.1" 200 408
172.17.0.119 - - [18/May/2020:10:20:49 +0800] "GET /xingrg/system/rest/query_items.html?_=1589768448550&table=menu&page=2&rows=20&categoryId=&key=5006 HTTP/1.1" 200 255
58.40.7.146 - - [18/May/2020:10:20:50 +0800] "GET /xingrg/check_reg.html?_=1589768451361 HTTP/1.1" 200 22
58.40.7.146 - - [18/May/2020:10:20:50 +0800] "GET /xingrg/all/function/internal_message.html?_=1589768451363&CODE_STATE=getMsg HTTP/1.1" 200 27
180.162.232.172 - - [18/May/2020:10:20:50 +0800] "GET /xingrg/all/function/internal_message.html?_=1589768586554&CODE_STATE=getMsg HTTP/1.1" 200 27
117.185.32.26 - - [18/May/2020:10:20:54 +0800] "POST /xingrg/kc/buy/cgsh_order_operate.html HTTP/1.1" 200 2065
180.175.212.199 - - [18/May/2020:10:20:54 +0800] "GET /xingrg/kc/base/wldb_order_operate.html?command=get_materiel&rest_code=00102&base_code=0010477&code=00102001129 HTTP/1.1" 200 432
172.17.0.119 - - [18/May/2020:10:20:54 +0800] "GET /xingrg/system/rest/query_items.html?_=1589768454065&table=menu&page=2&rows=20&categoryId=&key=5014 HTTP/1.1" 200 239
172.17.0.119 - - [18/May/2020:10:20:55 +0800] "GET /xingrg/system/rest/query_items.html?_=1589768454943&table=menu&page=2&rows=20&categoryId=&key=5014 HTTP/1.1" 200 239
172.17.0.119 - - [18/May/2020:10:20:56 +0800] "GET /xingrg/system/rest/get_item.html?table=menu&id=5014&_=1589768455429 HTTP/1.1" 200 923
172.17.0.119 - - [18/May/2020:10:20:56 +0800] "GET /xingrg/system/rest/get_item.html?table=menu&target=cook_mode&id=5014&_=1589768455446 HTTP/1.1" 200 59
172.17.0.119 - - [18/May/2020:10:20:56 +0800] "GET /xingrg/system/rest/get_item.html?table=menu&target=menu_rest&id=5014&_=1589768455449 HTTP/1.1" 200 258
172.17.0.119 - - [18/May/2020:10:20:56 +0800] "GET /xingrg/system/rest/get_infos.html?command=menu_img_show&id=5014 HTTP/1.1" 200 5
61.172.5.115 - - [18/May/2020:10:20:56 +0800] "GET /xingrg/kc/mdqp/pssh_order_list.html HTTP/1.1" 200 17741
61.172.5.115 - - [18/May/2020:10:20:57 +0800] "POST /xingrg/kc/mdqp/pssh_list_operate.html HTTP/1.1" 200 5365
114.86.226.250 - - [18/May/2020:10:20:57 +0800] "GET /xingrg/check_reg.html?_=1589768535234 HTTP/1.1" 200 22
114.86.226.250 - - [18/May/2020:10:20:57 +0800] "GET /xingrg/all/function/internal_message.html?_=1589768535265&CODE_STATE=getMsg HTTP/1.1" 200 27
172.17.0.119 - - [18/May/2020:10:20:58 +0800] "POST /xingrg/dwr/call/plaincall/AjaxGetFirstChart.getFirstChart.dwr HTTP/1.1" 200 95
172.17.0.119 - - [18/May/2020:10:20:58 +0800] "POST /xingrg/dwr/call/plaincall/AjaxGetFirstChart.getFirstChart.dwr HTTP/1.1" 200 95
124.77.110.230 - - [18/May/2020:10:20:59 +0800] "GET /xingrg/all/function/internal_message.html?_=1589768459294&CODE_STATE=getMsg HTTP/1.1" 200 27
180.175.212.199 - - [18/May/2020:10:20:59 +0800] "GET /xingrg/all/function/internal_message.html?_=1589768659036&CODE_STATE=getMsg HTTP/1.1" 200 27
114.84.32.201 - - [18/May/2020:10:20:59 +0800] "POST /xingrg/load_menu.html HTTP/1.1" 200 10168
172.17.0.119 - - [18/May/2020:10:20:59 +0800] "POST /xingrg/system/rest/edit_item.html HTTP/1.1" 200 4
172.17.0.119 - - [18/May/2020:10:20:59 +0800] "GET /xingrg/system/rest/get_item.html?table=menu&id=5014&_=1589768458728 HTTP/1.1" 200 943
172.17.0.119 - - [18/May/2020:10:21:00 +0800] "GET /xingrg/system/rest/query_items.html?_=1589768460374&table=menu&page=2&rows=20&categoryId=&key=5014 HTTP/1.1" 200 259
180.175.212.199 - - [18/May/2020:10:21:02 +0800] "GET /xingrg/kc/base/wldb_order_operate.html?command=get_materiel&rest_code=00102&base_code=0010477&code=00102021018 HTTP/1.1" 200 444
114.88.170.9 - - [18/May/2020:10:21:02 +0800] "GET /xingrg/check_reg.html?_=1589768463386 HTTP/1.1" 200 22
117.131.5.26 - - [18/May/2020:10:21:03 +0800] "GET /xingrg/check_reg.html?_=1589768476453 HTTP/1.1" 200 22
222.69.138.209 - - [18/May/2020:10:21:03 +0800] "GET /xingrg/all/function/internal_message.html?_=1589768463278&CODE_STATE=getMsg HTTP/1.1" 200 27
172.17.0.119 - - [18/May/2020:10:21:03 +0800] "GET /xingrg/system/rest/get_item.html?table=menu&id=5014&_=1589768463028 HTTP/1.1" 200 943
172.17.0.119 - - [18/May/2020:10:21:03 +0800] "GET /xingrg/system/rest/get_item.html?table=menu&target=menu_rest&id=5014&_=1589768463056 HTTP/1.1" 200 270
172.17.0.119 - - [18/May/2020:10:21:03 +0800] "GET /xingrg/system/rest/get_item.html?table=menu&target=cook_mode&id=5014&_=1589768463054 HTTP/1.1" 200 71
61.172.5.115 - - [18/May/2020:10:21:03 +0800] "GET /xingrg/all/function/internal_message.html?_=1589768464849&CODE_STATE=getMsg HTTP/1.1" 200 27
117.185.32.26 - - [18/May/2020:10:21:04 +0800] "GET /xingrg/kc/buy/cgsh_order_operate.html?command=get_materiel&rest_code=00106&code=00101008067&supplier_code=00100007&order_time=2020-05-18 HTTP/1.1" 200 416
114.88.170.9 - - [18/May/2020:10:21:05 +0800] "GET /xingrg/all/function/internal_message.html?_=1589768465681&CODE_STATE=getMsg HTTP/1.1" 200 27
114.84.32.201 - - [18/May/2020:10:21:06 +0800] "GET /xingrg/dwr/interface/AjaxGetFirstChart.js HTTP/1.1" 200 631
114.84.32.201 - - [18/May/2020:10:21:06 +0800] "GET /xingrg/dwr/util.js HTTP/1.1" 304 -
114.84.32.201 - - [18/May/2020:10:21:06 +0800] "GET /xingrg/dwr/engine.js HTTP/1.1" 200 43631
114.84.32.201 - - [18/May/2020:10:21:06 +0800] "GET /xingrg/system/rest/list_page.html?p=menu HTTP/1.1" 200 111231
114.84.32.201 - - [18/May/2020:10:21:06 +0800] "GET /xingrg/system/rest/query_items.html?_=1589768468096&table=menu&page=1&rows=20&categoryId=&key= HTTP/1.1" 200 4788
180.175.212.199 - - [18/May/2020:10:21:06 +0800] "POST /xingrg/kc/base/wldb_order_operate.html HTTP/1.1" 200 37
114.86.190.97 - - [18/May/2020:10:21:07 +0800] "GET /xingrg/all/function/internal_message.html?_=1589768467992&CODE_STATE=getMsg HTTP/1.1" 200 27
61.172.5.115 - - [18/May/2020:10:21:07 +0800] "POST /xingrg/kc/mdqp/pssh_list_operate.html HTTP/1.1" 200 785
61.172.5.115 - - [18/May/2020:10:21:08 +0800] "GET /xingrg/kc/mdqp/pssh_order_info.html?code=312020051600299 HTTP/1.1" 200 17297
61.172.5.115 - - [18/May/2020:10:21:08 +0800] "GET /xingrg/javascript/jquery_tools/jquery-1.4.2.min.js HTTP/1.1" 404 1094
