114.88.170.9 - - [18/May/2020:09:39:41 +0800] "GET /xingrg/kc/buy/cgsh_order_add.html HTTP/1.1" 200 58621
114.88.170.9 - - [18/May/2020:09:39:42 +0800] "POST /xingrg/kc/buy/cgsh_order_operate.html HTTP/1.1" 200 8245
114.88.170.9 - - [18/May/2020:09:39:42 +0800] "GET /xingrg/javascript/easyui/themes/default/validatebox.css HTTP/1.1" 404 1104
180.162.232.172 - - [18/May/2020:09:39:50 +0800] "GET /xingrg/all/function/internal_message.html?_=1589766125999&CODE_STATE=getMsg HTTP/1.1" 200 27
58.40.7.146 - - [18/May/2020:09:39:50 +0800] "GET /xingrg/all/function/internal_message.html?_=1589765991334&CODE_STATE=getMsg HTTP/1.1" 200 27
124.77.110.230 - - [18/May/2020:09:39:57 +0800] "GET /xingrg/check_reg.html?_=1589765997842 HTTP/1.1" 200 22
124.77.110.230 - - [18/May/2020:09:39:59 +0800] "GET /xingrg/all/function/internal_message.html?_=1589765999576&CODE_STATE=getMsg HTTP/1.1" 200 27
114.88.170.9 - - [18/May/2020:09:40:02 +0800] "GET /xingrg/all/function/internal_message.html?_=1589766002753&CODE_STATE=getMsg HTTP/1.1" 200 27
222.69.138.209 - - [18/May/2020:09:40:03 +0800] "GET /xingrg/all/function/internal_message.html?_=1589766003578&CODE_STATE=getMsg HTTP/1.1" 200 27
61.172.5.115 - - [18/May/2020:09:40:04 +0800] "GET /xingrg/all/function/internal_message.html?_=1589766005877&CODE_STATE=getMsg HTTP/1.1" 200 27
114.86.190.97 - - [18/May/2020:09:40:06 +0800] "GET /xingrg/all/function/internal_message.html?_=1589766007426&CODE_STATE=getMsg HTTP/1.1" 200 27
114.88.170.9 - - [18/May/2020:09:40:09 +0800] "GET /xingrg/kc/buy/cgsh_order_operate.html?command=get_materiel&rest_code=00111&code=00102005130&supplier_code=00100077&order_time=2020-05-18 HTTP/1.1" 200 422
114.86.226.250 - - [18/May/2020:09:40:15 +0800] "GET /xingrg/all/function/internal_message.html?_=1589766075203&CODE_STATE=getMsg HTTP/1.1" 200 27
117.131.5.26 - - [18/May/2020:09:40:16 +0800] "GET /xingrg/all/function/internal_message.html?_=1589766287870&CODE_STATE=getMsg HTTP/1.1" 200 27
114.88.170.9 - - [18/May/2020:09:40:22 +0800] "GET /xingrg/kc/buy/cgsh_order_operate.html?command=get_materiel&rest_code=00111&code=00102005462&supplier_code=00100077&order_time=2020-05-18 HTTP/1.1" 200 420
117.184.7.30 - - [18/May/2020:09:40:25 +0800] "GET /xingrg/all/function/internal_message.html?_=1589766025914&CODE_STATE=getMsg HTTP/1.1" 200 27
172.17.0.101 - - [18/May/2020:09:40:31 +0800] "GET /xingrg/all/function/internal_message.html?_=1589766068579&CODE_STATE=getMsg HTTP/1.1" 200 27
117.131.5.26 - - [18/May/2020:09:40:31 +0800] "GET /xingrg/all/function/internal_message.html?_=1589766393019&CODE_STATE=getMsg HTTP/1.1" 200 27
183.192.88.133 - - [18/May/2020:09:40:31 +0800] "GET /xingrg/all/function/internal_message.html?_=1589766035007&CODE_STATE=getMsg HTTP/1.1" 200 27
172.17.0.119 - - [18/May/2020:09:40:32 +0800] "GET /xingrg/login.html HTTP/1.1" 200 7636
172.17.0.123 - - [18/May/2020:09:40:32 +0800] "GET /xingrg/all/function/internal_message.html?_=1589766027395&CODE_STATE=getMsg HTTP/1.1" 302 -
172.17.0.123 - - [18/May/2020:09:40:32 +0800] "GET /xingrg/check_reg.html?_=1589766027399 HTTP/1.1" 302 -
114.88.170.9 - - [18/May/2020:09:40:32 +0800] "GET /xingrg/kc/buy/cgsh_order_operate.html?command=get_materiel&rest_code=00111&code=00102006243&supplier_code=00100077&order_time=2020-05-18 HTTP/1.1" 200 407
172.17.0.119 - - [18/May/2020:09:40:33 +0800] "GET /favicon.ico HTTP/1.1" 404 -
172.17.0.100 - - [18/May/2020:09:40:33 +0800] "GET /xingrg/all/function/internal_message.html?_=1589766034182&CODE_STATE=getMsg HTTP/1.1" 200 27
172.17.0.119 - - [18/May/2020:09:40:33 +0800] "GET /favicon.ico HTTP/1.1" 404 -
172.17.0.119 - - [18/May/2020:09:40:35 +0800] "POST /xingrg/login.do HTTP/1.1" 302 -
172.17.0.119 - - [18/May/2020:09:40:35 +0800] "GET /xingrg/index.html?sysBaseUrl=http%3A%2F%2F172.17.0.8%3A18081%2Fxingrg%2F&costTime=40×tamp=1589766035125 HTTP/1.1" 200 17448
172.17.0.119 - - [18/May/2020:09:40:35 +0800] "GET /favicon.ico HTTP/1.1" 404 -
172.17.0.119 - - [18/May/2020:09:40:35 +0800] "POST /xingrg/all/common/load_tree.html?tree=area_rest_tree_json&manage=1 HTTP/1.1" 200 3088
172.17.0.119 - - [18/May/2020:09:40:35 +0800] "GET /xingrg/all/function/internal_message.html?_=1589766034936&CODE_STATE=count HTTP/1.1" 200 11
172.17.0.119 - - [18/May/2020:09:40:35 +0800] "GET /xingrg/check_reg.html?_=1589766034938 HTTP/1.1" 200 22
172.17.0.119 - - [18/May/2020:09:40:35 +0800] "POST /xingrg/load_menu.html HTTP/1.1" 200 11529
180.162.232.172 - - [18/May/2020:09:40:38 +0800] "GET /xingrg/all/function/internal_message.html?_=1589766039492&CODE_STATE=getMsg HTTP/1.1" 200 27
58.40.7.146 - - [18/May/2020:09:40:40 +0800] "GET /xingrg/all/function/internal_message.html?_=1589766041773&CODE_STATE=getMsg HTTP/1.1" 200 27
58.40.7.146 - - [18/May/2020:09:40:40 +0800] "GET /xingrg/check_reg.html?_=1589766041775 HTTP/1.1" 200 22
114.88.170.9 - - [18/May/2020:09:40:41 +0800] "GET /xingrg/kc/buy/cgsh_order_operate.html?command=get_materiel&rest_code=00111&code=00102006246&supplier_code=00100077&order_time=2020-05-18 HTTP/1.1" 200 403
172.17.0.119 - - [18/May/2020:09:40:49 +0800] "POST /xingrg/load_menu.html HTTP/1.1" 200 10512
180.162.232.172 - - [18/May/2020:09:40:50 +0800] "GET /xingrg/all/function/internal_message.html?_=1589766186011&CODE_STATE=getMsg HTTP/1.1" 200 27
58.40.7.146 - - [18/May/2020:09:40:50 +0800] "GET /xingrg/all/function/internal_message.html?_=1589766051338&CODE_STATE=getMsg HTTP/1.1" 200 27
58.40.7.146 - - [18/May/2020:09:40:50 +0800] "GET /xingrg/check_reg.html?_=1589766051340 HTTP/1.1" 200 22
114.88.170.9 - - [18/May/2020:09:40:53 +0800] "GET /xingrg/kc/buy/cgsh_order_operate.html?command=get_materiel&rest_code=00111&code=00102006244&supplier_code=00100077&order_time=2020-05-18 HTTP/1.1" 200 406
172.17.0.119 - - [18/May/2020:09:40:56 +0800] "GET /xingrg/system/rest/list_page.html?p=menu HTTP/1.1" 200 111011
172.17.0.119 - - [18/May/2020:09:40:56 +0800] "GET /xingrg/dwr/interface/AjaxGetFirstChart.js HTTP/1.1" 200 631
172.17.0.119 - - [18/May/2020:09:40:56 +0800] "GET /xingrg/dwr/util.js HTTP/1.1" 304 -
172.17.0.119 - - [18/May/2020:09:40:56 +0800] "GET /xingrg/dwr/engine.js HTTP/1.1" 200 43631
172.17.0.119 - - [18/May/2020:09:40:56 +0800] "GET /xingrg/system/rest/query_items.html?_=1589766056341&table=menu&page=1&rows=20&categoryId=&key= HTTP/1.1" 200 4788
124.77.110.230 - - [18/May/2020:09:40:59 +0800] "GET /xingrg/all/function/internal_message.html?_=1589766059561&CODE_STATE=getMsg HTTP/1.1" 200 27
114.88.170.9 - - [18/May/2020:09:41:01 +0800] "GET /xingrg/check_reg.html?_=1589766061723 HTTP/1.1" 200 22
114.88.170.9 - - [18/May/2020:09:41:02 +0800] "GET /xingrg/all/function/internal_message.html?_=1589766062962&CODE_STATE=getMsg HTTP/1.1" 200 27
222.69.138.209 - - [18/May/2020:09:41:03 +0800] "GET /xingrg/all/function/internal_message.html?_=1589766063572&CODE_STATE=getMsg HTTP/1.1" 200 27
61.172.5.115 - - [18/May/2020:09:41:04 +0800] "GET /xingrg/all/function/internal_message.html?_=1589766065902&CODE_STATE=getMsg HTTP/1.1" 200 27
114.88.170.9 - - [18/May/2020:09:41:05 +0800] "GET /xingrg/kc/buy/cgsh_order_operate.html?command=get_materiel&rest_code=00111&code=00102006467&supplier_code=00100077&order_time=2020-05-18 HTTP/1.1" 200 406
114.86.190.97 - - [18/May/2020:09:41:06 +0800] "GET /xingrg/all/function/internal_message.html?_=1589766067445&CODE_STATE=getMsg HTTP/1.1" 200 27
114.86.226.250 - - [18/May/2020:09:41:14 +0800] "GET /xingrg/check_reg.html?_=1589766135203 HTTP/1.1" 200 22
114.86.226.250 - - [18/May/2020:09:41:14 +0800] "GET /xingrg/all/function/internal_message.html?_=1589766135218&CODE_STATE=getMsg HTTP/1.1" 200 27
114.88.170.9 - - [18/May/2020:09:41:14 +0800] "GET /xingrg/kc/buy/cgsh_order_operate.html?command=get_materiel&rest_code=00111&code=00102006466&supplier_code=00100077&order_time=2020-05-18 HTTP/1.1" 200 407
117.131.5.26 - - [18/May/2020:09:41:16 +0800] "GET /xingrg/all/function/internal_message.html?_=1589766348072&CODE_STATE=getMsg HTTP/1.1" 200 27
117.131.5.26 - - [18/May/2020:09:41:17 +0800] "GET /xingrg/check_reg.html?_=1589766348741 HTTP/1.1" 200 22
172.17.0.119 - - [18/May/2020:09:41:23 +0800] "GET /xingrg/system/rest/query_items.html?_=1589766082627&table=menu&page=1&rows=20&categoryId=&key=2557 HTTP/1.1" 200 21
114.88.170.9 - - [18/May/2020:09:41:23 +0800] "GET /xingrg/kc/buy/cgsh_order_operate.html?command=get_materiel&rest_code=00111&code=00102005886&supplier_code=00100077&order_time=2020-05-18 HTTP/1.1" 200 420
172.17.0.119 - - [18/May/2020:09:41:24 +0800] "GET /xingrg/system/rest/query_items.html?_=1589766084254&table=menu&page=1&rows=20&categoryId=&key=2557 HTTP/1.1" 200 21
117.184.7.30 - - [18/May/2020:09:41:25 +0800] "GET /xingrg/all/function/internal_message.html?_=1589766085916&CODE_STATE=getMsg HTTP/1.1" 200 27
172.17.0.119 - - [18/May/2020:09:41:25 +0800] "GET /xingrg/system/rest/get_item.html?table=menu&isAdd=1&_=1589766084840 HTTP/1.1" 200 22
172.17.0.119 - - [18/May/2020:09:41:25 +0800] "GET /xingrg/javascript/jquery_easy_ui/themes/default/images/validatebox_warning.png HTTP/1.1" 200 921
172.17.0.119 - - [18/May/2020:09:41:25 +0800] "GET /xingrg/javascript/jquery_easy_ui/themes/default/images/validatebox_pointer.gif HTTP/1.1" 200 82
172.17.0.101 - - [18/May/2020:09:41:31 +0800] "GET /xingrg/all/function/internal_message.html?_=1589766128581&CODE_STATE=getMsg HTTP/1.1" 200 27
117.131.5.26 - - [18/May/2020:09:41:31 +0800] "GET /xingrg/all/function/internal_message.html?_=1589766453018&CODE_STATE=getMsg HTTP/1.1" 200 27
183.192.88.133 - - [18/May/2020:09:41:31 +0800] "GET /xingrg/all/function/internal_message.html?_=1589766095021&CODE_STATE=getMsg HTTP/1.1" 200 27
172.17.0.123 - - [18/May/2020:09:41:32 +0800] "GET /xingrg/all/function/internal_message.html?_=1589766087402&CODE_STATE=getMsg HTTP/1.1" 302 -
172.17.0.100 - - [18/May/2020:09:41:33 +0800] "GET /xingrg/all/function/internal_message.html?_=1589766094182&CODE_STATE=getMsg HTTP/1.1" 200 27
172.17.0.119 - - [18/May/2020:09:41:35 +0800] "POST /xingrg/dwr/call/plaincall/AjaxGetFirstChart.getFirstChart.dwr HTTP/1.1" 200 82
172.17.0.119 - - [18/May/2020:09:41:35 +0800] "POST /xingrg/dwr/call/plaincall/AjaxGetFirstChart.getFirstChart.dwr HTTP/1.1" 200 82
172.17.0.119 - - [18/May/2020:09:41:35 +0800] "GET /xingrg/all/function/internal_message.html?_=1589766094952&CODE_STATE=getMsg HTTP/1.1" 200 27
180.162.232.172 - - [18/May/2020:09:41:38 +0800] "GET /xingrg/all/function/internal_message.html?_=1589766099467&CODE_STATE=getMsg HTTP/1.1" 200 27
58.40.7.146 - - [18/May/2020:09:41:40 +0800] "GET /xingrg/all/function/internal_message.html?_=1589766101776&CODE_STATE=getMsg HTTP/1.1" 200 27
180.162.232.172 - - [18/May/2020:09:41:50 +0800] "GET /xingrg/check_reg.html?_=1589766245905 HTTP/1.1" 200 22
180.162.232.172 - - [18/May/2020:09:41:50 +0800] "GET /xingrg/all/function/internal_message.html?_=1589766246024&CODE_STATE=getMsg HTTP/1.1" 200 27
114.84.33.255 - - [18/May/2020:09:41:50 +0800] "GET /xingrg/check_reg.html?_=1589766140851 HTTP/1.1" 200 22
58.40.7.146 - - [18/May/2020:09:41:50 +0800] "GET /xingrg/all/function/internal_message.html?_=1589766111343&CODE_STATE=getMsg HTTP/1.1" 200 27
114.88.170.9 - - [18/May/2020:09:41:53 +0800] "GET /xingrg/kc/buy/cgsh_order_operate.html?command=get_materiel&rest_code=00111&code=00102005883&supplier_code=00100077&order_time=2020-05-18 HTTP/1.1" 200 421
114.86.190.97 - - [18/May/2020:09:41:55 +0800] "GET /xingrg/kc/buy/cgsh_order_list.html HTTP/1.1" 200 42889
114.86.190.97 - - [18/May/2020:09:41:55 +0800] "GET /xingrg/css/base.css HTTP/1.1" 304 -
114.86.190.97 - - [18/May/2020:09:41:56 +0800] "GET /xingrg/javascript/jquery_tools/jquery.tools.table.js HTTP/1.1" 304 -
114.86.190.97 - - [18/May/2020:09:41:56 +0800] "GET /xingrg/javascript/jquery_tools/list_manager.js HTTP/1.1" 304 -
114.86.190.97 - - [18/May/2020:09:41:56 +0800] "GET /xingrg/css/site.css HTTP/1.1" 304 -
114.86.190.97 - - [18/May/2020:09:41:56 +0800] "GET /xingrg/javascript/jquery_tools/datebox.css HTTP/1.1" 304 -
114.86.190.97 - - [18/May/2020:09:41:56 +0800] "GET /xingrg/javascript/auto/jquery.autocomplete.js HTTP/1.1" 304 -
114.86.190.97 - - [18/May/2020:09:41:56 +0800] "GET /xingrg/javascript/easyui/themes/default/easyui.css HTTP/1.1" 304 -
114.86.190.97 - - [18/May/2020:09:41:56 +0800] "GET /xingrg/javascript/easyui/themes/icon.css HTTP/1.1" 304 -
114.86.190.97 - - [18/May/2020:09:41:56 +0800] "GET /xingrg/javascript/auto/jquery.autocomplete.css HTTP/1.1" 304 -
114.86.190.97 - - [18/May/2020:09:41:56 +0800] "GET /xingrg/javascript/easyui/easyloader.js HTTP/1.1" 304 -
114.86.190.97 - - [18/May/2020:09:41:56 +0800] "GET /xingrg/javascript/jquery_tools/table.css HTTP/1.1" 304 -
114.86.190.97 - - [18/May/2020:09:41:56 +0800] "GET /xingrg/javascript/jquery_tools/jquery.tools.min.js HTTP/1.1" 304 -
114.86.190.97 - - [18/May/2020:09:41:56 +0800] "GET /xingrg/javascript/jquery_tools/jquery.tools.extend.js HTTP/1.1" 304 -
114.86.190.97 - - [18/May/2020:09:41:56 +0800] "GET /xingrg/javascript/jquery_tools/jquery.tools.hotkey.js HTTP/1.1" 304 -
114.86.190.97 - - [18/May/2020:09:41:56 +0800] "GET /xingrg/javascript/jquery.utils.js HTTP/1.1" 304 -
114.86.190.97 - - [18/May/2020:09:41:56 +0800] "GET /xingrg/javascript/jquery_tools/fix.css HTTP/1.1" 304 -
114.86.190.97 - - [18/May/2020:09:41:56 +0800] "GET /xingrg/javascript/jquery.cookie.js HTTP/1.1" 304 -
114.86.190.97 - - [18/May/2020:09:41:56 +0800] "GET /xingrg/javascript/print/LodopFuncs.js HTTP/1.1" 304 -
114.86.190.97 - - [18/May/2020:09:41:56 +0800] "GET /xingrg/javascript/easyui/themes/icons/edit_add_new.png HTTP/1.1" 304 -
114.86.190.97 - - [18/May/2020:09:41:56 +0800] "GET /xingrg/javascript/easyui/themes/icons/cance_new.png HTTP/1.1" 304 -
114.86.190.97 - - [18/May/2020:09:41:56 +0800] "GET /xingrg/javascript/easyui/themes/icons/check_new.png HTTP/1.1" 304 -
114.86.190.97 - - [18/May/2020:09:41:56 +0800] "GET /xingrg/javascript/easyui/themes/icons/field_new.png HTTP/1.1" 304 -
114.86.190.97 - - [18/May/2020:09:41:56 +0800] "GET /xingrg/javascript/easyui/themes/icons/import_new.png HTTP/1.1" 304 -
114.86.190.97 - - [18/May/2020:09:41:56 +0800] "GET /xingrg/javascript/easyui/plugins/jquery.parser.js HTTP/1.1" 304 -
114.86.190.97 - - [18/May/2020:09:41:56 +0800] "POST /xingrg/kc/buy/cgsh_list_operate.html HTTP/1.1" 200 876
114.86.190.97 - - [18/May/2020:09:41:57 +0800] "GET /xingrg/kc/base/wldb_order_list.html HTTP/1.1" 200 19261
114.86.190.97 - - [18/May/2020:09:41:57 +0800] "GET /xingrg/css/base.css HTTP/1.1" 304 -
114.86.190.97 - - [18/May/2020:09:41:57 +0800] "GET /xingrg/javascript/jquery_tools/datebox.css HTTP/1.1" 304 -
114.86.190.97 - - [18/May/2020:09:41:57 +0800] "GET /xingrg/css/site.css HTTP/1.1" 304 -
114.86.190.97 - - [18/May/2020:09:41:57 +0800] "GET /xingrg/javascript/easyui/themes/default/easyui.css HTTP/1.1" 304 -
114.86.190.97 - - [18/May/2020:09:41:57 +0800] "GET /xingrg/javascript/easyui/themes/icon.css HTTP/1.1" 304 -
114.86.190.97 - - [18/May/2020:09:41:57 +0800] "GET /xingrg/javascript/jquery_tools/jquery.tools.extend.js HTTP/1.1" 304 -
114.86.190.97 - - [18/May/2020:09:41:57 +0800] "GET /xingrg/javascript/auto/jquery.autocomplete.css HTTP/1.1" 304 -
114.86.190.97 - - [18/May/2020:09:41:57 +0800] "GET /xingrg/javascript/jquery_tools/fix.css HTTP/1.1" 304 -
114.86.190.97 - - [18/May/2020:09:41:57 +0800] "GET /xingrg/javascript/jquery_tools/table.css HTTP/1.1" 304 -
114.86.190.97 - - [18/May/2020:09:41:57 +0800] "GET /xingrg/javascript/jquery_tools/jquery.tools.min.js HTTP/1.1" 304 -
114.86.190.97 - - [18/May/2020:09:41:57 +0800] "GET /xingrg/javascript/jquery_tools/jquery.tools.hotkey.js HTTP/1.1" 304 -
114.86.190.97 - - [18/May/2020:09:41:57 +0800] "GET /xingrg/javascript/jquery_tools/list_manager.js HTTP/1.1" 304 -
114.86.190.97 - - [18/May/2020:09:41:57 +0800] "GET /xingrg/javascript/jquery_tools/jquery.tools.table.js HTTP/1.1" 304 -
114.86.190.97 - - [18/May/2020:09:41:57 +0800] "GET /xingrg/javascript/jquery.utils.js HTTP/1.1" 304 -
114.86.190.97 - - [18/May/2020:09:41:57 +0800] "GET /xingrg/javascript/jquery.cookie.js HTTP/1.1" 304 -
114.86.190.97 - - [18/May/2020:09:41:57 +0800] "GET /xingrg/javascript/print/LodopFuncs.js HTTP/1.1" 304 -
114.86.190.97 - - [18/May/2020:09:41:57 +0800] "GET /xingrg/javascript/auto/jquery.autocomplete.js HTTP/1.1" 304 -
114.86.190.97 - - [18/May/2020:09:41:57 +0800] "GET /xingrg/javascript/easyui/easyloader.js HTTP/1.1" 304 -
114.86.190.97 - - [18/May/2020:09:41:57 +0800] "GET /xingrg/javascript/easyui/plugins/jquery.parser.js HTTP/1.1" 304 -
114.86.190.97 - - [18/May/2020:09:41:58 +0800] "POST /xingrg/kc/base/wldb_list_operate.html HTTP/1.1" 200 928
124.77.110.230 - - [18/May/2020:09:41:59 +0800] "GET /xingrg/all/function/internal_message.html?_=1589766119552&CODE_STATE=getMsg HTTP/1.1" 200 27
114.86.190.97 - - [18/May/2020:09:42:00 +0800] "GET /xingrg/kc/mdqp/qqps_order_list.html HTTP/1.1" 200 9222
114.86.190.97 - - [18/May/2020:09:42:00 +0800] "GET /xingrg/css/blue.css HTTP/1.1" 304 -
114.86.190.97 - - [18/May/2020:09:42:00 +0800] "GET /xingrg/javascript/pic_change.js HTTP/1.1" 304 -
114.86.190.97 - - [18/May/2020:09:42:00 +0800] "GET /xingrg/javascript/ToolTips.js HTTP/1.1" 304 -
114.86.190.97 - - [18/May/2020:09:42:00 +0800] "GET /xingrg/dwr/util.js HTTP/1.1" 304 -
114.86.190.97 - - [18/May/2020:09:42:00 +0800] "GET /xingrg/javascript/jquery_easy_ui/themes/default/easyui.css HTTP/1.1" 304 -
114.86.190.97 - - [18/May/2020:09:42:00 +0800] "GET /xingrg/javascript/Calendar.js HTTP/1.1" 304 -
114.86.190.97 - - [18/May/2020:09:42:00 +0800] "GET /xingrg/javascript/myfunction.js HTTP/1.1" 304 -
114.86.190.97 - - [18/May/2020:09:42:00 +0800] "GET /xingrg/javascript/jquery_easy_ui/themes/icon.css HTTP/1.1" 304 -
114.86.190.97 - - [18/May/2020:09:42:00 +0800] "GET /xingrg/dwr/interface/AjaxReportQueryService.js HTTP/1.1" 200 13203
114.86.190.97 - - [18/May/2020:09:42:00 +0800] "GET /xingrg/dwr/interface/AjaxQqpsService.js HTTP/1.1" 200 16326
114.86.190.97 - - [18/May/2020:09:42:00 +0800] "GET /xingrg/dwr/engine.js HTTP/1.1" 200 43631
114.86.190.97 - - [18/May/2020:09:42:00 +0800] "GET /xingrg/javascript/jquery_easy_ui/themes/icons/edit_add_new.png HTTP/1.1" 304 -
114.86.190.97 - - [18/May/2020:09:42:00 +0800] "GET /xingrg/javascript/jquery_easy_ui/themes/icons/uncheck_new.png HTTP/1.1" 304 -
114.86.190.97 - - [18/May/2020:09:42:00 +0800] "GET /xingrg/javascript/jquery_easy_ui/themes/icons/check_new.png HTTP/1.1" 304 -
114.86.190.97 - - [18/May/2020:09:42:00 +0800] "GET /xingrg/javascript/jquery_easy_ui/themes/icons/cance_new.png HTTP/1.1" 304 -
114.88.170.9 - - [18/May/2020:09:42:02 +0800] "GET /xingrg/all/function/internal_message.html?_=1589766122968&CODE_STATE=getMsg HTTP/1.1" 200 27
222.69.138.209 - - [18/May/2020:09:42:03 +0800] "GET /xingrg/all/function/internal_message.html?_=1589766123578&CODE_STATE=getMsg HTTP/1.1" 200 27
61.172.5.115 - - [18/May/2020:09:42:04 +0800] "GET /xingrg/all/function/internal_message.html?_=1589766125834&CODE_STATE=getMsg HTTP/1.1" 200 27
114.86.190.97 - - [18/May/2020:09:42:06 +0800] "GET /xingrg/all/function/internal_message.html?_=1589766127454&CODE_STATE=getMsg HTTP/1.1" 200 27
114.88.170.9 - - [18/May/2020:09:42:08 +0800] "GET /xingrg/kc/buy/cgsh_order_operate.html?command=get_materiel&rest_code=00111&code=00102005885&supplier_code=00100077&order_time=2020-05-18 HTTP/1.1" 200 422
114.86.226.250 - - [18/May/2020:09:42:13 +0800] "GET /xingrg/all/function/internal_message.html?_=1589766195218&CODE_STATE=getMsg HTTP/1.1" 200 27
117.131.5.26 - - [18/May/2020:09:42:16 +0800] "GET /xingrg/all/function/internal_message.html?_=1589766408084&CODE_STATE=getMsg HTTP/1.1" 200 27
116.232.33.186 - - [18/May/2020:09:42:18 +0800] "POST /xingrg/services/DataTransmitService HTTP/1.1" 200 524
114.88.170.9 - - [18/May/2020:09:42:23 +0800] "GET /xingrg/kc/buy/cgsh_order_operate.html?command=get_materiel&rest_code=00111&code=00102003069&supplier_code=00100077&order_time=2020-05-18 HTTP/1.1" 200 420
117.184.7.30 - - [18/May/2020:09:42:25 +0800] "GET /xingrg/all/function/internal_message.html?_=1589766145917&CODE_STATE=getMsg HTTP/1.1" 200 27
172.17.0.101 - - [18/May/2020:09:42:31 +0800] "GET /xingrg/all/function/internal_message.html?_=1589766188582&CODE_STATE=getMsg HTTP/1.1" 200 27
117.131.5.26 - - [18/May/2020:09:42:31 +0800] "GET /xingrg/all/function/internal_message.html?_=1589766513016&CODE_STATE=getMsg HTTP/1.1" 200 27
117.131.5.26 - - [18/May/2020:09:42:31 +0800] "GET /xingrg/check_reg.html?_=1589766513017 HTTP/1.1" 200 22
183.192.88.133 - - [18/May/2020:09:42:31 +0800] "GET /xingrg/all/function/internal_message.html?_=1589766155020&CODE_STATE=getMsg HTTP/1.1" 200 27
172.17.0.123 - - [18/May/2020:09:42:32 +0800] "GET /xingrg/all/function/internal_message.html?_=1589766147405&CODE_STATE=getMsg HTTP/1.1" 302 -
172.17.0.100 - - [18/May/2020:09:42:33 +0800] "GET /xingrg/all/function/internal_message.html?_=1589766154187&CODE_STATE=getMsg HTTP/1.1" 200 27
172.17.0.119 - - [18/May/2020:09:42:35 +0800] "GET /xingrg/all/function/internal_message.html?_=1589766154953&CODE_STATE=getMsg HTTP/1.1" 200 27
114.88.170.9 - - [18/May/2020:09:42:37 +0800] "GET /xingrg/kc/buy/cgsh_order_operate.html?command=get_materiel&rest_code=00111&code=00102003343&supplier_code=00100077&order_time=2020-05-18 HTTP/1.1" 200 420
180.162.232.172 - - [18/May/2020:09:42:38 +0800] "GET /xingrg/all/function/internal_message.html?_=1589766159436&CODE_STATE=getMsg HTTP/1.1" 200 27
180.162.232.172 - - [18/May/2020:09:42:38 +0800] "GET /xingrg/check_reg.html?_=1589766159868 HTTP/1.1" 200 22
58.40.7.146 - - [18/May/2020:09:42:40 +0800] "GET /xingrg/all/function/internal_message.html?_=1589766161781&CODE_STATE=getMsg HTTP/1.1" 200 27
114.88.170.9 - - [18/May/2020:09:42:48 +0800] "GET /xingrg/kc/buy/cgsh_order_operate.html?command=get_materiel&rest_code=00111&code=00102006115&supplier_code=00100077&order_time=2020-05-18 HTTP/1.1" 200 406
180.162.232.172 - - [18/May/2020:09:42:50 +0800] "GET /xingrg/all/function/internal_message.html?_=1589766306038&CODE_STATE=getMsg HTTP/1.1" 200 27
58.40.7.146 - - [18/May/2020:09:42:50 +0800] "GET /xingrg/all/function/internal_message.html?_=1589766171348&CODE_STATE=getMsg HTTP/1.1" 200 27
117.131.5.26 - - [18/May/2020:09:42:58 +0800] "GET /xingrg/check_reg.html?_=1589766192015 HTTP/1.1" 200 22
124.77.110.230 - - [18/May/2020:09:42:59 +0800] "GET /xingrg/all/function/internal_message.html?_=1589766179538&CODE_STATE=getMsg HTTP/1.1" 200 27
114.88.170.9 - - [18/May/2020:09:43:02 +0800] "GET /xingrg/all/function/internal_message.html?_=1589766182981&CODE_STATE=getMsg HTTP/1.1" 200 27
222.69.138.209 - - [18/May/2020:09:43:03 +0800] "GET /xingrg/all/function/internal_message.html?_=1589766183585&CODE_STATE=getMsg HTTP/1.1" 200 27
61.172.5.115 - - [18/May/2020:09:43:04 +0800] "GET /xingrg/all/function/internal_message.html?_=1589766185814&CODE_STATE=getMsg HTTP/1.1" 200 27
114.86.190.97 - - [18/May/2020:09:43:06 +0800] "GET /xingrg/check_reg.html?_=1589766187171 HTTP/1.1" 200 22
114.86.190.97 - - [18/May/2020:09:43:06 +0800] "GET /xingrg/all/function/internal_message.html?_=1589766187467&CODE_STATE=getMsg HTTP/1.1" 200 27
114.88.170.9 - - [18/May/2020:09:43:11 +0800] "GET /xingrg/check_reg.html?_=1589766191562 HTTP/1.1" 200 22
114.86.226.250 - - [18/May/2020:09:43:13 +0800] "GET /xingrg/all/function/internal_message.html?_=1589766255218&CODE_STATE=getMsg HTTP/1.1" 200 27
117.131.5.26 - - [18/May/2020:09:43:16 +0800] "GET /xingrg/all/function/internal_message.html?_=1589766468097&CODE_STATE=getMsg HTTP/1.1" 200 27
61.172.5.115 - - [18/May/2020:09:43:19 +0800] "GET /xingrg/check_reg.html?_=1589766200765 HTTP/1.1" 200 22
117.184.7.30 - - [18/May/2020:09:43:25 +0800] "GET /xingrg/all/function/internal_message.html?_=1589766205920&CODE_STATE=getMsg HTTP/1.1" 200 27
172.17.0.101 - - [18/May/2020:09:43:31 +0800] "GET /xingrg/all/function/internal_message.html?_=1589766248584&CODE_STATE=getMsg HTTP/1.1" 200 27
172.17.0.101 - - [18/May/2020:09:43:31 +0800] "GET /xingrg/check_reg.html?_=1589766248589 HTTP/1.1" 200 22
117.131.5.26 - - [18/May/2020:09:43:31 +0800] "GET /xingrg/all/function/internal_message.html?_=1589766573030&CODE_STATE=getMsg HTTP/1.1" 200 27
183.192.88.133 - - [18/May/2020:09:43:31 +0800] "GET /xingrg/all/function/internal_message.html?_=1589766215020&CODE_STATE=getMsg HTTP/1.1" 200 27
183.192.88.133 - - [18/May/2020:09:43:31 +0800] "GET /xingrg/check_reg.html?_=1589766215022 HTTP/1.1" 200 22
172.17.0.123 - - [18/May/2020:09:43:32 +0800] "GET /xingrg/all/function/internal_message.html?_=1589766207391&CODE_STATE=getMsg HTTP/1.1" 302 -
172.17.0.100 - - [18/May/2020:09:43:33 +0800] "GET /xingrg/all/function/internal_message.html?_=1589766214173&CODE_STATE=getMsg HTTP/1.1" 200 27
172.17.0.119 - - [18/May/2020:09:43:35 +0800] "GET /xingrg/all/function/internal_message.html?_=1589766214977&CODE_STATE=getMsg HTTP/1.1" 200 27
180.162.232.172 - - [18/May/2020:09:43:38 +0800] "GET /xingrg/all/function/internal_message.html?_=1589766219415&CODE_STATE=getMsg HTTP/1.1" 200 27
172.17.0.119 - - [18/May/2020:09:43:38 +0800] "GET /xingrg/system/rest/query_items.html?_=1589766218304&table=menu&page=1&rows=20&categoryId=&key=%25E7%2599%25BE%25E5%258F%25B6%25E5%258C%2585 HTTP/1.1" 200 1461
58.40.7.146 - - [18/May/2020:09:43:40 +0800] "GET /xingrg/all/function/internal_message.html?_=1589766221783&CODE_STATE=getMsg HTTP/1.1" 200 27
172.17.0.119 - - [18/May/2020:09:43:41 +0800] "GET /xingrg/system/rest/query_items.html?_=1589766220699&table=menu&page=1&rows=20&categoryId=&key=%25E7%2599%25BE%25E5%258F%25B6%25E5%258C%2585 HTTP/1.1" 200 1461
180.162.232.172 - - [18/May/2020:09:43:50 +0800] "GET /xingrg/all/function/internal_message.html?_=1589766366051&CODE_STATE=getMsg HTTP/1.1" 200 27
58.40.7.146 - - [18/May/2020:09:43:50 +0800] "GET /xingrg/all/function/internal_message.html?_=1589766231335&CODE_STATE=getMsg HTTP/1.1" 200 27
124.77.110.230 - - [18/May/2020:09:43:59 +0800] "GET /xingrg/all/function/internal_message.html?_=1589766239529&CODE_STATE=getMsg HTTP/1.1" 200 27
114.88.170.9 - - [18/May/2020:09:44:02 +0800] "GET /xingrg/all/function/internal_message.html?_=1589766242995&CODE_STATE=getMsg HTTP/1.1" 200 27
172.17.0.119 - - [18/May/2020:09:44:03 +0800] "GET /xingrg/system/rest/get_item.html?table=menu&isAdd=1&_=1589766242753 HTTP/1.1" 200 22
222.69.138.209 - - [18/May/2020:09:44:03 +0800] "GET /xingrg/all/function/internal_message.html?_=1589766243576&CODE_STATE=getMsg HTTP/1.1" 200 27
222.69.138.209 - - [18/May/2020:09:44:03 +0800] "GET /xingrg/check_reg.html?_=1589766243586 HTTP/1.1" 200 22
61.172.5.115 - - [18/May/2020:09:44:04 +0800] "GET /xingrg/all/function/internal_message.html?_=1589766245784&CODE_STATE=getMsg HTTP/1.1" 200 27
114.86.190.97 - - [18/May/2020:09:44:06 +0800] "GET /xingrg/all/function/internal_message.html?_=1589766247481&CODE_STATE=getMsg HTTP/1.1" 200 27
114.86.226.250 - - [18/May/2020:09:44:13 +0800] "GET /xingrg/all/function/internal_message.html?_=1589766315218&CODE_STATE=getMsg HTTP/1.1" 200 27
172.17.0.119 - - [18/May/2020:09:44:15 +0800] "POST /xingrg/dwr/call/plaincall/AjaxGetFirstChart.getFirstChart.dwr HTTP/1.1" 200 82
172.17.0.119 - - [18/May/2020:09:44:15 +0800] "POST /xingrg/dwr/call/plaincall/AjaxGetFirstChart.getFirstChart.dwr HTTP/1.1" 200 82
117.131.5.26 - - [18/May/2020:09:44:16 +0800] "GET /xingrg/all/function/internal_message.html?_=1589766528298&CODE_STATE=getMsg HTTP/1.1" 200 27
117.184.7.30 - - [18/May/2020:09:44:25 +0800] "GET /xingrg/all/function/internal_message.html?_=1589766265922&CODE_STATE=getMsg HTTP/1.1" 200 27
117.184.7.26 - - [18/May/2020:09:44:25 +0800] "GET /xingrg/check_reg.html?_=1589766265925 HTTP/1.1" 200 22
172.17.0.101 - - [18/May/2020:09:44:31 +0800] "GET /xingrg/all/function/internal_message.html?_=1589766308575&CODE_STATE=getMsg HTTP/1.1" 200 27
117.131.5.26 - - [18/May/2020:09:44:31 +0800] "GET /xingrg/all/function/internal_message.html?_=1589766633029&CODE_STATE=getMsg HTTP/1.1" 200 27
183.192.88.133 - - [18/May/2020:09:44:31 +0800] "GET /xingrg/all/function/internal_message.html?_=1589766275021&CODE_STATE=getMsg HTTP/1.1" 200 27
172.17.0.123 - - [18/May/2020:09:44:32 +0800] "GET /xingrg/all/function/internal_message.html?_=1589766267399&CODE_STATE=getMsg HTTP/1.1" 302 -
172.17.0.100 - - [18/May/2020:09:44:33 +0800] "GET /xingrg/all/function/internal_message.html?_=1589766274174&CODE_STATE=getMsg HTTP/1.1" 200 27
172.17.0.100 - - [18/May/2020:09:44:33 +0800] "GET /xingrg/check_reg.html?_=1589766274176 HTTP/1.1" 200 22
172.17.0.119 - - [18/May/2020:09:44:35 +0800] "GET /xingrg/all/function/internal_message.html?_=1589766274957&CODE_STATE=getMsg HTTP/1.1" 200 27
180.162.232.172 - - [18/May/2020:09:44:38 +0800] "GET /xingrg/all/function/internal_message.html?_=1589766279401&CODE_STATE=getMsg HTTP/1.1" 200 27
58.40.7.146 - - [18/May/2020:09:44:40 +0800] "GET /xingrg/all/function/internal_message.html?_=1589766281788&CODE_STATE=getMsg HTTP/1.1" 200 27
180.162.232.172 - - [18/May/2020:09:44:50 +0800] "GET /xingrg/all/function/internal_message.html?_=1589766426069&CODE_STATE=getMsg HTTP/1.1" 200 27
58.40.7.146 - - [18/May/2020:09:44:50 +0800] "GET /xingrg/all/function/internal_message.html?_=1589766291337&CODE_STATE=getMsg HTTP/1.1" 200 27
124.77.110.230 - - [18/May/2020:09:44:57 +0800] "GET /xingrg/check_reg.html?_=1589766297827 HTTP/1.1" 200 22
124.77.110.230 - - [18/May/2020:09:44:59 +0800] "GET /xingrg/all/function/internal_message.html?_=1589766299499&CODE_STATE=getMsg HTTP/1.1" 200 27
114.88.170.9 - - [18/May/2020:09:45:02 +0800] "GET /xingrg/all/function/internal_message.html?_=1589766303008&CODE_STATE=getMsg HTTP/1.1" 200 27
114.88.170.9 - - [18/May/2020:09:45:02 +0800] "GET /xingrg/kc/buy/cgsh_order_operate.html?command=get_materiel&rest_code=00111&code=00101023017&supplier_code=00100077&order_time=2020-05-18 HTTP/1.1" 200 417
222.69.138.209 - - [18/May/2020:09:45:03 +0800] "GET /xingrg/all/function/internal_message.html?_=1589766303590&CODE_STATE=getMsg HTTP/1.1" 200 27
61.172.5.115 - - [18/May/2020:09:45:04 +0800] "GET /xingrg/all/function/internal_message.html?_=1589766305764&CODE_STATE=getMsg HTTP/1.1" 200 27
114.86.190.97 - - [18/May/2020:09:45:06 +0800] "GET /xingrg/all/function/internal_message.html?_=1589766307495&CODE_STATE=getMsg HTTP/1.1" 200 27
117.131.5.26 - - [18/May/2020:09:45:11 +0800] "POST /xingrg/services/DataTransmitService HTTP/1.1" 200 524
114.86.226.250 - - [18/May/2020:09:45:12 +0800] "GET /xingrg/all/function/internal_message.html?_=1589766375218&CODE_STATE=getMsg HTTP/1.1" 200 27
117.131.5.26 - - [18/May/2020:09:45:16 +0800] "GET /xingrg/all/function/internal_message.html?_=1589766588312&CODE_STATE=getMsg HTTP/1.1" 200 27
117.184.7.26 - - [18/May/2020:09:45:25 +0800] "GET /xingrg/all/function/internal_message.html?_=1589766325924&CODE_STATE=getMsg HTTP/1.1" 200 27
172.17.0.101 - - [18/May/2020:09:45:31 +0800] "GET /xingrg/all/function/internal_message.html?_=1589766368577&CODE_STATE=getMsg HTTP/1.1" 200 27
117.131.5.26 - - [18/May/2020:09:45:31 +0800] "GET /xingrg/all/function/internal_message.html?_=1589766693027&CODE_STATE=getMsg HTTP/1.1" 200 27
183.192.88.133 - - [18/May/2020:09:45:31 +0800] "GET /xingrg/all/function/internal_message.html?_=1589766335019&CODE_STATE=getMsg HTTP/1.1" 200 27
172.17.0.123 - - [18/May/2020:09:45:32 +0800] "GET /xingrg/all/function/internal_message.html?_=1589766327401&CODE_STATE=getMsg HTTP/1.1" 302 -
172.17.0.123 - - [18/May/2020:09:45:32 +0800] "GET /xingrg/check_reg.html?_=1589766327403 HTTP/1.1" 302 -
172.17.0.100 - - [18/May/2020:09:45:33 +0800] "GET /xingrg/all/function/internal_message.html?_=1589766334184&CODE_STATE=getMsg HTTP/1.1" 200 27
172.17.0.119 - - [18/May/2020:09:45:35 +0800] "GET /xingrg/check_reg.html?_=1589766334943 HTTP/1.1" 200 22
172.17.0.119 - - [18/May/2020:09:45:35 +0800] "GET /xingrg/all/function/internal_message.html?_=1589766334947&CODE_STATE=getMsg HTTP/1.1" 200 27
180.162.232.172 - - [18/May/2020:09:45:38 +0800] "GET /xingrg/all/function/internal_message.html?_=1589766339387&CODE_STATE=getMsg HTTP/1.1" 200 27
58.40.7.146 - - [18/May/2020:09:45:40 +0800] "GET /xingrg/check_reg.html?_=1589766341775 HTTP/1.1" 200 22
58.40.7.146 - - [18/May/2020:09:45:40 +0800] "GET /xingrg/all/function/internal_message.html?_=1589766341777&CODE_STATE=getMsg HTTP/1.1" 200 27
180.162.232.172 - - [18/May/2020:09:45:50 +0800] "GET /xingrg/all/function/internal_message.html?_=1589766486079&CODE_STATE=getMsg HTTP/1.1" 200 27
58.40.7.146 - - [18/May/2020:09:45:50 +0800] "GET /xingrg/all/function/internal_message.html?_=1589766351341&CODE_STATE=getMsg HTTP/1.1" 200 27
58.40.7.146 - - [18/May/2020:09:45:50 +0800] "GET /xingrg/check_reg.html?_=1589766351342 HTTP/1.1" 200 22
124.77.110.230 - - [18/May/2020:09:45:59 +0800] "GET /xingrg/all/function/internal_message.html?_=1589766359492&CODE_STATE=getMsg HTTP/1.1" 200 27
114.88.170.9 - - [18/May/2020:09:46:01 +0800] "GET /xingrg/check_reg.html?_=1589766361729 HTTP/1.1" 200 22
114.88.170.9 - - [18/May/2020:09:46:02 +0800] "GET /xingrg/all/function/internal_message.html?_=1589766363022&CODE_STATE=getMsg HTTP/1.1" 200 27
222.69.138.209 - - [18/May/2020:09:46:03 +0800] "GET /xingrg/all/function/internal_message.html?_=1589766363583&CODE_STATE=getMsg HTTP/1.1" 200 27
61.172.5.115 - - [18/May/2020:09:46:04 +0800] "GET /xingrg/all/function/internal_message.html?_=1589766365744&CODE_STATE=getMsg HTTP/1.1" 200 27
114.86.190.97 - - [18/May/2020:09:46:06 +0800] "GET /xingrg/all/function/internal_message.html?_=1589766367516&CODE_STATE=getMsg HTTP/1.1" 200 27
114.86.226.250 - - [18/May/2020:09:46:11 +0800] "GET /xingrg/check_reg.html?_=1589766435218 HTTP/1.1" 200 22
114.86.226.250 - - [18/May/2020:09:46:11 +0800] "GET /xingrg/all/function/internal_message.html?_=1589766435218&CODE_STATE=getMsg HTTP/1.1" 200 27
117.131.5.26 - - [18/May/2020:09:46:16 +0800] "GET /xingrg/all/function/internal_message.html?_=1589766648523&CODE_STATE=getMsg HTTP/1.1" 200 27
117.131.5.26 - - [18/May/2020:09:46:17 +0800] "GET /xingrg/check_reg.html?_=1589766648746 HTTP/1.1" 200 22
117.184.7.26 - - [18/May/2020:09:46:25 +0800] "GET /xingrg/all/function/internal_message.html?_=1589766385925&CODE_STATE=getMsg HTTP/1.1" 200 27
172.17.0.101 - - [18/May/2020:09:46:31 +0800] "GET /xingrg/all/function/internal_message.html?_=1589766428579&CODE_STATE=getMsg HTTP/1.1" 200 27
117.131.5.26 - - [18/May/2020:09:46:31 +0800] "GET /xingrg/all/function/internal_message.html?_=1589766753025&CODE_STATE=getMsg HTTP/1.1" 200 27
114.88.170.9 - - [18/May/2020:09:46:31 +0800] "POST /xingrg/kc/buy/cgsh_order_operate.html HTTP/1.1" 200 75
183.192.88.133 - - [18/May/2020:09:46:31 +0800] "GET /xingrg/all/function/internal_message.html?_=1589766395019&CODE_STATE=getMsg HTTP/1.1" 200 27
172.17.0.123 - - [18/May/2020:09:46:32 +0800] "GET /xingrg/all/function/internal_message.html?_=1589766387405&CODE_STATE=getMsg HTTP/1.1" 302 -
172.17.0.100 - - [18/May/2020:09:46:33 +0800] "GET /xingrg/all/function/internal_message.html?_=1589766394185&CODE_STATE=getMsg HTTP/1.1" 200 27
172.17.0.119 - - [18/May/2020:09:46:35 +0800] "GET /xingrg/all/function/internal_message.html?_=1589766394944&CODE_STATE=getMsg HTTP/1.1" 200 27
180.162.232.172 - - [18/May/2020:09:46:38 +0800] "GET /xingrg/all/function/internal_message.html?_=1589766399357&CODE_STATE=getMsg HTTP/1.1" 200 27
114.88.170.9 - - [18/May/2020:09:46:38 +0800] "POST /xingrg/kc/buy/cgsh_order_operate.html HTTP/1.1" 200 37
114.88.170.9 - - [18/May/2020:09:46:39 +0800] "POST /xingrg/kc/buy/cgsh_order_operate.html HTTP/1.1" 200 9287
58.40.7.146 - - [18/May/2020:09:46:40 +0800] "GET /xingrg/all/function/internal_message.html?_=1589766401779&CODE_STATE=getMsg HTTP/1.1" 200 27
172.17.0.119 - - [18/May/2020:09:46:44 +0800] "GET /xingrg/system/rest/query_items.html?_=1589766403526&table=menu&page=1&rows=20&categoryId=&key=%25E7%2599%25BE%25E5%258F%25B6%25E5%258C%2585 HTTP/1.1" 200 1461
172.17.0.119 - - [18/May/2020:09:46:45 +0800] "GET /xingrg/system/rest/get_item.html?table=menu&id=1266&_=1589766404643 HTTP/1.1" 200 929
172.17.0.119 - - [18/May/2020:09:46:45 +0800] "GET /xingrg/system/rest/get_item.html?table=menu&target=cook_mode&id=1266&_=1589766404664 HTTP/1.1" 200 64
172.17.0.119 - - [18/May/2020:09:46:45 +0800] "GET /xingrg/system/rest/get_item.html?table=menu&target=menu_rest&id=1266&_=1589766404665 HTTP/1.1" 200 363
172.17.0.119 - - [18/May/2020:09:46:45 +0800] "GET /xingrg/system/rest/get_infos.html?command=menu_img_show&id=1266 HTTP/1.1" 200 5
172.17.0.119 - - [18/May/2020:09:46:48 +0800] "GET /xingrg/system/rest/get_item.html?table=menu&id=8880&_=1589766408390 HTTP/1.1" 200 951
172.17.0.119 - - [18/May/2020:09:46:48 +0800] "GET /xingrg/system/rest/get_item.html?table=menu&target=menu_rest&id=8880&_=1589766408411 HTTP/1.1" 200 69
172.17.0.119 - - [18/May/2020:09:46:48 +0800] "GET /xingrg/system/rest/get_item.html?table=menu&target=cook_mode&id=8880&_=1589766408410 HTTP/1.1" 200 69
172.17.0.119 - - [18/May/2020:09:46:49 +0800] "GET /xingrg/system/rest/get_infos.html?command=menu_img_show&id=8880 HTTP/1.1" 200 5
180.162.232.172 - - [18/May/2020:09:46:50 +0800] "GET /xingrg/check_reg.html?_=1589766545909 HTTP/1.1" 200 22
114.84.33.255 - - [18/May/2020:09:46:50 +0800] "GET /xingrg/check_reg.html?_=1589766440845 HTTP/1.1" 200 22
180.162.232.172 - - [18/May/2020:09:46:50 +0800] "GET /xingrg/all/function/internal_message.html?_=1589766546092&CODE_STATE=getMsg HTTP/1.1" 200 27
58.40.7.146 - - [18/May/2020:09:46:50 +0800] "GET /xingrg/all/function/internal_message.html?_=1589766411346&CODE_STATE=getMsg HTTP/1.1" 200 27
124.77.110.230 - - [18/May/2020:09:46:59 +0800] "GET /xingrg/all/function/internal_message.html?_=1589766419479&CODE_STATE=getMsg HTTP/1.1" 200 27
114.88.170.9 - - [18/May/2020:09:47:02 +0800] "GET /xingrg/all/function/internal_message.html?_=1589766423036&CODE_STATE=getMsg HTTP/1.1" 200 27
222.69.138.209 - - [18/May/2020:09:47:03 +0800] "GET /xingrg/all/function/internal_message.html?_=1589766423590&CODE_STATE=getMsg HTTP/1.1" 200 27
61.172.5.115 - - [18/May/2020:09:47:04 +0800] "GET /xingrg/all/function/internal_message.html?_=1589766425718&CODE_STATE=getMsg HTTP/1.1" 200 27
114.86.190.97 - - [18/May/2020:09:47:06 +0800] "GET /xingrg/all/function/internal_message.html?_=1589766427522&CODE_STATE=getMsg HTTP/1.1" 200 27
114.86.226.250 - - [18/May/2020:09:47:11 +0800] "GET /xingrg/all/function/internal_message.html?_=1589766495218&CODE_STATE=getMsg HTTP/1.1" 200 27
117.131.5.26 - - [18/May/2020:09:47:16 +0800] "GET /xingrg/all/function/internal_message.html?_=1589766708526&CODE_STATE=getMsg HTTP/1.1" 200 27
117.184.7.26 - - [18/May/2020:09:47:25 +0800] "GET /xingrg/all/function/internal_message.html?_=1589766445929&CODE_STATE=getMsg HTTP/1.1" 200 27
172.17.0.101 - - [18/May/2020:09:47:31 +0800] "GET /xingrg/all/function/internal_message.html?_=1589766488579&CODE_STATE=getMsg HTTP/1.1" 200 27
117.131.5.26 - - [18/May/2020:09:47:31 +0800] "GET /xingrg/check_reg.html?_=1589766813023 HTTP/1.1" 200 22
117.131.5.26 - - [18/May/2020:09:47:31 +0800] "GET /xingrg/all/function/internal_message.html?_=1589766813024&CODE_STATE=getMsg HTTP/1.1" 200 27
183.192.88.133 - - [18/May/2020:09:47:31 +0800] "GET /xingrg/all/function/internal_message.html?_=1589766455019&CODE_STATE=getMsg HTTP/1.1" 200 27
172.17.0.123 - - [18/May/2020:09:47:32 +0800] "GET /xingrg/all/function/internal_message.html?_=1589766447392&CODE_STATE=getMsg HTTP/1.1" 302 -
172.17.0.106 - - [18/May/2020:09:47:32 +0800] "GET /favicon.ico HTTP/1.1" 404 -
172.17.0.100 - - [18/May/2020:09:47:33 +0800] "GET /xingrg/all/function/internal_message.html?_=1589766454188&CODE_STATE=getMsg HTTP/1.1" 200 27
172.17.0.106 - - [18/May/2020:09:47:33 +0800] "GET /favicon.ico HTTP/1.1" 404 -
172.17.0.106 - - [18/May/2020:09:47:33 +0800] "GET /favicon.ico HTTP/1.1" 404 -
172.17.0.106 - - [18/May/2020:09:47:34 +0800] "GET /favicon.ico HTTP/1.1" 404 -
172.17.0.106 - - [18/May/2020:09:47:35 +0800] "GET /favicon.ico HTTP/1.1" 404 -
172.17.0.119 - - [18/May/2020:09:47:35 +0800] "GET /xingrg/all/function/internal_message.html?_=1589766454946&CODE_STATE=getMsg HTTP/1.1" 200 27
172.17.0.106 - - [18/May/2020:09:47:35 +0800] "GET /favicon.ico HTTP/1.1" 404 -
172.17.0.106 - - [18/May/2020:09:47:36 +0800] "GET /favicon.ico HTTP/1.1" 404 -
172.17.0.106 - - [18/May/2020:09:47:37 +0800] "GET /favicon.ico HTTP/1.1" 404 -
180.162.232.172 - - [18/May/2020:09:47:38 +0800] "GET /xingrg/all/function/internal_message.html?_=1589766459349&CODE_STATE=getMsg HTTP/1.1" 200 27
180.162.232.172 - - [18/May/2020:09:47:38 +0800] "GET /xingrg/check_reg.html?_=1589766459869 HTTP/1.1" 200 22
58.40.7.146 - - [18/May/2020:09:47:40 +0800] "GET /xingrg/all/function/internal_message.html?_=1589766461781&CODE_STATE=getMsg HTTP/1.1" 200 27
180.162.232.172 - - [18/May/2020:09:47:50 +0800] "GET /xingrg/all/function/internal_message.html?_=1589766606105&CODE_STATE=getMsg HTTP/1.1" 200 27
58.40.7.146 - - [18/May/2020:09:47:50 +0800] "GET /xingrg/all/function/internal_message.html?_=1589766471350&CODE_STATE=getMsg HTTP/1.1" 200 27
172.17.0.119 - - [18/May/2020:09:47:53 +0800] "GET /xingrg/system/rest/get_item.html?table=menu&isAdd=1&_=1589766472432 HTTP/1.1" 200 22
117.131.5.26 - - [18/May/2020:09:47:58 +0800] "GET /xingrg/check_reg.html?_=1589766492015 HTTP/1.1" 200 22
124.77.110.230 - - [18/May/2020:09:47:59 +0800] "GET /xingrg/all/function/internal_message.html?_=1589766479479&CODE_STATE=getMsg HTTP/1.1" 200 27
114.88.170.9 - - [18/May/2020:09:48:02 +0800] "GET /xingrg/all/function/internal_message.html?_=1589766483050&CODE_STATE=getMsg HTTP/1.1" 200 27
222.69.138.209 - - [18/May/2020:09:48:03 +0800] "GET /xingrg/all/function/internal_message.html?_=1589766483582&CODE_STATE=getMsg HTTP/1.1" 200 27
61.172.5.115 - - [18/May/2020:09:48:04 +0800] "GET /xingrg/all/function/internal_message.html?_=1589766485715&CODE_STATE=getMsg HTTP/1.1" 200 27
114.86.190.97 - - [18/May/2020:09:48:06 +0800] "GET /xingrg/check_reg.html?_=1589766487183 HTTP/1.1" 200 22
114.86.190.97 - - [18/May/2020:09:48:06 +0800] "GET /xingrg/all/function/internal_message.html?_=1589766487535&CODE_STATE=getMsg HTTP/1.1" 200 27
172.17.0.119 - - [18/May/2020:09:48:07 +0800] "POST /xingrg/dwr/call/plaincall/AjaxGetFirstChart.getFirstChart.dwr HTTP/1.1" 200 82
172.17.0.119 - - [18/May/2020:09:48:07 +0800] "POST /xingrg/dwr/call/plaincall/AjaxGetFirstChart.getFirstChart.dwr HTTP/1.1" 200 82
114.86.226.250 - - [18/May/2020:09:48:11 +0800] "GET /xingrg/all/function/internal_message.html?_=1589766555218&CODE_STATE=getMsg HTTP/1.1" 200 27
114.88.170.9 - - [18/May/2020:09:48:11 +0800] "GET /xingrg/check_reg.html?_=1589766491600 HTTP/1.1" 200 22
117.131.5.26 - - [18/May/2020:09:48:16 +0800] "GET /xingrg/all/function/internal_message.html?_=1589766768539&CODE_STATE=getMsg HTTP/1.1" 200 27
61.172.5.115 - - [18/May/2020:09:48:19 +0800] "GET /xingrg/check_reg.html?_=1589766500764 HTTP/1.1" 200 22
180.175.212.199 - - [18/May/2020:09:48:23 +0800] "GET /favicon.ico HTTP/1.1" 404 -
180.175.212.199 - - [18/May/2020:09:48:24 +0800] "GET /favicon.ico HTTP/1.1" 404 -
180.175.212.199 - - [18/May/2020:09:48:24 +0800] "GET /favicon.ico HTTP/1.1" 404 -
180.175.212.199 - - [18/May/2020:09:48:25 +0800] "GET /favicon.ico HTTP/1.1" 404 -
117.184.7.26 - - [18/May/2020:09:48:25 +0800] "GET /xingrg/all/function/internal_message.html?_=1589766505928&CODE_STATE=getMsg HTTP/1.1" 200 27
180.175.212.199 - - [18/May/2020:09:48:28 +0800] "GET /xingrg/login.html HTTP/1.1" 200 7641
172.17.0.101 - - [18/May/2020:09:48:31 +0800] "GET /xingrg/all/function/internal_message.html?_=1589766548582&CODE_STATE=getMsg HTTP/1.1" 200 27
172.17.0.101 - - [18/May/2020:09:48:31 +0800] "GET /xingrg/check_reg.html?_=1589766548587 HTTP/1.1" 200 22
117.131.5.26 - - [18/May/2020:09:48:31 +0800] "GET /xingrg/all/function/internal_message.html?_=1589766873022&CODE_STATE=getMsg HTTP/1.1" 200 27
183.192.88.133 - - [18/May/2020:09:48:31 +0800] "GET /xingrg/all/function/internal_message.html?_=1589766515020&CODE_STATE=getMsg HTTP/1.1" 200 27
183.192.88.133 - - [18/May/2020:09:48:31 +0800] "GET /xingrg/check_reg.html?_=1589766515021 HTTP/1.1" 200 22
172.17.0.123 - - [18/May/2020:09:48:32 +0800] "GET /xingrg/all/function/internal_message.html?_=1589766507397&CODE_STATE=getMsg HTTP/1.1" 302 -
172.17.0.100 - - [18/May/2020:09:48:33 +0800] "GET /xingrg/all/function/internal_message.html?_=1589766514186&CODE_STATE=getMsg HTTP/1.1" 200 27
172.17.0.119 - - [18/May/2020:09:48:35 +0800] "GET /xingrg/all/function/internal_message.html?_=1589766515010&CODE_STATE=getMsg HTTP/1.1" 200 27
180.162.232.172 - - [18/May/2020:09:48:38 +0800] "GET /xingrg/all/function/internal_message.html?_=1589766519323&CODE_STATE=getMsg HTTP/1.1" 200 27
180.175.212.199 - - [18/May/2020:09:48:39 +0800] "GET /favicon.ico HTTP/1.1" 404 -
58.40.7.146 - - [18/May/2020:09:48:40 +0800] "GET /xingrg/all/function/internal_message.html?_=1589766521784&CODE_STATE=getMsg HTTP/1.1" 200 27
180.162.232.172 - - [18/May/2020:09:48:50 +0800] "GET /xingrg/all/function/internal_message.html?_=1589766666120&CODE_STATE=getMsg HTTP/1.1" 200 27
58.40.7.146 - - [18/May/2020:09:48:50 +0800] "GET /xingrg/all/function/internal_message.html?_=1589766531337&CODE_STATE=getMsg HTTP/1.1" 200 27
124.77.110.230 - - [18/May/2020:09:48:59 +0800] "GET /xingrg/all/function/internal_message.html?_=1589766539467&CODE_STATE=getMsg HTTP/1.1" 200 27
172.17.0.119 - - [18/May/2020:09:48:59 +0800] "GET /xingrg/system/rest/query_items.html?_=1589766539096&table=menu&page=1&rows=20&categoryId=21&key=%25E7%2599%25BE%25E5%258F%25B6%25E5%258C%2585 HTTP/1.1" 200 266
172.17.0.119 - - [18/May/2020:09:49:01 +0800] "GET /xingrg/system/rest/query_items.html?_=1589766540975&table=menu&page=1&rows=20&categoryId=21&key=%25E7%2599%25BE%25E5%258F%25B6%25E5%258C%2585 HTTP/1.1" 200 266
172.17.0.119 - - [18/May/2020:09:49:02 +0800] "GET /xingrg/system/rest/get_item.html?table=menu&id=3115&_=1589766541520 HTTP/1.1" 200 892
172.17.0.119 - - [18/May/2020:09:49:02 +0800] "GET /xingrg/system/rest/get_item.html?table=menu&target=cook_mode&id=3115&_=1589766541554 HTTP/1.1" 200 69
172.17.0.119 - - [18/May/2020:09:49:02 +0800] "GET /xingrg/system/rest/get_item.html?table=menu&target=menu_rest&id=3115&_=1589766541557 HTTP/1.1" 200 69
114.88.170.9 - - [18/May/2020:09:49:02 +0800] "GET /xingrg/all/function/internal_message.html?_=1589766543152&CODE_STATE=getMsg HTTP/1.1" 200 27
172.17.0.119 - - [18/May/2020:09:49:03 +0800] "GET /xingrg/system/rest/get_infos.html?command=menu_img_show&id=3115 HTTP/1.1" 200 5
222.69.138.209 - - [18/May/2020:09:49:03 +0800] "GET /xingrg/all/function/internal_message.html?_=1589766543597&CODE_STATE=getMsg HTTP/1.1" 200 27
222.69.138.209 - - [18/May/2020:09:49:03 +0800] "GET /xingrg/check_reg.html?_=1589766543608 HTTP/1.1" 200 22
61.172.5.115 - - [18/May/2020:09:49:04 +0800] "GET /xingrg/all/function/internal_message.html?_=1589766545685&CODE_STATE=getMsg HTTP/1.1" 200 27
114.86.190.97 - - [18/May/2020:09:49:06 +0800] "GET /xingrg/all/function/internal_message.html?_=1589766547549&CODE_STATE=getMsg HTTP/1.1" 200 27
117.184.7.30 - - [18/May/2020:09:49:08 +0800] "GET /xingrg/login.html HTTP/1.1" 200 7641
172.17.0.119 - - [18/May/2020:09:49:10 +0800] "GET /xingrg/system/rest/get_item.html?table=menu&isAdd=1&_=1589766549724 HTTP/1.1" 200 22
114.86.226.250 - - [18/May/2020:09:49:10 +0800] "GET /xingrg/all/function/internal_message.html?_=1589766615218&CODE_STATE=getMsg HTTP/1.1" 200 27
117.184.7.30 - - [18/May/2020:09:49:14 +0800] "GET /favicon.ico HTTP/1.1" 404 -
117.131.5.26 - - [18/May/2020:09:49:17 +0800] "GET /xingrg/all/function/internal_message.html?_=1589766828751&CODE_STATE=getMsg HTTP/1.1" 200 27
117.184.7.30 - - [18/May/2020:09:49:17 +0800] "POST /xingrg/login.do HTTP/1.1" 302 -
117.184.7.30 - - [18/May/2020:09:49:17 +0800] "GET /xingrg/index.html?sysBaseUrl=http%3A%2F%2F180.169.147.146%3A18081%2Fxingrg%2F&costTime=40×tamp=1589766557132 HTTP/1.1" 200 17173
117.184.7.30 - - [18/May/2020:09:49:17 +0800] "GET /favicon.ico HTTP/1.1" 404 -
117.184.7.30 - - [18/May/2020:09:49:18 +0800] "POST /xingrg/all/common/load_tree.html?tree=area_rest_tree_json&manage=1 HTTP/1.1" 200 470
117.184.7.26 - - [18/May/2020:09:49:18 +0800] "GET /xingrg/all/function/internal_message.html?_=1589766558143&CODE_STATE=count HTTP/1.1" 200 11
117.184.7.30 - - [18/May/2020:09:49:18 +0800] "GET /xingrg/check_reg.html?_=1589766558147 HTTP/1.1" 200 22
117.184.7.30 - - [18/May/2020:09:49:18 +0800] "POST /xingrg/load_menu.html HTTP/1.1" 200 5138
117.184.7.30 - - [18/May/2020:09:49:21 +0800] "GET /xingrg/kc/buy/buy_main.html HTTP/1.1" 200 12412
117.184.7.30 - - [18/May/2020:09:49:22 +0800] "GET /xingrg/css/new_ie.css HTTP/1.1" 404 1036
117.184.7.26 - - [18/May/2020:09:49:23 +0800] "GET /xingrg/images/yd/bt.gif HTTP/1.1" 404 1040
117.184.7.26 - - [18/May/2020:09:49:23 +0800] "GET /xingrg/kc/buy/cgsh_order_list.html HTTP/1.1" 200 42883
117.184.7.26 - - [18/May/2020:09:49:25 +0800] "GET /xingrg/all/function/internal_message.html?_=1589766565931&CODE_STATE=getMsg HTTP/1.1" 200 27
117.184.7.30 - - [18/May/2020:09:49:25 +0800] "GET /xingrg/check_reg.html?_=1589766565933 HTTP/1.1" 200 22
117.184.7.26 - - [18/May/2020:09:49:25 +0800] "POST /xingrg/kc/buy/cgsh_list_operate.html HTTP/1.1" 200 876
172.17.0.101 - - [18/May/2020:09:49:31 +0800] "GET /xingrg/all/function/internal_message.html?_=1589766608575&CODE_STATE=getMsg HTTP/1.1" 200 27
117.184.7.26 - - [18/May/2020:09:49:31 +0800] "GET /xingrg/kc/buy/cgsh_order_add.html HTTP/1.1" 200 58586
117.131.5.26 - - [18/May/2020:09:49:31 +0800] "GET /xingrg/all/function/internal_message.html?_=1589766933020&CODE_STATE=getMsg HTTP/1.1" 200 27
117.184.7.26 - - [18/May/2020:09:49:31 +0800] "POST /xingrg/kc/buy/cgsh_order_operate.html HTTP/1.1" 200 8245
117.184.7.30 - - [18/May/2020:09:49:31 +0800] "GET /xingrg/all/common/auto_word.html?type=employee&rest_code=00108 HTTP/1.1" 200 197
117.184.7.30 - - [18/May/2020:09:49:31 +0800] "GET /xingrg/all/common/auto_word.html?type=employee&rest_code=00108 HTTP/1.1" 200 197
