120.253.135.82 - - [17/May/2020:09:50:24 +0800] "POST /xingrg/kc/pszx/mdps_order_operate.html HTTP/1.1" 200 37
120.253.135.82 - - [17/May/2020:09:50:25 +0800] "POST /xingrg/kc/pszx/mdps_order_operate.html HTTP/1.1" 200 12
120.253.135.82 - - [17/May/2020:09:50:25 +0800] "GET /xingrg/kc/pszx/mdps_order_info.html?code=312020051700328 HTTP/1.1" 200 19509
120.253.135.82 - - [17/May/2020:09:50:26 +0800] "POST /xingrg/kc/pszx/mdps_order_operate.html HTTP/1.1" 200 518
120.253.135.82 - - [17/May/2020:09:50:26 +0800] "GET /xingrg/javascript/easyui/themes/default/validatebox.css HTTP/1.1" 404 1104
120.253.135.82 - - [17/May/2020:09:50:27 +0800] "POST /xingrg/kc/pszx/mdps_list_operate.html HTTP/1.1" 200 868
222.69.134.41 - - [17/May/2020:09:50:28 +0800] "GET /xingrg/kc/buy/cgsh_order_operate.html?command=get_materiel&rest_code=00149&code=00101004051&supplier_code=00100083&order_time=2020-05-17 HTTP/1.1" 200 408
172.17.0.123 - - [17/May/2020:09:50:31 +0800] "GET /xingrg/all/function/internal_message.html?_=1589680227401&CODE_STATE=getMsg HTTP/1.1" 302 -
172.17.0.123 - - [17/May/2020:09:50:31 +0800] "GET /xingrg/check_reg.html?_=1589680227403 HTTP/1.1" 302 -
114.86.190.97 - - [17/May/2020:09:50:31 +0800] "GET /xingrg/all/function/internal_message.html?_=1589680233452&CODE_STATE=getMsg HTTP/1.1" 200 27
116.232.52.212 - - [17/May/2020:09:50:33 +0800] "GET /xingrg/all/function/internal_message.html?_=1589680262561&CODE_STATE=getMsg HTTP/1.1" 200 27
222.69.134.41 - - [17/May/2020:09:50:35 +0800] "GET /xingrg/kc/buy/cgsh_order_operate.html?command=get_materiel&rest_code=00149&code=00101004065&supplier_code=00100083&order_time=2020-05-17 HTTP/1.1" 200 433
180.162.232.172 - - [17/May/2020:09:50:39 +0800] "GET /xingrg/all/function/internal_message.html?_=1589680243877&CODE_STATE=getMsg HTTP/1.1" 200 27
180.162.232.172 - - [17/May/2020:09:50:40 +0800] "GET /xingrg/check_reg.html?_=1589680244161 HTTP/1.1" 200 22
222.69.134.41 - - [17/May/2020:09:50:42 +0800] "GET /xingrg/kc/buy/cgsh_order_operate.html?command=get_materiel&rest_code=00149&code=00101004030&supplier_code=00100083&order_time=2020-05-17 HTTP/1.1" 200 408
58.40.7.146 - - [17/May/2020:09:50:48 +0800] "GET /xingrg/all/function/internal_message.html?_=1589680250252&CODE_STATE=getMsg HTTP/1.1" 200 27
58.40.7.146 - - [17/May/2020:09:50:48 +0800] "GET /xingrg/check_reg.html?_=1589680250254 HTTP/1.1" 200 22
114.84.33.255 - - [17/May/2020:09:50:48 +0800] "GET /xingrg/check_reg.html?_=1589680276004 HTTP/1.1" 200 22
114.84.33.255 - - [17/May/2020:09:50:49 +0800] "GET /xingrg/all/function/internal_message.html?_=1589680276266&CODE_STATE=getMsg HTTP/1.1" 200 27
117.185.32.26 - - [17/May/2020:09:50:50 +0800] "GET /xingrg/all/function/internal_message.html?_=1589680674587&CODE_STATE=getMsg HTTP/1.1" 200 27
117.185.32.26 - - [17/May/2020:09:50:50 +0800] "GET /xingrg/check_reg.html?_=1589680674588 HTTP/1.1" 200 22
120.253.135.82 - - [17/May/2020:09:50:50 +0800] "GET /xingrg/all/function/internal_message.html?_=1589680007553&CODE_STATE=getMsg HTTP/1.1" 200 27
222.69.134.41 - - [17/May/2020:09:50:54 +0800] "GET /xingrg/kc/buy/cgsh_order_operate.html?command=get_materiel&rest_code=00149&code=00101004013&supplier_code=00100083&order_time=2020-05-17 HTTP/1.1" 200 415
61.172.5.115 - - [17/May/2020:09:50:55 +0800] "GET /xingrg/all/function/internal_message.html?_=1589680256287&CODE_STATE=getMsg HTTP/1.1" 200 27
180.175.212.199 - - [17/May/2020:09:50:56 +0800] "GET /xingrg/all/function/internal_message.html?_=1589680456380&CODE_STATE=getMsg HTTP/1.1" 200 27
222.69.134.41 - - [17/May/2020:09:51:00 +0800] "GET /xingrg/kc/buy/cgsh_order_operate.html?command=get_materiel&rest_code=00149&code=00101001115&supplier_code=00100083&order_time=2020-05-17 HTTP/1.1" 200 413
114.88.170.9 - - [17/May/2020:09:51:02 +0800] "GET /xingrg/all/function/internal_message.html?_=1589680260561&CODE_STATE=getMsg HTTP/1.1" 200 27
222.69.134.41 - - [17/May/2020:09:51:09 +0800] "POST /xingrg/kc/buy/cgsh_order_operate.html HTTP/1.1" 200 37
222.69.134.41 - - [17/May/2020:09:51:11 +0800] "POST /xingrg/kc/buy/cgsh_order_operate.html HTTP/1.1" 200 12
222.69.134.41 - - [17/May/2020:09:51:11 +0800] "GET /xingrg/kc/buy/cgsh_order_info.html?code=212020051705832 HTTP/1.1" 200 53528
222.69.134.41 - - [17/May/2020:09:51:11 +0800] "GET /xingrg/javascript/easyui/themes/default/validatebox.css HTTP/1.1" 404 1104
222.69.134.41 - - [17/May/2020:09:51:12 +0800] "POST /xingrg/kc/buy/cgsh_order_operate.html HTTP/1.1" 200 3575
222.69.134.41 - - [17/May/2020:09:51:12 +0800] "GET /xingrg/all/function/internal_message.html?_=1589680274630&CODE_STATE=getMsg HTTP/1.1" 200 27
222.69.134.41 - - [17/May/2020:09:51:13 +0800] "GET /xingrg/kc/print/load_data.html?order_code=212020051705832&kc_code=cgsh&condition= HTTP/1.1" 200 1859
180.175.212.199 - - [17/May/2020:09:51:13 +0800] "GET /xingrg/all/function/internal_message.html?_=1589680275544&CODE_STATE=getMsg HTTP/1.1" 200 27
114.86.190.97 - - [17/May/2020:09:51:17 +0800] "GET /xingrg/javascript/easyui/themes/default/images/button_plain_hover.png HTTP/1.1" 304 -
114.86.190.97 - - [17/May/2020:09:51:17 +0800] "GET /xingrg/javascript/easyui/themes/default/images/button_plain_hover.png HTTP/1.1" 304 -
116.228.172.94 - - [17/May/2020:09:51:17 +0800] "GET /xingrg/check_reg.html?_=1589680280526 HTTP/1.1" 200 22
114.86.190.97 - - [17/May/2020:09:51:17 +0800] "GET /xingrg/javascript/easyui/themes/default/images/button_plain_hover.png HTTP/1.1" 304 -
114.86.190.97 - - [17/May/2020:09:51:17 +0800] "GET /xingrg/javascript/easyui/themes/default/images/button_plain_hover.png HTTP/1.1" 304 -
114.86.190.97 - - [17/May/2020:09:51:18 +0800] "GET /xingrg/javascript/easyui/themes/default/images/button_plain_hover.png HTTP/1.1" 304 -
114.86.190.97 - - [17/May/2020:09:51:18 +0800] "GET /xingrg/javascript/easyui/themes/default/images/button_plain_hover.png HTTP/1.1" 304 -
114.86.190.97 - - [17/May/2020:09:51:18 +0800] "GET /xingrg/javascript/easyui/themes/default/images/button_plain_hover.png HTTP/1.1" 304 -
116.228.172.94 - - [17/May/2020:09:51:18 +0800] "GET /xingrg/all/function/internal_message.html?_=1589680281046&CODE_STATE=getMsg HTTP/1.1" 200 27
114.86.190.97 - - [17/May/2020:09:51:18 +0800] "GET /xingrg/css/base.css HTTP/1.1" 304 -
114.86.190.97 - - [17/May/2020:09:51:18 +0800] "GET /xingrg/css/site.css HTTP/1.1" 304 -
114.86.190.97 - - [17/May/2020:09:51:18 +0800] "GET /xingrg/kc/buy/cgsh_order_add.html HTTP/1.1" 200 58621
114.86.190.97 - - [17/May/2020:09:51:18 +0800] "GET /xingrg/javascript/easyui/themes/default/easyui.css HTTP/1.1" 304 -
114.86.190.97 - - [17/May/2020:09:51:18 +0800] "GET /xingrg/javascript/jquery_tools/datebox.css HTTP/1.1" 304 -
114.86.190.97 - - [17/May/2020:09:51:18 +0800] "GET /xingrg/javascript/easyui/themes/icon.css HTTP/1.1" 304 -
114.86.190.97 - - [17/May/2020:09:51:18 +0800] "GET /xingrg/javascript/auto/jquery.autocomplete.css HTTP/1.1" 304 -
114.86.190.97 - - [17/May/2020:09:51:18 +0800] "GET /xingrg/javascript/jquery_tools/fix.css HTTP/1.1" 304 -
114.86.190.97 - - [17/May/2020:09:51:18 +0800] "GET /xingrg/javascript/jquery_tools/table.css HTTP/1.1" 304 -
114.86.190.97 - - [17/May/2020:09:51:18 +0800] "GET /xingrg/javascript/pic_change.js HTTP/1.1" 304 -
114.86.190.97 - - [17/May/2020:09:51:18 +0800] "GET /xingrg/javascript/jquery_tools/jquery.tools.min.js HTTP/1.1" 304 -
114.86.190.97 - - [17/May/2020:09:51:18 +0800] "GET /xingrg/javascript/jquery_tools/jquery.tools.extend.js HTTP/1.1" 304 -
114.86.190.97 - - [17/May/2020:09:51:18 +0800] "GET /xingrg/javascript/jquery_tools/jquery.tools.hotkey.js HTTP/1.1" 304 -
114.86.190.97 - - [17/May/2020:09:51:18 +0800] "GET /xingrg/javascript/jquery_tools/jquery.tools.table.js HTTP/1.1" 304 -
114.86.190.97 - - [17/May/2020:09:51:18 +0800] "GET /xingrg/javascript/auto/jquery.autocomplete.js HTTP/1.1" 304 -
114.86.190.97 - - [17/May/2020:09:51:18 +0800] "GET /xingrg/javascript/json2.js HTTP/1.1" 304 -
114.86.190.97 - - [17/May/2020:09:51:18 +0800] "GET /xingrg/javascript/easyui/easyloader.js HTTP/1.1" 304 -
114.86.190.97 - - [17/May/2020:09:51:18 +0800] "GET /xingrg/javascript/print/kc_print.js HTTP/1.1" 304 -
114.86.190.97 - - [17/May/2020:09:51:18 +0800] "GET /xingrg/javascript/jquery_tools/order_manager.js HTTP/1.1" 304 -
114.86.190.97 - - [17/May/2020:09:51:18 +0800] "GET /xingrg/javascript/jquery.utils.js HTTP/1.1" 304 -
114.86.190.97 - - [17/May/2020:09:51:18 +0800] "GET /xingrg/javascript/print/LodopFuncs.js HTTP/1.1" 304 -
114.86.190.97 - - [17/May/2020:09:51:18 +0800] "GET /xingrg/javascript/convert.js HTTP/1.1" 304 -
114.86.190.97 - - [17/May/2020:09:51:18 +0800] "GET /xingrg/javascript/jquery.cookie.js HTTP/1.1" 304 -
114.86.190.97 - - [17/May/2020:09:51:18 +0800] "GET /xingrg/words/20200516131853_words.js HTTP/1.1" 304 -
114.86.190.97 - - [17/May/2020:09:51:18 +0800] "GET /xingrg/javascript/easyui/themes/icons/template_new.png HTTP/1.1" 304 -
114.86.190.97 - - [17/May/2020:09:51:18 +0800] "GET /xingrg/javascript/easyui/themes/icons/copy_new.png HTTP/1.1" 304 -
114.86.190.97 - - [17/May/2020:09:51:18 +0800] "GET /xingrg/javascript/easyui/themes/icons/ok.png HTTP/1.1" 304 -
114.86.190.97 - - [17/May/2020:09:51:18 +0800] "GET /xingrg/javascript/easyui/themes/icons/print.png HTTP/1.1" 304 -
114.86.190.97 - - [17/May/2020:09:51:18 +0800] "GET /xingrg/javascript/easyui/themes/default/images/menu_downarrow.png HTTP/1.1" 304 -
114.86.190.97 - - [17/May/2020:09:51:18 +0800] "GET /xingrg/javascript/easyui/themes/icons/cancel.png HTTP/1.1" 304 -
114.86.190.97 - - [17/May/2020:09:51:18 +0800] "GET /xingrg/javascript/easyui/plugins/jquery.parser.js HTTP/1.1" 304 -
114.86.190.97 - - [17/May/2020:09:51:18 +0800] "POST /xingrg/kc/buy/cgsh_order_operate.html HTTP/1.1" 200 8245
114.86.190.97 - - [17/May/2020:09:51:18 +0800] "GET /xingrg/javascript/easyui/themes/default/images/button_plain_hover.png HTTP/1.1" 304 -
114.86.190.97 - - [17/May/2020:09:51:18 +0800] "GET /xingrg/all/common/auto_word.html?type=employee&rest_code=00148 HTTP/1.1" 200 147
114.86.190.97 - - [17/May/2020:09:51:18 +0800] "GET /xingrg/all/common/auto_word.html?type=employee&rest_code=00148 HTTP/1.1" 200 147
114.86.190.97 - - [17/May/2020:09:51:19 +0800] "GET /xingrg/javascript/easyui/themes/default/images/button_plain_hover.png HTTP/1.1" 304 -
114.86.190.97 - - [17/May/2020:09:51:19 +0800] "GET /xingrg/javascript/easyui/themes/default/validatebox.css HTTP/1.1" 404 1104
114.86.190.97 - - [17/May/2020:09:51:19 +0800] "GET /xingrg/javascript/easyui/plugins/jquery.validatebox.js HTTP/1.1" 304 -
114.86.190.97 - - [17/May/2020:09:51:19 +0800] "GET /xingrg/javascript/easyui/plugins/jquery.numberbox.js HTTP/1.1" 304 -
114.86.190.97 - - [17/May/2020:09:51:19 +0800] "GET /xingrg/javascript/easyui/themes/default/images/button_plain_hover.png HTTP/1.1" 304 -
114.84.33.255 - - [17/May/2020:09:51:20 +0800] "GET /xingrg/all/function/internal_message.html?_=1589680307696&CODE_STATE=getMsg HTTP/1.1" 200 27
180.162.232.172 - - [17/May/2020:09:51:20 +0800] "GET /xingrg/check_reg.html?_=1589680418416 HTTP/1.1" 200 22
180.162.232.172 - - [17/May/2020:09:51:21 +0800] "GET /xingrg/all/function/internal_message.html?_=1589680418939&CODE_STATE=getMsg HTTP/1.1" 200 27
114.88.170.9 - - [17/May/2020:09:51:23 +0800] "GET /xingrg/check_reg.html?_=1589680633100 HTTP/1.1" 200 22
114.88.170.9 - - [17/May/2020:09:51:23 +0800] "GET /xingrg/all/function/internal_message.html?_=1589680633105&CODE_STATE=getMsg HTTP/1.1" 200 27
114.86.190.97 - - [17/May/2020:09:51:30 +0800] "GET /xingrg/javascript/jquery_tools/jquery.tools.extend.js HTTP/1.1" 304 -
114.86.190.97 - - [17/May/2020:09:51:30 +0800] "GET /xingrg/javascript/jquery_tools/jquery.tools.min.js HTTP/1.1" 304 -
114.86.190.97 - - [17/May/2020:09:51:30 +0800] "GET /xingrg/javascript/jquery_tools/jquery.tools.hotkey.js HTTP/1.1" 304 -
114.86.190.97 - - [17/May/2020:09:51:30 +0800] "GET /xingrg/javascript/jquery_tools/jquery.tools.table.js HTTP/1.1" 304 -
114.86.190.97 - - [17/May/2020:09:51:30 +0800] "GET /xingrg/javascript/pic_change.js HTTP/1.1" 304 -
114.86.190.97 - - [17/May/2020:09:51:30 +0800] "GET /xingrg/javascript/auto/jquery.autocomplete.js HTTP/1.1" 304 -
114.86.190.97 - - [17/May/2020:09:51:30 +0800] "GET /xingrg/javascript/easyui/easyloader.js HTTP/1.1" 304 -
114.86.190.97 - - [17/May/2020:09:51:30 +0800] "GET /xingrg/javascript/json2.js HTTP/1.1" 304 -
114.86.190.97 - - [17/May/2020:09:51:30 +0800] "GET /xingrg/javascript/jquery.utils.js HTTP/1.1" 304 -
114.86.190.97 - - [17/May/2020:09:51:30 +0800] "GET /xingrg/javascript/convert.js HTTP/1.1" 304 -
114.86.190.97 - - [17/May/2020:09:51:30 +0800] "GET /xingrg/words/20200516131853_words.js HTTP/1.1" 304 -
114.86.190.97 - - [17/May/2020:09:51:30 +0800] "GET /xingrg/javascript/jquery.cookie.js HTTP/1.1" 304 -
114.86.190.97 - - [17/May/2020:09:51:30 +0800] "GET /xingrg/javascript/print/LodopFuncs.js HTTP/1.1" 304 -
114.86.190.97 - - [17/May/2020:09:51:30 +0800] "GET /xingrg/javascript/print/kc_print.js HTTP/1.1" 304 -
114.86.190.97 - - [17/May/2020:09:51:30 +0800] "GET /xingrg/javascript/jquery_tools/order_manager.js HTTP/1.1" 304 -
114.86.190.97 - - [17/May/2020:09:51:30 +0800] "GET /xingrg/javascript/easyui/plugins/jquery.parser.js HTTP/1.1" 304 -
114.86.190.97 - - [17/May/2020:09:51:30 +0800] "GET /xingrg/javascript/easyui/plugins/jquery.validatebox.js HTTP/1.1" 304 -
114.86.190.97 - - [17/May/2020:09:51:30 +0800] "GET /xingrg/javascript/easyui/plugins/jquery.numberbox.js HTTP/1.1" 304 -
172.17.0.123 - - [17/May/2020:09:51:31 +0800] "GET /xingrg/all/function/internal_message.html?_=1589680287403&CODE_STATE=getMsg HTTP/1.1" 302 -
116.232.52.212 - - [17/May/2020:09:51:31 +0800] "GET /xingrg/all/function/internal_message.html?_=1589680322554&CODE_STATE=getMsg HTTP/1.1" 200 27
114.86.190.97 - - [17/May/2020:09:51:31 +0800] "GET /xingrg/all/function/internal_message.html?_=1589680293506&CODE_STATE=getMsg HTTP/1.1" 200 27
114.86.190.97 - - [17/May/2020:09:51:34 +0800] "GET /xingrg/kc/buy/cgsh_order_operate.html?command=get_materiel&rest_code=00148&code=00101016025&supplier_code=00100036&order_time=2020-05-17 HTTP/1.1" 200 408
180.162.232.172 - - [17/May/2020:09:51:39 +0800] "GET /xingrg/all/function/internal_message.html?_=1589680303850&CODE_STATE=getMsg HTTP/1.1" 200 27
114.86.190.97 - - [17/May/2020:09:51:46 +0800] "GET /xingrg/kc/buy/cgsh_order_operate.html?command=get_materiel&rest_code=00148&code=00101012019&supplier_code=00100036&order_time=2020-05-17 HTTP/1.1" 200 412
58.40.7.146 - - [17/May/2020:09:51:48 +0800] "GET /xingrg/all/function/internal_message.html?_=1589680310256&CODE_STATE=getMsg HTTP/1.1" 200 27
114.84.33.255 - - [17/May/2020:09:51:49 +0800] "GET /xingrg/all/function/internal_message.html?_=1589680336279&CODE_STATE=getMsg HTTP/1.1" 200 27
117.185.32.26 - - [17/May/2020:09:51:50 +0800] "GET /xingrg/all/function/internal_message.html?_=1589680734589&CODE_STATE=getMsg HTTP/1.1" 200 27
120.253.135.82 - - [17/May/2020:09:51:50 +0800] "GET /xingrg/all/function/internal_message.html?_=1589680067571&CODE_STATE=getMsg HTTP/1.1" 200 27
114.86.190.97 - - [17/May/2020:09:51:53 +0800] "GET /xingrg/kc/buy/cgsh_order_operate.html?command=get_materiel&rest_code=00148&code=00101011001&supplier_code=00100036&order_time=2020-05-17 HTTP/1.1" 200 423
61.172.5.115 - - [17/May/2020:09:51:54 +0800] "POST /xingrg/services/DataTransmitService HTTP/1.1" 200 524
61.172.5.115 - - [17/May/2020:09:51:55 +0800] "GET /xingrg/all/function/internal_message.html?_=1589680316288&CODE_STATE=getMsg HTTP/1.1" 200 27
61.172.5.115 - - [17/May/2020:09:51:55 +0800] "POST /xingrg/services/DataTransmitService HTTP/1.1" 200 501
61.172.5.115 - - [17/May/2020:09:51:55 +0800] "POST /xingrg/services/DataTransmitService HTTP/1.1" 200 501
180.175.212.199 - - [17/May/2020:09:51:56 +0800] "GET /xingrg/all/function/internal_message.html?_=1589680516393&CODE_STATE=getMsg HTTP/1.1" 200 27
61.172.5.115 - - [17/May/2020:09:51:56 +0800] "POST /xingrg/services/DataTransmitService HTTP/1.1" 200 501
61.172.5.115 - - [17/May/2020:09:51:57 +0800] "POST /xingrg/services/DataTransmitService HTTP/1.1" 200 501
61.172.5.115 - - [17/May/2020:09:51:58 +0800] "POST /xingrg/services/DataTransmitService HTTP/1.1" 200 501
61.172.5.115 - - [17/May/2020:09:51:58 +0800] "POST /xingrg/services/DataTransmitService HTTP/1.1" 200 501
61.172.5.115 - - [17/May/2020:09:51:59 +0800] "POST /xingrg/services/DataTransmitService HTTP/1.1" 200 501
61.172.5.115 - - [17/May/2020:09:51:59 +0800] "POST /xingrg/services/DataTransmitService HTTP/1.1" 200 501
61.172.5.115 - - [17/May/2020:09:52:00 +0800] "POST /xingrg/services/DataTransmitService HTTP/1.1" 200 412
114.88.170.9 - - [17/May/2020:09:52:02 +0800] "GET /xingrg/all/function/internal_message.html?_=1589680320564&CODE_STATE=getMsg HTTP/1.1" 200 27
114.86.190.97 - - [17/May/2020:09:52:05 +0800] "GET /xingrg/kc/buy/cgsh_order_operate.html?command=get_materiel&rest_code=00148&code=00101005037&supplier_code=00100036&order_time=2020-05-17 HTTP/1.1" 200 409
114.86.190.97 - - [17/May/2020:09:52:12 +0800] "GET /xingrg/kc/buy/cgsh_order_operate.html?command=get_materiel&rest_code=00148&code=00101016053&supplier_code=00100036&order_time=2020-05-17 HTTP/1.1" 200 408
61.172.5.115 - - [17/May/2020:09:52:12 +0800] "POST /xingrg/services/DataTransmitService HTTP/1.1" 200 524
61.172.5.115 - - [17/May/2020:09:52:13 +0800] "POST /xingrg/services/DataTransmitService HTTP/1.1" 200 501
222.69.134.41 - - [17/May/2020:09:52:13 +0800] "GET /xingrg/all/function/internal_message.html?_=1589680334635&CODE_STATE=getMsg HTTP/1.1" 200 27
61.172.5.115 - - [17/May/2020:09:52:13 +0800] "POST /xingrg/services/DataTransmitService HTTP/1.1" 200 501
180.175.212.199 - - [17/May/2020:09:52:13 +0800] "GET /xingrg/all/function/internal_message.html?_=1589680335556&CODE_STATE=getMsg HTTP/1.1" 200 27
61.172.5.115 - - [17/May/2020:09:52:14 +0800] "POST /xingrg/services/DataTransmitService HTTP/1.1" 200 501
61.172.5.115 - - [17/May/2020:09:52:15 +0800] "POST /xingrg/services/DataTransmitService HTTP/1.1" 200 501
61.172.5.115 - - [17/May/2020:09:52:15 +0800] "POST /xingrg/services/DataTransmitService HTTP/1.1" 200 501
61.172.5.115 - - [17/May/2020:09:52:16 +0800] "POST /xingrg/services/DataTransmitService HTTP/1.1" 200 501
61.172.5.115 - - [17/May/2020:09:52:16 +0800] "POST /xingrg/services/DataTransmitService HTTP/1.1" 200 501
180.175.212.199 - - [17/May/2020:09:52:17 +0800] "GET /xingrg/kc/buy/cgsh_order_operate.html?command=get_materiel&rest_code=00102&code=00101006130&supplier_code=00100011&order_time=2020-05-17 HTTP/1.1" 200 427
61.172.5.115 - - [17/May/2020:09:52:17 +0800] "POST /xingrg/services/DataTransmitService HTTP/1.1" 200 501
114.86.190.97 - - [17/May/2020:09:52:18 +0800] "GET /xingrg/kc/buy/cgsh_order_operate.html?command=get_materiel&rest_code=00148&code=00101016057&supplier_code=00100036&order_time=2020-05-17 HTTP/1.1" 200 408
116.228.172.94 - - [17/May/2020:09:52:18 +0800] "GET /xingrg/all/function/internal_message.html?_=1589680341030&CODE_STATE=getMsg HTTP/1.1" 200 27
61.172.5.115 - - [17/May/2020:09:52:19 +0800] "POST /xingrg/services/DataTransmitService HTTP/1.1" 200 412
114.84.33.255 - - [17/May/2020:09:52:20 +0800] "GET /xingrg/all/function/internal_message.html?_=1589680367707&CODE_STATE=getMsg HTTP/1.1" 200 27
180.162.232.172 - - [17/May/2020:09:52:21 +0800] "GET /xingrg/all/function/internal_message.html?_=1589680478952&CODE_STATE=getMsg HTTP/1.1" 200 27
114.88.170.9 - - [17/May/2020:09:52:23 +0800] "GET /xingrg/all/function/internal_message.html?_=1589680693117&CODE_STATE=getMsg HTTP/1.1" 200 27
114.86.190.97 - - [17/May/2020:09:52:28 +0800] "GET /xingrg/kc/buy/cgsh_order_operate.html?command=get_materiel&rest_code=00148&code=00101011005&supplier_code=00100036&order_time=2020-05-17 HTTP/1.1" 200 428
172.17.0.123 - - [17/May/2020:09:52:31 +0800] "GET /xingrg/all/function/internal_message.html?_=1589680347389&CODE_STATE=getMsg HTTP/1.1" 302 -
114.86.190.97 - - [17/May/2020:09:52:31 +0800] "GET /xingrg/all/function/internal_message.html?_=1589680353510&CODE_STATE=getMsg HTTP/1.1" 200 27
114.86.190.97 - - [17/May/2020:09:52:37 +0800] "GET /xingrg/kc/buy/cgsh_order_operate.html?command=get_materiel&rest_code=00148&code=00101012051&supplier_code=00100036&order_time=2020-05-17 HTTP/1.1" 200 408
180.162.232.172 - - [17/May/2020:09:52:39 +0800] "GET /xingrg/all/function/internal_message.html?_=1589680363843&CODE_STATE=getMsg HTTP/1.1" 200 27
114.86.190.97 - - [17/May/2020:09:52:44 +0800] "GET /xingrg/kc/buy/cgsh_order_operate.html?command=get_materiel&rest_code=00148&code=00101016105&supplier_code=00100036&order_time=2020-05-17 HTTP/1.1" 200 409
58.40.7.146 - - [17/May/2020:09:52:48 +0800] "GET /xingrg/all/function/internal_message.html?_=1589680370259&CODE_STATE=getMsg HTTP/1.1" 200 27
114.86.190.97 - - [17/May/2020:09:52:49 +0800] "GET /xingrg/javascript/easyui/themes/default/images/button_plain_hover.png HTTP/1.1" 304 -
114.86.190.97 - - [17/May/2020:09:52:49 +0800] "GET /xingrg/javascript/easyui/themes/default/images/button_plain_hover.png HTTP/1.1" 304 -
114.86.190.97 - - [17/May/2020:09:52:49 +0800] "GET /xingrg/javascript/easyui/themes/default/images/button_plain_hover.png HTTP/1.1" 304 -
114.84.33.255 - - [17/May/2020:09:52:49 +0800] "GET /xingrg/all/function/internal_message.html?_=1589680396293&CODE_STATE=getMsg HTTP/1.1" 200 27
114.86.190.97 - - [17/May/2020:09:52:49 +0800] "GET /xingrg/javascript/easyui/themes/default/images/button_plain_hover.png HTTP/1.1" 304 -
114.86.190.97 - - [17/May/2020:09:52:49 +0800] "GET /xingrg/javascript/easyui/themes/default/images/button_plain_hover.png HTTP/1.1" 304 -
114.86.190.97 - - [17/May/2020:09:52:49 +0800] "GET /xingrg/javascript/easyui/themes/default/images/button_plain_hover.png HTTP/1.1" 304 -
117.185.32.26 - - [17/May/2020:09:52:50 +0800] "GET /xingrg/all/function/internal_message.html?_=1589680794587&CODE_STATE=getMsg HTTP/1.1" 200 27
120.253.135.82 - - [17/May/2020:09:52:50 +0800] "GET /xingrg/all/function/internal_message.html?_=1589680127600&CODE_STATE=getMsg HTTP/1.1" 200 27
114.86.190.97 - - [17/May/2020:09:52:51 +0800] "POST /xingrg/kc/buy/cgsh_order_operate.html HTTP/1.1" 200 37
114.86.190.97 - - [17/May/2020:09:52:52 +0800] "POST /xingrg/kc/buy/cgsh_order_operate.html HTTP/1.1" 200 7373
114.86.190.97 - - [17/May/2020:09:52:53 +0800] "GET /xingrg/javascript/easyui/themes/default/images/button_plain_hover.png HTTP/1.1" 304 -
114.86.190.97 - - [17/May/2020:09:52:53 +0800] "GET /xingrg/javascript/easyui/themes/default/images/button_plain_hover.png HTTP/1.1" 304 -
114.86.190.97 - - [17/May/2020:09:52:53 +0800] "GET /xingrg/css/base.css HTTP/1.1" 304 -
114.86.190.97 - - [17/May/2020:09:52:53 +0800] "GET /xingrg/javascript/jquery_tools/datebox.css HTTP/1.1" 304 -
114.86.190.97 - - [17/May/2020:09:52:53 +0800] "GET /xingrg/css/site.css HTTP/1.1" 304 -
114.86.190.97 - - [17/May/2020:09:52:53 +0800] "GET /xingrg/javascript/easyui/themes/icon.css HTTP/1.1" 304 -
114.86.190.97 - - [17/May/2020:09:52:53 +0800] "GET /xingrg/javascript/easyui/themes/default/easyui.css HTTP/1.1" 304 -
114.86.190.97 - - [17/May/2020:09:52:53 +0800] "GET /xingrg/javascript/jquery_tools/jquery.tools.hotkey.js HTTP/1.1" 304 -
114.86.190.97 - - [17/May/2020:09:52:53 +0800] "GET /xingrg/javascript/jquery_tools/jquery.tools.min.js HTTP/1.1" 304 -
114.86.190.97 - - [17/May/2020:09:52:53 +0800] "GET /xingrg/javascript/jquery_tools/jquery.tools.extend.js HTTP/1.1" 304 -
114.86.190.97 - - [17/May/2020:09:52:53 +0800] "GET /xingrg/javascript/jquery_tools/jquery.tools.table.js HTTP/1.1" 304 -
114.86.190.97 - - [17/May/2020:09:52:53 +0800] "GET /xingrg/javascript/auto/jquery.autocomplete.js HTTP/1.1" 304 -
114.86.190.97 - - [17/May/2020:09:52:53 +0800] "GET /xingrg/javascript/auto/jquery.autocomplete.css HTTP/1.1" 304 -
114.86.190.97 - - [17/May/2020:09:52:53 +0800] "GET /xingrg/javascript/jquery_tools/fix.css HTTP/1.1" 304 -
114.86.190.97 - - [17/May/2020:09:52:53 +0800] "GET /xingrg/javascript/jquery_tools/order_manager.js HTTP/1.1" 304 -
114.86.190.97 - - [17/May/2020:09:52:53 +0800] "GET /xingrg/javascript/jquery.utils.js HTTP/1.1" 304 -
114.86.190.97 - - [17/May/2020:09:52:53 +0800] "GET /xingrg/javascript/easyui/easyloader.js HTTP/1.1" 304 -
114.86.190.97 - - [17/May/2020:09:52:53 +0800] "GET /xingrg/javascript/json2.js HTTP/1.1" 304 -
114.86.190.97 - - [17/May/2020:09:52:53 +0800] "GET /xingrg/javascript/print/LodopFuncs.js HTTP/1.1" 304 -
114.86.190.97 - - [17/May/2020:09:52:53 +0800] "GET /xingrg/javascript/jquery_tools/table.css HTTP/1.1" 304 -
114.86.190.97 - - [17/May/2020:09:52:53 +0800] "GET /xingrg/javascript/pic_change.js HTTP/1.1" 304 -
114.86.190.97 - - [17/May/2020:09:52:53 +0800] "GET /xingrg/javascript/convert.js HTTP/1.1" 304 -
114.86.190.97 - - [17/May/2020:09:52:53 +0800] "GET /xingrg/javascript/jquery.cookie.js HTTP/1.1" 304 -
114.86.190.97 - - [17/May/2020:09:52:53 +0800] "GET /xingrg/javascript/print/kc_print.js HTTP/1.1" 304 -
114.86.190.97 - - [17/May/2020:09:52:53 +0800] "GET /xingrg/kc/buy/cgsh_order_add.html HTTP/1.1" 200 58621
114.86.190.97 - - [17/May/2020:09:52:53 +0800] "GET /xingrg/words/20200516131853_words.js HTTP/1.1" 304 -
114.86.190.97 - - [17/May/2020:09:52:53 +0800] "GET /xingrg/javascript/easyui/themes/icons/template_new.png HTTP/1.1" 304 -
114.86.190.97 - - [17/May/2020:09:52:53 +0800] "GET /xingrg/javascript/easyui/themes/icons/copy_new.png HTTP/1.1" 304 -
114.86.190.97 - - [17/May/2020:09:52:53 +0800] "GET /xingrg/javascript/easyui/themes/icons/ok.png HTTP/1.1" 304 -
114.86.190.97 - - [17/May/2020:09:52:53 +0800] "GET /xingrg/javascript/easyui/themes/icons/print.png HTTP/1.1" 304 -
114.86.190.97 - - [17/May/2020:09:52:53 +0800] "GET /xingrg/javascript/easyui/themes/icons/cancel.png HTTP/1.1" 304 -
114.86.190.97 - - [17/May/2020:09:52:53 +0800] "GET /xingrg/javascript/easyui/themes/default/images/menu_downarrow.png HTTP/1.1" 304 -
114.86.190.97 - - [17/May/2020:09:52:53 +0800] "GET /xingrg/javascript/easyui/plugins/jquery.parser.js HTTP/1.1" 304 -
114.86.190.97 - - [17/May/2020:09:52:53 +0800] "POST /xingrg/kc/buy/cgsh_order_operate.html HTTP/1.1" 200 8245
114.86.190.97 - - [17/May/2020:09:52:53 +0800] "GET /xingrg/javascript/easyui/themes/default/images/button_plain_hover.png HTTP/1.1" 304 -
114.86.190.97 - - [17/May/2020:09:52:53 +0800] "GET /xingrg/all/common/auto_word.html?type=employee&rest_code=00148 HTTP/1.1" 200 147
114.86.190.97 - - [17/May/2020:09:52:53 +0800] "GET /xingrg/all/common/auto_word.html?type=employee&rest_code=00148 HTTP/1.1" 200 147
114.86.190.97 - - [17/May/2020:09:52:53 +0800] "GET /xingrg/javascript/easyui/themes/default/images/button_plain_hover.png HTTP/1.1" 304 -
114.86.190.97 - - [17/May/2020:09:52:53 +0800] "GET /xingrg/javascript/easyui/themes/default/validatebox.css HTTP/1.1" 404 1104
114.86.190.97 - - [17/May/2020:09:52:53 +0800] "GET /xingrg/javascript/easyui/plugins/jquery.validatebox.js HTTP/1.1" 304 -
114.86.190.97 - - [17/May/2020:09:52:53 +0800] "GET /xingrg/javascript/easyui/plugins/jquery.numberbox.js HTTP/1.1" 304 -
61.172.5.115 - - [17/May/2020:09:52:55 +0800] "GET /xingrg/all/function/internal_message.html?_=1589680376290&CODE_STATE=getMsg HTTP/1.1" 200 27
61.172.5.115 - - [17/May/2020:09:52:55 +0800] "GET /xingrg/check_reg.html?_=1589680376293 HTTP/1.1" 200 22
180.175.212.199 - - [17/May/2020:09:52:56 +0800] "GET /xingrg/all/function/internal_message.html?_=1589680576449&CODE_STATE=getMsg HTTP/1.1" 200 27
114.86.190.97 - - [17/May/2020:09:52:59 +0800] "GET /xingrg/javascript/pic_change.js HTTP/1.1" 304 -
114.86.190.97 - - [17/May/2020:09:52:59 +0800] "GET /xingrg/javascript/jquery_tools/jquery.tools.extend.js HTTP/1.1" 304 -
114.86.190.97 - - [17/May/2020:09:52:59 +0800] "GET /xingrg/javascript/jquery_tools/jquery.tools.min.js HTTP/1.1" 304 -
114.86.190.97 - - [17/May/2020:09:52:59 +0800] "GET /xingrg/javascript/jquery_tools/jquery.tools.hotkey.js HTTP/1.1" 304 -
114.86.190.97 - - [17/May/2020:09:52:59 +0800] "GET /xingrg/javascript/auto/jquery.autocomplete.js HTTP/1.1" 304 -
114.86.190.97 - - [17/May/2020:09:52:59 +0800] "GET /xingrg/javascript/jquery.utils.js HTTP/1.1" 304 -
114.86.190.97 - - [17/May/2020:09:52:59 +0800] "GET /xingrg/javascript/jquery_tools/jquery.tools.table.js HTTP/1.1" 304 -
114.86.190.97 - - [17/May/2020:09:52:59 +0800] "GET /xingrg/javascript/easyui/easyloader.js HTTP/1.1" 304 -
114.86.190.97 - - [17/May/2020:09:52:59 +0800] "GET /xingrg/javascript/jquery_tools/order_manager.js HTTP/1.1" 304 -
114.86.190.97 - - [17/May/2020:09:52:59 +0800] "GET /xingrg/javascript/jquery.cookie.js HTTP/1.1" 304 -
114.86.190.97 - - [17/May/2020:09:52:59 +0800] "GET /xingrg/javascript/convert.js HTTP/1.1" 304 -
114.86.190.97 - - [17/May/2020:09:52:59 +0800] "GET /xingrg/javascript/print/LodopFuncs.js HTTP/1.1" 304 -
114.86.190.97 - - [17/May/2020:09:52:59 +0800] "GET /xingrg/javascript/easyui/plugins/jquery.parser.js HTTP/1.1" 304 -
114.86.190.97 - - [17/May/2020:09:52:59 +0800] "GET /xingrg/javascript/print/kc_print.js HTTP/1.1" 304 -
114.86.190.97 - - [17/May/2020:09:52:59 +0800] "GET /xingrg/javascript/easyui/plugins/jquery.numberbox.js HTTP/1.1" 304 -
114.86.190.97 - - [17/May/2020:09:52:59 +0800] "GET /xingrg/words/20200516131853_words.js HTTP/1.1" 304 -
114.86.190.97 - - [17/May/2020:09:52:59 +0800] "GET /xingrg/javascript/easyui/plugins/jquery.validatebox.js HTTP/1.1" 304 -
114.86.190.97 - - [17/May/2020:09:52:59 +0800] "GET /xingrg/javascript/json2.js HTTP/1.1" 304 -
114.88.170.9 - - [17/May/2020:09:53:02 +0800] "GET /xingrg/all/function/internal_message.html?_=1589680381021&CODE_STATE=getMsg HTTP/1.1" 200 27
114.86.190.97 - - [17/May/2020:09:53:02 +0800] "GET /xingrg/kc/buy/cgsh_order_operate.html?command=get_materiel&rest_code=00148&code=00101007061&supplier_code=00100004&order_time=2020-05-17 HTTP/1.1" 200 409
114.86.190.97 - - [17/May/2020:09:53:02 +0800] "GET /xingrg/javascript/easyui/themes/default/images/button_plain_hover.png HTTP/1.1" 304 -
114.88.170.9 - - [17/May/2020:09:53:08 +0800] "GET /xingrg/check_reg.html?_=1589680386442 HTTP/1.1" 200 22
222.69.134.41 - - [17/May/2020:09:53:13 +0800] "GET /xingrg/all/function/internal_message.html?_=1589680394623&CODE_STATE=getMsg HTTP/1.1" 200 27
180.175.212.199 - - [17/May/2020:09:53:13 +0800] "GET /xingrg/all/function/internal_message.html?_=1589680395581&CODE_STATE=getMsg HTTP/1.1" 200 27
116.228.172.94 - - [17/May/2020:09:53:18 +0800] "GET /xingrg/all/function/internal_message.html?_=1589680401015&CODE_STATE=getMsg HTTP/1.1" 200 27
114.84.33.255 - - [17/May/2020:09:53:19 +0800] "GET /xingrg/check_reg.html?_=1589680426574 HTTP/1.1" 200 22
114.84.33.255 - - [17/May/2020:09:53:20 +0800] "GET /xingrg/all/function/internal_message.html?_=1589680427711&CODE_STATE=getMsg HTTP/1.1" 200 27
180.162.232.172 - - [17/May/2020:09:53:21 +0800] "GET /xingrg/all/function/internal_message.html?_=1589680538966&CODE_STATE=getMsg HTTP/1.1" 200 27
114.88.170.9 - - [17/May/2020:09:53:23 +0800] "GET /xingrg/all/function/internal_message.html?_=1589680753115&CODE_STATE=getMsg HTTP/1.1" 200 27
114.86.190.97 - - [17/May/2020:09:53:27 +0800] "GET /xingrg/javascript/easyui/themes/default/images/button_plain_hover.png HTTP/1.1" 304 -
114.86.190.97 - - [17/May/2020:09:53:27 +0800] "GET /xingrg/javascript/easyui/themes/default/images/button_plain_hover.png HTTP/1.1" 304 -
114.86.190.97 - - [17/May/2020:09:53:27 +0800] "GET /xingrg/javascript/easyui/themes/default/images/button_plain_hover.png HTTP/1.1" 304 -
114.86.190.97 - - [17/May/2020:09:53:27 +0800] "GET /xingrg/javascript/easyui/themes/default/images/button_plain_hover.png HTTP/1.1" 304 -
114.86.190.97 - - [17/May/2020:09:53:29 +0800] "POST /xingrg/kc/buy/cgsh_order_operate.html HTTP/1.1" 200 37
180.175.212.199 - - [17/May/2020:09:53:30 +0800] "GET /xingrg/kc/buy/cgsh_order_operate.html?command=get_materiel&rest_code=00102&code=00101006112&supplier_code=00100011&order_time=2020-05-17 HTTP/1.1" 200 409
114.86.190.97 - - [17/May/2020:09:53:30 +0800] "POST /xingrg/kc/buy/cgsh_order_operate.html HTTP/1.1" 200 2652
114.86.190.97 - - [17/May/2020:09:53:30 +0800] "GET /xingrg/javascript/easyui/themes/default/images/button_plain_hover.png HTTP/1.1" 304 -
114.86.190.97 - - [17/May/2020:09:53:30 +0800] "GET /xingrg/javascript/easyui/themes/default/images/button_plain_hover.png HTTP/1.1" 304 -
114.86.190.97 - - [17/May/2020:09:53:30 +0800] "GET /xingrg/javascript/easyui/themes/default/images/button_plain_hover.png HTTP/1.1" 304 -
172.17.0.123 - - [17/May/2020:09:53:31 +0800] "GET /xingrg/all/function/internal_message.html?_=1589680407393&CODE_STATE=getMsg HTTP/1.1" 302 -
114.86.190.97 - - [17/May/2020:09:53:31 +0800] "GET /xingrg/check_reg.html?_=1589680413174 HTTP/1.1" 200 22
114.86.190.97 - - [17/May/2020:09:53:31 +0800] "GET /xingrg/all/function/internal_message.html?_=1589680413524&CODE_STATE=getMsg HTTP/1.1" 200 27
114.86.190.97 - - [17/May/2020:09:53:32 +0800] "GET /xingrg/css/base.css HTTP/1.1" 304 -
114.86.190.97 - - [17/May/2020:09:53:32 +0800] "GET /xingrg/css/site.css HTTP/1.1" 304 -
114.86.190.97 - - [17/May/2020:09:53:32 +0800] "GET /xingrg/javascript/jquery_tools/datebox.css HTTP/1.1" 304 -
114.86.190.97 - - [17/May/2020:09:53:32 +0800] "GET /xingrg/javascript/easyui/themes/icon.css HTTP/1.1" 304 -
114.86.190.97 - - [17/May/2020:09:53:32 +0800] "GET /xingrg/javascript/easyui/themes/default/easyui.css HTTP/1.1" 304 -
114.86.190.97 - - [17/May/2020:09:53:32 +0800] "GET /xingrg/javascript/auto/jquery.autocomplete.css HTTP/1.1" 304 -
114.86.190.97 - - [17/May/2020:09:53:32 +0800] "GET /xingrg/javascript/jquery_tools/fix.css HTTP/1.1" 304 -
114.86.190.97 - - [17/May/2020:09:53:32 +0800] "GET /xingrg/javascript/jquery_tools/jquery.tools.hotkey.js HTTP/1.1" 304 -
114.86.190.97 - - [17/May/2020:09:53:32 +0800] "GET /xingrg/javascript/easyui/easyloader.js HTTP/1.1" 304 -
114.86.190.97 - - [17/May/2020:09:53:32 +0800] "GET /xingrg/javascript/jquery_tools/jquery.tools.extend.js HTTP/1.1" 304 -
114.86.190.97 - - [17/May/2020:09:53:32 +0800] "GET /xingrg/javascript/jquery_tools/table.css HTTP/1.1" 304 -
114.86.190.97 - - [17/May/2020:09:53:32 +0800] "GET /xingrg/kc/buy/cgsh_order_list.html HTTP/1.1" 200 42889
114.86.190.97 - - [17/May/2020:09:53:32 +0800] "GET /xingrg/javascript/jquery_tools/list_manager.js HTTP/1.1" 304 -
114.86.190.97 - - [17/May/2020:09:53:32 +0800] "GET /xingrg/javascript/jquery_tools/jquery.tools.min.js HTTP/1.1" 304 -
114.86.190.97 - - [17/May/2020:09:53:32 +0800] "GET /xingrg/javascript/jquery.utils.js HTTP/1.1" 304 -
114.86.190.97 - - [17/May/2020:09:53:32 +0800] "GET /xingrg/javascript/print/LodopFuncs.js HTTP/1.1" 304 -
114.86.190.97 - - [17/May/2020:09:53:32 +0800] "GET /xingrg/javascript/jquery_tools/jquery.tools.table.js HTTP/1.1" 304 -
114.86.190.97 - - [17/May/2020:09:53:32 +0800] "GET /xingrg/javascript/jquery.cookie.js HTTP/1.1" 304 -
114.86.190.97 - - [17/May/2020:09:53:32 +0800] "GET /xingrg/javascript/auto/jquery.autocomplete.js HTTP/1.1" 304 -
114.86.190.97 - - [17/May/2020:09:53:32 +0800] "GET /xingrg/javascript/easyui/plugins/jquery.parser.js HTTP/1.1" 304 -
114.86.190.97 - - [17/May/2020:09:53:34 +0800] "POST /xingrg/kc/buy/cgsh_list_operate.html HTTP/1.1" 200 3086
180.162.232.172 - - [17/May/2020:09:53:39 +0800] "GET /xingrg/all/function/internal_message.html?_=1589680423828&CODE_STATE=getMsg HTTP/1.1" 200 27
58.40.7.146 - - [17/May/2020:09:53:48 +0800] "GET /xingrg/all/function/internal_message.html?_=1589680430263&CODE_STATE=getMsg HTTP/1.1" 200 27
114.84.33.255 - - [17/May/2020:09:53:49 +0800] "GET /xingrg/all/function/internal_message.html?_=1589680456311&CODE_STATE=getMsg HTTP/1.1" 200 27
117.185.32.26 - - [17/May/2020:09:53:50 +0800] "GET /xingrg/all/function/internal_message.html?_=1589680854616&CODE_STATE=getMsg HTTP/1.1" 200 27
120.253.135.82 - - [17/May/2020:09:53:50 +0800] "GET /xingrg/check_reg.html?_=1589680187529 HTTP/1.1" 200 22
120.253.135.82 - - [17/May/2020:09:53:50 +0800] "GET /xingrg/all/function/internal_message.html?_=1589680187620&CODE_STATE=getMsg HTTP/1.1" 200 27
61.172.5.115 - - [17/May/2020:09:53:55 +0800] "GET /xingrg/all/function/internal_message.html?_=1589680436293&CODE_STATE=getMsg HTTP/1.1" 200 27
180.175.212.199 - - [17/May/2020:09:53:56 +0800] "GET /xingrg/all/function/internal_message.html?_=1589680636452&CODE_STATE=getMsg HTTP/1.1" 200 27
114.88.170.9 - - [17/May/2020:09:54:02 +0800] "GET /xingrg/all/function/internal_message.html?_=1589680441028&CODE_STATE=getMsg HTTP/1.1" 200 27
222.69.134.41 - - [17/May/2020:09:54:13 +0800] "GET /xingrg/all/function/internal_message.html?_=1589680454645&CODE_STATE=getMsg HTTP/1.1" 200 27
180.175.212.199 - - [17/May/2020:09:54:13 +0800] "GET /xingrg/all/function/internal_message.html?_=1589680455597&CODE_STATE=getMsg HTTP/1.1" 200 27
114.86.190.97 - - [17/May/2020:09:54:17 +0800] "GET /xingrg/javascript/easyui/themes/default/images/button_plain_hover.png HTTP/1.1" 304 -
114.86.190.97 - - [17/May/2020:09:54:17 +0800] "GET /xingrg/javascript/easyui/themes/default/images/button_plain_hover.png HTTP/1.1" 304 -
114.86.190.97 - - [17/May/2020:09:54:17 +0800] "GET /xingrg/css/base.css HTTP/1.1" 304 -
114.86.190.97 - - [17/May/2020:09:54:17 +0800] "GET /xingrg/javascript/jquery_tools/datebox.css HTTP/1.1" 304 -
114.86.190.97 - - [17/May/2020:09:54:17 +0800] "GET /xingrg/css/site.css HTTP/1.1" 304 -
114.86.190.97 - - [17/May/2020:09:54:17 +0800] "GET /xingrg/javascript/easyui/themes/icon.css HTTP/1.1" 304 -
114.86.190.97 - - [17/May/2020:09:54:17 +0800] "GET /xingrg/javascript/auto/jquery.autocomplete.css HTTP/1.1" 304 -
114.86.190.97 - - [17/May/2020:09:54:17 +0800] "GET /xingrg/javascript/jquery_tools/fix.css HTTP/1.1" 304 -
114.86.190.97 - - [17/May/2020:09:54:17 +0800] "GET /xingrg/javascript/easyui/themes/default/easyui.css HTTP/1.1" 304 -
114.86.190.97 - - [17/May/2020:09:54:17 +0800] "GET /xingrg/javascript/jquery_tools/table.css HTTP/1.1" 304 -
114.86.190.97 - - [17/May/2020:09:54:17 +0800] "GET /xingrg/javascript/pic_change.js HTTP/1.1" 304 -
114.86.190.97 - - [17/May/2020:09:54:17 +0800] "GET /xingrg/javascript/jquery_tools/order_manager.js HTTP/1.1" 304 -
114.86.190.97 - - [17/May/2020:09:54:17 +0800] "GET /xingrg/javascript/jquery_tools/jquery.tools.extend.js HTTP/1.1" 304 -
114.86.190.97 - - [17/May/2020:09:54:17 +0800] "GET /xingrg/javascript/jquery_tools/jquery.tools.table.js HTTP/1.1" 304 -
114.86.190.97 - - [17/May/2020:09:54:17 +0800] "GET /xingrg/javascript/jquery.utils.js HTTP/1.1" 304 -
114.86.190.97 - - [17/May/2020:09:54:17 +0800] "GET /xingrg/javascript/jquery_tools/jquery.tools.min.js HTTP/1.1" 304 -
114.86.190.97 - - [17/May/2020:09:54:17 +0800] "GET /xingrg/javascript/json2.js HTTP/1.1" 304 -
114.86.190.97 - - [17/May/2020:09:54:17 +0800] "GET /xingrg/javascript/convert.js HTTP/1.1" 304 -
114.86.190.97 - - [17/May/2020:09:54:17 +0800] "GET /xingrg/javascript/jquery_tools/jquery.tools.hotkey.js HTTP/1.1" 304 -
114.86.190.97 - - [17/May/2020:09:54:17 +0800] "GET /xingrg/javascript/easyui/easyloader.js HTTP/1.1" 304 -
114.86.190.97 - - [17/May/2020:09:54:17 +0800] "GET /xingrg/javascript/auto/jquery.autocomplete.js HTTP/1.1" 304 -
114.86.190.97 - - [17/May/2020:09:54:17 +0800] "GET /xingrg/javascript/print/kc_print.js HTTP/1.1" 304 -
114.86.190.97 - - [17/May/2020:09:54:17 +0800] "GET /xingrg/javascript/jquery.cookie.js HTTP/1.1" 304 -
114.86.190.97 - - [17/May/2020:09:54:17 +0800] "GET /xingrg/javascript/print/LodopFuncs.js HTTP/1.1" 304 -
114.86.190.97 - - [17/May/2020:09:54:17 +0800] "GET /xingrg/kc/buy/cgsh_order_add.html HTTP/1.1" 200 58621
114.86.190.97 - - [17/May/2020:09:54:17 +0800] "GET /xingrg/words/20200516131853_words.js HTTP/1.1" 304 -
114.86.190.97 - - [17/May/2020:09:54:17 +0800] "GET /xingrg/javascript/easyui/themes/icons/copy_new.png HTTP/1.1" 304 -
114.86.190.97 - - [17/May/2020:09:54:17 +0800] "GET /xingrg/javascript/easyui/themes/icons/template_new.png HTTP/1.1" 304 -
114.86.190.97 - - [17/May/2020:09:54:17 +0800] "GET /xingrg/javascript/easyui/themes/icons/ok.png HTTP/1.1" 304 -
114.86.190.97 - - [17/May/2020:09:54:17 +0800] "GET /xingrg/javascript/easyui/themes/icons/print.png HTTP/1.1" 304 -
114.86.190.97 - - [17/May/2020:09:54:17 +0800] "GET /xingrg/javascript/easyui/themes/default/images/menu_downarrow.png HTTP/1.1" 304 -
114.86.190.97 - - [17/May/2020:09:54:17 +0800] "GET /xingrg/javascript/easyui/themes/icons/cancel.png HTTP/1.1" 304 -
114.86.190.97 - - [17/May/2020:09:54:17 +0800] "GET /xingrg/javascript/easyui/plugins/jquery.parser.js HTTP/1.1" 304 -
114.86.190.97 - - [17/May/2020:09:54:17 +0800] "POST /xingrg/kc/buy/cgsh_order_operate.html HTTP/1.1" 200 8245
114.86.190.97 - - [17/May/2020:09:54:17 +0800] "GET /xingrg/javascript/easyui/themes/default/images/button_plain_hover.png HTTP/1.1" 304 -
114.86.190.97 - - [17/May/2020:09:54:18 +0800] "GET /xingrg/all/common/auto_word.html?type=employee&rest_code=00148 HTTP/1.1" 200 147
114.86.190.97 - - [17/May/2020:09:54:18 +0800] "GET /xingrg/all/common/auto_word.html?type=employee&rest_code=00148 HTTP/1.1" 200 147
114.86.190.97 - - [17/May/2020:09:54:18 +0800] "GET /xingrg/javascript/easyui/themes/default/images/button_plain_hover.png HTTP/1.1" 304 -
114.86.190.97 - - [17/May/2020:09:54:18 +0800] "GET /xingrg/javascript/easyui/plugins/jquery.validatebox.js HTTP/1.1" 304 -
114.86.190.97 - - [17/May/2020:09:54:18 +0800] "GET /xingrg/javascript/easyui/themes/default/validatebox.css HTTP/1.1" 404 1104
114.86.190.97 - - [17/May/2020:09:54:18 +0800] "GET /xingrg/javascript/easyui/plugins/jquery.numberbox.js HTTP/1.1" 304 -
116.228.172.94 - - [17/May/2020:09:54:18 +0800] "GET /xingrg/all/function/internal_message.html?_=1589680460998&CODE_STATE=getMsg HTTP/1.1" 200 27
114.84.33.255 - - [17/May/2020:09:54:20 +0800] "GET /xingrg/all/function/internal_message.html?_=1589680487725&CODE_STATE=getMsg HTTP/1.1" 200 27
114.86.190.97 - - [17/May/2020:09:54:20 +0800] "GET /xingrg/javascript/pic_change.js HTTP/1.1" 304 -
114.86.190.97 - - [17/May/2020:09:54:20 +0800] "GET /xingrg/javascript/jquery_tools/jquery.tools.min.js HTTP/1.1" 304 -
114.86.190.97 - - [17/May/2020:09:54:20 +0800] "GET /xingrg/javascript/jquery_tools/jquery.tools.extend.js HTTP/1.1" 304 -
114.86.190.97 - - [17/May/2020:09:54:20 +0800] "GET /xingrg/javascript/jquery_tools/jquery.tools.hotkey.js HTTP/1.1" 304 -
114.86.190.97 - - [17/May/2020:09:54:20 +0800] "GET /xingrg/javascript/jquery_tools/jquery.tools.table.js HTTP/1.1" 304 -
114.86.190.97 - - [17/May/2020:09:54:20 +0800] "GET /xingrg/javascript/auto/jquery.autocomplete.js HTTP/1.1" 304 -
114.86.190.97 - - [17/May/2020:09:54:20 +0800] "GET /xingrg/javascript/easyui/easyloader.js HTTP/1.1" 304 -
114.86.190.97 - - [17/May/2020:09:54:20 +0800] "GET /xingrg/javascript/jquery_tools/order_manager.js HTTP/1.1" 304 -
114.86.190.97 - - [17/May/2020:09:54:20 +0800] "GET /xingrg/javascript/jquery.utils.js HTTP/1.1" 304 -
114.86.190.97 - - [17/May/2020:09:54:20 +0800] "GET /xingrg/javascript/json2.js HTTP/1.1" 304 -
114.86.190.97 - - [17/May/2020:09:54:20 +0800] "GET /xingrg/javascript/jquery.cookie.js HTTP/1.1" 304 -
114.86.190.97 - - [17/May/2020:09:54:20 +0800] "GET /xingrg/javascript/print/kc_print.js HTTP/1.1" 304 -
114.86.190.97 - - [17/May/2020:09:54:20 +0800] "GET /xingrg/javascript/print/LodopFuncs.js HTTP/1.1" 304 -
114.86.190.97 - - [17/May/2020:09:54:20 +0800] "GET /xingrg/javascript/easyui/plugins/jquery.numberbox.js HTTP/1.1" 304 -
114.86.190.97 - - [17/May/2020:09:54:20 +0800] "GET /xingrg/javascript/easyui/plugins/jquery.validatebox.js HTTP/1.1" 304 -
114.86.190.97 - - [17/May/2020:09:54:20 +0800] "GET /xingrg/words/20200516131853_words.js HTTP/1.1" 304 -
114.86.190.97 - - [17/May/2020:09:54:20 +0800] "GET /xingrg/javascript/easyui/plugins/jquery.parser.js HTTP/1.1" 304 -
114.86.190.97 - - [17/May/2020:09:54:20 +0800] "GET /xingrg/javascript/convert.js HTTP/1.1" 304 -
180.162.232.172 - - [17/May/2020:09:54:21 +0800] "GET /xingrg/all/function/internal_message.html?_=1589680599030&CODE_STATE=getMsg HTTP/1.1" 200 27
114.88.170.9 - - [17/May/2020:09:54:23 +0800] "GET /xingrg/all/function/internal_message.html?_=1589680813131&CODE_STATE=getMsg HTTP/1.1" 200 27
114.86.190.97 - - [17/May/2020:09:54:25 +0800] "GET /xingrg/kc/buy/cgsh_order_operate.html?command=get_materiel&rest_code=00148&code=00101007085&supplier_code=00100328&order_time=2020-05-17 HTTP/1.1" 200 413
114.86.190.97 - - [17/May/2020:09:54:25 +0800] "GET /xingrg/javascript/easyui/themes/default/images/button_plain_hover.png HTTP/1.1" 304 -
180.175.212.199 - - [17/May/2020:09:54:27 +0800] "GET /xingrg/kc/buy/cgsh_order_operate.html?command=get_materiel&rest_code=00102&code=00101006133&supplier_code=00100011&order_time=2020-05-17 HTTP/1.1" 200 413
172.17.0.123 - - [17/May/2020:09:54:31 +0800] "GET /xingrg/all/function/internal_message.html?_=1589680467397&CODE_STATE=getMsg HTTP/1.1" 302 -
114.86.190.97 - - [17/May/2020:09:54:31 +0800] "GET /xingrg/all/function/internal_message.html?_=1589680473562&CODE_STATE=getMsg HTTP/1.1" 200 27
114.86.190.97 - - [17/May/2020:09:54:33 +0800] "GET /xingrg/kc/buy/cgsh_order_operate.html?command=get_materiel&rest_code=00148&code=00101007077&supplier_code=00100328&order_time=2020-05-17 HTTP/1.1" 200 415
114.86.190.97 - - [17/May/2020:09:54:33 +0800] "GET /xingrg/javascript/easyui/themes/default/images/button_plain_hover.png HTTP/1.1" 304 -
114.86.190.97 - - [17/May/2020:09:54:37 +0800] "GET /xingrg/javascript/easyui/themes/default/images/button_plain_hover.png HTTP/1.1" 304 -
114.86.190.97 - - [17/May/2020:09:54:37 +0800] "GET /xingrg/javascript/easyui/themes/default/images/button_plain_hover.png HTTP/1.1" 304 -
114.86.190.97 - - [17/May/2020:09:54:37 +0800] "GET /xingrg/javascript/easyui/themes/default/images/button_plain_hover.png HTTP/1.1" 304 -
114.86.190.97 - - [17/May/2020:09:54:37 +0800] "GET /xingrg/javascript/easyui/themes/default/images/button_plain_hover.png HTTP/1.1" 304 -
114.86.190.97 - - [17/May/2020:09:54:37 +0800] "GET /xingrg/javascript/easyui/themes/default/images/button_plain_hover.png HTTP/1.1" 304 -
114.86.190.97 - - [17/May/2020:09:54:38 +0800] "GET /xingrg/javascript/easyui/themes/default/images/button_plain_hover.png HTTP/1.1" 304 -
114.86.190.97 - - [17/May/2020:09:54:38 +0800] "GET /xingrg/javascript/easyui/themes/default/images/button_plain_hover.png HTTP/1.1" 304 -
180.162.232.172 - - [17/May/2020:09:54:39 +0800] "GET /xingrg/all/function/internal_message.html?_=1589680483803&CODE_STATE=getMsg HTTP/1.1" 200 27
114.86.190.97 - - [17/May/2020:09:54:39 +0800] "POST /xingrg/kc/buy/cgsh_order_operate.html HTTP/1.1" 200 37
114.86.190.97 - - [17/May/2020:09:54:40 +0800] "POST /xingrg/kc/buy/cgsh_order_operate.html HTTP/1.1" 200 3252
114.86.190.97 - - [17/May/2020:09:54:41 +0800] "GET /xingrg/javascript/easyui/themes/default/images/button_plain_hover.png HTTP/1.1" 304 -
114.86.190.97 - - [17/May/2020:09:54:41 +0800] "GET /xingrg/javascript/easyui/themes/default/images/button_plain_hover.png HTTP/1.1" 304 -
114.86.190.97 - - [17/May/2020:09:54:41 +0800] "GET /xingrg/javascript/easyui/themes/default/images/button_plain_hover.png HTTP/1.1" 304 -
114.86.190.97 - - [17/May/2020:09:54:41 +0800] "GET /xingrg/css/site.css HTTP/1.1" 304 -
114.86.190.97 - - [17/May/2020:09:54:41 +0800] "GET /xingrg/css/base.css HTTP/1.1" 304 -
114.86.190.97 - - [17/May/2020:09:54:41 +0800] "GET /xingrg/javascript/jquery_tools/datebox.css HTTP/1.1" 304 -
114.86.190.97 - - [17/May/2020:09:54:41 +0800] "GET /xingrg/javascript/easyui/themes/icon.css HTTP/1.1" 304 -
114.86.190.97 - - [17/May/2020:09:54:41 +0800] "GET /xingrg/javascript/easyui/themes/default/easyui.css HTTP/1.1" 304 -
114.86.190.97 - - [17/May/2020:09:54:41 +0800] "GET /xingrg/javascript/auto/jquery.autocomplete.css HTTP/1.1" 304 -
114.86.190.97 - - [17/May/2020:09:54:41 +0800] "GET /xingrg/javascript/jquery_tools/fix.css HTTP/1.1" 304 -
114.86.190.97 - - [17/May/2020:09:54:41 +0800] "GET /xingrg/javascript/jquery_tools/table.css HTTP/1.1" 304 -
114.86.190.97 - - [17/May/2020:09:54:41 +0800] "GET /xingrg/javascript/jquery_tools/jquery.tools.min.js HTTP/1.1" 304 -
114.86.190.97 - - [17/May/2020:09:54:41 +0800] "GET /xingrg/javascript/jquery_tools/jquery.tools.extend.js HTTP/1.1" 304 -
114.86.190.97 - - [17/May/2020:09:54:41 +0800] "GET /xingrg/javascript/pic_change.js HTTP/1.1" 304 -
114.86.190.97 - - [17/May/2020:09:54:41 +0800] "GET /xingrg/javascript/jquery_tools/jquery.tools.hotkey.js HTTP/1.1" 304 -
114.86.190.97 - - [17/May/2020:09:54:41 +0800] "GET /xingrg/javascript/easyui/easyloader.js HTTP/1.1" 304 -
114.86.190.97 - - [17/May/2020:09:54:41 +0800] "GET /xingrg/javascript/jquery_tools/jquery.tools.table.js HTTP/1.1" 304 -
114.86.190.97 - - [17/May/2020:09:54:41 +0800] "GET /xingrg/javascript/auto/jquery.autocomplete.js HTTP/1.1" 304 -
114.86.190.97 - - [17/May/2020:09:54:41 +0800] "GET /xingrg/javascript/jquery.utils.js HTTP/1.1" 304 -
114.86.190.97 - - [17/May/2020:09:54:41 +0800] "GET /xingrg/javascript/convert.js HTTP/1.1" 304 -
114.86.190.97 - - [17/May/2020:09:54:41 +0800] "GET /xingrg/kc/buy/cgsh_order_add.html HTTP/1.1" 200 58621
114.86.190.97 - - [17/May/2020:09:54:41 +0800] "GET /xingrg/javascript/json2.js HTTP/1.1" 304 -
114.86.190.97 - - [17/May/2020:09:54:41 +0800] "GET /xingrg/javascript/jquery.cookie.js HTTP/1.1" 304 -
114.86.190.97 - - [17/May/2020:09:54:41 +0800] "GET /xingrg/javascript/jquery_tools/order_manager.js HTTP/1.1" 304 -
114.86.190.97 - - [17/May/2020:09:54:41 +0800] "GET /xingrg/javascript/print/kc_print.js HTTP/1.1" 304 -
114.86.190.97 - - [17/May/2020:09:54:41 +0800] "GET /xingrg/javascript/print/LodopFuncs.js HTTP/1.1" 304 -
114.86.190.97 - - [17/May/2020:09:54:42 +0800] "GET /xingrg/words/20200516131853_words.js HTTP/1.1" 304 -
114.86.190.97 - - [17/May/2020:09:54:42 +0800] "GET /xingrg/javascript/easyui/themes/icons/copy_new.png HTTP/1.1" 304 -
114.86.190.97 - - [17/May/2020:09:54:42 +0800] "GET /xingrg/javascript/easyui/themes/icons/template_new.png HTTP/1.1" 304 -
114.86.190.97 - - [17/May/2020:09:54:42 +0800] "GET /xingrg/javascript/easyui/themes/icons/ok.png HTTP/1.1" 304 -
