117.184.7.26 - - [17/May/2020:10:28:41 +0800] "POST /xingrg/kc/buy/cgsh_order_operate.html HTTP/1.1" 200 37
114.86.190.97 - - [17/May/2020:10:28:42 +0800] "GET /xingrg/system/rest/query_items.html?_=1589682523543&table=menu&page=1&rows=20&categoryId=&key=%25E5%25A5%25A5%25E9%25BE%2599 HTTP/1.1" 200 1250
114.86.190.97 - - [17/May/2020:10:28:43 +0800] "GET /xingrg/system/rest/query_items.html?_=1589682524921&table=menu&page=1&rows=20&categoryId=&key=%25E5%25A5%25A5%25E9%25BE%2599 HTTP/1.1" 200 1250
114.86.190.97 - - [17/May/2020:10:28:44 +0800] "GET /xingrg/system/rest/get_item.html?table=menu&id=1981&_=1589682525415 HTTP/1.1" 200 965
114.86.190.97 - - [17/May/2020:10:28:44 +0800] "GET /xingrg/system/rest/get_item.html?table=menu&target=menu_rest&id=1981&_=1589682525436 HTTP/1.1" 200 777
114.86.190.97 - - [17/May/2020:10:28:44 +0800] "GET /xingrg/system/rest/get_item.html?table=menu&target=cook_mode&id=1981&_=1589682525435 HTTP/1.1" 200 23096
114.86.190.97 - - [17/May/2020:10:28:44 +0800] "GET /xingrg/system/rest/get_infos.html?command=menu_img_show&id=1981 HTTP/1.1" 200 5
114.88.170.9 - - [17/May/2020:10:28:45 +0800] "GET /xingrg/kc/buy/cgsh_order_operate.html?command=get_materiel&rest_code=00111&code=00101006111&supplier_code=00100012&order_time=2020-05-17 HTTP/1.1" 200 409
114.86.190.97 - - [17/May/2020:10:28:47 +0800] "GET /xingrg/system/rest/get_item.html?table=menu&target=menu_rest_detail&id=1981&sid=14&_=1589682528511 HTTP/1.1" 200 428
58.40.7.146 - - [17/May/2020:10:28:48 +0800] "GET /xingrg/all/function/internal_message.html?_=1589682530284&CODE_STATE=getMsg HTTP/1.1" 200 27
114.84.33.255 - - [17/May/2020:10:28:50 +0800] "GET /xingrg/all/function/internal_message.html?_=1589682557234&CODE_STATE=getMsg HTTP/1.1" 200 27
117.185.32.26 - - [17/May/2020:10:28:50 +0800] "GET /xingrg/all/function/internal_message.html?_=1589682954779&CODE_STATE=getMsg HTTP/1.1" 200 27
61.172.5.115 - - [17/May/2020:10:28:55 +0800] "GET /xingrg/all/function/internal_message.html?_=1589682536351&CODE_STATE=getMsg HTTP/1.1" 200 27
114.86.190.97 - - [17/May/2020:10:28:56 +0800] "GET /xingrg/system/rest/query_items.html?_=1589682538040&table=menu&page=1&rows=20&categoryId=&key=%25E9%2595%25BF%25E8%2584%259A%25E8%259F%25B9 HTTP/1.1" 200 998
114.84.32.201 - - [17/May/2020:10:28:57 +0800] "GET /xingrg/all/function/internal_message.html?_=1589682538607&CODE_STATE=getMsg HTTP/1.1" 200 27
117.184.7.26 - - [17/May/2020:10:28:58 +0800] "POST /xingrg/kc/buy/cgsh_order_operate.html HTTP/1.1" 200 6214
114.86.190.97 - - [17/May/2020:10:28:58 +0800] "GET /xingrg/system/rest/query_items.html?_=1589682540240&table=menu&page=1&rows=20&categoryId=&key=%25E9%2595%25BF%25E8%2584%259A%25E8%259F%25B9. HTTP/1.1" 200 21
180.175.212.199 - - [17/May/2020:10:28:59 +0800] "GET /xingrg/all/function/internal_message.html?_=1589682739438&CODE_STATE=getMsg HTTP/1.1" 200 27
117.184.7.26 - - [17/May/2020:10:29:01 +0800] "GET /xingrg/kc/print/load_data.html?order_code=212020051705880&kc_code=cgsh&condition= HTTP/1.1" 200 2083
114.86.190.97 - - [17/May/2020:10:29:01 +0800] "GET /xingrg/all/function/internal_message.html?_=1589682542850&CODE_STATE=getMsg HTTP/1.1" 200 27
114.88.170.9 - - [17/May/2020:10:29:01 +0800] "GET /xingrg/kc/buy/cgsh_order_operate.html?command=get_materiel&rest_code=00111&code=00101006109&supplier_code=00100012&order_time=2020-05-17 HTTP/1.1" 200 409
114.86.190.97 - - [17/May/2020:10:29:03 +0800] "GET /xingrg/system/rest/query_items.html?_=1589682545134&table=menu&page=1&rows=20&categoryId=&key=%25E9%2595%25BF%25E8%2584%259A%25E8%259F%25B9 HTTP/1.1" 200 998
117.131.5.26 - - [17/May/2020:10:29:03 +0800] "GET /xingrg/all/function/internal_message.html?_=1589682555890&CODE_STATE=getMsg HTTP/1.1" 200 27
114.86.190.97 - - [17/May/2020:10:29:05 +0800] "GET /xingrg/system/rest/query_items.html?_=1589682546381&table=menu&page=1&rows=20&categoryId=&key=%25E9%2595%25BF%25E8%2584%259A%25E8%259F%25B9 HTTP/1.1" 200 998
114.86.190.97 - - [17/May/2020:10:29:05 +0800] "GET /xingrg/system/rest/get_item.html?table=menu&id=2017&_=1589682546957 HTTP/1.1" 200 974
114.86.190.97 - - [17/May/2020:10:29:05 +0800] "GET /xingrg/system/rest/get_item.html?table=menu&target=menu_rest&id=2017&_=1589682546981 HTTP/1.1" 200 886
114.86.190.97 - - [17/May/2020:10:29:05 +0800] "GET /xingrg/system/rest/get_item.html?table=menu&target=cook_mode&id=2017&_=1589682546979 HTTP/1.1" 200 12970
114.86.190.97 - - [17/May/2020:10:29:06 +0800] "GET /xingrg/system/rest/get_infos.html?command=menu_img_show&id=2017 HTTP/1.1" 200 5
114.88.170.9 - - [17/May/2020:10:29:07 +0800] "GET /xingrg/all/function/internal_message.html?_=1589682545933&CODE_STATE=getMsg HTTP/1.1" 200 27
114.86.190.97 - - [17/May/2020:10:29:09 +0800] "GET /xingrg/system/rest/get_item.html?table=menu&target=menu_rest_detail&id=2017&sid=14&_=1589682551026 HTTP/1.1" 200 429
222.69.134.41 - - [17/May/2020:10:29:13 +0800] "GET /xingrg/all/function/internal_message.html?_=1589682554685&CODE_STATE=getMsg HTTP/1.1" 200 27
114.88.170.9 - - [17/May/2020:10:29:13 +0800] "GET /xingrg/kc/buy/cgsh_order_operate.html?command=get_materiel&rest_code=00111&code=00101006229&supplier_code=00100012&order_time=2020-05-17 HTTP/1.1" 200 412
117.184.7.26 - - [17/May/2020:10:29:15 +0800] "GET /xingrg/kc/buy/cgsh_order_add.html HTTP/1.1" 200 58586
117.184.7.26 - - [17/May/2020:10:29:16 +0800] "POST /xingrg/kc/buy/cgsh_order_operate.html HTTP/1.1" 200 8245
117.184.7.26 - - [17/May/2020:10:29:16 +0800] "GET /xingrg/javascript/easyui/themes/default/validatebox.css HTTP/1.1" 404 1104
114.86.190.97 - - [17/May/2020:10:29:16 +0800] "GET /xingrg/system/rest/query_items.html?_=1589682557663&table=menu&page=1&rows=20&categoryId=&key=%25E7%258F%258D%25E5%25AE%259D%25E8%259F%25B9 HTTP/1.1" 200 1236
114.86.190.97 - - [17/May/2020:10:29:17 +0800] "GET /xingrg/system/rest/query_items.html?_=1589682559158&table=menu&page=1&rows=20&categoryId=&key=%25E7%258F%258D%25E5%25AE%259D%25E8%259F%25B9 HTTP/1.1" 200 1236
116.228.172.94 - - [17/May/2020:10:29:17 +0800] "GET /xingrg/all/function/internal_message.html?_=1589682560433&CODE_STATE=getMsg HTTP/1.1" 200 27
114.86.190.97 - - [17/May/2020:10:29:18 +0800] "GET /xingrg/system/rest/get_item.html?table=menu&id=2018&_=1589682559696 HTTP/1.1" 200 986
114.86.190.97 - - [17/May/2020:10:29:18 +0800] "GET /xingrg/system/rest/get_item.html?table=menu&target=menu_rest&id=2018&_=1589682559717 HTTP/1.1" 200 884
114.86.190.97 - - [17/May/2020:10:29:18 +0800] "GET /xingrg/system/rest/get_item.html?table=menu&target=cook_mode&id=2018&_=1589682559715 HTTP/1.1" 200 12648
114.86.190.97 - - [17/May/2020:10:29:18 +0800] "GET /xingrg/system/rest/get_infos.html?command=menu_img_show&id=2018 HTTP/1.1" 200 5
114.86.190.97 - - [17/May/2020:10:29:21 +0800] "GET /xingrg/system/rest/get_item.html?table=menu&target=menu_rest_detail&id=2018&sid=14&_=1589682562465 HTTP/1.1" 200 429
222.69.134.41 - - [17/May/2020:10:29:22 +0800] "GET /xingrg/all/function/internal_message.html?_=1589682551675&CODE_STATE=getMsg HTTP/1.1" 200 27
222.69.134.41 - - [17/May/2020:10:29:22 +0800] "GET /xingrg/check_reg.html?_=1589682551676 HTTP/1.1" 200 22
180.162.232.172 - - [17/May/2020:10:29:22 +0800] "GET /xingrg/all/function/internal_message.html?_=1589682699783&CODE_STATE=getMsg HTTP/1.1" 200 27
117.184.7.26 - - [17/May/2020:10:29:22 +0800] "GET /xingrg/kc/buy/cgsh_order_operate.html?command=get_materiel&rest_code=00108&code=00101007049&supplier_code=00100002&order_time=2020-05-17 HTTP/1.1" 200 409
114.88.170.9 - - [17/May/2020:10:29:23 +0800] "GET /xingrg/all/function/internal_message.html?_=1589682913314&CODE_STATE=getMsg HTTP/1.1" 200 27
114.84.33.255 - - [17/May/2020:10:29:24 +0800] "GET /xingrg/all/function/internal_message.html?_=1589682591772&CODE_STATE=getMsg HTTP/1.1" 200 27
114.88.170.9 - - [17/May/2020:10:29:25 +0800] "GET /xingrg/kc/buy/cgsh_order_operate.html?command=get_materiel&rest_code=00111&code=00101011005&supplier_code=00100012&order_time=2020-05-17 HTTP/1.1" 200 428
61.172.5.115 - - [17/May/2020:10:29:25 +0800] "GET /xingrg/kc/buy/cgsh_order_operate.html?command=get_materiel&rest_code=00105&code=00101019060&supplier_code=00100337&order_time=2020-05-17 HTTP/1.1" 200 427
114.86.190.97 - - [17/May/2020:10:29:28 +0800] "GET /xingrg/system/rest/query_items.html?_=1589682569973&table=menu&page=1&rows=20&categoryId=&key=%25E6%2596%2591%25E8%258A%2582%25E8%2599%25BE HTTP/1.1" 200 1901
114.86.190.97 - - [17/May/2020:10:29:29 +0800] "GET /xingrg/system/rest/query_items.html?_=1589682571284&table=menu&page=1&rows=20&categoryId=&key=%25E6%2596%2591%25E8%258A%2582%25E8%2599%25BE HTTP/1.1" 200 1901
117.184.7.26 - - [17/May/2020:10:29:30 +0800] "GET /xingrg/all/function/internal_message.html?_=1589682571551&CODE_STATE=getMsg HTTP/1.1" 200 27
114.86.190.97 - - [17/May/2020:10:29:30 +0800] "GET /xingrg/system/rest/get_item.html?table=menu&id=1996&_=1589682571835 HTTP/1.1" 200 956
114.86.190.97 - - [17/May/2020:10:29:30 +0800] "GET /xingrg/system/rest/get_item.html?table=menu&target=menu_rest&id=1996&_=1589682571853 HTTP/1.1" 200 873
114.86.190.97 - - [17/May/2020:10:29:30 +0800] "GET /xingrg/system/rest/get_item.html?table=menu&target=cook_mode&id=1996&_=1589682571852 HTTP/1.1" 200 14339
114.86.190.97 - - [17/May/2020:10:29:31 +0800] "GET /xingrg/system/rest/get_infos.html?command=menu_img_show&id=1996 HTTP/1.1" 200 5
172.17.0.123 - - [17/May/2020:10:29:31 +0800] "GET /xingrg/all/function/internal_message.html?_=1589682567409&CODE_STATE=getMsg HTTP/1.1" 302 -
117.184.7.26 - - [17/May/2020:10:29:33 +0800] "POST /xingrg/kc/buy/cgsh_order_operate.html HTTP/1.1" 200 37
114.86.190.97 - - [17/May/2020:10:29:33 +0800] "GET /xingrg/all/function/internal_message.html?_=1589682574840&CODE_STATE=getMsg HTTP/1.1" 200 27
117.184.7.26 - - [17/May/2020:10:29:34 +0800] "POST /xingrg/kc/buy/cgsh_order_operate.html HTTP/1.1" 200 2652
114.86.190.97 - - [17/May/2020:10:29:36 +0800] "GET /xingrg/system/rest/get_item.html?table=menu&target=menu_rest_detail&id=1996&sid=14&_=1589682577613 HTTP/1.1" 200 430
117.184.7.26 - - [17/May/2020:10:29:37 +0800] "GET /xingrg/kc/print/load_data.html?order_code=212020051705881&kc_code=cgsh&condition= HTTP/1.1" 200 725
180.162.232.172 - - [17/May/2020:10:29:38 +0800] "GET /xingrg/all/function/internal_message.html?_=1589682583080&CODE_STATE=getMsg HTTP/1.1" 200 27
114.86.190.97 - - [17/May/2020:10:29:40 +0800] "GET /xingrg/system/rest/query_items.html?_=1589682581688&table=menu&page=1&rows=20&categoryId=&key=%25E6%2596%2591%25E8%258A%2582%25E8%2599%25BE HTTP/1.1" 200 1901
114.86.190.97 - - [17/May/2020:10:29:45 +0800] "GET /favicon.ico HTTP/1.1" 404 -
114.86.190.97 - - [17/May/2020:10:29:47 +0800] "GET /xingrg/login.html HTTP/1.1" 200 7641
114.86.190.97 - - [17/May/2020:10:29:47 +0800] "GET /favicon.ico HTTP/1.1" 404 -
58.40.7.146 - - [17/May/2020:10:29:48 +0800] "GET /xingrg/all/function/internal_message.html?_=1589682590287&CODE_STATE=getMsg HTTP/1.1" 200 27
114.84.33.255 - - [17/May/2020:10:29:50 +0800] "GET /xingrg/all/function/internal_message.html?_=1589682617248&CODE_STATE=getMsg HTTP/1.1" 200 27
117.185.32.26 - - [17/May/2020:10:29:50 +0800] "GET /xingrg/all/function/internal_message.html?_=1589683014781&CODE_STATE=getMsg HTTP/1.1" 200 27
61.172.5.115 - - [17/May/2020:10:29:55 +0800] "GET /xingrg/all/function/internal_message.html?_=1589682596341&CODE_STATE=getMsg HTTP/1.1" 200 27
114.86.190.97 - - [17/May/2020:10:29:55 +0800] "POST /xingrg/login.do HTTP/1.1" 302 -
114.86.190.97 - - [17/May/2020:10:29:55 +0800] "GET /xingrg/index.html?sysBaseUrl=http%3A%2F%2F180.169.147.146%3A18081%2Fxingrg%2F&costTime=40×tamp=1589682595717 HTTP/1.1" 200 17419
114.86.190.97 - - [17/May/2020:10:29:55 +0800] "POST /xingrg/all/common/load_tree.html?tree=area_rest_tree_json&manage=1 HTTP/1.1" 200 3088
114.86.190.97 - - [17/May/2020:10:29:56 +0800] "GET /xingrg/all/function/internal_message.html?_=1589682597510&CODE_STATE=count HTTP/1.1" 200 11
114.86.190.97 - - [17/May/2020:10:29:56 +0800] "GET /xingrg/check_reg.html?_=1589682597511 HTTP/1.1" 200 22
114.86.190.97 - - [17/May/2020:10:29:56 +0800] "GET /favicon.ico HTTP/1.1" 404 -
114.86.190.97 - - [17/May/2020:10:29:56 +0800] "POST /xingrg/load_menu.html HTTP/1.1" 200 9959
116.232.33.186 - - [17/May/2020:10:29:56 +0800] "POST /xingrg/services/DataTransmitService HTTP/1.1" 200 524
114.84.32.201 - - [17/May/2020:10:29:57 +0800] "GET /xingrg/all/function/internal_message.html?_=1589682598608&CODE_STATE=getMsg HTTP/1.1" 200 27
180.175.212.199 - - [17/May/2020:10:29:58 +0800] "GET /xingrg/check_reg.html?_=1589682798215 HTTP/1.1" 200 22
180.175.212.199 - - [17/May/2020:10:29:59 +0800] "GET /xingrg/all/function/internal_message.html?_=1589682799453&CODE_STATE=getMsg HTTP/1.1" 200 27
116.232.33.186 - - [17/May/2020:10:29:59 +0800] "POST /xingrg/services/DataTransmitService HTTP/1.1" 200 501
116.232.33.186 - - [17/May/2020:10:30:01 +0800] "POST /xingrg/services/DataTransmitService HTTP/1.1" 200 501
114.86.190.97 - - [17/May/2020:10:30:03 +0800] "POST /xingrg/load_menu.html HTTP/1.1" 200 10168
117.131.5.26 - - [17/May/2020:10:30:03 +0800] "GET /xingrg/all/function/internal_message.html?_=1589682615890&CODE_STATE=getMsg HTTP/1.1" 200 27
61.172.5.115 - - [17/May/2020:10:30:04 +0800] "GET /xingrg/kc/buy/cgsh_order_operate.html?command=get_materiel&rest_code=00105&code=00101019741&supplier_code=00100337&order_time=2020-05-17 HTTP/1.1" 200 407
117.184.7.26 - - [17/May/2020:10:30:05 +0800] "GET /xingrg/kc/buy/cgsh_order_add.html HTTP/1.1" 200 58586
117.184.7.26 - - [17/May/2020:10:30:05 +0800] "POST /xingrg/kc/buy/cgsh_order_operate.html HTTP/1.1" 200 8245
117.184.7.30 - - [17/May/2020:10:30:05 +0800] "GET /xingrg/javascript/easyui/themes/default/validatebox.css HTTP/1.1" 404 1104
114.88.170.9 - - [17/May/2020:10:30:07 +0800] "GET /xingrg/all/function/internal_message.html?_=1589682605946&CODE_STATE=getMsg HTTP/1.1" 200 27
114.86.190.97 - - [17/May/2020:10:30:09 +0800] "GET /xingrg/dwr/interface/AjaxGetFirstChart.js HTTP/1.1" 200 631
114.86.190.97 - - [17/May/2020:10:30:09 +0800] "GET /xingrg/dwr/engine.js HTTP/1.1" 200 43631
114.86.190.97 - - [17/May/2020:10:30:09 +0800] "GET /xingrg/system/rest/list_page.html?p=menu HTTP/1.1" 200 111091
114.86.190.97 - - [17/May/2020:10:30:10 +0800] "GET /xingrg/system/rest/query_items.html?_=1589682611380&table=menu&page=1&rows=20&categoryId=&key= HTTP/1.1" 200 4788
222.69.134.41 - - [17/May/2020:10:30:13 +0800] "GET /xingrg/check_reg.html?_=1589682614682 HTTP/1.1" 200 22
222.69.134.41 - - [17/May/2020:10:30:13 +0800] "GET /xingrg/all/function/internal_message.html?_=1589682614679&CODE_STATE=getMsg HTTP/1.1" 200 27
114.86.190.97 - - [17/May/2020:10:30:14 +0800] "GET /xingrg/system/rest/query_items.html?_=1589682615815&table=menu&page=1&rows=20&categoryId=&key=%25E8%258D%2589%25E8%2599%25BE HTTP/1.1" 200 1467
114.86.190.97 - - [17/May/2020:10:30:15 +0800] "GET /xingrg/system/rest/query_items.html?_=1589682617210&table=menu&page=1&rows=20&categoryId=&key=%25E8%258D%2589%25E8%2599%25BE HTTP/1.1" 200 1467
114.86.190.97 - - [17/May/2020:10:30:16 +0800] "GET /xingrg/system/rest/get_item.html?table=menu&id=1998&_=1589682617931 HTTP/1.1" 200 963
114.86.190.97 - - [17/May/2020:10:30:16 +0800] "GET /xingrg/system/rest/get_item.html?table=menu&target=menu_rest&id=1998&_=1589682617957 HTTP/1.1" 200 761
114.86.190.97 - - [17/May/2020:10:30:16 +0800] "GET /xingrg/system/rest/get_item.html?table=menu&target=cook_mode&id=1998&_=1589682617956 HTTP/1.1" 200 11442
114.86.190.97 - - [17/May/2020:10:30:17 +0800] "GET /xingrg/system/rest/get_infos.html?command=menu_img_show&id=1998 HTTP/1.1" 200 5
116.228.172.94 - - [17/May/2020:10:30:17 +0800] "GET /xingrg/all/function/internal_message.html?_=1589682620419&CODE_STATE=getMsg HTTP/1.1" 200 27
124.77.110.230 - - [17/May/2020:10:30:17 +0800] "POST /xingrg/services/DataTransmitService HTTP/1.1" 200 524
116.232.33.186 - - [17/May/2020:10:30:17 +0800] "POST /xingrg/services/DataTransmitService HTTP/1.1" 200 501
114.86.190.97 - - [17/May/2020:10:30:19 +0800] "GET /xingrg/system/rest/get_item.html?table=menu&target=menu_rest_detail&id=1998&sid=14&_=1589682620766 HTTP/1.1" 200 429
117.184.7.26 - - [17/May/2020:10:30:20 +0800] "GET /xingrg/kc/buy/cgsh_order_operate.html?command=get_materiel&rest_code=00108&code=00101001075&supplier_code=00100044&order_time=2020-05-17 HTTP/1.1" 200 411
124.77.110.230 - - [17/May/2020:10:30:21 +0800] "POST /xingrg/services/DataTransmitService HTTP/1.1" 200 501
222.69.134.41 - - [17/May/2020:10:30:22 +0800] "GET /xingrg/all/function/internal_message.html?_=1589682611673&CODE_STATE=getMsg HTTP/1.1" 200 27
180.162.232.172 - - [17/May/2020:10:30:22 +0800] "GET /xingrg/all/function/internal_message.html?_=1589682759796&CODE_STATE=getMsg HTTP/1.1" 200 27
114.88.170.9 - - [17/May/2020:10:30:23 +0800] "GET /xingrg/all/function/internal_message.html?_=1589682973188&CODE_STATE=getMsg HTTP/1.1" 200 27
114.84.33.255 - - [17/May/2020:10:30:24 +0800] "GET /xingrg/all/function/internal_message.html?_=1589682651865&CODE_STATE=getMsg HTTP/1.1" 200 27
117.184.7.26 - - [17/May/2020:10:30:30 +0800] "GET /xingrg/all/function/internal_message.html?_=1589682631548&CODE_STATE=getMsg HTTP/1.1" 200 27
117.184.7.26 - - [17/May/2020:10:30:30 +0800] "GET /xingrg/kc/buy/cgsh_order_operate.html?command=get_materiel&rest_code=00108&code=00101001010&supplier_code=00100044&order_time=2020-05-17 HTTP/1.1" 200 428
114.86.190.97 - - [17/May/2020:10:30:30 +0800] "GET /xingrg/system/rest/query_items.html?_=1589682632092&table=menu&page=1&rows=20&categoryId=&key=%25E8%2599%25BE%25E5%25A7%2591 HTTP/1.1" 200 729
172.17.0.123 - - [17/May/2020:10:30:31 +0800] "GET /xingrg/check_reg.html?_=1589682627397 HTTP/1.1" 302 -
172.17.0.123 - - [17/May/2020:10:30:31 +0800] "GET /xingrg/all/function/internal_message.html?_=1589682627399&CODE_STATE=getMsg HTTP/1.1" 302 -
114.84.33.255 - - [17/May/2020:10:30:32 +0800] "GET /xingrg/kc/buy/cgsh_order_add.html HTTP/1.1" 200 58627
61.172.5.115 - - [17/May/2020:10:30:32 +0800] "GET /xingrg/kc/buy/cgsh_order_operate.html?command=get_materiel&rest_code=00105&code=00101019397&supplier_code=00100337&order_time=2020-05-17 HTTP/1.1" 200 463
114.84.33.255 - - [17/May/2020:10:30:32 +0800] "POST /xingrg/kc/buy/cgsh_order_operate.html HTTP/1.1" 200 8245
114.84.33.255 - - [17/May/2020:10:30:32 +0800] "GET /xingrg/javascript/easyui/themes/default/validatebox.css HTTP/1.1" 404 1104
114.86.190.97 - - [17/May/2020:10:30:33 +0800] "GET /xingrg/all/function/internal_message.html?_=1589682634853&CODE_STATE=getMsg HTTP/1.1" 200 27
114.86.190.97 - - [17/May/2020:10:30:33 +0800] "GET /xingrg/system/rest/query_items.html?_=1589682635307&table=menu&page=1&rows=20&categoryId=&key=2001 HTTP/1.1" 200 249
116.232.33.186 - - [17/May/2020:10:30:34 +0800] "POST /xingrg/services/DataTransmitService HTTP/1.1" 200 501
114.86.190.97 - - [17/May/2020:10:30:34 +0800] "GET /xingrg/system/rest/query_items.html?_=1589682636240&table=menu&page=1&rows=20&categoryId=&key=2001 HTTP/1.1" 200 249
61.172.5.115 - - [17/May/2020:10:30:35 +0800] "POST /xingrg/all/common/load_select.html HTTP/1.1" 200 25
114.86.190.97 - - [17/May/2020:10:30:35 +0800] "GET /xingrg/system/rest/get_item.html?table=menu&id=2001&_=1589682636709 HTTP/1.1" 200 935
114.86.190.97 - - [17/May/2020:10:30:35 +0800] "GET /xingrg/system/rest/get_item.html?table=menu&target=menu_rest&id=2001&_=1589682636728 HTTP/1.1" 200 653
114.86.190.97 - - [17/May/2020:10:30:35 +0800] "GET /xingrg/system/rest/get_item.html?table=menu&target=cook_mode&id=2001&_=1589682636726 HTTP/1.1" 200 8443
116.232.33.186 - - [17/May/2020:10:30:35 +0800] "POST /xingrg/services/DataTransmitService HTTP/1.1" 200 501
114.86.190.97 - - [17/May/2020:10:30:35 +0800] "GET /xingrg/system/rest/get_infos.html?command=menu_img_show&id=2001 HTTP/1.1" 200 5
61.172.5.115 - - [17/May/2020:10:30:37 +0800] "GET /xingrg/kc/buy/cgsh_order_operate.html?command=get_materiel_price&rest_code=00105&code=00101019397&unit_code=00100156&supplier_code=00100337&order_time=2020-05-17 HTTP/1.1" 200 28
116.232.33.186 - - [17/May/2020:10:30:38 +0800] "POST /xingrg/services/DataTransmitService HTTP/1.1" 200 501
114.86.190.97 - - [17/May/2020:10:30:38 +0800] "GET /xingrg/system/rest/get_item.html?table=menu&target=menu_rest_detail&id=2001&sid=14&_=1589682639871 HTTP/1.1" 200 427
116.232.33.186 - - [17/May/2020:10:30:38 +0800] "POST /xingrg/services/DataTransmitService HTTP/1.1" 200 501
117.185.32.26 - - [17/May/2020:10:30:38 +0800] "GET /xingrg/login.html HTTP/1.1" 200 7641
180.162.232.172 - - [17/May/2020:10:30:38 +0800] "GET /xingrg/all/function/internal_message.html?_=1589682643070&CODE_STATE=getMsg HTTP/1.1" 200 27
116.232.33.186 - - [17/May/2020:10:30:39 +0800] "POST /xingrg/services/DataTransmitService HTTP/1.1" 200 501
116.232.33.186 - - [17/May/2020:10:30:40 +0800] "POST /xingrg/services/DataTransmitService HTTP/1.1" 200 501
180.162.232.172 - - [17/May/2020:10:30:40 +0800] "GET /xingrg/check_reg.html?_=1589682644258 HTTP/1.1" 200 22
117.185.32.26 - - [17/May/2020:10:30:40 +0800] "GET /xingrg/images/blue/jxLogo.png HTTP/1.1" 304 -
117.185.32.26 - - [17/May/2020:10:30:40 +0800] "GET /xingrg/images/blue/login_bg.png HTTP/1.1" 304 -
117.185.32.26 - - [17/May/2020:10:30:40 +0800] "GET /xingrg/images/blue/hj.png HTTP/1.1" 304 -
117.185.32.26 - - [17/May/2020:10:30:40 +0800] "GET /xingrg/images/blue/srbg.png HTTP/1.1" 304 -
116.232.33.186 - - [17/May/2020:10:30:41 +0800] "POST /xingrg/services/DataTransmitService HTTP/1.1" 200 501
117.185.32.26 - - [17/May/2020:10:30:41 +0800] "GET /favicon.ico HTTP/1.1" 404 -
117.184.7.26 - - [17/May/2020:10:30:42 +0800] "POST /xingrg/kc/buy/cgsh_order_operate.html HTTP/1.1" 200 37
114.86.190.97 - - [17/May/2020:10:30:42 +0800] "GET /xingrg/system/rest/query_items.html?_=1589682644342&table=menu&page=1&rows=20&categoryId=&key=2001 HTTP/1.1" 200 249
116.232.33.186 - - [17/May/2020:10:30:43 +0800] "POST /xingrg/services/DataTransmitService HTTP/1.1" 200 412
117.184.7.26 - - [17/May/2020:10:30:44 +0800] "POST /xingrg/kc/buy/cgsh_order_operate.html HTTP/1.1" 200 3240
117.184.7.26 - - [17/May/2020:10:30:45 +0800] "GET /xingrg/kc/print/load_data.html?order_code=212020051705882&kc_code=cgsh&condition= HTTP/1.1" 200 924
58.40.7.146 - - [17/May/2020:10:30:48 +0800] "GET /xingrg/check_reg.html?_=1589682650290 HTTP/1.1" 200 22
58.40.7.146 - - [17/May/2020:10:30:48 +0800] "GET /xingrg/all/function/internal_message.html?_=1589682650291&CODE_STATE=getMsg HTTP/1.1" 200 27
114.84.33.255 - - [17/May/2020:10:30:49 +0800] "GET /xingrg/check_reg.html?_=1589682676307 HTTP/1.1" 200 22
114.84.33.255 - - [17/May/2020:10:30:50 +0800] "GET /xingrg/all/function/internal_message.html?_=1589682677324&CODE_STATE=getMsg HTTP/1.1" 200 27
117.185.32.26 - - [17/May/2020:10:30:50 +0800] "GET /xingrg/all/function/internal_message.html?_=1589683074781&CODE_STATE=getMsg HTTP/1.1" 200 27
117.185.32.26 - - [17/May/2020:10:30:50 +0800] "GET /xingrg/check_reg.html?_=1589683074782 HTTP/1.1" 200 22
114.86.190.97 - - [17/May/2020:10:30:52 +0800] "POST /xingrg/services/DataTransmitService HTTP/1.1" 200 524
114.86.190.97 - - [17/May/2020:10:30:52 +0800] "POST /xingrg/services/DataTransmitService HTTP/1.1" 200 2407
114.86.190.97 - - [17/May/2020:10:30:52 +0800] "POST /xingrg/services/DataTransmitService HTTP/1.1" 200 2283
114.86.190.97 - - [17/May/2020:10:30:52 +0800] "POST /xingrg/services/DataTransmitService HTTP/1.1" 200 1495
114.86.190.97 - - [17/May/2020:10:30:52 +0800] "POST /xingrg/services/DataTransmitService HTTP/1.1" 200 144908
114.84.33.255 - - [17/May/2020:10:30:54 +0800] "GET /xingrg/kc/buy/cgsh_order_operate.html?command=get_materiel&rest_code=00146&code=00101010079&supplier_code=00100336&order_time=2020-05-17 HTTP/1.1" 200 413
61.172.5.115 - - [17/May/2020:10:30:55 +0800] "GET /xingrg/all/function/internal_message.html?_=1589682656358&CODE_STATE=getMsg HTTP/1.1" 200 27
114.86.190.97 - - [17/May/2020:10:30:56 +0800] "GET /xingrg/all/function/internal_message.html?_=1589682657525&CODE_STATE=getMsg HTTP/1.1" 200 27
114.84.32.201 - - [17/May/2020:10:30:57 +0800] "GET /xingrg/check_reg.html?_=1589682658606 HTTP/1.1" 200 22
114.84.32.201 - - [17/May/2020:10:30:57 +0800] "GET /xingrg/all/function/internal_message.html?_=1589682658608&CODE_STATE=getMsg HTTP/1.1" 200 27
180.175.212.199 - - [17/May/2020:10:30:59 +0800] "GET /xingrg/all/function/internal_message.html?_=1589682859469&CODE_STATE=getMsg HTTP/1.1" 200 27
114.84.33.255 - - [17/May/2020:10:31:03 +0800] "POST /xingrg/kc/buy/cgsh_order_operate.html HTTP/1.1" 200 37
117.131.5.26 - - [17/May/2020:10:31:03 +0800] "GET /xingrg/all/function/internal_message.html?_=1589682675890&CODE_STATE=getMsg HTTP/1.1" 200 27
114.84.33.255 - - [17/May/2020:10:31:04 +0800] "POST /xingrg/kc/buy/cgsh_order_operate.html HTTP/1.1" 200 2657
61.172.5.115 - - [17/May/2020:10:31:07 +0800] "POST /xingrg/kc/buy/cgsh_order_operate.html HTTP/1.1" 200 37
114.88.170.9 - - [17/May/2020:10:31:07 +0800] "GET /xingrg/all/function/internal_message.html?_=1589682666212&CODE_STATE=getMsg HTTP/1.1" 200 27
61.172.5.115 - - [17/May/2020:10:31:09 +0800] "POST /xingrg/kc/buy/cgsh_order_operate.html HTTP/1.1" 200 3892
61.172.5.115 - - [17/May/2020:10:31:10 +0800] "GET /xingrg/kc/print/load_data.html?order_code=212020051705884&kc_code=cgsh&condition= HTTP/1.1" 200 1173
117.185.32.26 - - [17/May/2020:10:31:10 +0800] "POST /xingrg/login.do HTTP/1.1" 302 -
117.185.32.26 - - [17/May/2020:10:31:11 +0800] "GET /xingrg/index.html?sysBaseUrl=http%3A%2F%2F180.169.147.146%3A18081%2Fxingrg%2F&costTime=39×tamp=1589682670968 HTTP/1.1" 200 17413
117.185.32.26 - - [17/May/2020:10:31:11 +0800] "GET /xingrg/javascript/jquery_easy_ui/themes/default/easyui.css HTTP/1.1" 304 -
117.185.32.26 - - [17/May/2020:10:31:11 +0800] "GET /xingrg/javascript/jquery_easy_ui/themes/icon.css HTTP/1.1" 304 -
117.185.32.26 - - [17/May/2020:10:31:11 +0800] "GET /xingrg/css/form.css HTTP/1.1" 304 -
117.185.32.26 - - [17/May/2020:10:31:11 +0800] "GET /xingrg/javascript/jquery_easy_ui/jquery.easyui.min.js HTTP/1.1" 304 -
117.185.32.26 - - [17/May/2020:10:31:11 +0800] "GET /xingrg/javascript/jquery-1.4.2.min.js HTTP/1.1" 304 -
117.185.32.26 - - [17/May/2020:10:31:11 +0800] "GET /xingrg/javascript/jquery_easy_ui/easyui-lang-zh_CN.js HTTP/1.1" 304 -
117.185.32.26 - - [17/May/2020:10:31:11 +0800] "GET /xingrg/javascript/jquery.form.js HTTP/1.1" 304 -
117.185.32.26 - - [17/May/2020:10:31:11 +0800] "GET /xingrg/javascript/jquery.timers.js HTTP/1.1" 304 -
117.185.32.26 - - [17/May/2020:10:31:11 +0800] "GET /xingrg/javascript/jquery.utils.js HTTP/1.1" 304 -
117.185.32.26 - - [17/May/2020:10:31:11 +0800] "GET /favicon.ico HTTP/1.1" 404 -
117.185.32.26 - - [17/May/2020:10:31:12 +0800] "GET /xingrg/images/blue/navBackgound.jpg HTTP/1.1" 304 -
117.185.32.26 - - [17/May/2020:10:31:12 +0800] "GET /xingrg/javascript/jquery_easy_ui/themes/icons/settle_new.png HTTP/1.1" 304 -
117.185.32.26 - - [17/May/2020:10:31:12 +0800] "POST /xingrg/all/common/load_tree.html?tree=area_rest_tree_json&manage=1 HTTP/1.1" 200 342
117.185.32.26 - - [17/May/2020:10:31:12 +0800] "GET /xingrg/images/blue/pingpu.png HTTP/1.1" 304 -
117.185.32.26 - - [17/May/2020:10:31:12 +0800] "GET /xingrg/javascript/jquery_easy_ui/themes/default/images/tabs_leftarrow.png HTTP/1.1" 304 -
117.185.32.26 - - [17/May/2020:10:31:12 +0800] "GET /xingrg/javascript/jquery_easy_ui/themes/default/images/tabs_rightarrow.png HTTP/1.1" 304 -
117.185.32.26 - - [17/May/2020:10:31:12 +0800] "GET /xingrg/javascript/jquery_easy_ui/themes/default/images/panel_tool_expand.gif HTTP/1.1" 304 -
117.185.32.26 - - [17/May/2020:10:31:12 +0800] "GET /xingrg/javascript/jquery_easy_ui/themes/default/images/panel_tool_collapse.gif HTTP/1.1" 304 -
222.69.134.41 - - [17/May/2020:10:31:13 +0800] "GET /xingrg/all/function/internal_message.html?_=1589682674679&CODE_STATE=getMsg HTTP/1.1" 200 27
117.185.32.26 - - [17/May/2020:10:31:13 +0800] "GET /xingrg/all/function/internal_message.html?_=1589682675371&CODE_STATE=count HTTP/1.1" 200 11
117.185.32.26 - - [17/May/2020:10:31:13 +0800] "GET /xingrg/check_reg.html?_=1589682675372 HTTP/1.1" 200 22
117.185.32.26 - - [17/May/2020:10:31:13 +0800] "GET /xingrg/javascript/jquery_easy_ui/themes/default/images/tree_arrows.gif HTTP/1.1" 304 -
117.185.32.26 - - [17/May/2020:10:31:13 +0800] "POST /xingrg/load_menu.html HTTP/1.1" 200 9959
117.185.32.26 - - [17/May/2020:10:31:14 +0800] "GET /xingrg/javascript/jquery_easy_ui/themes/default/images/tree_folder_open.gif HTTP/1.1" 304 -
117.185.32.26 - - [17/May/2020:10:31:14 +0800] "GET /xingrg/javascript/jquery_easy_ui/themes/icons/search_new.png HTTP/1.1" 304 -
117.185.32.26 - - [17/May/2020:10:31:14 +0800] "GET /xingrg/javascript/jquery_easy_ui/themes/default/images/tree_folder.gif HTTP/1.1" 304 -
117.185.32.26 - - [17/May/2020:10:31:14 +0800] "GET /xingrg/javascript/jquery_easy_ui/themes/icons/storage_new.png HTTP/1.1" 304 -
117.185.32.26 - - [17/May/2020:10:31:14 +0800] "GET /xingrg/javascript/jquery_easy_ui/themes/icons/forms_new.png HTTP/1.1" 304 -
117.185.32.26 - - [17/May/2020:10:31:14 +0800] "GET /xingrg/javascript/jquery_easy_ui/themes/icons/checkout_new.png HTTP/1.1" 304 -
117.185.32.26 - - [17/May/2020:10:31:14 +0800] "GET /xingrg/javascript/jquery_easy_ui/themes/icons/setting_new.png HTTP/1.1" 304 -
117.185.32.26 - - [17/May/2020:10:31:14 +0800] "GET /xingrg/javascript/jquery_easy_ui/themes/icons/systemset_new.png HTTP/1.1" 304 -
116.228.172.94 - - [17/May/2020:10:31:17 +0800] "GET /xingrg/all/function/internal_message.html?_=1589682680408&CODE_STATE=getMsg HTTP/1.1" 200 27
116.228.172.94 - - [17/May/2020:10:31:17 +0800] "GET /xingrg/check_reg.html?_=1589682680442 HTTP/1.1" 200 22
61.172.5.115 - - [17/May/2020:10:31:19 +0800] "GET /xingrg/kc/buy/cgsh_order_add.html HTTP/1.1" 200 58621
61.172.5.115 - - [17/May/2020:10:31:19 +0800] "GET /xingrg/javascript/easyui/themes/default/validatebox.css HTTP/1.1" 404 1104
61.172.5.115 - - [17/May/2020:10:31:19 +0800] "POST /xingrg/kc/buy/cgsh_order_operate.html HTTP/1.1" 200 8245
117.185.32.26 - - [17/May/2020:10:31:20 +0800] "POST /xingrg/load_menu.html HTTP/1.1" 200 10168
117.185.32.26 - - [17/May/2020:10:31:20 +0800] "GET /xingrg/javascript/jquery_easy_ui/themes/default/images/tree_file.gif HTTP/1.1" 304 -
180.162.232.172 - - [17/May/2020:10:31:21 +0800] "GET /xingrg/check_reg.html?_=1589682818781 HTTP/1.1" 200 22
222.69.134.41 - - [17/May/2020:10:31:22 +0800] "GET /xingrg/all/function/internal_message.html?_=1589682671688&CODE_STATE=getMsg HTTP/1.1" 200 27
180.162.232.172 - - [17/May/2020:10:31:22 +0800] "GET /xingrg/all/function/internal_message.html?_=1589682819810&CODE_STATE=getMsg HTTP/1.1" 200 27
114.88.170.9 - - [17/May/2020:10:31:23 +0800] "GET /xingrg/check_reg.html?_=1589683033183 HTTP/1.1" 200 22
114.88.170.9 - - [17/May/2020:10:31:23 +0800] "GET /xingrg/all/function/internal_message.html?_=1589683033188&CODE_STATE=getMsg HTTP/1.1" 200 27
117.185.32.26 - - [17/May/2020:10:31:24 +0800] "GET /xingrg/javascript/jquery_easy_ui/themes/default/images/tabs_close.gif HTTP/1.1" 304 -
117.185.32.26 - - [17/May/2020:10:31:24 +0800] "GET /xingrg/css/table.css HTTP/1.1" 304 -
117.185.32.26 - - [17/May/2020:10:31:24 +0800] "GET /xingrg/dwr/interface/AjaxGetFirstChart.js HTTP/1.1" 200 631
117.185.32.26 - - [17/May/2020:10:31:24 +0800] "GET /xingrg/dwr/util.js HTTP/1.1" 304 -
117.185.32.26 - - [17/May/2020:10:31:24 +0800] "GET /xingrg/javascript/Calendar.js HTTP/1.1" 304 -
117.185.32.26 - - [17/May/2020:10:31:24 +0800] "GET /xingrg/dwr/engine.js HTTP/1.1" 200 43631
117.185.32.26 - - [17/May/2020:10:31:24 +0800] "GET /xingrg/javascript/jquery.shich.js HTTP/1.1" 304 -
117.185.32.26 - - [17/May/2020:10:31:24 +0800] "GET /xingrg/javascript/convert.js HTTP/1.1" 304 -
117.185.32.26 - - [17/May/2020:10:31:24 +0800] "GET /xingrg/ HTTP/1.1" 304 -
117.185.32.26 - - [17/May/2020:10:31:24 +0800] "GET /xingrg/javascript/jquery_easy_ui/themes/icons/search.png HTTP/1.1" 304 -
117.185.32.26 - - [17/May/2020:10:31:24 +0800] "GET /xingrg/system/rest/list_page.html?p=menu HTTP/1.1" 200 111091
117.185.32.26 - - [17/May/2020:10:31:24 +0800] "GET /xingrg/javascript/jquery_easy_ui/themes/default/images/button_a_bg.gif HTTP/1.1" 304 -
117.185.32.26 - - [17/May/2020:10:31:24 +0800] "GET /xingrg/javascript/jquery_easy_ui/themes/icons/edit_add.png HTTP/1.1" 304 -
117.185.32.26 - - [17/May/2020:10:31:24 +0800] "GET /xingrg/javascript/jquery_easy_ui/themes/icons/pencil.png HTTP/1.1" 304 -
117.185.32.26 - - [17/May/2020:10:31:24 +0800] "GET /xingrg/javascript/jquery_easy_ui/themes/icons/edit_remove.png HTTP/1.1" 304 -
117.185.32.26 - - [17/May/2020:10:31:24 +0800] "GET /xingrg/javascript/jquery_easy_ui/themes/icons/check_new.png HTTP/1.1" 304 -
117.185.32.26 - - [17/May/2020:10:31:24 +0800] "GET /xingrg/javascript/jquery_easy_ui/themes/icons/uncheck_new.png HTTP/1.1" 304 -
117.185.32.26 - - [17/May/2020:10:31:24 +0800] "GET /xingrg/images/control/ajaxLoader.gif HTTP/1.1" 304 -
117.185.32.26 - - [17/May/2020:10:31:24 +0800] "GET /xingrg/javascript/jquery_easy_ui/themes/default/images/datagrid_header_bg.gif HTTP/1.1" 304 -
117.185.32.26 - - [17/May/2020:10:31:24 +0800] "GET /xingrg/javascript/jquery_easy_ui/themes/default/images/button_span_bg.gif HTTP/1.1" 304 -
117.185.32.26 - - [17/May/2020:10:31:24 +0800] "GET /xingrg/javascript/jquery_easy_ui/themes/default/images/pagination_first.gif HTTP/1.1" 304 -
117.185.32.26 - - [17/May/2020:10:31:24 +0800] "GET /xingrg/javascript/jquery_easy_ui/themes/default/images/pagination_next.gif HTTP/1.1" 304 -
117.185.32.26 - - [17/May/2020:10:31:24 +0800] "GET /xingrg/javascript/jquery_easy_ui/themes/default/images/pagination_last.gif HTTP/1.1" 304 -
117.185.32.26 - - [17/May/2020:10:31:24 +0800] "GET /xingrg/javascript/jquery_easy_ui/themes/default/images/pagination_prev.gif HTTP/1.1" 304 -
117.185.32.26 - - [17/May/2020:10:31:24 +0800] "GET /xingrg/javascript/jquery_easy_ui/themes/default/images/pagination_load.png HTTP/1.1" 304 -
117.185.32.26 - - [17/May/2020:10:31:25 +0800] "GET /xingrg/javascript/jquery_easy_ui/themes/default/images/pagination_loading.gif HTTP/1.1" 304 -
114.84.33.255 - - [17/May/2020:10:31:25 +0800] "GET /xingrg/all/function/internal_message.html?_=1589682712468&CODE_STATE=getMsg HTTP/1.1" 200 27
117.185.32.26 - - [17/May/2020:10:31:25 +0800] "GET /xingrg/system/rest/query_items.html?_=1589682686749&table=menu&page=1&rows=20&categoryId=&key= HTTP/1.1" 200 4788
180.175.212.199 - - [17/May/2020:10:31:30 +0800] "GET /xingrg/login.html HTTP/1.1" 200 7641
117.184.7.26 - - [17/May/2020:10:31:30 +0800] "GET /xingrg/all/function/internal_message.html?_=1589682691556&CODE_STATE=getMsg HTTP/1.1" 200 27
180.175.212.199 - - [17/May/2020:10:31:30 +0800] "GET /favicon.ico HTTP/1.1" 404 -
172.17.0.123 - - [17/May/2020:10:31:31 +0800] "GET /xingrg/all/function/internal_message.html?_=1589682687400&CODE_STATE=getMsg HTTP/1.1" 302 -
180.175.212.199 - - [17/May/2020:10:31:33 +0800] "POST /xingrg/login.do HTTP/1.1" 302 -
180.175.212.199 - - [17/May/2020:10:31:33 +0800] "GET /xingrg/index.html?sysBaseUrl=http%3A%2F%2F180.169.147.146%3A18081%2Fxingrg%2F&costTime=40×tamp=1589682693488 HTTP/1.1" 200 17173
114.86.190.97 - - [17/May/2020:10:31:33 +0800] "GET /xingrg/all/function/internal_message.html?_=1589682695126&CODE_STATE=getMsg HTTP/1.1" 200 27
180.175.212.199 - - [17/May/2020:10:31:33 +0800] "GET /xingrg/javascript/jquery_easy_ui/themes/default/easyui.css HTTP/1.1" 304 -
180.175.212.199 - - [17/May/2020:10:31:33 +0800] "GET /xingrg/javascript/jquery.timers.js HTTP/1.1" 304 -
180.175.212.199 - - [17/May/2020:10:31:33 +0800] "GET /xingrg/css/form.css HTTP/1.1" 304 -
180.175.212.199 - - [17/May/2020:10:31:33 +0800] "GET /xingrg/javascript/jquery_easy_ui/easyui-lang-zh_CN.js HTTP/1.1" 304 -
180.175.212.199 - - [17/May/2020:10:31:33 +0800] "GET /xingrg/javascript/jquery.form.js HTTP/1.1" 304 -
180.175.212.199 - - [17/May/2020:10:31:33 +0800] "GET /xingrg/javascript/jquery.utils.js HTTP/1.1" 304 -
180.175.212.199 - - [17/May/2020:10:31:33 +0800] "GET /xingrg/javascript/jquery_easy_ui/themes/icon.css HTTP/1.1" 304 -
180.175.212.199 - - [17/May/2020:10:31:33 +0800] "GET /xingrg/javascript/jquery_easy_ui/jquery.easyui.min.js HTTP/1.1" 304 -
180.175.212.199 - - [17/May/2020:10:31:33 +0800] "GET /xingrg/javascript/jquery-1.4.2.min.js HTTP/1.1" 304 -
180.175.212.199 - - [17/May/2020:10:31:33 +0800] "GET /favicon.ico HTTP/1.1" 404 -
180.175.212.199 - - [17/May/2020:10:31:33 +0800] "POST /xingrg/all/common/load_tree.html?tree=area_rest_tree_json&manage=1 HTTP/1.1" 200 342
180.175.212.199 - - [17/May/2020:10:31:34 +0800] "GET /xingrg/all/function/internal_message.html?_=1589682695880&CODE_STATE=count HTTP/1.1" 200 11
180.175.212.199 - - [17/May/2020:10:31:34 +0800] "GET /xingrg/check_reg.html?_=1589682695882 HTTP/1.1" 200 22
180.175.212.199 - - [17/May/2020:10:31:34 +0800] "POST /xingrg/load_menu.html HTTP/1.1" 200 5138
180.162.232.172 - - [17/May/2020:10:31:38 +0800] "GET /xingrg/all/function/internal_message.html?_=1589682703046&CODE_STATE=getMsg HTTP/1.1" 200 27
58.40.7.146 - - [17/May/2020:10:31:48 +0800] "GET /xingrg/all/function/internal_message.html?_=1589682710293&CODE_STATE=getMsg HTTP/1.1" 200 27
114.84.33.255 - - [17/May/2020:10:31:50 +0800] "GET /xingrg/all/function/internal_message.html?_=1589682737337&CODE_STATE=getMsg HTTP/1.1" 200 27
117.185.32.26 - - [17/May/2020:10:31:50 +0800] "GET /xingrg/all/function/internal_message.html?_=1589683134776&CODE_STATE=getMsg HTTP/1.1" 200 27
61.172.5.115 - - [17/May/2020:10:31:53 +0800] "GET /xingrg/kc/buy/cgsh_order_operate.html?command=get_materiel&rest_code=00105&code=00101004042&supplier_code=00100312&order_time=2020-05-17 HTTP/1.1" 200 417
61.172.5.115 - - [17/May/2020:10:31:55 +0800] "GET /xingrg/all/function/internal_message.html?_=1589682716337&CODE_STATE=getMsg HTTP/1.1" 200 27
114.86.190.97 - - [17/May/2020:10:31:56 +0800] "GET /xingrg/all/function/internal_message.html?_=1589682717515&CODE_STATE=getMsg HTTP/1.1" 200 27
114.84.32.201 - - [17/May/2020:10:31:57 +0800] "GET /xingrg/all/function/internal_message.html?_=1589682718609&CODE_STATE=getMsg HTTP/1.1" 200 27
180.175.212.199 - - [17/May/2020:10:31:59 +0800] "GET /xingrg/all/function/internal_message.html?_=1589682919479&CODE_STATE=getMsg HTTP/1.1" 200 27
117.131.5.26 - - [17/May/2020:10:32:03 +0800] "GET /xingrg/all/function/internal_message.html?_=1589682735890&CODE_STATE=getMsg HTTP/1.1" 200 27
114.88.170.9 - - [17/May/2020:10:32:07 +0800] "GET /xingrg/all/function/internal_message.html?_=1589682726223&CODE_STATE=getMsg HTTP/1.1" 200 27
117.185.32.26 - - [17/May/2020:10:32:10 +0800] "GET /xingrg/system/rest/query_items.html?_=1589682731867&table=menu&page=1&rows=20&categoryId=&key=%25E7%25BE%258E%25E5%259B%25BD%25E5%2593%258D%25E8%259E%25BA HTTP/1.1" 200 21
117.185.32.26 - - [17/May/2020:10:32:11 +0800] "GET /xingrg/kc/buy/cgsh_order_operate.html?command=get_materiel&rest_code=00106&code=00101010248&supplier_code=00100032&order_time=2020-05-17 HTTP/1.1" 200 430
117.185.32.26 - - [17/May/2020:10:32:13 +0800] "GET /xingrg/system/rest/query_items.html?_=1589682734648&table=menu&page=1&rows=20&categoryId=&key=%25E5%2593%258D%25E8%259E%25BA HTTP/1.1" 200 503
222.69.134.41 - - [17/May/2020:10:32:13 +0800] "GET /xingrg/all/function/internal_message.html?_=1589682734686&CODE_STATE=getMsg HTTP/1.1" 200 27
117.185.32.26 - - [17/May/2020:10:32:13 +0800] "GET /xingrg/all/function/internal_message.html?_=1589682735381&CODE_STATE=getMsg HTTP/1.1" 200 27
117.185.32.26 - - [17/May/2020:10:32:14 +0800] "GET /xingrg/system/rest/query_items.html?_=1589682736005&table=menu&page=1&rows=20&categoryId=&key=%25E5%2593%258D%25E8%259E%25BA HTTP/1.1" 200 503
117.185.32.26 - - [17/May/2020:10:32:15 +0800] "GET /xingrg/javascript/jquery_easy_ui/themes/icons/ok.png HTTP/1.1" 304 -
117.185.32.26 - - [17/May/2020:10:32:15 +0800] "GET /xingrg/javascript/jquery_easy_ui/themes/default/images/panel_tools.gif HTTP/1.1" 304 -
117.185.32.26 - - [17/May/2020:10:32:15 +0800] "GET /xingrg/javascript/jquery_easy_ui/themes/default/images/panel_title.png HTTP/1.1" 304 -
117.185.32.26 - - [17/May/2020:10:32:15 +0800] "GET /xingrg/system/rest/get_item.html?table=menu&id=2045&_=1589682737246 HTTP/1.1" 200 944
117.185.32.26 - - [17/May/2020:10:32:15 +0800] "GET /xingrg/system/rest/get_item.html?table=menu&target=menu_rest&id=2045&_=1589682737282 HTTP/1.1" 200 855
117.185.32.26 - - [17/May/2020:10:32:15 +0800] "GET /xingrg/system/rest/get_item.html?table=menu&target=cook_mode&id=2045&_=1589682737281 HTTP/1.1" 200 8551
117.185.32.26 - - [17/May/2020:10:32:16 +0800] "GET /xingrg/system/rest/get_infos.html?command=menu_img_show&id=2045 HTTP/1.1" 200 5
116.228.172.94 - - [17/May/2020:10:32:17 +0800] "GET /xingrg/all/function/internal_message.html?_=1589682740395&CODE_STATE=getMsg HTTP/1.1" 200 27
114.86.190.97 - - [17/May/2020:10:32:20 +0800] "GET /favicon.ico HTTP/1.1" 404 -
222.69.134.41 - - [17/May/2020:10:32:22 +0800] "GET /xingrg/all/function/internal_message.html?_=1589682731700&CODE_STATE=getMsg HTTP/1.1" 200 27
180.162.232.172 - - [17/May/2020:10:32:22 +0800] "GET /xingrg/all/function/internal_message.html?_=1589682879823&CODE_STATE=getMsg HTTP/1.1" 200 27
114.88.170.9 - - [17/May/2020:10:32:23 +0800] "GET /xingrg/all/function/internal_message.html?_=1589683093192&CODE_STATE=getMsg HTTP/1.1" 200 27
114.84.33.255 - - [17/May/2020:10:32:25 +0800] "GET /xingrg/all/function/internal_message.html?_=1589682772469&CODE_STATE=getMsg HTTP/1.1" 200 27
114.84.33.255 - - [17/May/2020:10:32:25 +0800] "POST /xingrg/kc/buy/cgsh_order_operate.html HTTP/1.1" 200 37
114.84.33.255 - - [17/May/2020:10:32:26 +0800] "POST /xingrg/kc/buy/cgsh_order_operate.html HTTP/1.1" 200 2657
117.185.32.26 - - [17/May/2020:10:32:29 +0800] "GET /xingrg/kc/buy/cgsh_order_operate.html?command=get_materiel&rest_code=00106&code=00101005037&supplier_code=00100032&order_time=2020-05-17 HTTP/1.1" 200 409
114.84.33.255 - - [17/May/2020:10:32:29 +0800] "GET /xingrg/kc/print/load_data.html?order_code=212020051705883&kc_code=cgsh&condition= HTTP/1.1" 200 679
117.184.7.26 - - [17/May/2020:10:32:30 +0800] "GET /xingrg/all/function/internal_message.html?_=1589682751547&CODE_STATE=getMsg HTTP/1.1" 200 27
172.17.0.123 - - [17/May/2020:10:32:31 +0800] "GET /xingrg/all/function/internal_message.html?_=1589682747402&CODE_STATE=getMsg HTTP/1.1" 302 -
61.172.5.115 - - [17/May/2020:10:32:32 +0800] "GET /xingrg/kc/buy/cgsh_order_operate.html?command=get_materiel&rest_code=00105&code=00101004018&supplier_code=00100312&order_time=2020-05-17 HTTP/1.1" 200 416
114.86.190.97 - - [17/May/2020:10:32:33 +0800] "GET /xingrg/all/function/internal_message.html?_=1589682755131&CODE_STATE=getMsg HTTP/1.1" 200 27
180.175.212.199 - - [17/May/2020:10:32:34 +0800] "GET /xingrg/all/function/internal_message.html?_=1589682755892&CODE_STATE=getMsg HTTP/1.1" 200 27
114.84.33.255 - - [17/May/2020:10:32:36 +0800] "GET /xingrg/kc/buy/cgsh_order_add.html HTTP/1.1" 200 58627
114.84.33.255 - - [17/May/2020:10:32:37 +0800] "POST /xingrg/kc/buy/cgsh_order_operate.html HTTP/1.1" 200 8245
114.84.33.255 - - [17/May/2020:10:32:37 +0800] "GET /xingrg/javascript/easyui/themes/default/validatebox.css HTTP/1.1" 404 1104
180.162.232.172 - - [17/May/2020:10:32:38 +0800] "GET /xingrg/all/function/internal_message.html?_=1589682763026&CODE_STATE=getMsg HTTP/1.1" 200 27
117.185.32.26 - - [17/May/2020:10:32:40 +0800] "GET /xingrg/kc/buy/cgsh_order_operate.html?command=get_materiel&rest_code=00106&code=00101016017&supplier_code=00100032&order_time=2020-05-17 HTTP/1.1" 200 408
117.185.32.26 - - [17/May/2020:10:32:44 +0800] "GET /xingrg/system/rest/query_items.html?_=1589682766353&table=menu&page=1&rows=20&categoryId=&key=%25E5%2593%258D%25E8%259E%25BA HTTP/1.1" 200 503
61.172.5.115 - - [17/May/2020:10:32:45 +0800] "GET /xingrg/kc/buy/cgsh_order_operate.html?command=get_materiel&rest_code=00105&code=00101004067&supplier_code=00100312&order_time=2020-05-17 HTTP/1.1" 200 413
114.84.33.255 - - [17/May/2020:10:32:45 +0800] "GET /xingrg/kc/buy/cgsh_order_operate.html?command=get_materiel&rest_code=00146&code=00101010160&supplier_code=00100337&order_time=2020-05-17 HTTP/1.1" 200 413
114.84.33.255 - - [17/May/2020:10:32:46 +0800] "POST /xingrg/services/DataTransmitService HTTP/1.1" 200 524
114.84.33.255 - - [17/May/2020:10:32:46 +0800] "POST /xingrg/services/DataTransmitService HTTP/1.1" 200 2407
114.84.33.255 - - [17/May/2020:10:32:46 +0800] "POST /xingrg/services/DataTransmitService HTTP/1.1" 200 2255
114.84.33.255 - - [17/May/2020:10:32:47 +0800] "POST /xingrg/services/DataTransmitService HTTP/1.1" 200 1471
114.84.33.255 - - [17/May/2020:10:32:47 +0800] "POST /xingrg/services/DataTransmitService HTTP/1.1" 200 145248
58.40.7.146 - - [17/May/2020:10:32:48 +0800] "GET /xingrg/all/function/internal_message.html?_=1589682770281&CODE_STATE=getMsg HTTP/1.1" 200 27
117.185.32.26 - - [17/May/2020:10:32:49 +0800] "GET /xingrg/kc/buy/cgsh_order_operate.html?command=get_materiel&rest_code=00106&code=00101016105&supplier_code=00100032&order_time=2020-05-17 HTTP/1.1" 200 409
114.84.33.255 - - [17/May/2020:10:32:50 +0800] "GET /xingrg/all/function/internal_message.html?_=1589682797351&CODE_STATE=getMsg HTTP/1.1" 200 27
117.185.32.26 - - [17/May/2020:10:32:50 +0800] "GET /xingrg/all/function/internal_message.html?_=1589683194802&CODE_STATE=getMsg HTTP/1.1" 200 27
61.172.5.115 - - [17/May/2020:10:32:53 +0800] "GET /xingrg/kc/buy/cgsh_order_operate.html?command=get_materiel&rest_code=00105&code=00101001096&supplier_code=00100312&order_time=2020-05-17 HTTP/1.1" 200 413
61.172.5.115 - - [17/May/2020:10:32:55 +0800] "GET /xingrg/all/function/internal_message.html?_=1589682776337&CODE_STATE=getMsg HTTP/1.1" 200 27
61.172.5.115 - - [17/May/2020:10:32:55 +0800] "GET /xingrg/check_reg.html?_=1589682776340 HTTP/1.1" 200 22
114.86.190.97 - - [17/May/2020:10:32:56 +0800] "GET /xingrg/all/function/internal_message.html?_=1589682777516&CODE_STATE=getMsg HTTP/1.1" 200 27
114.84.32.201 - - [17/May/2020:10:32:57 +0800] "GET /xingrg/all/function/internal_message.html?_=1589682778609&CODE_STATE=getMsg HTTP/1.1" 200 27
180.175.212.199 - - [17/May/2020:10:32:59 +0800] "GET /xingrg/all/function/internal_message.html?_=1589682979826&CODE_STATE=getMsg HTTP/1.1" 200 27
117.131.5.26 - - [17/May/2020:10:32:59 +0800] "GET /xingrg/check_reg.html?_=1589682791921 HTTP/1.1" 200 22
61.172.5.115 - - [17/May/2020:10:33:02 +0800] "GET /xingrg/kc/buy/cgsh_order_operate.html?command=get_materiel&rest_code=00105&code=00101001138&supplier_code=00100312&order_time=2020-05-17 HTTP/1.1" 200 415
117.131.5.26 - - [17/May/2020:10:33:03 +0800] "GET /xingrg/check_reg.html?_=1589682795562 HTTP/1.1" 200 22
117.131.5.26 - - [17/May/2020:10:33:03 +0800] "GET /xingrg/all/function/internal_message.html?_=1589682795890&CODE_STATE=getMsg HTTP/1.1" 200 27
114.84.33.255 - - [17/May/2020:10:33:05 +0800] "GET /xingrg/kc/buy/cgsh_order_operate.html?command=get_materiel&rest_code=00146&code=00101010063&supplier_code=00100337&order_time=2020-05-17 HTTP/1.1" 200 409
114.88.170.9 - - [17/May/2020:10:33:08 +0800] "GET /xingrg/all/function/internal_message.html?_=1589682786495&CODE_STATE=getMsg HTTP/1.1" 200 27
114.88.170.9 - - [17/May/2020:10:33:08 +0800] "GET /xingrg/check_reg.html?_=1589682786497 HTTP/1.1" 200 22
222.69.134.41 - - [17/May/2020:10:33:13 +0800] "GET /xingrg/all/function/internal_message.html?_=1589682794697&CODE_STATE=getMsg HTTP/1.1" 200 27
117.185.32.26 - - [17/May/2020:10:33:13 +0800] "GET /xingrg/all/function/internal_message.html?_=1589682795394&CODE_STATE=getMsg HTTP/1.1" 200 27
61.172.5.115 - - [17/May/2020:10:33:19 +0800] "GET /xingrg/kc/buy/cgsh_order_operate.html?command=get_materiel&rest_code=00105&code=00101001104&supplier_code=00100312&order_time=2020-05-17 HTTP/1.1" 200 413
117.185.32.26 - - [17/May/2020:10:33:21 +0800] "POST /xingrg/kc/buy/cgsh_order_operate.html HTTP/1.1" 200 37
222.69.134.41 - - [17/May/2020:10:33:22 +0800] "GET /xingrg/all/function/internal_message.html?_=1589682791694&CODE_STATE=getMsg HTTP/1.1" 200 27
180.162.232.172 - - [17/May/2020:10:33:22 +0800] "GET /xingrg/all/function/internal_message.html?_=1589682939838&CODE_STATE=getMsg HTTP/1.1" 200 27
114.84.33.255 - - [17/May/2020:10:33:23 +0800] "GET /xingrg/check_reg.html?_=1589682830561 HTTP/1.1" 200 22
114.88.170.9 - - [17/May/2020:10:33:23 +0800] "GET /xingrg/all/function/internal_message.html?_=1589683153185&CODE_STATE=getMsg HTTP/1.1" 200 27
117.185.32.26 - - [17/May/2020:10:33:23 +0800] "POST /xingrg/kc/buy/cgsh_order_operate.html HTTP/1.1" 200 6798
114.84.33.255 - - [17/May/2020:10:33:25 +0800] "GET /xingrg/all/function/internal_message.html?_=1589682832482&CODE_STATE=getMsg HTTP/1.1" 200 27
117.185.32.26 - - [17/May/2020:10:33:26 +0800] "GET /xingrg/kc/buy/cgsh_order_add.html HTTP/1.1" 200 58621
117.185.32.26 - - [17/May/2020:10:33:26 +0800] "POST /xingrg/kc/buy/cgsh_order_operate.html HTTP/1.1" 200 8245
117.185.32.26 - - [17/May/2020:10:33:26 +0800] "GET /xingrg/javascript/easyui/themes/default/validatebox.css HTTP/1.1" 404 1104
180.175.212.199 - - [17/May/2020:10:33:28 +0800] "GET /xingrg/css/site.css HTTP/1.1" 304 -
180.175.212.199 - - [17/May/2020:10:33:28 +0800] "GET /xingrg/css/base.css HTTP/1.1" 304 -
180.175.212.199 - - [17/May/2020:10:33:28 +0800] "GET /xingrg/javascript/easyui/themes/icon.css HTTP/1.1" 304 -
180.175.212.199 - - [17/May/2020:10:33:28 +0800] "GET /xingrg/javascript/jquery_tools/datebox.css HTTP/1.1" 304 -
180.175.212.199 - - [17/May/2020:10:33:28 +0800] "GET /xingrg/javascript/easyui/themes/default/easyui.css HTTP/1.1" 304 -
180.175.212.199 - - [17/May/2020:10:33:28 +0800] "GET /xingrg/javascript/auto/jquery.autocomplete.css HTTP/1.1" 304 -
180.175.212.199 - - [17/May/2020:10:33:28 +0800] "GET /xingrg/javascript/jquery_tools/fix.css HTTP/1.1" 304 -
180.175.212.199 - - [17/May/2020:10:33:28 +0800] "GET /xingrg/javascript/jquery_tools/table.css HTTP/1.1" 304 -
180.175.212.199 - - [17/May/2020:10:33:28 +0800] "GET /xingrg/kc/buy/cgsh_order_list.html HTTP/1.1" 200 42883
