222.69.134.41 - - [17/May/2020:09:39:17 +0800] "POST /xingrg/kc/buy/cgsh_list_operate.html HTTP/1.1" 200 876
114.84.33.255 - - [17/May/2020:09:39:18 +0800] "GET /xingrg/all/function/internal_message.html?_=1589679586102&CODE_STATE=getMsg HTTP/1.1" 200 27
180.162.232.172 - - [17/May/2020:09:39:21 +0800] "GET /xingrg/all/function/internal_message.html?_=1589679698557&CODE_STATE=getMsg HTTP/1.1" 200 27
114.88.170.9 - - [17/May/2020:09:39:23 +0800] "GET /xingrg/all/function/internal_message.html?_=1589679913193&CODE_STATE=getMsg HTTP/1.1" 200 27
172.17.0.123 - - [17/May/2020:09:39:31 +0800] "GET /xingrg/all/function/internal_message.html?_=1589679567397&CODE_STATE=getMsg HTTP/1.1" 302 -
114.86.190.97 - - [17/May/2020:09:39:31 +0800] "GET /xingrg/all/function/internal_message.html?_=1589679573194&CODE_STATE=getMsg HTTP/1.1" 200 27
180.162.232.172 - - [17/May/2020:09:39:39 +0800] "GET /xingrg/all/function/internal_message.html?_=1589679584087&CODE_STATE=getMsg HTTP/1.1" 200 27
180.175.212.199 - - [17/May/2020:09:39:42 +0800] "GET /xingrg/javascript/auto/indicator.gif HTTP/1.1" 404 1066
180.175.212.199 - - [17/May/2020:09:39:46 +0800] "GET /xingrg/kc/buy/cgsh_order_operate.html?command=get_materiel&rest_code=00102&code=00101006084&supplier_code=00100011&order_time=2020-05-17 HTTP/1.1" 200 413
58.40.7.146 - - [17/May/2020:09:39:48 +0800] "GET /xingrg/all/function/internal_message.html?_=1589679590247&CODE_STATE=getMsg HTTP/1.1" 200 27
114.84.33.255 - - [17/May/2020:09:39:49 +0800] "GET /xingrg/all/function/internal_message.html?_=1589679616116&CODE_STATE=getMsg HTTP/1.1" 200 27
117.185.32.26 - - [17/May/2020:09:39:50 +0800] "GET /xingrg/all/function/internal_message.html?_=1589680014528&CODE_STATE=getMsg HTTP/1.1" 200 27
61.172.5.115 - - [17/May/2020:09:39:55 +0800] "GET /xingrg/all/function/internal_message.html?_=1589679596298&CODE_STATE=getMsg HTTP/1.1" 200 27
180.175.212.199 - - [17/May/2020:09:39:55 +0800] "GET /xingrg/check_reg.html?_=1589679795684 HTTP/1.1" 200 22
180.175.212.199 - - [17/May/2020:09:39:56 +0800] "GET /xingrg/all/function/internal_message.html?_=1589679796137&CODE_STATE=getMsg HTTP/1.1" 200 27
114.88.170.9 - - [17/May/2020:09:39:59 +0800] "GET /xingrg/all/function/internal_message.html?_=1589679598013&CODE_STATE=getMsg HTTP/1.1" 200 27
222.69.134.41 - - [17/May/2020:09:40:12 +0800] "GET /xingrg/all/function/internal_message.html?_=1589679614623&CODE_STATE=getMsg HTTP/1.1" 200 27
222.69.134.41 - - [17/May/2020:09:40:12 +0800] "GET /xingrg/check_reg.html?_=1589679614626 HTTP/1.1" 200 22
114.84.33.255 - - [17/May/2020:09:40:18 +0800] "GET /xingrg/all/function/internal_message.html?_=1589679646114&CODE_STATE=getMsg HTTP/1.1" 200 27
180.162.232.172 - - [17/May/2020:09:40:21 +0800] "GET /xingrg/all/function/internal_message.html?_=1589679758570&CODE_STATE=getMsg HTTP/1.1" 200 27
114.88.170.9 - - [17/May/2020:09:40:23 +0800] "GET /xingrg/all/function/internal_message.html?_=1589679973090&CODE_STATE=getMsg HTTP/1.1" 200 27
180.175.212.199 - - [17/May/2020:09:40:30 +0800] "GET /xingrg/kc/buy/cgsh_order_operate.html?command=get_materiel&rest_code=00102&code=00101006063&supplier_code=00100011&order_time=2020-05-17 HTTP/1.1" 200 413
172.17.0.123 - - [17/May/2020:09:40:31 +0800] "GET /xingrg/all/function/internal_message.html?_=1589679627400&CODE_STATE=getMsg HTTP/1.1" 302 -
172.17.0.123 - - [17/May/2020:09:40:31 +0800] "GET /xingrg/check_reg.html?_=1589679627401 HTTP/1.1" 302 -
114.86.190.97 - - [17/May/2020:09:40:31 +0800] "GET /xingrg/all/function/internal_message.html?_=1589679633208&CODE_STATE=getMsg HTTP/1.1" 200 27
180.175.212.199 - - [17/May/2020:09:40:39 +0800] "GET /xingrg/kc/buy/cgsh_order_operate.html?command=get_materiel&rest_code=00102&code=00101006193&supplier_code=00100011&order_time=2020-05-17 HTTP/1.1" 200 409
180.162.232.172 - - [17/May/2020:09:40:39 +0800] "GET /xingrg/all/function/internal_message.html?_=1589679644067&CODE_STATE=getMsg HTTP/1.1" 200 27
180.162.232.172 - - [17/May/2020:09:40:40 +0800] "GET /xingrg/check_reg.html?_=1589679644150 HTTP/1.1" 200 22
58.40.7.146 - - [17/May/2020:09:40:48 +0800] "GET /xingrg/all/function/internal_message.html?_=1589679650250&CODE_STATE=getMsg HTTP/1.1" 200 27
58.40.7.146 - - [17/May/2020:09:40:48 +0800] "GET /xingrg/check_reg.html?_=1589679650253 HTTP/1.1" 200 22
114.84.33.255 - - [17/May/2020:09:40:48 +0800] "GET /xingrg/check_reg.html?_=1589679675993 HTTP/1.1" 200 22
114.84.33.255 - - [17/May/2020:09:40:49 +0800] "GET /xingrg/all/function/internal_message.html?_=1589679676130&CODE_STATE=getMsg HTTP/1.1" 200 27
117.185.32.26 - - [17/May/2020:09:40:50 +0800] "GET /xingrg/check_reg.html?_=1589680074538 HTTP/1.1" 200 22
117.185.32.26 - - [17/May/2020:09:40:50 +0800] "GET /xingrg/all/function/internal_message.html?_=1589680074540&CODE_STATE=getMsg HTTP/1.1" 200 27
61.172.5.115 - - [17/May/2020:09:40:55 +0800] "GET /xingrg/all/function/internal_message.html?_=1589679656294&CODE_STATE=getMsg HTTP/1.1" 200 27
180.175.212.199 - - [17/May/2020:09:40:56 +0800] "GET /xingrg/all/function/internal_message.html?_=1589679856150&CODE_STATE=getMsg HTTP/1.1" 200 27
114.88.170.9 - - [17/May/2020:09:41:00 +0800] "GET /xingrg/all/function/internal_message.html?_=1589679658481&CODE_STATE=getMsg HTTP/1.1" 200 27
222.69.134.41 - - [17/May/2020:09:41:12 +0800] "GET /xingrg/all/function/internal_message.html?_=1589679674601&CODE_STATE=getMsg HTTP/1.1" 200 27
114.84.33.255 - - [17/May/2020:09:41:19 +0800] "GET /xingrg/all/function/internal_message.html?_=1589679706608&CODE_STATE=getMsg HTTP/1.1" 200 27
180.162.232.172 - - [17/May/2020:09:41:20 +0800] "GET /xingrg/check_reg.html?_=1589679818358 HTTP/1.1" 200 22
180.162.232.172 - - [17/May/2020:09:41:21 +0800] "GET /xingrg/all/function/internal_message.html?_=1589679818630&CODE_STATE=getMsg HTTP/1.1" 200 27
114.88.170.9 - - [17/May/2020:09:41:23 +0800] "GET /xingrg/check_reg.html?_=1589680033094 HTTP/1.1" 200 22
114.88.170.9 - - [17/May/2020:09:41:23 +0800] "GET /xingrg/all/function/internal_message.html?_=1589680033092&CODE_STATE=getMsg HTTP/1.1" 200 27
116.228.172.94 - - [17/May/2020:09:41:23 +0800] "POST /xingrg/kc/buy/cgsh_order_operate.html HTTP/1.1" 200 40474
172.17.0.123 - - [17/May/2020:09:41:31 +0800] "GET /xingrg/all/function/internal_message.html?_=1589679687402&CODE_STATE=getMsg HTTP/1.1" 302 -
114.86.190.97 - - [17/May/2020:09:41:31 +0800] "GET /xingrg/all/function/internal_message.html?_=1589679693287&CODE_STATE=getMsg HTTP/1.1" 200 27
180.162.232.172 - - [17/May/2020:09:41:39 +0800] "GET /xingrg/all/function/internal_message.html?_=1589679704049&CODE_STATE=getMsg HTTP/1.1" 200 27
58.40.7.146 - - [17/May/2020:09:41:48 +0800] "GET /xingrg/all/function/internal_message.html?_=1589679710254&CODE_STATE=getMsg HTTP/1.1" 200 27
114.84.33.255 - - [17/May/2020:09:41:49 +0800] "GET /xingrg/all/function/internal_message.html?_=1589679736143&CODE_STATE=getMsg HTTP/1.1" 200 27
117.185.32.26 - - [17/May/2020:09:41:50 +0800] "GET /xingrg/all/function/internal_message.html?_=1589680134566&CODE_STATE=getMsg HTTP/1.1" 200 27
61.172.5.115 - - [17/May/2020:09:41:55 +0800] "GET /xingrg/all/function/internal_message.html?_=1589679716296&CODE_STATE=getMsg HTTP/1.1" 200 27
180.175.212.199 - - [17/May/2020:09:41:56 +0800] "GET /xingrg/all/function/internal_message.html?_=1589679916165&CODE_STATE=getMsg HTTP/1.1" 200 27
114.88.170.9 - - [17/May/2020:09:42:00 +0800] "GET /xingrg/all/function/internal_message.html?_=1589679718493&CODE_STATE=getMsg HTTP/1.1" 200 27
222.69.134.41 - - [17/May/2020:09:42:12 +0800] "GET /xingrg/all/function/internal_message.html?_=1589679734614&CODE_STATE=getMsg HTTP/1.1" 200 27
116.228.172.94 - - [17/May/2020:09:42:18 +0800] "GET /xingrg/all/function/internal_message.html?_=1589679741227&CODE_STATE=getMsg HTTP/1.1" 200 27
114.84.33.255 - - [17/May/2020:09:42:19 +0800] "GET /xingrg/all/function/internal_message.html?_=1589679766610&CODE_STATE=getMsg HTTP/1.1" 200 27
180.162.232.172 - - [17/May/2020:09:42:21 +0800] "GET /xingrg/all/function/internal_message.html?_=1589679878692&CODE_STATE=getMsg HTTP/1.1" 200 27
114.88.170.9 - - [17/May/2020:09:42:23 +0800] "GET /xingrg/all/function/internal_message.html?_=1589680093092&CODE_STATE=getMsg HTTP/1.1" 200 27
172.17.0.123 - - [17/May/2020:09:42:31 +0800] "GET /xingrg/all/function/internal_message.html?_=1589679747404&CODE_STATE=getMsg HTTP/1.1" 302 -
114.86.190.97 - - [17/May/2020:09:42:31 +0800] "GET /xingrg/all/function/internal_message.html?_=1589679753297&CODE_STATE=getMsg HTTP/1.1" 200 27
180.162.232.172 - - [17/May/2020:09:42:39 +0800] "GET /xingrg/all/function/internal_message.html?_=1589679764030&CODE_STATE=getMsg HTTP/1.1" 200 27
58.40.7.146 - - [17/May/2020:09:42:48 +0800] "GET /xingrg/all/function/internal_message.html?_=1589679770242&CODE_STATE=getMsg HTTP/1.1" 200 27
114.84.33.255 - - [17/May/2020:09:42:49 +0800] "GET /xingrg/all/function/internal_message.html?_=1589679796157&CODE_STATE=getMsg HTTP/1.1" 200 27
117.185.32.26 - - [17/May/2020:09:42:50 +0800] "GET /xingrg/all/function/internal_message.html?_=1589680194564&CODE_STATE=getMsg HTTP/1.1" 200 27
61.172.5.115 - - [17/May/2020:09:42:55 +0800] "GET /xingrg/check_reg.html?_=1589679776296 HTTP/1.1" 200 22
61.172.5.115 - - [17/May/2020:09:42:55 +0800] "GET /xingrg/all/function/internal_message.html?_=1589679776300&CODE_STATE=getMsg HTTP/1.1" 200 27
180.175.212.199 - - [17/May/2020:09:42:56 +0800] "GET /xingrg/all/function/internal_message.html?_=1589679976178&CODE_STATE=getMsg HTTP/1.1" 200 27
114.88.170.9 - - [17/May/2020:09:43:00 +0800] "GET /xingrg/all/function/internal_message.html?_=1589679779067&CODE_STATE=getMsg HTTP/1.1" 200 27
114.88.170.9 - - [17/May/2020:09:43:08 +0800] "GET /xingrg/check_reg.html?_=1589679786432 HTTP/1.1" 200 22
222.69.134.41 - - [17/May/2020:09:43:12 +0800] "GET /xingrg/all/function/internal_message.html?_=1589679794609&CODE_STATE=getMsg HTTP/1.1" 200 27
114.84.33.255 - - [17/May/2020:09:43:18 +0800] "GET /xingrg/check_reg.html?_=1589679825542 HTTP/1.1" 200 22
116.228.172.94 - - [17/May/2020:09:43:18 +0800] "GET /xingrg/all/function/internal_message.html?_=1589679801204&CODE_STATE=getMsg HTTP/1.1" 200 27
114.84.33.255 - - [17/May/2020:09:43:19 +0800] "GET /xingrg/all/function/internal_message.html?_=1589679826624&CODE_STATE=getMsg HTTP/1.1" 200 27
180.162.232.172 - - [17/May/2020:09:43:21 +0800] "GET /xingrg/all/function/internal_message.html?_=1589679938745&CODE_STATE=getMsg HTTP/1.1" 200 27
114.88.170.9 - - [17/May/2020:09:43:23 +0800] "GET /xingrg/all/function/internal_message.html?_=1589680153095&CODE_STATE=getMsg HTTP/1.1" 200 27
172.17.0.123 - - [17/May/2020:09:43:31 +0800] "GET /xingrg/all/function/internal_message.html?_=1589679807390&CODE_STATE=getMsg HTTP/1.1" 302 -
114.86.190.97 - - [17/May/2020:09:43:31 +0800] "GET /xingrg/check_reg.html?_=1589679813116 HTTP/1.1" 200 22
114.86.190.97 - - [17/May/2020:09:43:31 +0800] "GET /xingrg/all/function/internal_message.html?_=1589679813311&CODE_STATE=getMsg HTTP/1.1" 200 27
180.162.232.172 - - [17/May/2020:09:43:39 +0800] "GET /xingrg/all/function/internal_message.html?_=1589679824001&CODE_STATE=getMsg HTTP/1.1" 200 27
58.40.7.146 - - [17/May/2020:09:43:48 +0800] "GET /xingrg/all/function/internal_message.html?_=1589679830244&CODE_STATE=getMsg HTTP/1.1" 200 27
114.84.33.255 - - [17/May/2020:09:43:49 +0800] "GET /xingrg/all/function/internal_message.html?_=1589679856175&CODE_STATE=getMsg HTTP/1.1" 200 27
117.185.32.26 - - [17/May/2020:09:43:50 +0800] "GET /xingrg/all/function/internal_message.html?_=1589680254563&CODE_STATE=getMsg HTTP/1.1" 200 27
61.172.5.115 - - [17/May/2020:09:43:55 +0800] "GET /xingrg/all/function/internal_message.html?_=1589679836300&CODE_STATE=getMsg HTTP/1.1" 200 27
180.175.212.199 - - [17/May/2020:09:43:56 +0800] "GET /xingrg/all/function/internal_message.html?_=1589680036233&CODE_STATE=getMsg HTTP/1.1" 200 27
114.88.170.9 - - [17/May/2020:09:44:00 +0800] "GET /xingrg/all/function/internal_message.html?_=1589679839082&CODE_STATE=getMsg HTTP/1.1" 200 27
222.69.134.41 - - [17/May/2020:09:44:12 +0800] "GET /xingrg/all/function/internal_message.html?_=1589679854612&CODE_STATE=getMsg HTTP/1.1" 200 27
116.228.172.94 - - [17/May/2020:09:44:18 +0800] "GET /xingrg/all/function/internal_message.html?_=1589679861181&CODE_STATE=getMsg HTTP/1.1" 200 27
114.84.33.255 - - [17/May/2020:09:44:19 +0800] "GET /xingrg/all/function/internal_message.html?_=1589679886638&CODE_STATE=getMsg HTTP/1.1" 200 27
180.162.232.172 - - [17/May/2020:09:44:21 +0800] "GET /xingrg/all/function/internal_message.html?_=1589679998750&CODE_STATE=getMsg HTTP/1.1" 200 27
114.88.170.9 - - [17/May/2020:09:44:23 +0800] "GET /xingrg/all/function/internal_message.html?_=1589680213095&CODE_STATE=getMsg HTTP/1.1" 200 27
172.17.0.123 - - [17/May/2020:09:44:31 +0800] "GET /xingrg/all/function/internal_message.html?_=1589679867400&CODE_STATE=getMsg HTTP/1.1" 302 -
114.86.190.97 - - [17/May/2020:09:44:31 +0800] "GET /xingrg/all/function/internal_message.html?_=1589679873325&CODE_STATE=getMsg HTTP/1.1" 200 27
180.162.232.172 - - [17/May/2020:09:44:39 +0800] "GET /xingrg/all/function/internal_message.html?_=1589679883975&CODE_STATE=getMsg HTTP/1.1" 200 27
58.40.7.146 - - [17/May/2020:09:44:48 +0800] "GET /xingrg/all/function/internal_message.html?_=1589679890247&CODE_STATE=getMsg HTTP/1.1" 200 27
114.84.33.255 - - [17/May/2020:09:44:49 +0800] "GET /xingrg/all/function/internal_message.html?_=1589679916184&CODE_STATE=getMsg HTTP/1.1" 200 27
117.185.32.26 - - [17/May/2020:09:44:50 +0800] "GET /xingrg/all/function/internal_message.html?_=1589680314561&CODE_STATE=getMsg HTTP/1.1" 200 27
61.172.5.115 - - [17/May/2020:09:44:55 +0800] "GET /xingrg/all/function/internal_message.html?_=1589679896301&CODE_STATE=getMsg HTTP/1.1" 200 27
180.175.212.199 - - [17/May/2020:09:44:55 +0800] "GET /xingrg/check_reg.html?_=1589680095691 HTTP/1.1" 200 22
180.175.212.199 - - [17/May/2020:09:44:56 +0800] "GET /xingrg/all/function/internal_message.html?_=1589680096276&CODE_STATE=getMsg HTTP/1.1" 200 27
114.88.170.9 - - [17/May/2020:09:45:00 +0800] "GET /xingrg/all/function/internal_message.html?_=1589679899096&CODE_STATE=getMsg HTTP/1.1" 200 27
180.175.212.199 - - [17/May/2020:09:45:11 +0800] "GET /xingrg/login.html HTTP/1.1" 200 7641
180.175.212.199 - - [17/May/2020:09:45:11 +0800] "GET /favicon.ico HTTP/1.1" 404 -
222.69.134.41 - - [17/May/2020:09:45:12 +0800] "GET /xingrg/all/function/internal_message.html?_=1589679914601&CODE_STATE=getMsg HTTP/1.1" 200 27
222.69.134.41 - - [17/May/2020:09:45:12 +0800] "GET /xingrg/check_reg.html?_=1589679914606 HTTP/1.1" 200 22
180.175.212.199 - - [17/May/2020:09:45:13 +0800] "POST /xingrg/login.do HTTP/1.1" 302 -
180.175.212.199 - - [17/May/2020:09:45:13 +0800] "GET /xingrg/index.html?sysBaseUrl=http%3A%2F%2F180.169.147.146%3A18081%2Fxingrg%2F&costTime=38×tamp=1589679913232 HTTP/1.1" 200 17173
180.175.212.199 - - [17/May/2020:09:45:13 +0800] "GET /xingrg/javascript/jquery_easy_ui/themes/default/easyui.css HTTP/1.1" 304 -
180.175.212.199 - - [17/May/2020:09:45:13 +0800] "GET /xingrg/javascript/jquery_easy_ui/themes/icon.css HTTP/1.1" 304 -
180.175.212.199 - - [17/May/2020:09:45:13 +0800] "GET /xingrg/css/form.css HTTP/1.1" 304 -
180.175.212.199 - - [17/May/2020:09:45:13 +0800] "GET /xingrg/javascript/jquery_easy_ui/easyui-lang-zh_CN.js HTTP/1.1" 304 -
180.175.212.199 - - [17/May/2020:09:45:13 +0800] "GET /xingrg/javascript/jquery-1.4.2.min.js HTTP/1.1" 304 -
180.175.212.199 - - [17/May/2020:09:45:13 +0800] "GET /xingrg/javascript/jquery_easy_ui/jquery.easyui.min.js HTTP/1.1" 304 -
180.175.212.199 - - [17/May/2020:09:45:13 +0800] "GET /xingrg/javascript/jquery.form.js HTTP/1.1" 304 -
180.175.212.199 - - [17/May/2020:09:45:13 +0800] "GET /xingrg/javascript/jquery.utils.js HTTP/1.1" 304 -
180.175.212.199 - - [17/May/2020:09:45:13 +0800] "GET /xingrg/javascript/jquery.timers.js HTTP/1.1" 304 -
180.175.212.199 - - [17/May/2020:09:45:13 +0800] "POST /xingrg/all/common/load_tree.html?tree=area_rest_tree_json&manage=1 HTTP/1.1" 200 342
180.175.212.199 - - [17/May/2020:09:45:13 +0800] "GET /xingrg/check_reg.html?_=1589679915453 HTTP/1.1" 200 22
180.175.212.199 - - [17/May/2020:09:45:13 +0800] "GET /xingrg/all/function/internal_message.html?_=1589679915452&CODE_STATE=count HTTP/1.1" 200 11
180.175.212.199 - - [17/May/2020:09:45:13 +0800] "GET /favicon.ico HTTP/1.1" 404 -
180.175.212.199 - - [17/May/2020:09:45:13 +0800] "POST /xingrg/load_menu.html HTTP/1.1" 200 5138
180.175.212.199 - - [17/May/2020:09:45:18 +0800] "GET /xingrg/kc/mdqp/pssh_order_list.html HTTP/1.1" 200 17661
180.175.212.199 - - [17/May/2020:09:45:18 +0800] "GET /xingrg/css/base.css HTTP/1.1" 304 -
180.175.212.199 - - [17/May/2020:09:45:18 +0800] "GET /xingrg/css/site.css HTTP/1.1" 304 -
180.175.212.199 - - [17/May/2020:09:45:18 +0800] "GET /xingrg/javascript/jquery_tools/datebox.css HTTP/1.1" 304 -
180.175.212.199 - - [17/May/2020:09:45:18 +0800] "GET /xingrg/javascript/easyui/themes/default/easyui.css HTTP/1.1" 304 -
180.175.212.199 - - [17/May/2020:09:45:18 +0800] "GET /xingrg/javascript/easyui/themes/icon.css HTTP/1.1" 304 -
180.175.212.199 - - [17/May/2020:09:45:18 +0800] "GET /xingrg/javascript/auto/jquery.autocomplete.css HTTP/1.1" 304 -
180.175.212.199 - - [17/May/2020:09:45:18 +0800] "GET /xingrg/javascript/jquery_tools/fix.css HTTP/1.1" 304 -
180.175.212.199 - - [17/May/2020:09:45:18 +0800] "GET /xingrg/javascript/jquery_tools/table.css HTTP/1.1" 304 -
180.175.212.199 - - [17/May/2020:09:45:18 +0800] "GET /xingrg/javascript/jquery_tools/jquery.tools.extend.js HTTP/1.1" 304 -
180.175.212.199 - - [17/May/2020:09:45:18 +0800] "GET /xingrg/javascript/jquery_tools/jquery.tools.min.js HTTP/1.1" 304 -
180.175.212.199 - - [17/May/2020:09:45:18 +0800] "GET /xingrg/javascript/jquery_tools/jquery.tools.hotkey.js HTTP/1.1" 304 -
180.175.212.199 - - [17/May/2020:09:45:18 +0800] "GET /xingrg/javascript/jquery_tools/list_manager.js HTTP/1.1" 304 -
180.175.212.199 - - [17/May/2020:09:45:18 +0800] "GET /xingrg/javascript/jquery.cookie.js HTTP/1.1" 304 -
180.175.212.199 - - [17/May/2020:09:45:18 +0800] "GET /xingrg/javascript/easyui/easyloader.js HTTP/1.1" 304 -
180.175.212.199 - - [17/May/2020:09:45:18 +0800] "GET /xingrg/javascript/auto/jquery.autocomplete.js HTTP/1.1" 304 -
180.175.212.199 - - [17/May/2020:09:45:18 +0800] "GET /xingrg/javascript/jquery_tools/jquery.tools.table.js HTTP/1.1" 304 -
116.228.172.94 - - [17/May/2020:09:45:18 +0800] "GET /xingrg/all/function/internal_message.html?_=1589679921166&CODE_STATE=getMsg HTTP/1.1" 200 27
114.84.33.255 - - [17/May/2020:09:45:19 +0800] "GET /xingrg/all/function/internal_message.html?_=1589679946651&CODE_STATE=getMsg HTTP/1.1" 200 27
180.175.212.199 - - [17/May/2020:09:45:19 +0800] "GET /xingrg/javascript/easyui/plugins/jquery.parser.js HTTP/1.1" 304 -
180.175.212.199 - - [17/May/2020:09:45:19 +0800] "POST /xingrg/kc/mdqp/pssh_list_operate.html HTTP/1.1" 200 5425
180.175.212.199 - - [17/May/2020:09:45:21 +0800] "POST /xingrg/kc/mdqp/pssh_list_operate.html HTTP/1.1" 200 269
180.162.232.172 - - [17/May/2020:09:45:21 +0800] "GET /xingrg/all/function/internal_message.html?_=1589680058800&CODE_STATE=getMsg HTTP/1.1" 200 27
180.175.212.199 - - [17/May/2020:09:45:22 +0800] "POST /xingrg/kc/mdqp/pssh_list_operate.html HTTP/1.1" 200 741
114.88.170.9 - - [17/May/2020:09:45:23 +0800] "GET /xingrg/all/function/internal_message.html?_=1589680273095&CODE_STATE=getMsg HTTP/1.1" 200 27
180.175.212.199 - - [17/May/2020:09:45:23 +0800] "POST /xingrg/kc/mdqp/pssh_list_operate.html HTTP/1.1" 200 827
180.175.212.199 - - [17/May/2020:09:45:24 +0800] "GET /xingrg/kc/mdqp/pssh_order_info.html?code=312020051600292 HTTP/1.1" 200 14382
180.175.212.199 - - [17/May/2020:09:45:24 +0800] "GET /xingrg/javascript/print/LodopFuncs.js HTTP/1.1" 304 -
180.175.212.199 - - [17/May/2020:09:45:24 +0800] "GET /xingrg/javascript/jquery_tools/order_manager.js HTTP/1.1" 304 -
180.175.212.199 - - [17/May/2020:09:45:24 +0800] "GET /xingrg/words/20200516131853_words.js HTTP/1.1" 200 727710
180.175.212.199 - - [17/May/2020:09:45:24 +0800] "GET /xingrg/javascript/jquery_tools/jquery-1.4.2.min.js HTTP/1.1" 404 1094
180.175.212.199 - - [17/May/2020:09:45:24 +0800] "GET /xingrg/javascript/print/kc_print.js HTTP/1.1" 304 -
180.175.212.199 - - [17/May/2020:09:45:24 +0800] "GET /xingrg/javascript/convert.js HTTP/1.1" 304 -
180.175.212.199 - - [17/May/2020:09:45:24 +0800] "GET /xingrg/javascript/json2.js HTTP/1.1" 304 -
180.175.212.199 - - [17/May/2020:09:45:24 +0800] "GET /xingrg/javascript/pic_change.js HTTP/1.1" 304 -
180.175.212.199 - - [17/May/2020:09:45:25 +0800] "POST /xingrg/kc/mdqp/pssh_order_operate.html HTTP/1.1" 200 4705
180.175.212.199 - - [17/May/2020:09:45:25 +0800] "GET /xingrg/javascript/easyui/plugins/jquery.validatebox.js HTTP/1.1" 304 -
180.175.212.199 - - [17/May/2020:09:45:25 +0800] "GET /xingrg/javascript/easyui/themes/default/validatebox.css HTTP/1.1" 404 1104
180.175.212.199 - - [17/May/2020:09:45:25 +0800] "GET /xingrg/javascript/easyui/plugins/jquery.numberbox.js HTTP/1.1" 304 -
180.175.212.199 - - [17/May/2020:09:45:29 +0800] "POST /xingrg/kc/mdqp/pssh_list_operate.html HTTP/1.1" 200 783
180.175.212.199 - - [17/May/2020:09:45:29 +0800] "POST /xingrg/kc/mdqp/pssh_list_operate.html HTTP/1.1" 200 256
172.17.0.123 - - [17/May/2020:09:45:31 +0800] "GET /xingrg/all/function/internal_message.html?_=1589679927402&CODE_STATE=getMsg HTTP/1.1" 302 -
172.17.0.123 - - [17/May/2020:09:45:31 +0800] "GET /xingrg/check_reg.html?_=1589679927404 HTTP/1.1" 302 -
180.175.212.199 - - [17/May/2020:09:45:31 +0800] "GET /xingrg/kc/mdqp/pssh_order_info.html?code=312020051500289 HTTP/1.1" 200 17272
180.175.212.199 - - [17/May/2020:09:45:31 +0800] "GET /xingrg/javascript/jquery_tools/jquery-1.4.2.min.js HTTP/1.1" 404 1094
180.175.212.199 - - [17/May/2020:09:45:31 +0800] "POST /xingrg/kc/mdqp/pssh_order_operate.html HTTP/1.1" 200 538
114.86.190.97 - - [17/May/2020:09:45:31 +0800] "GET /xingrg/all/function/internal_message.html?_=1589679933338&CODE_STATE=getMsg HTTP/1.1" 200 27
180.175.212.199 - - [17/May/2020:09:45:31 +0800] "GET /xingrg/all/common/auto_word.html?type=base&rest_code=00102&rest_code=00102 HTTP/1.1" 200 1653
180.175.212.199 - - [17/May/2020:09:45:31 +0800] "GET /xingrg/all/common/auto_word.html?type=employee&rest_code=00102 HTTP/1.1" 200 189
180.175.212.199 - - [17/May/2020:09:45:31 +0800] "GET /xingrg/javascript/easyui/themes/default/validatebox.css HTTP/1.1" 404 1104
180.175.212.199 - - [17/May/2020:09:45:33 +0800] "POST /xingrg/all/common/load_combo.html?type=employee HTTP/1.1" 200 353
180.175.212.199 - - [17/May/2020:09:45:35 +0800] "POST /xingrg/all/common/load_combo.html?type=base&rest_code=00102 HTTP/1.1" 200 2966
180.175.212.199 - - [17/May/2020:09:45:39 +0800] "GET /xingrg/javascript/jquery_tools/images/prev.gif HTTP/1.1" 404 1086
180.175.212.199 - - [17/May/2020:09:45:39 +0800] "GET /xingrg/javascript/jquery_tools/images/next.gif HTTP/1.1" 404 1086
180.162.232.172 - - [17/May/2020:09:45:39 +0800] "GET /xingrg/all/function/internal_message.html?_=1589679943945&CODE_STATE=getMsg HTTP/1.1" 200 27
180.162.232.172 - - [17/May/2020:09:45:40 +0800] "GET /xingrg/check_reg.html?_=1589679944151 HTTP/1.1" 200 22
180.175.212.199 - - [17/May/2020:09:45:40 +0800] "POST /xingrg/kc/mdqp/pssh_order_operate.html HTTP/1.1" 200 37
180.175.212.199 - - [17/May/2020:09:45:40 +0800] "POST /xingrg/kc/mdqp/pssh_order_operate.html HTTP/1.1" 200 12
180.175.212.199 - - [17/May/2020:09:45:41 +0800] "GET /xingrg/kc/mdqp/pssh_order_info.html?code=312020051500289 HTTP/1.1" 200 14390
180.175.212.199 - - [17/May/2020:09:45:41 +0800] "GET /xingrg/javascript/jquery_tools/jquery-1.4.2.min.js HTTP/1.1" 404 1094
180.175.212.199 - - [17/May/2020:09:45:41 +0800] "POST /xingrg/kc/mdqp/pssh_order_operate.html HTTP/1.1" 200 538
180.175.212.199 - - [17/May/2020:09:45:41 +0800] "GET /xingrg/javascript/easyui/themes/default/validatebox.css HTTP/1.1" 404 1104
180.175.212.199 - - [17/May/2020:09:45:42 +0800] "GET /xingrg/kc/print/load_config.html?kc_code=pssh HTTP/1.1" 200 2290
180.175.212.199 - - [17/May/2020:09:45:42 +0800] "GET /xingrg/kc/print/load_data.html?order_code=312020051500289&kc_code=pssh&condition= HTTP/1.1" 200 682
58.40.7.146 - - [17/May/2020:09:45:48 +0800] "GET /xingrg/all/function/internal_message.html?_=1589679950251&CODE_STATE=getMsg HTTP/1.1" 200 27
58.40.7.146 - - [17/May/2020:09:45:48 +0800] "GET /xingrg/check_reg.html?_=1589679950252 HTTP/1.1" 200 22
114.84.33.255 - - [17/May/2020:09:45:48 +0800] "GET /xingrg/check_reg.html?_=1589679976003 HTTP/1.1" 200 22
114.84.33.255 - - [17/May/2020:09:45:49 +0800] "GET /xingrg/all/function/internal_message.html?_=1589679976198&CODE_STATE=getMsg HTTP/1.1" 200 27
117.185.32.26 - - [17/May/2020:09:45:50 +0800] "GET /xingrg/all/function/internal_message.html?_=1589680374559&CODE_STATE=getMsg HTTP/1.1" 200 27
117.185.32.26 - - [17/May/2020:09:45:50 +0800] "GET /xingrg/check_reg.html?_=1589680374561 HTTP/1.1" 200 22
180.175.212.199 - - [17/May/2020:09:45:51 +0800] "GET /xingrg/javascript/jquery_tools/images/prev.gif HTTP/1.1" 404 1086
180.175.212.199 - - [17/May/2020:09:45:51 +0800] "GET /xingrg/javascript/jquery_tools/images/next.gif HTTP/1.1" 404 1086
61.172.5.115 - - [17/May/2020:09:45:55 +0800] "GET /xingrg/all/function/internal_message.html?_=1589679956287&CODE_STATE=getMsg HTTP/1.1" 200 27
180.175.212.199 - - [17/May/2020:09:45:56 +0800] "GET /xingrg/all/function/internal_message.html?_=1589680156280&CODE_STATE=getMsg HTTP/1.1" 200 27
114.88.170.9 - - [17/May/2020:09:46:01 +0800] "GET /xingrg/all/function/internal_message.html?_=1589679959637&CODE_STATE=getMsg HTTP/1.1" 200 27
222.69.134.41 - - [17/May/2020:09:46:12 +0800] "GET /xingrg/all/function/internal_message.html?_=1589679974605&CODE_STATE=getMsg HTTP/1.1" 200 27
180.175.212.199 - - [17/May/2020:09:46:13 +0800] "GET /xingrg/all/function/internal_message.html?_=1589679975462&CODE_STATE=getMsg HTTP/1.1" 200 27
222.69.134.41 - - [17/May/2020:09:46:16 +0800] "GET /xingrg/kc/buy/cgsh_order_add.html HTTP/1.1" 200 58627
222.69.134.41 - - [17/May/2020:09:46:16 +0800] "POST /xingrg/kc/buy/cgsh_order_operate.html HTTP/1.1" 200 8245
222.69.134.41 - - [17/May/2020:09:46:16 +0800] "GET /xingrg/javascript/easyui/themes/default/validatebox.css HTTP/1.1" 404 1104
116.228.172.94 - - [17/May/2020:09:46:18 +0800] "GET /xingrg/check_reg.html?_=1589679980542 HTTP/1.1" 200 22
116.228.172.94 - - [17/May/2020:09:46:18 +0800] "GET /xingrg/all/function/internal_message.html?_=1589679981151&CODE_STATE=getMsg HTTP/1.1" 200 27
114.84.33.255 - - [17/May/2020:09:46:19 +0800] "GET /xingrg/all/function/internal_message.html?_=1589680007158&CODE_STATE=getMsg HTTP/1.1" 200 27
180.162.232.172 - - [17/May/2020:09:46:20 +0800] "GET /xingrg/check_reg.html?_=1589680118355 HTTP/1.1" 200 22
180.162.232.172 - - [17/May/2020:09:46:21 +0800] "GET /xingrg/all/function/internal_message.html?_=1589680118844&CODE_STATE=getMsg HTTP/1.1" 200 27
114.88.170.9 - - [17/May/2020:09:46:23 +0800] "GET /xingrg/check_reg.html?_=1589680333096 HTTP/1.1" 200 22
114.88.170.9 - - [17/May/2020:09:46:23 +0800] "GET /xingrg/all/function/internal_message.html?_=1589680333099&CODE_STATE=getMsg HTTP/1.1" 200 27
222.69.134.41 - - [17/May/2020:09:46:24 +0800] "GET /xingrg/javascript/jquery_tools/images/prev.gif HTTP/1.1" 404 1086
222.69.134.41 - - [17/May/2020:09:46:24 +0800] "GET /xingrg/javascript/jquery_tools/images/next.gif HTTP/1.1" 404 1086
172.17.0.123 - - [17/May/2020:09:46:31 +0800] "GET /xingrg/all/function/internal_message.html?_=1589679987389&CODE_STATE=getMsg HTTP/1.1" 302 -
114.86.190.97 - - [17/May/2020:09:46:31 +0800] "GET /xingrg/all/function/internal_message.html?_=1589679993404&CODE_STATE=getMsg HTTP/1.1" 200 27
180.162.232.172 - - [17/May/2020:09:46:39 +0800] "GET /xingrg/all/function/internal_message.html?_=1589680003931&CODE_STATE=getMsg HTTP/1.1" 200 27
222.69.134.41 - - [17/May/2020:09:46:42 +0800] "GET /xingrg/kc/buy/cgsh_order_operate.html?command=get_materiel&rest_code=00149&code=00101009019&supplier_code=00100201&order_time=2020-05-17 HTTP/1.1" 200 412
58.40.7.146 - - [17/May/2020:09:46:48 +0800] "GET /xingrg/all/function/internal_message.html?_=1589680010256&CODE_STATE=getMsg HTTP/1.1" 200 27
114.84.33.255 - - [17/May/2020:09:46:49 +0800] "GET /xingrg/all/function/internal_message.html?_=1589680036211&CODE_STATE=getMsg HTTP/1.1" 200 27
117.185.32.26 - - [17/May/2020:09:46:50 +0800] "GET /xingrg/all/function/internal_message.html?_=1589680434560&CODE_STATE=getMsg HTTP/1.1" 200 27
61.172.5.115 - - [17/May/2020:09:46:55 +0800] "GET /xingrg/all/function/internal_message.html?_=1589680016289&CODE_STATE=getMsg HTTP/1.1" 200 27
222.69.134.41 - - [17/May/2020:09:46:55 +0800] "GET /xingrg/kc/buy/cgsh_order_operate.html?command=get_materiel&rest_code=00149&code=00101009011&supplier_code=00100201&order_time=2020-05-17 HTTP/1.1" 200 416
180.175.212.199 - - [17/May/2020:09:46:56 +0800] "GET /xingrg/all/function/internal_message.html?_=1589680216294&CODE_STATE=getMsg HTTP/1.1" 200 27
114.88.170.9 - - [17/May/2020:09:47:01 +0800] "GET /xingrg/all/function/internal_message.html?_=1589680019652&CODE_STATE=getMsg HTTP/1.1" 200 27
222.69.134.41 - - [17/May/2020:09:47:04 +0800] "GET /xingrg/kc/buy/cgsh_order_operate.html?command=get_materiel&rest_code=00149&code=00101009007&supplier_code=00100201&order_time=2020-05-17 HTTP/1.1" 200 408
222.69.134.41 - - [17/May/2020:09:47:13 +0800] "GET /xingrg/all/function/internal_message.html?_=1589680034655&CODE_STATE=getMsg HTTP/1.1" 200 27
180.175.212.199 - - [17/May/2020:09:47:13 +0800] "GET /xingrg/all/function/internal_message.html?_=1589680035478&CODE_STATE=getMsg HTTP/1.1" 200 27
116.228.172.94 - - [17/May/2020:09:47:18 +0800] "GET /xingrg/all/function/internal_message.html?_=1589680041125&CODE_STATE=getMsg HTTP/1.1" 200 27
114.84.33.255 - - [17/May/2020:09:47:19 +0800] "GET /xingrg/all/function/internal_message.html?_=1589680067162&CODE_STATE=getMsg HTTP/1.1" 200 27
222.69.134.41 - - [17/May/2020:09:47:19 +0800] "POST /xingrg/kc/buy/cgsh_order_operate.html HTTP/1.1" 200 37
180.162.232.172 - - [17/May/2020:09:47:21 +0800] "GET /xingrg/all/function/internal_message.html?_=1589680178852&CODE_STATE=getMsg HTTP/1.1" 200 27
222.69.134.41 - - [17/May/2020:09:47:21 +0800] "POST /xingrg/kc/buy/cgsh_order_operate.html HTTP/1.1" 200 12
222.69.134.41 - - [17/May/2020:09:47:22 +0800] "GET /xingrg/kc/buy/cgsh_order_info.html?code=212020051705829 HTTP/1.1" 200 53530
222.69.134.41 - - [17/May/2020:09:47:22 +0800] "GET /xingrg/javascript/easyui/themes/default/validatebox.css HTTP/1.1" 404 1104
222.69.134.41 - - [17/May/2020:09:47:22 +0800] "POST /xingrg/kc/buy/cgsh_order_operate.html HTTP/1.1" 200 2380
114.88.170.9 - - [17/May/2020:09:47:23 +0800] "GET /xingrg/all/function/internal_message.html?_=1589680393099&CODE_STATE=getMsg HTTP/1.1" 200 27
222.69.134.41 - - [17/May/2020:09:47:23 +0800] "GET /xingrg/kc/print/load_data.html?order_code=212020051705829&kc_code=cgsh&condition= HTTP/1.1" 200 1383
116.232.52.212 - - [17/May/2020:09:47:26 +0800] "GET /xingrg/login.html HTTP/1.1" 200 7641
222.69.134.41 - - [17/May/2020:09:47:27 +0800] "GET /xingrg/kc/buy/cgsh_order_add.html HTTP/1.1" 200 58627
222.69.134.41 - - [17/May/2020:09:47:27 +0800] "POST /xingrg/kc/buy/cgsh_order_operate.html HTTP/1.1" 200 8245
222.69.134.41 - - [17/May/2020:09:47:27 +0800] "GET /xingrg/javascript/easyui/themes/default/validatebox.css HTTP/1.1" 404 1104
116.232.52.212 - - [17/May/2020:09:47:29 +0800] "GET /favicon.ico HTTP/1.1" 404 -
172.17.0.123 - - [17/May/2020:09:47:31 +0800] "GET /xingrg/all/function/internal_message.html?_=1589680047391&CODE_STATE=getMsg HTTP/1.1" 302 -
114.86.190.97 - - [17/May/2020:09:47:31 +0800] "GET /xingrg/all/function/internal_message.html?_=1589680053411&CODE_STATE=getMsg HTTP/1.1" 200 27
116.232.52.212 - - [17/May/2020:09:47:33 +0800] "POST /xingrg/login.do HTTP/1.1" 302 -
116.232.52.212 - - [17/May/2020:09:47:33 +0800] "GET /xingrg/index.html?sysBaseUrl=http%3A%2F%2F180.169.147.146%3A18081%2Fxingrg%2F&costTime=52×tamp=1589680053105 HTTP/1.1" 200 17173
116.232.52.212 - - [17/May/2020:09:47:33 +0800] "POST /xingrg/all/common/load_tree.html?tree=area_rest_tree_json&manage=1 HTTP/1.1" 200 342
116.232.52.212 - - [17/May/2020:09:47:33 +0800] "POST /xingrg/load_menu.html HTTP/1.1" 200 5138
116.232.52.212 - - [17/May/2020:09:47:33 +0800] "GET /xingrg/all/function/internal_message.html?_=1589680082545&CODE_STATE=count HTTP/1.1" 200 11
116.232.52.212 - - [17/May/2020:09:47:33 +0800] "GET /xingrg/check_reg.html?_=1589680082546 HTTP/1.1" 200 22
116.232.52.212 - - [17/May/2020:09:47:35 +0800] "GET /xingrg/kc/buy/buy_main.html HTTP/1.1" 200 12412
116.232.52.212 - - [17/May/2020:09:47:35 +0800] "GET /xingrg/css/new_ie.css HTTP/1.1" 404 1036
116.232.52.212 - - [17/May/2020:09:47:37 +0800] "GET /xingrg/kc/buy/cgsh_order_list.html HTTP/1.1" 200 42883
116.232.52.212 - - [17/May/2020:09:47:38 +0800] "POST /xingrg/kc/buy/cgsh_list_operate.html HTTP/1.1" 200 876
180.162.232.172 - - [17/May/2020:09:47:39 +0800] "GET /xingrg/all/function/internal_message.html?_=1589680063918&CODE_STATE=getMsg HTTP/1.1" 200 27
116.232.52.212 - - [17/May/2020:09:47:40 +0800] "GET /xingrg/kc/buy/cgsh_order_add.html HTTP/1.1" 200 58668
116.232.52.212 - - [17/May/2020:09:47:40 +0800] "GET /xingrg/words/20200516131853_words.js HTTP/1.1" 304 -
116.232.52.212 - - [17/May/2020:09:47:41 +0800] "POST /xingrg/kc/buy/cgsh_order_operate.html HTTP/1.1" 200 8245
116.232.52.212 - - [17/May/2020:09:47:41 +0800] "GET /xingrg/all/common/auto_word.html?type=employee&rest_code=00109 HTTP/1.1" 200 255
116.232.52.212 - - [17/May/2020:09:47:41 +0800] "GET /xingrg/all/common/auto_word.html?type=employee&rest_code=00109 HTTP/1.1" 200 255
116.232.52.212 - - [17/May/2020:09:47:41 +0800] "GET /xingrg/javascript/easyui/themes/default/validatebox.css HTTP/1.1" 404 1104
222.69.134.41 - - [17/May/2020:09:47:41 +0800] "GET /xingrg/kc/buy/cgsh_order_operate.html?command=get_materiel&rest_code=00149&code=00101007048&supplier_code=00100205&order_time=2020-05-17 HTTP/1.1" 200 410
116.232.52.212 - - [17/May/2020:09:47:46 +0800] "GET /xingrg/kc/buy/cgsh_order_operate.html?command=get_materiel&rest_code=00109&code=00101008307&supplier_code=&order_time=2020-05-17 HTTP/1.1" 200 420
58.40.7.146 - - [17/May/2020:09:47:48 +0800] "GET /xingrg/all/function/internal_message.html?_=1589680070257&CODE_STATE=getMsg HTTP/1.1" 200 27
114.84.33.255 - - [17/May/2020:09:47:49 +0800] "GET /xingrg/all/function/internal_message.html?_=1589680096225&CODE_STATE=getMsg HTTP/1.1" 200 27
117.185.32.26 - - [17/May/2020:09:47:50 +0800] "GET /xingrg/all/function/internal_message.html?_=1589680494590&CODE_STATE=getMsg HTTP/1.1" 200 27
61.172.5.115 - - [17/May/2020:09:47:55 +0800] "GET /xingrg/all/function/internal_message.html?_=1589680076294&CODE_STATE=getMsg HTTP/1.1" 200 27
61.172.5.115 - - [17/May/2020:09:47:55 +0800] "GET /xingrg/check_reg.html?_=1589680076297 HTTP/1.1" 200 22
180.175.212.199 - - [17/May/2020:09:47:56 +0800] "GET /xingrg/all/function/internal_message.html?_=1589680276346&CODE_STATE=getMsg HTTP/1.1" 200 27
222.69.134.41 - - [17/May/2020:09:47:57 +0800] "GET /xingrg/kc/buy/cgsh_order_operate.html?command=get_materiel&rest_code=00149&code=00101007023&supplier_code=00100205&order_time=2020-05-17 HTTP/1.1" 200 409
116.232.33.186 - - [17/May/2020:09:47:59 +0800] "POST /xingrg/services/DataTransmitService HTTP/1.1" 200 524
114.88.170.9 - - [17/May/2020:09:48:01 +0800] "GET /xingrg/all/function/internal_message.html?_=1589680080094&CODE_STATE=getMsg HTTP/1.1" 200 27
222.69.134.41 - - [17/May/2020:09:48:07 +0800] "GET /xingrg/kc/buy/cgsh_order_operate.html?command=get_materiel&rest_code=00149&code=00101007059&supplier_code=00100205&order_time=2020-05-17 HTTP/1.1" 200 409
114.88.170.9 - - [17/May/2020:09:48:08 +0800] "GET /xingrg/check_reg.html?_=1589680086437 HTTP/1.1" 200 22
222.69.134.41 - - [17/May/2020:09:48:13 +0800] "GET /xingrg/all/function/internal_message.html?_=1589680094645&CODE_STATE=getMsg HTTP/1.1" 200 27
180.175.212.199 - - [17/May/2020:09:48:13 +0800] "GET /xingrg/all/function/internal_message.html?_=1589680095487&CODE_STATE=getMsg HTTP/1.1" 200 27
116.228.172.94 - - [17/May/2020:09:48:18 +0800] "GET /xingrg/all/function/internal_message.html?_=1589680101097&CODE_STATE=getMsg HTTP/1.1" 200 27
114.84.33.255 - - [17/May/2020:09:48:18 +0800] "GET /xingrg/check_reg.html?_=1589680126065 HTTP/1.1" 200 22
222.69.134.41 - - [17/May/2020:09:48:19 +0800] "POST /xingrg/kc/buy/cgsh_order_operate.html HTTP/1.1" 200 37
114.84.33.255 - - [17/May/2020:09:48:19 +0800] "GET /xingrg/all/function/internal_message.html?_=1589680127174&CODE_STATE=getMsg HTTP/1.1" 200 27
180.162.232.172 - - [17/May/2020:09:48:21 +0800] "GET /xingrg/all/function/internal_message.html?_=1589680238867&CODE_STATE=getMsg HTTP/1.1" 200 27
222.69.134.41 - - [17/May/2020:09:48:21 +0800] "POST /xingrg/kc/buy/cgsh_order_operate.html HTTP/1.1" 200 12
222.69.134.41 - - [17/May/2020:09:48:22 +0800] "GET /xingrg/kc/buy/cgsh_order_info.html?code=212020051705830 HTTP/1.1" 200 53528
222.69.134.41 - - [17/May/2020:09:48:22 +0800] "GET /xingrg/javascript/easyui/themes/default/validatebox.css HTTP/1.1" 404 1104
222.69.134.41 - - [17/May/2020:09:48:22 +0800] "POST /xingrg/kc/buy/cgsh_order_operate.html HTTP/1.1" 200 1783
114.88.170.9 - - [17/May/2020:09:48:23 +0800] "GET /xingrg/all/function/internal_message.html?_=1589680453099&CODE_STATE=getMsg HTTP/1.1" 200 27
222.69.134.41 - - [17/May/2020:09:48:23 +0800] "GET /xingrg/kc/print/load_data.html?order_code=212020051705830&kc_code=cgsh&condition= HTTP/1.1" 200 1139
222.69.134.41 - - [17/May/2020:09:48:27 +0800] "GET /xingrg/kc/buy/cgsh_order_add.html HTTP/1.1" 200 58627
222.69.134.41 - - [17/May/2020:09:48:27 +0800] "POST /xingrg/kc/buy/cgsh_order_operate.html HTTP/1.1" 200 8245
222.69.134.41 - - [17/May/2020:09:48:27 +0800] "GET /xingrg/javascript/easyui/themes/default/validatebox.css HTTP/1.1" 404 1104
172.17.0.123 - - [17/May/2020:09:48:31 +0800] "GET /xingrg/all/function/internal_message.html?_=1589680107397&CODE_STATE=getMsg HTTP/1.1" 302 -
114.86.190.97 - - [17/May/2020:09:48:31 +0800] "GET /xingrg/check_reg.html?_=1589680113170 HTTP/1.1" 200 22
114.86.190.97 - - [17/May/2020:09:48:31 +0800] "GET /xingrg/all/function/internal_message.html?_=1589680113426&CODE_STATE=getMsg HTTP/1.1" 200 27
116.232.52.212 - - [17/May/2020:09:48:33 +0800] "GET /xingrg/all/function/internal_message.html?_=1589680142562&CODE_STATE=getMsg HTTP/1.1" 200 27
222.69.134.41 - - [17/May/2020:09:48:39 +0800] "GET /xingrg/kc/buy/cgsh_order_operate.html?command=get_materiel&rest_code=00149&code=00101002027&supplier_code=00100039&order_time=2020-05-17 HTTP/1.1" 200 415
180.162.232.172 - - [17/May/2020:09:48:39 +0800] "GET /xingrg/all/function/internal_message.html?_=1589680123904&CODE_STATE=getMsg HTTP/1.1" 200 27
116.228.172.94 - - [17/May/2020:09:48:48 +0800] "POST /xingrg/kc/buy/cgsh_order_operate.html HTTP/1.1" 200 37
58.40.7.146 - - [17/May/2020:09:48:48 +0800] "GET /xingrg/all/function/internal_message.html?_=1589680130245&CODE_STATE=getMsg HTTP/1.1" 200 27
116.228.172.94 - - [17/May/2020:09:48:49 +0800] "POST /xingrg/kc/buy/cgsh_order_operate.html HTTP/1.1" 200 40474
114.84.33.255 - - [17/May/2020:09:48:49 +0800] "GET /xingrg/all/function/internal_message.html?_=1589680156243&CODE_STATE=getMsg HTTP/1.1" 200 27
222.69.134.41 - - [17/May/2020:09:48:50 +0800] "GET /xingrg/kc/buy/cgsh_order_operate.html?command=get_materiel&rest_code=00149&code=00101002010&supplier_code=00100039&order_time=2020-05-17 HTTP/1.1" 200 432
117.185.32.26 - - [17/May/2020:09:48:50 +0800] "GET /xingrg/all/function/internal_message.html?_=1589680554590&CODE_STATE=getMsg HTTP/1.1" 200 27
116.228.172.94 - - [17/May/2020:09:48:54 +0800] "GET /xingrg/kc/print/load_data.html?order_code=212020051705805&kc_code=cgsh&condition= HTTP/1.1" 200 14951
61.172.5.115 - - [17/May/2020:09:48:55 +0800] "GET /xingrg/all/function/internal_message.html?_=1589680136297&CODE_STATE=getMsg HTTP/1.1" 200 27
180.175.212.199 - - [17/May/2020:09:48:56 +0800] "GET /xingrg/all/function/internal_message.html?_=1589680336359&CODE_STATE=getMsg HTTP/1.1" 200 27
120.253.135.82 - - [17/May/2020:09:48:58 +0800] "GET /xingrg/all/function/internal_message.html?_=1589679887501&CODE_STATE=getMsg HTTP/1.1" 200 27
120.253.135.82 - - [17/May/2020:09:48:58 +0800] "GET /xingrg/check_reg.html?_=1589679887516 HTTP/1.1" 200 22
222.69.134.41 - - [17/May/2020:09:48:59 +0800] "GET /xingrg/kc/buy/cgsh_order_operate.html?command=get_materiel&rest_code=00149&code=00101005037&supplier_code=00100039&order_time=2020-05-17 HTTP/1.1" 200 409
114.88.170.9 - - [17/May/2020:09:49:01 +0800] "GET /xingrg/all/function/internal_message.html?_=1589680140102&CODE_STATE=getMsg HTTP/1.1" 200 27
120.253.135.82 - - [17/May/2020:09:49:02 +0800] "GET /xingrg/javascript/easyui/themes/default/images/button_plain_hover.png HTTP/1.1" 200 144
120.253.135.82 - - [17/May/2020:09:49:02 +0800] "GET /xingrg/javascript/easyui/themes/default/images/button_plain_hover.png HTTP/1.1" 200 144
120.253.135.82 - - [17/May/2020:09:49:02 +0800] "GET /xingrg/javascript/easyui/themes/default/images/button_plain_hover.png HTTP/1.1" 200 144
222.69.134.41 - - [17/May/2020:09:49:08 +0800] "GET /xingrg/kc/buy/cgsh_order_operate.html?command=get_materiel&rest_code=00149&code=00101003025&supplier_code=00100039&order_time=2020-05-17 HTTP/1.1" 200 409
222.69.134.41 - - [17/May/2020:09:49:12 +0800] "GET /xingrg/all/function/internal_message.html?_=1589680154610&CODE_STATE=getMsg HTTP/1.1" 200 27
180.175.212.199 - - [17/May/2020:09:49:13 +0800] "GET /xingrg/all/function/internal_message.html?_=1589680155499&CODE_STATE=getMsg HTTP/1.1" 200 27
120.253.135.82 - - [17/May/2020:09:49:15 +0800] "POST /xingrg/kc/pszx/mdps_list_operate.html HTTP/1.1" 200 201
116.228.172.94 - - [17/May/2020:09:49:18 +0800] "GET /xingrg/all/function/internal_message.html?_=1589680161084&CODE_STATE=getMsg HTTP/1.1" 200 27
222.69.134.41 - - [17/May/2020:09:49:19 +0800] "GET /xingrg/kc/buy/cgsh_order_operate.html?command=get_materiel&rest_code=00149&code=00101001060&supplier_code=00100039&order_time=2020-05-17 HTTP/1.1" 200 421
114.84.33.255 - - [17/May/2020:09:49:19 +0800] "GET /xingrg/all/function/internal_message.html?_=1589680187189&CODE_STATE=getMsg HTTP/1.1" 200 27
180.162.232.172 - - [17/May/2020:09:49:21 +0800] "GET /xingrg/all/function/internal_message.html?_=1589680298923&CODE_STATE=getMsg HTTP/1.1" 200 27
114.88.170.9 - - [17/May/2020:09:49:23 +0800] "GET /xingrg/all/function/internal_message.html?_=1589680513100&CODE_STATE=getMsg HTTP/1.1" 200 27
172.17.0.123 - - [17/May/2020:09:49:31 +0800] "GET /xingrg/all/function/internal_message.html?_=1589680167399&CODE_STATE=getMsg HTTP/1.1" 302 -
114.86.190.97 - - [17/May/2020:09:49:31 +0800] "GET /xingrg/all/function/internal_message.html?_=1589680173439&CODE_STATE=getMsg HTTP/1.1" 200 27
116.232.52.212 - - [17/May/2020:09:49:33 +0800] "GET /xingrg/all/function/internal_message.html?_=1589680202562&CODE_STATE=getMsg HTTP/1.1" 200 27
120.253.135.82 - - [17/May/2020:09:49:39 +0800] "GET /xingrg/kc/pszx/mdps_order_info.html?code=312020051700326 HTTP/1.1" 200 23849
120.253.135.82 - - [17/May/2020:09:49:39 +0800] "POST /xingrg/kc/pszx/mdps_order_operate.html HTTP/1.1" 200 2281
120.253.135.82 - - [17/May/2020:09:49:39 +0800] "GET /xingrg/javascript/easyui/themes/default/validatebox.css HTTP/1.1" 404 1104
180.162.232.172 - - [17/May/2020:09:49:39 +0800] "GET /xingrg/all/function/internal_message.html?_=1589680183891&CODE_STATE=getMsg HTTP/1.1" 200 27
222.69.134.41 - - [17/May/2020:09:49:41 +0800] "GET /xingrg/kc/buy/cgsh_order_operate.html?command=get_materiel&rest_code=00149&code=00101001111&supplier_code=00100039&order_time=2020-05-17 HTTP/1.1" 200 409
120.253.135.82 - - [17/May/2020:09:49:44 +0800] "POST /xingrg/kc/pszx/mdps_order_operate.html HTTP/1.1" 200 37
120.253.135.82 - - [17/May/2020:09:49:45 +0800] "POST /xingrg/kc/pszx/mdps_order_operate.html HTTP/1.1" 200 12
120.253.135.82 - - [17/May/2020:09:49:46 +0800] "GET /xingrg/kc/pszx/mdps_order_info.html?code=312020051700326 HTTP/1.1" 200 19509
120.253.135.82 - - [17/May/2020:09:49:46 +0800] "GET /xingrg/javascript/easyui/themes/default/validatebox.css HTTP/1.1" 404 1104
120.253.135.82 - - [17/May/2020:09:49:46 +0800] "POST /xingrg/kc/pszx/mdps_order_operate.html HTTP/1.1" 200 503
58.40.7.146 - - [17/May/2020:09:49:48 +0800] "GET /xingrg/all/function/internal_message.html?_=1589680190249&CODE_STATE=getMsg HTTP/1.1" 200 27
114.84.33.255 - - [17/May/2020:09:49:49 +0800] "GET /xingrg/all/function/internal_message.html?_=1589680216252&CODE_STATE=getMsg HTTP/1.1" 200 27
117.185.32.26 - - [17/May/2020:09:49:50 +0800] "GET /xingrg/all/function/internal_message.html?_=1589680614589&CODE_STATE=getMsg HTTP/1.1" 200 27
120.253.135.82 - - [17/May/2020:09:49:50 +0800] "GET /xingrg/all/function/internal_message.html?_=1589679947512&CODE_STATE=getMsg HTTP/1.1" 200 27
120.253.135.82 - - [17/May/2020:09:49:51 +0800] "POST /xingrg/kc/pszx/mdps_list_operate.html HTTP/1.1" 200 1692
222.69.134.41 - - [17/May/2020:09:49:52 +0800] "POST /xingrg/kc/buy/cgsh_order_operate.html HTTP/1.1" 200 37
120.253.135.82 - - [17/May/2020:09:49:52 +0800] "POST /xingrg/kc/pszx/mdps_list_operate.html HTTP/1.1" 200 606
120.253.135.82 - - [17/May/2020:09:49:53 +0800] "GET /xingrg/kc/pszx/mdps_order_info.html?code=312020051700327 HTTP/1.1" 200 23849
120.253.135.82 - - [17/May/2020:09:49:53 +0800] "GET /xingrg/javascript/easyui/themes/default/validatebox.css HTTP/1.1" 404 1104
222.69.134.41 - - [17/May/2020:09:49:54 +0800] "POST /xingrg/kc/buy/cgsh_order_operate.html HTTP/1.1" 200 12
120.253.135.82 - - [17/May/2020:09:49:54 +0800] "POST /xingrg/kc/pszx/mdps_order_operate.html HTTP/1.1" 200 5324
61.172.5.115 - - [17/May/2020:09:49:55 +0800] "GET /xingrg/all/function/internal_message.html?_=1589680196301&CODE_STATE=getMsg HTTP/1.1" 200 27
180.175.212.199 - - [17/May/2020:09:49:55 +0800] "GET /xingrg/check_reg.html?_=1589680395738 HTTP/1.1" 200 22
180.175.212.199 - - [17/May/2020:09:49:56 +0800] "GET /xingrg/all/function/internal_message.html?_=1589680396366&CODE_STATE=getMsg HTTP/1.1" 200 27
222.69.134.41 - - [17/May/2020:09:49:58 +0800] "GET /xingrg/kc/buy/cgsh_order_info.html?code=212020051705831 HTTP/1.1" 200 53530
222.69.134.41 - - [17/May/2020:09:49:59 +0800] "GET /xingrg/javascript/easyui/themes/default/validatebox.css HTTP/1.1" 404 1104
222.69.134.41 - - [17/May/2020:09:49:59 +0800] "POST /xingrg/kc/buy/cgsh_order_operate.html HTTP/1.1" 200 3577
222.69.134.41 - - [17/May/2020:09:50:00 +0800] "GET /xingrg/kc/print/load_data.html?order_code=212020051705831&kc_code=cgsh&condition= HTTP/1.1" 200 1860
114.88.170.9 - - [17/May/2020:09:50:01 +0800] "GET /xingrg/all/function/internal_message.html?_=1589680200114&CODE_STATE=getMsg HTTP/1.1" 200 27
120.253.135.82 - - [17/May/2020:09:50:01 +0800] "POST /xingrg/kc/pszx/mdps_order_operate.html HTTP/1.1" 200 37
120.253.135.82 - - [17/May/2020:09:50:02 +0800] "POST /xingrg/kc/pszx/mdps_order_operate.html HTTP/1.1" 200 12
222.69.134.41 - - [17/May/2020:09:50:04 +0800] "GET /xingrg/kc/buy/cgsh_order_add.html HTTP/1.1" 200 58627
222.69.134.41 - - [17/May/2020:09:50:04 +0800] "POST /xingrg/kc/buy/cgsh_order_operate.html HTTP/1.1" 200 8245
222.69.134.41 - - [17/May/2020:09:50:04 +0800] "GET /xingrg/javascript/easyui/themes/default/validatebox.css HTTP/1.1" 404 1104
120.253.135.82 - - [17/May/2020:09:50:05 +0800] "GET /xingrg/kc/pszx/mdps_order_info.html?code=312020051700327 HTTP/1.1" 200 19509
120.253.135.82 - - [17/May/2020:09:50:06 +0800] "POST /xingrg/kc/pszx/mdps_order_operate.html HTTP/1.1" 200 3516
120.253.135.82 - - [17/May/2020:09:50:06 +0800] "GET /xingrg/javascript/easyui/themes/default/validatebox.css HTTP/1.1" 404 1104
120.253.135.82 - - [17/May/2020:09:50:08 +0800] "POST /xingrg/kc/pszx/mdps_list_operate.html HTTP/1.1" 200 868
120.253.135.82 - - [17/May/2020:09:50:11 +0800] "GET /xingrg/javascript/jquery_easy_ui/themes/default/images/tabs_active.png HTTP/1.1" 200 2894
222.69.134.41 - - [17/May/2020:09:50:12 +0800] "GET /xingrg/all/function/internal_message.html?_=1589680214628&CODE_STATE=getMsg HTTP/1.1" 200 27
222.69.134.41 - - [17/May/2020:09:50:13 +0800] "GET /xingrg/check_reg.html?_=1589680214634 HTTP/1.1" 200 22
180.175.212.199 - - [17/May/2020:09:50:13 +0800] "GET /xingrg/check_reg.html?_=1589680215446 HTTP/1.1" 200 22
180.175.212.199 - - [17/May/2020:09:50:13 +0800] "GET /xingrg/all/function/internal_message.html?_=1589680215526&CODE_STATE=getMsg HTTP/1.1" 200 27
120.253.135.82 - - [17/May/2020:09:50:18 +0800] "POST /xingrg/kc/pszx/mdps_list_operate.html HTTP/1.1" 200 1690
116.228.172.94 - - [17/May/2020:09:50:18 +0800] "GET /xingrg/all/function/internal_message.html?_=1589680221059&CODE_STATE=getMsg HTTP/1.1" 200 27
120.253.135.82 - - [17/May/2020:09:50:19 +0800] "POST /xingrg/kc/pszx/mdps_list_operate.html HTTP/1.1" 200 211
114.84.33.255 - - [17/May/2020:09:50:19 +0800] "GET /xingrg/all/function/internal_message.html?_=1589680247204&CODE_STATE=getMsg HTTP/1.1" 200 27
120.253.135.82 - - [17/May/2020:09:50:20 +0800] "GET /xingrg/kc/pszx/mdps_order_info.html?code=312020051700328 HTTP/1.1" 200 23849
120.253.135.82 - - [17/May/2020:09:50:20 +0800] "POST /xingrg/kc/pszx/mdps_order_operate.html HTTP/1.1" 200 2297
120.253.135.82 - - [17/May/2020:09:50:20 +0800] "GET /xingrg/javascript/easyui/themes/default/validatebox.css HTTP/1.1" 404 1104
222.69.134.41 - - [17/May/2020:09:50:20 +0800] "GET /xingrg/kc/buy/cgsh_order_operate.html?command=get_materiel&rest_code=00149&code=00101004067&supplier_code=00100083&order_time=2020-05-17 HTTP/1.1" 200 413
180.162.232.172 - - [17/May/2020:09:50:21 +0800] "GET /xingrg/all/function/internal_message.html?_=1589680358925&CODE_STATE=getMsg HTTP/1.1" 200 27
114.88.170.9 - - [17/May/2020:09:50:23 +0800] "GET /xingrg/all/function/internal_message.html?_=1589680573100&CODE_STATE=getMsg HTTP/1.1" 200 27
