114.86.190.97 - - [17/May/2020:10:24:28 +0800] "GET /xingrg/system/rest/get_item.html?table=menu&target=cook_mode&id=1932&_=1589682270336 HTTP/1.1" 200 15037
114.86.190.97 - - [17/May/2020:10:24:29 +0800] "GET /xingrg/system/rest/get_infos.html?command=menu_img_show&id=1932 HTTP/1.1" 200 5
117.184.7.26 - - [17/May/2020:10:24:30 +0800] "GET /xingrg/all/function/internal_message.html?_=1589682271535&CODE_STATE=getMsg HTTP/1.1" 200 27
172.17.0.123 - - [17/May/2020:10:24:31 +0800] "GET /xingrg/all/function/internal_message.html?_=1589682267389&CODE_STATE=getMsg HTTP/1.1" 302 -
114.86.190.97 - - [17/May/2020:10:24:31 +0800] "GET /xingrg/system/rest/get_item.html?table=menu&target=menu_rest_detail&id=1932&sid=14&_=1589682272935 HTTP/1.1" 200 426
114.84.33.255 - - [17/May/2020:10:24:32 +0800] "GET /xingrg/kc/buy/cgsh_order_operate.html?command=get_materiel&rest_code=00146&code=00101001140&supplier_code=00100319&order_time=2020-05-17 HTTP/1.1" 200 415
114.86.190.97 - - [17/May/2020:10:24:32 +0800] "GET /xingrg/all/function/internal_message.html?_=1589682274523&CODE_STATE=getMsg HTTP/1.1" 200 27
117.184.7.26 - - [17/May/2020:10:24:34 +0800] "POST /xingrg/kc/buy/cgsh_order_operate.html HTTP/1.1" 200 37
117.184.7.26 - - [17/May/2020:10:24:34 +0800] "POST /xingrg/kc/buy/cgsh_order_operate.html HTTP/1.1" 200 4546
117.184.7.26 - - [17/May/2020:10:24:36 +0800] "GET /xingrg/kc/print/load_config.html?kc_code=cgsh HTTP/1.1" 200 1845
117.184.7.26 - - [17/May/2020:10:24:36 +0800] "GET /xingrg/kc/print/load_data.html?order_code=212020051705872&kc_code=cgsh&condition= HTTP/1.1" 200 1518
114.86.190.97 - - [17/May/2020:10:24:37 +0800] "POST /xingrg/system/rest/edit_item.html HTTP/1.1" 200 4
114.86.190.97 - - [17/May/2020:10:24:37 +0800] "GET /xingrg/system/rest/get_item.html?table=menu&target=menu_rest&id=1932&_=1589682278666 HTTP/1.1" 200 756
180.162.232.172 - - [17/May/2020:10:24:39 +0800] "GET /xingrg/all/function/internal_message.html?_=1589682283191&CODE_STATE=getMsg HTTP/1.1" 200 27
114.84.33.255 - - [17/May/2020:10:24:47 +0800] "POST /xingrg/kc/buy/cgsh_order_operate.html HTTP/1.1" 200 37
58.40.7.146 - - [17/May/2020:10:24:48 +0800] "GET /xingrg/all/function/internal_message.html?_=1589682290286&CODE_STATE=getMsg HTTP/1.1" 200 27
114.84.33.255 - - [17/May/2020:10:24:48 +0800] "POST /xingrg/kc/buy/cgsh_order_operate.html HTTP/1.1" 200 4447
114.86.190.97 - - [17/May/2020:10:24:49 +0800] "GET /xingrg/system/rest/query_items.html?_=1589682290502&table=menu&page=1&rows=20&categoryId=&key=%25E6%25B5%25B7%25E8%2582%25A0 HTTP/1.1" 200 248
114.84.33.255 - - [17/May/2020:10:24:49 +0800] "GET /xingrg/all/function/internal_message.html?_=1589682317118&CODE_STATE=getMsg HTTP/1.1" 200 27
117.185.32.26 - - [17/May/2020:10:24:50 +0800] "GET /xingrg/all/function/internal_message.html?_=1589682714753&CODE_STATE=getMsg HTTP/1.1" 200 27
114.86.190.97 - - [17/May/2020:10:24:50 +0800] "GET /xingrg/system/rest/query_items.html?_=1589682291938&table=menu&page=1&rows=20&categoryId=&key=%25E6%25B5%25B7%25E8%2582%25A0 HTTP/1.1" 200 248
114.86.190.97 - - [17/May/2020:10:24:51 +0800] "GET /xingrg/system/rest/get_item.html?table=menu&id=2090&_=1589682292416 HTTP/1.1" 200 935
114.86.190.97 - - [17/May/2020:10:24:51 +0800] "GET /xingrg/system/rest/get_item.html?table=menu&target=menu_rest&id=2090&_=1589682292436 HTTP/1.1" 200 551
114.86.190.97 - - [17/May/2020:10:24:51 +0800] "GET /xingrg/system/rest/get_item.html?table=menu&target=cook_mode&id=2090&_=1589682292435 HTTP/1.1" 200 9336
114.86.190.97 - - [17/May/2020:10:24:51 +0800] "GET /xingrg/system/rest/get_infos.html?command=menu_img_show&id=2090 HTTP/1.1" 200 5
114.84.33.255 - - [17/May/2020:10:24:51 +0800] "GET /xingrg/kc/buy/cgsh_order_add.html HTTP/1.1" 200 58627
117.185.32.26 - - [17/May/2020:10:24:52 +0800] "GET /xingrg/kc/buy/cgsh_order_operate.html?command=get_materiel&rest_code=00106&code=00101012025&supplier_code=00100032&order_time=2020-05-17 HTTP/1.1" 200 412
114.84.33.255 - - [17/May/2020:10:24:52 +0800] "POST /xingrg/kc/buy/cgsh_order_operate.html HTTP/1.1" 200 8245
114.84.33.255 - - [17/May/2020:10:24:52 +0800] "GET /xingrg/javascript/easyui/themes/default/validatebox.css HTTP/1.1" 404 1104
117.184.7.26 - - [17/May/2020:10:24:52 +0800] "GET /xingrg/kc/buy/cgsh_order_add.html HTTP/1.1" 200 58586
117.184.7.26 - - [17/May/2020:10:24:53 +0800] "POST /xingrg/kc/buy/cgsh_order_operate.html HTTP/1.1" 200 8245
117.184.7.30 - - [17/May/2020:10:24:53 +0800] "GET /xingrg/javascript/easyui/themes/default/validatebox.css HTTP/1.1" 404 1104
114.86.190.97 - - [17/May/2020:10:24:53 +0800] "GET /xingrg/system/rest/get_item.html?table=menu&target=menu_rest_detail&id=2090&sid=14&_=1589682295164 HTTP/1.1" 200 426
61.172.5.115 - - [17/May/2020:10:24:55 +0800] "GET /xingrg/all/function/internal_message.html?_=1589682296329&CODE_STATE=getMsg HTTP/1.1" 200 27
114.84.32.201 - - [17/May/2020:10:24:57 +0800] "GET /xingrg/all/function/internal_message.html?_=1589682298602&CODE_STATE=getMsg HTTP/1.1" 200 27
180.175.212.199 - - [17/May/2020:10:24:57 +0800] "GET /xingrg/check_reg.html?_=1589682497917 HTTP/1.1" 200 22
180.175.212.199 - - [17/May/2020:10:24:59 +0800] "GET /xingrg/all/function/internal_message.html?_=1589682499087&CODE_STATE=getMsg HTTP/1.1" 200 27
114.86.190.97 - - [17/May/2020:10:24:59 +0800] "POST /xingrg/system/rest/edit_item.html HTTP/1.1" 200 4
114.86.190.97 - - [17/May/2020:10:24:59 +0800] "GET /xingrg/system/rest/get_item.html?table=menu&target=menu_rest&id=2090&_=1589682300855 HTTP/1.1" 200 551
114.84.33.255 - - [17/May/2020:10:25:01 +0800] "GET /xingrg/kc/buy/cgsh_order_operate.html?command=get_materiel&rest_code=00146&code=00101003006&supplier_code=00100092&order_time=2020-05-17 HTTP/1.1" 200 412
114.86.190.97 - - [17/May/2020:10:25:01 +0800] "GET /xingrg/all/function/internal_message.html?_=1589682302837&CODE_STATE=getMsg HTTP/1.1" 200 27
117.131.5.26 - - [17/May/2020:10:25:03 +0800] "GET /xingrg/all/function/internal_message.html?_=1589682315875&CODE_STATE=getMsg HTTP/1.1" 200 27
117.184.7.26 - - [17/May/2020:10:25:04 +0800] "GET /xingrg/kc/buy/cgsh_order_operate.html?command=get_materiel&rest_code=00108&code=00101016030&supplier_code=00100036&order_time=2020-05-17 HTTP/1.1" 200 412
117.131.5.26 - - [17/May/2020:10:25:06 +0800] "GET /xingrg/system/rest/query_items.html?_=1589682318859&table=menu&page=1&rows=20&categoryId=&key=zbx HTTP/1.1" 200 1726
114.88.170.9 - - [17/May/2020:10:25:06 +0800] "GET /xingrg/all/function/internal_message.html?_=1589682305333&CODE_STATE=getMsg HTTP/1.1" 200 27
117.131.5.26 - - [17/May/2020:10:25:08 +0800] "GET /xingrg/system/rest/get_item.html?table=menu&id=2018&_=1589682321062 HTTP/1.1" 200 986
117.131.5.26 - - [17/May/2020:10:25:08 +0800] "GET /xingrg/system/rest/get_item.html?table=menu&target=menu_rest&id=2018&_=1589682321078 HTTP/1.1" 200 884
117.131.5.26 - - [17/May/2020:10:25:09 +0800] "GET /xingrg/system/rest/get_item.html?table=menu&target=cook_mode&id=2018&_=1589682321078 HTTP/1.1" 200 12648
114.86.190.97 - - [17/May/2020:10:25:09 +0800] "GET /xingrg/system/rest/query_items.html?_=1589682311293&table=menu&page=1&rows=20&categoryId=&key=%25E9%259D%2592%25E5%258F%25A3%25E8%25B4%259D HTTP/1.1" 200 694
117.185.32.26 - - [17/May/2020:10:25:09 +0800] "GET /xingrg/kc/buy/cgsh_order_operate.html?command=get_materiel&rest_code=00106&code=00101010161&supplier_code=00100032&order_time=2020-05-17 HTTP/1.1" 200 410
117.131.5.26 - - [17/May/2020:10:25:11 +0800] "GET /xingrg/system/rest/get_infos.html?command=menu_img_show&id=2018 HTTP/1.1" 200 5
114.86.190.97 - - [17/May/2020:10:25:12 +0800] "GET /xingrg/system/rest/query_items.html?_=1589682313697&table=menu&page=1&rows=20&categoryId=&key=%25E9%259D%2592%25E5%258F%25A3%25E8%25B4%259D HTTP/1.1" 200 694
114.86.190.97 - - [17/May/2020:10:25:12 +0800] "GET /xingrg/system/rest/get_item.html?table=menu&id=7174&_=1589682314142 HTTP/1.1" 200 935
114.86.190.97 - - [17/May/2020:10:25:12 +0800] "GET /xingrg/system/rest/get_item.html?table=menu&target=menu_rest&id=7174&_=1589682314158 HTTP/1.1" 200 57
114.86.190.97 - - [17/May/2020:10:25:12 +0800] "GET /xingrg/system/rest/get_item.html?table=menu&target=cook_mode&id=7174&_=1589682314157 HTTP/1.1" 200 1011
222.69.134.41 - - [17/May/2020:10:25:13 +0800] "GET /xingrg/all/function/internal_message.html?_=1589682314694&CODE_STATE=getMsg HTTP/1.1" 200 27
222.69.134.41 - - [17/May/2020:10:25:13 +0800] "GET /xingrg/check_reg.html?_=1589682314698 HTTP/1.1" 200 22
114.86.190.97 - - [17/May/2020:10:25:13 +0800] "GET /xingrg/system/rest/get_infos.html?command=menu_img_show&id=7174 HTTP/1.1" 200 5
117.131.5.26 - - [17/May/2020:10:25:13 +0800] "GET /xingrg/system/rest/get_item.html?table=menu&target=menu_rest_detail&id=2018&sid=5&_=1589682325937 HTTP/1.1" 200 428
114.84.33.255 - - [17/May/2020:10:25:16 +0800] "POST /xingrg/kc/buy/cgsh_order_operate.html HTTP/1.1" 200 37
114.84.33.255 - - [17/May/2020:10:25:17 +0800] "POST /xingrg/kc/buy/cgsh_order_operate.html HTTP/1.1" 200 2659
116.228.172.94 - - [17/May/2020:10:25:17 +0800] "GET /xingrg/all/function/internal_message.html?_=1589682320502&CODE_STATE=getMsg HTTP/1.1" 200 27
114.84.33.255 - - [17/May/2020:10:25:19 +0800] "GET /xingrg/kc/print/load_data.html?order_code=212020051705874&kc_code=cgsh&condition= HTTP/1.1" 200 740
114.86.190.97 - - [17/May/2020:10:25:22 +0800] "POST /xingrg/system/rest/edit_item.html HTTP/1.1" 200 4
114.86.190.97 - - [17/May/2020:10:25:22 +0800] "GET /xingrg/system/rest/get_item.html?table=menu&id=7174&_=1589682323646 HTTP/1.1" 200 935
222.69.134.41 - - [17/May/2020:10:25:22 +0800] "GET /xingrg/all/function/internal_message.html?_=1589682311658&CODE_STATE=getMsg HTTP/1.1" 200 27
180.162.232.172 - - [17/May/2020:10:25:22 +0800] "GET /xingrg/all/function/internal_message.html?_=1589682459728&CODE_STATE=getMsg HTTP/1.1" 200 27
114.88.170.9 - - [17/May/2020:10:25:23 +0800] "GET /xingrg/all/function/internal_message.html?_=1589682673167&CODE_STATE=getMsg HTTP/1.1" 200 27
114.84.33.255 - - [17/May/2020:10:25:23 +0800] "GET /xingrg/all/function/internal_message.html?_=1589682351234&CODE_STATE=getMsg HTTP/1.1" 200 27
114.86.190.97 - - [17/May/2020:10:25:23 +0800] "GET /xingrg/system/rest/query_items.html?_=1589682325285&table=menu&page=1&rows=20&categoryId=&key=%25E9%259D%2592%25E5%258F%25A3%25E8%25B4%259D HTTP/1.1" 200 694
114.84.33.255 - - [17/May/2020:10:25:25 +0800] "GET /xingrg/kc/buy/cgsh_order_add.html HTTP/1.1" 200 58627
114.84.33.255 - - [17/May/2020:10:25:26 +0800] "POST /xingrg/kc/buy/cgsh_order_operate.html HTTP/1.1" 200 8245
114.84.33.255 - - [17/May/2020:10:25:26 +0800] "GET /xingrg/javascript/easyui/themes/default/validatebox.css HTTP/1.1" 404 1104
117.184.7.26 - - [17/May/2020:10:25:26 +0800] "GET /xingrg/kc/buy/cgsh_order_operate.html?command=get_materiel&rest_code=00108&code=00101016017&supplier_code=00100036&order_time=2020-05-17 HTTP/1.1" 200 408
117.185.32.26 - - [17/May/2020:10:25:26 +0800] "POST /xingrg/services/DataTransmitService HTTP/1.1" 200 524
117.185.32.26 - - [17/May/2020:10:25:27 +0800] "POST /xingrg/services/DataTransmitService HTTP/1.1" 200 501
117.185.32.26 - - [17/May/2020:10:25:27 +0800] "POST /xingrg/services/DataTransmitService HTTP/1.1" 200 501
117.185.32.26 - - [17/May/2020:10:25:27 +0800] "POST /xingrg/services/DataTransmitService HTTP/1.1" 200 501
117.185.32.26 - - [17/May/2020:10:25:27 +0800] "POST /xingrg/services/DataTransmitService HTTP/1.1" 200 501
117.131.5.26 - - [17/May/2020:10:25:27 +0800] "GET /xingrg/system/rest/query_items.html?_=1589682339515&table=menu&page=1&rows=20&categoryId=&key=bjx HTTP/1.1" 200 2385
117.185.32.26 - - [17/May/2020:10:25:27 +0800] "POST /xingrg/services/DataTransmitService HTTP/1.1" 200 501
117.185.32.26 - - [17/May/2020:10:25:28 +0800] "POST /xingrg/services/DataTransmitService HTTP/1.1" 200 501
117.185.32.26 - - [17/May/2020:10:25:28 +0800] "POST /xingrg/services/DataTransmitService HTTP/1.1" 200 412
117.131.5.26 - - [17/May/2020:10:25:29 +0800] "GET /xingrg/system/rest/get_item.html?table=menu&id=1996&_=1589682341578 HTTP/1.1" 200 956
117.131.5.26 - - [17/May/2020:10:25:29 +0800] "GET /xingrg/system/rest/get_item.html?table=menu&target=menu_rest&id=1996&_=1589682341578 HTTP/1.1" 200 873
117.131.5.26 - - [17/May/2020:10:25:29 +0800] "GET /xingrg/system/rest/get_item.html?table=menu&target=cook_mode&id=1996&_=1589682341578 HTTP/1.1" 200 14339
117.184.7.26 - - [17/May/2020:10:25:30 +0800] "GET /xingrg/all/function/internal_message.html?_=1589682331542&CODE_STATE=getMsg HTTP/1.1" 200 27
172.17.0.123 - - [17/May/2020:10:25:31 +0800] "GET /xingrg/all/function/internal_message.html?_=1589682327392&CODE_STATE=getMsg HTTP/1.1" 302 -
172.17.0.123 - - [17/May/2020:10:25:31 +0800] "GET /xingrg/check_reg.html?_=1589682327394 HTTP/1.1" 302 -
117.131.5.26 - - [17/May/2020:10:25:31 +0800] "GET /xingrg/system/rest/get_infos.html?command=menu_img_show&id=1996 HTTP/1.1" 200 5
117.184.7.26 - - [17/May/2020:10:25:32 +0800] "POST /xingrg/kc/buy/cgsh_order_operate.html HTTP/1.1" 200 37
114.86.190.97 - - [17/May/2020:10:25:32 +0800] "GET /xingrg/all/function/internal_message.html?_=1589682334537&CODE_STATE=getMsg HTTP/1.1" 200 27
117.184.7.26 - - [17/May/2020:10:25:32 +0800] "POST /xingrg/kc/buy/cgsh_order_operate.html HTTP/1.1" 200 3241
117.184.7.26 - - [17/May/2020:10:25:34 +0800] "GET /xingrg/kc/print/load_data.html?order_code=212020051705875&kc_code=cgsh&condition= HTTP/1.1" 200 954
114.84.33.255 - - [17/May/2020:10:25:36 +0800] "GET /xingrg/kc/buy/cgsh_order_operate.html?command=get_materiel&rest_code=00146&code=00101002006&supplier_code=00100091&order_time=2020-05-17 HTTP/1.1" 200 414
180.162.232.172 - - [17/May/2020:10:25:39 +0800] "GET /xingrg/all/function/internal_message.html?_=1589682343180&CODE_STATE=getMsg HTTP/1.1" 200 27
117.131.5.26 - - [17/May/2020:10:25:39 +0800] "GET /xingrg/system/rest/query_items.html?_=1589682351609&table=menu&page=1&rows=20&categoryId=&key=zc HTTP/1.1" 200 4865
180.162.232.172 - - [17/May/2020:10:25:40 +0800] "GET /xingrg/check_reg.html?_=1589682344244 HTTP/1.1" 200 22
114.86.190.97 - - [17/May/2020:10:25:40 +0800] "GET /xingrg/system/rest/query_items.html?_=1589682342102&table=menu&page=1&rows=20&categoryId=&key=%25E5%2590%2589%25E5%25A4%259A HTTP/1.1" 200 21
117.131.5.26 - - [17/May/2020:10:25:44 +0800] "GET /xingrg/system/rest/get_item.html?table=menu&id=2059&_=1589682356406 HTTP/1.1" 200 952
117.131.5.26 - - [17/May/2020:10:25:44 +0800] "GET /xingrg/system/rest/get_item.html?table=menu&target=menu_rest&id=2059&_=1589682356421 HTTP/1.1" 200 763
117.131.5.26 - - [17/May/2020:10:25:44 +0800] "GET /xingrg/system/rest/get_item.html?table=menu&target=cook_mode&id=2059&_=1589682356421 HTTP/1.1" 200 11447
114.84.33.255 - - [17/May/2020:10:25:45 +0800] "POST /xingrg/kc/buy/cgsh_order_operate.html HTTP/1.1" 200 37
114.86.190.97 - - [17/May/2020:10:25:45 +0800] "GET /xingrg/system/rest/query_items.html?_=1589682347305&table=menu&page=1&rows=20&categoryId=&key=%25E7%2594%259F%25E8%259A%259D HTTP/1.1" 200 1441
114.84.33.255 - - [17/May/2020:10:25:46 +0800] "POST /xingrg/kc/buy/cgsh_order_operate.html HTTP/1.1" 200 2661
117.131.5.26 - - [17/May/2020:10:25:46 +0800] "GET /xingrg/system/rest/get_infos.html?command=menu_img_show&id=2059 HTTP/1.1" 200 5
114.86.190.97 - - [17/May/2020:10:25:47 +0800] "GET /xingrg/system/rest/query_items.html?_=1589682349049&table=menu&page=1&rows=20&categoryId=&key=%25E7%2594%259F%25E8%259A%259D HTTP/1.1" 200 1441
222.70.208.105 - - [17/May/2020:10:25:48 +0800] "GET /xingrg/index.html?sysBaseUrl=http%3A%2F%2F180.169.147.146%3A18081%2Fxingrg%2F&costTime=38×tamp=1589637189708 HTTP/1.1" 302 -
222.70.208.105 - - [17/May/2020:10:25:48 +0800] "GET /xingrg/login.html HTTP/1.1" 200 7641
58.40.7.146 - - [17/May/2020:10:25:48 +0800] "GET /xingrg/check_reg.html?_=1589682350274 HTTP/1.1" 200 22
58.40.7.146 - - [17/May/2020:10:25:48 +0800] "GET /xingrg/all/function/internal_message.html?_=1589682350276&CODE_STATE=getMsg HTTP/1.1" 200 27
114.84.33.255 - - [17/May/2020:10:25:48 +0800] "GET /xingrg/kc/print/load_data.html?order_code=212020051705876&kc_code=cgsh&condition= HTTP/1.1" 200 749
222.70.208.105 - - [17/May/2020:10:25:48 +0800] "GET /xingrg/images/blue/jxLogo.png HTTP/1.1" 304 -
117.131.5.26 - - [17/May/2020:10:25:48 +0800] "GET /xingrg/system/rest/get_item.html?table=menu&target=menu_rest_detail&id=2059&sid=5&_=1589682361031 HTTP/1.1" 200 425
222.70.208.105 - - [17/May/2020:10:25:48 +0800] "GET /xingrg/images/blue/login_bg.png HTTP/1.1" 304 -
222.70.208.105 - - [17/May/2020:10:25:49 +0800] "GET /xingrg/images/blue/hj.png HTTP/1.1" 304 -
222.70.208.105 - - [17/May/2020:10:25:49 +0800] "GET /xingrg/images/blue/srbg.png HTTP/1.1" 304 -
114.84.33.255 - - [17/May/2020:10:25:49 +0800] "GET /xingrg/check_reg.html?_=1589682376282 HTTP/1.1" 200 22
222.70.208.105 - - [17/May/2020:10:25:49 +0800] "GET /favicon.ico HTTP/1.1" 404 -
114.84.33.255 - - [17/May/2020:10:25:50 +0800] "GET /xingrg/all/function/internal_message.html?_=1589682377131&CODE_STATE=getMsg HTTP/1.1" 200 27
117.185.32.26 - - [17/May/2020:10:25:50 +0800] "GET /xingrg/check_reg.html?_=1589682774759 HTTP/1.1" 200 22
117.185.32.26 - - [17/May/2020:10:25:50 +0800] "GET /xingrg/all/function/internal_message.html?_=1589682774761&CODE_STATE=getMsg HTTP/1.1" 200 27
117.131.5.26 - - [17/May/2020:10:25:53 +0800] "GET /xingrg/javascript/jquery_easy_ui/themes/icons/rest.png HTTP/1.1" 304 -
117.131.5.26 - - [17/May/2020:10:25:53 +0800] "GET /xingrg/javascript/jquery_easy_ui/themes/icons/area.png HTTP/1.1" 304 -
114.86.190.97 - - [17/May/2020:10:25:53 +0800] "GET /xingrg/system/rest/get_item.html?table=menu&id=2051&_=1589682354816 HTTP/1.1" 200 947
114.86.190.97 - - [17/May/2020:10:25:53 +0800] "GET /xingrg/system/rest/get_item.html?table=menu&target=menu_rest&id=2051&_=1589682354833 HTTP/1.1" 200 760
114.86.190.97 - - [17/May/2020:10:25:53 +0800] "GET /xingrg/system/rest/get_item.html?table=menu&target=cook_mode&id=2051&_=1589682354832 HTTP/1.1" 200 9071
114.86.190.97 - - [17/May/2020:10:25:54 +0800] "GET /xingrg/system/rest/get_infos.html?command=menu_img_show&id=2051 HTTP/1.1" 200 5
114.84.33.255 - - [17/May/2020:10:25:54 +0800] "GET /xingrg/kc/buy/cgsh_order_add.html HTTP/1.1" 200 58627
61.172.5.115 - - [17/May/2020:10:25:55 +0800] "GET /xingrg/all/function/internal_message.html?_=1589682356331&CODE_STATE=getMsg HTTP/1.1" 200 27
114.84.33.255 - - [17/May/2020:10:25:55 +0800] "POST /xingrg/kc/buy/cgsh_order_operate.html HTTP/1.1" 200 8245
114.84.33.255 - - [17/May/2020:10:25:55 +0800] "GET /xingrg/javascript/easyui/themes/default/validatebox.css HTTP/1.1" 404 1104
114.84.32.201 - - [17/May/2020:10:25:57 +0800] "GET /xingrg/check_reg.html?_=1589682358600 HTTP/1.1" 200 22
114.84.32.201 - - [17/May/2020:10:25:57 +0800] "GET /xingrg/all/function/internal_message.html?_=1589682358603&CODE_STATE=getMsg HTTP/1.1" 200 27
117.131.5.26 - - [17/May/2020:10:25:57 +0800] "GET /xingrg/system/rest/query_items.html?_=1589682369234&table=menu&page=1&rows=20&categoryId=&key=sky HTTP/1.1" 200 2930
114.86.190.97 - - [17/May/2020:10:25:57 +0800] "GET /xingrg/system/rest/get_item.html?table=menu&target=menu_rest_detail&id=2051&sid=14&_=1589682359362 HTTP/1.1" 200 426
180.175.212.199 - - [17/May/2020:10:25:59 +0800] "GET /xingrg/all/function/internal_message.html?_=1589682559103&CODE_STATE=getMsg HTTP/1.1" 200 27
117.131.5.26 - - [17/May/2020:10:25:59 +0800] "GET /xingrg/system/rest/get_item.html?table=menu&id=1940&_=1589682371500 HTTP/1.1" 200 966
117.131.5.26 - - [17/May/2020:10:25:59 +0800] "GET /xingrg/system/rest/get_item.html?table=menu&target=menu_rest&id=1940&_=1589682371515 HTTP/1.1" 200 776
117.131.5.26 - - [17/May/2020:10:25:59 +0800] "GET /xingrg/system/rest/get_item.html?table=menu&target=cook_mode&id=1940&_=1589682371515 HTTP/1.1" 200 10808
114.86.190.97 - - [17/May/2020:10:26:01 +0800] "GET /xingrg/all/function/internal_message.html?_=1589682362836&CODE_STATE=getMsg HTTP/1.1" 200 27
117.131.5.26 - - [17/May/2020:10:26:02 +0800] "GET /xingrg/system/rest/get_infos.html?command=menu_img_show&id=1940 HTTP/1.1" 200 5
180.162.232.172 - - [17/May/2020:10:26:02 +0800] "GET /xingrg/kc/base/yddb_order_list.html HTTP/1.1" 200 16867
180.162.232.172 - - [17/May/2020:10:26:02 +0800] "POST /xingrg/kc/base/yddb_list_operate.html HTTP/1.1" 200 583
117.131.5.26 - - [17/May/2020:10:26:03 +0800] "GET /xingrg/all/function/internal_message.html?_=1589682375875&CODE_STATE=getMsg HTTP/1.1" 200 27
180.162.232.172 - - [17/May/2020:10:26:04 +0800] "GET /xingrg/kc/base/yddb_order_add.html HTTP/1.1" 200 29561
180.162.232.172 - - [17/May/2020:10:26:04 +0800] "GET /xingrg/dwr/interface/AjaxComOrderService.js HTTP/1.1" 200 18264
180.162.232.172 - - [17/May/2020:10:26:04 +0800] "GET /xingrg/dwr/interface/AjaxYddbService.js HTTP/1.1" 200 13201
180.162.232.172 - - [17/May/2020:10:26:04 +0800] "GET /xingrg/dwr/engine.js HTTP/1.1" 200 43631
117.131.5.26 - - [17/May/2020:10:26:05 +0800] "GET /xingrg/system/rest/get_item.html?table=menu&target=menu_rest_detail&id=1940&sid=5&_=1589682377500 HTTP/1.1" 200 425
114.84.33.255 - - [17/May/2020:10:26:05 +0800] "GET /xingrg/kc/buy/cgsh_order_operate.html?command=get_materiel&rest_code=00146&code=00101004017&supplier_code=00100323&order_time=2020-05-17 HTTP/1.1" 200 413
180.162.232.172 - - [17/May/2020:10:26:07 +0800] "POST /xingrg/dwr/call/plaincall/AjaxYddbService.getRestBases.dwr HTTP/1.1" 200 1514
114.88.170.9 - - [17/May/2020:10:26:07 +0800] "GET /xingrg/all/function/internal_message.html?_=1589682365650&CODE_STATE=getMsg HTTP/1.1" 200 27
222.69.134.41 - - [17/May/2020:10:26:13 +0800] "GET /xingrg/all/function/internal_message.html?_=1589682374696&CODE_STATE=getMsg HTTP/1.1" 200 27
180.162.232.172 - - [17/May/2020:10:26:13 +0800] "POST /xingrg/dwr/call/plaincall/AjaxYddbService.saveOrder.dwr HTTP/1.1" 200 78
114.84.33.255 - - [17/May/2020:10:26:14 +0800] "POST /xingrg/kc/buy/cgsh_order_operate.html HTTP/1.1" 200 37
117.131.5.26 - - [17/May/2020:10:26:15 +0800] "GET /xingrg/system/rest/query_items.html?_=1589682387250&table=menu&page=1&rows=20&categoryId=&key=xg HTTP/1.1" 200 4827
114.84.33.255 - - [17/May/2020:10:26:15 +0800] "POST /xingrg/kc/buy/cgsh_order_operate.html HTTP/1.1" 200 2661
180.162.232.172 - - [17/May/2020:10:26:16 +0800] "GET /xingrg/images/yd/bt.gif HTTP/1.1" 404 1040
114.84.33.255 - - [17/May/2020:10:26:17 +0800] "GET /xingrg/kc/print/load_data.html?order_code=212020051705877&kc_code=cgsh&condition= HTTP/1.1" 200 688
116.228.172.94 - - [17/May/2020:10:26:17 +0800] "GET /xingrg/check_reg.html?_=1589682380439 HTTP/1.1" 200 22
116.228.172.94 - - [17/May/2020:10:26:17 +0800] "GET /xingrg/all/function/internal_message.html?_=1589682380494&CODE_STATE=getMsg HTTP/1.1" 200 27
117.131.5.26 - - [17/May/2020:10:26:18 +0800] "GET /xingrg/system/rest/get_item.html?table=menu&id=2001&_=1589682390234 HTTP/1.1" 200 935
117.131.5.26 - - [17/May/2020:10:26:18 +0800] "GET /xingrg/system/rest/get_item.html?table=menu&target=menu_rest&id=2001&_=1589682390234 HTTP/1.1" 200 653
117.131.5.26 - - [17/May/2020:10:26:18 +0800] "GET /xingrg/system/rest/get_item.html?table=menu&target=cook_mode&id=2001&_=1589682390234 HTTP/1.1" 200 8443
180.162.232.172 - - [17/May/2020:10:26:19 +0800] "POST /xingrg/dwr/call/plaincall/AjaxComOrderService.getMaterielSearchList.dwr HTTP/1.1" 200 20966
180.162.232.172 - - [17/May/2020:10:26:19 +0800] "POST /xingrg/dwr/call/plaincall/AjaxComOrderService.getMaterielSearchList.dwr HTTP/1.1" 200 282
117.131.5.26 - - [17/May/2020:10:26:21 +0800] "GET /xingrg/system/rest/get_infos.html?command=menu_img_show&id=2001 HTTP/1.1" 200 5
180.162.232.172 - - [17/May/2020:10:26:21 +0800] "POST /xingrg/dwr/call/plaincall/AjaxYddbService.getMaterielByMap.dwr HTTP/1.1" 200 3670
180.162.232.172 - - [17/May/2020:10:26:21 +0800] "GET /xingrg/check_reg.html?_=1589682518779 HTTP/1.1" 200 22
222.69.134.41 - - [17/May/2020:10:26:22 +0800] "GET /xingrg/all/function/internal_message.html?_=1589682371657&CODE_STATE=getMsg HTTP/1.1" 200 27
180.162.232.172 - - [17/May/2020:10:26:22 +0800] "GET /xingrg/all/function/internal_message.html?_=1589682519741&CODE_STATE=getMsg HTTP/1.1" 200 27
117.131.5.26 - - [17/May/2020:10:26:23 +0800] "GET /xingrg/system/rest/get_item.html?table=menu&target=menu_rest_detail&id=2001&sid=5&_=1589682395468 HTTP/1.1" 200 426
114.84.33.255 - - [17/May/2020:10:26:23 +0800] "GET /xingrg/kc/buy/cgsh_order_add.html HTTP/1.1" 200 58627
114.84.33.255 - - [17/May/2020:10:26:23 +0800] "POST /xingrg/kc/buy/cgsh_order_operate.html HTTP/1.1" 200 8245
114.88.170.9 - - [17/May/2020:10:26:23 +0800] "GET /xingrg/check_reg.html?_=1589682733170 HTTP/1.1" 200 22
114.88.170.9 - - [17/May/2020:10:26:23 +0800] "GET /xingrg/all/function/internal_message.html?_=1589682733167&CODE_STATE=getMsg HTTP/1.1" 200 27
114.84.33.255 - - [17/May/2020:10:26:23 +0800] "GET /xingrg/javascript/easyui/themes/default/validatebox.css HTTP/1.1" 404 1104
114.84.33.255 - - [17/May/2020:10:26:24 +0800] "GET /xingrg/all/function/internal_message.html?_=1589682411745&CODE_STATE=getMsg HTTP/1.1" 200 27
180.162.232.172 - - [17/May/2020:10:26:28 +0800] "POST /xingrg/dwr/call/plaincall/AjaxYddbService.saveMaterielItem.dwr HTTP/1.1" 200 78
117.184.7.26 - - [17/May/2020:10:26:30 +0800] "GET /xingrg/all/function/internal_message.html?_=1589682391548&CODE_STATE=getMsg HTTP/1.1" 200 27
172.17.0.123 - - [17/May/2020:10:26:31 +0800] "GET /xingrg/all/function/internal_message.html?_=1589682387398&CODE_STATE=getMsg HTTP/1.1" 302 -
117.184.7.26 - - [17/May/2020:10:26:31 +0800] "GET /xingrg/kc/buy/cgsh_order_add.html HTTP/1.1" 200 58586
117.184.7.26 - - [17/May/2020:10:26:32 +0800] "POST /xingrg/kc/buy/cgsh_order_operate.html HTTP/1.1" 200 8245
117.184.7.30 - - [17/May/2020:10:26:32 +0800] "GET /xingrg/javascript/easyui/themes/default/validatebox.css HTTP/1.1" 404 1104
114.86.190.97 - - [17/May/2020:10:26:33 +0800] "GET /xingrg/all/function/internal_message.html?_=1589682394799&CODE_STATE=getMsg HTTP/1.1" 200 27
117.131.5.26 - - [17/May/2020:10:26:33 +0800] "GET /xingrg/system/rest/query_items.html?_=1589682405312&table=menu&page=1&rows=20&categoryId=&key=bzy HTTP/1.1" 200 1467
114.84.33.255 - - [17/May/2020:10:26:33 +0800] "GET /xingrg/kc/buy/cgsh_order_operate.html?command=get_materiel&rest_code=00146&code=00101010534&supplier_code=00100322&order_time=2020-05-17 HTTP/1.1" 200 428
117.131.5.26 - - [17/May/2020:10:26:35 +0800] "GET /xingrg/system/rest/get_item.html?table=menu&id=2097&_=1589682407218 HTTP/1.1" 200 954
180.162.232.172 - - [17/May/2020:10:26:35 +0800] "POST /xingrg/dwr/call/plaincall/AjaxYddbService.checkOrder.dwr HTTP/1.1" 200 78
117.131.5.26 - - [17/May/2020:10:26:35 +0800] "GET /xingrg/system/rest/get_item.html?table=menu&target=menu_rest&id=2097&_=1589682407234 HTTP/1.1" 200 557
117.131.5.26 - - [17/May/2020:10:26:35 +0800] "GET /xingrg/system/rest/get_item.html?table=menu&target=cook_mode&id=2097&_=1589682407218 HTTP/1.1" 200 15165
180.162.232.172 - - [17/May/2020:10:26:36 +0800] "GET /xingrg/kc/base/yddb_order_info.html?code=482020051700101 HTTP/1.1" 200 29191
180.162.232.172 - - [17/May/2020:10:26:36 +0800] "GET /xingrg/dwr/interface/AjaxYddbService.js HTTP/1.1" 200 13201
180.162.232.172 - - [17/May/2020:10:26:36 +0800] "GET /xingrg/dwr/interface/AjaxComOrderService.js HTTP/1.1" 200 18264
180.162.232.172 - - [17/May/2020:10:26:36 +0800] "GET /xingrg/dwr/engine.js HTTP/1.1" 200 43631
180.162.232.172 - - [17/May/2020:10:26:36 +0800] "POST /xingrg/dwr/call/plaincall/AjaxYddbService.loadMaterielItems.dwr HTTP/1.1" 200 395
117.131.5.26 - - [17/May/2020:10:26:38 +0800] "GET /xingrg/system/rest/get_infos.html?command=menu_img_show&id=2097 HTTP/1.1" 200 5
180.162.232.172 - - [17/May/2020:10:26:39 +0800] "GET /xingrg/all/function/internal_message.html?_=1589682403154&CODE_STATE=getMsg HTTP/1.1" 200 27
180.162.232.172 - - [17/May/2020:10:26:40 +0800] "GET /xingrg/kc/base/yddb_order_report.html?fileType=servlets/html&code=482020051700101&reportName=ck_order_report&subName=yddb HTTP/1.1" 302 -
180.162.232.172 - - [17/May/2020:10:26:40 +0800] "GET /xingrg/servlets/html?sysBaseUrl=http%3A%2F%2F180.169.147.146%3A18081%2Fxingrg%2F&costTime=72×tamp=1589682400219 HTTP/1.1" 200 14759
117.131.5.26 - - [17/May/2020:10:26:40 +0800] "GET /xingrg/system/rest/get_item.html?table=menu&target=menu_rest_detail&id=2097&sid=5&_=1589682412406 HTTP/1.1" 200 425
180.162.232.172 - - [17/May/2020:10:26:40 +0800] "GET /favicon.ico HTTP/1.1" 404 -
117.131.5.26 - - [17/May/2020:10:26:47 +0800] "POST /xingrg/services/DataTransmitService HTTP/1.1" 200 524
117.131.5.26 - - [17/May/2020:10:26:47 +0800] "POST /xingrg/services/DataTransmitService HTTP/1.1" 200 2531
117.131.5.26 - - [17/May/2020:10:26:47 +0800] "POST /xingrg/services/DataTransmitService HTTP/1.1" 200 2307
117.131.5.26 - - [17/May/2020:10:26:47 +0800] "POST /xingrg/services/DataTransmitService HTTP/1.1" 200 1523
58.40.7.146 - - [17/May/2020:10:26:48 +0800] "GET /xingrg/all/function/internal_message.html?_=1589682410277&CODE_STATE=getMsg HTTP/1.1" 200 27
117.131.5.26 - - [17/May/2020:10:26:48 +0800] "POST /xingrg/services/DataTransmitService HTTP/1.1" 200 262080
114.84.33.255 - - [17/May/2020:10:26:50 +0800] "GET /xingrg/all/function/internal_message.html?_=1589682437145&CODE_STATE=getMsg HTTP/1.1" 200 27
117.185.32.26 - - [17/May/2020:10:26:50 +0800] "GET /xingrg/all/function/internal_message.html?_=1589682834785&CODE_STATE=getMsg HTTP/1.1" 200 27
114.84.33.255 - - [17/May/2020:10:26:53 +0800] "GET /xingrg/kc/buy/cgsh_order_operate.html?command=get_materiel&rest_code=00146&code=00101010536&supplier_code=00100322&order_time=2020-05-17 HTTP/1.1" 200 425
117.184.7.26 - - [17/May/2020:10:26:54 +0800] "GET /xingrg/kc/buy/cgsh_order_operate.html?command=get_materiel&rest_code=00108&code=00101006129&supplier_code=00100010&order_time=2020-05-17 HTTP/1.1" 200 431
61.172.5.115 - - [17/May/2020:10:26:55 +0800] "GET /xingrg/all/function/internal_message.html?_=1589682416337&CODE_STATE=getMsg HTTP/1.1" 200 27
114.84.32.201 - - [17/May/2020:10:26:57 +0800] "GET /xingrg/all/function/internal_message.html?_=1589682418603&CODE_STATE=getMsg HTTP/1.1" 200 27
180.175.212.199 - - [17/May/2020:10:26:59 +0800] "GET /xingrg/all/function/internal_message.html?_=1589682619116&CODE_STATE=getMsg HTTP/1.1" 200 27
114.86.190.97 - - [17/May/2020:10:27:01 +0800] "GET /xingrg/check_reg.html?_=1589682422836 HTTP/1.1" 200 22
114.86.190.97 - - [17/May/2020:10:27:01 +0800] "GET /xingrg/all/function/internal_message.html?_=1589682422840&CODE_STATE=getMsg HTTP/1.1" 200 27
117.184.7.26 - - [17/May/2020:10:27:03 +0800] "GET /xingrg/kc/buy/cgsh_order_operate.html?command=get_materiel&rest_code=00108&code=00101006184&supplier_code=00100010&order_time=2020-05-17 HTTP/1.1" 200 408
117.131.5.26 - - [17/May/2020:10:27:03 +0800] "GET /xingrg/all/function/internal_message.html?_=1589682435890&CODE_STATE=getMsg HTTP/1.1" 200 27
114.84.33.255 - - [17/May/2020:10:27:05 +0800] "POST /xingrg/kc/buy/cgsh_order_operate.html HTTP/1.1" 200 37
114.84.33.255 - - [17/May/2020:10:27:06 +0800] "POST /xingrg/kc/buy/cgsh_order_operate.html HTTP/1.1" 200 3285
114.88.170.9 - - [17/May/2020:10:27:07 +0800] "GET /xingrg/all/function/internal_message.html?_=1589682425656&CODE_STATE=getMsg HTTP/1.1" 200 27
61.172.5.115 - - [17/May/2020:10:27:08 +0800] "GET /xingrg/kc/buy/cgsh_order_operate.html?command=get_materiel&rest_code=00105&code=00101008061&supplier_code=00100339&order_time=2020-05-17 HTTP/1.1" 200 422
114.84.33.255 - - [17/May/2020:10:27:10 +0800] "GET /xingrg/kc/print/load_data.html?order_code=212020051705878&kc_code=cgsh&condition= HTTP/1.1" 200 944
222.69.134.41 - - [17/May/2020:10:27:13 +0800] "GET /xingrg/all/function/internal_message.html?_=1589682434691&CODE_STATE=getMsg HTTP/1.1" 200 27
116.228.172.94 - - [17/May/2020:10:27:17 +0800] "GET /xingrg/all/function/internal_message.html?_=1589682440468&CODE_STATE=getMsg HTTP/1.1" 200 27
61.172.5.115 - - [17/May/2020:10:27:20 +0800] "POST /xingrg/kc/buy/cgsh_order_operate.html HTTP/1.1" 200 37
61.172.5.115 - - [17/May/2020:10:27:20 +0800] "POST /xingrg/kc/buy/cgsh_order_operate.html HTTP/1.1" 200 2665
117.184.7.26 - - [17/May/2020:10:27:20 +0800] "GET /xingrg/kc/buy/cgsh_order_operate.html?command=get_materiel&rest_code=00108&code=00101006055&supplier_code=00100010&order_time=2020-05-17 HTTP/1.1" 200 409
61.172.5.115 - - [17/May/2020:10:27:22 +0800] "GET /xingrg/kc/print/load_data.html?order_code=212020051705879&kc_code=cgsh&condition= HTTP/1.1" 200 675
222.69.134.41 - - [17/May/2020:10:27:22 +0800] "GET /xingrg/all/function/internal_message.html?_=1589682431668&CODE_STATE=getMsg HTTP/1.1" 200 27
180.162.232.172 - - [17/May/2020:10:27:22 +0800] "GET /xingrg/all/function/internal_message.html?_=1589682579754&CODE_STATE=getMsg HTTP/1.1" 200 27
114.88.170.9 - - [17/May/2020:10:27:23 +0800] "GET /xingrg/all/function/internal_message.html?_=1589682793168&CODE_STATE=getMsg HTTP/1.1" 200 27
114.84.33.255 - - [17/May/2020:10:27:24 +0800] "GET /xingrg/all/function/internal_message.html?_=1589682471746&CODE_STATE=getMsg HTTP/1.1" 200 27
61.172.5.115 - - [17/May/2020:10:27:29 +0800] "GET /xingrg/kc/buy/cgsh_order_add.html HTTP/1.1" 200 58621
61.172.5.115 - - [17/May/2020:10:27:30 +0800] "GET /xingrg/javascript/easyui/themes/default/validatebox.css HTTP/1.1" 404 1104
117.184.7.26 - - [17/May/2020:10:27:30 +0800] "GET /xingrg/all/function/internal_message.html?_=1589682451545&CODE_STATE=getMsg HTTP/1.1" 200 27
61.172.5.115 - - [17/May/2020:10:27:30 +0800] "POST /xingrg/kc/buy/cgsh_order_operate.html HTTP/1.1" 200 8245
172.17.0.123 - - [17/May/2020:10:27:31 +0800] "GET /xingrg/all/function/internal_message.html?_=1589682447400&CODE_STATE=getMsg HTTP/1.1" 302 -
117.131.5.26 - - [17/May/2020:10:27:32 +0800] "GET /xingrg/javascript/multi_select/jqueryMultiSelect.css HTTP/1.1" 304 -
117.131.5.26 - - [17/May/2020:10:27:32 +0800] "GET /xingrg/css/blue.css HTTP/1.1" 304 -
117.131.5.26 - - [17/May/2020:10:27:32 +0800] "GET /xingrg/javascript/pic_change.js HTTP/1.1" 304 -
117.131.5.26 - - [17/May/2020:10:27:32 +0800] "GET /xingrg/javascript/calendar/timePicker.css HTTP/1.1" 304 -
117.131.5.26 - - [17/May/2020:10:27:32 +0800] "GET /xingrg/javascript/bigrid/fix.css HTTP/1.1" 304 -
117.131.5.26 - - [17/May/2020:10:27:32 +0800] "GET /xingrg/all/report/report_query.html?fileName=dma/new_5.0/yingye/yy_hz.xml&rw=1600 HTTP/1.1" 200 56155
117.131.5.26 - - [17/May/2020:10:27:32 +0800] "GET /xingrg/javascript/myfunction.js HTTP/1.1" 304 -
117.131.5.26 - - [17/May/2020:10:27:32 +0800] "GET /xingrg/javascript/jqueryMultiSelect.js HTTP/1.1" 304 -
117.131.5.26 - - [17/May/2020:10:27:32 +0800] "GET /xingrg/javascript/calendar/jquery.timePicker.min.js HTTP/1.1" 304 -
117.131.5.26 - - [17/May/2020:10:27:32 +0800] "GET /xingrg/dwr/interface/AjaxReportQueryService.js HTTP/1.1" 200 13203
117.131.5.26 - - [17/May/2020:10:27:32 +0800] "GET /xingrg/javascript/bigrid/fix.js HTTP/1.1" 304 -
117.131.5.26 - - [17/May/2020:10:27:32 +0800] "GET /xingrg/dwr/engine.js HTTP/1.1" 200 43631
114.86.190.97 - - [17/May/2020:10:27:32 +0800] "GET /xingrg/system/rest/query_items.html?_=1589682454010&table=menu&page=1&rows=20&categoryId=&key=2023 HTTP/1.1" 200 257
117.131.5.26 - - [17/May/2020:10:27:32 +0800] "GET /xingrg/images/blue/button/advanceover.gif HTTP/1.1" 304 -
117.131.5.26 - - [17/May/2020:10:27:32 +0800] "GET /xingrg/images/control/loading.gif HTTP/1.1" 304 -
117.131.5.26 - - [17/May/2020:10:27:32 +0800] "GET /xingrg/images/blue/button/advance2over.gif HTTP/1.1" 304 -
117.131.5.26 - - [17/May/2020:10:27:32 +0800] "GET /xingrg/images/blue/button/back2over.gif HTTP/1.1" 304 -
117.131.5.26 - - [17/May/2020:10:27:32 +0800] "GET /xingrg/images/blue/button/backover.gif HTTP/1.1" 304 -
117.131.5.26 - - [17/May/2020:10:27:32 +0800] "GET /xingrg/javascript/jquery_easy_ui/themes/icons/help.png HTTP/1.1" 304 -
117.131.5.26 - - [17/May/2020:10:27:32 +0800] "GET /xingrg/javascript/jquery_easy_ui/themes/default/images/menu_downarrow.png HTTP/1.1" 304 -
117.131.5.26 - - [17/May/2020:10:27:32 +0800] "GET /xingrg/javascript/jquery_easy_ui/themes/default/images/menu.gif HTTP/1.1" 304 -
117.131.5.26 - - [17/May/2020:10:27:32 +0800] "GET /xingrg/javascript/jquery_easy_ui/themes/icons/print.png HTTP/1.1" 304 -
117.131.5.26 - - [17/May/2020:10:27:32 +0800] "GET /xingrg/javascript/jquery_easy_ui/themes/default/images/menu_rightarrow.png HTTP/1.1" 304 -
117.131.5.26 - - [17/May/2020:10:27:32 +0800] "POST /xingrg/dwr/call/plaincall/AjaxReportQueryService.getFixDate.dwr HTTP/1.1" 200 111
117.131.5.26 - - [17/May/2020:10:27:32 +0800] "GET /xingrg/javascript/jquery_easy_ui/themes/default/images/combo_arrow_dot.gif HTTP/1.1" 304 -
117.131.5.26 - - [17/May/2020:10:27:32 +0800] "POST /xingrg/all/common/load_tree.html?tree=area_station_tree_json&manage=1 HTTP/1.1" 200 345
117.131.5.26 - - [17/May/2020:10:27:33 +0800] "GET /xingrg/javascript/jquery_easy_ui/themes/default/images/tree_checkbox_0.gif HTTP/1.1" 304 -
114.86.190.97 - - [17/May/2020:10:27:33 +0800] "GET /xingrg/all/function/internal_message.html?_=1589682454814&CODE_STATE=getMsg HTTP/1.1" 200 27
114.86.190.97 - - [17/May/2020:10:27:33 +0800] "GET /xingrg/system/rest/query_items.html?_=1589682455378&table=menu&page=1&rows=20&categoryId=&key=2023 HTTP/1.1" 200 257
114.86.190.97 - - [17/May/2020:10:27:34 +0800] "GET /xingrg/system/rest/get_item.html?table=menu&id=2023&_=1589682455867 HTTP/1.1" 200 955
114.86.190.97 - - [17/May/2020:10:27:34 +0800] "GET /xingrg/system/rest/get_item.html?table=menu&target=menu_rest&id=2023&_=1589682455886 HTTP/1.1" 200 855
114.86.190.97 - - [17/May/2020:10:27:34 +0800] "GET /xingrg/system/rest/get_item.html?table=menu&target=cook_mode&id=2023&_=1589682455884 HTTP/1.1" 200 28163
114.86.190.97 - - [17/May/2020:10:27:35 +0800] "GET /xingrg/system/rest/get_infos.html?command=menu_img_show&id=2023 HTTP/1.1" 200 5
114.86.190.97 - - [17/May/2020:10:27:36 +0800] "GET /xingrg/system/rest/get_item.html?table=menu&target=menu_rest_detail&id=2023&sid=14&_=1589682458275 HTTP/1.1" 200 428
180.162.232.172 - - [17/May/2020:10:27:39 +0800] "GET /xingrg/all/function/internal_message.html?_=1589682463125&CODE_STATE=getMsg HTTP/1.1" 200 27
117.131.5.26 - - [17/May/2020:10:27:40 +0800] "GET /xingrg/javascript/jquery_easy_ui/themes/default/images/tree_checkbox_1.gif HTTP/1.1" 304 -
117.131.5.26 - - [17/May/2020:10:27:41 +0800] "POST /xingrg/dwr/call/plaincall/AjaxReportQueryService.refreshCache.dwr HTTP/1.1" 200 78
114.86.190.97 - - [17/May/2020:10:27:41 +0800] "GET /xingrg/system/rest/query_items.html?_=1589682463167&table=menu&page=1&rows=20&categoryId=&key=%25E5%25B0%258F%25E9%259D%2592%25E9%25BE%2599 HTTP/1.1" 200 1500
117.131.5.26 - - [17/May/2020:10:27:42 +0800] "POST /xingrg/all/report/load_report_page.html HTTP/1.1" 200 32819
117.131.5.26 - - [17/May/2020:10:27:42 +0800] "GET /xingrg/servlets/image?cache=0.6145877131369372&image=px HTTP/1.1" 200 807
114.86.190.97 - - [17/May/2020:10:27:43 +0800] "GET /xingrg/system/rest/query_items.html?_=1589682465048&table=menu&page=1&rows=20&categoryId=&key=%25E5%25B0%258F%25E9%259D%2592%25E9%25BE%2599 HTTP/1.1" 200 1500
114.86.190.97 - - [17/May/2020:10:27:44 +0800] "GET /xingrg/system/rest/get_item.html?table=menu&id=1990&_=1589682465616 HTTP/1.1" 200 968
114.86.190.97 - - [17/May/2020:10:27:44 +0800] "GET /xingrg/system/rest/get_item.html?table=menu&target=menu_rest&id=1990&_=1589682465639 HTTP/1.1" 200 496
114.86.190.97 - - [17/May/2020:10:27:44 +0800] "GET /xingrg/system/rest/get_item.html?table=menu&target=cook_mode&id=1990&_=1589682465638 HTTP/1.1" 200 18409
114.86.190.97 - - [17/May/2020:10:27:44 +0800] "GET /xingrg/system/rest/get_infos.html?command=menu_img_show&id=1990 HTTP/1.1" 200 5
114.86.190.97 - - [17/May/2020:10:27:46 +0800] "GET /xingrg/system/rest/get_item.html?table=menu&target=menu_rest_detail&id=1990&sid=14&_=1589682468306 HTTP/1.1" 200 443
117.184.7.26 - - [17/May/2020:10:27:47 +0800] "GET /xingrg/kc/buy/cgsh_order_operate.html?command=get_materiel&rest_code=00108&code=00101006111&supplier_code=00100010&order_time=2020-05-17 HTTP/1.1" 200 409
58.40.7.146 - - [17/May/2020:10:27:48 +0800] "GET /xingrg/all/function/internal_message.html?_=1589682470280&CODE_STATE=getMsg HTTP/1.1" 200 27
114.84.33.255 - - [17/May/2020:10:27:50 +0800] "GET /xingrg/all/function/internal_message.html?_=1589682497158&CODE_STATE=getMsg HTTP/1.1" 200 27
117.185.32.26 - - [17/May/2020:10:27:50 +0800] "GET /xingrg/all/function/internal_message.html?_=1589682894776&CODE_STATE=getMsg HTTP/1.1" 200 27
114.86.190.97 - - [17/May/2020:10:27:52 +0800] "GET /xingrg/system/rest/get_item.html?table=menu&id=1991&_=1589682474250 HTTP/1.1" 200 950
114.86.190.97 - - [17/May/2020:10:27:52 +0800] "GET /xingrg/system/rest/get_item.html?table=menu&target=cook_mode&id=1991&_=1589682474269 HTTP/1.1" 200 6377
114.86.190.97 - - [17/May/2020:10:27:52 +0800] "GET /xingrg/system/rest/get_item.html?table=menu&target=menu_rest&id=1991&_=1589682474270 HTTP/1.1" 200 909
114.86.190.97 - - [17/May/2020:10:27:53 +0800] "GET /xingrg/system/rest/get_infos.html?command=menu_img_show&id=1991 HTTP/1.1" 200 5
61.172.5.115 - - [17/May/2020:10:27:55 +0800] "GET /xingrg/check_reg.html?_=1589682476363 HTTP/1.1" 200 22
61.172.5.115 - - [17/May/2020:10:27:55 +0800] "GET /xingrg/all/function/internal_message.html?_=1589682476371&CODE_STATE=getMsg HTTP/1.1" 200 27
114.84.32.201 - - [17/May/2020:10:27:57 +0800] "GET /xingrg/all/function/internal_message.html?_=1589682478608&CODE_STATE=getMsg HTTP/1.1" 200 27
114.86.190.97 - - [17/May/2020:10:27:57 +0800] "GET /xingrg/system/rest/get_item.html?table=menu&target=menu_rest_detail&id=1991&sid=6&_=1589682478875 HTTP/1.1" 200 439
114.86.190.97 - - [17/May/2020:10:27:58 +0800] "GET /xingrg/system/rest/get_item.html?table=menu&target=menu_rest_detail&id=1991&sid=14&_=1589682479548 HTTP/1.1" 200 444
180.175.212.199 - - [17/May/2020:10:27:59 +0800] "GET /xingrg/all/function/internal_message.html?_=1589682679436&CODE_STATE=getMsg HTTP/1.1" 200 27
117.131.5.26 - - [17/May/2020:10:27:59 +0800] "GET /xingrg/check_reg.html?_=1589682491921 HTTP/1.1" 200 22
116.232.33.186 - - [17/May/2020:10:28:00 +0800] "POST /xingrg/services/DataTransmitService HTTP/1.1" 200 524
117.184.7.26 - - [17/May/2020:10:28:00 +0800] "GET /xingrg/kc/buy/cgsh_order_operate.html?command=get_materiel&rest_code=00108&code=00101006144&supplier_code=00100010&order_time=2020-05-17 HTTP/1.1" 200 409
114.86.190.97 - - [17/May/2020:10:28:01 +0800] "GET /xingrg/all/function/internal_message.html?_=1589682482851&CODE_STATE=getMsg HTTP/1.1" 200 27
117.131.5.26 - - [17/May/2020:10:28:03 +0800] "GET /xingrg/check_reg.html?_=1589682495562 HTTP/1.1" 200 22
117.131.5.26 - - [17/May/2020:10:28:03 +0800] "GET /xingrg/all/function/internal_message.html?_=1589682495890&CODE_STATE=getMsg HTTP/1.1" 200 27
61.172.5.115 - - [17/May/2020:10:28:04 +0800] "GET /xingrg/kc/buy/cgsh_order_operate.html?command=get_materiel&rest_code=00105&code=00101020144&supplier_code=00100337&order_time=2020-05-17 HTTP/1.1" 200 448
114.86.190.97 - - [17/May/2020:10:28:05 +0800] "GET /xingrg/system/rest/query_items.html?_=1589682487314&table=menu&page=1&rows=20&categoryId=&key=%25E8%25B1%25A1%25E6%258B%2594%25E8%259A%258C HTTP/1.1" 200 2432
114.86.190.97 - - [17/May/2020:10:28:07 +0800] "GET /xingrg/system/rest/query_items.html?_=1589682488669&table=menu&page=1&rows=20&categoryId=&key=%25E8%25B1%25A1%25E6%258B%2594%25E8%259A%258C HTTP/1.1" 200 2432
114.88.170.9 - - [17/May/2020:10:28:07 +0800] "GET /xingrg/all/function/internal_message.html?_=1589682485923&CODE_STATE=getMsg HTTP/1.1" 200 27
114.88.170.9 - - [17/May/2020:10:28:08 +0800] "GET /xingrg/check_reg.html?_=1589682486490 HTTP/1.1" 200 22
114.86.190.97 - - [17/May/2020:10:28:10 +0800] "GET /xingrg/system/rest/get_item.html?table=menu&id=2061&_=1589682492168 HTTP/1.1" 200 954
114.86.190.97 - - [17/May/2020:10:28:10 +0800] "GET /xingrg/system/rest/get_item.html?table=menu&target=menu_rest&id=2061&_=1589682492194 HTTP/1.1" 200 653
114.86.190.97 - - [17/May/2020:10:28:10 +0800] "GET /xingrg/system/rest/get_item.html?table=menu&target=cook_mode&id=2061&_=1589682492192 HTTP/1.1" 200 18248
114.86.190.97 - - [17/May/2020:10:28:11 +0800] "GET /xingrg/system/rest/get_infos.html?command=menu_img_show&id=2061 HTTP/1.1" 200 5
222.69.134.41 - - [17/May/2020:10:28:13 +0800] "GET /xingrg/all/function/internal_message.html?_=1589682494691&CODE_STATE=getMsg HTTP/1.1" 200 27
114.86.190.97 - - [17/May/2020:10:28:13 +0800] "GET /xingrg/system/rest/get_item.html?table=menu&target=menu_rest_detail&id=2061&sid=14&_=1589682494943 HTTP/1.1" 200 428
114.88.170.9 - - [17/May/2020:10:28:16 +0800] "GET /xingrg/kc/buy/cgsh_order_add.html HTTP/1.1" 200 58621
114.88.170.9 - - [17/May/2020:10:28:16 +0800] "GET /xingrg/javascript/easyui/themes/default/validatebox.css HTTP/1.1" 404 1104
114.88.170.9 - - [17/May/2020:10:28:16 +0800] "POST /xingrg/kc/buy/cgsh_order_operate.html HTTP/1.1" 200 8245
116.228.172.94 - - [17/May/2020:10:28:17 +0800] "GET /xingrg/all/function/internal_message.html?_=1589682500447&CODE_STATE=getMsg HTTP/1.1" 200 27
117.184.7.26 - - [17/May/2020:10:28:18 +0800] "GET /xingrg/kc/buy/cgsh_order_operate.html?command=get_materiel&rest_code=00108&code=00101006112&supplier_code=00100010&order_time=2020-05-17 HTTP/1.1" 200 409
114.86.190.97 - - [17/May/2020:10:28:20 +0800] "GET /xingrg/system/rest/query_items.html?_=1589682501588&table=menu&page=1&rows=20&categoryId=&key=%25E7%25BA%25A2%25E9%25BE%2599 HTTP/1.1" 200 690
114.86.190.97 - - [17/May/2020:10:28:22 +0800] "GET /xingrg/system/rest/query_items.html?_=1589682503532&table=menu&page=1&rows=20&categoryId=&key=%25E7%25BA%25A2%25E9%25BE%2599 HTTP/1.1" 200 690
222.69.134.41 - - [17/May/2020:10:28:22 +0800] "GET /xingrg/all/function/internal_message.html?_=1589682491667&CODE_STATE=getMsg HTTP/1.1" 200 27
180.162.232.172 - - [17/May/2020:10:28:22 +0800] "GET /xingrg/all/function/internal_message.html?_=1589682639768&CODE_STATE=getMsg HTTP/1.1" 200 27
114.86.190.97 - - [17/May/2020:10:28:22 +0800] "GET /xingrg/system/rest/get_item.html?table=menu&id=2003&_=1589682504039 HTTP/1.1" 200 942
114.86.190.97 - - [17/May/2020:10:28:22 +0800] "GET /xingrg/system/rest/get_item.html?table=menu&target=menu_rest&id=2003&_=1589682504059 HTTP/1.1" 200 559
114.86.190.97 - - [17/May/2020:10:28:22 +0800] "GET /xingrg/system/rest/get_item.html?table=menu&target=cook_mode&id=2003&_=1589682504058 HTTP/1.1" 200 4587
114.84.33.255 - - [17/May/2020:10:28:22 +0800] "GET /xingrg/check_reg.html?_=1589682530074 HTTP/1.1" 200 22
114.88.170.9 - - [17/May/2020:10:28:23 +0800] "GET /xingrg/all/function/internal_message.html?_=1589682853278&CODE_STATE=getMsg HTTP/1.1" 200 27
114.86.190.97 - - [17/May/2020:10:28:23 +0800] "GET /xingrg/system/rest/get_infos.html?command=menu_img_show&id=2003 HTTP/1.1" 200 5
114.88.170.9 - - [17/May/2020:10:28:23 +0800] "GET /xingrg/kc/buy/cgsh_order_operate.html?command=get_materiel&rest_code=00111&code=00101006129&supplier_code=00100012&order_time=2020-05-17 HTTP/1.1" 200 431
114.84.33.255 - - [17/May/2020:10:28:24 +0800] "GET /xingrg/all/function/internal_message.html?_=1589682531759&CODE_STATE=getMsg HTTP/1.1" 200 27
117.184.7.26 - - [17/May/2020:10:28:27 +0800] "GET /xingrg/kc/buy/cgsh_order_operate.html?command=get_materiel&rest_code=00108&code=00101006177&supplier_code=00100010&order_time=2020-05-17 HTTP/1.1" 200 409
114.86.190.97 - - [17/May/2020:10:28:29 +0800] "GET /xingrg/system/rest/query_items.html?_=1589682511221&table=menu&page=1&rows=20&categoryId=&key=1903 HTTP/1.1" 200 534
117.184.7.26 - - [17/May/2020:10:28:30 +0800] "GET /xingrg/check_reg.html?_=1589682511541 HTTP/1.1" 200 22
117.184.7.26 - - [17/May/2020:10:28:30 +0800] "GET /xingrg/all/function/internal_message.html?_=1589682511545&CODE_STATE=getMsg HTTP/1.1" 200 27
114.86.190.97 - - [17/May/2020:10:28:30 +0800] "GET /xingrg/system/rest/query_items.html?_=1589682512339&table=menu&page=1&rows=20&categoryId=&key=1903 HTTP/1.1" 200 534
61.172.5.115 - - [17/May/2020:10:28:30 +0800] "GET /xingrg/kc/buy/cgsh_order_operate.html?command=get_materiel&rest_code=00105&code=00101010162&supplier_code=00100337&order_time=2020-05-17 HTTP/1.1" 200 436
172.17.0.123 - - [17/May/2020:10:28:31 +0800] "GET /xingrg/all/function/internal_message.html?_=1589682507402&CODE_STATE=getMsg HTTP/1.1" 302 -
114.86.190.97 - - [17/May/2020:10:28:31 +0800] "GET /xingrg/system/rest/get_item.html?table=menu&id=1903&_=1589682512767 HTTP/1.1" 200 997
114.86.190.97 - - [17/May/2020:10:28:31 +0800] "GET /xingrg/system/rest/get_item.html?table=menu&target=menu_rest&id=1903&_=1589682512784 HTTP/1.1" 200 1074
114.86.190.97 - - [17/May/2020:10:28:31 +0800] "GET /xingrg/system/rest/get_item.html?table=menu&target=cook_mode&id=1903&_=1589682512781 HTTP/1.1" 200 12632
114.86.190.97 - - [17/May/2020:10:28:31 +0800] "GET /xingrg/system/rest/get_infos.html?command=menu_img_show&id=1903 HTTP/1.1" 200 5
114.86.190.97 - - [17/May/2020:10:28:32 +0800] "GET /xingrg/check_reg.html?_=1589682514386 HTTP/1.1" 200 22
114.86.190.97 - - [17/May/2020:10:28:33 +0800] "GET /xingrg/all/function/internal_message.html?_=1589682514827&CODE_STATE=getMsg HTTP/1.1" 200 27
114.88.170.9 - - [17/May/2020:10:28:34 +0800] "GET /xingrg/kc/buy/cgsh_order_operate.html?command=get_materiel&rest_code=00111&code=00101006056&supplier_code=00100012&order_time=2020-05-17 HTTP/1.1" 200 413
180.162.232.172 - - [17/May/2020:10:28:38 +0800] "GET /xingrg/all/function/internal_message.html?_=1589682523096&CODE_STATE=getMsg HTTP/1.1" 200 27
114.88.170.9 - - [17/May/2020:10:28:39 +0800] "GET /xingrg/kc/buy/cgsh_order_operate.html?command=get_materiel&rest_code=00111&code=00101006144&supplier_code=00100012&order_time=2020-05-17 HTTP/1.1" 200 409
61.172.5.115 - - [17/May/2020:10:28:41 +0800] "GET /xingrg/system/info/materiel_import.html?isSelect=1&singleSelect=false HTTP/1.1" 200 5600
61.172.5.115 - - [17/May/2020:10:28:41 +0800] "GET /favicon.ico HTTP/1.1" 404 -
61.172.5.115 - - [17/May/2020:10:28:41 +0800] "POST /xingrg/all/common/load_tree.html?tree=materiel_sort_tree_json HTTP/1.1" 200 8666
