172.17.0.123 - - [17/May/2020:09:30:31 +0800] "GET /xingrg/check_reg.html?_=1589679027404 HTTP/1.1" 302 -
172.17.0.123 - - [17/May/2020:09:30:31 +0800] "GET /xingrg/all/function/internal_message.html?_=1589679027406&CODE_STATE=getMsg HTTP/1.1" 302 -
114.86.190.97 - - [17/May/2020:09:30:31 +0800] "GET /xingrg/all/function/internal_message.html?_=1589679033072&CODE_STATE=getMsg HTTP/1.1" 200 27
114.84.33.255 - - [17/May/2020:09:30:32 +0800] "POST /xingrg/kc/buy/cgsh_order_operate.html HTTP/1.1" 200 37
222.69.134.41 - - [17/May/2020:09:30:33 +0800] "POST /xingrg/kc/buy/cgsh_list_operate.html HTTP/1.1" 200 580
114.84.33.255 - - [17/May/2020:09:30:33 +0800] "POST /xingrg/kc/buy/cgsh_order_operate.html HTTP/1.1" 200 3248
114.84.33.255 - - [17/May/2020:09:30:34 +0800] "GET /xingrg/all/function/internal_message.html?_=1589679061361&CODE_STATE=getMsg HTTP/1.1" 200 27
222.69.134.41 - - [17/May/2020:09:30:38 +0800] "POST /xingrg/kc/buy/cgsh_list_operate.html HTTP/1.1" 200 201
180.162.232.172 - - [17/May/2020:09:30:39 +0800] "GET /xingrg/kc/buy/cgsh_order_operate.html?command=get_materiel&rest_code=00151&code=00101012059&supplier_code=00100036&order_time=2020-05-17 HTTP/1.1" 200 412
180.162.232.172 - - [17/May/2020:09:30:40 +0800] "GET /xingrg/check_reg.html?_=1589679044132 HTTP/1.1" 200 22
180.162.232.172 - - [17/May/2020:09:30:40 +0800] "GET /xingrg/all/function/internal_message.html?_=1589679044138&CODE_STATE=getMsg HTTP/1.1" 200 27
222.69.134.41 - - [17/May/2020:09:30:40 +0800] "POST /xingrg/kc/buy/cgsh_list_operate.html HTTP/1.1" 200 205
114.88.170.9 - - [17/May/2020:09:30:40 +0800] "GET /xingrg/kc/buy/cgsh_order_operate.html?command=get_materiel&rest_code=00111&code=00101008196&supplier_code=00100005&order_time=2020-05-17 HTTP/1.1" 200 416
114.84.33.255 - - [17/May/2020:09:30:43 +0800] "GET /xingrg/login.html HTTP/1.1" 200 7641
114.84.33.255 - - [17/May/2020:09:30:43 +0800] "GET /favicon.ico HTTP/1.1" 404 -
222.69.134.41 - - [17/May/2020:09:30:43 +0800] "POST /xingrg/kc/buy/cgsh_list_operate.html HTTP/1.1" 200 5878
222.69.134.41 - - [17/May/2020:09:30:44 +0800] "POST /xingrg/kc/buy/cgsh_list_operate.html HTTP/1.1" 200 208
222.69.134.41 - - [17/May/2020:09:30:46 +0800] "POST /xingrg/kc/buy/cgsh_list_operate.html HTTP/1.1" 200 205
114.88.170.9 - - [17/May/2020:09:30:47 +0800] "GET /xingrg/kc/buy/cgsh_order_operate.html?command=get_materiel&rest_code=00111&code=00101008069&supplier_code=00100005&order_time=2020-05-17 HTTP/1.1" 200 412
222.69.134.41 - - [17/May/2020:09:30:48 +0800] "POST /xingrg/kc/buy/cgsh_list_operate.html HTTP/1.1" 200 572
58.40.7.146 - - [17/May/2020:09:30:48 +0800] "GET /xingrg/check_reg.html?_=1589679050232 HTTP/1.1" 200 22
58.40.7.146 - - [17/May/2020:09:30:48 +0800] "GET /xingrg/all/function/internal_message.html?_=1589679050233&CODE_STATE=getMsg HTTP/1.1" 200 27
114.84.33.255 - - [17/May/2020:09:30:48 +0800] "POST /xingrg/login.do HTTP/1.1" 302 -
114.84.33.255 - - [17/May/2020:09:30:48 +0800] "GET /xingrg/index.html?sysBaseUrl=http%3A%2F%2F180.169.147.146%3A18081%2Fxingrg%2F&costTime=39×tamp=1589679048710 HTTP/1.1" 200 17179
114.84.33.255 - - [17/May/2020:09:30:48 +0800] "GET /xingrg/javascript/jquery_easy_ui/easyui-lang-zh_CN.js HTTP/1.1" 304 -
114.84.33.255 - - [17/May/2020:09:30:48 +0800] "GET /xingrg/javascript/jquery_easy_ui/themes/icon.css HTTP/1.1" 304 -
114.84.33.255 - - [17/May/2020:09:30:48 +0800] "GET /xingrg/javascript/jquery_easy_ui/themes/default/easyui.css HTTP/1.1" 304 -
114.84.33.255 - - [17/May/2020:09:30:48 +0800] "GET /xingrg/css/form.css HTTP/1.1" 304 -
114.84.33.255 - - [17/May/2020:09:30:48 +0800] "GET /xingrg/javascript/jquery-1.4.2.min.js HTTP/1.1" 304 -
114.84.33.255 - - [17/May/2020:09:30:48 +0800] "GET /xingrg/javascript/jquery.form.js HTTP/1.1" 304 -
114.84.33.255 - - [17/May/2020:09:30:48 +0800] "GET /xingrg/javascript/jquery_easy_ui/jquery.easyui.min.js HTTP/1.1" 304 -
114.84.33.255 - - [17/May/2020:09:30:48 +0800] "GET /xingrg/javascript/jquery.utils.js HTTP/1.1" 304 -
114.84.33.255 - - [17/May/2020:09:30:48 +0800] "GET /xingrg/javascript/jquery.timers.js HTTP/1.1" 304 -
114.84.33.255 - - [17/May/2020:09:30:48 +0800] "POST /xingrg/all/common/load_tree.html?tree=area_rest_tree_json&manage=1 HTTP/1.1" 200 351
114.84.33.255 - - [17/May/2020:09:30:48 +0800] "GET /xingrg/all/function/internal_message.html?_=1589679075990&CODE_STATE=count HTTP/1.1" 200 11
114.84.33.255 - - [17/May/2020:09:30:48 +0800] "GET /xingrg/check_reg.html?_=1589679075991 HTTP/1.1" 200 22
114.84.33.255 - - [17/May/2020:09:30:49 +0800] "GET /favicon.ico HTTP/1.1" 404 -
114.84.33.255 - - [17/May/2020:09:30:49 +0800] "POST /xingrg/load_menu.html HTTP/1.1" 200 5138
114.88.170.9 - - [17/May/2020:09:30:49 +0800] "POST /xingrg/kc/buy/cgsh_order_operate.html HTTP/1.1" 200 2065
222.69.134.41 - - [17/May/2020:09:30:50 +0800] "POST /xingrg/kc/buy/cgsh_list_operate.html HTTP/1.1" 200 202
114.84.33.255 - - [17/May/2020:09:30:51 +0800] "GET /xingrg/kc/buy/buy_main.html HTTP/1.1" 200 12412
114.84.33.255 - - [17/May/2020:09:30:51 +0800] "GET /xingrg/css/blue.css HTTP/1.1" 304 -
114.84.33.255 - - [17/May/2020:09:30:51 +0800] "GET /xingrg/css/new_ie.css HTTP/1.1" 404 1036
114.84.33.255 - - [17/May/2020:09:30:51 +0800] "GET /xingrg/javascript/pic_change.js HTTP/1.1" 304 -
114.84.33.255 - - [17/May/2020:09:30:51 +0800] "GET /xingrg/javascript/jquery_ui/themes/humanity/humanity.css HTTP/1.1" 304 -
114.84.33.255 - - [17/May/2020:09:30:51 +0800] "GET /xingrg/javascript/ToolTips.js HTTP/1.1" 304 -
114.84.33.255 - - [17/May/2020:09:30:51 +0800] "GET /xingrg/javascript/myfunction.js HTTP/1.1" 304 -
114.84.33.255 - - [17/May/2020:09:30:51 +0800] "GET /xingrg/javascript/jquery_ui/jquery-ui.min.js HTTP/1.1" 304 -
114.84.33.255 - - [17/May/2020:09:30:51 +0800] "GET /xingrg/images/yd/bt.gif HTTP/1.1" 404 1040
180.162.232.172 - - [17/May/2020:09:30:51 +0800] "POST /xingrg/kc/buy/cgsh_order_operate.html HTTP/1.1" 200 37
222.69.134.41 - - [17/May/2020:09:30:52 +0800] "POST /xingrg/kc/buy/cgsh_list_operate.html HTTP/1.1" 200 199
114.84.33.255 - - [17/May/2020:09:30:52 +0800] "GET /xingrg/css/base.css HTTP/1.1" 304 -
114.84.33.255 - - [17/May/2020:09:30:52 +0800] "GET /xingrg/css/site.css HTTP/1.1" 304 -
114.84.33.255 - - [17/May/2020:09:30:52 +0800] "GET /xingrg/javascript/jquery_tools/datebox.css HTTP/1.1" 304 -
114.84.33.255 - - [17/May/2020:09:30:52 +0800] "GET /xingrg/javascript/easyui/themes/default/easyui.css HTTP/1.1" 304 -
114.84.33.255 - - [17/May/2020:09:30:52 +0800] "GET /xingrg/javascript/easyui/themes/icon.css HTTP/1.1" 304 -
114.84.33.255 - - [17/May/2020:09:30:52 +0800] "GET /xingrg/javascript/auto/jquery.autocomplete.css HTTP/1.1" 304 -
114.84.33.255 - - [17/May/2020:09:30:52 +0800] "GET /xingrg/javascript/jquery_tools/fix.css HTTP/1.1" 304 -
114.84.33.255 - - [17/May/2020:09:30:52 +0800] "GET /xingrg/javascript/jquery_tools/table.css HTTP/1.1" 304 -
114.84.33.255 - - [17/May/2020:09:30:52 +0800] "GET /xingrg/kc/buy/cgsh_order_list.html HTTP/1.1" 200 42889
114.84.33.255 - - [17/May/2020:09:30:52 +0800] "GET /xingrg/javascript/jquery_tools/jquery.tools.min.js HTTP/1.1" 304 -
114.84.33.255 - - [17/May/2020:09:30:52 +0800] "GET /xingrg/javascript/jquery_tools/jquery.tools.extend.js HTTP/1.1" 304 -
114.84.33.255 - - [17/May/2020:09:30:52 +0800] "GET /xingrg/javascript/jquery_tools/jquery.tools.hotkey.js HTTP/1.1" 304 -
114.84.33.255 - - [17/May/2020:09:30:52 +0800] "GET /xingrg/javascript/jquery_tools/jquery.tools.table.js HTTP/1.1" 304 -
114.84.33.255 - - [17/May/2020:09:30:52 +0800] "GET /xingrg/javascript/jquery_tools/list_manager.js HTTP/1.1" 304 -
114.84.33.255 - - [17/May/2020:09:30:52 +0800] "GET /xingrg/javascript/auto/jquery.autocomplete.js HTTP/1.1" 304 -
114.84.33.255 - - [17/May/2020:09:30:52 +0800] "GET /xingrg/javascript/easyui/easyloader.js HTTP/1.1" 304 -
114.84.33.255 - - [17/May/2020:09:30:52 +0800] "GET /xingrg/javascript/jquery.cookie.js HTTP/1.1" 304 -
114.84.33.255 - - [17/May/2020:09:30:52 +0800] "GET /xingrg/javascript/print/LodopFuncs.js HTTP/1.1" 304 -
114.84.33.255 - - [17/May/2020:09:30:53 +0800] "GET /xingrg/javascript/easyui/plugins/jquery.parser.js HTTP/1.1" 304 -
114.88.170.9 - - [17/May/2020:09:30:54 +0800] "GET /xingrg/kc/buy/cgsh_order_operate.html?command=get_materiel&rest_code=00111&code=00101015054&supplier_code=00100005&order_time=2020-05-17 HTTP/1.1" 200 423
180.175.212.199 - - [17/May/2020:09:30:56 +0800] "GET /xingrg/all/function/internal_message.html?_=1589679256004&CODE_STATE=getMsg HTTP/1.1" 200 27
180.162.232.172 - - [17/May/2020:09:30:56 +0800] "POST /xingrg/kc/buy/cgsh_order_operate.html HTTP/1.1" 200 12
114.84.33.255 - - [17/May/2020:09:30:56 +0800] "POST /xingrg/kc/buy/cgsh_list_operate.html HTTP/1.1" 200 3133
180.162.232.172 - - [17/May/2020:09:30:57 +0800] "GET /xingrg/kc/buy/cgsh_order_info.html?code=212020051705821 HTTP/1.1" 200 53145
180.162.232.172 - - [17/May/2020:09:30:57 +0800] "GET /xingrg/javascript/easyui/themes/default/validatebox.css HTTP/1.1" 404 1104
114.88.170.9 - - [17/May/2020:09:30:58 +0800] "GET /xingrg/kc/buy/cgsh_order_operate.html?command=get_materiel&rest_code=00111&code=00101008036&supplier_code=00100005&order_time=2020-05-17 HTTP/1.1" 200 408
180.162.232.172 - - [17/May/2020:09:30:58 +0800] "POST /xingrg/kc/buy/cgsh_order_operate.html HTTP/1.1" 200 614
114.88.170.9 - - [17/May/2020:09:30:58 +0800] "GET /xingrg/all/function/internal_message.html?_=1589679056588&CODE_STATE=getMsg HTTP/1.1" 200 27
180.162.232.172 - - [17/May/2020:09:30:58 +0800] "GET /xingrg/all/function/internal_message.html?_=1589679196046&CODE_STATE=getMsg HTTP/1.1" 200 27
222.69.134.41 - - [17/May/2020:09:30:59 +0800] "POST /xingrg/kc/buy/cgsh_list_operate.html HTTP/1.1" 200 201
114.84.33.255 - - [17/May/2020:09:30:59 +0800] "POST /xingrg/kc/buy/cgsh_list_operate.html HTTP/1.1" 200 575
114.84.33.255 - - [17/May/2020:09:31:00 +0800] "GET /xingrg/javascript/jquery_tools/order_manager.js HTTP/1.1" 304 -
114.84.33.255 - - [17/May/2020:09:31:00 +0800] "GET /xingrg/javascript/convert.js HTTP/1.1" 304 -
114.84.33.255 - - [17/May/2020:09:31:00 +0800] "GET /xingrg/javascript/json2.js HTTP/1.1" 304 -
114.84.33.255 - - [17/May/2020:09:31:00 +0800] "GET /xingrg/javascript/print/kc_print.js HTTP/1.1" 304 -
114.84.33.255 - - [17/May/2020:09:31:00 +0800] "GET /xingrg/kc/buy/cgsh_order_info.html?code=212020051705798 HTTP/1.1" 200 58636
114.84.33.255 - - [17/May/2020:09:31:00 +0800] "GET /xingrg/words/20200516131853_words.js HTTP/1.1" 304 -
114.84.33.255 - - [17/May/2020:09:31:00 +0800] "GET /xingrg/all/common/auto_word.html?type=employee&rest_code=00146 HTTP/1.1" 200 197
114.84.33.255 - - [17/May/2020:09:31:00 +0800] "GET /xingrg/all/common/auto_word.html?type=employee&rest_code=00146 HTTP/1.1" 200 197
114.84.33.255 - - [17/May/2020:09:31:00 +0800] "GET /xingrg/javascript/easyui/themes/default/validatebox.css HTTP/1.1" 404 1104
114.84.33.255 - - [17/May/2020:09:31:00 +0800] "GET /xingrg/javascript/easyui/plugins/jquery.validatebox.js HTTP/1.1" 304 -
114.84.33.255 - - [17/May/2020:09:31:00 +0800] "GET /xingrg/javascript/easyui/plugins/jquery.numberbox.js HTTP/1.1" 304 -
114.84.33.255 - - [17/May/2020:09:31:00 +0800] "POST /xingrg/kc/buy/cgsh_order_operate.html HTTP/1.1" 200 8607
222.69.134.41 - - [17/May/2020:09:31:01 +0800] "POST /xingrg/kc/buy/cgsh_list_operate.html HTTP/1.1" 200 435
180.162.232.172 - - [17/May/2020:09:31:05 +0800] "GET /xingrg/kc/print/load_data.html?order_code=212020051705821&kc_code=cgsh&condition= HTTP/1.1" 200 812
61.172.5.115 - - [17/May/2020:09:31:05 +0800] "GET /xingrg/check_reg.html?_=1589679067126 HTTP/1.1" 200 22
61.172.5.115 - - [17/May/2020:09:31:05 +0800] "GET /xingrg/all/function/internal_message.html?_=1589679067144&CODE_STATE=getMsg HTTP/1.1" 200 27
222.69.134.41 - - [17/May/2020:09:31:07 +0800] "POST /xingrg/kc/buy/cgsh_list_operate.html HTTP/1.1" 200 569
114.84.33.255 - - [17/May/2020:09:31:07 +0800] "POST /xingrg/kc/buy/cgsh_list_operate.html HTTP/1.1" 200 564
114.84.33.255 - - [17/May/2020:09:31:08 +0800] "GET /xingrg/kc/buy/cgsh_order_info.html?code=212020051705797 HTTP/1.1" 200 58636
114.84.33.255 - - [17/May/2020:09:31:08 +0800] "GET /xingrg/javascript/easyui/themes/default/validatebox.css HTTP/1.1" 404 1104
114.84.33.255 - - [17/May/2020:09:31:08 +0800] "POST /xingrg/kc/buy/cgsh_order_operate.html HTTP/1.1" 200 53510
222.69.134.41 - - [17/May/2020:09:31:09 +0800] "POST /xingrg/kc/buy/cgsh_list_operate.html HTTP/1.1" 200 208
114.88.170.9 - - [17/May/2020:09:31:09 +0800] "GET /xingrg/kc/buy/cgsh_order_operate.html?command=get_materiel&rest_code=00111&code=00101008131&supplier_code=00100005&order_time=2020-05-17 HTTP/1.1" 200 408
114.84.33.255 - - [17/May/2020:09:31:10 +0800] "GET /xingrg/kc/print/load_config.html?kc_code=cgsh HTTP/1.1" 200 1845
114.84.33.255 - - [17/May/2020:09:31:10 +0800] "GET /xingrg/kc/print/load_data.html?order_code=212020051705797&kc_code=cgsh&condition= HTTP/1.1" 200 19915
222.69.134.41 - - [17/May/2020:09:31:12 +0800] "GET /xingrg/all/function/internal_message.html?_=1589679074603&CODE_STATE=getMsg HTTP/1.1" 200 27
222.69.134.41 - - [17/May/2020:09:31:13 +0800] "POST /xingrg/kc/buy/cgsh_list_operate.html HTTP/1.1" 200 5834
222.69.134.41 - - [17/May/2020:09:31:15 +0800] "POST /xingrg/kc/buy/cgsh_list_operate.html HTTP/1.1" 200 503
222.69.134.41 - - [17/May/2020:09:31:17 +0800] "POST /xingrg/kc/buy/cgsh_list_operate.html HTTP/1.1" 200 573
114.84.33.255 - - [17/May/2020:09:31:18 +0800] "GET /xingrg/all/function/internal_message.html?_=1589679105521&CODE_STATE=getMsg HTTP/1.1" 200 27
114.84.33.255 - - [17/May/2020:09:31:18 +0800] "POST /xingrg/kc/buy/cgsh_list_operate.html HTTP/1.1" 200 3133
222.69.134.41 - - [17/May/2020:09:31:19 +0800] "POST /xingrg/kc/buy/cgsh_list_operate.html HTTP/1.1" 200 205
180.162.232.172 - - [17/May/2020:09:31:20 +0800] "POST /xingrg/all/user/operate.html HTTP/1.1" 200 36
114.84.33.255 - - [17/May/2020:09:31:20 +0800] "POST /xingrg/kc/buy/cgsh_list_operate.html HTTP/1.1" 200 486
180.162.232.172 - - [17/May/2020:09:31:20 +0800] "GET /xingrg/javascript/jquery_easy_ui/themes/default/easyui.css HTTP/1.1" 304 -
180.162.232.172 - - [17/May/2020:09:31:20 +0800] "GET /xingrg/index.html?sysBaseUrl=http%3A%2F%2F180.169.147.146%3A18081%2Fxingrg%2F&costTime=39×tamp=1589678151556 HTTP/1.1" 200 17179
180.162.232.172 - - [17/May/2020:09:31:20 +0800] "GET /xingrg/javascript/jquery_easy_ui/themes/icon.css HTTP/1.1" 304 -
180.162.232.172 - - [17/May/2020:09:31:20 +0800] "GET /xingrg/css/form.css HTTP/1.1" 304 -
180.162.232.172 - - [17/May/2020:09:31:20 +0800] "GET /xingrg/javascript/jquery-1.4.2.min.js HTTP/1.1" 304 -
180.162.232.172 - - [17/May/2020:09:31:20 +0800] "GET /xingrg/javascript/jquery_easy_ui/jquery.easyui.min.js HTTP/1.1" 304 -
180.162.232.172 - - [17/May/2020:09:31:20 +0800] "GET /xingrg/javascript/jquery_easy_ui/easyui-lang-zh_CN.js HTTP/1.1" 304 -
180.162.232.172 - - [17/May/2020:09:31:20 +0800] "GET /xingrg/javascript/jquery.form.js HTTP/1.1" 304 -
180.162.232.172 - - [17/May/2020:09:31:20 +0800] "GET /xingrg/javascript/jquery.utils.js HTTP/1.1" 304 -
180.162.232.172 - - [17/May/2020:09:31:20 +0800] "GET /xingrg/javascript/jquery.timers.js HTTP/1.1" 304 -
180.162.232.172 - - [17/May/2020:09:31:20 +0800] "GET /xingrg/images/blue/jxLogo.png HTTP/1.1" 304 -
180.162.232.172 - - [17/May/2020:09:31:20 +0800] "GET /xingrg/images/blue/navBackgound.jpg HTTP/1.1" 304 -
180.162.232.172 - - [17/May/2020:09:31:20 +0800] "GET /xingrg/javascript/jquery_easy_ui/themes/icons/settle_new.png HTTP/1.1" 304 -
180.162.232.172 - - [17/May/2020:09:31:20 +0800] "GET /xingrg/images/blue/pingpu.png HTTP/1.1" 304 -
180.162.232.172 - - [17/May/2020:09:31:20 +0800] "POST /xingrg/all/common/load_tree.html?tree=area_rest_tree_json&manage=1 HTTP/1.1" 200 476
180.162.232.172 - - [17/May/2020:09:31:20 +0800] "GET /xingrg/javascript/jquery_easy_ui/themes/default/images/tabs_leftarrow.png HTTP/1.1" 304 -
180.162.232.172 - - [17/May/2020:09:31:20 +0800] "GET /xingrg/javascript/jquery_easy_ui/themes/default/images/tabs_rightarrow.png HTTP/1.1" 304 -
180.162.232.172 - - [17/May/2020:09:31:20 +0800] "GET /xingrg/javascript/jquery_easy_ui/themes/default/images/panel_tool_collapse.gif HTTP/1.1" 304 -
180.162.232.172 - - [17/May/2020:09:31:20 +0800] "GET /xingrg/all/function/internal_message.html?_=1589679218348&CODE_STATE=count HTTP/1.1" 200 11
180.162.232.172 - - [17/May/2020:09:31:20 +0800] "GET /xingrg/check_reg.html?_=1589679218349 HTTP/1.1" 200 22
180.162.232.172 - - [17/May/2020:09:31:20 +0800] "POST /xingrg/load_menu.html HTTP/1.1" 200 5138
222.69.134.41 - - [17/May/2020:09:31:21 +0800] "POST /xingrg/kc/buy/cgsh_list_operate.html HTTP/1.1" 200 293
114.84.33.255 - - [17/May/2020:09:31:21 +0800] "GET /xingrg/kc/buy/cgsh_order_info.html?code=212020051705816 HTTP/1.1" 200 58638
114.84.33.255 - - [17/May/2020:09:31:21 +0800] "GET /xingrg/javascript/easyui/themes/default/validatebox.css HTTP/1.1" 404 1104
114.84.33.255 - - [17/May/2020:09:31:21 +0800] "POST /xingrg/kc/buy/cgsh_order_operate.html HTTP/1.1" 200 5001
114.88.170.9 - - [17/May/2020:09:31:22 +0800] "GET /xingrg/kc/buy/cgsh_order_operate.html?command=get_materiel&rest_code=00111&code=00101015070&supplier_code=00100005&order_time=2020-05-17 HTTP/1.1" 200 413
114.88.170.9 - - [17/May/2020:09:31:23 +0800] "GET /xingrg/all/function/internal_message.html?_=1589679433085&CODE_STATE=getMsg HTTP/1.1" 200 27
114.88.170.9 - - [17/May/2020:09:31:23 +0800] "GET /xingrg/check_reg.html?_=1589679433088 HTTP/1.1" 200 22
222.69.134.41 - - [17/May/2020:09:31:23 +0800] "POST /xingrg/kc/buy/cgsh_list_operate.html HTTP/1.1" 200 201
114.84.33.255 - - [17/May/2020:09:31:23 +0800] "GET /xingrg/kc/print/load_data.html?order_code=212020051705816&kc_code=cgsh&condition= HTTP/1.1" 200 1596
61.172.5.115 - - [17/May/2020:09:31:23 +0800] "POST /xingrg/services/DataTransmitService HTTP/1.1" 200 524
61.172.5.115 - - [17/May/2020:09:31:24 +0800] "POST /xingrg/services/DataTransmitService HTTP/1.1" 200 501
61.172.5.115 - - [17/May/2020:09:31:24 +0800] "POST /xingrg/services/DataTransmitService HTTP/1.1" 200 501
222.69.134.41 - - [17/May/2020:09:31:25 +0800] "POST /xingrg/kc/buy/cgsh_list_operate.html HTTP/1.1" 200 569
61.172.5.115 - - [17/May/2020:09:31:25 +0800] "POST /xingrg/services/DataTransmitService HTTP/1.1" 200 501
180.162.232.172 - - [17/May/2020:09:31:25 +0800] "GET /xingrg/kc/buy/cgsh_order_list.html HTTP/1.1" 200 42889
61.172.5.115 - - [17/May/2020:09:31:26 +0800] "POST /xingrg/services/DataTransmitService HTTP/1.1" 200 501
180.162.232.172 - - [17/May/2020:09:31:26 +0800] "POST /xingrg/kc/buy/cgsh_list_operate.html HTTP/1.1" 200 1691
61.172.5.115 - - [17/May/2020:09:31:26 +0800] "POST /xingrg/services/DataTransmitService HTTP/1.1" 200 501
222.69.134.41 - - [17/May/2020:09:31:27 +0800] "POST /xingrg/kc/buy/cgsh_list_operate.html HTTP/1.1" 200 572
61.172.5.115 - - [17/May/2020:09:31:27 +0800] "POST /xingrg/services/DataTransmitService HTTP/1.1" 200 501
61.172.5.115 - - [17/May/2020:09:31:28 +0800] "POST /xingrg/services/DataTransmitService HTTP/1.1" 200 501
180.162.232.172 - - [17/May/2020:09:31:28 +0800] "GET /xingrg/kc/buy/cgsh_order_add.html HTTP/1.1" 200 58557
61.172.5.115 - - [17/May/2020:09:31:28 +0800] "POST /xingrg/services/DataTransmitService HTTP/1.1" 200 501
180.162.232.172 - - [17/May/2020:09:31:28 +0800] "POST /xingrg/kc/buy/cgsh_order_operate.html HTTP/1.1" 200 8245
61.172.5.115 - - [17/May/2020:09:31:28 +0800] "POST /xingrg/services/DataTransmitService HTTP/1.1" 200 412
180.162.232.172 - - [17/May/2020:09:31:28 +0800] "GET /xingrg/javascript/easyui/themes/default/validatebox.css HTTP/1.1" 404 1104
222.69.134.41 - - [17/May/2020:09:31:30 +0800] "POST /xingrg/kc/buy/cgsh_list_operate.html HTTP/1.1" 200 275
114.88.170.9 - - [17/May/2020:09:31:30 +0800] "GET /xingrg/kc/buy/cgsh_order_operate.html?command=get_materiel&rest_code=00111&code=00101008352&supplier_code=00100005&order_time=2020-05-17 HTTP/1.1" 200 412
114.84.33.255 - - [17/May/2020:09:31:31 +0800] "POST /xingrg/kc/buy/cgsh_list_operate.html HTTP/1.1" 200 3133
172.17.0.123 - - [17/May/2020:09:31:31 +0800] "GET /xingrg/all/function/internal_message.html?_=1589679087391&CODE_STATE=getMsg HTTP/1.1" 302 -
114.86.190.97 - - [17/May/2020:09:31:31 +0800] "GET /xingrg/all/function/internal_message.html?_=1589679093085&CODE_STATE=getMsg HTTP/1.1" 200 27
114.84.33.255 - - [17/May/2020:09:31:32 +0800] "POST /xingrg/kc/buy/cgsh_list_operate.html HTTP/1.1" 200 414
114.84.33.255 - - [17/May/2020:09:31:33 +0800] "GET /xingrg/kc/buy/cgsh_order_info.html?code=212020051705817 HTTP/1.1" 200 58634
114.84.33.255 - - [17/May/2020:09:31:33 +0800] "GET /xingrg/javascript/easyui/themes/default/validatebox.css HTTP/1.1" 404 1104
180.162.232.172 - - [17/May/2020:09:31:33 +0800] "GET /xingrg/javascript/auto/indicator.gif HTTP/1.1" 404 1066
114.84.33.255 - - [17/May/2020:09:31:33 +0800] "POST /xingrg/kc/buy/cgsh_order_operate.html HTTP/1.1" 200 4415
222.69.134.41 - - [17/May/2020:09:31:33 +0800] "POST /xingrg/kc/buy/cgsh_list_operate.html HTTP/1.1" 200 563
114.84.33.255 - - [17/May/2020:09:31:35 +0800] "GET /xingrg/kc/print/load_data.html?order_code=212020051705817&kc_code=cgsh&condition= HTTP/1.1" 200 1353
222.69.134.41 - - [17/May/2020:09:31:38 +0800] "POST /xingrg/kc/buy/cgsh_list_operate.html HTTP/1.1" 200 5839
114.88.170.9 - - [17/May/2020:09:31:39 +0800] "GET /xingrg/kc/buy/cgsh_order_operate.html?command=get_materiel&rest_code=00111&code=00101008271&supplier_code=00100005&order_time=2020-05-17 HTTP/1.1" 200 410
180.162.232.172 - - [17/May/2020:09:31:39 +0800] "GET /xingrg/kc/buy/cgsh_order_operate.html?command=get_materiel&rest_code=00150&code=00101009010&supplier_code=00100096&order_time=2020-05-17 HTTP/1.1" 200 412
180.162.232.172 - - [17/May/2020:09:31:40 +0800] "GET /xingrg/all/function/internal_message.html?_=1589679104138&CODE_STATE=getMsg HTTP/1.1" 200 27
222.69.134.41 - - [17/May/2020:09:31:40 +0800] "POST /xingrg/kc/buy/cgsh_list_operate.html HTTP/1.1" 200 564
114.84.33.255 - - [17/May/2020:09:31:41 +0800] "POST /xingrg/kc/buy/cgsh_list_operate.html HTTP/1.1" 200 3133
114.84.33.255 - - [17/May/2020:09:31:43 +0800] "POST /xingrg/kc/buy/cgsh_list_operate.html HTTP/1.1" 200 271
222.69.134.41 - - [17/May/2020:09:31:43 +0800] "POST /xingrg/kc/buy/cgsh_list_operate.html HTTP/1.1" 200 566
114.88.170.9 - - [17/May/2020:09:31:43 +0800] "POST /xingrg/kc/buy/cgsh_order_operate.html HTTP/1.1" 200 2065
114.84.33.255 - - [17/May/2020:09:31:44 +0800] "GET /xingrg/kc/buy/cgsh_order_info.html?code=212020051705820 HTTP/1.1" 200 58634
114.84.33.255 - - [17/May/2020:09:31:44 +0800] "GET /xingrg/javascript/easyui/themes/default/validatebox.css HTTP/1.1" 404 1104
114.84.33.255 - - [17/May/2020:09:31:44 +0800] "POST /xingrg/kc/buy/cgsh_order_operate.html HTTP/1.1" 200 3248
114.84.33.255 - - [17/May/2020:09:31:46 +0800] "GET /xingrg/kc/print/load_data.html?order_code=212020051705820&kc_code=cgsh&condition= HTTP/1.1" 200 904
58.40.7.146 - - [17/May/2020:09:31:48 +0800] "GET /xingrg/all/function/internal_message.html?_=1589679110237&CODE_STATE=getMsg HTTP/1.1" 200 27
114.84.33.255 - - [17/May/2020:09:31:48 +0800] "GET /xingrg/all/function/internal_message.html?_=1589679135992&CODE_STATE=getMsg HTTP/1.1" 200 27
114.88.170.9 - - [17/May/2020:09:31:49 +0800] "GET /xingrg/kc/buy/cgsh_order_operate.html?command=get_materiel&rest_code=00111&code=00101008092&supplier_code=00100005&order_time=2020-05-17 HTTP/1.1" 200 412
114.84.33.255 - - [17/May/2020:09:31:53 +0800] "POST /xingrg/kc/buy/cgsh_list_operate.html HTTP/1.1" 200 3133
180.162.232.172 - - [17/May/2020:09:31:56 +0800] "GET /xingrg/kc/buy/cgsh_order_operate.html?command=get_materiel&rest_code=00150&code=00101009001&supplier_code=00100096&order_time=2020-05-17 HTTP/1.1" 200 416
180.175.212.199 - - [17/May/2020:09:31:56 +0800] "GET /xingrg/all/function/internal_message.html?_=1589679316014&CODE_STATE=getMsg HTTP/1.1" 200 27
114.88.170.9 - - [17/May/2020:09:31:58 +0800] "GET /xingrg/all/function/internal_message.html?_=1589679116594&CODE_STATE=getMsg HTTP/1.1" 200 27
114.88.170.9 - - [17/May/2020:09:31:58 +0800] "GET /xingrg/kc/buy/cgsh_order_operate.html?command=get_materiel&rest_code=00111&code=00101008101&supplier_code=00100005&order_time=2020-05-17 HTTP/1.1" 200 412
114.88.170.9 - - [17/May/2020:09:32:05 +0800] "GET /xingrg/kc/buy/cgsh_order_operate.html?command=get_materiel&rest_code=00111&code=00101008010&supplier_code=00100005&order_time=2020-05-17 HTTP/1.1" 200 412
61.172.5.115 - - [17/May/2020:09:32:05 +0800] "GET /xingrg/all/function/internal_message.html?_=1589679127151&CODE_STATE=getMsg HTTP/1.1" 200 27
180.162.232.172 - - [17/May/2020:09:32:12 +0800] "POST /xingrg/kc/buy/cgsh_order_operate.html HTTP/1.1" 200 37
114.88.170.9 - - [17/May/2020:09:32:12 +0800] "GET /xingrg/kc/buy/cgsh_order_operate.html?command=get_materiel&rest_code=00111&code=00101009030&supplier_code=00100005&order_time=2020-05-17 HTTP/1.1" 200 412
222.69.134.41 - - [17/May/2020:09:32:12 +0800] "GET /xingrg/all/function/internal_message.html?_=1589679134599&CODE_STATE=getMsg HTTP/1.1" 200 27
180.162.232.172 - - [17/May/2020:09:32:14 +0800] "POST /xingrg/kc/buy/cgsh_order_operate.html HTTP/1.1" 200 12
180.162.232.172 - - [17/May/2020:09:32:16 +0800] "GET /xingrg/kc/buy/cgsh_order_info.html?code=212020051705814 HTTP/1.1" 200 53448
180.162.232.172 - - [17/May/2020:09:32:16 +0800] "GET /xingrg/javascript/easyui/themes/default/validatebox.css HTTP/1.1" 404 1104
180.162.232.172 - - [17/May/2020:09:32:16 +0800] "POST /xingrg/kc/buy/cgsh_order_operate.html HTTP/1.1" 200 20699
114.84.33.255 - - [17/May/2020:09:32:18 +0800] "GET /xingrg/all/function/internal_message.html?_=1589679165522&CODE_STATE=getMsg HTTP/1.1" 200 27
180.162.232.172 - - [17/May/2020:09:32:18 +0800] "GET /xingrg/kc/print/load_data.html?order_code=212020051705814&kc_code=cgsh&condition= HTTP/1.1" 200 8350
114.88.170.9 - - [17/May/2020:09:32:20 +0800] "POST /xingrg/kc/buy/cgsh_order_operate.html HTTP/1.1" 200 2065
180.162.232.172 - - [17/May/2020:09:32:20 +0800] "GET /xingrg/all/function/internal_message.html?_=1589679278366&CODE_STATE=getMsg HTTP/1.1" 200 27
114.88.170.9 - - [17/May/2020:09:32:23 +0800] "GET /xingrg/all/function/internal_message.html?_=1589679493163&CODE_STATE=getMsg HTTP/1.1" 200 27
114.88.170.9 - - [17/May/2020:09:32:23 +0800] "GET /xingrg/kc/buy/cgsh_order_operate.html?command=get_materiel&rest_code=00111&code=00101008356&supplier_code=00100005&order_time=2020-05-17 HTTP/1.1" 200 408
180.162.232.172 - - [17/May/2020:09:32:25 +0800] "GET /xingrg/kc/base/yddb_order_list.html HTTP/1.1" 200 16867
180.162.232.172 - - [17/May/2020:09:32:26 +0800] "POST /xingrg/kc/base/yddb_list_operate.html HTTP/1.1" 200 583
222.69.134.41 - - [17/May/2020:09:32:29 +0800] "POST /xingrg/kc/buy/cgsh_list_operate.html HTTP/1.1" 200 5835
180.162.232.172 - - [17/May/2020:09:32:30 +0800] "POST /xingrg/kc/base/yddb_list_operate.html HTTP/1.1" 200 4111
222.69.134.41 - - [17/May/2020:09:32:30 +0800] "POST /xingrg/kc/buy/cgsh_list_operate.html HTTP/1.1" 200 573
172.17.0.123 - - [17/May/2020:09:32:31 +0800] "GET /xingrg/all/function/internal_message.html?_=1589679147396&CODE_STATE=getMsg HTTP/1.1" 302 -
114.86.190.97 - - [17/May/2020:09:32:31 +0800] "GET /xingrg/all/function/internal_message.html?_=1589679153099&CODE_STATE=getMsg HTTP/1.1" 200 27
114.88.170.9 - - [17/May/2020:09:32:32 +0800] "GET /xingrg/kc/buy/cgsh_order_operate.html?command=get_materiel&rest_code=00111&code=00101020138&supplier_code=00100005&order_time=2020-05-17 HTTP/1.1" 200 426
222.69.134.41 - - [17/May/2020:09:32:32 +0800] "POST /xingrg/kc/buy/cgsh_list_operate.html HTTP/1.1" 200 205
222.69.134.41 - - [17/May/2020:09:32:34 +0800] "POST /xingrg/kc/buy/cgsh_list_operate.html HTTP/1.1" 200 199
180.162.232.172 - - [17/May/2020:09:32:35 +0800] "POST /xingrg/kc/base/yddb_list_operate.html HTTP/1.1" 200 375
222.69.134.41 - - [17/May/2020:09:32:35 +0800] "POST /xingrg/kc/buy/cgsh_list_operate.html HTTP/1.1" 200 578
180.162.232.172 - - [17/May/2020:09:32:37 +0800] "POST /xingrg/kc/base/yddb_list_operate.html HTTP/1.1" 200 209
180.162.232.172 - - [17/May/2020:09:32:38 +0800] "GET /xingrg/kc/buy/cgsh_order_operate.html?command=get_materiel&rest_code=00150&code=00101009011&supplier_code=00100096&order_time=2020-05-17 HTTP/1.1" 200 416
222.69.134.41 - - [17/May/2020:09:32:39 +0800] "GET /xingrg/kc/buy/cgsh_order_info.html?code=212020050802458 HTTP/1.1" 200 53520
222.69.134.41 - - [17/May/2020:09:32:39 +0800] "GET /xingrg/javascript/easyui/themes/default/validatebox.css HTTP/1.1" 404 1104
222.69.134.41 - - [17/May/2020:09:32:39 +0800] "POST /xingrg/kc/buy/cgsh_order_operate.html HTTP/1.1" 200 604
180.162.232.172 - - [17/May/2020:09:32:40 +0800] "GET /xingrg/all/function/internal_message.html?_=1589679164131&CODE_STATE=getMsg HTTP/1.1" 200 27
180.162.232.172 - - [17/May/2020:09:32:40 +0800] "POST /xingrg/kc/base/yddb_list_operate.html HTTP/1.1" 200 282
180.162.232.172 - - [17/May/2020:09:32:42 +0800] "GET /xingrg/kc/base/yddb_order_info.html?code=482020051600093 HTTP/1.1" 200 30866
180.162.232.172 - - [17/May/2020:09:32:42 +0800] "GET /xingrg/dwr/interface/AjaxComOrderService.js HTTP/1.1" 200 18264
180.162.232.172 - - [17/May/2020:09:32:42 +0800] "GET /xingrg/dwr/util.js HTTP/1.1" 304 -
180.162.232.172 - - [17/May/2020:09:32:42 +0800] "GET /xingrg/dwr/interface/AjaxYddbService.js HTTP/1.1" 200 13201
180.162.232.172 - - [17/May/2020:09:32:42 +0800] "GET /xingrg/dwr/engine.js HTTP/1.1" 200 43631
180.162.232.172 - - [17/May/2020:09:32:42 +0800] "POST /xingrg/dwr/call/plaincall/AjaxYddbService.loadMaterielItems.dwr HTTP/1.1" 200 765
180.162.232.172 - - [17/May/2020:09:32:48 +0800] "GET /xingrg/kc/base/yddb_order_report.html?fileType=servlets/html&code=482020051600093&reportName=ck_order_report&subName=yddb HTTP/1.1" 302 -
180.162.232.172 - - [17/May/2020:09:32:48 +0800] "GET /xingrg/servlets/html?sysBaseUrl=http%3A%2F%2F180.169.147.146%3A18081%2Fxingrg%2F&costTime=78×tamp=1589679168282 HTTP/1.1" 200 17534
180.162.232.172 - - [17/May/2020:09:32:48 +0800] "GET /xingrg/servlets/image?image=px HTTP/1.1" 200 807
180.162.232.172 - - [17/May/2020:09:32:48 +0800] "GET /favicon.ico HTTP/1.1" 404 -
58.40.7.146 - - [17/May/2020:09:32:48 +0800] "GET /xingrg/all/function/internal_message.html?_=1589679170240&CODE_STATE=getMsg HTTP/1.1" 200 27
114.84.33.255 - - [17/May/2020:09:32:48 +0800] "GET /xingrg/all/function/internal_message.html?_=1589679196022&CODE_STATE=getMsg HTTP/1.1" 200 27
180.162.232.172 - - [17/May/2020:09:32:51 +0800] "GET /xingrg/kc/buy/cgsh_order_operate.html?command=get_materiel&rest_code=00150&code=00101009062&supplier_code=00100096&order_time=2020-05-17 HTTP/1.1" 200 414
42.236.10.75 - - [17/May/2020:09:32:52 +0800] "GET /xingrg/servlets/html HTTP/1.1" 200 2933
180.163.220.66 - - [17/May/2020:09:32:52 +0800] "GET /xingrg/kc/base/yddb_order_report.html HTTP/1.1" 302 -
180.163.220.66 - - [17/May/2020:09:32:52 +0800] "GET /xingrg/login.html HTTP/1.1" 200 2139
42.236.10.75 - - [17/May/2020:09:32:52 +0800] "GET /xingrg/servlets/html HTTP/1.1" 200 2933
180.163.220.66 - - [17/May/2020:09:32:53 +0800] "GET /xingrg/javascript/mobile/jquery.mobile-1.3.2.min.css HTTP/1.1" 200 94670
180.163.220.67 - - [17/May/2020:09:32:53 +0800] "GET /xingrg/javascript/mobile/jquery-1.8.3.min.js HTTP/1.1" 200 93637
180.163.220.66 - - [17/May/2020:09:32:53 +0800] "GET /xingrg/javascript/mobile/jquery.mobile-1.3.2.min.js HTTP/1.1" 200 145396
180.163.220.3 - - [17/May/2020:09:32:53 +0800] "GET /xingrg/kc/base/yddb_order_report.html HTTP/1.1" 302 -
180.163.220.67 - - [17/May/2020:09:32:53 +0800] "GET /xingrg/login.html HTTP/1.1" 200 2139
42.236.10.75 - - [17/May/2020:09:32:53 +0800] "GET /xingrg/stylesheet.css HTTP/1.1" 404 1036
180.163.220.66 - - [17/May/2020:09:32:53 +0800] "GET /xingrg/javascript/mobile/jquery-1.8.3.min.js HTTP/1.1" 200 93637
180.163.220.67 - - [17/May/2020:09:32:53 +0800] "GET /xingrg/javascript/mobile/jquery.mobile-1.3.2.min.css HTTP/1.1" 200 94670
180.163.220.66 - - [17/May/2020:09:32:53 +0800] "GET /xingrg/javascript/mobile/jquery.mobile-1.3.2.min.js HTTP/1.1" 200 145396
61.172.5.115 - - [17/May/2020:09:32:53 +0800] "POST /xingrg/kc/buy/cgsh_order_operate.html HTTP/1.1" 200 37
180.163.220.66 - - [17/May/2020:09:32:54 +0800] "GET /xingrg/javascript/mobile/images/ajax-loader.gif HTTP/1.1" 200 7825
61.172.5.115 - - [17/May/2020:09:32:55 +0800] "POST /xingrg/kc/buy/cgsh_order_operate.html HTTP/1.1" 200 45752
180.175.212.199 - - [17/May/2020:09:32:56 +0800] "GET /xingrg/all/function/internal_message.html?_=1589679376026&CODE_STATE=getMsg HTTP/1.1" 200 27
61.172.5.115 - - [17/May/2020:09:32:57 +0800] "GET /xingrg/kc/buy/cgsh_order_add.html HTTP/1.1" 200 58621
61.172.5.115 - - [17/May/2020:09:32:57 +0800] "GET /xingrg/javascript/easyui/themes/default/validatebox.css HTTP/1.1" 404 1104
61.172.5.115 - - [17/May/2020:09:32:58 +0800] "POST /xingrg/kc/buy/cgsh_order_operate.html HTTP/1.1" 200 8245
114.88.170.9 - - [17/May/2020:09:32:58 +0800] "GET /xingrg/all/function/internal_message.html?_=1589679177051&CODE_STATE=getMsg HTTP/1.1" 200 27
61.172.5.115 - - [17/May/2020:09:33:05 +0800] "GET /xingrg/all/function/internal_message.html?_=1589679187144&CODE_STATE=getMsg HTTP/1.1" 200 27
114.88.170.9 - - [17/May/2020:09:33:07 +0800] "GET /xingrg/check_reg.html?_=1589679186420 HTTP/1.1" 200 22
114.86.190.97 - - [17/May/2020:09:33:08 +0800] "GET /xingrg/javascript/jquery_easy_ui/themes/default/images/tabs_close.gif HTTP/1.1" 304 -
114.86.190.97 - - [17/May/2020:09:33:08 +0800] "GET /xingrg/css/base.css HTTP/1.1" 304 -
114.86.190.97 - - [17/May/2020:09:33:08 +0800] "GET /xingrg/css/site.css HTTP/1.1" 304 -
114.86.190.97 - - [17/May/2020:09:33:08 +0800] "GET /xingrg/javascript/jquery_tools/datebox.css HTTP/1.1" 304 -
114.86.190.97 - - [17/May/2020:09:33:08 +0800] "GET /xingrg/javascript/jquery_tools/jquery.tools.extend.js HTTP/1.1" 304 -
114.86.190.97 - - [17/May/2020:09:33:08 +0800] "GET /xingrg/javascript/jquery_tools/table.css HTTP/1.1" 304 -
114.86.190.97 - - [17/May/2020:09:33:08 +0800] "GET /xingrg/javascript/auto/jquery.autocomplete.css HTTP/1.1" 304 -
114.86.190.97 - - [17/May/2020:09:33:08 +0800] "GET /xingrg/kc/buy/cgsh_order_list.html HTTP/1.1" 200 42889
114.86.190.97 - - [17/May/2020:09:33:08 +0800] "GET /xingrg/javascript/easyui/themes/default/easyui.css HTTP/1.1" 304 -
114.86.190.97 - - [17/May/2020:09:33:08 +0800] "GET /xingrg/javascript/easyui/themes/icon.css HTTP/1.1" 304 -
114.86.190.97 - - [17/May/2020:09:33:08 +0800] "GET /xingrg/javascript/jquery_tools/fix.css HTTP/1.1" 304 -
114.86.190.97 - - [17/May/2020:09:33:08 +0800] "GET /xingrg/javascript/jquery_tools/jquery.tools.hotkey.js HTTP/1.1" 304 -
114.86.190.97 - - [17/May/2020:09:33:08 +0800] "GET /xingrg/javascript/jquery_tools/jquery.tools.min.js HTTP/1.1" 304 -
114.86.190.97 - - [17/May/2020:09:33:08 +0800] "GET /xingrg/javascript/jquery_tools/list_manager.js HTTP/1.1" 304 -
114.86.190.97 - - [17/May/2020:09:33:08 +0800] "GET /xingrg/javascript/auto/jquery.autocomplete.js HTTP/1.1" 304 -
114.86.190.97 - - [17/May/2020:09:33:08 +0800] "GET /xingrg/javascript/easyui/easyloader.js HTTP/1.1" 304 -
114.86.190.97 - - [17/May/2020:09:33:08 +0800] "GET /xingrg/javascript/jquery_tools/jquery.tools.table.js HTTP/1.1" 304 -
114.86.190.97 - - [17/May/2020:09:33:08 +0800] "GET /xingrg/javascript/jquery.utils.js HTTP/1.1" 304 -
114.86.190.97 - - [17/May/2020:09:33:08 +0800] "GET /xingrg/javascript/jquery.cookie.js HTTP/1.1" 304 -
114.86.190.97 - - [17/May/2020:09:33:08 +0800] "GET /xingrg/javascript/print/LodopFuncs.js HTTP/1.1" 304 -
114.86.190.97 - - [17/May/2020:09:33:08 +0800] "GET /xingrg/javascript/easyui/themes/icons/edit_add_new.png HTTP/1.1" 304 -
114.86.190.97 - - [17/May/2020:09:33:08 +0800] "GET /xingrg/javascript/easyui/themes/icons/cance_new.png HTTP/1.1" 304 -
114.86.190.97 - - [17/May/2020:09:33:08 +0800] "GET /xingrg/javascript/easyui/themes/icons/check_new.png HTTP/1.1" 304 -
114.86.190.97 - - [17/May/2020:09:33:08 +0800] "GET /xingrg/javascript/easyui/themes/icons/field_new.png HTTP/1.1" 304 -
114.86.190.97 - - [17/May/2020:09:33:08 +0800] "GET /xingrg/javascript/easyui/themes/icons/import_new.png HTTP/1.1" 304 -
114.86.190.97 - - [17/May/2020:09:33:08 +0800] "GET /xingrg/javascript/easyui/plugins/jquery.parser.js HTTP/1.1" 304 -
114.86.190.97 - - [17/May/2020:09:33:08 +0800] "GET /xingrg/images/control/ajaxLoader.gif HTTP/1.1" 304 -
114.86.190.97 - - [17/May/2020:09:33:08 +0800] "GET /xingrg/javascript/jquery_easy_ui/themes/icons/area.png HTTP/1.1" 304 -
114.86.190.97 - - [17/May/2020:09:33:08 +0800] "GET /xingrg/javascript/jquery_easy_ui/themes/icons/rest.png HTTP/1.1" 304 -
114.86.190.97 - - [17/May/2020:09:33:08 +0800] "POST /xingrg/kc/buy/cgsh_list_operate.html HTTP/1.1" 200 876
114.86.190.97 - - [17/May/2020:09:33:09 +0800] "GET /xingrg/javascript/easyui/themes/default/images/button_plain_hover.png HTTP/1.1" 304 -
114.86.190.97 - - [17/May/2020:09:33:09 +0800] "GET /xingrg/javascript/easyui/themes/default/images/button_plain_hover.png HTTP/1.1" 304 -
114.86.190.97 - - [17/May/2020:09:33:09 +0800] "GET /xingrg/javascript/easyui/themes/default/images/button_plain_hover.png HTTP/1.1" 304 -
114.86.190.97 - - [17/May/2020:09:33:09 +0800] "GET /xingrg/css/base.css HTTP/1.1" 304 -
114.86.190.97 - - [17/May/2020:09:33:09 +0800] "GET /xingrg/javascript/pic_change.js HTTP/1.1" 304 -
114.86.190.97 - - [17/May/2020:09:33:09 +0800] "GET /xingrg/javascript/jquery_tools/datebox.css HTTP/1.1" 304 -
114.86.190.97 - - [17/May/2020:09:33:09 +0800] "GET /xingrg/css/site.css HTTP/1.1" 304 -
114.86.190.97 - - [17/May/2020:09:33:09 +0800] "GET /xingrg/javascript/jquery_tools/table.css HTTP/1.1" 304 -
114.86.190.97 - - [17/May/2020:09:33:09 +0800] "GET /xingrg/javascript/auto/jquery.autocomplete.css HTTP/1.1" 304 -
114.86.190.97 - - [17/May/2020:09:33:09 +0800] "GET /xingrg/javascript/jquery_tools/fix.css HTTP/1.1" 304 -
114.86.190.97 - - [17/May/2020:09:33:09 +0800] "GET /xingrg/javascript/jquery_tools/jquery.tools.min.js HTTP/1.1" 304 -
114.86.190.97 - - [17/May/2020:09:33:09 +0800] "GET /xingrg/javascript/jquery_tools/jquery.tools.extend.js HTTP/1.1" 304 -
114.86.190.97 - - [17/May/2020:09:33:09 +0800] "GET /xingrg/javascript/easyui/themes/default/easyui.css HTTP/1.1" 304 -
114.86.190.97 - - [17/May/2020:09:33:09 +0800] "GET /xingrg/kc/buy/cgsh_order_add.html HTTP/1.1" 200 58621
114.86.190.97 - - [17/May/2020:09:33:09 +0800] "GET /xingrg/javascript/jquery.utils.js HTTP/1.1" 304 -
114.86.190.97 - - [17/May/2020:09:33:09 +0800] "GET /xingrg/javascript/jquery_tools/jquery.tools.table.js HTTP/1.1" 304 -
114.86.190.97 - - [17/May/2020:09:33:09 +0800] "GET /xingrg/javascript/auto/jquery.autocomplete.js HTTP/1.1" 304 -
114.86.190.97 - - [17/May/2020:09:33:09 +0800] "GET /xingrg/javascript/easyui/easyloader.js HTTP/1.1" 304 -
114.86.190.97 - - [17/May/2020:09:33:09 +0800] "GET /xingrg/javascript/easyui/themes/icon.css HTTP/1.1" 304 -
114.86.190.97 - - [17/May/2020:09:33:09 +0800] "GET /xingrg/javascript/jquery.cookie.js HTTP/1.1" 304 -
114.86.190.97 - - [17/May/2020:09:33:09 +0800] "GET /xingrg/javascript/convert.js HTTP/1.1" 304 -
114.86.190.97 - - [17/May/2020:09:33:09 +0800] "GET /xingrg/javascript/jquery_tools/order_manager.js HTTP/1.1" 304 -
114.86.190.97 - - [17/May/2020:09:33:09 +0800] "GET /xingrg/javascript/json2.js HTTP/1.1" 304 -
114.86.190.97 - - [17/May/2020:09:33:09 +0800] "GET /xingrg/javascript/jquery_tools/jquery.tools.hotkey.js HTTP/1.1" 304 -
114.86.190.97 - - [17/May/2020:09:33:09 +0800] "GET /xingrg/javascript/print/kc_print.js HTTP/1.1" 304 -
114.86.190.97 - - [17/May/2020:09:33:09 +0800] "GET /xingrg/javascript/print/LodopFuncs.js HTTP/1.1" 304 -
114.86.190.97 - - [17/May/2020:09:33:09 +0800] "GET /xingrg/words/20200516131853_words.js HTTP/1.1" 304 -
114.86.190.97 - - [17/May/2020:09:33:10 +0800] "GET /xingrg/javascript/easyui/themes/icons/ok.png HTTP/1.1" 304 -
114.86.190.97 - - [17/May/2020:09:33:10 +0800] "GET /xingrg/javascript/easyui/themes/icons/copy_new.png HTTP/1.1" 304 -
114.86.190.97 - - [17/May/2020:09:33:10 +0800] "GET /xingrg/javascript/easyui/themes/icons/template_new.png HTTP/1.1" 304 -
114.86.190.97 - - [17/May/2020:09:33:10 +0800] "GET /xingrg/javascript/easyui/themes/icons/print.png HTTP/1.1" 304 -
114.86.190.97 - - [17/May/2020:09:33:10 +0800] "GET /xingrg/javascript/easyui/themes/default/images/menu_downarrow.png HTTP/1.1" 304 -
114.86.190.97 - - [17/May/2020:09:33:10 +0800] "GET /xingrg/javascript/easyui/themes/icons/cancel.png HTTP/1.1" 304 -
114.86.190.97 - - [17/May/2020:09:33:10 +0800] "GET /xingrg/javascript/easyui/plugins/jquery.parser.js HTTP/1.1" 304 -
114.86.190.97 - - [17/May/2020:09:33:10 +0800] "POST /xingrg/kc/buy/cgsh_order_operate.html HTTP/1.1" 200 8245
114.86.190.97 - - [17/May/2020:09:33:10 +0800] "GET /xingrg/javascript/easyui/themes/icons/edit_remove.png HTTP/1.1" 304 -
114.86.190.97 - - [17/May/2020:09:33:10 +0800] "GET /xingrg/javascript/easyui/themes/default/images/button_plain_hover.png HTTP/1.1" 304 -
114.86.190.97 - - [17/May/2020:09:33:10 +0800] "GET /xingrg/all/common/auto_word.html?type=employee&rest_code=00148 HTTP/1.1" 200 147
114.86.190.97 - - [17/May/2020:09:33:10 +0800] "GET /xingrg/all/common/auto_word.html?type=employee&rest_code=00148 HTTP/1.1" 200 147
114.86.190.97 - - [17/May/2020:09:33:10 +0800] "GET /xingrg/javascript/easyui/themes/default/images/button_plain_hover.png HTTP/1.1" 304 -
114.86.190.97 - - [17/May/2020:09:33:10 +0800] "GET /xingrg/javascript/easyui/themes/default/validatebox.css HTTP/1.1" 404 1104
114.86.190.97 - - [17/May/2020:09:33:10 +0800] "GET /xingrg/javascript/easyui/plugins/jquery.validatebox.js HTTP/1.1" 304 -
114.86.190.97 - - [17/May/2020:09:33:10 +0800] "GET /xingrg/javascript/easyui/plugins/jquery.numberbox.js HTTP/1.1" 304 -
114.86.190.97 - - [17/May/2020:09:33:11 +0800] "GET /xingrg/javascript/auto/indicator.gif HTTP/1.1" 404 1066
222.69.134.41 - - [17/May/2020:09:33:12 +0800] "GET /xingrg/all/function/internal_message.html?_=1589679194595&CODE_STATE=getMsg HTTP/1.1" 200 27
114.86.190.97 - - [17/May/2020:09:33:14 +0800] "GET /xingrg/javascript/jquery_tools/images/prev.gif HTTP/1.1" 404 1086
114.86.190.97 - - [17/May/2020:09:33:14 +0800] "GET /xingrg/javascript/jquery_tools/images/next.gif HTTP/1.1" 404 1086
114.86.190.97 - - [17/May/2020:09:33:14 +0800] "GET /xingrg/javascript/pic_change.js HTTP/1.1" 304 -
114.86.190.97 - - [17/May/2020:09:33:14 +0800] "GET /xingrg/javascript/jquery_tools/jquery.tools.min.js HTTP/1.1" 304 -
114.86.190.97 - - [17/May/2020:09:33:14 +0800] "GET /xingrg/javascript/jquery_tools/jquery.tools.extend.js HTTP/1.1" 304 -
114.86.190.97 - - [17/May/2020:09:33:14 +0800] "GET /xingrg/javascript/jquery_tools/jquery.tools.hotkey.js HTTP/1.1" 304 -
114.86.190.97 - - [17/May/2020:09:33:14 +0800] "GET /xingrg/javascript/auto/jquery.autocomplete.js HTTP/1.1" 304 -
114.86.190.97 - - [17/May/2020:09:33:14 +0800] "GET /xingrg/javascript/jquery_tools/jquery.tools.table.js HTTP/1.1" 304 -
114.86.190.97 - - [17/May/2020:09:33:14 +0800] "GET /xingrg/javascript/easyui/easyloader.js HTTP/1.1" 304 -
114.86.190.97 - - [17/May/2020:09:33:14 +0800] "GET /xingrg/javascript/jquery.utils.js HTTP/1.1" 304 -
114.86.190.97 - - [17/May/2020:09:33:14 +0800] "GET /xingrg/javascript/jquery_tools/order_manager.js HTTP/1.1" 304 -
114.86.190.97 - - [17/May/2020:09:33:14 +0800] "GET /xingrg/javascript/json2.js HTTP/1.1" 304 -
114.86.190.97 - - [17/May/2020:09:33:14 +0800] "GET /xingrg/javascript/print/kc_print.js HTTP/1.1" 304 -
114.86.190.97 - - [17/May/2020:09:33:14 +0800] "GET /xingrg/javascript/jquery.cookie.js HTTP/1.1" 304 -
114.86.190.97 - - [17/May/2020:09:33:14 +0800] "GET /xingrg/javascript/print/LodopFuncs.js HTTP/1.1" 304 -
114.86.190.97 - - [17/May/2020:09:33:14 +0800] "GET /xingrg/javascript/easyui/plugins/jquery.numberbox.js HTTP/1.1" 304 -
114.86.190.97 - - [17/May/2020:09:33:14 +0800] "GET /xingrg/javascript/easyui/plugins/jquery.parser.js HTTP/1.1" 304 -
114.86.190.97 - - [17/May/2020:09:33:14 +0800] "GET /xingrg/javascript/easyui/plugins/jquery.validatebox.js HTTP/1.1" 304 -
114.86.190.97 - - [17/May/2020:09:33:14 +0800] "GET /xingrg/words/20200516131853_words.js HTTP/1.1" 304 -
114.86.190.97 - - [17/May/2020:09:33:14 +0800] "GET /xingrg/javascript/convert.js HTTP/1.1" 304 -
180.162.232.172 - - [17/May/2020:09:33:14 +0800] "GET /xingrg/kc/buy/cgsh_order_operate.html?command=get_materiel&rest_code=00150&code=00101009007&supplier_code=00100096&order_time=2020-05-17 HTTP/1.1" 200 408
61.172.5.115 - - [17/May/2020:09:33:15 +0800] "GET /xingrg/kc/buy/cgsh_order_operate.html?command=get_materiel&rest_code=00105&code=00101007061&supplier_code=00100002&order_time=2020-05-17 HTTP/1.1" 200 409
114.84.33.255 - - [17/May/2020:09:33:17 +0800] "GET /xingrg/check_reg.html?_=1589679224564 HTTP/1.1" 200 22
114.84.33.255 - - [17/May/2020:09:33:18 +0800] "GET /xingrg/all/function/internal_message.html?_=1589679225536&CODE_STATE=getMsg HTTP/1.1" 200 27
180.162.232.172 - - [17/May/2020:09:33:19 +0800] "GET /xingrg/kc/base/wldb_order_list.html HTTP/1.1" 200 19261
180.162.232.172 - - [17/May/2020:09:33:19 +0800] "POST /xingrg/kc/base/wldb_list_operate.html HTTP/1.1" 200 1779
180.162.232.172 - - [17/May/2020:09:33:20 +0800] "GET /xingrg/all/function/internal_message.html?_=1589679338381&CODE_STATE=getMsg HTTP/1.1" 200 27
114.88.170.9 - - [17/May/2020:09:33:23 +0800] "GET /xingrg/all/function/internal_message.html?_=1589679553080&CODE_STATE=getMsg HTTP/1.1" 200 27
180.162.232.172 - - [17/May/2020:09:33:27 +0800] "POST /xingrg/kc/base/wldb_list_operate.html HTTP/1.1" 200 201
172.17.0.123 - - [17/May/2020:09:33:31 +0800] "GET /xingrg/all/function/internal_message.html?_=1589679207398&CODE_STATE=getMsg HTTP/1.1" 302 -
114.86.190.97 - - [17/May/2020:09:33:31 +0800] "GET /xingrg/check_reg.html?_=1589679213051 HTTP/1.1" 200 22
114.86.190.97 - - [17/May/2020:09:33:31 +0800] "GET /xingrg/all/function/internal_message.html?_=1589679213112&CODE_STATE=getMsg HTTP/1.1" 200 27
61.172.5.115 - - [17/May/2020:09:33:32 +0800] "GET /xingrg/kc/buy/cgsh_order_operate.html?command=get_materiel&rest_code=00105&code=00101007049&supplier_code=00100002&order_time=2020-05-17 HTTP/1.1" 200 409
114.88.170.9 - - [17/May/2020:09:33:37 +0800] "GET /xingrg/kc/buy/cgsh_order_operate.html?command=get_materiel&rest_code=00111&code=00101008176&supplier_code=00100005&order_time=2020-05-17 HTTP/1.1" 200 413
180.162.232.172 - - [17/May/2020:09:33:38 +0800] "POST /xingrg/kc/base/wldb_list_operate.html HTTP/1.1" 200 4
180.162.232.172 - - [17/May/2020:09:33:39 +0800] "POST /xingrg/kc/base/wldb_list_operate.html HTTP/1.1" 200 928
61.172.5.115 - - [17/May/2020:09:33:40 +0800] "GET /xingrg/kc/buy/cgsh_order_operate.html?command=get_materiel&rest_code=00105&code=00101007048&supplier_code=00100002&order_time=2020-05-17 HTTP/1.1" 200 408
180.162.232.172 - - [17/May/2020:09:33:40 +0800] "GET /xingrg/all/function/internal_message.html?_=1589679224168&CODE_STATE=getMsg HTTP/1.1" 200 27
180.162.232.172 - - [17/May/2020:09:33:41 +0800] "GET /xingrg/kc/base/wldb_order_add.html HTTP/1.1" 200 30322
180.162.232.172 - - [17/May/2020:09:33:41 +0800] "POST /xingrg/kc/base/wldb_order_operate.html HTTP/1.1" 200 6806
180.162.232.172 - - [17/May/2020:09:33:41 +0800] "GET /xingrg/all/common/auto_word.html?type=base&rest_code=00150 HTTP/1.1" 200 1653
180.162.232.172 - - [17/May/2020:09:33:41 +0800] "GET /xingrg/all/common/auto_word.html?type=base&rest_code=00150 HTTP/1.1" 200 1653
180.162.232.172 - - [17/May/2020:09:33:41 +0800] "GET /xingrg/javascript/easyui/themes/default/validatebox.css HTTP/1.1" 404 1104
61.172.5.115 - - [17/May/2020:09:33:48 +0800] "GET /xingrg/kc/buy/cgsh_order_operate.html?command=get_materiel&rest_code=00105&code=00101007083&supplier_code=00100002&order_time=2020-05-17 HTTP/1.1" 200 420
58.40.7.146 - - [17/May/2020:09:33:48 +0800] "GET /xingrg/all/function/internal_message.html?_=1589679230244&CODE_STATE=getMsg HTTP/1.1" 200 27
114.84.33.255 - - [17/May/2020:09:33:49 +0800] "GET /xingrg/all/function/internal_message.html?_=1589679256035&CODE_STATE=getMsg HTTP/1.1" 200 27
114.88.170.9 - - [17/May/2020:09:33:49 +0800] "GET /xingrg/kc/buy/cgsh_order_operate.html?command=get_materiel&rest_code=00111&code=00101008132&supplier_code=00100005&order_time=2020-05-17 HTTP/1.1" 200 408
114.88.170.9 - - [17/May/2020:09:33:55 +0800] "POST /xingrg/kc/buy/cgsh_order_operate.html HTTP/1.1" 200 2065
180.175.212.199 - - [17/May/2020:09:33:56 +0800] "GET /xingrg/all/function/internal_message.html?_=1589679436040&CODE_STATE=getMsg HTTP/1.1" 200 27
114.88.170.9 - - [17/May/2020:09:33:58 +0800] "GET /xingrg/kc/buy/cgsh_order_operate.html?command=get_materiel&rest_code=00111&code=00101008358&supplier_code=00100005&order_time=2020-05-17 HTTP/1.1" 200 412
114.88.170.9 - - [17/May/2020:09:33:58 +0800] "GET /xingrg/all/function/internal_message.html?_=1589679237058&CODE_STATE=getMsg HTTP/1.1" 200 27
180.162.232.172 - - [17/May/2020:09:34:00 +0800] "GET /xingrg/kc/buy/cgsh_order_operate.html?command=get_materiel&rest_code=00150&code=00101009016&supplier_code=00100096&order_time=2020-05-17 HTTP/1.1" 200 412
180.162.232.172 - - [17/May/2020:09:34:02 +0800] "GET /xingrg/kc/base/wldb_order_operate.html?command=get_materiel&rest_code=00150&base_code=0010450&code=00101002035 HTTP/1.1" 200 435
61.172.5.115 - - [17/May/2020:09:34:02 +0800] "GET /xingrg/kc/buy/cgsh_order_operate.html?command=get_materiel&rest_code=00105&code=00101007024&supplier_code=00100002&order_time=2020-05-17 HTTP/1.1" 200 415
61.172.5.115 - - [17/May/2020:09:34:05 +0800] "GET /xingrg/all/function/internal_message.html?_=1589679247191&CODE_STATE=getMsg HTTP/1.1" 200 27
114.88.170.9 - - [17/May/2020:09:34:08 +0800] "GET /xingrg/kc/buy/cgsh_order_operate.html?command=get_materiel&rest_code=00111&code=00101008357&supplier_code=00100005&order_time=2020-05-17 HTTP/1.1" 200 408
