180.162.232.172 - - [17/May/2020:09:34:11 +0800] "GET /xingrg/kc/base/wldb_order_operate.html?command=get_materiel&rest_code=00150&base_code=0010450&code=00101002036 HTTP/1.1" 200 437
222.69.134.41 - - [17/May/2020:09:34:12 +0800] "GET /xingrg/all/function/internal_message.html?_=1589679254597&CODE_STATE=getMsg HTTP/1.1" 200 27
61.172.5.115 - - [17/May/2020:09:34:18 +0800] "GET /xingrg/kc/buy/cgsh_order_operate.html?command=get_materiel&rest_code=00105&code=00101007082&supplier_code=00100002&order_time=2020-05-17 HTTP/1.1" 200 427
180.162.232.172 - - [17/May/2020:09:34:18 +0800] "GET /xingrg/kc/base/wldb_order_operate.html?command=get_materiel&rest_code=00150&base_code=0010450&code=00101002010 HTTP/1.1" 200 432
114.84.33.255 - - [17/May/2020:09:34:18 +0800] "GET /xingrg/all/function/internal_message.html?_=1589679285549&CODE_STATE=getMsg HTTP/1.1" 200 27
114.88.170.9 - - [17/May/2020:09:34:20 +0800] "POST /xingrg/kc/buy/cgsh_order_operate.html HTTP/1.1" 200 2065
180.162.232.172 - - [17/May/2020:09:34:20 +0800] "GET /xingrg/all/function/internal_message.html?_=1589679398396&CODE_STATE=getMsg HTTP/1.1" 200 27
114.88.170.9 - - [17/May/2020:09:34:23 +0800] "GET /xingrg/all/function/internal_message.html?_=1589679613181&CODE_STATE=getMsg HTTP/1.1" 200 27
180.162.232.172 - - [17/May/2020:09:34:26 +0800] "GET /xingrg/kc/buy/cgsh_order_operate.html?command=get_materiel&rest_code=00150&code=00101009063&supplier_code=00100096&order_time=2020-05-17 HTTP/1.1" 200 409
114.88.170.9 - - [17/May/2020:09:34:27 +0800] "GET /xingrg/kc/buy/cgsh_order_operate.html?command=get_materiel&rest_code=00111&code=00101008353&supplier_code=00100005&order_time=2020-05-17 HTTP/1.1" 200 408
172.17.0.123 - - [17/May/2020:09:34:31 +0800] "GET /xingrg/all/function/internal_message.html?_=1589679267400&CODE_STATE=getMsg HTTP/1.1" 302 -
114.86.190.97 - - [17/May/2020:09:34:31 +0800] "GET /xingrg/all/function/internal_message.html?_=1589679273126&CODE_STATE=getMsg HTTP/1.1" 200 27
114.88.170.9 - - [17/May/2020:09:34:36 +0800] "GET /xingrg/kc/buy/cgsh_order_operate.html?command=get_materiel&rest_code=00111&code=00101008306&supplier_code=00100005&order_time=2020-05-17 HTTP/1.1" 200 412
180.162.232.172 - - [17/May/2020:09:34:37 +0800] "POST /xingrg/kc/base/wldb_order_operate.html HTTP/1.1" 200 37
114.86.190.97 - - [17/May/2020:09:34:38 +0800] "GET /xingrg/kc/buy/cgsh_order_operate.html?command=get_materiel&rest_code=00148&code=00101015038&supplier_code=00100059&order_time=2020-05-17 HTTP/1.1" 200 419
114.86.190.97 - - [17/May/2020:09:34:38 +0800] "GET /xingrg/javascript/easyui/themes/default/images/button_plain_hover.png HTTP/1.1" 304 -
180.162.232.172 - - [17/May/2020:09:34:39 +0800] "POST /xingrg/kc/base/wldb_order_operate.html HTTP/1.1" 200 12
180.162.232.172 - - [17/May/2020:09:34:39 +0800] "POST /xingrg/kc/base/wldb_order_operate.html HTTP/1.1" 200 2653
180.162.232.172 - - [17/May/2020:09:34:40 +0800] "GET /xingrg/kc/base/wldb_order_info.html?code=422020051701640 HTTP/1.1" 200 26199
180.162.232.172 - - [17/May/2020:09:34:41 +0800] "GET /xingrg/javascript/easyui/themes/default/validatebox.css HTTP/1.1" 404 1104
180.162.232.172 - - [17/May/2020:09:34:41 +0800] "POST /xingrg/kc/base/wldb_order_operate.html HTTP/1.1" 200 937
114.88.170.9 - - [17/May/2020:09:34:42 +0800] "GET /xingrg/kc/buy/cgsh_order_operate.html?command=get_materiel&rest_code=00111&code=00101008350&supplier_code=00100005&order_time=2020-05-17 HTTP/1.1" 200 408
114.86.190.97 - - [17/May/2020:09:34:45 +0800] "GET /xingrg/kc/buy/cgsh_order_operate.html?command=get_materiel&rest_code=00148&code=00101008102&supplier_code=00100059&order_time=2020-05-17 HTTP/1.1" 200 413
114.86.190.97 - - [17/May/2020:09:34:45 +0800] "GET /xingrg/javascript/easyui/themes/default/images/button_plain_hover.png HTTP/1.1" 304 -
180.162.232.172 - - [17/May/2020:09:34:45 +0800] "GET /xingrg/kc/base/wldb_order_add.html HTTP/1.1" 200 30322
180.162.232.172 - - [17/May/2020:09:34:45 +0800] "POST /xingrg/kc/base/wldb_order_operate.html HTTP/1.1" 200 6806
180.162.232.172 - - [17/May/2020:09:34:45 +0800] "GET /xingrg/javascript/easyui/themes/default/validatebox.css HTTP/1.1" 404 1104
114.88.170.9 - - [17/May/2020:09:34:46 +0800] "POST /xingrg/kc/buy/cgsh_order_operate.html HTTP/1.1" 200 2065
58.40.7.146 - - [17/May/2020:09:34:48 +0800] "GET /xingrg/all/function/internal_message.html?_=1589679290247&CODE_STATE=getMsg HTTP/1.1" 200 27
114.84.33.255 - - [17/May/2020:09:34:49 +0800] "GET /xingrg/all/function/internal_message.html?_=1589679316052&CODE_STATE=getMsg HTTP/1.1" 200 27
114.86.190.97 - - [17/May/2020:09:34:50 +0800] "GET /xingrg/kc/buy/cgsh_order_operate.html?command=get_materiel&rest_code=00148&code=00101008284&supplier_code=00100059&order_time=2020-05-17 HTTP/1.1" 200 413
114.86.190.97 - - [17/May/2020:09:34:50 +0800] "GET /xingrg/javascript/easyui/themes/default/images/button_plain_hover.png HTTP/1.1" 304 -
114.88.170.9 - - [17/May/2020:09:34:50 +0800] "GET /xingrg/kc/buy/cgsh_order_operate.html?command=get_materiel&rest_code=00111&code=00101008290&supplier_code=00100005&order_time=2020-05-17 HTTP/1.1" 200 416
114.86.190.97 - - [17/May/2020:09:34:52 +0800] "GET /xingrg/javascript/easyui/themes/default/images/button_plain_hover.png HTTP/1.1" 304 -
114.86.190.97 - - [17/May/2020:09:34:52 +0800] "GET /xingrg/javascript/easyui/themes/default/images/button_plain_hover.png HTTP/1.1" 304 -
114.86.190.97 - - [17/May/2020:09:34:52 +0800] "GET /xingrg/javascript/easyui/themes/default/images/button_plain_hover.png HTTP/1.1" 304 -
180.162.232.172 - - [17/May/2020:09:34:53 +0800] "GET /xingrg/kc/base/wldb_order_operate.html?command=get_materiel&rest_code=00150&base_code=0010446&code=00102002258 HTTP/1.1" 200 433
114.86.190.97 - - [17/May/2020:09:34:54 +0800] "POST /xingrg/kc/buy/cgsh_order_operate.html HTTP/1.1" 200 37
61.172.5.115 - - [17/May/2020:09:34:54 +0800] "GET /xingrg/kc/buy/cgsh_order_operate.html?command=get_materiel&rest_code=00105&code=00101007059&supplier_code=00100002&order_time=2020-05-17 HTTP/1.1" 200 409
114.86.190.97 - - [17/May/2020:09:34:55 +0800] "POST /xingrg/kc/buy/cgsh_order_operate.html HTTP/1.1" 200 3844
180.175.212.199 - - [17/May/2020:09:34:55 +0800] "GET /xingrg/check_reg.html?_=1589679495688 HTTP/1.1" 200 22
180.175.212.199 - - [17/May/2020:09:34:56 +0800] "GET /xingrg/all/function/internal_message.html?_=1589679496054&CODE_STATE=getMsg HTTP/1.1" 200 27
114.88.170.9 - - [17/May/2020:09:34:58 +0800] "GET /xingrg/all/function/internal_message.html?_=1589679297072&CODE_STATE=getMsg HTTP/1.1" 200 27
180.162.232.172 - - [17/May/2020:09:35:05 +0800] "GET /xingrg/kc/base/wldb_order_operate.html?command=get_materiel&rest_code=00150&base_code=0010446&code=00102002034 HTTP/1.1" 200 463
114.88.170.9 - - [17/May/2020:09:35:05 +0800] "GET /xingrg/kc/buy/cgsh_order_operate.html?command=get_materiel&rest_code=00111&code=00101008061&supplier_code=00100005&order_time=2020-05-17 HTTP/1.1" 200 422
61.172.5.115 - - [17/May/2020:09:35:05 +0800] "GET /xingrg/all/function/internal_message.html?_=1589679307196&CODE_STATE=getMsg HTTP/1.1" 200 27
180.162.232.172 - - [17/May/2020:09:35:06 +0800] "GET /xingrg/kc/buy/cgsh_order_operate.html?command=get_materiel&rest_code=00150&code=00101009013&supplier_code=00100096&order_time=2020-05-17 HTTP/1.1" 200 421
114.88.170.9 - - [17/May/2020:09:35:11 +0800] "GET /xingrg/kc/buy/cgsh_order_operate.html?command=get_materiel&rest_code=00111&code=00101008114&supplier_code=00100005&order_time=2020-05-17 HTTP/1.1" 200 412
222.69.134.41 - - [17/May/2020:09:35:12 +0800] "GET /xingrg/all/function/internal_message.html?_=1589679314604&CODE_STATE=getMsg HTTP/1.1" 200 27
222.69.134.41 - - [17/May/2020:09:35:13 +0800] "GET /xingrg/check_reg.html?_=1589679314643 HTTP/1.1" 200 22
114.86.190.97 - - [17/May/2020:09:35:14 +0800] "GET /xingrg/javascript/easyui/themes/default/images/button_plain_hover.png HTTP/1.1" 304 -
114.86.190.97 - - [17/May/2020:09:35:14 +0800] "GET /xingrg/javascript/easyui/themes/default/images/button_plain_hover.png HTTP/1.1" 304 -
114.86.190.97 - - [17/May/2020:09:35:14 +0800] "GET /xingrg/javascript/easyui/themes/default/images/button_plain_hover.png HTTP/1.1" 304 -
114.86.190.97 - - [17/May/2020:09:35:14 +0800] "GET /xingrg/kc/buy/cgsh_order_add.html HTTP/1.1" 200 58621
114.86.190.97 - - [17/May/2020:09:35:14 +0800] "GET /xingrg/css/base.css HTTP/1.1" 304 -
114.86.190.97 - - [17/May/2020:09:35:14 +0800] "GET /xingrg/css/site.css HTTP/1.1" 304 -
114.86.190.97 - - [17/May/2020:09:35:14 +0800] "GET /xingrg/javascript/easyui/themes/default/easyui.css HTTP/1.1" 304 -
114.86.190.97 - - [17/May/2020:09:35:14 +0800] "GET /xingrg/javascript/jquery_tools/datebox.css HTTP/1.1" 304 -
114.86.190.97 - - [17/May/2020:09:35:14 +0800] "GET /xingrg/javascript/jquery_tools/table.css HTTP/1.1" 304 -
114.86.190.97 - - [17/May/2020:09:35:14 +0800] "GET /xingrg/javascript/easyui/themes/icon.css HTTP/1.1" 304 -
114.86.190.97 - - [17/May/2020:09:35:14 +0800] "GET /xingrg/javascript/auto/jquery.autocomplete.css HTTP/1.1" 304 -
114.86.190.97 - - [17/May/2020:09:35:14 +0800] "GET /xingrg/javascript/jquery_tools/fix.css HTTP/1.1" 304 -
114.86.190.97 - - [17/May/2020:09:35:14 +0800] "GET /xingrg/javascript/jquery_tools/jquery.tools.min.js HTTP/1.1" 304 -
114.86.190.97 - - [17/May/2020:09:35:14 +0800] "GET /xingrg/javascript/pic_change.js HTTP/1.1" 304 -
114.86.190.97 - - [17/May/2020:09:35:14 +0800] "GET /xingrg/javascript/jquery_tools/jquery.tools.extend.js HTTP/1.1" 304 -
114.86.190.97 - - [17/May/2020:09:35:14 +0800] "GET /xingrg/javascript/jquery_tools/jquery.tools.hotkey.js HTTP/1.1" 304 -
114.86.190.97 - - [17/May/2020:09:35:14 +0800] "GET /xingrg/javascript/jquery_tools/jquery.tools.table.js HTTP/1.1" 304 -
114.86.190.97 - - [17/May/2020:09:35:14 +0800] "GET /xingrg/javascript/auto/jquery.autocomplete.js HTTP/1.1" 304 -
114.86.190.97 - - [17/May/2020:09:35:14 +0800] "GET /xingrg/javascript/easyui/easyloader.js HTTP/1.1" 304 -
114.86.190.97 - - [17/May/2020:09:35:14 +0800] "GET /xingrg/javascript/jquery.utils.js HTTP/1.1" 304 -
114.86.190.97 - - [17/May/2020:09:35:14 +0800] "GET /xingrg/javascript/jquery_tools/order_manager.js HTTP/1.1" 304 -
114.86.190.97 - - [17/May/2020:09:35:14 +0800] "GET /xingrg/javascript/convert.js HTTP/1.1" 304 -
114.86.190.97 - - [17/May/2020:09:35:14 +0800] "GET /xingrg/javascript/json2.js HTTP/1.1" 304 -
114.86.190.97 - - [17/May/2020:09:35:14 +0800] "GET /xingrg/javascript/jquery.cookie.js HTTP/1.1" 304 -
114.86.190.97 - - [17/May/2020:09:35:14 +0800] "GET /xingrg/javascript/print/LodopFuncs.js HTTP/1.1" 304 -
114.86.190.97 - - [17/May/2020:09:35:14 +0800] "GET /xingrg/javascript/print/kc_print.js HTTP/1.1" 304 -
114.86.190.97 - - [17/May/2020:09:35:14 +0800] "GET /xingrg/words/20200516131853_words.js HTTP/1.1" 304 -
114.86.190.97 - - [17/May/2020:09:35:14 +0800] "GET /xingrg/javascript/easyui/themes/icons/copy_new.png HTTP/1.1" 304 -
114.86.190.97 - - [17/May/2020:09:35:14 +0800] "GET /xingrg/javascript/easyui/themes/icons/template_new.png HTTP/1.1" 304 -
114.86.190.97 - - [17/May/2020:09:35:14 +0800] "GET /xingrg/javascript/easyui/themes/icons/ok.png HTTP/1.1" 304 -
114.86.190.97 - - [17/May/2020:09:35:14 +0800] "GET /xingrg/javascript/easyui/themes/icons/print.png HTTP/1.1" 304 -
114.86.190.97 - - [17/May/2020:09:35:14 +0800] "GET /xingrg/javascript/easyui/themes/default/images/menu_downarrow.png HTTP/1.1" 304 -
114.86.190.97 - - [17/May/2020:09:35:14 +0800] "GET /xingrg/javascript/easyui/themes/icons/cancel.png HTTP/1.1" 304 -
114.86.190.97 - - [17/May/2020:09:35:14 +0800] "GET /xingrg/javascript/easyui/plugins/jquery.parser.js HTTP/1.1" 304 -
114.86.190.97 - - [17/May/2020:09:35:14 +0800] "POST /xingrg/kc/buy/cgsh_order_operate.html HTTP/1.1" 200 8245
114.86.190.97 - - [17/May/2020:09:35:14 +0800] "GET /xingrg/javascript/easyui/themes/default/images/button_plain_hover.png HTTP/1.1" 304 -
114.86.190.97 - - [17/May/2020:09:35:14 +0800] "GET /xingrg/all/common/auto_word.html?type=employee&rest_code=00148 HTTP/1.1" 200 147
114.86.190.97 - - [17/May/2020:09:35:14 +0800] "GET /xingrg/all/common/auto_word.html?type=employee&rest_code=00148 HTTP/1.1" 200 147
114.86.190.97 - - [17/May/2020:09:35:14 +0800] "GET /xingrg/javascript/easyui/themes/default/validatebox.css HTTP/1.1" 404 1104
114.86.190.97 - - [17/May/2020:09:35:14 +0800] "GET /xingrg/javascript/easyui/plugins/jquery.validatebox.js HTTP/1.1" 304 -
114.86.190.97 - - [17/May/2020:09:35:14 +0800] "GET /xingrg/javascript/easyui/plugins/jquery.numberbox.js HTTP/1.1" 304 -
114.84.33.255 - - [17/May/2020:09:35:18 +0800] "GET /xingrg/all/function/internal_message.html?_=1589679345563&CODE_STATE=getMsg HTTP/1.1" 200 27
114.88.170.9 - - [17/May/2020:09:35:18 +0800] "POST /xingrg/kc/buy/cgsh_order_operate.html HTTP/1.1" 200 37
114.88.170.9 - - [17/May/2020:09:35:20 +0800] "POST /xingrg/kc/buy/cgsh_order_operate.html HTTP/1.1" 200 30464
180.162.232.172 - - [17/May/2020:09:35:20 +0800] "GET /xingrg/all/function/internal_message.html?_=1589679458408&CODE_STATE=getMsg HTTP/1.1" 200 27
114.86.190.97 - - [17/May/2020:09:35:22 +0800] "GET /xingrg/javascript/pic_change.js HTTP/1.1" 304 -
114.86.190.97 - - [17/May/2020:09:35:22 +0800] "GET /xingrg/javascript/jquery_tools/jquery.tools.hotkey.js HTTP/1.1" 304 -
114.86.190.97 - - [17/May/2020:09:35:22 +0800] "GET /xingrg/javascript/jquery_tools/jquery.tools.min.js HTTP/1.1" 304 -
114.86.190.97 - - [17/May/2020:09:35:22 +0800] "GET /xingrg/javascript/jquery_tools/jquery.tools.extend.js HTTP/1.1" 304 -
114.86.190.97 - - [17/May/2020:09:35:22 +0800] "GET /xingrg/javascript/auto/jquery.autocomplete.js HTTP/1.1" 304 -
114.86.190.97 - - [17/May/2020:09:35:22 +0800] "GET /xingrg/javascript/jquery_tools/jquery.tools.table.js HTTP/1.1" 304 -
114.86.190.97 - - [17/May/2020:09:35:22 +0800] "GET /xingrg/javascript/easyui/easyloader.js HTTP/1.1" 304 -
114.86.190.97 - - [17/May/2020:09:35:22 +0800] "GET /xingrg/javascript/jquery.utils.js HTTP/1.1" 304 -
114.86.190.97 - - [17/May/2020:09:35:22 +0800] "GET /xingrg/javascript/jquery_tools/order_manager.js HTTP/1.1" 304 -
114.86.190.97 - - [17/May/2020:09:35:22 +0800] "GET /xingrg/javascript/json2.js HTTP/1.1" 304 -
114.86.190.97 - - [17/May/2020:09:35:22 +0800] "GET /xingrg/javascript/jquery.cookie.js HTTP/1.1" 304 -
114.86.190.97 - - [17/May/2020:09:35:22 +0800] "GET /xingrg/javascript/print/kc_print.js HTTP/1.1" 304 -
114.86.190.97 - - [17/May/2020:09:35:22 +0800] "GET /xingrg/javascript/print/LodopFuncs.js HTTP/1.1" 304 -
114.86.190.97 - - [17/May/2020:09:35:22 +0800] "GET /xingrg/javascript/easyui/plugins/jquery.validatebox.js HTTP/1.1" 304 -
114.86.190.97 - - [17/May/2020:09:35:22 +0800] "GET /xingrg/javascript/easyui/plugins/jquery.numberbox.js HTTP/1.1" 304 -
114.86.190.97 - - [17/May/2020:09:35:22 +0800] "GET /xingrg/words/20200516131853_words.js HTTP/1.1" 304 -
114.86.190.97 - - [17/May/2020:09:35:22 +0800] "GET /xingrg/javascript/easyui/plugins/jquery.parser.js HTTP/1.1" 304 -
114.86.190.97 - - [17/May/2020:09:35:22 +0800] "GET /xingrg/javascript/convert.js HTTP/1.1" 304 -
114.88.170.9 - - [17/May/2020:09:35:23 +0800] "GET /xingrg/all/function/internal_message.html?_=1589679673160&CODE_STATE=getMsg HTTP/1.1" 200 27
180.162.232.172 - - [17/May/2020:09:35:23 +0800] "POST /xingrg/kc/base/wldb_order_operate.html HTTP/1.1" 200 37
180.162.232.172 - - [17/May/2020:09:35:24 +0800] "POST /xingrg/kc/base/wldb_order_operate.html HTTP/1.1" 200 12
180.162.232.172 - - [17/May/2020:09:35:24 +0800] "POST /xingrg/kc/base/wldb_order_operate.html HTTP/1.1" 200 2696
180.162.232.172 - - [17/May/2020:09:35:25 +0800] "GET /xingrg/kc/base/wldb_order_info.html?code=422020051701641 HTTP/1.1" 200 26201
180.162.232.172 - - [17/May/2020:09:35:26 +0800] "GET /xingrg/javascript/easyui/themes/default/validatebox.css HTTP/1.1" 404 1104
180.162.232.172 - - [17/May/2020:09:35:26 +0800] "POST /xingrg/kc/base/wldb_order_operate.html HTTP/1.1" 200 976
117.185.32.26 - - [17/May/2020:09:35:26 +0800] "GET /xingrg/login.html HTTP/1.1" 200 7641
180.162.232.172 - - [17/May/2020:09:35:27 +0800] "GET /xingrg/kc/buy/cgsh_order_operate.html?command=get_materiel&rest_code=00150&code=00101009086&supplier_code=00100096&order_time=2020-05-17 HTTP/1.1" 200 404
114.88.170.9 - - [17/May/2020:09:35:27 +0800] "GET /xingrg/kc/print/load_config.html?kc_code=cgsh HTTP/1.1" 200 1845
114.88.170.9 - - [17/May/2020:09:35:27 +0800] "GET /xingrg/kc/print/load_data.html?order_code=212020051705823&kc_code=cgsh&condition= HTTP/1.1" 200 11232
114.86.190.97 - - [17/May/2020:09:35:28 +0800] "GET /xingrg/kc/buy/cgsh_order_operate.html?command=get_materiel&rest_code=00148&code=00101009050&supplier_code=00100022&order_time=2020-05-17 HTTP/1.1" 200 408
172.17.0.123 - - [17/May/2020:09:35:31 +0800] "GET /xingrg/all/function/internal_message.html?_=1589679327401&CODE_STATE=getMsg HTTP/1.1" 302 -
172.17.0.123 - - [17/May/2020:09:35:31 +0800] "GET /xingrg/check_reg.html?_=1589679327403 HTTP/1.1" 302 -
117.185.32.26 - - [17/May/2020:09:35:31 +0800] "GET /favicon.ico HTTP/1.1" 404 -
114.86.190.97 - - [17/May/2020:09:35:31 +0800] "GET /xingrg/all/function/internal_message.html?_=1589679333139&CODE_STATE=getMsg HTTP/1.1" 200 27
114.86.190.97 - - [17/May/2020:09:35:37 +0800] "GET /xingrg/kc/buy/cgsh_order_operate.html?command=get_materiel&rest_code=00148&code=00101009019&supplier_code=00100022&order_time=2020-05-17 HTTP/1.1" 200 412
180.162.232.172 - - [17/May/2020:09:35:40 +0800] "GET /xingrg/check_reg.html?_=1589679344142 HTTP/1.1" 200 22
180.162.232.172 - - [17/May/2020:09:35:40 +0800] "GET /xingrg/all/function/internal_message.html?_=1589679344179&CODE_STATE=getMsg HTTP/1.1" 200 27
114.86.190.97 - - [17/May/2020:09:35:44 +0800] "GET /xingrg/javascript/easyui/themes/default/images/button_plain_hover.png HTTP/1.1" 304 -
114.86.190.97 - - [17/May/2020:09:35:45 +0800] "GET /xingrg/javascript/easyui/themes/default/images/button_plain_hover.png HTTP/1.1" 304 -
117.185.32.26 - - [17/May/2020:09:35:46 +0800] "POST /xingrg/login.do HTTP/1.1" 302 -
117.185.32.26 - - [17/May/2020:09:35:46 +0800] "GET /xingrg/index.html?sysBaseUrl=http%3A%2F%2F180.169.147.146%3A18081%2Fxingrg%2F&costTime=38×tamp=1589679346320 HTTP/1.1" 200 17173
114.86.190.97 - - [17/May/2020:09:35:46 +0800] "POST /xingrg/kc/buy/cgsh_order_operate.html HTTP/1.1" 200 37
114.86.190.97 - - [17/May/2020:09:35:47 +0800] "POST /xingrg/kc/buy/cgsh_order_operate.html HTTP/1.1" 200 3248
58.40.7.146 - - [17/May/2020:09:35:48 +0800] "GET /xingrg/check_reg.html?_=1589679350249 HTTP/1.1" 200 22
58.40.7.146 - - [17/May/2020:09:35:48 +0800] "GET /xingrg/all/function/internal_message.html?_=1589679350251&CODE_STATE=getMsg HTTP/1.1" 200 27
114.84.33.255 - - [17/May/2020:09:35:48 +0800] "GET /xingrg/check_reg.html?_=1589679375986 HTTP/1.1" 200 22
114.84.33.255 - - [17/May/2020:09:35:49 +0800] "GET /xingrg/all/function/internal_message.html?_=1589679376065&CODE_STATE=getMsg HTTP/1.1" 200 27
117.185.32.26 - - [17/May/2020:09:35:49 +0800] "POST /xingrg/all/common/load_tree.html?tree=area_rest_tree_json&manage=1 HTTP/1.1" 200 342
117.185.32.26 - - [17/May/2020:09:35:50 +0800] "GET /xingrg/all/function/internal_message.html?_=1589679774522&CODE_STATE=count HTTP/1.1" 200 11
117.185.32.26 - - [17/May/2020:09:35:50 +0800] "GET /xingrg/check_reg.html?_=1589679774524 HTTP/1.1" 200 22
117.185.32.26 - - [17/May/2020:09:35:50 +0800] "GET /favicon.ico HTTP/1.1" 404 -
117.185.32.26 - - [17/May/2020:09:35:50 +0800] "POST /xingrg/load_menu.html HTTP/1.1" 200 5138
117.185.32.26 - - [17/May/2020:09:35:52 +0800] "GET /xingrg/kc/buy/buy_main.html HTTP/1.1" 200 12412
117.185.32.26 - - [17/May/2020:09:35:52 +0800] "GET /xingrg/css/new_ie.css HTTP/1.1" 404 1036
117.185.32.26 - - [17/May/2020:09:35:55 +0800] "GET /xingrg/images/yd/bt.gif HTTP/1.1" 404 1040
180.175.212.199 - - [17/May/2020:09:35:56 +0800] "GET /xingrg/all/function/internal_message.html?_=1589679556082&CODE_STATE=getMsg HTTP/1.1" 200 27
117.185.32.26 - - [17/May/2020:09:35:56 +0800] "GET /xingrg/kc/buy/cgsh_order_list.html HTTP/1.1" 200 42883
114.88.170.9 - - [17/May/2020:09:35:59 +0800] "GET /xingrg/all/function/internal_message.html?_=1589679357525&CODE_STATE=getMsg HTTP/1.1" 200 27
180.162.232.172 - - [17/May/2020:09:36:00 +0800] "GET /xingrg/kc/buy/cgsh_order_operate.html?command=get_materiel&rest_code=00150&code=00101009031&supplier_code=00100096&order_time=2020-05-17 HTTP/1.1" 200 408
61.172.5.115 - - [17/May/2020:09:36:05 +0800] "GET /xingrg/check_reg.html?_=1589679367156 HTTP/1.1" 200 22
61.172.5.115 - - [17/May/2020:09:36:05 +0800] "GET /xingrg/all/function/internal_message.html?_=1589679367160&CODE_STATE=getMsg HTTP/1.1" 200 27
117.185.32.26 - - [17/May/2020:09:36:06 +0800] "POST /xingrg/kc/buy/cgsh_list_operate.html HTTP/1.1" 200 876
117.185.32.26 - - [17/May/2020:09:36:07 +0800] "GET /xingrg/javascript/jquery_tools/images/next.gif HTTP/1.1" 404 1086
117.185.32.26 - - [17/May/2020:09:36:07 +0800] "GET /xingrg/javascript/jquery_tools/images/prev.gif HTTP/1.1" 404 1086
117.185.32.26 - - [17/May/2020:09:36:10 +0800] "GET /xingrg/kc/buy/cgsh_order_add.html HTTP/1.1" 200 58621
117.185.32.26 - - [17/May/2020:09:36:11 +0800] "GET /xingrg/words/20200516131853_words.js HTTP/1.1" 304 -
117.185.32.26 - - [17/May/2020:09:36:12 +0800] "GET /xingrg/all/common/auto_word.html?type=employee&rest_code=00106 HTTP/1.1" 200 205
117.185.32.26 - - [17/May/2020:09:36:12 +0800] "GET /xingrg/javascript/easyui/themes/default/validatebox.css HTTP/1.1" 404 1104
117.185.32.26 - - [17/May/2020:09:36:12 +0800] "GET /xingrg/all/common/auto_word.html?type=employee&rest_code=00106 HTTP/1.1" 200 205
117.185.32.26 - - [17/May/2020:09:36:12 +0800] "POST /xingrg/kc/buy/cgsh_order_operate.html HTTP/1.1" 200 8245
222.69.134.41 - - [17/May/2020:09:36:12 +0800] "GET /xingrg/all/function/internal_message.html?_=1589679374593&CODE_STATE=getMsg HTTP/1.1" 200 27
61.172.5.115 - - [17/May/2020:09:36:14 +0800] "POST /xingrg/kc/buy/cgsh_order_operate.html HTTP/1.1" 200 37
117.185.32.26 - - [17/May/2020:09:36:15 +0800] "GET /xingrg/javascript/easyui/themes/default/tree.css HTTP/1.1" 404 1090
180.162.232.172 - - [17/May/2020:09:36:15 +0800] "GET /xingrg/kc/buy/cgsh_order_operate.html?command=get_materiel&rest_code=00150&code=00101009107&supplier_code=00100096&order_time=2020-05-17 HTTP/1.1" 200 396
117.185.32.26 - - [17/May/2020:09:36:15 +0800] "POST /xingrg/all/common/load_tree.html?tree=supplier_tree_json&isDelete=1 HTTP/1.1" 200 48225
61.172.5.115 - - [17/May/2020:09:36:16 +0800] "POST /xingrg/kc/buy/cgsh_order_operate.html HTTP/1.1" 200 6811
61.172.5.115 - - [17/May/2020:09:36:17 +0800] "GET /xingrg/kc/print/load_data.html?order_code=212020051705825&kc_code=cgsh&condition= HTTP/1.1" 200 2334
114.84.33.255 - - [17/May/2020:09:36:18 +0800] "GET /xingrg/all/function/internal_message.html?_=1589679406068&CODE_STATE=getMsg HTTP/1.1" 200 27
180.162.232.172 - - [17/May/2020:09:36:20 +0800] "GET /xingrg/check_reg.html?_=1589679518344 HTTP/1.1" 200 22
180.162.232.172 - - [17/May/2020:09:36:20 +0800] "GET /xingrg/all/function/internal_message.html?_=1589679518422&CODE_STATE=getMsg HTTP/1.1" 200 27
114.88.170.9 - - [17/May/2020:09:36:23 +0800] "GET /xingrg/check_reg.html?_=1589679733090 HTTP/1.1" 200 22
114.88.170.9 - - [17/May/2020:09:36:23 +0800] "GET /xingrg/all/function/internal_message.html?_=1589679733136&CODE_STATE=getMsg HTTP/1.1" 200 27
61.172.5.115 - - [17/May/2020:09:36:23 +0800] "GET /xingrg/kc/buy/cgsh_order_list.html HTTP/1.1" 200 42883
61.172.5.115 - - [17/May/2020:09:36:25 +0800] "POST /xingrg/kc/buy/cgsh_list_operate.html HTTP/1.1" 200 2768
61.172.5.115 - - [17/May/2020:09:36:29 +0800] "POST /xingrg/kc/buy/cgsh_list_operate.html HTTP/1.1" 200 570
61.172.5.115 - - [17/May/2020:09:36:30 +0800] "GET /xingrg/kc/buy/cgsh_order_info.html?code=212020051705818 HTTP/1.1" 200 58624
172.17.0.123 - - [17/May/2020:09:36:31 +0800] "GET /xingrg/all/function/internal_message.html?_=1589679387405&CODE_STATE=getMsg HTTP/1.1" 302 -
61.172.5.115 - - [17/May/2020:09:36:31 +0800] "GET /xingrg/javascript/easyui/themes/default/validatebox.css HTTP/1.1" 404 1104
61.172.5.115 - - [17/May/2020:09:36:31 +0800] "POST /xingrg/kc/buy/cgsh_order_operate.html HTTP/1.1" 200 45752
114.86.190.97 - - [17/May/2020:09:36:31 +0800] "GET /xingrg/all/function/internal_message.html?_=1589679393153&CODE_STATE=getMsg HTTP/1.1" 200 27
180.162.232.172 - - [17/May/2020:09:36:40 +0800] "GET /xingrg/all/function/internal_message.html?_=1589679404154&CODE_STATE=getMsg HTTP/1.1" 200 27
117.185.32.26 - - [17/May/2020:09:36:40 +0800] "GET /xingrg/javascript/auto/indicator.gif HTTP/1.1" 404 1066
117.185.32.26 - - [17/May/2020:09:36:43 +0800] "GET /xingrg/kc/buy/cgsh_order_operate.html?command=get_materiel&rest_code=00106&code=00101007090&supplier_code=00100002&order_time=2020-05-17 HTTP/1.1" 200 414
58.40.7.146 - - [17/May/2020:09:36:48 +0800] "GET /xingrg/all/function/internal_message.html?_=1589679410239&CODE_STATE=getMsg HTTP/1.1" 200 27
114.84.33.255 - - [17/May/2020:09:36:49 +0800] "GET /xingrg/all/function/internal_message.html?_=1589679436076&CODE_STATE=getMsg HTTP/1.1" 200 27
117.185.32.26 - - [17/May/2020:09:36:50 +0800] "GET /xingrg/all/function/internal_message.html?_=1589679834538&CODE_STATE=getMsg HTTP/1.1" 200 27
114.86.190.97 - - [17/May/2020:09:36:53 +0800] "GET /xingrg/javascript/easyui/themes/default/images/button_plain_hover.png HTTP/1.1" 304 -
114.86.190.97 - - [17/May/2020:09:36:53 +0800] "GET /xingrg/javascript/easyui/themes/default/images/button_plain_hover.png HTTP/1.1" 304 -
114.86.190.97 - - [17/May/2020:09:36:53 +0800] "GET /xingrg/kc/buy/cgsh_order_add.html HTTP/1.1" 200 58621
114.86.190.97 - - [17/May/2020:09:36:53 +0800] "GET /xingrg/css/base.css HTTP/1.1" 304 -
114.86.190.97 - - [17/May/2020:09:36:53 +0800] "GET /xingrg/css/site.css HTTP/1.1" 304 -
114.86.190.97 - - [17/May/2020:09:36:53 +0800] "GET /xingrg/javascript/jquery_tools/datebox.css HTTP/1.1" 304 -
114.86.190.97 - - [17/May/2020:09:36:53 +0800] "GET /xingrg/javascript/easyui/themes/default/easyui.css HTTP/1.1" 304 -
114.86.190.97 - - [17/May/2020:09:36:53 +0800] "GET /xingrg/javascript/easyui/themes/icon.css HTTP/1.1" 304 -
114.86.190.97 - - [17/May/2020:09:36:53 +0800] "GET /xingrg/javascript/jquery_tools/fix.css HTTP/1.1" 304 -
114.86.190.97 - - [17/May/2020:09:36:53 +0800] "GET /xingrg/javascript/auto/jquery.autocomplete.css HTTP/1.1" 304 -
114.86.190.97 - - [17/May/2020:09:36:53 +0800] "GET /xingrg/javascript/jquery_tools/jquery.tools.extend.js HTTP/1.1" 304 -
114.86.190.97 - - [17/May/2020:09:36:53 +0800] "GET /xingrg/javascript/jquery_tools/table.css HTTP/1.1" 304 -
114.86.190.97 - - [17/May/2020:09:36:53 +0800] "GET /xingrg/javascript/jquery_tools/jquery.tools.min.js HTTP/1.1" 304 -
114.86.190.97 - - [17/May/2020:09:36:53 +0800] "GET /xingrg/javascript/auto/jquery.autocomplete.js HTTP/1.1" 304 -
114.86.190.97 - - [17/May/2020:09:36:53 +0800] "GET /xingrg/javascript/pic_change.js HTTP/1.1" 304 -
114.86.190.97 - - [17/May/2020:09:36:53 +0800] "GET /xingrg/javascript/easyui/easyloader.js HTTP/1.1" 304 -
114.86.190.97 - - [17/May/2020:09:36:53 +0800] "GET /xingrg/javascript/jquery.utils.js HTTP/1.1" 304 -
114.86.190.97 - - [17/May/2020:09:36:53 +0800] "GET /xingrg/javascript/print/LodopFuncs.js HTTP/1.1" 304 -
114.86.190.97 - - [17/May/2020:09:36:53 +0800] "GET /xingrg/javascript/jquery_tools/jquery.tools.hotkey.js HTTP/1.1" 304 -
114.86.190.97 - - [17/May/2020:09:36:53 +0800] "GET /xingrg/javascript/jquery_tools/jquery.tools.table.js HTTP/1.1" 304 -
114.86.190.97 - - [17/May/2020:09:36:53 +0800] "GET /xingrg/javascript/jquery_tools/order_manager.js HTTP/1.1" 304 -
114.86.190.97 - - [17/May/2020:09:36:53 +0800] "GET /xingrg/javascript/json2.js HTTP/1.1" 304 -
114.86.190.97 - - [17/May/2020:09:36:53 +0800] "GET /xingrg/javascript/convert.js HTTP/1.1" 304 -
114.86.190.97 - - [17/May/2020:09:36:53 +0800] "GET /xingrg/javascript/print/kc_print.js HTTP/1.1" 304 -
114.86.190.97 - - [17/May/2020:09:36:53 +0800] "GET /xingrg/javascript/jquery.cookie.js HTTP/1.1" 304 -
114.86.190.97 - - [17/May/2020:09:36:53 +0800] "GET /xingrg/words/20200516131853_words.js HTTP/1.1" 304 -
114.86.190.97 - - [17/May/2020:09:36:53 +0800] "GET /xingrg/javascript/easyui/themes/icons/copy_new.png HTTP/1.1" 304 -
114.86.190.97 - - [17/May/2020:09:36:53 +0800] "GET /xingrg/javascript/easyui/themes/icons/template_new.png HTTP/1.1" 304 -
114.86.190.97 - - [17/May/2020:09:36:53 +0800] "GET /xingrg/javascript/easyui/themes/icons/ok.png HTTP/1.1" 304 -
114.86.190.97 - - [17/May/2020:09:36:53 +0800] "GET /xingrg/javascript/easyui/themes/icons/print.png HTTP/1.1" 304 -
114.86.190.97 - - [17/May/2020:09:36:53 +0800] "GET /xingrg/javascript/easyui/themes/default/images/menu_downarrow.png HTTP/1.1" 304 -
114.86.190.97 - - [17/May/2020:09:36:53 +0800] "GET /xingrg/javascript/easyui/themes/icons/cancel.png HTTP/1.1" 304 -
114.86.190.97 - - [17/May/2020:09:36:53 +0800] "GET /xingrg/javascript/easyui/plugins/jquery.parser.js HTTP/1.1" 304 -
114.86.190.97 - - [17/May/2020:09:36:54 +0800] "POST /xingrg/kc/buy/cgsh_order_operate.html HTTP/1.1" 200 8245
114.86.190.97 - - [17/May/2020:09:36:54 +0800] "GET /xingrg/all/common/auto_word.html?type=employee&rest_code=00148 HTTP/1.1" 200 147
114.86.190.97 - - [17/May/2020:09:36:54 +0800] "GET /xingrg/all/common/auto_word.html?type=employee&rest_code=00148 HTTP/1.1" 200 147
114.86.190.97 - - [17/May/2020:09:36:54 +0800] "GET /xingrg/javascript/easyui/themes/default/images/button_plain_hover.png HTTP/1.1" 304 -
114.86.190.97 - - [17/May/2020:09:36:54 +0800] "GET /xingrg/javascript/easyui/themes/default/validatebox.css HTTP/1.1" 404 1104
114.86.190.97 - - [17/May/2020:09:36:54 +0800] "GET /xingrg/javascript/easyui/plugins/jquery.validatebox.js HTTP/1.1" 304 -
114.86.190.97 - - [17/May/2020:09:36:54 +0800] "GET /xingrg/javascript/easyui/plugins/jquery.numberbox.js HTTP/1.1" 304 -
180.175.212.199 - - [17/May/2020:09:36:56 +0800] "GET /xingrg/all/function/internal_message.html?_=1589679616096&CODE_STATE=getMsg HTTP/1.1" 200 27
114.86.190.97 - - [17/May/2020:09:36:56 +0800] "GET /xingrg/javascript/pic_change.js HTTP/1.1" 304 -
114.86.190.97 - - [17/May/2020:09:36:56 +0800] "GET /xingrg/javascript/jquery_tools/jquery.tools.min.js HTTP/1.1" 304 -
114.86.190.97 - - [17/May/2020:09:36:56 +0800] "GET /xingrg/javascript/jquery_tools/jquery.tools.hotkey.js HTTP/1.1" 304 -
114.86.190.97 - - [17/May/2020:09:36:56 +0800] "GET /xingrg/javascript/jquery_tools/jquery.tools.extend.js HTTP/1.1" 304 -
114.86.190.97 - - [17/May/2020:09:36:56 +0800] "GET /xingrg/javascript/easyui/easyloader.js HTTP/1.1" 304 -
114.86.190.97 - - [17/May/2020:09:36:56 +0800] "GET /xingrg/javascript/jquery_tools/jquery.tools.table.js HTTP/1.1" 304 -
114.86.190.97 - - [17/May/2020:09:36:56 +0800] "GET /xingrg/javascript/auto/jquery.autocomplete.js HTTP/1.1" 304 -
114.86.190.97 - - [17/May/2020:09:36:56 +0800] "GET /xingrg/javascript/jquery.utils.js HTTP/1.1" 304 -
114.86.190.97 - - [17/May/2020:09:36:56 +0800] "GET /xingrg/javascript/jquery_tools/order_manager.js HTTP/1.1" 304 -
114.86.190.97 - - [17/May/2020:09:36:56 +0800] "GET /xingrg/javascript/json2.js HTTP/1.1" 304 -
114.86.190.97 - - [17/May/2020:09:36:56 +0800] "GET /xingrg/javascript/jquery.cookie.js HTTP/1.1" 304 -
114.86.190.97 - - [17/May/2020:09:36:56 +0800] "GET /xingrg/javascript/print/kc_print.js HTTP/1.1" 304 -
114.86.190.97 - - [17/May/2020:09:36:56 +0800] "GET /xingrg/javascript/easyui/plugins/jquery.parser.js HTTP/1.1" 304 -
114.86.190.97 - - [17/May/2020:09:36:56 +0800] "GET /xingrg/javascript/print/LodopFuncs.js HTTP/1.1" 304 -
114.86.190.97 - - [17/May/2020:09:36:56 +0800] "GET /xingrg/javascript/easyui/plugins/jquery.numberbox.js HTTP/1.1" 304 -
114.86.190.97 - - [17/May/2020:09:36:56 +0800] "GET /xingrg/javascript/easyui/plugins/jquery.validatebox.js HTTP/1.1" 304 -
114.86.190.97 - - [17/May/2020:09:36:56 +0800] "GET /xingrg/words/20200516131853_words.js HTTP/1.1" 304 -
114.86.190.97 - - [17/May/2020:09:36:56 +0800] "GET /xingrg/javascript/convert.js HTTP/1.1" 304 -
114.88.170.9 - - [17/May/2020:09:36:59 +0800] "GET /xingrg/all/function/internal_message.html?_=1589679417536&CODE_STATE=getMsg HTTP/1.1" 200 27
114.86.190.97 - - [17/May/2020:09:37:00 +0800] "GET /xingrg/kc/buy/cgsh_order_operate.html?command=get_materiel&rest_code=00148&code=00101006055&supplier_code=00100010&order_time=2020-05-17 HTTP/1.1" 200 409
114.86.190.97 - - [17/May/2020:09:37:00 +0800] "GET /xingrg/javascript/easyui/themes/default/images/button_plain_hover.png HTTP/1.1" 304 -
61.172.5.115 - - [17/May/2020:09:37:06 +0800] "GET /xingrg/all/function/internal_message.html?_=1589679427315&CODE_STATE=getMsg HTTP/1.1" 200 27
117.185.32.26 - - [17/May/2020:09:37:09 +0800] "GET /xingrg/kc/buy/cgsh_order_operate.html?command=get_materiel&rest_code=00106&code=00101007048&supplier_code=00100002&order_time=2020-05-17 HTTP/1.1" 200 408
114.86.190.97 - - [17/May/2020:09:37:09 +0800] "GET /xingrg/kc/buy/cgsh_order_operate.html?command=get_materiel&rest_code=00148&code=00101006065&supplier_code=00100010&order_time=2020-05-17 HTTP/1.1" 200 409
114.86.190.97 - - [17/May/2020:09:37:09 +0800] "GET /xingrg/javascript/easyui/themes/default/images/button_plain_hover.png HTTP/1.1" 304 -
222.69.134.41 - - [17/May/2020:09:37:12 +0800] "GET /xingrg/all/function/internal_message.html?_=1589679434587&CODE_STATE=getMsg HTTP/1.1" 200 27
114.84.33.255 - - [17/May/2020:09:37:18 +0800] "GET /xingrg/all/function/internal_message.html?_=1589679466073&CODE_STATE=getMsg HTTP/1.1" 200 27
180.162.232.172 - - [17/May/2020:09:37:20 +0800] "GET /xingrg/all/function/internal_message.html?_=1589679578484&CODE_STATE=getMsg HTTP/1.1" 200 27
61.172.5.115 - - [17/May/2020:09:37:21 +0800] "GET /xingrg/index.html?sysBaseUrl=http%3A%2F%2F180.169.147.146%3A18081%2Fxingrg%2F&costTime=36×tamp=1585223203754 HTTP/1.1" 302 -
61.172.5.115 - - [17/May/2020:09:37:21 +0800] "GET /xingrg/login.html HTTP/1.1" 200 7641
117.185.32.26 - - [17/May/2020:09:37:21 +0800] "GET /xingrg/kc/buy/cgsh_order_operate.html?command=get_materiel&rest_code=00106&code=00101007059&supplier_code=00100002&order_time=2020-05-17 HTTP/1.1" 200 411
61.172.5.115 - - [17/May/2020:09:37:21 +0800] "GET /favicon.ico HTTP/1.1" 404 -
114.86.190.97 - - [17/May/2020:09:37:22 +0800] "GET /xingrg/kc/buy/cgsh_order_operate.html?command=get_materiel&rest_code=00148&code=00101006174&supplier_code=00100010&order_time=2020-05-17 HTTP/1.1" 200 415
114.86.190.97 - - [17/May/2020:09:37:22 +0800] "GET /xingrg/javascript/easyui/themes/default/images/button_plain_hover.png HTTP/1.1" 304 -
61.172.5.115 - - [17/May/2020:09:37:22 +0800] "POST /xingrg/login.do HTTP/1.1" 200 2421
61.172.5.115 - - [17/May/2020:09:37:23 +0800] "GET /favicon.ico HTTP/1.1" 404 -
114.88.170.9 - - [17/May/2020:09:37:23 +0800] "GET /xingrg/all/function/internal_message.html?_=1589679793113&CODE_STATE=getMsg HTTP/1.1" 200 27
61.172.5.115 - - [17/May/2020:09:37:23 +0800] "GET /xingrg/login.html HTTP/1.1" 200 7641
61.172.5.115 - - [17/May/2020:09:37:24 +0800] "GET /favicon.ico HTTP/1.1" 404 -
61.172.5.115 - - [17/May/2020:09:37:24 +0800] "POST /xingrg/login.do HTTP/1.1" 302 -
61.172.5.115 - - [17/May/2020:09:37:24 +0800] "GET /xingrg/index.html?sysBaseUrl=http%3A%2F%2F180.169.147.146%3A18081%2Fxingrg%2F&costTime=42×tamp=1589679444700 HTTP/1.1" 200 17173
61.172.5.115 - - [17/May/2020:09:37:24 +0800] "GET /favicon.ico HTTP/1.1" 404 -
61.172.5.115 - - [17/May/2020:09:37:24 +0800] "POST /xingrg/all/common/load_tree.html?tree=area_rest_tree_json&manage=1 HTTP/1.1" 200 3088
61.172.5.115 - - [17/May/2020:09:37:24 +0800] "GET /xingrg/all/function/internal_message.html?_=1589679446166&CODE_STATE=count HTTP/1.1" 200 11
61.172.5.115 - - [17/May/2020:09:37:24 +0800] "GET /xingrg/check_reg.html?_=1589679446167 HTTP/1.1" 200 22
61.172.5.115 - - [17/May/2020:09:37:24 +0800] "POST /xingrg/load_menu.html HTTP/1.1" 200 5138
61.172.5.115 - - [17/May/2020:09:37:27 +0800] "GET /xingrg/kc/buy/cgsh_order_list.html HTTP/1.1" 200 42883
114.86.190.97 - - [17/May/2020:09:37:29 +0800] "GET /xingrg/kc/buy/cgsh_order_operate.html?command=get_materiel&rest_code=00148&code=00101007069&supplier_code=00100010&order_time=2020-05-17 HTTP/1.1" 200 413
114.86.190.97 - - [17/May/2020:09:37:29 +0800] "GET /xingrg/javascript/easyui/themes/default/images/button_plain_hover.png HTTP/1.1" 304 -
61.172.5.115 - - [17/May/2020:09:37:30 +0800] "POST /xingrg/kc/buy/cgsh_list_operate.html HTTP/1.1" 200 2768
172.17.0.123 - - [17/May/2020:09:37:31 +0800] "GET /xingrg/all/function/internal_message.html?_=1589679447391&CODE_STATE=getMsg HTTP/1.1" 302 -
114.86.190.97 - - [17/May/2020:09:37:31 +0800] "GET /xingrg/all/function/internal_message.html?_=1589679453167&CODE_STATE=getMsg HTTP/1.1" 200 27
61.172.5.115 - - [17/May/2020:09:37:33 +0800] "POST /xingrg/kc/buy/cgsh_list_operate.html HTTP/1.1" 200 570
61.172.5.115 - - [17/May/2020:09:37:34 +0800] "GET /xingrg/kc/buy/cgsh_order_info.html?code=212020051705818 HTTP/1.1" 200 58624
61.172.5.115 - - [17/May/2020:09:37:34 +0800] "GET /xingrg/all/common/auto_word.html?type=employee&rest_code=00105 HTTP/1.1" 200 193
61.172.5.115 - - [17/May/2020:09:37:34 +0800] "GET /xingrg/all/common/auto_word.html?type=employee&rest_code=00105 HTTP/1.1" 200 193
61.172.5.115 - - [17/May/2020:09:37:34 +0800] "GET /xingrg/javascript/easyui/themes/default/validatebox.css HTTP/1.1" 404 1104
61.172.5.115 - - [17/May/2020:09:37:35 +0800] "POST /xingrg/kc/buy/cgsh_order_operate.html HTTP/1.1" 200 45752
114.86.190.97 - - [17/May/2020:09:37:39 +0800] "GET /xingrg/kc/buy/cgsh_order_operate.html?command=get_materiel&rest_code=00148&code=00101006011&supplier_code=00100010&order_time=2020-05-17 HTTP/1.1" 200 409
180.162.232.172 - - [17/May/2020:09:37:40 +0800] "GET /xingrg/all/function/internal_message.html?_=1589679464125&CODE_STATE=getMsg HTTP/1.1" 200 27
114.86.190.97 - - [17/May/2020:09:37:40 +0800] "GET /xingrg/javascript/easyui/themes/default/images/button_plain_hover.png HTTP/1.1" 304 -
58.40.7.146 - - [17/May/2020:09:37:48 +0800] "GET /xingrg/all/function/internal_message.html?_=1589679470241&CODE_STATE=getMsg HTTP/1.1" 200 27
114.84.33.255 - - [17/May/2020:09:37:49 +0800] "GET /xingrg/all/function/internal_message.html?_=1589679496089&CODE_STATE=getMsg HTTP/1.1" 200 27
117.185.32.26 - - [17/May/2020:09:37:50 +0800] "GET /xingrg/all/function/internal_message.html?_=1589679894539&CODE_STATE=getMsg HTTP/1.1" 200 27
61.172.5.115 - - [17/May/2020:09:37:50 +0800] "GET /xingrg/index.html?sysBaseUrl=http%3A%2F%2F180.169.147.146%3A18081%2Fxingrg%2F&costTime=36×tamp=1585223203754 HTTP/1.1" 302 -
61.172.5.115 - - [17/May/2020:09:37:50 +0800] "GET /xingrg/login.html HTTP/1.1" 200 7641
61.172.5.115 - - [17/May/2020:09:37:50 +0800] "GET /favicon.ico HTTP/1.1" 404 -
61.172.5.115 - - [17/May/2020:09:37:52 +0800] "POST /xingrg/login.do HTTP/1.1" 200 2421
61.172.5.115 - - [17/May/2020:09:37:53 +0800] "GET /favicon.ico HTTP/1.1" 404 -
180.162.232.172 - - [17/May/2020:09:37:53 +0800] "POST /xingrg/kc/buy/cgsh_order_operate.html HTTP/1.1" 200 37
61.172.5.115 - - [17/May/2020:09:37:54 +0800] "GET /xingrg/login.html HTTP/1.1" 200 7641
61.172.5.115 - - [17/May/2020:09:37:54 +0800] "GET /favicon.ico HTTP/1.1" 404 -
61.172.5.115 - - [17/May/2020:09:37:54 +0800] "POST /xingrg/login.do HTTP/1.1" 302 -
61.172.5.115 - - [17/May/2020:09:37:54 +0800] "GET /xingrg/index.html?sysBaseUrl=http%3A%2F%2F180.169.147.146%3A18081%2Fxingrg%2F&costTime=43×tamp=1589679474824 HTTP/1.1" 200 17173
61.172.5.115 - - [17/May/2020:09:37:54 +0800] "GET /favicon.ico HTTP/1.1" 404 -
180.162.232.172 - - [17/May/2020:09:37:54 +0800] "POST /xingrg/kc/buy/cgsh_order_operate.html HTTP/1.1" 200 12
61.172.5.115 - - [17/May/2020:09:37:54 +0800] "POST /xingrg/all/common/load_tree.html?tree=area_rest_tree_json&manage=1 HTTP/1.1" 200 3088
61.172.5.115 - - [17/May/2020:09:37:55 +0800] "GET /xingrg/all/function/internal_message.html?_=1589679476285&CODE_STATE=count HTTP/1.1" 200 11
61.172.5.115 - - [17/May/2020:09:37:55 +0800] "GET /xingrg/check_reg.html?_=1589679476286 HTTP/1.1" 200 22
61.172.5.115 - - [17/May/2020:09:37:55 +0800] "POST /xingrg/load_menu.html HTTP/1.1" 200 5138
180.162.232.172 - - [17/May/2020:09:37:55 +0800] "GET /xingrg/kc/buy/cgsh_order_info.html?code=212020051705826 HTTP/1.1" 200 53454
114.86.190.97 - - [17/May/2020:09:37:56 +0800] "GET /xingrg/javascript/easyui/themes/default/images/button_plain_hover.png HTTP/1.1" 304 -
114.86.190.97 - - [17/May/2020:09:37:56 +0800] "GET /xingrg/javascript/easyui/themes/default/images/button_plain_hover.png HTTP/1.1" 304 -
114.86.190.97 - - [17/May/2020:09:37:56 +0800] "GET /xingrg/javascript/easyui/themes/default/images/button_plain_hover.png HTTP/1.1" 304 -
180.162.232.172 - - [17/May/2020:09:37:56 +0800] "GET /xingrg/javascript/easyui/themes/default/validatebox.css HTTP/1.1" 404 1104
180.175.212.199 - - [17/May/2020:09:37:56 +0800] "GET /xingrg/all/function/internal_message.html?_=1589679676120&CODE_STATE=getMsg HTTP/1.1" 200 27
180.162.232.172 - - [17/May/2020:09:37:56 +0800] "POST /xingrg/kc/buy/cgsh_order_operate.html HTTP/1.1" 200 9498
61.172.5.115 - - [17/May/2020:09:37:57 +0800] "GET /xingrg/kc/buy/cgsh_order_list.html HTTP/1.1" 200 42883
114.86.190.97 - - [17/May/2020:09:37:57 +0800] "POST /xingrg/kc/buy/cgsh_order_operate.html HTTP/1.1" 200 37
180.162.232.172 - - [17/May/2020:09:37:57 +0800] "GET /xingrg/kc/print/load_data.html?order_code=212020051705826&kc_code=cgsh&condition= HTTP/1.1" 200 4064
114.86.190.97 - - [17/May/2020:09:37:58 +0800] "POST /xingrg/kc/buy/cgsh_order_operate.html HTTP/1.1" 200 5013
114.88.170.9 - - [17/May/2020:09:37:59 +0800] "GET /xingrg/all/function/internal_message.html?_=1589679477989&CODE_STATE=getMsg HTTP/1.1" 200 27
116.232.33.186 - - [17/May/2020:09:37:59 +0800] "POST /xingrg/services/DataTransmitService HTTP/1.1" 200 524
61.172.5.115 - - [17/May/2020:09:38:00 +0800] "POST /xingrg/kc/buy/cgsh_list_operate.html HTTP/1.1" 200 2768
114.88.170.9 - - [17/May/2020:09:38:02 +0800] "GET /xingrg/kc/buy/cgsh_order_add.html HTTP/1.1" 200 58621
61.172.5.115 - - [17/May/2020:09:38:02 +0800] "POST /xingrg/kc/buy/cgsh_list_operate.html HTTP/1.1" 200 570
114.88.170.9 - - [17/May/2020:09:38:02 +0800] "GET /xingrg/javascript/easyui/themes/default/validatebox.css HTTP/1.1" 404 1104
114.88.170.9 - - [17/May/2020:09:38:02 +0800] "POST /xingrg/kc/buy/cgsh_order_operate.html HTTP/1.1" 200 8245
61.172.5.115 - - [17/May/2020:09:38:03 +0800] "GET /xingrg/kc/buy/cgsh_order_info.html?code=212020051705818 HTTP/1.1" 200 58624
61.172.5.115 - - [17/May/2020:09:38:03 +0800] "GET /xingrg/all/common/auto_word.html?type=employee&rest_code=00105 HTTP/1.1" 200 193
61.172.5.115 - - [17/May/2020:09:38:03 +0800] "GET /xingrg/all/common/auto_word.html?type=employee&rest_code=00105 HTTP/1.1" 200 193
61.172.5.115 - - [17/May/2020:09:38:03 +0800] "GET /xingrg/javascript/easyui/themes/default/validatebox.css HTTP/1.1" 404 1104
61.172.5.115 - - [17/May/2020:09:38:04 +0800] "POST /xingrg/kc/buy/cgsh_order_operate.html HTTP/1.1" 200 45752
114.88.170.9 - - [17/May/2020:09:38:07 +0800] "GET /xingrg/check_reg.html?_=1589679486426 HTTP/1.1" 200 22
222.69.134.41 - - [17/May/2020:09:38:10 +0800] "GET /xingrg/kc/buy/cgsh_order_add.html HTTP/1.1" 200 58627
222.69.134.41 - - [17/May/2020:09:38:11 +0800] "POST /xingrg/kc/buy/cgsh_order_operate.html HTTP/1.1" 200 8245
222.69.134.41 - - [17/May/2020:09:38:11 +0800] "GET /xingrg/javascript/easyui/themes/default/validatebox.css HTTP/1.1" 404 1104
114.88.170.9 - - [17/May/2020:09:38:11 +0800] "GET /xingrg/kc/buy/cgsh_order_operate.html?command=get_materiel&rest_code=00111&code=00101002027&supplier_code=00100199&order_time=2020-05-17 HTTP/1.1" 200 413
222.69.134.41 - - [17/May/2020:09:38:12 +0800] "GET /xingrg/kc/buy/cgsh_order_list.html HTTP/1.1" 200 42889
222.69.134.41 - - [17/May/2020:09:38:12 +0800] "GET /xingrg/all/function/internal_message.html?_=1589679494581&CODE_STATE=getMsg HTTP/1.1" 200 27
222.69.134.41 - - [17/May/2020:09:38:13 +0800] "POST /xingrg/kc/buy/cgsh_list_operate.html HTTP/1.1" 200 1690
114.84.33.255 - - [17/May/2020:09:38:17 +0800] "GET /xingrg/check_reg.html?_=1589679525058 HTTP/1.1" 200 22
114.84.33.255 - - [17/May/2020:09:38:18 +0800] "GET /xingrg/all/function/internal_message.html?_=1589679526087&CODE_STATE=getMsg HTTP/1.1" 200 27
114.88.170.9 - - [17/May/2020:09:38:19 +0800] "GET /xingrg/kc/buy/cgsh_order_operate.html?command=get_materiel&rest_code=00111&code=00101002005&supplier_code=00100199&order_time=2020-05-17 HTTP/1.1" 200 413
180.162.232.172 - - [17/May/2020:09:38:21 +0800] "GET /xingrg/all/function/internal_message.html?_=1589679638496&CODE_STATE=getMsg HTTP/1.1" 200 27
114.88.170.9 - - [17/May/2020:09:38:23 +0800] "GET /xingrg/all/function/internal_message.html?_=1589679853117&CODE_STATE=getMsg HTTP/1.1" 200 27
222.69.134.41 - - [17/May/2020:09:38:26 +0800] "POST /xingrg/kc/buy/cgsh_list_operate.html HTTP/1.1" 200 876
114.88.170.9 - - [17/May/2020:09:38:27 +0800] "POST /xingrg/kc/buy/cgsh_order_operate.html HTTP/1.1" 200 37
114.88.170.9 - - [17/May/2020:09:38:28 +0800] "POST /xingrg/kc/buy/cgsh_order_operate.html HTTP/1.1" 200 3251
172.17.0.123 - - [17/May/2020:09:38:31 +0800] "GET /xingrg/all/function/internal_message.html?_=1589679507395&CODE_STATE=getMsg HTTP/1.1" 302 -
222.69.134.41 - - [17/May/2020:09:38:31 +0800] "GET /xingrg/javascript/easyui/plugins/jquery.draggable.js HTTP/1.1" 200 6121
114.86.190.97 - - [17/May/2020:09:38:31 +0800] "GET /xingrg/check_reg.html?_=1589679513064 HTTP/1.1" 200 22
222.69.134.41 - - [17/May/2020:09:38:31 +0800] "GET /xingrg/css/images/panel_loading.gif HTTP/1.1" 304 -
222.69.134.41 - - [17/May/2020:09:38:31 +0800] "GET /xingrg/javascript/easyui/plugins/jquery.droppable.js HTTP/1.1" 200 1167
222.69.134.41 - - [17/May/2020:09:38:31 +0800] "GET /xingrg/javascript/easyui/themes/default/tree.css HTTP/1.1" 404 1090
222.69.134.41 - - [17/May/2020:09:38:31 +0800] "GET /xingrg/javascript/easyui/plugins/jquery.tree.js HTTP/1.1" 200 20874
114.86.190.97 - - [17/May/2020:09:38:31 +0800] "GET /xingrg/all/function/internal_message.html?_=1589679513180&CODE_STATE=getMsg HTTP/1.1" 200 27
222.69.134.41 - - [17/May/2020:09:38:31 +0800] "POST /xingrg/all/common/load_tree.html?tree=rest_base_tree_json HTTP/1.1" 200 65906
114.88.170.9 - - [17/May/2020:09:38:34 +0800] "GET /xingrg/kc/print/load_data.html?order_code=212020051705828&kc_code=cgsh&condition= HTTP/1.1" 200 897
222.69.134.41 - - [17/May/2020:09:38:34 +0800] "GET /xingrg/javascript/easyui/themes/default/images/tree_arrows.gif HTTP/1.1" 200 617
222.69.134.41 - - [17/May/2020:09:38:34 +0800] "GET /xingrg/javascript/easyui/themes/default/images/tree_folder_open.gif HTTP/1.1" 200 956
222.69.134.41 - - [17/May/2020:09:38:34 +0800] "GET /xingrg/javascript/easyui/themes/default/images/tree_checkbox_0.gif HTTP/1.1" 200 168
222.69.134.41 - - [17/May/2020:09:38:34 +0800] "GET /xingrg/javascript/easyui/themes/default/images/tree_file.gif HTTP/1.1" 200 118
222.69.134.41 - - [17/May/2020:09:38:34 +0800] "GET /xingrg/javascript/easyui/themes/icons/rest.png HTTP/1.1" 200 695
222.69.134.41 - - [17/May/2020:09:38:34 +0800] "GET /xingrg/javascript/easyui/themes/icons/areas.png HTTP/1.1" 200 720
180.162.232.172 - - [17/May/2020:09:38:39 +0800] "GET /xingrg/all/function/internal_message.html?_=1589679524106&CODE_STATE=getMsg HTTP/1.1" 200 27
180.175.212.199 - - [17/May/2020:09:38:45 +0800] "GET /xingrg/css/images/panel_loading.gif HTTP/1.1" 304 -
180.175.212.199 - - [17/May/2020:09:38:45 +0800] "GET /xingrg/javascript/easyui/plugins/jquery.draggable.js HTTP/1.1" 304 -
180.175.212.199 - - [17/May/2020:09:38:45 +0800] "GET /xingrg/javascript/easyui/plugins/jquery.droppable.js HTTP/1.1" 304 -
180.175.212.199 - - [17/May/2020:09:38:45 +0800] "GET /xingrg/javascript/easyui/themes/default/tree.css HTTP/1.1" 404 1090
180.175.212.199 - - [17/May/2020:09:38:45 +0800] "GET /xingrg/javascript/easyui/plugins/jquery.tree.js HTTP/1.1" 304 -
180.175.212.199 - - [17/May/2020:09:38:46 +0800] "POST /xingrg/all/common/load_tree.html?tree=supplier_tree_json&isDelete=1 HTTP/1.1" 200 48225
180.175.212.199 - - [17/May/2020:09:38:47 +0800] "GET /xingrg/javascript/easyui/themes/default/images/tree_arrows.gif HTTP/1.1" 304 -
180.175.212.199 - - [17/May/2020:09:38:48 +0800] "GET /xingrg/javascript/easyui/themes/default/images/tree_folder_open.gif HTTP/1.1" 304 -
180.175.212.199 - - [17/May/2020:09:38:48 +0800] "GET /xingrg/javascript/easyui/themes/default/images/tree_folder.gif HTTP/1.1" 304 -
180.175.212.199 - - [17/May/2020:09:38:48 +0800] "GET /xingrg/javascript/easyui/themes/default/images/tree_file.gif HTTP/1.1" 304 -
58.40.7.146 - - [17/May/2020:09:38:48 +0800] "GET /xingrg/all/function/internal_message.html?_=1589679530244&CODE_STATE=getMsg HTTP/1.1" 200 27
114.84.33.255 - - [17/May/2020:09:38:49 +0800] "GET /xingrg/all/function/internal_message.html?_=1589679556107&CODE_STATE=getMsg HTTP/1.1" 200 27
117.185.32.26 - - [17/May/2020:09:38:50 +0800] "GET /xingrg/all/function/internal_message.html?_=1589679954534&CODE_STATE=getMsg HTTP/1.1" 200 27
61.172.5.115 - - [17/May/2020:09:38:55 +0800] "GET /xingrg/all/function/internal_message.html?_=1589679536298&CODE_STATE=getMsg HTTP/1.1" 200 27
180.175.212.199 - - [17/May/2020:09:38:56 +0800] "GET /xingrg/all/function/internal_message.html?_=1589679736123&CODE_STATE=getMsg HTTP/1.1" 200 27
114.88.170.9 - - [17/May/2020:09:38:59 +0800] "GET /xingrg/all/function/internal_message.html?_=1589679538001&CODE_STATE=getMsg HTTP/1.1" 200 27
222.69.134.41 - - [17/May/2020:09:39:11 +0800] "GET /xingrg/javascript/easyui/themes/default/images/tree_checkbox_1.gif HTTP/1.1" 200 174
222.69.134.41 - - [17/May/2020:09:39:11 +0800] "GET /xingrg/javascript/easyui/themes/default/images/tree_checkbox_2.gif HTTP/1.1" 200 181
222.69.134.41 - - [17/May/2020:09:39:12 +0800] "GET /xingrg/all/function/internal_message.html?_=1589679554600&CODE_STATE=getMsg HTTP/1.1" 200 27
222.69.134.41 - - [17/May/2020:09:39:15 +0800] "POST /xingrg/kc/buy/cgsh_list_operate.html HTTP/1.1" 200 876
