114.86.190.97 - - [15/May/2020:10:35:59 +0800] "GET /xingrg/all/function/internal_message.html?_=1589510147445&CODE_STATE=getMsg HTTP/1.1" 200 27
180.175.212.199 - - [15/May/2020:10:35:59 +0800] "GET /xingrg/images/blue/jxLogo.png HTTP/1.1" 304 -
180.175.212.199 - - [15/May/2020:10:35:59 +0800] "GET /xingrg/images/blue/login_bg.png HTTP/1.1" 304 -
180.175.212.199 - - [15/May/2020:10:35:59 +0800] "GET /xingrg/images/blue/hj.png HTTP/1.1" 304 -
180.175.212.199 - - [15/May/2020:10:35:59 +0800] "GET /xingrg/images/blue/srbg.png HTTP/1.1" 304 -
180.175.212.199 - - [15/May/2020:10:36:00 +0800] "GET /favicon.ico HTTP/1.1" 404 -
117.185.32.26 - - [15/May/2020:10:36:03 +0800] "GET /xingrg/all/function/internal_message.html?_=1589510584927&CODE_STATE=getMsg HTTP/1.1" 200 27
114.84.151.157 - - [15/May/2020:10:36:05 +0800] "GET /xingrg/all/function/internal_message.html?_=1589510168806&CODE_STATE=getMsg HTTP/1.1" 200 27
114.84.33.255 - - [15/May/2020:10:36:06 +0800] "GET /xingrg/all/function/internal_message.html?_=1589510181214&CODE_STATE=getMsg HTTP/1.1" 200 27
180.175.212.199 - - [15/May/2020:10:36:09 +0800] "POST /xingrg/login.do HTTP/1.1" 302 -
180.175.212.199 - - [15/May/2020:10:36:09 +0800] "GET /xingrg/index.html?sysBaseUrl=http%3A%2F%2F180.169.147.146%3A18081%2Fxingrg%2F&costTime=36×tamp=1589510169142 HTTP/1.1" 200 17173
180.175.212.199 - - [15/May/2020:10:36:09 +0800] "GET /xingrg/javascript/jquery_easy_ui/themes/icon.css HTTP/1.1" 304 -
180.175.212.199 - - [15/May/2020:10:36:09 +0800] "GET /xingrg/javascript/jquery_easy_ui/themes/default/easyui.css HTTP/1.1" 304 -
180.175.212.199 - - [15/May/2020:10:36:09 +0800] "GET /xingrg/css/form.css HTTP/1.1" 304 -
180.175.212.199 - - [15/May/2020:10:36:09 +0800] "GET /xingrg/javascript/jquery-1.4.2.min.js HTTP/1.1" 304 -
180.175.212.199 - - [15/May/2020:10:36:09 +0800] "GET /xingrg/javascript/jquery_easy_ui/easyui-lang-zh_CN.js HTTP/1.1" 304 -
180.175.212.199 - - [15/May/2020:10:36:09 +0800] "GET /xingrg/javascript/jquery_easy_ui/jquery.easyui.min.js HTTP/1.1" 304 -
180.175.212.199 - - [15/May/2020:10:36:09 +0800] "GET /xingrg/javascript/jquery.form.js HTTP/1.1" 304 -
180.175.212.199 - - [15/May/2020:10:36:09 +0800] "GET /xingrg/javascript/jquery.utils.js HTTP/1.1" 304 -
180.175.212.199 - - [15/May/2020:10:36:09 +0800] "GET /xingrg/javascript/jquery.timers.js HTTP/1.1" 304 -
180.175.212.199 - - [15/May/2020:10:36:09 +0800] "GET /xingrg/images/blue/navBackgound.jpg HTTP/1.1" 304 -
180.175.212.199 - - [15/May/2020:10:36:09 +0800] "GET /xingrg/javascript/jquery_easy_ui/themes/icons/settle_new.png HTTP/1.1" 304 -
180.175.212.199 - - [15/May/2020:10:36:09 +0800] "GET /xingrg/javascript/jquery_easy_ui/themes/default/images/tabs_rightarrow.png HTTP/1.1" 304 -
180.175.212.199 - - [15/May/2020:10:36:09 +0800] "POST /xingrg/all/common/load_tree.html?tree=area_rest_tree_json&manage=1 HTTP/1.1" 200 342
180.175.212.199 - - [15/May/2020:10:36:09 +0800] "GET /xingrg/images/blue/pingpu.png HTTP/1.1" 304 -
180.175.212.199 - - [15/May/2020:10:36:09 +0800] "GET /xingrg/javascript/jquery_easy_ui/themes/default/images/tabs_leftarrow.png HTTP/1.1" 304 -
180.175.212.199 - - [15/May/2020:10:36:09 +0800] "GET /xingrg/javascript/jquery_easy_ui/themes/default/images/panel_tool_collapse.gif HTTP/1.1" 304 -
61.172.5.115 - - [15/May/2020:10:36:09 +0800] "GET /xingrg/all/function/internal_message.html?_=1589510168044&CODE_STATE=getMsg HTTP/1.1" 200 27
180.175.212.199 - - [15/May/2020:10:36:09 +0800] "GET /xingrg/check_reg.html?_=1589510365269 HTTP/1.1" 200 22
180.175.212.199 - - [15/May/2020:10:36:09 +0800] "GET /xingrg/all/function/internal_message.html?_=1589510365268&CODE_STATE=count HTTP/1.1" 200 11
180.175.212.199 - - [15/May/2020:10:36:09 +0800] "POST /xingrg/load_menu.html HTTP/1.1" 200 5138
180.175.212.199 - - [15/May/2020:10:36:09 +0800] "GET /favicon.ico HTTP/1.1" 404 -
180.175.212.199 - - [15/May/2020:10:36:09 +0800] "GET /xingrg/javascript/jquery_easy_ui/themes/default/images/tree_arrows.gif HTTP/1.1" 304 -
180.175.212.199 - - [15/May/2020:10:36:10 +0800] "GET /xingrg/javascript/jquery_easy_ui/themes/default/images/tree_folder_open.gif HTTP/1.1" 304 -
180.175.212.199 - - [15/May/2020:10:36:10 +0800] "GET /xingrg/javascript/jquery_easy_ui/themes/icons/search_new.png HTTP/1.1" 304 -
180.175.212.199 - - [15/May/2020:10:36:10 +0800] "GET /xingrg/javascript/jquery_easy_ui/themes/default/images/tree_folder.gif HTTP/1.1" 304 -
180.175.212.199 - - [15/May/2020:10:36:10 +0800] "GET /xingrg/javascript/jquery_easy_ui/themes/icons/storage_new.png HTTP/1.1" 304 -
180.175.212.199 - - [15/May/2020:10:36:10 +0800] "GET /xingrg/javascript/jquery_easy_ui/themes/icons/forms_new.png HTTP/1.1" 304 -
180.175.212.199 - - [15/May/2020:10:36:10 +0800] "GET /xingrg/javascript/jquery_easy_ui/themes/default/images/tree_file.gif HTTP/1.1" 304 -
222.69.134.33 - - [15/May/2020:10:36:10 +0800] "GET /xingrg/all/function/internal_message.html?_=1589510161274&CODE_STATE=getMsg HTTP/1.1" 200 27
222.69.134.33 - - [15/May/2020:10:36:10 +0800] "GET /xingrg/check_reg.html?_=1589510161280 HTTP/1.1" 200 22
172.17.0.101 - - [15/May/2020:10:36:14 +0800] "GET /xingrg/all/function/internal_message.html?_=1589510205553&CODE_STATE=getMsg HTTP/1.1" 200 27
180.175.212.199 - - [15/May/2020:10:36:15 +0800] "GET /favicon.ico HTTP/1.1" 404 -
180.175.212.199 - - [15/May/2020:10:36:15 +0800] "GET /favicon.ico HTTP/1.1" 404 -
180.175.212.199 - - [15/May/2020:10:36:16 +0800] "GET /favicon.ico HTTP/1.1" 404 -
180.175.212.199 - - [15/May/2020:10:36:16 +0800] "GET /favicon.ico HTTP/1.1" 404 -
180.175.212.199 - - [15/May/2020:10:36:17 +0800] "GET /favicon.ico HTTP/1.1" 404 -
180.175.212.199 - - [15/May/2020:10:36:18 +0800] "GET /favicon.ico HTTP/1.1" 404 -
180.175.212.199 - - [15/May/2020:10:36:18 +0800] "GET /favicon.ico HTTP/1.1" 404 -
117.185.32.26 - - [15/May/2020:10:36:18 +0800] "GET /xingrg/kc/buy/cgsh_order_operate.html?command=get_materiel&rest_code=00106&code=00101001062&supplier_code=00100032&order_time=2020-05-15 HTTP/1.1" 200 416
180.175.212.199 - - [15/May/2020:10:36:19 +0800] "GET /favicon.ico HTTP/1.1" 404 -
114.86.190.97 - - [15/May/2020:10:36:19 +0800] "GET /xingrg/all/function/internal_message.html?_=1589510185271&CODE_STATE=getMsg HTTP/1.1" 200 27
180.175.212.199 - - [15/May/2020:10:36:19 +0800] "GET /favicon.ico HTTP/1.1" 404 -
180.175.212.199 - - [15/May/2020:10:36:20 +0800] "GET /favicon.ico HTTP/1.1" 404 -
180.175.212.199 - - [15/May/2020:10:36:21 +0800] "GET /favicon.ico HTTP/1.1" 404 -
180.175.212.199 - - [15/May/2020:10:36:21 +0800] "GET /favicon.ico HTTP/1.1" 404 -
180.175.212.199 - - [15/May/2020:10:36:22 +0800] "GET /favicon.ico HTTP/1.1" 404 -
180.175.212.199 - - [15/May/2020:10:36:22 +0800] "GET /favicon.ico HTTP/1.1" 404 -
180.175.212.199 - - [15/May/2020:10:36:23 +0800] "GET /favicon.ico HTTP/1.1" 404 -
180.175.212.199 - - [15/May/2020:10:36:24 +0800] "GET /favicon.ico HTTP/1.1" 404 -
180.175.212.199 - - [15/May/2020:10:36:24 +0800] "GET /favicon.ico HTTP/1.1" 404 -
180.175.212.199 - - [15/May/2020:10:36:25 +0800] "GET /favicon.ico HTTP/1.1" 404 -
180.175.212.199 - - [15/May/2020:10:36:25 +0800] "GET /favicon.ico HTTP/1.1" 404 -
180.175.212.199 - - [15/May/2020:10:36:26 +0800] "GET /favicon.ico HTTP/1.1" 404 -
180.175.212.199 - - [15/May/2020:10:36:27 +0800] "GET /favicon.ico HTTP/1.1" 404 -
180.175.212.199 - - [15/May/2020:10:36:27 +0800] "GET /favicon.ico HTTP/1.1" 404 -
180.175.212.199 - - [15/May/2020:10:36:28 +0800] "GET /favicon.ico HTTP/1.1" 404 -
180.175.212.199 - - [15/May/2020:10:36:28 +0800] "GET /favicon.ico HTTP/1.1" 404 -
180.175.212.199 - - [15/May/2020:10:36:29 +0800] "GET /favicon.ico HTTP/1.1" 404 -
180.175.212.199 - - [15/May/2020:10:36:30 +0800] "GET /favicon.ico HTTP/1.1" 404 -
180.175.212.199 - - [15/May/2020:10:36:30 +0800] "GET /favicon.ico HTTP/1.1" 404 -
180.175.212.199 - - [15/May/2020:10:36:31 +0800] "GET /favicon.ico HTTP/1.1" 404 -
180.175.212.199 - - [15/May/2020:10:36:32 +0800] "GET /xingrg/javascript/jquery_easy_ui/themes/icons/area.png HTTP/1.1" 304 -
180.175.212.199 - - [15/May/2020:10:36:32 +0800] "GET /xingrg/javascript/jquery_easy_ui/themes/icons/rest.png HTTP/1.1" 304 -
172.17.0.103 - - [15/May/2020:10:36:33 +0800] "GET /xingrg/all/function/internal_message.html?_=1589510192678&CODE_STATE=getMsg HTTP/1.1" 200 27
180.175.212.199 - - [15/May/2020:10:36:34 +0800] "GET /xingrg/all/function/internal_message.html?_=1589510190957&CODE_STATE=getMsg HTTP/1.1" 200 27
116.232.48.164 - - [15/May/2020:10:36:36 +0800] "GET /xingrg/kc/buy/cgsh_order_operate.html?command=get_materiel&rest_code=00109&code=00101010128&supplier_code=00100038&order_time=2020-05-15 HTTP/1.1" 200 410
117.185.32.26 - - [15/May/2020:10:36:37 +0800] "GET /xingrg/kc/buy/cgsh_order_operate.html?command=get_materiel&rest_code=00106&code=00101010161&supplier_code=00100032&order_time=2020-05-15 HTTP/1.1" 200 408
61.172.5.115 - - [15/May/2020:10:36:39 +0800] "GET /xingrg/kc/buy/cgsh_order_operate.html?command=get_materiel&rest_code=00105&code=00101008131&supplier_code=00100203&order_time=2020-05-15 HTTP/1.1" 200 408
101.87.18.29 - - [15/May/2020:10:36:40 +0800] "GET /xingrg/all/function/internal_message.html?_=1589510196981&CODE_STATE=getMsg HTTP/1.1" 200 27
114.88.170.9 - - [15/May/2020:10:36:40 +0800] "GET /xingrg/all/function/internal_message.html?_=1589510195000&CODE_STATE=getMsg HTTP/1.1" 200 27
61.172.5.115 - - [15/May/2020:10:36:41 +0800] "GET /xingrg/system/info/materiel_import.html?isSelect=1&singleSelect=false HTTP/1.1" 200 5600
61.172.5.115 - - [15/May/2020:10:36:41 +0800] "POST /xingrg/all/common/load_tree.html?tree=materiel_sort_tree_json HTTP/1.1" 200 8666
61.172.5.115 - - [15/May/2020:10:36:41 +0800] "GET /favicon.ico HTTP/1.1" 404 -
172.17.0.120 - - [15/May/2020:10:36:41 +0800] "GET /xingrg/all/function/internal_message.html?_=1589510197788&CODE_STATE=getMsg HTTP/1.1" 200 27
101.89.29.94 - - [15/May/2020:10:36:42 +0800] "GET /xingrg/all/function/internal_message.html?_=1589509508781&CODE_STATE=getMsg HTTP/1.1" 302 -
180.175.212.199 - - [15/May/2020:10:36:42 +0800] "GET /xingrg/all/function/internal_message.html?_=1589510210673&CODE_STATE=getMsg HTTP/1.1" 200 27
116.232.48.164 - - [15/May/2020:10:36:44 +0800] "GET /xingrg/all/function/internal_message.html?_=1589510224272&CODE_STATE=getMsg HTTP/1.1" 200 27
172.17.0.240 - - [15/May/2020:10:36:45 +0800] "GET /xingrg/all/function/internal_message.html?_=1589510201241&CODE_STATE=getMsg HTTP/1.1" 200 27
101.89.29.94 - - [15/May/2020:10:36:47 +0800] "GET /xingrg/login.html HTTP/1.1" 200 7641
180.162.232.172 - - [15/May/2020:10:36:47 +0800] "GET /xingrg/all/function/internal_message.html?_=1589510206738&CODE_STATE=getMsg HTTP/1.1" 200 27
180.162.102.27 - - [15/May/2020:10:36:51 +0800] "GET /xingrg HTTP/1.1" 302 -
180.162.102.27 - - [15/May/2020:10:36:51 +0800] "GET /xingrg/ HTTP/1.1" 200 292
61.172.5.115 - - [15/May/2020:10:36:52 +0800] "GET /xingrg/kc/buy/cgsh_order_operate.html?command=get_materiel&rest_code=00105&code=00101008295&supplier_code=00100203&order_time=2020-05-15 HTTP/1.1" 200 412
172.17.0.128 - - [15/May/2020:10:36:53 +0800] "GET /xingrg/all/function/internal_message.html?_=1589510007948&CODE_STATE=getMsg HTTP/1.1" 200 27
180.162.102.27 - - [15/May/2020:10:36:53 +0800] "GET /xingrg/index.html HTTP/1.1" 302 -
180.162.102.27 - - [15/May/2020:10:36:54 +0800] "GET /xingrg/login.html HTTP/1.1" 200 7641
180.162.102.27 - - [15/May/2020:10:36:54 +0800] "GET /favicon.ico HTTP/1.1" 404 -
114.84.33.255 - - [15/May/2020:10:36:54 +0800] "GET /xingrg/all/function/internal_message.html?_=1589510230012&CODE_STATE=getMsg HTTP/1.1" 200 27
180.162.102.27 - - [15/May/2020:10:36:54 +0800] "GET /xingrg/images/blue/jxLogo.png HTTP/1.1" 200 6156
180.162.102.27 - - [15/May/2020:10:36:54 +0800] "GET /xingrg/images/blue/hj.png HTTP/1.1" 200 1014
180.162.102.27 - - [15/May/2020:10:36:54 +0800] "GET /xingrg/images/blue/srbg.png HTTP/1.1" 200 138
180.162.102.27 - - [15/May/2020:10:36:54 +0800] "GET /xingrg/images/blue/login_bg.png HTTP/1.1" 200 22101
180.162.102.27 - - [15/May/2020:10:36:54 +0800] "GET /favicon.ico HTTP/1.1" 404 -
172.17.0.240 - - [15/May/2020:10:36:55 +0800] "GET /xingrg/all/function/internal_message.html?_=1589510211706&CODE_STATE=getMsg HTTP/1.1" 200 27
180.162.232.172 - - [15/May/2020:10:36:58 +0800] "GET /xingrg/all/function/internal_message.html?_=1589510338438&CODE_STATE=getMsg HTTP/1.1" 200 27
116.232.48.164 - - [15/May/2020:10:36:58 +0800] "GET /xingrg/kc/buy/cgsh_order_operate.html?command=get_materiel&rest_code=00109&code=00101004089&supplier_code=00100038&order_time=2020-05-15 HTTP/1.1" 200 391
180.162.102.27 - - [15/May/2020:10:36:58 +0800] "POST /xingrg/login.do HTTP/1.1" 302 -
180.162.102.27 - - [15/May/2020:10:36:58 +0800] "GET /xingrg/index.html?sysBaseUrl=http%3A%2F%2F180.169.147.146%3A18081%2Fxingrg%2F&costTime=39×tamp=1589510218399 HTTP/1.1" 200 17179
180.162.102.27 - - [15/May/2020:10:36:58 +0800] "GET /xingrg/css/form.css HTTP/1.1" 200 893
180.162.102.27 - - [15/May/2020:10:36:58 +0800] "GET /xingrg/javascript/jquery-1.4.2.min.js HTTP/1.1" 200 72205
180.162.102.27 - - [15/May/2020:10:36:58 +0800] "GET /xingrg/javascript/jquery_easy_ui/themes/icon.css HTTP/1.1" 200 3949
180.162.102.27 - - [15/May/2020:10:36:58 +0800] "GET /xingrg/javascript/jquery_easy_ui/jquery.easyui.min.js HTTP/1.1" 200 213662
180.162.102.27 - - [15/May/2020:10:36:58 +0800] "GET /xingrg/javascript/jquery_easy_ui/easyui-lang-zh_CN.js HTTP/1.1" 200 1900
180.162.102.27 - - [15/May/2020:10:36:58 +0800] "GET /xingrg/javascript/jquery.timers.js HTTP/1.1" 200 3532
180.162.102.27 - - [15/May/2020:10:36:58 +0800] "GET /xingrg/javascript/jquery.form.js HTTP/1.1" 200 23110
180.162.102.27 - - [15/May/2020:10:36:58 +0800] "GET /xingrg/javascript/jquery.utils.js HTTP/1.1" 200 11805
180.162.102.27 - - [15/May/2020:10:36:58 +0800] "GET /favicon.ico HTTP/1.1" 404 -
180.162.102.27 - - [15/May/2020:10:36:58 +0800] "GET /xingrg/javascript/jquery_easy_ui/themes/default/easyui.css HTTP/1.1" 200 26500
180.162.102.27 - - [15/May/2020:10:36:58 +0800] "GET /xingrg/javascript/jquery_easy_ui/themes/icons/settle_new.png HTTP/1.1" 200 826
180.162.102.27 - - [15/May/2020:10:36:58 +0800] "GET /xingrg/images/blue/navBackgound.jpg HTTP/1.1" 200 12378
180.162.102.27 - - [15/May/2020:10:36:58 +0800] "POST /xingrg/all/common/load_tree.html?tree=area_rest_tree_json&manage=1 HTTP/1.1" 200 351
180.162.102.27 - - [15/May/2020:10:36:58 +0800] "GET /xingrg/all/function/internal_message.html?_=1589509637828&CODE_STATE=count HTTP/1.1" 200 11
180.162.102.27 - - [15/May/2020:10:36:58 +0800] "GET /xingrg/check_reg.html?_=1589509637829 HTTP/1.1" 200 22
180.162.102.27 - - [15/May/2020:10:36:58 +0800] "GET /xingrg/images/blue/pingpu.png HTTP/1.1" 200 231
180.162.102.27 - - [15/May/2020:10:36:58 +0800] "GET /xingrg/javascript/jquery_easy_ui/themes/default/images/tabs_rightarrow.png HTTP/1.1" 200 395
180.162.102.27 - - [15/May/2020:10:36:58 +0800] "GET /xingrg/javascript/jquery_easy_ui/themes/default/images/tabs_leftarrow.png HTTP/1.1" 200 389
180.162.102.27 - - [15/May/2020:10:36:58 +0800] "GET /xingrg/javascript/jquery_easy_ui/themes/default/images/panel_tool_collapse.gif HTTP/1.1" 200 246
180.162.102.27 - - [15/May/2020:10:36:58 +0800] "GET /xingrg/javascript/jquery_easy_ui/themes/default/images/tree_arrows.gif HTTP/1.1" 200 1043
180.162.102.27 - - [15/May/2020:10:36:59 +0800] "POST /xingrg/load_menu.html HTTP/1.1" 200 5138
180.162.102.27 - - [15/May/2020:10:36:59 +0800] "GET /xingrg/javascript/jquery_easy_ui/themes/default/images/tree_folder_open.gif HTTP/1.1" 200 956
180.162.102.27 - - [15/May/2020:10:36:59 +0800] "GET /xingrg/javascript/jquery_easy_ui/themes/icons/search_new.png HTTP/1.1" 200 586
180.162.102.27 - - [15/May/2020:10:36:59 +0800] "GET /xingrg/javascript/jquery_easy_ui/themes/default/images/tree_file.gif HTTP/1.1" 200 118
180.162.102.27 - - [15/May/2020:10:36:59 +0800] "GET /xingrg/javascript/jquery_easy_ui/themes/default/images/tree_folder.gif HTTP/1.1" 200 952
180.162.102.27 - - [15/May/2020:10:36:59 +0800] "GET /xingrg/javascript/jquery_easy_ui/themes/icons/storage_new.png HTTP/1.1" 200 853
180.162.102.27 - - [15/May/2020:10:36:59 +0800] "GET /xingrg/javascript/jquery_easy_ui/themes/icons/forms_new.png HTTP/1.1" 200 350
114.86.190.97 - - [15/May/2020:10:36:59 +0800] "GET /xingrg/all/function/internal_message.html?_=1589510207441&CODE_STATE=getMsg HTTP/1.1" 200 27
117.185.32.26 - - [15/May/2020:10:37:03 +0800] "GET /xingrg/kc/buy/cgsh_order_operate.html?command=get_materiel&rest_code=00106&code=00101005037&supplier_code=00100032&order_time=2020-05-15 HTTP/1.1" 200 409
117.185.32.26 - - [15/May/2020:10:37:03 +0800] "GET /xingrg/all/function/internal_message.html?_=1589510644932&CODE_STATE=getMsg HTTP/1.1" 200 27
117.185.32.26 - - [15/May/2020:10:37:03 +0800] "GET /xingrg/check_reg.html?_=1589510644933 HTTP/1.1" 200 22
114.84.151.157 - - [15/May/2020:10:37:05 +0800] "GET /xingrg/all/function/internal_message.html?_=1589510228820&CODE_STATE=getMsg HTTP/1.1" 200 27
114.84.33.255 - - [15/May/2020:10:37:06 +0800] "GET /xingrg/all/function/internal_message.html?_=1589510241228&CODE_STATE=getMsg HTTP/1.1" 200 27
180.162.102.27 - - [15/May/2020:10:37:08 +0800] "GET /xingrg/javascript/jquery_easy_ui/themes/default/images/tabs_close.gif HTTP/1.1" 200 829
180.162.102.27 - - [15/May/2020:10:37:08 +0800] "GET /xingrg/kc/base/wldb_order_list.html HTTP/1.1" 200 19261
180.162.102.27 - - [15/May/2020:10:37:08 +0800] "GET /xingrg/css/base.css HTTP/1.1" 200 2811
180.162.102.27 - - [15/May/2020:10:37:08 +0800] "GET /xingrg/javascript/jquery_tools/datebox.css HTTP/1.1" 200 2597
180.162.102.27 - - [15/May/2020:10:37:08 +0800] "GET /xingrg/javascript/jquery_tools/jquery.tools.hotkey.js HTTP/1.1" 200 3242
180.162.102.27 - - [15/May/2020:10:37:08 +0800] "GET /xingrg/css/site.css HTTP/1.1" 200 7541
180.162.102.27 - - [15/May/2020:10:37:08 +0800] "GET /xingrg/javascript/jquery_tools/fix.css HTTP/1.1" 200 1702
180.162.102.27 - - [15/May/2020:10:37:08 +0800] "GET /xingrg/javascript/auto/jquery.autocomplete.css HTTP/1.1" 200 587
180.162.102.27 - - [15/May/2020:10:37:08 +0800] "GET /xingrg/javascript/jquery_tools/table.css HTTP/1.1" 200 1032
180.162.102.27 - - [15/May/2020:10:37:08 +0800] "GET /xingrg/javascript/easyui/themes/icon.css HTTP/1.1" 200 4483
180.162.102.27 - - [15/May/2020:10:37:08 +0800] "GET /xingrg/javascript/jquery_tools/jquery.tools.extend.js HTTP/1.1" 200 15385
180.162.102.27 - - [15/May/2020:10:37:08 +0800] "GET /xingrg/javascript/jquery_tools/jquery.tools.min.js HTTP/1.1" 200 138801
180.162.102.27 - - [15/May/2020:10:37:08 +0800] "GET /xingrg/javascript/jquery_tools/jquery.tools.table.js HTTP/1.1" 200 6994
180.162.102.27 - - [15/May/2020:10:37:08 +0800] "GET /xingrg/javascript/print/LodopFuncs.js HTTP/1.1" 200 5121
180.162.102.27 - - [15/May/2020:10:37:08 +0800] "GET /xingrg/javascript/jquery_tools/list_manager.js HTTP/1.1" 200 3652
180.162.102.27 - - [15/May/2020:10:37:08 +0800] "GET /xingrg/javascript/easyui/easyloader.js HTTP/1.1" 200 5975
180.162.102.27 - - [15/May/2020:10:37:08 +0800] "GET /xingrg/javascript/jquery.cookie.js HTTP/1.1" 200 5513
180.162.102.27 - - [15/May/2020:10:37:08 +0800] "GET /xingrg/javascript/easyui/themes/default/easyui.css HTTP/1.1" 200 30432
180.162.102.27 - - [15/May/2020:10:37:08 +0800] "GET /xingrg/javascript/auto/jquery.autocomplete.js HTTP/1.1" 200 21624
180.162.102.27 - - [15/May/2020:10:37:08 +0800] "GET /xingrg/javascript/easyui/themes/icons/edit_add_new.png HTTP/1.1" 200 2997
180.162.102.27 - - [15/May/2020:10:37:08 +0800] "GET /xingrg/javascript/easyui/themes/icons/field_new.png HTTP/1.1" 200 1097
180.162.102.27 - - [15/May/2020:10:37:08 +0800] "GET /xingrg/javascript/easyui/themes/icons/check_new.png HTTP/1.1" 200 3224
180.162.102.27 - - [15/May/2020:10:37:08 +0800] "GET /xingrg/javascript/easyui/themes/icons/cance_new.png HTTP/1.1" 200 3986
180.162.102.27 - - [15/May/2020:10:37:08 +0800] "GET /xingrg/javascript/easyui/themes/icons/import_new.png HTTP/1.1" 200 1247
180.162.102.27 - - [15/May/2020:10:37:09 +0800] "GET /xingrg/javascript/easyui/plugins/jquery.parser.js HTTP/1.1" 200 1142
180.162.102.27 - - [15/May/2020:10:37:09 +0800] "GET /xingrg/images/control/ajaxLoader.gif HTTP/1.1" 200 4659
61.172.5.115 - - [15/May/2020:10:37:09 +0800] "GET /xingrg/all/function/internal_message.html?_=1589510228010&CODE_STATE=getMsg HTTP/1.1" 200 27
114.86.190.97 - - [15/May/2020:10:37:09 +0800] "GET /xingrg/all/report/report_query.html?fileName=dma/new_5.0/yingye/yy_hz.xml&rw=1600 HTTP/1.1" 200 56155
180.162.102.27 - - [15/May/2020:10:37:09 +0800] "POST /xingrg/kc/base/wldb_list_operate.html HTTP/1.1" 200 928
114.86.190.97 - - [15/May/2020:10:37:09 +0800] "GET /xingrg/dwr/interface/AjaxReportQueryService.js HTTP/1.1" 200 13203
114.86.190.97 - - [15/May/2020:10:37:09 +0800] "GET /xingrg/dwr/engine.js HTTP/1.1" 200 43631
180.175.212.199 - - [15/May/2020:10:37:09 +0800] "GET /xingrg/all/function/internal_message.html?_=1589510425282&CODE_STATE=getMsg HTTP/1.1" 200 27
114.86.190.97 - - [15/May/2020:10:37:09 +0800] "POST /xingrg/dwr/call/plaincall/AjaxReportQueryService.getFixDate.dwr HTTP/1.1" 200 111
114.86.190.97 - - [15/May/2020:10:37:09 +0800] "POST /xingrg/all/common/load_tree.html?tree=area_station_tree_json&manage=1 HTTP/1.1" 200 2990
222.69.134.33 - - [15/May/2020:10:37:10 +0800] "GET /xingrg/all/function/internal_message.html?_=1589510221284&CODE_STATE=getMsg HTTP/1.1" 200 27
61.172.5.115 - - [15/May/2020:10:37:10 +0800] "GET /xingrg/kc/buy/cgsh_order_operate.html?command=get_materiel&rest_code=00105&code=00101008188&supplier_code=00100203&order_time=2020-05-15 HTTP/1.1" 200 412
117.185.32.26 - - [15/May/2020:10:37:11 +0800] "GET /xingrg/kc/buy/cgsh_order_operate.html?command=get_materiel&rest_code=00106&code=00101010248&supplier_code=00100032&order_time=2020-05-15 HTTP/1.1" 200 430
180.162.102.27 - - [15/May/2020:10:37:13 +0800] "POST /xingrg/kc/base/wldb_list_operate.html HTTP/1.1" 200 6252
172.17.0.101 - - [15/May/2020:10:37:14 +0800] "GET /xingrg/all/function/internal_message.html?_=1589510265556&CODE_STATE=getMsg HTTP/1.1" 200 27
172.17.0.101 - - [15/May/2020:10:37:14 +0800] "GET /xingrg/check_reg.html?_=1589510265554 HTTP/1.1" 200 22
180.162.102.27 - - [15/May/2020:10:37:16 +0800] "GET /xingrg/javascript/easyui/themes/default/images/button_plain_hover.png HTTP/1.1" 200 144
116.232.48.164 - - [15/May/2020:10:37:16 +0800] "GET /xingrg/kc/buy/cgsh_order_operate.html?command=get_materiel&rest_code=00109&code=00101004067&supplier_code=00100038&order_time=2020-05-15 HTTP/1.1" 200 413
114.86.190.97 - - [15/May/2020:10:37:18 +0800] "GET /xingrg/check_reg.html?_=1589510244456 HTTP/1.1" 200 22
114.86.190.97 - - [15/May/2020:10:37:19 +0800] "GET /xingrg/all/function/internal_message.html?_=1589510245286&CODE_STATE=getMsg HTTP/1.1" 200 27
61.172.5.115 - - [15/May/2020:10:37:21 +0800] "GET /xingrg/kc/buy/cgsh_order_operate.html?command=get_materiel&rest_code=00105&code=00101008032&supplier_code=00100203&order_time=2020-05-15 HTTP/1.1" 200 408
172.17.0.103 - - [15/May/2020:10:37:33 +0800] "GET /xingrg/all/function/internal_message.html?_=1589510252688&CODE_STATE=getMsg HTTP/1.1" 200 27
180.175.212.199 - - [15/May/2020:10:37:34 +0800] "GET /xingrg/all/function/internal_message.html?_=1589510250948&CODE_STATE=getMsg HTTP/1.1" 200 27
117.185.32.26 - - [15/May/2020:10:37:37 +0800] "GET /xingrg/kc/buy/cgsh_order_operate.html?command=get_materiel&rest_code=00106&code=00101012009&supplier_code=00100032&order_time=2020-05-15 HTTP/1.1" 200 416
101.87.18.29 - - [15/May/2020:10:37:40 +0800] "GET /xingrg/all/function/internal_message.html?_=1589510256990&CODE_STATE=getMsg HTTP/1.1" 200 27
114.88.170.9 - - [15/May/2020:10:37:41 +0800] "GET /xingrg/all/function/internal_message.html?_=1589510255227&CODE_STATE=getMsg HTTP/1.1" 200 27
172.17.0.120 - - [15/May/2020:10:37:41 +0800] "GET /xingrg/all/function/internal_message.html?_=1589510257791&CODE_STATE=getMsg HTTP/1.1" 200 27
180.175.212.199 - - [15/May/2020:10:37:42 +0800] "GET /xingrg/all/function/internal_message.html?_=1589510270739&CODE_STATE=getMsg HTTP/1.1" 200 27
116.232.48.164 - - [15/May/2020:10:37:44 +0800] "GET /xingrg/check_reg.html?_=1589510284273 HTTP/1.1" 200 22
116.232.48.164 - - [15/May/2020:10:37:44 +0800] "GET /xingrg/all/function/internal_message.html?_=1589510284274&CODE_STATE=getMsg HTTP/1.1" 200 27
172.17.0.240 - - [15/May/2020:10:37:45 +0800] "GET /xingrg/all/function/internal_message.html?_=1589510261231&CODE_STATE=getMsg HTTP/1.1" 200 27
180.162.232.172 - - [15/May/2020:10:37:47 +0800] "GET /xingrg/all/function/internal_message.html?_=1589510266738&CODE_STATE=getMsg HTTP/1.1" 200 27
114.84.33.255 - - [15/May/2020:10:37:52 +0800] "GET /xingrg/check_reg.html?_=1589510288524 HTTP/1.1" 200 22
172.17.0.128 - - [15/May/2020:10:37:53 +0800] "GET /xingrg/all/function/internal_message.html?_=1589510067947&CODE_STATE=getMsg HTTP/1.1" 200 27
114.84.33.255 - - [15/May/2020:10:37:54 +0800] "GET /xingrg/all/function/internal_message.html?_=1589510290026&CODE_STATE=getMsg HTTP/1.1" 200 27
114.86.190.97 - - [15/May/2020:10:37:55 +0800] "GET /xingrg/all/report/report_query.html?fileName=dma/new_5.0/yingye/order_list.xml HTTP/1.1" 200 55281
114.86.190.97 - - [15/May/2020:10:37:55 +0800] "GET /xingrg/dwr/interface/AjaxReportQueryService.js HTTP/1.1" 200 13203
114.86.190.97 - - [15/May/2020:10:37:55 +0800] "GET /xingrg/dwr/engine.js HTTP/1.1" 200 43631
114.86.190.97 - - [15/May/2020:10:37:55 +0800] "POST /xingrg/dwr/call/plaincall/AjaxReportQueryService.getFixDate.dwr HTTP/1.1" 200 111
172.17.0.240 - - [15/May/2020:10:37:55 +0800] "GET /xingrg/all/function/internal_message.html?_=1589510271700&CODE_STATE=getMsg HTTP/1.1" 200 27
114.86.190.97 - - [15/May/2020:10:37:55 +0800] "POST /xingrg/all/common/load_tree.html?tree=area_station_tree_json&manage=1 HTTP/1.1" 200 2990
114.86.190.97 - - [15/May/2020:10:37:55 +0800] "POST /xingrg/dwr/call/plaincall/AjaxReportQueryService.getInitString.dwr HTTP/1.1" 200 76
114.86.190.97 - - [15/May/2020:10:37:57 +0800] "GET /xingrg/all/report/report_query.html?fileName=dma/new_5.0/menu/menu_category_hz.xml HTTP/1.1" 200 53064
114.86.190.97 - - [15/May/2020:10:37:58 +0800] "GET /xingrg/dwr/interface/AjaxReportQueryService.js HTTP/1.1" 200 13203
114.86.190.97 - - [15/May/2020:10:37:58 +0800] "GET /xingrg/dwr/engine.js HTTP/1.1" 200 43631
101.89.29.78 - - [15/May/2020:10:37:58 +0800] "GET /xingrg/all/function/internal_message.html?_=1589509568780&CODE_STATE=getMsg HTTP/1.1" 302 -
180.162.232.172 - - [15/May/2020:10:37:58 +0800] "GET /xingrg/all/function/internal_message.html?_=1589510398491&CODE_STATE=getMsg HTTP/1.1" 200 27
114.86.190.97 - - [15/May/2020:10:37:58 +0800] "POST /xingrg/dwr/call/plaincall/AjaxReportQueryService.getFixDate.dwr HTTP/1.1" 200 111
114.86.190.97 - - [15/May/2020:10:37:58 +0800] "POST /xingrg/all/common/load_tree.html?tree=area_station_tree_json&manage=1 HTTP/1.1" 200 2990
101.85.52.41 - - [15/May/2020:10:37:58 +0800] "GET /xingrg/check_reg.html?_=1589509801402 HTTP/1.1" 200 22
180.162.102.27 - - [15/May/2020:10:37:58 +0800] "GET /xingrg/all/function/internal_message.html?_=1589509697838&CODE_STATE=getMsg HTTP/1.1" 200 27
114.86.190.97 - - [15/May/2020:10:37:59 +0800] "GET /xingrg/all/report/report_query.html?fileName=dma/new_5.0/menu/menu_hz_all.xml HTTP/1.1" 200 51795
114.86.190.97 - - [15/May/2020:10:37:59 +0800] "GET /xingrg/dwr/interface/AjaxReportQueryService.js HTTP/1.1" 200 13203
114.86.190.97 - - [15/May/2020:10:37:59 +0800] "GET /xingrg/dwr/engine.js HTTP/1.1" 200 43631
114.86.190.97 - - [15/May/2020:10:37:59 +0800] "POST /xingrg/dwr/call/plaincall/AjaxReportQueryService.getFixDate.dwr HTTP/1.1" 200 111
114.86.190.97 - - [15/May/2020:10:37:59 +0800] "POST /xingrg/all/common/load_tree.html?tree=area_station_tree_json&manage=1 HTTP/1.1" 200 2990
114.86.190.97 - - [15/May/2020:10:37:59 +0800] "GET /xingrg/all/function/internal_message.html?_=1589510267800&CODE_STATE=getMsg HTTP/1.1" 200 27
117.185.32.26 - - [15/May/2020:10:38:03 +0800] "GET /xingrg/all/function/internal_message.html?_=1589510704925&CODE_STATE=getMsg HTTP/1.1" 200 27
116.232.48.164 - - [15/May/2020:10:38:03 +0800] "GET /xingrg/kc/buy/cgsh_order_operate.html?command=get_materiel&rest_code=00109&code=00101004027&supplier_code=00100038&order_time=2020-05-15 HTTP/1.1" 200 429
117.185.32.26 - - [15/May/2020:10:38:04 +0800] "GET /xingrg/kc/buy/cgsh_order_operate.html?command=get_materiel&rest_code=00106&code=00101016053&supplier_code=00100032&order_time=2020-05-15 HTTP/1.1" 200 408
114.84.151.157 - - [15/May/2020:10:38:05 +0800] "GET /xingrg/all/function/internal_message.html?_=1589510288819&CODE_STATE=getMsg HTTP/1.1" 200 27
114.84.33.255 - - [15/May/2020:10:38:07 +0800] "GET /xingrg/all/function/internal_message.html?_=1589510301694&CODE_STATE=getMsg HTTP/1.1" 200 27
101.89.29.78 - - [15/May/2020:10:38:07 +0800] "GET /xingrg/login.html HTTP/1.1" 200 7641
61.172.5.115 - - [15/May/2020:10:38:09 +0800] "GET /xingrg/check_reg.html?_=1589510287908 HTTP/1.1" 200 22
61.172.5.115 - - [15/May/2020:10:38:09 +0800] "GET /xingrg/all/function/internal_message.html?_=1589510287909&CODE_STATE=getMsg HTTP/1.1" 200 27
180.175.212.199 - - [15/May/2020:10:38:09 +0800] "GET /xingrg/all/function/internal_message.html?_=1589510485295&CODE_STATE=getMsg HTTP/1.1" 200 27
222.69.134.33 - - [15/May/2020:10:38:10 +0800] "GET /xingrg/all/function/internal_message.html?_=1589510281277&CODE_STATE=getMsg HTTP/1.1" 200 27
61.172.5.115 - - [15/May/2020:10:38:13 +0800] "GET /xingrg/kc/buy/cgsh_order_operate.html?command=get_materiel&rest_code=00105&code=00101009030&supplier_code=00100203&order_time=2020-05-15 HTTP/1.1" 200 412
172.17.0.101 - - [15/May/2020:10:38:14 +0800] "GET /xingrg/all/function/internal_message.html?_=1589510325554&CODE_STATE=getMsg HTTP/1.1" 200 27
114.86.190.97 - - [15/May/2020:10:38:19 +0800] "GET /xingrg/all/function/internal_message.html?_=1589510305299&CODE_STATE=getMsg HTTP/1.1" 200 27
180.175.212.199 - - [15/May/2020:10:38:20 +0800] "GET /xingrg/check_reg.html?_=1589510308095 HTTP/1.1" 200 22
114.88.170.9 - - [15/May/2020:10:38:20 +0800] "GET /xingrg/check_reg.html?_=1589510294656 HTTP/1.1" 200 22
114.86.190.97 - - [15/May/2020:10:38:21 +0800] "GET /xingrg/all/report/report_query.html?fileName=dma/new_5.0/menu/menu_define_hz.xml HTTP/1.1" 200 54311
114.86.190.97 - - [15/May/2020:10:38:21 +0800] "GET /xingrg/dwr/interface/AjaxReportQueryService.js HTTP/1.1" 200 13203
114.86.190.97 - - [15/May/2020:10:38:21 +0800] "GET /xingrg/dwr/engine.js HTTP/1.1" 200 43631
117.185.32.26 - - [15/May/2020:10:38:21 +0800] "GET /xingrg/kc/buy/cgsh_order_operate.html?command=get_materiel&rest_code=00106&code=00101001111&supplier_code=00100032&order_time=2020-05-15 HTTP/1.1" 200 410
114.86.190.97 - - [15/May/2020:10:38:21 +0800] "POST /xingrg/dwr/call/plaincall/AjaxReportQueryService.getFixDate.dwr HTTP/1.1" 200 111
114.86.190.97 - - [15/May/2020:10:38:21 +0800] "POST /xingrg/all/common/load_tree.html?tree=area_station_tree_json&manage=1 HTTP/1.1" 200 2990
114.86.190.97 - - [15/May/2020:10:38:22 +0800] "POST /xingrg/dwr/call/plaincall/AjaxReportQueryService.getInitString.dwr HTTP/1.1" 200 79
114.86.190.97 - - [15/May/2020:10:38:22 +0800] "POST /xingrg/dwr/call/plaincall/AjaxReportQueryService.getInitString.dwr HTTP/1.1" 200 79
114.86.190.97 - - [15/May/2020:10:38:22 +0800] "POST /xingrg/dwr/call/plaincall/AjaxReportQueryService.getInitString.dwr HTTP/1.1" 200 79
114.86.190.97 - - [15/May/2020:10:38:22 +0800] "POST /xingrg/dwr/call/plaincall/AjaxReportQueryService.getInitString.dwr HTTP/1.1" 200 79
172.17.0.103 - - [15/May/2020:10:38:33 +0800] "GET /xingrg/all/function/internal_message.html?_=1589510312679&CODE_STATE=getMsg HTTP/1.1" 200 27
180.175.212.199 - - [15/May/2020:10:38:34 +0800] "GET /xingrg/all/function/internal_message.html?_=1589510310950&CODE_STATE=getMsg HTTP/1.1" 200 27
101.87.18.29 - - [15/May/2020:10:38:40 +0800] "GET /xingrg/all/function/internal_message.html?_=1589510316977&CODE_STATE=getMsg HTTP/1.1" 200 27
117.185.32.26 - - [15/May/2020:10:38:40 +0800] "GET /xingrg/kc/buy/cgsh_order_operate.html?command=get_materiel&rest_code=00106&code=00101016105&supplier_code=00100032&order_time=2020-05-15 HTTP/1.1" 200 409
172.17.0.120 - - [15/May/2020:10:38:41 +0800] "GET /xingrg/all/function/internal_message.html?_=1589510317793&CODE_STATE=getMsg HTTP/1.1" 200 27
180.175.212.199 - - [15/May/2020:10:38:42 +0800] "GET /xingrg/all/function/internal_message.html?_=1589510330747&CODE_STATE=getMsg HTTP/1.1" 200 27
116.232.48.164 - - [15/May/2020:10:38:44 +0800] "GET /xingrg/all/function/internal_message.html?_=1589510344271&CODE_STATE=getMsg HTTP/1.1" 200 27
172.17.0.240 - - [15/May/2020:10:38:45 +0800] "GET /xingrg/check_reg.html?_=1589510321233 HTTP/1.1" 200 22
172.17.0.240 - - [15/May/2020:10:38:45 +0800] "GET /xingrg/all/function/internal_message.html?_=1589510321234&CODE_STATE=getMsg HTTP/1.1" 200 27
180.162.232.172 - - [15/May/2020:10:38:47 +0800] "GET /xingrg/all/function/internal_message.html?_=1589510326746&CODE_STATE=getMsg HTTP/1.1" 200 27
172.17.0.128 - - [15/May/2020:10:38:53 +0800] "GET /xingrg/all/function/internal_message.html?_=1589510127947&CODE_STATE=getMsg HTTP/1.1" 200 27
114.84.33.255 - - [15/May/2020:10:38:54 +0800] "GET /xingrg/all/function/internal_message.html?_=1589510350039&CODE_STATE=getMsg HTTP/1.1" 200 27
61.172.5.115 - - [15/May/2020:10:38:54 +0800] "POST /xingrg/kc/buy/cgsh_order_operate.html HTTP/1.1" 200 2065
172.17.0.240 - - [15/May/2020:10:38:55 +0800] "GET /xingrg/all/function/internal_message.html?_=1589510331708&CODE_STATE=getMsg HTTP/1.1" 200 27
172.17.0.240 - - [15/May/2020:10:38:55 +0800] "GET /xingrg/check_reg.html?_=1589510331710 HTTP/1.1" 200 22
61.172.5.115 - - [15/May/2020:10:38:56 +0800] "POST /xingrg/kc/buy/cgsh_order_operate.html HTTP/1.1" 200 2065
117.185.32.26 - - [15/May/2020:10:38:57 +0800] "POST /xingrg/kc/buy/cgsh_order_operate.html HTTP/1.1" 200 37
180.162.232.172 - - [15/May/2020:10:38:58 +0800] "GET /xingrg/all/function/internal_message.html?_=1589510458496&CODE_STATE=getMsg HTTP/1.1" 200 27
116.232.48.164 - - [15/May/2020:10:38:58 +0800] "GET /xingrg/kc/buy/cgsh_order_operate.html?command=get_materiel&rest_code=00109&code=00101010128&supplier_code=00100038&order_time=2020-05-15 HTTP/1.1" 200 410
180.162.102.27 - - [15/May/2020:10:38:58 +0800] "GET /xingrg/all/function/internal_message.html?_=1589509757837&CODE_STATE=getMsg HTTP/1.1" 200 27
117.185.32.26 - - [15/May/2020:10:38:59 +0800] "POST /xingrg/kc/buy/cgsh_order_operate.html HTTP/1.1" 200 6805
114.86.190.97 - - [15/May/2020:10:38:59 +0800] "GET /xingrg/all/function/internal_message.html?_=1589510327804&CODE_STATE=getMsg HTTP/1.1" 200 27
114.86.190.97 - - [15/May/2020:10:39:03 +0800] "GET /xingrg/all/report/report_query.html?fileName=dma/new_5.0/menu/menu_hz_all.xml HTTP/1.1" 200 51795
114.86.190.97 - - [15/May/2020:10:39:03 +0800] "GET /xingrg/dwr/interface/AjaxReportQueryService.js HTTP/1.1" 200 13203
114.86.190.97 - - [15/May/2020:10:39:03 +0800] "GET /xingrg/dwr/engine.js HTTP/1.1" 200 43631
117.185.32.26 - - [15/May/2020:10:39:03 +0800] "GET /xingrg/all/function/internal_message.html?_=1589510764921&CODE_STATE=getMsg HTTP/1.1" 200 27
114.86.190.97 - - [15/May/2020:10:39:03 +0800] "POST /xingrg/dwr/call/plaincall/AjaxReportQueryService.getFixDate.dwr HTTP/1.1" 200 111
114.86.190.97 - - [15/May/2020:10:39:03 +0800] "POST /xingrg/all/common/load_tree.html?tree=area_station_tree_json&manage=1 HTTP/1.1" 200 2990
117.185.32.26 - - [15/May/2020:10:39:03 +0800] "GET /xingrg/kc/buy/cgsh_order_add.html HTTP/1.1" 200 58564
61.172.5.115 - - [15/May/2020:10:39:04 +0800] "GET /xingrg/kc/buy/cgsh_order_operate.html?command=get_materiel&rest_code=00105&code=00101008137&supplier_code=00100203&order_time=2020-05-15 HTTP/1.1" 200 408
117.185.32.26 - - [15/May/2020:10:39:04 +0800] "POST /xingrg/kc/buy/cgsh_order_operate.html HTTP/1.1" 200 8245
117.185.32.26 - - [15/May/2020:10:39:04 +0800] "GET /xingrg/javascript/easyui/themes/default/validatebox.css HTTP/1.1" 404 1104
114.86.190.97 - - [15/May/2020:10:39:04 +0800] "GET /xingrg/all/report/report_query.html?fileName=dma/new_5.0/menu/menu_category_hz.xml HTTP/1.1" 200 53064
114.86.190.97 - - [15/May/2020:10:39:04 +0800] "GET /xingrg/dwr/interface/AjaxReportQueryService.js HTTP/1.1" 200 13203
114.86.190.97 - - [15/May/2020:10:39:04 +0800] "GET /xingrg/dwr/engine.js HTTP/1.1" 200 43631
114.86.190.97 - - [15/May/2020:10:39:04 +0800] "POST /xingrg/dwr/call/plaincall/AjaxReportQueryService.getFixDate.dwr HTTP/1.1" 200 111
114.86.190.97 - - [15/May/2020:10:39:04 +0800] "POST /xingrg/all/common/load_tree.html?tree=area_station_tree_json&manage=1 HTTP/1.1" 200 2990
114.84.151.157 - - [15/May/2020:10:39:05 +0800] "GET /xingrg/check_reg.html?_=1589510348817 HTTP/1.1" 200 22
114.84.151.157 - - [15/May/2020:10:39:05 +0800] "GET /xingrg/all/function/internal_message.html?_=1589510348819&CODE_STATE=getMsg HTTP/1.1" 200 27
117.185.32.26 - - [15/May/2020:10:39:06 +0800] "GET /xingrg/javascript/easyui/themes/default/tree.css HTTP/1.1" 404 1090
117.185.32.26 - - [15/May/2020:10:39:06 +0800] "POST /xingrg/all/common/load_tree.html?tree=supplier_tree_json&isDelete=1 HTTP/1.1" 200 48106
114.84.33.255 - - [15/May/2020:10:39:07 +0800] "GET /xingrg/all/function/internal_message.html?_=1589510361707&CODE_STATE=getMsg HTTP/1.1" 200 27
61.172.5.115 - - [15/May/2020:10:39:09 +0800] "GET /xingrg/all/function/internal_message.html?_=1589510347911&CODE_STATE=getMsg HTTP/1.1" 200 27
180.175.212.199 - - [15/May/2020:10:39:09 +0800] "GET /xingrg/all/function/internal_message.html?_=1589510545311&CODE_STATE=getMsg HTTP/1.1" 200 27
222.69.134.33 - - [15/May/2020:10:39:10 +0800] "GET /xingrg/all/function/internal_message.html?_=1589510341287&CODE_STATE=getMsg HTTP/1.1" 200 27
101.87.18.29 - - [15/May/2020:10:39:10 +0800] "GET /xingrg/system/rest/query_items.html?_=1589510346463&table=menu&page=1&rows=20&categoryId=&key=%25E6%25B3%25A2%25E9%25BE%2599 HTTP/1.1" 200 4696
116.232.48.164 - - [15/May/2020:10:39:12 +0800] "GET /xingrg/kc/buy/cgsh_order_operate.html?command=get_materiel&rest_code=00109&code=00101004089&supplier_code=00100038&order_time=2020-05-15 HTTP/1.1" 200 391
172.17.0.101 - - [15/May/2020:10:39:14 +0800] "GET /xingrg/all/function/internal_message.html?_=1589510385554&CODE_STATE=getMsg HTTP/1.1" 200 27
114.86.190.97 - - [15/May/2020:10:39:16 +0800] "GET /xingrg/all/report/report_query.html?fileName=dma/new_5.0/yingye/yh_menu.xml HTTP/1.1" 200 51664
114.86.190.97 - - [15/May/2020:10:39:16 +0800] "GET /xingrg/dwr/interface/AjaxReportQueryService.js HTTP/1.1" 200 13203
114.86.190.97 - - [15/May/2020:10:39:16 +0800] "GET /xingrg/dwr/engine.js HTTP/1.1" 200 43631
114.86.190.97 - - [15/May/2020:10:39:16 +0800] "POST /xingrg/dwr/call/plaincall/AjaxReportQueryService.getFixDate.dwr HTTP/1.1" 200 111
114.86.190.97 - - [15/May/2020:10:39:17 +0800] "POST /xingrg/all/common/load_tree.html?tree=area_station_tree_json&manage=1 HTTP/1.1" 200 2990
101.87.18.29 - - [15/May/2020:10:39:19 +0800] "GET /xingrg/system/rest/query_items.html?_=1589510355368&table=menu&page=1&rows=20&categoryId=&key=%25E6%25B3%25A2%25E9%25BE%2599 HTTP/1.1" 200 4696
114.86.190.97 - - [15/May/2020:10:39:19 +0800] "GET /xingrg/all/function/internal_message.html?_=1589510365312&CODE_STATE=getMsg HTTP/1.1" 200 27
61.172.5.115 - - [15/May/2020:10:39:19 +0800] "GET /xingrg/kc/buy/cgsh_order_operate.html?command=get_materiel&rest_code=00105&code=00101008041&supplier_code=00100203&order_time=2020-05-15 HTTP/1.1" 200 408
117.185.32.26 - - [15/May/2020:10:39:23 +0800] "GET /xingrg/kc/buy/cgsh_order_operate.html?command=get_materiel&rest_code=00106&code=00101015037&supplier_code=00100061&order_time=2020-05-15 HTTP/1.1" 200 412
116.232.48.164 - - [15/May/2020:10:39:32 +0800] "GET /xingrg/kc/buy/cgsh_order_operate.html?command=get_materiel&rest_code=00109&code=00101004089&supplier_code=00100038&order_time=2020-05-15 HTTP/1.1" 200 391
61.172.5.115 - - [15/May/2020:10:39:32 +0800] "GET /xingrg/kc/buy/cgsh_order_operate.html?command=get_materiel&rest_code=00105&code=00101015072&supplier_code=00100203&order_time=2020-05-15 HTTP/1.1" 200 408
172.17.0.103 - - [15/May/2020:10:39:33 +0800] "GET /xingrg/all/function/internal_message.html?_=1589510372701&CODE_STATE=getMsg HTTP/1.1" 200 27
180.175.212.199 - - [15/May/2020:10:39:34 +0800] "GET /xingrg/all/function/internal_message.html?_=1589510370952&CODE_STATE=getMsg HTTP/1.1" 200 27
180.175.212.199 - - [15/May/2020:10:39:34 +0800] "GET /xingrg/check_reg.html?_=1589510370960 HTTP/1.1" 200 22
61.172.5.115 - - [15/May/2020:10:39:39 +0800] "GET /xingrg/kc/buy/cgsh_order_operate.html?command=get_materiel&rest_code=00105&code=00101015062&supplier_code=00100203&order_time=2020-05-15 HTTP/1.1" 200 412
101.87.18.29 - - [15/May/2020:10:39:39 +0800] "GET /xingrg/system/rest/get_item.html?table=menu&id=1987&_=1589510375544 HTTP/1.1" 200 946
101.87.18.29 - - [15/May/2020:10:39:39 +0800] "GET /xingrg/system/rest/get_item.html?table=menu&target=menu_rest&id=1987&_=1589510375561 HTTP/1.1" 200 878
101.87.18.29 - - [15/May/2020:10:39:39 +0800] "GET /xingrg/system/rest/get_item.html?table=menu&target=cook_mode&id=1987&_=1589510375559 HTTP/1.1" 200 11838
101.87.18.29 - - [15/May/2020:10:39:39 +0800] "GET /xingrg/system/rest/get_infos.html?command=menu_img_show&id=1987 HTTP/1.1" 200 5
116.232.48.164 - - [15/May/2020:10:39:40 +0800] "GET /xingrg/kc/buy/cgsh_order_operate.html?command=get_materiel&rest_code=00109&code=00101004037&supplier_code=00100038&order_time=2020-05-15 HTTP/1.1" 200 408
101.87.18.29 - - [15/May/2020:10:39:40 +0800] "GET /xingrg/check_reg.html?_=1589510376975 HTTP/1.1" 200 22
101.87.18.29 - - [15/May/2020:10:39:40 +0800] "GET /xingrg/all/function/internal_message.html?_=1589510376979&CODE_STATE=getMsg HTTP/1.1" 200 27
172.17.0.120 - - [15/May/2020:10:39:41 +0800] "GET /xingrg/all/function/internal_message.html?_=1589510377778&CODE_STATE=getMsg HTTP/1.1" 200 27
180.175.212.199 - - [15/May/2020:10:39:42 +0800] "GET /xingrg/all/function/internal_message.html?_=1589510390760&CODE_STATE=getMsg HTTP/1.1" 200 27
116.232.48.164 - - [15/May/2020:10:39:44 +0800] "GET /xingrg/all/function/internal_message.html?_=1589510404268&CODE_STATE=getMsg HTTP/1.1" 200 27
172.17.0.240 - - [15/May/2020:10:39:45 +0800] "GET /xingrg/all/function/internal_message.html?_=1589510381234&CODE_STATE=getMsg HTTP/1.1" 200 27
114.86.190.97 - - [15/May/2020:10:39:45 +0800] "GET /xingrg/login.html HTTP/1.1" 200 7641
114.86.190.97 - - [15/May/2020:10:39:45 +0800] "GET /favicon.ico HTTP/1.1" 404 -
116.232.48.164 - - [15/May/2020:10:39:47 +0800] "GET /xingrg/kc/buy/cgsh_order_operate.html?command=get_materiel&rest_code=00109&code=00101010128&supplier_code=00100038&order_time=2020-05-15 HTTP/1.1" 200 410
180.162.232.172 - - [15/May/2020:10:39:47 +0800] "GET /xingrg/check_reg.html?_=1589510386747 HTTP/1.1" 200 22
180.162.232.172 - - [15/May/2020:10:39:47 +0800] "GET /xingrg/all/function/internal_message.html?_=1589510386749&CODE_STATE=getMsg HTTP/1.1" 200 27
116.232.48.164 - - [15/May/2020:10:39:50 +0800] "GET /xingrg/kc/buy/cgsh_order_operate.html?command=get_materiel&rest_code=00109&code=00101037192&supplier_code=00100038&order_time=2020-05-15 HTTP/1.1" 200 391
117.185.32.26 - - [15/May/2020:10:39:52 +0800] "GET /xingrg/kc/buy/cgsh_order_operate.html?command=get_materiel&rest_code=00106&code=00101015032&supplier_code=00100061&order_time=2020-05-15 HTTP/1.1" 200 419
172.17.0.128 - - [15/May/2020:10:39:53 +0800] "GET /xingrg/check_reg.html?_=1589510187950 HTTP/1.1" 200 22
172.17.0.128 - - [15/May/2020:10:39:53 +0800] "GET /xingrg/all/function/internal_message.html?_=1589510187945&CODE_STATE=getMsg HTTP/1.1" 200 27
114.86.190.97 - - [15/May/2020:10:39:54 +0800] "POST /xingrg/login.do HTTP/1.1" 302 -
114.86.190.97 - - [15/May/2020:10:39:54 +0800] "GET /xingrg/index.html?sysBaseUrl=http%3A%2F%2F180.169.147.146%3A18081%2Fxingrg%2F&costTime=39×tamp=1589510394215 HTTP/1.1" 200 17419
114.86.190.97 - - [15/May/2020:10:39:54 +0800] "GET /favicon.ico HTTP/1.1" 404 -
114.84.33.255 - - [15/May/2020:10:39:54 +0800] "GET /xingrg/all/function/internal_message.html?_=1589510410053&CODE_STATE=getMsg HTTP/1.1" 200 27
61.172.5.115 - - [15/May/2020:10:39:54 +0800] "GET /xingrg/kc/buy/cgsh_order_operate.html?command=get_materiel&rest_code=00105&code=00101008096&supplier_code=00100203&order_time=2020-05-15 HTTP/1.1" 200 412
114.86.190.97 - - [15/May/2020:10:39:54 +0800] "POST /xingrg/all/common/load_tree.html?tree=area_rest_tree_json&manage=1 HTTP/1.1" 200 3088
116.232.48.164 - - [15/May/2020:10:39:54 +0800] "GET /xingrg/kc/buy/cgsh_order_operate.html?command=get_materiel&rest_code=00109&code=00101004089&supplier_code=00100038&order_time=2020-05-15 HTTP/1.1" 200 391
114.86.190.97 - - [15/May/2020:10:39:54 +0800] "GET /xingrg/all/function/internal_message.html?_=1589510382827&CODE_STATE=count HTTP/1.1" 200 11
114.86.190.97 - - [15/May/2020:10:39:54 +0800] "GET /xingrg/check_reg.html?_=1589510382828 HTTP/1.1" 200 22
114.86.190.97 - - [15/May/2020:10:39:54 +0800] "POST /xingrg/load_menu.html HTTP/1.1" 200 9959
172.17.0.240 - - [15/May/2020:10:39:55 +0800] "GET /xingrg/all/function/internal_message.html?_=1589510391718&CODE_STATE=getMsg HTTP/1.1" 200 27
101.87.18.29 - - [15/May/2020:10:39:55 +0800] "GET /xingrg/system/rest/get_item.html?table=menu&target=menu_rest_detail&id=1987&sid=6&_=1589510391854 HTTP/1.1" 200 438
180.162.232.172 - - [15/May/2020:10:39:58 +0800] "GET /xingrg/all/function/internal_message.html?_=1589510518550&CODE_STATE=getMsg HTTP/1.1" 200 27
180.162.102.27 - - [15/May/2020:10:39:58 +0800] "GET /xingrg/all/function/internal_message.html?_=1589509817835&CODE_STATE=getMsg HTTP/1.1" 200 27
116.232.48.164 - - [15/May/2020:10:39:59 +0800] "GET /xingrg/kc/buy/cgsh_order_operate.html?command=get_materiel&rest_code=00109&code=00101004061&supplier_code=00100038&order_time=2020-05-15 HTTP/1.1" 200 408
117.185.32.26 - - [15/May/2020:10:40:03 +0800] "GET /xingrg/all/function/internal_message.html?_=1589510824957&CODE_STATE=getMsg HTTP/1.1" 200 27
114.84.151.157 - - [15/May/2020:10:40:05 +0800] "GET /xingrg/all/function/internal_message.html?_=1589510408817&CODE_STATE=getMsg HTTP/1.1" 200 27
114.84.33.255 - - [15/May/2020:10:40:07 +0800] "GET /xingrg/all/function/internal_message.html?_=1589510422181&CODE_STATE=getMsg HTTP/1.1" 200 27
61.172.5.115 - - [15/May/2020:10:40:08 +0800] "GET /xingrg/kc/buy/cgsh_order_operate.html?command=get_materiel&rest_code=00105&code=00101001010&supplier_code=00100203&order_time=2020-05-15 HTTP/1.1" 200 408
116.232.48.164 - - [15/May/2020:10:40:08 +0800] "GET /xingrg/kc/buy/cgsh_order_operate.html?command=get_materiel&rest_code=00109&code=00101004037&supplier_code=00100038&order_time=2020-05-15 HTTP/1.1" 200 408
61.172.5.115 - - [15/May/2020:10:40:09 +0800] "GET /xingrg/all/function/internal_message.html?_=1589510407917&CODE_STATE=getMsg HTTP/1.1" 200 27
180.175.212.199 - - [15/May/2020:10:40:09 +0800] "GET /xingrg/all/function/internal_message.html?_=1589510605323&CODE_STATE=getMsg HTTP/1.1" 200 27
222.69.134.33 - - [15/May/2020:10:40:10 +0800] "GET /xingrg/all/function/internal_message.html?_=1589510401292&CODE_STATE=getMsg HTTP/1.1" 200 27
117.185.32.26 - - [15/May/2020:10:40:11 +0800] "GET /xingrg/kc/buy/cgsh_order_operate.html?command=get_materiel&rest_code=00106&code=00101015033&supplier_code=00100061&order_time=2020-05-15 HTTP/1.1" 200 408
114.86.190.97 - - [15/May/2020:10:40:11 +0800] "POST /xingrg/load_menu.html HTTP/1.1" 200 10168
116.232.48.164 - - [15/May/2020:10:40:13 +0800] "GET /xingrg/kc/buy/cgsh_order_operate.html?command=get_materiel&rest_code=00109&code=00101004032&supplier_code=00100038&order_time=2020-05-15 HTTP/1.1" 200 408
101.87.18.29 - - [15/May/2020:10:40:14 +0800] "POST /xingrg/system/rest/edit_item.html HTTP/1.1" 200 4
101.87.18.29 - - [15/May/2020:10:40:14 +0800] "GET /xingrg/system/rest/get_item.html?table=menu&target=menu_rest&id=1987&_=1589510410496 HTTP/1.1" 200 878
172.17.0.101 - - [15/May/2020:10:40:14 +0800] "GET /xingrg/all/function/internal_message.html?_=1589510445555&CODE_STATE=getMsg HTTP/1.1" 200 27
116.232.48.164 - - [15/May/2020:10:40:18 +0800] "GET /xingrg/kc/buy/cgsh_order_operate.html?command=get_materiel&rest_code=00109&code=00101004032&supplier_code=00100038&order_time=2020-05-15 HTTP/1.1" 200 408
101.87.18.29 - - [15/May/2020:10:40:18 +0800] "GET /xingrg/system/rest/get_item.html?table=menu&target=menu_rest_detail&id=1987&sid=6&_=1589510414541 HTTP/1.1" 200 438
114.86.190.97 - - [15/May/2020:10:40:19 +0800] "GET /xingrg/all/function/internal_message.html?_=1589510425336&CODE_STATE=getMsg HTTP/1.1" 200 27
116.232.48.164 - - [15/May/2020:10:40:23 +0800] "GET /xingrg/kc/buy/cgsh_order_operate.html?command=get_materiel&rest_code=00109&code=00101004027&supplier_code=00100038&order_time=2020-05-15 HTTP/1.1" 200 429
101.87.18.29 - - [15/May/2020:10:40:25 +0800] "GET /xingrg/system/rest/query_items.html?_=1589510421239&table=menu&page=1&rows=20&categoryId=&key=%25E6%25B3%25A2%25E9%25BE%2599 HTTP/1.1" 200 4696
61.172.5.115 - - [15/May/2020:10:40:29 +0800] "GET /xingrg/kc/buy/cgsh_order_operate.html?command=get_materiel&rest_code=00105&code=00101008230&supplier_code=00100203&order_time=2020-05-15 HTTP/1.1" 200 408
116.232.48.164 - - [15/May/2020:10:40:31 +0800] "GET /xingrg/kc/buy/cgsh_order_operate.html?command=get_materiel&rest_code=00109&code=00101004024&supplier_code=00100038&order_time=2020-05-15 HTTP/1.1" 200 408
172.17.0.110 - - [15/May/2020:10:40:32 +0800] "GET /xingrg/check_reg.html?_=1589510427880 HTTP/1.1" 200 22
172.17.0.103 - - [15/May/2020:10:40:33 +0800] "GET /xingrg/all/function/internal_message.html?_=1589510432690&CODE_STATE=getMsg HTTP/1.1" 200 27
172.17.0.103 - - [15/May/2020:10:40:33 +0800] "GET /xingrg/check_reg.html?_=1589510432718 HTTP/1.1" 200 22
114.84.33.255 - - [15/May/2020:10:40:34 +0800] "GET /xingrg/check_reg.html?_=1589510448523 HTTP/1.1" 200 22
