172.17.0.240 - - [15/May/2020:09:46:48 +0800] "GET /xingrg/system/rest/get_item.html?table=menu&target=menu_rest_detail&id=1931&sid=5&_=1589507204547 HTTP/1.1" 200 440
114.84.151.157 - - [15/May/2020:09:46:49 +0800] "POST /xingrg/kc/buy/cgsh_order_operate.html HTTP/1.1" 200 12
114.84.151.157 - - [15/May/2020:09:46:49 +0800] "GET /xingrg/kc/buy/cgsh_order_info.html?code=212020051505024 HTTP/1.1" 200 53473
114.84.151.157 - - [15/May/2020:09:46:50 +0800] "GET /xingrg/javascript/easyui/themes/default/validatebox.css HTTP/1.1" 404 1104
114.84.151.157 - - [15/May/2020:09:46:50 +0800] "POST /xingrg/kc/buy/cgsh_order_operate.html HTTP/1.1" 200 19476
180.162.232.172 - - [15/May/2020:09:46:51 +0800] "POST /xingrg/kc/buy/cgsh_order_operate.html HTTP/1.1" 200 37
114.84.151.157 - - [15/May/2020:09:46:51 +0800] "GET /xingrg/kc/print/load_data.html?order_code=212020051505024&kc_code=cgsh&condition= HTTP/1.1" 200 7839
114.84.33.255 - - [15/May/2020:09:46:52 +0800] "GET /xingrg/all/function/internal_message.html?_=1589507227742&CODE_STATE=getMsg HTTP/1.1" 200 27
120.253.135.82 - - [15/May/2020:09:46:52 +0800] "GET /xingrg/kc/buy/cgth_order_list.html?isBack=1 HTTP/1.1" 200 42484
180.162.232.172 - - [15/May/2020:09:46:52 +0800] "POST /xingrg/kc/buy/cgsh_order_operate.html HTTP/1.1" 200 3277
120.253.135.82 - - [15/May/2020:09:46:52 +0800] "POST /xingrg/kc/buy/cgth_list_operate.html HTTP/1.1" 200 1035
172.17.0.128 - - [15/May/2020:09:46:53 +0800] "GET /xingrg/all/function/internal_message.html?_=1589507007678&CODE_STATE=getMsg HTTP/1.1" 200 27
172.17.0.240 - - [15/May/2020:09:46:55 +0800] "GET /xingrg/all/function/internal_message.html?_=1589507211708&CODE_STATE=getMsg HTTP/1.1" 200 27
180.162.232.172 - - [15/May/2020:09:46:56 +0800] "GET /xingrg/all/function/internal_message.html?_=1589507337181&CODE_STATE=getMsg HTTP/1.1" 200 27
180.162.232.172 - - [15/May/2020:09:46:57 +0800] "POST /xingrg/kc/buy/cgsh_order_operate.html HTTP/1.1" 200 37
114.84.33.255 - - [15/May/2020:09:46:57 +0800] "GET /xingrg/all/function/internal_message.html?_=1589507231643&CODE_STATE=getMsg HTTP/1.1" 200 27
172.17.0.240 - - [15/May/2020:09:46:57 +0800] "GET /xingrg/system/rest/query_items.html?_=1589507213945&table=menu&page=1&rows=20&categoryId=&key=dy HTTP/1.1" 200 4795
180.162.232.172 - - [15/May/2020:09:46:58 +0800] "POST /xingrg/kc/buy/cgsh_order_operate.html HTTP/1.1" 200 12
180.162.232.172 - - [15/May/2020:09:46:59 +0800] "GET /xingrg/kc/buy/cgsh_order_info.html?code=212020051505026 HTTP/1.1" 200 53086
180.162.232.172 - - [15/May/2020:09:46:59 +0800] "GET /xingrg/javascript/easyui/themes/default/validatebox.css HTTP/1.1" 404 1104
180.162.232.172 - - [15/May/2020:09:47:00 +0800] "POST /xingrg/kc/buy/cgsh_order_operate.html HTTP/1.1" 200 1227
172.17.0.240 - - [15/May/2020:09:47:01 +0800] "GET /xingrg/system/rest/get_item.html?table=menu&id=1932&_=1589507217826 HTTP/1.1" 200 938
172.17.0.240 - - [15/May/2020:09:47:01 +0800] "GET /xingrg/system/rest/get_item.html?table=menu&target=menu_rest&id=1932&_=1589507217851 HTTP/1.1" 200 756
172.17.0.240 - - [15/May/2020:09:47:01 +0800] "GET /xingrg/system/rest/get_item.html?table=menu&target=cook_mode&id=1932&_=1589507217850 HTTP/1.1" 200 15037
172.17.0.240 - - [15/May/2020:09:47:02 +0800] "GET /xingrg/system/rest/get_infos.html?command=menu_img_show&id=1932 HTTP/1.1" 200 5
180.162.232.172 - - [15/May/2020:09:47:03 +0800] "GET /xingrg/kc/print/load_data.html?order_code=212020051505026&kc_code=cgsh&condition= HTTP/1.1" 200 1070
120.253.135.82 - - [15/May/2020:09:47:03 +0800] "POST /xingrg/kc/buy/cgth_list_operate.html HTTP/1.1" 200 6809
114.84.151.157 - - [15/May/2020:09:47:05 +0800] "GET /xingrg/all/function/internal_message.html?_=1589507228703&CODE_STATE=getMsg HTTP/1.1" 200 27
114.84.151.157 - - [15/May/2020:09:47:06 +0800] "GET /xingrg/kc/buy/cgsh_order_add.html HTTP/1.1" 200 58570
114.84.151.157 - - [15/May/2020:09:47:06 +0800] "GET /xingrg/javascript/easyui/themes/default/validatebox.css HTTP/1.1" 404 1104
114.84.151.157 - - [15/May/2020:09:47:06 +0800] "POST /xingrg/kc/buy/cgsh_order_operate.html HTTP/1.1" 200 8245
120.253.135.82 - - [15/May/2020:09:47:06 +0800] "GET /xingrg/all/function/internal_message.html?_=1589506978101&CODE_STATE=getMsg HTTP/1.1" 200 27
172.17.0.240 - - [15/May/2020:09:47:08 +0800] "GET /xingrg/system/rest/get_item.html?table=menu&target=menu_rest_detail&id=1932&sid=5&_=1589507224314 HTTP/1.1" 200 425
61.172.5.115 - - [15/May/2020:09:47:09 +0800] "GET /xingrg/all/function/internal_message.html?_=1589507227864&CODE_STATE=getMsg HTTP/1.1" 200 27
222.69.134.33 - - [15/May/2020:09:47:10 +0800] "GET /xingrg/all/function/internal_message.html?_=1589507221212&CODE_STATE=getMsg HTTP/1.1" 200 27
180.162.232.172 - - [15/May/2020:09:47:13 +0800] "GET /xingrg/kc/buy/cgsh_order_add.html HTTP/1.1" 200 58180
180.162.232.172 - - [15/May/2020:09:47:13 +0800] "POST /xingrg/kc/buy/cgsh_order_operate.html HTTP/1.1" 200 8245
180.162.232.172 - - [15/May/2020:09:47:13 +0800] "GET /xingrg/javascript/easyui/themes/default/validatebox.css HTTP/1.1" 404 1104
172.17.0.101 - - [15/May/2020:09:47:14 +0800] "GET /xingrg/all/function/internal_message.html?_=1589507265457&CODE_STATE=getMsg HTTP/1.1" 200 27
172.17.0.101 - - [15/May/2020:09:47:14 +0800] "GET /xingrg/check_reg.html?_=1589507265462 HTTP/1.1" 200 22
180.175.212.199 - - [15/May/2020:09:47:16 +0800] "POST /xingrg/kc/buy/cgsh_order_operate.html HTTP/1.1" 200 37
114.84.33.255 - - [15/May/2020:09:47:18 +0800] "POST /xingrg/services/DataTransmitService HTTP/1.1" 200 524
114.84.33.255 - - [15/May/2020:09:47:18 +0800] "POST /xingrg/services/DataTransmitService HTTP/1.1" 200 2407
120.253.135.82 - - [15/May/2020:09:47:18 +0800] "POST /xingrg/kc/buy/cgth_list_operate.html HTTP/1.1" 200 204
114.86.190.97 - - [15/May/2020:09:47:18 +0800] "GET /xingrg/check_reg.html?_=1589507244273 HTTP/1.1" 200 22
114.84.33.255 - - [15/May/2020:09:47:18 +0800] "POST /xingrg/services/DataTransmitService HTTP/1.1" 200 524
114.84.33.255 - - [15/May/2020:09:47:18 +0800] "POST /xingrg/services/DataTransmitService HTTP/1.1" 200 2407
114.86.190.97 - - [15/May/2020:09:47:18 +0800] "GET /xingrg/all/function/internal_message.html?_=1589507244496&CODE_STATE=getMsg HTTP/1.1" 200 27
114.84.33.255 - - [15/May/2020:09:47:18 +0800] "POST /xingrg/services/DataTransmitService HTTP/1.1" 200 524
114.84.33.255 - - [15/May/2020:09:47:18 +0800] "POST /xingrg/services/DataTransmitService HTTP/1.1" 200 2407
114.84.33.255 - - [15/May/2020:09:47:19 +0800] "POST /xingrg/services/DataTransmitService HTTP/1.1" 200 524
114.84.33.255 - - [15/May/2020:09:47:19 +0800] "POST /xingrg/services/DataTransmitService HTTP/1.1" 200 2407
180.175.212.199 - - [15/May/2020:09:47:19 +0800] "POST /xingrg/kc/buy/cgsh_order_operate.html HTTP/1.1" 200 12
114.84.33.255 - - [15/May/2020:09:47:19 +0800] "POST /xingrg/services/DataTransmitService HTTP/1.1" 200 524
114.84.33.255 - - [15/May/2020:09:47:19 +0800] "POST /xingrg/services/DataTransmitService HTTP/1.1" 200 2407
114.84.33.255 - - [15/May/2020:09:47:19 +0800] "POST /xingrg/services/DataTransmitService HTTP/1.1" 200 524
114.84.33.255 - - [15/May/2020:09:47:19 +0800] "POST /xingrg/services/DataTransmitService HTTP/1.1" 200 2407
114.84.33.255 - - [15/May/2020:09:47:20 +0800] "POST /xingrg/services/DataTransmitService HTTP/1.1" 200 524
114.84.33.255 - - [15/May/2020:09:47:20 +0800] "POST /xingrg/services/DataTransmitService HTTP/1.1" 200 2407
180.175.212.199 - - [15/May/2020:09:47:20 +0800] "GET /xingrg/kc/buy/cgsh_order_info.html?code=212020051505027 HTTP/1.1" 200 53379
120.253.135.82 - - [15/May/2020:09:47:20 +0800] "POST /xingrg/kc/buy/cgth_list_operate.html HTTP/1.1" 200 204
114.84.33.255 - - [15/May/2020:09:47:20 +0800] "POST /xingrg/services/DataTransmitService HTTP/1.1" 200 524
114.84.33.255 - - [15/May/2020:09:47:20 +0800] "POST /xingrg/services/DataTransmitService HTTP/1.1" 200 2407
114.84.33.255 - - [15/May/2020:09:47:20 +0800] "POST /xingrg/services/DataTransmitService HTTP/1.1" 200 524
114.84.33.255 - - [15/May/2020:09:47:20 +0800] "POST /xingrg/services/DataTransmitService HTTP/1.1" 200 2407
114.84.33.255 - - [15/May/2020:09:47:20 +0800] "POST /xingrg/services/DataTransmitService HTTP/1.1" 200 524
114.84.33.255 - - [15/May/2020:09:47:20 +0800] "POST /xingrg/services/DataTransmitService HTTP/1.1" 200 2407
114.84.33.255 - - [15/May/2020:09:47:21 +0800] "POST /xingrg/services/DataTransmitService HTTP/1.1" 200 524
114.84.33.255 - - [15/May/2020:09:47:21 +0800] "POST /xingrg/services/DataTransmitService HTTP/1.1" 200 2407
180.175.212.199 - - [15/May/2020:09:47:21 +0800] "GET /xingrg/javascript/easyui/themes/default/validatebox.css HTTP/1.1" 404 1104
114.84.33.255 - - [15/May/2020:09:47:21 +0800] "POST /xingrg/services/DataTransmitService HTTP/1.1" 200 524
114.84.33.255 - - [15/May/2020:09:47:21 +0800] "POST /xingrg/services/DataTransmitService HTTP/1.1" 200 2407
180.175.212.199 - - [15/May/2020:09:47:21 +0800] "POST /xingrg/kc/buy/cgsh_order_operate.html HTTP/1.1" 200 4129
180.162.232.172 - - [15/May/2020:09:47:21 +0800] "GET /xingrg/kc/buy/cgsh_order_operate.html?command=get_materiel&rest_code=00151&code=00101012029&supplier_code=00100036&order_time=2020-05-15 HTTP/1.1" 200 412
114.84.33.255 - - [15/May/2020:09:47:21 +0800] "POST /xingrg/services/DataTransmitService HTTP/1.1" 200 524
114.84.33.255 - - [15/May/2020:09:47:21 +0800] "POST /xingrg/services/DataTransmitService HTTP/1.1" 200 2407
172.17.0.240 - - [15/May/2020:09:47:22 +0800] "GET /xingrg/system/rest/query_items.html?_=1589507238331&table=menu&page=1&rows=20&categoryId=&key=qx HTTP/1.1" 200 4786
114.84.33.255 - - [15/May/2020:09:47:22 +0800] "POST /xingrg/services/DataTransmitService HTTP/1.1" 200 524
114.84.33.255 - - [15/May/2020:09:47:22 +0800] "POST /xingrg/services/DataTransmitService HTTP/1.1" 200 2407
114.84.33.255 - - [15/May/2020:09:47:22 +0800] "POST /xingrg/services/DataTransmitService HTTP/1.1" 200 524
114.84.33.255 - - [15/May/2020:09:47:22 +0800] "POST /xingrg/services/DataTransmitService HTTP/1.1" 200 2407
114.84.33.255 - - [15/May/2020:09:47:22 +0800] "POST /xingrg/services/DataTransmitService HTTP/1.1" 200 524
114.84.33.255 - - [15/May/2020:09:47:22 +0800] "POST /xingrg/services/DataTransmitService HTTP/1.1" 200 2407
114.84.33.255 - - [15/May/2020:09:47:23 +0800] "POST /xingrg/services/DataTransmitService HTTP/1.1" 200 524
114.84.33.255 - - [15/May/2020:09:47:23 +0800] "POST /xingrg/services/DataTransmitService HTTP/1.1" 200 2407
114.84.33.255 - - [15/May/2020:09:47:23 +0800] "POST /xingrg/services/DataTransmitService HTTP/1.1" 200 524
114.84.33.255 - - [15/May/2020:09:47:23 +0800] "POST /xingrg/services/DataTransmitService HTTP/1.1" 200 2407
180.175.212.199 - - [15/May/2020:09:47:23 +0800] "GET /xingrg/kc/print/load_data.html?order_code=212020051505027&kc_code=cgsh&condition= HTTP/1.1" 200 2027
114.84.33.255 - - [15/May/2020:09:47:23 +0800] "POST /xingrg/services/DataTransmitService HTTP/1.1" 200 524
114.84.33.255 - - [15/May/2020:09:47:23 +0800] "POST /xingrg/services/DataTransmitService HTTP/1.1" 200 2407
114.84.33.255 - - [15/May/2020:09:47:23 +0800] "POST /xingrg/services/DataTransmitService HTTP/1.1" 200 524
114.84.33.255 - - [15/May/2020:09:47:23 +0800] "POST /xingrg/services/DataTransmitService HTTP/1.1" 200 2407
114.84.33.255 - - [15/May/2020:09:47:24 +0800] "POST /xingrg/services/DataTransmitService HTTP/1.1" 200 524
114.84.33.255 - - [15/May/2020:09:47:24 +0800] "POST /xingrg/services/DataTransmitService HTTP/1.1" 200 2407
114.84.33.255 - - [15/May/2020:09:47:24 +0800] "POST /xingrg/services/DataTransmitService HTTP/1.1" 200 524
114.84.33.255 - - [15/May/2020:09:47:24 +0800] "POST /xingrg/services/DataTransmitService HTTP/1.1" 200 2407
114.84.33.255 - - [15/May/2020:09:47:24 +0800] "POST /xingrg/services/DataTransmitService HTTP/1.1" 200 524
114.84.33.255 - - [15/May/2020:09:47:24 +0800] "POST /xingrg/services/DataTransmitService HTTP/1.1" 200 2407
114.84.33.255 - - [15/May/2020:09:47:25 +0800] "POST /xingrg/services/DataTransmitService HTTP/1.1" 200 524
114.84.33.255 - - [15/May/2020:09:47:25 +0800] "POST /xingrg/services/DataTransmitService HTTP/1.1" 200 2407
172.17.0.240 - - [15/May/2020:09:47:25 +0800] "GET /xingrg/system/rest/get_item.html?table=menu&id=2014&_=1589507241541 HTTP/1.1" 200 970
172.17.0.240 - - [15/May/2020:09:47:25 +0800] "GET /xingrg/system/rest/get_item.html?table=menu&target=menu_rest&id=2014&_=1589507241566 HTTP/1.1" 200 780
172.17.0.240 - - [15/May/2020:09:47:25 +0800] "GET /xingrg/system/rest/get_item.html?table=menu&target=cook_mode&id=2014&_=1589507241565 HTTP/1.1" 200 14780
120.253.135.82 - - [15/May/2020:09:47:25 +0800] "POST /xingrg/kc/buy/cgth_list_operate.html HTTP/1.1" 200 204
114.84.33.255 - - [15/May/2020:09:47:25 +0800] "POST /xingrg/services/DataTransmitService HTTP/1.1" 200 524
114.84.33.255 - - [15/May/2020:09:47:25 +0800] "POST /xingrg/services/DataTransmitService HTTP/1.1" 200 2407
114.84.151.157 - - [15/May/2020:09:47:26 +0800] "GET /xingrg/kc/buy/cgsh_order_operate.html?command=get_materiel&rest_code=00141&code=00101007120&supplier_code=00100004&order_time=2020-05-15 HTTP/1.1" 200 413
172.17.0.240 - - [15/May/2020:09:47:26 +0800] "GET /xingrg/system/rest/get_infos.html?command=menu_img_show&id=2014 HTTP/1.1" 200 5
114.84.33.255 - - [15/May/2020:09:47:26 +0800] "POST /xingrg/services/DataTransmitService HTTP/1.1" 200 524
114.84.33.255 - - [15/May/2020:09:47:26 +0800] "POST /xingrg/services/DataTransmitService HTTP/1.1" 200 2407
114.84.33.255 - - [15/May/2020:09:47:26 +0800] "POST /xingrg/services/DataTransmitService HTTP/1.1" 200 524
114.84.33.255 - - [15/May/2020:09:47:26 +0800] "POST /xingrg/services/DataTransmitService HTTP/1.1" 200 2407
114.84.33.255 - - [15/May/2020:09:47:26 +0800] "POST /xingrg/services/DataTransmitService HTTP/1.1" 200 524
114.84.33.255 - - [15/May/2020:09:47:26 +0800] "POST /xingrg/services/DataTransmitService HTTP/1.1" 200 2407
114.84.33.255 - - [15/May/2020:09:47:27 +0800] "POST /xingrg/services/DataTransmitService HTTP/1.1" 200 524
61.151.178.225 - - [15/May/2020:09:47:27 +0800] "GET /xingrg/kc/buy/cgsh_order_operate.html?command=get_materiel&rest_code=00141&code=00101008072&supplier_code=00100007&order_time=2020-05-15 HTTP/1.1" 302 -
114.84.33.255 - - [15/May/2020:09:47:27 +0800] "POST /xingrg/services/DataTransmitService HTTP/1.1" 200 2407
114.84.33.255 - - [15/May/2020:09:47:27 +0800] "POST /xingrg/services/DataTransmitService HTTP/1.1" 200 524
114.84.33.255 - - [15/May/2020:09:47:27 +0800] "POST /xingrg/services/DataTransmitService HTTP/1.1" 200 2407
114.84.33.255 - - [15/May/2020:09:47:27 +0800] "POST /xingrg/services/DataTransmitService HTTP/1.1" 200 524
114.84.33.255 - - [15/May/2020:09:47:27 +0800] "POST /xingrg/services/DataTransmitService HTTP/1.1" 200 2407
120.253.135.82 - - [15/May/2020:09:47:27 +0800] "POST /xingrg/kc/buy/cgth_list_operate.html HTTP/1.1" 200 232
114.84.33.255 - - [15/May/2020:09:47:28 +0800] "POST /xingrg/services/DataTransmitService HTTP/1.1" 200 524
114.84.33.255 - - [15/May/2020:09:47:28 +0800] "POST /xingrg/services/DataTransmitService HTTP/1.1" 200 2407
114.84.33.255 - - [15/May/2020:09:47:28 +0800] "POST /xingrg/services/DataTransmitService HTTP/1.1" 200 524
114.84.33.255 - - [15/May/2020:09:47:28 +0800] "POST /xingrg/services/DataTransmitService HTTP/1.1" 200 2407
114.84.33.255 - - [15/May/2020:09:47:29 +0800] "POST /xingrg/services/DataTransmitService HTTP/1.1" 200 524
114.84.33.255 - - [15/May/2020:09:47:29 +0800] "POST /xingrg/services/DataTransmitService HTTP/1.1" 200 2407
114.84.33.255 - - [15/May/2020:09:47:29 +0800] "POST /xingrg/services/DataTransmitService HTTP/1.1" 200 524
114.84.33.255 - - [15/May/2020:09:47:29 +0800] "POST /xingrg/services/DataTransmitService HTTP/1.1" 200 2407
124.77.110.230 - - [15/May/2020:09:47:29 +0800] "GET /xingrg/all/function/internal_message.html?_=1589506444754&CODE_STATE=getMsg HTTP/1.1" 200 27
120.253.135.82 - - [15/May/2020:09:47:30 +0800] "POST /xingrg/kc/buy/cgth_list_operate.html HTTP/1.1" 200 204
180.162.232.172 - - [15/May/2020:09:47:31 +0800] "POST /xingrg/kc/buy/cgsh_order_operate.html HTTP/1.1" 200 37
180.175.212.199 - - [15/May/2020:09:47:31 +0800] "GET /xingrg/kc/buy/cgsh_order_add.html HTTP/1.1" 200 58476
114.84.33.255 - - [15/May/2020:09:47:32 +0800] "POST /xingrg/services/DataTransmitService HTTP/1.1" 200 524
114.84.33.255 - - [15/May/2020:09:47:32 +0800] "POST /xingrg/services/DataTransmitService HTTP/1.1" 200 2407
114.84.33.255 - - [15/May/2020:09:47:32 +0800] "POST /xingrg/services/DataTransmitService HTTP/1.1" 200 524
114.84.33.255 - - [15/May/2020:09:47:32 +0800] "POST /xingrg/services/DataTransmitService HTTP/1.1" 200 2407
114.84.33.255 - - [15/May/2020:09:47:33 +0800] "GET /xingrg/check_reg.html?_=1589507245758 HTTP/1.1" 200 22
114.84.33.255 - - [15/May/2020:09:47:33 +0800] "GET /xingrg/all/function/internal_message.html?_=1589507245806&CODE_STATE=getMsg HTTP/1.1" 200 27
180.162.232.172 - - [15/May/2020:09:47:33 +0800] "POST /xingrg/kc/buy/cgsh_order_operate.html HTTP/1.1" 200 12
172.17.0.103 - - [15/May/2020:09:47:33 +0800] "GET /xingrg/all/function/internal_message.html?_=1589507252615&CODE_STATE=getMsg HTTP/1.1" 200 27
180.175.212.199 - - [15/May/2020:09:47:33 +0800] "POST /xingrg/kc/buy/cgsh_order_operate.html HTTP/1.1" 200 8245
114.84.33.255 - - [15/May/2020:09:47:33 +0800] "POST /xingrg/services/DataTransmitService HTTP/1.1" 200 524
114.84.33.255 - - [15/May/2020:09:47:33 +0800] "POST /xingrg/services/DataTransmitService HTTP/1.1" 200 2407
180.175.212.199 - - [15/May/2020:09:47:33 +0800] "GET /xingrg/javascript/easyui/themes/default/validatebox.css HTTP/1.1" 404 1104
172.17.0.240 - - [15/May/2020:09:47:33 +0800] "GET /xingrg/system/rest/get_item.html?table=menu&target=menu_rest_detail&id=2014&sid=5&_=1589507250066 HTTP/1.1" 200 428
180.162.232.172 - - [15/May/2020:09:47:34 +0800] "GET /xingrg/kc/buy/cgsh_order_info.html?code=212020051505028 HTTP/1.1" 200 53088
180.162.232.172 - - [15/May/2020:09:47:34 +0800] "GET /xingrg/javascript/easyui/themes/default/validatebox.css HTTP/1.1" 404 1104
180.175.212.199 - - [15/May/2020:09:47:34 +0800] "GET /xingrg/all/function/internal_message.html?_=1589507250902&CODE_STATE=getMsg HTTP/1.1" 200 27
180.162.232.172 - - [15/May/2020:09:47:34 +0800] "POST /xingrg/kc/buy/cgsh_order_operate.html HTTP/1.1" 200 608
61.151.178.225 - - [15/May/2020:09:47:35 +0800] "GET /xingrg/login.html HTTP/1.1" 200 7641
114.88.170.9 - - [15/May/2020:09:47:35 +0800] "GET /xingrg/all/function/internal_message.html?_=1589507250135&CODE_STATE=getMsg HTTP/1.1" 200 27
180.162.232.172 - - [15/May/2020:09:47:36 +0800] "GET /xingrg/kc/print/load_data.html?order_code=212020051505028&kc_code=cgsh&condition= HTTP/1.1" 200 806
114.84.151.157 - - [15/May/2020:09:47:40 +0800] "GET /xingrg/kc/buy/cgsh_order_operate.html?command=get_materiel&rest_code=00141&code=00101007089&supplier_code=00100004&order_time=2020-05-15 HTTP/1.1" 200 408
180.175.212.199 - - [15/May/2020:09:47:41 +0800] "GET /xingrg/javascript/easyui/themes/default/tree.css HTTP/1.1" 404 1090
180.175.212.199 - - [15/May/2020:09:47:41 +0800] "POST /xingrg/all/common/load_tree.html?tree=supplier_tree_json&isDelete=1 HTTP/1.1" 200 48106
180.175.212.199 - - [15/May/2020:09:47:41 +0800] "GET /xingrg/all/function/internal_message.html?_=1589507269123&CODE_STATE=getMsg HTTP/1.1" 200 27
172.17.0.240 - - [15/May/2020:09:47:46 +0800] "GET /xingrg/all/function/internal_message.html?_=1589507262305&CODE_STATE=getMsg HTTP/1.1" 200 27
120.253.135.82 - - [15/May/2020:09:47:47 +0800] "GET /xingrg/kc/pszx/mdth_order_list.html HTTP/1.1" 200 18391
180.162.232.172 - - [15/May/2020:09:47:47 +0800] "GET /xingrg/all/function/internal_message.html?_=1589507266644&CODE_STATE=getMsg HTTP/1.1" 200 27
120.253.135.82 - - [15/May/2020:09:47:47 +0800] "POST /xingrg/kc/pszx/mdth_order_new_list.html HTTP/1.1" 200 4642
114.84.151.157 - - [15/May/2020:09:47:50 +0800] "POST /xingrg/kc/buy/cgsh_order_operate.html HTTP/1.1" 200 37
114.84.33.255 - - [15/May/2020:09:47:51 +0800] "GET /xingrg/check_reg.html?_=1589507286884 HTTP/1.1" 200 22
114.84.151.157 - - [15/May/2020:09:47:51 +0800] "POST /xingrg/kc/buy/cgsh_order_operate.html HTTP/1.1" 200 12
114.84.33.255 - - [15/May/2020:09:47:52 +0800] "GET /xingrg/all/function/internal_message.html?_=1589507287755&CODE_STATE=getMsg HTTP/1.1" 200 27
114.84.151.157 - - [15/May/2020:09:47:52 +0800] "GET /xingrg/kc/buy/cgsh_order_info.html?code=212020051505029 HTTP/1.1" 200 53473
114.84.151.157 - - [15/May/2020:09:47:52 +0800] "GET /xingrg/javascript/easyui/themes/default/validatebox.css HTTP/1.1" 404 1104
114.84.151.157 - - [15/May/2020:09:47:53 +0800] "POST /xingrg/kc/buy/cgsh_order_operate.html HTTP/1.1" 200 1195
172.17.0.128 - - [15/May/2020:09:47:53 +0800] "GET /xingrg/all/function/internal_message.html?_=1589507067677&CODE_STATE=getMsg HTTP/1.1" 200 27
120.253.135.82 - - [15/May/2020:09:47:53 +0800] "POST /xingrg/kc/pszx/mdth_order_new_list.html HTTP/1.1" 200 5259
114.84.151.157 - - [15/May/2020:09:47:54 +0800] "GET /xingrg/kc/print/load_data.html?order_code=212020051505029&kc_code=cgsh&condition= HTTP/1.1" 200 986
172.17.0.240 - - [15/May/2020:09:47:54 +0800] "GET /xingrg/system/rest/query_items.html?_=1589507271105&table=menu&page=1&rows=20&categoryId=&key=cm HTTP/1.1" 200 4878
172.17.0.240 - - [15/May/2020:09:47:55 +0800] "GET /xingrg/all/function/internal_message.html?_=1589507271701&CODE_STATE=getMsg HTTP/1.1" 200 27
180.162.232.172 - - [15/May/2020:09:47:56 +0800] "GET /xingrg/all/function/internal_message.html?_=1589507397196&CODE_STATE=getMsg HTTP/1.1" 200 27
114.84.33.255 - - [15/May/2020:09:47:57 +0800] "GET /xingrg/all/function/internal_message.html?_=1589507292104&CODE_STATE=getMsg HTTP/1.1" 200 27
120.253.135.82 - - [15/May/2020:09:47:57 +0800] "POST /xingrg/kc/pszx/mdth_order_new_list.html HTTP/1.1" 200 204
101.85.52.41 - - [15/May/2020:09:47:58 +0800] "GET /xingrg/check_reg.html?_=1589506801561 HTTP/1.1" 200 22
101.89.239.230 - - [15/May/2020:09:47:59 +0800] "GET /xingrg/all/function/internal_message.html?_=1589506568671&CODE_STATE=getMsg HTTP/1.1" 302 -
120.253.135.82 - - [15/May/2020:09:48:00 +0800] "POST /xingrg/kc/pszx/mdth_order_new_list.html HTTP/1.1" 200 284
180.175.212.199 - - [15/May/2020:09:48:01 +0800] "GET /xingrg/kc/buy/cgsh_order_operate.html?command=get_materiel&rest_code=00102&code=00101011010&supplier_code=00100047&order_time=2020-05-14 HTTP/1.1" 200 418
114.84.151.157 - - [15/May/2020:09:48:02 +0800] "GET /xingrg/kc/buy/cgsh_order_add.html HTTP/1.1" 200 58570
114.84.151.157 - - [15/May/2020:09:48:02 +0800] "GET /xingrg/javascript/easyui/themes/default/validatebox.css HTTP/1.1" 404 1104
114.84.151.157 - - [15/May/2020:09:48:02 +0800] "POST /xingrg/kc/buy/cgsh_order_operate.html HTTP/1.1" 200 8245
101.89.239.230 - - [15/May/2020:09:48:04 +0800] "GET /xingrg/login.html HTTP/1.1" 200 7641
114.84.151.157 - - [15/May/2020:09:48:05 +0800] "GET /xingrg/all/function/internal_message.html?_=1589507288706&CODE_STATE=getMsg HTTP/1.1" 200 27
120.253.135.82 - - [15/May/2020:09:48:05 +0800] "GET /xingrg/kc/buy/cgsh_order_list.html HTTP/1.1" 200 43081
120.253.135.82 - - [15/May/2020:09:48:06 +0800] "POST /xingrg/kc/buy/cgsh_list_operate.html HTTP/1.1" 200 876
180.175.212.199 - - [15/May/2020:09:48:06 +0800] "GET /xingrg/kc/buy/cgsh_order_operate.html?command=get_materiel&rest_code=00102&code=00101011005&supplier_code=00100047&order_time=2020-05-14 HTTP/1.1" 200 428
120.253.135.82 - - [15/May/2020:09:48:06 +0800] "GET /xingrg/javascript/jquery_easy_ui/themes/default/images/tabs_active.png HTTP/1.1" 304 -
120.253.135.82 - - [15/May/2020:09:48:07 +0800] "GET /xingrg/all/function/internal_message.html?_=1589507038138&CODE_STATE=getMsg HTTP/1.1" 200 27
172.17.0.240 - - [15/May/2020:09:48:08 +0800] "GET /xingrg/system/rest/query_items.html?_=1589507284797&table=menu&page=1&rows=20&categoryId=&key=trcm HTTP/1.1" 200 21
61.172.5.115 - - [15/May/2020:09:48:09 +0800] "GET /xingrg/check_reg.html?_=1589507287862 HTTP/1.1" 200 22
61.172.5.115 - - [15/May/2020:09:48:09 +0800] "GET /xingrg/all/function/internal_message.html?_=1589507287864&CODE_STATE=getMsg HTTP/1.1" 200 27
222.69.134.33 - - [15/May/2020:09:48:10 +0800] "GET /xingrg/all/function/internal_message.html?_=1589507281216&CODE_STATE=getMsg HTTP/1.1" 200 27
120.253.135.82 - - [15/May/2020:09:48:10 +0800] "GET /xingrg/kc/pszx/mdqp_order_list.html?state=10 HTTP/1.1" 200 10079
120.253.135.82 - - [15/May/2020:09:48:10 +0800] "GET /xingrg/dwr/interface/AjaxReportQueryService.js HTTP/1.1" 200 13203
120.253.135.82 - - [15/May/2020:09:48:10 +0800] "GET /xingrg/dwr/interface/AjaxQqpsService.js HTTP/1.1" 200 16326
120.253.135.82 - - [15/May/2020:09:48:10 +0800] "GET /xingrg/dwr/engine.js HTTP/1.1" 200 43631
180.162.232.172 - - [15/May/2020:09:48:10 +0800] "GET /xingrg/kc/buy/cgsh_order_add.html HTTP/1.1" 200 58180
114.84.151.157 - - [15/May/2020:09:48:11 +0800] "GET /xingrg/kc/buy/cgsh_order_operate.html?command=get_materiel&rest_code=00141&code=00101007109&supplier_code=00100036&order_time=2020-05-15 HTTP/1.1" 200 408
180.162.232.172 - - [15/May/2020:09:48:11 +0800] "POST /xingrg/kc/buy/cgsh_order_operate.html HTTP/1.1" 200 8245
180.162.232.172 - - [15/May/2020:09:48:11 +0800] "GET /xingrg/javascript/easyui/themes/default/validatebox.css HTTP/1.1" 404 1104
101.227.139.171 - - [15/May/2020:09:48:11 +0800] "GET /xingrg/kc/buy/cgsh_order_operate.html?command=get_materiel&rest_code=00141&code=00101008302&supplier_code=00100007&order_time=2020-05-15 HTTP/1.1" 302 -
172.17.0.101 - - [15/May/2020:09:48:14 +0800] "GET /xingrg/all/function/internal_message.html?_=1589507325454&CODE_STATE=getMsg HTTP/1.1" 200 27
101.227.139.171 - - [15/May/2020:09:48:17 +0800] "GET /xingrg/login.html HTTP/1.1" 200 7641
120.253.135.82 - - [15/May/2020:09:48:18 +0800] "GET /xingrg/kc/pszx/mdth_order_list.html HTTP/1.1" 200 18391
120.253.135.82 - - [15/May/2020:09:48:18 +0800] "POST /xingrg/kc/pszx/mdth_order_new_list.html HTTP/1.1" 200 4642
114.86.190.97 - - [15/May/2020:09:48:18 +0800] "GET /xingrg/all/function/internal_message.html?_=1589507304510&CODE_STATE=getMsg HTTP/1.1" 200 27
180.175.212.199 - - [15/May/2020:09:48:18 +0800] "POST /xingrg/kc/buy/cgsh_order_operate.html HTTP/1.1" 200 37
101.89.29.78 - - [15/May/2020:09:48:19 +0800] "GET /xingrg/kc/buy/cgsh_order_operate.html?command=get_materiel&rest_code=00141&code=00101008300&supplier_code=00100007&order_time=2020-05-15 HTTP/1.1" 302 -
180.175.212.199 - - [15/May/2020:09:48:20 +0800] "GET /xingrg/check_reg.html?_=1589507308045 HTTP/1.1" 200 22
114.84.151.157 - - [15/May/2020:09:48:20 +0800] "GET /xingrg/kc/buy/cgsh_order_operate.html?command=get_materiel&rest_code=00141&code=00101012019&supplier_code=00100036&order_time=2020-05-15 HTTP/1.1" 200 412
114.88.170.9 - - [15/May/2020:09:48:20 +0800] "GET /xingrg/check_reg.html?_=1589507294568 HTTP/1.1" 200 22
180.175.212.199 - - [15/May/2020:09:48:20 +0800] "POST /xingrg/kc/buy/cgsh_order_operate.html HTTP/1.1" 200 12
180.162.232.172 - - [15/May/2020:09:48:21 +0800] "GET /xingrg/kc/buy/cgsh_order_operate.html?command=get_materiel&rest_code=00151&code=00101009001&supplier_code=00100096&order_time=2020-05-15 HTTP/1.1" 200 416
172.17.0.240 - - [15/May/2020:09:48:21 +0800] "GET /xingrg/system/rest/query_items.html?_=1589507297715&table=menu&page=1&rows=20&categoryId=&key=bl HTTP/1.1" 200 4838
180.175.212.199 - - [15/May/2020:09:48:23 +0800] "GET /xingrg/kc/buy/cgsh_order_info.html?code=212020051505030 HTTP/1.1" 200 53377
180.175.212.199 - - [15/May/2020:09:48:24 +0800] "GET /xingrg/javascript/easyui/themes/default/validatebox.css HTTP/1.1" 404 1104
180.175.212.199 - - [15/May/2020:09:48:25 +0800] "POST /xingrg/kc/buy/cgsh_order_operate.html HTTP/1.1" 200 1206
101.89.29.78 - - [15/May/2020:09:48:26 +0800] "GET /xingrg/login.html HTTP/1.1" 200 7641
180.175.212.199 - - [15/May/2020:09:48:27 +0800] "GET /xingrg/kc/print/load_data.html?order_code=212020051505030&kc_code=cgsh&condition= HTTP/1.1" 200 971
124.77.110.230 - - [15/May/2020:09:48:29 +0800] "GET /xingrg/all/function/internal_message.html?_=1589506504773&CODE_STATE=getMsg HTTP/1.1" 200 27
172.17.0.240 - - [15/May/2020:09:48:32 +0800] "GET /xingrg/system/rest/get_item.html?table=menu&id=1983&_=1589507308266 HTTP/1.1" 200 987
172.17.0.240 - - [15/May/2020:09:48:32 +0800] "GET /xingrg/system/rest/get_item.html?table=menu&target=menu_rest&id=1983&_=1589507308290 HTTP/1.1" 200 780
172.17.0.240 - - [15/May/2020:09:48:32 +0800] "GET /xingrg/system/rest/get_item.html?table=menu&target=cook_mode&id=1983&_=1589507308288 HTTP/1.1" 200 16446
172.17.0.240 - - [15/May/2020:09:48:32 +0800] "GET /xingrg/system/rest/get_infos.html?command=menu_img_show&id=1983 HTTP/1.1" 200 5
114.84.33.255 - - [15/May/2020:09:48:33 +0800] "GET /xingrg/all/function/internal_message.html?_=1589507305786&CODE_STATE=getMsg HTTP/1.1" 200 27
172.17.0.103 - - [15/May/2020:09:48:33 +0800] "GET /xingrg/all/function/internal_message.html?_=1589507312615&CODE_STATE=getMsg HTTP/1.1" 200 27
172.17.0.240 - - [15/May/2020:09:48:33 +0800] "GET /xingrg/javascript/jquery_easy_ui/themes/icons/rest.png HTTP/1.1" 200 695
172.17.0.240 - - [15/May/2020:09:48:33 +0800] "GET /xingrg/javascript/jquery_easy_ui/themes/icons/manage.png HTTP/1.1" 200 696
172.17.0.240 - - [15/May/2020:09:48:33 +0800] "GET /xingrg/javascript/jquery_easy_ui/themes/icons/area.png HTTP/1.1" 200 262
180.175.212.199 - - [15/May/2020:09:48:34 +0800] "GET /xingrg/kc/buy/cgsh_order_add.html HTTP/1.1" 200 58476
180.175.212.199 - - [15/May/2020:09:48:34 +0800] "GET /xingrg/all/function/internal_message.html?_=1589507310894&CODE_STATE=getMsg HTTP/1.1" 200 27
101.89.29.78 - - [15/May/2020:09:48:34 +0800] "GET /xingrg/kc/buy/cgsh_order_operate.html?command=get_materiel&rest_code=00141&code=00101008357&supplier_code=00100007&order_time=2020-05-15 HTTP/1.1" 302 -
180.175.212.199 - - [15/May/2020:09:48:35 +0800] "POST /xingrg/kc/buy/cgsh_order_operate.html HTTP/1.1" 200 8245
114.88.170.9 - - [15/May/2020:09:48:35 +0800] "GET /xingrg/all/function/internal_message.html?_=1589507310150&CODE_STATE=getMsg HTTP/1.1" 200 27
180.175.212.199 - - [15/May/2020:09:48:36 +0800] "GET /xingrg/javascript/easyui/themes/default/validatebox.css HTTP/1.1" 404 1104
172.17.0.240 - - [15/May/2020:09:48:39 +0800] "GET /xingrg/system/rest/get_item.html?table=menu&target=menu_rest_detail&id=1983&sid=5&_=1589507315328 HTTP/1.1" 200 425
101.89.29.78 - - [15/May/2020:09:48:40 +0800] "GET /xingrg/login.html HTTP/1.1" 200 7641
180.175.212.199 - - [15/May/2020:09:48:41 +0800] "GET /xingrg/check_reg.html?_=1589507517113 HTTP/1.1" 200 22
180.175.212.199 - - [15/May/2020:09:48:41 +0800] "GET /xingrg/all/function/internal_message.html?_=1589507329131&CODE_STATE=getMsg HTTP/1.1" 200 27
114.84.151.157 - - [15/May/2020:09:48:42 +0800] "GET /xingrg/kc/buy/cgsh_order_operate.html?command=get_materiel&rest_code=00141&code=00101012061&supplier_code=00100036&order_time=2020-05-15 HTTP/1.1" 200 412
180.175.212.199 - - [15/May/2020:09:48:44 +0800] "GET /xingrg/javascript/easyui/themes/default/tree.css HTTP/1.1" 404 1090
180.175.212.199 - - [15/May/2020:09:48:44 +0800] "POST /xingrg/all/common/load_tree.html?tree=supplier_tree_json&isDelete=1 HTTP/1.1" 200 48106
172.17.0.240 - - [15/May/2020:09:48:44 +0800] "GET /xingrg/check_reg.html?_=1589507321226 HTTP/1.1" 200 22
172.17.0.240 - - [15/May/2020:09:48:46 +0800] "GET /xingrg/all/function/internal_message.html?_=1589507322279&CODE_STATE=getMsg HTTP/1.1" 200 27
172.17.0.240 - - [15/May/2020:09:48:46 +0800] "GET /xingrg/system/rest/query_items.html?_=1589507323114&table=menu&page=1&rows=20&categoryId=&key=dwx HTTP/1.1" 200 3619
180.162.232.172 - - [15/May/2020:09:48:47 +0800] "GET /xingrg/all/function/internal_message.html?_=1589507326629&CODE_STATE=getMsg HTTP/1.1" 200 27
180.162.232.172 - - [15/May/2020:09:48:47 +0800] "GET /xingrg/kc/buy/cgsh_order_operate.html?command=get_materiel&rest_code=00151&code=00101009016&supplier_code=00100096&order_time=2020-05-15 HTTP/1.1" 200 412
172.17.0.240 - - [15/May/2020:09:48:49 +0800] "GET /xingrg/system/rest/get_item.html?table=menu&id=2023&_=1589507325407 HTTP/1.1" 200 955
172.17.0.240 - - [15/May/2020:09:48:49 +0800] "GET /xingrg/system/rest/get_item.html?table=menu&target=menu_rest&id=2023&_=1589507325430 HTTP/1.1" 200 855
172.17.0.240 - - [15/May/2020:09:48:49 +0800] "GET /xingrg/system/rest/get_item.html?table=menu&target=cook_mode&id=2023&_=1589507325430 HTTP/1.1" 200 27807
114.84.151.157 - - [15/May/2020:09:48:49 +0800] "GET /xingrg/kc/buy/cgsh_order_operate.html?command=get_materiel&rest_code=00141&code=00101016025&supplier_code=00100036&order_time=2020-05-15 HTTP/1.1" 200 408
172.17.0.240 - - [15/May/2020:09:48:49 +0800] "GET /xingrg/system/rest/get_infos.html?command=menu_img_show&id=2023 HTTP/1.1" 200 5
61.151.207.205 - - [15/May/2020:09:48:51 +0800] "GET /xingrg/all/function/internal_message.html?_=1589506628675&CODE_STATE=getMsg HTTP/1.1" 302 -
114.84.33.255 - - [15/May/2020:09:48:52 +0800] "GET /xingrg/all/function/internal_message.html?_=1589507347769&CODE_STATE=getMsg HTTP/1.1" 200 27
172.17.0.128 - - [15/May/2020:09:48:53 +0800] "GET /xingrg/all/function/internal_message.html?_=1589507127678&CODE_STATE=getMsg HTTP/1.1" 200 27
101.91.62.99 - - [15/May/2020:09:48:53 +0800] "GET /xingrg/kc/buy/cgsh_order_operate.html?command=get_materiel&rest_code=00141&code=00101008038&supplier_code=00100007&order_time=2020-05-15 HTTP/1.1" 302 -
172.17.0.240 - - [15/May/2020:09:48:55 +0800] "GET /xingrg/system/rest/get_item.html?table=menu&target=menu_rest_detail&id=2023&sid=5&_=1589507331408 HTTP/1.1" 200 427
172.17.0.240 - - [15/May/2020:09:48:55 +0800] "GET /xingrg/check_reg.html?_=1589507331695 HTTP/1.1" 200 22
172.17.0.240 - - [15/May/2020:09:48:55 +0800] "GET /xingrg/all/function/internal_message.html?_=1589507331696&CODE_STATE=getMsg HTTP/1.1" 200 27
180.162.232.172 - - [15/May/2020:09:48:56 +0800] "GET /xingrg/all/function/internal_message.html?_=1589507457208&CODE_STATE=getMsg HTTP/1.1" 200 27
114.84.151.157 - - [15/May/2020:09:48:57 +0800] "GET /xingrg/kc/buy/cgsh_order_operate.html?command=get_materiel&rest_code=00141&code=00101016105&supplier_code=00100036&order_time=2020-05-15 HTTP/1.1" 200 409
114.84.33.255 - - [15/May/2020:09:48:57 +0800] "GET /xingrg/all/function/internal_message.html?_=1589507352104&CODE_STATE=getMsg HTTP/1.1" 200 27
61.151.207.205 - - [15/May/2020:09:48:58 +0800] "GET /xingrg/login.html HTTP/1.1" 200 7641
101.91.62.99 - - [15/May/2020:09:48:59 +0800] "GET /xingrg/login.html HTTP/1.1" 200 7641
172.17.0.240 - - [15/May/2020:09:49:03 +0800] "GET /xingrg/system/rest/query_items.html?_=1589507339333&table=menu&page=1&rows=20&categoryId=&key=xql HTTP/1.1" 200 1500
61.129.6.159 - - [15/May/2020:09:49:03 +0800] "GET /xingrg/kc/buy/cgsh_order_operate.html?command=get_materiel&rest_code=00141&code=00101008361&supplier_code=00100007&order_time=2020-05-15 HTTP/1.1" 302 -
180.175.212.199 - - [15/May/2020:09:49:04 +0800] "GET /xingrg/kc/buy/cgsh_order_operate.html?command=get_materiel&rest_code=00102&code=00101015021&supplier_code=00100054&order_time=2020-05-14 HTTP/1.1" 200 408
114.84.151.157 - - [15/May/2020:09:49:05 +0800] "GET /xingrg/check_reg.html?_=1589507348697 HTTP/1.1" 200 22
114.84.151.157 - - [15/May/2020:09:49:05 +0800] "GET /xingrg/all/function/internal_message.html?_=1589507348695&CODE_STATE=getMsg HTTP/1.1" 200 27
114.84.151.157 - - [15/May/2020:09:49:05 +0800] "POST /xingrg/kc/buy/cgsh_order_operate.html HTTP/1.1" 200 37
172.17.0.240 - - [15/May/2020:09:49:06 +0800] "GET /xingrg/system/rest/get_item.html?table=menu&id=1991&_=1589507342393 HTTP/1.1" 200 950
172.17.0.240 - - [15/May/2020:09:49:06 +0800] "GET /xingrg/system/rest/get_item.html?table=menu&target=menu_rest&id=1991&_=1589507342422 HTTP/1.1" 200 909
172.17.0.240 - - [15/May/2020:09:49:06 +0800] "GET /xingrg/system/rest/get_item.html?table=menu&target=cook_mode&id=1991&_=1589507342421 HTTP/1.1" 200 6377
172.17.0.240 - - [15/May/2020:09:49:06 +0800] "GET /xingrg/system/rest/get_infos.html?command=menu_img_show&id=1991 HTTP/1.1" 200 5
114.84.151.157 - - [15/May/2020:09:49:07 +0800] "POST /xingrg/kc/buy/cgsh_order_operate.html HTTP/1.1" 200 12
114.84.151.157 - - [15/May/2020:09:49:07 +0800] "GET /xingrg/kc/buy/cgsh_order_info.html?code=212020051505031 HTTP/1.1" 200 53475
114.84.151.157 - - [15/May/2020:09:49:08 +0800] "GET /xingrg/javascript/easyui/themes/default/validatebox.css HTTP/1.1" 404 1104
114.84.151.157 - - [15/May/2020:09:49:08 +0800] "POST /xingrg/kc/buy/cgsh_order_operate.html HTTP/1.1" 200 2960
114.84.151.157 - - [15/May/2020:09:49:09 +0800] "GET /xingrg/kc/print/load_data.html?order_code=212020051505031&kc_code=cgsh&condition= HTTP/1.1" 200 1669
61.172.5.115 - - [15/May/2020:09:49:09 +0800] "GET /xingrg/all/function/internal_message.html?_=1589507347864&CODE_STATE=getMsg HTTP/1.1" 200 27
61.129.6.159 - - [15/May/2020:09:49:10 +0800] "GET /xingrg/login.html HTTP/1.1" 200 7641
222.69.134.33 - - [15/May/2020:09:49:10 +0800] "GET /xingrg/all/function/internal_message.html?_=1589507341222&CODE_STATE=getMsg HTTP/1.1" 200 27
172.17.0.240 - - [15/May/2020:09:49:11 +0800] "GET /xingrg/system/rest/get_item.html?table=menu&target=menu_rest_detail&id=1991&sid=5&_=1589507347331 HTTP/1.1" 200 443
101.89.239.120 - - [15/May/2020:09:49:11 +0800] "GET /xingrg/kc/buy/cgsh_order_operate.html?command=get_materiel&rest_code=00141&code=00101008088&supplier_code=00100007&order_time=2020-05-15 HTTP/1.1" 302 -
61.151.178.175 - - [15/May/2020:09:49:13 +0800] "GET /xingrg/kc/print/load_data.html?order_code=212020051505012&kc_code=cgsh&condition= HTTP/1.1" 302 -
172.17.0.101 - - [15/May/2020:09:49:14 +0800] "GET /xingrg/all/function/internal_message.html?_=1589507385454&CODE_STATE=getMsg HTTP/1.1" 200 27
180.175.212.199 - - [15/May/2020:09:49:14 +0800] "GET /xingrg/kc/buy/cgsh_order_operate.html?command=get_materiel&rest_code=00102&code=00101015042&supplier_code=00100054&order_time=2020-05-14 HTTP/1.1" 200 408
114.84.151.157 - - [15/May/2020:09:49:16 +0800] "GET /xingrg/kc/buy/cgsh_order_add.html HTTP/1.1" 200 58570
114.84.151.157 - - [15/May/2020:09:49:16 +0800] "POST /xingrg/kc/buy/cgsh_order_operate.html HTTP/1.1" 200 8245
114.84.151.157 - - [15/May/2020:09:49:16 +0800] "GET /xingrg/javascript/easyui/themes/default/validatebox.css HTTP/1.1" 404 1104
114.86.190.97 - - [15/May/2020:09:49:18 +0800] "GET /xingrg/all/function/internal_message.html?_=1589507364523&CODE_STATE=getMsg HTTP/1.1" 200 27
61.151.178.175 - - [15/May/2020:09:49:19 +0800] "GET /xingrg/login.html HTTP/1.1" 200 7641
172.17.0.240 - - [15/May/2020:09:49:20 +0800] "GET /xingrg/system/rest/query_items.html?_=1589507357013&table=menu&page=1&rows=20&categoryId=&key=dxb HTTP/1.1" 200 4983
180.175.212.199 - - [15/May/2020:09:49:20 +0800] "GET /xingrg/kc/buy/cgsh_order_operate.html?command=get_materiel&rest_code=00102&code=00101015057&supplier_code=00100054&order_time=2020-05-14 HTTP/1.1" 200 408
101.89.239.120 - - [15/May/2020:09:49:21 +0800] "GET /xingrg/login.html HTTP/1.1" 200 7641
172.17.0.240 - - [15/May/2020:09:49:23 +0800] "GET /xingrg/system/rest/get_item.html?table=menu&id=1903&_=1589507359729 HTTP/1.1" 200 997
172.17.0.240 - - [15/May/2020:09:49:23 +0800] "GET /xingrg/system/rest/get_item.html?table=menu&target=menu_rest&id=1903&_=1589507359750 HTTP/1.1" 200 1074
172.17.0.240 - - [15/May/2020:09:49:23 +0800] "GET /xingrg/system/rest/get_item.html?table=menu&target=cook_mode&id=1903&_=1589507359749 HTTP/1.1" 200 12632
114.84.151.157 - - [15/May/2020:09:49:23 +0800] "GET /xingrg/kc/buy/cgsh_order_operate.html?command=get_materiel&rest_code=00141&code=00101005037&supplier_code=00100040&order_time=2020-05-15 HTTP/1.1" 200 409
172.17.0.240 - - [15/May/2020:09:49:24 +0800] "GET /xingrg/system/rest/get_infos.html?command=menu_img_show&id=1903 HTTP/1.1" 200 5
172.17.0.240 - - [15/May/2020:09:49:27 +0800] "GET /xingrg/system/rest/get_item.html?table=menu&target=menu_rest_detail&id=1903&sid=5&_=1589507363632 HTTP/1.1" 200 427
180.175.212.199 - - [15/May/2020:09:49:28 +0800] "GET /xingrg/kc/buy/cgsh_order_operate.html?command=get_materiel&rest_code=00102&code=00101015029&supplier_code=00100054&order_time=2020-05-14 HTTP/1.1" 200 412
124.77.110.230 - - [15/May/2020:09:49:30 +0800] "GET /xingrg/all/function/internal_message.html?_=1589506565392&CODE_STATE=getMsg HTTP/1.1" 200 27
114.84.151.157 - - [15/May/2020:09:49:31 +0800] "POST /xingrg/kc/buy/cgsh_order_operate.html HTTP/1.1" 200 37
180.162.232.172 - - [15/May/2020:09:49:32 +0800] "GET /xingrg/kc/buy/cgsh_order_operate.html?command=get_materiel&rest_code=00151&code=00101009062&supplier_code=00100096&order_time=2020-05-15 HTTP/1.1" 200 414
114.84.33.255 - - [15/May/2020:09:49:33 +0800] "GET /xingrg/all/function/internal_message.html?_=1589507365765&CODE_STATE=getMsg HTTP/1.1" 200 27
172.17.0.103 - - [15/May/2020:09:49:33 +0800] "GET /xingrg/all/function/internal_message.html?_=1589507372622&CODE_STATE=getMsg HTTP/1.1" 200 27
114.84.151.157 - - [15/May/2020:09:49:33 +0800] "POST /xingrg/kc/buy/cgsh_order_operate.html HTTP/1.1" 200 12
114.84.151.157 - - [15/May/2020:09:49:33 +0800] "GET /xingrg/kc/buy/cgsh_order_info.html?code=212020051505032 HTTP/1.1" 200 53473
180.175.212.199 - - [15/May/2020:09:49:33 +0800] "GET /xingrg/kc/buy/cgsh_order_operate.html?command=get_materiel&rest_code=00102&code=00101015037&supplier_code=00100054&order_time=2020-05-14 HTTP/1.1" 200 412
114.84.151.157 - - [15/May/2020:09:49:34 +0800] "GET /xingrg/javascript/easyui/themes/default/validatebox.css HTTP/1.1" 404 1104
114.84.151.157 - - [15/May/2020:09:49:34 +0800] "POST /xingrg/kc/buy/cgsh_order_operate.html HTTP/1.1" 200 603
180.175.212.199 - - [15/May/2020:09:49:34 +0800] "GET /xingrg/check_reg.html?_=1589507370905 HTTP/1.1" 200 22
180.175.212.199 - - [15/May/2020:09:49:34 +0800] "GET /xingrg/all/function/internal_message.html?_=1589507370908&CODE_STATE=getMsg HTTP/1.1" 200 27
114.84.151.157 - - [15/May/2020:09:49:35 +0800] "GET /xingrg/kc/print/load_data.html?order_code=212020051505032&kc_code=cgsh&condition= HTTP/1.1" 200 778
114.88.170.9 - - [15/May/2020:09:49:35 +0800] "GET /xingrg/all/function/internal_message.html?_=1589507370166&CODE_STATE=getMsg HTTP/1.1" 200 27
172.17.0.240 - - [15/May/2020:09:49:37 +0800] "POST /xingrg/system/rest/edit_item.html HTTP/1.1" 200 4
172.17.0.240 - - [15/May/2020:09:49:37 +0800] "GET /xingrg/system/rest/get_item.html?table=menu&target=menu_rest&id=1903&_=1589507373572 HTTP/1.1" 200 1074
180.175.212.199 - - [15/May/2020:09:49:41 +0800] "GET /xingrg/all/function/internal_message.html?_=1589507389145&CODE_STATE=getMsg HTTP/1.1" 200 27
172.17.0.240 - - [15/May/2020:09:49:45 +0800] "GET /xingrg/all/function/internal_message.html?_=1589507382255&CODE_STATE=getMsg HTTP/1.1" 200 27
114.84.151.157 - - [15/May/2020:09:49:46 +0800] "GET /xingrg/kc/buy/cgsh_order_add.html HTTP/1.1" 200 58570
114.84.151.157 - - [15/May/2020:09:49:46 +0800] "GET /xingrg/javascript/easyui/themes/default/validatebox.css HTTP/1.1" 404 1104
114.84.151.157 - - [15/May/2020:09:49:46 +0800] "POST /xingrg/kc/buy/cgsh_order_operate.html HTTP/1.1" 200 8245
180.162.232.172 - - [15/May/2020:09:49:47 +0800] "GET /xingrg/all/function/internal_message.html?_=1589507386646&CODE_STATE=getMsg HTTP/1.1" 200 27
180.162.232.172 - - [15/May/2020:09:49:47 +0800] "GET /xingrg/check_reg.html?_=1589507386649 HTTP/1.1" 200 22
172.17.0.240 - - [15/May/2020:09:49:48 +0800] "GET /xingrg/system/rest/query_items.html?_=1589507384752&table=menu&page=1&rows=20&categoryId=&key=yl HTTP/1.1" 200 4931
180.162.232.172 - - [15/May/2020:09:49:49 +0800] "GET /xingrg/kc/buy/cgsh_order_operate.html?command=get_materiel&rest_code=00151&code=00101009106&supplier_code=00100096&order_time=2020-05-15 HTTP/1.1" 200 391
114.84.33.255 - - [15/May/2020:09:49:52 +0800] "GET /xingrg/all/function/internal_message.html?_=1589507407783&CODE_STATE=getMsg HTTP/1.1" 200 27
172.17.0.128 - - [15/May/2020:09:49:53 +0800] "GET /xingrg/check_reg.html?_=1589507187677 HTTP/1.1" 200 22
172.17.0.128 - - [15/May/2020:09:49:53 +0800] "GET /xingrg/all/function/internal_message.html?_=1589507187680&CODE_STATE=getMsg HTTP/1.1" 200 27
114.84.151.157 - - [15/May/2020:09:49:54 +0800] "GET /xingrg/kc/buy/cgsh_order_operate.html?command=get_materiel&rest_code=00141&code=00101006133&supplier_code=00100012&order_time=2020-05-15 HTTP/1.1" 200 413
172.17.0.240 - - [15/May/2020:09:49:55 +0800] "GET /xingrg/all/function/internal_message.html?_=1589507391704&CODE_STATE=getMsg HTTP/1.1" 200 27
180.162.232.172 - - [15/May/2020:09:49:56 +0800] "GET /xingrg/all/function/internal_message.html?_=1589507517222&CODE_STATE=getMsg HTTP/1.1" 200 27
172.17.0.240 - - [15/May/2020:09:49:57 +0800] "GET /xingrg/system/rest/query_items.html?_=1589507393564&table=menu&page=1&rows=20&categoryId=&key=al HTTP/1.1" 200 1250
114.84.33.255 - - [15/May/2020:09:49:58 +0800] "GET /xingrg/all/function/internal_message.html?_=1589507412570&CODE_STATE=getMsg HTTP/1.1" 200 27
172.17.0.240 - - [15/May/2020:09:49:59 +0800] "GET /xingrg/system/rest/get_item.html?table=menu&id=1981&_=1589507395374 HTTP/1.1" 200 965
172.17.0.240 - - [15/May/2020:09:49:59 +0800] "GET /xingrg/system/rest/get_item.html?table=menu&target=menu_rest&id=1981&_=1589507395397 HTTP/1.1" 200 777
172.17.0.240 - - [15/May/2020:09:49:59 +0800] "GET /xingrg/system/rest/get_item.html?table=menu&target=cook_mode&id=1981&_=1589507395396 HTTP/1.1" 200 23096
172.17.0.240 - - [15/May/2020:09:49:59 +0800] "GET /xingrg/system/rest/get_infos.html?command=menu_img_show&id=1981 HTTP/1.1" 200 5
172.17.0.240 - - [15/May/2020:09:50:01 +0800] "GET /xingrg/system/rest/get_item.html?table=menu&target=menu_rest_detail&id=1981&sid=5&_=1589507397959 HTTP/1.1" 200 427
180.162.232.172 - - [15/May/2020:09:50:01 +0800] "GET /xingrg/kc/buy/cgsh_order_operate.html?command=get_materiel&rest_code=00151&code=00101009039&supplier_code=00100096&order_time=2020-05-15 HTTP/1.1" 200 408
114.84.151.157 - - [15/May/2020:09:50:02 +0800] "GET /xingrg/kc/buy/cgsh_order_operate.html?command=get_materiel&rest_code=00141&code=00101006129&supplier_code=00100012&order_time=2020-05-15 HTTP/1.1" 200 431
114.84.151.157 - - [15/May/2020:09:50:05 +0800] "GET /xingrg/all/function/internal_message.html?_=1589507408703&CODE_STATE=getMsg HTTP/1.1" 200 27
172.17.0.240 - - [15/May/2020:09:50:09 +0800] "GET /xingrg/system/rest/query_items.html?_=1589507405373&table=menu&page=1&rows=20&categoryId=&key=fgx HTTP/1.1" 200 1670
61.172.5.115 - - [15/May/2020:09:50:09 +0800] "GET /xingrg/all/function/internal_message.html?_=1589507407862&CODE_STATE=getMsg HTTP/1.1" 200 27
222.69.134.33 - - [15/May/2020:09:50:10 +0800] "GET /xingrg/all/function/internal_message.html?_=1589507401222&CODE_STATE=getMsg HTTP/1.1" 200 27
114.84.151.157 - - [15/May/2020:09:50:10 +0800] "GET /xingrg/kc/buy/cgsh_order_operate.html?command=get_materiel&rest_code=00141&code=00101006136&supplier_code=00100012&order_time=2020-05-15 HTTP/1.1" 200 417
172.17.0.240 - - [15/May/2020:09:50:10 +0800] "GET /xingrg/system/rest/get_item.html?table=menu&id=1993&_=1589507407228 HTTP/1.1" 200 941
172.17.0.240 - - [15/May/2020:09:50:10 +0800] "GET /xingrg/system/rest/get_item.html?table=menu&target=menu_rest&id=1993&_=1589507407254 HTTP/1.1" 200 956
172.17.0.240 - - [15/May/2020:09:50:10 +0800] "GET /xingrg/system/rest/get_item.html?table=menu&target=cook_mode&id=1993&_=1589507407254 HTTP/1.1" 200 10386
172.17.0.240 - - [15/May/2020:09:50:11 +0800] "GET /xingrg/system/rest/get_infos.html?command=menu_img_show&id=1993 HTTP/1.1" 200 5
172.17.0.101 - - [15/May/2020:09:50:14 +0800] "GET /xingrg/all/function/internal_message.html?_=1589507445458&CODE_STATE=getMsg HTTP/1.1" 200 27
114.84.151.157 - - [15/May/2020:09:50:17 +0800] "GET /xingrg/kc/buy/cgsh_order_operate.html?command=get_materiel&rest_code=00141&code=00101006109&supplier_code=00100012&order_time=2020-05-15 HTTP/1.1" 200 409
172.17.0.240 - - [15/May/2020:09:50:17 +0800] "GET /xingrg/system/rest/get_item.html?table=menu&target=menu_rest_detail&id=1993&sid=5&_=1589507413863 HTTP/1.1" 200 427
114.86.190.97 - - [15/May/2020:09:50:18 +0800] "GET /xingrg/all/function/internal_message.html?_=1589507424548&CODE_STATE=getMsg HTTP/1.1" 200 27
124.77.110.230 - - [15/May/2020:09:50:19 +0800] "GET /xingrg/check_reg.html?_=1589506614388 HTTP/1.1" 200 22
114.84.151.157 - - [15/May/2020:09:50:26 +0800] "GET /xingrg/kc/buy/cgsh_order_operate.html?command=get_materiel&rest_code=00141&code=00101006134&supplier_code=00100012&order_time=2020-05-15 HTTP/1.1" 200 417
124.77.110.230 - - [15/May/2020:09:50:30 +0800] "GET /xingrg/all/function/internal_message.html?_=1589506625410&CODE_STATE=getMsg HTTP/1.1" 200 27
180.162.232.172 - - [15/May/2020:09:50:32 +0800] "GET /xingrg/kc/buy/cgsh_order_operate.html?command=get_materiel&rest_code=00151&code=00101009053&supplier_code=00100096&order_time=2020-05-15 HTTP/1.1" 200 408
172.17.0.110 - - [15/May/2020:09:50:32 +0800] "GET /xingrg/check_reg.html?_=1589507427937 HTTP/1.1" 200 22
172.17.0.103 - - [15/May/2020:09:50:33 +0800] "GET /xingrg/all/function/internal_message.html?_=1589507432610&CODE_STATE=getMsg HTTP/1.1" 200 27
172.17.0.103 - - [15/May/2020:09:50:33 +0800] "GET /xingrg/check_reg.html?_=1589507432617 HTTP/1.1" 200 22
114.84.33.255 - - [15/May/2020:09:50:34 +0800] "GET /xingrg/check_reg.html?_=1589507448466 HTTP/1.1" 200 22
180.175.212.199 - - [15/May/2020:09:50:34 +0800] "GET /xingrg/all/function/internal_message.html?_=1589507430904&CODE_STATE=getMsg HTTP/1.1" 200 27
114.88.170.9 - - [15/May/2020:09:50:36 +0800] "GET /xingrg/all/function/internal_message.html?_=1589507430396&CODE_STATE=getMsg HTTP/1.1" 200 27
172.17.0.240 - - [15/May/2020:09:50:40 +0800] "GET /xingrg/system/rest/get_item.html?table=menu&id=1993&_=1589507436556 HTTP/1.1" 200 941
172.17.0.240 - - [15/May/2020:09:50:40 +0800] "GET /xingrg/system/rest/get_item.html?table=menu&target=menu_rest&id=1993&_=1589507436579 HTTP/1.1" 200 956
