180.175.212.199 - - [15/May/2020:09:32:17 +0800] "POST /xingrg/all/common/load_tree.html?tree=supplier_tree_json&isDelete=1 HTTP/1.1" 200 48106
114.86.190.97 - - [15/May/2020:09:32:18 +0800] "POST /xingrg/login.do HTTP/1.1" 302 -
114.86.190.97 - - [15/May/2020:09:32:18 +0800] "GET /xingrg/index.html?sysBaseUrl=http%3A%2F%2F180.169.147.146%3A18081%2Fxingrg%2F&costTime=38×tamp=1589506338000 HTTP/1.1" 200 17179
114.86.190.97 - - [15/May/2020:09:32:18 +0800] "GET /xingrg/javascript/jquery_easy_ui/themes/default/easyui.css HTTP/1.1" 304 -
114.86.190.97 - - [15/May/2020:09:32:18 +0800] "GET /xingrg/javascript/jquery_easy_ui/themes/icon.css HTTP/1.1" 304 -
114.86.190.97 - - [15/May/2020:09:32:18 +0800] "GET /xingrg/javascript/jquery-1.4.2.min.js HTTP/1.1" 304 -
114.86.190.97 - - [15/May/2020:09:32:18 +0800] "GET /xingrg/css/form.css HTTP/1.1" 304 -
114.86.190.97 - - [15/May/2020:09:32:18 +0800] "GET /xingrg/javascript/jquery_easy_ui/easyui-lang-zh_CN.js HTTP/1.1" 304 -
114.86.190.97 - - [15/May/2020:09:32:18 +0800] "GET /xingrg/javascript/jquery_easy_ui/jquery.easyui.min.js HTTP/1.1" 304 -
114.86.190.97 - - [15/May/2020:09:32:18 +0800] "GET /xingrg/javascript/jquery.utils.js HTTP/1.1" 304 -
114.86.190.97 - - [15/May/2020:09:32:18 +0800] "GET /xingrg/javascript/jquery.form.js HTTP/1.1" 304 -
114.86.190.97 - - [15/May/2020:09:32:18 +0800] "GET /xingrg/javascript/jquery.timers.js HTTP/1.1" 304 -
114.86.190.97 - - [15/May/2020:09:32:18 +0800] "GET /favicon.ico HTTP/1.1" 404 -
114.86.190.97 - - [15/May/2020:09:32:18 +0800] "GET /xingrg/images/blue/jxLogo.png HTTP/1.1" 304 -
114.86.190.97 - - [15/May/2020:09:32:18 +0800] "GET /xingrg/images/blue/navBackgound.jpg HTTP/1.1" 304 -
114.86.190.97 - - [15/May/2020:09:32:18 +0800] "GET /xingrg/javascript/jquery_easy_ui/themes/icons/settle_new.png HTTP/1.1" 304 -
114.86.190.97 - - [15/May/2020:09:32:18 +0800] "POST /xingrg/all/common/load_tree.html?tree=area_rest_tree_json&manage=1 HTTP/1.1" 200 351
114.86.190.97 - - [15/May/2020:09:32:18 +0800] "GET /xingrg/images/blue/pingpu.png HTTP/1.1" 304 -
114.86.190.97 - - [15/May/2020:09:32:18 +0800] "GET /xingrg/javascript/jquery_easy_ui/themes/default/images/tabs_leftarrow.png HTTP/1.1" 304 -
114.86.190.97 - - [15/May/2020:09:32:18 +0800] "GET /xingrg/javascript/jquery_easy_ui/themes/default/images/tabs_rightarrow.png HTTP/1.1" 304 -
114.86.190.97 - - [15/May/2020:09:32:18 +0800] "GET /xingrg/javascript/jquery_easy_ui/themes/default/images/panel_tool_collapse.gif HTTP/1.1" 304 -
114.86.190.97 - - [15/May/2020:09:32:18 +0800] "GET /xingrg/all/function/internal_message.html?_=1589506344249&CODE_STATE=count HTTP/1.1" 200 11
114.86.190.97 - - [15/May/2020:09:32:18 +0800] "GET /xingrg/check_reg.html?_=1589506344250 HTTP/1.1" 200 22
114.86.190.97 - - [15/May/2020:09:32:18 +0800] "POST /xingrg/load_menu.html HTTP/1.1" 200 5138
114.86.190.97 - - [15/May/2020:09:32:18 +0800] "GET /xingrg/javascript/jquery_easy_ui/themes/default/images/tree_arrows.gif HTTP/1.1" 304 -
114.86.190.97 - - [15/May/2020:09:32:18 +0800] "GET /xingrg/javascript/jquery_easy_ui/themes/icons/search_new.png HTTP/1.1" 304 -
114.86.190.97 - - [15/May/2020:09:32:18 +0800] "GET /xingrg/javascript/jquery_easy_ui/themes/default/images/tree_folder_open.gif HTTP/1.1" 304 -
114.86.190.97 - - [15/May/2020:09:32:18 +0800] "GET /xingrg/javascript/jquery_easy_ui/themes/default/images/tree_folder.gif HTTP/1.1" 304 -
114.86.190.97 - - [15/May/2020:09:32:18 +0800] "GET /xingrg/javascript/jquery_easy_ui/themes/icons/storage_new.png HTTP/1.1" 304 -
114.86.190.97 - - [15/May/2020:09:32:18 +0800] "GET /xingrg/javascript/jquery_easy_ui/themes/icons/forms_new.png HTTP/1.1" 304 -
114.86.190.97 - - [15/May/2020:09:32:18 +0800] "GET /xingrg/javascript/jquery_easy_ui/themes/default/images/tree_file.gif HTTP/1.1" 304 -
124.77.110.230 - - [15/May/2020:09:32:19 +0800] "GET /xingrg/kc/buy/cgsh_order_operate.html?command=get_materiel&rest_code=00107&code=00101008215&supplier_code=00100006&order_time=2020-05-15 HTTP/1.1" 200 413
114.84.151.157 - - [15/May/2020:09:32:20 +0800] "GET /xingrg/kc/buy/cgsh_order_operate.html?command=get_materiel&rest_code=00141&code=00101037091&supplier_code=00100007&order_time=2020-05-15 HTTP/1.1" 200 411
124.77.110.230 - - [15/May/2020:09:32:20 +0800] "GET /xingrg/all/function/internal_message.html?_=1589505535842&CODE_STATE=getMsg HTTP/1.1" 200 27
114.86.190.97 - - [15/May/2020:09:32:26 +0800] "GET /xingrg/javascript/jquery_easy_ui/themes/default/images/tabs_close.gif HTTP/1.1" 304 -
114.86.190.97 - - [15/May/2020:09:32:26 +0800] "GET /xingrg/kc/buy/cgsh_order_list.html HTTP/1.1" 200 42832
114.86.190.97 - - [15/May/2020:09:32:26 +0800] "GET /xingrg/css/base.css HTTP/1.1" 304 -
114.86.190.97 - - [15/May/2020:09:32:26 +0800] "GET /xingrg/css/site.css HTTP/1.1" 304 -
114.86.190.97 - - [15/May/2020:09:32:26 +0800] "GET /xingrg/javascript/jquery_tools/datebox.css HTTP/1.1" 304 -
114.86.190.97 - - [15/May/2020:09:32:26 +0800] "GET /xingrg/javascript/easyui/themes/default/easyui.css HTTP/1.1" 304 -
114.86.190.97 - - [15/May/2020:09:32:26 +0800] "GET /xingrg/javascript/easyui/themes/icon.css HTTP/1.1" 304 -
114.86.190.97 - - [15/May/2020:09:32:26 +0800] "GET /xingrg/javascript/auto/jquery.autocomplete.css HTTP/1.1" 304 -
114.86.190.97 - - [15/May/2020:09:32:26 +0800] "GET /xingrg/javascript/jquery_tools/fix.css HTTP/1.1" 304 -
114.86.190.97 - - [15/May/2020:09:32:26 +0800] "GET /xingrg/javascript/jquery_tools/table.css HTTP/1.1" 304 -
114.86.190.97 - - [15/May/2020:09:32:26 +0800] "GET /xingrg/javascript/jquery_tools/jquery.tools.extend.js HTTP/1.1" 304 -
114.86.190.97 - - [15/May/2020:09:32:26 +0800] "GET /xingrg/javascript/jquery_tools/jquery.tools.min.js HTTP/1.1" 304 -
114.86.190.97 - - [15/May/2020:09:32:26 +0800] "GET /xingrg/javascript/jquery_tools/jquery.tools.hotkey.js HTTP/1.1" 304 -
114.86.190.97 - - [15/May/2020:09:32:26 +0800] "GET /xingrg/javascript/jquery_tools/jquery.tools.table.js HTTP/1.1" 304 -
114.86.190.97 - - [15/May/2020:09:32:26 +0800] "GET /xingrg/javascript/jquery_tools/list_manager.js HTTP/1.1" 304 -
114.86.190.97 - - [15/May/2020:09:32:26 +0800] "GET /xingrg/javascript/auto/jquery.autocomplete.js HTTP/1.1" 304 -
114.86.190.97 - - [15/May/2020:09:32:26 +0800] "GET /xingrg/javascript/easyui/easyloader.js HTTP/1.1" 304 -
114.86.190.97 - - [15/May/2020:09:32:26 +0800] "GET /xingrg/javascript/jquery.utils.js HTTP/1.1" 304 -
114.86.190.97 - - [15/May/2020:09:32:26 +0800] "GET /xingrg/javascript/jquery.cookie.js HTTP/1.1" 304 -
114.86.190.97 - - [15/May/2020:09:32:26 +0800] "GET /xingrg/javascript/print/LodopFuncs.js HTTP/1.1" 304 -
114.86.190.97 - - [15/May/2020:09:32:26 +0800] "GET /xingrg/javascript/easyui/themes/icons/edit_add_new.png HTTP/1.1" 304 -
114.86.190.97 - - [15/May/2020:09:32:26 +0800] "GET /xingrg/javascript/easyui/themes/icons/cance_new.png HTTP/1.1" 304 -
114.86.190.97 - - [15/May/2020:09:32:26 +0800] "GET /xingrg/javascript/easyui/themes/icons/check_new.png HTTP/1.1" 304 -
114.86.190.97 - - [15/May/2020:09:32:26 +0800] "GET /xingrg/javascript/easyui/themes/icons/field_new.png HTTP/1.1" 304 -
114.86.190.97 - - [15/May/2020:09:32:26 +0800] "GET /xingrg/javascript/easyui/themes/icons/import_new.png HTTP/1.1" 304 -
114.86.190.97 - - [15/May/2020:09:32:26 +0800] "GET /xingrg/javascript/easyui/plugins/jquery.parser.js HTTP/1.1" 304 -
114.86.190.97 - - [15/May/2020:09:32:26 +0800] "GET /xingrg/images/control/ajaxLoader.gif HTTP/1.1" 304 -
114.86.190.97 - - [15/May/2020:09:32:26 +0800] "GET /xingrg/javascript/jquery_easy_ui/themes/icons/area.png HTTP/1.1" 304 -
114.86.190.97 - - [15/May/2020:09:32:26 +0800] "GET /xingrg/javascript/jquery_easy_ui/themes/icons/rest.png HTTP/1.1" 304 -
114.86.190.97 - - [15/May/2020:09:32:27 +0800] "POST /xingrg/kc/buy/cgsh_list_operate.html HTTP/1.1" 200 876
124.77.110.230 - - [15/May/2020:09:32:27 +0800] "GET /xingrg/kc/buy/cgsh_order_operate.html?command=get_materiel&rest_code=00107&code=00101008168&supplier_code=00100006&order_time=2020-05-15 HTTP/1.1" 200 413
180.162.232.172 - - [15/May/2020:09:32:29 +0800] "GET /xingrg/all/function/internal_message.html?_=1589506469537&CODE_STATE=getMsg HTTP/1.1" 200 27
114.84.33.255 - - [15/May/2020:09:32:33 +0800] "GET /xingrg/check_reg.html?_=1589506345758 HTTP/1.1" 200 22
114.84.33.255 - - [15/May/2020:09:32:33 +0800] "GET /xingrg/all/function/internal_message.html?_=1589506345755&CODE_STATE=getMsg HTTP/1.1" 200 27
172.17.0.103 - - [15/May/2020:09:32:33 +0800] "GET /xingrg/all/function/internal_message.html?_=1589506352586&CODE_STATE=getMsg HTTP/1.1" 200 27
114.88.170.9 - - [15/May/2020:09:32:34 +0800] "GET /xingrg/all/function/internal_message.html?_=1589506348640&CODE_STATE=getMsg HTTP/1.1" 200 27
180.175.212.199 - - [15/May/2020:09:32:34 +0800] "GET /xingrg/all/function/internal_message.html?_=1589506350874&CODE_STATE=getMsg HTTP/1.1" 200 27
114.84.151.157 - - [15/May/2020:09:32:35 +0800] "GET /xingrg/kc/buy/cgsh_order_operate.html?command=get_materiel&rest_code=00141&code=00101019364&supplier_code=00100007&order_time=2020-05-15 HTTP/1.1" 200 427
124.77.110.230 - - [15/May/2020:09:32:35 +0800] "GET /xingrg/kc/buy/cgsh_order_operate.html?command=get_materiel&rest_code=00107&code=00101009015&supplier_code=00100006&order_time=2020-05-15 HTTP/1.1" 200 416
114.86.190.97 - - [15/May/2020:09:32:38 +0800] "GET /xingrg/javascript/auto/indicator.gif HTTP/1.1" 404 1066
124.77.110.230 - - [15/May/2020:09:32:39 +0800] "GET /xingrg/kc/buy/cgsh_order_operate.html?command=get_materiel&rest_code=00107&code=00101009011&supplier_code=00100006&order_time=2020-05-15 HTTP/1.1" 200 416
180.175.212.199 - - [15/May/2020:09:32:40 +0800] "GET /xingrg/all/function/internal_message.html?_=1589506368632&CODE_STATE=getMsg HTTP/1.1" 200 27
114.86.190.97 - - [15/May/2020:09:32:41 +0800] "POST /xingrg/kc/buy/cgsh_list_operate.html HTTP/1.1" 200 5163
180.162.232.172 - - [15/May/2020:09:32:47 +0800] "GET /xingrg/all/function/internal_message.html?_=1589506366613&CODE_STATE=getMsg HTTP/1.1" 200 27
124.77.110.230 - - [15/May/2020:09:32:47 +0800] "GET /xingrg/kc/buy/cgsh_order_operate.html?command=get_materiel&rest_code=00107&code=00101008041&supplier_code=00100006&order_time=2020-05-15 HTTP/1.1" 200 408
114.84.151.157 - - [15/May/2020:09:32:47 +0800] "GET /xingrg/kc/buy/cgsh_order_operate.html?command=get_materiel&rest_code=00141&code=00101019599&supplier_code=00100007&order_time=2020-05-15 HTTP/1.1" 200 404
114.84.33.255 - - [15/May/2020:09:32:51 +0800] "GET /xingrg/check_reg.html?_=1589506386557 HTTP/1.1" 200 22
124.77.110.230 - - [15/May/2020:09:32:51 +0800] "POST /xingrg/kc/buy/cgsh_order_operate.html HTTP/1.1" 200 2065
114.84.33.255 - - [15/May/2020:09:32:51 +0800] "GET /xingrg/all/function/internal_message.html?_=1589506387099&CODE_STATE=getMsg HTTP/1.1" 200 27
120.253.135.82 - - [15/May/2020:09:32:52 +0800] "GET /xingrg/all/function/internal_message.html?_=1589506123788&CODE_STATE=getMsg HTTP/1.1" 200 27
172.17.0.128 - - [15/May/2020:09:32:53 +0800] "GET /xingrg/all/function/internal_message.html?_=1589506167588&CODE_STATE=getMsg HTTP/1.1" 200 27
114.84.33.255 - - [15/May/2020:09:32:54 +0800] "GET /xingrg/all/function/internal_message.html?_=1589506389227&CODE_STATE=getMsg HTTP/1.1" 200 27
172.17.0.240 - - [15/May/2020:09:32:55 +0800] "GET /xingrg/all/function/internal_message.html?_=1589506371706&CODE_STATE=getMsg HTTP/1.1" 302 -
124.77.110.230 - - [15/May/2020:09:32:56 +0800] "GET /xingrg/kc/buy/cgsh_order_operate.html?command=get_materiel&rest_code=00107&code=00101015033&supplier_code=00100006&order_time=2020-05-15 HTTP/1.1" 200 408
101.85.52.41 - - [15/May/2020:09:32:58 +0800] "GET /xingrg/check_reg.html?_=1589505901610 HTTP/1.1" 200 22
114.84.151.157 - - [15/May/2020:09:33:05 +0800] "GET /xingrg/kc/buy/cgsh_order_operate.html?command=get_materiel&rest_code=00141&code=00101015006&supplier_code=00100007&order_time=2020-05-15 HTTP/1.1" 200 412
114.84.151.157 - - [15/May/2020:09:33:05 +0800] "GET /xingrg/all/function/internal_message.html?_=1589506388676&CODE_STATE=getMsg HTTP/1.1" 200 27
61.172.5.115 - - [15/May/2020:09:33:09 +0800] "GET /xingrg/check_reg.html?_=1589506387855 HTTP/1.1" 200 22
61.172.5.115 - - [15/May/2020:09:33:09 +0800] "GET /xingrg/all/function/internal_message.html?_=1589506387857&CODE_STATE=getMsg HTTP/1.1" 200 27
124.77.110.230 - - [15/May/2020:09:33:09 +0800] "GET /xingrg/kc/buy/cgsh_order_operate.html?command=get_materiel&rest_code=00107&code=00101015062&supplier_code=00100006&order_time=2020-05-15 HTTP/1.1" 200 412
222.69.134.33 - - [15/May/2020:09:33:10 +0800] "GET /xingrg/all/function/internal_message.html?_=1589506381182&CODE_STATE=getMsg HTTP/1.1" 200 27
114.84.151.157 - - [15/May/2020:09:33:13 +0800] "GET /xingrg/kc/buy/cgsh_order_operate.html?command=get_materiel&rest_code=00141&code=00101015076&supplier_code=00100007&order_time=2020-05-15 HTTP/1.1" 200 415
172.17.0.101 - - [15/May/2020:09:33:14 +0800] "GET /xingrg/all/function/internal_message.html?_=1589506425428&CODE_STATE=getMsg HTTP/1.1" 200 27
180.175.212.199 - - [15/May/2020:09:33:15 +0800] "GET /xingrg/kc/buy/cgsh_order_operate.html?command=get_materiel&rest_code=00102&code=00101007061&supplier_code=00100002&order_time=2020-05-15 HTTP/1.1" 200 409
114.86.190.97 - - [15/May/2020:09:33:18 +0800] "GET /xingrg/all/function/internal_message.html?_=1589506404259&CODE_STATE=getMsg HTTP/1.1" 200 27
180.175.212.199 - - [15/May/2020:09:33:20 +0800] "GET /xingrg/check_reg.html?_=1589506408027 HTTP/1.1" 200 22
114.88.170.9 - - [15/May/2020:09:33:20 +0800] "GET /xingrg/check_reg.html?_=1589506394554 HTTP/1.1" 200 22
124.77.110.230 - - [15/May/2020:09:33:21 +0800] "GET /xingrg/all/function/internal_message.html?_=1589505596196&CODE_STATE=getMsg HTTP/1.1" 200 27
124.77.110.230 - - [15/May/2020:09:33:23 +0800] "GET /xingrg/kc/buy/cgsh_order_operate.html?command=get_materiel&rest_code=00107&code=00101008290&supplier_code=00100006&order_time=2020-05-15 HTTP/1.1" 200 416
114.84.151.157 - - [15/May/2020:09:33:25 +0800] "GET /xingrg/kc/buy/cgsh_order_operate.html?command=get_materiel&rest_code=00141&code=00101008356&supplier_code=00100007&order_time=2020-05-15 HTTP/1.1" 200 408
114.86.190.97 - - [15/May/2020:09:33:26 +0800] "POST /xingrg/kc/buy/cgsh_list_operate.html HTTP/1.1" 200 569
180.162.232.172 - - [15/May/2020:09:33:28 +0800] "GET /xingrg/check_reg.html?_=1589506529044 HTTP/1.1" 200 22
180.162.232.172 - - [15/May/2020:09:33:29 +0800] "GET /xingrg/all/function/internal_message.html?_=1589506529548&CODE_STATE=getMsg HTTP/1.1" 200 27
114.86.190.97 - - [15/May/2020:09:33:29 +0800] "POST /xingrg/kc/buy/cgsh_list_operate.html HTTP/1.1" 200 583
120.253.135.82 - - [15/May/2020:09:33:31 +0800] "POST /xingrg/kc/pszx/mdth_order_new_list.html HTTP/1.1" 200 4648
114.84.33.255 - - [15/May/2020:09:33:33 +0800] "GET /xingrg/all/function/internal_message.html?_=1589506405759&CODE_STATE=getMsg HTTP/1.1" 200 27
172.17.0.103 - - [15/May/2020:09:33:33 +0800] "GET /xingrg/all/function/internal_message.html?_=1589506412579&CODE_STATE=getMsg HTTP/1.1" 200 27
114.84.151.157 - - [15/May/2020:09:33:33 +0800] "GET /xingrg/kc/buy/cgsh_order_operate.html?command=get_materiel&rest_code=00141&code=00101008362&supplier_code=00100007&order_time=2020-05-15 HTTP/1.1" 200 408
114.88.170.9 - - [15/May/2020:09:33:34 +0800] "GET /xingrg/all/function/internal_message.html?_=1589506408662&CODE_STATE=getMsg HTTP/1.1" 200 27
120.253.135.82 - - [15/May/2020:09:33:34 +0800] "POST /xingrg/kc/pszx/mdth_order_new_list.html HTTP/1.1" 200 288
180.175.212.199 - - [15/May/2020:09:33:34 +0800] "GET /xingrg/all/function/internal_message.html?_=1589506410889&CODE_STATE=getMsg HTTP/1.1" 200 27
124.77.110.230 - - [15/May/2020:09:33:36 +0800] "GET /xingrg/kc/buy/cgsh_order_operate.html?command=get_materiel&rest_code=00107&code=00101008209&supplier_code=00100006&order_time=2020-05-15 HTTP/1.1" 200 408
114.86.190.97 - - [15/May/2020:09:33:37 +0800] "GET /xingrg/kc/buy/cgsh_order_info.html?code=212020041603857 HTTP/1.1" 200 53455
114.86.190.97 - - [15/May/2020:09:33:37 +0800] "GET /xingrg/css/site.css HTTP/1.1" 304 -
114.86.190.97 - - [15/May/2020:09:33:37 +0800] "GET /xingrg/css/base.css HTTP/1.1" 304 -
114.86.190.97 - - [15/May/2020:09:33:37 +0800] "GET /xingrg/javascript/jquery_tools/datebox.css HTTP/1.1" 304 -
114.86.190.97 - - [15/May/2020:09:33:37 +0800] "GET /xingrg/javascript/easyui/themes/default/easyui.css HTTP/1.1" 304 -
114.86.190.97 - - [15/May/2020:09:33:37 +0800] "GET /xingrg/javascript/jquery_tools/fix.css HTTP/1.1" 304 -
114.86.190.97 - - [15/May/2020:09:33:37 +0800] "GET /xingrg/javascript/jquery_tools/table.css HTTP/1.1" 304 -
114.86.190.97 - - [15/May/2020:09:33:37 +0800] "GET /xingrg/javascript/auto/jquery.autocomplete.css HTTP/1.1" 304 -
114.86.190.97 - - [15/May/2020:09:33:37 +0800] "GET /xingrg/javascript/easyui/themes/icon.css HTTP/1.1" 304 -
114.86.190.97 - - [15/May/2020:09:33:37 +0800] "GET /xingrg/javascript/pic_change.js HTTP/1.1" 304 -
114.86.190.97 - - [15/May/2020:09:33:37 +0800] "GET /xingrg/javascript/jquery_tools/jquery.tools.min.js HTTP/1.1" 304 -
114.86.190.97 - - [15/May/2020:09:33:37 +0800] "GET /xingrg/javascript/jquery_tools/jquery.tools.extend.js HTTP/1.1" 304 -
114.86.190.97 - - [15/May/2020:09:33:37 +0800] "GET /xingrg/javascript/jquery_tools/jquery.tools.hotkey.js HTTP/1.1" 304 -
114.86.190.97 - - [15/May/2020:09:33:37 +0800] "GET /xingrg/javascript/jquery_tools/jquery.tools.table.js HTTP/1.1" 304 -
114.86.190.97 - - [15/May/2020:09:33:37 +0800] "GET /xingrg/javascript/auto/jquery.autocomplete.js HTTP/1.1" 304 -
114.86.190.97 - - [15/May/2020:09:33:37 +0800] "GET /xingrg/javascript/easyui/easyloader.js HTTP/1.1" 304 -
114.86.190.97 - - [15/May/2020:09:33:37 +0800] "GET /xingrg/javascript/convert.js HTTP/1.1" 304 -
114.86.190.97 - - [15/May/2020:09:33:37 +0800] "GET /xingrg/javascript/jquery.utils.js HTTP/1.1" 304 -
114.86.190.97 - - [15/May/2020:09:33:37 +0800] "GET /xingrg/javascript/json2.js HTTP/1.1" 304 -
114.86.190.97 - - [15/May/2020:09:33:37 +0800] "GET /xingrg/javascript/jquery.cookie.js HTTP/1.1" 304 -
114.86.190.97 - - [15/May/2020:09:33:37 +0800] "GET /xingrg/javascript/jquery_tools/order_manager.js HTTP/1.1" 304 -
114.86.190.97 - - [15/May/2020:09:33:37 +0800] "GET /xingrg/javascript/print/kc_print.js HTTP/1.1" 304 -
114.86.190.97 - - [15/May/2020:09:33:37 +0800] "GET /xingrg/javascript/print/LodopFuncs.js HTTP/1.1" 304 -
114.86.190.97 - - [15/May/2020:09:33:37 +0800] "GET /xingrg/words/20200515092648_words.js HTTP/1.1" 200 727200
114.86.190.97 - - [15/May/2020:09:33:37 +0800] "GET /xingrg/javascript/easyui/themes/icons/copy_new.png HTTP/1.1" 304 -
114.86.190.97 - - [15/May/2020:09:33:37 +0800] "GET /xingrg/javascript/easyui/themes/icons/print.png HTTP/1.1" 304 -
114.86.190.97 - - [15/May/2020:09:33:37 +0800] "GET /xingrg/javascript/easyui/themes/icons/cancel.png HTTP/1.1" 304 -
114.86.190.97 - - [15/May/2020:09:33:37 +0800] "GET /xingrg/javascript/easyui/themes/default/images/menu_downarrow.png HTTP/1.1" 304 -
114.86.190.97 - - [15/May/2020:09:33:38 +0800] "GET /xingrg/javascript/easyui/plugins/jquery.parser.js HTTP/1.1" 304 -
114.86.190.97 - - [15/May/2020:09:33:38 +0800] "GET /xingrg/javascript/easyui/themes/default/validatebox.css HTTP/1.1" 404 1104
114.86.190.97 - - [15/May/2020:09:33:38 +0800] "GET /xingrg/javascript/easyui/plugins/jquery.validatebox.js HTTP/1.1" 304 -
114.86.190.97 - - [15/May/2020:09:33:38 +0800] "GET /xingrg/javascript/easyui/plugins/jquery.numberbox.js HTTP/1.1" 304 -
114.86.190.97 - - [15/May/2020:09:33:38 +0800] "POST /xingrg/kc/buy/cgsh_order_operate.html HTTP/1.1" 200 6560
114.86.190.97 - - [15/May/2020:09:33:38 +0800] "GET /xingrg/javascript/easyui/themes/icons/edit_remove.png HTTP/1.1" 304 -
120.253.135.82 - - [15/May/2020:09:33:39 +0800] "POST /xingrg/kc/pszx/mdth_order_new_list.html HTTP/1.1" 200 199
114.84.151.157 - - [15/May/2020:09:33:39 +0800] "GET /xingrg/kc/buy/cgsh_order_operate.html?command=get_materiel&rest_code=00141&code=00101008286&supplier_code=00100007&order_time=2020-05-15 HTTP/1.1" 200 408
180.175.212.199 - - [15/May/2020:09:33:40 +0800] "GET /xingrg/all/function/internal_message.html?_=1589506428648&CODE_STATE=getMsg HTTP/1.1" 200 27
180.175.212.199 - - [15/May/2020:09:33:40 +0800] "GET /xingrg/check_reg.html?_=1589506616754 HTTP/1.1" 200 22
114.86.190.97 - - [15/May/2020:09:33:41 +0800] "GET /xingrg/javascript/jquery_easy_ui/themes/default/images/tabs_active.png HTTP/1.1" 304 -
114.84.33.255 - - [15/May/2020:09:33:41 +0800] "GET /xingrg/system/rest/query_items.html?_=1589506414077&table=menu&page=1&rows=20&categoryId=&key=1983 HTTP/1.1" 200 291
114.84.33.255 - - [15/May/2020:09:33:43 +0800] "GET /xingrg/system/rest/query_items.html?_=1589506415732&table=menu&page=1&rows=20&categoryId=&key=1983 HTTP/1.1" 200 291
114.84.33.255 - - [15/May/2020:09:33:44 +0800] "GET /xingrg/system/rest/get_item.html?table=menu&id=1983&_=1589506417028 HTTP/1.1" 200 987
114.84.33.255 - - [15/May/2020:09:33:44 +0800] "GET /xingrg/system/rest/get_item.html?table=menu&target=menu_rest&id=1983&_=1589506417056 HTTP/1.1" 200 781
114.84.33.255 - - [15/May/2020:09:33:44 +0800] "GET /xingrg/system/rest/get_item.html?table=menu&target=cook_mode&id=1983&_=1589506417054 HTTP/1.1" 200 16446
114.84.33.255 - - [15/May/2020:09:33:44 +0800] "GET /xingrg/system/rest/get_infos.html?command=menu_img_show&id=1983 HTTP/1.1" 200 5
120.253.135.82 - - [15/May/2020:09:33:45 +0800] "GET /xingrg/kc/pszx/mdth_order_info.html?code=322020051400013 HTTP/1.1" 200 22012
120.253.135.82 - - [15/May/2020:09:33:46 +0800] "POST /xingrg/kc/pszx/mdth_order_new_info.html HTTP/1.1" 200 560
120.253.135.82 - - [15/May/2020:09:33:46 +0800] "GET /xingrg/javascript/easyui/themes/default/validatebox.css HTTP/1.1" 404 1104
114.86.190.97 - - [15/May/2020:09:33:47 +0800] "POST /xingrg/kc/buy/cgsh_list_operate.html HTTP/1.1" 200 1876
180.162.232.172 - - [15/May/2020:09:33:47 +0800] "GET /xingrg/all/function/internal_message.html?_=1589506426613&CODE_STATE=getMsg HTTP/1.1" 200 27
114.84.33.255 - - [15/May/2020:09:33:47 +0800] "GET /xingrg/system/rest/get_item.html?table=menu&target=menu_rest_detail&id=1983&sid=12&_=1589506420208 HTTP/1.1" 200 428
114.86.190.97 - - [15/May/2020:09:33:48 +0800] "POST /xingrg/kc/buy/cgsh_list_operate.html HTTP/1.1" 200 203
114.84.151.157 - - [15/May/2020:09:33:49 +0800] "GET /xingrg/kc/buy/cgsh_order_operate.html?command=get_materiel&rest_code=00141&code=00101008041&supplier_code=00100007&order_time=2020-05-15 HTTP/1.1" 200 409
120.253.135.82 - - [15/May/2020:09:33:49 +0800] "POST /xingrg/all/common/load_combo.html?type=employee HTTP/1.1" 200 2013
114.86.190.97 - - [15/May/2020:09:33:51 +0800] "POST /xingrg/kc/buy/cgsh_list_operate.html HTTP/1.1" 200 5163
114.84.33.255 - - [15/May/2020:09:33:51 +0800] "GET /xingrg/all/function/internal_message.html?_=1589506447113&CODE_STATE=getMsg HTTP/1.1" 200 27
120.253.135.82 - - [15/May/2020:09:33:52 +0800] "GET /xingrg/all/function/internal_message.html?_=1589506183802&CODE_STATE=getMsg HTTP/1.1" 200 27
172.17.0.128 - - [15/May/2020:09:33:53 +0800] "GET /xingrg/all/function/internal_message.html?_=1589506227588&CODE_STATE=getMsg HTTP/1.1" 200 27
114.84.33.255 - - [15/May/2020:09:33:54 +0800] "GET /xingrg/all/function/internal_message.html?_=1589506449233&CODE_STATE=getMsg HTTP/1.1" 200 27
124.77.110.230 - - [15/May/2020:09:33:55 +0800] "POST /xingrg/kc/buy/cgsh_order_operate.html HTTP/1.1" 200 2065
172.17.0.240 - - [15/May/2020:09:33:55 +0800] "GET /xingrg/check_reg.html?_=1589506431701 HTTP/1.1" 302 -
172.17.0.240 - - [15/May/2020:09:33:55 +0800] "GET /xingrg/all/function/internal_message.html?_=1589506431702&CODE_STATE=getMsg HTTP/1.1" 302 -
120.253.135.82 - - [15/May/2020:09:33:56 +0800] "POST /xingrg/all/common/load_combo.html?type=base HTTP/1.1" 200 899
114.86.190.97 - - [15/May/2020:09:33:56 +0800] "GET /xingrg/javascript/jquery_tools/images/next.gif HTTP/1.1" 404 1086
114.86.190.97 - - [15/May/2020:09:33:56 +0800] "GET /xingrg/javascript/jquery_tools/images/prev.gif HTTP/1.1" 404 1086
114.84.33.255 - - [15/May/2020:09:33:58 +0800] "POST /xingrg/system/rest/edit_item.html HTTP/1.1" 200 4
114.84.33.255 - - [15/May/2020:09:33:58 +0800] "GET /xingrg/system/rest/get_item.html?table=menu&target=menu_rest&id=1983&_=1589506431410 HTTP/1.1" 200 780
124.77.110.230 - - [15/May/2020:09:33:59 +0800] "GET /xingrg/kc/buy/cgsh_order_operate.html?command=get_materiel&rest_code=00107&code=00101009062&supplier_code=00100006&order_time=2020-05-15 HTTP/1.1" 200 412
120.253.135.82 - - [15/May/2020:09:34:00 +0800] "POST /xingrg/kc/pszx/mdth_order_new_info.html HTTP/1.1" 200 37
114.84.151.157 - - [15/May/2020:09:34:01 +0800] "GET /xingrg/kc/buy/cgsh_order_operate.html?command=get_materiel&rest_code=00141&code=00101008337&supplier_code=00100007&order_time=2020-05-15 HTTP/1.1" 200 410
120.253.135.82 - - [15/May/2020:09:34:01 +0800] "POST /xingrg/kc/pszx/mdth_order_new_info.html HTTP/1.1" 200 574
114.86.190.97 - - [15/May/2020:09:34:02 +0800] "POST /xingrg/kc/buy/cgsh_list_operate.html HTTP/1.1" 200 5163
114.84.151.157 - - [15/May/2020:09:34:05 +0800] "GET /xingrg/check_reg.html?_=1589506448661 HTTP/1.1" 200 22
114.84.151.157 - - [15/May/2020:09:34:05 +0800] "GET /xingrg/all/function/internal_message.html?_=1589506448662&CODE_STATE=getMsg HTTP/1.1" 200 27
120.253.135.82 - - [15/May/2020:09:34:05 +0800] "POST /xingrg/kc/pszx/mdth_order_new_info.html HTTP/1.1" 200 37
114.86.190.97 - - [15/May/2020:09:34:06 +0800] "POST /xingrg/kc/buy/cgsh_list_operate.html HTTP/1.1" 200 3312
120.253.135.82 - - [15/May/2020:09:34:06 +0800] "POST /xingrg/kc/pszx/mdth_order_new_info.html HTTP/1.1" 200 574
120.253.135.82 - - [15/May/2020:09:34:07 +0800] "POST /xingrg/kc/pszx/mdth_order_new_info.html HTTP/1.1" 200 12
114.84.33.255 - - [15/May/2020:09:34:07 +0800] "GET /xingrg/system/rest/query_items.html?_=1589506440029&table=menu&page=1&rows=20&categoryId=&key=2023 HTTP/1.1" 200 257
120.253.135.82 - - [15/May/2020:09:34:08 +0800] "GET /xingrg/kc/pszx/mdth_order_info.html?code=322020051400013 HTTP/1.1" 200 20072
120.253.135.82 - - [15/May/2020:09:34:08 +0800] "POST /xingrg/kc/pszx/mdth_order_new_info.html HTTP/1.1" 200 574
120.253.135.82 - - [15/May/2020:09:34:08 +0800] "GET /xingrg/javascript/easyui/themes/default/validatebox.css HTTP/1.1" 404 1104
114.84.33.255 - - [15/May/2020:09:34:08 +0800] "GET /xingrg/system/rest/query_items.html?_=1589506441453&table=menu&page=1&rows=20&categoryId=&key=2023 HTTP/1.1" 200 257
124.77.110.230 - - [15/May/2020:09:34:09 +0800] "GET /xingrg/kc/buy/cgsh_order_operate.html?command=get_materiel&rest_code=00107&code=00101008036&supplier_code=00100006&order_time=2020-05-15 HTTP/1.1" 200 408
61.172.5.115 - - [15/May/2020:09:34:09 +0800] "GET /xingrg/all/function/internal_message.html?_=1589506447859&CODE_STATE=getMsg HTTP/1.1" 200 27
114.86.190.97 - - [15/May/2020:09:34:09 +0800] "POST /xingrg/kc/buy/cgsh_list_operate.html HTTP/1.1" 200 424
114.84.33.255 - - [15/May/2020:09:34:09 +0800] "GET /xingrg/system/rest/get_item.html?table=menu&id=2023&_=1589506442069 HTTP/1.1" 200 955
114.84.33.255 - - [15/May/2020:09:34:09 +0800] "GET /xingrg/system/rest/get_item.html?table=menu&target=menu_rest&id=2023&_=1589506442089 HTTP/1.1" 200 855
114.84.33.255 - - [15/May/2020:09:34:09 +0800] "GET /xingrg/system/rest/get_item.html?table=menu&target=cook_mode&id=2023&_=1589506442084 HTTP/1.1" 200 27807
114.84.33.255 - - [15/May/2020:09:34:09 +0800] "GET /xingrg/system/rest/get_infos.html?command=menu_img_show&id=2023 HTTP/1.1" 200 5
222.69.134.33 - - [15/May/2020:09:34:10 +0800] "GET /xingrg/all/function/internal_message.html?_=1589506441185&CODE_STATE=getMsg HTTP/1.1" 200 27
120.253.135.82 - - [15/May/2020:09:34:10 +0800] "GET /xingrg/kc/print/load_data.html?order_code=322020051400013&kc_code=mdth&condition= HTTP/1.1" 200 869
114.86.190.97 - - [15/May/2020:09:34:11 +0800] "POST /xingrg/kc/buy/cgsh_list_operate.html HTTP/1.1" 200 578
114.86.190.97 - - [15/May/2020:09:34:13 +0800] "POST /xingrg/kc/buy/cgsh_list_operate.html HTTP/1.1" 200 363
114.84.33.255 - - [15/May/2020:09:34:13 +0800] "GET /xingrg/system/rest/get_item.html?table=menu&target=menu_rest_detail&id=2023&sid=12&_=1589506445863 HTTP/1.1" 200 428
172.17.0.101 - - [15/May/2020:09:34:14 +0800] "GET /xingrg/all/function/internal_message.html?_=1589506485430&CODE_STATE=getMsg HTTP/1.1" 200 27
114.84.33.255 - - [15/May/2020:09:34:16 +0800] "POST /xingrg/system/rest/edit_item.html HTTP/1.1" 200 4
114.84.33.255 - - [15/May/2020:09:34:16 +0800] "GET /xingrg/system/rest/get_item.html?table=menu&target=menu_rest&id=2023&_=1589506449153 HTTP/1.1" 200 855
114.86.190.97 - - [15/May/2020:09:34:16 +0800] "GET /xingrg/kc/buy/cgsh_order_info.html?code=212020032302356 HTTP/1.1" 200 53455
114.86.190.97 - - [15/May/2020:09:34:16 +0800] "GET /xingrg/css/base.css HTTP/1.1" 304 -
114.86.190.97 - - [15/May/2020:09:34:16 +0800] "GET /xingrg/css/site.css HTTP/1.1" 304 -
114.86.190.97 - - [15/May/2020:09:34:16 +0800] "GET /xingrg/javascript/jquery_tools/datebox.css HTTP/1.1" 304 -
114.86.190.97 - - [15/May/2020:09:34:16 +0800] "GET /xingrg/javascript/easyui/themes/default/easyui.css HTTP/1.1" 304 -
114.86.190.97 - - [15/May/2020:09:34:16 +0800] "GET /xingrg/javascript/easyui/themes/icon.css HTTP/1.1" 304 -
114.86.190.97 - - [15/May/2020:09:34:16 +0800] "GET /xingrg/javascript/auto/jquery.autocomplete.css HTTP/1.1" 304 -
114.86.190.97 - - [15/May/2020:09:34:16 +0800] "GET /xingrg/javascript/jquery_tools/fix.css HTTP/1.1" 304 -
114.86.190.97 - - [15/May/2020:09:34:16 +0800] "GET /xingrg/javascript/jquery_tools/table.css HTTP/1.1" 304 -
114.86.190.97 - - [15/May/2020:09:34:16 +0800] "GET /xingrg/javascript/jquery_tools/jquery.tools.hotkey.js HTTP/1.1" 304 -
114.86.190.97 - - [15/May/2020:09:34:16 +0800] "GET /xingrg/javascript/jquery_tools/jquery.tools.table.js HTTP/1.1" 304 -
114.86.190.97 - - [15/May/2020:09:34:16 +0800] "GET /xingrg/javascript/auto/jquery.autocomplete.js HTTP/1.1" 304 -
114.86.190.97 - - [15/May/2020:09:34:16 +0800] "GET /xingrg/javascript/jquery_tools/jquery.tools.extend.js HTTP/1.1" 304 -
114.86.190.97 - - [15/May/2020:09:34:16 +0800] "GET /xingrg/javascript/jquery.utils.js HTTP/1.1" 304 -
114.86.190.97 - - [15/May/2020:09:34:16 +0800] "GET /xingrg/javascript/easyui/easyloader.js HTTP/1.1" 304 -
114.86.190.97 - - [15/May/2020:09:34:16 +0800] "GET /xingrg/javascript/jquery_tools/order_manager.js HTTP/1.1" 304 -
114.86.190.97 - - [15/May/2020:09:34:16 +0800] "GET /xingrg/javascript/convert.js HTTP/1.1" 304 -
114.86.190.97 - - [15/May/2020:09:34:16 +0800] "GET /xingrg/javascript/json2.js HTTP/1.1" 304 -
114.86.190.97 - - [15/May/2020:09:34:16 +0800] "GET /xingrg/javascript/jquery_tools/jquery.tools.min.js HTTP/1.1" 304 -
114.86.190.97 - - [15/May/2020:09:34:16 +0800] "GET /xingrg/javascript/print/kc_print.js HTTP/1.1" 304 -
114.86.190.97 - - [15/May/2020:09:34:16 +0800] "GET /xingrg/javascript/print/LodopFuncs.js HTTP/1.1" 304 -
114.86.190.97 - - [15/May/2020:09:34:16 +0800] "GET /xingrg/javascript/jquery.cookie.js HTTP/1.1" 304 -
114.86.190.97 - - [15/May/2020:09:34:16 +0800] "GET /xingrg/javascript/pic_change.js HTTP/1.1" 304 -
114.86.190.97 - - [15/May/2020:09:34:16 +0800] "GET /xingrg/words/20200515092648_words.js HTTP/1.1" 304 -
114.86.190.97 - - [15/May/2020:09:34:17 +0800] "GET /xingrg/javascript/easyui/themes/icons/print.png HTTP/1.1" 304 -
114.86.190.97 - - [15/May/2020:09:34:17 +0800] "GET /xingrg/javascript/easyui/themes/icons/copy_new.png HTTP/1.1" 304 -
114.86.190.97 - - [15/May/2020:09:34:17 +0800] "GET /xingrg/javascript/easyui/themes/icons/cancel.png HTTP/1.1" 304 -
114.86.190.97 - - [15/May/2020:09:34:17 +0800] "GET /xingrg/javascript/easyui/themes/default/images/menu_downarrow.png HTTP/1.1" 304 -
114.86.190.97 - - [15/May/2020:09:34:17 +0800] "GET /xingrg/javascript/easyui/plugins/jquery.parser.js HTTP/1.1" 304 -
114.86.190.97 - - [15/May/2020:09:34:17 +0800] "GET /xingrg/javascript/easyui/themes/default/validatebox.css HTTP/1.1" 404 1104
114.86.190.97 - - [15/May/2020:09:34:17 +0800] "GET /xingrg/javascript/easyui/plugins/jquery.validatebox.js HTTP/1.1" 304 -
114.86.190.97 - - [15/May/2020:09:34:17 +0800] "GET /xingrg/javascript/easyui/plugins/jquery.numberbox.js HTTP/1.1" 304 -
124.77.110.230 - - [15/May/2020:09:34:17 +0800] "POST /xingrg/kc/buy/cgsh_order_operate.html HTTP/1.1" 200 37
114.86.190.97 - - [15/May/2020:09:34:17 +0800] "POST /xingrg/kc/buy/cgsh_order_operate.html HTTP/1.1" 200 1812
114.86.190.97 - - [15/May/2020:09:34:18 +0800] "GET /xingrg/javascript/easyui/themes/icons/edit_remove.png HTTP/1.1" 304 -
114.86.190.97 - - [15/May/2020:09:34:18 +0800] "GET /xingrg/all/function/internal_message.html?_=1589506464274&CODE_STATE=getMsg HTTP/1.1" 200 27
124.77.110.230 - - [15/May/2020:09:34:18 +0800] "POST /xingrg/kc/buy/cgsh_order_operate.html HTTP/1.1" 200 41086
124.77.110.230 - - [15/May/2020:09:34:20 +0800] "GET /xingrg/kc/print/load_data.html?order_code=212020051505011&kc_code=cgsh&condition= HTTP/1.1" 200 15200
114.86.190.97 - - [15/May/2020:09:34:23 +0800] "GET /xingrg/javascript/jquery_easy_ui/themes/default/images/tabs_active.png HTTP/1.1" 304 -
124.77.110.230 - - [15/May/2020:09:34:24 +0800] "GET /xingrg/all/function/internal_message.html?_=1589505659413&CODE_STATE=getMsg HTTP/1.1" 200 27
114.86.190.97 - - [15/May/2020:09:34:24 +0800] "POST /xingrg/kc/buy/cgsh_list_operate.html HTTP/1.1" 200 3312
114.84.33.255 - - [15/May/2020:09:34:25 +0800] "GET /xingrg/system/rest/query_items.html?_=1589506458462&table=menu&page=1&rows=20&categoryId=&key=1991 HTTP/1.1" 200 261
114.86.190.97 - - [15/May/2020:09:34:25 +0800] "POST /xingrg/kc/buy/cgsh_list_operate.html HTTP/1.1" 200 437
120.253.135.82 - - [15/May/2020:09:34:26 +0800] "POST /xingrg/kc/pszx/mdth_order_new_list.html HTTP/1.1" 200 4642
114.86.190.97 - - [15/May/2020:09:34:27 +0800] "GET /xingrg/css/base.css HTTP/1.1" 304 -
114.86.190.97 - - [15/May/2020:09:34:27 +0800] "GET /xingrg/css/site.css HTTP/1.1" 304 -
114.86.190.97 - - [15/May/2020:09:34:27 +0800] "GET /xingrg/kc/buy/cgsh_order_info.html?code=212020032302355 HTTP/1.1" 200 53455
114.86.190.97 - - [15/May/2020:09:34:27 +0800] "GET /xingrg/javascript/jquery_tools/datebox.css HTTP/1.1" 304 -
114.86.190.97 - - [15/May/2020:09:34:27 +0800] "GET /xingrg/javascript/easyui/themes/default/easyui.css HTTP/1.1" 304 -
114.86.190.97 - - [15/May/2020:09:34:27 +0800] "GET /xingrg/javascript/easyui/themes/icon.css HTTP/1.1" 304 -
114.86.190.97 - - [15/May/2020:09:34:27 +0800] "GET /xingrg/javascript/auto/jquery.autocomplete.css HTTP/1.1" 304 -
114.86.190.97 - - [15/May/2020:09:34:27 +0800] "GET /xingrg/javascript/jquery_tools/fix.css HTTP/1.1" 304 -
114.86.190.97 - - [15/May/2020:09:34:27 +0800] "GET /xingrg/javascript/jquery_tools/table.css HTTP/1.1" 304 -
114.86.190.97 - - [15/May/2020:09:34:27 +0800] "GET /xingrg/javascript/pic_change.js HTTP/1.1" 304 -
114.86.190.97 - - [15/May/2020:09:34:27 +0800] "GET /xingrg/javascript/jquery_tools/jquery.tools.min.js HTTP/1.1" 304 -
114.86.190.97 - - [15/May/2020:09:34:27 +0800] "GET /xingrg/javascript/jquery_tools/jquery.tools.extend.js HTTP/1.1" 304 -
114.86.190.97 - - [15/May/2020:09:34:27 +0800] "GET /xingrg/javascript/jquery_tools/jquery.tools.hotkey.js HTTP/1.1" 304 -
114.86.190.97 - - [15/May/2020:09:34:27 +0800] "GET /xingrg/javascript/jquery_tools/jquery.tools.table.js HTTP/1.1" 304 -
114.86.190.97 - - [15/May/2020:09:34:27 +0800] "GET /xingrg/javascript/auto/jquery.autocomplete.js HTTP/1.1" 304 -
114.86.190.97 - - [15/May/2020:09:34:27 +0800] "GET /xingrg/javascript/easyui/easyloader.js HTTP/1.1" 304 -
114.86.190.97 - - [15/May/2020:09:34:27 +0800] "GET /xingrg/javascript/jquery.utils.js HTTP/1.1" 304 -
114.86.190.97 - - [15/May/2020:09:34:27 +0800] "GET /xingrg/javascript/jquery_tools/order_manager.js HTTP/1.1" 304 -
114.86.190.97 - - [15/May/2020:09:34:27 +0800] "GET /xingrg/javascript/convert.js HTTP/1.1" 304 -
114.86.190.97 - - [15/May/2020:09:34:27 +0800] "GET /xingrg/javascript/jquery.cookie.js HTTP/1.1" 304 -
114.86.190.97 - - [15/May/2020:09:34:27 +0800] "GET /xingrg/javascript/print/kc_print.js HTTP/1.1" 304 -
114.86.190.97 - - [15/May/2020:09:34:27 +0800] "GET /xingrg/javascript/print/LodopFuncs.js HTTP/1.1" 304 -
114.86.190.97 - - [15/May/2020:09:34:27 +0800] "GET /xingrg/javascript/json2.js HTTP/1.1" 304 -
114.86.190.97 - - [15/May/2020:09:34:27 +0800] "GET /xingrg/words/20200515092648_words.js HTTP/1.1" 304 -
114.86.190.97 - - [15/May/2020:09:34:27 +0800] "GET /xingrg/javascript/easyui/themes/icons/copy_new.png HTTP/1.1" 304 -
114.86.190.97 - - [15/May/2020:09:34:27 +0800] "GET /xingrg/javascript/easyui/themes/icons/print.png HTTP/1.1" 304 -
114.86.190.97 - - [15/May/2020:09:34:27 +0800] "GET /xingrg/javascript/easyui/themes/default/images/menu_downarrow.png HTTP/1.1" 304 -
114.86.190.97 - - [15/May/2020:09:34:27 +0800] "GET /xingrg/javascript/easyui/themes/icons/cancel.png HTTP/1.1" 304 -
114.84.33.255 - - [15/May/2020:09:34:27 +0800] "GET /xingrg/system/rest/query_items.html?_=1589506460345&table=menu&page=1&rows=20&categoryId=&key=1991 HTTP/1.1" 200 261
114.86.190.97 - - [15/May/2020:09:34:27 +0800] "GET /xingrg/javascript/easyui/plugins/jquery.parser.js HTTP/1.1" 304 -
114.86.190.97 - - [15/May/2020:09:34:27 +0800] "GET /xingrg/javascript/easyui/themes/default/validatebox.css HTTP/1.1" 404 1104
114.86.190.97 - - [15/May/2020:09:34:27 +0800] "GET /xingrg/javascript/easyui/plugins/jquery.validatebox.js HTTP/1.1" 304 -
114.86.190.97 - - [15/May/2020:09:34:27 +0800] "GET /xingrg/javascript/easyui/plugins/jquery.numberbox.js HTTP/1.1" 304 -
114.86.190.97 - - [15/May/2020:09:34:28 +0800] "POST /xingrg/kc/buy/cgsh_order_operate.html HTTP/1.1" 200 2408
114.86.190.97 - - [15/May/2020:09:34:28 +0800] "GET /xingrg/javascript/easyui/themes/icons/edit_remove.png HTTP/1.1" 304 -
114.84.33.255 - - [15/May/2020:09:34:28 +0800] "GET /xingrg/system/rest/get_item.html?table=menu&id=1991&_=1589506460955 HTTP/1.1" 200 950
114.84.33.255 - - [15/May/2020:09:34:28 +0800] "GET /xingrg/system/rest/get_item.html?table=menu&target=menu_rest&id=1991&_=1589506460975 HTTP/1.1" 200 909
114.84.33.255 - - [15/May/2020:09:34:28 +0800] "GET /xingrg/system/rest/get_item.html?table=menu&target=cook_mode&id=1991&_=1589506460972 HTTP/1.1" 200 6377
114.84.33.255 - - [15/May/2020:09:34:28 +0800] "GET /xingrg/system/rest/get_infos.html?command=menu_img_show&id=1991 HTTP/1.1" 200 5
180.162.232.172 - - [15/May/2020:09:34:29 +0800] "GET /xingrg/all/function/internal_message.html?_=1589506589627&CODE_STATE=getMsg HTTP/1.1" 200 27
120.253.135.82 - - [15/May/2020:09:34:29 +0800] "POST /xingrg/kc/pszx/mdth_order_new_list.html HTTP/1.1" 200 199
114.86.190.97 - - [15/May/2020:09:34:32 +0800] "GET /xingrg/javascript/jquery_easy_ui/themes/default/images/tabs_active.png HTTP/1.1" 304 -
114.84.33.255 - - [15/May/2020:09:34:33 +0800] "GET /xingrg/all/function/internal_message.html?_=1589506465761&CODE_STATE=getMsg HTTP/1.1" 200 27
172.17.0.103 - - [15/May/2020:09:34:33 +0800] "GET /xingrg/all/function/internal_message.html?_=1589506472586&CODE_STATE=getMsg HTTP/1.1" 200 27
114.84.33.255 - - [15/May/2020:09:34:33 +0800] "GET /xingrg/system/rest/get_item.html?table=menu&target=menu_rest_detail&id=1991&sid=12&_=1589506466534 HTTP/1.1" 200 446
114.88.170.9 - - [15/May/2020:09:34:34 +0800] "GET /xingrg/all/function/internal_message.html?_=1589506468667&CODE_STATE=getMsg HTTP/1.1" 200 27
180.175.212.199 - - [15/May/2020:09:34:34 +0800] "GET /xingrg/check_reg.html?_=1589506470870 HTTP/1.1" 200 22
180.175.212.199 - - [15/May/2020:09:34:34 +0800] "GET /xingrg/all/function/internal_message.html?_=1589506470873&CODE_STATE=getMsg HTTP/1.1" 200 27
114.86.190.97 - - [15/May/2020:09:34:35 +0800] "POST /xingrg/kc/buy/cgsh_list_operate.html HTTP/1.1" 200 3312
114.86.190.97 - - [15/May/2020:09:34:36 +0800] "POST /xingrg/kc/buy/cgsh_list_operate.html HTTP/1.1" 200 437
114.86.190.97 - - [15/May/2020:09:34:36 +0800] "GET /xingrg/css/base.css HTTP/1.1" 304 -
114.86.190.97 - - [15/May/2020:09:34:36 +0800] "GET /xingrg/css/site.css HTTP/1.1" 304 -
114.86.190.97 - - [15/May/2020:09:34:36 +0800] "GET /xingrg/javascript/jquery_tools/datebox.css HTTP/1.1" 304 -
114.86.190.97 - - [15/May/2020:09:34:36 +0800] "GET /xingrg/javascript/easyui/themes/default/easyui.css HTTP/1.1" 304 -
114.86.190.97 - - [15/May/2020:09:34:36 +0800] "GET /xingrg/javascript/easyui/themes/icon.css HTTP/1.1" 304 -
114.86.190.97 - - [15/May/2020:09:34:36 +0800] "GET /xingrg/javascript/auto/jquery.autocomplete.css HTTP/1.1" 304 -
114.86.190.97 - - [15/May/2020:09:34:36 +0800] "GET /xingrg/javascript/jquery_tools/fix.css HTTP/1.1" 304 -
114.86.190.97 - - [15/May/2020:09:34:36 +0800] "GET /xingrg/kc/buy/cgsh_order_info.html?code=212020032302355 HTTP/1.1" 200 53455
114.86.190.97 - - [15/May/2020:09:34:36 +0800] "GET /xingrg/javascript/jquery_tools/table.css HTTP/1.1" 304 -
114.86.190.97 - - [15/May/2020:09:34:36 +0800] "GET /xingrg/javascript/pic_change.js HTTP/1.1" 304 -
114.86.190.97 - - [15/May/2020:09:34:36 +0800] "GET /xingrg/javascript/jquery_tools/jquery.tools.hotkey.js HTTP/1.1" 304 -
114.86.190.97 - - [15/May/2020:09:34:36 +0800] "GET /xingrg/javascript/jquery_tools/jquery.tools.extend.js HTTP/1.1" 304 -
114.86.190.97 - - [15/May/2020:09:34:36 +0800] "GET /xingrg/javascript/jquery_tools/jquery.tools.table.js HTTP/1.1" 304 -
114.86.190.97 - - [15/May/2020:09:34:36 +0800] "GET /xingrg/javascript/auto/jquery.autocomplete.js HTTP/1.1" 304 -
114.86.190.97 - - [15/May/2020:09:34:36 +0800] "GET /xingrg/javascript/convert.js HTTP/1.1" 304 -
114.86.190.97 - - [15/May/2020:09:34:36 +0800] "GET /xingrg/javascript/easyui/easyloader.js HTTP/1.1" 304 -
114.86.190.97 - - [15/May/2020:09:34:36 +0800] "GET /xingrg/javascript/jquery.cookie.js HTTP/1.1" 304 -
114.86.190.97 - - [15/May/2020:09:34:36 +0800] "GET /xingrg/javascript/json2.js HTTP/1.1" 304 -
114.86.190.97 - - [15/May/2020:09:34:36 +0800] "GET /xingrg/javascript/jquery.utils.js HTTP/1.1" 304 -
114.86.190.97 - - [15/May/2020:09:34:36 +0800] "GET /xingrg/javascript/jquery_tools/order_manager.js HTTP/1.1" 304 -
114.86.190.97 - - [15/May/2020:09:34:36 +0800] "GET /xingrg/javascript/jquery_tools/jquery.tools.min.js HTTP/1.1" 304 -
114.86.190.97 - - [15/May/2020:09:34:36 +0800] "GET /xingrg/javascript/print/kc_print.js HTTP/1.1" 304 -
114.86.190.97 - - [15/May/2020:09:34:36 +0800] "GET /xingrg/javascript/print/LodopFuncs.js HTTP/1.1" 304 -
114.86.190.97 - - [15/May/2020:09:34:36 +0800] "GET /xingrg/words/20200515092648_words.js HTTP/1.1" 304 -
114.86.190.97 - - [15/May/2020:09:34:37 +0800] "GET /xingrg/javascript/easyui/plugins/jquery.parser.js HTTP/1.1" 304 -
114.86.190.97 - - [15/May/2020:09:34:37 +0800] "GET /xingrg/javascript/easyui/themes/default/validatebox.css HTTP/1.1" 404 1104
114.86.190.97 - - [15/May/2020:09:34:37 +0800] "GET /xingrg/javascript/easyui/plugins/jquery.validatebox.js HTTP/1.1" 304 -
114.86.190.97 - - [15/May/2020:09:34:37 +0800] "GET /xingrg/javascript/easyui/plugins/jquery.numberbox.js HTTP/1.1" 304 -
114.86.190.97 - - [15/May/2020:09:34:37 +0800] "POST /xingrg/kc/buy/cgsh_order_operate.html HTTP/1.1" 200 2408
114.86.190.97 - - [15/May/2020:09:34:37 +0800] "GET /xingrg/javascript/easyui/themes/icons/edit_remove.png HTTP/1.1" 304 -
114.86.190.97 - - [15/May/2020:09:34:40 +0800] "GET /xingrg/javascript/jquery_easy_ui/themes/default/images/tabs_active.png HTTP/1.1" 304 -
180.175.212.199 - - [15/May/2020:09:34:40 +0800] "GET /xingrg/all/function/internal_message.html?_=1589506488660&CODE_STATE=getMsg HTTP/1.1" 200 27
114.86.190.97 - - [15/May/2020:09:34:41 +0800] "POST /xingrg/kc/buy/cgsh_list_operate.html HTTP/1.1" 200 3312
114.84.33.255 - - [15/May/2020:09:34:42 +0800] "POST /xingrg/system/rest/edit_item.html HTTP/1.1" 200 4
114.84.33.255 - - [15/May/2020:09:34:42 +0800] "GET /xingrg/system/rest/get_item.html?table=menu&target=menu_rest&id=1991&_=1589506474774 HTTP/1.1" 200 909
120.253.135.82 - - [15/May/2020:09:34:43 +0800] "POST /xingrg/kc/pszx/mdth_order_new_list.html HTTP/1.1" 200 199
114.86.190.97 - - [15/May/2020:09:34:46 +0800] "POST /xingrg/kc/buy/cgsh_list_operate.html HTTP/1.1" 200 437
180.162.232.172 - - [15/May/2020:09:34:47 +0800] "GET /xingrg/check_reg.html?_=1589506486614 HTTP/1.1" 200 22
180.162.232.172 - - [15/May/2020:09:34:47 +0800] "GET /xingrg/all/function/internal_message.html?_=1589506486615&CODE_STATE=getMsg HTTP/1.1" 200 27
114.86.190.97 - - [15/May/2020:09:34:47 +0800] "GET /xingrg/css/base.css HTTP/1.1" 304 -
114.86.190.97 - - [15/May/2020:09:34:47 +0800] "GET /xingrg/css/site.css HTTP/1.1" 304 -
114.86.190.97 - - [15/May/2020:09:34:47 +0800] "GET /xingrg/kc/buy/cgsh_order_info.html?code=212020032302355 HTTP/1.1" 200 53455
114.86.190.97 - - [15/May/2020:09:34:47 +0800] "GET /xingrg/javascript/jquery_tools/datebox.css HTTP/1.1" 304 -
114.86.190.97 - - [15/May/2020:09:34:47 +0800] "GET /xingrg/javascript/easyui/themes/default/easyui.css HTTP/1.1" 304 -
114.86.190.97 - - [15/May/2020:09:34:47 +0800] "GET /xingrg/javascript/easyui/themes/icon.css HTTP/1.1" 304 -
114.86.190.97 - - [15/May/2020:09:34:47 +0800] "GET /xingrg/javascript/auto/jquery.autocomplete.css HTTP/1.1" 304 -
114.86.190.97 - - [15/May/2020:09:34:47 +0800] "GET /xingrg/javascript/jquery_tools/fix.css HTTP/1.1" 304 -
114.86.190.97 - - [15/May/2020:09:34:47 +0800] "GET /xingrg/javascript/jquery_tools/table.css HTTP/1.1" 304 -
114.86.190.97 - - [15/May/2020:09:34:47 +0800] "GET /xingrg/javascript/pic_change.js HTTP/1.1" 304 -
114.86.190.97 - - [15/May/2020:09:34:47 +0800] "GET /xingrg/javascript/jquery_tools/jquery.tools.min.js HTTP/1.1" 304 -
114.86.190.97 - - [15/May/2020:09:34:47 +0800] "GET /xingrg/javascript/jquery_tools/jquery.tools.extend.js HTTP/1.1" 304 -
114.86.190.97 - - [15/May/2020:09:34:47 +0800] "GET /xingrg/javascript/jquery_tools/jquery.tools.hotkey.js HTTP/1.1" 304 -
114.86.190.97 - - [15/May/2020:09:34:47 +0800] "GET /xingrg/javascript/jquery_tools/jquery.tools.table.js HTTP/1.1" 304 -
114.86.190.97 - - [15/May/2020:09:34:47 +0800] "GET /xingrg/javascript/auto/jquery.autocomplete.js HTTP/1.1" 304 -
114.86.190.97 - - [15/May/2020:09:34:47 +0800] "GET /xingrg/javascript/easyui/easyloader.js HTTP/1.1" 304 -
114.86.190.97 - - [15/May/2020:09:34:47 +0800] "GET /xingrg/javascript/jquery.utils.js HTTP/1.1" 304 -
114.86.190.97 - - [15/May/2020:09:34:47 +0800] "GET /xingrg/javascript/jquery_tools/order_manager.js HTTP/1.1" 304 -
114.86.190.97 - - [15/May/2020:09:34:47 +0800] "GET /xingrg/javascript/convert.js HTTP/1.1" 304 -
114.86.190.97 - - [15/May/2020:09:34:47 +0800] "GET /xingrg/javascript/json2.js HTTP/1.1" 304 -
114.86.190.97 - - [15/May/2020:09:34:47 +0800] "GET /xingrg/javascript/jquery.cookie.js HTTP/1.1" 304 -
114.86.190.97 - - [15/May/2020:09:34:47 +0800] "GET /xingrg/javascript/print/kc_print.js HTTP/1.1" 304 -
114.86.190.97 - - [15/May/2020:09:34:47 +0800] "GET /xingrg/javascript/print/LodopFuncs.js HTTP/1.1" 304 -
114.86.190.97 - - [15/May/2020:09:34:48 +0800] "GET /xingrg/words/20200515092648_words.js HTTP/1.1" 304 -
114.86.190.97 - - [15/May/2020:09:34:48 +0800] "GET /xingrg/javascript/easyui/themes/icons/copy_new.png HTTP/1.1" 304 -
114.86.190.97 - - [15/May/2020:09:34:48 +0800] "GET /xingrg/javascript/easyui/themes/icons/print.png HTTP/1.1" 304 -
114.86.190.97 - - [15/May/2020:09:34:48 +0800] "GET /xingrg/javascript/easyui/themes/default/images/menu_downarrow.png HTTP/1.1" 304 -
114.86.190.97 - - [15/May/2020:09:34:48 +0800] "GET /xingrg/javascript/easyui/themes/icons/cancel.png HTTP/1.1" 304 -
114.86.190.97 - - [15/May/2020:09:34:48 +0800] "GET /xingrg/javascript/easyui/plugins/jquery.parser.js HTTP/1.1" 304 -
114.86.190.97 - - [15/May/2020:09:34:48 +0800] "GET /xingrg/javascript/easyui/themes/default/validatebox.css HTTP/1.1" 404 1104
114.86.190.97 - - [15/May/2020:09:34:48 +0800] "GET /xingrg/javascript/easyui/plugins/jquery.validatebox.js HTTP/1.1" 304 -
114.86.190.97 - - [15/May/2020:09:34:48 +0800] "GET /xingrg/javascript/easyui/plugins/jquery.numberbox.js HTTP/1.1" 304 -
114.86.190.97 - - [15/May/2020:09:34:48 +0800] "POST /xingrg/kc/buy/cgsh_order_operate.html HTTP/1.1" 200 2408
114.86.190.97 - - [15/May/2020:09:34:48 +0800] "GET /xingrg/javascript/easyui/themes/icons/edit_remove.png HTTP/1.1" 304 -
114.84.33.255 - - [15/May/2020:09:34:51 +0800] "GET /xingrg/system/rest/query_items.html?_=1589506483951&table=menu&page=1&rows=20&categoryId=&key=2044 HTTP/1.1" 200 280
114.84.33.255 - - [15/May/2020:09:34:51 +0800] "GET /xingrg/all/function/internal_message.html?_=1589506507126&CODE_STATE=getMsg HTTP/1.1" 200 27
120.253.135.82 - - [15/May/2020:09:34:52 +0800] "GET /xingrg/all/function/internal_message.html?_=1589506243815&CODE_STATE=getMsg HTTP/1.1" 200 27
114.84.33.255 - - [15/May/2020:09:34:53 +0800] "GET /xingrg/system/rest/query_items.html?_=1589506485623&table=menu&page=1&rows=20&categoryId=&key=2044 HTTP/1.1" 200 280
172.17.0.128 - - [15/May/2020:09:34:53 +0800] "GET /xingrg/check_reg.html?_=1589506287591 HTTP/1.1" 200 22
172.17.0.128 - - [15/May/2020:09:34:53 +0800] "GET /xingrg/all/function/internal_message.html?_=1589506287595&CODE_STATE=getMsg HTTP/1.1" 200 27
114.84.33.255 - - [15/May/2020:09:34:53 +0800] "GET /xingrg/system/rest/get_item.html?table=menu&id=2044&_=1589506486161 HTTP/1.1" 200 968
114.84.33.255 - - [15/May/2020:09:34:53 +0800] "GET /xingrg/system/rest/get_item.html?table=menu&target=menu_rest&id=2044&_=1589506486180 HTTP/1.1" 200 684
114.84.33.255 - - [15/May/2020:09:34:53 +0800] "GET /xingrg/system/rest/get_item.html?table=menu&target=cook_mode&id=2044&_=1589506486176 HTTP/1.1" 200 9169
114.84.33.255 - - [15/May/2020:09:34:53 +0800] "GET /xingrg/system/rest/get_infos.html?command=menu_img_show&id=2044 HTTP/1.1" 200 5
114.84.33.255 - - [15/May/2020:09:34:55 +0800] "GET /xingrg/all/function/internal_message.html?_=1589506509704&CODE_STATE=getMsg HTTP/1.1" 200 27
172.17.0.240 - - [15/May/2020:09:34:55 +0800] "GET /xingrg/all/function/internal_message.html?_=1589506491709&CODE_STATE=getMsg HTTP/1.1" 302 -
