114.88.170.9 - - [15/May/2020:09:05:31 +0800] "GET /xingrg/all/function/internal_message.html?_=1589504725818&CODE_STATE=getMsg HTTP/1.1" 200 27
172.17.0.110 - - [15/May/2020:09:05:32 +0800] "GET /xingrg/check_reg.html?_=1589504727947 HTTP/1.1" 200 22
114.84.33.255 - - [15/May/2020:09:05:34 +0800] "GET /xingrg/check_reg.html?_=1589504748402 HTTP/1.1" 200 22
180.175.212.199 - - [15/May/2020:09:05:34 +0800] "GET /xingrg/all/function/internal_message.html?_=1589504730826&CODE_STATE=getMsg HTTP/1.1" 200 27
222.69.134.33 - - [15/May/2020:09:05:34 +0800] "GET /xingrg/kc/buy/cgsh_order_operate.html?command=get_materiel&rest_code=00149&code=00101007114&supplier_code=00100205&order_time=2020-05-15 HTTP/1.1" 200 409
120.253.135.82 - - [15/May/2020:09:05:38 +0800] "GET /xingrg/all/function/internal_message.html?_=1589504489237&CODE_STATE=getMsg HTTP/1.1" 200 27
180.175.212.199 - - [15/May/2020:09:05:39 +0800] "GET /xingrg/all/function/internal_message.html?_=1589504747758&CODE_STATE=getMsg HTTP/1.1" 200 27
124.77.110.230 - - [15/May/2020:09:05:46 +0800] "GET /xingrg/css/site.css HTTP/1.1" 304 -
124.77.110.230 - - [15/May/2020:09:05:46 +0800] "GET /xingrg/kc/buy/cgsh_order_list.html HTTP/1.1" 200 42832
124.77.110.230 - - [15/May/2020:09:05:46 +0800] "GET /xingrg/css/base.css HTTP/1.1" 304 -
124.77.110.230 - - [15/May/2020:09:05:46 +0800] "GET /xingrg/javascript/jquery_tools/datebox.css HTTP/1.1" 304 -
124.77.110.230 - - [15/May/2020:09:05:46 +0800] "GET /xingrg/javascript/jquery_tools/table.css HTTP/1.1" 304 -
124.77.110.230 - - [15/May/2020:09:05:46 +0800] "GET /xingrg/javascript/jquery_tools/fix.css HTTP/1.1" 304 -
124.77.110.230 - - [15/May/2020:09:05:46 +0800] "GET /xingrg/javascript/easyui/themes/default/easyui.css HTTP/1.1" 304 -
124.77.110.230 - - [15/May/2020:09:05:46 +0800] "GET /xingrg/javascript/easyui/themes/icon.css HTTP/1.1" 304 -
124.77.110.230 - - [15/May/2020:09:05:46 +0800] "GET /xingrg/javascript/auto/jquery.autocomplete.css HTTP/1.1" 304 -
124.77.110.230 - - [15/May/2020:09:05:46 +0800] "GET /xingrg/javascript/jquery_tools/jquery.tools.min.js HTTP/1.1" 304 -
124.77.110.230 - - [15/May/2020:09:05:46 +0800] "GET /xingrg/javascript/jquery_tools/jquery.tools.table.js HTTP/1.1" 304 -
124.77.110.230 - - [15/May/2020:09:05:46 +0800] "GET /xingrg/javascript/jquery_tools/jquery.tools.extend.js HTTP/1.1" 304 -
124.77.110.230 - - [15/May/2020:09:05:46 +0800] "GET /xingrg/javascript/jquery.cookie.js HTTP/1.1" 304 -
124.77.110.230 - - [15/May/2020:09:05:46 +0800] "GET /xingrg/javascript/jquery_tools/jquery.tools.hotkey.js HTTP/1.1" 304 -
124.77.110.230 - - [15/May/2020:09:05:46 +0800] "GET /xingrg/javascript/jquery_tools/list_manager.js HTTP/1.1" 304 -
124.77.110.230 - - [15/May/2020:09:05:46 +0800] "GET /xingrg/javascript/auto/jquery.autocomplete.js HTTP/1.1" 304 -
124.77.110.230 - - [15/May/2020:09:05:46 +0800] "GET /xingrg/javascript/print/LodopFuncs.js HTTP/1.1" 304 -
124.77.110.230 - - [15/May/2020:09:05:46 +0800] "GET /xingrg/javascript/easyui/easyloader.js HTTP/1.1" 304 -
180.162.232.172 - - [15/May/2020:09:05:47 +0800] "GET /xingrg/all/function/internal_message.html?_=1589504746540&CODE_STATE=getMsg HTTP/1.1" 200 27
124.77.110.230 - - [15/May/2020:09:05:47 +0800] "GET /xingrg/javascript/easyui/plugins/jquery.parser.js HTTP/1.1" 304 -
124.77.110.230 - - [15/May/2020:09:05:48 +0800] "POST /xingrg/kc/buy/cgsh_list_operate.html HTTP/1.1" 200 876
114.84.33.255 - - [15/May/2020:09:05:49 +0800] "GET /xingrg/all/function/internal_message.html?_=1589504763923&CODE_STATE=getMsg HTTP/1.1" 200 27
114.84.33.255 - - [15/May/2020:09:05:50 +0800] "GET /xingrg/all/function/internal_message.html?_=1589504766164&CODE_STATE=getMsg HTTP/1.1" 200 27
222.69.134.33 - - [15/May/2020:09:05:53 +0800] "GET /xingrg/kc/buy/cgsh_order_operate.html?command=get_materiel&rest_code=00149&code=00101007062&supplier_code=00100205&order_time=2020-05-15 HTTP/1.1" 200 413
124.77.110.230 - - [15/May/2020:09:05:53 +0800] "GET /xingrg/javascript/convert.js HTTP/1.1" 304 -
124.77.110.230 - - [15/May/2020:09:05:53 +0800] "GET /xingrg/javascript/jquery_tools/order_manager.js HTTP/1.1" 304 -
124.77.110.230 - - [15/May/2020:09:05:53 +0800] "GET /xingrg/javascript/print/kc_print.js HTTP/1.1" 304 -
124.77.110.230 - - [15/May/2020:09:05:53 +0800] "GET /xingrg/javascript/json2.js HTTP/1.1" 304 -
124.77.110.230 - - [15/May/2020:09:05:53 +0800] "GET /xingrg/javascript/pic_change.js HTTP/1.1" 304 -
124.77.110.230 - - [15/May/2020:09:05:53 +0800] "GET /xingrg/kc/buy/cgsh_order_add.html HTTP/1.1" 200 58617
124.77.110.230 - - [15/May/2020:09:05:53 +0800] "GET /xingrg/words/20200514172304_words.js HTTP/1.1" 200 727146
124.77.110.230 - - [15/May/2020:09:05:54 +0800] "POST /xingrg/kc/buy/cgsh_order_operate.html HTTP/1.1" 200 8245
124.77.110.230 - - [15/May/2020:09:05:54 +0800] "GET /xingrg/all/common/auto_word.html?type=employee&rest_code=00107 HTTP/1.1" 200 197
124.77.110.230 - - [15/May/2020:09:05:54 +0800] "GET /xingrg/all/common/auto_word.html?type=employee&rest_code=00107 HTTP/1.1" 200 197
124.77.110.230 - - [15/May/2020:09:05:54 +0800] "GET /xingrg/javascript/easyui/themes/default/validatebox.css HTTP/1.1" 404 1104
124.77.110.230 - - [15/May/2020:09:05:54 +0800] "GET /xingrg/javascript/easyui/plugins/jquery.validatebox.js HTTP/1.1" 304 -
124.77.110.230 - - [15/May/2020:09:05:54 +0800] "GET /xingrg/javascript/easyui/plugins/jquery.numberbox.js HTTP/1.1" 304 -
172.17.0.240 - - [15/May/2020:09:05:55 +0800] "GET /xingrg/all/function/internal_message.html?_=1589504751699&CODE_STATE=getMsg HTTP/1.1" 302 -
124.77.110.230 - - [15/May/2020:09:05:59 +0800] "GET /xingrg/javascript/auto/indicator.gif HTTP/1.1" 404 1066
180.162.232.172 - - [15/May/2020:09:06:00 +0800] "GET /xingrg/all/function/internal_message.html?_=1589504880634&CODE_STATE=getMsg HTTP/1.1" 200 27
180.175.212.199 - - [15/May/2020:09:06:01 +0800] "GET /xingrg/all/function/internal_message.html?_=1589504957532&CODE_STATE=getMsg HTTP/1.1" 200 27
61.172.5.115 - - [15/May/2020:09:06:01 +0800] "GET /xingrg/check_reg.html?_=1589504760475 HTTP/1.1" 302 -
124.77.110.230 - - [15/May/2020:09:06:04 +0800] "GET /xingrg/javascript/jquery_tools/images/next.gif HTTP/1.1" 404 1086
124.77.110.230 - - [15/May/2020:09:06:04 +0800] "GET /xingrg/javascript/jquery_tools/images/prev.gif HTTP/1.1" 404 1086
222.69.134.33 - - [15/May/2020:09:06:09 +0800] "GET /xingrg/check_reg.html?_=1589504761154 HTTP/1.1" 200 22
222.69.134.33 - - [15/May/2020:09:06:10 +0800] "GET /xingrg/all/function/internal_message.html?_=1589504761163&CODE_STATE=getMsg HTTP/1.1" 200 27
124.77.110.230 - - [15/May/2020:09:06:18 +0800] "GET /xingrg/all/function/internal_message.html?_=1589503973531&CODE_STATE=getMsg HTTP/1.1" 200 27
124.77.110.230 - - [15/May/2020:09:06:20 +0800] "GET /xingrg/kc/buy/cgsh_order_operate.html?command=get_materiel&rest_code=00107&code=00102006504&supplier_code=00100077&order_time=2020-05-15 HTTP/1.1" 200 408
222.69.134.33 - - [15/May/2020:09:06:31 +0800] "GET /xingrg/kc/buy/cgsh_order_operate.html?command=get_materiel&rest_code=00149&code=00101007048&supplier_code=00100205&order_time=2020-05-15 HTTP/1.1" 200 408
114.88.170.9 - - [15/May/2020:09:06:31 +0800] "GET /xingrg/all/function/internal_message.html?_=1589504785821&CODE_STATE=getMsg HTTP/1.1" 200 27
120.253.135.82 - - [15/May/2020:09:06:32 +0800] "GET /xingrg/check_reg.html?_=1589504543934 HTTP/1.1" 200 22
180.175.212.199 - - [15/May/2020:09:06:34 +0800] "GET /xingrg/all/function/internal_message.html?_=1589504790823&CODE_STATE=getMsg HTTP/1.1" 200 27
120.253.135.82 - - [15/May/2020:09:06:35 +0800] "GET /xingrg/kc/buy/cgsh_order_add.html HTTP/1.1" 200 57542
120.253.135.82 - - [15/May/2020:09:06:35 +0800] "POST /xingrg/kc/buy/cgsh_order_operate.html HTTP/1.1" 200 8245
120.253.135.82 - - [15/May/2020:09:06:35 +0800] "GET /xingrg/javascript/easyui/themes/default/validatebox.css HTTP/1.1" 404 1104
120.253.135.82 - - [15/May/2020:09:06:38 +0800] "GET /xingrg/all/function/internal_message.html?_=1589504549238&CODE_STATE=getMsg HTTP/1.1" 200 27
180.175.212.199 - - [15/May/2020:09:06:39 +0800] "GET /xingrg/all/function/internal_message.html?_=1589504807766&CODE_STATE=getMsg HTTP/1.1" 200 27
124.77.110.230 - - [15/May/2020:09:06:41 +0800] "GET /xingrg/kc/buy/cgsh_order_operate.html?command=get_materiel&rest_code=00107&code=00102006083&supplier_code=00100077&order_time=2020-05-15 HTTP/1.1" 200 420
222.69.134.33 - - [15/May/2020:09:06:41 +0800] "GET /xingrg/kc/buy/cgsh_order_operate.html?command=get_materiel&rest_code=00149&code=00101007049&supplier_code=00100205&order_time=2020-05-15 HTTP/1.1" 200 409
120.253.135.82 - - [15/May/2020:09:06:43 +0800] "POST /xingrg/all/common/load_combo.html?type=employee HTTP/1.1" 200 2013
180.162.232.172 - - [15/May/2020:09:06:47 +0800] "GET /xingrg/all/function/internal_message.html?_=1589504806555&CODE_STATE=getMsg HTTP/1.1" 200 27
114.84.33.255 - - [15/May/2020:09:06:49 +0800] "GET /xingrg/all/function/internal_message.html?_=1589504823947&CODE_STATE=getMsg HTTP/1.1" 200 27
222.69.134.33 - - [15/May/2020:09:06:50 +0800] "GET /xingrg/kc/buy/cgsh_order_operate.html?command=get_materiel&rest_code=00149&code=00101007083&supplier_code=00100205&order_time=2020-05-15 HTTP/1.1" 200 421
114.84.33.255 - - [15/May/2020:09:06:50 +0800] "GET /xingrg/all/function/internal_message.html?_=1589504826169&CODE_STATE=getMsg HTTP/1.1" 200 27
172.17.0.240 - - [15/May/2020:09:06:55 +0800] "GET /xingrg/all/function/internal_message.html?_=1589504811707&CODE_STATE=getMsg HTTP/1.1" 302 -
180.162.232.172 - - [15/May/2020:09:06:59 +0800] "GET /xingrg/check_reg.html?_=1589504940195 HTTP/1.1" 200 22
180.162.232.172 - - [15/May/2020:09:07:00 +0800] "GET /xingrg/all/function/internal_message.html?_=1589504940647&CODE_STATE=getMsg HTTP/1.1" 200 27
180.175.212.199 - - [15/May/2020:09:07:01 +0800] "GET /xingrg/check_reg.html?_=1589505017213 HTTP/1.1" 200 22
180.175.212.199 - - [15/May/2020:09:07:01 +0800] "GET /xingrg/all/function/internal_message.html?_=1589505017547&CODE_STATE=getMsg HTTP/1.1" 200 27
222.69.134.33 - - [15/May/2020:09:07:06 +0800] "GET /xingrg/kc/buy/cgsh_order_operate.html?command=get_materiel&rest_code=00149&code=00101007023&supplier_code=00100205&order_time=2020-05-15 HTTP/1.1" 200 409
120.253.135.82 - - [15/May/2020:09:07:09 +0800] "POST /xingrg/kc/buy/cgsh_order_operate.html HTTP/1.1" 200 37
222.69.134.33 - - [15/May/2020:09:07:09 +0800] "GET /xingrg/all/function/internal_message.html?_=1589504821156&CODE_STATE=getMsg HTTP/1.1" 200 27
120.253.135.82 - - [15/May/2020:09:07:14 +0800] "POST /xingrg/kc/buy/cgsh_order_operate.html HTTP/1.1" 200 3256
222.69.134.33 - - [15/May/2020:09:07:14 +0800] "GET /xingrg/kc/buy/cgsh_order_operate.html?command=get_materiel&rest_code=00149&code=00101007038&supplier_code=00100205&order_time=2020-05-15 HTTP/1.1" 200 441
120.253.135.82 - - [15/May/2020:09:07:16 +0800] "GET /xingrg/kc/print/load_data.html?order_code=212020051504999&kc_code=cgsh&condition= HTTP/1.1" 200 931
124.77.110.230 - - [15/May/2020:09:07:18 +0800] "GET /xingrg/all/function/internal_message.html?_=1589504033545&CODE_STATE=getMsg HTTP/1.1" 200 27
120.253.135.82 - - [15/May/2020:09:07:23 +0800] "POST /xingrg/kc/buy/cgsh_order_operate.html HTTP/1.1" 200 37
120.253.135.82 - - [15/May/2020:09:07:25 +0800] "POST /xingrg/kc/buy/cgsh_order_operate.html HTTP/1.1" 200 12
120.253.135.82 - - [15/May/2020:09:07:26 +0800] "GET /xingrg/kc/buy/cgsh_order_info.html?code=212020051504999 HTTP/1.1" 200 52708
120.253.135.82 - - [15/May/2020:09:07:26 +0800] "GET /xingrg/javascript/easyui/themes/default/validatebox.css HTTP/1.1" 404 1104
120.253.135.82 - - [15/May/2020:09:07:26 +0800] "POST /xingrg/kc/buy/cgsh_order_operate.html HTTP/1.1" 200 1206
222.69.134.33 - - [15/May/2020:09:07:31 +0800] "POST /xingrg/kc/buy/cgsh_order_operate.html HTTP/1.1" 200 37
114.88.170.9 - - [15/May/2020:09:07:31 +0800] "GET /xingrg/all/function/internal_message.html?_=1589504846082&CODE_STATE=getMsg HTTP/1.1" 200 27
222.69.134.33 - - [15/May/2020:09:07:32 +0800] "POST /xingrg/kc/buy/cgsh_order_operate.html HTTP/1.1" 200 12
222.69.134.33 - - [15/May/2020:09:07:33 +0800] "GET /xingrg/kc/buy/cgsh_order_info.html?code=212020051505000 HTTP/1.1" 200 53471
222.69.134.33 - - [15/May/2020:09:07:33 +0800] "GET /xingrg/javascript/easyui/themes/default/validatebox.css HTTP/1.1" 404 1104
222.69.134.33 - - [15/May/2020:09:07:33 +0800] "POST /xingrg/kc/buy/cgsh_order_operate.html HTTP/1.1" 200 5344
180.175.212.199 - - [15/May/2020:09:07:34 +0800] "GET /xingrg/all/function/internal_message.html?_=1589504850815&CODE_STATE=getMsg HTTP/1.1" 200 27
222.69.134.33 - - [15/May/2020:09:07:35 +0800] "GET /xingrg/kc/print/load_data.html?order_code=212020051505000&kc_code=cgsh&condition= HTTP/1.1" 200 2490
120.253.135.82 - - [15/May/2020:09:07:38 +0800] "GET /xingrg/all/function/internal_message.html?_=1589504609253&CODE_STATE=getMsg HTTP/1.1" 200 27
180.175.212.199 - - [15/May/2020:09:07:40 +0800] "GET /xingrg/all/function/internal_message.html?_=1589504867829&CODE_STATE=getMsg HTTP/1.1" 200 27
180.162.232.172 - - [15/May/2020:09:07:47 +0800] "GET /xingrg/all/function/internal_message.html?_=1589504866559&CODE_STATE=getMsg HTTP/1.1" 200 27
114.84.33.255 - - [15/May/2020:09:07:50 +0800] "GET /xingrg/all/function/internal_message.html?_=1589504884406&CODE_STATE=getMsg HTTP/1.1" 200 27
114.84.33.255 - - [15/May/2020:09:07:50 +0800] "GET /xingrg/kc/buy/cgsh_order_add.html HTTP/1.1" 200 58570
114.84.33.255 - - [15/May/2020:09:07:50 +0800] "POST /xingrg/kc/buy/cgsh_order_operate.html HTTP/1.1" 200 8245
114.84.33.255 - - [15/May/2020:09:07:50 +0800] "GET /xingrg/check_reg.html?_=1589504886243 HTTP/1.1" 200 22
114.84.33.255 - - [15/May/2020:09:07:50 +0800] "GET /xingrg/javascript/easyui/themes/default/validatebox.css HTTP/1.1" 404 1104
114.84.33.255 - - [15/May/2020:09:07:50 +0800] "GET /xingrg/all/function/internal_message.html?_=1589504886339&CODE_STATE=getMsg HTTP/1.1" 200 27
172.17.0.240 - - [15/May/2020:09:07:55 +0800] "GET /xingrg/all/function/internal_message.html?_=1589504871702&CODE_STATE=getMsg HTTP/1.1" 302 -
101.85.52.41 - - [15/May/2020:09:07:58 +0800] "GET /xingrg/check_reg.html?_=1589504401715 HTTP/1.1" 200 22
180.162.232.172 - - [15/May/2020:09:08:00 +0800] "GET /xingrg/all/function/internal_message.html?_=1589505000660&CODE_STATE=getMsg HTTP/1.1" 200 27
180.175.212.199 - - [15/May/2020:09:08:01 +0800] "GET /xingrg/all/function/internal_message.html?_=1589505077560&CODE_STATE=getMsg HTTP/1.1" 200 27
222.69.134.33 - - [15/May/2020:09:08:09 +0800] "GET /xingrg/all/function/internal_message.html?_=1589504881143&CODE_STATE=getMsg HTTP/1.1" 200 27
114.84.33.255 - - [15/May/2020:09:08:12 +0800] "GET /xingrg/kc/buy/cgsh_order_operate.html?command=get_materiel&rest_code=00146&code=00101008072&supplier_code=00100005&order_time=2020-05-15 HTTP/1.1" 200 408
124.77.110.230 - - [15/May/2020:09:08:18 +0800] "GET /xingrg/all/function/internal_message.html?_=1589504093559&CODE_STATE=getMsg HTTP/1.1" 200 27
180.175.212.199 - - [15/May/2020:09:08:20 +0800] "GET /xingrg/check_reg.html?_=1589504907997 HTTP/1.1" 200 22
114.88.170.9 - - [15/May/2020:09:08:20 +0800] "GET /xingrg/check_reg.html?_=1589504894521 HTTP/1.1" 200 22
120.253.135.82 - - [15/May/2020:09:08:20 +0800] "POST /xingrg/kc/buy/cgsh_list_operate.html HTTP/1.1" 200 876
120.253.135.82 - - [15/May/2020:09:08:22 +0800] "GET /xingrg/kc/buy/cgsh_order_add.html HTTP/1.1" 200 57542
120.253.135.82 - - [15/May/2020:09:08:22 +0800] "POST /xingrg/kc/buy/cgsh_order_operate.html HTTP/1.1" 200 8245
120.253.135.82 - - [15/May/2020:09:08:22 +0800] "GET /xingrg/javascript/easyui/themes/default/validatebox.css HTTP/1.1" 404 1104
114.84.33.255 - - [15/May/2020:09:08:23 +0800] "GET /xingrg/kc/buy/cgsh_order_operate.html?command=get_materiel&rest_code=00146&code=00101008207&supplier_code=00100005&order_time=2020-05-15 HTTP/1.1" 200 408
114.84.33.255 - - [15/May/2020:09:08:30 +0800] "GET /xingrg/kc/buy/cgsh_order_operate.html?command=get_materiel&rest_code=00146&code=00101008017&supplier_code=00100005&order_time=2020-05-15 HTTP/1.1" 200 416
120.253.135.82 - - [15/May/2020:09:08:30 +0800] "POST /xingrg/all/common/load_combo.html?type=employee HTTP/1.1" 200 2013
114.88.170.9 - - [15/May/2020:09:08:31 +0800] "GET /xingrg/all/function/internal_message.html?_=1589504906097&CODE_STATE=getMsg HTTP/1.1" 200 27
180.175.212.199 - - [15/May/2020:09:08:34 +0800] "GET /xingrg/all/function/internal_message.html?_=1589504910828&CODE_STATE=getMsg HTTP/1.1" 200 27
114.84.33.255 - - [15/May/2020:09:08:36 +0800] "GET /xingrg/kc/buy/cgsh_order_operate.html?command=get_materiel&rest_code=00146&code=00101008126&supplier_code=00100005&order_time=2020-05-15 HTTP/1.1" 200 412
120.253.135.82 - - [15/May/2020:09:08:38 +0800] "GET /xingrg/all/function/internal_message.html?_=1589504669333&CODE_STATE=getMsg HTTP/1.1" 200 27
180.175.212.199 - - [15/May/2020:09:08:40 +0800] "GET /xingrg/all/function/internal_message.html?_=1589504927840&CODE_STATE=getMsg HTTP/1.1" 200 27
180.162.232.172 - - [15/May/2020:09:08:47 +0800] "GET /xingrg/all/function/internal_message.html?_=1589504926559&CODE_STATE=getMsg HTTP/1.1" 200 27
114.84.33.255 - - [15/May/2020:09:08:50 +0800] "GET /xingrg/all/function/internal_message.html?_=1589504944416&CODE_STATE=getMsg HTTP/1.1" 200 27
114.84.33.255 - - [15/May/2020:09:08:50 +0800] "GET /xingrg/kc/buy/cgsh_order_operate.html?command=get_materiel&rest_code=00146&code=00101008355&supplier_code=00100005&order_time=2020-05-15 HTTP/1.1" 200 408
114.84.33.255 - - [15/May/2020:09:08:50 +0800] "GET /xingrg/all/function/internal_message.html?_=1589504946352&CODE_STATE=getMsg HTTP/1.1" 200 27
172.17.0.240 - - [15/May/2020:09:08:55 +0800] "GET /xingrg/check_reg.html?_=1589504931710 HTTP/1.1" 302 -
172.17.0.240 - - [15/May/2020:09:08:55 +0800] "GET /xingrg/all/function/internal_message.html?_=1589504931711&CODE_STATE=getMsg HTTP/1.1" 302 -
120.253.135.82 - - [15/May/2020:09:08:58 +0800] "POST /xingrg/kc/buy/cgsh_order_operate.html HTTP/1.1" 200 37
114.84.33.255 - - [15/May/2020:09:08:59 +0800] "GET /xingrg/kc/buy/cgsh_order_operate.html?command=get_materiel&rest_code=00146&code=00101008270&supplier_code=00100005&order_time=2020-05-15 HTTP/1.1" 200 412
120.253.135.82 - - [15/May/2020:09:08:59 +0800] "POST /xingrg/kc/buy/cgsh_order_operate.html HTTP/1.1" 200 3256
180.162.232.172 - - [15/May/2020:09:09:00 +0800] "GET /xingrg/all/function/internal_message.html?_=1589505060674&CODE_STATE=getMsg HTTP/1.1" 200 27
180.175.212.199 - - [15/May/2020:09:09:01 +0800] "GET /xingrg/all/function/internal_message.html?_=1589505137573&CODE_STATE=getMsg HTTP/1.1" 200 27
120.253.135.82 - - [15/May/2020:09:09:02 +0800] "GET /xingrg/kc/print/load_data.html?order_code=212020051505001&kc_code=cgsh&condition= HTTP/1.1" 200 931
114.84.33.255 - - [15/May/2020:09:09:06 +0800] "GET /xingrg/kc/buy/cgsh_order_operate.html?command=get_materiel&rest_code=00146&code=00101008005&supplier_code=00100005&order_time=2020-05-15 HTTP/1.1" 200 412
120.253.135.82 - - [15/May/2020:09:09:09 +0800] "POST /xingrg/kc/buy/cgsh_order_operate.html HTTP/1.1" 200 37
222.69.134.33 - - [15/May/2020:09:09:09 +0800] "GET /xingrg/all/function/internal_message.html?_=1589504941150&CODE_STATE=getMsg HTTP/1.1" 200 27
120.253.135.82 - - [15/May/2020:09:09:11 +0800] "POST /xingrg/kc/buy/cgsh_order_operate.html HTTP/1.1" 200 12
120.253.135.82 - - [15/May/2020:09:09:11 +0800] "GET /xingrg/kc/buy/cgsh_order_info.html?code=212020051505001 HTTP/1.1" 200 52708
120.253.135.82 - - [15/May/2020:09:09:12 +0800] "GET /xingrg/javascript/easyui/themes/default/validatebox.css HTTP/1.1" 404 1104
120.253.135.82 - - [15/May/2020:09:09:12 +0800] "POST /xingrg/kc/buy/cgsh_order_operate.html HTTP/1.1" 200 1206
114.84.33.255 - - [15/May/2020:09:09:13 +0800] "GET /xingrg/kc/buy/cgsh_order_operate.html?command=get_materiel&rest_code=00146&code=00101008045&supplier_code=00100005&order_time=2020-05-15 HTTP/1.1" 200 412
124.77.110.230 - - [15/May/2020:09:09:18 +0800] "GET /xingrg/all/function/internal_message.html?_=1589504153575&CODE_STATE=getMsg HTTP/1.1" 200 27
114.84.33.255 - - [15/May/2020:09:09:22 +0800] "GET /xingrg/kc/buy/cgsh_order_operate.html?command=get_materiel&rest_code=00146&code=00101008132&supplier_code=00100005&order_time=2020-05-15 HTTP/1.1" 200 408
114.84.33.255 - - [15/May/2020:09:09:28 +0800] "GET /xingrg/kc/buy/cgsh_order_operate.html?command=get_materiel&rest_code=00146&code=00101008257&supplier_code=00100005&order_time=2020-05-15 HTTP/1.1" 200 416
114.88.170.9 - - [15/May/2020:09:09:31 +0800] "GET /xingrg/all/function/internal_message.html?_=1589504966111&CODE_STATE=getMsg HTTP/1.1" 200 27
180.175.212.199 - - [15/May/2020:09:09:34 +0800] "GET /xingrg/check_reg.html?_=1589504970827 HTTP/1.1" 200 22
180.175.212.199 - - [15/May/2020:09:09:34 +0800] "GET /xingrg/all/function/internal_message.html?_=1589504970828&CODE_STATE=getMsg HTTP/1.1" 200 27
114.84.33.255 - - [15/May/2020:09:09:34 +0800] "GET /xingrg/kc/buy/cgsh_order_operate.html?command=get_materiel&rest_code=00146&code=00101008155&supplier_code=00100005&order_time=2020-05-15 HTTP/1.1" 200 408
120.253.135.82 - - [15/May/2020:09:09:38 +0800] "GET /xingrg/all/function/internal_message.html?_=1589504729341&CODE_STATE=getMsg HTTP/1.1" 200 27
180.175.212.199 - - [15/May/2020:09:09:40 +0800] "GET /xingrg/all/function/internal_message.html?_=1589504987853&CODE_STATE=getMsg HTTP/1.1" 200 27
114.84.33.255 - - [15/May/2020:09:09:44 +0800] "GET /xingrg/kc/buy/cgsh_order_operate.html?command=get_materiel&rest_code=00146&code=00101008208&supplier_code=00100005&order_time=2020-05-15 HTTP/1.1" 200 408
180.162.232.172 - - [15/May/2020:09:09:47 +0800] "GET /xingrg/check_reg.html?_=1589504986559 HTTP/1.1" 200 22
180.162.232.172 - - [15/May/2020:09:09:47 +0800] "GET /xingrg/all/function/internal_message.html?_=1589504986559&CODE_STATE=getMsg HTTP/1.1" 200 27
114.84.33.255 - - [15/May/2020:09:09:50 +0800] "GET /xingrg/all/function/internal_message.html?_=1589505004873&CODE_STATE=getMsg HTTP/1.1" 200 27
114.84.33.255 - - [15/May/2020:09:09:50 +0800] "GET /xingrg/all/function/internal_message.html?_=1589505006366&CODE_STATE=getMsg HTTP/1.1" 200 27
172.17.0.240 - - [15/May/2020:09:09:55 +0800] "GET /xingrg/all/function/internal_message.html?_=1589504991702&CODE_STATE=getMsg HTTP/1.1" 302 -
120.253.135.82 - - [15/May/2020:09:09:59 +0800] "POST /xingrg/kc/buy/cgsh_list_operate.html HTTP/1.1" 200 876
180.162.232.172 - - [15/May/2020:09:10:00 +0800] "GET /xingrg/all/function/internal_message.html?_=1589505120723&CODE_STATE=getMsg HTTP/1.1" 200 27
114.84.33.255 - - [15/May/2020:09:10:01 +0800] "GET /xingrg/kc/buy/cgsh_order_operate.html?command=get_materiel&rest_code=00146&code=00101008244&supplier_code=00100005&order_time=2020-05-15 HTTP/1.1" 200 408
120.253.135.82 - - [15/May/2020:09:10:02 +0800] "GET /xingrg/kc/report/report_main.html HTTP/1.1" 200 9370
120.253.135.82 - - [15/May/2020:09:10:05 +0800] "GET /xingrg/kc/base/kc_stocks.html HTTP/1.1" 200 16278
120.253.135.82 - - [15/May/2020:09:10:05 +0800] "GET /xingrg/javascript/easyui/themes/default/tree.css HTTP/1.1" 404 1090
120.253.135.82 - - [15/May/2020:09:10:05 +0800] "POST /xingrg/all/common/load_tree.html?tree=materiel_sort_tree_json HTTP/1.1" 200 8666
120.253.135.82 - - [15/May/2020:09:10:06 +0800] "POST /xingrg/all/common/load_combo.html?type=base HTTP/1.1" 200 899
120.253.135.82 - - [15/May/2020:09:10:13 +0800] "POST /xingrg/kc/base/stock_operate.html HTTP/1.1" 200 1960
124.77.110.230 - - [15/May/2020:09:10:18 +0800] "GET /xingrg/check_reg.html?_=1589504213563 HTTP/1.1" 200 22
124.77.110.230 - - [15/May/2020:09:10:18 +0800] "GET /xingrg/all/function/internal_message.html?_=1589504213579&CODE_STATE=getMsg HTTP/1.1" 200 27
114.84.33.255 - - [15/May/2020:09:10:18 +0800] "GET /xingrg/kc/buy/cgsh_order_operate.html?command=get_materiel&rest_code=00146&code=00101008010&supplier_code=00100005&order_time=2020-05-15 HTTP/1.1" 200 412
222.69.134.33 - - [15/May/2020:09:10:22 +0800] "GET /xingrg/all/function/internal_message.html?_=1589505001153&CODE_STATE=getMsg HTTP/1.1" 200 27
120.253.135.82 - - [15/May/2020:09:10:25 +0800] "GET /xingrg/javascript/easyui/themes/sunny/images/ui-bg_gloss-wave_70_ffdd57_500x100.png HTTP/1.1" 200 3830
114.88.170.9 - - [15/May/2020:09:10:32 +0800] "GET /xingrg/all/function/internal_message.html?_=1589505026373&CODE_STATE=getMsg HTTP/1.1" 200 27
120.253.135.82 - - [15/May/2020:09:10:32 +0800] "GET /xingrg/kc/pszx/mdps_order_list.html?orderType=0 HTTP/1.1" 200 20967
120.253.135.82 - - [15/May/2020:09:10:32 +0800] "POST /xingrg/kc/pszx/mdps_list_operate.html HTTP/1.1" 200 5195
172.17.0.110 - - [15/May/2020:09:10:32 +0800] "GET /xingrg/check_reg.html?_=1589505027971 HTTP/1.1" 200 22
120.253.135.82 - - [15/May/2020:09:10:33 +0800] "GET /xingrg/kc/pszx/mdps_order_add.html HTTP/1.1" 200 28907
120.253.135.82 - - [15/May/2020:09:10:34 +0800] "POST /xingrg/kc/pszx/mdps_order_operate.html HTTP/1.1" 200 7126
114.84.33.255 - - [15/May/2020:09:10:34 +0800] "GET /xingrg/check_reg.html?_=1589505048412 HTTP/1.1" 200 22
120.253.135.82 - - [15/May/2020:09:10:34 +0800] "GET /xingrg/javascript/easyui/themes/default/validatebox.css HTTP/1.1" 404 1104
180.175.212.199 - - [15/May/2020:09:10:34 +0800] "GET /xingrg/all/function/internal_message.html?_=1589505030852&CODE_STATE=getMsg HTTP/1.1" 200 27
120.253.135.82 - - [15/May/2020:09:10:38 +0800] "GET /xingrg/all/function/internal_message.html?_=1589504789355&CODE_STATE=getMsg HTTP/1.1" 200 27
120.253.135.82 - - [15/May/2020:09:10:39 +0800] "POST /xingrg/all/common/load_combo.html?type=base HTTP/1.1" 200 899
180.175.212.199 - - [15/May/2020:09:10:40 +0800] "GET /xingrg/all/function/internal_message.html?_=1589505047919&CODE_STATE=getMsg HTTP/1.1" 200 27
120.253.135.82 - - [15/May/2020:09:10:47 +0800] "GET /xingrg/kc/pszx/mdps_order_operate.html?command=get_materiel&pszx_code=00101&rest_code=00102&base_code=0010250&code=00102010962 HTTP/1.1" 200 424
180.162.232.172 - - [15/May/2020:09:10:47 +0800] "GET /xingrg/all/function/internal_message.html?_=1589505046564&CODE_STATE=getMsg HTTP/1.1" 200 27
114.84.33.255 - - [15/May/2020:09:10:50 +0800] "GET /xingrg/all/function/internal_message.html?_=1589505064880&CODE_STATE=getMsg HTTP/1.1" 200 27
114.84.33.255 - - [15/May/2020:09:10:50 +0800] "GET /xingrg/all/function/internal_message.html?_=1589505066379&CODE_STATE=getMsg HTTP/1.1" 200 27
114.84.33.255 - - [15/May/2020:09:10:52 +0800] "GET /xingrg/kc/buy/cgsh_order_operate.html?command=get_materiel&rest_code=00146&code=00101008185&supplier_code=00100005&order_time=2020-05-15 HTTP/1.1" 200 408
172.17.0.240 - - [15/May/2020:09:10:55 +0800] "GET /xingrg/all/function/internal_message.html?_=1589505051699&CODE_STATE=getMsg HTTP/1.1" 302 -
180.162.232.172 - - [15/May/2020:09:11:00 +0800] "GET /xingrg/all/function/internal_message.html?_=1589505180733&CODE_STATE=getMsg HTTP/1.1" 200 27
61.172.5.115 - - [15/May/2020:09:11:01 +0800] "GET /xingrg/check_reg.html?_=1589505060450 HTTP/1.1" 302 -
114.84.33.255 - - [15/May/2020:09:11:02 +0800] "GET /xingrg/kc/buy/cgsh_order_operate.html?command=get_materiel&rest_code=00146&code=00101008354&supplier_code=00100005&order_time=2020-05-15 HTTP/1.1" 200 412
120.253.135.82 - - [15/May/2020:09:11:07 +0800] "POST /xingrg/kc/pszx/mdps_order_operate.html HTTP/1.1" 200 37
120.253.135.82 - - [15/May/2020:09:11:08 +0800] "GET /xingrg/kc/pszx/mdps_order_info.html?code=312020051500289 HTTP/1.1" 200 23843
120.253.135.82 - - [15/May/2020:09:11:08 +0800] "POST /xingrg/kc/pszx/mdps_order_operate.html HTTP/1.1" 200 2295
120.253.135.82 - - [15/May/2020:09:11:08 +0800] "GET /xingrg/javascript/easyui/themes/default/validatebox.css HTTP/1.1" 404 1104
222.69.134.33 - - [15/May/2020:09:11:09 +0800] "GET /xingrg/all/function/internal_message.html?_=1589505061152&CODE_STATE=getMsg HTTP/1.1" 200 27
222.69.134.33 - - [15/May/2020:09:11:10 +0800] "GET /xingrg/check_reg.html?_=1589505061165 HTTP/1.1" 200 22
114.84.33.255 - - [15/May/2020:09:11:16 +0800] "GET /xingrg/kc/buy/cgsh_order_operate.html?command=get_materiel&rest_code=00146&code=00101008351&supplier_code=00100005&order_time=2020-05-15 HTTP/1.1" 200 408
124.77.110.230 - - [15/May/2020:09:11:18 +0800] "GET /xingrg/all/function/internal_message.html?_=1589504273588&CODE_STATE=getMsg HTTP/1.1" 200 27
222.69.134.33 - - [15/May/2020:09:11:21 +0800] "POST /xingrg/services/DataTransmitService HTTP/1.1" 200 524
222.69.134.33 - - [15/May/2020:09:11:21 +0800] "POST /xingrg/services/DataTransmitService HTTP/1.1" 200 2331
222.69.134.33 - - [15/May/2020:09:11:21 +0800] "POST /xingrg/services/DataTransmitService HTTP/1.1" 200 8915
222.69.134.33 - - [15/May/2020:09:11:21 +0800] "POST /xingrg/services/DataTransmitService HTTP/1.1" 200 2283
222.69.134.33 - - [15/May/2020:09:11:22 +0800] "POST /xingrg/services/DataTransmitService HTTP/1.1" 200 1495
114.84.33.255 - - [15/May/2020:09:11:24 +0800] "GET /xingrg/kc/buy/cgsh_order_operate.html?command=get_materiel&rest_code=00146&code=00101008225&supplier_code=00100005&order_time=2020-05-15 HTTP/1.1" 200 416
114.88.170.9 - - [15/May/2020:09:11:32 +0800] "GET /xingrg/all/function/internal_message.html?_=1589505086388&CODE_STATE=getMsg HTTP/1.1" 200 27
114.84.33.255 - - [15/May/2020:09:11:32 +0800] "GET /xingrg/kc/buy/cgsh_order_operate.html?command=get_materiel&rest_code=00146&code=00101008096&supplier_code=00100005&order_time=2020-05-15 HTTP/1.1" 200 412
120.253.135.82 - - [15/May/2020:09:11:32 +0800] "GET /xingrg/check_reg.html?_=1589504843939 HTTP/1.1" 200 22
180.175.212.199 - - [15/May/2020:09:11:34 +0800] "GET /xingrg/all/function/internal_message.html?_=1589505090848&CODE_STATE=getMsg HTTP/1.1" 200 27
222.69.134.33 - - [15/May/2020:09:11:38 +0800] "POST /xingrg/services/DataTransmitService HTTP/1.1" 200 524
120.253.135.82 - - [15/May/2020:09:11:38 +0800] "GET /xingrg/all/function/internal_message.html?_=1589504849369&CODE_STATE=getMsg HTTP/1.1" 200 27
222.69.134.33 - - [15/May/2020:09:11:39 +0800] "POST /xingrg/services/DataTransmitService HTTP/1.1" 200 501
180.175.212.199 - - [15/May/2020:09:11:40 +0800] "GET /xingrg/all/function/internal_message.html?_=1589505107927&CODE_STATE=getMsg HTTP/1.1" 200 27
222.69.134.33 - - [15/May/2020:09:11:41 +0800] "POST /xingrg/services/DataTransmitService HTTP/1.1" 200 524
222.69.134.33 - - [15/May/2020:09:11:41 +0800] "POST /xingrg/services/DataTransmitService HTTP/1.1" 200 501
222.69.134.33 - - [15/May/2020:09:11:42 +0800] "POST /xingrg/services/DataTransmitService HTTP/1.1" 200 524
222.69.134.33 - - [15/May/2020:09:11:44 +0800] "POST /xingrg/services/DataTransmitService HTTP/1.1" 200 501
222.69.134.33 - - [15/May/2020:09:11:44 +0800] "POST /xingrg/services/DataTransmitService HTTP/1.1" 200 501
180.162.232.172 - - [15/May/2020:09:11:47 +0800] "GET /xingrg/all/function/internal_message.html?_=1589505106584&CODE_STATE=getMsg HTTP/1.1" 200 27
114.84.33.255 - - [15/May/2020:09:11:50 +0800] "GET /xingrg/all/function/internal_message.html?_=1589505124895&CODE_STATE=getMsg HTTP/1.1" 200 27
114.84.33.255 - - [15/May/2020:09:11:50 +0800] "GET /xingrg/all/function/internal_message.html?_=1589505126393&CODE_STATE=getMsg HTTP/1.1" 200 27
120.253.135.82 - - [15/May/2020:09:11:51 +0800] "POST /xingrg/kc/pszx/mdps_order_operate.html HTTP/1.1" 200 37
120.253.135.82 - - [15/May/2020:09:11:51 +0800] "GET /xingrg/kc/pszx/mdps_order_info.html?code=312020051500289 HTTP/1.1" 200 23849
120.253.135.82 - - [15/May/2020:09:11:52 +0800] "POST /xingrg/kc/pszx/mdps_order_operate.html HTTP/1.1" 200 2295
120.253.135.82 - - [15/May/2020:09:11:52 +0800] "GET /xingrg/javascript/easyui/themes/default/validatebox.css HTTP/1.1" 404 1104
172.17.0.240 - - [15/May/2020:09:11:55 +0800] "GET /xingrg/all/function/internal_message.html?_=1589505111705&CODE_STATE=getMsg HTTP/1.1" 302 -
222.69.134.33 - - [15/May/2020:09:11:55 +0800] "POST /xingrg/services/DataTransmitService HTTP/1.1" 200 501
180.162.232.172 - - [15/May/2020:09:11:59 +0800] "GET /xingrg/check_reg.html?_=1589505240245 HTTP/1.1" 200 22
120.253.135.82 - - [15/May/2020:09:12:00 +0800] "POST /xingrg/kc/pszx/mdps_list_operate.html HTTP/1.1" 200 2057
180.162.232.172 - - [15/May/2020:09:12:00 +0800] "GET /xingrg/all/function/internal_message.html?_=1589505240747&CODE_STATE=getMsg HTTP/1.1" 200 27
120.253.135.82 - - [15/May/2020:09:12:01 +0800] "POST /xingrg/kc/pszx/mdps_list_operate.html HTTP/1.1" 200 214
222.69.134.33 - - [15/May/2020:09:12:06 +0800] "POST /xingrg/services/DataTransmitService HTTP/1.1" 200 501
120.253.135.82 - - [15/May/2020:09:12:07 +0800] "GET /xingrg/kc/pszx/mdqp_order_list.html?state=10 HTTP/1.1" 200 10079
120.253.135.82 - - [15/May/2020:09:12:07 +0800] "GET /xingrg/dwr/util.js HTTP/1.1" 304 -
120.253.135.82 - - [15/May/2020:09:12:07 +0800] "POST /xingrg/kc/pszx/mdps_list_operate.html HTTP/1.1" 200 2057
120.253.135.82 - - [15/May/2020:09:12:07 +0800] "GET /xingrg/javascript/Calendar.js HTTP/1.1" 304 -
120.253.135.82 - - [15/May/2020:09:12:07 +0800] "GET /xingrg/dwr/interface/AjaxReportQueryService.js HTTP/1.1" 200 13203
120.253.135.82 - - [15/May/2020:09:12:07 +0800] "GET /xingrg/dwr/interface/AjaxQqpsService.js HTTP/1.1" 200 16326
120.253.135.82 - - [15/May/2020:09:12:07 +0800] "GET /xingrg/dwr/engine.js HTTP/1.1" 200 43631
120.253.135.82 - - [15/May/2020:09:12:07 +0800] "GET /xingrg/javascript/jquery_easy_ui/themes/icons/check_new.png HTTP/1.1" 304 -
120.253.135.82 - - [15/May/2020:09:12:07 +0800] "GET /xingrg/javascript/jquery_easy_ui/themes/icons/uncheck_new.png HTTP/1.1" 304 -
222.69.134.33 - - [15/May/2020:09:12:08 +0800] "POST /xingrg/services/DataTransmitService HTTP/1.1" 200 501
222.69.134.33 - - [15/May/2020:09:12:08 +0800] "POST /xingrg/services/DataTransmitService HTTP/1.1" 200 501
222.69.134.33 - - [15/May/2020:09:12:08 +0800] "POST /xingrg/services/DataTransmitService HTTP/1.1" 200 501
222.69.134.33 - - [15/May/2020:09:12:09 +0800] "POST /xingrg/services/DataTransmitService HTTP/1.1" 200 501
120.253.135.82 - - [15/May/2020:09:12:09 +0800] "GET /xingrg/kc/pszx/mdqp_order_list.html?state=10 HTTP/1.1" 200 10079
120.253.135.82 - - [15/May/2020:09:12:09 +0800] "GET /xingrg/dwr/interface/AjaxReportQueryService.js HTTP/1.1" 200 13203
222.69.134.33 - - [15/May/2020:09:12:09 +0800] "POST /xingrg/services/DataTransmitService HTTP/1.1" 200 501
120.253.135.82 - - [15/May/2020:09:12:09 +0800] "GET /xingrg/dwr/interface/AjaxQqpsService.js HTTP/1.1" 200 16326
120.253.135.82 - - [15/May/2020:09:12:09 +0800] "GET /xingrg/dwr/engine.js HTTP/1.1" 200 43631
222.69.134.33 - - [15/May/2020:09:12:09 +0800] "GET /xingrg/all/function/internal_message.html?_=1589505121151&CODE_STATE=getMsg HTTP/1.1" 200 27
222.69.134.33 - - [15/May/2020:09:12:11 +0800] "POST /xingrg/services/DataTransmitService HTTP/1.1" 200 412
124.77.110.230 - - [15/May/2020:09:12:18 +0800] "GET /xingrg/all/function/internal_message.html?_=1589504333609&CODE_STATE=getMsg HTTP/1.1" 200 27
114.84.33.255 - - [15/May/2020:09:12:28 +0800] "POST /xingrg/kc/buy/cgsh_order_operate.html HTTP/1.1" 200 2065
114.88.170.9 - - [15/May/2020:09:12:32 +0800] "GET /xingrg/all/function/internal_message.html?_=1589505146651&CODE_STATE=getMsg HTTP/1.1" 200 27
172.17.0.106 - - [15/May/2020:09:12:33 +0800] "GET /xingrg/check_reg.html?_=1589505150918 HTTP/1.1" 200 22
180.175.212.199 - - [15/May/2020:09:12:34 +0800] "GET /xingrg/all/function/internal_message.html?_=1589505150841&CODE_STATE=getMsg HTTP/1.1" 200 27
172.17.0.106 - - [15/May/2020:09:12:37 +0800] "GET /xingrg/index.html?sysBaseUrl=http%3A%2F%2F172.17.0.8%3A18081%2Fxingrg%2F&costTime=60×tamp=1589446870681 HTTP/1.1" 200 17448
172.17.0.106 - - [15/May/2020:09:12:37 +0800] "GET /xingrg/javascript/jquery_easy_ui/themes/default/easyui.css HTTP/1.1" 200 26500
172.17.0.106 - - [15/May/2020:09:12:37 +0800] "GET /xingrg/javascript/jquery_easy_ui/themes/icon.css HTTP/1.1" 200 3949
172.17.0.106 - - [15/May/2020:09:12:37 +0800] "GET /xingrg/css/form.css HTTP/1.1" 200 893
172.17.0.106 - - [15/May/2020:09:12:37 +0800] "GET /xingrg/javascript/jquery-1.4.2.min.js HTTP/1.1" 200 72205
172.17.0.106 - - [15/May/2020:09:12:37 +0800] "GET /xingrg/javascript/jquery_easy_ui/jquery.easyui.min.js HTTP/1.1" 200 213662
172.17.0.106 - - [15/May/2020:09:12:37 +0800] "GET /xingrg/javascript/jquery_easy_ui/easyui-lang-zh_CN.js HTTP/1.1" 200 1900
172.17.0.106 - - [15/May/2020:09:12:37 +0800] "GET /xingrg/javascript/jquery.form.js HTTP/1.1" 200 23110
172.17.0.106 - - [15/May/2020:09:12:37 +0800] "GET /xingrg/javascript/jquery.utils.js HTTP/1.1" 200 11805
172.17.0.106 - - [15/May/2020:09:12:37 +0800] "GET /xingrg/javascript/jquery.timers.js HTTP/1.1" 200 3532
172.17.0.106 - - [15/May/2020:09:12:37 +0800] "GET /xingrg/images/blue/jxLogo.png HTTP/1.1" 200 6156
172.17.0.106 - - [15/May/2020:09:12:37 +0800] "GET /xingrg/javascript/jquery_easy_ui/themes/icons/settle_new.png HTTP/1.1" 200 826
172.17.0.106 - - [15/May/2020:09:12:37 +0800] "GET /xingrg/images/blue/navBackgound.jpg HTTP/1.1" 200 12378
120.253.135.82 - - [15/May/2020:09:12:38 +0800] "GET /xingrg/all/function/internal_message.html?_=1589504909382&CODE_STATE=getMsg HTTP/1.1" 200 27
172.17.0.106 - - [15/May/2020:09:12:38 +0800] "POST /xingrg/all/common/load_tree.html?tree=area_rest_tree_json&manage=1 HTTP/1.1" 200 3088
172.17.0.106 - - [15/May/2020:09:12:38 +0800] "GET /xingrg/all/function/internal_message.html?_=1589505155317&CODE_STATE=count HTTP/1.1" 200 11
172.17.0.106 - - [15/May/2020:09:12:38 +0800] "GET /xingrg/check_reg.html?_=1589505155318 HTTP/1.1" 200 22
172.17.0.106 - - [15/May/2020:09:12:38 +0800] "GET /xingrg/javascript/jquery_easy_ui/themes/default/images/tabs_leftarrow.png HTTP/1.1" 200 389
172.17.0.106 - - [15/May/2020:09:12:38 +0800] "GET /xingrg/javascript/jquery_easy_ui/themes/default/images/tabs_rightarrow.png HTTP/1.1" 200 395
172.17.0.106 - - [15/May/2020:09:12:38 +0800] "GET /xingrg/images/blue/pingpu.png HTTP/1.1" 200 231
172.17.0.106 - - [15/May/2020:09:12:38 +0800] "GET /xingrg/javascript/jquery_easy_ui/themes/default/images/panel_tool_expand.gif HTTP/1.1" 200 247
172.17.0.106 - - [15/May/2020:09:12:38 +0800] "GET /xingrg/javascript/jquery_easy_ui/themes/default/images/panel_tool_collapse.gif HTTP/1.1" 200 246
172.17.0.106 - - [15/May/2020:09:12:38 +0800] "POST /xingrg/load_menu.html HTTP/1.1" 200 9924
120.253.135.82 - - [15/May/2020:09:12:39 +0800] "GET /xingrg/kc/pszx/mdps_order_list.html?orderType=0 HTTP/1.1" 200 20967
120.253.135.82 - - [15/May/2020:09:12:39 +0800] "POST /xingrg/kc/pszx/mdps_list_operate.html HTTP/1.1" 200 5198
180.175.212.199 - - [15/May/2020:09:12:40 +0800] "GET /xingrg/all/function/internal_message.html?_=1589505167990&CODE_STATE=getMsg HTTP/1.1" 200 27
120.253.135.82 - - [15/May/2020:09:12:43 +0800] "POST /xingrg/kc/pszx/mdps_list_operate.html HTTP/1.1" 200 2408
120.253.135.82 - - [15/May/2020:09:12:45 +0800] "POST /xingrg/kc/pszx/mdps_list_operate.html HTTP/1.1" 200 604
180.162.232.172 - - [15/May/2020:09:12:47 +0800] "GET /xingrg/all/function/internal_message.html?_=1589505166568&CODE_STATE=getMsg HTTP/1.1" 200 27
120.253.135.82 - - [15/May/2020:09:12:50 +0800] "GET /xingrg/kc/pszx/mdps_order_add.html HTTP/1.1" 200 28907
120.253.135.82 - - [15/May/2020:09:12:50 +0800] "POST /xingrg/kc/pszx/mdps_order_operate.html HTTP/1.1" 200 7126
120.253.135.82 - - [15/May/2020:09:12:50 +0800] "GET /xingrg/javascript/easyui/themes/default/validatebox.css HTTP/1.1" 404 1104
114.84.33.255 - - [15/May/2020:09:12:50 +0800] "GET /xingrg/check_reg.html?_=1589505186250 HTTP/1.1" 200 22
114.84.33.255 - - [15/May/2020:09:12:50 +0800] "GET /xingrg/all/function/internal_message.html?_=1589505186406&CODE_STATE=getMsg HTTP/1.1" 200 27
114.84.33.255 - - [15/May/2020:09:12:51 +0800] "GET /xingrg/all/function/internal_message.html?_=1589505185355&CODE_STATE=getMsg HTTP/1.1" 200 27
172.17.0.240 - - [15/May/2020:09:12:55 +0800] "GET /xingrg/all/function/internal_message.html?_=1589505171700&CODE_STATE=getMsg HTTP/1.1" 302 -
120.253.135.82 - - [15/May/2020:09:12:55 +0800] "POST /xingrg/all/common/load_combo.html?type=base HTTP/1.1" 200 899
101.85.52.41 - - [15/May/2020:09:12:58 +0800] "GET /xingrg/check_reg.html?_=1589504701693 HTTP/1.1" 200 22
180.162.232.172 - - [15/May/2020:09:13:00 +0800] "GET /xingrg/all/function/internal_message.html?_=1589505300760&CODE_STATE=getMsg HTTP/1.1" 200 27
120.253.135.82 - - [15/May/2020:09:13:03 +0800] "GET /xingrg/kc/pszx/mdps_order_operate.html?command=get_materiel&pszx_code=00101&rest_code=00109&base_code=0010246&code=00101022089 HTTP/1.1" 200 438
114.84.33.255 - - [15/May/2020:09:13:03 +0800] "GET /xingrg/kc/buy/cgsh_order_operate.html?command=get_materiel&rest_code=00146&code=00101008144&supplier_code=00100005&order_time=2020-05-15 HTTP/1.1" 200 412
222.69.134.33 - - [15/May/2020:09:13:09 +0800] "GET /xingrg/all/function/internal_message.html?_=1589505181157&CODE_STATE=getMsg HTTP/1.1" 200 27
114.84.33.255 - - [15/May/2020:09:13:11 +0800] "GET /xingrg/kc/buy/cgsh_order_operate.html?command=get_materiel&rest_code=00146&code=00101008356&supplier_code=00100005&order_time=2020-05-15 HTTP/1.1" 200 408
124.77.110.230 - - [15/May/2020:09:13:18 +0800] "GET /xingrg/all/function/internal_message.html?_=1589504393654&CODE_STATE=getMsg HTTP/1.1" 200 27
120.253.135.82 - - [15/May/2020:09:13:19 +0800] "GET /xingrg/kc/pszx/mdps_order_operate.html?command=get_materiel&pszx_code=00101&rest_code=00109&base_code=0010246&code=00101022091 HTTP/1.1" 200 455
180.175.212.199 - - [15/May/2020:09:13:20 +0800] "GET /xingrg/check_reg.html?_=1589505208004 HTTP/1.1" 200 22
114.88.170.9 - - [15/May/2020:09:13:20 +0800] "GET /xingrg/check_reg.html?_=1589505194528 HTTP/1.1" 200 22
120.253.135.82 - - [15/May/2020:09:13:25 +0800] "POST /xingrg/kc/pszx/mdps_order_operate.html HTTP/1.1" 200 37
120.253.135.82 - - [15/May/2020:09:13:25 +0800] "GET /xingrg/kc/pszx/mdps_order_info.html?code=312020051500290 HTTP/1.1" 200 23843
120.253.135.82 - - [15/May/2020:09:13:26 +0800] "POST /xingrg/kc/pszx/mdps_order_operate.html HTTP/1.1" 200 2791
120.253.135.82 - - [15/May/2020:09:13:26 +0800] "GET /xingrg/javascript/easyui/themes/default/validatebox.css HTTP/1.1" 404 1104
114.84.33.255 - - [15/May/2020:09:13:29 +0800] "GET /xingrg/kc/buy/cgsh_order_operate.html?command=get_materiel&rest_code=00146&code=00101008264&supplier_code=00100005&order_time=2020-05-15 HTTP/1.1" 200 412
120.253.135.82 - - [15/May/2020:09:13:30 +0800] "POST /xingrg/kc/pszx/mdps_list_operate.html HTTP/1.1" 200 232
114.88.170.9 - - [15/May/2020:09:13:32 +0800] "GET /xingrg/all/function/internal_message.html?_=1589505206665&CODE_STATE=getMsg HTTP/1.1" 200 27
120.253.135.82 - - [15/May/2020:09:13:32 +0800] "GET /xingrg/kc/pszx/mdps_order_info.html?code=312020051500283 HTTP/1.1" 200 23843
120.253.135.82 - - [15/May/2020:09:13:32 +0800] "GET /xingrg/javascript/easyui/themes/default/validatebox.css HTTP/1.1" 404 1104
120.253.135.82 - - [15/May/2020:09:13:32 +0800] "POST /xingrg/kc/pszx/mdps_order_operate.html HTTP/1.1" 200 12500
180.175.212.199 - - [15/May/2020:09:13:34 +0800] "GET /xingrg/all/function/internal_message.html?_=1589505210854&CODE_STATE=getMsg HTTP/1.1" 200 27
114.84.33.255 - - [15/May/2020:09:13:36 +0800] "GET /xingrg/kc/buy/cgsh_order_operate.html?command=get_materiel&rest_code=00146&code=00101008196&supplier_code=00100005&order_time=2020-05-15 HTTP/1.1" 200 416
120.253.135.82 - - [15/May/2020:09:13:38 +0800] "GET /xingrg/all/function/internal_message.html?_=1589504969396&CODE_STATE=getMsg HTTP/1.1" 200 27
172.17.0.123 - - [15/May/2020:09:13:38 +0800] "GET /xingrg/kc/report/report_main.html HTTP/1.1" 200 9350
114.84.33.255 - - [15/May/2020:09:13:39 +0800] "POST /xingrg/kc/buy/cgsh_order_operate.html HTTP/1.1" 200 2065
180.175.212.199 - - [15/May/2020:09:13:40 +0800] "GET /xingrg/all/function/internal_message.html?_=1589505228001&CODE_STATE=getMsg HTTP/1.1" 200 27
120.253.135.82 - - [15/May/2020:09:13:42 +0800] "POST /xingrg/kc/pszx/mdps_order_operate.html HTTP/1.1" 200 37
120.253.135.82 - - [15/May/2020:09:13:43 +0800] "GET /xingrg/kc/pszx/mdps_order_info.html?code=312020051500283 HTTP/1.1" 200 23843
114.84.33.255 - - [15/May/2020:09:13:43 +0800] "GET /xingrg/kc/buy/cgsh_order_operate.html?command=get_materiel&rest_code=00146&code=00101008197&supplier_code=00100005&order_time=2020-05-15 HTTP/1.1" 200 416
120.253.135.82 - - [15/May/2020:09:13:43 +0800] "POST /xingrg/kc/pszx/mdps_order_operate.html HTTP/1.1" 200 11490
120.253.135.82 - - [15/May/2020:09:13:43 +0800] "GET /xingrg/javascript/easyui/themes/default/validatebox.css HTTP/1.1" 404 1104
120.253.135.82 - - [15/May/2020:09:13:45 +0800] "POST /xingrg/kc/pszx/mdps_list_operate.html HTTP/1.1" 200 2771
120.253.135.82 - - [15/May/2020:09:13:46 +0800] "POST /xingrg/kc/pszx/mdps_list_operate.html HTTP/1.1" 200 293
180.162.232.172 - - [15/May/2020:09:13:47 +0800] "GET /xingrg/all/function/internal_message.html?_=1589505226572&CODE_STATE=getMsg HTTP/1.1" 200 27
120.253.135.82 - - [15/May/2020:09:13:48 +0800] "POST /xingrg/kc/pszx/mdps_list_operate.html HTTP/1.1" 200 600
120.253.135.82 - - [15/May/2020:09:13:50 +0800] "GET /xingrg/kc/pszx/mdqp_order_list.html?state=10 HTTP/1.1" 200 10079
120.253.135.82 - - [15/May/2020:09:13:50 +0800] "GET /xingrg/dwr/interface/AjaxQqpsService.js HTTP/1.1" 200 16326
120.253.135.82 - - [15/May/2020:09:13:50 +0800] "GET /xingrg/dwr/interface/AjaxReportQueryService.js HTTP/1.1" 200 13203
120.253.135.82 - - [15/May/2020:09:13:50 +0800] "GET /xingrg/dwr/engine.js HTTP/1.1" 200 43631
114.84.33.255 - - [15/May/2020:09:13:50 +0800] "GET /xingrg/all/function/internal_message.html?_=1589505246420&CODE_STATE=getMsg HTTP/1.1" 200 27
114.84.33.255 - - [15/May/2020:09:13:51 +0800] "GET /xingrg/all/function/internal_message.html?_=1589505245358&CODE_STATE=getMsg HTTP/1.1" 200 27
114.84.33.255 - - [15/May/2020:09:13:51 +0800] "GET /xingrg/kc/buy/cgsh_order_operate.html?command=get_materiel&rest_code=00146&code=00101008357&supplier_code=00100005&order_time=2020-05-15 HTTP/1.1" 200 408
172.17.0.240 - - [15/May/2020:09:13:55 +0800] "GET /xingrg/all/function/internal_message.html?_=1589505231707&CODE_STATE=getMsg HTTP/1.1" 302 -
172.17.0.240 - - [15/May/2020:09:13:55 +0800] "GET /xingrg/check_reg.html?_=1589505231709 HTTP/1.1" 302 -
114.84.33.255 - - [15/May/2020:09:13:58 +0800] "GET /xingrg/kc/buy/cgsh_order_operate.html?command=get_materiel&rest_code=00146&code=00101008006&supplier_code=00100005&order_time=2020-05-15 HTTP/1.1" 200 416
180.162.232.172 - - [15/May/2020:09:14:00 +0800] "GET /xingrg/all/function/internal_message.html?_=1589505360773&CODE_STATE=getMsg HTTP/1.1" 200 27
114.84.33.255 - - [15/May/2020:09:14:08 +0800] "GET /xingrg/kc/buy/cgsh_order_operate.html?command=get_materiel&rest_code=00146&code=00101008036&supplier_code=00100005&order_time=2020-05-15 HTTP/1.1" 200 408
222.69.134.33 - - [15/May/2020:09:14:09 +0800] "GET /xingrg/all/function/internal_message.html?_=1589505241150&CODE_STATE=getMsg HTTP/1.1" 200 27
114.84.33.255 - - [15/May/2020:09:14:15 +0800] "GET /xingrg/kc/buy/cgsh_order_operate.html?command=get_materiel&rest_code=00146&code=00101008131&supplier_code=00100005&order_time=2020-05-15 HTTP/1.1" 200 408
114.84.33.255 - - [15/May/2020:09:14:17 +0800] "POST /xingrg/kc/buy/cgsh_order_operate.html HTTP/1.1" 200 2065
124.77.110.230 - - [15/May/2020:09:14:18 +0800] "GET /xingrg/all/function/internal_message.html?_=1589504453662&CODE_STATE=getMsg HTTP/1.1" 200 27
114.84.33.255 - - [15/May/2020:09:14:26 +0800] "GET /xingrg/kc/buy/cgsh_order_operate.html?command=get_materiel&rest_code=00146&code=00101008233&supplier_code=00100005&order_time=2020-05-15 HTTP/1.1" 200 408
114.88.170.9 - - [15/May/2020:09:14:32 +0800] "GET /xingrg/all/function/internal_message.html?_=1589505266677&CODE_STATE=getMsg HTTP/1.1" 200 27
180.175.212.199 - - [15/May/2020:09:14:34 +0800] "GET /xingrg/all/function/internal_message.html?_=1589505270853&CODE_STATE=getMsg HTTP/1.1" 200 27
180.175.212.199 - - [15/May/2020:09:14:34 +0800] "GET /xingrg/check_reg.html?_=1589505270850 HTTP/1.1" 200 22
120.253.135.82 - - [15/May/2020:09:14:38 +0800] "GET /xingrg/all/function/internal_message.html?_=1589505029521&CODE_STATE=getMsg HTTP/1.1" 200 27
114.84.33.255 - - [15/May/2020:09:14:39 +0800] "GET /xingrg/kc/buy/cgsh_order_operate.html?command=get_materiel&rest_code=00146&code=00101008352&supplier_code=00100005&order_time=2020-05-15 HTTP/1.1" 200 412
180.175.212.199 - - [15/May/2020:09:14:40 +0800] "GET /xingrg/all/function/internal_message.html?_=1589505288015&CODE_STATE=getMsg HTTP/1.1" 200 27
180.162.232.172 - - [15/May/2020:09:14:47 +0800] "GET /xingrg/check_reg.html?_=1589505286573 HTTP/1.1" 200 22
180.162.232.172 - - [15/May/2020:09:14:47 +0800] "GET /xingrg/all/function/internal_message.html?_=1589505286575&CODE_STATE=getMsg HTTP/1.1" 200 27
114.84.33.255 - - [15/May/2020:09:14:50 +0800] "GET /xingrg/all/function/internal_message.html?_=1589505306434&CODE_STATE=getMsg HTTP/1.1" 200 27
114.84.33.255 - - [15/May/2020:09:14:51 +0800] "GET /xingrg/all/function/internal_message.html?_=1589505305814&CODE_STATE=getMsg HTTP/1.1" 200 27
114.84.33.255 - - [15/May/2020:09:14:54 +0800] "GET /xingrg/kc/buy/cgsh_order_operate.html?command=get_materiel&rest_code=00146&code=00101008353&supplier_code=00100005&order_time=2020-05-15 HTTP/1.1" 200 408
172.17.0.240 - - [15/May/2020:09:14:55 +0800] "GET /xingrg/all/function/internal_message.html?_=1589505291706&CODE_STATE=getMsg HTTP/1.1" 302 -
180.162.232.172 - - [15/May/2020:09:15:00 +0800] "GET /xingrg/all/function/internal_message.html?_=1589505420831&CODE_STATE=getMsg HTTP/1.1" 200 27
222.69.134.33 - - [15/May/2020:09:15:09 +0800] "GET /xingrg/all/function/internal_message.html?_=1589505301156&CODE_STATE=getMsg HTTP/1.1" 200 27
172.17.0.103 - - [15/May/2020:09:15:17 +0800] "GET /xingrg/login.html HTTP/1.1" 200 7636
114.84.33.255 - - [15/May/2020:09:15:17 +0800] "GET /xingrg/kc/buy/cgsh_order_operate.html?command=get_materiel&rest_code=00146&code=00101008291&supplier_code=00100005&order_time=2020-05-15 HTTP/1.1" 200 408
124.77.110.230 - - [15/May/2020:09:15:18 +0800] "GET /xingrg/check_reg.html?_=1589504513606 HTTP/1.1" 200 22
