117.131.5.26 - - [14/May/2020:10:11:27 +0800] "GET /xingrg/images/control/ajaxLoader.gif HTTP/1.1" 304 -
117.131.5.26 - - [14/May/2020:10:11:27 +0800] "GET /xingrg/javascript/jquery_easy_ui/themes/default/images/datagrid_header_bg.gif HTTP/1.1" 304 -
117.131.5.26 - - [14/May/2020:10:11:27 +0800] "GET /xingrg/javascript/jquery_easy_ui/themes/default/images/pagination_first.gif HTTP/1.1" 304 -
117.131.5.26 - - [14/May/2020:10:11:27 +0800] "GET /xingrg/javascript/jquery_easy_ui/themes/default/images/pagination_prev.gif HTTP/1.1" 304 -
117.131.5.26 - - [14/May/2020:10:11:27 +0800] "GET /xingrg/javascript/jquery_easy_ui/themes/default/images/pagination_next.gif HTTP/1.1" 304 -
117.131.5.26 - - [14/May/2020:10:11:27 +0800] "GET /xingrg/javascript/jquery_easy_ui/themes/default/images/pagination_last.gif HTTP/1.1" 304 -
117.131.5.26 - - [14/May/2020:10:11:27 +0800] "GET /xingrg/javascript/jquery_easy_ui/themes/default/images/pagination_load.png HTTP/1.1" 304 -
117.131.5.26 - - [14/May/2020:10:11:27 +0800] "GET /xingrg/javascript/jquery_easy_ui/themes/default/images/pagination_loading.gif HTTP/1.1" 304 -
117.131.5.26 - - [14/May/2020:10:11:28 +0800] "GET /xingrg/system/rest/query_items.html?_=1589422290003&table=menu&page=1&rows=20&categoryId=&key= HTTP/1.1" 200 4788
180.162.232.172 - - [14/May/2020:10:11:40 +0800] "GET /xingrg/all/function/internal_message.html?_=1589422300700&CODE_STATE=getMsg HTTP/1.1" 200 27
117.131.5.26 - - [14/May/2020:10:11:41 +0800] "GET /xingrg/system/rest/query_items.html?_=1589422302909&table=menu&page=1&rows=20&categoryId=&key=hl HTTP/1.1" 200 4774
172.17.0.123 - - [14/May/2020:10:11:42 +0800] "GET /xingrg/check_reg.html?_=1589422296309 HTTP/1.1" 302 -
172.17.0.100 - - [14/May/2020:10:11:43 +0800] "GET /xingrg/all/function/internal_message.html?_=1589422302692&CODE_STATE=getMsg HTTP/1.1" 200 27
180.162.232.172 - - [14/May/2020:10:11:47 +0800] "GET /xingrg/all/function/internal_message.html?_=1589422429901&CODE_STATE=getMsg HTTP/1.1" 200 27
114.84.33.255 - - [14/May/2020:10:11:47 +0800] "GET /xingrg/all/function/internal_message.html?_=1589422318989&CODE_STATE=getMsg HTTP/1.1" 200 27
117.131.5.26 - - [14/May/2020:10:11:49 +0800] "GET /xingrg/javascript/jquery_easy_ui/themes/default/images/panel_tools.gif HTTP/1.1" 304 -
117.131.5.26 - - [14/May/2020:10:11:49 +0800] "GET /xingrg/javascript/jquery_easy_ui/themes/default/images/panel_title.png HTTP/1.1" 304 -
117.131.5.26 - - [14/May/2020:10:11:49 +0800] "GET /xingrg/system/rest/get_item.html?table=menu&id=2054&_=1589422311706 HTTP/1.1" 200 1006
117.131.5.26 - - [14/May/2020:10:11:49 +0800] "GET /xingrg/system/rest/get_item.html?table=menu&target=menu_rest&id=2054&_=1589422311706 HTTP/1.1" 200 775
117.131.5.26 - - [14/May/2020:10:11:49 +0800] "GET /xingrg/system/rest/get_item.html?table=menu&target=cook_mode&id=2054&_=1589422311706 HTTP/1.1" 200 10645
117.131.5.26 - - [14/May/2020:10:11:53 +0800] "GET /xingrg/system/rest/get_infos.html?command=menu_img_show&id=2054 HTTP/1.1" 200 5
172.17.0.110 - - [14/May/2020:10:11:53 +0800] "GET /xingrg/check_reg.html?_=1589422310726 HTTP/1.1" 200 22
172.17.0.110 - - [14/May/2020:10:11:53 +0800] "GET /xingrg/all/function/internal_message.html?_=1589422310728&CODE_STATE=getMsg HTTP/1.1" 200 27
124.77.110.230 - - [14/May/2020:10:11:53 +0800] "GET /xingrg/all/function/internal_message.html?_=1589422309822&CODE_STATE=getMsg HTTP/1.1" 200 27
172.17.0.240 - - [14/May/2020:10:11:53 +0800] "GET /xingrg/all/function/internal_message.html?_=1589422308702&CODE_STATE=getMsg HTTP/1.1" 200 27
222.69.139.32 - - [14/May/2020:10:11:55 +0800] "GET /xingrg/all/function/internal_message.html?_=1589422308883&CODE_STATE=getMsg HTTP/1.1" 200 27
117.131.5.26 - - [14/May/2020:10:11:56 +0800] "GET /xingrg/system/rest/get_item.html?table=menu&target=menu_rest_detail&id=2054&sid=5&_=1589422318425 HTTP/1.1" 200 426
58.40.7.146 - - [14/May/2020:10:11:56 +0800] "GET /xingrg/all/function/internal_message.html?_=1589422314131&CODE_STATE=getMsg HTTP/1.1" 200 27
114.84.33.255 - - [14/May/2020:10:11:58 +0800] "POST /xingrg/services/DataTransmitService HTTP/1.1" 200 524
114.84.33.255 - - [14/May/2020:10:11:59 +0800] "POST /xingrg/services/DataTransmitService HTTP/1.1" 200 501
117.184.7.30 - - [14/May/2020:10:12:04 +0800] "GET /xingrg/all/function/internal_message.html?_=1589422315050&CODE_STATE=getMsg HTTP/1.1" 200 27
117.185.32.26 - - [14/May/2020:10:12:04 +0800] "GET /xingrg/all/function/internal_message.html?_=1589422743255&CODE_STATE=getMsg HTTP/1.1" 200 27
117.131.5.26 - - [14/May/2020:10:12:07 +0800] "POST /xingrg/system/rest/edit_item.html HTTP/1.1" 200 4
117.131.5.26 - - [14/May/2020:10:12:07 +0800] "GET /xingrg/system/rest/get_item.html?table=menu&target=menu_rest&id=2054&_=1589422329487 HTTP/1.1" 200 775
114.84.33.255 - - [14/May/2020:10:12:09 +0800] "GET /xingrg/all/function/internal_message.html?_=1589422342473&CODE_STATE=getMsg HTTP/1.1" 302 -
114.84.151.157 - - [14/May/2020:10:12:12 +0800] "GET /xingrg/all/function/internal_message.html?_=1589422333260&CODE_STATE=getMsg HTTP/1.1" 200 27
117.131.5.26 - - [14/May/2020:10:12:13 +0800] "GET /xingrg/system/rest/query_items.html?_=1589422335628&table=menu&page=1&rows=20&categoryId=&key=hh HTTP/1.1" 200 4803
120.253.135.82 - - [14/May/2020:10:12:16 +0800] "GET /xingrg/check_reg.html?_=1589422411364 HTTP/1.1" 200 22
120.253.135.82 - - [14/May/2020:10:12:16 +0800] "GET /xingrg/all/function/internal_message.html?_=1589422411518&CODE_STATE=getMsg HTTP/1.1" 200 27
117.131.5.26 - - [14/May/2020:10:12:18 +0800] "GET /xingrg/system/rest/get_item.html?table=menu&id=2115&_=1589422340206 HTTP/1.1" 200 938
117.131.5.26 - - [14/May/2020:10:12:18 +0800] "GET /xingrg/system/rest/get_item.html?table=menu&target=cook_mode&id=2115&_=1589422340221 HTTP/1.1" 200 2236
117.131.5.26 - - [14/May/2020:10:12:18 +0800] "GET /xingrg/system/rest/get_item.html?table=menu&target=menu_rest&id=2115&_=1589422340221 HTTP/1.1" 200 753
120.253.135.82 - - [14/May/2020:10:12:18 +0800] "GET /xingrg/all/function/internal_message.html?_=1589422090416&CODE_STATE=getMsg HTTP/1.1" 200 27
117.131.5.26 - - [14/May/2020:10:12:22 +0800] "GET /xingrg/system/rest/get_infos.html?command=menu_img_show&id=2115 HTTP/1.1" 200 5
117.131.5.26 - - [14/May/2020:10:12:24 +0800] "GET /xingrg/system/rest/get_item.html?table=menu&target=menu_rest_detail&id=2115&sid=5&_=1589422346425 HTTP/1.1" 200 426
101.85.28.157 - - [14/May/2020:10:12:25 +0800] "GET /xingrg/all/function/internal_message.html?_=1589424089686&CODE_STATE=getMsg HTTP/1.1" 200 27
117.131.5.26 - - [14/May/2020:10:12:36 +0800] "GET /xingrg/system/rest/query_items.html?_=1589422358112&table=menu&page=1&rows=20&categoryId=&key=dbc HTTP/1.1" 200 3716
117.131.5.26 - - [14/May/2020:10:12:38 +0800] "GET /xingrg/system/rest/get_item.html?table=menu&id=1969&_=1589422360393 HTTP/1.1" 200 942
117.131.5.26 - - [14/May/2020:10:12:38 +0800] "GET /xingrg/system/rest/get_item.html?table=menu&target=menu_rest&id=1969&_=1589422360409 HTTP/1.1" 200 559
117.131.5.26 - - [14/May/2020:10:12:38 +0800] "GET /xingrg/system/rest/get_item.html?table=menu&target=cook_mode&id=1969&_=1589422360409 HTTP/1.1" 200 12550
180.162.232.172 - - [14/May/2020:10:12:40 +0800] "GET /xingrg/all/function/internal_message.html?_=1589422360701&CODE_STATE=getMsg HTTP/1.1" 200 27
117.131.5.26 - - [14/May/2020:10:12:42 +0800] "GET /xingrg/system/rest/get_infos.html?command=menu_img_show&id=1969 HTTP/1.1" 200 5
172.17.0.100 - - [14/May/2020:10:12:43 +0800] "GET /xingrg/all/function/internal_message.html?_=1589422362665&CODE_STATE=getMsg HTTP/1.1" 200 27
117.131.5.26 - - [14/May/2020:10:12:44 +0800] "GET /xingrg/system/rest/get_item.html?table=menu&target=menu_rest_detail&id=1969&sid=5&_=1589422366362 HTTP/1.1" 200 427
120.253.135.82 - - [14/May/2020:10:12:44 +0800] "GET /xingrg/login.html HTTP/1.1" 200 7641
120.253.135.82 - - [14/May/2020:10:12:45 +0800] "GET /favicon.ico HTTP/1.1" 404 -
180.162.232.172 - - [14/May/2020:10:12:47 +0800] "GET /xingrg/all/function/internal_message.html?_=1589422489907&CODE_STATE=getMsg HTTP/1.1" 200 27
114.84.33.255 - - [14/May/2020:10:12:48 +0800] "GET /xingrg/all/function/internal_message.html?_=1589422379141&CODE_STATE=getMsg HTTP/1.1" 200 27
117.131.5.26 - - [14/May/2020:10:12:52 +0800] "GET /xingrg/system/rest/query_items.html?_=1589422373800&table=menu&page=1&rows=20&categoryId=&key=hc HTTP/1.1" 200 5140
58.40.7.146 - - [14/May/2020:10:12:53 +0800] "GET /xingrg/login.html HTTP/1.1" 200 7641
124.77.110.230 - - [14/May/2020:10:12:53 +0800] "GET /xingrg/all/function/internal_message.html?_=1589422369796&CODE_STATE=getMsg HTTP/1.1" 200 27
172.17.0.110 - - [14/May/2020:10:12:53 +0800] "GET /xingrg/all/function/internal_message.html?_=1589422370725&CODE_STATE=getMsg HTTP/1.1" 200 27
172.17.0.240 - - [14/May/2020:10:12:53 +0800] "GET /xingrg/all/function/internal_message.html?_=1589422368704&CODE_STATE=getMsg HTTP/1.1" 200 27
58.40.7.146 - - [14/May/2020:10:12:54 +0800] "GET /favicon.ico HTTP/1.1" 404 -
124.77.110.230 - - [14/May/2020:10:12:54 +0800] "GET /xingrg/check_reg.html?_=1589422370415 HTTP/1.1" 200 22
120.253.135.82 - - [14/May/2020:10:12:54 +0800] "POST /xingrg/login.do HTTP/1.1" 302 -
120.253.135.82 - - [14/May/2020:10:12:54 +0800] "GET /xingrg/javascript/jquery_easy_ui/themes/icon.css HTTP/1.1" 304 -
120.253.135.82 - - [14/May/2020:10:12:54 +0800] "GET /xingrg/javascript/jquery_easy_ui/themes/default/easyui.css HTTP/1.1" 304 -
120.253.135.82 - - [14/May/2020:10:12:54 +0800] "GET /xingrg/css/form.css HTTP/1.1" 304 -
120.253.135.82 - - [14/May/2020:10:12:54 +0800] "GET /xingrg/index.html?sysBaseUrl=http%3A%2F%2F180.169.147.146%3A18081%2Fxingrg%2F&costTime=42×tamp=1589422374408 HTTP/1.1" 200 17173
120.253.135.82 - - [14/May/2020:10:12:54 +0800] "GET /xingrg/javascript/jquery-1.4.2.min.js HTTP/1.1" 304 -
120.253.135.82 - - [14/May/2020:10:12:54 +0800] "GET /xingrg/javascript/jquery.form.js HTTP/1.1" 304 -
120.253.135.82 - - [14/May/2020:10:12:54 +0800] "GET /xingrg/javascript/jquery_easy_ui/easyui-lang-zh_CN.js HTTP/1.1" 304 -
120.253.135.82 - - [14/May/2020:10:12:54 +0800] "GET /xingrg/javascript/jquery_easy_ui/jquery.easyui.min.js HTTP/1.1" 304 -
120.253.135.82 - - [14/May/2020:10:12:54 +0800] "GET /xingrg/javascript/jquery.timers.js HTTP/1.1" 304 -
120.253.135.82 - - [14/May/2020:10:12:54 +0800] "GET /xingrg/javascript/jquery.utils.js HTTP/1.1" 304 -
120.253.135.82 - - [14/May/2020:10:12:54 +0800] "POST /xingrg/all/common/load_tree.html?tree=area_rest_tree_json&manage=1 HTTP/1.1" 200 344
120.253.135.82 - - [14/May/2020:10:12:54 +0800] "GET /xingrg/all/function/internal_message.html?_=1589422501493&CODE_STATE=count HTTP/1.1" 200 11
120.253.135.82 - - [14/May/2020:10:12:54 +0800] "GET /xingrg/check_reg.html?_=1589422501494 HTTP/1.1" 200 22
120.253.135.82 - - [14/May/2020:10:12:54 +0800] "POST /xingrg/load_menu.html HTTP/1.1" 200 6743
120.253.135.82 - - [14/May/2020:10:12:54 +0800] "GET /favicon.ico HTTP/1.1" 404 -
222.69.139.32 - - [14/May/2020:10:12:55 +0800] "GET /xingrg/all/function/internal_message.html?_=1589422368869&CODE_STATE=getMsg HTTP/1.1" 200 27
222.69.139.32 - - [14/May/2020:10:12:56 +0800] "GET /xingrg/check_reg.html?_=1589422369918 HTTP/1.1" 200 22
58.40.7.146 - - [14/May/2020:10:12:56 +0800] "GET /xingrg/all/function/internal_message.html?_=1589422374119&CODE_STATE=getMsg HTTP/1.1" 200 27
117.131.5.26 - - [14/May/2020:10:12:58 +0800] "GET /xingrg/system/rest/query_items.html?_=1589422379925&table=menu&page=1&rows=20&categoryId=&key=2090 HTTP/1.1" 200 248
120.253.135.82 - - [14/May/2020:10:12:58 +0800] "GET /xingrg/css/blue.css HTTP/1.1" 304 -
120.253.135.82 - - [14/May/2020:10:12:58 +0800] "GET /xingrg/dwr/util.js HTTP/1.1" 304 -
120.253.135.82 - - [14/May/2020:10:12:58 +0800] "GET /xingrg/kc/pszx/mdqp_order_list.html?state=10 HTTP/1.1" 200 10513
120.253.135.82 - - [14/May/2020:10:12:58 +0800] "GET /xingrg/javascript/Calendar.js HTTP/1.1" 304 -
120.253.135.82 - - [14/May/2020:10:12:58 +0800] "GET /xingrg/javascript/pic_change.js HTTP/1.1" 304 -
120.253.135.82 - - [14/May/2020:10:12:58 +0800] "GET /xingrg/javascript/myfunction.js HTTP/1.1" 304 -
120.253.135.82 - - [14/May/2020:10:12:58 +0800] "GET /xingrg/dwr/interface/AjaxReportQueryService.js HTTP/1.1" 200 13203
120.253.135.82 - - [14/May/2020:10:12:58 +0800] "GET /xingrg/dwr/interface/AjaxQqpsService.js HTTP/1.1" 200 16326
120.253.135.82 - - [14/May/2020:10:12:58 +0800] "GET /xingrg/dwr/engine.js HTTP/1.1" 200 43631
117.131.5.26 - - [14/May/2020:10:12:59 +0800] "GET /xingrg/system/rest/get_item.html?table=menu&id=2090&_=1589422381721 HTTP/1.1" 200 935
117.131.5.26 - - [14/May/2020:10:12:59 +0800] "GET /xingrg/system/rest/get_item.html?table=menu&target=menu_rest&id=2090&_=1589422381737 HTTP/1.1" 200 551
117.131.5.26 - - [14/May/2020:10:12:59 +0800] "GET /xingrg/system/rest/get_item.html?table=menu&target=cook_mode&id=2090&_=1589422381737 HTTP/1.1" 200 9336
120.253.135.82 - - [14/May/2020:10:13:01 +0800] "GET /xingrg/css/base.css HTTP/1.1" 304 -
120.253.135.82 - - [14/May/2020:10:13:01 +0800] "GET /xingrg/css/site.css HTTP/1.1" 304 -
120.253.135.82 - - [14/May/2020:10:13:01 +0800] "GET /xingrg/javascript/jquery_tools/datebox.css HTTP/1.1" 304 -
120.253.135.82 - - [14/May/2020:10:13:01 +0800] "GET /xingrg/javascript/easyui/themes/default/easyui.css HTTP/1.1" 304 -
120.253.135.82 - - [14/May/2020:10:13:01 +0800] "GET /xingrg/javascript/auto/jquery.autocomplete.css HTTP/1.1" 304 -
120.253.135.82 - - [14/May/2020:10:13:01 +0800] "GET /xingrg/javascript/jquery_tools/jquery.tools.hotkey.js HTTP/1.1" 304 -
120.253.135.82 - - [14/May/2020:10:13:01 +0800] "GET /xingrg/javascript/jquery_tools/fix.css HTTP/1.1" 304 -
120.253.135.82 - - [14/May/2020:10:13:01 +0800] "GET /xingrg/javascript/jquery_tools/jquery.tools.table.js HTTP/1.1" 304 -
120.253.135.82 - - [14/May/2020:10:13:01 +0800] "GET /xingrg/javascript/jquery_tools/jquery.tools.min.js HTTP/1.1" 304 -
120.253.135.82 - - [14/May/2020:10:13:01 +0800] "GET /xingrg/javascript/easyui/themes/icon.css HTTP/1.1" 304 -
120.253.135.82 - - [14/May/2020:10:13:01 +0800] "GET /xingrg/javascript/jquery_tools/list_manager.js HTTP/1.1" 304 -
120.253.135.82 - - [14/May/2020:10:13:01 +0800] "GET /xingrg/javascript/jquery_tools/jquery.tools.extend.js HTTP/1.1" 304 -
120.253.135.82 - - [14/May/2020:10:13:01 +0800] "GET /xingrg/javascript/auto/jquery.autocomplete.js HTTP/1.1" 304 -
120.253.135.82 - - [14/May/2020:10:13:01 +0800] "GET /xingrg/javascript/easyui/easyloader.js HTTP/1.1" 304 -
120.253.135.82 - - [14/May/2020:10:13:01 +0800] "GET /xingrg/kc/pszx/mdps_order_list.html?orderType=0 HTTP/1.1" 200 20967
120.253.135.82 - - [14/May/2020:10:13:01 +0800] "GET /xingrg/javascript/jquery_tools/table.css HTTP/1.1" 304 -
120.253.135.82 - - [14/May/2020:10:13:01 +0800] "GET /xingrg/javascript/jquery.cookie.js HTTP/1.1" 304 -
120.253.135.82 - - [14/May/2020:10:13:01 +0800] "GET /xingrg/javascript/print/LodopFuncs.js HTTP/1.1" 304 -
120.253.135.82 - - [14/May/2020:10:13:02 +0800] "GET /xingrg/javascript/easyui/plugins/jquery.parser.js HTTP/1.1" 304 -
120.253.135.82 - - [14/May/2020:10:13:02 +0800] "POST /xingrg/kc/pszx/mdps_list_operate.html HTTP/1.1" 200 5301
101.85.52.41 - - [14/May/2020:10:13:02 +0800] "GET /xingrg/check_reg.html?_=1589421906410 HTTP/1.1" 200 22
120.253.135.82 - - [14/May/2020:10:13:02 +0800] "GET /xingrg/kc/pszx/mdps_order_list.html?orderType=0 HTTP/1.1" 200 20967
120.253.135.82 - - [14/May/2020:10:13:03 +0800] "POST /xingrg/kc/pszx/mdps_list_operate.html HTTP/1.1" 200 5301
117.131.5.26 - - [14/May/2020:10:13:03 +0800] "GET /xingrg/system/rest/get_infos.html?command=menu_img_show&id=2090 HTTP/1.1" 200 5
117.184.7.30 - - [14/May/2020:10:13:04 +0800] "GET /xingrg/all/function/internal_message.html?_=1589422375050&CODE_STATE=getMsg HTTP/1.1" 200 27
117.184.7.30 - - [14/May/2020:10:13:04 +0800] "GET /xingrg/check_reg.html?_=1589422375057 HTTP/1.1" 200 22
117.185.32.26 - - [14/May/2020:10:13:04 +0800] "GET /xingrg/all/function/internal_message.html?_=1589422803255&CODE_STATE=getMsg HTTP/1.1" 200 27
117.131.5.26 - - [14/May/2020:10:13:07 +0800] "GET /xingrg/system/rest/get_item.html?table=menu&target=menu_rest_detail&id=2090&sid=5&_=1589422389159 HTTP/1.1" 200 425
114.84.33.255 - - [14/May/2020:10:13:09 +0800] "GET /xingrg/all/function/internal_message.html?_=1589422402479&CODE_STATE=getMsg HTTP/1.1" 302 -
114.84.151.157 - - [14/May/2020:10:13:12 +0800] "GET /xingrg/all/function/internal_message.html?_=1589422393234&CODE_STATE=getMsg HTTP/1.1" 200 27
120.253.135.82 - - [14/May/2020:10:13:16 +0800] "GET /xingrg/all/function/internal_message.html?_=1589422471533&CODE_STATE=getMsg HTTP/1.1" 200 27
120.253.135.82 - - [14/May/2020:10:13:18 +0800] "GET /xingrg/all/function/internal_message.html?_=1589422150437&CODE_STATE=getMsg HTTP/1.1" 200 27
101.85.28.157 - - [14/May/2020:10:13:24 +0800] "GET /xingrg/check_reg.html?_=1589424149389 HTTP/1.1" 200 22
101.85.28.157 - - [14/May/2020:10:13:24 +0800] "GET /xingrg/all/function/internal_message.html?_=1589424149700&CODE_STATE=getMsg HTTP/1.1" 200 27
117.131.5.26 - - [14/May/2020:10:13:24 +0800] "GET /xingrg/system/rest/query_items.html?_=1589422406659&table=menu&page=1&rows=20&categoryId=&key=fzmj HTTP/1.1" 200 745
117.131.5.26 - - [14/May/2020:10:13:28 +0800] "GET /xingrg/system/rest/get_item.html?table=menu&id=2084&_=1589422409893 HTTP/1.1" 200 971
117.131.5.26 - - [14/May/2020:10:13:28 +0800] "GET /xingrg/system/rest/get_item.html?table=menu&target=cook_mode&id=2084&_=1589422409909 HTTP/1.1" 200 9370
117.131.5.26 - - [14/May/2020:10:13:31 +0800] "GET /xingrg/system/rest/get_infos.html?command=menu_img_show&id=2084 HTTP/1.1" 200 5
61.129.7.235 - - [14/May/2020:10:13:34 +0800] "GET /xingrg/all/function/internal_message.html?_=1589421613516&CODE_STATE=getMsg HTTP/1.1" 302 -
180.162.232.172 - - [14/May/2020:10:13:40 +0800] "GET /xingrg/check_reg.html?_=1589422420704 HTTP/1.1" 200 22
180.162.232.172 - - [14/May/2020:10:13:41 +0800] "GET /xingrg/all/function/internal_message.html?_=1589422420706&CODE_STATE=getMsg HTTP/1.1" 200 27
172.17.0.100 - - [14/May/2020:10:13:43 +0800] "GET /xingrg/all/function/internal_message.html?_=1589422422651&CODE_STATE=getMsg HTTP/1.1" 200 27
117.131.5.26 - - [14/May/2020:10:13:43 +0800] "GET /xingrg/check_reg.html?_=1589422425675 HTTP/1.1" 200 22
58.40.7.146 - - [14/May/2020:10:13:44 +0800] "POST /xingrg/login.do HTTP/1.1" 302 -
58.40.7.146 - - [14/May/2020:10:13:44 +0800] "GET /xingrg/index.html?sysBaseUrl=http%3A%2F%2F180.169.147.146%3A18081%2Fxingrg%2F&costTime=38×tamp=1589422424596 HTTP/1.1" 200 17173
58.40.7.146 - - [14/May/2020:10:13:44 +0800] "POST /xingrg/all/common/load_tree.html?tree=area_rest_tree_json&manage=1 HTTP/1.1" 200 3088
58.40.7.146 - - [14/May/2020:10:13:44 +0800] "GET /xingrg/all/function/internal_message.html?_=1589422422155&CODE_STATE=count HTTP/1.1" 200 11
58.40.7.146 - - [14/May/2020:10:13:44 +0800] "GET /xingrg/check_reg.html?_=1589422422157 HTTP/1.1" 200 22
61.129.7.235 - - [14/May/2020:10:13:44 +0800] "GET /xingrg/login.html HTTP/1.1" 200 7641
58.40.7.146 - - [14/May/2020:10:13:44 +0800] "POST /xingrg/load_menu.html HTTP/1.1" 200 6743
58.40.7.146 - - [14/May/2020:10:13:44 +0800] "GET /favicon.ico HTTP/1.1" 404 -
180.162.232.172 - - [14/May/2020:10:13:47 +0800] "GET /xingrg/check_reg.html?_=1589422549451 HTTP/1.1" 200 22
180.162.232.172 - - [14/May/2020:10:13:47 +0800] "GET /xingrg/all/function/internal_message.html?_=1589422549921&CODE_STATE=getMsg HTTP/1.1" 200 27
114.84.33.255 - - [14/May/2020:10:13:48 +0800] "GET /xingrg/all/function/internal_message.html?_=1589422439154&CODE_STATE=getMsg HTTP/1.1" 200 27
124.77.110.230 - - [14/May/2020:10:13:53 +0800] "GET /xingrg/all/function/internal_message.html?_=1589422429773&CODE_STATE=getMsg HTTP/1.1" 200 27
172.17.0.110 - - [14/May/2020:10:13:53 +0800] "GET /xingrg/all/function/internal_message.html?_=1589422430724&CODE_STATE=getMsg HTTP/1.1" 200 27
172.17.0.240 - - [14/May/2020:10:13:53 +0800] "GET /xingrg/check_reg.html?_=1589422428705 HTTP/1.1" 200 22
172.17.0.240 - - [14/May/2020:10:13:53 +0800] "GET /xingrg/all/function/internal_message.html?_=1589422428706&CODE_STATE=getMsg HTTP/1.1" 200 27
120.253.135.82 - - [14/May/2020:10:13:54 +0800] "GET /xingrg/all/function/internal_message.html?_=1589422561496&CODE_STATE=getMsg HTTP/1.1" 200 27
222.69.139.32 - - [14/May/2020:10:13:55 +0800] "GET /xingrg/all/function/internal_message.html?_=1589422428842&CODE_STATE=getMsg HTTP/1.1" 200 27
58.40.7.146 - - [14/May/2020:10:13:56 +0800] "GET /xingrg/all/function/internal_message.html?_=1589422434122&CODE_STATE=getMsg HTTP/1.1" 200 27
117.184.7.30 - - [14/May/2020:10:14:04 +0800] "GET /xingrg/all/function/internal_message.html?_=1589422435058&CODE_STATE=getMsg HTTP/1.1" 200 27
117.185.32.26 - - [14/May/2020:10:14:04 +0800] "GET /xingrg/all/function/internal_message.html?_=1589422863253&CODE_STATE=getMsg HTTP/1.1" 200 27
117.131.5.26 - - [14/May/2020:10:14:06 +0800] "GET /xingrg/system/rest/get_item.html?table=menu&id=2084&_=1589422447971 HTTP/1.1" 200 971
117.131.5.26 - - [14/May/2020:10:14:06 +0800] "GET /xingrg/system/rest/get_item.html?table=menu&target=menu_rest&id=2084&_=1589422447987 HTTP/1.1" 200 1143
117.131.5.26 - - [14/May/2020:10:14:06 +0800] "GET /xingrg/system/rest/get_item.html?table=menu&target=cook_mode&id=2084&_=1589422447987 HTTP/1.1" 200 9370
117.131.5.26 - - [14/May/2020:10:14:08 +0800] "GET /xingrg/javascript/jquery_easy_ui/themes/default/images/button_plain_hover.png HTTP/1.1" 304 -
114.84.33.255 - - [14/May/2020:10:14:09 +0800] "GET /xingrg/all/function/internal_message.html?_=1589422462500&CODE_STATE=getMsg HTTP/1.1" 302 -
114.84.151.157 - - [14/May/2020:10:14:12 +0800] "GET /xingrg/all/function/internal_message.html?_=1589422453204&CODE_STATE=getMsg HTTP/1.1" 200 27
117.131.5.26 - - [14/May/2020:10:14:12 +0800] "GET /xingrg/system/rest/get_item.html?table=menu&target=menu_rest_detail&id=2084&sid=5&_=1589422453987 HTTP/1.1" 200 425
120.253.135.82 - - [14/May/2020:10:14:14 +0800] "GET /xingrg/check_reg.html?_=1589422206611 HTTP/1.1" 200 22
120.253.135.82 - - [14/May/2020:10:14:16 +0800] "GET /xingrg/all/function/internal_message.html?_=1589422531547&CODE_STATE=getMsg HTTP/1.1" 200 27
120.253.135.82 - - [14/May/2020:10:14:18 +0800] "GET /xingrg/all/function/internal_message.html?_=1589422210445&CODE_STATE=getMsg HTTP/1.1" 200 27
114.84.151.157 - - [14/May/2020:10:14:22 +0800] "POST /xingrg/services/DataTransmitService HTTP/1.1" 200 524
114.84.151.157 - - [14/May/2020:10:14:22 +0800] "POST /xingrg/services/DataTransmitService HTTP/1.1" 200 501
101.85.28.157 - - [14/May/2020:10:14:24 +0800] "GET /xingrg/all/function/internal_message.html?_=1589424209713&CODE_STATE=getMsg HTTP/1.1" 200 27
117.131.5.26 - - [14/May/2020:10:14:27 +0800] "GET /xingrg/system/rest/query_items.html?_=1589422469143&table=menu&page=1&rows=20&categoryId=&key=xbc HTTP/1.1" 200 3846
117.131.5.26 - - [14/May/2020:10:14:29 +0800] "GET /xingrg/system/rest/get_item.html?table=menu&id=1931&_=1589422471362 HTTP/1.1" 200 944
117.131.5.26 - - [14/May/2020:10:14:29 +0800] "GET /xingrg/system/rest/get_item.html?table=menu&target=menu_rest&id=1931&_=1589422471362 HTTP/1.1" 200 885
117.131.5.26 - - [14/May/2020:10:14:29 +0800] "GET /xingrg/system/rest/get_item.html?table=menu&target=cook_mode&id=1931&_=1589422471362 HTTP/1.1" 200 17346
117.131.5.26 - - [14/May/2020:10:14:31 +0800] "GET /xingrg/system/rest/get_infos.html?command=menu_img_show&id=1931 HTTP/1.1" 200 5
117.131.5.26 - - [14/May/2020:10:14:36 +0800] "GET /xingrg/system/rest/get_item.html?table=menu&target=menu_rest_detail&id=1931&sid=5&_=1589422477800 HTTP/1.1" 200 440
180.162.232.172 - - [14/May/2020:10:14:41 +0800] "GET /xingrg/all/function/internal_message.html?_=1589422480716&CODE_STATE=getMsg HTTP/1.1" 200 27
114.84.33.255 - - [14/May/2020:10:14:42 +0800] "POST /xingrg/services/DataTransmitService HTTP/1.1" 200 524
114.84.33.255 - - [14/May/2020:10:14:42 +0800] "POST /xingrg/services/DataTransmitService HTTP/1.1" 200 501
172.17.0.100 - - [14/May/2020:10:14:42 +0800] "GET /xingrg/check_reg.html?_=1589422482108 HTTP/1.1" 200 22
117.131.5.26 - - [14/May/2020:10:14:42 +0800] "GET /xingrg/system/rest/query_items.html?_=1589422484581&table=menu&page=1&rows=20&categoryId=&key=dy HTTP/1.1" 200 4795
172.17.0.100 - - [14/May/2020:10:14:43 +0800] "GET /xingrg/all/function/internal_message.html?_=1589422482627&CODE_STATE=getMsg HTTP/1.1" 200 27
58.40.7.146 - - [14/May/2020:10:14:44 +0800] "GET /xingrg/all/function/internal_message.html?_=1589422482161&CODE_STATE=getMsg HTTP/1.1" 200 27
117.131.5.26 - - [14/May/2020:10:14:45 +0800] "GET /xingrg/system/rest/get_item.html?table=menu&id=1932&_=1589422487612 HTTP/1.1" 200 938
117.131.5.26 - - [14/May/2020:10:14:45 +0800] "GET /xingrg/system/rest/get_item.html?table=menu&target=menu_rest&id=1932&_=1589422487628 HTTP/1.1" 200 756
117.131.5.26 - - [14/May/2020:10:14:45 +0800] "GET /xingrg/system/rest/get_item.html?table=menu&target=cook_mode&id=1932&_=1589422487628 HTTP/1.1" 200 15037
114.84.33.255 - - [14/May/2020:10:14:47 +0800] "GET /xingrg/check_reg.html?_=1589422498469 HTTP/1.1" 200 22
180.162.232.172 - - [14/May/2020:10:14:47 +0800] "GET /xingrg/all/function/internal_message.html?_=1589422609933&CODE_STATE=getMsg HTTP/1.1" 200 27
117.131.5.26 - - [14/May/2020:10:14:47 +0800] "GET /xingrg/system/rest/get_infos.html?command=menu_img_show&id=1932 HTTP/1.1" 200 5
114.84.33.255 - - [14/May/2020:10:14:48 +0800] "GET /xingrg/all/function/internal_message.html?_=1589422499167&CODE_STATE=getMsg HTTP/1.1" 200 27
117.131.5.26 - - [14/May/2020:10:14:50 +0800] "GET /xingrg/system/rest/get_item.html?table=menu&target=menu_rest_detail&id=1932&sid=5&_=1589422492721 HTTP/1.1" 200 425
61.129.6.145 - - [14/May/2020:10:14:52 +0800] "GET /xingrg/all/function/internal_message.html?_=1589421793461&CODE_STATE=getMsg HTTP/1.1" 302 -
114.84.33.255 - - [14/May/2020:10:14:52 +0800] "GET /xingrg/check_reg.html?_=1589422505408 HTTP/1.1" 302 -
172.17.0.110 - - [14/May/2020:10:14:53 +0800] "GET /xingrg/all/function/internal_message.html?_=1589422490722&CODE_STATE=getMsg HTTP/1.1" 200 27
124.77.110.230 - - [14/May/2020:10:14:53 +0800] "GET /xingrg/all/function/internal_message.html?_=1589422489766&CODE_STATE=getMsg HTTP/1.1" 200 27
172.17.0.240 - - [14/May/2020:10:14:53 +0800] "GET /xingrg/all/function/internal_message.html?_=1589422488691&CODE_STATE=getMsg HTTP/1.1" 200 27
120.253.135.82 - - [14/May/2020:10:14:54 +0800] "GET /xingrg/all/function/internal_message.html?_=1589422621509&CODE_STATE=getMsg HTTP/1.1" 200 27
222.69.139.32 - - [14/May/2020:10:14:55 +0800] "GET /xingrg/all/function/internal_message.html?_=1589422488813&CODE_STATE=getMsg HTTP/1.1" 200 27
58.40.7.146 - - [14/May/2020:10:14:56 +0800] "GET /xingrg/all/function/internal_message.html?_=1589422494125&CODE_STATE=getMsg HTTP/1.1" 200 27
61.129.6.145 - - [14/May/2020:10:14:58 +0800] "GET /xingrg/login.html HTTP/1.1" 200 7641
117.131.5.26 - - [14/May/2020:10:15:03 +0800] "GET /xingrg/system/rest/query_items.html?_=1589422504800&table=menu&page=1&rows=20&categoryId=&key=qx HTTP/1.1" 200 4786
117.184.7.30 - - [14/May/2020:10:15:04 +0800] "GET /xingrg/all/function/internal_message.html?_=1589422495058&CODE_STATE=getMsg HTTP/1.1" 200 27
117.185.32.26 - - [14/May/2020:10:15:04 +0800] "GET /xingrg/all/function/internal_message.html?_=1589422923280&CODE_STATE=getMsg HTTP/1.1" 200 27
117.131.5.26 - - [14/May/2020:10:15:06 +0800] "GET /xingrg/system/rest/get_item.html?table=menu&id=2014&_=1589422508175 HTTP/1.1" 200 970
117.131.5.26 - - [14/May/2020:10:15:06 +0800] "GET /xingrg/system/rest/get_item.html?table=menu&target=menu_rest&id=2014&_=1589422508190 HTTP/1.1" 200 780
117.131.5.26 - - [14/May/2020:10:15:06 +0800] "GET /xingrg/system/rest/get_item.html?table=menu&target=cook_mode&id=2014&_=1589422508190 HTTP/1.1" 200 14780
117.131.5.26 - - [14/May/2020:10:15:08 +0800] "GET /xingrg/system/rest/get_infos.html?command=menu_img_show&id=2014 HTTP/1.1" 200 5
114.84.33.255 - - [14/May/2020:10:15:09 +0800] "GET /xingrg/all/function/internal_message.html?_=1589422522506&CODE_STATE=getMsg HTTP/1.1" 302 -
117.131.5.26 - - [14/May/2020:10:15:12 +0800] "GET /xingrg/system/rest/get_item.html?table=menu&target=menu_rest_detail&id=2014&sid=5&_=1589422513784 HTTP/1.1" 200 428
114.84.151.157 - - [14/May/2020:10:15:12 +0800] "GET /xingrg/all/function/internal_message.html?_=1589422513185&CODE_STATE=getMsg HTTP/1.1" 200 27
120.253.135.82 - - [14/May/2020:10:15:16 +0800] "GET /xingrg/all/function/internal_message.html?_=1589422591560&CODE_STATE=getMsg HTTP/1.1" 200 27
120.253.135.82 - - [14/May/2020:10:15:18 +0800] "GET /xingrg/all/function/internal_message.html?_=1589422270457&CODE_STATE=getMsg HTTP/1.1" 200 27
117.131.5.26 - - [14/May/2020:10:15:22 +0800] "POST /xingrg/system/rest/edit_item.html HTTP/1.1" 200 4
117.131.5.26 - - [14/May/2020:10:15:22 +0800] "GET /xingrg/system/rest/get_item.html?table=menu&target=menu_rest&id=2014&_=1589422524065 HTTP/1.1" 200 780
101.85.28.157 - - [14/May/2020:10:15:24 +0800] "GET /xingrg/all/function/internal_message.html?_=1589424269726&CODE_STATE=getMsg HTTP/1.1" 200 27
114.84.32.201 - - [14/May/2020:10:15:26 +0800] "GET /xingrg/index.html?sysBaseUrl=http%3A%2F%2F180.169.147.146%3A18081%2Fxingrg%2F&costTime=71×tamp=1586403971840 HTTP/1.1" 302 -
114.84.32.201 - - [14/May/2020:10:15:26 +0800] "GET /xingrg/login.html HTTP/1.1" 200 7641
114.84.32.201 - - [14/May/2020:10:15:27 +0800] "GET /favicon.ico HTTP/1.1" 404 -
117.131.5.26 - - [14/May/2020:10:15:34 +0800] "GET /xingrg/system/rest/query_items.html?_=1589422536565&table=menu&page=1&rows=20&categoryId=&key=sby HTTP/1.1" 200 1475
114.84.32.201 - - [14/May/2020:10:15:40 +0800] "POST /xingrg/login.do HTTP/1.1" 302 -
114.84.32.201 - - [14/May/2020:10:15:40 +0800] "GET /xingrg/index.html?sysBaseUrl=http%3A%2F%2F180.169.147.146%3A18081%2Fxingrg%2F&costTime=38×tamp=1589422540054 HTTP/1.1" 200 17419
114.84.32.201 - - [14/May/2020:10:15:40 +0800] "POST /xingrg/all/common/load_tree.html?tree=area_rest_tree_json&manage=1 HTTP/1.1" 200 3088
114.84.32.201 - - [14/May/2020:10:15:40 +0800] "GET /xingrg/all/function/internal_message.html?_=1589422537771&CODE_STATE=count HTTP/1.1" 200 11
114.84.32.201 - - [14/May/2020:10:15:40 +0800] "GET /xingrg/check_reg.html?_=1589422537772 HTTP/1.1" 200 22
114.84.32.201 - - [14/May/2020:10:15:40 +0800] "GET /favicon.ico HTTP/1.1" 404 -
114.84.32.201 - - [14/May/2020:10:15:40 +0800] "POST /xingrg/load_menu.html HTTP/1.1" 200 9959
180.162.232.172 - - [14/May/2020:10:15:41 +0800] "GET /xingrg/all/function/internal_message.html?_=1589422540702&CODE_STATE=getMsg HTTP/1.1" 200 27
172.17.0.100 - - [14/May/2020:10:15:43 +0800] "GET /xingrg/all/function/internal_message.html?_=1589422542613&CODE_STATE=getMsg HTTP/1.1" 200 27
58.40.7.146 - - [14/May/2020:10:15:44 +0800] "GET /xingrg/all/function/internal_message.html?_=1589422542166&CODE_STATE=getMsg HTTP/1.1" 200 27
180.162.232.172 - - [14/May/2020:10:15:47 +0800] "GET /xingrg/all/function/internal_message.html?_=1589422669947&CODE_STATE=getMsg HTTP/1.1" 200 27
114.84.33.255 - - [14/May/2020:10:15:48 +0800] "GET /xingrg/all/function/internal_message.html?_=1589422559181&CODE_STATE=getMsg HTTP/1.1" 200 27
124.77.110.230 - - [14/May/2020:10:15:53 +0800] "GET /xingrg/all/function/internal_message.html?_=1589422549760&CODE_STATE=getMsg HTTP/1.1" 200 27
172.17.0.110 - - [14/May/2020:10:15:53 +0800] "GET /xingrg/all/function/internal_message.html?_=1589422550749&CODE_STATE=getMsg HTTP/1.1" 200 27
114.84.32.201 - - [14/May/2020:10:15:53 +0800] "POST /xingrg/load_menu.html HTTP/1.1" 200 10168
172.17.0.240 - - [14/May/2020:10:15:53 +0800] "GET /xingrg/all/function/internal_message.html?_=1589422548695&CODE_STATE=getMsg HTTP/1.1" 200 27
120.253.135.82 - - [14/May/2020:10:15:54 +0800] "GET /xingrg/all/function/internal_message.html?_=1589422681523&CODE_STATE=getMsg HTTP/1.1" 200 27
222.69.139.32 - - [14/May/2020:10:15:55 +0800] "GET /xingrg/all/function/internal_message.html?_=1589422548803&CODE_STATE=getMsg HTTP/1.1" 200 27
58.40.7.146 - - [14/May/2020:10:15:56 +0800] "GET /xingrg/all/function/internal_message.html?_=1589422554129&CODE_STATE=getMsg HTTP/1.1" 200 27
58.40.7.146 - - [14/May/2020:10:15:56 +0800] "GET /xingrg/check_reg.html?_=1589422554131 HTTP/1.1" 200 22
114.84.32.201 - - [14/May/2020:10:16:01 +0800] "GET /xingrg/dwr/interface/AjaxGetFirstChart.js HTTP/1.1" 200 631
114.84.32.201 - - [14/May/2020:10:16:01 +0800] "GET /xingrg/dwr/util.js HTTP/1.1" 304 -
114.84.32.201 - - [14/May/2020:10:16:01 +0800] "GET /xingrg/dwr/engine.js HTTP/1.1" 200 43631
114.84.32.201 - - [14/May/2020:10:16:01 +0800] "GET /xingrg/system/rest/list_page.html?p=menu HTTP/1.1" 200 111091
114.84.32.201 - - [14/May/2020:10:16:02 +0800] "GET /xingrg/system/rest/query_items.html?_=1589422559817&table=menu&page=1&rows=20&categoryId=&key= HTTP/1.1" 200 4788
117.184.7.30 - - [14/May/2020:10:16:04 +0800] "GET /xingrg/all/function/internal_message.html?_=1589422555057&CODE_STATE=getMsg HTTP/1.1" 200 27
117.185.32.26 - - [14/May/2020:10:16:04 +0800] "GET /xingrg/all/function/internal_message.html?_=1589422983281&CODE_STATE=getMsg HTTP/1.1" 200 27
117.185.32.26 - - [14/May/2020:10:16:04 +0800] "GET /xingrg/check_reg.html?_=1589422983282 HTTP/1.1" 200 22
114.95.220.91 - - [14/May/2020:10:16:07 +0800] "GET /xingrg/check_reg.html?_=1589422565760 HTTP/1.1" 200 22
114.84.33.255 - - [14/May/2020:10:16:09 +0800] "GET /xingrg/all/function/internal_message.html?_=1589422582527&CODE_STATE=getMsg HTTP/1.1" 302 -
114.84.151.157 - - [14/May/2020:10:16:12 +0800] "GET /xingrg/all/function/internal_message.html?_=1589422573157&CODE_STATE=getMsg HTTP/1.1" 200 27
114.84.151.157 - - [14/May/2020:10:16:13 +0800] "GET /xingrg/check_reg.html?_=1589422573967 HTTP/1.1" 200 22
117.131.5.26 - - [14/May/2020:10:16:15 +0800] "GET /xingrg/system/rest/query_items.html?_=1589422577128&table=menu&page=1&rows=20&categoryId=&key=bl HTTP/1.1" 200 4838
120.253.135.82 - - [14/May/2020:10:16:16 +0800] "GET /xingrg/all/function/internal_message.html?_=1589422651573&CODE_STATE=getMsg HTTP/1.1" 200 27
114.84.32.201 - - [14/May/2020:10:16:17 +0800] "GET /xingrg/system/rest/query_items.html?_=1589422575170&table=menu&page=1&rows=20&categoryId=&key=%25E6%259D%2582%25E9%25B1%25BC HTTP/1.1" 200 1752
120.253.135.82 - - [14/May/2020:10:16:18 +0800] "GET /xingrg/all/function/internal_message.html?_=1589422330479&CODE_STATE=getMsg HTTP/1.1" 200 27
117.131.5.26 - - [14/May/2020:10:16:19 +0800] "GET /xingrg/system/rest/get_item.html?table=menu&id=1983&_=1589422581565 HTTP/1.1" 200 987
117.131.5.26 - - [14/May/2020:10:16:19 +0800] "GET /xingrg/system/rest/get_item.html?table=menu&target=menu_rest&id=1983&_=1589422581581 HTTP/1.1" 200 781
117.131.5.26 - - [14/May/2020:10:16:19 +0800] "GET /xingrg/system/rest/get_item.html?table=menu&target=cook_mode&id=1983&_=1589422581581 HTTP/1.1" 200 16446
180.162.232.172 - - [14/May/2020:10:16:20 +0800] "POST /xingrg/all/user/operate.html HTTP/1.1" 200 36
180.162.232.172 - - [14/May/2020:10:16:21 +0800] "GET /xingrg/javascript/jquery_easy_ui/themes/default/easyui.css HTTP/1.1" 304 -
180.162.232.172 - - [14/May/2020:10:16:21 +0800] "GET /xingrg/index.html?sysBaseUrl=http%3A%2F%2F180.169.147.146%3A18081%2Fxingrg%2F&costTime=37×tamp=1589357722858 HTTP/1.1" 200 17179
180.162.232.172 - - [14/May/2020:10:16:21 +0800] "GET /xingrg/javascript/jquery_easy_ui/themes/icon.css HTTP/1.1" 304 -
180.162.232.172 - - [14/May/2020:10:16:21 +0800] "GET /xingrg/css/form.css HTTP/1.1" 304 -
180.162.232.172 - - [14/May/2020:10:16:21 +0800] "GET /xingrg/javascript/jquery-1.4.2.min.js HTTP/1.1" 304 -
180.162.232.172 - - [14/May/2020:10:16:21 +0800] "GET /xingrg/javascript/jquery_easy_ui/jquery.easyui.min.js HTTP/1.1" 304 -
180.162.232.172 - - [14/May/2020:10:16:21 +0800] "GET /xingrg/javascript/jquery_easy_ui/easyui-lang-zh_CN.js HTTP/1.1" 304 -
180.162.232.172 - - [14/May/2020:10:16:21 +0800] "GET /xingrg/javascript/jquery.form.js HTTP/1.1" 304 -
180.162.232.172 - - [14/May/2020:10:16:21 +0800] "GET /xingrg/javascript/jquery.utils.js HTTP/1.1" 304 -
180.162.232.172 - - [14/May/2020:10:16:21 +0800] "GET /xingrg/javascript/jquery.timers.js HTTP/1.1" 304 -
180.162.232.172 - - [14/May/2020:10:16:21 +0800] "GET /xingrg/images/blue/jxLogo.png HTTP/1.1" 304 -
180.162.232.172 - - [14/May/2020:10:16:21 +0800] "GET /xingrg/images/blue/navBackgound.jpg HTTP/1.1" 304 -
180.162.232.172 - - [14/May/2020:10:16:21 +0800] "GET /xingrg/javascript/jquery_easy_ui/themes/icons/settle_new.png HTTP/1.1" 304 -
180.162.232.172 - - [14/May/2020:10:16:21 +0800] "POST /xingrg/all/common/load_tree.html?tree=area_rest_tree_json&manage=1 HTTP/1.1" 200 476
180.162.232.172 - - [14/May/2020:10:16:21 +0800] "GET /xingrg/images/blue/pingpu.png HTTP/1.1" 304 -
180.162.232.172 - - [14/May/2020:10:16:21 +0800] "GET /xingrg/javascript/jquery_easy_ui/themes/default/images/tabs_leftarrow.png HTTP/1.1" 304 -
180.162.232.172 - - [14/May/2020:10:16:21 +0800] "GET /xingrg/javascript/jquery_easy_ui/themes/default/images/tabs_rightarrow.png HTTP/1.1" 304 -
180.162.232.172 - - [14/May/2020:10:16:21 +0800] "GET /xingrg/javascript/jquery_easy_ui/themes/default/images/panel_tool_collapse.gif HTTP/1.1" 304 -
180.162.232.172 - - [14/May/2020:10:16:21 +0800] "GET /xingrg/check_reg.html?_=1589422703423 HTTP/1.1" 200 22
180.162.232.172 - - [14/May/2020:10:16:21 +0800] "GET /xingrg/all/function/internal_message.html?_=1589422703422&CODE_STATE=count HTTP/1.1" 200 11
180.162.232.172 - - [14/May/2020:10:16:21 +0800] "POST /xingrg/load_menu.html HTTP/1.1" 200 5138
114.84.32.201 - - [14/May/2020:10:16:21 +0800] "GET /xingrg/system/rest/get_item.html?table=menu&id=1965&_=1589422579324 HTTP/1.1" 200 969
114.84.32.201 - - [14/May/2020:10:16:21 +0800] "GET /xingrg/system/rest/get_item.html?table=menu&target=cook_mode&id=1965&_=1589422579351 HTTP/1.1" 200 6235
114.84.32.201 - - [14/May/2020:10:16:21 +0800] "GET /xingrg/system/rest/get_item.html?table=menu&target=menu_rest&id=1965&_=1589422579352 HTTP/1.1" 200 669
114.84.32.201 - - [14/May/2020:10:16:22 +0800] "GET /xingrg/system/rest/get_infos.html?command=menu_img_show&id=1965 HTTP/1.1" 200 5
117.131.5.26 - - [14/May/2020:10:16:24 +0800] "GET /xingrg/system/rest/get_infos.html?command=menu_img_show&id=1983 HTTP/1.1" 200 5
180.162.232.172 - - [14/May/2020:10:16:24 +0800] "GET /xingrg/kc/mdqp/pssh_order_list.html HTTP/1.1" 200 17661
180.162.232.172 - - [14/May/2020:10:16:24 +0800] "POST /xingrg/kc/mdqp/pssh_list_operate.html HTTP/1.1" 200 5445
101.85.28.157 - - [14/May/2020:10:16:25 +0800] "GET /xingrg/all/function/internal_message.html?_=1589424329746&CODE_STATE=getMsg HTTP/1.1" 200 27
180.162.232.172 - - [14/May/2020:10:16:25 +0800] "POST /xingrg/kc/mdqp/pssh_list_operate.html HTTP/1.1" 200 465
114.84.32.201 - - [14/May/2020:10:16:26 +0800] "GET /xingrg/system/rest/get_item.html?table=menu&target=menu_rest_detail&id=1965&sid=12&_=1589422583510 HTTP/1.1" 200 426
180.162.232.172 - - [14/May/2020:10:16:27 +0800] "GET /xingrg/kc/mdqp/pssh_order_info.html?code=312020051400276 HTTP/1.1" 200 17303
180.162.232.172 - - [14/May/2020:10:16:27 +0800] "GET /xingrg/javascript/jquery_tools/jquery-1.4.2.min.js HTTP/1.1" 404 1094
180.162.232.172 - - [14/May/2020:10:16:27 +0800] "POST /xingrg/kc/mdqp/pssh_order_operate.html HTTP/1.1" 200 1607
117.131.5.26 - - [14/May/2020:10:16:27 +0800] "GET /xingrg/system/rest/get_item.html?table=menu&target=menu_rest_detail&id=1983&sid=5&_=1589422589112 HTTP/1.1" 200 425
180.162.232.172 - - [14/May/2020:10:16:27 +0800] "GET /xingrg/all/common/auto_word.html?type=base&rest_code=00150&rest_code=00150 HTTP/1.1" 200 1653
180.162.232.172 - - [14/May/2020:10:16:27 +0800] "GET /xingrg/javascript/easyui/themes/default/validatebox.css HTTP/1.1" 404 1104
180.162.232.172 - - [14/May/2020:10:16:29 +0800] "POST /xingrg/all/common/load_combo.html?type=employee HTTP/1.1" 200 365
180.162.232.172 - - [14/May/2020:10:16:33 +0800] "POST /xingrg/kc/mdqp/pssh_order_operate.html HTTP/1.1" 200 37
180.162.232.172 - - [14/May/2020:10:16:33 +0800] "POST /xingrg/kc/mdqp/pssh_order_operate.html HTTP/1.1" 200 12
180.162.232.172 - - [14/May/2020:10:16:34 +0800] "GET /xingrg/kc/mdqp/pssh_order_info.html?code=312020051400276 HTTP/1.1" 200 14400
180.162.232.172 - - [14/May/2020:10:16:34 +0800] "GET /xingrg/javascript/jquery_tools/jquery-1.4.2.min.js HTTP/1.1" 404 1094
180.162.232.172 - - [14/May/2020:10:16:34 +0800] "GET /xingrg/javascript/easyui/themes/icons/uncheck_new.png HTTP/1.1" 304 -
180.162.232.172 - - [14/May/2020:10:16:34 +0800] "POST /xingrg/kc/mdqp/pssh_order_operate.html HTTP/1.1" 200 1607
180.162.232.172 - - [14/May/2020:10:16:34 +0800] "GET /xingrg/javascript/easyui/themes/default/validatebox.css HTTP/1.1" 404 1104
114.84.32.201 - - [14/May/2020:10:16:36 +0800] "POST /xingrg/system/rest/edit_item.html HTTP/1.1" 200 4
114.84.32.201 - - [14/May/2020:10:16:36 +0800] "GET /xingrg/system/rest/get_item.html?table=menu&target=menu_rest&id=1965&_=1589422593864 HTTP/1.1" 200 669
180.162.232.172 - - [14/May/2020:10:16:37 +0800] "GET /xingrg/kc/print/load_config.html?kc_code=pssh HTTP/1.1" 200 2290
180.162.232.172 - - [14/May/2020:10:16:37 +0800] "GET /xingrg/kc/print/load_data.html?order_code=312020051400276&kc_code=pssh&condition= HTTP/1.1" 200 1065
114.84.32.201 - - [14/May/2020:10:16:40 +0800] "GET /xingrg/all/function/internal_message.html?_=1589422597779&CODE_STATE=getMsg HTTP/1.1" 200 27
180.162.232.172 - - [14/May/2020:10:16:40 +0800] "GET /xingrg/all/function/internal_message.html?_=1589422600704&CODE_STATE=getMsg HTTP/1.1" 200 27
172.17.0.123 - - [14/May/2020:10:16:42 +0800] "GET /xingrg/check_reg.html?_=1589422596279 HTTP/1.1" 302 -
172.17.0.100 - - [14/May/2020:10:16:43 +0800] "GET /xingrg/all/function/internal_message.html?_=1589422602587&CODE_STATE=getMsg HTTP/1.1" 200 27
58.40.7.146 - - [14/May/2020:10:16:44 +0800] "GET /xingrg/all/function/internal_message.html?_=1589422602163&CODE_STATE=getMsg HTTP/1.1" 200 27
114.84.33.255 - - [14/May/2020:10:16:48 +0800] "GET /xingrg/all/function/internal_message.html?_=1589422619194&CODE_STATE=getMsg HTTP/1.1" 200 27
114.84.32.201 - - [14/May/2020:10:16:50 +0800] "GET /xingrg/system/rest/query_items.html?_=1589422607603&table=menu&page=1&rows=20&categoryId=&key=%25E8%258A%25B1%25E8%259E%25BA HTTP/1.1" 200 298
114.84.32.201 - - [14/May/2020:10:16:52 +0800] "GET /xingrg/system/rest/get_item.html?table=menu&id=2054&_=1589422609645 HTTP/1.1" 200 1006
114.84.32.201 - - [14/May/2020:10:16:52 +0800] "GET /xingrg/system/rest/get_item.html?table=menu&target=menu_rest&id=2054&_=1589422609666 HTTP/1.1" 200 775
114.84.32.201 - - [14/May/2020:10:16:52 +0800] "GET /xingrg/system/rest/get_item.html?table=menu&target=cook_mode&id=2054&_=1589422609665 HTTP/1.1" 200 10645
114.84.32.201 - - [14/May/2020:10:16:53 +0800] "GET /xingrg/system/rest/get_infos.html?command=menu_img_show&id=2054 HTTP/1.1" 200 5
124.77.110.230 - - [14/May/2020:10:16:53 +0800] "GET /xingrg/all/function/internal_message.html?_=1589422609744&CODE_STATE=getMsg HTTP/1.1" 200 27
172.17.0.110 - - [14/May/2020:10:16:53 +0800] "GET /xingrg/all/function/internal_message.html?_=1589422610746&CODE_STATE=getMsg HTTP/1.1" 200 27
172.17.0.110 - - [14/May/2020:10:16:53 +0800] "GET /xingrg/check_reg.html?_=1589422610747 HTTP/1.1" 200 22
117.131.5.26 - - [14/May/2020:10:16:53 +0800] "GET /xingrg/system/rest/query_items.html?_=1589422615471&table=menu&page=1&rows=20&categoryId=&key=dwx HTTP/1.1" 200 3619
172.17.0.240 - - [14/May/2020:10:16:53 +0800] "GET /xingrg/all/function/internal_message.html?_=1589422608701&CODE_STATE=getMsg HTTP/1.1" 200 27
120.253.135.82 - - [14/May/2020:10:16:54 +0800] "GET /xingrg/all/function/internal_message.html?_=1589422741536&CODE_STATE=getMsg HTTP/1.1" 200 27
222.69.139.32 - - [14/May/2020:10:16:55 +0800] "GET /xingrg/all/function/internal_message.html?_=1589422608773&CODE_STATE=getMsg HTTP/1.1" 200 27
114.84.32.201 - - [14/May/2020:10:16:55 +0800] "GET /xingrg/system/rest/get_item.html?table=menu&target=menu_rest_detail&id=2054&sid=12&_=1589422613301 HTTP/1.1" 200 427
117.131.5.26 - - [14/May/2020:10:16:56 +0800] "GET /xingrg/system/rest/get_item.html?table=menu&id=2023&_=1589422618362 HTTP/1.1" 200 955
117.131.5.26 - - [14/May/2020:10:16:56 +0800] "GET /xingrg/system/rest/get_item.html?table=menu&target=menu_rest&id=2023&_=1589422618378 HTTP/1.1" 200 855
117.131.5.26 - - [14/May/2020:10:16:56 +0800] "GET /xingrg/system/rest/get_item.html?table=menu&target=cook_mode&id=2023&_=1589422618378 HTTP/1.1" 200 27807
58.40.7.146 - - [14/May/2020:10:16:56 +0800] "GET /xingrg/all/function/internal_message.html?_=1589422614133&CODE_STATE=getMsg HTTP/1.1" 200 27
117.131.5.26 - - [14/May/2020:10:17:01 +0800] "GET /xingrg/system/rest/get_infos.html?command=menu_img_show&id=2023 HTTP/1.1" 200 5
114.84.32.201 - - [14/May/2020:10:17:03 +0800] "POST /xingrg/system/rest/edit_item.html HTTP/1.1" 200 4
114.84.32.201 - - [14/May/2020:10:17:03 +0800] "GET /xingrg/system/rest/get_item.html?table=menu&target=menu_rest&id=2054&_=1589422621390 HTTP/1.1" 200 775
117.184.7.30 - - [14/May/2020:10:17:04 +0800] "GET /xingrg/all/function/internal_message.html?_=1589422615057&CODE_STATE=getMsg HTTP/1.1" 200 27
117.185.32.26 - - [14/May/2020:10:17:04 +0800] "GET /xingrg/all/function/internal_message.html?_=1589423043282&CODE_STATE=getMsg HTTP/1.1" 200 27
117.131.5.26 - - [14/May/2020:10:17:04 +0800] "GET /xingrg/system/rest/get_item.html?table=menu&target=menu_rest_detail&id=2023&sid=5&_=1589422626409 HTTP/1.1" 200 427
101.91.62.99 - - [14/May/2020:10:17:04 +0800] "GET /xingrg/all/function/internal_message.html?_=1589421913404&CODE_STATE=getMsg HTTP/1.1" 302 -
114.84.33.255 - - [14/May/2020:10:17:09 +0800] "GET /xingrg/all/function/internal_message.html?_=1589422642533&CODE_STATE=getMsg HTTP/1.1" 302 -
101.91.62.99 - - [14/May/2020:10:17:11 +0800] "GET /xingrg/login.html HTTP/1.1" 200 7641
114.84.151.157 - - [14/May/2020:10:17:12 +0800] "GET /xingrg/all/function/internal_message.html?_=1589422633130&CODE_STATE=getMsg HTTP/1.1" 200 27
117.131.5.26 - - [14/May/2020:10:17:12 +0800] "GET /xingrg/system/rest/query_items.html?_=1589422634628&table=menu&page=1&rows=20&categoryId=&key=xql HTTP/1.1" 200 1500
114.84.32.201 - - [14/May/2020:10:17:14 +0800] "GET /xingrg/system/rest/query_items.html?_=1589422631775&table=menu&page=1&rows=20&categoryId=&key=%25E6%25B5%25B7%25E8%2582%25A0 HTTP/1.1" 200 248
117.131.5.26 - - [14/May/2020:10:17:16 +0800] "GET /xingrg/system/rest/get_item.html?table=menu&id=1991&_=1589422637878 HTTP/1.1" 200 950
117.131.5.26 - - [14/May/2020:10:17:16 +0800] "GET /xingrg/system/rest/get_item.html?table=menu&target=cook_mode&id=1991&_=1589422637893 HTTP/1.1" 200 6377
117.131.5.26 - - [14/May/2020:10:17:16 +0800] "GET /xingrg/system/rest/get_item.html?table=menu&target=menu_rest&id=1991&_=1589422637893 HTTP/1.1" 200 909
114.84.32.201 - - [14/May/2020:10:17:16 +0800] "GET /xingrg/system/rest/get_item.html?table=menu&id=2090&_=1589422633690 HTTP/1.1" 200 935
114.84.32.201 - - [14/May/2020:10:17:16 +0800] "GET /xingrg/system/rest/get_item.html?table=menu&target=menu_rest&id=2090&_=1589422633714 HTTP/1.1" 200 551
114.84.32.201 - - [14/May/2020:10:17:16 +0800] "GET /xingrg/system/rest/get_item.html?table=menu&target=cook_mode&id=2090&_=1589422633712 HTTP/1.1" 200 9336
120.253.135.82 - - [14/May/2020:10:17:16 +0800] "GET /xingrg/check_reg.html?_=1589422711372 HTTP/1.1" 200 22
120.253.135.82 - - [14/May/2020:10:17:16 +0800] "GET /xingrg/all/function/internal_message.html?_=1589422711586&CODE_STATE=getMsg HTTP/1.1" 200 27
114.84.32.201 - - [14/May/2020:10:17:17 +0800] "GET /xingrg/system/rest/get_infos.html?command=menu_img_show&id=2090 HTTP/1.1" 200 5
120.253.135.82 - - [14/May/2020:10:17:18 +0800] "GET /xingrg/all/function/internal_message.html?_=1589422390484&CODE_STATE=getMsg HTTP/1.1" 200 27
114.84.32.201 - - [14/May/2020:10:17:20 +0800] "GET /xingrg/system/rest/get_item.html?table=menu&target=menu_rest_detail&id=2090&sid=12&_=1589422637445 HTTP/1.1" 200 426
117.131.5.26 - - [14/May/2020:10:17:20 +0800] "GET /xingrg/system/rest/get_infos.html?command=menu_img_show&id=1991 HTTP/1.1" 200 5
180.162.232.172 - - [14/May/2020:10:17:21 +0800] "GET /xingrg/all/function/internal_message.html?_=1589422763423&CODE_STATE=getMsg HTTP/1.1" 200 27
117.131.5.26 - - [14/May/2020:10:17:22 +0800] "GET /xingrg/system/rest/get_item.html?table=menu&target=menu_rest_detail&id=1991&sid=5&_=1589422644440 HTTP/1.1" 200 443
101.85.28.157 - - [14/May/2020:10:17:24 +0800] "GET /xingrg/all/function/internal_message.html?_=1589424389754&CODE_STATE=getMsg HTTP/1.1" 200 27
114.84.32.201 - - [14/May/2020:10:17:30 +0800] "POST /xingrg/system/rest/edit_item.html HTTP/1.1" 200 4
114.84.32.201 - - [14/May/2020:10:17:30 +0800] "GET /xingrg/system/rest/get_item.html?table=menu&target=menu_rest&id=2090&_=1589422647710 HTTP/1.1" 200 551
117.131.5.26 - - [14/May/2020:10:17:38 +0800] "GET /xingrg/system/rest/query_items.html?_=1589422659831&table=menu&page=1&rows=20&categoryId=&key=dxb HTTP/1.1" 200 4983
114.84.32.201 - - [14/May/2020:10:17:39 +0800] "GET /xingrg/system/rest/query_items.html?_=1589422656881&table=menu&page=1&rows=20&categoryId=&key=%25E6%25AF%258D%25E5%258D%25B7 HTTP/1.1" 200 4126
114.84.32.201 - - [14/May/2020:10:17:40 +0800] "GET /xingrg/all/function/internal_message.html?_=1589422657777&CODE_STATE=getMsg HTTP/1.1" 200 27
117.131.5.26 - - [14/May/2020:10:17:40 +0800] "GET /xingrg/system/rest/get_item.html?table=menu&id=1903&_=1589422662596 HTTP/1.1" 200 997
117.131.5.26 - - [14/May/2020:10:17:40 +0800] "GET /xingrg/system/rest/get_item.html?table=menu&target=menu_rest&id=1903&_=1589422662612 HTTP/1.1" 200 1074
117.131.5.26 - - [14/May/2020:10:17:40 +0800] "GET /xingrg/system/rest/get_item.html?table=menu&target=cook_mode&id=1903&_=1589422662612 HTTP/1.1" 200 12632
180.162.232.172 - - [14/May/2020:10:17:40 +0800] "GET /xingrg/all/function/internal_message.html?_=1589422660704&CODE_STATE=getMsg HTTP/1.1" 200 27
