120.253.135.82 - - [14/May/2020:10:50:08 +0800] "POST /xingrg/dwr/call/plaincall/AjaxQqpsService.psCheckOrders.dwr HTTP/1.1" 200 78
116.233.78.165 - - [14/May/2020:10:50:08 +0800] "POST /xingrg/kc/buy/cgsh_order_operate.html HTTP/1.1" 200 5021
172.16.0.203 - - [14/May/2020:10:50:09 +0800] "GET /xingrg/all/function/internal_message.html?_=1589424604271&CODE_STATE=getMsg HTTP/1.1" 200 27
120.253.135.82 - - [14/May/2020:10:50:09 +0800] "GET /xingrg/kc/pszx/mdqp_order_list.html?isBack=1 HTTP/1.1" 302 -
120.253.135.82 - - [14/May/2020:10:50:09 +0800] "GET /xingrg/kc/pszx/mdqp_order_list.html?state=10 HTTP/1.1" 200 10513
120.253.135.82 - - [14/May/2020:10:50:09 +0800] "GET /xingrg/dwr/interface/AjaxReportQueryService.js HTTP/1.1" 200 13203
120.253.135.82 - - [14/May/2020:10:50:09 +0800] "GET /xingrg/dwr/interface/AjaxQqpsService.js HTTP/1.1" 200 16326
120.253.135.82 - - [14/May/2020:10:50:09 +0800] "GET /xingrg/dwr/engine.js HTTP/1.1" 200 43631
124.77.110.230 - - [14/May/2020:10:50:09 +0800] "POST /xingrg/kc/buy/cgsh_order_operate.html HTTP/1.1" 200 37
114.84.33.255 - - [14/May/2020:10:50:10 +0800] "GET /xingrg/all/function/internal_message.html?_=1589424622989&CODE_STATE=getMsg HTTP/1.1" 302 -
116.233.78.165 - - [14/May/2020:10:50:10 +0800] "GET /xingrg/kc/print/load_config.html?kc_code=cgsh HTTP/1.1" 200 1845
116.233.78.165 - - [14/May/2020:10:50:10 +0800] "GET /xingrg/kc/print/load_data.html?order_code=212020051404694&kc_code=cgsh&condition= HTTP/1.1" 200 1575
114.84.151.157 - - [14/May/2020:10:50:11 +0800] "GET /xingrg/all/function/internal_message.html?_=1589424612498&CODE_STATE=getMsg HTTP/1.1" 200 27
120.253.135.82 - - [14/May/2020:10:50:11 +0800] "GET /xingrg/kc/pszx/jzcl_ps.html HTTP/1.1" 200 7683
114.84.32.201 - - [14/May/2020:10:50:11 +0800] "POST /xingrg/load_menu.html HTTP/1.1" 200 10168
120.253.135.82 - - [14/May/2020:10:50:11 +0800] "POST /xingrg/all/common/load_tree.html?tree=area_rest_tree_json HTTP/1.1" 200 3088
124.77.110.230 - - [14/May/2020:10:50:11 +0800] "POST /xingrg/kc/buy/cgsh_order_operate.html HTTP/1.1" 200 3839
120.253.135.82 - - [14/May/2020:10:50:12 +0800] "POST /xingrg/kc/pszx/jzcl_ps_operate.html HTTP/1.1" 200 831
120.253.135.82 - - [14/May/2020:10:50:12 +0800] "POST /xingrg/kc/pszx/jzcl_ps_operate.html HTTP/1.1" 200 831
116.233.78.165 - - [14/May/2020:10:50:13 +0800] "GET /xingrg/kc/buy/cgsh_order_add.html HTTP/1.1" 200 58605
116.233.78.165 - - [14/May/2020:10:50:13 +0800] "POST /xingrg/kc/buy/cgsh_order_operate.html HTTP/1.1" 200 8245
116.233.78.165 - - [14/May/2020:10:50:13 +0800] "GET /xingrg/all/common/auto_word.html?type=employee&rest_code=00109 HTTP/1.1" 200 255
116.233.78.165 - - [14/May/2020:10:50:13 +0800] "GET /xingrg/all/common/auto_word.html?type=employee&rest_code=00109 HTTP/1.1" 200 255
120.253.135.82 - - [14/May/2020:10:50:14 +0800] "GET /xingrg/kc/pszx/mdqp_order_info.html?type=look&code=302020051400200 HTTP/1.1" 200 12605
116.233.78.165 - - [14/May/2020:10:50:14 +0800] "GET /xingrg/javascript/easyui/themes/default/validatebox.css HTTP/1.1" 404 1104
120.253.135.82 - - [14/May/2020:10:50:14 +0800] "GET /xingrg/dwr/engine.js HTTP/1.1" 200 43631
124.77.110.230 - - [14/May/2020:10:50:14 +0800] "GET /xingrg/kc/print/load_data.html?order_code=212020051404695&kc_code=cgsh&condition= HTTP/1.1" 200 1184
120.253.135.82 - - [14/May/2020:10:50:14 +0800] "GET /favicon.ico HTTP/1.1" 404 -
120.253.135.82 - - [14/May/2020:10:50:14 +0800] "POST /xingrg/dwr/call/plaincall/AjaxQqpsService.loadMaterielItems.dwr HTTP/1.1" 200 331
114.84.32.201 - - [14/May/2020:10:50:15 +0800] "GET /xingrg/all/function/internal_message.html?_=1589424612848&CODE_STATE=getMsg HTTP/1.1" 200 27
117.185.32.26 - - [14/May/2020:10:50:17 +0800] "POST /xingrg/kc/base/wldb_order_operate.html HTTP/1.1" 200 37
117.185.32.26 - - [14/May/2020:10:50:17 +0800] "POST /xingrg/kc/base/wldb_order_operate.html HTTP/1.1" 200 5245
120.253.135.82 - - [14/May/2020:10:50:17 +0800] "POST /xingrg/kc/pszx/jzcl_ps_operate.html HTTP/1.1" 200 4
120.253.135.82 - - [14/May/2020:10:50:17 +0800] "GET /xingrg/javascript/step/images/navBtn.gif HTTP/1.1" 200 361
117.185.32.26 - - [14/May/2020:10:50:18 +0800] "GET /xingrg/kc/base/wldb_order_info.html?code=422020051401317 HTTP/1.1" 200 30331
117.185.32.26 - - [14/May/2020:10:50:18 +0800] "GET /xingrg/javascript/easyui/themes/default/validatebox.css HTTP/1.1" 404 1104
117.185.32.26 - - [14/May/2020:10:50:18 +0800] "POST /xingrg/kc/base/wldb_order_operate.html HTTP/1.1" 200 5245
120.253.135.82 - - [14/May/2020:10:50:18 +0800] "GET /xingrg/kc/pszx/mdps_order_list.html HTTP/1.1" 200 20967
120.253.135.82 - - [14/May/2020:10:50:19 +0800] "POST /xingrg/kc/pszx/mdps_list_operate.html HTTP/1.1" 200 5301
120.253.135.82 - - [14/May/2020:10:50:19 +0800] "GET /xingrg/all/function/internal_message.html?_=1589424694593&CODE_STATE=getMsg HTTP/1.1" 200 27
120.253.135.82 - - [14/May/2020:10:50:19 +0800] "GET /xingrg/all/function/internal_message.html?_=1589424371713&CODE_STATE=getMsg HTTP/1.1" 200 27
180.162.232.172 - - [14/May/2020:10:50:19 +0800] "GET /xingrg/all/function/internal_message.html?_=1589424619620&CODE_STATE=getMsg HTTP/1.1" 200 27
114.84.151.157 - - [14/May/2020:10:50:21 +0800] "GET /xingrg/kc/buy/cgsh_order_add.html HTTP/1.1" 200 58570
172.17.0.106 - - [14/May/2020:10:50:21 +0800] "GET /xingrg/all/function/internal_message.html?_=1589424619055&CODE_STATE=getMsg HTTP/1.1" 200 27
114.84.151.157 - - [14/May/2020:10:50:21 +0800] "POST /xingrg/kc/buy/cgsh_order_operate.html HTTP/1.1" 200 8245
114.84.151.157 - - [14/May/2020:10:50:21 +0800] "GET /xingrg/javascript/easyui/themes/default/validatebox.css HTTP/1.1" 404 1104
117.185.32.26 - - [14/May/2020:10:50:21 +0800] "GET /xingrg/kc/base/wldb_order_add.html HTTP/1.1" 200 30316
117.185.32.26 - - [14/May/2020:10:50:21 +0800] "POST /xingrg/kc/base/wldb_order_operate.html HTTP/1.1" 200 6806
117.185.32.26 - - [14/May/2020:10:50:22 +0800] "GET /xingrg/javascript/easyui/themes/default/validatebox.css HTTP/1.1" 404 1104
116.233.78.165 - - [14/May/2020:10:50:23 +0800] "GET /xingrg/kc/buy/cgsh_order_operate.html?command=get_materiel&rest_code=00109&code=00101007061&supplier_code=00100004&order_time=2020-05-14 HTTP/1.1" 200 409
117.185.32.26 - - [14/May/2020:10:50:23 +0800] "POST /xingrg/all/common/load_combo.html?type=base HTTP/1.1" 200 3142
116.233.78.165 - - [14/May/2020:10:50:25 +0800] "GET /xingrg/all/function/internal_message.html?_=1589424675139&CODE_STATE=getMsg HTTP/1.1" 200 27
180.162.232.172 - - [14/May/2020:10:50:26 +0800] "GET /xingrg/all/function/internal_message.html?_=1589424748411&CODE_STATE=getMsg HTTP/1.1" 200 27
117.131.5.26 - - [14/May/2020:10:50:26 +0800] "GET /xingrg/login.html HTTP/1.1" 200 7641
117.185.32.26 - - [14/May/2020:10:50:27 +0800] "POST /xingrg/all/common/load_combo.html?type=base HTTP/1.1" 200 3142
117.131.5.26 - - [14/May/2020:10:50:27 +0800] "GET /favicon.ico HTTP/1.1" 404 -
114.84.151.157 - - [14/May/2020:10:50:29 +0800] "GET /xingrg/kc/buy/cgsh_order_operate.html?command=get_materiel&rest_code=00141&code=00101015043&supplier_code=00100055&order_time=2020-05-14 HTTP/1.1" 200 413
172.17.0.110 - - [14/May/2020:10:50:29 +0800] "GET /xingrg/check_reg.html?_=1589424626317 HTTP/1.1" 200 22
172.17.0.110 - - [14/May/2020:10:50:29 +0800] "GET /xingrg/all/function/internal_message.html?_=1589424626319&CODE_STATE=getMsg HTTP/1.1" 200 27
116.233.78.165 - - [14/May/2020:10:50:29 +0800] "GET /xingrg/kc/buy/cgsh_order_operate.html?command=get_materiel&rest_code=00109&code=00101007049&supplier_code=00100004&order_time=2020-05-14 HTTP/1.1" 200 409
117.131.5.26 - - [14/May/2020:10:50:33 +0800] "POST /xingrg/login.do HTTP/1.1" 302 -
117.131.5.26 - - [14/May/2020:10:50:34 +0800] "GET /xingrg/index.html?sysBaseUrl=http%3A%2F%2F180.169.147.146%3A18081%2Fxingrg%2F&costTime=40×tamp=1589424633967 HTTP/1.1" 200 17179
117.131.5.26 - - [14/May/2020:10:50:34 +0800] "GET /favicon.ico HTTP/1.1" 404 -
117.131.5.26 - - [14/May/2020:10:50:34 +0800] "POST /xingrg/all/common/load_tree.html?tree=area_rest_tree_json&manage=1 HTTP/1.1" 200 351
117.131.5.26 - - [14/May/2020:10:50:34 +0800] "GET /xingrg/check_reg.html?_=1589424991081 HTTP/1.1" 200 22
117.131.5.26 - - [14/May/2020:10:50:34 +0800] "GET /xingrg/all/function/internal_message.html?_=1589424991080&CODE_STATE=count HTTP/1.1" 200 11
117.131.5.26 - - [14/May/2020:10:50:34 +0800] "POST /xingrg/load_menu.html HTTP/1.1" 200 5138
120.253.135.82 - - [14/May/2020:10:50:34 +0800] "POST /xingrg/kc/pszx/mdps_list_operate.html HTTP/1.1" 200 5388
124.77.110.230 - - [14/May/2020:10:50:36 +0800] "GET /xingrg/kc/buy/cgsh_order_add.html HTTP/1.1" 200 58611
124.77.110.230 - - [14/May/2020:10:50:36 +0800] "GET /xingrg/javascript/easyui/themes/default/validatebox.css HTTP/1.1" 404 1104
124.77.110.230 - - [14/May/2020:10:50:36 +0800] "POST /xingrg/kc/buy/cgsh_order_operate.html HTTP/1.1" 200 8245
114.84.32.201 - - [14/May/2020:10:50:37 +0800] "GET /xingrg/dwr/interface/AjaxGetFirstChart.js HTTP/1.1" 200 631
114.84.32.201 - - [14/May/2020:10:50:37 +0800] "GET /xingrg/dwr/engine.js HTTP/1.1" 200 43631
114.84.32.201 - - [14/May/2020:10:50:37 +0800] "GET /xingrg/system/rest/list_page.html?p=menu HTTP/1.1" 200 111091
120.253.135.82 - - [14/May/2020:10:50:37 +0800] "POST /xingrg/kc/pszx/mdps_list_operate.html HTTP/1.1" 200 201
120.253.135.82 - - [14/May/2020:10:50:37 +0800] "GET /xingrg/kc/pszx/mdps_order_info.html?code=312020051400277 HTTP/1.1" 200 23847
114.84.32.201 - - [14/May/2020:10:50:38 +0800] "GET /xingrg/system/rest/query_items.html?_=1589424635429&table=menu&page=1&rows=20&categoryId=&key= HTTP/1.1" 200 4788
120.253.135.82 - - [14/May/2020:10:50:38 +0800] "POST /xingrg/kc/pszx/mdps_order_operate.html HTTP/1.1" 200 2270
120.253.135.82 - - [14/May/2020:10:50:38 +0800] "GET /xingrg/javascript/easyui/themes/default/validatebox.css HTTP/1.1" 404 1104
116.233.78.165 - - [14/May/2020:10:50:38 +0800] "POST /xingrg/kc/buy/cgsh_order_operate.html HTTP/1.1" 200 37
124.77.110.230 - - [14/May/2020:10:50:38 +0800] "GET /xingrg/javascript/easyui/themes/default/tree.css HTTP/1.1" 404 1090
124.77.110.230 - - [14/May/2020:10:50:38 +0800] "POST /xingrg/all/common/load_tree.html?tree=supplier_tree_json&isDelete=1 HTTP/1.1" 200 48106
116.233.78.165 - - [14/May/2020:10:50:39 +0800] "POST /xingrg/kc/buy/cgsh_order_operate.html HTTP/1.1" 200 3241
116.233.78.165 - - [14/May/2020:10:50:40 +0800] "GET /xingrg/kc/print/load_config.html?kc_code=cgsh HTTP/1.1" 200 1845
114.84.32.201 - - [14/May/2020:10:50:40 +0800] "GET /xingrg/all/function/internal_message.html?_=1589424637818&CODE_STATE=getMsg HTTP/1.1" 200 27
114.84.32.201 - - [14/May/2020:10:50:40 +0800] "GET /xingrg/check_reg.html?_=1589424637819 HTTP/1.1" 200 22
116.233.78.165 - - [14/May/2020:10:50:40 +0800] "GET /xingrg/kc/print/load_data.html?order_code=212020051404696&kc_code=cgsh&condition= HTTP/1.1" 200 935
120.253.135.82 - - [14/May/2020:10:50:40 +0800] "POST /xingrg/kc/pszx/mdps_order_operate.html HTTP/1.1" 200 37
120.253.135.82 - - [14/May/2020:10:50:41 +0800] "GET /xingrg/kc/pszx/mdps_order_info.html?code=312020051400277 HTTP/1.1" 200 23847
120.253.135.82 - - [14/May/2020:10:50:42 +0800] "POST /xingrg/kc/pszx/mdps_order_operate.html HTTP/1.1" 200 2278
120.253.135.82 - - [14/May/2020:10:50:42 +0800] "GET /xingrg/javascript/easyui/themes/default/validatebox.css HTTP/1.1" 404 1104
114.84.151.157 - - [14/May/2020:10:50:42 +0800] "GET /xingrg/kc/buy/cgsh_order_operate.html?command=get_materiel&rest_code=00141&code=00101015012&supplier_code=00100055&order_time=2020-05-14 HTTP/1.1" 200 413
172.17.0.100 - - [14/May/2020:10:50:42 +0800] "GET /xingrg/all/function/internal_message.html?_=1589424642164&CODE_STATE=getMsg HTTP/1.1" 200 27
172.17.0.120 - - [14/May/2020:10:50:42 +0800] "GET /xingrg/check_reg.html?_=1589424639848 HTTP/1.1" 200 22
172.17.0.120 - - [14/May/2020:10:50:42 +0800] "GET /xingrg/all/function/internal_message.html?_=1589424639860&CODE_STATE=getMsg HTTP/1.1" 200 27
117.131.5.26 - - [14/May/2020:10:50:43 +0800] "GET /xingrg/kc/base/base_main.html HTTP/1.1" 200 12142
117.131.5.26 - - [14/May/2020:10:50:43 +0800] "GET /xingrg/images/blue/button/wlsy.gif HTTP/1.1" 200 2536
117.131.5.26 - - [14/May/2020:10:50:43 +0800] "GET /xingrg/images/blue/button/ckpd.gif HTTP/1.1" 200 2051
117.131.5.26 - - [14/May/2020:10:50:43 +0800] "GET /xingrg/images/blue/button/kc.gif HTTP/1.1" 304 -
117.131.5.26 - - [14/May/2020:10:50:43 +0800] "GET /xingrg/images/blue/button/down.jpg HTTP/1.1" 200 1560
117.131.5.26 - - [14/May/2020:10:50:43 +0800] "GET /xingrg/images/blue/button/left_ah.jpg HTTP/1.1" 200 1643
117.131.5.26 - - [14/May/2020:10:50:43 +0800] "GET /xingrg/images/blue/button/ckdb.gif HTTP/1.1" 200 1950
117.131.5.26 - - [14/May/2020:10:50:43 +0800] "GET /xingrg/images/blue/button/yddb.gif HTTP/1.1" 200 2040
117.131.5.26 - - [14/May/2020:10:50:43 +0800] "GET /xingrg/images/blue/pic_form2.gif HTTP/1.1" 304 -
117.131.5.26 - - [14/May/2020:10:50:43 +0800] "GET /xingrg/images/blue/bg_dotted.jpg HTTP/1.1" 304 -
117.131.5.26 - - [14/May/2020:10:50:43 +0800] "GET /xingrg/images/blue/button/top_right.jpg HTTP/1.1" 200 1708
117.131.5.26 - - [14/May/2020:10:50:43 +0800] "GET /xingrg/images/blue/button/top_left.jpg HTTP/1.1" 200 1632
117.131.5.26 - - [14/May/2020:10:50:43 +0800] "GET /xingrg/images/blue/button/right_ah.jpg HTTP/1.1" 304 -
117.131.5.26 - - [14/May/2020:10:50:43 +0800] "GET /xingrg/images/blue/button/bottom_left.jpg HTTP/1.1" 200 1524
117.131.5.26 - - [14/May/2020:10:50:43 +0800] "GET /xingrg/images/blue/button/bottom_right.jpg HTTP/1.1" 200 1436
116.233.78.165 - - [14/May/2020:10:50:43 +0800] "GET /xingrg/kc/buy/cgsh_order_add.html HTTP/1.1" 200 58605
116.233.78.165 - - [14/May/2020:10:50:43 +0800] "POST /xingrg/kc/buy/cgsh_order_operate.html HTTP/1.1" 200 8245
116.233.78.165 - - [14/May/2020:10:50:43 +0800] "GET /xingrg/all/common/auto_word.html?type=employee&rest_code=00109 HTTP/1.1" 200 255
116.233.78.165 - - [14/May/2020:10:50:43 +0800] "GET /xingrg/javascript/easyui/themes/default/validatebox.css HTTP/1.1" 404 1104
116.233.78.165 - - [14/May/2020:10:50:43 +0800] "GET /xingrg/all/common/auto_word.html?type=employee&rest_code=00109 HTTP/1.1" 200 255
114.84.33.255 - - [14/May/2020:10:50:49 +0800] "GET /xingrg/all/function/internal_message.html?_=1589424660921&CODE_STATE=getMsg HTTP/1.1" 200 27
117.131.5.26 - - [14/May/2020:10:50:50 +0800] "GET /xingrg/kc/base/wlsy_order_list.html?syType=1 HTTP/1.1" 200 17381
117.131.5.26 - - [14/May/2020:10:50:51 +0800] "GET /xingrg/javascript/easyui/themes/icons/uncheck_new.png HTTP/1.1" 304 -
117.131.5.26 - - [14/May/2020:10:50:51 +0800] "POST /xingrg/kc/base/wlsy_list_operate.html?syType=1 HTTP/1.1" 200 862
124.77.110.230 - - [14/May/2020:10:50:52 +0800] "GET /xingrg/all/function/internal_message.html?_=1589424649158&CODE_STATE=getMsg HTTP/1.1" 200 27
172.17.0.240 - - [14/May/2020:10:50:53 +0800] "GET /xingrg/all/function/internal_message.html?_=1589424648705&CODE_STATE=getMsg HTTP/1.1" 200 27
117.131.5.26 - - [14/May/2020:10:50:54 +0800] "GET /xingrg/kc/base/wlsy_order_add.html?syType=1 HTTP/1.1" 200 28527
117.131.5.26 - - [14/May/2020:10:50:54 +0800] "GET /xingrg/words/20200513105526_words.js HTTP/1.1" 200 726960
116.233.78.165 - - [14/May/2020:10:50:54 +0800] "GET /xingrg/kc/buy/cgsh_order_operate.html?command=get_materiel&rest_code=00109&code=00101002027&supplier_code=00100038&order_time=2020-05-14 HTTP/1.1" 200 413
117.131.5.26 - - [14/May/2020:10:50:54 +0800] "POST /xingrg/kc/base/wlsy_order_operate.html HTTP/1.1" 200 6806
222.69.139.32 - - [14/May/2020:10:50:54 +0800] "GET /xingrg/all/function/internal_message.html?_=1589424648063&CODE_STATE=getMsg HTTP/1.1" 200 27
117.131.5.26 - - [14/May/2020:10:50:54 +0800] "GET /xingrg/all/common/auto_word.html?type=base&rest_code=00104 HTTP/1.1" 200 1753
117.131.5.26 - - [14/May/2020:10:50:54 +0800] "GET /xingrg/javascript/easyui/themes/default/validatebox.css HTTP/1.1" 404 1104
120.253.135.82 - - [14/May/2020:10:50:55 +0800] "GET /xingrg/all/function/internal_message.html?_=1589424782002&CODE_STATE=getMsg HTTP/1.1" 200 27
117.185.32.26 - - [14/May/2020:10:50:55 +0800] "GET /xingrg/kc/base/wldb_order_operate.html?command=get_materiel&rest_code=00106&base_code=0010397&code=00102002448 HTTP/1.1" 200 426
117.131.5.26 - - [14/May/2020:10:50:56 +0800] "POST /xingrg/all/common/load_combo.html?type=base HTTP/1.1" 200 3142
114.86.190.97 - - [14/May/2020:10:50:56 +0800] "GET /xingrg/check_reg.html?_=1589424646847 HTTP/1.1" 200 22
114.86.190.97 - - [14/May/2020:10:50:56 +0800] "GET /xingrg/all/function/internal_message.html?_=1589424646849&CODE_STATE=getMsg HTTP/1.1" 200 27
58.40.7.146 - - [14/May/2020:10:50:56 +0800] "GET /xingrg/all/function/internal_message.html?_=1589424654102&CODE_STATE=getMsg HTTP/1.1" 200 27
58.40.7.146 - - [14/May/2020:10:50:56 +0800] "GET /xingrg/check_reg.html?_=1589424654104 HTTP/1.1" 200 22
120.253.135.82 - - [14/May/2020:10:50:59 +0800] "GET /xingrg/kc/pszx/mdps_order_list.html?orderType=0 HTTP/1.1" 200 20967
120.253.135.82 - - [14/May/2020:10:51:00 +0800] "POST /xingrg/kc/pszx/mdps_list_operate.html HTTP/1.1" 200 5301
120.253.135.82 - - [14/May/2020:10:51:03 +0800] "POST /xingrg/kc/pszx/mdps_list_operate.html HTTP/1.1" 200 5388
116.233.78.165 - - [14/May/2020:10:51:03 +0800] "GET /xingrg/kc/buy/cgsh_order_operate.html?command=get_materiel&rest_code=00109&code=00101006161&supplier_code=00100038&order_time=2020-05-14 HTTP/1.1" 200 409
117.185.32.26 - - [14/May/2020:10:51:04 +0800] "GET /xingrg/all/function/internal_message.html?_=1589425083432&CODE_STATE=getMsg HTTP/1.1" 200 27
117.185.32.26 - - [14/May/2020:10:51:04 +0800] "GET /xingrg/check_reg.html?_=1589425083450 HTTP/1.1" 200 22
117.184.7.30 - - [14/May/2020:10:51:04 +0800] "GET /xingrg/all/function/internal_message.html?_=1589424655167&CODE_STATE=getMsg HTTP/1.1" 200 27
120.253.135.82 - - [14/May/2020:10:51:06 +0800] "POST /xingrg/kc/pszx/mdps_list_operate.html HTTP/1.1" 200 201
120.253.135.82 - - [14/May/2020:10:51:06 +0800] "GET /xingrg/kc/pszx/mdps_order_info.html?code=312020051400277 HTTP/1.1" 200 23847
120.253.135.82 - - [14/May/2020:10:51:06 +0800] "POST /xingrg/kc/pszx/mdps_order_operate.html HTTP/1.1" 200 2278
120.253.135.82 - - [14/May/2020:10:51:06 +0800] "GET /xingrg/javascript/easyui/themes/default/validatebox.css HTTP/1.1" 404 1104
114.95.220.91 - - [14/May/2020:10:51:06 +0800] "GET /xingrg/check_reg.html?_=1589424665614 HTTP/1.1" 200 22
117.185.32.26 - - [14/May/2020:10:51:07 +0800] "GET /xingrg/kc/base/wldb_order_operate.html?command=get_materiel&rest_code=00106&base_code=0010397&code=00102002204 HTTP/1.1" 200 434
124.77.110.230 - - [14/May/2020:10:51:08 +0800] "GET /xingrg/kc/buy/cgsh_order_operate.html?command=get_materiel&rest_code=00107&code=00101002002&supplier_code=00100094&order_time=2020-05-14 HTTP/1.1" 200 418
120.253.135.82 - - [14/May/2020:10:51:08 +0800] "GET /xingrg/kc/print/load_data.html?order_code=312020051400277&kc_code=mdps&condition= HTTP/1.1" 200 671
172.16.0.203 - - [14/May/2020:10:51:09 +0800] "GET /xingrg/all/function/internal_message.html?_=1589424664288&CODE_STATE=getMsg HTTP/1.1" 200 27
114.84.33.255 - - [14/May/2020:10:51:10 +0800] "GET /xingrg/all/function/internal_message.html?_=1589424682995&CODE_STATE=getMsg HTTP/1.1" 302 -
117.131.5.26 - - [14/May/2020:10:51:10 +0800] "GET /xingrg/javascript/easyui/themes/default/tree.css HTTP/1.1" 404 1090
117.131.5.26 - - [14/May/2020:10:51:10 +0800] "POST /xingrg/all/common/load_tree.html?tree=employee_tree_json HTTP/1.1" 200 22652
117.131.5.26 - - [14/May/2020:10:51:11 +0800] "GET /xingrg/javascript/easyui/themes/icons/areas.png HTTP/1.1" 304 -
117.131.5.26 - - [14/May/2020:10:51:11 +0800] "GET /xingrg/javascript/easyui/themes/icons/rest.png HTTP/1.1" 304 -
117.131.5.26 - - [14/May/2020:10:51:11 +0800] "GET /xingrg/javascript/easyui/themes/icons/accept_new.png HTTP/1.1" 200 722
114.84.151.157 - - [14/May/2020:10:51:11 +0800] "GET /xingrg/all/function/internal_message.html?_=1589424672484&CODE_STATE=getMsg HTTP/1.1" 200 27
116.233.78.165 - - [14/May/2020:10:51:12 +0800] "POST /xingrg/kc/buy/cgsh_order_operate.html HTTP/1.1" 200 37
114.84.151.157 - - [14/May/2020:10:51:12 +0800] "GET /xingrg/check_reg.html?_=1589424673878 HTTP/1.1" 200 22
116.233.78.165 - - [14/May/2020:10:51:12 +0800] "POST /xingrg/kc/buy/cgsh_order_operate.html HTTP/1.1" 200 3244
117.185.32.26 - - [14/May/2020:10:51:13 +0800] "POST /xingrg/kc/base/wldb_order_operate.html HTTP/1.1" 200 37
117.185.32.26 - - [14/May/2020:10:51:14 +0800] "POST /xingrg/kc/base/wldb_order_operate.html HTTP/1.1" 200 2677
116.233.78.165 - - [14/May/2020:10:51:14 +0800] "GET /xingrg/kc/print/load_config.html?kc_code=cgsh HTTP/1.1" 200 1845
116.233.78.165 - - [14/May/2020:10:51:14 +0800] "GET /xingrg/kc/print/load_data.html?order_code=212020051404697&kc_code=cgsh&condition= HTTP/1.1" 200 904
117.185.32.26 - - [14/May/2020:10:51:14 +0800] "GET /xingrg/kc/base/wldb_order_info.html?code=422020051401318 HTTP/1.1" 200 30329
117.185.32.26 - - [14/May/2020:10:51:15 +0800] "GET /xingrg/javascript/easyui/themes/default/validatebox.css HTTP/1.1" 404 1104
114.84.32.201 - - [14/May/2020:10:51:15 +0800] "GET /xingrg/all/function/internal_message.html?_=1589424672860&CODE_STATE=getMsg HTTP/1.1" 200 27
117.185.32.26 - - [14/May/2020:10:51:15 +0800] "POST /xingrg/kc/base/wldb_order_operate.html HTTP/1.1" 200 2677
116.233.78.165 - - [14/May/2020:10:51:17 +0800] "GET /xingrg/kc/buy/cgsh_order_add.html HTTP/1.1" 200 58605
116.233.78.165 - - [14/May/2020:10:51:18 +0800] "POST /xingrg/kc/buy/cgsh_order_operate.html HTTP/1.1" 200 8245
116.233.78.165 - - [14/May/2020:10:51:18 +0800] "GET /xingrg/all/common/auto_word.html?type=employee&rest_code=00109 HTTP/1.1" 200 255
116.233.78.165 - - [14/May/2020:10:51:18 +0800] "GET /xingrg/javascript/easyui/themes/default/validatebox.css HTTP/1.1" 404 1104
116.233.78.165 - - [14/May/2020:10:51:18 +0800] "GET /xingrg/all/common/auto_word.html?type=employee&rest_code=00109 HTTP/1.1" 200 255
114.84.151.157 - - [14/May/2020:10:51:19 +0800] "GET /xingrg/kc/buy/cgsh_order_operate.html?command=get_materiel&rest_code=00141&code=00101015021&supplier_code=00100055&order_time=2020-05-14 HTTP/1.1" 200 408
117.185.32.26 - - [14/May/2020:10:51:19 +0800] "GET /xingrg/kc/buy/buy_main.html HTTP/1.1" 200 12412
117.185.32.26 - - [14/May/2020:10:51:19 +0800] "GET /xingrg/css/new_ie.css HTTP/1.1" 404 1036
120.253.135.82 - - [14/May/2020:10:51:19 +0800] "GET /xingrg/all/function/internal_message.html?_=1589424754607&CODE_STATE=getMsg HTTP/1.1" 200 27
120.253.135.82 - - [14/May/2020:10:51:19 +0800] "GET /xingrg/all/function/internal_message.html?_=1589424431727&CODE_STATE=getMsg HTTP/1.1" 200 27
180.162.232.172 - - [14/May/2020:10:51:19 +0800] "GET /xingrg/all/function/internal_message.html?_=1589424679621&CODE_STATE=getMsg HTTP/1.1" 200 27
172.17.0.106 - - [14/May/2020:10:51:21 +0800] "GET /xingrg/check_reg.html?_=1589424679043 HTTP/1.1" 200 22
172.17.0.106 - - [14/May/2020:10:51:21 +0800] "GET /xingrg/all/function/internal_message.html?_=1589424679045&CODE_STATE=getMsg HTTP/1.1" 200 27
117.131.5.26 - - [14/May/2020:10:51:22 +0800] "GET /xingrg/javascript/auto/indicator.gif HTTP/1.1" 404 1066
116.233.78.165 - - [14/May/2020:10:51:24 +0800] "GET /xingrg/all/function/internal_message.html?_=1589424735137&CODE_STATE=getMsg HTTP/1.1" 200 27
180.162.232.172 - - [14/May/2020:10:51:25 +0800] "GET /xingrg/check_reg.html?_=1589424808014 HTTP/1.1" 200 22
180.162.232.172 - - [14/May/2020:10:51:26 +0800] "GET /xingrg/all/function/internal_message.html?_=1589424808424&CODE_STATE=getMsg HTTP/1.1" 200 27
117.131.5.26 - - [14/May/2020:10:51:28 +0800] "GET /xingrg/kc/base/wlsy_order_operate.html?command=get_materiel&rest_code=00104&base_code=0010032&code=00101019274 HTTP/1.1" 200 448
116.233.78.165 - - [14/May/2020:10:51:29 +0800] "GET /xingrg/kc/buy/cgsh_order_operate.html?command=get_materiel&rest_code=00109&code=00101009039&supplier_code=00100022&order_time=2020-05-14 HTTP/1.1" 200 408
172.17.0.110 - - [14/May/2020:10:51:29 +0800] "GET /xingrg/all/function/internal_message.html?_=1589424686319&CODE_STATE=getMsg HTTP/1.1" 200 27
117.131.5.26 - - [14/May/2020:10:51:34 +0800] "GET /xingrg/all/function/internal_message.html?_=1589425051092&CODE_STATE=getMsg HTTP/1.1" 200 27
124.77.110.230 - - [14/May/2020:10:51:35 +0800] "GET /xingrg/kc/buy/cgsh_order_operate.html?command=get_materiel&rest_code=00107&code=00101001037&supplier_code=00100094&order_time=2020-05-14 HTTP/1.1" 200 416
114.84.151.157 - - [14/May/2020:10:51:36 +0800] "GET /xingrg/kc/buy/cgsh_order_operate.html?command=get_materiel&rest_code=00141&code=00101015066&supplier_code=00100055&order_time=2020-05-14 HTTP/1.1" 200 413
114.84.32.201 - - [14/May/2020:10:51:40 +0800] "GET /xingrg/all/function/internal_message.html?_=1589424697830&CODE_STATE=getMsg HTTP/1.1" 200 27
172.17.0.123 - - [14/May/2020:10:51:42 +0800] "GET /xingrg/check_reg.html?_=1589424696103 HTTP/1.1" 302 -
172.17.0.100 - - [14/May/2020:10:51:42 +0800] "GET /xingrg/all/function/internal_message.html?_=1589424702178&CODE_STATE=getMsg HTTP/1.1" 200 27
172.17.0.120 - - [14/May/2020:10:51:42 +0800] "GET /xingrg/all/function/internal_message.html?_=1589424699847&CODE_STATE=getMsg HTTP/1.1" 200 27
124.77.110.230 - - [14/May/2020:10:51:46 +0800] "POST /xingrg/kc/buy/cgsh_order_operate.html HTTP/1.1" 200 37
124.77.110.230 - - [14/May/2020:10:51:47 +0800] "POST /xingrg/kc/buy/cgsh_order_operate.html HTTP/1.1" 200 3263
114.84.33.255 - - [14/May/2020:10:51:49 +0800] "GET /xingrg/all/function/internal_message.html?_=1589424720934&CODE_STATE=getMsg HTTP/1.1" 200 27
124.77.110.230 - - [14/May/2020:10:51:52 +0800] "GET /xingrg/kc/print/load_data.html?order_code=212020051404698&kc_code=cgsh&condition= HTTP/1.1" 200 984
124.77.110.230 - - [14/May/2020:10:51:53 +0800] "GET /xingrg/all/function/internal_message.html?_=1589424709301&CODE_STATE=getMsg HTTP/1.1" 200 27
172.17.0.240 - - [14/May/2020:10:51:53 +0800] "GET /xingrg/all/function/internal_message.html?_=1589424708690&CODE_STATE=getMsg HTTP/1.1" 200 27
117.131.5.26 - - [14/May/2020:10:51:54 +0800] "POST /xingrg/kc/base/wlsy_order_operate.html HTTP/1.1" 200 37
222.69.139.32 - - [14/May/2020:10:51:54 +0800] "GET /xingrg/all/function/internal_message.html?_=1589424708037&CODE_STATE=getMsg HTTP/1.1" 200 27
117.131.5.26 - - [14/May/2020:10:51:54 +0800] "POST /xingrg/kc/base/wlsy_order_operate.html HTTP/1.1" 200 12
117.131.5.26 - - [14/May/2020:10:51:54 +0800] "POST /xingrg/kc/base/wlsy_order_operate.html HTTP/1.1" 200 2184
120.253.135.82 - - [14/May/2020:10:51:55 +0800] "GET /xingrg/all/function/internal_message.html?_=1589424842013&CODE_STATE=getMsg HTTP/1.1" 200 27
101.91.60.105 - - [14/May/2020:10:51:55 +0800] "GET /xingrg/all/function/internal_message.html?_=1589424012729&CODE_STATE=getMsg HTTP/1.1" 302 -
116.233.78.165 - - [14/May/2020:10:51:56 +0800] "GET /xingrg/kc/buy/cgsh_order_operate.html?command=get_materiel&rest_code=00109&code=00101009062&supplier_code=00100022&order_time=2020-05-14 HTTP/1.1" 200 412
117.131.5.26 - - [14/May/2020:10:51:56 +0800] "POST /xingrg/kc/base/wlsy_list_operate.html?syType=1 HTTP/1.1" 200 862
114.86.190.97 - - [14/May/2020:10:51:56 +0800] "GET /xingrg/all/function/internal_message.html?_=1589424714037&CODE_STATE=getMsg HTTP/1.1" 200 27
58.40.7.146 - - [14/May/2020:10:51:56 +0800] "GET /xingrg/all/function/internal_message.html?_=1589424714101&CODE_STATE=getMsg HTTP/1.1" 200 27
124.77.110.230 - - [14/May/2020:10:51:57 +0800] "GET /xingrg/kc/buy/cgsh_order_add.html HTTP/1.1" 200 58611
124.77.110.230 - - [14/May/2020:10:51:58 +0800] "GET /xingrg/javascript/easyui/themes/default/validatebox.css HTTP/1.1" 404 1104
124.77.110.230 - - [14/May/2020:10:51:58 +0800] "POST /xingrg/kc/buy/cgsh_order_operate.html HTTP/1.1" 200 8245
120.253.135.82 - - [14/May/2020:10:51:59 +0800] "POST /xingrg/kc/pszx/mdps_order_operate.html HTTP/1.1" 200 37
124.77.110.230 - - [14/May/2020:10:52:00 +0800] "GET /xingrg/javascript/easyui/themes/default/tree.css HTTP/1.1" 404 1090
124.77.110.230 - - [14/May/2020:10:52:00 +0800] "POST /xingrg/all/common/load_tree.html?tree=supplier_tree_json&isDelete=1 HTTP/1.1" 200 48106
120.253.135.82 - - [14/May/2020:10:52:00 +0800] "POST /xingrg/kc/pszx/mdps_order_operate.html HTTP/1.1" 200 12
114.82.213.91 - - [14/May/2020:10:52:00 +0800] "GET /xingrg HTTP/1.1" 302 -
116.233.78.165 - - [14/May/2020:10:52:01 +0800] "GET /xingrg/kc/buy/cgsh_order_operate.html?command=get_materiel&rest_code=00109&code=00101008418&supplier_code=00100022&order_time=2020-05-14 HTTP/1.1" 200 400
101.91.60.105 - - [14/May/2020:10:52:03 +0800] "GET /xingrg/login.html HTTP/1.1" 200 7641
117.131.5.26 - - [14/May/2020:10:52:03 +0800] "GET /xingrg/javascript/jquery_tools/images/prev.gif HTTP/1.1" 404 1086
117.131.5.26 - - [14/May/2020:10:52:03 +0800] "GET /xingrg/javascript/jquery_tools/images/next.gif HTTP/1.1" 404 1086
117.184.7.30 - - [14/May/2020:10:52:04 +0800] "GET /xingrg/all/function/internal_message.html?_=1589424715138&CODE_STATE=getMsg HTTP/1.1" 200 27
114.82.213.91 - - [14/May/2020:10:52:04 +0800] "GET /xingrg/index.html HTTP/1.1" 302 -
114.82.213.91 - - [14/May/2020:10:52:04 +0800] "GET /favicon.ico HTTP/1.1" 404 -
117.185.32.26 - - [14/May/2020:10:52:04 +0800] "GET /xingrg/all/function/internal_message.html?_=1589425143442&CODE_STATE=getMsg HTTP/1.1" 200 27
114.82.213.91 - - [14/May/2020:10:52:04 +0800] "GET /xingrg/login.html HTTP/1.1" 200 7641
114.82.213.91 - - [14/May/2020:10:52:06 +0800] "GET /favicon.ico HTTP/1.1" 404 -
180.175.212.199 - - [14/May/2020:10:52:07 +0800] "GET /xingrg/login.html HTTP/1.1" 200 7641
180.175.212.199 - - [14/May/2020:10:52:07 +0800] "GET /xingrg/images/blue/login_bg.png HTTP/1.1" 304 -
180.175.212.199 - - [14/May/2020:10:52:07 +0800] "GET /xingrg/images/blue/srbg.png HTTP/1.1" 304 -
180.175.212.199 - - [14/May/2020:10:52:07 +0800] "GET /xingrg/images/blue/hj.png HTTP/1.1" 304 -
116.233.78.165 - - [14/May/2020:10:52:08 +0800] "GET /xingrg/kc/buy/cgsh_order_operate.html?command=get_materiel&rest_code=00109&code=00101009011&supplier_code=00100022&order_time=2020-05-14 HTTP/1.1" 200 416
180.175.212.199 - - [14/May/2020:10:52:08 +0800] "GET /favicon.ico HTTP/1.1" 404 -
180.175.212.199 - - [14/May/2020:10:52:08 +0800] "POST /xingrg/login.do HTTP/1.1" 302 -
180.175.212.199 - - [14/May/2020:10:52:08 +0800] "GET /xingrg/index.html?sysBaseUrl=http%3A%2F%2F180.169.147.146%3A18081%2Fxingrg%2F&costTime=38×tamp=1589424728927 HTTP/1.1" 200 17173
180.175.212.199 - - [14/May/2020:10:52:09 +0800] "GET /xingrg/javascript/jquery_easy_ui/themes/default/easyui.css HTTP/1.1" 304 -
180.175.212.199 - - [14/May/2020:10:52:09 +0800] "GET /xingrg/javascript/jquery_easy_ui/themes/icon.css HTTP/1.1" 304 -
180.175.212.199 - - [14/May/2020:10:52:09 +0800] "GET /xingrg/javascript/jquery.form.js HTTP/1.1" 304 -
180.175.212.199 - - [14/May/2020:10:52:09 +0800] "GET /xingrg/javascript/jquery.utils.js HTTP/1.1" 304 -
180.175.212.199 - - [14/May/2020:10:52:09 +0800] "GET /xingrg/javascript/jquery-1.4.2.min.js HTTP/1.1" 304 -
180.175.212.199 - - [14/May/2020:10:52:09 +0800] "GET /xingrg/css/form.css HTTP/1.1" 304 -
180.175.212.199 - - [14/May/2020:10:52:09 +0800] "GET /xingrg/javascript/jquery_easy_ui/jquery.easyui.min.js HTTP/1.1" 304 -
180.175.212.199 - - [14/May/2020:10:52:09 +0800] "GET /xingrg/javascript/jquery_easy_ui/easyui-lang-zh_CN.js HTTP/1.1" 304 -
180.175.212.199 - - [14/May/2020:10:52:09 +0800] "GET /xingrg/javascript/jquery.timers.js HTTP/1.1" 304 -
172.16.0.203 - - [14/May/2020:10:52:09 +0800] "GET /xingrg/all/function/internal_message.html?_=1589424724299&CODE_STATE=getMsg HTTP/1.1" 200 27
180.175.212.199 - - [14/May/2020:10:52:09 +0800] "POST /xingrg/all/common/load_tree.html?tree=area_rest_tree_json&manage=1 HTTP/1.1" 200 342
180.175.212.199 - - [14/May/2020:10:52:09 +0800] "GET /favicon.ico HTTP/1.1" 404 -
180.175.212.199 - - [14/May/2020:10:52:09 +0800] "GET /xingrg/all/function/internal_message.html?_=1589424734111&CODE_STATE=count HTTP/1.1" 200 11
180.175.212.199 - - [14/May/2020:10:52:09 +0800] "GET /xingrg/check_reg.html?_=1589424734112 HTTP/1.1" 200 22
180.175.212.199 - - [14/May/2020:10:52:09 +0800] "POST /xingrg/load_menu.html HTTP/1.1" 200 5138
180.175.212.199 - - [14/May/2020:10:52:09 +0800] "GET /xingrg/javascript/jquery_easy_ui/themes/default/images/tree_arrows.gif HTTP/1.1" 304 -
180.175.212.199 - - [14/May/2020:10:52:09 +0800] "GET /xingrg/javascript/jquery_easy_ui/themes/default/images/tree_folder_open.gif HTTP/1.1" 304 -
180.175.212.199 - - [14/May/2020:10:52:09 +0800] "GET /xingrg/javascript/jquery_easy_ui/themes/default/images/tree_folder.gif HTTP/1.1" 304 -
180.175.212.199 - - [14/May/2020:10:52:09 +0800] "GET /xingrg/javascript/jquery_easy_ui/themes/icons/search_new.png HTTP/1.1" 304 -
180.175.212.199 - - [14/May/2020:10:52:09 +0800] "GET /xingrg/javascript/jquery_easy_ui/themes/icons/storage_new.png HTTP/1.1" 304 -
180.175.212.199 - - [14/May/2020:10:52:09 +0800] "GET /xingrg/javascript/jquery_easy_ui/themes/default/images/tree_file.gif HTTP/1.1" 304 -
180.175.212.199 - - [14/May/2020:10:52:09 +0800] "GET /xingrg/javascript/jquery_easy_ui/themes/icons/forms_new.png HTTP/1.1" 304 -
114.84.33.255 - - [14/May/2020:10:52:10 +0800] "GET /xingrg/all/function/internal_message.html?_=1589424743017&CODE_STATE=getMsg HTTP/1.1" 302 -
117.131.5.26 - - [14/May/2020:10:52:10 +0800] "POST /xingrg/kc/base/wlsy_list_operate.html?syType=1 HTTP/1.1" 200 1709
114.84.151.157 - - [14/May/2020:10:52:11 +0800] "GET /xingrg/all/function/internal_message.html?_=1589424732460&CODE_STATE=getMsg HTTP/1.1" 200 27
114.84.32.201 - - [14/May/2020:10:52:11 +0800] "GET /xingrg/system/rest/query_items.html?_=1589424728847&table=menu&page=1&rows=20&categoryId=&key=%25E9%2595%25BF%25E8%2584%259A%25E8%259F%25B9 HTTP/1.1" 200 998
180.175.212.199 - - [14/May/2020:10:52:14 +0800] "GET /xingrg/javascript/jquery_easy_ui/themes/default/images/tabs_close.gif HTTP/1.1" 304 -
180.175.212.199 - - [14/May/2020:10:52:14 +0800] "GET /xingrg/kc/buy/cgsh_order_list.html HTTP/1.1" 200 42826
180.175.212.199 - - [14/May/2020:10:52:14 +0800] "GET /xingrg/css/base.css HTTP/1.1" 304 -
180.175.212.199 - - [14/May/2020:10:52:14 +0800] "GET /xingrg/javascript/jquery_tools/datebox.css HTTP/1.1" 304 -
180.175.212.199 - - [14/May/2020:10:52:14 +0800] "GET /xingrg/css/site.css HTTP/1.1" 304 -
180.175.212.199 - - [14/May/2020:10:52:14 +0800] "GET /xingrg/javascript/easyui/themes/icon.css HTTP/1.1" 304 -
180.175.212.199 - - [14/May/2020:10:52:14 +0800] "GET /xingrg/javascript/easyui/themes/default/easyui.css HTTP/1.1" 304 -
180.175.212.199 - - [14/May/2020:10:52:14 +0800] "GET /xingrg/javascript/auto/jquery.autocomplete.css HTTP/1.1" 304 -
180.175.212.199 - - [14/May/2020:10:52:14 +0800] "GET /xingrg/javascript/jquery_tools/jquery.tools.extend.js HTTP/1.1" 304 -
180.175.212.199 - - [14/May/2020:10:52:14 +0800] "GET /xingrg/javascript/jquery_tools/jquery.tools.table.js HTTP/1.1" 304 -
180.175.212.199 - - [14/May/2020:10:52:14 +0800] "GET /xingrg/javascript/jquery_tools/list_manager.js HTTP/1.1" 304 -
180.175.212.199 - - [14/May/2020:10:52:14 +0800] "GET /xingrg/javascript/jquery.cookie.js HTTP/1.1" 304 -
180.175.212.199 - - [14/May/2020:10:52:14 +0800] "GET /xingrg/javascript/easyui/easyloader.js HTTP/1.1" 304 -
180.175.212.199 - - [14/May/2020:10:52:14 +0800] "GET /xingrg/javascript/auto/jquery.autocomplete.js HTTP/1.1" 304 -
180.175.212.199 - - [14/May/2020:10:52:14 +0800] "GET /xingrg/javascript/jquery_tools/fix.css HTTP/1.1" 304 -
180.175.212.199 - - [14/May/2020:10:52:14 +0800] "GET /xingrg/javascript/jquery_tools/table.css HTTP/1.1" 304 -
180.175.212.199 - - [14/May/2020:10:52:14 +0800] "GET /xingrg/javascript/jquery_tools/jquery.tools.hotkey.js HTTP/1.1" 304 -
180.175.212.199 - - [14/May/2020:10:52:14 +0800] "GET /xingrg/javascript/jquery_tools/jquery.tools.min.js HTTP/1.1" 304 -
180.175.212.199 - - [14/May/2020:10:52:14 +0800] "GET /xingrg/javascript/print/LodopFuncs.js HTTP/1.1" 304 -
114.84.32.201 - - [14/May/2020:10:52:14 +0800] "GET /xingrg/system/rest/get_item.html?table=menu&id=2017&_=1589424732017 HTTP/1.1" 200 974
114.84.32.201 - - [14/May/2020:10:52:14 +0800] "GET /xingrg/system/rest/get_item.html?table=menu&target=menu_rest&id=2017&_=1589424732055 HTTP/1.1" 200 886
114.84.32.201 - - [14/May/2020:10:52:14 +0800] "GET /xingrg/system/rest/get_item.html?table=menu&target=cook_mode&id=2017&_=1589424732053 HTTP/1.1" 200 12970
114.84.32.201 - - [14/May/2020:10:52:15 +0800] "GET /xingrg/system/rest/get_infos.html?command=menu_img_show&id=2017 HTTP/1.1" 200 5
116.233.78.165 - - [14/May/2020:10:52:15 +0800] "GET /xingrg/kc/buy/cgsh_order_operate.html?command=get_materiel&rest_code=00109&code=00101009003&supplier_code=00100022&order_time=2020-05-14 HTTP/1.1" 200 408
117.131.5.26 - - [14/May/2020:10:52:15 +0800] "POST /xingrg/kc/base/wlsy_list_operate.html?syType=1 HTTP/1.1" 200 213
180.175.212.199 - - [14/May/2020:10:52:15 +0800] "GET /xingrg/javascript/easyui/themes/icons/edit_add_new.png HTTP/1.1" 304 -
180.175.212.199 - - [14/May/2020:10:52:15 +0800] "GET /xingrg/javascript/easyui/themes/icons/cance_new.png HTTP/1.1" 304 -
180.175.212.199 - - [14/May/2020:10:52:15 +0800] "GET /xingrg/javascript/easyui/themes/icons/check_new.png HTTP/1.1" 304 -
180.175.212.199 - - [14/May/2020:10:52:15 +0800] "GET /xingrg/javascript/easyui/themes/icons/field_new.png HTTP/1.1" 304 -
180.175.212.199 - - [14/May/2020:10:52:15 +0800] "GET /xingrg/javascript/easyui/themes/icons/import_new.png HTTP/1.1" 304 -
180.175.212.199 - - [14/May/2020:10:52:15 +0800] "GET /xingrg/javascript/easyui/plugins/jquery.parser.js HTTP/1.1" 304 -
180.175.212.199 - - [14/May/2020:10:52:15 +0800] "GET /xingrg/images/control/ajaxLoader.gif HTTP/1.1" 304 -
114.84.32.201 - - [14/May/2020:10:52:15 +0800] "GET /xingrg/all/function/internal_message.html?_=1589424733121&CODE_STATE=getMsg HTTP/1.1" 200 27
180.175.212.199 - - [14/May/2020:10:52:16 +0800] "GET /xingrg/javascript/jquery_tools/images/next.gif HTTP/1.1" 404 1086
180.175.212.199 - - [14/May/2020:10:52:16 +0800] "GET /xingrg/javascript/jquery_tools/images/prev.gif HTTP/1.1" 404 1086
180.175.212.199 - - [14/May/2020:10:52:16 +0800] "POST /xingrg/kc/buy/cgsh_list_operate.html HTTP/1.1" 200 876
120.253.135.82 - - [14/May/2020:10:52:16 +0800] "GET /xingrg/check_reg.html?_=1589424811469 HTTP/1.1" 200 22
117.131.5.26 - - [14/May/2020:10:52:17 +0800] "GET /xingrg/kc/base/wlsy_order_info.html?code=412020051400007 HTTP/1.1" 200 25163
114.84.32.201 - - [14/May/2020:10:52:17 +0800] "GET /xingrg/system/rest/get_item.html?table=menu&target=menu_rest_detail&id=2017&sid=12&_=1589424735076 HTTP/1.1" 200 429
117.131.5.26 - - [14/May/2020:10:52:17 +0800] "GET /xingrg/javascript/easyui/themes/default/validatebox.css HTTP/1.1" 404 1104
117.131.5.26 - - [14/May/2020:10:52:17 +0800] "POST /xingrg/kc/base/wlsy_order_operate.html HTTP/1.1" 200 486
120.253.135.82 - - [14/May/2020:10:52:19 +0800] "GET /xingrg/all/function/internal_message.html?_=1589424814621&CODE_STATE=getMsg HTTP/1.1" 200 27
180.175.212.199 - - [14/May/2020:10:52:19 +0800] "GET /xingrg/javascript/easyui/themes/default/images/button_plain_hover.png HTTP/1.1" 304 -
180.162.232.172 - - [14/May/2020:10:52:19 +0800] "GET /xingrg/all/function/internal_message.html?_=1589424739621&CODE_STATE=getMsg HTTP/1.1" 200 27
180.162.232.172 - - [14/May/2020:10:52:19 +0800] "GET /xingrg/check_reg.html?_=1589424739629 HTTP/1.1" 200 22
180.175.212.199 - - [14/May/2020:10:52:20 +0800] "GET /xingrg/javascript/pic_change.js HTTP/1.1" 304 -
180.175.212.199 - - [14/May/2020:10:52:20 +0800] "GET /xingrg/javascript/jquery_tools/order_manager.js HTTP/1.1" 304 -
180.175.212.199 - - [14/May/2020:10:52:20 +0800] "GET /xingrg/javascript/json2.js HTTP/1.1" 304 -
180.175.212.199 - - [14/May/2020:10:52:20 +0800] "GET /xingrg/javascript/convert.js HTTP/1.1" 304 -
180.175.212.199 - - [14/May/2020:10:52:20 +0800] "GET /xingrg/javascript/print/kc_print.js HTTP/1.1" 304 -
180.175.212.199 - - [14/May/2020:10:52:20 +0800] "GET /xingrg/kc/buy/cgsh_order_add.html HTTP/1.1" 200 58482
180.175.212.199 - - [14/May/2020:10:52:20 +0800] "GET /xingrg/words/20200513105526_words.js HTTP/1.1" 304 -
180.175.212.199 - - [14/May/2020:10:52:20 +0800] "GET /xingrg/javascript/easyui/themes/icons/copy_new.png HTTP/1.1" 304 -
180.175.212.199 - - [14/May/2020:10:52:20 +0800] "GET /xingrg/javascript/easyui/themes/icons/template_new.png HTTP/1.1" 304 -
180.175.212.199 - - [14/May/2020:10:52:20 +0800] "GET /xingrg/javascript/easyui/themes/icons/ok.png HTTP/1.1" 304 -
180.175.212.199 - - [14/May/2020:10:52:20 +0800] "GET /xingrg/javascript/easyui/themes/icons/print.png HTTP/1.1" 304 -
180.175.212.199 - - [14/May/2020:10:52:20 +0800] "GET /xingrg/javascript/easyui/themes/default/images/menu_downarrow.png HTTP/1.1" 304 -
180.175.212.199 - - [14/May/2020:10:52:20 +0800] "GET /xingrg/javascript/easyui/themes/icons/cancel.png HTTP/1.1" 304 -
180.175.212.199 - - [14/May/2020:10:52:20 +0800] "POST /xingrg/kc/buy/cgsh_order_operate.html HTTP/1.1" 200 8245
180.175.212.199 - - [14/May/2020:10:52:20 +0800] "GET /xingrg/javascript/easyui/themes/icons/edit_remove.png HTTP/1.1" 304 -
180.175.212.199 - - [14/May/2020:10:52:20 +0800] "GET /xingrg/all/common/auto_word.html?type=employee&rest_code=00102 HTTP/1.1" 200 189
180.175.212.199 - - [14/May/2020:10:52:20 +0800] "GET /xingrg/all/common/auto_word.html?type=employee&rest_code=00102 HTTP/1.1" 200 189
180.175.212.199 - - [14/May/2020:10:52:20 +0800] "GET /xingrg/javascript/easyui/themes/default/validatebox.css HTTP/1.1" 404 1104
180.175.212.199 - - [14/May/2020:10:52:20 +0800] "GET /xingrg/javascript/easyui/plugins/jquery.validatebox.js HTTP/1.1" 304 -
180.175.212.199 - - [14/May/2020:10:52:20 +0800] "GET /xingrg/javascript/easyui/plugins/jquery.numberbox.js HTTP/1.1" 304 -
172.17.0.106 - - [14/May/2020:10:52:21 +0800] "GET /xingrg/all/function/internal_message.html?_=1589424739047&CODE_STATE=getMsg HTTP/1.1" 200 27
116.233.78.165 - - [14/May/2020:10:52:23 +0800] "GET /xingrg/kc/buy/cgsh_order_operate.html?command=get_materiel&rest_code=00109&code=00101009063&supplier_code=00100022&order_time=2020-05-14 HTTP/1.1" 200 409
116.233.78.165 - - [14/May/2020:10:52:23 +0800] "GET /xingrg/all/function/internal_message.html?_=1589424795145&CODE_STATE=getMsg HTTP/1.1" 200 27
117.131.5.26 - - [14/May/2020:10:52:24 +0800] "GET /xingrg/kc/base/wlsy_order_report.html?fileType=servlets/html&code=412020051400007&reportName=ck_order_report&subName=wldb HTTP/1.1" 302 -
117.131.5.26 - - [14/May/2020:10:52:24 +0800] "GET /xingrg/servlets/html?sysBaseUrl=http%3A%2F%2F180.169.147.146%3A18081%2Fxingrg%2F&costTime=70×tamp=1589424744516 HTTP/1.1" 200 14463
117.131.5.26 - - [14/May/2020:10:52:24 +0800] "GET /xingrg/servlets/image?image=px HTTP/1.1" 200 807
117.131.5.26 - - [14/May/2020:10:52:24 +0800] "GET /favicon.ico HTTP/1.1" 404 -
180.175.212.199 - - [14/May/2020:10:52:25 +0800] "GET /xingrg/javascript/auto/indicator.gif HTTP/1.1" 404 1066
180.162.232.172 - - [14/May/2020:10:52:26 +0800] "GET /xingrg/all/function/internal_message.html?_=1589424868439&CODE_STATE=getMsg HTTP/1.1" 200 27
120.253.135.82 - - [14/May/2020:10:52:27 +0800] "GET /xingrg/kc/pszx/mdps_order_info.html?code=312020051400277 HTTP/1.1" 200 19507
120.253.135.82 - - [14/May/2020:10:52:27 +0800] "POST /xingrg/kc/pszx/mdps_order_operate.html HTTP/1.1" 200 499
120.253.135.82 - - [14/May/2020:10:52:27 +0800] "GET /xingrg/javascript/easyui/themes/default/validatebox.css HTTP/1.1" 404 1104
120.253.135.82 - - [14/May/2020:10:52:28 +0800] "GET /xingrg/all/function/internal_message.html?_=1589424500227&CODE_STATE=getMsg HTTP/1.1" 200 27
172.17.0.110 - - [14/May/2020:10:52:29 +0800] "GET /xingrg/all/function/internal_message.html?_=1589424746304&CODE_STATE=getMsg HTTP/1.1" 200 27
114.82.213.91 - - [14/May/2020:10:52:30 +0800] "POST /xingrg/login.do HTTP/1.1" 302 -
114.82.213.91 - - [14/May/2020:10:52:30 +0800] "GET /xingrg/index.html?sysBaseUrl=http%3A%2F%2F180.169.147.146%3A18081%2Fxingrg%2F&costTime=38×tamp=1589424750049 HTTP/1.1" 200 17179
114.82.213.91 - - [14/May/2020:10:52:30 +0800] "GET /favicon.ico HTTP/1.1" 404 -
180.175.212.199 - - [14/May/2020:10:52:30 +0800] "GET /xingrg/kc/buy/cgsh_order_operate.html?command=get_materiel&rest_code=00102&code=00101004011&supplier_code=00100088&order_time=2020-05-14 HTTP/1.1" 200 435
114.82.213.91 - - [14/May/2020:10:52:30 +0800] "POST /xingrg/all/common/load_tree.html?tree=area_rest_tree_json&manage=1 HTTP/1.1" 200 351
114.82.213.91 - - [14/May/2020:10:52:30 +0800] "GET /xingrg/all/function/internal_message.html?_=1589423795384&CODE_STATE=count HTTP/1.1" 200 11
114.82.213.91 - - [14/May/2020:10:52:30 +0800] "GET /xingrg/check_reg.html?_=1589423795385 HTTP/1.1" 200 22
114.82.213.91 - - [14/May/2020:10:52:30 +0800] "POST /xingrg/load_menu.html HTTP/1.1" 200 5138
114.84.32.201 - - [14/May/2020:10:52:30 +0800] "POST /xingrg/system/rest/edit_item.html HTTP/1.1" 200 4
114.84.32.201 - - [14/May/2020:10:52:30 +0800] "GET /xingrg/system/rest/get_item.html?table=menu&target=menu_rest&id=2017&_=1589424748279 HTTP/1.1" 200 886
117.131.5.26 - - [14/May/2020:10:52:34 +0800] "GET /xingrg/all/function/internal_message.html?_=1589425111093&CODE_STATE=getMsg HTTP/1.1" 200 27
114.84.32.201 - - [14/May/2020:10:52:40 +0800] "GET /xingrg/all/function/internal_message.html?_=1589424757829&CODE_STATE=getMsg HTTP/1.1" 200 27
124.77.110.230 - - [14/May/2020:10:52:41 +0800] "GET /xingrg/kc/buy/cgsh_order_operate.html?command=get_materiel&rest_code=00107&code=00101009036&supplier_code=00100335&order_time=2020-05-14 HTTP/1.1" 200 415
172.17.0.100 - - [14/May/2020:10:52:42 +0800] "GET /xingrg/all/function/internal_message.html?_=1589424762180&CODE_STATE=getMsg HTTP/1.1" 200 27
172.17.0.120 - - [14/May/2020:10:52:42 +0800] "GET /xingrg/all/function/internal_message.html?_=1589424759849&CODE_STATE=getMsg HTTP/1.1" 200 27
114.84.33.255 - - [14/May/2020:10:52:49 +0800] "GET /xingrg/all/function/internal_message.html?_=1589424781151&CODE_STATE=getMsg HTTP/1.1" 200 27
124.77.110.230 - - [14/May/2020:10:52:53 +0800] "GET /xingrg/all/function/internal_message.html?_=1589424769276&CODE_STATE=getMsg HTTP/1.1" 200 27
172.17.0.240 - - [14/May/2020:10:52:53 +0800] "GET /xingrg/all/function/internal_message.html?_=1589424768693&CODE_STATE=getMsg HTTP/1.1" 200 27
124.77.110.230 - - [14/May/2020:10:52:54 +0800] "GET /xingrg/check_reg.html?_=1589424770396 HTTP/1.1" 200 22
222.69.139.32 - - [14/May/2020:10:52:54 +0800] "GET /xingrg/all/function/internal_message.html?_=1589424768009&CODE_STATE=getMsg HTTP/1.1" 200 27
120.253.135.82 - - [14/May/2020:10:52:54 +0800] "GET /xingrg/check_reg.html?_=1589424901544 HTTP/1.1" 200 22
120.253.135.82 - - [14/May/2020:10:52:55 +0800] "GET /xingrg/all/function/internal_message.html?_=1589424902027&CODE_STATE=getMsg HTTP/1.1" 200 27
114.86.190.97 - - [14/May/2020:10:52:55 +0800] "POST /xingrg/services/DataTransmitService HTTP/1.1" 200 524
172.17.0.100 - - [14/May/2020:10:52:55 +0800] "GET /xingrg/system/info/materiel_manager.html HTTP/1.1" 200 19442
114.86.190.97 - - [14/May/2020:10:52:55 +0800] "POST /xingrg/services/DataTransmitService HTTP/1.1" 200 501
114.86.190.97 - - [14/May/2020:10:52:56 +0800] "POST /xingrg/services/DataTransmitService HTTP/1.1" 200 501
114.86.190.97 - - [14/May/2020:10:52:56 +0800] "POST /xingrg/services/DataTransmitService HTTP/1.1" 200 501
172.17.0.100 - - [14/May/2020:10:52:56 +0800] "GET /xingrg/dwr/interface/AjaxBaseInfoService.js HTTP/1.1" 200 21363
114.86.190.97 - - [14/May/2020:10:52:56 +0800] "POST /xingrg/services/DataTransmitService HTTP/1.1" 200 501
172.17.0.100 - - [14/May/2020:10:52:56 +0800] "GET /xingrg/dwr/interface/AjaxComOrderService.js HTTP/1.1" 200 18264
172.17.0.100 - - [14/May/2020:10:52:56 +0800] "GET /xingrg/dwr/engine.js HTTP/1.1" 200 43631
172.17.0.100 - - [14/May/2020:10:52:56 +0800] "GET /xingrg/javascript/ToolTips.js HTTP/1.1" 304 -
114.86.190.97 - - [14/May/2020:10:52:56 +0800] "POST /xingrg/services/DataTransmitService HTTP/1.1" 200 412
222.69.139.32 - - [14/May/2020:10:52:56 +0800] "GET /xingrg/check_reg.html?_=1589424769982 HTTP/1.1" 200 22
114.86.190.97 - - [14/May/2020:10:52:56 +0800] "GET /xingrg/all/function/internal_message.html?_=1589424774025&CODE_STATE=getMsg HTTP/1.1" 200 27
58.40.7.146 - - [14/May/2020:10:52:56 +0800] "GET /xingrg/all/function/internal_message.html?_=1589424774108&CODE_STATE=getMsg HTTP/1.1" 200 27
116.233.78.165 - - [14/May/2020:10:52:57 +0800] "GET /xingrg/kc/buy/cgsh_order_operate.html?command=get_materiel&rest_code=00109&code=00101009013&supplier_code=00100022&order_time=2020-05-14 HTTP/1.1" 200 420
172.17.0.100 - - [14/May/2020:10:52:57 +0800] "POST /xingrg/load_menu.html HTTP/1.1" 200 10512
117.131.5.26 - - [14/May/2020:10:53:01 +0800] "GET /xingrg/kc/mdqp/pssh_order_list.html HTTP/1.1" 200 17741
117.131.5.26 - - [14/May/2020:10:53:01 +0800] "POST /xingrg/kc/mdqp/pssh_list_operate.html HTTP/1.1" 200 5390
116.233.78.165 - - [14/May/2020:10:53:02 +0800] "GET /xingrg/kc/buy/cgsh_order_operate.html?command=get_materiel&rest_code=00109&code=00101009004&supplier_code=00100022&order_time=2020-05-14 HTTP/1.1" 200 409
172.17.0.100 - - [14/May/2020:10:53:02 +0800] "GET /xingrg/system/rest/list_page.html?p=menu HTTP/1.1" 200 110871
101.85.52.41 - - [14/May/2020:10:53:02 +0800] "GET /xingrg/check_reg.html?_=1589424306293 HTTP/1.1" 200 22
172.17.0.100 - - [14/May/2020:10:53:02 +0800] "GET /xingrg/dwr/interface/AjaxGetFirstChart.js HTTP/1.1" 200 631
172.17.0.100 - - [14/May/2020:10:53:02 +0800] "GET /xingrg/dwr/engine.js HTTP/1.1" 200 43631
172.17.0.100 - - [14/May/2020:10:53:02 +0800] "GET /xingrg/javascript/jquery.shich.js HTTP/1.1" 200 4857
172.17.0.100 - - [14/May/2020:10:53:03 +0800] "GET /xingrg/javascript/jquery_easy_ui/themes/icons/check_new.png HTTP/1.1" 304 -
172.17.0.100 - - [14/May/2020:10:53:03 +0800] "GET /xingrg/javascript/jquery_easy_ui/themes/icons/uncheck_new.png HTTP/1.1" 304 -
