172.17.0.100 - - [14/May/2020:10:53:03 +0800] "GET /xingrg/javascript/jquery_easy_ui/themes/default/images/pagination_first.gif HTTP/1.1" 200 925
172.17.0.100 - - [14/May/2020:10:53:03 +0800] "GET /xingrg/javascript/jquery_easy_ui/themes/default/images/pagination_prev.gif HTTP/1.1" 200 879
172.17.0.100 - - [14/May/2020:10:53:03 +0800] "GET /xingrg/javascript/jquery_easy_ui/themes/default/images/pagination_next.gif HTTP/1.1" 200 875
172.17.0.100 - - [14/May/2020:10:53:03 +0800] "GET /xingrg/javascript/jquery_easy_ui/themes/default/images/pagination_last.gif HTTP/1.1" 200 923
172.17.0.100 - - [14/May/2020:10:53:03 +0800] "GET /xingrg/javascript/jquery_easy_ui/themes/default/images/pagination_load.png HTTP/1.1" 200 827
114.86.190.97 - - [14/May/2020:10:53:03 +0800] "POST /xingrg/services/DataTransmitService HTTP/1.1" 200 524
172.17.0.100 - - [14/May/2020:10:53:03 +0800] "GET /xingrg/system/rest/query_items.html?_=1589424782764&table=menu&page=1&rows=20&categoryId=&key= HTTP/1.1" 200 4788
114.86.190.97 - - [14/May/2020:10:53:03 +0800] "POST /xingrg/services/DataTransmitService HTTP/1.1" 200 501
117.131.5.26 - - [14/May/2020:10:53:03 +0800] "POST /xingrg/kc/mdqp/pssh_list_operate.html HTTP/1.1" 200 263
114.86.190.97 - - [14/May/2020:10:53:03 +0800] "POST /xingrg/services/DataTransmitService HTTP/1.1" 200 501
124.77.110.230 - - [14/May/2020:10:53:04 +0800] "POST /xingrg/kc/buy/cgsh_order_operate.html HTTP/1.1" 200 37
117.184.7.30 - - [14/May/2020:10:53:04 +0800] "GET /xingrg/check_reg.html?_=1589424775107 HTTP/1.1" 200 22
117.184.7.30 - - [14/May/2020:10:53:04 +0800] "GET /xingrg/all/function/internal_message.html?_=1589424775110&CODE_STATE=getMsg HTTP/1.1" 200 27
117.185.32.26 - - [14/May/2020:10:53:04 +0800] "GET /xingrg/all/function/internal_message.html?_=1589425203442&CODE_STATE=getMsg HTTP/1.1" 200 27
124.77.110.230 - - [14/May/2020:10:53:04 +0800] "POST /xingrg/kc/buy/cgsh_order_operate.html HTTP/1.1" 200 2658
114.86.190.97 - - [14/May/2020:10:53:05 +0800] "POST /xingrg/services/DataTransmitService HTTP/1.1" 200 501
117.131.5.26 - - [14/May/2020:10:53:05 +0800] "POST /xingrg/kc/mdqp/pssh_list_operate.html HTTP/1.1" 200 673
124.77.110.230 - - [14/May/2020:10:53:06 +0800] "GET /xingrg/kc/print/load_data.html?order_code=212020051404699&kc_code=cgsh&condition= HTTP/1.1" 200 667
114.86.190.97 - - [14/May/2020:10:53:06 +0800] "POST /xingrg/services/DataTransmitService HTTP/1.1" 200 501
114.86.190.97 - - [14/May/2020:10:53:06 +0800] "POST /xingrg/services/DataTransmitService HTTP/1.1" 200 501
114.86.190.97 - - [14/May/2020:10:53:06 +0800] "POST /xingrg/services/DataTransmitService HTTP/1.1" 200 501
172.17.0.100 - - [14/May/2020:10:53:06 +0800] "GET /xingrg/system/rest/query_items.html?_=1589424786148&table=menu&page=1&rows=20&categoryId=&key=7606 HTTP/1.1" 200 21
114.86.190.97 - - [14/May/2020:10:53:06 +0800] "POST /xingrg/services/DataTransmitService HTTP/1.1" 200 501
114.86.190.97 - - [14/May/2020:10:53:07 +0800] "POST /xingrg/services/DataTransmitService HTTP/1.1" 200 501
114.86.190.97 - - [14/May/2020:10:53:07 +0800] "POST /xingrg/services/DataTransmitService HTTP/1.1" 200 501
114.86.190.97 - - [14/May/2020:10:53:07 +0800] "POST /xingrg/services/DataTransmitService HTTP/1.1" 200 412
116.233.78.165 - - [14/May/2020:10:53:07 +0800] "GET /xingrg/kc/buy/cgsh_order_operate.html?command=get_materiel&rest_code=00109&code=00101009107&supplier_code=00100022&order_time=2020-05-14 HTTP/1.1" 200 396
117.131.5.26 - - [14/May/2020:10:53:07 +0800] "POST /xingrg/kc/mdqp/pssh_list_operate.html HTTP/1.1" 200 805
114.86.190.97 - - [14/May/2020:10:53:08 +0800] "POST /xingrg/services/DataTransmitService HTTP/1.1" 200 524
172.17.0.100 - - [14/May/2020:10:53:08 +0800] "GET /xingrg/system/rest/query_items.html?_=1589424787822&table=menu&page=1&rows=20&categoryId=&key=7606 HTTP/1.1" 200 21
172.16.0.203 - - [14/May/2020:10:53:09 +0800] "GET /xingrg/check_reg.html?_=1589424784191 HTTP/1.1" 200 22
172.16.0.203 - - [14/May/2020:10:53:09 +0800] "GET /xingrg/all/function/internal_message.html?_=1589424784323&CODE_STATE=getMsg HTTP/1.1" 200 27
180.175.212.199 - - [14/May/2020:10:53:09 +0800] "GET /xingrg/all/function/internal_message.html?_=1589424794128&CODE_STATE=getMsg HTTP/1.1" 200 27
114.84.33.255 - - [14/May/2020:10:53:10 +0800] "GET /xingrg/all/function/internal_message.html?_=1589424803022&CODE_STATE=getMsg HTTP/1.1" 302 -
114.86.190.97 - - [14/May/2020:10:53:11 +0800] "POST /xingrg/services/DataTransmitService HTTP/1.1" 200 501
114.84.151.157 - - [14/May/2020:10:53:11 +0800] "GET /xingrg/all/function/internal_message.html?_=1589424792434&CODE_STATE=getMsg HTTP/1.1" 200 27
114.86.190.97 - - [14/May/2020:10:53:13 +0800] "POST /xingrg/services/DataTransmitService HTTP/1.1" 200 524
114.86.190.97 - - [14/May/2020:10:53:13 +0800] "POST /xingrg/services/DataTransmitService HTTP/1.1" 200 501
114.84.32.201 - - [14/May/2020:10:53:15 +0800] "GET /xingrg/all/function/internal_message.html?_=1589424793102&CODE_STATE=getMsg HTTP/1.1" 200 27
116.233.78.165 - - [14/May/2020:10:53:16 +0800] "POST /xingrg/kc/buy/cgsh_order_operate.html HTTP/1.1" 200 37
172.17.0.100 - - [14/May/2020:10:53:16 +0800] "GET /xingrg/system/rest/query_items.html?_=1589424795872&table=menu&page=1&rows=20&categoryId=&key=7606 HTTP/1.1" 200 21
116.233.78.165 - - [14/May/2020:10:53:17 +0800] "POST /xingrg/kc/buy/cgsh_order_operate.html HTTP/1.1" 200 6784
116.233.78.165 - - [14/May/2020:10:53:18 +0800] "GET /xingrg/kc/print/load_config.html?kc_code=cgsh HTTP/1.1" 200 1845
117.131.5.26 - - [14/May/2020:10:53:18 +0800] "POST /xingrg/kc/mdqp/pssh_list_operate.html HTTP/1.1" 200 783
116.233.78.165 - - [14/May/2020:10:53:18 +0800] "GET /xingrg/kc/print/load_data.html?order_code=212020051404700&kc_code=cgsh&condition= HTTP/1.1" 200 2252
117.131.5.26 - - [14/May/2020:10:53:19 +0800] "GET /xingrg/kc/mdqp/pssh_order_info.html?code=312020051100208 HTTP/1.1" 200 14392
117.131.5.26 - - [14/May/2020:10:53:19 +0800] "GET /xingrg/javascript/jquery_tools/jquery-1.4.2.min.js HTTP/1.1" 404 1094
117.131.5.26 - - [14/May/2020:10:53:19 +0800] "GET /xingrg/javascript/easyui/themes/icons/back_new.png HTTP/1.1" 304 -
117.131.5.26 - - [14/May/2020:10:53:19 +0800] "POST /xingrg/kc/mdqp/pssh_order_operate.html HTTP/1.1" 200 4760
117.131.5.26 - - [14/May/2020:10:53:19 +0800] "GET /xingrg/javascript/easyui/themes/default/validatebox.css HTTP/1.1" 404 1104
124.77.110.230 - - [14/May/2020:10:53:19 +0800] "GET /xingrg/kc/buy/cgsh_order_add.html HTTP/1.1" 200 58611
120.253.135.82 - - [14/May/2020:10:53:19 +0800] "GET /xingrg/all/function/internal_message.html?_=1589424874650&CODE_STATE=getMsg HTTP/1.1" 200 27
180.162.232.172 - - [14/May/2020:10:53:19 +0800] "GET /xingrg/all/function/internal_message.html?_=1589424799635&CODE_STATE=getMsg HTTP/1.1" 200 27
124.77.110.230 - - [14/May/2020:10:53:20 +0800] "GET /xingrg/javascript/easyui/themes/default/validatebox.css HTTP/1.1" 404 1104
124.77.110.230 - - [14/May/2020:10:53:20 +0800] "POST /xingrg/kc/buy/cgsh_order_operate.html HTTP/1.1" 200 8245
172.17.0.106 - - [14/May/2020:10:53:21 +0800] "GET /xingrg/all/function/internal_message.html?_=1589424799052&CODE_STATE=getMsg HTTP/1.1" 200 27
124.77.110.230 - - [14/May/2020:10:53:22 +0800] "GET /xingrg/javascript/easyui/themes/default/tree.css HTTP/1.1" 404 1090
124.77.110.230 - - [14/May/2020:10:53:22 +0800] "POST /xingrg/all/common/load_tree.html?tree=supplier_tree_json&isDelete=1 HTTP/1.1" 200 48106
116.233.78.165 - - [14/May/2020:10:53:22 +0800] "GET /xingrg/all/function/internal_message.html?_=1589424855137&CODE_STATE=getMsg HTTP/1.1" 200 27
114.82.213.91 - - [14/May/2020:10:53:23 +0800] "GET /xingrg/kc/buy/buy_main.html HTTP/1.1" 200 12412
114.82.213.91 - - [14/May/2020:10:53:23 +0800] "GET /xingrg/css/new_ie.css HTTP/1.1" 404 1036
114.82.213.91 - - [14/May/2020:10:53:24 +0800] "GET /xingrg/images/yd/bt.gif HTTP/1.1" 404 1040
117.131.5.26 - - [14/May/2020:10:53:24 +0800] "GET /xingrg/kc/mdqp/pssh_order_list.html?isBack=1 HTTP/1.1" 200 17741
114.82.213.91 - - [14/May/2020:10:53:25 +0800] "GET /xingrg/kc/buy/cgsh_order_list.html HTTP/1.1" 200 42832
117.131.5.26 - - [14/May/2020:10:53:25 +0800] "POST /xingrg/kc/mdqp/pssh_list_operate.html HTTP/1.1" 200 5390
180.162.232.172 - - [14/May/2020:10:53:26 +0800] "GET /xingrg/all/function/internal_message.html?_=1589424928452&CODE_STATE=getMsg HTTP/1.1" 200 27
114.82.213.91 - - [14/May/2020:10:53:27 +0800] "POST /xingrg/kc/buy/cgsh_list_operate.html HTTP/1.1" 200 876
117.131.5.26 - - [14/May/2020:10:53:28 +0800] "POST /xingrg/kc/mdqp/pssh_list_operate.html HTTP/1.1" 200 785
120.253.135.82 - - [14/May/2020:10:53:28 +0800] "GET /xingrg/all/function/internal_message.html?_=1589424560241&CODE_STATE=getMsg HTTP/1.1" 200 27
172.17.0.110 - - [14/May/2020:10:53:29 +0800] "GET /xingrg/all/function/internal_message.html?_=1589424806304&CODE_STATE=getMsg HTTP/1.1" 200 27
172.17.0.100 - - [14/May/2020:10:53:30 +0800] "GET /xingrg/system/rest/query_items.html?_=1589424809897&table=menu&page=1&rows=20&categoryId=52&key=7606 HTTP/1.1" 200 21
114.82.213.91 - - [14/May/2020:10:53:30 +0800] "GET /xingrg/all/function/internal_message.html?_=1589423855398&CODE_STATE=getMsg HTTP/1.1" 200 27
117.131.5.26 - - [14/May/2020:10:53:34 +0800] "GET /xingrg/all/function/internal_message.html?_=1589425171093&CODE_STATE=getMsg HTTP/1.1" 200 27
172.17.0.100 - - [14/May/2020:10:53:34 +0800] "GET /favicon.ico HTTP/1.1" 404 -
172.17.0.100 - - [14/May/2020:10:53:35 +0800] "POST /xingrg/login.do HTTP/1.1" 302 -
172.17.0.100 - - [14/May/2020:10:53:35 +0800] "GET /xingrg/index.html?sysBaseUrl=http%3A%2F%2F172.17.0.8%3A18081%2Fxingrg%2F&costTime=39×tamp=1589424815835 HTTP/1.1" 200 17448
172.17.0.100 - - [14/May/2020:10:53:36 +0800] "POST /xingrg/all/common/load_tree.html?tree=area_rest_tree_json&manage=1 HTTP/1.1" 200 3088
172.17.0.100 - - [14/May/2020:10:53:36 +0800] "GET /xingrg/all/function/internal_message.html?_=1589424816239&CODE_STATE=count HTTP/1.1" 200 11
172.17.0.100 - - [14/May/2020:10:53:36 +0800] "GET /xingrg/check_reg.html?_=1589424816239 HTTP/1.1" 200 22
172.17.0.100 - - [14/May/2020:10:53:37 +0800] "GET /favicon.ico HTTP/1.1" 404 -
172.17.0.100 - - [14/May/2020:10:53:37 +0800] "POST /xingrg/load_menu.html HTTP/1.1" 200 11529
114.82.213.91 - - [14/May/2020:10:53:37 +0800] "GET /xingrg/kc/buy/cgsh_order_add.html HTTP/1.1" 200 57644
114.82.213.91 - - [14/May/2020:10:53:37 +0800] "GET /xingrg/words/20200513105526_words.js HTTP/1.1" 304 -
114.82.213.91 - - [14/May/2020:10:53:37 +0800] "POST /xingrg/kc/buy/cgsh_order_operate.html HTTP/1.1" 200 8245
114.82.213.91 - - [14/May/2020:10:53:37 +0800] "GET /xingrg/all/common/auto_word.html?type=employee&rest_code=00143 HTTP/1.1" 200 55
114.82.213.91 - - [14/May/2020:10:53:37 +0800] "GET /xingrg/all/common/auto_word.html?type=employee&rest_code=00143 HTTP/1.1" 200 55
114.82.213.91 - - [14/May/2020:10:53:37 +0800] "GET /xingrg/javascript/easyui/themes/default/validatebox.css HTTP/1.1" 404 1104
101.91.62.89 - - [14/May/2020:10:53:39 +0800] "GET /xingrg/all/function/internal_message.html?_=1589424132674&CODE_STATE=getMsg HTTP/1.1" 302 -
114.82.213.91 - - [14/May/2020:10:53:40 +0800] "GET /xingrg/javascript/easyui/themes/default/tree.css HTTP/1.1" 404 1090
117.131.5.26 - - [14/May/2020:10:53:40 +0800] "GET /xingrg/kc/mdqp/pssh_order_info.html?code=312020051100209 HTTP/1.1" 200 14386
117.131.5.26 - - [14/May/2020:10:53:40 +0800] "GET /xingrg/javascript/jquery_tools/jquery-1.4.2.min.js HTTP/1.1" 404 1094
114.82.213.91 - - [14/May/2020:10:53:40 +0800] "POST /xingrg/all/common/load_tree.html?tree=supplier_tree_json&isDelete=1 HTTP/1.1" 200 48106
114.84.32.201 - - [14/May/2020:10:53:40 +0800] "GET /xingrg/all/function/internal_message.html?_=1589424817828&CODE_STATE=getMsg HTTP/1.1" 200 27
117.131.5.26 - - [14/May/2020:10:53:40 +0800] "GET /xingrg/javascript/easyui/themes/default/validatebox.css HTTP/1.1" 404 1104
117.131.5.26 - - [14/May/2020:10:53:40 +0800] "POST /xingrg/kc/mdqp/pssh_order_operate.html HTTP/1.1" 200 4233
172.17.0.100 - - [14/May/2020:10:53:41 +0800] "GET /xingrg/system/info/materiel_manager.html HTTP/1.1" 200 19442
172.17.0.100 - - [14/May/2020:10:53:41 +0800] "GET /xingrg/dwr/interface/AjaxBaseInfoService.js HTTP/1.1" 200 21363
172.17.0.100 - - [14/May/2020:10:53:41 +0800] "GET /xingrg/dwr/interface/AjaxComOrderService.js HTTP/1.1" 200 18264
172.17.0.100 - - [14/May/2020:10:53:41 +0800] "GET /xingrg/dwr/engine.js HTTP/1.1" 200 43631
172.17.0.120 - - [14/May/2020:10:53:42 +0800] "GET /xingrg/all/function/internal_message.html?_=1589424819853&CODE_STATE=getMsg HTTP/1.1" 200 27
124.77.110.230 - - [14/May/2020:10:53:43 +0800] "GET /xingrg/kc/buy/cgsh_order_operate.html?command=get_materiel&rest_code=00107&code=00101007032&supplier_code=00100328&order_time=2020-05-14 HTTP/1.1" 200 433
172.17.0.100 - - [14/May/2020:10:53:44 +0800] "POST /xingrg/load_menu.html HTTP/1.1" 200 10512
172.17.0.123 - - [14/May/2020:10:53:45 +0800] "POST /xingrg/all/user/operate.html HTTP/1.1" 302 -
101.91.62.89 - - [14/May/2020:10:53:46 +0800] "GET /xingrg/login.html HTTP/1.1" 200 7641
117.131.5.26 - - [14/May/2020:10:53:47 +0800] "GET /xingrg/check_reg.html?_=1589424829393 HTTP/1.1" 200 22
172.17.0.100 - - [14/May/2020:10:53:48 +0800] "GET /xingrg/system/rest/list_page.html?p=category HTTP/1.1" 200 12796
172.17.0.100 - - [14/May/2020:10:53:48 +0800] "GET /xingrg/system/rest/query_items.html?_=1589424828204&table=category&key= HTTP/1.1" 200 4259
114.84.33.255 - - [14/May/2020:10:53:49 +0800] "GET /xingrg/all/function/internal_message.html?_=1589424841163&CODE_STATE=getMsg HTTP/1.1" 200 27
172.17.0.123 - - [14/May/2020:10:53:50 +0800] "GET /xingrg/login.html HTTP/1.1" 200 7636
172.17.0.123 - - [14/May/2020:10:53:50 +0800] "GET /favicon.ico HTTP/1.1" 404 -
172.17.0.100 - - [14/May/2020:10:53:52 +0800] "GET /xingrg/system/rest/query_items.html?_=1589424831395&table=category&key=7606 HTTP/1.1" 200 21
124.77.110.230 - - [14/May/2020:10:53:53 +0800] "GET /xingrg/all/function/internal_message.html?_=1589424829258&CODE_STATE=getMsg HTTP/1.1" 200 27
172.17.0.240 - - [14/May/2020:10:53:53 +0800] "GET /xingrg/all/function/internal_message.html?_=1589424828695&CODE_STATE=getMsg HTTP/1.1" 200 27
172.17.0.240 - - [14/May/2020:10:53:53 +0800] "GET /xingrg/check_reg.html?_=1589424828696 HTTP/1.1" 200 22
222.69.139.32 - - [14/May/2020:10:53:54 +0800] "GET /xingrg/all/function/internal_message.html?_=1589424827987&CODE_STATE=getMsg HTTP/1.1" 200 27
172.17.0.123 - - [14/May/2020:10:53:55 +0800] "POST /xingrg/login.do HTTP/1.1" 302 -
172.17.0.123 - - [14/May/2020:10:53:55 +0800] "GET /xingrg/index.html?sysBaseUrl=http%3A%2F%2F172.17.0.8%3A18081%2Fxingrg%2F&costTime=39×tamp=1589424835019 HTTP/1.1" 200 17448
172.17.0.123 - - [14/May/2020:10:53:55 +0800] "POST /xingrg/login.do HTTP/1.1" 302 -
172.17.0.123 - - [14/May/2020:10:53:55 +0800] "GET /xingrg/index.html?sysBaseUrl=http%3A%2F%2F172.17.0.8%3A18081%2Fxingrg%2F&costTime=38×tamp=1589424835152 HTTP/1.1" 200 17448
172.17.0.123 - - [14/May/2020:10:53:55 +0800] "GET /favicon.ico HTTP/1.1" 404 -
120.253.135.82 - - [14/May/2020:10:53:55 +0800] "GET /xingrg/all/function/internal_message.html?_=1589424962039&CODE_STATE=getMsg HTTP/1.1" 200 27
172.17.0.123 - - [14/May/2020:10:53:55 +0800] "POST /xingrg/all/common/load_tree.html?tree=area_rest_tree_json&manage=1 HTTP/1.1" 200 3088
172.17.0.123 - - [14/May/2020:10:53:55 +0800] "GET /xingrg/all/function/internal_message.html?_=1589424829635&CODE_STATE=count HTTP/1.1" 200 11
172.17.0.123 - - [14/May/2020:10:53:55 +0800] "GET /xingrg/check_reg.html?_=1589424829635 HTTP/1.1" 200 22
172.17.0.123 - - [14/May/2020:10:53:55 +0800] "POST /xingrg/load_menu.html HTTP/1.1" 200 11408
114.86.190.97 - - [14/May/2020:10:53:56 +0800] "GET /xingrg/all/function/internal_message.html?_=1589424834027&CODE_STATE=getMsg HTTP/1.1" 200 27
58.40.7.146 - - [14/May/2020:10:53:56 +0800] "GET /xingrg/all/function/internal_message.html?_=1589424834105&CODE_STATE=getMsg HTTP/1.1" 200 27
172.17.0.100 - - [14/May/2020:10:53:57 +0800] "GET /xingrg/system/rest/query_items.html?_=1589424836591&table=category&key= HTTP/1.1" 200 4259
172.17.0.100 - - [14/May/2020:10:53:58 +0800] "GET /xingrg/system/rest/list_page.html?p=stca HTTP/1.1" 200 9609
172.17.0.100 - - [14/May/2020:10:53:58 +0800] "GET /xingrg/system/rest/query_items.html?_=1589424838063&table=stca&key= HTTP/1.1" 200 1545
172.17.0.123 - - [14/May/2020:10:53:58 +0800] "GET /xingrg/kc/buy/cgsh_order_list.html HTTP/1.1" 200 43061
114.82.213.91 - - [14/May/2020:10:53:58 +0800] "GET /xingrg/javascript/auto/indicator.gif HTTP/1.1" 404 1066
172.17.0.100 - - [14/May/2020:10:53:59 +0800] "GET /xingrg/system/rest/list_page.html?p=unit HTTP/1.1" 200 9127
172.17.0.100 - - [14/May/2020:10:53:59 +0800] "GET /xingrg/system/rest/query_items.html?_=1589424839268&table=unit&key= HTTP/1.1" 200 3039
172.17.0.123 - - [14/May/2020:10:54:00 +0800] "POST /xingrg/kc/buy/cgsh_list_operate.html HTTP/1.1" 200 876
172.17.0.100 - - [14/May/2020:10:54:01 +0800] "GET /xingrg/dwr/interface/AjaxGetFirstChart.js HTTP/1.1" 200 631
172.17.0.100 - - [14/May/2020:10:54:01 +0800] "GET /xingrg/dwr/engine.js HTTP/1.1" 200 43631
172.17.0.100 - - [14/May/2020:10:54:01 +0800] "GET /xingrg/system/rest/list_page.html?p=menu HTTP/1.1" 200 110871
114.82.213.91 - - [14/May/2020:10:54:02 +0800] "GET /xingrg/kc/buy/cgsh_order_operate.html?command=get_materiel&rest_code=00143&code=00101012065&supplier_code=00100166&order_time=2020-05-14 HTTP/1.1" 200 418
172.17.0.100 - - [14/May/2020:10:54:02 +0800] "GET /xingrg/system/rest/query_items.html?_=1589424841440&table=menu&page=1&rows=20&categoryId=&key= HTTP/1.1" 200 4788
114.95.220.91 - - [14/May/2020:10:54:03 +0800] "GET /xingrg/kc/buy/cgsh_order_add.html HTTP/1.1" 200 58564
117.184.7.30 - - [14/May/2020:10:54:04 +0800] "GET /xingrg/all/function/internal_message.html?_=1589424835121&CODE_STATE=getMsg HTTP/1.1" 200 27
117.185.32.26 - - [14/May/2020:10:54:04 +0800] "GET /xingrg/all/function/internal_message.html?_=1589425263446&CODE_STATE=getMsg HTTP/1.1" 200 27
114.95.220.91 - - [14/May/2020:10:54:04 +0800] "GET /xingrg/javascript/easyui/themes/default/validatebox.css HTTP/1.1" 404 1104
114.95.220.91 - - [14/May/2020:10:54:04 +0800] "POST /xingrg/kc/buy/cgsh_order_operate.html HTTP/1.1" 200 8245
172.17.0.100 - - [14/May/2020:10:54:05 +0800] "GET /xingrg/system/rest/query_items.html?_=1589424844484&table=menu&page=1&rows=20&categoryId=52&key= HTTP/1.1" 200 4907
114.84.151.157 - - [14/May/2020:10:54:05 +0800] "POST /xingrg/kc/buy/cgsh_order_operate.html HTTP/1.1" 200 37
114.84.151.157 - - [14/May/2020:10:54:07 +0800] "POST /xingrg/kc/buy/cgsh_order_operate.html HTTP/1.1" 200 12
114.84.151.157 - - [14/May/2020:10:54:07 +0800] "GET /xingrg/kc/buy/cgsh_order_info.html?code=212020051404701 HTTP/1.1" 200 53473
114.84.151.157 - - [14/May/2020:10:54:08 +0800] "GET /xingrg/javascript/easyui/themes/default/validatebox.css HTTP/1.1" 404 1104
114.84.151.157 - - [14/May/2020:10:54:08 +0800] "POST /xingrg/kc/buy/cgsh_order_operate.html HTTP/1.1" 200 2375
114.84.151.157 - - [14/May/2020:10:54:09 +0800] "GET /xingrg/kc/print/load_data.html?order_code=212020051404701&kc_code=cgsh&condition= HTTP/1.1" 200 1418
180.175.212.199 - - [14/May/2020:10:54:09 +0800] "GET /xingrg/all/function/internal_message.html?_=1589424854144&CODE_STATE=getMsg HTTP/1.1" 200 27
114.84.33.255 - - [14/May/2020:10:54:10 +0800] "GET /xingrg/all/function/internal_message.html?_=1589424863043&CODE_STATE=getMsg HTTP/1.1" 302 -
114.84.151.157 - - [14/May/2020:10:54:11 +0800] "GET /xingrg/all/function/internal_message.html?_=1589424852425&CODE_STATE=getMsg HTTP/1.1" 200 27
117.185.32.26 - - [14/May/2020:10:54:12 +0800] "GET /xingrg/kc/buy/buy_main.html HTTP/1.1" 200 12412
117.185.32.26 - - [14/May/2020:10:54:12 +0800] "GET /xingrg/css/new_ie.css HTTP/1.1" 404 1036
117.185.32.26 - - [14/May/2020:10:54:13 +0800] "GET /xingrg/images/yd/bt.gif HTTP/1.1" 404 1040
117.185.32.26 - - [14/May/2020:10:54:13 +0800] "GET /xingrg/kc/buy/cgsh_order_list.html HTTP/1.1" 200 42826
120.253.135.82 - - [14/May/2020:10:54:14 +0800] "GET /xingrg/check_reg.html?_=1589424606687 HTTP/1.1" 200 22
172.17.0.100 - - [14/May/2020:10:54:15 +0800] "GET /xingrg/system/rest/query_items.html?_=1589424854483&table=menu&page=2&rows=20&categoryId=52&key= HTTP/1.1" 200 1280
114.84.32.201 - - [14/May/2020:10:54:15 +0800] "GET /xingrg/check_reg.html?_=1589424852851 HTTP/1.1" 200 22
114.84.32.201 - - [14/May/2020:10:54:15 +0800] "GET /xingrg/all/function/internal_message.html?_=1589424853085&CODE_STATE=getMsg HTTP/1.1" 200 27
172.17.0.119 - - [14/May/2020:10:54:16 +0800] "GET /xingrg/login.html HTTP/1.1" 200 7636
172.17.0.119 - - [14/May/2020:10:54:17 +0800] "GET /favicon.ico HTTP/1.1" 404 -
117.185.32.26 - - [14/May/2020:10:54:17 +0800] "POST /xingrg/kc/buy/cgsh_list_operate.html HTTP/1.1" 200 3505
172.17.0.119 - - [14/May/2020:10:54:18 +0800] "POST /xingrg/login.do HTTP/1.1" 302 -
172.17.0.119 - - [14/May/2020:10:54:18 +0800] "GET /xingrg/index.html?sysBaseUrl=http%3A%2F%2F172.17.0.8%3A18081%2Fxingrg%2F&costTime=48×tamp=1589424858176 HTTP/1.1" 200 17448
172.17.0.119 - - [14/May/2020:10:54:18 +0800] "GET /favicon.ico HTTP/1.1" 404 -
172.17.0.119 - - [14/May/2020:10:54:18 +0800] "POST /xingrg/all/common/load_tree.html?tree=area_rest_tree_json&manage=1 HTTP/1.1" 200 3088
172.17.0.119 - - [14/May/2020:10:54:18 +0800] "GET /xingrg/all/function/internal_message.html?_=1589424856059&CODE_STATE=count HTTP/1.1" 200 11
172.17.0.119 - - [14/May/2020:10:54:18 +0800] "GET /xingrg/check_reg.html?_=1589424856061 HTTP/1.1" 200 22
172.17.0.119 - - [14/May/2020:10:54:18 +0800] "POST /xingrg/load_menu.html HTTP/1.1" 200 11529
117.185.32.26 - - [14/May/2020:10:54:19 +0800] "GET /xingrg/kc/buy/buy_main.html HTTP/1.1" 200 12412
117.185.32.26 - - [14/May/2020:10:54:19 +0800] "GET /xingrg/css/new_ie.css HTTP/1.1" 404 1036
120.253.135.82 - - [14/May/2020:10:54:19 +0800] "GET /xingrg/all/function/internal_message.html?_=1589424934664&CODE_STATE=getMsg HTTP/1.1" 200 27
180.162.232.172 - - [14/May/2020:10:54:19 +0800] "GET /xingrg/all/function/internal_message.html?_=1589424859634&CODE_STATE=getMsg HTTP/1.1" 200 27
172.17.0.106 - - [14/May/2020:10:54:21 +0800] "GET /xingrg/all/function/internal_message.html?_=1589424859040&CODE_STATE=getMsg HTTP/1.1" 200 27
116.233.78.165 - - [14/May/2020:10:54:21 +0800] "GET /xingrg/check_reg.html?_=1589424915140 HTTP/1.1" 200 22
116.233.78.165 - - [14/May/2020:10:54:21 +0800] "GET /xingrg/all/function/internal_message.html?_=1589424915140&CODE_STATE=getMsg HTTP/1.1" 200 27
124.77.110.230 - - [14/May/2020:10:54:24 +0800] "POST /xingrg/kc/buy/cgsh_order_operate.html HTTP/1.1" 200 37
172.17.0.119 - - [14/May/2020:10:54:24 +0800] "POST /xingrg/all/user/operate.html HTTP/1.1" 200 36
172.17.0.119 - - [14/May/2020:10:54:25 +0800] "GET /xingrg/javascript/jquery_easy_ui/themes/default/easyui.css HTTP/1.1" 304 -
172.17.0.119 - - [14/May/2020:10:54:25 +0800] "GET /xingrg/index.html?sysBaseUrl=http%3A%2F%2F172.17.0.8%3A18081%2Fxingrg%2F&costTime=48×tamp=1589424858176 HTTP/1.1" 200 17454
172.17.0.119 - - [14/May/2020:10:54:25 +0800] "GET /xingrg/javascript/jquery_easy_ui/themes/icon.css HTTP/1.1" 304 -
172.17.0.119 - - [14/May/2020:10:54:25 +0800] "GET /xingrg/css/form.css HTTP/1.1" 304 -
172.17.0.119 - - [14/May/2020:10:54:25 +0800] "GET /xingrg/javascript/jquery-1.4.2.min.js HTTP/1.1" 304 -
172.17.0.119 - - [14/May/2020:10:54:25 +0800] "GET /xingrg/javascript/jquery_easy_ui/jquery.easyui.min.js HTTP/1.1" 304 -
172.17.0.119 - - [14/May/2020:10:54:25 +0800] "GET /xingrg/javascript/jquery_easy_ui/easyui-lang-zh_CN.js HTTP/1.1" 304 -
172.17.0.119 - - [14/May/2020:10:54:25 +0800] "GET /xingrg/javascript/jquery.form.js HTTP/1.1" 304 -
172.17.0.119 - - [14/May/2020:10:54:25 +0800] "GET /xingrg/javascript/jquery.utils.js HTTP/1.1" 304 -
172.17.0.119 - - [14/May/2020:10:54:25 +0800] "GET /xingrg/javascript/jquery.timers.js HTTP/1.1" 304 -
172.17.0.119 - - [14/May/2020:10:54:25 +0800] "GET /xingrg/images/blue/jxLogo.png HTTP/1.1" 304 -
172.17.0.119 - - [14/May/2020:10:54:25 +0800] "GET /xingrg/images/blue/navBackgound.jpg HTTP/1.1" 304 -
172.17.0.119 - - [14/May/2020:10:54:25 +0800] "GET /xingrg/javascript/jquery_easy_ui/themes/icons/settle_new.png HTTP/1.1" 304 -
114.95.220.91 - - [14/May/2020:10:54:25 +0800] "GET /xingrg/kc/buy/cgsh_order_operate.html?command=get_materiel&rest_code=00105&code=00101006199&supplier_code=00100330&order_time=2020-05-14 HTTP/1.1" 200 414
172.17.0.119 - - [14/May/2020:10:54:25 +0800] "POST /xingrg/all/common/load_tree.html?tree=area_rest_tree_json&manage=1 HTTP/1.1" 200 3088
172.17.0.119 - - [14/May/2020:10:54:25 +0800] "GET /xingrg/all/function/internal_message.html?_=1589424862710&CODE_STATE=count HTTP/1.1" 200 11
172.17.0.119 - - [14/May/2020:10:54:25 +0800] "GET /xingrg/check_reg.html?_=1589424862712 HTTP/1.1" 200 22
172.17.0.119 - - [14/May/2020:10:54:25 +0800] "GET /xingrg/javascript/jquery_easy_ui/themes/default/images/tabs_leftarrow.png HTTP/1.1" 304 -
172.17.0.119 - - [14/May/2020:10:54:25 +0800] "GET /xingrg/javascript/jquery_easy_ui/themes/default/images/panel_tool_expand.gif HTTP/1.1" 304 -
172.17.0.119 - - [14/May/2020:10:54:25 +0800] "GET /xingrg/javascript/jquery_easy_ui/themes/default/images/panel_tool_collapse.gif HTTP/1.1" 304 -
172.17.0.119 - - [14/May/2020:10:54:25 +0800] "GET /xingrg/javascript/jquery_easy_ui/themes/default/images/tabs_rightarrow.png HTTP/1.1" 304 -
172.17.0.119 - - [14/May/2020:10:54:25 +0800] "GET /xingrg/images/blue/pingpu.png HTTP/1.1" 304 -
172.17.0.119 - - [14/May/2020:10:54:25 +0800] "POST /xingrg/load_menu.html HTTP/1.1" 200 9924
114.82.213.91 - - [14/May/2020:10:54:25 +0800] "GET /xingrg/kc/buy/cgsh_order_operate.html?command=get_materiel&rest_code=00143&code=00101012024&supplier_code=00100166&order_time=2020-05-14 HTTP/1.1" 200 408
114.84.33.255 - - [14/May/2020:10:54:25 +0800] "POST /xingrg/kc/buy/cgsh_order_operate.html HTTP/1.1" 200 37
180.162.232.172 - - [14/May/2020:10:54:26 +0800] "GET /xingrg/all/function/internal_message.html?_=1589424988514&CODE_STATE=getMsg HTTP/1.1" 200 27
124.77.110.230 - - [14/May/2020:10:54:26 +0800] "POST /xingrg/kc/buy/cgsh_order_operate.html HTTP/1.1" 200 3249
172.17.0.119 - - [14/May/2020:10:54:26 +0800] "GET /xingrg/kc/buy/cgsh_order_list.html HTTP/1.1" 200 43067
172.17.0.119 - - [14/May/2020:10:54:26 +0800] "GET /xingrg/css/base.css HTTP/1.1" 200 2811
172.17.0.119 - - [14/May/2020:10:54:26 +0800] "GET /xingrg/css/site.css HTTP/1.1" 200 7541
172.17.0.119 - - [14/May/2020:10:54:26 +0800] "GET /xingrg/javascript/jquery_tools/datebox.css HTTP/1.1" 200 2597
172.17.0.119 - - [14/May/2020:10:54:26 +0800] "GET /xingrg/javascript/easyui/themes/default/easyui.css HTTP/1.1" 200 30432
172.17.0.119 - - [14/May/2020:10:54:26 +0800] "GET /xingrg/javascript/easyui/themes/icon.css HTTP/1.1" 200 4483
172.17.0.119 - - [14/May/2020:10:54:26 +0800] "GET /xingrg/javascript/auto/jquery.autocomplete.css HTTP/1.1" 200 587
172.17.0.119 - - [14/May/2020:10:54:26 +0800] "GET /xingrg/javascript/jquery_tools/fix.css HTTP/1.1" 200 1702
172.17.0.119 - - [14/May/2020:10:54:26 +0800] "GET /xingrg/javascript/jquery_tools/table.css HTTP/1.1" 200 1032
172.17.0.119 - - [14/May/2020:10:54:26 +0800] "GET /xingrg/javascript/jquery_tools/jquery.tools.min.js HTTP/1.1" 200 138801
172.17.0.119 - - [14/May/2020:10:54:26 +0800] "GET /xingrg/javascript/jquery_tools/jquery.tools.extend.js HTTP/1.1" 200 15385
172.17.0.119 - - [14/May/2020:10:54:26 +0800] "GET /xingrg/javascript/jquery_tools/jquery.tools.hotkey.js HTTP/1.1" 200 3242
172.17.0.119 - - [14/May/2020:10:54:26 +0800] "GET /xingrg/javascript/jquery_tools/jquery.tools.table.js HTTP/1.1" 200 6994
172.17.0.119 - - [14/May/2020:10:54:26 +0800] "GET /xingrg/javascript/jquery_tools/list_manager.js HTTP/1.1" 200 3652
172.17.0.119 - - [14/May/2020:10:54:26 +0800] "GET /xingrg/javascript/auto/jquery.autocomplete.js HTTP/1.1" 200 21624
172.17.0.119 - - [14/May/2020:10:54:26 +0800] "GET /xingrg/javascript/easyui/easyloader.js HTTP/1.1" 200 5975
172.17.0.119 - - [14/May/2020:10:54:26 +0800] "GET /xingrg/javascript/jquery.cookie.js HTTP/1.1" 200 5513
114.84.33.255 - - [14/May/2020:10:54:27 +0800] "POST /xingrg/kc/buy/cgsh_order_operate.html HTTP/1.1" 200 3834
172.17.0.119 - - [14/May/2020:10:54:27 +0800] "GET /xingrg/javascript/easyui/themes/icons/uncheck_new.png HTTP/1.1" 200 3197
172.17.0.119 - - [14/May/2020:10:54:27 +0800] "GET /xingrg/javascript/easyui/themes/icons/check_new.png HTTP/1.1" 200 3224
172.17.0.119 - - [14/May/2020:10:54:27 +0800] "GET /xingrg/javascript/easyui/themes/icons/field_new.png HTTP/1.1" 200 1097
172.17.0.119 - - [14/May/2020:10:54:27 +0800] "GET /xingrg/javascript/easyui/themes/icons/import_new.png HTTP/1.1" 200 1247
172.17.0.119 - - [14/May/2020:10:54:27 +0800] "GET /xingrg/javascript/easyui/themes/icons/edit_add_new.png HTTP/1.1" 200 2997
172.17.0.119 - - [14/May/2020:10:54:27 +0800] "GET /xingrg/javascript/easyui/themes/icons/cance_new.png HTTP/1.1" 200 3986
172.17.0.119 - - [14/May/2020:10:54:27 +0800] "GET /xingrg/javascript/easyui/plugins/jquery.parser.js HTTP/1.1" 200 1142
124.77.110.230 - - [14/May/2020:10:54:28 +0800] "GET /xingrg/kc/print/load_data.html?order_code=212020051404702&kc_code=cgsh&condition= HTTP/1.1" 200 901
120.253.135.82 - - [14/May/2020:10:54:28 +0800] "GET /xingrg/all/function/internal_message.html?_=1589424620255&CODE_STATE=getMsg HTTP/1.1" 200 27
172.17.0.110 - - [14/May/2020:10:54:29 +0800] "GET /xingrg/all/function/internal_message.html?_=1589424866304&CODE_STATE=getMsg HTTP/1.1" 200 27
114.82.213.91 - - [14/May/2020:10:54:30 +0800] "GET /xingrg/all/function/internal_message.html?_=1589423915401&CODE_STATE=getMsg HTTP/1.1" 200 27
172.17.0.100 - - [14/May/2020:10:54:31 +0800] "GET /xingrg/system/rest/query_items.html?_=1589424870370&table=menu&page=2&rows=20&categoryId=52&key=%25E6%259D%25BE%25E8%258C%25B8%25E6%25B5%25B7 HTTP/1.1" 200 267
172.17.0.100 - - [14/May/2020:10:54:33 +0800] "GET /xingrg/system/rest/query_items.html?_=1589424872499&table=menu&page=2&rows=20&categoryId=52&key=%25E6%259D%25BE%25E8%258C%25B8%25E6%25B5%25B7 HTTP/1.1" 200 267
114.95.220.91 - - [14/May/2020:10:54:33 +0800] "POST /xingrg/kc/buy/cgsh_order_operate.html HTTP/1.1" 200 37
124.77.110.230 - - [14/May/2020:10:54:33 +0800] "GET /xingrg/kc/buy/cgsh_order_add.html HTTP/1.1" 200 58611
117.131.5.26 - - [14/May/2020:10:54:34 +0800] "GET /xingrg/all/function/internal_message.html?_=1589425231094&CODE_STATE=getMsg HTTP/1.1" 200 27
124.77.110.230 - - [14/May/2020:10:54:34 +0800] "POST /xingrg/kc/buy/cgsh_order_operate.html HTTP/1.1" 200 8245
124.77.110.230 - - [14/May/2020:10:54:34 +0800] "GET /xingrg/javascript/easyui/themes/default/validatebox.css HTTP/1.1" 404 1104
114.95.220.91 - - [14/May/2020:10:54:34 +0800] "POST /xingrg/kc/buy/cgsh_order_operate.html HTTP/1.1" 200 2657
172.17.0.119 - - [14/May/2020:10:54:35 +0800] "POST /xingrg/kc/buy/cgsh_list_operate.html HTTP/1.1" 200 5163
114.95.220.91 - - [14/May/2020:10:54:35 +0800] "GET /xingrg/kc/print/load_data.html?order_code=212020051404703&kc_code=cgsh&condition= HTTP/1.1" 200 672
124.77.110.230 - - [14/May/2020:10:54:36 +0800] "GET /xingrg/javascript/easyui/themes/default/tree.css HTTP/1.1" 404 1090
124.77.110.230 - - [14/May/2020:10:54:36 +0800] "POST /xingrg/all/common/load_tree.html?tree=supplier_tree_json&isDelete=1 HTTP/1.1" 200 48106
172.17.0.100 - - [14/May/2020:10:54:36 +0800] "GET /xingrg/all/function/internal_message.html?_=1589424876247&CODE_STATE=getMsg HTTP/1.1" 200 27
114.84.32.201 - - [14/May/2020:10:54:40 +0800] "GET /xingrg/all/function/internal_message.html?_=1589424877824&CODE_STATE=getMsg HTTP/1.1" 200 27
172.17.0.119 - - [14/May/2020:10:54:41 +0800] "GET /xingrg/javascript/auto/indicator.gif HTTP/1.1" 404 1066
172.17.0.120 - - [14/May/2020:10:54:42 +0800] "GET /xingrg/all/function/internal_message.html?_=1589424879843&CODE_STATE=getMsg HTTP/1.1" 200 27
114.95.220.91 - - [14/May/2020:10:54:45 +0800] "GET /xingrg/kc/buy/cgsh_order_add.html HTTP/1.1" 200 58564
114.95.220.91 - - [14/May/2020:10:54:45 +0800] "POST /xingrg/kc/buy/cgsh_order_operate.html HTTP/1.1" 200 8245
114.95.220.91 - - [14/May/2020:10:54:45 +0800] "GET /xingrg/javascript/easyui/themes/default/validatebox.css HTTP/1.1" 404 1104
172.17.0.119 - - [14/May/2020:10:54:45 +0800] "POST /xingrg/kc/buy/cgsh_list_operate.html HTTP/1.1" 200 5294
114.84.33.255 - - [14/May/2020:10:54:48 +0800] "GET /xingrg/check_reg.html?_=1589424900151 HTTP/1.1" 200 22
114.84.33.255 - - [14/May/2020:10:54:49 +0800] "GET /xingrg/kc/buy/cgsh_order_add.html HTTP/1.1" 200 58570
114.84.33.255 - - [14/May/2020:10:54:49 +0800] "GET /xingrg/javascript/easyui/themes/default/validatebox.css HTTP/1.1" 404 1104
114.84.33.255 - - [14/May/2020:10:54:49 +0800] "POST /xingrg/kc/buy/cgsh_order_operate.html HTTP/1.1" 200 8245
114.84.33.255 - - [14/May/2020:10:54:50 +0800] "GET /xingrg/all/function/internal_message.html?_=1589424901178&CODE_STATE=getMsg HTTP/1.1" 200 27
114.84.33.255 - - [14/May/2020:10:54:52 +0800] "GET /xingrg/check_reg.html?_=1589424905468 HTTP/1.1" 302 -
124.77.110.230 - - [14/May/2020:10:54:53 +0800] "GET /xingrg/all/function/internal_message.html?_=1589424889290&CODE_STATE=getMsg HTTP/1.1" 200 27
172.17.0.240 - - [14/May/2020:10:54:53 +0800] "GET /xingrg/all/function/internal_message.html?_=1589424888699&CODE_STATE=getMsg HTTP/1.1" 200 27
114.82.213.91 - - [14/May/2020:10:54:53 +0800] "GET /xingrg/kc/buy/cgsh_order_operate.html?command=get_materiel&rest_code=00143&code=00101012059&supplier_code=00100166&order_time=2020-05-14 HTTP/1.1" 200 412
222.69.139.32 - - [14/May/2020:10:54:54 +0800] "GET /xingrg/all/function/internal_message.html?_=1589424887958&CODE_STATE=getMsg HTTP/1.1" 200 27
120.253.135.82 - - [14/May/2020:10:54:55 +0800] "GET /xingrg/all/function/internal_message.html?_=1589425022053&CODE_STATE=getMsg HTTP/1.1" 200 27
172.17.0.123 - - [14/May/2020:10:54:55 +0800] "GET /xingrg/all/function/internal_message.html?_=1589424889646&CODE_STATE=getMsg HTTP/1.1" 200 27
114.86.190.97 - - [14/May/2020:10:54:56 +0800] "GET /xingrg/all/function/internal_message.html?_=1589424894032&CODE_STATE=getMsg HTTP/1.1" 200 27
58.40.7.146 - - [14/May/2020:10:54:56 +0800] "GET /xingrg/all/function/internal_message.html?_=1589424894100&CODE_STATE=getMsg HTTP/1.1" 200 27
172.17.0.119 - - [14/May/2020:10:54:58 +0800] "POST /xingrg/kc/buy/cgsh_list_operate.html HTTP/1.1" 200 5484
114.84.33.255 - - [14/May/2020:10:55:03 +0800] "GET /xingrg/kc/buy/cgsh_order_operate.html?command=get_materiel&rest_code=00146&code=00101001037&supplier_code=00100090&order_time=2020-05-14 HTTP/1.1" 200 414
117.184.7.30 - - [14/May/2020:10:55:04 +0800] "GET /xingrg/all/function/internal_message.html?_=1589424895121&CODE_STATE=getMsg HTTP/1.1" 200 27
117.185.32.26 - - [14/May/2020:10:55:04 +0800] "GET /xingrg/all/function/internal_message.html?_=1589425323454&CODE_STATE=getMsg HTTP/1.1" 200 27
124.77.110.230 - - [14/May/2020:10:55:06 +0800] "GET /xingrg/kc/buy/cgsh_order_operate.html?command=get_materiel&rest_code=00107&code=00101010088&supplier_code=00100323&order_time=2020-05-14 HTTP/1.1" 200 435
114.95.220.91 - - [14/May/2020:10:55:07 +0800] "GET /xingrg/kc/buy/cgsh_order_operate.html?command=get_materiel&rest_code=00105&code=00101001037&supplier_code=00100090&order_time=2020-05-14 HTTP/1.1" 200 416
180.175.212.199 - - [14/May/2020:10:55:09 +0800] "GET /xingrg/all/function/internal_message.html?_=1589424914169&CODE_STATE=getMsg HTTP/1.1" 200 27
114.84.33.255 - - [14/May/2020:10:55:10 +0800] "GET /xingrg/all/function/internal_message.html?_=1589424923050&CODE_STATE=getMsg HTTP/1.1" 302 -
114.84.151.157 - - [14/May/2020:10:55:11 +0800] "GET /xingrg/all/function/internal_message.html?_=1589424912406&CODE_STATE=getMsg HTTP/1.1" 200 27
114.84.32.201 - - [14/May/2020:10:55:15 +0800] "GET /xingrg/all/function/internal_message.html?_=1589424913066&CODE_STATE=getMsg HTTP/1.1" 200 27
120.253.135.82 - - [14/May/2020:10:55:19 +0800] "GET /xingrg/all/function/internal_message.html?_=1589424994700&CODE_STATE=getMsg HTTP/1.1" 200 27
180.162.232.172 - - [14/May/2020:10:55:19 +0800] "GET /xingrg/all/function/internal_message.html?_=1589424919628&CODE_STATE=getMsg HTTP/1.1" 200 27
116.233.78.165 - - [14/May/2020:10:55:21 +0800] "GET /xingrg/all/function/internal_message.html?_=1589424975133&CODE_STATE=getMsg HTTP/1.1" 200 27
172.17.0.106 - - [14/May/2020:10:55:21 +0800] "GET /xingrg/all/function/internal_message.html?_=1589424919045&CODE_STATE=getMsg HTTP/1.1" 200 27
114.84.33.255 - - [14/May/2020:10:55:23 +0800] "POST /xingrg/kc/buy/cgsh_order_operate.html HTTP/1.1" 200 37
124.77.110.230 - - [14/May/2020:10:55:25 +0800] "GET /xingrg/kc/buy/cgsh_order_operate.html?command=get_materiel&rest_code=00107&code=00101011008&supplier_code=00100323&order_time=2020-05-14 HTTP/1.1" 200 419
114.95.220.91 - - [14/May/2020:10:55:25 +0800] "GET /xingrg/kc/buy/cgsh_order_operate.html?command=get_materiel&rest_code=00105&code=00101001149&supplier_code=00100090&order_time=2020-05-14 HTTP/1.1" 200 411
172.17.0.119 - - [14/May/2020:10:55:25 +0800] "GET /xingrg/all/function/internal_message.html?_=1589424922724&CODE_STATE=getMsg HTTP/1.1" 200 27
114.84.33.255 - - [14/May/2020:10:55:25 +0800] "POST /xingrg/kc/buy/cgsh_order_operate.html HTTP/1.1" 200 2065
180.162.232.172 - - [14/May/2020:10:55:26 +0800] "GET /xingrg/all/function/internal_message.html?_=1589425048526&CODE_STATE=getMsg HTTP/1.1" 200 27
120.253.135.82 - - [14/May/2020:10:55:28 +0800] "GET /xingrg/all/function/internal_message.html?_=1589424680268&CODE_STATE=getMsg HTTP/1.1" 200 27
172.17.0.110 - - [14/May/2020:10:55:29 +0800] "GET /xingrg/all/function/internal_message.html?_=1589424926304&CODE_STATE=getMsg HTTP/1.1" 200 27
172.17.0.110 - - [14/May/2020:10:55:29 +0800] "GET /xingrg/check_reg.html?_=1589424926306 HTTP/1.1" 200 22
114.82.213.91 - - [14/May/2020:10:55:30 +0800] "GET /xingrg/all/function/internal_message.html?_=1589423975402&CODE_STATE=getMsg HTTP/1.1" 200 27
117.131.5.26 - - [14/May/2020:10:55:34 +0800] "GET /xingrg/check_reg.html?_=1589425291108 HTTP/1.1" 200 22
117.131.5.26 - - [14/May/2020:10:55:34 +0800] "GET /xingrg/all/function/internal_message.html?_=1589425291109&CODE_STATE=getMsg HTTP/1.1" 200 27
172.17.0.100 - - [14/May/2020:10:55:34 +0800] "GET /xingrg/all/report/report_query.html?fileName=dma/new_5.0/yingye/yy_hz.xml&rw=1600 HTTP/1.1" 200 56080
172.17.0.100 - - [14/May/2020:10:55:34 +0800] "GET /xingrg/dwr/interface/AjaxReportQueryService.js HTTP/1.1" 200 13203
172.17.0.100 - - [14/May/2020:10:55:34 +0800] "GET /xingrg/dwr/engine.js HTTP/1.1" 200 43631
172.17.0.100 - - [14/May/2020:10:55:34 +0800] "POST /xingrg/dwr/call/plaincall/AjaxReportQueryService.getFixDate.dwr HTTP/1.1" 200 111
172.17.0.100 - - [14/May/2020:10:55:34 +0800] "POST /xingrg/all/common/load_tree.html?tree=area_station_tree_json&manage=1 HTTP/1.1" 200 2990
114.95.220.91 - - [14/May/2020:10:55:35 +0800] "GET /xingrg/kc/buy/cgsh_order_operate.html?command=get_materiel&rest_code=00105&code=00101001044&supplier_code=00100090&order_time=2020-05-14 HTTP/1.1" 200 411
172.17.0.100 - - [14/May/2020:10:55:35 +0800] "GET /xingrg/all/report/report_query.html?fileName=dma/new_5.0/menu/menu_category_hz.xml HTTP/1.1" 200 52989
172.17.0.100 - - [14/May/2020:10:55:35 +0800] "GET /xingrg/dwr/interface/AjaxReportQueryService.js HTTP/1.1" 200 13203
172.17.0.100 - - [14/May/2020:10:55:35 +0800] "GET /xingrg/dwr/engine.js HTTP/1.1" 200 43631
172.17.0.100 - - [14/May/2020:10:55:36 +0800] "POST /xingrg/dwr/call/plaincall/AjaxReportQueryService.getFixDate.dwr HTTP/1.1" 200 111
172.17.0.100 - - [14/May/2020:10:55:36 +0800] "POST /xingrg/all/common/load_tree.html?tree=area_station_tree_json&manage=1 HTTP/1.1" 200 2990
172.17.0.100 - - [14/May/2020:10:55:36 +0800] "GET /xingrg/all/function/internal_message.html?_=1589424936256&CODE_STATE=getMsg HTTP/1.1" 200 27
124.77.110.230 - - [14/May/2020:10:55:38 +0800] "GET /xingrg/kc/buy/cgsh_order_operate.html?command=get_materiel&rest_code=00107&code=00101007057&supplier_code=00100323&order_time=2020-05-14 HTTP/1.1" 200 414
172.17.0.100 - - [14/May/2020:10:55:39 +0800] "GET /xingrg/all/report/report_query.html?fileName=dma/new_5.0/menu/menu_stca_hz.xml HTTP/1.1" 200 51343
172.17.0.100 - - [14/May/2020:10:55:39 +0800] "GET /xingrg/dwr/interface/AjaxReportQueryService.js HTTP/1.1" 200 13203
172.17.0.100 - - [14/May/2020:10:55:39 +0800] "GET /xingrg/dwr/engine.js HTTP/1.1" 200 43631
172.17.0.100 - - [14/May/2020:10:55:39 +0800] "POST /xingrg/dwr/call/plaincall/AjaxReportQueryService.getFixDate.dwr HTTP/1.1" 200 111
172.17.0.100 - - [14/May/2020:10:55:39 +0800] "POST /xingrg/all/common/load_tree.html?tree=area_station_tree_json&manage=1 HTTP/1.1" 200 2990
114.84.32.201 - - [14/May/2020:10:55:40 +0800] "GET /xingrg/check_reg.html?_=1589424937825 HTTP/1.1" 200 22
114.84.32.201 - - [14/May/2020:10:55:40 +0800] "GET /xingrg/all/function/internal_message.html?_=1589424937826&CODE_STATE=getMsg HTTP/1.1" 200 27
172.17.0.120 - - [14/May/2020:10:55:42 +0800] "GET /xingrg/all/function/internal_message.html?_=1589424939848&CODE_STATE=getMsg HTTP/1.1" 200 27
172.17.0.120 - - [14/May/2020:10:55:42 +0800] "GET /xingrg/check_reg.html?_=1589424939853 HTTP/1.1" 200 22
114.95.220.91 - - [14/May/2020:10:55:43 +0800] "GET /xingrg/kc/buy/cgsh_order_operate.html?command=get_materiel&rest_code=00105&code=00101001140&supplier_code=00100090&order_time=2020-05-14 HTTP/1.1" 200 415
172.17.0.100 - - [14/May/2020:10:55:49 +0800] "POST /xingrg/dwr/call/plaincall/AjaxReportQueryService.refreshCache.dwr HTTP/1.1" 200 78
114.84.33.255 - - [14/May/2020:10:55:50 +0800] "GET /xingrg/all/function/internal_message.html?_=1589424961191&CODE_STATE=getMsg HTTP/1.1" 200 27
172.17.0.100 - - [14/May/2020:10:55:50 +0800] "POST /xingrg/all/report/load_report_page.html HTTP/1.1" 200 50593
172.17.0.100 - - [14/May/2020:10:55:50 +0800] "GET /xingrg/servlets/image?cache=0.05723594732024484&image=px HTTP/1.1" 200 807
124.77.110.230 - - [14/May/2020:10:55:53 +0800] "GET /xingrg/all/function/internal_message.html?_=1589424949276&CODE_STATE=getMsg HTTP/1.1" 200 27
114.95.220.91 - - [14/May/2020:10:55:53 +0800] "POST /xingrg/kc/buy/cgsh_order_operate.html HTTP/1.1" 200 37
172.17.0.240 - - [14/May/2020:10:55:53 +0800] "GET /xingrg/all/function/internal_message.html?_=1589424948702&CODE_STATE=getMsg HTTP/1.1" 200 27
172.17.0.100 - - [14/May/2020:10:55:53 +0800] "POST /xingrg/all/report/load_report_page.html HTTP/1.1" 200 38598
172.17.0.100 - - [14/May/2020:10:55:53 +0800] "GET /xingrg/servlets/image?cache=0.7800835240920369&image=px HTTP/1.1" 200 807
114.95.220.91 - - [14/May/2020:10:55:54 +0800] "POST /xingrg/kc/buy/cgsh_order_operate.html HTTP/1.1" 200 4440
222.69.139.32 - - [14/May/2020:10:55:54 +0800] "GET /xingrg/all/function/internal_message.html?_=1589424947937&CODE_STATE=getMsg HTTP/1.1" 200 27
114.95.220.91 - - [14/May/2020:10:55:55 +0800] "GET /xingrg/kc/print/load_data.html?order_code=212020051404705&kc_code=cgsh&condition= HTTP/1.1" 200 1415
120.253.135.82 - - [14/May/2020:10:55:55 +0800] "GET /xingrg/all/function/internal_message.html?_=1589425082070&CODE_STATE=getMsg HTTP/1.1" 200 27
61.151.207.186 - - [14/May/2020:10:55:55 +0800] "GET /xingrg/all/function/internal_message.html?_=1589424252618&CODE_STATE=getMsg HTTP/1.1" 302 -
172.17.0.123 - - [14/May/2020:10:55:55 +0800] "GET /xingrg/all/function/internal_message.html?_=1589424949648&CODE_STATE=getMsg HTTP/1.1" 200 27
114.86.190.97 - - [14/May/2020:10:55:56 +0800] "GET /xingrg/check_reg.html?_=1589424954020 HTTP/1.1" 200 22
114.86.190.97 - - [14/May/2020:10:55:56 +0800] "GET /xingrg/all/function/internal_message.html?_=1589424954024&CODE_STATE=getMsg HTTP/1.1" 200 27
58.40.7.146 - - [14/May/2020:10:55:56 +0800] "GET /xingrg/check_reg.html?_=1589424954095 HTTP/1.1" 200 22
58.40.7.146 - - [14/May/2020:10:55:56 +0800] "GET /xingrg/all/function/internal_message.html?_=1589424954098&CODE_STATE=getMsg HTTP/1.1" 200 27
172.17.0.100 - - [14/May/2020:10:55:57 +0800] "GET /xingrg/all/report/report_query.html?isQuery=1&fileName=dma/new_5.0/menu/menu_hz.xml&queryString=(a.sale_day%2520between%252020200101%2520and%252020200514)%2520and%2520(a.sid%2520in%2520(9%252C1%252C2%252C5%252C3%252C4%252C6%252C8%252C7%252C10%252C11%252C101%252C102%252C103%252C104%252C12%252C13%252C14%252C15%252C16%252C17%252C201%252C202))%2520and%2520(a.tj_code%253D22)&queryText=%25E3%2580%2590%25E8%2590%25A5%25E4%25B8%259A%25E6%2597%25A5%25E6%259C%259F%253A2020-01-01%2520%25E8%2587%25B3%25202020-05-14%25E3%2580%2591%2520%25E5%25B9%25B6%25E4%25B8%2594%2520%2520%25E3%2580%2590%25E9%2597%25A8%25E5%25BA%2597%25E5%2590%258D%25E7%25A7%25B0%2520%253D%2520%25E5%2585%25A8%25E9%2583%25A8%25E9%2597%25A8%25E5%25BA%2597%252C%25E6%25A6%2595%25E6%25B8%25AF%25E9%259B%2586%25E5%259B%25A2%252C%25E6%25A6%2595%25E6%25B8%25AF%25E6%2580%25BB%25E9%2583%25A8%252C%25E6%259D%25BE%25E6%25B1%259F%25E6%25A6%2595%25E6%25B8%25AF%252C%25E9%259D%2592%25E6%25B5%25A6%25E6%25A6%2595%25E6%25B8%25AF%252C%25E6%25B7%25B1%25E6%25B5%25B7%25E6%25B8%2594%25E6%25B8%25AF%25E5%25AE%259D%25E5%25B1%25B1%25E5%25BA%2597%252C%25E5%2598%2589%25E5%25AE%259A%25E6%25A6%2595%25E6%25B8%25AF%252C%25E6%2599%25AE%25E9%2599%2580%25E6%25A6%2595%25E6%25B8%25AF%252C%25E6%25B7%25B1%25E6%25B5%25B7%25E6%25B8%2594%25E6%25B8%25AF%25E6%259D%25A8%25E6%25B5%25A6%25E5%25BA%2597%252C%25E7%259A%2587%25E5%25AE%25B6%25E6%25B5%25B7%25E6%25B8%25AF%252C%25E5%25BE%2590%25E6%25B1%2587%25E6%25A6%2595%25E6%25B8%25AF%252C%25E8%2599%25B9%25E5%258F%25A3%25E6%25A6%2595%25E6%25B8%25AF%252C%25E6%25B7%25B1%25E6%25B5%25B7%25E6%25B8%2594%25E6%25B8%25AF%25E9%2595%25BF%25E5%25AF%25BF%25E8%25B7%25AF%252C%25E8%2599%25B9%25E5%2585%25B4%25E7%2581%25AB%25E9%2594%2585%25E5%258D%2597%25E5%25A5%2589%25E5%25BA%2597%252C%25E8%2599%25B9%25E5%2585%25B4%25E7%2581%25AB%25E9%2594%2585%25E7%25AB%258B%25E6%2596%25B0%25E5%25BA%2597%252C%25E8%2599%25B9%25E5%2585%25B4%25E7%2581%25AB%25E9%2594%2585%25E6%2597%25A5%25E6%2597%25A5%25E6%2597%25BA%252C%25E8%2599%25B9%25E5%2585%25B4%25E7%2581%25AB%25E9%2594%2585%25E6%259D%25BE%25E6%25B1%259F% HTTP/1.1" 500 -
172.17.0.100 - - [14/May/2020:10:55:57 +0800] "GET /favicon.ico HTTP/1.1" 404 -
114.84.33.255 - - [14/May/2020:10:55:59 +0800] "POST /xingrg/kc/buy/cgsh_order_operate.html HTTP/1.1" 200 37
114.84.33.255 - - [14/May/2020:10:56:01 +0800] "POST /xingrg/kc/buy/cgsh_order_operate.html HTTP/1.1" 200 2663
61.151.207.186 - - [14/May/2020:10:56:02 +0800] "GET /xingrg/login.html HTTP/1.1" 200 7641
124.77.110.230 - - [14/May/2020:10:56:02 +0800] "GET /xingrg/kc/buy/cgsh_order_operate.html?command=get_materiel&rest_code=00107&code=00101010017&supplier_code=00100323&order_time=2020-05-14 HTTP/1.1" 200 423
114.82.213.91 - - [14/May/2020:10:56:03 +0800] "GET /xingrg/kc/buy/cgsh_order_operate.html?command=get_materiel&rest_code=00143&code=00101012010&supplier_code=00100166&order_time=2020-05-14 HTTP/1.1" 200 409
117.184.7.26 - - [14/May/2020:10:56:04 +0800] "GET /xingrg/all/function/internal_message.html?_=1589424955204&CODE_STATE=getMsg HTTP/1.1" 200 27
117.185.32.26 - - [14/May/2020:10:56:04 +0800] "GET /xingrg/all/function/internal_message.html?_=1589425383453&CODE_STATE=getMsg HTTP/1.1" 200 27
117.185.32.26 - - [14/May/2020:10:56:04 +0800] "GET /xingrg/check_reg.html?_=1589425383455 HTTP/1.1" 200 22
114.84.33.255 - - [14/May/2020:10:56:05 +0800] "GET /xingrg/kc/print/load_data.html?order_code=212020051404704&kc_code=cgsh&condition= HTTP/1.1" 200 752
114.95.220.91 - - [14/May/2020:10:56:06 +0800] "GET /xingrg/check_reg.html?_=1589424965591 HTTP/1.1" 200 22
180.175.212.199 - - [14/May/2020:10:56:09 +0800] "GET /xingrg/all/function/internal_message.html?_=1589424974187&CODE_STATE=getMsg HTTP/1.1" 200 27
114.84.33.255 - - [14/May/2020:10:56:10 +0800] "GET /xingrg/all/function/internal_message.html?_=1589424983070&CODE_STATE=getMsg HTTP/1.1" 302 -
114.84.151.157 - - [14/May/2020:10:56:11 +0800] "GET /xingrg/all/function/internal_message.html?_=1589424972382&CODE_STATE=getMsg HTTP/1.1" 200 27
114.84.151.157 - - [14/May/2020:10:56:12 +0800] "GET /xingrg/check_reg.html?_=1589424973864 HTTP/1.1" 200 22
114.84.32.201 - - [14/May/2020:10:56:15 +0800] "GET /xingrg/all/function/internal_message.html?_=1589424973046&CODE_STATE=getMsg HTTP/1.1" 200 27
120.253.135.82 - - [14/May/2020:10:56:19 +0800] "GET /xingrg/all/function/internal_message.html?_=1589425054706&CODE_STATE=getMsg HTTP/1.1" 200 27
180.162.232.172 - - [14/May/2020:10:56:19 +0800] "GET /xingrg/all/function/internal_message.html?_=1589424979624&CODE_STATE=getMsg HTTP/1.1" 200 27
116.233.78.165 - - [14/May/2020:10:56:20 +0800] "GET /xingrg/all/function/internal_message.html?_=1589425035125&CODE_STATE=getMsg HTTP/1.1" 200 27
172.17.0.106 - - [14/May/2020:10:56:21 +0800] "GET /xingrg/check_reg.html?_=1589424979049 HTTP/1.1" 200 22
172.17.0.106 - - [14/May/2020:10:56:21 +0800] "GET /xingrg/all/function/internal_message.html?_=1589424979054&CODE_STATE=getMsg HTTP/1.1" 200 27
114.84.33.255 - - [14/May/2020:10:56:21 +0800] "GET /xingrg/kc/buy/cgsh_order_add.html HTTP/1.1" 200 58570
114.84.33.255 - - [14/May/2020:10:56:21 +0800] "GET /xingrg/javascript/easyui/themes/default/validatebox.css HTTP/1.1" 404 1104
114.84.33.255 - - [14/May/2020:10:56:22 +0800] "POST /xingrg/kc/buy/cgsh_order_operate.html HTTP/1.1" 200 8245
172.17.0.119 - - [14/May/2020:10:56:25 +0800] "GET /xingrg/all/function/internal_message.html?_=1589424982720&CODE_STATE=getMsg HTTP/1.1" 200 27
180.162.232.172 - - [14/May/2020:10:56:26 +0800] "GET /xingrg/check_reg.html?_=1589425108054 HTTP/1.1" 200 22
180.162.232.172 - - [14/May/2020:10:56:26 +0800] "GET /xingrg/all/function/internal_message.html?_=1589425108540&CODE_STATE=getMsg HTTP/1.1" 200 27
120.253.135.82 - - [14/May/2020:10:56:28 +0800] "GET /xingrg/all/function/internal_message.html?_=1589424740302&CODE_STATE=getMsg HTTP/1.1" 200 27
172.17.0.110 - - [14/May/2020:10:56:29 +0800] "GET /xingrg/all/function/internal_message.html?_=1589424986306&CODE_STATE=getMsg HTTP/1.1" 200 27
