114.84.33.255 - - [14/May/2020:08:37:08 +0800] "GET /xingrg/all/function/internal_message.html?_=1589416641174&CODE_STATE=getMsg HTTP/1.1" 302 -
180.162.232.172 - - [14/May/2020:08:37:08 +0800] "POST /xingrg/kc/buy/cgsh_order_operate.html HTTP/1.1" 200 2065
120.253.135.82 - - [14/May/2020:08:37:14 +0800] "GET /xingrg/all/function/internal_message.html?_=1589416385735&CODE_STATE=getMsg HTTP/1.1" 200 27
180.162.232.172 - - [14/May/2020:08:37:14 +0800] "GET /xingrg/kc/buy/cgsh_order_operate.html?command=get_materiel&rest_code=00151&code=00101008005&supplier_code=00100007&order_time=2020-05-14 HTTP/1.1" 200 412
180.162.232.172 - - [14/May/2020:08:37:20 +0800] "GET /xingrg/kc/buy/cgsh_order_operate.html?command=get_materiel&rest_code=00151&code=00101008261&supplier_code=00100007&order_time=2020-05-14 HTTP/1.1" 200 408
180.162.232.172 - - [14/May/2020:08:37:26 +0800] "GET /xingrg/kc/buy/cgsh_order_operate.html?command=get_materiel&rest_code=00151&code=00101008199&supplier_code=00100007&order_time=2020-05-14 HTTP/1.1" 200 408
180.162.232.172 - - [14/May/2020:08:37:41 +0800] "GET /xingrg/kc/buy/cgsh_order_operate.html?command=get_materiel&rest_code=00151&code=00101008210&supplier_code=00100007&order_time=2020-05-14 HTTP/1.1" 200 408
180.162.232.172 - - [14/May/2020:08:37:44 +0800] "POST /xingrg/kc/buy/cgsh_order_operate.html HTTP/1.1" 200 2065
180.162.232.172 - - [14/May/2020:08:37:44 +0800] "GET /xingrg/all/function/internal_message.html?_=1589416786504&CODE_STATE=getMsg HTTP/1.1" 200 27
172.17.0.119 - - [14/May/2020:08:37:50 +0800] "GET /xingrg/all/function/internal_message.html?_=1589416668265&CODE_STATE=getMsg HTTP/1.1" 200 27
172.17.0.110 - - [14/May/2020:08:37:53 +0800] "GET /xingrg/all/function/internal_message.html?_=1589416670343&CODE_STATE=getMsg HTTP/1.1" 200 27
172.17.0.240 - - [14/May/2020:08:37:53 +0800] "GET /xingrg/all/function/internal_message.html?_=1589416668699&CODE_STATE=getMsg HTTP/1.1" 200 27
58.40.7.146 - - [14/May/2020:08:37:56 +0800] "GET /xingrg/all/function/internal_message.html?_=1589416674047&CODE_STATE=getMsg HTTP/1.1" 200 27
101.85.52.41 - - [14/May/2020:08:38:02 +0800] "GET /xingrg/check_reg.html?_=1589416206747 HTTP/1.1" 200 22
180.162.232.172 - - [14/May/2020:08:38:03 +0800] "GET /xingrg/all/function/internal_message.html?_=1589416683072&CODE_STATE=getMsg HTTP/1.1" 200 27
114.84.33.255 - - [14/May/2020:08:38:08 +0800] "GET /xingrg/all/function/internal_message.html?_=1589416701195&CODE_STATE=getMsg HTTP/1.1" 302 -
120.253.135.82 - - [14/May/2020:08:38:14 +0800] "GET /xingrg/all/function/internal_message.html?_=1589416445740&CODE_STATE=getMsg HTTP/1.1" 200 27
120.253.135.82 - - [14/May/2020:08:38:28 +0800] "GET /xingrg/check_reg.html?_=1589416835651 HTTP/1.1" 200 22
180.162.232.172 - - [14/May/2020:08:38:43 +0800] "GET /xingrg/kc/buy/cgsh_order_operate.html?command=get_materiel&rest_code=00151&code=00101008224&supplier_code=00100007&order_time=2020-05-14 HTTP/1.1" 200 416
117.131.5.26 - - [14/May/2020:08:38:43 +0800] "GET /xingrg/check_reg.html?_=1589416725675 HTTP/1.1" 200 22
180.162.232.172 - - [14/May/2020:08:38:44 +0800] "GET /xingrg/all/function/internal_message.html?_=1589416846508&CODE_STATE=getMsg HTTP/1.1" 200 27
180.162.232.172 - - [14/May/2020:08:38:50 +0800] "POST /xingrg/kc/buy/cgsh_order_operate.html HTTP/1.1" 200 37
172.17.0.119 - - [14/May/2020:08:38:50 +0800] "GET /xingrg/all/function/internal_message.html?_=1589416728266&CODE_STATE=getMsg HTTP/1.1" 200 27
172.17.0.119 - - [14/May/2020:08:38:50 +0800] "GET /xingrg/check_reg.html?_=1589416728268 HTTP/1.1" 200 22
180.162.232.172 - - [14/May/2020:08:38:51 +0800] "POST /xingrg/kc/buy/cgsh_order_operate.html HTTP/1.1" 200 18165
172.17.0.110 - - [14/May/2020:08:38:53 +0800] "GET /xingrg/all/function/internal_message.html?_=1589416730340&CODE_STATE=getMsg HTTP/1.1" 200 27
172.17.0.240 - - [14/May/2020:08:38:53 +0800] "GET /xingrg/all/function/internal_message.html?_=1589416728701&CODE_STATE=getMsg HTTP/1.1" 200 27
172.17.0.240 - - [14/May/2020:08:38:53 +0800] "GET /xingrg/check_reg.html?_=1589416728702 HTTP/1.1" 200 22
58.40.7.146 - - [14/May/2020:08:38:56 +0800] "GET /xingrg/all/function/internal_message.html?_=1589416734053&CODE_STATE=getMsg HTTP/1.1" 200 27
180.162.232.172 - - [14/May/2020:08:39:04 +0800] "POST /xingrg/kc/buy/cgsh_order_operate.html HTTP/1.1" 200 37
180.162.232.172 - - [14/May/2020:08:39:06 +0800] "POST /xingrg/kc/buy/cgsh_order_operate.html HTTP/1.1" 200 18165
114.84.33.255 - - [14/May/2020:08:39:08 +0800] "GET /xingrg/all/function/internal_message.html?_=1589416761202&CODE_STATE=getMsg HTTP/1.1" 302 -
120.253.135.82 - - [14/May/2020:08:39:14 +0800] "GET /xingrg/check_reg.html?_=1589416505640 HTTP/1.1" 200 22
120.253.135.82 - - [14/May/2020:08:39:14 +0800] "GET /xingrg/all/function/internal_message.html?_=1589416505753&CODE_STATE=getMsg HTTP/1.1" 200 27
180.162.232.172 - - [14/May/2020:08:39:44 +0800] "GET /xingrg/all/function/internal_message.html?_=1589416906532&CODE_STATE=getMsg HTTP/1.1" 200 27
172.17.0.119 - - [14/May/2020:08:39:50 +0800] "GET /xingrg/all/function/internal_message.html?_=1589416788269&CODE_STATE=getMsg HTTP/1.1" 200 27
114.84.33.255 - - [14/May/2020:08:39:52 +0800] "GET /xingrg/check_reg.html?_=1589416805315 HTTP/1.1" 302 -
172.17.0.110 - - [14/May/2020:08:39:53 +0800] "GET /xingrg/all/function/internal_message.html?_=1589416790342&CODE_STATE=getMsg HTTP/1.1" 200 27
172.17.0.240 - - [14/May/2020:08:39:53 +0800] "GET /xingrg/all/function/internal_message.html?_=1589416788703&CODE_STATE=getMsg HTTP/1.1" 200 27
58.40.7.146 - - [14/May/2020:08:39:56 +0800] "GET /xingrg/all/function/internal_message.html?_=1589416794057&CODE_STATE=getMsg HTTP/1.1" 200 27
180.162.232.172 - - [14/May/2020:08:40:03 +0800] "GET /xingrg/all/function/internal_message.html?_=1589416803075&CODE_STATE=getMsg HTTP/1.1" 200 27
180.162.232.172 - - [14/May/2020:08:40:03 +0800] "GET /xingrg/check_reg.html?_=1589416803080 HTTP/1.1" 200 22
114.84.33.255 - - [14/May/2020:08:40:08 +0800] "GET /xingrg/all/function/internal_message.html?_=1589416821222&CODE_STATE=getMsg HTTP/1.1" 302 -
120.253.135.82 - - [14/May/2020:08:40:14 +0800] "GET /xingrg/all/function/internal_message.html?_=1589416565766&CODE_STATE=getMsg HTTP/1.1" 200 27
180.162.232.172 - - [14/May/2020:08:40:32 +0800] "GET /xingrg/check_reg.html?_=1589416954275 HTTP/1.1" 200 22
180.162.232.172 - - [14/May/2020:08:40:44 +0800] "GET /xingrg/all/function/internal_message.html?_=1589416966535&CODE_STATE=getMsg HTTP/1.1" 200 27
172.17.0.119 - - [14/May/2020:08:40:50 +0800] "GET /xingrg/all/function/internal_message.html?_=1589416848272&CODE_STATE=getMsg HTTP/1.1" 200 27
172.17.0.110 - - [14/May/2020:08:40:53 +0800] "GET /xingrg/all/function/internal_message.html?_=1589416850341&CODE_STATE=getMsg HTTP/1.1" 200 27
172.17.0.240 - - [14/May/2020:08:40:53 +0800] "GET /xingrg/all/function/internal_message.html?_=1589416848705&CODE_STATE=getMsg HTTP/1.1" 200 27
58.40.7.146 - - [14/May/2020:08:40:56 +0800] "GET /xingrg/all/function/internal_message.html?_=1589416854061&CODE_STATE=getMsg HTTP/1.1" 200 27
58.40.7.146 - - [14/May/2020:08:40:56 +0800] "GET /xingrg/check_reg.html?_=1589416854062 HTTP/1.1" 200 22
180.162.232.172 - - [14/May/2020:08:41:03 +0800] "GET /xingrg/all/function/internal_message.html?_=1589416863052&CODE_STATE=getMsg HTTP/1.1" 200 27
114.95.220.91 - - [14/May/2020:08:41:07 +0800] "GET /xingrg/check_reg.html?_=1589416866114 HTTP/1.1" 200 22
114.84.33.255 - - [14/May/2020:08:41:08 +0800] "GET /xingrg/all/function/internal_message.html?_=1589416881229&CODE_STATE=getMsg HTTP/1.1" 302 -
120.253.135.82 - - [14/May/2020:08:41:14 +0800] "GET /xingrg/all/function/internal_message.html?_=1589416625780&CODE_STATE=getMsg HTTP/1.1" 200 27
180.162.232.172 - - [14/May/2020:08:41:44 +0800] "GET /xingrg/all/function/internal_message.html?_=1589417026549&CODE_STATE=getMsg HTTP/1.1" 200 27
172.17.0.119 - - [14/May/2020:08:41:50 +0800] "GET /xingrg/all/function/internal_message.html?_=1589416908258&CODE_STATE=getMsg HTTP/1.1" 200 27
172.17.0.110 - - [14/May/2020:08:41:53 +0800] "GET /xingrg/all/function/internal_message.html?_=1589416910339&CODE_STATE=getMsg HTTP/1.1" 200 27
172.17.0.110 - - [14/May/2020:08:41:53 +0800] "GET /xingrg/check_reg.html?_=1589416910340 HTTP/1.1" 200 22
172.17.0.240 - - [14/May/2020:08:41:53 +0800] "GET /xingrg/all/function/internal_message.html?_=1589416908691&CODE_STATE=getMsg HTTP/1.1" 200 27
58.40.7.146 - - [14/May/2020:08:41:56 +0800] "GET /xingrg/all/function/internal_message.html?_=1589416914066&CODE_STATE=getMsg HTTP/1.1" 200 27
180.162.232.172 - - [14/May/2020:08:42:03 +0800] "GET /xingrg/all/function/internal_message.html?_=1589416923037&CODE_STATE=getMsg HTTP/1.1" 200 27
114.84.33.255 - - [14/May/2020:08:42:08 +0800] "GET /xingrg/all/function/internal_message.html?_=1589416941250&CODE_STATE=getMsg HTTP/1.1" 302 -
120.253.135.82 - - [14/May/2020:08:42:14 +0800] "GET /xingrg/all/function/internal_message.html?_=1589416685793&CODE_STATE=getMsg HTTP/1.1" 200 27
120.253.135.82 - - [14/May/2020:08:42:25 +0800] "POST /xingrg/kc/pszx/mdps_list_operate.html HTTP/1.1" 200 5401
120.253.135.82 - - [14/May/2020:08:42:28 +0800] "POST /xingrg/kc/pszx/mdps_list_operate.html HTTP/1.1" 200 4120
120.253.135.82 - - [14/May/2020:08:42:31 +0800] "POST /xingrg/kc/pszx/mdps_list_operate.html HTTP/1.1" 200 208
120.253.135.82 - - [14/May/2020:08:42:31 +0800] "GET /xingrg/kc/pszx/mdps_order_info.html?code=312020051000166 HTTP/1.1" 200 23847
120.253.135.82 - - [14/May/2020:08:42:31 +0800] "POST /xingrg/kc/pszx/mdps_order_operate.html HTTP/1.1" 200 2291
120.253.135.82 - - [14/May/2020:08:42:31 +0800] "GET /xingrg/javascript/easyui/themes/default/validatebox.css HTTP/1.1" 404 1104
180.162.232.172 - - [14/May/2020:08:42:44 +0800] "GET /xingrg/all/function/internal_message.html?_=1589417086572&CODE_STATE=getMsg HTTP/1.1" 200 27
120.253.135.82 - - [14/May/2020:08:42:45 +0800] "POST /xingrg/kc/pszx/mdps_order_operate.html HTTP/1.1" 200 12
120.253.135.82 - - [14/May/2020:08:42:48 +0800] "POST /xingrg/kc/pszx/mdps_list_operate.html HTTP/1.1" 200 3762
172.17.0.119 - - [14/May/2020:08:42:50 +0800] "GET /xingrg/all/function/internal_message.html?_=1589416968261&CODE_STATE=getMsg HTTP/1.1" 200 27
172.17.0.110 - - [14/May/2020:08:42:53 +0800] "GET /xingrg/all/function/internal_message.html?_=1589416970337&CODE_STATE=getMsg HTTP/1.1" 200 27
172.17.0.240 - - [14/May/2020:08:42:53 +0800] "GET /xingrg/all/function/internal_message.html?_=1589416968693&CODE_STATE=getMsg HTTP/1.1" 200 27
58.40.7.146 - - [14/May/2020:08:42:56 +0800] "GET /xingrg/all/function/internal_message.html?_=1589416974055&CODE_STATE=getMsg HTTP/1.1" 200 27
120.253.135.82 - - [14/May/2020:08:42:58 +0800] "POST /xingrg/kc/pszx/mdps_list_operate.html HTTP/1.1" 200 214
120.253.135.82 - - [14/May/2020:08:43:01 +0800] "GET /xingrg/kc/pszx/mdps_order_info.html?code=312020051000159 HTTP/1.1" 200 23843
120.253.135.82 - - [14/May/2020:08:43:01 +0800] "POST /xingrg/kc/pszx/mdps_order_operate.html HTTP/1.1" 200 2291
120.253.135.82 - - [14/May/2020:08:43:01 +0800] "GET /xingrg/javascript/easyui/themes/default/validatebox.css HTTP/1.1" 404 1104
101.85.52.41 - - [14/May/2020:08:43:02 +0800] "GET /xingrg/check_reg.html?_=1589416506733 HTTP/1.1" 200 22
180.162.232.172 - - [14/May/2020:08:43:03 +0800] "GET /xingrg/all/function/internal_message.html?_=1589416983011&CODE_STATE=getMsg HTTP/1.1" 200 27
120.253.135.82 - - [14/May/2020:08:43:04 +0800] "POST /xingrg/kc/pszx/mdps_list_operate.html HTTP/1.1" 200 3762
120.253.135.82 - - [14/May/2020:08:43:06 +0800] "POST /xingrg/kc/pszx/mdps_list_operate.html HTTP/1.1" 200 454
120.253.135.82 - - [14/May/2020:08:43:06 +0800] "GET /xingrg/kc/pszx/mdps_order_info.html?code=312020051100182 HTTP/1.1" 200 23845
120.253.135.82 - - [14/May/2020:08:43:06 +0800] "POST /xingrg/kc/pszx/mdps_order_operate.html HTTP/1.1" 200 3771
120.253.135.82 - - [14/May/2020:08:43:06 +0800] "GET /xingrg/javascript/easyui/themes/default/validatebox.css HTTP/1.1" 404 1104
114.84.33.255 - - [14/May/2020:08:43:08 +0800] "GET /xingrg/all/function/internal_message.html?_=1589417001256&CODE_STATE=getMsg HTTP/1.1" 302 -
120.253.135.82 - - [14/May/2020:08:43:12 +0800] "POST /xingrg/kc/pszx/mdps_list_operate.html HTTP/1.1" 200 3762
120.253.135.82 - - [14/May/2020:08:43:13 +0800] "POST /xingrg/kc/pszx/mdps_list_operate.html HTTP/1.1" 200 205
120.253.135.82 - - [14/May/2020:08:43:14 +0800] "GET /xingrg/kc/pszx/mdps_order_info.html?code=312020051100225 HTTP/1.1" 200 23843
120.253.135.82 - - [14/May/2020:08:43:14 +0800] "GET /xingrg/all/function/internal_message.html?_=1589416745934&CODE_STATE=getMsg HTTP/1.1" 200 27
120.253.135.82 - - [14/May/2020:08:43:14 +0800] "POST /xingrg/kc/pszx/mdps_order_operate.html HTTP/1.1" 200 2285
120.253.135.82 - - [14/May/2020:08:43:14 +0800] "GET /xingrg/javascript/easyui/themes/default/validatebox.css HTTP/1.1" 404 1104
120.253.135.82 - - [14/May/2020:08:43:16 +0800] "POST /xingrg/kc/pszx/mdps_list_operate.html HTTP/1.1" 200 3762
120.253.135.82 - - [14/May/2020:08:43:17 +0800] "POST /xingrg/kc/pszx/mdps_list_operate.html HTTP/1.1" 200 208
120.253.135.82 - - [14/May/2020:08:43:18 +0800] "GET /xingrg/kc/pszx/mdps_order_info.html?code=312020051100224 HTTP/1.1" 200 23849
120.253.135.82 - - [14/May/2020:08:43:18 +0800] "POST /xingrg/kc/pszx/mdps_order_operate.html HTTP/1.1" 200 2297
120.253.135.82 - - [14/May/2020:08:43:18 +0800] "GET /xingrg/javascript/easyui/themes/default/validatebox.css HTTP/1.1" 404 1104
120.253.135.82 - - [14/May/2020:08:43:20 +0800] "POST /xingrg/kc/pszx/mdps_list_operate.html HTTP/1.1" 200 3762
120.253.135.82 - - [14/May/2020:08:43:21 +0800] "POST /xingrg/kc/pszx/mdps_list_operate.html HTTP/1.1" 200 301
120.253.135.82 - - [14/May/2020:08:43:21 +0800] "GET /xingrg/kc/pszx/mdps_order_info.html?code=312020051100223 HTTP/1.1" 200 23843
120.253.135.82 - - [14/May/2020:08:43:22 +0800] "POST /xingrg/kc/pszx/mdps_order_operate.html HTTP/1.1" 200 2794
120.253.135.82 - - [14/May/2020:08:43:22 +0800] "GET /xingrg/javascript/easyui/themes/default/validatebox.css HTTP/1.1" 404 1104
120.253.135.82 - - [14/May/2020:08:43:25 +0800] "POST /xingrg/kc/pszx/mdps_list_operate.html HTTP/1.1" 200 3762
120.253.135.82 - - [14/May/2020:08:43:27 +0800] "POST /xingrg/kc/pszx/mdps_list_operate.html HTTP/1.1" 200 285
120.253.135.82 - - [14/May/2020:08:43:27 +0800] "GET /xingrg/kc/pszx/mdps_order_info.html?code=312020051200261 HTTP/1.1" 200 23849
120.253.135.82 - - [14/May/2020:08:43:27 +0800] "POST /xingrg/kc/pszx/mdps_order_operate.html HTTP/1.1" 200 2772
120.253.135.82 - - [14/May/2020:08:43:27 +0800] "GET /xingrg/javascript/easyui/themes/default/validatebox.css HTTP/1.1" 404 1104
120.253.135.82 - - [14/May/2020:08:43:28 +0800] "GET /xingrg/check_reg.html?_=1589417135657 HTTP/1.1" 200 22
120.253.135.82 - - [14/May/2020:08:43:34 +0800] "POST /xingrg/kc/pszx/mdps_list_operate.html HTTP/1.1" 200 3762
120.253.135.82 - - [14/May/2020:08:43:36 +0800] "POST /xingrg/kc/pszx/mdps_list_operate.html HTTP/1.1" 200 5391
120.253.135.82 - - [14/May/2020:08:43:38 +0800] "POST /xingrg/kc/pszx/mdps_list_operate.html HTTP/1.1" 200 359
120.253.135.82 - - [14/May/2020:08:43:42 +0800] "POST /xingrg/kc/pszx/mdps_list_operate.html HTTP/1.1" 200 279
117.131.5.26 - - [14/May/2020:08:43:43 +0800] "GET /xingrg/check_reg.html?_=1589417025675 HTTP/1.1" 200 22
180.162.232.172 - - [14/May/2020:08:43:44 +0800] "GET /xingrg/all/function/internal_message.html?_=1589417146577&CODE_STATE=getMsg HTTP/1.1" 200 27
120.253.135.82 - - [14/May/2020:08:43:45 +0800] "POST /xingrg/kc/pszx/mdps_list_operate.html HTTP/1.1" 200 278
120.253.135.82 - - [14/May/2020:08:43:49 +0800] "POST /xingrg/kc/pszx/mdps_list_operate.html HTTP/1.1" 200 516
172.17.0.119 - - [14/May/2020:08:43:50 +0800] "GET /xingrg/all/function/internal_message.html?_=1589417028262&CODE_STATE=getMsg HTTP/1.1" 200 27
172.17.0.119 - - [14/May/2020:08:43:50 +0800] "GET /xingrg/check_reg.html?_=1589417028264 HTTP/1.1" 200 22
120.253.135.82 - - [14/May/2020:08:43:51 +0800] "GET /xingrg/kc/pszx/mdps_order_info.html?code=312020051300264 HTTP/1.1" 200 23849
120.253.135.82 - - [14/May/2020:08:43:52 +0800] "POST /xingrg/kc/pszx/mdps_order_operate.html HTTP/1.1" 200 4276
120.253.135.82 - - [14/May/2020:08:43:52 +0800] "GET /xingrg/javascript/easyui/themes/default/validatebox.css HTTP/1.1" 404 1104
172.17.0.110 - - [14/May/2020:08:43:53 +0800] "GET /xingrg/all/function/internal_message.html?_=1589417030353&CODE_STATE=getMsg HTTP/1.1" 200 27
172.17.0.240 - - [14/May/2020:08:43:53 +0800] "GET /xingrg/all/function/internal_message.html?_=1589417028698&CODE_STATE=getMsg HTTP/1.1" 200 27
172.17.0.240 - - [14/May/2020:08:43:53 +0800] "GET /xingrg/check_reg.html?_=1589417028700 HTTP/1.1" 200 22
58.40.7.146 - - [14/May/2020:08:43:56 +0800] "GET /xingrg/all/function/internal_message.html?_=1589417034058&CODE_STATE=getMsg HTTP/1.1" 200 27
120.253.135.82 - - [14/May/2020:08:44:02 +0800] "POST /xingrg/kc/pszx/mdps_list_operate.html HTTP/1.1" 200 5391
180.162.232.172 - - [14/May/2020:08:44:03 +0800] "GET /xingrg/all/function/internal_message.html?_=1589417042979&CODE_STATE=getMsg HTTP/1.1" 200 27
120.253.135.82 - - [14/May/2020:08:44:04 +0800] "POST /xingrg/kc/pszx/mdps_list_operate.html HTTP/1.1" 200 205
120.253.135.82 - - [14/May/2020:08:44:07 +0800] "GET /xingrg/kc/pszx/mdps_order_info.html?code=312020051200243 HTTP/1.1" 200 23849
120.253.135.82 - - [14/May/2020:08:44:08 +0800] "POST /xingrg/kc/pszx/mdps_order_operate.html HTTP/1.1" 200 2284
120.253.135.82 - - [14/May/2020:08:44:08 +0800] "GET /xingrg/javascript/easyui/themes/default/validatebox.css HTTP/1.1" 404 1104
114.84.33.255 - - [14/May/2020:08:44:08 +0800] "GET /xingrg/all/function/internal_message.html?_=1589417061277&CODE_STATE=getMsg HTTP/1.1" 302 -
120.253.135.82 - - [14/May/2020:08:44:10 +0800] "POST /xingrg/kc/pszx/mdps_list_operate.html HTTP/1.1" 200 5391
120.253.135.82 - - [14/May/2020:08:44:12 +0800] "POST /xingrg/kc/pszx/mdps_list_operate.html HTTP/1.1" 200 203
120.253.135.82 - - [14/May/2020:08:44:14 +0800] "GET /xingrg/check_reg.html?_=1589416805638 HTTP/1.1" 200 22
120.253.135.82 - - [14/May/2020:08:44:14 +0800] "GET /xingrg/all/function/internal_message.html?_=1589416805946&CODE_STATE=getMsg HTTP/1.1" 200 27
120.253.135.82 - - [14/May/2020:08:44:14 +0800] "POST /xingrg/kc/pszx/mdps_list_operate.html HTTP/1.1" 200 358
120.253.135.82 - - [14/May/2020:08:44:18 +0800] "POST /xingrg/kc/pszx/mdps_list_operate.html HTTP/1.1" 200 205
120.253.135.82 - - [14/May/2020:08:44:20 +0800] "GET /xingrg/kc/pszx/mdps_order_info.html?code=312020051300273 HTTP/1.1" 200 23849
120.253.135.82 - - [14/May/2020:08:44:20 +0800] "POST /xingrg/kc/pszx/mdps_order_operate.html HTTP/1.1" 200 2287
120.253.135.82 - - [14/May/2020:08:44:20 +0800] "GET /xingrg/javascript/easyui/themes/default/validatebox.css HTTP/1.1" 404 1104
120.253.135.82 - - [14/May/2020:08:44:24 +0800] "POST /xingrg/kc/pszx/mdps_list_operate.html HTTP/1.1" 200 5391
120.253.135.82 - - [14/May/2020:08:44:26 +0800] "POST /xingrg/kc/pszx/mdps_list_operate.html HTTP/1.1" 200 597
120.253.135.82 - - [14/May/2020:08:44:26 +0800] "GET /xingrg/kc/pszx/mdps_order_info.html?code=312020051300272 HTTP/1.1" 200 23849
120.253.135.82 - - [14/May/2020:08:44:26 +0800] "POST /xingrg/kc/pszx/mdps_order_operate.html HTTP/1.1" 200 6255
120.253.135.82 - - [14/May/2020:08:44:26 +0800] "GET /xingrg/javascript/easyui/themes/default/validatebox.css HTTP/1.1" 404 1104
120.253.135.82 - - [14/May/2020:08:44:30 +0800] "POST /xingrg/kc/pszx/mdps_list_operate.html HTTP/1.1" 200 5391
120.253.135.82 - - [14/May/2020:08:44:32 +0800] "POST /xingrg/kc/pszx/mdps_list_operate.html HTTP/1.1" 200 5301
120.253.135.82 - - [14/May/2020:08:44:36 +0800] "POST /xingrg/kc/pszx/mdps_list_operate.html HTTP/1.1" 200 619
120.253.135.82 - - [14/May/2020:08:44:36 +0800] "GET /xingrg/kc/pszx/mdps_order_info.html?code=312020051100216 HTTP/1.1" 200 23855
120.253.135.82 - - [14/May/2020:08:44:37 +0800] "POST /xingrg/kc/pszx/mdps_order_operate.html HTTP/1.1" 200 6794
120.253.135.82 - - [14/May/2020:08:44:37 +0800] "GET /xingrg/javascript/easyui/themes/default/validatebox.css HTTP/1.1" 404 1104
120.253.135.82 - - [14/May/2020:08:44:38 +0800] "POST /xingrg/kc/pszx/mdps_list_operate.html HTTP/1.1" 200 5301
120.253.135.82 - - [14/May/2020:08:44:40 +0800] "POST /xingrg/kc/pszx/mdps_list_operate.html HTTP/1.1" 200 620
120.253.135.82 - - [14/May/2020:08:44:40 +0800] "GET /xingrg/kc/pszx/mdps_order_info.html?code=312020051100217 HTTP/1.1" 200 23849
120.253.135.82 - - [14/May/2020:08:44:41 +0800] "POST /xingrg/kc/pszx/mdps_order_operate.html HTTP/1.1" 200 5821
120.253.135.82 - - [14/May/2020:08:44:41 +0800] "GET /xingrg/javascript/easyui/themes/default/validatebox.css HTTP/1.1" 404 1104
180.162.232.172 - - [14/May/2020:08:44:44 +0800] "GET /xingrg/all/function/internal_message.html?_=1589417206597&CODE_STATE=getMsg HTTP/1.1" 200 27
120.253.135.82 - - [14/May/2020:08:44:47 +0800] "POST /xingrg/kc/pszx/mdps_list_operate.html HTTP/1.1" 200 5301
172.17.0.119 - - [14/May/2020:08:44:50 +0800] "GET /xingrg/all/function/internal_message.html?_=1589417088265&CODE_STATE=getMsg HTTP/1.1" 200 27
114.84.33.255 - - [14/May/2020:08:44:52 +0800] "GET /xingrg/check_reg.html?_=1589417105313 HTTP/1.1" 302 -
172.17.0.110 - - [14/May/2020:08:44:53 +0800] "GET /xingrg/all/function/internal_message.html?_=1589417090363&CODE_STATE=getMsg HTTP/1.1" 200 27
172.17.0.240 - - [14/May/2020:08:44:53 +0800] "GET /xingrg/all/function/internal_message.html?_=1589417088701&CODE_STATE=getMsg HTTP/1.1" 200 27
58.40.7.146 - - [14/May/2020:08:44:56 +0800] "GET /xingrg/all/function/internal_message.html?_=1589417094067&CODE_STATE=getMsg HTTP/1.1" 200 27
180.162.232.172 - - [14/May/2020:08:45:03 +0800] "GET /xingrg/all/function/internal_message.html?_=1589417102965&CODE_STATE=getMsg HTTP/1.1" 200 27
180.162.232.172 - - [14/May/2020:08:45:03 +0800] "GET /xingrg/check_reg.html?_=1589417103078 HTTP/1.1" 200 22
114.84.33.255 - - [14/May/2020:08:45:08 +0800] "GET /xingrg/all/function/internal_message.html?_=1589417121284&CODE_STATE=getMsg HTTP/1.1" 302 -
120.253.135.82 - - [14/May/2020:08:45:14 +0800] "GET /xingrg/all/function/internal_message.html?_=1589416865993&CODE_STATE=getMsg HTTP/1.1" 200 27
180.162.232.172 - - [14/May/2020:08:45:32 +0800] "GET /xingrg/check_reg.html?_=1589417254285 HTTP/1.1" 200 22
180.162.232.172 - - [14/May/2020:08:45:44 +0800] "GET /xingrg/all/function/internal_message.html?_=1589417266604&CODE_STATE=getMsg HTTP/1.1" 200 27
172.17.0.119 - - [14/May/2020:08:45:50 +0800] "GET /xingrg/all/function/internal_message.html?_=1589417148266&CODE_STATE=getMsg HTTP/1.1" 200 27
172.17.0.110 - - [14/May/2020:08:45:53 +0800] "GET /xingrg/all/function/internal_message.html?_=1589417150377&CODE_STATE=getMsg HTTP/1.1" 200 27
172.17.0.240 - - [14/May/2020:08:45:53 +0800] "GET /xingrg/all/function/internal_message.html?_=1589417148704&CODE_STATE=getMsg HTTP/1.1" 200 27
58.40.7.146 - - [14/May/2020:08:45:56 +0800] "GET /xingrg/all/function/internal_message.html?_=1589417154070&CODE_STATE=getMsg HTTP/1.1" 200 27
58.40.7.146 - - [14/May/2020:08:45:56 +0800] "GET /xingrg/check_reg.html?_=1589417154071 HTTP/1.1" 200 22
180.162.232.172 - - [14/May/2020:08:46:03 +0800] "GET /xingrg/all/function/internal_message.html?_=1589417162938&CODE_STATE=getMsg HTTP/1.1" 200 27
114.95.220.91 - - [14/May/2020:08:46:07 +0800] "GET /xingrg/check_reg.html?_=1589417166122 HTTP/1.1" 200 22
114.84.33.255 - - [14/May/2020:08:46:08 +0800] "GET /xingrg/all/function/internal_message.html?_=1589417181303&CODE_STATE=getMsg HTTP/1.1" 302 -
120.253.135.82 - - [14/May/2020:08:46:14 +0800] "GET /xingrg/all/function/internal_message.html?_=1589416926004&CODE_STATE=getMsg HTTP/1.1" 200 27
180.162.232.172 - - [14/May/2020:08:46:44 +0800] "GET /xingrg/all/function/internal_message.html?_=1589417326616&CODE_STATE=getMsg HTTP/1.1" 200 27
172.17.0.119 - - [14/May/2020:08:46:50 +0800] "GET /xingrg/all/function/internal_message.html?_=1589417208268&CODE_STATE=getMsg HTTP/1.1" 200 27
172.17.0.110 - - [14/May/2020:08:46:53 +0800] "GET /xingrg/check_reg.html?_=1589417210374 HTTP/1.1" 200 22
172.17.0.110 - - [14/May/2020:08:46:53 +0800] "GET /xingrg/all/function/internal_message.html?_=1589417210375&CODE_STATE=getMsg HTTP/1.1" 200 27
172.17.0.240 - - [14/May/2020:08:46:53 +0800] "GET /xingrg/all/function/internal_message.html?_=1589417208692&CODE_STATE=getMsg HTTP/1.1" 200 27
58.40.7.146 - - [14/May/2020:08:46:56 +0800] "GET /xingrg/all/function/internal_message.html?_=1589417214075&CODE_STATE=getMsg HTTP/1.1" 200 27
180.162.232.172 - - [14/May/2020:08:47:03 +0800] "GET /xingrg/all/function/internal_message.html?_=1589417222917&CODE_STATE=getMsg HTTP/1.1" 200 27
114.84.33.255 - - [14/May/2020:08:47:08 +0800] "GET /xingrg/all/function/internal_message.html?_=1589417241310&CODE_STATE=getMsg HTTP/1.1" 302 -
120.253.135.82 - - [14/May/2020:08:47:14 +0800] "GET /xingrg/all/function/internal_message.html?_=1589416986045&CODE_STATE=getMsg HTTP/1.1" 200 27
117.184.7.30 - - [14/May/2020:08:47:42 +0800] "GET /xingrg/login.html HTTP/1.1" 200 7641
180.162.232.172 - - [14/May/2020:08:47:44 +0800] "GET /xingrg/all/function/internal_message.html?_=1589417386638&CODE_STATE=getMsg HTTP/1.1" 200 27
117.184.7.30 - - [14/May/2020:08:47:48 +0800] "GET /favicon.ico HTTP/1.1" 404 -
172.17.0.119 - - [14/May/2020:08:47:50 +0800] "GET /xingrg/all/function/internal_message.html?_=1589417268270&CODE_STATE=getMsg HTTP/1.1" 200 27
172.17.0.110 - - [14/May/2020:08:47:53 +0800] "GET /xingrg/all/function/internal_message.html?_=1589417270373&CODE_STATE=getMsg HTTP/1.1" 200 27
172.17.0.240 - - [14/May/2020:08:47:53 +0800] "GET /xingrg/all/function/internal_message.html?_=1589417268694&CODE_STATE=getMsg HTTP/1.1" 200 27
58.40.7.146 - - [14/May/2020:08:47:56 +0800] "GET /xingrg/all/function/internal_message.html?_=1589417274079&CODE_STATE=getMsg HTTP/1.1" 200 27
117.184.7.30 - - [14/May/2020:08:48:02 +0800] "POST /xingrg/login.do HTTP/1.1" 302 -
117.184.7.30 - - [14/May/2020:08:48:02 +0800] "GET /xingrg/index.html?sysBaseUrl=http%3A%2F%2F180.169.147.146%3A18081%2Fxingrg%2F&costTime=36×tamp=1589417282076 HTTP/1.1" 200 17173
101.85.52.41 - - [14/May/2020:08:48:02 +0800] "GET /xingrg/check_reg.html?_=1589416806713 HTTP/1.1" 200 22
180.162.232.172 - - [14/May/2020:08:48:03 +0800] "GET /xingrg/all/function/internal_message.html?_=1589417282889&CODE_STATE=getMsg HTTP/1.1" 200 27
117.184.7.30 - - [14/May/2020:08:48:03 +0800] "GET /favicon.ico HTTP/1.1" 404 -
117.184.7.30 - - [14/May/2020:08:48:03 +0800] "POST /xingrg/all/common/load_tree.html?tree=area_rest_tree_json&manage=1 HTTP/1.1" 200 470
117.184.7.30 - - [14/May/2020:08:48:03 +0800] "GET /xingrg/all/function/internal_message.html?_=1589417274925&CODE_STATE=count HTTP/1.1" 200 11
117.184.7.30 - - [14/May/2020:08:48:03 +0800] "GET /xingrg/check_reg.html?_=1589417274926 HTTP/1.1" 200 22
117.184.7.30 - - [14/May/2020:08:48:03 +0800] "POST /xingrg/load_menu.html HTTP/1.1" 200 5138
117.184.7.30 - - [14/May/2020:08:48:04 +0800] "GET /xingrg/javascript/jquery_easy_ui/themes/default/images/tree_arrows.gif HTTP/1.1" 304 -
117.184.7.30 - - [14/May/2020:08:48:04 +0800] "GET /xingrg/javascript/jquery_easy_ui/themes/default/images/tree_folder_open.gif HTTP/1.1" 304 -
117.184.7.30 - - [14/May/2020:08:48:04 +0800] "GET /xingrg/javascript/jquery_easy_ui/themes/icons/search_new.png HTTP/1.1" 304 -
117.184.7.30 - - [14/May/2020:08:48:04 +0800] "GET /xingrg/javascript/jquery_easy_ui/themes/default/images/tree_folder.gif HTTP/1.1" 304 -
117.184.7.30 - - [14/May/2020:08:48:04 +0800] "GET /xingrg/javascript/jquery_easy_ui/themes/icons/storage_new.png HTTP/1.1" 304 -
117.184.7.26 - - [14/May/2020:08:48:04 +0800] "GET /xingrg/javascript/jquery_easy_ui/themes/icons/forms_new.png HTTP/1.1" 304 -
117.184.7.26 - - [14/May/2020:08:48:04 +0800] "GET /xingrg/javascript/jquery_easy_ui/themes/default/images/tree_file.gif HTTP/1.1" 304 -
117.184.7.30 - - [14/May/2020:08:48:05 +0800] "GET /xingrg/kc/buy/buy_main.html HTTP/1.1" 200 12412
117.184.7.30 - - [14/May/2020:08:48:05 +0800] "GET /xingrg/css/new_ie.css HTTP/1.1" 404 1036
117.184.7.26 - - [14/May/2020:08:48:06 +0800] "GET /xingrg/images/yd/bt.gif HTTP/1.1" 404 1040
117.184.7.26 - - [14/May/2020:08:48:07 +0800] "GET /xingrg/kc/buy/cgsh_order_list.html HTTP/1.1" 200 42757
114.84.33.255 - - [14/May/2020:08:48:08 +0800] "GET /xingrg/all/function/internal_message.html?_=1589417301331&CODE_STATE=getMsg HTTP/1.1" 302 -
117.184.7.26 - - [14/May/2020:08:48:08 +0800] "POST /xingrg/kc/buy/cgsh_list_operate.html HTTP/1.1" 200 876
117.184.7.26 - - [14/May/2020:08:48:10 +0800] "GET /xingrg/kc/buy/cgsh_order_add.html HTTP/1.1" 200 58460
117.184.7.26 - - [14/May/2020:08:48:10 +0800] "GET /xingrg/words/20200513105526_words.js HTTP/1.1" 304 -
117.184.7.26 - - [14/May/2020:08:48:10 +0800] "POST /xingrg/kc/buy/cgsh_order_operate.html HTTP/1.1" 200 8245
117.184.7.26 - - [14/May/2020:08:48:10 +0800] "GET /xingrg/all/common/auto_word.html?type=employee&rest_code=00108 HTTP/1.1" 200 197
117.184.7.30 - - [14/May/2020:08:48:10 +0800] "GET /xingrg/all/common/auto_word.html?type=employee&rest_code=00108 HTTP/1.1" 200 197
117.184.7.30 - - [14/May/2020:08:48:10 +0800] "GET /xingrg/javascript/easyui/themes/default/validatebox.css HTTP/1.1" 404 1104
117.184.7.26 - - [14/May/2020:08:48:11 +0800] "GET /xingrg/javascript/auto/indicator.gif HTTP/1.1" 404 1066
117.184.7.30 - - [14/May/2020:08:48:12 +0800] "GET /xingrg/javascript/jquery_tools/images/prev.gif HTTP/1.1" 404 1086
117.184.7.26 - - [14/May/2020:08:48:12 +0800] "GET /xingrg/javascript/jquery_tools/images/next.gif HTTP/1.1" 404 1086
120.253.135.82 - - [14/May/2020:08:48:14 +0800] "GET /xingrg/all/function/internal_message.html?_=1589417046046&CODE_STATE=getMsg HTTP/1.1" 200 27
117.184.7.30 - - [14/May/2020:08:48:17 +0800] "GET /xingrg/kc/buy/cgsh_order_operate.html?command=get_materiel&rest_code=00108&code=00101007090&supplier_code=00100002&order_time=2020-05-14 HTTP/1.1" 200 413
117.184.7.30 - - [14/May/2020:08:48:25 +0800] "GET /xingrg/kc/buy/cgsh_order_operate.html?command=get_materiel&rest_code=00108&code=00101007077&supplier_code=00100002&order_time=2020-05-14 HTTP/1.1" 200 415
120.253.135.82 - - [14/May/2020:08:48:28 +0800] "GET /xingrg/check_reg.html?_=1589417435670 HTTP/1.1" 200 22
117.184.7.30 - - [14/May/2020:08:48:31 +0800] "GET /xingrg/kc/buy/cgsh_order_operate.html?command=get_materiel&rest_code=00108&code=00101007049&supplier_code=00100002&order_time=2020-05-14 HTTP/1.1" 200 409
117.131.5.26 - - [14/May/2020:08:48:43 +0800] "GET /xingrg/check_reg.html?_=1589417325675 HTTP/1.1" 200 22
180.162.232.172 - - [14/May/2020:08:48:44 +0800] "GET /xingrg/all/function/internal_message.html?_=1589417446645&CODE_STATE=getMsg HTTP/1.1" 200 27
117.184.7.30 - - [14/May/2020:08:48:50 +0800] "GET /xingrg/kc/buy/cgsh_order_operate.html?command=get_materiel&rest_code=00108&code=00101007048&supplier_code=00100002&order_time=2020-05-14 HTTP/1.1" 200 408
172.17.0.119 - - [14/May/2020:08:48:50 +0800] "GET /xingrg/check_reg.html?_=1589417328271 HTTP/1.1" 200 22
172.17.0.119 - - [14/May/2020:08:48:50 +0800] "GET /xingrg/all/function/internal_message.html?_=1589417328273&CODE_STATE=getMsg HTTP/1.1" 200 27
172.17.0.110 - - [14/May/2020:08:48:53 +0800] "GET /xingrg/all/function/internal_message.html?_=1589417330371&CODE_STATE=getMsg HTTP/1.1" 200 27
172.17.0.240 - - [14/May/2020:08:48:53 +0800] "GET /xingrg/all/function/internal_message.html?_=1589417328706&CODE_STATE=getMsg HTTP/1.1" 200 27
172.17.0.240 - - [14/May/2020:08:48:53 +0800] "GET /xingrg/check_reg.html?_=1589417328710 HTTP/1.1" 200 22
58.40.7.146 - - [14/May/2020:08:48:56 +0800] "GET /xingrg/all/function/internal_message.html?_=1589417334066&CODE_STATE=getMsg HTTP/1.1" 200 27
117.184.7.30 - - [14/May/2020:08:49:02 +0800] "POST /xingrg/kc/buy/cgsh_order_operate.html HTTP/1.1" 200 37
117.184.7.30 - - [14/May/2020:08:49:02 +0800] "POST /xingrg/kc/buy/cgsh_order_operate.html HTTP/1.1" 200 4430
180.162.232.172 - - [14/May/2020:08:49:03 +0800] "GET /xingrg/all/function/internal_message.html?_=1589417342873&CODE_STATE=getMsg HTTP/1.1" 200 27
117.184.7.30 - - [14/May/2020:08:49:03 +0800] "GET /xingrg/all/function/internal_message.html?_=1589417334939&CODE_STATE=getMsg HTTP/1.1" 200 27
117.184.7.30 - - [14/May/2020:08:49:03 +0800] "GET /xingrg/kc/print/load_config.html?kc_code=cgsh HTTP/1.1" 200 1845
117.184.7.30 - - [14/May/2020:08:49:04 +0800] "GET /xingrg/kc/print/load_data.html?order_code=212020051404635&kc_code=cgsh&condition= HTTP/1.1" 200 1420
114.84.33.255 - - [14/May/2020:08:49:08 +0800] "GET /xingrg/all/function/internal_message.html?_=1589417361338&CODE_STATE=getMsg HTTP/1.1" 302 -
120.253.135.82 - - [14/May/2020:08:49:14 +0800] "GET /xingrg/check_reg.html?_=1589417105673 HTTP/1.1" 200 22
120.253.135.82 - - [14/May/2020:08:49:14 +0800] "GET /xingrg/all/function/internal_message.html?_=1589417106059&CODE_STATE=getMsg HTTP/1.1" 200 27
180.162.232.172 - - [14/May/2020:08:49:44 +0800] "GET /xingrg/all/function/internal_message.html?_=1589417506664&CODE_STATE=getMsg HTTP/1.1" 200 27
172.17.0.119 - - [14/May/2020:08:49:50 +0800] "GET /xingrg/all/function/internal_message.html?_=1589417388260&CODE_STATE=getMsg HTTP/1.1" 200 27
114.84.33.255 - - [14/May/2020:08:49:52 +0800] "GET /xingrg/check_reg.html?_=1589417405322 HTTP/1.1" 302 -
172.17.0.110 - - [14/May/2020:08:49:53 +0800] "GET /xingrg/all/function/internal_message.html?_=1589417390368&CODE_STATE=getMsg HTTP/1.1" 200 27
172.17.0.240 - - [14/May/2020:08:49:53 +0800] "GET /xingrg/all/function/internal_message.html?_=1589417388700&CODE_STATE=getMsg HTTP/1.1" 200 27
222.69.139.32 - - [14/May/2020:08:49:56 +0800] "GET /xingrg/index.html?sysBaseUrl=http%3A%2F%2F180.169.147.146%3A18081%2Fxingrg%2F&costTime=45×tamp=1585216556132 HTTP/1.1" 302 -
222.69.139.32 - - [14/May/2020:08:49:56 +0800] "GET /xingrg/login.html HTTP/1.1" 200 7641
58.40.7.146 - - [14/May/2020:08:49:56 +0800] "GET /xingrg/all/function/internal_message.html?_=1589417394069&CODE_STATE=getMsg HTTP/1.1" 200 27
222.69.139.32 - - [14/May/2020:08:49:56 +0800] "GET /favicon.ico HTTP/1.1" 404 -
222.69.139.32 - - [14/May/2020:08:50:00 +0800] "POST /xingrg/login.do HTTP/1.1" 302 -
222.69.139.32 - - [14/May/2020:08:50:00 +0800] "GET /xingrg/index.html?sysBaseUrl=http%3A%2F%2F180.169.147.146%3A18081%2Fxingrg%2F&costTime=51×tamp=1589417400326 HTTP/1.1" 200 17179
222.69.139.32 - - [14/May/2020:08:50:00 +0800] "POST /xingrg/all/common/load_tree.html?tree=area_rest_tree_json&manage=1 HTTP/1.1" 200 351
222.69.139.32 - - [14/May/2020:08:50:00 +0800] "GET /xingrg/all/function/internal_message.html?_=1589417394058&CODE_STATE=count HTTP/1.1" 200 11
222.69.139.32 - - [14/May/2020:08:50:00 +0800] "GET /xingrg/check_reg.html?_=1589417394060 HTTP/1.1" 200 22
222.69.139.32 - - [14/May/2020:08:50:00 +0800] "GET /favicon.ico HTTP/1.1" 404 -
222.69.139.32 - - [14/May/2020:08:50:00 +0800] "POST /xingrg/load_menu.html HTTP/1.1" 200 5138
180.162.232.172 - - [14/May/2020:08:50:03 +0800] "GET /xingrg/all/function/internal_message.html?_=1589417402860&CODE_STATE=getMsg HTTP/1.1" 200 27
180.162.232.172 - - [14/May/2020:08:50:03 +0800] "GET /xingrg/check_reg.html?_=1589417403107 HTTP/1.1" 200 22
117.184.7.30 - - [14/May/2020:08:50:03 +0800] "GET /xingrg/all/function/internal_message.html?_=1589417394930&CODE_STATE=getMsg HTTP/1.1" 200 27
114.84.33.255 - - [14/May/2020:08:50:08 +0800] "GET /xingrg/all/function/internal_message.html?_=1589417421357&CODE_STATE=getMsg HTTP/1.1" 302 -
120.253.135.82 - - [14/May/2020:08:50:14 +0800] "GET /xingrg/all/function/internal_message.html?_=1589417166075&CODE_STATE=getMsg HTTP/1.1" 200 27
222.69.139.32 - - [14/May/2020:08:50:28 +0800] "GET /xingrg/kc/buy/cgsh_order_list.html HTTP/1.1" 200 42763
222.69.139.32 - - [14/May/2020:08:50:30 +0800] "POST /xingrg/kc/buy/cgsh_list_operate.html HTTP/1.1" 200 1690
180.162.232.172 - - [14/May/2020:08:50:32 +0800] "GET /xingrg/check_reg.html?_=1589417554284 HTTP/1.1" 200 22
180.162.232.172 - - [14/May/2020:08:50:44 +0800] "GET /xingrg/all/function/internal_message.html?_=1589417566672&CODE_STATE=getMsg HTTP/1.1" 200 27
172.17.0.119 - - [14/May/2020:08:50:50 +0800] "GET /xingrg/all/function/internal_message.html?_=1589417448262&CODE_STATE=getMsg HTTP/1.1" 200 27
180.162.232.172 - - [14/May/2020:08:50:53 +0800] "POST /xingrg/kc/buy/cgsh_order_operate.html HTTP/1.1" 200 37
172.17.0.110 - - [14/May/2020:08:50:53 +0800] "GET /xingrg/all/function/internal_message.html?_=1589417450397&CODE_STATE=getMsg HTTP/1.1" 200 27
172.17.0.240 - - [14/May/2020:08:50:53 +0800] "GET /xingrg/all/function/internal_message.html?_=1589417448703&CODE_STATE=getMsg HTTP/1.1" 200 27
180.162.232.172 - - [14/May/2020:08:50:54 +0800] "POST /xingrg/kc/buy/cgsh_order_operate.html HTTP/1.1" 200 17565
180.162.232.172 - - [14/May/2020:08:50:56 +0800] "GET /xingrg/kc/buy/cgsh_order_add.html HTTP/1.1" 200 58099
180.162.232.172 - - [14/May/2020:08:50:56 +0800] "POST /xingrg/kc/buy/cgsh_order_operate.html HTTP/1.1" 200 8245
180.162.232.172 - - [14/May/2020:08:50:56 +0800] "GET /xingrg/javascript/easyui/themes/default/validatebox.css HTTP/1.1" 404 1104
58.40.7.146 - - [14/May/2020:08:50:56 +0800] "GET /xingrg/all/function/internal_message.html?_=1589417454076&CODE_STATE=getMsg HTTP/1.1" 200 27
58.40.7.146 - - [14/May/2020:08:50:56 +0800] "GET /xingrg/check_reg.html?_=1589417454078 HTTP/1.1" 200 22
222.69.139.32 - - [14/May/2020:08:51:00 +0800] "GET /xingrg/all/function/internal_message.html?_=1589417454063&CODE_STATE=getMsg HTTP/1.1" 200 27
180.162.232.172 - - [14/May/2020:08:51:02 +0800] "GET /xingrg/kc/buy/cgsh_order_operate.html?command=get_materiel&rest_code=00151&code=00101011005&supplier_code=00100047&order_time=2020-05-14 HTTP/1.1" 200 428
180.162.232.172 - - [14/May/2020:08:51:03 +0800] "GET /xingrg/all/function/internal_message.html?_=1589417462836&CODE_STATE=getMsg HTTP/1.1" 200 27
117.184.7.30 - - [14/May/2020:08:51:03 +0800] "GET /xingrg/all/function/internal_message.html?_=1589417454931&CODE_STATE=getMsg HTTP/1.1" 200 27
114.95.220.91 - - [14/May/2020:08:51:07 +0800] "GET /xingrg/check_reg.html?_=1589417466097 HTTP/1.1" 200 22
114.84.33.255 - - [14/May/2020:08:51:08 +0800] "GET /xingrg/all/function/internal_message.html?_=1589417481365&CODE_STATE=getMsg HTTP/1.1" 302 -
120.253.135.82 - - [14/May/2020:08:51:14 +0800] "GET /xingrg/all/function/internal_message.html?_=1589417226088&CODE_STATE=getMsg HTTP/1.1" 200 27
180.162.232.172 - - [14/May/2020:08:51:16 +0800] "POST /xingrg/kc/buy/cgsh_order_operate.html HTTP/1.1" 200 37
180.162.232.172 - - [14/May/2020:08:51:18 +0800] "POST /xingrg/kc/buy/cgsh_order_operate.html HTTP/1.1" 200 12
180.162.232.172 - - [14/May/2020:08:51:19 +0800] "GET /xingrg/kc/buy/cgsh_order_info.html?code=212020051404636 HTTP/1.1" 200 53001
180.162.232.172 - - [14/May/2020:08:51:19 +0800] "GET /xingrg/javascript/easyui/themes/default/validatebox.css HTTP/1.1" 404 1104
180.162.232.172 - - [14/May/2020:08:51:20 +0800] "POST /xingrg/kc/buy/cgsh_order_operate.html HTTP/1.1" 200 603
180.162.232.172 - - [14/May/2020:08:51:21 +0800] "GET /xingrg/kc/print/load_config.html?kc_code=cgsh HTTP/1.1" 200 1845
180.162.232.172 - - [14/May/2020:08:51:21 +0800] "GET /xingrg/kc/print/load_data.html?order_code=212020051404636&kc_code=cgsh&condition= HTTP/1.1" 200 750
222.69.139.32 - - [14/May/2020:08:51:33 +0800] "GET /xingrg/index.html?sysBaseUrl=http%3A%2F%2F180.169.147.146%3A18081%2Fxingrg%2F&costTime=45×tamp=1585216556132 HTTP/1.1" 200 17179
222.69.139.32 - - [14/May/2020:08:51:33 +0800] "POST /xingrg/all/common/load_tree.html?tree=area_rest_tree_json&manage=1 HTTP/1.1" 200 351
222.69.139.32 - - [14/May/2020:08:51:33 +0800] "GET /xingrg/all/function/internal_message.html?_=1589417487381&CODE_STATE=count HTTP/1.1" 200 11
222.69.139.32 - - [14/May/2020:08:51:33 +0800] "GET /xingrg/check_reg.html?_=1589417487384 HTTP/1.1" 200 22
222.69.139.32 - - [14/May/2020:08:51:33 +0800] "GET /favicon.ico HTTP/1.1" 404 -
222.69.139.32 - - [14/May/2020:08:51:34 +0800] "POST /xingrg/load_menu.html HTTP/1.1" 200 5138
222.69.139.32 - - [14/May/2020:08:51:38 +0800] "GET /xingrg/kc/buy/cgsh_order_list.html HTTP/1.1" 200 42763
222.69.139.32 - - [14/May/2020:08:51:40 +0800] "POST /xingrg/kc/buy/cgsh_list_operate.html HTTP/1.1" 200 1690
180.162.232.172 - - [14/May/2020:08:51:44 +0800] "GET /xingrg/all/function/internal_message.html?_=1589417626685&CODE_STATE=getMsg HTTP/1.1" 200 27
172.17.0.119 - - [14/May/2020:08:51:50 +0800] "GET /xingrg/all/function/internal_message.html?_=1589417508263&CODE_STATE=getMsg HTTP/1.1" 200 27
172.17.0.110 - - [14/May/2020:08:51:53 +0800] "GET /xingrg/check_reg.html?_=1589417510396 HTTP/1.1" 200 22
172.17.0.110 - - [14/May/2020:08:51:53 +0800] "GET /xingrg/all/function/internal_message.html?_=1589417510395&CODE_STATE=getMsg HTTP/1.1" 200 27
172.17.0.240 - - [14/May/2020:08:51:53 +0800] "GET /xingrg/all/function/internal_message.html?_=1589417508690&CODE_STATE=getMsg HTTP/1.1" 200 27
58.40.7.146 - - [14/May/2020:08:51:56 +0800] "GET /xingrg/all/function/internal_message.html?_=1589417514082&CODE_STATE=getMsg HTTP/1.1" 200 27
180.162.232.172 - - [14/May/2020:08:52:03 +0800] "GET /xingrg/all/function/internal_message.html?_=1589417522818&CODE_STATE=getMsg HTTP/1.1" 200 27
117.184.7.30 - - [14/May/2020:08:52:03 +0800] "GET /xingrg/all/function/internal_message.html?_=1589417514931&CODE_STATE=getMsg HTTP/1.1" 200 27
114.84.33.255 - - [14/May/2020:08:52:08 +0800] "GET /xingrg/all/function/internal_message.html?_=1589417541386&CODE_STATE=getMsg HTTP/1.1" 302 -
120.253.135.82 - - [14/May/2020:08:52:14 +0800] "GET /xingrg/all/function/internal_message.html?_=1589417286131&CODE_STATE=getMsg HTTP/1.1" 200 27
222.69.139.32 - - [14/May/2020:08:52:33 +0800] "GET /xingrg/all/function/internal_message.html?_=1589417547388&CODE_STATE=getMsg HTTP/1.1" 200 27
180.162.232.172 - - [14/May/2020:08:52:44 +0800] "GET /xingrg/all/function/internal_message.html?_=1589417686705&CODE_STATE=getMsg HTTP/1.1" 200 27
172.17.0.119 - - [14/May/2020:08:52:50 +0800] "GET /xingrg/all/function/internal_message.html?_=1589417568264&CODE_STATE=getMsg HTTP/1.1" 200 27
172.17.0.110 - - [14/May/2020:08:52:53 +0800] "GET /xingrg/all/function/internal_message.html?_=1589417570394&CODE_STATE=getMsg HTTP/1.1" 200 27
172.17.0.240 - - [14/May/2020:08:52:53 +0800] "GET /xingrg/all/function/internal_message.html?_=1589417568693&CODE_STATE=getMsg HTTP/1.1" 200 27
222.69.139.32 - - [14/May/2020:08:52:55 +0800] "GET /xingrg/index.html?sysBaseUrl=http%3A%2F%2F180.169.147.146%3A18081%2Fxingrg%2F&costTime=45×tamp=1585216556132 HTTP/1.1" 200 17179
222.69.139.32 - - [14/May/2020:08:52:56 +0800] "POST /xingrg/all/common/load_tree.html?tree=area_rest_tree_json&manage=1 HTTP/1.1" 200 351
222.69.139.32 - - [14/May/2020:08:52:56 +0800] "GET /xingrg/all/function/internal_message.html?_=1589417569787&CODE_STATE=count HTTP/1.1" 200 11
222.69.139.32 - - [14/May/2020:08:52:56 +0800] "GET /xingrg/check_reg.html?_=1589417569790 HTTP/1.1" 200 22
222.69.139.32 - - [14/May/2020:08:52:56 +0800] "GET /favicon.ico HTTP/1.1" 404 -
222.69.139.32 - - [14/May/2020:08:52:56 +0800] "POST /xingrg/load_menu.html HTTP/1.1" 200 5138
58.40.7.146 - - [14/May/2020:08:52:56 +0800] "GET /xingrg/all/function/internal_message.html?_=1589417574085&CODE_STATE=getMsg HTTP/1.1" 200 27
222.69.139.32 - - [14/May/2020:08:52:59 +0800] "GET /xingrg/kc/buy/cgsh_order_list.html HTTP/1.1" 200 42763
222.69.139.32 - - [14/May/2020:08:53:01 +0800] "POST /xingrg/kc/buy/cgsh_list_operate.html HTTP/1.1" 200 1690
101.85.52.41 - - [14/May/2020:08:53:02 +0800] "GET /xingrg/check_reg.html?_=1589417106688 HTTP/1.1" 200 22
180.162.232.172 - - [14/May/2020:08:53:03 +0800] "GET /xingrg/all/function/internal_message.html?_=1589417582805&CODE_STATE=getMsg HTTP/1.1" 200 27
222.69.139.32 - - [14/May/2020:08:53:03 +0800] "GET /xingrg/kc/buy/cgsh_order_add.html HTTP/1.1" 200 58501
222.69.139.32 - - [14/May/2020:08:53:03 +0800] "GET /xingrg/words/20200513105526_words.js HTTP/1.1" 304 -
222.69.139.32 - - [14/May/2020:08:53:03 +0800] "POST /xingrg/kc/buy/cgsh_order_operate.html HTTP/1.1" 200 8245
222.69.139.32 - - [14/May/2020:08:53:03 +0800] "GET /xingrg/all/common/auto_word.html?type=employee&rest_code=00149 HTTP/1.1" 200 197
222.69.139.32 - - [14/May/2020:08:53:03 +0800] "GET /xingrg/all/common/auto_word.html?type=employee&rest_code=00149 HTTP/1.1" 200 197
222.69.139.32 - - [14/May/2020:08:53:03 +0800] "GET /xingrg/javascript/easyui/themes/default/validatebox.css HTTP/1.1" 404 1104
117.184.7.30 - - [14/May/2020:08:53:03 +0800] "GET /xingrg/check_reg.html?_=1589417574937 HTTP/1.1" 200 22
117.184.7.30 - - [14/May/2020:08:53:03 +0800] "GET /xingrg/all/function/internal_message.html?_=1589417574942&CODE_STATE=getMsg HTTP/1.1" 200 27
114.84.33.255 - - [14/May/2020:08:53:08 +0800] "GET /xingrg/all/function/internal_message.html?_=1589417601392&CODE_STATE=getMsg HTTP/1.1" 302 -
120.253.135.82 - - [14/May/2020:08:53:14 +0800] "GET /xingrg/all/function/internal_message.html?_=1589417346146&CODE_STATE=getMsg HTTP/1.1" 200 27
120.253.135.82 - - [14/May/2020:08:53:28 +0800] "GET /xingrg/check_reg.html?_=1589417735674 HTTP/1.1" 200 22
117.131.5.26 - - [14/May/2020:08:53:43 +0800] "GET /xingrg/check_reg.html?_=1589417625675 HTTP/1.1" 200 22
180.162.232.172 - - [14/May/2020:08:53:44 +0800] "GET /xingrg/all/function/internal_message.html?_=1589417746711&CODE_STATE=getMsg HTTP/1.1" 200 27
172.17.0.119 - - [14/May/2020:08:53:50 +0800] "GET /xingrg/all/function/internal_message.html?_=1589417628266&CODE_STATE=getMsg HTTP/1.1" 200 27
172.17.0.119 - - [14/May/2020:08:53:50 +0800] "GET /xingrg/check_reg.html?_=1589417628267 HTTP/1.1" 200 22
172.17.0.100 - - [14/May/2020:08:53:51 +0800] "GET /xingrg/login.html HTTP/1.1" 200 7636
172.17.0.110 - - [14/May/2020:08:53:53 +0800] "GET /xingrg/all/function/internal_message.html?_=1589417630392&CODE_STATE=getMsg HTTP/1.1" 200 27
172.17.0.240 - - [14/May/2020:08:53:53 +0800] "GET /xingrg/all/function/internal_message.html?_=1589417628701&CODE_STATE=getMsg HTTP/1.1" 200 27
172.17.0.240 - - [14/May/2020:08:53:53 +0800] "GET /xingrg/check_reg.html?_=1589417628705 HTTP/1.1" 200 22
222.69.139.32 - - [14/May/2020:08:53:56 +0800] "GET /xingrg/all/function/internal_message.html?_=1589417629797&CODE_STATE=getMsg HTTP/1.1" 200 27
58.40.7.146 - - [14/May/2020:08:53:56 +0800] "GET /xingrg/all/function/internal_message.html?_=1589417634088&CODE_STATE=getMsg HTTP/1.1" 200 27
180.162.232.172 - - [14/May/2020:08:54:03 +0800] "GET /xingrg/all/function/internal_message.html?_=1589417642784&CODE_STATE=getMsg HTTP/1.1" 200 27
117.184.7.30 - - [14/May/2020:08:54:03 +0800] "GET /xingrg/all/function/internal_message.html?_=1589417634942&CODE_STATE=getMsg HTTP/1.1" 200 27
172.17.0.100 - - [14/May/2020:08:54:08 +0800] "GET /favicon.ico HTTP/1.1" 404 -
114.84.33.255 - - [14/May/2020:08:54:08 +0800] "GET /xingrg/all/function/internal_message.html?_=1589417661412&CODE_STATE=getMsg HTTP/1.1" 302 -
120.253.135.82 - - [14/May/2020:08:54:14 +0800] "GET /xingrg/check_reg.html?_=1589417405706 HTTP/1.1" 200 22
120.253.135.82 - - [14/May/2020:08:54:14 +0800] "GET /xingrg/all/function/internal_message.html?_=1589417406159&CODE_STATE=getMsg HTTP/1.1" 200 27
172.17.0.100 - - [14/May/2020:08:54:38 +0800] "POST /xingrg/login.do HTTP/1.1" 302 -
172.17.0.100 - - [14/May/2020:08:54:38 +0800] "GET /xingrg/index.html?sysBaseUrl=http%3A%2F%2F172.17.0.8%3A18081%2Fxingrg%2F&costTime=38×tamp=1589417678067 HTTP/1.1" 200 17448
172.17.0.100 - - [14/May/2020:08:54:42 +0800] "POST /xingrg/all/common/load_tree.html?tree=area_rest_tree_json&manage=1 HTTP/1.1" 200 3088
172.17.0.100 - - [14/May/2020:08:54:42 +0800] "GET /xingrg/all/function/internal_message.html?_=1589417681916&CODE_STATE=count HTTP/1.1" 200 11
172.17.0.100 - - [14/May/2020:08:54:42 +0800] "GET /xingrg/check_reg.html?_=1589417681916 HTTP/1.1" 200 22
172.17.0.100 - - [14/May/2020:08:54:43 +0800] "GET /favicon.ico HTTP/1.1" 404 -
172.17.0.100 - - [14/May/2020:08:54:43 +0800] "POST /xingrg/load_menu.html HTTP/1.1" 200 11529
180.162.232.172 - - [14/May/2020:08:54:44 +0800] "GET /xingrg/all/function/internal_message.html?_=1589417806732&CODE_STATE=getMsg HTTP/1.1" 200 27
172.17.0.119 - - [14/May/2020:08:54:50 +0800] "GET /xingrg/all/function/internal_message.html?_=1589417688269&CODE_STATE=getMsg HTTP/1.1" 200 27
172.17.0.100 - - [14/May/2020:08:54:51 +0800] "GET /xingrg/kc/report/report_main.html HTTP/1.1" 200 9350
114.84.33.255 - - [14/May/2020:08:54:52 +0800] "GET /xingrg/check_reg.html?_=1589417705322 HTTP/1.1" 302 -
172.17.0.110 - - [14/May/2020:08:54:53 +0800] "GET /xingrg/all/function/internal_message.html?_=1589417690406&CODE_STATE=getMsg HTTP/1.1" 200 27
172.17.0.240 - - [14/May/2020:08:54:53 +0800] "GET /xingrg/all/function/internal_message.html?_=1589417688692&CODE_STATE=getMsg HTTP/1.1" 200 27
172.17.0.100 - - [14/May/2020:08:54:54 +0800] "GET /xingrg/all/report/report_query.html?fileName=kc/buy/gys_amount_base_rest.xml HTTP/1.1" 200 51589
172.17.0.100 - - [14/May/2020:08:54:54 +0800] "GET /xingrg/dwr/interface/AjaxReportQueryService.js HTTP/1.1" 200 13203
172.17.0.100 - - [14/May/2020:08:54:54 +0800] "GET /xingrg/dwr/engine.js HTTP/1.1" 200 43631
172.17.0.100 - - [14/May/2020:08:54:54 +0800] "GET /xingrg/dwr/util.js HTTP/1.1" 304 -
172.17.0.100 - - [14/May/2020:08:54:56 +0800] "POST /xingrg/all/common/load_tree.html?tree=area_rest_tree_json&manage=1 HTTP/1.1" 200 3088
172.17.0.100 - - [14/May/2020:08:54:56 +0800] "POST /xingrg/dwr/call/plaincall/AjaxReportQueryService.getFixDate.dwr HTTP/1.1" 200 111
172.17.0.100 - - [14/May/2020:08:54:56 +0800] "POST /xingrg/all/common/load_tree.html?tree=supplier_tree_json&manage=1 HTTP/1.1" 200 48582
222.69.139.32 - - [14/May/2020:08:54:56 +0800] "GET /xingrg/all/function/internal_message.html?_=1589417689796&CODE_STATE=getMsg HTTP/1.1" 200 27
58.40.7.146 - - [14/May/2020:08:54:56 +0800] "GET /xingrg/all/function/internal_message.html?_=1589417694091&CODE_STATE=getMsg HTTP/1.1" 200 27
