114.84.33.255 - - [12/May/2020:10:28:55 +0800] "GET /xingrg/all/function/internal_message.html?_=1589250539532&CODE_STATE=getMsg HTTP/1.1" 200 27
172.17.0.120 - - [12/May/2020:10:29:00 +0800] "GET /xingrg/all/function/internal_message.html?_=1589250538468&CODE_STATE=getMsg HTTP/1.1" 200 27
117.131.5.26 - - [12/May/2020:10:29:00 +0800] "GET /xingrg/all/function/internal_message.html?_=1589250897791&CODE_STATE=getMsg HTTP/1.1" 200 27
117.131.5.26 - - [12/May/2020:10:29:00 +0800] "GET /xingrg/check_reg.html?_=1589250897792 HTTP/1.1" 200 22
114.84.32.201 - - [12/May/2020:10:29:01 +0800] "GET /xingrg/all/function/internal_message.html?_=1589250539819&CODE_STATE=getMsg HTTP/1.1" 200 27
117.185.32.26 - - [12/May/2020:10:29:02 +0800] "POST /xingrg/services/DataTransmitService HTTP/1.1" 200 524
117.185.32.26 - - [12/May/2020:10:29:02 +0800] "POST /xingrg/services/DataTransmitService HTTP/1.1" 200 2835
61.151.178.225 - - [12/May/2020:10:29:04 +0800] "GET /xingrg/all/function/internal_message.html?_=1589249826234&CODE_STATE=getMsg HTTP/1.1" 302 -
101.85.52.41 - - [12/May/2020:10:29:05 +0800] "GET /xingrg/check_reg.html?_=1589250072097 HTTP/1.1" 200 22
101.85.52.41 - - [12/May/2020:10:29:05 +0800] "GET /xingrg/all/function/internal_message.html?_=1589250072100&CODE_STATE=getMsg HTTP/1.1" 200 27
61.151.178.225 - - [12/May/2020:10:29:09 +0800] "GET /xingrg/login.html HTTP/1.1" 200 7641
114.84.151.157 - - [12/May/2020:10:29:10 +0800] "GET /xingrg/all/function/internal_message.html?_=1589250546263&CODE_STATE=getMsg HTTP/1.1" 200 27
114.84.151.157 - - [12/May/2020:10:29:10 +0800] "GET /xingrg/check_reg.html?_=1589250546261 HTTP/1.1" 200 22
180.162.232.172 - - [12/May/2020:10:29:10 +0800] "GET /xingrg/all/function/internal_message.html?_=1589250551366&CODE_STATE=getMsg HTTP/1.1" 200 27
180.162.232.172 - - [12/May/2020:10:29:10 +0800] "GET /xingrg/check_reg.html?_=1589250551370 HTTP/1.1" 200 22
117.185.32.26 - - [12/May/2020:10:29:11 +0800] "GET /xingrg/check_reg.html?_=1589250973402 HTTP/1.1" 200 22
117.185.32.26 - - [12/May/2020:10:29:11 +0800] "GET /xingrg/all/function/internal_message.html?_=1589250973406&CODE_STATE=getMsg HTTP/1.1" 200 27
180.171.124.178 - - [12/May/2020:10:29:13 +0800] "GET /xingrg/all/function/internal_message.html?_=1589250549682&CODE_STATE=getMsg HTTP/1.1" 200 27
58.40.7.146 - - [12/May/2020:10:29:16 +0800] "GET /xingrg/all/function/internal_message.html?_=1589250554639&CODE_STATE=getMsg HTTP/1.1" 200 27
117.184.7.26 - - [12/May/2020:10:29:17 +0800] "GET /xingrg/all/function/internal_message.html?_=1589250553451&CODE_STATE=getMsg HTTP/1.1" 200 27
101.83.241.62 - - [12/May/2020:10:29:23 +0800] "GET /xingrg/all/function/internal_message.html?_=1589250560061&CODE_STATE=getMsg HTTP/1.1" 200 27
172.17.0.106 - - [12/May/2020:10:29:23 +0800] "GET /xingrg/all/function/internal_message.html?_=1589250562556&CODE_STATE=getMsg HTTP/1.1" 200 27
124.77.110.230 - - [12/May/2020:10:29:25 +0800] "POST /xingrg/services/DataTransmitService HTTP/1.1" 200 524
180.162.232.172 - - [12/May/2020:10:29:27 +0800] "GET /xingrg/all/function/internal_message.html?_=1589250692479&CODE_STATE=getMsg HTTP/1.1" 200 27
172.17.0.101 - - [12/May/2020:10:29:29 +0800] "GET /xingrg/all/function/internal_message.html?_=1589250568490&CODE_STATE=getMsg HTTP/1.1" 200 27
172.17.0.110 - - [12/May/2020:10:29:29 +0800] "GET /xingrg/all/function/internal_message.html?_=1589250567976&CODE_STATE=getMsg HTTP/1.1" 200 27
117.185.32.26 - - [12/May/2020:10:29:35 +0800] "GET /xingrg/all/function/internal_message.html?_=1589250573552&CODE_STATE=getMsg HTTP/1.1" 200 27
180.156.150.85 - - [12/May/2020:10:29:40 +0800] "GET /xingrg/all/function/internal_message.html?_=1589250579866&CODE_STATE=getMsg HTTP/1.1" 200 27
180.171.124.178 - - [12/May/2020:10:29:41 +0800] "POST /xingrg/services/DataTransmitService HTTP/1.1" 401 565
180.171.124.178 - - [12/May/2020:10:29:41 +0800] "POST /xingrg/services/DataTransmitService HTTP/1.1" 200 478
180.171.124.178 - - [12/May/2020:10:29:41 +0800] "POST /xingrg/services/DataTransmitService HTTP/1.1" 200 1320
180.171.124.178 - - [12/May/2020:10:29:41 +0800] "POST /xingrg/services/DataTransmitService HTTP/1.1" 200 478
180.171.124.178 - - [12/May/2020:10:29:41 +0800] "POST /xingrg/services/DataTransmitService HTTP/1.1" 200 1320
180.171.124.178 - - [12/May/2020:10:29:41 +0800] "POST /xingrg/services/DataTransmitService HTTP/1.1" 200 524
180.171.124.178 - - [12/May/2020:10:29:41 +0800] "POST /xingrg/services/DataTransmitService HTTP/1.1" 200 2823
180.171.124.178 - - [12/May/2020:10:29:41 +0800] "POST /xingrg/services/DataTransmitService HTTP/1.1" 200 2247
180.171.124.178 - - [12/May/2020:10:29:42 +0800] "POST /xingrg/services/DataTransmitService HTTP/1.1" 200 1479
180.175.212.199 - - [12/May/2020:10:29:42 +0800] "GET /xingrg/all/function/internal_message.html?_=1589250778623&CODE_STATE=getMsg HTTP/1.1" 200 27
180.171.124.178 - - [12/May/2020:10:29:43 +0800] "POST /xingrg/services/DataTransmitService HTTP/1.1" 200 158031
172.17.0.110 - - [12/May/2020:10:29:47 +0800] "GET /xingrg/check_reg.html?_=1589250585482 HTTP/1.1" 200 22
180.162.232.172 - - [12/May/2020:10:29:51 +0800] "GET /xingrg/kc/base/wldb_order_add.html HTTP/1.1" 200 30322
180.162.232.172 - - [12/May/2020:10:29:51 +0800] "GET /xingrg/words/20200512093422_words.js HTTP/1.1" 304 -
180.162.232.172 - - [12/May/2020:10:29:51 +0800] "POST /xingrg/kc/base/wldb_order_operate.html HTTP/1.1" 200 6806
180.162.232.172 - - [12/May/2020:10:29:51 +0800] "GET /xingrg/javascript/easyui/themes/default/validatebox.css HTTP/1.1" 404 1104
172.17.0.185 - - [12/May/2020:10:29:52 +0800] "GET /xingrg/all/function/internal_message.html?_=1589250590502&CODE_STATE=getMsg HTTP/1.1" 200 27
114.84.33.255 - - [12/May/2020:10:29:55 +0800] "GET /xingrg/all/function/internal_message.html?_=1589250599691&CODE_STATE=getMsg HTTP/1.1" 200 27
180.162.232.172 - - [12/May/2020:10:29:59 +0800] "GET /xingrg/kc/base/wldb_order_operate.html?command=get_materiel&rest_code=00150&base_code=0010446&code=00102002610 HTTP/1.1" 200 430
172.17.0.120 - - [12/May/2020:10:30:00 +0800] "GET /xingrg/all/function/internal_message.html?_=1589250598472&CODE_STATE=getMsg HTTP/1.1" 200 27
172.17.0.120 - - [12/May/2020:10:30:00 +0800] "GET /xingrg/check_reg.html?_=1589250598474 HTTP/1.1" 200 22
117.131.5.26 - - [12/May/2020:10:30:00 +0800] "GET /xingrg/all/function/internal_message.html?_=1589250957781&CODE_STATE=getMsg HTTP/1.1" 200 27
114.84.32.201 - - [12/May/2020:10:30:01 +0800] "GET /xingrg/all/function/internal_message.html?_=1589250599803&CODE_STATE=getMsg HTTP/1.1" 200 27
101.85.52.41 - - [12/May/2020:10:30:05 +0800] "GET /xingrg/all/function/internal_message.html?_=1589250132099&CODE_STATE=getMsg HTTP/1.1" 200 27
180.162.232.172 - - [12/May/2020:10:30:07 +0800] "POST /xingrg/kc/base/wldb_list_operate.html HTTP/1.1" 200 6306
114.84.151.157 - - [12/May/2020:10:30:10 +0800] "GET /xingrg/all/function/internal_message.html?_=1589250606262&CODE_STATE=getMsg HTTP/1.1" 200 27
180.162.232.172 - - [12/May/2020:10:30:10 +0800] "GET /xingrg/all/function/internal_message.html?_=1589250611366&CODE_STATE=getMsg HTTP/1.1" 200 27
117.185.32.26 - - [12/May/2020:10:30:11 +0800] "GET /xingrg/all/function/internal_message.html?_=1589251033422&CODE_STATE=getMsg HTTP/1.1" 200 27
180.171.124.178 - - [12/May/2020:10:30:13 +0800] "GET /xingrg/all/function/internal_message.html?_=1589250609695&CODE_STATE=getMsg HTTP/1.1" 200 27
180.162.232.172 - - [12/May/2020:10:30:13 +0800] "POST /xingrg/kc/base/wldb_list_operate.html HTTP/1.1" 200 6326
180.162.232.172 - - [12/May/2020:10:30:15 +0800] "POST /xingrg/kc/base/wldb_list_operate.html HTTP/1.1" 200 434
58.40.7.146 - - [12/May/2020:10:30:15 +0800] "GET /xingrg/check_reg.html?_=1589250614626 HTTP/1.1" 200 22
58.40.7.146 - - [12/May/2020:10:30:15 +0800] "GET /xingrg/all/function/internal_message.html?_=1589250614629&CODE_STATE=getMsg HTTP/1.1" 200 27
180.162.232.172 - - [12/May/2020:10:30:17 +0800] "POST /xingrg/kc/base/wldb_list_operate.html HTTP/1.1" 200 210
117.184.7.26 - - [12/May/2020:10:30:17 +0800] "GET /xingrg/check_reg.html?_=1589250613452 HTTP/1.1" 200 22
117.184.7.26 - - [12/May/2020:10:30:17 +0800] "GET /xingrg/all/function/internal_message.html?_=1589250613457&CODE_STATE=getMsg HTTP/1.1" 200 27
180.162.232.172 - - [12/May/2020:10:30:18 +0800] "POST /xingrg/kc/base/wldb_list_operate.html HTTP/1.1" 200 441
180.162.232.172 - - [12/May/2020:10:30:20 +0800] "GET /xingrg/kc/base/wldb_order_info.html?code=422020050900848 HTTP/1.1" 200 26213
180.162.232.172 - - [12/May/2020:10:30:20 +0800] "GET /xingrg/javascript/easyui/themes/default/validatebox.css HTTP/1.1" 404 1104
180.162.232.172 - - [12/May/2020:10:30:21 +0800] "POST /xingrg/kc/base/wldb_order_operate.html HTTP/1.1" 200 1904
101.83.241.62 - - [12/May/2020:10:30:23 +0800] "GET /xingrg/check_reg.html?_=1589250620063 HTTP/1.1" 200 22
101.83.241.62 - - [12/May/2020:10:30:23 +0800] "GET /xingrg/all/function/internal_message.html?_=1589250620054&CODE_STATE=getMsg HTTP/1.1" 200 27
172.17.0.106 - - [12/May/2020:10:30:23 +0800] "GET /xingrg/all/function/internal_message.html?_=1589250622560&CODE_STATE=getMsg HTTP/1.1" 200 27
180.162.232.172 - - [12/May/2020:10:30:27 +0800] "GET /xingrg/all/function/internal_message.html?_=1589250752494&CODE_STATE=getMsg HTTP/1.1" 200 27
114.84.33.255 - - [12/May/2020:10:30:28 +0800] "GET /xingrg/check_reg.html?_=1589250632977 HTTP/1.1" 200 22
180.162.232.172 - - [12/May/2020:10:30:28 +0800] "GET /xingrg/kc/base/wldb_order_list.html HTTP/1.1" 200 19261
172.17.0.101 - - [12/May/2020:10:30:29 +0800] "GET /xingrg/all/function/internal_message.html?_=1589250628492&CODE_STATE=getMsg HTTP/1.1" 200 27
180.162.232.172 - - [12/May/2020:10:30:29 +0800] "POST /xingrg/kc/base/wldb_list_operate.html HTTP/1.1" 200 928
172.17.0.110 - - [12/May/2020:10:30:29 +0800] "GET /xingrg/all/function/internal_message.html?_=1589250627980&CODE_STATE=getMsg HTTP/1.1" 200 27
180.162.232.172 - - [12/May/2020:10:30:31 +0800] "GET /xingrg/kc/base/wldb_order_add.html HTTP/1.1" 200 30322
180.162.232.172 - - [12/May/2020:10:30:31 +0800] "POST /xingrg/kc/base/wldb_order_operate.html HTTP/1.1" 200 6806
180.162.232.172 - - [12/May/2020:10:30:31 +0800] "GET /xingrg/javascript/easyui/themes/default/validatebox.css HTTP/1.1" 404 1104
117.185.32.26 - - [12/May/2020:10:30:35 +0800] "GET /xingrg/check_reg.html?_=1589250633441 HTTP/1.1" 200 22
117.185.32.26 - - [12/May/2020:10:30:35 +0800] "GET /xingrg/all/function/internal_message.html?_=1589250633571&CODE_STATE=getMsg HTTP/1.1" 200 27
180.156.150.85 - - [12/May/2020:10:30:40 +0800] "GET /xingrg/all/function/internal_message.html?_=1589250639874&CODE_STATE=getMsg HTTP/1.1" 200 27
180.175.212.199 - - [12/May/2020:10:30:42 +0800] "GET /xingrg/all/function/internal_message.html?_=1589250838782&CODE_STATE=getMsg HTTP/1.1" 200 27
180.171.124.178 - - [12/May/2020:10:30:49 +0800] "POST /xingrg/services/DataTransmitService HTTP/1.1" 200 45454
180.171.124.178 - - [12/May/2020:10:30:49 +0800] "POST /xingrg/services/DataTransmitService HTTP/1.1" 200 19237
172.17.0.185 - - [12/May/2020:10:30:52 +0800] "GET /xingrg/all/function/internal_message.html?_=1589250650505&CODE_STATE=getMsg HTTP/1.1" 200 27
114.84.33.255 - - [12/May/2020:10:30:55 +0800] "GET /xingrg/all/function/internal_message.html?_=1589250659698&CODE_STATE=getMsg HTTP/1.1" 200 27
180.162.232.172 - - [12/May/2020:10:30:56 +0800] "POST /xingrg/kc/base/wldb_order_operate.html HTTP/1.1" 200 37
180.162.232.172 - - [12/May/2020:10:30:57 +0800] "POST /xingrg/kc/base/wldb_order_operate.html HTTP/1.1" 200 12
180.162.232.172 - - [12/May/2020:10:30:57 +0800] "POST /xingrg/kc/base/wldb_order_operate.html HTTP/1.1" 200 2192
180.162.232.172 - - [12/May/2020:10:30:59 +0800] "GET /xingrg/kc/base/wldb_order_info.html?code=422020051201123 HTTP/1.1" 200 26200
180.162.232.172 - - [12/May/2020:10:31:00 +0800] "GET /xingrg/javascript/easyui/themes/default/validatebox.css HTTP/1.1" 404 1104
180.162.232.172 - - [12/May/2020:10:31:00 +0800] "POST /xingrg/kc/base/wldb_order_operate.html HTTP/1.1" 200 487
172.17.0.120 - - [12/May/2020:10:31:00 +0800] "GET /xingrg/all/function/internal_message.html?_=1589250658476&CODE_STATE=getMsg HTTP/1.1" 200 27
117.131.5.26 - - [12/May/2020:10:31:00 +0800] "GET /xingrg/all/function/internal_message.html?_=1589251017779&CODE_STATE=getMsg HTTP/1.1" 200 27
114.84.32.201 - - [12/May/2020:10:31:01 +0800] "GET /xingrg/all/function/internal_message.html?_=1589250659789&CODE_STATE=getMsg HTTP/1.1" 200 27
101.85.52.41 - - [12/May/2020:10:31:05 +0800] "GET /xingrg/all/function/internal_message.html?_=1589250192098&CODE_STATE=getMsg HTTP/1.1" 200 27
180.162.232.172 - - [12/May/2020:10:31:07 +0800] "GET /xingrg/kc/base/wldb_order_add.html HTTP/1.1" 200 30322
180.162.232.172 - - [12/May/2020:10:31:08 +0800] "POST /xingrg/kc/base/wldb_order_operate.html HTTP/1.1" 200 6806
180.162.232.172 - - [12/May/2020:10:31:08 +0800] "GET /xingrg/javascript/easyui/themes/default/validatebox.css HTTP/1.1" 404 1104
114.84.151.157 - - [12/May/2020:10:31:10 +0800] "GET /xingrg/all/function/internal_message.html?_=1589250666262&CODE_STATE=getMsg HTTP/1.1" 200 27
180.162.232.172 - - [12/May/2020:10:31:10 +0800] "GET /xingrg/all/function/internal_message.html?_=1589250671368&CODE_STATE=getMsg HTTP/1.1" 200 27
117.185.32.26 - - [12/May/2020:10:31:11 +0800] "GET /xingrg/all/function/internal_message.html?_=1589251093422&CODE_STATE=getMsg HTTP/1.1" 200 27
180.171.124.178 - - [12/May/2020:10:31:13 +0800] "GET /xingrg/all/function/internal_message.html?_=1589250670155&CODE_STATE=getMsg HTTP/1.1" 200 27
58.40.7.146 - - [12/May/2020:10:31:15 +0800] "GET /xingrg/all/function/internal_message.html?_=1589250674630&CODE_STATE=getMsg HTTP/1.1" 200 27
117.184.7.26 - - [12/May/2020:10:31:17 +0800] "GET /xingrg/all/function/internal_message.html?_=1589250673440&CODE_STATE=getMsg HTTP/1.1" 200 27
117.184.7.26 - - [12/May/2020:10:31:22 +0800] "POST /xingrg/services/DataTransmitService HTTP/1.1" 200 524
117.184.7.26 - - [12/May/2020:10:31:22 +0800] "POST /xingrg/services/DataTransmitService HTTP/1.1" 200 501
101.83.241.62 - - [12/May/2020:10:31:23 +0800] "GET /xingrg/all/function/internal_message.html?_=1589250680063&CODE_STATE=getMsg HTTP/1.1" 200 27
180.162.232.172 - - [12/May/2020:10:31:23 +0800] "GET /xingrg/kc/base/wldb_order_operate.html?command=get_materiel&rest_code=00150&base_code=0010461&code=00102002028 HTTP/1.1" 200 469
172.17.0.106 - - [12/May/2020:10:31:23 +0800] "GET /xingrg/all/function/internal_message.html?_=1589250682551&CODE_STATE=getMsg HTTP/1.1" 200 27
180.175.212.199 - - [12/May/2020:10:31:25 +0800] "GET /xingrg/check_reg.html?_=1589250881881 HTTP/1.1" 200 22
180.162.232.172 - - [12/May/2020:10:31:27 +0800] "GET /xingrg/all/function/internal_message.html?_=1589250812533&CODE_STATE=getMsg HTTP/1.1" 200 27
172.17.0.101 - - [12/May/2020:10:31:29 +0800] "GET /xingrg/check_reg.html?_=1589250688504 HTTP/1.1" 200 22
172.17.0.101 - - [12/May/2020:10:31:29 +0800] "GET /xingrg/all/function/internal_message.html?_=1589250688508&CODE_STATE=getMsg HTTP/1.1" 200 27
172.17.0.110 - - [12/May/2020:10:31:29 +0800] "GET /xingrg/all/function/internal_message.html?_=1589250687956&CODE_STATE=getMsg HTTP/1.1" 200 27
117.185.32.26 - - [12/May/2020:10:31:35 +0800] "GET /xingrg/all/function/internal_message.html?_=1589250693574&CODE_STATE=getMsg HTTP/1.1" 200 27
180.162.232.172 - - [12/May/2020:10:31:36 +0800] "GET /xingrg/kc/base/wldb_order_operate.html?command=get_materiel&rest_code=00150&base_code=0010461&code=00102002104 HTTP/1.1" 200 465
180.156.150.85 - - [12/May/2020:10:31:40 +0800] "GET /xingrg/all/function/internal_message.html?_=1589250699867&CODE_STATE=getMsg HTTP/1.1" 200 27
180.175.212.199 - - [12/May/2020:10:31:42 +0800] "GET /xingrg/all/function/internal_message.html?_=1589250898792&CODE_STATE=getMsg HTTP/1.1" 200 27
180.162.232.172 - - [12/May/2020:10:31:44 +0800] "GET /xingrg/kc/base/wldb_order_operate.html?command=get_materiel&rest_code=00150&base_code=0010461&code=00102012040 HTTP/1.1" 200 449
172.17.0.115 - - [12/May/2020:10:31:51 +0800] "GET /xingrg/index.html?sysBaseUrl=http%3A%2F%2F172.17.0.8%3A18081%2Fxingrg%2F&costTime=35×tamp=1585709853305 HTTP/1.1" 302 -
172.17.0.115 - - [12/May/2020:10:31:51 +0800] "GET /xingrg/login.html HTTP/1.1" 200 7636
172.17.0.185 - - [12/May/2020:10:31:52 +0800] "GET /xingrg/all/function/internal_message.html?_=1589250710508&CODE_STATE=getMsg HTTP/1.1" 200 27
172.17.0.115 - - [12/May/2020:10:31:53 +0800] "GET /xingrg/images/blue/jxLogo.png HTTP/1.1" 304 -
180.162.232.172 - - [12/May/2020:10:31:54 +0800] "POST /xingrg/kc/base/wldb_order_operate.html HTTP/1.1" 200 37
180.162.232.172 - - [12/May/2020:10:31:54 +0800] "POST /xingrg/kc/base/wldb_order_operate.html HTTP/1.1" 200 3212
172.17.0.115 - - [12/May/2020:10:31:54 +0800] "GET /xingrg/images/blue/login_bg.png HTTP/1.1" 304 -
172.17.0.115 - - [12/May/2020:10:31:54 +0800] "GET /xingrg/images/blue/hj.png HTTP/1.1" 304 -
172.17.0.115 - - [12/May/2020:10:31:54 +0800] "GET /xingrg/images/blue/srbg.png HTTP/1.1" 304 -
180.162.232.172 - - [12/May/2020:10:31:55 +0800] "POST /xingrg/kc/base/wldb_order_operate.html HTTP/1.1" 200 12
114.84.33.255 - - [12/May/2020:10:31:55 +0800] "GET /xingrg/all/function/internal_message.html?_=1589250719712&CODE_STATE=getMsg HTTP/1.1" 200 27
172.17.0.115 - - [12/May/2020:10:31:55 +0800] "GET /favicon.ico HTTP/1.1" 404 -
180.162.232.172 - - [12/May/2020:10:31:56 +0800] "GET /xingrg/kc/base/wldb_order_info.html?code=422020051201124 HTTP/1.1" 200 26194
180.162.232.172 - - [12/May/2020:10:31:56 +0800] "GET /xingrg/javascript/easyui/themes/default/validatebox.css HTTP/1.1" 404 1104
180.162.232.172 - - [12/May/2020:10:31:56 +0800] "POST /xingrg/kc/base/wldb_order_operate.html HTTP/1.1" 200 1484
172.17.0.120 - - [12/May/2020:10:32:00 +0800] "GET /xingrg/all/function/internal_message.html?_=1589250718479&CODE_STATE=getMsg HTTP/1.1" 200 27
117.131.5.26 - - [12/May/2020:10:32:00 +0800] "GET /xingrg/all/function/internal_message.html?_=1589251077790&CODE_STATE=getMsg HTTP/1.1" 200 27
114.84.32.201 - - [12/May/2020:10:32:01 +0800] "GET /xingrg/all/function/internal_message.html?_=1589250719774&CODE_STATE=getMsg HTTP/1.1" 200 27
172.17.0.115 - - [12/May/2020:10:32:03 +0800] "POST /xingrg/login.do HTTP/1.1" 302 -
172.17.0.115 - - [12/May/2020:10:32:03 +0800] "GET /xingrg/index.html?sysBaseUrl=http%3A%2F%2F172.17.0.8%3A18081%2Fxingrg%2F&costTime=42×tamp=1589250723850 HTTP/1.1" 200 17448
172.17.0.115 - - [12/May/2020:10:32:03 +0800] "GET /xingrg/javascript/jquery_easy_ui/themes/default/easyui.css HTTP/1.1" 304 -
172.17.0.115 - - [12/May/2020:10:32:03 +0800] "GET /xingrg/javascript/jquery_easy_ui/themes/icon.css HTTP/1.1" 304 -
172.17.0.115 - - [12/May/2020:10:32:03 +0800] "GET /xingrg/css/form.css HTTP/1.1" 304 -
172.17.0.115 - - [12/May/2020:10:32:04 +0800] "GET /xingrg/javascript/jquery-1.4.2.min.js HTTP/1.1" 304 -
172.17.0.115 - - [12/May/2020:10:32:04 +0800] "GET /xingrg/javascript/jquery_easy_ui/jquery.easyui.min.js HTTP/1.1" 304 -
172.17.0.115 - - [12/May/2020:10:32:04 +0800] "GET /xingrg/javascript/jquery_easy_ui/easyui-lang-zh_CN.js HTTP/1.1" 304 -
172.17.0.115 - - [12/May/2020:10:32:04 +0800] "GET /xingrg/javascript/jquery.utils.js HTTP/1.1" 304 -
172.17.0.115 - - [12/May/2020:10:32:04 +0800] "GET /xingrg/javascript/jquery.form.js HTTP/1.1" 304 -
172.17.0.115 - - [12/May/2020:10:32:04 +0800] "GET /xingrg/javascript/jquery.timers.js HTTP/1.1" 304 -
172.17.0.115 - - [12/May/2020:10:32:04 +0800] "GET /favicon.ico HTTP/1.1" 404 -
172.17.0.115 - - [12/May/2020:10:32:04 +0800] "GET /xingrg/images/blue/navBackgound.jpg HTTP/1.1" 304 -
172.17.0.115 - - [12/May/2020:10:32:04 +0800] "GET /xingrg/javascript/jquery_easy_ui/themes/icons/settle_new.png HTTP/1.1" 304 -
172.17.0.115 - - [12/May/2020:10:32:04 +0800] "POST /xingrg/all/common/load_tree.html?tree=area_rest_tree_json&manage=1 HTTP/1.1" 200 3088
172.17.0.115 - - [12/May/2020:10:32:04 +0800] "GET /xingrg/images/blue/pingpu.png HTTP/1.1" 304 -
172.17.0.115 - - [12/May/2020:10:32:04 +0800] "GET /xingrg/javascript/jquery_easy_ui/themes/default/images/tabs_leftarrow.png HTTP/1.1" 304 -
172.17.0.115 - - [12/May/2020:10:32:04 +0800] "GET /xingrg/javascript/jquery_easy_ui/themes/default/images/tabs_rightarrow.png HTTP/1.1" 304 -
172.17.0.115 - - [12/May/2020:10:32:04 +0800] "GET /xingrg/javascript/jquery_easy_ui/themes/default/images/panel_tool_collapse.gif HTTP/1.1" 304 -
172.17.0.115 - - [12/May/2020:10:32:04 +0800] "GET /xingrg/javascript/jquery_easy_ui/themes/default/images/panel_tool_expand.gif HTTP/1.1" 304 -
101.85.52.41 - - [12/May/2020:10:32:05 +0800] "GET /xingrg/all/function/internal_message.html?_=1589250252100&CODE_STATE=getMsg HTTP/1.1" 200 27
172.17.0.115 - - [12/May/2020:10:32:05 +0800] "GET /xingrg/all/function/internal_message.html?_=1589250728783&CODE_STATE=count HTTP/1.1" 200 11
172.17.0.115 - - [12/May/2020:10:32:05 +0800] "GET /xingrg/check_reg.html?_=1589250728784 HTTP/1.1" 200 22
172.17.0.115 - - [12/May/2020:10:32:05 +0800] "POST /xingrg/load_menu.html HTTP/1.1" 200 11529
172.17.0.115 - - [12/May/2020:10:32:05 +0800] "GET /xingrg/javascript/jquery_easy_ui/themes/default/images/tree_arrows.gif HTTP/1.1" 304 -
172.17.0.115 - - [12/May/2020:10:32:06 +0800] "GET /xingrg/javascript/jquery_easy_ui/themes/default/images/tree_folder_open.gif HTTP/1.1" 304 -
172.17.0.115 - - [12/May/2020:10:32:06 +0800] "GET /xingrg/javascript/jquery_easy_ui/themes/icons/search_new.png HTTP/1.1" 304 -
172.17.0.115 - - [12/May/2020:10:32:06 +0800] "GET /xingrg/javascript/jquery_easy_ui/themes/icons/delivery_new.png HTTP/1.1" 304 -
172.17.0.115 - - [12/May/2020:10:32:06 +0800] "GET /xingrg/javascript/jquery_easy_ui/themes/icons/storage_new.png HTTP/1.1" 304 -
172.17.0.115 - - [12/May/2020:10:32:06 +0800] "GET /xingrg/javascript/jquery_easy_ui/themes/icons/checkout_new.png HTTP/1.1" 304 -
172.17.0.115 - - [12/May/2020:10:32:06 +0800] "GET /xingrg/javascript/jquery_easy_ui/themes/icons/forms_new.png HTTP/1.1" 304 -
172.17.0.115 - - [12/May/2020:10:32:06 +0800] "GET /xingrg/javascript/jquery_easy_ui/themes/icons/systemset_new.png HTTP/1.1" 304 -
172.17.0.115 - - [12/May/2020:10:32:06 +0800] "GET /xingrg/javascript/jquery_easy_ui/themes/icons/setting_new.png HTTP/1.1" 304 -
172.17.0.115 - - [12/May/2020:10:32:06 +0800] "GET /xingrg/javascript/jquery_easy_ui/themes/default/images/tree_file.gif HTTP/1.1" 304 -
172.17.0.115 - - [12/May/2020:10:32:06 +0800] "GET /xingrg/javascript/jquery_easy_ui/themes/default/images/tree_folder.gif HTTP/1.1" 304 -
180.162.232.172 - - [12/May/2020:10:32:08 +0800] "GET /xingrg/kc/base/wldb_order_add.html HTTP/1.1" 200 30322
180.162.232.172 - - [12/May/2020:10:32:09 +0800] "POST /xingrg/kc/base/wldb_order_operate.html HTTP/1.1" 200 6806
172.17.0.115 - - [12/May/2020:10:32:09 +0800] "GET /xingrg/kc/report/report_main.html HTTP/1.1" 200 9350
180.162.232.172 - - [12/May/2020:10:32:09 +0800] "GET /xingrg/javascript/easyui/themes/default/validatebox.css HTTP/1.1" 404 1104
172.17.0.115 - - [12/May/2020:10:32:09 +0800] "GET /xingrg/javascript/jquery_easy_ui/themes/default/images/tabs_close.gif HTTP/1.1" 304 -
172.17.0.115 - - [12/May/2020:10:32:09 +0800] "GET /xingrg/css/blue.css HTTP/1.1" 304 -
172.17.0.115 - - [12/May/2020:10:32:09 +0800] "GET /xingrg/javascript/pic_change.js HTTP/1.1" 304 -
172.17.0.115 - - [12/May/2020:10:32:09 +0800] "GET /xingrg/javascript/jquery_ui/themes/humanity/humanity.css HTTP/1.1" 304 -
172.17.0.115 - - [12/May/2020:10:32:09 +0800] "GET /xingrg/javascript/myfunction.js HTTP/1.1" 304 -
172.17.0.115 - - [12/May/2020:10:32:09 +0800] "GET /xingrg/javascript/json2.js HTTP/1.1" 304 -
172.17.0.115 - - [12/May/2020:10:32:10 +0800] "GET /xingrg/javascript/jquery_easy_ui/themes/icons/back_new.png HTTP/1.1" 304 -
114.84.151.157 - - [12/May/2020:10:32:10 +0800] "GET /xingrg/all/function/internal_message.html?_=1589250726262&CODE_STATE=getMsg HTTP/1.1" 200 27
180.162.232.172 - - [12/May/2020:10:32:10 +0800] "GET /xingrg/all/function/internal_message.html?_=1589250731424&CODE_STATE=getMsg HTTP/1.1" 200 27
117.185.32.26 - - [12/May/2020:10:32:11 +0800] "GET /xingrg/all/function/internal_message.html?_=1589251153426&CODE_STATE=getMsg HTTP/1.1" 200 27
172.17.0.115 - - [12/May/2020:10:32:12 +0800] "GET /xingrg/javascript/jquery_easy_ui/themes/icons/area.png HTTP/1.1" 304 -
172.17.0.115 - - [12/May/2020:10:32:12 +0800] "GET /xingrg/javascript/jquery_easy_ui/themes/icons/manage.png HTTP/1.1" 304 -
172.17.0.115 - - [12/May/2020:10:32:12 +0800] "GET /xingrg/javascript/jquery_easy_ui/themes/icons/rest.png HTTP/1.1" 304 -
172.17.0.115 - - [12/May/2020:10:32:12 +0800] "GET /xingrg/javascript/jquery_easy_ui/themes/default/images/button_a_bg.gif HTTP/1.1" 304 -
172.17.0.115 - - [12/May/2020:10:32:12 +0800] "GET /xingrg/javascript/jquery_easy_ui/themes/default/images/button_span_bg.gif HTTP/1.1" 304 -
172.17.0.115 - - [12/May/2020:10:32:12 +0800] "GET /xingrg/javascript/jquery_easy_ui/themes/icons/ok.png HTTP/1.1" 304 -
172.17.0.115 - - [12/May/2020:10:32:12 +0800] "GET /xingrg/javascript/jquery_easy_ui/themes/default/images/panel_tools.gif HTTP/1.1" 304 -
172.17.0.115 - - [12/May/2020:10:32:12 +0800] "GET /xingrg/javascript/jquery_easy_ui/themes/default/images/panel_title.png HTTP/1.1" 304 -
180.171.124.178 - - [12/May/2020:10:32:13 +0800] "GET /xingrg/all/function/internal_message.html?_=1589250730159&CODE_STATE=getMsg HTTP/1.1" 200 27
58.40.7.146 - - [12/May/2020:10:32:16 +0800] "GET /xingrg/all/function/internal_message.html?_=1589250734633&CODE_STATE=getMsg HTTP/1.1" 200 27
172.17.0.115 - - [12/May/2020:10:32:16 +0800] "POST /xingrg/load_menu.html HTTP/1.1" 200 10512
117.184.7.26 - - [12/May/2020:10:32:17 +0800] "GET /xingrg/all/function/internal_message.html?_=1589250733442&CODE_STATE=getMsg HTTP/1.1" 200 27
172.17.0.115 - - [12/May/2020:10:32:18 +0800] "GET /xingrg/all/report/report_query.html?fileName=dma/new_5.0/yingye/order_list.xml HTTP/1.1" 200 55206
172.17.0.115 - - [12/May/2020:10:32:18 +0800] "GET /xingrg/javascript/multi_select/jqueryMultiSelect.css HTTP/1.1" 304 -
172.17.0.115 - - [12/May/2020:10:32:18 +0800] "GET /xingrg/javascript/calendar/timePicker.css HTTP/1.1" 304 -
172.17.0.115 - - [12/May/2020:10:32:18 +0800] "GET /xingrg/javascript/bigrid/fix.css HTTP/1.1" 304 -
172.17.0.115 - - [12/May/2020:10:32:18 +0800] "GET /xingrg/dwr/util.js HTTP/1.1" 304 -
172.17.0.115 - - [12/May/2020:10:32:18 +0800] "GET /xingrg/dwr/interface/AjaxReportQueryService.js HTTP/1.1" 200 13203
172.17.0.115 - - [12/May/2020:10:32:18 +0800] "GET /xingrg/dwr/engine.js HTTP/1.1" 200 43631
172.17.0.115 - - [12/May/2020:10:32:18 +0800] "GET /xingrg/javascript/jqueryMultiSelect.js HTTP/1.1" 304 -
172.17.0.115 - - [12/May/2020:10:32:18 +0800] "GET /xingrg/javascript/Calendar.js HTTP/1.1" 304 -
172.17.0.115 - - [12/May/2020:10:32:18 +0800] "GET /xingrg/javascript/calendar/jquery.timePicker.min.js HTTP/1.1" 304 -
172.17.0.115 - - [12/May/2020:10:32:18 +0800] "GET /xingrg/javascript/bigrid/fix.js HTTP/1.1" 304 -
172.17.0.115 - - [12/May/2020:10:32:18 +0800] "GET /xingrg/images/control/loading.gif HTTP/1.1" 304 -
172.17.0.115 - - [12/May/2020:10:32:18 +0800] "GET /xingrg/images/blue/button/advanceover.gif HTTP/1.1" 304 -
172.17.0.115 - - [12/May/2020:10:32:18 +0800] "GET /xingrg/images/blue/button/advance2over.gif HTTP/1.1" 304 -
172.17.0.115 - - [12/May/2020:10:32:18 +0800] "GET /xingrg/images/blue/button/back2over.gif HTTP/1.1" 304 -
172.17.0.115 - - [12/May/2020:10:32:18 +0800] "GET /xingrg/images/blue/button/backover.gif HTTP/1.1" 304 -
172.17.0.115 - - [12/May/2020:10:32:19 +0800] "GET /xingrg/javascript/jquery_easy_ui/themes/icons/help.png HTTP/1.1" 304 -
172.17.0.115 - - [12/May/2020:10:32:19 +0800] "GET /xingrg/javascript/jquery_easy_ui/themes/default/images/menu_downarrow.png HTTP/1.1" 304 -
172.17.0.115 - - [12/May/2020:10:32:19 +0800] "GET /xingrg/javascript/jquery_easy_ui/themes/default/images/menu.gif HTTP/1.1" 304 -
172.17.0.115 - - [12/May/2020:10:32:19 +0800] "GET /xingrg/javascript/jquery_easy_ui/themes/icons/print.png HTTP/1.1" 304 -
172.17.0.115 - - [12/May/2020:10:32:19 +0800] "GET /xingrg/javascript/jquery_easy_ui/themes/icons/pencil.png HTTP/1.1" 304 -
172.17.0.115 - - [12/May/2020:10:32:19 +0800] "GET /xingrg/javascript/jquery_easy_ui/themes/default/images/menu_rightarrow.png HTTP/1.1" 304 -
172.17.0.115 - - [12/May/2020:10:32:19 +0800] "POST /xingrg/dwr/call/plaincall/AjaxReportQueryService.getFixDate.dwr HTTP/1.1" 200 111
172.17.0.115 - - [12/May/2020:10:32:19 +0800] "GET /xingrg/javascript/jquery_easy_ui/themes/default/images/combo_arrow_dot.gif HTTP/1.1" 304 -
172.17.0.115 - - [12/May/2020:10:32:19 +0800] "POST /xingrg/all/common/load_tree.html?tree=area_station_tree_json&manage=1 HTTP/1.1" 200 2990
172.17.0.115 - - [12/May/2020:10:32:19 +0800] "GET /xingrg/javascript/jquery_easy_ui/themes/default/images/tree_checkbox_0.gif HTTP/1.1" 304 -
172.17.0.115 - - [12/May/2020:10:32:19 +0800] "POST /xingrg/dwr/call/plaincall/AjaxReportQueryService.getInitString.dwr HTTP/1.1" 200 76
172.17.0.115 - - [12/May/2020:10:32:19 +0800] "GET /xingrg/javascript/multi_select/dropdown.gif HTTP/1.1" 304 -
172.17.0.115 - - [12/May/2020:10:32:22 +0800] "POST /xingrg/dwr/call/plaincall/AjaxReportQueryService.getFixDate.dwr HTTP/1.1" 200 111
172.17.0.115 - - [12/May/2020:10:32:22 +0800] "GET /xingrg/javascript/multi_select/dropdown_hover.gif HTTP/1.1" 304 -
101.83.241.62 - - [12/May/2020:10:32:23 +0800] "GET /xingrg/all/function/internal_message.html?_=1589250740056&CODE_STATE=getMsg HTTP/1.1" 200 27
172.17.0.106 - - [12/May/2020:10:32:23 +0800] "GET /xingrg/all/function/internal_message.html?_=1589250742555&CODE_STATE=getMsg HTTP/1.1" 200 27
172.17.0.115 - - [12/May/2020:10:32:25 +0800] "GET /xingrg/javascript/jquery_easy_ui/themes/default/images/button_plain_hover.png HTTP/1.1" 304 -
172.17.0.115 - - [12/May/2020:10:32:26 +0800] "POST /xingrg/dwr/call/plaincall/AjaxReportQueryService.refreshCache.dwr HTTP/1.1" 200 78
172.17.0.115 - - [12/May/2020:10:32:26 +0800] "POST /xingrg/all/report/load_report_page.html HTTP/1.1" 200 23211
172.17.0.115 - - [12/May/2020:10:32:26 +0800] "GET /xingrg/servlets/image?cache=0.7671722970810858&image=px HTTP/1.1" 200 807
180.162.232.172 - - [12/May/2020:10:32:27 +0800] "GET /xingrg/all/function/internal_message.html?_=1589250872537&CODE_STATE=getMsg HTTP/1.1" 200 27
180.162.232.172 - - [12/May/2020:10:32:27 +0800] "GET /xingrg/kc/base/wldb_order_operate.html?command=get_materiel&rest_code=00150&base_code=0010461&code=00102001073 HTTP/1.1" 200 431
172.17.0.101 - - [12/May/2020:10:32:29 +0800] "GET /xingrg/all/function/internal_message.html?_=1589250748494&CODE_STATE=getMsg HTTP/1.1" 200 27
172.17.0.115 - - [12/May/2020:10:32:29 +0800] "GET /xingrg/dma/order_info.html?id=244951&sid=7&sale_day=20200429 HTTP/1.1" 200 5353
172.17.0.115 - - [12/May/2020:10:32:29 +0800] "GET /favicon.ico HTTP/1.1" 404 -
172.17.0.110 - - [12/May/2020:10:32:29 +0800] "GET /xingrg/all/function/internal_message.html?_=1589250747935&CODE_STATE=getMsg HTTP/1.1" 200 27
180.162.232.172 - - [12/May/2020:10:32:32 +0800] "GET /xingrg/kc/base/wldb_order_operate.html?command=get_materiel&rest_code=00150&base_code=0010461&code=00102001118 HTTP/1.1" 200 431
180.162.232.172 - - [12/May/2020:10:32:37 +0800] "GET /xingrg/kc/base/wldb_order_operate.html?command=get_materiel&rest_code=00150&base_code=0010461&code=00102001151 HTTP/1.1" 200 431
180.156.150.85 - - [12/May/2020:10:32:40 +0800] "GET /xingrg/all/function/internal_message.html?_=1589250759866&CODE_STATE=getMsg HTTP/1.1" 200 27
180.175.212.199 - - [12/May/2020:10:32:42 +0800] "GET /xingrg/all/function/internal_message.html?_=1589250958805&CODE_STATE=getMsg HTTP/1.1" 200 27
180.162.232.172 - - [12/May/2020:10:32:42 +0800] "GET /xingrg/kc/base/wldb_order_operate.html?command=get_materiel&rest_code=00150&base_code=0010461&code=00102001084 HTTP/1.1" 200 431
117.131.5.26 - - [12/May/2020:10:32:46 +0800] "GET /xingrg/check_reg.html?_=1589250764988 HTTP/1.1" 200 22
180.162.232.172 - - [12/May/2020:10:32:47 +0800] "GET /xingrg/kc/base/wldb_order_operate.html?command=get_materiel&rest_code=00150&base_code=0010461&code=00102001105 HTTP/1.1" 200 431
172.17.0.185 - - [12/May/2020:10:32:52 +0800] "GET /xingrg/all/function/internal_message.html?_=1589250770511&CODE_STATE=getMsg HTTP/1.1" 200 27
114.84.33.255 - - [12/May/2020:10:32:55 +0800] "GET /xingrg/all/function/internal_message.html?_=1589250779860&CODE_STATE=getMsg HTTP/1.1" 200 27
172.17.0.120 - - [12/May/2020:10:33:00 +0800] "GET /xingrg/all/function/internal_message.html?_=1589250778467&CODE_STATE=getMsg HTTP/1.1" 200 27
114.84.32.201 - - [12/May/2020:10:33:00 +0800] "GET /xingrg/check_reg.html?_=1589250778355 HTTP/1.1" 200 22
117.131.5.26 - - [12/May/2020:10:33:00 +0800] "GET /xingrg/all/function/internal_message.html?_=1589251137776&CODE_STATE=getMsg HTTP/1.1" 200 27
114.84.32.201 - - [12/May/2020:10:33:01 +0800] "GET /xingrg/all/function/internal_message.html?_=1589250779748&CODE_STATE=getMsg HTTP/1.1" 200 27
101.85.52.41 - - [12/May/2020:10:33:05 +0800] "GET /xingrg/all/function/internal_message.html?_=1589250312100&CODE_STATE=getMsg HTTP/1.1" 200 27
172.17.0.115 - - [12/May/2020:10:33:05 +0800] "GET /xingrg/all/function/internal_message.html?_=1589250788797&CODE_STATE=getMsg HTTP/1.1" 200 27
172.17.0.110 - - [12/May/2020:10:33:08 +0800] "GET /xingrg/kc/buy/buy_main.html HTTP/1.1" 200 12377
172.17.0.110 - - [12/May/2020:10:33:08 +0800] "GET /xingrg/css/new_ie.css HTTP/1.1" 404 1036
172.17.0.110 - - [12/May/2020:10:33:08 +0800] "GET /xingrg/images/yd/bt.gif HTTP/1.1" 404 1040
172.17.0.110 - - [12/May/2020:10:33:09 +0800] "GET /xingrg/kc/buy/cgsh_order_list.html HTTP/1.1" 200 42743
172.17.0.115 - - [12/May/2020:10:33:09 +0800] "GET /xingrg/all/report/report_query.html?fileName=dma/new_5.0/qt/hc_mx.xml HTTP/1.1" 200 50748
172.17.0.115 - - [12/May/2020:10:33:09 +0800] "GET /xingrg/dwr/interface/AjaxReportQueryService.js HTTP/1.1" 200 13203
172.17.0.115 - - [12/May/2020:10:33:09 +0800] "GET /xingrg/dwr/engine.js HTTP/1.1" 200 43631
172.17.0.115 - - [12/May/2020:10:33:09 +0800] "POST /xingrg/dwr/call/plaincall/AjaxReportQueryService.getFixDate.dwr HTTP/1.1" 200 111
172.17.0.115 - - [12/May/2020:10:33:09 +0800] "POST /xingrg/all/common/load_tree.html?tree=area_station_tree_json&manage=1 HTTP/1.1" 200 2990
114.84.151.157 - - [12/May/2020:10:33:10 +0800] "GET /xingrg/all/function/internal_message.html?_=1589250786276&CODE_STATE=getMsg HTTP/1.1" 200 27
180.162.232.172 - - [12/May/2020:10:33:10 +0800] "GET /xingrg/all/function/internal_message.html?_=1589250791402&CODE_STATE=getMsg HTTP/1.1" 200 27
117.185.32.26 - - [12/May/2020:10:33:11 +0800] "GET /xingrg/all/function/internal_message.html?_=1589251213427&CODE_STATE=getMsg HTTP/1.1" 200 27
180.171.124.178 - - [12/May/2020:10:33:11 +0800] "GET /xingrg/check_reg.html?_=1589250788350 HTTP/1.1" 200 22
180.171.124.178 - - [12/May/2020:10:33:13 +0800] "GET /xingrg/all/function/internal_message.html?_=1589250790173&CODE_STATE=getMsg HTTP/1.1" 200 27
172.17.0.115 - - [12/May/2020:10:33:15 +0800] "GET /xingrg/all/report/report_query.html?fileName=dma/new_5.0/qt/log_query.xml HTTP/1.1" 200 51285
172.17.0.115 - - [12/May/2020:10:33:15 +0800] "GET /xingrg/dwr/interface/AjaxReportQueryService.js HTTP/1.1" 200 13203
172.17.0.115 - - [12/May/2020:10:33:15 +0800] "GET /xingrg/dwr/engine.js HTTP/1.1" 200 43631
172.17.0.115 - - [12/May/2020:10:33:15 +0800] "POST /xingrg/dwr/call/plaincall/AjaxReportQueryService.getFixDate.dwr HTTP/1.1" 200 111
172.17.0.115 - - [12/May/2020:10:33:15 +0800] "POST /xingrg/all/common/load_tree.html?tree=area_station_tree_json&manage=1 HTTP/1.1" 200 2990
58.40.7.146 - - [12/May/2020:10:33:16 +0800] "GET /xingrg/all/function/internal_message.html?_=1589250794637&CODE_STATE=getMsg HTTP/1.1" 200 27
117.184.7.26 - - [12/May/2020:10:33:17 +0800] "GET /xingrg/all/function/internal_message.html?_=1589250793443&CODE_STATE=getMsg HTTP/1.1" 200 27
172.17.0.110 - - [12/May/2020:10:33:18 +0800] "POST /xingrg/kc/buy/cgsh_list_operate.html HTTP/1.1" 200 5142
101.89.19.197 - - [12/May/2020:10:33:18 +0800] "GET /xingrg/all/function/internal_message.html?_=1589250066248&CODE_STATE=getMsg HTTP/1.1" 302 -
172.17.0.115 - - [12/May/2020:10:33:21 +0800] "GET /xingrg/all/report/report_query.html?fileName=dma/new_5.0/yingye/order_list.xml HTTP/1.1" 200 55206
172.17.0.115 - - [12/May/2020:10:33:21 +0800] "GET /xingrg/dwr/interface/AjaxReportQueryService.js HTTP/1.1" 200 13203
172.17.0.115 - - [12/May/2020:10:33:21 +0800] "GET /xingrg/dwr/engine.js HTTP/1.1" 200 43631
172.17.0.115 - - [12/May/2020:10:33:22 +0800] "POST /xingrg/dwr/call/plaincall/AjaxReportQueryService.getFixDate.dwr HTTP/1.1" 200 111
172.17.0.115 - - [12/May/2020:10:33:22 +0800] "POST /xingrg/all/common/load_tree.html?tree=area_station_tree_json&manage=1 HTTP/1.1" 200 2990
172.17.0.115 - - [12/May/2020:10:33:22 +0800] "POST /xingrg/dwr/call/plaincall/AjaxReportQueryService.getInitString.dwr HTTP/1.1" 200 76
101.83.241.62 - - [12/May/2020:10:33:23 +0800] "GET /xingrg/all/function/internal_message.html?_=1589250800061&CODE_STATE=getMsg HTTP/1.1" 200 27
172.17.0.106 - - [12/May/2020:10:33:23 +0800] "GET /xingrg/check_reg.html?_=1589250802565 HTTP/1.1" 200 22
172.17.0.106 - - [12/May/2020:10:33:23 +0800] "GET /xingrg/all/function/internal_message.html?_=1589250802561&CODE_STATE=getMsg HTTP/1.1" 200 27
172.17.0.115 - - [12/May/2020:10:33:24 +0800] "POST /xingrg/dwr/call/plaincall/AjaxReportQueryService.getFixDate.dwr HTTP/1.1" 200 111
180.162.232.172 - - [12/May/2020:10:33:26 +0800] "GET /xingrg/check_reg.html?_=1589250932283 HTTP/1.1" 200 22
172.17.0.115 - - [12/May/2020:10:33:27 +0800] "POST /xingrg/dwr/call/plaincall/AjaxReportQueryService.refreshCache.dwr HTTP/1.1" 200 78
180.162.232.172 - - [12/May/2020:10:33:27 +0800] "GET /xingrg/all/function/internal_message.html?_=1589250932549&CODE_STATE=getMsg HTTP/1.1" 200 27
101.89.19.197 - - [12/May/2020:10:33:27 +0800] "GET /xingrg/login.html HTTP/1.1" 200 7641
172.17.0.115 - - [12/May/2020:10:33:27 +0800] "POST /xingrg/all/report/load_report_page.html HTTP/1.1" 200 23241
172.17.0.115 - - [12/May/2020:10:33:27 +0800] "GET /xingrg/servlets/image?cache=0.06838112147305819&image=px HTTP/1.1" 200 807
172.17.0.115 - - [12/May/2020:10:33:29 +0800] "GET /favicon.ico HTTP/1.1" 404 -
172.17.0.101 - - [12/May/2020:10:33:29 +0800] "GET /xingrg/all/function/internal_message.html?_=1589250808496&CODE_STATE=getMsg HTTP/1.1" 200 27
172.17.0.110 - - [12/May/2020:10:33:29 +0800] "GET /xingrg/all/function/internal_message.html?_=1589250807916&CODE_STATE=getMsg HTTP/1.1" 200 27
172.17.0.110 - - [12/May/2020:10:33:32 +0800] "GET /xingrg/javascript/auto/indicator.gif HTTP/1.1" 404 1066
124.77.110.230 - - [12/May/2020:10:33:38 +0800] "GET /xingrg/check_reg.html?_=1589250019063 HTTP/1.1" 200 22
124.77.110.230 - - [12/May/2020:10:33:38 +0800] "GET /xingrg/all/function/internal_message.html?_=1589250018940&CODE_STATE=getMsg HTTP/1.1" 200 27
172.17.0.110 - - [12/May/2020:10:33:40 +0800] "POST /xingrg/kc/buy/cgsh_list_operate.html HTTP/1.1" 200 5204
180.156.150.85 - - [12/May/2020:10:33:40 +0800] "GET /xingrg/all/function/internal_message.html?_=1589250819870&CODE_STATE=getMsg HTTP/1.1" 200 27
180.156.150.85 - - [12/May/2020:10:33:40 +0800] "GET /xingrg/check_reg.html?_=1589250819871 HTTP/1.1" 200 22
180.162.232.172 - - [12/May/2020:10:33:41 +0800] "POST /xingrg/kc/base/wldb_order_operate.html HTTP/1.1" 200 37
180.162.232.172 - - [12/May/2020:10:33:42 +0800] "POST /xingrg/kc/base/wldb_order_operate.html HTTP/1.1" 200 12
180.162.232.172 - - [12/May/2020:10:33:42 +0800] "POST /xingrg/kc/base/wldb_order_operate.html HTTP/1.1" 200 4052
180.175.212.199 - - [12/May/2020:10:33:42 +0800] "GET /xingrg/all/function/internal_message.html?_=1589251018966&CODE_STATE=getMsg HTTP/1.1" 200 27
172.17.0.115 - - [12/May/2020:10:33:42 +0800] "GET /favicon.ico HTTP/1.1" 404 -
124.77.110.230 - - [12/May/2020:10:33:42 +0800] "GET /xingrg/kc/buy/cgsh_order_add.html HTTP/1.1" 200 58548
172.17.0.110 - - [12/May/2020:10:33:43 +0800] "POST /xingrg/kc/buy/cgsh_list_operate.html HTTP/1.1" 200 5204
124.77.110.230 - - [12/May/2020:10:33:43 +0800] "GET /xingrg/words/20200512093422_words.js HTTP/1.1" 200 726681
124.77.110.230 - - [12/May/2020:10:33:43 +0800] "POST /xingrg/kc/buy/cgsh_order_operate.html HTTP/1.1" 200 8245
124.77.110.230 - - [12/May/2020:10:33:44 +0800] "GET /xingrg/javascript/easyui/themes/default/validatebox.css HTTP/1.1" 404 1104
180.162.232.172 - - [12/May/2020:10:33:44 +0800] "GET /xingrg/kc/base/wldb_order_info.html?code=422020051201125 HTTP/1.1" 200 26195
172.17.0.110 - - [12/May/2020:10:33:44 +0800] "POST /xingrg/kc/buy/cgsh_list_operate.html HTTP/1.1" 200 599
180.162.232.172 - - [12/May/2020:10:33:44 +0800] "GET /xingrg/javascript/easyui/themes/default/validatebox.css HTTP/1.1" 404 1104
180.162.232.172 - - [12/May/2020:10:33:44 +0800] "POST /xingrg/kc/base/wldb_order_operate.html HTTP/1.1" 200 2306
172.17.0.110 - - [12/May/2020:10:33:44 +0800] "GET /xingrg/kc/buy/cgsh_order_info.html?code=212020051103915 HTTP/1.1" 200 58383
172.17.0.110 - - [12/May/2020:10:33:45 +0800] "GET /xingrg/words/20200512093422_words.js HTTP/1.1" 200 726681
114.86.190.97 - - [12/May/2020:10:33:45 +0800] "POST /xingrg/services/DataTransmitService HTTP/1.1" 200 524
172.17.0.110 - - [12/May/2020:10:33:45 +0800] "GET /xingrg/all/common/auto_word.html?type=employee&rest_code=00147 HTTP/1.1" 200 151
172.17.0.110 - - [12/May/2020:10:33:45 +0800] "GET /xingrg/all/common/auto_word.html?type=employee&rest_code=00147 HTTP/1.1" 200 151
172.17.0.110 - - [12/May/2020:10:33:45 +0800] "GET /xingrg/javascript/easyui/themes/default/validatebox.css HTTP/1.1" 404 1104
172.17.0.110 - - [12/May/2020:10:33:45 +0800] "POST /xingrg/kc/buy/cgsh_order_operate.html HTTP/1.1" 200 6271
180.162.232.172 - - [12/May/2020:10:33:46 +0800] "GET /xingrg/kc/base/wldb_order_add.html HTTP/1.1" 200 30322
180.162.232.172 - - [12/May/2020:10:33:47 +0800] "POST /xingrg/kc/base/wldb_order_operate.html HTTP/1.1" 200 6806
180.162.232.172 - - [12/May/2020:10:33:47 +0800] "GET /xingrg/javascript/easyui/themes/default/validatebox.css HTTP/1.1" 404 1104
114.86.190.97 - - [12/May/2020:10:33:48 +0800] "GET /xingrg/login.html HTTP/1.1" 200 7641
172.17.0.110 - - [12/May/2020:10:33:48 +0800] "POST /xingrg/kc/buy/cgsh_list_operate.html HTTP/1.1" 200 578
114.86.190.97 - - [12/May/2020:10:33:49 +0800] "POST /xingrg/services/DataTransmitService HTTP/1.1" 200 501
172.17.0.110 - - [12/May/2020:10:33:49 +0800] "POST /xingrg/kc/buy/cgsh_list_operate.html HTTP/1.1" 200 276
114.86.190.97 - - [12/May/2020:10:33:49 +0800] "POST /xingrg/services/DataTransmitService HTTP/1.1" 200 501
172.17.0.110 - - [12/May/2020:10:33:50 +0800] "GET /xingrg/kc/buy/cgsh_order_info.html?code=212020051103869 HTTP/1.1" 200 53281
172.17.0.110 - - [12/May/2020:10:33:50 +0800] "GET /xingrg/javascript/easyui/themes/default/validatebox.css HTTP/1.1" 404 1104
172.17.0.110 - - [12/May/2020:10:33:51 +0800] "POST /xingrg/kc/buy/cgsh_order_operate.html HTTP/1.1" 200 1198
114.86.190.97 - - [12/May/2020:10:33:51 +0800] "POST /xingrg/services/DataTransmitService HTTP/1.1" 500 1621
172.17.0.110 - - [12/May/2020:10:33:52 +0800] "GET /xingrg/kc/print/load_config.html?kc_code=cgsh HTTP/1.1" 200 1845
114.86.190.97 - - [12/May/2020:10:33:52 +0800] "GET /favicon.ico HTTP/1.1" 404 -
172.17.0.110 - - [12/May/2020:10:33:52 +0800] "GET /xingrg/kc/print/load_data.html?order_code=212020051103869&kc_code=cgsh&condition= HTTP/1.1" 200 911
172.17.0.185 - - [12/May/2020:10:33:52 +0800] "GET /xingrg/all/function/internal_message.html?_=1589250830512&CODE_STATE=getMsg HTTP/1.1" 200 27
172.17.0.185 - - [12/May/2020:10:33:52 +0800] "GET /xingrg/check_reg.html?_=1589250830519 HTTP/1.1" 200 22
114.84.33.255 - - [12/May/2020:10:33:55 +0800] "GET /xingrg/all/function/internal_message.html?_=1589250839864&CODE_STATE=getMsg HTTP/1.1" 200 27
124.77.110.230 - - [12/May/2020:10:33:58 +0800] "GET /xingrg/kc/buy/cgsh_order_operate.html?command=get_materiel&rest_code=00107&code=00101009050&supplier_code=00100022&order_time=2020-05-12 HTTP/1.1" 200 408
116.232.33.186 - - [12/May/2020:10:34:00 +0800] "POST /xingrg/services/DataTransmitService HTTP/1.1" 200 524
172.17.0.120 - - [12/May/2020:10:34:00 +0800] "GET /xingrg/all/function/internal_message.html?_=1589250838469&CODE_STATE=getMsg HTTP/1.1" 200 27
116.232.33.186 - - [12/May/2020:10:34:00 +0800] "POST /xingrg/services/DataTransmitService HTTP/1.1" 200 501
172.17.0.110 - - [12/May/2020:10:34:00 +0800] "POST /xingrg/kc/buy/cgsh_list_operate.html HTTP/1.1" 200 5204
117.131.5.26 - - [12/May/2020:10:34:00 +0800] "GET /xingrg/all/function/internal_message.html?_=1589251197779&CODE_STATE=getMsg HTTP/1.1" 200 27
117.131.5.26 - - [12/May/2020:10:34:00 +0800] "GET /xingrg/check_reg.html?_=1589251197780 HTTP/1.1" 200 22
172.17.0.110 - - [12/May/2020:10:34:01 +0800] "POST /xingrg/kc/buy/cgsh_list_operate.html HTTP/1.1" 200 202
172.17.0.110 - - [12/May/2020:10:34:01 +0800] "GET /xingrg/kc/buy/cgsh_order_info.html?code=212020051103871 HTTP/1.1" 200 53281
172.17.0.110 - - [12/May/2020:10:34:01 +0800] "GET /xingrg/javascript/easyui/themes/default/validatebox.css HTTP/1.1" 404 1104
114.84.32.201 - - [12/May/2020:10:34:01 +0800] "GET /xingrg/all/function/internal_message.html?_=1589250839732&CODE_STATE=getMsg HTTP/1.1" 200 27
172.17.0.110 - - [12/May/2020:10:34:01 +0800] "POST /xingrg/kc/buy/cgsh_order_operate.html HTTP/1.1" 200 609
101.83.241.62 - - [12/May/2020:10:34:02 +0800] "GET /xingrg/kc/buy/cgsh_order_list.html HTTP/1.1" 200 42763
172.17.0.110 - - [12/May/2020:10:34:02 +0800] "GET /xingrg/kc/print/load_data.html?order_code=212020051103871&kc_code=cgsh&condition= HTTP/1.1" 200 686
101.83.241.62 - - [12/May/2020:10:34:03 +0800] "POST /xingrg/kc/buy/cgsh_list_operate.html HTTP/1.1" 200 1690
172.17.0.115 - - [12/May/2020:10:34:03 +0800] "POST /xingrg/dwr/call/plaincall/AjaxReportQueryService.refreshCache.dwr HTTP/1.1" 200 78
101.83.241.62 - - [12/May/2020:10:34:04 +0800] "GET /xingrg/kc/buy/cgsh_order_add.html HTTP/1.1" 200 58501
172.17.0.115 - - [12/May/2020:10:34:04 +0800] "POST /xingrg/all/report/load_report_page.html HTTP/1.1" 200 23216
172.17.0.115 - - [12/May/2020:10:34:04 +0800] "GET /xingrg/servlets/image?cache=0.6501495383552645&image=px HTTP/1.1" 200 807
101.83.241.62 - - [12/May/2020:10:34:04 +0800] "GET /xingrg/words/20200512093422_words.js HTTP/1.1" 200 726681
101.83.241.62 - - [12/May/2020:10:34:04 +0800] "POST /xingrg/kc/buy/cgsh_order_operate.html HTTP/1.1" 200 8245
101.83.241.62 - - [12/May/2020:10:34:04 +0800] "GET /xingrg/javascript/easyui/themes/default/validatebox.css HTTP/1.1" 404 1104
101.85.52.41 - - [12/May/2020:10:34:05 +0800] "GET /xingrg/all/function/internal_message.html?_=1589250372099&CODE_STATE=getMsg HTTP/1.1" 200 27
101.85.52.41 - - [12/May/2020:10:34:05 +0800] "GET /xingrg/check_reg.html?_=1589250372104 HTTP/1.1" 200 22
172.17.0.115 - - [12/May/2020:10:34:05 +0800] "GET /xingrg/all/function/internal_message.html?_=1589250848811&CODE_STATE=getMsg HTTP/1.1" 200 27
172.17.0.110 - - [12/May/2020:10:34:05 +0800] "POST /xingrg/kc/buy/cgsh_list_operate.html HTTP/1.1" 200 5204
101.83.241.62 - - [12/May/2020:10:34:06 +0800] "GET /xingrg/javascript/auto/indicator.gif HTTP/1.1" 404 1066
172.17.0.115 - - [12/May/2020:10:34:06 +0800] "GET /xingrg/dma/order_info.html?id=244119&sid=7&sale_day=20200403 HTTP/1.1" 200 6171
172.17.0.115 - - [12/May/2020:10:34:06 +0800] "GET /favicon.ico HTTP/1.1" 404 -
172.17.0.110 - - [12/May/2020:10:34:06 +0800] "POST /xingrg/kc/buy/cgsh_list_operate.html HTTP/1.1" 200 350
101.83.241.62 - - [12/May/2020:10:34:06 +0800] "GET /xingrg/javascript/jquery_tools/images/prev.gif HTTP/1.1" 404 1086
101.83.241.62 - - [12/May/2020:10:34:06 +0800] "GET /xingrg/javascript/jquery_tools/images/next.gif HTTP/1.1" 404 1086
172.17.0.110 - - [12/May/2020:10:34:07 +0800] "GET /xingrg/kc/buy/cgsh_order_info.html?code=212020051103863 HTTP/1.1" 200 53281
172.17.0.110 - - [12/May/2020:10:34:07 +0800] "GET /xingrg/javascript/easyui/themes/default/validatebox.css HTTP/1.1" 404 1104
172.17.0.110 - - [12/May/2020:10:34:08 +0800] "POST /xingrg/kc/buy/cgsh_order_operate.html HTTP/1.1" 200 1788
172.17.0.110 - - [12/May/2020:10:34:08 +0800] "GET /xingrg/kc/print/load_data.html?order_code=212020051103863&kc_code=cgsh&condition= HTTP/1.1" 200 1140
114.84.151.157 - - [12/May/2020:10:34:10 +0800] "GET /xingrg/check_reg.html?_=1589250846261 HTTP/1.1" 200 22
114.84.151.157 - - [12/May/2020:10:34:10 +0800] "GET /xingrg/all/function/internal_message.html?_=1589250846263&CODE_STATE=getMsg HTTP/1.1" 200 27
180.162.232.172 - - [12/May/2020:10:34:10 +0800] "GET /xingrg/check_reg.html?_=1589250851390 HTTP/1.1" 200 22
180.162.232.172 - - [12/May/2020:10:34:10 +0800] "GET /xingrg/all/function/internal_message.html?_=1589250851394&CODE_STATE=getMsg HTTP/1.1" 200 27
117.185.32.26 - - [12/May/2020:10:34:11 +0800] "GET /xingrg/all/function/internal_message.html?_=1589251273426&CODE_STATE=getMsg HTTP/1.1" 200 27
117.185.32.26 - - [12/May/2020:10:34:11 +0800] "GET /xingrg/check_reg.html?_=1589251273429 HTTP/1.1" 200 22
124.77.110.230 - - [12/May/2020:10:34:11 +0800] "POST /xingrg/kc/buy/cgsh_order_operate.html HTTP/1.1" 200 37
172.17.0.110 - - [12/May/2020:10:34:12 +0800] "POST /xingrg/kc/buy/cgsh_list_operate.html HTTP/1.1" 200 5204
124.77.110.230 - - [12/May/2020:10:34:12 +0800] "POST /xingrg/kc/buy/cgsh_order_operate.html HTTP/1.1" 200 2653
172.17.0.110 - - [12/May/2020:10:34:12 +0800] "POST /xingrg/kc/buy/cgsh_list_operate.html HTTP/1.1" 200 273
172.17.0.110 - - [12/May/2020:10:34:13 +0800] "GET /xingrg/kc/buy/cgsh_order_info.html?code=212020051103860 HTTP/1.1" 200 53281
172.17.0.110 - - [12/May/2020:10:34:13 +0800] "GET /xingrg/javascript/easyui/themes/default/validatebox.css HTTP/1.1" 404 1104
180.162.232.172 - - [12/May/2020:10:34:13 +0800] "GET /xingrg/kc/base/wldb_order_operate.html?command=get_materiel&rest_code=00150&base_code=0010461&code=00102002433 HTTP/1.1" 200 457
