117.131.5.26 - - [12/May/2020:10:40:00 +0800] "GET /xingrg/all/function/internal_message.html?_=1589251557774&CODE_STATE=getMsg HTTP/1.1" 200 27
114.84.151.157 - - [12/May/2020:10:40:01 +0800] "POST /xingrg/system/rest/edit_item.html HTTP/1.1" 200 4
114.84.151.157 - - [12/May/2020:10:40:01 +0800] "GET /xingrg/system/rest/get_item.html?table=menu&target=menu_rest&id=2023&_=1589251108932 HTTP/1.1" 200 855
114.84.32.201 - - [12/May/2020:10:40:01 +0800] "GET /xingrg/all/function/internal_message.html?_=1589251199634&CODE_STATE=getMsg HTTP/1.1" 200 27
114.86.190.97 - - [12/May/2020:10:40:02 +0800] "GET /xingrg/check_reg.html?_=1589251194800 HTTP/1.1" 200 22
114.86.190.97 - - [12/May/2020:10:40:02 +0800] "GET /xingrg/all/function/internal_message.html?_=1589251194808&CODE_STATE=getMsg HTTP/1.1" 200 27
172.17.0.120 - - [12/May/2020:10:40:03 +0800] "POST /xingrg/kc/buy/cgsh_list_operate.html HTTP/1.1" 200 3946
172.17.0.120 - - [12/May/2020:10:40:04 +0800] "POST /xingrg/kc/buy/cgsh_list_operate.html HTTP/1.1" 200 274
124.77.110.230 - - [12/May/2020:10:40:04 +0800] "GET /xingrg/kc/buy/cgsh_order_add.html HTTP/1.1" 200 58548
124.77.110.230 - - [12/May/2020:10:40:04 +0800] "POST /xingrg/kc/buy/cgsh_order_operate.html HTTP/1.1" 200 8245
124.77.110.230 - - [12/May/2020:10:40:04 +0800] "GET /xingrg/javascript/easyui/themes/default/validatebox.css HTTP/1.1" 404 1104
116.232.49.71 - - [12/May/2020:10:40:05 +0800] "GET /xingrg/kc/buy/cgsh_order_operate.html?command=get_materiel&rest_code=00109&code=00101009016&supplier_code=00100022&order_time=2020-05-12 HTTP/1.1" 200 412
172.17.0.115 - - [12/May/2020:10:40:05 +0800] "GET /xingrg/all/function/internal_message.html?_=1589251208900&CODE_STATE=getMsg HTTP/1.1" 200 27
172.17.0.120 - - [12/May/2020:10:40:05 +0800] "GET /xingrg/kc/buy/cgsh_order_info.html?code=212020050601503 HTTP/1.1" 200 53668
172.17.0.120 - - [12/May/2020:10:40:05 +0800] "GET /xingrg/javascript/easyui/themes/default/validatebox.css HTTP/1.1" 404 1104
172.17.0.120 - - [12/May/2020:10:40:06 +0800] "POST /xingrg/kc/buy/cgsh_order_operate.html HTTP/1.1" 200 1196
101.85.52.41 - - [12/May/2020:10:40:07 +0800] "GET /xingrg/all/function/internal_message.html?_=1589250732105&CODE_STATE=getMsg HTTP/1.1" 200 27
114.84.151.157 - - [12/May/2020:10:40:07 +0800] "GET /xingrg/all/function/internal_message.html?_=1589251115560&CODE_STATE=getMsg HTTP/1.1" 200 27
172.17.0.120 - - [12/May/2020:10:40:08 +0800] "GET /xingrg/all/function/internal_message.html?_=1589251206892&CODE_STATE=getMsg HTTP/1.1" 200 27
114.86.190.97 - - [12/May/2020:10:40:09 +0800] "GET /xingrg/system/rest/query_items.html?_=1589251201400&table=menu&page=1&rows=20&categoryId=&key=2001 HTTP/1.1" 200 249
114.84.151.157 - - [12/May/2020:10:40:09 +0800] "GET /xingrg/system/rest/query_items.html?_=1589251117440&table=menu&page=1&rows=20&categoryId=&key=%25E5%25B0%258F%25E9%259D%2592%25E9%25BE%2599 HTTP/1.1" 200 1500
114.84.151.157 - - [12/May/2020:10:40:10 +0800] "GET /xingrg/all/function/internal_message.html?_=1589251206298&CODE_STATE=getMsg HTTP/1.1" 200 27
114.86.190.97 - - [12/May/2020:10:40:10 +0800] "GET /xingrg/system/rest/query_items.html?_=1589251202651&table=menu&page=1&rows=20&categoryId=&key=2001 HTTP/1.1" 200 249
180.162.232.172 - - [12/May/2020:10:40:10 +0800] "GET /xingrg/all/function/internal_message.html?_=1589251211398&CODE_STATE=getMsg HTTP/1.1" 200 27
114.86.190.97 - - [12/May/2020:10:40:10 +0800] "GET /xingrg/system/rest/get_item.html?table=menu&id=2001&_=1589251203136 HTTP/1.1" 200 935
114.86.190.97 - - [12/May/2020:10:40:10 +0800] "GET /xingrg/system/rest/get_item.html?table=menu&target=menu_rest&id=2001&_=1589251203154 HTTP/1.1" 200 653
114.86.190.97 - - [12/May/2020:10:40:10 +0800] "GET /xingrg/system/rest/get_item.html?table=menu&target=cook_mode&id=2001&_=1589251203152 HTTP/1.1" 200 8443
117.185.32.26 - - [12/May/2020:10:40:11 +0800] "GET /xingrg/all/function/internal_message.html?_=1589251633454&CODE_STATE=getMsg HTTP/1.1" 200 27
114.86.190.97 - - [12/May/2020:10:40:11 +0800] "GET /xingrg/system/rest/get_infos.html?command=menu_img_show&id=2001 HTTP/1.1" 200 5
114.84.151.157 - - [12/May/2020:10:40:11 +0800] "GET /xingrg/system/rest/query_items.html?_=1589251119078&table=menu&page=1&rows=20&categoryId=&key=%25E5%25B0%258F%25E9%259D%2592%25E9%25BE%2599 HTTP/1.1" 200 1500
114.84.151.157 - - [12/May/2020:10:40:11 +0800] "GET /xingrg/system/rest/get_item.html?table=menu&id=7000&_=1589251119454 HTTP/1.1" 200 975
114.84.151.157 - - [12/May/2020:10:40:11 +0800] "GET /xingrg/system/rest/get_item.html?table=menu&target=cook_mode&id=7000&_=1589251119472 HTTP/1.1" 200 829
114.84.151.157 - - [12/May/2020:10:40:11 +0800] "GET /xingrg/system/rest/get_item.html?table=menu&target=menu_rest&id=7000&_=1589251119473 HTTP/1.1" 200 70
114.84.151.157 - - [12/May/2020:10:40:12 +0800] "GET /xingrg/system/rest/get_infos.html?command=menu_img_show&id=7000 HTTP/1.1" 200 5
172.17.0.120 - - [12/May/2020:10:40:12 +0800] "POST /xingrg/kc/buy/cgsh_list_operate.html HTTP/1.1" 200 3946
180.171.124.178 - - [12/May/2020:10:40:14 +0800] "GET /xingrg/all/function/internal_message.html?_=1589251210861&CODE_STATE=getMsg HTTP/1.1" 200 27
114.86.190.97 - - [12/May/2020:10:40:14 +0800] "GET /xingrg/system/rest/get_item.html?table=menu&target=menu_rest_detail&id=2001&sid=14&_=1589251207280 HTTP/1.1" 200 427
58.40.7.146 - - [12/May/2020:10:40:16 +0800] "GET /xingrg/all/function/internal_message.html?_=1589251214643&CODE_STATE=getMsg HTTP/1.1" 200 27
58.40.7.146 - - [12/May/2020:10:40:16 +0800] "GET /xingrg/check_reg.html?_=1589251214645 HTTP/1.1" 200 22
116.232.49.71 - - [12/May/2020:10:40:17 +0800] "POST /xingrg/kc/buy/cgsh_order_operate.html HTTP/1.1" 200 37
117.184.7.30 - - [12/May/2020:10:40:17 +0800] "GET /xingrg/check_reg.html?_=1589251213445 HTTP/1.1" 200 22
117.184.7.30 - - [12/May/2020:10:40:17 +0800] "GET /xingrg/all/function/internal_message.html?_=1589251213444&CODE_STATE=getMsg HTTP/1.1" 200 27
116.232.49.71 - - [12/May/2020:10:40:18 +0800] "POST /xingrg/kc/buy/cgsh_order_operate.html HTTP/1.1" 200 5620
116.232.49.71 - - [12/May/2020:10:40:20 +0800] "GET /xingrg/kc/print/load_config.html?kc_code=cgsh HTTP/1.1" 200 1845
116.232.49.71 - - [12/May/2020:10:40:20 +0800] "GET /xingrg/kc/print/load_data.html?order_code=212020051203980&kc_code=cgsh&condition= HTTP/1.1" 200 1823
114.84.151.157 - - [12/May/2020:10:40:22 +0800] "GET /xingrg/system/rest/query_items.html?_=1589251130051&table=menu&page=1&rows=20&categoryId=&key=%25E4%25B8%259C%25E6%2598%259F HTTP/1.1" 200 3054
101.83.241.62 - - [12/May/2020:10:40:23 +0800] "GET /xingrg/all/function/internal_message.html?_=1589251220085&CODE_STATE=getMsg HTTP/1.1" 200 27
101.83.241.62 - - [12/May/2020:10:40:23 +0800] "GET /xingrg/check_reg.html?_=1589251220095 HTTP/1.1" 200 22
172.17.0.106 - - [12/May/2020:10:40:23 +0800] "GET /xingrg/all/function/internal_message.html?_=1589251222550&CODE_STATE=getMsg HTTP/1.1" 200 27
114.84.151.157 - - [12/May/2020:10:40:24 +0800] "GET /xingrg/system/rest/query_items.html?_=1589251132015&table=menu&page=1&rows=20&categoryId=&key=%25E4%25B8%259C%25E6%2598%259F HTTP/1.1" 200 3054
114.84.151.157 - - [12/May/2020:10:40:24 +0800] "GET /xingrg/system/rest/get_item.html?table=menu&id=1903&_=1589251132356 HTTP/1.1" 200 997
114.84.151.157 - - [12/May/2020:10:40:24 +0800] "GET /xingrg/system/rest/get_item.html?table=menu&target=menu_rest&id=1903&_=1589251132378 HTTP/1.1" 200 1074
114.84.151.157 - - [12/May/2020:10:40:24 +0800] "GET /xingrg/system/rest/get_item.html?table=menu&target=cook_mode&id=1903&_=1589251132376 HTTP/1.1" 200 12632
116.232.49.71 - - [12/May/2020:10:40:24 +0800] "GET /xingrg/kc/buy/cgsh_order_add.html HTTP/1.1" 200 58536
116.232.49.71 - - [12/May/2020:10:40:24 +0800] "GET /xingrg/words/20200512093422_words.js HTTP/1.1" 304 -
116.232.49.71 - - [12/May/2020:10:40:25 +0800] "POST /xingrg/kc/buy/cgsh_order_operate.html HTTP/1.1" 200 8245
116.232.49.71 - - [12/May/2020:10:40:25 +0800] "GET /xingrg/all/common/auto_word.html?type=employee&rest_code=00109 HTTP/1.1" 200 255
116.232.49.71 - - [12/May/2020:10:40:25 +0800] "GET /xingrg/all/common/auto_word.html?type=employee&rest_code=00109 HTTP/1.1" 200 255
116.232.49.71 - - [12/May/2020:10:40:25 +0800] "GET /xingrg/javascript/easyui/themes/default/validatebox.css HTTP/1.1" 404 1104
114.84.151.157 - - [12/May/2020:10:40:25 +0800] "GET /xingrg/system/rest/get_infos.html?command=menu_img_show&id=1903 HTTP/1.1" 200 5
180.175.212.199 - - [12/May/2020:10:40:26 +0800] "GET /xingrg/kc/buy/cgsh_order_info.html?code=212020051203979 HTTP/1.1" 200 53314
180.162.232.172 - - [12/May/2020:10:40:27 +0800] "GET /xingrg/all/function/internal_message.html?_=1589251352660&CODE_STATE=getMsg HTTP/1.1" 200 27
180.175.212.199 - - [12/May/2020:10:40:27 +0800] "GET /xingrg/javascript/easyui/themes/default/validatebox.css HTTP/1.1" 404 1104
180.175.212.199 - - [12/May/2020:10:40:27 +0800] "GET /xingrg/all/function/internal_message.html?_=1589251423868&CODE_STATE=getMsg HTTP/1.1" 200 27
180.175.212.199 - - [12/May/2020:10:40:27 +0800] "POST /xingrg/kc/buy/cgsh_order_operate.html HTTP/1.1" 200 609
114.84.33.255 - - [12/May/2020:10:40:28 +0800] "GET /xingrg/check_reg.html?_=1589251232987 HTTP/1.1" 200 22
172.17.0.101 - - [12/May/2020:10:40:29 +0800] "GET /xingrg/all/function/internal_message.html?_=1589251228507&CODE_STATE=getMsg HTTP/1.1" 200 27
172.17.0.110 - - [12/May/2020:10:40:29 +0800] "GET /xingrg/all/function/internal_message.html?_=1589251227763&CODE_STATE=getMsg HTTP/1.1" 200 27
116.232.49.71 - - [12/May/2020:10:40:30 +0800] "GET /xingrg/all/function/internal_message.html?_=1589251259913&CODE_STATE=getMsg HTTP/1.1" 200 27
172.17.0.120 - - [12/May/2020:10:40:33 +0800] "POST /xingrg/kc/buy/cgsh_list_operate.html HTTP/1.1" 200 276
172.17.0.120 - - [12/May/2020:10:40:35 +0800] "GET /xingrg/kc/buy/cgsh_order_info.html?code=212020050301045 HTTP/1.1" 200 53676
172.17.0.120 - - [12/May/2020:10:40:35 +0800] "GET /xingrg/javascript/easyui/themes/default/validatebox.css HTTP/1.1" 404 1104
124.77.110.230 - - [12/May/2020:10:40:35 +0800] "GET /xingrg/login.html HTTP/1.1" 200 7641
172.17.0.120 - - [12/May/2020:10:40:35 +0800] "POST /xingrg/kc/buy/cgsh_order_operate.html HTTP/1.1" 200 1199
124.77.110.230 - - [12/May/2020:10:40:37 +0800] "GET /favicon.ico HTTP/1.1" 404 -
172.17.0.120 - - [12/May/2020:10:40:39 +0800] "POST /xingrg/kc/buy/cgsh_list_operate.html HTTP/1.1" 200 3946
114.86.190.97 - - [12/May/2020:10:40:39 +0800] "GET /xingrg/system/rest/query_items.html?_=1589251231862&table=menu&page=1&rows=20&categoryId=&key=2001 HTTP/1.1" 200 249
172.17.0.120 - - [12/May/2020:10:40:39 +0800] "POST /xingrg/kc/buy/cgsh_list_operate.html HTTP/1.1" 200 275
180.156.150.85 - - [12/May/2020:10:40:40 +0800] "GET /xingrg/all/function/internal_message.html?_=1589251239862&CODE_STATE=getMsg HTTP/1.1" 200 27
172.17.0.120 - - [12/May/2020:10:40:42 +0800] "POST /xingrg/kc/buy/cgsh_list_operate.html HTTP/1.1" 200 348
180.175.212.199 - - [12/May/2020:10:40:42 +0800] "GET /xingrg/kc/print/load_data.html?order_code=212020051203979&kc_code=cgsh&condition= HTTP/1.1" 200 699
172.17.0.120 - - [12/May/2020:10:40:42 +0800] "POST /xingrg/kc/buy/cgsh_list_operate.html HTTP/1.1" 200 198
172.17.0.120 - - [12/May/2020:10:40:44 +0800] "POST /xingrg/kc/buy/cgsh_list_operate.html HTTP/1.1" 200 274
172.17.0.120 - - [12/May/2020:10:40:44 +0800] "POST /xingrg/kc/buy/cgsh_list_operate.html HTTP/1.1" 200 276
124.77.110.230 - - [12/May/2020:10:40:52 +0800] "POST /xingrg/login.do HTTP/1.1" 302 -
124.77.110.230 - - [12/May/2020:10:40:52 +0800] "GET /xingrg/index.html?sysBaseUrl=http%3A%2F%2F180.169.147.146%3A18081%2Fxingrg%2F&costTime=43×tamp=1589251252038 HTTP/1.1" 200 17179
124.77.110.230 - - [12/May/2020:10:40:52 +0800] "GET /xingrg/javascript/jquery_easy_ui/themes/icon.css HTTP/1.1" 304 -
124.77.110.230 - - [12/May/2020:10:40:52 +0800] "GET /xingrg/javascript/jquery_easy_ui/themes/default/easyui.css HTTP/1.1" 304 -
124.77.110.230 - - [12/May/2020:10:40:52 +0800] "GET /xingrg/css/form.css HTTP/1.1" 304 -
124.77.110.230 - - [12/May/2020:10:40:52 +0800] "GET /xingrg/javascript/jquery_easy_ui/jquery.easyui.min.js HTTP/1.1" 304 -
124.77.110.230 - - [12/May/2020:10:40:52 +0800] "GET /xingrg/javascript/jquery-1.4.2.min.js HTTP/1.1" 304 -
124.77.110.230 - - [12/May/2020:10:40:52 +0800] "GET /xingrg/javascript/jquery_easy_ui/easyui-lang-zh_CN.js HTTP/1.1" 304 -
124.77.110.230 - - [12/May/2020:10:40:52 +0800] "GET /xingrg/javascript/jquery.form.js HTTP/1.1" 304 -
124.77.110.230 - - [12/May/2020:10:40:52 +0800] "GET /xingrg/javascript/jquery.utils.js HTTP/1.1" 304 -
124.77.110.230 - - [12/May/2020:10:40:52 +0800] "GET /xingrg/javascript/jquery.timers.js HTTP/1.1" 304 -
172.17.0.185 - - [12/May/2020:10:40:52 +0800] "GET /xingrg/all/function/internal_message.html?_=1589251250517&CODE_STATE=getMsg HTTP/1.1" 200 27
124.77.110.230 - - [12/May/2020:10:40:52 +0800] "GET /favicon.ico HTTP/1.1" 404 -
124.77.110.230 - - [12/May/2020:10:40:52 +0800] "POST /xingrg/all/common/load_tree.html?tree=area_rest_tree_json&manage=1 HTTP/1.1" 200 476
124.77.110.230 - - [12/May/2020:10:40:52 +0800] "GET /xingrg/all/function/internal_message.html?_=1589250455489&CODE_STATE=count HTTP/1.1" 200 11
124.77.110.230 - - [12/May/2020:10:40:52 +0800] "GET /xingrg/check_reg.html?_=1589250455490 HTTP/1.1" 200 22
124.77.110.230 - - [12/May/2020:10:40:52 +0800] "POST /xingrg/load_menu.html HTTP/1.1" 200 5138
180.175.212.199 - - [12/May/2020:10:40:53 +0800] "GET /xingrg/kc/buy/cgsh_order_add.html HTTP/1.1" 200 58407
180.175.212.199 - - [12/May/2020:10:40:54 +0800] "POST /xingrg/kc/buy/cgsh_order_operate.html HTTP/1.1" 200 8245
180.175.212.199 - - [12/May/2020:10:40:54 +0800] "GET /xingrg/javascript/easyui/themes/default/validatebox.css HTTP/1.1" 404 1104
124.77.110.230 - - [12/May/2020:10:40:55 +0800] "GET /xingrg/css/site.css HTTP/1.1" 304 -
124.77.110.230 - - [12/May/2020:10:40:55 +0800] "GET /xingrg/css/base.css HTTP/1.1" 304 -
124.77.110.230 - - [12/May/2020:10:40:55 +0800] "GET /xingrg/javascript/jquery_tools/datebox.css HTTP/1.1" 304 -
124.77.110.230 - - [12/May/2020:10:40:55 +0800] "GET /xingrg/javascript/easyui/themes/icon.css HTTP/1.1" 304 -
124.77.110.230 - - [12/May/2020:10:40:55 +0800] "GET /xingrg/javascript/jquery_tools/fix.css HTTP/1.1" 304 -
124.77.110.230 - - [12/May/2020:10:40:55 +0800] "GET /xingrg/javascript/auto/jquery.autocomplete.css HTTP/1.1" 304 -
124.77.110.230 - - [12/May/2020:10:40:55 +0800] "GET /xingrg/javascript/easyui/themes/default/easyui.css HTTP/1.1" 304 -
124.77.110.230 - - [12/May/2020:10:40:55 +0800] "GET /xingrg/javascript/jquery_tools/jquery.tools.min.js HTTP/1.1" 304 -
124.77.110.230 - - [12/May/2020:10:40:55 +0800] "GET /xingrg/javascript/jquery_tools/table.css HTTP/1.1" 304 -
124.77.110.230 - - [12/May/2020:10:40:55 +0800] "GET /xingrg/javascript/jquery_tools/jquery.tools.hotkey.js HTTP/1.1" 304 -
124.77.110.230 - - [12/May/2020:10:40:55 +0800] "GET /xingrg/javascript/jquery_tools/jquery.tools.extend.js HTTP/1.1" 304 -
124.77.110.230 - - [12/May/2020:10:40:56 +0800] "GET /xingrg/kc/buy/cgsh_order_list.html HTTP/1.1" 200 42763
114.84.33.255 - - [12/May/2020:10:40:56 +0800] "GET /xingrg/all/function/internal_message.html?_=1589251260395&CODE_STATE=getMsg HTTP/1.1" 200 27
124.77.110.230 - - [12/May/2020:10:40:57 +0800] "GET /xingrg/javascript/jquery_tools/jquery.tools.table.js HTTP/1.1" 304 -
124.77.110.230 - - [12/May/2020:10:40:57 +0800] "GET /xingrg/javascript/jquery_tools/list_manager.js HTTP/1.1" 304 -
124.77.110.230 - - [12/May/2020:10:40:57 +0800] "GET /xingrg/javascript/auto/jquery.autocomplete.js HTTP/1.1" 304 -
124.77.110.230 - - [12/May/2020:10:40:57 +0800] "GET /xingrg/javascript/jquery.cookie.js HTTP/1.1" 304 -
124.77.110.230 - - [12/May/2020:10:40:57 +0800] "GET /xingrg/javascript/easyui/easyloader.js HTTP/1.1" 304 -
124.77.110.230 - - [12/May/2020:10:40:57 +0800] "GET /xingrg/javascript/print/LodopFuncs.js HTTP/1.1" 304 -
124.77.110.230 - - [12/May/2020:10:40:57 +0800] "GET /xingrg/javascript/easyui/plugins/jquery.parser.js HTTP/1.1" 304 -
124.77.110.230 - - [12/May/2020:10:40:59 +0800] "POST /xingrg/kc/buy/cgsh_list_operate.html HTTP/1.1" 200 3492
124.77.110.230 - - [12/May/2020:10:41:00 +0800] "GET /xingrg/javascript/pic_change.js HTTP/1.1" 304 -
124.77.110.230 - - [12/May/2020:10:41:00 +0800] "GET /xingrg/kc/buy/cgsh_order_add.html HTTP/1.1" 200 58548
124.77.110.230 - - [12/May/2020:10:41:00 +0800] "GET /xingrg/javascript/jquery_tools/order_manager.js HTTP/1.1" 304 -
124.77.110.230 - - [12/May/2020:10:41:00 +0800] "GET /xingrg/javascript/convert.js HTTP/1.1" 304 -
124.77.110.230 - - [12/May/2020:10:41:00 +0800] "GET /xingrg/javascript/json2.js HTTP/1.1" 304 -
124.77.110.230 - - [12/May/2020:10:41:00 +0800] "GET /xingrg/javascript/print/kc_print.js HTTP/1.1" 304 -
117.131.5.26 - - [12/May/2020:10:41:00 +0800] "GET /xingrg/all/function/internal_message.html?_=1589251617788&CODE_STATE=getMsg HTTP/1.1" 200 27
124.77.110.230 - - [12/May/2020:10:41:00 +0800] "GET /xingrg/words/20200512093422_words.js HTTP/1.1" 304 -
124.77.110.230 - - [12/May/2020:10:41:01 +0800] "POST /xingrg/kc/buy/cgsh_order_operate.html HTTP/1.1" 200 8245
124.77.110.230 - - [12/May/2020:10:41:01 +0800] "GET /xingrg/all/common/auto_word.html?type=employee&rest_code=00107 HTTP/1.1" 200 197
124.77.110.230 - - [12/May/2020:10:41:01 +0800] "GET /xingrg/all/common/auto_word.html?type=employee&rest_code=00107 HTTP/1.1" 200 197
124.77.110.230 - - [12/May/2020:10:41:01 +0800] "GET /xingrg/javascript/easyui/themes/default/validatebox.css HTTP/1.1" 404 1104
124.77.110.230 - - [12/May/2020:10:41:01 +0800] "GET /xingrg/javascript/easyui/plugins/jquery.validatebox.js HTTP/1.1" 304 -
124.77.110.230 - - [12/May/2020:10:41:01 +0800] "GET /xingrg/javascript/easyui/plugins/jquery.numberbox.js HTTP/1.1" 304 -
114.84.32.201 - - [12/May/2020:10:41:01 +0800] "GET /xingrg/all/function/internal_message.html?_=1589251259617&CODE_STATE=getMsg HTTP/1.1" 200 27
114.86.190.97 - - [12/May/2020:10:41:02 +0800] "GET /xingrg/all/function/internal_message.html?_=1589251254800&CODE_STATE=getMsg HTTP/1.1" 200 27
114.86.190.97 - - [12/May/2020:10:41:04 +0800] "GET /xingrg/system/rest/query_items.html?_=1589251257197&table=menu&page=1&rows=20&categoryId=&key=%25E8%2580%2581%25E8%2599%258E%25E6%2596%2591 HTTP/1.1" 200 3694
172.17.0.120 - - [12/May/2020:10:41:04 +0800] "POST /xingrg/kc/buy/cgsh_list_operate.html HTTP/1.1" 200 4
101.85.52.41 - - [12/May/2020:10:41:05 +0800] "GET /xingrg/all/function/internal_message.html?_=1589250792105&CODE_STATE=getMsg HTTP/1.1" 200 27
172.17.0.115 - - [12/May/2020:10:41:05 +0800] "GET /xingrg/all/function/internal_message.html?_=1589251268907&CODE_STATE=getMsg HTTP/1.1" 200 27
114.86.190.97 - - [12/May/2020:10:41:06 +0800] "GET /xingrg/system/rest/query_items.html?_=1589251258571&table=menu&page=1&rows=20&categoryId=&key=%25E8%2580%2581%25E8%2599%258E%25E6%2596%2591 HTTP/1.1" 200 3694
172.17.0.120 - - [12/May/2020:10:41:06 +0800] "POST /xingrg/kc/buy/cgsh_list_operate.html HTTP/1.1" 200 3833
114.86.190.97 - - [12/May/2020:10:41:06 +0800] "GET /xingrg/system/rest/get_item.html?table=menu&id=1909&_=1589251259178 HTTP/1.1" 200 941
114.86.190.97 - - [12/May/2020:10:41:06 +0800] "GET /xingrg/system/rest/get_item.html?table=menu&target=menu_rest&id=1909&_=1589251259196 HTTP/1.1" 200 762
114.86.190.97 - - [12/May/2020:10:41:06 +0800] "GET /xingrg/system/rest/get_item.html?table=menu&target=cook_mode&id=1909&_=1589251259194 HTTP/1.1" 200 11038
114.86.190.97 - - [12/May/2020:10:41:07 +0800] "GET /xingrg/system/rest/get_infos.html?command=menu_img_show&id=1909 HTTP/1.1" 200 5
114.84.151.157 - - [12/May/2020:10:41:07 +0800] "GET /xingrg/all/function/internal_message.html?_=1589251175574&CODE_STATE=getMsg HTTP/1.1" 200 27
124.77.110.230 - - [12/May/2020:10:41:08 +0800] "GET /xingrg/javascript/auto/indicator.gif HTTP/1.1" 404 1066
172.17.0.120 - - [12/May/2020:10:41:08 +0800] "GET /xingrg/all/function/internal_message.html?_=1589251266882&CODE_STATE=getMsg HTTP/1.1" 200 27
114.86.190.97 - - [12/May/2020:10:41:09 +0800] "GET /xingrg/system/rest/get_item.html?table=menu&target=menu_rest_detail&id=1909&sid=14&_=1589251262320 HTTP/1.1" 200 426
114.84.151.157 - - [12/May/2020:10:41:10 +0800] "GET /xingrg/all/function/internal_message.html?_=1589251266297&CODE_STATE=getMsg HTTP/1.1" 200 27
180.162.232.172 - - [12/May/2020:10:41:10 +0800] "GET /xingrg/all/function/internal_message.html?_=1589251271384&CODE_STATE=getMsg HTTP/1.1" 200 27
180.156.150.85 - - [12/May/2020:10:41:10 +0800] "GET /xingrg/kc/buy/cgsh_order_add.html HTTP/1.1" 200 58495
117.185.32.26 - - [12/May/2020:10:41:11 +0800] "GET /xingrg/all/function/internal_message.html?_=1589251693455&CODE_STATE=getMsg HTTP/1.1" 200 27
180.156.150.85 - - [12/May/2020:10:41:11 +0800] "GET /xingrg/javascript/easyui/themes/default/validatebox.css HTTP/1.1" 404 1104
180.156.150.85 - - [12/May/2020:10:41:11 +0800] "POST /xingrg/kc/buy/cgsh_order_operate.html HTTP/1.1" 200 8245
124.77.110.230 - - [12/May/2020:10:41:13 +0800] "GET /xingrg/kc/buy/cgsh_order_operate.html?command=get_materiel&rest_code=00107&code=00101003041&supplier_code=&order_time=2020-05-12 HTTP/1.1" 200 414
180.171.124.178 - - [12/May/2020:10:41:14 +0800] "GET /xingrg/all/function/internal_message.html?_=1589251271309&CODE_STATE=getMsg HTTP/1.1" 200 27
58.40.7.146 - - [12/May/2020:10:41:16 +0800] "GET /xingrg/all/function/internal_message.html?_=1589251274647&CODE_STATE=getMsg HTTP/1.1" 200 27
114.86.190.97 - - [12/May/2020:10:41:17 +0800] "POST /xingrg/system/rest/edit_item.html HTTP/1.1" 200 4
114.86.190.97 - - [12/May/2020:10:41:17 +0800] "GET /xingrg/system/rest/get_item.html?table=menu&target=menu_rest&id=1909&_=1589251269445 HTTP/1.1" 200 763
117.184.7.30 - - [12/May/2020:10:41:17 +0800] "GET /xingrg/all/function/internal_message.html?_=1589251273445&CODE_STATE=getMsg HTTP/1.1" 200 27
101.83.241.62 - - [12/May/2020:10:41:23 +0800] "GET /xingrg/all/function/internal_message.html?_=1589251280081&CODE_STATE=getMsg HTTP/1.1" 200 27
172.17.0.106 - - [12/May/2020:10:41:23 +0800] "GET /xingrg/all/function/internal_message.html?_=1589251282557&CODE_STATE=getMsg HTTP/1.1" 200 27
114.86.190.97 - - [12/May/2020:10:41:24 +0800] "GET /xingrg/system/rest/query_items.html?_=1589251276602&table=menu&page=1&rows=20&categoryId=&key=%25E8%258A%25B1%25E8%259E%25BA HTTP/1.1" 200 298
180.175.212.199 - - [12/May/2020:10:41:25 +0800] "GET /xingrg/check_reg.html?_=1589251481891 HTTP/1.1" 200 22
114.86.190.97 - - [12/May/2020:10:41:25 +0800] "GET /xingrg/system/rest/query_items.html?_=1589251278109&table=menu&page=1&rows=20&categoryId=&key=%25E8%258A%25B1%25E8%259E%25BA HTTP/1.1" 200 298
117.131.5.26 - - [12/May/2020:10:41:26 +0800] "GET /xingrg/kc/base/wldb_order_list.html HTTP/1.1" 200 19261
114.86.190.97 - - [12/May/2020:10:41:27 +0800] "GET /xingrg/system/rest/get_item.html?table=menu&id=2054&_=1589251279390 HTTP/1.1" 200 1006
114.86.190.97 - - [12/May/2020:10:41:27 +0800] "GET /xingrg/system/rest/get_item.html?table=menu&target=menu_rest&id=2054&_=1589251279413 HTTP/1.1" 200 775
114.86.190.97 - - [12/May/2020:10:41:27 +0800] "GET /xingrg/system/rest/get_item.html?table=menu&target=cook_mode&id=2054&_=1589251279412 HTTP/1.1" 200 10645
180.162.232.172 - - [12/May/2020:10:41:27 +0800] "GET /xingrg/all/function/internal_message.html?_=1589251412699&CODE_STATE=getMsg HTTP/1.1" 200 27
180.175.212.199 - - [12/May/2020:10:41:27 +0800] "GET /xingrg/all/function/internal_message.html?_=1589251484042&CODE_STATE=getMsg HTTP/1.1" 200 27
114.86.190.97 - - [12/May/2020:10:41:27 +0800] "GET /xingrg/system/rest/get_infos.html?command=menu_img_show&id=2054 HTTP/1.1" 200 5
117.131.5.26 - - [12/May/2020:10:41:27 +0800] "POST /xingrg/kc/base/wldb_list_operate.html HTTP/1.1" 200 928
172.17.0.101 - - [12/May/2020:10:41:29 +0800] "GET /xingrg/all/function/internal_message.html?_=1589251288511&CODE_STATE=getMsg HTTP/1.1" 200 27
172.17.0.101 - - [12/May/2020:10:41:29 +0800] "GET /xingrg/check_reg.html?_=1589251288514 HTTP/1.1" 200 22
117.131.5.26 - - [12/May/2020:10:41:29 +0800] "GET /xingrg/javascript/jquery_tools/images/prev.gif HTTP/1.1" 404 1086
117.131.5.26 - - [12/May/2020:10:41:29 +0800] "GET /xingrg/javascript/jquery_tools/images/next.gif HTTP/1.1" 404 1086
116.232.49.71 - - [12/May/2020:10:41:29 +0800] "GET /xingrg/all/function/internal_message.html?_=1589251319906&CODE_STATE=getMsg HTTP/1.1" 200 27
172.17.0.110 - - [12/May/2020:10:41:29 +0800] "GET /xingrg/all/function/internal_message.html?_=1589251287733&CODE_STATE=getMsg HTTP/1.1" 200 27
114.86.190.97 - - [12/May/2020:10:41:30 +0800] "GET /xingrg/system/rest/get_item.html?table=menu&target=menu_rest_detail&id=2054&sid=14&_=1589251282909 HTTP/1.1" 200 427
117.131.5.26 - - [12/May/2020:10:41:32 +0800] "POST /xingrg/kc/base/wldb_list_operate.html HTTP/1.1" 200 928
117.131.5.26 - - [12/May/2020:10:41:35 +0800] "POST /xingrg/kc/base/wldb_list_operate.html HTTP/1.1" 200 928
117.131.5.26 - - [12/May/2020:10:41:36 +0800] "POST /xingrg/kc/base/wldb_list_operate.html HTTP/1.1" 200 928
116.232.49.71 - - [12/May/2020:10:41:36 +0800] "GET /xingrg/javascript/jquery_tools/images/prev.gif HTTP/1.1" 404 1086
116.232.49.71 - - [12/May/2020:10:41:36 +0800] "GET /xingrg/javascript/jquery_tools/images/next.gif HTTP/1.1" 404 1086
114.86.190.97 - - [12/May/2020:10:41:37 +0800] "POST /xingrg/system/rest/edit_item.html HTTP/1.1" 200 4
114.86.190.97 - - [12/May/2020:10:41:37 +0800] "GET /xingrg/system/rest/get_item.html?table=menu&target=menu_rest&id=2054&_=1589251290187 HTTP/1.1" 200 775
117.131.5.26 - - [12/May/2020:10:41:39 +0800] "POST /xingrg/kc/base/wldb_list_operate.html HTTP/1.1" 200 2613
116.232.49.71 - - [12/May/2020:10:41:40 +0800] "GET /xingrg/kc/buy/cgsh_order_operate.html?command=get_materiel&rest_code=00109&code=00101001111&supplier_code=00100038&order_time=2020-05-12 HTTP/1.1" 200 408
180.156.150.85 - - [12/May/2020:10:41:40 +0800] "GET /xingrg/all/function/internal_message.html?_=1589251299888&CODE_STATE=getMsg HTTP/1.1" 200 27
117.131.5.26 - - [12/May/2020:10:41:42 +0800] "POST /xingrg/kc/base/wldb_list_operate.html HTTP/1.1" 200 482
114.86.190.97 - - [12/May/2020:10:41:48 +0800] "GET /xingrg/system/rest/query_items.html?_=1589251300628&table=menu&page=1&rows=20&categoryId=&key=%25E6%25AF%258D%25E5%258D%25B7 HTTP/1.1" 200 3883
124.77.110.230 - - [12/May/2020:10:41:48 +0800] "GET /xingrg/kc/buy/cgsh_order_list.html HTTP/1.1" 200 42763
116.232.49.71 - - [12/May/2020:10:41:49 +0800] "GET /xingrg/kc/buy/cgsh_order_operate.html?command=get_materiel&rest_code=00109&code=00101005037&supplier_code=00100038&order_time=2020-05-12 HTTP/1.1" 200 409
114.86.190.97 - - [12/May/2020:10:41:49 +0800] "GET /xingrg/system/rest/query_items.html?_=1589251302279&table=menu&page=1&rows=20&categoryId=&key=%25E6%25AF%258D%25E5%258D%25B7 HTTP/1.1" 200 3883
114.86.190.97 - - [12/May/2020:10:41:50 +0800] "GET /xingrg/system/rest/get_item.html?table=menu&id=2084&_=1589251302981 HTTP/1.1" 200 971
114.86.190.97 - - [12/May/2020:10:41:50 +0800] "GET /xingrg/system/rest/get_item.html?table=menu&target=menu_rest&id=2084&_=1589251302999 HTTP/1.1" 200 1143
114.86.190.97 - - [12/May/2020:10:41:50 +0800] "GET /xingrg/system/rest/get_item.html?table=menu&target=cook_mode&id=2084&_=1589251302998 HTTP/1.1" 200 9370
114.86.190.97 - - [12/May/2020:10:41:51 +0800] "GET /xingrg/system/rest/get_infos.html?command=menu_img_show&id=2084 HTTP/1.1" 200 5
180.156.150.85 - - [12/May/2020:10:41:51 +0800] "GET /xingrg/kc/buy/cgsh_order_operate.html?command=get_materiel&rest_code=00105&code=00101002027&supplier_code=00100203&order_time=2020-05-12 HTTP/1.1" 200 413
172.17.0.185 - - [12/May/2020:10:41:52 +0800] "GET /xingrg/all/function/internal_message.html?_=1589251310505&CODE_STATE=getMsg HTTP/1.1" 200 27
124.77.110.230 - - [12/May/2020:10:41:52 +0800] "POST /xingrg/kc/buy/cgsh_list_operate.html HTTP/1.1" 200 5085
124.77.110.230 - - [12/May/2020:10:41:52 +0800] "GET /xingrg/all/function/internal_message.html?_=1589250515496&CODE_STATE=getMsg HTTP/1.1" 200 27
180.175.212.199 - - [12/May/2020:10:41:53 +0800] "GET /xingrg/javascript/easyui/themes/default/tree.css HTTP/1.1" 404 1090
180.175.212.199 - - [12/May/2020:10:41:53 +0800] "POST /xingrg/all/common/load_tree.html?tree=supplier_tree_json&isDelete=1 HTTP/1.1" 200 47975
114.84.33.255 - - [12/May/2020:10:41:56 +0800] "GET /xingrg/all/function/internal_message.html?_=1589251320408&CODE_STATE=getMsg HTTP/1.1" 200 27
114.86.190.97 - - [12/May/2020:10:41:57 +0800] "GET /xingrg/system/rest/get_item.html?table=menu&target=menu_rest_detail&id=2084&sid=14&_=1589251309818 HTTP/1.1" 200 426
116.232.49.71 - - [12/May/2020:10:42:00 +0800] "GET /xingrg/kc/buy/cgsh_order_operate.html?command=get_materiel&rest_code=00109&code=00101004056&supplier_code=00100038&order_time=2020-05-12 HTTP/1.1" 200 418
117.131.5.26 - - [12/May/2020:10:42:00 +0800] "GET /xingrg/all/function/internal_message.html?_=1589251677810&CODE_STATE=getMsg HTTP/1.1" 200 27
114.84.32.201 - - [12/May/2020:10:42:01 +0800] "GET /xingrg/all/function/internal_message.html?_=1589251319606&CODE_STATE=getMsg HTTP/1.1" 200 27
114.86.190.97 - - [12/May/2020:10:42:02 +0800] "GET /xingrg/all/function/internal_message.html?_=1589251314799&CODE_STATE=getMsg HTTP/1.1" 200 27
180.156.150.85 - - [12/May/2020:10:42:02 +0800] "GET /xingrg/kc/buy/cgsh_order_operate.html?command=get_materiel&rest_code=00105&code=00101002022&supplier_code=00100203&order_time=2020-05-12 HTTP/1.1" 200 429
114.86.190.97 - - [12/May/2020:10:42:03 +0800] "POST /xingrg/system/rest/edit_item.html HTTP/1.1" 200 4
114.86.190.97 - - [12/May/2020:10:42:03 +0800] "GET /xingrg/system/rest/get_item.html?table=menu&target=menu_rest&id=2084&_=1589251315810 HTTP/1.1" 200 1143
101.85.52.41 - - [12/May/2020:10:42:05 +0800] "GET /xingrg/all/function/internal_message.html?_=1589250852104&CODE_STATE=getMsg HTTP/1.1" 200 27
124.77.110.230 - - [12/May/2020:10:42:05 +0800] "POST /xingrg/kc/buy/cgsh_list_operate.html HTTP/1.1" 200 1865
172.17.0.115 - - [12/May/2020:10:42:05 +0800] "GET /xingrg/check_reg.html?_=1589251328802 HTTP/1.1" 200 22
172.17.0.115 - - [12/May/2020:10:42:05 +0800] "GET /xingrg/all/function/internal_message.html?_=1589251328920&CODE_STATE=getMsg HTTP/1.1" 200 27
124.77.110.230 - - [12/May/2020:10:42:07 +0800] "POST /xingrg/kc/buy/cgsh_list_operate.html HTTP/1.1" 200 275
124.77.110.230 - - [12/May/2020:10:42:07 +0800] "GET /xingrg/kc/buy/cgsh_order_info.html?code=212020050200516 HTTP/1.1" 200 58549
114.84.151.157 - - [12/May/2020:10:42:07 +0800] "GET /xingrg/all/function/internal_message.html?_=1589251235587&CODE_STATE=getMsg HTTP/1.1" 200 27
124.77.110.230 - - [12/May/2020:10:42:08 +0800] "GET /xingrg/javascript/easyui/themes/default/validatebox.css HTTP/1.1" 404 1104
172.17.0.120 - - [12/May/2020:10:42:08 +0800] "GET /xingrg/all/function/internal_message.html?_=1589251326895&CODE_STATE=getMsg HTTP/1.1" 200 27
116.232.49.71 - - [12/May/2020:10:42:08 +0800] "POST /xingrg/kc/buy/cgsh_order_operate.html HTTP/1.1" 200 37
124.77.110.230 - - [12/May/2020:10:42:08 +0800] "POST /xingrg/kc/buy/cgsh_order_operate.html HTTP/1.1" 200 3247
116.232.49.71 - - [12/May/2020:10:42:09 +0800] "POST /xingrg/kc/buy/cgsh_order_operate.html HTTP/1.1" 200 3838
114.84.151.157 - - [12/May/2020:10:42:10 +0800] "GET /xingrg/all/function/internal_message.html?_=1589251326296&CODE_STATE=getMsg HTTP/1.1" 200 27
180.162.232.172 - - [12/May/2020:10:42:10 +0800] "GET /xingrg/all/function/internal_message.html?_=1589251331384&CODE_STATE=getMsg HTTP/1.1" 200 27
114.86.190.97 - - [12/May/2020:10:42:10 +0800] "GET /xingrg/system/rest/query_items.html?_=1589251322990&table=menu&page=1&rows=20&categoryId=&key=%25E6%25A2%2585%25E5%25AD%2590%25E9%25B1%25BC HTTP/1.1" 200 325
116.232.49.71 - - [12/May/2020:10:42:11 +0800] "GET /xingrg/kc/print/load_config.html?kc_code=cgsh HTTP/1.1" 200 1845
117.185.32.26 - - [12/May/2020:10:42:11 +0800] "GET /xingrg/all/function/internal_message.html?_=1589251753485&CODE_STATE=getMsg HTTP/1.1" 200 27
116.232.49.71 - - [12/May/2020:10:42:11 +0800] "GET /xingrg/kc/print/load_data.html?order_code=212020051203981&kc_code=cgsh&condition= HTTP/1.1" 200 1133
114.86.190.97 - - [12/May/2020:10:42:12 +0800] "GET /xingrg/system/rest/query_items.html?_=1589251325040&table=menu&page=1&rows=20&categoryId=&key=%25E6%25A2%2585%25E5%25AD%2590%25E9%25B1%25BC HTTP/1.1" 200 325
114.86.190.97 - - [12/May/2020:10:42:13 +0800] "GET /xingrg/system/rest/get_item.html?table=menu&id=1954&_=1589251325538 HTTP/1.1" 200 1026
114.86.190.97 - - [12/May/2020:10:42:13 +0800] "GET /xingrg/system/rest/get_item.html?table=menu&target=cook_mode&id=1954&_=1589251325556 HTTP/1.1" 200 6954
114.86.190.97 - - [12/May/2020:10:42:13 +0800] "GET /xingrg/system/rest/get_item.html?table=menu&target=menu_rest&id=1954&_=1589251325557 HTTP/1.1" 200 1064
114.86.190.97 - - [12/May/2020:10:42:13 +0800] "GET /xingrg/system/rest/get_infos.html?command=menu_img_show&id=1954 HTTP/1.1" 200 5
116.232.49.71 - - [12/May/2020:10:42:14 +0800] "GET /xingrg/kc/buy/cgsh_order_add.html HTTP/1.1" 200 58536
116.232.49.71 - - [12/May/2020:10:42:14 +0800] "POST /xingrg/kc/buy/cgsh_order_operate.html HTTP/1.1" 200 8245
116.232.49.71 - - [12/May/2020:10:42:14 +0800] "GET /xingrg/all/common/auto_word.html?type=employee&rest_code=00109 HTTP/1.1" 200 255
116.232.49.71 - - [12/May/2020:10:42:14 +0800] "GET /xingrg/all/common/auto_word.html?type=employee&rest_code=00109 HTTP/1.1" 200 255
116.232.49.71 - - [12/May/2020:10:42:14 +0800] "GET /xingrg/javascript/easyui/themes/default/validatebox.css HTTP/1.1" 404 1104
180.171.124.178 - - [12/May/2020:10:42:14 +0800] "GET /xingrg/all/function/internal_message.html?_=1589251331325&CODE_STATE=getMsg HTTP/1.1" 200 27
114.86.190.97 - - [12/May/2020:10:42:15 +0800] "GET /xingrg/system/rest/get_item.html?table=menu&target=menu_rest_detail&id=1954&sid=14&_=1589251328058 HTTP/1.1" 200 426
58.40.7.146 - - [12/May/2020:10:42:16 +0800] "GET /xingrg/all/function/internal_message.html?_=1589251334633&CODE_STATE=getMsg HTTP/1.1" 200 27
117.184.7.30 - - [12/May/2020:10:42:17 +0800] "GET /xingrg/all/function/internal_message.html?_=1589251333468&CODE_STATE=getMsg HTTP/1.1" 200 27
116.232.49.71 - - [12/May/2020:10:42:17 +0800] "GET /xingrg/javascript/jquery_tools/images/prev.gif HTTP/1.1" 404 1086
116.232.49.71 - - [12/May/2020:10:42:17 +0800] "GET /xingrg/javascript/jquery_tools/images/next.gif HTTP/1.1" 404 1086
180.156.150.85 - - [12/May/2020:10:42:18 +0800] "GET /xingrg/kc/buy/cgsh_order_operate.html?command=get_materiel&rest_code=00105&code=00101008045&supplier_code=00100203&order_time=2020-05-12 HTTP/1.1" 200 412
180.175.212.199 - - [12/May/2020:10:42:20 +0800] "GET /xingrg/kc/buy/cgsh_order_operate.html?command=get_materiel&rest_code=00102&code=00101001051&supplier_code=00100090&order_time=2020-05-12 HTTP/1.1" 200 441
114.86.190.97 - - [12/May/2020:10:42:21 +0800] "POST /xingrg/system/rest/edit_item.html HTTP/1.1" 200 4
114.86.190.97 - - [12/May/2020:10:42:21 +0800] "GET /xingrg/system/rest/get_item.html?table=menu&target=menu_rest&id=1954&_=1589251333634 HTTP/1.1" 200 1064
124.77.110.230 - - [12/May/2020:10:42:21 +0800] "POST /xingrg/kc/buy/cgsh_order_operate.html HTTP/1.1" 200 37
116.232.49.71 - - [12/May/2020:10:42:22 +0800] "GET /xingrg/kc/buy/cgsh_order_operate.html?command=get_materiel&rest_code=00109&code=00101016025&supplier_code=00100035&order_time=2020-05-12 HTTP/1.1" 200 408
101.83.241.62 - - [12/May/2020:10:42:23 +0800] "GET /xingrg/all/function/internal_message.html?_=1589251340074&CODE_STATE=getMsg HTTP/1.1" 200 27
124.77.110.230 - - [12/May/2020:10:42:23 +0800] "POST /xingrg/kc/buy/cgsh_order_operate.html HTTP/1.1" 200 12
172.17.0.106 - - [12/May/2020:10:42:23 +0800] "GET /xingrg/all/function/internal_message.html?_=1589251342562&CODE_STATE=getMsg HTTP/1.1" 200 27
124.77.110.230 - - [12/May/2020:10:42:24 +0800] "GET /xingrg/kc/buy/cgsh_order_info.html?code=212020050200516 HTTP/1.1" 200 53443
124.77.110.230 - - [12/May/2020:10:42:25 +0800] "GET /xingrg/javascript/easyui/themes/default/validatebox.css HTTP/1.1" 404 1104
124.77.110.230 - - [12/May/2020:10:42:25 +0800] "POST /xingrg/kc/buy/cgsh_order_operate.html HTTP/1.1" 200 1197
180.162.232.172 - - [12/May/2020:10:42:27 +0800] "GET /xingrg/all/function/internal_message.html?_=1589251472702&CODE_STATE=getMsg HTTP/1.1" 200 27
180.175.212.199 - - [12/May/2020:10:42:27 +0800] "GET /xingrg/all/function/internal_message.html?_=1589251544043&CODE_STATE=getMsg HTTP/1.1" 200 27
116.232.49.71 - - [12/May/2020:10:42:28 +0800] "GET /xingrg/all/function/internal_message.html?_=1589251379906&CODE_STATE=getMsg HTTP/1.1" 200 27
172.17.0.101 - - [12/May/2020:10:42:29 +0800] "GET /xingrg/all/function/internal_message.html?_=1589251348514&CODE_STATE=getMsg HTTP/1.1" 200 27
116.232.49.71 - - [12/May/2020:10:42:29 +0800] "GET /xingrg/kc/buy/cgsh_order_operate.html?command=get_materiel&rest_code=00109&code=00101012002&supplier_code=00100035&order_time=2020-05-12 HTTP/1.1" 200 419
114.86.190.97 - - [12/May/2020:10:42:29 +0800] "GET /xingrg/system/rest/query_items.html?_=1589251341844&table=menu&page=1&rows=20&categoryId=&key=%25E5%25B0%258F%25E7%2599%25BD HTTP/1.1" 200 1200
172.17.0.110 - - [12/May/2020:10:42:29 +0800] "GET /xingrg/all/function/internal_message.html?_=1589251347703&CODE_STATE=getMsg HTTP/1.1" 200 27
114.86.190.97 - - [12/May/2020:10:42:30 +0800] "GET /xingrg/system/rest/query_items.html?_=1589251343082&table=menu&page=1&rows=20&categoryId=&key=%25E5%25B0%258F%25E7%2599%25BD HTTP/1.1" 200 1200
114.86.190.97 - - [12/May/2020:10:42:31 +0800] "GET /xingrg/system/rest/get_item.html?table=menu&id=1931&_=1589251343520 HTTP/1.1" 200 944
114.86.190.97 - - [12/May/2020:10:42:31 +0800] "GET /xingrg/system/rest/get_item.html?table=menu&target=menu_rest&id=1931&_=1589251343539 HTTP/1.1" 200 885
114.86.190.97 - - [12/May/2020:10:42:31 +0800] "GET /xingrg/system/rest/get_item.html?table=menu&target=cook_mode&id=1931&_=1589251343536 HTTP/1.1" 200 17346
114.86.190.97 - - [12/May/2020:10:42:31 +0800] "GET /xingrg/system/rest/get_infos.html?command=menu_img_show&id=1931 HTTP/1.1" 200 5
124.77.110.230 - - [12/May/2020:10:42:32 +0800] "POST /xingrg/kc/buy/cgsh_list_operate.html HTTP/1.1" 200 4898
180.175.212.199 - - [12/May/2020:10:42:32 +0800] "GET /xingrg/kc/buy/cgsh_order_operate.html?command=get_materiel&rest_code=00102&code=00101001140&supplier_code=00100090&order_time=2020-05-12 HTTP/1.1" 200 415
114.86.190.97 - - [12/May/2020:10:42:34 +0800] "GET /xingrg/system/rest/get_item.html?table=menu&target=menu_rest_detail&id=1931&sid=14&_=1589251346435 HTTP/1.1" 200 439
114.84.151.157 - - [12/May/2020:10:42:37 +0800] "GET /xingrg/system/rest/query_items.html?_=1589251264819&table=menu&page=1&rows=20&categoryId=&key=%25E5%25A5%25A5%25E9%25BE%2599 HTTP/1.1" 200 1250
116.232.49.71 - - [12/May/2020:10:42:37 +0800] "GET /xingrg/kc/buy/cgsh_order_operate.html?command=get_materiel&rest_code=00109&code=00101016105&supplier_code=00100035&order_time=2020-05-12 HTTP/1.1" 200 409
114.84.151.157 - - [12/May/2020:10:42:38 +0800] "GET /xingrg/system/rest/query_items.html?_=1589251266591&table=menu&page=1&rows=20&categoryId=&key=%25E5%25A5%25A5%25E9%25BE%2599 HTTP/1.1" 200 1250
114.84.151.157 - - [12/May/2020:10:42:39 +0800] "GET /xingrg/system/rest/get_item.html?table=menu&id=1981&_=1589251266897 HTTP/1.1" 200 965
114.84.151.157 - - [12/May/2020:10:42:39 +0800] "GET /xingrg/system/rest/get_item.html?table=menu&target=menu_rest&id=1981&_=1589251266918 HTTP/1.1" 200 777
114.84.151.157 - - [12/May/2020:10:42:39 +0800] "GET /xingrg/system/rest/get_item.html?table=menu&target=cook_mode&id=1981&_=1589251266916 HTTP/1.1" 200 23096
114.84.151.157 - - [12/May/2020:10:42:40 +0800] "GET /xingrg/system/rest/get_infos.html?command=menu_img_show&id=1981 HTTP/1.1" 200 5
180.156.150.85 - - [12/May/2020:10:42:40 +0800] "GET /xingrg/all/function/internal_message.html?_=1589251359886&CODE_STATE=getMsg HTTP/1.1" 200 27
124.77.110.230 - - [12/May/2020:10:42:41 +0800] "POST /xingrg/kc/buy/cgsh_list_operate.html HTTP/1.1" 200 276
116.232.49.71 - - [12/May/2020:10:42:42 +0800] "GET /xingrg/kc/buy/cgsh_order_operate.html?command=get_materiel&rest_code=00109&code=00101012029&supplier_code=00100035&order_time=2020-05-12 HTTP/1.1" 200 412
124.77.110.230 - - [12/May/2020:10:42:42 +0800] "GET /xingrg/kc/buy/cgsh_order_info.html?code=212020050301045 HTTP/1.1" 200 58555
114.84.151.157 - - [12/May/2020:10:42:42 +0800] "GET /xingrg/system/rest/get_item.html?table=menu&target=menu_rest_detail&id=1981&sid=11&_=1589251270359 HTTP/1.1" 200 428
124.77.110.230 - - [12/May/2020:10:42:42 +0800] "GET /xingrg/javascript/easyui/themes/default/validatebox.css HTTP/1.1" 404 1104
124.77.110.230 - - [12/May/2020:10:42:42 +0800] "POST /xingrg/kc/buy/cgsh_order_operate.html HTTP/1.1" 200 3249
114.86.190.97 - - [12/May/2020:10:42:46 +0800] "POST /xingrg/system/rest/edit_item.html HTTP/1.1" 200 4
114.86.190.97 - - [12/May/2020:10:42:46 +0800] "GET /xingrg/system/rest/get_item.html?table=menu&target=menu_rest&id=1931&_=1589251358522 HTTP/1.1" 200 885
117.131.5.26 - - [12/May/2020:10:42:46 +0800] "GET /xingrg/check_reg.html?_=1589251364988 HTTP/1.1" 200 22
180.156.150.85 - - [12/May/2020:10:42:46 +0800] "GET /xingrg/kc/buy/cgsh_order_operate.html?command=get_materiel&rest_code=00105&code=00101008149&supplier_code=00100203&order_time=2020-05-12 HTTP/1.1" 200 408
116.232.49.71 - - [12/May/2020:10:42:48 +0800] "GET /xingrg/kc/buy/cgsh_order_operate.html?command=get_materiel&rest_code=00109&code=00101012051&supplier_code=00100035&order_time=2020-05-12 HTTP/1.1" 200 408
114.84.151.157 - - [12/May/2020:10:42:50 +0800] "POST /xingrg/system/rest/edit_item.html HTTP/1.1" 200 4
114.84.151.157 - - [12/May/2020:10:42:51 +0800] "GET /xingrg/system/rest/get_item.html?table=menu&target=menu_rest&id=1981&_=1589251278584 HTTP/1.1" 200 777
172.17.0.185 - - [12/May/2020:10:42:52 +0800] "GET /xingrg/all/function/internal_message.html?_=1589251370511&CODE_STATE=getMsg HTTP/1.1" 200 27
124.77.110.230 - - [12/May/2020:10:42:52 +0800] "GET /xingrg/all/function/internal_message.html?_=1589250575520&CODE_STATE=getMsg HTTP/1.1" 200 27
124.77.110.230 - - [12/May/2020:10:42:53 +0800] "POST /xingrg/kc/buy/cgsh_order_operate.html HTTP/1.1" 200 37
124.77.110.230 - - [12/May/2020:10:42:55 +0800] "POST /xingrg/kc/buy/cgsh_order_operate.html HTTP/1.1" 200 12
180.156.150.85 - - [12/May/2020:10:42:55 +0800] "GET /xingrg/kc/buy/cgsh_order_operate.html?command=get_materiel&rest_code=00105&code=00101008221&supplier_code=00100203&order_time=2020-05-12 HTTP/1.1" 200 412
114.86.190.97 - - [12/May/2020:10:42:55 +0800] "GET /xingrg/system/rest/query_items.html?_=1589251368189&table=menu&page=1&rows=20&categoryId=&key=%25E6%259D%2582%25E9%25B1%25BC HTTP/1.1" 200 1752
114.84.33.255 - - [12/May/2020:10:42:56 +0800] "GET /xingrg/all/function/internal_message.html?_=1589251380588&CODE_STATE=getMsg HTTP/1.1" 200 27
124.77.110.230 - - [12/May/2020:10:42:56 +0800] "GET /xingrg/kc/buy/cgsh_order_info.html?code=212020050301045 HTTP/1.1" 200 53449
124.77.110.230 - - [12/May/2020:10:42:57 +0800] "GET /xingrg/javascript/easyui/themes/default/validatebox.css HTTP/1.1" 404 1104
124.77.110.230 - - [12/May/2020:10:42:57 +0800] "POST /xingrg/kc/buy/cgsh_order_operate.html HTTP/1.1" 200 1199
114.86.190.97 - - [12/May/2020:10:42:57 +0800] "GET /xingrg/system/rest/query_items.html?_=1589251370204&table=menu&page=1&rows=20&categoryId=&key=%25E6%259D%2582%25E9%25B1%25BC HTTP/1.1" 200 1752
114.86.190.97 - - [12/May/2020:10:42:58 +0800] "GET /xingrg/system/rest/get_item.html?table=menu&id=1965&_=1589251370683 HTTP/1.1" 200 969
114.86.190.97 - - [12/May/2020:10:42:58 +0800] "GET /xingrg/system/rest/get_item.html?table=menu&target=menu_rest&id=1965&_=1589251370703 HTTP/1.1" 200 669
114.86.190.97 - - [12/May/2020:10:42:58 +0800] "GET /xingrg/system/rest/get_item.html?table=menu&target=cook_mode&id=1965&_=1589251370701 HTTP/1.1" 200 6235
114.86.190.97 - - [12/May/2020:10:42:58 +0800] "GET /xingrg/system/rest/get_infos.html?command=menu_img_show&id=1965 HTTP/1.1" 200 5
114.84.32.201 - - [12/May/2020:10:43:00 +0800] "GET /xingrg/check_reg.html?_=1589251378374 HTTP/1.1" 200 22
114.86.190.97 - - [12/May/2020:10:43:00 +0800] "GET /xingrg/system/rest/get_item.html?table=menu&target=menu_rest_detail&id=1965&sid=14&_=1589251372895 HTTP/1.1" 200 426
117.131.5.26 - - [12/May/2020:10:43:00 +0800] "GET /xingrg/all/function/internal_message.html?_=1589251737806&CODE_STATE=getMsg HTTP/1.1" 200 27
114.84.32.201 - - [12/May/2020:10:43:01 +0800] "GET /xingrg/all/function/internal_message.html?_=1589251379579&CODE_STATE=getMsg HTTP/1.1" 200 27
114.84.151.157 - - [12/May/2020:10:43:01 +0800] "GET /xingrg/system/rest/query_items.html?_=1589251289547&table=menu&page=1&rows=20&categoryId=&key=%25E6%25A2%25AD%25E5%25AD%2590%25E8%259F%25B9 HTTP/1.1" 200 1052
172.17.0.110 - - [12/May/2020:10:43:01 +0800] "POST /xingrg/kc/buy/cgsh_list_operate.html HTTP/1.1" 200 5352
124.77.110.230 - - [12/May/2020:10:43:02 +0800] "POST /xingrg/kc/buy/cgsh_list_operate.html HTTP/1.1" 200 4539
114.86.190.97 - - [12/May/2020:10:43:02 +0800] "GET /xingrg/all/function/internal_message.html?_=1589251374800&CODE_STATE=getMsg HTTP/1.1" 200 27
114.84.151.157 - - [12/May/2020:10:43:03 +0800] "GET /xingrg/system/rest/query_items.html?_=1589251291181&table=menu&page=1&rows=20&categoryId=&key=%25E6%25A2%25AD%25E5%25AD%2590%25E8%259F%25B9 HTTP/1.1" 200 1052
114.84.151.157 - - [12/May/2020:10:43:04 +0800] "GET /xingrg/system/rest/get_item.html?table=menu&id=2026&_=1589251292164 HTTP/1.1" 200 974
114.84.151.157 - - [12/May/2020:10:43:04 +0800] "GET /xingrg/system/rest/get_item.html?table=menu&target=menu_rest&id=2026&_=1589251292185 HTTP/1.1" 200 782
114.84.151.157 - - [12/May/2020:10:43:04 +0800] "GET /xingrg/system/rest/get_item.html?table=menu&target=cook_mode&id=2026&_=1589251292183 HTTP/1.1" 200 19446
124.77.110.230 - - [12/May/2020:10:43:04 +0800] "POST /xingrg/kc/buy/cgsh_list_operate.html HTTP/1.1" 200 274
101.85.52.41 - - [12/May/2020:10:43:05 +0800] "GET /xingrg/all/function/internal_message.html?_=1589250912107&CODE_STATE=getMsg HTTP/1.1" 200 27
124.77.110.230 - - [12/May/2020:10:43:05 +0800] "GET /xingrg/kc/buy/cgsh_order_info.html?code=212020050601503 HTTP/1.1" 200 58549
114.84.151.157 - - [12/May/2020:10:43:05 +0800] "GET /xingrg/system/rest/get_infos.html?command=menu_img_show&id=2026 HTTP/1.1" 200 5
172.17.0.115 - - [12/May/2020:10:43:05 +0800] "GET /xingrg/all/function/internal_message.html?_=1589251388996&CODE_STATE=getMsg HTTP/1.1" 200 27
114.86.190.97 - - [12/May/2020:10:43:05 +0800] "POST /xingrg/system/rest/edit_item.html HTTP/1.1" 200 4
124.77.110.230 - - [12/May/2020:10:43:05 +0800] "GET /xingrg/javascript/easyui/themes/default/validatebox.css HTTP/1.1" 404 1104
114.86.190.97 - - [12/May/2020:10:43:05 +0800] "GET /xingrg/system/rest/get_item.html?table=menu&target=menu_rest&id=1965&_=1589251378250 HTTP/1.1" 200 669
124.77.110.230 - - [12/May/2020:10:43:05 +0800] "POST /xingrg/kc/buy/cgsh_order_operate.html HTTP/1.1" 200 3246
116.232.49.71 - - [12/May/2020:10:43:07 +0800] "POST /xingrg/kc/buy/cgsh_order_operate.html HTTP/1.1" 200 37
114.84.151.157 - - [12/May/2020:10:43:07 +0800] "GET /xingrg/all/function/internal_message.html?_=1589251295601&CODE_STATE=getMsg HTTP/1.1" 200 27
172.17.0.120 - - [12/May/2020:10:43:08 +0800] "GET /xingrg/all/function/internal_message.html?_=1589251386884&CODE_STATE=getMsg HTTP/1.1" 200 27
116.232.49.71 - - [12/May/2020:10:43:09 +0800] "POST /xingrg/kc/buy/cgsh_order_operate.html HTTP/1.1" 200 5021
114.84.151.157 - - [12/May/2020:10:43:10 +0800] "GET /xingrg/all/function/internal_message.html?_=1589251386295&CODE_STATE=getMsg HTTP/1.1" 200 27
180.162.232.172 - - [12/May/2020:10:43:10 +0800] "GET /xingrg/all/function/internal_message.html?_=1589251391398&CODE_STATE=getMsg HTTP/1.1" 200 27
116.232.49.71 - - [12/May/2020:10:43:10 +0800] "GET /xingrg/kc/print/load_config.html?kc_code=cgsh HTTP/1.1" 200 1845
116.232.49.71 - - [12/May/2020:10:43:10 +0800] "GET /xingrg/kc/print/load_data.html?order_code=212020051203982&kc_code=cgsh&condition= HTTP/1.1" 200 1575
117.185.32.26 - - [12/May/2020:10:43:11 +0800] "GET /xingrg/all/function/internal_message.html?_=1589251813485&CODE_STATE=getMsg HTTP/1.1" 200 27
180.171.124.178 - - [12/May/2020:10:43:12 +0800] "GET /xingrg/check_reg.html?_=1589251389275 HTTP/1.1" 200 22
114.86.190.97 - - [12/May/2020:10:43:14 +0800] "GET /xingrg/system/rest/query_items.html?_=1589251387088&table=menu&page=1&rows=20&categoryId=&key=%25E5%25B8%25A6%25E9%25B1%25BC HTTP/1.1" 200 2631
180.171.124.178 - - [12/May/2020:10:43:14 +0800] "GET /xingrg/all/function/internal_message.html?_=1589251391339&CODE_STATE=getMsg HTTP/1.1" 200 27
114.84.151.157 - - [12/May/2020:10:43:15 +0800] "GET /xingrg/system/rest/query_items.html?_=1589251303586&table=menu&page=1&rows=20&categoryId=&key=%25E6%2596%2591%25E8%258A%2582%25E8%2599%25BE HTTP/1.1" 200 1901
58.40.7.146 - - [12/May/2020:10:43:16 +0800] "GET /xingrg/all/function/internal_message.html?_=1589251394636&CODE_STATE=getMsg HTTP/1.1" 200 27
114.86.190.97 - - [12/May/2020:10:43:16 +0800] "GET /xingrg/system/rest/query_items.html?_=1589251388502&table=menu&page=1&rows=20&categoryId=&key=%25E5%25B8%25A6%25E9%25B1%25BC HTTP/1.1" 200 2631
180.156.150.85 - - [12/May/2020:10:43:16 +0800] "GET /xingrg/kc/buy/cgsh_order_operate.html?command=get_materiel&rest_code=00105&code=00101008088&supplier_code=00100203&order_time=2020-05-12 HTTP/1.1" 200 408
124.77.110.230 - - [12/May/2020:10:43:17 +0800] "POST /xingrg/kc/buy/cgsh_order_operate.html HTTP/1.1" 200 37
117.184.7.30 - - [12/May/2020:10:43:17 +0800] "GET /xingrg/all/function/internal_message.html?_=1589251393481&CODE_STATE=getMsg HTTP/1.1" 200 27
114.84.151.157 - - [12/May/2020:10:43:18 +0800] "GET /xingrg/system/rest/query_items.html?_=1589251306145&table=menu&page=1&rows=20&categoryId=&key=%25E6%2596%2591%25E8%258A%2582%25E8%2599%25BE HTTP/1.1" 200 1901
