172.17.0.120 - - [12/May/2020:09:34:20 +0800] "GET /xingrg/javascript/jquery_easy_ui/themes/default/images/tree_file.gif HTTP/1.1" 200 118
172.17.0.120 - - [12/May/2020:09:34:20 +0800] "GET /xingrg/javascript/jquery_easy_ui/themes/default/images/tree_folder.gif HTTP/1.1" 200 952
172.17.0.120 - - [12/May/2020:09:34:21 +0800] "GET /xingrg/javascript/jquery_easy_ui/themes/icons/area.png HTTP/1.1" 200 262
172.17.0.120 - - [12/May/2020:09:34:21 +0800] "GET /xingrg/javascript/jquery_easy_ui/themes/icons/manage.png HTTP/1.1" 200 696
172.17.0.120 - - [12/May/2020:09:34:21 +0800] "GET /xingrg/javascript/jquery_easy_ui/themes/icons/rest.png HTTP/1.1" 200 695
172.17.0.120 - - [12/May/2020:09:34:21 +0800] "GET /xingrg/javascript/jquery_easy_ui/themes/default/images/button_a_bg.gif HTTP/1.1" 200 1194
172.17.0.120 - - [12/May/2020:09:34:21 +0800] "GET /xingrg/javascript/jquery_easy_ui/themes/default/images/button_span_bg.gif HTTP/1.1" 200 2061
172.17.0.120 - - [12/May/2020:09:34:21 +0800] "GET /xingrg/javascript/jquery_easy_ui/themes/icons/ok.png HTTP/1.1" 200 883
172.17.0.120 - - [12/May/2020:09:34:21 +0800] "GET /xingrg/javascript/jquery_easy_ui/themes/default/images/panel_title.png HTTP/1.1" 200 266
172.17.0.120 - - [12/May/2020:09:34:21 +0800] "GET /xingrg/javascript/jquery_easy_ui/themes/default/images/panel_tools.gif HTTP/1.1" 200 737
172.17.0.106 - - [12/May/2020:09:34:22 +0800] "POST /xingrg/dwr/call/plaincall/AjaxBaseInfoService.saveMateriel.dwr HTTP/1.1" 200 109
172.17.0.106 - - [12/May/2020:09:34:22 +0800] "POST /xingrg/dwr/call/plaincall/AjaxBaseInfoService.getMateriels.dwr HTTP/1.1" 200 874
101.83.241.62 - - [12/May/2020:09:34:22 +0800] "GET /xingrg/all/function/internal_message.html?_=1589247259984&CODE_STATE=getMsg HTTP/1.1" 200 27
172.17.0.106 - - [12/May/2020:09:34:23 +0800] "GET /xingrg/all/function/internal_message.html?_=1589247262551&CODE_STATE=getMsg HTTP/1.1" 200 27
120.253.135.82 - - [12/May/2020:09:34:24 +0800] "GET /xingrg/all/function/internal_message.html?_=1589247017156&CODE_STATE=getMsg HTTP/1.1" 200 27
58.40.7.146 - - [12/May/2020:09:34:26 +0800] "POST /xingrg/all/report/load_report_page.html HTTP/1.1" 200 26534
58.40.7.146 - - [12/May/2020:09:34:26 +0800] "GET /xingrg/servlets/image?cache=0.9176290428807709&image=px HTTP/1.1" 200 807
124.77.110.230 - - [12/May/2020:09:34:27 +0800] "GET /xingrg/all/function/internal_message.html?_=1589246470629&CODE_STATE=getMsg HTTP/1.1" 200 27
58.221.95.50 - - [12/May/2020:09:34:28 +0800] "GET /xingrg/all/function/internal_message.html?_=1589247309377&CODE_STATE=getMsg HTTP/1.1" 200 27
172.17.0.101 - - [12/May/2020:09:34:28 +0800] "GET /xingrg/all/function/internal_message.html?_=1589247268395&CODE_STATE=getMsg HTTP/1.1" 200 27
172.17.0.120 - - [12/May/2020:09:34:30 +0800] "GET /xingrg/images/control/ajaxLoader.gif HTTP/1.1" 200 4659
172.17.0.120 - - [12/May/2020:09:34:30 +0800] "POST /xingrg/all/user/operate.html HTTP/1.1" 200 36
172.17.0.120 - - [12/May/2020:09:34:30 +0800] "GET /xingrg/index.html?sysBaseUrl=http%3A%2F%2F172.17.0.8%3A18081%2Fxingrg%2F&costTime=40×tamp=1589247259731 HTTP/1.1" 200 17448
172.17.0.120 - - [12/May/2020:09:34:30 +0800] "GET /xingrg/javascript/jquery_easy_ui/themes/default/easyui.css HTTP/1.1" 304 -
172.17.0.120 - - [12/May/2020:09:34:30 +0800] "GET /xingrg/javascript/jquery_easy_ui/themes/icon.css HTTP/1.1" 304 -
172.17.0.120 - - [12/May/2020:09:34:30 +0800] "GET /xingrg/css/form.css HTTP/1.1" 304 -
172.17.0.120 - - [12/May/2020:09:34:30 +0800] "GET /xingrg/javascript/jquery-1.4.2.min.js HTTP/1.1" 304 -
172.17.0.120 - - [12/May/2020:09:34:30 +0800] "GET /xingrg/javascript/jquery_easy_ui/jquery.easyui.min.js HTTP/1.1" 304 -
172.17.0.120 - - [12/May/2020:09:34:30 +0800] "GET /xingrg/javascript/jquery_easy_ui/easyui-lang-zh_CN.js HTTP/1.1" 304 -
172.17.0.120 - - [12/May/2020:09:34:30 +0800] "GET /xingrg/javascript/jquery.form.js HTTP/1.1" 304 -
172.17.0.120 - - [12/May/2020:09:34:30 +0800] "GET /xingrg/javascript/jquery.utils.js HTTP/1.1" 304 -
172.17.0.120 - - [12/May/2020:09:34:30 +0800] "GET /xingrg/javascript/jquery.timers.js HTTP/1.1" 304 -
172.17.0.120 - - [12/May/2020:09:34:30 +0800] "GET /xingrg/images/blue/jxLogo.png HTTP/1.1" 304 -
172.17.0.120 - - [12/May/2020:09:34:30 +0800] "GET /xingrg/images/blue/navBackgound.jpg HTTP/1.1" 304 -
172.17.0.120 - - [12/May/2020:09:34:30 +0800] "GET /xingrg/javascript/jquery_easy_ui/themes/icons/settle_new.png HTTP/1.1" 304 -
172.17.0.120 - - [12/May/2020:09:34:30 +0800] "POST /xingrg/all/common/load_tree.html?tree=area_rest_tree_json&manage=1 HTTP/1.1" 200 3088
172.17.0.120 - - [12/May/2020:09:34:30 +0800] "GET /xingrg/all/function/internal_message.html?_=1589247269240&CODE_STATE=count HTTP/1.1" 200 11
172.17.0.120 - - [12/May/2020:09:34:30 +0800] "GET /xingrg/check_reg.html?_=1589247269241 HTTP/1.1" 200 22
172.17.0.120 - - [12/May/2020:09:34:30 +0800] "GET /xingrg/javascript/jquery_easy_ui/themes/default/images/tabs_leftarrow.png HTTP/1.1" 304 -
172.17.0.120 - - [12/May/2020:09:34:30 +0800] "GET /xingrg/javascript/jquery_easy_ui/themes/default/images/panel_tool_expand.gif HTTP/1.1" 304 -
172.17.0.120 - - [12/May/2020:09:34:30 +0800] "GET /xingrg/javascript/jquery_easy_ui/themes/default/images/panel_tool_collapse.gif HTTP/1.1" 304 -
172.17.0.120 - - [12/May/2020:09:34:30 +0800] "GET /xingrg/javascript/jquery_easy_ui/themes/default/images/tabs_rightarrow.png HTTP/1.1" 304 -
172.17.0.120 - - [12/May/2020:09:34:30 +0800] "GET /xingrg/images/blue/pingpu.png HTTP/1.1" 304 -
172.17.0.120 - - [12/May/2020:09:34:31 +0800] "POST /xingrg/load_menu.html HTTP/1.1" 200 9924
172.17.0.110 - - [12/May/2020:09:34:31 +0800] "GET /xingrg/all/function/internal_message.html?_=1589247269122&CODE_STATE=getMsg HTTP/1.1" 200 27
58.40.7.146 - - [12/May/2020:09:34:32 +0800] "POST /xingrg/all/report/report_print.html HTTP/1.1" 200 6144
172.17.0.120 - - [12/May/2020:09:34:33 +0800] "GET /xingrg/kc/report/report_main.html HTTP/1.1" 200 7325
172.17.0.120 - - [12/May/2020:09:34:33 +0800] "GET /xingrg/javascript/jquery_easy_ui/themes/default/images/tabs_close.gif HTTP/1.1" 200 829
172.17.0.120 - - [12/May/2020:09:34:33 +0800] "GET /xingrg/css/blue.css HTTP/1.1" 200 15949
172.17.0.120 - - [12/May/2020:09:34:33 +0800] "GET /xingrg/javascript/jquery_ui/themes/humanity/humanity.css HTTP/1.1" 200 27801
172.17.0.120 - - [12/May/2020:09:34:33 +0800] "GET /xingrg/javascript/pic_change.js HTTP/1.1" 200 4739
172.17.0.120 - - [12/May/2020:09:34:33 +0800] "GET /xingrg/javascript/myfunction.js HTTP/1.1" 200 24559
172.17.0.120 - - [12/May/2020:09:34:33 +0800] "GET /xingrg/javascript/json2.js HTTP/1.1" 200 11259
172.17.0.120 - - [12/May/2020:09:34:33 +0800] "GET /xingrg/javascript/jquery_easy_ui/themes/icons/back_new.png HTTP/1.1" 200 3414
172.17.0.120 - - [12/May/2020:09:34:34 +0800] "GET /xingrg/all/report/report_query.html?fileName=kc/buy/gys_amount.xml&rh=99999 HTTP/1.1" 200 51931
172.17.0.120 - - [12/May/2020:09:34:35 +0800] "GET /xingrg/javascript/multi_select/jqueryMultiSelect.css HTTP/1.1" 200 951
172.17.0.120 - - [12/May/2020:09:34:35 +0800] "GET /xingrg/javascript/calendar/timePicker.css HTTP/1.1" 200 523
172.17.0.120 - - [12/May/2020:09:34:35 +0800] "GET /xingrg/javascript/bigrid/fix.css HTTP/1.1" 200 1702
172.17.0.120 - - [12/May/2020:09:34:35 +0800] "GET /xingrg/dwr/interface/AjaxReportQueryService.js HTTP/1.1" 200 13203
172.17.0.120 - - [12/May/2020:09:34:35 +0800] "GET /xingrg/dwr/engine.js HTTP/1.1" 200 43631
172.17.0.120 - - [12/May/2020:09:34:35 +0800] "GET /xingrg/dwr/util.js HTTP/1.1" 200 35990
172.17.0.120 - - [12/May/2020:09:34:35 +0800] "GET /xingrg/javascript/jqueryMultiSelect.js HTTP/1.1" 200 11866
172.17.0.120 - - [12/May/2020:09:34:35 +0800] "GET /xingrg/javascript/Calendar.js HTTP/1.1" 200 31561
172.17.0.120 - - [12/May/2020:09:34:35 +0800] "GET /xingrg/javascript/calendar/jquery.timePicker.min.js HTTP/1.1" 200 2997
172.17.0.120 - - [12/May/2020:09:34:35 +0800] "GET /xingrg/javascript/bigrid/fix.js HTTP/1.1" 200 6439
172.17.0.120 - - [12/May/2020:09:34:35 +0800] "GET /xingrg/images/control/loading.gif HTTP/1.1" 200 13463
172.17.0.120 - - [12/May/2020:09:34:35 +0800] "GET /xingrg/images/blue/button/advanceover.gif HTTP/1.1" 200 1347
172.17.0.120 - - [12/May/2020:09:34:35 +0800] "GET /xingrg/images/blue/button/advance2over.gif HTTP/1.1" 200 1336
172.17.0.120 - - [12/May/2020:09:34:35 +0800] "GET /xingrg/images/blue/button/back2over.gif HTTP/1.1" 200 1335
172.17.0.120 - - [12/May/2020:09:34:35 +0800] "GET /xingrg/images/blue/button/backover.gif HTTP/1.1" 200 1348
172.17.0.120 - - [12/May/2020:09:34:35 +0800] "GET /xingrg/javascript/jquery_easy_ui/themes/default/images/menu_rightarrow.png HTTP/1.1" 200 3617
172.17.0.120 - - [12/May/2020:09:34:35 +0800] "GET /xingrg/javascript/jquery_easy_ui/themes/default/images/menu_downarrow.png HTTP/1.1" 200 173
172.17.0.120 - - [12/May/2020:09:34:35 +0800] "GET /xingrg/javascript/jquery_easy_ui/themes/default/images/menu.gif HTTP/1.1" 200 834
172.17.0.120 - - [12/May/2020:09:34:35 +0800] "GET /xingrg/javascript/jquery_easy_ui/themes/icons/print.png HTTP/1.1" 200 1057
172.17.0.120 - - [12/May/2020:09:34:35 +0800] "GET /xingrg/javascript/jquery_easy_ui/themes/icons/help.png HTTP/1.1" 200 1187
172.17.0.120 - - [12/May/2020:09:34:35 +0800] "POST /xingrg/dwr/call/plaincall/AjaxReportQueryService.getFixDate.dwr HTTP/1.1" 200 111
172.17.0.120 - - [12/May/2020:09:34:35 +0800] "GET /xingrg/javascript/jquery_easy_ui/themes/icons/pencil.png HTTP/1.1" 200 713
172.17.0.120 - - [12/May/2020:09:34:35 +0800] "GET /xingrg/javascript/jquery_easy_ui/themes/default/images/combo_arrow_dot.gif HTTP/1.1" 200 79
172.17.0.120 - - [12/May/2020:09:34:35 +0800] "POST /xingrg/all/common/load_tree.html?tree=supplier_tree_json&manage=1 HTTP/1.1" 200 48582
172.17.0.120 - - [12/May/2020:09:34:36 +0800] "GET /xingrg/javascript/jquery_easy_ui/themes/default/images/tree_checkbox_0.gif HTTP/1.1" 200 168
172.17.0.120 - - [12/May/2020:09:34:36 +0800] "POST /xingrg/all/common/load_tree.html?tree=materiel_sort_tree_json HTTP/1.1" 200 8666
172.17.0.120 - - [12/May/2020:09:34:36 +0800] "POST /xingrg/dwr/call/plaincall/AjaxReportQueryService.getInitString.dwr HTTP/1.1" 200 975
172.17.0.120 - - [12/May/2020:09:34:36 +0800] "GET /xingrg/javascript/multi_select/dropdown.gif HTTP/1.1" 200 61
180.175.212.199 - - [12/May/2020:09:34:38 +0800] "GET /xingrg/all/function/internal_message.html?_=1589247474335&CODE_STATE=getMsg HTTP/1.1" 200 27
172.17.0.120 - - [12/May/2020:09:34:38 +0800] "POST /xingrg/dwr/call/plaincall/AjaxReportQueryService.getFixDate.dwr HTTP/1.1" 200 111
172.17.0.106 - - [12/May/2020:09:34:39 +0800] "POST /xingrg/dwr/call/plaincall/AjaxBaseInfoService.getMateriels.dwr HTTP/1.1" 200 2939
172.17.0.119 - - [12/May/2020:09:34:40 +0800] "GET /xingrg/all/function/internal_message.html?_=1589247279614&CODE_STATE=getMsg HTTP/1.1" 302 -
180.156.150.85 - - [12/May/2020:09:34:40 +0800] "GET /xingrg/all/function/internal_message.html?_=1589247279808&CODE_STATE=getMsg HTTP/1.1" 200 27
172.17.0.106 - - [12/May/2020:09:34:42 +0800] "POST /xingrg/dwr/call/plaincall/AjaxBaseInfoService.getMateriels.dwr HTTP/1.1" 200 3057
172.17.0.106 - - [12/May/2020:09:34:43 +0800] "POST /xingrg/dwr/call/plaincall/AjaxBaseInfoService.getMateriels.dwr HTTP/1.1" 200 2928
172.17.0.106 - - [12/May/2020:09:34:44 +0800] "POST /xingrg/dwr/call/plaincall/AjaxBaseInfoService.getMateriels.dwr HTTP/1.1" 200 2961
172.17.0.106 - - [12/May/2020:09:34:45 +0800] "POST /xingrg/dwr/call/plaincall/AjaxBaseInfoService.getMateriels.dwr HTTP/1.1" 200 2976
172.17.0.110 - - [12/May/2020:09:34:47 +0800] "GET /xingrg/check_reg.html?_=1589247285240 HTTP/1.1" 200 22
172.17.0.120 - - [12/May/2020:09:34:49 +0800] "GET /xingrg/javascript/jquery_easy_ui/themes/default/images/tree_checkbox_1.gif HTTP/1.1" 200 174
172.17.0.120 - - [12/May/2020:09:34:49 +0800] "GET /xingrg/javascript/jquery_easy_ui/themes/default/images/tree_checkbox_2.gif HTTP/1.1" 200 181
172.17.0.120 - - [12/May/2020:09:34:51 +0800] "POST /xingrg/dwr/call/plaincall/AjaxReportQueryService.refreshCache.dwr HTTP/1.1" 200 78
172.17.0.120 - - [12/May/2020:09:34:52 +0800] "POST /xingrg/all/report/load_report_page.html HTTP/1.1" 200 8900
172.17.0.120 - - [12/May/2020:09:34:52 +0800] "GET /xingrg/servlets/image?cache=0.778832630185265&image=px HTTP/1.1" 200 807
114.84.33.255 - - [12/May/2020:09:34:52 +0800] "GET /xingrg/all/function/internal_message.html?_=1589247296378&CODE_STATE=getMsg HTTP/1.1" 200 27
172.17.0.185 - - [12/May/2020:09:34:52 +0800] "GET /xingrg/all/function/internal_message.html?_=1589247290516&CODE_STATE=getMsg HTTP/1.1" 200 27
114.84.151.157 - - [12/May/2020:09:34:55 +0800] "GET /xingrg/kc/buy/cgsh_order_operate.html?command=get_materiel&rest_code=00141&code=00102002102&supplier_code=00100151&order_time=2020-05-12 HTTP/1.1" 200 416
172.17.0.106 - - [12/May/2020:09:34:56 +0800] "POST /xingrg/dwr/call/plaincall/AjaxBaseInfoService.getMateriels.dwr HTTP/1.1" 200 3021
172.17.0.106 - - [12/May/2020:09:34:57 +0800] "POST /xingrg/dwr/call/plaincall/AjaxBaseInfoService.getMateriels.dwr HTTP/1.1" 200 2930
117.131.5.26 - - [12/May/2020:09:35:00 +0800] "GET /xingrg/all/function/internal_message.html?_=1589247657736&CODE_STATE=getMsg HTTP/1.1" 200 27
172.17.0.106 - - [12/May/2020:09:35:04 +0800] "POST /xingrg/dwr/call/plaincall/AjaxBaseInfoService.searchMateriels.dwr HTTP/1.1" 200 3128
180.162.232.172 - - [12/May/2020:09:35:08 +0800] "GET /xingrg/all/function/internal_message.html?_=1589247433541&CODE_STATE=getMsg HTTP/1.1" 200 27
180.171.124.178 - - [12/May/2020:09:35:08 +0800] "GET /xingrg/all/function/internal_message.html?_=1589247305033&CODE_STATE=getMsg HTTP/1.1" 200 27
172.17.0.106 - - [12/May/2020:09:35:09 +0800] "POST /xingrg/dwr/call/plaincall/AjaxBaseInfoService.searchMateriels.dwr HTTP/1.1" 200 833
114.84.151.157 - - [12/May/2020:09:35:10 +0800] "GET /xingrg/all/function/internal_message.html?_=1589247306120&CODE_STATE=getMsg HTTP/1.1" 200 27
180.162.232.172 - - [12/May/2020:09:35:10 +0800] "GET /xingrg/all/function/internal_message.html?_=1589247311250&CODE_STATE=getMsg HTTP/1.1" 200 27
117.185.32.26 - - [12/May/2020:09:35:10 +0800] "GET /xingrg/all/function/internal_message.html?_=1589247733171&CODE_STATE=getMsg HTTP/1.1" 200 27
58.40.7.146 - - [12/May/2020:09:35:15 +0800] "GET /xingrg/check_reg.html?_=1589247314594 HTTP/1.1" 200 22
58.40.7.146 - - [12/May/2020:09:35:15 +0800] "GET /xingrg/all/function/internal_message.html?_=1589247314597&CODE_STATE=getMsg HTTP/1.1" 200 27
117.184.7.30 - - [12/May/2020:09:35:17 +0800] "GET /xingrg/all/function/internal_message.html?_=1589247313415&CODE_STATE=getMsg HTTP/1.1" 200 27
117.184.7.30 - - [12/May/2020:09:35:17 +0800] "GET /xingrg/check_reg.html?_=1589247313420 HTTP/1.1" 200 22
101.83.241.62 - - [12/May/2020:09:35:22 +0800] "GET /xingrg/all/function/internal_message.html?_=1589247319990&CODE_STATE=getMsg HTTP/1.1" 200 27
101.83.241.62 - - [12/May/2020:09:35:22 +0800] "GET /xingrg/check_reg.html?_=1589247320003 HTTP/1.1" 200 22
172.17.0.106 - - [12/May/2020:09:35:23 +0800] "GET /xingrg/all/function/internal_message.html?_=1589247322565&CODE_STATE=getMsg HTTP/1.1" 200 27
120.253.135.82 - - [12/May/2020:09:35:24 +0800] "GET /xingrg/all/function/internal_message.html?_=1589247077333&CODE_STATE=getMsg HTTP/1.1" 200 27
58.221.95.50 - - [12/May/2020:09:35:28 +0800] "GET /xingrg/check_reg.html?_=1589247368907 HTTP/1.1" 200 22
58.221.95.50 - - [12/May/2020:09:35:28 +0800] "GET /xingrg/all/function/internal_message.html?_=1589247369373&CODE_STATE=getMsg HTTP/1.1" 200 27
124.77.110.230 - - [12/May/2020:09:35:28 +0800] "GET /xingrg/all/function/internal_message.html?_=1589246530662&CODE_STATE=getMsg HTTP/1.1" 200 27
114.84.33.255 - - [12/May/2020:09:35:28 +0800] "GET /xingrg/check_reg.html?_=1589247332798 HTTP/1.1" 200 22
172.17.0.101 - - [12/May/2020:09:35:28 +0800] "GET /xingrg/all/function/internal_message.html?_=1589247328397&CODE_STATE=getMsg HTTP/1.1" 200 27
114.84.151.157 - - [12/May/2020:09:35:29 +0800] "GET /xingrg/kc/buy/cgsh_order_operate.html?command=get_materiel&rest_code=00141&code=00102006331&supplier_code=00100151&order_time=2020-05-12 HTTP/1.1" 200 406
172.17.0.120 - - [12/May/2020:09:35:30 +0800] "GET /xingrg/all/function/internal_message.html?_=1589247329251&CODE_STATE=getMsg HTTP/1.1" 200 27
172.17.0.110 - - [12/May/2020:09:35:31 +0800] "GET /xingrg/all/function/internal_message.html?_=1589247329102&CODE_STATE=getMsg HTTP/1.1" 200 27
180.175.212.199 - - [12/May/2020:09:35:38 +0800] "GET /xingrg/all/function/internal_message.html?_=1589247534507&CODE_STATE=getMsg HTTP/1.1" 200 27
172.17.0.119 - - [12/May/2020:09:35:40 +0800] "GET /xingrg/all/function/internal_message.html?_=1589247339600&CODE_STATE=getMsg HTTP/1.1" 302 -
180.156.150.85 - - [12/May/2020:09:35:40 +0800] "GET /xingrg/all/function/internal_message.html?_=1589247339807&CODE_STATE=getMsg HTTP/1.1" 200 27
114.84.33.255 - - [12/May/2020:09:35:52 +0800] "GET /xingrg/all/function/internal_message.html?_=1589247356392&CODE_STATE=getMsg HTTP/1.1" 200 27
172.17.0.185 - - [12/May/2020:09:35:52 +0800] "GET /xingrg/all/function/internal_message.html?_=1589247350504&CODE_STATE=getMsg HTTP/1.1" 200 27
117.131.5.26 - - [12/May/2020:09:36:00 +0800] "GET /xingrg/all/function/internal_message.html?_=1589247717734&CODE_STATE=getMsg HTTP/1.1" 200 27
180.162.232.172 - - [12/May/2020:09:36:08 +0800] "GET /xingrg/all/function/internal_message.html?_=1589247493586&CODE_STATE=getMsg HTTP/1.1" 200 27
180.171.124.178 - - [12/May/2020:09:36:08 +0800] "GET /xingrg/all/function/internal_message.html?_=1589247365272&CODE_STATE=getMsg HTTP/1.1" 200 27
114.84.151.157 - - [12/May/2020:09:36:10 +0800] "GET /xingrg/all/function/internal_message.html?_=1589247366130&CODE_STATE=getMsg HTTP/1.1" 200 27
180.162.232.172 - - [12/May/2020:09:36:10 +0800] "GET /xingrg/all/function/internal_message.html?_=1589247371255&CODE_STATE=getMsg HTTP/1.1" 200 27
117.185.32.26 - - [12/May/2020:09:36:10 +0800] "GET /xingrg/all/function/internal_message.html?_=1589247793170&CODE_STATE=getMsg HTTP/1.1" 200 27
61.151.178.174 - - [12/May/2020:09:36:13 +0800] "GET /xingrg/index.html?sysBaseUrl=http://180.169.147.146:18081/xingrg/&costTime=39×tamp=1589246649879 HTTP/1.1" 302 -
58.40.7.146 - - [12/May/2020:09:36:15 +0800] "GET /xingrg/all/function/internal_message.html?_=1589247374597&CODE_STATE=getMsg HTTP/1.1" 200 27
117.184.7.30 - - [12/May/2020:09:36:17 +0800] "GET /xingrg/all/function/internal_message.html?_=1589247373417&CODE_STATE=getMsg HTTP/1.1" 200 27
61.129.6.227 - - [12/May/2020:09:36:22 +0800] "GET /xingrg/all/function/internal_message.html?_=1589246646094&CODE_STATE=count HTTP/1.1" 302 -
61.151.178.174 - - [12/May/2020:09:36:22 +0800] "GET /xingrg/login.html HTTP/1.1" 200 7641
101.83.241.62 - - [12/May/2020:09:36:22 +0800] "GET /xingrg/all/function/internal_message.html?_=1589247379981&CODE_STATE=getMsg HTTP/1.1" 200 27
172.17.0.106 - - [12/May/2020:09:36:23 +0800] "GET /xingrg/all/function/internal_message.html?_=1589247382551&CODE_STATE=getMsg HTTP/1.1" 200 27
120.253.135.82 - - [12/May/2020:09:36:24 +0800] "GET /xingrg/all/function/internal_message.html?_=1589247137340&CODE_STATE=getMsg HTTP/1.1" 200 27
180.175.212.199 - - [12/May/2020:09:36:25 +0800] "GET /xingrg/check_reg.html?_=1589247581826 HTTP/1.1" 200 22
61.129.6.227 - - [12/May/2020:09:36:25 +0800] "GET /xingrg/login.html HTTP/1.1" 200 7641
58.221.95.50 - - [12/May/2020:09:36:28 +0800] "GET /xingrg/all/function/internal_message.html?_=1589247429368&CODE_STATE=getMsg HTTP/1.1" 200 27
124.77.110.230 - - [12/May/2020:09:36:28 +0800] "GET /xingrg/all/function/internal_message.html?_=1589246591364&CODE_STATE=getMsg HTTP/1.1" 200 27
172.17.0.101 - - [12/May/2020:09:36:28 +0800] "GET /xingrg/check_reg.html?_=1589247388399 HTTP/1.1" 200 22
172.17.0.101 - - [12/May/2020:09:36:28 +0800] "GET /xingrg/all/function/internal_message.html?_=1589247388403&CODE_STATE=getMsg HTTP/1.1" 200 27
172.17.0.110 - - [12/May/2020:09:36:30 +0800] "GET /xingrg/all/function/internal_message.html?_=1589247389077&CODE_STATE=getMsg HTTP/1.1" 200 27
172.17.0.120 - - [12/May/2020:09:36:30 +0800] "GET /xingrg/all/function/internal_message.html?_=1589247389252&CODE_STATE=getMsg HTTP/1.1" 200 27
180.175.212.199 - - [12/May/2020:09:36:38 +0800] "GET /xingrg/all/function/internal_message.html?_=1589247594519&CODE_STATE=getMsg HTTP/1.1" 200 27
172.17.0.119 - - [12/May/2020:09:36:40 +0800] "GET /xingrg/all/function/internal_message.html?_=1589247399603&CODE_STATE=getMsg HTTP/1.1" 302 -
180.156.150.85 - - [12/May/2020:09:36:40 +0800] "GET /xingrg/all/function/internal_message.html?_=1589247399805&CODE_STATE=getMsg HTTP/1.1" 200 27
114.84.33.255 - - [12/May/2020:09:36:52 +0800] "GET /xingrg/all/function/internal_message.html?_=1589247416405&CODE_STATE=getMsg HTTP/1.1" 200 27
172.17.0.185 - - [12/May/2020:09:36:52 +0800] "GET /xingrg/all/function/internal_message.html?_=1589247410511&CODE_STATE=getMsg HTTP/1.1" 200 27
114.84.151.157 - - [12/May/2020:09:36:59 +0800] "POST /xingrg/kc/buy/cgsh_order_operate.html HTTP/1.1" 200 37
117.131.5.26 - - [12/May/2020:09:37:00 +0800] "GET /xingrg/all/function/internal_message.html?_=1589247777732&CODE_STATE=getMsg HTTP/1.1" 200 27
114.84.151.157 - - [12/May/2020:09:37:01 +0800] "POST /xingrg/kc/buy/cgsh_order_operate.html HTTP/1.1" 200 12
114.84.151.157 - - [12/May/2020:09:37:01 +0800] "GET /xingrg/kc/buy/cgsh_order_info.html?code=212020051203965 HTTP/1.1" 200 53394
114.84.151.157 - - [12/May/2020:09:37:01 +0800] "GET /xingrg/words/20200512093422_words.js HTTP/1.1" 200 726681
114.84.151.157 - - [12/May/2020:09:37:02 +0800] "GET /xingrg/javascript/easyui/themes/default/validatebox.css HTTP/1.1" 404 1104
114.84.151.157 - - [12/May/2020:09:37:02 +0800] "POST /xingrg/kc/buy/cgsh_order_operate.html HTTP/1.1" 200 2394
114.84.151.157 - - [12/May/2020:09:37:03 +0800] "GET /xingrg/kc/print/load_data.html?order_code=212020051203965&kc_code=cgsh&condition= HTTP/1.1" 200 1370
61.151.178.236 - - [12/May/2020:09:37:07 +0800] "GET /xingrg/kc/buy/cgsh_order_operate.html?command=get_materiel&rest_code=00141&code=00101006055&supplier_code=00100012&order_time=2020-05-12 HTTP/1.1" 302 -
180.162.232.172 - - [12/May/2020:09:37:08 +0800] "GET /xingrg/all/function/internal_message.html?_=1589247553628&CODE_STATE=getMsg HTTP/1.1" 200 27
180.171.124.178 - - [12/May/2020:09:37:08 +0800] "GET /xingrg/all/function/internal_message.html?_=1589247425278&CODE_STATE=getMsg HTTP/1.1" 200 27
114.84.151.157 - - [12/May/2020:09:37:10 +0800] "GET /xingrg/all/function/internal_message.html?_=1589247426137&CODE_STATE=getMsg HTTP/1.1" 200 27
180.162.232.172 - - [12/May/2020:09:37:10 +0800] "GET /xingrg/all/function/internal_message.html?_=1589247431269&CODE_STATE=getMsg HTTP/1.1" 200 27
117.185.32.26 - - [12/May/2020:09:37:10 +0800] "GET /xingrg/all/function/internal_message.html?_=1589247853169&CODE_STATE=getMsg HTTP/1.1" 200 27
61.151.178.236 - - [12/May/2020:09:37:12 +0800] "GET /xingrg/login.html HTTP/1.1" 200 7641
58.40.7.146 - - [12/May/2020:09:37:15 +0800] "GET /xingrg/all/function/internal_message.html?_=1589247434585&CODE_STATE=getMsg HTTP/1.1" 200 27
117.184.7.30 - - [12/May/2020:09:37:17 +0800] "GET /xingrg/all/function/internal_message.html?_=1589247433417&CODE_STATE=getMsg HTTP/1.1" 200 27
101.83.241.62 - - [12/May/2020:09:37:22 +0800] "GET /xingrg/all/function/internal_message.html?_=1589247439985&CODE_STATE=getMsg HTTP/1.1" 200 27
172.17.0.106 - - [12/May/2020:09:37:23 +0800] "GET /xingrg/all/function/internal_message.html?_=1589247442557&CODE_STATE=getMsg HTTP/1.1" 200 27
120.253.135.82 - - [12/May/2020:09:37:25 +0800] "GET /xingrg/all/function/internal_message.html?_=1589247197518&CODE_STATE=getMsg HTTP/1.1" 200 27
58.221.95.50 - - [12/May/2020:09:37:28 +0800] "GET /xingrg/all/function/internal_message.html?_=1589247489497&CODE_STATE=getMsg HTTP/1.1" 200 27
124.77.110.230 - - [12/May/2020:09:37:28 +0800] "GET /xingrg/all/function/internal_message.html?_=1589246651415&CODE_STATE=getMsg HTTP/1.1" 200 27
172.17.0.101 - - [12/May/2020:09:37:28 +0800] "GET /xingrg/all/function/internal_message.html?_=1589247448404&CODE_STATE=getMsg HTTP/1.1" 200 27
172.17.0.110 - - [12/May/2020:09:37:30 +0800] "GET /xingrg/all/function/internal_message.html?_=1589247449084&CODE_STATE=getMsg HTTP/1.1" 200 27
172.17.0.120 - - [12/May/2020:09:37:30 +0800] "GET /xingrg/all/function/internal_message.html?_=1589247449257&CODE_STATE=getMsg HTTP/1.1" 200 27
180.175.212.199 - - [12/May/2020:09:37:38 +0800] "GET /xingrg/all/function/internal_message.html?_=1589247654531&CODE_STATE=getMsg HTTP/1.1" 200 27
172.17.0.119 - - [12/May/2020:09:37:40 +0800] "GET /xingrg/all/function/internal_message.html?_=1589247459606&CODE_STATE=getMsg HTTP/1.1" 302 -
172.17.0.119 - - [12/May/2020:09:37:40 +0800] "GET /xingrg/check_reg.html?_=1589247459607 HTTP/1.1" 302 -
180.156.150.85 - - [12/May/2020:09:37:40 +0800] "GET /xingrg/all/function/internal_message.html?_=1589247459803&CODE_STATE=getMsg HTTP/1.1" 200 27
114.84.33.255 - - [12/May/2020:09:37:52 +0800] "GET /xingrg/all/function/internal_message.html?_=1589247476531&CODE_STATE=getMsg HTTP/1.1" 200 27
172.17.0.185 - - [12/May/2020:09:37:52 +0800] "GET /xingrg/all/function/internal_message.html?_=1589247470504&CODE_STATE=getMsg HTTP/1.1" 200 27
117.131.5.26 - - [12/May/2020:09:38:00 +0800] "GET /xingrg/all/function/internal_message.html?_=1589247837731&CODE_STATE=getMsg HTTP/1.1" 200 27
180.162.232.172 - - [12/May/2020:09:38:03 +0800] "GET /xingrg/kc/buy/cgsh_order_list.html HTTP/1.1" 200 42763
180.162.232.172 - - [12/May/2020:09:38:03 +0800] "POST /xingrg/kc/buy/cgsh_list_operate.html HTTP/1.1" 200 876
172.17.0.120 - - [12/May/2020:09:38:04 +0800] "GET /xingrg/javascript/jquery_easy_ui/themes/default/images/tabs_active.png HTTP/1.1" 200 2894
180.162.232.172 - - [12/May/2020:09:38:04 +0800] "GET /xingrg/kc/buy/cgsh_order_add.html HTTP/1.1" 200 58419
180.162.232.172 - - [12/May/2020:09:38:04 +0800] "GET /xingrg/words/20200512093422_words.js HTTP/1.1" 200 726681
180.162.232.172 - - [12/May/2020:09:38:05 +0800] "POST /xingrg/kc/buy/cgsh_order_operate.html HTTP/1.1" 200 8245
180.162.232.172 - - [12/May/2020:09:38:05 +0800] "GET /xingrg/javascript/easyui/themes/default/validatebox.css HTTP/1.1" 404 1104
180.162.232.172 - - [12/May/2020:09:38:07 +0800] "GET /xingrg/check_reg.html?_=1589247613302 HTTP/1.1" 200 22
180.162.232.172 - - [12/May/2020:09:38:08 +0800] "GET /xingrg/all/function/internal_message.html?_=1589247613644&CODE_STATE=getMsg HTTP/1.1" 200 27
180.171.124.178 - - [12/May/2020:09:38:09 +0800] "GET /xingrg/all/function/internal_message.html?_=1589247485509&CODE_STATE=getMsg HTTP/1.1" 200 27
180.171.124.178 - - [12/May/2020:09:38:09 +0800] "GET /xingrg/check_reg.html?_=1589247485784 HTTP/1.1" 200 22
172.17.0.120 - - [12/May/2020:09:38:09 +0800] "POST /xingrg/dwr/call/plaincall/AjaxReportQueryService.refreshCache.dwr HTTP/1.1" 200 78
120.253.135.82 - - [12/May/2020:09:38:09 +0800] "GET /xingrg/check_reg.html?_=1589247242285 HTTP/1.1" 200 22
114.84.151.157 - - [12/May/2020:09:38:10 +0800] "GET /xingrg/all/function/internal_message.html?_=1589247486135&CODE_STATE=getMsg HTTP/1.1" 200 27
180.162.232.172 - - [12/May/2020:09:38:10 +0800] "GET /xingrg/all/function/internal_message.html?_=1589247491260&CODE_STATE=getMsg HTTP/1.1" 200 27
117.185.32.26 - - [12/May/2020:09:38:10 +0800] "GET /xingrg/all/function/internal_message.html?_=1589247913168&CODE_STATE=getMsg HTTP/1.1" 200 27
172.17.0.120 - - [12/May/2020:09:38:11 +0800] "POST /xingrg/all/report/load_report_page.html HTTP/1.1" 200 8908
172.17.0.120 - - [12/May/2020:09:38:11 +0800] "GET /xingrg/servlets/image?cache=0.8505459047106516&image=px HTTP/1.1" 200 807
180.162.232.172 - - [12/May/2020:09:38:11 +0800] "GET /xingrg/kc/buy/cgsh_order_operate.html?command=get_materiel&rest_code=00150&code=00101015076&supplier_code=00100054&order_time=2020-05-12 HTTP/1.1" 200 416
101.89.19.149 - - [12/May/2020:09:38:12 +0800] "GET /xingrg/kc/buy/cgsh_order_info.html?code=212020051203956 HTTP/1.1" 302 -
58.40.7.146 - - [12/May/2020:09:38:15 +0800] "GET /xingrg/all/function/internal_message.html?_=1589247494588&CODE_STATE=getMsg HTTP/1.1" 200 27
117.184.7.30 - - [12/May/2020:09:38:17 +0800] "GET /xingrg/all/function/internal_message.html?_=1589247493418&CODE_STATE=getMsg HTTP/1.1" 200 27
180.171.124.178 - - [12/May/2020:09:38:19 +0800] "GET /xingrg/javascript/easyui/themes/default/images/button_plain_hover.png HTTP/1.1" 304 -
180.171.124.178 - - [12/May/2020:09:38:20 +0800] "GET /xingrg/css/base.css HTTP/1.1" 304 -
180.171.124.178 - - [12/May/2020:09:38:20 +0800] "GET /xingrg/css/site.css HTTP/1.1" 304 -
180.171.124.178 - - [12/May/2020:09:38:20 +0800] "GET /xingrg/javascript/jquery_tools/datebox.css HTTP/1.1" 304 -
180.171.124.178 - - [12/May/2020:09:38:20 +0800] "GET /xingrg/javascript/easyui/themes/default/easyui.css HTTP/1.1" 304 -
180.171.124.178 - - [12/May/2020:09:38:20 +0800] "GET /xingrg/kc/buy/cgsh_order_add.html HTTP/1.1" 200 58495
180.171.124.178 - - [12/May/2020:09:38:20 +0800] "GET /xingrg/javascript/easyui/themes/icon.css HTTP/1.1" 304 -
180.171.124.178 - - [12/May/2020:09:38:20 +0800] "GET /xingrg/javascript/auto/jquery.autocomplete.css HTTP/1.1" 304 -
180.171.124.178 - - [12/May/2020:09:38:20 +0800] "GET /xingrg/javascript/jquery_tools/fix.css HTTP/1.1" 304 -
180.171.124.178 - - [12/May/2020:09:38:20 +0800] "GET /xingrg/javascript/jquery_tools/table.css HTTP/1.1" 304 -
180.171.124.178 - - [12/May/2020:09:38:20 +0800] "GET /xingrg/javascript/pic_change.js HTTP/1.1" 304 -
180.171.124.178 - - [12/May/2020:09:38:20 +0800] "GET /xingrg/javascript/jquery_tools/jquery.tools.min.js HTTP/1.1" 304 -
180.171.124.178 - - [12/May/2020:09:38:20 +0800] "GET /xingrg/javascript/jquery_tools/jquery.tools.extend.js HTTP/1.1" 304 -
180.171.124.178 - - [12/May/2020:09:38:20 +0800] "GET /xingrg/javascript/jquery_tools/jquery.tools.table.js HTTP/1.1" 304 -
180.171.124.178 - - [12/May/2020:09:38:20 +0800] "GET /xingrg/javascript/jquery_tools/jquery.tools.hotkey.js HTTP/1.1" 304 -
180.171.124.178 - - [12/May/2020:09:38:20 +0800] "GET /xingrg/javascript/auto/jquery.autocomplete.js HTTP/1.1" 304 -
180.171.124.178 - - [12/May/2020:09:38:20 +0800] "GET /xingrg/javascript/easyui/easyloader.js HTTP/1.1" 304 -
180.171.124.178 - - [12/May/2020:09:38:20 +0800] "GET /xingrg/javascript/jquery_tools/order_manager.js HTTP/1.1" 304 -
180.171.124.178 - - [12/May/2020:09:38:20 +0800] "GET /xingrg/javascript/jquery.utils.js HTTP/1.1" 304 -
180.171.124.178 - - [12/May/2020:09:38:20 +0800] "GET /xingrg/javascript/convert.js HTTP/1.1" 304 -
180.171.124.178 - - [12/May/2020:09:38:20 +0800] "GET /xingrg/javascript/jquery.cookie.js HTTP/1.1" 304 -
180.171.124.178 - - [12/May/2020:09:38:20 +0800] "GET /xingrg/javascript/json2.js HTTP/1.1" 304 -
180.171.124.178 - - [12/May/2020:09:38:20 +0800] "GET /xingrg/javascript/print/kc_print.js HTTP/1.1" 304 -
180.171.124.178 - - [12/May/2020:09:38:20 +0800] "GET /xingrg/javascript/print/LodopFuncs.js HTTP/1.1" 304 -
180.171.124.178 - - [12/May/2020:09:38:20 +0800] "GET /xingrg/words/20200512093422_words.js HTTP/1.1" 200 726681
180.171.124.178 - - [12/May/2020:09:38:20 +0800] "GET /xingrg/javascript/easyui/themes/icons/copy_new.png HTTP/1.1" 304 -
180.171.124.178 - - [12/May/2020:09:38:20 +0800] "GET /xingrg/javascript/easyui/themes/icons/template_new.png HTTP/1.1" 304 -
180.171.124.178 - - [12/May/2020:09:38:20 +0800] "GET /xingrg/javascript/easyui/themes/icons/ok.png HTTP/1.1" 304 -
180.171.124.178 - - [12/May/2020:09:38:20 +0800] "GET /xingrg/javascript/easyui/themes/icons/print.png HTTP/1.1" 304 -
180.171.124.178 - - [12/May/2020:09:38:20 +0800] "GET /xingrg/javascript/easyui/themes/default/images/menu_downarrow.png HTTP/1.1" 304 -
180.171.124.178 - - [12/May/2020:09:38:20 +0800] "GET /xingrg/javascript/easyui/themes/icons/cancel.png HTTP/1.1" 304 -
101.89.19.149 - - [12/May/2020:09:38:20 +0800] "GET /xingrg/login.html HTTP/1.1" 200 7641
180.171.124.178 - - [12/May/2020:09:38:20 +0800] "GET /xingrg/javascript/easyui/plugins/jquery.parser.js HTTP/1.1" 304 -
180.171.124.178 - - [12/May/2020:09:38:20 +0800] "POST /xingrg/kc/buy/cgsh_order_operate.html HTTP/1.1" 200 8245
180.171.124.178 - - [12/May/2020:09:38:21 +0800] "GET /xingrg/all/common/auto_word.html?type=employee&rest_code=00111 HTTP/1.1" 200 205
180.171.124.178 - - [12/May/2020:09:38:21 +0800] "GET /xingrg/all/common/auto_word.html?type=employee&rest_code=00111 HTTP/1.1" 200 205
180.171.124.178 - - [12/May/2020:09:38:21 +0800] "GET /xingrg/javascript/easyui/themes/default/validatebox.css HTTP/1.1" 404 1104
180.171.124.178 - - [12/May/2020:09:38:21 +0800] "GET /xingrg/javascript/easyui/plugins/jquery.validatebox.js HTTP/1.1" 304 -
180.171.124.178 - - [12/May/2020:09:38:21 +0800] "GET /xingrg/javascript/easyui/plugins/jquery.numberbox.js HTTP/1.1" 304 -
180.162.232.172 - - [12/May/2020:09:38:22 +0800] "POST /xingrg/kc/buy/cgsh_order_operate.html HTTP/1.1" 200 37
101.83.241.62 - - [12/May/2020:09:38:22 +0800] "GET /xingrg/all/function/internal_message.html?_=1589247499988&CODE_STATE=getMsg HTTP/1.1" 200 27
172.17.0.106 - - [12/May/2020:09:38:23 +0800] "GET /xingrg/check_reg.html?_=1589247502562 HTTP/1.1" 200 22
172.17.0.106 - - [12/May/2020:09:38:23 +0800] "GET /xingrg/all/function/internal_message.html?_=1589247502568&CODE_STATE=getMsg HTTP/1.1" 200 27
180.162.232.172 - - [12/May/2020:09:38:24 +0800] "POST /xingrg/kc/buy/cgsh_order_operate.html HTTP/1.1" 200 12
120.253.135.82 - - [12/May/2020:09:38:25 +0800] "GET /xingrg/all/function/internal_message.html?_=1589247257523&CODE_STATE=getMsg HTTP/1.1" 200 27
172.17.0.120 - - [12/May/2020:09:38:25 +0800] "POST /xingrg/dwr/call/plaincall/AjaxReportQueryService.refreshCache.dwr HTTP/1.1" 200 78
180.162.232.172 - - [12/May/2020:09:38:25 +0800] "GET /xingrg/kc/buy/cgsh_order_info.html?code=212020051203966 HTTP/1.1" 200 53320
180.162.232.172 - - [12/May/2020:09:38:25 +0800] "GET /xingrg/javascript/easyui/themes/default/validatebox.css HTTP/1.1" 404 1104
180.162.232.172 - - [12/May/2020:09:38:26 +0800] "POST /xingrg/kc/buy/cgsh_order_operate.html HTTP/1.1" 200 609
172.17.0.120 - - [12/May/2020:09:38:26 +0800] "POST /xingrg/all/report/load_report_page.html HTTP/1.1" 200 8964
172.17.0.120 - - [12/May/2020:09:38:26 +0800] "GET /xingrg/servlets/image?cache=0.0011565969519664598&image=px HTTP/1.1" 200 807
124.77.110.230 - - [12/May/2020:09:38:26 +0800] "GET /xingrg/check_reg.html?_=1589246709376 HTTP/1.1" 200 22
180.162.232.172 - - [12/May/2020:09:38:27 +0800] "GET /xingrg/kc/print/load_data.html?order_code=212020051203966&kc_code=cgsh&condition= HTTP/1.1" 200 700
58.221.95.50 - - [12/May/2020:09:38:28 +0800] "GET /xingrg/all/function/internal_message.html?_=1589247549498&CODE_STATE=getMsg HTTP/1.1" 200 27
124.77.110.230 - - [12/May/2020:09:38:28 +0800] "GET /xingrg/all/function/internal_message.html?_=1589246711429&CODE_STATE=getMsg HTTP/1.1" 200 27
172.17.0.101 - - [12/May/2020:09:38:28 +0800] "GET /xingrg/all/function/internal_message.html?_=1589247508406&CODE_STATE=getMsg HTTP/1.1" 200 27
172.17.0.110 - - [12/May/2020:09:38:30 +0800] "GET /xingrg/all/function/internal_message.html?_=1589247509062&CODE_STATE=getMsg HTTP/1.1" 200 27
172.17.0.120 - - [12/May/2020:09:38:30 +0800] "GET /xingrg/all/function/internal_message.html?_=1589247509255&CODE_STATE=getMsg HTTP/1.1" 200 27
180.175.212.199 - - [12/May/2020:09:38:38 +0800] "GET /xingrg/all/function/internal_message.html?_=1589247714730&CODE_STATE=getMsg HTTP/1.1" 200 27
172.17.0.119 - - [12/May/2020:09:38:40 +0800] "GET /xingrg/all/function/internal_message.html?_=1589247519611&CODE_STATE=getMsg HTTP/1.1" 302 -
180.156.150.85 - - [12/May/2020:09:38:40 +0800] "GET /xingrg/all/function/internal_message.html?_=1589247519801&CODE_STATE=getMsg HTTP/1.1" 200 27
180.156.150.85 - - [12/May/2020:09:38:40 +0800] "GET /xingrg/check_reg.html?_=1589247519803 HTTP/1.1" 200 22
114.84.33.255 - - [12/May/2020:09:38:52 +0800] "GET /xingrg/all/function/internal_message.html?_=1589247536543&CODE_STATE=getMsg HTTP/1.1" 200 27
172.17.0.185 - - [12/May/2020:09:38:52 +0800] "GET /xingrg/all/function/internal_message.html?_=1589247530506&CODE_STATE=getMsg HTTP/1.1" 200 27
172.17.0.185 - - [12/May/2020:09:38:52 +0800] "GET /xingrg/check_reg.html?_=1589247530514 HTTP/1.1" 200 22
101.89.29.78 - - [12/May/2020:09:39:00 +0800] "GET /xingrg/kc/buy/cgsh_order_operate.html?command=get_materiel&rest_code=00141&code=00101009010&supplier_code=00100022&order_time=2020-05-12 HTTP/1.1" 302 -
117.131.5.26 - - [12/May/2020:09:39:00 +0800] "GET /xingrg/check_reg.html?_=1589247897731 HTTP/1.1" 200 22
117.131.5.26 - - [12/May/2020:09:39:00 +0800] "GET /xingrg/all/function/internal_message.html?_=1589247897730&CODE_STATE=getMsg HTTP/1.1" 200 27
101.89.239.238 - - [12/May/2020:09:39:05 +0800] "GET /xingrg/kc/buy/cgsh_order_operate.html?command=get_materiel&rest_code=00141&code=00101009039&supplier_code=00100022&order_time=2020-05-12 HTTP/1.1" 302 -
101.89.29.78 - - [12/May/2020:09:39:06 +0800] "GET /xingrg/login.html HTTP/1.1" 200 7641
180.162.232.172 - - [12/May/2020:09:39:08 +0800] "GET /xingrg/all/function/internal_message.html?_=1589247673657&CODE_STATE=getMsg HTTP/1.1" 200 27
180.171.124.178 - - [12/May/2020:09:39:09 +0800] "GET /xingrg/all/function/internal_message.html?_=1589247545690&CODE_STATE=getMsg HTTP/1.1" 200 27
114.84.151.157 - - [12/May/2020:09:39:10 +0800] "GET /xingrg/all/function/internal_message.html?_=1589247546136&CODE_STATE=getMsg HTTP/1.1" 200 27
114.84.151.157 - - [12/May/2020:09:39:10 +0800] "GET /xingrg/check_reg.html?_=1589247546138 HTTP/1.1" 200 22
180.162.232.172 - - [12/May/2020:09:39:10 +0800] "GET /xingrg/all/function/internal_message.html?_=1589247551274&CODE_STATE=getMsg HTTP/1.1" 200 27
180.162.232.172 - - [12/May/2020:09:39:10 +0800] "GET /xingrg/check_reg.html?_=1589247551277 HTTP/1.1" 200 22
101.89.239.238 - - [12/May/2020:09:39:10 +0800] "GET /xingrg/login.html HTTP/1.1" 200 7641
117.185.32.26 - - [12/May/2020:09:39:10 +0800] "GET /xingrg/all/function/internal_message.html?_=1589247973194&CODE_STATE=getMsg HTTP/1.1" 200 27
117.185.32.26 - - [12/May/2020:09:39:10 +0800] "GET /xingrg/check_reg.html?_=1589247973195 HTTP/1.1" 200 22
58.40.7.146 - - [12/May/2020:09:39:15 +0800] "GET /xingrg/all/function/internal_message.html?_=1589247554591&CODE_STATE=getMsg HTTP/1.1" 200 27
117.184.7.30 - - [12/May/2020:09:39:17 +0800] "GET /xingrg/all/function/internal_message.html?_=1589247553420&CODE_STATE=getMsg HTTP/1.1" 200 27
101.83.241.62 - - [12/May/2020:09:39:22 +0800] "GET /xingrg/all/function/internal_message.html?_=1589247559991&CODE_STATE=getMsg HTTP/1.1" 200 27
172.17.0.106 - - [12/May/2020:09:39:23 +0800] "GET /xingrg/all/function/internal_message.html?_=1589247562555&CODE_STATE=getMsg HTTP/1.1" 200 27
120.253.135.82 - - [12/May/2020:09:39:25 +0800] "GET /xingrg/all/function/internal_message.html?_=1589247317535&CODE_STATE=getMsg HTTP/1.1" 200 27
180.171.124.178 - - [12/May/2020:09:39:26 +0800] "GET /xingrg/kc/buy/cgsh_order_operate.html?command=get_materiel&rest_code=00111&code=00101008149&supplier_code=00100005&order_time=2020-05-12 HTTP/1.1" 200 408
124.77.110.230 - - [12/May/2020:09:39:28 +0800] "GET /xingrg/all/function/internal_message.html?_=1589246771450&CODE_STATE=getMsg HTTP/1.1" 200 27
58.221.95.50 - - [12/May/2020:09:39:28 +0800] "GET /xingrg/all/function/internal_message.html?_=1589247609562&CODE_STATE=getMsg HTTP/1.1" 200 27
172.17.0.101 - - [12/May/2020:09:39:28 +0800] "GET /xingrg/all/function/internal_message.html?_=1589247568407&CODE_STATE=getMsg HTTP/1.1" 200 27
172.17.0.110 - - [12/May/2020:09:39:30 +0800] "GET /xingrg/all/function/internal_message.html?_=1589247569040&CODE_STATE=getMsg HTTP/1.1" 200 27
172.17.0.120 - - [12/May/2020:09:39:30 +0800] "GET /xingrg/check_reg.html?_=1589247569252 HTTP/1.1" 200 22
172.17.0.120 - - [12/May/2020:09:39:30 +0800] "GET /xingrg/all/function/internal_message.html?_=1589247569254&CODE_STATE=getMsg HTTP/1.1" 200 27
180.171.124.178 - - [12/May/2020:09:39:36 +0800] "GET /xingrg/kc/buy/cgsh_order_operate.html?command=get_materiel&rest_code=00111&code=00101008300&supplier_code=00100005&order_time=2020-05-12 HTTP/1.1" 200 412
180.175.212.199 - - [12/May/2020:09:39:38 +0800] "GET /xingrg/all/function/internal_message.html?_=1589247774747&CODE_STATE=getMsg HTTP/1.1" 200 27
172.17.0.119 - - [12/May/2020:09:39:40 +0800] "GET /xingrg/all/function/internal_message.html?_=1589247579614&CODE_STATE=getMsg HTTP/1.1" 302 -
180.156.150.85 - - [12/May/2020:09:39:40 +0800] "GET /xingrg/all/function/internal_message.html?_=1589247579801&CODE_STATE=getMsg HTTP/1.1" 200 27
180.171.124.178 - - [12/May/2020:09:39:43 +0800] "GET /xingrg/kc/buy/cgsh_order_operate.html?command=get_materiel&rest_code=00111&code=00101008358&supplier_code=00100005&order_time=2020-05-12 HTTP/1.1" 200 412
172.17.0.110 - - [12/May/2020:09:39:47 +0800] "GET /xingrg/check_reg.html?_=1589247585266 HTTP/1.1" 200 22
172.17.0.185 - - [12/May/2020:09:39:52 +0800] "GET /xingrg/all/function/internal_message.html?_=1589247590505&CODE_STATE=getMsg HTTP/1.1" 200 27
114.84.33.255 - - [12/May/2020:09:39:52 +0800] "GET /xingrg/all/function/internal_message.html?_=1589247596658&CODE_STATE=getMsg HTTP/1.1" 200 27
180.171.124.178 - - [12/May/2020:09:39:55 +0800] "GET /xingrg/kc/buy/cgsh_order_operate.html?command=get_materiel&rest_code=00111&code=00101008355&supplier_code=00100005&order_time=2020-05-12 HTTP/1.1" 200 408
172.17.0.120 - - [12/May/2020:09:39:56 +0800] "GET /xingrg/javascript/multi_select/dropdown_hover.gif HTTP/1.1" 200 61
58.37.37.156 - - [12/May/2020:09:39:56 +0800] "GET /favicon.ico HTTP/1.1" 404 -
117.131.5.26 - - [12/May/2020:09:40:00 +0800] "GET /xingrg/all/function/internal_message.html?_=1589247957729&CODE_STATE=getMsg HTTP/1.1" 200 27
180.171.124.178 - - [12/May/2020:09:40:06 +0800] "GET /xingrg/kc/buy/cgsh_order_operate.html?command=get_materiel&rest_code=00111&code=00101008321&supplier_code=00100005&order_time=2020-05-12 HTTP/1.1" 200 412
180.162.232.172 - - [12/May/2020:09:40:08 +0800] "GET /xingrg/all/function/internal_message.html?_=1589247733671&CODE_STATE=getMsg HTTP/1.1" 200 27
180.171.124.178 - - [12/May/2020:09:40:09 +0800] "GET /xingrg/all/function/internal_message.html?_=1589247605693&CODE_STATE=getMsg HTTP/1.1" 200 27
114.84.151.157 - - [12/May/2020:09:40:10 +0800] "GET /xingrg/all/function/internal_message.html?_=1589247606136&CODE_STATE=getMsg HTTP/1.1" 200 27
180.162.232.172 - - [12/May/2020:09:40:10 +0800] "GET /xingrg/all/function/internal_message.html?_=1589247611263&CODE_STATE=getMsg HTTP/1.1" 200 27
117.185.32.26 - - [12/May/2020:09:40:10 +0800] "GET /xingrg/all/function/internal_message.html?_=1589248033193&CODE_STATE=getMsg HTTP/1.1" 200 27
180.171.124.178 - - [12/May/2020:09:40:15 +0800] "GET /xingrg/kc/buy/cgsh_order_operate.html?command=get_materiel&rest_code=00111&code=00101008005&supplier_code=00100005&order_time=2020-05-12 HTTP/1.1" 200 414
58.40.7.146 - - [12/May/2020:09:40:15 +0800] "GET /xingrg/all/function/internal_message.html?_=1589247614593&CODE_STATE=getMsg HTTP/1.1" 200 27
58.40.7.146 - - [12/May/2020:09:40:15 +0800] "GET /xingrg/check_reg.html?_=1589247614596 HTTP/1.1" 200 22
117.184.7.30 - - [12/May/2020:09:40:17 +0800] "GET /xingrg/check_reg.html?_=1589247613425 HTTP/1.1" 200 22
117.184.7.30 - - [12/May/2020:09:40:17 +0800] "GET /xingrg/all/function/internal_message.html?_=1589247613428&CODE_STATE=getMsg HTTP/1.1" 200 27
58.37.37.156 - - [12/May/2020:09:40:18 +0800] "GET /favicon.ico HTTP/1.1" 404 -
61.151.178.174 - - [12/May/2020:09:40:21 +0800] "GET /xingrg/kc/buy/cgsh_order_operate.html?command=get_materiel&rest_code=00141&code=00101016105&supplier_code=00100036&order_time=2020-05-12 HTTP/1.1" 302 -
101.83.241.62 - - [12/May/2020:09:40:22 +0800] "GET /xingrg/check_reg.html?_=1589247620012 HTTP/1.1" 200 22
101.83.241.62 - - [12/May/2020:09:40:23 +0800] "GET /xingrg/all/function/internal_message.html?_=1589247619995&CODE_STATE=getMsg HTTP/1.1" 200 27
172.17.0.106 - - [12/May/2020:09:40:23 +0800] "GET /xingrg/all/function/internal_message.html?_=1589247622562&CODE_STATE=getMsg HTTP/1.1" 200 27
120.253.135.82 - - [12/May/2020:09:40:25 +0800] "GET /xingrg/all/function/internal_message.html?_=1589247377712&CODE_STATE=getMsg HTTP/1.1" 200 27
180.171.124.178 - - [12/May/2020:09:40:26 +0800] "GET /xingrg/kc/buy/cgsh_order_operate.html?command=get_materiel&rest_code=00111&code=00101008027&supplier_code=00100005&order_time=2020-05-12 HTTP/1.1" 200 408
61.151.178.174 - - [12/May/2020:09:40:27 +0800] "GET /xingrg/login.html HTTP/1.1" 200 7641
58.221.95.50 - - [12/May/2020:09:40:28 +0800] "GET /xingrg/check_reg.html?_=1589247668906 HTTP/1.1" 200 22
114.84.33.255 - - [12/May/2020:09:40:28 +0800] "GET /xingrg/check_reg.html?_=1589247632796 HTTP/1.1" 200 22
58.221.95.50 - - [12/May/2020:09:40:28 +0800] "GET /xingrg/all/function/internal_message.html?_=1589247669600&CODE_STATE=getMsg HTTP/1.1" 200 27
124.77.110.230 - - [12/May/2020:09:40:28 +0800] "GET /xingrg/all/function/internal_message.html?_=1589246831463&CODE_STATE=getMsg HTTP/1.1" 200 27
172.17.0.101 - - [12/May/2020:09:40:28 +0800] "GET /xingrg/all/function/internal_message.html?_=1589247628392&CODE_STATE=getMsg HTTP/1.1" 200 27
172.17.0.110 - - [12/May/2020:09:40:30 +0800] "GET /xingrg/all/function/internal_message.html?_=1589247629014&CODE_STATE=getMsg HTTP/1.1" 200 27
172.17.0.120 - - [12/May/2020:09:40:30 +0800] "GET /xingrg/all/function/internal_message.html?_=1589247629243&CODE_STATE=getMsg HTTP/1.1" 200 27
180.171.124.178 - - [12/May/2020:09:40:36 +0800] "GET /xingrg/kc/buy/cgsh_order_operate.html?command=get_materiel&rest_code=00111&code=00101008155&supplier_code=00100005&order_time=2020-05-12 HTTP/1.1" 200 408
180.175.212.199 - - [12/May/2020:09:40:38 +0800] "GET /xingrg/all/function/internal_message.html?_=1589247834929&CODE_STATE=getMsg HTTP/1.1" 200 27
61.151.178.165 - - [12/May/2020:09:40:38 +0800] "GET /xingrg/kc/print/load_data.html?order_code=212020051203960&kc_code=cgsh&condition= HTTP/1.1" 302 -
172.17.0.119 - - [12/May/2020:09:40:40 +0800] "GET /xingrg/all/function/internal_message.html?_=1589247639601&CODE_STATE=getMsg HTTP/1.1" 302 -
180.156.150.85 - - [12/May/2020:09:40:40 +0800] "GET /xingrg/all/function/internal_message.html?_=1589247639799&CODE_STATE=getMsg HTTP/1.1" 200 27
180.171.124.178 - - [12/May/2020:09:40:46 +0800] "GET /xingrg/kc/buy/cgsh_order_operate.html?command=get_materiel&rest_code=00111&code=00101008350&supplier_code=00100005&order_time=2020-05-12 HTTP/1.1" 200 408
61.151.178.165 - - [12/May/2020:09:40:47 +0800] "GET /xingrg/login.html HTTP/1.1" 200 7641
172.17.0.185 - - [12/May/2020:09:40:52 +0800] "GET /xingrg/all/function/internal_message.html?_=1589247650511&CODE_STATE=getMsg HTTP/1.1" 200 27
114.84.33.255 - - [12/May/2020:09:40:52 +0800] "GET /xingrg/all/function/internal_message.html?_=1589247656664&CODE_STATE=getMsg HTTP/1.1" 200 27
117.131.5.26 - - [12/May/2020:09:41:00 +0800] "GET /xingrg/all/function/internal_message.html?_=1589248017727&CODE_STATE=getMsg HTTP/1.1" 200 27
180.171.124.178 - - [12/May/2020:09:41:02 +0800] "GET /xingrg/kc/buy/cgsh_order_operate.html?command=get_materiel&rest_code=00111&code=00101008354&supplier_code=00100005&order_time=2020-05-12 HTTP/1.1" 200 412
180.162.232.172 - - [12/May/2020:09:41:08 +0800] "GET /xingrg/all/function/internal_message.html?_=1589247793711&CODE_STATE=getMsg HTTP/1.1" 200 27
180.171.124.178 - - [12/May/2020:09:41:09 +0800] "GET /xingrg/all/function/internal_message.html?_=1589247665707&CODE_STATE=getMsg HTTP/1.1" 200 27
114.84.151.157 - - [12/May/2020:09:41:10 +0800] "GET /xingrg/all/function/internal_message.html?_=1589247666137&CODE_STATE=getMsg HTTP/1.1" 200 27
180.162.232.172 - - [12/May/2020:09:41:10 +0800] "GET /xingrg/all/function/internal_message.html?_=1589247671263&CODE_STATE=getMsg HTTP/1.1" 200 27
117.185.32.26 - - [12/May/2020:09:41:10 +0800] "GET /xingrg/all/function/internal_message.html?_=1589248093191&CODE_STATE=getMsg HTTP/1.1" 200 27
58.40.7.146 - - [12/May/2020:09:41:15 +0800] "GET /xingrg/all/function/internal_message.html?_=1589247674596&CODE_STATE=getMsg HTTP/1.1" 200 27
180.171.124.178 - - [12/May/2020:09:41:16 +0800] "GET /xingrg/kc/buy/cgsh_order_operate.html?command=get_materiel&rest_code=00111&code=00101019254&supplier_code=00100005&order_time=2020-05-12 HTTP/1.1" 200 447
117.184.7.30 - - [12/May/2020:09:41:17 +0800] "GET /xingrg/all/function/internal_message.html?_=1589247673428&CODE_STATE=getMsg HTTP/1.1" 200 27
180.171.124.178 - - [12/May/2020:09:41:19 +0800] "POST /xingrg/all/common/load_select.html HTTP/1.1" 200 25
101.83.241.62 - - [12/May/2020:09:41:22 +0800] "GET /xingrg/all/function/internal_message.html?_=1589247679981&CODE_STATE=getMsg HTTP/1.1" 200 27
180.171.124.178 - - [12/May/2020:09:41:23 +0800] "GET /xingrg/kc/buy/cgsh_order_operate.html?command=get_materiel_price&rest_code=00111&code=00101019254&unit_code=00100040&supplier_code=00100005&order_time=2020-05-12 HTTP/1.1" 200 27
172.17.0.106 - - [12/May/2020:09:41:23 +0800] "GET /xingrg/all/function/internal_message.html?_=1589247682554&CODE_STATE=getMsg HTTP/1.1" 200 27
120.253.135.82 - - [12/May/2020:09:41:25 +0800] "GET /xingrg/all/function/internal_message.html?_=1589247437718&CODE_STATE=getMsg HTTP/1.1" 200 27
180.175.212.199 - - [12/May/2020:09:41:25 +0800] "GET /xingrg/check_reg.html?_=1589247881828 HTTP/1.1" 200 22
58.221.95.50 - - [12/May/2020:09:41:28 +0800] "GET /xingrg/all/function/internal_message.html?_=1589247729634&CODE_STATE=getMsg HTTP/1.1" 200 27
172.17.0.101 - - [12/May/2020:09:41:28 +0800] "GET /xingrg/all/function/internal_message.html?_=1589247688393&CODE_STATE=getMsg HTTP/1.1" 200 27
172.17.0.101 - - [12/May/2020:09:41:28 +0800] "GET /xingrg/check_reg.html?_=1589247688397 HTTP/1.1" 200 22
124.77.110.230 - - [12/May/2020:09:41:29 +0800] "GET /xingrg/all/function/internal_message.html?_=1589246892159&CODE_STATE=getMsg HTTP/1.1" 200 27
