180.162.232.172 - - [10/May/2020:11:08:45 +0800] "GET /xingrg/all/function/internal_message.html?_=1589080127401&CODE_STATE=getMsg HTTP/1.1" 200 27
180.162.232.172 - - [10/May/2020:11:08:45 +0800] "GET /xingrg/check_reg.html?_=1589080127404 HTTP/1.1" 200 22
180.175.212.199 - - [10/May/2020:11:08:47 +0800] "GET /xingrg/kc/buy/cgsh_order_operate.html?command=get_materiel&rest_code=00102&code=00101008168&supplier_code=00100008&order_time=2020-05-10 HTTP/1.1" 200 413
124.77.110.230 - - [10/May/2020:11:08:48 +0800] "POST /xingrg/system/rest/edit_item.html HTTP/1.1" 200 4
124.77.110.230 - - [10/May/2020:11:08:48 +0800] "GET /xingrg/system/rest/get_item.html?table=menu&target=menu_rest&id=1940&_=1589080126818 HTTP/1.1" 200 775
124.77.110.230 - - [10/May/2020:11:08:49 +0800] "GET /xingrg/kc/buy/cgsh_order_operate.html?command=get_materiel&rest_code=00107&code=00101012094&supplier_code=00100347&order_time=2020-05-10 HTTP/1.1" 200 391
172.17.0.185 - - [10/May/2020:11:08:49 +0800] "GET /xingrg/all/function/internal_message.html?_=1589080128934&CODE_STATE=getMsg HTTP/1.1" 200 27
172.17.0.185 - - [10/May/2020:11:08:49 +0800] "GET /xingrg/check_reg.html?_=1589080128935 HTTP/1.1" 200 22
124.77.110.230 - - [10/May/2020:11:08:49 +0800] "GET /xingrg/system/rest/get_item.html?table=menu&target=menu_rest_detail&id=1940&sid=11&_=1589080128755 HTTP/1.1" 200 426
180.156.150.85 - - [10/May/2020:11:08:50 +0800] "GET /xingrg/kc/buy/cgsh_order_operate.html?command=get_materiel&rest_code=00105&code=00101001125&supplier_code=00100319&order_time=2020-05-10 HTTP/1.1" 200 415
124.77.110.230 - - [10/May/2020:11:08:50 +0800] "GET /xingrg/system/rest/get_item.html?table=menu&target=menu_rest_detail&id=1940&sid=6&_=1589080129680 HTTP/1.1" 200 419
180.175.212.199 - - [10/May/2020:11:08:51 +0800] "GET /xingrg/kc/buy/cgsh_order_operate.html?command=get_materiel&rest_code=00102&code=00101008090&supplier_code=00100008&order_time=2020-05-10 HTTP/1.1" 200 408
114.84.151.157 - - [10/May/2020:11:08:53 +0800] "POST /xingrg/kc/buy/cgsh_order_operate.html HTTP/1.1" 200 37
114.84.151.157 - - [10/May/2020:11:08:55 +0800] "POST /xingrg/kc/buy/cgsh_order_operate.html HTTP/1.1" 200 12
114.84.33.255 - - [10/May/2020:11:08:55 +0800] "GET /xingrg/kc/base/wldb_order_operate.html?command=get_materiel&rest_code=00146&base_code=0010063&code=00101019184 HTTP/1.1" 200 443
114.84.151.157 - - [10/May/2020:11:08:55 +0800] "GET /xingrg/kc/buy/cgsh_order_info.html?code=212020051003215 HTTP/1.1" 200 53358
114.84.151.157 - - [10/May/2020:11:08:56 +0800] "GET /xingrg/javascript/easyui/themes/default/validatebox.css HTTP/1.1" 404 1104
114.84.151.157 - - [10/May/2020:11:08:56 +0800] "GET /xingrg/all/function/internal_message.html?_=1589080136409&CODE_STATE=getMsg HTTP/1.1" 200 27
114.84.151.157 - - [10/May/2020:11:08:56 +0800] "POST /xingrg/kc/buy/cgsh_order_operate.html HTTP/1.1" 200 620
114.84.151.157 - - [10/May/2020:11:08:57 +0800] "GET /xingrg/kc/print/load_data.html?order_code=212020051003215&kc_code=cgsh&condition= HTTP/1.1" 200 776
180.175.212.199 - - [10/May/2020:11:08:57 +0800] "GET /xingrg/kc/buy/cgsh_order_operate.html?command=get_materiel&rest_code=00102&code=00101015006&supplier_code=00100008&order_time=2020-05-10 HTTP/1.1" 200 412
101.85.52.41 - - [10/May/2020:11:08:58 +0800] "GET /xingrg/kc/buy/cgsh_order_list.html HTTP/1.1" 200 42715
180.156.150.85 - - [10/May/2020:11:08:58 +0800] "POST /xingrg/kc/buy/cgsh_order_operate.html HTTP/1.1" 200 37
124.77.110.230 - - [10/May/2020:11:08:59 +0800] "GET /xingrg/system/rest/query_items.html?_=1589080138068&table=menu&page=1&rows=20&categoryId=&key=cx HTTP/1.1" 200 4926
117.131.5.26 - - [10/May/2020:11:08:59 +0800] "GET /xingrg/check_reg.html?_=1589080149765 HTTP/1.1" 200 22
180.156.150.85 - - [10/May/2020:11:08:59 +0800] "POST /xingrg/kc/buy/cgsh_order_operate.html HTTP/1.1" 200 3253
180.171.124.178 - - [10/May/2020:11:08:59 +0800] "GET /xingrg/all/function/internal_message.html?_=1589080138313&CODE_STATE=getMsg HTTP/1.1" 200 27
180.156.150.85 - - [10/May/2020:11:09:00 +0800] "GET /xingrg/kc/print/load_data.html?order_code=212020051003216&kc_code=cgsh&condition= HTTP/1.1" 200 903
117.131.5.26 - - [10/May/2020:11:09:00 +0800] "GET /xingrg/all/function/internal_message.html?_=1589080151046&CODE_STATE=getMsg HTTP/1.1" 200 27
124.77.110.230 - - [10/May/2020:11:09:01 +0800] "GET /xingrg/system/rest/query_items.html?_=1589080140360&table=menu&page=1&rows=20&categoryId=&key=cx HTTP/1.1" 200 4926
117.184.7.26 - - [10/May/2020:11:09:02 +0800] "GET /xingrg/all/function/internal_message.html?_=1589080141876&CODE_STATE=getMsg HTTP/1.1" 200 27
124.77.110.230 - - [10/May/2020:11:09:02 +0800] "GET /xingrg/system/rest/get_item.html?table=menu&id=1998&_=1589080141564 HTTP/1.1" 200 963
124.77.110.230 - - [10/May/2020:11:09:02 +0800] "GET /xingrg/system/rest/get_item.html?table=menu&target=menu_rest&id=1998&_=1589080141575 HTTP/1.1" 200 759
124.77.110.230 - - [10/May/2020:11:09:02 +0800] "GET /xingrg/system/rest/get_item.html?table=menu&target=cook_mode&id=1998&_=1589080141573 HTTP/1.1" 200 11442
114.84.33.255 - - [10/May/2020:11:09:02 +0800] "GET /xingrg/all/function/internal_message.html?_=1589080144453&CODE_STATE=getMsg HTTP/1.1" 200 27
124.77.110.230 - - [10/May/2020:11:09:02 +0800] "GET /xingrg/system/rest/get_infos.html?command=menu_img_show&id=1998 HTTP/1.1" 200 5
180.175.212.199 - - [10/May/2020:11:09:03 +0800] "GET /xingrg/kc/buy/cgsh_order_operate.html?command=get_materiel&rest_code=00102&code=00101015053&supplier_code=00100008&order_time=2020-05-10 HTTP/1.1" 200 412
180.175.212.199 - - [10/May/2020:11:09:04 +0800] "GET /xingrg/all/function/internal_message.html?_=1589080340045&CODE_STATE=getMsg HTTP/1.1" 200 27
124.77.110.230 - - [10/May/2020:11:09:05 +0800] "GET /xingrg/system/rest/get_item.html?table=menu&target=menu_rest_detail&id=1998&sid=6&_=1589080144283 HTTP/1.1" 200 422
117.185.32.26 - - [10/May/2020:11:09:06 +0800] "GET /xingrg/all/function/internal_message.html?_=1589080568096&CODE_STATE=getMsg HTTP/1.1" 200 27
222.69.138.7 - - [10/May/2020:11:09:06 +0800] "GET /xingrg/all/function/internal_message.html?_=1589080146346&CODE_STATE=getMsg HTTP/1.1" 200 27
101.85.52.41 - - [10/May/2020:11:09:06 +0800] "POST /xingrg/kc/buy/cgsh_list_operate.html HTTP/1.1" 200 876
180.156.150.85 - - [10/May/2020:11:09:07 +0800] "GET /xingrg/kc/buy/cgsh_order_add.html HTTP/1.1" 200 58447
114.84.151.157 - - [10/May/2020:11:09:07 +0800] "GET /xingrg/kc/buy/cgsh_order_add.html HTTP/1.1" 200 58453
180.175.212.199 - - [10/May/2020:11:09:07 +0800] "GET /xingrg/kc/buy/cgsh_order_operate.html?command=get_materiel&rest_code=00102&code=00101015038&supplier_code=00100008&order_time=2020-05-10 HTTP/1.1" 200 418
180.156.150.85 - - [10/May/2020:11:09:07 +0800] "GET /xingrg/javascript/easyui/themes/default/validatebox.css HTTP/1.1" 404 1104
180.156.150.85 - - [10/May/2020:11:09:07 +0800] "POST /xingrg/kc/buy/cgsh_order_operate.html HTTP/1.1" 200 8245
124.77.110.230 - - [10/May/2020:11:09:08 +0800] "GET /xingrg/kc/buy/cgsh_order_operate.html?command=get_materiel&rest_code=00107&code=00101010549&supplier_code=00100347&order_time=2020-05-10 HTTP/1.1" 200 403
114.84.151.157 - - [10/May/2020:11:09:08 +0800] "GET /xingrg/javascript/easyui/themes/default/validatebox.css HTTP/1.1" 404 1104
114.84.151.157 - - [10/May/2020:11:09:08 +0800] "POST /xingrg/kc/buy/cgsh_order_operate.html HTTP/1.1" 200 8245
124.77.110.230 - - [10/May/2020:11:09:09 +0800] "GET /xingrg/check_reg.html?_=1589080148669 HTTP/1.1" 200 22
124.77.110.230 - - [10/May/2020:11:09:09 +0800] "GET /xingrg/all/function/internal_message.html?_=1589080148670&CODE_STATE=getMsg HTTP/1.1" 200 27
114.84.33.255 - - [10/May/2020:11:09:09 +0800] "GET /xingrg/kc/base/wldb_order_operate.html?command=get_materiel&rest_code=00146&base_code=0010063&code=00101019306 HTTP/1.1" 200 463
114.84.33.255 - - [10/May/2020:11:09:10 +0800] "GET /xingrg/all/function/internal_message.html?_=1589080152150&CODE_STATE=getMsg HTTP/1.1" 200 27
114.84.151.157 - - [10/May/2020:11:09:12 +0800] "GET /xingrg/all/function/internal_message.html?_=1589080148830&CODE_STATE=getMsg HTTP/1.1" 200 27
101.85.52.41 - - [10/May/2020:11:09:12 +0800] "GET /xingrg/all/function/internal_message.html?_=1589079685221&CODE_STATE=getMsg HTTP/1.1" 200 27
180.175.212.199 - - [10/May/2020:11:09:12 +0800] "GET /xingrg/kc/buy/cgsh_order_operate.html?command=get_materiel&rest_code=00102&code=00101008123&supplier_code=00100008&order_time=2020-05-10 HTTP/1.1" 200 412
124.77.110.230 - - [10/May/2020:11:09:12 +0800] "GET /xingrg/all/function/internal_message.html?_=1589080152683&CODE_STATE=getMsg HTTP/1.1" 200 27
114.84.151.157 - - [10/May/2020:11:09:12 +0800] "GET /xingrg/check_reg.html?_=1589080149130 HTTP/1.1" 200 22
222.70.208.105 - - [10/May/2020:11:09:14 +0800] "GET /xingrg/all/function/internal_message.html?_=1589080154018&CODE_STATE=getMsg HTTP/1.1" 200 27
58.40.7.146 - - [10/May/2020:11:09:15 +0800] "GET /xingrg/all/function/internal_message.html?_=1589080155136&CODE_STATE=getMsg HTTP/1.1" 200 27
180.162.232.172 - - [10/May/2020:11:09:15 +0800] "GET /xingrg/all/function/internal_message.html?_=1589080284271&CODE_STATE=getMsg HTTP/1.1" 200 27
180.156.150.85 - - [10/May/2020:11:09:16 +0800] "GET /xingrg/kc/buy/cgsh_order_operate.html?command=get_materiel&rest_code=00105&code=00101004057&supplier_code=00100312&order_time=2020-05-10 HTTP/1.1" 200 409
114.84.151.157 - - [10/May/2020:11:09:16 +0800] "GET /xingrg/kc/buy/cgsh_order_operate.html?command=get_materiel&rest_code=00141&code=00101002006&supplier_code=00100091&order_time=2020-05-10 HTTP/1.1" 200 414
180.175.212.199 - - [10/May/2020:11:09:16 +0800] "GET /xingrg/kc/buy/cgsh_order_operate.html?command=get_materiel&rest_code=00102&code=00101008165&supplier_code=00100008&order_time=2020-05-10 HTTP/1.1" 200 416
117.131.5.26 - - [10/May/2020:11:09:16 +0800] "GET /xingrg/all/function/internal_message.html?_=1589080514812&CODE_STATE=getMsg HTTP/1.1" 200 27
117.131.5.26 - - [10/May/2020:11:09:16 +0800] "GET /xingrg/check_reg.html?_=1589080514813 HTTP/1.1" 200 22
124.77.110.230 - - [10/May/2020:11:09:17 +0800] "POST /xingrg/system/rest/edit_item.html HTTP/1.1" 200 4
124.77.110.230 - - [10/May/2020:11:09:17 +0800] "GET /xingrg/system/rest/get_item.html?table=menu&target=menu_rest&id=1998&_=1589080155905 HTTP/1.1" 200 758
114.84.33.255 - - [10/May/2020:11:09:17 +0800] "GET /xingrg/kc/base/wldb_order_operate.html?command=get_materiel&rest_code=00146&base_code=0010063&code=00101016094 HTTP/1.1" 200 470
124.77.110.230 - - [10/May/2020:11:09:19 +0800] "GET /xingrg/system/rest/get_item.html?table=menu&target=menu_rest_detail&id=1998&sid=6&_=1589080157940 HTTP/1.1" 200 420
180.175.212.199 - - [10/May/2020:11:09:21 +0800] "GET /xingrg/kc/buy/cgsh_order_operate.html?command=get_materiel&rest_code=00102&code=00101008114&supplier_code=00100008&order_time=2020-05-10 HTTP/1.1" 200 412
114.84.33.255 - - [10/May/2020:11:09:22 +0800] "POST /xingrg/kc/base/wldb_order_operate.html HTTP/1.1" 200 37
114.84.33.255 - - [10/May/2020:11:09:22 +0800] "POST /xingrg/kc/base/wldb_order_operate.html HTTP/1.1" 200 3213
114.84.33.255 - - [10/May/2020:11:09:23 +0800] "GET /xingrg/kc/base/wldb_order_info.html?code=422020051000916 HTTP/1.1" 200 30337
114.84.33.255 - - [10/May/2020:11:09:23 +0800] "GET /xingrg/javascript/easyui/themes/default/validatebox.css HTTP/1.1" 404 1104
114.84.33.255 - - [10/May/2020:11:09:23 +0800] "POST /xingrg/kc/base/wldb_order_operate.html HTTP/1.1" 200 3213
114.84.151.157 - - [10/May/2020:11:09:25 +0800] "GET /xingrg/kc/buy/cgsh_order_operate.html?command=get_materiel&rest_code=00141&code=00101002034&supplier_code=00100091&order_time=2020-05-10 HTTP/1.1" 200 409
124.77.110.230 - - [10/May/2020:11:09:27 +0800] "GET /xingrg/system/rest/query_items.html?_=1589080165949&table=menu&page=1&rows=20&categoryId=&key=rh HTTP/1.1" 200 4038
114.84.32.201 - - [10/May/2020:11:09:27 +0800] "GET /xingrg/all/function/internal_message.html?_=1589080167289&CODE_STATE=getMsg HTTP/1.1" 200 27
180.156.150.85 - - [10/May/2020:11:09:27 +0800] "GET /xingrg/all/function/internal_message.html?_=1589080171772&CODE_STATE=getMsg HTTP/1.1" 200 27
180.156.150.85 - - [10/May/2020:11:09:27 +0800] "GET /xingrg/check_reg.html?_=1589080171867 HTTP/1.1" 200 22
180.175.212.199 - - [10/May/2020:11:09:28 +0800] "GET /xingrg/kc/buy/cgsh_order_operate.html?command=get_materiel&rest_code=00102&code=00101008072&supplier_code=00100008&order_time=2020-05-10 HTTP/1.1" 200 408
114.84.33.255 - - [10/May/2020:11:09:29 +0800] "POST /xingrg/kc/base/wldb_order_operate.html HTTP/1.1" 200 37
114.84.33.255 - - [10/May/2020:11:09:30 +0800] "POST /xingrg/kc/base/wldb_order_operate.html HTTP/1.1" 200 12
114.84.33.255 - - [10/May/2020:11:09:30 +0800] "POST /xingrg/kc/base/wldb_order_operate.html HTTP/1.1" 200 3213
180.162.102.27 - - [10/May/2020:11:09:30 +0800] "GET /xingrg/all/function/internal_message.html?_=1589079600595&CODE_STATE=getMsg HTTP/1.1" 200 27
114.84.33.255 - - [10/May/2020:11:09:31 +0800] "GET /xingrg/kc/base/wldb_order_info.html?code=422020051000916 HTTP/1.1" 200 26201
114.84.33.255 - - [10/May/2020:11:09:31 +0800] "POST /xingrg/kc/base/wldb_order_operate.html HTTP/1.1" 200 1485
114.84.33.255 - - [10/May/2020:11:09:31 +0800] "GET /xingrg/javascript/easyui/themes/default/validatebox.css HTTP/1.1" 404 1104
124.77.110.230 - - [10/May/2020:11:09:32 +0800] "GET /xingrg/system/rest/query_items.html?_=1589080171229&table=menu&page=1&rows=20&categoryId=&key=rh HTTP/1.1" 200 4038
124.77.110.230 - - [10/May/2020:11:09:33 +0800] "GET /xingrg/kc/buy/cgsh_order_operate.html?command=get_materiel&rest_code=00107&code=00101010574&supplier_code=00100347&order_time=2020-05-10 HTTP/1.1" 200 395
114.84.33.255 - - [10/May/2020:11:09:34 +0800] "GET /xingrg/kc/base/wldb_order_add.html HTTP/1.1" 200 30322
114.84.33.255 - - [10/May/2020:11:09:34 +0800] "POST /xingrg/kc/base/wldb_order_operate.html HTTP/1.1" 200 6806
114.84.33.255 - - [10/May/2020:11:09:34 +0800] "GET /xingrg/javascript/easyui/themes/default/validatebox.css HTTP/1.1" 404 1104
180.156.150.85 - - [10/May/2020:11:09:36 +0800] "GET /xingrg/kc/buy/cgsh_order_operate.html?command=get_materiel&rest_code=00105&code=00101004039&supplier_code=00100312&order_time=2020-05-10 HTTP/1.1" 200 413
180.175.212.199 - - [10/May/2020:11:09:38 +0800] "GET /xingrg/kc/buy/cgsh_order_operate.html?command=get_materiel&rest_code=00102&code=00101008049&supplier_code=00100008&order_time=2020-05-10 HTTP/1.1" 200 408
180.175.212.199 - - [10/May/2020:11:09:39 +0800] "GET /xingrg/all/function/internal_message.html?_=1589080178822&CODE_STATE=getMsg HTTP/1.1" 200 27
114.86.190.97 - - [10/May/2020:11:09:39 +0800] "GET /xingrg/all/function/internal_message.html?_=1589080179328&CODE_STATE=getMsg HTTP/1.1" 200 27
180.156.150.85 - - [10/May/2020:11:09:41 +0800] "GET /xingrg/kc/buy/cgsh_order_operate.html?command=get_materiel&rest_code=00105&code=00101004020&supplier_code=00100312&order_time=2020-05-10 HTTP/1.1" 200 409
124.77.110.230 - - [10/May/2020:11:09:44 +0800] "POST /xingrg/kc/buy/cgsh_order_operate.html HTTP/1.1" 200 37
180.162.232.172 - - [10/May/2020:11:09:45 +0800] "GET /xingrg/all/function/internal_message.html?_=1589080187403&CODE_STATE=getMsg HTTP/1.1" 200 27
180.175.212.199 - - [10/May/2020:11:09:45 +0800] "GET /xingrg/kc/buy/cgsh_order_operate.html?command=get_materiel&rest_code=00102&code=00101008354&supplier_code=00100008&order_time=2020-05-10 HTTP/1.1" 200 412
124.77.110.230 - - [10/May/2020:11:09:45 +0800] "POST /xingrg/kc/buy/cgsh_order_operate.html HTTP/1.1" 200 5024
124.77.110.230 - - [10/May/2020:11:09:46 +0800] "GET /xingrg/kc/print/load_data.html?order_code=212020051003217&kc_code=cgsh&condition= HTTP/1.1" 200 1556
180.175.212.199 - - [10/May/2020:11:09:47 +0800] "POST /xingrg/kc/buy/cgsh_order_operate.html HTTP/1.1" 200 2065
114.84.33.255 - - [10/May/2020:11:09:47 +0800] "GET /xingrg/kc/base/wldb_order_operate.html?command=get_materiel&rest_code=00146&base_code=0010063&code=00101019373 HTTP/1.1" 200 452
180.156.150.85 - - [10/May/2020:11:09:48 +0800] "GET /xingrg/kc/buy/cgsh_order_operate.html?command=get_materiel&rest_code=00105&code=00101004014&supplier_code=00100312&order_time=2020-05-10 HTTP/1.1" 200 408
180.175.212.199 - - [10/May/2020:11:09:49 +0800] "GET /xingrg/kc/buy/cgsh_order_operate.html?command=get_materiel&rest_code=00102&code=00101008224&supplier_code=00100008&order_time=2020-05-10 HTTP/1.1" 200 416
172.17.0.185 - - [10/May/2020:11:09:49 +0800] "GET /xingrg/all/function/internal_message.html?_=1589080188938&CODE_STATE=getMsg HTTP/1.1" 200 27
124.77.110.230 - - [10/May/2020:11:09:54 +0800] "GET /xingrg/system/rest/query_items.html?_=1589080193039&table=menu&page=1&rows=20&categoryId=&key=6502 HTTP/1.1" 200 238
117.184.7.26 - - [10/May/2020:11:09:54 +0800] "POST /xingrg/kc/buy/cgsh_list_operate.html HTTP/1.1" 200 2412
124.77.110.230 - - [10/May/2020:11:09:55 +0800] "GET /xingrg/system/rest/query_items.html?_=1589080194716&table=menu&page=1&rows=20&categoryId=&key=6502 HTTP/1.1" 200 238
114.84.151.157 - - [10/May/2020:11:09:56 +0800] "GET /xingrg/all/function/internal_message.html?_=1589080196414&CODE_STATE=getMsg HTTP/1.1" 200 27
124.77.110.230 - - [10/May/2020:11:09:56 +0800] "GET /xingrg/system/rest/get_item.html?table=menu&id=6502&_=1589080195083 HTTP/1.1" 200 931
124.77.110.230 - - [10/May/2020:11:09:56 +0800] "GET /xingrg/system/rest/get_item.html?table=menu&target=cook_mode&id=6502&_=1589080195091 HTTP/1.1" 200 507
124.77.110.230 - - [10/May/2020:11:09:56 +0800] "GET /xingrg/system/rest/get_item.html?table=menu&target=menu_rest&id=6502&_=1589080195092 HTTP/1.1" 200 54
124.77.110.230 - - [10/May/2020:11:09:56 +0800] "GET /xingrg/system/rest/get_infos.html?command=menu_img_show&id=6502 HTTP/1.1" 200 5
180.175.212.199 - - [10/May/2020:11:09:57 +0800] "GET /xingrg/kc/buy/cgsh_order_operate.html?command=get_materiel&rest_code=00102&code=00101008355&supplier_code=00100008&order_time=2020-05-10 HTTP/1.1" 200 408
180.171.124.178 - - [10/May/2020:11:09:57 +0800] "GET /xingrg/check_reg.html?_=1589080195919 HTTP/1.1" 200 22
180.156.150.85 - - [10/May/2020:11:09:58 +0800] "GET /xingrg/kc/buy/cgsh_order_operate.html?command=get_materiel&rest_code=00105&code=00101004030&supplier_code=00100312&order_time=2020-05-10 HTTP/1.1" 200 408
180.171.124.178 - - [10/May/2020:11:09:59 +0800] "GET /xingrg/all/function/internal_message.html?_=1589080198327&CODE_STATE=getMsg HTTP/1.1" 200 27
117.184.7.26 - - [10/May/2020:11:10:00 +0800] "GET /xingrg/kc/buy/cgsh_order_add.html HTTP/1.1" 200 58412
117.131.5.26 - - [10/May/2020:11:10:00 +0800] "GET /xingrg/all/function/internal_message.html?_=1589080211046&CODE_STATE=getMsg HTTP/1.1" 200 27
117.184.7.26 - - [10/May/2020:11:10:00 +0800] "GET /xingrg/words/20200509191820_words.js HTTP/1.1" 304 -
117.184.7.26 - - [10/May/2020:11:10:00 +0800] "POST /xingrg/kc/buy/cgsh_order_operate.html HTTP/1.1" 200 8245
117.184.7.26 - - [10/May/2020:11:10:01 +0800] "GET /xingrg/javascript/easyui/themes/default/validatebox.css HTTP/1.1" 404 1104
180.175.212.199 - - [10/May/2020:11:10:01 +0800] "GET /xingrg/kc/buy/cgsh_order_operate.html?command=get_materiel&rest_code=00102&code=00101008321&supplier_code=00100008&order_time=2020-05-10 HTTP/1.1" 200 412
117.184.7.26 - - [10/May/2020:11:10:02 +0800] "GET /xingrg/all/function/internal_message.html?_=1589080201853&CODE_STATE=getMsg HTTP/1.1" 200 27
114.84.33.255 - - [10/May/2020:11:10:03 +0800] "GET /xingrg/all/function/internal_message.html?_=1589080204610&CODE_STATE=getMsg HTTP/1.1" 200 27
180.175.212.199 - - [10/May/2020:11:10:04 +0800] "GET /xingrg/all/function/internal_message.html?_=1589080400096&CODE_STATE=getMsg HTTP/1.1" 200 27
117.185.32.26 - - [10/May/2020:11:10:06 +0800] "GET /xingrg/all/function/internal_message.html?_=1589080628074&CODE_STATE=getMsg HTTP/1.1" 200 27
117.185.32.26 - - [10/May/2020:11:10:06 +0800] "GET /xingrg/check_reg.html?_=1589080628155 HTTP/1.1" 200 22
222.69.138.7 - - [10/May/2020:11:10:06 +0800] "GET /xingrg/all/function/internal_message.html?_=1589080206351&CODE_STATE=getMsg HTTP/1.1" 200 27
180.175.212.199 - - [10/May/2020:11:10:07 +0800] "POST /xingrg/kc/buy/cgsh_order_operate.html HTTP/1.1" 200 37
180.175.212.199 - - [10/May/2020:11:10:08 +0800] "POST /xingrg/kc/buy/cgsh_order_operate.html HTTP/1.1" 200 15093
180.156.150.85 - - [10/May/2020:11:10:08 +0800] "GET /xingrg/kc/buy/cgsh_order_operate.html?command=get_materiel&rest_code=00105&code=00101005015&supplier_code=00100312&order_time=2020-05-10 HTTP/1.1" 200 409
114.84.33.255 - - [10/May/2020:11:10:09 +0800] "GET /xingrg/kc/base/wldb_order_operate.html?command=get_materiel&rest_code=00146&base_code=0010063&code=00101019374 HTTP/1.1" 200 453
117.184.7.26 - - [10/May/2020:11:10:09 +0800] "GET /xingrg/kc/buy/cgsh_order_operate.html?command=get_materiel&rest_code=00108&code=00101016030&supplier_code=00100036&order_time=2020-05-10 HTTP/1.1" 200 412
124.77.110.230 - - [10/May/2020:11:10:09 +0800] "GET /xingrg/all/function/internal_message.html?_=1589080208664&CODE_STATE=getMsg HTTP/1.1" 200 27
114.84.33.255 - - [10/May/2020:11:10:10 +0800] "GET /xingrg/all/function/internal_message.html?_=1589080212163&CODE_STATE=getMsg HTTP/1.1" 200 27
180.175.212.199 - - [10/May/2020:11:10:11 +0800] "POST /xingrg/kc/buy/cgsh_list_operate.html HTTP/1.1" 200 2412
114.84.151.157 - - [10/May/2020:11:10:12 +0800] "GET /xingrg/all/function/internal_message.html?_=1589080208829&CODE_STATE=getMsg HTTP/1.1" 200 27
101.85.52.41 - - [10/May/2020:11:10:12 +0800] "GET /xingrg/all/function/internal_message.html?_=1589079745224&CODE_STATE=getMsg HTTP/1.1" 200 27
101.85.52.41 - - [10/May/2020:11:10:12 +0800] "GET /xingrg/check_reg.html?_=1589079745274 HTTP/1.1" 200 22
124.77.110.230 - - [10/May/2020:11:10:12 +0800] "GET /xingrg/all/function/internal_message.html?_=1589080212657&CODE_STATE=getMsg HTTP/1.1" 200 27
222.70.208.105 - - [10/May/2020:11:10:14 +0800] "GET /xingrg/all/function/internal_message.html?_=1589080214005&CODE_STATE=getMsg HTTP/1.1" 200 27
180.175.212.199 - - [10/May/2020:11:10:14 +0800] "POST /xingrg/kc/buy/cgsh_list_operate.html HTTP/1.1" 200 2412
58.40.7.146 - - [10/May/2020:11:10:15 +0800] "GET /xingrg/all/function/internal_message.html?_=1589080215147&CODE_STATE=getMsg HTTP/1.1" 200 27
58.40.7.146 - - [10/May/2020:11:10:15 +0800] "GET /xingrg/check_reg.html?_=1589080215169 HTTP/1.1" 200 22
180.162.232.172 - - [10/May/2020:11:10:15 +0800] "GET /xingrg/all/function/internal_message.html?_=1589080344285&CODE_STATE=getMsg HTTP/1.1" 200 27
114.84.151.157 - - [10/May/2020:11:10:16 +0800] "GET /xingrg/kc/buy/cgsh_order_operate.html?command=get_materiel&rest_code=00141&code=00101002007&supplier_code=00100091&order_time=2020-05-10 HTTP/1.1" 200 409
117.131.5.26 - - [10/May/2020:11:10:16 +0800] "GET /xingrg/all/function/internal_message.html?_=1589080574827&CODE_STATE=getMsg HTTP/1.1" 200 27
180.175.212.199 - - [10/May/2020:11:10:20 +0800] "POST /xingrg/kc/buy/cgsh_list_operate.html HTTP/1.1" 200 4
117.184.7.26 - - [10/May/2020:11:10:22 +0800] "POST /xingrg/kc/buy/cgsh_order_operate.html HTTP/1.1" 200 37
180.175.212.199 - - [10/May/2020:11:10:22 +0800] "POST /xingrg/kc/buy/cgsh_list_operate.html HTTP/1.1" 200 876
117.184.7.26 - - [10/May/2020:11:10:22 +0800] "POST /xingrg/kc/buy/cgsh_order_operate.html HTTP/1.1" 200 3249
114.84.33.255 - - [10/May/2020:11:10:22 +0800] "POST /xingrg/kc/base/wldb_order_operate.html HTTP/1.1" 200 37
114.84.33.255 - - [10/May/2020:11:10:22 +0800] "POST /xingrg/kc/base/wldb_order_operate.html HTTP/1.1" 200 2709
114.84.33.255 - - [10/May/2020:11:10:23 +0800] "GET /xingrg/kc/base/wldb_order_info.html?code=422020051000917 HTTP/1.1" 200 30334
117.184.7.26 - - [10/May/2020:11:10:23 +0800] "GET /xingrg/kc/print/load_data.html?order_code=212020051003219&kc_code=cgsh&condition= HTTP/1.1" 200 965
114.84.33.255 - - [10/May/2020:11:10:23 +0800] "GET /xingrg/javascript/easyui/themes/default/validatebox.css HTTP/1.1" 404 1104
114.84.33.255 - - [10/May/2020:11:10:23 +0800] "POST /xingrg/kc/base/wldb_order_operate.html HTTP/1.1" 200 2709
114.84.32.201 - - [10/May/2020:11:10:27 +0800] "GET /xingrg/all/function/internal_message.html?_=1589080227287&CODE_STATE=getMsg HTTP/1.1" 200 27
180.156.150.85 - - [10/May/2020:11:10:27 +0800] "GET /xingrg/all/function/internal_message.html?_=1589080231750&CODE_STATE=getMsg HTTP/1.1" 200 27
114.84.33.255 - - [10/May/2020:11:10:27 +0800] "POST /xingrg/kc/base/wldb_order_operate.html HTTP/1.1" 200 37
114.84.151.157 - - [10/May/2020:11:10:28 +0800] "POST /xingrg/kc/buy/cgsh_order_operate.html HTTP/1.1" 200 37
114.84.33.255 - - [10/May/2020:11:10:28 +0800] "POST /xingrg/kc/base/wldb_order_operate.html HTTP/1.1" 200 12
114.84.33.255 - - [10/May/2020:11:10:28 +0800] "POST /xingrg/kc/base/wldb_order_operate.html HTTP/1.1" 200 2707
114.84.33.255 - - [10/May/2020:11:10:29 +0800] "GET /xingrg/kc/base/wldb_order_info.html?code=422020051000917 HTTP/1.1" 200 26198
114.84.33.255 - - [10/May/2020:11:10:29 +0800] "POST /xingrg/kc/base/wldb_order_operate.html HTTP/1.1" 200 992
114.84.33.255 - - [10/May/2020:11:10:29 +0800] "GET /xingrg/javascript/easyui/themes/default/validatebox.css HTTP/1.1" 404 1104
114.84.151.157 - - [10/May/2020:11:10:30 +0800] "POST /xingrg/kc/buy/cgsh_order_operate.html HTTP/1.1" 200 12
114.84.151.157 - - [10/May/2020:11:10:30 +0800] "GET /xingrg/kc/buy/cgsh_order_info.html?code=212020051003220 HTTP/1.1" 200 53360
180.162.102.27 - - [10/May/2020:11:10:30 +0800] "GET /xingrg/all/function/internal_message.html?_=1589079660593&CODE_STATE=getMsg HTTP/1.1" 200 27
180.162.102.27 - - [10/May/2020:11:10:30 +0800] "GET /xingrg/check_reg.html?_=1589079660595 HTTP/1.1" 200 22
114.84.151.157 - - [10/May/2020:11:10:31 +0800] "GET /xingrg/javascript/easyui/themes/default/validatebox.css HTTP/1.1" 404 1104
114.84.151.157 - - [10/May/2020:11:10:31 +0800] "POST /xingrg/kc/buy/cgsh_order_operate.html HTTP/1.1" 200 1793
114.84.151.157 - - [10/May/2020:11:10:32 +0800] "GET /xingrg/kc/print/load_data.html?order_code=212020051003220&kc_code=cgsh&condition= HTTP/1.1" 200 1233
180.156.150.85 - - [10/May/2020:11:10:32 +0800] "GET /xingrg/kc/buy/cgsh_order_operate.html?command=get_materiel&rest_code=00105&code=00101001015&supplier_code=00100312&order_time=2020-05-10 HTTP/1.1" 200 414
114.86.190.97 - - [10/May/2020:11:10:39 +0800] "GET /xingrg/all/function/internal_message.html?_=1589080239327&CODE_STATE=getMsg HTTP/1.1" 200 27
101.89.239.232 - - [10/May/2020:11:10:40 +0800] "GET /xingrg/all/function/internal_message.html?_=1589079536351&CODE_STATE=getMsg HTTP/1.1" 302 -
114.84.151.157 - - [10/May/2020:11:10:41 +0800] "GET /xingrg/kc/buy/cgsh_order_add.html HTTP/1.1" 200 58453
114.84.151.157 - - [10/May/2020:11:10:41 +0800] "POST /xingrg/kc/buy/cgsh_order_operate.html HTTP/1.1" 200 8245
114.84.151.157 - - [10/May/2020:11:10:41 +0800] "GET /xingrg/javascript/easyui/themes/default/validatebox.css HTTP/1.1" 404 1104
180.156.150.85 - - [10/May/2020:11:10:41 +0800] "POST /xingrg/kc/buy/cgsh_order_operate.html HTTP/1.1" 200 37
101.89.239.232 - - [10/May/2020:11:10:42 +0800] "GET /xingrg/login.html HTTP/1.1" 200 7641
180.156.150.85 - - [10/May/2020:11:10:42 +0800] "POST /xingrg/kc/buy/cgsh_order_operate.html HTTP/1.1" 200 6209
114.84.33.255 - - [10/May/2020:11:10:43 +0800] "GET /xingrg/kc/base/wldb_order_add.html HTTP/1.1" 200 30322
114.84.33.255 - - [10/May/2020:11:10:43 +0800] "POST /xingrg/kc/base/wldb_order_operate.html HTTP/1.1" 200 6806
114.84.33.255 - - [10/May/2020:11:10:43 +0800] "GET /xingrg/javascript/easyui/themes/default/validatebox.css HTTP/1.1" 404 1104
180.156.150.85 - - [10/May/2020:11:10:44 +0800] "GET /xingrg/kc/print/load_data.html?order_code=212020051003221&kc_code=cgsh&condition= HTTP/1.1" 200 2021
180.162.232.172 - - [10/May/2020:11:10:45 +0800] "GET /xingrg/all/function/internal_message.html?_=1589080247403&CODE_STATE=getMsg HTTP/1.1" 200 27
172.17.0.185 - - [10/May/2020:11:10:49 +0800] "GET /xingrg/all/function/internal_message.html?_=1589080248940&CODE_STATE=getMsg HTTP/1.1" 200 27
114.84.151.157 - - [10/May/2020:11:10:49 +0800] "GET /xingrg/kc/buy/cgsh_order_operate.html?command=get_materiel&rest_code=00141&code=00101004042&supplier_code=00100312&order_time=2020-05-10 HTTP/1.1" 200 417
180.156.150.85 - - [10/May/2020:11:10:53 +0800] "GET /xingrg/kc/buy/cgsh_order_add.html HTTP/1.1" 200 58447
180.156.150.85 - - [10/May/2020:11:10:53 +0800] "GET /xingrg/javascript/easyui/themes/default/validatebox.css HTTP/1.1" 404 1104
180.156.150.85 - - [10/May/2020:11:10:53 +0800] "POST /xingrg/kc/buy/cgsh_order_operate.html HTTP/1.1" 200 8245
114.84.151.157 - - [10/May/2020:11:10:56 +0800] "GET /xingrg/all/function/internal_message.html?_=1589080256416&CODE_STATE=getMsg HTTP/1.1" 200 27
114.84.33.255 - - [10/May/2020:11:10:56 +0800] "GET /xingrg/kc/base/wldb_order_operate.html?command=get_materiel&rest_code=00146&base_code=0010064&code=00102002610 HTTP/1.1" 200 430
180.175.212.199 - - [10/May/2020:11:10:59 +0800] "POST /xingrg/all/common/load_combo.html?type=base HTTP/1.1" 200 2966
180.171.124.178 - - [10/May/2020:11:11:00 +0800] "GET /xingrg/all/function/internal_message.html?_=1589080258340&CODE_STATE=getMsg HTTP/1.1" 200 27
117.131.5.26 - - [10/May/2020:11:11:00 +0800] "GET /xingrg/all/function/internal_message.html?_=1589080271046&CODE_STATE=getMsg HTTP/1.1" 200 27
117.184.7.26 - - [10/May/2020:11:11:00 +0800] "GET /xingrg/check_reg.html?_=1589080260541 HTTP/1.1" 200 22
114.84.33.255 - - [10/May/2020:11:11:01 +0800] "GET /xingrg/check_reg.html?_=1589080263271 HTTP/1.1" 200 22
114.84.151.157 - - [10/May/2020:11:11:02 +0800] "GET /xingrg/kc/buy/cgsh_order_operate.html?command=get_materiel&rest_code=00141&code=00101004050&supplier_code=00100312&order_time=2020-05-10 HTTP/1.1" 200 409
117.184.7.26 - - [10/May/2020:11:11:02 +0800] "GET /xingrg/all/function/internal_message.html?_=1589080261835&CODE_STATE=getMsg HTTP/1.1" 200 27
180.156.150.85 - - [10/May/2020:11:11:02 +0800] "GET /xingrg/kc/buy/cgsh_order_operate.html?command=get_materiel&rest_code=00105&code=00101010161&supplier_code=00100334&order_time=2020-05-10 HTTP/1.1" 200 408
114.84.33.255 - - [10/May/2020:11:11:03 +0800] "GET /xingrg/all/function/internal_message.html?_=1589080264621&CODE_STATE=getMsg HTTP/1.1" 200 27
114.84.33.255 - - [10/May/2020:11:11:03 +0800] "GET /xingrg/kc/base/wldb_order_operate.html?command=get_materiel&rest_code=00146&base_code=0010064&code=00102002453 HTTP/1.1" 200 433
180.175.212.199 - - [10/May/2020:11:11:04 +0800] "GET /xingrg/all/function/internal_message.html?_=1589080460104&CODE_STATE=getMsg HTTP/1.1" 200 27
117.185.32.26 - - [10/May/2020:11:11:06 +0800] "GET /xingrg/all/function/internal_message.html?_=1589080688049&CODE_STATE=getMsg HTTP/1.1" 200 27
222.69.138.7 - - [10/May/2020:11:11:06 +0800] "GET /xingrg/all/function/internal_message.html?_=1589080266352&CODE_STATE=getMsg HTTP/1.1" 200 27
114.84.151.157 - - [10/May/2020:11:11:09 +0800] "GET /xingrg/kc/buy/cgsh_order_operate.html?command=get_materiel&rest_code=00141&code=00101004046&supplier_code=00100312&order_time=2020-05-10 HTTP/1.1" 200 417
124.77.110.230 - - [10/May/2020:11:11:09 +0800] "GET /xingrg/all/function/internal_message.html?_=1589080268664&CODE_STATE=getMsg HTTP/1.1" 200 27
114.84.33.255 - - [10/May/2020:11:11:10 +0800] "GET /xingrg/kc/base/wldb_order_operate.html?command=get_materiel&rest_code=00146&base_code=0010064&code=00102004030 HTTP/1.1" 200 442
114.84.33.255 - - [10/May/2020:11:11:10 +0800] "GET /xingrg/all/function/internal_message.html?_=1589080272199&CODE_STATE=getMsg HTTP/1.1" 200 27
114.84.151.157 - - [10/May/2020:11:11:12 +0800] "GET /xingrg/all/function/internal_message.html?_=1589080268829&CODE_STATE=getMsg HTTP/1.1" 200 27
124.77.110.230 - - [10/May/2020:11:11:12 +0800] "GET /xingrg/all/function/internal_message.html?_=1589080272629&CODE_STATE=getMsg HTTP/1.1" 200 27
101.85.52.41 - - [10/May/2020:11:11:12 +0800] "GET /xingrg/all/function/internal_message.html?_=1589079805227&CODE_STATE=getMsg HTTP/1.1" 200 27
180.162.232.172 - - [10/May/2020:11:11:13 +0800] "GET /xingrg/check_reg.html?_=1589080401541 HTTP/1.1" 200 22
222.70.208.105 - - [10/May/2020:11:11:14 +0800] "GET /xingrg/all/function/internal_message.html?_=1589080274010&CODE_STATE=getMsg HTTP/1.1" 200 27
58.40.7.146 - - [10/May/2020:11:11:15 +0800] "GET /xingrg/all/function/internal_message.html?_=1589080275141&CODE_STATE=getMsg HTTP/1.1" 200 27
117.184.7.26 - - [10/May/2020:11:11:15 +0800] "GET /xingrg/kc/buy/cgsh_order_add.html HTTP/1.1" 200 58412
180.162.232.172 - - [10/May/2020:11:11:15 +0800] "GET /xingrg/all/function/internal_message.html?_=1589080404299&CODE_STATE=getMsg HTTP/1.1" 200 27
117.184.7.26 - - [10/May/2020:11:11:15 +0800] "POST /xingrg/kc/buy/cgsh_order_operate.html HTTP/1.1" 200 8245
117.184.7.26 - - [10/May/2020:11:11:16 +0800] "GET /xingrg/javascript/easyui/themes/default/validatebox.css HTTP/1.1" 404 1104
114.84.151.157 - - [10/May/2020:11:11:16 +0800] "GET /xingrg/kc/buy/cgsh_order_operate.html?command=get_materiel&rest_code=00141&code=00101004067&supplier_code=00100312&order_time=2020-05-10 HTTP/1.1" 200 413
117.131.5.26 - - [10/May/2020:11:11:16 +0800] "GET /xingrg/all/function/internal_message.html?_=1589080634826&CODE_STATE=getMsg HTTP/1.1" 200 27
180.156.150.85 - - [10/May/2020:11:11:22 +0800] "GET /xingrg/kc/buy/cgsh_order_operate.html?command=get_materiel&rest_code=00105&code=00101005036&supplier_code=00100334&order_time=2020-05-10 HTTP/1.1" 200 409
114.84.33.255 - - [10/May/2020:11:11:23 +0800] "GET /xingrg/kc/base/wldb_order_operate.html?command=get_materiel&rest_code=00146&base_code=0010064&code=00102004006 HTTP/1.1" 200 444
117.184.7.26 - - [10/May/2020:11:11:24 +0800] "GET /xingrg/kc/buy/cgsh_order_operate.html?command=get_materiel&rest_code=00108&code=00101028011&supplier_code=00100018&order_time=2020-05-10 HTTP/1.1" 200 452
114.84.32.201 - - [10/May/2020:11:11:27 +0800] "GET /xingrg/all/function/internal_message.html?_=1589080287287&CODE_STATE=getMsg HTTP/1.1" 200 27
114.84.32.201 - - [10/May/2020:11:11:27 +0800] "GET /xingrg/check_reg.html?_=1589080287288 HTTP/1.1" 200 22
180.156.150.85 - - [10/May/2020:11:11:27 +0800] "GET /xingrg/all/function/internal_message.html?_=1589080291714&CODE_STATE=getMsg HTTP/1.1" 200 27
180.162.102.27 - - [10/May/2020:11:11:30 +0800] "GET /xingrg/all/function/internal_message.html?_=1589079720593&CODE_STATE=getMsg HTTP/1.1" 200 27
180.156.150.85 - - [10/May/2020:11:11:30 +0800] "POST /xingrg/kc/buy/cgsh_order_operate.html HTTP/1.1" 200 37
180.156.150.85 - - [10/May/2020:11:11:31 +0800] "POST /xingrg/kc/buy/cgsh_order_operate.html HTTP/1.1" 200 3238
114.84.33.255 - - [10/May/2020:11:11:34 +0800] "GET /xingrg/kc/base/wldb_order_operate.html?command=get_materiel&rest_code=00146&base_code=0010064&code=00102002586 HTTP/1.1" 200 438
180.156.150.85 - - [10/May/2020:11:11:34 +0800] "GET /xingrg/kc/print/load_data.html?order_code=212020051003222&kc_code=cgsh&condition= HTTP/1.1" 200 890
114.86.190.97 - - [10/May/2020:11:11:39 +0800] "GET /xingrg/all/function/internal_message.html?_=1589080299327&CODE_STATE=getMsg HTTP/1.1" 200 27
180.175.212.199 - - [10/May/2020:11:11:39 +0800] "POST /xingrg/all/common/load_combo.html?type=base HTTP/1.1" 200 2966
114.84.33.255 - - [10/May/2020:11:11:39 +0800] "POST /xingrg/kc/base/wldb_order_operate.html HTTP/1.1" 200 37
114.86.190.97 - - [10/May/2020:11:11:39 +0800] "GET /xingrg/check_reg.html?_=1589080299576 HTTP/1.1" 200 22
114.84.33.255 - - [10/May/2020:11:11:39 +0800] "POST /xingrg/kc/base/wldb_order_operate.html HTTP/1.1" 200 4106
114.84.33.255 - - [10/May/2020:11:11:40 +0800] "GET /xingrg/kc/base/wldb_order_info.html?code=422020051000918 HTTP/1.1" 200 30337
114.84.33.255 - - [10/May/2020:11:11:40 +0800] "GET /xingrg/javascript/easyui/themes/default/validatebox.css HTTP/1.1" 404 1104
114.84.33.255 - - [10/May/2020:11:11:40 +0800] "POST /xingrg/kc/base/wldb_order_operate.html HTTP/1.1" 200 4106
114.84.33.255 - - [10/May/2020:11:11:43 +0800] "POST /xingrg/kc/base/wldb_order_operate.html HTTP/1.1" 200 37
117.184.7.26 - - [10/May/2020:11:11:43 +0800] "GET /xingrg/kc/buy/cgsh_order_operate.html?command=get_materiel&rest_code=00108&code=00101029019&supplier_code=00100018&order_time=2020-05-10 HTTP/1.1" 200 433
114.84.33.255 - - [10/May/2020:11:11:44 +0800] "POST /xingrg/kc/base/wldb_order_operate.html HTTP/1.1" 200 12
114.84.33.255 - - [10/May/2020:11:11:44 +0800] "POST /xingrg/kc/base/wldb_order_operate.html HTTP/1.1" 200 4106
180.162.232.172 - - [10/May/2020:11:11:45 +0800] "GET /xingrg/all/function/internal_message.html?_=1589080307406&CODE_STATE=getMsg HTTP/1.1" 200 27
114.84.33.255 - - [10/May/2020:11:11:45 +0800] "GET /xingrg/kc/base/wldb_order_info.html?code=422020051000918 HTTP/1.1" 200 26201
114.84.33.255 - - [10/May/2020:11:11:45 +0800] "POST /xingrg/kc/base/wldb_order_operate.html HTTP/1.1" 200 2355
114.84.33.255 - - [10/May/2020:11:11:45 +0800] "GET /xingrg/javascript/easyui/themes/default/validatebox.css HTTP/1.1" 404 1104
180.156.150.85 - - [10/May/2020:11:11:47 +0800] "GET /xingrg/kc/buy/cgsh_order_add.html HTTP/1.1" 200 58447
180.156.150.85 - - [10/May/2020:11:11:48 +0800] "GET /xingrg/javascript/easyui/themes/default/validatebox.css HTTP/1.1" 404 1104
180.156.150.85 - - [10/May/2020:11:11:48 +0800] "POST /xingrg/kc/buy/cgsh_order_operate.html HTTP/1.1" 200 8245
172.17.0.185 - - [10/May/2020:11:11:49 +0800] "GET /xingrg/all/function/internal_message.html?_=1589080308944&CODE_STATE=getMsg HTTP/1.1" 200 27
114.84.33.255 - - [10/May/2020:11:11:52 +0800] "GET /xingrg/kc/base/wldb_order_add.html HTTP/1.1" 200 30322
114.84.33.255 - - [10/May/2020:11:11:52 +0800] "POST /xingrg/kc/base/wldb_order_operate.html HTTP/1.1" 200 6806
114.84.33.255 - - [10/May/2020:11:11:53 +0800] "GET /xingrg/javascript/easyui/themes/default/validatebox.css HTTP/1.1" 404 1104
114.84.151.157 - - [10/May/2020:11:11:56 +0800] "GET /xingrg/all/function/internal_message.html?_=1589080316424&CODE_STATE=getMsg HTTP/1.1" 200 27
117.184.7.26 - - [10/May/2020:11:11:57 +0800] "POST /xingrg/kc/buy/cgsh_order_operate.html HTTP/1.1" 200 37
117.184.7.26 - - [10/May/2020:11:11:58 +0800] "POST /xingrg/kc/buy/cgsh_order_operate.html HTTP/1.1" 200 3299
180.171.124.178 - - [10/May/2020:11:12:00 +0800] "GET /xingrg/all/function/internal_message.html?_=1589080318353&CODE_STATE=getMsg HTTP/1.1" 200 27
117.131.5.26 - - [10/May/2020:11:12:00 +0800] "GET /xingrg/all/function/internal_message.html?_=1589080331046&CODE_STATE=getMsg HTTP/1.1" 200 27
180.156.150.85 - - [10/May/2020:11:12:01 +0800] "GET /xingrg/kc/buy/cgsh_order_operate.html?command=get_materiel&rest_code=00105&code=00101004065&supplier_code=00100086&order_time=2020-05-10 HTTP/1.1" 200 433
117.184.7.26 - - [10/May/2020:11:12:01 +0800] "GET /xingrg/kc/print/load_data.html?order_code=212020051003223&kc_code=cgsh&condition= HTTP/1.1" 200 999
117.184.7.26 - - [10/May/2020:11:12:02 +0800] "GET /xingrg/all/function/internal_message.html?_=1589080321809&CODE_STATE=getMsg HTTP/1.1" 200 27
114.84.33.255 - - [10/May/2020:11:12:03 +0800] "GET /xingrg/all/function/internal_message.html?_=1589080324634&CODE_STATE=getMsg HTTP/1.1" 200 27
180.175.212.199 - - [10/May/2020:11:12:04 +0800] "GET /xingrg/all/function/internal_message.html?_=1589080520117&CODE_STATE=getMsg HTTP/1.1" 200 27
117.185.32.26 - - [10/May/2020:11:12:06 +0800] "GET /xingrg/all/function/internal_message.html?_=1589080748030&CODE_STATE=getMsg HTTP/1.1" 200 27
222.69.138.7 - - [10/May/2020:11:12:06 +0800] "GET /xingrg/check_reg.html?_=1589080326352 HTTP/1.1" 200 22
222.69.138.7 - - [10/May/2020:11:12:06 +0800] "GET /xingrg/all/function/internal_message.html?_=1589080326355&CODE_STATE=getMsg HTTP/1.1" 200 27
124.77.110.230 - - [10/May/2020:11:12:09 +0800] "GET /xingrg/all/function/internal_message.html?_=1589080328663&CODE_STATE=getMsg HTTP/1.1" 200 27
114.84.33.255 - - [10/May/2020:11:12:10 +0800] "GET /xingrg/all/function/internal_message.html?_=1589080332207&CODE_STATE=getMsg HTTP/1.1" 200 27
114.84.151.157 - - [10/May/2020:11:12:12 +0800] "GET /xingrg/all/function/internal_message.html?_=1589080328827&CODE_STATE=getMsg HTTP/1.1" 200 27
124.77.110.230 - - [10/May/2020:11:12:12 +0800] "GET /xingrg/all/function/internal_message.html?_=1589080332612&CODE_STATE=getMsg HTTP/1.1" 200 27
101.85.52.41 - - [10/May/2020:11:12:13 +0800] "GET /xingrg/all/function/internal_message.html?_=1589079865241&CODE_STATE=getMsg HTTP/1.1" 200 27
222.70.208.105 - - [10/May/2020:11:12:14 +0800] "GET /xingrg/all/function/internal_message.html?_=1589080334012&CODE_STATE=getMsg HTTP/1.1" 200 27
222.70.208.105 - - [10/May/2020:11:12:14 +0800] "GET /xingrg/check_reg.html?_=1589080334017 HTTP/1.1" 200 22
58.40.7.146 - - [10/May/2020:11:12:15 +0800] "GET /xingrg/all/function/internal_message.html?_=1589080335146&CODE_STATE=getMsg HTTP/1.1" 200 27
180.162.232.172 - - [10/May/2020:11:12:15 +0800] "GET /xingrg/all/function/internal_message.html?_=1589080464313&CODE_STATE=getMsg HTTP/1.1" 200 27
180.156.150.85 - - [10/May/2020:11:12:16 +0800] "POST /xingrg/kc/buy/cgsh_order_operate.html HTTP/1.1" 200 37
117.131.5.26 - - [10/May/2020:11:12:16 +0800] "GET /xingrg/all/function/internal_message.html?_=1589080694828&CODE_STATE=getMsg HTTP/1.1" 200 27
180.156.150.85 - - [10/May/2020:11:12:17 +0800] "POST /xingrg/kc/buy/cgsh_order_operate.html HTTP/1.1" 200 2660
180.156.150.85 - - [10/May/2020:11:12:18 +0800] "GET /xingrg/kc/print/load_data.html?order_code=212020051003224&kc_code=cgsh&condition= HTTP/1.1" 200 730
61.129.6.174 - - [10/May/2020:11:12:22 +0800] "GET /xingrg/kc/buy/cgsh_order_operate.html?command=get_materiel&rest_code=00141&code=00101018027&supplier_code=00100330&order_time=2020-05-10 HTTP/1.1" 302 -
114.84.151.157 - - [10/May/2020:11:12:23 +0800] "GET /xingrg/kc/buy/cgsh_order_operate.html?command=get_materiel&rest_code=00141&code=00101004061&supplier_code=00100312&order_time=2020-05-10 HTTP/1.1" 200 409
180.156.150.85 - - [10/May/2020:11:12:25 +0800] "GET /xingrg/kc/buy/cgsh_order_add.html HTTP/1.1" 200 58447
180.156.150.85 - - [10/May/2020:11:12:25 +0800] "GET /xingrg/javascript/easyui/themes/default/validatebox.css HTTP/1.1" 404 1104
180.156.150.85 - - [10/May/2020:11:12:25 +0800] "POST /xingrg/kc/buy/cgsh_order_operate.html HTTP/1.1" 200 8245
114.84.32.201 - - [10/May/2020:11:12:27 +0800] "GET /xingrg/all/function/internal_message.html?_=1589080347292&CODE_STATE=getMsg HTTP/1.1" 200 27
180.156.150.85 - - [10/May/2020:11:12:27 +0800] "GET /xingrg/all/function/internal_message.html?_=1589080351683&CODE_STATE=getMsg HTTP/1.1" 200 27
114.84.151.157 - - [10/May/2020:11:12:30 +0800] "GET /xingrg/kc/buy/cgsh_order_operate.html?command=get_materiel&rest_code=00141&code=00101004030&supplier_code=00100312&order_time=2020-05-10 HTTP/1.1" 200 408
180.162.102.27 - - [10/May/2020:11:12:30 +0800] "GET /xingrg/all/function/internal_message.html?_=1589079780590&CODE_STATE=getMsg HTTP/1.1" 200 27
114.84.33.255 - - [10/May/2020:11:12:31 +0800] "POST /xingrg/kc/base/wldb_order_operate.html HTTP/1.1" 200 37
114.84.33.255 - - [10/May/2020:11:12:31 +0800] "POST /xingrg/kc/base/wldb_order_operate.html HTTP/1.1" 200 2192
114.84.33.255 - - [10/May/2020:11:12:31 +0800] "GET /xingrg/kc/base/wldb_order_info.html?code=422020051000919 HTTP/1.1" 200 30335
180.162.102.27 - - [10/May/2020:11:12:32 +0800] "GET /xingrg/javascript/jquery_easy_ui/themes/default/images/button_plain_hover.png HTTP/1.1" 200 252
61.129.6.174 - - [10/May/2020:11:12:32 +0800] "GET /xingrg/login.html HTTP/1.1" 200 7641
114.84.33.255 - - [10/May/2020:11:12:32 +0800] "GET /xingrg/javascript/easyui/themes/default/validatebox.css HTTP/1.1" 404 1104
114.84.33.255 - - [10/May/2020:11:12:32 +0800] "POST /xingrg/kc/base/wldb_order_operate.html HTTP/1.1" 200 2192
180.175.212.199 - - [10/May/2020:11:12:33 +0800] "GET /xingrg/kc/base/wldb_order_operate.html?command=get_materiel&rest_code=00102&base_code=0010476&code=00101019315 HTTP/1.1" 200 463
117.184.7.26 - - [10/May/2020:11:12:35 +0800] "POST /xingrg/kc/buy/cgsh_list_operate.html HTTP/1.1" 200 3134
180.156.150.85 - - [10/May/2020:11:12:36 +0800] "GET /xingrg/kc/buy/cgsh_order_operate.html?command=get_materiel&rest_code=00105&code=00101010311&supplier_code=00100329&order_time=2020-05-10 HTTP/1.1" 200 409
117.184.7.26 - - [10/May/2020:11:12:38 +0800] "GET /xingrg/kc/buy/cgsh_order_add.html HTTP/1.1" 200 58412
117.184.7.26 - - [10/May/2020:11:12:38 +0800] "GET /xingrg/javascript/easyui/themes/default/validatebox.css HTTP/1.1" 404 1104
117.184.7.26 - - [10/May/2020:11:12:38 +0800] "POST /xingrg/kc/buy/cgsh_order_operate.html HTTP/1.1" 200 8245
114.86.190.97 - - [10/May/2020:11:12:39 +0800] "GET /xingrg/all/function/internal_message.html?_=1589080359324&CODE_STATE=getMsg HTTP/1.1" 200 27
180.162.232.172 - - [10/May/2020:11:12:45 +0800] "GET /xingrg/all/function/internal_message.html?_=1589080367406&CODE_STATE=getMsg HTTP/1.1" 200 27
180.175.212.199 - - [10/May/2020:11:12:45 +0800] "GET /xingrg/check_reg.html?_=1589080561385 HTTP/1.1" 200 22
117.184.7.26 - - [10/May/2020:11:12:47 +0800] "GET /xingrg/kc/buy/cgsh_order_operate.html?command=get_materiel&rest_code=00108&code=00101002027&supplier_code=00100151&order_time=2020-05-10 HTTP/1.1" 200 413
180.175.212.199 - - [10/May/2020:11:12:48 +0800] "GET /xingrg/kc/base/wldb_order_operate.html?command=get_materiel&rest_code=00102&base_code=0010476&code=00101019405 HTTP/1.1" 200 468
114.84.33.255 - - [10/May/2020:11:12:48 +0800] "POST /xingrg/kc/base/wldb_order_operate.html HTTP/1.1" 200 37
172.17.0.185 - - [10/May/2020:11:12:49 +0800] "GET /xingrg/all/function/internal_message.html?_=1589080368931&CODE_STATE=getMsg HTTP/1.1" 200 27
114.84.151.157 - - [10/May/2020:11:12:51 +0800] "GET /xingrg/kc/buy/cgsh_order_operate.html?command=get_materiel&rest_code=00141&code=00101001047&supplier_code=00100312&order_time=2020-05-10 HTTP/1.1" 200 423
114.84.33.255 - - [10/May/2020:11:12:51 +0800] "POST /xingrg/kc/base/wldb_order_operate.html HTTP/1.1" 200 12
114.84.33.255 - - [10/May/2020:11:12:51 +0800] "POST /xingrg/kc/base/wldb_order_operate.html HTTP/1.1" 200 2192
114.86.190.97 - - [10/May/2020:11:12:51 +0800] "POST /xingrg/services/DataTransmitService HTTP/1.1" 200 524
114.86.190.97 - - [10/May/2020:11:12:51 +0800] "POST /xingrg/services/DataTransmitService HTTP/1.1" 200 2403
114.86.190.97 - - [10/May/2020:11:12:52 +0800] "POST /xingrg/services/DataTransmitService HTTP/1.1" 200 2283
114.86.190.97 - - [10/May/2020:11:12:52 +0800] "POST /xingrg/services/DataTransmitService HTTP/1.1" 200 1495
114.84.33.255 - - [10/May/2020:11:12:52 +0800] "GET /xingrg/kc/base/wldb_order_info.html?code=422020051000919 HTTP/1.1" 200 26199
114.84.33.255 - - [10/May/2020:11:12:52 +0800] "GET /xingrg/javascript/easyui/themes/default/validatebox.css HTTP/1.1" 404 1104
114.84.33.255 - - [10/May/2020:11:12:53 +0800] "POST /xingrg/kc/base/wldb_order_operate.html HTTP/1.1" 200 485
180.175.212.199 - - [10/May/2020:11:12:53 +0800] "GET /xingrg/kc/base/wldb_order_operate.html?command=get_materiel&rest_code=00102&base_code=0010476&code=00101019543 HTTP/1.1" 200 470
114.84.151.157 - - [10/May/2020:11:12:56 +0800] "GET /xingrg/check_reg.html?_=1589080376439 HTTP/1.1" 200 22
114.84.151.157 - - [10/May/2020:11:12:56 +0800] "GET /xingrg/all/function/internal_message.html?_=1589080376441&CODE_STATE=getMsg HTTP/1.1" 200 27
180.175.212.199 - - [10/May/2020:11:12:59 +0800] "GET /xingrg/kc/base/wldb_order_operate.html?command=get_materiel&rest_code=00102&base_code=0010476&code=00101019074 HTTP/1.1" 200 458
180.171.124.178 - - [10/May/2020:11:13:00 +0800] "GET /xingrg/all/function/internal_message.html?_=1589080378428&CODE_STATE=getMsg HTTP/1.1" 200 27
117.131.5.26 - - [10/May/2020:11:13:00 +0800] "GET /xingrg/all/function/internal_message.html?_=1589080391046&CODE_STATE=getMsg HTTP/1.1" 200 27
114.84.151.157 - - [10/May/2020:11:13:02 +0800] "POST /xingrg/kc/buy/cgsh_order_operate.html HTTP/1.1" 200 37
117.184.7.26 - - [10/May/2020:11:13:02 +0800] "GET /xingrg/all/function/internal_message.html?_=1589080381786&CODE_STATE=getMsg HTTP/1.1" 200 27
180.175.212.199 - - [10/May/2020:11:13:02 +0800] "GET /xingrg/kc/base/wldb_order_operate.html?command=get_materiel&rest_code=00102&base_code=0010476&code=00101019063 HTTP/1.1" 200 448
114.84.33.255 - - [10/May/2020:11:13:03 +0800] "GET /xingrg/all/function/internal_message.html?_=1589080384649&CODE_STATE=getMsg HTTP/1.1" 200 27
114.84.151.157 - - [10/May/2020:11:13:04 +0800] "POST /xingrg/kc/buy/cgsh_order_operate.html HTTP/1.1" 200 12
180.175.212.199 - - [10/May/2020:11:13:04 +0800] "GET /xingrg/all/function/internal_message.html?_=1589080580251&CODE_STATE=getMsg HTTP/1.1" 200 27
114.84.151.157 - - [10/May/2020:11:13:05 +0800] "GET /xingrg/kc/buy/cgsh_order_info.html?code=212020051003225 HTTP/1.1" 200 53360
114.84.151.157 - - [10/May/2020:11:13:05 +0800] "GET /xingrg/javascript/easyui/themes/default/validatebox.css HTTP/1.1" 404 1104
114.84.151.157 - - [10/May/2020:11:13:05 +0800] "POST /xingrg/kc/buy/cgsh_order_operate.html HTTP/1.1" 200 4184
117.185.32.26 - - [10/May/2020:11:13:06 +0800] "GET /xingrg/all/function/internal_message.html?_=1589080808041&CODE_STATE=getMsg HTTP/1.1" 200 27
222.69.138.7 - - [10/May/2020:11:13:06 +0800] "GET /xingrg/all/function/internal_message.html?_=1589080386362&CODE_STATE=getMsg HTTP/1.1" 200 27
180.156.150.85 - - [10/May/2020:11:13:06 +0800] "POST /xingrg/kc/buy/cgsh_order_operate.html HTTP/1.1" 200 37
117.184.7.26 - - [10/May/2020:11:13:07 +0800] "GET /xingrg/kc/buy/cgsh_order_operate.html?command=get_materiel&rest_code=00108&code=00101005037&supplier_code=00100151&order_time=2020-05-10 HTTP/1.1" 200 409
114.84.151.157 - - [10/May/2020:11:13:07 +0800] "GET /xingrg/kc/print/load_data.html?order_code=212020051003225&kc_code=cgsh&condition= HTTP/1.1" 200 2096
180.156.150.85 - - [10/May/2020:11:13:08 +0800] "POST /xingrg/kc/buy/cgsh_order_operate.html HTTP/1.1" 200 2654
114.84.33.255 - - [10/May/2020:11:13:09 +0800] "GET /xingrg/check_reg.html?_=1589080391596 HTTP/1.1" 200 22
