180.156.150.85 - - [10/May/2020:11:05:10 +0800] "GET /xingrg/kc/buy/cgsh_order_operate.html?command=get_materiel&rest_code=00105&code=00101002002&supplier_code=00100087&order_time=2020-05-10 HTTP/1.1" 200 420
114.84.33.255 - - [10/May/2020:11:05:10 +0800] "GET /xingrg/all/function/internal_message.html?_=1589079912096&CODE_STATE=getMsg HTTP/1.1" 200 27
114.84.33.255 - - [10/May/2020:11:05:10 +0800] "POST /xingrg/kc/base/wldb_order_operate.html HTTP/1.1" 200 37
114.84.151.157 - - [10/May/2020:11:05:11 +0800] "GET /xingrg/kc/buy/cgsh_order_operate.html?command=get_materiel&rest_code=00141&code=00101002039&supplier_code=00100087&order_time=2020-05-10 HTTP/1.1" 200 419
114.84.33.255 - - [10/May/2020:11:05:11 +0800] "POST /xingrg/kc/base/wldb_order_operate.html HTTP/1.1" 200 12
114.84.33.255 - - [10/May/2020:11:05:11 +0800] "POST /xingrg/kc/base/wldb_order_operate.html HTTP/1.1" 200 4716
180.175.212.199 - - [10/May/2020:11:05:12 +0800] "GET /xingrg/kc/buy/cgsh_order_operate.html?command=get_materiel&rest_code=00102&code=00101008244&supplier_code=00100008&order_time=2020-05-10 HTTP/1.1" 200 408
124.77.110.230 - - [10/May/2020:11:05:12 +0800] "GET /xingrg/kc/buy/cgsh_order_operate.html?command=get_materiel&rest_code=00107&code=00101008214&supplier_code=00100323&order_time=2020-05-10 HTTP/1.1" 200 409
114.84.33.255 - - [10/May/2020:11:05:12 +0800] "GET /xingrg/kc/base/wldb_order_info.html?code=422020051000913 HTTP/1.1" 200 26200
114.84.151.157 - - [10/May/2020:11:05:12 +0800] "GET /xingrg/all/function/internal_message.html?_=1589079908832&CODE_STATE=getMsg HTTP/1.1" 200 27
124.77.110.230 - - [10/May/2020:11:05:12 +0800] "GET /xingrg/all/function/internal_message.html?_=1589079912623&CODE_STATE=getMsg HTTP/1.1" 200 27
101.85.52.41 - - [10/May/2020:11:05:12 +0800] "GET /xingrg/check_reg.html?_=1589079445220 HTTP/1.1" 200 22
101.85.52.41 - - [10/May/2020:11:05:12 +0800] "GET /xingrg/all/function/internal_message.html?_=1589079445222&CODE_STATE=getMsg HTTP/1.1" 200 27
114.84.33.255 - - [10/May/2020:11:05:12 +0800] "POST /xingrg/kc/base/wldb_order_operate.html HTTP/1.1" 200 2954
114.84.33.255 - - [10/May/2020:11:05:12 +0800] "GET /xingrg/javascript/easyui/themes/default/validatebox.css HTTP/1.1" 404 1104
222.70.208.105 - - [10/May/2020:11:05:14 +0800] "GET /xingrg/all/function/internal_message.html?_=1589079914001&CODE_STATE=getMsg HTTP/1.1" 200 27
58.40.7.146 - - [10/May/2020:11:05:15 +0800] "GET /xingrg/all/function/internal_message.html?_=1589079915141&CODE_STATE=getMsg HTTP/1.1" 200 27
58.40.7.146 - - [10/May/2020:11:05:15 +0800] "GET /xingrg/check_reg.html?_=1589079915143 HTTP/1.1" 200 22
180.162.232.172 - - [10/May/2020:11:05:15 +0800] "GET /xingrg/all/function/internal_message.html?_=1589080044047&CODE_STATE=getMsg HTTP/1.1" 200 27
117.131.5.26 - - [10/May/2020:11:05:16 +0800] "GET /xingrg/all/function/internal_message.html?_=1589080274819&CODE_STATE=getMsg HTTP/1.1" 200 27
114.84.33.255 - - [10/May/2020:11:05:18 +0800] "GET /xingrg/kc/base/wldb_order_add.html HTTP/1.1" 200 30322
114.84.33.255 - - [10/May/2020:11:05:18 +0800] "POST /xingrg/kc/base/wldb_order_operate.html HTTP/1.1" 200 6806
114.84.33.255 - - [10/May/2020:11:05:18 +0800] "GET /xingrg/javascript/easyui/themes/default/validatebox.css HTTP/1.1" 404 1104
114.84.151.157 - - [10/May/2020:11:05:19 +0800] "POST /xingrg/kc/buy/cgsh_order_operate.html HTTP/1.1" 200 37
114.84.151.157 - - [10/May/2020:11:05:20 +0800] "POST /xingrg/kc/buy/cgsh_order_operate.html HTTP/1.1" 200 12
114.84.151.157 - - [10/May/2020:11:05:21 +0800] "GET /xingrg/kc/buy/cgsh_order_info.html?code=212020051003207 HTTP/1.1" 200 53356
114.84.151.157 - - [10/May/2020:11:05:21 +0800] "GET /xingrg/javascript/easyui/themes/default/validatebox.css HTTP/1.1" 404 1104
114.84.151.157 - - [10/May/2020:11:05:21 +0800] "POST /xingrg/kc/buy/cgsh_order_operate.html HTTP/1.1" 200 617
114.84.151.157 - - [10/May/2020:11:05:22 +0800] "GET /xingrg/kc/print/load_data.html?order_code=212020051003207&kc_code=cgsh&condition= HTTP/1.1" 200 766
114.84.32.201 - - [10/May/2020:11:05:27 +0800] "GET /xingrg/all/function/internal_message.html?_=1589079927288&CODE_STATE=getMsg HTTP/1.1" 200 27
180.156.150.85 - - [10/May/2020:11:05:27 +0800] "GET /xingrg/all/function/internal_message.html?_=1589079931857&CODE_STATE=getMsg HTTP/1.1" 200 27
61.129.6.203 - - [10/May/2020:11:05:27 +0800] "GET /xingrg/all/function/internal_message.html?_=1589079236360&CODE_STATE=getMsg HTTP/1.1" 302 -
114.84.33.255 - - [10/May/2020:11:05:29 +0800] "GET /xingrg/kc/base/wldb_order_operate.html?command=get_materiel&rest_code=00146&base_code=0010063&code=00101016019 HTTP/1.1" 200 450
180.162.102.27 - - [10/May/2020:11:05:30 +0800] "GET /xingrg/all/function/internal_message.html?_=1589079360601&CODE_STATE=getMsg HTTP/1.1" 200 27
180.162.102.27 - - [10/May/2020:11:05:30 +0800] "GET /xingrg/check_reg.html?_=1589079360602 HTTP/1.1" 200 22
180.175.212.199 - - [10/May/2020:11:05:31 +0800] "GET /xingrg/all/function/internal_message.html?_=1589079931259&CODE_STATE=getMsg HTTP/1.1" 200 27
124.77.110.230 - - [10/May/2020:11:05:31 +0800] "GET /xingrg/kc/buy/cgsh_order_operate.html?command=get_materiel&rest_code=00107&code=00101010017&supplier_code=00100323&order_time=2020-05-10 HTTP/1.1" 200 423
180.175.212.199 - - [10/May/2020:11:05:34 +0800] "GET /xingrg/kc/buy/cgsh_order_operate.html?command=get_materiel&rest_code=00102&code=00101008088&supplier_code=00100008&order_time=2020-05-10 HTTP/1.1" 200 408
61.129.6.203 - - [10/May/2020:11:05:37 +0800] "GET /xingrg/login.html HTTP/1.1" 200 7641
114.84.33.255 - - [10/May/2020:11:05:38 +0800] "GET /xingrg/kc/base/wldb_order_operate.html?command=get_materiel&rest_code=00146&base_code=0010063&code=00101016001 HTTP/1.1" 200 457
180.156.150.85 - - [10/May/2020:11:05:38 +0800] "POST /xingrg/kc/buy/cgsh_order_operate.html HTTP/1.1" 200 37
117.185.32.26 - - [10/May/2020:11:05:39 +0800] "GET /xingrg/kc/buy/cgsh_order_operate.html?command=get_materiel&rest_code=00106&code=00101011005&supplier_code=00100050&order_time=2020-05-10 HTTP/1.1" 200 428
114.86.190.97 - - [10/May/2020:11:05:39 +0800] "GET /xingrg/all/function/internal_message.html?_=1589079939328&CODE_STATE=getMsg HTTP/1.1" 200 27
180.175.212.199 - - [10/May/2020:11:05:39 +0800] "GET /xingrg/kc/buy/cgsh_order_operate.html?command=get_materiel&rest_code=00102&code=00101008064&supplier_code=00100008&order_time=2020-05-10 HTTP/1.1" 200 412
180.156.150.85 - - [10/May/2020:11:05:39 +0800] "POST /xingrg/kc/buy/cgsh_order_operate.html HTTP/1.1" 200 2669
180.156.150.85 - - [10/May/2020:11:05:40 +0800] "GET /xingrg/kc/print/load_data.html?order_code=212020051003208&kc_code=cgsh&condition= HTTP/1.1" 200 732
180.175.212.199 - - [10/May/2020:11:05:44 +0800] "GET /xingrg/kc/buy/cgsh_order_operate.html?command=get_materiel&rest_code=00102&code=00101008126&supplier_code=00100008&order_time=2020-05-10 HTTP/1.1" 200 412
101.227.139.171 - - [10/May/2020:11:05:45 +0800] "GET /xingrg/all/function/internal_message.html?_=1589079176356&CODE_STATE=getMsg HTTP/1.1" 302 -
180.162.232.172 - - [10/May/2020:11:05:45 +0800] "GET /xingrg/all/function/internal_message.html?_=1589079947394&CODE_STATE=getMsg HTTP/1.1" 200 27
180.156.150.85 - - [10/May/2020:11:05:47 +0800] "GET /xingrg/kc/buy/cgsh_order_add.html HTTP/1.1" 200 58447
180.156.150.85 - - [10/May/2020:11:05:47 +0800] "GET /xingrg/javascript/easyui/themes/default/validatebox.css HTTP/1.1" 404 1104
180.156.150.85 - - [10/May/2020:11:05:47 +0800] "POST /xingrg/kc/buy/cgsh_order_operate.html HTTP/1.1" 200 8245
172.17.0.185 - - [10/May/2020:11:05:49 +0800] "GET /xingrg/all/function/internal_message.html?_=1589079948938&CODE_STATE=getMsg HTTP/1.1" 200 27
180.175.212.199 - - [10/May/2020:11:05:50 +0800] "GET /xingrg/kc/buy/cgsh_order_operate.html?command=get_materiel&rest_code=00102&code=00101008361&supplier_code=00100008&order_time=2020-05-10 HTTP/1.1" 200 408
124.77.110.230 - - [10/May/2020:11:05:54 +0800] "GET /xingrg/kc/buy/cgsh_order_operate.html?command=get_materiel&rest_code=00107&code=00101010237&supplier_code=00100323&order_time=2020-05-10 HTTP/1.1" 200 413
180.175.212.199 - - [10/May/2020:11:05:54 +0800] "GET /xingrg/kc/buy/cgsh_order_operate.html?command=get_materiel&rest_code=00102&code=00101008144&supplier_code=00100008&order_time=2020-05-10 HTTP/1.1" 200 412
101.227.139.171 - - [10/May/2020:11:05:55 +0800] "GET /xingrg/login.html HTTP/1.1" 200 7641
114.84.151.157 - - [10/May/2020:11:05:56 +0800] "GET /xingrg/all/function/internal_message.html?_=1589079956400&CODE_STATE=getMsg HTTP/1.1" 200 27
180.171.124.178 - - [10/May/2020:11:05:59 +0800] "GET /xingrg/all/function/internal_message.html?_=1589079958209&CODE_STATE=getMsg HTTP/1.1" 200 27
117.131.5.26 - - [10/May/2020:11:06:00 +0800] "GET /xingrg/all/function/internal_message.html?_=1589079971031&CODE_STATE=getMsg HTTP/1.1" 200 27
117.184.7.26 - - [10/May/2020:11:06:00 +0800] "GET /xingrg/check_reg.html?_=1589079960529 HTTP/1.1" 200 22
180.156.150.85 - - [10/May/2020:11:06:00 +0800] "GET /xingrg/kc/buy/cgsh_order_operate.html?command=get_materiel&rest_code=00105&code=00101001051&supplier_code=00100094&order_time=2020-05-10 HTTP/1.1" 200 441
114.84.33.255 - - [10/May/2020:11:06:01 +0800] "GET /xingrg/check_reg.html?_=1589079963138 HTTP/1.1" 200 22
117.184.7.26 - - [10/May/2020:11:06:02 +0800] "GET /xingrg/all/function/internal_message.html?_=1589079961922&CODE_STATE=getMsg HTTP/1.1" 200 27
114.84.33.255 - - [10/May/2020:11:06:02 +0800] "GET /xingrg/all/function/internal_message.html?_=1589079964180&CODE_STATE=getMsg HTTP/1.1" 200 27
180.175.212.199 - - [10/May/2020:11:06:04 +0800] "GET /xingrg/all/function/internal_message.html?_=1589080159974&CODE_STATE=getMsg HTTP/1.1" 200 27
180.175.212.199 - - [10/May/2020:11:06:05 +0800] "GET /xingrg/kc/buy/cgsh_order_operate.html?command=get_materiel&rest_code=00102&code=00101008137&supplier_code=00100008&order_time=2020-05-10 HTTP/1.1" 200 408
117.185.32.26 - - [10/May/2020:11:06:06 +0800] "GET /xingrg/all/function/internal_message.html?_=1589080388152&CODE_STATE=getMsg HTTP/1.1" 200 27
222.69.138.7 - - [10/May/2020:11:06:06 +0800] "GET /xingrg/all/function/internal_message.html?_=1589079966339&CODE_STATE=getMsg HTTP/1.1" 200 27
124.77.110.230 - - [10/May/2020:11:06:09 +0800] "GET /xingrg/kc/buy/cgsh_order_operate.html?command=get_materiel&rest_code=00107&code=00101010082&supplier_code=00100323&order_time=2020-05-10 HTTP/1.1" 200 425
117.185.32.26 - - [10/May/2020:11:06:09 +0800] "GET /xingrg/kc/buy/cgsh_order_operate.html?command=get_materiel&rest_code=00106&code=00101011001&supplier_code=00100050&order_time=2020-05-10 HTTP/1.1" 200 423
124.77.110.230 - - [10/May/2020:11:06:09 +0800] "GET /xingrg/all/function/internal_message.html?_=1589079968663&CODE_STATE=getMsg HTTP/1.1" 200 27
114.84.33.255 - - [10/May/2020:11:06:10 +0800] "GET /xingrg/all/function/internal_message.html?_=1589079972110&CODE_STATE=getMsg HTTP/1.1" 200 27
124.77.110.230 - - [10/May/2020:11:06:12 +0800] "GET /xingrg/all/function/internal_message.html?_=1589079972596&CODE_STATE=getMsg HTTP/1.1" 200 27
114.84.151.157 - - [10/May/2020:11:06:12 +0800] "GET /xingrg/all/function/internal_message.html?_=1589079968832&CODE_STATE=getMsg HTTP/1.1" 200 27
101.85.52.41 - - [10/May/2020:11:06:12 +0800] "GET /xingrg/all/function/internal_message.html?_=1589079505220&CODE_STATE=getMsg HTTP/1.1" 200 27
180.162.232.172 - - [10/May/2020:11:06:12 +0800] "GET /xingrg/check_reg.html?_=1589080101368 HTTP/1.1" 200 22
61.151.178.174 - - [10/May/2020:11:06:13 +0800] "GET /xingrg/kc/buy/cgsh_order_operate.html?command=get_materiel&rest_code=00141&code=00101004038&supplier_code=00100347&order_time=2020-05-10 HTTP/1.1" 302 -
222.70.208.105 - - [10/May/2020:11:06:14 +0800] "GET /xingrg/all/function/internal_message.html?_=1589079974005&CODE_STATE=getMsg HTTP/1.1" 200 27
58.40.7.146 - - [10/May/2020:11:06:15 +0800] "GET /xingrg/all/function/internal_message.html?_=1589079975145&CODE_STATE=getMsg HTTP/1.1" 200 27
61.151.178.174 - - [10/May/2020:11:06:15 +0800] "GET /xingrg/login.html HTTP/1.1" 200 7641
180.162.232.172 - - [10/May/2020:11:06:15 +0800] "GET /xingrg/all/function/internal_message.html?_=1589080104061&CODE_STATE=getMsg HTTP/1.1" 200 27
117.131.5.26 - - [10/May/2020:11:06:16 +0800] "GET /xingrg/all/function/internal_message.html?_=1589080334817&CODE_STATE=getMsg HTTP/1.1" 200 27
114.84.33.255 - - [10/May/2020:11:06:17 +0800] "GET /xingrg/kc/base/wldb_order_operate.html?command=get_materiel&rest_code=00146&base_code=0010063&code=00101019400 HTTP/1.1" 200 450
180.156.150.85 - - [10/May/2020:11:06:21 +0800] "POST /xingrg/kc/buy/cgsh_order_operate.html HTTP/1.1" 200 37
180.156.150.85 - - [10/May/2020:11:06:22 +0800] "POST /xingrg/kc/buy/cgsh_order_operate.html HTTP/1.1" 200 2672
180.156.150.85 - - [10/May/2020:11:06:23 +0800] "GET /xingrg/kc/print/load_data.html?order_code=212020051003209&kc_code=cgsh&condition= HTTP/1.1" 200 746
124.77.110.230 - - [10/May/2020:11:06:24 +0800] "GET /xingrg/kc/buy/cgsh_order_operate.html?command=get_materiel&rest_code=00107&code=00101010063&supplier_code=00100323&order_time=2020-05-10 HTTP/1.1" 200 409
114.84.33.255 - - [10/May/2020:11:06:25 +0800] "GET /xingrg/kc/base/wldb_order_operate.html?command=get_materiel&rest_code=00146&base_code=0010063&code=00101019183 HTTP/1.1" 200 432
180.175.212.199 - - [10/May/2020:11:06:25 +0800] "GET /xingrg/kc/buy/cgsh_order_operate.html?command=get_materiel&rest_code=00102&code=00101008296&supplier_code=00100008&order_time=2020-05-10 HTTP/1.1" 200 416
114.84.32.201 - - [10/May/2020:11:06:27 +0800] "GET /xingrg/all/function/internal_message.html?_=1589079987287&CODE_STATE=getMsg HTTP/1.1" 200 27
114.84.32.201 - - [10/May/2020:11:06:27 +0800] "GET /xingrg/check_reg.html?_=1589079987290 HTTP/1.1" 200 22
180.156.150.85 - - [10/May/2020:11:06:27 +0800] "GET /xingrg/all/function/internal_message.html?_=1589079991839&CODE_STATE=getMsg HTTP/1.1" 200 27
180.156.150.85 - - [10/May/2020:11:06:29 +0800] "GET /xingrg/kc/buy/cgsh_order_add.html HTTP/1.1" 200 58447
180.156.150.85 - - [10/May/2020:11:06:29 +0800] "POST /xingrg/kc/buy/cgsh_order_operate.html HTTP/1.1" 200 8245
180.156.150.85 - - [10/May/2020:11:06:30 +0800] "GET /xingrg/javascript/easyui/themes/default/validatebox.css HTTP/1.1" 404 1104
180.162.102.27 - - [10/May/2020:11:06:30 +0800] "GET /xingrg/all/function/internal_message.html?_=1589079420600&CODE_STATE=getMsg HTTP/1.1" 200 27
114.84.33.255 - - [10/May/2020:11:06:30 +0800] "GET /xingrg/kc/base/wldb_order_operate.html?command=get_materiel&rest_code=00146&base_code=0010063&code=00101019391 HTTP/1.1" 200 471
180.175.212.199 - - [10/May/2020:11:06:31 +0800] "GET /xingrg/all/function/internal_message.html?_=1589079991273&CODE_STATE=getMsg HTTP/1.1" 200 27
180.175.212.199 - - [10/May/2020:11:06:36 +0800] "GET /xingrg/kc/buy/cgsh_order_operate.html?command=get_materiel&rest_code=00102&code=00101008359&supplier_code=00100008&order_time=2020-05-10 HTTP/1.1" 200 408
124.77.110.230 - - [10/May/2020:11:06:37 +0800] "GET /xingrg/system/rest/query_items.html?_=1589079996479&table=menu&page=1&rows=20&categoryId=&key=dwx HTTP/1.1" 200 3619
114.84.33.255 - - [10/May/2020:11:06:38 +0800] "GET /xingrg/kc/base/wldb_order_operate.html?command=get_materiel&rest_code=00146&base_code=0010063&code=00101019133 HTTP/1.1" 200 466
180.175.212.199 - - [10/May/2020:11:06:39 +0800] "POST /xingrg/kc/buy/cgsh_order_operate.html HTTP/1.1" 200 2065
114.86.190.97 - - [10/May/2020:11:06:39 +0800] "GET /xingrg/all/function/internal_message.html?_=1589079999329&CODE_STATE=getMsg HTTP/1.1" 200 27
114.86.190.97 - - [10/May/2020:11:06:39 +0800] "GET /xingrg/check_reg.html?_=1589079999594 HTTP/1.1" 200 22
124.77.110.230 - - [10/May/2020:11:06:40 +0800] "GET /xingrg/system/rest/query_items.html?_=1589079998800&table=menu&page=1&rows=20&categoryId=&key=dwx HTTP/1.1" 200 3619
180.156.150.85 - - [10/May/2020:11:06:40 +0800] "GET /xingrg/kc/buy/cgsh_order_operate.html?command=get_materiel&rest_code=00105&code=00101001167&supplier_code=00100314&order_time=2020-05-10 HTTP/1.1" 200 419
180.175.212.199 - - [10/May/2020:11:06:40 +0800] "GET /xingrg/kc/buy/cgsh_order_operate.html?command=get_materiel&rest_code=00102&code=00102003233&supplier_code=00100008&order_time=2020-05-10 HTTP/1.1" 200 408
124.77.110.230 - - [10/May/2020:11:06:41 +0800] "GET /xingrg/system/rest/get_item.html?table=menu&id=2023&_=1589080000332 HTTP/1.1" 200 955
124.77.110.230 - - [10/May/2020:11:06:41 +0800] "GET /xingrg/system/rest/get_item.html?table=menu&target=menu_rest&id=2023&_=1589080000342 HTTP/1.1" 200 855
124.77.110.230 - - [10/May/2020:11:06:41 +0800] "GET /xingrg/system/rest/get_item.html?table=menu&target=cook_mode&id=2023&_=1589080000341 HTTP/1.1" 200 27807
124.77.110.230 - - [10/May/2020:11:06:41 +0800] "GET /xingrg/system/rest/get_infos.html?command=menu_img_show&id=2023 HTTP/1.1" 200 5
117.185.32.26 - - [10/May/2020:11:06:43 +0800] "POST /xingrg/kc/buy/cgsh_order_operate.html HTTP/1.1" 200 37
180.175.212.199 - - [10/May/2020:11:06:44 +0800] "GET /xingrg/kc/buy/cgsh_order_operate.html?command=get_materiel&rest_code=00102&code=00101008213&supplier_code=00100008&order_time=2020-05-10 HTTP/1.1" 200 412
117.185.32.26 - - [10/May/2020:11:06:44 +0800] "POST /xingrg/kc/buy/cgsh_order_operate.html HTTP/1.1" 200 3257
124.77.110.230 - - [10/May/2020:11:06:44 +0800] "GET /xingrg/system/rest/get_item.html?table=menu&target=menu_rest_detail&id=2023&sid=6&_=1589080003213 HTTP/1.1" 200 421
114.84.33.255 - - [10/May/2020:11:06:45 +0800] "GET /xingrg/kc/base/wldb_order_operate.html?command=get_materiel&rest_code=00146&base_code=0010063&code=00101019127 HTTP/1.1" 200 466
180.162.232.172 - - [10/May/2020:11:06:45 +0800] "GET /xingrg/all/function/internal_message.html?_=1589080007393&CODE_STATE=getMsg HTTP/1.1" 200 27
61.151.207.205 - - [10/May/2020:11:06:46 +0800] "GET /xingrg/kc/buy/cgsh_order_operate.html?command=get_materiel&rest_code=00141&code=00101012094&supplier_code=00100347&order_time=2020-05-10 HTTP/1.1" 302 -
180.175.212.199 - - [10/May/2020:11:06:48 +0800] "GET /xingrg/kc/buy/cgsh_order_operate.html?command=get_materiel&rest_code=00102&code=00101008010&supplier_code=00100008&order_time=2020-05-10 HTTP/1.1" 200 412
172.17.0.185 - - [10/May/2020:11:06:49 +0800] "GET /xingrg/all/function/internal_message.html?_=1589080008931&CODE_STATE=getMsg HTTP/1.1" 200 27
124.77.110.230 - - [10/May/2020:11:06:49 +0800] "GET /xingrg/kc/buy/cgsh_order_operate.html?command=get_materiel&rest_code=00107&code=00101007095&supplier_code=00100323&order_time=2020-05-10 HTTP/1.1" 200 415
117.185.32.26 - - [10/May/2020:11:06:52 +0800] "GET /xingrg/kc/buy/buy_main.html HTTP/1.1" 200 12412
117.185.32.26 - - [10/May/2020:11:06:52 +0800] "GET /xingrg/css/new_ie.css HTTP/1.1" 404 1036
117.185.32.26 - - [10/May/2020:11:06:53 +0800] "GET /xingrg/images/yd/bt.gif HTTP/1.1" 404 1040
117.185.32.26 - - [10/May/2020:11:06:53 +0800] "GET /xingrg/kc/buy/cgsh_order_list.html HTTP/1.1" 200 42709
180.175.212.199 - - [10/May/2020:11:06:54 +0800] "GET /xingrg/kc/buy/cgsh_order_operate.html?command=get_materiel&rest_code=00102&code=00101008274&supplier_code=00100008&order_time=2020-05-10 HTTP/1.1" 200 412
124.77.110.230 - - [10/May/2020:11:06:54 +0800] "POST /xingrg/system/rest/edit_item.html HTTP/1.1" 200 4
124.77.110.230 - - [10/May/2020:11:06:54 +0800] "GET /xingrg/system/rest/get_item.html?table=menu&target=menu_rest&id=2023&_=1589080013766 HTTP/1.1" 200 855
114.84.33.255 - - [10/May/2020:11:06:55 +0800] "GET /xingrg/kc/base/wldb_order_operate.html?command=get_materiel&rest_code=00146&base_code=0010063&code=00101013115 HTTP/1.1" 200 432
61.151.207.205 - - [10/May/2020:11:06:56 +0800] "GET /xingrg/login.html HTTP/1.1" 200 7641
114.84.151.157 - - [10/May/2020:11:06:56 +0800] "GET /xingrg/all/function/internal_message.html?_=1589080016408&CODE_STATE=getMsg HTTP/1.1" 200 27
117.185.32.26 - - [10/May/2020:11:06:57 +0800] "POST /xingrg/kc/buy/cgsh_list_operate.html HTTP/1.1" 200 4226
124.77.110.230 - - [10/May/2020:11:06:57 +0800] "GET /xingrg/system/rest/get_item.html?table=menu&target=menu_rest_detail&id=2023&sid=6&_=1589080016223 HTTP/1.1" 200 421
180.171.124.178 - - [10/May/2020:11:06:59 +0800] "GET /xingrg/all/function/internal_message.html?_=1589080018224&CODE_STATE=getMsg HTTP/1.1" 200 27
117.131.5.26 - - [10/May/2020:11:07:00 +0800] "GET /xingrg/all/function/internal_message.html?_=1589080031046&CODE_STATE=getMsg HTTP/1.1" 200 27
117.184.7.26 - - [10/May/2020:11:07:02 +0800] "GET /xingrg/all/function/internal_message.html?_=1589080021907&CODE_STATE=getMsg HTTP/1.1" 200 27
114.84.33.255 - - [10/May/2020:11:07:02 +0800] "POST /xingrg/kc/base/wldb_order_operate.html HTTP/1.1" 200 37
114.84.33.255 - - [10/May/2020:11:07:02 +0800] "GET /xingrg/all/function/internal_message.html?_=1589080024324&CODE_STATE=getMsg HTTP/1.1" 200 27
114.84.33.255 - - [10/May/2020:11:07:02 +0800] "POST /xingrg/kc/base/wldb_order_operate.html HTTP/1.1" 200 5673
180.156.150.85 - - [10/May/2020:11:07:02 +0800] "POST /xingrg/kc/buy/cgsh_order_operate.html HTTP/1.1" 200 37
114.84.33.255 - - [10/May/2020:11:07:03 +0800] "GET /xingrg/kc/base/wldb_order_info.html?code=422020051000914 HTTP/1.1" 200 30337
180.175.212.199 - - [10/May/2020:11:07:03 +0800] "GET /xingrg/kc/buy/cgsh_order_operate.html?command=get_materiel&rest_code=00102&code=00101008347&supplier_code=00100008&order_time=2020-05-10 HTTP/1.1" 200 410
114.84.33.255 - - [10/May/2020:11:07:03 +0800] "GET /xingrg/javascript/easyui/themes/default/validatebox.css HTTP/1.1" 404 1104
114.84.33.255 - - [10/May/2020:11:07:03 +0800] "POST /xingrg/kc/base/wldb_order_operate.html HTTP/1.1" 200 5673
180.156.150.85 - - [10/May/2020:11:07:03 +0800] "POST /xingrg/kc/buy/cgsh_order_operate.html HTTP/1.1" 200 2666
124.77.110.230 - - [10/May/2020:11:07:04 +0800] "GET /xingrg/system/rest/query_items.html?_=1589080022854&table=menu&page=1&rows=20&categoryId=&key=dxb HTTP/1.1" 200 4983
180.175.212.199 - - [10/May/2020:11:07:04 +0800] "GET /xingrg/all/function/internal_message.html?_=1589080220025&CODE_STATE=getMsg HTTP/1.1" 200 27
180.156.150.85 - - [10/May/2020:11:07:04 +0800] "GET /xingrg/kc/print/load_data.html?order_code=212020051003211&kc_code=cgsh&condition= HTTP/1.1" 200 677
117.185.32.26 - - [10/May/2020:11:07:06 +0800] "GET /xingrg/all/function/internal_message.html?_=1589080448136&CODE_STATE=getMsg HTTP/1.1" 200 27
222.69.138.7 - - [10/May/2020:11:07:06 +0800] "GET /xingrg/all/function/internal_message.html?_=1589080026342&CODE_STATE=getMsg HTTP/1.1" 200 27
222.69.138.7 - - [10/May/2020:11:07:06 +0800] "GET /xingrg/check_reg.html?_=1589080026346 HTTP/1.1" 200 22
124.77.110.230 - - [10/May/2020:11:07:07 +0800] "GET /xingrg/system/rest/query_items.html?_=1589080026716&table=menu&page=1&rows=20&categoryId=&key=dxb HTTP/1.1" 200 4983
124.77.110.230 - - [10/May/2020:11:07:09 +0800] "GET /xingrg/all/function/internal_message.html?_=1589080028657&CODE_STATE=getMsg HTTP/1.1" 200 27
124.77.110.230 - - [10/May/2020:11:07:09 +0800] "GET /xingrg/kc/buy/cgsh_order_operate.html?command=get_materiel&rest_code=00107&code=00101006061&supplier_code=00100323&order_time=2020-05-10 HTTP/1.1" 200 409
114.84.33.255 - - [10/May/2020:11:07:10 +0800] "GET /xingrg/all/function/internal_message.html?_=1589080032127&CODE_STATE=getMsg HTTP/1.1" 200 27
180.156.150.85 - - [10/May/2020:11:07:11 +0800] "GET /xingrg/kc/buy/cgsh_order_add.html HTTP/1.1" 200 58447
180.156.150.85 - - [10/May/2020:11:07:11 +0800] "POST /xingrg/kc/buy/cgsh_order_operate.html HTTP/1.1" 200 8245
180.156.150.85 - - [10/May/2020:11:07:11 +0800] "GET /xingrg/javascript/easyui/themes/default/validatebox.css HTTP/1.1" 404 1104
114.84.33.255 - - [10/May/2020:11:07:11 +0800] "POST /xingrg/kc/base/wldb_order_operate.html HTTP/1.1" 200 37
114.84.33.255 - - [10/May/2020:11:07:12 +0800] "POST /xingrg/kc/base/wldb_order_operate.html HTTP/1.1" 200 5673
114.84.151.157 - - [10/May/2020:11:07:12 +0800] "GET /xingrg/all/function/internal_message.html?_=1589080028830&CODE_STATE=getMsg HTTP/1.1" 200 27
180.175.212.199 - - [10/May/2020:11:07:12 +0800] "POST /xingrg/kc/buy/cgsh_order_operate.html HTTP/1.1" 200 37
124.77.110.230 - - [10/May/2020:11:07:12 +0800] "GET /xingrg/all/function/internal_message.html?_=1589080032739&CODE_STATE=getMsg HTTP/1.1" 200 27
114.84.33.255 - - [10/May/2020:11:07:12 +0800] "GET /xingrg/kc/base/wldb_order_info.html?code=422020051000914 HTTP/1.1" 200 30337
114.84.33.255 - - [10/May/2020:11:07:13 +0800] "GET /xingrg/javascript/easyui/themes/default/validatebox.css HTTP/1.1" 404 1104
114.84.33.255 - - [10/May/2020:11:07:13 +0800] "POST /xingrg/kc/base/wldb_order_operate.html HTTP/1.1" 200 5673
180.175.212.199 - - [10/May/2020:11:07:13 +0800] "POST /xingrg/kc/buy/cgsh_order_operate.html HTTP/1.1" 200 16241
222.70.208.105 - - [10/May/2020:11:07:14 +0800] "GET /xingrg/all/function/internal_message.html?_=1589080034010&CODE_STATE=getMsg HTTP/1.1" 200 27
222.70.208.105 - - [10/May/2020:11:07:14 +0800] "GET /xingrg/check_reg.html?_=1589080034014 HTTP/1.1" 200 22
58.40.7.146 - - [10/May/2020:11:07:15 +0800] "GET /xingrg/all/function/internal_message.html?_=1589080035146&CODE_STATE=getMsg HTTP/1.1" 200 27
101.85.52.41 - - [10/May/2020:11:07:15 +0800] "GET /xingrg/all/function/internal_message.html?_=1589079565218&CODE_STATE=getMsg HTTP/1.1" 200 27
180.162.232.172 - - [10/May/2020:11:07:15 +0800] "GET /xingrg/all/function/internal_message.html?_=1589080164074&CODE_STATE=getMsg HTTP/1.1" 200 27
114.84.33.255 - - [10/May/2020:11:07:16 +0800] "POST /xingrg/kc/base/wldb_order_operate.html HTTP/1.1" 200 37
117.131.5.26 - - [10/May/2020:11:07:16 +0800] "GET /xingrg/all/function/internal_message.html?_=1589080394815&CODE_STATE=getMsg HTTP/1.1" 200 27
61.151.178.197 - - [10/May/2020:11:07:17 +0800] "GET /xingrg/all/function/internal_message.html?_=1589079356367&CODE_STATE=getMsg HTTP/1.1" 302 -
114.84.33.255 - - [10/May/2020:11:07:17 +0800] "POST /xingrg/kc/base/wldb_order_operate.html HTTP/1.1" 200 12
114.84.33.255 - - [10/May/2020:11:07:17 +0800] "POST /xingrg/kc/base/wldb_order_operate.html HTTP/1.1" 200 5672
114.84.33.255 - - [10/May/2020:11:07:17 +0800] "GET /xingrg/kc/base/wldb_order_info.html?code=422020051000914 HTTP/1.1" 200 26201
114.84.33.255 - - [10/May/2020:11:07:18 +0800] "POST /xingrg/kc/base/wldb_order_operate.html HTTP/1.1" 200 3888
114.84.33.255 - - [10/May/2020:11:07:18 +0800] "GET /xingrg/javascript/easyui/themes/default/validatebox.css HTTP/1.1" 404 1104
180.156.150.85 - - [10/May/2020:11:07:19 +0800] "GET /xingrg/kc/buy/cgsh_order_operate.html?command=get_materiel&rest_code=00105&code=00101002006&supplier_code=00100091&order_time=2020-05-10 HTTP/1.1" 200 414
114.84.33.255 - - [10/May/2020:11:07:21 +0800] "GET /xingrg/kc/base/wldb_order_add.html HTTP/1.1" 200 30322
114.84.33.255 - - [10/May/2020:11:07:21 +0800] "POST /xingrg/kc/base/wldb_order_operate.html HTTP/1.1" 200 6806
114.84.33.255 - - [10/May/2020:11:07:21 +0800] "GET /xingrg/javascript/easyui/themes/default/validatebox.css HTTP/1.1" 404 1104
180.175.212.199 - - [10/May/2020:11:07:21 +0800] "POST /xingrg/kc/buy/cgsh_list_operate.html HTTP/1.1" 200 2051
124.77.110.230 - - [10/May/2020:11:07:22 +0800] "GET /xingrg/system/rest/query_items.html?_=1589080041153&table=menu&page=1&rows=20&categoryId=&key=1903 HTTP/1.1" 200 534
124.77.110.230 - - [10/May/2020:11:07:25 +0800] "GET /xingrg/system/rest/query_items.html?_=1589080043907&table=menu&page=1&rows=20&categoryId=&key=1903 HTTP/1.1" 200 534
124.77.110.230 - - [10/May/2020:11:07:25 +0800] "GET /xingrg/kc/buy/cgsh_order_operate.html?command=get_materiel&rest_code=00107&code=00101012013&supplier_code=00100323&order_time=2020-05-10 HTTP/1.1" 200 412
124.77.110.230 - - [10/May/2020:11:07:26 +0800] "GET /xingrg/system/rest/get_item.html?table=menu&id=1903&_=1589080045124 HTTP/1.1" 200 997
124.77.110.230 - - [10/May/2020:11:07:26 +0800] "GET /xingrg/system/rest/get_item.html?table=menu&target=menu_rest&id=1903&_=1589080045135 HTTP/1.1" 200 1074
124.77.110.230 - - [10/May/2020:11:07:26 +0800] "GET /xingrg/system/rest/get_item.html?table=menu&target=cook_mode&id=1903&_=1589080045133 HTTP/1.1" 200 12632
124.77.110.230 - - [10/May/2020:11:07:26 +0800] "GET /xingrg/system/rest/get_infos.html?command=menu_img_show&id=1903 HTTP/1.1" 200 5
61.151.178.197 - - [10/May/2020:11:07:27 +0800] "GET /xingrg/login.html HTTP/1.1" 200 7641
114.84.32.201 - - [10/May/2020:11:07:27 +0800] "GET /xingrg/all/function/internal_message.html?_=1589080047290&CODE_STATE=getMsg HTTP/1.1" 200 27
180.156.150.85 - - [10/May/2020:11:07:27 +0800] "GET /xingrg/all/function/internal_message.html?_=1589080051810&CODE_STATE=getMsg HTTP/1.1" 200 27
124.77.110.230 - - [10/May/2020:11:07:30 +0800] "GET /xingrg/system/rest/get_item.html?table=menu&target=menu_rest_detail&id=1903&sid=6&_=1589080049300 HTTP/1.1" 200 421
180.162.102.27 - - [10/May/2020:11:07:30 +0800] "GET /xingrg/all/function/internal_message.html?_=1589079480597&CODE_STATE=getMsg HTTP/1.1" 200 27
114.84.33.255 - - [10/May/2020:11:07:33 +0800] "GET /xingrg/kc/base/wldb_order_operate.html?command=get_materiel&rest_code=00146&base_code=0010063&code=00101019066 HTTP/1.1" 200 442
180.175.212.199 - - [10/May/2020:11:07:35 +0800] "GET /xingrg/login.html HTTP/1.1" 200 7641
180.175.212.199 - - [10/May/2020:11:07:36 +0800] "GET /favicon.ico HTTP/1.1" 404 -
180.175.212.199 - - [10/May/2020:11:07:38 +0800] "POST /xingrg/login.do HTTP/1.1" 302 -
180.175.212.199 - - [10/May/2020:11:07:38 +0800] "GET /xingrg/index.html?sysBaseUrl=http%3A%2F%2F180.169.147.146%3A18081%2Fxingrg%2F&costTime=36×tamp=1589080058613 HTTP/1.1" 200 17173
180.175.212.199 - - [10/May/2020:11:07:38 +0800] "GET /xingrg/javascript/jquery_easy_ui/themes/icon.css HTTP/1.1" 304 -
180.175.212.199 - - [10/May/2020:11:07:38 +0800] "GET /xingrg/javascript/jquery-1.4.2.min.js HTTP/1.1" 304 -
180.175.212.199 - - [10/May/2020:11:07:38 +0800] "GET /xingrg/css/form.css HTTP/1.1" 304 -
180.175.212.199 - - [10/May/2020:11:07:38 +0800] "GET /xingrg/javascript/jquery_easy_ui/themes/default/easyui.css HTTP/1.1" 304 -
180.175.212.199 - - [10/May/2020:11:07:38 +0800] "GET /xingrg/javascript/jquery_easy_ui/jquery.easyui.min.js HTTP/1.1" 304 -
180.175.212.199 - - [10/May/2020:11:07:38 +0800] "GET /xingrg/javascript/jquery_easy_ui/easyui-lang-zh_CN.js HTTP/1.1" 304 -
180.175.212.199 - - [10/May/2020:11:07:38 +0800] "GET /xingrg/javascript/jquery.form.js HTTP/1.1" 304 -
180.175.212.199 - - [10/May/2020:11:07:38 +0800] "GET /xingrg/javascript/jquery.utils.js HTTP/1.1" 304 -
180.175.212.199 - - [10/May/2020:11:07:38 +0800] "GET /xingrg/javascript/jquery.timers.js HTTP/1.1" 304 -
180.175.212.199 - - [10/May/2020:11:07:38 +0800] "GET /favicon.ico HTTP/1.1" 404 -
180.175.212.199 - - [10/May/2020:11:07:38 +0800] "POST /xingrg/all/common/load_tree.html?tree=area_rest_tree_json&manage=1 HTTP/1.1" 200 342
180.175.212.199 - - [10/May/2020:11:07:39 +0800] "GET /xingrg/check_reg.html?_=1589080058772 HTTP/1.1" 200 22
180.175.212.199 - - [10/May/2020:11:07:39 +0800] "GET /xingrg/all/function/internal_message.html?_=1589080058770&CODE_STATE=count HTTP/1.1" 200 11
180.175.212.199 - - [10/May/2020:11:07:39 +0800] "POST /xingrg/load_menu.html HTTP/1.1" 200 5138
114.86.190.97 - - [10/May/2020:11:07:39 +0800] "GET /xingrg/all/function/internal_message.html?_=1589080059327&CODE_STATE=getMsg HTTP/1.1" 200 27
114.84.33.255 - - [10/May/2020:11:07:39 +0800] "GET /xingrg/kc/base/wldb_order_operate.html?command=get_materiel&rest_code=00146&base_code=0010063&code=00101019071 HTTP/1.1" 200 455
124.77.110.230 - - [10/May/2020:11:07:40 +0800] "POST /xingrg/system/rest/edit_item.html HTTP/1.1" 200 4
124.77.110.230 - - [10/May/2020:11:07:40 +0800] "GET /xingrg/system/rest/get_item.html?table=menu&target=menu_rest&id=1903&_=1589080059272 HTTP/1.1" 200 1074
180.156.150.85 - - [10/May/2020:11:07:41 +0800] "GET /xingrg/kc/buy/cgsh_order_operate.html?command=get_materiel&rest_code=00105&code=00101002034&supplier_code=00100091&order_time=2020-05-10 HTTP/1.1" 200 411
180.175.212.199 - - [10/May/2020:11:07:42 +0800] "GET /xingrg/kc/buy/cgsh_order_list.html HTTP/1.1" 200 42709
180.175.212.199 - - [10/May/2020:11:07:42 +0800] "GET /xingrg/css/base.css HTTP/1.1" 304 -
180.175.212.199 - - [10/May/2020:11:07:42 +0800] "GET /xingrg/javascript/jquery_tools/datebox.css HTTP/1.1" 304 -
180.175.212.199 - - [10/May/2020:11:07:42 +0800] "GET /xingrg/css/site.css HTTP/1.1" 304 -
180.175.212.199 - - [10/May/2020:11:07:42 +0800] "GET /xingrg/javascript/easyui/themes/icon.css HTTP/1.1" 304 -
180.175.212.199 - - [10/May/2020:11:07:42 +0800] "GET /xingrg/javascript/auto/jquery.autocomplete.css HTTP/1.1" 304 -
180.175.212.199 - - [10/May/2020:11:07:42 +0800] "GET /xingrg/javascript/easyui/themes/default/easyui.css HTTP/1.1" 304 -
180.175.212.199 - - [10/May/2020:11:07:42 +0800] "GET /xingrg/javascript/jquery_tools/jquery.tools.hotkey.js HTTP/1.1" 304 -
180.175.212.199 - - [10/May/2020:11:07:42 +0800] "GET /xingrg/javascript/jquery_tools/jquery.tools.table.js HTTP/1.1" 304 -
180.175.212.199 - - [10/May/2020:11:07:42 +0800] "GET /xingrg/javascript/jquery_tools/list_manager.js HTTP/1.1" 304 -
180.175.212.199 - - [10/May/2020:11:07:42 +0800] "GET /xingrg/javascript/jquery_tools/fix.css HTTP/1.1" 304 -
180.175.212.199 - - [10/May/2020:11:07:42 +0800] "GET /xingrg/javascript/auto/jquery.autocomplete.js HTTP/1.1" 304 -
180.175.212.199 - - [10/May/2020:11:07:42 +0800] "GET /xingrg/javascript/easyui/easyloader.js HTTP/1.1" 304 -
180.175.212.199 - - [10/May/2020:11:07:42 +0800] "GET /xingrg/javascript/jquery_tools/table.css HTTP/1.1" 304 -
180.175.212.199 - - [10/May/2020:11:07:42 +0800] "GET /xingrg/javascript/print/LodopFuncs.js HTTP/1.1" 304 -
180.175.212.199 - - [10/May/2020:11:07:42 +0800] "GET /xingrg/javascript/jquery_tools/jquery.tools.min.js HTTP/1.1" 304 -
180.175.212.199 - - [10/May/2020:11:07:42 +0800] "GET /xingrg/javascript/jquery.cookie.js HTTP/1.1" 304 -
180.175.212.199 - - [10/May/2020:11:07:42 +0800] "GET /xingrg/javascript/jquery_tools/jquery.tools.extend.js HTTP/1.1" 304 -
124.77.110.230 - - [10/May/2020:11:07:42 +0800] "POST /xingrg/kc/buy/cgsh_order_operate.html HTTP/1.1" 200 37
180.175.212.199 - - [10/May/2020:11:07:43 +0800] "GET /xingrg/javascript/easyui/plugins/jquery.parser.js HTTP/1.1" 304 -
124.77.110.230 - - [10/May/2020:11:07:43 +0800] "POST /xingrg/kc/buy/cgsh_order_operate.html HTTP/1.1" 200 6831
180.175.212.199 - - [10/May/2020:11:07:44 +0800] "POST /xingrg/kc/buy/cgsh_list_operate.html HTTP/1.1" 200 2051
180.175.212.199 - - [10/May/2020:11:07:45 +0800] "GET /xingrg/javascript/pic_change.js HTTP/1.1" 304 -
180.175.212.199 - - [10/May/2020:11:07:45 +0800] "GET /xingrg/javascript/jquery_tools/order_manager.js HTTP/1.1" 304 -
180.175.212.199 - - [10/May/2020:11:07:45 +0800] "GET /xingrg/javascript/convert.js HTTP/1.1" 304 -
180.175.212.199 - - [10/May/2020:11:07:45 +0800] "GET /xingrg/javascript/json2.js HTTP/1.1" 304 -
180.175.212.199 - - [10/May/2020:11:07:45 +0800] "GET /xingrg/kc/buy/cgsh_order_add.html HTTP/1.1" 200 58365
180.175.212.199 - - [10/May/2020:11:07:45 +0800] "GET /xingrg/javascript/print/kc_print.js HTTP/1.1" 304 -
180.175.212.199 - - [10/May/2020:11:07:45 +0800] "GET /xingrg/words/20200509191820_words.js HTTP/1.1" 304 -
180.162.232.172 - - [10/May/2020:11:07:45 +0800] "GET /xingrg/all/function/internal_message.html?_=1589080067394&CODE_STATE=getMsg HTTP/1.1" 200 27
180.175.212.199 - - [10/May/2020:11:07:45 +0800] "POST /xingrg/kc/buy/cgsh_order_operate.html HTTP/1.1" 200 8245
180.175.212.199 - - [10/May/2020:11:07:45 +0800] "GET /xingrg/check_reg.html?_=1589080261374 HTTP/1.1" 200 22
180.175.212.199 - - [10/May/2020:11:07:45 +0800] "GET /xingrg/all/common/auto_word.html?type=employee&rest_code=00102 HTTP/1.1" 200 189
180.175.212.199 - - [10/May/2020:11:07:45 +0800] "GET /xingrg/all/common/auto_word.html?type=employee&rest_code=00102 HTTP/1.1" 200 189
180.175.212.199 - - [10/May/2020:11:07:45 +0800] "GET /xingrg/javascript/easyui/themes/default/validatebox.css HTTP/1.1" 404 1104
180.175.212.199 - - [10/May/2020:11:07:45 +0800] "GET /xingrg/javascript/easyui/plugins/jquery.validatebox.js HTTP/1.1" 304 -
180.175.212.199 - - [10/May/2020:11:07:45 +0800] "GET /xingrg/javascript/easyui/plugins/jquery.numberbox.js HTTP/1.1" 304 -
180.175.212.199 - - [10/May/2020:11:07:46 +0800] "GET /xingrg/javascript/auto/indicator.gif HTTP/1.1" 404 1066
180.175.212.199 - - [10/May/2020:11:07:46 +0800] "GET /xingrg/javascript/jquery_tools/images/prev.gif HTTP/1.1" 404 1086
180.175.212.199 - - [10/May/2020:11:07:46 +0800] "GET /xingrg/javascript/jquery_tools/images/next.gif HTTP/1.1" 404 1086
114.84.33.255 - - [10/May/2020:11:07:47 +0800] "GET /xingrg/kc/base/wldb_order_operate.html?command=get_materiel&rest_code=00146&base_code=0010063&code=00101012079 HTTP/1.1" 200 421
172.17.0.185 - - [10/May/2020:11:07:49 +0800] "GET /xingrg/all/function/internal_message.html?_=1589080068942&CODE_STATE=getMsg HTTP/1.1" 200 27
124.77.110.230 - - [10/May/2020:11:07:49 +0800] "GET /xingrg/system/rest/query_items.html?_=1589080068560&table=menu&page=1&rows=20&categoryId=&key=bjx HTTP/1.1" 200 2385
180.156.150.85 - - [10/May/2020:11:07:50 +0800] "POST /xingrg/kc/buy/cgsh_order_operate.html HTTP/1.1" 200 37
124.77.110.230 - - [10/May/2020:11:07:50 +0800] "GET /xingrg/kc/print/load_data.html?order_code=212020051003213&kc_code=cgsh&condition= HTTP/1.1" 200 2279
180.156.150.85 - - [10/May/2020:11:07:51 +0800] "POST /xingrg/kc/buy/cgsh_order_operate.html HTTP/1.1" 200 3252
180.175.212.199 - - [10/May/2020:11:07:51 +0800] "GET /xingrg/kc/buy/cgsh_order_operate.html?command=get_materiel&rest_code=00102&code=00101008175&supplier_code=00100008&order_time=2020-05-10 HTTP/1.1" 200 412
180.156.150.85 - - [10/May/2020:11:07:52 +0800] "GET /xingrg/kc/print/load_data.html?order_code=212020051003214&kc_code=cgsh&condition= HTTP/1.1" 200 958
124.77.110.230 - - [10/May/2020:11:07:54 +0800] "GET /xingrg/kc/buy/cgsh_order_add.html HTTP/1.1" 200 58494
124.77.110.230 - - [10/May/2020:11:07:55 +0800] "GET /xingrg/javascript/easyui/themes/default/validatebox.css HTTP/1.1" 404 1104
124.77.110.230 - - [10/May/2020:11:07:55 +0800] "POST /xingrg/kc/buy/cgsh_order_operate.html HTTP/1.1" 200 8245
114.84.151.157 - - [10/May/2020:11:07:56 +0800] "GET /xingrg/check_reg.html?_=1589080076402 HTTP/1.1" 200 22
114.84.151.157 - - [10/May/2020:11:07:56 +0800] "GET /xingrg/all/function/internal_message.html?_=1589080076403&CODE_STATE=getMsg HTTP/1.1" 200 27
114.84.33.255 - - [10/May/2020:11:07:57 +0800] "GET /xingrg/kc/base/wldb_order_operate.html?command=get_materiel&rest_code=00146&base_code=0010063&code=00101016035 HTTP/1.1" 200 468
180.175.212.199 - - [10/May/2020:11:07:57 +0800] "GET /xingrg/kc/buy/cgsh_order_operate.html?command=get_materiel&rest_code=00102&code=00101008350&supplier_code=00100008&order_time=2020-05-10 HTTP/1.1" 200 408
124.77.110.230 - - [10/May/2020:11:07:58 +0800] "GET /xingrg/javascript/easyui/themes/default/tree.css HTTP/1.1" 404 1090
124.77.110.230 - - [10/May/2020:11:07:59 +0800] "POST /xingrg/all/common/load_tree.html?tree=supplier_tree_json&isDelete=1 HTTP/1.1" 200 47865
180.171.124.178 - - [10/May/2020:11:07:59 +0800] "GET /xingrg/all/function/internal_message.html?_=1589080078310&CODE_STATE=getMsg HTTP/1.1" 200 27
117.131.5.26 - - [10/May/2020:11:08:00 +0800] "GET /xingrg/all/function/internal_message.html?_=1589080091046&CODE_STATE=getMsg HTTP/1.1" 200 27
180.156.150.85 - - [10/May/2020:11:08:01 +0800] "GET /xingrg/kc/buy/cgsh_order_add.html HTTP/1.1" 200 58447
180.156.150.85 - - [10/May/2020:11:08:02 +0800] "GET /xingrg/javascript/easyui/themes/default/validatebox.css HTTP/1.1" 404 1104
180.156.150.85 - - [10/May/2020:11:08:02 +0800] "POST /xingrg/kc/buy/cgsh_order_operate.html HTTP/1.1" 200 8245
117.184.7.26 - - [10/May/2020:11:08:02 +0800] "GET /xingrg/all/function/internal_message.html?_=1589080081893&CODE_STATE=getMsg HTTP/1.1" 200 27
114.84.33.255 - - [10/May/2020:11:08:02 +0800] "GET /xingrg/all/function/internal_message.html?_=1589080084451&CODE_STATE=getMsg HTTP/1.1" 200 27
124.77.110.230 - - [10/May/2020:11:08:03 +0800] "GET /xingrg/system/rest/query_items.html?_=1589080082339&table=menu&page=1&rows=20&categoryId=&key=bjx HTTP/1.1" 200 2385
180.175.212.199 - - [10/May/2020:11:08:04 +0800] "GET /xingrg/all/function/internal_message.html?_=1589080280032&CODE_STATE=getMsg HTTP/1.1" 200 27
124.77.110.230 - - [10/May/2020:11:08:04 +0800] "GET /xingrg/system/rest/get_item.html?table=menu&id=1996&_=1589080083403 HTTP/1.1" 200 956
124.77.110.230 - - [10/May/2020:11:08:04 +0800] "GET /xingrg/system/rest/get_item.html?table=menu&target=menu_rest&id=1996&_=1589080083414 HTTP/1.1" 200 873
124.77.110.230 - - [10/May/2020:11:08:04 +0800] "GET /xingrg/system/rest/get_item.html?table=menu&target=cook_mode&id=1996&_=1589080083413 HTTP/1.1" 200 14339
180.175.212.199 - - [10/May/2020:11:08:04 +0800] "GET /xingrg/kc/buy/cgsh_order_operate.html?command=get_materiel&rest_code=00102&code=00101008110&supplier_code=00100008&order_time=2020-05-10 HTTP/1.1" 200 408
124.77.110.230 - - [10/May/2020:11:08:04 +0800] "GET /xingrg/system/rest/get_infos.html?command=menu_img_show&id=1996 HTTP/1.1" 200 5
117.185.32.26 - - [10/May/2020:11:08:06 +0800] "GET /xingrg/all/function/internal_message.html?_=1589080508112&CODE_STATE=getMsg HTTP/1.1" 200 27
222.69.138.7 - - [10/May/2020:11:08:06 +0800] "GET /xingrg/all/function/internal_message.html?_=1589080086346&CODE_STATE=getMsg HTTP/1.1" 200 27
124.77.110.230 - - [10/May/2020:11:08:07 +0800] "GET /xingrg/system/rest/get_item.html?table=menu&target=menu_rest_detail&id=1996&sid=6&_=1589080086164 HTTP/1.1" 200 423
180.175.212.199 - - [10/May/2020:11:08:09 +0800] "GET /xingrg/kc/buy/cgsh_order_operate.html?command=get_materiel&rest_code=00102&code=00101008096&supplier_code=00100008&order_time=2020-05-10 HTTP/1.1" 200 412
124.77.110.230 - - [10/May/2020:11:08:09 +0800] "GET /xingrg/all/function/internal_message.html?_=1589080088657&CODE_STATE=getMsg HTTP/1.1" 200 27
114.84.33.255 - - [10/May/2020:11:08:09 +0800] "GET /xingrg/check_reg.html?_=1589080091598 HTTP/1.1" 200 22
114.84.33.255 - - [10/May/2020:11:08:10 +0800] "GET /xingrg/all/function/internal_message.html?_=1589080092136&CODE_STATE=getMsg HTTP/1.1" 200 27
114.84.151.157 - - [10/May/2020:11:08:12 +0800] "GET /xingrg/all/function/internal_message.html?_=1589080088829&CODE_STATE=getMsg HTTP/1.1" 200 27
124.77.110.230 - - [10/May/2020:11:08:12 +0800] "GET /xingrg/check_reg.html?_=1589080092614 HTTP/1.1" 200 22
101.85.52.41 - - [10/May/2020:11:08:12 +0800] "GET /xingrg/all/function/internal_message.html?_=1589079625217&CODE_STATE=getMsg HTTP/1.1" 200 27
124.77.110.230 - - [10/May/2020:11:08:12 +0800] "GET /xingrg/all/function/internal_message.html?_=1589080092699&CODE_STATE=getMsg HTTP/1.1" 200 27
180.156.150.85 - - [10/May/2020:11:08:12 +0800] "GET /xingrg/kc/buy/cgsh_order_operate.html?command=get_materiel&rest_code=00105&code=00101001044&supplier_code=00100319&order_time=2020-05-10 HTTP/1.1" 200 409
222.70.208.105 - - [10/May/2020:11:08:14 +0800] "GET /xingrg/all/function/internal_message.html?_=1589080094016&CODE_STATE=getMsg HTTP/1.1" 200 27
58.40.7.146 - - [10/May/2020:11:08:15 +0800] "GET /xingrg/all/function/internal_message.html?_=1589080095132&CODE_STATE=getMsg HTTP/1.1" 200 27
180.162.232.172 - - [10/May/2020:11:08:15 +0800] "GET /xingrg/all/function/internal_message.html?_=1589080224087&CODE_STATE=getMsg HTTP/1.1" 200 27
180.175.212.199 - - [10/May/2020:11:08:16 +0800] "GET /xingrg/kc/buy/cgsh_order_operate.html?command=get_materiel&rest_code=00102&code=00101008088&supplier_code=00100008&order_time=2020-05-10 HTTP/1.1" 200 408
117.131.5.26 - - [10/May/2020:11:08:16 +0800] "GET /xingrg/all/function/internal_message.html?_=1589080454814&CODE_STATE=getMsg HTTP/1.1" 200 27
124.77.110.230 - - [10/May/2020:11:08:16 +0800] "POST /xingrg/system/rest/edit_item.html HTTP/1.1" 200 4
124.77.110.230 - - [10/May/2020:11:08:16 +0800] "GET /xingrg/system/rest/get_item.html?table=menu&target=menu_rest&id=1996&_=1589080095668 HTTP/1.1" 200 873
124.77.110.230 - - [10/May/2020:11:08:19 +0800] "GET /xingrg/kc/buy/cgsh_order_operate.html?command=get_materiel&rest_code=00107&code=00101004038&supplier_code=00100347&order_time=2020-05-10 HTTP/1.1" 200 409
124.77.110.230 - - [10/May/2020:11:08:19 +0800] "GET /xingrg/system/rest/get_item.html?table=menu&target=menu_rest_detail&id=1996&sid=6&_=1589080098749 HTTP/1.1" 200 423
180.175.212.199 - - [10/May/2020:11:08:21 +0800] "GET /xingrg/kc/buy/cgsh_order_operate.html?command=get_materiel&rest_code=00102&code=00101008223&supplier_code=00100008&order_time=2020-05-10 HTTP/1.1" 200 412
180.175.212.199 - - [10/May/2020:11:08:23 +0800] "GET /xingrg/system/info/materiel_import.html?isSelect=1&singleSelect=false HTTP/1.1" 200 5600
180.175.212.199 - - [10/May/2020:11:08:23 +0800] "GET /xingrg/css/xtree.css HTTP/1.1" 304 -
180.175.212.199 - - [10/May/2020:11:08:23 +0800] "GET /xingrg/javascript/jquery_ui/themes/base/base.css HTTP/1.1" 304 -
180.175.212.199 - - [10/May/2020:11:08:23 +0800] "GET /xingrg/css/blue.css HTTP/1.1" 304 -
180.175.212.199 - - [10/May/2020:11:08:24 +0800] "POST /xingrg/all/common/load_tree.html?tree=materiel_sort_tree_json HTTP/1.1" 200 8666
180.175.212.199 - - [10/May/2020:11:08:24 +0800] "GET /favicon.ico HTTP/1.1" 404 -
114.84.32.201 - - [10/May/2020:11:08:27 +0800] "GET /xingrg/all/function/internal_message.html?_=1589080107290&CODE_STATE=getMsg HTTP/1.1" 200 27
180.156.150.85 - - [10/May/2020:11:08:27 +0800] "GET /xingrg/all/function/internal_message.html?_=1589080111790&CODE_STATE=getMsg HTTP/1.1" 200 27
114.84.151.157 - - [10/May/2020:11:08:28 +0800] "GET /xingrg/kc/buy/cgsh_order_add.html HTTP/1.1" 200 58453
114.84.151.157 - - [10/May/2020:11:08:28 +0800] "POST /xingrg/kc/buy/cgsh_order_operate.html HTTP/1.1" 200 8245
114.84.151.157 - - [10/May/2020:11:08:28 +0800] "GET /xingrg/javascript/easyui/themes/default/validatebox.css HTTP/1.1" 404 1104
114.84.33.255 - - [10/May/2020:11:08:29 +0800] "POST /xingrg/kc/base/wldb_order_operate.html HTTP/1.1" 200 37
114.84.33.255 - - [10/May/2020:11:08:29 +0800] "POST /xingrg/kc/base/wldb_order_operate.html HTTP/1.1" 200 2703
114.84.33.255 - - [10/May/2020:11:08:29 +0800] "GET /xingrg/kc/base/wldb_order_info.html?code=422020051000915 HTTP/1.1" 200 30334
114.84.33.255 - - [10/May/2020:11:08:30 +0800] "GET /xingrg/javascript/easyui/themes/default/validatebox.css HTTP/1.1" 404 1104
114.84.33.255 - - [10/May/2020:11:08:30 +0800] "POST /xingrg/kc/base/wldb_order_operate.html HTTP/1.1" 200 2703
180.162.102.27 - - [10/May/2020:11:08:30 +0800] "GET /xingrg/all/function/internal_message.html?_=1589079540596&CODE_STATE=getMsg HTTP/1.1" 200 27
124.77.110.230 - - [10/May/2020:11:08:31 +0800] "GET /xingrg/system/rest/query_items.html?_=1589080109868&table=menu&page=1&rows=20&categoryId=&key=sky HTTP/1.1" 200 3198
124.77.110.230 - - [10/May/2020:11:08:33 +0800] "GET /xingrg/system/rest/query_items.html?_=1589080111804&table=menu&page=1&rows=20&categoryId=&key=sky HTTP/1.1" 200 3198
124.77.110.230 - - [10/May/2020:11:08:34 +0800] "GET /xingrg/system/rest/get_item.html?table=menu&id=1940&_=1589080112919 HTTP/1.1" 200 966
124.77.110.230 - - [10/May/2020:11:08:34 +0800] "GET /xingrg/system/rest/get_item.html?table=menu&target=menu_rest&id=1940&_=1589080112929 HTTP/1.1" 200 776
124.77.110.230 - - [10/May/2020:11:08:34 +0800] "GET /xingrg/system/rest/get_item.html?table=menu&target=cook_mode&id=1940&_=1589080112928 HTTP/1.1" 200 10808
124.77.110.230 - - [10/May/2020:11:08:34 +0800] "GET /xingrg/system/rest/get_infos.html?command=menu_img_show&id=1940 HTTP/1.1" 200 5
180.175.212.199 - - [10/May/2020:11:08:35 +0800] "GET /xingrg/kc/buy/cgsh_order_operate.html?command=get_materiel&rest_code=00102&code=00101008273&supplier_code=00100008&order_time=2020-05-10 HTTP/1.1" 200 412
124.77.110.230 - - [10/May/2020:11:08:38 +0800] "GET /xingrg/kc/buy/cgsh_order_operate.html?command=get_materiel&rest_code=00107&code=00101005022&supplier_code=00100347&order_time=2020-05-10 HTTP/1.1" 200 417
124.77.110.230 - - [10/May/2020:11:08:38 +0800] "GET /xingrg/system/rest/get_item.html?table=menu&target=menu_rest_detail&id=1940&sid=6&_=1589080117444 HTTP/1.1" 200 421
180.175.212.199 - - [10/May/2020:11:08:39 +0800] "GET /xingrg/all/function/internal_message.html?_=1589080118776&CODE_STATE=getMsg HTTP/1.1" 200 27
114.86.190.97 - - [10/May/2020:11:08:39 +0800] "GET /xingrg/all/function/internal_message.html?_=1589080119327&CODE_STATE=getMsg HTTP/1.1" 200 27
114.84.33.255 - - [10/May/2020:11:08:39 +0800] "POST /xingrg/kc/base/wldb_order_operate.html HTTP/1.1" 200 37
114.84.151.157 - - [10/May/2020:11:08:40 +0800] "GET /xingrg/kc/buy/cgsh_order_operate.html?command=get_materiel&rest_code=00141&code=00101003004&supplier_code=00100093&order_time=2020-05-10 HTTP/1.1" 200 420
114.84.33.255 - - [10/May/2020:11:08:41 +0800] "POST /xingrg/kc/base/wldb_order_operate.html HTTP/1.1" 200 12
114.84.33.255 - - [10/May/2020:11:08:41 +0800] "POST /xingrg/kc/base/wldb_order_operate.html HTTP/1.1" 200 2703
114.84.33.255 - - [10/May/2020:11:08:41 +0800] "GET /xingrg/kc/base/wldb_order_info.html?code=422020051000915 HTTP/1.1" 200 26198
180.175.212.199 - - [10/May/2020:11:08:41 +0800] "GET /xingrg/kc/buy/cgsh_order_operate.html?command=get_materiel&rest_code=00102&code=00101008095&supplier_code=00100008&order_time=2020-05-10 HTTP/1.1" 200 412
114.84.33.255 - - [10/May/2020:11:08:42 +0800] "POST /xingrg/kc/base/wldb_order_operate.html HTTP/1.1" 200 985
114.84.33.255 - - [10/May/2020:11:08:42 +0800] "GET /xingrg/javascript/easyui/themes/default/validatebox.css HTTP/1.1" 404 1104
114.84.33.255 - - [10/May/2020:11:08:44 +0800] "GET /xingrg/kc/base/wldb_order_add.html HTTP/1.1" 200 30322
114.84.33.255 - - [10/May/2020:11:08:44 +0800] "POST /xingrg/kc/base/wldb_order_operate.html HTTP/1.1" 200 6806
114.84.33.255 - - [10/May/2020:11:08:45 +0800] "GET /xingrg/javascript/easyui/themes/default/validatebox.css HTTP/1.1" 404 1104
