124.77.110.230 - - [10/May/2020:09:07:50 +0800] "GET /xingrg/javascript/easyui/themes/default/tree.css HTTP/1.1" 404 1090
124.77.110.230 - - [10/May/2020:09:07:51 +0800] "POST /xingrg/all/common/load_tree.html?tree=supplier_tree_json&isDelete=1 HTTP/1.1" 200 47865
114.84.151.157 - - [10/May/2020:09:07:56 +0800] "GET /xingrg/all/function/internal_message.html?_=1589072876096&CODE_STATE=getMsg HTTP/1.1" 200 27
114.84.151.157 - - [10/May/2020:09:07:56 +0800] "GET /xingrg/check_reg.html?_=1589072876098 HTTP/1.1" 200 22
117.185.32.26 - - [10/May/2020:09:07:57 +0800] "GET /xingrg/kc/buy/cgsh_order_operate.html?command=get_materiel&rest_code=00106&code=00101008224&supplier_code=00100007&order_time=2020-05-10 HTTP/1.1" 200 416
117.184.7.26 - - [10/May/2020:09:08:00 +0800] "GET /xingrg/all/function/internal_message.html?_=1589072880446&CODE_STATE=getMsg HTTP/1.1" 200 27
222.69.138.7 - - [10/May/2020:09:08:04 +0800] "GET /xingrg/all/function/internal_message.html?_=1589072884094&CODE_STATE=getMsg HTTP/1.1" 200 27
117.185.32.26 - - [10/May/2020:09:08:04 +0800] "GET /xingrg/all/function/internal_message.html?_=1589073306844&CODE_STATE=getMsg HTTP/1.1" 200 27
124.77.110.230 - - [10/May/2020:09:08:08 +0800] "GET /xingrg/all/function/internal_message.html?_=1589072888363&CODE_STATE=getMsg HTTP/1.1" 200 27
180.162.232.172 - - [10/May/2020:09:08:10 +0800] "GET /xingrg/javascript/jquery_tools/images/next.gif HTTP/1.1" 404 1086
180.162.232.172 - - [10/May/2020:09:08:10 +0800] "GET /xingrg/javascript/jquery_tools/images/prev.gif HTTP/1.1" 404 1086
180.162.232.172 - - [10/May/2020:09:08:12 +0800] "POST /xingrg/kc/buy/cgsh_order_operate.html HTTP/1.1" 200 37
117.185.32.26 - - [10/May/2020:09:08:14 +0800] "POST /xingrg/kc/buy/cgsh_order_operate.html HTTP/1.1" 200 2065
180.162.232.172 - - [10/May/2020:09:08:15 +0800] "POST /xingrg/kc/buy/cgsh_order_operate.html HTTP/1.1" 200 12
180.162.232.172 - - [10/May/2020:09:08:16 +0800] "GET /xingrg/kc/buy/cgsh_order_info.html?code=212020051003141 HTTP/1.1" 200 52953
180.162.232.172 - - [10/May/2020:09:08:16 +0800] "GET /xingrg/javascript/easyui/themes/default/validatebox.css HTTP/1.1" 404 1104
180.162.232.172 - - [10/May/2020:09:08:17 +0800] "POST /xingrg/kc/buy/cgsh_order_operate.html HTTP/1.1" 200 1785
180.175.212.199 - - [10/May/2020:09:08:17 +0800] "GET /xingrg/check_reg.html?_=1589073093179 HTTP/1.1" 200 22
114.84.33.255 - - [10/May/2020:09:08:17 +0800] "GET /xingrg/check_reg.html?_=1589072899149 HTTP/1.1" 200 22
180.175.212.199 - - [10/May/2020:09:08:17 +0800] "GET /xingrg/all/function/internal_message.html?_=1589073093549&CODE_STATE=getMsg HTTP/1.1" 200 27
180.162.232.172 - - [10/May/2020:09:08:18 +0800] "GET /xingrg/kc/print/load_data.html?order_code=212020051003141&kc_code=cgsh&condition= HTTP/1.1" 200 1203
124.77.110.230 - - [10/May/2020:09:08:21 +0800] "GET /xingrg/kc/buy/cgsh_order_operate.html?command=get_materiel&rest_code=00107&code=00101006130&supplier_code=00100010&order_time=2020-05-10 HTTP/1.1" 200 427
120.253.135.82 - - [10/May/2020:09:08:22 +0800] "GET /xingrg/all/function/internal_message.html?_=1589072656501&CODE_STATE=getMsg HTTP/1.1" 200 27
117.185.32.26 - - [10/May/2020:09:08:22 +0800] "GET /xingrg/kc/buy/cgsh_order_operate.html?command=get_materiel&rest_code=00106&code=00101008036&supplier_code=00100007&order_time=2020-05-10 HTTP/1.1" 200 408
101.89.29.78 - - [10/May/2020:09:08:24 +0800] "GET /xingrg/all/function/internal_message.html?_=1589072456060&CODE_STATE=getMsg HTTP/1.1" 302 -
180.162.232.172 - - [10/May/2020:09:08:29 +0800] "GET /xingrg/all/function/internal_message.html?_=1589073037994&CODE_STATE=getMsg HTTP/1.1" 200 27
101.89.29.78 - - [10/May/2020:09:08:34 +0800] "GET /xingrg/login.html HTTP/1.1" 200 7641
117.185.32.26 - - [10/May/2020:09:08:35 +0800] "GET /xingrg/kc/buy/cgsh_order_operate.html?command=get_materiel&rest_code=00106&code=00101008296&supplier_code=00100007&order_time=2020-05-10 HTTP/1.1" 200 416
180.156.150.85 - - [10/May/2020:09:08:41 +0800] "GET /xingrg/all/function/internal_message.html?_=1589072925610&CODE_STATE=getMsg HTTP/1.1" 200 27
180.162.232.172 - - [10/May/2020:09:08:44 +0800] "POST /xingrg/all/user/operate.html HTTP/1.1" 200 36
180.162.232.172 - - [10/May/2020:09:08:44 +0800] "GET /xingrg/javascript/jquery_easy_ui/themes/default/easyui.css HTTP/1.1" 304 -
180.162.232.172 - - [10/May/2020:09:08:44 +0800] "GET /xingrg/index.html?sysBaseUrl=http%3A%2F%2F180.169.147.146%3A18081%2Fxingrg%2F&costTime=346×tamp=1589015867733 HTTP/1.1" 200 17179
180.162.232.172 - - [10/May/2020:09:08:44 +0800] "GET /xingrg/javascript/jquery_easy_ui/themes/icon.css HTTP/1.1" 304 -
180.162.232.172 - - [10/May/2020:09:08:44 +0800] "GET /xingrg/css/form.css HTTP/1.1" 304 -
180.162.232.172 - - [10/May/2020:09:08:44 +0800] "GET /xingrg/javascript/jquery-1.4.2.min.js HTTP/1.1" 304 -
180.162.232.172 - - [10/May/2020:09:08:44 +0800] "GET /xingrg/javascript/jquery_easy_ui/jquery.easyui.min.js HTTP/1.1" 304 -
180.162.232.172 - - [10/May/2020:09:08:44 +0800] "GET /xingrg/javascript/jquery_easy_ui/easyui-lang-zh_CN.js HTTP/1.1" 304 -
180.162.232.172 - - [10/May/2020:09:08:44 +0800] "GET /xingrg/javascript/jquery.form.js HTTP/1.1" 304 -
180.162.232.172 - - [10/May/2020:09:08:44 +0800] "GET /xingrg/javascript/jquery.utils.js HTTP/1.1" 304 -
180.162.232.172 - - [10/May/2020:09:08:44 +0800] "GET /xingrg/javascript/jquery.timers.js HTTP/1.1" 304 -
180.162.232.172 - - [10/May/2020:09:08:44 +0800] "GET /xingrg/images/blue/jxLogo.png HTTP/1.1" 304 -
180.162.232.172 - - [10/May/2020:09:08:44 +0800] "GET /xingrg/images/blue/navBackgound.jpg HTTP/1.1" 304 -
180.162.232.172 - - [10/May/2020:09:08:44 +0800] "GET /xingrg/javascript/jquery_easy_ui/themes/icons/settle_new.png HTTP/1.1" 304 -
180.162.232.172 - - [10/May/2020:09:08:45 +0800] "POST /xingrg/all/common/load_tree.html?tree=area_rest_tree_json&manage=1 HTTP/1.1" 200 476
180.162.232.172 - - [10/May/2020:09:08:45 +0800] "GET /xingrg/all/function/internal_message.html?_=1589072927148&CODE_STATE=count HTTP/1.1" 200 11
180.162.232.172 - - [10/May/2020:09:08:45 +0800] "GET /xingrg/images/blue/pingpu.png HTTP/1.1" 304 -
180.162.232.172 - - [10/May/2020:09:08:45 +0800] "GET /xingrg/check_reg.html?_=1589072927149 HTTP/1.1" 200 22
124.77.110.230 - - [10/May/2020:09:08:45 +0800] "GET /xingrg/kc/buy/cgsh_order_operate.html?command=get_materiel&rest_code=00107&code=00101006195&supplier_code=00100010&order_time=2020-05-10 HTTP/1.1" 200 409
180.162.232.172 - - [10/May/2020:09:08:45 +0800] "GET /xingrg/javascript/jquery_easy_ui/themes/default/images/tabs_leftarrow.png HTTP/1.1" 304 -
180.162.232.172 - - [10/May/2020:09:08:45 +0800] "GET /xingrg/javascript/jquery_easy_ui/themes/default/images/tabs_rightarrow.png HTTP/1.1" 304 -
180.162.232.172 - - [10/May/2020:09:08:45 +0800] "GET /xingrg/javascript/jquery_easy_ui/themes/default/images/panel_tool_collapse.gif HTTP/1.1" 304 -
180.162.232.172 - - [10/May/2020:09:08:45 +0800] "POST /xingrg/load_menu.html HTTP/1.1" 200 5138
117.185.32.26 - - [10/May/2020:09:08:46 +0800] "GET /xingrg/kc/buy/cgsh_order_operate.html?command=get_materiel&rest_code=00106&code=00101008213&supplier_code=00100007&order_time=2020-05-10 HTTP/1.1" 200 412
101.91.60.11 - - [10/May/2020:09:08:49 +0800] "GET /xingrg/all/function/internal_message.html?_=1589072696085&CODE_STATE=getMsg HTTP/1.1" 302 -
114.84.33.255 - - [10/May/2020:09:08:49 +0800] "GET /xingrg/all/function/internal_message.html?_=1589072930864&CODE_STATE=getMsg HTTP/1.1" 200 27
172.17.0.185 - - [10/May/2020:09:08:49 +0800] "GET /xingrg/all/function/internal_message.html?_=1589072928936&CODE_STATE=getMsg HTTP/1.1" 200 27
172.17.0.185 - - [10/May/2020:09:08:49 +0800] "GET /xingrg/check_reg.html?_=1589072928939 HTTP/1.1" 200 22
180.171.124.178 - - [10/May/2020:09:08:53 +0800] "GET /xingrg/login.html HTTP/1.1" 200 7641
180.171.124.178 - - [10/May/2020:09:08:53 +0800] "GET /xingrg/images/blue/jxLogo.png HTTP/1.1" 200 6156
180.171.124.178 - - [10/May/2020:09:08:55 +0800] "GET /xingrg/images/blue/hj.png HTTP/1.1" 200 1014
180.171.124.178 - - [10/May/2020:09:08:55 +0800] "GET /xingrg/images/blue/srbg.png HTTP/1.1" 200 138
180.171.124.178 - - [10/May/2020:09:08:55 +0800] "GET /xingrg/images/blue/login_bg.png HTTP/1.1" 200 22101
180.171.124.178 - - [10/May/2020:09:08:55 +0800] "GET /favicon.ico HTTP/1.1" 404 -
114.84.151.157 - - [10/May/2020:09:08:56 +0800] "GET /xingrg/all/function/internal_message.html?_=1589072936081&CODE_STATE=getMsg HTTP/1.1" 200 27
101.91.60.11 - - [10/May/2020:09:08:56 +0800] "GET /xingrg/login.html HTTP/1.1" 200 7641
124.77.110.230 - - [10/May/2020:09:08:58 +0800] "GET /xingrg/kc/buy/cgsh_order_operate.html?command=get_materiel&rest_code=00107&code=00101006109&supplier_code=00100010&order_time=2020-05-10 HTTP/1.1" 200 409
117.184.7.30 - - [10/May/2020:09:09:02 +0800] "GET /xingrg/all/function/internal_message.html?_=1589072942003&CODE_STATE=getMsg HTTP/1.1" 200 27
222.69.138.7 - - [10/May/2020:09:09:04 +0800] "GET /xingrg/all/function/internal_message.html?_=1589072944096&CODE_STATE=getMsg HTTP/1.1" 200 27
117.185.32.26 - - [10/May/2020:09:09:04 +0800] "GET /xingrg/all/function/internal_message.html?_=1589073366838&CODE_STATE=getMsg HTTP/1.1" 200 27
117.185.32.26 - - [10/May/2020:09:09:08 +0800] "GET /xingrg/kc/buy/cgsh_order_operate.html?command=get_materiel&rest_code=00106&code=00101008161&supplier_code=00100007&order_time=2020-05-10 HTTP/1.1" 200 409
124.77.110.230 - - [10/May/2020:09:09:08 +0800] "GET /xingrg/all/function/internal_message.html?_=1589072948367&CODE_STATE=getMsg HTTP/1.1" 200 27
124.77.110.230 - - [10/May/2020:09:09:08 +0800] "GET /xingrg/kc/buy/cgsh_order_operate.html?command=get_materiel&rest_code=00107&code=00101006115&supplier_code=00100010&order_time=2020-05-10 HTTP/1.1" 200 409
117.185.32.26 - - [10/May/2020:09:09:10 +0800] "POST /xingrg/kc/buy/cgsh_order_operate.html HTTP/1.1" 200 2065
180.162.232.172 - - [10/May/2020:09:09:13 +0800] "GET /xingrg/kc/buy/cgsh_order_list.html HTTP/1.1" 200 42715
180.162.232.172 - - [10/May/2020:09:09:14 +0800] "GET /xingrg/check_reg.html?_=1589073082657 HTTP/1.1" 200 22
180.162.232.172 - - [10/May/2020:09:09:14 +0800] "POST /xingrg/kc/buy/cgsh_list_operate.html HTTP/1.1" 200 876
180.162.232.172 - - [10/May/2020:09:09:15 +0800] "GET /xingrg/kc/buy/cgsh_order_add.html HTTP/1.1" 200 58371
180.162.232.172 - - [10/May/2020:09:09:15 +0800] "POST /xingrg/kc/buy/cgsh_order_operate.html HTTP/1.1" 200 8245
180.162.232.172 - - [10/May/2020:09:09:15 +0800] "GET /xingrg/javascript/easyui/themes/default/validatebox.css HTTP/1.1" 404 1104
180.175.212.199 - - [10/May/2020:09:09:18 +0800] "GET /xingrg/all/function/internal_message.html?_=1589073153563&CODE_STATE=getMsg HTTP/1.1" 200 27
124.77.110.230 - - [10/May/2020:09:09:21 +0800] "GET /xingrg/kc/buy/cgsh_order_operate.html?command=get_materiel&rest_code=00107&code=00101006094&supplier_code=00100010&order_time=2020-05-10 HTTP/1.1" 200 410
120.253.135.82 - - [10/May/2020:09:09:22 +0800] "GET /xingrg/all/function/internal_message.html?_=1589072716521&CODE_STATE=getMsg HTTP/1.1" 200 27
117.185.32.26 - - [10/May/2020:09:09:29 +0800] "GET /xingrg/kc/buy/cgsh_order_operate.html?command=get_materiel&rest_code=00106&code=00101008085&supplier_code=00100007&order_time=2020-05-10 HTTP/1.1" 200 412
180.162.232.172 - - [10/May/2020:09:09:29 +0800] "GET /xingrg/all/function/internal_message.html?_=1589073098009&CODE_STATE=getMsg HTTP/1.1" 200 27
180.162.232.172 - - [10/May/2020:09:09:31 +0800] "GET /xingrg/javascript/auto/indicator.gif HTTP/1.1" 404 1066
180.156.150.85 - - [10/May/2020:09:09:41 +0800] "GET /xingrg/all/function/internal_message.html?_=1589072985606&CODE_STATE=getMsg HTTP/1.1" 200 27
117.185.32.26 - - [10/May/2020:09:09:42 +0800] "GET /xingrg/kc/buy/cgsh_order_operate.html?command=get_materiel&rest_code=00106&code=00101010168&supplier_code=00100007&order_time=2020-05-10 HTTP/1.1" 200 413
180.162.232.172 - - [10/May/2020:09:09:45 +0800] "GET /xingrg/all/function/internal_message.html?_=1589072987163&CODE_STATE=getMsg HTTP/1.1" 200 27
124.77.110.230 - - [10/May/2020:09:09:47 +0800] "POST /xingrg/kc/buy/cgsh_order_operate.html HTTP/1.1" 200 37
124.77.110.230 - - [10/May/2020:09:09:49 +0800] "POST /xingrg/kc/buy/cgsh_order_operate.html HTTP/1.1" 200 5617
114.84.33.255 - - [10/May/2020:09:09:49 +0800] "GET /xingrg/all/function/internal_message.html?_=1589072990878&CODE_STATE=getMsg HTTP/1.1" 200 27
172.17.0.185 - - [10/May/2020:09:09:49 +0800] "GET /xingrg/all/function/internal_message.html?_=1589072988941&CODE_STATE=getMsg HTTP/1.1" 200 27
124.77.110.230 - - [10/May/2020:09:09:51 +0800] "GET /xingrg/kc/print/load_data.html?order_code=212020051003142&kc_code=cgsh&condition= HTTP/1.1" 200 1861
180.171.124.178 - - [10/May/2020:09:09:55 +0800] "POST /xingrg/login.do HTTP/1.1" 302 -
180.171.124.178 - - [10/May/2020:09:09:55 +0800] "GET /xingrg/index.html?sysBaseUrl=http%3A%2F%2F180.169.147.146%3A18081%2Fxingrg%2F&costTime=43×tamp=1589072995607 HTTP/1.1" 200 17173
180.171.124.178 - - [10/May/2020:09:09:55 +0800] "GET /xingrg/javascript/jquery_easy_ui/themes/icon.css HTTP/1.1" 200 3949
180.171.124.178 - - [10/May/2020:09:09:55 +0800] "GET /xingrg/javascript/jquery_easy_ui/jquery.easyui.min.js HTTP/1.1" 200 213662
180.171.124.178 - - [10/May/2020:09:09:55 +0800] "GET /xingrg/css/form.css HTTP/1.1" 200 893
180.171.124.178 - - [10/May/2020:09:09:55 +0800] "GET /xingrg/javascript/jquery_easy_ui/easyui-lang-zh_CN.js HTTP/1.1" 200 1900
180.171.124.178 - - [10/May/2020:09:09:55 +0800] "GET /xingrg/javascript/jquery.timers.js HTTP/1.1" 200 3532
180.171.124.178 - - [10/May/2020:09:09:55 +0800] "GET /xingrg/javascript/jquery-1.4.2.min.js HTTP/1.1" 200 72205
180.171.124.178 - - [10/May/2020:09:09:55 +0800] "GET /xingrg/javascript/jquery.utils.js HTTP/1.1" 200 11805
180.171.124.178 - - [10/May/2020:09:09:55 +0800] "GET /xingrg/javascript/jquery.form.js HTTP/1.1" 200 23110
180.171.124.178 - - [10/May/2020:09:09:55 +0800] "GET /xingrg/javascript/jquery_easy_ui/themes/default/easyui.css HTTP/1.1" 200 26500
180.171.124.178 - - [10/May/2020:09:09:56 +0800] "GET /xingrg/javascript/jquery_easy_ui/themes/icons/settle_new.png HTTP/1.1" 200 826
180.171.124.178 - - [10/May/2020:09:09:56 +0800] "GET /xingrg/images/blue/navBackgound.jpg HTTP/1.1" 200 12378
114.84.151.157 - - [10/May/2020:09:09:56 +0800] "GET /xingrg/all/function/internal_message.html?_=1589072996096&CODE_STATE=getMsg HTTP/1.1" 200 27
180.171.124.178 - - [10/May/2020:09:09:56 +0800] "GET /xingrg/images/blue/pingpu.png HTTP/1.1" 200 231
180.171.124.178 - - [10/May/2020:09:09:56 +0800] "GET /xingrg/javascript/jquery_easy_ui/themes/default/images/tabs_leftarrow.png HTTP/1.1" 200 389
180.171.124.178 - - [10/May/2020:09:09:56 +0800] "GET /xingrg/javascript/jquery_easy_ui/themes/default/images/tabs_rightarrow.png HTTP/1.1" 200 395
180.171.124.178 - - [10/May/2020:09:09:56 +0800] "POST /xingrg/all/common/load_tree.html?tree=area_rest_tree_json&manage=1 HTTP/1.1" 200 342
180.171.124.178 - - [10/May/2020:09:09:56 +0800] "GET /xingrg/javascript/jquery_easy_ui/themes/default/images/panel_tool_collapse.gif HTTP/1.1" 200 246
180.171.124.178 - - [10/May/2020:09:09:56 +0800] "GET /favicon.ico HTTP/1.1" 404 -
180.171.124.178 - - [10/May/2020:09:09:56 +0800] "GET /xingrg/javascript/jquery_easy_ui/themes/default/images/tree_arrows.gif HTTP/1.1" 200 1043
180.171.124.178 - - [10/May/2020:09:09:56 +0800] "GET /xingrg/all/function/internal_message.html?_=1589072994812&CODE_STATE=count HTTP/1.1" 200 11
180.171.124.178 - - [10/May/2020:09:09:56 +0800] "GET /xingrg/check_reg.html?_=1589072994814 HTTP/1.1" 200 22
180.171.124.178 - - [10/May/2020:09:09:56 +0800] "POST /xingrg/load_menu.html HTTP/1.1" 200 5138
124.77.110.230 - - [10/May/2020:09:09:56 +0800] "GET /xingrg/kc/buy/cgsh_order_add.html HTTP/1.1" 200 58494
180.171.124.178 - - [10/May/2020:09:09:56 +0800] "GET /xingrg/javascript/jquery_easy_ui/themes/default/images/tree_folder_open.gif HTTP/1.1" 200 956
180.171.124.178 - - [10/May/2020:09:09:56 +0800] "GET /xingrg/javascript/jquery_easy_ui/themes/icons/search_new.png HTTP/1.1" 200 586
180.171.124.178 - - [10/May/2020:09:09:56 +0800] "GET /xingrg/javascript/jquery_easy_ui/themes/default/images/tree_folder.gif HTTP/1.1" 200 952
180.171.124.178 - - [10/May/2020:09:09:56 +0800] "GET /xingrg/javascript/jquery_easy_ui/themes/icons/storage_new.png HTTP/1.1" 200 853
180.171.124.178 - - [10/May/2020:09:09:56 +0800] "GET /xingrg/javascript/jquery_easy_ui/themes/icons/forms_new.png HTTP/1.1" 200 350
180.171.124.178 - - [10/May/2020:09:09:56 +0800] "GET /xingrg/javascript/jquery_easy_ui/themes/default/images/tree_file.gif HTTP/1.1" 200 118
124.77.110.230 - - [10/May/2020:09:09:57 +0800] "POST /xingrg/kc/buy/cgsh_order_operate.html HTTP/1.1" 200 8245
124.77.110.230 - - [10/May/2020:09:09:57 +0800] "GET /xingrg/javascript/easyui/themes/default/validatebox.css HTTP/1.1" 404 1104
124.77.110.230 - - [10/May/2020:09:09:58 +0800] "GET /xingrg/javascript/easyui/themes/default/tree.css HTTP/1.1" 404 1090
180.171.124.178 - - [10/May/2020:09:09:59 +0800] "GET /xingrg/javascript/jquery_easy_ui/themes/default/images/tabs_close.gif HTTP/1.1" 200 829
180.171.124.178 - - [10/May/2020:09:09:59 +0800] "GET /xingrg/kc/buy/buy_main.html HTTP/1.1" 200 12412
180.171.124.178 - - [10/May/2020:09:09:59 +0800] "GET /xingrg/css/new_ie.css HTTP/1.1" 404 1036
180.171.124.178 - - [10/May/2020:09:09:59 +0800] "GET /xingrg/javascript/pic_change.js HTTP/1.1" 200 4739
180.171.124.178 - - [10/May/2020:09:09:59 +0800] "GET /xingrg/javascript/ToolTips.js HTTP/1.1" 200 5615
180.171.124.178 - - [10/May/2020:09:09:59 +0800] "GET /xingrg/javascript/jquery_ui/jquery-ui.min.js HTTP/1.1" 200 186181
180.171.124.178 - - [10/May/2020:09:09:59 +0800] "GET /xingrg/css/blue.css HTTP/1.1" 200 15949
180.171.124.178 - - [10/May/2020:09:09:59 +0800] "GET /xingrg/javascript/myfunction.js HTTP/1.1" 200 24559
180.171.124.178 - - [10/May/2020:09:09:59 +0800] "GET /xingrg/javascript/jquery_ui/themes/humanity/humanity.css HTTP/1.1" 200 27801
124.77.110.230 - - [10/May/2020:09:09:59 +0800] "POST /xingrg/all/common/load_tree.html?tree=supplier_tree_json&isDelete=1 HTTP/1.1" 200 47865
180.171.124.178 - - [10/May/2020:09:09:59 +0800] "GET /xingrg/images/blue/pic_form2.gif HTTP/1.1" 200 1853
180.171.124.178 - - [10/May/2020:09:09:59 +0800] "GET /xingrg/images/blue/button/cgydd.gif HTTP/1.1" 200 2712
180.171.124.178 - - [10/May/2020:09:09:59 +0800] "GET /xingrg/images/blue/button/cgshd.gif HTTP/1.1" 200 2618
180.171.124.178 - - [10/May/2020:09:09:59 +0800] "GET /xingrg/images/blue/button/kc.gif HTTP/1.1" 200 2160
180.171.124.178 - - [10/May/2020:09:09:59 +0800] "GET /xingrg/images/blue/button/cgxqd.gif HTTP/1.1" 200 2619
180.171.124.178 - - [10/May/2020:09:09:59 +0800] "GET /xingrg/images/blue/button/cgfkd.gif HTTP/1.1" 200 2075
180.171.124.178 - - [10/May/2020:09:09:59 +0800] "GET /xingrg/images/blue/button/ckthd.gif HTTP/1.1" 200 2045
180.171.124.178 - - [10/May/2020:09:09:59 +0800] "GET /xingrg/javascript/jquery_ui/themes/humanity/images/ui-bg_inset-soft_100_f4f0ec_1x100.png HTTP/1.1" 200 141
180.171.124.178 - - [10/May/2020:09:09:59 +0800] "GET /xingrg/images/blue/bg_dotted.jpg HTTP/1.1" 200 319
180.171.124.178 - - [10/May/2020:09:09:59 +0800] "GET /xingrg/images/blue/button/right_ah.jpg HTTP/1.1" 200 1744
180.171.124.178 - - [10/May/2020:09:09:59 +0800] "GET /xingrg/images/blue/button/down_ah.jpg HTTP/1.1" 200 1732
180.171.124.178 - - [10/May/2020:09:09:59 +0800] "GET /xingrg/javascript/jquery_ui/themes/humanity/images/ui-iconsnew.jpg HTTP/1.1" 200 337
180.171.124.178 - - [10/May/2020:09:09:59 +0800] "GET /xingrg/javascript/jquery_ui/themes/humanity/images/ui-icons_ffffff_256x240.png HTTP/1.1" 200 4369
180.171.124.178 - - [10/May/2020:09:09:59 +0800] "GET /xingrg/javascript/jquery_ui/themes/humanity/images/ui-icons_c47a23_256x240.png HTTP/1.1" 200 5355
180.171.124.178 - - [10/May/2020:09:09:59 +0800] "GET /xingrg/javascript/jquery_ui/themes/humanity/images/ui-bg_glass_70_ede4d4_1x400.png HTTP/1.1" 200 161
180.171.124.178 - - [10/May/2020:09:09:59 +0800] "GET /xingrg/images/yd/bt.gif HTTP/1.1" 404 1040
180.171.124.178 - - [10/May/2020:09:10:00 +0800] "GET /xingrg/css/base.css HTTP/1.1" 200 2811
180.171.124.178 - - [10/May/2020:09:10:00 +0800] "GET /xingrg/css/site.css HTTP/1.1" 200 7541
180.171.124.178 - - [10/May/2020:09:10:00 +0800] "GET /xingrg/javascript/jquery_tools/datebox.css HTTP/1.1" 200 2597
180.171.124.178 - - [10/May/2020:09:10:00 +0800] "GET /xingrg/javascript/auto/jquery.autocomplete.css HTTP/1.1" 200 587
180.171.124.178 - - [10/May/2020:09:10:00 +0800] "GET /xingrg/javascript/easyui/themes/icon.css HTTP/1.1" 200 4483
180.171.124.178 - - [10/May/2020:09:10:00 +0800] "GET /xingrg/javascript/jquery_tools/fix.css HTTP/1.1" 200 1702
180.171.124.178 - - [10/May/2020:09:10:00 +0800] "GET /xingrg/javascript/jquery_tools/jquery.tools.min.js HTTP/1.1" 200 138801
180.171.124.178 - - [10/May/2020:09:10:00 +0800] "GET /xingrg/javascript/jquery_tools/jquery.tools.hotkey.js HTTP/1.1" 200 3242
180.171.124.178 - - [10/May/2020:09:10:00 +0800] "GET /xingrg/kc/buy/cgsh_order_list.html HTTP/1.1" 200 42709
180.171.124.178 - - [10/May/2020:09:10:00 +0800] "GET /xingrg/javascript/jquery_tools/table.css HTTP/1.1" 200 1032
180.171.124.178 - - [10/May/2020:09:10:00 +0800] "GET /xingrg/javascript/jquery_tools/jquery.tools.table.js HTTP/1.1" 200 6994
180.171.124.178 - - [10/May/2020:09:10:00 +0800] "GET /xingrg/javascript/easyui/themes/default/easyui.css HTTP/1.1" 200 30432
180.171.124.178 - - [10/May/2020:09:10:00 +0800] "GET /xingrg/javascript/jquery_tools/jquery.tools.extend.js HTTP/1.1" 200 15385
180.171.124.178 - - [10/May/2020:09:10:00 +0800] "GET /xingrg/javascript/jquery_tools/list_manager.js HTTP/1.1" 200 3652
180.171.124.178 - - [10/May/2020:09:10:00 +0800] "GET /xingrg/javascript/easyui/easyloader.js HTTP/1.1" 200 5975
180.171.124.178 - - [10/May/2020:09:10:00 +0800] "GET /xingrg/javascript/auto/jquery.autocomplete.js HTTP/1.1" 200 21624
180.171.124.178 - - [10/May/2020:09:10:00 +0800] "GET /xingrg/javascript/jquery.cookie.js HTTP/1.1" 200 5513
180.171.124.178 - - [10/May/2020:09:10:00 +0800] "GET /xingrg/javascript/print/LodopFuncs.js HTTP/1.1" 200 5121
117.184.7.30 - - [10/May/2020:09:10:02 +0800] "GET /xingrg/all/function/internal_message.html?_=1589073001974&CODE_STATE=getMsg HTTP/1.1" 200 27
180.171.124.178 - - [10/May/2020:09:10:02 +0800] "GET /xingrg/javascript/easyui/themes/icons/edit_add_new.png HTTP/1.1" 200 2997
180.171.124.178 - - [10/May/2020:09:10:02 +0800] "GET /xingrg/javascript/easyui/themes/icons/cance_new.png HTTP/1.1" 200 3986
180.171.124.178 - - [10/May/2020:09:10:02 +0800] "GET /xingrg/javascript/easyui/themes/icons/check_new.png HTTP/1.1" 200 3224
180.171.124.178 - - [10/May/2020:09:10:02 +0800] "GET /xingrg/javascript/easyui/themes/icons/field_new.png HTTP/1.1" 200 1097
180.171.124.178 - - [10/May/2020:09:10:02 +0800] "GET /xingrg/javascript/easyui/themes/icons/import_new.png HTTP/1.1" 200 1247
180.171.124.178 - - [10/May/2020:09:10:02 +0800] "GET /xingrg/javascript/jquery_easy_ui/themes/icons/rest.png HTTP/1.1" 200 695
180.171.124.178 - - [10/May/2020:09:10:02 +0800] "GET /xingrg/javascript/jquery_easy_ui/themes/icons/area.png HTTP/1.1" 200 262
180.171.124.178 - - [10/May/2020:09:10:02 +0800] "GET /xingrg/javascript/easyui/plugins/jquery.parser.js HTTP/1.1" 200 1142
180.171.124.178 - - [10/May/2020:09:10:02 +0800] "GET /xingrg/images/control/ajaxLoader.gif HTTP/1.1" 200 4659
180.171.124.178 - - [10/May/2020:09:10:02 +0800] "POST /xingrg/kc/buy/cgsh_list_operate.html HTTP/1.1" 200 876
222.69.138.7 - - [10/May/2020:09:10:04 +0800] "GET /xingrg/all/function/internal_message.html?_=1589073004085&CODE_STATE=getMsg HTTP/1.1" 200 27
117.185.32.26 - - [10/May/2020:09:10:04 +0800] "GET /xingrg/all/function/internal_message.html?_=1589073426847&CODE_STATE=getMsg HTTP/1.1" 200 27
117.185.32.26 - - [10/May/2020:09:10:04 +0800] "GET /xingrg/check_reg.html?_=1589073426851 HTTP/1.1" 200 22
124.77.110.230 - - [10/May/2020:09:10:08 +0800] "GET /xingrg/all/function/internal_message.html?_=1589073008385&CODE_STATE=getMsg HTTP/1.1" 200 27
124.77.110.230 - - [10/May/2020:09:10:11 +0800] "GET /xingrg/kc/buy/cgsh_order_operate.html?command=get_materiel&rest_code=00107&code=00101007049&supplier_code=00100002&order_time=2020-05-10 HTTP/1.1" 200 409
222.69.138.7 - - [10/May/2020:09:10:12 +0800] "GET /xingrg/kc/buy/cgsh_order_list.html HTTP/1.1" 200 42715
180.171.124.178 - - [10/May/2020:09:10:14 +0800] "GET /xingrg/javascript/easyui/themes/default/images/button_plain_hover.png HTTP/1.1" 200 144
180.171.124.178 - - [10/May/2020:09:10:15 +0800] "GET /xingrg/kc/buy/cgsh_order_add.html HTTP/1.1" 200 58447
180.171.124.178 - - [10/May/2020:09:10:15 +0800] "GET /xingrg/javascript/convert.js HTTP/1.1" 200 1239
180.171.124.178 - - [10/May/2020:09:10:15 +0800] "GET /xingrg/javascript/json2.js HTTP/1.1" 200 11259
180.171.124.178 - - [10/May/2020:09:10:15 +0800] "GET /xingrg/javascript/print/kc_print.js HTTP/1.1" 200 11415
180.171.124.178 - - [10/May/2020:09:10:15 +0800] "GET /xingrg/javascript/jquery_tools/order_manager.js HTTP/1.1" 200 11183
222.69.138.7 - - [10/May/2020:09:10:15 +0800] "POST /xingrg/kc/buy/cgsh_list_operate.html HTTP/1.1" 200 1690
180.171.124.178 - - [10/May/2020:09:10:15 +0800] "GET /xingrg/words/20200509191820_words.js HTTP/1.1" 200 726561
180.171.124.178 - - [10/May/2020:09:10:15 +0800] "GET /xingrg/javascript/easyui/themes/icons/copy_new.png HTTP/1.1" 200 815
180.171.124.178 - - [10/May/2020:09:10:15 +0800] "GET /xingrg/javascript/easyui/themes/icons/template_new.png HTTP/1.1" 200 3956
180.171.124.178 - - [10/May/2020:09:10:15 +0800] "GET /xingrg/javascript/easyui/themes/icons/ok.png HTTP/1.1" 200 883
180.171.124.178 - - [10/May/2020:09:10:15 +0800] "GET /xingrg/javascript/easyui/themes/icons/print.png HTTP/1.1" 200 1057
180.171.124.178 - - [10/May/2020:09:10:15 +0800] "GET /xingrg/javascript/easyui/themes/default/images/menu_downarrow.png HTTP/1.1" 200 173
180.171.124.178 - - [10/May/2020:09:10:15 +0800] "GET /xingrg/javascript/easyui/themes/icons/cancel.png HTTP/1.1" 200 1133
120.253.135.82 - - [10/May/2020:09:10:15 +0800] "POST /xingrg/kc/base/stock_operate.html HTTP/1.1" 200 1457
117.185.32.26 - - [10/May/2020:09:10:15 +0800] "GET /xingrg/kc/buy/cgsh_order_operate.html?command=get_materiel&rest_code=00106&code=00101008182&supplier_code=00100007&order_time=2020-05-10 HTTP/1.1" 200 412
180.171.124.178 - - [10/May/2020:09:10:16 +0800] "POST /xingrg/kc/buy/cgsh_order_operate.html HTTP/1.1" 200 8245
180.171.124.178 - - [10/May/2020:09:10:16 +0800] "GET /xingrg/javascript/easyui/themes/icons/edit_remove.png HTTP/1.1" 200 625
180.171.124.178 - - [10/May/2020:09:10:16 +0800] "GET /xingrg/all/common/auto_word.html?type=employee&rest_code=00111 HTTP/1.1" 200 205
180.171.124.178 - - [10/May/2020:09:10:16 +0800] "GET /xingrg/all/common/auto_word.html?type=employee&rest_code=00111 HTTP/1.1" 200 205
180.171.124.178 - - [10/May/2020:09:10:16 +0800] "GET /xingrg/javascript/easyui/themes/default/validatebox.css HTTP/1.1" 404 1104
180.171.124.178 - - [10/May/2020:09:10:16 +0800] "GET /xingrg/javascript/easyui/plugins/jquery.validatebox.js HTTP/1.1" 200 6103
180.171.124.178 - - [10/May/2020:09:10:16 +0800] "GET /xingrg/javascript/easyui/plugins/jquery.numberbox.js HTTP/1.1" 200 5213
222.69.138.7 - - [10/May/2020:09:10:17 +0800] "GET /xingrg/kc/buy/cgsh_order_add.html HTTP/1.1" 200 58453
222.69.138.7 - - [10/May/2020:09:10:17 +0800] "GET /xingrg/words/20200509191820_words.js HTTP/1.1" 200 726561
222.69.138.7 - - [10/May/2020:09:10:17 +0800] "POST /xingrg/kc/buy/cgsh_order_operate.html HTTP/1.1" 200 8245
222.69.138.7 - - [10/May/2020:09:10:17 +0800] "GET /xingrg/all/common/auto_word.html?type=employee&rest_code=00149 HTTP/1.1" 200 197
222.69.138.7 - - [10/May/2020:09:10:17 +0800] "GET /xingrg/all/common/auto_word.html?type=employee&rest_code=00149 HTTP/1.1" 200 197
222.69.138.7 - - [10/May/2020:09:10:17 +0800] "GET /xingrg/javascript/easyui/themes/default/validatebox.css HTTP/1.1" 404 1104
180.175.212.199 - - [10/May/2020:09:10:18 +0800] "GET /xingrg/all/function/internal_message.html?_=1589073213576&CODE_STATE=getMsg HTTP/1.1" 200 27
120.253.135.82 - - [10/May/2020:09:10:22 +0800] "GET /xingrg/check_reg.html?_=1589072776383 HTTP/1.1" 200 22
120.253.135.82 - - [10/May/2020:09:10:22 +0800] "GET /xingrg/all/function/internal_message.html?_=1589072776535&CODE_STATE=getMsg HTTP/1.1" 200 27
180.171.124.178 - - [10/May/2020:09:10:22 +0800] "GET /xingrg/javascript/auto/indicator.gif HTTP/1.1" 404 1066
124.77.110.230 - - [10/May/2020:09:10:24 +0800] "GET /xingrg/kc/buy/cgsh_order_operate.html?command=get_materiel&rest_code=00107&code=00101007048&supplier_code=00100002&order_time=2020-05-10 HTTP/1.1" 200 408
117.185.32.26 - - [10/May/2020:09:10:24 +0800] "GET /xingrg/kc/buy/cgsh_order_operate.html?command=get_materiel&rest_code=00106&code=00101008323&supplier_code=00100007&order_time=2020-05-10 HTTP/1.1" 200 408
117.185.32.26 - - [10/May/2020:09:10:27 +0800] "POST /xingrg/kc/buy/cgsh_order_operate.html HTTP/1.1" 200 2065
180.162.232.172 - - [10/May/2020:09:10:29 +0800] "GET /xingrg/all/function/internal_message.html?_=1589073158021&CODE_STATE=getMsg HTTP/1.1" 200 27
180.171.124.178 - - [10/May/2020:09:10:31 +0800] "GET /xingrg/javascript/jquery_easy_ui/themes/default/images/tabs_active.png HTTP/1.1" 200 2894
180.156.150.85 - - [10/May/2020:09:10:41 +0800] "GET /xingrg/all/function/internal_message.html?_=1589073045607&CODE_STATE=getMsg HTTP/1.1" 200 27
120.253.135.82 - - [10/May/2020:09:10:44 +0800] "POST /xingrg/kc/base/stock_operate.html HTTP/1.1" 200 1457
180.171.124.178 - - [10/May/2020:09:10:44 +0800] "GET /xingrg/javascript/jquery_tools/images/prev.gif HTTP/1.1" 404 1086
180.171.124.178 - - [10/May/2020:09:10:44 +0800] "GET /xingrg/javascript/jquery_tools/images/next.gif HTTP/1.1" 404 1086
180.162.232.172 - - [10/May/2020:09:10:45 +0800] "GET /xingrg/all/function/internal_message.html?_=1589073047160&CODE_STATE=getMsg HTTP/1.1" 200 27
124.77.110.230 - - [10/May/2020:09:10:45 +0800] "GET /xingrg/kc/buy/cgsh_order_operate.html?command=get_materiel&rest_code=00107&code=00101007059&supplier_code=00100002&order_time=2020-05-10 HTTP/1.1" 200 409
114.84.33.255 - - [10/May/2020:09:10:49 +0800] "GET /xingrg/all/function/internal_message.html?_=1589073050937&CODE_STATE=getMsg HTTP/1.1" 200 27
172.17.0.185 - - [10/May/2020:09:10:49 +0800] "GET /xingrg/all/function/internal_message.html?_=1589073048943&CODE_STATE=getMsg HTTP/1.1" 200 27
180.171.124.178 - - [10/May/2020:09:10:51 +0800] "GET /xingrg/kc/buy/cgsh_order_operate.html?command=get_materiel&rest_code=00111&code=00101002022&supplier_code=00100199&order_time=2020-05-10 HTTP/1.1" 200 409
117.185.32.26 - - [10/May/2020:09:10:52 +0800] "GET /xingrg/kc/buy/cgsh_order_operate.html?command=get_materiel&rest_code=00106&code=00101008095&supplier_code=00100007&order_time=2020-05-10 HTTP/1.1" 200 412
114.84.151.157 - - [10/May/2020:09:10:56 +0800] "GET /xingrg/all/function/internal_message.html?_=1589073056096&CODE_STATE=getMsg HTTP/1.1" 200 27
124.77.110.230 - - [10/May/2020:09:10:56 +0800] "GET /xingrg/kc/buy/cgsh_order_operate.html?command=get_materiel&rest_code=00107&code=00101007017&supplier_code=00100002&order_time=2020-05-10 HTTP/1.1" 200 408
180.171.124.178 - - [10/May/2020:09:10:56 +0800] "GET /xingrg/all/function/internal_message.html?_=1589073054822&CODE_STATE=getMsg HTTP/1.1" 200 27
117.184.7.30 - - [10/May/2020:09:11:00 +0800] "GET /xingrg/check_reg.html?_=1589073060444 HTTP/1.1" 200 22
117.184.7.30 - - [10/May/2020:09:11:02 +0800] "GET /xingrg/all/function/internal_message.html?_=1589073061948&CODE_STATE=getMsg HTTP/1.1" 200 27
180.171.124.178 - - [10/May/2020:09:11:02 +0800] "GET /xingrg/kc/buy/cgsh_order_operate.html?command=get_materiel&rest_code=00111&code=00101002027&supplier_code=00100199&order_time=2020-05-10 HTTP/1.1" 200 413
117.185.32.26 - - [10/May/2020:09:11:04 +0800] "GET /xingrg/kc/buy/cgsh_order_operate.html?command=get_materiel&rest_code=00106&code=00101008236&supplier_code=00100007&order_time=2020-05-10 HTTP/1.1" 200 416
222.69.138.7 - - [10/May/2020:09:11:04 +0800] "GET /xingrg/all/function/internal_message.html?_=1589073064092&CODE_STATE=getMsg HTTP/1.1" 200 27
222.69.138.7 - - [10/May/2020:09:11:04 +0800] "GET /xingrg/check_reg.html?_=1589073064103 HTTP/1.1" 200 22
117.185.32.26 - - [10/May/2020:09:11:04 +0800] "GET /xingrg/all/function/internal_message.html?_=1589073486843&CODE_STATE=getMsg HTTP/1.1" 200 27
124.77.110.230 - - [10/May/2020:09:11:08 +0800] "GET /xingrg/check_reg.html?_=1589073068365 HTTP/1.1" 200 22
124.77.110.230 - - [10/May/2020:09:11:08 +0800] "GET /xingrg/all/function/internal_message.html?_=1589073068369&CODE_STATE=getMsg HTTP/1.1" 200 27
117.185.32.26 - - [10/May/2020:09:11:15 +0800] "GET /xingrg/kc/buy/cgsh_order_operate.html?command=get_materiel&rest_code=00106&code=00101008350&supplier_code=00100007&order_time=2020-05-10 HTTP/1.1" 200 408
180.175.212.199 - - [10/May/2020:09:11:18 +0800] "GET /xingrg/all/function/internal_message.html?_=1589073273600&CODE_STATE=getMsg HTTP/1.1" 200 27
120.253.135.82 - - [10/May/2020:09:11:22 +0800] "GET /xingrg/all/function/internal_message.html?_=1589072836549&CODE_STATE=getMsg HTTP/1.1" 200 27
124.77.110.230 - - [10/May/2020:09:11:24 +0800] "GET /xingrg/kc/buy/cgsh_order_operate.html?command=get_materiel&rest_code=00107&code=00101007075&supplier_code=00100002&order_time=2020-05-10 HTTP/1.1" 200 408
180.171.124.178 - - [10/May/2020:09:11:24 +0800] "GET /xingrg/kc/buy/cgsh_order_operate.html?command=get_materiel&rest_code=00111&code=00101002006&supplier_code=00100199&order_time=2020-05-10 HTTP/1.1" 200 414
180.162.232.172 - - [10/May/2020:09:11:29 +0800] "GET /xingrg/all/function/internal_message.html?_=1589073218049&CODE_STATE=getMsg HTTP/1.1" 200 27
117.185.32.26 - - [10/May/2020:09:11:38 +0800] "POST /xingrg/kc/buy/cgsh_order_operate.html HTTP/1.1" 200 2065
180.156.150.85 - - [10/May/2020:09:11:41 +0800] "GET /xingrg/all/function/internal_message.html?_=1589073105668&CODE_STATE=getMsg HTTP/1.1" 200 27
180.156.150.85 - - [10/May/2020:09:11:42 +0800] "GET /xingrg/kc/buy/cgsh_order_add.html HTTP/1.1" 200 58447
180.156.150.85 - - [10/May/2020:09:11:43 +0800] "GET /xingrg/javascript/easyui/themes/default/validatebox.css HTTP/1.1" 404 1104
180.156.150.85 - - [10/May/2020:09:11:43 +0800] "POST /xingrg/kc/buy/cgsh_order_operate.html HTTP/1.1" 200 8245
180.162.232.172 - - [10/May/2020:09:11:45 +0800] "GET /xingrg/all/function/internal_message.html?_=1589073107155&CODE_STATE=getMsg HTTP/1.1" 200 27
114.84.33.255 - - [10/May/2020:09:11:49 +0800] "GET /xingrg/all/function/internal_message.html?_=1589073110952&CODE_STATE=getMsg HTTP/1.1" 200 27
172.17.0.185 - - [10/May/2020:09:11:49 +0800] "GET /xingrg/all/function/internal_message.html?_=1589073108932&CODE_STATE=getMsg HTTP/1.1" 200 27
117.185.32.26 - - [10/May/2020:09:11:53 +0800] "GET /xingrg/kc/buy/cgsh_order_operate.html?command=get_materiel&rest_code=00106&code=00101008331&supplier_code=00100007&order_time=2020-05-10 HTTP/1.1" 200 416
114.84.151.157 - - [10/May/2020:09:11:56 +0800] "GET /xingrg/all/function/internal_message.html?_=1589073116094&CODE_STATE=getMsg HTTP/1.1" 200 27
180.171.124.178 - - [10/May/2020:09:11:56 +0800] "GET /xingrg/all/function/internal_message.html?_=1589073114835&CODE_STATE=getMsg HTTP/1.1" 200 27
114.84.33.255 - - [10/May/2020:09:11:56 +0800] "GET /xingrg/javascript/easyui/themes/default/images/button_plain_hover.png HTTP/1.1" 304 -
180.175.212.199 - - [10/May/2020:09:11:57 +0800] "GET /xingrg/kc/buy/cgsh_order_list.html HTTP/1.1" 200 42709
180.175.212.199 - - [10/May/2020:09:11:57 +0800] "POST /xingrg/kc/buy/cgsh_list_operate.html HTTP/1.1" 200 876
114.84.33.255 - - [10/May/2020:09:11:57 +0800] "GET /xingrg/check_reg.html?_=1589073119121 HTTP/1.1" 200 22
180.175.212.199 - - [10/May/2020:09:11:58 +0800] "GET /xingrg/javascript/easyui/themes/default/images/button_plain_hover.png HTTP/1.1" 200 144
180.175.212.199 - - [10/May/2020:09:11:58 +0800] "GET /xingrg/javascript/easyui/themes/default/images/button_plain_hover.png HTTP/1.1" 200 144
180.175.212.199 - - [10/May/2020:09:11:58 +0800] "GET /xingrg/kc/buy/cgsh_order_add.html HTTP/1.1" 200 58359
180.175.212.199 - - [10/May/2020:09:11:58 +0800] "GET /xingrg/javascript/easyui/themes/icons/template_new.png HTTP/1.1" 200 3956
180.175.212.199 - - [10/May/2020:09:11:58 +0800] "GET /xingrg/javascript/easyui/themes/icons/ok.png HTTP/1.1" 200 883
180.175.212.199 - - [10/May/2020:09:11:59 +0800] "POST /xingrg/kc/buy/cgsh_order_operate.html HTTP/1.1" 200 8245
180.175.212.199 - - [10/May/2020:09:11:59 +0800] "GET /xingrg/all/common/auto_word.html?type=employee&rest_code=00102 HTTP/1.1" 200 189
180.175.212.199 - - [10/May/2020:09:11:59 +0800] "GET /xingrg/all/common/auto_word.html?type=employee&rest_code=00102 HTTP/1.1" 200 189
180.175.212.199 - - [10/May/2020:09:11:59 +0800] "GET /xingrg/javascript/easyui/themes/default/validatebox.css HTTP/1.1" 404 1104
117.184.7.30 - - [10/May/2020:09:12:02 +0800] "GET /xingrg/all/function/internal_message.html?_=1589073121920&CODE_STATE=getMsg HTTP/1.1" 200 27
222.69.138.7 - - [10/May/2020:09:12:04 +0800] "GET /xingrg/all/function/internal_message.html?_=1589073124087&CODE_STATE=getMsg HTTP/1.1" 200 27
117.185.32.26 - - [10/May/2020:09:12:04 +0800] "GET /xingrg/all/function/internal_message.html?_=1589073546848&CODE_STATE=getMsg HTTP/1.1" 200 27
117.185.32.26 - - [10/May/2020:09:12:05 +0800] "GET /xingrg/kc/buy/cgsh_order_operate.html?command=get_materiel&rest_code=00106&code=00101008298&supplier_code=00100007&order_time=2020-05-10 HTTP/1.1" 200 431
180.171.124.178 - - [10/May/2020:09:12:08 +0800] "POST /xingrg/kc/buy/cgsh_order_operate.html HTTP/1.1" 200 37
124.77.110.230 - - [10/May/2020:09:12:08 +0800] "GET /xingrg/all/function/internal_message.html?_=1589073128370&CODE_STATE=getMsg HTTP/1.1" 200 27
180.171.124.178 - - [10/May/2020:09:12:09 +0800] "POST /xingrg/kc/buy/cgsh_order_operate.html HTTP/1.1" 200 4434
114.84.33.255 - - [10/May/2020:09:12:11 +0800] "GET /xingrg/login.html HTTP/1.1" 200 7641
114.84.33.255 - - [10/May/2020:09:12:11 +0800] "GET /xingrg/images/blue/jxLogo.png HTTP/1.1" 304 -
114.84.33.255 - - [10/May/2020:09:12:11 +0800] "GET /xingrg/images/blue/login_bg.png HTTP/1.1" 304 -
114.84.33.255 - - [10/May/2020:09:12:11 +0800] "GET /xingrg/images/blue/hj.png HTTP/1.1" 304 -
114.84.33.255 - - [10/May/2020:09:12:11 +0800] "GET /xingrg/images/blue/srbg.png HTTP/1.1" 304 -
114.84.33.255 - - [10/May/2020:09:12:11 +0800] "GET /favicon.ico HTTP/1.1" 404 -
180.171.124.178 - - [10/May/2020:09:12:14 +0800] "GET /xingrg/kc/print/load_config.html?kc_code=cgsh HTTP/1.1" 200 1845
180.171.124.178 - - [10/May/2020:09:12:14 +0800] "GET /xingrg/kc/print/load_data.html?order_code=212020051003143&kc_code=cgsh&condition= HTTP/1.1" 200 1353
180.175.212.199 - - [10/May/2020:09:12:16 +0800] "GET /xingrg/javascript/auto/indicator.gif HTTP/1.1" 404 1066
180.175.212.199 - - [10/May/2020:09:12:18 +0800] "GET /xingrg/all/function/internal_message.html?_=1589073333684&CODE_STATE=getMsg HTTP/1.1" 200 27
114.84.33.255 - - [10/May/2020:09:12:21 +0800] "POST /xingrg/login.do HTTP/1.1" 200 2421
114.84.33.255 - - [10/May/2020:09:12:21 +0800] "GET /xingrg/css/blue.css HTTP/1.1" 304 -
114.84.33.255 - - [10/May/2020:09:12:21 +0800] "GET /xingrg/javascript/myfunction.js HTTP/1.1" 304 -
114.84.33.255 - - [10/May/2020:09:12:21 +0800] "GET /xingrg/images/blue/pic_top.gif HTTP/1.1" 304 -
114.84.33.255 - - [10/May/2020:09:12:21 +0800] "GET /xingrg/images/blue/pic_notice.jpg HTTP/1.1" 304 -
114.84.33.255 - - [10/May/2020:09:12:21 +0800] "GET /xingrg/images/blue/error_top.gif HTTP/1.1" 304 -
114.84.33.255 - - [10/May/2020:09:12:21 +0800] "GET /xingrg/images/blue/error_mid.gif HTTP/1.1" 304 -
114.84.33.255 - - [10/May/2020:09:12:21 +0800] "GET /xingrg/images/blue/error_buttom.gif HTTP/1.1" 304 -
114.84.33.255 - - [10/May/2020:09:12:21 +0800] "GET /favicon.ico HTTP/1.1" 404 -
120.253.135.82 - - [10/May/2020:09:12:22 +0800] "GET /xingrg/all/function/internal_message.html?_=1589072896562&CODE_STATE=getMsg HTTP/1.1" 200 27
124.77.110.230 - - [10/May/2020:09:12:24 +0800] "POST /xingrg/kc/buy/cgsh_order_operate.html HTTP/1.1" 200 37
114.84.33.255 - - [10/May/2020:09:12:25 +0800] "GET /favicon.ico HTTP/1.1" 404 -
124.77.110.230 - - [10/May/2020:09:12:25 +0800] "POST /xingrg/kc/buy/cgsh_order_operate.html HTTP/1.1" 200 6188
124.77.110.230 - - [10/May/2020:09:12:28 +0800] "GET /xingrg/kc/print/load_data.html?order_code=212020051003144&kc_code=cgsh&condition= HTTP/1.1" 200 2075
180.162.232.172 - - [10/May/2020:09:12:29 +0800] "GET /xingrg/all/function/internal_message.html?_=1589073278049&CODE_STATE=getMsg HTTP/1.1" 200 27
124.77.110.230 - - [10/May/2020:09:12:33 +0800] "GET /xingrg/kc/buy/cgsh_order_add.html HTTP/1.1" 200 58494
124.77.110.230 - - [10/May/2020:09:12:35 +0800] "GET /xingrg/javascript/easyui/themes/default/validatebox.css HTTP/1.1" 404 1104
124.77.110.230 - - [10/May/2020:09:12:35 +0800] "POST /xingrg/kc/buy/cgsh_order_operate.html HTTP/1.1" 200 8245
180.175.212.199 - - [10/May/2020:09:12:36 +0800] "GET /xingrg/kc/buy/cgsh_order_operate.html?command=get_materiel&rest_code=00102&code=00101009010&supplier_code=00100096&order_time=2020-05-10 HTTP/1.1" 200 412
124.77.110.230 - - [10/May/2020:09:12:36 +0800] "GET /xingrg/javascript/easyui/themes/default/tree.css HTTP/1.1" 404 1090
124.77.110.230 - - [10/May/2020:09:12:36 +0800] "POST /xingrg/all/common/load_tree.html?tree=supplier_tree_json&isDelete=1 HTTP/1.1" 200 47865
114.84.33.255 - - [10/May/2020:09:12:39 +0800] "POST /xingrg/login.do HTTP/1.1" 302 -
117.185.32.26 - - [10/May/2020:09:12:39 +0800] "POST /xingrg/kc/buy/cgsh_order_operate.html HTTP/1.1" 200 37
114.84.33.255 - - [10/May/2020:09:12:39 +0800] "GET /xingrg/css/form.css HTTP/1.1" 304 -
114.84.33.255 - - [10/May/2020:09:12:39 +0800] "GET /xingrg/javascript/jquery_easy_ui/themes/default/easyui.css HTTP/1.1" 304 -
114.84.33.255 - - [10/May/2020:09:12:39 +0800] "GET /xingrg/javascript/jquery_easy_ui/themes/icon.css HTTP/1.1" 304 -
114.84.33.255 - - [10/May/2020:09:12:39 +0800] "GET /xingrg/javascript/jquery-1.4.2.min.js HTTP/1.1" 304 -
114.84.33.255 - - [10/May/2020:09:12:39 +0800] "GET /xingrg/javascript/jquery.form.js HTTP/1.1" 304 -
114.84.33.255 - - [10/May/2020:09:12:39 +0800] "GET /xingrg/javascript/jquery.utils.js HTTP/1.1" 304 -
114.84.33.255 - - [10/May/2020:09:12:39 +0800] "GET /xingrg/javascript/jquery.timers.js HTTP/1.1" 304 -
114.84.33.255 - - [10/May/2020:09:12:39 +0800] "GET /xingrg/javascript/jquery_easy_ui/jquery.easyui.min.js HTTP/1.1" 304 -
114.84.33.255 - - [10/May/2020:09:12:39 +0800] "GET /xingrg/javascript/jquery_easy_ui/easyui-lang-zh_CN.js HTTP/1.1" 304 -
114.84.33.255 - - [10/May/2020:09:12:39 +0800] "GET /xingrg/index.html?sysBaseUrl=http%3A%2F%2F180.169.147.146%3A18081%2Fxingrg%2F&costTime=46×tamp=1589073159195 HTTP/1.1" 200 17179
114.84.33.255 - - [10/May/2020:09:12:39 +0800] "GET /favicon.ico HTTP/1.1" 404 -
114.84.33.255 - - [10/May/2020:09:12:39 +0800] "GET /xingrg/images/blue/navBackgound.jpg HTTP/1.1" 304 -
114.84.33.255 - - [10/May/2020:09:12:39 +0800] "GET /xingrg/javascript/jquery_easy_ui/themes/icons/settle_new.png HTTP/1.1" 304 -
114.84.33.255 - - [10/May/2020:09:12:39 +0800] "GET /xingrg/images/blue/pingpu.png HTTP/1.1" 304 -
114.84.33.255 - - [10/May/2020:09:12:39 +0800] "POST /xingrg/all/common/load_tree.html?tree=area_rest_tree_json&manage=1 HTTP/1.1" 200 479
114.84.33.255 - - [10/May/2020:09:12:39 +0800] "GET /xingrg/javascript/jquery_easy_ui/themes/default/images/tabs_leftarrow.png HTTP/1.1" 304 -
114.84.33.255 - - [10/May/2020:09:12:39 +0800] "GET /xingrg/javascript/jquery_easy_ui/themes/default/images/tabs_rightarrow.png HTTP/1.1" 304 -
114.84.33.255 - - [10/May/2020:09:12:39 +0800] "GET /xingrg/javascript/jquery_easy_ui/themes/default/images/panel_tool_collapse.gif HTTP/1.1" 304 -
114.84.33.255 - - [10/May/2020:09:12:39 +0800] "GET /xingrg/all/function/internal_message.html?_=1589073160872&CODE_STATE=count HTTP/1.1" 200 11
114.84.33.255 - - [10/May/2020:09:12:39 +0800] "GET /xingrg/check_reg.html?_=1589073160873 HTTP/1.1" 200 22
114.84.33.255 - - [10/May/2020:09:12:39 +0800] "GET /xingrg/javascript/jquery_easy_ui/themes/default/images/tree_arrows.gif HTTP/1.1" 304 -
114.84.33.255 - - [10/May/2020:09:12:39 +0800] "POST /xingrg/load_menu.html HTTP/1.1" 200 5138
114.84.33.255 - - [10/May/2020:09:12:39 +0800] "GET /xingrg/javascript/jquery_easy_ui/themes/default/images/tree_folder_open.gif HTTP/1.1" 304 -
114.84.33.255 - - [10/May/2020:09:12:39 +0800] "GET /xingrg/javascript/jquery_easy_ui/themes/default/images/tree_folder.gif HTTP/1.1" 304 -
114.84.33.255 - - [10/May/2020:09:12:39 +0800] "GET /xingrg/javascript/jquery_easy_ui/themes/icons/search_new.png HTTP/1.1" 304 -
114.84.33.255 - - [10/May/2020:09:12:39 +0800] "GET /xingrg/javascript/jquery_easy_ui/themes/icons/storage_new.png HTTP/1.1" 304 -
114.84.33.255 - - [10/May/2020:09:12:39 +0800] "GET /xingrg/javascript/jquery_easy_ui/themes/icons/forms_new.png HTTP/1.1" 304 -
114.84.33.255 - - [10/May/2020:09:12:39 +0800] "GET /xingrg/javascript/jquery_easy_ui/themes/default/images/tree_file.gif HTTP/1.1" 304 -
117.185.32.26 - - [10/May/2020:09:12:40 +0800] "POST /xingrg/kc/buy/cgsh_order_operate.html HTTP/1.1" 200 29242
180.156.150.85 - - [10/May/2020:09:12:41 +0800] "GET /xingrg/check_reg.html?_=1589073165617 HTTP/1.1" 200 22
180.156.150.85 - - [10/May/2020:09:12:41 +0800] "GET /xingrg/all/function/internal_message.html?_=1589073165648&CODE_STATE=getMsg HTTP/1.1" 200 27
117.185.32.26 - - [10/May/2020:09:12:43 +0800] "GET /xingrg/kc/buy/cgsh_order_add.html HTTP/1.1" 200 58447
114.84.33.255 - - [10/May/2020:09:12:43 +0800] "GET /xingrg/javascript/jquery_easy_ui/themes/default/images/tabs_close.gif HTTP/1.1" 304 -
114.84.33.255 - - [10/May/2020:09:12:43 +0800] "GET /xingrg/css/base.css HTTP/1.1" 304 -
114.84.33.255 - - [10/May/2020:09:12:43 +0800] "GET /xingrg/css/site.css HTTP/1.1" 304 -
114.84.33.255 - - [10/May/2020:09:12:43 +0800] "GET /xingrg/javascript/jquery_tools/datebox.css HTTP/1.1" 304 -
114.84.33.255 - - [10/May/2020:09:12:43 +0800] "GET /xingrg/javascript/easyui/themes/default/easyui.css HTTP/1.1" 304 -
114.84.33.255 - - [10/May/2020:09:12:43 +0800] "GET /xingrg/javascript/auto/jquery.autocomplete.css HTTP/1.1" 304 -
114.84.33.255 - - [10/May/2020:09:12:43 +0800] "GET /xingrg/javascript/easyui/themes/icon.css HTTP/1.1" 304 -
114.84.33.255 - - [10/May/2020:09:12:43 +0800] "GET /xingrg/javascript/jquery_tools/jquery.tools.hotkey.js HTTP/1.1" 304 -
114.84.33.255 - - [10/May/2020:09:12:43 +0800] "GET /xingrg/javascript/jquery_tools/fix.css HTTP/1.1" 304 -
114.84.33.255 - - [10/May/2020:09:12:43 +0800] "GET /xingrg/javascript/jquery_tools/jquery.tools.extend.js HTTP/1.1" 304 -
114.84.33.255 - - [10/May/2020:09:12:43 +0800] "GET /xingrg/javascript/jquery.cookie.js HTTP/1.1" 304 -
114.84.33.255 - - [10/May/2020:09:12:43 +0800] "GET /xingrg/javascript/jquery_tools/jquery.tools.table.js HTTP/1.1" 304 -
114.84.33.255 - - [10/May/2020:09:12:43 +0800] "GET /xingrg/javascript/auto/jquery.autocomplete.js HTTP/1.1" 304 -
114.84.33.255 - - [10/May/2020:09:12:43 +0800] "GET /xingrg/javascript/jquery_tools/list_manager.js HTTP/1.1" 304 -
114.84.33.255 - - [10/May/2020:09:12:43 +0800] "GET /xingrg/javascript/jquery_tools/jquery.tools.min.js HTTP/1.1" 304 -
114.84.33.255 - - [10/May/2020:09:12:43 +0800] "GET /xingrg/javascript/easyui/easyloader.js HTTP/1.1" 304 -
114.84.33.255 - - [10/May/2020:09:12:43 +0800] "GET /xingrg/javascript/jquery_tools/table.css HTTP/1.1" 304 -
114.84.33.255 - - [10/May/2020:09:12:43 +0800] "GET /xingrg/javascript/print/LodopFuncs.js HTTP/1.1" 304 -
114.84.33.255 - - [10/May/2020:09:12:44 +0800] "GET /xingrg/kc/buy/cgsh_order_list.html HTTP/1.1" 200 42715
117.185.32.26 - - [10/May/2020:09:12:44 +0800] "POST /xingrg/kc/buy/cgsh_order_operate.html HTTP/1.1" 200 8245
117.185.32.26 - - [10/May/2020:09:12:44 +0800] "GET /xingrg/javascript/easyui/themes/default/validatebox.css HTTP/1.1" 404 1104
114.84.33.255 - - [10/May/2020:09:12:44 +0800] "GET /xingrg/javascript/easyui/themes/icons/edit_add_new.png HTTP/1.1" 304 -
114.84.33.255 - - [10/May/2020:09:12:44 +0800] "GET /xingrg/javascript/easyui/themes/icons/check_new.png HTTP/1.1" 304 -
114.84.33.255 - - [10/May/2020:09:12:44 +0800] "GET /xingrg/javascript/easyui/themes/icons/field_new.png HTTP/1.1" 304 -
114.84.33.255 - - [10/May/2020:09:12:44 +0800] "GET /xingrg/javascript/easyui/themes/icons/cance_new.png HTTP/1.1" 304 -
114.84.33.255 - - [10/May/2020:09:12:44 +0800] "GET /xingrg/javascript/easyui/themes/icons/import_new.png HTTP/1.1" 304 -
114.84.33.255 - - [10/May/2020:09:12:44 +0800] "GET /xingrg/javascript/jquery_easy_ui/themes/icons/area.png HTTP/1.1" 304 -
114.84.33.255 - - [10/May/2020:09:12:44 +0800] "GET /xingrg/javascript/jquery_easy_ui/themes/icons/rest.png HTTP/1.1" 304 -
114.84.33.255 - - [10/May/2020:09:12:44 +0800] "GET /xingrg/javascript/easyui/plugins/jquery.parser.js HTTP/1.1" 304 -
114.84.33.255 - - [10/May/2020:09:12:44 +0800] "GET /xingrg/images/control/ajaxLoader.gif HTTP/1.1" 304 -
180.162.232.172 - - [10/May/2020:09:12:45 +0800] "GET /xingrg/all/function/internal_message.html?_=1589073167155&CODE_STATE=getMsg HTTP/1.1" 200 27
117.185.32.26 - - [10/May/2020:09:12:45 +0800] "GET /xingrg/javascript/easyui/themes/default/tree.css HTTP/1.1" 404 1090
117.185.32.26 - - [10/May/2020:09:12:46 +0800] "POST /xingrg/all/common/load_tree.html?tree=supplier_tree_json&isDelete=1 HTTP/1.1" 200 47865
114.84.33.255 - - [10/May/2020:09:12:49 +0800] "GET /xingrg/all/function/internal_message.html?_=1589073171012&CODE_STATE=getMsg HTTP/1.1" 200 27
172.17.0.185 - - [10/May/2020:09:12:49 +0800] "GET /xingrg/all/function/internal_message.html?_=1589073168938&CODE_STATE=getMsg HTTP/1.1" 200 27
