117.184.7.26 - - [10/May/2020:11:01:02 +0800] "GET /xingrg/all/function/internal_message.html?_=1589079662014&CODE_STATE=getMsg HTTP/1.1" 200 27
114.84.33.255 - - [10/May/2020:11:01:02 +0800] "GET /xingrg/all/function/internal_message.html?_=1589079664118&CODE_STATE=getMsg HTTP/1.1" 200 27
114.84.33.255 - - [10/May/2020:11:01:03 +0800] "GET /xingrg/kc/buy/cgsh_order_operate.html?command=get_materiel&rest_code=00146&code=00101009056&supplier_code=00100005&order_time=2020-05-10 HTTP/1.1" 200 413
180.175.212.199 - - [10/May/2020:11:01:04 +0800] "GET /xingrg/all/function/internal_message.html?_=1589079859875&CODE_STATE=getMsg HTTP/1.1" 200 27
117.185.32.26 - - [10/May/2020:11:01:05 +0800] "GET /xingrg/all/function/internal_message.html?_=1589080087295&CODE_STATE=getMsg HTTP/1.1" 200 27
222.69.138.7 - - [10/May/2020:11:01:06 +0800] "GET /xingrg/all/function/internal_message.html?_=1589079666334&CODE_STATE=getMsg HTTP/1.1" 200 27
180.175.212.199 - - [10/May/2020:11:01:07 +0800] "GET /xingrg/kc/buy/cgsh_order_operate.html?command=get_materiel&rest_code=00102&code=00101008175&supplier_code=00100008&order_time=2020-05-10 HTTP/1.1" 200 412
114.84.33.255 - - [10/May/2020:11:01:10 +0800] "GET /xingrg/all/function/internal_message.html?_=1589079672042&CODE_STATE=getMsg HTTP/1.1" 200 27
114.84.151.157 - - [10/May/2020:11:01:12 +0800] "GET /xingrg/all/function/internal_message.html?_=1589079668834&CODE_STATE=getMsg HTTP/1.1" 200 27
180.162.232.172 - - [10/May/2020:11:01:12 +0800] "GET /xingrg/check_reg.html?_=1589079801205 HTTP/1.1" 200 22
114.84.151.157 - - [10/May/2020:11:01:13 +0800] "POST /xingrg/kc/buy/cgsh_order_operate.html HTTP/1.1" 200 37
222.70.208.105 - - [10/May/2020:11:01:14 +0800] "GET /xingrg/all/function/internal_message.html?_=1589079674000&CODE_STATE=getMsg HTTP/1.1" 200 27
58.40.7.146 - - [10/May/2020:11:01:15 +0800] "GET /xingrg/all/function/internal_message.html?_=1589079675144&CODE_STATE=getMsg HTTP/1.1" 200 27
180.162.232.172 - - [10/May/2020:11:01:15 +0800] "GET /xingrg/all/function/internal_message.html?_=1589079803837&CODE_STATE=getMsg HTTP/1.1" 200 27
114.84.151.157 - - [10/May/2020:11:01:16 +0800] "POST /xingrg/kc/buy/cgsh_order_operate.html HTTP/1.1" 200 12
117.131.5.26 - - [10/May/2020:11:01:16 +0800] "GET /xingrg/all/function/internal_message.html?_=1589080034820&CODE_STATE=getMsg HTTP/1.1" 200 27
114.84.33.255 - - [10/May/2020:11:01:17 +0800] "GET /xingrg/kc/buy/cgsh_order_operate.html?command=get_materiel&rest_code=00146&code=00101008102&supplier_code=00100005&order_time=2020-05-10 HTTP/1.1" 200 413
114.84.151.157 - - [10/May/2020:11:01:17 +0800] "GET /xingrg/kc/buy/cgsh_order_info.html?code=212020051003198 HTTP/1.1" 200 53362
120.253.135.82 - - [10/May/2020:11:01:17 +0800] "GET /xingrg/login.html HTTP/1.1" 200 7641
120.253.135.82 - - [10/May/2020:11:01:17 +0800] "GET /xingrg/images/blue/jxLogo.png HTTP/1.1" 304 -
120.253.135.82 - - [10/May/2020:11:01:17 +0800] "GET /xingrg/images/blue/login_bg.png HTTP/1.1" 304 -
120.253.135.82 - - [10/May/2020:11:01:17 +0800] "GET /xingrg/images/blue/hj.png HTTP/1.1" 304 -
120.253.135.82 - - [10/May/2020:11:01:17 +0800] "GET /xingrg/images/blue/srbg.png HTTP/1.1" 304 -
114.84.151.157 - - [10/May/2020:11:01:17 +0800] "GET /xingrg/javascript/easyui/themes/default/validatebox.css HTTP/1.1" 404 1104
120.253.135.82 - - [10/May/2020:11:01:17 +0800] "GET /favicon.ico HTTP/1.1" 404 -
114.84.151.157 - - [10/May/2020:11:01:18 +0800] "POST /xingrg/kc/buy/cgsh_order_operate.html HTTP/1.1" 200 1199
114.84.151.157 - - [10/May/2020:11:01:19 +0800] "GET /xingrg/kc/print/load_data.html?order_code=212020051003198&kc_code=cgsh&condition= HTTP/1.1" 200 940
124.77.110.230 - - [10/May/2020:11:01:20 +0800] "POST /xingrg/kc/buy/cgsh_list_operate.html HTTP/1.1" 200 4723
120.253.135.82 - - [10/May/2020:11:01:20 +0800] "POST /xingrg/login.do HTTP/1.1" 302 -
120.253.135.82 - - [10/May/2020:11:01:20 +0800] "GET /xingrg/javascript/jquery_easy_ui/themes/default/easyui.css HTTP/1.1" 304 -
120.253.135.82 - - [10/May/2020:11:01:20 +0800] "GET /xingrg/javascript/jquery_easy_ui/themes/icon.css HTTP/1.1" 304 -
120.253.135.82 - - [10/May/2020:11:01:20 +0800] "GET /xingrg/index.html?sysBaseUrl=http%3A%2F%2F180.169.147.146%3A18081%2Fxingrg%2F&costTime=96×tamp=1589079680852 HTTP/1.1" 200 17503
120.253.135.82 - - [10/May/2020:11:01:20 +0800] "GET /xingrg/javascript/jquery_easy_ui/jquery.easyui.min.js HTTP/1.1" 304 -
120.253.135.82 - - [10/May/2020:11:01:20 +0800] "GET /xingrg/css/form.css HTTP/1.1" 304 -
120.253.135.82 - - [10/May/2020:11:01:20 +0800] "GET /xingrg/javascript/jquery.timers.js HTTP/1.1" 304 -
120.253.135.82 - - [10/May/2020:11:01:20 +0800] "GET /xingrg/javascript/jquery-1.4.2.min.js HTTP/1.1" 304 -
120.253.135.82 - - [10/May/2020:11:01:20 +0800] "GET /xingrg/javascript/jquery.utils.js HTTP/1.1" 304 -
120.253.135.82 - - [10/May/2020:11:01:20 +0800] "GET /xingrg/javascript/jquery.form.js HTTP/1.1" 304 -
120.253.135.82 - - [10/May/2020:11:01:20 +0800] "GET /xingrg/javascript/jquery_easy_ui/easyui-lang-zh_CN.js HTTP/1.1" 304 -
120.253.135.82 - - [10/May/2020:11:01:20 +0800] "GET /xingrg/images/blue/navBackgound.jpg HTTP/1.1" 304 -
120.253.135.82 - - [10/May/2020:11:01:20 +0800] "GET /xingrg/javascript/jquery_easy_ui/themes/icons/settle_new.png HTTP/1.1" 304 -
120.253.135.82 - - [10/May/2020:11:01:21 +0800] "GET /xingrg/images/blue/pingpu.png HTTP/1.1" 304 -
120.253.135.82 - - [10/May/2020:11:01:21 +0800] "GET /xingrg/javascript/jquery_easy_ui/themes/default/images/tabs_rightarrow.png HTTP/1.1" 304 -
120.253.135.82 - - [10/May/2020:11:01:21 +0800] "GET /xingrg/javascript/jquery_easy_ui/themes/default/images/panel_tool_collapse.gif HTTP/1.1" 304 -
120.253.135.82 - - [10/May/2020:11:01:21 +0800] "GET /xingrg/javascript/jquery_easy_ui/themes/default/images/panel_tool_expand.gif HTTP/1.1" 304 -
120.253.135.82 - - [10/May/2020:11:01:21 +0800] "GET /xingrg/javascript/jquery_easy_ui/themes/default/images/tabs_leftarrow.png HTTP/1.1" 304 -
120.253.135.82 - - [10/May/2020:11:01:21 +0800] "POST /xingrg/all/common/load_tree.html?tree=area_rest_tree_json&manage=1 HTTP/1.1" 200 344
120.253.135.82 - - [10/May/2020:11:01:21 +0800] "GET /xingrg/all/function/internal_message.html?_=1589079434954&CODE_STATE=count HTTP/1.1" 200 11
120.253.135.82 - - [10/May/2020:11:01:21 +0800] "GET /xingrg/check_reg.html?_=1589079434955 HTTP/1.1" 200 22
120.253.135.82 - - [10/May/2020:11:01:21 +0800] "GET /xingrg/javascript/jquery_easy_ui/themes/default/images/tree_arrows.gif HTTP/1.1" 304 -
120.253.135.82 - - [10/May/2020:11:01:21 +0800] "GET /favicon.ico HTTP/1.1" 404 -
120.253.135.82 - - [10/May/2020:11:01:21 +0800] "POST /xingrg/load_menu.html HTTP/1.1" 200 11564
120.253.135.82 - - [10/May/2020:11:01:21 +0800] "GET /xingrg/javascript/jquery_easy_ui/themes/default/images/tree_folder_open.gif HTTP/1.1" 304 -
120.253.135.82 - - [10/May/2020:11:01:21 +0800] "GET /xingrg/javascript/jquery_easy_ui/themes/icons/storage_new.png HTTP/1.1" 304 -
120.253.135.82 - - [10/May/2020:11:01:21 +0800] "GET /xingrg/javascript/jquery_easy_ui/themes/icons/delivery_new.png HTTP/1.1" 304 -
120.253.135.82 - - [10/May/2020:11:01:21 +0800] "GET /xingrg/javascript/jquery_easy_ui/themes/icons/checkout_new.png HTTP/1.1" 304 -
120.253.135.82 - - [10/May/2020:11:01:21 +0800] "GET /xingrg/javascript/jquery_easy_ui/themes/icons/forms_new.png HTTP/1.1" 304 -
120.253.135.82 - - [10/May/2020:11:01:21 +0800] "GET /xingrg/javascript/jquery_easy_ui/themes/icons/search_new.png HTTP/1.1" 304 -
120.253.135.82 - - [10/May/2020:11:01:21 +0800] "GET /xingrg/javascript/jquery_easy_ui/themes/icons/systemset_new.png HTTP/1.1" 304 -
120.253.135.82 - - [10/May/2020:11:01:21 +0800] "GET /xingrg/javascript/jquery_easy_ui/themes/icons/setting_new.png HTTP/1.1" 304 -
120.253.135.82 - - [10/May/2020:11:01:21 +0800] "GET /xingrg/javascript/jquery_easy_ui/themes/default/images/tree_file.gif HTTP/1.1" 304 -
120.253.135.82 - - [10/May/2020:11:01:21 +0800] "GET /xingrg/javascript/jquery_easy_ui/themes/default/images/tree_folder.gif HTTP/1.1" 304 -
120.253.135.82 - - [10/May/2020:11:01:23 +0800] "GET /xingrg/javascript/jquery_easy_ui/themes/default/images/tabs_close.gif HTTP/1.1" 304 -
101.89.239.230 - - [10/May/2020:11:01:24 +0800] "GET /xingrg/all/function/internal_message.html?_=1589078996366&CODE_STATE=getMsg HTTP/1.1" 302 -
120.253.135.82 - - [10/May/2020:11:01:24 +0800] "GET /xingrg/dwr/util.js HTTP/1.1" 304 -
120.253.135.82 - - [10/May/2020:11:01:24 +0800] "GET /xingrg/kc/pszx/mdqp_order_list.html?state=10 HTTP/1.1" 200 10079
120.253.135.82 - - [10/May/2020:11:01:24 +0800] "GET /xingrg/css/blue.css HTTP/1.1" 304 -
120.253.135.82 - - [10/May/2020:11:01:24 +0800] "GET /xingrg/javascript/Calendar.js HTTP/1.1" 304 -
120.253.135.82 - - [10/May/2020:11:01:24 +0800] "GET /xingrg/javascript/myfunction.js HTTP/1.1" 304 -
120.253.135.82 - - [10/May/2020:11:01:24 +0800] "GET /xingrg/javascript/pic_change.js HTTP/1.1" 304 -
120.253.135.82 - - [10/May/2020:11:01:24 +0800] "GET /xingrg/dwr/interface/AjaxQqpsService.js HTTP/1.1" 200 16326
120.253.135.82 - - [10/May/2020:11:01:24 +0800] "GET /xingrg/dwr/interface/AjaxReportQueryService.js HTTP/1.1" 200 13203
120.253.135.82 - - [10/May/2020:11:01:24 +0800] "GET /xingrg/dwr/engine.js HTTP/1.1" 200 43631
120.253.135.82 - - [10/May/2020:11:01:24 +0800] "GET /xingrg/javascript/jquery_easy_ui/themes/icons/check_new.png HTTP/1.1" 304 -
120.253.135.82 - - [10/May/2020:11:01:24 +0800] "GET /xingrg/javascript/jquery_easy_ui/themes/icons/uncheck_new.png HTTP/1.1" 304 -
120.253.135.82 - - [10/May/2020:11:01:24 +0800] "GET /xingrg/javascript/jquery_easy_ui/themes/icons/back_new.png HTTP/1.1" 304 -
124.77.110.230 - - [10/May/2020:11:01:26 +0800] "GET /xingrg/kc/buy/cgsh_order_add.html HTTP/1.1" 200 58494
124.77.110.230 - - [10/May/2020:11:01:26 +0800] "POST /xingrg/kc/buy/cgsh_order_operate.html HTTP/1.1" 200 8245
124.77.110.230 - - [10/May/2020:11:01:26 +0800] "GET /xingrg/javascript/easyui/themes/default/validatebox.css HTTP/1.1" 404 1104
114.84.32.201 - - [10/May/2020:11:01:27 +0800] "GET /xingrg/all/function/internal_message.html?_=1589079687300&CODE_STATE=getMsg HTTP/1.1" 200 27
114.84.32.201 - - [10/May/2020:11:01:27 +0800] "GET /xingrg/check_reg.html?_=1589079687302 HTTP/1.1" 200 22
180.156.150.85 - - [10/May/2020:11:01:27 +0800] "GET /xingrg/all/function/internal_message.html?_=1589079691898&CODE_STATE=getMsg HTTP/1.1" 200 27
101.85.52.41 - - [10/May/2020:11:01:29 +0800] "GET /xingrg/kc/buy/cgsh_order_list.html HTTP/1.1" 200 42715
180.162.102.27 - - [10/May/2020:11:01:30 +0800] "GET /xingrg/all/function/internal_message.html?_=1589079120591&CODE_STATE=getMsg HTTP/1.1" 200 27
101.85.52.41 - - [10/May/2020:11:01:31 +0800] "POST /xingrg/kc/buy/cgsh_list_operate.html HTTP/1.1" 200 876
180.175.212.199 - - [10/May/2020:11:01:31 +0800] "GET /xingrg/all/function/internal_message.html?_=1589079691205&CODE_STATE=getMsg HTTP/1.1" 200 27
120.253.135.82 - - [10/May/2020:11:01:32 +0800] "GET /xingrg/kc/pszx/jzcl_make.html HTTP/1.1" 200 11141
120.253.135.82 - - [10/May/2020:11:01:32 +0800] "GET /xingrg/javascript/step/step.css HTTP/1.1" 200 999
120.253.135.82 - - [10/May/2020:11:01:32 +0800] "GET /xingrg/css/table.css HTTP/1.1" 200 3684
120.253.135.82 - - [10/May/2020:11:01:32 +0800] "GET /xingrg/javascript/tools/jquery.qtip-1.0.0-rc3.min.js HTTP/1.1" 200 38404
120.253.135.82 - - [10/May/2020:11:01:32 +0800] "GET /xingrg/dwr/interface/AjaxReportQueryService.js HTTP/1.1" 200 13203
120.253.135.82 - - [10/May/2020:11:01:32 +0800] "GET /xingrg/dwr/engine.js HTTP/1.1" 200 43631
120.253.135.82 - - [10/May/2020:11:01:32 +0800] "GET /xingrg/javascript/step/images/navCurrentBtn.gif HTTP/1.1" 200 557
120.253.135.82 - - [10/May/2020:11:01:32 +0800] "GET /xingrg/javascript/step/images/navBtn.gif HTTP/1.1" 200 361
120.253.135.82 - - [10/May/2020:11:01:32 +0800] "GET /xingrg/javascript/jquery_easy_ui/themes/default/images/button_a_bg.gif HTTP/1.1" 304 -
120.253.135.82 - - [10/May/2020:11:01:32 +0800] "GET /xingrg/javascript/jquery_easy_ui/themes/default/images/button_span_bg.gif HTTP/1.1" 304 -
120.253.135.82 - - [10/May/2020:11:01:32 +0800] "GET /xingrg/javascript/jquery_easy_ui/themes/icons/search.png HTTP/1.1" 304 -
120.253.135.82 - - [10/May/2020:11:01:32 +0800] "GET /xingrg/javascript/jquery_easy_ui/themes/default/images/calendar_prevmonth.gif HTTP/1.1" 304 -
120.253.135.82 - - [10/May/2020:11:01:32 +0800] "GET /xingrg/javascript/jquery_easy_ui/themes/default/images/calendar_prevyear.gif HTTP/1.1" 304 -
120.253.135.82 - - [10/May/2020:11:01:32 +0800] "GET /xingrg/javascript/jquery_easy_ui/themes/default/images/calendar_nextyear.gif HTTP/1.1" 304 -
120.253.135.82 - - [10/May/2020:11:01:32 +0800] "GET /xingrg/javascript/jquery_easy_ui/themes/default/images/calendar_nextmonth.gif HTTP/1.1" 304 -
120.253.135.82 - - [10/May/2020:11:01:33 +0800] "GET /xingrg/images/control/ajaxLoader.gif HTTP/1.1" 304 -
120.253.135.82 - - [10/May/2020:11:01:33 +0800] "GET /xingrg/javascript/jquery_easy_ui/themes/default/images/datagrid_header_bg.gif HTTP/1.1" 200 97
120.253.135.82 - - [10/May/2020:11:01:33 +0800] "GET /xingrg/javascript/jquery_easy_ui/themes/default/images/pagination_loading.gif HTTP/1.1" 200 1737
120.253.135.82 - - [10/May/2020:11:01:33 +0800] "POST /xingrg/kc/pszx/jzcl_make_operate.html HTTP/1.1" 200 2545
120.253.135.82 - - [10/May/2020:11:01:33 +0800] "POST /xingrg/kc/pszx/jzcl_make_operate.html HTTP/1.1" 200 2545
101.89.239.230 - - [10/May/2020:11:01:34 +0800] "GET /xingrg/login.html HTTP/1.1" 200 7641
114.84.33.255 - - [10/May/2020:11:01:35 +0800] "GET /xingrg/kc/buy/cgsh_order_operate.html?command=get_materiel&rest_code=00146&code=00101008290&supplier_code=00100005&order_time=2020-05-10 HTTP/1.1" 200 416
114.84.151.157 - - [10/May/2020:11:01:37 +0800] "GET /xingrg/kc/buy/cgsh_order_add.html HTTP/1.1" 200 58453
114.84.151.157 - - [10/May/2020:11:01:37 +0800] "POST /xingrg/kc/buy/cgsh_order_operate.html HTTP/1.1" 200 8245
114.84.151.157 - - [10/May/2020:11:01:37 +0800] "GET /xingrg/javascript/easyui/themes/default/validatebox.css HTTP/1.1" 404 1104
114.86.190.97 - - [10/May/2020:11:01:39 +0800] "GET /xingrg/all/function/internal_message.html?_=1589079699330&CODE_STATE=getMsg HTTP/1.1" 200 27
114.86.190.97 - - [10/May/2020:11:01:39 +0800] "GET /xingrg/check_reg.html?_=1589079699613 HTTP/1.1" 200 22
124.77.110.230 - - [10/May/2020:11:01:41 +0800] "GET /xingrg/javascript/easyui/themes/default/tree.css HTTP/1.1" 404 1090
124.77.110.230 - - [10/May/2020:11:01:41 +0800] "POST /xingrg/all/common/load_tree.html?tree=supplier_tree_json&isDelete=1 HTTP/1.1" 200 47865
180.162.232.172 - - [10/May/2020:11:01:45 +0800] "GET /xingrg/all/function/internal_message.html?_=1589079707396&CODE_STATE=getMsg HTTP/1.1" 200 27
124.77.110.230 - - [10/May/2020:11:01:46 +0800] "GET /xingrg/all/function/internal_message.html?_=1589079706365&CODE_STATE=getMsg HTTP/1.1" 200 27
114.84.33.255 - - [10/May/2020:11:01:47 +0800] "GET /xingrg/kc/buy/cgsh_order_operate.html?command=get_materiel&rest_code=00146&code=00101008236&supplier_code=00100005&order_time=2020-05-10 HTTP/1.1" 200 416
120.253.135.82 - - [10/May/2020:11:01:47 +0800] "GET /xingrg/javascript/jquery_easy_ui/themes/default/images/tabs_active.png HTTP/1.1" 304 -
114.84.151.157 - - [10/May/2020:11:01:48 +0800] "GET /xingrg/kc/buy/cgsh_order_operate.html?command=get_materiel&rest_code=00141&code=00101001040&supplier_code=00100090&order_time=2020-05-10 HTTP/1.1" 200 415
172.17.0.185 - - [10/May/2020:11:01:49 +0800] "GET /xingrg/all/function/internal_message.html?_=1589079708940&CODE_STATE=getMsg HTTP/1.1" 200 27
180.156.150.85 - - [10/May/2020:11:01:55 +0800] "GET /xingrg/kc/buy/cgsh_order_add.html HTTP/1.1" 200 58447
180.156.150.85 - - [10/May/2020:11:01:55 +0800] "GET /xingrg/javascript/easyui/themes/default/validatebox.css HTTP/1.1" 404 1104
180.156.150.85 - - [10/May/2020:11:01:55 +0800] "POST /xingrg/kc/buy/cgsh_order_operate.html HTTP/1.1" 200 8245
114.84.151.157 - - [10/May/2020:11:01:56 +0800] "GET /xingrg/all/function/internal_message.html?_=1589079716394&CODE_STATE=getMsg HTTP/1.1" 200 27
180.171.124.178 - - [10/May/2020:11:01:59 +0800] "GET /xingrg/all/function/internal_message.html?_=1589079718031&CODE_STATE=getMsg HTTP/1.1" 200 27
117.131.5.26 - - [10/May/2020:11:02:00 +0800] "GET /xingrg/all/function/internal_message.html?_=1589079731031&CODE_STATE=getMsg HTTP/1.1" 200 27
117.184.7.26 - - [10/May/2020:11:02:02 +0800] "GET /xingrg/all/function/internal_message.html?_=1589079721999&CODE_STATE=getMsg HTTP/1.1" 200 27
114.84.33.255 - - [10/May/2020:11:02:02 +0800] "GET /xingrg/all/function/internal_message.html?_=1589079724125&CODE_STATE=getMsg HTTP/1.1" 200 27
114.84.151.157 - - [10/May/2020:11:02:04 +0800] "GET /xingrg/kc/buy/cgsh_order_operate.html?command=get_materiel&rest_code=00141&code=00101001140&supplier_code=00100090&order_time=2020-05-10 HTTP/1.1" 200 415
180.175.212.199 - - [10/May/2020:11:02:04 +0800] "GET /xingrg/all/function/internal_message.html?_=1589079919888&CODE_STATE=getMsg HTTP/1.1" 200 27
117.185.32.26 - - [10/May/2020:11:02:05 +0800] "GET /xingrg/all/function/internal_message.html?_=1589080147294&CODE_STATE=getMsg HTTP/1.1" 200 27
222.69.138.7 - - [10/May/2020:11:02:06 +0800] "GET /xingrg/check_reg.html?_=1589079726336 HTTP/1.1" 200 22
222.69.138.7 - - [10/May/2020:11:02:06 +0800] "GET /xingrg/all/function/internal_message.html?_=1589079726340&CODE_STATE=getMsg HTTP/1.1" 200 27
180.156.150.85 - - [10/May/2020:11:02:07 +0800] "GET /xingrg/kc/buy/cgsh_order_operate.html?command=get_materiel&rest_code=00105&code=00101018007&supplier_code=00100330&order_time=2020-05-10 HTTP/1.1" 200 411
124.77.110.230 - - [10/May/2020:11:02:09 +0800] "GET /xingrg/javascript/auto/indicator.gif HTTP/1.1" 404 1066
114.84.33.255 - - [10/May/2020:11:02:10 +0800] "POST /xingrg/kc/buy/cgsh_order_operate.html HTTP/1.1" 200 2065
114.84.33.255 - - [10/May/2020:11:02:10 +0800] "GET /xingrg/all/function/internal_message.html?_=1589079732056&CODE_STATE=getMsg HTTP/1.1" 200 27
114.84.151.157 - - [10/May/2020:11:02:12 +0800] "GET /xingrg/all/function/internal_message.html?_=1589079728832&CODE_STATE=getMsg HTTP/1.1" 200 27
114.84.151.157 - - [10/May/2020:11:02:13 +0800] "GET /xingrg/kc/buy/cgsh_order_operate.html?command=get_materiel&rest_code=00141&code=00101001125&supplier_code=00100090&order_time=2020-05-10 HTTP/1.1" 200 415
222.70.208.105 - - [10/May/2020:11:02:14 +0800] "GET /xingrg/check_reg.html?_=1589079734007 HTTP/1.1" 200 22
222.70.208.105 - - [10/May/2020:11:02:14 +0800] "GET /xingrg/all/function/internal_message.html?_=1589079734002&CODE_STATE=getMsg HTTP/1.1" 200 27
58.40.7.146 - - [10/May/2020:11:02:15 +0800] "GET /xingrg/all/function/internal_message.html?_=1589079735145&CODE_STATE=getMsg HTTP/1.1" 200 27
180.162.232.172 - - [10/May/2020:11:02:15 +0800] "GET /xingrg/all/function/internal_message.html?_=1589079863849&CODE_STATE=getMsg HTTP/1.1" 200 27
117.131.5.26 - - [10/May/2020:11:02:16 +0800] "GET /xingrg/all/function/internal_message.html?_=1589080094823&CODE_STATE=getMsg HTTP/1.1" 200 27
114.84.33.255 - - [10/May/2020:11:02:23 +0800] "GET /xingrg/kc/buy/cgsh_order_operate.html?command=get_materiel&rest_code=00146&code=00101015040&supplier_code=00100005&order_time=2020-05-10 HTTP/1.1" 200 409
124.77.110.230 - - [10/May/2020:11:02:25 +0800] "POST /xingrg/kc/buy/cgsh_order_operate.html HTTP/1.1" 200 37
114.84.32.201 - - [10/May/2020:11:02:27 +0800] "GET /xingrg/all/function/internal_message.html?_=1589079747286&CODE_STATE=getMsg HTTP/1.1" 200 27
180.156.150.85 - - [10/May/2020:11:02:27 +0800] "POST /xingrg/kc/buy/cgsh_order_operate.html HTTP/1.1" 200 37
124.77.110.230 - - [10/May/2020:11:02:28 +0800] "POST /xingrg/kc/buy/cgsh_order_operate.html HTTP/1.1" 200 2675
180.156.150.85 - - [10/May/2020:11:02:29 +0800] "POST /xingrg/kc/buy/cgsh_order_operate.html HTTP/1.1" 200 2652
180.175.212.199 - - [10/May/2020:11:02:30 +0800] "GET /xingrg/check_reg.html?_=1589079749877 HTTP/1.1" 200 22
124.77.110.230 - - [10/May/2020:11:02:30 +0800] "GET /xingrg/kc/print/load_data.html?order_code=212020051003199&kc_code=cgsh&condition= HTTP/1.1" 200 688
180.156.150.85 - - [10/May/2020:11:02:30 +0800] "GET /xingrg/kc/print/load_data.html?order_code=212020051003200&kc_code=cgsh&condition= HTTP/1.1" 200 667
180.162.102.27 - - [10/May/2020:11:02:30 +0800] "GET /xingrg/all/function/internal_message.html?_=1589079180590&CODE_STATE=getMsg HTTP/1.1" 200 27
180.175.212.199 - - [10/May/2020:11:02:31 +0800] "GET /xingrg/all/function/internal_message.html?_=1589079751219&CODE_STATE=getMsg HTTP/1.1" 200 27
124.77.110.230 - - [10/May/2020:11:02:34 +0800] "GET /xingrg/kc/buy/cgsh_order_add.html HTTP/1.1" 200 58494
124.77.110.230 - - [10/May/2020:11:02:35 +0800] "GET /xingrg/javascript/easyui/themes/default/validatebox.css HTTP/1.1" 404 1104
124.77.110.230 - - [10/May/2020:11:02:35 +0800] "POST /xingrg/kc/buy/cgsh_order_operate.html HTTP/1.1" 200 8245
124.77.110.230 - - [10/May/2020:11:02:36 +0800] "GET /xingrg/javascript/easyui/themes/default/tree.css HTTP/1.1" 404 1090
124.77.110.230 - - [10/May/2020:11:02:36 +0800] "POST /xingrg/all/common/load_tree.html?tree=supplier_tree_json&isDelete=1 HTTP/1.1" 200 47865
114.84.33.255 - - [10/May/2020:11:02:38 +0800] "GET /xingrg/kc/buy/cgsh_order_operate.html?command=get_materiel&rest_code=00146&code=00101015062&supplier_code=00100005&order_time=2020-05-10 HTTP/1.1" 200 412
114.86.190.97 - - [10/May/2020:11:02:39 +0800] "GET /xingrg/all/function/internal_message.html?_=1589079759329&CODE_STATE=getMsg HTTP/1.1" 200 27
180.156.150.85 - - [10/May/2020:11:02:39 +0800] "GET /xingrg/kc/buy/cgsh_order_add.html HTTP/1.1" 200 58447
180.156.150.85 - - [10/May/2020:11:02:40 +0800] "GET /xingrg/javascript/easyui/themes/default/validatebox.css HTTP/1.1" 404 1104
180.156.150.85 - - [10/May/2020:11:02:40 +0800] "POST /xingrg/kc/buy/cgsh_order_operate.html HTTP/1.1" 200 8245
180.162.232.172 - - [10/May/2020:11:02:45 +0800] "GET /xingrg/all/function/internal_message.html?_=1589079767396&CODE_STATE=getMsg HTTP/1.1" 200 27
180.175.212.199 - - [10/May/2020:11:02:45 +0800] "GET /xingrg/check_reg.html?_=1589079961379 HTTP/1.1" 200 22
101.85.52.41 - - [10/May/2020:11:02:45 +0800] "GET /xingrg/all/function/internal_message.html?_=1589079205209&CODE_STATE=getMsg HTTP/1.1" 200 27
124.77.110.230 - - [10/May/2020:11:02:46 +0800] "GET /xingrg/all/function/internal_message.html?_=1589079766391&CODE_STATE=getMsg HTTP/1.1" 200 27
114.84.33.255 - - [10/May/2020:11:02:46 +0800] "GET /xingrg/kc/base/wldb_order_list.html HTTP/1.1" 200 19261
114.84.33.255 - - [10/May/2020:11:02:47 +0800] "POST /xingrg/kc/base/wldb_list_operate.html HTTP/1.1" 200 928
114.84.33.255 - - [10/May/2020:11:02:48 +0800] "GET /xingrg/kc/base/wldb_order_add.html HTTP/1.1" 200 30322
114.84.33.255 - - [10/May/2020:11:02:48 +0800] "POST /xingrg/kc/base/wldb_order_operate.html HTTP/1.1" 200 6806
114.84.33.255 - - [10/May/2020:11:02:48 +0800] "GET /xingrg/all/common/auto_word.html?type=base&rest_code=00146 HTTP/1.1" 200 1753
114.84.33.255 - - [10/May/2020:11:02:48 +0800] "GET /xingrg/all/common/auto_word.html?type=base&rest_code=00146 HTTP/1.1" 200 1753
114.84.33.255 - - [10/May/2020:11:02:48 +0800] "GET /xingrg/javascript/easyui/themes/default/validatebox.css HTTP/1.1" 404 1104
172.17.0.185 - - [10/May/2020:11:02:49 +0800] "GET /xingrg/all/function/internal_message.html?_=1589079768943&CODE_STATE=getMsg HTTP/1.1" 200 27
114.84.151.157 - - [10/May/2020:11:02:56 +0800] "GET /xingrg/all/function/internal_message.html?_=1589079776403&CODE_STATE=getMsg HTTP/1.1" 200 27
114.84.151.157 - - [10/May/2020:11:02:56 +0800] "GET /xingrg/check_reg.html?_=1589079776401 HTTP/1.1" 200 22
114.84.33.255 - - [10/May/2020:11:02:57 +0800] "GET /xingrg/kc/buy/cgsh_order_operate.html?command=get_materiel&rest_code=00146&code=00101008092&supplier_code=00100005&order_time=2020-05-10 HTTP/1.1" 200 412
180.171.124.178 - - [10/May/2020:11:02:59 +0800] "GET /xingrg/all/function/internal_message.html?_=1589079778115&CODE_STATE=getMsg HTTP/1.1" 200 27
114.84.33.255 - - [10/May/2020:11:03:00 +0800] "GET /xingrg/kc/base/wldb_order_operate.html?command=get_materiel&rest_code=00146&base_code=0010063&code=00101019079 HTTP/1.1" 200 465
117.131.5.26 - - [10/May/2020:11:03:00 +0800] "GET /xingrg/all/function/internal_message.html?_=1589079791031&CODE_STATE=getMsg HTTP/1.1" 200 27
117.184.7.26 - - [10/May/2020:11:03:02 +0800] "GET /xingrg/all/function/internal_message.html?_=1589079781985&CODE_STATE=getMsg HTTP/1.1" 200 27
114.84.33.255 - - [10/May/2020:11:03:02 +0800] "GET /xingrg/all/function/internal_message.html?_=1589079784139&CODE_STATE=getMsg HTTP/1.1" 200 27
180.175.212.199 - - [10/May/2020:11:03:04 +0800] "GET /xingrg/all/function/internal_message.html?_=1589079979901&CODE_STATE=getMsg HTTP/1.1" 200 27
117.185.32.26 - - [10/May/2020:11:03:05 +0800] "GET /xingrg/all/function/internal_message.html?_=1589080207324&CODE_STATE=getMsg HTTP/1.1" 200 27
222.69.138.7 - - [10/May/2020:11:03:06 +0800] "GET /xingrg/all/function/internal_message.html?_=1589079786347&CODE_STATE=getMsg HTTP/1.1" 200 27
180.156.150.85 - - [10/May/2020:11:03:07 +0800] "GET /xingrg/kc/buy/cgsh_order_operate.html?command=get_materiel&rest_code=00105&code=00101001025&supplier_code=00100090&order_time=2020-05-10 HTTP/1.1" 200 417
114.84.33.255 - - [10/May/2020:11:03:09 +0800] "GET /xingrg/kc/base/wldb_order_operate.html?command=get_materiel&rest_code=00146&base_code=0010063&code=00101019448 HTTP/1.1" 200 468
114.84.33.255 - - [10/May/2020:11:03:09 +0800] "GET /xingrg/check_reg.html?_=1589079791572 HTTP/1.1" 200 22
124.77.110.230 - - [10/May/2020:11:03:09 +0800] "GET /favicon.ico HTTP/1.1" 404 -
114.84.33.255 - - [10/May/2020:11:03:10 +0800] "GET /xingrg/all/function/internal_message.html?_=1589079792068&CODE_STATE=getMsg HTTP/1.1" 200 27
114.84.151.157 - - [10/May/2020:11:03:10 +0800] "GET /xingrg/kc/buy/cgsh_order_operate.html?command=get_materiel&rest_code=00141&code=00101004012&supplier_code=00100090&order_time=2020-05-10 HTTP/1.1" 200 421
124.77.110.230 - - [10/May/2020:11:03:11 +0800] "POST /xingrg/login.do HTTP/1.1" 302 -
124.77.110.230 - - [10/May/2020:11:03:11 +0800] "GET /xingrg/index.html?sysBaseUrl=http%3A%2F%2F180.169.147.146%3A18081%2Fxingrg%2F&costTime=269×tamp=1589079791672 HTTP/1.1" 200 17179
124.77.110.230 - - [10/May/2020:11:03:12 +0800] "POST /xingrg/all/common/load_tree.html?tree=area_rest_tree_json&manage=1 HTTP/1.1" 200 476
124.77.110.230 - - [10/May/2020:11:03:12 +0800] "GET /xingrg/all/function/internal_message.html?_=1589079792579&CODE_STATE=count HTTP/1.1" 200 11
124.77.110.230 - - [10/May/2020:11:03:12 +0800] "GET /xingrg/check_reg.html?_=1589079792587 HTTP/1.1" 200 22
114.84.151.157 - - [10/May/2020:11:03:12 +0800] "GET /xingrg/all/function/internal_message.html?_=1589079788832&CODE_STATE=getMsg HTTP/1.1" 200 27
101.85.52.41 - - [10/May/2020:11:03:12 +0800] "GET /xingrg/all/function/internal_message.html?_=1589079325224&CODE_STATE=getMsg HTTP/1.1" 200 27
124.77.110.230 - - [10/May/2020:11:03:12 +0800] "POST /xingrg/load_menu.html HTTP/1.1" 200 5138
124.77.110.230 - - [10/May/2020:11:03:13 +0800] "GET /favicon.ico HTTP/1.1" 404 -
222.70.208.105 - - [10/May/2020:11:03:14 +0800] "GET /xingrg/all/function/internal_message.html?_=1589079794014&CODE_STATE=getMsg HTTP/1.1" 200 27
124.77.110.230 - - [10/May/2020:11:03:14 +0800] "GET /xingrg/kc/buy/buy_main.html HTTP/1.1" 200 12412
124.77.110.230 - - [10/May/2020:11:03:14 +0800] "GET /xingrg/css/new_ie.css HTTP/1.1" 404 1036
124.77.110.230 - - [10/May/2020:11:03:14 +0800] "GET /xingrg/images/yd/bt.gif HTTP/1.1" 404 1040
58.40.7.146 - - [10/May/2020:11:03:15 +0800] "GET /xingrg/all/function/internal_message.html?_=1589079795134&CODE_STATE=getMsg HTTP/1.1" 200 27
180.162.232.172 - - [10/May/2020:11:03:15 +0800] "GET /xingrg/all/function/internal_message.html?_=1589079923863&CODE_STATE=getMsg HTTP/1.1" 200 27
124.77.110.230 - - [10/May/2020:11:03:15 +0800] "GET /xingrg/kc/buy/cgsh_order_list.html HTTP/1.1" 200 42715
117.131.5.26 - - [10/May/2020:11:03:16 +0800] "GET /xingrg/all/function/internal_message.html?_=1589080154822&CODE_STATE=getMsg HTTP/1.1" 200 27
114.84.32.201 - - [10/May/2020:11:03:27 +0800] "GET /xingrg/all/function/internal_message.html?_=1589079807285&CODE_STATE=getMsg HTTP/1.1" 200 27
180.156.150.85 - - [10/May/2020:11:03:27 +0800] "GET /xingrg/all/function/internal_message.html?_=1589079811918&CODE_STATE=getMsg HTTP/1.1" 200 27
180.156.150.85 - - [10/May/2020:11:03:29 +0800] "GET /xingrg/kc/buy/cgsh_order_operate.html?command=get_materiel&rest_code=00105&code=00101001140&supplier_code=00100090&order_time=2020-05-10 HTTP/1.1" 200 413
180.162.102.27 - - [10/May/2020:11:03:30 +0800] "GET /xingrg/all/function/internal_message.html?_=1589079240605&CODE_STATE=getMsg HTTP/1.1" 200 27
180.175.212.199 - - [10/May/2020:11:03:31 +0800] "GET /xingrg/all/function/internal_message.html?_=1589079811234&CODE_STATE=getMsg HTTP/1.1" 200 27
124.77.110.230 - - [10/May/2020:11:03:36 +0800] "POST /xingrg/kc/buy/cgsh_list_operate.html HTTP/1.1" 200 5058
114.84.33.255 - - [10/May/2020:11:03:36 +0800] "POST /xingrg/kc/buy/cgsh_order_operate.html HTTP/1.1" 200 2065
114.86.190.97 - - [10/May/2020:11:03:39 +0800] "GET /xingrg/all/function/internal_message.html?_=1589079819329&CODE_STATE=getMsg HTTP/1.1" 200 27
124.77.110.230 - - [10/May/2020:11:03:40 +0800] "GET /xingrg/kc/buy/cgsh_order_add.html HTTP/1.1" 200 58494
124.77.110.230 - - [10/May/2020:11:03:41 +0800] "POST /xingrg/kc/buy/cgsh_order_operate.html HTTP/1.1" 200 8245
124.77.110.230 - - [10/May/2020:11:03:41 +0800] "GET /xingrg/javascript/easyui/themes/default/validatebox.css HTTP/1.1" 404 1104
114.84.33.255 - - [10/May/2020:11:03:42 +0800] "GET /xingrg/kc/buy/cgsh_order_operate.html?command=get_materiel&rest_code=00146&code=00101009030&supplier_code=00100005&order_time=2020-05-10 HTTP/1.1" 200 412
124.77.110.230 - - [10/May/2020:11:03:43 +0800] "GET /xingrg/javascript/easyui/themes/default/tree.css HTTP/1.1" 404 1090
124.77.110.230 - - [10/May/2020:11:03:44 +0800] "POST /xingrg/all/common/load_tree.html?tree=supplier_tree_json&isDelete=1 HTTP/1.1" 200 47865
180.162.232.172 - - [10/May/2020:11:03:45 +0800] "GET /xingrg/all/function/internal_message.html?_=1589079827398&CODE_STATE=getMsg HTTP/1.1" 200 27
180.162.232.172 - - [10/May/2020:11:03:45 +0800] "GET /xingrg/check_reg.html?_=1589079827406 HTTP/1.1" 200 22
180.156.150.85 - - [10/May/2020:11:03:46 +0800] "POST /xingrg/kc/buy/cgsh_order_operate.html HTTP/1.1" 200 37
114.84.151.157 - - [10/May/2020:11:03:46 +0800] "POST /xingrg/kc/buy/cgsh_order_operate.html HTTP/1.1" 200 88
172.17.0.185 - - [10/May/2020:11:03:49 +0800] "GET /xingrg/check_reg.html?_=1589079828946 HTTP/1.1" 200 22
172.17.0.185 - - [10/May/2020:11:03:49 +0800] "GET /xingrg/all/function/internal_message.html?_=1589079828947&CODE_STATE=getMsg HTTP/1.1" 200 27
114.84.151.157 - - [10/May/2020:11:03:50 +0800] "POST /xingrg/kc/buy/cgsh_order_operate.html HTTP/1.1" 200 37
180.156.150.85 - - [10/May/2020:11:03:51 +0800] "POST /xingrg/kc/buy/cgsh_order_operate.html HTTP/1.1" 200 3263
114.84.151.157 - - [10/May/2020:11:03:52 +0800] "POST /xingrg/kc/buy/cgsh_order_operate.html HTTP/1.1" 200 12
114.84.33.255 - - [10/May/2020:11:03:52 +0800] "GET /xingrg/kc/base/wldb_order_operate.html?command=get_materiel&rest_code=00146&base_code=0010063&code=00101019187 HTTP/1.1" 200 465
114.84.151.157 - - [10/May/2020:11:03:53 +0800] "GET /xingrg/kc/buy/cgsh_order_info.html?code=212020051003203 HTTP/1.1" 200 53360
114.84.151.157 - - [10/May/2020:11:03:54 +0800] "GET /xingrg/javascript/easyui/themes/default/validatebox.css HTTP/1.1" 404 1104
114.84.151.157 - - [10/May/2020:11:03:54 +0800] "POST /xingrg/kc/buy/cgsh_order_operate.html HTTP/1.1" 200 2408
114.84.151.157 - - [10/May/2020:11:03:55 +0800] "GET /xingrg/kc/print/load_data.html?order_code=212020051003203&kc_code=cgsh&condition= HTTP/1.1" 200 1466
114.84.151.157 - - [10/May/2020:11:03:56 +0800] "GET /xingrg/all/function/internal_message.html?_=1589079836429&CODE_STATE=getMsg HTTP/1.1" 200 27
180.156.150.85 - - [10/May/2020:11:03:57 +0800] "POST /xingrg/kc/buy/cgsh_order_operate.html HTTP/1.1" 200 37
180.156.150.85 - - [10/May/2020:11:03:57 +0800] "POST /xingrg/kc/buy/cgsh_order_operate.html HTTP/1.1" 200 3263
124.77.110.230 - - [10/May/2020:11:03:57 +0800] "GET /xingrg/javascript/auto/indicator.gif HTTP/1.1" 404 1066
117.131.5.26 - - [10/May/2020:11:03:59 +0800] "GET /xingrg/check_reg.html?_=1589079849765 HTTP/1.1" 200 22
180.156.150.85 - - [10/May/2020:11:03:59 +0800] "GET /xingrg/kc/print/load_data.html?order_code=212020051003201&kc_code=cgsh&condition= HTTP/1.1" 200 971
180.171.124.178 - - [10/May/2020:11:03:59 +0800] "GET /xingrg/all/function/internal_message.html?_=1589079838121&CODE_STATE=getMsg HTTP/1.1" 200 27
117.131.5.26 - - [10/May/2020:11:04:00 +0800] "GET /xingrg/all/function/internal_message.html?_=1589079851031&CODE_STATE=getMsg HTTP/1.1" 200 27
117.184.7.26 - - [10/May/2020:11:04:02 +0800] "GET /xingrg/all/function/internal_message.html?_=1589079841971&CODE_STATE=getMsg HTTP/1.1" 200 27
114.84.33.255 - - [10/May/2020:11:04:02 +0800] "GET /xingrg/all/function/internal_message.html?_=1589079844164&CODE_STATE=getMsg HTTP/1.1" 200 27
180.175.212.199 - - [10/May/2020:11:04:04 +0800] "GET /xingrg/all/function/internal_message.html?_=1589080039914&CODE_STATE=getMsg HTTP/1.1" 200 27
114.84.151.157 - - [10/May/2020:11:04:05 +0800] "GET /xingrg/kc/buy/cgsh_order_add.html HTTP/1.1" 200 58453
117.185.32.26 - - [10/May/2020:11:04:05 +0800] "GET /xingrg/all/function/internal_message.html?_=1589080267324&CODE_STATE=getMsg HTTP/1.1" 200 27
114.84.151.157 - - [10/May/2020:11:04:05 +0800] "POST /xingrg/kc/buy/cgsh_order_operate.html HTTP/1.1" 200 8245
114.84.151.157 - - [10/May/2020:11:04:05 +0800] "GET /xingrg/javascript/easyui/themes/default/validatebox.css HTTP/1.1" 404 1104
222.69.138.7 - - [10/May/2020:11:04:06 +0800] "GET /xingrg/all/function/internal_message.html?_=1589079846332&CODE_STATE=getMsg HTTP/1.1" 200 27
124.77.110.230 - - [10/May/2020:11:04:07 +0800] "GET /xingrg/login.html HTTP/1.1" 200 7641
180.156.150.85 - - [10/May/2020:11:04:07 +0800] "GET /xingrg/kc/buy/cgsh_order_add.html HTTP/1.1" 200 58447
124.77.110.230 - - [10/May/2020:11:04:08 +0800] "GET /favicon.ico HTTP/1.1" 404 -
180.156.150.85 - - [10/May/2020:11:04:08 +0800] "GET /xingrg/javascript/easyui/themes/default/validatebox.css HTTP/1.1" 404 1104
180.156.150.85 - - [10/May/2020:11:04:08 +0800] "POST /xingrg/kc/buy/cgsh_order_operate.html HTTP/1.1" 200 8245
124.77.110.230 - - [10/May/2020:11:04:09 +0800] "POST /xingrg/login.do HTTP/1.1" 302 -
124.77.110.230 - - [10/May/2020:11:04:09 +0800] "GET /xingrg/index.html?sysBaseUrl=http%3A%2F%2F180.169.147.146%3A18081%2Fxingrg%2F&costTime=37×tamp=1589079849358 HTTP/1.1" 200 17419
124.77.110.230 - - [10/May/2020:11:04:09 +0800] "GET /favicon.ico HTTP/1.1" 404 -
124.77.110.230 - - [10/May/2020:11:04:09 +0800] "POST /xingrg/all/common/load_tree.html?tree=area_rest_tree_json&manage=1 HTTP/1.1" 200 351
124.77.110.230 - - [10/May/2020:11:04:09 +0800] "GET /xingrg/check_reg.html?_=1589079848654 HTTP/1.1" 200 22
124.77.110.230 - - [10/May/2020:11:04:09 +0800] "GET /xingrg/all/function/internal_message.html?_=1589079848654&CODE_STATE=count HTTP/1.1" 200 11
124.77.110.230 - - [10/May/2020:11:04:09 +0800] "GET /favicon.ico HTTP/1.1" 404 -
124.77.110.230 - - [10/May/2020:11:04:09 +0800] "POST /xingrg/load_menu.html HTTP/1.1" 200 9959
114.84.33.255 - - [10/May/2020:11:04:10 +0800] "GET /xingrg/all/function/internal_message.html?_=1589079852082&CODE_STATE=getMsg HTTP/1.1" 200 27
114.84.151.157 - - [10/May/2020:11:04:12 +0800] "GET /xingrg/all/function/internal_message.html?_=1589079848832&CODE_STATE=getMsg HTTP/1.1" 200 27
101.85.52.41 - - [10/May/2020:11:04:12 +0800] "GET /xingrg/all/function/internal_message.html?_=1589079385221&CODE_STATE=getMsg HTTP/1.1" 200 27
124.77.110.230 - - [10/May/2020:11:04:12 +0800] "GET /xingrg/all/function/internal_message.html?_=1589079852605&CODE_STATE=getMsg HTTP/1.1" 200 27
124.77.110.230 - - [10/May/2020:11:04:12 +0800] "POST /xingrg/load_menu.html HTTP/1.1" 200 10168
114.84.151.157 - - [10/May/2020:11:04:12 +0800] "GET /xingrg/check_reg.html?_=1589079849148 HTTP/1.1" 200 22
222.70.208.105 - - [10/May/2020:11:04:14 +0800] "GET /xingrg/all/function/internal_message.html?_=1589079854001&CODE_STATE=getMsg HTTP/1.1" 200 27
124.77.110.230 - - [10/May/2020:11:04:14 +0800] "GET /xingrg/kc/buy/cgsh_order_operate.html?command=get_materiel&rest_code=00107&code=00101007144&supplier_code=00100322&order_time=2020-05-10 HTTP/1.1" 200 428
114.84.33.255 - - [10/May/2020:11:04:14 +0800] "GET /xingrg/kc/buy/cgsh_order_operate.html?command=get_materiel&rest_code=00146&code=00101008137&supplier_code=00100005&order_time=2020-05-10 HTTP/1.1" 200 408
58.40.7.146 - - [10/May/2020:11:04:15 +0800] "GET /xingrg/all/function/internal_message.html?_=1589079855138&CODE_STATE=getMsg HTTP/1.1" 200 27
180.162.232.172 - - [10/May/2020:11:04:15 +0800] "GET /xingrg/all/function/internal_message.html?_=1589079984046&CODE_STATE=getMsg HTTP/1.1" 200 27
114.84.33.255 - - [10/May/2020:11:04:16 +0800] "GET /xingrg/kc/base/wldb_order_operate.html?command=get_materiel&rest_code=00146&base_code=0010063&code=00101016028 HTTP/1.1" 200 434
117.131.5.26 - - [10/May/2020:11:04:16 +0800] "GET /xingrg/all/function/internal_message.html?_=1589080214820&CODE_STATE=getMsg HTTP/1.1" 200 27
117.131.5.26 - - [10/May/2020:11:04:16 +0800] "GET /xingrg/check_reg.html?_=1589080214821 HTTP/1.1" 200 22
180.156.150.85 - - [10/May/2020:11:04:17 +0800] "GET /xingrg/kc/buy/cgsh_order_operate.html?command=get_materiel&rest_code=00105&code=00101009034&supplier_code=00100335&order_time=2020-05-10 HTTP/1.1" 200 428
180.156.150.85 - - [10/May/2020:11:04:19 +0800] "POST /xingrg/all/common/load_select.html HTTP/1.1" 200 25
114.84.151.157 - - [10/May/2020:11:04:20 +0800] "GET /xingrg/kc/buy/cgsh_order_operate.html?command=get_materiel&rest_code=00141&code=00101009034&supplier_code=00100335&order_time=2020-05-10 HTTP/1.1" 200 428
124.77.110.230 - - [10/May/2020:11:04:22 +0800] "POST /xingrg/kc/buy/cgsh_order_operate.html HTTP/1.1" 200 37
180.156.150.85 - - [10/May/2020:11:04:22 +0800] "GET /xingrg/kc/buy/cgsh_order_operate.html?command=get_materiel_price&rest_code=00105&code=00101009034&unit_code=00100047&supplier_code=00100335&order_time=2020-05-10 HTTP/1.1" 200 28
124.77.110.230 - - [10/May/2020:11:04:23 +0800] "POST /xingrg/kc/buy/cgsh_order_operate.html HTTP/1.1" 200 2679
114.84.33.255 - - [10/May/2020:11:04:26 +0800] "GET /xingrg/kc/base/wldb_order_operate.html?command=get_materiel&rest_code=00146&base_code=0010063&code=00101019390 HTTP/1.1" 200 456
114.84.32.201 - - [10/May/2020:11:04:27 +0800] "GET /xingrg/all/function/internal_message.html?_=1589079867283&CODE_STATE=getMsg HTTP/1.1" 200 27
180.156.150.85 - - [10/May/2020:11:04:27 +0800] "GET /xingrg/check_reg.html?_=1589079871878 HTTP/1.1" 200 22
180.156.150.85 - - [10/May/2020:11:04:27 +0800] "GET /xingrg/all/function/internal_message.html?_=1589079871889&CODE_STATE=getMsg HTTP/1.1" 200 27
180.162.102.27 - - [10/May/2020:11:04:30 +0800] "GET /xingrg/all/function/internal_message.html?_=1589079300602&CODE_STATE=getMsg HTTP/1.1" 200 27
180.175.212.199 - - [10/May/2020:11:04:31 +0800] "GET /xingrg/all/function/internal_message.html?_=1589079871247&CODE_STATE=getMsg HTTP/1.1" 200 27
124.77.110.230 - - [10/May/2020:11:04:33 +0800] "GET /xingrg/kc/print/load_data.html?order_code=212020051003204&kc_code=cgsh&condition= HTTP/1.1" 200 682
114.84.33.255 - - [10/May/2020:11:04:35 +0800] "GET /xingrg/kc/base/wldb_order_operate.html?command=get_materiel&rest_code=00146&base_code=0010063&code=00101019246 HTTP/1.1" 200 432
114.84.33.255 - - [10/May/2020:11:04:36 +0800] "POST /xingrg/kc/buy/cgsh_order_operate.html HTTP/1.1" 200 37
124.77.110.230 - - [10/May/2020:11:04:36 +0800] "GET /xingrg/kc/buy/cgsh_order_add.html HTTP/1.1" 200 58494
124.77.110.230 - - [10/May/2020:11:04:37 +0800] "GET /xingrg/javascript/easyui/themes/default/validatebox.css HTTP/1.1" 404 1104
124.77.110.230 - - [10/May/2020:11:04:37 +0800] "POST /xingrg/kc/buy/cgsh_order_operate.html HTTP/1.1" 200 8245
124.77.110.230 - - [10/May/2020:11:04:38 +0800] "GET /xingrg/system/rest/menu_rest.html HTTP/1.1" 200 11696
124.77.110.230 - - [10/May/2020:11:04:38 +0800] "GET /xingrg/javascript/tools/jquery.qtip-1.0.0-rc3.min.js HTTP/1.1" 200 38404
114.84.151.157 - - [10/May/2020:11:04:38 +0800] "POST /xingrg/kc/buy/cgsh_order_operate.html HTTP/1.1" 200 37
124.77.110.230 - - [10/May/2020:11:04:38 +0800] "POST /xingrg/all/common/load_tree.html?tree=area_station_tree_json&manage=1 HTTP/1.1" 200 345
124.77.110.230 - - [10/May/2020:11:04:38 +0800] "POST /xingrg/all/common/load_tree.html?tree=area_station_tree_json&manage=1 HTTP/1.1" 200 345
124.77.110.230 - - [10/May/2020:11:04:38 +0800] "GET /xingrg/dwr/interface/AjaxGetFirstChart.js HTTP/1.1" 200 631
124.77.110.230 - - [10/May/2020:11:04:38 +0800] "GET /xingrg/dwr/util.js HTTP/1.1" 304 -
124.77.110.230 - - [10/May/2020:11:04:38 +0800] "GET /xingrg/dwr/engine.js HTTP/1.1" 200 43631
124.77.110.230 - - [10/May/2020:11:04:38 +0800] "GET /xingrg/system/rest/list_page.html?p=menu HTTP/1.1" 200 111091
124.77.110.230 - - [10/May/2020:11:04:38 +0800] "GET /xingrg/javascript/easyui/themes/default/tree.css HTTP/1.1" 404 1090
124.77.110.230 - - [10/May/2020:11:04:39 +0800] "POST /xingrg/all/common/load_tree.html?tree=supplier_tree_json&isDelete=1 HTTP/1.1" 200 47865
124.77.110.230 - - [10/May/2020:11:04:39 +0800] "GET /xingrg/system/rest/query_items.html?_=1589079878072&table=menu&page=1&rows=20&categoryId=&key= HTTP/1.1" 200 4729
114.84.33.255 - - [10/May/2020:11:04:39 +0800] "POST /xingrg/kc/buy/cgsh_order_operate.html HTTP/1.1" 200 51756
114.86.190.97 - - [10/May/2020:11:04:39 +0800] "GET /xingrg/all/function/internal_message.html?_=1589079879329&CODE_STATE=getMsg HTTP/1.1" 200 27
114.84.151.157 - - [10/May/2020:11:04:39 +0800] "POST /xingrg/kc/buy/cgsh_order_operate.html HTTP/1.1" 200 12
114.84.151.157 - - [10/May/2020:11:04:40 +0800] "GET /xingrg/kc/buy/cgsh_order_info.html?code=212020051003205 HTTP/1.1" 200 53356
114.84.151.157 - - [10/May/2020:11:04:40 +0800] "GET /xingrg/javascript/easyui/themes/default/validatebox.css HTTP/1.1" 404 1104
114.84.151.157 - - [10/May/2020:11:04:40 +0800] "POST /xingrg/kc/buy/cgsh_order_operate.html HTTP/1.1" 200 618
114.84.151.157 - - [10/May/2020:11:04:41 +0800] "GET /xingrg/kc/print/load_data.html?order_code=212020051003205&kc_code=cgsh&condition= HTTP/1.1" 200 720
124.77.110.230 - - [10/May/2020:11:04:44 +0800] "GET /xingrg/system/rest/query_items.html?_=1589079883138&table=menu&page=1&rows=20&categoryId=&key= HTTP/1.1" 200 4729
180.162.232.172 - - [10/May/2020:11:04:45 +0800] "GET /xingrg/all/function/internal_message.html?_=1589079887391&CODE_STATE=getMsg HTTP/1.1" 200 27
180.171.124.178 - - [10/May/2020:11:04:45 +0800] "GET /xingrg/kc/buy/buy_main.html HTTP/1.1" 200 12412
180.171.124.178 - - [10/May/2020:11:04:45 +0800] "GET /xingrg/css/new_ie.css HTTP/1.1" 404 1036
180.156.150.85 - - [10/May/2020:11:04:46 +0800] "POST /xingrg/kc/buy/cgsh_order_operate.html HTTP/1.1" 200 37
180.171.124.178 - - [10/May/2020:11:04:46 +0800] "GET /xingrg/images/yd/bt.gif HTTP/1.1" 404 1040
180.171.124.178 - - [10/May/2020:11:04:46 +0800] "GET /xingrg/kc/buy/cgsh_order_list.html HTTP/1.1" 200 42709
180.156.150.85 - - [10/May/2020:11:04:47 +0800] "POST /xingrg/kc/buy/cgsh_order_operate.html HTTP/1.1" 200 2666
114.84.33.255 - - [10/May/2020:11:04:47 +0800] "GET /xingrg/kc/base/wldb_order_operate.html?command=get_materiel&rest_code=00146&base_code=0010063&code=00101019535 HTTP/1.1" 200 476
180.156.150.85 - - [10/May/2020:11:04:48 +0800] "GET /xingrg/kc/print/load_data.html?order_code=212020051003206&kc_code=cgsh&condition= HTTP/1.1" 200 682
180.171.124.178 - - [10/May/2020:11:04:48 +0800] "POST /xingrg/kc/buy/cgsh_list_operate.html HTTP/1.1" 200 2416
172.17.0.185 - - [10/May/2020:11:04:49 +0800] "GET /xingrg/all/function/internal_message.html?_=1589079888932&CODE_STATE=getMsg HTTP/1.1" 200 27
124.77.110.230 - - [10/May/2020:11:04:50 +0800] "GET /xingrg/system/rest/query_items.html?_=1589079889650&table=menu&page=1&rows=20&categoryId=&key=bl HTTP/1.1" 200 4838
124.77.110.230 - - [10/May/2020:11:04:51 +0800] "GET /xingrg/system/rest/query_items.html?_=1589079890735&table=menu&page=1&rows=20&categoryId=&key=bl HTTP/1.1" 200 4838
180.171.124.178 - - [10/May/2020:11:04:52 +0800] "POST /xingrg/kc/buy/cgsh_list_operate.html HTTP/1.1" 200 5803
124.77.110.230 - - [10/May/2020:11:04:53 +0800] "GET /xingrg/kc/buy/cgsh_order_operate.html?command=get_materiel&rest_code=00107&code=00101010220&supplier_code=00100323&order_time=2020-05-10 HTTP/1.1" 200 433
114.84.33.255 - - [10/May/2020:11:04:53 +0800] "POST /xingrg/kc/buy/cgsh_order_operate.html HTTP/1.1" 200 37
180.156.150.85 - - [10/May/2020:11:04:56 +0800] "GET /xingrg/kc/buy/cgsh_order_add.html HTTP/1.1" 200 58447
114.84.151.157 - - [10/May/2020:11:04:56 +0800] "GET /xingrg/all/function/internal_message.html?_=1589079896398&CODE_STATE=getMsg HTTP/1.1" 200 27
180.156.150.85 - - [10/May/2020:11:04:56 +0800] "GET /xingrg/javascript/easyui/themes/default/validatebox.css HTTP/1.1" 404 1104
180.156.150.85 - - [10/May/2020:11:04:56 +0800] "POST /xingrg/kc/buy/cgsh_order_operate.html HTTP/1.1" 200 8245
180.171.124.178 - - [10/May/2020:11:04:56 +0800] "POST /xingrg/kc/buy/cgsh_list_operate.html HTTP/1.1" 200 9719
180.171.124.178 - - [10/May/2020:11:04:57 +0800] "GET /xingrg/check_reg.html?_=1589079895851 HTTP/1.1" 200 22
114.84.33.255 - - [10/May/2020:11:04:57 +0800] "POST /xingrg/kc/buy/cgsh_order_operate.html HTTP/1.1" 200 51756
114.84.33.255 - - [10/May/2020:11:04:57 +0800] "GET /xingrg/kc/base/wldb_order_operate.html?command=get_materiel&rest_code=00146&base_code=0010063&code=00101019095 HTTP/1.1" 200 453
124.77.110.230 - - [10/May/2020:11:04:57 +0800] "GET /xingrg/system/rest/get_item.html?table=menu&id=1983&_=1589079896690 HTTP/1.1" 200 987
124.77.110.230 - - [10/May/2020:11:04:57 +0800] "GET /xingrg/system/rest/get_item.html?table=menu&target=menu_rest&id=1983&_=1589079896707 HTTP/1.1" 200 781
114.84.151.157 - - [10/May/2020:11:04:57 +0800] "GET /xingrg/kc/buy/cgsh_order_add.html HTTP/1.1" 200 58453
124.77.110.230 - - [10/May/2020:11:04:57 +0800] "GET /xingrg/system/rest/get_item.html?table=menu&target=cook_mode&id=1983&_=1589079896705 HTTP/1.1" 200 16446
124.77.110.230 - - [10/May/2020:11:04:58 +0800] "GET /xingrg/system/rest/get_infos.html?command=menu_img_show&id=1983 HTTP/1.1" 200 5
114.84.151.157 - - [10/May/2020:11:04:58 +0800] "POST /xingrg/kc/buy/cgsh_order_operate.html HTTP/1.1" 200 8245
114.84.151.157 - - [10/May/2020:11:04:58 +0800] "GET /xingrg/javascript/easyui/themes/default/validatebox.css HTTP/1.1" 404 1104
180.171.124.178 - - [10/May/2020:11:04:59 +0800] "GET /xingrg/all/function/internal_message.html?_=1589079898133&CODE_STATE=getMsg HTTP/1.1" 200 27
117.131.5.26 - - [10/May/2020:11:05:00 +0800] "GET /xingrg/all/function/internal_message.html?_=1589079911031&CODE_STATE=getMsg HTTP/1.1" 200 27
117.185.32.26 - - [10/May/2020:11:05:02 +0800] "GET /xingrg/kc/buy/cgsh_order_add.html HTTP/1.1" 200 58447
117.184.7.26 - - [10/May/2020:11:05:02 +0800] "GET /xingrg/all/function/internal_message.html?_=1589079901947&CODE_STATE=getMsg HTTP/1.1" 200 27
114.84.33.255 - - [10/May/2020:11:05:02 +0800] "GET /xingrg/all/function/internal_message.html?_=1589079904166&CODE_STATE=getMsg HTTP/1.1" 200 27
117.185.32.26 - - [10/May/2020:11:05:02 +0800] "POST /xingrg/kc/buy/cgsh_order_operate.html HTTP/1.1" 200 8245
117.185.32.26 - - [10/May/2020:11:05:02 +0800] "GET /xingrg/javascript/easyui/themes/default/validatebox.css HTTP/1.1" 404 1104
114.84.33.255 - - [10/May/2020:11:05:03 +0800] "GET /xingrg/kc/print/load_config.html?kc_code=cgsh HTTP/1.1" 200 1845
114.84.33.255 - - [10/May/2020:11:05:03 +0800] "GET /xingrg/kc/print/load_data.html?order_code=212020051003171&kc_code=cgsh&condition= HTTP/1.1" 200 19277
114.84.33.255 - - [10/May/2020:11:05:03 +0800] "POST /xingrg/kc/base/wldb_order_operate.html HTTP/1.1" 200 37
114.84.33.255 - - [10/May/2020:11:05:03 +0800] "POST /xingrg/kc/base/wldb_order_operate.html HTTP/1.1" 200 4717
180.175.212.199 - - [10/May/2020:11:05:04 +0800] "GET /xingrg/all/function/internal_message.html?_=1589080099963&CODE_STATE=getMsg HTTP/1.1" 200 27
114.84.33.255 - - [10/May/2020:11:05:04 +0800] "GET /xingrg/kc/base/wldb_order_info.html?code=422020051000913 HTTP/1.1" 200 30336
114.84.33.255 - - [10/May/2020:11:05:04 +0800] "GET /xingrg/javascript/easyui/themes/default/validatebox.css HTTP/1.1" 404 1104
114.84.33.255 - - [10/May/2020:11:05:04 +0800] "POST /xingrg/kc/base/wldb_order_operate.html HTTP/1.1" 200 4717
117.185.32.26 - - [10/May/2020:11:05:05 +0800] "GET /xingrg/javascript/easyui/themes/default/tree.css HTTP/1.1" 404 1090
117.185.32.26 - - [10/May/2020:11:05:05 +0800] "POST /xingrg/all/common/load_tree.html?tree=supplier_tree_json&isDelete=1 HTTP/1.1" 200 47865
180.171.124.178 - - [10/May/2020:11:05:05 +0800] "POST /xingrg/kc/buy/cgsh_list_operate.html HTTP/1.1" 200 9924
117.185.32.26 - - [10/May/2020:11:05:06 +0800] "GET /xingrg/all/function/internal_message.html?_=1589080328170&CODE_STATE=getMsg HTTP/1.1" 200 27
117.185.32.26 - - [10/May/2020:11:05:06 +0800] "GET /xingrg/check_reg.html?_=1589080328172 HTTP/1.1" 200 22
222.69.138.7 - - [10/May/2020:11:05:06 +0800] "GET /xingrg/all/function/internal_message.html?_=1589079906338&CODE_STATE=getMsg HTTP/1.1" 200 27
180.175.212.199 - - [10/May/2020:11:05:06 +0800] "GET /xingrg/kc/buy/cgsh_order_operate.html?command=get_materiel&rest_code=00102&code=00101008132&supplier_code=00100008&order_time=2020-05-10 HTTP/1.1" 200 408
180.171.124.178 - - [10/May/2020:11:05:08 +0800] "POST /xingrg/kc/buy/cgsh_list_operate.html HTTP/1.1" 200 348
124.77.110.230 - - [10/May/2020:11:05:09 +0800] "GET /xingrg/all/function/internal_message.html?_=1589079908660&CODE_STATE=getMsg HTTP/1.1" 200 27
