180.161.113.183 - - [04/May/2020:09:27:31 +0800] "GET /xingrg/words/20200503150949_words.js HTTP/1.1" 200 725299
180.161.113.183 - - [04/May/2020:09:27:31 +0800] "GET /xingrg/kc/buy/cgsh_order_add.html HTTP/1.1" 200 58108
180.162.232.172 - - [04/May/2020:09:27:32 +0800] "GET /xingrg/all/function/internal_message.html?_=1588555654217&CODE_STATE=getMsg HTTP/1.1" 200 27
180.161.113.183 - - [04/May/2020:09:27:33 +0800] "POST /xingrg/kc/buy/cgsh_order_operate.html HTTP/1.1" 200 8245
180.156.150.85 - - [04/May/2020:09:27:33 +0800] "POST /xingrg/kc/buy/cgsh_order_operate.html HTTP/1.1" 200 37
180.161.113.183 - - [04/May/2020:09:27:33 +0800] "GET /xingrg/all/common/auto_word.html?type=employee&rest_code=00102 HTTP/1.1" 200 189
180.161.113.183 - - [04/May/2020:09:27:33 +0800] "GET /xingrg/all/common/auto_word.html?type=employee&rest_code=00102 HTTP/1.1" 200 189
180.161.113.183 - - [04/May/2020:09:27:33 +0800] "GET /xingrg/javascript/easyui/themes/default/validatebox.css HTTP/1.1" 404 1104
180.161.113.183 - - [04/May/2020:09:27:33 +0800] "GET /xingrg/javascript/easyui/plugins/jquery.validatebox.js HTTP/1.1" 304 -
180.161.113.183 - - [04/May/2020:09:27:33 +0800] "GET /xingrg/javascript/easyui/plugins/jquery.numberbox.js HTTP/1.1" 304 -
180.156.150.85 - - [04/May/2020:09:27:34 +0800] "POST /xingrg/kc/buy/cgsh_order_operate.html HTTP/1.1" 200 3857
120.253.135.82 - - [04/May/2020:09:27:34 +0800] "GET /xingrg/all/function/internal_message.html?_=1588555790324&CODE_STATE=getMsg HTTP/1.1" 200 27
180.156.150.85 - - [04/May/2020:09:27:35 +0800] "GET /xingrg/kc/print/load_data.html?order_code=212020050401165&kc_code=cgsh&condition= HTTP/1.1" 200 1210
180.161.113.183 - - [04/May/2020:09:27:35 +0800] "GET /xingrg/javascript/auto/indicator.gif HTTP/1.1" 404 1066
172.17.0.240 - - [04/May/2020:09:27:38 +0800] "GET /xingrg/check_reg.html?_=1588555658209 HTTP/1.1" 200 22
172.17.0.240 - - [04/May/2020:09:27:38 +0800] "GET /xingrg/all/function/internal_message.html?_=1588555658211&CODE_STATE=getMsg HTTP/1.1" 200 27
180.161.113.183 - - [04/May/2020:09:27:42 +0800] "GET /xingrg/kc/buy/cgsh_order_operate.html?command=get_materiel&rest_code=00102&code=00101007051&supplier_code=00100151&order_time=2020-05-04 HTTP/1.1" 200 412
58.40.7.146 - - [04/May/2020:09:27:42 +0800] "GET /xingrg/all/function/internal_message.html?_=1588555662394&CODE_STATE=getMsg HTTP/1.1" 200 27
58.40.7.146 - - [04/May/2020:09:27:47 +0800] "GET /xingrg/all/function/internal_message.html?_=1588555667550&CODE_STATE=getMsg HTTP/1.1" 302 -
117.131.5.26 - - [04/May/2020:09:27:52 +0800] "GET /xingrg/all/function/internal_message.html?_=1588555938911&CODE_STATE=getMsg HTTP/1.1" 200 27
222.70.183.62 - - [04/May/2020:09:27:52 +0800] "GET /xingrg/all/function/internal_message.html?_=1588555672280&CODE_STATE=getMsg HTTP/1.1" 200 27
101.85.52.41 - - [04/May/2020:09:27:54 +0800] "GET /xingrg/all/function/internal_message.html?_=1588555223706&CODE_STATE=getMsg HTTP/1.1" 200 27
180.162.232.172 - - [04/May/2020:09:27:54 +0800] "POST /xingrg/all/user/operate.html HTTP/1.1" 200 36
222.70.183.62 - - [04/May/2020:09:27:55 +0800] "GET /xingrg/all/function/internal_message.html?_=1588556014436&CODE_STATE=getMsg HTTP/1.1" 200 27
180.162.232.172 - - [04/May/2020:09:27:55 +0800] "GET /xingrg/javascript/jquery_easy_ui/themes/default/easyui.css HTTP/1.1" 304 -
180.162.232.172 - - [04/May/2020:09:27:55 +0800] "GET /xingrg/index.html?sysBaseUrl=http%3A%2F%2F180.169.147.146%3A18081%2Fxingrg%2F&costTime=40×tamp=1588553846449 HTTP/1.1" 200 17177
180.162.232.172 - - [04/May/2020:09:27:55 +0800] "GET /xingrg/javascript/jquery_easy_ui/themes/icon.css HTTP/1.1" 304 -
180.162.232.172 - - [04/May/2020:09:27:55 +0800] "GET /xingrg/css/form.css HTTP/1.1" 304 -
180.162.232.172 - - [04/May/2020:09:27:55 +0800] "GET /xingrg/javascript/jquery-1.4.2.min.js HTTP/1.1" 304 -
180.162.232.172 - - [04/May/2020:09:27:55 +0800] "GET /xingrg/javascript/jquery_easy_ui/jquery.easyui.min.js HTTP/1.1" 304 -
180.162.232.172 - - [04/May/2020:09:27:55 +0800] "GET /xingrg/javascript/jquery_easy_ui/easyui-lang-zh_CN.js HTTP/1.1" 304 -
180.162.232.172 - - [04/May/2020:09:27:56 +0800] "GET /xingrg/javascript/jquery.form.js HTTP/1.1" 304 -
180.162.232.172 - - [04/May/2020:09:27:56 +0800] "GET /xingrg/javascript/jquery.utils.js HTTP/1.1" 304 -
180.162.232.172 - - [04/May/2020:09:27:56 +0800] "GET /xingrg/javascript/jquery.timers.js HTTP/1.1" 304 -
180.162.232.172 - - [04/May/2020:09:27:56 +0800] "GET /xingrg/images/blue/jxLogo.png HTTP/1.1" 304 -
180.162.232.172 - - [04/May/2020:09:27:56 +0800] "GET /xingrg/images/blue/navBackgound.jpg HTTP/1.1" 304 -
180.162.232.172 - - [04/May/2020:09:27:56 +0800] "GET /xingrg/javascript/jquery_easy_ui/themes/icons/settle_new.png HTTP/1.1" 304 -
180.162.232.172 - - [04/May/2020:09:27:56 +0800] "GET /xingrg/images/blue/pingpu.png HTTP/1.1" 304 -
180.162.232.172 - - [04/May/2020:09:27:56 +0800] "POST /xingrg/all/common/load_tree.html?tree=area_rest_tree_json&manage=1 HTTP/1.1" 200 476
180.162.232.172 - - [04/May/2020:09:27:56 +0800] "GET /xingrg/javascript/jquery_easy_ui/themes/default/images/tabs_leftarrow.png HTTP/1.1" 304 -
180.162.232.172 - - [04/May/2020:09:27:56 +0800] "GET /xingrg/javascript/jquery_easy_ui/themes/default/images/tabs_rightarrow.png HTTP/1.1" 304 -
180.162.232.172 - - [04/May/2020:09:27:56 +0800] "GET /xingrg/javascript/jquery_easy_ui/themes/default/images/panel_tool_collapse.gif HTTP/1.1" 304 -
180.162.232.172 - - [04/May/2020:09:27:56 +0800] "GET /xingrg/check_reg.html?_=1588555810302 HTTP/1.1" 200 22
180.162.232.172 - - [04/May/2020:09:27:56 +0800] "GET /xingrg/all/function/internal_message.html?_=1588555810301&CODE_STATE=count HTTP/1.1" 200 11
180.162.232.172 - - [04/May/2020:09:27:56 +0800] "POST /xingrg/load_menu.html HTTP/1.1" 200 5138
116.228.172.94 - - [04/May/2020:09:27:56 +0800] "GET /xingrg/check_reg.html?_=1588554894700 HTTP/1.1" 200 22
116.228.172.94 - - [04/May/2020:09:27:57 +0800] "GET /xingrg/all/function/internal_message.html?_=1588554895523&CODE_STATE=getMsg HTTP/1.1" 200 27
172.17.0.185 - - [04/May/2020:09:27:59 +0800] "GET /xingrg/all/function/internal_message.html?_=1588555678958&CODE_STATE=getMsg HTTP/1.1" 302 -
172.17.0.185 - - [04/May/2020:09:27:59 +0800] "GET /xingrg/check_reg.html?_=1588555678963 HTTP/1.1" 302 -
58.221.95.50 - - [04/May/2020:09:28:00 +0800] "GET /xingrg/all/function/internal_message.html?_=1588555713327&CODE_STATE=getMsg HTTP/1.1" 200 27
180.162.232.172 - - [04/May/2020:09:28:00 +0800] "GET /xingrg/kc/buy/cgsh_order_list.html HTTP/1.1" 200 42585
180.161.113.183 - - [04/May/2020:09:28:00 +0800] "GET /xingrg/kc/buy/cgsh_order_operate.html?command=get_materiel&rest_code=00102&code=00101007037&supplier_code=00100151&order_time=2020-05-04 HTTP/1.1" 200 412
180.162.232.172 - - [04/May/2020:09:28:00 +0800] "POST /xingrg/kc/buy/cgsh_list_operate.html HTTP/1.1" 200 876
58.40.7.146 - - [04/May/2020:09:28:01 +0800] "GET /xingrg/check_reg.html?_=1588555681601 HTTP/1.1" 200 22
180.162.232.172 - - [04/May/2020:09:28:02 +0800] "GET /xingrg/kc/buy/cgsh_order_add.html HTTP/1.1" 200 57935
180.162.232.172 - - [04/May/2020:09:28:02 +0800] "POST /xingrg/kc/buy/cgsh_order_operate.html HTTP/1.1" 200 8245
180.162.232.172 - - [04/May/2020:09:28:02 +0800] "GET /xingrg/all/common/auto_word.html?type=employee&rest_code=00151 HTTP/1.1" 200 243
180.162.232.172 - - [04/May/2020:09:28:02 +0800] "GET /xingrg/all/common/auto_word.html?type=employee&rest_code=00151 HTTP/1.1" 200 243
180.162.232.172 - - [04/May/2020:09:28:02 +0800] "GET /xingrg/javascript/easyui/themes/default/validatebox.css HTTP/1.1" 404 1104
180.162.232.172 - - [04/May/2020:09:28:04 +0800] "GET /xingrg/javascript/auto/indicator.gif HTTP/1.1" 404 1066
180.156.150.85 - - [04/May/2020:09:28:08 +0800] "GET /xingrg/all/function/internal_message.html?_=1588555689763&CODE_STATE=getMsg HTTP/1.1" 200 27
222.69.136.137 - - [04/May/2020:09:28:12 +0800] "GET /xingrg/all/function/internal_message.html?_=1588555690351&CODE_STATE=getMsg HTTP/1.1" 200 27
180.162.232.172 - - [04/May/2020:09:28:12 +0800] "GET /xingrg/kc/buy/cgsh_order_operate.html?command=get_materiel&rest_code=00151&code=00101008323&supplier_code=00100007&order_time=2020-05-04 HTTP/1.1" 200 408
180.162.232.172 - - [04/May/2020:09:28:24 +0800] "GET /xingrg/kc/buy/cgsh_order_operate.html?command=get_materiel&rest_code=00151&code=00101008344&supplier_code=00100007&order_time=2020-05-04 HTTP/1.1" 200 412
180.161.113.183 - - [04/May/2020:09:28:25 +0800] "GET /xingrg/all/function/internal_message.html?_=1588555897563&CODE_STATE=getMsg HTTP/1.1" 200 27
172.17.0.102 - - [04/May/2020:09:28:27 +0800] "GET /xingrg/all/function/internal_message.html?_=1588555732295&CODE_STATE=getMsg HTTP/1.1" 200 27
114.84.33.255 - - [04/May/2020:09:28:29 +0800] "GET /xingrg/all/function/internal_message.html?_=1588555710586&CODE_STATE=getMsg HTTP/1.1" 200 27
180.162.232.172 - - [04/May/2020:09:28:32 +0800] "GET /xingrg/all/function/internal_message.html?_=1588555714224&CODE_STATE=getMsg HTTP/1.1" 200 27
180.162.232.172 - - [04/May/2020:09:28:32 +0800] "GET /xingrg/check_reg.html?_=1588555714226 HTTP/1.1" 200 22
120.253.135.82 - - [04/May/2020:09:28:34 +0800] "GET /xingrg/all/function/internal_message.html?_=1588555850347&CODE_STATE=getMsg HTTP/1.1" 200 27
117.131.5.26 - - [04/May/2020:09:28:36 +0800] "GET /xingrg/check_reg.html?_=1588555983042 HTTP/1.1" 200 22
172.17.0.240 - - [04/May/2020:09:28:38 +0800] "GET /xingrg/all/function/internal_message.html?_=1588555718211&CODE_STATE=getMsg HTTP/1.1" 200 27
172.17.0.102 - - [04/May/2020:09:28:40 +0800] "POST /xingrg/all/report/load_report_page.html HTTP/1.1" 200 60808
172.17.0.102 - - [04/May/2020:09:28:40 +0800] "GET /xingrg/servlets/image?cache=0.7057086558082516&image=px HTTP/1.1" 200 807
180.162.232.172 - - [04/May/2020:09:28:41 +0800] "GET /xingrg/kc/buy/cgsh_order_operate.html?command=get_materiel&rest_code=00151&code=00101008450&supplier_code=00100007&order_time=2020-05-04 HTTP/1.1" 200 391
58.40.7.146 - - [04/May/2020:09:28:42 +0800] "GET /xingrg/all/function/internal_message.html?_=1588555722370&CODE_STATE=getMsg HTTP/1.1" 200 27
58.40.7.146 - - [04/May/2020:09:28:47 +0800] "GET /xingrg/all/function/internal_message.html?_=1588555727553&CODE_STATE=getMsg HTTP/1.1" 302 -
180.162.232.172 - - [04/May/2020:09:28:51 +0800] "GET /xingrg/kc/buy/cgsh_order_operate.html?command=get_materiel&rest_code=00151&code=00101008072&supplier_code=00100007&order_time=2020-05-04 HTTP/1.1" 200 408
117.131.5.26 - - [04/May/2020:09:28:52 +0800] "GET /xingrg/all/function/internal_message.html?_=1588555998924&CODE_STATE=getMsg HTTP/1.1" 200 27
222.70.183.62 - - [04/May/2020:09:28:52 +0800] "GET /xingrg/all/function/internal_message.html?_=1588555732294&CODE_STATE=getMsg HTTP/1.1" 200 27
101.85.52.41 - - [04/May/2020:09:28:54 +0800] "GET /xingrg/all/function/internal_message.html?_=1588555283690&CODE_STATE=getMsg HTTP/1.1" 200 27
222.70.183.62 - - [04/May/2020:09:28:55 +0800] "GET /xingrg/all/function/internal_message.html?_=1588556074436&CODE_STATE=getMsg HTTP/1.1" 200 27
180.162.232.172 - - [04/May/2020:09:28:56 +0800] "GET /xingrg/all/function/internal_message.html?_=1588555870312&CODE_STATE=getMsg HTTP/1.1" 200 27
116.228.172.94 - - [04/May/2020:09:28:57 +0800] "GET /xingrg/all/function/internal_message.html?_=1588554955538&CODE_STATE=getMsg HTTP/1.1" 200 27
172.17.0.185 - - [04/May/2020:09:28:59 +0800] "GET /xingrg/all/function/internal_message.html?_=1588555738964&CODE_STATE=getMsg HTTP/1.1" 302 -
58.221.95.50 - - [04/May/2020:09:29:00 +0800] "GET /xingrg/all/function/internal_message.html?_=1588555773328&CODE_STATE=getMsg HTTP/1.1" 200 27
180.162.232.172 - - [04/May/2020:09:29:04 +0800] "GET /xingrg/kc/buy/cgsh_order_operate.html?command=get_materiel&rest_code=00151&code=00101008144&supplier_code=00100007&order_time=2020-05-04 HTTP/1.1" 200 412
101.85.52.41 - - [04/May/2020:09:29:07 +0800] "GET /xingrg/check_reg.html?_=1588555297247 HTTP/1.1" 200 22
180.156.150.85 - - [04/May/2020:09:29:08 +0800] "GET /xingrg/all/function/internal_message.html?_=1588555749739&CODE_STATE=getMsg HTTP/1.1" 200 27
180.162.232.172 - - [04/May/2020:09:29:11 +0800] "GET /xingrg/kc/buy/cgsh_order_operate.html?command=get_materiel&rest_code=00151&code=00101008210&supplier_code=00100007&order_time=2020-05-04 HTTP/1.1" 200 408
222.69.136.137 - - [04/May/2020:09:29:12 +0800] "GET /xingrg/check_reg.html?_=1588555750341 HTTP/1.1" 200 22
222.69.136.137 - - [04/May/2020:09:29:12 +0800] "GET /xingrg/all/function/internal_message.html?_=1588555750354&CODE_STATE=getMsg HTTP/1.1" 200 27
180.156.150.85 - - [04/May/2020:09:29:14 +0800] "GET /xingrg/kc/buy/cgsh_order_list.html HTTP/1.1" 200 42581
180.156.150.85 - - [04/May/2020:09:29:15 +0800] "POST /xingrg/kc/buy/cgsh_list_operate.html HTTP/1.1" 200 2764
180.156.150.85 - - [04/May/2020:09:29:16 +0800] "POST /xingrg/kc/buy/cgsh_list_operate.html HTTP/1.1" 200 2764
180.156.150.85 - - [04/May/2020:09:29:18 +0800] "GET /xingrg/kc/buy/cgsh_order_list.html HTTP/1.1" 200 42581
180.162.232.172 - - [04/May/2020:09:29:19 +0800] "GET /xingrg/kc/buy/cgsh_order_operate.html?command=get_materiel&rest_code=00151&code=00101008359&supplier_code=00100007&order_time=2020-05-04 HTTP/1.1" 200 408
180.156.150.85 - - [04/May/2020:09:29:19 +0800] "POST /xingrg/kc/buy/cgsh_list_operate.html HTTP/1.1" 200 2764
180.156.150.85 - - [04/May/2020:09:29:21 +0800] "GET /xingrg/kc/buy/cgsh_order_add.html HTTP/1.1" 200 58196
180.156.150.85 - - [04/May/2020:09:29:21 +0800] "GET /xingrg/javascript/easyui/themes/default/validatebox.css HTTP/1.1" 404 1104
180.156.150.85 - - [04/May/2020:09:29:21 +0800] "POST /xingrg/kc/buy/cgsh_order_operate.html HTTP/1.1" 200 8245
180.161.113.183 - - [04/May/2020:09:29:25 +0800] "GET /xingrg/all/function/internal_message.html?_=1588555957600&CODE_STATE=getMsg HTTP/1.1" 200 27
180.162.232.172 - - [04/May/2020:09:29:26 +0800] "GET /xingrg/kc/buy/cgsh_order_operate.html?command=get_materiel&rest_code=00151&code=00101008355&supplier_code=00100007&order_time=2020-05-04 HTTP/1.1" 200 408
172.17.0.102 - - [04/May/2020:09:29:27 +0800] "GET /xingrg/all/function/internal_message.html?_=1588555792302&CODE_STATE=getMsg HTTP/1.1" 200 27
180.156.150.85 - - [04/May/2020:09:29:28 +0800] "GET /xingrg/kc/buy/cgsh_order_operate.html?command=get_materiel&rest_code=00105&code=00101013103&supplier_code=&order_time=2020-05-04 HTTP/1.1" 200 413
114.84.33.255 - - [04/May/2020:09:29:29 +0800] "GET /xingrg/all/function/internal_message.html?_=1588555770599&CODE_STATE=getMsg HTTP/1.1" 200 27
101.85.52.41 - - [04/May/2020:09:29:30 +0800] "GET /favicon.ico HTTP/1.1" 404 -
180.162.232.172 - - [04/May/2020:09:29:32 +0800] "GET /xingrg/all/function/internal_message.html?_=1588555774227&CODE_STATE=getMsg HTTP/1.1" 200 27
120.253.135.82 - - [04/May/2020:09:29:34 +0800] "GET /xingrg/all/function/internal_message.html?_=1588555910352&CODE_STATE=getMsg HTTP/1.1" 200 27
172.17.0.240 - - [04/May/2020:09:29:38 +0800] "GET /xingrg/all/function/internal_message.html?_=1588555778213&CODE_STATE=getMsg HTTP/1.1" 200 27
58.40.7.146 - - [04/May/2020:09:29:42 +0800] "GET /xingrg/all/function/internal_message.html?_=1588555782344&CODE_STATE=getMsg HTTP/1.1" 200 27
58.40.7.146 - - [04/May/2020:09:29:47 +0800] "GET /xingrg/check_reg.html?_=1588555787541 HTTP/1.1" 302 -
58.40.7.146 - - [04/May/2020:09:29:47 +0800] "GET /xingrg/all/function/internal_message.html?_=1588555787542&CODE_STATE=getMsg HTTP/1.1" 302 -
117.131.5.26 - - [04/May/2020:09:29:52 +0800] "GET /xingrg/all/function/internal_message.html?_=1588556058937&CODE_STATE=getMsg HTTP/1.1" 200 27
222.70.183.62 - - [04/May/2020:09:29:52 +0800] "GET /xingrg/all/function/internal_message.html?_=1588555792400&CODE_STATE=getMsg HTTP/1.1" 200 27
222.70.183.62 - - [04/May/2020:09:29:55 +0800] "GET /xingrg/all/function/internal_message.html?_=1588556134437&CODE_STATE=getMsg HTTP/1.1" 200 27
180.162.232.172 - - [04/May/2020:09:29:57 +0800] "POST /xingrg/kc/buy/cgsh_order_operate.html HTTP/1.1" 200 37
116.228.172.94 - - [04/May/2020:09:29:57 +0800] "GET /xingrg/all/function/internal_message.html?_=1588555015551&CODE_STATE=getMsg HTTP/1.1" 200 27
180.162.232.172 - - [04/May/2020:09:29:59 +0800] "POST /xingrg/kc/buy/cgsh_order_operate.html HTTP/1.1" 200 12
172.17.0.185 - - [04/May/2020:09:29:59 +0800] "GET /xingrg/all/function/internal_message.html?_=1588555798972&CODE_STATE=getMsg HTTP/1.1" 302 -
58.221.95.50 - - [04/May/2020:09:30:00 +0800] "GET /xingrg/all/function/internal_message.html?_=1588555833327&CODE_STATE=getMsg HTTP/1.1" 200 27
180.162.232.172 - - [04/May/2020:09:30:00 +0800] "GET /xingrg/kc/buy/cgsh_order_info.html?code=212020050401166 HTTP/1.1" 200 52841
180.162.232.172 - - [04/May/2020:09:30:00 +0800] "GET /xingrg/javascript/easyui/themes/default/validatebox.css HTTP/1.1" 404 1104
180.162.232.172 - - [04/May/2020:09:30:00 +0800] "POST /xingrg/kc/buy/cgsh_order_operate.html HTTP/1.1" 200 4727
180.162.232.172 - - [04/May/2020:09:30:01 +0800] "GET /xingrg/all/function/internal_message.html?_=1588555935146&CODE_STATE=getMsg HTTP/1.1" 200 27
180.162.232.172 - - [04/May/2020:09:30:02 +0800] "GET /xingrg/kc/print/load_data.html?order_code=212020050401166&kc_code=cgsh&condition= HTTP/1.1" 200 2344
180.156.150.85 - - [04/May/2020:09:30:08 +0800] "GET /xingrg/all/function/internal_message.html?_=1588555809730&CODE_STATE=getMsg HTTP/1.1" 200 27
180.156.150.85 - - [04/May/2020:09:30:08 +0800] "GET /xingrg/check_reg.html?_=1588555809890 HTTP/1.1" 200 22
222.69.136.137 - - [04/May/2020:09:30:12 +0800] "GET /xingrg/all/function/internal_message.html?_=1588555810341&CODE_STATE=getMsg HTTP/1.1" 200 27
222.70.183.62 - - [04/May/2020:09:30:18 +0800] "GET /xingrg/words/20200503150949_words.js HTTP/1.1" 200 725299
222.70.183.62 - - [04/May/2020:09:30:18 +0800] "GET /xingrg/kc/buy/cgsh_order_add.html HTTP/1.1" 200 58196
222.70.183.62 - - [04/May/2020:09:30:20 +0800] "POST /xingrg/kc/buy/cgsh_order_operate.html HTTP/1.1" 200 8245
222.70.183.62 - - [04/May/2020:09:30:20 +0800] "GET /xingrg/all/common/auto_word.html?type=employee&rest_code=00111 HTTP/1.1" 200 205
222.70.183.62 - - [04/May/2020:09:30:20 +0800] "GET /xingrg/javascript/easyui/themes/default/validatebox.css HTTP/1.1" 404 1104
222.70.183.62 - - [04/May/2020:09:30:20 +0800] "GET /xingrg/all/common/auto_word.html?type=employee&rest_code=00111 HTTP/1.1" 200 205
222.70.183.62 - - [04/May/2020:09:30:22 +0800] "GET /xingrg/javascript/auto/indicator.gif HTTP/1.1" 404 1066
180.161.113.183 - - [04/May/2020:09:30:25 +0800] "GET /xingrg/all/function/internal_message.html?_=1588556017615&CODE_STATE=getMsg HTTP/1.1" 200 27
180.156.150.85 - - [04/May/2020:09:30:25 +0800] "GET /xingrg/kc/buy/cgsh_order_list.html HTTP/1.1" 200 42581
180.156.150.85 - - [04/May/2020:09:30:26 +0800] "POST /xingrg/kc/buy/cgsh_list_operate.html HTTP/1.1" 200 2764
172.17.0.102 - - [04/May/2020:09:30:27 +0800] "GET /xingrg/all/function/internal_message.html?_=1588555852301&CODE_STATE=getMsg HTTP/1.1" 200 27
222.70.183.62 - - [04/May/2020:09:30:28 +0800] "GET /xingrg/kc/buy/cgsh_order_operate.html?command=get_materiel&rest_code=00111&code=00101006055&supplier_code=00100012&order_time=2020-05-04 HTTP/1.1" 200 409
114.84.33.255 - - [04/May/2020:09:30:29 +0800] "GET /xingrg/all/function/internal_message.html?_=1588555830786&CODE_STATE=getMsg HTTP/1.1" 200 27
180.156.150.85 - - [04/May/2020:09:30:30 +0800] "GET /xingrg/kc/buy/cgsh_order_add.html HTTP/1.1" 200 58196
180.156.150.85 - - [04/May/2020:09:30:31 +0800] "GET /xingrg/javascript/easyui/themes/default/validatebox.css HTTP/1.1" 404 1104
180.156.150.85 - - [04/May/2020:09:30:31 +0800] "POST /xingrg/kc/buy/cgsh_order_operate.html HTTP/1.1" 200 8245
172.17.0.120 - - [04/May/2020:09:30:31 +0800] "GET /favicon.ico HTTP/1.1" 404 -
180.162.232.172 - - [04/May/2020:09:30:32 +0800] "GET /xingrg/all/function/internal_message.html?_=1588555834230&CODE_STATE=getMsg HTTP/1.1" 200 27
120.253.135.82 - - [04/May/2020:09:30:33 +0800] "GET /xingrg/check_reg.html?_=1588555969043 HTTP/1.1" 200 22
172.17.0.120 - - [04/May/2020:09:30:33 +0800] "GET /xingrg/index.html HTTP/1.1" 302 -
172.17.0.120 - - [04/May/2020:09:30:33 +0800] "GET /xingrg/login.html HTTP/1.1" 200 7636
172.17.0.120 - - [04/May/2020:09:30:34 +0800] "GET /favicon.ico HTTP/1.1" 404 -
222.70.183.62 - - [04/May/2020:09:30:34 +0800] "GET /xingrg/kc/buy/cgsh_order_operate.html?command=get_materiel&rest_code=00111&code=00101006056&supplier_code=00100012&order_time=2020-05-04 HTTP/1.1" 200 413
120.253.135.82 - - [04/May/2020:09:30:34 +0800] "GET /xingrg/all/function/internal_message.html?_=1588555970366&CODE_STATE=getMsg HTTP/1.1" 200 27
172.17.0.240 - - [04/May/2020:09:30:38 +0800] "GET /xingrg/all/function/internal_message.html?_=1588555838214&CODE_STATE=getMsg HTTP/1.1" 200 27
180.156.150.85 - - [04/May/2020:09:30:41 +0800] "GET /xingrg/kc/buy/cgsh_order_operate.html?command=get_materiel&rest_code=00105&code=00101001037&supplier_code=00100090&order_time=2020-05-04 HTTP/1.1" 200 414
58.40.7.146 - - [04/May/2020:09:30:42 +0800] "GET /xingrg/all/function/internal_message.html?_=1588555842316&CODE_STATE=getMsg HTTP/1.1" 200 27
222.70.183.62 - - [04/May/2020:09:30:43 +0800] "GET /xingrg/kc/buy/cgsh_order_operate.html?command=get_materiel&rest_code=00111&code=00101006144&supplier_code=00100012&order_time=2020-05-04 HTTP/1.1" 200 409
172.17.0.120 - - [04/May/2020:09:30:43 +0800] "POST /xingrg/login.do HTTP/1.1" 302 -
172.17.0.120 - - [04/May/2020:09:30:43 +0800] "GET /xingrg/index.html?sysBaseUrl=http%3A%2F%2F172.17.0.8%3A18081%2Fxingrg%2F&costTime=37×tamp=1588555843909 HTTP/1.1" 200 17448
172.17.0.120 - - [04/May/2020:09:30:44 +0800] "POST /xingrg/all/common/load_tree.html?tree=area_rest_tree_json&manage=1 HTTP/1.1" 200 3088
172.17.0.120 - - [04/May/2020:09:30:44 +0800] "GET /xingrg/all/function/internal_message.html?_=1588555843360&CODE_STATE=count HTTP/1.1" 200 11
172.17.0.120 - - [04/May/2020:09:30:44 +0800] "GET /xingrg/check_reg.html?_=1588555843361 HTTP/1.1" 200 22
172.17.0.120 - - [04/May/2020:09:30:44 +0800] "GET /favicon.ico HTTP/1.1" 404 -
172.17.0.120 - - [04/May/2020:09:30:44 +0800] "POST /xingrg/load_menu.html HTTP/1.1" 200 11408
58.40.7.146 - - [04/May/2020:09:30:47 +0800] "GET /xingrg/all/function/internal_message.html?_=1588555847543&CODE_STATE=getMsg HTTP/1.1" 302 -
172.17.0.120 - - [04/May/2020:09:30:49 +0800] "POST /xingrg/all/user/operate.html HTTP/1.1" 200 36
172.17.0.120 - - [04/May/2020:09:30:49 +0800] "GET /xingrg/index.html?sysBaseUrl=http%3A%2F%2F172.17.0.8%3A18081%2Fxingrg%2F&costTime=37×tamp=1588555843909 HTTP/1.1" 200 17448
172.17.0.120 - - [04/May/2020:09:30:49 +0800] "GET /xingrg/javascript/jquery_easy_ui/themes/default/easyui.css HTTP/1.1" 304 -
172.17.0.120 - - [04/May/2020:09:30:49 +0800] "GET /xingrg/javascript/jquery_easy_ui/themes/icon.css HTTP/1.1" 304 -
172.17.0.120 - - [04/May/2020:09:30:49 +0800] "GET /xingrg/css/form.css HTTP/1.1" 304 -
172.17.0.120 - - [04/May/2020:09:30:49 +0800] "GET /xingrg/javascript/jquery-1.4.2.min.js HTTP/1.1" 304 -
172.17.0.120 - - [04/May/2020:09:30:49 +0800] "GET /xingrg/javascript/jquery_easy_ui/jquery.easyui.min.js HTTP/1.1" 304 -
172.17.0.120 - - [04/May/2020:09:30:49 +0800] "GET /xingrg/javascript/jquery_easy_ui/easyui-lang-zh_CN.js HTTP/1.1" 304 -
172.17.0.120 - - [04/May/2020:09:30:49 +0800] "GET /xingrg/javascript/jquery.form.js HTTP/1.1" 304 -
172.17.0.120 - - [04/May/2020:09:30:49 +0800] "GET /xingrg/javascript/jquery.utils.js HTTP/1.1" 304 -
172.17.0.120 - - [04/May/2020:09:30:49 +0800] "GET /xingrg/javascript/jquery.timers.js HTTP/1.1" 304 -
172.17.0.120 - - [04/May/2020:09:30:49 +0800] "GET /xingrg/images/blue/jxLogo.png HTTP/1.1" 304 -
172.17.0.120 - - [04/May/2020:09:30:49 +0800] "GET /xingrg/images/blue/navBackgound.jpg HTTP/1.1" 304 -
172.17.0.120 - - [04/May/2020:09:30:49 +0800] "GET /xingrg/javascript/jquery_easy_ui/themes/icons/settle_new.png HTTP/1.1" 304 -
172.17.0.120 - - [04/May/2020:09:30:49 +0800] "POST /xingrg/all/common/load_tree.html?tree=area_rest_tree_json&manage=1 HTTP/1.1" 200 3088
172.17.0.120 - - [04/May/2020:09:30:49 +0800] "GET /xingrg/all/function/internal_message.html?_=1588555848835&CODE_STATE=count HTTP/1.1" 200 11
172.17.0.120 - - [04/May/2020:09:30:49 +0800] "GET /xingrg/check_reg.html?_=1588555848836 HTTP/1.1" 200 22
172.17.0.120 - - [04/May/2020:09:30:49 +0800] "GET /xingrg/javascript/jquery_easy_ui/themes/default/images/tabs_leftarrow.png HTTP/1.1" 304 -
172.17.0.120 - - [04/May/2020:09:30:49 +0800] "GET /xingrg/javascript/jquery_easy_ui/themes/default/images/panel_tool_expand.gif HTTP/1.1" 304 -
172.17.0.120 - - [04/May/2020:09:30:49 +0800] "GET /xingrg/javascript/jquery_easy_ui/themes/default/images/panel_tool_collapse.gif HTTP/1.1" 304 -
172.17.0.120 - - [04/May/2020:09:30:49 +0800] "GET /xingrg/javascript/jquery_easy_ui/themes/default/images/tabs_rightarrow.png HTTP/1.1" 304 -
172.17.0.120 - - [04/May/2020:09:30:49 +0800] "GET /xingrg/images/blue/pingpu.png HTTP/1.1" 304 -
172.17.0.120 - - [04/May/2020:09:30:49 +0800] "POST /xingrg/load_menu.html HTTP/1.1" 200 9924
222.70.183.62 - - [04/May/2020:09:30:50 +0800] "GET /xingrg/kc/buy/cgsh_order_operate.html?command=get_materiel&rest_code=00111&code=00101006038&supplier_code=00100012&order_time=2020-05-04 HTTP/1.1" 200 421
172.17.0.120 - - [04/May/2020:09:30:51 +0800] "GET /xingrg/kc/report/report_main.html HTTP/1.1" 200 7325
172.17.0.120 - - [04/May/2020:09:30:51 +0800] "GET /xingrg/kc/base/base_main.html HTTP/1.1" 200 12132
117.131.5.26 - - [04/May/2020:09:30:52 +0800] "GET /xingrg/all/function/internal_message.html?_=1588556118967&CODE_STATE=getMsg HTTP/1.1" 200 27
222.70.183.62 - - [04/May/2020:09:30:52 +0800] "GET /xingrg/all/function/internal_message.html?_=1588555852416&CODE_STATE=getMsg HTTP/1.1" 200 27
172.17.0.120 - - [04/May/2020:09:30:53 +0800] "GET /xingrg/kc/report/report_main.html HTTP/1.1" 200 7325
172.17.0.120 - - [04/May/2020:09:30:54 +0800] "GET /xingrg/kc/base/crk_hz.html HTTP/1.1" 200 11227
172.17.0.120 - - [04/May/2020:09:30:54 +0800] "POST /xingrg/kc/cost/cost_operate.html?command=get_base_tree HTTP/1.1" 200 2246
172.17.0.120 - - [04/May/2020:09:30:54 +0800] "POST /xingrg/all/common/load_tree.html?tree=materiel_sort_tree_json HTTP/1.1" 200 8666
222.70.183.62 - - [04/May/2020:09:30:55 +0800] "GET /xingrg/all/function/internal_message.html?_=1588556194479&CODE_STATE=getMsg HTTP/1.1" 200 27
180.156.150.85 - - [04/May/2020:09:30:56 +0800] "GET /xingrg/kc/buy/cgsh_order_operate.html?command=get_materiel&rest_code=00105&code=00101001140&supplier_code=00100090&order_time=2020-05-04 HTTP/1.1" 200 415
172.17.0.120 - - [04/May/2020:09:30:56 +0800] "GET /xingrg/all/common/get_data_part.html?part=previousMonth&_=1588555856155 HTTP/1.1" 200 41
116.228.172.94 - - [04/May/2020:09:30:57 +0800] "GET /xingrg/all/function/internal_message.html?_=1588555075693&CODE_STATE=getMsg HTTP/1.1" 200 27
172.17.0.102 - - [04/May/2020:09:30:59 +0800] "POST /xingrg/all/report/load_report_page.html HTTP/1.1" 200 4146
172.17.0.102 - - [04/May/2020:09:30:59 +0800] "GET /xingrg/servlets/image?cache=0.3321574629064621&image=px HTTP/1.1" 200 807
172.17.0.185 - - [04/May/2020:09:30:59 +0800] "GET /xingrg/all/function/internal_message.html?_=1588555858966&CODE_STATE=getMsg HTTP/1.1" 302 -
58.221.95.50 - - [04/May/2020:09:31:00 +0800] "GET /xingrg/all/function/internal_message.html?_=1588555893325&CODE_STATE=getMsg HTTP/1.1" 200 27
58.221.95.50 - - [04/May/2020:09:31:00 +0800] "GET /xingrg/check_reg.html?_=1588555893326 HTTP/1.1" 200 22
172.17.0.102 - - [04/May/2020:09:31:00 +0800] "POST /xingrg/all/report/load_report_page.html HTTP/1.1" 200 60808
172.17.0.102 - - [04/May/2020:09:31:01 +0800] "GET /xingrg/servlets/image?cache=0.5137397144353135&image=px HTTP/1.1" 200 807
180.162.232.172 - - [04/May/2020:09:31:01 +0800] "GET /xingrg/all/function/internal_message.html?_=1588555995190&CODE_STATE=getMsg HTTP/1.1" 200 27
172.17.0.120 - - [04/May/2020:09:31:03 +0800] "GET /xingrg/kc/base/crk_hz.html?_=1588555862947&command=get_cost_id&end_date=2020-04-30&start_date=2020-04-01 HTTP/1.1" 200 51
172.17.0.120 - - [04/May/2020:09:31:03 +0800] "GET /xingrg/all/report/report_query.html?isQuery=1&onlyBody=1&rh=99999&rw=1800&varString=start:20200401,cost_id:2599,mid:20200401&fileName=kc/base/crk_hz_type_by_base.xml&queryString=%20a.base_code%20in%20('0010288','0010293')%20%20and%20m.sort_code%20in%20('00101001','00101002','00101003','00101004','00101005','00101006','00101007','00101008','00101009','00101010','00101011','00101012','00101013','00101014','00101015','00101016','00101017','00101018','00101019','00101020','00101021','00101022','00101023','00101024','00101025','00101026','00101027','00101028','00101029','00101030','00101031','00101032','00101033','00101034','00101036','00101037','00101038','00101039')%20&queryText=ÈÕÆÚ£º2020-04-01ÖÁ2020-04-30%20²Ö¿â£ºº£ÏʳØ,Àä²Ë&tableQueryString=materiel_table$sp1$$sp$before_table$sp1$$sp$crk_table$sp1$order_day%20between%2020200401%20and%2020200430 HTTP/1.1" 200 49780
172.17.0.120 - - [04/May/2020:09:31:03 +0800] "GET /xingrg/dwr/interface/AjaxReportQueryService.js HTTP/1.1" 200 13203
172.17.0.120 - - [04/May/2020:09:31:03 +0800] "GET /xingrg/dwr/util.js HTTP/1.1" 304 -
172.17.0.120 - - [04/May/2020:09:31:03 +0800] "GET /xingrg/dwr/engine.js HTTP/1.1" 200 43631
172.17.0.120 - - [04/May/2020:09:31:04 +0800] "POST /xingrg/all/report/load_report_page.html HTTP/1.1" 200 118628
172.17.0.120 - - [04/May/2020:09:31:04 +0800] "GET /xingrg/servlets/image?cache=0.3064743145505999&image=px HTTP/1.1" 200 807
180.156.150.85 - - [04/May/2020:09:31:07 +0800] "GET /xingrg/kc/buy/cgsh_order_operate.html?command=get_materiel&rest_code=00105&code=00101001043&supplier_code=00100090&order_time=2020-05-04 HTTP/1.1" 200 415
172.17.0.102 - - [04/May/2020:09:31:07 +0800] "GET /xingrg/all/report/report_query.html?isQuery=1&fileName=dma/new_5.0/menu/menu_hz.xml&queryString=(a.sale_day%2520between%252020200401%2520and%252020200430)%2520and%2520(a.sid%2520in%2520(1))%2520and%2520(a.tj_code%253D9)&queryText=%25E3%2580%2590%25E8%2590%25A5%25E4%25B8%259A%25E6%2597%25A5%25E6%259C%259F%253A2020-04-01%2520%25E8%2587%25B3%25202020-04-30%25E3%2580%2591%2520%25E5%25B9%25B6%25E4%25B8%2594%2520%2520%25E3%2580%2590%25E9%2597%25A8%25E5%25BA%2597%25E5%2590%258D%25E7%25A7%25B0%2520%253D%2520%25E6%259D%25BE%25E6%25B1%259F%25E6%25A6%2595%25E6%25B8%25AF%25E3%2580%2591%2520%25E5%25B9%25B6%25E4%25B8%2594%2520%25E3%2580%2590%25E7%25BB%259F%25E8%25AE%25A1%25E7%25B1%25BB%25E5%2588%25AB%2520%253D%2520%25E6%25A5%25BC%25E9%259D%25A2%25E3%2580%2591 HTTP/1.1" 200 54027
172.17.0.102 - - [04/May/2020:09:31:07 +0800] "GET /xingrg/dwr/engine.js HTTP/1.1" 200 43631
172.17.0.102 - - [04/May/2020:09:31:08 +0800] "GET /favicon.ico HTTP/1.1" 404 -
180.156.150.85 - - [04/May/2020:09:31:08 +0800] "GET /xingrg/all/function/internal_message.html?_=1588555869696&CODE_STATE=getMsg HTTP/1.1" 200 27
172.17.0.102 - - [04/May/2020:09:31:08 +0800] "POST /xingrg/all/report/load_report_page.html HTTP/1.1" 200 123368
172.17.0.102 - - [04/May/2020:09:31:08 +0800] "GET /xingrg/servlets/image?cache=0.4824599226646664&image=px HTTP/1.1" 200 807
222.70.183.62 - - [04/May/2020:09:31:09 +0800] "GET /xingrg/kc/buy/cgsh_order_operate.html?command=get_materiel&rest_code=00111&code=00101006129&supplier_code=00100012&order_time=2020-05-04 HTTP/1.1" 200 431
222.69.136.137 - - [04/May/2020:09:31:12 +0800] "GET /xingrg/all/function/internal_message.html?_=1588555870347&CODE_STATE=getMsg HTTP/1.1" 200 27
172.17.0.102 - - [04/May/2020:09:31:18 +0800] "POST /xingrg/all/report/load_report_page.html HTTP/1.1" 200 54305
172.17.0.102 - - [04/May/2020:09:31:18 +0800] "GET /xingrg/servlets/image?cache=0.7151859555895803&image=px HTTP/1.1" 200 807
180.161.113.183 - - [04/May/2020:09:31:25 +0800] "GET /xingrg/all/function/internal_message.html?_=1588556077633&CODE_STATE=getMsg HTTP/1.1" 200 27
222.70.183.62 - - [04/May/2020:09:31:26 +0800] "GET /xingrg/kc/buy/cgsh_order_operate.html?command=get_materiel&rest_code=00111&code=00101006112&supplier_code=00100012&order_time=2020-05-04 HTTP/1.1" 200 409
172.17.0.102 - - [04/May/2020:09:31:27 +0800] "GET /xingrg/all/function/internal_message.html?_=1588555912309&CODE_STATE=getMsg HTTP/1.1" 200 27
172.17.0.102 - - [04/May/2020:09:31:27 +0800] "GET /xingrg/check_reg.html?_=1588555912313 HTTP/1.1" 200 22
180.156.150.85 - - [04/May/2020:09:31:28 +0800] "POST /xingrg/kc/buy/cgsh_order_operate.html HTTP/1.1" 200 37
114.84.33.255 - - [04/May/2020:09:31:29 +0800] "GET /xingrg/all/function/internal_message.html?_=1588555890798&CODE_STATE=getMsg HTTP/1.1" 200 27
180.156.150.85 - - [04/May/2020:09:31:29 +0800] "POST /xingrg/kc/buy/cgsh_order_operate.html HTTP/1.1" 200 3857
180.156.150.85 - - [04/May/2020:09:31:30 +0800] "GET /xingrg/kc/print/load_data.html?order_code=212020050401167&kc_code=cgsh&condition= HTTP/1.1" 200 1203
180.162.232.172 - - [04/May/2020:09:31:32 +0800] "GET /xingrg/all/function/internal_message.html?_=1588555894231&CODE_STATE=getMsg HTTP/1.1" 200 27
120.253.135.82 - - [04/May/2020:09:31:34 +0800] "GET /xingrg/all/function/internal_message.html?_=1588556030378&CODE_STATE=getMsg HTTP/1.1" 200 27
172.17.0.240 - - [04/May/2020:09:31:38 +0800] "GET /xingrg/all/function/internal_message.html?_=1588555898208&CODE_STATE=getMsg HTTP/1.1" 200 27
222.70.183.62 - - [04/May/2020:09:31:40 +0800] "GET /xingrg/kc/buy/cgsh_order_operate.html?command=get_materiel&rest_code=00111&code=00101011005&supplier_code=00100012&order_time=2020-05-04 HTTP/1.1" 200 428
180.156.150.85 - - [04/May/2020:09:31:40 +0800] "GET /xingrg/kc/buy/cgsh_order_add.html HTTP/1.1" 200 58196
180.156.150.85 - - [04/May/2020:09:31:40 +0800] "POST /xingrg/kc/buy/cgsh_order_operate.html HTTP/1.1" 200 8245
180.156.150.85 - - [04/May/2020:09:31:40 +0800] "GET /xingrg/javascript/easyui/themes/default/validatebox.css HTTP/1.1" 404 1104
116.232.36.192 - - [04/May/2020:09:31:40 +0800] "POST /xingrg/services/DataTransmitService HTTP/1.1" 200 524
58.40.7.146 - - [04/May/2020:09:31:42 +0800] "GET /xingrg/all/function/internal_message.html?_=1588555902288&CODE_STATE=getMsg HTTP/1.1" 200 27
58.40.7.146 - - [04/May/2020:09:31:47 +0800] "GET /xingrg/all/function/internal_message.html?_=1588555907546&CODE_STATE=getMsg HTTP/1.1" 302 -
222.70.183.62 - - [04/May/2020:09:31:48 +0800] "GET /xingrg/kc/buy/cgsh_order_operate.html?command=get_materiel&rest_code=00111&code=00101006006&supplier_code=00100012&order_time=2020-05-04 HTTP/1.1" 200 409
172.17.0.120 - - [04/May/2020:09:31:49 +0800] "GET /xingrg/all/function/internal_message.html?_=1588555908852&CODE_STATE=getMsg HTTP/1.1" 200 27
117.131.5.26 - - [04/May/2020:09:31:52 +0800] "GET /xingrg/all/function/internal_message.html?_=1588556178981&CODE_STATE=getMsg HTTP/1.1" 200 27
222.70.183.62 - - [04/May/2020:09:31:52 +0800] "GET /xingrg/all/function/internal_message.html?_=1588555912521&CODE_STATE=getMsg HTTP/1.1" 200 27
222.70.183.62 - - [04/May/2020:09:31:56 +0800] "POST /xingrg/kc/buy/cgsh_order_operate.html HTTP/1.1" 200 37
222.70.183.62 - - [04/May/2020:09:31:57 +0800] "POST /xingrg/kc/buy/cgsh_order_operate.html HTTP/1.1" 200 8023
116.228.172.94 - - [04/May/2020:09:31:57 +0800] "GET /xingrg/all/function/internal_message.html?_=1588555135712&CODE_STATE=getMsg HTTP/1.1" 200 27
222.70.183.62 - - [04/May/2020:09:31:58 +0800] "GET /xingrg/kc/print/load_config.html?kc_code=cgsh HTTP/1.1" 200 1845
222.70.183.62 - - [04/May/2020:09:31:58 +0800] "GET /xingrg/kc/print/load_data.html?order_code=212020050401168&kc_code=cgsh&condition= HTTP/1.1" 200 2826
172.17.0.185 - - [04/May/2020:09:31:59 +0800] "GET /xingrg/all/function/internal_message.html?_=1588555918971&CODE_STATE=getMsg HTTP/1.1" 302 -
58.221.95.50 - - [04/May/2020:09:32:00 +0800] "GET /xingrg/all/function/internal_message.html?_=1588555953324&CODE_STATE=getMsg HTTP/1.1" 200 27
180.162.232.172 - - [04/May/2020:09:32:01 +0800] "GET /xingrg/all/function/internal_message.html?_=1588556055205&CODE_STATE=getMsg HTTP/1.1" 200 27
180.156.150.85 - - [04/May/2020:09:32:08 +0800] "GET /xingrg/all/function/internal_message.html?_=1588555929680&CODE_STATE=getMsg HTTP/1.1" 200 27
222.70.183.62 - - [04/May/2020:09:32:09 +0800] "GET /xingrg/check_reg.html?_=1588555928844 HTTP/1.1" 200 22
222.69.136.137 - - [04/May/2020:09:32:12 +0800] "GET /xingrg/all/function/internal_message.html?_=1588555930353&CODE_STATE=getMsg HTTP/1.1" 200 27
222.69.136.137 - - [04/May/2020:09:32:14 +0800] "POST /xingrg/services/DataTransmitService HTTP/1.1" 200 524
222.69.136.137 - - [04/May/2020:09:32:14 +0800] "POST /xingrg/services/DataTransmitService HTTP/1.1" 200 2327
222.69.136.137 - - [04/May/2020:09:32:15 +0800] "POST /xingrg/services/DataTransmitService HTTP/1.1" 200 2263
222.69.136.137 - - [04/May/2020:09:32:20 +0800] "POST /xingrg/services/DataTransmitService HTTP/1.1" 200 524
222.69.136.137 - - [04/May/2020:09:32:20 +0800] "POST /xingrg/services/DataTransmitService HTTP/1.1" 200 2327
180.161.113.183 - - [04/May/2020:09:32:25 +0800] "GET /xingrg/check_reg.html?_=1588556137566 HTTP/1.1" 200 22
180.161.113.183 - - [04/May/2020:09:32:25 +0800] "GET /xingrg/all/function/internal_message.html?_=1588556137642&CODE_STATE=getMsg HTTP/1.1" 200 27
114.84.33.255 - - [04/May/2020:09:32:27 +0800] "GET /xingrg/check_reg.html?_=1588555948416 HTTP/1.1" 200 22
172.17.0.102 - - [04/May/2020:09:32:27 +0800] "GET /xingrg/all/function/internal_message.html?_=1588555972305&CODE_STATE=getMsg HTTP/1.1" 200 27
114.84.33.255 - - [04/May/2020:09:32:29 +0800] "GET /xingrg/all/function/internal_message.html?_=1588555950815&CODE_STATE=getMsg HTTP/1.1" 200 27
222.69.136.137 - - [04/May/2020:09:32:31 +0800] "POST /xingrg/services/DataTransmitService HTTP/1.1" 200 524
222.69.136.137 - - [04/May/2020:09:32:31 +0800] "POST /xingrg/services/DataTransmitService HTTP/1.1" 200 501
222.69.136.137 - - [04/May/2020:09:32:33 +0800] "POST /xingrg/services/DataTransmitService HTTP/1.1" 200 524
222.69.136.137 - - [04/May/2020:09:32:34 +0800] "POST /xingrg/services/DataTransmitService HTTP/1.1" 200 501
222.69.136.137 - - [04/May/2020:09:32:34 +0800] "POST /xingrg/services/DataTransmitService HTTP/1.1" 200 501
120.253.135.82 - - [04/May/2020:09:32:34 +0800] "GET /xingrg/all/function/internal_message.html?_=1588556090392&CODE_STATE=getMsg HTTP/1.1" 200 27
180.156.150.85 - - [04/May/2020:09:32:37 +0800] "GET /xingrg/kc/buy/cgsh_order_operate.html?command=get_materiel&rest_code=00105&code=00101001115&supplier_code=00100089&order_time=2020-05-04 HTTP/1.1" 200 413
222.69.136.137 - - [04/May/2020:09:32:38 +0800] "POST /xingrg/services/DataTransmitService HTTP/1.1" 200 501
172.17.0.240 - - [04/May/2020:09:32:38 +0800] "GET /xingrg/all/function/internal_message.html?_=1588555958211&CODE_STATE=getMsg HTTP/1.1" 200 27
172.17.0.240 - - [04/May/2020:09:32:38 +0800] "GET /xingrg/check_reg.html?_=1588555958213 HTTP/1.1" 200 22
222.69.136.137 - - [04/May/2020:09:32:42 +0800] "POST /xingrg/services/DataTransmitService HTTP/1.1" 200 501
58.40.7.146 - - [04/May/2020:09:32:42 +0800] "GET /xingrg/all/function/internal_message.html?_=1588555962275&CODE_STATE=getMsg HTTP/1.1" 200 27
222.69.136.137 - - [04/May/2020:09:32:43 +0800] "POST /xingrg/services/DataTransmitService HTTP/1.1" 200 501
222.69.136.137 - - [04/May/2020:09:32:43 +0800] "POST /xingrg/services/DataTransmitService HTTP/1.1" 200 501
222.69.136.137 - - [04/May/2020:09:32:43 +0800] "POST /xingrg/services/DataTransmitService HTTP/1.1" 200 501
222.69.136.137 - - [04/May/2020:09:32:43 +0800] "POST /xingrg/services/DataTransmitService HTTP/1.1" 200 501
222.69.136.137 - - [04/May/2020:09:32:43 +0800] "POST /xingrg/services/DataTransmitService HTTP/1.1" 200 501
222.69.136.137 - - [04/May/2020:09:32:44 +0800] "POST /xingrg/services/DataTransmitService HTTP/1.1" 200 412
58.40.7.146 - - [04/May/2020:09:32:47 +0800] "GET /xingrg/all/function/internal_message.html?_=1588555967548&CODE_STATE=getMsg HTTP/1.1" 302 -
172.17.0.120 - - [04/May/2020:09:32:49 +0800] "GET /xingrg/all/function/internal_message.html?_=1588555968841&CODE_STATE=getMsg HTTP/1.1" 200 27
117.131.5.26 - - [04/May/2020:09:32:52 +0800] "GET /xingrg/all/function/internal_message.html?_=1588556239010&CODE_STATE=getMsg HTTP/1.1" 200 27
222.70.183.62 - - [04/May/2020:09:32:52 +0800] "GET /xingrg/all/function/internal_message.html?_=1588555972535&CODE_STATE=getMsg HTTP/1.1" 200 27
222.70.183.62 - - [04/May/2020:09:32:55 +0800] "GET /xingrg/all/function/internal_message.html?_=1588556314454&CODE_STATE=getMsg HTTP/1.1" 200 27
180.162.232.172 - - [04/May/2020:09:32:56 +0800] "GET /xingrg/check_reg.html?_=1588556110334 HTTP/1.1" 200 22
116.228.172.94 - - [04/May/2020:09:32:56 +0800] "GET /xingrg/check_reg.html?_=1588555194810 HTTP/1.1" 200 22
116.228.172.94 - - [04/May/2020:09:32:57 +0800] "GET /xingrg/all/function/internal_message.html?_=1588555195715&CODE_STATE=getMsg HTTP/1.1" 200 27
172.17.0.185 - - [04/May/2020:09:32:59 +0800] "GET /xingrg/check_reg.html?_=1588555978960 HTTP/1.1" 302 -
172.17.0.185 - - [04/May/2020:09:32:59 +0800] "GET /xingrg/all/function/internal_message.html?_=1588555978966&CODE_STATE=getMsg HTTP/1.1" 302 -
58.221.95.50 - - [04/May/2020:09:33:00 +0800] "GET /xingrg/all/function/internal_message.html?_=1588556013323&CODE_STATE=getMsg HTTP/1.1" 200 27
180.162.232.172 - - [04/May/2020:09:33:01 +0800] "GET /xingrg/all/function/internal_message.html?_=1588556115218&CODE_STATE=getMsg HTTP/1.1" 200 27
58.40.7.146 - - [04/May/2020:09:33:01 +0800] "GET /xingrg/check_reg.html?_=1588555981575 HTTP/1.1" 200 22
180.156.150.85 - - [04/May/2020:09:33:08 +0800] "GET /xingrg/all/function/internal_message.html?_=1588555989640&CODE_STATE=getMsg HTTP/1.1" 200 27
180.156.150.85 - - [04/May/2020:09:33:08 +0800] "POST /xingrg/kc/buy/cgsh_order_operate.html HTTP/1.1" 200 37
180.156.150.85 - - [04/May/2020:09:33:09 +0800] "POST /xingrg/kc/buy/cgsh_order_operate.html HTTP/1.1" 200 2658
180.156.150.85 - - [04/May/2020:09:33:11 +0800] "GET /xingrg/kc/print/load_data.html?order_code=212020050401169&kc_code=cgsh&condition= HTTP/1.1" 200 743
222.69.136.137 - - [04/May/2020:09:33:12 +0800] "GET /xingrg/all/function/internal_message.html?_=1588555990350&CODE_STATE=getMsg HTTP/1.1" 200 27
180.161.113.183 - - [04/May/2020:09:33:25 +0800] "GET /xingrg/all/function/internal_message.html?_=1588556197656&CODE_STATE=getMsg HTTP/1.1" 200 27
172.17.0.102 - - [04/May/2020:09:33:27 +0800] "GET /xingrg/all/function/internal_message.html?_=1588556032296&CODE_STATE=getMsg HTTP/1.1" 200 27
114.84.33.255 - - [04/May/2020:09:33:29 +0800] "GET /xingrg/all/function/internal_message.html?_=1588556010825&CODE_STATE=getMsg HTTP/1.1" 200 27
120.253.135.82 - - [04/May/2020:09:33:34 +0800] "GET /xingrg/all/function/internal_message.html?_=1588556150410&CODE_STATE=getMsg HTTP/1.1" 200 27
117.131.5.26 - - [04/May/2020:09:33:36 +0800] "GET /xingrg/check_reg.html?_=1588556283052 HTTP/1.1" 200 22
172.17.0.240 - - [04/May/2020:09:33:38 +0800] "GET /xingrg/all/function/internal_message.html?_=1588556018218&CODE_STATE=getMsg HTTP/1.1" 200 27
58.40.7.146 - - [04/May/2020:09:33:42 +0800] "GET /xingrg/all/function/internal_message.html?_=1588556022248&CODE_STATE=getMsg HTTP/1.1" 200 27
58.40.7.146 - - [04/May/2020:09:33:47 +0800] "GET /xingrg/all/function/internal_message.html?_=1588556027549&CODE_STATE=getMsg HTTP/1.1" 302 -
172.17.0.120 - - [04/May/2020:09:33:49 +0800] "GET /xingrg/all/function/internal_message.html?_=1588556028848&CODE_STATE=getMsg HTTP/1.1" 200 27
117.131.5.26 - - [04/May/2020:09:33:52 +0800] "GET /xingrg/all/function/internal_message.html?_=1588556299023&CODE_STATE=getMsg HTTP/1.1" 200 27
222.70.183.62 - - [04/May/2020:09:33:52 +0800] "GET /xingrg/all/function/internal_message.html?_=1588556032550&CODE_STATE=getMsg HTTP/1.1" 200 27
222.70.183.62 - - [04/May/2020:09:33:55 +0800] "GET /xingrg/all/function/internal_message.html?_=1588556374428&CODE_STATE=getMsg HTTP/1.1" 200 27
116.228.172.94 - - [04/May/2020:09:33:57 +0800] "GET /xingrg/all/function/internal_message.html?_=1588555255729&CODE_STATE=getMsg HTTP/1.1" 200 27
172.17.0.185 - - [04/May/2020:09:33:59 +0800] "GET /xingrg/all/function/internal_message.html?_=1588556038970&CODE_STATE=getMsg HTTP/1.1" 302 -
58.221.95.50 - - [04/May/2020:09:34:00 +0800] "GET /xingrg/all/function/internal_message.html?_=1588556073322&CODE_STATE=getMsg HTTP/1.1" 200 27
180.162.232.172 - - [04/May/2020:09:34:01 +0800] "GET /xingrg/all/function/internal_message.html?_=1588556175231&CODE_STATE=getMsg HTTP/1.1" 200 27
180.156.150.85 - - [04/May/2020:09:34:08 +0800] "GET /xingrg/all/function/internal_message.html?_=1588556049622&CODE_STATE=getMsg HTTP/1.1" 200 27
222.69.136.137 - - [04/May/2020:09:34:12 +0800] "GET /xingrg/check_reg.html?_=1588556050359 HTTP/1.1" 200 22
222.69.136.137 - - [04/May/2020:09:34:12 +0800] "GET /xingrg/all/function/internal_message.html?_=1588556050368&CODE_STATE=getMsg HTTP/1.1" 200 27
172.17.0.240 - - [04/May/2020:09:34:16 +0800] "GET /xingrg/system/rest/list_page.html?p=menu HTTP/1.1" 200 110871
172.17.0.240 - - [04/May/2020:09:34:16 +0800] "GET /xingrg/css/table.css HTTP/1.1" 200 3684
172.17.0.240 - - [04/May/2020:09:34:16 +0800] "GET /xingrg/dwr/interface/AjaxGetFirstChart.js HTTP/1.1" 200 631
172.17.0.240 - - [04/May/2020:09:34:16 +0800] "GET /xingrg/dwr/engine.js HTTP/1.1" 200 43631
172.17.0.240 - - [04/May/2020:09:34:16 +0800] "GET /xingrg/javascript/jquery_easy_ui/easyui-lang-zh_CN.js HTTP/1.1" 200 1900
172.17.0.240 - - [04/May/2020:09:34:16 +0800] "GET /xingrg/javascript/jquery.form.js HTTP/1.1" 200 23110
172.17.0.240 - - [04/May/2020:09:34:16 +0800] "GET /xingrg/javascript/jquery.shich.js HTTP/1.1" 200 4857
172.17.0.240 - - [04/May/2020:09:34:16 +0800] "GET /xingrg/javascript/convert.js HTTP/1.1" 200 1239
172.17.0.240 - - [04/May/2020:09:34:16 +0800] "GET /xingrg/images/control/ajaxLoader.gif HTTP/1.1" 200 4659
172.17.0.240 - - [04/May/2020:09:34:16 +0800] "GET /xingrg/javascript/jquery_easy_ui/themes/icons/check_new.png HTTP/1.1" 200 3224
172.17.0.240 - - [04/May/2020:09:34:16 +0800] "GET /xingrg/javascript/jquery_easy_ui/themes/icons/uncheck_new.png HTTP/1.1" 200 3197
172.17.0.240 - - [04/May/2020:09:34:16 +0800] "GET /xingrg/javascript/jquery_easy_ui/themes/default/images/button_span_bg.gif HTTP/1.1" 200 2061
172.17.0.240 - - [04/May/2020:09:34:16 +0800] "GET /xingrg/javascript/jquery_easy_ui/themes/icons/ok.png HTTP/1.1" 200 883
172.17.0.240 - - [04/May/2020:09:34:16 +0800] "GET /xingrg/javascript/jquery_easy_ui/themes/default/images/pagination_first.gif HTTP/1.1" 200 925
172.17.0.240 - - [04/May/2020:09:34:16 +0800] "GET /xingrg/javascript/jquery_easy_ui/themes/default/images/pagination_prev.gif HTTP/1.1" 200 879
172.17.0.240 - - [04/May/2020:09:34:16 +0800] "GET /xingrg/javascript/jquery_easy_ui/themes/default/images/pagination_next.gif HTTP/1.1" 200 875
172.17.0.240 - - [04/May/2020:09:34:16 +0800] "GET /xingrg/javascript/jquery_easy_ui/themes/default/images/pagination_last.gif HTTP/1.1" 200 923
172.17.0.240 - - [04/May/2020:09:34:16 +0800] "GET /xingrg/javascript/jquery_easy_ui/themes/default/images/pagination_load.png HTTP/1.1" 200 827
172.17.0.240 - - [04/May/2020:09:34:16 +0800] "GET /xingrg/system/rest/query_items.html?_=1588556056323&table=menu&page=1&rows=20&categoryId=&key= HTTP/1.1" 200 4721
172.17.0.240 - - [04/May/2020:09:34:19 +0800] "GET /xingrg/system/rest/query_items.html?_=1588556059174&table=menu&page=1&rows=20&categoryId=&key=%25E4%25BC%259A%25E5%2591%2598%25E5%258D%25A1 HTTP/1.1" 200 716
172.17.0.240 - - [04/May/2020:09:34:21 +0800] "GET /xingrg/system/rest/query_items.html?_=1588556060747&table=menu&page=1&rows=20&categoryId=&key=%25E4%25BC%259A%25E5%2591%2598%25E5%258D%25A1 HTTP/1.1" 200 716
172.17.0.240 - - [04/May/2020:09:34:22 +0800] "GET /xingrg/system/rest/get_item.html?table=menu&id=4078&_=1588556062205 HTTP/1.1" 200 927
172.17.0.240 - - [04/May/2020:09:34:22 +0800] "GET /xingrg/javascript/jquery_easy_ui/themes/default/images/panel_tools.gif HTTP/1.1" 200 737
172.17.0.240 - - [04/May/2020:09:34:22 +0800] "GET /xingrg/javascript/jquery_easy_ui/themes/default/images/panel_title.png HTTP/1.1" 200 266
172.17.0.240 - - [04/May/2020:09:34:22 +0800] "GET /xingrg/system/rest/get_item.html?table=menu&target=menu_rest&id=4078&_=1588556062234 HTTP/1.1" 200 61
172.17.0.240 - - [04/May/2020:09:34:22 +0800] "GET /xingrg/system/rest/get_item.html?table=menu&target=cook_mode&id=4078&_=1588556062233 HTTP/1.1" 200 61
172.17.0.240 - - [04/May/2020:09:34:23 +0800] "GET /xingrg/system/rest/get_infos.html?command=menu_img_show&id=4078 HTTP/1.1" 200 5
180.161.113.183 - - [04/May/2020:09:34:25 +0800] "GET /xingrg/all/function/internal_message.html?_=1588556257668&CODE_STATE=getMsg HTTP/1.1" 200 27
172.17.0.102 - - [04/May/2020:09:34:27 +0800] "GET /xingrg/all/function/internal_message.html?_=1588556092294&CODE_STATE=getMsg HTTP/1.1" 200 27
114.84.33.255 - - [04/May/2020:09:34:29 +0800] "GET /xingrg/all/function/internal_message.html?_=1588556070840&CODE_STATE=getMsg HTTP/1.1" 200 27
120.253.135.82 - - [04/May/2020:09:34:34 +0800] "GET /xingrg/all/function/internal_message.html?_=1588556210420&CODE_STATE=getMsg HTTP/1.1" 200 27
172.17.0.240 - - [04/May/2020:09:34:38 +0800] "GET /xingrg/all/function/internal_message.html?_=1588556078212&CODE_STATE=getMsg HTTP/1.1" 200 27
58.40.7.146 - - [04/May/2020:09:34:42 +0800] "GET /xingrg/all/function/internal_message.html?_=1588556082219&CODE_STATE=getMsg HTTP/1.1" 200 27
58.40.7.146 - - [04/May/2020:09:34:47 +0800] "GET /xingrg/check_reg.html?_=1588556087552 HTTP/1.1" 302 -
58.40.7.146 - - [04/May/2020:09:34:47 +0800] "GET /xingrg/all/function/internal_message.html?_=1588556087555&CODE_STATE=getMsg HTTP/1.1" 302 -
172.17.0.120 - - [04/May/2020:09:34:49 +0800] "GET /xingrg/all/function/internal_message.html?_=1588556088840&CODE_STATE=getMsg HTTP/1.1" 200 27
117.131.5.26 - - [04/May/2020:09:34:52 +0800] "GET /xingrg/all/function/internal_message.html?_=1588556359036&CODE_STATE=getMsg HTTP/1.1" 200 27
