222.69.136.137 - - [04/May/2020:10:23:40 +0800] "GET /xingrg/kc/buy/cgsh_order_info.html?code=212020050401217 HTTP/1.1" 200 53104
58.40.7.146 - - [04/May/2020:10:23:41 +0800] "GET /xingrg/all/function/internal_message.html?_=1588559020921&CODE_STATE=getMsg HTTP/1.1" 200 27
114.86.190.97 - - [04/May/2020:10:23:41 +0800] "GET /xingrg/check_reg.html?_=1588559021219 HTTP/1.1" 200 22
114.84.151.157 - - [04/May/2020:10:23:41 +0800] "GET /xingrg/kc/buy/cgsh_order_operate.html?command=get_materiel&rest_code=00141&code=00101008331&supplier_code=00100007&order_time=2020-05-04 HTTP/1.1" 200 416
222.69.136.137 - - [04/May/2020:10:23:41 +0800] "GET /xingrg/javascript/easyui/themes/default/validatebox.css HTTP/1.1" 404 1104
222.69.136.137 - - [04/May/2020:10:23:41 +0800] "POST /xingrg/kc/buy/cgsh_order_operate.html HTTP/1.1" 200 2991
114.86.190.97 - - [04/May/2020:10:23:42 +0800] "GET /xingrg/all/function/internal_message.html?_=1588559022071&CODE_STATE=getMsg HTTP/1.1" 200 27
172.17.0.120 - - [04/May/2020:10:23:42 +0800] "GET /xingrg/all/report/report_query.html?isQuery=1&fileName=kc/base/crk_detail_by_materiel.xml&queryString=&queryText=%25E3%2580%2590%25E4%25BB%2593%25E5%25BA%2593%25E5%2590%258D%25E7%25A7%25B0%253A%25E7%25B2%25A4%25E8%258F%259C%25E3%2580%2591%25E3%2580%2590%25E4%25B8%259A%25E5%258A%25A1%25E7%25B1%25BB%25E5%259E%258B%25EF%25BC%259A%25E9%2587%2587%25E8%25B4%25AD%25E5%2585%25A5%25E5%25BA%2593%25E3%2580%2591%2520%253F%253F%253F%253F%253F2020-04-01%253F%253F2020-04-30%2520%253F%253F%253F%253F%253F%253F%253F%253F%252C%253F%253F%253F%253F%252C%253F%253F%253F%252C%253F%253F%25C2%25B1%252C%253F%253F%253F%253F%252C%253F%253F%253F%253F%252C%253F%253F%253F%253F&tableQueryString=crk_table%2524sp1%2524order_day%2520between%252020200401%2520and%252020200430%2520and%2520(base_code%253D'0010401')%2520and%2520(src_order_type%2520in%2520(21))%2520and%2520(is_rk%2520in%2520(1))%2520and%2520(m.sort_code%253D'00101023') HTTP/1.1" 200 53790
172.17.0.120 - - [04/May/2020:10:23:42 +0800] "GET /xingrg/dwr/interface/AjaxReportQueryService.js HTTP/1.1" 200 13203
172.17.0.120 - - [04/May/2020:10:23:42 +0800] "GET /xingrg/dwr/engine.js HTTP/1.1" 200 43631
172.17.0.120 - - [04/May/2020:10:23:43 +0800] "POST /xingrg/all/report/load_report_page.html HTTP/1.1" 200 19089
172.17.0.120 - - [04/May/2020:10:23:43 +0800] "GET /xingrg/servlets/image?cache=0.6218127693242183&image=px HTTP/1.1" 200 807
222.69.136.137 - - [04/May/2020:10:23:44 +0800] "GET /xingrg/kc/print/load_data.html?order_code=212020050401217&kc_code=cgsh&condition= HTTP/1.1" 200 1642
180.162.232.172 - - [04/May/2020:10:23:46 +0800] "GET /xingrg/check_reg.html?_=1588559160625 HTTP/1.1" 200 22
180.162.232.172 - - [04/May/2020:10:23:46 +0800] "GET /xingrg/all/function/internal_message.html?_=1588559160936&CODE_STATE=getMsg HTTP/1.1" 200 27
117.131.5.26 - - [04/May/2020:10:23:47 +0800] "GET /xingrg/all/report/report_query.html?fileName=dma/new_5.0/yingye/yy_hz.xml&rw=1600 HTTP/1.1" 200 56155
117.131.5.26 - - [04/May/2020:10:23:47 +0800] "GET /xingrg/css/blue.css HTTP/1.1" 304 -
117.131.5.26 - - [04/May/2020:10:23:47 +0800] "GET /xingrg/javascript/multi_select/jqueryMultiSelect.css HTTP/1.1" 304 -
117.131.5.26 - - [04/May/2020:10:23:47 +0800] "GET /xingrg/javascript/calendar/timePicker.css HTTP/1.1" 304 -
117.131.5.26 - - [04/May/2020:10:23:47 +0800] "GET /xingrg/javascript/bigrid/fix.css HTTP/1.1" 304 -
117.131.5.26 - - [04/May/2020:10:23:47 +0800] "GET /xingrg/javascript/pic_change.js HTTP/1.1" 304 -
117.131.5.26 - - [04/May/2020:10:23:47 +0800] "GET /xingrg/javascript/myfunction.js HTTP/1.1" 304 -
117.131.5.26 - - [04/May/2020:10:23:47 +0800] "GET /xingrg/dwr/interface/AjaxReportQueryService.js HTTP/1.1" 200 13203
117.131.5.26 - - [04/May/2020:10:23:47 +0800] "GET /xingrg/javascript/jqueryMultiSelect.js HTTP/1.1" 304 -
117.131.5.26 - - [04/May/2020:10:23:47 +0800] "GET /xingrg/javascript/calendar/jquery.timePicker.min.js HTTP/1.1" 304 -
117.131.5.26 - - [04/May/2020:10:23:47 +0800] "GET /xingrg/javascript/bigrid/fix.js HTTP/1.1" 304 -
117.131.5.26 - - [04/May/2020:10:23:47 +0800] "GET /xingrg/dwr/engine.js HTTP/1.1" 200 43631
117.131.5.26 - - [04/May/2020:10:23:47 +0800] "GET /xingrg/images/control/loading.gif HTTP/1.1" 304 -
117.131.5.26 - - [04/May/2020:10:23:47 +0800] "GET /xingrg/images/blue/button/advanceover.gif HTTP/1.1" 304 -
117.131.5.26 - - [04/May/2020:10:23:47 +0800] "GET /xingrg/images/blue/button/advance2over.gif HTTP/1.1" 304 -
117.131.5.26 - - [04/May/2020:10:23:47 +0800] "GET /xingrg/images/blue/button/backover.gif HTTP/1.1" 304 -
117.131.5.26 - - [04/May/2020:10:23:47 +0800] "GET /xingrg/images/blue/button/back2over.gif HTTP/1.1" 304 -
117.131.5.26 - - [04/May/2020:10:23:47 +0800] "GET /xingrg/javascript/jquery_easy_ui/themes/icons/help.png HTTP/1.1" 304 -
117.131.5.26 - - [04/May/2020:10:23:47 +0800] "GET /xingrg/javascript/jquery_easy_ui/themes/default/images/menu_downarrow.png HTTP/1.1" 304 -
117.131.5.26 - - [04/May/2020:10:23:47 +0800] "GET /xingrg/javascript/jquery_easy_ui/themes/default/images/menu.gif HTTP/1.1" 304 -
117.131.5.26 - - [04/May/2020:10:23:47 +0800] "GET /xingrg/javascript/jquery_easy_ui/themes/icons/print.png HTTP/1.1" 304 -
117.131.5.26 - - [04/May/2020:10:23:47 +0800] "GET /xingrg/javascript/jquery_easy_ui/themes/default/images/menu_rightarrow.png HTTP/1.1" 304 -
117.131.5.26 - - [04/May/2020:10:23:47 +0800] "POST /xingrg/dwr/call/plaincall/AjaxReportQueryService.getFixDate.dwr HTTP/1.1" 200 111
58.40.7.146 - - [04/May/2020:10:23:47 +0800] "GET /xingrg/all/function/internal_message.html?_=1588559027607&CODE_STATE=getMsg HTTP/1.1" 302 -
117.131.5.26 - - [04/May/2020:10:23:47 +0800] "GET /xingrg/javascript/jquery_easy_ui/themes/default/images/combo_arrow_dot.gif HTTP/1.1" 304 -
117.131.5.26 - - [04/May/2020:10:23:47 +0800] "POST /xingrg/all/common/load_tree.html?tree=area_station_tree_json&manage=1 HTTP/1.1" 200 345
117.131.5.26 - - [04/May/2020:10:23:47 +0800] "GET /xingrg/javascript/jquery_easy_ui/themes/default/images/tree_checkbox_0.gif HTTP/1.1" 304 -
180.161.113.183 - - [04/May/2020:10:23:48 +0800] "GET /xingrg/all/function/internal_message.html?_=1588559220441&CODE_STATE=getMsg HTTP/1.1" 200 27
114.84.151.157 - - [04/May/2020:10:23:48 +0800] "GET /xingrg/kc/buy/cgsh_order_operate.html?command=get_materiel&rest_code=00141&code=00101008350&supplier_code=00100007&order_time=2020-05-04 HTTP/1.1" 200 408
117.184.7.26 - - [04/May/2020:10:23:49 +0800] "GET /xingrg/all/function/internal_message.html?_=1588559027423&CODE_STATE=getMsg HTTP/1.1" 200 27
117.131.5.26 - - [04/May/2020:10:23:53 +0800] "GET /xingrg/all/function/internal_message.html?_=1588559300029&CODE_STATE=getMsg HTTP/1.1" 200 27
172.17.0.103 - - [04/May/2020:10:23:54 +0800] "GET /xingrg/all/function/internal_message.html?_=1588559035215&CODE_STATE=getMsg HTTP/1.1" 200 27
222.70.183.62 - - [04/May/2020:10:23:55 +0800] "GET /xingrg/all/function/internal_message.html?_=1588559034867&CODE_STATE=getMsg HTTP/1.1" 200 27
114.84.151.157 - - [04/May/2020:10:23:56 +0800] "GET /xingrg/kc/buy/cgsh_order_operate.html?command=get_materiel&rest_code=00141&code=00101008168&supplier_code=00100007&order_time=2020-05-04 HTTP/1.1" 200 413
117.131.5.26 - - [04/May/2020:10:23:59 +0800] "GET /xingrg/javascript/jquery_easy_ui/themes/default/images/tree_checkbox_1.gif HTTP/1.1" 304 -
172.17.0.185 - - [04/May/2020:10:23:59 +0800] "GET /xingrg/all/function/internal_message.html?_=1588559038976&CODE_STATE=getMsg HTTP/1.1" 302 -
117.131.5.26 - - [04/May/2020:10:24:01 +0800] "POST /xingrg/dwr/call/plaincall/AjaxReportQueryService.refreshCache.dwr HTTP/1.1" 200 78
117.131.5.26 - - [04/May/2020:10:24:01 +0800] "GET /xingrg/all/function/internal_message.html?_=1588559043307&CODE_STATE=getMsg HTTP/1.1" 200 27
117.131.5.26 - - [04/May/2020:10:24:01 +0800] "POST /xingrg/all/report/load_report_page.html HTTP/1.1" 200 32817
117.131.5.26 - - [04/May/2020:10:24:01 +0800] "GET /xingrg/servlets/image?cache=0.6314758487857282&image=px HTTP/1.1" 200 807
114.84.151.157 - - [04/May/2020:10:24:03 +0800] "GET /xingrg/all/function/internal_message.html?_=1588559042674&CODE_STATE=getMsg HTTP/1.1" 200 27
114.84.151.157 - - [04/May/2020:10:24:04 +0800] "GET /xingrg/kc/buy/cgsh_order_operate.html?command=get_materiel&rest_code=00141&code=00101008224&supplier_code=00100007&order_time=2020-05-04 HTTP/1.1" 200 416
180.156.150.85 - - [04/May/2020:10:24:06 +0800] "GET /xingrg/all/function/internal_message.html?_=1588559048359&CODE_STATE=getMsg HTTP/1.1" 200 27
222.69.136.137 - - [04/May/2020:10:24:12 +0800] "GET /xingrg/check_reg.html?_=1588559050435 HTTP/1.1" 200 22
222.69.136.137 - - [04/May/2020:10:24:12 +0800] "GET /xingrg/all/function/internal_message.html?_=1588559050441&CODE_STATE=getMsg HTTP/1.1" 200 27
222.69.136.137 - - [04/May/2020:10:24:13 +0800] "GET /xingrg/kc/buy/cgsh_order_add.html HTTP/1.1" 200 58202
222.69.136.137 - - [04/May/2020:10:24:14 +0800] "POST /xingrg/kc/buy/cgsh_order_operate.html HTTP/1.1" 200 8245
222.69.136.137 - - [04/May/2020:10:24:14 +0800] "GET /xingrg/javascript/easyui/themes/default/validatebox.css HTTP/1.1" 404 1104
172.17.0.106 - - [04/May/2020:10:24:14 +0800] "GET /xingrg/all/function/internal_message.html?_=1588559054895&CODE_STATE=getMsg HTTP/1.1" 200 27
61.151.207.141 - - [04/May/2020:10:24:15 +0800] "GET /xingrg/all/function/internal_message.html?_=1588558262626&CODE_STATE=getMsg HTTP/1.1" 302 -
114.84.32.201 - - [04/May/2020:10:24:16 +0800] "GET /xingrg/all/function/internal_message.html?_=1588559056389&CODE_STATE=getMsg HTTP/1.1" 200 27
114.84.151.157 - - [04/May/2020:10:24:18 +0800] "GET /xingrg/kc/buy/cgsh_order_operate.html?command=get_materiel&rest_code=00141&code=00101008276&supplier_code=00100007&order_time=2020-05-04 HTTP/1.1" 200 412
172.17.0.120 - - [04/May/2020:10:24:20 +0800] "GET /xingrg/all/function/internal_message.html?_=1588559059982&CODE_STATE=getMsg HTTP/1.1" 200 27
61.151.207.141 - - [04/May/2020:10:24:22 +0800] "GET /xingrg/login.html HTTP/1.1" 200 7641
114.84.151.157 - - [04/May/2020:10:24:24 +0800] "GET /xingrg/kc/buy/cgsh_order_operate.html?command=get_materiel&rest_code=00141&code=00101013144&supplier_code=00100007&order_time=2020-05-04 HTTP/1.1" 200 413
172.17.0.102 - - [04/May/2020:10:24:27 +0800] "GET /xingrg/all/function/internal_message.html?_=1588559092379&CODE_STATE=getMsg HTTP/1.1" 200 27
114.84.151.157 - - [04/May/2020:10:24:31 +0800] "GET /xingrg/kc/buy/cgsh_order_operate.html?command=get_materiel&rest_code=00141&code=00101009056&supplier_code=00100007&order_time=2020-05-04 HTTP/1.1" 200 412
114.84.33.255 - - [04/May/2020:10:24:31 +0800] "GET /xingrg/all/function/internal_message.html?_=1588559073157&CODE_STATE=getMsg HTTP/1.1" 200 27
180.162.102.27 - - [04/May/2020:10:24:32 +0800] "GET /xingrg/all/function/internal_message.html?_=1588558510560&CODE_STATE=getMsg HTTP/1.1" 200 27
117.185.32.26 - - [04/May/2020:10:24:33 +0800] "GET /xingrg/all/function/internal_message.html?_=1588559494944&CODE_STATE=getMsg HTTP/1.1" 200 27
120.253.135.82 - - [04/May/2020:10:24:35 +0800] "GET /xingrg/all/function/internal_message.html?_=1588559211254&CODE_STATE=getMsg HTTP/1.1" 200 27
172.17.0.240 - - [04/May/2020:10:24:38 +0800] "GET /xingrg/all/function/internal_message.html?_=1588559078209&CODE_STATE=getMsg HTTP/1.1" 200 27
222.69.136.137 - - [04/May/2020:10:24:40 +0800] "GET /xingrg/kc/buy/cgsh_order_operate.html?command=get_materiel&rest_code=00149&code=00101006129&supplier_code=00100012&order_time=2020-05-04 HTTP/1.1" 200 431
58.40.7.146 - - [04/May/2020:10:24:41 +0800] "GET /xingrg/all/function/internal_message.html?_=1588559080894&CODE_STATE=getMsg HTTP/1.1" 200 27
114.86.190.97 - - [04/May/2020:10:24:42 +0800] "GET /xingrg/all/function/internal_message.html?_=1588559082085&CODE_STATE=getMsg HTTP/1.1" 200 27
114.84.151.157 - - [04/May/2020:10:24:44 +0800] "GET /xingrg/kc/buy/cgsh_order_operate.html?command=get_materiel&rest_code=00141&code=00101019312&supplier_code=00100007&order_time=2020-05-04 HTTP/1.1" 200 464
180.162.232.172 - - [04/May/2020:10:24:46 +0800] "GET /xingrg/all/function/internal_message.html?_=1588559220949&CODE_STATE=getMsg HTTP/1.1" 200 27
58.40.7.146 - - [04/May/2020:10:24:47 +0800] "GET /xingrg/all/function/internal_message.html?_=1588559087610&CODE_STATE=getMsg HTTP/1.1" 302 -
58.40.7.146 - - [04/May/2020:10:24:47 +0800] "GET /xingrg/check_reg.html?_=1588559087612 HTTP/1.1" 302 -
180.161.113.183 - - [04/May/2020:10:24:48 +0800] "GET /xingrg/all/function/internal_message.html?_=1588559280453&CODE_STATE=getMsg HTTP/1.1" 200 27
117.184.7.26 - - [04/May/2020:10:24:49 +0800] "GET /xingrg/all/function/internal_message.html?_=1588559087427&CODE_STATE=getMsg HTTP/1.1" 200 27
117.131.5.26 - - [04/May/2020:10:24:53 +0800] "GET /xingrg/all/function/internal_message.html?_=1588559360043&CODE_STATE=getMsg HTTP/1.1" 200 27
172.17.0.103 - - [04/May/2020:10:24:54 +0800] "GET /xingrg/all/function/internal_message.html?_=1588559095219&CODE_STATE=getMsg HTTP/1.1" 200 27
222.70.183.62 - - [04/May/2020:10:24:55 +0800] "GET /xingrg/all/function/internal_message.html?_=1588559094971&CODE_STATE=getMsg HTTP/1.1" 200 27
222.69.136.137 - - [04/May/2020:10:24:55 +0800] "GET /xingrg/kc/buy/cgsh_order_operate.html?command=get_materiel&rest_code=00149&code=00101006057&supplier_code=00100012&order_time=2020-05-04 HTTP/1.1" 200 413
172.17.0.185 - - [04/May/2020:10:24:59 +0800] "GET /xingrg/all/function/internal_message.html?_=1588559098965&CODE_STATE=getMsg HTTP/1.1" 302 -
117.131.5.26 - - [04/May/2020:10:25:01 +0800] "GET /xingrg/all/function/internal_message.html?_=1588559103307&CODE_STATE=getMsg HTTP/1.1" 200 27
114.84.151.157 - - [04/May/2020:10:25:01 +0800] "GET /xingrg/kc/buy/cgsh_order_operate.html?command=get_materiel&rest_code=00141&code=00101008307&supplier_code=00100007&order_time=2020-05-04 HTTP/1.1" 200 420
114.84.151.157 - - [04/May/2020:10:25:03 +0800] "GET /xingrg/all/function/internal_message.html?_=1588559102715&CODE_STATE=getMsg HTTP/1.1" 200 27
180.156.150.85 - - [04/May/2020:10:25:06 +0800] "GET /xingrg/all/function/internal_message.html?_=1588559108335&CODE_STATE=getMsg HTTP/1.1" 200 27
114.84.151.157 - - [04/May/2020:10:25:08 +0800] "POST /xingrg/kc/buy/cgsh_order_operate.html HTTP/1.1" 200 2065
180.156.150.85 - - [04/May/2020:10:25:08 +0800] "GET /xingrg/check_reg.html?_=1588559109898 HTTP/1.1" 200 22
222.69.136.137 - - [04/May/2020:10:25:11 +0800] "GET /xingrg/kc/buy/cgsh_order_operate.html?command=get_materiel&rest_code=00149&code=00101006229&supplier_code=00100012&order_time=2020-05-04 HTTP/1.1" 200 412
222.69.136.137 - - [04/May/2020:10:25:12 +0800] "GET /xingrg/all/function/internal_message.html?_=1588559110470&CODE_STATE=getMsg HTTP/1.1" 200 27
172.17.0.106 - - [04/May/2020:10:25:14 +0800] "GET /xingrg/all/function/internal_message.html?_=1588559114895&CODE_STATE=getMsg HTTP/1.1" 200 27
114.84.151.157 - - [04/May/2020:10:25:14 +0800] "GET /xingrg/kc/buy/cgsh_order_operate.html?command=get_materiel&rest_code=00141&code=00101008236&supplier_code=00100007&order_time=2020-05-04 HTTP/1.1" 200 416
114.84.32.201 - - [04/May/2020:10:25:16 +0800] "GET /xingrg/all/function/internal_message.html?_=1588559116370&CODE_STATE=getMsg HTTP/1.1" 200 27
172.17.0.103 - - [04/May/2020:10:25:16 +0800] "POST /xingrg/all/user/operate.html HTTP/1.1" 200 36
172.17.0.103 - - [04/May/2020:10:25:17 +0800] "GET /xingrg/index.html?sysBaseUrl=http%3A%2F%2F172.17.0.8%3A18081%2Fxingrg%2F&costTime=41×tamp=1588558557741 HTTP/1.1" 200 17454
172.17.0.103 - - [04/May/2020:10:25:17 +0800] "GET /xingrg/javascript/jquery_easy_ui/themes/default/easyui.css HTTP/1.1" 304 -
172.17.0.103 - - [04/May/2020:10:25:17 +0800] "GET /xingrg/javascript/jquery_easy_ui/themes/icon.css HTTP/1.1" 304 -
172.17.0.103 - - [04/May/2020:10:25:17 +0800] "GET /xingrg/css/form.css HTTP/1.1" 304 -
172.17.0.103 - - [04/May/2020:10:25:17 +0800] "GET /xingrg/javascript/jquery-1.4.2.min.js HTTP/1.1" 304 -
172.17.0.103 - - [04/May/2020:10:25:17 +0800] "GET /xingrg/javascript/jquery_easy_ui/jquery.easyui.min.js HTTP/1.1" 304 -
172.17.0.103 - - [04/May/2020:10:25:17 +0800] "GET /xingrg/javascript/jquery_easy_ui/easyui-lang-zh_CN.js HTTP/1.1" 304 -
172.17.0.103 - - [04/May/2020:10:25:17 +0800] "GET /xingrg/javascript/jquery.form.js HTTP/1.1" 304 -
172.17.0.103 - - [04/May/2020:10:25:17 +0800] "GET /xingrg/javascript/jquery.utils.js HTTP/1.1" 304 -
172.17.0.103 - - [04/May/2020:10:25:17 +0800] "GET /xingrg/javascript/jquery.timers.js HTTP/1.1" 304 -
172.17.0.103 - - [04/May/2020:10:25:17 +0800] "GET /xingrg/images/blue/jxLogo.png HTTP/1.1" 304 -
172.17.0.103 - - [04/May/2020:10:25:17 +0800] "GET /xingrg/images/blue/navBackgound.jpg HTTP/1.1" 304 -
172.17.0.103 - - [04/May/2020:10:25:17 +0800] "GET /xingrg/javascript/jquery_easy_ui/themes/icons/settle_new.png HTTP/1.1" 304 -
172.17.0.103 - - [04/May/2020:10:25:17 +0800] "POST /xingrg/all/common/load_tree.html?tree=area_rest_tree_json&manage=1 HTTP/1.1" 200 3088
172.17.0.103 - - [04/May/2020:10:25:17 +0800] "GET /xingrg/all/function/internal_message.html?_=1588559117476&CODE_STATE=count HTTP/1.1" 200 11
172.17.0.103 - - [04/May/2020:10:25:17 +0800] "GET /xingrg/check_reg.html?_=1588559117478 HTTP/1.1" 200 22
172.17.0.103 - - [04/May/2020:10:25:17 +0800] "GET /xingrg/javascript/jquery_easy_ui/themes/default/images/panel_tool_expand.gif HTTP/1.1" 304 -
172.17.0.103 - - [04/May/2020:10:25:17 +0800] "GET /xingrg/javascript/jquery_easy_ui/themes/default/images/tabs_rightarrow.png HTTP/1.1" 304 -
172.17.0.103 - - [04/May/2020:10:25:17 +0800] "GET /xingrg/javascript/jquery_easy_ui/themes/default/images/panel_tool_collapse.gif HTTP/1.1" 304 -
172.17.0.103 - - [04/May/2020:10:25:17 +0800] "GET /xingrg/images/blue/pingpu.png HTTP/1.1" 304 -
172.17.0.103 - - [04/May/2020:10:25:17 +0800] "GET /xingrg/javascript/jquery_easy_ui/themes/default/images/tabs_leftarrow.png HTTP/1.1" 304 -
172.17.0.103 - - [04/May/2020:10:25:17 +0800] "POST /xingrg/load_menu.html HTTP/1.1" 200 9924
172.17.0.103 - - [04/May/2020:10:25:18 +0800] "GET /xingrg/kc/report/report_main.html HTTP/1.1" 200 7325
172.17.0.120 - - [04/May/2020:10:25:20 +0800] "GET /xingrg/all/function/internal_message.html?_=1588559119984&CODE_STATE=getMsg HTTP/1.1" 200 27
172.17.0.103 - - [04/May/2020:10:25:21 +0800] "GET /xingrg/kc/base/crk_hz.html HTTP/1.1" 200 11227
172.17.0.103 - - [04/May/2020:10:25:21 +0800] "POST /xingrg/kc/cost/cost_operate.html?command=get_base_tree HTTP/1.1" 200 2246
172.17.0.103 - - [04/May/2020:10:25:21 +0800] "POST /xingrg/all/common/load_tree.html?tree=materiel_sort_tree_json HTTP/1.1" 200 8666
114.84.151.157 - - [04/May/2020:10:25:22 +0800] "GET /xingrg/kc/buy/cgsh_order_operate.html?command=get_materiel&rest_code=00141&code=00101008351&supplier_code=00100007&order_time=2020-05-04 HTTP/1.1" 200 408
172.17.0.103 - - [04/May/2020:10:25:23 +0800] "GET /xingrg/all/common/get_data_part.html?part=previousMonth&_=1588559123631 HTTP/1.1" 200 41
116.232.36.192 - - [04/May/2020:10:25:23 +0800] "POST /xingrg/services/DataTransmitService HTTP/1.1" 401 565
116.232.36.192 - - [04/May/2020:10:25:23 +0800] "POST /xingrg/services/DataTransmitService HTTP/1.1" 200 478
116.232.36.192 - - [04/May/2020:10:25:23 +0800] "POST /xingrg/services/DataTransmitService HTTP/1.1" 200 1320
116.232.36.192 - - [04/May/2020:10:25:24 +0800] "POST /xingrg/services/DataTransmitService HTTP/1.1" 200 478
116.232.36.192 - - [04/May/2020:10:25:24 +0800] "POST /xingrg/services/DataTransmitService HTTP/1.1" 200 1320
116.232.36.192 - - [04/May/2020:10:25:24 +0800] "POST /xingrg/services/DataTransmitService HTTP/1.1" 200 524
116.232.36.192 - - [04/May/2020:10:25:24 +0800] "POST /xingrg/services/DataTransmitService HTTP/1.1" 200 2451
116.232.36.192 - - [04/May/2020:10:25:24 +0800] "POST /xingrg/services/DataTransmitService HTTP/1.1" 200 2247
116.232.36.192 - - [04/May/2020:10:25:24 +0800] "POST /xingrg/services/DataTransmitService HTTP/1.1" 200 1479
116.232.36.192 - - [04/May/2020:10:25:25 +0800] "POST /xingrg/services/DataTransmitService HTTP/1.1" 200 162304
172.17.0.103 - - [04/May/2020:10:25:27 +0800] "GET /xingrg/kc/base/crk_hz.html?_=1588559128147&command=get_cost_id&end_date=2020-04-30&start_date=2020-04-01 HTTP/1.1" 200 51
172.17.0.103 - - [04/May/2020:10:25:27 +0800] "GET /xingrg/all/report/report_query.html?isQuery=1&onlyBody=1&rh=99999&rw=1800&varString=start:20200401,cost_id:2613,mid:20200401&fileName=kc/base/crk_hz_type_by_base.xml&queryString=%20m.sort_code%20in%20('00101001','00101002','00101003','00101004','00101005','00101006','00101007','00101008','00101009','00101010','00101011','00101012','00101013','00101014','00101015','00101016','00101017','00101018','00101019','00101020','00101021','00101022','00101023','00101024','00101025','00101026','00101027','00101028','00101029','00101030','00101031','00101032','00101033','00101034','00101036','00101037','00101038','00101039')%20&queryText=ÈÕÆÚ£º2020-04-01ÖÁ2020-04-30&tableQueryString=materiel_table$sp1$$sp$before_table$sp1$$sp$crk_table$sp1$order_day%20between%2020200401%20and%2020200430 HTTP/1.1" 200 49725
172.17.0.102 - - [04/May/2020:10:25:27 +0800] "GET /xingrg/all/function/internal_message.html?_=1588559152380&CODE_STATE=getMsg HTTP/1.1" 200 27
172.17.0.103 - - [04/May/2020:10:25:28 +0800] "GET /xingrg/dwr/interface/AjaxReportQueryService.js HTTP/1.1" 200 13203
172.17.0.103 - - [04/May/2020:10:25:28 +0800] "GET /xingrg/dwr/engine.js HTTP/1.1" 200 43631
172.17.0.103 - - [04/May/2020:10:25:29 +0800] "POST /xingrg/all/report/load_report_page.html HTTP/1.1" 200 668324
172.17.0.103 - - [04/May/2020:10:25:29 +0800] "GET /xingrg/servlets/image?cache=0.4166902892253883&image=px HTTP/1.1" 200 807
114.84.33.255 - - [04/May/2020:10:25:31 +0800] "GET /xingrg/all/function/internal_message.html?_=1588559133170&CODE_STATE=getMsg HTTP/1.1" 200 27
180.162.102.27 - - [04/May/2020:10:25:32 +0800] "GET /xingrg/all/function/internal_message.html?_=1588558570559&CODE_STATE=getMsg HTTP/1.1" 200 27
117.185.32.26 - - [04/May/2020:10:25:33 +0800] "GET /xingrg/all/function/internal_message.html?_=1588559554930&CODE_STATE=getMsg HTTP/1.1" 200 27
120.253.135.82 - - [04/May/2020:10:25:33 +0800] "GET /xingrg/check_reg.html?_=1588559269221 HTTP/1.1" 200 22
114.84.151.157 - - [04/May/2020:10:25:34 +0800] "GET /xingrg/kc/buy/cgsh_order_operate.html?command=get_materiel&rest_code=00141&code=00101008355&supplier_code=00100007&order_time=2020-05-04 HTTP/1.1" 200 408
120.253.135.82 - - [04/May/2020:10:25:35 +0800] "GET /xingrg/all/function/internal_message.html?_=1588559271268&CODE_STATE=getMsg HTTP/1.1" 200 27
222.69.136.137 - - [04/May/2020:10:25:37 +0800] "POST /xingrg/kc/buy/cgsh_order_operate.html HTTP/1.1" 200 37
172.17.0.240 - - [04/May/2020:10:25:38 +0800] "GET /xingrg/all/function/internal_message.html?_=1588559138208&CODE_STATE=getMsg HTTP/1.1" 200 27
58.40.7.146 - - [04/May/2020:10:25:41 +0800] "GET /xingrg/all/function/internal_message.html?_=1588559140868&CODE_STATE=getMsg HTTP/1.1" 200 27
114.84.151.157 - - [04/May/2020:10:25:41 +0800] "GET /xingrg/kc/buy/cgsh_order_operate.html?command=get_materiel&rest_code=00141&code=00101008126&supplier_code=00100007&order_time=2020-05-04 HTTP/1.1" 200 412
114.84.33.255 - - [04/May/2020:10:25:42 +0800] "GET /xingrg/kc/buy/cgsh_order_add.html HTTP/1.1" 200 58202
114.86.190.97 - - [04/May/2020:10:25:42 +0800] "GET /xingrg/all/function/internal_message.html?_=1588559142098&CODE_STATE=getMsg HTTP/1.1" 200 27
114.84.33.255 - - [04/May/2020:10:25:42 +0800] "POST /xingrg/kc/buy/cgsh_order_operate.html HTTP/1.1" 200 8245
114.84.33.255 - - [04/May/2020:10:25:43 +0800] "GET /xingrg/javascript/easyui/themes/default/validatebox.css HTTP/1.1" 404 1104
180.162.232.172 - - [04/May/2020:10:25:46 +0800] "GET /xingrg/all/function/internal_message.html?_=1588559280963&CODE_STATE=getMsg HTTP/1.1" 200 27
222.69.136.137 - - [04/May/2020:10:25:47 +0800] "POST /xingrg/kc/buy/cgsh_order_operate.html HTTP/1.1" 200 12
58.40.7.146 - - [04/May/2020:10:25:47 +0800] "GET /xingrg/all/function/internal_message.html?_=1588559147598&CODE_STATE=getMsg HTTP/1.1" 302 -
114.84.151.157 - - [04/May/2020:10:25:47 +0800] "GET /xingrg/kc/buy/cgsh_order_operate.html?command=get_materiel&rest_code=00141&code=00101008199&supplier_code=00100007&order_time=2020-05-04 HTTP/1.1" 200 410
180.161.113.183 - - [04/May/2020:10:25:48 +0800] "GET /xingrg/all/function/internal_message.html?_=1588559341175&CODE_STATE=getMsg HTTP/1.1" 200 27
222.69.136.137 - - [04/May/2020:10:25:49 +0800] "GET /xingrg/kc/buy/cgsh_order_info.html?code=212020050401218 HTTP/1.1" 200 53104
117.184.7.26 - - [04/May/2020:10:25:49 +0800] "GET /xingrg/all/function/internal_message.html?_=1588559147431&CODE_STATE=getMsg HTTP/1.1" 200 27
222.69.136.137 - - [04/May/2020:10:25:50 +0800] "GET /xingrg/words/20200503150949_words.js HTTP/1.1" 304 -
114.84.151.157 - - [04/May/2020:10:25:50 +0800] "POST /xingrg/kc/buy/cgsh_order_operate.html HTTP/1.1" 200 2065
222.69.136.137 - - [04/May/2020:10:25:50 +0800] "GET /xingrg/javascript/easyui/themes/default/validatebox.css HTTP/1.1" 404 1104
222.69.136.137 - - [04/May/2020:10:25:50 +0800] "POST /xingrg/kc/buy/cgsh_order_operate.html HTTP/1.1" 200 1831
222.69.136.137 - - [04/May/2020:10:25:53 +0800] "GET /xingrg/kc/print/load_data.html?order_code=212020050401218&kc_code=cgsh&condition= HTTP/1.1" 200 1290
114.84.151.157 - - [04/May/2020:10:25:53 +0800] "GET /xingrg/kc/buy/cgsh_order_operate.html?command=get_materiel&rest_code=00141&code=00101008003&supplier_code=00100007&order_time=2020-05-04 HTTP/1.1" 200 408
117.131.5.26 - - [04/May/2020:10:25:53 +0800] "GET /xingrg/all/function/internal_message.html?_=1588559420072&CODE_STATE=getMsg HTTP/1.1" 200 27
222.70.183.62 - - [04/May/2020:10:25:55 +0800] "GET /xingrg/all/function/internal_message.html?_=1588559154971&CODE_STATE=getMsg HTTP/1.1" 200 27
114.84.151.157 - - [04/May/2020:10:25:58 +0800] "GET /xingrg/kc/buy/cgsh_order_operate.html?command=get_materiel&rest_code=00141&code=00101008210&supplier_code=00100007&order_time=2020-05-04 HTTP/1.1" 200 408
172.17.0.185 - - [04/May/2020:10:25:59 +0800] "GET /xingrg/all/function/internal_message.html?_=1588559158970&CODE_STATE=getMsg HTTP/1.1" 302 -
117.131.5.26 - - [04/May/2020:10:26:01 +0800] "GET /xingrg/all/function/internal_message.html?_=1588559163323&CODE_STATE=getMsg HTTP/1.1" 200 27
222.70.183.62 - - [04/May/2020:10:26:02 +0800] "POST /xingrg/services/DataTransmitService HTTP/1.1" 200 524
222.70.183.62 - - [04/May/2020:10:26:02 +0800] "POST /xingrg/services/DataTransmitService HTTP/1.1" 200 501
222.70.183.62 - - [04/May/2020:10:26:02 +0800] "POST /xingrg/services/DataTransmitService HTTP/1.1" 200 501
222.70.183.62 - - [04/May/2020:10:26:02 +0800] "POST /xingrg/services/DataTransmitService HTTP/1.1" 200 501
222.69.136.137 - - [04/May/2020:10:26:02 +0800] "GET /xingrg/kc/buy/cgsh_order_add.html HTTP/1.1" 200 58202
222.70.183.62 - - [04/May/2020:10:26:02 +0800] "POST /xingrg/services/DataTransmitService HTTP/1.1" 200 501
222.70.183.62 - - [04/May/2020:10:26:03 +0800] "POST /xingrg/services/DataTransmitService HTTP/1.1" 200 412
222.69.136.137 - - [04/May/2020:10:26:03 +0800] "POST /xingrg/kc/buy/cgsh_order_operate.html HTTP/1.1" 200 8245
222.69.136.137 - - [04/May/2020:10:26:03 +0800] "GET /xingrg/javascript/easyui/themes/default/validatebox.css HTTP/1.1" 404 1104
114.84.151.157 - - [04/May/2020:10:26:03 +0800] "GET /xingrg/all/function/internal_message.html?_=1588559162675&CODE_STATE=getMsg HTTP/1.1" 200 27
114.84.151.157 - - [04/May/2020:10:26:06 +0800] "GET /xingrg/kc/buy/cgsh_order_operate.html?command=get_materiel&rest_code=00141&code=00101008270&supplier_code=00100007&order_time=2020-05-04 HTTP/1.1" 200 412
180.156.150.85 - - [04/May/2020:10:26:06 +0800] "GET /xingrg/all/function/internal_message.html?_=1588559168311&CODE_STATE=getMsg HTTP/1.1" 200 27
222.69.136.137 - - [04/May/2020:10:26:09 +0800] "GET /xingrg/kc/buy/cgsh_order_add.html HTTP/1.1" 200 58202
114.84.33.255 - - [04/May/2020:10:26:09 +0800] "GET /xingrg/kc/buy/cgsh_order_operate.html?command=get_materiel&rest_code=00146&code=00101004063&supplier_code=00100094&order_time=2020-05-04 HTTP/1.1" 200 413
222.69.136.137 - - [04/May/2020:10:26:09 +0800] "POST /xingrg/kc/buy/cgsh_order_operate.html HTTP/1.1" 200 8245
222.69.136.137 - - [04/May/2020:10:26:09 +0800] "GET /xingrg/javascript/easyui/themes/default/validatebox.css HTTP/1.1" 404 1104
116.232.36.192 - - [04/May/2020:10:26:11 +0800] "POST /xingrg/services/DataTransmitService HTTP/1.1" 200 45454
116.232.36.192 - - [04/May/2020:10:26:11 +0800] "POST /xingrg/services/DataTransmitService HTTP/1.1" 200 19237
222.69.136.137 - - [04/May/2020:10:26:12 +0800] "GET /xingrg/all/function/internal_message.html?_=1588559170443&CODE_STATE=getMsg HTTP/1.1" 200 27
116.232.36.192 - - [04/May/2020:10:26:13 +0800] "POST /xingrg/services/DataTransmitService HTTP/1.1" 200 524
116.232.36.192 - - [04/May/2020:10:26:13 +0800] "POST /xingrg/services/DataTransmitService HTTP/1.1" 200 2451
172.17.0.106 - - [04/May/2020:10:26:14 +0800] "GET /xingrg/all/function/internal_message.html?_=1588559174900&CODE_STATE=getMsg HTTP/1.1" 200 27
114.84.32.201 - - [04/May/2020:10:26:15 +0800] "GET /xingrg/check_reg.html?_=1588559175978 HTTP/1.1" 200 22
114.84.32.201 - - [04/May/2020:10:26:16 +0800] "GET /xingrg/all/function/internal_message.html?_=1588559176356&CODE_STATE=getMsg HTTP/1.1" 200 27
172.17.0.103 - - [04/May/2020:10:26:17 +0800] "GET /xingrg/all/function/internal_message.html?_=1588559177488&CODE_STATE=getMsg HTTP/1.1" 200 27
222.70.183.62 - - [04/May/2020:10:26:19 +0800] "POST /xingrg/services/DataTransmitService HTTP/1.1" 200 524
172.17.0.120 - - [04/May/2020:10:26:20 +0800] "GET /xingrg/all/function/internal_message.html?_=1588559179975&CODE_STATE=getMsg HTTP/1.1" 200 27
222.70.183.62 - - [04/May/2020:10:26:23 +0800] "POST /xingrg/services/DataTransmitService HTTP/1.1" 200 501
222.70.183.62 - - [04/May/2020:10:26:24 +0800] "POST /xingrg/services/DataTransmitService HTTP/1.1" 200 501
222.69.136.137 - - [04/May/2020:10:26:26 +0800] "GET /xingrg/kc/buy/cgsh_order_operate.html?command=get_materiel&rest_code=00149&code=00101012026&supplier_code=00100036&order_time=2020-05-04 HTTP/1.1" 200 408
172.17.0.102 - - [04/May/2020:10:26:27 +0800] "GET /xingrg/all/function/internal_message.html?_=1588559212372&CODE_STATE=getMsg HTTP/1.1" 200 27
172.17.0.102 - - [04/May/2020:10:26:27 +0800] "GET /xingrg/check_reg.html?_=1588559212376 HTTP/1.1" 200 22
114.84.33.255 - - [04/May/2020:10:26:31 +0800] "GET /xingrg/all/function/internal_message.html?_=1588559193184&CODE_STATE=getMsg HTTP/1.1" 200 27
180.162.102.27 - - [04/May/2020:10:26:32 +0800] "GET /xingrg/all/function/internal_message.html?_=1588558630559&CODE_STATE=getMsg HTTP/1.1" 200 27
222.70.183.62 - - [04/May/2020:10:26:32 +0800] "POST /xingrg/services/DataTransmitService HTTP/1.1" 200 501
117.185.32.26 - - [04/May/2020:10:26:33 +0800] "GET /xingrg/all/function/internal_message.html?_=1588559614931&CODE_STATE=getMsg HTTP/1.1" 200 27
116.232.36.192 - - [04/May/2020:10:26:35 +0800] "POST /xingrg/services/DataTransmitService HTTP/1.1" 200 524
222.70.183.62 - - [04/May/2020:10:26:35 +0800] "POST /xingrg/services/DataTransmitService HTTP/1.1" 200 501
116.232.36.192 - - [04/May/2020:10:26:35 +0800] "POST /xingrg/services/DataTransmitService HTTP/1.1" 200 2451
222.70.183.62 - - [04/May/2020:10:26:35 +0800] "POST /xingrg/services/DataTransmitService HTTP/1.1" 200 501
120.253.135.82 - - [04/May/2020:10:26:35 +0800] "GET /xingrg/all/function/internal_message.html?_=1588559331282&CODE_STATE=getMsg HTTP/1.1" 200 27
222.70.183.62 - - [04/May/2020:10:26:35 +0800] "POST /xingrg/services/DataTransmitService HTTP/1.1" 200 501
222.70.183.62 - - [04/May/2020:10:26:36 +0800] "POST /xingrg/services/DataTransmitService HTTP/1.1" 200 501
222.70.183.62 - - [04/May/2020:10:26:36 +0800] "POST /xingrg/services/DataTransmitService HTTP/1.1" 200 501
222.70.183.62 - - [04/May/2020:10:26:36 +0800] "POST /xingrg/services/DataTransmitService HTTP/1.1" 200 412
222.69.136.137 - - [04/May/2020:10:26:37 +0800] "POST /xingrg/kc/buy/cgsh_order_operate.html HTTP/1.1" 200 37
172.17.0.240 - - [04/May/2020:10:26:38 +0800] "GET /xingrg/all/function/internal_message.html?_=1588559198209&CODE_STATE=getMsg HTTP/1.1" 200 27
58.40.7.146 - - [04/May/2020:10:26:41 +0800] "GET /xingrg/all/function/internal_message.html?_=1588559200854&CODE_STATE=getMsg HTTP/1.1" 200 27
222.69.136.137 - - [04/May/2020:10:26:41 +0800] "POST /xingrg/kc/buy/cgsh_order_operate.html HTTP/1.1" 200 12
114.86.190.97 - - [04/May/2020:10:26:42 +0800] "GET /xingrg/all/function/internal_message.html?_=1588559202334&CODE_STATE=getMsg HTTP/1.1" 200 27
222.69.136.137 - - [04/May/2020:10:26:43 +0800] "GET /xingrg/kc/buy/cgsh_order_info.html?code=212020050401219 HTTP/1.1" 200 53106
222.69.136.137 - - [04/May/2020:10:26:44 +0800] "GET /xingrg/javascript/easyui/themes/default/validatebox.css HTTP/1.1" 404 1104
222.69.136.137 - - [04/May/2020:10:26:44 +0800] "POST /xingrg/kc/buy/cgsh_order_operate.html HTTP/1.1" 200 601
180.162.232.172 - - [04/May/2020:10:26:46 +0800] "GET /xingrg/all/function/internal_message.html?_=1588559340987&CODE_STATE=getMsg HTTP/1.1" 200 27
58.40.7.146 - - [04/May/2020:10:26:47 +0800] "GET /xingrg/all/function/internal_message.html?_=1588559207603&CODE_STATE=getMsg HTTP/1.1" 302 -
180.161.113.183 - - [04/May/2020:10:26:48 +0800] "GET /xingrg/all/function/internal_message.html?_=1588559401183&CODE_STATE=getMsg HTTP/1.1" 200 27
117.184.7.26 - - [04/May/2020:10:26:49 +0800] "GET /xingrg/check_reg.html?_=1588559207431 HTTP/1.1" 200 22
117.184.7.26 - - [04/May/2020:10:26:49 +0800] "GET /xingrg/all/function/internal_message.html?_=1588559207433&CODE_STATE=getMsg HTTP/1.1" 200 27
117.131.5.26 - - [04/May/2020:10:26:53 +0800] "GET /xingrg/all/function/internal_message.html?_=1588559480085&CODE_STATE=getMsg HTTP/1.1" 200 27
222.70.183.62 - - [04/May/2020:10:26:55 +0800] "GET /xingrg/all/function/internal_message.html?_=1588559215078&CODE_STATE=getMsg HTTP/1.1" 200 27
172.17.0.119 - - [04/May/2020:10:26:59 +0800] "POST /xingrg/login.do HTTP/1.1" 302 -
172.17.0.119 - - [04/May/2020:10:26:59 +0800] "GET /xingrg/index.html?sysBaseUrl=http%3A%2F%2F172.17.0.8%3A18081%2Fxingrg%2F&costTime=40×tamp=1588559219688 HTTP/1.1" 200 17448
172.17.0.185 - - [04/May/2020:10:26:59 +0800] "GET /xingrg/all/function/internal_message.html?_=1588559218961&CODE_STATE=getMsg HTTP/1.1" 302 -
172.17.0.119 - - [04/May/2020:10:26:59 +0800] "GET /favicon.ico HTTP/1.1" 404 -
172.17.0.119 - - [04/May/2020:10:27:00 +0800] "POST /xingrg/all/common/load_tree.html?tree=area_rest_tree_json&manage=1 HTTP/1.1" 200 3088
172.17.0.119 - - [04/May/2020:10:27:00 +0800] "GET /xingrg/all/function/internal_message.html?_=1588559222102&CODE_STATE=count HTTP/1.1" 200 11
172.17.0.119 - - [04/May/2020:10:27:00 +0800] "GET /xingrg/check_reg.html?_=1588559222104 HTTP/1.1" 200 22
172.17.0.119 - - [04/May/2020:10:27:00 +0800] "GET /xingrg/images/blue/pingpu.png HTTP/1.1" 304 -
172.17.0.119 - - [04/May/2020:10:27:00 +0800] "GET /xingrg/javascript/jquery_easy_ui/themes/default/images/panel_tool_collapse.gif HTTP/1.1" 304 -
172.17.0.119 - - [04/May/2020:10:27:00 +0800] "POST /xingrg/load_menu.html HTTP/1.1" 200 11529
114.84.151.157 - - [04/May/2020:10:27:00 +0800] "POST /xingrg/kc/buy/cgsh_order_operate.html HTTP/1.1" 200 37
117.131.5.26 - - [04/May/2020:10:27:01 +0800] "GET /xingrg/all/function/internal_message.html?_=1588559223323&CODE_STATE=getMsg HTTP/1.1" 200 27
114.84.151.157 - - [04/May/2020:10:27:02 +0800] "POST /xingrg/kc/buy/cgsh_order_operate.html HTTP/1.1" 200 12
114.84.151.157 - - [04/May/2020:10:27:03 +0800] "GET /xingrg/kc/buy/cgsh_order_info.html?code=212020050401220 HTTP/1.1" 200 53104
114.84.151.157 - - [04/May/2020:10:27:03 +0800] "GET /xingrg/javascript/easyui/themes/default/validatebox.css HTTP/1.1" 404 1104
114.84.151.157 - - [04/May/2020:10:27:03 +0800] "POST /xingrg/kc/buy/cgsh_order_operate.html HTTP/1.1" 200 16087
114.84.151.157 - - [04/May/2020:10:27:03 +0800] "GET /xingrg/all/function/internal_message.html?_=1588559222712&CODE_STATE=getMsg HTTP/1.1" 200 27
114.84.151.157 - - [04/May/2020:10:27:04 +0800] "GET /xingrg/kc/print/load_data.html?order_code=212020050401220&kc_code=cgsh&condition= HTTP/1.1" 200 6674
172.17.0.119 - - [04/May/2020:10:27:06 +0800] "POST /xingrg/all/user/operate.html HTTP/1.1" 200 36
172.17.0.119 - - [04/May/2020:10:27:06 +0800] "GET /xingrg/index.html?sysBaseUrl=http%3A%2F%2F172.17.0.8%3A18081%2Fxingrg%2F&costTime=40×tamp=1588559219688 HTTP/1.1" 200 17454
172.17.0.119 - - [04/May/2020:10:27:06 +0800] "GET /xingrg/javascript/jquery_easy_ui/themes/default/easyui.css HTTP/1.1" 304 -
172.17.0.119 - - [04/May/2020:10:27:06 +0800] "GET /xingrg/javascript/jquery_easy_ui/themes/icon.css HTTP/1.1" 304 -
172.17.0.119 - - [04/May/2020:10:27:06 +0800] "GET /xingrg/css/form.css HTTP/1.1" 304 -
172.17.0.119 - - [04/May/2020:10:27:06 +0800] "GET /xingrg/javascript/jquery-1.4.2.min.js HTTP/1.1" 304 -
172.17.0.119 - - [04/May/2020:10:27:06 +0800] "GET /xingrg/javascript/jquery_easy_ui/jquery.easyui.min.js HTTP/1.1" 304 -
172.17.0.119 - - [04/May/2020:10:27:06 +0800] "GET /xingrg/javascript/jquery_easy_ui/easyui-lang-zh_CN.js HTTP/1.1" 304 -
172.17.0.119 - - [04/May/2020:10:27:06 +0800] "GET /xingrg/javascript/jquery.form.js HTTP/1.1" 304 -
172.17.0.119 - - [04/May/2020:10:27:06 +0800] "GET /xingrg/javascript/jquery.utils.js HTTP/1.1" 304 -
172.17.0.119 - - [04/May/2020:10:27:06 +0800] "GET /xingrg/javascript/jquery.timers.js HTTP/1.1" 304 -
172.17.0.119 - - [04/May/2020:10:27:06 +0800] "GET /xingrg/images/blue/jxLogo.png HTTP/1.1" 304 -
172.17.0.119 - - [04/May/2020:10:27:06 +0800] "GET /xingrg/images/blue/navBackgound.jpg HTTP/1.1" 304 -
172.17.0.119 - - [04/May/2020:10:27:06 +0800] "GET /xingrg/javascript/jquery_easy_ui/themes/icons/settle_new.png HTTP/1.1" 304 -
172.17.0.119 - - [04/May/2020:10:27:06 +0800] "POST /xingrg/all/common/load_tree.html?tree=area_rest_tree_json&manage=1 HTTP/1.1" 200 3088
172.17.0.119 - - [04/May/2020:10:27:06 +0800] "GET /xingrg/all/function/internal_message.html?_=1588559228788&CODE_STATE=count HTTP/1.1" 200 11
172.17.0.119 - - [04/May/2020:10:27:06 +0800] "GET /xingrg/check_reg.html?_=1588559228790 HTTP/1.1" 200 22
172.17.0.119 - - [04/May/2020:10:27:06 +0800] "GET /xingrg/javascript/jquery_easy_ui/themes/default/images/tabs_leftarrow.png HTTP/1.1" 304 -
172.17.0.119 - - [04/May/2020:10:27:06 +0800] "GET /xingrg/javascript/jquery_easy_ui/themes/default/images/panel_tool_expand.gif HTTP/1.1" 304 -
172.17.0.119 - - [04/May/2020:10:27:06 +0800] "GET /xingrg/javascript/jquery_easy_ui/themes/default/images/panel_tool_collapse.gif HTTP/1.1" 304 -
172.17.0.119 - - [04/May/2020:10:27:06 +0800] "GET /xingrg/javascript/jquery_easy_ui/themes/default/images/tabs_rightarrow.png HTTP/1.1" 304 -
172.17.0.119 - - [04/May/2020:10:27:06 +0800] "GET /xingrg/images/blue/pingpu.png HTTP/1.1" 304 -
180.156.150.85 - - [04/May/2020:10:27:06 +0800] "GET /xingrg/all/function/internal_message.html?_=1588559228288&CODE_STATE=getMsg HTTP/1.1" 200 27
172.17.0.119 - - [04/May/2020:10:27:06 +0800] "POST /xingrg/load_menu.html HTTP/1.1" 200 9924
172.17.0.119 - - [04/May/2020:10:27:07 +0800] "GET /xingrg/kc/report/report_main.html HTTP/1.1" 200 7325
172.17.0.119 - - [04/May/2020:10:27:09 +0800] "GET /xingrg/kc/base/crk_hz.html HTTP/1.1" 200 11227
222.70.183.62 - - [04/May/2020:10:27:09 +0800] "GET /xingrg/check_reg.html?_=1588559228903 HTTP/1.1" 200 22
172.17.0.119 - - [04/May/2020:10:27:09 +0800] "POST /xingrg/kc/cost/cost_operate.html?command=get_base_tree HTTP/1.1" 200 2246
172.17.0.119 - - [04/May/2020:10:27:09 +0800] "POST /xingrg/all/common/load_tree.html?tree=materiel_sort_tree_json HTTP/1.1" 200 8666
172.17.0.119 - - [04/May/2020:10:27:10 +0800] "GET /xingrg/all/common/get_data_part.html?part=previousMonth&_=1588559232801 HTTP/1.1" 200 41
222.69.136.137 - - [04/May/2020:10:27:12 +0800] "GET /xingrg/all/function/internal_message.html?_=1588559230427&CODE_STATE=getMsg HTTP/1.1" 200 27
114.84.151.157 - - [04/May/2020:10:27:12 +0800] "GET /xingrg/kc/buy/cgsh_order_add.html HTTP/1.1" 200 58202
114.84.151.157 - - [04/May/2020:10:27:12 +0800] "POST /xingrg/kc/buy/cgsh_order_operate.html HTTP/1.1" 200 8245
114.84.151.157 - - [04/May/2020:10:27:12 +0800] "GET /xingrg/javascript/easyui/themes/default/validatebox.css HTTP/1.1" 404 1104
172.17.0.106 - - [04/May/2020:10:27:14 +0800] "GET /xingrg/all/function/internal_message.html?_=1588559234879&CODE_STATE=getMsg HTTP/1.1" 200 27
172.17.0.103 - - [04/May/2020:10:27:14 +0800] "GET /xingrg/kc/base/yddb_order_list.html HTTP/1.1" 200 16847
172.17.0.119 - - [04/May/2020:10:27:15 +0800] "GET /xingrg/kc/base/crk_hz.html?_=1588559237318&command=get_cost_id&end_date=2020-04-30&start_date=2020-04-01 HTTP/1.1" 200 51
172.17.0.119 - - [04/May/2020:10:27:15 +0800] "GET /xingrg/all/report/report_query.html?isQuery=1&onlyBody=1&rh=99999&rw=1800&varString=start:20200401,cost_id:2600,mid:20200401&fileName=kc/base/crk_hz_type_by_base.xml&queryString=%20m.sort_code%20in%20('00101001','00101002','00101003','00101004','00101005','00101006','00101007','00101008','00101009','00101010','00101011','00101012','00101013','00101014','00101015','00101016','00101017','00101018','00101019','00101020','00101021','00101022','00101023','00101024','00101025','00101026','00101027','00101028','00101029','00101030','00101031','00101032','00101033','00101034','00101036','00101037','00101038','00101039')%20&queryText=ÈÕÆÚ£º2020-04-01ÖÁ2020-04-30&tableQueryString=materiel_table$sp1$$sp$before_table$sp1$$sp$crk_table$sp1$order_day%20between%2020200401%20and%2020200430 HTTP/1.1" 200 49725
172.17.0.119 - - [04/May/2020:10:27:15 +0800] "GET /xingrg/dwr/interface/AjaxReportQueryService.js HTTP/1.1" 200 13203
172.17.0.119 - - [04/May/2020:10:27:15 +0800] "GET /xingrg/dwr/engine.js HTTP/1.1" 200 43631
172.17.0.119 - - [04/May/2020:10:27:15 +0800] "GET /xingrg/dwr/util.js HTTP/1.1" 200 35990
172.17.0.103 - - [04/May/2020:10:27:15 +0800] "POST /xingrg/kc/base/yddb_list_operate.html HTTP/1.1" 200 583
172.17.0.119 - - [04/May/2020:10:27:16 +0800] "POST /xingrg/all/report/load_report_page.html HTTP/1.1" 200 644125
172.17.0.119 - - [04/May/2020:10:27:17 +0800] "GET /xingrg/servlets/image?cache=0.5910223662090481&image=px HTTP/1.1" 200 807
172.17.0.103 - - [04/May/2020:10:27:17 +0800] "GET /xingrg/all/function/internal_message.html?_=1588559237492&CODE_STATE=getMsg HTTP/1.1" 200 27
172.17.0.103 - - [04/May/2020:10:27:19 +0800] "POST /xingrg/kc/base/yddb_list_operate.html HTTP/1.1" 200 3997
172.17.0.120 - - [04/May/2020:10:27:20 +0800] "GET /xingrg/all/function/internal_message.html?_=1588559239983&CODE_STATE=getMsg HTTP/1.1" 200 27
172.17.0.103 - - [04/May/2020:10:27:21 +0800] "POST /xingrg/kc/base/yddb_list_operate.html HTTP/1.1" 200 208
172.17.0.103 - - [04/May/2020:10:27:23 +0800] "GET /xingrg/kc/base/yddb_order_info.html?code=482020041500058 HTTP/1.1" 200 31309
172.17.0.103 - - [04/May/2020:10:27:23 +0800] "GET /xingrg/dwr/interface/AjaxComOrderService.js HTTP/1.1" 200 18264
172.17.0.103 - - [04/May/2020:10:27:23 +0800] "GET /xingrg/dwr/interface/AjaxYddbService.js HTTP/1.1" 200 13201
172.17.0.103 - - [04/May/2020:10:27:23 +0800] "GET /xingrg/dwr/engine.js HTTP/1.1" 200 43631
172.17.0.103 - - [04/May/2020:10:27:24 +0800] "POST /xingrg/dwr/call/plaincall/AjaxYddbService.loadMaterielItems.dwr HTTP/1.1" 200 403
114.84.151.157 - - [04/May/2020:10:27:24 +0800] "GET /xingrg/kc/buy/cgsh_order_operate.html?command=get_materiel&rest_code=00141&code=00101008323&supplier_code=00100007&order_time=2020-05-04 HTTP/1.1" 200 408
180.161.113.183 - - [04/May/2020:10:27:27 +0800] "GET /xingrg/check_reg.html?_=1588559439682 HTTP/1.1" 200 22
172.17.0.102 - - [04/May/2020:10:27:27 +0800] "GET /xingrg/all/function/internal_message.html?_=1588559272382&CODE_STATE=getMsg HTTP/1.1" 200 27
114.84.33.255 - - [04/May/2020:10:27:28 +0800] "GET /xingrg/check_reg.html?_=1588559249446 HTTP/1.1" 200 22
114.84.33.255 - - [04/May/2020:10:27:31 +0800] "GET /xingrg/all/function/internal_message.html?_=1588559253198&CODE_STATE=getMsg HTTP/1.1" 200 27
180.162.102.27 - - [04/May/2020:10:27:32 +0800] "GET /xingrg/all/function/internal_message.html?_=1588558690560&CODE_STATE=getMsg HTTP/1.1" 200 27
117.185.32.26 - - [04/May/2020:10:27:33 +0800] "GET /xingrg/all/function/internal_message.html?_=1588559674930&CODE_STATE=getMsg HTTP/1.1" 200 27
116.232.36.192 - - [04/May/2020:10:27:34 +0800] "POST /xingrg/services/DataTransmitService HTTP/1.1" 200 524
116.232.36.192 - - [04/May/2020:10:27:34 +0800] "POST /xingrg/services/DataTransmitService HTTP/1.1" 200 2451
120.253.135.82 - - [04/May/2020:10:27:35 +0800] "GET /xingrg/all/function/internal_message.html?_=1588559391295&CODE_STATE=getMsg HTTP/1.1" 200 27
114.84.151.157 - - [04/May/2020:10:27:36 +0800] "GET /xingrg/kc/buy/cgsh_order_operate.html?command=get_materiel&rest_code=00141&code=00101008091&supplier_code=00100007&order_time=2020-05-04 HTTP/1.1" 200 412
172.17.0.103 - - [04/May/2020:10:27:36 +0800] "GET /xingrg/kc/base/yddb_order_info.html?code=482020041500058 HTTP/1.1" 200 31309
172.17.0.103 - - [04/May/2020:10:27:36 +0800] "GET /xingrg/dwr/interface/AjaxComOrderService.js HTTP/1.1" 200 18264
172.17.0.103 - - [04/May/2020:10:27:36 +0800] "GET /xingrg/dwr/interface/AjaxYddbService.js HTTP/1.1" 200 13201
172.17.0.103 - - [04/May/2020:10:27:36 +0800] "GET /xingrg/dwr/engine.js HTTP/1.1" 200 43631
172.17.0.103 - - [04/May/2020:10:27:37 +0800] "POST /xingrg/dwr/call/plaincall/AjaxYddbService.loadMaterielItems.dwr HTTP/1.1" 200 403
172.17.0.240 - - [04/May/2020:10:27:38 +0800] "GET /xingrg/all/function/internal_message.html?_=1588559258212&CODE_STATE=getMsg HTTP/1.1" 200 27
172.17.0.240 - - [04/May/2020:10:27:38 +0800] "GET /xingrg/check_reg.html?_=1588559258217 HTTP/1.1" 200 22
58.40.7.146 - - [04/May/2020:10:27:41 +0800] "GET /xingrg/all/function/internal_message.html?_=1588559260827&CODE_STATE=getMsg HTTP/1.1" 200 27
114.86.190.97 - - [04/May/2020:10:27:42 +0800] "GET /xingrg/all/function/internal_message.html?_=1588559262343&CODE_STATE=getMsg HTTP/1.1" 200 27
114.84.151.157 - - [04/May/2020:10:27:43 +0800] "GET /xingrg/kc/buy/cgsh_order_operate.html?command=get_materiel&rest_code=00141&code=00101008256&supplier_code=00100007&order_time=2020-05-04 HTTP/1.1" 200 412
180.162.232.172 - - [04/May/2020:10:27:46 +0800] "GET /xingrg/all/function/internal_message.html?_=1588559400989&CODE_STATE=getMsg HTTP/1.1" 200 27
58.40.7.146 - - [04/May/2020:10:27:47 +0800] "GET /xingrg/all/function/internal_message.html?_=1588559267607&CODE_STATE=getMsg HTTP/1.1" 302 -
180.161.113.183 - - [04/May/2020:10:27:48 +0800] "GET /xingrg/all/function/internal_message.html?_=1588559461195&CODE_STATE=getMsg HTTP/1.1" 200 27
114.84.151.157 - - [04/May/2020:10:27:49 +0800] "GET /xingrg/kc/buy/cgsh_order_operate.html?command=get_materiel&rest_code=00141&code=00101008149&supplier_code=00100007&order_time=2020-05-04 HTTP/1.1" 200 408
117.184.7.26 - - [04/May/2020:10:27:49 +0800] "GET /xingrg/all/function/internal_message.html?_=1588559267435&CODE_STATE=getMsg HTTP/1.1" 200 27
101.91.60.11 - - [04/May/2020:10:27:51 +0800] "GET /xingrg/all/function/internal_message.html?_=1588558562663&CODE_STATE=getMsg HTTP/1.1" 302 -
117.131.5.26 - - [04/May/2020:10:27:53 +0800] "GET /xingrg/all/function/internal_message.html?_=1588559540116&CODE_STATE=getMsg HTTP/1.1" 200 27
114.84.151.157 - - [04/May/2020:10:27:54 +0800] "GET /xingrg/kc/buy/cgsh_order_operate.html?command=get_materiel&rest_code=00141&code=00101008185&supplier_code=00100007&order_time=2020-05-04 HTTP/1.1" 200 408
222.70.183.62 - - [04/May/2020:10:27:55 +0800] "GET /xingrg/all/function/internal_message.html?_=1588559275092&CODE_STATE=getMsg HTTP/1.1" 200 27
101.91.60.11 - - [04/May/2020:10:27:56 +0800] "GET /xingrg/login.html HTTP/1.1" 200 7641
172.17.0.185 - - [04/May/2020:10:27:59 +0800] "GET /xingrg/all/function/internal_message.html?_=1588559278967&CODE_STATE=getMsg HTTP/1.1" 302 -
172.17.0.185 - - [04/May/2020:10:27:59 +0800] "GET /xingrg/check_reg.html?_=1588559278972 HTTP/1.1" 302 -
114.84.151.157 - - [04/May/2020:10:28:00 +0800] "GET /xingrg/kc/buy/cgsh_order_operate.html?command=get_materiel&rest_code=00141&code=00101008110&supplier_code=00100007&order_time=2020-05-04 HTTP/1.1" 200 408
117.131.5.26 - - [04/May/2020:10:28:01 +0800] "GET /xingrg/check_reg.html?_=1588559283307 HTTP/1.1" 200 22
117.131.5.26 - - [04/May/2020:10:28:01 +0800] "GET /xingrg/all/function/internal_message.html?_=1588559283323&CODE_STATE=getMsg HTTP/1.1" 200 27
58.40.7.146 - - [04/May/2020:10:28:01 +0800] "GET /xingrg/check_reg.html?_=1588559281347 HTTP/1.1" 200 22
114.84.151.157 - - [04/May/2020:10:28:03 +0800] "GET /xingrg/all/function/internal_message.html?_=1588559282712&CODE_STATE=getMsg HTTP/1.1" 200 27
114.84.151.157 - - [04/May/2020:10:28:03 +0800] "GET /xingrg/check_reg.html?_=1588559282714 HTTP/1.1" 200 22
172.17.0.119 - - [04/May/2020:10:28:05 +0800] "GET /xingrg/kc/base/base_main.html HTTP/1.1" 200 12132
114.84.151.157 - - [04/May/2020:10:28:05 +0800] "GET /xingrg/kc/buy/cgsh_order_operate.html?command=get_materiel&rest_code=00141&code=00101008096&supplier_code=00100007&order_time=2020-05-04 HTTP/1.1" 200 412
180.156.150.85 - - [04/May/2020:10:28:06 +0800] "GET /xingrg/all/function/internal_message.html?_=1588559288257&CODE_STATE=getMsg HTTP/1.1" 200 27
172.17.0.119 - - [04/May/2020:10:28:07 +0800] "GET /xingrg/all/function/internal_message.html?_=1588559289330&CODE_STATE=getMsg HTTP/1.1" 200 27
172.17.0.119 - - [04/May/2020:10:28:09 +0800] "GET /xingrg/kc/base/yddb_order_list.html HTTP/1.1" 200 16847
172.17.0.119 - - [04/May/2020:10:28:09 +0800] "POST /xingrg/kc/base/yddb_list_operate.html HTTP/1.1" 200 583
114.84.151.157 - - [04/May/2020:10:28:10 +0800] "GET /xingrg/kc/buy/cgsh_order_operate.html?command=get_materiel&rest_code=00141&code=00101008038&supplier_code=00100007&order_time=2020-05-04 HTTP/1.1" 200 412
