172.17.0.120 - - [04/May/2020:09:50:20 +0800] "GET /xingrg/all/report/report_query.html?isQuery=1&fileName=kc/base/crk_detail_by_small.xml&rh=99999&queryString=&queryText=%25E3%2580%2590%25E4%25BB%2593%25E5%25BA%2593%25E5%2590%258D%25E7%25A7%25B0%253A%25E5%2588%25BA%25E8%25BA%25AB%25E3%2580%2591%25E3%2580%2590%25E4%25B8%259A%25E5%258A%25A1%25E7%25B1%25BB%25E5%259E%258B%25EF%25BC%259A%25E5%2586%2585%25E9%2583%25A8%25E8%25B0%2583%25E5%2585%25A5%25E3%2580%2591%2520%253F%253F%253F%253F%253F2020-04-01%253F%253F2020-04-30%2520%253F%253F%253F%253F%253F%253F%253F%253F%252C%253F%253F%253F%253F%252C%253F%253F%253F%252C%253F%253F%25C2%25B1%252C%253F%253F%253F%253F%252C%253F%253F%253F%253F%252C%253F%253F%253F%253F&tableQueryString=crk_table%2524sp1%2524order_day%2520between%252020200401%2520and%252020200430%2520and%2520(base_code%253D'0010406')%2520and%2520(src_order_type%2520in%2520(42))%2520and%2520(is_rk%2520in%2520(1)) HTTP/1.1" 200 53763
172.17.0.120 - - [04/May/2020:09:50:21 +0800] "GET /xingrg/all/function/internal_message.html?_=1588557020165&CODE_STATE=getMsg HTTP/1.1" 200 27
172.17.0.120 - - [04/May/2020:09:50:21 +0800] "GET /xingrg/dwr/interface/AjaxReportQueryService.js HTTP/1.1" 200 13203
172.17.0.120 - - [04/May/2020:09:50:21 +0800] "GET /xingrg/dwr/engine.js HTTP/1.1" 200 43631
180.156.150.85 - - [04/May/2020:09:50:21 +0800] "POST /xingrg/kc/buy/cgsh_order_operate.html HTTP/1.1" 200 5004
172.17.0.120 - - [04/May/2020:09:50:21 +0800] "POST /xingrg/all/report/load_report_page.html HTTP/1.1" 200 17157
172.17.0.120 - - [04/May/2020:09:50:21 +0800] "GET /xingrg/servlets/image?cache=0.9926912958742357&image=px HTTP/1.1" 200 807
180.156.150.85 - - [04/May/2020:09:50:22 +0800] "GET /xingrg/kc/print/load_data.html?order_code=212020050401175&kc_code=cgsh&condition= HTTP/1.1" 200 1591
172.17.0.102 - - [04/May/2020:09:50:27 +0800] "GET /xingrg/all/function/internal_message.html?_=1588557052325&CODE_STATE=getMsg HTTP/1.1" 200 27
180.161.113.183 - - [04/May/2020:09:50:28 +0800] "GET /xingrg/kc/buy/cgsh_order_operate.html?command=get_materiel&rest_code=00102&code=00101008357&supplier_code=00100008&order_time=2020-05-04 HTTP/1.1" 200 408
180.161.113.183 - - [04/May/2020:09:50:29 +0800] "GET /xingrg/all/function/internal_message.html?_=1588557221971&CODE_STATE=getMsg HTTP/1.1" 200 27
114.84.33.255 - - [04/May/2020:09:50:30 +0800] "GET /xingrg/all/function/internal_message.html?_=1588557031683&CODE_STATE=getMsg HTTP/1.1" 200 27
120.253.135.82 - - [04/May/2020:09:50:33 +0800] "GET /xingrg/check_reg.html?_=1588557169114 HTTP/1.1" 200 22
180.156.150.85 - - [04/May/2020:09:50:34 +0800] "GET /xingrg/kc/buy/cgsh_order_list.html HTTP/1.1" 200 42581
120.253.135.82 - - [04/May/2020:09:50:35 +0800] "GET /xingrg/all/function/internal_message.html?_=1588557170668&CODE_STATE=getMsg HTTP/1.1" 200 27
180.156.150.85 - - [04/May/2020:09:50:35 +0800] "POST /xingrg/kc/buy/cgsh_list_operate.html HTTP/1.1" 200 4217
222.70.183.62 - - [04/May/2020:09:50:36 +0800] "GET /xingrg/kc/buy/cgsh_order_add.html HTTP/1.1" 200 58196
222.70.183.62 - - [04/May/2020:09:50:36 +0800] "POST /xingrg/kc/buy/cgsh_order_operate.html HTTP/1.1" 200 8245
222.70.183.62 - - [04/May/2020:09:50:36 +0800] "GET /xingrg/javascript/easyui/themes/default/validatebox.css HTTP/1.1" 404 1104
180.156.150.85 - - [04/May/2020:09:50:37 +0800] "POST /xingrg/kc/buy/cgsh_list_operate.html HTTP/1.1" 200 569
180.156.150.85 - - [04/May/2020:09:50:38 +0800] "GET /xingrg/kc/buy/cgsh_order_info.html?code=212020050401164 HTTP/1.1" 200 58199
172.17.0.240 - - [04/May/2020:09:50:38 +0800] "GET /xingrg/all/function/internal_message.html?_=1588557038221&CODE_STATE=getMsg HTTP/1.1" 200 27
180.156.150.85 - - [04/May/2020:09:50:38 +0800] "GET /xingrg/javascript/easyui/themes/default/validatebox.css HTTP/1.1" 404 1104
180.156.150.85 - - [04/May/2020:09:50:39 +0800] "POST /xingrg/kc/buy/cgsh_order_operate.html HTTP/1.1" 200 25064
180.161.113.183 - - [04/May/2020:09:50:40 +0800] "GET /xingrg/kc/buy/cgsh_order_operate.html?command=get_materiel&rest_code=00102&code=00101008296&supplier_code=00100008&order_time=2020-05-04 HTTP/1.1" 200 416
58.40.7.146 - - [04/May/2020:09:50:42 +0800] "GET /xingrg/all/function/internal_message.html?_=1588557041789&CODE_STATE=getMsg HTTP/1.1" 200 27
58.40.7.146 - - [04/May/2020:09:50:47 +0800] "GET /xingrg/all/function/internal_message.html?_=1588557047578&CODE_STATE=getMsg HTTP/1.1" 302 -
114.84.151.157 - - [04/May/2020:09:50:49 +0800] "GET /xingrg/kc/buy/cgsh_order_operate.html?command=get_materiel&rest_code=00141&code=00101005037&supplier_code=00100040&order_time=2020-05-04 HTTP/1.1" 200 409
117.131.5.26 - - [04/May/2020:09:50:52 +0800] "GET /xingrg/all/function/internal_message.html?_=1588557319329&CODE_STATE=getMsg HTTP/1.1" 200 27
222.70.183.62 - - [04/May/2020:09:50:53 +0800] "GET /xingrg/all/function/internal_message.html?_=1588557053373&CODE_STATE=getMsg HTTP/1.1" 200 27
222.70.183.62 - - [04/May/2020:09:50:54 +0800] "GET /xingrg/all/function/internal_message.html?_=1588557394089&CODE_STATE=getMsg HTTP/1.1" 200 27
116.228.172.94 - - [04/May/2020:09:50:58 +0800] "GET /xingrg/all/function/internal_message.html?_=1588556276565&CODE_STATE=getMsg HTTP/1.1" 200 27
172.17.0.185 - - [04/May/2020:09:50:59 +0800] "GET /xingrg/all/function/internal_message.html?_=1588557058959&CODE_STATE=getMsg HTTP/1.1" 302 -
58.221.95.50 - - [04/May/2020:09:51:00 +0800] "GET /xingrg/check_reg.html?_=1588557093379 HTTP/1.1" 200 22
58.221.95.50 - - [04/May/2020:09:51:00 +0800] "GET /xingrg/all/function/internal_message.html?_=1588557093382&CODE_STATE=getMsg HTTP/1.1" 200 27
180.162.232.172 - - [04/May/2020:09:51:01 +0800] "GET /xingrg/all/function/internal_message.html?_=1588557195651&CODE_STATE=getMsg HTTP/1.1" 200 27
61.151.179.84 - - [04/May/2020:09:51:03 +0800] "GET /xingrg/kc/buy/cgsh_order_operate.html?command=get_materiel&rest_code=00141&code=00101006133&supplier_code=00100012&order_time=2020-05-04 HTTP/1.1" 302 -
114.84.151.157 - - [04/May/2020:09:51:03 +0800] "GET /xingrg/all/function/internal_message.html?_=1588557062599&CODE_STATE=getMsg HTTP/1.1" 200 27
180.156.150.85 - - [04/May/2020:09:51:07 +0800] "GET /xingrg/all/function/internal_message.html?_=1588557069211&CODE_STATE=getMsg HTTP/1.1" 200 27
61.151.179.84 - - [04/May/2020:09:51:08 +0800] "GET /xingrg/login.html HTTP/1.1" 200 7641
222.69.136.137 - - [04/May/2020:09:51:12 +0800] "GET /xingrg/all/function/internal_message.html?_=1588557070370&CODE_STATE=getMsg HTTP/1.1" 200 27
101.227.139.171 - - [04/May/2020:09:51:13 +0800] "GET /xingrg/kc/buy/cgsh_order_operate.html?command=get_materiel&rest_code=00141&code=00101006109&supplier_code=00100012&order_time=2020-05-04 HTTP/1.1" 302 -
172.17.0.120 - - [04/May/2020:09:51:20 +0800] "GET /xingrg/all/function/internal_message.html?_=1588557080147&CODE_STATE=getMsg HTTP/1.1" 200 27
101.227.139.171 - - [04/May/2020:09:51:23 +0800] "GET /xingrg/login.html HTTP/1.1" 200 7641
222.70.183.62 - - [04/May/2020:09:51:27 +0800] "GET /xingrg/kc/buy/cgsh_order_operate.html?command=get_materiel&rest_code=00111&code=00101008005&supplier_code=00100037&order_time=2020-05-04 HTTP/1.1" 200 412
172.17.0.102 - - [04/May/2020:09:51:27 +0800] "GET /xingrg/all/function/internal_message.html?_=1588557112327&CODE_STATE=getMsg HTTP/1.1" 200 27
172.17.0.102 - - [04/May/2020:09:51:27 +0800] "GET /xingrg/check_reg.html?_=1588557112345 HTTP/1.1" 200 22
180.161.113.183 - - [04/May/2020:09:51:29 +0800] "GET /xingrg/all/function/internal_message.html?_=1588557281971&CODE_STATE=getMsg HTTP/1.1" 200 27
114.84.33.255 - - [04/May/2020:09:51:30 +0800] "GET /xingrg/all/function/internal_message.html?_=1588557091695&CODE_STATE=getMsg HTTP/1.1" 200 27
61.129.6.151 - - [04/May/2020:09:51:33 +0800] "GET /xingrg/kc/print/load_config.html?kc_code=cgsh HTTP/1.1" 302 -
120.253.135.82 - - [04/May/2020:09:51:35 +0800] "GET /xingrg/all/function/internal_message.html?_=1588557230681&CODE_STATE=getMsg HTTP/1.1" 200 27
222.70.183.62 - - [04/May/2020:09:51:35 +0800] "GET /xingrg/kc/buy/cgsh_order_operate.html?command=get_materiel&rest_code=00111&code=00101016105&supplier_code=00100037&order_time=2020-05-04 HTTP/1.1" 200 409
172.17.0.240 - - [04/May/2020:09:51:38 +0800] "GET /xingrg/all/function/internal_message.html?_=1588557098209&CODE_STATE=getMsg HTTP/1.1" 200 27
61.129.6.151 - - [04/May/2020:09:51:40 +0800] "GET /xingrg/login.html HTTP/1.1" 200 7641
116.232.36.192 - - [04/May/2020:09:51:41 +0800] "POST /xingrg/services/DataTransmitService HTTP/1.1" 200 524
222.70.183.62 - - [04/May/2020:09:51:41 +0800] "GET /xingrg/kc/buy/cgsh_order_operate.html?command=get_materiel&rest_code=00111&code=00101020138&supplier_code=00100037&order_time=2020-05-04 HTTP/1.1" 200 426
58.40.7.146 - - [04/May/2020:09:51:41 +0800] "GET /xingrg/all/function/internal_message.html?_=1588557101762&CODE_STATE=getMsg HTTP/1.1" 200 27
58.40.7.146 - - [04/May/2020:09:51:47 +0800] "GET /xingrg/all/function/internal_message.html?_=1588557107580&CODE_STATE=getMsg HTTP/1.1" 302 -
61.151.178.236 - - [04/May/2020:09:51:50 +0800] "GET /xingrg/kc/buy/cgsh_order_operate.html?command=get_materiel&rest_code=00141&code=00101006027&supplier_code=00100012&order_time=2020-05-04 HTTP/1.1" 302 -
117.131.5.26 - - [04/May/2020:09:51:52 +0800] "GET /xingrg/all/function/internal_message.html?_=1588557379330&CODE_STATE=getMsg HTTP/1.1" 200 27
222.70.183.62 - - [04/May/2020:09:51:52 +0800] "GET /xingrg/kc/buy/cgsh_order_operate.html?command=get_materiel&rest_code=00111&code=00101008229&supplier_code=00100037&order_time=2020-05-04 HTTP/1.1" 200 420
222.70.183.62 - - [04/May/2020:09:51:53 +0800] "GET /xingrg/all/function/internal_message.html?_=1588557113465&CODE_STATE=getMsg HTTP/1.1" 200 27
222.70.183.62 - - [04/May/2020:09:51:54 +0800] "GET /xingrg/all/function/internal_message.html?_=1588557454046&CODE_STATE=getMsg HTTP/1.1" 200 27
222.70.183.62 - - [04/May/2020:09:51:55 +0800] "GET /xingrg/check_reg.html?_=1588557454407 HTTP/1.1" 200 22
116.228.172.94 - - [04/May/2020:09:51:58 +0800] "GET /xingrg/all/function/internal_message.html?_=1588556336612&CODE_STATE=getMsg HTTP/1.1" 200 27
172.17.0.185 - - [04/May/2020:09:51:59 +0800] "GET /xingrg/all/function/internal_message.html?_=1588557118968&CODE_STATE=getMsg HTTP/1.1" 302 -
58.221.95.50 - - [04/May/2020:09:52:00 +0800] "GET /xingrg/all/function/internal_message.html?_=1588557153381&CODE_STATE=getMsg HTTP/1.1" 200 27
61.151.178.236 - - [04/May/2020:09:52:00 +0800] "GET /xingrg/login.html HTTP/1.1" 200 7641
180.162.232.172 - - [04/May/2020:09:52:01 +0800] "GET /xingrg/all/function/internal_message.html?_=1588557255701&CODE_STATE=getMsg HTTP/1.1" 200 27
114.84.151.157 - - [04/May/2020:09:52:03 +0800] "GET /xingrg/all/function/internal_message.html?_=1588557122597&CODE_STATE=getMsg HTTP/1.1" 200 27
180.156.150.85 - - [04/May/2020:09:52:07 +0800] "GET /xingrg/all/function/internal_message.html?_=1588557129171&CODE_STATE=getMsg HTTP/1.1" 200 27
222.70.183.62 - - [04/May/2020:09:52:09 +0800] "GET /xingrg/check_reg.html?_=1588557128863 HTTP/1.1" 200 22
222.69.136.137 - - [04/May/2020:09:52:12 +0800] "GET /xingrg/all/function/internal_message.html?_=1588557130377&CODE_STATE=getMsg HTTP/1.1" 200 27
172.17.0.120 - - [04/May/2020:09:52:20 +0800] "GET /xingrg/all/function/internal_message.html?_=1588557140129&CODE_STATE=getMsg HTTP/1.1" 200 27
222.70.183.62 - - [04/May/2020:09:52:23 +0800] "GET /xingrg/kc/buy/cgsh_order_operate.html?command=get_materiel&rest_code=00111&code=00101015033&supplier_code=00100037&order_time=2020-05-04 HTTP/1.1" 200 408
180.161.113.183 - - [04/May/2020:09:52:25 +0800] "GET /xingrg/check_reg.html?_=1588557337669 HTTP/1.1" 200 22
114.84.33.255 - - [04/May/2020:09:52:27 +0800] "GET /xingrg/check_reg.html?_=1588557149048 HTTP/1.1" 200 22
172.17.0.102 - - [04/May/2020:09:52:27 +0800] "GET /xingrg/all/function/internal_message.html?_=1588557172330&CODE_STATE=getMsg HTTP/1.1" 200 27
222.70.183.62 - - [04/May/2020:09:52:29 +0800] "GET /xingrg/kc/buy/cgsh_order_operate.html?command=get_materiel&rest_code=00111&code=00101008092&supplier_code=00100037&order_time=2020-05-04 HTTP/1.1" 200 412
180.161.113.183 - - [04/May/2020:09:52:29 +0800] "GET /xingrg/kc/buy/cgsh_order_operate.html?command=get_materiel&rest_code=00102&code=00101008359&supplier_code=00100008&order_time=2020-05-04 HTTP/1.1" 200 408
180.161.113.183 - - [04/May/2020:09:52:29 +0800] "GET /xingrg/all/function/internal_message.html?_=1588557342032&CODE_STATE=getMsg HTTP/1.1" 200 27
114.84.33.255 - - [04/May/2020:09:52:30 +0800] "GET /xingrg/all/function/internal_message.html?_=1588557151707&CODE_STATE=getMsg HTTP/1.1" 200 27
120.253.135.82 - - [04/May/2020:09:52:35 +0800] "GET /xingrg/all/function/internal_message.html?_=1588557290696&CODE_STATE=getMsg HTTP/1.1" 200 27
180.161.113.183 - - [04/May/2020:09:52:35 +0800] "GET /xingrg/kc/buy/cgsh_order_operate.html?command=get_materiel&rest_code=00102&code=00101008213&supplier_code=00100008&order_time=2020-05-04 HTTP/1.1" 200 412
172.17.0.240 - - [04/May/2020:09:52:38 +0800] "GET /xingrg/check_reg.html?_=1588557158210 HTTP/1.1" 200 22
172.17.0.240 - - [04/May/2020:09:52:38 +0800] "GET /xingrg/all/function/internal_message.html?_=1588557158212&CODE_STATE=getMsg HTTP/1.1" 200 27
58.40.7.146 - - [04/May/2020:09:52:41 +0800] "GET /xingrg/all/function/internal_message.html?_=1588557161732&CODE_STATE=getMsg HTTP/1.1" 200 27
222.70.183.62 - - [04/May/2020:09:52:43 +0800] "GET /xingrg/kc/buy/cgsh_order_operate.html?command=get_materiel&rest_code=00111&code=00101008041&supplier_code=00100037&order_time=2020-05-04 HTTP/1.1" 200 408
180.161.113.183 - - [04/May/2020:09:52:47 +0800] "GET /xingrg/kc/buy/cgsh_order_operate.html?command=get_materiel&rest_code=00102&code=00101008291&supplier_code=00100008&order_time=2020-05-04 HTTP/1.1" 200 408
58.40.7.146 - - [04/May/2020:09:52:47 +0800] "GET /xingrg/all/function/internal_message.html?_=1588557167584&CODE_STATE=getMsg HTTP/1.1" 302 -
222.70.183.62 - - [04/May/2020:09:52:49 +0800] "GET /xingrg/kc/buy/cgsh_order_operate.html?command=get_materiel&rest_code=00111&code=00101015012&supplier_code=00100037&order_time=2020-05-04 HTTP/1.1" 200 412
117.131.5.26 - - [04/May/2020:09:52:52 +0800] "GET /xingrg/all/function/internal_message.html?_=1588557439361&CODE_STATE=getMsg HTTP/1.1" 200 27
222.70.183.62 - - [04/May/2020:09:52:53 +0800] "GET /xingrg/all/function/internal_message.html?_=1588557173478&CODE_STATE=getMsg HTTP/1.1" 200 27
222.70.183.62 - - [04/May/2020:09:52:54 +0800] "GET /xingrg/all/function/internal_message.html?_=1588557514025&CODE_STATE=getMsg HTTP/1.1" 200 27
180.162.232.172 - - [04/May/2020:09:52:56 +0800] "GET /xingrg/check_reg.html?_=1588557310362 HTTP/1.1" 200 22
222.70.183.62 - - [04/May/2020:09:52:57 +0800] "GET /xingrg/kc/buy/cgsh_order_operate.html?command=get_materiel&rest_code=00111&code=00101009011&supplier_code=00100037&order_time=2020-05-04 HTTP/1.1" 200 416
116.228.172.94 - - [04/May/2020:09:52:57 +0800] "GET /xingrg/check_reg.html?_=1588556395393 HTTP/1.1" 200 22
180.161.113.183 - - [04/May/2020:09:52:58 +0800] "GET /xingrg/kc/buy/cgsh_order_operate.html?command=get_materiel&rest_code=00102&code=00101008064&supplier_code=00100008&order_time=2020-05-04 HTTP/1.1" 200 412
101.89.19.197 - - [04/May/2020:09:52:58 +0800] "GET /xingrg/kc/buy/cgsh_order_operate.html?command=get_materiel&rest_code=00141&code=00101008320&supplier_code=00100036&order_time=2020-05-04 HTTP/1.1" 302 -
116.228.172.94 - - [04/May/2020:09:52:58 +0800] "GET /xingrg/all/function/internal_message.html?_=1588556396653&CODE_STATE=getMsg HTTP/1.1" 200 27
172.17.0.185 - - [04/May/2020:09:52:59 +0800] "GET /xingrg/check_reg.html?_=1588557178961 HTTP/1.1" 302 -
172.17.0.185 - - [04/May/2020:09:52:59 +0800] "GET /xingrg/all/function/internal_message.html?_=1588557178965&CODE_STATE=getMsg HTTP/1.1" 302 -
58.221.95.50 - - [04/May/2020:09:53:00 +0800] "GET /xingrg/all/function/internal_message.html?_=1588557213381&CODE_STATE=getMsg HTTP/1.1" 200 27
180.162.232.172 - - [04/May/2020:09:53:01 +0800] "GET /xingrg/all/function/internal_message.html?_=1588557315708&CODE_STATE=getMsg HTTP/1.1" 200 27
58.40.7.146 - - [04/May/2020:09:53:01 +0800] "GET /xingrg/check_reg.html?_=1588557181501 HTTP/1.1" 200 22
114.84.151.157 - - [04/May/2020:09:53:03 +0800] "GET /xingrg/check_reg.html?_=1588557182596 HTTP/1.1" 200 22
114.84.151.157 - - [04/May/2020:09:53:03 +0800] "GET /xingrg/all/function/internal_message.html?_=1588557182598&CODE_STATE=getMsg HTTP/1.1" 200 27
222.70.183.62 - - [04/May/2020:09:53:06 +0800] "GET /xingrg/kc/buy/cgsh_order_operate.html?command=get_materiel&rest_code=00111&code=00101009013&supplier_code=00100037&order_time=2020-05-04 HTTP/1.1" 200 422
180.161.113.183 - - [04/May/2020:09:53:07 +0800] "GET /xingrg/kc/buy/cgsh_order_operate.html?command=get_materiel&rest_code=00102&code=00101015038&supplier_code=00100008&order_time=2020-05-04 HTTP/1.1" 200 418
180.156.150.85 - - [04/May/2020:09:53:07 +0800] "GET /xingrg/all/function/internal_message.html?_=1588557189140&CODE_STATE=getMsg HTTP/1.1" 200 27
101.89.19.197 - - [04/May/2020:09:53:08 +0800] "GET /xingrg/login.html HTTP/1.1" 200 7641
222.69.136.137 - - [04/May/2020:09:53:12 +0800] "GET /xingrg/all/function/internal_message.html?_=1588557190382&CODE_STATE=getMsg HTTP/1.1" 200 27
180.161.113.183 - - [04/May/2020:09:53:14 +0800] "GET /xingrg/kc/buy/cgsh_order_operate.html?command=get_materiel&rest_code=00102&code=00101008298&supplier_code=00100008&order_time=2020-05-04 HTTP/1.1" 200 413
101.89.29.94 - - [04/May/2020:09:53:19 +0800] "GET /xingrg/kc/buy/cgsh_order_info.html?code=212020050401171 HTTP/1.1" 302 -
172.17.0.120 - - [04/May/2020:09:53:20 +0800] "GET /xingrg/check_reg.html?_=1588557199974 HTTP/1.1" 200 22
172.17.0.120 - - [04/May/2020:09:53:20 +0800] "GET /xingrg/all/function/internal_message.html?_=1588557200103&CODE_STATE=getMsg HTTP/1.1" 200 27
180.161.113.183 - - [04/May/2020:09:53:24 +0800] "GET /xingrg/kc/buy/cgsh_order_operate.html?command=get_materiel&rest_code=00102&code=00101008032&supplier_code=00100008&order_time=2020-05-04 HTTP/1.1" 200 408
222.70.183.62 - - [04/May/2020:09:53:27 +0800] "GET /xingrg/kc/buy/cgsh_order_operate.html?command=get_materiel&rest_code=00111&code=00101015046&supplier_code=00100037&order_time=2020-05-04 HTTP/1.1" 200 412
172.17.0.102 - - [04/May/2020:09:53:27 +0800] "GET /xingrg/all/function/internal_message.html?_=1588557232331&CODE_STATE=getMsg HTTP/1.1" 200 27
101.89.29.94 - - [04/May/2020:09:53:29 +0800] "GET /xingrg/login.html HTTP/1.1" 200 7641
180.161.113.183 - - [04/May/2020:09:53:29 +0800] "GET /xingrg/all/function/internal_message.html?_=1588557402137&CODE_STATE=getMsg HTTP/1.1" 200 27
114.84.33.255 - - [04/May/2020:09:53:30 +0800] "GET /xingrg/all/function/internal_message.html?_=1588557211722&CODE_STATE=getMsg HTTP/1.1" 200 27
180.161.113.183 - - [04/May/2020:09:53:31 +0800] "GET /xingrg/kc/buy/cgsh_order_operate.html?command=get_materiel&rest_code=00102&code=00101008042&supplier_code=00100008&order_time=2020-05-04 HTTP/1.1" 200 416
114.84.151.157 - - [04/May/2020:09:53:32 +0800] "GET /xingrg/kc/buy/cgsh_order_operate.html?command=get_materiel&rest_code=00141&code=00101006161&supplier_code=00100040&order_time=2020-05-04 HTTP/1.1" 200 409
222.70.183.62 - - [04/May/2020:09:53:33 +0800] "GET /xingrg/kc/buy/cgsh_order_operate.html?command=get_materiel&rest_code=00111&code=00101015038&supplier_code=00100037&order_time=2020-05-04 HTTP/1.1" 200 418
120.253.135.82 - - [04/May/2020:09:53:35 +0800] "GET /xingrg/all/function/internal_message.html?_=1588557350734&CODE_STATE=getMsg HTTP/1.1" 200 27
117.131.5.26 - - [04/May/2020:09:53:36 +0800] "GET /xingrg/check_reg.html?_=1588557483071 HTTP/1.1" 200 22
172.17.0.240 - - [04/May/2020:09:53:38 +0800] "GET /xingrg/all/function/internal_message.html?_=1588557218219&CODE_STATE=getMsg HTTP/1.1" 200 27
58.40.7.146 - - [04/May/2020:09:53:41 +0800] "GET /xingrg/all/function/internal_message.html?_=1588557221709&CODE_STATE=getMsg HTTP/1.1" 200 27
180.161.113.183 - - [04/May/2020:09:53:43 +0800] "POST /xingrg/kc/buy/cgsh_order_operate.html HTTP/1.1" 200 2065
222.70.183.62 - - [04/May/2020:09:53:44 +0800] "GET /xingrg/kc/buy/cgsh_order_operate.html?command=get_materiel&rest_code=00111&code=00101008338&supplier_code=00100037&order_time=2020-05-04 HTTP/1.1" 200 408
101.89.29.78 - - [04/May/2020:09:53:44 +0800] "GET /xingrg/kc/buy/cgsh_order_operate.html?command=get_materiel&rest_code=00141&code=00101020144&supplier_code=00100036&order_time=2020-05-04 HTTP/1.1" 302 -
114.84.151.157 - - [04/May/2020:09:53:46 +0800] "POST /xingrg/kc/buy/cgsh_order_operate.html HTTP/1.1" 200 37
58.40.7.146 - - [04/May/2020:09:53:47 +0800] "GET /xingrg/all/function/internal_message.html?_=1588557227586&CODE_STATE=getMsg HTTP/1.1" 302 -
114.84.151.157 - - [04/May/2020:09:53:48 +0800] "POST /xingrg/kc/buy/cgsh_order_operate.html HTTP/1.1" 200 12
114.84.151.157 - - [04/May/2020:09:53:49 +0800] "GET /xingrg/kc/buy/cgsh_order_info.html?code=212020050401176 HTTP/1.1" 200 53104
61.151.178.197 - - [04/May/2020:09:53:49 +0800] "GET /xingrg/all/function/internal_message.html?_=1588556522587&CODE_STATE=getMsg HTTP/1.1" 302 -
114.84.151.157 - - [04/May/2020:09:53:49 +0800] "GET /xingrg/javascript/easyui/themes/default/validatebox.css HTTP/1.1" 404 1104
114.84.151.157 - - [04/May/2020:09:53:50 +0800] "POST /xingrg/kc/buy/cgsh_order_operate.html HTTP/1.1" 200 1777
101.89.29.78 - - [04/May/2020:09:53:50 +0800] "GET /xingrg/login.html HTTP/1.1" 200 7641
222.70.183.62 - - [04/May/2020:09:53:50 +0800] "GET /xingrg/kc/buy/cgsh_order_operate.html?command=get_materiel&rest_code=00111&code=00101016071&supplier_code=00100037&order_time=2020-05-04 HTTP/1.1" 200 416
114.84.151.157 - - [04/May/2020:09:53:50 +0800] "GET /xingrg/kc/print/load_data.html?order_code=212020050401176&kc_code=cgsh&condition= HTTP/1.1" 200 1218
117.131.5.26 - - [04/May/2020:09:53:52 +0800] "GET /xingrg/all/function/internal_message.html?_=1588557499372&CODE_STATE=getMsg HTTP/1.1" 200 27
222.70.183.62 - - [04/May/2020:09:53:53 +0800] "GET /xingrg/all/function/internal_message.html?_=1588557233492&CODE_STATE=getMsg HTTP/1.1" 200 27
222.70.183.62 - - [04/May/2020:09:53:54 +0800] "GET /xingrg/all/function/internal_message.html?_=1588557573995&CODE_STATE=getMsg HTTP/1.1" 200 27
222.70.183.62 - - [04/May/2020:09:53:55 +0800] "GET /xingrg/kc/buy/cgsh_order_operate.html?command=get_materiel&rest_code=00111&code=00101007109&supplier_code=00100037&order_time=2020-05-04 HTTP/1.1" 200 408
61.151.178.197 - - [04/May/2020:09:53:56 +0800] "GET /xingrg/login.html HTTP/1.1" 200 7641
116.228.172.94 - - [04/May/2020:09:53:58 +0800] "GET /xingrg/all/function/internal_message.html?_=1588556456656&CODE_STATE=getMsg HTTP/1.1" 200 27
172.17.0.185 - - [04/May/2020:09:53:59 +0800] "GET /xingrg/all/function/internal_message.html?_=1588557238969&CODE_STATE=getMsg HTTP/1.1" 302 -
58.221.95.50 - - [04/May/2020:09:54:00 +0800] "GET /xingrg/all/function/internal_message.html?_=1588557273380&CODE_STATE=getMsg HTTP/1.1" 200 27
222.70.183.62 - - [04/May/2020:09:54:01 +0800] "GET /xingrg/kc/buy/cgsh_order_operate.html?command=get_materiel&rest_code=00111&code=00101016030&supplier_code=00100037&order_time=2020-05-04 HTTP/1.1" 200 412
180.162.232.172 - - [04/May/2020:09:54:01 +0800] "GET /xingrg/all/function/internal_message.html?_=1588557375721&CODE_STATE=getMsg HTTP/1.1" 200 27
114.84.151.157 - - [04/May/2020:09:54:03 +0800] "GET /xingrg/all/function/internal_message.html?_=1588557242598&CODE_STATE=getMsg HTTP/1.1" 200 27
180.156.150.85 - - [04/May/2020:09:54:07 +0800] "GET /xingrg/all/function/internal_message.html?_=1588557249113&CODE_STATE=getMsg HTTP/1.1" 200 27
222.69.136.137 - - [04/May/2020:09:54:12 +0800] "GET /xingrg/check_reg.html?_=1588557250374 HTTP/1.1" 200 22
222.69.136.137 - - [04/May/2020:09:54:12 +0800] "GET /xingrg/all/function/internal_message.html?_=1588557250384&CODE_STATE=getMsg HTTP/1.1" 200 27
222.70.183.62 - - [04/May/2020:09:54:14 +0800] "GET /xingrg/kc/buy/cgsh_order_operate.html?command=get_materiel&rest_code=00111&code=00101016025&supplier_code=00100037&order_time=2020-05-04 HTTP/1.1" 200 408
222.70.183.62 - - [04/May/2020:09:54:19 +0800] "GET /xingrg/kc/buy/cgsh_order_operate.html?command=get_materiel&rest_code=00111&code=00101007061&supplier_code=00100037&order_time=2020-05-04 HTTP/1.1" 200 409
172.17.0.120 - - [04/May/2020:09:54:20 +0800] "GET /xingrg/all/function/internal_message.html?_=1588557260073&CODE_STATE=getMsg HTTP/1.1" 200 27
180.161.113.183 - - [04/May/2020:09:54:23 +0800] "POST /xingrg/kc/buy/cgsh_order_operate.html HTTP/1.1" 200 37
222.70.183.62 - - [04/May/2020:09:54:23 +0800] "POST /xingrg/kc/buy/cgsh_order_operate.html HTTP/1.1" 200 2065
180.161.113.183 - - [04/May/2020:09:54:24 +0800] "POST /xingrg/kc/buy/cgsh_order_operate.html HTTP/1.1" 200 13878
172.17.0.102 - - [04/May/2020:09:54:27 +0800] "GET /xingrg/all/function/internal_message.html?_=1588557292333&CODE_STATE=getMsg HTTP/1.1" 200 27
180.161.113.183 - - [04/May/2020:09:54:28 +0800] "GET /xingrg/kc/buy/cgsh_order_add.html HTTP/1.1" 200 58108
180.161.113.183 - - [04/May/2020:09:54:29 +0800] "POST /xingrg/kc/buy/cgsh_order_operate.html HTTP/1.1" 200 8245
180.161.113.183 - - [04/May/2020:09:54:29 +0800] "GET /xingrg/javascript/easyui/themes/default/validatebox.css HTTP/1.1" 404 1104
180.161.113.183 - - [04/May/2020:09:54:30 +0800] "GET /xingrg/all/function/internal_message.html?_=1588557462509&CODE_STATE=getMsg HTTP/1.1" 200 27
114.84.33.255 - - [04/May/2020:09:54:30 +0800] "GET /xingrg/all/function/internal_message.html?_=1588557271736&CODE_STATE=getMsg HTTP/1.1" 200 27
180.161.113.183 - - [04/May/2020:09:54:31 +0800] "GET /xingrg/javascript/easyui/themes/default/tree.css HTTP/1.1" 404 1090
180.161.113.183 - - [04/May/2020:09:54:31 +0800] "POST /xingrg/all/common/load_tree.html?tree=supplier_tree_json&isDelete=1 HTTP/1.1" 200 47615
120.253.135.82 - - [04/May/2020:09:54:35 +0800] "GET /xingrg/all/function/internal_message.html?_=1588557410738&CODE_STATE=getMsg HTTP/1.1" 200 27
172.17.0.240 - - [04/May/2020:09:54:38 +0800] "GET /xingrg/all/function/internal_message.html?_=1588557278211&CODE_STATE=getMsg HTTP/1.1" 200 27
58.40.7.146 - - [04/May/2020:09:54:41 +0800] "GET /xingrg/all/function/internal_message.html?_=1588557281681&CODE_STATE=getMsg HTTP/1.1" 200 27
222.70.183.62 - - [04/May/2020:09:54:45 +0800] "POST /xingrg/kc/buy/cgsh_order_operate.html HTTP/1.1" 200 37
222.70.183.62 - - [04/May/2020:09:54:47 +0800] "POST /xingrg/kc/buy/cgsh_order_operate.html HTTP/1.1" 200 13328
58.40.7.146 - - [04/May/2020:09:54:47 +0800] "GET /xingrg/check_reg.html?_=1588557287590 HTTP/1.1" 302 -
58.40.7.146 - - [04/May/2020:09:54:47 +0800] "GET /xingrg/all/function/internal_message.html?_=1588557287591&CODE_STATE=getMsg HTTP/1.1" 302 -
101.91.60.108 - - [04/May/2020:09:54:50 +0800] "GET /xingrg/check_reg.html?_=1588556582564 HTTP/1.1" 302 -
61.129.6.159 - - [04/May/2020:09:54:51 +0800] "GET /xingrg/all/function/internal_message.html?_=1588556582566&CODE_STATE=getMsg HTTP/1.1" 302 -
117.131.5.26 - - [04/May/2020:09:54:52 +0800] "GET /xingrg/all/function/internal_message.html?_=1588557559386&CODE_STATE=getMsg HTTP/1.1" 200 27
222.70.183.62 - - [04/May/2020:09:54:53 +0800] "GET /xingrg/index.html?sysBaseUrl=http%3A%2F%2F180.169.147.146%3A18081%2Fxingrg%2F&costTime=38×tamp=1588335986102 HTTP/1.1" 302 -
222.70.183.62 - - [04/May/2020:09:54:53 +0800] "GET /xingrg/login.html HTTP/1.1" 200 7641
222.70.183.62 - - [04/May/2020:09:54:53 +0800] "GET /xingrg/all/function/internal_message.html?_=1588557293583&CODE_STATE=getMsg HTTP/1.1" 200 27
222.70.183.62 - - [04/May/2020:09:54:53 +0800] "GET /favicon.ico HTTP/1.1" 404 -
116.228.172.94 - - [04/May/2020:09:54:58 +0800] "GET /xingrg/all/function/internal_message.html?_=1588556516669&CODE_STATE=getMsg HTTP/1.1" 200 27
172.17.0.185 - - [04/May/2020:09:54:59 +0800] "GET /xingrg/all/function/internal_message.html?_=1588557298959&CODE_STATE=getMsg HTTP/1.1" 302 -
101.91.60.108 - - [04/May/2020:09:55:00 +0800] "GET /xingrg/login.html HTTP/1.1" 200 7641
58.221.95.50 - - [04/May/2020:09:55:00 +0800] "GET /xingrg/all/function/internal_message.html?_=1588557333380&CODE_STATE=getMsg HTTP/1.1" 200 27
61.129.6.159 - - [04/May/2020:09:55:01 +0800] "GET /xingrg/login.html HTTP/1.1" 200 7641
180.162.232.172 - - [04/May/2020:09:55:01 +0800] "GET /xingrg/all/function/internal_message.html?_=1588557435756&CODE_STATE=getMsg HTTP/1.1" 200 27
114.84.151.157 - - [04/May/2020:09:55:03 +0800] "GET /xingrg/all/function/internal_message.html?_=1588557302607&CODE_STATE=getMsg HTTP/1.1" 200 27
180.161.113.183 - - [04/May/2020:09:55:06 +0800] "GET /xingrg/kc/buy/cgsh_order_operate.html?command=get_materiel&rest_code=00102&code=00101008331&supplier_code=00100008&order_time=2020-05-04 HTTP/1.1" 200 418
180.156.150.85 - - [04/May/2020:09:55:07 +0800] "GET /xingrg/all/function/internal_message.html?_=1588557309083&CODE_STATE=getMsg HTTP/1.1" 200 27
180.156.150.85 - - [04/May/2020:09:55:08 +0800] "GET /xingrg/check_reg.html?_=1588557309900 HTTP/1.1" 200 22
222.69.136.137 - - [04/May/2020:09:55:12 +0800] "GET /xingrg/all/function/internal_message.html?_=1588557310378&CODE_STATE=getMsg HTTP/1.1" 200 27
172.17.0.120 - - [04/May/2020:09:55:20 +0800] "GET /xingrg/all/function/internal_message.html?_=1588557320046&CODE_STATE=getMsg HTTP/1.1" 200 27
172.17.0.102 - - [04/May/2020:09:55:27 +0800] "GET /xingrg/all/function/internal_message.html?_=1588557352334&CODE_STATE=getMsg HTTP/1.1" 200 27
180.161.113.183 - - [04/May/2020:09:55:30 +0800] "GET /xingrg/all/function/internal_message.html?_=1588557522509&CODE_STATE=getMsg HTTP/1.1" 200 27
114.84.33.255 - - [04/May/2020:09:55:30 +0800] "GET /xingrg/all/function/internal_message.html?_=1588557331901&CODE_STATE=getMsg HTTP/1.1" 200 27
180.161.113.183 - - [04/May/2020:09:55:32 +0800] "GET /xingrg/kc/buy/cgsh_order_operate.html?command=get_materiel&rest_code=00102&code=00101008355&supplier_code=00100008&order_time=2020-05-04 HTTP/1.1" 200 410
120.253.135.82 - - [04/May/2020:09:55:33 +0800] "GET /xingrg/check_reg.html?_=1588557469113 HTTP/1.1" 200 22
120.253.135.82 - - [04/May/2020:09:55:35 +0800] "GET /xingrg/all/function/internal_message.html?_=1588557470753&CODE_STATE=getMsg HTTP/1.1" 200 27
172.17.0.240 - - [04/May/2020:09:55:38 +0800] "GET /xingrg/all/function/internal_message.html?_=1588557338208&CODE_STATE=getMsg HTTP/1.1" 200 27
58.40.7.146 - - [04/May/2020:09:55:41 +0800] "GET /xingrg/all/function/internal_message.html?_=1588557341655&CODE_STATE=getMsg HTTP/1.1" 200 27
180.161.113.183 - - [04/May/2020:09:55:42 +0800] "GET /xingrg/kc/buy/cgsh_order_operate.html?command=get_materiel&rest_code=00102&code=00101008270&supplier_code=00100008&order_time=2020-05-04 HTTP/1.1" 200 412
58.40.7.146 - - [04/May/2020:09:55:47 +0800] "GET /xingrg/all/function/internal_message.html?_=1588557347590&CODE_STATE=getMsg HTTP/1.1" 302 -
180.161.113.183 - - [04/May/2020:09:55:48 +0800] "GET /xingrg/kc/buy/cgsh_order_operate.html?command=get_materiel&rest_code=00102&code=00101008169&supplier_code=00100008&order_time=2020-05-04 HTTP/1.1" 200 412
117.131.5.26 - - [04/May/2020:09:55:52 +0800] "GET /xingrg/all/function/internal_message.html?_=1588557619416&CODE_STATE=getMsg HTTP/1.1" 200 27
222.70.183.62 - - [04/May/2020:09:55:53 +0800] "GET /xingrg/all/function/internal_message.html?_=1588557353597&CODE_STATE=getMsg HTTP/1.1" 200 27
114.84.32.201 - - [04/May/2020:09:55:58 +0800] "GET /xingrg/index.html?sysBaseUrl=http%3A%2F%2F180.169.147.146%3A18081%2Fxingrg%2F&costTime=71×tamp=1586403971840 HTTP/1.1" 302 -
114.84.32.201 - - [04/May/2020:09:55:58 +0800] "GET /xingrg/login.html HTTP/1.1" 200 7641
116.228.172.94 - - [04/May/2020:09:55:58 +0800] "GET /xingrg/all/function/internal_message.html?_=1588556576815&CODE_STATE=getMsg HTTP/1.1" 200 27
180.161.113.183 - - [04/May/2020:09:55:59 +0800] "POST /xingrg/kc/buy/cgsh_order_operate.html HTTP/1.1" 200 37
114.84.32.201 - - [04/May/2020:09:55:59 +0800] "GET /favicon.ico HTTP/1.1" 404 -
172.17.0.185 - - [04/May/2020:09:55:59 +0800] "GET /xingrg/all/function/internal_message.html?_=1588557358964&CODE_STATE=getMsg HTTP/1.1" 302 -
58.221.95.50 - - [04/May/2020:09:56:00 +0800] "GET /xingrg/all/function/internal_message.html?_=1588557393382&CODE_STATE=getMsg HTTP/1.1" 200 27
58.221.95.50 - - [04/May/2020:09:56:00 +0800] "GET /xingrg/check_reg.html?_=1588557393381 HTTP/1.1" 200 22
180.161.113.183 - - [04/May/2020:09:56:01 +0800] "POST /xingrg/kc/buy/cgsh_order_operate.html HTTP/1.1" 200 5027
180.162.232.172 - - [04/May/2020:09:56:01 +0800] "GET /xingrg/all/function/internal_message.html?_=1588557495764&CODE_STATE=getMsg HTTP/1.1" 200 27
114.84.151.157 - - [04/May/2020:09:56:03 +0800] "GET /xingrg/all/function/internal_message.html?_=1588557362607&CODE_STATE=getMsg HTTP/1.1" 200 27
180.161.113.183 - - [04/May/2020:09:56:05 +0800] "POST /xingrg/kc/buy/cgsh_order_operate.html HTTP/1.1" 200 37
180.161.113.183 - - [04/May/2020:09:56:06 +0800] "POST /xingrg/kc/buy/cgsh_order_operate.html HTTP/1.1" 200 5027
180.156.150.85 - - [04/May/2020:09:56:07 +0800] "GET /xingrg/all/function/internal_message.html?_=1588557369065&CODE_STATE=getMsg HTTP/1.1" 200 27
180.161.113.183 - - [04/May/2020:09:56:07 +0800] "GET /xingrg/kc/buy/cgsh_order_add.html HTTP/1.1" 200 58108
180.161.113.183 - - [04/May/2020:09:56:08 +0800] "POST /xingrg/kc/buy/cgsh_order_operate.html HTTP/1.1" 200 8245
180.161.113.183 - - [04/May/2020:09:56:09 +0800] "GET /xingrg/javascript/easyui/themes/default/validatebox.css HTTP/1.1" 404 1104
180.161.113.183 - - [04/May/2020:09:56:10 +0800] "GET /xingrg/javascript/easyui/themes/default/tree.css HTTP/1.1" 404 1090
180.161.113.183 - - [04/May/2020:09:56:10 +0800] "POST /xingrg/all/common/load_tree.html?tree=supplier_tree_json&isDelete=1 HTTP/1.1" 200 47615
222.69.136.137 - - [04/May/2020:09:56:12 +0800] "GET /xingrg/all/function/internal_message.html?_=1588557370378&CODE_STATE=getMsg HTTP/1.1" 200 27
114.84.32.201 - - [04/May/2020:09:56:15 +0800] "POST /xingrg/login.do HTTP/1.1" 302 -
114.84.32.201 - - [04/May/2020:09:56:15 +0800] "GET /xingrg/index.html?sysBaseUrl=http%3A%2F%2F180.169.147.146%3A18081%2Fxingrg%2F&costTime=39×tamp=1588557375328 HTTP/1.1" 200 17419
114.84.32.201 - - [04/May/2020:09:56:15 +0800] "POST /xingrg/all/common/load_tree.html?tree=area_rest_tree_json&manage=1 HTTP/1.1" 200 3088
114.84.32.201 - - [04/May/2020:09:56:15 +0800] "GET /xingrg/check_reg.html?_=1588557375933 HTTP/1.1" 200 22
114.84.32.201 - - [04/May/2020:09:56:15 +0800] "GET /xingrg/all/function/internal_message.html?_=1588557375930&CODE_STATE=count HTTP/1.1" 200 11
114.84.32.201 - - [04/May/2020:09:56:15 +0800] "GET /favicon.ico HTTP/1.1" 404 -
114.84.32.201 - - [04/May/2020:09:56:15 +0800] "POST /xingrg/load_menu.html HTTP/1.1" 200 9959
172.17.0.120 - - [04/May/2020:09:56:20 +0800] "GET /xingrg/all/function/internal_message.html?_=1588557380019&CODE_STATE=getMsg HTTP/1.1" 200 27
114.84.151.157 - - [04/May/2020:09:56:24 +0800] "GET /xingrg/kc/buy/cgsh_order_add.html HTTP/1.1" 200 58202
114.84.151.157 - - [04/May/2020:09:56:25 +0800] "POST /xingrg/kc/buy/cgsh_order_operate.html HTTP/1.1" 200 8245
114.84.151.157 - - [04/May/2020:09:56:25 +0800] "GET /xingrg/javascript/easyui/themes/default/validatebox.css HTTP/1.1" 404 1104
172.17.0.102 - - [04/May/2020:09:56:27 +0800] "GET /xingrg/all/function/internal_message.html?_=1588557412321&CODE_STATE=getMsg HTTP/1.1" 200 27
172.17.0.102 - - [04/May/2020:09:56:27 +0800] "GET /xingrg/check_reg.html?_=1588557412326 HTTP/1.1" 200 22
180.161.113.183 - - [04/May/2020:09:56:28 +0800] "GET /xingrg/kc/buy/cgsh_order_operate.html?command=get_materiel&rest_code=00102&code=00101008323&supplier_code=00100008&order_time=2020-05-04 HTTP/1.1" 200 408
180.161.113.183 - - [04/May/2020:09:56:30 +0800] "GET /xingrg/all/function/internal_message.html?_=1588557582523&CODE_STATE=getMsg HTTP/1.1" 200 27
114.84.33.255 - - [04/May/2020:09:56:30 +0800] "GET /xingrg/all/function/internal_message.html?_=1588557391902&CODE_STATE=getMsg HTTP/1.1" 200 27
120.253.135.82 - - [04/May/2020:09:56:35 +0800] "GET /xingrg/all/function/internal_message.html?_=1588557530766&CODE_STATE=getMsg HTTP/1.1" 200 27
114.84.32.201 - - [04/May/2020:09:56:35 +0800] "POST /xingrg/load_menu.html HTTP/1.1" 200 10168
172.17.0.240 - - [04/May/2020:09:56:38 +0800] "GET /xingrg/all/function/internal_message.html?_=1588557398214&CODE_STATE=getMsg HTTP/1.1" 200 27
180.161.113.183 - - [04/May/2020:09:56:40 +0800] "GET /xingrg/kc/buy/cgsh_order_operate.html?command=get_materiel&rest_code=00102&code=00101008215&supplier_code=00100008&order_time=2020-05-04 HTTP/1.1" 200 413
58.40.7.146 - - [04/May/2020:09:56:41 +0800] "GET /xingrg/all/function/internal_message.html?_=1588557401627&CODE_STATE=getMsg HTTP/1.1" 200 27
58.40.7.146 - - [04/May/2020:09:56:47 +0800] "GET /xingrg/all/function/internal_message.html?_=1588557407580&CODE_STATE=getMsg HTTP/1.1" 302 -
117.131.5.26 - - [04/May/2020:09:56:52 +0800] "GET /xingrg/all/function/internal_message.html?_=1588557679428&CODE_STATE=getMsg HTTP/1.1" 200 27
222.70.183.62 - - [04/May/2020:09:56:53 +0800] "GET /xingrg/all/function/internal_message.html?_=1588557413699&CODE_STATE=getMsg HTTP/1.1" 200 27
116.228.172.94 - - [04/May/2020:09:56:58 +0800] "GET /xingrg/all/function/internal_message.html?_=1588556636845&CODE_STATE=getMsg HTTP/1.1" 200 27
172.17.0.185 - - [04/May/2020:09:56:59 +0800] "GET /xingrg/all/function/internal_message.html?_=1588557418969&CODE_STATE=getMsg HTTP/1.1" 302 -
58.221.95.50 - - [04/May/2020:09:57:00 +0800] "GET /xingrg/all/function/internal_message.html?_=1588557453380&CODE_STATE=getMsg HTTP/1.1" 200 27
180.162.232.172 - - [04/May/2020:09:57:01 +0800] "GET /xingrg/all/function/internal_message.html?_=1588557555809&CODE_STATE=getMsg HTTP/1.1" 200 27
114.84.151.157 - - [04/May/2020:09:57:03 +0800] "GET /xingrg/all/function/internal_message.html?_=1588557422613&CODE_STATE=getMsg HTTP/1.1" 200 27
180.156.150.85 - - [04/May/2020:09:57:04 +0800] "POST /xingrg/services/DataTransmitService HTTP/1.1" 200 524
180.156.150.85 - - [04/May/2020:09:57:04 +0800] "POST /xingrg/services/DataTransmitService HTTP/1.1" 200 2579
180.156.150.85 - - [04/May/2020:09:57:07 +0800] "GET /xingrg/all/function/internal_message.html?_=1588557429036&CODE_STATE=getMsg HTTP/1.1" 200 27
222.70.183.62 - - [04/May/2020:09:57:09 +0800] "GET /xingrg/check_reg.html?_=1588557428871 HTTP/1.1" 200 22
222.69.136.137 - - [04/May/2020:09:57:12 +0800] "GET /xingrg/all/function/internal_message.html?_=1588557430378&CODE_STATE=getMsg HTTP/1.1" 200 27
114.84.32.201 - - [04/May/2020:09:57:12 +0800] "GET /xingrg/dwr/interface/AjaxGetFirstChart.js HTTP/1.1" 200 631
114.84.32.201 - - [04/May/2020:09:57:12 +0800] "GET /xingrg/dwr/util.js HTTP/1.1" 304 -
114.84.32.201 - - [04/May/2020:09:57:12 +0800] "GET /xingrg/dwr/engine.js HTTP/1.1" 200 43631
114.84.32.201 - - [04/May/2020:09:57:12 +0800] "GET /xingrg/system/rest/list_page.html?p=menu HTTP/1.1" 200 111091
114.84.32.201 - - [04/May/2020:09:57:13 +0800] "GET /xingrg/system/rest/query_items.html?_=1588557433656&table=menu&page=1&rows=20&categoryId=&key= HTTP/1.1" 200 4721
114.84.32.201 - - [04/May/2020:09:57:15 +0800] "GET /xingrg/all/function/internal_message.html?_=1588557435936&CODE_STATE=getMsg HTTP/1.1" 200 27
180.161.113.183 - - [04/May/2020:09:57:17 +0800] "GET /xingrg/kc/buy/cgsh_order_operate.html?command=get_materiel&rest_code=00102&code=00101008095&supplier_code=00100008&order_time=2020-05-04 HTTP/1.1" 200 412
172.17.0.120 - - [04/May/2020:09:57:20 +0800] "GET /xingrg/all/function/internal_message.html?_=1588557439992&CODE_STATE=getMsg HTTP/1.1" 200 27
180.161.113.183 - - [04/May/2020:09:57:24 +0800] "GET /xingrg/kc/buy/cgsh_order_operate.html?command=get_materiel&rest_code=00102&code=00101008123&supplier_code=00100008&order_time=2020-05-04 HTTP/1.1" 200 412
180.161.113.183 - - [04/May/2020:09:57:25 +0800] "GET /xingrg/check_reg.html?_=1588557638065 HTTP/1.1" 200 22
172.17.0.102 - - [04/May/2020:09:57:27 +0800] "GET /xingrg/all/function/internal_message.html?_=1588557472326&CODE_STATE=getMsg HTTP/1.1" 200 27
114.84.33.255 - - [04/May/2020:09:57:27 +0800] "GET /xingrg/check_reg.html?_=1588557449194 HTTP/1.1" 200 22
180.161.113.183 - - [04/May/2020:09:57:30 +0800] "GET /xingrg/all/function/internal_message.html?_=1588557642537&CODE_STATE=getMsg HTTP/1.1" 200 27
114.84.33.255 - - [04/May/2020:09:57:30 +0800] "GET /xingrg/all/function/internal_message.html?_=1588557451916&CODE_STATE=getMsg HTTP/1.1" 200 27
120.253.135.82 - - [04/May/2020:09:57:35 +0800] "GET /xingrg/all/function/internal_message.html?_=1588557590779&CODE_STATE=getMsg HTTP/1.1" 200 27
172.17.0.240 - - [04/May/2020:09:57:38 +0800] "GET /xingrg/check_reg.html?_=1588557458209 HTTP/1.1" 200 22
172.17.0.240 - - [04/May/2020:09:57:38 +0800] "GET /xingrg/all/function/internal_message.html?_=1588557458210&CODE_STATE=getMsg HTTP/1.1" 200 27
58.40.7.146 - - [04/May/2020:09:57:41 +0800] "GET /xingrg/all/function/internal_message.html?_=1588557461598&CODE_STATE=getMsg HTTP/1.1" 200 27
61.151.178.197 - - [04/May/2020:09:57:42 +0800] "GET /xingrg/kc/buy/cgsh_order_operate.html?command=get_materiel&rest_code=00141&code=00101001010&supplier_code=00100040&order_time=2020-05-04 HTTP/1.1" 302 -
61.151.178.197 - - [04/May/2020:09:57:46 +0800] "GET /xingrg/login.html HTTP/1.1" 200 7641
58.40.7.146 - - [04/May/2020:09:57:47 +0800] "GET /xingrg/all/function/internal_message.html?_=1588557467583&CODE_STATE=getMsg HTTP/1.1" 302 -
101.91.60.11 - - [04/May/2020:09:57:50 +0800] "GET /xingrg/all/function/internal_message.html?_=1588556762563&CODE_STATE=getMsg HTTP/1.1" 302 -
180.161.113.183 - - [04/May/2020:09:57:51 +0800] "POST /xingrg/kc/buy/cgsh_order_operate.html HTTP/1.1" 200 37
180.161.113.183 - - [04/May/2020:09:57:52 +0800] "POST /xingrg/kc/buy/cgsh_order_operate.html HTTP/1.1" 200 7358
117.131.5.26 - - [04/May/2020:09:57:52 +0800] "GET /xingrg/all/function/internal_message.html?_=1588557739455&CODE_STATE=getMsg HTTP/1.1" 200 27
222.70.183.62 - - [04/May/2020:09:57:53 +0800] "GET /xingrg/all/function/internal_message.html?_=1588557473703&CODE_STATE=getMsg HTTP/1.1" 200 27
180.162.232.172 - - [04/May/2020:09:57:56 +0800] "GET /xingrg/check_reg.html?_=1588557610363 HTTP/1.1" 200 22
114.84.32.201 - - [04/May/2020:09:57:56 +0800] "GET /xingrg/system/rest/query_items.html?_=1588557477044&table=menu&page=1&rows=20&categoryId=&key=%25E6%259D%2582%25E9%25B1%25BC HTTP/1.1" 200 1752
101.91.60.11 - - [04/May/2020:09:57:58 +0800] "GET /xingrg/login.html HTTP/1.1" 200 7641
172.17.0.185 - - [04/May/2020:09:57:59 +0800] "GET /xingrg/check_reg.html?_=1588557478958 HTTP/1.1" 302 -
172.17.0.185 - - [04/May/2020:09:57:59 +0800] "GET /xingrg/all/function/internal_message.html?_=1588557478963&CODE_STATE=getMsg HTTP/1.1" 302 -
58.221.95.50 - - [04/May/2020:09:58:00 +0800] "GET /xingrg/all/function/internal_message.html?_=1588557513381&CODE_STATE=getMsg HTTP/1.1" 200 27
180.162.232.172 - - [04/May/2020:09:58:01 +0800] "GET /xingrg/all/function/internal_message.html?_=1588557615823&CODE_STATE=getMsg HTTP/1.1" 200 27
58.40.7.146 - - [04/May/2020:09:58:01 +0800] "GET /xingrg/check_reg.html?_=1588557481479 HTTP/1.1" 200 22
114.84.151.157 - - [04/May/2020:09:58:03 +0800] "GET /xingrg/all/function/internal_message.html?_=1588557482603&CODE_STATE=getMsg HTTP/1.1" 200 27
114.84.151.157 - - [04/May/2020:09:58:03 +0800] "GET /xingrg/check_reg.html?_=1588557482604 HTTP/1.1" 200 22
180.161.113.183 - - [04/May/2020:09:58:05 +0800] "POST /xingrg/kc/buy/cgsh_list_operate.html HTTP/1.1" 200 2735
114.84.32.201 - - [04/May/2020:09:58:06 +0800] "GET /xingrg/system/rest/get_item.html?table=menu&id=1965&_=1588557486717 HTTP/1.1" 200 969
114.84.32.201 - - [04/May/2020:09:58:06 +0800] "GET /xingrg/system/rest/get_item.html?table=menu&target=menu_rest&id=1965&_=1588557486750 HTTP/1.1" 200 669
114.84.32.201 - - [04/May/2020:09:58:06 +0800] "GET /xingrg/system/rest/get_item.html?table=menu&target=cook_mode&id=1965&_=1588557486748 HTTP/1.1" 200 6235
114.84.32.201 - - [04/May/2020:09:58:07 +0800] "GET /xingrg/system/rest/get_infos.html?command=menu_img_show&id=1965 HTTP/1.1" 200 5
180.156.150.85 - - [04/May/2020:09:58:07 +0800] "GET /xingrg/all/function/internal_message.html?_=1588557489017&CODE_STATE=getMsg HTTP/1.1" 200 27
222.69.136.137 - - [04/May/2020:09:58:12 +0800] "GET /xingrg/all/function/internal_message.html?_=1588557490435&CODE_STATE=getMsg HTTP/1.1" 200 27
114.84.32.201 - - [04/May/2020:09:58:14 +0800] "GET /xingrg/system/rest/get_item.html?table=menu&target=menu_rest_detail&id=1965&sid=12&_=1588557495101 HTTP/1.1" 200 426
114.84.32.201 - - [04/May/2020:09:58:15 +0800] "GET /xingrg/all/function/internal_message.html?_=1588557495944&CODE_STATE=getMsg HTTP/1.1" 200 27
172.17.0.120 - - [04/May/2020:09:58:20 +0800] "GET /xingrg/check_reg.html?_=1588557499981 HTTP/1.1" 200 22
172.17.0.120 - - [04/May/2020:09:58:20 +0800] "GET /xingrg/all/function/internal_message.html?_=1588557499991&CODE_STATE=getMsg HTTP/1.1" 200 27
172.17.0.102 - - [04/May/2020:09:58:27 +0800] "GET /xingrg/all/function/internal_message.html?_=1588557532327&CODE_STATE=getMsg HTTP/1.1" 200 27
180.161.113.183 - - [04/May/2020:09:58:30 +0800] "GET /xingrg/all/function/internal_message.html?_=1588557702550&CODE_STATE=getMsg HTTP/1.1" 200 27
114.84.33.255 - - [04/May/2020:09:58:30 +0800] "GET /xingrg/all/function/internal_message.html?_=1588557511930&CODE_STATE=getMsg HTTP/1.1" 200 27
120.253.135.82 - - [04/May/2020:09:58:35 +0800] "GET /xingrg/all/function/internal_message.html?_=1588557650809&CODE_STATE=getMsg HTTP/1.1" 200 27
117.131.5.26 - - [04/May/2020:09:58:36 +0800] "GET /xingrg/check_reg.html?_=1588557783076 HTTP/1.1" 200 22
114.86.190.97 - - [04/May/2020:09:58:37 +0800] "GET /favicon.ico HTTP/1.1" 404 -
114.86.190.97 - - [04/May/2020:09:58:38 +0800] "GET /xingrg/login.html HTTP/1.1" 200 7641
114.86.190.97 - - [04/May/2020:09:58:38 +0800] "GET /xingrg/images/blue/jxLogo.png HTTP/1.1" 304 -
114.86.190.97 - - [04/May/2020:09:58:38 +0800] "GET /xingrg/images/blue/login_bg.png HTTP/1.1" 304 -
114.86.190.97 - - [04/May/2020:09:58:38 +0800] "GET /xingrg/images/blue/hj.png HTTP/1.1" 304 -
114.86.190.97 - - [04/May/2020:09:58:38 +0800] "GET /xingrg/images/blue/srbg.png HTTP/1.1" 304 -
114.86.190.97 - - [04/May/2020:09:58:38 +0800] "GET /favicon.ico HTTP/1.1" 404 -
172.17.0.240 - - [04/May/2020:09:58:38 +0800] "GET /xingrg/all/function/internal_message.html?_=1588557518221&CODE_STATE=getMsg HTTP/1.1" 200 27
114.84.32.201 - - [04/May/2020:09:58:39 +0800] "POST /xingrg/system/rest/edit_item.html HTTP/1.1" 200 4
114.84.32.201 - - [04/May/2020:09:58:39 +0800] "GET /xingrg/system/rest/get_item.html?table=menu&target=menu_rest&id=1965&_=1588557519612 HTTP/1.1" 200 669
114.86.190.97 - - [04/May/2020:09:58:40 +0800] "POST /xingrg/login.do HTTP/1.1" 302 -
114.86.190.97 - - [04/May/2020:09:58:41 +0800] "GET /xingrg/index.html?sysBaseUrl=http%3A%2F%2F180.169.147.146%3A18081%2Fxingrg%2F&costTime=40×tamp=1588557520983 HTTP/1.1" 200 17179
114.86.190.97 - - [04/May/2020:09:58:41 +0800] "GET /xingrg/javascript/jquery_easy_ui/themes/default/easyui.css HTTP/1.1" 304 -
114.86.190.97 - - [04/May/2020:09:58:41 +0800] "GET /xingrg/javascript/jquery_easy_ui/themes/icon.css HTTP/1.1" 304 -
114.86.190.97 - - [04/May/2020:09:58:41 +0800] "GET /xingrg/css/form.css HTTP/1.1" 304 -
114.86.190.97 - - [04/May/2020:09:58:41 +0800] "GET /xingrg/javascript/jquery.utils.js HTTP/1.1" 304 -
114.86.190.97 - - [04/May/2020:09:58:41 +0800] "GET /xingrg/javascript/jquery.timers.js HTTP/1.1" 304 -
114.86.190.97 - - [04/May/2020:09:58:41 +0800] "GET /xingrg/javascript/jquery-1.4.2.min.js HTTP/1.1" 304 -
114.86.190.97 - - [04/May/2020:09:58:41 +0800] "GET /xingrg/javascript/jquery_easy_ui/jquery.easyui.min.js HTTP/1.1" 304 -
114.86.190.97 - - [04/May/2020:09:58:41 +0800] "GET /xingrg/javascript/jquery_easy_ui/easyui-lang-zh_CN.js HTTP/1.1" 304 -
114.86.190.97 - - [04/May/2020:09:58:41 +0800] "GET /xingrg/javascript/jquery.form.js HTTP/1.1" 304 -
114.86.190.97 - - [04/May/2020:09:58:41 +0800] "GET /favicon.ico HTTP/1.1" 404 -
114.86.190.97 - - [04/May/2020:09:58:41 +0800] "GET /xingrg/images/blue/jxLogo.png HTTP/1.1" 304 -
114.86.190.97 - - [04/May/2020:09:58:41 +0800] "GET /xingrg/javascript/jquery_easy_ui/themes/icons/settle_new.png HTTP/1.1" 304 -
114.86.190.97 - - [04/May/2020:09:58:41 +0800] "GET /xingrg/images/blue/navBackgound.jpg HTTP/1.1" 304 -
114.86.190.97 - - [04/May/2020:09:58:41 +0800] "POST /xingrg/all/common/load_tree.html?tree=area_rest_tree_json&manage=1 HTTP/1.1" 200 351
114.86.190.97 - - [04/May/2020:09:58:41 +0800] "GET /xingrg/images/blue/pingpu.png HTTP/1.1" 304 -
114.86.190.97 - - [04/May/2020:09:58:41 +0800] "GET /xingrg/javascript/jquery_easy_ui/themes/default/images/tabs_leftarrow.png HTTP/1.1" 304 -
114.86.190.97 - - [04/May/2020:09:58:41 +0800] "GET /xingrg/javascript/jquery_easy_ui/themes/default/images/tabs_rightarrow.png HTTP/1.1" 304 -
114.86.190.97 - - [04/May/2020:09:58:41 +0800] "GET /xingrg/javascript/jquery_easy_ui/themes/default/images/panel_tool_collapse.gif HTTP/1.1" 304 -
114.86.190.97 - - [04/May/2020:09:58:41 +0800] "GET /xingrg/all/function/internal_message.html?_=1588557520989&CODE_STATE=count HTTP/1.1" 200 11
114.86.190.97 - - [04/May/2020:09:58:41 +0800] "GET /xingrg/check_reg.html?_=1588557520990 HTTP/1.1" 200 22
114.86.190.97 - - [04/May/2020:09:58:41 +0800] "GET /xingrg/javascript/jquery_easy_ui/themes/default/images/tree_arrows.gif HTTP/1.1" 304 -
114.86.190.97 - - [04/May/2020:09:58:41 +0800] "POST /xingrg/load_menu.html HTTP/1.1" 200 5138
114.86.190.97 - - [04/May/2020:09:58:41 +0800] "GET /xingrg/javascript/jquery_easy_ui/themes/default/images/tree_folder_open.gif HTTP/1.1" 304 -
114.86.190.97 - - [04/May/2020:09:58:41 +0800] "GET /xingrg/javascript/jquery_easy_ui/themes/icons/search_new.png HTTP/1.1" 304 -
114.86.190.97 - - [04/May/2020:09:58:41 +0800] "GET /xingrg/javascript/jquery_easy_ui/themes/default/images/tree_folder.gif HTTP/1.1" 304 -
