120.253.135.82 - - [04/May/2020:08:49:34 +0800] "GET /xingrg/all/function/internal_message.html?_=1588553509793&CODE_STATE=getMsg HTTP/1.1" 200 27
172.17.0.240 - - [04/May/2020:08:49:38 +0800] "GET /xingrg/all/function/internal_message.html?_=1588553378217&CODE_STATE=getMsg HTTP/1.1" 200 27
114.84.33.255 - - [04/May/2020:08:49:39 +0800] "GET /xingrg/kc/buy/cgsh_order_operate.html?command=get_materiel&rest_code=00146&code=00101008197&supplier_code=00100005&order_time=2020-05-04 HTTP/1.1" 200 416
58.40.7.146 - - [04/May/2020:08:49:43 +0800] "GET /xingrg/all/function/internal_message.html?_=1588553383342&CODE_STATE=getMsg HTTP/1.1" 200 27
222.69.136.137 - - [04/May/2020:08:49:44 +0800] "GET /xingrg/kc/buy/cgsh_order_operate.html?command=get_materiel&rest_code=00149&code=00101008350&supplier_code=00100005&order_time=2020-05-04 HTTP/1.1" 200 408
58.40.7.146 - - [04/May/2020:08:49:47 +0800] "GET /xingrg/all/function/internal_message.html?_=1588553387530&CODE_STATE=getMsg HTTP/1.1" 302 -
58.40.7.146 - - [04/May/2020:08:49:47 +0800] "GET /xingrg/check_reg.html?_=1588553387532 HTTP/1.1" 302 -
180.156.150.85 - - [04/May/2020:08:49:50 +0800] "GET /xingrg/kc/buy/cgsh_order_operate.html?command=get_materiel&rest_code=00105&code=00101009013&supplier_code=00100024&order_time=2020-05-04 HTTP/1.1" 200 422
222.70.183.62 - - [04/May/2020:08:49:50 +0800] "GET /xingrg/all/function/internal_message.html?_=1588553390555&CODE_STATE=getMsg HTTP/1.1" 200 27
117.131.5.26 - - [04/May/2020:08:49:51 +0800] "GET /xingrg/all/function/internal_message.html?_=1588553658112&CODE_STATE=getMsg HTTP/1.1" 200 27
101.85.52.41 - - [04/May/2020:08:49:54 +0800] "GET /xingrg/all/function/internal_message.html?_=1588552944310&CODE_STATE=getMsg HTTP/1.1" 200 27
222.70.183.62 - - [04/May/2020:08:49:55 +0800] "GET /xingrg/all/function/internal_message.html?_=1588553734361&CODE_STATE=getMsg HTTP/1.1" 200 27
172.17.0.185 - - [04/May/2020:08:49:59 +0800] "GET /xingrg/all/function/internal_message.html?_=1588553398963&CODE_STATE=getMsg HTTP/1.1" 302 -
222.69.136.137 - - [04/May/2020:08:50:01 +0800] "GET /xingrg/kc/buy/cgsh_order_operate.html?command=get_materiel&rest_code=00149&code=00101008244&supplier_code=00100005&order_time=2020-05-04 HTTP/1.1" 200 408
180.156.150.85 - - [04/May/2020:08:50:08 +0800] "GET /xingrg/check_reg.html?_=1588553409880 HTTP/1.1" 200 22
180.156.150.85 - - [04/May/2020:08:50:09 +0800] "GET /xingrg/all/function/internal_message.html?_=1588553410639&CODE_STATE=getMsg HTTP/1.1" 200 27
222.69.136.137 - - [04/May/2020:08:50:11 +0800] "GET /xingrg/all/function/internal_message.html?_=1588553410302&CODE_STATE=getMsg HTTP/1.1" 200 27
180.156.150.85 - - [04/May/2020:08:50:24 +0800] "GET /xingrg/kc/buy/cgsh_order_operate.html?command=get_materiel&rest_code=00105&code=00101009004&supplier_code=00100024&order_time=2020-05-04 HTTP/1.1" 200 409
114.84.33.255 - - [04/May/2020:08:50:24 +0800] "GET /xingrg/kc/buy/cgsh_order_operate.html?command=get_materiel&rest_code=00146&code=00101008036&supplier_code=00100005&order_time=2020-05-04 HTTP/1.1" 200 408
222.69.136.137 - - [04/May/2020:08:50:25 +0800] "GET /xingrg/kc/buy/cgsh_order_operate.html?command=get_materiel&rest_code=00149&code=00101008112&supplier_code=00100005&order_time=2020-05-04 HTTP/1.1" 200 412
114.84.33.255 - - [04/May/2020:08:50:26 +0800] "GET /xingrg/all/function/internal_message.html?_=1588553428011&CODE_STATE=getMsg HTTP/1.1" 200 27
114.84.33.255 - - [04/May/2020:08:50:27 +0800] "POST /xingrg/kc/buy/cgsh_order_operate.html HTTP/1.1" 200 2065
180.162.232.172 - - [04/May/2020:08:50:32 +0800] "GET /xingrg/all/function/internal_message.html?_=1588553434151&CODE_STATE=getMsg HTTP/1.1" 200 27
120.253.135.82 - - [04/May/2020:08:50:33 +0800] "GET /xingrg/check_reg.html?_=1588553569004 HTTP/1.1" 200 22
120.253.135.82 - - [04/May/2020:08:50:34 +0800] "GET /xingrg/all/function/internal_message.html?_=1588553569806&CODE_STATE=getMsg HTTP/1.1" 200 27
172.17.0.240 - - [04/May/2020:08:50:38 +0800] "GET /xingrg/all/function/internal_message.html?_=1588553438220&CODE_STATE=getMsg HTTP/1.1" 200 27
222.69.136.137 - - [04/May/2020:08:50:40 +0800] "GET /xingrg/kc/buy/cgsh_order_operate.html?command=get_materiel&rest_code=00149&code=00101008185&supplier_code=00100005&order_time=2020-05-04 HTTP/1.1" 200 408
58.40.7.146 - - [04/May/2020:08:50:43 +0800] "GET /xingrg/all/function/internal_message.html?_=1588553443328&CODE_STATE=getMsg HTTP/1.1" 200 27
114.84.33.255 - - [04/May/2020:08:50:46 +0800] "GET /xingrg/kc/buy/cgsh_order_operate.html?command=get_materiel&rest_code=00146&code=00101008318&supplier_code=00100005&order_time=2020-05-04 HTTP/1.1" 200 408
58.40.7.146 - - [04/May/2020:08:50:47 +0800] "GET /xingrg/all/function/internal_message.html?_=1588553447534&CODE_STATE=getMsg HTTP/1.1" 302 -
222.69.136.137 - - [04/May/2020:08:50:49 +0800] "GET /xingrg/kc/buy/cgsh_order_operate.html?command=get_materiel&rest_code=00149&code=00101008358&supplier_code=00100005&order_time=2020-05-04 HTTP/1.1" 200 412
222.70.183.62 - - [04/May/2020:08:50:50 +0800] "GET /xingrg/all/function/internal_message.html?_=1588553450563&CODE_STATE=getMsg HTTP/1.1" 200 27
117.131.5.26 - - [04/May/2020:08:50:51 +0800] "GET /xingrg/all/function/internal_message.html?_=1588553718141&CODE_STATE=getMsg HTTP/1.1" 200 27
101.85.52.41 - - [04/May/2020:08:50:54 +0800] "GET /xingrg/all/function/internal_message.html?_=1588553004297&CODE_STATE=getMsg HTTP/1.1" 200 27
222.70.183.62 - - [04/May/2020:08:50:55 +0800] "GET /xingrg/all/function/internal_message.html?_=1588553794384&CODE_STATE=getMsg HTTP/1.1" 200 27
172.17.0.185 - - [04/May/2020:08:50:59 +0800] "GET /xingrg/all/function/internal_message.html?_=1588553458968&CODE_STATE=getMsg HTTP/1.1" 302 -
114.84.33.255 - - [04/May/2020:08:51:01 +0800] "GET /xingrg/kc/buy/cgsh_order_operate.html?command=get_materiel&rest_code=00146&code=00101008352&supplier_code=00100005&order_time=2020-05-04 HTTP/1.1" 200 412
222.69.136.137 - - [04/May/2020:08:51:03 +0800] "GET /xingrg/kc/buy/cgsh_order_operate.html?command=get_materiel&rest_code=00149&code=00101008224&supplier_code=00100005&order_time=2020-05-04 HTTP/1.1" 200 416
180.156.150.85 - - [04/May/2020:08:51:09 +0800] "GET /xingrg/all/function/internal_message.html?_=1588553470620&CODE_STATE=getMsg HTTP/1.1" 200 27
222.69.136.137 - - [04/May/2020:08:51:11 +0800] "GET /xingrg/all/function/internal_message.html?_=1588553470286&CODE_STATE=getMsg HTTP/1.1" 200 27
114.84.33.255 - - [04/May/2020:08:51:12 +0800] "GET /xingrg/kc/buy/cgsh_order_operate.html?command=get_materiel&rest_code=00146&code=00101008005&supplier_code=00100005&order_time=2020-05-04 HTTP/1.1" 200 412
222.69.136.137 - - [04/May/2020:08:51:21 +0800] "GET /xingrg/kc/buy/cgsh_order_operate.html?command=get_materiel&rest_code=00149&code=00101008144&supplier_code=00100005&order_time=2020-05-04 HTTP/1.1" 200 412
114.84.33.255 - - [04/May/2020:08:51:27 +0800] "GET /xingrg/all/function/internal_message.html?_=1588553488142&CODE_STATE=getMsg HTTP/1.1" 200 27
180.162.232.172 - - [04/May/2020:08:51:32 +0800] "GET /xingrg/all/function/internal_message.html?_=1588553494150&CODE_STATE=getMsg HTTP/1.1" 200 27
120.253.135.82 - - [04/May/2020:08:51:34 +0800] "GET /xingrg/all/function/internal_message.html?_=1588553629819&CODE_STATE=getMsg HTTP/1.1" 200 27
222.69.136.137 - - [04/May/2020:08:51:36 +0800] "GET /xingrg/kc/buy/cgsh_order_operate.html?command=get_materiel&rest_code=00149&code=00101008264&supplier_code=00100005&order_time=2020-05-04 HTTP/1.1" 200 412
172.17.0.240 - - [04/May/2020:08:51:38 +0800] "GET /xingrg/all/function/internal_message.html?_=1588553498207&CODE_STATE=getMsg HTTP/1.1" 200 27
116.232.36.192 - - [04/May/2020:08:51:40 +0800] "POST /xingrg/services/DataTransmitService HTTP/1.1" 200 524
58.40.7.146 - - [04/May/2020:08:51:43 +0800] "GET /xingrg/all/function/internal_message.html?_=1588553503314&CODE_STATE=getMsg HTTP/1.1" 200 27
58.40.7.146 - - [04/May/2020:08:51:47 +0800] "GET /xingrg/all/function/internal_message.html?_=1588553507537&CODE_STATE=getMsg HTTP/1.1" 302 -
222.69.136.137 - - [04/May/2020:08:51:49 +0800] "POST /xingrg/kc/buy/cgsh_order_operate.html HTTP/1.1" 200 2065
222.70.183.62 - - [04/May/2020:08:51:50 +0800] "GET /xingrg/all/function/internal_message.html?_=1588553510676&CODE_STATE=getMsg HTTP/1.1" 200 27
117.131.5.26 - - [04/May/2020:08:51:51 +0800] "GET /xingrg/all/function/internal_message.html?_=1588553778156&CODE_STATE=getMsg HTTP/1.1" 200 27
101.85.52.41 - - [04/May/2020:08:51:54 +0800] "GET /xingrg/all/function/internal_message.html?_=1588553064282&CODE_STATE=getMsg HTTP/1.1" 200 27
222.70.183.62 - - [04/May/2020:08:51:55 +0800] "GET /xingrg/check_reg.html?_=1588553854390 HTTP/1.1" 200 22
222.70.183.62 - - [04/May/2020:08:51:55 +0800] "GET /xingrg/all/function/internal_message.html?_=1588553854393&CODE_STATE=getMsg HTTP/1.1" 200 27
222.69.136.137 - - [04/May/2020:08:51:56 +0800] "GET /xingrg/kc/buy/cgsh_order_operate.html?command=get_materiel&rest_code=00149&code=00101008356&supplier_code=00100005&order_time=2020-05-04 HTTP/1.1" 200 408
172.17.0.185 - - [04/May/2020:08:51:59 +0800] "GET /xingrg/all/function/internal_message.html?_=1588553518960&CODE_STATE=getMsg HTTP/1.1" 302 -
222.69.136.137 - - [04/May/2020:08:52:03 +0800] "GET /xingrg/kc/buy/cgsh_order_operate.html?command=get_materiel&rest_code=00149&code=00101008205&supplier_code=00100005&order_time=2020-05-04 HTTP/1.1" 200 412
114.84.33.255 - - [04/May/2020:08:52:07 +0800] "POST /xingrg/kc/buy/cgsh_order_operate.html HTTP/1.1" 200 2065
222.70.183.62 - - [04/May/2020:08:52:08 +0800] "GET /xingrg/check_reg.html?_=1588553528801 HTTP/1.1" 200 22
180.156.150.85 - - [04/May/2020:08:52:09 +0800] "GET /xingrg/all/function/internal_message.html?_=1588553530589&CODE_STATE=getMsg HTTP/1.1" 200 27
222.69.136.137 - - [04/May/2020:08:52:11 +0800] "GET /xingrg/all/function/internal_message.html?_=1588553530291&CODE_STATE=getMsg HTTP/1.1" 200 27
114.84.33.255 - - [04/May/2020:08:52:15 +0800] "GET /xingrg/kc/buy/cgsh_order_operate.html?command=get_materiel&rest_code=00146&code=00101008291&supplier_code=00100005&order_time=2020-05-04 HTTP/1.1" 200 408
222.69.136.137 - - [04/May/2020:08:52:24 +0800] "GET /xingrg/kc/buy/cgsh_order_operate.html?command=get_materiel&rest_code=00149&code=00101008360&supplier_code=00100005&order_time=2020-05-04 HTTP/1.1" 200 413
114.84.33.255 - - [04/May/2020:08:52:26 +0800] "GET /xingrg/check_reg.html?_=1588553547712 HTTP/1.1" 200 22
114.84.33.255 - - [04/May/2020:08:52:27 +0800] "GET /xingrg/all/function/internal_message.html?_=1588553548147&CODE_STATE=getMsg HTTP/1.1" 200 27
114.84.33.255 - - [04/May/2020:08:52:27 +0800] "GET /xingrg/kc/buy/cgsh_order_operate.html?command=get_materiel&rest_code=00146&code=00101008312&supplier_code=00100005&order_time=2020-05-04 HTTP/1.1" 200 412
180.162.232.172 - - [04/May/2020:08:52:32 +0800] "GET /xingrg/all/function/internal_message.html?_=1588553554152&CODE_STATE=getMsg HTTP/1.1" 200 27
120.253.135.82 - - [04/May/2020:08:52:34 +0800] "GET /xingrg/all/function/internal_message.html?_=1588553689833&CODE_STATE=getMsg HTTP/1.1" 200 27
172.17.0.240 - - [04/May/2020:08:52:38 +0800] "GET /xingrg/all/function/internal_message.html?_=1588553558209&CODE_STATE=getMsg HTTP/1.1" 200 27
172.17.0.240 - - [04/May/2020:08:52:38 +0800] "GET /xingrg/check_reg.html?_=1588553558211 HTTP/1.1" 200 22
114.84.33.255 - - [04/May/2020:08:52:38 +0800] "GET /xingrg/kc/buy/cgsh_order_operate.html?command=get_materiel&rest_code=00146&code=00101008283&supplier_code=00100005&order_time=2020-05-04 HTTP/1.1" 200 408
58.40.7.146 - - [04/May/2020:08:52:43 +0800] "GET /xingrg/all/function/internal_message.html?_=1588553563285&CODE_STATE=getMsg HTTP/1.1" 200 27
58.40.7.146 - - [04/May/2020:08:52:47 +0800] "GET /xingrg/all/function/internal_message.html?_=1588553567524&CODE_STATE=getMsg HTTP/1.1" 302 -
114.84.33.255 - - [04/May/2020:08:52:48 +0800] "GET /xingrg/kc/buy/cgsh_order_operate.html?command=get_materiel&rest_code=00146&code=00101008298&supplier_code=00100005&order_time=2020-05-04 HTTP/1.1" 200 412
222.70.183.62 - - [04/May/2020:08:52:50 +0800] "GET /xingrg/all/function/internal_message.html?_=1588553570682&CODE_STATE=getMsg HTTP/1.1" 200 27
116.228.172.94 - - [04/May/2020:08:52:51 +0800] "GET /xingrg/login.html HTTP/1.1" 200 7641
117.131.5.26 - - [04/May/2020:08:52:51 +0800] "GET /xingrg/all/function/internal_message.html?_=1588553838186&CODE_STATE=getMsg HTTP/1.1" 200 27
116.228.172.94 - - [04/May/2020:08:52:51 +0800] "GET /xingrg/images/blue/login_bg.png HTTP/1.1" 304 -
116.228.172.94 - - [04/May/2020:08:52:51 +0800] "GET /xingrg/images/blue/hj.png HTTP/1.1" 304 -
116.228.172.94 - - [04/May/2020:08:52:51 +0800] "GET /xingrg/images/blue/srbg.png HTTP/1.1" 304 -
116.228.172.94 - - [04/May/2020:08:52:52 +0800] "GET /favicon.ico HTTP/1.1" 404 -
101.85.52.41 - - [04/May/2020:08:52:54 +0800] "GET /xingrg/all/function/internal_message.html?_=1588553124267&CODE_STATE=getMsg HTTP/1.1" 200 27
222.70.183.62 - - [04/May/2020:08:52:55 +0800] "GET /xingrg/all/function/internal_message.html?_=1588553914381&CODE_STATE=getMsg HTTP/1.1" 200 27
116.228.172.94 - - [04/May/2020:08:52:55 +0800] "POST /xingrg/login.do HTTP/1.1" 302 -
116.228.172.94 - - [04/May/2020:08:52:55 +0800] "GET /xingrg/javascript/jquery_easy_ui/themes/default/easyui.css HTTP/1.1" 304 -
116.228.172.94 - - [04/May/2020:08:52:55 +0800] "GET /xingrg/javascript/jquery_easy_ui/themes/icon.css HTTP/1.1" 304 -
116.228.172.94 - - [04/May/2020:08:52:55 +0800] "GET /xingrg/index.html?sysBaseUrl=http%3A%2F%2F180.169.147.146%3A18081%2Fxingrg%2F&costTime=36×tamp=1588553575466 HTTP/1.1" 200 17179
116.228.172.94 - - [04/May/2020:08:52:55 +0800] "GET /xingrg/css/form.css HTTP/1.1" 304 -
116.228.172.94 - - [04/May/2020:08:52:55 +0800] "GET /xingrg/javascript/jquery-1.4.2.min.js HTTP/1.1" 304 -
116.228.172.94 - - [04/May/2020:08:52:55 +0800] "GET /xingrg/javascript/jquery.form.js HTTP/1.1" 304 -
116.228.172.94 - - [04/May/2020:08:52:55 +0800] "GET /xingrg/javascript/jquery_easy_ui/jquery.easyui.min.js HTTP/1.1" 304 -
116.228.172.94 - - [04/May/2020:08:52:55 +0800] "GET /xingrg/javascript/jquery_easy_ui/easyui-lang-zh_CN.js HTTP/1.1" 304 -
116.228.172.94 - - [04/May/2020:08:52:55 +0800] "GET /xingrg/javascript/jquery.timers.js HTTP/1.1" 304 -
116.228.172.94 - - [04/May/2020:08:52:55 +0800] "GET /xingrg/javascript/jquery.utils.js HTTP/1.1" 304 -
116.228.172.94 - - [04/May/2020:08:52:56 +0800] "POST /xingrg/all/common/load_tree.html?tree=area_rest_tree_json&manage=1 HTTP/1.1" 200 476
116.228.172.94 - - [04/May/2020:08:52:56 +0800] "GET /xingrg/all/function/internal_message.html?_=1588552794172&CODE_STATE=count HTTP/1.1" 200 11
116.228.172.94 - - [04/May/2020:08:52:56 +0800] "GET /xingrg/check_reg.html?_=1588552794174 HTTP/1.1" 200 22
116.228.172.94 - - [04/May/2020:08:52:56 +0800] "POST /xingrg/load_menu.html HTTP/1.1" 200 5138
116.228.172.94 - - [04/May/2020:08:52:56 +0800] "GET /xingrg/javascript/jquery_easy_ui/themes/default/images/tree_arrows.gif HTTP/1.1" 304 -
116.228.172.94 - - [04/May/2020:08:52:56 +0800] "GET /favicon.ico HTTP/1.1" 404 -
116.228.172.94 - - [04/May/2020:08:52:56 +0800] "GET /xingrg/javascript/jquery_easy_ui/themes/default/images/tree_folder_open.gif HTTP/1.1" 304 -
116.228.172.94 - - [04/May/2020:08:52:56 +0800] "GET /xingrg/javascript/jquery_easy_ui/themes/icons/search_new.png HTTP/1.1" 304 -
116.228.172.94 - - [04/May/2020:08:52:56 +0800] "GET /xingrg/javascript/jquery_easy_ui/themes/default/images/tree_folder.gif HTTP/1.1" 304 -
116.228.172.94 - - [04/May/2020:08:52:56 +0800] "GET /xingrg/javascript/jquery_easy_ui/themes/icons/storage_new.png HTTP/1.1" 304 -
116.228.172.94 - - [04/May/2020:08:52:56 +0800] "GET /xingrg/javascript/jquery_easy_ui/themes/icons/forms_new.png HTTP/1.1" 304 -
116.228.172.94 - - [04/May/2020:08:52:56 +0800] "GET /xingrg/javascript/jquery_easy_ui/themes/default/images/tree_file.gif HTTP/1.1" 304 -
114.84.33.255 - - [04/May/2020:08:52:57 +0800] "GET /xingrg/kc/buy/cgsh_order_operate.html?command=get_materiel&rest_code=00146&code=00101008114&supplier_code=00100005&order_time=2020-05-04 HTTP/1.1" 200 412
172.17.0.185 - - [04/May/2020:08:52:59 +0800] "GET /xingrg/all/function/internal_message.html?_=1588553578961&CODE_STATE=getMsg HTTP/1.1" 302 -
172.17.0.185 - - [04/May/2020:08:52:59 +0800] "GET /xingrg/check_reg.html?_=1588553578965 HTTP/1.1" 302 -
114.84.33.255 - - [04/May/2020:08:53:00 +0800] "POST /xingrg/kc/buy/cgsh_order_operate.html HTTP/1.1" 200 2065
222.69.136.137 - - [04/May/2020:08:53:00 +0800] "GET /xingrg/kc/buy/cgsh_order_operate.html?command=get_materiel&rest_code=00149&code=00101008059&supplier_code=00100005&order_time=2020-05-04 HTTP/1.1" 200 408
58.40.7.146 - - [04/May/2020:08:53:01 +0800] "GET /xingrg/check_reg.html?_=1588553581723 HTTP/1.1" 200 22
114.84.33.255 - - [04/May/2020:08:53:07 +0800] "GET /xingrg/kc/buy/cgsh_order_operate.html?command=get_materiel&rest_code=00146&code=00101008010&supplier_code=00100005&order_time=2020-05-04 HTTP/1.1" 200 412
180.156.150.85 - - [04/May/2020:08:53:09 +0800] "GET /xingrg/all/function/internal_message.html?_=1588553590558&CODE_STATE=getMsg HTTP/1.1" 200 27
222.69.136.137 - - [04/May/2020:08:53:11 +0800] "GET /xingrg/all/function/internal_message.html?_=1588553590302&CODE_STATE=getMsg HTTP/1.1" 200 27
222.69.136.137 - - [04/May/2020:08:53:13 +0800] "GET /xingrg/kc/buy/cgsh_order_operate.html?command=get_materiel&rest_code=00149&code=00101008223&supplier_code=00100005&order_time=2020-05-04 HTTP/1.1" 200 412
222.69.136.137 - - [04/May/2020:08:53:21 +0800] "POST /xingrg/kc/buy/cgsh_order_operate.html HTTP/1.1" 200 2065
222.69.136.137 - - [04/May/2020:08:53:27 +0800] "GET /xingrg/kc/buy/cgsh_order_operate.html?command=get_materiel&rest_code=00149&code=00101008172&supplier_code=00100005&order_time=2020-05-04 HTTP/1.1" 200 412
114.84.33.255 - - [04/May/2020:08:53:27 +0800] "GET /xingrg/all/function/internal_message.html?_=1588553608161&CODE_STATE=getMsg HTTP/1.1" 200 27
180.162.232.172 - - [04/May/2020:08:53:32 +0800] "GET /xingrg/check_reg.html?_=1588553614151 HTTP/1.1" 200 22
180.162.232.172 - - [04/May/2020:08:53:32 +0800] "GET /xingrg/all/function/internal_message.html?_=1588553614151&CODE_STATE=getMsg HTTP/1.1" 200 27
120.253.135.82 - - [04/May/2020:08:53:34 +0800] "GET /xingrg/all/function/internal_message.html?_=1588553749856&CODE_STATE=getMsg HTTP/1.1" 200 27
117.131.5.26 - - [04/May/2020:08:53:36 +0800] "GET /xingrg/check_reg.html?_=1588553882992 HTTP/1.1" 200 22
222.69.136.137 - - [04/May/2020:08:53:37 +0800] "GET /xingrg/kc/buy/cgsh_order_operate.html?command=get_materiel&rest_code=00149&code=00101008079&supplier_code=00100005&order_time=2020-05-04 HTTP/1.1" 200 416
172.17.0.240 - - [04/May/2020:08:53:38 +0800] "GET /xingrg/all/function/internal_message.html?_=1588553618212&CODE_STATE=getMsg HTTP/1.1" 200 27
114.84.33.255 - - [04/May/2020:08:53:40 +0800] "GET /xingrg/kc/buy/cgsh_order_operate.html?command=get_materiel&rest_code=00146&code=00101008172&supplier_code=00100005&order_time=2020-05-04 HTTP/1.1" 200 412
58.40.7.146 - - [04/May/2020:08:53:43 +0800] "GET /xingrg/all/function/internal_message.html?_=1588553623258&CODE_STATE=getMsg HTTP/1.1" 200 27
58.40.7.146 - - [04/May/2020:08:53:47 +0800] "GET /xingrg/all/function/internal_message.html?_=1588553627528&CODE_STATE=getMsg HTTP/1.1" 302 -
222.70.183.62 - - [04/May/2020:08:53:50 +0800] "GET /xingrg/all/function/internal_message.html?_=1588553630696&CODE_STATE=getMsg HTTP/1.1" 200 27
117.131.5.26 - - [04/May/2020:08:53:51 +0800] "GET /xingrg/all/function/internal_message.html?_=1588553898198&CODE_STATE=getMsg HTTP/1.1" 200 27
101.85.52.41 - - [04/May/2020:08:53:54 +0800] "GET /xingrg/all/function/internal_message.html?_=1588553184251&CODE_STATE=getMsg HTTP/1.1" 200 27
222.70.183.62 - - [04/May/2020:08:53:55 +0800] "GET /xingrg/all/function/internal_message.html?_=1588553974381&CODE_STATE=getMsg HTTP/1.1" 200 27
116.228.172.94 - - [04/May/2020:08:53:56 +0800] "GET /xingrg/all/function/internal_message.html?_=1588552854195&CODE_STATE=getMsg HTTP/1.1" 200 27
172.17.0.185 - - [04/May/2020:08:53:59 +0800] "GET /xingrg/all/function/internal_message.html?_=1588553638975&CODE_STATE=getMsg HTTP/1.1" 302 -
222.69.136.137 - - [04/May/2020:08:54:05 +0800] "GET /xingrg/kc/buy/cgsh_order_operate.html?command=get_materiel&rest_code=00149&code=00101008013&supplier_code=00100005&order_time=2020-05-04 HTTP/1.1" 200 408
101.85.52.41 - - [04/May/2020:08:54:07 +0800] "GET /xingrg/check_reg.html?_=1588553197201 HTTP/1.1" 200 22
180.156.150.85 - - [04/May/2020:08:54:09 +0800] "GET /xingrg/all/function/internal_message.html?_=1588553650540&CODE_STATE=getMsg HTTP/1.1" 200 27
222.69.136.137 - - [04/May/2020:08:54:11 +0800] "GET /xingrg/check_reg.html?_=1588553650293 HTTP/1.1" 200 22
222.69.136.137 - - [04/May/2020:08:54:11 +0800] "GET /xingrg/all/function/internal_message.html?_=1588553650296&CODE_STATE=getMsg HTTP/1.1" 200 27
114.84.33.255 - - [04/May/2020:08:54:27 +0800] "GET /xingrg/all/function/internal_message.html?_=1588553668291&CODE_STATE=getMsg HTTP/1.1" 200 27
180.162.232.172 - - [04/May/2020:08:54:32 +0800] "GET /xingrg/all/function/internal_message.html?_=1588553674155&CODE_STATE=getMsg HTTP/1.1" 200 27
114.84.33.255 - - [04/May/2020:08:54:33 +0800] "GET /xingrg/kc/buy/cgsh_order_operate.html?command=get_materiel&rest_code=00146&code=00101008103&supplier_code=00100005&order_time=2020-05-04 HTTP/1.1" 200 417
120.253.135.82 - - [04/May/2020:08:54:34 +0800] "GET /xingrg/all/function/internal_message.html?_=1588553809861&CODE_STATE=getMsg HTTP/1.1" 200 27
172.17.0.240 - - [04/May/2020:08:54:38 +0800] "GET /xingrg/all/function/internal_message.html?_=1588553678213&CODE_STATE=getMsg HTTP/1.1" 200 27
58.40.7.146 - - [04/May/2020:08:54:43 +0800] "GET /xingrg/all/function/internal_message.html?_=1588553683227&CODE_STATE=getMsg HTTP/1.1" 200 27
222.69.136.137 - - [04/May/2020:08:54:43 +0800] "GET /xingrg/kc/buy/cgsh_order_operate.html?command=get_materiel&rest_code=00149&code=00101008357&supplier_code=00100005&order_time=2020-05-04 HTTP/1.1" 200 408
58.40.7.146 - - [04/May/2020:08:54:47 +0800] "GET /xingrg/all/function/internal_message.html?_=1588553687529&CODE_STATE=getMsg HTTP/1.1" 302 -
58.40.7.146 - - [04/May/2020:08:54:47 +0800] "GET /xingrg/check_reg.html?_=1588553687530 HTTP/1.1" 302 -
222.70.183.62 - - [04/May/2020:08:54:50 +0800] "GET /xingrg/all/function/internal_message.html?_=1588553690790&CODE_STATE=getMsg HTTP/1.1" 200 27
117.131.5.26 - - [04/May/2020:08:54:51 +0800] "GET /xingrg/all/function/internal_message.html?_=1588553958212&CODE_STATE=getMsg HTTP/1.1" 200 27
114.84.33.255 - - [04/May/2020:08:54:52 +0800] "GET /xingrg/kc/buy/cgsh_order_operate.html?command=get_materiel&rest_code=00146&code=00101010168&supplier_code=00100005&order_time=2020-05-04 HTTP/1.1" 200 413
101.85.52.41 - - [04/May/2020:08:54:54 +0800] "GET /xingrg/all/function/internal_message.html?_=1588553244221&CODE_STATE=getMsg HTTP/1.1" 200 27
222.70.183.62 - - [04/May/2020:08:54:55 +0800] "GET /xingrg/all/function/internal_message.html?_=1588554034383&CODE_STATE=getMsg HTTP/1.1" 200 27
116.228.172.94 - - [04/May/2020:08:54:56 +0800] "GET /xingrg/all/function/internal_message.html?_=1588552914201&CODE_STATE=getMsg HTTP/1.1" 200 27
114.84.33.255 - - [04/May/2020:08:54:57 +0800] "POST /xingrg/kc/buy/cgsh_order_operate.html HTTP/1.1" 200 2065
172.17.0.185 - - [04/May/2020:08:54:59 +0800] "GET /xingrg/all/function/internal_message.html?_=1588553698962&CODE_STATE=getMsg HTTP/1.1" 302 -
114.84.33.255 - - [04/May/2020:08:55:08 +0800] "GET /xingrg/kc/buy/cgsh_order_operate.html?command=get_materiel&rest_code=00146&code=00101008061&supplier_code=00100005&order_time=2020-05-04 HTTP/1.1" 200 422
180.156.150.85 - - [04/May/2020:08:55:08 +0800] "GET /xingrg/check_reg.html?_=1588553709877 HTTP/1.1" 200 22
222.69.136.137 - - [04/May/2020:08:55:11 +0800] "GET /xingrg/all/function/internal_message.html?_=1588553710289&CODE_STATE=getMsg HTTP/1.1" 200 27
180.156.150.85 - - [04/May/2020:08:55:13 +0800] "POST /xingrg/kc/buy/cgsh_order_operate.html HTTP/1.1" 200 37
180.156.150.85 - - [04/May/2020:08:55:13 +0800] "POST /xingrg/kc/buy/cgsh_order_operate.html HTTP/1.1" 200 6826
180.156.150.85 - - [04/May/2020:08:55:15 +0800] "GET /xingrg/kc/print/load_data.html?order_code=212020050401153&kc_code=cgsh&condition= HTTP/1.1" 200 2283
114.84.33.255 - - [04/May/2020:08:55:27 +0800] "GET /xingrg/all/function/internal_message.html?_=1588553728298&CODE_STATE=getMsg HTTP/1.1" 200 27
114.84.33.255 - - [04/May/2020:08:55:27 +0800] "GET /xingrg/kc/buy/cgsh_order_operate.html?command=get_materiel&rest_code=00146&code=00101015044&supplier_code=00100005&order_time=2020-05-04 HTTP/1.1" 200 408
180.162.232.172 - - [04/May/2020:08:55:32 +0800] "GET /xingrg/all/function/internal_message.html?_=1588553734159&CODE_STATE=getMsg HTTP/1.1" 200 27
120.253.135.82 - - [04/May/2020:08:55:33 +0800] "GET /xingrg/check_reg.html?_=1588553869003 HTTP/1.1" 200 22
120.253.135.82 - - [04/May/2020:08:55:34 +0800] "GET /xingrg/all/function/internal_message.html?_=1588553869874&CODE_STATE=getMsg HTTP/1.1" 200 27
114.84.33.255 - - [04/May/2020:08:55:37 +0800] "GET /xingrg/kc/buy/cgsh_order_operate.html?command=get_materiel&rest_code=00146&code=00101015038&supplier_code=00100005&order_time=2020-05-04 HTTP/1.1" 200 419
172.17.0.240 - - [04/May/2020:08:55:38 +0800] "GET /xingrg/all/function/internal_message.html?_=1588553738214&CODE_STATE=getMsg HTTP/1.1" 200 27
58.40.7.146 - - [04/May/2020:08:55:43 +0800] "GET /xingrg/all/function/internal_message.html?_=1588553743213&CODE_STATE=getMsg HTTP/1.1" 200 27
114.84.33.255 - - [04/May/2020:08:55:46 +0800] "GET /xingrg/kc/buy/cgsh_order_operate.html?command=get_materiel&rest_code=00146&code=00101008095&supplier_code=00100005&order_time=2020-05-04 HTTP/1.1" 200 412
58.40.7.146 - - [04/May/2020:08:55:47 +0800] "GET /xingrg/all/function/internal_message.html?_=1588553747533&CODE_STATE=getMsg HTTP/1.1" 302 -
114.84.33.255 - - [04/May/2020:08:55:49 +0800] "POST /xingrg/kc/buy/cgsh_order_operate.html HTTP/1.1" 200 2065
222.70.183.62 - - [04/May/2020:08:55:50 +0800] "GET /xingrg/all/function/internal_message.html?_=1588553750800&CODE_STATE=getMsg HTTP/1.1" 200 27
117.131.5.26 - - [04/May/2020:08:55:51 +0800] "GET /xingrg/all/function/internal_message.html?_=1588554018239&CODE_STATE=getMsg HTTP/1.1" 200 27
101.85.52.41 - - [04/May/2020:08:55:54 +0800] "GET /xingrg/all/function/internal_message.html?_=1588553304206&CODE_STATE=getMsg HTTP/1.1" 200 27
222.70.183.62 - - [04/May/2020:08:55:55 +0800] "GET /xingrg/all/function/internal_message.html?_=1588554094378&CODE_STATE=getMsg HTTP/1.1" 200 27
116.228.172.94 - - [04/May/2020:08:55:56 +0800] "GET /xingrg/all/function/internal_message.html?_=1588552974227&CODE_STATE=getMsg HTTP/1.1" 200 27
116.228.172.94 - - [04/May/2020:08:55:56 +0800] "GET /xingrg/javascript/jquery_easy_ui/themes/default/images/tabs_close.gif HTTP/1.1" 304 -
116.228.172.94 - - [04/May/2020:08:55:56 +0800] "GET /xingrg/kc/buy/cgsh_order_list.html HTTP/1.1" 200 42587
116.228.172.94 - - [04/May/2020:08:55:56 +0800] "GET /xingrg/css/base.css HTTP/1.1" 304 -
116.228.172.94 - - [04/May/2020:08:55:56 +0800] "GET /xingrg/css/site.css HTTP/1.1" 304 -
116.228.172.94 - - [04/May/2020:08:55:56 +0800] "GET /xingrg/javascript/jquery_tools/datebox.css HTTP/1.1" 304 -
116.228.172.94 - - [04/May/2020:08:55:56 +0800] "GET /xingrg/javascript/easyui/themes/icon.css HTTP/1.1" 304 -
116.228.172.94 - - [04/May/2020:08:55:56 +0800] "GET /xingrg/javascript/jquery_tools/fix.css HTTP/1.1" 304 -
116.228.172.94 - - [04/May/2020:08:55:56 +0800] "GET /xingrg/javascript/easyui/themes/default/easyui.css HTTP/1.1" 304 -
116.228.172.94 - - [04/May/2020:08:55:56 +0800] "GET /xingrg/javascript/jquery_tools/jquery.tools.extend.js HTTP/1.1" 304 -
116.228.172.94 - - [04/May/2020:08:55:56 +0800] "GET /xingrg/javascript/auto/jquery.autocomplete.css HTTP/1.1" 304 -
116.228.172.94 - - [04/May/2020:08:55:56 +0800] "GET /xingrg/javascript/jquery_tools/jquery.tools.min.js HTTP/1.1" 304 -
116.228.172.94 - - [04/May/2020:08:55:56 +0800] "GET /xingrg/javascript/jquery_tools/table.css HTTP/1.1" 304 -
116.228.172.94 - - [04/May/2020:08:55:56 +0800] "GET /xingrg/javascript/jquery_tools/jquery.tools.hotkey.js HTTP/1.1" 304 -
116.228.172.94 - - [04/May/2020:08:55:56 +0800] "GET /xingrg/javascript/jquery_tools/list_manager.js HTTP/1.1" 304 -
116.228.172.94 - - [04/May/2020:08:55:56 +0800] "GET /xingrg/javascript/auto/jquery.autocomplete.js HTTP/1.1" 304 -
116.228.172.94 - - [04/May/2020:08:55:56 +0800] "GET /xingrg/javascript/jquery_tools/jquery.tools.table.js HTTP/1.1" 304 -
116.228.172.94 - - [04/May/2020:08:55:56 +0800] "GET /xingrg/javascript/jquery.cookie.js HTTP/1.1" 304 -
116.228.172.94 - - [04/May/2020:08:55:56 +0800] "GET /xingrg/javascript/print/LodopFuncs.js HTTP/1.1" 304 -
116.228.172.94 - - [04/May/2020:08:55:56 +0800] "GET /xingrg/javascript/easyui/easyloader.js HTTP/1.1" 304 -
116.228.172.94 - - [04/May/2020:08:55:58 +0800] "GET /xingrg/javascript/easyui/plugins/jquery.parser.js HTTP/1.1" 304 -
116.228.172.94 - - [04/May/2020:08:55:58 +0800] "POST /xingrg/kc/buy/cgsh_list_operate.html HTTP/1.1" 200 876
172.17.0.185 - - [04/May/2020:08:55:59 +0800] "GET /xingrg/all/function/internal_message.html?_=1588553758967&CODE_STATE=getMsg HTTP/1.1" 302 -
116.228.172.94 - - [04/May/2020:08:56:01 +0800] "GET /xingrg/kc/buy/cgsh_order_add.html HTTP/1.1" 200 58249
116.228.172.94 - - [04/May/2020:08:56:01 +0800] "GET /xingrg/javascript/pic_change.js HTTP/1.1" 304 -
116.228.172.94 - - [04/May/2020:08:56:01 +0800] "GET /xingrg/javascript/convert.js HTTP/1.1" 304 -
116.228.172.94 - - [04/May/2020:08:56:01 +0800] "GET /xingrg/javascript/jquery_tools/order_manager.js HTTP/1.1" 304 -
116.228.172.94 - - [04/May/2020:08:56:01 +0800] "GET /xingrg/javascript/json2.js HTTP/1.1" 304 -
116.228.172.94 - - [04/May/2020:08:56:01 +0800] "GET /xingrg/javascript/print/kc_print.js HTTP/1.1" 304 -
116.228.172.94 - - [04/May/2020:08:56:01 +0800] "GET /xingrg/words/20200503150949_words.js HTTP/1.1" 200 725299
116.228.172.94 - - [04/May/2020:08:56:01 +0800] "POST /xingrg/kc/buy/cgsh_order_operate.html HTTP/1.1" 200 8245
116.228.172.94 - - [04/May/2020:08:56:02 +0800] "GET /xingrg/javascript/easyui/themes/icons/edit_remove.png HTTP/1.1" 304 -
116.228.172.94 - - [04/May/2020:08:56:02 +0800] "GET /xingrg/all/common/auto_word.html?type=employee&rest_code=00107 HTTP/1.1" 200 197
116.228.172.94 - - [04/May/2020:08:56:02 +0800] "GET /xingrg/all/common/auto_word.html?type=employee&rest_code=00107 HTTP/1.1" 200 197
116.228.172.94 - - [04/May/2020:08:56:02 +0800] "GET /xingrg/javascript/easyui/themes/default/validatebox.css HTTP/1.1" 404 1104
116.228.172.94 - - [04/May/2020:08:56:02 +0800] "GET /xingrg/javascript/easyui/plugins/jquery.validatebox.js HTTP/1.1" 304 -
116.228.172.94 - - [04/May/2020:08:56:02 +0800] "GET /xingrg/javascript/easyui/plugins/jquery.numberbox.js HTTP/1.1" 304 -
114.84.33.255 - - [04/May/2020:08:56:08 +0800] "GET /xingrg/kc/buy/cgsh_order_operate.html?command=get_materiel&rest_code=00146&code=00101015040&supplier_code=00100005&order_time=2020-05-04 HTTP/1.1" 200 409
180.156.150.85 - - [04/May/2020:08:56:09 +0800] "GET /xingrg/all/function/internal_message.html?_=1588553770546&CODE_STATE=getMsg HTTP/1.1" 200 27
222.69.136.137 - - [04/May/2020:08:56:11 +0800] "GET /xingrg/all/function/internal_message.html?_=1588553770317&CODE_STATE=getMsg HTTP/1.1" 200 27
222.69.136.137 - - [04/May/2020:08:56:15 +0800] "GET /xingrg/kc/buy/cgsh_order_operate.html?command=get_materiel&rest_code=00149&code=00101008069&supplier_code=00100005&order_time=2020-05-04 HTTP/1.1" 200 412
117.184.7.26 - - [04/May/2020:08:56:20 +0800] "GET /xingrg/login.html HTTP/1.1" 200 7641
222.69.136.137 - - [04/May/2020:08:56:22 +0800] "POST /xingrg/kc/buy/cgsh_order_operate.html HTTP/1.1" 200 2065
114.84.33.255 - - [04/May/2020:08:56:26 +0800] "GET /xingrg/kc/buy/cgsh_order_operate.html?command=get_materiel&rest_code=00146&code=00101015062&supplier_code=00100005&order_time=2020-05-04 HTTP/1.1" 200 412
114.84.33.255 - - [04/May/2020:08:56:27 +0800] "GET /xingrg/all/function/internal_message.html?_=1588553788311&CODE_STATE=getMsg HTTP/1.1" 200 27
222.69.136.137 - - [04/May/2020:08:56:28 +0800] "GET /xingrg/kc/buy/cgsh_order_operate.html?command=get_materiel&rest_code=00149&code=00101008286&supplier_code=00100005&order_time=2020-05-04 HTTP/1.1" 200 408
117.184.7.26 - - [04/May/2020:08:56:28 +0800] "GET /xingrg/images/blue/login_bg.png HTTP/1.1" 304 -
117.184.7.26 - - [04/May/2020:08:56:28 +0800] "GET /xingrg/images/blue/hj.png HTTP/1.1" 304 -
117.184.7.26 - - [04/May/2020:08:56:28 +0800] "GET /xingrg/images/blue/srbg.png HTTP/1.1" 304 -
117.184.7.26 - - [04/May/2020:08:56:30 +0800] "GET /favicon.ico HTTP/1.1" 404 -
180.162.232.172 - - [04/May/2020:08:56:32 +0800] "GET /xingrg/all/function/internal_message.html?_=1588553794161&CODE_STATE=getMsg HTTP/1.1" 200 27
120.253.135.82 - - [04/May/2020:08:56:34 +0800] "GET /xingrg/all/function/internal_message.html?_=1588553929890&CODE_STATE=getMsg HTTP/1.1" 200 27
114.84.33.255 - - [04/May/2020:08:56:37 +0800] "GET /xingrg/kc/buy/cgsh_order_operate.html?command=get_materiel&rest_code=00146&code=00101008092&supplier_code=00100005&order_time=2020-05-04 HTTP/1.1" 200 412
172.17.0.240 - - [04/May/2020:08:56:38 +0800] "GET /xingrg/all/function/internal_message.html?_=1588553798217&CODE_STATE=getMsg HTTP/1.1" 200 27
222.69.136.137 - - [04/May/2020:08:56:40 +0800] "GET /xingrg/kc/buy/cgsh_order_operate.html?command=get_materiel&rest_code=00149&code=00101008036&supplier_code=00100005&order_time=2020-05-04 HTTP/1.1" 200 408
58.40.7.146 - - [04/May/2020:08:56:43 +0800] "GET /xingrg/all/function/internal_message.html?_=1588553803184&CODE_STATE=getMsg HTTP/1.1" 200 27
114.84.33.255 - - [04/May/2020:08:56:45 +0800] "GET /xingrg/kc/buy/cgsh_order_operate.html?command=get_materiel&rest_code=00146&code=00101008041&supplier_code=00100005&order_time=2020-05-04 HTTP/1.1" 200 408
58.40.7.146 - - [04/May/2020:08:56:47 +0800] "GET /xingrg/all/function/internal_message.html?_=1588553807536&CODE_STATE=getMsg HTTP/1.1" 302 -
222.70.183.62 - - [04/May/2020:08:56:51 +0800] "GET /xingrg/all/function/internal_message.html?_=1588553810900&CODE_STATE=getMsg HTTP/1.1" 200 27
117.131.5.26 - - [04/May/2020:08:56:51 +0800] "GET /xingrg/all/function/internal_message.html?_=1588554078254&CODE_STATE=getMsg HTTP/1.1" 200 27
116.228.172.94 - - [04/May/2020:08:56:51 +0800] "GET /xingrg/javascript/auto/indicator.gif HTTP/1.1" 404 1066
101.85.52.41 - - [04/May/2020:08:56:54 +0800] "GET /xingrg/all/function/internal_message.html?_=1588553364190&CODE_STATE=getMsg HTTP/1.1" 200 27
116.228.172.94 - - [04/May/2020:08:56:54 +0800] "GET /xingrg/javascript/jquery_tools/images/prev.gif HTTP/1.1" 404 1086
116.228.172.94 - - [04/May/2020:08:56:54 +0800] "GET /xingrg/javascript/jquery_tools/images/next.gif HTTP/1.1" 404 1086
222.70.183.62 - - [04/May/2020:08:56:55 +0800] "GET /xingrg/check_reg.html?_=1588554154377 HTTP/1.1" 200 22
222.70.183.62 - - [04/May/2020:08:56:55 +0800] "GET /xingrg/all/function/internal_message.html?_=1588554154374&CODE_STATE=getMsg HTTP/1.1" 200 27
116.228.172.94 - - [04/May/2020:08:56:56 +0800] "GET /xingrg/all/function/internal_message.html?_=1588553034235&CODE_STATE=getMsg HTTP/1.1" 200 27
172.17.0.185 - - [04/May/2020:08:56:59 +0800] "GET /xingrg/all/function/internal_message.html?_=1588553818956&CODE_STATE=getMsg HTTP/1.1" 302 -
180.156.150.85 - - [04/May/2020:08:57:01 +0800] "GET /xingrg/kc/buy/cgsh_order_add.html HTTP/1.1" 200 58196
222.69.136.137 - - [04/May/2020:08:57:01 +0800] "GET /xingrg/kc/buy/cgsh_order_operate.html?command=get_materiel&rest_code=00149&code=00101008131&supplier_code=00100005&order_time=2020-05-04 HTTP/1.1" 200 408
180.156.150.85 - - [04/May/2020:08:57:01 +0800] "POST /xingrg/kc/buy/cgsh_order_operate.html HTTP/1.1" 200 8245
180.156.150.85 - - [04/May/2020:08:57:01 +0800] "GET /xingrg/javascript/easyui/themes/default/validatebox.css HTTP/1.1" 404 1104
114.84.33.255 - - [04/May/2020:08:57:03 +0800] "POST /xingrg/kc/buy/cgsh_order_operate.html HTTP/1.1" 200 2065
222.70.183.62 - - [04/May/2020:08:57:08 +0800] "GET /xingrg/check_reg.html?_=1588553828810 HTTP/1.1" 200 22
180.156.150.85 - - [04/May/2020:08:57:09 +0800] "GET /xingrg/all/function/internal_message.html?_=1588553830547&CODE_STATE=getMsg HTTP/1.1" 200 27
116.228.172.94 - - [04/May/2020:08:57:09 +0800] "GET /xingrg/kc/buy/cgsh_order_operate.html?command=get_materiel&rest_code=00107&code=00101016071&supplier_code=00100033&order_time=2020-05-04 HTTP/1.1" 200 416
180.156.150.85 - - [04/May/2020:08:57:09 +0800] "GET /xingrg/kc/buy/cgsh_order_operate.html?command=get_materiel&rest_code=00105&code=00101002027&supplier_code=00100203&order_time=2020-05-04 HTTP/1.1" 200 433
222.69.136.137 - - [04/May/2020:08:57:11 +0800] "GET /xingrg/all/function/internal_message.html?_=1588553830317&CODE_STATE=getMsg HTTP/1.1" 200 27
222.69.136.137 - - [04/May/2020:08:57:18 +0800] "GET /xingrg/kc/buy/cgsh_order_operate.html?command=get_materiel&rest_code=00149&code=00101008296&supplier_code=00100005&order_time=2020-05-04 HTTP/1.1" 200 416
180.156.150.85 - - [04/May/2020:08:57:19 +0800] "GET /xingrg/kc/buy/cgsh_order_operate.html?command=get_materiel&rest_code=00105&code=00101002022&supplier_code=00100203&order_time=2020-05-04 HTTP/1.1" 200 429
222.69.136.137 - - [04/May/2020:08:57:23 +0800] "POST /xingrg/kc/buy/cgsh_order_operate.html HTTP/1.1" 200 2065
116.228.172.94 - - [04/May/2020:08:57:24 +0800] "GET /xingrg/kc/buy/cgsh_order_operate.html?command=get_materiel&rest_code=00107&code=00101016100&supplier_code=00100033&order_time=2020-05-04 HTTP/1.1" 200 412
180.162.232.172 - - [04/May/2020:08:57:24 +0800] "GET /xingrg/login.html HTTP/1.1" 200 7641
180.162.232.172 - - [04/May/2020:08:57:25 +0800] "GET /favicon.ico HTTP/1.1" 404 -
180.162.232.172 - - [04/May/2020:08:57:26 +0800] "POST /xingrg/login.do HTTP/1.1" 302 -
180.162.232.172 - - [04/May/2020:08:57:26 +0800] "GET /xingrg/index.html?sysBaseUrl=http%3A%2F%2F180.169.147.146%3A18081%2Fxingrg%2F&costTime=40×tamp=1588553846449 HTTP/1.1" 200 17179
180.162.232.172 - - [04/May/2020:08:57:26 +0800] "GET /xingrg/javascript/jquery_easy_ui/themes/icon.css HTTP/1.1" 304 -
180.162.232.172 - - [04/May/2020:08:57:26 +0800] "GET /xingrg/css/form.css HTTP/1.1" 304 -
180.162.232.172 - - [04/May/2020:08:57:26 +0800] "GET /xingrg/javascript/jquery_easy_ui/themes/default/easyui.css HTTP/1.1" 304 -
180.162.232.172 - - [04/May/2020:08:57:26 +0800] "GET /xingrg/javascript/jquery-1.4.2.min.js HTTP/1.1" 304 -
180.162.232.172 - - [04/May/2020:08:57:26 +0800] "GET /xingrg/javascript/jquery.form.js HTTP/1.1" 304 -
180.162.232.172 - - [04/May/2020:08:57:26 +0800] "GET /xingrg/javascript/jquery_easy_ui/jquery.easyui.min.js HTTP/1.1" 304 -
180.162.232.172 - - [04/May/2020:08:57:26 +0800] "GET /xingrg/javascript/jquery.utils.js HTTP/1.1" 304 -
180.162.232.172 - - [04/May/2020:08:57:26 +0800] "GET /xingrg/javascript/jquery_easy_ui/easyui-lang-zh_CN.js HTTP/1.1" 304 -
180.162.232.172 - - [04/May/2020:08:57:26 +0800] "GET /xingrg/javascript/jquery.timers.js HTTP/1.1" 304 -
180.162.232.172 - - [04/May/2020:08:57:26 +0800] "GET /favicon.ico HTTP/1.1" 404 -
114.84.33.255 - - [04/May/2020:08:57:26 +0800] "GET /xingrg/check_reg.html?_=1588553847720 HTTP/1.1" 200 22
180.162.232.172 - - [04/May/2020:08:57:26 +0800] "POST /xingrg/all/common/load_tree.html?tree=area_rest_tree_json&manage=1 HTTP/1.1" 200 476
180.162.232.172 - - [04/May/2020:08:57:26 +0800] "GET /xingrg/check_reg.html?_=1588553980963 HTTP/1.1" 200 22
180.162.232.172 - - [04/May/2020:08:57:26 +0800] "GET /xingrg/all/function/internal_message.html?_=1588553980962&CODE_STATE=count HTTP/1.1" 200 11
180.162.232.172 - - [04/May/2020:08:57:26 +0800] "POST /xingrg/load_menu.html HTTP/1.1" 200 5138
114.84.33.255 - - [04/May/2020:08:57:27 +0800] "GET /xingrg/all/function/internal_message.html?_=1588553848325&CODE_STATE=getMsg HTTP/1.1" 200 27
180.162.232.172 - - [04/May/2020:08:57:29 +0800] "GET /xingrg/css/base.css HTTP/1.1" 304 -
180.162.232.172 - - [04/May/2020:08:57:29 +0800] "GET /xingrg/javascript/easyui/themes/icon.css HTTP/1.1" 304 -
180.162.232.172 - - [04/May/2020:08:57:29 +0800] "GET /xingrg/css/site.css HTTP/1.1" 304 -
180.162.232.172 - - [04/May/2020:08:57:29 +0800] "GET /xingrg/javascript/easyui/themes/default/easyui.css HTTP/1.1" 304 -
180.162.232.172 - - [04/May/2020:08:57:29 +0800] "GET /xingrg/javascript/auto/jquery.autocomplete.css HTTP/1.1" 304 -
180.162.232.172 - - [04/May/2020:08:57:29 +0800] "GET /xingrg/javascript/jquery_tools/jquery.tools.min.js HTTP/1.1" 304 -
180.162.232.172 - - [04/May/2020:08:57:29 +0800] "GET /xingrg/javascript/jquery_tools/fix.css HTTP/1.1" 304 -
180.162.232.172 - - [04/May/2020:08:57:29 +0800] "GET /xingrg/javascript/jquery_tools/datebox.css HTTP/1.1" 304 -
180.162.232.172 - - [04/May/2020:08:57:29 +0800] "GET /xingrg/javascript/jquery_tools/table.css HTTP/1.1" 304 -
180.162.232.172 - - [04/May/2020:08:57:29 +0800] "GET /xingrg/javascript/jquery_tools/jquery.tools.extend.js HTTP/1.1" 304 -
180.162.232.172 - - [04/May/2020:08:57:29 +0800] "GET /xingrg/javascript/auto/jquery.autocomplete.js HTTP/1.1" 304 -
180.162.232.172 - - [04/May/2020:08:57:29 +0800] "GET /xingrg/javascript/easyui/easyloader.js HTTP/1.1" 304 -
180.162.232.172 - - [04/May/2020:08:57:29 +0800] "GET /xingrg/javascript/jquery_tools/jquery.tools.hotkey.js HTTP/1.1" 304 -
180.162.232.172 - - [04/May/2020:08:57:29 +0800] "GET /xingrg/javascript/jquery_tools/list_manager.js HTTP/1.1" 304 -
180.162.232.172 - - [04/May/2020:08:57:29 +0800] "GET /xingrg/javascript/jquery_tools/jquery.tools.table.js HTTP/1.1" 304 -
180.162.232.172 - - [04/May/2020:08:57:29 +0800] "GET /xingrg/javascript/jquery.cookie.js HTTP/1.1" 304 -
180.162.232.172 - - [04/May/2020:08:57:29 +0800] "GET /xingrg/javascript/print/LodopFuncs.js HTTP/1.1" 304 -
180.162.232.172 - - [04/May/2020:08:57:29 +0800] "GET /xingrg/kc/buy/cgsh_order_list.html HTTP/1.1" 200 42587
180.162.232.172 - - [04/May/2020:08:57:31 +0800] "GET /xingrg/javascript/easyui/plugins/jquery.parser.js HTTP/1.1" 304 -
180.162.232.172 - - [04/May/2020:08:57:31 +0800] "POST /xingrg/kc/buy/cgsh_list_operate.html HTTP/1.1" 200 876
180.162.232.172 - - [04/May/2020:08:57:32 +0800] "GET /xingrg/all/function/internal_message.html?_=1588553854162&CODE_STATE=getMsg HTTP/1.1" 200 27
180.162.232.172 - - [04/May/2020:08:57:33 +0800] "GET /xingrg/javascript/pic_change.js HTTP/1.1" 304 -
180.162.232.172 - - [04/May/2020:08:57:33 +0800] "GET /xingrg/javascript/jquery_tools/order_manager.js HTTP/1.1" 304 -
180.162.232.172 - - [04/May/2020:08:57:33 +0800] "GET /xingrg/javascript/json2.js HTTP/1.1" 304 -
180.162.232.172 - - [04/May/2020:08:57:33 +0800] "GET /xingrg/javascript/convert.js HTTP/1.1" 304 -
180.162.232.172 - - [04/May/2020:08:57:33 +0800] "GET /xingrg/javascript/print/kc_print.js HTTP/1.1" 304 -
180.162.232.172 - - [04/May/2020:08:57:33 +0800] "GET /xingrg/kc/buy/cgsh_order_add.html HTTP/1.1" 200 58132
180.162.232.172 - - [04/May/2020:08:57:33 +0800] "GET /xingrg/words/20200503150949_words.js HTTP/1.1" 200 725299
180.162.232.172 - - [04/May/2020:08:57:34 +0800] "POST /xingrg/kc/buy/cgsh_order_operate.html HTTP/1.1" 200 8245
180.162.232.172 - - [04/May/2020:08:57:34 +0800] "GET /xingrg/all/common/auto_word.html?type=employee&rest_code=00150 HTTP/1.1" 200 205
120.253.135.82 - - [04/May/2020:08:57:34 +0800] "GET /xingrg/all/function/internal_message.html?_=1588553989901&CODE_STATE=getMsg HTTP/1.1" 200 27
180.162.232.172 - - [04/May/2020:08:57:34 +0800] "GET /xingrg/all/common/auto_word.html?type=employee&rest_code=00150 HTTP/1.1" 200 205
180.162.232.172 - - [04/May/2020:08:57:34 +0800] "GET /xingrg/javascript/easyui/themes/default/validatebox.css HTTP/1.1" 404 1104
180.162.232.172 - - [04/May/2020:08:57:34 +0800] "GET /xingrg/javascript/easyui/plugins/jquery.validatebox.js HTTP/1.1" 304 -
180.162.232.172 - - [04/May/2020:08:57:34 +0800] "GET /xingrg/javascript/easyui/plugins/jquery.numberbox.js HTTP/1.1" 304 -
222.69.136.137 - - [04/May/2020:08:57:34 +0800] "GET /xingrg/kc/buy/cgsh_order_operate.html?command=get_materiel&rest_code=00149&code=00101008352&supplier_code=00100005&order_time=2020-05-04 HTTP/1.1" 200 412
114.84.33.255 - - [04/May/2020:08:57:37 +0800] "POST /xingrg/kc/buy/cgsh_order_operate.html HTTP/1.1" 200 37
114.84.33.255 - - [04/May/2020:08:57:38 +0800] "POST /xingrg/kc/buy/cgsh_order_operate.html HTTP/1.1" 200 43467
180.162.232.172 - - [04/May/2020:08:57:38 +0800] "GET /xingrg/javascript/auto/indicator.gif HTTP/1.1" 404 1066
172.17.0.240 - - [04/May/2020:08:57:38 +0800] "GET /xingrg/check_reg.html?_=1588553858219 HTTP/1.1" 200 22
172.17.0.240 - - [04/May/2020:08:57:38 +0800] "GET /xingrg/all/function/internal_message.html?_=1588553858220&CODE_STATE=getMsg HTTP/1.1" 200 27
114.84.33.255 - - [04/May/2020:08:57:41 +0800] "GET /xingrg/kc/print/load_config.html?kc_code=cgsh HTTP/1.1" 200 1845
114.84.33.255 - - [04/May/2020:08:57:41 +0800] "GET /xingrg/kc/print/load_data.html?order_code=212020050401154&kc_code=cgsh&condition= HTTP/1.1" 200 16141
58.40.7.146 - - [04/May/2020:08:57:43 +0800] "GET /xingrg/all/function/internal_message.html?_=1588553863155&CODE_STATE=getMsg HTTP/1.1" 200 27
180.162.232.172 - - [04/May/2020:08:57:43 +0800] "GET /xingrg/javascript/jquery_tools/images/next.gif HTTP/1.1" 404 1086
180.162.232.172 - - [04/May/2020:08:57:43 +0800] "GET /xingrg/javascript/jquery_tools/images/prev.gif HTTP/1.1" 404 1086
222.69.136.137 - - [04/May/2020:08:57:44 +0800] "GET /xingrg/kc/buy/cgsh_order_operate.html?command=get_materiel&rest_code=00149&code=00101008098&supplier_code=00100005&order_time=2020-05-04 HTTP/1.1" 200 412
180.156.150.85 - - [04/May/2020:08:57:47 +0800] "GET /xingrg/kc/buy/cgsh_order_operate.html?command=get_materiel&rest_code=00105&code=00101008045&supplier_code=00100203&order_time=2020-05-04 HTTP/1.1" 200 412
58.40.7.146 - - [04/May/2020:08:57:47 +0800] "GET /xingrg/all/function/internal_message.html?_=1588553867539&CODE_STATE=getMsg HTTP/1.1" 302 -
120.253.135.82 - - [04/May/2020:08:57:50 +0800] "GET /xingrg/kc/pszx/mdps_order_add.html HTTP/1.1" 200 28907
120.253.135.82 - - [04/May/2020:08:57:50 +0800] "GET /xingrg/css/site.css HTTP/1.1" 200 7541
120.253.135.82 - - [04/May/2020:08:57:50 +0800] "GET /xingrg/javascript/easyui/themes/icon.css HTTP/1.1" 200 4483
120.253.135.82 - - [04/May/2020:08:57:50 +0800] "GET /xingrg/css/base.css HTTP/1.1" 200 2811
120.253.135.82 - - [04/May/2020:08:57:50 +0800] "GET /xingrg/javascript/auto/jquery.autocomplete.css HTTP/1.1" 200 587
120.253.135.82 - - [04/May/2020:08:57:50 +0800] "GET /xingrg/javascript/pic_change.js HTTP/1.1" 200 4739
120.253.135.82 - - [04/May/2020:08:57:50 +0800] "GET /xingrg/javascript/jquery_tools/datebox.css HTTP/1.1" 200 2597
120.253.135.82 - - [04/May/2020:08:57:50 +0800] "GET /xingrg/javascript/jquery_tools/jquery.tools.extend.js HTTP/1.1" 200 15385
120.253.135.82 - - [04/May/2020:08:57:50 +0800] "GET /xingrg/javascript/jquery_tools/jquery.tools.hotkey.js HTTP/1.1" 200 3242
120.253.135.82 - - [04/May/2020:08:57:50 +0800] "GET /xingrg/javascript/jquery_tools/jquery.tools.min.js HTTP/1.1" 200 138801
120.253.135.82 - - [04/May/2020:08:57:50 +0800] "GET /xingrg/javascript/easyui/easyloader.js HTTP/1.1" 200 5975
120.253.135.82 - - [04/May/2020:08:57:50 +0800] "GET /xingrg/javascript/jquery_easy_ui/jquery.easyui.min.js HTTP/1.1" 200 213662
120.253.135.82 - - [04/May/2020:08:57:50 +0800] "GET /xingrg/javascript/myfunction.js HTTP/1.1" 200 24559
120.253.135.82 - - [04/May/2020:08:57:50 +0800] "GET /xingrg/javascript/easyui/themes/default/easyui.css HTTP/1.1" 200 30432
120.253.135.82 - - [04/May/2020:08:57:50 +0800] "GET /xingrg/javascript/convert.js HTTP/1.1" 200 1239
120.253.135.82 - - [04/May/2020:08:57:50 +0800] "GET /xingrg/javascript/json2.js HTTP/1.1" 200 11259
120.253.135.82 - - [04/May/2020:08:57:50 +0800] "GET /xingrg/javascript/jquery_tools/order_manager.js HTTP/1.1" 200 11183
120.253.135.82 - - [04/May/2020:08:57:50 +0800] "GET /xingrg/javascript/jquery.utils.js HTTP/1.1" 200 11805
120.253.135.82 - - [04/May/2020:08:57:50 +0800] "GET /xingrg/javascript/auto/jquery.autocomplete.js HTTP/1.1" 200 21624
120.253.135.82 - - [04/May/2020:08:57:50 +0800] "GET /xingrg/javascript/print/LodopFuncs.js HTTP/1.1" 200 5121
120.253.135.82 - - [04/May/2020:08:57:50 +0800] "GET /xingrg/javascript/print/kc_print.js HTTP/1.1" 200 11415
120.253.135.82 - - [04/May/2020:08:57:50 +0800] "GET /xingrg/words/20200503150949_words.js HTTP/1.1" 200 725299
222.70.183.62 - - [04/May/2020:08:57:51 +0800] "GET /xingrg/all/function/internal_message.html?_=1588553870906&CODE_STATE=getMsg HTTP/1.1" 200 27
120.253.135.82 - - [04/May/2020:08:57:51 +0800] "GET /xingrg/javascript/easyui/plugins/jquery.parser.js HTTP/1.1" 200 1142
120.253.135.82 - - [04/May/2020:08:57:51 +0800] "GET /xingrg/all/common/auto_word.html?type=base&rest_code=00101 HTTP/1.1" 200 513
120.253.135.82 - - [04/May/2020:08:57:51 +0800] "GET /xingrg/javascript/easyui/themes/default/validatebox.css HTTP/1.1" 404 1104
120.253.135.82 - - [04/May/2020:08:57:51 +0800] "GET /xingrg/javascript/easyui/plugins/jquery.validatebox.js HTTP/1.1" 200 6103
120.253.135.82 - - [04/May/2020:08:57:51 +0800] "GET /xingrg/javascript/easyui/plugins/jquery.numberbox.js HTTP/1.1" 200 5213
117.131.5.26 - - [04/May/2020:08:57:51 +0800] "GET /xingrg/all/function/internal_message.html?_=1588554138285&CODE_STATE=getMsg HTTP/1.1" 200 27
120.253.135.82 - - [04/May/2020:08:57:51 +0800] "POST /xingrg/kc/pszx/mdps_order_operate.html HTTP/1.1" 200 7126
101.85.52.41 - - [04/May/2020:08:57:54 +0800] "GET /xingrg/all/function/internal_message.html?_=1588553424177&CODE_STATE=getMsg HTTP/1.1" 200 27
222.70.183.62 - - [04/May/2020:08:57:55 +0800] "GET /xingrg/all/function/internal_message.html?_=1588554214380&CODE_STATE=getMsg HTTP/1.1" 200 27
