114.84.32.201 - - [04/May/2020:10:06:55 +0800] "GET /xingrg/system/rest/query_items.html?_=1588558015435&table=menu&page=1&rows=20&categoryId=&key=%25E5%25B8%259D%25E7%258E%258B%25E8%259F%25B9 HTTP/1.1" 200 3857
117.185.32.26 - - [04/May/2020:10:06:55 +0800] "POST /xingrg/dwr/call/plaincall/AjaxGetFirstChart.getFirstChart.dwr HTTP/1.1" 200 80
117.185.32.26 - - [04/May/2020:10:06:56 +0800] "POST /xingrg/dwr/call/plaincall/AjaxGetFirstChart.getFirstChart.dwr HTTP/1.1" 200 80
117.185.32.26 - - [04/May/2020:10:06:56 +0800] "POST /xingrg/dwr/call/plaincall/AjaxGetFirstChart.getFirstChart.dwr HTTP/1.1" 200 81
117.185.32.26 - - [04/May/2020:10:06:56 +0800] "POST /xingrg/dwr/call/plaincall/AjaxGetFirstChart.getFirstChart.dwr HTTP/1.1" 200 81
114.84.33.255 - - [04/May/2020:10:06:58 +0800] "GET /xingrg/kc/buy/cgsh_order_add.html HTTP/1.1" 200 58202
114.84.33.255 - - [04/May/2020:10:06:59 +0800] "POST /xingrg/kc/buy/cgsh_order_operate.html HTTP/1.1" 200 8245
114.84.33.255 - - [04/May/2020:10:06:59 +0800] "GET /xingrg/javascript/easyui/themes/default/validatebox.css HTTP/1.1" 404 1104
172.17.0.185 - - [04/May/2020:10:06:59 +0800] "GET /xingrg/all/function/internal_message.html?_=1588558018968&CODE_STATE=getMsg HTTP/1.1" 302 -
58.221.95.50 - - [04/May/2020:10:07:00 +0800] "GET /xingrg/all/function/internal_message.html?_=1588558053403&CODE_STATE=getMsg HTTP/1.1" 200 27
114.86.190.97 - - [04/May/2020:10:07:00 +0800] "GET /xingrg/kc/buy/cgsh_order_operate.html?command=get_materiel&rest_code=00148&code=00101004069&supplier_code=00100323&order_time=2020-05-04 HTTP/1.1" 200 418
114.86.190.97 - - [04/May/2020:10:07:00 +0800] "GET /xingrg/javascript/easyui/themes/default/images/button_plain_hover.png HTTP/1.1" 304 -
101.89.29.78 - - [04/May/2020:10:07:00 +0800] "GET /xingrg/all/function/internal_message.html?_=1588557302607&CODE_STATE=getMsg HTTP/1.1" 302 -
114.84.32.201 - - [04/May/2020:10:07:00 +0800] "GET /xingrg/system/rest/get_item.html?table=menu&id=2023&_=1588558021270 HTTP/1.1" 200 955
114.84.32.201 - - [04/May/2020:10:07:00 +0800] "GET /xingrg/system/rest/get_item.html?table=menu&target=menu_rest&id=2023&_=1588558021292 HTTP/1.1" 200 761
114.84.32.201 - - [04/May/2020:10:07:01 +0800] "GET /xingrg/system/rest/get_item.html?table=menu&target=cook_mode&id=2023&_=1588558021291 HTTP/1.1" 200 27807
114.84.32.201 - - [04/May/2020:10:07:01 +0800] "GET /xingrg/system/rest/get_infos.html?command=menu_img_show&id=2023 HTTP/1.1" 200 5
117.185.32.26 - - [04/May/2020:10:07:01 +0800] "GET /xingrg/system/rest/list_page.html?p=annotate&isSelect=1 HTTP/1.1" 200 12313
117.185.32.26 - - [04/May/2020:10:07:02 +0800] "GET /favicon.ico HTTP/1.1" 404 -
117.185.32.26 - - [04/May/2020:10:07:02 +0800] "GET /xingrg/system/rest/query_items.html?_=1588558015766&table=annotate&annotateTypeId=&key= HTTP/1.1" 200 21
180.161.113.183 - - [04/May/2020:10:07:03 +0800] "GET /xingrg/kc/buy/cgsh_order_add.html HTTP/1.1" 200 58108
114.84.151.157 - - [04/May/2020:10:07:03 +0800] "GET /xingrg/all/function/internal_message.html?_=1588558022632&CODE_STATE=getMsg HTTP/1.1" 200 27
180.161.113.183 - - [04/May/2020:10:07:05 +0800] "POST /xingrg/kc/buy/cgsh_order_operate.html HTTP/1.1" 200 8245
180.161.113.183 - - [04/May/2020:10:07:05 +0800] "GET /xingrg/javascript/easyui/themes/default/validatebox.css HTTP/1.1" 404 1104
114.86.190.97 - - [04/May/2020:10:07:06 +0800] "GET /xingrg/kc/buy/cgsh_order_operate.html?command=get_materiel&rest_code=00148&code=00101002029&supplier_code=00100323&order_time=2020-05-04 HTTP/1.1" 200 414
114.86.190.97 - - [04/May/2020:10:07:06 +0800] "GET /xingrg/javascript/easyui/themes/default/images/button_plain_hover.png HTTP/1.1" 304 -
101.89.29.78 - - [04/May/2020:10:07:07 +0800] "GET /xingrg/login.html HTTP/1.1" 200 7641
180.156.150.85 - - [04/May/2020:10:07:07 +0800] "GET /xingrg/all/function/internal_message.html?_=1588558028782&CODE_STATE=getMsg HTTP/1.1" 200 27
222.70.183.62 - - [04/May/2020:10:07:09 +0800] "GET /xingrg/check_reg.html?_=1588558028882 HTTP/1.1" 200 22
114.86.190.97 - - [04/May/2020:10:07:09 +0800] "GET /xingrg/javascript/easyui/themes/default/images/button_plain_hover.png HTTP/1.1" 304 -
114.86.190.97 - - [04/May/2020:10:07:10 +0800] "GET /xingrg/javascript/easyui/themes/default/images/button_plain_hover.png HTTP/1.1" 304 -
114.86.190.97 - - [04/May/2020:10:07:10 +0800] "GET /xingrg/javascript/easyui/themes/default/images/button_plain_hover.png HTTP/1.1" 304 -
114.84.32.201 - - [04/May/2020:10:07:11 +0800] "GET /xingrg/system/rest/get_item.html?table=menu&target=menu_rest_detail&id=2023&sid=12&_=1588558031576 HTTP/1.1" 200 428
114.86.190.97 - - [04/May/2020:10:07:11 +0800] "POST /xingrg/kc/buy/cgsh_order_operate.html HTTP/1.1" 200 37
222.69.136.137 - - [04/May/2020:10:07:12 +0800] "GET /xingrg/all/function/internal_message.html?_=1588558030401&CODE_STATE=getMsg HTTP/1.1" 200 27
117.185.32.26 - - [04/May/2020:10:07:12 +0800] "GET /xingrg/system/rest/query_items.html?_=1588558025966&table=annotate&annotateTypeId=&key=%25E7%25BA%25A2%25E7%2583%25A7 HTTP/1.1" 200 21
114.84.33.255 - - [04/May/2020:10:07:12 +0800] "GET /xingrg/kc/buy/cgsh_order_operate.html?command=get_materiel&rest_code=00146&code=00101016080&supplier_code=00100033&order_time=2020-05-04 HTTP/1.1" 200 408
114.86.190.97 - - [04/May/2020:10:07:12 +0800] "POST /xingrg/kc/buy/cgsh_order_operate.html HTTP/1.1" 200 3848
101.89.239.232 - - [04/May/2020:10:07:13 +0800] "GET /xingrg/kc/print/load_data.html?order_code=212020050401176&kc_code=cgsh&condition= HTTP/1.1" 302 -
117.185.32.26 - - [04/May/2020:10:07:13 +0800] "GET /xingrg/system/rest/query_items.html?_=1588558027132&table=annotate&annotateTypeId=2&key=%25E7%25BA%25A2%25E7%2583%25A7 HTTP/1.1" 200 785
117.185.32.26 - - [04/May/2020:10:07:15 +0800] "POST /xingrg/system/rest/edit_item.html HTTP/1.1" 200 42
117.185.32.26 - - [04/May/2020:10:07:15 +0800] "GET /xingrg/system/rest/get_item.html?table=menu&target=cook_mode&id=6344&_=1588558029421 HTTP/1.1" 200 204
180.161.113.183 - - [04/May/2020:10:07:15 +0800] "GET /xingrg/javascript/easyui/themes/default/tree.css HTTP/1.1" 404 1090
180.161.113.183 - - [04/May/2020:10:07:16 +0800] "POST /xingrg/all/common/load_tree.html?tree=supplier_tree_json&isDelete=1 HTTP/1.1" 200 47615
114.84.32.201 - - [04/May/2020:10:07:16 +0800] "GET /xingrg/all/function/internal_message.html?_=1588558036720&CODE_STATE=getMsg HTTP/1.1" 200 27
101.89.239.232 - - [04/May/2020:10:07:17 +0800] "GET /xingrg/login.html HTTP/1.1" 200 7641
114.86.190.97 - - [04/May/2020:10:07:17 +0800] "GET /xingrg/javascript/easyui/themes/default/images/button_plain_hover.png HTTP/1.1" 304 -
114.86.190.97 - - [04/May/2020:10:07:17 +0800] "GET /xingrg/javascript/easyui/themes/default/images/button_plain_hover.png HTTP/1.1" 304 -
117.185.32.26 - - [04/May/2020:10:07:17 +0800] "GET /favicon.ico HTTP/1.1" 404 -
117.185.32.26 - - [04/May/2020:10:07:17 +0800] "GET /xingrg/system/rest/query_items.html?_=1588558031209&table=annotate&annotateTypeId=&key= HTTP/1.1" 200 21
114.86.190.97 - - [04/May/2020:10:07:17 +0800] "GET /xingrg/css/base.css HTTP/1.1" 304 -
114.86.190.97 - - [04/May/2020:10:07:17 +0800] "GET /xingrg/css/site.css HTTP/1.1" 304 -
114.86.190.97 - - [04/May/2020:10:07:17 +0800] "GET /xingrg/javascript/jquery_tools/datebox.css HTTP/1.1" 304 -
114.86.190.97 - - [04/May/2020:10:07:17 +0800] "GET /xingrg/javascript/easyui/themes/default/easyui.css HTTP/1.1" 304 -
114.86.190.97 - - [04/May/2020:10:07:17 +0800] "GET /xingrg/javascript/easyui/themes/icon.css HTTP/1.1" 304 -
114.86.190.97 - - [04/May/2020:10:07:17 +0800] "GET /xingrg/kc/buy/cgsh_order_add.html HTTP/1.1" 200 58196
114.86.190.97 - - [04/May/2020:10:07:17 +0800] "GET /xingrg/javascript/jquery_tools/fix.css HTTP/1.1" 304 -
114.86.190.97 - - [04/May/2020:10:07:17 +0800] "GET /xingrg/javascript/jquery_tools/table.css HTTP/1.1" 304 -
114.86.190.97 - - [04/May/2020:10:07:17 +0800] "GET /xingrg/javascript/auto/jquery.autocomplete.css HTTP/1.1" 304 -
114.86.190.97 - - [04/May/2020:10:07:17 +0800] "GET /xingrg/javascript/pic_change.js HTTP/1.1" 304 -
114.86.190.97 - - [04/May/2020:10:07:17 +0800] "GET /xingrg/javascript/jquery_tools/jquery.tools.extend.js HTTP/1.1" 304 -
114.86.190.97 - - [04/May/2020:10:07:17 +0800] "GET /xingrg/javascript/easyui/easyloader.js HTTP/1.1" 304 -
114.86.190.97 - - [04/May/2020:10:07:17 +0800] "GET /xingrg/javascript/jquery_tools/jquery.tools.table.js HTTP/1.1" 304 -
114.86.190.97 - - [04/May/2020:10:07:17 +0800] "GET /xingrg/javascript/jquery_tools/jquery.tools.hotkey.js HTTP/1.1" 304 -
114.86.190.97 - - [04/May/2020:10:07:17 +0800] "GET /xingrg/javascript/auto/jquery.autocomplete.js HTTP/1.1" 304 -
114.86.190.97 - - [04/May/2020:10:07:17 +0800] "GET /xingrg/javascript/jquery.utils.js HTTP/1.1" 304 -
114.86.190.97 - - [04/May/2020:10:07:17 +0800] "GET /xingrg/javascript/jquery_tools/order_manager.js HTTP/1.1" 304 -
114.86.190.97 - - [04/May/2020:10:07:17 +0800] "GET /xingrg/javascript/convert.js HTTP/1.1" 304 -
114.86.190.97 - - [04/May/2020:10:07:17 +0800] "GET /xingrg/javascript/jquery_tools/jquery.tools.min.js HTTP/1.1" 304 -
114.86.190.97 - - [04/May/2020:10:07:17 +0800] "GET /xingrg/javascript/json2.js HTTP/1.1" 304 -
114.86.190.97 - - [04/May/2020:10:07:17 +0800] "GET /xingrg/javascript/print/kc_print.js HTTP/1.1" 304 -
114.86.190.97 - - [04/May/2020:10:07:17 +0800] "GET /xingrg/javascript/print/LodopFuncs.js HTTP/1.1" 304 -
114.86.190.97 - - [04/May/2020:10:07:17 +0800] "GET /xingrg/javascript/jquery.cookie.js HTTP/1.1" 304 -
114.86.190.97 - - [04/May/2020:10:07:17 +0800] "GET /xingrg/words/20200503150949_words.js HTTP/1.1" 304 -
114.86.190.97 - - [04/May/2020:10:07:18 +0800] "GET /xingrg/javascript/easyui/themes/icons/template_new.png HTTP/1.1" 304 -
114.86.190.97 - - [04/May/2020:10:07:18 +0800] "GET /xingrg/javascript/easyui/themes/icons/copy_new.png HTTP/1.1" 304 -
114.86.190.97 - - [04/May/2020:10:07:18 +0800] "GET /xingrg/javascript/easyui/themes/icons/print.png HTTP/1.1" 304 -
114.86.190.97 - - [04/May/2020:10:07:18 +0800] "GET /xingrg/javascript/easyui/themes/icons/ok.png HTTP/1.1" 304 -
114.86.190.97 - - [04/May/2020:10:07:18 +0800] "GET /xingrg/javascript/easyui/themes/default/images/menu_downarrow.png HTTP/1.1" 304 -
114.86.190.97 - - [04/May/2020:10:07:18 +0800] "GET /xingrg/javascript/easyui/themes/icons/cancel.png HTTP/1.1" 304 -
114.86.190.97 - - [04/May/2020:10:07:18 +0800] "GET /xingrg/javascript/easyui/plugins/jquery.parser.js HTTP/1.1" 304 -
114.86.190.97 - - [04/May/2020:10:07:18 +0800] "POST /xingrg/kc/buy/cgsh_order_operate.html HTTP/1.1" 200 8245
114.86.190.97 - - [04/May/2020:10:07:18 +0800] "GET /xingrg/all/common/auto_word.html?type=employee&rest_code=00148 HTTP/1.1" 200 147
114.86.190.97 - - [04/May/2020:10:07:18 +0800] "GET /xingrg/all/common/auto_word.html?type=employee&rest_code=00148 HTTP/1.1" 200 147
114.86.190.97 - - [04/May/2020:10:07:18 +0800] "GET /xingrg/javascript/easyui/themes/default/validatebox.css HTTP/1.1" 404 1104
114.86.190.97 - - [04/May/2020:10:07:18 +0800] "GET /xingrg/javascript/easyui/plugins/jquery.validatebox.js HTTP/1.1" 304 -
114.86.190.97 - - [04/May/2020:10:07:18 +0800] "GET /xingrg/javascript/easyui/plugins/jquery.numberbox.js HTTP/1.1" 304 -
114.86.190.97 - - [04/May/2020:10:07:20 +0800] "GET /xingrg/javascript/pic_change.js HTTP/1.1" 304 -
114.86.190.97 - - [04/May/2020:10:07:20 +0800] "GET /xingrg/javascript/jquery_tools/jquery.tools.min.js HTTP/1.1" 304 -
114.86.190.97 - - [04/May/2020:10:07:20 +0800] "GET /xingrg/javascript/jquery_tools/jquery.tools.extend.js HTTP/1.1" 304 -
114.86.190.97 - - [04/May/2020:10:07:20 +0800] "GET /xingrg/javascript/jquery_tools/jquery.tools.hotkey.js HTTP/1.1" 304 -
114.86.190.97 - - [04/May/2020:10:07:20 +0800] "GET /xingrg/javascript/jquery_tools/jquery.tools.table.js HTTP/1.1" 304 -
114.86.190.97 - - [04/May/2020:10:07:20 +0800] "GET /xingrg/javascript/easyui/easyloader.js HTTP/1.1" 304 -
114.86.190.97 - - [04/May/2020:10:07:20 +0800] "GET /xingrg/javascript/auto/jquery.autocomplete.js HTTP/1.1" 304 -
114.86.190.97 - - [04/May/2020:10:07:20 +0800] "GET /xingrg/javascript/jquery.utils.js HTTP/1.1" 304 -
114.86.190.97 - - [04/May/2020:10:07:20 +0800] "GET /xingrg/javascript/jquery_tools/order_manager.js HTTP/1.1" 304 -
114.86.190.97 - - [04/May/2020:10:07:20 +0800] "GET /xingrg/javascript/json2.js HTTP/1.1" 304 -
114.86.190.97 - - [04/May/2020:10:07:20 +0800] "GET /xingrg/javascript/jquery.cookie.js HTTP/1.1" 304 -
114.86.190.97 - - [04/May/2020:10:07:20 +0800] "GET /xingrg/javascript/print/kc_print.js HTTP/1.1" 304 -
114.86.190.97 - - [04/May/2020:10:07:20 +0800] "GET /xingrg/javascript/print/LodopFuncs.js HTTP/1.1" 304 -
114.86.190.97 - - [04/May/2020:10:07:20 +0800] "GET /xingrg/javascript/easyui/plugins/jquery.parser.js HTTP/1.1" 304 -
114.86.190.97 - - [04/May/2020:10:07:20 +0800] "GET /xingrg/javascript/easyui/plugins/jquery.numberbox.js HTTP/1.1" 304 -
114.86.190.97 - - [04/May/2020:10:07:20 +0800] "GET /xingrg/javascript/easyui/plugins/jquery.validatebox.js HTTP/1.1" 304 -
114.86.190.97 - - [04/May/2020:10:07:20 +0800] "GET /xingrg/words/20200503150949_words.js HTTP/1.1" 304 -
114.86.190.97 - - [04/May/2020:10:07:20 +0800] "GET /xingrg/javascript/convert.js HTTP/1.1" 304 -
172.17.0.120 - - [04/May/2020:10:07:20 +0800] "GET /xingrg/all/function/internal_message.html?_=1588558039970&CODE_STATE=getMsg HTTP/1.1" 200 27
117.185.32.26 - - [04/May/2020:10:07:24 +0800] "GET /xingrg/system/rest/query_items.html?_=1588558037727&table=annotate&annotateTypeId=&key=%25E7%2599%25BD%25E6%25B1%25A4 HTTP/1.1" 200 21
117.185.32.26 - - [04/May/2020:10:07:24 +0800] "GET /xingrg/system/rest/query_items.html?_=1588558038520&table=annotate&annotateTypeId=2&key=%25E7%2599%25BD%25E6%25B1%25A4 HTTP/1.1" 200 21
180.161.113.183 - - [04/May/2020:10:07:25 +0800] "GET /xingrg/check_reg.html?_=1588558238219 HTTP/1.1" 200 22
114.84.33.255 - - [04/May/2020:10:07:26 +0800] "GET /xingrg/kc/buy/cgsh_order_operate.html?command=get_materiel&rest_code=00146&code=00101016057&supplier_code=00100033&order_time=2020-05-04 HTTP/1.1" 200 408
117.185.32.26 - - [04/May/2020:10:07:26 +0800] "GET /xingrg/system/rest/query_items.html?_=1588558040453&table=annotate&annotateTypeId=3&key=%25E7%2599%25BD%25E6%25B1%25A4 HTTP/1.1" 200 21
114.84.33.255 - - [04/May/2020:10:07:27 +0800] "GET /xingrg/check_reg.html?_=1588558049202 HTTP/1.1" 200 22
172.17.0.102 - - [04/May/2020:10:07:27 +0800] "GET /xingrg/all/function/internal_message.html?_=1588558072351&CODE_STATE=getMsg HTTP/1.1" 200 27
180.161.113.183 - - [04/May/2020:10:07:28 +0800] "GET /xingrg/kc/buy/cgsh_order_operate.html?command=get_materiel&rest_code=00102&code=00101006130&supplier_code=00100011&order_time=2020-05-04 HTTP/1.1" 200 427
117.185.32.26 - - [04/May/2020:10:07:28 +0800] "GET /xingrg/system/rest/query_items.html?_=1588558042470&table=annotate&annotateTypeId=4&key=%25E7%2599%25BD%25E6%25B1%25A4 HTTP/1.1" 200 21
117.185.32.26 - - [04/May/2020:10:07:30 +0800] "GET /xingrg/system/rest/query_items.html?_=1588558043962&table=annotate&annotateTypeId=5&key=%25E7%2599%25BD%25E6%25B1%25A4 HTTP/1.1" 200 21
114.84.33.255 - - [04/May/2020:10:07:31 +0800] "GET /xingrg/all/function/internal_message.html?_=1588558052287&CODE_STATE=getMsg HTTP/1.1" 200 27
117.185.32.26 - - [04/May/2020:10:07:31 +0800] "GET /xingrg/system/rest/query_items.html?_=1588558045475&table=annotate&annotateTypeId=6&key=%25E7%2599%25BD%25E6%25B1%25A4 HTTP/1.1" 200 219
180.161.113.183 - - [04/May/2020:10:07:32 +0800] "GET /xingrg/all/function/internal_message.html?_=1588558244851&CODE_STATE=getMsg HTTP/1.1" 200 27
120.253.135.82 - - [04/May/2020:10:07:35 +0800] "GET /xingrg/all/function/internal_message.html?_=1588558190946&CODE_STATE=getMsg HTTP/1.1" 200 27
114.86.190.97 - - [04/May/2020:10:07:36 +0800] "GET /xingrg/kc/buy/cgsh_order_operate.html?command=get_materiel&rest_code=00148&code=00101012046&supplier_code=00100347&order_time=2020-05-04 HTTP/1.1" 200 417
117.185.32.26 - - [04/May/2020:10:07:37 +0800] "GET /xingrg/system/rest/query_items.html?_=1588558050705&table=annotate&annotateTypeId=12&key=%25E7%2599%25BD%25E6%25B1%25A4 HTTP/1.1" 200 21
114.84.33.255 - - [04/May/2020:10:07:37 +0800] "GET /xingrg/kc/buy/cgsh_order_operate.html?command=get_materiel&rest_code=00146&code=00101016025&supplier_code=00100033&order_time=2020-05-04 HTTP/1.1" 200 408
172.17.0.240 - - [04/May/2020:10:07:38 +0800] "GET /xingrg/check_reg.html?_=1588558058207 HTTP/1.1" 200 22
172.17.0.240 - - [04/May/2020:10:07:38 +0800] "GET /xingrg/all/function/internal_message.html?_=1588558058209&CODE_STATE=getMsg HTTP/1.1" 200 27
117.185.32.26 - - [04/May/2020:10:07:38 +0800] "GET /xingrg/system/rest/query_items.html?_=1588558052511&table=annotate&annotateTypeId=1&key=%25E7%2599%25BD%25E6%25B1%25A4 HTTP/1.1" 200 21
117.185.32.26 - - [04/May/2020:10:07:40 +0800] "GET /xingrg/system/rest/query_items.html?_=1588558054072&table=annotate&annotateTypeId=6&key=%25E7%2599%25BD%25E6%25B1%25A4 HTTP/1.1" 200 219
114.86.190.97 - - [04/May/2020:10:07:41 +0800] "GET /xingrg/all/function/internal_message.html?_=1588558061183&CODE_STATE=getMsg HTTP/1.1" 200 27
58.40.7.146 - - [04/May/2020:10:07:41 +0800] "GET /xingrg/all/function/internal_message.html?_=1588558061331&CODE_STATE=getMsg HTTP/1.1" 200 27
117.185.32.26 - - [04/May/2020:10:07:42 +0800] "GET /xingrg/system/rest/query_items.html?_=1588558055959&table=annotate&annotateTypeId=7&key=%25E7%2599%25BD%25E6%25B1%25A4 HTTP/1.1" 200 21
180.161.113.183 - - [04/May/2020:10:07:43 +0800] "GET /xingrg/kc/buy/cgsh_order_operate.html?command=get_materiel&rest_code=00102&code=00101006063&supplier_code=00100011&order_time=2020-05-04 HTTP/1.1" 200 413
117.185.32.26 - - [04/May/2020:10:07:43 +0800] "GET /xingrg/system/rest/query_items.html?_=1588558057581&table=annotate&annotateTypeId=8&key=%25E7%2599%25BD%25E6%25B1%25A4 HTTP/1.1" 200 21
114.86.190.97 - - [04/May/2020:10:07:45 +0800] "GET /xingrg/kc/buy/cgsh_order_operate.html?command=get_materiel&rest_code=00148&code=00101012046&supplier_code=00100347&order_time=2020-05-04 HTTP/1.1" 200 417
117.185.32.26 - - [04/May/2020:10:07:45 +0800] "GET /xingrg/system/rest/query_items.html?_=1588558059066&table=annotate&annotateTypeId=9&key=%25E7%2599%25BD%25E6%25B1%25A4 HTTP/1.1" 200 21
180.162.232.172 - - [04/May/2020:10:07:46 +0800] "GET /xingrg/all/function/internal_message.html?_=1588558200702&CODE_STATE=getMsg HTTP/1.1" 200 27
117.185.32.26 - - [04/May/2020:10:07:46 +0800] "GET /xingrg/system/rest/query_items.html?_=1588558060484&table=annotate&annotateTypeId=10&key=%25E7%2599%25BD%25E6%25B1%25A4 HTTP/1.1" 200 21
114.84.32.201 - - [04/May/2020:10:07:46 +0800] "POST /xingrg/system/rest/edit_item.html HTTP/1.1" 200 4
114.84.32.201 - - [04/May/2020:10:07:47 +0800] "GET /xingrg/system/rest/get_item.html?table=menu&target=menu_rest&id=2023&_=1588558067332 HTTP/1.1" 200 761
58.40.7.146 - - [04/May/2020:10:07:47 +0800] "GET /xingrg/all/function/internal_message.html?_=1588558067585&CODE_STATE=getMsg HTTP/1.1" 302 -
114.84.33.255 - - [04/May/2020:10:07:48 +0800] "GET /xingrg/kc/buy/cgsh_order_operate.html?command=get_materiel&rest_code=00146&code=00101012025&supplier_code=00100033&order_time=2020-05-04 HTTP/1.1" 200 412
117.185.32.26 - - [04/May/2020:10:07:48 +0800] "GET /xingrg/system/rest/query_items.html?_=1588558062250&table=annotate&annotateTypeId=11&key=%25E7%2599%25BD%25E6%25B1%25A4 HTTP/1.1" 200 21
117.185.32.26 - - [04/May/2020:10:07:50 +0800] "GET /xingrg/system/rest/query_items.html?_=1588558064250&table=annotate&annotateTypeId=6&key=%25E7%2599%25BD%25E6%25B1%25A4 HTTP/1.1" 200 219
117.185.32.26 - - [04/May/2020:10:07:51 +0800] "POST /xingrg/system/rest/edit_item.html HTTP/1.1" 200 54
117.185.32.26 - - [04/May/2020:10:07:51 +0800] "GET /xingrg/system/rest/get_item.html?table=menu&target=cook_mode&id=6344&_=1588558065590 HTTP/1.1" 200 364
117.131.5.26 - - [04/May/2020:10:07:53 +0800] "GET /xingrg/all/function/internal_message.html?_=1588558339641&CODE_STATE=getMsg HTTP/1.1" 200 27
117.185.32.26 - - [04/May/2020:10:07:53 +0800] "GET /favicon.ico HTTP/1.1" 404 -
117.185.32.26 - - [04/May/2020:10:07:53 +0800] "GET /xingrg/system/rest/query_items.html?_=1588558066805&table=annotate&annotateTypeId=&key= HTTP/1.1" 200 21
180.161.113.183 - - [04/May/2020:10:07:54 +0800] "GET /xingrg/kc/buy/cgsh_order_operate.html?command=get_materiel&rest_code=00102&code=00101006177&supplier_code=00100011&order_time=2020-05-04 HTTP/1.1" 200 409
117.185.32.26 - - [04/May/2020:10:07:54 +0800] "GET /xingrg/all/function/internal_message.html?_=1588558068018&CODE_STATE=getMsg HTTP/1.1" 200 27
222.70.183.62 - - [04/May/2020:10:07:54 +0800] "GET /xingrg/all/function/internal_message.html?_=1588558074150&CODE_STATE=getMsg HTTP/1.1" 200 27
117.185.32.26 - - [04/May/2020:10:07:57 +0800] "GET /xingrg/system/rest/query_items.html?_=1588558071626&table=annotate&annotateTypeId=&key=%25E4%25BB%25BD%25E4%25B8%258A HTTP/1.1" 200 21
117.185.32.26 - - [04/May/2020:10:07:59 +0800] "GET /xingrg/system/rest/query_items.html?_=1588558072870&table=annotate&annotateTypeId=2&key=%25E4%25BB%25BD%25E4%25B8%258A HTTP/1.1" 200 207
172.17.0.185 - - [04/May/2020:10:07:59 +0800] "GET /xingrg/all/function/internal_message.html?_=1588558078959&CODE_STATE=getMsg HTTP/1.1" 302 -
172.17.0.185 - - [04/May/2020:10:07:59 +0800] "GET /xingrg/check_reg.html?_=1588558078963 HTTP/1.1" 302 -
58.221.95.50 - - [04/May/2020:10:08:00 +0800] "GET /xingrg/all/function/internal_message.html?_=1588558113402&CODE_STATE=getMsg HTTP/1.1" 200 27
117.185.32.26 - - [04/May/2020:10:08:00 +0800] "POST /xingrg/system/rest/edit_item.html HTTP/1.1" 200 42
117.185.32.26 - - [04/May/2020:10:08:00 +0800] "GET /xingrg/system/rest/get_item.html?table=menu&target=cook_mode&id=6344&_=1588558074301 HTTP/1.1" 200 512
114.86.190.97 - - [04/May/2020:10:08:00 +0800] "GET /xingrg/kc/buy/cgsh_order_operate.html?command=get_materiel&rest_code=00148&code=00101004038&supplier_code=00100347&order_time=2020-05-04 HTTP/1.1" 200 409
58.40.7.146 - - [04/May/2020:10:08:01 +0800] "GET /xingrg/check_reg.html?_=1588558081429 HTTP/1.1" 200 22
117.185.32.26 - - [04/May/2020:10:08:02 +0800] "GET /favicon.ico HTTP/1.1" 404 -
117.185.32.26 - - [04/May/2020:10:08:02 +0800] "GET /xingrg/system/rest/query_items.html?_=1588558075871&table=annotate&annotateTypeId=&key= HTTP/1.1" 200 21
114.84.151.157 - - [04/May/2020:10:08:03 +0800] "GET /xingrg/check_reg.html?_=1588558082632 HTTP/1.1" 200 22
114.84.151.157 - - [04/May/2020:10:08:03 +0800] "GET /xingrg/all/function/internal_message.html?_=1588558082630&CODE_STATE=getMsg HTTP/1.1" 200 27
117.185.32.26 - - [04/May/2020:10:08:06 +0800] "GET /xingrg/system/rest/query_items.html?_=1588558080377&table=annotate&annotateTypeId=&key=%25E4%25BD%258D%25E4%25B8%258A HTTP/1.1" 200 21
180.156.150.85 - - [04/May/2020:10:08:07 +0800] "GET /xingrg/all/function/internal_message.html?_=1588558088756&CODE_STATE=getMsg HTTP/1.1" 200 27
117.185.32.26 - - [04/May/2020:10:08:07 +0800] "GET /xingrg/system/rest/query_items.html?_=1588558081108&table=annotate&annotateTypeId=2&key=%25E4%25BD%258D%25E4%25B8%258A HTTP/1.1" 200 786
117.185.32.26 - - [04/May/2020:10:08:08 +0800] "POST /xingrg/system/rest/edit_item.html HTTP/1.1" 200 42
117.185.32.26 - - [04/May/2020:10:08:08 +0800] "GET /xingrg/system/rest/get_item.html?table=menu&target=cook_mode&id=6344&_=1588558082379 HTTP/1.1" 200 660
117.185.32.26 - - [04/May/2020:10:08:09 +0800] "GET /favicon.ico HTTP/1.1" 404 -
114.86.190.97 - - [04/May/2020:10:08:09 +0800] "GET /xingrg/kc/buy/cgsh_order_operate.html?command=get_materiel&rest_code=00148&code=00101005022&supplier_code=00100347&order_time=2020-05-04 HTTP/1.1" 200 417
117.185.32.26 - - [04/May/2020:10:08:09 +0800] "GET /xingrg/system/rest/query_items.html?_=1588558083508&table=annotate&annotateTypeId=&key= HTTP/1.1" 200 21
61.129.6.159 - - [04/May/2020:10:08:12 +0800] "GET /xingrg/kc/buy/cgsh_order_add.html HTTP/1.1" 302 -
222.69.136.137 - - [04/May/2020:10:08:12 +0800] "GET /xingrg/all/function/internal_message.html?_=1588558090400&CODE_STATE=getMsg HTTP/1.1" 200 27
114.84.32.201 - - [04/May/2020:10:08:14 +0800] "GET /xingrg/system/rest/query_items.html?_=1588558094270&table=menu&page=1&rows=20&categoryId=&key=%25E5%25B0%258F%25E9%259D%2592%25E9%25BE%2599 HTTP/1.1" 200 1755
180.163.220.5 - - [04/May/2020:10:08:15 +0800] "GET /xingrg/system/rest/list_page.html HTTP/1.1" 302 -
114.84.32.201 - - [04/May/2020:10:08:16 +0800] "GET /xingrg/all/function/internal_message.html?_=1588558096703&CODE_STATE=getMsg HTTP/1.1" 200 27
117.185.32.26 - - [04/May/2020:10:08:17 +0800] "GET /xingrg/system/rest/query_items.html?_=1588558090653&table=annotate&annotateTypeId=&key=%25E9%2587%2591%25E6%25B1%25A4 HTTP/1.1" 200 21
117.185.32.26 - - [04/May/2020:10:08:17 +0800] "GET /xingrg/system/rest/query_items.html?_=1588558091215&table=annotate&annotateTypeId=2&key=%25E9%2587%2591%25E6%25B1%25A4 HTTP/1.1" 200 21
114.84.32.201 - - [04/May/2020:10:08:17 +0800] "GET /xingrg/system/rest/get_item.html?table=menu&id=1990&_=1588558098009 HTTP/1.1" 200 968
114.84.32.201 - - [04/May/2020:10:08:17 +0800] "GET /xingrg/system/rest/get_item.html?table=menu&target=menu_rest&id=1990&_=1588558098033 HTTP/1.1" 200 496
114.84.32.201 - - [04/May/2020:10:08:17 +0800] "GET /xingrg/system/rest/get_item.html?table=menu&target=cook_mode&id=1990&_=1588558098032 HTTP/1.1" 200 18409
114.84.32.201 - - [04/May/2020:10:08:18 +0800] "GET /xingrg/system/rest/get_infos.html?command=menu_img_show&id=1990 HTTP/1.1" 200 5
61.129.6.159 - - [04/May/2020:10:08:18 +0800] "GET /xingrg/login.html HTTP/1.1" 200 7641
117.185.32.26 - - [04/May/2020:10:08:19 +0800] "GET /xingrg/system/rest/query_items.html?_=1588558092887&table=annotate&annotateTypeId=3&key=%25E9%2587%2591%25E6%25B1%25A4 HTTP/1.1" 200 21
180.163.220.5 - - [04/May/2020:10:08:19 +0800] "GET /xingrg/system/rest/list_page.html HTTP/1.1" 302 -
117.185.32.26 - - [04/May/2020:10:08:20 +0800] "GET /xingrg/system/rest/query_items.html?_=1588558093993&table=annotate&annotateTypeId=5&key=%25E9%2587%2591%25E6%25B1%25A4 HTTP/1.1" 200 216
172.17.0.120 - - [04/May/2020:10:08:20 +0800] "GET /xingrg/all/function/internal_message.html?_=1588558099973&CODE_STATE=getMsg HTTP/1.1" 200 27
172.17.0.120 - - [04/May/2020:10:08:20 +0800] "GET /xingrg/check_reg.html?_=1588558099974 HTTP/1.1" 200 22
180.163.220.66 - - [04/May/2020:10:08:21 +0800] "GET /xingrg/login.html HTTP/1.1" 200 2139
114.84.33.255 - - [04/May/2020:10:08:21 +0800] "GET /xingrg/kc/buy/cgsh_order_operate.html?command=get_materiel&rest_code=00146&code=00101012026&supplier_code=00100033&order_time=2020-05-04 HTTP/1.1" 200 408
117.185.32.26 - - [04/May/2020:10:08:22 +0800] "GET /xingrg/system/rest/query_items.html?_=1588558095789&table=annotate&annotateTypeId=4&key=%25E9%2587%2591%25E6%25B1%25A4 HTTP/1.1" 200 21
114.86.190.97 - - [04/May/2020:10:08:22 +0800] "GET /xingrg/kc/buy/cgsh_order_operate.html?command=get_materiel&rest_code=00148&code=00102002167&supplier_code=00100347&order_time=2020-05-04 HTTP/1.1" 200 409
180.161.113.183 - - [04/May/2020:10:08:23 +0800] "GET /xingrg/kc/buy/cgsh_order_operate.html?command=get_materiel&rest_code=00102&code=00101006112&supplier_code=00100011&order_time=2020-05-04 HTTP/1.1" 200 409
117.185.32.26 - - [04/May/2020:10:08:23 +0800] "GET /xingrg/system/rest/query_items.html?_=1588558097268&table=annotate&annotateTypeId=6&key=%25E9%2587%2591%25E6%25B1%25A4 HTTP/1.1" 200 21
180.163.220.66 - - [04/May/2020:10:08:25 +0800] "GET /xingrg/javascript/mobile/jquery.mobile-1.3.2.min.css HTTP/1.1" 200 94670
117.185.32.26 - - [04/May/2020:10:08:25 +0800] "GET /xingrg/system/rest/query_items.html?_=1588558099055&table=annotate&annotateTypeId=9&key=%25E9%2587%2591%25E6%25B1%25A4 HTTP/1.1" 200 173
180.163.220.66 - - [04/May/2020:10:08:25 +0800] "GET /xingrg/javascript/mobile/jquery-1.8.3.min.js HTTP/1.1" 200 93637
180.163.220.3 - - [04/May/2020:10:08:25 +0800] "GET /xingrg/javascript/mobile/jquery.mobile-1.3.2.min.js HTTP/1.1" 200 145396
117.185.32.26 - - [04/May/2020:10:08:27 +0800] "POST /xingrg/system/rest/edit_item.html HTTP/1.1" 200 33
117.185.32.26 - - [04/May/2020:10:08:27 +0800] "GET /xingrg/system/rest/get_item.html?table=menu&target=cook_mode&id=6344&_=1588558100721 HTTP/1.1" 200 799
172.17.0.102 - - [04/May/2020:10:08:27 +0800] "GET /xingrg/all/function/internal_message.html?_=1588558132352&CODE_STATE=getMsg HTTP/1.1" 200 27
114.86.190.97 - - [04/May/2020:10:08:27 +0800] "GET /xingrg/javascript/easyui/themes/default/images/button_plain_hover.png HTTP/1.1" 304 -
114.86.190.97 - - [04/May/2020:10:08:27 +0800] "GET /xingrg/javascript/easyui/themes/default/images/button_plain_hover.png HTTP/1.1" 304 -
114.86.190.97 - - [04/May/2020:10:08:28 +0800] "GET /xingrg/javascript/easyui/themes/default/images/button_plain_hover.png HTTP/1.1" 304 -
114.86.190.97 - - [04/May/2020:10:08:28 +0800] "GET /xingrg/javascript/easyui/themes/default/images/button_plain_hover.png HTTP/1.1" 304 -
114.86.190.97 - - [04/May/2020:10:08:28 +0800] "GET /xingrg/javascript/easyui/themes/default/images/button_plain_hover.png HTTP/1.1" 304 -
117.185.32.26 - - [04/May/2020:10:08:28 +0800] "GET /favicon.ico HTTP/1.1" 404 -
117.185.32.26 - - [04/May/2020:10:08:28 +0800] "GET /xingrg/system/rest/query_items.html?_=1588558101892&table=annotate&annotateTypeId=&key= HTTP/1.1" 200 21
114.86.190.97 - - [04/May/2020:10:08:29 +0800] "POST /xingrg/kc/buy/cgsh_order_operate.html HTTP/1.1" 200 37
180.161.113.183 - - [04/May/2020:10:08:30 +0800] "POST /xingrg/kc/buy/cgsh_order_operate.html HTTP/1.1" 200 37
114.86.190.97 - - [04/May/2020:10:08:30 +0800] "POST /xingrg/kc/buy/cgsh_order_operate.html HTTP/1.1" 200 5035
114.84.33.255 - - [04/May/2020:10:08:31 +0800] "GET /xingrg/all/function/internal_message.html?_=1588558112300&CODE_STATE=getMsg HTTP/1.1" 200 27
180.163.220.3 - - [04/May/2020:10:08:32 +0800] "GET /xingrg/javascript/mobile/images/ajax-loader.gif HTTP/1.1" 200 7825
180.161.113.183 - - [04/May/2020:10:08:32 +0800] "GET /xingrg/all/function/internal_message.html?_=1588558304855&CODE_STATE=getMsg HTTP/1.1" 200 27
180.161.113.183 - - [04/May/2020:10:08:33 +0800] "POST /xingrg/kc/buy/cgsh_order_operate.html HTTP/1.1" 200 12
114.86.190.97 - - [04/May/2020:10:08:33 +0800] "GET /xingrg/javascript/easyui/themes/default/images/button_plain_hover.png HTTP/1.1" 304 -
117.185.32.26 - - [04/May/2020:10:08:33 +0800] "GET /xingrg/system/rest/query_items.html?_=1588558107599&table=annotate&annotateTypeId=&key=%25E6%25B5%25B7%25E9%25B2%259C HTTP/1.1" 200 21
117.185.32.26 - - [04/May/2020:10:08:34 +0800] "GET /xingrg/system/rest/query_items.html?_=1588558108501&table=annotate&annotateTypeId=2&key=%25E6%25B5%25B7%25E9%25B2%259C HTTP/1.1" 200 212
114.86.190.97 - - [04/May/2020:10:08:34 +0800] "GET /xingrg/javascript/easyui/themes/default/images/button_plain_hover.png HTTP/1.1" 304 -
180.161.113.183 - - [04/May/2020:10:08:35 +0800] "GET /xingrg/kc/buy/cgsh_order_info.html?code=212020050401202 HTTP/1.1" 200 53008
120.253.135.82 - - [04/May/2020:10:08:35 +0800] "GET /xingrg/all/function/internal_message.html?_=1588558250975&CODE_STATE=getMsg HTTP/1.1" 200 27
117.185.32.26 - - [04/May/2020:10:08:35 +0800] "POST /xingrg/system/rest/edit_item.html HTTP/1.1" 200 47
117.185.32.26 - - [04/May/2020:10:08:35 +0800] "GET /xingrg/system/rest/get_item.html?table=menu&target=cook_mode&id=6344&_=1588558109561 HTTP/1.1" 200 952
117.131.5.26 - - [04/May/2020:10:08:36 +0800] "GET /xingrg/check_reg.html?_=1588558383092 HTTP/1.1" 200 22
180.161.113.183 - - [04/May/2020:10:08:36 +0800] "GET /xingrg/javascript/easyui/themes/default/validatebox.css HTTP/1.1" 404 1104
114.86.190.97 - - [04/May/2020:10:08:37 +0800] "GET /xingrg/css/base.css HTTP/1.1" 304 -
114.86.190.97 - - [04/May/2020:10:08:37 +0800] "GET /xingrg/css/site.css HTTP/1.1" 304 -
114.86.190.97 - - [04/May/2020:10:08:37 +0800] "GET /xingrg/javascript/jquery_tools/datebox.css HTTP/1.1" 304 -
114.86.190.97 - - [04/May/2020:10:08:37 +0800] "GET /xingrg/javascript/easyui/themes/default/easyui.css HTTP/1.1" 304 -
114.86.190.97 - - [04/May/2020:10:08:37 +0800] "GET /xingrg/javascript/jquery.cookie.js HTTP/1.1" 304 -
114.86.190.97 - - [04/May/2020:10:08:37 +0800] "GET /xingrg/javascript/jquery.utils.js HTTP/1.1" 304 -
114.86.190.97 - - [04/May/2020:10:08:37 +0800] "GET /xingrg/javascript/jquery_tools/jquery.tools.hotkey.js HTTP/1.1" 304 -
114.86.190.97 - - [04/May/2020:10:08:37 +0800] "GET /xingrg/kc/buy/cgsh_order_list.html HTTP/1.1" 200 42587
114.86.190.97 - - [04/May/2020:10:08:37 +0800] "GET /xingrg/javascript/auto/jquery.autocomplete.js HTTP/1.1" 304 -
114.86.190.97 - - [04/May/2020:10:08:37 +0800] "GET /xingrg/javascript/easyui/themes/icon.css HTTP/1.1" 304 -
114.86.190.97 - - [04/May/2020:10:08:37 +0800] "GET /xingrg/javascript/jquery_tools/fix.css HTTP/1.1" 304 -
114.86.190.97 - - [04/May/2020:10:08:37 +0800] "GET /xingrg/javascript/jquery_tools/table.css HTTP/1.1" 304 -
114.86.190.97 - - [04/May/2020:10:08:37 +0800] "GET /xingrg/javascript/jquery_tools/list_manager.js HTTP/1.1" 304 -
114.86.190.97 - - [04/May/2020:10:08:37 +0800] "GET /xingrg/javascript/print/LodopFuncs.js HTTP/1.1" 304 -
114.86.190.97 - - [04/May/2020:10:08:37 +0800] "GET /xingrg/javascript/jquery_tools/jquery.tools.table.js HTTP/1.1" 304 -
114.86.190.97 - - [04/May/2020:10:08:37 +0800] "GET /xingrg/javascript/auto/jquery.autocomplete.css HTTP/1.1" 304 -
114.86.190.97 - - [04/May/2020:10:08:37 +0800] "GET /xingrg/javascript/easyui/easyloader.js HTTP/1.1" 304 -
114.86.190.97 - - [04/May/2020:10:08:37 +0800] "GET /xingrg/javascript/jquery_tools/jquery.tools.min.js HTTP/1.1" 304 -
114.86.190.97 - - [04/May/2020:10:08:37 +0800] "GET /xingrg/javascript/jquery_tools/jquery.tools.extend.js HTTP/1.1" 304 -
180.161.113.183 - - [04/May/2020:10:08:37 +0800] "POST /xingrg/kc/buy/cgsh_order_operate.html HTTP/1.1" 200 3003
114.86.190.97 - - [04/May/2020:10:08:37 +0800] "GET /xingrg/javascript/easyui/plugins/jquery.parser.js HTTP/1.1" 304 -
114.86.190.97 - - [04/May/2020:10:08:37 +0800] "POST /xingrg/kc/buy/cgsh_list_operate.html HTTP/1.1" 200 5059
172.17.0.240 - - [04/May/2020:10:08:38 +0800] "GET /xingrg/all/function/internal_message.html?_=1588558118208&CODE_STATE=getMsg HTTP/1.1" 200 27
114.86.190.97 - - [04/May/2020:10:08:41 +0800] "GET /xingrg/check_reg.html?_=1588558120997 HTTP/1.1" 200 22
114.86.190.97 - - [04/May/2020:10:08:41 +0800] "GET /xingrg/all/function/internal_message.html?_=1588558121197&CODE_STATE=getMsg HTTP/1.1" 200 27
58.40.7.146 - - [04/May/2020:10:08:41 +0800] "GET /xingrg/all/function/internal_message.html?_=1588558121307&CODE_STATE=getMsg HTTP/1.1" 200 27
117.185.32.26 - - [04/May/2020:10:08:42 +0800] "GET /favicon.ico HTTP/1.1" 404 -
117.185.32.26 - - [04/May/2020:10:08:42 +0800] "GET /xingrg/system/rest/query_items.html?_=1588558116515&table=annotate&annotateTypeId=&key= HTTP/1.1" 200 21
180.161.113.183 - - [04/May/2020:10:08:42 +0800] "GET /xingrg/kc/print/load_data.html?order_code=212020050401202&kc_code=cgsh&condition= HTTP/1.1" 200 1689
117.185.32.26 - - [04/May/2020:10:08:46 +0800] "GET /xingrg/system/rest/query_items.html?_=1588558119937&table=annotate&annotateTypeId=&key=%25E9%2587%2591%25E6%25B1%25A4 HTTP/1.1" 200 21
180.162.232.172 - - [04/May/2020:10:08:46 +0800] "GET /xingrg/check_reg.html?_=1588558260577 HTTP/1.1" 200 22
180.162.232.172 - - [04/May/2020:10:08:46 +0800] "GET /xingrg/all/function/internal_message.html?_=1588558260716&CODE_STATE=getMsg HTTP/1.1" 200 27
117.185.32.26 - - [04/May/2020:10:08:47 +0800] "GET /xingrg/system/rest/query_items.html?_=1588558120892&table=annotate&annotateTypeId=9&key=%25E9%2587%2591%25E6%25B1%25A4 HTTP/1.1" 200 173
58.40.7.146 - - [04/May/2020:10:08:47 +0800] "GET /xingrg/all/function/internal_message.html?_=1588558127590&CODE_STATE=getMsg HTTP/1.1" 302 -
114.84.33.255 - - [04/May/2020:10:08:47 +0800] "GET /xingrg/kc/buy/cgsh_order_operate.html?command=get_materiel&rest_code=00146&code=00101012005&supplier_code=00100033&order_time=2020-05-04 HTTP/1.1" 200 412
180.161.113.183 - - [04/May/2020:10:08:51 +0800] "GET /xingrg/kc/buy/cgsh_order_add.html HTTP/1.1" 200 58108
117.131.5.26 - - [04/May/2020:10:08:53 +0800] "GET /xingrg/all/function/internal_message.html?_=1588558399654&CODE_STATE=getMsg HTTP/1.1" 200 27
180.161.113.183 - - [04/May/2020:10:08:53 +0800] "POST /xingrg/kc/buy/cgsh_order_operate.html HTTP/1.1" 200 8245
180.161.113.183 - - [04/May/2020:10:08:54 +0800] "GET /xingrg/javascript/easyui/themes/default/validatebox.css HTTP/1.1" 404 1104
117.185.32.26 - - [04/May/2020:10:08:54 +0800] "GET /xingrg/check_reg.html?_=1588558127969 HTTP/1.1" 200 22
222.70.183.62 - - [04/May/2020:10:08:54 +0800] "GET /xingrg/all/function/internal_message.html?_=1588558134165&CODE_STATE=getMsg HTTP/1.1" 200 27
117.185.32.26 - - [04/May/2020:10:08:54 +0800] "GET /xingrg/all/function/internal_message.html?_=1588558128035&CODE_STATE=getMsg HTTP/1.1" 200 27
180.161.113.183 - - [04/May/2020:10:08:55 +0800] "GET /xingrg/javascript/easyui/themes/default/tree.css HTTP/1.1" 404 1090
180.161.113.183 - - [04/May/2020:10:08:55 +0800] "POST /xingrg/all/common/load_tree.html?tree=supplier_tree_json&isDelete=1 HTTP/1.1" 200 47615
114.84.33.255 - - [04/May/2020:10:08:58 +0800] "GET /xingrg/kc/buy/cgsh_order_operate.html?command=get_materiel&rest_code=00146&code=00101016100&supplier_code=00100033&order_time=2020-05-04 HTTP/1.1" 200 412
172.17.0.185 - - [04/May/2020:10:08:59 +0800] "GET /xingrg/all/function/internal_message.html?_=1588558138967&CODE_STATE=getMsg HTTP/1.1" 302 -
58.221.95.50 - - [04/May/2020:10:09:00 +0800] "GET /xingrg/all/function/internal_message.html?_=1588558173403&CODE_STATE=getMsg HTTP/1.1" 200 27
114.84.151.157 - - [04/May/2020:10:09:03 +0800] "GET /xingrg/all/function/internal_message.html?_=1588558142630&CODE_STATE=getMsg HTTP/1.1" 200 27
117.185.32.26 - - [04/May/2020:10:09:05 +0800] "GET /xingrg/system/rest/query_items.html?_=1588558138969&table=annotate&annotateTypeId=9&key= HTTP/1.1" 200 5588
180.161.113.183 - - [04/May/2020:10:09:06 +0800] "GET /xingrg/kc/buy/cgsh_order_operate.html?command=get_materiel&rest_code=00102&code=00101012029&supplier_code=00100031&order_time=2020-05-04 HTTP/1.1" 200 412
180.156.150.85 - - [04/May/2020:10:09:07 +0800] "GET /xingrg/all/function/internal_message.html?_=1588558148732&CODE_STATE=getMsg HTTP/1.1" 200 27
117.185.32.26 - - [04/May/2020:10:09:08 +0800] "GET /xingrg/system/rest/query_items.html?_=1588558142106&table=annotate&annotateTypeId=9&key= HTTP/1.1" 200 5588
116.232.36.192 - - [04/May/2020:10:09:11 +0800] "POST /xingrg/services/DataTransmitService HTTP/1.1" 200 524
222.69.136.137 - - [04/May/2020:10:09:12 +0800] "GET /xingrg/all/function/internal_message.html?_=1588558150408&CODE_STATE=getMsg HTTP/1.1" 200 27
222.69.136.137 - - [04/May/2020:10:09:12 +0800] "GET /xingrg/check_reg.html?_=1588558150400 HTTP/1.1" 200 22
114.84.32.201 - - [04/May/2020:10:09:16 +0800] "GET /xingrg/all/function/internal_message.html?_=1588558156688&CODE_STATE=getMsg HTTP/1.1" 200 27
116.232.36.192 - - [04/May/2020:10:09:19 +0800] "POST /xingrg/services/DataTransmitService HTTP/1.1" 200 524
116.232.36.192 - - [04/May/2020:10:09:20 +0800] "POST /xingrg/services/DataTransmitService HTTP/1.1" 200 501
172.17.0.120 - - [04/May/2020:10:09:20 +0800] "GET /xingrg/all/function/internal_message.html?_=1588558159975&CODE_STATE=getMsg HTTP/1.1" 200 27
116.232.36.192 - - [04/May/2020:10:09:20 +0800] "POST /xingrg/services/DataTransmitService HTTP/1.1" 200 501
180.161.113.183 - - [04/May/2020:10:09:22 +0800] "GET /xingrg/kc/buy/cgsh_order_operate.html?command=get_materiel&rest_code=00102&code=00101016080&supplier_code=00100031&order_time=2020-05-04 HTTP/1.1" 200 408
116.232.36.192 - - [04/May/2020:10:09:23 +0800] "POST /xingrg/services/DataTransmitService HTTP/1.1" 200 501
117.185.32.26 - - [04/May/2020:10:09:25 +0800] "POST /xingrg/system/rest/edit_item.html HTTP/1.1" 200 4
117.185.32.26 - - [04/May/2020:10:09:25 +0800] "GET /xingrg/system/rest/get_item.html?table=menu&id=6344&_=1588558159063 HTTP/1.1" 200 938
116.232.36.192 - - [04/May/2020:10:09:25 +0800] "POST /xingrg/services/DataTransmitService HTTP/1.1" 200 501
116.232.36.192 - - [04/May/2020:10:09:26 +0800] "POST /xingrg/services/DataTransmitService HTTP/1.1" 200 501
116.232.36.192 - - [04/May/2020:10:09:26 +0800] "POST /xingrg/services/DataTransmitService HTTP/1.1" 200 501
116.232.36.192 - - [04/May/2020:10:09:26 +0800] "POST /xingrg/services/DataTransmitService HTTP/1.1" 200 501
116.232.36.192 - - [04/May/2020:10:09:26 +0800] "POST /xingrg/services/DataTransmitService HTTP/1.1" 200 501
116.232.36.192 - - [04/May/2020:10:09:27 +0800] "POST /xingrg/services/DataTransmitService HTTP/1.1" 200 501
116.232.36.192 - - [04/May/2020:10:09:27 +0800] "POST /xingrg/services/DataTransmitService HTTP/1.1" 200 501
117.185.32.26 - - [04/May/2020:10:09:27 +0800] "GET /xingrg/system/rest/query_items.html?_=1588558161359&table=menu&page=121&rows=20&sort=id&order=asc&categoryId=&key=%25E5%25A4%25A9%25E4%25BB%2599%25E9%25B1%25BC HTTP/1.1" 200 1743
172.17.0.102 - - [04/May/2020:10:09:27 +0800] "GET /xingrg/all/function/internal_message.html?_=1588558192353&CODE_STATE=getMsg HTTP/1.1" 200 27
116.232.36.192 - - [04/May/2020:10:09:29 +0800] "POST /xingrg/services/DataTransmitService HTTP/1.1" 200 412
180.161.113.183 - - [04/May/2020:10:09:30 +0800] "GET /xingrg/kc/buy/cgsh_order_operate.html?command=get_materiel&rest_code=00102&code=00101016038&supplier_code=00100031&order_time=2020-05-04 HTTP/1.1" 200 408
114.84.33.255 - - [04/May/2020:10:09:31 +0800] "GET /xingrg/all/function/internal_message.html?_=1588558172313&CODE_STATE=getMsg HTTP/1.1" 200 27
180.161.113.183 - - [04/May/2020:10:09:32 +0800] "GET /xingrg/all/function/internal_message.html?_=1588558364868&CODE_STATE=getMsg HTTP/1.1" 200 27
117.185.32.26 - - [04/May/2020:10:09:34 +0800] "GET /xingrg/system/rest/list_page.html?p=down HTTP/1.1" 200 20340
117.185.32.26 - - [04/May/2020:10:09:34 +0800] "GET /xingrg/javascript/jquery_easy_ui/themes/default/images/calendar_nextyear.gif HTTP/1.1" 304 -
117.185.32.26 - - [04/May/2020:10:09:34 +0800] "GET /xingrg/javascript/jquery_easy_ui/themes/default/images/calendar_prevmonth.gif HTTP/1.1" 304 -
117.185.32.26 - - [04/May/2020:10:09:34 +0800] "GET /xingrg/javascript/jquery_easy_ui/themes/default/images/calendar_nextmonth.gif HTTP/1.1" 304 -
117.185.32.26 - - [04/May/2020:10:09:34 +0800] "GET /xingrg/javascript/jquery_easy_ui/themes/default/images/calendar_prevyear.gif HTTP/1.1" 304 -
117.185.32.26 - - [04/May/2020:10:09:35 +0800] "GET /xingrg/system/rest/query_items.html?_=1588558168625&table=down&tcode=&key= HTTP/1.1" 200 10552
120.253.135.82 - - [04/May/2020:10:09:35 +0800] "GET /xingrg/all/function/internal_message.html?_=1588558310993&CODE_STATE=getMsg HTTP/1.1" 200 27
117.185.32.26 - - [04/May/2020:10:09:38 +0800] "GET /xingrg/system/rest/get_item.html?table=down&code=ced45f5e6c1543d0983d3a8cf4e6486c&_=1588558171983 HTTP/1.1" 200 233
117.185.32.26 - - [04/May/2020:10:09:38 +0800] "POST /xingrg/system/rest/edit_item.html HTTP/1.1" 200 3
117.185.32.26 - - [04/May/2020:10:09:38 +0800] "POST /xingrg/all/common/load_tree.html?tree=area_station_tree_json&defaultRests=1_4 HTTP/1.1" 200 2989
117.185.32.26 - - [04/May/2020:10:09:38 +0800] "GET /xingrg/javascript/jquery_easy_ui/themes/default/images/tree_checkbox_0.gif HTTP/1.1" 304 -
117.185.32.26 - - [04/May/2020:10:09:38 +0800] "GET /xingrg/javascript/jquery_easy_ui/themes/default/images/tree_checkbox_1.gif HTTP/1.1" 304 -
117.185.32.26 - - [04/May/2020:10:09:38 +0800] "GET /xingrg/javascript/jquery_easy_ui/themes/default/images/tree_checkbox_2.gif HTTP/1.1" 304 -
117.185.32.26 - - [04/May/2020:10:09:38 +0800] "GET /xingrg/javascript/jquery_easy_ui/themes/icons/area.png HTTP/1.1" 304 -
117.185.32.26 - - [04/May/2020:10:09:38 +0800] "GET /xingrg/javascript/jquery_easy_ui/themes/icons/manage.png HTTP/1.1" 304 -
117.185.32.26 - - [04/May/2020:10:09:38 +0800] "GET /xingrg/javascript/jquery_easy_ui/themes/icons/rest.png HTTP/1.1" 304 -
172.17.0.240 - - [04/May/2020:10:09:38 +0800] "GET /xingrg/all/function/internal_message.html?_=1588558178219&CODE_STATE=getMsg HTTP/1.1" 200 27
117.185.32.26 - - [04/May/2020:10:09:39 +0800] "POST /xingrg/system/rest/get_infos.html HTTP/1.1" 200 506892
180.161.113.183 - - [04/May/2020:10:09:40 +0800] "GET /xingrg/kc/buy/cgsh_order_operate.html?command=get_materiel&rest_code=00102&code=00101005037&supplier_code=00100031&order_time=2020-05-04 HTTP/1.1" 200 409
114.86.190.97 - - [04/May/2020:10:09:41 +0800] "GET /xingrg/all/function/internal_message.html?_=1588558181211&CODE_STATE=getMsg HTTP/1.1" 200 27
58.40.7.146 - - [04/May/2020:10:09:41 +0800] "GET /xingrg/all/function/internal_message.html?_=1588558181280&CODE_STATE=getMsg HTTP/1.1" 200 27
116.232.36.192 - - [04/May/2020:10:09:43 +0800] "POST /xingrg/services/DataTransmitService HTTP/1.1" 200 524
116.232.36.192 - - [04/May/2020:10:09:45 +0800] "POST /xingrg/services/DataTransmitService HTTP/1.1" 200 524
180.162.232.172 - - [04/May/2020:10:09:46 +0800] "GET /xingrg/all/function/internal_message.html?_=1588558320729&CODE_STATE=getMsg HTTP/1.1" 200 27
180.161.113.183 - - [04/May/2020:10:09:47 +0800] "GET /xingrg/kc/buy/cgsh_order_operate.html?command=get_materiel&rest_code=00102&code=00101016071&supplier_code=00100031&order_time=2020-05-04 HTTP/1.1" 200 416
58.40.7.146 - - [04/May/2020:10:09:47 +0800] "GET /xingrg/all/function/internal_message.html?_=1588558187593&CODE_STATE=getMsg HTTP/1.1" 302 -
58.40.7.146 - - [04/May/2020:10:09:47 +0800] "GET /xingrg/check_reg.html?_=1588558187594 HTTP/1.1" 302 -
117.131.5.26 - - [04/May/2020:10:09:53 +0800] "GET /xingrg/all/function/internal_message.html?_=1588558459668&CODE_STATE=getMsg HTTP/1.1" 200 27
222.70.183.62 - - [04/May/2020:10:09:54 +0800] "GET /xingrg/all/function/internal_message.html?_=1588558194274&CODE_STATE=getMsg HTTP/1.1" 200 27
114.84.33.255 - - [04/May/2020:10:09:57 +0800] "POST /xingrg/kc/buy/cgsh_order_operate.html HTTP/1.1" 200 37
114.84.33.255 - - [04/May/2020:10:09:58 +0800] "POST /xingrg/kc/buy/cgsh_order_operate.html HTTP/1.1" 200 6773
172.17.0.185 - - [04/May/2020:10:09:59 +0800] "GET /xingrg/all/function/internal_message.html?_=1588558198971&CODE_STATE=getMsg HTTP/1.1" 302 -
58.221.95.50 - - [04/May/2020:10:10:00 +0800] "GET /xingrg/all/function/internal_message.html?_=1588558233405&CODE_STATE=getMsg HTTP/1.1" 200 27
114.84.33.255 - - [04/May/2020:10:10:01 +0800] "GET /xingrg/kc/print/load_data.html?order_code=212020050401203&kc_code=cgsh&condition= HTTP/1.1" 200 2264
114.86.190.97 - - [04/May/2020:10:10:02 +0800] "POST /xingrg/kc/buy/cgsh_list_operate.html HTTP/1.1" 200 3300
114.84.151.157 - - [04/May/2020:10:10:03 +0800] "GET /xingrg/all/function/internal_message.html?_=1588558202628&CODE_STATE=getMsg HTTP/1.1" 200 27
180.156.150.85 - - [04/May/2020:10:10:07 +0800] "GET /xingrg/all/function/internal_message.html?_=1588558208709&CODE_STATE=getMsg HTTP/1.1" 200 27
117.131.5.26 - - [04/May/2020:10:10:07 +0800] "POST /xingrg/services/DataTransmitService HTTP/1.1" 200 524
117.131.5.26 - - [04/May/2020:10:10:07 +0800] "POST /xingrg/services/DataTransmitService HTTP/1.1" 200 501
117.131.5.26 - - [04/May/2020:10:10:07 +0800] "POST /xingrg/services/DataTransmitService HTTP/1.1" 200 501
117.131.5.26 - - [04/May/2020:10:10:07 +0800] "POST /xingrg/services/DataTransmitService HTTP/1.1" 200 501
117.131.5.26 - - [04/May/2020:10:10:07 +0800] "POST /xingrg/services/DataTransmitService HTTP/1.1" 200 501
117.131.5.26 - - [04/May/2020:10:10:08 +0800] "POST /xingrg/services/DataTransmitService HTTP/1.1" 200 412
180.156.150.85 - - [04/May/2020:10:10:08 +0800] "GET /xingrg/check_reg.html?_=1588558209913 HTTP/1.1" 200 22
117.185.32.26 - - [04/May/2020:10:10:08 +0800] "POST /xingrg/system/rest/edit_item.html HTTP/1.1" 200 32
117.185.32.26 - - [04/May/2020:10:10:08 +0800] "POST /xingrg/system/rest/edit_item.html HTTP/1.1" 200 -
117.185.32.26 - - [04/May/2020:10:10:08 +0800] "POST /xingrg/system/rest/edit_item.html HTTP/1.1" 200 32
117.185.32.26 - - [04/May/2020:10:10:08 +0800] "GET /xingrg/system/rest/get_item.html?table=down&code=ced45f5e6c1543d0983d3a8cf4e6486c&_=1588558202426 HTTP/1.1" 200 233
117.185.32.26 - - [04/May/2020:10:10:10 +0800] "POST /xingrg/system/rest/edit_item.html HTTP/1.1" 200 3
117.185.32.26 - - [04/May/2020:10:10:10 +0800] "POST /xingrg/all/common/load_tree.html?tree=area_station_tree_json&defaultRests=1_4 HTTP/1.1" 200 2989
117.185.32.26 - - [04/May/2020:10:10:10 +0800] "GET /xingrg/system/rest/query_items.html?_=1588558203900&table=down&tcode=&key= HTTP/1.1" 200 10552
117.185.32.26 - - [04/May/2020:10:10:10 +0800] "GET /xingrg/all/function/internal_message.html?_=1588558204535&CODE_STATE=getMsg HTTP/1.1" 200 27
117.185.32.26 - - [04/May/2020:10:10:11 +0800] "POST /xingrg/system/rest/get_infos.html HTTP/1.1" 200 506901
222.69.136.137 - - [04/May/2020:10:10:12 +0800] "GET /xingrg/all/function/internal_message.html?_=1588558210407&CODE_STATE=getMsg HTTP/1.1" 200 27
114.86.190.97 - - [04/May/2020:10:10:15 +0800] "POST /xingrg/kc/buy/cgsh_list_operate.html HTTP/1.1" 200 5059
114.84.32.201 - - [04/May/2020:10:10:16 +0800] "GET /xingrg/all/function/internal_message.html?_=1588558216667&CODE_STATE=getMsg HTTP/1.1" 200 27
114.84.33.255 - - [04/May/2020:10:10:19 +0800] "GET /xingrg/kc/buy/cgsh_order_add.html HTTP/1.1" 200 58202
114.84.33.255 - - [04/May/2020:10:10:19 +0800] "POST /xingrg/kc/buy/cgsh_order_operate.html HTTP/1.1" 200 8245
114.84.33.255 - - [04/May/2020:10:10:19 +0800] "GET /xingrg/javascript/easyui/themes/default/validatebox.css HTTP/1.1" 404 1104
172.17.0.120 - - [04/May/2020:10:10:20 +0800] "GET /xingrg/all/function/internal_message.html?_=1588558219977&CODE_STATE=getMsg HTTP/1.1" 200 27
172.17.0.102 - - [04/May/2020:10:10:27 +0800] "GET /xingrg/all/function/internal_message.html?_=1588558252354&CODE_STATE=getMsg HTTP/1.1" 200 27
114.84.33.255 - - [04/May/2020:10:10:31 +0800] "GET /xingrg/all/function/internal_message.html?_=1588558232326&CODE_STATE=getMsg HTTP/1.1" 200 27
