222.69.136.137 - - [04/May/2020:08:57:55 +0800] "GET /xingrg/kc/buy/cgsh_order_operate.html?command=get_materiel&rest_code=00149&code=00101008005&supplier_code=00100005&order_time=2020-05-04 HTTP/1.1" 200 412
116.228.172.94 - - [04/May/2020:08:57:56 +0800] "GET /xingrg/check_reg.html?_=1588553094187 HTTP/1.1" 200 22
116.228.172.94 - - [04/May/2020:08:57:56 +0800] "GET /xingrg/all/function/internal_message.html?_=1588553094250&CODE_STATE=getMsg HTTP/1.1" 200 27
120.253.135.82 - - [04/May/2020:08:57:59 +0800] "GET /xingrg/javascript/easyui/plugins/jquery.draggable.js HTTP/1.1" 200 6121
120.253.135.82 - - [04/May/2020:08:57:59 +0800] "GET /xingrg/css/images/panel_loading.gif HTTP/1.1" 200 1737
120.253.135.82 - - [04/May/2020:08:57:59 +0800] "GET /xingrg/javascript/easyui/plugins/jquery.droppable.js HTTP/1.1" 200 1167
120.253.135.82 - - [04/May/2020:08:57:59 +0800] "GET /xingrg/javascript/easyui/themes/default/tree.css HTTP/1.1" 404 1090
120.253.135.82 - - [04/May/2020:08:57:59 +0800] "GET /xingrg/javascript/easyui/plugins/jquery.tree.js HTTP/1.1" 200 20874
120.253.135.82 - - [04/May/2020:08:57:59 +0800] "POST /xingrg/all/common/load_tree.html?tree=area_rest_tree_json&only_rest=1 HTTP/1.1" 200 2967
120.253.135.82 - - [04/May/2020:08:57:59 +0800] "GET /xingrg/javascript/easyui/themes/default/images/tree_arrows.gif HTTP/1.1" 200 617
120.253.135.82 - - [04/May/2020:08:57:59 +0800] "GET /xingrg/javascript/easyui/themes/default/images/tree_folder_open.gif HTTP/1.1" 200 956
120.253.135.82 - - [04/May/2020:08:57:59 +0800] "GET /xingrg/javascript/easyui/themes/icons/area.png HTTP/1.1" 200 262
120.253.135.82 - - [04/May/2020:08:57:59 +0800] "GET /xingrg/javascript/easyui/themes/icons/rest.png HTTP/1.1" 200 695
172.17.0.185 - - [04/May/2020:08:57:59 +0800] "GET /xingrg/all/function/internal_message.html?_=1588553878960&CODE_STATE=getMsg HTTP/1.1" 302 -
172.17.0.185 - - [04/May/2020:08:57:59 +0800] "GET /xingrg/check_reg.html?_=1588553878965 HTTP/1.1" 302 -
180.156.150.85 - - [04/May/2020:08:58:00 +0800] "GET /xingrg/kc/buy/cgsh_order_operate.html?command=get_materiel&rest_code=00105&code=00101008331&supplier_code=00100203&order_time=2020-05-04 HTTP/1.1" 200 416
58.40.7.146 - - [04/May/2020:08:58:01 +0800] "GET /xingrg/check_reg.html?_=1588553881702 HTTP/1.1" 200 22
180.162.232.172 - - [04/May/2020:08:58:03 +0800] "GET /xingrg/kc/buy/cgsh_order_operate.html?command=get_materiel&rest_code=00150&code=00101007071&supplier_code=00100002&order_time=2020-05-04 HTTP/1.1" 200 417
180.156.150.85 - - [04/May/2020:08:58:07 +0800] "GET /xingrg/kc/buy/cgsh_order_operate.html?command=get_materiel&rest_code=00105&code=00101008350&supplier_code=00100203&order_time=2020-05-04 HTTP/1.1" 200 408
180.156.150.85 - - [04/May/2020:08:58:09 +0800] "GET /xingrg/all/function/internal_message.html?_=1588553890507&CODE_STATE=getMsg HTTP/1.1" 200 27
222.69.136.137 - - [04/May/2020:08:58:11 +0800] "GET /xingrg/all/function/internal_message.html?_=1588553890303&CODE_STATE=getMsg HTTP/1.1" 200 27
120.253.135.82 - - [04/May/2020:08:58:13 +0800] "POST /xingrg/all/common/load_combo.html?type=base HTTP/1.1" 200 899
180.162.232.172 - - [04/May/2020:08:58:15 +0800] "POST /xingrg/kc/buy/cgsh_order_operate.html HTTP/1.1" 200 37
180.162.232.172 - - [04/May/2020:08:58:17 +0800] "POST /xingrg/kc/buy/cgsh_order_operate.html HTTP/1.1" 200 12
120.253.135.82 - - [04/May/2020:08:58:19 +0800] "GET /xingrg/javascript/auto/indicator.gif HTTP/1.1" 404 1066
180.162.232.172 - - [04/May/2020:08:58:19 +0800] "GET /xingrg/kc/buy/cgsh_order_info.html?code=212020050401155 HTTP/1.1" 200 53038
180.162.232.172 - - [04/May/2020:08:58:20 +0800] "GET /xingrg/javascript/easyui/themes/default/validatebox.css HTTP/1.1" 404 1104
180.162.232.172 - - [04/May/2020:08:58:20 +0800] "POST /xingrg/kc/buy/cgsh_order_operate.html HTTP/1.1" 200 611
180.156.150.85 - - [04/May/2020:08:58:21 +0800] "GET /xingrg/kc/buy/cgsh_order_operate.html?command=get_materiel&rest_code=00105&code=00101008221&supplier_code=00100203&order_time=2020-05-04 HTTP/1.1" 200 412
116.228.172.94 - - [04/May/2020:08:58:22 +0800] "GET /xingrg/kc/buy/cgsh_order_operate.html?command=get_materiel&rest_code=00107&code=00101012025&supplier_code=00100033&order_time=2020-05-04 HTTP/1.1" 200 412
180.162.232.172 - - [04/May/2020:08:58:22 +0800] "GET /xingrg/kc/print/load_config.html?kc_code=cgsh HTTP/1.1" 200 1845
180.162.232.172 - - [04/May/2020:08:58:22 +0800] "GET /xingrg/kc/print/load_data.html?order_code=212020050401155&kc_code=cgsh&condition= HTTP/1.1" 200 803
180.162.232.172 - - [04/May/2020:08:58:26 +0800] "GET /xingrg/all/function/internal_message.html?_=1588554040967&CODE_STATE=getMsg HTTP/1.1" 200 27
114.84.33.255 - - [04/May/2020:08:58:27 +0800] "GET /xingrg/all/function/internal_message.html?_=1588553908482&CODE_STATE=getMsg HTTP/1.1" 200 27
180.156.150.85 - - [04/May/2020:08:58:27 +0800] "GET /xingrg/kc/buy/cgsh_order_operate.html?command=get_materiel&rest_code=00105&code=00101008163&supplier_code=00100203&order_time=2020-05-04 HTTP/1.1" 200 408
180.162.232.172 - - [04/May/2020:08:58:32 +0800] "GET /xingrg/check_reg.html?_=1588553914171 HTTP/1.1" 200 22
180.162.232.172 - - [04/May/2020:08:58:32 +0800] "GET /xingrg/all/function/internal_message.html?_=1588553914176&CODE_STATE=getMsg HTTP/1.1" 200 27
120.253.135.82 - - [04/May/2020:08:58:34 +0800] "GET /xingrg/all/function/internal_message.html?_=1588554049923&CODE_STATE=getMsg HTTP/1.1" 200 27
180.156.150.85 - - [04/May/2020:08:58:35 +0800] "GET /xingrg/kc/buy/cgsh_order_operate.html?command=get_materiel&rest_code=00105&code=00101008355&supplier_code=00100203&order_time=2020-05-04 HTTP/1.1" 200 408
117.131.5.26 - - [04/May/2020:08:58:36 +0800] "GET /xingrg/check_reg.html?_=1588554183000 HTTP/1.1" 200 22
116.228.172.94 - - [04/May/2020:08:58:36 +0800] "GET /xingrg/kc/buy/cgsh_order_operate.html?command=get_materiel&rest_code=00107&code=00101020005&supplier_code=00100033&order_time=2020-05-04 HTTP/1.1" 200 409
172.17.0.240 - - [04/May/2020:08:58:38 +0800] "GET /xingrg/all/function/internal_message.html?_=1588553918207&CODE_STATE=getMsg HTTP/1.1" 200 27
222.69.136.137 - - [04/May/2020:08:58:39 +0800] "GET /xingrg/kc/buy/cgsh_order_operate.html?command=get_materiel&rest_code=00149&code=00101008353&supplier_code=00100005&order_time=2020-05-04 HTTP/1.1" 200 408
180.156.150.85 - - [04/May/2020:08:58:42 +0800] "GET /xingrg/kc/buy/cgsh_order_operate.html?command=get_materiel&rest_code=00105&code=00101008264&supplier_code=00100203&order_time=2020-05-04 HTTP/1.1" 200 412
58.40.7.146 - - [04/May/2020:08:58:43 +0800] "GET /xingrg/all/function/internal_message.html?_=1588553923126&CODE_STATE=getMsg HTTP/1.1" 200 27
120.253.135.82 - - [04/May/2020:08:58:46 +0800] "GET /xingrg/kc/pszx/mdps_order_operate.html?command=get_materiel&pszx_code=00101&rest_code=00153&base_code=0010250&code=00102002692 HTTP/1.1" 200 405
116.228.172.94 - - [04/May/2020:08:58:46 +0800] "GET /xingrg/kc/buy/cgsh_order_operate.html?command=get_materiel&rest_code=00107&code=00101016080&supplier_code=00100033&order_time=2020-05-04 HTTP/1.1" 200 408
58.40.7.146 - - [04/May/2020:08:58:47 +0800] "GET /xingrg/all/function/internal_message.html?_=1588553927526&CODE_STATE=getMsg HTTP/1.1" 302 -
180.156.150.85 - - [04/May/2020:08:58:50 +0800] "GET /xingrg/kc/buy/cgsh_order_operate.html?command=get_materiel&rest_code=00105&code=00101008356&supplier_code=00100203&order_time=2020-05-04 HTTP/1.1" 200 408
222.70.183.62 - - [04/May/2020:08:58:51 +0800] "GET /xingrg/all/function/internal_message.html?_=1588553930921&CODE_STATE=getMsg HTTP/1.1" 200 27
117.131.5.26 - - [04/May/2020:08:58:51 +0800] "GET /xingrg/all/function/internal_message.html?_=1588554198297&CODE_STATE=getMsg HTTP/1.1" 200 27
101.85.52.41 - - [04/May/2020:08:58:54 +0800] "GET /xingrg/all/function/internal_message.html?_=1588553484163&CODE_STATE=getMsg HTTP/1.1" 200 27
116.228.172.94 - - [04/May/2020:08:58:54 +0800] "POST /xingrg/kc/buy/cgsh_order_operate.html HTTP/1.1" 200 37
222.70.183.62 - - [04/May/2020:08:58:55 +0800] "GET /xingrg/all/function/internal_message.html?_=1588554274371&CODE_STATE=getMsg HTTP/1.1" 200 27
180.156.150.85 - - [04/May/2020:08:58:56 +0800] "GET /xingrg/kc/buy/cgsh_order_operate.html?command=get_materiel&rest_code=00105&code=00101008362&supplier_code=00100203&order_time=2020-05-04 HTTP/1.1" 200 408
116.228.172.94 - - [04/May/2020:08:58:56 +0800] "POST /xingrg/kc/buy/cgsh_order_operate.html HTTP/1.1" 200 5014
116.228.172.94 - - [04/May/2020:08:58:56 +0800] "GET /xingrg/all/function/internal_message.html?_=1588553154255&CODE_STATE=getMsg HTTP/1.1" 200 27
116.228.172.94 - - [04/May/2020:08:58:57 +0800] "GET /xingrg/kc/print/load_config.html?kc_code=cgsh HTTP/1.1" 200 1845
116.228.172.94 - - [04/May/2020:08:58:57 +0800] "GET /xingrg/kc/print/load_data.html?order_code=212020050401156&kc_code=cgsh&condition= HTTP/1.1" 200 1609
172.17.0.185 - - [04/May/2020:08:58:59 +0800] "GET /xingrg/all/function/internal_message.html?_=1588553938966&CODE_STATE=getMsg HTTP/1.1" 302 -
180.156.150.85 - - [04/May/2020:08:59:02 +0800] "GET /xingrg/kc/buy/cgsh_order_operate.html?command=get_materiel&rest_code=00105&code=00101008357&supplier_code=00100203&order_time=2020-05-04 HTTP/1.1" 200 408
116.228.172.94 - - [04/May/2020:08:59:04 +0800] "GET /xingrg/kc/buy/cgsh_order_add.html HTTP/1.1" 200 58249
116.228.172.94 - - [04/May/2020:08:59:04 +0800] "GET /xingrg/javascript/jquery_easy_ui/themes/icons/area.png HTTP/1.1" 304 -
116.228.172.94 - - [04/May/2020:08:59:04 +0800] "GET /xingrg/javascript/jquery_easy_ui/themes/icons/rest.png HTTP/1.1" 304 -
180.156.150.85 - - [04/May/2020:08:59:04 +0800] "GET /xingrg/system/info/materiel_import.html?isSelect=1&singleSelect=false HTTP/1.1" 200 5600
116.228.172.94 - - [04/May/2020:08:59:04 +0800] "POST /xingrg/kc/buy/cgsh_order_operate.html HTTP/1.1" 200 8245
180.156.150.85 - - [04/May/2020:08:59:05 +0800] "GET /favicon.ico HTTP/1.1" 404 -
180.156.150.85 - - [04/May/2020:08:59:05 +0800] "POST /xingrg/all/common/load_tree.html?tree=materiel_sort_tree_json HTTP/1.1" 200 8666
116.228.172.94 - - [04/May/2020:08:59:05 +0800] "GET /xingrg/javascript/easyui/themes/default/validatebox.css HTTP/1.1" 404 1104
101.85.52.41 - - [04/May/2020:08:59:07 +0800] "GET /xingrg/check_reg.html?_=1588553497205 HTTP/1.1" 200 22
180.156.150.85 - - [04/May/2020:08:59:09 +0800] "GET /xingrg/all/function/internal_message.html?_=1588553950477&CODE_STATE=getMsg HTTP/1.1" 200 27
222.69.136.137 - - [04/May/2020:08:59:11 +0800] "GET /xingrg/check_reg.html?_=1588553950316 HTTP/1.1" 200 22
222.69.136.137 - - [04/May/2020:08:59:11 +0800] "GET /xingrg/all/function/internal_message.html?_=1588553950344&CODE_STATE=getMsg HTTP/1.1" 200 27
222.69.136.137 - - [04/May/2020:08:59:13 +0800] "POST /xingrg/kc/buy/cgsh_order_operate.html HTTP/1.1" 200 2065
180.156.150.85 - - [04/May/2020:08:59:13 +0800] "GET /xingrg/kc/buy/cgsh_order_operate.html?command=get_materiel&rest_code=00105&code=00101008036&supplier_code=00100203&order_time=2020-05-04 HTTP/1.1" 200 408
116.228.172.94 - - [04/May/2020:08:59:15 +0800] "GET /xingrg/kc/buy/cgsh_order_operate.html?command=get_materiel&rest_code=00107&code=00101007061&supplier_code=00100002&order_time=2020-05-04 HTTP/1.1" 200 409
114.84.33.255 - - [04/May/2020:08:59:17 +0800] "GET /xingrg/kc/buy/cgsh_order_add.html HTTP/1.1" 200 58202
114.84.33.255 - - [04/May/2020:08:59:17 +0800] "POST /xingrg/kc/buy/cgsh_order_operate.html HTTP/1.1" 200 8245
114.84.33.255 - - [04/May/2020:08:59:17 +0800] "GET /xingrg/javascript/easyui/themes/default/validatebox.css HTTP/1.1" 404 1104
180.156.150.85 - - [04/May/2020:08:59:18 +0800] "GET /xingrg/kc/buy/cgsh_order_operate.html?command=get_materiel&rest_code=00105&code=00101008286&supplier_code=00100203&order_time=2020-05-04 HTTP/1.1" 200 408
222.69.136.137 - - [04/May/2020:08:59:20 +0800] "GET /xingrg/kc/buy/cgsh_order_operate.html?command=get_materiel&rest_code=00149&code=00101008213&supplier_code=00100005&order_time=2020-05-04 HTTP/1.1" 200 412
180.162.232.172 - - [04/May/2020:08:59:26 +0800] "GET /xingrg/all/function/internal_message.html?_=1588554100993&CODE_STATE=getMsg HTTP/1.1" 200 27
116.228.172.94 - - [04/May/2020:08:59:26 +0800] "POST /xingrg/kc/buy/cgsh_order_operate.html HTTP/1.1" 200 37
114.84.33.255 - - [04/May/2020:08:59:27 +0800] "GET /xingrg/all/function/internal_message.html?_=1588553968492&CODE_STATE=getMsg HTTP/1.1" 200 27
116.228.172.94 - - [04/May/2020:08:59:27 +0800] "POST /xingrg/kc/buy/cgsh_order_operate.html HTTP/1.1" 200 2653
116.228.172.94 - - [04/May/2020:08:59:29 +0800] "GET /xingrg/kc/print/load_data.html?order_code=212020050401157&kc_code=cgsh&condition= HTTP/1.1" 200 751
180.162.232.172 - - [04/May/2020:08:59:32 +0800] "GET /xingrg/all/function/internal_message.html?_=1588553974178&CODE_STATE=getMsg HTTP/1.1" 200 27
120.253.135.82 - - [04/May/2020:08:59:34 +0800] "GET /xingrg/all/function/internal_message.html?_=1588554109928&CODE_STATE=getMsg HTTP/1.1" 200 27
116.228.172.94 - - [04/May/2020:08:59:35 +0800] "GET /xingrg/kc/buy/cgsh_order_add.html HTTP/1.1" 200 58249
116.228.172.94 - - [04/May/2020:08:59:36 +0800] "POST /xingrg/kc/buy/cgsh_order_operate.html HTTP/1.1" 200 8245
116.228.172.94 - - [04/May/2020:08:59:36 +0800] "GET /xingrg/javascript/easyui/themes/default/validatebox.css HTTP/1.1" 404 1104
172.17.0.240 - - [04/May/2020:08:59:38 +0800] "GET /xingrg/all/function/internal_message.html?_=1588553978210&CODE_STATE=getMsg HTTP/1.1" 200 27
120.253.135.82 - - [04/May/2020:08:59:42 +0800] "GET /xingrg/kc/pszx/mdps_order_operate.html?command=get_materiel&pszx_code=00101&rest_code=00153&base_code=0010250&code=00102002768 HTTP/1.1" 200 433
58.40.7.146 - - [04/May/2020:08:59:43 +0800] "GET /xingrg/all/function/internal_message.html?_=1588553983113&CODE_STATE=getMsg HTTP/1.1" 200 27
116.228.172.94 - - [04/May/2020:08:59:44 +0800] "GET /xingrg/kc/buy/cgsh_order_operate.html?command=get_materiel&rest_code=00107&code=00101006109&supplier_code=00100010&order_time=2020-05-04 HTTP/1.1" 200 409
58.40.7.146 - - [04/May/2020:08:59:47 +0800] "GET /xingrg/all/function/internal_message.html?_=1588553987528&CODE_STATE=getMsg HTTP/1.1" 302 -
58.40.7.146 - - [04/May/2020:08:59:47 +0800] "GET /xingrg/check_reg.html?_=1588553987530 HTTP/1.1" 302 -
222.70.183.62 - - [04/May/2020:08:59:51 +0800] "GET /xingrg/all/function/internal_message.html?_=1588553991023&CODE_STATE=getMsg HTTP/1.1" 200 27
117.131.5.26 - - [04/May/2020:08:59:51 +0800] "GET /xingrg/all/function/internal_message.html?_=1588554258312&CODE_STATE=getMsg HTTP/1.1" 200 27
180.156.150.85 - - [04/May/2020:08:59:52 +0800] "POST /xingrg/kc/buy/cgsh_order_operate.html HTTP/1.1" 200 2065
101.85.52.41 - - [04/May/2020:08:59:54 +0800] "GET /xingrg/all/function/internal_message.html?_=1588553544147&CODE_STATE=getMsg HTTP/1.1" 200 27
180.156.150.85 - - [04/May/2020:08:59:54 +0800] "POST /xingrg/kc/buy/cgsh_order_operate.html HTTP/1.1" 200 2065
222.70.183.62 - - [04/May/2020:08:59:55 +0800] "GET /xingrg/all/function/internal_message.html?_=1588554334383&CODE_STATE=getMsg HTTP/1.1" 200 27
116.228.172.94 - - [04/May/2020:08:59:56 +0800] "GET /xingrg/kc/buy/cgsh_order_operate.html?command=get_materiel&rest_code=00107&code=00101006110&supplier_code=00100010&order_time=2020-05-04 HTTP/1.1" 200 408
116.228.172.94 - - [04/May/2020:08:59:56 +0800] "GET /xingrg/all/function/internal_message.html?_=1588553214282&CODE_STATE=getMsg HTTP/1.1" 200 27
120.253.135.82 - - [04/May/2020:08:59:58 +0800] "POST /xingrg/kc/pszx/mdps_order_operate.html HTTP/1.1" 200 37
120.253.135.82 - - [04/May/2020:08:59:59 +0800] "GET /xingrg/kc/pszx/mdps_order_info.html?code=312020050400075 HTTP/1.1" 200 23847
120.253.135.82 - - [04/May/2020:08:59:59 +0800] "POST /xingrg/kc/pszx/mdps_order_operate.html HTTP/1.1" 200 2298
120.253.135.82 - - [04/May/2020:08:59:59 +0800] "GET /xingrg/javascript/easyui/themes/default/validatebox.css HTTP/1.1" 404 1104
172.17.0.185 - - [04/May/2020:08:59:59 +0800] "GET /xingrg/all/function/internal_message.html?_=1588553998973&CODE_STATE=getMsg HTTP/1.1" 302 -
180.156.150.85 - - [04/May/2020:09:00:01 +0800] "GET /xingrg/kc/buy/cgsh_order_operate.html?command=get_materiel&rest_code=00105&code=00101008131&supplier_code=00100203&order_time=2020-05-04 HTTP/1.1" 200 408
222.69.136.137 - - [04/May/2020:09:00:02 +0800] "GET /xingrg/kc/buy/cgsh_order_operate.html?command=get_materiel&rest_code=00149&code=00101019224&supplier_code=00100005&order_time=2020-05-04 HTTP/1.1" 200 408
180.156.150.85 - - [04/May/2020:09:00:03 +0800] "GET /xingrg/system/info/materiel_import.html?isSelect=1&singleSelect=false HTTP/1.1" 200 5600
180.156.150.85 - - [04/May/2020:09:00:04 +0800] "POST /xingrg/all/common/load_tree.html?tree=materiel_sort_tree_json HTTP/1.1" 200 8666
180.156.150.85 - - [04/May/2020:09:00:04 +0800] "GET /favicon.ico HTTP/1.1" 404 -
180.156.150.85 - - [04/May/2020:09:00:08 +0800] "GET /xingrg/check_reg.html?_=1588554009905 HTTP/1.1" 200 22
180.156.150.85 - - [04/May/2020:09:00:09 +0800] "GET /xingrg/all/function/internal_message.html?_=1588554010459&CODE_STATE=getMsg HTTP/1.1" 200 27
116.228.172.94 - - [04/May/2020:09:00:10 +0800] "GET /xingrg/kc/buy/cgsh_order_operate.html?command=get_materiel&rest_code=00107&code=00101006111&supplier_code=00100010&order_time=2020-05-04 HTTP/1.1" 200 409
222.69.136.137 - - [04/May/2020:09:00:11 +0800] "GET /xingrg/all/function/internal_message.html?_=1588554010328&CODE_STATE=getMsg HTTP/1.1" 200 27
180.156.150.85 - - [04/May/2020:09:00:13 +0800] "GET /xingrg/kc/buy/cgsh_order_operate.html?command=get_materiel&rest_code=00105&code=00101008108&supplier_code=00100203&order_time=2020-05-04 HTTP/1.1" 200 412
116.228.172.94 - - [04/May/2020:09:00:17 +0800] "GET /xingrg/kc/buy/cgsh_order_operate.html?command=get_materiel&rest_code=00107&code=00101006065&supplier_code=00100010&order_time=2020-05-04 HTTP/1.1" 200 409
180.156.150.85 - - [04/May/2020:09:00:18 +0800] "GET /xingrg/kc/buy/cgsh_order_operate.html?command=get_materiel&rest_code=00105&code=00101008318&supplier_code=00100203&order_time=2020-05-04 HTTP/1.1" 200 408
180.156.150.85 - - [04/May/2020:09:00:23 +0800] "GET /xingrg/kc/buy/cgsh_order_operate.html?command=get_materiel&rest_code=00105&code=00101008098&supplier_code=00100203&order_time=2020-05-04 HTTP/1.1" 200 412
180.162.232.172 - - [04/May/2020:09:00:26 +0800] "GET /xingrg/all/function/internal_message.html?_=1588554161009&CODE_STATE=getMsg HTTP/1.1" 200 27
114.84.33.255 - - [04/May/2020:09:00:27 +0800] "GET /xingrg/all/function/internal_message.html?_=1588554028506&CODE_STATE=getMsg HTTP/1.1" 200 27
120.253.135.82 - - [04/May/2020:09:00:28 +0800] "GET /xingrg/kc/pszx/mdps_order_operate.html?command=get_materiel&pszx_code=00101&rest_code=00153&base_code=0010250&code=00102021003 HTTP/1.1" 200 428
180.162.232.172 - - [04/May/2020:09:00:32 +0800] "GET /xingrg/all/function/internal_message.html?_=1588554034180&CODE_STATE=getMsg HTTP/1.1" 200 27
120.253.135.82 - - [04/May/2020:09:00:33 +0800] "GET /xingrg/check_reg.html?_=1588554169014 HTTP/1.1" 200 22
120.253.135.82 - - [04/May/2020:09:00:34 +0800] "GET /xingrg/all/function/internal_message.html?_=1588554169942&CODE_STATE=getMsg HTTP/1.1" 200 27
120.253.135.82 - - [04/May/2020:09:00:37 +0800] "POST /xingrg/kc/pszx/mdps_order_operate.html HTTP/1.1" 200 37
120.253.135.82 - - [04/May/2020:09:00:38 +0800] "GET /xingrg/kc/pszx/mdps_order_info.html?code=312020050400075 HTTP/1.1" 200 23847
120.253.135.82 - - [04/May/2020:09:00:38 +0800] "GET /xingrg/javascript/easyui/themes/default/validatebox.css HTTP/1.1" 404 1104
120.253.135.82 - - [04/May/2020:09:00:38 +0800] "POST /xingrg/kc/pszx/mdps_order_operate.html HTTP/1.1" 200 2298
172.17.0.240 - - [04/May/2020:09:00:38 +0800] "GET /xingrg/all/function/internal_message.html?_=1588554038211&CODE_STATE=getMsg HTTP/1.1" 200 27
180.156.150.85 - - [04/May/2020:09:00:39 +0800] "GET /xingrg/kc/buy/cgsh_order_operate.html?command=get_materiel&rest_code=00105&code=00101008271&supplier_code=00100203&order_time=2020-05-04 HTTP/1.1" 200 408
120.253.135.82 - - [04/May/2020:09:00:40 +0800] "GET /xingrg/kc/print/load_config.html?kc_code=mdps HTTP/1.1" 200 2396
120.253.135.82 - - [04/May/2020:09:00:40 +0800] "GET /xingrg/kc/print/load_data.html?order_code=312020050400075&kc_code=mdps&condition= HTTP/1.1" 200 695
58.40.7.146 - - [04/May/2020:09:00:43 +0800] "GET /xingrg/all/function/internal_message.html?_=1588554043084&CODE_STATE=getMsg HTTP/1.1" 200 27
116.228.172.94 - - [04/May/2020:09:00:44 +0800] "POST /xingrg/kc/buy/cgsh_order_operate.html HTTP/1.1" 200 37
116.228.172.94 - - [04/May/2020:09:00:45 +0800] "POST /xingrg/kc/buy/cgsh_order_operate.html HTTP/1.1" 200 5015
116.228.172.94 - - [04/May/2020:09:00:46 +0800] "GET /xingrg/kc/print/load_data.html?order_code=212020050401158&kc_code=cgsh&condition= HTTP/1.1" 200 1623
58.40.7.146 - - [04/May/2020:09:00:47 +0800] "GET /xingrg/all/function/internal_message.html?_=1588554047533&CODE_STATE=getMsg HTTP/1.1" 302 -
180.156.150.85 - - [04/May/2020:09:00:47 +0800] "GET /xingrg/kc/buy/cgsh_order_operate.html?command=get_materiel&rest_code=00105&code=00101008105&supplier_code=00100203&order_time=2020-05-04 HTTP/1.1" 200 412
222.70.183.62 - - [04/May/2020:09:00:51 +0800] "GET /xingrg/all/function/internal_message.html?_=1588554051024&CODE_STATE=getMsg HTTP/1.1" 200 27
117.131.5.26 - - [04/May/2020:09:00:51 +0800] "GET /xingrg/all/function/internal_message.html?_=1588554318338&CODE_STATE=getMsg HTTP/1.1" 200 27
180.156.150.85 - - [04/May/2020:09:00:53 +0800] "GET /xingrg/kc/buy/cgsh_order_operate.html?command=get_materiel&rest_code=00105&code=00101008119&supplier_code=00100203&order_time=2020-05-04 HTTP/1.1" 200 412
101.85.52.41 - - [04/May/2020:09:00:54 +0800] "GET /xingrg/all/function/internal_message.html?_=1588553604133&CODE_STATE=getMsg HTTP/1.1" 200 27
222.70.183.62 - - [04/May/2020:09:00:55 +0800] "GET /xingrg/all/function/internal_message.html?_=1588554394374&CODE_STATE=getMsg HTTP/1.1" 200 27
116.228.172.94 - - [04/May/2020:09:00:56 +0800] "GET /xingrg/all/function/internal_message.html?_=1588553274293&CODE_STATE=getMsg HTTP/1.1" 200 27
172.17.0.185 - - [04/May/2020:09:00:59 +0800] "GET /xingrg/all/function/internal_message.html?_=1588554058962&CODE_STATE=getMsg HTTP/1.1" 302 -
180.156.150.85 - - [04/May/2020:09:01:02 +0800] "GET /xingrg/kc/buy/cgsh_order_operate.html?command=get_materiel&rest_code=00105&code=00101008185&supplier_code=00100203&order_time=2020-05-04 HTTP/1.1" 200 408
180.156.150.85 - - [04/May/2020:09:01:09 +0800] "GET /xingrg/all/function/internal_message.html?_=1588554070431&CODE_STATE=getMsg HTTP/1.1" 200 27
222.69.136.137 - - [04/May/2020:09:01:11 +0800] "GET /xingrg/all/function/internal_message.html?_=1588554070307&CODE_STATE=getMsg HTTP/1.1" 200 27
180.156.150.85 - - [04/May/2020:09:01:17 +0800] "GET /xingrg/kc/buy/cgsh_order_operate.html?command=get_materiel&rest_code=00105&code=00101015074&supplier_code=00100203&order_time=2020-05-04 HTTP/1.1" 200 408
180.162.232.172 - - [04/May/2020:09:01:26 +0800] "GET /xingrg/all/function/internal_message.html?_=1588554221034&CODE_STATE=getMsg HTTP/1.1" 200 27
114.84.33.255 - - [04/May/2020:09:01:27 +0800] "GET /xingrg/all/function/internal_message.html?_=1588554088690&CODE_STATE=getMsg HTTP/1.1" 200 27
180.156.150.85 - - [04/May/2020:09:01:32 +0800] "GET /xingrg/kc/buy/cgsh_order_operate.html?command=get_materiel&rest_code=00105&code=00101001061&supplier_code=00100203&order_time=2020-05-04 HTTP/1.1" 200 417
180.162.232.172 - - [04/May/2020:09:01:32 +0800] "GET /xingrg/all/function/internal_message.html?_=1588554094167&CODE_STATE=getMsg HTTP/1.1" 200 27
120.253.135.82 - - [04/May/2020:09:01:34 +0800] "GET /xingrg/all/function/internal_message.html?_=1588554229955&CODE_STATE=getMsg HTTP/1.1" 200 27
172.17.0.240 - - [04/May/2020:09:01:38 +0800] "GET /xingrg/all/function/internal_message.html?_=1588554098213&CODE_STATE=getMsg HTTP/1.1" 200 27
116.232.36.192 - - [04/May/2020:09:01:40 +0800] "POST /xingrg/services/DataTransmitService HTTP/1.1" 200 524
58.40.7.146 - - [04/May/2020:09:01:43 +0800] "GET /xingrg/all/function/internal_message.html?_=1588554103071&CODE_STATE=getMsg HTTP/1.1" 200 27
58.40.7.146 - - [04/May/2020:09:01:47 +0800] "GET /xingrg/all/function/internal_message.html?_=1588554107533&CODE_STATE=getMsg HTTP/1.1" 302 -
222.70.183.62 - - [04/May/2020:09:01:51 +0800] "GET /xingrg/all/function/internal_message.html?_=1588554111119&CODE_STATE=getMsg HTTP/1.1" 200 27
117.131.5.26 - - [04/May/2020:09:01:51 +0800] "GET /xingrg/all/function/internal_message.html?_=1588554378338&CODE_STATE=getMsg HTTP/1.1" 200 27
101.85.52.41 - - [04/May/2020:09:01:54 +0800] "GET /xingrg/all/function/internal_message.html?_=1588553664115&CODE_STATE=getMsg HTTP/1.1" 200 27
222.70.183.62 - - [04/May/2020:09:01:55 +0800] "GET /xingrg/check_reg.html?_=1588554454383 HTTP/1.1" 200 22
222.70.183.62 - - [04/May/2020:09:01:55 +0800] "GET /xingrg/all/function/internal_message.html?_=1588554454382&CODE_STATE=getMsg HTTP/1.1" 200 27
116.228.172.94 - - [04/May/2020:09:01:56 +0800] "GET /xingrg/all/function/internal_message.html?_=1588553334413&CODE_STATE=getMsg HTTP/1.1" 200 27
172.17.0.185 - - [04/May/2020:09:01:59 +0800] "GET /xingrg/all/function/internal_message.html?_=1588554118967&CODE_STATE=getMsg HTTP/1.1" 302 -
180.156.150.85 - - [04/May/2020:09:02:01 +0800] "GET /xingrg/kc/buy/cgsh_order_operate.html?command=get_materiel&rest_code=00105&code=00101005037&supplier_code=00100203&order_time=2020-05-04 HTTP/1.1" 200 409
222.70.183.62 - - [04/May/2020:09:02:08 +0800] "GET /xingrg/check_reg.html?_=1588554128812 HTTP/1.1" 200 22
180.156.150.85 - - [04/May/2020:09:02:09 +0800] "GET /xingrg/all/function/internal_message.html?_=1588554130491&CODE_STATE=getMsg HTTP/1.1" 200 27
180.156.150.85 - - [04/May/2020:09:02:11 +0800] "GET /xingrg/kc/buy/cgsh_order_operate.html?command=get_materiel&rest_code=00105&code=00101008261&supplier_code=00100203&order_time=2020-05-04 HTTP/1.1" 200 408
222.69.136.137 - - [04/May/2020:09:02:11 +0800] "GET /xingrg/all/function/internal_message.html?_=1588554130301&CODE_STATE=getMsg HTTP/1.1" 200 27
180.156.150.85 - - [04/May/2020:09:02:15 +0800] "POST /xingrg/kc/buy/cgsh_order_operate.html HTTP/1.1" 200 2065
180.156.150.85 - - [04/May/2020:09:02:17 +0800] "POST /xingrg/kc/buy/cgsh_order_operate.html HTTP/1.1" 200 2065
114.84.33.255 - - [04/May/2020:09:02:26 +0800] "GET /xingrg/check_reg.html?_=1588554147725 HTTP/1.1" 200 22
180.162.232.172 - - [04/May/2020:09:02:26 +0800] "GET /xingrg/check_reg.html?_=1588554280960 HTTP/1.1" 200 22
180.162.232.172 - - [04/May/2020:09:02:26 +0800] "GET /xingrg/all/function/internal_message.html?_=1588554281048&CODE_STATE=getMsg HTTP/1.1" 200 27
180.156.150.85 - - [04/May/2020:09:02:26 +0800] "GET /xingrg/kc/buy/cgsh_order_operate.html?command=get_materiel&rest_code=00105&code=00101008027&supplier_code=00100203&order_time=2020-05-04 HTTP/1.1" 200 408
114.84.33.255 - - [04/May/2020:09:02:27 +0800] "GET /xingrg/all/function/internal_message.html?_=1588554148854&CODE_STATE=getMsg HTTP/1.1" 200 27
180.156.150.85 - - [04/May/2020:09:02:28 +0800] "GET /xingrg/system/info/materiel_import.html?isSelect=1&singleSelect=false HTTP/1.1" 200 5600
180.156.150.85 - - [04/May/2020:09:02:28 +0800] "GET /favicon.ico HTTP/1.1" 404 -
180.156.150.85 - - [04/May/2020:09:02:28 +0800] "POST /xingrg/all/common/load_tree.html?tree=materiel_sort_tree_json HTTP/1.1" 200 8666
120.253.135.82 - - [04/May/2020:09:02:30 +0800] "GET /xingrg/check_reg.html?_=1588553903511 HTTP/1.1" 200 22
180.162.232.172 - - [04/May/2020:09:02:32 +0800] "GET /xingrg/all/function/internal_message.html?_=1588554154169&CODE_STATE=getMsg HTTP/1.1" 200 27
120.253.135.82 - - [04/May/2020:09:02:34 +0800] "GET /xingrg/all/function/internal_message.html?_=1588554289969&CODE_STATE=getMsg HTTP/1.1" 200 27
180.156.150.85 - - [04/May/2020:09:02:38 +0800] "GET /xingrg/kc/buy/cgsh_order_operate.html?command=get_materiel&rest_code=00105&code=00101008312&supplier_code=00100203&order_time=2020-05-04 HTTP/1.1" 200 412
172.17.0.240 - - [04/May/2020:09:02:38 +0800] "GET /xingrg/all/function/internal_message.html?_=1588554158216&CODE_STATE=getMsg HTTP/1.1" 200 27
172.17.0.240 - - [04/May/2020:09:02:38 +0800] "GET /xingrg/check_reg.html?_=1588554158217 HTTP/1.1" 200 22
58.40.7.146 - - [04/May/2020:09:02:43 +0800] "GET /xingrg/all/function/internal_message.html?_=1588554163057&CODE_STATE=getMsg HTTP/1.1" 200 27
58.40.7.146 - - [04/May/2020:09:02:47 +0800] "GET /xingrg/all/function/internal_message.html?_=1588554167535&CODE_STATE=getMsg HTTP/1.1" 302 -
222.70.183.62 - - [04/May/2020:09:02:51 +0800] "GET /xingrg/all/function/internal_message.html?_=1588554171130&CODE_STATE=getMsg HTTP/1.1" 200 27
117.131.5.26 - - [04/May/2020:09:02:51 +0800] "GET /xingrg/all/function/internal_message.html?_=1588554438368&CODE_STATE=getMsg HTTP/1.1" 200 27
101.85.52.41 - - [04/May/2020:09:02:54 +0800] "GET /xingrg/all/function/internal_message.html?_=1588553724102&CODE_STATE=getMsg HTTP/1.1" 200 27
222.70.183.62 - - [04/May/2020:09:02:55 +0800] "GET /xingrg/all/function/internal_message.html?_=1588554514382&CODE_STATE=getMsg HTTP/1.1" 200 27
180.156.150.85 - - [04/May/2020:09:02:56 +0800] "GET /xingrg/kc/buy/cgsh_order_operate.html?command=get_materiel&rest_code=00105&code=00101008028&supplier_code=00100203&order_time=2020-05-04 HTTP/1.1" 200 412
116.228.172.94 - - [04/May/2020:09:02:56 +0800] "GET /xingrg/check_reg.html?_=1588553394198 HTTP/1.1" 200 22
116.228.172.94 - - [04/May/2020:09:02:56 +0800] "GET /xingrg/all/function/internal_message.html?_=1588553394432&CODE_STATE=getMsg HTTP/1.1" 200 27
222.69.136.137 - - [04/May/2020:09:02:59 +0800] "GET /xingrg/kc/buy/cgsh_order_operate.html?command=get_materiel&rest_code=00149&code=00101008257&supplier_code=00100005&order_time=2020-05-04 HTTP/1.1" 200 416
172.17.0.185 - - [04/May/2020:09:02:59 +0800] "GET /xingrg/check_reg.html?_=1588554178957 HTTP/1.1" 302 -
172.17.0.185 - - [04/May/2020:09:02:59 +0800] "GET /xingrg/all/function/internal_message.html?_=1588554178958&CODE_STATE=getMsg HTTP/1.1" 302 -
58.40.7.146 - - [04/May/2020:09:03:01 +0800] "GET /xingrg/check_reg.html?_=1588554181684 HTTP/1.1" 200 22
180.156.150.85 - - [04/May/2020:09:03:04 +0800] "GET /xingrg/kc/buy/cgsh_order_operate.html?command=get_materiel&rest_code=00105&code=00101008096&supplier_code=00100203&order_time=2020-05-04 HTTP/1.1" 200 412
180.156.150.85 - - [04/May/2020:09:03:05 +0800] "GET /xingrg/kc/buy/cgsh_order_operate.html?command=get_materiel&rest_code=00105&code=00101016113&supplier_code=00100203&order_time=2020-05-04 HTTP/1.1" 200 389
180.156.150.85 - - [04/May/2020:09:03:08 +0800] "GET /xingrg/all/function/internal_message.html?_=1588554190379&CODE_STATE=getMsg HTTP/1.1" 200 27
222.69.136.137 - - [04/May/2020:09:03:11 +0800] "GET /xingrg/all/function/internal_message.html?_=1588554190302&CODE_STATE=getMsg HTTP/1.1" 200 27
180.156.150.85 - - [04/May/2020:09:03:21 +0800] "GET /xingrg/kc/buy/cgsh_order_operate.html?command=get_materiel&rest_code=00105&code=00101008332&supplier_code=00100203&order_time=2020-05-04 HTTP/1.1" 200 412
180.162.232.172 - - [04/May/2020:09:03:26 +0800] "GET /xingrg/all/function/internal_message.html?_=1588554341050&CODE_STATE=getMsg HTTP/1.1" 200 27
114.84.33.255 - - [04/May/2020:09:03:27 +0800] "GET /xingrg/all/function/internal_message.html?_=1588554208858&CODE_STATE=getMsg HTTP/1.1" 200 27
180.162.232.172 - - [04/May/2020:09:03:32 +0800] "GET /xingrg/all/function/internal_message.html?_=1588554214175&CODE_STATE=getMsg HTTP/1.1" 200 27
180.162.232.172 - - [04/May/2020:09:03:32 +0800] "GET /xingrg/check_reg.html?_=1588554214178 HTTP/1.1" 200 22
120.253.135.82 - - [04/May/2020:09:03:34 +0800] "GET /xingrg/all/function/internal_message.html?_=1588554349989&CODE_STATE=getMsg HTTP/1.1" 200 27
117.131.5.26 - - [04/May/2020:09:03:36 +0800] "GET /xingrg/check_reg.html?_=1588554483002 HTTP/1.1" 200 22
180.156.150.85 - - [04/May/2020:09:03:38 +0800] "GET /xingrg/kc/buy/cgsh_order_operate.html?command=get_materiel&rest_code=00105&code=00101008212&supplier_code=00100203&order_time=2020-05-04 HTTP/1.1" 200 412
172.17.0.240 - - [04/May/2020:09:03:38 +0800] "GET /xingrg/all/function/internal_message.html?_=1588554218218&CODE_STATE=getMsg HTTP/1.1" 200 27
58.40.7.146 - - [04/May/2020:09:03:43 +0800] "GET /xingrg/all/function/internal_message.html?_=1588554223029&CODE_STATE=getMsg HTTP/1.1" 200 27
180.156.150.85 - - [04/May/2020:09:03:46 +0800] "GET /xingrg/kc/buy/cgsh_order_operate.html?command=get_materiel&rest_code=00105&code=00101008137&supplier_code=00100203&order_time=2020-05-04 HTTP/1.1" 200 408
58.40.7.146 - - [04/May/2020:09:03:47 +0800] "GET /xingrg/all/function/internal_message.html?_=1588554227537&CODE_STATE=getMsg HTTP/1.1" 302 -
222.70.183.62 - - [04/May/2020:09:03:51 +0800] "GET /xingrg/all/function/internal_message.html?_=1588554231145&CODE_STATE=getMsg HTTP/1.1" 200 27
117.131.5.26 - - [04/May/2020:09:03:51 +0800] "GET /xingrg/all/function/internal_message.html?_=1588554498381&CODE_STATE=getMsg HTTP/1.1" 200 27
101.85.52.41 - - [04/May/2020:09:03:54 +0800] "GET /xingrg/all/function/internal_message.html?_=1588553784085&CODE_STATE=getMsg HTTP/1.1" 200 27
222.70.183.62 - - [04/May/2020:09:03:55 +0800] "GET /xingrg/all/function/internal_message.html?_=1588554574381&CODE_STATE=getMsg HTTP/1.1" 200 27
116.228.172.94 - - [04/May/2020:09:03:56 +0800] "GET /xingrg/all/function/internal_message.html?_=1588553454433&CODE_STATE=getMsg HTTP/1.1" 200 27
172.17.0.185 - - [04/May/2020:09:03:59 +0800] "GET /xingrg/all/function/internal_message.html?_=1588554238960&CODE_STATE=getMsg HTTP/1.1" 302 -
222.69.136.137 - - [04/May/2020:09:04:01 +0800] "GET /xingrg/kc/buy/cgsh_order_operate.html?command=get_materiel&rest_code=00149&code=00101008010&supplier_code=00100005&order_time=2020-05-04 HTTP/1.1" 200 412
101.85.52.41 - - [04/May/2020:09:04:07 +0800] "GET /xingrg/check_reg.html?_=1588553797222 HTTP/1.1" 200 22
180.156.150.85 - - [04/May/2020:09:04:08 +0800] "GET /xingrg/all/function/internal_message.html?_=1588554250358&CODE_STATE=getMsg HTTP/1.1" 200 27
222.69.136.137 - - [04/May/2020:09:04:11 +0800] "GET /xingrg/all/function/internal_message.html?_=1588554250313&CODE_STATE=getMsg HTTP/1.1" 200 27
222.69.136.137 - - [04/May/2020:09:04:11 +0800] "GET /xingrg/check_reg.html?_=1588554250323 HTTP/1.1" 200 22
180.156.150.85 - - [04/May/2020:09:04:16 +0800] "GET /xingrg/kc/buy/cgsh_order_operate.html?command=get_materiel&rest_code=00105&code=00101008353&supplier_code=00100203&order_time=2020-05-04 HTTP/1.1" 200 408
180.156.150.85 - - [04/May/2020:09:04:20 +0800] "POST /xingrg/kc/buy/cgsh_order_operate.html HTTP/1.1" 200 2065
180.156.150.85 - - [04/May/2020:09:04:21 +0800] "POST /xingrg/kc/buy/cgsh_order_operate.html HTTP/1.1" 200 2065
180.162.232.172 - - [04/May/2020:09:04:26 +0800] "GET /xingrg/all/function/internal_message.html?_=1588554401063&CODE_STATE=getMsg HTTP/1.1" 200 27
114.84.33.255 - - [04/May/2020:09:04:27 +0800] "GET /xingrg/all/function/internal_message.html?_=1588554268872&CODE_STATE=getMsg HTTP/1.1" 200 27
180.156.150.85 - - [04/May/2020:09:04:32 +0800] "GET /xingrg/kc/buy/cgsh_order_operate.html?command=get_materiel&rest_code=00105&code=00101008188&supplier_code=00100203&order_time=2020-05-04 HTTP/1.1" 200 412
180.162.232.172 - - [04/May/2020:09:04:32 +0800] "GET /xingrg/all/function/internal_message.html?_=1588554274176&CODE_STATE=getMsg HTTP/1.1" 200 27
120.253.135.82 - - [04/May/2020:09:04:34 +0800] "GET /xingrg/all/function/internal_message.html?_=1588554409996&CODE_STATE=getMsg HTTP/1.1" 200 27
180.156.150.85 - - [04/May/2020:09:04:35 +0800] "POST /xingrg/services/DataTransmitService HTTP/1.1" 401 565
180.156.150.85 - - [04/May/2020:09:04:35 +0800] "POST /xingrg/services/DataTransmitService HTTP/1.1" 200 478
180.156.150.85 - - [04/May/2020:09:04:35 +0800] "POST /xingrg/services/DataTransmitService HTTP/1.1" 200 1320
180.156.150.85 - - [04/May/2020:09:04:35 +0800] "POST /xingrg/services/DataTransmitService HTTP/1.1" 200 478
180.156.150.85 - - [04/May/2020:09:04:35 +0800] "POST /xingrg/services/DataTransmitService HTTP/1.1" 200 1320
180.156.150.85 - - [04/May/2020:09:04:35 +0800] "POST /xingrg/services/DataTransmitService HTTP/1.1" 200 524
180.156.150.85 - - [04/May/2020:09:04:35 +0800] "POST /xingrg/services/DataTransmitService HTTP/1.1" 200 2579
180.156.150.85 - - [04/May/2020:09:04:36 +0800] "POST /xingrg/services/DataTransmitService HTTP/1.1" 200 2263
180.156.150.85 - - [04/May/2020:09:04:36 +0800] "POST /xingrg/services/DataTransmitService HTTP/1.1" 200 1495
180.156.150.85 - - [04/May/2020:09:04:38 +0800] "POST /xingrg/services/DataTransmitService HTTP/1.1" 200 156419
172.17.0.240 - - [04/May/2020:09:04:38 +0800] "GET /xingrg/all/function/internal_message.html?_=1588554278204&CODE_STATE=getMsg HTTP/1.1" 200 27
58.40.7.146 - - [04/May/2020:09:04:43 +0800] "GET /xingrg/all/function/internal_message.html?_=1588554282998&CODE_STATE=getMsg HTTP/1.1" 200 27
58.40.7.146 - - [04/May/2020:09:04:47 +0800] "GET /xingrg/check_reg.html?_=1588554287540 HTTP/1.1" 302 -
58.40.7.146 - - [04/May/2020:09:04:47 +0800] "GET /xingrg/all/function/internal_message.html?_=1588554287542&CODE_STATE=getMsg HTTP/1.1" 302 -
222.70.183.62 - - [04/May/2020:09:04:51 +0800] "GET /xingrg/all/function/internal_message.html?_=1588554291244&CODE_STATE=getMsg HTTP/1.1" 200 27
117.131.5.26 - - [04/May/2020:09:04:51 +0800] "GET /xingrg/all/function/internal_message.html?_=1588554558395&CODE_STATE=getMsg HTTP/1.1" 200 27
101.85.52.41 - - [04/May/2020:09:04:54 +0800] "GET /xingrg/all/function/internal_message.html?_=1588553844058&CODE_STATE=getMsg HTTP/1.1" 200 27
222.70.183.62 - - [04/May/2020:09:04:55 +0800] "GET /xingrg/all/function/internal_message.html?_=1588554634378&CODE_STATE=getMsg HTTP/1.1" 200 27
116.228.172.94 - - [04/May/2020:09:04:56 +0800] "GET /xingrg/all/function/internal_message.html?_=1588553514445&CODE_STATE=getMsg HTTP/1.1" 200 27
172.17.0.185 - - [04/May/2020:09:04:59 +0800] "GET /xingrg/all/function/internal_message.html?_=1588554298966&CODE_STATE=getMsg HTTP/1.1" 302 -
222.69.136.137 - - [04/May/2020:09:05:01 +0800] "GET /xingrg/kc/buy/cgsh_order_operate.html?command=get_materiel&rest_code=00149&code=00101008101&supplier_code=00100005&order_time=2020-05-04 HTTP/1.1" 200 412
222.69.136.137 - - [04/May/2020:09:05:07 +0800] "POST /xingrg/kc/buy/cgsh_order_operate.html HTTP/1.1" 200 2065
180.156.150.85 - - [04/May/2020:09:05:08 +0800] "GET /xingrg/check_reg.html?_=1588554309971 HTTP/1.1" 200 22
180.156.150.85 - - [04/May/2020:09:05:08 +0800] "GET /xingrg/all/function/internal_message.html?_=1588554310332&CODE_STATE=getMsg HTTP/1.1" 200 27
222.69.136.137 - - [04/May/2020:09:05:11 +0800] "GET /xingrg/all/function/internal_message.html?_=1588554310313&CODE_STATE=getMsg HTTP/1.1" 200 27
222.69.136.137 - - [04/May/2020:09:05:15 +0800] "GET /xingrg/kc/buy/cgsh_order_operate.html?command=get_materiel&rest_code=00149&code=00101008095&supplier_code=00100005&order_time=2020-05-04 HTTP/1.1" 200 412
180.162.232.172 - - [04/May/2020:09:05:26 +0800] "GET /xingrg/all/function/internal_message.html?_=1588554461085&CODE_STATE=getMsg HTTP/1.1" 200 27
222.69.136.137 - - [04/May/2020:09:05:27 +0800] "GET /xingrg/kc/buy/cgsh_order_operate.html?command=get_materiel&rest_code=00149&code=00101008110&supplier_code=00100005&order_time=2020-05-04 HTTP/1.1" 200 408
114.84.33.255 - - [04/May/2020:09:05:27 +0800] "GET /xingrg/all/function/internal_message.html?_=1588554329043&CODE_STATE=getMsg HTTP/1.1" 200 27
180.162.232.172 - - [04/May/2020:09:05:32 +0800] "GET /xingrg/all/function/internal_message.html?_=1588554334175&CODE_STATE=getMsg HTTP/1.1" 200 27
120.253.135.82 - - [04/May/2020:09:05:33 +0800] "GET /xingrg/check_reg.html?_=1588554469021 HTTP/1.1" 200 22
120.253.135.82 - - [04/May/2020:09:05:34 +0800] "GET /xingrg/all/function/internal_message.html?_=1588554470010&CODE_STATE=getMsg HTTP/1.1" 200 27
172.17.0.240 - - [04/May/2020:09:05:38 +0800] "GET /xingrg/all/function/internal_message.html?_=1588554338205&CODE_STATE=getMsg HTTP/1.1" 200 27
58.40.7.146 - - [04/May/2020:09:05:43 +0800] "GET /xingrg/all/function/internal_message.html?_=1588554342972&CODE_STATE=getMsg HTTP/1.1" 200 27
58.221.95.50 - - [04/May/2020:09:05:44 +0800] "GET /xingrg/login.html HTTP/1.1" 200 7641
58.221.95.50 - - [04/May/2020:09:05:45 +0800] "GET /favicon.ico HTTP/1.1" 404 -
172.17.0.102 - - [04/May/2020:09:05:47 +0800] "GET /xingrg/login.html HTTP/1.1" 200 7636
58.40.7.146 - - [04/May/2020:09:05:47 +0800] "GET /xingrg/all/function/internal_message.html?_=1588554347544&CODE_STATE=getMsg HTTP/1.1" 302 -
222.69.136.137 - - [04/May/2020:09:05:47 +0800] "GET /xingrg/kc/buy/cgsh_order_operate.html?command=get_materiel&rest_code=00149&code=00101008041&supplier_code=00100005&order_time=2020-05-04 HTTP/1.1" 200 408
172.17.0.102 - - [04/May/2020:09:05:48 +0800] "GET /favicon.ico HTTP/1.1" 404 -
222.70.183.62 - - [04/May/2020:09:05:51 +0800] "GET /xingrg/all/function/internal_message.html?_=1588554351249&CODE_STATE=getMsg HTTP/1.1" 200 27
117.131.5.26 - - [04/May/2020:09:05:51 +0800] "GET /xingrg/all/function/internal_message.html?_=1588554618425&CODE_STATE=getMsg HTTP/1.1" 200 27
172.17.0.102 - - [04/May/2020:09:05:53 +0800] "POST /xingrg/login.do HTTP/1.1" 302 -
172.17.0.102 - - [04/May/2020:09:05:53 +0800] "GET /xingrg/index.html?sysBaseUrl=http%3A%2F%2F172.17.0.8%3A18081%2Fxingrg%2F&costTime=37×tamp=1588554353472 HTTP/1.1" 200 17448
172.17.0.102 - - [04/May/2020:09:05:53 +0800] "POST /xingrg/all/common/load_tree.html?tree=area_rest_tree_json&manage=1 HTTP/1.1" 200 3088
172.17.0.102 - - [04/May/2020:09:05:53 +0800] "GET /xingrg/all/function/internal_message.html?_=1588554378268&CODE_STATE=count HTTP/1.1" 200 11
172.17.0.102 - - [04/May/2020:09:05:53 +0800] "GET /xingrg/check_reg.html?_=1588554378269 HTTP/1.1" 200 22
172.17.0.102 - - [04/May/2020:09:05:54 +0800] "GET /favicon.ico HTTP/1.1" 404 -
172.17.0.102 - - [04/May/2020:09:05:54 +0800] "POST /xingrg/load_menu.html HTTP/1.1" 200 11408
101.85.52.41 - - [04/May/2020:09:05:54 +0800] "GET /xingrg/all/function/internal_message.html?_=1588553904042&CODE_STATE=getMsg HTTP/1.1" 200 27
172.17.0.102 - - [04/May/2020:09:05:54 +0800] "GET /xingrg/javascript/jquery_easy_ui/themes/icons/search_new.png HTTP/1.1" 304 -
172.17.0.102 - - [04/May/2020:09:05:54 +0800] "GET /xingrg/javascript/jquery_easy_ui/themes/icons/storage_new.png HTTP/1.1" 304 -
172.17.0.102 - - [04/May/2020:09:05:54 +0800] "GET /xingrg/javascript/jquery_easy_ui/themes/icons/checkout_new.png HTTP/1.1" 304 -
172.17.0.102 - - [04/May/2020:09:05:54 +0800] "GET /xingrg/javascript/jquery_easy_ui/themes/icons/forms_new.png HTTP/1.1" 304 -
172.17.0.102 - - [04/May/2020:09:05:54 +0800] "GET /xingrg/javascript/jquery_easy_ui/themes/icons/setting_new.png HTTP/1.1" 304 -
172.17.0.102 - - [04/May/2020:09:05:54 +0800] "GET /xingrg/javascript/jquery_easy_ui/themes/icons/systemset_new.png HTTP/1.1" 304 -
172.17.0.102 - - [04/May/2020:09:05:54 +0800] "GET /xingrg/javascript/jquery_easy_ui/themes/default/images/tree_file.gif HTTP/1.1" 304 -
172.17.0.102 - - [04/May/2020:09:05:54 +0800] "GET /xingrg/javascript/jquery_easy_ui/themes/default/images/tree_folder.gif HTTP/1.1" 304 -
222.70.183.62 - - [04/May/2020:09:05:55 +0800] "GET /xingrg/all/function/internal_message.html?_=1588554694373&CODE_STATE=getMsg HTTP/1.1" 200 27
116.228.172.94 - - [04/May/2020:09:05:56 +0800] "GET /xingrg/all/function/internal_message.html?_=1588553574579&CODE_STATE=getMsg HTTP/1.1" 200 27
58.221.95.50 - - [04/May/2020:09:05:59 +0800] "POST /xingrg/login.do HTTP/1.1" 302 -
58.221.95.50 - - [04/May/2020:09:05:59 +0800] "GET /xingrg/index.html?sysBaseUrl=http%3A%2F%2F180.169.147.146%3A18081%2Fxingrg%2F&costTime=41×tamp=1588554359495 HTTP/1.1" 200 17417
172.17.0.185 - - [04/May/2020:09:05:59 +0800] "GET /xingrg/all/function/internal_message.html?_=1588554358970&CODE_STATE=getMsg HTTP/1.1" 302 -
58.221.95.50 - - [04/May/2020:09:05:59 +0800] "GET /favicon.ico HTTP/1.1" 404 -
58.221.95.50 - - [04/May/2020:09:06:00 +0800] "POST /xingrg/all/common/load_tree.html?tree=area_rest_tree_json&manage=1 HTTP/1.1" 200 3088
58.221.95.50 - - [04/May/2020:09:06:00 +0800] "GET /xingrg/check_reg.html?_=1588554393288 HTTP/1.1" 200 22
58.221.95.50 - - [04/May/2020:09:06:00 +0800] "GET /xingrg/all/function/internal_message.html?_=1588554393288&CODE_STATE=count HTTP/1.1" 200 11
58.221.95.50 - - [04/May/2020:09:06:00 +0800] "POST /xingrg/load_menu.html HTTP/1.1" 200 9959
172.17.0.102 - - [04/May/2020:09:06:07 +0800] "POST /xingrg/load_menu.html HTTP/1.1" 200 9749
180.156.150.85 - - [04/May/2020:09:06:08 +0800] "GET /xingrg/all/function/internal_message.html?_=1588554370306&CODE_STATE=getMsg HTTP/1.1" 200 27
172.17.0.102 - - [04/May/2020:09:06:09 +0800] "GET /xingrg/all/report/report_query.html?fileName=dma/new_5.0/menu/menu_category_hz.xml HTTP/1.1" 200 52989
172.17.0.102 - - [04/May/2020:09:06:09 +0800] "GET /xingrg/dwr/interface/AjaxReportQueryService.js HTTP/1.1" 200 13203
172.17.0.102 - - [04/May/2020:09:06:09 +0800] "GET /xingrg/dwr/engine.js HTTP/1.1" 200 43631
172.17.0.102 - - [04/May/2020:09:06:09 +0800] "GET /xingrg/dwr/util.js HTTP/1.1" 200 35990
172.17.0.102 - - [04/May/2020:09:06:10 +0800] "POST /xingrg/all/common/load_tree.html?tree=area_station_tree_json&manage=1 HTTP/1.1" 200 2990
172.17.0.102 - - [04/May/2020:09:06:10 +0800] "POST /xingrg/dwr/call/plaincall/AjaxReportQueryService.getFixDate.dwr HTTP/1.1" 200 111
172.17.0.102 - - [04/May/2020:09:06:11 +0800] "GET /xingrg/all/report/report_query.html?fileName=dma/new_5.0/menu/menu_stca_hz.xml HTTP/1.1" 200 51343
172.17.0.102 - - [04/May/2020:09:06:11 +0800] "GET /xingrg/dwr/interface/AjaxReportQueryService.js HTTP/1.1" 200 13203
172.17.0.102 - - [04/May/2020:09:06:11 +0800] "GET /xingrg/dwr/engine.js HTTP/1.1" 200 43631
172.17.0.102 - - [04/May/2020:09:06:11 +0800] "POST /xingrg/dwr/call/plaincall/AjaxReportQueryService.getFixDate.dwr HTTP/1.1" 200 111
172.17.0.102 - - [04/May/2020:09:06:11 +0800] "POST /xingrg/all/common/load_tree.html?tree=area_station_tree_json&manage=1 HTTP/1.1" 200 2990
222.69.136.137 - - [04/May/2020:09:06:11 +0800] "GET /xingrg/all/function/internal_message.html?_=1588554370317&CODE_STATE=getMsg HTTP/1.1" 200 27
172.17.0.102 - - [04/May/2020:09:06:13 +0800] "POST /xingrg/dwr/call/plaincall/AjaxReportQueryService.getFixDate.dwr HTTP/1.1" 200 111
222.69.136.137 - - [04/May/2020:09:06:13 +0800] "GET /xingrg/kc/buy/cgsh_order_operate.html?command=get_materiel&rest_code=00149&code=00101015074&supplier_code=00100005&order_time=2020-05-04 HTTP/1.1" 200 408
180.156.150.85 - - [04/May/2020:09:06:14 +0800] "POST /xingrg/services/DataTransmitService HTTP/1.1" 200 45454
180.156.150.85 - - [04/May/2020:09:06:14 +0800] "POST /xingrg/services/DataTransmitService HTTP/1.1" 200 19237
172.17.0.102 - - [04/May/2020:09:06:18 +0800] "POST /xingrg/dwr/call/plaincall/AjaxReportQueryService.refreshCache.dwr HTTP/1.1" 200 78
172.17.0.102 - - [04/May/2020:09:06:19 +0800] "POST /xingrg/all/report/load_report_page.html HTTP/1.1" 200 60808
172.17.0.102 - - [04/May/2020:09:06:19 +0800] "GET /xingrg/servlets/image?cache=0.5501031696764093&image=px HTTP/1.1" 200 807
180.162.232.172 - - [04/May/2020:09:06:26 +0800] "GET /xingrg/all/function/internal_message.html?_=1588554521091&CODE_STATE=getMsg HTTP/1.1" 200 27
114.84.33.255 - - [04/May/2020:09:06:28 +0800] "GET /xingrg/all/function/internal_message.html?_=1588554389055&CODE_STATE=getMsg HTTP/1.1" 200 27
180.162.232.172 - - [04/May/2020:09:06:32 +0800] "GET /xingrg/all/function/internal_message.html?_=1588554394174&CODE_STATE=getMsg HTTP/1.1" 200 27
172.17.0.102 - - [04/May/2020:09:06:33 +0800] "GET /xingrg/all/report/report_query.html?isQuery=1&fileName=dma/new_5.0/menu/menu_hz.xml&queryString=(a.sale_day%2520between%252020200401%2520and%252020200430)%2520and%2520(a.sid%2520in%2520(1))%2520and%2520(a.tj_code%253D23)&queryText=%25E3%2580%2590%25E8%2590%25A5%25E4%25B8%259A%25E6%2597%25A5%25E6%259C%259F%253A2020-04-01%2520%25E8%2587%25B3%25202020-04-30%25E3%2580%2591%2520%25E5%25B9%25B6%25E4%25B8%2594%2520%2520%25E3%2580%2590%25E9%2597%25A8%25E5%25BA%2597%25E5%2590%258D%25E7%25A7%25B0%2520%253D%2520%25E6%259D%25BE%25E6%25B1%259F%25E6%25A6%2595%25E6%25B8%25AF%25E3%2580%2591%2520%25E5%25B9%25B6%25E4%25B8%2594%2520%25E3%2580%2590%25E7%25BB%259F%25E8%25AE%25A1%25E7%25B1%25BB%25E5%2588%25AB%2520%253D%2520%25E5%25A4%2596%25E5%258C%2585%25E7%2583%25A4%25E9%25B8%25AD%25E3%2580%2591 HTTP/1.1" 200 54036
172.17.0.102 - - [04/May/2020:09:06:33 +0800] "GET /xingrg/dwr/engine.js HTTP/1.1" 200 43631
172.17.0.102 - - [04/May/2020:09:06:33 +0800] "GET /favicon.ico HTTP/1.1" 404 -
172.17.0.102 - - [04/May/2020:09:06:34 +0800] "POST /xingrg/all/report/load_report_page.html HTTP/1.1" 200 31616
172.17.0.102 - - [04/May/2020:09:06:34 +0800] "GET /xingrg/servlets/image?cache=0.9545679246536397&image=px HTTP/1.1" 200 807
120.253.135.82 - - [04/May/2020:09:06:34 +0800] "GET /xingrg/all/function/internal_message.html?_=1588554530023&CODE_STATE=getMsg HTTP/1.1" 200 27
172.17.0.240 - - [04/May/2020:09:06:38 +0800] "GET /xingrg/all/function/internal_message.html?_=1588554398207&CODE_STATE=getMsg HTTP/1.1" 200 27
222.69.136.137 - - [04/May/2020:09:06:40 +0800] "GET /xingrg/kc/buy/cgsh_order_operate.html?command=get_materiel&rest_code=00149&code=00101008061&supplier_code=00100005&order_time=2020-05-04 HTTP/1.1" 200 422
58.40.7.146 - - [04/May/2020:09:06:43 +0800] "GET /xingrg/all/function/internal_message.html?_=1588554402947&CODE_STATE=getMsg HTTP/1.1" 200 27
222.69.136.137 - - [04/May/2020:09:06:44 +0800] "POST /xingrg/kc/buy/cgsh_order_operate.html HTTP/1.1" 200 2065
58.40.7.146 - - [04/May/2020:09:06:47 +0800] "GET /xingrg/all/function/internal_message.html?_=1588554407532&CODE_STATE=getMsg HTTP/1.1" 302 -
222.70.183.62 - - [04/May/2020:09:06:51 +0800] "GET /xingrg/all/function/internal_message.html?_=1588554411350&CODE_STATE=getMsg HTTP/1.1" 200 27
