172.17.0.185 - - [03/May/2020:10:00:03 +0800] "GET /xingrg/all/function/internal_message.html?_=1588471197573&CODE_STATE=getMsg HTTP/1.1" 200 27
180.161.113.183 - - [03/May/2020:10:00:04 +0800] "GET /xingrg/kc/buy/cgsh_order_operate.html?command=get_materiel&rest_code=00102&code=00101015037&supplier_code=00100054&order_time=2020-05-03 HTTP/1.1" 200 412
180.156.150.85 - - [03/May/2020:10:00:05 +0800] "GET /xingrg/kc/buy/cgsh_order_operate.html?command=get_materiel&rest_code=00105&code=00101009063&supplier_code=00100203&order_time=2020-05-03 HTTP/1.1" 200 409
114.86.190.97 - - [03/May/2020:10:00:07 +0800] "GET /xingrg/all/function/internal_message.html?_=1588471203456&CODE_STATE=getMsg HTTP/1.1" 200 27
222.70.183.62 - - [03/May/2020:10:00:09 +0800] "GET /xingrg/all/function/internal_message.html?_=1588471206102&CODE_STATE=getMsg HTTP/1.1" 200 27
180.161.113.183 - - [03/May/2020:10:00:10 +0800] "GET /xingrg/kc/buy/cgsh_order_operate.html?command=get_materiel&rest_code=00102&code=00101015042&supplier_code=00100054&order_time=2020-05-03 HTTP/1.1" 200 408
114.84.32.201 - - [03/May/2020:10:00:14 +0800] "GET /xingrg/all/function/internal_message.html?_=1588471210354&CODE_STATE=getMsg HTTP/1.1" 200 27
180.156.150.85 - - [03/May/2020:10:00:14 +0800] "GET /xingrg/kc/buy/cgsh_order_operate.html?command=get_materiel&rest_code=00105&code=00101020152&supplier_code=00100203&order_time=2020-05-03 HTTP/1.1" 200 416
222.69.137.130 - - [03/May/2020:10:00:18 +0800] "GET /xingrg/all/function/internal_message.html?_=1588471214555&CODE_STATE=getMsg HTTP/1.1" 200 27
180.156.150.85 - - [03/May/2020:10:00:22 +0800] "GET /xingrg/kc/buy/cgsh_order_operate.html?command=get_materiel&rest_code=00105&code=00101015046&supplier_code=00100203&order_time=2020-05-03 HTTP/1.1" 200 412
180.161.113.183 - - [03/May/2020:10:00:22 +0800] "GET /xingrg/kc/buy/cgsh_order_operate.html?command=get_materiel&rest_code=00102&code=00101015021&supplier_code=00100054&order_time=2020-05-03 HTTP/1.1" 200 408
120.253.135.82 - - [03/May/2020:10:00:24 +0800] "GET /xingrg/all/function/internal_message.html?_=1588471355888&CODE_STATE=getMsg HTTP/1.1" 200 27
180.161.113.183 - - [03/May/2020:10:00:27 +0800] "GET /xingrg/check_reg.html?_=1588471415777 HTTP/1.1" 200 22
180.156.150.85 - - [03/May/2020:10:00:29 +0800] "GET /xingrg/all/function/internal_message.html?_=1588471226989&CODE_STATE=getMsg HTTP/1.1" 200 27
172.17.0.112 - - [03/May/2020:10:00:31 +0800] "GET /xingrg/all/function/internal_message.html?_=1588471228852&CODE_STATE=getMsg HTTP/1.1" 200 27
180.161.113.183 - - [03/May/2020:10:00:33 +0800] "GET /xingrg/kc/buy/cgsh_order_operate.html?command=get_materiel&rest_code=00102&code=00101015040&supplier_code=00100054&order_time=2020-05-03 HTTP/1.1" 200 408
172.17.0.108 - - [03/May/2020:10:00:34 +0800] "GET /xingrg/check_reg.html?_=1588471226513 HTTP/1.1" 200 22
180.161.113.183 - - [03/May/2020:10:00:34 +0800] "GET /xingrg/all/function/internal_message.html?_=1588471422882&CODE_STATE=getMsg HTTP/1.1" 200 27
172.17.0.108 - - [03/May/2020:10:00:34 +0800] "GET /xingrg/all/function/internal_message.html?_=1588471226887&CODE_STATE=getMsg HTTP/1.1" 200 27
116.228.172.94 - - [03/May/2020:10:00:36 +0800] "GET /xingrg/check_reg.html?_=1588470452157 HTTP/1.1" 200 22
116.228.172.94 - - [03/May/2020:10:00:37 +0800] "GET /xingrg/all/function/internal_message.html?_=1588470453531&CODE_STATE=getMsg HTTP/1.1" 200 27
180.162.232.172 - - [03/May/2020:10:00:40 +0800] "GET /xingrg/all/function/internal_message.html?_=1588471371440&CODE_STATE=getMsg HTTP/1.1" 200 27
117.131.5.26 - - [03/May/2020:10:00:41 +0800] "GET /xingrg/all/function/internal_message.html?_=1588471254781&CODE_STATE=getMsg HTTP/1.1" 200 27
172.17.0.120 - - [03/May/2020:10:00:44 +0800] "GET /xingrg/all/function/internal_message.html?_=1588471239000&CODE_STATE=getMsg HTTP/1.1" 200 27
180.161.113.183 - - [03/May/2020:10:00:48 +0800] "POST /xingrg/kc/buy/cgsh_order_operate.html HTTP/1.1" 200 37
114.84.33.255 - - [03/May/2020:10:00:49 +0800] "GET /xingrg/all/function/internal_message.html?_=1588471245303&CODE_STATE=getMsg HTTP/1.1" 200 27
180.161.113.183 - - [03/May/2020:10:00:49 +0800] "POST /xingrg/kc/buy/cgsh_order_operate.html HTTP/1.1" 200 12
180.161.113.183 - - [03/May/2020:10:00:50 +0800] "GET /xingrg/kc/buy/cgsh_order_info.html?code=212020050300822 HTTP/1.1" 200 53006
117.131.5.26 - - [03/May/2020:10:00:50 +0800] "GET /xingrg/check_reg.html?_=1588471264234 HTTP/1.1" 200 22
58.40.7.146 - - [03/May/2020:10:00:50 +0800] "GET /xingrg/all/function/internal_message.html?_=1588471246507&CODE_STATE=getMsg HTTP/1.1" 200 27
222.70.183.62 - - [03/May/2020:10:00:51 +0800] "GET /xingrg/all/function/internal_message.html?_=1588471587096&CODE_STATE=getMsg HTTP/1.1" 200 27
180.161.113.183 - - [03/May/2020:10:00:52 +0800] "GET /xingrg/javascript/easyui/themes/default/validatebox.css HTTP/1.1" 404 1104
180.161.113.183 - - [03/May/2020:10:00:52 +0800] "POST /xingrg/kc/buy/cgsh_order_operate.html HTTP/1.1" 200 3540
172.17.0.119 - - [03/May/2020:10:00:55 +0800] "GET /xingrg/all/function/internal_message.html?_=1588471253252&CODE_STATE=getMsg HTTP/1.1" 200 27
180.161.113.183 - - [03/May/2020:10:00:56 +0800] "GET /xingrg/kc/print/load_data.html?order_code=212020050300822&kc_code=cgsh&condition= HTTP/1.1" 200 1781
180.162.232.172 - - [03/May/2020:10:01:01 +0800] "GET /xingrg/all/function/internal_message.html?_=1588471259420&CODE_STATE=getMsg HTTP/1.1" 200 27
114.84.33.255 - - [03/May/2020:10:01:02 +0800] "GET /xingrg/all/function/internal_message.html?_=1588471284005&CODE_STATE=getMsg HTTP/1.1" 200 27
172.17.0.185 - - [03/May/2020:10:01:03 +0800] "GET /xingrg/all/function/internal_message.html?_=1588471257578&CODE_STATE=getMsg HTTP/1.1" 200 27
114.86.190.97 - - [03/May/2020:10:01:07 +0800] "GET /xingrg/check_reg.html?_=1588471262998 HTTP/1.1" 200 22
114.86.190.97 - - [03/May/2020:10:01:07 +0800] "GET /xingrg/all/function/internal_message.html?_=1588471263469&CODE_STATE=getMsg HTTP/1.1" 200 27
222.70.183.62 - - [03/May/2020:10:01:09 +0800] "GET /xingrg/check_reg.html?_=1588471265816 HTTP/1.1" 200 22
222.70.183.62 - - [03/May/2020:10:01:09 +0800] "GET /xingrg/all/function/internal_message.html?_=1588471266115&CODE_STATE=getMsg HTTP/1.1" 200 27
114.84.32.201 - - [03/May/2020:10:01:14 +0800] "GET /xingrg/all/function/internal_message.html?_=1588471270352&CODE_STATE=getMsg HTTP/1.1" 200 27
222.69.137.130 - - [03/May/2020:10:01:18 +0800] "GET /xingrg/all/function/internal_message.html?_=1588471274554&CODE_STATE=getMsg HTTP/1.1" 200 27
120.253.135.82 - - [03/May/2020:10:01:24 +0800] "GET /xingrg/all/function/internal_message.html?_=1588471415905&CODE_STATE=getMsg HTTP/1.1" 200 27
180.161.113.183 - - [03/May/2020:10:01:24 +0800] "POST /xingrg/kc/buy/cgsh_list_operate.html HTTP/1.1" 200 876
180.156.150.85 - - [03/May/2020:10:01:25 +0800] "GET /xingrg/kc/buy/cgsh_order_operate.html?command=get_materiel&rest_code=00105&code=00101008255&supplier_code=00100203&order_time=2020-05-03 HTTP/1.1" 200 412
180.156.150.85 - - [03/May/2020:10:01:29 +0800] "GET /xingrg/all/function/internal_message.html?_=1588471286994&CODE_STATE=getMsg HTTP/1.1" 200 27
180.161.113.183 - - [03/May/2020:10:01:30 +0800] "POST /xingrg/kc/buy/cgsh_list_operate.html HTTP/1.1" 200 5790
180.156.150.85 - - [03/May/2020:10:01:31 +0800] "POST /xingrg/kc/buy/cgsh_order_operate.html HTTP/1.1" 200 2065
172.17.0.112 - - [03/May/2020:10:01:32 +0800] "GET /xingrg/check_reg.html?_=1588471288856 HTTP/1.1" 200 22
172.17.0.112 - - [03/May/2020:10:01:32 +0800] "GET /xingrg/all/function/internal_message.html?_=1588471288871&CODE_STATE=getMsg HTTP/1.1" 200 27
180.156.150.85 - - [03/May/2020:10:01:32 +0800] "POST /xingrg/kc/buy/cgsh_order_operate.html HTTP/1.1" 200 2065
180.156.150.85 - - [03/May/2020:10:01:34 +0800] "POST /xingrg/kc/buy/cgsh_order_operate.html HTTP/1.1" 200 2065
180.161.113.183 - - [03/May/2020:10:01:34 +0800] "GET /xingrg/all/function/internal_message.html?_=1588471482897&CODE_STATE=getMsg HTTP/1.1" 200 27
172.17.0.108 - - [03/May/2020:10:01:34 +0800] "GET /xingrg/all/function/internal_message.html?_=1588471286856&CODE_STATE=getMsg HTTP/1.1" 200 27
116.228.172.94 - - [03/May/2020:10:01:37 +0800] "GET /xingrg/all/function/internal_message.html?_=1588470513542&CODE_STATE=getMsg HTTP/1.1" 200 27
180.162.232.172 - - [03/May/2020:10:01:40 +0800] "GET /xingrg/all/function/internal_message.html?_=1588471431449&CODE_STATE=getMsg HTTP/1.1" 200 27
117.131.5.26 - - [03/May/2020:10:01:41 +0800] "GET /xingrg/all/function/internal_message.html?_=1588471314781&CODE_STATE=getMsg HTTP/1.1" 200 27
172.17.0.120 - - [03/May/2020:10:01:44 +0800] "GET /xingrg/all/function/internal_message.html?_=1588471298998&CODE_STATE=getMsg HTTP/1.1" 200 27
114.84.33.255 - - [03/May/2020:10:01:49 +0800] "GET /xingrg/all/function/internal_message.html?_=1588471305315&CODE_STATE=getMsg HTTP/1.1" 200 27
58.40.7.146 - - [03/May/2020:10:01:50 +0800] "GET /xingrg/all/function/internal_message.html?_=1588471306510&CODE_STATE=getMsg HTTP/1.1" 200 27
222.70.183.62 - - [03/May/2020:10:01:51 +0800] "GET /xingrg/all/function/internal_message.html?_=1588471647114&CODE_STATE=getMsg HTTP/1.1" 200 27
172.17.0.119 - - [03/May/2020:10:01:55 +0800] "GET /xingrg/all/function/internal_message.html?_=1588471313223&CODE_STATE=getMsg HTTP/1.1" 200 27
114.84.32.201 - - [03/May/2020:10:02:00 +0800] "GET /xingrg/check_reg.html?_=1588471316701 HTTP/1.1" 200 22
180.162.232.172 - - [03/May/2020:10:02:01 +0800] "GET /xingrg/all/function/internal_message.html?_=1588471319423&CODE_STATE=getMsg HTTP/1.1" 200 27
180.156.150.85 - - [03/May/2020:10:02:02 +0800] "POST /xingrg/kc/buy/cgsh_order_operate.html HTTP/1.1" 200 37
114.84.33.255 - - [03/May/2020:10:02:02 +0800] "GET /xingrg/all/function/internal_message.html?_=1588471344258&CODE_STATE=getMsg HTTP/1.1" 200 27
180.156.150.85 - - [03/May/2020:10:02:02 +0800] "POST /xingrg/kc/buy/cgsh_order_operate.html HTTP/1.1" 200 45180
172.17.0.185 - - [03/May/2020:10:02:02 +0800] "GET /xingrg/all/function/internal_message.html?_=1588471317566&CODE_STATE=getMsg HTTP/1.1" 200 27
180.156.150.85 - - [03/May/2020:10:02:04 +0800] "GET /xingrg/kc/buy/cgsh_order_list.html HTTP/1.1" 200 42581
180.156.150.85 - - [03/May/2020:10:02:05 +0800] "POST /xingrg/kc/buy/cgsh_list_operate.html HTTP/1.1" 200 3129
114.86.190.97 - - [03/May/2020:10:02:07 +0800] "GET /xingrg/all/function/internal_message.html?_=1588471323482&CODE_STATE=getMsg HTTP/1.1" 200 27
222.70.183.62 - - [03/May/2020:10:02:09 +0800] "GET /xingrg/all/function/internal_message.html?_=1588471326128&CODE_STATE=getMsg HTTP/1.1" 200 27
180.156.150.85 - - [03/May/2020:10:02:11 +0800] "POST /xingrg/kc/buy/cgsh_list_operate.html HTTP/1.1" 200 5520
114.84.32.201 - - [03/May/2020:10:02:14 +0800] "GET /xingrg/check_reg.html?_=1588471330349 HTTP/1.1" 200 22
114.84.32.201 - - [03/May/2020:10:02:14 +0800] "GET /xingrg/all/function/internal_message.html?_=1588471330350&CODE_STATE=getMsg HTTP/1.1" 200 27
222.69.137.130 - - [03/May/2020:10:02:18 +0800] "GET /xingrg/check_reg.html?_=1588471334555 HTTP/1.1" 200 22
222.69.137.130 - - [03/May/2020:10:02:18 +0800] "GET /xingrg/all/function/internal_message.html?_=1588471334558&CODE_STATE=getMsg HTTP/1.1" 200 27
114.84.33.255 - - [03/May/2020:10:02:23 +0800] "GET /xingrg/check_reg.html?_=1588471365172 HTTP/1.1" 200 22
120.253.135.82 - - [03/May/2020:10:02:24 +0800] "GET /xingrg/all/function/internal_message.html?_=1588471475915&CODE_STATE=getMsg HTTP/1.1" 200 27
180.156.150.85 - - [03/May/2020:10:02:29 +0800] "GET /xingrg/all/function/internal_message.html?_=1588471346994&CODE_STATE=getMsg HTTP/1.1" 200 27
180.156.150.85 - - [03/May/2020:10:02:29 +0800] "POST /xingrg/kc/buy/cgsh_list_operate.html HTTP/1.1" 200 5638
172.17.0.112 - - [03/May/2020:10:02:32 +0800] "GET /xingrg/all/function/internal_message.html?_=1588471348861&CODE_STATE=getMsg HTTP/1.1" 200 27
180.161.113.183 - - [03/May/2020:10:02:34 +0800] "GET /xingrg/all/function/internal_message.html?_=1588471542909&CODE_STATE=getMsg HTTP/1.1" 200 27
172.17.0.108 - - [03/May/2020:10:02:34 +0800] "GET /xingrg/all/function/internal_message.html?_=1588471346825&CODE_STATE=getMsg HTTP/1.1" 200 27
116.228.172.94 - - [03/May/2020:10:02:37 +0800] "GET /xingrg/all/function/internal_message.html?_=1588470573556&CODE_STATE=getMsg HTTP/1.1" 200 27
180.162.232.172 - - [03/May/2020:10:02:39 +0800] "GET /xingrg/check_reg.html?_=1588471491029 HTTP/1.1" 200 22
180.162.232.172 - - [03/May/2020:10:02:40 +0800] "GET /xingrg/all/function/internal_message.html?_=1588471491462&CODE_STATE=getMsg HTTP/1.1" 200 27
180.156.150.85 - - [03/May/2020:10:02:41 +0800] "POST /xingrg/kc/buy/cgsh_list_operate.html HTTP/1.1" 200 1719
117.131.5.26 - - [03/May/2020:10:02:41 +0800] "GET /xingrg/all/function/internal_message.html?_=1588471374781&CODE_STATE=getMsg HTTP/1.1" 200 27
180.156.150.85 - - [03/May/2020:10:02:43 +0800] "POST /xingrg/kc/buy/cgsh_list_operate.html HTTP/1.1" 200 504
172.17.0.120 - - [03/May/2020:10:02:44 +0800] "GET /xingrg/all/function/internal_message.html?_=1588471358986&CODE_STATE=getMsg HTTP/1.1" 200 27
180.156.150.85 - - [03/May/2020:10:02:44 +0800] "GET /xingrg/kc/buy/cgsh_order_info.html?code=212020050200531 HTTP/1.1" 200 53102
180.156.150.85 - - [03/May/2020:10:02:45 +0800] "GET /xingrg/javascript/easyui/themes/default/validatebox.css HTTP/1.1" 404 1104
180.156.150.85 - - [03/May/2020:10:02:45 +0800] "POST /xingrg/kc/buy/cgsh_order_operate.html HTTP/1.1" 200 2994
114.84.33.255 - - [03/May/2020:10:02:48 +0800] "GET /xingrg/check_reg.html?_=1588471364520 HTTP/1.1" 200 22
114.84.33.255 - - [03/May/2020:10:02:49 +0800] "GET /xingrg/all/function/internal_message.html?_=1588471365328&CODE_STATE=getMsg HTTP/1.1" 200 27
58.40.7.146 - - [03/May/2020:10:02:50 +0800] "GET /xingrg/all/function/internal_message.html?_=1588471366514&CODE_STATE=getMsg HTTP/1.1" 200 27
222.70.183.62 - - [03/May/2020:10:02:51 +0800] "GET /xingrg/all/function/internal_message.html?_=1588471707101&CODE_STATE=getMsg HTTP/1.1" 200 27
222.70.183.62 - - [03/May/2020:10:02:51 +0800] "GET /xingrg/check_reg.html?_=1588471707099 HTTP/1.1" 200 22
172.17.0.119 - - [03/May/2020:10:02:55 +0800] "GET /xingrg/all/function/internal_message.html?_=1588471373194&CODE_STATE=getMsg HTTP/1.1" 200 27
180.162.232.172 - - [03/May/2020:10:03:01 +0800] "GET /xingrg/check_reg.html?_=1588471379423 HTTP/1.1" 200 22
180.162.232.172 - - [03/May/2020:10:03:01 +0800] "GET /xingrg/all/function/internal_message.html?_=1588471379426&CODE_STATE=getMsg HTTP/1.1" 200 27
114.84.33.255 - - [03/May/2020:10:03:02 +0800] "GET /xingrg/all/function/internal_message.html?_=1588471404266&CODE_STATE=getMsg HTTP/1.1" 200 27
172.17.0.185 - - [03/May/2020:10:03:03 +0800] "GET /xingrg/all/function/internal_message.html?_=1588471377569&CODE_STATE=getMsg HTTP/1.1" 200 27
172.17.0.185 - - [03/May/2020:10:03:03 +0800] "GET /xingrg/check_reg.html?_=1588471377573 HTTP/1.1" 200 22
172.17.0.108 - - [03/May/2020:10:03:05 +0800] "POST /xingrg/kc/buy/cgsh_list_operate.html HTTP/1.1" 200 9774
101.85.52.41 - - [03/May/2020:10:03:06 +0800] "GET /xingrg/check_reg.html?_=1588470932496 HTTP/1.1" 302 -
114.86.190.97 - - [03/May/2020:10:03:07 +0800] "GET /xingrg/all/function/internal_message.html?_=1588471383497&CODE_STATE=getMsg HTTP/1.1" 200 27
172.17.0.108 - - [03/May/2020:10:03:09 +0800] "POST /xingrg/kc/buy/cgsh_list_operate.html HTTP/1.1" 200 203
222.70.183.62 - - [03/May/2020:10:03:09 +0800] "GET /xingrg/all/function/internal_message.html?_=1588471386142&CODE_STATE=getMsg HTTP/1.1" 200 27
172.17.0.108 - - [03/May/2020:10:03:10 +0800] "GET /xingrg/kc/buy/cgsh_order_info.html?code=212020043008757 HTTP/1.1" 200 52996
172.17.0.108 - - [03/May/2020:10:03:10 +0800] "GET /xingrg/javascript/easyui/themes/default/validatebox.css HTTP/1.1" 404 1104
172.17.0.108 - - [03/May/2020:10:03:10 +0800] "POST /xingrg/kc/buy/cgsh_order_operate.html HTTP/1.1" 200 610
172.17.0.108 - - [03/May/2020:10:03:12 +0800] "GET /xingrg/kc/print/load_data.html?order_code=212020043008757&kc_code=cgsh&condition= HTTP/1.1" 200 717
114.84.32.201 - - [03/May/2020:10:03:14 +0800] "GET /xingrg/all/function/internal_message.html?_=1588471390347&CODE_STATE=getMsg HTTP/1.1" 200 27
172.17.0.108 - - [03/May/2020:10:03:15 +0800] "POST /xingrg/kc/buy/cgsh_list_operate.html HTTP/1.1" 200 9774
172.17.0.108 - - [03/May/2020:10:03:16 +0800] "POST /xingrg/kc/buy/cgsh_list_operate.html HTTP/1.1" 200 198
172.17.0.108 - - [03/May/2020:10:03:16 +0800] "GET /xingrg/kc/buy/cgsh_order_info.html?code=212020043008758 HTTP/1.1" 200 52998
172.17.0.108 - - [03/May/2020:10:03:16 +0800] "GET /xingrg/javascript/easyui/themes/default/validatebox.css HTTP/1.1" 404 1104
172.17.0.108 - - [03/May/2020:10:03:16 +0800] "POST /xingrg/kc/buy/cgsh_order_operate.html HTTP/1.1" 200 602
222.69.137.130 - - [03/May/2020:10:03:18 +0800] "GET /xingrg/all/function/internal_message.html?_=1588471394541&CODE_STATE=getMsg HTTP/1.1" 200 27
120.253.135.82 - - [03/May/2020:10:03:22 +0800] "GET /xingrg/check_reg.html?_=1588471534246 HTTP/1.1" 200 22
120.253.135.82 - - [03/May/2020:10:03:24 +0800] "GET /xingrg/all/function/internal_message.html?_=1588471535930&CODE_STATE=getMsg HTTP/1.1" 200 27
172.17.0.108 - - [03/May/2020:10:03:27 +0800] "GET /xingrg/kc/print/load_data.html?order_code=212020043008758&kc_code=cgsh&condition= HTTP/1.1" 200 705
180.156.150.85 - - [03/May/2020:10:03:29 +0800] "GET /xingrg/all/function/internal_message.html?_=1588471407002&CODE_STATE=getMsg HTTP/1.1" 200 27
180.156.150.85 - - [03/May/2020:10:03:29 +0800] "GET /xingrg/check_reg.html?_=1588471407009 HTTP/1.1" 200 22
172.17.0.108 - - [03/May/2020:10:03:31 +0800] "POST /xingrg/kc/buy/cgsh_list_operate.html HTTP/1.1" 200 9774
172.17.0.112 - - [03/May/2020:10:03:31 +0800] "GET /xingrg/all/function/internal_message.html?_=1588471408851&CODE_STATE=getMsg HTTP/1.1" 200 27
172.17.0.108 - - [03/May/2020:10:03:32 +0800] "POST /xingrg/kc/buy/cgsh_list_operate.html HTTP/1.1" 200 201
172.17.0.108 - - [03/May/2020:10:03:32 +0800] "GET /xingrg/kc/buy/cgsh_order_info.html?code=212020043008759 HTTP/1.1" 200 52996
172.17.0.108 - - [03/May/2020:10:03:32 +0800] "GET /xingrg/javascript/easyui/themes/default/validatebox.css HTTP/1.1" 404 1104
172.17.0.108 - - [03/May/2020:10:03:32 +0800] "POST /xingrg/kc/buy/cgsh_order_operate.html HTTP/1.1" 200 611
172.17.0.108 - - [03/May/2020:10:03:33 +0800] "GET /xingrg/kc/print/load_data.html?order_code=212020043008759&kc_code=cgsh&condition= HTTP/1.1" 200 772
180.161.113.183 - - [03/May/2020:10:03:34 +0800] "GET /xingrg/all/function/internal_message.html?_=1588471602922&CODE_STATE=getMsg HTTP/1.1" 200 27
172.17.0.108 - - [03/May/2020:10:03:34 +0800] "GET /xingrg/all/function/internal_message.html?_=1588471406817&CODE_STATE=getMsg HTTP/1.1" 200 27
172.17.0.108 - - [03/May/2020:10:03:36 +0800] "POST /xingrg/kc/buy/cgsh_list_operate.html HTTP/1.1" 200 9774
172.17.0.108 - - [03/May/2020:10:03:37 +0800] "POST /xingrg/kc/buy/cgsh_list_operate.html HTTP/1.1" 200 201
172.17.0.108 - - [03/May/2020:10:03:37 +0800] "GET /xingrg/kc/buy/cgsh_order_info.html?code=212020043008760 HTTP/1.1" 200 52994
172.17.0.108 - - [03/May/2020:10:03:37 +0800] "GET /xingrg/javascript/easyui/themes/default/validatebox.css HTTP/1.1" 404 1104
116.228.172.94 - - [03/May/2020:10:03:37 +0800] "GET /xingrg/all/function/internal_message.html?_=1588470633800&CODE_STATE=getMsg HTTP/1.1" 200 27
172.17.0.108 - - [03/May/2020:10:03:37 +0800] "POST /xingrg/kc/buy/cgsh_order_operate.html HTTP/1.1" 200 610
172.17.0.108 - - [03/May/2020:10:03:38 +0800] "GET /xingrg/kc/print/load_data.html?order_code=212020043008760&kc_code=cgsh&condition= HTTP/1.1" 200 711
180.162.232.172 - - [03/May/2020:10:03:40 +0800] "GET /xingrg/all/function/internal_message.html?_=1588471551476&CODE_STATE=getMsg HTTP/1.1" 200 27
117.131.5.26 - - [03/May/2020:10:03:41 +0800] "GET /xingrg/all/function/internal_message.html?_=1588471434781&CODE_STATE=getMsg HTTP/1.1" 200 27
172.17.0.108 - - [03/May/2020:10:03:42 +0800] "POST /xingrg/kc/buy/cgsh_list_operate.html HTTP/1.1" 200 9774
172.17.0.120 - - [03/May/2020:10:03:44 +0800] "GET /xingrg/all/function/internal_message.html?_=1588471418991&CODE_STATE=getMsg HTTP/1.1" 200 27
114.84.33.255 - - [03/May/2020:10:03:49 +0800] "GET /xingrg/all/function/internal_message.html?_=1588471425342&CODE_STATE=getMsg HTTP/1.1" 200 27
58.40.7.146 - - [03/May/2020:10:03:50 +0800] "GET /xingrg/all/function/internal_message.html?_=1588471426517&CODE_STATE=getMsg HTTP/1.1" 200 27
172.17.0.108 - - [03/May/2020:10:03:50 +0800] "POST /xingrg/kc/buy/cgsh_list_operate.html HTTP/1.1" 200 9086
222.70.183.62 - - [03/May/2020:10:03:51 +0800] "GET /xingrg/all/function/internal_message.html?_=1588471767099&CODE_STATE=getMsg HTTP/1.1" 200 27
172.17.0.119 - - [03/May/2020:10:03:55 +0800] "GET /xingrg/all/function/internal_message.html?_=1588471433163&CODE_STATE=getMsg HTTP/1.1" 200 27
172.17.0.119 - - [03/May/2020:10:03:56 +0800] "GET /xingrg/check_reg.html?_=1588471433837 HTTP/1.1" 200 22
180.162.232.172 - - [03/May/2020:10:04:01 +0800] "GET /xingrg/all/function/internal_message.html?_=1588471439429&CODE_STATE=getMsg HTTP/1.1" 200 27
114.84.33.255 - - [03/May/2020:10:04:02 +0800] "GET /xingrg/all/function/internal_message.html?_=1588471464279&CODE_STATE=getMsg HTTP/1.1" 200 27
172.17.0.185 - - [03/May/2020:10:04:03 +0800] "GET /xingrg/all/function/internal_message.html?_=1588471437576&CODE_STATE=getMsg HTTP/1.1" 200 27
114.86.190.97 - - [03/May/2020:10:04:07 +0800] "GET /xingrg/all/function/internal_message.html?_=1588471443517&CODE_STATE=getMsg HTTP/1.1" 200 27
222.70.183.62 - - [03/May/2020:10:04:09 +0800] "GET /xingrg/all/function/internal_message.html?_=1588471446285&CODE_STATE=getMsg HTTP/1.1" 200 27
172.17.0.108 - - [03/May/2020:10:04:09 +0800] "POST /xingrg/kc/buy/cgsh_list_operate.html HTTP/1.1" 200 584
114.84.32.201 - - [03/May/2020:10:04:14 +0800] "GET /xingrg/all/function/internal_message.html?_=1588471450347&CODE_STATE=getMsg HTTP/1.1" 200 27
222.69.137.130 - - [03/May/2020:10:04:18 +0800] "GET /xingrg/all/function/internal_message.html?_=1588471454548&CODE_STATE=getMsg HTTP/1.1" 200 27
180.162.232.172 - - [03/May/2020:10:04:19 +0800] "POST /xingrg/services/DataTransmitService HTTP/1.1" 200 524
180.162.232.172 - - [03/May/2020:10:04:19 +0800] "POST /xingrg/services/DataTransmitService HTTP/1.1" 200 497
120.253.135.82 - - [03/May/2020:10:04:24 +0800] "GET /xingrg/all/function/internal_message.html?_=1588471595943&CODE_STATE=getMsg HTTP/1.1" 200 27
180.156.150.85 - - [03/May/2020:10:04:27 +0800] "GET /xingrg/kc/buy/cgsh_order_list.html HTTP/1.1" 200 42581
180.156.150.85 - - [03/May/2020:10:04:28 +0800] "POST /xingrg/kc/buy/cgsh_list_operate.html HTTP/1.1" 200 3129
180.156.150.85 - - [03/May/2020:10:04:29 +0800] "GET /xingrg/all/function/internal_message.html?_=1588471466998&CODE_STATE=getMsg HTTP/1.1" 200 27
180.156.150.85 - - [03/May/2020:10:04:30 +0800] "POST /xingrg/kc/buy/cgsh_list_operate.html HTTP/1.1" 200 564
172.17.0.112 - - [03/May/2020:10:04:32 +0800] "GET /xingrg/all/function/internal_message.html?_=1588471468871&CODE_STATE=getMsg HTTP/1.1" 200 27
172.17.0.108 - - [03/May/2020:10:04:34 +0800] "GET /xingrg/all/function/internal_message.html?_=1588471466785&CODE_STATE=getMsg HTTP/1.1" 200 27
117.131.5.26 - - [03/May/2020:10:04:34 +0800] "GET /xingrg/check_reg.html?_=1588471488125 HTTP/1.1" 200 22
180.161.113.183 - - [03/May/2020:10:04:35 +0800] "GET /xingrg/all/function/internal_message.html?_=1588471662936&CODE_STATE=getMsg HTTP/1.1" 200 27
180.156.150.85 - - [03/May/2020:10:04:36 +0800] "GET /xingrg/kc/buy/cgsh_order_info.html?code=212020050300803 HTTP/1.1" 200 58199
180.156.150.85 - - [03/May/2020:10:04:36 +0800] "GET /xingrg/javascript/easyui/themes/default/validatebox.css HTTP/1.1" 404 1104
180.156.150.85 - - [03/May/2020:10:04:37 +0800] "POST /xingrg/kc/buy/cgsh_order_operate.html HTTP/1.1" 200 45180
116.228.172.94 - - [03/May/2020:10:04:37 +0800] "GET /xingrg/all/function/internal_message.html?_=1588470693826&CODE_STATE=getMsg HTTP/1.1" 200 27
180.162.232.172 - - [03/May/2020:10:04:40 +0800] "GET /xingrg/all/function/internal_message.html?_=1588471611489&CODE_STATE=getMsg HTTP/1.1" 200 27
117.131.5.26 - - [03/May/2020:10:04:41 +0800] "GET /xingrg/all/function/internal_message.html?_=1588471494796&CODE_STATE=getMsg HTTP/1.1" 200 27
172.17.0.108 - - [03/May/2020:10:04:43 +0800] "GET /xingrg/kc/buy/cgsh_order_info.html?code=212020042706960 HTTP/1.1" 200 52984
172.17.0.108 - - [03/May/2020:10:04:43 +0800] "GET /xingrg/javascript/easyui/themes/default/validatebox.css HTTP/1.1" 404 1104
172.17.0.108 - - [03/May/2020:10:04:43 +0800] "POST /xingrg/kc/buy/cgsh_order_operate.html HTTP/1.1" 200 4187
172.17.0.120 - - [03/May/2020:10:04:44 +0800] "GET /xingrg/check_reg.html?_=1588471478992 HTTP/1.1" 200 22
172.17.0.120 - - [03/May/2020:10:04:44 +0800] "GET /xingrg/all/function/internal_message.html?_=1588471478993&CODE_STATE=getMsg HTTP/1.1" 200 27
172.17.0.108 - - [03/May/2020:10:04:44 +0800] "GET /xingrg/kc/print/load_data.html?order_code=212020042706960&kc_code=cgsh&condition= HTTP/1.1" 200 2071
172.17.0.108 - - [03/May/2020:10:04:47 +0800] "POST /xingrg/kc/buy/cgsh_list_operate.html HTTP/1.1" 200 9086
172.17.0.108 - - [03/May/2020:10:04:48 +0800] "POST /xingrg/kc/buy/cgsh_list_operate.html HTTP/1.1" 200 201
172.17.0.108 - - [03/May/2020:10:04:49 +0800] "GET /xingrg/kc/buy/cgsh_order_info.html?code=212020042907922 HTTP/1.1" 200 52996
172.17.0.108 - - [03/May/2020:10:04:49 +0800] "GET /xingrg/javascript/easyui/themes/default/validatebox.css HTTP/1.1" 404 1104
114.84.33.255 - - [03/May/2020:10:04:49 +0800] "GET /xingrg/all/function/internal_message.html?_=1588471485356&CODE_STATE=getMsg HTTP/1.1" 200 27
172.17.0.108 - - [03/May/2020:10:04:49 +0800] "POST /xingrg/kc/buy/cgsh_order_operate.html HTTP/1.1" 200 607
172.17.0.108 - - [03/May/2020:10:04:50 +0800] "GET /xingrg/kc/print/load_data.html?order_code=212020042907922&kc_code=cgsh&condition= HTTP/1.1" 200 714
58.40.7.146 - - [03/May/2020:10:04:50 +0800] "GET /xingrg/all/function/internal_message.html?_=1588471486520&CODE_STATE=getMsg HTTP/1.1" 200 27
58.40.7.146 - - [03/May/2020:10:04:50 +0800] "GET /xingrg/check_reg.html?_=1588471486521 HTTP/1.1" 200 22
222.70.183.62 - - [03/May/2020:10:04:51 +0800] "GET /xingrg/all/function/internal_message.html?_=1588471827099&CODE_STATE=getMsg HTTP/1.1" 200 27
172.17.0.108 - - [03/May/2020:10:04:52 +0800] "POST /xingrg/kc/buy/cgsh_list_operate.html HTTP/1.1" 200 9086
172.17.0.108 - - [03/May/2020:10:04:53 +0800] "POST /xingrg/kc/buy/cgsh_list_operate.html HTTP/1.1" 200 211
172.17.0.108 - - [03/May/2020:10:04:54 +0800] "GET /xingrg/kc/buy/cgsh_order_info.html?code=212020042907923 HTTP/1.1" 200 52996
172.17.0.108 - - [03/May/2020:10:04:55 +0800] "GET /xingrg/javascript/easyui/themes/default/validatebox.css HTTP/1.1" 404 1104
172.17.0.108 - - [03/May/2020:10:04:55 +0800] "POST /xingrg/kc/buy/cgsh_order_operate.html HTTP/1.1" 200 623
172.17.0.119 - - [03/May/2020:10:04:55 +0800] "GET /xingrg/all/function/internal_message.html?_=1588471493134&CODE_STATE=getMsg HTTP/1.1" 200 27
172.17.0.108 - - [03/May/2020:10:04:55 +0800] "GET /xingrg/kc/print/load_data.html?order_code=212020042907923&kc_code=cgsh&condition= HTTP/1.1" 200 730
172.17.0.108 - - [03/May/2020:10:04:58 +0800] "POST /xingrg/kc/buy/cgsh_list_operate.html HTTP/1.1" 200 9086
172.17.0.108 - - [03/May/2020:10:04:59 +0800] "POST /xingrg/kc/buy/cgsh_list_operate.html HTTP/1.1" 200 201
172.17.0.108 - - [03/May/2020:10:04:59 +0800] "GET /xingrg/kc/buy/cgsh_order_info.html?code=212020042907924 HTTP/1.1" 200 52996
172.17.0.108 - - [03/May/2020:10:04:59 +0800] "GET /xingrg/javascript/easyui/themes/default/validatebox.css HTTP/1.1" 404 1104
172.17.0.108 - - [03/May/2020:10:04:59 +0800] "POST /xingrg/kc/buy/cgsh_order_operate.html HTTP/1.1" 200 612
172.17.0.108 - - [03/May/2020:10:05:00 +0800] "GET /xingrg/kc/print/load_data.html?order_code=212020042907924&kc_code=cgsh&condition= HTTP/1.1" 200 720
180.162.232.172 - - [03/May/2020:10:05:01 +0800] "GET /xingrg/all/function/internal_message.html?_=1588471499430&CODE_STATE=getMsg HTTP/1.1" 200 27
180.156.150.85 - - [03/May/2020:10:05:01 +0800] "GET /xingrg/kc/buy/cgsh_order_operate.html?command=get_materiel&rest_code=00105&code=00101001010&supplier_code=00100203&order_time=2020-05-03 HTTP/1.1" 200 408
114.84.33.255 - - [03/May/2020:10:05:02 +0800] "GET /xingrg/all/function/internal_message.html?_=1588471524524&CODE_STATE=getMsg HTTP/1.1" 200 27
172.17.0.185 - - [03/May/2020:10:05:03 +0800] "GET /xingrg/all/function/internal_message.html?_=1588471497570&CODE_STATE=getMsg HTTP/1.1" 200 27
172.17.0.108 - - [03/May/2020:10:05:03 +0800] "POST /xingrg/kc/buy/cgsh_list_operate.html HTTP/1.1" 200 9086
172.17.0.108 - - [03/May/2020:10:05:03 +0800] "POST /xingrg/kc/buy/cgsh_list_operate.html HTTP/1.1" 200 205
172.17.0.108 - - [03/May/2020:10:05:04 +0800] "GET /xingrg/kc/buy/cgsh_order_info.html?code=212020042907925 HTTP/1.1" 200 52992
172.17.0.108 - - [03/May/2020:10:05:04 +0800] "GET /xingrg/javascript/easyui/themes/default/validatebox.css HTTP/1.1" 404 1104
172.17.0.108 - - [03/May/2020:10:05:04 +0800] "POST /xingrg/kc/buy/cgsh_order_operate.html HTTP/1.1" 200 618
172.17.0.108 - - [03/May/2020:10:05:05 +0800] "GET /xingrg/kc/print/load_data.html?order_code=212020042907925&kc_code=cgsh&condition= HTTP/1.1" 200 762
114.86.190.97 - - [03/May/2020:10:05:07 +0800] "GET /xingrg/all/function/internal_message.html?_=1588471503524&CODE_STATE=getMsg HTTP/1.1" 200 27
172.17.0.108 - - [03/May/2020:10:05:07 +0800] "POST /xingrg/kc/buy/cgsh_list_operate.html HTTP/1.1" 200 9086
172.17.0.108 - - [03/May/2020:10:05:08 +0800] "POST /xingrg/kc/buy/cgsh_list_operate.html HTTP/1.1" 200 423
172.17.0.108 - - [03/May/2020:10:05:08 +0800] "GET /xingrg/kc/buy/cgsh_order_info.html?code=212020042907926 HTTP/1.1" 200 52996
172.17.0.108 - - [03/May/2020:10:05:08 +0800] "GET /xingrg/javascript/easyui/themes/default/validatebox.css HTTP/1.1" 404 1104
172.17.0.108 - - [03/May/2020:10:05:09 +0800] "POST /xingrg/kc/buy/cgsh_order_operate.html HTTP/1.1" 200 2386
222.70.183.62 - - [03/May/2020:10:05:09 +0800] "GET /xingrg/all/function/internal_message.html?_=1588471506293&CODE_STATE=getMsg HTTP/1.1" 200 27
172.17.0.108 - - [03/May/2020:10:05:09 +0800] "GET /xingrg/kc/print/load_data.html?order_code=212020042907926&kc_code=cgsh&condition= HTTP/1.1" 200 1390
180.161.113.183 - - [03/May/2020:10:05:10 +0800] "GET /xingrg/kc/buy/cgsh_order_add.html HTTP/1.1" 200 58108
180.161.113.183 - - [03/May/2020:10:05:10 +0800] "POST /xingrg/kc/buy/cgsh_order_operate.html HTTP/1.1" 200 8245
180.161.113.183 - - [03/May/2020:10:05:11 +0800] "GET /xingrg/javascript/easyui/themes/default/validatebox.css HTTP/1.1" 404 1104
114.84.32.201 - - [03/May/2020:10:05:14 +0800] "GET /xingrg/all/function/internal_message.html?_=1588471510358&CODE_STATE=getMsg HTTP/1.1" 200 27
180.156.150.85 - - [03/May/2020:10:05:16 +0800] "GET /xingrg/kc/buy/cgsh_order_operate.html?command=get_materiel&rest_code=00105&code=00101008038&supplier_code=00100203&order_time=2020-05-03 HTTP/1.1" 200 412
172.17.0.108 - - [03/May/2020:10:05:17 +0800] "POST /xingrg/kc/buy/cgsh_list_operate.html HTTP/1.1" 200 9086
172.17.0.108 - - [03/May/2020:10:05:18 +0800] "POST /xingrg/kc/buy/cgsh_list_operate.html HTTP/1.1" 200 201
222.69.137.130 - - [03/May/2020:10:05:18 +0800] "GET /xingrg/all/function/internal_message.html?_=1588471514552&CODE_STATE=getMsg HTTP/1.1" 200 27
172.17.0.108 - - [03/May/2020:10:05:18 +0800] "GET /xingrg/kc/buy/cgsh_order_info.html?code=212020042907927 HTTP/1.1" 200 52995
172.17.0.108 - - [03/May/2020:10:05:18 +0800] "GET /xingrg/javascript/easyui/themes/default/validatebox.css HTTP/1.1" 404 1104
172.17.0.108 - - [03/May/2020:10:05:19 +0800] "POST /xingrg/kc/buy/cgsh_order_operate.html HTTP/1.1" 200 606
172.17.0.108 - - [03/May/2020:10:05:19 +0800] "GET /xingrg/kc/print/load_data.html?order_code=212020042907927&kc_code=cgsh&condition= HTTP/1.1" 200 704
172.17.0.108 - - [03/May/2020:10:05:22 +0800] "POST /xingrg/kc/buy/cgsh_list_operate.html HTTP/1.1" 200 9086
172.17.0.108 - - [03/May/2020:10:05:23 +0800] "POST /xingrg/kc/buy/cgsh_list_operate.html HTTP/1.1" 200 201
172.17.0.108 - - [03/May/2020:10:05:23 +0800] "GET /xingrg/kc/buy/cgsh_order_info.html?code=212020042907928 HTTP/1.1" 200 52994
172.17.0.108 - - [03/May/2020:10:05:24 +0800] "GET /xingrg/javascript/easyui/themes/default/validatebox.css HTTP/1.1" 404 1104
120.253.135.82 - - [03/May/2020:10:05:24 +0800] "GET /xingrg/all/function/internal_message.html?_=1588471655956&CODE_STATE=getMsg HTTP/1.1" 200 27
172.17.0.108 - - [03/May/2020:10:05:24 +0800] "POST /xingrg/kc/buy/cgsh_order_operate.html HTTP/1.1" 200 607
172.17.0.108 - - [03/May/2020:10:05:25 +0800] "GET /xingrg/kc/print/load_data.html?order_code=212020042907928&kc_code=cgsh&condition= HTTP/1.1" 200 776
180.161.113.183 - - [03/May/2020:10:05:25 +0800] "GET /xingrg/kc/buy/cgsh_order_operate.html?command=get_materiel&rest_code=00102&code=00101009049&supplier_code=00100096&order_time=2020-05-03 HTTP/1.1" 200 418
180.161.113.183 - - [03/May/2020:10:05:27 +0800] "GET /xingrg/check_reg.html?_=1588471715779 HTTP/1.1" 200 22
172.17.0.108 - - [03/May/2020:10:05:27 +0800] "POST /xingrg/kc/buy/cgsh_list_operate.html HTTP/1.1" 200 9086
172.17.0.108 - - [03/May/2020:10:05:28 +0800] "POST /xingrg/kc/buy/cgsh_list_operate.html HTTP/1.1" 200 202
172.17.0.108 - - [03/May/2020:10:05:28 +0800] "GET /xingrg/kc/buy/cgsh_order_info.html?code=212020042907929 HTTP/1.1" 200 52994
172.17.0.108 - - [03/May/2020:10:05:28 +0800] "GET /xingrg/javascript/easyui/themes/default/validatebox.css HTTP/1.1" 404 1104
172.17.0.108 - - [03/May/2020:10:05:29 +0800] "POST /xingrg/kc/buy/cgsh_order_operate.html HTTP/1.1" 200 608
180.156.150.85 - - [03/May/2020:10:05:29 +0800] "GET /xingrg/all/function/internal_message.html?_=1588471527024&CODE_STATE=getMsg HTTP/1.1" 200 27
172.17.0.108 - - [03/May/2020:10:05:29 +0800] "GET /xingrg/kc/print/load_data.html?order_code=212020042907929&kc_code=cgsh&condition= HTTP/1.1" 200 715
172.17.0.112 - - [03/May/2020:10:05:32 +0800] "GET /xingrg/all/function/internal_message.html?_=1588471528860&CODE_STATE=getMsg HTTP/1.1" 200 27
172.17.0.108 - - [03/May/2020:10:05:33 +0800] "POST /xingrg/kc/buy/cgsh_list_operate.html HTTP/1.1" 200 9086
172.17.0.108 - - [03/May/2020:10:05:33 +0800] "POST /xingrg/kc/buy/cgsh_list_operate.html HTTP/1.1" 200 198
172.17.0.108 - - [03/May/2020:10:05:34 +0800] "GET /xingrg/kc/buy/cgsh_order_info.html?code=212020042907930 HTTP/1.1" 200 52996
172.17.0.108 - - [03/May/2020:10:05:34 +0800] "GET /xingrg/javascript/easyui/themes/default/validatebox.css HTTP/1.1" 404 1104
172.17.0.108 - - [03/May/2020:10:05:34 +0800] "GET /xingrg/check_reg.html?_=1588471526535 HTTP/1.1" 200 22
172.17.0.108 - - [03/May/2020:10:05:34 +0800] "POST /xingrg/kc/buy/cgsh_order_operate.html HTTP/1.1" 200 602
172.17.0.108 - - [03/May/2020:10:05:34 +0800] "GET /xingrg/all/function/internal_message.html?_=1588471526783&CODE_STATE=getMsg HTTP/1.1" 200 27
172.17.0.108 - - [03/May/2020:10:05:35 +0800] "GET /xingrg/kc/print/load_data.html?order_code=212020042907930&kc_code=cgsh&condition= HTTP/1.1" 200 705
180.161.113.183 - - [03/May/2020:10:05:35 +0800] "GET /xingrg/all/function/internal_message.html?_=1588471723729&CODE_STATE=getMsg HTTP/1.1" 200 27
116.228.172.94 - - [03/May/2020:10:05:36 +0800] "GET /xingrg/check_reg.html?_=1588470752409 HTTP/1.1" 200 22
116.228.172.94 - - [03/May/2020:10:05:37 +0800] "GET /xingrg/all/function/internal_message.html?_=1588470753834&CODE_STATE=getMsg HTTP/1.1" 200 27
172.17.0.108 - - [03/May/2020:10:05:38 +0800] "POST /xingrg/kc/buy/cgsh_list_operate.html HTTP/1.1" 200 9086
172.17.0.108 - - [03/May/2020:10:05:39 +0800] "POST /xingrg/kc/buy/cgsh_list_operate.html HTTP/1.1" 200 200
172.17.0.108 - - [03/May/2020:10:05:39 +0800] "GET /xingrg/kc/buy/cgsh_order_info.html?code=212020042907931 HTTP/1.1" 200 52992
172.17.0.108 - - [03/May/2020:10:05:39 +0800] "GET /xingrg/javascript/easyui/themes/default/validatebox.css HTTP/1.1" 404 1104
172.17.0.108 - - [03/May/2020:10:05:39 +0800] "POST /xingrg/kc/buy/cgsh_order_operate.html HTTP/1.1" 200 606
180.162.232.172 - - [03/May/2020:10:05:40 +0800] "GET /xingrg/all/function/internal_message.html?_=1588471671538&CODE_STATE=getMsg HTTP/1.1" 200 27
172.17.0.108 - - [03/May/2020:10:05:40 +0800] "GET /xingrg/kc/print/load_data.html?order_code=212020042907931&kc_code=cgsh&condition= HTTP/1.1" 200 704
117.131.5.26 - - [03/May/2020:10:05:41 +0800] "GET /xingrg/all/function/internal_message.html?_=1588471554796&CODE_STATE=getMsg HTTP/1.1" 200 27
114.86.190.97 - - [03/May/2020:10:05:41 +0800] "GET /favicon.ico HTTP/1.1" 404 -
172.17.0.108 - - [03/May/2020:10:05:43 +0800] "POST /xingrg/kc/buy/cgsh_list_operate.html HTTP/1.1" 200 9086
114.86.190.97 - - [03/May/2020:10:05:43 +0800] "GET /xingrg/kc/buy/cgsh_order_list.html HTTP/1.1" 200 42587
114.86.190.97 - - [03/May/2020:10:05:43 +0800] "GET /xingrg/css/base.css HTTP/1.1" 304 -
114.86.190.97 - - [03/May/2020:10:05:43 +0800] "GET /xingrg/css/site.css HTTP/1.1" 304 -
114.86.190.97 - - [03/May/2020:10:05:43 +0800] "GET /xingrg/javascript/jquery_tools/datebox.css HTTP/1.1" 304 -
114.86.190.97 - - [03/May/2020:10:05:43 +0800] "GET /xingrg/javascript/jquery_tools/fix.css HTTP/1.1" 304 -
114.86.190.97 - - [03/May/2020:10:05:43 +0800] "GET /xingrg/javascript/jquery_tools/jquery.tools.extend.js HTTP/1.1" 304 -
114.86.190.97 - - [03/May/2020:10:05:43 +0800] "GET /xingrg/javascript/easyui/themes/icon.css HTTP/1.1" 304 -
114.86.190.97 - - [03/May/2020:10:05:43 +0800] "GET /xingrg/javascript/easyui/themes/default/easyui.css HTTP/1.1" 304 -
114.86.190.97 - - [03/May/2020:10:05:43 +0800] "GET /xingrg/javascript/auto/jquery.autocomplete.js HTTP/1.1" 304 -
114.86.190.97 - - [03/May/2020:10:05:43 +0800] "GET /xingrg/javascript/jquery_tools/table.css HTTP/1.1" 304 -
114.86.190.97 - - [03/May/2020:10:05:43 +0800] "GET /xingrg/javascript/jquery_tools/jquery.tools.min.js HTTP/1.1" 304 -
114.86.190.97 - - [03/May/2020:10:05:43 +0800] "GET /xingrg/javascript/auto/jquery.autocomplete.css HTTP/1.1" 304 -
114.86.190.97 - - [03/May/2020:10:05:43 +0800] "GET /xingrg/javascript/jquery_tools/jquery.tools.table.js HTTP/1.1" 304 -
114.86.190.97 - - [03/May/2020:10:05:43 +0800] "GET /xingrg/javascript/jquery_tools/list_manager.js HTTP/1.1" 304 -
114.86.190.97 - - [03/May/2020:10:05:43 +0800] "GET /xingrg/javascript/jquery_tools/jquery.tools.hotkey.js HTTP/1.1" 304 -
114.86.190.97 - - [03/May/2020:10:05:43 +0800] "GET /xingrg/javascript/print/LodopFuncs.js HTTP/1.1" 304 -
114.86.190.97 - - [03/May/2020:10:05:43 +0800] "GET /xingrg/javascript/easyui/easyloader.js HTTP/1.1" 304 -
114.86.190.97 - - [03/May/2020:10:05:43 +0800] "GET /xingrg/javascript/jquery.cookie.js HTTP/1.1" 304 -
114.86.190.97 - - [03/May/2020:10:05:43 +0800] "GET /xingrg/javascript/jquery.utils.js HTTP/1.1" 304 -
114.86.190.97 - - [03/May/2020:10:05:43 +0800] "GET /xingrg/javascript/easyui/plugins/jquery.parser.js HTTP/1.1" 304 -
172.17.0.108 - - [03/May/2020:10:05:43 +0800] "POST /xingrg/kc/buy/cgsh_list_operate.html HTTP/1.1" 200 281
114.86.190.97 - - [03/May/2020:10:05:43 +0800] "POST /xingrg/kc/buy/cgsh_list_operate.html HTTP/1.1" 200 876
172.17.0.108 - - [03/May/2020:10:05:43 +0800] "GET /xingrg/kc/buy/cgsh_order_info.html?code=212020042907932 HTTP/1.1" 200 52992
172.17.0.108 - - [03/May/2020:10:05:44 +0800] "GET /xingrg/javascript/easyui/themes/default/validatebox.css HTTP/1.1" 404 1104
172.17.0.108 - - [03/May/2020:10:05:44 +0800] "POST /xingrg/kc/buy/cgsh_order_operate.html HTTP/1.1" 200 1212
114.86.190.97 - - [03/May/2020:10:05:44 +0800] "GET /xingrg/javascript/easyui/themes/default/images/button_plain_hover.png HTTP/1.1" 304 -
114.86.190.97 - - [03/May/2020:10:05:44 +0800] "GET /xingrg/javascript/easyui/themes/default/images/button_plain_hover.png HTTP/1.1" 304 -
114.86.190.97 - - [03/May/2020:10:05:44 +0800] "GET /xingrg/javascript/easyui/themes/default/images/button_plain_hover.png HTTP/1.1" 304 -
114.86.190.97 - - [03/May/2020:10:05:44 +0800] "GET /xingrg/javascript/easyui/themes/default/images/button_plain_hover.png HTTP/1.1" 304 -
172.17.0.120 - - [03/May/2020:10:05:44 +0800] "GET /xingrg/all/function/internal_message.html?_=1588471538995&CODE_STATE=getMsg HTTP/1.1" 200 27
172.17.0.108 - - [03/May/2020:10:05:45 +0800] "GET /xingrg/kc/print/load_data.html?order_code=212020042907932&kc_code=cgsh&condition= HTTP/1.1" 200 1024
180.156.150.85 - - [03/May/2020:10:05:45 +0800] "GET /xingrg/kc/buy/cgsh_order_operate.html?command=get_materiel&rest_code=00105&code=00101008069&supplier_code=00100203&order_time=2020-05-03 HTTP/1.1" 200 412
180.161.113.183 - - [03/May/2020:10:05:46 +0800] "GET /xingrg/kc/buy/cgsh_order_operate.html?command=get_materiel&rest_code=00102&code=00101009011&supplier_code=00100096&order_time=2020-05-03 HTTP/1.1" 200 416
114.86.190.97 - - [03/May/2020:10:05:47 +0800] "GET /xingrg/javascript/easyui/themes/default/images/button_plain_hover.png HTTP/1.1" 304 -
114.86.190.97 - - [03/May/2020:10:05:47 +0800] "GET /xingrg/javascript/easyui/themes/default/images/button_plain_hover.png HTTP/1.1" 304 -
114.86.190.97 - - [03/May/2020:10:05:47 +0800] "GET /xingrg/javascript/easyui/themes/default/images/button_plain_hover.png HTTP/1.1" 304 -
114.86.190.97 - - [03/May/2020:10:05:47 +0800] "GET /xingrg/javascript/easyui/themes/default/images/button_plain_hover.png HTTP/1.1" 304 -
114.86.190.97 - - [03/May/2020:10:05:47 +0800] "GET /xingrg/css/site.css HTTP/1.1" 304 -
114.86.190.97 - - [03/May/2020:10:05:47 +0800] "GET /xingrg/css/base.css HTTP/1.1" 304 -
114.86.190.97 - - [03/May/2020:10:05:47 +0800] "GET /xingrg/javascript/jquery_tools/datebox.css HTTP/1.1" 304 -
114.86.190.97 - - [03/May/2020:10:05:47 +0800] "GET /xingrg/javascript/jquery_tools/jquery.tools.min.js HTTP/1.1" 304 -
114.86.190.97 - - [03/May/2020:10:05:47 +0800] "GET /xingrg/javascript/jquery_tools/jquery.tools.extend.js HTTP/1.1" 304 -
114.86.190.97 - - [03/May/2020:10:05:47 +0800] "GET /xingrg/javascript/jquery_tools/jquery.tools.hotkey.js HTTP/1.1" 304 -
114.86.190.97 - - [03/May/2020:10:05:47 +0800] "GET /xingrg/javascript/easyui/themes/default/easyui.css HTTP/1.1" 304 -
114.86.190.97 - - [03/May/2020:10:05:47 +0800] "GET /xingrg/javascript/auto/jquery.autocomplete.css HTTP/1.1" 304 -
114.86.190.97 - - [03/May/2020:10:05:47 +0800] "GET /xingrg/javascript/easyui/themes/icon.css HTTP/1.1" 304 -
114.86.190.97 - - [03/May/2020:10:05:47 +0800] "GET /xingrg/javascript/jquery_tools/fix.css HTTP/1.1" 304 -
114.86.190.97 - - [03/May/2020:10:05:47 +0800] "GET /xingrg/javascript/jquery_tools/table.css HTTP/1.1" 304 -
114.86.190.97 - - [03/May/2020:10:05:47 +0800] "GET /xingrg/javascript/pic_change.js HTTP/1.1" 304 -
114.86.190.97 - - [03/May/2020:10:05:47 +0800] "GET /xingrg/javascript/jquery_tools/jquery.tools.table.js HTTP/1.1" 304 -
114.86.190.97 - - [03/May/2020:10:05:47 +0800] "GET /xingrg/javascript/auto/jquery.autocomplete.js HTTP/1.1" 304 -
114.86.190.97 - - [03/May/2020:10:05:47 +0800] "GET /xingrg/kc/buy/cgsh_order_add.html HTTP/1.1" 200 58196
114.86.190.97 - - [03/May/2020:10:05:47 +0800] "GET /xingrg/javascript/easyui/easyloader.js HTTP/1.1" 304 -
114.86.190.97 - - [03/May/2020:10:05:47 +0800] "GET /xingrg/javascript/jquery.utils.js HTTP/1.1" 304 -
114.86.190.97 - - [03/May/2020:10:05:47 +0800] "GET /xingrg/javascript/jquery_tools/order_manager.js HTTP/1.1" 304 -
114.86.190.97 - - [03/May/2020:10:05:47 +0800] "GET /xingrg/javascript/convert.js HTTP/1.1" 304 -
114.86.190.97 - - [03/May/2020:10:05:47 +0800] "GET /xingrg/javascript/json2.js HTTP/1.1" 304 -
114.86.190.97 - - [03/May/2020:10:05:47 +0800] "GET /xingrg/javascript/jquery.cookie.js HTTP/1.1" 304 -
114.86.190.97 - - [03/May/2020:10:05:47 +0800] "GET /xingrg/javascript/print/LodopFuncs.js HTTP/1.1" 304 -
114.86.190.97 - - [03/May/2020:10:05:47 +0800] "GET /xingrg/javascript/print/kc_print.js HTTP/1.1" 304 -
114.86.190.97 - - [03/May/2020:10:05:47 +0800] "GET /xingrg/words/20200502163951_words.js HTTP/1.1" 304 -
114.86.190.97 - - [03/May/2020:10:05:47 +0800] "GET /xingrg/javascript/easyui/themes/icons/copy_new.png HTTP/1.1" 304 -
114.86.190.97 - - [03/May/2020:10:05:47 +0800] "GET /xingrg/javascript/easyui/themes/icons/template_new.png HTTP/1.1" 304 -
114.86.190.97 - - [03/May/2020:10:05:47 +0800] "GET /xingrg/javascript/easyui/themes/icons/ok.png HTTP/1.1" 304 -
114.86.190.97 - - [03/May/2020:10:05:47 +0800] "GET /xingrg/javascript/easyui/themes/icons/print.png HTTP/1.1" 304 -
114.86.190.97 - - [03/May/2020:10:05:47 +0800] "GET /xingrg/javascript/easyui/themes/default/images/menu_downarrow.png HTTP/1.1" 304 -
114.86.190.97 - - [03/May/2020:10:05:47 +0800] "GET /xingrg/javascript/easyui/themes/icons/cancel.png HTTP/1.1" 304 -
114.86.190.97 - - [03/May/2020:10:05:47 +0800] "GET /xingrg/javascript/easyui/plugins/jquery.parser.js HTTP/1.1" 304 -
114.86.190.97 - - [03/May/2020:10:05:47 +0800] "POST /xingrg/kc/buy/cgsh_order_operate.html HTTP/1.1" 200 8245
114.86.190.97 - - [03/May/2020:10:05:47 +0800] "GET /xingrg/javascript/easyui/themes/icons/edit_remove.png HTTP/1.1" 304 -
114.86.190.97 - - [03/May/2020:10:05:47 +0800] "GET /xingrg/javascript/easyui/themes/default/images/button_plain_hover.png HTTP/1.1" 304 -
114.86.190.97 - - [03/May/2020:10:05:47 +0800] "GET /xingrg/all/common/auto_word.html?type=employee&rest_code=00148 HTTP/1.1" 200 147
114.86.190.97 - - [03/May/2020:10:05:47 +0800] "GET /xingrg/all/common/auto_word.html?type=employee&rest_code=00148 HTTP/1.1" 200 147
114.86.190.97 - - [03/May/2020:10:05:47 +0800] "GET /xingrg/javascript/easyui/themes/default/images/button_plain_hover.png HTTP/1.1" 304 -
114.86.190.97 - - [03/May/2020:10:05:48 +0800] "GET /xingrg/javascript/easyui/themes/default/validatebox.css HTTP/1.1" 404 1104
172.17.0.108 - - [03/May/2020:10:05:48 +0800] "POST /xingrg/kc/buy/cgsh_list_operate.html HTTP/1.1" 200 9086
114.86.190.97 - - [03/May/2020:10:05:48 +0800] "GET /xingrg/javascript/easyui/plugins/jquery.validatebox.js HTTP/1.1" 304 -
114.86.190.97 - - [03/May/2020:10:05:48 +0800] "GET /xingrg/javascript/easyui/plugins/jquery.numberbox.js HTTP/1.1" 304 -
114.84.33.255 - - [03/May/2020:10:05:49 +0800] "GET /xingrg/all/function/internal_message.html?_=1588471545371&CODE_STATE=getMsg HTTP/1.1" 200 27
172.17.0.108 - - [03/May/2020:10:05:50 +0800] "POST /xingrg/kc/buy/cgsh_list_operate.html HTTP/1.1" 200 277
172.17.0.108 - - [03/May/2020:10:05:50 +0800] "GET /xingrg/kc/buy/cgsh_order_info.html?code=212020042907933 HTTP/1.1" 200 52995
117.131.5.26 - - [03/May/2020:10:05:50 +0800] "GET /xingrg/check_reg.html?_=1588471564234 HTTP/1.1" 200 22
58.40.7.146 - - [03/May/2020:10:05:50 +0800] "GET /xingrg/all/function/internal_message.html?_=1588471546507&CODE_STATE=getMsg HTTP/1.1" 200 27
172.17.0.108 - - [03/May/2020:10:05:50 +0800] "GET /xingrg/javascript/easyui/themes/default/validatebox.css HTTP/1.1" 404 1104
172.17.0.108 - - [03/May/2020:10:05:50 +0800] "POST /xingrg/kc/buy/cgsh_order_operate.html HTTP/1.1" 200 1201
222.70.183.62 - - [03/May/2020:10:05:51 +0800] "GET /xingrg/all/function/internal_message.html?_=1588471887104&CODE_STATE=getMsg HTTP/1.1" 200 27
172.17.0.108 - - [03/May/2020:10:05:51 +0800] "GET /xingrg/kc/print/load_data.html?order_code=212020042907933&kc_code=cgsh&condition= HTTP/1.1" 200 938
172.17.0.108 - - [03/May/2020:10:05:54 +0800] "POST /xingrg/kc/buy/cgsh_list_operate.html HTTP/1.1" 200 9086
180.156.150.85 - - [03/May/2020:10:05:55 +0800] "POST /xingrg/kc/buy/cgsh_order_operate.html HTTP/1.1" 200 2065
172.17.0.119 - - [03/May/2020:10:05:55 +0800] "GET /xingrg/all/function/internal_message.html?_=1588471553109&CODE_STATE=getMsg HTTP/1.1" 200 27
172.17.0.108 - - [03/May/2020:10:05:57 +0800] "POST /xingrg/kc/buy/cgsh_list_operate.html HTTP/1.1" 200 212
172.17.0.108 - - [03/May/2020:10:05:57 +0800] "GET /xingrg/kc/buy/cgsh_order_info.html?code=212020042907934 HTTP/1.1" 200 52986
180.161.113.183 - - [03/May/2020:10:05:57 +0800] "GET /xingrg/kc/buy/cgsh_order_operate.html?command=get_materiel&rest_code=00102&code=00101009066&supplier_code=00100096&order_time=2020-05-03 HTTP/1.1" 200 418
180.156.150.85 - - [03/May/2020:10:05:57 +0800] "POST /xingrg/kc/buy/cgsh_order_operate.html HTTP/1.1" 200 2065
172.17.0.108 - - [03/May/2020:10:05:57 +0800] "GET /xingrg/javascript/easyui/themes/default/validatebox.css HTTP/1.1" 404 1104
172.17.0.108 - - [03/May/2020:10:05:57 +0800] "POST /xingrg/kc/buy/cgsh_order_operate.html HTTP/1.1" 200 629
172.17.0.108 - - [03/May/2020:10:05:58 +0800] "GET /xingrg/kc/print/load_data.html?order_code=212020042907934&kc_code=cgsh&condition= HTTP/1.1" 200 720
180.156.150.85 - - [03/May/2020:10:05:58 +0800] "POST /xingrg/kc/buy/cgsh_order_operate.html HTTP/1.1" 200 2065
172.17.0.108 - - [03/May/2020:10:06:01 +0800] "POST /xingrg/kc/buy/cgsh_list_operate.html HTTP/1.1" 200 9086
180.162.232.172 - - [03/May/2020:10:06:01 +0800] "GET /xingrg/all/function/internal_message.html?_=1588471559435&CODE_STATE=getMsg HTTP/1.1" 200 27
114.84.33.255 - - [03/May/2020:10:06:02 +0800] "GET /xingrg/all/function/internal_message.html?_=1588471584524&CODE_STATE=getMsg HTTP/1.1" 200 27
172.17.0.185 - - [03/May/2020:10:06:03 +0800] "GET /xingrg/all/function/internal_message.html?_=1588471557594&CODE_STATE=getMsg HTTP/1.1" 200 27
114.86.190.97 - - [03/May/2020:10:06:07 +0800] "GET /xingrg/check_reg.html?_=1588471563009 HTTP/1.1" 200 22
114.86.190.97 - - [03/May/2020:10:06:07 +0800] "GET /xingrg/all/function/internal_message.html?_=1588471563537&CODE_STATE=getMsg HTTP/1.1" 200 27
222.70.183.62 - - [03/May/2020:10:06:09 +0800] "GET /xingrg/check_reg.html?_=1588471565964 HTTP/1.1" 200 22
222.70.183.62 - - [03/May/2020:10:06:09 +0800] "GET /xingrg/all/function/internal_message.html?_=1588471566307&CODE_STATE=getMsg HTTP/1.1" 200 27
180.161.113.183 - - [03/May/2020:10:06:10 +0800] "GET /xingrg/kc/buy/cgsh_order_operate.html?command=get_materiel&rest_code=00102&code=00101009053&supplier_code=00100096&order_time=2020-05-03 HTTP/1.1" 200 408
