180.161.113.183 - - [03/May/2020:09:17:27 +0800] "GET /xingrg/all/function/internal_message.html?_=1588468835605&CODE_STATE=getMsg HTTP/1.1" 200 27
180.156.150.85 - - [03/May/2020:09:17:29 +0800] "GET /xingrg/all/function/internal_message.html?_=1588468646927&CODE_STATE=getMsg HTTP/1.1" 200 27
172.17.0.112 - - [03/May/2020:09:17:31 +0800] "GET /xingrg/all/function/internal_message.html?_=1588468648852&CODE_STATE=getMsg HTTP/1.1" 200 27
172.17.0.108 - - [03/May/2020:09:17:32 +0800] "GET /xingrg/check_reg.html?_=1588468645116 HTTP/1.1" 200 22
117.185.32.26 - - [03/May/2020:09:17:34 +0800] "GET /xingrg/kc/buy/cgsh_order_operate.html?command=get_materiel&rest_code=00106&code=00101008355&supplier_code=00100007&order_time=2020-05-03 HTTP/1.1" 200 408
116.228.172.94 - - [03/May/2020:09:17:35 +0800] "GET /xingrg/all/function/internal_message.html?_=1588467871302&CODE_STATE=getMsg HTTP/1.1" 200 27
180.162.232.172 - - [03/May/2020:09:17:39 +0800] "POST /xingrg/kc/buy/cgsh_order_operate.html HTTP/1.1" 200 37
117.131.5.26 - - [03/May/2020:09:17:41 +0800] "GET /xingrg/all/function/internal_message.html?_=1588468674593&CODE_STATE=getMsg HTTP/1.1" 200 27
180.162.232.172 - - [03/May/2020:09:17:42 +0800] "POST /xingrg/kc/buy/cgsh_order_operate.html HTTP/1.1" 200 12
180.162.232.172 - - [03/May/2020:09:17:43 +0800] "GET /xingrg/kc/buy/cgsh_order_info.html?code=212020050300796 HTTP/1.1" 200 53022
180.162.232.172 - - [03/May/2020:09:17:44 +0800] "GET /xingrg/javascript/easyui/themes/default/validatebox.css HTTP/1.1" 404 1104
117.185.32.26 - - [03/May/2020:09:17:44 +0800] "GET /xingrg/all/function/internal_message.html?_=1588469078801&CODE_STATE=getMsg HTTP/1.1" 200 27
180.162.232.172 - - [03/May/2020:09:17:44 +0800] "POST /xingrg/kc/buy/cgsh_order_operate.html HTTP/1.1" 200 1190
180.162.232.172 - - [03/May/2020:09:17:45 +0800] "GET /xingrg/kc/print/load_data.html?order_code=212020050300796&kc_code=cgsh&condition= HTTP/1.1" 200 1004
117.185.32.26 - - [03/May/2020:09:17:48 +0800] "GET /xingrg/kc/buy/cgsh_order_operate.html?command=get_materiel&rest_code=00106&code=00101008144&supplier_code=00100007&order_time=2020-05-03 HTTP/1.1" 200 412
114.84.33.255 - - [03/May/2020:09:17:48 +0800] "GET /xingrg/check_reg.html?_=1588468664474 HTTP/1.1" 200 22
114.84.33.255 - - [03/May/2020:09:17:49 +0800] "GET /xingrg/all/function/internal_message.html?_=1588468664717&CODE_STATE=getMsg HTTP/1.1" 200 27
58.40.7.146 - - [03/May/2020:09:17:50 +0800] "GET /xingrg/all/function/internal_message.html?_=1588468666477&CODE_STATE=getMsg HTTP/1.1" 200 27
180.156.150.85 - - [03/May/2020:09:17:50 +0800] "GET /xingrg/kc/buy/cgsh_order_operate.html?command=get_materiel&rest_code=00105&code=00101008355&supplier_code=00100203&order_time=2020-05-03 HTTP/1.1" 200 408
222.70.183.62 - - [03/May/2020:09:17:51 +0800] "GET /xingrg/all/function/internal_message.html?_=1588469007021&CODE_STATE=getMsg HTTP/1.1" 200 27
222.70.183.62 - - [03/May/2020:09:17:51 +0800] "GET /xingrg/check_reg.html?_=1588469007023 HTTP/1.1" 200 22
180.162.232.172 - - [03/May/2020:09:17:51 +0800] "GET /xingrg/all/function/internal_message.html?_=1588468669238&CODE_STATE=getMsg HTTP/1.1" 200 27
114.84.33.255 - - [03/May/2020:09:17:57 +0800] "GET /xingrg/all/function/internal_message.html?_=1588468699427&CODE_STATE=getMsg HTTP/1.1" 200 27
172.17.0.185 - - [03/May/2020:09:18:02 +0800] "GET /xingrg/check_reg.html?_=1588468677564 HTTP/1.1" 200 22
172.17.0.185 - - [03/May/2020:09:18:02 +0800] "GET /xingrg/all/function/internal_message.html?_=1588468677568&CODE_STATE=getMsg HTTP/1.1" 200 27
180.156.150.85 - - [03/May/2020:09:18:03 +0800] "GET /xingrg/kc/buy/cgsh_order_operate.html?command=get_materiel&rest_code=00105&code=00101008264&supplier_code=00100203&order_time=2020-05-03 HTTP/1.1" 200 412
117.185.32.26 - - [03/May/2020:09:18:10 +0800] "GET /xingrg/kc/buy/cgsh_order_operate.html?command=get_materiel&rest_code=00106&code=00101008264&supplier_code=00100007&order_time=2020-05-03 HTTP/1.1" 200 412
114.84.32.201 - - [03/May/2020:09:18:14 +0800] "GET /xingrg/all/function/internal_message.html?_=1588468690300&CODE_STATE=getMsg HTTP/1.1" 200 27
180.156.150.85 - - [03/May/2020:09:18:15 +0800] "GET /xingrg/kc/buy/cgsh_order_operate.html?command=get_materiel&rest_code=00105&code=00101008362&supplier_code=00100203&order_time=2020-05-03 HTTP/1.1" 200 408
222.69.137.130 - - [03/May/2020:09:18:18 +0800] "GET /xingrg/all/function/internal_message.html?_=1588468694500&CODE_STATE=getMsg HTTP/1.1" 200 27
117.185.32.26 - - [03/May/2020:09:18:22 +0800] "GET /xingrg/kc/buy/cgsh_order_operate.html?command=get_materiel&rest_code=00106&code=00101008360&supplier_code=00100007&order_time=2020-05-03 HTTP/1.1" 200 412
120.253.135.82 - - [03/May/2020:09:18:22 +0800] "GET /xingrg/check_reg.html?_=1588468834199 HTTP/1.1" 200 22
120.253.135.82 - - [03/May/2020:09:18:23 +0800] "GET /xingrg/all/function/internal_message.html?_=1588468835318&CODE_STATE=getMsg HTTP/1.1" 200 27
172.17.0.108 - - [03/May/2020:09:18:24 +0800] "GET /xingrg/all/function/internal_message.html?_=1588468696998&CODE_STATE=getMsg HTTP/1.1" 200 27
180.156.150.85 - - [03/May/2020:09:18:25 +0800] "GET /xingrg/kc/buy/cgsh_order_operate.html?command=get_materiel&rest_code=00105&code=00101008196&supplier_code=00100203&order_time=2020-05-03 HTTP/1.1" 200 416
180.161.113.183 - - [03/May/2020:09:18:27 +0800] "GET /xingrg/all/function/internal_message.html?_=1588468895619&CODE_STATE=getMsg HTTP/1.1" 200 27
180.156.150.85 - - [03/May/2020:09:18:29 +0800] "GET /xingrg/check_reg.html?_=1588468706931 HTTP/1.1" 200 22
180.156.150.85 - - [03/May/2020:09:18:29 +0800] "GET /xingrg/all/function/internal_message.html?_=1588468706935&CODE_STATE=getMsg HTTP/1.1" 200 27
180.156.150.85 - - [03/May/2020:09:18:30 +0800] "POST /xingrg/kc/buy/cgsh_order_operate.html HTTP/1.1" 200 2065
172.17.0.112 - - [03/May/2020:09:18:31 +0800] "GET /xingrg/all/function/internal_message.html?_=1588468708856&CODE_STATE=getMsg HTTP/1.1" 200 27
117.185.32.26 - - [03/May/2020:09:18:32 +0800] "GET /xingrg/kc/buy/cgsh_order_operate.html?command=get_materiel&rest_code=00106&code=00101008059&supplier_code=00100007&order_time=2020-05-03 HTTP/1.1" 200 408
180.156.150.85 - - [03/May/2020:09:18:34 +0800] "POST /xingrg/kc/buy/cgsh_order_operate.html HTTP/1.1" 200 2065
116.228.172.94 - - [03/May/2020:09:18:35 +0800] "GET /xingrg/all/function/internal_message.html?_=1588467931464&CODE_STATE=getMsg HTTP/1.1" 200 27
117.131.5.26 - - [03/May/2020:09:18:41 +0800] "GET /xingrg/all/function/internal_message.html?_=1588468734593&CODE_STATE=getMsg HTTP/1.1" 200 27
117.185.32.26 - - [03/May/2020:09:18:42 +0800] "GET /xingrg/kc/buy/cgsh_order_operate.html?command=get_materiel&rest_code=00106&code=00101008357&supplier_code=00100007&order_time=2020-05-03 HTTP/1.1" 200 408
117.185.32.26 - - [03/May/2020:09:18:44 +0800] "GET /xingrg/all/function/internal_message.html?_=1588469138774&CODE_STATE=getMsg HTTP/1.1" 200 27
180.156.150.85 - - [03/May/2020:09:18:44 +0800] "GET /xingrg/kc/buy/cgsh_order_operate.html?command=get_materiel&rest_code=00105&code=00101008357&supplier_code=00100203&order_time=2020-05-03 HTTP/1.1" 200 408
114.84.33.255 - - [03/May/2020:09:18:49 +0800] "GET /xingrg/all/function/internal_message.html?_=1588468724731&CODE_STATE=getMsg HTTP/1.1" 200 27
58.40.7.146 - - [03/May/2020:09:18:50 +0800] "GET /xingrg/all/function/internal_message.html?_=1588468726479&CODE_STATE=getMsg HTTP/1.1" 200 27
180.156.150.85 - - [03/May/2020:09:18:50 +0800] "GET /xingrg/kc/buy/cgsh_order_operate.html?command=get_materiel&rest_code=00105&code=00101008036&supplier_code=00100203&order_time=2020-05-03 HTTP/1.1" 200 408
222.70.183.62 - - [03/May/2020:09:18:51 +0800] "GET /xingrg/all/function/internal_message.html?_=1588469067020&CODE_STATE=getMsg HTTP/1.1" 200 27
180.162.232.172 - - [03/May/2020:09:18:51 +0800] "GET /xingrg/all/function/internal_message.html?_=1588468729240&CODE_STATE=getMsg HTTP/1.1" 200 27
180.162.232.172 - - [03/May/2020:09:18:51 +0800] "GET /xingrg/check_reg.html?_=1588468729244 HTTP/1.1" 200 22
114.84.33.255 - - [03/May/2020:09:18:57 +0800] "GET /xingrg/all/function/internal_message.html?_=1588468759441&CODE_STATE=getMsg HTTP/1.1" 200 27
180.156.150.85 - - [03/May/2020:09:18:57 +0800] "GET /xingrg/kc/buy/cgsh_order_operate.html?command=get_materiel&rest_code=00105&code=00101008131&supplier_code=00100203&order_time=2020-05-03 HTTP/1.1" 200 408
117.185.32.26 - - [03/May/2020:09:19:00 +0800] "GET /xingrg/kc/buy/cgsh_order_operate.html?command=get_materiel&rest_code=00106&code=00101008286&supplier_code=00100007&order_time=2020-05-03 HTTP/1.1" 200 408
172.17.0.185 - - [03/May/2020:09:19:02 +0800] "GET /xingrg/all/function/internal_message.html?_=1588468737570&CODE_STATE=getMsg HTTP/1.1" 200 27
180.156.150.85 - - [03/May/2020:09:19:07 +0800] "GET /xingrg/kc/buy/cgsh_order_operate.html?command=get_materiel&rest_code=00105&code=00101008108&supplier_code=00100203&order_time=2020-05-03 HTTP/1.1" 200 412
117.185.32.26 - - [03/May/2020:09:19:14 +0800] "GET /xingrg/kc/buy/cgsh_order_operate.html?command=get_materiel&rest_code=00106&code=00101008036&supplier_code=00100007&order_time=2020-05-03 HTTP/1.1" 200 408
114.84.32.201 - - [03/May/2020:09:19:14 +0800] "GET /xingrg/all/function/internal_message.html?_=1588468750311&CODE_STATE=getMsg HTTP/1.1" 200 27
222.69.137.130 - - [03/May/2020:09:19:18 +0800] "GET /xingrg/all/function/internal_message.html?_=1588468754471&CODE_STATE=getMsg HTTP/1.1" 200 27
120.253.135.82 - - [03/May/2020:09:19:23 +0800] "GET /xingrg/all/function/internal_message.html?_=1588468895331&CODE_STATE=getMsg HTTP/1.1" 200 27
172.17.0.108 - - [03/May/2020:09:19:24 +0800] "GET /xingrg/all/function/internal_message.html?_=1588468756975&CODE_STATE=getMsg HTTP/1.1" 200 27
180.161.113.183 - - [03/May/2020:09:19:27 +0800] "GET /xingrg/all/function/internal_message.html?_=1588468955861&CODE_STATE=getMsg HTTP/1.1" 200 27
117.185.32.26 - - [03/May/2020:09:19:28 +0800] "GET /xingrg/kc/buy/cgsh_order_operate.html?command=get_materiel&rest_code=00106&code=00101008131&supplier_code=00100007&order_time=2020-05-03 HTTP/1.1" 200 408
180.156.150.85 - - [03/May/2020:09:19:29 +0800] "GET /xingrg/all/function/internal_message.html?_=1588468766929&CODE_STATE=getMsg HTTP/1.1" 200 27
180.156.150.85 - - [03/May/2020:09:19:30 +0800] "GET /xingrg/kc/buy/cgsh_order_operate.html?command=get_materiel&rest_code=00105&code=00101008169&supplier_code=00100203&order_time=2020-05-03 HTTP/1.1" 200 412
172.17.0.112 - - [03/May/2020:09:19:31 +0800] "GET /xingrg/all/function/internal_message.html?_=1588468768859&CODE_STATE=getMsg HTTP/1.1" 200 27
117.131.5.26 - - [03/May/2020:09:19:34 +0800] "GET /xingrg/check_reg.html?_=1588468788125 HTTP/1.1" 200 22
116.228.172.94 - - [03/May/2020:09:19:35 +0800] "GET /xingrg/all/function/internal_message.html?_=1588467991479&CODE_STATE=getMsg HTTP/1.1" 200 27
117.185.32.26 - - [03/May/2020:09:19:39 +0800] "GET /xingrg/kc/buy/cgsh_order_operate.html?command=get_materiel&rest_code=00106&code=00101008318&supplier_code=00100007&order_time=2020-05-03 HTTP/1.1" 200 408
117.131.5.26 - - [03/May/2020:09:19:41 +0800] "GET /xingrg/all/function/internal_message.html?_=1588468794593&CODE_STATE=getMsg HTTP/1.1" 200 27
117.185.32.26 - - [03/May/2020:09:19:44 +0800] "GET /xingrg/check_reg.html?_=1588469198776 HTTP/1.1" 200 22
117.185.32.26 - - [03/May/2020:09:19:44 +0800] "GET /xingrg/all/function/internal_message.html?_=1588469198780&CODE_STATE=getMsg HTTP/1.1" 200 27
180.156.150.85 - - [03/May/2020:09:19:47 +0800] "GET /xingrg/kc/buy/cgsh_order_operate.html?command=get_materiel&rest_code=00105&code=00101008318&supplier_code=00100203&order_time=2020-05-03 HTTP/1.1" 200 408
114.84.33.255 - - [03/May/2020:09:19:49 +0800] "GET /xingrg/all/function/internal_message.html?_=1588468784744&CODE_STATE=getMsg HTTP/1.1" 200 27
180.162.232.172 - - [03/May/2020:09:19:50 +0800] "GET /xingrg/kc/buy/cgsh_order_add.html HTTP/1.1" 200 58120
58.40.7.146 - - [03/May/2020:09:19:50 +0800] "GET /xingrg/all/function/internal_message.html?_=1588468786483&CODE_STATE=getMsg HTTP/1.1" 200 27
58.40.7.146 - - [03/May/2020:09:19:50 +0800] "GET /xingrg/check_reg.html?_=1588468786485 HTTP/1.1" 200 22
180.162.232.172 - - [03/May/2020:09:19:50 +0800] "POST /xingrg/kc/buy/cgsh_order_operate.html HTTP/1.1" 200 8245
180.162.232.172 - - [03/May/2020:09:19:50 +0800] "GET /xingrg/javascript/easyui/themes/default/validatebox.css HTTP/1.1" 404 1104
222.70.183.62 - - [03/May/2020:09:19:51 +0800] "GET /xingrg/all/function/internal_message.html?_=1588469127019&CODE_STATE=getMsg HTTP/1.1" 200 27
180.162.232.172 - - [03/May/2020:09:19:51 +0800] "GET /xingrg/all/function/internal_message.html?_=1588468789317&CODE_STATE=getMsg HTTP/1.1" 200 27
117.185.32.26 - - [03/May/2020:09:19:53 +0800] "GET /xingrg/kc/buy/cgsh_order_operate.html?command=get_materiel&rest_code=00106&code=00101008352&supplier_code=00100007&order_time=2020-05-03 HTTP/1.1" 200 412
180.156.150.85 - - [03/May/2020:09:19:55 +0800] "GET /xingrg/kc/buy/cgsh_order_operate.html?command=get_materiel&rest_code=00105&code=00101008352&supplier_code=00100203&order_time=2020-05-03 HTTP/1.1" 200 412
180.162.232.172 - - [03/May/2020:09:19:57 +0800] "GET /xingrg/kc/buy/cgsh_order_operate.html?command=get_materiel&rest_code=00150&code=00101011005&supplier_code=00100047&order_time=2020-05-03 HTTP/1.1" 200 428
114.84.33.255 - - [03/May/2020:09:19:58 +0800] "GET /xingrg/all/function/internal_message.html?_=1588468819697&CODE_STATE=getMsg HTTP/1.1" 200 27
172.17.0.185 - - [03/May/2020:09:20:02 +0800] "GET /xingrg/all/function/internal_message.html?_=1588468797575&CODE_STATE=getMsg HTTP/1.1" 200 27
117.185.32.26 - - [03/May/2020:09:20:03 +0800] "GET /xingrg/kc/buy/cgsh_order_operate.html?command=get_materiel&rest_code=00106&code=00101008005&supplier_code=00100007&order_time=2020-05-03 HTTP/1.1" 200 412
180.162.232.172 - - [03/May/2020:09:20:05 +0800] "POST /xingrg/kc/buy/cgsh_order_operate.html HTTP/1.1" 200 37
180.162.232.172 - - [03/May/2020:09:20:07 +0800] "POST /xingrg/kc/buy/cgsh_order_operate.html HTTP/1.1" 200 12
180.162.232.172 - - [03/May/2020:09:20:07 +0800] "GET /xingrg/kc/buy/cgsh_order_info.html?code=212020050300797 HTTP/1.1" 200 53022
180.162.232.172 - - [03/May/2020:09:20:08 +0800] "GET /xingrg/javascript/easyui/themes/default/validatebox.css HTTP/1.1" 404 1104
180.162.232.172 - - [03/May/2020:09:20:08 +0800] "POST /xingrg/kc/buy/cgsh_order_operate.html HTTP/1.1" 200 606
180.162.232.172 - - [03/May/2020:09:20:10 +0800] "GET /xingrg/kc/print/load_data.html?order_code=212020050300797&kc_code=cgsh&condition= HTTP/1.1" 200 756
114.84.32.201 - - [03/May/2020:09:20:14 +0800] "GET /xingrg/all/function/internal_message.html?_=1588468810310&CODE_STATE=getMsg HTTP/1.1" 200 27
117.185.32.26 - - [03/May/2020:09:20:14 +0800] "GET /xingrg/kc/buy/cgsh_order_operate.html?command=get_materiel&rest_code=00106&code=00101008353&supplier_code=00100007&order_time=2020-05-03 HTTP/1.1" 200 408
180.162.232.172 - - [03/May/2020:09:20:15 +0800] "GET /xingrg/kc/buy/cgsh_order_add.html HTTP/1.1" 200 58120
180.162.232.172 - - [03/May/2020:09:20:15 +0800] "POST /xingrg/kc/buy/cgsh_order_operate.html HTTP/1.1" 200 8245
180.162.232.172 - - [03/May/2020:09:20:15 +0800] "GET /xingrg/javascript/easyui/themes/default/validatebox.css HTTP/1.1" 404 1104
117.185.32.26 - - [03/May/2020:09:20:18 +0800] "POST /xingrg/kc/buy/cgsh_order_operate.html HTTP/1.1" 200 2065
222.69.137.130 - - [03/May/2020:09:20:18 +0800] "GET /xingrg/all/function/internal_message.html?_=1588468814489&CODE_STATE=getMsg HTTP/1.1" 200 27
120.253.135.82 - - [03/May/2020:09:20:23 +0800] "GET /xingrg/all/function/internal_message.html?_=1588468955345&CODE_STATE=getMsg HTTP/1.1" 200 27
172.17.0.108 - - [03/May/2020:09:20:24 +0800] "GET /xingrg/all/function/internal_message.html?_=1588468816952&CODE_STATE=getMsg HTTP/1.1" 200 27
180.161.113.183 - - [03/May/2020:09:20:26 +0800] "GET /xingrg/check_reg.html?_=1588469015208 HTTP/1.1" 200 22
180.161.113.183 - - [03/May/2020:09:20:27 +0800] "GET /xingrg/all/function/internal_message.html?_=1588469016088&CODE_STATE=getMsg HTTP/1.1" 200 27
117.185.32.26 - - [03/May/2020:09:20:28 +0800] "GET /xingrg/kc/buy/cgsh_order_operate.html?command=get_materiel&rest_code=00106&code=00101008114&supplier_code=00100007&order_time=2020-05-03 HTTP/1.1" 200 412
180.162.232.172 - - [03/May/2020:09:20:28 +0800] "GET /xingrg/kc/buy/cgsh_order_operate.html?command=get_materiel&rest_code=00150&code=00101007059&supplier_code=00100002&order_time=2020-05-03 HTTP/1.1" 200 409
180.156.150.85 - - [03/May/2020:09:20:29 +0800] "GET /xingrg/all/function/internal_message.html?_=1588468826941&CODE_STATE=getMsg HTTP/1.1" 200 27
172.17.0.112 - - [03/May/2020:09:20:31 +0800] "GET /xingrg/all/function/internal_message.html?_=1588468828860&CODE_STATE=getMsg HTTP/1.1" 200 27
116.228.172.94 - - [03/May/2020:09:20:34 +0800] "GET /xingrg/check_reg.html?_=1588468051038 HTTP/1.1" 200 22
116.228.172.94 - - [03/May/2020:09:20:35 +0800] "GET /xingrg/all/function/internal_message.html?_=1588468051524&CODE_STATE=getMsg HTTP/1.1" 200 27
222.70.183.62 - - [03/May/2020:09:20:37 +0800] "GET /xingrg/login.html HTTP/1.1" 200 7641
222.70.183.62 - - [03/May/2020:09:20:38 +0800] "GET /xingrg/images/blue/login_bg.png HTTP/1.1" 304 -
222.70.183.62 - - [03/May/2020:09:20:38 +0800] "GET /xingrg/images/blue/jxLogo.png HTTP/1.1" 304 -
180.162.232.172 - - [03/May/2020:09:20:38 +0800] "GET /xingrg/kc/buy/cgsh_order_operate.html?command=get_materiel&rest_code=00150&code=00101007125&supplier_code=00100002&order_time=2020-05-03 HTTP/1.1" 200 406
222.70.183.62 - - [03/May/2020:09:20:38 +0800] "GET /xingrg/images/blue/hj.png HTTP/1.1" 304 -
222.70.183.62 - - [03/May/2020:09:20:38 +0800] "GET /xingrg/images/blue/srbg.png HTTP/1.1" 304 -
222.70.183.62 - - [03/May/2020:09:20:38 +0800] "GET /favicon.ico HTTP/1.1" 404 -
117.185.32.26 - - [03/May/2020:09:20:40 +0800] "GET /xingrg/kc/buy/cgsh_order_operate.html?command=get_materiel&rest_code=00106&code=00101008041&supplier_code=00100007&order_time=2020-05-03 HTTP/1.1" 200 408
117.131.5.26 - - [03/May/2020:09:20:41 +0800] "GET /xingrg/all/function/internal_message.html?_=1588468854593&CODE_STATE=getMsg HTTP/1.1" 200 27
222.69.137.130 - - [03/May/2020:09:20:42 +0800] "GET /xingrg/javascript/jquery_easy_ui/themes/icons/area.png HTTP/1.1" 200 262
222.69.137.130 - - [03/May/2020:09:20:42 +0800] "GET /xingrg/javascript/jquery_easy_ui/themes/icons/rest.png HTTP/1.1" 200 695
117.185.32.26 - - [03/May/2020:09:20:44 +0800] "GET /xingrg/all/function/internal_message.html?_=1588469258806&CODE_STATE=getMsg HTTP/1.1" 200 27
222.69.137.130 - - [03/May/2020:09:20:46 +0800] "POST /xingrg/kc/buy/cgsh_order_operate.html HTTP/1.1" 200 37
222.69.137.130 - - [03/May/2020:09:20:48 +0800] "POST /xingrg/kc/buy/cgsh_order_operate.html HTTP/1.1" 200 12
222.69.137.130 - - [03/May/2020:09:20:48 +0800] "GET /xingrg/kc/buy/cgsh_order_info.html?code=212020050300791 HTTP/1.1" 200 53104
114.84.33.255 - - [03/May/2020:09:20:49 +0800] "GET /xingrg/all/function/internal_message.html?_=1588468844759&CODE_STATE=getMsg HTTP/1.1" 200 27
222.69.137.130 - - [03/May/2020:09:20:49 +0800] "GET /xingrg/javascript/easyui/themes/default/validatebox.css HTTP/1.1" 404 1104
222.69.137.130 - - [03/May/2020:09:20:49 +0800] "POST /xingrg/kc/buy/cgsh_order_operate.html HTTP/1.1" 200 36652
58.40.7.146 - - [03/May/2020:09:20:50 +0800] "GET /xingrg/all/function/internal_message.html?_=1588468846487&CODE_STATE=getMsg HTTP/1.1" 200 27
117.131.5.26 - - [03/May/2020:09:20:50 +0800] "GET /xingrg/check_reg.html?_=1588468864234 HTTP/1.1" 200 22
222.69.137.130 - - [03/May/2020:09:20:50 +0800] "GET /xingrg/kc/print/load_config.html?kc_code=cgsh HTTP/1.1" 200 1845
222.69.137.130 - - [03/May/2020:09:20:50 +0800] "GET /xingrg/kc/print/load_data.html?order_code=212020050300791&kc_code=cgsh&condition= HTTP/1.1" 200 14353
222.70.183.62 - - [03/May/2020:09:20:51 +0800] "GET /xingrg/all/function/internal_message.html?_=1588469187018&CODE_STATE=getMsg HTTP/1.1" 200 27
180.162.232.172 - - [03/May/2020:09:20:51 +0800] "GET /xingrg/all/function/internal_message.html?_=1588468849292&CODE_STATE=getMsg HTTP/1.1" 200 27
180.162.232.172 - - [03/May/2020:09:20:56 +0800] "GET /xingrg/kc/buy/cgsh_order_operate.html?command=get_materiel&rest_code=00150&code=00101007076&supplier_code=00100002&order_time=2020-05-03 HTTP/1.1" 200 408
114.84.33.255 - - [03/May/2020:09:20:58 +0800] "GET /xingrg/all/function/internal_message.html?_=1588468879701&CODE_STATE=getMsg HTTP/1.1" 200 27
172.17.0.185 - - [03/May/2020:09:21:02 +0800] "GET /xingrg/all/function/internal_message.html?_=1588468857577&CODE_STATE=getMsg HTTP/1.1" 200 27
114.86.190.97 - - [03/May/2020:09:21:04 +0800] "GET /xingrg/login.html HTTP/1.1" 200 7641
114.86.190.97 - - [03/May/2020:09:21:04 +0800] "GET /xingrg/images/blue/jxLogo.png HTTP/1.1" 304 -
114.86.190.97 - - [03/May/2020:09:21:04 +0800] "GET /xingrg/images/blue/login_bg.png HTTP/1.1" 304 -
114.86.190.97 - - [03/May/2020:09:21:04 +0800] "GET /xingrg/images/blue/hj.png HTTP/1.1" 304 -
114.86.190.97 - - [03/May/2020:09:21:04 +0800] "GET /xingrg/images/blue/srbg.png HTTP/1.1" 304 -
114.86.190.97 - - [03/May/2020:09:21:04 +0800] "GET /favicon.ico HTTP/1.1" 404 -
114.86.190.97 - - [03/May/2020:09:21:06 +0800] "POST /xingrg/login.do HTTP/1.1" 302 -
114.86.190.97 - - [03/May/2020:09:21:06 +0800] "GET /xingrg/css/form.css HTTP/1.1" 304 -
114.86.190.97 - - [03/May/2020:09:21:06 +0800] "GET /xingrg/javascript/jquery_easy_ui/themes/default/easyui.css HTTP/1.1" 304 -
114.86.190.97 - - [03/May/2020:09:21:06 +0800] "GET /xingrg/index.html?sysBaseUrl=http%3A%2F%2F180.169.147.146%3A18081%2Fxingrg%2F&costTime=38×tamp=1588468866776 HTTP/1.1" 200 17179
114.86.190.97 - - [03/May/2020:09:21:06 +0800] "GET /xingrg/javascript/jquery-1.4.2.min.js HTTP/1.1" 304 -
114.86.190.97 - - [03/May/2020:09:21:06 +0800] "GET /xingrg/javascript/jquery_easy_ui/themes/icon.css HTTP/1.1" 304 -
114.86.190.97 - - [03/May/2020:09:21:06 +0800] "GET /xingrg/javascript/jquery_easy_ui/jquery.easyui.min.js HTTP/1.1" 304 -
114.86.190.97 - - [03/May/2020:09:21:06 +0800] "GET /xingrg/javascript/jquery.form.js HTTP/1.1" 304 -
114.86.190.97 - - [03/May/2020:09:21:06 +0800] "GET /xingrg/javascript/jquery.timers.js HTTP/1.1" 304 -
114.86.190.97 - - [03/May/2020:09:21:06 +0800] "GET /xingrg/javascript/jquery_easy_ui/easyui-lang-zh_CN.js HTTP/1.1" 304 -
114.86.190.97 - - [03/May/2020:09:21:06 +0800] "GET /xingrg/javascript/jquery.utils.js HTTP/1.1" 304 -
114.86.190.97 - - [03/May/2020:09:21:06 +0800] "GET /favicon.ico HTTP/1.1" 404 -
114.86.190.97 - - [03/May/2020:09:21:06 +0800] "GET /xingrg/images/blue/jxLogo.png HTTP/1.1" 304 -
114.86.190.97 - - [03/May/2020:09:21:06 +0800] "GET /xingrg/images/blue/navBackgound.jpg HTTP/1.1" 304 -
114.86.190.97 - - [03/May/2020:09:21:06 +0800] "GET /xingrg/javascript/jquery_easy_ui/themes/icons/settle_new.png HTTP/1.1" 304 -
114.86.190.97 - - [03/May/2020:09:21:06 +0800] "POST /xingrg/all/common/load_tree.html?tree=area_rest_tree_json&manage=1 HTTP/1.1" 200 351
114.86.190.97 - - [03/May/2020:09:21:06 +0800] "GET /xingrg/images/blue/pingpu.png HTTP/1.1" 304 -
114.86.190.97 - - [03/May/2020:09:21:06 +0800] "GET /xingrg/javascript/jquery_easy_ui/themes/default/images/tabs_leftarrow.png HTTP/1.1" 304 -
114.86.190.97 - - [03/May/2020:09:21:06 +0800] "GET /xingrg/javascript/jquery_easy_ui/themes/default/images/tabs_rightarrow.png HTTP/1.1" 304 -
114.86.190.97 - - [03/May/2020:09:21:06 +0800] "GET /xingrg/javascript/jquery_easy_ui/themes/default/images/panel_tool_collapse.gif HTTP/1.1" 304 -
114.86.190.97 - - [03/May/2020:09:21:07 +0800] "GET /xingrg/check_reg.html?_=1588468862912 HTTP/1.1" 200 22
114.86.190.97 - - [03/May/2020:09:21:07 +0800] "GET /xingrg/all/function/internal_message.html?_=1588468862911&CODE_STATE=count HTTP/1.1" 200 11
114.86.190.97 - - [03/May/2020:09:21:07 +0800] "GET /xingrg/javascript/jquery_easy_ui/themes/default/images/tree_arrows.gif HTTP/1.1" 304 -
114.86.190.97 - - [03/May/2020:09:21:07 +0800] "POST /xingrg/load_menu.html HTTP/1.1" 200 5138
114.86.190.97 - - [03/May/2020:09:21:07 +0800] "GET /xingrg/javascript/jquery_easy_ui/themes/default/images/tree_folder_open.gif HTTP/1.1" 304 -
114.86.190.97 - - [03/May/2020:09:21:07 +0800] "GET /xingrg/javascript/jquery_easy_ui/themes/icons/search_new.png HTTP/1.1" 304 -
114.86.190.97 - - [03/May/2020:09:21:07 +0800] "GET /xingrg/javascript/jquery_easy_ui/themes/default/images/tree_folder.gif HTTP/1.1" 304 -
114.86.190.97 - - [03/May/2020:09:21:07 +0800] "GET /xingrg/javascript/jquery_easy_ui/themes/icons/storage_new.png HTTP/1.1" 304 -
114.86.190.97 - - [03/May/2020:09:21:07 +0800] "GET /xingrg/javascript/jquery_easy_ui/themes/icons/forms_new.png HTTP/1.1" 304 -
114.86.190.97 - - [03/May/2020:09:21:07 +0800] "GET /xingrg/javascript/jquery_easy_ui/themes/default/images/tree_file.gif HTTP/1.1" 304 -
114.86.190.97 - - [03/May/2020:09:21:12 +0800] "GET /xingrg/javascript/jquery_easy_ui/themes/default/images/tabs_close.gif HTTP/1.1" 304 -
114.86.190.97 - - [03/May/2020:09:21:12 +0800] "GET /xingrg/css/site.css HTTP/1.1" 304 -
114.86.190.97 - - [03/May/2020:09:21:12 +0800] "GET /xingrg/css/base.css HTTP/1.1" 304 -
114.86.190.97 - - [03/May/2020:09:21:12 +0800] "GET /xingrg/javascript/easyui/themes/icon.css HTTP/1.1" 304 -
114.86.190.97 - - [03/May/2020:09:21:12 +0800] "GET /xingrg/javascript/jquery_tools/datebox.css HTTP/1.1" 304 -
114.86.190.97 - - [03/May/2020:09:21:12 +0800] "GET /xingrg/javascript/easyui/themes/default/easyui.css HTTP/1.1" 304 -
114.86.190.97 - - [03/May/2020:09:21:12 +0800] "GET /xingrg/javascript/auto/jquery.autocomplete.css HTTP/1.1" 304 -
114.86.190.97 - - [03/May/2020:09:21:12 +0800] "GET /xingrg/javascript/jquery_tools/table.css HTTP/1.1" 304 -
114.86.190.97 - - [03/May/2020:09:21:12 +0800] "GET /xingrg/javascript/jquery_tools/jquery.tools.min.js HTTP/1.1" 304 -
114.86.190.97 - - [03/May/2020:09:21:12 +0800] "GET /xingrg/javascript/jquery_tools/jquery.tools.extend.js HTTP/1.1" 304 -
114.86.190.97 - - [03/May/2020:09:21:12 +0800] "GET /xingrg/javascript/jquery_tools/fix.css HTTP/1.1" 304 -
114.86.190.97 - - [03/May/2020:09:21:12 +0800] "GET /xingrg/javascript/jquery_tools/jquery.tools.hotkey.js HTTP/1.1" 304 -
114.86.190.97 - - [03/May/2020:09:21:12 +0800] "GET /xingrg/javascript/jquery_tools/list_manager.js HTTP/1.1" 304 -
114.86.190.97 - - [03/May/2020:09:21:12 +0800] "GET /xingrg/javascript/jquery_tools/jquery.tools.table.js HTTP/1.1" 304 -
114.86.190.97 - - [03/May/2020:09:21:12 +0800] "GET /xingrg/javascript/auto/jquery.autocomplete.js HTTP/1.1" 304 -
114.86.190.97 - - [03/May/2020:09:21:12 +0800] "GET /xingrg/javascript/jquery.utils.js HTTP/1.1" 304 -
114.86.190.97 - - [03/May/2020:09:21:12 +0800] "GET /xingrg/javascript/easyui/easyloader.js HTTP/1.1" 304 -
114.86.190.97 - - [03/May/2020:09:21:12 +0800] "GET /xingrg/javascript/jquery.cookie.js HTTP/1.1" 304 -
114.86.190.97 - - [03/May/2020:09:21:12 +0800] "GET /xingrg/javascript/print/LodopFuncs.js HTTP/1.1" 304 -
114.86.190.97 - - [03/May/2020:09:21:12 +0800] "GET /xingrg/kc/buy/cgsh_order_list.html HTTP/1.1" 200 42587
114.86.190.97 - - [03/May/2020:09:21:12 +0800] "GET /xingrg/javascript/easyui/themes/icons/check_new.png HTTP/1.1" 304 -
114.86.190.97 - - [03/May/2020:09:21:12 +0800] "GET /xingrg/javascript/easyui/themes/icons/edit_add_new.png HTTP/1.1" 304 -
114.86.190.97 - - [03/May/2020:09:21:12 +0800] "GET /xingrg/javascript/easyui/themes/icons/cance_new.png HTTP/1.1" 304 -
114.86.190.97 - - [03/May/2020:09:21:12 +0800] "GET /xingrg/javascript/easyui/themes/icons/field_new.png HTTP/1.1" 304 -
114.86.190.97 - - [03/May/2020:09:21:12 +0800] "GET /xingrg/javascript/easyui/themes/icons/import_new.png HTTP/1.1" 304 -
114.86.190.97 - - [03/May/2020:09:21:12 +0800] "GET /xingrg/javascript/jquery_easy_ui/themes/icons/area.png HTTP/1.1" 304 -
114.86.190.97 - - [03/May/2020:09:21:12 +0800] "GET /xingrg/javascript/jquery_easy_ui/themes/icons/rest.png HTTP/1.1" 304 -
114.86.190.97 - - [03/May/2020:09:21:12 +0800] "GET /xingrg/javascript/easyui/plugins/jquery.parser.js HTTP/1.1" 304 -
114.86.190.97 - - [03/May/2020:09:21:12 +0800] "GET /xingrg/images/control/ajaxLoader.gif HTTP/1.1" 304 -
180.162.232.172 - - [03/May/2020:09:21:13 +0800] "POST /xingrg/kc/buy/cgsh_order_operate.html HTTP/1.1" 200 37
114.86.190.97 - - [03/May/2020:09:21:13 +0800] "POST /xingrg/kc/buy/cgsh_list_operate.html HTTP/1.1" 200 876
114.86.190.97 - - [03/May/2020:09:21:13 +0800] "GET /xingrg/javascript/easyui/themes/default/images/button_plain_hover.png HTTP/1.1" 304 -
114.86.190.97 - - [03/May/2020:09:21:13 +0800] "GET /xingrg/javascript/easyui/themes/default/images/button_plain_hover.png HTTP/1.1" 304 -
114.86.190.97 - - [03/May/2020:09:21:14 +0800] "GET /xingrg/css/base.css HTTP/1.1" 304 -
114.86.190.97 - - [03/May/2020:09:21:14 +0800] "GET /xingrg/javascript/jquery_tools/datebox.css HTTP/1.1" 304 -
114.86.190.97 - - [03/May/2020:09:21:14 +0800] "GET /xingrg/css/site.css HTTP/1.1" 304 -
114.86.190.97 - - [03/May/2020:09:21:14 +0800] "GET /xingrg/javascript/easyui/themes/icon.css HTTP/1.1" 304 -
114.86.190.97 - - [03/May/2020:09:21:14 +0800] "GET /xingrg/javascript/easyui/themes/default/easyui.css HTTP/1.1" 304 -
114.86.190.97 - - [03/May/2020:09:21:14 +0800] "GET /xingrg/javascript/auto/jquery.autocomplete.css HTTP/1.1" 304 -
114.86.190.97 - - [03/May/2020:09:21:14 +0800] "GET /xingrg/javascript/jquery_tools/table.css HTTP/1.1" 304 -
114.86.190.97 - - [03/May/2020:09:21:14 +0800] "GET /xingrg/javascript/jquery_tools/fix.css HTTP/1.1" 304 -
114.86.190.97 - - [03/May/2020:09:21:14 +0800] "GET /xingrg/javascript/pic_change.js HTTP/1.1" 304 -
114.86.190.97 - - [03/May/2020:09:21:14 +0800] "GET /xingrg/javascript/jquery_tools/jquery.tools.min.js HTTP/1.1" 304 -
114.86.190.97 - - [03/May/2020:09:21:14 +0800] "GET /xingrg/javascript/jquery_tools/jquery.tools.extend.js HTTP/1.1" 304 -
114.86.190.97 - - [03/May/2020:09:21:14 +0800] "GET /xingrg/javascript/jquery_tools/jquery.tools.hotkey.js HTTP/1.1" 304 -
114.86.190.97 - - [03/May/2020:09:21:14 +0800] "GET /xingrg/javascript/jquery_tools/jquery.tools.table.js HTTP/1.1" 304 -
114.86.190.97 - - [03/May/2020:09:21:14 +0800] "GET /xingrg/javascript/auto/jquery.autocomplete.js HTTP/1.1" 304 -
114.86.190.97 - - [03/May/2020:09:21:14 +0800] "GET /xingrg/javascript/jquery.cookie.js HTTP/1.1" 304 -
114.86.190.97 - - [03/May/2020:09:21:14 +0800] "GET /xingrg/javascript/print/LodopFuncs.js HTTP/1.1" 304 -
114.86.190.97 - - [03/May/2020:09:21:14 +0800] "GET /xingrg/javascript/jquery.utils.js HTTP/1.1" 304 -
114.86.190.97 - - [03/May/2020:09:21:14 +0800] "GET /xingrg/javascript/convert.js HTTP/1.1" 304 -
114.86.190.97 - - [03/May/2020:09:21:14 +0800] "GET /xingrg/javascript/json2.js HTTP/1.1" 304 -
114.86.190.97 - - [03/May/2020:09:21:14 +0800] "GET /xingrg/javascript/easyui/easyloader.js HTTP/1.1" 304 -
114.86.190.97 - - [03/May/2020:09:21:14 +0800] "GET /xingrg/javascript/jquery_tools/order_manager.js HTTP/1.1" 304 -
114.86.190.97 - - [03/May/2020:09:21:14 +0800] "GET /xingrg/javascript/print/kc_print.js HTTP/1.1" 304 -
114.86.190.97 - - [03/May/2020:09:21:14 +0800] "GET /xingrg/kc/buy/cgsh_order_add.html HTTP/1.1" 200 58196
114.84.32.201 - - [03/May/2020:09:21:14 +0800] "GET /xingrg/all/function/internal_message.html?_=1588468870307&CODE_STATE=getMsg HTTP/1.1" 200 27
114.86.190.97 - - [03/May/2020:09:21:14 +0800] "GET /xingrg/words/20200502163951_words.js HTTP/1.1" 304 -
117.185.32.26 - - [03/May/2020:09:21:14 +0800] "GET /xingrg/kc/buy/cgsh_order_operate.html?command=get_materiel&rest_code=00106&code=00101008027&supplier_code=00100007&order_time=2020-05-03 HTTP/1.1" 200 408
114.86.190.97 - - [03/May/2020:09:21:14 +0800] "GET /xingrg/javascript/easyui/themes/icons/copy_new.png HTTP/1.1" 304 -
114.86.190.97 - - [03/May/2020:09:21:14 +0800] "GET /xingrg/javascript/easyui/themes/icons/template_new.png HTTP/1.1" 304 -
114.86.190.97 - - [03/May/2020:09:21:14 +0800] "GET /xingrg/javascript/easyui/themes/icons/ok.png HTTP/1.1" 304 -
114.86.190.97 - - [03/May/2020:09:21:14 +0800] "GET /xingrg/javascript/easyui/themes/icons/print.png HTTP/1.1" 304 -
114.86.190.97 - - [03/May/2020:09:21:14 +0800] "GET /xingrg/javascript/easyui/themes/default/images/menu_downarrow.png HTTP/1.1" 304 -
114.86.190.97 - - [03/May/2020:09:21:14 +0800] "GET /xingrg/javascript/easyui/themes/icons/cancel.png HTTP/1.1" 304 -
114.86.190.97 - - [03/May/2020:09:21:14 +0800] "GET /xingrg/javascript/easyui/plugins/jquery.parser.js HTTP/1.1" 304 -
114.86.190.97 - - [03/May/2020:09:21:14 +0800] "POST /xingrg/kc/buy/cgsh_order_operate.html HTTP/1.1" 200 8245
114.86.190.97 - - [03/May/2020:09:21:14 +0800] "GET /xingrg/javascript/easyui/themes/icons/edit_remove.png HTTP/1.1" 304 -
114.86.190.97 - - [03/May/2020:09:21:14 +0800] "GET /xingrg/all/common/auto_word.html?type=employee&rest_code=00148 HTTP/1.1" 200 147
114.86.190.97 - - [03/May/2020:09:21:14 +0800] "GET /xingrg/all/common/auto_word.html?type=employee&rest_code=00148 HTTP/1.1" 200 147
114.86.190.97 - - [03/May/2020:09:21:14 +0800] "GET /xingrg/javascript/easyui/plugins/jquery.validatebox.js HTTP/1.1" 304 -
114.86.190.97 - - [03/May/2020:09:21:14 +0800] "GET /xingrg/javascript/easyui/themes/default/validatebox.css HTTP/1.1" 404 1104
114.86.190.97 - - [03/May/2020:09:21:14 +0800] "GET /xingrg/javascript/easyui/plugins/jquery.numberbox.js HTTP/1.1" 304 -
114.86.190.97 - - [03/May/2020:09:21:15 +0800] "GET /xingrg/javascript/auto/indicator.gif HTTP/1.1" 404 1066
114.86.190.97 - - [03/May/2020:09:21:16 +0800] "GET /xingrg/javascript/jquery_tools/images/prev.gif HTTP/1.1" 404 1086
114.86.190.97 - - [03/May/2020:09:21:16 +0800] "GET /xingrg/javascript/jquery_tools/images/next.gif HTTP/1.1" 404 1086
180.162.232.172 - - [03/May/2020:09:21:17 +0800] "POST /xingrg/kc/buy/cgsh_order_operate.html HTTP/1.1" 200 12
180.162.232.172 - - [03/May/2020:09:21:18 +0800] "GET /xingrg/kc/buy/cgsh_order_info.html?code=212020050300798 HTTP/1.1" 200 53022
222.69.137.130 - - [03/May/2020:09:21:18 +0800] "GET /xingrg/all/function/internal_message.html?_=1588468874483&CODE_STATE=getMsg HTTP/1.1" 200 27
180.162.232.172 - - [03/May/2020:09:21:18 +0800] "GET /xingrg/javascript/easyui/themes/default/validatebox.css HTTP/1.1" 404 1104
180.162.232.172 - - [03/May/2020:09:21:19 +0800] "POST /xingrg/kc/buy/cgsh_order_operate.html HTTP/1.1" 200 1779
114.86.190.97 - - [03/May/2020:09:21:19 +0800] "GET /xingrg/javascript/jquery_easy_ui/themes/default/images/tabs_active.png HTTP/1.1" 304 -
114.86.190.97 - - [03/May/2020:09:21:19 +0800] "GET /xingrg/javascript/jquery_easy_ui/themes/default/images/tabs_active.png HTTP/1.1" 304 -
180.162.232.172 - - [03/May/2020:09:21:20 +0800] "GET /xingrg/kc/print/load_data.html?order_code=212020050300798&kc_code=cgsh&condition= HTTP/1.1" 200 1222
120.253.135.82 - - [03/May/2020:09:21:23 +0800] "GET /xingrg/all/function/internal_message.html?_=1588469015361&CODE_STATE=getMsg HTTP/1.1" 200 27
172.17.0.108 - - [03/May/2020:09:21:24 +0800] "GET /xingrg/all/function/internal_message.html?_=1588468876932&CODE_STATE=getMsg HTTP/1.1" 200 27
180.161.113.183 - - [03/May/2020:09:21:27 +0800] "GET /xingrg/all/function/internal_message.html?_=1588469076096&CODE_STATE=getMsg HTTP/1.1" 200 27
180.162.232.172 - - [03/May/2020:09:21:28 +0800] "POST /xingrg/all/user/operate.html HTTP/1.1" 200 36
180.162.232.172 - - [03/May/2020:09:21:28 +0800] "GET /xingrg/index.html?sysBaseUrl=http%3A%2F%2F180.169.147.146%3A18081%2Fxingrg%2F&costTime=36×tamp=1588382359788 HTTP/1.1" 200 17177
180.162.232.172 - - [03/May/2020:09:21:28 +0800] "GET /xingrg/javascript/jquery_easy_ui/themes/default/easyui.css HTTP/1.1" 304 -
180.162.232.172 - - [03/May/2020:09:21:28 +0800] "GET /xingrg/javascript/jquery_easy_ui/themes/icon.css HTTP/1.1" 304 -
180.162.232.172 - - [03/May/2020:09:21:28 +0800] "GET /xingrg/css/form.css HTTP/1.1" 304 -
180.162.232.172 - - [03/May/2020:09:21:28 +0800] "GET /xingrg/javascript/jquery-1.4.2.min.js HTTP/1.1" 304 -
180.162.232.172 - - [03/May/2020:09:21:28 +0800] "GET /xingrg/javascript/jquery_easy_ui/jquery.easyui.min.js HTTP/1.1" 304 -
180.162.232.172 - - [03/May/2020:09:21:28 +0800] "GET /xingrg/javascript/jquery_easy_ui/easyui-lang-zh_CN.js HTTP/1.1" 304 -
180.162.232.172 - - [03/May/2020:09:21:28 +0800] "GET /xingrg/javascript/jquery.form.js HTTP/1.1" 304 -
180.162.232.172 - - [03/May/2020:09:21:28 +0800] "GET /xingrg/javascript/jquery.utils.js HTTP/1.1" 304 -
180.162.232.172 - - [03/May/2020:09:21:28 +0800] "GET /xingrg/javascript/jquery.timers.js HTTP/1.1" 304 -
180.162.232.172 - - [03/May/2020:09:21:28 +0800] "GET /xingrg/images/blue/jxLogo.png HTTP/1.1" 304 -
180.162.232.172 - - [03/May/2020:09:21:28 +0800] "GET /xingrg/javascript/jquery_easy_ui/themes/icons/settle_new.png HTTP/1.1" 304 -
180.162.232.172 - - [03/May/2020:09:21:28 +0800] "GET /xingrg/images/blue/navBackgound.jpg HTTP/1.1" 304 -
180.162.232.172 - - [03/May/2020:09:21:28 +0800] "POST /xingrg/all/common/load_tree.html?tree=area_rest_tree_json&manage=1 HTTP/1.1" 200 476
180.162.232.172 - - [03/May/2020:09:21:28 +0800] "GET /xingrg/all/function/internal_message.html?_=1588468886196&CODE_STATE=count HTTP/1.1" 200 11
180.162.232.172 - - [03/May/2020:09:21:28 +0800] "GET /xingrg/check_reg.html?_=1588468886198 HTTP/1.1" 200 22
180.162.232.172 - - [03/May/2020:09:21:28 +0800] "GET /xingrg/javascript/jquery_easy_ui/themes/default/images/tabs_rightarrow.png HTTP/1.1" 304 -
180.162.232.172 - - [03/May/2020:09:21:28 +0800] "GET /xingrg/javascript/jquery_easy_ui/themes/default/images/panel_tool_collapse.gif HTTP/1.1" 304 -
180.162.232.172 - - [03/May/2020:09:21:28 +0800] "GET /xingrg/javascript/jquery_easy_ui/themes/default/images/tabs_leftarrow.png HTTP/1.1" 304 -
180.162.232.172 - - [03/May/2020:09:21:28 +0800] "GET /xingrg/images/blue/pingpu.png HTTP/1.1" 304 -
180.162.232.172 - - [03/May/2020:09:21:28 +0800] "POST /xingrg/load_menu.html HTTP/1.1" 200 5138
180.156.150.85 - - [03/May/2020:09:21:29 +0800] "GET /xingrg/all/function/internal_message.html?_=1588468886939&CODE_STATE=getMsg HTTP/1.1" 200 27
222.70.183.62 - - [03/May/2020:09:21:31 +0800] "POST /xingrg/login.do HTTP/1.1" 302 -
172.17.0.112 - - [03/May/2020:09:21:31 +0800] "GET /xingrg/check_reg.html?_=1588468888849 HTTP/1.1" 200 22
172.17.0.112 - - [03/May/2020:09:21:31 +0800] "GET /xingrg/all/function/internal_message.html?_=1588468888852&CODE_STATE=getMsg HTTP/1.1" 200 27
222.70.183.62 - - [03/May/2020:09:21:31 +0800] "GET /xingrg/index.html?sysBaseUrl=http%3A%2F%2F180.169.147.146%3A18081%2Fxingrg%2F&costTime=43×tamp=1588468891961 HTTP/1.1" 200 17173
222.70.183.62 - - [03/May/2020:09:21:32 +0800] "GET /xingrg/javascript/jquery_easy_ui/themes/default/easyui.css HTTP/1.1" 304 -
222.70.183.62 - - [03/May/2020:09:21:32 +0800] "GET /xingrg/javascript/jquery_easy_ui/themes/icon.css HTTP/1.1" 304 -
222.70.183.62 - - [03/May/2020:09:21:32 +0800] "GET /xingrg/css/form.css HTTP/1.1" 304 -
222.70.183.62 - - [03/May/2020:09:21:32 +0800] "GET /xingrg/javascript/jquery-1.4.2.min.js HTTP/1.1" 304 -
222.70.183.62 - - [03/May/2020:09:21:32 +0800] "GET /xingrg/javascript/jquery_easy_ui/jquery.easyui.min.js HTTP/1.1" 304 -
222.70.183.62 - - [03/May/2020:09:21:32 +0800] "GET /xingrg/javascript/jquery_easy_ui/easyui-lang-zh_CN.js HTTP/1.1" 304 -
222.70.183.62 - - [03/May/2020:09:21:32 +0800] "GET /xingrg/javascript/jquery.timers.js HTTP/1.1" 304 -
222.70.183.62 - - [03/May/2020:09:21:32 +0800] "GET /xingrg/javascript/jquery.form.js HTTP/1.1" 304 -
222.70.183.62 - - [03/May/2020:09:21:32 +0800] "GET /xingrg/javascript/jquery.utils.js HTTP/1.1" 304 -
222.70.183.62 - - [03/May/2020:09:21:32 +0800] "GET /xingrg/javascript/jquery_easy_ui/themes/icons/settle_new.png HTTP/1.1" 304 -
222.70.183.62 - - [03/May/2020:09:21:32 +0800] "GET /xingrg/images/blue/navBackgound.jpg HTTP/1.1" 304 -
222.70.183.62 - - [03/May/2020:09:21:32 +0800] "GET /xingrg/images/blue/pingpu.png HTTP/1.1" 304 -
222.70.183.62 - - [03/May/2020:09:21:32 +0800] "GET /xingrg/javascript/jquery_easy_ui/themes/default/images/tabs_leftarrow.png HTTP/1.1" 304 -
222.70.183.62 - - [03/May/2020:09:21:32 +0800] "GET /xingrg/javascript/jquery_easy_ui/themes/default/images/tabs_rightarrow.png HTTP/1.1" 304 -
222.70.183.62 - - [03/May/2020:09:21:32 +0800] "POST /xingrg/all/common/load_tree.html?tree=area_rest_tree_json&manage=1 HTTP/1.1" 200 342
222.70.183.62 - - [03/May/2020:09:21:32 +0800] "GET /xingrg/javascript/jquery_easy_ui/themes/default/images/panel_tool_collapse.gif HTTP/1.1" 304 -
222.70.183.62 - - [03/May/2020:09:21:32 +0800] "GET /favicon.ico HTTP/1.1" 404 -
222.70.183.62 - - [03/May/2020:09:21:32 +0800] "GET /xingrg/javascript/jquery_easy_ui/themes/default/images/tree_arrows.gif HTTP/1.1" 304 -
222.70.183.62 - - [03/May/2020:09:21:32 +0800] "GET /xingrg/all/function/internal_message.html?_=1588468889204&CODE_STATE=count HTTP/1.1" 200 11
222.70.183.62 - - [03/May/2020:09:21:32 +0800] "GET /xingrg/check_reg.html?_=1588468889204 HTTP/1.1" 200 22
222.70.183.62 - - [03/May/2020:09:21:32 +0800] "POST /xingrg/load_menu.html HTTP/1.1" 200 5138
180.162.232.172 - - [03/May/2020:09:21:32 +0800] "GET /xingrg/kc/buy/cgsh_order_list.html HTTP/1.1" 200 42585
222.70.183.62 - - [03/May/2020:09:21:32 +0800] "GET /xingrg/javascript/jquery_easy_ui/themes/default/images/tree_folder_open.gif HTTP/1.1" 304 -
222.70.183.62 - - [03/May/2020:09:21:32 +0800] "GET /xingrg/javascript/jquery_easy_ui/themes/icons/search_new.png HTTP/1.1" 304 -
222.70.183.62 - - [03/May/2020:09:21:32 +0800] "GET /xingrg/javascript/jquery_easy_ui/themes/default/images/tree_folder.gif HTTP/1.1" 304 -
222.70.183.62 - - [03/May/2020:09:21:32 +0800] "GET /xingrg/javascript/jquery_easy_ui/themes/icons/storage_new.png HTTP/1.1" 304 -
222.70.183.62 - - [03/May/2020:09:21:32 +0800] "GET /xingrg/javascript/jquery_easy_ui/themes/icons/forms_new.png HTTP/1.1" 304 -
222.70.183.62 - - [03/May/2020:09:21:32 +0800] "GET /xingrg/javascript/jquery_easy_ui/themes/default/images/tree_file.gif HTTP/1.1" 304 -
180.162.232.172 - - [03/May/2020:09:21:33 +0800] "POST /xingrg/kc/buy/cgsh_list_operate.html HTTP/1.1" 200 1688
222.70.183.62 - - [03/May/2020:09:21:34 +0800] "GET /xingrg/kc/buy/buy_main.html HTTP/1.1" 200 12412
222.70.183.62 - - [03/May/2020:09:21:34 +0800] "GET /xingrg/javascript/jquery_easy_ui/themes/default/images/tabs_close.gif HTTP/1.1" 304 -
222.70.183.62 - - [03/May/2020:09:21:34 +0800] "GET /xingrg/css/new_ie.css HTTP/1.1" 404 1036
222.70.183.62 - - [03/May/2020:09:21:34 +0800] "GET /xingrg/css/blue.css HTTP/1.1" 200 15949
222.70.183.62 - - [03/May/2020:09:21:34 +0800] "GET /xingrg/javascript/pic_change.js HTTP/1.1" 304 -
222.70.183.62 - - [03/May/2020:09:21:34 +0800] "GET /xingrg/javascript/jquery_ui/themes/humanity/humanity.css HTTP/1.1" 200 27801
222.70.183.62 - - [03/May/2020:09:21:34 +0800] "GET /xingrg/javascript/ToolTips.js HTTP/1.1" 200 5615
222.70.183.62 - - [03/May/2020:09:21:34 +0800] "GET /xingrg/javascript/myfunction.js HTTP/1.1" 304 -
222.70.183.62 - - [03/May/2020:09:21:34 +0800] "GET /xingrg/javascript/jquery_ui/jquery-ui.min.js HTTP/1.1" 200 186181
222.70.183.62 - - [03/May/2020:09:21:34 +0800] "GET /xingrg/images/blue/button/cgydd.gif HTTP/1.1" 200 2712
222.70.183.62 - - [03/May/2020:09:21:34 +0800] "GET /xingrg/images/blue/button/cgxqd.gif HTTP/1.1" 200 2619
222.70.183.62 - - [03/May/2020:09:21:34 +0800] "GET /xingrg/images/blue/button/cgfkd.gif HTTP/1.1" 304 -
222.70.183.62 - - [03/May/2020:09:21:34 +0800] "GET /xingrg/images/blue/button/cgshd.gif HTTP/1.1" 304 -
222.70.183.62 - - [03/May/2020:09:21:34 +0800] "GET /xingrg/images/blue/button/kc.gif HTTP/1.1" 304 -
222.70.183.62 - - [03/May/2020:09:21:34 +0800] "GET /xingrg/images/blue/button/ckthd.gif HTTP/1.1" 304 -
222.70.183.62 - - [03/May/2020:09:21:34 +0800] "GET /xingrg/images/blue/button/down_ah.jpg HTTP/1.1" 200 1732
222.70.183.62 - - [03/May/2020:09:21:34 +0800] "GET /xingrg/images/blue/pic_form2.gif HTTP/1.1" 200 1853
222.70.183.62 - - [03/May/2020:09:21:34 +0800] "GET /xingrg/images/blue/button/right_ah.jpg HTTP/1.1" 304 -
222.70.183.62 - - [03/May/2020:09:21:34 +0800] "GET /xingrg/images/blue/bg_dotted.jpg HTTP/1.1" 304 -
222.70.183.62 - - [03/May/2020:09:21:34 +0800] "GET /xingrg/javascript/jquery_ui/themes/humanity/images/ui-bg_inset-soft_100_f4f0ec_1x100.png HTTP/1.1" 304 -
222.70.183.62 - - [03/May/2020:09:21:34 +0800] "GET /xingrg/javascript/jquery_ui/themes/humanity/images/ui-iconsnew.jpg HTTP/1.1" 200 337
222.70.183.62 - - [03/May/2020:09:21:34 +0800] "GET /xingrg/javascript/jquery_ui/themes/humanity/images/ui-icons_ffffff_256x240.png HTTP/1.1" 200 4369
222.70.183.62 - - [03/May/2020:09:21:34 +0800] "GET /xingrg/javascript/jquery_ui/themes/humanity/images/ui-icons_c47a23_256x240.png HTTP/1.1" 304 -
222.70.183.62 - - [03/May/2020:09:21:34 +0800] "GET /xingrg/javascript/jquery_ui/themes/humanity/images/ui-bg_glass_70_ede4d4_1x400.png HTTP/1.1" 304 -
180.162.232.172 - - [03/May/2020:09:21:34 +0800] "GET /xingrg/kc/buy/cgsh_order_add.html HTTP/1.1" 200 57923
222.70.183.62 - - [03/May/2020:09:21:34 +0800] "GET /xingrg/images/yd/bt.gif HTTP/1.1" 404 1040
114.86.190.97 - - [03/May/2020:09:21:35 +0800] "POST /xingrg/kc/buy/cgsh_list_operate.html HTTP/1.1" 200 2071
180.162.232.172 - - [03/May/2020:09:21:35 +0800] "POST /xingrg/kc/buy/cgsh_order_operate.html HTTP/1.1" 200 8245
180.162.232.172 - - [03/May/2020:09:21:35 +0800] "GET /xingrg/javascript/easyui/themes/default/validatebox.css HTTP/1.1" 404 1104
222.70.183.62 - - [03/May/2020:09:21:35 +0800] "GET /xingrg/css/base.css HTTP/1.1" 304 -
222.70.183.62 - - [03/May/2020:09:21:35 +0800] "GET /xingrg/css/site.css HTTP/1.1" 304 -
222.70.183.62 - - [03/May/2020:09:21:35 +0800] "GET /xingrg/javascript/jquery_tools/datebox.css HTTP/1.1" 304 -
222.70.183.62 - - [03/May/2020:09:21:35 +0800] "GET /xingrg/javascript/easyui/themes/icon.css HTTP/1.1" 304 -
222.70.183.62 - - [03/May/2020:09:21:35 +0800] "GET /xingrg/javascript/easyui/themes/default/easyui.css HTTP/1.1" 304 -
222.70.183.62 - - [03/May/2020:09:21:35 +0800] "GET /xingrg/javascript/auto/jquery.autocomplete.css HTTP/1.1" 304 -
222.70.183.62 - - [03/May/2020:09:21:35 +0800] "GET /xingrg/javascript/jquery_tools/fix.css HTTP/1.1" 304 -
222.70.183.62 - - [03/May/2020:09:21:35 +0800] "GET /xingrg/kc/buy/cgsh_order_list.html HTTP/1.1" 200 42581
222.70.183.62 - - [03/May/2020:09:21:35 +0800] "GET /xingrg/javascript/jquery_tools/table.css HTTP/1.1" 304 -
222.70.183.62 - - [03/May/2020:09:21:35 +0800] "GET /xingrg/javascript/jquery_tools/jquery.tools.min.js HTTP/1.1" 304 -
222.70.183.62 - - [03/May/2020:09:21:35 +0800] "GET /xingrg/javascript/jquery_tools/jquery.tools.extend.js HTTP/1.1" 304 -
222.70.183.62 - - [03/May/2020:09:21:35 +0800] "GET /xingrg/javascript/jquery_tools/jquery.tools.hotkey.js HTTP/1.1" 304 -
222.70.183.62 - - [03/May/2020:09:21:35 +0800] "GET /xingrg/javascript/jquery_tools/jquery.tools.table.js HTTP/1.1" 304 -
222.70.183.62 - - [03/May/2020:09:21:35 +0800] "GET /xingrg/javascript/jquery_tools/list_manager.js HTTP/1.1" 304 -
222.70.183.62 - - [03/May/2020:09:21:35 +0800] "GET /xingrg/javascript/auto/jquery.autocomplete.js HTTP/1.1" 304 -
222.70.183.62 - - [03/May/2020:09:21:35 +0800] "GET /xingrg/javascript/easyui/easyloader.js HTTP/1.1" 304 -
222.70.183.62 - - [03/May/2020:09:21:35 +0800] "GET /xingrg/javascript/jquery.cookie.js HTTP/1.1" 304 -
222.70.183.62 - - [03/May/2020:09:21:35 +0800] "GET /xingrg/javascript/print/LodopFuncs.js HTTP/1.1" 304 -
116.228.172.94 - - [03/May/2020:09:21:35 +0800] "GET /xingrg/all/function/internal_message.html?_=1588468111537&CODE_STATE=getMsg HTTP/1.1" 200 27
114.86.190.97 - - [03/May/2020:09:21:36 +0800] "POST /xingrg/kc/buy/cgsh_list_operate.html HTTP/1.1" 200 452
114.86.190.97 - - [03/May/2020:09:21:37 +0800] "GET /xingrg/css/base.css HTTP/1.1" 304 -
114.86.190.97 - - [03/May/2020:09:21:37 +0800] "GET /xingrg/javascript/jquery_tools/datebox.css HTTP/1.1" 304 -
114.86.190.97 - - [03/May/2020:09:21:37 +0800] "GET /xingrg/css/site.css HTTP/1.1" 304 -
114.86.190.97 - - [03/May/2020:09:21:37 +0800] "GET /xingrg/javascript/easyui/themes/default/easyui.css HTTP/1.1" 304 -
114.86.190.97 - - [03/May/2020:09:21:37 +0800] "GET /xingrg/javascript/easyui/themes/icon.css HTTP/1.1" 304 -
114.86.190.97 - - [03/May/2020:09:21:37 +0800] "GET /xingrg/javascript/auto/jquery.autocomplete.css HTTP/1.1" 304 -
114.86.190.97 - - [03/May/2020:09:21:37 +0800] "GET /xingrg/javascript/jquery_tools/table.css HTTP/1.1" 304 -
114.86.190.97 - - [03/May/2020:09:21:37 +0800] "GET /xingrg/javascript/jquery_tools/jquery.tools.min.js HTTP/1.1" 304 -
114.86.190.97 - - [03/May/2020:09:21:37 +0800] "GET /xingrg/javascript/jquery_tools/jquery.tools.extend.js HTTP/1.1" 304 -
114.86.190.97 - - [03/May/2020:09:21:37 +0800] "GET /xingrg/javascript/jquery_tools/jquery.tools.table.js HTTP/1.1" 304 -
114.86.190.97 - - [03/May/2020:09:21:37 +0800] "GET /xingrg/javascript/auto/jquery.autocomplete.js HTTP/1.1" 304 -
114.86.190.97 - - [03/May/2020:09:21:37 +0800] "GET /xingrg/javascript/jquery_tools/fix.css HTTP/1.1" 304 -
114.86.190.97 - - [03/May/2020:09:21:37 +0800] "GET /xingrg/javascript/pic_change.js HTTP/1.1" 304 -
114.86.190.97 - - [03/May/2020:09:21:37 +0800] "GET /xingrg/javascript/easyui/easyloader.js HTTP/1.1" 304 -
114.86.190.97 - - [03/May/2020:09:21:37 +0800] "GET /xingrg/javascript/convert.js HTTP/1.1" 304 -
114.86.190.97 - - [03/May/2020:09:21:37 +0800] "GET /xingrg/javascript/jquery_tools/order_manager.js HTTP/1.1" 304 -
114.86.190.97 - - [03/May/2020:09:21:37 +0800] "GET /xingrg/javascript/jquery.utils.js HTTP/1.1" 304 -
114.86.190.97 - - [03/May/2020:09:21:37 +0800] "GET /xingrg/kc/buy/cgsh_order_info.html?code=212020050200622 HTTP/1.1" 200 53094
114.86.190.97 - - [03/May/2020:09:21:37 +0800] "GET /xingrg/javascript/jquery.cookie.js HTTP/1.1" 304 -
114.86.190.97 - - [03/May/2020:09:21:37 +0800] "GET /xingrg/javascript/json2.js HTTP/1.1" 304 -
