114.84.33.255 - - [03/May/2020:09:50:49 +0800] "GET /xingrg/all/function/internal_message.html?_=1588470645167&CODE_STATE=getMsg HTTP/1.1" 200 27
117.131.5.26 - - [03/May/2020:09:50:50 +0800] "GET /xingrg/check_reg.html?_=1588470664234 HTTP/1.1" 200 22
58.40.7.146 - - [03/May/2020:09:50:50 +0800] "GET /xingrg/all/function/internal_message.html?_=1588470646504&CODE_STATE=getMsg HTTP/1.1" 200 27
222.70.183.62 - - [03/May/2020:09:50:51 +0800] "GET /xingrg/all/function/internal_message.html?_=1588470987072&CODE_STATE=getMsg HTTP/1.1" 200 27
172.17.0.119 - - [03/May/2020:09:50:55 +0800] "GET /xingrg/all/function/internal_message.html?_=1588470653523&CODE_STATE=getMsg HTTP/1.1" 200 27
222.70.183.62 - - [03/May/2020:09:51:00 +0800] "GET /xingrg/javascript/auto/indicator.gif HTTP/1.1" 404 1066
114.84.33.255 - - [03/May/2020:09:51:01 +0800] "GET /xingrg/all/function/internal_message.html?_=1588470682916&CODE_STATE=getMsg HTTP/1.1" 200 27
180.162.232.172 - - [03/May/2020:09:51:01 +0800] "GET /xingrg/all/function/internal_message.html?_=1588470659404&CODE_STATE=getMsg HTTP/1.1" 200 27
222.70.183.62 - - [03/May/2020:09:51:01 +0800] "GET /xingrg/kc/buy/cgsh_order_operate.html?command=get_materiel&rest_code=00111&code=00101008056&supplier_code=00100005&order_time=2020-05-03 HTTP/1.1" 200 408
172.17.0.185 - - [03/May/2020:09:51:02 +0800] "GET /xingrg/all/function/internal_message.html?_=1588470657572&CODE_STATE=getMsg HTTP/1.1" 200 27
114.86.190.97 - - [03/May/2020:09:51:07 +0800] "GET /xingrg/check_reg.html?_=1588470662983 HTTP/1.1" 200 22
114.86.190.97 - - [03/May/2020:09:51:07 +0800] "GET /xingrg/all/function/internal_message.html?_=1588470663333&CODE_STATE=getMsg HTTP/1.1" 200 27
222.70.183.62 - - [03/May/2020:09:51:09 +0800] "GET /xingrg/check_reg.html?_=1588470665653 HTTP/1.1" 200 22
222.70.183.62 - - [03/May/2020:09:51:09 +0800] "GET /xingrg/all/function/internal_message.html?_=1588470665761&CODE_STATE=getMsg HTTP/1.1" 200 27
114.84.32.201 - - [03/May/2020:09:51:14 +0800] "GET /xingrg/all/function/internal_message.html?_=1588470670341&CODE_STATE=getMsg HTTP/1.1" 200 27
222.70.183.62 - - [03/May/2020:09:51:17 +0800] "GET /xingrg/kc/buy/cgsh_order_operate.html?command=get_materiel&rest_code=00111&code=00101008089&supplier_code=00100005&order_time=2020-05-03 HTTP/1.1" 200 408
222.69.137.130 - - [03/May/2020:09:51:18 +0800] "GET /xingrg/all/function/internal_message.html?_=1588470674523&CODE_STATE=getMsg HTTP/1.1" 200 27
180.161.113.183 - - [03/May/2020:09:51:21 +0800] "GET /xingrg/kc/buy/cgsh_order_operate.html?command=get_materiel&rest_code=00102&code=00101006174&supplier_code=00100011&order_time=2020-05-03 HTTP/1.1" 200 415
120.253.135.82 - - [03/May/2020:09:51:24 +0800] "GET /xingrg/all/function/internal_message.html?_=1588470815768&CODE_STATE=getMsg HTTP/1.1" 200 27
180.156.150.85 - - [03/May/2020:09:51:29 +0800] "GET /xingrg/all/function/internal_message.html?_=1588470686989&CODE_STATE=getMsg HTTP/1.1" 200 27
222.70.183.62 - - [03/May/2020:09:51:30 +0800] "GET /xingrg/kc/buy/cgsh_order_operate.html?command=get_materiel&rest_code=00111&code=00101008038&supplier_code=00100005&order_time=2020-05-03 HTTP/1.1" 200 412
172.17.0.112 - - [03/May/2020:09:51:31 +0800] "GET /xingrg/check_reg.html?_=1588470688862 HTTP/1.1" 200 22
172.17.0.112 - - [03/May/2020:09:51:31 +0800] "GET /xingrg/all/function/internal_message.html?_=1588470688865&CODE_STATE=getMsg HTTP/1.1" 200 27
172.17.0.108 - - [03/May/2020:09:51:32 +0800] "GET /xingrg/kc/buy/buy_main.html HTTP/1.1" 200 12377
172.17.0.108 - - [03/May/2020:09:51:32 +0800] "GET /xingrg/css/new_ie.css HTTP/1.1" 404 1036
172.17.0.108 - - [03/May/2020:09:51:32 +0800] "GET /xingrg/images/yd/bt.gif HTTP/1.1" 404 1040
172.17.0.108 - - [03/May/2020:09:51:32 +0800] "GET /xingrg/kc/buy/cgsh_order_list.html HTTP/1.1" 200 42567
180.161.113.183 - - [03/May/2020:09:51:33 +0800] "GET /xingrg/all/function/internal_message.html?_=1588470881767&CODE_STATE=getMsg HTTP/1.1" 200 27
172.17.0.108 - - [03/May/2020:09:51:33 +0800] "POST /xingrg/kc/buy/cgsh_list_operate.html HTTP/1.1" 200 876
172.17.0.108 - - [03/May/2020:09:51:34 +0800] "GET /xingrg/kc/buy/cgsh_order_add.html HTTP/1.1" 200 58085
172.17.0.108 - - [03/May/2020:09:51:34 +0800] "GET /xingrg/javascript/easyui/themes/default/validatebox.css HTTP/1.1" 404 1104
172.17.0.108 - - [03/May/2020:09:51:34 +0800] "POST /xingrg/kc/buy/cgsh_order_operate.html HTTP/1.1" 200 8245
172.17.0.108 - - [03/May/2020:09:51:34 +0800] "GET /xingrg/all/function/internal_message.html?_=1588470687130&CODE_STATE=getMsg HTTP/1.1" 200 27
116.228.172.94 - - [03/May/2020:09:51:36 +0800] "GET /xingrg/all/function/internal_message.html?_=1588469913063&CODE_STATE=getMsg HTTP/1.1" 200 27
180.162.232.172 - - [03/May/2020:09:51:40 +0800] "GET /xingrg/all/function/internal_message.html?_=1588470831250&CODE_STATE=getMsg HTTP/1.1" 200 27
117.131.5.26 - - [03/May/2020:09:51:41 +0800] "GET /xingrg/all/function/internal_message.html?_=1588470714750&CODE_STATE=getMsg HTTP/1.1" 200 27
172.17.0.108 - - [03/May/2020:09:51:42 +0800] "GET /xingrg/kc/buy/cgsh_order_operate.html?command=get_materiel&rest_code=00147&code=00101026094&supplier_code=00100151&order_time=2020-05-03 HTTP/1.1" 200 418
172.17.0.120 - - [03/May/2020:09:51:44 +0800] "GET /xingrg/all/function/internal_message.html?_=1588470698990&CODE_STATE=getMsg HTTP/1.1" 200 27
222.70.183.62 - - [03/May/2020:09:51:45 +0800] "GET /xingrg/kc/buy/cgsh_order_operate.html?command=get_materiel&rest_code=00111&code=00101008004&supplier_code=00100005&order_time=2020-05-03 HTTP/1.1" 200 416
180.161.113.183 - - [03/May/2020:09:51:47 +0800] "GET /xingrg/kc/buy/cgsh_order_operate.html?command=get_materiel&rest_code=00102&code=00101006025&supplier_code=00100011&order_time=2020-05-03 HTTP/1.1" 200 417
114.84.33.255 - - [03/May/2020:09:51:49 +0800] "GET /xingrg/all/function/internal_message.html?_=1588470705179&CODE_STATE=getMsg HTTP/1.1" 200 27
222.70.183.62 - - [03/May/2020:09:51:49 +0800] "POST /xingrg/kc/buy/cgsh_order_operate.html HTTP/1.1" 200 2065
58.40.7.146 - - [03/May/2020:09:51:50 +0800] "GET /xingrg/all/function/internal_message.html?_=1588470706508&CODE_STATE=getMsg HTTP/1.1" 200 27
222.70.183.62 - - [03/May/2020:09:51:51 +0800] "GET /xingrg/all/function/internal_message.html?_=1588471047070&CODE_STATE=getMsg HTTP/1.1" 200 27
222.70.183.62 - - [03/May/2020:09:51:55 +0800] "GET /xingrg/kc/buy/cgsh_order_operate.html?command=get_materiel&rest_code=00111&code=00101008357&supplier_code=00100005&order_time=2020-05-03 HTTP/1.1" 200 408
172.17.0.119 - - [03/May/2020:09:51:55 +0800] "GET /xingrg/all/function/internal_message.html?_=1588470713493&CODE_STATE=getMsg HTTP/1.1" 200 27
180.161.113.183 - - [03/May/2020:09:51:58 +0800] "GET /xingrg/kc/buy/cgsh_order_operate.html?command=get_materiel&rest_code=00102&code=00101006135&supplier_code=00100011&order_time=2020-05-03 HTTP/1.1" 200 417
114.84.32.201 - - [03/May/2020:09:52:00 +0800] "GET /xingrg/check_reg.html?_=1588470716742 HTTP/1.1" 200 22
114.84.33.255 - - [03/May/2020:09:52:01 +0800] "GET /xingrg/all/function/internal_message.html?_=1588470743171&CODE_STATE=getMsg HTTP/1.1" 200 27
172.17.0.108 - - [03/May/2020:09:52:01 +0800] "POST /xingrg/kc/buy/cgsh_order_operate.html HTTP/1.1" 200 37
180.162.232.172 - - [03/May/2020:09:52:01 +0800] "GET /xingrg/all/function/internal_message.html?_=1588470719407&CODE_STATE=getMsg HTTP/1.1" 200 27
172.17.0.185 - - [03/May/2020:09:52:03 +0800] "GET /xingrg/all/function/internal_message.html?_=1588470717578&CODE_STATE=getMsg HTTP/1.1" 200 27
172.17.0.108 - - [03/May/2020:09:52:03 +0800] "POST /xingrg/kc/buy/cgsh_order_operate.html HTTP/1.1" 200 12
172.17.0.108 - - [03/May/2020:09:52:03 +0800] "GET /xingrg/kc/buy/cgsh_order_info.html?code=212020050300819 HTTP/1.1" 200 52982
172.17.0.108 - - [03/May/2020:09:52:03 +0800] "GET /xingrg/javascript/easyui/themes/default/validatebox.css HTTP/1.1" 404 1104
172.17.0.108 - - [03/May/2020:09:52:03 +0800] "POST /xingrg/kc/buy/cgsh_order_operate.html HTTP/1.1" 200 617
172.17.0.108 - - [03/May/2020:09:52:05 +0800] "GET /xingrg/kc/print/load_data.html?order_code=212020050300819&kc_code=cgsh&condition= HTTP/1.1" 200 701
114.86.190.97 - - [03/May/2020:09:52:07 +0800] "GET /xingrg/all/function/internal_message.html?_=1588470723347&CODE_STATE=getMsg HTTP/1.1" 200 27
222.70.183.62 - - [03/May/2020:09:52:09 +0800] "GET /xingrg/all/function/internal_message.html?_=1588470725775&CODE_STATE=getMsg HTTP/1.1" 200 27
114.84.32.201 - - [03/May/2020:09:52:14 +0800] "GET /xingrg/all/function/internal_message.html?_=1588470730340&CODE_STATE=getMsg HTTP/1.1" 200 27
114.84.32.201 - - [03/May/2020:09:52:14 +0800] "GET /xingrg/check_reg.html?_=1588470730342 HTTP/1.1" 200 22
222.69.137.130 - - [03/May/2020:09:52:18 +0800] "GET /xingrg/check_reg.html?_=1588470734541 HTTP/1.1" 200 22
222.69.137.130 - - [03/May/2020:09:52:18 +0800] "GET /xingrg/all/function/internal_message.html?_=1588470734536&CODE_STATE=getMsg HTTP/1.1" 200 27
222.70.183.62 - - [03/May/2020:09:52:21 +0800] "GET /xingrg/kc/buy/cgsh_order_operate.html?command=get_materiel&rest_code=00111&code=00101008069&supplier_code=00100005&order_time=2020-05-03 HTTP/1.1" 200 412
114.84.33.255 - - [03/May/2020:09:52:23 +0800] "GET /xingrg/check_reg.html?_=1588470765162 HTTP/1.1" 200 22
120.253.135.82 - - [03/May/2020:09:52:24 +0800] "GET /xingrg/all/function/internal_message.html?_=1588470875780&CODE_STATE=getMsg HTTP/1.1" 200 27
180.156.150.85 - - [03/May/2020:09:52:29 +0800] "GET /xingrg/all/function/internal_message.html?_=1588470746976&CODE_STATE=getMsg HTTP/1.1" 200 27
172.17.0.112 - - [03/May/2020:09:52:31 +0800] "GET /xingrg/all/function/internal_message.html?_=1588470748852&CODE_STATE=getMsg HTTP/1.1" 200 27
180.161.113.183 - - [03/May/2020:09:52:33 +0800] "GET /xingrg/all/function/internal_message.html?_=1588470941775&CODE_STATE=getMsg HTTP/1.1" 200 27
172.17.0.108 - - [03/May/2020:09:52:34 +0800] "GET /xingrg/all/function/internal_message.html?_=1588470747101&CODE_STATE=getMsg HTTP/1.1" 200 27
116.228.172.94 - - [03/May/2020:09:52:36 +0800] "GET /xingrg/all/function/internal_message.html?_=1588469973077&CODE_STATE=getMsg HTTP/1.1" 200 27
180.162.232.172 - - [03/May/2020:09:52:39 +0800] "GET /xingrg/check_reg.html?_=1588470890961 HTTP/1.1" 200 22
180.162.232.172 - - [03/May/2020:09:52:40 +0800] "GET /xingrg/all/function/internal_message.html?_=1588470891263&CODE_STATE=getMsg HTTP/1.1" 200 27
117.131.5.26 - - [03/May/2020:09:52:41 +0800] "GET /xingrg/all/function/internal_message.html?_=1588470774750&CODE_STATE=getMsg HTTP/1.1" 200 27
222.70.183.62 - - [03/May/2020:09:52:41 +0800] "GET /xingrg/kc/buy/cgsh_order_operate.html?command=get_materiel&rest_code=00111&code=00101008006&supplier_code=00100005&order_time=2020-05-03 HTTP/1.1" 200 416
180.161.113.183 - - [03/May/2020:09:52:42 +0800] "POST /xingrg/kc/buy/cgsh_order_operate.html HTTP/1.1" 200 37
180.161.113.183 - - [03/May/2020:09:52:44 +0800] "POST /xingrg/kc/buy/cgsh_order_operate.html HTTP/1.1" 200 12
172.17.0.120 - - [03/May/2020:09:52:44 +0800] "GET /xingrg/all/function/internal_message.html?_=1588470758996&CODE_STATE=getMsg HTTP/1.1" 200 27
180.161.113.183 - - [03/May/2020:09:52:45 +0800] "GET /xingrg/kc/buy/cgsh_order_info.html?code=212020050300820 HTTP/1.1" 200 53008
180.161.113.183 - - [03/May/2020:09:52:46 +0800] "GET /xingrg/javascript/easyui/themes/default/validatebox.css HTTP/1.1" 404 1104
180.161.113.183 - - [03/May/2020:09:52:47 +0800] "POST /xingrg/kc/buy/cgsh_order_operate.html HTTP/1.1" 200 8344
114.84.33.255 - - [03/May/2020:09:52:48 +0800] "GET /xingrg/check_reg.html?_=1588470764508 HTTP/1.1" 200 22
114.84.33.255 - - [03/May/2020:09:52:49 +0800] "GET /xingrg/all/function/internal_message.html?_=1588470765193&CODE_STATE=getMsg HTTP/1.1" 200 27
58.40.7.146 - - [03/May/2020:09:52:50 +0800] "GET /xingrg/all/function/internal_message.html?_=1588470766511&CODE_STATE=getMsg HTTP/1.1" 200 27
222.70.183.62 - - [03/May/2020:09:52:51 +0800] "GET /xingrg/all/function/internal_message.html?_=1588471107074&CODE_STATE=getMsg HTTP/1.1" 200 27
222.70.183.62 - - [03/May/2020:09:52:51 +0800] "GET /xingrg/check_reg.html?_=1588471107076 HTTP/1.1" 200 22
222.70.183.62 - - [03/May/2020:09:52:53 +0800] "GET /xingrg/kc/buy/cgsh_order_operate.html?command=get_materiel&rest_code=00111&code=00101008131&supplier_code=00100005&order_time=2020-05-03 HTTP/1.1" 200 408
172.17.0.119 - - [03/May/2020:09:52:55 +0800] "GET /xingrg/all/function/internal_message.html?_=1588470773468&CODE_STATE=getMsg HTTP/1.1" 200 27
180.161.113.183 - - [03/May/2020:09:52:58 +0800] "GET /xingrg/kc/print/load_data.html?order_code=212020050300820&kc_code=cgsh&condition= HTTP/1.1" 200 3701
222.70.183.62 - - [03/May/2020:09:52:59 +0800] "GET /xingrg/kc/buy/cgsh_order_operate.html?command=get_materiel&rest_code=00111&code=00101008318&supplier_code=00100005&order_time=2020-05-03 HTTP/1.1" 200 408
114.84.33.255 - - [03/May/2020:09:53:01 +0800] "GET /xingrg/all/function/internal_message.html?_=1588470803177&CODE_STATE=getMsg HTTP/1.1" 200 27
180.162.232.172 - - [03/May/2020:09:53:01 +0800] "GET /xingrg/check_reg.html?_=1588470779409 HTTP/1.1" 200 22
180.162.232.172 - - [03/May/2020:09:53:01 +0800] "GET /xingrg/all/function/internal_message.html?_=1588470779412&CODE_STATE=getMsg HTTP/1.1" 200 27
222.70.183.62 - - [03/May/2020:09:53:02 +0800] "POST /xingrg/kc/buy/cgsh_order_operate.html HTTP/1.1" 200 2065
172.17.0.185 - - [03/May/2020:09:53:03 +0800] "GET /xingrg/check_reg.html?_=1588470777570 HTTP/1.1" 200 22
172.17.0.185 - - [03/May/2020:09:53:03 +0800] "GET /xingrg/all/function/internal_message.html?_=1588470777587&CODE_STATE=getMsg HTTP/1.1" 200 27
101.85.52.41 - - [03/May/2020:09:53:06 +0800] "GET /xingrg/check_reg.html?_=1588470332544 HTTP/1.1" 302 -
222.70.183.62 - - [03/May/2020:09:53:07 +0800] "GET /xingrg/kc/buy/cgsh_order_operate.html?command=get_materiel&rest_code=00111&code=00101008352&supplier_code=00100005&order_time=2020-05-03 HTTP/1.1" 200 412
114.86.190.97 - - [03/May/2020:09:53:07 +0800] "GET /xingrg/all/function/internal_message.html?_=1588470783360&CODE_STATE=getMsg HTTP/1.1" 200 27
222.70.183.62 - - [03/May/2020:09:53:09 +0800] "GET /xingrg/all/function/internal_message.html?_=1588470785788&CODE_STATE=getMsg HTTP/1.1" 200 27
114.84.32.201 - - [03/May/2020:09:53:14 +0800] "GET /xingrg/all/function/internal_message.html?_=1588470790338&CODE_STATE=getMsg HTTP/1.1" 200 27
222.70.183.62 - - [03/May/2020:09:53:14 +0800] "GET /xingrg/kc/buy/cgsh_order_operate.html?command=get_materiel&rest_code=00111&code=00101013148&supplier_code=00100005&order_time=2020-05-03 HTTP/1.1" 200 409
222.69.137.130 - - [03/May/2020:09:53:18 +0800] "GET /xingrg/all/function/internal_message.html?_=1588470794552&CODE_STATE=getMsg HTTP/1.1" 200 27
222.70.183.62 - - [03/May/2020:09:53:21 +0800] "GET /xingrg/kc/buy/cgsh_order_operate.html?command=get_materiel&rest_code=00111&code=00101008353&supplier_code=00100005&order_time=2020-05-03 HTTP/1.1" 200 408
120.253.135.82 - - [03/May/2020:09:53:22 +0800] "GET /xingrg/check_reg.html?_=1588470934238 HTTP/1.1" 200 22
120.253.135.82 - - [03/May/2020:09:53:24 +0800] "GET /xingrg/all/function/internal_message.html?_=1588470935794&CODE_STATE=getMsg HTTP/1.1" 200 27
180.156.150.85 - - [03/May/2020:09:53:29 +0800] "GET /xingrg/all/function/internal_message.html?_=1588470806977&CODE_STATE=getMsg HTTP/1.1" 200 27
180.156.150.85 - - [03/May/2020:09:53:29 +0800] "GET /xingrg/check_reg.html?_=1588470806981 HTTP/1.1" 200 22
172.17.0.112 - - [03/May/2020:09:53:31 +0800] "GET /xingrg/all/function/internal_message.html?_=1588470808857&CODE_STATE=getMsg HTTP/1.1" 200 27
222.70.183.62 - - [03/May/2020:09:53:32 +0800] "GET /xingrg/kc/buy/cgsh_order_operate.html?command=get_materiel&rest_code=00111&code=00101008312&supplier_code=00100005&order_time=2020-05-03 HTTP/1.1" 200 412
180.161.113.183 - - [03/May/2020:09:53:34 +0800] "GET /xingrg/all/function/internal_message.html?_=1588471001788&CODE_STATE=getMsg HTTP/1.1" 200 27
172.17.0.108 - - [03/May/2020:09:53:34 +0800] "GET /xingrg/all/function/internal_message.html?_=1588470807078&CODE_STATE=getMsg HTTP/1.1" 200 27
116.228.172.94 - - [03/May/2020:09:53:37 +0800] "GET /xingrg/all/function/internal_message.html?_=1588470033273&CODE_STATE=getMsg HTTP/1.1" 200 27
222.70.183.62 - - [03/May/2020:09:53:39 +0800] "GET /xingrg/kc/buy/cgsh_order_operate.html?command=get_materiel&rest_code=00111&code=00101009030&supplier_code=00100005&order_time=2020-05-03 HTTP/1.1" 200 412
180.162.232.172 - - [03/May/2020:09:53:40 +0800] "GET /xingrg/all/function/internal_message.html?_=1588470951277&CODE_STATE=getMsg HTTP/1.1" 200 27
117.131.5.26 - - [03/May/2020:09:53:41 +0800] "GET /xingrg/all/function/internal_message.html?_=1588470834750&CODE_STATE=getMsg HTTP/1.1" 200 27
172.17.0.120 - - [03/May/2020:09:53:44 +0800] "GET /xingrg/all/function/internal_message.html?_=1588470818994&CODE_STATE=getMsg HTTP/1.1" 200 27
114.84.33.255 - - [03/May/2020:09:53:49 +0800] "GET /xingrg/all/function/internal_message.html?_=1588470825206&CODE_STATE=getMsg HTTP/1.1" 200 27
222.70.183.62 - - [03/May/2020:09:53:50 +0800] "GET /xingrg/kc/buy/cgsh_order_operate.html?command=get_materiel&rest_code=00111&code=00101008137&supplier_code=00100005&order_time=2020-05-03 HTTP/1.1" 200 408
58.40.7.146 - - [03/May/2020:09:53:50 +0800] "GET /xingrg/all/function/internal_message.html?_=1588470826498&CODE_STATE=getMsg HTTP/1.1" 200 27
222.70.183.62 - - [03/May/2020:09:53:51 +0800] "GET /xingrg/all/function/internal_message.html?_=1588471167076&CODE_STATE=getMsg HTTP/1.1" 200 27
222.70.183.62 - - [03/May/2020:09:53:52 +0800] "POST /xingrg/kc/buy/cgsh_order_operate.html HTTP/1.1" 200 2065
172.17.0.119 - - [03/May/2020:09:53:55 +0800] "GET /xingrg/all/function/internal_message.html?_=1588470833442&CODE_STATE=getMsg HTTP/1.1" 200 27
172.17.0.119 - - [03/May/2020:09:53:56 +0800] "GET /xingrg/check_reg.html?_=1588470833836 HTTP/1.1" 200 22
222.70.183.62 - - [03/May/2020:09:53:59 +0800] "GET /xingrg/kc/buy/cgsh_order_operate.html?command=get_materiel&rest_code=00111&code=00101008027&supplier_code=00100005&order_time=2020-05-03 HTTP/1.1" 200 408
114.84.33.255 - - [03/May/2020:09:54:01 +0800] "GET /xingrg/all/function/internal_message.html?_=1588470863191&CODE_STATE=getMsg HTTP/1.1" 200 27
180.162.232.172 - - [03/May/2020:09:54:01 +0800] "GET /xingrg/all/function/internal_message.html?_=1588470839412&CODE_STATE=getMsg HTTP/1.1" 200 27
172.17.0.185 - - [03/May/2020:09:54:02 +0800] "GET /xingrg/all/function/internal_message.html?_=1588470837565&CODE_STATE=getMsg HTTP/1.1" 200 27
114.86.190.97 - - [03/May/2020:09:54:07 +0800] "GET /xingrg/all/function/internal_message.html?_=1588470843382&CODE_STATE=getMsg HTTP/1.1" 200 27
222.70.183.62 - - [03/May/2020:09:54:09 +0800] "GET /xingrg/all/function/internal_message.html?_=1588470845800&CODE_STATE=getMsg HTTP/1.1" 200 27
114.84.32.201 - - [03/May/2020:09:54:14 +0800] "GET /xingrg/all/function/internal_message.html?_=1588470850335&CODE_STATE=getMsg HTTP/1.1" 200 27
222.70.183.62 - - [03/May/2020:09:54:16 +0800] "GET /xingrg/kc/buy/cgsh_order_operate.html?command=get_materiel&rest_code=00111&code=00101008155&supplier_code=00100005&order_time=2020-05-03 HTTP/1.1" 200 408
222.69.137.130 - - [03/May/2020:09:54:18 +0800] "GET /xingrg/all/function/internal_message.html?_=1588470854536&CODE_STATE=getMsg HTTP/1.1" 200 27
222.70.183.62 - - [03/May/2020:09:54:23 +0800] "GET /xingrg/kc/buy/cgsh_order_operate.html?command=get_materiel&rest_code=00111&code=00101008354&supplier_code=00100005&order_time=2020-05-03 HTTP/1.1" 200 412
120.253.135.82 - - [03/May/2020:09:54:24 +0800] "GET /xingrg/all/function/internal_message.html?_=1588470995807&CODE_STATE=getMsg HTTP/1.1" 200 27
180.156.150.85 - - [03/May/2020:09:54:29 +0800] "GET /xingrg/all/function/internal_message.html?_=1588470866980&CODE_STATE=getMsg HTTP/1.1" 200 27
222.70.183.62 - - [03/May/2020:09:54:31 +0800] "GET /xingrg/kc/buy/cgsh_order_operate.html?command=get_materiel&rest_code=00111&code=00101008088&supplier_code=00100005&order_time=2020-05-03 HTTP/1.1" 200 408
172.17.0.112 - - [03/May/2020:09:54:31 +0800] "GET /xingrg/all/function/internal_message.html?_=1588470868858&CODE_STATE=getMsg HTTP/1.1" 200 27
180.161.113.183 - - [03/May/2020:09:54:34 +0800] "GET /xingrg/all/function/internal_message.html?_=1588471062489&CODE_STATE=getMsg HTTP/1.1" 200 27
117.131.5.26 - - [03/May/2020:09:54:34 +0800] "GET /xingrg/check_reg.html?_=1588470888125 HTTP/1.1" 200 22
172.17.0.108 - - [03/May/2020:09:54:34 +0800] "GET /xingrg/all/function/internal_message.html?_=1588470867051&CODE_STATE=getMsg HTTP/1.1" 200 27
116.228.172.94 - - [03/May/2020:09:54:37 +0800] "GET /xingrg/all/function/internal_message.html?_=1588470093276&CODE_STATE=getMsg HTTP/1.1" 200 27
222.70.183.62 - - [03/May/2020:09:54:38 +0800] "GET /xingrg/kc/buy/cgsh_order_operate.html?command=get_materiel&rest_code=00111&code=00101008003&supplier_code=00100005&order_time=2020-05-03 HTTP/1.1" 200 408
180.162.232.172 - - [03/May/2020:09:54:40 +0800] "GET /xingrg/all/function/internal_message.html?_=1588471011292&CODE_STATE=getMsg HTTP/1.1" 200 27
117.131.5.26 - - [03/May/2020:09:54:41 +0800] "GET /xingrg/all/function/internal_message.html?_=1588470894750&CODE_STATE=getMsg HTTP/1.1" 200 27
222.70.183.62 - - [03/May/2020:09:54:41 +0800] "POST /xingrg/kc/buy/cgsh_order_operate.html HTTP/1.1" 200 2065
172.17.0.120 - - [03/May/2020:09:54:44 +0800] "GET /xingrg/check_reg.html?_=1588470878988 HTTP/1.1" 200 22
172.17.0.120 - - [03/May/2020:09:54:44 +0800] "GET /xingrg/all/function/internal_message.html?_=1588470878991&CODE_STATE=getMsg HTTP/1.1" 200 27
222.70.183.62 - - [03/May/2020:09:54:47 +0800] "GET /xingrg/kc/buy/cgsh_order_operate.html?command=get_materiel&rest_code=00111&code=00101008067&supplier_code=00100005&order_time=2020-05-03 HTTP/1.1" 200 416
114.84.33.255 - - [03/May/2020:09:54:49 +0800] "GET /xingrg/all/function/internal_message.html?_=1588470885219&CODE_STATE=getMsg HTTP/1.1" 200 27
58.40.7.146 - - [03/May/2020:09:54:50 +0800] "GET /xingrg/all/function/internal_message.html?_=1588470886504&CODE_STATE=getMsg HTTP/1.1" 200 27
58.40.7.146 - - [03/May/2020:09:54:50 +0800] "GET /xingrg/check_reg.html?_=1588470886505 HTTP/1.1" 200 22
222.70.183.62 - - [03/May/2020:09:54:51 +0800] "GET /xingrg/all/function/internal_message.html?_=1588471227075&CODE_STATE=getMsg HTTP/1.1" 200 27
222.70.183.62 - - [03/May/2020:09:54:54 +0800] "GET /xingrg/kc/buy/cgsh_order_operate.html?command=get_materiel&rest_code=00111&code=00101008356&supplier_code=00100005&order_time=2020-05-03 HTTP/1.1" 200 408
172.17.0.119 - - [03/May/2020:09:54:55 +0800] "GET /xingrg/all/function/internal_message.html?_=1588470893417&CODE_STATE=getMsg HTTP/1.1" 200 27
114.84.33.255 - - [03/May/2020:09:55:01 +0800] "GET /xingrg/all/function/internal_message.html?_=1588470923446&CODE_STATE=getMsg HTTP/1.1" 200 27
180.162.232.172 - - [03/May/2020:09:55:01 +0800] "GET /xingrg/all/function/internal_message.html?_=1588470899412&CODE_STATE=getMsg HTTP/1.1" 200 27
222.70.183.62 - - [03/May/2020:09:55:02 +0800] "GET /xingrg/kc/buy/cgsh_order_operate.html?command=get_materiel&rest_code=00111&code=00101008296&supplier_code=00100005&order_time=2020-05-03 HTTP/1.1" 200 416
172.17.0.185 - - [03/May/2020:09:55:03 +0800] "GET /xingrg/all/function/internal_message.html?_=1588470897574&CODE_STATE=getMsg HTTP/1.1" 200 27
114.86.190.97 - - [03/May/2020:09:55:07 +0800] "GET /xingrg/all/function/internal_message.html?_=1588470903387&CODE_STATE=getMsg HTTP/1.1" 200 27
222.70.183.62 - - [03/May/2020:09:55:09 +0800] "GET /xingrg/all/function/internal_message.html?_=1588470905816&CODE_STATE=getMsg HTTP/1.1" 200 27
222.70.183.62 - - [03/May/2020:09:55:10 +0800] "GET /xingrg/kc/buy/cgsh_order_operate.html?command=get_materiel&rest_code=00111&code=00101008213&supplier_code=00100005&order_time=2020-05-03 HTTP/1.1" 200 412
114.84.32.201 - - [03/May/2020:09:55:14 +0800] "GET /xingrg/all/function/internal_message.html?_=1588470910348&CODE_STATE=getMsg HTTP/1.1" 200 27
222.70.183.62 - - [03/May/2020:09:55:17 +0800] "GET /xingrg/kc/buy/cgsh_order_operate.html?command=get_materiel&rest_code=00111&code=00101008036&supplier_code=00100005&order_time=2020-05-03 HTTP/1.1" 200 408
222.69.137.130 - - [03/May/2020:09:55:18 +0800] "GET /xingrg/all/function/internal_message.html?_=1588470914542&CODE_STATE=getMsg HTTP/1.1" 200 27
120.253.135.82 - - [03/May/2020:09:55:24 +0800] "GET /xingrg/all/function/internal_message.html?_=1588471055820&CODE_STATE=getMsg HTTP/1.1" 200 27
180.161.113.183 - - [03/May/2020:09:55:27 +0800] "GET /xingrg/check_reg.html?_=1588471115764 HTTP/1.1" 200 22
180.156.150.85 - - [03/May/2020:09:55:29 +0800] "GET /xingrg/all/function/internal_message.html?_=1588470926980&CODE_STATE=getMsg HTTP/1.1" 200 27
222.70.183.62 - - [03/May/2020:09:55:29 +0800] "POST /xingrg/kc/buy/cgsh_order_operate.html HTTP/1.1" 200 2065
172.17.0.112 - - [03/May/2020:09:55:31 +0800] "GET /xingrg/all/function/internal_message.html?_=1588470928862&CODE_STATE=getMsg HTTP/1.1" 200 27
180.161.113.183 - - [03/May/2020:09:55:34 +0800] "GET /xingrg/all/function/internal_message.html?_=1588471122502&CODE_STATE=getMsg HTTP/1.1" 200 27
172.17.0.108 - - [03/May/2020:09:55:34 +0800] "GET /xingrg/check_reg.html?_=1588470926514 HTTP/1.1" 200 22
172.17.0.108 - - [03/May/2020:09:55:34 +0800] "GET /xingrg/all/function/internal_message.html?_=1588470927022&CODE_STATE=getMsg HTTP/1.1" 200 27
116.228.172.94 - - [03/May/2020:09:55:35 +0800] "GET /xingrg/check_reg.html?_=1588470151926 HTTP/1.1" 200 22
116.228.172.94 - - [03/May/2020:09:55:37 +0800] "GET /xingrg/all/function/internal_message.html?_=1588470153289&CODE_STATE=getMsg HTTP/1.1" 200 27
222.70.183.62 - - [03/May/2020:09:55:39 +0800] "GET /xingrg/kc/buy/cgsh_order_operate.html?command=get_materiel&rest_code=00111&code=00101008350&supplier_code=00100005&order_time=2020-05-03 HTTP/1.1" 200 408
180.162.232.172 - - [03/May/2020:09:55:40 +0800] "GET /xingrg/all/function/internal_message.html?_=1588471071340&CODE_STATE=getMsg HTTP/1.1" 200 27
117.131.5.26 - - [03/May/2020:09:55:41 +0800] "GET /xingrg/all/function/internal_message.html?_=1588470954750&CODE_STATE=getMsg HTTP/1.1" 200 27
172.17.0.120 - - [03/May/2020:09:55:44 +0800] "GET /xingrg/all/function/internal_message.html?_=1588470938995&CODE_STATE=getMsg HTTP/1.1" 200 27
222.70.183.62 - - [03/May/2020:09:55:47 +0800] "GET /xingrg/kc/buy/cgsh_order_operate.html?command=get_materiel&rest_code=00111&code=00101008215&supplier_code=00100005&order_time=2020-05-03 HTTP/1.1" 200 413
114.84.33.255 - - [03/May/2020:09:55:49 +0800] "GET /xingrg/all/function/internal_message.html?_=1588470945236&CODE_STATE=getMsg HTTP/1.1" 200 27
117.131.5.26 - - [03/May/2020:09:55:50 +0800] "GET /xingrg/check_reg.html?_=1588470964234 HTTP/1.1" 200 22
58.40.7.146 - - [03/May/2020:09:55:50 +0800] "GET /xingrg/all/function/internal_message.html?_=1588470946507&CODE_STATE=getMsg HTTP/1.1" 200 27
222.70.183.62 - - [03/May/2020:09:55:51 +0800] "GET /xingrg/all/function/internal_message.html?_=1588471287074&CODE_STATE=getMsg HTTP/1.1" 200 27
172.17.0.119 - - [03/May/2020:09:55:55 +0800] "GET /xingrg/all/function/internal_message.html?_=1588470953388&CODE_STATE=getMsg HTTP/1.1" 200 27
114.84.33.255 - - [03/May/2020:09:56:01 +0800] "GET /xingrg/all/function/internal_message.html?_=1588470983453&CODE_STATE=getMsg HTTP/1.1" 200 27
180.162.232.172 - - [03/May/2020:09:56:01 +0800] "GET /xingrg/all/function/internal_message.html?_=1588470959412&CODE_STATE=getMsg HTTP/1.1" 200 27
172.17.0.185 - - [03/May/2020:09:56:02 +0800] "GET /xingrg/all/function/internal_message.html?_=1588470957564&CODE_STATE=getMsg HTTP/1.1" 200 27
114.86.190.97 - - [03/May/2020:09:56:07 +0800] "GET /xingrg/check_reg.html?_=1588470962991 HTTP/1.1" 200 22
114.86.190.97 - - [03/May/2020:09:56:07 +0800] "GET /xingrg/all/function/internal_message.html?_=1588470963401&CODE_STATE=getMsg HTTP/1.1" 200 27
222.70.183.62 - - [03/May/2020:09:56:09 +0800] "GET /xingrg/check_reg.html?_=1588470965656 HTTP/1.1" 200 22
222.70.183.62 - - [03/May/2020:09:56:09 +0800] "GET /xingrg/all/function/internal_message.html?_=1588470965828&CODE_STATE=getMsg HTTP/1.1" 200 27
180.156.150.85 - - [03/May/2020:09:56:09 +0800] "GET /xingrg/kc/buy/cgsh_order_list.html HTTP/1.1" 200 42581
180.156.150.85 - - [03/May/2020:09:56:10 +0800] "POST /xingrg/kc/buy/cgsh_list_operate.html HTTP/1.1" 200 3129
180.156.150.85 - - [03/May/2020:09:56:13 +0800] "POST /xingrg/kc/buy/cgsh_list_operate.html HTTP/1.1" 200 564
114.84.32.201 - - [03/May/2020:09:56:14 +0800] "GET /xingrg/all/function/internal_message.html?_=1588470970347&CODE_STATE=getMsg HTTP/1.1" 200 27
180.156.150.85 - - [03/May/2020:09:56:14 +0800] "GET /xingrg/kc/buy/cgsh_order_info.html?code=212020050300803 HTTP/1.1" 200 58199
180.156.150.85 - - [03/May/2020:09:56:14 +0800] "GET /xingrg/javascript/easyui/themes/default/validatebox.css HTTP/1.1" 404 1104
180.156.150.85 - - [03/May/2020:09:56:15 +0800] "POST /xingrg/kc/buy/cgsh_order_operate.html HTTP/1.1" 200 33340
222.69.137.130 - - [03/May/2020:09:56:18 +0800] "GET /xingrg/all/function/internal_message.html?_=1588470974543&CODE_STATE=getMsg HTTP/1.1" 200 27
120.253.135.82 - - [03/May/2020:09:56:24 +0800] "GET /xingrg/all/function/internal_message.html?_=1588471115837&CODE_STATE=getMsg HTTP/1.1" 200 27
222.70.183.62 - - [03/May/2020:09:56:27 +0800] "GET /xingrg/kc/buy/cgsh_order_operate.html?command=get_materiel&rest_code=00111&code=00101008096&supplier_code=00100005&order_time=2020-05-03 HTTP/1.1" 200 412
180.156.150.85 - - [03/May/2020:09:56:29 +0800] "GET /xingrg/all/function/internal_message.html?_=1588470987015&CODE_STATE=getMsg HTTP/1.1" 200 27
222.70.183.62 - - [03/May/2020:09:56:31 +0800] "POST /xingrg/kc/buy/cgsh_order_operate.html HTTP/1.1" 200 2065
172.17.0.112 - - [03/May/2020:09:56:31 +0800] "GET /xingrg/check_reg.html?_=1588470988851 HTTP/1.1" 200 22
172.17.0.112 - - [03/May/2020:09:56:31 +0800] "GET /xingrg/all/function/internal_message.html?_=1588470988854&CODE_STATE=getMsg HTTP/1.1" 200 27
180.161.113.183 - - [03/May/2020:09:56:34 +0800] "GET /xingrg/all/function/internal_message.html?_=1588471182515&CODE_STATE=getMsg HTTP/1.1" 200 27
222.70.183.62 - - [03/May/2020:09:56:34 +0800] "GET /xingrg/kc/buy/cgsh_order_operate.html?command=get_materiel&rest_code=00111&code=00101008223&supplier_code=00100005&order_time=2020-05-03 HTTP/1.1" 200 412
172.17.0.108 - - [03/May/2020:09:56:34 +0800] "GET /xingrg/all/function/internal_message.html?_=1588470986999&CODE_STATE=getMsg HTTP/1.1" 200 27
116.228.172.94 - - [03/May/2020:09:56:37 +0800] "GET /xingrg/all/function/internal_message.html?_=1588470213304&CODE_STATE=getMsg HTTP/1.1" 200 27
180.162.232.172 - - [03/May/2020:09:56:40 +0800] "GET /xingrg/all/function/internal_message.html?_=1588471131350&CODE_STATE=getMsg HTTP/1.1" 200 27
117.131.5.26 - - [03/May/2020:09:56:41 +0800] "GET /xingrg/all/function/internal_message.html?_=1588471014765&CODE_STATE=getMsg HTTP/1.1" 200 27
222.70.183.62 - - [03/May/2020:09:56:42 +0800] "GET /xingrg/kc/buy/cgsh_order_operate.html?command=get_materiel&rest_code=00111&code=00101008371&supplier_code=00100005&order_time=2020-05-03 HTTP/1.1" 200 412
172.17.0.120 - - [03/May/2020:09:56:44 +0800] "GET /xingrg/all/function/internal_message.html?_=1588470998986&CODE_STATE=getMsg HTTP/1.1" 200 27
114.84.33.255 - - [03/May/2020:09:56:49 +0800] "GET /xingrg/all/function/internal_message.html?_=1588471005247&CODE_STATE=getMsg HTTP/1.1" 200 27
58.40.7.146 - - [03/May/2020:09:56:50 +0800] "GET /xingrg/all/function/internal_message.html?_=1588471006509&CODE_STATE=getMsg HTTP/1.1" 200 27
222.70.183.62 - - [03/May/2020:09:56:51 +0800] "GET /xingrg/all/function/internal_message.html?_=1588471347073&CODE_STATE=getMsg HTTP/1.1" 200 27
222.70.183.62 - - [03/May/2020:09:56:52 +0800] "GET /xingrg/kc/buy/cgsh_order_operate.html?command=get_materiel&rest_code=00111&code=00101008095&supplier_code=00100005&order_time=2020-05-03 HTTP/1.1" 200 412
172.17.0.119 - - [03/May/2020:09:56:55 +0800] "GET /xingrg/all/function/internal_message.html?_=1588471013358&CODE_STATE=getMsg HTTP/1.1" 200 27
114.84.32.201 - - [03/May/2020:09:57:00 +0800] "GET /xingrg/check_reg.html?_=1588471016722 HTTP/1.1" 200 22
222.70.183.62 - - [03/May/2020:09:57:01 +0800] "GET /xingrg/kc/buy/cgsh_order_operate.html?command=get_materiel&rest_code=00111&code=00101008110&supplier_code=00100005&order_time=2020-05-03 HTTP/1.1" 200 408
180.162.232.172 - - [03/May/2020:09:57:01 +0800] "GET /xingrg/all/function/internal_message.html?_=1588471019397&CODE_STATE=getMsg HTTP/1.1" 200 27
114.84.33.255 - - [03/May/2020:09:57:01 +0800] "GET /xingrg/all/function/internal_message.html?_=1588471043704&CODE_STATE=getMsg HTTP/1.1" 200 27
172.17.0.185 - - [03/May/2020:09:57:02 +0800] "GET /xingrg/all/function/internal_message.html?_=1588471017570&CODE_STATE=getMsg HTTP/1.1" 200 27
114.86.190.97 - - [03/May/2020:09:57:07 +0800] "GET /xingrg/all/function/internal_message.html?_=1588471023415&CODE_STATE=getMsg HTTP/1.1" 200 27
222.70.183.62 - - [03/May/2020:09:57:09 +0800] "GET /xingrg/all/function/internal_message.html?_=1588471025842&CODE_STATE=getMsg HTTP/1.1" 200 27
222.70.183.62 - - [03/May/2020:09:57:10 +0800] "GET /xingrg/kc/buy/cgsh_order_operate.html?command=get_materiel&rest_code=00111&code=00101008236&supplier_code=00100005&order_time=2020-05-03 HTTP/1.1" 200 416
114.84.32.201 - - [03/May/2020:09:57:14 +0800] "GET /xingrg/check_reg.html?_=1588471030343 HTTP/1.1" 200 22
114.84.32.201 - - [03/May/2020:09:57:14 +0800] "GET /xingrg/all/function/internal_message.html?_=1588471030344&CODE_STATE=getMsg HTTP/1.1" 200 27
180.156.150.85 - - [03/May/2020:09:57:15 +0800] "GET /xingrg/kc/buy/cgsh_order_operate.html?command=get_materiel&rest_code=00105&code=00101008041&supplier_code=00100203&order_time=2020-05-03 HTTP/1.1" 200 408
222.70.183.62 - - [03/May/2020:09:57:15 +0800] "POST /xingrg/kc/buy/cgsh_order_operate.html HTTP/1.1" 200 2065
222.69.137.130 - - [03/May/2020:09:57:18 +0800] "GET /xingrg/all/function/internal_message.html?_=1588471034543&CODE_STATE=getMsg HTTP/1.1" 200 27
222.69.137.130 - - [03/May/2020:09:57:18 +0800] "GET /xingrg/check_reg.html?_=1588471034546 HTTP/1.1" 200 22
222.70.183.62 - - [03/May/2020:09:57:19 +0800] "GET /xingrg/kc/buy/cgsh_order_operate.html?command=get_materiel&rest_code=00111&code=00101008061&supplier_code=00100005&order_time=2020-05-03 HTTP/1.1" 200 422
114.84.33.255 - - [03/May/2020:09:57:23 +0800] "GET /xingrg/check_reg.html?_=1588471065170 HTTP/1.1" 200 22
114.84.33.255 - - [03/May/2020:09:57:23 +0800] "GET /favicon.ico HTTP/1.1" 404 -
120.253.135.82 - - [03/May/2020:09:57:24 +0800] "GET /xingrg/all/function/internal_message.html?_=1588471175850&CODE_STATE=getMsg HTTP/1.1" 200 27
222.70.183.62 - - [03/May/2020:09:57:27 +0800] "GET /xingrg/kc/buy/cgsh_order_operate.html?command=get_materiel&rest_code=00111&code=00101008114&supplier_code=00100005&order_time=2020-05-03 HTTP/1.1" 200 412
180.156.150.85 - - [03/May/2020:09:57:29 +0800] "GET /xingrg/all/function/internal_message.html?_=1588471046982&CODE_STATE=getMsg HTTP/1.1" 200 27
180.161.113.183 - - [03/May/2020:09:57:30 +0800] "GET /xingrg/kc/buy/cgsh_order_add.html HTTP/1.1" 200 58108
172.17.0.112 - - [03/May/2020:09:57:31 +0800] "GET /xingrg/all/function/internal_message.html?_=1588471048857&CODE_STATE=getMsg HTTP/1.1" 200 27
180.161.113.183 - - [03/May/2020:09:57:34 +0800] "POST /xingrg/kc/buy/cgsh_order_operate.html HTTP/1.1" 200 8245
180.156.150.85 - - [03/May/2020:09:57:34 +0800] "GET /xingrg/kc/buy/cgsh_order_operate.html?command=get_materiel&rest_code=00105&code=00101008331&supplier_code=00100203&order_time=2020-05-03 HTTP/1.1" 200 416
180.161.113.183 - - [03/May/2020:09:57:34 +0800] "GET /xingrg/javascript/easyui/themes/default/validatebox.css HTTP/1.1" 404 1104
180.161.113.183 - - [03/May/2020:09:57:34 +0800] "GET /xingrg/all/function/internal_message.html?_=1588471242844&CODE_STATE=getMsg HTTP/1.1" 200 27
172.17.0.108 - - [03/May/2020:09:57:34 +0800] "GET /xingrg/all/function/internal_message.html?_=1588471046968&CODE_STATE=getMsg HTTP/1.1" 200 27
180.161.113.183 - - [03/May/2020:09:57:35 +0800] "GET /xingrg/javascript/easyui/themes/default/tree.css HTTP/1.1" 404 1090
180.161.113.183 - - [03/May/2020:09:57:35 +0800] "POST /xingrg/all/common/load_tree.html?tree=supplier_tree_json&isDelete=1 HTTP/1.1" 200 47615
222.70.183.62 - - [03/May/2020:09:57:36 +0800] "GET /xingrg/kc/buy/cgsh_order_operate.html?command=get_materiel&rest_code=00111&code=00101008103&supplier_code=00100005&order_time=2020-05-03 HTTP/1.1" 200 417
116.228.172.94 - - [03/May/2020:09:57:37 +0800] "GET /xingrg/all/function/internal_message.html?_=1588470273317&CODE_STATE=getMsg HTTP/1.1" 200 27
180.162.232.172 - - [03/May/2020:09:57:39 +0800] "GET /xingrg/check_reg.html?_=1588471190994 HTTP/1.1" 200 22
180.162.232.172 - - [03/May/2020:09:57:40 +0800] "GET /xingrg/all/function/internal_message.html?_=1588471191362&CODE_STATE=getMsg HTTP/1.1" 200 27
117.131.5.26 - - [03/May/2020:09:57:41 +0800] "GET /xingrg/all/function/internal_message.html?_=1588471074765&CODE_STATE=getMsg HTTP/1.1" 200 27
172.17.0.120 - - [03/May/2020:09:57:44 +0800] "GET /xingrg/all/function/internal_message.html?_=1588471058991&CODE_STATE=getMsg HTTP/1.1" 200 27
180.156.150.85 - - [03/May/2020:09:57:45 +0800] "GET /xingrg/kc/buy/cgsh_order_operate.html?command=get_materiel&rest_code=00105&code=00101008350&supplier_code=00100203&order_time=2020-05-03 HTTP/1.1" 200 408
222.70.183.62 - - [03/May/2020:09:57:46 +0800] "POST /xingrg/kc/buy/cgsh_order_operate.html HTTP/1.1" 200 37
222.70.183.62 - - [03/May/2020:09:57:47 +0800] "POST /xingrg/kc/buy/cgsh_order_operate.html HTTP/1.1" 200 28678
114.84.33.255 - - [03/May/2020:09:57:48 +0800] "GET /xingrg/check_reg.html?_=1588471064516 HTTP/1.1" 200 22
114.84.33.255 - - [03/May/2020:09:57:49 +0800] "GET /xingrg/all/function/internal_message.html?_=1588471065260&CODE_STATE=getMsg HTTP/1.1" 200 27
180.156.150.85 - - [03/May/2020:09:57:49 +0800] "POST /xingrg/kc/buy/cgsh_order_operate.html HTTP/1.1" 200 2065
222.70.183.62 - - [03/May/2020:09:57:50 +0800] "GET /xingrg/kc/print/load_data.html?order_code=212020050300814&kc_code=cgsh&condition= HTTP/1.1" 200 10546
58.40.7.146 - - [03/May/2020:09:57:50 +0800] "GET /xingrg/all/function/internal_message.html?_=1588471066512&CODE_STATE=getMsg HTTP/1.1" 200 27
180.156.150.85 - - [03/May/2020:09:57:51 +0800] "POST /xingrg/kc/buy/cgsh_order_operate.html HTTP/1.1" 200 2065
222.70.183.62 - - [03/May/2020:09:57:51 +0800] "GET /xingrg/all/function/internal_message.html?_=1588471407073&CODE_STATE=getMsg HTTP/1.1" 200 27
222.70.183.62 - - [03/May/2020:09:57:51 +0800] "GET /xingrg/check_reg.html?_=1588471407075 HTTP/1.1" 200 22
180.156.150.85 - - [03/May/2020:09:57:52 +0800] "POST /xingrg/kc/buy/cgsh_order_operate.html HTTP/1.1" 200 2065
172.17.0.119 - - [03/May/2020:09:57:55 +0800] "GET /xingrg/all/function/internal_message.html?_=1588471073331&CODE_STATE=getMsg HTTP/1.1" 200 27
180.161.113.183 - - [03/May/2020:09:57:59 +0800] "GET /xingrg/kc/buy/cgsh_order_operate.html?command=get_materiel&rest_code=00102&code=00101018014&supplier_code=00100031&order_time=2020-05-03 HTTP/1.1" 200 439
180.162.232.172 - - [03/May/2020:09:58:01 +0800] "GET /xingrg/all/function/internal_message.html?_=1588471079409&CODE_STATE=getMsg HTTP/1.1" 200 27
180.162.232.172 - - [03/May/2020:09:58:01 +0800] "GET /xingrg/check_reg.html?_=1588471079412 HTTP/1.1" 200 22
114.84.33.255 - - [03/May/2020:09:58:01 +0800] "GET /xingrg/all/function/internal_message.html?_=1588471103714&CODE_STATE=getMsg HTTP/1.1" 200 27
172.17.0.185 - - [03/May/2020:09:58:03 +0800] "GET /xingrg/check_reg.html?_=1588471077575 HTTP/1.1" 200 22
172.17.0.185 - - [03/May/2020:09:58:03 +0800] "GET /xingrg/all/function/internal_message.html?_=1588471077579&CODE_STATE=getMsg HTTP/1.1" 200 27
101.85.52.41 - - [03/May/2020:09:58:06 +0800] "GET /xingrg/check_reg.html?_=1588470632519 HTTP/1.1" 302 -
114.86.190.97 - - [03/May/2020:09:58:07 +0800] "GET /xingrg/all/function/internal_message.html?_=1588471083428&CODE_STATE=getMsg HTTP/1.1" 200 27
222.70.183.62 - - [03/May/2020:09:58:09 +0800] "GET /xingrg/all/function/internal_message.html?_=1588471085973&CODE_STATE=getMsg HTTP/1.1" 200 27
114.84.32.201 - - [03/May/2020:09:58:14 +0800] "GET /xingrg/all/function/internal_message.html?_=1588471090340&CODE_STATE=getMsg HTTP/1.1" 200 27
180.161.113.183 - - [03/May/2020:09:58:14 +0800] "GET /xingrg/kc/buy/cgsh_order_operate.html?command=get_materiel&rest_code=00102&code=00101012059&supplier_code=00100031&order_time=2020-05-03 HTTP/1.1" 200 412
222.69.137.130 - - [03/May/2020:09:58:18 +0800] "GET /xingrg/all/function/internal_message.html?_=1588471094545&CODE_STATE=getMsg HTTP/1.1" 200 27
120.253.135.82 - - [03/May/2020:09:58:22 +0800] "GET /xingrg/check_reg.html?_=1588471234244 HTTP/1.1" 200 22
120.253.135.82 - - [03/May/2020:09:58:24 +0800] "GET /xingrg/all/function/internal_message.html?_=1588471235861&CODE_STATE=getMsg HTTP/1.1" 200 27
180.161.113.183 - - [03/May/2020:09:58:28 +0800] "GET /xingrg/kc/buy/cgsh_order_operate.html?command=get_materiel&rest_code=00102&code=00101005037&supplier_code=00100031&order_time=2020-05-03 HTTP/1.1" 200 409
222.70.183.62 - - [03/May/2020:09:58:28 +0800] "POST /xingrg/kc/buy/cgsh_list_operate.html HTTP/1.1" 200 3110
180.156.150.85 - - [03/May/2020:09:58:29 +0800] "GET /xingrg/all/function/internal_message.html?_=1588471106994&CODE_STATE=getMsg HTTP/1.1" 200 27
180.156.150.85 - - [03/May/2020:09:58:29 +0800] "GET /xingrg/check_reg.html?_=1588471106998 HTTP/1.1" 200 22
222.70.183.62 - - [03/May/2020:09:58:30 +0800] "POST /xingrg/kc/buy/cgsh_list_operate.html HTTP/1.1" 200 3110
172.17.0.112 - - [03/May/2020:09:58:31 +0800] "GET /xingrg/all/function/internal_message.html?_=1588471108861&CODE_STATE=getMsg HTTP/1.1" 200 27
180.156.150.85 - - [03/May/2020:09:58:34 +0800] "GET /xingrg/kc/buy/cgsh_order_operate.html?command=get_materiel&rest_code=00105&code=00101008224&supplier_code=00100203&order_time=2020-05-03 HTTP/1.1" 200 416
180.161.113.183 - - [03/May/2020:09:58:34 +0800] "GET /xingrg/all/function/internal_message.html?_=1588471302854&CODE_STATE=getMsg HTTP/1.1" 200 27
172.17.0.108 - - [03/May/2020:09:58:34 +0800] "GET /xingrg/all/function/internal_message.html?_=1588471106937&CODE_STATE=getMsg HTTP/1.1" 200 27
180.161.113.183 - - [03/May/2020:09:58:35 +0800] "GET /xingrg/kc/buy/cgsh_order_operate.html?command=get_materiel&rest_code=00102&code=00101016017&supplier_code=00100031&order_time=2020-05-03 HTTP/1.1" 200 408
116.228.172.94 - - [03/May/2020:09:58:37 +0800] "GET /xingrg/all/function/internal_message.html?_=1588470333513&CODE_STATE=getMsg HTTP/1.1" 200 27
180.162.232.172 - - [03/May/2020:09:58:40 +0800] "GET /xingrg/all/function/internal_message.html?_=1588471251377&CODE_STATE=getMsg HTTP/1.1" 200 27
117.131.5.26 - - [03/May/2020:09:58:41 +0800] "GET /xingrg/all/function/internal_message.html?_=1588471134781&CODE_STATE=getMsg HTTP/1.1" 200 27
180.161.113.183 - - [03/May/2020:09:58:43 +0800] "POST /xingrg/kc/buy/cgsh_order_operate.html HTTP/1.1" 200 37
172.17.0.120 - - [03/May/2020:09:58:44 +0800] "GET /xingrg/all/function/internal_message.html?_=1588471119000&CODE_STATE=getMsg HTTP/1.1" 200 27
180.161.113.183 - - [03/May/2020:09:58:45 +0800] "POST /xingrg/kc/buy/cgsh_order_operate.html HTTP/1.1" 200 12
180.161.113.183 - - [03/May/2020:09:58:46 +0800] "GET /xingrg/kc/buy/cgsh_order_info.html?code=212020050300821 HTTP/1.1" 200 53010
180.161.113.183 - - [03/May/2020:09:58:48 +0800] "GET /xingrg/javascript/easyui/themes/default/validatebox.css HTTP/1.1" 404 1104
180.161.113.183 - - [03/May/2020:09:58:48 +0800] "POST /xingrg/kc/buy/cgsh_order_operate.html HTTP/1.1" 200 2395
114.84.33.255 - - [03/May/2020:09:58:49 +0800] "GET /xingrg/all/function/internal_message.html?_=1588471125274&CODE_STATE=getMsg HTTP/1.1" 200 27
58.40.7.146 - - [03/May/2020:09:58:50 +0800] "GET /xingrg/all/function/internal_message.html?_=1588471126515&CODE_STATE=getMsg HTTP/1.1" 200 27
222.70.183.62 - - [03/May/2020:09:58:51 +0800] "GET /xingrg/all/function/internal_message.html?_=1588471467074&CODE_STATE=getMsg HTTP/1.1" 200 27
180.161.113.183 - - [03/May/2020:09:58:51 +0800] "GET /xingrg/kc/print/load_data.html?order_code=212020050300821&kc_code=cgsh&condition= HTTP/1.1" 200 1400
172.17.0.119 - - [03/May/2020:09:58:55 +0800] "GET /xingrg/all/function/internal_message.html?_=1588471133305&CODE_STATE=getMsg HTTP/1.1" 200 27
172.17.0.119 - - [03/May/2020:09:58:56 +0800] "GET /xingrg/check_reg.html?_=1588471133827 HTTP/1.1" 200 22
180.162.232.172 - - [03/May/2020:09:59:01 +0800] "GET /xingrg/all/function/internal_message.html?_=1588471139412&CODE_STATE=getMsg HTTP/1.1" 200 27
114.84.33.255 - - [03/May/2020:09:59:01 +0800] "GET /xingrg/all/function/internal_message.html?_=1588471163727&CODE_STATE=getMsg HTTP/1.1" 200 27
172.17.0.185 - - [03/May/2020:09:59:02 +0800] "GET /xingrg/all/function/internal_message.html?_=1588471137568&CODE_STATE=getMsg HTTP/1.1" 200 27
180.156.150.85 - - [03/May/2020:09:59:05 +0800] "GET /xingrg/kc/buy/cgsh_order_operate.html?command=get_materiel&rest_code=00105&code=00101008223&supplier_code=00100203&order_time=2020-05-03 HTTP/1.1" 200 412
114.86.190.97 - - [03/May/2020:09:59:07 +0800] "GET /xingrg/all/function/internal_message.html?_=1588471143449&CODE_STATE=getMsg HTTP/1.1" 200 27
222.70.183.62 - - [03/May/2020:09:59:09 +0800] "GET /xingrg/all/function/internal_message.html?_=1588471146089&CODE_STATE=getMsg HTTP/1.1" 200 27
114.84.32.201 - - [03/May/2020:09:59:14 +0800] "GET /xingrg/all/function/internal_message.html?_=1588471150342&CODE_STATE=getMsg HTTP/1.1" 200 27
222.69.137.130 - - [03/May/2020:09:59:18 +0800] "GET /xingrg/all/function/internal_message.html?_=1588471154547&CODE_STATE=getMsg HTTP/1.1" 200 27
120.253.135.82 - - [03/May/2020:09:59:24 +0800] "GET /xingrg/all/function/internal_message.html?_=1588471295876&CODE_STATE=getMsg HTTP/1.1" 200 27
180.156.150.85 - - [03/May/2020:09:59:29 +0800] "GET /xingrg/all/function/internal_message.html?_=1588471166982&CODE_STATE=getMsg HTTP/1.1" 200 27
180.156.150.85 - - [03/May/2020:09:59:29 +0800] "GET /xingrg/kc/buy/cgsh_order_operate.html?command=get_materiel&rest_code=00105&code=00101008236&supplier_code=00100203&order_time=2020-05-03 HTTP/1.1" 200 416
172.17.0.112 - - [03/May/2020:09:59:31 +0800] "GET /xingrg/all/function/internal_message.html?_=1588471168848&CODE_STATE=getMsg HTTP/1.1" 200 27
180.161.113.183 - - [03/May/2020:09:59:34 +0800] "GET /xingrg/all/function/internal_message.html?_=1588471362869&CODE_STATE=getMsg HTTP/1.1" 200 27
117.131.5.26 - - [03/May/2020:09:59:34 +0800] "GET /xingrg/check_reg.html?_=1588471188125 HTTP/1.1" 200 22
180.161.113.183 - - [03/May/2020:09:59:34 +0800] "GET /xingrg/kc/buy/cgsh_order_add.html HTTP/1.1" 200 58108
172.17.0.108 - - [03/May/2020:09:59:34 +0800] "GET /xingrg/all/function/internal_message.html?_=1588471166906&CODE_STATE=getMsg HTTP/1.1" 200 27
180.161.113.183 - - [03/May/2020:09:59:37 +0800] "POST /xingrg/kc/buy/cgsh_order_operate.html HTTP/1.1" 200 8245
180.161.113.183 - - [03/May/2020:09:59:37 +0800] "GET /xingrg/javascript/easyui/themes/default/validatebox.css HTTP/1.1" 404 1104
116.228.172.94 - - [03/May/2020:09:59:37 +0800] "GET /xingrg/all/function/internal_message.html?_=1588470393515&CODE_STATE=getMsg HTTP/1.1" 200 27
180.156.150.85 - - [03/May/2020:09:59:38 +0800] "GET /xingrg/kc/buy/cgsh_order_operate.html?command=get_materiel&rest_code=00105&code=00101013119&supplier_code=00100203&order_time=2020-05-03 HTTP/1.1" 200 440
180.162.232.172 - - [03/May/2020:09:59:40 +0800] "GET /xingrg/all/function/internal_message.html?_=1588471311389&CODE_STATE=getMsg HTTP/1.1" 200 27
117.131.5.26 - - [03/May/2020:09:59:41 +0800] "GET /xingrg/all/function/internal_message.html?_=1588471194781&CODE_STATE=getMsg HTTP/1.1" 200 27
180.161.113.183 - - [03/May/2020:09:59:43 +0800] "GET /xingrg/javascript/easyui/themes/default/tree.css HTTP/1.1" 404 1090
180.161.113.183 - - [03/May/2020:09:59:43 +0800] "POST /xingrg/all/common/load_tree.html?tree=supplier_tree_json&isDelete=1 HTTP/1.1" 200 47615
172.17.0.120 - - [03/May/2020:09:59:44 +0800] "GET /xingrg/check_reg.html?_=1588471178990 HTTP/1.1" 200 22
172.17.0.120 - - [03/May/2020:09:59:44 +0800] "GET /xingrg/all/function/internal_message.html?_=1588471178994&CODE_STATE=getMsg HTTP/1.1" 200 27
114.84.33.255 - - [03/May/2020:09:59:49 +0800] "GET /xingrg/all/function/internal_message.html?_=1588471185287&CODE_STATE=getMsg HTTP/1.1" 200 27
180.156.150.85 - - [03/May/2020:09:59:49 +0800] "GET /xingrg/kc/buy/cgsh_order_operate.html?command=get_materiel&rest_code=00105&code=00101008168&supplier_code=00100203&order_time=2020-05-03 HTTP/1.1" 200 413
58.40.7.146 - - [03/May/2020:09:59:50 +0800] "GET /xingrg/check_reg.html?_=1588471186518 HTTP/1.1" 200 22
58.40.7.146 - - [03/May/2020:09:59:50 +0800] "GET /xingrg/all/function/internal_message.html?_=1588471186519&CODE_STATE=getMsg HTTP/1.1" 200 27
222.70.183.62 - - [03/May/2020:09:59:51 +0800] "GET /xingrg/all/function/internal_message.html?_=1588471527072&CODE_STATE=getMsg HTTP/1.1" 200 27
180.161.113.183 - - [03/May/2020:09:59:54 +0800] "GET /xingrg/kc/buy/cgsh_order_operate.html?command=get_materiel&rest_code=00102&code=00101015029&supplier_code=00100054&order_time=2020-05-03 HTTP/1.1" 200 412
172.17.0.119 - - [03/May/2020:09:59:55 +0800] "GET /xingrg/all/function/internal_message.html?_=1588471193282&CODE_STATE=getMsg HTTP/1.1" 200 27
180.156.150.85 - - [03/May/2020:09:59:57 +0800] "GET /xingrg/kc/buy/cgsh_order_operate.html?command=get_materiel&rest_code=00105&code=00101008114&supplier_code=00100203&order_time=2020-05-03 HTTP/1.1" 200 412
180.162.232.172 - - [03/May/2020:10:00:01 +0800] "GET /xingrg/all/function/internal_message.html?_=1588471199413&CODE_STATE=getMsg HTTP/1.1" 200 27
114.84.33.255 - - [03/May/2020:10:00:02 +0800] "GET /xingrg/all/function/internal_message.html?_=1588471223994&CODE_STATE=getMsg HTTP/1.1" 200 27
