180.156.150.85 - - [03/May/2020:10:06:11 +0800] "GET /xingrg/kc/buy/cgsh_order_operate.html?command=get_materiel&rest_code=00105&code=00101008278&supplier_code=00100203&order_time=2020-05-03 HTTP/1.1" 200 412
114.84.32.201 - - [03/May/2020:10:06:14 +0800] "GET /xingrg/all/function/internal_message.html?_=1588471570357&CODE_STATE=getMsg HTTP/1.1" 200 27
222.69.137.130 - - [03/May/2020:10:06:18 +0800] "GET /xingrg/all/function/internal_message.html?_=1588471574556&CODE_STATE=getMsg HTTP/1.1" 200 27
180.156.150.85 - - [03/May/2020:10:06:21 +0800] "GET /xingrg/kc/buy/cgsh_order_operate.html?command=get_materiel&rest_code=00105&code=00101008213&supplier_code=00100203&order_time=2020-05-03 HTTP/1.1" 200 412
120.253.135.82 - - [03/May/2020:10:06:24 +0800] "GET /xingrg/all/function/internal_message.html?_=1588471715977&CODE_STATE=getMsg HTTP/1.1" 200 27
180.156.150.85 - - [03/May/2020:10:06:29 +0800] "GET /xingrg/all/function/internal_message.html?_=1588471587007&CODE_STATE=getMsg HTTP/1.1" 200 27
180.161.113.183 - - [03/May/2020:10:06:29 +0800] "GET /xingrg/kc/buy/cgsh_order_operate.html?command=get_materiel&rest_code=00102&code=00101009010&supplier_code=00100096&order_time=2020-05-03 HTTP/1.1" 200 412
172.17.0.112 - - [03/May/2020:10:06:32 +0800] "GET /xingrg/check_reg.html?_=1588471588856 HTTP/1.1" 200 22
172.17.0.112 - - [03/May/2020:10:06:32 +0800] "GET /xingrg/all/function/internal_message.html?_=1588471588888&CODE_STATE=getMsg HTTP/1.1" 200 27
172.17.0.108 - - [03/May/2020:10:06:34 +0800] "GET /xingrg/all/function/internal_message.html?_=1588471586745&CODE_STATE=getMsg HTTP/1.1" 200 27
180.161.113.183 - - [03/May/2020:10:06:35 +0800] "GET /xingrg/all/function/internal_message.html?_=1588471784377&CODE_STATE=getMsg HTTP/1.1" 200 27
116.228.172.94 - - [03/May/2020:10:06:37 +0800] "GET /xingrg/all/function/internal_message.html?_=1588470813846&CODE_STATE=getMsg HTTP/1.1" 200 27
180.162.232.172 - - [03/May/2020:10:06:40 +0800] "GET /xingrg/all/function/internal_message.html?_=1588471731548&CODE_STATE=getMsg HTTP/1.1" 200 27
117.131.5.26 - - [03/May/2020:10:06:41 +0800] "GET /xingrg/all/function/internal_message.html?_=1588471614796&CODE_STATE=getMsg HTTP/1.1" 200 27
172.17.0.120 - - [03/May/2020:10:06:44 +0800] "GET /xingrg/all/function/internal_message.html?_=1588471598999&CODE_STATE=getMsg HTTP/1.1" 200 27
114.84.33.255 - - [03/May/2020:10:06:49 +0800] "GET /xingrg/all/function/internal_message.html?_=1588471605383&CODE_STATE=getMsg HTTP/1.1" 200 27
58.40.7.146 - - [03/May/2020:10:06:50 +0800] "GET /xingrg/all/function/internal_message.html?_=1588471606511&CODE_STATE=getMsg HTTP/1.1" 200 27
222.70.183.62 - - [03/May/2020:10:06:51 +0800] "GET /xingrg/all/function/internal_message.html?_=1588471947104&CODE_STATE=getMsg HTTP/1.1" 200 27
180.161.113.183 - - [03/May/2020:10:06:54 +0800] "GET /xingrg/kc/buy/cgsh_order_operate.html?command=get_materiel&rest_code=00102&code=00101009016&supplier_code=00100096&order_time=2020-05-03 HTTP/1.1" 200 414
172.17.0.119 - - [03/May/2020:10:06:55 +0800] "GET /xingrg/all/function/internal_message.html?_=1588471613083&CODE_STATE=getMsg HTTP/1.1" 200 27
114.84.33.255 - - [03/May/2020:10:06:59 +0800] "GET /xingrg/kc/buy/cgsh_order_add.html HTTP/1.1" 200 58202
114.84.33.255 - - [03/May/2020:10:07:00 +0800] "POST /xingrg/kc/buy/cgsh_order_operate.html HTTP/1.1" 200 8245
180.162.232.172 - - [03/May/2020:10:07:00 +0800] "GET /xingrg/kc/buy/cgsh_order_list.html HTTP/1.1" 200 42587
114.84.33.255 - - [03/May/2020:10:07:00 +0800] "GET /xingrg/javascript/easyui/themes/default/validatebox.css HTTP/1.1" 404 1104
114.84.32.201 - - [03/May/2020:10:07:00 +0800] "GET /xingrg/check_reg.html?_=1588471616673 HTTP/1.1" 200 22
180.162.232.172 - - [03/May/2020:10:07:00 +0800] "POST /xingrg/kc/buy/cgsh_list_operate.html HTTP/1.1" 200 1690
180.162.232.172 - - [03/May/2020:10:07:01 +0800] "GET /xingrg/all/function/internal_message.html?_=1588471619440&CODE_STATE=getMsg HTTP/1.1" 200 27
172.17.0.185 - - [03/May/2020:10:07:03 +0800] "GET /xingrg/all/function/internal_message.html?_=1588471617567&CODE_STATE=getMsg HTTP/1.1" 200 27
114.84.33.255 - - [03/May/2020:10:07:03 +0800] "GET /xingrg/all/function/internal_message.html?_=1588471644775&CODE_STATE=getMsg HTTP/1.1" 200 27
180.162.232.172 - - [03/May/2020:10:07:03 +0800] "GET /xingrg/kc/buy/cgsh_order_add.html HTTP/1.1" 200 58120
180.162.232.172 - - [03/May/2020:10:07:04 +0800] "GET /xingrg/javascript/easyui/themes/default/validatebox.css HTTP/1.1" 404 1104
180.162.232.172 - - [03/May/2020:10:07:04 +0800] "POST /xingrg/kc/buy/cgsh_order_operate.html HTTP/1.1" 200 8245
114.86.190.97 - - [03/May/2020:10:07:07 +0800] "GET /xingrg/all/function/internal_message.html?_=1588471623551&CODE_STATE=getMsg HTTP/1.1" 200 27
222.70.183.62 - - [03/May/2020:10:07:09 +0800] "GET /xingrg/all/function/internal_message.html?_=1588471626321&CODE_STATE=getMsg HTTP/1.1" 200 27
114.84.33.255 - - [03/May/2020:10:07:12 +0800] "GET /xingrg/kc/buy/cgsh_order_operate.html?command=get_materiel&rest_code=00146&code=00101018011&supplier_code=00100330&order_time=2020-05-03 HTTP/1.1" 200 413
114.86.190.97 - - [03/May/2020:10:07:13 +0800] "GET /xingrg/javascript/pic_change.js HTTP/1.1" 304 -
114.86.190.97 - - [03/May/2020:10:07:13 +0800] "GET /xingrg/javascript/jquery_tools/order_manager.js HTTP/1.1" 304 -
114.86.190.97 - - [03/May/2020:10:07:13 +0800] "GET /xingrg/javascript/jquery.cookie.js HTTP/1.1" 304 -
114.86.190.97 - - [03/May/2020:10:07:13 +0800] "GET /xingrg/javascript/jquery_tools/jquery.tools.min.js HTTP/1.1" 304 -
114.86.190.97 - - [03/May/2020:10:07:13 +0800] "GET /xingrg/javascript/auto/jquery.autocomplete.js HTTP/1.1" 304 -
114.86.190.97 - - [03/May/2020:10:07:13 +0800] "GET /xingrg/javascript/print/kc_print.js HTTP/1.1" 304 -
114.86.190.97 - - [03/May/2020:10:07:13 +0800] "GET /xingrg/javascript/jquery_tools/jquery.tools.hotkey.js HTTP/1.1" 304 -
114.86.190.97 - - [03/May/2020:10:07:13 +0800] "GET /xingrg/javascript/jquery_tools/jquery.tools.extend.js HTTP/1.1" 304 -
114.86.190.97 - - [03/May/2020:10:07:13 +0800] "GET /xingrg/javascript/jquery_tools/jquery.tools.table.js HTTP/1.1" 304 -
114.86.190.97 - - [03/May/2020:10:07:13 +0800] "GET /xingrg/javascript/easyui/easyloader.js HTTP/1.1" 304 -
114.86.190.97 - - [03/May/2020:10:07:13 +0800] "GET /xingrg/javascript/easyui/plugins/jquery.parser.js HTTP/1.1" 304 -
114.86.190.97 - - [03/May/2020:10:07:13 +0800] "GET /xingrg/javascript/jquery.utils.js HTTP/1.1" 304 -
114.86.190.97 - - [03/May/2020:10:07:13 +0800] "GET /xingrg/javascript/convert.js HTTP/1.1" 304 -
114.86.190.97 - - [03/May/2020:10:07:13 +0800] "GET /xingrg/javascript/json2.js HTTP/1.1" 304 -
114.86.190.97 - - [03/May/2020:10:07:13 +0800] "GET /xingrg/javascript/print/LodopFuncs.js HTTP/1.1" 304 -
114.86.190.97 - - [03/May/2020:10:07:13 +0800] "GET /xingrg/javascript/easyui/plugins/jquery.validatebox.js HTTP/1.1" 304 -
114.86.190.97 - - [03/May/2020:10:07:13 +0800] "GET /xingrg/javascript/easyui/plugins/jquery.numberbox.js HTTP/1.1" 304 -
114.86.190.97 - - [03/May/2020:10:07:13 +0800] "GET /xingrg/words/20200502163951_words.js HTTP/1.1" 304 -
114.84.32.201 - - [03/May/2020:10:07:14 +0800] "GET /xingrg/check_reg.html?_=1588471630354 HTTP/1.1" 200 22
114.84.32.201 - - [03/May/2020:10:07:14 +0800] "GET /xingrg/all/function/internal_message.html?_=1588471630355&CODE_STATE=getMsg HTTP/1.1" 200 27
180.162.232.172 - - [03/May/2020:10:07:15 +0800] "GET /xingrg/kc/buy/cgsh_order_operate.html?command=get_materiel&rest_code=00150&code=00101031012&supplier_code=00100054&order_time=2020-05-03 HTTP/1.1" 200 417
180.161.113.183 - - [03/May/2020:10:07:15 +0800] "GET /xingrg/kc/buy/cgsh_order_operate.html?command=get_materiel&rest_code=00102&code=00101009013&supplier_code=00100096&order_time=2020-05-03 HTTP/1.1" 200 422
180.156.150.85 - - [03/May/2020:10:07:18 +0800] "GET /xingrg/kc/buy/cgsh_order_operate.html?command=get_materiel&rest_code=00105&code=00101008088&supplier_code=00100203&order_time=2020-05-03 HTTP/1.1" 200 408
222.69.137.130 - - [03/May/2020:10:07:18 +0800] "GET /xingrg/all/function/internal_message.html?_=1588471634575&CODE_STATE=getMsg HTTP/1.1" 200 27
222.69.137.130 - - [03/May/2020:10:07:18 +0800] "GET /xingrg/check_reg.html?_=1588471634585 HTTP/1.1" 200 22
180.162.232.172 - - [03/May/2020:10:07:22 +0800] "POST /xingrg/kc/buy/cgsh_order_operate.html HTTP/1.1" 200 37
114.84.33.255 - - [03/May/2020:10:07:23 +0800] "GET /xingrg/check_reg.html?_=1588471665177 HTTP/1.1" 200 22
120.253.135.82 - - [03/May/2020:10:07:24 +0800] "GET /xingrg/all/function/internal_message.html?_=1588471775985&CODE_STATE=getMsg HTTP/1.1" 200 27
114.86.190.97 - - [03/May/2020:10:07:24 +0800] "GET /xingrg/kc/buy/cgsh_order_operate.html?command=get_materiel&rest_code=00148&code=00101030016&supplier_code=00100253&order_time=2020-05-03 HTTP/1.1" 200 438
114.86.190.97 - - [03/May/2020:10:07:24 +0800] "GET /xingrg/javascript/easyui/themes/default/images/button_plain_hover.png HTTP/1.1" 304 -
180.162.232.172 - - [03/May/2020:10:07:25 +0800] "POST /xingrg/kc/buy/cgsh_order_operate.html HTTP/1.1" 200 12
180.162.232.172 - - [03/May/2020:10:07:25 +0800] "GET /xingrg/kc/buy/cgsh_order_info.html?code=212020050300823 HTTP/1.1" 200 53020
180.156.150.85 - - [03/May/2020:10:07:26 +0800] "GET /xingrg/kc/buy/cgsh_order_operate.html?command=get_materiel&rest_code=00105&code=00101008246&supplier_code=00100203&order_time=2020-05-03 HTTP/1.1" 200 408
180.162.232.172 - - [03/May/2020:10:07:26 +0800] "GET /xingrg/javascript/easyui/themes/default/validatebox.css HTTP/1.1" 404 1104
180.162.232.172 - - [03/May/2020:10:07:26 +0800] "POST /xingrg/kc/buy/cgsh_order_operate.html HTTP/1.1" 200 613
180.162.232.172 - - [03/May/2020:10:07:27 +0800] "GET /xingrg/kc/print/load_data.html?order_code=212020050300823&kc_code=cgsh&condition= HTTP/1.1" 200 704
180.156.150.85 - - [03/May/2020:10:07:29 +0800] "GET /xingrg/all/function/internal_message.html?_=1588471647043&CODE_STATE=getMsg HTTP/1.1" 200 27
172.17.0.112 - - [03/May/2020:10:07:32 +0800] "GET /xingrg/all/function/internal_message.html?_=1588471648864&CODE_STATE=getMsg HTTP/1.1" 200 27
180.156.150.85 - - [03/May/2020:10:07:32 +0800] "GET /xingrg/kc/buy/cgsh_order_operate.html?command=get_materiel&rest_code=00105&code=00101008087&supplier_code=00100203&order_time=2020-05-03 HTTP/1.1" 200 412
172.17.0.108 - - [03/May/2020:10:07:34 +0800] "GET /xingrg/all/function/internal_message.html?_=1588471646714&CODE_STATE=getMsg HTTP/1.1" 200 27
180.161.113.183 - - [03/May/2020:10:07:35 +0800] "GET /xingrg/all/function/internal_message.html?_=1588471844380&CODE_STATE=getMsg HTTP/1.1" 200 27
116.228.172.94 - - [03/May/2020:10:07:37 +0800] "GET /xingrg/all/function/internal_message.html?_=1588470873874&CODE_STATE=getMsg HTTP/1.1" 200 27
180.162.232.172 - - [03/May/2020:10:07:39 +0800] "GET /xingrg/check_reg.html?_=1588471791066 HTTP/1.1" 200 22
180.162.232.172 - - [03/May/2020:10:07:40 +0800] "GET /xingrg/all/function/internal_message.html?_=1588471791561&CODE_STATE=getMsg HTTP/1.1" 200 27
117.131.5.26 - - [03/May/2020:10:07:41 +0800] "GET /xingrg/all/function/internal_message.html?_=1588471674796&CODE_STATE=getMsg HTTP/1.1" 200 27
114.86.190.97 - - [03/May/2020:10:07:42 +0800] "GET /xingrg/kc/buy/cgsh_order_operate.html?command=get_materiel&rest_code=00148&code=00101030013&supplier_code=00100253&order_time=2020-05-03 HTTP/1.1" 200 434
114.86.190.97 - - [03/May/2020:10:07:42 +0800] "GET /xingrg/javascript/easyui/themes/default/images/button_plain_hover.png HTTP/1.1" 304 -
172.17.0.120 - - [03/May/2020:10:07:44 +0800] "GET /xingrg/all/function/internal_message.html?_=1588471658984&CODE_STATE=getMsg HTTP/1.1" 200 27
114.86.190.97 - - [03/May/2020:10:07:48 +0800] "GET /xingrg/javascript/easyui/themes/default/images/button_plain_hover.png HTTP/1.1" 304 -
114.86.190.97 - - [03/May/2020:10:07:48 +0800] "GET /xingrg/javascript/easyui/themes/default/images/button_plain_hover.png HTTP/1.1" 304 -
114.84.33.255 - - [03/May/2020:10:07:48 +0800] "GET /xingrg/check_reg.html?_=1588471664531 HTTP/1.1" 200 22
114.86.190.97 - - [03/May/2020:10:07:49 +0800] "GET /xingrg/javascript/easyui/themes/default/images/button_plain_hover.png HTTP/1.1" 304 -
114.86.190.97 - - [03/May/2020:10:07:49 +0800] "GET /xingrg/javascript/easyui/themes/default/images/button_plain_hover.png HTTP/1.1" 304 -
114.86.190.97 - - [03/May/2020:10:07:49 +0800] "GET /xingrg/javascript/easyui/themes/default/images/button_plain_hover.png HTTP/1.1" 304 -
114.86.190.97 - - [03/May/2020:10:07:49 +0800] "GET /xingrg/javascript/easyui/themes/default/images/button_plain_hover.png HTTP/1.1" 304 -
114.86.190.97 - - [03/May/2020:10:07:49 +0800] "GET /xingrg/javascript/easyui/themes/default/images/button_plain_hover.png HTTP/1.1" 304 -
114.86.190.97 - - [03/May/2020:10:07:49 +0800] "GET /xingrg/javascript/easyui/themes/default/images/button_plain_hover.png HTTP/1.1" 304 -
114.86.190.97 - - [03/May/2020:10:07:49 +0800] "GET /xingrg/javascript/easyui/themes/default/images/button_plain_hover.png HTTP/1.1" 304 -
114.86.190.97 - - [03/May/2020:10:07:49 +0800] "GET /xingrg/javascript/easyui/themes/default/images/button_plain_hover.png HTTP/1.1" 304 -
114.84.33.255 - - [03/May/2020:10:07:49 +0800] "GET /xingrg/all/function/internal_message.html?_=1588471665396&CODE_STATE=getMsg HTTP/1.1" 200 27
114.86.190.97 - - [03/May/2020:10:07:49 +0800] "GET /xingrg/javascript/easyui/themes/default/images/button_plain_hover.png HTTP/1.1" 304 -
114.86.190.97 - - [03/May/2020:10:07:49 +0800] "GET /xingrg/javascript/easyui/themes/default/images/button_plain_hover.png HTTP/1.1" 304 -
58.40.7.146 - - [03/May/2020:10:07:50 +0800] "GET /xingrg/all/function/internal_message.html?_=1588471666514&CODE_STATE=getMsg HTTP/1.1" 200 27
114.86.190.97 - - [03/May/2020:10:07:51 +0800] "POST /xingrg/kc/buy/cgsh_order_operate.html HTTP/1.1" 200 37
222.70.183.62 - - [03/May/2020:10:07:51 +0800] "GET /xingrg/check_reg.html?_=1588472007101 HTTP/1.1" 200 22
222.70.183.62 - - [03/May/2020:10:07:51 +0800] "GET /xingrg/all/function/internal_message.html?_=1588472007102&CODE_STATE=getMsg HTTP/1.1" 200 27
114.86.190.97 - - [03/May/2020:10:07:51 +0800] "POST /xingrg/kc/buy/cgsh_order_operate.html HTTP/1.1" 200 3261
114.86.190.97 - - [03/May/2020:10:07:52 +0800] "GET /xingrg/javascript/easyui/themes/default/images/button_plain_hover.png HTTP/1.1" 304 -
114.86.190.97 - - [03/May/2020:10:07:52 +0800] "GET /xingrg/javascript/easyui/themes/default/images/button_plain_hover.png HTTP/1.1" 304 -
114.86.190.97 - - [03/May/2020:10:07:52 +0800] "GET /xingrg/javascript/easyui/themes/default/images/button_plain_hover.png HTTP/1.1" 304 -
180.156.150.85 - - [03/May/2020:10:07:52 +0800] "POST /xingrg/kc/buy/cgsh_order_operate.html HTTP/1.1" 200 2065
172.17.0.119 - - [03/May/2020:10:07:55 +0800] "GET /xingrg/all/function/internal_message.html?_=1588471673057&CODE_STATE=getMsg HTTP/1.1" 200 27
114.86.190.97 - - [03/May/2020:10:07:55 +0800] "GET /xingrg/css/site.css HTTP/1.1" 304 -
114.86.190.97 - - [03/May/2020:10:07:55 +0800] "GET /xingrg/css/base.css HTTP/1.1" 304 -
114.86.190.97 - - [03/May/2020:10:07:55 +0800] "GET /xingrg/javascript/jquery_tools/datebox.css HTTP/1.1" 304 -
114.86.190.97 - - [03/May/2020:10:07:55 +0800] "GET /xingrg/javascript/jquery_tools/fix.css HTTP/1.1" 304 -
114.86.190.97 - - [03/May/2020:10:07:55 +0800] "GET /xingrg/javascript/auto/jquery.autocomplete.css HTTP/1.1" 304 -
114.86.190.97 - - [03/May/2020:10:07:55 +0800] "GET /xingrg/javascript/easyui/themes/icon.css HTTP/1.1" 304 -
114.86.190.97 - - [03/May/2020:10:07:55 +0800] "GET /xingrg/javascript/jquery_tools/jquery.tools.hotkey.js HTTP/1.1" 304 -
114.86.190.97 - - [03/May/2020:10:07:55 +0800] "GET /xingrg/javascript/jquery_tools/jquery.tools.extend.js HTTP/1.1" 304 -
114.86.190.97 - - [03/May/2020:10:07:55 +0800] "GET /xingrg/javascript/jquery_tools/list_manager.js HTTP/1.1" 304 -
114.86.190.97 - - [03/May/2020:10:07:55 +0800] "GET /xingrg/javascript/jquery_tools/jquery.tools.table.js HTTP/1.1" 304 -
114.86.190.97 - - [03/May/2020:10:07:55 +0800] "GET /xingrg/javascript/auto/jquery.autocomplete.js HTTP/1.1" 304 -
114.86.190.97 - - [03/May/2020:10:07:55 +0800] "GET /xingrg/javascript/jquery.utils.js HTTP/1.1" 304 -
114.86.190.97 - - [03/May/2020:10:07:55 +0800] "GET /xingrg/javascript/print/LodopFuncs.js HTTP/1.1" 304 -
114.86.190.97 - - [03/May/2020:10:07:55 +0800] "GET /xingrg/javascript/jquery.cookie.js HTTP/1.1" 304 -
114.86.190.97 - - [03/May/2020:10:07:55 +0800] "GET /xingrg/javascript/easyui/easyloader.js HTTP/1.1" 304 -
114.86.190.97 - - [03/May/2020:10:07:55 +0800] "GET /xingrg/javascript/jquery_tools/table.css HTTP/1.1" 304 -
114.86.190.97 - - [03/May/2020:10:07:55 +0800] "GET /xingrg/javascript/easyui/themes/default/easyui.css HTTP/1.1" 304 -
114.86.190.97 - - [03/May/2020:10:07:55 +0800] "GET /xingrg/javascript/jquery_tools/jquery.tools.min.js HTTP/1.1" 304 -
114.86.190.97 - - [03/May/2020:10:07:55 +0800] "GET /xingrg/kc/buy/cgsh_order_list.html HTTP/1.1" 200 42587
114.86.190.97 - - [03/May/2020:10:07:55 +0800] "GET /xingrg/javascript/easyui/plugins/jquery.parser.js HTTP/1.1" 304 -
114.86.190.97 - - [03/May/2020:10:07:56 +0800] "POST /xingrg/kc/buy/cgsh_list_operate.html HTTP/1.1" 200 1681
114.84.32.201 - - [03/May/2020:10:07:59 +0800] "GET /xingrg/index.html?sysBaseUrl=http%3A%2F%2F180.169.147.146%3A18081%2Fxingrg%2F&costTime=71×tamp=1586403971840 HTTP/1.1" 200 17419
114.84.32.201 - - [03/May/2020:10:07:59 +0800] "POST /xingrg/all/common/load_tree.html?tree=area_rest_tree_json&manage=1 HTTP/1.1" 200 470
114.84.32.201 - - [03/May/2020:10:07:59 +0800] "GET /xingrg/all/function/internal_message.html?_=1588471675529&CODE_STATE=count HTTP/1.1" 200 11
114.84.32.201 - - [03/May/2020:10:07:59 +0800] "GET /xingrg/check_reg.html?_=1588471675530 HTTP/1.1" 200 22
114.84.32.201 - - [03/May/2020:10:07:59 +0800] "GET /favicon.ico HTTP/1.1" 404 -
114.84.32.201 - - [03/May/2020:10:07:59 +0800] "POST /xingrg/load_menu.html HTTP/1.1" 200 9959
180.162.232.172 - - [03/May/2020:10:08:01 +0800] "GET /xingrg/check_reg.html?_=1588471679442 HTTP/1.1" 200 22
180.162.232.172 - - [03/May/2020:10:08:01 +0800] "GET /xingrg/all/function/internal_message.html?_=1588471679445&CODE_STATE=getMsg HTTP/1.1" 200 27
172.17.0.185 - - [03/May/2020:10:08:03 +0800] "GET /xingrg/all/function/internal_message.html?_=1588471677575&CODE_STATE=getMsg HTTP/1.1" 200 27
172.17.0.185 - - [03/May/2020:10:08:03 +0800] "GET /xingrg/check_reg.html?_=1588471677578 HTTP/1.1" 200 22
114.84.33.255 - - [03/May/2020:10:08:03 +0800] "GET /xingrg/all/function/internal_message.html?_=1588471704786&CODE_STATE=getMsg HTTP/1.1" 200 27
180.161.113.183 - - [03/May/2020:10:08:04 +0800] "POST /xingrg/kc/buy/cgsh_order_operate.html HTTP/1.1" 200 37
101.85.52.41 - - [03/May/2020:10:08:06 +0800] "GET /xingrg/check_reg.html?_=1588471232496 HTTP/1.1" 302 -
114.86.190.97 - - [03/May/2020:10:08:07 +0800] "GET /xingrg/all/function/internal_message.html?_=1588471683589&CODE_STATE=getMsg HTTP/1.1" 200 27
172.17.0.121 - - [03/May/2020:10:08:09 +0800] "GET /favicon.ico HTTP/1.1" 404 -
222.70.183.62 - - [03/May/2020:10:08:09 +0800] "GET /xingrg/all/function/internal_message.html?_=1588471686335&CODE_STATE=getMsg HTTP/1.1" 200 27
117.185.32.30 - - [03/May/2020:10:08:09 +0800] "GET /favicon.ico HTTP/1.1" 404 -
180.161.113.183 - - [03/May/2020:10:08:10 +0800] "POST /xingrg/kc/buy/cgsh_order_operate.html HTTP/1.1" 200 12
180.161.113.183 - - [03/May/2020:10:08:12 +0800] "GET /xingrg/kc/buy/cgsh_order_info.html?code=212020050300825 HTTP/1.1" 200 52998
114.84.32.201 - - [03/May/2020:10:08:14 +0800] "GET /xingrg/all/function/internal_message.html?_=1588471690350&CODE_STATE=getMsg HTTP/1.1" 200 27
180.161.113.183 - - [03/May/2020:10:08:14 +0800] "GET /xingrg/javascript/easyui/themes/default/validatebox.css HTTP/1.1" 404 1104
180.161.113.183 - - [03/May/2020:10:08:15 +0800] "POST /xingrg/kc/buy/cgsh_order_operate.html HTTP/1.1" 200 5354
180.161.113.183 - - [03/May/2020:10:08:18 +0800] "GET /xingrg/kc/print/load_data.html?order_code=212020050300825&kc_code=cgsh&condition= HTTP/1.1" 200 2472
222.69.137.130 - - [03/May/2020:10:08:18 +0800] "GET /xingrg/all/function/internal_message.html?_=1588471694556&CODE_STATE=getMsg HTTP/1.1" 200 27
120.253.135.82 - - [03/May/2020:10:08:22 +0800] "GET /xingrg/check_reg.html?_=1588471834258 HTTP/1.1" 200 22
120.253.135.82 - - [03/May/2020:10:08:24 +0800] "GET /xingrg/all/function/internal_message.html?_=1588471835997&CODE_STATE=getMsg HTTP/1.1" 200 27
180.156.150.85 - - [03/May/2020:10:08:30 +0800] "POST /xingrg/kc/buy/cgsh_order_operate.html HTTP/1.1" 200 37
172.17.0.112 - - [03/May/2020:10:08:31 +0800] "GET /xingrg/all/function/internal_message.html?_=1588471708853&CODE_STATE=getMsg HTTP/1.1" 200 27
180.156.150.85 - - [03/May/2020:10:08:32 +0800] "POST /xingrg/kc/buy/cgsh_order_operate.html HTTP/1.1" 200 56414
172.17.0.108 - - [03/May/2020:10:08:34 +0800] "GET /xingrg/all/function/internal_message.html?_=1588471706694&CODE_STATE=getMsg HTTP/1.1" 200 27
180.161.113.183 - - [03/May/2020:10:08:36 +0800] "GET /favicon.ico HTTP/1.1" 404 -
180.161.113.183 - - [03/May/2020:10:08:37 +0800] "GET /favicon.ico HTTP/1.1" 404 -
116.228.172.94 - - [03/May/2020:10:08:37 +0800] "GET /xingrg/all/function/internal_message.html?_=1588470934095&CODE_STATE=getMsg HTTP/1.1" 200 27
180.161.113.183 - - [03/May/2020:10:08:38 +0800] "GET /favicon.ico HTTP/1.1" 404 -
180.162.232.172 - - [03/May/2020:10:08:40 +0800] "GET /xingrg/all/function/internal_message.html?_=1588471851574&CODE_STATE=getMsg HTTP/1.1" 200 27
180.161.113.183 - - [03/May/2020:10:08:40 +0800] "GET /xingrg/login.html HTTP/1.1" 200 7641
117.131.5.26 - - [03/May/2020:10:08:41 +0800] "GET /xingrg/all/function/internal_message.html?_=1588471734796&CODE_STATE=getMsg HTTP/1.1" 200 27
180.161.113.183 - - [03/May/2020:10:08:41 +0800] "GET /xingrg/images/blue/login_bg.png HTTP/1.1" 304 -
180.161.113.183 - - [03/May/2020:10:08:41 +0800] "GET /xingrg/images/blue/jxLogo.png HTTP/1.1" 304 -
180.161.113.183 - - [03/May/2020:10:08:41 +0800] "GET /xingrg/images/blue/hj.png HTTP/1.1" 304 -
180.161.113.183 - - [03/May/2020:10:08:41 +0800] "GET /xingrg/images/blue/srbg.png HTTP/1.1" 304 -
180.161.113.183 - - [03/May/2020:10:08:41 +0800] "GET /favicon.ico HTTP/1.1" 404 -
114.86.190.97 - - [03/May/2020:10:08:43 +0800] "GET /xingrg/javascript/easyui/themes/default/images/button_plain_hover.png HTTP/1.1" 304 -
114.86.190.97 - - [03/May/2020:10:08:43 +0800] "GET /xingrg/javascript/easyui/themes/default/images/button_plain_hover.png HTTP/1.1" 304 -
114.86.190.97 - - [03/May/2020:10:08:43 +0800] "GET /xingrg/javascript/auto/jquery.autocomplete.css HTTP/1.1" 304 -
114.86.190.97 - - [03/May/2020:10:08:43 +0800] "GET /xingrg/css/site.css HTTP/1.1" 304 -
114.86.190.97 - - [03/May/2020:10:08:43 +0800] "GET /xingrg/css/base.css HTTP/1.1" 304 -
114.86.190.97 - - [03/May/2020:10:08:43 +0800] "GET /xingrg/javascript/jquery_tools/fix.css HTTP/1.1" 304 -
114.86.190.97 - - [03/May/2020:10:08:43 +0800] "GET /xingrg/javascript/easyui/themes/icon.css HTTP/1.1" 304 -
114.86.190.97 - - [03/May/2020:10:08:43 +0800] "GET /xingrg/javascript/easyui/themes/default/easyui.css HTTP/1.1" 304 -
114.86.190.97 - - [03/May/2020:10:08:43 +0800] "GET /xingrg/javascript/jquery_tools/datebox.css HTTP/1.1" 304 -
114.86.190.97 - - [03/May/2020:10:08:43 +0800] "GET /xingrg/javascript/jquery_tools/table.css HTTP/1.1" 304 -
114.86.190.97 - - [03/May/2020:10:08:43 +0800] "GET /xingrg/javascript/pic_change.js HTTP/1.1" 304 -
114.86.190.97 - - [03/May/2020:10:08:43 +0800] "GET /xingrg/javascript/jquery_tools/jquery.tools.min.js HTTP/1.1" 304 -
114.86.190.97 - - [03/May/2020:10:08:43 +0800] "GET /xingrg/javascript/print/kc_print.js HTTP/1.1" 304 -
114.86.190.97 - - [03/May/2020:10:08:43 +0800] "GET /xingrg/javascript/jquery_tools/jquery.tools.table.js HTTP/1.1" 304 -
114.86.190.97 - - [03/May/2020:10:08:43 +0800] "GET /xingrg/javascript/jquery_tools/jquery.tools.extend.js HTTP/1.1" 304 -
114.86.190.97 - - [03/May/2020:10:08:43 +0800] "GET /xingrg/javascript/jquery_tools/jquery.tools.hotkey.js HTTP/1.1" 304 -
114.86.190.97 - - [03/May/2020:10:08:43 +0800] "GET /xingrg/javascript/easyui/easyloader.js HTTP/1.1" 304 -
114.86.190.97 - - [03/May/2020:10:08:43 +0800] "GET /xingrg/javascript/convert.js HTTP/1.1" 304 -
114.86.190.97 - - [03/May/2020:10:08:43 +0800] "GET /xingrg/javascript/jquery.utils.js HTTP/1.1" 304 -
114.86.190.97 - - [03/May/2020:10:08:43 +0800] "GET /xingrg/javascript/jquery_tools/order_manager.js HTTP/1.1" 304 -
114.86.190.97 - - [03/May/2020:10:08:43 +0800] "GET /xingrg/javascript/json2.js HTTP/1.1" 304 -
114.86.190.97 - - [03/May/2020:10:08:43 +0800] "GET /xingrg/javascript/jquery.cookie.js HTTP/1.1" 304 -
114.86.190.97 - - [03/May/2020:10:08:43 +0800] "GET /xingrg/javascript/auto/jquery.autocomplete.js HTTP/1.1" 304 -
114.86.190.97 - - [03/May/2020:10:08:43 +0800] "GET /xingrg/javascript/print/LodopFuncs.js HTTP/1.1" 304 -
114.86.190.97 - - [03/May/2020:10:08:43 +0800] "GET /xingrg/kc/buy/cgsh_order_add.html HTTP/1.1" 200 58196
114.86.190.97 - - [03/May/2020:10:08:43 +0800] "GET /xingrg/words/20200502163951_words.js HTTP/1.1" 304 -
114.86.190.97 - - [03/May/2020:10:08:43 +0800] "GET /xingrg/javascript/easyui/themes/icons/copy_new.png HTTP/1.1" 304 -
114.86.190.97 - - [03/May/2020:10:08:43 +0800] "GET /xingrg/javascript/easyui/themes/icons/template_new.png HTTP/1.1" 304 -
114.86.190.97 - - [03/May/2020:10:08:43 +0800] "GET /xingrg/javascript/easyui/themes/icons/ok.png HTTP/1.1" 304 -
114.86.190.97 - - [03/May/2020:10:08:43 +0800] "GET /xingrg/javascript/easyui/themes/icons/print.png HTTP/1.1" 304 -
114.86.190.97 - - [03/May/2020:10:08:43 +0800] "GET /xingrg/javascript/easyui/themes/default/images/menu_downarrow.png HTTP/1.1" 304 -
114.86.190.97 - - [03/May/2020:10:08:43 +0800] "GET /xingrg/javascript/easyui/themes/icons/cancel.png HTTP/1.1" 304 -
114.86.190.97 - - [03/May/2020:10:08:43 +0800] "GET /xingrg/javascript/easyui/plugins/jquery.parser.js HTTP/1.1" 304 -
114.86.190.97 - - [03/May/2020:10:08:44 +0800] "POST /xingrg/kc/buy/cgsh_order_operate.html HTTP/1.1" 200 8245
114.86.190.97 - - [03/May/2020:10:08:44 +0800] "GET /xingrg/javascript/easyui/themes/default/images/button_plain_hover.png HTTP/1.1" 304 -
114.86.190.97 - - [03/May/2020:10:08:44 +0800] "GET /xingrg/all/common/auto_word.html?type=employee&rest_code=00148 HTTP/1.1" 200 147
114.86.190.97 - - [03/May/2020:10:08:44 +0800] "GET /xingrg/all/common/auto_word.html?type=employee&rest_code=00148 HTTP/1.1" 200 147
114.86.190.97 - - [03/May/2020:10:08:44 +0800] "GET /xingrg/javascript/easyui/themes/default/images/button_plain_hover.png HTTP/1.1" 304 -
114.86.190.97 - - [03/May/2020:10:08:44 +0800] "GET /xingrg/javascript/easyui/themes/default/validatebox.css HTTP/1.1" 404 1104
114.86.190.97 - - [03/May/2020:10:08:44 +0800] "GET /xingrg/javascript/easyui/plugins/jquery.validatebox.js HTTP/1.1" 304 -
114.86.190.97 - - [03/May/2020:10:08:44 +0800] "GET /xingrg/javascript/easyui/plugins/jquery.numberbox.js HTTP/1.1" 304 -
172.17.0.120 - - [03/May/2020:10:08:44 +0800] "GET /xingrg/all/function/internal_message.html?_=1588471718988&CODE_STATE=getMsg HTTP/1.1" 200 27
114.86.190.97 - - [03/May/2020:10:08:47 +0800] "GET /xingrg/javascript/jquery_tools/jquery.tools.min.js HTTP/1.1" 304 -
114.86.190.97 - - [03/May/2020:10:08:47 +0800] "GET /xingrg/javascript/jquery_tools/jquery.tools.extend.js HTTP/1.1" 304 -
114.86.190.97 - - [03/May/2020:10:08:47 +0800] "GET /xingrg/javascript/pic_change.js HTTP/1.1" 304 -
114.86.190.97 - - [03/May/2020:10:08:47 +0800] "GET /xingrg/javascript/jquery_tools/jquery.tools.hotkey.js HTTP/1.1" 304 -
114.86.190.97 - - [03/May/2020:10:08:47 +0800] "GET /xingrg/javascript/jquery_tools/jquery.tools.table.js HTTP/1.1" 304 -
114.86.190.97 - - [03/May/2020:10:08:47 +0800] "GET /xingrg/javascript/auto/jquery.autocomplete.js HTTP/1.1" 304 -
114.86.190.97 - - [03/May/2020:10:08:47 +0800] "GET /xingrg/javascript/easyui/easyloader.js HTTP/1.1" 304 -
114.86.190.97 - - [03/May/2020:10:08:47 +0800] "GET /xingrg/javascript/jquery.utils.js HTTP/1.1" 304 -
114.86.190.97 - - [03/May/2020:10:08:47 +0800] "GET /xingrg/javascript/jquery_tools/order_manager.js HTTP/1.1" 304 -
114.86.190.97 - - [03/May/2020:10:08:47 +0800] "GET /xingrg/javascript/json2.js HTTP/1.1" 304 -
114.86.190.97 - - [03/May/2020:10:08:47 +0800] "GET /xingrg/javascript/jquery.cookie.js HTTP/1.1" 304 -
114.86.190.97 - - [03/May/2020:10:08:47 +0800] "GET /xingrg/javascript/print/kc_print.js HTTP/1.1" 304 -
114.86.190.97 - - [03/May/2020:10:08:47 +0800] "GET /xingrg/javascript/easyui/plugins/jquery.parser.js HTTP/1.1" 304 -
114.86.190.97 - - [03/May/2020:10:08:47 +0800] "GET /xingrg/javascript/print/LodopFuncs.js HTTP/1.1" 304 -
114.86.190.97 - - [03/May/2020:10:08:47 +0800] "GET /xingrg/javascript/easyui/plugins/jquery.numberbox.js HTTP/1.1" 304 -
114.86.190.97 - - [03/May/2020:10:08:47 +0800] "GET /xingrg/javascript/easyui/plugins/jquery.validatebox.js HTTP/1.1" 304 -
114.86.190.97 - - [03/May/2020:10:08:47 +0800] "GET /xingrg/words/20200502163951_words.js HTTP/1.1" 304 -
114.86.190.97 - - [03/May/2020:10:08:47 +0800] "GET /xingrg/javascript/convert.js HTTP/1.1" 304 -
114.84.33.255 - - [03/May/2020:10:08:49 +0800] "GET /xingrg/all/function/internal_message.html?_=1588471725410&CODE_STATE=getMsg HTTP/1.1" 200 27
58.40.7.146 - - [03/May/2020:10:08:50 +0800] "GET /xingrg/all/function/internal_message.html?_=1588471726516&CODE_STATE=getMsg HTTP/1.1" 200 27
222.70.183.62 - - [03/May/2020:10:08:51 +0800] "GET /xingrg/all/function/internal_message.html?_=1588472067099&CODE_STATE=getMsg HTTP/1.1" 200 27
114.86.190.97 - - [03/May/2020:10:08:52 +0800] "GET /xingrg/kc/buy/cgsh_order_operate.html?command=get_materiel&rest_code=00148&code=00101001037&supplier_code=00100090&order_time=2020-05-03 HTTP/1.1" 200 414
114.86.190.97 - - [03/May/2020:10:08:52 +0800] "GET /xingrg/javascript/easyui/themes/default/images/button_plain_hover.png HTTP/1.1" 304 -
172.17.0.119 - - [03/May/2020:10:08:55 +0800] "GET /xingrg/all/function/internal_message.html?_=1588471733027&CODE_STATE=getMsg HTTP/1.1" 200 27
172.17.0.119 - - [03/May/2020:10:08:56 +0800] "GET /xingrg/check_reg.html?_=1588471733826 HTTP/1.1" 200 22
114.84.32.201 - - [03/May/2020:10:08:59 +0800] "GET /xingrg/all/function/internal_message.html?_=1588471735533&CODE_STATE=getMsg HTTP/1.1" 200 27
180.162.232.172 - - [03/May/2020:10:09:01 +0800] "GET /xingrg/all/function/internal_message.html?_=1588471739430&CODE_STATE=getMsg HTTP/1.1" 200 27
114.86.190.97 - - [03/May/2020:10:09:02 +0800] "GET /xingrg/kc/buy/cgsh_order_operate.html?command=get_materiel&rest_code=00148&code=00101001125&supplier_code=00100090&order_time=2020-05-03 HTTP/1.1" 200 415
114.86.190.97 - - [03/May/2020:10:09:02 +0800] "GET /xingrg/javascript/easyui/themes/default/images/button_plain_hover.png HTTP/1.1" 304 -
172.17.0.185 - - [03/May/2020:10:09:02 +0800] "GET /xingrg/all/function/internal_message.html?_=1588471737564&CODE_STATE=getMsg HTTP/1.1" 200 27
114.84.33.255 - - [03/May/2020:10:09:03 +0800] "GET /xingrg/all/function/internal_message.html?_=1588471764799&CODE_STATE=getMsg HTTP/1.1" 200 27
117.131.5.26 - - [03/May/2020:10:09:06 +0800] "POST /xingrg/services/DataTransmitService HTTP/1.1" 200 524
117.131.5.26 - - [03/May/2020:10:09:06 +0800] "POST /xingrg/services/DataTransmitService HTTP/1.1" 200 501
117.131.5.26 - - [03/May/2020:10:09:06 +0800] "POST /xingrg/services/DataTransmitService HTTP/1.1" 200 501
117.131.5.26 - - [03/May/2020:10:09:07 +0800] "POST /xingrg/services/DataTransmitService HTTP/1.1" 200 501
114.86.190.97 - - [03/May/2020:10:09:07 +0800] "GET /xingrg/all/function/internal_message.html?_=1588471743594&CODE_STATE=getMsg HTTP/1.1" 200 27
117.131.5.26 - - [03/May/2020:10:09:08 +0800] "POST /xingrg/services/DataTransmitService HTTP/1.1" 200 501
117.131.5.26 - - [03/May/2020:10:09:08 +0800] "POST /xingrg/services/DataTransmitService HTTP/1.1" 200 501
117.131.5.26 - - [03/May/2020:10:09:08 +0800] "POST /xingrg/services/DataTransmitService HTTP/1.1" 200 501
117.131.5.26 - - [03/May/2020:10:09:08 +0800] "POST /xingrg/services/DataTransmitService HTTP/1.1" 200 501
117.131.5.26 - - [03/May/2020:10:09:08 +0800] "POST /xingrg/services/DataTransmitService HTTP/1.1" 200 501
117.131.5.26 - - [03/May/2020:10:09:09 +0800] "POST /xingrg/services/DataTransmitService HTTP/1.1" 200 412
222.70.183.62 - - [03/May/2020:10:09:09 +0800] "GET /xingrg/all/function/internal_message.html?_=1588471746479&CODE_STATE=getMsg HTTP/1.1" 200 27
114.86.190.97 - - [03/May/2020:10:09:11 +0800] "GET /xingrg/kc/buy/cgsh_order_operate.html?command=get_materiel&rest_code=00148&code=00101001140&supplier_code=00100090&order_time=2020-05-03 HTTP/1.1" 200 414
114.86.190.97 - - [03/May/2020:10:09:11 +0800] "GET /xingrg/javascript/easyui/themes/default/images/button_plain_hover.png HTTP/1.1" 304 -
114.84.32.201 - - [03/May/2020:10:09:14 +0800] "GET /xingrg/all/function/internal_message.html?_=1588471750347&CODE_STATE=getMsg HTTP/1.1" 200 27
114.86.190.97 - - [03/May/2020:10:09:17 +0800] "GET /xingrg/javascript/easyui/themes/default/images/button_plain_hover.png HTTP/1.1" 304 -
114.86.190.97 - - [03/May/2020:10:09:17 +0800] "GET /xingrg/javascript/easyui/themes/default/images/button_plain_hover.png HTTP/1.1" 304 -
114.86.190.97 - - [03/May/2020:10:09:18 +0800] "GET /xingrg/javascript/easyui/themes/default/images/button_plain_hover.png HTTP/1.1" 304 -
114.86.190.97 - - [03/May/2020:10:09:18 +0800] "GET /xingrg/javascript/easyui/themes/default/images/button_plain_hover.png HTTP/1.1" 304 -
114.86.190.97 - - [03/May/2020:10:09:18 +0800] "GET /xingrg/javascript/easyui/themes/default/images/button_plain_hover.png HTTP/1.1" 304 -
114.86.190.97 - - [03/May/2020:10:09:18 +0800] "GET /xingrg/javascript/easyui/themes/default/images/button_plain_hover.png HTTP/1.1" 304 -
114.86.190.97 - - [03/May/2020:10:09:18 +0800] "GET /xingrg/javascript/easyui/themes/default/images/button_plain_hover.png HTTP/1.1" 304 -
114.86.190.97 - - [03/May/2020:10:09:18 +0800] "GET /xingrg/javascript/easyui/themes/default/images/button_plain_hover.png HTTP/1.1" 304 -
114.86.190.97 - - [03/May/2020:10:09:18 +0800] "GET /xingrg/javascript/easyui/themes/default/images/button_plain_hover.png HTTP/1.1" 304 -
114.86.190.97 - - [03/May/2020:10:09:18 +0800] "GET /xingrg/javascript/easyui/themes/default/images/button_plain_hover.png HTTP/1.1" 304 -
222.69.137.130 - - [03/May/2020:10:09:18 +0800] "GET /xingrg/all/function/internal_message.html?_=1588471754559&CODE_STATE=getMsg HTTP/1.1" 200 27
114.86.190.97 - - [03/May/2020:10:09:19 +0800] "GET /xingrg/javascript/easyui/themes/default/images/button_plain_hover.png HTTP/1.1" 304 -
114.86.190.97 - - [03/May/2020:10:09:19 +0800] "GET /xingrg/javascript/easyui/themes/default/images/button_plain_hover.png HTTP/1.1" 304 -
114.86.190.97 - - [03/May/2020:10:09:20 +0800] "POST /xingrg/kc/buy/cgsh_order_operate.html HTTP/1.1" 200 37
114.86.190.97 - - [03/May/2020:10:09:21 +0800] "POST /xingrg/kc/buy/cgsh_order_operate.html HTTP/1.1" 200 3856
120.253.135.82 - - [03/May/2020:10:09:24 +0800] "GET /xingrg/all/function/internal_message.html?_=1588471896012&CODE_STATE=getMsg HTTP/1.1" 200 27
222.69.137.130 - - [03/May/2020:10:09:25 +0800] "GET /xingrg/kc/buy/cgsh_order_add.html HTTP/1.1" 200 58202
222.69.137.130 - - [03/May/2020:10:09:25 +0800] "POST /xingrg/kc/buy/cgsh_order_operate.html HTTP/1.1" 200 8245
222.69.137.130 - - [03/May/2020:10:09:25 +0800] "GET /xingrg/javascript/easyui/themes/default/validatebox.css HTTP/1.1" 404 1104
180.156.150.85 - - [03/May/2020:10:09:29 +0800] "GET /xingrg/all/function/internal_message.html?_=1588471767065&CODE_STATE=getMsg HTTP/1.1" 200 27
172.17.0.112 - - [03/May/2020:10:09:32 +0800] "GET /xingrg/all/function/internal_message.html?_=1588471768856&CODE_STATE=getMsg HTTP/1.1" 200 27
172.17.0.108 - - [03/May/2020:10:09:34 +0800] "GET /xingrg/all/function/internal_message.html?_=1588471766669&CODE_STATE=getMsg HTTP/1.1" 200 27
117.131.5.26 - - [03/May/2020:10:09:34 +0800] "GET /xingrg/check_reg.html?_=1588471788125 HTTP/1.1" 200 22
116.228.172.94 - - [03/May/2020:10:09:38 +0800] "GET /xingrg/all/function/internal_message.html?_=1588470994107&CODE_STATE=getMsg HTTP/1.1" 200 27
180.162.232.172 - - [03/May/2020:10:09:40 +0800] "GET /xingrg/all/function/internal_message.html?_=1588471911588&CODE_STATE=getMsg HTTP/1.1" 200 27
222.69.137.130 - - [03/May/2020:10:09:41 +0800] "GET /xingrg/kc/buy/cgsh_order_operate.html?command=get_materiel&rest_code=00149&code=00101006168&supplier_code=00100012&order_time=2020-05-03 HTTP/1.1" 200 421
117.131.5.26 - - [03/May/2020:10:09:41 +0800] "GET /xingrg/all/function/internal_message.html?_=1588471794812&CODE_STATE=getMsg HTTP/1.1" 200 27
172.17.0.120 - - [03/May/2020:10:09:44 +0800] "GET /xingrg/all/function/internal_message.html?_=1588471778989&CODE_STATE=getMsg HTTP/1.1" 200 27
172.17.0.120 - - [03/May/2020:10:09:44 +0800] "GET /xingrg/check_reg.html?_=1588471778991 HTTP/1.1" 200 22
114.84.33.255 - - [03/May/2020:10:09:49 +0800] "GET /xingrg/all/function/internal_message.html?_=1588471785432&CODE_STATE=getMsg HTTP/1.1" 200 27
58.40.7.146 - - [03/May/2020:10:09:50 +0800] "GET /xingrg/all/function/internal_message.html?_=1588471786519&CODE_STATE=getMsg HTTP/1.1" 200 27
58.40.7.146 - - [03/May/2020:10:09:50 +0800] "GET /xingrg/check_reg.html?_=1588471786520 HTTP/1.1" 200 22
222.70.183.62 - - [03/May/2020:10:09:51 +0800] "GET /xingrg/all/function/internal_message.html?_=1588472127098&CODE_STATE=getMsg HTTP/1.1" 200 27
117.131.5.26 - - [03/May/2020:10:09:52 +0800] "POST /xingrg/services/DataTransmitService HTTP/1.1" 200 524
117.131.5.26 - - [03/May/2020:10:09:52 +0800] "POST /xingrg/services/DataTransmitService HTTP/1.1" 200 501
117.131.5.26 - - [03/May/2020:10:09:52 +0800] "POST /xingrg/services/DataTransmitService HTTP/1.1" 200 501
117.131.5.26 - - [03/May/2020:10:09:53 +0800] "POST /xingrg/services/DataTransmitService HTTP/1.1" 200 501
117.131.5.26 - - [03/May/2020:10:09:54 +0800] "POST /xingrg/services/DataTransmitService HTTP/1.1" 200 501
117.131.5.26 - - [03/May/2020:10:09:54 +0800] "POST /xingrg/services/DataTransmitService HTTP/1.1" 200 501
117.131.5.26 - - [03/May/2020:10:09:54 +0800] "POST /xingrg/services/DataTransmitService HTTP/1.1" 200 501
117.131.5.26 - - [03/May/2020:10:09:54 +0800] "POST /xingrg/services/DataTransmitService HTTP/1.1" 200 501
117.131.5.26 - - [03/May/2020:10:09:54 +0800] "POST /xingrg/services/DataTransmitService HTTP/1.1" 200 501
172.17.0.119 - - [03/May/2020:10:09:55 +0800] "GET /xingrg/all/function/internal_message.html?_=1588471793000&CODE_STATE=getMsg HTTP/1.1" 200 27
117.131.5.26 - - [03/May/2020:10:09:56 +0800] "POST /xingrg/services/DataTransmitService HTTP/1.1" 200 412
114.84.32.201 - - [03/May/2020:10:09:59 +0800] "GET /xingrg/all/function/internal_message.html?_=1588471795535&CODE_STATE=getMsg HTTP/1.1" 200 27
180.162.232.172 - - [03/May/2020:10:10:01 +0800] "GET /xingrg/all/function/internal_message.html?_=1588471799431&CODE_STATE=getMsg HTTP/1.1" 200 27
114.86.190.97 - - [03/May/2020:10:10:02 +0800] "GET /xingrg/javascript/easyui/themes/default/images/button_plain_hover.png HTTP/1.1" 304 -
114.86.190.97 - - [03/May/2020:10:10:02 +0800] "GET /xingrg/javascript/easyui/themes/default/images/button_plain_hover.png HTTP/1.1" 304 -
114.86.190.97 - - [03/May/2020:10:10:02 +0800] "GET /xingrg/javascript/easyui/themes/default/images/button_plain_hover.png HTTP/1.1" 304 -
114.86.190.97 - - [03/May/2020:10:10:02 +0800] "GET /xingrg/javascript/easyui/themes/default/images/button_plain_hover.png HTTP/1.1" 304 -
172.17.0.185 - - [03/May/2020:10:10:03 +0800] "GET /xingrg/all/function/internal_message.html?_=1588471797567&CODE_STATE=getMsg HTTP/1.1" 200 27
114.84.33.255 - - [03/May/2020:10:10:03 +0800] "GET /xingrg/all/function/internal_message.html?_=1588471825046&CODE_STATE=getMsg HTTP/1.1" 200 27
114.86.190.97 - - [03/May/2020:10:10:05 +0800] "GET /xingrg/css/base.css HTTP/1.1" 304 -
114.86.190.97 - - [03/May/2020:10:10:05 +0800] "GET /xingrg/javascript/easyui/themes/icon.css HTTP/1.1" 304 -
114.86.190.97 - - [03/May/2020:10:10:05 +0800] "GET /xingrg/javascript/jquery_tools/fix.css HTTP/1.1" 304 -
114.86.190.97 - - [03/May/2020:10:10:05 +0800] "GET /xingrg/javascript/easyui/themes/default/easyui.css HTTP/1.1" 304 -
114.86.190.97 - - [03/May/2020:10:10:05 +0800] "GET /xingrg/css/site.css HTTP/1.1" 304 -
114.86.190.97 - - [03/May/2020:10:10:05 +0800] "GET /xingrg/javascript/jquery_tools/jquery.tools.min.js HTTP/1.1" 304 -
114.86.190.97 - - [03/May/2020:10:10:05 +0800] "GET /xingrg/javascript/auto/jquery.autocomplete.css HTTP/1.1" 304 -
114.86.190.97 - - [03/May/2020:10:10:05 +0800] "GET /xingrg/javascript/jquery_tools/table.css HTTP/1.1" 304 -
114.86.190.97 - - [03/May/2020:10:10:05 +0800] "GET /xingrg/javascript/jquery_tools/jquery.tools.extend.js HTTP/1.1" 304 -
114.86.190.97 - - [03/May/2020:10:10:05 +0800] "GET /xingrg/javascript/jquery_tools/datebox.css HTTP/1.1" 304 -
114.86.190.97 - - [03/May/2020:10:10:05 +0800] "GET /xingrg/javascript/jquery_tools/jquery.tools.table.js HTTP/1.1" 304 -
114.86.190.97 - - [03/May/2020:10:10:05 +0800] "GET /xingrg/javascript/easyui/easyloader.js HTTP/1.1" 304 -
114.86.190.97 - - [03/May/2020:10:10:05 +0800] "GET /xingrg/javascript/jquery_tools/list_manager.js HTTP/1.1" 304 -
114.86.190.97 - - [03/May/2020:10:10:05 +0800] "GET /xingrg/javascript/jquery_tools/jquery.tools.hotkey.js HTTP/1.1" 304 -
114.86.190.97 - - [03/May/2020:10:10:05 +0800] "GET /xingrg/javascript/auto/jquery.autocomplete.js HTTP/1.1" 304 -
114.86.190.97 - - [03/May/2020:10:10:05 +0800] "GET /xingrg/javascript/print/LodopFuncs.js HTTP/1.1" 304 -
114.86.190.97 - - [03/May/2020:10:10:05 +0800] "GET /xingrg/javascript/jquery.utils.js HTTP/1.1" 304 -
114.86.190.97 - - [03/May/2020:10:10:05 +0800] "GET /xingrg/javascript/jquery.cookie.js HTTP/1.1" 304 -
114.86.190.97 - - [03/May/2020:10:10:05 +0800] "GET /xingrg/kc/buy/cgsh_order_list.html HTTP/1.1" 200 42587
114.86.190.97 - - [03/May/2020:10:10:05 +0800] "GET /xingrg/javascript/easyui/plugins/jquery.parser.js HTTP/1.1" 304 -
114.86.190.97 - - [03/May/2020:10:10:06 +0800] "POST /xingrg/kc/buy/cgsh_list_operate.html HTTP/1.1" 200 2040
114.86.190.97 - - [03/May/2020:10:10:07 +0800] "GET /xingrg/kc/buy/cgsh_order_add.html HTTP/1.1" 200 58196
114.86.190.97 - - [03/May/2020:10:10:07 +0800] "GET /xingrg/css/base.css HTTP/1.1" 304 -
114.86.190.97 - - [03/May/2020:10:10:07 +0800] "GET /xingrg/javascript/easyui/themes/default/easyui.css HTTP/1.1" 304 -
114.86.190.97 - - [03/May/2020:10:10:07 +0800] "GET /xingrg/javascript/jquery_tools/fix.css HTTP/1.1" 304 -
114.86.190.97 - - [03/May/2020:10:10:07 +0800] "GET /xingrg/javascript/jquery_tools/table.css HTTP/1.1" 304 -
114.86.190.97 - - [03/May/2020:10:10:07 +0800] "GET /xingrg/css/site.css HTTP/1.1" 304 -
114.86.190.97 - - [03/May/2020:10:10:07 +0800] "GET /xingrg/javascript/jquery_tools/datebox.css HTTP/1.1" 304 -
114.86.190.97 - - [03/May/2020:10:10:07 +0800] "GET /xingrg/javascript/jquery_tools/jquery.tools.min.js HTTP/1.1" 304 -
114.86.190.97 - - [03/May/2020:10:10:07 +0800] "GET /xingrg/javascript/jquery_tools/jquery.tools.extend.js HTTP/1.1" 304 -
114.86.190.97 - - [03/May/2020:10:10:07 +0800] "GET /xingrg/javascript/easyui/themes/icon.css HTTP/1.1" 304 -
114.86.190.97 - - [03/May/2020:10:10:07 +0800] "GET /xingrg/javascript/auto/jquery.autocomplete.css HTTP/1.1" 304 -
114.86.190.97 - - [03/May/2020:10:10:07 +0800] "GET /xingrg/javascript/jquery_tools/jquery.tools.table.js HTTP/1.1" 304 -
114.86.190.97 - - [03/May/2020:10:10:07 +0800] "GET /xingrg/javascript/jquery_tools/jquery.tools.hotkey.js HTTP/1.1" 304 -
114.86.190.97 - - [03/May/2020:10:10:07 +0800] "GET /xingrg/javascript/convert.js HTTP/1.1" 304 -
114.86.190.97 - - [03/May/2020:10:10:07 +0800] "GET /xingrg/javascript/pic_change.js HTTP/1.1" 304 -
114.86.190.97 - - [03/May/2020:10:10:07 +0800] "GET /xingrg/javascript/auto/jquery.autocomplete.js HTTP/1.1" 304 -
114.86.190.97 - - [03/May/2020:10:10:07 +0800] "GET /xingrg/javascript/json2.js HTTP/1.1" 304 -
114.86.190.97 - - [03/May/2020:10:10:07 +0800] "GET /xingrg/javascript/jquery.utils.js HTTP/1.1" 304 -
114.86.190.97 - - [03/May/2020:10:10:07 +0800] "GET /xingrg/javascript/jquery.cookie.js HTTP/1.1" 304 -
114.86.190.97 - - [03/May/2020:10:10:07 +0800] "GET /xingrg/javascript/print/kc_print.js HTTP/1.1" 304 -
114.86.190.97 - - [03/May/2020:10:10:07 +0800] "GET /xingrg/javascript/jquery_tools/order_manager.js HTTP/1.1" 304 -
114.86.190.97 - - [03/May/2020:10:10:07 +0800] "GET /xingrg/javascript/print/LodopFuncs.js HTTP/1.1" 304 -
114.86.190.97 - - [03/May/2020:10:10:07 +0800] "GET /xingrg/javascript/easyui/easyloader.js HTTP/1.1" 304 -
114.86.190.97 - - [03/May/2020:10:10:07 +0800] "GET /xingrg/words/20200502163951_words.js HTTP/1.1" 304 -
114.86.190.97 - - [03/May/2020:10:10:07 +0800] "GET /xingrg/javascript/easyui/plugins/jquery.parser.js HTTP/1.1" 304 -
114.86.190.97 - - [03/May/2020:10:10:07 +0800] "POST /xingrg/kc/buy/cgsh_order_operate.html HTTP/1.1" 200 8245
114.86.190.97 - - [03/May/2020:10:10:07 +0800] "GET /xingrg/javascript/easyui/themes/default/images/button_plain_hover.png HTTP/1.1" 304 -
114.86.190.97 - - [03/May/2020:10:10:07 +0800] "GET /xingrg/all/common/auto_word.html?type=employee&rest_code=00148 HTTP/1.1" 200 147
114.86.190.97 - - [03/May/2020:10:10:07 +0800] "GET /xingrg/all/common/auto_word.html?type=employee&rest_code=00148 HTTP/1.1" 200 147
114.86.190.97 - - [03/May/2020:10:10:07 +0800] "GET /xingrg/javascript/easyui/themes/default/images/button_plain_hover.png HTTP/1.1" 304 -
114.86.190.97 - - [03/May/2020:10:10:07 +0800] "GET /xingrg/javascript/easyui/themes/default/validatebox.css HTTP/1.1" 404 1104
114.86.190.97 - - [03/May/2020:10:10:07 +0800] "GET /xingrg/javascript/easyui/plugins/jquery.validatebox.js HTTP/1.1" 304 -
114.86.190.97 - - [03/May/2020:10:10:07 +0800] "GET /xingrg/javascript/easyui/plugins/jquery.numberbox.js HTTP/1.1" 304 -
114.86.190.97 - - [03/May/2020:10:10:07 +0800] "GET /xingrg/all/function/internal_message.html?_=1588471803607&CODE_STATE=getMsg HTTP/1.1" 200 27
222.70.183.62 - - [03/May/2020:10:10:09 +0800] "GET /xingrg/all/function/internal_message.html?_=1588471806486&CODE_STATE=getMsg HTTP/1.1" 200 27
114.84.32.201 - - [03/May/2020:10:10:14 +0800] "GET /xingrg/all/function/internal_message.html?_=1588471810359&CODE_STATE=getMsg HTTP/1.1" 200 27
222.69.137.130 - - [03/May/2020:10:10:16 +0800] "GET /xingrg/kc/buy/cgsh_order_operate.html?command=get_materiel&rest_code=00149&code=00101006057&supplier_code=00100012&order_time=2020-05-03 HTTP/1.1" 200 413
114.86.190.97 - - [03/May/2020:10:10:18 +0800] "GET /xingrg/javascript/jquery_tools/jquery.tools.min.js HTTP/1.1" 304 -
114.86.190.97 - - [03/May/2020:10:10:18 +0800] "GET /xingrg/javascript/jquery_tools/jquery.tools.hotkey.js HTTP/1.1" 304 -
114.86.190.97 - - [03/May/2020:10:10:18 +0800] "GET /xingrg/javascript/pic_change.js HTTP/1.1" 304 -
114.86.190.97 - - [03/May/2020:10:10:18 +0800] "GET /xingrg/javascript/jquery_tools/jquery.tools.extend.js HTTP/1.1" 304 -
114.86.190.97 - - [03/May/2020:10:10:18 +0800] "GET /xingrg/javascript/auto/jquery.autocomplete.js HTTP/1.1" 304 -
114.86.190.97 - - [03/May/2020:10:10:18 +0800] "GET /xingrg/javascript/jquery_tools/jquery.tools.table.js HTTP/1.1" 304 -
114.86.190.97 - - [03/May/2020:10:10:18 +0800] "GET /xingrg/javascript/easyui/easyloader.js HTTP/1.1" 304 -
114.86.190.97 - - [03/May/2020:10:10:18 +0800] "GET /xingrg/javascript/jquery.utils.js HTTP/1.1" 304 -
114.86.190.97 - - [03/May/2020:10:10:18 +0800] "GET /xingrg/javascript/jquery_tools/order_manager.js HTTP/1.1" 304 -
114.86.190.97 - - [03/May/2020:10:10:18 +0800] "GET /xingrg/javascript/json2.js HTTP/1.1" 304 -
114.86.190.97 - - [03/May/2020:10:10:18 +0800] "GET /xingrg/javascript/easyui/plugins/jquery.parser.js HTTP/1.1" 304 -
114.86.190.97 - - [03/May/2020:10:10:18 +0800] "GET /xingrg/javascript/easyui/plugins/jquery.numberbox.js HTTP/1.1" 304 -
114.86.190.97 - - [03/May/2020:10:10:18 +0800] "GET /xingrg/javascript/jquery.cookie.js HTTP/1.1" 304 -
114.86.190.97 - - [03/May/2020:10:10:18 +0800] "GET /xingrg/javascript/easyui/plugins/jquery.validatebox.js HTTP/1.1" 304 -
114.86.190.97 - - [03/May/2020:10:10:18 +0800] "GET /xingrg/javascript/print/kc_print.js HTTP/1.1" 304 -
114.86.190.97 - - [03/May/2020:10:10:18 +0800] "GET /xingrg/words/20200502163951_words.js HTTP/1.1" 304 -
114.86.190.97 - - [03/May/2020:10:10:18 +0800] "GET /xingrg/javascript/print/LodopFuncs.js HTTP/1.1" 304 -
114.86.190.97 - - [03/May/2020:10:10:18 +0800] "GET /xingrg/javascript/convert.js HTTP/1.1" 304 -
222.69.137.130 - - [03/May/2020:10:10:18 +0800] "GET /xingrg/all/function/internal_message.html?_=1588471814566&CODE_STATE=getMsg HTTP/1.1" 200 27
114.86.190.97 - - [03/May/2020:10:10:21 +0800] "GET /xingrg/kc/buy/cgsh_order_operate.html?command=get_materiel&rest_code=00148&code=00101002006&supplier_code=00100091&order_time=2020-05-03 HTTP/1.1" 200 435
114.86.190.97 - - [03/May/2020:10:10:21 +0800] "GET /xingrg/javascript/easyui/themes/default/images/button_plain_hover.png HTTP/1.1" 304 -
117.131.5.26 - - [03/May/2020:10:10:21 +0800] "GET /xingrg/javascript/jquery_easy_ui/themes/default/images/button_plain_hover.png HTTP/1.1" 304 -
222.69.137.130 - - [03/May/2020:10:10:24 +0800] "GET /xingrg/kc/buy/cgsh_order_operate.html?command=get_materiel&rest_code=00149&code=00101006184&supplier_code=00100012&order_time=2020-05-03 HTTP/1.1" 200 408
120.253.135.82 - - [03/May/2020:10:10:24 +0800] "GET /xingrg/all/function/internal_message.html?_=1588471956024&CODE_STATE=getMsg HTTP/1.1" 200 27
180.156.150.85 - - [03/May/2020:10:10:29 +0800] "GET /xingrg/all/function/internal_message.html?_=1588471826967&CODE_STATE=getMsg HTTP/1.1" 200 27
114.86.190.97 - - [03/May/2020:10:10:31 +0800] "GET /xingrg/kc/buy/cgsh_order_operate.html?command=get_materiel&rest_code=00148&code=00101002034&supplier_code=00100091&order_time=2020-05-03 HTTP/1.1" 200 424
