222.70.183.62 - - [03/May/2020:09:01:51 +0800] "GET /xingrg/all/function/internal_message.html?_=1588468046997&CODE_STATE=getMsg HTTP/1.1" 200 27
180.162.232.172 - - [03/May/2020:09:01:51 +0800] "GET /xingrg/all/function/internal_message.html?_=1588467709253&CODE_STATE=getMsg HTTP/1.1" 200 27
124.77.110.230 - - [03/May/2020:09:01:54 +0800] "GET /xingrg/kc/buy/cgsh_order_operate.html?command=get_materiel&rest_code=00107&code=00101008230&supplier_code=00100006&order_time=2020-05-03 HTTP/1.1" 200 408
222.69.137.130 - - [03/May/2020:09:01:55 +0800] "GET /xingrg/kc/buy/cgsh_order_operate.html?command=get_materiel&rest_code=00149&code=00101008038&supplier_code=00100005&order_time=2020-05-03 HTTP/1.1" 200 412
114.84.33.255 - - [03/May/2020:09:01:56 +0800] "GET /xingrg/all/function/internal_message.html?_=1588467737810&CODE_STATE=getMsg HTTP/1.1" 200 27
180.162.232.172 - - [03/May/2020:09:01:57 +0800] "GET /xingrg/kc/buy/cgsh_order_operate.html?command=get_materiel&rest_code=00150&code=00101008042&supplier_code=00100007&order_time=2020-05-03 HTTP/1.1" 200 416
180.162.232.172 - - [03/May/2020:09:01:59 +0800] "POST /xingrg/kc/buy/cgsh_order_operate.html HTTP/1.1" 200 2065
114.84.32.201 - - [03/May/2020:09:02:00 +0800] "GET /xingrg/check_reg.html?_=1588467716923 HTTP/1.1" 200 22
124.77.110.230 - - [03/May/2020:09:02:02 +0800] "GET /xingrg/kc/buy/cgsh_order_operate.html?command=get_materiel&rest_code=00107&code=00101008302&supplier_code=00100006&order_time=2020-05-03 HTTP/1.1" 200 412
172.17.0.185 - - [03/May/2020:09:02:02 +0800] "GET /xingrg/all/function/internal_message.html?_=1588467717569&CODE_STATE=getMsg HTTP/1.1" 200 27
180.162.232.172 - - [03/May/2020:09:02:05 +0800] "GET /xingrg/kc/buy/cgsh_order_operate.html?command=get_materiel&rest_code=00150&code=00101008357&supplier_code=00100007&order_time=2020-05-03 HTTP/1.1" 200 408
120.253.135.82 - - [03/May/2020:09:02:09 +0800] "GET /xingrg/all/function/internal_message.html?_=1588467478151&CODE_STATE=getMsg HTTP/1.1" 200 27
222.69.137.130 - - [03/May/2020:09:02:11 +0800] "GET /xingrg/kc/buy/cgsh_order_operate.html?command=get_materiel&rest_code=00149&code=00101008224&supplier_code=00100005&order_time=2020-05-03 HTTP/1.1" 200 416
180.162.232.172 - - [03/May/2020:09:02:11 +0800] "GET /xingrg/kc/buy/cgsh_order_operate.html?command=get_materiel&rest_code=00150&code=00101008069&supplier_code=00100007&order_time=2020-05-03 HTTP/1.1" 200 412
124.77.110.230 - - [03/May/2020:09:02:13 +0800] "GET /xingrg/kc/buy/cgsh_order_operate.html?command=get_materiel&rest_code=00107&code=00101008027&supplier_code=00100006&order_time=2020-05-03 HTTP/1.1" 200 408
222.69.137.130 - - [03/May/2020:09:02:18 +0800] "GET /xingrg/check_reg.html?_=1588467726017 HTTP/1.1" 200 22
222.69.137.130 - - [03/May/2020:09:02:18 +0800] "GET /xingrg/all/function/internal_message.html?_=1588467726029&CODE_STATE=getMsg HTTP/1.1" 200 27
124.77.110.230 - - [03/May/2020:09:02:20 +0800] "GET /xingrg/kc/buy/cgsh_order_operate.html?command=get_materiel&rest_code=00107&code=00101008351&supplier_code=00100006&order_time=2020-05-03 HTTP/1.1" 200 423
180.156.150.85 - - [03/May/2020:09:02:23 +0800] "GET /xingrg/all/function/internal_message.html?_=1588467741266&CODE_STATE=getMsg HTTP/1.1" 200 27
180.156.150.85 - - [03/May/2020:09:02:23 +0800] "GET /xingrg/check_reg.html?_=1588467741270 HTTP/1.1" 200 22
114.84.33.255 - - [03/May/2020:09:02:23 +0800] "GET /xingrg/check_reg.html?_=1588467765109 HTTP/1.1" 200 22
120.253.135.82 - - [03/May/2020:09:02:24 +0800] "GET /xingrg/all/function/internal_message.html?_=1588467875101&CODE_STATE=getMsg HTTP/1.1" 200 27
172.17.0.108 - - [03/May/2020:09:02:25 +0800] "GET /xingrg/all/function/internal_message.html?_=1588467737409&CODE_STATE=getMsg HTTP/1.1" 200 27
180.161.113.183 - - [03/May/2020:09:02:26 +0800] "GET /xingrg/all/function/internal_message.html?_=1588467935246&CODE_STATE=getMsg HTTP/1.1" 200 27
124.77.110.230 - - [03/May/2020:09:02:28 +0800] "GET /xingrg/kc/buy/cgsh_order_operate.html?command=get_materiel&rest_code=00107&code=00101008096&supplier_code=00100006&order_time=2020-05-03 HTTP/1.1" 200 412
180.162.232.172 - - [03/May/2020:09:02:31 +0800] "GET /xingrg/kc/buy/cgsh_order_operate.html?command=get_materiel&rest_code=00150&code=00101008286&supplier_code=00100007&order_time=2020-05-03 HTTP/1.1" 200 408
172.17.0.112 - - [03/May/2020:09:02:31 +0800] "GET /xingrg/all/function/internal_message.html?_=1588467748855&CODE_STATE=getMsg HTTP/1.1" 200 27
172.17.0.108 - - [03/May/2020:09:02:32 +0800] "GET /xingrg/check_reg.html?_=1588467745191 HTTP/1.1" 200 22
124.77.110.230 - - [03/May/2020:09:02:35 +0800] "GET /xingrg/all/function/internal_message.html?_=1588466971691&CODE_STATE=getMsg HTTP/1.1" 200 27
222.69.137.130 - - [03/May/2020:09:02:35 +0800] "POST /xingrg/kc/buy/cgsh_order_operate.html HTTP/1.1" 200 2065
124.77.110.230 - - [03/May/2020:09:02:36 +0800] "POST /xingrg/kc/buy/cgsh_order_operate.html HTTP/1.1" 200 37
124.77.110.230 - - [03/May/2020:09:02:37 +0800] "POST /xingrg/kc/buy/cgsh_order_operate.html HTTP/1.1" 200 6772
180.162.232.172 - - [03/May/2020:09:02:38 +0800] "GET /xingrg/kc/buy/cgsh_order_operate.html?command=get_materiel&rest_code=00150&code=00101008036&supplier_code=00100007&order_time=2020-05-03 HTTP/1.1" 200 408
180.156.150.85 - - [03/May/2020:09:02:38 +0800] "GET /xingrg/kc/buy/cgsh_order_operate.html?command=get_materiel&rest_code=00105&code=00101009013&supplier_code=00100024&order_time=2020-05-03 HTTP/1.1" 200 420
117.131.5.26 - - [03/May/2020:09:02:40 +0800] "GET /xingrg/all/function/internal_message.html?_=1588467774531&CODE_STATE=getMsg HTTP/1.1" 200 27
222.69.137.130 - - [03/May/2020:09:02:42 +0800] "GET /xingrg/kc/buy/cgsh_order_operate.html?command=get_materiel&rest_code=00149&code=00101008087&supplier_code=00100005&order_time=2020-05-03 HTTP/1.1" 200 412
180.162.232.172 - - [03/May/2020:09:02:45 +0800] "GET /xingrg/kc/buy/cgsh_order_operate.html?command=get_materiel&rest_code=00150&code=00101008131&supplier_code=00100007&order_time=2020-05-03 HTTP/1.1" 200 408
58.221.95.50 - - [03/May/2020:09:02:46 +0800] "GET /xingrg/check_reg.html?_=1588467795458 HTTP/1.1" 302 -
58.221.95.50 - - [03/May/2020:09:02:46 +0800] "GET /xingrg/check_reg.html?_=1588467795465 HTTP/1.1" 302 -
58.221.95.50 - - [03/May/2020:09:02:46 +0800] "GET /xingrg/check_reg.html?_=1588467795512 HTTP/1.1" 302 -
58.221.95.50 - - [03/May/2020:09:02:46 +0800] "GET /xingrg/check_reg.html?_=1588467795583 HTTP/1.1" 302 -
180.162.232.172 - - [03/May/2020:09:02:48 +0800] "POST /xingrg/kc/buy/cgsh_order_operate.html HTTP/1.1" 200 2065
114.84.33.255 - - [03/May/2020:09:02:48 +0800] "GET /xingrg/check_reg.html?_=1588467764453 HTTP/1.1" 200 22
114.84.33.255 - - [03/May/2020:09:02:48 +0800] "GET /xingrg/all/function/internal_message.html?_=1588467764513&CODE_STATE=getMsg HTTP/1.1" 200 27
58.40.7.146 - - [03/May/2020:09:02:50 +0800] "GET /xingrg/all/function/internal_message.html?_=1588467766472&CODE_STATE=getMsg HTTP/1.1" 200 27
222.70.183.62 - - [03/May/2020:09:02:51 +0800] "GET /xingrg/all/function/internal_message.html?_=1588468106997&CODE_STATE=getMsg HTTP/1.1" 200 27
222.70.183.62 - - [03/May/2020:09:02:51 +0800] "GET /xingrg/check_reg.html?_=1588468106998 HTTP/1.1" 200 22
180.162.232.172 - - [03/May/2020:09:02:51 +0800] "GET /xingrg/all/function/internal_message.html?_=1588467769234&CODE_STATE=getMsg HTTP/1.1" 200 27
180.156.150.85 - - [03/May/2020:09:02:52 +0800] "GET /xingrg/kc/buy/cgsh_order_operate.html?command=get_materiel&rest_code=00105&code=00101009004&supplier_code=00100024&order_time=2020-05-03 HTTP/1.1" 200 409
180.162.232.172 - - [03/May/2020:09:02:54 +0800] "GET /xingrg/kc/buy/cgsh_order_operate.html?command=get_materiel&rest_code=00150&code=00101008169&supplier_code=00100007&order_time=2020-05-03 HTTP/1.1" 200 412
114.84.33.255 - - [03/May/2020:09:02:56 +0800] "GET /xingrg/all/function/internal_message.html?_=1588467797819&CODE_STATE=getMsg HTTP/1.1" 200 27
222.69.137.130 - - [03/May/2020:09:02:58 +0800] "GET /xingrg/kc/buy/cgsh_order_operate.html?command=get_materiel&rest_code=00149&code=00101008144&supplier_code=00100005&order_time=2020-05-03 HTTP/1.1" 200 412
172.17.0.185 - - [03/May/2020:09:03:02 +0800] "GET /xingrg/check_reg.html?_=1588467777574 HTTP/1.1" 200 22
172.17.0.185 - - [03/May/2020:09:03:02 +0800] "GET /xingrg/all/function/internal_message.html?_=1588467777578&CODE_STATE=getMsg HTTP/1.1" 200 27
180.162.232.172 - - [03/May/2020:09:03:04 +0800] "GET /xingrg/kc/buy/cgsh_order_operate.html?command=get_materiel&rest_code=00150&code=00101008352&supplier_code=00100007&order_time=2020-05-03 HTTP/1.1" 200 412
120.253.135.82 - - [03/May/2020:09:03:09 +0800] "GET /xingrg/all/function/internal_message.html?_=1588467538170&CODE_STATE=getMsg HTTP/1.1" 200 27
114.84.33.255 - - [03/May/2020:09:03:11 +0800] "POST /xingrg/kc/buy/cgsh_list_operate.html HTTP/1.1" 200 5523
222.69.137.130 - - [03/May/2020:09:03:18 +0800] "GET /xingrg/kc/buy/cgsh_order_operate.html?command=get_materiel&rest_code=00149&code=00101008372&supplier_code=00100005&order_time=2020-05-03 HTTP/1.1" 200 408
222.69.137.130 - - [03/May/2020:09:03:18 +0800] "GET /xingrg/all/function/internal_message.html?_=1588467786044&CODE_STATE=getMsg HTTP/1.1" 200 27
120.253.135.82 - - [03/May/2020:09:03:22 +0800] "GET /xingrg/check_reg.html?_=1588467934182 HTTP/1.1" 200 22
120.253.135.82 - - [03/May/2020:09:03:23 +0800] "GET /xingrg/all/function/internal_message.html?_=1588467935115&CODE_STATE=getMsg HTTP/1.1" 200 27
180.156.150.85 - - [03/May/2020:09:03:23 +0800] "GET /xingrg/all/function/internal_message.html?_=1588467801270&CODE_STATE=getMsg HTTP/1.1" 200 27
172.17.0.108 - - [03/May/2020:09:03:25 +0800] "GET /xingrg/all/function/internal_message.html?_=1588467797389&CODE_STATE=getMsg HTTP/1.1" 200 27
180.161.113.183 - - [03/May/2020:09:03:26 +0800] "GET /xingrg/all/function/internal_message.html?_=1588467995259&CODE_STATE=getMsg HTTP/1.1" 200 27
222.69.137.130 - - [03/May/2020:09:03:29 +0800] "GET /xingrg/kc/buy/cgsh_order_operate.html?command=get_materiel&rest_code=00149&code=00101008356&supplier_code=00100005&order_time=2020-05-03 HTTP/1.1" 200 408
172.17.0.112 - - [03/May/2020:09:03:31 +0800] "GET /xingrg/all/function/internal_message.html?_=1588467808859&CODE_STATE=getMsg HTTP/1.1" 200 27
222.69.137.130 - - [03/May/2020:09:03:35 +0800] "POST /xingrg/kc/buy/cgsh_order_operate.html HTTP/1.1" 200 2065
117.131.5.26 - - [03/May/2020:09:03:40 +0800] "GET /xingrg/all/function/internal_message.html?_=1588467834531&CODE_STATE=getMsg HTTP/1.1" 200 27
222.69.137.130 - - [03/May/2020:09:03:46 +0800] "GET /xingrg/kc/buy/cgsh_order_operate.html?command=get_materiel&rest_code=00149&code=00101008205&supplier_code=00100005&order_time=2020-05-03 HTTP/1.1" 200 412
114.84.33.255 - - [03/May/2020:09:03:48 +0800] "GET /xingrg/all/function/internal_message.html?_=1588467824527&CODE_STATE=getMsg HTTP/1.1" 200 27
58.40.7.146 - - [03/May/2020:09:03:50 +0800] "GET /xingrg/all/function/internal_message.html?_=1588467826475&CODE_STATE=getMsg HTTP/1.1" 200 27
222.70.183.62 - - [03/May/2020:09:03:51 +0800] "GET /xingrg/all/function/internal_message.html?_=1588468166997&CODE_STATE=getMsg HTTP/1.1" 200 27
180.162.232.172 - - [03/May/2020:09:03:51 +0800] "GET /xingrg/check_reg.html?_=1588467829202 HTTP/1.1" 200 22
180.162.232.172 - - [03/May/2020:09:03:51 +0800] "GET /xingrg/all/function/internal_message.html?_=1588467829212&CODE_STATE=getMsg HTTP/1.1" 200 27
180.156.150.85 - - [03/May/2020:09:03:53 +0800] "POST /xingrg/kc/buy/cgsh_order_operate.html HTTP/1.1" 200 37
180.156.150.85 - - [03/May/2020:09:03:54 +0800] "POST /xingrg/kc/buy/cgsh_order_operate.html HTTP/1.1" 200 8017
180.156.150.85 - - [03/May/2020:09:03:55 +0800] "GET /xingrg/kc/print/load_config.html?kc_code=cgsh HTTP/1.1" 200 1845
180.156.150.85 - - [03/May/2020:09:03:55 +0800] "GET /xingrg/kc/print/load_data.html?order_code=212020050300788&kc_code=cgsh&condition= HTTP/1.1" 200 2731
114.84.33.255 - - [03/May/2020:09:03:56 +0800] "GET /xingrg/all/function/internal_message.html?_=1588467857836&CODE_STATE=getMsg HTTP/1.1" 200 27
222.69.137.130 - - [03/May/2020:09:03:56 +0800] "GET /xingrg/kc/buy/cgsh_order_operate.html?command=get_materiel&rest_code=00149&code=00101008059&supplier_code=00100005&order_time=2020-05-03 HTTP/1.1" 200 408
180.156.150.85 - - [03/May/2020:09:04:00 +0800] "GET /xingrg/kc/buy/cgsh_order_add.html HTTP/1.1" 200 58196
180.156.150.85 - - [03/May/2020:09:04:00 +0800] "GET /xingrg/javascript/easyui/themes/default/validatebox.css HTTP/1.1" 404 1104
180.156.150.85 - - [03/May/2020:09:04:00 +0800] "POST /xingrg/kc/buy/cgsh_order_operate.html HTTP/1.1" 200 8245
172.17.0.185 - - [03/May/2020:09:04:02 +0800] "GET /xingrg/all/function/internal_message.html?_=1588467837563&CODE_STATE=getMsg HTTP/1.1" 200 27
222.69.137.130 - - [03/May/2020:09:04:13 +0800] "GET /xingrg/kc/buy/cgsh_order_operate.html?command=get_materiel&rest_code=00149&code=00101008223&supplier_code=00100005&order_time=2020-05-03 HTTP/1.1" 200 412
180.156.150.85 - - [03/May/2020:09:04:17 +0800] "GET /xingrg/kc/buy/cgsh_order_operate.html?command=get_materiel&rest_code=00105&code=00101006129&supplier_code=00100013&order_time=2020-05-03 HTTP/1.1" 200 431
222.69.137.130 - - [03/May/2020:09:04:18 +0800] "GET /xingrg/all/function/internal_message.html?_=1588467846050&CODE_STATE=getMsg HTTP/1.1" 200 27
222.69.137.130 - - [03/May/2020:09:04:18 +0800] "POST /xingrg/kc/buy/cgsh_order_operate.html HTTP/1.1" 200 2065
120.253.135.82 - - [03/May/2020:09:04:23 +0800] "GET /xingrg/all/function/internal_message.html?_=1588467995128&CODE_STATE=getMsg HTTP/1.1" 200 27
180.156.150.85 - - [03/May/2020:09:04:23 +0800] "GET /xingrg/all/function/internal_message.html?_=1588467861279&CODE_STATE=getMsg HTTP/1.1" 200 27
172.17.0.108 - - [03/May/2020:09:04:24 +0800] "GET /xingrg/all/function/internal_message.html?_=1588467857361&CODE_STATE=getMsg HTTP/1.1" 200 27
180.161.113.183 - - [03/May/2020:09:04:26 +0800] "GET /xingrg/all/function/internal_message.html?_=1588468055272&CODE_STATE=getMsg HTTP/1.1" 200 27
222.69.137.130 - - [03/May/2020:09:04:30 +0800] "GET /xingrg/kc/buy/cgsh_order_operate.html?command=get_materiel&rest_code=00149&code=00101008161&supplier_code=00100005&order_time=2020-05-03 HTTP/1.1" 200 409
172.17.0.112 - - [03/May/2020:09:04:31 +0800] "GET /xingrg/all/function/internal_message.html?_=1588467868862&CODE_STATE=getMsg HTTP/1.1" 200 27
180.156.150.85 - - [03/May/2020:09:04:33 +0800] "GET /xingrg/kc/buy/cgsh_order_operate.html?command=get_materiel&rest_code=00105&code=00101006055&supplier_code=00100013&order_time=2020-05-03 HTTP/1.1" 200 409
117.131.5.26 - - [03/May/2020:09:04:34 +0800] "GET /xingrg/check_reg.html?_=1588467888125 HTTP/1.1" 200 22
117.131.5.26 - - [03/May/2020:09:04:40 +0800] "GET /xingrg/all/function/internal_message.html?_=1588467894531&CODE_STATE=getMsg HTTP/1.1" 200 27
180.156.150.85 - - [03/May/2020:09:04:43 +0800] "GET /xingrg/kc/buy/cgsh_order_operate.html?command=get_materiel&rest_code=00105&code=00101006115&supplier_code=00100013&order_time=2020-05-03 HTTP/1.1" 200 409
222.69.137.130 - - [03/May/2020:09:04:48 +0800] "GET /xingrg/kc/buy/cgsh_order_operate.html?command=get_materiel&rest_code=00149&code=00101008357&supplier_code=00100005&order_time=2020-05-03 HTTP/1.1" 200 408
114.84.33.255 - - [03/May/2020:09:04:48 +0800] "GET /xingrg/all/function/internal_message.html?_=1588467884540&CODE_STATE=getMsg HTTP/1.1" 200 27
58.40.7.146 - - [03/May/2020:09:04:50 +0800] "GET /xingrg/check_reg.html?_=1588467886462 HTTP/1.1" 200 22
58.40.7.146 - - [03/May/2020:09:04:50 +0800] "GET /xingrg/all/function/internal_message.html?_=1588467886464&CODE_STATE=getMsg HTTP/1.1" 200 27
222.70.183.62 - - [03/May/2020:09:04:51 +0800] "GET /xingrg/all/function/internal_message.html?_=1588468226997&CODE_STATE=getMsg HTTP/1.1" 200 27
180.162.232.172 - - [03/May/2020:09:04:51 +0800] "GET /xingrg/all/function/internal_message.html?_=1588467889218&CODE_STATE=getMsg HTTP/1.1" 200 27
172.17.0.182 - - [03/May/2020:09:04:52 +0800] "GET /favicon.ico HTTP/1.1" 404 -
114.84.33.255 - - [03/May/2020:09:04:56 +0800] "GET /xingrg/all/function/internal_message.html?_=1588467918088&CODE_STATE=getMsg HTTP/1.1" 200 27
180.156.150.85 - - [03/May/2020:09:04:57 +0800] "GET /xingrg/kc/buy/cgsh_order_operate.html?command=get_materiel&rest_code=00105&code=00101006195&supplier_code=00100013&order_time=2020-05-03 HTTP/1.1" 200 409
222.69.137.130 - - [03/May/2020:09:04:57 +0800] "GET /xingrg/kc/buy/cgsh_order_operate.html?command=get_materiel&rest_code=00149&code=00101008286&supplier_code=00100005&order_time=2020-05-03 HTTP/1.1" 200 408
172.17.0.185 - - [03/May/2020:09:05:02 +0800] "GET /xingrg/all/function/internal_message.html?_=1588467897568&CODE_STATE=getMsg HTTP/1.1" 200 27
222.69.137.130 - - [03/May/2020:09:05:09 +0800] "GET /xingrg/kc/buy/cgsh_order_operate.html?command=get_materiel&rest_code=00149&code=00101008036&supplier_code=00100005&order_time=2020-05-03 HTTP/1.1" 200 408
222.69.137.130 - - [03/May/2020:09:05:18 +0800] "GET /xingrg/all/function/internal_message.html?_=1588467906028&CODE_STATE=getMsg HTTP/1.1" 200 27
120.253.135.82 - - [03/May/2020:09:05:23 +0800] "GET /xingrg/all/function/internal_message.html?_=1588468055142&CODE_STATE=getMsg HTTP/1.1" 200 27
180.156.150.85 - - [03/May/2020:09:05:23 +0800] "GET /xingrg/all/function/internal_message.html?_=1588467921308&CODE_STATE=getMsg HTTP/1.1" 200 27
172.17.0.108 - - [03/May/2020:09:05:24 +0800] "GET /xingrg/all/function/internal_message.html?_=1588467917328&CODE_STATE=getMsg HTTP/1.1" 200 27
222.69.137.130 - - [03/May/2020:09:05:25 +0800] "GET /xingrg/kc/buy/cgsh_order_operate.html?command=get_materiel&rest_code=00149&code=00101008098&supplier_code=00100005&order_time=2020-05-03 HTTP/1.1" 200 412
180.161.113.183 - - [03/May/2020:09:05:26 +0800] "GET /xingrg/check_reg.html?_=1588468115206 HTTP/1.1" 200 22
180.161.113.183 - - [03/May/2020:09:05:26 +0800] "GET /xingrg/all/function/internal_message.html?_=1588468115286&CODE_STATE=getMsg HTTP/1.1" 200 27
116.228.172.94 - - [03/May/2020:09:05:29 +0800] "GET /xingrg/login.html HTTP/1.1" 200 7641
116.228.172.94 - - [03/May/2020:09:05:31 +0800] "GET /favicon.ico HTTP/1.1" 404 -
172.17.0.112 - - [03/May/2020:09:05:31 +0800] "GET /xingrg/all/function/internal_message.html?_=1588467928849&CODE_STATE=getMsg HTTP/1.1" 200 27
116.228.172.94 - - [03/May/2020:09:05:32 +0800] "POST /xingrg/login.do HTTP/1.1" 302 -
116.228.172.94 - - [03/May/2020:09:05:33 +0800] "GET /xingrg/index.html?sysBaseUrl=http%3A%2F%2F180.169.147.146%3A18081%2Fxingrg%2F&costTime=113×tamp=1588467932967 HTTP/1.1" 200 17179
116.228.172.94 - - [03/May/2020:09:05:33 +0800] "GET /xingrg/javascript/jquery_easy_ui/themes/default/easyui.css HTTP/1.1" 304 -
116.228.172.94 - - [03/May/2020:09:05:33 +0800] "GET /xingrg/javascript/jquery_easy_ui/themes/icon.css HTTP/1.1" 304 -
116.228.172.94 - - [03/May/2020:09:05:33 +0800] "GET /xingrg/css/form.css HTTP/1.1" 304 -
116.228.172.94 - - [03/May/2020:09:05:33 +0800] "GET /xingrg/javascript/jquery_easy_ui/easyui-lang-zh_CN.js HTTP/1.1" 304 -
116.228.172.94 - - [03/May/2020:09:05:33 +0800] "GET /xingrg/javascript/jquery-1.4.2.min.js HTTP/1.1" 304 -
116.228.172.94 - - [03/May/2020:09:05:33 +0800] "GET /xingrg/javascript/jquery_easy_ui/jquery.easyui.min.js HTTP/1.1" 304 -
116.228.172.94 - - [03/May/2020:09:05:33 +0800] "GET /xingrg/javascript/jquery.utils.js HTTP/1.1" 304 -
116.228.172.94 - - [03/May/2020:09:05:33 +0800] "GET /xingrg/javascript/jquery.timers.js HTTP/1.1" 304 -
116.228.172.94 - - [03/May/2020:09:05:33 +0800] "GET /xingrg/javascript/jquery.form.js HTTP/1.1" 304 -
116.228.172.94 - - [03/May/2020:09:05:34 +0800] "GET /favicon.ico HTTP/1.1" 404 -
116.228.172.94 - - [03/May/2020:09:05:34 +0800] "POST /xingrg/all/common/load_tree.html?tree=area_rest_tree_json&manage=1 HTTP/1.1" 200 476
116.228.172.94 - - [03/May/2020:09:05:34 +0800] "GET /xingrg/all/function/internal_message.html?_=1588467150879&CODE_STATE=count HTTP/1.1" 200 11
116.228.172.94 - - [03/May/2020:09:05:34 +0800] "GET /xingrg/check_reg.html?_=1588467150880 HTTP/1.1" 200 22
116.228.172.94 - - [03/May/2020:09:05:34 +0800] "POST /xingrg/load_menu.html HTTP/1.1" 200 5138
116.228.172.94 - - [03/May/2020:09:05:38 +0800] "GET /xingrg/kc/buy/cgsh_order_list.html HTTP/1.1" 200 42587
116.228.172.94 - - [03/May/2020:09:05:38 +0800] "GET /xingrg/css/site.css HTTP/1.1" 304 -
116.228.172.94 - - [03/May/2020:09:05:38 +0800] "GET /xingrg/css/base.css HTTP/1.1" 304 -
116.228.172.94 - - [03/May/2020:09:05:38 +0800] "GET /xingrg/javascript/jquery_tools/datebox.css HTTP/1.1" 304 -
116.228.172.94 - - [03/May/2020:09:05:38 +0800] "GET /xingrg/javascript/easyui/themes/default/easyui.css HTTP/1.1" 304 -
116.228.172.94 - - [03/May/2020:09:05:38 +0800] "GET /xingrg/javascript/easyui/themes/icon.css HTTP/1.1" 304 -
116.228.172.94 - - [03/May/2020:09:05:38 +0800] "GET /xingrg/javascript/jquery_tools/fix.css HTTP/1.1" 304 -
116.228.172.94 - - [03/May/2020:09:05:38 +0800] "GET /xingrg/javascript/auto/jquery.autocomplete.css HTTP/1.1" 304 -
116.228.172.94 - - [03/May/2020:09:05:38 +0800] "GET /xingrg/javascript/jquery_tools/table.css HTTP/1.1" 304 -
116.228.172.94 - - [03/May/2020:09:05:38 +0800] "GET /xingrg/javascript/jquery_tools/jquery.tools.min.js HTTP/1.1" 304 -
116.228.172.94 - - [03/May/2020:09:05:38 +0800] "GET /xingrg/javascript/jquery_tools/jquery.tools.extend.js HTTP/1.1" 304 -
116.228.172.94 - - [03/May/2020:09:05:38 +0800] "GET /xingrg/javascript/jquery_tools/jquery.tools.hotkey.js HTTP/1.1" 304 -
116.228.172.94 - - [03/May/2020:09:05:38 +0800] "GET /xingrg/javascript/jquery_tools/jquery.tools.table.js HTTP/1.1" 304 -
116.228.172.94 - - [03/May/2020:09:05:38 +0800] "GET /xingrg/javascript/jquery_tools/list_manager.js HTTP/1.1" 304 -
116.228.172.94 - - [03/May/2020:09:05:38 +0800] "GET /xingrg/javascript/auto/jquery.autocomplete.js HTTP/1.1" 304 -
116.228.172.94 - - [03/May/2020:09:05:38 +0800] "GET /xingrg/javascript/easyui/easyloader.js HTTP/1.1" 304 -
116.228.172.94 - - [03/May/2020:09:05:38 +0800] "GET /xingrg/javascript/jquery.cookie.js HTTP/1.1" 304 -
116.228.172.94 - - [03/May/2020:09:05:38 +0800] "GET /xingrg/javascript/print/LodopFuncs.js HTTP/1.1" 304 -
116.228.172.94 - - [03/May/2020:09:05:40 +0800] "GET /xingrg/javascript/easyui/plugins/jquery.parser.js HTTP/1.1" 304 -
117.131.5.26 - - [03/May/2020:09:05:40 +0800] "GET /xingrg/all/function/internal_message.html?_=1588467954531&CODE_STATE=getMsg HTTP/1.1" 200 27
222.69.137.130 - - [03/May/2020:09:05:41 +0800] "POST /xingrg/kc/buy/cgsh_order_operate.html HTTP/1.1" 200 2065
180.156.150.85 - - [03/May/2020:09:05:41 +0800] "GET /xingrg/kc/buy/cgsh_order_operate.html?command=get_materiel&rest_code=00105&code=00101006112&supplier_code=00100013&order_time=2020-05-03 HTTP/1.1" 200 409
116.228.172.94 - - [03/May/2020:09:05:42 +0800] "POST /xingrg/kc/buy/cgsh_list_operate.html HTTP/1.1" 200 1688
116.228.172.94 - - [03/May/2020:09:05:45 +0800] "POST /xingrg/kc/buy/cgsh_list_operate.html HTTP/1.1" 200 561
222.69.137.130 - - [03/May/2020:09:05:45 +0800] "GET /xingrg/kc/buy/cgsh_order_operate.html?command=get_materiel&rest_code=00149&code=00101008005&supplier_code=00100005&order_time=2020-05-03 HTTP/1.1" 200 412
116.228.172.94 - - [03/May/2020:09:05:46 +0800] "GET /xingrg/javascript/pic_change.js HTTP/1.1" 304 -
116.228.172.94 - - [03/May/2020:09:05:46 +0800] "GET /xingrg/javascript/jquery_tools/order_manager.js HTTP/1.1" 304 -
116.228.172.94 - - [03/May/2020:09:05:46 +0800] "GET /xingrg/javascript/convert.js HTTP/1.1" 304 -
116.228.172.94 - - [03/May/2020:09:05:46 +0800] "GET /xingrg/javascript/json2.js HTTP/1.1" 304 -
116.228.172.94 - - [03/May/2020:09:05:46 +0800] "GET /xingrg/kc/buy/cgsh_order_info.html?code=212020050300787 HTTP/1.1" 200 58258
116.228.172.94 - - [03/May/2020:09:05:46 +0800] "GET /xingrg/javascript/print/kc_print.js HTTP/1.1" 304 -
116.228.172.94 - - [03/May/2020:09:05:46 +0800] "GET /xingrg/words/20200502163951_words.js HTTP/1.1" 304 -
116.228.172.94 - - [03/May/2020:09:05:47 +0800] "GET /xingrg/all/common/auto_word.html?type=employee&rest_code=00107 HTTP/1.1" 200 197
116.228.172.94 - - [03/May/2020:09:05:47 +0800] "GET /xingrg/all/common/auto_word.html?type=employee&rest_code=00107 HTTP/1.1" 200 197
116.228.172.94 - - [03/May/2020:09:05:47 +0800] "GET /xingrg/javascript/easyui/themes/default/validatebox.css HTTP/1.1" 404 1104
116.228.172.94 - - [03/May/2020:09:05:47 +0800] "GET /xingrg/javascript/easyui/plugins/jquery.validatebox.js HTTP/1.1" 304 -
116.228.172.94 - - [03/May/2020:09:05:47 +0800] "GET /xingrg/javascript/easyui/plugins/jquery.numberbox.js HTTP/1.1" 304 -
116.228.172.94 - - [03/May/2020:09:05:47 +0800] "POST /xingrg/kc/buy/cgsh_order_operate.html HTTP/1.1" 200 6772
180.156.150.85 - - [03/May/2020:09:05:48 +0800] "GET /xingrg/kc/buy/cgsh_order_operate.html?command=get_materiel&rest_code=00105&code=00101010136&supplier_code=00100013&order_time=2020-05-03 HTTP/1.1" 200 408
114.84.33.255 - - [03/May/2020:09:05:48 +0800] "GET /xingrg/all/function/internal_message.html?_=1588467944556&CODE_STATE=getMsg HTTP/1.1" 200 27
58.40.7.146 - - [03/May/2020:09:05:50 +0800] "GET /xingrg/all/function/internal_message.html?_=1588467946466&CODE_STATE=getMsg HTTP/1.1" 200 27
117.131.5.26 - - [03/May/2020:09:05:50 +0800] "GET /xingrg/check_reg.html?_=1588467964234 HTTP/1.1" 200 22
222.70.183.62 - - [03/May/2020:09:05:51 +0800] "GET /xingrg/all/function/internal_message.html?_=1588468286996&CODE_STATE=getMsg HTTP/1.1" 200 27
116.228.172.94 - - [03/May/2020:09:05:51 +0800] "GET /xingrg/javascript/auto/indicator.gif HTTP/1.1" 404 1066
180.162.232.172 - - [03/May/2020:09:05:51 +0800] "GET /xingrg/all/function/internal_message.html?_=1588467949197&CODE_STATE=getMsg HTTP/1.1" 200 27
114.84.33.255 - - [03/May/2020:09:05:56 +0800] "GET /xingrg/all/function/internal_message.html?_=1588467978094&CODE_STATE=getMsg HTTP/1.1" 200 27
116.228.172.94 - - [03/May/2020:09:05:58 +0800] "GET /xingrg/kc/buy/cgsh_order_operate.html?command=get_materiel&rest_code=00107&code=00101008283&supplier_code=00100006&order_time=2020-05-03 HTTP/1.1" 200 408
222.69.137.130 - - [03/May/2020:09:06:02 +0800] "GET /xingrg/kc/buy/cgsh_order_operate.html?command=get_materiel&rest_code=00149&code=00101008353&supplier_code=00100005&order_time=2020-05-03 HTTP/1.1" 200 408
172.17.0.185 - - [03/May/2020:09:06:02 +0800] "GET /xingrg/all/function/internal_message.html?_=1588467957574&CODE_STATE=getMsg HTTP/1.1" 200 27
180.162.232.172 - - [03/May/2020:09:06:06 +0800] "GET /xingrg/kc/buy/cgsh_order_operate.html?command=get_materiel&rest_code=00150&code=00101008098&supplier_code=00100007&order_time=2020-05-03 HTTP/1.1" 200 412
116.228.172.94 - - [03/May/2020:09:06:07 +0800] "GET /xingrg/kc/buy/cgsh_order_operate.html?command=get_materiel&rest_code=00107&code=00101008185&supplier_code=00100006&order_time=2020-05-03 HTTP/1.1" 200 408
180.156.150.85 - - [03/May/2020:09:06:10 +0800] "GET /xingrg/kc/buy/cgsh_order_operate.html?command=get_materiel&rest_code=00105&code=00101006109&supplier_code=00100013&order_time=2020-05-03 HTTP/1.1" 200 409
116.228.172.94 - - [03/May/2020:09:06:14 +0800] "GET /xingrg/kc/buy/cgsh_order_operate.html?command=get_materiel&rest_code=00107&code=00101008067&supplier_code=00100006&order_time=2020-05-03 HTTP/1.1" 200 418
180.162.232.172 - - [03/May/2020:09:06:16 +0800] "GET /xingrg/kc/buy/cgsh_order_operate.html?command=get_materiel&rest_code=00150&code=00101008005&supplier_code=00100007&order_time=2020-05-03 HTTP/1.1" 200 412
222.69.137.130 - - [03/May/2020:09:06:18 +0800] "GET /xingrg/all/function/internal_message.html?_=1588467974475&CODE_STATE=getMsg HTTP/1.1" 200 27
120.253.135.82 - - [03/May/2020:09:06:23 +0800] "GET /xingrg/all/function/internal_message.html?_=1588468115157&CODE_STATE=getMsg HTTP/1.1" 200 27
180.162.232.172 - - [03/May/2020:09:06:23 +0800] "GET /xingrg/kc/buy/cgsh_order_operate.html?command=get_materiel&rest_code=00150&code=00101008271&supplier_code=00100007&order_time=2020-05-03 HTTP/1.1" 200 408
180.156.150.85 - - [03/May/2020:09:06:23 +0800] "GET /xingrg/all/function/internal_message.html?_=1588467981325&CODE_STATE=getMsg HTTP/1.1" 200 27
116.228.172.94 - - [03/May/2020:09:06:24 +0800] "GET /xingrg/kc/buy/cgsh_order_operate.html?command=get_materiel&rest_code=00107&code=00101008356&supplier_code=00100006&order_time=2020-05-03 HTTP/1.1" 200 408
172.17.0.108 - - [03/May/2020:09:06:24 +0800] "GET /xingrg/all/function/internal_message.html?_=1588467977296&CODE_STATE=getMsg HTTP/1.1" 200 27
180.162.232.172 - - [03/May/2020:09:06:26 +0800] "POST /xingrg/kc/buy/cgsh_order_operate.html HTTP/1.1" 200 2065
180.161.113.183 - - [03/May/2020:09:06:26 +0800] "GET /xingrg/all/function/internal_message.html?_=1588468175350&CODE_STATE=getMsg HTTP/1.1" 200 27
180.156.150.85 - - [03/May/2020:09:06:27 +0800] "GET /xingrg/kc/buy/cgsh_order_operate.html?command=get_materiel&rest_code=00105&code=00101006133&supplier_code=00100013&order_time=2020-05-03 HTTP/1.1" 200 413
116.228.172.94 - - [03/May/2020:09:06:28 +0800] "POST /xingrg/kc/buy/cgsh_order_operate.html HTTP/1.1" 200 2065
180.162.232.172 - - [03/May/2020:09:06:30 +0800] "GET /xingrg/kc/buy/cgsh_order_operate.html?command=get_materiel&rest_code=00150&code=00101008353&supplier_code=00100007&order_time=2020-05-03 HTTP/1.1" 200 408
172.17.0.112 - - [03/May/2020:09:06:31 +0800] "GET /xingrg/all/function/internal_message.html?_=1588467988852&CODE_STATE=getMsg HTTP/1.1" 200 27
172.17.0.112 - - [03/May/2020:09:06:31 +0800] "GET /xingrg/check_reg.html?_=1588467988854 HTTP/1.1" 200 22
116.228.172.94 - - [03/May/2020:09:06:32 +0800] "GET /xingrg/kc/buy/cgsh_order_operate.html?command=get_materiel&rest_code=00107&code=00101008415&supplier_code=00100006&order_time=2020-05-03 HTTP/1.1" 200 398
116.228.172.94 - - [03/May/2020:09:06:34 +0800] "GET /xingrg/all/function/internal_message.html?_=1588467210892&CODE_STATE=getMsg HTTP/1.1" 200 27
180.156.150.85 - - [03/May/2020:09:06:36 +0800] "GET /xingrg/kc/buy/cgsh_order_operate.html?command=get_materiel&rest_code=00105&code=00101006177&supplier_code=00100013&order_time=2020-05-03 HTTP/1.1" 200 409
180.162.232.172 - - [03/May/2020:09:06:37 +0800] "GET /xingrg/kc/buy/cgsh_order_operate.html?command=get_materiel&rest_code=00150&code=00101008095&supplier_code=00100007&order_time=2020-05-03 HTTP/1.1" 200 412
116.228.172.94 - - [03/May/2020:09:06:40 +0800] "GET /xingrg/kc/buy/cgsh_order_operate.html?command=get_materiel&rest_code=00107&code=00101008137&supplier_code=00100006&order_time=2020-05-03 HTTP/1.1" 200 408
117.131.5.26 - - [03/May/2020:09:06:40 +0800] "GET /xingrg/all/function/internal_message.html?_=1588468014546&CODE_STATE=getMsg HTTP/1.1" 200 27
180.162.232.172 - - [03/May/2020:09:06:44 +0800] "GET /xingrg/kc/buy/cgsh_order_operate.html?command=get_materiel&rest_code=00150&code=00101008221&supplier_code=00100007&order_time=2020-05-03 HTTP/1.1" 200 412
116.228.172.94 - - [03/May/2020:09:06:47 +0800] "GET /xingrg/kc/buy/cgsh_order_operate.html?command=get_materiel&rest_code=00107&code=00101008225&supplier_code=00100006&order_time=2020-05-03 HTTP/1.1" 200 416
114.84.33.255 - - [03/May/2020:09:06:48 +0800] "GET /xingrg/all/function/internal_message.html?_=1588468004569&CODE_STATE=getMsg HTTP/1.1" 200 27
180.156.150.85 - - [03/May/2020:09:06:50 +0800] "GET /xingrg/kc/buy/cgsh_order_operate.html?command=get_materiel&rest_code=00105&code=00101006174&supplier_code=00100013&order_time=2020-05-03 HTTP/1.1" 200 415
180.162.232.172 - - [03/May/2020:09:06:50 +0800] "GET /xingrg/kc/buy/cgsh_order_operate.html?command=get_materiel&rest_code=00150&code=00101008283&supplier_code=00100007&order_time=2020-05-03 HTTP/1.1" 200 408
58.40.7.146 - - [03/May/2020:09:06:50 +0800] "GET /xingrg/all/function/internal_message.html?_=1588468006469&CODE_STATE=getMsg HTTP/1.1" 200 27
222.70.183.62 - - [03/May/2020:09:06:51 +0800] "GET /xingrg/all/function/internal_message.html?_=1588468346994&CODE_STATE=getMsg HTTP/1.1" 200 27
180.162.232.172 - - [03/May/2020:09:06:51 +0800] "GET /xingrg/all/function/internal_message.html?_=1588468009208&CODE_STATE=getMsg HTTP/1.1" 200 27
116.228.172.94 - - [03/May/2020:09:06:53 +0800] "GET /xingrg/kc/buy/cgsh_order_operate.html?command=get_materiel&rest_code=00107&code=00101008296&supplier_code=00100006&order_time=2020-05-03 HTTP/1.1" 200 416
222.69.137.130 - - [03/May/2020:09:06:55 +0800] "GET /xingrg/kc/buy/cgsh_order_operate.html?command=get_materiel&rest_code=00149&code=00101008213&supplier_code=00100005&order_time=2020-05-03 HTTP/1.1" 200 412
114.84.33.255 - - [03/May/2020:09:06:56 +0800] "GET /xingrg/all/function/internal_message.html?_=1588468038348&CODE_STATE=getMsg HTTP/1.1" 200 27
180.156.150.85 - - [03/May/2020:09:06:57 +0800] "GET /xingrg/kc/buy/cgsh_order_operate.html?command=get_materiel&rest_code=00105&code=00101010248&supplier_code=00100013&order_time=2020-05-03 HTTP/1.1" 200 430
180.156.150.85 - - [03/May/2020:09:06:58 +0800] "POST /xingrg/all/common/load_select.html HTTP/1.1" 200 25
114.84.32.201 - - [03/May/2020:09:07:00 +0800] "GET /xingrg/check_reg.html?_=1588468016919 HTTP/1.1" 200 22
180.162.232.172 - - [03/May/2020:09:07:01 +0800] "GET /xingrg/kc/buy/cgsh_order_operate.html?command=get_materiel&rest_code=00150&code=00101008298&supplier_code=00100007&order_time=2020-05-03 HTTP/1.1" 200 431
180.156.150.85 - - [03/May/2020:09:07:01 +0800] "GET /xingrg/kc/buy/cgsh_order_operate.html?command=get_materiel_price&rest_code=00105&code=00101010248&unit_code=00100043&supplier_code=00100013&order_time=2020-05-03 HTTP/1.1" 200 29
172.17.0.185 - - [03/May/2020:09:07:02 +0800] "GET /xingrg/all/function/internal_message.html?_=1588468017567&CODE_STATE=getMsg HTTP/1.1" 200 27
180.162.232.172 - - [03/May/2020:09:07:03 +0800] "POST /xingrg/kc/buy/cgsh_order_operate.html HTTP/1.1" 200 2065
116.228.172.94 - - [03/May/2020:09:07:06 +0800] "GET /xingrg/kc/buy/cgsh_order_operate.html?command=get_materiel&rest_code=00107&code=00101008213&supplier_code=00100006&order_time=2020-05-03 HTTP/1.1" 200 412
116.228.172.94 - - [03/May/2020:09:07:09 +0800] "POST /xingrg/kc/buy/cgsh_order_operate.html HTTP/1.1" 200 2065
116.228.172.94 - - [03/May/2020:09:07:12 +0800] "GET /xingrg/kc/buy/cgsh_order_operate.html?command=get_materiel&rest_code=00107&code=00101008125&supplier_code=00100006&order_time=2020-05-03 HTTP/1.1" 200 413
180.161.113.183 - - [03/May/2020:09:07:14 +0800] "GET /xingrg/kc/buy/cgsh_order_operate.html?command=get_materiel&rest_code=00102&code=00101008299&supplier_code=00100008&order_time=2020-05-03 HTTP/1.1" 200 412
222.69.137.130 - - [03/May/2020:09:07:18 +0800] "GET /xingrg/check_reg.html?_=1588468034513 HTTP/1.1" 200 22
222.69.137.130 - - [03/May/2020:09:07:18 +0800] "GET /xingrg/all/function/internal_message.html?_=1588468034518&CODE_STATE=getMsg HTTP/1.1" 200 27
180.156.150.85 - - [03/May/2020:09:07:20 +0800] "GET /xingrg/kc/buy/cgsh_order_operate.html?command=get_materiel&rest_code=00105&code=00101006104&supplier_code=00100013&order_time=2020-05-03 HTTP/1.1" 200 409
222.69.137.130 - - [03/May/2020:09:07:21 +0800] "POST /xingrg/kc/buy/cgsh_order_operate.html HTTP/1.1" 200 2065
116.228.172.94 - - [03/May/2020:09:07:22 +0800] "GET /xingrg/kc/buy/cgsh_order_operate.html?command=get_materiel&rest_code=00107&code=00101008215&supplier_code=00100006&order_time=2020-05-03 HTTP/1.1" 200 413
120.253.135.82 - - [03/May/2020:09:07:23 +0800] "GET /xingrg/all/function/internal_message.html?_=1588468175169&CODE_STATE=getMsg HTTP/1.1" 200 27
180.156.150.85 - - [03/May/2020:09:07:23 +0800] "GET /xingrg/all/function/internal_message.html?_=1588468041281&CODE_STATE=getMsg HTTP/1.1" 200 27
180.156.150.85 - - [03/May/2020:09:07:23 +0800] "GET /xingrg/check_reg.html?_=1588468041285 HTTP/1.1" 200 22
114.84.33.255 - - [03/May/2020:09:07:23 +0800] "GET /xingrg/check_reg.html?_=1588468065111 HTTP/1.1" 200 22
180.161.113.183 - - [03/May/2020:09:07:24 +0800] "GET /xingrg/kc/buy/cgsh_order_operate.html?command=get_materiel&rest_code=00102&code=00101008257&supplier_code=00100008&order_time=2020-05-03 HTTP/1.1" 200 416
172.17.0.108 - - [03/May/2020:09:07:24 +0800] "GET /xingrg/all/function/internal_message.html?_=1588468037270&CODE_STATE=getMsg HTTP/1.1" 200 27
180.161.113.183 - - [03/May/2020:09:07:26 +0800] "GET /xingrg/all/function/internal_message.html?_=1588468235360&CODE_STATE=getMsg HTTP/1.1" 200 27
222.69.137.130 - - [03/May/2020:09:07:28 +0800] "GET /xingrg/kc/buy/cgsh_order_operate.html?command=get_materiel&rest_code=00149&code=00101008306&supplier_code=00100005&order_time=2020-05-03 HTTP/1.1" 200 412
172.17.0.112 - - [03/May/2020:09:07:31 +0800] "GET /xingrg/all/function/internal_message.html?_=1588468048855&CODE_STATE=getMsg HTTP/1.1" 200 27
180.156.150.85 - - [03/May/2020:09:07:32 +0800] "POST /xingrg/kc/buy/cgsh_order_operate.html HTTP/1.1" 200 37
172.17.0.108 - - [03/May/2020:09:07:32 +0800] "GET /xingrg/check_reg.html?_=1588468045166 HTTP/1.1" 200 22
180.156.150.85 - - [03/May/2020:09:07:33 +0800] "POST /xingrg/kc/buy/cgsh_order_operate.html HTTP/1.1" 200 11009
116.228.172.94 - - [03/May/2020:09:07:33 +0800] "GET /xingrg/kc/buy/cgsh_order_operate.html?command=get_materiel&rest_code=00107&code=00101008350&supplier_code=00100006&order_time=2020-05-03 HTTP/1.1" 200 408
116.228.172.94 - - [03/May/2020:09:07:34 +0800] "GET /xingrg/all/function/internal_message.html?_=1588467270906&CODE_STATE=getMsg HTTP/1.1" 200 27
180.156.150.85 - - [03/May/2020:09:07:35 +0800] "GET /xingrg/kc/print/load_data.html?order_code=212020050300789&kc_code=cgsh&condition= HTTP/1.1" 200 3921
180.156.150.85 - - [03/May/2020:09:07:39 +0800] "GET /xingrg/kc/buy/cgsh_order_add.html HTTP/1.1" 200 58196
180.156.150.85 - - [03/May/2020:09:07:40 +0800] "GET /xingrg/javascript/easyui/themes/default/validatebox.css HTTP/1.1" 404 1104
180.156.150.85 - - [03/May/2020:09:07:40 +0800] "POST /xingrg/kc/buy/cgsh_order_operate.html HTTP/1.1" 200 8245
117.131.5.26 - - [03/May/2020:09:07:40 +0800] "GET /xingrg/all/function/internal_message.html?_=1588468074546&CODE_STATE=getMsg HTTP/1.1" 200 27
180.162.232.172 - - [03/May/2020:09:07:41 +0800] "GET /xingrg/kc/buy/cgsh_order_operate.html?command=get_materiel&rest_code=00150&code=00101008175&supplier_code=00100007&order_time=2020-05-03 HTTP/1.1" 200 412
116.228.172.94 - - [03/May/2020:09:07:45 +0800] "GET /xingrg/kc/buy/cgsh_order_operate.html?command=get_materiel&rest_code=00107&code=00101008112&supplier_code=00100006&order_time=2020-05-03 HTTP/1.1" 200 412
180.161.113.183 - - [03/May/2020:09:07:45 +0800] "GET /xingrg/kc/buy/cgsh_order_operate.html?command=get_materiel&rest_code=00102&code=00101008337&supplier_code=00100008&order_time=2020-05-03 HTTP/1.1" 200 408
58.221.95.50 - - [03/May/2020:09:07:46 +0800] "GET /xingrg/check_reg.html?_=1588468095446 HTTP/1.1" 302 -
58.221.95.50 - - [03/May/2020:09:07:46 +0800] "GET /xingrg/check_reg.html?_=1588468095435 HTTP/1.1" 302 -
58.221.95.50 - - [03/May/2020:09:07:46 +0800] "GET /xingrg/check_reg.html?_=1588468095488 HTTP/1.1" 302 -
58.221.95.50 - - [03/May/2020:09:07:46 +0800] "GET /xingrg/check_reg.html?_=1588468095560 HTTP/1.1" 302 -
114.84.33.255 - - [03/May/2020:09:07:48 +0800] "GET /xingrg/check_reg.html?_=1588468064456 HTTP/1.1" 200 22
114.84.33.255 - - [03/May/2020:09:07:48 +0800] "GET /xingrg/all/function/internal_message.html?_=1588468064581&CODE_STATE=getMsg HTTP/1.1" 200 27
180.162.232.172 - - [03/May/2020:09:07:50 +0800] "GET /xingrg/kc/buy/cgsh_order_operate.html?command=get_materiel&rest_code=00150&code=00101008331&supplier_code=00100007&order_time=2020-05-03 HTTP/1.1" 200 416
58.40.7.146 - - [03/May/2020:09:07:50 +0800] "GET /xingrg/all/function/internal_message.html?_=1588468066473&CODE_STATE=getMsg HTTP/1.1" 200 27
222.69.137.130 - - [03/May/2020:09:07:50 +0800] "GET /xingrg/kc/buy/cgsh_order_operate.html?command=get_materiel&rest_code=00149&code=00101013179&supplier_code=00100005&order_time=2020-05-03 HTTP/1.1" 200 412
222.70.183.62 - - [03/May/2020:09:07:51 +0800] "GET /xingrg/all/function/internal_message.html?_=1588468406992&CODE_STATE=getMsg HTTP/1.1" 200 27
222.70.183.62 - - [03/May/2020:09:07:51 +0800] "GET /xingrg/check_reg.html?_=1588468406993 HTTP/1.1" 200 22
180.162.232.172 - - [03/May/2020:09:07:51 +0800] "GET /xingrg/all/function/internal_message.html?_=1588468069381&CODE_STATE=getMsg HTTP/1.1" 200 27
116.228.172.94 - - [03/May/2020:09:07:52 +0800] "GET /xingrg/kc/buy/cgsh_order_operate.html?command=get_materiel&rest_code=00107&code=00101008223&supplier_code=00100006&order_time=2020-05-03 HTTP/1.1" 200 412
180.156.150.85 - - [03/May/2020:09:07:52 +0800] "GET /xingrg/kc/buy/cgsh_order_operate.html?command=get_materiel&rest_code=00105&code=00101012039&supplier_code=00100034&order_time=2020-05-03 HTTP/1.1" 200 408
114.84.33.255 - - [03/May/2020:09:07:56 +0800] "GET /xingrg/all/function/internal_message.html?_=1588468098354&CODE_STATE=getMsg HTTP/1.1" 200 27
116.228.172.94 - - [03/May/2020:09:07:58 +0800] "POST /xingrg/kc/buy/cgsh_order_operate.html HTTP/1.1" 200 2065
180.161.113.183 - - [03/May/2020:09:07:58 +0800] "GET /xingrg/kc/buy/cgsh_order_operate.html?command=get_materiel&rest_code=00102&code=00101008077&supplier_code=00100008&order_time=2020-05-03 HTTP/1.1" 200 416
116.228.172.94 - - [03/May/2020:09:08:02 +0800] "GET /xingrg/kc/buy/cgsh_order_operate.html?command=get_materiel&rest_code=00107&code=00101008168&supplier_code=00100006&order_time=2020-05-03 HTTP/1.1" 200 413
172.17.0.185 - - [03/May/2020:09:08:02 +0800] "GET /xingrg/all/function/internal_message.html?_=1588468077575&CODE_STATE=getMsg HTTP/1.1" 200 27
172.17.0.185 - - [03/May/2020:09:08:02 +0800] "GET /xingrg/check_reg.html?_=1588468077576 HTTP/1.1" 200 22
180.162.232.172 - - [03/May/2020:09:08:03 +0800] "POST /xingrg/kc/buy/cgsh_order_operate.html HTTP/1.1" 200 2065
180.162.232.172 - - [03/May/2020:09:08:08 +0800] "GET /xingrg/kc/buy/cgsh_order_operate.html?command=get_materiel&rest_code=00150&code=00101008223&supplier_code=00100007&order_time=2020-05-03 HTTP/1.1" 200 412
180.161.113.183 - - [03/May/2020:09:08:09 +0800] "GET /xingrg/kc/buy/cgsh_order_operate.html?command=get_materiel&rest_code=00102&code=00101008080&supplier_code=00100008&order_time=2020-05-03 HTTP/1.1" 200 416
222.69.137.130 - - [03/May/2020:09:08:11 +0800] "GET /xingrg/kc/buy/cgsh_order_operate.html?command=get_materiel&rest_code=00149&code=00101008101&supplier_code=00100005&order_time=2020-05-03 HTTP/1.1" 200 412
116.228.172.94 - - [03/May/2020:09:08:11 +0800] "GET /xingrg/kc/buy/cgsh_order_operate.html?command=get_materiel&rest_code=00107&code=00101008041&supplier_code=00100006&order_time=2020-05-03 HTTP/1.1" 200 408
222.69.137.130 - - [03/May/2020:09:08:18 +0800] "GET /xingrg/all/function/internal_message.html?_=1588468094544&CODE_STATE=getMsg HTTP/1.1" 200 27
116.228.172.94 - - [03/May/2020:09:08:18 +0800] "GET /xingrg/kc/buy/cgsh_order_operate.html?command=get_materiel&rest_code=00107&code=00101008236&supplier_code=00100006&order_time=2020-05-03 HTTP/1.1" 200 416
222.69.137.130 - - [03/May/2020:09:08:21 +0800] "GET /xingrg/kc/buy/cgsh_order_operate.html?command=get_materiel&rest_code=00149&code=00101008010&supplier_code=00100005&order_time=2020-05-03 HTTP/1.1" 200 412
120.253.135.82 - - [03/May/2020:09:08:22 +0800] "GET /xingrg/check_reg.html?_=1588468234188 HTTP/1.1" 200 22
120.253.135.82 - - [03/May/2020:09:08:23 +0800] "GET /xingrg/all/function/internal_message.html?_=1588468235183&CODE_STATE=getMsg HTTP/1.1" 200 27
180.156.150.85 - - [03/May/2020:09:08:23 +0800] "GET /xingrg/all/function/internal_message.html?_=1588468101287&CODE_STATE=getMsg HTTP/1.1" 200 27
172.17.0.108 - - [03/May/2020:09:08:24 +0800] "GET /xingrg/all/function/internal_message.html?_=1588468097248&CODE_STATE=getMsg HTTP/1.1" 200 27
116.228.172.94 - - [03/May/2020:09:08:26 +0800] "GET /xingrg/kc/buy/cgsh_order_operate.html?command=get_materiel&rest_code=00107&code=00101008270&supplier_code=00100006&order_time=2020-05-03 HTTP/1.1" 200 412
180.161.113.183 - - [03/May/2020:09:08:26 +0800] "GET /xingrg/all/function/internal_message.html?_=1588468295374&CODE_STATE=getMsg HTTP/1.1" 200 27
180.156.150.85 - - [03/May/2020:09:08:31 +0800] "GET /xingrg/kc/buy/cgsh_order_operate.html?command=get_materiel&rest_code=00105&code=00101012025&supplier_code=00100034&order_time=2020-05-03 HTTP/1.1" 200 412
172.17.0.112 - - [03/May/2020:09:08:31 +0800] "GET /xingrg/all/function/internal_message.html?_=1588468108858&CODE_STATE=getMsg HTTP/1.1" 200 27
116.228.172.94 - - [03/May/2020:09:08:34 +0800] "GET /xingrg/all/function/internal_message.html?_=1588467330919&CODE_STATE=getMsg HTTP/1.1" 200 27
116.228.172.94 - - [03/May/2020:09:08:35 +0800] "GET /xingrg/kc/buy/cgsh_order_operate.html?command=get_materiel&rest_code=00107&code=00101008072&supplier_code=00100006&order_time=2020-05-03 HTTP/1.1" 200 408
222.69.137.130 - - [03/May/2020:09:08:36 +0800] "GET /xingrg/kc/buy/cgsh_order_operate.html?command=get_materiel&rest_code=00149&code=00101008057&supplier_code=00100005&order_time=2020-05-03 HTTP/1.1" 200 409
116.228.172.94 - - [03/May/2020:09:08:38 +0800] "POST /xingrg/kc/buy/cgsh_order_operate.html HTTP/1.1" 200 2065
117.131.5.26 - - [03/May/2020:09:08:40 +0800] "GET /xingrg/all/function/internal_message.html?_=1588468134546&CODE_STATE=getMsg HTTP/1.1" 200 27
222.69.137.130 - - [03/May/2020:09:08:41 +0800] "POST /xingrg/kc/buy/cgsh_order_operate.html HTTP/1.1" 200 2065
116.228.172.94 - - [03/May/2020:09:08:42 +0800] "GET /xingrg/kc/buy/cgsh_order_operate.html?command=get_materiel&rest_code=00107&code=00101008126&supplier_code=00100006&order_time=2020-05-03 HTTP/1.1" 200 412
180.161.113.183 - - [03/May/2020:09:08:48 +0800] "GET /xingrg/kc/buy/cgsh_order_operate.html?command=get_materiel&rest_code=00102&code=00101008218&supplier_code=00100008&order_time=2020-05-03 HTTP/1.1" 200 412
222.69.137.130 - - [03/May/2020:09:08:48 +0800] "GET /xingrg/kc/buy/cgsh_order_operate.html?command=get_materiel&rest_code=00149&code=00101008225&supplier_code=00100005&order_time=2020-05-03 HTTP/1.1" 200 416
114.84.33.255 - - [03/May/2020:09:08:48 +0800] "GET /xingrg/all/function/internal_message.html?_=1588468124595&CODE_STATE=getMsg HTTP/1.1" 200 27
180.156.150.85 - - [03/May/2020:09:08:49 +0800] "GET /xingrg/kc/buy/cgsh_order_operate.html?command=get_materiel&rest_code=00105&code=00101016030&supplier_code=00100034&order_time=2020-05-03 HTTP/1.1" 200 412
58.40.7.146 - - [03/May/2020:09:08:50 +0800] "GET /xingrg/all/function/internal_message.html?_=1588468126476&CODE_STATE=getMsg HTTP/1.1" 200 27
116.228.172.94 - - [03/May/2020:09:08:50 +0800] "GET /xingrg/kc/buy/cgsh_order_operate.html?command=get_materiel&rest_code=00107&code=00101008355&supplier_code=00100006&order_time=2020-05-03 HTTP/1.1" 200 408
222.70.183.62 - - [03/May/2020:09:08:51 +0800] "GET /xingrg/all/function/internal_message.html?_=1588468466991&CODE_STATE=getMsg HTTP/1.1" 200 27
180.162.232.172 - - [03/May/2020:09:08:51 +0800] "GET /xingrg/check_reg.html?_=1588468129212 HTTP/1.1" 200 22
180.162.232.172 - - [03/May/2020:09:08:51 +0800] "GET /xingrg/all/function/internal_message.html?_=1588468129355&CODE_STATE=getMsg HTTP/1.1" 200 27
114.84.33.255 - - [03/May/2020:09:08:56 +0800] "GET /xingrg/all/function/internal_message.html?_=1588468158368&CODE_STATE=getMsg HTTP/1.1" 200 27
180.156.150.85 - - [03/May/2020:09:08:58 +0800] "GET /xingrg/kc/buy/cgsh_order_operate.html?command=get_materiel&rest_code=00105&code=00101012051&supplier_code=00100034&order_time=2020-05-03 HTTP/1.1" 200 408
180.161.113.183 - - [03/May/2020:09:08:59 +0800] "GET /xingrg/kc/buy/cgsh_order_operate.html?command=get_materiel&rest_code=00102&code=00101008350&supplier_code=00100008&order_time=2020-05-03 HTTP/1.1" 200 410
222.69.137.130 - - [03/May/2020:09:09:01 +0800] "GET /xingrg/kc/buy/cgsh_order_operate.html?command=get_materiel&rest_code=00149&code=00101008095&supplier_code=00100005&order_time=2020-05-03 HTTP/1.1" 200 412
172.17.0.185 - - [03/May/2020:09:09:02 +0800] "GET /xingrg/all/function/internal_message.html?_=1588468137578&CODE_STATE=getMsg HTTP/1.1" 200 27
180.161.113.183 - - [03/May/2020:09:09:11 +0800] "GET /xingrg/kc/buy/cgsh_order_operate.html?command=get_materiel&rest_code=00102&code=00101008185&supplier_code=00100008&order_time=2020-05-03 HTTP/1.1" 200 408
116.228.172.94 - - [03/May/2020:09:09:11 +0800] "POST /xingrg/kc/buy/cgsh_order_operate.html HTTP/1.1" 200 37
180.156.150.85 - - [03/May/2020:09:09:12 +0800] "GET /xingrg/kc/buy/cgsh_order_operate.html?command=get_materiel&rest_code=00105&code=00101016017&supplier_code=00100034&order_time=2020-05-03 HTTP/1.1" 200 408
116.228.172.94 - - [03/May/2020:09:09:13 +0800] "POST /xingrg/kc/buy/cgsh_order_operate.html HTTP/1.1" 200 19218
222.69.137.130 - - [03/May/2020:09:09:14 +0800] "GET /xingrg/kc/buy/cgsh_order_operate.html?command=get_materiel&rest_code=00149&code=00101008110&supplier_code=00100005&order_time=2020-05-03 HTTP/1.1" 200 408
222.69.137.130 - - [03/May/2020:09:09:18 +0800] "GET /xingrg/all/function/internal_message.html?_=1588468154519&CODE_STATE=getMsg HTTP/1.1" 200 27
180.162.232.172 - - [03/May/2020:09:09:21 +0800] "GET /xingrg/kc/buy/cgsh_order_operate.html?command=get_materiel&rest_code=00150&code=00101008041&supplier_code=00100007&order_time=2020-05-03 HTTP/1.1" 200 408
180.161.113.183 - - [03/May/2020:09:09:22 +0800] "GET /xingrg/kc/buy/cgsh_order_operate.html?command=get_materiel&rest_code=00102&code=00101008028&supplier_code=00100008&order_time=2020-05-03 HTTP/1.1" 200 412
120.253.135.82 - - [03/May/2020:09:09:23 +0800] "GET /xingrg/all/function/internal_message.html?_=1588468295195&CODE_STATE=getMsg HTTP/1.1" 200 27
180.156.150.85 - - [03/May/2020:09:09:23 +0800] "GET /xingrg/all/function/internal_message.html?_=1588468161325&CODE_STATE=getMsg HTTP/1.1" 200 27
180.156.150.85 - - [03/May/2020:09:09:24 +0800] "GET /xingrg/kc/buy/cgsh_order_operate.html?command=get_materiel&rest_code=00105&code=00101012029&supplier_code=00100034&order_time=2020-05-03 HTTP/1.1" 200 414
