172.17.0.108 - - [03/May/2020:09:09:24 +0800] "GET /xingrg/all/function/internal_message.html?_=1588468157226&CODE_STATE=getMsg HTTP/1.1" 200 27
180.161.113.183 - - [03/May/2020:09:09:26 +0800] "GET /xingrg/all/function/internal_message.html?_=1588468355387&CODE_STATE=getMsg HTTP/1.1" 200 27
180.162.232.172 - - [03/May/2020:09:09:30 +0800] "POST /xingrg/kc/buy/cgsh_order_operate.html HTTP/1.1" 200 2065
172.17.0.112 - - [03/May/2020:09:09:31 +0800] "GET /xingrg/all/function/internal_message.html?_=1588468168861&CODE_STATE=getMsg HTTP/1.1" 200 27
117.131.5.26 - - [03/May/2020:09:09:34 +0800] "GET /xingrg/check_reg.html?_=1588468188125 HTTP/1.1" 200 22
180.161.113.183 - - [03/May/2020:09:09:34 +0800] "GET /xingrg/kc/buy/cgsh_order_operate.html?command=get_materiel&rest_code=00102&code=00101008351&supplier_code=00100008&order_time=2020-05-03 HTTP/1.1" 200 423
116.228.172.94 - - [03/May/2020:09:09:34 +0800] "GET /xingrg/all/function/internal_message.html?_=1588467390933&CODE_STATE=getMsg HTTP/1.1" 200 27
180.162.232.172 - - [03/May/2020:09:09:38 +0800] "GET /xingrg/kc/buy/cgsh_order_operate.html?command=get_materiel&rest_code=00150&code=00101008061&supplier_code=00100007&order_time=2020-05-03 HTTP/1.1" 200 422
222.69.137.130 - - [03/May/2020:09:09:39 +0800] "GET /xingrg/kc/buy/cgsh_order_operate.html?command=get_materiel&rest_code=00149&code=00101008041&supplier_code=00100005&order_time=2020-05-03 HTTP/1.1" 200 408
117.131.5.26 - - [03/May/2020:09:09:40 +0800] "GET /xingrg/all/function/internal_message.html?_=1588468194562&CODE_STATE=getMsg HTTP/1.1" 200 27
222.69.137.130 - - [03/May/2020:09:09:43 +0800] "POST /xingrg/kc/buy/cgsh_order_operate.html HTTP/1.1" 200 2065
180.161.113.183 - - [03/May/2020:09:09:44 +0800] "GET /xingrg/kc/buy/cgsh_order_operate.html?command=get_materiel&rest_code=00102&code=00101008026&supplier_code=00100008&order_time=2020-05-03 HTTP/1.1" 200 408
114.84.33.255 - - [03/May/2020:09:09:48 +0800] "GET /xingrg/all/function/internal_message.html?_=1588468184608&CODE_STATE=getMsg HTTP/1.1" 200 27
222.69.137.130 - - [03/May/2020:09:09:49 +0800] "GET /xingrg/kc/buy/cgsh_order_operate.html?command=get_materiel&rest_code=00149&code=00101008285&supplier_code=00100005&order_time=2020-05-03 HTTP/1.1" 200 413
58.40.7.146 - - [03/May/2020:09:09:50 +0800] "GET /xingrg/check_reg.html?_=1588468186478 HTTP/1.1" 200 22
58.40.7.146 - - [03/May/2020:09:09:50 +0800] "GET /xingrg/all/function/internal_message.html?_=1588468186480&CODE_STATE=getMsg HTTP/1.1" 200 27
222.70.183.62 - - [03/May/2020:09:09:51 +0800] "GET /xingrg/all/function/internal_message.html?_=1588468526989&CODE_STATE=getMsg HTTP/1.1" 200 27
180.162.232.172 - - [03/May/2020:09:09:51 +0800] "GET /xingrg/all/function/internal_message.html?_=1588468189335&CODE_STATE=getMsg HTTP/1.1" 200 27
180.156.150.85 - - [03/May/2020:09:09:52 +0800] "POST /xingrg/kc/buy/cgsh_order_operate.html HTTP/1.1" 200 37
180.156.150.85 - - [03/May/2020:09:09:53 +0800] "POST /xingrg/kc/buy/cgsh_order_operate.html HTTP/1.1" 200 5598
180.156.150.85 - - [03/May/2020:09:09:55 +0800] "GET /xingrg/kc/print/load_data.html?order_code=212020050300790&kc_code=cgsh&condition= HTTP/1.1" 200 1826
180.161.113.183 - - [03/May/2020:09:09:56 +0800] "GET /xingrg/kc/buy/cgsh_order_operate.html?command=get_materiel&rest_code=00102&code=00101008110&supplier_code=00100008&order_time=2020-05-03 HTTP/1.1" 200 408
114.84.33.255 - - [03/May/2020:09:09:57 +0800] "GET /xingrg/all/function/internal_message.html?_=1588468218623&CODE_STATE=getMsg HTTP/1.1" 200 27
172.17.0.185 - - [03/May/2020:09:10:02 +0800] "GET /xingrg/all/function/internal_message.html?_=1588468197566&CODE_STATE=getMsg HTTP/1.1" 200 27
180.161.113.183 - - [03/May/2020:09:10:04 +0800] "GET /xingrg/kc/buy/cgsh_order_operate.html?command=get_materiel&rest_code=00102&code=00101008038&supplier_code=00100008&order_time=2020-05-03 HTTP/1.1" 200 412
180.162.232.172 - - [03/May/2020:09:10:08 +0800] "GET /xingrg/kc/buy/cgsh_order_operate.html?command=get_materiel&rest_code=00150&code=00101008110&supplier_code=00100007&order_time=2020-05-03 HTTP/1.1" 200 408
222.69.137.130 - - [03/May/2020:09:10:10 +0800] "GET /xingrg/kc/buy/cgsh_order_operate.html?command=get_materiel&rest_code=00149&code=00101008114&supplier_code=00100005&order_time=2020-05-03 HTTP/1.1" 200 412
180.161.113.183 - - [03/May/2020:09:10:12 +0800] "GET /xingrg/kc/buy/cgsh_order_operate.html?command=get_materiel&rest_code=00102&code=00101008358&supplier_code=00100008&order_time=2020-05-03 HTTP/1.1" 200 412
222.69.137.130 - - [03/May/2020:09:10:18 +0800] "GET /xingrg/all/function/internal_message.html?_=1588468214537&CODE_STATE=getMsg HTTP/1.1" 200 27
180.162.232.172 - - [03/May/2020:09:10:19 +0800] "GET /xingrg/kc/buy/cgsh_order_operate.html?command=get_materiel&rest_code=00150&code=00101008010&supplier_code=00100007&order_time=2020-05-03 HTTP/1.1" 200 412
180.161.113.183 - - [03/May/2020:09:10:21 +0800] "GET /xingrg/kc/buy/cgsh_order_operate.html?command=get_materiel&rest_code=00102&code=00101008264&supplier_code=00100008&order_time=2020-05-03 HTTP/1.1" 200 412
222.69.137.130 - - [03/May/2020:09:10:21 +0800] "GET /xingrg/kc/buy/cgsh_order_operate.html?command=get_materiel&rest_code=00149&code=00101008236&supplier_code=00100005&order_time=2020-05-03 HTTP/1.1" 200 416
180.156.150.85 - - [03/May/2020:09:10:23 +0800] "GET /xingrg/all/function/internal_message.html?_=1588468221293&CODE_STATE=getMsg HTTP/1.1" 200 27
120.253.135.82 - - [03/May/2020:09:10:23 +0800] "GET /xingrg/all/function/internal_message.html?_=1588468355209&CODE_STATE=getMsg HTTP/1.1" 200 27
180.161.113.183 - - [03/May/2020:09:10:24 +0800] "POST /xingrg/kc/buy/cgsh_order_operate.html HTTP/1.1" 200 2065
172.17.0.108 - - [03/May/2020:09:10:24 +0800] "GET /xingrg/all/function/internal_message.html?_=1588468217203&CODE_STATE=getMsg HTTP/1.1" 200 27
180.161.113.183 - - [03/May/2020:09:10:26 +0800] "GET /xingrg/check_reg.html?_=1588468415205 HTTP/1.1" 200 22
180.161.113.183 - - [03/May/2020:09:10:26 +0800] "GET /xingrg/all/function/internal_message.html?_=1588468415402&CODE_STATE=getMsg HTTP/1.1" 200 27
180.161.113.183 - - [03/May/2020:09:10:28 +0800] "GET /xingrg/kc/buy/cgsh_order_operate.html?command=get_materiel&rest_code=00102&code=00101008024&supplier_code=00100008&order_time=2020-05-03 HTTP/1.1" 200 408
172.17.0.112 - - [03/May/2020:09:10:31 +0800] "GET /xingrg/all/function/internal_message.html?_=1588468228863&CODE_STATE=getMsg HTTP/1.1" 200 27
222.69.137.130 - - [03/May/2020:09:10:31 +0800] "GET /xingrg/kc/buy/cgsh_order_operate.html?command=get_materiel&rest_code=00149&code=00101020152&supplier_code=00100005&order_time=2020-05-03 HTTP/1.1" 200 416
116.228.172.94 - - [03/May/2020:09:10:34 +0800] "GET /xingrg/check_reg.html?_=1588467450899 HTTP/1.1" 200 22
116.228.172.94 - - [03/May/2020:09:10:35 +0800] "GET /xingrg/all/function/internal_message.html?_=1588467451070&CODE_STATE=getMsg HTTP/1.1" 200 27
180.162.232.172 - - [03/May/2020:09:10:37 +0800] "GET /xingrg/kc/buy/cgsh_order_operate.html?command=get_materiel&rest_code=00150&code=00101008498&supplier_code=00100007&order_time=2020-05-03 HTTP/1.1" 200 410
180.161.113.183 - - [03/May/2020:09:10:39 +0800] "GET /xingrg/kc/buy/cgsh_order_operate.html?command=get_materiel&rest_code=00102&code=00101008300&supplier_code=00100008&order_time=2020-05-03 HTTP/1.1" 200 412
180.162.232.172 - - [03/May/2020:09:10:39 +0800] "POST /xingrg/kc/buy/cgsh_order_operate.html HTTP/1.1" 200 2065
222.69.137.130 - - [03/May/2020:09:10:40 +0800] "GET /xingrg/kc/buy/cgsh_order_operate.html?command=get_materiel&rest_code=00149&code=00101008183&supplier_code=00100005&order_time=2020-05-03 HTTP/1.1" 200 413
117.131.5.26 - - [03/May/2020:09:10:40 +0800] "GET /xingrg/all/function/internal_message.html?_=1588468254562&CODE_STATE=getMsg HTTP/1.1" 200 27
222.69.137.130 - - [03/May/2020:09:10:43 +0800] "POST /xingrg/kc/buy/cgsh_order_operate.html HTTP/1.1" 200 2065
114.84.33.255 - - [03/May/2020:09:10:48 +0800] "GET /xingrg/all/function/internal_message.html?_=1588468244624&CODE_STATE=getMsg HTTP/1.1" 200 27
222.69.137.130 - - [03/May/2020:09:10:49 +0800] "GET /xingrg/kc/buy/cgsh_order_operate.html?command=get_materiel&rest_code=00149&code=00101015066&supplier_code=00100005&order_time=2020-05-03 HTTP/1.1" 200 413
58.40.7.146 - - [03/May/2020:09:10:50 +0800] "GET /xingrg/all/function/internal_message.html?_=1588468246467&CODE_STATE=getMsg HTTP/1.1" 200 27
117.131.5.26 - - [03/May/2020:09:10:50 +0800] "GET /xingrg/check_reg.html?_=1588468264234 HTTP/1.1" 200 22
180.162.232.172 - - [03/May/2020:09:10:50 +0800] "GET /xingrg/kc/buy/cgsh_order_operate.html?command=get_materiel&rest_code=00150&code=00101008168&supplier_code=00100007&order_time=2020-05-03 HTTP/1.1" 200 413
222.70.183.62 - - [03/May/2020:09:10:51 +0800] "GET /xingrg/all/function/internal_message.html?_=1588468587004&CODE_STATE=getMsg HTTP/1.1" 200 27
180.162.232.172 - - [03/May/2020:09:10:51 +0800] "GET /xingrg/all/function/internal_message.html?_=1588468249317&CODE_STATE=getMsg HTTP/1.1" 200 27
180.161.113.183 - - [03/May/2020:09:10:52 +0800] "GET /xingrg/kc/buy/cgsh_order_operate.html?command=get_materiel&rest_code=00102&code=00101008362&supplier_code=00100008&order_time=2020-05-03 HTTP/1.1" 200 408
114.84.33.255 - - [03/May/2020:09:10:57 +0800] "GET /xingrg/all/function/internal_message.html?_=1588468278629&CODE_STATE=getMsg HTTP/1.1" 200 27
222.69.137.130 - - [03/May/2020:09:10:59 +0800] "GET /xingrg/kc/buy/cgsh_order_operate.html?command=get_materiel&rest_code=00149&code=00101008168&supplier_code=00100005&order_time=2020-05-03 HTTP/1.1" 200 413
172.17.0.185 - - [03/May/2020:09:11:02 +0800] "GET /xingrg/all/function/internal_message.html?_=1588468257573&CODE_STATE=getMsg HTTP/1.1" 200 27
180.162.232.172 - - [03/May/2020:09:11:04 +0800] "GET /xingrg/kc/buy/cgsh_order_operate.html?command=get_materiel&rest_code=00150&code=00101008236&supplier_code=00100007&order_time=2020-05-03 HTTP/1.1" 200 416
180.161.113.183 - - [03/May/2020:09:11:05 +0800] "GET /xingrg/kc/buy/cgsh_order_operate.html?command=get_materiel&rest_code=00102&code=00101008357&supplier_code=00100008&order_time=2020-05-03 HTTP/1.1" 200 408
222.69.137.130 - - [03/May/2020:09:11:09 +0800] "GET /xingrg/kc/buy/cgsh_order_operate.html?command=get_materiel&rest_code=00149&code=00101008257&supplier_code=00100005&order_time=2020-05-03 HTTP/1.1" 200 416
180.162.232.172 - - [03/May/2020:09:11:12 +0800] "GET /xingrg/kc/buy/cgsh_order_operate.html?command=get_materiel&rest_code=00150&code=00101009011&supplier_code=00100007&order_time=2020-05-03 HTTP/1.1" 200 416
180.161.113.183 - - [03/May/2020:09:11:16 +0800] "GET /xingrg/kc/buy/cgsh_order_operate.html?command=get_materiel&rest_code=00102&code=00101008069&supplier_code=00100008&order_time=2020-05-03 HTTP/1.1" 200 412
180.162.232.172 - - [03/May/2020:09:11:17 +0800] "GET /xingrg/kc/buy/cgsh_order_operate.html?command=get_materiel&rest_code=00150&code=00101009015&supplier_code=00100007&order_time=2020-05-03 HTTP/1.1" 200 416
222.69.137.130 - - [03/May/2020:09:11:18 +0800] "GET /xingrg/all/function/internal_message.html?_=1588468274514&CODE_STATE=getMsg HTTP/1.1" 200 27
117.184.7.26 - - [03/May/2020:09:11:21 +0800] "POST /xingrg/services/DataTransmitService HTTP/1.1" 200 524
180.161.113.183 - - [03/May/2020:09:11:21 +0800] "POST /xingrg/kc/buy/cgsh_order_operate.html HTTP/1.1" 200 2065
117.184.7.26 - - [03/May/2020:09:11:21 +0800] "POST /xingrg/services/DataTransmitService HTTP/1.1" 200 501
180.156.150.85 - - [03/May/2020:09:11:23 +0800] "GET /xingrg/all/function/internal_message.html?_=1588468281283&CODE_STATE=getMsg HTTP/1.1" 200 27
120.253.135.82 - - [03/May/2020:09:11:23 +0800] "GET /xingrg/all/function/internal_message.html?_=1588468415226&CODE_STATE=getMsg HTTP/1.1" 200 27
172.17.0.108 - - [03/May/2020:09:11:24 +0800] "GET /xingrg/all/function/internal_message.html?_=1588468277175&CODE_STATE=getMsg HTTP/1.1" 200 27
222.69.137.130 - - [03/May/2020:09:11:25 +0800] "POST /xingrg/kc/buy/cgsh_order_operate.html HTTP/1.1" 200 37
222.69.137.130 - - [03/May/2020:09:11:26 +0800] "POST /xingrg/kc/buy/cgsh_order_operate.html HTTP/1.1" 200 38708
180.161.113.183 - - [03/May/2020:09:11:26 +0800] "GET /xingrg/kc/buy/cgsh_order_operate.html?command=get_materiel&rest_code=00102&code=00101008286&supplier_code=00100008&order_time=2020-05-03 HTTP/1.1" 200 408
180.161.113.183 - - [03/May/2020:09:11:27 +0800] "GET /xingrg/all/function/internal_message.html?_=1588468475521&CODE_STATE=getMsg HTTP/1.1" 200 27
172.17.0.112 - - [03/May/2020:09:11:31 +0800] "GET /xingrg/check_reg.html?_=1588468288850 HTTP/1.1" 200 22
172.17.0.112 - - [03/May/2020:09:11:31 +0800] "GET /xingrg/all/function/internal_message.html?_=1588468288852&CODE_STATE=getMsg HTTP/1.1" 200 27
116.228.172.94 - - [03/May/2020:09:11:35 +0800] "GET /xingrg/all/function/internal_message.html?_=1588467511076&CODE_STATE=getMsg HTTP/1.1" 200 27
180.162.232.172 - - [03/May/2020:09:11:35 +0800] "GET /xingrg/javascript/jquery_tools/images/next.gif HTTP/1.1" 404 1086
180.162.232.172 - - [03/May/2020:09:11:35 +0800] "GET /xingrg/javascript/jquery_tools/images/prev.gif HTTP/1.1" 404 1086
180.162.232.172 - - [03/May/2020:09:11:36 +0800] "POST /xingrg/kc/buy/cgsh_order_operate.html HTTP/1.1" 200 37
180.162.232.172 - - [03/May/2020:09:11:38 +0800] "POST /xingrg/kc/buy/cgsh_order_operate.html HTTP/1.1" 200 33977
117.131.5.26 - - [03/May/2020:09:11:40 +0800] "GET /xingrg/all/function/internal_message.html?_=1588468314562&CODE_STATE=getMsg HTTP/1.1" 200 27
180.161.113.183 - - [03/May/2020:09:11:42 +0800] "GET /xingrg/kc/buy/cgsh_order_operate.html?command=get_materiel&rest_code=00102&code=00101008036&supplier_code=00100008&order_time=2020-05-03 HTTP/1.1" 200 408
114.84.33.255 - - [03/May/2020:09:11:48 +0800] "GET /xingrg/all/function/internal_message.html?_=1588468304636&CODE_STATE=getMsg HTTP/1.1" 200 27
58.40.7.146 - - [03/May/2020:09:11:50 +0800] "GET /xingrg/all/function/internal_message.html?_=1588468306471&CODE_STATE=getMsg HTTP/1.1" 200 27
222.70.183.62 - - [03/May/2020:09:11:51 +0800] "GET /xingrg/all/function/internal_message.html?_=1588468647030&CODE_STATE=getMsg HTTP/1.1" 200 27
180.162.232.172 - - [03/May/2020:09:11:51 +0800] "GET /xingrg/all/function/internal_message.html?_=1588468309296&CODE_STATE=getMsg HTTP/1.1" 200 27
114.84.33.255 - - [03/May/2020:09:11:57 +0800] "GET /xingrg/all/function/internal_message.html?_=1588468338886&CODE_STATE=getMsg HTTP/1.1" 200 27
114.84.32.201 - - [03/May/2020:09:12:00 +0800] "GET /xingrg/check_reg.html?_=1588468316894 HTTP/1.1" 200 22
172.17.0.185 - - [03/May/2020:09:12:02 +0800] "GET /xingrg/all/function/internal_message.html?_=1588468317578&CODE_STATE=getMsg HTTP/1.1" 200 27
180.161.113.183 - - [03/May/2020:09:12:12 +0800] "GET /xingrg/kc/buy/cgsh_order_operate.html?command=get_materiel&rest_code=00102&code=00101008131&supplier_code=00100008&order_time=2020-05-03 HTTP/1.1" 200 408
114.84.32.201 - - [03/May/2020:09:12:13 +0800] "GET /xingrg/index.html?sysBaseUrl=http%3A%2F%2F180.169.147.146%3A18081%2Fxingrg%2F&costTime=71×tamp=1586403971840 HTTP/1.1" 200 17419
114.84.32.201 - - [03/May/2020:09:12:14 +0800] "POST /xingrg/all/common/load_tree.html?tree=area_rest_tree_json&manage=1 HTTP/1.1" 200 470
114.84.32.201 - - [03/May/2020:09:12:14 +0800] "GET /xingrg/check_reg.html?_=1588468330292 HTTP/1.1" 200 22
114.84.32.201 - - [03/May/2020:09:12:14 +0800] "GET /xingrg/all/function/internal_message.html?_=1588468330290&CODE_STATE=count HTTP/1.1" 200 11
114.84.32.201 - - [03/May/2020:09:12:14 +0800] "POST /xingrg/load_menu.html HTTP/1.1" 200 9959
114.84.32.201 - - [03/May/2020:09:12:14 +0800] "GET /favicon.ico HTTP/1.1" 404 -
222.69.137.130 - - [03/May/2020:09:12:18 +0800] "GET /xingrg/check_reg.html?_=1588468334495 HTTP/1.1" 200 22
222.69.137.130 - - [03/May/2020:09:12:18 +0800] "GET /xingrg/all/function/internal_message.html?_=1588468334520&CODE_STATE=getMsg HTTP/1.1" 200 27
180.156.150.85 - - [03/May/2020:09:12:23 +0800] "GET /xingrg/all/function/internal_message.html?_=1588468341283&CODE_STATE=getMsg HTTP/1.1" 200 27
180.156.150.85 - - [03/May/2020:09:12:23 +0800] "GET /xingrg/check_reg.html?_=1588468341285 HTTP/1.1" 200 22
120.253.135.82 - - [03/May/2020:09:12:23 +0800] "GET /xingrg/all/function/internal_message.html?_=1588468475236&CODE_STATE=getMsg HTTP/1.1" 200 27
114.84.33.255 - - [03/May/2020:09:12:23 +0800] "GET /xingrg/check_reg.html?_=1588468365122 HTTP/1.1" 200 22
172.17.0.108 - - [03/May/2020:09:12:24 +0800] "GET /xingrg/all/function/internal_message.html?_=1588468337147&CODE_STATE=getMsg HTTP/1.1" 200 27
114.84.32.201 - - [03/May/2020:09:12:24 +0800] "GET /xingrg/kc/report/report_main.html HTTP/1.1" 200 7345
180.161.113.183 - - [03/May/2020:09:12:27 +0800] "GET /xingrg/all/function/internal_message.html?_=1588468535538&CODE_STATE=getMsg HTTP/1.1" 200 27
180.161.113.183 - - [03/May/2020:09:12:28 +0800] "GET /xingrg/kc/buy/cgsh_order_operate.html?command=get_materiel&rest_code=00102&code=00101008318&supplier_code=00100008&order_time=2020-05-03 HTTP/1.1" 200 408
180.161.113.183 - - [03/May/2020:09:12:31 +0800] "POST /xingrg/kc/buy/cgsh_order_operate.html HTTP/1.1" 200 2065
172.17.0.112 - - [03/May/2020:09:12:31 +0800] "GET /xingrg/all/function/internal_message.html?_=1588468348855&CODE_STATE=getMsg HTTP/1.1" 200 27
172.17.0.108 - - [03/May/2020:09:12:32 +0800] "GET /xingrg/check_reg.html?_=1588468345139 HTTP/1.1" 200 22
180.162.232.172 - - [03/May/2020:09:12:34 +0800] "POST /xingrg/kc/buy/cgsh_order_operate.html HTTP/1.1" 200 37
116.228.172.94 - - [03/May/2020:09:12:35 +0800] "GET /xingrg/all/function/internal_message.html?_=1588467571090&CODE_STATE=getMsg HTTP/1.1" 200 27
180.162.232.172 - - [03/May/2020:09:12:35 +0800] "POST /xingrg/kc/buy/cgsh_order_operate.html HTTP/1.1" 200 33977
180.161.113.183 - - [03/May/2020:09:12:37 +0800] "GET /xingrg/kc/buy/cgsh_order_operate.html?command=get_materiel&rest_code=00102&code=00101008352&supplier_code=00100008&order_time=2020-05-03 HTTP/1.1" 200 412
180.162.232.172 - - [03/May/2020:09:12:39 +0800] "GET /xingrg/kc/buy/cgsh_order_list.html HTTP/1.1" 200 42587
180.162.232.172 - - [03/May/2020:09:12:40 +0800] "POST /xingrg/kc/buy/cgsh_list_operate.html HTTP/1.1" 200 1690
117.131.5.26 - - [03/May/2020:09:12:40 +0800] "GET /xingrg/all/function/internal_message.html?_=1588468374562&CODE_STATE=getMsg HTTP/1.1" 200 27
180.162.232.172 - - [03/May/2020:09:12:45 +0800] "GET /xingrg/kc/buy/cgsh_order_add.html HTTP/1.1" 200 58120
180.162.232.172 - - [03/May/2020:09:12:46 +0800] "POST /xingrg/kc/buy/cgsh_order_operate.html HTTP/1.1" 200 8245
180.162.232.172 - - [03/May/2020:09:12:46 +0800] "GET /xingrg/javascript/easyui/themes/default/validatebox.css HTTP/1.1" 404 1104
114.84.33.255 - - [03/May/2020:09:12:48 +0800] "GET /xingrg/check_reg.html?_=1588468364468 HTTP/1.1" 200 22
114.84.33.255 - - [03/May/2020:09:12:48 +0800] "GET /xingrg/all/function/internal_message.html?_=1588468364649&CODE_STATE=getMsg HTTP/1.1" 200 27
58.40.7.146 - - [03/May/2020:09:12:50 +0800] "GET /xingrg/all/function/internal_message.html?_=1588468366474&CODE_STATE=getMsg HTTP/1.1" 200 27
222.70.183.62 - - [03/May/2020:09:12:51 +0800] "GET /xingrg/all/function/internal_message.html?_=1588468707031&CODE_STATE=getMsg HTTP/1.1" 200 27
222.70.183.62 - - [03/May/2020:09:12:51 +0800] "GET /xingrg/check_reg.html?_=1588468707030 HTTP/1.1" 200 22
180.162.232.172 - - [03/May/2020:09:12:51 +0800] "GET /xingrg/all/function/internal_message.html?_=1588468369269&CODE_STATE=getMsg HTTP/1.1" 200 27
114.84.33.255 - - [03/May/2020:09:12:57 +0800] "GET /xingrg/all/function/internal_message.html?_=1588468398891&CODE_STATE=getMsg HTTP/1.1" 200 27
172.17.0.185 - - [03/May/2020:09:13:02 +0800] "GET /xingrg/check_reg.html?_=1588468377571 HTTP/1.1" 200 22
172.17.0.185 - - [03/May/2020:09:13:02 +0800] "GET /xingrg/all/function/internal_message.html?_=1588468377579&CODE_STATE=getMsg HTTP/1.1" 200 27
180.161.113.183 - - [03/May/2020:09:13:05 +0800] "GET /xingrg/kc/buy/cgsh_order_operate.html?command=get_materiel&rest_code=00102&code=00101008098&supplier_code=00100008&order_time=2020-05-03 HTTP/1.1" 200 412
180.156.150.85 - - [03/May/2020:09:13:10 +0800] "GET /xingrg/kc/buy/cgsh_order_list.html HTTP/1.1" 200 42581
180.156.150.85 - - [03/May/2020:09:13:11 +0800] "POST /xingrg/kc/buy/cgsh_list_operate.html HTTP/1.1" 200 2415
114.84.32.201 - - [03/May/2020:09:13:12 +0800] "POST /xingrg/load_menu.html HTTP/1.1" 200 10168
180.156.150.85 - - [03/May/2020:09:13:12 +0800] "POST /xingrg/kc/buy/cgsh_list_operate.html HTTP/1.1" 200 579
180.156.150.85 - - [03/May/2020:09:13:12 +0800] "GET /xingrg/kc/buy/cgsh_order_info.html?code=212020050300788 HTTP/1.1" 200 58205
180.156.150.85 - - [03/May/2020:09:13:13 +0800] "GET /xingrg/javascript/easyui/themes/default/validatebox.css HTTP/1.1" 404 1104
180.156.150.85 - - [03/May/2020:09:13:13 +0800] "POST /xingrg/kc/buy/cgsh_order_operate.html HTTP/1.1" 200 8017
114.84.32.201 - - [03/May/2020:09:13:14 +0800] "GET /xingrg/all/function/internal_message.html?_=1588468390313&CODE_STATE=getMsg HTTP/1.1" 200 27
180.161.113.183 - - [03/May/2020:09:13:16 +0800] "GET /xingrg/kc/buy/cgsh_order_operate.html?command=get_materiel&rest_code=00102&code=00101008353&supplier_code=00100008&order_time=2020-05-03 HTTP/1.1" 200 408
222.69.137.130 - - [03/May/2020:09:13:18 +0800] "GET /xingrg/all/function/internal_message.html?_=1588468394493&CODE_STATE=getMsg HTTP/1.1" 200 27
180.156.150.85 - - [03/May/2020:09:13:19 +0800] "POST /xingrg/kc/buy/cgsh_order_operate.html HTTP/1.1" 200 37
180.156.150.85 - - [03/May/2020:09:13:20 +0800] "POST /xingrg/kc/buy/cgsh_order_operate.html HTTP/1.1" 200 7429
120.253.135.82 - - [03/May/2020:09:13:22 +0800] "GET /xingrg/check_reg.html?_=1588468534193 HTTP/1.1" 200 22
180.156.150.85 - - [03/May/2020:09:13:23 +0800] "GET /xingrg/all/function/internal_message.html?_=1588468401339&CODE_STATE=getMsg HTTP/1.1" 200 27
120.253.135.82 - - [03/May/2020:09:13:23 +0800] "GET /xingrg/all/function/internal_message.html?_=1588468535250&CODE_STATE=getMsg HTTP/1.1" 200 27
172.17.0.108 - - [03/May/2020:09:13:24 +0800] "GET /xingrg/all/function/internal_message.html?_=1588468397126&CODE_STATE=getMsg HTTP/1.1" 200 27
222.69.137.130 - - [03/May/2020:09:13:25 +0800] "POST /xingrg/services/DataTransmitService HTTP/1.1" 200 524
222.69.137.130 - - [03/May/2020:09:13:25 +0800] "POST /xingrg/services/DataTransmitService HTTP/1.1" 200 501
180.161.113.183 - - [03/May/2020:09:13:26 +0800] "GET /xingrg/kc/buy/cgsh_order_operate.html?command=get_materiel&rest_code=00102&code=00101010204&supplier_code=00100008&order_time=2020-05-03 HTTP/1.1" 200 409
180.161.113.183 - - [03/May/2020:09:13:27 +0800] "GET /xingrg/all/function/internal_message.html?_=1588468595559&CODE_STATE=getMsg HTTP/1.1" 200 27
180.156.150.85 - - [03/May/2020:09:13:28 +0800] "GET /xingrg/index.html?sysBaseUrl=http%3A%2F%2F180.169.147.146%3A18081%2Fxingrg%2F&costTime=36×tamp=1585222720700 HTTP/1.1" 200 17173
180.156.150.85 - - [03/May/2020:09:13:28 +0800] "POST /xingrg/all/common/load_tree.html?tree=area_rest_tree_json&manage=1 HTTP/1.1" 200 3088
180.156.150.85 - - [03/May/2020:09:13:29 +0800] "GET /xingrg/all/function/internal_message.html?_=1588468406922&CODE_STATE=count HTTP/1.1" 200 11
180.156.150.85 - - [03/May/2020:09:13:29 +0800] "GET /xingrg/check_reg.html?_=1588468406923 HTTP/1.1" 200 22
180.156.150.85 - - [03/May/2020:09:13:29 +0800] "POST /xingrg/load_menu.html HTTP/1.1" 200 5138
180.156.150.85 - - [03/May/2020:09:13:29 +0800] "GET /favicon.ico HTTP/1.1" 404 -
180.156.150.85 - - [03/May/2020:09:13:31 +0800] "GET /xingrg/kc/buy/cgsh_order_list.html HTTP/1.1" 200 42581
172.17.0.112 - - [03/May/2020:09:13:31 +0800] "GET /xingrg/all/function/internal_message.html?_=1588468408857&CODE_STATE=getMsg HTTP/1.1" 200 27
180.156.150.85 - - [03/May/2020:09:13:33 +0800] "POST /xingrg/kc/buy/cgsh_list_operate.html HTTP/1.1" 200 2415
180.156.150.85 - - [03/May/2020:09:13:35 +0800] "POST /xingrg/kc/buy/cgsh_list_operate.html HTTP/1.1" 200 579
116.228.172.94 - - [03/May/2020:09:13:35 +0800] "GET /xingrg/all/function/internal_message.html?_=1588467631245&CODE_STATE=getMsg HTTP/1.1" 200 27
180.156.150.85 - - [03/May/2020:09:13:35 +0800] "GET /xingrg/kc/buy/cgsh_order_info.html?code=212020050300788 HTTP/1.1" 200 58205
180.156.150.85 - - [03/May/2020:09:13:36 +0800] "GET /xingrg/all/common/auto_word.html?type=employee&rest_code=00105 HTTP/1.1" 200 193
180.156.150.85 - - [03/May/2020:09:13:36 +0800] "GET /xingrg/all/common/auto_word.html?type=employee&rest_code=00105 HTTP/1.1" 200 193
180.156.150.85 - - [03/May/2020:09:13:36 +0800] "GET /xingrg/javascript/easyui/themes/default/validatebox.css HTTP/1.1" 404 1104
180.156.150.85 - - [03/May/2020:09:13:36 +0800] "POST /xingrg/kc/buy/cgsh_order_operate.html HTTP/1.1" 200 7429
180.161.113.183 - - [03/May/2020:09:13:37 +0800] "GET /xingrg/kc/buy/cgsh_order_operate.html?command=get_materiel&rest_code=00102&code=00101008101&supplier_code=00100008&order_time=2020-05-03 HTTP/1.1" 200 412
180.156.150.85 - - [03/May/2020:09:13:37 +0800] "GET /xingrg/kc/print/load_config.html?kc_code=cgsh HTTP/1.1" 200 1845
180.156.150.85 - - [03/May/2020:09:13:37 +0800] "GET /xingrg/kc/print/load_data.html?order_code=212020050300788&kc_code=cgsh&condition= HTTP/1.1" 200 2510
180.161.113.183 - - [03/May/2020:09:13:40 +0800] "POST /xingrg/kc/buy/cgsh_order_operate.html HTTP/1.1" 200 2065
117.131.5.26 - - [03/May/2020:09:13:40 +0800] "GET /xingrg/all/function/internal_message.html?_=1588468434578&CODE_STATE=getMsg HTTP/1.1" 200 27
114.84.32.201 - - [03/May/2020:09:13:41 +0800] "GET /xingrg/system/rest/list_page.html?p=down HTTP/1.1" 200 20340
114.84.32.201 - - [03/May/2020:09:13:41 +0800] "GET /xingrg/javascript/jquery_easy_ui/themes/default/images/calendar_prevmonth.gif HTTP/1.1" 304 -
114.84.32.201 - - [03/May/2020:09:13:41 +0800] "GET /xingrg/javascript/jquery_easy_ui/themes/default/images/calendar_prevyear.gif HTTP/1.1" 304 -
114.84.32.201 - - [03/May/2020:09:13:41 +0800] "GET /xingrg/javascript/jquery_easy_ui/themes/default/images/calendar_nextmonth.gif HTTP/1.1" 304 -
114.84.32.201 - - [03/May/2020:09:13:41 +0800] "GET /xingrg/javascript/jquery_easy_ui/themes/default/images/calendar_nextyear.gif HTTP/1.1" 304 -
114.84.32.201 - - [03/May/2020:09:13:41 +0800] "GET /xingrg/system/rest/query_items.html?_=1588468417345&table=down&tcode=&key= HTTP/1.1" 200 10552
180.162.232.172 - - [03/May/2020:09:13:42 +0800] "GET /xingrg/kc/buy/cgsh_order_operate.html?command=get_materiel&rest_code=00150&code=00101006168&supplier_code=00100012&order_time=2020-05-03 HTTP/1.1" 200 421
180.161.113.183 - - [03/May/2020:09:13:45 +0800] "GET /xingrg/kc/buy/cgsh_order_operate.html?command=get_materiel&rest_code=00102&code=00101008229&supplier_code=00100008&order_time=2020-05-03 HTTP/1.1" 200 420
114.84.33.255 - - [03/May/2020:09:13:48 +0800] "GET /xingrg/all/function/internal_message.html?_=1588468424663&CODE_STATE=getMsg HTTP/1.1" 200 27
58.40.7.146 - - [03/May/2020:09:13:50 +0800] "GET /xingrg/all/function/internal_message.html?_=1588468426476&CODE_STATE=getMsg HTTP/1.1" 200 27
222.70.183.62 - - [03/May/2020:09:13:51 +0800] "GET /xingrg/all/function/internal_message.html?_=1588468767029&CODE_STATE=getMsg HTTP/1.1" 200 27
180.162.232.172 - - [03/May/2020:09:13:51 +0800] "GET /xingrg/kc/buy/cgsh_order_operate.html?command=get_materiel&rest_code=00150&code=00101006229&supplier_code=00100012&order_time=2020-05-03 HTTP/1.1" 200 412
180.162.232.172 - - [03/May/2020:09:13:51 +0800] "GET /xingrg/check_reg.html?_=1588468429233 HTTP/1.1" 200 22
180.162.232.172 - - [03/May/2020:09:13:51 +0800] "GET /xingrg/all/function/internal_message.html?_=1588468429252&CODE_STATE=getMsg HTTP/1.1" 200 27
180.161.113.183 - - [03/May/2020:09:13:53 +0800] "GET /xingrg/kc/buy/cgsh_order_operate.html?command=get_materiel&rest_code=00102&code=00101008041&supplier_code=00100008&order_time=2020-05-03 HTTP/1.1" 200 408
114.84.32.201 - - [03/May/2020:09:13:54 +0800] "GET /xingrg/system/rest/list_page.html?p=down&table=dl_menu HTTP/1.1" 200 20358
114.84.32.201 - - [03/May/2020:09:13:54 +0800] "GET /xingrg/system/rest/query_items.html?_=1588468430448&table=down&tcode=dl_menu&key= HTTP/1.1" 200 10334
114.84.33.255 - - [03/May/2020:09:13:57 +0800] "GET /xingrg/all/function/internal_message.html?_=1588468458904&CODE_STATE=getMsg HTTP/1.1" 200 27
180.161.113.183 - - [03/May/2020:09:14:00 +0800] "GET /xingrg/kc/buy/cgsh_order_operate.html?command=get_materiel&rest_code=00102&code=00101008312&supplier_code=00100008&order_time=2020-05-03 HTTP/1.1" 200 412
172.17.0.185 - - [03/May/2020:09:14:02 +0800] "GET /xingrg/all/function/internal_message.html?_=1588468437568&CODE_STATE=getMsg HTTP/1.1" 200 27
114.84.32.201 - - [03/May/2020:09:14:14 +0800] "GET /xingrg/all/function/internal_message.html?_=1588468450304&CODE_STATE=getMsg HTTP/1.1" 200 27
222.69.137.130 - - [03/May/2020:09:14:18 +0800] "GET /xingrg/all/function/internal_message.html?_=1588468454490&CODE_STATE=getMsg HTTP/1.1" 200 27
180.161.113.183 - - [03/May/2020:09:14:19 +0800] "GET /xingrg/kc/buy/cgsh_order_operate.html?command=get_materiel&rest_code=00102&code=00101008010&supplier_code=00100008&order_time=2020-05-03 HTTP/1.1" 200 412
120.253.135.82 - - [03/May/2020:09:14:23 +0800] "GET /xingrg/all/function/internal_message.html?_=1588468595263&CODE_STATE=getMsg HTTP/1.1" 200 27
172.17.0.108 - - [03/May/2020:09:14:24 +0800] "GET /xingrg/all/function/internal_message.html?_=1588468457094&CODE_STATE=getMsg HTTP/1.1" 200 27
180.161.113.183 - - [03/May/2020:09:14:27 +0800] "GET /xingrg/all/function/internal_message.html?_=1588468655564&CODE_STATE=getMsg HTTP/1.1" 200 27
180.156.150.85 - - [03/May/2020:09:14:29 +0800] "GET /xingrg/all/function/internal_message.html?_=1588468466939&CODE_STATE=getMsg HTTP/1.1" 200 27
117.185.32.26 - - [03/May/2020:09:14:29 +0800] "GET /xingrg/login.html HTTP/1.1" 200 7641
117.185.32.26 - - [03/May/2020:09:14:30 +0800] "GET /favicon.ico HTTP/1.1" 404 -
172.17.0.112 - - [03/May/2020:09:14:31 +0800] "GET /xingrg/all/function/internal_message.html?_=1588468468859&CODE_STATE=getMsg HTTP/1.1" 200 27
117.131.5.26 - - [03/May/2020:09:14:34 +0800] "GET /xingrg/check_reg.html?_=1588468488125 HTTP/1.1" 200 22
180.161.113.183 - - [03/May/2020:09:14:34 +0800] "POST /xingrg/kc/buy/cgsh_order_operate.html HTTP/1.1" 200 37
116.228.172.94 - - [03/May/2020:09:14:35 +0800] "GET /xingrg/all/function/internal_message.html?_=1588467691254&CODE_STATE=getMsg HTTP/1.1" 200 27
180.161.113.183 - - [03/May/2020:09:14:35 +0800] "POST /xingrg/kc/buy/cgsh_order_operate.html HTTP/1.1" 200 23919
117.131.5.26 - - [03/May/2020:09:14:40 +0800] "GET /xingrg/all/function/internal_message.html?_=1588468494578&CODE_STATE=getMsg HTTP/1.1" 200 27
117.185.32.26 - - [03/May/2020:09:14:43 +0800] "POST /xingrg/login.do HTTP/1.1" 302 -
117.185.32.26 - - [03/May/2020:09:14:43 +0800] "GET /xingrg/index.html?sysBaseUrl=http%3A%2F%2F180.169.147.146%3A18081%2Fxingrg%2F&costTime=37×tamp=1588468483095 HTTP/1.1" 200 17173
117.185.32.26 - - [03/May/2020:09:14:43 +0800] "GET /favicon.ico HTTP/1.1" 404 -
117.185.32.26 - - [03/May/2020:09:14:44 +0800] "POST /xingrg/all/common/load_tree.html?tree=area_rest_tree_json&manage=1 HTTP/1.1" 200 342
117.185.32.26 - - [03/May/2020:09:14:44 +0800] "GET /xingrg/check_reg.html?_=1588468898768 HTTP/1.1" 200 22
117.185.32.26 - - [03/May/2020:09:14:44 +0800] "GET /xingrg/all/function/internal_message.html?_=1588468898763&CODE_STATE=count HTTP/1.1" 200 11
117.185.32.26 - - [03/May/2020:09:14:44 +0800] "POST /xingrg/load_menu.html HTTP/1.1" 200 5138
117.185.32.26 - - [03/May/2020:09:14:47 +0800] "GET /xingrg/kc/buy/buy_main.html HTTP/1.1" 200 12412
117.185.32.26 - - [03/May/2020:09:14:47 +0800] "GET /xingrg/css/new_ie.css HTTP/1.1" 404 1036
117.185.32.26 - - [03/May/2020:09:14:47 +0800] "GET /xingrg/images/blue/button/cgydd.gif HTTP/1.1" 304 -
117.185.32.26 - - [03/May/2020:09:14:47 +0800] "GET /xingrg/images/blue/button/cgshd.gif HTTP/1.1" 304 -
117.185.32.26 - - [03/May/2020:09:14:47 +0800] "GET /xingrg/images/blue/button/cgfkd.gif HTTP/1.1" 304 -
117.185.32.26 - - [03/May/2020:09:14:47 +0800] "GET /xingrg/images/blue/button/ckthd.gif HTTP/1.1" 304 -
117.185.32.26 - - [03/May/2020:09:14:48 +0800] "GET /xingrg/images/yd/bt.gif HTTP/1.1" 404 1040
114.84.33.255 - - [03/May/2020:09:14:49 +0800] "GET /xingrg/all/function/internal_message.html?_=1588468484676&CODE_STATE=getMsg HTTP/1.1" 200 27
117.185.32.26 - - [03/May/2020:09:14:49 +0800] "GET /xingrg/kc/buy/cgsh_order_list.html HTTP/1.1" 200 42581
58.40.7.146 - - [03/May/2020:09:14:50 +0800] "GET /xingrg/all/function/internal_message.html?_=1588468486480&CODE_STATE=getMsg HTTP/1.1" 200 27
58.40.7.146 - - [03/May/2020:09:14:50 +0800] "GET /xingrg/check_reg.html?_=1588468486481 HTTP/1.1" 200 22
117.185.32.26 - - [03/May/2020:09:14:50 +0800] "GET /xingrg/javascript/easyui/themes/icons/import_new.png HTTP/1.1" 304 -
222.70.183.62 - - [03/May/2020:09:14:51 +0800] "GET /xingrg/all/function/internal_message.html?_=1588468827027&CODE_STATE=getMsg HTTP/1.1" 200 27
117.185.32.26 - - [03/May/2020:09:14:51 +0800] "POST /xingrg/kc/buy/cgsh_list_operate.html HTTP/1.1" 200 876
180.162.232.172 - - [03/May/2020:09:14:51 +0800] "GET /xingrg/all/function/internal_message.html?_=1588468489244&CODE_STATE=getMsg HTTP/1.1" 200 27
117.185.32.26 - - [03/May/2020:09:14:53 +0800] "GET /xingrg/kc/buy/cgsh_order_add.html HTTP/1.1" 200 58196
117.185.32.26 - - [03/May/2020:09:14:53 +0800] "GET /xingrg/words/20200502163951_words.js HTTP/1.1" 304 -
117.185.32.26 - - [03/May/2020:09:14:53 +0800] "GET /xingrg/javascript/easyui/themes/icons/copy_new.png HTTP/1.1" 304 -
117.185.32.26 - - [03/May/2020:09:14:53 +0800] "POST /xingrg/kc/buy/cgsh_order_operate.html HTTP/1.1" 200 8245
117.185.32.26 - - [03/May/2020:09:14:53 +0800] "GET /xingrg/all/common/auto_word.html?type=employee&rest_code=00106 HTTP/1.1" 200 205
117.185.32.26 - - [03/May/2020:09:14:53 +0800] "GET /xingrg/all/common/auto_word.html?type=employee&rest_code=00106 HTTP/1.1" 200 205
117.185.32.26 - - [03/May/2020:09:14:53 +0800] "GET /xingrg/javascript/easyui/themes/default/validatebox.css HTTP/1.1" 404 1104
117.185.32.26 - - [03/May/2020:09:14:55 +0800] "GET /xingrg/javascript/easyui/themes/default/tree.css HTTP/1.1" 404 1090
117.185.32.26 - - [03/May/2020:09:14:55 +0800] "POST /xingrg/all/common/load_tree.html?tree=supplier_tree_json&isDelete=1 HTTP/1.1" 200 47615
117.185.32.26 - - [03/May/2020:09:14:56 +0800] "GET /xingrg/javascript/easyui/themes/default/images/tree_arrows.gif HTTP/1.1" 304 -
117.185.32.26 - - [03/May/2020:09:14:56 +0800] "GET /xingrg/javascript/easyui/themes/default/images/tree_folder_open.gif HTTP/1.1" 304 -
117.185.32.26 - - [03/May/2020:09:14:56 +0800] "GET /xingrg/javascript/easyui/themes/default/images/tree_folder.gif HTTP/1.1" 304 -
117.185.32.26 - - [03/May/2020:09:14:56 +0800] "GET /xingrg/javascript/easyui/themes/default/images/tree_file.gif HTTP/1.1" 304 -
114.84.33.255 - - [03/May/2020:09:14:57 +0800] "GET /xingrg/all/function/internal_message.html?_=1588468519158&CODE_STATE=getMsg HTTP/1.1" 200 27
180.156.150.85 - - [03/May/2020:09:14:58 +0800] "GET /xingrg/kc/buy/cgsh_order_add.html HTTP/1.1" 200 58196
180.156.150.85 - - [03/May/2020:09:14:58 +0800] "POST /xingrg/kc/buy/cgsh_order_operate.html HTTP/1.1" 200 8245
180.156.150.85 - - [03/May/2020:09:14:58 +0800] "GET /xingrg/javascript/easyui/themes/default/validatebox.css HTTP/1.1" 404 1104
180.156.150.85 - - [03/May/2020:09:14:59 +0800] "GET /xingrg/javascript/auto/indicator.gif HTTP/1.1" 404 1066
172.17.0.185 - - [03/May/2020:09:15:02 +0800] "GET /xingrg/all/function/internal_message.html?_=1588468497576&CODE_STATE=getMsg HTTP/1.1" 200 27
114.84.32.201 - - [03/May/2020:09:15:09 +0800] "GET /xingrg/dwr/interface/AjaxGetFirstChart.js HTTP/1.1" 200 631
114.84.32.201 - - [03/May/2020:09:15:09 +0800] "GET /xingrg/dwr/util.js HTTP/1.1" 304 -
114.84.32.201 - - [03/May/2020:09:15:09 +0800] "GET /xingrg/dwr/engine.js HTTP/1.1" 200 43631
114.84.32.201 - - [03/May/2020:09:15:09 +0800] "GET /xingrg/system/rest/list_page.html?p=menu HTTP/1.1" 200 111091
114.84.32.201 - - [03/May/2020:09:15:10 +0800] "GET /xingrg/system/rest/query_items.html?_=1588468506555&table=menu&page=1&rows=20&categoryId=&key= HTTP/1.1" 200 4721
114.84.32.201 - - [03/May/2020:09:15:14 +0800] "GET /xingrg/all/function/internal_message.html?_=1588468510323&CODE_STATE=getMsg HTTP/1.1" 200 27
180.162.232.172 - - [03/May/2020:09:15:14 +0800] "POST /xingrg/kc/buy/cgsh_order_operate.html HTTP/1.1" 200 37
180.162.232.172 - - [03/May/2020:09:15:16 +0800] "POST /xingrg/kc/buy/cgsh_order_operate.html HTTP/1.1" 200 12
180.162.232.172 - - [03/May/2020:09:15:17 +0800] "GET /xingrg/kc/buy/cgsh_order_info.html?code=212020050300794 HTTP/1.1" 200 53022
180.156.150.85 - - [03/May/2020:09:15:17 +0800] "GET /xingrg/kc/buy/cgsh_order_operate.html?command=get_materiel&rest_code=00105&code=00101002027&supplier_code=00100203&order_time=2020-05-03 HTTP/1.1" 200 433
180.162.232.172 - - [03/May/2020:09:15:17 +0800] "GET /xingrg/javascript/easyui/themes/default/validatebox.css HTTP/1.1" 404 1104
180.162.232.172 - - [03/May/2020:09:15:17 +0800] "POST /xingrg/kc/buy/cgsh_order_operate.html HTTP/1.1" 200 621
222.69.137.130 - - [03/May/2020:09:15:18 +0800] "GET /xingrg/all/function/internal_message.html?_=1588468514478&CODE_STATE=getMsg HTTP/1.1" 200 27
180.162.232.172 - - [03/May/2020:09:15:19 +0800] "GET /xingrg/kc/print/load_config.html?kc_code=cgsh HTTP/1.1" 200 1845
180.162.232.172 - - [03/May/2020:09:15:19 +0800] "GET /xingrg/kc/print/load_data.html?order_code=212020050300794&kc_code=cgsh&condition= HTTP/1.1" 200 816
180.161.113.183 - - [03/May/2020:09:15:22 +0800] "POST /xingrg/kc/buy/cgsh_order_operate.html HTTP/1.1" 200 37
180.161.113.183 - - [03/May/2020:09:15:23 +0800] "POST /xingrg/kc/buy/cgsh_order_operate.html HTTP/1.1" 200 23919
120.253.135.82 - - [03/May/2020:09:15:23 +0800] "GET /xingrg/all/function/internal_message.html?_=1588468655279&CODE_STATE=getMsg HTTP/1.1" 200 27
172.17.0.108 - - [03/May/2020:09:15:24 +0800] "GET /xingrg/all/function/internal_message.html?_=1588468517064&CODE_STATE=getMsg HTTP/1.1" 200 27
180.161.113.183 - - [03/May/2020:09:15:26 +0800] "GET /xingrg/check_reg.html?_=1588468715203 HTTP/1.1" 200 22
180.161.113.183 - - [03/May/2020:09:15:27 +0800] "GET /xingrg/all/function/internal_message.html?_=1588468715579&CODE_STATE=getMsg HTTP/1.1" 200 27
180.156.150.85 - - [03/May/2020:09:15:28 +0800] "GET /xingrg/kc/buy/cgsh_order_operate.html?command=get_materiel&rest_code=00105&code=00101002022&supplier_code=00100203&order_time=2020-05-03 HTTP/1.1" 200 409
180.156.150.85 - - [03/May/2020:09:15:29 +0800] "GET /xingrg/all/function/internal_message.html?_=1588468526933&CODE_STATE=getMsg HTTP/1.1" 200 27
172.17.0.112 - - [03/May/2020:09:15:31 +0800] "GET /xingrg/all/function/internal_message.html?_=1588468528862&CODE_STATE=getMsg HTTP/1.1" 200 27
116.228.172.94 - - [03/May/2020:09:15:34 +0800] "GET /xingrg/check_reg.html?_=1588467751043 HTTP/1.1" 200 22
116.228.172.94 - - [03/May/2020:09:15:35 +0800] "GET /xingrg/all/function/internal_message.html?_=1588467751268&CODE_STATE=getMsg HTTP/1.1" 200 27
180.162.232.172 - - [03/May/2020:09:15:36 +0800] "GET /xingrg/kc/buy/cgsh_order_add.html HTTP/1.1" 200 58120
180.162.232.172 - - [03/May/2020:09:15:36 +0800] "POST /xingrg/kc/buy/cgsh_order_operate.html HTTP/1.1" 200 8245
180.162.232.172 - - [03/May/2020:09:15:36 +0800] "GET /xingrg/javascript/easyui/themes/default/validatebox.css HTTP/1.1" 404 1104
117.131.5.26 - - [03/May/2020:09:15:40 +0800] "GET /xingrg/all/function/internal_message.html?_=1588468554578&CODE_STATE=getMsg HTTP/1.1" 200 27
117.185.32.26 - - [03/May/2020:09:15:44 +0800] "GET /xingrg/all/function/internal_message.html?_=1588468958772&CODE_STATE=getMsg HTTP/1.1" 200 27
114.84.33.255 - - [03/May/2020:09:15:49 +0800] "GET /xingrg/all/function/internal_message.html?_=1588468544692&CODE_STATE=getMsg HTTP/1.1" 200 27
180.156.150.85 - - [03/May/2020:09:15:50 +0800] "GET /xingrg/kc/buy/cgsh_order_operate.html?command=get_materiel&rest_code=00105&code=00101008265&supplier_code=00100203&order_time=2020-05-03 HTTP/1.1" 200 408
58.40.7.146 - - [03/May/2020:09:15:50 +0800] "GET /xingrg/all/function/internal_message.html?_=1588468546484&CODE_STATE=getMsg HTTP/1.1" 200 27
117.131.5.26 - - [03/May/2020:09:15:50 +0800] "GET /xingrg/check_reg.html?_=1588468564234 HTTP/1.1" 200 22
222.70.183.62 - - [03/May/2020:09:15:51 +0800] "GET /xingrg/all/function/internal_message.html?_=1588468887024&CODE_STATE=getMsg HTTP/1.1" 200 27
180.162.232.172 - - [03/May/2020:09:15:51 +0800] "GET /xingrg/all/function/internal_message.html?_=1588468549223&CODE_STATE=getMsg HTTP/1.1" 200 27
180.162.232.172 - - [03/May/2020:09:15:54 +0800] "GET /xingrg/kc/buy/cgsh_order_operate.html?command=get_materiel&rest_code=00150&code=00101012039&supplier_code=00100036&order_time=2020-05-03 HTTP/1.1" 200 408
114.84.33.255 - - [03/May/2020:09:15:57 +0800] "GET /xingrg/all/function/internal_message.html?_=1588468579165&CODE_STATE=getMsg HTTP/1.1" 200 27
117.185.32.26 - - [03/May/2020:09:15:59 +0800] "GET /xingrg/javascript/auto/indicator.gif HTTP/1.1" 404 1066
180.156.150.85 - - [03/May/2020:09:16:00 +0800] "GET /xingrg/kc/buy/cgsh_order_operate.html?command=get_materiel&rest_code=00105&code=00101008155&supplier_code=00100203&order_time=2020-05-03 HTTP/1.1" 200 408
114.84.32.201 - - [03/May/2020:09:16:00 +0800] "GET /xingrg/system/rest/query_items.html?_=1588468556878&table=menu&page=1&rows=20&categoryId=&key= HTTP/1.1" 200 4721
180.162.232.172 - - [03/May/2020:09:16:02 +0800] "POST /xingrg/kc/buy/cgsh_order_operate.html HTTP/1.1" 200 37
172.17.0.185 - - [03/May/2020:09:16:02 +0800] "GET /xingrg/all/function/internal_message.html?_=1588468557568&CODE_STATE=getMsg HTTP/1.1" 200 27
117.185.32.26 - - [03/May/2020:09:16:03 +0800] "GET /xingrg/kc/buy/cgsh_order_operate.html?command=get_materiel&rest_code=00106&code=00101008234&supplier_code=00100007&order_time=2020-05-03 HTTP/1.1" 200 408
180.162.232.172 - - [03/May/2020:09:16:04 +0800] "POST /xingrg/kc/buy/cgsh_order_operate.html HTTP/1.1" 200 12
180.162.232.172 - - [03/May/2020:09:16:05 +0800] "GET /xingrg/kc/buy/cgsh_order_info.html?code=212020050300795 HTTP/1.1" 200 53024
180.162.232.172 - - [03/May/2020:09:16:05 +0800] "GET /xingrg/javascript/easyui/themes/default/validatebox.css HTTP/1.1" 404 1104
180.162.232.172 - - [03/May/2020:09:16:06 +0800] "POST /xingrg/kc/buy/cgsh_order_operate.html HTTP/1.1" 200 601
180.162.232.172 - - [03/May/2020:09:16:07 +0800] "GET /xingrg/kc/print/load_data.html?order_code=212020050300795&kc_code=cgsh&condition= HTTP/1.1" 200 772
180.162.232.172 - - [03/May/2020:09:16:11 +0800] "GET /xingrg/kc/buy/cgsh_order_add.html HTTP/1.1" 200 58120
180.162.232.172 - - [03/May/2020:09:16:11 +0800] "POST /xingrg/kc/buy/cgsh_order_operate.html HTTP/1.1" 200 8245
180.162.232.172 - - [03/May/2020:09:16:11 +0800] "GET /xingrg/javascript/easyui/themes/default/validatebox.css HTTP/1.1" 404 1104
114.84.32.201 - - [03/May/2020:09:16:14 +0800] "GET /xingrg/all/function/internal_message.html?_=1588468570304&CODE_STATE=getMsg HTTP/1.1" 200 27
180.156.150.85 - - [03/May/2020:09:16:15 +0800] "GET /xingrg/kc/buy/cgsh_order_operate.html?command=get_materiel&rest_code=00105&code=00101008354&supplier_code=00100203&order_time=2020-05-03 HTTP/1.1" 200 412
222.69.137.130 - - [03/May/2020:09:16:18 +0800] "GET /xingrg/all/function/internal_message.html?_=1588468574469&CODE_STATE=getMsg HTTP/1.1" 200 27
180.162.232.172 - - [03/May/2020:09:16:20 +0800] "GET /xingrg/kc/buy/cgsh_order_operate.html?command=get_materiel&rest_code=00150&code=00101001010&supplier_code=00100040&order_time=2020-05-03 HTTP/1.1" 200 408
120.253.135.82 - - [03/May/2020:09:16:23 +0800] "GET /xingrg/all/function/internal_message.html?_=1588468715292&CODE_STATE=getMsg HTTP/1.1" 200 27
180.156.150.85 - - [03/May/2020:09:16:23 +0800] "GET /xingrg/kc/buy/cgsh_order_operate.html?command=get_materiel&rest_code=00105&code=00101008010&supplier_code=00100203&order_time=2020-05-03 HTTP/1.1" 200 412
172.17.0.108 - - [03/May/2020:09:16:24 +0800] "GET /xingrg/all/function/internal_message.html?_=1588468577037&CODE_STATE=getMsg HTTP/1.1" 200 27
180.161.113.183 - - [03/May/2020:09:16:27 +0800] "GET /xingrg/all/function/internal_message.html?_=1588468775593&CODE_STATE=getMsg HTTP/1.1" 200 27
117.185.32.26 - - [03/May/2020:09:16:27 +0800] "GET /xingrg/kc/buy/cgsh_order_operate.html?command=get_materiel&rest_code=00106&code=00101008337&supplier_code=00100007&order_time=2020-05-03 HTTP/1.1" 200 408
180.156.150.85 - - [03/May/2020:09:16:29 +0800] "GET /xingrg/all/function/internal_message.html?_=1588468586928&CODE_STATE=getMsg HTTP/1.1" 200 27
180.156.150.85 - - [03/May/2020:09:16:30 +0800] "GET /xingrg/kc/buy/cgsh_order_operate.html?command=get_materiel&rest_code=00105&code=00101008186&supplier_code=00100203&order_time=2020-05-03 HTTP/1.1" 200 408
172.17.0.112 - - [03/May/2020:09:16:31 +0800] "GET /xingrg/check_reg.html?_=1588468588849 HTTP/1.1" 200 22
172.17.0.112 - - [03/May/2020:09:16:31 +0800] "GET /xingrg/all/function/internal_message.html?_=1588468588850&CODE_STATE=getMsg HTTP/1.1" 200 27
116.228.172.94 - - [03/May/2020:09:16:35 +0800] "GET /xingrg/all/function/internal_message.html?_=1588467811279&CODE_STATE=getMsg HTTP/1.1" 200 27
180.156.150.85 - - [03/May/2020:09:16:36 +0800] "GET /xingrg/kc/buy/cgsh_order_operate.html?command=get_materiel&rest_code=00105&code=00101008026&supplier_code=00100203&order_time=2020-05-03 HTTP/1.1" 200 409
117.131.5.26 - - [03/May/2020:09:16:41 +0800] "GET /xingrg/all/function/internal_message.html?_=1588468614593&CODE_STATE=getMsg HTTP/1.1" 200 27
180.156.150.85 - - [03/May/2020:09:16:43 +0800] "GET /xingrg/kc/buy/cgsh_order_operate.html?command=get_materiel&rest_code=00105&code=00101008163&supplier_code=00100203&order_time=2020-05-03 HTTP/1.1" 200 408
117.185.32.26 - - [03/May/2020:09:16:44 +0800] "GET /xingrg/all/function/internal_message.html?_=1588469018823&CODE_STATE=getMsg HTTP/1.1" 200 27
117.185.32.26 - - [03/May/2020:09:16:45 +0800] "GET /xingrg/kc/buy/cgsh_order_operate.html?command=get_materiel&rest_code=00106&code=00101008110&supplier_code=00100007&order_time=2020-05-03 HTTP/1.1" 200 408
180.161.113.183 - - [03/May/2020:09:16:45 +0800] "POST /xingrg/kc/buy/cgsh_order_operate.html HTTP/1.1" 200 37
180.161.113.183 - - [03/May/2020:09:16:46 +0800] "POST /xingrg/kc/buy/cgsh_order_operate.html HTTP/1.1" 200 23919
114.84.32.201 - - [03/May/2020:09:16:46 +0800] "GET /xingrg/javascript/jquery_easy_ui/themes/default/images/tabs_active.png HTTP/1.1" 304 -
114.84.32.201 - - [03/May/2020:09:16:47 +0800] "GET /xingrg/system/rest/query_items.html?_=1588468603759&table=menu&page=1&rows=20&categoryId=&key= HTTP/1.1" 200 4721
114.84.32.201 - - [03/May/2020:09:16:47 +0800] "GET /xingrg/system/rest/query_items.html?_=1588468603783&table=menu&page=1&rows=20&categoryId=&key= HTTP/1.1" 200 4721
180.162.232.172 - - [03/May/2020:09:16:48 +0800] "GET /xingrg/kc/buy/cgsh_order_operate.html?command=get_materiel&rest_code=00150&code=00101001075&supplier_code=00100040&order_time=2020-05-03 HTTP/1.1" 200 409
114.84.33.255 - - [03/May/2020:09:16:49 +0800] "GET /xingrg/all/function/internal_message.html?_=1588468604704&CODE_STATE=getMsg HTTP/1.1" 200 27
58.40.7.146 - - [03/May/2020:09:16:50 +0800] "GET /xingrg/all/function/internal_message.html?_=1588468606473&CODE_STATE=getMsg HTTP/1.1" 200 27
222.70.183.62 - - [03/May/2020:09:16:51 +0800] "GET /xingrg/all/function/internal_message.html?_=1588468947023&CODE_STATE=getMsg HTTP/1.1" 200 27
180.162.232.172 - - [03/May/2020:09:16:51 +0800] "GET /xingrg/all/function/internal_message.html?_=1588468609229&CODE_STATE=getMsg HTTP/1.1" 200 27
117.185.32.26 - - [03/May/2020:09:16:56 +0800] "GET /xingrg/kc/buy/cgsh_order_operate.html?command=get_materiel&rest_code=00106&code=00101008038&supplier_code=00100007&order_time=2020-05-03 HTTP/1.1" 200 412
114.84.33.255 - - [03/May/2020:09:16:57 +0800] "GET /xingrg/all/function/internal_message.html?_=1588468639424&CODE_STATE=getMsg HTTP/1.1" 200 27
114.84.32.201 - - [03/May/2020:09:17:00 +0800] "GET /xingrg/check_reg.html?_=1588468616868 HTTP/1.1" 200 22
172.17.0.185 - - [03/May/2020:09:17:02 +0800] "GET /xingrg/all/function/internal_message.html?_=1588468617575&CODE_STATE=getMsg HTTP/1.1" 200 27
180.156.150.85 - - [03/May/2020:09:17:03 +0800] "GET /xingrg/kc/buy/cgsh_order_operate.html?command=get_materiel&rest_code=00105&code=00101008190&supplier_code=00100203&order_time=2020-05-03 HTTP/1.1" 200 412
117.185.32.26 - - [03/May/2020:09:17:07 +0800] "GET /xingrg/kc/buy/cgsh_order_operate.html?command=get_materiel&rest_code=00106&code=00101008412&supplier_code=00100007&order_time=2020-05-03 HTTP/1.1" 200 399
114.84.32.201 - - [03/May/2020:09:17:14 +0800] "GET /xingrg/check_reg.html?_=1588468630301 HTTP/1.1" 200 22
114.84.32.201 - - [03/May/2020:09:17:14 +0800] "GET /xingrg/all/function/internal_message.html?_=1588468630313&CODE_STATE=getMsg HTTP/1.1" 200 27
222.69.137.130 - - [03/May/2020:09:17:18 +0800] "GET /xingrg/all/function/internal_message.html?_=1588468634471&CODE_STATE=getMsg HTTP/1.1" 200 27
222.69.137.130 - - [03/May/2020:09:17:18 +0800] "GET /xingrg/check_reg.html?_=1588468634482 HTTP/1.1" 200 22
117.185.32.26 - - [03/May/2020:09:17:22 +0800] "GET /xingrg/kc/buy/cgsh_order_operate.html?command=get_materiel&rest_code=00106&code=00101008361&supplier_code=00100007&order_time=2020-05-03 HTTP/1.1" 200 408
114.84.33.255 - - [03/May/2020:09:17:23 +0800] "GET /xingrg/check_reg.html?_=1588468665122 HTTP/1.1" 200 22
120.253.135.82 - - [03/May/2020:09:17:23 +0800] "GET /xingrg/all/function/internal_message.html?_=1588468775304&CODE_STATE=getMsg HTTP/1.1" 200 27
172.17.0.108 - - [03/May/2020:09:17:24 +0800] "GET /xingrg/all/function/internal_message.html?_=1588468637016&CODE_STATE=getMsg HTTP/1.1" 200 27
