114.86.190.97 - - [02/May/2020:10:25:55 +0800] "GET /xingrg/system/rest/query_items.html?_=1588386347533&table=menu&page=1&rows=20&categoryId=&key=%25E6%25AF%258D%25E5%258D%25B7 HTTP/1.1" 200 3918
114.86.190.97 - - [02/May/2020:10:25:58 +0800] "GET /xingrg/system/rest/query_items.html?_=1588386350244&table=menu&page=1&rows=20&categoryId=&key=%25E6%25AF%258D%25E5%258D%25B7 HTTP/1.1" 200 3918
172.17.0.123 - - [02/May/2020:10:25:58 +0800] "GET /xingrg/system/rest/list_page.html?p=down&table=dl_menu HTTP/1.1" 200 20293
172.17.0.123 - - [02/May/2020:10:25:58 +0800] "GET /xingrg/javascript/jquery_easy_ui/themes/icons/edit_add.png HTTP/1.1" 200 1088
172.17.0.123 - - [02/May/2020:10:25:58 +0800] "GET /xingrg/javascript/jquery_easy_ui/themes/icons/edit_remove.png HTTP/1.1" 200 625
172.17.0.123 - - [02/May/2020:10:25:58 +0800] "GET /xingrg/javascript/jquery_easy_ui/themes/default/images/datagrid_header_bg.gif HTTP/1.1" 200 97
172.17.0.123 - - [02/May/2020:10:25:58 +0800] "GET /xingrg/javascript/jquery_easy_ui/themes/default/images/pagination_loading.gif HTTP/1.1" 200 1737
172.17.0.123 - - [02/May/2020:10:25:58 +0800] "GET /xingrg/system/rest/query_items.html?_=1588386351889&table=down&tcode=dl_menu&key= HTTP/1.1" 200 10334
114.86.190.97 - - [02/May/2020:10:25:59 +0800] "GET /xingrg/system/rest/get_item.html?table=menu&id=2084&_=1588386350948 HTTP/1.1" 200 971
114.86.190.97 - - [02/May/2020:10:25:59 +0800] "GET /xingrg/system/rest/get_item.html?table=menu&target=menu_rest&id=2084&_=1588386350966 HTTP/1.1" 200 1143
114.86.190.97 - - [02/May/2020:10:25:59 +0800] "GET /xingrg/system/rest/get_item.html?table=menu&target=cook_mode&id=2084&_=1588386350964 HTTP/1.1" 200 9370
114.86.190.97 - - [02/May/2020:10:25:59 +0800] "GET /xingrg/system/rest/get_infos.html?command=menu_img_show&id=2084 HTTP/1.1" 200 5
114.86.190.97 - - [02/May/2020:10:25:59 +0800] "GET /xingrg/javascript/jquery_easy_ui/themes/default/images/button_plain_hover.png HTTP/1.1" 200 252
116.233.74.189 - - [02/May/2020:10:26:01 +0800] "GET /xingrg/all/function/internal_message.html?_=1588386411140&CODE_STATE=getMsg HTTP/1.1" 200 27
172.17.0.185 - - [02/May/2020:10:26:01 +0800] "GET /xingrg/all/function/internal_message.html?_=1588386357564&CODE_STATE=getMsg HTTP/1.1" 200 27
114.86.190.97 - - [02/May/2020:10:26:02 +0800] "GET /xingrg/system/rest/get_item.html?table=menu&target=menu_rest_detail&id=2084&sid=14&_=1588386354515 HTTP/1.1" 200 426
172.17.0.123 - - [02/May/2020:10:26:02 +0800] "GET /xingrg/system/rest/list_page.html?p=down HTTP/1.1" 200 20275
172.17.0.123 - - [02/May/2020:10:26:03 +0800] "GET /xingrg/system/rest/query_items.html?_=1588386356368&table=down&tcode=&key= HTTP/1.1" 200 10552
61.151.207.158 - - [02/May/2020:10:26:03 +0800] "GET /xingrg/login.html HTTP/1.1" 200 7641
172.17.0.123 - - [02/May/2020:10:26:04 +0800] "GET /xingrg/system/rest/list_page.html?p=down&table=dl_menu HTTP/1.1" 200 20293
172.17.0.123 - - [02/May/2020:10:26:05 +0800] "GET /xingrg/system/rest/query_items.html?_=1588386358352&table=down&tcode=dl_menu&key= HTTP/1.1" 200 10334
114.86.190.97 - - [02/May/2020:10:26:08 +0800] "POST /xingrg/system/rest/edit_item.html HTTP/1.1" 200 4
114.86.190.97 - - [02/May/2020:10:26:08 +0800] "GET /xingrg/system/rest/get_item.html?table=menu&target=menu_rest&id=2084&_=1588386360145 HTTP/1.1" 200 1143
114.84.33.255 - - [02/May/2020:10:26:08 +0800] "GET /xingrg/check_reg.html?_=1588386387403 HTTP/1.1" 200 22
172.17.0.123 - - [02/May/2020:10:26:09 +0800] "GET /xingrg/system/rest/list_page.html?p=down HTTP/1.1" 200 20275
172.17.0.123 - - [02/May/2020:10:26:09 +0800] "GET /xingrg/system/rest/query_items.html?_=1588386362523&table=down&tcode=&key= HTTP/1.1" 200 10552
180.162.232.172 - - [02/May/2020:10:26:09 +0800] "GET /xingrg/check_reg.html?_=1588386367622 HTTP/1.1" 200 22
180.162.232.172 - - [02/May/2020:10:26:09 +0800] "GET /xingrg/all/function/internal_message.html?_=1588386367625&CODE_STATE=getMsg HTTP/1.1" 200 27
114.84.32.201 - - [02/May/2020:10:26:10 +0800] "POST /xingrg/system/rest/edit_item.html HTTP/1.1" 200 4
114.84.32.201 - - [02/May/2020:10:26:10 +0800] "GET /xingrg/system/rest/get_item.html?table=menu&target=menu_rest&id=1965&_=1588386364393 HTTP/1.1" 200 669
180.156.150.85 - - [02/May/2020:10:26:10 +0800] "GET /xingrg/all/function/internal_message.html?_=1588386369560&CODE_STATE=getMsg HTTP/1.1" 200 27
172.17.0.120 - - [02/May/2020:10:26:12 +0800] "GET /xingrg/all/function/internal_message.html?_=1588386367851&CODE_STATE=getMsg HTTP/1.1" 200 27
172.17.0.123 - - [02/May/2020:10:26:12 +0800] "GET /xingrg/javascript/jquery_easy_ui/themes/default/images/pagination_prev.gif HTTP/1.1" 200 879
172.17.0.123 - - [02/May/2020:10:26:12 +0800] "GET /xingrg/javascript/jquery_easy_ui/themes/default/images/pagination_next.gif HTTP/1.1" 200 875
172.17.0.123 - - [02/May/2020:10:26:12 +0800] "GET /xingrg/system/rest/get_item.html?table=down&code=4927f7628b7e46859c045ad661ce4700&_=1588386365962 HTTP/1.1" 200 215
172.17.0.123 - - [02/May/2020:10:26:12 +0800] "POST /xingrg/system/rest/edit_item.html HTTP/1.1" 200 29
172.17.0.123 - - [02/May/2020:10:26:12 +0800] "POST /xingrg/all/common/load_tree.html?tree=area_station_tree_json&defaultRests=1_1,1_3,1_4,1_8,1_7,1_10,1_15 HTTP/1.1" 200 2983
172.17.0.123 - - [02/May/2020:10:26:13 +0800] "POST /xingrg/system/rest/get_infos.html HTTP/1.1" 200 521933
172.17.0.240 - - [02/May/2020:10:26:14 +0800] "GET /xingrg/all/function/internal_message.html?_=1588386369688&CODE_STATE=getMsg HTTP/1.1" 200 27
180.162.232.172 - - [02/May/2020:10:26:18 +0800] "GET /xingrg/all/function/internal_message.html?_=1588386489026&CODE_STATE=getMsg HTTP/1.1" 200 27
114.84.151.157 - - [02/May/2020:10:26:18 +0800] "GET /xingrg/all/function/internal_message.html?_=1588386368825&CODE_STATE=getMsg HTTP/1.1" 200 27
114.86.190.97 - - [02/May/2020:10:26:19 +0800] "GET /xingrg/all/function/internal_message.html?_=1588386385552&CODE_STATE=getMsg HTTP/1.1" 200 27
114.95.157.20 - - [02/May/2020:10:26:19 +0800] "GET /xingrg/all/function/internal_message.html?_=1588386376889&CODE_STATE=getMsg HTTP/1.1" 200 27
114.86.190.97 - - [02/May/2020:10:26:19 +0800] "GET /xingrg/system/rest/query_items.html?_=1588386371661&table=menu&page=1&rows=20&categoryId=&key=%25E6%25A2%2585%25E5%25AD%2590%25E9%25B1%25BC HTTP/1.1" 200 325
114.86.190.97 - - [02/May/2020:10:26:21 +0800] "GET /xingrg/system/rest/query_items.html?_=1588386373174&table=menu&page=1&rows=20&categoryId=&key=%25E6%25A2%2585%25E5%25AD%2590%25E9%25B1%25BC HTTP/1.1" 200 325
114.86.190.97 - - [02/May/2020:10:26:21 +0800] "GET /xingrg/system/rest/get_item.html?table=menu&id=1954&_=1588386373597 HTTP/1.1" 200 1026
114.86.190.97 - - [02/May/2020:10:26:21 +0800] "GET /xingrg/system/rest/get_item.html?table=menu&target=menu_rest&id=1954&_=1588386373616 HTTP/1.1" 200 1064
114.86.190.97 - - [02/May/2020:10:26:21 +0800] "GET /xingrg/system/rest/get_item.html?table=menu&target=cook_mode&id=1954&_=1588386373614 HTTP/1.1" 200 6954
222.69.135.34 - - [02/May/2020:10:26:22 +0800] "GET /xingrg/all/function/internal_message.html?_=1588386372194&CODE_STATE=getMsg HTTP/1.1" 200 27
222.69.135.34 - - [02/May/2020:10:26:22 +0800] "GET /xingrg/check_reg.html?_=1588386372196 HTTP/1.1" 200 22
114.86.190.97 - - [02/May/2020:10:26:22 +0800] "GET /xingrg/system/rest/get_infos.html?command=menu_img_show&id=1954 HTTP/1.1" 200 5
172.17.0.108 - - [02/May/2020:10:26:22 +0800] "GET /xingrg/kc/buy/cgsh_order_operate.html?command=get_materiel&rest_code=00147&code=00101008110&supplier_code=00100007&order_time=2020-04-30 HTTP/1.1" 200 408
114.86.190.97 - - [02/May/2020:10:26:23 +0800] "GET /xingrg/system/rest/get_item.html?table=menu&target=menu_rest_detail&id=1954&sid=14&_=1588386375483 HTTP/1.1" 200 426
114.84.32.201 - - [02/May/2020:10:26:23 +0800] "GET /xingrg/all/function/internal_message.html?_=1588386377862&CODE_STATE=getMsg HTTP/1.1" 200 27
114.84.32.201 - - [02/May/2020:10:26:23 +0800] "GET /xingrg/check_reg.html?_=1588386377865 HTTP/1.1" 200 22
172.17.0.112 - - [02/May/2020:10:26:24 +0800] "GET /xingrg/all/function/internal_message.html?_=1588386381943&CODE_STATE=getMsg HTTP/1.1" 200 27
114.84.32.201 - - [02/May/2020:10:26:25 +0800] "GET /xingrg/system/rest/query_items.html?_=1588386378979&table=menu&page=1&rows=20&categoryId=&key=%25E8%258A%25B1%25E8%259E%25BA HTTP/1.1" 200 1050
172.17.0.112 - - [02/May/2020:10:26:27 +0800] "GET /xingrg/kc/base/yddb_order_info.html?code=482020040200005 HTTP/1.1" 200 29770
172.17.0.112 - - [02/May/2020:10:26:27 +0800] "GET /xingrg/dwr/interface/AjaxYddbService.js HTTP/1.1" 200 13201
172.17.0.112 - - [02/May/2020:10:26:27 +0800] "GET /xingrg/dwr/interface/AjaxComOrderService.js HTTP/1.1" 200 18264
172.17.0.112 - - [02/May/2020:10:26:27 +0800] "GET /xingrg/dwr/engine.js HTTP/1.1" 200 43631
114.86.190.97 - - [02/May/2020:10:26:28 +0800] "POST /xingrg/system/rest/edit_item.html HTTP/1.1" 200 4
114.86.190.97 - - [02/May/2020:10:26:29 +0800] "GET /xingrg/system/rest/get_item.html?table=menu&target=menu_rest&id=1954&_=1588386380934 HTTP/1.1" 200 1064
114.84.32.201 - - [02/May/2020:10:26:29 +0800] "GET /xingrg/system/rest/get_item.html?table=menu&id=1363&_=1588386383172 HTTP/1.1" 200 941
114.84.32.201 - - [02/May/2020:10:26:29 +0800] "GET /xingrg/system/rest/get_item.html?table=menu&target=menu_rest&id=1363&_=1588386383190 HTTP/1.1" 200 167
114.84.32.201 - - [02/May/2020:10:26:29 +0800] "GET /xingrg/system/rest/get_item.html?table=menu&target=cook_mode&id=1363&_=1588386383187 HTTP/1.1" 200 68
114.84.32.201 - - [02/May/2020:10:26:29 +0800] "GET /xingrg/system/rest/get_infos.html?command=menu_img_show&id=1363 HTTP/1.1" 200 5
172.17.0.240 - - [02/May/2020:10:26:30 +0800] "GET /xingrg/all/function/internal_message.html?_=1588386385280&CODE_STATE=getMsg HTTP/1.1" 200 27
117.185.32.26 - - [02/May/2020:10:26:30 +0800] "GET /xingrg/all/function/internal_message.html?_=1588386385572&CODE_STATE=getMsg HTTP/1.1" 200 27
114.84.33.255 - - [02/May/2020:10:26:32 +0800] "GET /xingrg/all/function/internal_message.html?_=1588386386061&CODE_STATE=getMsg HTTP/1.1" 200 27
124.77.110.230 - - [02/May/2020:10:26:36 +0800] "GET /xingrg/all/function/internal_message.html?_=1588386393543&CODE_STATE=getMsg HTTP/1.1" 200 27
114.84.33.255 - - [02/May/2020:10:26:36 +0800] "GET /xingrg/all/function/internal_message.html?_=1588386414812&CODE_STATE=getMsg HTTP/1.1" 200 27
172.17.0.123 - - [02/May/2020:10:26:38 +0800] "POST /xingrg/system/rest/search_item.html HTTP/1.1" 200 232
172.17.0.108 - - [02/May/2020:10:26:39 +0800] "GET /xingrg/kc/buy/cgsh_order_operate.html?command=get_materiel&rest_code=00147&code=00101008199&supplier_code=00100007&order_time=2020-04-30 HTTP/1.1" 200 408
114.86.190.97 - - [02/May/2020:10:26:39 +0800] "GET /xingrg/system/rest/query_items.html?_=1588386391436&table=menu&page=1&rows=20&categoryId=&key=%25E5%25B0%258F%25E7%2599%25BD HTTP/1.1" 200 1684
114.86.190.97 - - [02/May/2020:10:26:40 +0800] "GET /xingrg/all/function/internal_message.html?_=1588386392657&CODE_STATE=getMsg HTTP/1.1" 200 27
172.17.0.240 - - [02/May/2020:10:26:41 +0800] "POST /xingrg/system/rest/search_item.html HTTP/1.1" 200 223
117.131.5.26 - - [02/May/2020:10:26:41 +0800] "GET /xingrg/all/function/internal_message.html?_=1588386413406&CODE_STATE=getMsg HTTP/1.1" 200 27
180.161.113.183 - - [02/May/2020:10:26:41 +0800] "GET /xingrg/all/function/internal_message.html?_=1588386590382&CODE_STATE=getMsg HTTP/1.1" 200 27
114.86.190.97 - - [02/May/2020:10:26:41 +0800] "GET /xingrg/system/rest/query_items.html?_=1588386393496&table=menu&page=1&rows=20&categoryId=&key=%25E5%25B0%258F%25E7%2599%25BD HTTP/1.1" 200 1684
114.86.190.97 - - [02/May/2020:10:26:42 +0800] "GET /xingrg/system/rest/get_item.html?table=menu&id=1931&_=1588386394051 HTTP/1.1" 200 944
114.86.190.97 - - [02/May/2020:10:26:42 +0800] "GET /xingrg/system/rest/get_item.html?table=menu&target=menu_rest&id=1931&_=1588386394068 HTTP/1.1" 200 885
114.86.190.97 - - [02/May/2020:10:26:42 +0800] "GET /xingrg/system/rest/get_item.html?table=menu&target=cook_mode&id=1931&_=1588386394067 HTTP/1.1" 200 17346
172.17.0.123 - - [02/May/2020:10:26:42 +0800] "POST /xingrg/system/rest/search_item.html HTTP/1.1" 200 241
114.86.190.97 - - [02/May/2020:10:26:42 +0800] "GET /xingrg/system/rest/get_infos.html?command=menu_img_show&id=1931 HTTP/1.1" 200 5
58.40.7.146 - - [02/May/2020:10:26:43 +0800] "GET /xingrg/all/function/internal_message.html?_=1588386399592&CODE_STATE=getMsg HTTP/1.1" 200 27
58.40.7.146 - - [02/May/2020:10:26:43 +0800] "GET /xingrg/all/function/internal_message.html?_=1588386399743&CODE_STATE=getMsg HTTP/1.1" 200 27
114.86.190.97 - - [02/May/2020:10:26:44 +0800] "GET /xingrg/system/rest/get_item.html?table=menu&target=menu_rest_detail&id=1931&sid=14&_=1588386396310 HTTP/1.1" 200 439
222.70.183.62 - - [02/May/2020:10:26:44 +0800] "GET /xingrg/all/function/internal_message.html?_=1588386741371&CODE_STATE=getMsg HTTP/1.1" 200 27
172.17.0.240 - - [02/May/2020:10:26:45 +0800] "POST /xingrg/system/rest/search_item.html HTTP/1.1" 200 243
172.17.0.123 - - [02/May/2020:10:26:46 +0800] "POST /xingrg/system/rest/search_item.html HTTP/1.1" 200 243
172.17.0.123 - - [02/May/2020:10:26:47 +0800] "GET /xingrg/all/function/internal_message.html?_=1588386400888&CODE_STATE=getMsg HTTP/1.1" 200 27
172.17.0.108 - - [02/May/2020:10:26:50 +0800] "POST /xingrg/kc/buy/cgsh_order_operate.html HTTP/1.1" 200 2065
114.86.190.97 - - [02/May/2020:10:26:51 +0800] "POST /xingrg/system/rest/edit_item.html HTTP/1.1" 200 4
114.86.190.97 - - [02/May/2020:10:26:51 +0800] "GET /xingrg/system/rest/get_item.html?table=menu&target=menu_rest&id=1931&_=1588386403278 HTTP/1.1" 200 885
180.161.113.183 - - [02/May/2020:10:26:52 +0800] "GET /xingrg/check_reg.html?_=1588386410927 HTTP/1.1" 200 22
180.161.113.183 - - [02/May/2020:10:26:52 +0800] "GET /xingrg/all/function/internal_message.html?_=1588386410978&CODE_STATE=getMsg HTTP/1.1" 200 27
172.17.0.101 - - [02/May/2020:10:26:52 +0800] "GET /xingrg/all/function/internal_message.html?_=1588386416378&CODE_STATE=getMsg HTTP/1.1" 200 27
124.77.110.230 - - [02/May/2020:10:26:52 +0800] "GET /xingrg/all/function/internal_message.html?_=1588386407748&CODE_STATE=getMsg HTTP/1.1" 200 27
172.17.0.108 - - [02/May/2020:10:26:53 +0800] "GET /xingrg/all/function/internal_message.html?_=1588386408520&CODE_STATE=getMsg HTTP/1.1" 200 27
172.17.0.108 - - [02/May/2020:10:26:55 +0800] "GET /xingrg/kc/buy/cgsh_order_operate.html?command=get_materiel&rest_code=00147&code=00101008236&supplier_code=00100007&order_time=2020-04-30 HTTP/1.1" 200 416
172.17.0.123 - - [02/May/2020:10:26:57 +0800] "POST /xingrg/system/rest/search_item.html HTTP/1.1" 200 221
114.86.190.97 - - [02/May/2020:10:26:58 +0800] "GET /xingrg/system/rest/query_items.html?_=1588386410820&table=menu&page=1&rows=20&categoryId=&key=%25E6%259D%2582%25E9%25B1%25BC HTTP/1.1" 200 1990
116.233.74.189 - - [02/May/2020:10:26:59 +0800] "GET /xingrg/all/function/internal_message.html?_=1588386471156&CODE_STATE=getMsg HTTP/1.1" 200 27
114.86.190.97 - - [02/May/2020:10:27:00 +0800] "GET /xingrg/system/rest/query_items.html?_=1588386412294&table=menu&page=1&rows=20&categoryId=&key=%25E6%259D%2582%25E9%25B1%25BC HTTP/1.1" 200 1990
172.17.0.112 - - [02/May/2020:10:27:00 +0800] "GET /xingrg/kc/base/yddb_order_info.html?code=482020041600062 HTTP/1.1" 200 29810
172.17.0.112 - - [02/May/2020:10:27:00 +0800] "GET /xingrg/dwr/interface/AjaxComOrderService.js HTTP/1.1" 200 18264
172.17.0.112 - - [02/May/2020:10:27:00 +0800] "GET /xingrg/dwr/interface/AjaxYddbService.js HTTP/1.1" 200 13201
172.17.0.112 - - [02/May/2020:10:27:00 +0800] "GET /xingrg/dwr/engine.js HTTP/1.1" 200 43631
114.86.190.97 - - [02/May/2020:10:27:00 +0800] "GET /xingrg/system/rest/get_item.html?table=menu&id=1965&_=1588386412798 HTTP/1.1" 200 969
114.86.190.97 - - [02/May/2020:10:27:00 +0800] "GET /xingrg/system/rest/get_item.html?table=menu&target=menu_rest&id=1965&_=1588386412818 HTTP/1.1" 200 669
114.86.190.97 - - [02/May/2020:10:27:00 +0800] "GET /xingrg/system/rest/get_item.html?table=menu&target=cook_mode&id=1965&_=1588386412816 HTTP/1.1" 200 6235
114.86.190.97 - - [02/May/2020:10:27:01 +0800] "GET /xingrg/system/rest/get_infos.html?command=menu_img_show&id=1965 HTTP/1.1" 200 5
172.17.0.185 - - [02/May/2020:10:27:01 +0800] "GET /xingrg/all/function/internal_message.html?_=1588386417573&CODE_STATE=getMsg HTTP/1.1" 200 27
114.84.32.201 - - [02/May/2020:10:27:01 +0800] "GET /xingrg/system/rest/get_item.html?table=menu&id=2054&_=1588386415897 HTTP/1.1" 200 1006
114.84.32.201 - - [02/May/2020:10:27:01 +0800] "GET /xingrg/system/rest/get_item.html?table=menu&target=menu_rest&id=2054&_=1588386415911 HTTP/1.1" 200 775
114.84.32.201 - - [02/May/2020:10:27:01 +0800] "GET /xingrg/system/rest/get_item.html?table=menu&target=cook_mode&id=2054&_=1588386415910 HTTP/1.1" 200 10645
114.84.32.201 - - [02/May/2020:10:27:02 +0800] "GET /xingrg/system/rest/get_infos.html?command=menu_img_show&id=2054 HTTP/1.1" 200 5
180.161.113.183 - - [02/May/2020:10:27:03 +0800] "POST /xingrg/kc/buy/cgsh_list_operate.html HTTP/1.1" 200 5778
114.86.190.97 - - [02/May/2020:10:27:03 +0800] "GET /xingrg/system/rest/get_item.html?table=menu&target=menu_rest_detail&id=1965&sid=14&_=1588386415294 HTTP/1.1" 200 426
172.17.0.123 - - [02/May/2020:10:27:03 +0800] "POST /xingrg/system/rest/search_item.html HTTP/1.1" 200 243
172.17.0.112 - - [02/May/2020:10:27:03 +0800] "GET /xingrg/kc/base/yddb_order_info.html?code=482020040200005 HTTP/1.1" 200 29770
172.17.0.112 - - [02/May/2020:10:27:03 +0800] "GET /xingrg/dwr/interface/AjaxComOrderService.js HTTP/1.1" 200 18264
172.17.0.112 - - [02/May/2020:10:27:03 +0800] "GET /xingrg/dwr/interface/AjaxYddbService.js HTTP/1.1" 200 13201
172.17.0.112 - - [02/May/2020:10:27:03 +0800] "GET /xingrg/dwr/engine.js HTTP/1.1" 200 43631
180.162.232.172 - - [02/May/2020:10:27:05 +0800] "GET /xingrg/check_reg.html?_=1588386536172 HTTP/1.1" 200 22
114.84.32.201 - - [02/May/2020:10:27:08 +0800] "GET /xingrg/system/rest/get_item.html?table=menu&target=menu_rest_detail&id=2054&sid=12&_=1588386421948 HTTP/1.1" 200 427
114.86.190.97 - - [02/May/2020:10:27:08 +0800] "POST /xingrg/system/rest/edit_item.html HTTP/1.1" 200 4
114.86.190.97 - - [02/May/2020:10:27:08 +0800] "GET /xingrg/system/rest/get_item.html?table=menu&target=menu_rest&id=1965&_=1588386420730 HTTP/1.1" 200 669
180.162.232.172 - - [02/May/2020:10:27:09 +0800] "GET /xingrg/all/function/internal_message.html?_=1588386427627&CODE_STATE=getMsg HTTP/1.1" 200 27
172.17.0.108 - - [02/May/2020:10:27:10 +0800] "GET /xingrg/kc/buy/cgsh_order_operate.html?command=get_materiel&rest_code=00147&code=00101015038&supplier_code=00100007&order_time=2020-04-30 HTTP/1.1" 200 419
180.156.150.85 - - [02/May/2020:10:27:10 +0800] "GET /xingrg/all/function/internal_message.html?_=1588386429561&CODE_STATE=getMsg HTTP/1.1" 200 27
183.192.164.85 - - [02/May/2020:10:27:11 +0800] "GET /xingrg/all/function/internal_message.html?_=1588385725571&CODE_STATE=getMsg HTTP/1.1" 302 -
172.17.0.120 - - [02/May/2020:10:27:12 +0800] "GET /xingrg/all/function/internal_message.html?_=1588386427837&CODE_STATE=getMsg HTTP/1.1" 200 27
172.17.0.240 - - [02/May/2020:10:27:14 +0800] "POST /xingrg/system/rest/search_item.html HTTP/1.1" 200 232
172.17.0.240 - - [02/May/2020:10:27:14 +0800] "GET /xingrg/check_reg.html?_=1588386429685 HTTP/1.1" 200 22
172.17.0.240 - - [02/May/2020:10:27:14 +0800] "GET /xingrg/all/function/internal_message.html?_=1588386429686&CODE_STATE=getMsg HTTP/1.1" 200 27
172.17.0.123 - - [02/May/2020:10:27:17 +0800] "POST /xingrg/system/rest/edit_item.html HTTP/1.1" 200 32
172.17.0.123 - - [02/May/2020:10:27:17 +0800] "POST /xingrg/system/rest/edit_item.html HTTP/1.1" 200 -
172.17.0.123 - - [02/May/2020:10:27:17 +0800] "POST /xingrg/system/rest/edit_item.html HTTP/1.1" 200 32
172.17.0.123 - - [02/May/2020:10:27:17 +0800] "GET /xingrg/system/rest/get_item.html?table=down&code=4927f7628b7e46859c045ad661ce4700&_=1588386430761 HTTP/1.1" 200 215
180.162.232.172 - - [02/May/2020:10:27:18 +0800] "GET /xingrg/all/function/internal_message.html?_=1588386549038&CODE_STATE=getMsg HTTP/1.1" 200 27
114.84.151.157 - - [02/May/2020:10:27:18 +0800] "GET /xingrg/all/function/internal_message.html?_=1588386428824&CODE_STATE=getMsg HTTP/1.1" 200 27
172.17.0.123 - - [02/May/2020:10:27:18 +0800] "GET /xingrg/system/rest/query_items.html?_=1588386431696&table=down&tcode=&key= HTTP/1.1" 200 10552
183.192.164.85 - - [02/May/2020:10:27:18 +0800] "GET /xingrg/login.html HTTP/1.1" 200 7641
172.17.0.123 - - [02/May/2020:10:27:18 +0800] "POST /xingrg/system/rest/edit_item.html HTTP/1.1" 200 29
114.86.190.97 - - [02/May/2020:10:27:18 +0800] "GET /xingrg/system/rest/query_items.html?_=1588386430708&table=menu&page=1&rows=20&categoryId=&key=%25E5%25B8%25A6%25E9%25B1%25BC HTTP/1.1" 200 3070
172.17.0.123 - - [02/May/2020:10:27:19 +0800] "POST /xingrg/system/rest/get_infos.html HTTP/1.1" 200 521951
172.17.0.123 - - [02/May/2020:10:27:19 +0800] "POST /xingrg/all/common/load_tree.html?tree=area_station_tree_json&defaultRests=1_1,1_3,1_4,1_8,1_7,1_10,1_15 HTTP/1.1" 200 2983
114.95.157.20 - - [02/May/2020:10:27:19 +0800] "GET /xingrg/all/function/internal_message.html?_=1588386436862&CODE_STATE=getMsg HTTP/1.1" 200 27
114.86.190.97 - - [02/May/2020:10:27:19 +0800] "GET /xingrg/all/function/internal_message.html?_=1588386445565&CODE_STATE=getMsg HTTP/1.1" 200 27
172.17.0.240 - - [02/May/2020:10:27:20 +0800] "POST /xingrg/system/rest/search_item.html HTTP/1.1" 200 221
114.86.190.97 - - [02/May/2020:10:27:21 +0800] "GET /xingrg/system/rest/query_items.html?_=1588386433778&table=menu&page=1&rows=20&categoryId=&key=%25E5%25B8%25A6%25E9%25B1%25BC HTTP/1.1" 200 3070
222.69.135.34 - - [02/May/2020:10:27:22 +0800] "GET /xingrg/all/function/internal_message.html?_=1588386432205&CODE_STATE=getMsg HTTP/1.1" 200 27
114.84.32.201 - - [02/May/2020:10:27:23 +0800] "GET /xingrg/all/function/internal_message.html?_=1588386437864&CODE_STATE=getMsg HTTP/1.1" 200 27
114.86.190.97 - - [02/May/2020:10:27:24 +0800] "GET /xingrg/system/rest/get_item.html?table=menu&id=1932&_=1588386436271 HTTP/1.1" 200 938
114.86.190.97 - - [02/May/2020:10:27:24 +0800] "GET /xingrg/system/rest/get_item.html?table=menu&target=menu_rest&id=1932&_=1588386436287 HTTP/1.1" 200 756
114.86.190.97 - - [02/May/2020:10:27:24 +0800] "GET /xingrg/system/rest/get_item.html?table=menu&target=cook_mode&id=1932&_=1588386436286 HTTP/1.1" 200 15037
172.17.0.112 - - [02/May/2020:10:27:24 +0800] "GET /xingrg/all/function/internal_message.html?_=1588386441951&CODE_STATE=getMsg HTTP/1.1" 200 27
172.17.0.112 - - [02/May/2020:10:27:24 +0800] "GET /xingrg/check_reg.html?_=1588386441954 HTTP/1.1" 200 22
172.17.0.240 - - [02/May/2020:10:27:24 +0800] "POST /xingrg/system/rest/search_item.html HTTP/1.1" 200 241
114.86.190.97 - - [02/May/2020:10:27:24 +0800] "GET /xingrg/system/rest/get_infos.html?command=menu_img_show&id=1932 HTTP/1.1" 200 5
172.17.0.123 - - [02/May/2020:10:27:25 +0800] "POST /xingrg/system/rest/search_item.html HTTP/1.1" 200 252
114.84.32.201 - - [02/May/2020:10:27:25 +0800] "GET /xingrg/system/rest/query_items.html?_=1588386439413&table=menu&page=1&rows=20&categoryId=&key=%25E6%25B5%25B7%25E8%2582%25A0 HTTP/1.1" 200 248
114.86.190.97 - - [02/May/2020:10:27:26 +0800] "GET /xingrg/system/rest/get_item.html?table=menu&target=menu_rest_detail&id=1932&sid=14&_=1588386438421 HTTP/1.1" 200 426
172.17.0.240 - - [02/May/2020:10:27:29 +0800] "POST /xingrg/system/rest/search_item.html HTTP/1.1" 200 215
172.17.0.123 - - [02/May/2020:10:27:29 +0800] "POST /xingrg/system/rest/search_item.html HTTP/1.1" 200 230
114.84.32.201 - - [02/May/2020:10:27:30 +0800] "GET /xingrg/system/rest/get_item.html?table=menu&id=2090&_=1588386444128 HTTP/1.1" 200 935
114.84.32.201 - - [02/May/2020:10:27:30 +0800] "GET /xingrg/system/rest/get_item.html?table=menu&target=menu_rest&id=2090&_=1588386444146 HTTP/1.1" 200 551
114.84.32.201 - - [02/May/2020:10:27:30 +0800] "GET /xingrg/system/rest/get_item.html?table=menu&target=cook_mode&id=2090&_=1588386444145 HTTP/1.1" 200 9336
172.17.0.112 - - [02/May/2020:10:27:30 +0800] "POST /xingrg/all/common/list_setting.html HTTP/1.1" 200 4094
172.17.0.112 - - [02/May/2020:10:27:30 +0800] "GET /xingrg/javascript/easyui/plugins/jquery.draggable.js HTTP/1.1" 200 6121
172.17.0.112 - - [02/May/2020:10:27:30 +0800] "GET /xingrg/javascript/easyui/plugins/jquery.droppable.js HTTP/1.1" 200 1167
172.17.0.240 - - [02/May/2020:10:27:30 +0800] "GET /xingrg/all/function/internal_message.html?_=1588386445267&CODE_STATE=getMsg HTTP/1.1" 200 27
117.185.32.26 - - [02/May/2020:10:27:30 +0800] "GET /xingrg/all/function/internal_message.html?_=1588386445574&CODE_STATE=getMsg HTTP/1.1" 200 27
114.84.32.201 - - [02/May/2020:10:27:30 +0800] "GET /xingrg/system/rest/get_infos.html?command=menu_img_show&id=2090 HTTP/1.1" 200 5
114.84.33.255 - - [02/May/2020:10:27:33 +0800] "GET /xingrg/all/function/internal_message.html?_=1588386446080&CODE_STATE=getMsg HTTP/1.1" 200 27
172.17.0.240 - - [02/May/2020:10:27:33 +0800] "POST /xingrg/system/rest/search_item.html HTTP/1.1" 200 216
114.84.32.201 - - [02/May/2020:10:27:34 +0800] "GET /xingrg/system/rest/get_item.html?table=menu&target=menu_rest_detail&id=2090&sid=12&_=1588386448298 HTTP/1.1" 200 426
172.17.0.123 - - [02/May/2020:10:27:35 +0800] "POST /xingrg/system/rest/search_item.html HTTP/1.1" 200 241
124.77.110.230 - - [02/May/2020:10:27:36 +0800] "GET /xingrg/all/function/internal_message.html?_=1588386453552&CODE_STATE=getMsg HTTP/1.1" 200 27
114.84.33.255 - - [02/May/2020:10:27:36 +0800] "GET /xingrg/all/function/internal_message.html?_=1588386474825&CODE_STATE=getMsg HTTP/1.1" 200 27
172.17.0.240 - - [02/May/2020:10:27:38 +0800] "POST /xingrg/system/rest/search_item.html HTTP/1.1" 200 234
172.17.0.123 - - [02/May/2020:10:27:40 +0800] "POST /xingrg/system/rest/search_item.html HTTP/1.1" 200 241
172.17.0.123 - - [02/May/2020:10:27:40 +0800] "POST /xingrg/system/rest/search_item.html HTTP/1.1" 200 241
114.86.190.97 - - [02/May/2020:10:27:40 +0800] "GET /xingrg/all/function/internal_message.html?_=1588386452659&CODE_STATE=getMsg HTTP/1.1" 200 27
172.17.0.123 - - [02/May/2020:10:27:41 +0800] "POST /xingrg/system/rest/search_item.html HTTP/1.1" 200 241
117.131.5.26 - - [02/May/2020:10:27:41 +0800] "GET /xingrg/all/function/internal_message.html?_=1588386473406&CODE_STATE=getMsg HTTP/1.1" 200 27
180.161.113.183 - - [02/May/2020:10:27:41 +0800] "GET /xingrg/all/function/internal_message.html?_=1588386650660&CODE_STATE=getMsg HTTP/1.1" 200 27
172.17.0.112 - - [02/May/2020:10:27:41 +0800] "POST /xingrg/kc/base/yddb_list_operate.html HTTP/1.1" 200 2768
58.40.7.146 - - [02/May/2020:10:27:43 +0800] "GET /xingrg/all/function/internal_message.html?_=1588386459596&CODE_STATE=getMsg HTTP/1.1" 200 27
58.40.7.146 - - [02/May/2020:10:27:43 +0800] "GET /xingrg/all/function/internal_message.html?_=1588386459738&CODE_STATE=getMsg HTTP/1.1" 200 27
172.17.0.240 - - [02/May/2020:10:27:43 +0800] "POST /xingrg/system/rest/search_item.html HTTP/1.1" 200 226
172.17.0.112 - - [02/May/2020:10:27:44 +0800] "POST /xingrg/kc/base/yddb_list_operate.html HTTP/1.1" 200 2768
222.70.183.62 - - [02/May/2020:10:27:44 +0800] "GET /xingrg/all/function/internal_message.html?_=1588386801341&CODE_STATE=getMsg HTTP/1.1" 200 27
172.17.0.123 - - [02/May/2020:10:27:44 +0800] "POST /xingrg/system/rest/edit_item.html HTTP/1.1" 200 32
172.17.0.123 - - [02/May/2020:10:27:44 +0800] "POST /xingrg/system/rest/edit_item.html HTTP/1.1" 200 -
172.17.0.123 - - [02/May/2020:10:27:44 +0800] "POST /xingrg/system/rest/edit_item.html HTTP/1.1" 200 32
172.17.0.123 - - [02/May/2020:10:27:44 +0800] "GET /xingrg/system/rest/get_item.html?table=down&code=4927f7628b7e46859c045ad661ce4700&_=1588386457845 HTTP/1.1" 200 215
172.17.0.123 - - [02/May/2020:10:27:46 +0800] "GET /xingrg/system/rest/query_items.html?_=1588386459236&table=down&tcode=&key= HTTP/1.1" 200 10552
172.17.0.123 - - [02/May/2020:10:27:46 +0800] "POST /xingrg/system/rest/edit_item.html HTTP/1.1" 200 29
172.17.0.123 - - [02/May/2020:10:27:46 +0800] "POST /xingrg/all/common/load_tree.html?tree=area_station_tree_json&defaultRests=1_1,1_3,1_4,1_8,1_7,1_10,1_15 HTTP/1.1" 200 2983
172.17.0.123 - - [02/May/2020:10:27:46 +0800] "POST /xingrg/system/rest/get_infos.html HTTP/1.1" 200 521960
172.17.0.240 - - [02/May/2020:10:27:48 +0800] "POST /xingrg/system/rest/search_item.html HTTP/1.1" 200 239
172.17.0.123 - - [02/May/2020:10:27:50 +0800] "GET /xingrg/all/function/internal_message.html?_=1588386463420&CODE_STATE=getMsg HTTP/1.1" 200 27
114.84.32.201 - - [02/May/2020:10:27:51 +0800] "GET /xingrg/system/rest/query_items.html?_=1588386465207&table=menu&page=1&rows=20&categoryId=&key=%25E6%25AF%258D%25E5%258D%25B7 HTTP/1.1" 200 3918
180.161.113.183 - - [02/May/2020:10:27:52 +0800] "GET /xingrg/all/function/internal_message.html?_=1588386470992&CODE_STATE=getMsg HTTP/1.1" 200 27
172.17.0.101 - - [02/May/2020:10:27:52 +0800] "GET /xingrg/all/function/internal_message.html?_=1588386476380&CODE_STATE=getMsg HTTP/1.1" 200 27
124.77.110.230 - - [02/May/2020:10:27:52 +0800] "GET /xingrg/all/function/internal_message.html?_=1588386467732&CODE_STATE=getMsg HTTP/1.1" 200 27
172.17.0.108 - - [02/May/2020:10:27:53 +0800] "GET /xingrg/all/function/internal_message.html?_=1588386468457&CODE_STATE=getMsg HTTP/1.1" 200 27
172.17.0.240 - - [02/May/2020:10:27:53 +0800] "POST /xingrg/system/rest/search_item.html HTTP/1.1" 200 245
172.17.0.123 - - [02/May/2020:10:27:57 +0800] "POST /xingrg/system/rest/search_item.html HTTP/1.1" 200 215
114.84.32.201 - - [02/May/2020:10:27:57 +0800] "GET /xingrg/system/rest/get_item.html?table=menu&id=2084&_=1588386471406 HTTP/1.1" 200 971
114.84.32.201 - - [02/May/2020:10:27:57 +0800] "GET /xingrg/system/rest/get_item.html?table=menu&target=menu_rest&id=2084&_=1588386471422 HTTP/1.1" 200 1143
114.84.32.201 - - [02/May/2020:10:27:57 +0800] "GET /xingrg/system/rest/get_item.html?table=menu&target=cook_mode&id=2084&_=1588386471422 HTTP/1.1" 200 9370
172.17.0.240 - - [02/May/2020:10:27:57 +0800] "POST /xingrg/system/rest/search_item.html HTTP/1.1" 200 237
114.84.32.201 - - [02/May/2020:10:27:58 +0800] "GET /xingrg/system/rest/get_infos.html?command=menu_img_show&id=2084 HTTP/1.1" 200 5
116.233.74.189 - - [02/May/2020:10:27:58 +0800] "GET /xingrg/all/function/internal_message.html?_=1588386531147&CODE_STATE=getMsg HTTP/1.1" 200 27
172.17.0.123 - - [02/May/2020:10:28:00 +0800] "POST /xingrg/system/rest/edit_item.html HTTP/1.1" 200 32
172.17.0.123 - - [02/May/2020:10:28:00 +0800] "POST /xingrg/system/rest/edit_item.html HTTP/1.1" 200 -
172.17.0.123 - - [02/May/2020:10:28:00 +0800] "POST /xingrg/system/rest/edit_item.html HTTP/1.1" 200 32
172.17.0.123 - - [02/May/2020:10:28:00 +0800] "GET /xingrg/system/rest/get_item.html?table=down&code=4927f7628b7e46859c045ad661ce4700&_=1588386473736 HTTP/1.1" 200 215
172.17.0.185 - - [02/May/2020:10:28:01 +0800] "GET /xingrg/all/function/internal_message.html?_=1588386477562&CODE_STATE=getMsg HTTP/1.1" 200 27
172.17.0.185 - - [02/May/2020:10:28:01 +0800] "GET /xingrg/check_reg.html?_=1588386477569 HTTP/1.1" 200 22
172.17.0.123 - - [02/May/2020:10:28:03 +0800] "GET /xingrg/system/rest/query_items.html?_=1588386476299&table=down&tcode=&key= HTTP/1.1" 200 10552
114.86.190.97 - - [02/May/2020:10:28:03 +0800] "POST /xingrg/system/rest/edit_item.html HTTP/1.1" 200 4
114.86.190.97 - - [02/May/2020:10:28:03 +0800] "GET /xingrg/system/rest/get_item.html?table=menu&target=menu_rest&id=1932&_=1588386475170 HTTP/1.1" 200 756
172.17.0.123 - - [02/May/2020:10:28:03 +0800] "POST /xingrg/system/rest/edit_item.html HTTP/1.1" 200 29
172.17.0.123 - - [02/May/2020:10:28:03 +0800] "POST /xingrg/system/rest/get_infos.html HTTP/1.1" 200 521969
172.17.0.123 - - [02/May/2020:10:28:03 +0800] "POST /xingrg/all/common/load_tree.html?tree=area_station_tree_json&defaultRests=1_1,1_3,1_4,1_8,1_7,1_10,1_15 HTTP/1.1" 200 2983
172.17.0.240 - - [02/May/2020:10:28:04 +0800] "POST /xingrg/system/rest/search_item.html HTTP/1.1" 200 218
172.17.0.108 - - [02/May/2020:10:28:06 +0800] "GET /xingrg/kc/buy/cgsh_order_operate.html?command=get_materiel&rest_code=00147&code=00101015046&supplier_code=00100007&order_time=2020-04-30 HTTP/1.1" 200 413
183.192.164.90 - - [02/May/2020:10:28:06 +0800] "GET /xingrg/all/function/internal_message.html?_=1588385785569&CODE_STATE=getMsg HTTP/1.1" 302 -
114.84.32.201 - - [02/May/2020:10:28:09 +0800] "GET /xingrg/system/rest/get_item.html?table=menu&target=menu_rest_detail&id=2084&sid=12&_=1588386483206 HTTP/1.1" 200 426
180.162.232.172 - - [02/May/2020:10:28:09 +0800] "GET /xingrg/all/function/internal_message.html?_=1588386487627&CODE_STATE=getMsg HTTP/1.1" 200 27
172.17.0.240 - - [02/May/2020:10:28:09 +0800] "POST /xingrg/system/rest/search_item.html HTTP/1.1" 200 228
180.156.150.85 - - [02/May/2020:10:28:10 +0800] "GET /xingrg/check_reg.html?_=1588386489558 HTTP/1.1" 200 22
180.156.150.85 - - [02/May/2020:10:28:10 +0800] "GET /xingrg/all/function/internal_message.html?_=1588386489562&CODE_STATE=getMsg HTTP/1.1" 200 27
172.17.0.120 - - [02/May/2020:10:28:12 +0800] "GET /xingrg/check_reg.html?_=1588386487845 HTTP/1.1" 200 22
172.17.0.120 - - [02/May/2020:10:28:12 +0800] "GET /xingrg/all/function/internal_message.html?_=1588386487862&CODE_STATE=getMsg HTTP/1.1" 200 27
114.86.190.97 - - [02/May/2020:10:28:12 +0800] "GET /xingrg/system/rest/query_items.html?_=1588386484282&table=menu&page=1&rows=20&categoryId=&key=%25E6%25B5%25B7%25E8%2582%25A0 HTTP/1.1" 200 248
114.86.190.97 - - [02/May/2020:10:28:13 +0800] "GET /xingrg/system/rest/query_items.html?_=1588386485594&table=menu&page=1&rows=20&categoryId=&key=%25E6%25B5%25B7%25E8%2582%25A0 HTTP/1.1" 200 248
114.86.190.97 - - [02/May/2020:10:28:14 +0800] "GET /xingrg/system/rest/get_item.html?table=menu&id=2090&_=1588386486007 HTTP/1.1" 200 935
114.86.190.97 - - [02/May/2020:10:28:14 +0800] "GET /xingrg/system/rest/get_item.html?table=menu&target=menu_rest&id=2090&_=1588386486026 HTTP/1.1" 200 551
114.86.190.97 - - [02/May/2020:10:28:14 +0800] "GET /xingrg/system/rest/get_item.html?table=menu&target=cook_mode&id=2090&_=1588386486024 HTTP/1.1" 200 9336
172.17.0.108 - - [02/May/2020:10:28:14 +0800] "GET /xingrg/kc/buy/cgsh_order_operate.html?command=get_materiel&rest_code=00147&code=00101015035&supplier_code=00100007&order_time=2020-04-30 HTTP/1.1" 200 410
172.17.0.240 - - [02/May/2020:10:28:14 +0800] "POST /xingrg/system/rest/search_item.html HTTP/1.1" 200 239
114.86.190.97 - - [02/May/2020:10:28:14 +0800] "GET /xingrg/system/rest/get_infos.html?command=menu_img_show&id=2090 HTTP/1.1" 200 5
172.17.0.240 - - [02/May/2020:10:28:14 +0800] "GET /xingrg/all/function/internal_message.html?_=1588386489697&CODE_STATE=getMsg HTTP/1.1" 200 27
183.192.164.90 - - [02/May/2020:10:28:15 +0800] "GET /xingrg/login.html HTTP/1.1" 200 7641
180.156.150.85 - - [02/May/2020:10:28:15 +0800] "GET /xingrg/kc/buy/cgsh_order_operate.html?command=get_materiel&rest_code=00105&code=00101010581&supplier_code=00100347&order_time=2020-05-02 HTTP/1.1" 200 416
114.86.190.97 - - [02/May/2020:10:28:16 +0800] "GET /xingrg/system/rest/get_item.html?table=menu&target=menu_rest_detail&id=2090&sid=14&_=1588386487916 HTTP/1.1" 200 426
172.17.0.123 - - [02/May/2020:10:28:17 +0800] "POST /xingrg/system/rest/search_item.html HTTP/1.1" 200 234
172.17.0.108 - - [02/May/2020:10:28:17 +0800] "POST /xingrg/kc/buy/cgsh_order_operate.html HTTP/1.1" 200 2065
180.162.232.172 - - [02/May/2020:10:28:18 +0800] "GET /xingrg/all/function/internal_message.html?_=1588386609052&CODE_STATE=getMsg HTTP/1.1" 200 27
114.84.151.157 - - [02/May/2020:10:28:18 +0800] "GET /xingrg/all/function/internal_message.html?_=1588386488823&CODE_STATE=getMsg HTTP/1.1" 200 27
114.95.157.20 - - [02/May/2020:10:28:19 +0800] "GET /xingrg/all/function/internal_message.html?_=1588386496835&CODE_STATE=getMsg HTTP/1.1" 200 27
114.86.190.97 - - [02/May/2020:10:28:19 +0800] "GET /xingrg/all/function/internal_message.html?_=1588386505586&CODE_STATE=getMsg HTTP/1.1" 200 27
172.17.0.123 - - [02/May/2020:10:28:19 +0800] "POST /xingrg/system/rest/edit_item.html HTTP/1.1" 200 32
172.17.0.123 - - [02/May/2020:10:28:19 +0800] "POST /xingrg/system/rest/edit_item.html HTTP/1.1" 200 -
172.17.0.240 - - [02/May/2020:10:28:19 +0800] "POST /xingrg/system/rest/search_item.html HTTP/1.1" 200 226
172.17.0.123 - - [02/May/2020:10:28:19 +0800] "POST /xingrg/system/rest/edit_item.html HTTP/1.1" 200 32
172.17.0.123 - - [02/May/2020:10:28:19 +0800] "GET /xingrg/system/rest/get_item.html?table=down&code=4927f7628b7e46859c045ad661ce4700&_=1588386492726 HTTP/1.1" 200 215
114.86.190.97 - - [02/May/2020:10:28:21 +0800] "POST /xingrg/system/rest/edit_item.html HTTP/1.1" 200 4
114.86.190.97 - - [02/May/2020:10:28:21 +0800] "GET /xingrg/system/rest/get_item.html?table=menu&target=menu_rest&id=2090&_=1588386492969 HTTP/1.1" 200 551
114.84.33.255 - - [02/May/2020:10:28:22 +0800] "GET /xingrg/check_reg.html?_=1588386495137 HTTP/1.1" 200 22
222.69.135.34 - - [02/May/2020:10:28:22 +0800] "GET /xingrg/all/function/internal_message.html?_=1588386492200&CODE_STATE=getMsg HTTP/1.1" 200 27
172.17.0.123 - - [02/May/2020:10:28:22 +0800] "GET /xingrg/system/rest/query_items.html?_=1588386495426&table=down&tcode=&key= HTTP/1.1" 200 10552
172.17.0.123 - - [02/May/2020:10:28:22 +0800] "POST /xingrg/system/rest/edit_item.html HTTP/1.1" 200 29
172.17.0.123 - - [02/May/2020:10:28:22 +0800] "POST /xingrg/system/rest/get_infos.html HTTP/1.1" 200 521978
172.17.0.123 - - [02/May/2020:10:28:22 +0800] "POST /xingrg/all/common/load_tree.html?tree=area_station_tree_json&defaultRests=1_1,1_3,1_4,1_8,1_7,1_10,1_15 HTTP/1.1" 200 2983
114.84.32.201 - - [02/May/2020:10:28:23 +0800] "GET /xingrg/all/function/internal_message.html?_=1588386497902&CODE_STATE=getMsg HTTP/1.1" 200 27
172.17.0.112 - - [02/May/2020:10:28:24 +0800] "GET /xingrg/all/function/internal_message.html?_=1588386501947&CODE_STATE=getMsg HTTP/1.1" 200 27
172.17.0.240 - - [02/May/2020:10:28:24 +0800] "POST /xingrg/system/rest/search_item.html HTTP/1.1" 200 220
180.156.150.85 - - [02/May/2020:10:28:25 +0800] "POST /xingrg/kc/buy/cgsh_order_operate.html HTTP/1.1" 200 37
180.156.150.85 - - [02/May/2020:10:28:26 +0800] "POST /xingrg/kc/buy/cgsh_order_operate.html HTTP/1.1" 200 6848
114.86.190.97 - - [02/May/2020:10:28:28 +0800] "GET /xingrg/system/rest/query_items.html?_=1588386499903&table=menu&page=1&rows=20&categoryId=&key=%25E9%259D%2592%25E5%258F%25A3%25E8%25B4%259D HTTP/1.1" 200 1182
180.156.150.85 - - [02/May/2020:10:28:28 +0800] "GET /xingrg/kc/print/load_data.html?order_code=212020050200410&kc_code=cgsh&condition= HTTP/1.1" 200 2277
172.17.0.108 - - [02/May/2020:10:28:28 +0800] "GET /xingrg/kc/buy/cgsh_order_operate.html?command=get_materiel&rest_code=00147&code=00101008291&supplier_code=00100007&order_time=2020-04-30 HTTP/1.1" 200 410
172.17.0.123 - - [02/May/2020:10:28:28 +0800] "POST /xingrg/system/rest/search_item.html HTTP/1.1" 200 226
172.17.0.240 - - [02/May/2020:10:28:29 +0800] "POST /xingrg/system/rest/search_item.html HTTP/1.1" 200 213
114.86.190.97 - - [02/May/2020:10:28:29 +0800] "GET /xingrg/system/rest/query_items.html?_=1588386501566&table=menu&page=1&rows=20&categoryId=&key=%25E9%259D%2592%25E5%258F%25A3%25E8%25B4%259D HTTP/1.1" 200 1182
114.86.190.97 - - [02/May/2020:10:28:30 +0800] "GET /xingrg/system/rest/get_item.html?table=menu&id=2121&_=1588386501960 HTTP/1.1" 200 943
114.86.190.97 - - [02/May/2020:10:28:30 +0800] "GET /xingrg/system/rest/get_item.html?table=menu&target=menu_rest&id=2121&_=1588386501977 HTTP/1.1" 200 349
114.86.190.97 - - [02/May/2020:10:28:30 +0800] "GET /xingrg/system/rest/get_item.html?table=menu&target=cook_mode&id=2121&_=1588386501975 HTTP/1.1" 200 4431
172.17.0.240 - - [02/May/2020:10:28:30 +0800] "GET /xingrg/all/function/internal_message.html?_=1588386505267&CODE_STATE=getMsg HTTP/1.1" 200 27
117.185.32.26 - - [02/May/2020:10:28:30 +0800] "GET /xingrg/all/function/internal_message.html?_=1588386505577&CODE_STATE=getMsg HTTP/1.1" 200 27
114.86.190.97 - - [02/May/2020:10:28:30 +0800] "GET /xingrg/system/rest/get_infos.html?command=menu_img_show&id=2121 HTTP/1.1" 200 5
114.84.33.255 - - [02/May/2020:10:28:33 +0800] "GET /xingrg/all/function/internal_message.html?_=1588386506089&CODE_STATE=getMsg HTTP/1.1" 200 27
114.86.190.97 - - [02/May/2020:10:28:33 +0800] "GET /xingrg/system/rest/get_item.html?table=menu&id=7174&_=1588386505077 HTTP/1.1" 200 935
114.86.190.97 - - [02/May/2020:10:28:33 +0800] "GET /xingrg/system/rest/get_item.html?table=menu&target=menu_rest&id=7174&_=1588386505095 HTTP/1.1" 200 57
114.86.190.97 - - [02/May/2020:10:28:33 +0800] "GET /xingrg/system/rest/get_item.html?table=menu&target=cook_mode&id=7174&_=1588386505094 HTTP/1.1" 200 1011
172.17.0.123 - - [02/May/2020:10:28:33 +0800] "POST /xingrg/system/rest/search_item.html HTTP/1.1" 200 216
172.17.0.240 - - [02/May/2020:10:28:33 +0800] "POST /xingrg/system/rest/search_item.html HTTP/1.1" 200 220
114.86.190.97 - - [02/May/2020:10:28:33 +0800] "GET /xingrg/system/rest/get_infos.html?command=menu_img_show&id=7174 HTTP/1.1" 200 5
172.17.0.123 - - [02/May/2020:10:28:34 +0800] "POST /xingrg/system/rest/search_item.html HTTP/1.1" 200 216
114.84.32.201 - - [02/May/2020:10:28:35 +0800] "GET /xingrg/system/rest/list_page.html?p=down HTTP/1.1" 200 20340
114.84.32.201 - - [02/May/2020:10:28:35 +0800] "GET /xingrg/system/rest/query_items.html?_=1588386509845&table=down&tcode=&key= HTTP/1.1" 200 10552
124.77.110.230 - - [02/May/2020:10:28:36 +0800] "GET /xingrg/all/function/internal_message.html?_=1588386513554&CODE_STATE=getMsg HTTP/1.1" 200 27
114.84.33.255 - - [02/May/2020:10:28:36 +0800] "GET /xingrg/all/function/internal_message.html?_=1588386535113&CODE_STATE=getMsg HTTP/1.1" 200 27
180.161.113.183 - - [02/May/2020:10:28:38 +0800] "GET /xingrg/check_reg.html?_=1588386707044 HTTP/1.1" 200 22
172.17.0.240 - - [02/May/2020:10:28:39 +0800] "POST /xingrg/system/rest/search_item.html HTTP/1.1" 200 214
172.17.0.123 - - [02/May/2020:10:28:40 +0800] "POST /xingrg/system/rest/search_item.html HTTP/1.1" 200 245
114.86.190.97 - - [02/May/2020:10:28:40 +0800] "GET /xingrg/all/function/internal_message.html?_=1588386512657&CODE_STATE=getMsg HTTP/1.1" 200 27
117.131.5.26 - - [02/May/2020:10:28:41 +0800] "GET /xingrg/all/function/internal_message.html?_=1588386533406&CODE_STATE=getMsg HTTP/1.1" 200 27
180.161.113.183 - - [02/May/2020:10:28:41 +0800] "GET /xingrg/all/function/internal_message.html?_=1588386710674&CODE_STATE=getMsg HTTP/1.1" 200 27
114.86.190.97 - - [02/May/2020:10:28:42 +0800] "POST /xingrg/system/rest/edit_item.html HTTP/1.1" 200 4
114.86.190.97 - - [02/May/2020:10:28:42 +0800] "GET /xingrg/system/rest/get_item.html?table=menu&id=7174&_=1588386514458 HTTP/1.1" 200 935
58.40.7.146 - - [02/May/2020:10:28:43 +0800] "GET /xingrg/all/function/internal_message.html?_=1588386519598&CODE_STATE=getMsg HTTP/1.1" 200 27
58.40.7.146 - - [02/May/2020:10:28:43 +0800] "GET /xingrg/check_reg.html?_=1588386519601 HTTP/1.1" 200 22
58.40.7.146 - - [02/May/2020:10:28:43 +0800] "GET /xingrg/all/function/internal_message.html?_=1588386519756&CODE_STATE=getMsg HTTP/1.1" 200 27
172.17.0.240 - - [02/May/2020:10:28:43 +0800] "POST /xingrg/system/rest/search_item.html HTTP/1.1" 200 217
114.86.190.97 - - [02/May/2020:10:28:44 +0800] "GET /xingrg/system/rest/query_items.html?_=1588386516009&table=menu&page=1&rows=20&categoryId=&key=%25E9%259D%2592%25E5%258F%25A3%25E8%25B4%259D HTTP/1.1" 200 1182
222.70.183.62 - - [02/May/2020:10:28:44 +0800] "GET /xingrg/all/function/internal_message.html?_=1588386861314&CODE_STATE=getMsg HTTP/1.1" 200 27
172.17.0.123 - - [02/May/2020:10:28:44 +0800] "POST /xingrg/system/rest/search_item.html HTTP/1.1" 200 237
172.17.0.123 - - [02/May/2020:10:28:50 +0800] "GET /xingrg/all/function/internal_message.html?_=1588386523390&CODE_STATE=getMsg HTTP/1.1" 200 27
172.17.0.123 - - [02/May/2020:10:28:50 +0800] "POST /xingrg/system/rest/search_item.html HTTP/1.1" 200 228
172.17.0.240 - - [02/May/2020:10:28:51 +0800] "POST /xingrg/system/rest/search_item.html HTTP/1.1" 200 213
180.161.113.183 - - [02/May/2020:10:28:52 +0800] "GET /xingrg/all/function/internal_message.html?_=1588386531006&CODE_STATE=getMsg HTTP/1.1" 200 27
172.17.0.101 - - [02/May/2020:10:28:52 +0800] "GET /xingrg/all/function/internal_message.html?_=1588386536382&CODE_STATE=getMsg HTTP/1.1" 200 27
124.77.110.230 - - [02/May/2020:10:28:52 +0800] "GET /xingrg/all/function/internal_message.html?_=1588386527732&CODE_STATE=getMsg HTTP/1.1" 200 27
172.17.0.108 - - [02/May/2020:10:28:53 +0800] "GET /xingrg/all/function/internal_message.html?_=1588386528521&CODE_STATE=getMsg HTTP/1.1" 200 27
172.17.0.123 - - [02/May/2020:10:28:53 +0800] "GET /xingrg/check_reg.html?_=1588386526668 HTTP/1.1" 302 -
172.17.0.123 - - [02/May/2020:10:28:55 +0800] "POST /xingrg/system/rest/search_item.html HTTP/1.1" 200 228
172.17.0.240 - - [02/May/2020:10:28:57 +0800] "POST /xingrg/system/rest/search_item.html HTTP/1.1" 200 226
116.233.74.189 - - [02/May/2020:10:28:57 +0800] "GET /xingrg/all/function/internal_message.html?_=1588386591135&CODE_STATE=getMsg HTTP/1.1" 200 27
114.84.32.201 - - [02/May/2020:10:28:59 +0800] "GET /xingrg/system/rest/get_item.html?table=down&code=3c1176894aeb4acd82d8ad98a7e575ca&_=1588386533183 HTTP/1.1" 200 233
114.84.32.201 - - [02/May/2020:10:28:59 +0800] "POST /xingrg/system/rest/edit_item.html HTTP/1.1" 200 4
114.84.32.201 - - [02/May/2020:10:28:59 +0800] "POST /xingrg/all/common/load_tree.html?tree=area_station_tree_json&defaultRests=1_12 HTTP/1.1" 200 2989
114.84.32.201 - - [02/May/2020:10:28:59 +0800] "POST /xingrg/system/rest/get_infos.html HTTP/1.1" 200 530073
172.17.0.123 - - [02/May/2020:10:29:00 +0800] "POST /xingrg/system/rest/search_item.html HTTP/1.1" 200 239
101.91.60.11 - - [02/May/2020:10:29:01 +0800] "GET /xingrg/all/function/internal_message.html?_=1588385828808&CODE_STATE=getMsg HTTP/1.1" 302 -
172.17.0.185 - - [02/May/2020:10:29:01 +0800] "GET /xingrg/all/function/internal_message.html?_=1588386537572&CODE_STATE=getMsg HTTP/1.1" 200 27
172.17.0.240 - - [02/May/2020:10:29:01 +0800] "POST /xingrg/system/rest/search_item.html HTTP/1.1" 200 217
114.86.190.97 - - [02/May/2020:10:29:02 +0800] "GET /xingrg/system/rest/query_items.html?_=1588386534156&table=menu&page=1&rows=20&categoryId=&key=2023 HTTP/1.1" 200 257
114.86.190.97 - - [02/May/2020:10:29:03 +0800] "GET /xingrg/system/rest/query_items.html?_=1588386535122&table=menu&page=1&rows=20&categoryId=&key=2023 HTTP/1.1" 200 257
172.17.0.123 - - [02/May/2020:10:29:04 +0800] "POST /xingrg/system/rest/search_item.html HTTP/1.1" 200 239
101.91.60.11 - - [02/May/2020:10:29:04 +0800] "GET /xingrg/login.html HTTP/1.1" 200 7641
172.17.0.240 - - [02/May/2020:10:29:06 +0800] "POST /xingrg/system/rest/search_item.html HTTP/1.1" 200 230
172.17.0.123 - - [02/May/2020:10:29:07 +0800] "POST /xingrg/system/rest/search_item.html HTTP/1.1" 200 218
180.162.232.172 - - [02/May/2020:10:29:09 +0800] "GET /xingrg/all/function/internal_message.html?_=1588386547614&CODE_STATE=getMsg HTTP/1.1" 200 27
172.17.0.108 - - [02/May/2020:10:29:10 +0800] "GET /xingrg/kc/buy/cgsh_order_operate.html?command=get_materiel&rest_code=00147&code=00101008371&supplier_code=00100007&order_time=2020-04-30 HTTP/1.1" 200 412
172.17.0.240 - - [02/May/2020:10:29:10 +0800] "POST /xingrg/system/rest/search_item.html HTTP/1.1" 200 220
180.156.150.85 - - [02/May/2020:10:29:10 +0800] "GET /xingrg/all/function/internal_message.html?_=1588386549573&CODE_STATE=getMsg HTTP/1.1" 200 27
172.17.0.123 - - [02/May/2020:10:29:11 +0800] "POST /xingrg/system/rest/search_item.html HTTP/1.1" 200 240
172.17.0.120 - - [02/May/2020:10:29:12 +0800] "GET /xingrg/all/function/internal_message.html?_=1588386547850&CODE_STATE=getMsg HTTP/1.1" 200 27
114.86.190.97 - - [02/May/2020:10:29:14 +0800] "GET /xingrg/system/rest/get_item.html?table=menu&id=2023&_=1588386546171 HTTP/1.1" 200 955
114.86.190.97 - - [02/May/2020:10:29:14 +0800] "GET /xingrg/system/rest/get_item.html?table=menu&target=menu_rest&id=2023&_=1588386546187 HTTP/1.1" 200 761
114.86.190.97 - - [02/May/2020:10:29:14 +0800] "GET /xingrg/system/rest/get_item.html?table=menu&target=cook_mode&id=2023&_=1588386546186 HTTP/1.1" 200 27807
114.86.190.97 - - [02/May/2020:10:29:14 +0800] "GET /xingrg/system/rest/get_infos.html?command=menu_img_show&id=2023 HTTP/1.1" 200 5
172.17.0.240 - - [02/May/2020:10:29:14 +0800] "GET /xingrg/all/function/internal_message.html?_=1588386549700&CODE_STATE=getMsg HTTP/1.1" 200 27
172.17.0.123 - - [02/May/2020:10:29:15 +0800] "POST /xingrg/system/rest/search_item.html HTTP/1.1" 200 246
180.162.232.172 - - [02/May/2020:10:29:18 +0800] "GET /xingrg/all/function/internal_message.html?_=1588386669111&CODE_STATE=getMsg HTTP/1.1" 200 27
114.86.190.97 - - [02/May/2020:10:29:18 +0800] "GET /xingrg/system/rest/get_item.html?table=menu&target=menu_rest_detail&id=2023&sid=14&_=1588386550141 HTTP/1.1" 200 428
114.84.151.157 - - [02/May/2020:10:29:18 +0800] "GET /xingrg/all/function/internal_message.html?_=1588386548823&CODE_STATE=getMsg HTTP/1.1" 200 27
114.84.151.157 - - [02/May/2020:10:29:18 +0800] "GET /xingrg/check_reg.html?_=1588386548825 HTTP/1.1" 200 22
172.17.0.108 - - [02/May/2020:10:29:19 +0800] "GET /xingrg/kc/buy/cgsh_order_operate.html?command=get_materiel&rest_code=00147&code=00101008098&supplier_code=00100007&order_time=2020-04-30 HTTP/1.1" 200 412
114.86.190.97 - - [02/May/2020:10:29:19 +0800] "GET /xingrg/all/function/internal_message.html?_=1588386565593&CODE_STATE=getMsg HTTP/1.1" 200 27
172.17.0.123 - - [02/May/2020:10:29:20 +0800] "POST /xingrg/system/rest/search_item.html HTTP/1.1" 200 241
114.84.33.255 - - [02/May/2020:10:29:20 +0800] "GET /xingrg/javascript/jquery_easy_ui/themes/default/images/tabs_active.png HTTP/1.1" 304 -
222.69.135.34 - - [02/May/2020:10:29:22 +0800] "GET /xingrg/all/function/internal_message.html?_=1588386552196&CODE_STATE=getMsg HTTP/1.1" 200 27
