172.17.0.123 - - [02/May/2020:07:15:41 +0800] "GET /xingrg/all/function/internal_message.html?_=1588374934539&CODE_STATE=getMsg HTTP/1.1" 200 27
180.162.232.172 - - [02/May/2020:07:15:46 +0800] "GET /xingrg/all/function/internal_message.html?_=1588374944784&CODE_STATE=getMsg HTTP/1.1" 200 27
180.162.232.172 - - [02/May/2020:07:15:53 +0800] "GET /xingrg/all/function/internal_message.html?_=1588375064132&CODE_STATE=getMsg HTTP/1.1" 200 27
172.17.0.185 - - [02/May/2020:07:16:01 +0800] "GET /xingrg/all/function/internal_message.html?_=1588374957568&CODE_STATE=getMsg HTTP/1.1" 200 27
114.84.33.255 - - [02/May/2020:07:16:09 +0800] "GET /xingrg/check_reg.html?_=1588374987135 HTTP/1.1" 200 22
120.253.135.82 - - [02/May/2020:07:16:15 +0800] "GET /xingrg/all/function/internal_message.html?_=1588374725269&CODE_STATE=getMsg HTTP/1.1" 200 27
114.84.33.255 - - [02/May/2020:07:16:28 +0800] "GET /xingrg/all/function/internal_message.html?_=1588375006397&CODE_STATE=getMsg HTTP/1.1" 200 27
114.84.33.255 - - [02/May/2020:07:16:30 +0800] "GET /xingrg/all/function/internal_message.html?_=1588374983464&CODE_STATE=getMsg HTTP/1.1" 200 27
58.221.95.50 - - [02/May/2020:07:16:37 +0800] "GET /xingrg/check_reg.html?_=1588375025533 HTTP/1.1" 302 -
58.221.95.50 - - [02/May/2020:07:16:37 +0800] "GET /xingrg/check_reg.html?_=1588375025538 HTTP/1.1" 302 -
58.221.95.50 - - [02/May/2020:07:16:37 +0800] "GET /xingrg/check_reg.html?_=1588375025541 HTTP/1.1" 302 -
58.221.95.50 - - [02/May/2020:07:16:37 +0800] "GET /xingrg/check_reg.html?_=1588375025513 HTTP/1.1" 302 -
172.17.0.123 - - [02/May/2020:07:16:41 +0800] "GET /xingrg/all/function/internal_message.html?_=1588374994541&CODE_STATE=getMsg HTTP/1.1" 200 27
172.17.0.123 - - [02/May/2020:07:16:41 +0800] "GET /xingrg/check_reg.html?_=1588374994543 HTTP/1.1" 200 22
180.162.232.172 - - [02/May/2020:07:16:46 +0800] "GET /xingrg/all/function/internal_message.html?_=1588375004796&CODE_STATE=getMsg HTTP/1.1" 200 27
180.162.232.172 - - [02/May/2020:07:16:46 +0800] "GET /xingrg/check_reg.html?_=1588375004802 HTTP/1.1" 200 22
180.162.232.172 - - [02/May/2020:07:16:53 +0800] "GET /xingrg/all/function/internal_message.html?_=1588375124148&CODE_STATE=getMsg HTTP/1.1" 200 27
172.17.0.185 - - [02/May/2020:07:17:01 +0800] "GET /xingrg/all/function/internal_message.html?_=1588375017571&CODE_STATE=getMsg HTTP/1.1" 200 27
120.253.135.82 - - [02/May/2020:07:17:15 +0800] "GET /xingrg/all/function/internal_message.html?_=1588374785282&CODE_STATE=getMsg HTTP/1.1" 200 27
114.84.33.255 - - [02/May/2020:07:17:28 +0800] "GET /xingrg/all/function/internal_message.html?_=1588375066409&CODE_STATE=getMsg HTTP/1.1" 200 27
114.84.33.255 - - [02/May/2020:07:17:30 +0800] "GET /xingrg/all/function/internal_message.html?_=1588375043483&CODE_STATE=getMsg HTTP/1.1" 200 27
172.17.0.123 - - [02/May/2020:07:17:41 +0800] "GET /xingrg/all/function/internal_message.html?_=1588375054545&CODE_STATE=getMsg HTTP/1.1" 200 27
180.162.232.172 - - [02/May/2020:07:17:46 +0800] "GET /xingrg/all/function/internal_message.html?_=1588375064790&CODE_STATE=getMsg HTTP/1.1" 200 27
180.162.232.172 - - [02/May/2020:07:17:53 +0800] "GET /xingrg/all/function/internal_message.html?_=1588375184179&CODE_STATE=getMsg HTTP/1.1" 200 27
120.253.135.82 - - [02/May/2020:07:17:56 +0800] "GET /xingrg/images/yd/bt.gif HTTP/1.1" 404 1040
120.253.135.82 - - [02/May/2020:07:17:56 +0800] "GET /xingrg/images/yd/bt2.gif HTTP/1.1" 404 1042
120.253.135.82 - - [02/May/2020:07:17:59 +0800] "GET /xingrg/kc/pszx/mdqp_order_list.html?isBack=1 HTTP/1.1" 302 -
120.253.135.82 - - [02/May/2020:07:17:59 +0800] "GET /xingrg/kc/pszx/mdqp_order_list.html?state=10 HTTP/1.1" 200 16301
120.253.135.82 - - [02/May/2020:07:17:59 +0800] "GET /xingrg/dwr/interface/AjaxQqpsService.js HTTP/1.1" 200 16326
120.253.135.82 - - [02/May/2020:07:17:59 +0800] "GET /xingrg/dwr/interface/AjaxReportQueryService.js HTTP/1.1" 200 13203
120.253.135.82 - - [02/May/2020:07:17:59 +0800] "GET /xingrg/dwr/engine.js HTTP/1.1" 200 43631
172.17.0.185 - - [02/May/2020:07:18:01 +0800] "GET /xingrg/all/function/internal_message.html?_=1588375077573&CODE_STATE=getMsg HTTP/1.1" 200 27
172.17.0.185 - - [02/May/2020:07:18:01 +0800] "GET /xingrg/check_reg.html?_=1588375077575 HTTP/1.1" 200 22
120.253.135.82 - - [02/May/2020:07:18:01 +0800] "GET /xingrg/kc/pszx/mdqp_order_info.html?code=302020050100029 HTTP/1.1" 200 13350
120.253.135.82 - - [02/May/2020:07:18:01 +0800] "GET /xingrg/dwr/interface/AjaxComOrderService.js HTTP/1.1" 200 18264
120.253.135.82 - - [02/May/2020:07:18:01 +0800] "GET /xingrg/dwr/interface/AjaxQqpsService.js HTTP/1.1" 200 16326
120.253.135.82 - - [02/May/2020:07:18:01 +0800] "GET /xingrg/dwr/engine.js HTTP/1.1" 200 43631
120.253.135.82 - - [02/May/2020:07:18:02 +0800] "POST /xingrg/dwr/call/plaincall/AjaxQqpsService.loadMaterielItems.dwr HTTP/1.1" 200 2655
120.253.135.82 - - [02/May/2020:07:18:07 +0800] "GET /xingrg/check_reg.html?_=1588374837141 HTTP/1.1" 200 22
120.253.135.82 - - [02/May/2020:07:18:15 +0800] "GET /xingrg/all/function/internal_message.html?_=1588374845295&CODE_STATE=getMsg HTTP/1.1" 200 27
114.84.33.255 - - [02/May/2020:07:18:22 +0800] "GET /xingrg/check_reg.html?_=1588375094927 HTTP/1.1" 200 22
114.84.33.255 - - [02/May/2020:07:18:28 +0800] "GET /xingrg/all/function/internal_message.html?_=1588375126440&CODE_STATE=getMsg HTTP/1.1" 200 27
114.84.33.255 - - [02/May/2020:07:18:30 +0800] "GET /xingrg/all/function/internal_message.html?_=1588375103492&CODE_STATE=getMsg HTTP/1.1" 200 27
180.162.232.172 - - [02/May/2020:07:18:36 +0800] "GET /xingrg/check_reg.html?_=1588375227783 HTTP/1.1" 200 22
172.17.0.123 - - [02/May/2020:07:18:41 +0800] "GET /xingrg/all/function/internal_message.html?_=1588375114549&CODE_STATE=getMsg HTTP/1.1" 200 27
120.253.135.82 - - [02/May/2020:07:18:44 +0800] "GET /xingrg/kc/pszx/mdqp_order_list.html?isBack=1 HTTP/1.1" 302 -
120.253.135.82 - - [02/May/2020:07:18:44 +0800] "GET /xingrg/kc/pszx/mdqp_order_list.html?state=10 HTTP/1.1" 200 16301
120.253.135.82 - - [02/May/2020:07:18:44 +0800] "GET /xingrg/dwr/interface/AjaxQqpsService.js HTTP/1.1" 200 16326
120.253.135.82 - - [02/May/2020:07:18:44 +0800] "GET /xingrg/dwr/interface/AjaxReportQueryService.js HTTP/1.1" 200 13203
120.253.135.82 - - [02/May/2020:07:18:44 +0800] "GET /xingrg/dwr/engine.js HTTP/1.1" 200 43631
180.162.232.172 - - [02/May/2020:07:18:46 +0800] "GET /xingrg/all/function/internal_message.html?_=1588375124793&CODE_STATE=getMsg HTTP/1.1" 200 27
120.253.135.82 - - [02/May/2020:07:18:47 +0800] "GET /xingrg/kc/pszx/mdqp_order_info.html?code=302020050100030 HTTP/1.1" 200 13350
120.253.135.82 - - [02/May/2020:07:18:47 +0800] "GET /xingrg/dwr/interface/AjaxComOrderService.js HTTP/1.1" 200 18264
120.253.135.82 - - [02/May/2020:07:18:47 +0800] "GET /xingrg/dwr/interface/AjaxQqpsService.js HTTP/1.1" 200 16326
120.253.135.82 - - [02/May/2020:07:18:47 +0800] "GET /xingrg/dwr/engine.js HTTP/1.1" 200 43631
120.253.135.82 - - [02/May/2020:07:18:47 +0800] "POST /xingrg/dwr/call/plaincall/AjaxQqpsService.loadMaterielItems.dwr HTTP/1.1" 200 963
180.162.232.172 - - [02/May/2020:07:18:53 +0800] "GET /xingrg/all/function/internal_message.html?_=1588375244192&CODE_STATE=getMsg HTTP/1.1" 200 27
172.17.0.185 - - [02/May/2020:07:19:01 +0800] "GET /xingrg/all/function/internal_message.html?_=1588375137576&CODE_STATE=getMsg HTTP/1.1" 200 27
120.253.135.82 - - [02/May/2020:07:19:07 +0800] "GET /xingrg/kc/pszx/mdqp_order_list.html?isBack=1 HTTP/1.1" 302 -
120.253.135.82 - - [02/May/2020:07:19:07 +0800] "GET /xingrg/kc/pszx/mdqp_order_list.html?state=10 HTTP/1.1" 200 16301
120.253.135.82 - - [02/May/2020:07:19:07 +0800] "GET /xingrg/dwr/interface/AjaxReportQueryService.js HTTP/1.1" 200 13203
120.253.135.82 - - [02/May/2020:07:19:07 +0800] "GET /xingrg/dwr/interface/AjaxQqpsService.js HTTP/1.1" 200 16326
120.253.135.82 - - [02/May/2020:07:19:07 +0800] "GET /xingrg/dwr/engine.js HTTP/1.1" 200 43631
120.253.135.82 - - [02/May/2020:07:19:11 +0800] "GET /xingrg/kc/pszx/mdqp_order_info.html?code=302020050100030 HTTP/1.1" 200 13350
120.253.135.82 - - [02/May/2020:07:19:11 +0800] "GET /xingrg/dwr/interface/AjaxComOrderService.js HTTP/1.1" 200 18264
120.253.135.82 - - [02/May/2020:07:19:11 +0800] "GET /xingrg/dwr/interface/AjaxQqpsService.js HTTP/1.1" 200 16326
120.253.135.82 - - [02/May/2020:07:19:11 +0800] "GET /xingrg/dwr/engine.js HTTP/1.1" 200 43631
120.253.135.82 - - [02/May/2020:07:19:11 +0800] "POST /xingrg/dwr/call/plaincall/AjaxQqpsService.loadMaterielItems.dwr HTTP/1.1" 200 963
120.253.135.82 - - [02/May/2020:07:19:15 +0800] "GET /xingrg/all/function/internal_message.html?_=1588374905309&CODE_STATE=getMsg HTTP/1.1" 200 27
114.84.33.255 - - [02/May/2020:07:19:28 +0800] "GET /xingrg/all/function/internal_message.html?_=1588375186452&CODE_STATE=getMsg HTTP/1.1" 200 27
114.84.33.255 - - [02/May/2020:07:19:30 +0800] "GET /xingrg/all/function/internal_message.html?_=1588375163505&CODE_STATE=getMsg HTTP/1.1" 200 27
120.253.135.82 - - [02/May/2020:07:19:32 +0800] "GET /xingrg/images/yd/bt.gif HTTP/1.1" 404 1040
120.253.135.82 - - [02/May/2020:07:19:32 +0800] "GET /xingrg/images/yd/bt2.gif HTTP/1.1" 404 1042
120.253.135.82 - - [02/May/2020:07:19:36 +0800] "GET /xingrg/kc/pszx/mdqp_order_list.html?isBack=1 HTTP/1.1" 302 -
120.253.135.82 - - [02/May/2020:07:19:36 +0800] "GET /xingrg/kc/pszx/mdqp_order_list.html?state=10 HTTP/1.1" 200 16301
120.253.135.82 - - [02/May/2020:07:19:36 +0800] "GET /xingrg/dwr/interface/AjaxQqpsService.js HTTP/1.1" 200 16326
120.253.135.82 - - [02/May/2020:07:19:36 +0800] "GET /xingrg/dwr/interface/AjaxReportQueryService.js HTTP/1.1" 200 13203
120.253.135.82 - - [02/May/2020:07:19:36 +0800] "GET /xingrg/dwr/engine.js HTTP/1.1" 200 43631
120.253.135.82 - - [02/May/2020:07:19:38 +0800] "GET /xingrg/kc/pszx/mdqp_order_info.html?code=302020050100029 HTTP/1.1" 200 13350
120.253.135.82 - - [02/May/2020:07:19:38 +0800] "GET /xingrg/dwr/interface/AjaxComOrderService.js HTTP/1.1" 200 18264
120.253.135.82 - - [02/May/2020:07:19:38 +0800] "GET /xingrg/dwr/interface/AjaxQqpsService.js HTTP/1.1" 200 16326
120.253.135.82 - - [02/May/2020:07:19:38 +0800] "GET /xingrg/dwr/engine.js HTTP/1.1" 200 43631
120.253.135.82 - - [02/May/2020:07:19:39 +0800] "POST /xingrg/dwr/call/plaincall/AjaxQqpsService.loadMaterielItems.dwr HTTP/1.1" 200 2655
172.17.0.123 - - [02/May/2020:07:19:41 +0800] "GET /xingrg/all/function/internal_message.html?_=1588375174553&CODE_STATE=getMsg HTTP/1.1" 200 27
180.162.232.172 - - [02/May/2020:07:19:46 +0800] "GET /xingrg/all/function/internal_message.html?_=1588375184791&CODE_STATE=getMsg HTTP/1.1" 200 27
180.162.232.172 - - [02/May/2020:07:19:53 +0800] "GET /xingrg/all/function/internal_message.html?_=1588375304205&CODE_STATE=getMsg HTTP/1.1" 200 27
172.17.0.185 - - [02/May/2020:07:20:01 +0800] "GET /xingrg/all/function/internal_message.html?_=1588375197564&CODE_STATE=getMsg HTTP/1.1" 200 27
172.17.0.123 - - [02/May/2020:07:20:07 +0800] "GET /xingrg/check_reg.html?_=1588375201106 HTTP/1.1" 302 -
120.253.135.82 - - [02/May/2020:07:20:15 +0800] "GET /xingrg/all/function/internal_message.html?_=1588374965383&CODE_STATE=getMsg HTTP/1.1" 200 27
114.84.33.255 - - [02/May/2020:07:20:28 +0800] "GET /xingrg/all/function/internal_message.html?_=1588375246481&CODE_STATE=getMsg HTTP/1.1" 200 27
114.84.33.255 - - [02/May/2020:07:20:30 +0800] "GET /xingrg/all/function/internal_message.html?_=1588375223524&CODE_STATE=getMsg HTTP/1.1" 200 27
172.17.0.123 - - [02/May/2020:07:20:41 +0800] "GET /xingrg/all/function/internal_message.html?_=1588375234553&CODE_STATE=getMsg HTTP/1.1" 200 27
180.162.232.172 - - [02/May/2020:07:20:46 +0800] "GET /xingrg/all/function/internal_message.html?_=1588375244813&CODE_STATE=getMsg HTTP/1.1" 200 27
180.162.232.172 - - [02/May/2020:07:20:53 +0800] "GET /xingrg/all/function/internal_message.html?_=1588375364228&CODE_STATE=getMsg HTTP/1.1" 200 27
172.17.0.185 - - [02/May/2020:07:21:01 +0800] "GET /xingrg/all/function/internal_message.html?_=1588375257566&CODE_STATE=getMsg HTTP/1.1" 200 27
116.233.79.27 - - [02/May/2020:07:21:06 +0800] "POST /xingrg/services/DataTransmitService HTTP/1.1" 200 524
116.233.79.27 - - [02/May/2020:07:21:06 +0800] "POST /xingrg/services/DataTransmitService HTTP/1.1" 200 497
114.84.33.255 - - [02/May/2020:07:21:09 +0800] "GET /xingrg/check_reg.html?_=1588375287135 HTTP/1.1" 200 22
120.253.135.82 - - [02/May/2020:07:21:15 +0800] "GET /xingrg/all/function/internal_message.html?_=1588375025399&CODE_STATE=getMsg HTTP/1.1" 200 27
114.84.33.255 - - [02/May/2020:07:21:28 +0800] "GET /xingrg/all/function/internal_message.html?_=1588375306495&CODE_STATE=getMsg HTTP/1.1" 200 27
114.84.33.255 - - [02/May/2020:07:21:30 +0800] "GET /xingrg/all/function/internal_message.html?_=1588375283533&CODE_STATE=getMsg HTTP/1.1" 200 27
120.253.135.82 - - [02/May/2020:07:21:34 +0800] "GET /xingrg/kc/pszx/mdqp_order_list.html?isBack=1 HTTP/1.1" 302 -
120.253.135.82 - - [02/May/2020:07:21:34 +0800] "GET /xingrg/kc/pszx/mdqp_order_list.html?state=10 HTTP/1.1" 200 16301
120.253.135.82 - - [02/May/2020:07:21:34 +0800] "GET /xingrg/dwr/interface/AjaxReportQueryService.js HTTP/1.1" 200 13203
120.253.135.82 - - [02/May/2020:07:21:34 +0800] "GET /xingrg/dwr/interface/AjaxQqpsService.js HTTP/1.1" 200 16326
120.253.135.82 - - [02/May/2020:07:21:34 +0800] "GET /xingrg/dwr/engine.js HTTP/1.1" 200 43631
120.253.135.82 - - [02/May/2020:07:21:37 +0800] "GET /xingrg/kc/pszx/jzcl_ps.html HTTP/1.1" 200 7683
120.253.135.82 - - [02/May/2020:07:21:37 +0800] "GET /xingrg/javascript/step/step.css HTTP/1.1" 200 999
120.253.135.82 - - [02/May/2020:07:21:37 +0800] "GET /xingrg/css/table.css HTTP/1.1" 200 3684
120.253.135.82 - - [02/May/2020:07:21:37 +0800] "GET /xingrg/javascript/jquery_easy_ui/themes/icons/search.png HTTP/1.1" 200 813
120.253.135.82 - - [02/May/2020:07:21:37 +0800] "POST /xingrg/all/common/load_tree.html?tree=area_rest_tree_json HTTP/1.1" 200 3088
120.253.135.82 - - [02/May/2020:07:21:37 +0800] "GET /xingrg/javascript/jquery_easy_ui/themes/default/images/pagination_loading.gif HTTP/1.1" 200 1737
58.221.95.50 - - [02/May/2020:07:21:37 +0800] "GET /xingrg/check_reg.html?_=1588375325490 HTTP/1.1" 302 -
58.221.95.50 - - [02/May/2020:07:21:37 +0800] "GET /xingrg/check_reg.html?_=1588375325510 HTTP/1.1" 302 -
58.221.95.50 - - [02/May/2020:07:21:37 +0800] "GET /xingrg/check_reg.html?_=1588375325509 HTTP/1.1" 302 -
58.221.95.50 - - [02/May/2020:07:21:37 +0800] "GET /xingrg/check_reg.html?_=1588375325516 HTTP/1.1" 302 -
120.253.135.82 - - [02/May/2020:07:21:37 +0800] "POST /xingrg/kc/pszx/jzcl_ps_operate.html HTTP/1.1" 200 6763
120.253.135.82 - - [02/May/2020:07:21:38 +0800] "POST /xingrg/kc/pszx/jzcl_ps_operate.html HTTP/1.1" 200 6763
172.17.0.123 - - [02/May/2020:07:21:41 +0800] "GET /xingrg/check_reg.html?_=1588375294539 HTTP/1.1" 200 22
172.17.0.123 - - [02/May/2020:07:21:41 +0800] "GET /xingrg/all/function/internal_message.html?_=1588375294541&CODE_STATE=getMsg HTTP/1.1" 200 27
180.162.232.172 - - [02/May/2020:07:21:46 +0800] "GET /xingrg/check_reg.html?_=1588375304813 HTTP/1.1" 200 22
180.162.232.172 - - [02/May/2020:07:21:46 +0800] "GET /xingrg/all/function/internal_message.html?_=1588375304822&CODE_STATE=getMsg HTTP/1.1" 200 27
120.253.135.82 - - [02/May/2020:07:21:46 +0800] "POST /xingrg/kc/pszx/jzcl_ps_operate.html HTTP/1.1" 200 4
120.253.135.82 - - [02/May/2020:07:21:48 +0800] "GET /xingrg/kc/pszx/mdps_order_list.html HTTP/1.1" 200 20964
120.253.135.82 - - [02/May/2020:07:21:48 +0800] "POST /xingrg/kc/pszx/mdps_list_operate.html HTTP/1.1" 200 5419
120.253.135.82 - - [02/May/2020:07:21:52 +0800] "GET /xingrg/kc/pszx/mdqp_order_list.html?state=10 HTTP/1.1" 200 15363
120.253.135.82 - - [02/May/2020:07:21:52 +0800] "GET /xingrg/dwr/interface/AjaxQqpsService.js HTTP/1.1" 200 16326
120.253.135.82 - - [02/May/2020:07:21:52 +0800] "GET /xingrg/dwr/interface/AjaxReportQueryService.js HTTP/1.1" 200 13203
120.253.135.82 - - [02/May/2020:07:21:52 +0800] "GET /xingrg/dwr/engine.js HTTP/1.1" 200 43631
180.162.232.172 - - [02/May/2020:07:21:53 +0800] "GET /xingrg/all/function/internal_message.html?_=1588375424232&CODE_STATE=getMsg HTTP/1.1" 200 27
120.253.135.82 - - [02/May/2020:07:21:54 +0800] "GET /xingrg/kc/pszx/mdqp_order_info.html?code=302020050100004 HTTP/1.1" 200 13350
120.253.135.82 - - [02/May/2020:07:21:54 +0800] "GET /xingrg/dwr/interface/AjaxComOrderService.js HTTP/1.1" 200 18264
120.253.135.82 - - [02/May/2020:07:21:54 +0800] "GET /xingrg/dwr/interface/AjaxQqpsService.js HTTP/1.1" 200 16326
120.253.135.82 - - [02/May/2020:07:21:54 +0800] "GET /xingrg/dwr/engine.js HTTP/1.1" 200 43631
120.253.135.82 - - [02/May/2020:07:21:55 +0800] "POST /xingrg/dwr/call/plaincall/AjaxQqpsService.loadMaterielItems.dwr HTTP/1.1" 200 3215
120.253.135.82 - - [02/May/2020:07:22:00 +0800] "GET /xingrg/images/yd/bt.gif HTTP/1.1" 404 1040
120.253.135.82 - - [02/May/2020:07:22:00 +0800] "GET /xingrg/images/yd/bt2.gif HTTP/1.1" 404 1042
172.17.0.185 - - [02/May/2020:07:22:01 +0800] "GET /xingrg/all/function/internal_message.html?_=1588375317571&CODE_STATE=getMsg HTTP/1.1" 200 27
120.253.135.82 - - [02/May/2020:07:22:15 +0800] "GET /xingrg/all/function/internal_message.html?_=1588375085425&CODE_STATE=getMsg HTTP/1.1" 200 27
120.253.135.82 - - [02/May/2020:07:22:16 +0800] "GET /xingrg/kc/pszx/mdqp_order_list.html?isBack=1 HTTP/1.1" 302 -
120.253.135.82 - - [02/May/2020:07:22:16 +0800] "GET /xingrg/kc/pszx/mdqp_order_list.html?state=10 HTTP/1.1" 200 15363
120.253.135.82 - - [02/May/2020:07:22:16 +0800] "GET /xingrg/dwr/interface/AjaxReportQueryService.js HTTP/1.1" 200 13203
120.253.135.82 - - [02/May/2020:07:22:16 +0800] "GET /xingrg/dwr/interface/AjaxQqpsService.js HTTP/1.1" 200 16326
120.253.135.82 - - [02/May/2020:07:22:16 +0800] "GET /xingrg/dwr/engine.js HTTP/1.1" 200 43631
120.253.135.82 - - [02/May/2020:07:22:18 +0800] "GET /xingrg/kc/pszx/mdqp_order_info.html?code=302020050100012 HTTP/1.1" 200 13350
120.253.135.82 - - [02/May/2020:07:22:18 +0800] "GET /xingrg/dwr/interface/AjaxComOrderService.js HTTP/1.1" 200 18264
120.253.135.82 - - [02/May/2020:07:22:18 +0800] "GET /xingrg/dwr/interface/AjaxQqpsService.js HTTP/1.1" 200 16326
120.253.135.82 - - [02/May/2020:07:22:18 +0800] "GET /xingrg/dwr/engine.js HTTP/1.1" 200 43631
120.253.135.82 - - [02/May/2020:07:22:18 +0800] "POST /xingrg/dwr/call/plaincall/AjaxQqpsService.loadMaterielItems.dwr HTTP/1.1" 200 440
120.253.135.82 - - [02/May/2020:07:22:20 +0800] "GET /xingrg/kc/pszx/mdqp_order_list.html?isBack=1 HTTP/1.1" 302 -
120.253.135.82 - - [02/May/2020:07:22:20 +0800] "GET /xingrg/kc/pszx/mdqp_order_list.html?state=10 HTTP/1.1" 200 15363
120.253.135.82 - - [02/May/2020:07:22:20 +0800] "GET /xingrg/dwr/interface/AjaxQqpsService.js HTTP/1.1" 200 16326
120.253.135.82 - - [02/May/2020:07:22:20 +0800] "GET /xingrg/dwr/interface/AjaxReportQueryService.js HTTP/1.1" 200 13203
120.253.135.82 - - [02/May/2020:07:22:20 +0800] "GET /xingrg/dwr/engine.js HTTP/1.1" 200 43631
120.253.135.82 - - [02/May/2020:07:22:24 +0800] "GET /xingrg/kc/pszx/mdqp_order_info.html?code=302020050100021 HTTP/1.1" 200 13350
120.253.135.82 - - [02/May/2020:07:22:24 +0800] "GET /xingrg/dwr/interface/AjaxComOrderService.js HTTP/1.1" 200 18264
120.253.135.82 - - [02/May/2020:07:22:24 +0800] "GET /xingrg/dwr/interface/AjaxQqpsService.js HTTP/1.1" 200 16326
120.253.135.82 - - [02/May/2020:07:22:24 +0800] "GET /xingrg/dwr/engine.js HTTP/1.1" 200 43631
120.253.135.82 - - [02/May/2020:07:22:24 +0800] "POST /xingrg/dwr/call/plaincall/AjaxQqpsService.loadMaterielItems.dwr HTTP/1.1" 200 3562
120.253.135.82 - - [02/May/2020:07:22:28 +0800] "GET /xingrg/images/yd/bt.gif HTTP/1.1" 404 1040
120.253.135.82 - - [02/May/2020:07:22:28 +0800] "GET /xingrg/images/yd/bt2.gif HTTP/1.1" 404 1042
114.84.33.255 - - [02/May/2020:07:22:28 +0800] "GET /xingrg/all/function/internal_message.html?_=1588375366508&CODE_STATE=getMsg HTTP/1.1" 200 27
114.84.33.255 - - [02/May/2020:07:22:30 +0800] "GET /xingrg/all/function/internal_message.html?_=1588375343551&CODE_STATE=getMsg HTTP/1.1" 200 27
120.253.135.82 - - [02/May/2020:07:22:31 +0800] "GET /xingrg/kc/pszx/mdqp_order_list.html?isBack=1 HTTP/1.1" 302 -
120.253.135.82 - - [02/May/2020:07:22:31 +0800] "GET /xingrg/kc/pszx/mdqp_order_list.html?state=10 HTTP/1.1" 200 15363
120.253.135.82 - - [02/May/2020:07:22:31 +0800] "GET /xingrg/dwr/interface/AjaxQqpsService.js HTTP/1.1" 200 16326
120.253.135.82 - - [02/May/2020:07:22:31 +0800] "GET /xingrg/dwr/interface/AjaxReportQueryService.js HTTP/1.1" 200 13203
120.253.135.82 - - [02/May/2020:07:22:31 +0800] "GET /xingrg/dwr/engine.js HTTP/1.1" 200 43631
120.253.135.82 - - [02/May/2020:07:22:34 +0800] "GET /xingrg/kc/pszx/mdqp_order_info.html?code=302020050100025 HTTP/1.1" 200 13350
120.253.135.82 - - [02/May/2020:07:22:34 +0800] "GET /xingrg/dwr/interface/AjaxComOrderService.js HTTP/1.1" 200 18264
120.253.135.82 - - [02/May/2020:07:22:34 +0800] "GET /xingrg/dwr/interface/AjaxQqpsService.js HTTP/1.1" 200 16326
120.253.135.82 - - [02/May/2020:07:22:34 +0800] "GET /xingrg/dwr/engine.js HTTP/1.1" 200 43631
120.253.135.82 - - [02/May/2020:07:22:34 +0800] "POST /xingrg/dwr/call/plaincall/AjaxQqpsService.loadMaterielItems.dwr HTTP/1.1" 200 382
120.253.135.82 - - [02/May/2020:07:22:37 +0800] "GET /xingrg/kc/pszx/mdqp_order_list.html?isBack=1 HTTP/1.1" 302 -
120.253.135.82 - - [02/May/2020:07:22:37 +0800] "GET /xingrg/kc/pszx/mdqp_order_list.html?state=10 HTTP/1.1" 200 15363
120.253.135.82 - - [02/May/2020:07:22:37 +0800] "GET /xingrg/dwr/interface/AjaxQqpsService.js HTTP/1.1" 200 16326
120.253.135.82 - - [02/May/2020:07:22:37 +0800] "GET /xingrg/dwr/interface/AjaxReportQueryService.js HTTP/1.1" 200 13203
120.253.135.82 - - [02/May/2020:07:22:37 +0800] "GET /xingrg/dwr/engine.js HTTP/1.1" 200 43631
172.17.0.123 - - [02/May/2020:07:22:41 +0800] "GET /xingrg/all/function/internal_message.html?_=1588375354543&CODE_STATE=getMsg HTTP/1.1" 200 27
120.253.135.82 - - [02/May/2020:07:22:41 +0800] "GET /xingrg/kc/pszx/mdqp_order_info.html?code=302020050100026 HTTP/1.1" 200 13350
120.253.135.82 - - [02/May/2020:07:22:41 +0800] "GET /xingrg/dwr/interface/AjaxComOrderService.js HTTP/1.1" 200 18264
120.253.135.82 - - [02/May/2020:07:22:41 +0800] "GET /xingrg/dwr/interface/AjaxQqpsService.js HTTP/1.1" 200 16326
120.253.135.82 - - [02/May/2020:07:22:41 +0800] "GET /xingrg/dwr/engine.js HTTP/1.1" 200 43631
120.253.135.82 - - [02/May/2020:07:22:42 +0800] "POST /xingrg/dwr/call/plaincall/AjaxQqpsService.loadMaterielItems.dwr HTTP/1.1" 200 373
116.232.36.192 - - [02/May/2020:07:22:42 +0800] "POST /xingrg/services/DataTransmitService HTTP/1.1" 200 524
116.232.36.192 - - [02/May/2020:07:22:42 +0800] "POST /xingrg/services/DataTransmitService HTTP/1.1" 200 497
180.162.232.172 - - [02/May/2020:07:22:46 +0800] "GET /xingrg/all/function/internal_message.html?_=1588375364820&CODE_STATE=getMsg HTTP/1.1" 200 27
120.253.135.82 - - [02/May/2020:07:22:46 +0800] "GET /xingrg/kc/pszx/mdqp_order_list.html?isBack=1 HTTP/1.1" 302 -
120.253.135.82 - - [02/May/2020:07:22:46 +0800] "GET /xingrg/kc/pszx/mdqp_order_list.html?state=10 HTTP/1.1" 200 15363
120.253.135.82 - - [02/May/2020:07:22:46 +0800] "GET /xingrg/dwr/interface/AjaxQqpsService.js HTTP/1.1" 200 16326
120.253.135.82 - - [02/May/2020:07:22:46 +0800] "GET /xingrg/dwr/interface/AjaxReportQueryService.js HTTP/1.1" 200 13203
120.253.135.82 - - [02/May/2020:07:22:46 +0800] "GET /xingrg/dwr/engine.js HTTP/1.1" 200 43631
120.253.135.82 - - [02/May/2020:07:22:51 +0800] "GET /xingrg/kc/pszx/mdqp_order_info.html?code=302020050100027 HTTP/1.1" 200 13350
120.253.135.82 - - [02/May/2020:07:22:51 +0800] "GET /xingrg/dwr/interface/AjaxComOrderService.js HTTP/1.1" 200 18264
120.253.135.82 - - [02/May/2020:07:22:51 +0800] "GET /xingrg/dwr/interface/AjaxQqpsService.js HTTP/1.1" 200 16326
120.253.135.82 - - [02/May/2020:07:22:51 +0800] "GET /xingrg/dwr/engine.js HTTP/1.1" 200 43631
120.253.135.82 - - [02/May/2020:07:22:51 +0800] "POST /xingrg/dwr/call/plaincall/AjaxQqpsService.loadMaterielItems.dwr HTTP/1.1" 200 76
180.162.232.172 - - [02/May/2020:07:22:53 +0800] "GET /xingrg/all/function/internal_message.html?_=1588375484259&CODE_STATE=getMsg HTTP/1.1" 200 27
120.253.135.82 - - [02/May/2020:07:22:54 +0800] "GET /xingrg/kc/pszx/mdqp_order_list.html?isBack=1 HTTP/1.1" 302 -
120.253.135.82 - - [02/May/2020:07:22:54 +0800] "GET /xingrg/kc/pszx/mdqp_order_list.html?state=10 HTTP/1.1" 200 15363
120.253.135.82 - - [02/May/2020:07:22:54 +0800] "GET /xingrg/dwr/interface/AjaxQqpsService.js HTTP/1.1" 200 16326
120.253.135.82 - - [02/May/2020:07:22:54 +0800] "GET /xingrg/dwr/interface/AjaxReportQueryService.js HTTP/1.1" 200 13203
120.253.135.82 - - [02/May/2020:07:22:54 +0800] "GET /xingrg/dwr/engine.js HTTP/1.1" 200 43631
172.17.0.185 - - [02/May/2020:07:23:01 +0800] "GET /xingrg/all/function/internal_message.html?_=1588375377563&CODE_STATE=getMsg HTTP/1.1" 200 27
172.17.0.185 - - [02/May/2020:07:23:01 +0800] "GET /xingrg/check_reg.html?_=1588375377567 HTTP/1.1" 200 22
120.253.135.82 - - [02/May/2020:07:23:02 +0800] "GET /xingrg/kc/pszx/jzcl_ps.html HTTP/1.1" 200 7683
120.253.135.82 - - [02/May/2020:07:23:02 +0800] "POST /xingrg/all/common/load_tree.html?tree=area_rest_tree_json HTTP/1.1" 200 3088
120.253.135.82 - - [02/May/2020:07:23:03 +0800] "POST /xingrg/kc/pszx/jzcl_ps_operate.html HTTP/1.1" 200 5460
120.253.135.82 - - [02/May/2020:07:23:03 +0800] "POST /xingrg/kc/pszx/jzcl_ps_operate.html HTTP/1.1" 200 5460
120.253.135.82 - - [02/May/2020:07:23:07 +0800] "GET /xingrg/check_reg.html?_=1588375137143 HTTP/1.1" 200 22
120.253.135.82 - - [02/May/2020:07:23:15 +0800] "GET /xingrg/all/function/internal_message.html?_=1588375145426&CODE_STATE=getMsg HTTP/1.1" 200 27
120.253.135.82 - - [02/May/2020:07:23:16 +0800] "POST /xingrg/kc/pszx/jzcl_ps_operate.html HTTP/1.1" 200 4
120.253.135.82 - - [02/May/2020:07:23:20 +0800] "GET /xingrg/kc/pszx/mdps_order_list.html HTTP/1.1" 200 20964
120.253.135.82 - - [02/May/2020:07:23:20 +0800] "POST /xingrg/kc/pszx/jzcl_ps_operate.html HTTP/1.1" 200 2986
120.253.135.82 - - [02/May/2020:07:23:20 +0800] "POST /xingrg/kc/pszx/mdps_list_operate.html HTTP/1.1" 200 5463
114.84.33.255 - - [02/May/2020:07:23:22 +0800] "GET /xingrg/check_reg.html?_=1588375394935 HTTP/1.1" 200 22
114.84.33.255 - - [02/May/2020:07:23:28 +0800] "GET /xingrg/all/function/internal_message.html?_=1588375426539&CODE_STATE=getMsg HTTP/1.1" 200 27
114.84.33.255 - - [02/May/2020:07:23:30 +0800] "GET /xingrg/all/function/internal_message.html?_=1588375403560&CODE_STATE=getMsg HTTP/1.1" 200 27
180.162.232.172 - - [02/May/2020:07:23:36 +0800] "GET /xingrg/check_reg.html?_=1588375527788 HTTP/1.1" 200 22
172.17.0.123 - - [02/May/2020:07:23:41 +0800] "GET /xingrg/all/function/internal_message.html?_=1588375414545&CODE_STATE=getMsg HTTP/1.1" 200 27
120.253.135.82 - - [02/May/2020:07:23:41 +0800] "POST /xingrg/kc/pszx/mdps_list_operate.html HTTP/1.1" 200 2807
120.253.135.82 - - [02/May/2020:07:23:42 +0800] "POST /xingrg/kc/pszx/mdps_list_operate.html HTTP/1.1" 200 624
120.253.135.82 - - [02/May/2020:07:23:43 +0800] "GET /xingrg/kc/pszx/mdps_order_info.html?code=312020042900388 HTTP/1.1" 200 23849
120.253.135.82 - - [02/May/2020:07:23:43 +0800] "POST /xingrg/kc/pszx/mdps_order_operate.html HTTP/1.1" 200 5281
120.253.135.82 - - [02/May/2020:07:23:43 +0800] "GET /xingrg/javascript/easyui/themes/default/validatebox.css HTTP/1.1" 404 1104
180.162.232.172 - - [02/May/2020:07:23:46 +0800] "GET /xingrg/all/function/internal_message.html?_=1588375424819&CODE_STATE=getMsg HTTP/1.1" 200 27
120.253.135.82 - - [02/May/2020:07:23:50 +0800] "POST /xingrg/kc/pszx/mdps_list_operate.html HTTP/1.1" 200 388
120.253.135.82 - - [02/May/2020:07:23:50 +0800] "GET /xingrg/kc/pszx/mdps_order_info.html?code=312020050200038 HTTP/1.1" 200 23849
120.253.135.82 - - [02/May/2020:07:23:50 +0800] "POST /xingrg/kc/pszx/mdps_order_operate.html HTTP/1.1" 200 3290
120.253.135.82 - - [02/May/2020:07:23:50 +0800] "GET /xingrg/javascript/easyui/themes/default/validatebox.css HTTP/1.1" 404 1104
180.162.232.172 - - [02/May/2020:07:23:53 +0800] "GET /xingrg/all/function/internal_message.html?_=1588375544275&CODE_STATE=getMsg HTTP/1.1" 200 27
120.253.135.82 - - [02/May/2020:07:23:56 +0800] "POST /xingrg/kc/pszx/mdps_order_operate.html HTTP/1.1" 200 37
120.253.135.82 - - [02/May/2020:07:23:57 +0800] "GET /xingrg/kc/pszx/mdps_order_info.html?code=312020050200038 HTTP/1.1" 200 23849
120.253.135.82 - - [02/May/2020:07:23:57 +0800] "POST /xingrg/kc/pszx/mdps_order_operate.html HTTP/1.1" 200 3314
120.253.135.82 - - [02/May/2020:07:23:57 +0800] "GET /xingrg/javascript/easyui/themes/default/validatebox.css HTTP/1.1" 404 1104
120.253.135.82 - - [02/May/2020:07:24:01 +0800] "POST /xingrg/kc/pszx/mdps_list_operate.html HTTP/1.1" 200 2807
172.17.0.185 - - [02/May/2020:07:24:01 +0800] "GET /xingrg/all/function/internal_message.html?_=1588375437569&CODE_STATE=getMsg HTTP/1.1" 200 27
120.253.135.82 - - [02/May/2020:07:24:03 +0800] "POST /xingrg/kc/pszx/mdps_list_operate.html HTTP/1.1" 200 624
120.253.135.82 - - [02/May/2020:07:24:03 +0800] "GET /xingrg/kc/pszx/mdps_order_info.html?code=312020042900388 HTTP/1.1" 200 23849
120.253.135.82 - - [02/May/2020:07:24:04 +0800] "POST /xingrg/kc/pszx/mdps_order_operate.html HTTP/1.1" 200 5281
120.253.135.82 - - [02/May/2020:07:24:04 +0800] "GET /xingrg/javascript/easyui/themes/default/validatebox.css HTTP/1.1" 404 1104
120.253.135.82 - - [02/May/2020:07:24:05 +0800] "POST /xingrg/kc/pszx/mdps_list_operate.html HTTP/1.1" 200 2807
120.253.135.82 - - [02/May/2020:07:24:08 +0800] "POST /xingrg/kc/pszx/mdps_list_operate.html HTTP/1.1" 200 605
120.253.135.82 - - [02/May/2020:07:24:09 +0800] "GET /xingrg/kc/pszx/mdps_order_info.html?code=312020050200039 HTTP/1.1" 200 23849
120.253.135.82 - - [02/May/2020:07:24:09 +0800] "POST /xingrg/kc/pszx/mdps_order_operate.html HTTP/1.1" 200 6200
120.253.135.82 - - [02/May/2020:07:24:09 +0800] "GET /xingrg/javascript/easyui/themes/default/validatebox.css HTTP/1.1" 404 1104
120.253.135.82 - - [02/May/2020:07:24:13 +0800] "POST /xingrg/all/common/load_combo.html?type=base HTTP/1.1" 200 899
120.253.135.82 - - [02/May/2020:07:24:15 +0800] "GET /xingrg/all/function/internal_message.html?_=1588375205439&CODE_STATE=getMsg HTTP/1.1" 200 27
120.253.135.82 - - [02/May/2020:07:24:18 +0800] "POST /xingrg/kc/pszx/mdps_order_operate.html HTTP/1.1" 200 37
120.253.135.82 - - [02/May/2020:07:24:19 +0800] "GET /xingrg/kc/pszx/mdps_order_info.html?code=312020050200039 HTTP/1.1" 200 23849
120.253.135.82 - - [02/May/2020:07:24:19 +0800] "POST /xingrg/kc/pszx/mdps_order_operate.html HTTP/1.1" 200 6273
120.253.135.82 - - [02/May/2020:07:24:19 +0800] "GET /xingrg/javascript/easyui/themes/default/validatebox.css HTTP/1.1" 404 1104
120.253.135.82 - - [02/May/2020:07:24:25 +0800] "POST /xingrg/kc/pszx/mdps_list_operate.html HTTP/1.1" 200 2807
120.253.135.82 - - [02/May/2020:07:24:26 +0800] "POST /xingrg/kc/pszx/mdps_list_operate.html HTTP/1.1" 200 533
120.253.135.82 - - [02/May/2020:07:24:28 +0800] "GET /xingrg/kc/pszx/mdps_order_info.html?code=312020050200040 HTTP/1.1" 200 23849
114.84.33.255 - - [02/May/2020:07:24:28 +0800] "GET /xingrg/all/function/internal_message.html?_=1588375486552&CODE_STATE=getMsg HTTP/1.1" 200 27
120.253.135.82 - - [02/May/2020:07:24:28 +0800] "POST /xingrg/kc/pszx/mdps_order_operate.html HTTP/1.1" 200 4257
120.253.135.82 - - [02/May/2020:07:24:28 +0800] "GET /xingrg/javascript/easyui/themes/default/validatebox.css HTTP/1.1" 404 1104
114.84.33.255 - - [02/May/2020:07:24:30 +0800] "GET /xingrg/all/function/internal_message.html?_=1588375463573&CODE_STATE=getMsg HTTP/1.1" 200 27
120.253.135.82 - - [02/May/2020:07:24:31 +0800] "POST /xingrg/kc/pszx/mdps_order_operate.html HTTP/1.1" 200 37
120.253.135.82 - - [02/May/2020:07:24:32 +0800] "GET /xingrg/kc/pszx/mdps_order_info.html?code=312020050200040 HTTP/1.1" 200 23849
120.253.135.82 - - [02/May/2020:07:24:32 +0800] "POST /xingrg/kc/pszx/mdps_order_operate.html HTTP/1.1" 200 4295
120.253.135.82 - - [02/May/2020:07:24:32 +0800] "GET /xingrg/javascript/easyui/themes/default/validatebox.css HTTP/1.1" 404 1104
172.17.0.123 - - [02/May/2020:07:24:41 +0800] "GET /xingrg/all/function/internal_message.html?_=1588375474545&CODE_STATE=getMsg HTTP/1.1" 200 27
120.253.135.82 - - [02/May/2020:07:24:43 +0800] "GET /xingrg/kc/pszx/mdps_order_operate.html?command=get_materiel&pszx_code=00101&rest_code=00104&base_code=0010246&code=00101019248 HTTP/1.1" 200 445
180.162.232.172 - - [02/May/2020:07:24:46 +0800] "GET /xingrg/all/function/internal_message.html?_=1588375484818&CODE_STATE=getMsg HTTP/1.1" 200 27
180.162.232.172 - - [02/May/2020:07:24:53 +0800] "GET /xingrg/all/function/internal_message.html?_=1588375604289&CODE_STATE=getMsg HTTP/1.1" 200 27
120.253.135.82 - - [02/May/2020:07:24:54 +0800] "GET /xingrg/kc/pszx/mdps_order_operate.html?command=get_materiel&pszx_code=00101&rest_code=00104&base_code=0010246&code=00101019142 HTTP/1.1" 200 450
120.253.135.82 - - [02/May/2020:07:24:56 +0800] "POST /xingrg/all/common/load_select.html HTTP/1.1" 200 25
120.253.135.82 - - [02/May/2020:07:24:58 +0800] "GET /xingrg/kc/pszx/mdps_order_operate.html?command=get_materiel_price&pszx_code=00101&rest_code=00104&base_code=0010246&code=00101019142&unit_code=00100211&order_time=2020-05-03 HTTP/1.1" 200 35
172.17.0.185 - - [02/May/2020:07:25:01 +0800] "GET /xingrg/all/function/internal_message.html?_=1588375497576&CODE_STATE=getMsg HTTP/1.1" 200 27
120.253.135.82 - - [02/May/2020:07:25:05 +0800] "POST /xingrg/kc/pszx/mdps_order_operate.html HTTP/1.1" 200 37
120.253.135.82 - - [02/May/2020:07:25:06 +0800] "GET /xingrg/kc/pszx/mdps_order_info.html?code=312020050200040 HTTP/1.1" 200 23849
120.253.135.82 - - [02/May/2020:07:25:06 +0800] "POST /xingrg/kc/pszx/mdps_order_operate.html HTTP/1.1" 200 4318
120.253.135.82 - - [02/May/2020:07:25:06 +0800] "GET /xingrg/javascript/easyui/themes/default/validatebox.css HTTP/1.1" 404 1104
172.17.0.123 - - [02/May/2020:07:25:07 +0800] "GET /xingrg/check_reg.html?_=1588375501076 HTTP/1.1" 302 -
120.253.135.82 - - [02/May/2020:07:25:15 +0800] "GET /xingrg/all/function/internal_message.html?_=1588375265453&CODE_STATE=getMsg HTTP/1.1" 200 27
120.253.135.82 - - [02/May/2020:07:25:23 +0800] "GET /xingrg/kc/pszx/mdps_order_operate.html?command=get_materiel&pszx_code=00101&rest_code=00104&base_code=0010246&code=00101029073 HTTP/1.1" 200 465
114.84.33.255 - - [02/May/2020:07:25:28 +0800] "GET /xingrg/all/function/internal_message.html?_=1588375546576&CODE_STATE=getMsg HTTP/1.1" 200 27
120.253.135.82 - - [02/May/2020:07:25:28 +0800] "POST /xingrg/all/common/load_select.html HTTP/1.1" 200 25
120.253.135.82 - - [02/May/2020:07:25:30 +0800] "GET /xingrg/kc/pszx/mdps_order_operate.html?command=get_materiel_price&pszx_code=00101&rest_code=00104&base_code=0010246&code=00101029073&unit_code=00100179&order_time=2020-05-03 HTTP/1.1" 200 35
114.84.33.255 - - [02/May/2020:07:25:30 +0800] "GET /xingrg/all/function/internal_message.html?_=1588375523592&CODE_STATE=getMsg HTTP/1.1" 200 27
120.253.135.82 - - [02/May/2020:07:25:37 +0800] "POST /xingrg/kc/pszx/mdps_order_operate.html HTTP/1.1" 200 37
120.253.135.82 - - [02/May/2020:07:25:37 +0800] "GET /xingrg/kc/pszx/mdps_order_info.html?code=312020050200040 HTTP/1.1" 200 23849
120.253.135.82 - - [02/May/2020:07:25:38 +0800] "POST /xingrg/kc/pszx/mdps_order_operate.html HTTP/1.1" 200 4857
120.253.135.82 - - [02/May/2020:07:25:38 +0800] "GET /xingrg/javascript/easyui/themes/default/validatebox.css HTTP/1.1" 404 1104
120.253.135.82 - - [02/May/2020:07:25:40 +0800] "POST /xingrg/kc/pszx/mdps_list_operate.html HTTP/1.1" 200 2807
172.17.0.123 - - [02/May/2020:07:25:41 +0800] "GET /xingrg/all/function/internal_message.html?_=1588375534547&CODE_STATE=getMsg HTTP/1.1" 200 27
120.253.135.82 - - [02/May/2020:07:25:43 +0800] "POST /xingrg/kc/pszx/mdps_list_operate.html HTTP/1.1" 200 605
120.253.135.82 - - [02/May/2020:07:25:44 +0800] "GET /xingrg/kc/pszx/mdps_order_info.html?code=312020050200039 HTTP/1.1" 200 23849
120.253.135.82 - - [02/May/2020:07:25:44 +0800] "POST /xingrg/kc/pszx/mdps_order_operate.html HTTP/1.1" 200 6273
120.253.135.82 - - [02/May/2020:07:25:44 +0800] "GET /xingrg/javascript/easyui/themes/default/validatebox.css HTTP/1.1" 404 1104
180.162.232.172 - - [02/May/2020:07:25:46 +0800] "GET /xingrg/all/function/internal_message.html?_=1588375544817&CODE_STATE=getMsg HTTP/1.1" 200 27
120.253.135.82 - - [02/May/2020:07:25:46 +0800] "POST /xingrg/kc/pszx/mdps_list_operate.html HTTP/1.1" 200 2807
120.253.135.82 - - [02/May/2020:07:25:49 +0800] "POST /xingrg/kc/pszx/mdps_list_operate.html HTTP/1.1" 200 388
180.162.232.172 - - [02/May/2020:07:25:53 +0800] "GET /xingrg/all/function/internal_message.html?_=1588375664314&CODE_STATE=getMsg HTTP/1.1" 200 27
120.253.135.82 - - [02/May/2020:07:25:54 +0800] "GET /xingrg/kc/pszx/mdps_order_info.html?code=312020050200038 HTTP/1.1" 200 23849
120.253.135.82 - - [02/May/2020:07:25:55 +0800] "POST /xingrg/kc/pszx/mdps_order_operate.html HTTP/1.1" 200 3314
120.253.135.82 - - [02/May/2020:07:25:55 +0800] "GET /xingrg/javascript/easyui/themes/default/validatebox.css HTTP/1.1" 404 1104
172.17.0.185 - - [02/May/2020:07:26:01 +0800] "GET /xingrg/all/function/internal_message.html?_=1588375557564&CODE_STATE=getMsg HTTP/1.1" 200 27
120.253.135.82 - - [02/May/2020:07:26:06 +0800] "POST /xingrg/kc/pszx/mdps_order_operate.html HTTP/1.1" 200 37
120.253.135.82 - - [02/May/2020:07:26:07 +0800] "GET /xingrg/kc/pszx/mdps_order_info.html?code=312020050200038 HTTP/1.1" 200 23849
120.253.135.82 - - [02/May/2020:07:26:07 +0800] "POST /xingrg/kc/pszx/mdps_order_operate.html HTTP/1.1" 200 2770
120.253.135.82 - - [02/May/2020:07:26:07 +0800] "GET /xingrg/javascript/easyui/themes/default/validatebox.css HTTP/1.1" 404 1104
114.84.33.255 - - [02/May/2020:07:26:09 +0800] "GET /xingrg/check_reg.html?_=1588375587141 HTTP/1.1" 200 22
120.253.135.82 - - [02/May/2020:07:26:12 +0800] "POST /xingrg/kc/pszx/mdps_list_operate.html HTTP/1.1" 200 2807
120.253.135.82 - - [02/May/2020:07:26:15 +0800] "POST /xingrg/kc/pszx/mdps_list_operate.html HTTP/1.1" 200 605
120.253.135.82 - - [02/May/2020:07:26:15 +0800] "GET /xingrg/all/function/internal_message.html?_=1588375325545&CODE_STATE=getMsg HTTP/1.1" 200 27
120.253.135.82 - - [02/May/2020:07:26:17 +0800] "POST /xingrg/kc/pszx/mdps_list_operate.html HTTP/1.1" 200 646
120.253.135.82 - - [02/May/2020:07:26:18 +0800] "GET /xingrg/kc/pszx/mdps_order_info.html?code=312020050200040 HTTP/1.1" 200 23849
120.253.135.82 - - [02/May/2020:07:26:19 +0800] "POST /xingrg/kc/pszx/mdps_order_operate.html HTTP/1.1" 200 4857
120.253.135.82 - - [02/May/2020:07:26:19 +0800] "GET /xingrg/javascript/easyui/themes/default/validatebox.css HTTP/1.1" 404 1104
114.84.33.255 - - [02/May/2020:07:26:28 +0800] "GET /xingrg/all/function/internal_message.html?_=1588375606578&CODE_STATE=getMsg HTTP/1.1" 200 27
114.84.33.255 - - [02/May/2020:07:26:30 +0800] "GET /xingrg/all/function/internal_message.html?_=1588375583601&CODE_STATE=getMsg HTTP/1.1" 200 27
120.253.135.82 - - [02/May/2020:07:26:32 +0800] "GET /xingrg/kc/report/report_main.html HTTP/1.1" 200 9370
120.253.135.82 - - [02/May/2020:07:26:32 +0800] "GET /xingrg/javascript/jquery_ui/themes/humanity/humanity.css HTTP/1.1" 200 27801
120.253.135.82 - - [02/May/2020:07:26:32 +0800] "GET /xingrg/javascript/jquery_easy_ui/themes/icons/settle_new.png HTTP/1.1" 200 826
120.253.135.82 - - [02/May/2020:07:26:33 +0800] "GET /xingrg/kc/base/kc_stocks.html HTTP/1.1" 200 16278
120.253.135.82 - - [02/May/2020:07:26:33 +0800] "GET /xingrg/javascript/easyui/themes/sunny/easyui.css HTTP/1.1" 200 34304
120.253.135.82 - - [02/May/2020:07:26:33 +0800] "GET /xingrg/javascript/easyui/themes/icons/print_new.png HTTP/1.1" 200 3580
120.253.135.82 - - [02/May/2020:07:26:33 +0800] "GET /xingrg/javascript/easyui/themes/icons/filter_new.png HTTP/1.1" 200 795
120.253.135.82 - - [02/May/2020:07:26:33 +0800] "GET /xingrg/javascript/easyui/themes/icons/refresh_new.png HTTP/1.1" 200 685
120.253.135.82 - - [02/May/2020:07:26:33 +0800] "GET /xingrg/javascript/easyui/plugins/jquery.draggable.js HTTP/1.1" 200 6121
120.253.135.82 - - [02/May/2020:07:26:33 +0800] "GET /xingrg/javascript/easyui/plugins/jquery.droppable.js HTTP/1.1" 200 1167
120.253.135.82 - - [02/May/2020:07:26:33 +0800] "GET /xingrg/javascript/easyui/themes/default/tree.css HTTP/1.1" 404 1090
120.253.135.82 - - [02/May/2020:07:26:33 +0800] "GET /xingrg/javascript/easyui/plugins/jquery.tree.js HTTP/1.1" 200 20874
120.253.135.82 - - [02/May/2020:07:26:33 +0800] "POST /xingrg/all/common/load_tree.html?tree=materiel_sort_tree_json HTTP/1.1" 200 8666
120.253.135.82 - - [02/May/2020:07:26:33 +0800] "GET /xingrg/javascript/easyui/themes/sunny/images/tree_arrows.gif HTTP/1.1" 200 617
120.253.135.82 - - [02/May/2020:07:26:33 +0800] "GET /xingrg/javascript/easyui/themes/sunny/images/tree_folder_open.gif HTTP/1.1" 200 956
120.253.135.82 - - [02/May/2020:07:26:33 +0800] "GET /xingrg/javascript/easyui/themes/sunny/images/tree_folder.gif HTTP/1.1" 200 952
120.253.135.82 - - [02/May/2020:07:26:33 +0800] "GET /xingrg/javascript/easyui/themes/sunny/images/tree_file.gif HTTP/1.1" 200 118
120.253.135.82 - - [02/May/2020:07:26:35 +0800] "POST /xingrg/all/common/load_combo.html?type=base HTTP/1.1" 200 899
58.221.95.50 - - [02/May/2020:07:26:38 +0800] "GET /xingrg/check_reg.html?_=1588375625512 HTTP/1.1" 302 -
58.221.95.50 - - [02/May/2020:07:26:38 +0800] "GET /xingrg/check_reg.html?_=1588375625492 HTTP/1.1" 302 -
58.221.95.50 - - [02/May/2020:07:26:38 +0800] "GET /xingrg/check_reg.html?_=1588375625516 HTTP/1.1" 302 -
58.221.95.50 - - [02/May/2020:07:26:38 +0800] "GET /xingrg/check_reg.html?_=1588375625517 HTTP/1.1" 302 -
172.17.0.123 - - [02/May/2020:07:26:41 +0800] "GET /xingrg/check_reg.html?_=1588375594551 HTTP/1.1" 200 22
172.17.0.123 - - [02/May/2020:07:26:41 +0800] "GET /xingrg/all/function/internal_message.html?_=1588375594553&CODE_STATE=getMsg HTTP/1.1" 200 27
120.253.135.82 - - [02/May/2020:07:26:43 +0800] "POST /xingrg/kc/base/stock_operate.html HTTP/1.1" 200 1471
120.253.135.82 - - [02/May/2020:07:26:43 +0800] "GET /xingrg/javascript/jquery_tools/fix_table.js HTTP/1.1" 200 6528
180.162.232.172 - - [02/May/2020:07:26:46 +0800] "GET /xingrg/all/function/internal_message.html?_=1588375604837&CODE_STATE=getMsg HTTP/1.1" 200 27
120.253.135.82 - - [02/May/2020:07:26:46 +0800] "GET /xingrg/javascript/easyui/themes/sunny/images/ui-bg_gloss-wave_60_fece2f_500x100.png HTTP/1.1" 200 3512
180.162.232.172 - - [02/May/2020:07:26:46 +0800] "GET /xingrg/check_reg.html?_=1588375604838 HTTP/1.1" 200 22
120.253.135.82 - - [02/May/2020:07:26:48 +0800] "GET /xingrg/kc/pszx/mdps_order_list.html?orderType=0 HTTP/1.1" 200 20964
120.253.135.82 - - [02/May/2020:07:26:48 +0800] "POST /xingrg/kc/pszx/mdps_list_operate.html HTTP/1.1" 200 5463
180.162.232.172 - - [02/May/2020:07:26:53 +0800] "GET /xingrg/all/function/internal_message.html?_=1588375724315&CODE_STATE=getMsg HTTP/1.1" 200 27
120.253.135.82 - - [02/May/2020:07:26:58 +0800] "POST /xingrg/kc/pszx/mdps_list_operate.html HTTP/1.1" 200 2807
172.17.0.185 - - [02/May/2020:07:27:01 +0800] "GET /xingrg/all/function/internal_message.html?_=1588375617570&CODE_STATE=getMsg HTTP/1.1" 200 27
120.253.135.82 - - [02/May/2020:07:27:15 +0800] "GET /xingrg/all/function/internal_message.html?_=1588375385558&CODE_STATE=getMsg HTTP/1.1" 200 27
114.84.33.255 - - [02/May/2020:07:27:28 +0800] "GET /xingrg/all/function/internal_message.html?_=1588375666592&CODE_STATE=getMsg HTTP/1.1" 200 27
114.84.33.255 - - [02/May/2020:07:27:30 +0800] "GET /xingrg/all/function/internal_message.html?_=1588375643619&CODE_STATE=getMsg HTTP/1.1" 200 27
120.253.135.82 - - [02/May/2020:07:27:33 +0800] "POST /xingrg/kc/pszx/mdps_list_operate.html HTTP/1.1" 200 3921
120.253.135.82 - - [02/May/2020:07:27:35 +0800] "POST /xingrg/kc/pszx/mdps_list_operate.html HTTP/1.1" 200 624
120.253.135.82 - - [02/May/2020:07:27:37 +0800] "POST /xingrg/kc/pszx/mdps_list_operate.html HTTP/1.1" 200 369
172.17.0.123 - - [02/May/2020:07:27:41 +0800] "GET /xingrg/all/function/internal_message.html?_=1588375654555&CODE_STATE=getMsg HTTP/1.1" 200 27
120.253.135.82 - - [02/May/2020:07:27:42 +0800] "POST /xingrg/kc/pszx/mdps_list_operate.html HTTP/1.1" 200 208
120.253.135.82 - - [02/May/2020:07:27:44 +0800] "GET /xingrg/kc/pszx/mdps_order_info.html?code=312020050200041 HTTP/1.1" 200 23849
120.253.135.82 - - [02/May/2020:07:27:44 +0800] "POST /xingrg/kc/pszx/mdps_order_operate.html HTTP/1.1" 200 2286
120.253.135.82 - - [02/May/2020:07:27:44 +0800] "GET /xingrg/javascript/easyui/themes/default/validatebox.css HTTP/1.1" 404 1104
180.162.232.172 - - [02/May/2020:07:27:46 +0800] "GET /xingrg/all/function/internal_message.html?_=1588375664826&CODE_STATE=getMsg HTTP/1.1" 200 27
120.253.135.82 - - [02/May/2020:07:27:47 +0800] "POST /xingrg/kc/pszx/mdps_order_operate.html HTTP/1.1" 200 37
120.253.135.82 - - [02/May/2020:07:27:48 +0800] "GET /xingrg/kc/pszx/mdps_order_info.html?code=312020050200041 HTTP/1.1" 200 23849
120.253.135.82 - - [02/May/2020:07:27:48 +0800] "POST /xingrg/kc/pszx/mdps_order_operate.html HTTP/1.1" 200 2293
120.253.135.82 - - [02/May/2020:07:27:48 +0800] "GET /xingrg/javascript/easyui/themes/default/validatebox.css HTTP/1.1" 404 1104
180.162.232.172 - - [02/May/2020:07:27:53 +0800] "GET /xingrg/all/function/internal_message.html?_=1588375784345&CODE_STATE=getMsg HTTP/1.1" 200 27
172.17.0.185 - - [02/May/2020:07:28:01 +0800] "GET /xingrg/check_reg.html?_=1588375677575 HTTP/1.1" 200 22
172.17.0.185 - - [02/May/2020:07:28:01 +0800] "GET /xingrg/all/function/internal_message.html?_=1588375677580&CODE_STATE=getMsg HTTP/1.1" 200 27
120.253.135.82 - - [02/May/2020:07:28:07 +0800] "GET /xingrg/check_reg.html?_=1588375437149 HTTP/1.1" 200 22
120.253.135.82 - - [02/May/2020:07:28:15 +0800] "GET /xingrg/all/function/internal_message.html?_=1588375445572&CODE_STATE=getMsg HTTP/1.1" 200 27
120.253.135.82 - - [02/May/2020:07:28:20 +0800] "POST /xingrg/kc/pszx/mdps_order_operate.html HTTP/1.1" 200 37
120.253.135.82 - - [02/May/2020:07:28:21 +0800] "GET /xingrg/kc/pszx/mdps_order_info.html?code=312020050200041 HTTP/1.1" 200 23849
120.253.135.82 - - [02/May/2020:07:28:21 +0800] "POST /xingrg/kc/pszx/mdps_order_operate.html HTTP/1.1" 200 2293
120.253.135.82 - - [02/May/2020:07:28:21 +0800] "GET /xingrg/javascript/easyui/themes/default/validatebox.css HTTP/1.1" 404 1104
114.84.33.255 - - [02/May/2020:07:28:22 +0800] "GET /xingrg/check_reg.html?_=1588375694938 HTTP/1.1" 200 22
120.253.135.82 - - [02/May/2020:07:28:24 +0800] "POST /xingrg/kc/pszx/mdps_list_operate.html HTTP/1.1" 200 202
120.253.135.82 - - [02/May/2020:07:28:26 +0800] "GET /xingrg/kc/pszx/mdps_order_info.html?code=312020050200042 HTTP/1.1" 200 23849
120.253.135.82 - - [02/May/2020:07:28:26 +0800] "POST /xingrg/kc/pszx/mdps_order_operate.html HTTP/1.1" 200 2282
120.253.135.82 - - [02/May/2020:07:28:26 +0800] "GET /xingrg/javascript/easyui/themes/default/validatebox.css HTTP/1.1" 404 1104
114.84.33.255 - - [02/May/2020:07:28:28 +0800] "GET /xingrg/all/function/internal_message.html?_=1588375726617&CODE_STATE=getMsg HTTP/1.1" 200 27
120.253.135.82 - - [02/May/2020:07:28:30 +0800] "POST /xingrg/kc/pszx/mdps_order_operate.html HTTP/1.1" 200 37
120.253.135.82 - - [02/May/2020:07:28:30 +0800] "GET /xingrg/kc/pszx/mdps_order_info.html?code=312020050200042 HTTP/1.1" 200 23849
114.84.33.255 - - [02/May/2020:07:28:30 +0800] "GET /xingrg/all/function/internal_message.html?_=1588375703628&CODE_STATE=getMsg HTTP/1.1" 200 27
120.253.135.82 - - [02/May/2020:07:28:31 +0800] "POST /xingrg/kc/pszx/mdps_order_operate.html HTTP/1.1" 200 2290
120.253.135.82 - - [02/May/2020:07:28:31 +0800] "GET /xingrg/javascript/easyui/themes/default/validatebox.css HTTP/1.1" 404 1104
120.253.135.82 - - [02/May/2020:07:28:34 +0800] "POST /xingrg/kc/pszx/mdps_list_operate.html HTTP/1.1" 200 3921
120.253.135.82 - - [02/May/2020:07:28:36 +0800] "POST /xingrg/kc/pszx/mdps_list_operate.html HTTP/1.1" 200 664
180.162.232.172 - - [02/May/2020:07:28:36 +0800] "GET /xingrg/check_reg.html?_=1588375827795 HTTP/1.1" 200 22
120.253.135.82 - - [02/May/2020:07:28:37 +0800] "GET /xingrg/kc/pszx/mdps_order_info.html?code=312020050200043 HTTP/1.1" 200 23849
120.253.135.82 - - [02/May/2020:07:28:37 +0800] "POST /xingrg/kc/pszx/mdps_order_operate.html HTTP/1.1" 200 7387
120.253.135.82 - - [02/May/2020:07:28:37 +0800] "GET /xingrg/javascript/easyui/themes/default/validatebox.css HTTP/1.1" 404 1104
172.17.0.123 - - [02/May/2020:07:28:41 +0800] "GET /xingrg/all/function/internal_message.html?_=1588375714541&CODE_STATE=getMsg HTTP/1.1" 200 27
120.253.135.82 - - [02/May/2020:07:28:41 +0800] "POST /xingrg/kc/pszx/mdps_order_operate.html HTTP/1.1" 200 37
120.253.135.82 - - [02/May/2020:07:28:42 +0800] "GET /xingrg/kc/pszx/mdps_order_info.html?code=312020050200043 HTTP/1.1" 200 23849
120.253.135.82 - - [02/May/2020:07:28:42 +0800] "POST /xingrg/kc/pszx/mdps_order_operate.html HTTP/1.1" 200 7474
120.253.135.82 - - [02/May/2020:07:28:42 +0800] "GET /xingrg/javascript/easyui/themes/default/validatebox.css HTTP/1.1" 404 1104
180.162.232.172 - - [02/May/2020:07:28:46 +0800] "GET /xingrg/all/function/internal_message.html?_=1588375724828&CODE_STATE=getMsg HTTP/1.1" 200 27
180.162.232.172 - - [02/May/2020:07:28:53 +0800] "GET /xingrg/all/function/internal_message.html?_=1588375844358&CODE_STATE=getMsg HTTP/1.1" 200 27
172.17.0.185 - - [02/May/2020:07:29:01 +0800] "GET /xingrg/all/function/internal_message.html?_=1588375737567&CODE_STATE=getMsg HTTP/1.1" 200 27
120.253.135.82 - - [02/May/2020:07:29:15 +0800] "GET /xingrg/all/function/internal_message.html?_=1588375505584&CODE_STATE=getMsg HTTP/1.1" 200 27
120.253.135.82 - - [02/May/2020:07:29:23 +0800] "POST /xingrg/kc/pszx/mdps_order_operate.html HTTP/1.1" 200 37
120.253.135.82 - - [02/May/2020:07:29:24 +0800] "GET /xingrg/kc/pszx/mdps_order_info.html?code=312020050200043 HTTP/1.1" 200 23849
