114.84.33.255 - - [02/May/2020:08:15:29 +0800] "GET /xingrg/all/function/internal_message.html?_=1588378547439&CODE_STATE=getMsg HTTP/1.1" 200 27
114.84.33.255 - - [02/May/2020:08:15:31 +0800] "GET /xingrg/all/function/internal_message.html?_=1588378524271&CODE_STATE=getMsg HTTP/1.1" 200 27
172.17.0.123 - - [02/May/2020:08:15:41 +0800] "GET /xingrg/all/function/internal_message.html?_=1588378534541&CODE_STATE=getMsg HTTP/1.1" 200 27
180.162.232.172 - - [02/May/2020:08:15:46 +0800] "GET /xingrg/all/function/internal_message.html?_=1588378545005&CODE_STATE=getMsg HTTP/1.1" 200 27
180.162.232.172 - - [02/May/2020:08:15:54 +0800] "GET /xingrg/all/function/internal_message.html?_=1588378665260&CODE_STATE=getMsg HTTP/1.1" 200 27
172.17.0.185 - - [02/May/2020:08:16:01 +0800] "GET /xingrg/all/function/internal_message.html?_=1588378557567&CODE_STATE=getMsg HTTP/1.1" 200 27
114.84.33.255 - - [02/May/2020:08:16:09 +0800] "GET /xingrg/check_reg.html?_=1588378587203 HTTP/1.1" 200 22
120.253.135.82 - - [02/May/2020:08:16:21 +0800] "GET /xingrg/all/function/internal_message.html?_=1588378330996&CODE_STATE=getMsg HTTP/1.1" 200 27
114.84.33.255 - - [02/May/2020:08:16:29 +0800] "GET /xingrg/all/function/internal_message.html?_=1588378607446&CODE_STATE=getMsg HTTP/1.1" 200 27
114.84.33.255 - - [02/May/2020:08:16:31 +0800] "GET /xingrg/all/function/internal_message.html?_=1588378584279&CODE_STATE=getMsg HTTP/1.1" 200 27
172.17.0.123 - - [02/May/2020:08:16:41 +0800] "GET /xingrg/all/function/internal_message.html?_=1588378594545&CODE_STATE=getMsg HTTP/1.1" 200 27
172.17.0.123 - - [02/May/2020:08:16:41 +0800] "GET /xingrg/check_reg.html?_=1588378594545 HTTP/1.1" 200 22
180.162.232.172 - - [02/May/2020:08:16:46 +0800] "GET /xingrg/check_reg.html?_=1588378605007 HTTP/1.1" 200 22
180.162.232.172 - - [02/May/2020:08:16:46 +0800] "GET /xingrg/all/function/internal_message.html?_=1588378605009&CODE_STATE=getMsg HTTP/1.1" 200 27
180.162.232.172 - - [02/May/2020:08:16:54 +0800] "GET /xingrg/all/function/internal_message.html?_=1588378725276&CODE_STATE=getMsg HTTP/1.1" 200 27
172.17.0.185 - - [02/May/2020:08:17:01 +0800] "GET /xingrg/all/function/internal_message.html?_=1588378617572&CODE_STATE=getMsg HTTP/1.1" 200 27
180.161.113.183 - - [02/May/2020:08:17:08 +0800] "POST /xingrg/services/DataTransmitService HTTP/1.1" 200 524
180.161.113.183 - - [02/May/2020:08:17:08 +0800] "POST /xingrg/services/DataTransmitService HTTP/1.1" 200 2575
180.161.113.183 - - [02/May/2020:08:17:08 +0800] "POST /xingrg/services/DataTransmitService HTTP/1.1" 200 524
180.161.113.183 - - [02/May/2020:08:17:08 +0800] "POST /xingrg/services/DataTransmitService HTTP/1.1" 200 2575
180.161.113.183 - - [02/May/2020:08:17:09 +0800] "POST /xingrg/services/DataTransmitService HTTP/1.1" 200 524
180.161.113.183 - - [02/May/2020:08:17:09 +0800] "POST /xingrg/services/DataTransmitService HTTP/1.1" 200 2575
180.161.113.183 - - [02/May/2020:08:17:10 +0800] "POST /xingrg/services/DataTransmitService HTTP/1.1" 200 524
180.161.113.183 - - [02/May/2020:08:17:10 +0800] "POST /xingrg/services/DataTransmitService HTTP/1.1" 200 2575
180.161.113.183 - - [02/May/2020:08:17:12 +0800] "POST /xingrg/services/DataTransmitService HTTP/1.1" 200 524
180.161.113.183 - - [02/May/2020:08:17:12 +0800] "POST /xingrg/services/DataTransmitService HTTP/1.1" 200 2575
180.161.113.183 - - [02/May/2020:08:17:13 +0800] "POST /xingrg/services/DataTransmitService HTTP/1.1" 200 524
180.161.113.183 - - [02/May/2020:08:17:13 +0800] "POST /xingrg/services/DataTransmitService HTTP/1.1" 200 2575
120.253.135.82 - - [02/May/2020:08:17:21 +0800] "GET /xingrg/all/function/internal_message.html?_=1588378390995&CODE_STATE=getMsg HTTP/1.1" 200 27
114.84.33.255 - - [02/May/2020:08:17:29 +0800] "GET /xingrg/all/function/internal_message.html?_=1588378667458&CODE_STATE=getMsg HTTP/1.1" 200 27
114.84.33.255 - - [02/May/2020:08:17:31 +0800] "GET /xingrg/all/function/internal_message.html?_=1588378644298&CODE_STATE=getMsg HTTP/1.1" 200 27
172.17.0.123 - - [02/May/2020:08:17:41 +0800] "GET /xingrg/all/function/internal_message.html?_=1588378654547&CODE_STATE=getMsg HTTP/1.1" 200 27
180.161.113.183 - - [02/May/2020:08:17:46 +0800] "POST /xingrg/services/DataTransmitService HTTP/1.1" 200 524
180.162.232.172 - - [02/May/2020:08:17:46 +0800] "GET /xingrg/all/function/internal_message.html?_=1588378664996&CODE_STATE=getMsg HTTP/1.1" 200 27
180.161.113.183 - - [02/May/2020:08:17:47 +0800] "POST /xingrg/services/DataTransmitService HTTP/1.1" 200 501
180.161.113.183 - - [02/May/2020:08:17:47 +0800] "POST /xingrg/services/DataTransmitService HTTP/1.1" 200 501
180.161.113.183 - - [02/May/2020:08:17:47 +0800] "POST /xingrg/services/DataTransmitService HTTP/1.1" 200 501
180.161.113.183 - - [02/May/2020:08:17:48 +0800] "POST /xingrg/services/DataTransmitService HTTP/1.1" 200 501
180.161.113.183 - - [02/May/2020:08:17:49 +0800] "POST /xingrg/services/DataTransmitService HTTP/1.1" 200 501
180.161.113.183 - - [02/May/2020:08:17:49 +0800] "POST /xingrg/services/DataTransmitService HTTP/1.1" 200 501
180.161.113.183 - - [02/May/2020:08:17:50 +0800] "POST /xingrg/services/DataTransmitService HTTP/1.1" 200 501
180.161.113.183 - - [02/May/2020:08:17:50 +0800] "POST /xingrg/services/DataTransmitService HTTP/1.1" 200 412
180.162.232.172 - - [02/May/2020:08:17:54 +0800] "GET /xingrg/all/function/internal_message.html?_=1588378785306&CODE_STATE=getMsg HTTP/1.1" 200 27
180.161.113.183 - - [02/May/2020:08:17:54 +0800] "POST /xingrg/services/DataTransmitService HTTP/1.1" 200 524
180.161.113.183 - - [02/May/2020:08:17:54 +0800] "POST /xingrg/services/DataTransmitService HTTP/1.1" 200 501
180.161.113.183 - - [02/May/2020:08:17:55 +0800] "POST /xingrg/services/DataTransmitService HTTP/1.1" 200 524
180.161.113.183 - - [02/May/2020:08:17:59 +0800] "POST /xingrg/services/DataTransmitService HTTP/1.1" 200 501
172.17.0.185 - - [02/May/2020:08:18:01 +0800] "GET /xingrg/check_reg.html?_=1588378677578 HTTP/1.1" 200 22
172.17.0.185 - - [02/May/2020:08:18:01 +0800] "GET /xingrg/all/function/internal_message.html?_=1588378677582&CODE_STATE=getMsg HTTP/1.1" 200 27
180.161.113.183 - - [02/May/2020:08:18:03 +0800] "POST /xingrg/services/DataTransmitService HTTP/1.1" 200 524
180.161.113.183 - - [02/May/2020:08:18:03 +0800] "POST /xingrg/services/DataTransmitService HTTP/1.1" 200 501
180.161.113.183 - - [02/May/2020:08:18:06 +0800] "POST /xingrg/services/DataTransmitService HTTP/1.1" 200 524
180.161.113.183 - - [02/May/2020:08:18:06 +0800] "POST /xingrg/services/DataTransmitService HTTP/1.1" 200 497
120.253.135.82 - - [02/May/2020:08:18:07 +0800] "GET /xingrg/check_reg.html?_=1588378437713 HTTP/1.1" 200 22
120.253.135.82 - - [02/May/2020:08:18:21 +0800] "GET /xingrg/all/function/internal_message.html?_=1588378451009&CODE_STATE=getMsg HTTP/1.1" 200 27
114.84.33.255 - - [02/May/2020:08:18:22 +0800] "GET /xingrg/check_reg.html?_=1588378694998 HTTP/1.1" 200 22
114.84.33.255 - - [02/May/2020:08:18:29 +0800] "GET /xingrg/all/function/internal_message.html?_=1588378727489&CODE_STATE=getMsg HTTP/1.1" 200 27
114.84.33.255 - - [02/May/2020:08:18:31 +0800] "GET /xingrg/all/function/internal_message.html?_=1588378704307&CODE_STATE=getMsg HTTP/1.1" 200 27
180.162.232.172 - - [02/May/2020:08:18:36 +0800] "GET /xingrg/check_reg.html?_=1588378827851 HTTP/1.1" 200 22
172.17.0.123 - - [02/May/2020:08:18:41 +0800] "GET /xingrg/all/function/internal_message.html?_=1588378714547&CODE_STATE=getMsg HTTP/1.1" 200 27
180.162.232.172 - - [02/May/2020:08:18:46 +0800] "GET /xingrg/all/function/internal_message.html?_=1588378724994&CODE_STATE=getMsg HTTP/1.1" 200 27
180.162.232.172 - - [02/May/2020:08:18:54 +0800] "GET /xingrg/all/function/internal_message.html?_=1588378845318&CODE_STATE=getMsg HTTP/1.1" 200 27
172.17.0.185 - - [02/May/2020:08:19:01 +0800] "GET /xingrg/all/function/internal_message.html?_=1588378737568&CODE_STATE=getMsg HTTP/1.1" 200 27
120.253.135.82 - - [02/May/2020:08:19:21 +0800] "GET /xingrg/all/function/internal_message.html?_=1588378511022&CODE_STATE=getMsg HTTP/1.1" 200 27
116.238.145.37 - - [02/May/2020:08:19:23 +0800] "GET /xingrg/index.html?sysBaseUrl=http%3A%2F%2F180.169.147.146%3A18081%2Fxingrg%2F&costTime=37×tamp=1586918563556 HTTP/1.1" 302 -
116.238.145.37 - - [02/May/2020:08:19:23 +0800] "GET /xingrg/login.html HTTP/1.1" 200 7641
116.238.145.37 - - [02/May/2020:08:19:26 +0800] "GET /xingrg/index.html?sysBaseUrl=http%3A%2F%2F180.169.147.146%3A18081%2Fxingrg%2F&costTime=37×tamp=1586918563556 HTTP/1.1" 302 -
116.238.145.37 - - [02/May/2020:08:19:26 +0800] "GET /xingrg/login.html HTTP/1.1" 200 7641
114.84.33.255 - - [02/May/2020:08:19:29 +0800] "GET /xingrg/all/function/internal_message.html?_=1588378787502&CODE_STATE=getMsg HTTP/1.1" 200 27
114.84.33.255 - - [02/May/2020:08:19:31 +0800] "GET /xingrg/all/function/internal_message.html?_=1588378764320&CODE_STATE=getMsg HTTP/1.1" 200 27
116.238.145.37 - - [02/May/2020:08:19:33 +0800] "GET /favicon.ico HTTP/1.1" 404 -
172.17.0.123 - - [02/May/2020:08:19:41 +0800] "GET /xingrg/all/function/internal_message.html?_=1588378774549&CODE_STATE=getMsg HTTP/1.1" 200 27
116.238.145.37 - - [02/May/2020:08:19:42 +0800] "POST /xingrg/login.do HTTP/1.1" 302 -
116.238.145.37 - - [02/May/2020:08:19:42 +0800] "GET /xingrg/index.html?sysBaseUrl=http%3A%2F%2F180.169.147.146%3A18081%2Fxingrg%2F&costTime=36×tamp=1588378782036 HTTP/1.1" 200 17413
116.238.145.37 - - [02/May/2020:08:19:43 +0800] "GET /favicon.ico HTTP/1.1" 404 -
116.238.145.37 - - [02/May/2020:08:19:43 +0800] "POST /xingrg/all/common/load_tree.html?tree=area_rest_tree_json&manage=1 HTTP/1.1" 200 342
116.238.145.37 - - [02/May/2020:08:19:44 +0800] "GET /xingrg/all/function/internal_message.html?_=1588378999840&CODE_STATE=count HTTP/1.1" 200 11
116.238.145.37 - - [02/May/2020:08:19:44 +0800] "GET /xingrg/check_reg.html?_=1588378999842 HTTP/1.1" 200 22
116.238.145.37 - - [02/May/2020:08:19:44 +0800] "POST /xingrg/load_menu.html HTTP/1.1" 200 9959
180.162.232.172 - - [02/May/2020:08:19:46 +0800] "GET /xingrg/all/function/internal_message.html?_=1588378785021&CODE_STATE=getMsg HTTP/1.1" 200 27
116.238.145.37 - - [02/May/2020:08:19:48 +0800] "POST /xingrg/load_menu.html HTTP/1.1" 200 10168
116.238.145.37 - - [02/May/2020:08:19:49 +0800] "GET /xingrg/all/report/report_query.html?fileName=dma/new_5.0/yingye/order_list.xml HTTP/1.1" 200 55281
116.238.145.37 - - [02/May/2020:08:19:49 +0800] "GET /xingrg/dwr/interface/AjaxReportQueryService.js HTTP/1.1" 200 13203
116.238.145.37 - - [02/May/2020:08:19:49 +0800] "GET /xingrg/dwr/util.js HTTP/1.1" 200 35990
116.238.145.37 - - [02/May/2020:08:19:49 +0800] "GET /xingrg/dwr/engine.js HTTP/1.1" 200 43631
116.238.145.37 - - [02/May/2020:08:19:50 +0800] "POST /xingrg/dwr/call/plaincall/AjaxReportQueryService.getFixDate.dwr HTTP/1.1" 200 111
116.238.145.37 - - [02/May/2020:08:19:50 +0800] "POST /xingrg/all/common/load_tree.html?tree=area_station_tree_json&manage=1 HTTP/1.1" 200 336
116.238.145.37 - - [02/May/2020:08:19:50 +0800] "POST /xingrg/dwr/call/plaincall/AjaxReportQueryService.getInitString.dwr HTTP/1.1" 200 76
116.238.145.37 - - [02/May/2020:08:19:53 +0800] "POST /xingrg/dwr/call/plaincall/AjaxReportQueryService.getFixDate.dwr HTTP/1.1" 200 111
180.162.232.172 - - [02/May/2020:08:19:54 +0800] "GET /xingrg/all/function/internal_message.html?_=1588378905331&CODE_STATE=getMsg HTTP/1.1" 200 27
116.238.145.37 - - [02/May/2020:08:19:54 +0800] "POST /xingrg/dwr/call/plaincall/AjaxReportQueryService.refreshCache.dwr HTTP/1.1" 200 78
116.238.145.37 - - [02/May/2020:08:19:55 +0800] "POST /xingrg/all/report/load_report_page.html HTTP/1.1" 200 66139
116.238.145.37 - - [02/May/2020:08:19:55 +0800] "GET /xingrg/servlets/image?cache=0.6526672503636693&image=px HTTP/1.1" 200 807
116.238.145.37 - - [02/May/2020:08:19:59 +0800] "POST /xingrg/all/report/load_report_page.html HTTP/1.1" 200 41916
116.238.145.37 - - [02/May/2020:08:19:59 +0800] "GET /xingrg/servlets/image?cache=0.36885701556284745&image=px HTTP/1.1" 200 807
172.17.0.185 - - [02/May/2020:08:20:01 +0800] "GET /xingrg/all/function/internal_message.html?_=1588378797573&CODE_STATE=getMsg HTTP/1.1" 200 27
172.17.0.123 - - [02/May/2020:08:20:07 +0800] "GET /xingrg/check_reg.html?_=1588378800806 HTTP/1.1" 302 -
120.253.135.82 - - [02/May/2020:08:20:21 +0800] "GET /xingrg/all/function/internal_message.html?_=1588378571206&CODE_STATE=getMsg HTTP/1.1" 200 27
114.84.33.255 - - [02/May/2020:08:20:29 +0800] "GET /xingrg/all/function/internal_message.html?_=1588378847533&CODE_STATE=getMsg HTTP/1.1" 200 27
114.84.33.255 - - [02/May/2020:08:20:31 +0800] "GET /xingrg/all/function/internal_message.html?_=1588378824339&CODE_STATE=getMsg HTTP/1.1" 200 27
172.17.0.123 - - [02/May/2020:08:20:41 +0800] "GET /xingrg/all/function/internal_message.html?_=1588378834553&CODE_STATE=getMsg HTTP/1.1" 200 27
180.162.232.172 - - [02/May/2020:08:20:46 +0800] "GET /xingrg/all/function/internal_message.html?_=1588378845019&CODE_STATE=getMsg HTTP/1.1" 200 27
180.162.232.172 - - [02/May/2020:08:20:54 +0800] "GET /xingrg/all/function/internal_message.html?_=1588378965361&CODE_STATE=getMsg HTTP/1.1" 200 27
172.17.0.185 - - [02/May/2020:08:21:01 +0800] "GET /xingrg/all/function/internal_message.html?_=1588378857575&CODE_STATE=getMsg HTTP/1.1" 200 27
114.84.33.255 - - [02/May/2020:08:21:09 +0800] "GET /xingrg/check_reg.html?_=1588378887202 HTTP/1.1" 200 22
120.253.135.82 - - [02/May/2020:08:21:21 +0800] "GET /xingrg/all/function/internal_message.html?_=1588378631221&CODE_STATE=getMsg HTTP/1.1" 200 27
114.84.33.255 - - [02/May/2020:08:21:29 +0800] "GET /xingrg/all/function/internal_message.html?_=1588378907547&CODE_STATE=getMsg HTTP/1.1" 200 27
114.84.33.255 - - [02/May/2020:08:21:31 +0800] "GET /xingrg/all/function/internal_message.html?_=1588378884348&CODE_STATE=getMsg HTTP/1.1" 200 27
172.17.0.123 - - [02/May/2020:08:21:41 +0800] "GET /xingrg/check_reg.html?_=1588378894555 HTTP/1.1" 200 22
172.17.0.123 - - [02/May/2020:08:21:41 +0800] "GET /xingrg/all/function/internal_message.html?_=1588378894557&CODE_STATE=getMsg HTTP/1.1" 200 27
180.162.232.172 - - [02/May/2020:08:21:46 +0800] "GET /xingrg/check_reg.html?_=1588378905026 HTTP/1.1" 200 22
180.162.232.172 - - [02/May/2020:08:21:46 +0800] "GET /xingrg/all/function/internal_message.html?_=1588378905027&CODE_STATE=getMsg HTTP/1.1" 200 27
180.162.232.172 - - [02/May/2020:08:21:54 +0800] "GET /xingrg/all/function/internal_message.html?_=1588379025375&CODE_STATE=getMsg HTTP/1.1" 200 27
172.17.0.185 - - [02/May/2020:08:22:01 +0800] "GET /xingrg/all/function/internal_message.html?_=1588378917563&CODE_STATE=getMsg HTTP/1.1" 200 27
120.253.135.82 - - [02/May/2020:08:22:21 +0800] "GET /xingrg/all/function/internal_message.html?_=1588378691462&CODE_STATE=getMsg HTTP/1.1" 200 27
114.84.33.255 - - [02/May/2020:08:22:29 +0800] "GET /xingrg/all/function/internal_message.html?_=1588378967558&CODE_STATE=getMsg HTTP/1.1" 200 27
114.84.33.255 - - [02/May/2020:08:22:31 +0800] "GET /xingrg/all/function/internal_message.html?_=1588378944366&CODE_STATE=getMsg HTTP/1.1" 200 27
172.17.0.123 - - [02/May/2020:08:22:41 +0800] "GET /xingrg/all/function/internal_message.html?_=1588378954541&CODE_STATE=getMsg HTTP/1.1" 200 27
180.162.232.172 - - [02/May/2020:08:22:46 +0800] "GET /xingrg/all/function/internal_message.html?_=1588378965012&CODE_STATE=getMsg HTTP/1.1" 200 27
180.162.232.172 - - [02/May/2020:08:22:54 +0800] "GET /xingrg/all/function/internal_message.html?_=1588379085404&CODE_STATE=getMsg HTTP/1.1" 200 27
172.17.0.185 - - [02/May/2020:08:23:01 +0800] "GET /xingrg/all/function/internal_message.html?_=1588378977573&CODE_STATE=getMsg HTTP/1.1" 200 27
172.17.0.185 - - [02/May/2020:08:23:01 +0800] "GET /xingrg/check_reg.html?_=1588378977578 HTTP/1.1" 200 22
120.253.135.82 - - [02/May/2020:08:23:07 +0800] "GET /xingrg/check_reg.html?_=1588378737712 HTTP/1.1" 200 22
120.253.135.82 - - [02/May/2020:08:23:21 +0800] "GET /xingrg/all/function/internal_message.html?_=1588378751467&CODE_STATE=getMsg HTTP/1.1" 200 27
114.84.33.255 - - [02/May/2020:08:23:22 +0800] "GET /xingrg/check_reg.html?_=1588378994999 HTTP/1.1" 200 22
114.84.33.255 - - [02/May/2020:08:23:29 +0800] "GET /xingrg/all/function/internal_message.html?_=1588379027589&CODE_STATE=getMsg HTTP/1.1" 200 27
114.84.33.255 - - [02/May/2020:08:23:31 +0800] "GET /xingrg/all/function/internal_message.html?_=1588379004375&CODE_STATE=getMsg HTTP/1.1" 200 27
180.162.232.172 - - [02/May/2020:08:23:36 +0800] "GET /xingrg/check_reg.html?_=1588379127851 HTTP/1.1" 200 22
172.17.0.123 - - [02/May/2020:08:23:41 +0800] "GET /xingrg/all/function/internal_message.html?_=1588379014543&CODE_STATE=getMsg HTTP/1.1" 200 27
180.162.232.172 - - [02/May/2020:08:23:46 +0800] "GET /xingrg/all/function/internal_message.html?_=1588379025034&CODE_STATE=getMsg HTTP/1.1" 200 27
180.162.232.172 - - [02/May/2020:08:23:54 +0800] "GET /xingrg/all/function/internal_message.html?_=1588379145417&CODE_STATE=getMsg HTTP/1.1" 200 27
172.17.0.185 - - [02/May/2020:08:24:01 +0800] "GET /xingrg/all/function/internal_message.html?_=1588379037564&CODE_STATE=getMsg HTTP/1.1" 200 27
120.253.135.82 - - [02/May/2020:08:24:21 +0800] "GET /xingrg/all/function/internal_message.html?_=1588378811479&CODE_STATE=getMsg HTTP/1.1" 200 27
114.84.33.255 - - [02/May/2020:08:24:29 +0800] "GET /xingrg/all/function/internal_message.html?_=1588379087601&CODE_STATE=getMsg HTTP/1.1" 200 27
114.84.33.255 - - [02/May/2020:08:24:31 +0800] "GET /xingrg/all/function/internal_message.html?_=1588379064388&CODE_STATE=getMsg HTTP/1.1" 200 27
172.17.0.123 - - [02/May/2020:08:24:41 +0800] "GET /xingrg/all/function/internal_message.html?_=1588379074545&CODE_STATE=getMsg HTTP/1.1" 200 27
180.162.232.172 - - [02/May/2020:08:24:46 +0800] "GET /xingrg/all/function/internal_message.html?_=1588379085037&CODE_STATE=getMsg HTTP/1.1" 200 27
180.162.232.172 - - [02/May/2020:08:24:54 +0800] "GET /xingrg/all/function/internal_message.html?_=1588379205431&CODE_STATE=getMsg HTTP/1.1" 200 27
172.17.0.185 - - [02/May/2020:08:25:01 +0800] "GET /xingrg/all/function/internal_message.html?_=1588379097569&CODE_STATE=getMsg HTTP/1.1" 200 27
172.17.0.123 - - [02/May/2020:08:25:07 +0800] "GET /xingrg/check_reg.html?_=1588379100778 HTTP/1.1" 302 -
120.253.135.82 - - [02/May/2020:08:25:21 +0800] "GET /xingrg/all/function/internal_message.html?_=1588378871719&CODE_STATE=getMsg HTTP/1.1" 200 27
114.84.33.255 - - [02/May/2020:08:25:29 +0800] "GET /xingrg/all/function/internal_message.html?_=1588379147628&CODE_STATE=getMsg HTTP/1.1" 200 27
114.84.33.255 - - [02/May/2020:08:25:31 +0800] "GET /xingrg/all/function/internal_message.html?_=1588379124407&CODE_STATE=getMsg HTTP/1.1" 200 27
172.17.0.123 - - [02/May/2020:08:25:41 +0800] "GET /xingrg/all/function/internal_message.html?_=1588379134547&CODE_STATE=getMsg HTTP/1.1" 200 27
180.156.150.85 - - [02/May/2020:08:25:42 +0800] "POST /xingrg/services/DataTransmitService HTTP/1.1" 401 565
180.156.150.85 - - [02/May/2020:08:25:42 +0800] "POST /xingrg/services/DataTransmitService HTTP/1.1" 200 478
180.156.150.85 - - [02/May/2020:08:25:42 +0800] "POST /xingrg/services/DataTransmitService HTTP/1.1" 200 1320
180.156.150.85 - - [02/May/2020:08:25:42 +0800] "POST /xingrg/services/DataTransmitService HTTP/1.1" 200 478
180.156.150.85 - - [02/May/2020:08:25:42 +0800] "POST /xingrg/services/DataTransmitService HTTP/1.1" 200 1320
180.156.150.85 - - [02/May/2020:08:25:42 +0800] "POST /xingrg/services/DataTransmitService HTTP/1.1" 200 524
180.156.150.85 - - [02/May/2020:08:25:42 +0800] "POST /xingrg/services/DataTransmitService HTTP/1.1" 200 2579
180.156.150.85 - - [02/May/2020:08:25:42 +0800] "POST /xingrg/services/DataTransmitService HTTP/1.1" 200 2371
180.156.150.85 - - [02/May/2020:08:25:43 +0800] "POST /xingrg/services/DataTransmitService HTTP/1.1" 200 1515
180.156.150.85 - - [02/May/2020:08:25:44 +0800] "POST /xingrg/services/DataTransmitService HTTP/1.1" 200 160796
180.162.232.172 - - [02/May/2020:08:25:46 +0800] "GET /xingrg/all/function/internal_message.html?_=1588379145037&CODE_STATE=getMsg HTTP/1.1" 200 27
180.162.232.172 - - [02/May/2020:08:25:54 +0800] "GET /xingrg/all/function/internal_message.html?_=1588379265461&CODE_STATE=getMsg HTTP/1.1" 200 27
172.17.0.185 - - [02/May/2020:08:26:01 +0800] "GET /xingrg/all/function/internal_message.html?_=1588379157578&CODE_STATE=getMsg HTTP/1.1" 200 27
114.84.33.255 - - [02/May/2020:08:26:09 +0800] "GET /xingrg/check_reg.html?_=1588379187209 HTTP/1.1" 200 22
120.253.135.82 - - [02/May/2020:08:26:21 +0800] "GET /xingrg/all/function/internal_message.html?_=1588378931726&CODE_STATE=getMsg HTTP/1.1" 200 27
114.84.33.255 - - [02/May/2020:08:26:29 +0800] "GET /xingrg/all/function/internal_message.html?_=1588379207644&CODE_STATE=getMsg HTTP/1.1" 200 27
114.84.33.255 - - [02/May/2020:08:26:31 +0800] "GET /xingrg/all/function/internal_message.html?_=1588379184416&CODE_STATE=getMsg HTTP/1.1" 200 27
172.17.0.123 - - [02/May/2020:08:26:41 +0800] "GET /xingrg/all/function/internal_message.html?_=1588379194551&CODE_STATE=getMsg HTTP/1.1" 200 27
172.17.0.123 - - [02/May/2020:08:26:41 +0800] "GET /xingrg/check_reg.html?_=1588379194553 HTTP/1.1" 200 22
180.162.232.172 - - [02/May/2020:08:26:46 +0800] "GET /xingrg/check_reg.html?_=1588379205040 HTTP/1.1" 200 22
180.162.232.172 - - [02/May/2020:08:26:46 +0800] "GET /xingrg/all/function/internal_message.html?_=1588379205041&CODE_STATE=getMsg HTTP/1.1" 200 27
180.162.232.172 - - [02/May/2020:08:26:54 +0800] "GET /xingrg/all/function/internal_message.html?_=1588379325473&CODE_STATE=getMsg HTTP/1.1" 200 27
172.17.0.185 - - [02/May/2020:08:27:01 +0800] "GET /xingrg/all/function/internal_message.html?_=1588379217562&CODE_STATE=getMsg HTTP/1.1" 200 27
120.253.135.82 - - [02/May/2020:08:27:14 +0800] "GET /xingrg/kc/pszx/mdqp_order_list.html?state=10 HTTP/1.1" 200 10517
120.253.135.82 - - [02/May/2020:08:27:14 +0800] "GET /xingrg/dwr/interface/AjaxQqpsService.js HTTP/1.1" 200 16326
120.253.135.82 - - [02/May/2020:08:27:14 +0800] "GET /xingrg/dwr/interface/AjaxReportQueryService.js HTTP/1.1" 200 13203
120.253.135.82 - - [02/May/2020:08:27:14 +0800] "GET /xingrg/dwr/engine.js HTTP/1.1" 200 43631
180.156.150.85 - - [02/May/2020:08:27:15 +0800] "POST /xingrg/services/DataTransmitService HTTP/1.1" 200 45454
180.156.150.85 - - [02/May/2020:08:27:15 +0800] "POST /xingrg/services/DataTransmitService HTTP/1.1" 200 19237
114.84.33.255 - - [02/May/2020:08:27:29 +0800] "GET /xingrg/all/function/internal_message.html?_=1588379267656&CODE_STATE=getMsg HTTP/1.1" 200 27
114.84.33.255 - - [02/May/2020:08:27:31 +0800] "GET /xingrg/all/function/internal_message.html?_=1588379244434&CODE_STATE=getMsg HTTP/1.1" 200 27
172.17.0.123 - - [02/May/2020:08:27:41 +0800] "GET /xingrg/all/function/internal_message.html?_=1588379254555&CODE_STATE=getMsg HTTP/1.1" 200 27
180.162.232.172 - - [02/May/2020:08:27:46 +0800] "GET /xingrg/all/function/internal_message.html?_=1588379265028&CODE_STATE=getMsg HTTP/1.1" 200 27
180.162.232.172 - - [02/May/2020:08:27:54 +0800] "GET /xingrg/all/function/internal_message.html?_=1588379385503&CODE_STATE=getMsg HTTP/1.1" 200 27
172.17.0.185 - - [02/May/2020:08:28:01 +0800] "GET /xingrg/all/function/internal_message.html?_=1588379277565&CODE_STATE=getMsg HTTP/1.1" 200 27
172.17.0.185 - - [02/May/2020:08:28:01 +0800] "GET /xingrg/check_reg.html?_=1588379277569 HTTP/1.1" 200 22
114.84.33.255 - - [02/May/2020:08:28:22 +0800] "GET /xingrg/check_reg.html?_=1588379295009 HTTP/1.1" 200 22
114.84.33.255 - - [02/May/2020:08:28:29 +0800] "GET /xingrg/all/function/internal_message.html?_=1588379327679&CODE_STATE=getMsg HTTP/1.1" 200 27
114.84.33.255 - - [02/May/2020:08:28:31 +0800] "GET /xingrg/all/function/internal_message.html?_=1588379304443&CODE_STATE=getMsg HTTP/1.1" 200 27
180.162.232.172 - - [02/May/2020:08:28:36 +0800] "GET /xingrg/check_reg.html?_=1588379427862 HTTP/1.1" 200 22
172.17.0.123 - - [02/May/2020:08:28:41 +0800] "GET /xingrg/all/function/internal_message.html?_=1588379314539&CODE_STATE=getMsg HTTP/1.1" 200 27
180.162.232.172 - - [02/May/2020:08:28:46 +0800] "GET /xingrg/all/function/internal_message.html?_=1588379325040&CODE_STATE=getMsg HTTP/1.1" 200 27
180.162.232.172 - - [02/May/2020:08:28:54 +0800] "GET /xingrg/all/function/internal_message.html?_=1588379445517&CODE_STATE=getMsg HTTP/1.1" 200 27
172.17.0.185 - - [02/May/2020:08:29:01 +0800] "GET /xingrg/all/function/internal_message.html?_=1588379337572&CODE_STATE=getMsg HTTP/1.1" 200 27
114.84.33.255 - - [02/May/2020:08:29:29 +0800] "GET /xingrg/all/function/internal_message.html?_=1588379387684&CODE_STATE=getMsg HTTP/1.1" 200 27
114.84.33.255 - - [02/May/2020:08:29:31 +0800] "GET /xingrg/all/function/internal_message.html?_=1588379364456&CODE_STATE=getMsg HTTP/1.1" 200 27
172.17.0.123 - - [02/May/2020:08:29:41 +0800] "GET /xingrg/all/function/internal_message.html?_=1588379374541&CODE_STATE=getMsg HTTP/1.1" 200 27
180.162.232.172 - - [02/May/2020:08:29:46 +0800] "GET /xingrg/all/function/internal_message.html?_=1588379385050&CODE_STATE=getMsg HTTP/1.1" 200 27
180.162.232.172 - - [02/May/2020:08:29:54 +0800] "GET /xingrg/all/function/internal_message.html?_=1588379505530&CODE_STATE=getMsg HTTP/1.1" 200 27
172.17.0.185 - - [02/May/2020:08:30:01 +0800] "GET /xingrg/all/function/internal_message.html?_=1588379397575&CODE_STATE=getMsg HTTP/1.1" 200 27
172.17.0.123 - - [02/May/2020:08:30:07 +0800] "GET /xingrg/check_reg.html?_=1588379400750 HTTP/1.1" 302 -
114.84.33.255 - - [02/May/2020:08:30:29 +0800] "GET /xingrg/all/function/internal_message.html?_=1588379447715&CODE_STATE=getMsg HTTP/1.1" 200 27
114.84.33.255 - - [02/May/2020:08:30:31 +0800] "GET /xingrg/all/function/internal_message.html?_=1588379424475&CODE_STATE=getMsg HTTP/1.1" 200 27
172.17.0.123 - - [02/May/2020:08:30:41 +0800] "GET /xingrg/all/function/internal_message.html?_=1588379434541&CODE_STATE=getMsg HTTP/1.1" 200 27
180.162.232.172 - - [02/May/2020:08:30:46 +0800] "GET /xingrg/all/function/internal_message.html?_=1588379445049&CODE_STATE=getMsg HTTP/1.1" 200 27
180.162.232.172 - - [02/May/2020:08:30:54 +0800] "GET /xingrg/all/function/internal_message.html?_=1588379565557&CODE_STATE=getMsg HTTP/1.1" 200 27
172.17.0.185 - - [02/May/2020:08:31:01 +0800] "GET /xingrg/all/function/internal_message.html?_=1588379457564&CODE_STATE=getMsg HTTP/1.1" 200 27
114.84.33.255 - - [02/May/2020:08:31:09 +0800] "GET /xingrg/check_reg.html?_=1588379487213 HTTP/1.1" 200 22
114.84.33.255 - - [02/May/2020:08:31:29 +0800] "GET /xingrg/all/function/internal_message.html?_=1588379507727&CODE_STATE=getMsg HTTP/1.1" 200 27
114.84.33.255 - - [02/May/2020:08:31:31 +0800] "GET /xingrg/all/function/internal_message.html?_=1588379484484&CODE_STATE=getMsg HTTP/1.1" 200 27
172.17.0.123 - - [02/May/2020:08:31:41 +0800] "GET /xingrg/all/function/internal_message.html?_=1588379494543&CODE_STATE=getMsg HTTP/1.1" 200 27
172.17.0.123 - - [02/May/2020:08:31:41 +0800] "GET /xingrg/check_reg.html?_=1588379494545 HTTP/1.1" 200 22
180.162.232.172 - - [02/May/2020:08:31:46 +0800] "GET /xingrg/all/function/internal_message.html?_=1588379505059&CODE_STATE=getMsg HTTP/1.1" 200 27
180.162.232.172 - - [02/May/2020:08:31:46 +0800] "GET /xingrg/check_reg.html?_=1588379505063 HTTP/1.1" 200 22
180.162.232.172 - - [02/May/2020:08:31:54 +0800] "GET /xingrg/all/function/internal_message.html?_=1588379625572&CODE_STATE=getMsg HTTP/1.1" 200 27
172.17.0.185 - - [02/May/2020:08:32:01 +0800] "GET /xingrg/all/function/internal_message.html?_=1588379517570&CODE_STATE=getMsg HTTP/1.1" 200 27
114.84.33.255 - - [02/May/2020:08:32:29 +0800] "GET /xingrg/all/function/internal_message.html?_=1588379567740&CODE_STATE=getMsg HTTP/1.1" 200 27
114.84.33.255 - - [02/May/2020:08:32:31 +0800] "GET /xingrg/all/function/internal_message.html?_=1588379544502&CODE_STATE=getMsg HTTP/1.1" 200 27
172.17.0.123 - - [02/May/2020:08:32:41 +0800] "GET /xingrg/all/function/internal_message.html?_=1588379554547&CODE_STATE=getMsg HTTP/1.1" 200 27
180.162.232.172 - - [02/May/2020:08:32:46 +0800] "GET /xingrg/all/function/internal_message.html?_=1588379565047&CODE_STATE=getMsg HTTP/1.1" 200 27
180.162.232.172 - - [02/May/2020:08:32:54 +0800] "GET /xingrg/all/function/internal_message.html?_=1588379685601&CODE_STATE=getMsg HTTP/1.1" 200 27
172.17.0.185 - - [02/May/2020:08:33:01 +0800] "GET /xingrg/check_reg.html?_=1588379577575 HTTP/1.1" 200 22
172.17.0.185 - - [02/May/2020:08:33:01 +0800] "GET /xingrg/all/function/internal_message.html?_=1588379577578&CODE_STATE=getMsg HTTP/1.1" 200 27
114.84.33.255 - - [02/May/2020:08:33:22 +0800] "GET /xingrg/check_reg.html?_=1588379595010 HTTP/1.1" 200 22
114.84.33.255 - - [02/May/2020:08:33:29 +0800] "GET /xingrg/all/function/internal_message.html?_=1588379627765&CODE_STATE=getMsg HTTP/1.1" 200 27
114.84.33.255 - - [02/May/2020:08:33:31 +0800] "GET /xingrg/all/function/internal_message.html?_=1588379604511&CODE_STATE=getMsg HTTP/1.1" 200 27
180.162.232.172 - - [02/May/2020:08:33:36 +0800] "GET /xingrg/check_reg.html?_=1588379727862 HTTP/1.1" 200 22
172.17.0.123 - - [02/May/2020:08:33:41 +0800] "GET /xingrg/all/function/internal_message.html?_=1588379614547&CODE_STATE=getMsg HTTP/1.1" 200 27
180.162.232.172 - - [02/May/2020:08:33:46 +0800] "GET /xingrg/all/function/internal_message.html?_=1588379625070&CODE_STATE=getMsg HTTP/1.1" 200 27
180.162.232.172 - - [02/May/2020:08:33:54 +0800] "GET /xingrg/all/function/internal_message.html?_=1588379745615&CODE_STATE=getMsg HTTP/1.1" 200 27
172.17.0.185 - - [02/May/2020:08:34:01 +0800] "GET /xingrg/all/function/internal_message.html?_=1588379637565&CODE_STATE=getMsg HTTP/1.1" 200 27
180.156.150.85 - - [02/May/2020:08:34:01 +0800] "POST /xingrg/services/DataTransmitService HTTP/1.1" 200 524
180.156.150.85 - - [02/May/2020:08:34:01 +0800] "POST /xingrg/services/DataTransmitService HTTP/1.1" 200 501
117.185.32.26 - - [02/May/2020:08:34:09 +0800] "GET /xingrg/login.html HTTP/1.1" 200 7641
180.156.150.85 - - [02/May/2020:08:34:19 +0800] "POST /xingrg/services/DataTransmitService HTTP/1.1" 200 524
180.156.150.85 - - [02/May/2020:08:34:19 +0800] "POST /xingrg/services/DataTransmitService HTTP/1.1" 200 501
180.156.150.85 - - [02/May/2020:08:34:19 +0800] "POST /xingrg/services/DataTransmitService HTTP/1.1" 200 501
117.185.32.26 - - [02/May/2020:08:34:20 +0800] "GET /favicon.ico HTTP/1.1" 404 -
180.156.150.85 - - [02/May/2020:08:34:20 +0800] "POST /xingrg/services/DataTransmitService HTTP/1.1" 200 501
180.156.150.85 - - [02/May/2020:08:34:22 +0800] "POST /xingrg/services/DataTransmitService HTTP/1.1" 200 501
180.156.150.85 - - [02/May/2020:08:34:22 +0800] "POST /xingrg/services/DataTransmitService HTTP/1.1" 200 501
180.156.150.85 - - [02/May/2020:08:34:24 +0800] "POST /xingrg/services/DataTransmitService HTTP/1.1" 200 501
180.156.150.85 - - [02/May/2020:08:34:24 +0800] "POST /xingrg/services/DataTransmitService HTTP/1.1" 200 501
180.156.150.85 - - [02/May/2020:08:34:25 +0800] "POST /xingrg/services/DataTransmitService HTTP/1.1" 200 412
117.185.32.26 - - [02/May/2020:08:34:28 +0800] "POST /xingrg/login.do HTTP/1.1" 302 -
117.185.32.26 - - [02/May/2020:08:34:28 +0800] "GET /xingrg/index.html?sysBaseUrl=http%3A%2F%2F180.169.147.146%3A18081%2Fxingrg%2F&costTime=36×tamp=1588379668349 HTTP/1.1" 200 17173
114.84.33.255 - - [02/May/2020:08:34:29 +0800] "GET /xingrg/all/function/internal_message.html?_=1588379687767&CODE_STATE=getMsg HTTP/1.1" 200 27
117.185.32.26 - - [02/May/2020:08:34:29 +0800] "POST /xingrg/all/common/load_tree.html?tree=area_rest_tree_json&manage=1 HTTP/1.1" 200 342
117.185.32.26 - - [02/May/2020:08:34:30 +0800] "GET /xingrg/all/function/internal_message.html?_=1588379665517&CODE_STATE=count HTTP/1.1" 200 11
117.185.32.26 - - [02/May/2020:08:34:30 +0800] "GET /xingrg/check_reg.html?_=1588379665518 HTTP/1.1" 200 22
117.185.32.26 - - [02/May/2020:08:34:30 +0800] "GET /favicon.ico HTTP/1.1" 404 -
117.185.32.26 - - [02/May/2020:08:34:30 +0800] "POST /xingrg/load_menu.html HTTP/1.1" 200 5138
114.84.33.255 - - [02/May/2020:08:34:31 +0800] "GET /xingrg/all/function/internal_message.html?_=1588379664524&CODE_STATE=getMsg HTTP/1.1" 200 27
117.185.32.26 - - [02/May/2020:08:34:32 +0800] "GET /xingrg/kc/buy/buy_main.html HTTP/1.1" 200 12412
117.185.32.26 - - [02/May/2020:08:34:32 +0800] "GET /xingrg/css/new_ie.css HTTP/1.1" 404 1036
117.185.32.26 - - [02/May/2020:08:34:33 +0800] "GET /xingrg/images/yd/bt.gif HTTP/1.1" 404 1040
117.185.32.26 - - [02/May/2020:08:34:34 +0800] "GET /xingrg/kc/buy/cgsh_order_list.html HTTP/1.1" 200 42578
117.185.32.26 - - [02/May/2020:08:34:37 +0800] "POST /xingrg/kc/buy/cgsh_list_operate.html HTTP/1.1" 200 876
172.17.0.123 - - [02/May/2020:08:34:41 +0800] "GET /xingrg/all/function/internal_message.html?_=1588379674551&CODE_STATE=getMsg HTTP/1.1" 200 27
117.185.32.26 - - [02/May/2020:08:34:43 +0800] "GET /xingrg/kc/buy/cgsh_order_add.html HTTP/1.1" 200 58199
117.185.32.26 - - [02/May/2020:08:34:43 +0800] "GET /xingrg/words/20200501162722_words.js HTTP/1.1" 304 -
117.185.32.26 - - [02/May/2020:08:34:43 +0800] "POST /xingrg/kc/buy/cgsh_order_operate.html HTTP/1.1" 200 8245
117.185.32.26 - - [02/May/2020:08:34:43 +0800] "GET /xingrg/all/common/auto_word.html?type=employee&rest_code=00106 HTTP/1.1" 200 205
117.185.32.26 - - [02/May/2020:08:34:43 +0800] "GET /xingrg/all/common/auto_word.html?type=employee&rest_code=00106 HTTP/1.1" 200 205
117.185.32.26 - - [02/May/2020:08:34:43 +0800] "GET /xingrg/javascript/easyui/themes/default/validatebox.css HTTP/1.1" 404 1104
117.185.32.26 - - [02/May/2020:08:34:44 +0800] "GET /xingrg/javascript/easyui/themes/default/tree.css HTTP/1.1" 404 1090
117.185.32.26 - - [02/May/2020:08:34:44 +0800] "POST /xingrg/all/common/load_tree.html?tree=supplier_tree_json&isDelete=1 HTTP/1.1" 200 47615
180.162.232.172 - - [02/May/2020:08:34:46 +0800] "GET /xingrg/all/function/internal_message.html?_=1588379685071&CODE_STATE=getMsg HTTP/1.1" 200 27
180.162.232.172 - - [02/May/2020:08:34:54 +0800] "GET /xingrg/all/function/internal_message.html?_=1588379805630&CODE_STATE=getMsg HTTP/1.1" 200 27
117.185.32.26 - - [02/May/2020:08:35:00 +0800] "GET /xingrg/javascript/auto/indicator.gif HTTP/1.1" 404 1066
172.17.0.185 - - [02/May/2020:08:35:01 +0800] "GET /xingrg/all/function/internal_message.html?_=1588379697570&CODE_STATE=getMsg HTTP/1.1" 200 27
117.185.32.26 - - [02/May/2020:08:35:02 +0800] "GET /xingrg/kc/buy/cgsh_order_operate.html?command=get_materiel&rest_code=00106&code=00102010512&supplier_code=00100151&order_time=2020-05-02 HTTP/1.1" 200 417
172.17.0.123 - - [02/May/2020:08:35:07 +0800] "GET /xingrg/check_reg.html?_=1588379700735 HTTP/1.1" 302 -
117.185.32.26 - - [02/May/2020:08:35:18 +0800] "GET /xingrg/kc/buy/cgsh_order_operate.html?command=get_materiel&rest_code=00106&code=00102009481&supplier_code=00100151&order_time=2020-05-02 HTTP/1.1" 200 408
114.84.33.255 - - [02/May/2020:08:35:29 +0800] "GET /xingrg/all/function/internal_message.html?_=1588379747797&CODE_STATE=getMsg HTTP/1.1" 200 27
117.185.32.26 - - [02/May/2020:08:35:29 +0800] "GET /xingrg/kc/buy/cgsh_order_operate.html?command=get_materiel&rest_code=00106&code=00102009052&supplier_code=00100151&order_time=2020-05-02 HTTP/1.1" 200 414
117.185.32.26 - - [02/May/2020:08:35:30 +0800] "GET /xingrg/all/function/internal_message.html?_=1588379725532&CODE_STATE=getMsg HTTP/1.1" 200 27
114.84.33.255 - - [02/May/2020:08:35:31 +0800] "GET /xingrg/all/function/internal_message.html?_=1588379724543&CODE_STATE=getMsg HTTP/1.1" 200 27
117.185.32.26 - - [02/May/2020:08:35:38 +0800] "GET /xingrg/kc/buy/cgsh_order_operate.html?command=get_materiel&rest_code=00106&code=00102009050&supplier_code=00100151&order_time=2020-05-02 HTTP/1.1" 200 414
114.84.151.157 - - [02/May/2020:08:35:38 +0800] "GET /xingrg/check_reg.html?_=1588379726571 HTTP/1.1" 302 -
114.84.151.157 - - [02/May/2020:08:35:38 +0800] "GET /xingrg/login.html HTTP/1.1" 200 7641
183.192.164.85 - - [02/May/2020:08:35:40 +0800] "GET /xingrg/all/function/internal_message.html?_=1588379665517&CODE_STATE=count HTTP/1.1" 302 -
172.17.0.123 - - [02/May/2020:08:35:41 +0800] "GET /xingrg/all/function/internal_message.html?_=1588379734553&CODE_STATE=getMsg HTTP/1.1" 200 27
183.192.164.85 - - [02/May/2020:08:35:41 +0800] "GET /xingrg/login.html HTTP/1.1" 200 7641
180.162.232.172 - - [02/May/2020:08:35:46 +0800] "GET /xingrg/all/function/internal_message.html?_=1588379745070&CODE_STATE=getMsg HTTP/1.1" 200 27
183.192.164.214 - - [02/May/2020:08:35:54 +0800] "GET /xingrg/kc/buy/cgsh_order_add.html HTTP/1.1" 302 -
180.162.232.172 - - [02/May/2020:08:35:54 +0800] "GET /xingrg/all/function/internal_message.html?_=1588379865657&CODE_STATE=getMsg HTTP/1.1" 200 27
172.17.0.185 - - [02/May/2020:08:36:01 +0800] "GET /xingrg/all/function/internal_message.html?_=1588379757575&CODE_STATE=getMsg HTTP/1.1" 200 27
183.192.164.214 - - [02/May/2020:08:36:02 +0800] "GET /xingrg/login.html HTTP/1.1" 200 7641
114.84.33.255 - - [02/May/2020:08:36:09 +0800] "GET /xingrg/check_reg.html?_=1588379787224 HTTP/1.1" 200 22
114.84.33.255 - - [02/May/2020:08:36:29 +0800] "GET /xingrg/all/function/internal_message.html?_=1588379807811&CODE_STATE=getMsg HTTP/1.1" 200 27
117.185.32.26 - - [02/May/2020:08:36:30 +0800] "GET /xingrg/all/function/internal_message.html?_=1588379785526&CODE_STATE=getMsg HTTP/1.1" 200 27
114.84.33.255 - - [02/May/2020:08:36:31 +0800] "GET /xingrg/all/function/internal_message.html?_=1588379784551&CODE_STATE=getMsg HTTP/1.1" 200 27
183.192.164.85 - - [02/May/2020:08:36:36 +0800] "GET /xingrg/kc/buy/cgsh_order_operate.html?command=get_materiel&rest_code=00106&code=00102009052&supplier_code=00100151&order_time=2020-05-02 HTTP/1.1" 302 -
183.192.164.85 - - [02/May/2020:08:36:40 +0800] "GET /xingrg/login.html HTTP/1.1" 200 7641
172.17.0.123 - - [02/May/2020:08:36:41 +0800] "GET /xingrg/check_reg.html?_=1588379794541 HTTP/1.1" 200 22
172.17.0.123 - - [02/May/2020:08:36:41 +0800] "GET /xingrg/all/function/internal_message.html?_=1588379794543&CODE_STATE=getMsg HTTP/1.1" 200 27
180.162.232.172 - - [02/May/2020:08:36:46 +0800] "GET /xingrg/all/function/internal_message.html?_=1588379805068&CODE_STATE=getMsg HTTP/1.1" 200 27
180.162.232.172 - - [02/May/2020:08:36:46 +0800] "GET /xingrg/check_reg.html?_=1588379805073 HTTP/1.1" 200 22
180.162.232.172 - - [02/May/2020:08:36:54 +0800] "GET /xingrg/all/function/internal_message.html?_=1588379925672&CODE_STATE=getMsg HTTP/1.1" 200 27
172.17.0.185 - - [02/May/2020:08:37:01 +0800] "GET /xingrg/all/function/internal_message.html?_=1588379817576&CODE_STATE=getMsg HTTP/1.1" 200 27
183.192.164.97 - - [02/May/2020:08:37:09 +0800] "GET /xingrg/index.html?sysBaseUrl=http://180.169.147.146:18081/xingrg/&costTime=36×tamp=1588379668349 HTTP/1.1" 302 -
183.192.164.97 - - [02/May/2020:08:37:17 +0800] "GET /xingrg/login.html HTTP/1.1" 200 7641
114.84.33.255 - - [02/May/2020:08:37:29 +0800] "GET /xingrg/all/function/internal_message.html?_=1588379867823&CODE_STATE=getMsg HTTP/1.1" 200 27
117.185.32.26 - - [02/May/2020:08:37:30 +0800] "GET /xingrg/all/function/internal_message.html?_=1588379845545&CODE_STATE=getMsg HTTP/1.1" 200 27
114.84.33.255 - - [02/May/2020:08:37:31 +0800] "GET /xingrg/all/function/internal_message.html?_=1588379844571&CODE_STATE=getMsg HTTP/1.1" 200 27
117.185.32.26 - - [02/May/2020:08:37:33 +0800] "GET /xingrg/kc/buy/cgsh_order_operate.html?command=get_materiel&rest_code=00106&code=00102009270&supplier_code=00100151&order_time=2020-05-02 HTTP/1.1" 200 408
172.17.0.123 - - [02/May/2020:08:37:41 +0800] "GET /xingrg/all/function/internal_message.html?_=1588379854543&CODE_STATE=getMsg HTTP/1.1" 200 27
117.185.32.26 - - [02/May/2020:08:37:41 +0800] "GET /xingrg/kc/buy/cgsh_order_operate.html?command=get_materiel&rest_code=00106&code=00102016246&supplier_code=00100151&order_time=2020-05-02 HTTP/1.1" 200 412
180.162.232.172 - - [02/May/2020:08:37:46 +0800] "GET /xingrg/all/function/internal_message.html?_=1588379865059&CODE_STATE=getMsg HTTP/1.1" 200 27
180.162.232.172 - - [02/May/2020:08:37:54 +0800] "GET /xingrg/all/function/internal_message.html?_=1588379985702&CODE_STATE=getMsg HTTP/1.1" 200 27
117.185.32.26 - - [02/May/2020:08:37:56 +0800] "GET /xingrg/kc/buy/cgsh_order_operate.html?command=get_materiel&rest_code=00106&code=00102016235&supplier_code=00100151&order_time=2020-05-02 HTTP/1.1" 200 420
172.17.0.185 - - [02/May/2020:08:38:01 +0800] "GET /xingrg/check_reg.html?_=1588379877568 HTTP/1.1" 200 22
172.17.0.185 - - [02/May/2020:08:38:01 +0800] "GET /xingrg/all/function/internal_message.html?_=1588379877569&CODE_STATE=getMsg HTTP/1.1" 200 27
183.192.164.85 - - [02/May/2020:08:38:18 +0800] "GET /xingrg/all/function/internal_message.html?_=1588379785526&CODE_STATE=getMsg HTTP/1.1" 302 -
114.84.33.255 - - [02/May/2020:08:38:22 +0800] "GET /xingrg/check_reg.html?_=1588379895018 HTTP/1.1" 200 22
61.129.6.225 - - [02/May/2020:08:38:23 +0800] "GET /xingrg/check_reg.html?_=1588379726571 HTTP/1.1" 302 -
183.192.164.85 - - [02/May/2020:08:38:26 +0800] "GET /xingrg/kc/buy/cgsh_order_operate.html?command=get_materiel&rest_code=00106&code=00102009050&supplier_code=00100151&order_time=2020-05-02 HTTP/1.1" 302 -
183.192.164.85 - - [02/May/2020:08:38:27 +0800] "GET /xingrg/login.html HTTP/1.1" 200 7641
114.84.33.255 - - [02/May/2020:08:38:29 +0800] "GET /xingrg/all/function/internal_message.html?_=1588379927857&CODE_STATE=getMsg HTTP/1.1" 200 27
117.185.32.26 - - [02/May/2020:08:38:30 +0800] "GET /xingrg/all/function/internal_message.html?_=1588379905528&CODE_STATE=getMsg HTTP/1.1" 200 27
114.84.33.255 - - [02/May/2020:08:38:31 +0800] "GET /xingrg/all/function/internal_message.html?_=1588379904579&CODE_STATE=getMsg HTTP/1.1" 200 27
61.129.6.225 - - [02/May/2020:08:38:33 +0800] "GET /xingrg/login.html HTTP/1.1" 200 7641
117.185.32.26 - - [02/May/2020:08:38:34 +0800] "GET /xingrg/kc/buy/cgsh_order_operate.html?command=get_materiel&rest_code=00106&code=00102009275&supplier_code=00100151&order_time=2020-05-02 HTTP/1.1" 200 412
183.192.164.85 - - [02/May/2020:08:38:36 +0800] "GET /xingrg/login.html HTTP/1.1" 200 7641
180.162.232.172 - - [02/May/2020:08:38:36 +0800] "GET /xingrg/check_reg.html?_=1588380027872 HTTP/1.1" 200 22
172.17.0.123 - - [02/May/2020:08:38:41 +0800] "GET /xingrg/all/function/internal_message.html?_=1588379914543&CODE_STATE=getMsg HTTP/1.1" 200 27
120.204.17.73 - - [02/May/2020:08:38:42 +0800] "GET /xingrg/all/function/internal_message.html?_=1588379725532&CODE_STATE=getMsg HTTP/1.1" 302 -
180.162.232.172 - - [02/May/2020:08:38:46 +0800] "GET /xingrg/all/function/internal_message.html?_=1588379925087&CODE_STATE=getMsg HTTP/1.1" 200 27
120.204.17.73 - - [02/May/2020:08:38:51 +0800] "GET /xingrg/login.html HTTP/1.1" 200 7641
117.185.32.26 - - [02/May/2020:08:38:53 +0800] "GET /xingrg/kc/buy/cgsh_order_operate.html?command=get_materiel&rest_code=00106&code=00102009261&supplier_code=00100151&order_time=2020-05-02 HTTP/1.1" 200 422
180.162.232.172 - - [02/May/2020:08:38:54 +0800] "GET /xingrg/all/function/internal_message.html?_=1588380045714&CODE_STATE=getMsg HTTP/1.1" 200 27
172.17.0.185 - - [02/May/2020:08:39:01 +0800] "GET /xingrg/all/function/internal_message.html?_=1588379937572&CODE_STATE=getMsg HTTP/1.1" 200 27
222.69.135.34 - - [02/May/2020:08:39:01 +0800] "GET /xingrg/index.html?sysBaseUrl=http%3A%2F%2F180.169.147.146%3A18081%2Fxingrg%2F&costTime=45×tamp=1585216556132 HTTP/1.1" 302 -
222.69.135.34 - - [02/May/2020:08:39:01 +0800] "GET /xingrg/login.html HTTP/1.1" 200 7641
222.69.135.34 - - [02/May/2020:08:39:01 +0800] "GET /xingrg/images/blue/jxLogo.png HTTP/1.1" 304 -
222.69.135.34 - - [02/May/2020:08:39:02 +0800] "GET /xingrg/index.html?sysBaseUrl=http%3A%2F%2F180.169.147.146%3A18081%2Fxingrg%2F&costTime=45×tamp=1585216556132 HTTP/1.1" 302 -
222.69.135.34 - - [02/May/2020:08:39:02 +0800] "GET /xingrg/login.html HTTP/1.1" 200 7641
222.69.135.34 - - [02/May/2020:08:39:02 +0800] "GET /favicon.ico HTTP/1.1" 404 -
117.185.32.26 - - [02/May/2020:08:39:02 +0800] "GET /xingrg/kc/buy/cgsh_order_operate.html?command=get_materiel&rest_code=00106&code=00102010039&supplier_code=00100151&order_time=2020-05-02 HTTP/1.1" 200 409
222.69.135.34 - - [02/May/2020:08:39:02 +0800] "GET /favicon.ico HTTP/1.1" 404 -
222.69.135.34 - - [02/May/2020:08:39:06 +0800] "POST /xingrg/login.do HTTP/1.1" 302 -
222.69.135.34 - - [02/May/2020:08:39:06 +0800] "GET /xingrg/index.html?sysBaseUrl=http%3A%2F%2F180.169.147.146%3A18081%2Fxingrg%2F&costTime=49×tamp=1588379946891 HTTP/1.1" 200 17179
222.69.135.34 - - [02/May/2020:08:39:06 +0800] "GET /xingrg/css/form.css HTTP/1.1" 304 -
222.69.135.34 - - [02/May/2020:08:39:06 +0800] "GET /xingrg/javascript/jquery.form.js HTTP/1.1" 304 -
222.69.135.34 - - [02/May/2020:08:39:06 +0800] "GET /xingrg/javascript/jquery.timers.js HTTP/1.1" 304 -
222.69.135.34 - - [02/May/2020:08:39:07 +0800] "GET /favicon.ico HTTP/1.1" 404 -
222.69.135.34 - - [02/May/2020:08:39:07 +0800] "GET /xingrg/javascript/jquery_easy_ui/themes/icons/settle_new.png HTTP/1.1" 304 -
222.69.135.34 - - [02/May/2020:08:39:07 +0800] "GET /xingrg/images/blue/navBackgound.jpg HTTP/1.1" 304 -
222.69.135.34 - - [02/May/2020:08:39:07 +0800] "POST /xingrg/all/common/load_tree.html?tree=area_rest_tree_json&manage=1 HTTP/1.1" 200 351
222.69.135.34 - - [02/May/2020:08:39:07 +0800] "GET /xingrg/all/function/internal_message.html?_=1588379937193&CODE_STATE=count HTTP/1.1" 200 11
222.69.135.34 - - [02/May/2020:08:39:07 +0800] "GET /xingrg/check_reg.html?_=1588379937194 HTTP/1.1" 200 22
222.69.135.34 - - [02/May/2020:08:39:07 +0800] "GET /xingrg/images/blue/pingpu.png HTTP/1.1" 304 -
222.69.135.34 - - [02/May/2020:08:39:07 +0800] "GET /xingrg/javascript/jquery_easy_ui/themes/default/images/tabs_leftarrow.png HTTP/1.1" 304 -
222.69.135.34 - - [02/May/2020:08:39:07 +0800] "GET /xingrg/javascript/jquery_easy_ui/themes/default/images/tabs_rightarrow.png HTTP/1.1" 304 -
222.69.135.34 - - [02/May/2020:08:39:07 +0800] "GET /xingrg/javascript/jquery_easy_ui/themes/default/images/panel_tool_collapse.gif HTTP/1.1" 304 -
222.69.135.34 - - [02/May/2020:08:39:07 +0800] "POST /xingrg/load_menu.html HTTP/1.1" 200 5138
222.69.135.34 - - [02/May/2020:08:39:11 +0800] "GET /xingrg/kc/buy/cgsh_order_list.html HTTP/1.1" 200 42584
222.69.135.34 - - [02/May/2020:08:39:13 +0800] "POST /xingrg/kc/buy/cgsh_list_operate.html HTTP/1.1" 200 876
222.69.135.34 - - [02/May/2020:08:39:20 +0800] "POST /xingrg/kc/buy/cgsh_list_operate.html HTTP/1.1" 200 5869
222.69.135.34 - - [02/May/2020:08:39:22 +0800] "POST /xingrg/kc/buy/cgsh_list_operate.html HTTP/1.1" 200 503
222.69.135.34 - - [02/May/2020:08:39:23 +0800] "GET /xingrg/kc/buy/cgsh_order_info.html?code=212020050100038 HTTP/1.1" 200 53099
117.185.32.26 - - [02/May/2020:08:39:23 +0800] "GET /xingrg/kc/buy/cgsh_order_operate.html?command=get_materiel&rest_code=00106&code=00102010125&supplier_code=00100151&order_time=2020-05-02 HTTP/1.1" 200 421
222.69.135.34 - - [02/May/2020:08:39:23 +0800] "GET /xingrg/words/20200501162722_words.js HTTP/1.1" 200 724816
222.69.135.34 - - [02/May/2020:08:39:24 +0800] "GET /xingrg/javascript/easyui/themes/default/validatebox.css HTTP/1.1" 404 1104
222.69.135.34 - - [02/May/2020:08:39:24 +0800] "POST /xingrg/kc/buy/cgsh_order_operate.html HTTP/1.1" 200 2991
222.69.135.34 - - [02/May/2020:08:39:26 +0800] "GET /xingrg/kc/print/load_config.html?kc_code=cgsh HTTP/1.1" 200 1845
222.69.135.34 - - [02/May/2020:08:39:26 +0800] "GET /xingrg/kc/print/load_data.html?order_code=212020050100038&kc_code=cgsh&condition= HTTP/1.1" 200 1640
114.84.33.255 - - [02/May/2020:08:39:29 +0800] "GET /xingrg/all/function/internal_message.html?_=1588379987866&CODE_STATE=getMsg HTTP/1.1" 200 27
117.185.32.26 - - [02/May/2020:08:39:30 +0800] "GET /xingrg/all/function/internal_message.html?_=1588379965563&CODE_STATE=getMsg HTTP/1.1" 200 27
117.185.32.26 - - [02/May/2020:08:39:30 +0800] "GET /xingrg/check_reg.html?_=1588379965562 HTTP/1.1" 200 22
114.84.33.255 - - [02/May/2020:08:39:31 +0800] "GET /xingrg/all/function/internal_message.html?_=1588379964592&CODE_STATE=getMsg HTTP/1.1" 200 27
172.17.0.123 - - [02/May/2020:08:39:41 +0800] "GET /xingrg/all/function/internal_message.html?_=1588379974545&CODE_STATE=getMsg HTTP/1.1" 200 27
180.162.232.172 - - [02/May/2020:08:39:46 +0800] "GET /xingrg/all/function/internal_message.html?_=1588379985075&CODE_STATE=getMsg HTTP/1.1" 200 27
180.162.232.172 - - [02/May/2020:08:39:54 +0800] "GET /xingrg/all/function/internal_message.html?_=1588380105728&CODE_STATE=getMsg HTTP/1.1" 200 27
117.185.32.26 - - [02/May/2020:08:39:56 +0800] "POST /xingrg/kc/buy/cgsh_order_operate.html HTTP/1.1" 200 37
117.185.32.26 - - [02/May/2020:08:39:57 +0800] "POST /xingrg/kc/buy/cgsh_order_operate.html HTTP/1.1" 200 9248
172.17.0.185 - - [02/May/2020:08:40:01 +0800] "GET /xingrg/all/function/internal_message.html?_=1588379997573&CODE_STATE=getMsg HTTP/1.1" 200 27
222.69.135.34 - - [02/May/2020:08:40:07 +0800] "GET /xingrg/all/function/internal_message.html?_=1588379997204&CODE_STATE=getMsg HTTP/1.1" 200 27
172.17.0.123 - - [02/May/2020:08:40:07 +0800] "GET /xingrg/check_reg.html?_=1588380000711 HTTP/1.1" 302 -
183.192.164.97 - - [02/May/2020:08:40:13 +0800] "GET /xingrg/kc/buy/cgsh_order_operate.html?command=get_materiel&rest_code=00106&code=00102010039&supplier_code=00100151&order_time=2020-05-02 HTTP/1.1" 302 -
183.192.164.97 - - [02/May/2020:08:40:15 +0800] "GET /xingrg/login.html HTTP/1.1" 200 7641
114.84.33.255 - - [02/May/2020:08:40:29 +0800] "GET /xingrg/all/function/internal_message.html?_=1588380047890&CODE_STATE=getMsg HTTP/1.1" 200 27
117.185.32.26 - - [02/May/2020:08:40:30 +0800] "GET /xingrg/all/function/internal_message.html?_=1588380025586&CODE_STATE=getMsg HTTP/1.1" 200 27
114.84.33.255 - - [02/May/2020:08:40:31 +0800] "GET /xingrg/all/function/internal_message.html?_=1588380024611&CODE_STATE=getMsg HTTP/1.1" 200 27
114.84.151.157 - - [02/May/2020:08:40:36 +0800] "GET /xingrg/check_reg.html?_=1588380026552 HTTP/1.1" 302 -
