172.17.0.108 - - [02/May/2020:09:52:17 +0800] "GET /xingrg/kc/buy/cgsh_order_operate.html?command=get_materiel&rest_code=00147&code=00101008318&supplier_code=00100007&order_time=2020-04-28 HTTP/1.1" 200 408
114.84.151.157 - - [02/May/2020:09:52:18 +0800] "GET /xingrg/all/function/internal_message.html?_=1588384328717&CODE_STATE=getMsg HTTP/1.1" 200 27
114.86.190.97 - - [02/May/2020:09:52:18 +0800] "GET /xingrg/all/function/internal_message.html?_=1588384345089&CODE_STATE=getMsg HTTP/1.1" 200 27
172.17.0.108 - - [02/May/2020:09:52:19 +0800] "POST /xingrg/kc/buy/cgsh_order_operate.html HTTP/1.1" 200 2065
114.95.157.20 - - [02/May/2020:09:52:20 +0800] "GET /xingrg/all/function/internal_message.html?_=1588384337681&CODE_STATE=getMsg HTTP/1.1" 200 27
172.17.0.108 - - [02/May/2020:09:52:23 +0800] "GET /xingrg/kc/buy/cgsh_order_operate.html?command=get_materiel&rest_code=00147&code=00101008098&supplier_code=00100007&order_time=2020-04-28 HTTP/1.1" 200 412
172.17.0.112 - - [02/May/2020:09:52:24 +0800] "GET /xingrg/check_reg.html?_=1588384341945 HTTP/1.1" 200 22
172.17.0.112 - - [02/May/2020:09:52:24 +0800] "GET /xingrg/all/function/internal_message.html?_=1588384341948&CODE_STATE=getMsg HTTP/1.1" 200 27
58.40.7.146 - - [02/May/2020:09:52:27 +0800] "GET /xingrg/all/function/internal_message.html?_=1588384344282&CODE_STATE=getMsg HTTP/1.1" 200 27
117.185.32.26 - - [02/May/2020:09:52:30 +0800] "GET /xingrg/all/function/internal_message.html?_=1588384345551&CODE_STATE=getMsg HTTP/1.1" 200 27
114.84.33.255 - - [02/May/2020:09:52:32 +0800] "GET /xingrg/all/function/internal_message.html?_=1588384370559&CODE_STATE=getMsg HTTP/1.1" 200 27
114.84.33.255 - - [02/May/2020:09:52:32 +0800] "GET /xingrg/all/function/internal_message.html?_=1588384345590&CODE_STATE=getMsg HTTP/1.1" 200 27
180.161.113.183 - - [02/May/2020:09:52:38 +0800] "GET /xingrg/all/function/internal_message.html?_=1588384547316&CODE_STATE=getMsg HTTP/1.1" 200 27
172.17.0.123 - - [02/May/2020:09:52:41 +0800] "GET /xingrg/all/function/internal_message.html?_=1588384354553&CODE_STATE=getMsg HTTP/1.1" 200 27
116.233.74.189 - - [02/May/2020:09:52:41 +0800] "GET /xingrg/all/function/internal_message.html?_=1588384441218&CODE_STATE=getMsg HTTP/1.1" 200 27
222.70.183.62 - - [02/May/2020:09:52:43 +0800] "POST /xingrg/kc/buy/cgsh_order_operate.html HTTP/1.1" 200 37
222.70.183.62 - - [02/May/2020:09:52:44 +0800] "POST /xingrg/kc/buy/cgsh_order_operate.html HTTP/1.1" 200 10942
222.70.183.62 - - [02/May/2020:09:52:45 +0800] "GET /xingrg/all/function/internal_message.html?_=1588384702024&CODE_STATE=getMsg HTTP/1.1" 200 27
101.89.239.238 - - [02/May/2020:09:52:46 +0800] "GET /xingrg/all/function/internal_message.html?_=1588383668698&CODE_STATE=getMsg HTTP/1.1" 302 -
180.162.232.172 - - [02/May/2020:09:52:51 +0800] "GET /xingrg/all/function/internal_message.html?_=1588384369184&CODE_STATE=getMsg HTTP/1.1" 200 27
124.77.110.230 - - [02/May/2020:09:52:52 +0800] "GET /xingrg/all/function/internal_message.html?_=1588384367709&CODE_STATE=getMsg HTTP/1.1" 200 27
172.17.0.108 - - [02/May/2020:09:52:53 +0800] "GET /xingrg/all/function/internal_message.html?_=1588384368472&CODE_STATE=getMsg HTTP/1.1" 200 27
101.89.239.238 - - [02/May/2020:09:52:53 +0800] "GET /xingrg/login.html HTTP/1.1" 200 7641
172.17.0.120 - - [02/May/2020:09:52:54 +0800] "GET /xingrg/all/function/internal_message.html?_=1588384370329&CODE_STATE=getMsg HTTP/1.1" 200 27
101.91.62.65 - - [02/May/2020:09:52:59 +0800] "GET /xingrg/kc/buy/cgsh_order_operate.html?command=get_materiel&rest_code=00141&code=00101008072&supplier_code=00100007&order_time=2020-05-02 HTTP/1.1" 302 -
172.17.0.185 - - [02/May/2020:09:53:01 +0800] "GET /xingrg/check_reg.html?_=1588384377567 HTTP/1.1" 200 22
172.17.0.185 - - [02/May/2020:09:53:01 +0800] "GET /xingrg/all/function/internal_message.html?_=1588384377574&CODE_STATE=getMsg HTTP/1.1" 200 27
222.69.135.34 - - [02/May/2020:09:53:03 +0800] "GET /xingrg/all/function/internal_message.html?_=1588384373477&CODE_STATE=getMsg HTTP/1.1" 200 27
101.91.62.65 - - [02/May/2020:09:53:08 +0800] "GET /xingrg/login.html HTTP/1.1" 200 7641
180.156.150.85 - - [02/May/2020:09:53:10 +0800] "GET /xingrg/check_reg.html?_=1588384389519 HTTP/1.1" 200 22
180.156.150.85 - - [02/May/2020:09:53:10 +0800] "GET /xingrg/all/function/internal_message.html?_=1588384389522&CODE_STATE=getMsg HTTP/1.1" 200 27
172.17.0.108 - - [02/May/2020:09:53:16 +0800] "GET /xingrg/kc/buy/cgsh_order_operate.html?command=get_materiel&rest_code=00147&code=00101008005&supplier_code=00100007&order_time=2020-04-28 HTTP/1.1" 200 412
180.162.232.172 - - [02/May/2020:09:53:17 +0800] "GET /xingrg/all/function/internal_message.html?_=1588384508015&CODE_STATE=getMsg HTTP/1.1" 200 27
114.84.151.157 - - [02/May/2020:09:53:18 +0800] "GET /xingrg/all/function/internal_message.html?_=1588384388717&CODE_STATE=getMsg HTTP/1.1" 200 27
114.86.190.97 - - [02/May/2020:09:53:18 +0800] "GET /xingrg/all/function/internal_message.html?_=1588384405111&CODE_STATE=getMsg HTTP/1.1" 200 27
114.95.157.20 - - [02/May/2020:09:53:20 +0800] "GET /xingrg/all/function/internal_message.html?_=1588384397658&CODE_STATE=getMsg HTTP/1.1" 200 27
114.84.33.255 - - [02/May/2020:09:53:22 +0800] "GET /xingrg/check_reg.html?_=1588384395105 HTTP/1.1" 200 22
172.17.0.112 - - [02/May/2020:09:53:24 +0800] "GET /xingrg/all/function/internal_message.html?_=1588384401938&CODE_STATE=getMsg HTTP/1.1" 200 27
172.17.0.108 - - [02/May/2020:09:53:24 +0800] "GET /xingrg/kc/buy/cgsh_order_operate.html?command=get_materiel&rest_code=00147&code=00101008353&supplier_code=00100007&order_time=2020-04-28 HTTP/1.1" 200 408
58.40.7.146 - - [02/May/2020:09:53:27 +0800] "GET /xingrg/all/function/internal_message.html?_=1588384404251&CODE_STATE=getMsg HTTP/1.1" 200 27
117.185.32.26 - - [02/May/2020:09:53:30 +0800] "GET /xingrg/all/function/internal_message.html?_=1588384405550&CODE_STATE=getMsg HTTP/1.1" 200 27
114.84.33.255 - - [02/May/2020:09:53:32 +0800] "GET /xingrg/all/function/internal_message.html?_=1588384430815&CODE_STATE=getMsg HTTP/1.1" 200 27
114.84.33.255 - - [02/May/2020:09:53:32 +0800] "GET /xingrg/all/function/internal_message.html?_=1588384405598&CODE_STATE=getMsg HTTP/1.1" 200 27
172.17.0.108 - - [02/May/2020:09:53:33 +0800] "GET /xingrg/kc/buy/cgsh_order_operate.html?command=get_materiel&rest_code=00147&code=00101008213&supplier_code=00100007&order_time=2020-04-28 HTTP/1.1" 200 412
180.161.113.183 - - [02/May/2020:09:53:33 +0800] "GET /xingrg/check_reg.html?_=1588384602499 HTTP/1.1" 200 22
180.161.113.183 - - [02/May/2020:09:53:38 +0800] "GET /xingrg/all/function/internal_message.html?_=1588384607330&CODE_STATE=getMsg HTTP/1.1" 200 27
116.233.74.189 - - [02/May/2020:09:53:40 +0800] "GET /xingrg/all/function/internal_message.html?_=1588384501207&CODE_STATE=getMsg HTTP/1.1" 200 27
172.17.0.123 - - [02/May/2020:09:53:41 +0800] "GET /xingrg/all/function/internal_message.html?_=1588384414539&CODE_STATE=getMsg HTTP/1.1" 200 27
222.70.183.62 - - [02/May/2020:09:53:45 +0800] "GET /xingrg/all/function/internal_message.html?_=1588384762019&CODE_STATE=getMsg HTTP/1.1" 200 27
101.91.60.104 - - [02/May/2020:09:53:50 +0800] "GET /xingrg/all/function/internal_message.html?_=1588383728698&CODE_STATE=getMsg HTTP/1.1" 302 -
180.162.232.172 - - [02/May/2020:09:53:51 +0800] "GET /xingrg/all/function/internal_message.html?_=1588384429201&CODE_STATE=getMsg HTTP/1.1" 200 27
180.162.232.172 - - [02/May/2020:09:53:51 +0800] "GET /xingrg/check_reg.html?_=1588384429202 HTTP/1.1" 200 22
124.77.110.230 - - [02/May/2020:09:53:52 +0800] "GET /xingrg/all/function/internal_message.html?_=1588384427709&CODE_STATE=getMsg HTTP/1.1" 200 27
172.17.0.108 - - [02/May/2020:09:53:52 +0800] "GET /xingrg/all/function/internal_message.html?_=1588384428439&CODE_STATE=getMsg HTTP/1.1" 200 27
172.17.0.123 - - [02/May/2020:09:53:53 +0800] "GET /xingrg/check_reg.html?_=1588384426833 HTTP/1.1" 302 -
172.17.0.120 - - [02/May/2020:09:53:54 +0800] "GET /xingrg/all/function/internal_message.html?_=1588384430299&CODE_STATE=getMsg HTTP/1.1" 200 27
172.17.0.108 - - [02/May/2020:09:53:54 +0800] "GET /xingrg/kc/buy/cgsh_order_operate.html?command=get_materiel&rest_code=00147&code=00101008312&supplier_code=00100007&order_time=2020-04-28 HTTP/1.1" 200 412
101.91.60.104 - - [02/May/2020:09:53:56 +0800] "GET /xingrg/login.html HTTP/1.1" 200 7641
172.17.0.108 - - [02/May/2020:09:54:00 +0800] "POST /xingrg/kc/buy/cgsh_order_operate.html HTTP/1.1" 200 2065
172.17.0.185 - - [02/May/2020:09:54:01 +0800] "GET /xingrg/all/function/internal_message.html?_=1588384437576&CODE_STATE=getMsg HTTP/1.1" 200 27
222.69.135.34 - - [02/May/2020:09:54:03 +0800] "GET /xingrg/all/function/internal_message.html?_=1588384433482&CODE_STATE=getMsg HTTP/1.1" 200 27
172.17.0.108 - - [02/May/2020:09:54:03 +0800] "GET /xingrg/kc/buy/cgsh_order_operate.html?command=get_materiel&rest_code=00147&code=00101008365&supplier_code=00100007&order_time=2020-04-28 HTTP/1.1" 200 412
180.156.150.85 - - [02/May/2020:09:54:10 +0800] "GET /xingrg/all/function/internal_message.html?_=1588384449511&CODE_STATE=getMsg HTTP/1.1" 200 27
172.17.0.108 - - [02/May/2020:09:54:16 +0800] "GET /xingrg/kc/buy/cgsh_order_operate.html?command=get_materiel&rest_code=00147&code=00101008101&supplier_code=00100007&order_time=2020-04-28 HTTP/1.1" 200 412
180.162.232.172 - - [02/May/2020:09:54:17 +0800] "GET /xingrg/all/function/internal_message.html?_=1588384568073&CODE_STATE=getMsg HTTP/1.1" 200 27
114.84.151.157 - - [02/May/2020:09:54:18 +0800] "GET /xingrg/all/function/internal_message.html?_=1588384448744&CODE_STATE=getMsg HTTP/1.1" 200 27
114.84.151.157 - - [02/May/2020:09:54:18 +0800] "GET /xingrg/check_reg.html?_=1588384448746 HTTP/1.1" 200 22
114.86.190.97 - - [02/May/2020:09:54:18 +0800] "GET /xingrg/all/function/internal_message.html?_=1588384465118&CODE_STATE=getMsg HTTP/1.1" 200 27
114.95.157.20 - - [02/May/2020:09:54:20 +0800] "GET /xingrg/all/function/internal_message.html?_=1588384457632&CODE_STATE=getMsg HTTP/1.1" 200 27
172.17.0.108 - - [02/May/2020:09:54:22 +0800] "GET /xingrg/kc/buy/cgsh_order_operate.html?command=get_materiel&rest_code=00147&code=00101008347&supplier_code=00100007&order_time=2020-04-28 HTTP/1.1" 200 408
172.17.0.112 - - [02/May/2020:09:54:24 +0800] "GET /xingrg/all/function/internal_message.html?_=1588384461950&CODE_STATE=getMsg HTTP/1.1" 200 27
180.161.113.183 - - [02/May/2020:09:54:27 +0800] "POST /xingrg/kc/buy/cgsh_order_operate.html HTTP/1.1" 200 37
58.40.7.146 - - [02/May/2020:09:54:27 +0800] "GET /xingrg/all/function/internal_message.html?_=1588384464223&CODE_STATE=getMsg HTTP/1.1" 200 27
172.17.0.108 - - [02/May/2020:09:54:27 +0800] "GET /xingrg/kc/buy/cgsh_order_operate.html?command=get_materiel&rest_code=00147&code=00101008297&supplier_code=00100007&order_time=2020-04-28 HTTP/1.1" 200 412
180.161.113.183 - - [02/May/2020:09:54:30 +0800] "POST /xingrg/kc/buy/cgsh_order_operate.html HTTP/1.1" 200 12
117.185.32.26 - - [02/May/2020:09:54:30 +0800] "GET /xingrg/check_reg.html?_=1588384465549 HTTP/1.1" 200 22
117.185.32.26 - - [02/May/2020:09:54:30 +0800] "GET /xingrg/all/function/internal_message.html?_=1588384465548&CODE_STATE=getMsg HTTP/1.1" 200 27
180.161.113.183 - - [02/May/2020:09:54:31 +0800] "GET /xingrg/kc/buy/cgsh_order_info.html?code=212020050200399 HTTP/1.1" 200 53007
180.161.113.183 - - [02/May/2020:09:54:32 +0800] "GET /xingrg/javascript/easyui/themes/default/validatebox.css HTTP/1.1" 404 1104
180.161.113.183 - - [02/May/2020:09:54:32 +0800] "POST /xingrg/kc/buy/cgsh_order_operate.html HTTP/1.1" 200 4725
114.84.33.255 - - [02/May/2020:09:54:32 +0800] "GET /xingrg/all/function/internal_message.html?_=1588384490822&CODE_STATE=getMsg HTTP/1.1" 200 27
114.84.33.255 - - [02/May/2020:09:54:32 +0800] "GET /xingrg/all/function/internal_message.html?_=1588384465612&CODE_STATE=getMsg HTTP/1.1" 200 27
180.161.113.183 - - [02/May/2020:09:54:35 +0800] "GET /xingrg/kc/print/load_data.html?order_code=212020050200399&kc_code=cgsh&condition= HTTP/1.1" 200 2259
172.17.0.108 - - [02/May/2020:09:54:36 +0800] "GET /xingrg/kc/buy/cgsh_order_operate.html?command=get_materiel&rest_code=00147&code=00101008447&supplier_code=00100007&order_time=2020-04-28 HTTP/1.1" 200 399
180.161.113.183 - - [02/May/2020:09:54:38 +0800] "GET /xingrg/all/function/internal_message.html?_=1588384667344&CODE_STATE=getMsg HTTP/1.1" 200 27
116.233.74.189 - - [02/May/2020:09:54:39 +0800] "GET /xingrg/all/function/internal_message.html?_=1588384561218&CODE_STATE=getMsg HTTP/1.1" 200 27
172.17.0.123 - - [02/May/2020:09:54:41 +0800] "GET /xingrg/all/function/internal_message.html?_=1588384474541&CODE_STATE=getMsg HTTP/1.1" 200 27
222.70.183.62 - - [02/May/2020:09:54:42 +0800] "GET /xingrg/kc/buy/cgsh_order_add.html HTTP/1.1" 200 58193
222.70.183.62 - - [02/May/2020:09:54:42 +0800] "GET /xingrg/javascript/easyui/themes/default/validatebox.css HTTP/1.1" 404 1104
222.70.183.62 - - [02/May/2020:09:54:42 +0800] "POST /xingrg/kc/buy/cgsh_order_operate.html HTTP/1.1" 200 8245
172.17.0.108 - - [02/May/2020:09:54:44 +0800] "POST /xingrg/kc/buy/cgsh_order_operate.html HTTP/1.1" 200 2065
222.70.183.62 - - [02/May/2020:09:54:45 +0800] "GET /xingrg/all/function/internal_message.html?_=1588384821975&CODE_STATE=getMsg HTTP/1.1" 200 27
180.161.113.183 - - [02/May/2020:09:54:49 +0800] "GET /xingrg/kc/buy/cgsh_order_add.html HTTP/1.1" 200 58105
222.70.183.62 - - [02/May/2020:09:54:50 +0800] "GET /xingrg/kc/buy/cgsh_order_operate.html?command=get_materiel&rest_code=00111&code=00101006056&supplier_code=00100012&order_time=2020-05-02 HTTP/1.1" 200 413
180.161.113.183 - - [02/May/2020:09:54:50 +0800] "POST /xingrg/kc/buy/cgsh_order_operate.html HTTP/1.1" 200 8245
180.161.113.183 - - [02/May/2020:09:54:50 +0800] "GET /xingrg/javascript/easyui/themes/default/validatebox.css HTTP/1.1" 404 1104
180.162.232.172 - - [02/May/2020:09:54:51 +0800] "GET /xingrg/all/function/internal_message.html?_=1588384489201&CODE_STATE=getMsg HTTP/1.1" 200 27
124.77.110.230 - - [02/May/2020:09:54:52 +0800] "GET /xingrg/all/function/internal_message.html?_=1588384487707&CODE_STATE=getMsg HTTP/1.1" 200 27
172.17.0.108 - - [02/May/2020:09:54:53 +0800] "GET /xingrg/all/function/internal_message.html?_=1588384488451&CODE_STATE=getMsg HTTP/1.1" 200 27
172.17.0.120 - - [02/May/2020:09:54:54 +0800] "GET /xingrg/all/function/internal_message.html?_=1588384490272&CODE_STATE=getMsg HTTP/1.1" 200 27
222.70.183.62 - - [02/May/2020:09:54:56 +0800] "GET /xingrg/kc/buy/cgsh_order_operate.html?command=get_materiel&rest_code=00111&code=00101006109&supplier_code=00100012&order_time=2020-05-02 HTTP/1.1" 200 409
180.161.113.183 - - [02/May/2020:09:54:59 +0800] "GET /xingrg/javascript/easyui/themes/default/tree.css HTTP/1.1" 404 1090
180.161.113.183 - - [02/May/2020:09:54:59 +0800] "POST /xingrg/all/common/load_tree.html?tree=supplier_tree_json&isDelete=1 HTTP/1.1" 200 47615
172.17.0.108 - - [02/May/2020:09:55:00 +0800] "GET /xingrg/kc/buy/cgsh_order_operate.html?command=get_materiel&rest_code=00147&code=00101008175&supplier_code=00100007&order_time=2020-04-28 HTTP/1.1" 200 412
172.17.0.185 - - [02/May/2020:09:55:01 +0800] "GET /xingrg/all/function/internal_message.html?_=1588384497566&CODE_STATE=getMsg HTTP/1.1" 200 27
222.69.135.34 - - [02/May/2020:09:55:03 +0800] "GET /xingrg/all/function/internal_message.html?_=1588384493472&CODE_STATE=getMsg HTTP/1.1" 200 27
172.17.0.123 - - [02/May/2020:09:55:07 +0800] "GET /xingrg/check_reg.html?_=1588384500337 HTTP/1.1" 302 -
222.70.183.62 - - [02/May/2020:09:55:07 +0800] "GET /xingrg/kc/buy/cgsh_order_operate.html?command=get_materiel&rest_code=00111&code=00101006111&supplier_code=00100012&order_time=2020-05-02 HTTP/1.1" 200 409
172.17.0.108 - - [02/May/2020:09:55:10 +0800] "GET /xingrg/kc/buy/cgsh_order_operate.html?command=get_materiel&rest_code=00147&code=00101008331&supplier_code=00100007&order_time=2020-04-28 HTTP/1.1" 200 416
180.156.150.85 - - [02/May/2020:09:55:10 +0800] "GET /xingrg/all/function/internal_message.html?_=1588384509511&CODE_STATE=getMsg HTTP/1.1" 200 27
222.70.183.62 - - [02/May/2020:09:55:13 +0800] "GET /xingrg/kc/buy/cgsh_order_operate.html?command=get_materiel&rest_code=00111&code=00101006129&supplier_code=00100012&order_time=2020-05-02 HTTP/1.1" 200 431
180.162.232.172 - - [02/May/2020:09:55:17 +0800] "GET /xingrg/all/function/internal_message.html?_=1588384628089&CODE_STATE=getMsg HTTP/1.1" 200 27
114.84.151.157 - - [02/May/2020:09:55:18 +0800] "GET /xingrg/all/function/internal_message.html?_=1588384508751&CODE_STATE=getMsg HTTP/1.1" 200 27
114.86.190.97 - - [02/May/2020:09:55:18 +0800] "GET /xingrg/check_reg.html?_=1588384524643 HTTP/1.1" 200 22
114.86.190.97 - - [02/May/2020:09:55:18 +0800] "GET /xingrg/all/function/internal_message.html?_=1588384525131&CODE_STATE=getMsg HTTP/1.1" 200 27
114.95.157.20 - - [02/May/2020:09:55:20 +0800] "GET /xingrg/all/function/internal_message.html?_=1588384517612&CODE_STATE=getMsg HTTP/1.1" 200 27
222.70.183.62 - - [02/May/2020:09:55:20 +0800] "GET /xingrg/kc/buy/cgsh_order_operate.html?command=get_materiel&rest_code=00111&code=00101018011&supplier_code=00100012&order_time=2020-05-02 HTTP/1.1" 200 413
114.95.157.20 - - [02/May/2020:09:55:21 +0800] "GET /xingrg/check_reg.html?_=1588384518666 HTTP/1.1" 200 22
172.17.0.112 - - [02/May/2020:09:55:24 +0800] "GET /xingrg/all/function/internal_message.html?_=1588384521942&CODE_STATE=getMsg HTTP/1.1" 200 27
58.40.7.146 - - [02/May/2020:09:55:24 +0800] "GET /xingrg/check_reg.html?_=1588384521382 HTTP/1.1" 200 22
222.70.183.62 - - [02/May/2020:09:55:26 +0800] "GET /xingrg/kc/buy/cgsh_order_operate.html?command=get_materiel&rest_code=00111&code=00101006038&supplier_code=00100012&order_time=2020-05-02 HTTP/1.1" 200 421
58.40.7.146 - - [02/May/2020:09:55:27 +0800] "GET /xingrg/all/function/internal_message.html?_=1588384524197&CODE_STATE=getMsg HTTP/1.1" 200 27
172.17.0.108 - - [02/May/2020:09:55:29 +0800] "GET /xingrg/kc/buy/cgsh_order_operate.html?command=get_materiel&rest_code=00147&code=00101008223&supplier_code=00100007&order_time=2020-04-28 HTTP/1.1" 200 412
117.185.32.26 - - [02/May/2020:09:55:30 +0800] "GET /xingrg/all/function/internal_message.html?_=1588384525574&CODE_STATE=getMsg HTTP/1.1" 200 27
114.84.33.255 - - [02/May/2020:09:55:32 +0800] "GET /xingrg/all/function/internal_message.html?_=1588384525630&CODE_STATE=getMsg HTTP/1.1" 200 27
114.84.33.255 - - [02/May/2020:09:55:32 +0800] "GET /xingrg/all/function/internal_message.html?_=1588384551137&CODE_STATE=getMsg HTTP/1.1" 200 27
180.161.113.183 - - [02/May/2020:09:55:38 +0800] "GET /xingrg/all/function/internal_message.html?_=1588384727357&CODE_STATE=getMsg HTTP/1.1" 200 27
116.233.74.189 - - [02/May/2020:09:55:38 +0800] "GET /xingrg/check_reg.html?_=1588384621234 HTTP/1.1" 200 22
116.233.74.189 - - [02/May/2020:09:55:38 +0800] "GET /xingrg/all/function/internal_message.html?_=1588384621234&CODE_STATE=getMsg HTTP/1.1" 200 27
172.17.0.123 - - [02/May/2020:09:55:41 +0800] "GET /xingrg/all/function/internal_message.html?_=1588384534543&CODE_STATE=getMsg HTTP/1.1" 200 27
172.17.0.108 - - [02/May/2020:09:55:41 +0800] "POST /xingrg/kc/buy/cgsh_order_operate.html HTTP/1.1" 200 2065
222.70.183.62 - - [02/May/2020:09:55:43 +0800] "GET /xingrg/kc/buy/cgsh_order_operate.html?command=get_materiel&rest_code=00111&code=00101006055&supplier_code=00100012&order_time=2020-05-02 HTTP/1.1" 200 409
114.84.32.201 - - [02/May/2020:09:55:43 +0800] "GET /xingrg/check_reg.html?_=1588384537922 HTTP/1.1" 200 22
222.70.183.62 - - [02/May/2020:09:55:45 +0800] "GET /xingrg/all/function/internal_message.html?_=1588384882030&CODE_STATE=getMsg HTTP/1.1" 200 27
222.70.183.62 - - [02/May/2020:09:55:45 +0800] "GET /xingrg/check_reg.html?_=1588384882136 HTTP/1.1" 200 22
172.17.0.108 - - [02/May/2020:09:55:45 +0800] "GET /xingrg/kc/buy/cgsh_order_operate.html?command=get_materiel&rest_code=00147&code=00101008095&supplier_code=00100007&order_time=2020-04-28 HTTP/1.1" 200 412
180.162.232.172 - - [02/May/2020:09:55:51 +0800] "GET /xingrg/all/function/internal_message.html?_=1588384549194&CODE_STATE=getMsg HTTP/1.1" 200 27
124.77.110.230 - - [02/May/2020:09:55:52 +0800] "GET /xingrg/all/function/internal_message.html?_=1588384547707&CODE_STATE=getMsg HTTP/1.1" 200 27
124.77.110.230 - - [02/May/2020:09:55:52 +0800] "GET /xingrg/check_reg.html?_=1588384547711 HTTP/1.1" 200 22
172.17.0.108 - - [02/May/2020:09:55:53 +0800] "GET /xingrg/check_reg.html?_=1588384548449 HTTP/1.1" 200 22
172.17.0.108 - - [02/May/2020:09:55:53 +0800] "GET /xingrg/all/function/internal_message.html?_=1588384548450&CODE_STATE=getMsg HTTP/1.1" 200 27
172.17.0.120 - - [02/May/2020:09:55:54 +0800] "GET /xingrg/all/function/internal_message.html?_=1588384550245&CODE_STATE=getMsg HTTP/1.1" 200 27
222.70.183.62 - - [02/May/2020:09:55:58 +0800] "GET /xingrg/kc/buy/cgsh_order_operate.html?command=get_materiel&rest_code=00111&code=00101006144&supplier_code=00100012&order_time=2020-05-02 HTTP/1.1" 200 409
172.17.0.185 - - [02/May/2020:09:56:01 +0800] "GET /xingrg/all/function/internal_message.html?_=1588384557571&CODE_STATE=getMsg HTTP/1.1" 200 27
222.69.135.34 - - [02/May/2020:09:56:03 +0800] "GET /xingrg/all/function/internal_message.html?_=1588384553480&CODE_STATE=getMsg HTTP/1.1" 200 27
180.161.113.183 - - [02/May/2020:09:56:05 +0800] "GET /xingrg/kc/buy/cgsh_order_operate.html?command=get_materiel&rest_code=00102&code=00101015021&supplier_code=00100054&order_time=2020-05-02 HTTP/1.1" 200 408
222.70.183.62 - - [02/May/2020:09:56:05 +0800] "GET /xingrg/kc/buy/cgsh_order_operate.html?command=get_materiel&rest_code=00111&code=00101006065&supplier_code=00100012&order_time=2020-05-02 HTTP/1.1" 200 409
172.17.0.108 - - [02/May/2020:09:56:08 +0800] "GET /xingrg/kc/buy/cgsh_order_operate.html?command=get_materiel&rest_code=00147&code=00101015038&supplier_code=00100007&order_time=2020-04-28 HTTP/1.1" 200 419
114.84.33.255 - - [02/May/2020:09:56:09 +0800] "GET /xingrg/check_reg.html?_=1588384587369 HTTP/1.1" 200 22
180.156.150.85 - - [02/May/2020:09:56:10 +0800] "GET /xingrg/all/function/internal_message.html?_=1588384569511&CODE_STATE=getMsg HTTP/1.1" 200 27
180.161.113.183 - - [02/May/2020:09:56:14 +0800] "GET /xingrg/kc/buy/cgsh_order_operate.html?command=get_materiel&rest_code=00102&code=00101015040&supplier_code=00100054&order_time=2020-05-02 HTTP/1.1" 200 408
172.17.0.108 - - [02/May/2020:09:56:16 +0800] "GET /xingrg/kc/buy/cgsh_order_operate.html?command=get_materiel&rest_code=00147&code=00101008261&supplier_code=00100007&order_time=2020-04-28 HTTP/1.1" 200 408
180.162.232.172 - - [02/May/2020:09:56:17 +0800] "GET /xingrg/all/function/internal_message.html?_=1588384688167&CODE_STATE=getMsg HTTP/1.1" 200 27
114.84.151.157 - - [02/May/2020:09:56:18 +0800] "GET /xingrg/all/function/internal_message.html?_=1588384568750&CODE_STATE=getMsg HTTP/1.1" 200 27
114.86.190.97 - - [02/May/2020:09:56:18 +0800] "GET /xingrg/all/function/internal_message.html?_=1588384585144&CODE_STATE=getMsg HTTP/1.1" 200 27
114.95.157.20 - - [02/May/2020:09:56:20 +0800] "GET /xingrg/all/function/internal_message.html?_=1588384577590&CODE_STATE=getMsg HTTP/1.1" 200 27
222.70.183.62 - - [02/May/2020:09:56:21 +0800] "GET /xingrg/kc/buy/cgsh_order_operate.html?command=get_materiel&rest_code=00111&code=00101011005&supplier_code=00100012&order_time=2020-05-02 HTTP/1.1" 200 428
172.17.0.112 - - [02/May/2020:09:56:24 +0800] "GET /xingrg/all/function/internal_message.html?_=1588384581937&CODE_STATE=getMsg HTTP/1.1" 200 27
183.192.164.85 - - [02/May/2020:09:56:26 +0800] "GET /xingrg/check_reg.html?_=1588383865554 HTTP/1.1" 302 -
172.17.0.108 - - [02/May/2020:09:56:27 +0800] "GET /xingrg/kc/buy/cgsh_order_operate.html?command=get_materiel&rest_code=00147&code=00101008049&supplier_code=00100007&order_time=2020-04-28 HTTP/1.1" 200 408
180.161.113.183 - - [02/May/2020:09:56:27 +0800] "GET /xingrg/kc/buy/cgsh_order_operate.html?command=get_materiel&rest_code=00102&code=00101015042&supplier_code=00100054&order_time=2020-05-02 HTTP/1.1" 200 408
58.40.7.146 - - [02/May/2020:09:56:27 +0800] "GET /xingrg/all/function/internal_message.html?_=1588384584184&CODE_STATE=getMsg HTTP/1.1" 200 27
222.70.183.62 - - [02/May/2020:09:56:30 +0800] "POST /xingrg/kc/buy/cgsh_order_operate.html HTTP/1.1" 200 37
117.185.32.26 - - [02/May/2020:09:56:30 +0800] "GET /xingrg/all/function/internal_message.html?_=1588384585572&CODE_STATE=getMsg HTTP/1.1" 200 27
222.70.183.62 - - [02/May/2020:09:56:31 +0800] "POST /xingrg/kc/buy/cgsh_order_operate.html HTTP/1.1" 200 9203
183.192.164.85 - - [02/May/2020:09:56:31 +0800] "GET /xingrg/login.html HTTP/1.1" 200 7641
222.70.183.62 - - [02/May/2020:09:56:32 +0800] "GET /xingrg/kc/print/load_data.html?order_code=212020050200400&kc_code=cgsh&condition= HTTP/1.1" 200 3250
114.84.33.255 - - [02/May/2020:09:56:32 +0800] "GET /xingrg/all/function/internal_message.html?_=1588384585638&CODE_STATE=getMsg HTTP/1.1" 200 27
114.84.33.255 - - [02/May/2020:09:56:32 +0800] "GET /xingrg/all/function/internal_message.html?_=1588384611143&CODE_STATE=getMsg HTTP/1.1" 200 27
172.17.0.108 - - [02/May/2020:09:56:33 +0800] "GET /xingrg/kc/buy/cgsh_order_operate.html?command=get_materiel&rest_code=00147&code=00101008199&supplier_code=00100007&order_time=2020-04-28 HTTP/1.1" 200 408
172.17.0.120 - - [02/May/2020:09:56:36 +0800] "GET /xingrg/check_reg.html?_=1588384592513 HTTP/1.1" 200 22
172.17.0.108 - - [02/May/2020:09:56:36 +0800] "POST /xingrg/kc/buy/cgsh_order_operate.html HTTP/1.1" 200 2065
116.233.74.189 - - [02/May/2020:09:56:37 +0800] "GET /xingrg/all/function/internal_message.html?_=1588384681222&CODE_STATE=getMsg HTTP/1.1" 200 27
180.161.113.183 - - [02/May/2020:09:56:38 +0800] "GET /xingrg/all/function/internal_message.html?_=1588384787370&CODE_STATE=getMsg HTTP/1.1" 200 27
172.17.0.123 - - [02/May/2020:09:56:41 +0800] "GET /xingrg/all/function/internal_message.html?_=1588384594547&CODE_STATE=getMsg HTTP/1.1" 200 27
172.17.0.123 - - [02/May/2020:09:56:41 +0800] "GET /xingrg/check_reg.html?_=1588384594549 HTTP/1.1" 200 22
180.161.113.183 - - [02/May/2020:09:56:42 +0800] "GET /xingrg/kc/buy/cgsh_order_operate.html?command=get_materiel&rest_code=00102&code=00101015017&supplier_code=00100054&order_time=2020-05-02 HTTP/1.1" 200 412
222.70.183.62 - - [02/May/2020:09:56:45 +0800] "GET /xingrg/all/function/internal_message.html?_=1588384941927&CODE_STATE=getMsg HTTP/1.1" 200 27
180.162.232.172 - - [02/May/2020:09:56:51 +0800] "GET /xingrg/all/function/internal_message.html?_=1588384609190&CODE_STATE=getMsg HTTP/1.1" 200 27
124.77.110.230 - - [02/May/2020:09:56:52 +0800] "GET /xingrg/all/function/internal_message.html?_=1588384607712&CODE_STATE=getMsg HTTP/1.1" 200 27
172.17.0.108 - - [02/May/2020:09:56:53 +0800] "GET /xingrg/all/function/internal_message.html?_=1588384608521&CODE_STATE=getMsg HTTP/1.1" 200 27
172.17.0.120 - - [02/May/2020:09:56:54 +0800] "GET /xingrg/all/function/internal_message.html?_=1588384610220&CODE_STATE=getMsg HTTP/1.1" 200 27
172.17.0.185 - - [02/May/2020:09:57:01 +0800] "GET /xingrg/all/function/internal_message.html?_=1588384617575&CODE_STATE=getMsg HTTP/1.1" 200 27
222.69.135.34 - - [02/May/2020:09:57:03 +0800] "GET /xingrg/all/function/internal_message.html?_=1588384613492&CODE_STATE=getMsg HTTP/1.1" 200 27
222.69.135.34 - - [02/May/2020:09:57:03 +0800] "GET /xingrg/check_reg.html?_=1588384613507 HTTP/1.1" 200 22
172.17.0.108 - - [02/May/2020:09:57:04 +0800] "GET /xingrg/kc/buy/cgsh_order_operate.html?command=get_materiel&rest_code=00147&code=00101008003&supplier_code=00100007&order_time=2020-04-28 HTTP/1.1" 200 408
180.162.232.172 - - [02/May/2020:09:57:05 +0800] "GET /xingrg/check_reg.html?_=1588384736090 HTTP/1.1" 200 22
180.156.150.85 - - [02/May/2020:09:57:10 +0800] "GET /xingrg/all/function/internal_message.html?_=1588384629511&CODE_STATE=getMsg HTTP/1.1" 200 27
172.17.0.108 - - [02/May/2020:09:57:12 +0800] "GET /xingrg/kc/buy/cgsh_order_operate.html?command=get_materiel&rest_code=00147&code=00101008321&supplier_code=00100007&order_time=2020-04-28 HTTP/1.1" 200 412
180.162.232.172 - - [02/May/2020:09:57:17 +0800] "GET /xingrg/all/function/internal_message.html?_=1588384748178&CODE_STATE=getMsg HTTP/1.1" 200 27
172.17.0.108 - - [02/May/2020:09:57:17 +0800] "GET /xingrg/kc/buy/cgsh_order_operate.html?command=get_materiel&rest_code=00147&code=00101008300&supplier_code=00100007&order_time=2020-04-28 HTTP/1.1" 200 412
114.84.151.157 - - [02/May/2020:09:57:18 +0800] "GET /xingrg/all/function/internal_message.html?_=1588384628743&CODE_STATE=getMsg HTTP/1.1" 200 27
114.86.190.97 - - [02/May/2020:09:57:18 +0800] "GET /xingrg/all/function/internal_message.html?_=1588384645157&CODE_STATE=getMsg HTTP/1.1" 200 27
114.95.157.20 - - [02/May/2020:09:57:20 +0800] "GET /xingrg/all/function/internal_message.html?_=1588384637565&CODE_STATE=getMsg HTTP/1.1" 200 27
172.17.0.112 - - [02/May/2020:09:57:24 +0800] "GET /xingrg/all/function/internal_message.html?_=1588384641947&CODE_STATE=getMsg HTTP/1.1" 200 27
172.17.0.112 - - [02/May/2020:09:57:24 +0800] "GET /xingrg/check_reg.html?_=1588384641949 HTTP/1.1" 200 22
58.40.7.146 - - [02/May/2020:09:57:27 +0800] "GET /xingrg/all/function/internal_message.html?_=1588384644156&CODE_STATE=getMsg HTTP/1.1" 200 27
117.185.32.26 - - [02/May/2020:09:57:30 +0800] "GET /xingrg/all/function/internal_message.html?_=1588384645570&CODE_STATE=getMsg HTTP/1.1" 200 27
114.84.33.255 - - [02/May/2020:09:57:32 +0800] "GET /xingrg/all/function/internal_message.html?_=1588384645657&CODE_STATE=getMsg HTTP/1.1" 200 27
114.84.33.255 - - [02/May/2020:09:57:32 +0800] "GET /xingrg/all/function/internal_message.html?_=1588384671157&CODE_STATE=getMsg HTTP/1.1" 200 27
116.233.74.189 - - [02/May/2020:09:57:36 +0800] "GET /xingrg/all/function/internal_message.html?_=1588384741221&CODE_STATE=getMsg HTTP/1.1" 200 27
180.161.113.183 - - [02/May/2020:09:57:38 +0800] "GET /xingrg/all/function/internal_message.html?_=1588384847384&CODE_STATE=getMsg HTTP/1.1" 200 27
172.17.0.123 - - [02/May/2020:09:57:41 +0800] "GET /xingrg/all/function/internal_message.html?_=1588384654551&CODE_STATE=getMsg HTTP/1.1" 200 27
222.70.183.62 - - [02/May/2020:09:57:45 +0800] "GET /xingrg/all/function/internal_message.html?_=1588385001906&CODE_STATE=getMsg HTTP/1.1" 200 27
58.40.7.146 - - [02/May/2020:09:57:46 +0800] "GET /xingrg/kc/info/info_main.html HTTP/1.1" 200 6010
58.40.7.146 - - [02/May/2020:09:57:46 +0800] "GET /xingrg/javascript/ToolTips.js HTTP/1.1" 200 5615
58.40.7.146 - - [02/May/2020:09:57:46 +0800] "GET /xingrg/images/blue/cldwgl.gif HTTP/1.1" 200 2487
58.40.7.146 - - [02/May/2020:09:57:46 +0800] "GET /xingrg/images/blue/ckxx.gif HTTP/1.1" 200 2041
58.40.7.146 - - [02/May/2020:09:57:46 +0800] "GET /xingrg/images/blue/clxx.gif HTTP/1.1" 200 1916
58.40.7.146 - - [02/May/2020:09:57:46 +0800] "GET /xingrg/images/blue/gysxxgl.gif HTTP/1.1" 200 1945
58.40.7.146 - - [02/May/2020:09:57:46 +0800] "GET /xingrg/images/blue/gyslbgl.gif HTTP/1.1" 200 1480
58.40.7.146 - - [02/May/2020:09:57:46 +0800] "GET /xingrg/images/blue/gyscljg.gif HTTP/1.1" 200 2081
58.40.7.146 - - [02/May/2020:09:57:46 +0800] "GET /xingrg/images/blue/button/cgxqd.gif HTTP/1.1" 200 2619
58.40.7.146 - - [02/May/2020:09:57:47 +0800] "GET /xingrg/kc/system/system_main.html HTTP/1.1" 200 2169
58.40.7.146 - - [02/May/2020:09:57:47 +0800] "GET /xingrg/images/blue/cgxx.gif HTTP/1.1" 200 1886
58.40.7.146 - - [02/May/2020:09:57:47 +0800] "GET /xingrg/images/blue/wlpsxp.gif HTTP/1.1" 200 1597
58.40.7.146 - - [02/May/2020:09:57:47 +0800] "GET /xingrg/images/blue/kcxx2.gif HTTP/1.1" 200 1876
58.40.7.146 - - [02/May/2020:09:57:49 +0800] "GET /xingrg/kc/report/report_main.html HTTP/1.1" 200 7345
58.40.7.146 - - [02/May/2020:09:57:49 +0800] "GET /xingrg/javascript/jquery_ui/themes/humanity/humanity.css HTTP/1.1" 200 27801
58.40.7.146 - - [02/May/2020:09:57:49 +0800] "GET /xingrg/javascript/json2.js HTTP/1.1" 200 11259
180.162.232.172 - - [02/May/2020:09:57:51 +0800] "GET /xingrg/all/function/internal_message.html?_=1588384669201&CODE_STATE=getMsg HTTP/1.1" 200 27
124.77.110.230 - - [02/May/2020:09:57:52 +0800] "GET /xingrg/all/function/internal_message.html?_=1588384667712&CODE_STATE=getMsg HTTP/1.1" 200 27
172.17.0.108 - - [02/May/2020:09:57:53 +0800] "GET /xingrg/all/function/internal_message.html?_=1588384668521&CODE_STATE=getMsg HTTP/1.1" 200 27
101.89.29.94 - - [02/May/2020:09:57:53 +0800] "GET /xingrg/all/function/internal_message.html?_=1588383968723&CODE_STATE=getMsg HTTP/1.1" 302 -
172.17.0.120 - - [02/May/2020:09:57:54 +0800] "GET /xingrg/all/function/internal_message.html?_=1588384670189&CODE_STATE=getMsg HTTP/1.1" 200 27
58.40.7.146 - - [02/May/2020:09:57:54 +0800] "GET /xingrg/all/report/report_query.html?fileName=kc/buy/gys_amount.xml&rh=99999 HTTP/1.1" 200 52006
58.40.7.146 - - [02/May/2020:09:57:54 +0800] "GET /xingrg/javascript/multi_select/jqueryMultiSelect.css HTTP/1.1" 200 951
58.40.7.146 - - [02/May/2020:09:57:54 +0800] "GET /xingrg/javascript/calendar/timePicker.css HTTP/1.1" 200 523
58.40.7.146 - - [02/May/2020:09:57:54 +0800] "GET /xingrg/javascript/bigrid/fix.css HTTP/1.1" 200 1702
58.40.7.146 - - [02/May/2020:09:57:54 +0800] "GET /xingrg/dwr/interface/AjaxReportQueryService.js HTTP/1.1" 200 13203
58.40.7.146 - - [02/May/2020:09:57:54 +0800] "GET /xingrg/javascript/calendar/jquery.timePicker.min.js HTTP/1.1" 200 2997
58.40.7.146 - - [02/May/2020:09:57:54 +0800] "GET /xingrg/javascript/bigrid/fix.js HTTP/1.1" 200 6439
58.40.7.146 - - [02/May/2020:09:57:54 +0800] "GET /xingrg/dwr/engine.js HTTP/1.1" 200 43631
58.40.7.146 - - [02/May/2020:09:57:54 +0800] "GET /xingrg/javascript/jqueryMultiSelect.js HTTP/1.1" 200 11866
58.40.7.146 - - [02/May/2020:09:57:54 +0800] "GET /xingrg/images/blue/button/advanceover.gif HTTP/1.1" 200 1347
58.40.7.146 - - [02/May/2020:09:57:54 +0800] "GET /xingrg/images/blue/button/advance2over.gif HTTP/1.1" 200 1336
58.40.7.146 - - [02/May/2020:09:57:54 +0800] "GET /xingrg/images/blue/button/back2over.gif HTTP/1.1" 200 1335
58.40.7.146 - - [02/May/2020:09:57:54 +0800] "GET /xingrg/images/blue/button/backover.gif HTTP/1.1" 200 1348
58.40.7.146 - - [02/May/2020:09:57:54 +0800] "GET /xingrg/images/control/loading.gif HTTP/1.1" 200 13463
58.40.7.146 - - [02/May/2020:09:57:54 +0800] "GET /xingrg/javascript/jquery_easy_ui/themes/default/images/menu_rightarrow.png HTTP/1.1" 200 3617
58.40.7.146 - - [02/May/2020:09:57:54 +0800] "GET /xingrg/javascript/jquery_easy_ui/themes/default/images/menu.gif HTTP/1.1" 200 834
58.40.7.146 - - [02/May/2020:09:57:54 +0800] "GET /xingrg/javascript/jquery_easy_ui/themes/icons/pencil.png HTTP/1.1" 200 713
58.40.7.146 - - [02/May/2020:09:57:54 +0800] "GET /xingrg/javascript/jquery_easy_ui/themes/default/images/button_a_bg.gif HTTP/1.1" 200 1194
58.40.7.146 - - [02/May/2020:09:57:54 +0800] "GET /xingrg/javascript/jquery_easy_ui/themes/icons/help.png HTTP/1.1" 200 1187
58.40.7.146 - - [02/May/2020:09:57:54 +0800] "POST /xingrg/dwr/call/plaincall/AjaxReportQueryService.getFixDate.dwr HTTP/1.1" 200 111
58.40.7.146 - - [02/May/2020:09:57:54 +0800] "GET /xingrg/javascript/jquery_easy_ui/themes/default/images/combo_arrow_dot.gif HTTP/1.1" 200 79
58.40.7.146 - - [02/May/2020:09:57:55 +0800] "POST /xingrg/all/common/load_tree.html?tree=supplier_tree_json&manage=1 HTTP/1.1" 200 48222
58.40.7.146 - - [02/May/2020:09:57:55 +0800] "GET /xingrg/javascript/jquery_easy_ui/themes/default/images/tree_checkbox_0.gif HTTP/1.1" 200 168
58.40.7.146 - - [02/May/2020:09:57:55 +0800] "POST /xingrg/all/common/load_tree.html?tree=materiel_sort_tree_json HTTP/1.1" 200 8666
58.40.7.146 - - [02/May/2020:09:57:56 +0800] "POST /xingrg/dwr/call/plaincall/AjaxReportQueryService.getInitString.dwr HTTP/1.1" 200 771
58.40.7.146 - - [02/May/2020:09:57:56 +0800] "GET /xingrg/javascript/multi_select/dropdown.gif HTTP/1.1" 200 61
172.17.0.108 - - [02/May/2020:09:57:59 +0800] "POST /xingrg/kc/buy/cgsh_order_operate.html HTTP/1.1" 200 37
101.89.29.94 - - [02/May/2020:09:58:01 +0800] "GET /xingrg/login.html HTTP/1.1" 200 7641
172.17.0.185 - - [02/May/2020:09:58:01 +0800] "GET /xingrg/check_reg.html?_=1588384677563 HTTP/1.1" 200 22
172.17.0.185 - - [02/May/2020:09:58:01 +0800] "GET /xingrg/all/function/internal_message.html?_=1588384677568&CODE_STATE=getMsg HTTP/1.1" 200 27
222.69.135.34 - - [02/May/2020:09:58:03 +0800] "GET /xingrg/all/function/internal_message.html?_=1588384673479&CODE_STATE=getMsg HTTP/1.1" 200 27
61.151.207.205 - - [02/May/2020:09:58:06 +0800] "GET /xingrg/all/function/internal_message.html?_=1588383968723&CODE_STATE=getMsg HTTP/1.1" 302 -
180.156.150.85 - - [02/May/2020:09:58:10 +0800] "GET /xingrg/all/function/internal_message.html?_=1588384689512&CODE_STATE=getMsg HTTP/1.1" 200 27
180.156.150.85 - - [02/May/2020:09:58:10 +0800] "GET /xingrg/check_reg.html?_=1588384689516 HTTP/1.1" 200 22
61.151.207.205 - - [02/May/2020:09:58:11 +0800] "GET /xingrg/login.html HTTP/1.1" 200 7641
180.161.113.183 - - [02/May/2020:09:58:17 +0800] "GET /xingrg/kc/buy/cgsh_order_operate.html?command=get_materiel&rest_code=00102&code=00101015037&supplier_code=00100054&order_time=2020-05-02 HTTP/1.1" 200 412
180.162.232.172 - - [02/May/2020:09:58:17 +0800] "GET /xingrg/all/function/internal_message.html?_=1588384808191&CODE_STATE=getMsg HTTP/1.1" 200 27
114.84.151.157 - - [02/May/2020:09:58:18 +0800] "GET /xingrg/all/function/internal_message.html?_=1588384688741&CODE_STATE=getMsg HTTP/1.1" 200 27
114.86.190.97 - - [02/May/2020:09:58:19 +0800] "GET /xingrg/all/function/internal_message.html?_=1588384705179&CODE_STATE=getMsg HTTP/1.1" 200 27
114.95.157.20 - - [02/May/2020:09:58:20 +0800] "GET /xingrg/all/function/internal_message.html?_=1588384697543&CODE_STATE=getMsg HTTP/1.1" 200 27
114.84.33.255 - - [02/May/2020:09:58:22 +0800] "GET /xingrg/check_reg.html?_=1588384695104 HTTP/1.1" 200 22
172.17.0.112 - - [02/May/2020:09:58:24 +0800] "GET /xingrg/all/function/internal_message.html?_=1588384701942&CODE_STATE=getMsg HTTP/1.1" 200 27
58.40.7.146 - - [02/May/2020:09:58:27 +0800] "GET /xingrg/all/function/internal_message.html?_=1588384704135&CODE_STATE=getMsg HTTP/1.1" 200 27
117.185.32.26 - - [02/May/2020:09:58:30 +0800] "GET /xingrg/all/function/internal_message.html?_=1588384705570&CODE_STATE=getMsg HTTP/1.1" 200 27
114.84.33.255 - - [02/May/2020:09:58:32 +0800] "GET /xingrg/all/function/internal_message.html?_=1588384705665&CODE_STATE=getMsg HTTP/1.1" 200 27
114.84.33.255 - - [02/May/2020:09:58:33 +0800] "GET /xingrg/all/function/internal_message.html?_=1588384731456&CODE_STATE=getMsg HTTP/1.1" 200 27
180.161.113.183 - - [02/May/2020:09:58:33 +0800] "POST /xingrg/kc/buy/cgsh_order_operate.html HTTP/1.1" 200 37
180.161.113.183 - - [02/May/2020:09:58:34 +0800] "POST /xingrg/kc/buy/cgsh_order_operate.html HTTP/1.1" 200 12
116.233.74.189 - - [02/May/2020:09:58:35 +0800] "GET /xingrg/all/function/internal_message.html?_=1588384801220&CODE_STATE=getMsg HTTP/1.1" 200 27
172.17.0.108 - - [02/May/2020:09:58:36 +0800] "POST /xingrg/kc/buy/cgsh_order_operate.html HTTP/1.1" 200 12
180.161.113.183 - - [02/May/2020:09:58:36 +0800] "GET /xingrg/check_reg.html?_=1588384905604 HTTP/1.1" 200 22
180.161.113.183 - - [02/May/2020:09:58:36 +0800] "GET /xingrg/kc/buy/cgsh_order_info.html?code=212020050200402 HTTP/1.1" 200 53003
172.17.0.108 - - [02/May/2020:09:58:37 +0800] "GET /xingrg/kc/buy/cgsh_order_info.html?code=212020050200401 HTTP/1.1" 200 52989
180.161.113.183 - - [02/May/2020:09:58:37 +0800] "GET /xingrg/javascript/easyui/themes/default/validatebox.css HTTP/1.1" 404 1104
180.161.113.183 - - [02/May/2020:09:58:37 +0800] "POST /xingrg/kc/buy/cgsh_order_operate.html HTTP/1.1" 200 2949
172.17.0.108 - - [02/May/2020:09:58:37 +0800] "GET /xingrg/javascript/easyui/themes/default/validatebox.css HTTP/1.1" 404 1104
172.17.0.108 - - [02/May/2020:09:58:38 +0800] "POST /xingrg/kc/buy/cgsh_order_operate.html HTTP/1.1" 200 27769
180.161.113.183 - - [02/May/2020:09:58:38 +0800] "GET /xingrg/all/function/internal_message.html?_=1588384907396&CODE_STATE=getMsg HTTP/1.1" 200 27
172.17.0.108 - - [02/May/2020:09:58:38 +0800] "GET /xingrg/kc/buy/cgsh_order_add.html HTTP/1.1" 200 58082
172.17.0.108 - - [02/May/2020:09:58:38 +0800] "POST /xingrg/kc/buy/cgsh_order_operate.html HTTP/1.1" 200 8245
172.17.0.108 - - [02/May/2020:09:58:38 +0800] "GET /xingrg/javascript/easyui/themes/default/validatebox.css HTTP/1.1" 404 1104
180.161.113.183 - - [02/May/2020:09:58:39 +0800] "GET /xingrg/kc/print/load_data.html?order_code=212020050200402&kc_code=cgsh&condition= HTTP/1.1" 200 1560
172.17.0.123 - - [02/May/2020:09:58:41 +0800] "GET /xingrg/all/function/internal_message.html?_=1588384714553&CODE_STATE=getMsg HTTP/1.1" 200 27
222.70.183.62 - - [02/May/2020:09:58:45 +0800] "GET /xingrg/all/function/internal_message.html?_=1588385061887&CODE_STATE=getMsg HTTP/1.1" 200 27
61.151.207.205 - - [02/May/2020:09:58:49 +0800] "GET /xingrg/all/function/internal_message.html?_=1588384028722&CODE_STATE=getMsg HTTP/1.1" 302 -
180.162.232.172 - - [02/May/2020:09:58:51 +0800] "GET /xingrg/all/function/internal_message.html?_=1588384729199&CODE_STATE=getMsg HTTP/1.1" 200 27
180.162.232.172 - - [02/May/2020:09:58:51 +0800] "GET /xingrg/check_reg.html?_=1588384729201 HTTP/1.1" 200 22
124.77.110.230 - - [02/May/2020:09:58:52 +0800] "GET /xingrg/all/function/internal_message.html?_=1588384727712&CODE_STATE=getMsg HTTP/1.1" 200 27
172.17.0.108 - - [02/May/2020:09:58:53 +0800] "GET /xingrg/all/function/internal_message.html?_=1588384728458&CODE_STATE=getMsg HTTP/1.1" 200 27
172.17.0.123 - - [02/May/2020:09:58:53 +0800] "GET /xingrg/check_reg.html?_=1588384726807 HTTP/1.1" 302 -
172.17.0.120 - - [02/May/2020:09:58:54 +0800] "GET /xingrg/all/function/internal_message.html?_=1588384730162&CODE_STATE=getMsg HTTP/1.1" 200 27
61.151.207.205 - - [02/May/2020:09:58:56 +0800] "GET /xingrg/login.html HTTP/1.1" 200 7641
172.17.0.185 - - [02/May/2020:09:59:01 +0800] "GET /xingrg/all/function/internal_message.html?_=1588384737570&CODE_STATE=getMsg HTTP/1.1" 200 27
180.156.150.85 - - [02/May/2020:09:59:10 +0800] "GET /xingrg/all/function/internal_message.html?_=1588384749515&CODE_STATE=getMsg HTTP/1.1" 200 27
180.162.232.172 - - [02/May/2020:09:59:17 +0800] "GET /xingrg/all/function/internal_message.html?_=1588384868260&CODE_STATE=getMsg HTTP/1.1" 200 27
114.84.151.157 - - [02/May/2020:09:59:18 +0800] "GET /xingrg/check_reg.html?_=1588384748754 HTTP/1.1" 200 22
114.84.151.157 - - [02/May/2020:09:59:18 +0800] "GET /xingrg/all/function/internal_message.html?_=1588384748753&CODE_STATE=getMsg HTTP/1.1" 200 27
114.86.190.97 - - [02/May/2020:09:59:19 +0800] "GET /xingrg/all/function/internal_message.html?_=1588384765184&CODE_STATE=getMsg HTTP/1.1" 200 27
114.95.157.20 - - [02/May/2020:09:59:20 +0800] "GET /xingrg/all/function/internal_message.html?_=1588384757518&CODE_STATE=getMsg HTTP/1.1" 200 27
172.17.0.112 - - [02/May/2020:09:59:24 +0800] "GET /xingrg/all/function/internal_message.html?_=1588384761936&CODE_STATE=getMsg HTTP/1.1" 200 27
58.40.7.146 - - [02/May/2020:09:59:27 +0800] "GET /xingrg/all/function/internal_message.html?_=1588384764106&CODE_STATE=getMsg HTTP/1.1" 200 27
117.185.32.26 - - [02/May/2020:09:59:30 +0800] "GET /xingrg/all/function/internal_message.html?_=1588384765570&CODE_STATE=getMsg HTTP/1.1" 200 27
117.185.32.26 - - [02/May/2020:09:59:30 +0800] "GET /xingrg/check_reg.html?_=1588384765572 HTTP/1.1" 200 22
114.84.33.255 - - [02/May/2020:09:59:32 +0800] "GET /xingrg/all/function/internal_message.html?_=1588384765679&CODE_STATE=getMsg HTTP/1.1" 200 27
114.84.33.255 - - [02/May/2020:09:59:33 +0800] "GET /xingrg/all/function/internal_message.html?_=1588384791467&CODE_STATE=getMsg HTTP/1.1" 200 27
116.233.74.189 - - [02/May/2020:09:59:34 +0800] "GET /xingrg/all/function/internal_message.html?_=1588384861234&CODE_STATE=getMsg HTTP/1.1" 200 27
180.161.113.183 - - [02/May/2020:09:59:38 +0800] "GET /xingrg/all/function/internal_message.html?_=1588384967411&CODE_STATE=getMsg HTTP/1.1" 200 27
172.17.0.123 - - [02/May/2020:09:59:41 +0800] "GET /xingrg/all/function/internal_message.html?_=1588384774541&CODE_STATE=getMsg HTTP/1.1" 200 27
222.70.183.62 - - [02/May/2020:09:59:45 +0800] "GET /xingrg/all/function/internal_message.html?_=1588385121863&CODE_STATE=getMsg HTTP/1.1" 200 27
172.17.0.108 - - [02/May/2020:09:59:48 +0800] "POST /xingrg/kc/buy/cgsh_list_operate.html HTTP/1.1" 200 5387
180.162.232.172 - - [02/May/2020:09:59:51 +0800] "GET /xingrg/all/function/internal_message.html?_=1588384789198&CODE_STATE=getMsg HTTP/1.1" 200 27
124.77.110.230 - - [02/May/2020:09:59:52 +0800] "GET /xingrg/all/function/internal_message.html?_=1588384787712&CODE_STATE=getMsg HTTP/1.1" 200 27
172.17.0.108 - - [02/May/2020:09:59:52 +0800] "POST /xingrg/kc/buy/cgsh_list_operate.html HTTP/1.1" 200 5438
172.17.0.108 - - [02/May/2020:09:59:53 +0800] "GET /xingrg/all/function/internal_message.html?_=1588384788447&CODE_STATE=getMsg HTTP/1.1" 200 27
172.17.0.120 - - [02/May/2020:09:59:54 +0800] "GET /xingrg/all/function/internal_message.html?_=1588384790131&CODE_STATE=getMsg HTTP/1.1" 200 27
61.151.178.225 - - [02/May/2020:10:00:01 +0800] "GET /xingrg/all/function/internal_message.html?_=1588384088721&CODE_STATE=getMsg HTTP/1.1" 302 -
172.17.0.185 - - [02/May/2020:10:00:01 +0800] "GET /xingrg/all/function/internal_message.html?_=1588384797577&CODE_STATE=getMsg HTTP/1.1" 200 27
172.17.0.123 - - [02/May/2020:10:00:07 +0800] "GET /xingrg/check_reg.html?_=1588384800311 HTTP/1.1" 302 -
172.17.0.108 - - [02/May/2020:10:00:07 +0800] "GET /xingrg/kc/buy/cgsh_order_operate.html?command=get_materiel&rest_code=00147&code=00101008132&supplier_code=00100007&order_time=2020-04-27 HTTP/1.1" 200 408
61.151.178.225 - - [02/May/2020:10:00:10 +0800] "GET /xingrg/login.html HTTP/1.1" 200 7641
180.156.150.85 - - [02/May/2020:10:00:10 +0800] "GET /xingrg/all/function/internal_message.html?_=1588384809513&CODE_STATE=getMsg HTTP/1.1" 200 27
172.17.0.108 - - [02/May/2020:10:00:13 +0800] "GET /xingrg/kc/buy/cgsh_order_operate.html?command=get_materiel&rest_code=00147&code=00101008010&supplier_code=00100007&order_time=2020-04-27 HTTP/1.1" 200 412
180.162.232.172 - - [02/May/2020:10:00:17 +0800] "GET /xingrg/all/function/internal_message.html?_=1588384928266&CODE_STATE=getMsg HTTP/1.1" 200 27
120.204.17.68 - - [02/May/2020:10:00:18 +0800] "GET /xingrg/all/function/internal_message.html?_=1588384105554&CODE_STATE=getMsg HTTP/1.1" 302 -
114.84.151.157 - - [02/May/2020:10:00:18 +0800] "GET /xingrg/all/function/internal_message.html?_=1588384808748&CODE_STATE=getMsg HTTP/1.1" 200 27
114.86.190.97 - - [02/May/2020:10:00:18 +0800] "GET /xingrg/check_reg.html?_=1588384824646 HTTP/1.1" 200 22
114.86.190.97 - - [02/May/2020:10:00:19 +0800] "GET /xingrg/all/function/internal_message.html?_=1588384825198&CODE_STATE=getMsg HTTP/1.1" 200 27
114.95.157.20 - - [02/May/2020:10:00:20 +0800] "GET /xingrg/all/function/internal_message.html?_=1588384817494&CODE_STATE=getMsg HTTP/1.1" 200 27
172.17.0.108 - - [02/May/2020:10:00:20 +0800] "GET /xingrg/kc/buy/cgsh_order_operate.html?command=get_materiel&rest_code=00147&code=00101008361&supplier_code=00100007&order_time=2020-04-27 HTTP/1.1" 200 408
114.95.157.20 - - [02/May/2020:10:00:21 +0800] "GET /xingrg/check_reg.html?_=1588384818656 HTTP/1.1" 200 22
120.204.17.68 - - [02/May/2020:10:00:22 +0800] "GET /xingrg/login.html HTTP/1.1" 200 7641
172.17.0.112 - - [02/May/2020:10:00:24 +0800] "GET /xingrg/all/function/internal_message.html?_=1588384821947&CODE_STATE=getMsg HTTP/1.1" 200 27
58.40.7.146 - - [02/May/2020:10:00:24 +0800] "GET /xingrg/check_reg.html?_=1588384821392 HTTP/1.1" 200 22
172.17.0.108 - - [02/May/2020:10:00:26 +0800] "GET /xingrg/kc/buy/cgsh_order_operate.html?command=get_materiel&rest_code=00147&code=00101008355&supplier_code=00100007&order_time=2020-04-27 HTTP/1.1" 200 408
58.40.7.146 - - [02/May/2020:10:00:27 +0800] "GET /xingrg/all/function/internal_message.html?_=1588384824081&CODE_STATE=getMsg HTTP/1.1" 200 27
117.185.32.26 - - [02/May/2020:10:00:30 +0800] "GET /xingrg/all/function/internal_message.html?_=1588384825571&CODE_STATE=getMsg HTTP/1.1" 200 27
116.233.74.189 - - [02/May/2020:10:00:32 +0800] "GET /xingrg/check_reg.html?_=1588384921222 HTTP/1.1" 200 22
116.233.74.189 - - [02/May/2020:10:00:32 +0800] "GET /xingrg/all/function/internal_message.html?_=1588384921222&CODE_STATE=getMsg HTTP/1.1" 200 27
114.84.33.255 - - [02/May/2020:10:00:32 +0800] "GET /xingrg/all/function/internal_message.html?_=1588384825699&CODE_STATE=getMsg HTTP/1.1" 200 27
172.17.0.108 - - [02/May/2020:10:00:32 +0800] "GET /xingrg/kc/buy/cgsh_order_operate.html?command=get_materiel&rest_code=00147&code=00101008004&supplier_code=00100007&order_time=2020-04-27 HTTP/1.1" 200 416
114.84.33.255 - - [02/May/2020:10:00:33 +0800] "GET /xingrg/all/function/internal_message.html?_=1588384851753&CODE_STATE=getMsg HTTP/1.1" 200 27
180.161.113.183 - - [02/May/2020:10:00:38 +0800] "GET /xingrg/all/function/internal_message.html?_=1588385027709&CODE_STATE=getMsg HTTP/1.1" 200 27
172.17.0.108 - - [02/May/2020:10:00:38 +0800] "GET /xingrg/kc/buy/cgsh_order_operate.html?command=get_materiel&rest_code=00147&code=00101008356&supplier_code=00100007&order_time=2020-04-27 HTTP/1.1" 200 408
172.17.0.123 - - [02/May/2020:10:00:41 +0800] "GET /xingrg/all/function/internal_message.html?_=1588384834543&CODE_STATE=getMsg HTTP/1.1" 200 27
114.84.32.201 - - [02/May/2020:10:00:43 +0800] "GET /xingrg/check_reg.html?_=1588384837905 HTTP/1.1" 200 22
222.70.183.62 - - [02/May/2020:10:00:45 +0800] "GET /xingrg/all/function/internal_message.html?_=1588385181837&CODE_STATE=getMsg HTTP/1.1" 200 27
222.70.183.62 - - [02/May/2020:10:00:45 +0800] "GET /xingrg/check_reg.html?_=1588385182120 HTTP/1.1" 200 22
180.162.232.172 - - [02/May/2020:10:00:51 +0800] "GET /xingrg/all/function/internal_message.html?_=1588384849192&CODE_STATE=getMsg HTTP/1.1" 200 27
