114.88.159.93 - - [01/May/2020:08:53:17 +0800] "POST /xingrg/dwr/call/plaincall/AjaxCheckService.setItemNumber.dwr HTTP/1.1" 200 76
114.84.33.255 - - [01/May/2020:08:53:20 +0800] "GET /xingrg/all/function/internal_message.html?_=1588294409480&CODE_STATE=getMsg HTTP/1.1" 200 27
180.162.232.172 - - [01/May/2020:08:53:20 +0800] "POST /xingrg/dwr/call/plaincall/AjaxCheckService.setItemNumber.dwr HTTP/1.1" 200 78
114.88.159.93 - - [01/May/2020:08:53:20 +0800] "POST /xingrg/dwr/call/plaincall/AjaxCheckService.setItemNumber.dwr HTTP/1.1" 200 76
180.162.232.172 - - [01/May/2020:08:53:21 +0800] "POST /xingrg/dwr/call/plaincall/AjaxCheckService.setItemNumber.dwr HTTP/1.1" 200 78
114.88.159.93 - - [01/May/2020:08:53:22 +0800] "POST /xingrg/dwr/call/plaincall/AjaxCheckService.setItemNumber.dwr HTTP/1.1" 200 77
180.162.232.172 - - [01/May/2020:08:53:25 +0800] "POST /xingrg/dwr/call/plaincall/AjaxCheckService.setItemNumber.dwr HTTP/1.1" 200 78
114.88.159.93 - - [01/May/2020:08:53:26 +0800] "POST /xingrg/dwr/call/plaincall/AjaxCheckService.setItemNumber.dwr HTTP/1.1" 200 77
180.162.232.172 - - [01/May/2020:08:53:28 +0800] "POST /xingrg/dwr/call/plaincall/AjaxCheckService.setItemNumber.dwr HTTP/1.1" 200 78
114.84.33.255 - - [01/May/2020:08:53:29 +0800] "GET /xingrg/check_reg.html?_=1588294424251 HTTP/1.1" 200 22
114.88.159.93 - - [01/May/2020:08:53:29 +0800] "POST /xingrg/dwr/call/plaincall/AjaxCheckService.setItemNumber.dwr HTTP/1.1" 200 77
124.77.110.230 - - [01/May/2020:08:53:29 +0800] "POST /xingrg/dwr/call/plaincall/AjaxCheckService.saveOrder.dwr HTTP/1.1" 200 79
180.161.113.183 - - [01/May/2020:08:53:30 +0800] "GET /xingrg/kc/buy/cgsh_order_operate.html?command=get_materiel&rest_code=00102&code=00101008244&supplier_code=00100008&order_time=2020-05-01 HTTP/1.1" 200 409
180.162.232.172 - - [01/May/2020:08:53:30 +0800] "POST /xingrg/dwr/call/plaincall/AjaxCheckService.setItemNumber.dwr HTTP/1.1" 200 78
116.233.79.27 - - [01/May/2020:08:53:30 +0800] "GET /xingrg/all/function/internal_message.html?_=1588294409549&CODE_STATE=getMsg HTTP/1.1" 302 -
124.77.110.230 - - [01/May/2020:08:53:30 +0800] "POST /xingrg/dwr/call/plaincall/AjaxCheckService.loadOrderItems.dwr HTTP/1.1" 200 38798
180.162.232.172 - - [01/May/2020:08:53:34 +0800] "POST /xingrg/dwr/call/plaincall/AjaxCheckService.setItemNumber.dwr HTTP/1.1" 200 78
124.77.110.230 - - [01/May/2020:08:53:35 +0800] "POST /xingrg/dwr/call/plaincall/AjaxCheckService.checkOrder.dwr HTTP/1.1" 200 79
124.77.110.230 - - [01/May/2020:08:53:37 +0800] "GET /xingrg/kc/base/check_order_info.html?code=452020043000226 HTTP/1.1" 200 22854
124.77.110.230 - - [01/May/2020:08:53:37 +0800] "GET /xingrg/dwr/interface/AjaxComOrderService.js HTTP/1.1" 200 18264
124.77.110.230 - - [01/May/2020:08:53:37 +0800] "GET /xingrg/dwr/interface/AjaxCheckService.js HTTP/1.1" 200 14003
124.77.110.230 - - [01/May/2020:08:53:37 +0800] "GET /xingrg/dwr/engine.js HTTP/1.1" 200 43631
180.162.232.172 - - [01/May/2020:08:53:37 +0800] "POST /xingrg/dwr/call/plaincall/AjaxCheckService.setItemNumber.dwr HTTP/1.1" 200 78
124.77.110.230 - - [01/May/2020:08:53:38 +0800] "POST /xingrg/dwr/call/plaincall/AjaxCheckService.loadOrderItems.dwr HTTP/1.1" 200 17776
180.161.113.183 - - [01/May/2020:08:53:42 +0800] "GET /xingrg/kc/buy/cgsh_order_operate.html?command=get_materiel&rest_code=00102&code=00101008028&supplier_code=00100008&order_time=2020-05-01 HTTP/1.1" 200 412
114.88.159.93 - - [01/May/2020:08:53:45 +0800] "GET /xingrg/all/function/internal_message.html?_=1588294417803&CODE_STATE=getMsg HTTP/1.1" 200 27
180.162.232.172 - - [01/May/2020:08:53:46 +0800] "GET /xingrg/all/function/internal_message.html?_=1588294538805&CODE_STATE=getMsg HTTP/1.1" 200 27
222.69.138.117 - - [01/May/2020:08:53:48 +0800] "GET /xingrg/all/function/internal_message.html?_=1588294419855&CODE_STATE=getMsg HTTP/1.1" 200 27
180.161.113.183 - - [01/May/2020:08:53:49 +0800] "GET /xingrg/kc/buy/cgsh_order_operate.html?command=get_materiel&rest_code=00102&code=00101008096&supplier_code=00100008&order_time=2020-05-01 HTTP/1.1" 200 412
180.161.113.183 - - [01/May/2020:08:53:56 +0800] "GET /xingrg/kc/buy/cgsh_order_operate.html?command=get_materiel&rest_code=00102&code=00101008088&supplier_code=00100008&order_time=2020-05-01 HTTP/1.1" 200 408
114.84.33.255 - - [01/May/2020:08:53:57 +0800] "GET /xingrg/all/function/internal_message.html?_=1588294452253&CODE_STATE=getMsg HTTP/1.1" 200 27
172.17.0.123 - - [01/May/2020:08:53:58 +0800] "GET /xingrg/all/function/internal_message.html?_=1588294433057&CODE_STATE=getMsg HTTP/1.1" 302 -
114.88.159.93 - - [01/May/2020:08:53:58 +0800] "POST /xingrg/dwr/call/plaincall/AjaxCheckService.setItemNumber.dwr HTTP/1.1" 200 77
58.40.7.146 - - [01/May/2020:08:54:01 +0800] "GET /xingrg/all/function/internal_message.html?_=1588294438180&CODE_STATE=getMsg HTTP/1.1" 200 27
114.84.32.201 - - [01/May/2020:08:54:01 +0800] "GET /xingrg/all/function/internal_message.html?_=1588294436166&CODE_STATE=getMsg HTTP/1.1" 200 27
114.88.159.93 - - [01/May/2020:08:54:02 +0800] "POST /xingrg/dwr/call/plaincall/AjaxCheckService.setItemNumber.dwr HTTP/1.1" 200 77
180.161.113.183 - - [01/May/2020:08:54:02 +0800] "GET /xingrg/all/function/internal_message.html?_=1588294632102&CODE_STATE=getMsg HTTP/1.1" 200 27
180.162.232.172 - - [01/May/2020:08:54:03 +0800] "POST /xingrg/dwr/call/plaincall/AjaxCheckService.setItemNumber.dwr HTTP/1.1" 200 78
180.161.113.183 - - [01/May/2020:08:54:03 +0800] "GET /xingrg/kc/buy/cgsh_order_operate.html?command=get_materiel&rest_code=00102&code=00101008032&supplier_code=00100008&order_time=2020-05-01 HTTP/1.1" 200 408
180.156.150.85 - - [01/May/2020:08:54:05 +0800] "GET /xingrg/all/function/internal_message.html?_=1588294444721&CODE_STATE=getMsg HTTP/1.1" 200 27
180.162.232.172 - - [01/May/2020:08:54:10 +0800] "POST /xingrg/dwr/call/plaincall/AjaxCheckService.setItemNumber.dwr HTTP/1.1" 200 78
180.161.113.183 - - [01/May/2020:08:54:11 +0800] "GET /xingrg/kc/buy/cgsh_order_operate.html?command=get_materiel&rest_code=00102&code=00101008126&supplier_code=00100008&order_time=2020-05-01 HTTP/1.1" 200 414
180.162.232.172 - - [01/May/2020:08:54:12 +0800] "POST /xingrg/dwr/call/plaincall/AjaxCheckService.setItemNumber.dwr HTTP/1.1" 200 78
124.77.110.230 - - [01/May/2020:08:54:13 +0800] "GET /xingrg/kc/base/check_order_info.html?code=452020043000218 HTTP/1.1" 200 26355
124.77.110.230 - - [01/May/2020:08:54:13 +0800] "GET /xingrg/dwr/interface/AjaxComOrderService.js HTTP/1.1" 200 18264
124.77.110.230 - - [01/May/2020:08:54:13 +0800] "GET /xingrg/dwr/interface/AjaxCheckService.js HTTP/1.1" 200 14003
124.77.110.230 - - [01/May/2020:08:54:13 +0800] "GET /xingrg/dwr/engine.js HTTP/1.1" 200 43631
124.77.110.230 - - [01/May/2020:08:54:13 +0800] "POST /xingrg/dwr/call/plaincall/AjaxCheckService.loadOrderItems.dwr HTTP/1.1" 200 122098
180.162.232.172 - - [01/May/2020:08:54:16 +0800] "GET /xingrg/all/function/internal_message.html?_=1588294455627&CODE_STATE=getMsg HTTP/1.1" 200 27
114.88.159.93 - - [01/May/2020:08:54:18 +0800] "POST /xingrg/dwr/call/plaincall/AjaxCheckService.setItemNumber.dwr HTTP/1.1" 200 77
180.161.113.183 - - [01/May/2020:08:54:18 +0800] "GET /xingrg/kc/buy/cgsh_order_operate.html?command=get_materiel&rest_code=00102&code=00101008144&supplier_code=00100008&order_time=2020-05-01 HTTP/1.1" 200 412
180.162.232.172 - - [01/May/2020:08:54:19 +0800] "POST /xingrg/dwr/call/plaincall/AjaxCheckService.setItemNumber.dwr HTTP/1.1" 200 78
114.84.33.255 - - [01/May/2020:08:54:19 +0800] "GET /xingrg/check_reg.html?_=1588294469142 HTTP/1.1" 200 22
114.84.33.255 - - [01/May/2020:08:54:20 +0800] "GET /xingrg/all/function/internal_message.html?_=1588294469493&CODE_STATE=getMsg HTTP/1.1" 200 27
180.162.232.172 - - [01/May/2020:08:54:21 +0800] "POST /xingrg/dwr/call/plaincall/AjaxCheckService.setItemNumber.dwr HTTP/1.1" 200 78
124.77.110.230 - - [01/May/2020:08:54:22 +0800] "POST /xingrg/dwr/call/plaincall/AjaxCheckService.setItemNumber.dwr HTTP/1.1" 200 76
114.88.159.93 - - [01/May/2020:08:54:22 +0800] "POST /xingrg/dwr/call/plaincall/AjaxCheckService.setItemNumber.dwr HTTP/1.1" 200 77
124.77.110.230 - - [01/May/2020:08:54:23 +0800] "POST /xingrg/dwr/call/plaincall/AjaxCheckService.setItemNumber.dwr HTTP/1.1" 200 76
124.77.110.230 - - [01/May/2020:08:54:23 +0800] "POST /xingrg/dwr/call/plaincall/AjaxCheckService.setItemNumber.dwr HTTP/1.1" 200 76
114.88.159.93 - - [01/May/2020:08:54:24 +0800] "POST /xingrg/dwr/call/plaincall/AjaxCheckService.setItemNumber.dwr HTTP/1.1" 200 77
180.162.232.172 - - [01/May/2020:08:54:24 +0800] "POST /xingrg/dwr/call/plaincall/AjaxCheckService.setItemNumber.dwr HTTP/1.1" 200 78
124.77.110.230 - - [01/May/2020:08:54:24 +0800] "POST /xingrg/dwr/call/plaincall/AjaxCheckService.setItemNumber.dwr HTTP/1.1" 200 76
114.88.159.93 - - [01/May/2020:08:54:26 +0800] "POST /xingrg/dwr/call/plaincall/AjaxCheckService.setItemNumber.dwr HTTP/1.1" 200 77
180.162.232.172 - - [01/May/2020:08:54:26 +0800] "POST /xingrg/dwr/call/plaincall/AjaxCheckService.setItemNumber.dwr HTTP/1.1" 200 78
180.161.113.183 - - [01/May/2020:08:54:27 +0800] "GET /xingrg/kc/buy/cgsh_order_operate.html?command=get_materiel&rest_code=00102&code=00101008356&supplier_code=00100008&order_time=2020-05-01 HTTP/1.1" 200 408
124.77.110.230 - - [01/May/2020:08:54:27 +0800] "POST /xingrg/dwr/call/plaincall/AjaxCheckService.setItemNumber.dwr HTTP/1.1" 200 76
124.77.110.230 - - [01/May/2020:08:54:27 +0800] "POST /xingrg/dwr/call/plaincall/AjaxCheckService.setItemNumber.dwr HTTP/1.1" 200 76
114.88.159.93 - - [01/May/2020:08:54:28 +0800] "POST /xingrg/dwr/call/plaincall/AjaxCheckService.setItemNumber.dwr HTTP/1.1" 200 77
124.77.110.230 - - [01/May/2020:08:54:28 +0800] "POST /xingrg/dwr/call/plaincall/AjaxCheckService.setItemNumber.dwr HTTP/1.1" 200 76
124.77.110.230 - - [01/May/2020:08:54:29 +0800] "POST /xingrg/dwr/call/plaincall/AjaxCheckService.setItemNumber.dwr HTTP/1.1" 200 76
124.77.110.230 - - [01/May/2020:08:54:30 +0800] "POST /xingrg/dwr/call/plaincall/AjaxCheckService.setItemNumber.dwr HTTP/1.1" 200 76
116.233.79.27 - - [01/May/2020:08:54:30 +0800] "GET /xingrg/all/function/internal_message.html?_=1588294469532&CODE_STATE=getMsg HTTP/1.1" 302 -
124.77.110.230 - - [01/May/2020:08:54:30 +0800] "POST /xingrg/dwr/call/plaincall/AjaxCheckService.setItemNumber.dwr HTTP/1.1" 200 77
124.77.110.230 - - [01/May/2020:08:54:31 +0800] "POST /xingrg/dwr/call/plaincall/AjaxCheckService.setItemNumber.dwr HTTP/1.1" 200 77
124.77.110.230 - - [01/May/2020:08:54:31 +0800] "POST /xingrg/dwr/call/plaincall/AjaxCheckService.setItemNumber.dwr HTTP/1.1" 200 77
180.162.232.172 - - [01/May/2020:08:54:32 +0800] "POST /xingrg/dwr/call/plaincall/AjaxCheckService.setItemNumber.dwr HTTP/1.1" 200 78
124.77.110.230 - - [01/May/2020:08:54:32 +0800] "POST /xingrg/dwr/call/plaincall/AjaxCheckService.setItemNumber.dwr HTTP/1.1" 200 77
124.77.110.230 - - [01/May/2020:08:54:32 +0800] "POST /xingrg/dwr/call/plaincall/AjaxCheckService.setItemNumber.dwr HTTP/1.1" 200 77
124.77.110.230 - - [01/May/2020:08:54:33 +0800] "GET /xingrg/all/function/internal_message.html?_=1588294470463&CODE_STATE=getMsg HTTP/1.1" 200 27
124.77.110.230 - - [01/May/2020:08:54:34 +0800] "POST /xingrg/dwr/call/plaincall/AjaxCheckService.setItemNumber.dwr HTTP/1.1" 200 77
180.162.232.172 - - [01/May/2020:08:54:35 +0800] "POST /xingrg/dwr/call/plaincall/AjaxCheckService.setItemNumber.dwr HTTP/1.1" 200 78
124.77.110.230 - - [01/May/2020:08:54:35 +0800] "POST /xingrg/dwr/call/plaincall/AjaxCheckService.setItemNumber.dwr HTTP/1.1" 200 77
124.77.110.230 - - [01/May/2020:08:54:37 +0800] "POST /xingrg/dwr/call/plaincall/AjaxCheckService.setItemNumber.dwr HTTP/1.1" 200 77
180.162.232.172 - - [01/May/2020:08:54:38 +0800] "POST /xingrg/dwr/call/plaincall/AjaxCheckService.setItemNumber.dwr HTTP/1.1" 200 78
124.77.110.230 - - [01/May/2020:08:54:38 +0800] "POST /xingrg/dwr/call/plaincall/AjaxCheckService.setItemNumber.dwr HTTP/1.1" 200 77
124.77.110.230 - - [01/May/2020:08:54:40 +0800] "POST /xingrg/dwr/call/plaincall/AjaxCheckService.setItemNumber.dwr HTTP/1.1" 200 77
114.88.159.93 - - [01/May/2020:08:54:40 +0800] "POST /xingrg/dwr/call/plaincall/AjaxCheckService.setItemNumber.dwr HTTP/1.1" 200 77
124.77.110.230 - - [01/May/2020:08:54:40 +0800] "POST /xingrg/dwr/call/plaincall/AjaxCheckService.setItemNumber.dwr HTTP/1.1" 200 77
180.162.232.172 - - [01/May/2020:08:54:41 +0800] "POST /xingrg/dwr/call/plaincall/AjaxCheckService.setItemNumber.dwr HTTP/1.1" 200 78
124.77.110.230 - - [01/May/2020:08:54:42 +0800] "POST /xingrg/dwr/call/plaincall/AjaxCheckService.setItemNumber.dwr HTTP/1.1" 200 77
180.162.232.172 - - [01/May/2020:08:54:42 +0800] "POST /xingrg/dwr/call/plaincall/AjaxCheckService.setItemNumber.dwr HTTP/1.1" 200 78
124.77.110.230 - - [01/May/2020:08:54:43 +0800] "POST /xingrg/dwr/call/plaincall/AjaxCheckService.setItemNumber.dwr HTTP/1.1" 200 77
124.77.110.230 - - [01/May/2020:08:54:43 +0800] "POST /xingrg/dwr/call/plaincall/AjaxCheckService.setItemNumber.dwr HTTP/1.1" 200 77
124.77.110.230 - - [01/May/2020:08:54:44 +0800] "POST /xingrg/dwr/call/plaincall/AjaxCheckService.setItemNumber.dwr HTTP/1.1" 200 77
124.77.110.230 - - [01/May/2020:08:54:44 +0800] "POST /xingrg/dwr/call/plaincall/AjaxCheckService.setItemNumber.dwr HTTP/1.1" 200 77
180.161.113.183 - - [01/May/2020:08:54:44 +0800] "GET /xingrg/kc/buy/cgsh_order_operate.html?command=get_materiel&rest_code=00102&code=00101008343&supplier_code=00100008&order_time=2020-05-01 HTTP/1.1" 200 413
114.88.159.93 - - [01/May/2020:08:54:45 +0800] "GET /xingrg/all/function/internal_message.html?_=1588294477799&CODE_STATE=getMsg HTTP/1.1" 200 27
180.162.232.172 - - [01/May/2020:08:54:46 +0800] "GET /xingrg/all/function/internal_message.html?_=1588294598986&CODE_STATE=getMsg HTTP/1.1" 200 27
180.162.232.172 - - [01/May/2020:08:54:46 +0800] "POST /xingrg/dwr/call/plaincall/AjaxCheckService.setItemNumber.dwr HTTP/1.1" 200 78
124.77.110.230 - - [01/May/2020:08:54:46 +0800] "POST /xingrg/dwr/call/plaincall/AjaxCheckService.setItemNumber.dwr HTTP/1.1" 200 77
124.77.110.230 - - [01/May/2020:08:54:48 +0800] "POST /xingrg/dwr/call/plaincall/AjaxCheckService.setItemNumber.dwr HTTP/1.1" 200 77
222.69.138.117 - - [01/May/2020:08:54:48 +0800] "GET /xingrg/all/function/internal_message.html?_=1588294479856&CODE_STATE=getMsg HTTP/1.1" 200 27
180.156.150.85 - - [01/May/2020:08:54:48 +0800] "POST /xingrg/kc/buy/cgsh_order_operate.html HTTP/1.1" 200 37
124.77.110.230 - - [01/May/2020:08:54:48 +0800] "POST /xingrg/dwr/call/plaincall/AjaxCheckService.setItemNumber.dwr HTTP/1.1" 200 77
124.77.110.230 - - [01/May/2020:08:54:49 +0800] "POST /xingrg/dwr/call/plaincall/AjaxCheckService.setItemNumber.dwr HTTP/1.1" 200 77
180.156.150.85 - - [01/May/2020:08:54:49 +0800] "POST /xingrg/kc/buy/cgsh_order_operate.html HTTP/1.1" 200 8672
180.162.232.172 - - [01/May/2020:08:54:50 +0800] "POST /xingrg/dwr/call/plaincall/AjaxCheckService.setItemNumber.dwr HTTP/1.1" 200 78
124.77.110.230 - - [01/May/2020:08:54:51 +0800] "POST /xingrg/dwr/call/plaincall/AjaxCheckService.setItemNumber.dwr HTTP/1.1" 200 77
124.77.110.230 - - [01/May/2020:08:54:51 +0800] "POST /xingrg/dwr/call/plaincall/AjaxCheckService.setItemNumber.dwr HTTP/1.1" 200 77
180.156.150.85 - - [01/May/2020:08:54:51 +0800] "GET /xingrg/kc/print/load_config.html?kc_code=cgsh HTTP/1.1" 200 1845
124.77.110.230 - - [01/May/2020:08:54:52 +0800] "POST /xingrg/dwr/call/plaincall/AjaxCheckService.setItemNumber.dwr HTTP/1.1" 200 77
180.156.150.85 - - [01/May/2020:08:54:52 +0800] "GET /xingrg/kc/print/load_data.html?order_code=212020050100002&kc_code=cgsh&condition= HTTP/1.1" 200 3056
124.77.110.230 - - [01/May/2020:08:54:52 +0800] "POST /xingrg/dwr/call/plaincall/AjaxCheckService.setItemNumber.dwr HTTP/1.1" 200 77
124.77.110.230 - - [01/May/2020:08:54:53 +0800] "POST /xingrg/dwr/call/plaincall/AjaxCheckService.setItemNumber.dwr HTTP/1.1" 200 77
114.88.159.93 - - [01/May/2020:08:54:53 +0800] "POST /xingrg/dwr/call/plaincall/AjaxCheckService.setItemNumber.dwr HTTP/1.1" 200 77
124.77.110.230 - - [01/May/2020:08:54:53 +0800] "POST /xingrg/dwr/call/plaincall/AjaxCheckService.setItemNumber.dwr HTTP/1.1" 200 77
180.162.232.172 - - [01/May/2020:08:54:54 +0800] "POST /xingrg/dwr/call/plaincall/AjaxCheckService.setItemNumber.dwr HTTP/1.1" 200 78
124.77.110.230 - - [01/May/2020:08:54:54 +0800] "POST /xingrg/dwr/call/plaincall/AjaxCheckService.setItemNumber.dwr HTTP/1.1" 200 77
124.77.110.230 - - [01/May/2020:08:54:54 +0800] "POST /xingrg/dwr/call/plaincall/AjaxCheckService.setItemNumber.dwr HTTP/1.1" 200 77
124.77.110.230 - - [01/May/2020:08:54:55 +0800] "POST /xingrg/dwr/call/plaincall/AjaxCheckService.setItemNumber.dwr HTTP/1.1" 200 77
124.77.110.230 - - [01/May/2020:08:54:55 +0800] "POST /xingrg/dwr/call/plaincall/AjaxCheckService.setItemNumber.dwr HTTP/1.1" 200 77
124.77.110.230 - - [01/May/2020:08:54:56 +0800] "POST /xingrg/dwr/call/plaincall/AjaxCheckService.setItemNumber.dwr HTTP/1.1" 200 77
180.162.232.172 - - [01/May/2020:08:54:56 +0800] "POST /xingrg/dwr/call/plaincall/AjaxCheckService.setItemNumber.dwr HTTP/1.1" 200 78
124.77.110.230 - - [01/May/2020:08:54:56 +0800] "POST /xingrg/dwr/call/plaincall/AjaxCheckService.setItemNumber.dwr HTTP/1.1" 200 77
124.77.110.230 - - [01/May/2020:08:54:57 +0800] "POST /xingrg/dwr/call/plaincall/AjaxCheckService.setItemNumber.dwr HTTP/1.1" 200 77
114.84.33.255 - - [01/May/2020:08:54:57 +0800] "GET /xingrg/all/function/internal_message.html?_=1588294512267&CODE_STATE=getMsg HTTP/1.1" 200 27
124.77.110.230 - - [01/May/2020:08:54:57 +0800] "POST /xingrg/dwr/call/plaincall/AjaxCheckService.setItemNumber.dwr HTTP/1.1" 200 77
124.77.110.230 - - [01/May/2020:08:54:58 +0800] "POST /xingrg/dwr/call/plaincall/AjaxCheckService.setItemNumber.dwr HTTP/1.1" 200 77
172.17.0.123 - - [01/May/2020:08:54:58 +0800] "GET /xingrg/all/function/internal_message.html?_=1588294493059&CODE_STATE=getMsg HTTP/1.1" 302 -
124.77.110.230 - - [01/May/2020:08:54:58 +0800] "POST /xingrg/dwr/call/plaincall/AjaxCheckService.setItemNumber.dwr HTTP/1.1" 200 77
124.77.110.230 - - [01/May/2020:08:54:59 +0800] "POST /xingrg/dwr/call/plaincall/AjaxCheckService.setItemNumber.dwr HTTP/1.1" 200 77
58.40.7.146 - - [01/May/2020:08:55:01 +0800] "GET /xingrg/all/function/internal_message.html?_=1588294498182&CODE_STATE=getMsg HTTP/1.1" 200 27
114.84.32.201 - - [01/May/2020:08:55:01 +0800] "GET /xingrg/all/function/internal_message.html?_=1588294496166&CODE_STATE=getMsg HTTP/1.1" 200 27
124.77.110.230 - - [01/May/2020:08:55:01 +0800] "POST /xingrg/dwr/call/plaincall/AjaxCheckService.setItemNumber.dwr HTTP/1.1" 200 77
124.77.110.230 - - [01/May/2020:08:55:02 +0800] "POST /xingrg/dwr/call/plaincall/AjaxCheckService.setItemNumber.dwr HTTP/1.1" 200 77
180.161.113.183 - - [01/May/2020:08:55:02 +0800] "GET /xingrg/all/function/internal_message.html?_=1588294692116&CODE_STATE=getMsg HTTP/1.1" 200 27
114.88.159.93 - - [01/May/2020:08:55:03 +0800] "POST /xingrg/dwr/call/plaincall/AjaxCheckService.setItemNumber.dwr HTTP/1.1" 200 77
180.161.113.183 - - [01/May/2020:08:55:03 +0800] "GET /xingrg/kc/buy/cgsh_order_operate.html?command=get_materiel&rest_code=00102&code=00101008296&supplier_code=00100008&order_time=2020-05-01 HTTP/1.1" 200 416
180.156.150.85 - - [01/May/2020:08:55:03 +0800] "GET /xingrg/kc/buy/cgsh_order_add.html HTTP/1.1" 200 58193
180.156.150.85 - - [01/May/2020:08:55:03 +0800] "POST /xingrg/kc/buy/cgsh_order_operate.html HTTP/1.1" 200 8245
180.156.150.85 - - [01/May/2020:08:55:03 +0800] "GET /xingrg/javascript/easyui/themes/default/validatebox.css HTTP/1.1" 404 1104
124.77.110.230 - - [01/May/2020:08:55:03 +0800] "POST /xingrg/dwr/call/plaincall/AjaxCheckService.setItemNumber.dwr HTTP/1.1" 200 77
180.156.150.85 - - [01/May/2020:08:55:05 +0800] "GET /xingrg/all/function/internal_message.html?_=1588294504737&CODE_STATE=getMsg HTTP/1.1" 200 27
124.77.110.230 - - [01/May/2020:08:55:06 +0800] "POST /xingrg/dwr/call/plaincall/AjaxCheckService.setItemNumber.dwr HTTP/1.1" 200 77
124.77.110.230 - - [01/May/2020:08:55:06 +0800] "POST /xingrg/dwr/call/plaincall/AjaxCheckService.setItemNumber.dwr HTTP/1.1" 200 77
124.77.110.230 - - [01/May/2020:08:55:07 +0800] "POST /xingrg/dwr/call/plaincall/AjaxCheckService.setItemNumber.dwr HTTP/1.1" 200 77
124.77.110.230 - - [01/May/2020:08:55:07 +0800] "POST /xingrg/dwr/call/plaincall/AjaxCheckService.setItemNumber.dwr HTTP/1.1" 200 77
124.77.110.230 - - [01/May/2020:08:55:08 +0800] "POST /xingrg/dwr/call/plaincall/AjaxCheckService.setItemNumber.dwr HTTP/1.1" 200 77
124.77.110.230 - - [01/May/2020:08:55:08 +0800] "POST /xingrg/dwr/call/plaincall/AjaxCheckService.setItemNumber.dwr HTTP/1.1" 200 77
114.88.159.93 - - [01/May/2020:08:55:09 +0800] "POST /xingrg/dwr/call/plaincall/AjaxCheckService.setItemNumber.dwr HTTP/1.1" 200 77
124.77.110.230 - - [01/May/2020:08:55:10 +0800] "POST /xingrg/dwr/call/plaincall/AjaxCheckService.setItemNumber.dwr HTTP/1.1" 200 77
124.77.110.230 - - [01/May/2020:08:55:10 +0800] "POST /xingrg/dwr/call/plaincall/AjaxCheckService.setItemNumber.dwr HTTP/1.1" 200 77
124.77.110.230 - - [01/May/2020:08:55:11 +0800] "POST /xingrg/dwr/call/plaincall/AjaxCheckService.setItemNumber.dwr HTTP/1.1" 200 77
124.77.110.230 - - [01/May/2020:08:55:11 +0800] "POST /xingrg/dwr/call/plaincall/AjaxCheckService.setItemNumber.dwr HTTP/1.1" 200 77
180.161.113.183 - - [01/May/2020:08:55:11 +0800] "GET /xingrg/kc/buy/cgsh_order_operate.html?command=get_materiel&rest_code=00102&code=00101008359&supplier_code=00100008&order_time=2020-05-01 HTTP/1.1" 200 408
124.77.110.230 - - [01/May/2020:08:55:12 +0800] "POST /xingrg/dwr/call/plaincall/AjaxCheckService.setItemNumber.dwr HTTP/1.1" 200 77
114.88.159.93 - - [01/May/2020:08:55:12 +0800] "POST /xingrg/dwr/call/plaincall/AjaxCheckService.setItemNumber.dwr HTTP/1.1" 200 77
124.77.110.230 - - [01/May/2020:08:55:12 +0800] "POST /xingrg/dwr/call/plaincall/AjaxCheckService.setItemNumber.dwr HTTP/1.1" 200 77
172.17.0.123 - - [01/May/2020:08:55:13 +0800] "GET /xingrg/check_reg.html?_=1588294507758 HTTP/1.1" 302 -
124.77.110.230 - - [01/May/2020:08:55:13 +0800] "POST /xingrg/dwr/call/plaincall/AjaxCheckService.setItemNumber.dwr HTTP/1.1" 200 77
124.77.110.230 - - [01/May/2020:08:55:13 +0800] "POST /xingrg/dwr/call/plaincall/AjaxCheckService.setItemNumber.dwr HTTP/1.1" 200 77
180.161.113.183 - - [01/May/2020:08:55:13 +0800] "POST /xingrg/kc/buy/cgsh_order_operate.html HTTP/1.1" 200 2065
180.156.150.85 - - [01/May/2020:08:55:13 +0800] "GET /xingrg/kc/buy/cgsh_order_operate.html?command=get_materiel&rest_code=00105&code=00101016100&supplier_code=00100034&order_time=2020-05-01 HTTP/1.1" 200 412
124.77.110.230 - - [01/May/2020:08:55:14 +0800] "POST /xingrg/dwr/call/plaincall/AjaxCheckService.setItemNumber.dwr HTTP/1.1" 200 77
124.77.110.230 - - [01/May/2020:08:55:14 +0800] "POST /xingrg/dwr/call/plaincall/AjaxCheckService.setItemNumber.dwr HTTP/1.1" 200 77
124.77.110.230 - - [01/May/2020:08:55:15 +0800] "POST /xingrg/dwr/call/plaincall/AjaxCheckService.setItemNumber.dwr HTTP/1.1" 200 77
124.77.110.230 - - [01/May/2020:08:55:15 +0800] "POST /xingrg/dwr/call/plaincall/AjaxCheckService.setItemNumber.dwr HTTP/1.1" 200 77
124.77.110.230 - - [01/May/2020:08:55:16 +0800] "POST /xingrg/dwr/call/plaincall/AjaxCheckService.setItemNumber.dwr HTTP/1.1" 200 77
124.77.110.230 - - [01/May/2020:08:55:16 +0800] "POST /xingrg/dwr/call/plaincall/AjaxCheckService.setItemNumber.dwr HTTP/1.1" 200 77
180.162.232.172 - - [01/May/2020:08:55:16 +0800] "GET /xingrg/all/function/internal_message.html?_=1588294515626&CODE_STATE=getMsg HTTP/1.1" 200 27
101.89.19.149 - - [01/May/2020:08:55:16 +0800] "GET /xingrg/kc/base/check_order_info.html?code=452020043000262 HTTP/1.1" 302 -
124.77.110.230 - - [01/May/2020:08:55:17 +0800] "POST /xingrg/dwr/call/plaincall/AjaxCheckService.setItemNumber.dwr HTTP/1.1" 200 77
124.77.110.230 - - [01/May/2020:08:55:17 +0800] "POST /xingrg/dwr/call/plaincall/AjaxCheckService.setItemNumber.dwr HTTP/1.1" 200 77
116.232.36.192 - - [01/May/2020:08:55:19 +0800] "POST /xingrg/services/DataTransmitService HTTP/1.1" 200 524
180.162.232.172 - - [01/May/2020:08:55:19 +0800] "POST /xingrg/dwr/call/plaincall/AjaxCheckService.setItemNumber.dwr HTTP/1.1" 200 78
124.77.110.230 - - [01/May/2020:08:55:19 +0800] "POST /xingrg/dwr/call/plaincall/AjaxCheckService.setItemNumber.dwr HTTP/1.1" 200 77
114.84.33.255 - - [01/May/2020:08:55:20 +0800] "GET /xingrg/all/function/internal_message.html?_=1588294529507&CODE_STATE=getMsg HTTP/1.1" 200 27
124.77.110.230 - - [01/May/2020:08:55:20 +0800] "POST /xingrg/dwr/call/plaincall/AjaxCheckService.setItemNumber.dwr HTTP/1.1" 200 77
124.77.110.230 - - [01/May/2020:08:55:20 +0800] "POST /xingrg/dwr/call/plaincall/AjaxCheckService.setItemNumber.dwr HTTP/1.1" 200 77
124.77.110.230 - - [01/May/2020:08:55:21 +0800] "POST /xingrg/dwr/call/plaincall/AjaxCheckService.setItemNumber.dwr HTTP/1.1" 200 77
124.77.110.230 - - [01/May/2020:08:55:21 +0800] "POST /xingrg/dwr/call/plaincall/AjaxCheckService.setItemNumber.dwr HTTP/1.1" 200 77
180.162.232.172 - - [01/May/2020:08:55:21 +0800] "POST /xingrg/dwr/call/plaincall/AjaxCheckService.setItemNumber.dwr HTTP/1.1" 200 78
124.77.110.230 - - [01/May/2020:08:55:23 +0800] "POST /xingrg/dwr/call/plaincall/AjaxCheckService.setItemNumber.dwr HTTP/1.1" 200 77
124.77.110.230 - - [01/May/2020:08:55:23 +0800] "POST /xingrg/dwr/call/plaincall/AjaxCheckService.setItemNumber.dwr HTTP/1.1" 200 77
124.77.110.230 - - [01/May/2020:08:55:24 +0800] "POST /xingrg/dwr/call/plaincall/AjaxCheckService.setItemNumber.dwr HTTP/1.1" 200 77
101.89.19.149 - - [01/May/2020:08:55:24 +0800] "GET /xingrg/login.html HTTP/1.1" 200 7641
114.88.159.93 - - [01/May/2020:08:55:25 +0800] "POST /xingrg/dwr/call/plaincall/AjaxCheckService.setItemNumber.dwr HTTP/1.1" 200 77
180.156.150.85 - - [01/May/2020:08:55:26 +0800] "GET /xingrg/kc/buy/cgsh_order_operate.html?command=get_materiel&rest_code=00105&code=00101012025&supplier_code=00100034&order_time=2020-05-01 HTTP/1.1" 200 412
124.77.110.230 - - [01/May/2020:08:55:27 +0800] "POST /xingrg/dwr/call/plaincall/AjaxCheckService.setItemNumber.dwr HTTP/1.1" 200 77
180.161.113.183 - - [01/May/2020:08:55:28 +0800] "GET /xingrg/kc/buy/cgsh_order_operate.html?command=get_materiel&rest_code=00102&code=00101008064&supplier_code=00100008&order_time=2020-05-01 HTTP/1.1" 200 412
124.77.110.230 - - [01/May/2020:08:55:28 +0800] "POST /xingrg/dwr/call/plaincall/AjaxCheckService.setItemNumber.dwr HTTP/1.1" 200 77
124.77.110.230 - - [01/May/2020:08:55:29 +0800] "POST /xingrg/dwr/call/plaincall/AjaxCheckService.setItemNumber.dwr HTTP/1.1" 200 77
124.77.110.230 - - [01/May/2020:08:55:29 +0800] "POST /xingrg/dwr/call/plaincall/AjaxCheckService.setItemNumber.dwr HTTP/1.1" 200 77
124.77.110.230 - - [01/May/2020:08:55:30 +0800] "POST /xingrg/dwr/call/plaincall/AjaxCheckService.setItemNumber.dwr HTTP/1.1" 200 77
116.233.79.27 - - [01/May/2020:08:55:30 +0800] "GET /xingrg/all/function/internal_message.html?_=1588294529517&CODE_STATE=getMsg HTTP/1.1" 302 -
124.77.110.230 - - [01/May/2020:08:55:30 +0800] "POST /xingrg/dwr/call/plaincall/AjaxCheckService.setItemNumber.dwr HTTP/1.1" 200 77
124.77.110.230 - - [01/May/2020:08:55:31 +0800] "POST /xingrg/dwr/call/plaincall/AjaxCheckService.setItemNumber.dwr HTTP/1.1" 200 77
124.77.110.230 - - [01/May/2020:08:55:31 +0800] "POST /xingrg/dwr/call/plaincall/AjaxCheckService.setItemNumber.dwr HTTP/1.1" 200 77
124.77.110.230 - - [01/May/2020:08:55:32 +0800] "POST /xingrg/dwr/call/plaincall/AjaxCheckService.setItemNumber.dwr HTTP/1.1" 200 77
124.77.110.230 - - [01/May/2020:08:55:32 +0800] "POST /xingrg/dwr/call/plaincall/AjaxCheckService.setItemNumber.dwr HTTP/1.1" 200 77
124.77.110.230 - - [01/May/2020:08:55:33 +0800] "GET /xingrg/all/function/internal_message.html?_=1588294530470&CODE_STATE=getMsg HTTP/1.1" 200 27
124.77.110.230 - - [01/May/2020:08:55:33 +0800] "POST /xingrg/dwr/call/plaincall/AjaxCheckService.setItemNumber.dwr HTTP/1.1" 200 77
124.77.110.230 - - [01/May/2020:08:55:33 +0800] "POST /xingrg/dwr/call/plaincall/AjaxCheckService.setItemNumber.dwr HTTP/1.1" 200 77
124.77.110.230 - - [01/May/2020:08:55:34 +0800] "POST /xingrg/dwr/call/plaincall/AjaxCheckService.setItemNumber.dwr HTTP/1.1" 200 77
180.161.113.183 - - [01/May/2020:08:55:34 +0800] "GET /xingrg/kc/buy/cgsh_order_operate.html?command=get_materiel&rest_code=00102&code=00101008042&supplier_code=00100008&order_time=2020-05-01 HTTP/1.1" 200 416
124.77.110.230 - - [01/May/2020:08:55:34 +0800] "POST /xingrg/dwr/call/plaincall/AjaxCheckService.setItemNumber.dwr HTTP/1.1" 200 77
124.77.110.230 - - [01/May/2020:08:55:35 +0800] "POST /xingrg/dwr/call/plaincall/AjaxCheckService.setItemNumber.dwr HTTP/1.1" 200 77
124.77.110.230 - - [01/May/2020:08:55:36 +0800] "POST /xingrg/dwr/call/plaincall/AjaxCheckService.setItemNumber.dwr HTTP/1.1" 200 77
124.77.110.230 - - [01/May/2020:08:55:36 +0800] "POST /xingrg/dwr/call/plaincall/AjaxCheckService.setItemNumber.dwr HTTP/1.1" 200 77
124.77.110.230 - - [01/May/2020:08:55:37 +0800] "POST /xingrg/dwr/call/plaincall/AjaxCheckService.setItemNumber.dwr HTTP/1.1" 200 77
114.88.159.93 - - [01/May/2020:08:55:37 +0800] "POST /xingrg/dwr/call/plaincall/AjaxCheckService.setItemNumber.dwr HTTP/1.1" 200 77
124.77.110.230 - - [01/May/2020:08:55:38 +0800] "POST /xingrg/dwr/call/plaincall/AjaxCheckService.setItemNumber.dwr HTTP/1.1" 200 77
114.88.159.93 - - [01/May/2020:08:55:39 +0800] "POST /xingrg/dwr/call/plaincall/AjaxCheckService.setItemNumber.dwr HTTP/1.1" 200 77
124.77.110.230 - - [01/May/2020:08:55:41 +0800] "POST /xingrg/dwr/call/plaincall/AjaxCheckService.setItemNumber.dwr HTTP/1.1" 200 77
180.162.232.172 - - [01/May/2020:08:55:44 +0800] "GET /xingrg/check_reg.html?_=1588294656967 HTTP/1.1" 200 22
114.88.159.93 - - [01/May/2020:08:55:45 +0800] "GET /xingrg/all/function/internal_message.html?_=1588294537816&CODE_STATE=getMsg HTTP/1.1" 200 27
124.77.110.230 - - [01/May/2020:08:55:45 +0800] "POST /xingrg/dwr/call/plaincall/AjaxCheckService.setItemNumber.dwr HTTP/1.1" 200 78
180.162.232.172 - - [01/May/2020:08:55:46 +0800] "GET /xingrg/all/function/internal_message.html?_=1588294658989&CODE_STATE=getMsg HTTP/1.1" 200 27
222.69.138.117 - - [01/May/2020:08:55:48 +0800] "GET /xingrg/all/function/internal_message.html?_=1588294539859&CODE_STATE=getMsg HTTP/1.1" 200 27
222.69.138.117 - - [01/May/2020:08:55:48 +0800] "GET /xingrg/check_reg.html?_=1588294539861 HTTP/1.1" 200 22
180.161.113.183 - - [01/May/2020:08:55:48 +0800] "POST /xingrg/kc/buy/cgsh_order_operate.html HTTP/1.1" 200 37
124.77.110.230 - - [01/May/2020:08:55:48 +0800] "POST /xingrg/dwr/call/plaincall/AjaxCheckService.setItemNumber.dwr HTTP/1.1" 200 78
124.77.110.230 - - [01/May/2020:08:55:49 +0800] "POST /xingrg/dwr/call/plaincall/AjaxCheckService.setItemNumber.dwr HTTP/1.1" 200 78
180.161.113.183 - - [01/May/2020:08:55:49 +0800] "POST /xingrg/kc/buy/cgsh_order_operate.html HTTP/1.1" 200 14474
124.77.110.230 - - [01/May/2020:08:55:50 +0800] "POST /xingrg/dwr/call/plaincall/AjaxCheckService.setItemNumber.dwr HTTP/1.1" 200 78
124.77.110.230 - - [01/May/2020:08:55:50 +0800] "POST /xingrg/dwr/call/plaincall/AjaxCheckService.setItemNumber.dwr HTTP/1.1" 200 78
124.77.110.230 - - [01/May/2020:08:55:51 +0800] "POST /xingrg/dwr/call/plaincall/AjaxCheckService.setItemNumber.dwr HTTP/1.1" 200 78
124.77.110.230 - - [01/May/2020:08:55:52 +0800] "POST /xingrg/dwr/call/plaincall/AjaxCheckService.setItemNumber.dwr HTTP/1.1" 200 78
124.77.110.230 - - [01/May/2020:08:55:53 +0800] "POST /xingrg/dwr/call/plaincall/AjaxCheckService.setItemNumber.dwr HTTP/1.1" 200 78
124.77.110.230 - - [01/May/2020:08:55:54 +0800] "POST /xingrg/dwr/call/plaincall/AjaxCheckService.setItemNumber.dwr HTTP/1.1" 200 78
124.77.110.230 - - [01/May/2020:08:55:55 +0800] "POST /xingrg/dwr/call/plaincall/AjaxCheckService.setItemNumber.dwr HTTP/1.1" 200 78
124.77.110.230 - - [01/May/2020:08:55:56 +0800] "POST /xingrg/dwr/call/plaincall/AjaxCheckService.setItemNumber.dwr HTTP/1.1" 200 78
180.161.113.183 - - [01/May/2020:08:55:56 +0800] "GET /xingrg/kc/buy/cgsh_order_add.html HTTP/1.1" 200 58105
114.84.33.255 - - [01/May/2020:08:55:57 +0800] "GET /xingrg/all/function/internal_message.html?_=1588294572326&CODE_STATE=getMsg HTTP/1.1" 200 27
180.161.113.183 - - [01/May/2020:08:55:57 +0800] "POST /xingrg/kc/buy/cgsh_order_operate.html HTTP/1.1" 200 8245
124.77.110.230 - - [01/May/2020:08:55:57 +0800] "POST /xingrg/dwr/call/plaincall/AjaxCheckService.setItemNumber.dwr HTTP/1.1" 200 78
180.161.113.183 - - [01/May/2020:08:55:57 +0800] "GET /xingrg/javascript/easyui/themes/default/validatebox.css HTTP/1.1" 404 1104
124.77.110.230 - - [01/May/2020:08:55:58 +0800] "POST /xingrg/dwr/call/plaincall/AjaxCheckService.setItemNumber.dwr HTTP/1.1" 200 78
172.17.0.123 - - [01/May/2020:08:55:58 +0800] "GET /xingrg/all/function/internal_message.html?_=1588294553061&CODE_STATE=getMsg HTTP/1.1" 302 -
124.77.110.230 - - [01/May/2020:08:55:58 +0800] "POST /xingrg/dwr/call/plaincall/AjaxCheckService.setItemNumber.dwr HTTP/1.1" 200 78
180.161.113.183 - - [01/May/2020:08:55:59 +0800] "GET /xingrg/javascript/easyui/themes/default/tree.css HTTP/1.1" 404 1090
180.161.113.183 - - [01/May/2020:08:55:59 +0800] "POST /xingrg/all/common/load_tree.html?tree=supplier_tree_json&isDelete=1 HTTP/1.1" 200 47615
180.156.150.85 - - [01/May/2020:08:55:59 +0800] "GET /xingrg/kc/buy/cgsh_order_operate.html?command=get_materiel&rest_code=00105&code=00101016071&supplier_code=00100034&order_time=2020-05-01 HTTP/1.1" 200 416
124.77.110.230 - - [01/May/2020:08:55:59 +0800] "POST /xingrg/dwr/call/plaincall/AjaxCheckService.setItemNumber.dwr HTTP/1.1" 200 78
114.88.159.93 - - [01/May/2020:08:56:00 +0800] "POST /xingrg/dwr/call/plaincall/AjaxCheckService.setItemNumber.dwr HTTP/1.1" 200 77
124.77.110.230 - - [01/May/2020:08:56:01 +0800] "POST /xingrg/dwr/call/plaincall/AjaxCheckService.setItemNumber.dwr HTTP/1.1" 200 78
58.40.7.146 - - [01/May/2020:08:56:01 +0800] "GET /xingrg/all/function/internal_message.html?_=1588294558186&CODE_STATE=getMsg HTTP/1.1" 200 27
58.40.7.146 - - [01/May/2020:08:56:01 +0800] "GET /xingrg/check_reg.html?_=1588294558187 HTTP/1.1" 200 22
114.84.32.201 - - [01/May/2020:08:56:01 +0800] "GET /xingrg/all/function/internal_message.html?_=1588294556166&CODE_STATE=getMsg HTTP/1.1" 200 27
124.77.110.230 - - [01/May/2020:08:56:02 +0800] "POST /xingrg/dwr/call/plaincall/AjaxCheckService.setItemNumber.dwr HTTP/1.1" 200 78
180.161.113.183 - - [01/May/2020:08:56:02 +0800] "GET /xingrg/all/function/internal_message.html?_=1588294752129&CODE_STATE=getMsg HTTP/1.1" 200 27
124.77.110.230 - - [01/May/2020:08:56:03 +0800] "POST /xingrg/dwr/call/plaincall/AjaxCheckService.setItemNumber.dwr HTTP/1.1" 200 78
124.77.110.230 - - [01/May/2020:08:56:04 +0800] "POST /xingrg/dwr/call/plaincall/AjaxCheckService.setItemNumber.dwr HTTP/1.1" 200 78
124.77.110.230 - - [01/May/2020:08:56:05 +0800] "POST /xingrg/dwr/call/plaincall/AjaxCheckService.setItemNumber.dwr HTTP/1.1" 200 78
180.156.150.85 - - [01/May/2020:08:56:05 +0800] "GET /xingrg/all/function/internal_message.html?_=1588294564760&CODE_STATE=getMsg HTTP/1.1" 200 27
124.77.110.230 - - [01/May/2020:08:56:06 +0800] "POST /xingrg/dwr/call/plaincall/AjaxCheckService.setItemNumber.dwr HTTP/1.1" 200 78
180.156.150.85 - - [01/May/2020:08:56:06 +0800] "GET /xingrg/kc/buy/cgsh_order_operate.html?command=get_materiel&rest_code=00105&code=00101016030&supplier_code=00100034&order_time=2020-05-01 HTTP/1.1" 200 412
124.77.110.230 - - [01/May/2020:08:56:07 +0800] "POST /xingrg/dwr/call/plaincall/AjaxCheckService.setItemNumber.dwr HTTP/1.1" 200 78
114.88.159.93 - - [01/May/2020:08:56:08 +0800] "POST /xingrg/dwr/call/plaincall/AjaxCheckService.setItemNumber.dwr HTTP/1.1" 200 77
124.77.110.230 - - [01/May/2020:08:56:08 +0800] "POST /xingrg/dwr/call/plaincall/AjaxCheckService.setItemNumber.dwr HTTP/1.1" 200 78
124.77.110.230 - - [01/May/2020:08:56:10 +0800] "POST /xingrg/dwr/call/plaincall/AjaxCheckService.setItemNumber.dwr HTTP/1.1" 200 78
114.88.159.93 - - [01/May/2020:08:56:11 +0800] "POST /xingrg/dwr/call/plaincall/AjaxCheckService.setItemNumber.dwr HTTP/1.1" 200 77
124.77.110.230 - - [01/May/2020:08:56:11 +0800] "POST /xingrg/dwr/call/plaincall/AjaxCheckService.setItemNumber.dwr HTTP/1.1" 200 78
124.77.110.230 - - [01/May/2020:08:56:12 +0800] "POST /xingrg/dwr/call/plaincall/AjaxCheckService.setItemNumber.dwr HTTP/1.1" 200 78
124.77.110.230 - - [01/May/2020:08:56:12 +0800] "POST /xingrg/dwr/call/plaincall/AjaxCheckService.setItemNumber.dwr HTTP/1.1" 200 78
124.77.110.230 - - [01/May/2020:08:56:13 +0800] "POST /xingrg/dwr/call/plaincall/AjaxCheckService.setItemNumber.dwr HTTP/1.1" 200 78
124.77.110.230 - - [01/May/2020:08:56:13 +0800] "POST /xingrg/dwr/call/plaincall/AjaxCheckService.setItemNumber.dwr HTTP/1.1" 200 78
124.77.110.230 - - [01/May/2020:08:56:14 +0800] "POST /xingrg/dwr/call/plaincall/AjaxCheckService.setItemNumber.dwr HTTP/1.1" 200 78
124.77.110.230 - - [01/May/2020:08:56:14 +0800] "POST /xingrg/dwr/call/plaincall/AjaxCheckService.setItemNumber.dwr HTTP/1.1" 200 78
124.77.110.230 - - [01/May/2020:08:56:15 +0800] "POST /xingrg/dwr/call/plaincall/AjaxCheckService.setItemNumber.dwr HTTP/1.1" 200 78
124.77.110.230 - - [01/May/2020:08:56:15 +0800] "POST /xingrg/dwr/call/plaincall/AjaxCheckService.setItemNumber.dwr HTTP/1.1" 200 78
180.156.150.85 - - [01/May/2020:08:56:15 +0800] "GET /xingrg/kc/buy/cgsh_order_operate.html?command=get_materiel&rest_code=00105&code=00101012051&supplier_code=00100034&order_time=2020-05-01 HTTP/1.1" 200 408
124.77.110.230 - - [01/May/2020:08:56:16 +0800] "POST /xingrg/dwr/call/plaincall/AjaxCheckService.setItemNumber.dwr HTTP/1.1" 200 78
124.77.110.230 - - [01/May/2020:08:56:16 +0800] "POST /xingrg/dwr/call/plaincall/AjaxCheckService.setItemNumber.dwr HTTP/1.1" 200 78
180.162.232.172 - - [01/May/2020:08:56:16 +0800] "GET /xingrg/all/function/internal_message.html?_=1588294575633&CODE_STATE=getMsg HTTP/1.1" 200 27
180.162.232.172 - - [01/May/2020:08:56:16 +0800] "POST /xingrg/dwr/call/plaincall/AjaxCheckService.setItemNumber.dwr HTTP/1.1" 200 78
124.77.110.230 - - [01/May/2020:08:56:18 +0800] "POST /xingrg/dwr/call/plaincall/AjaxCheckService.setItemNumber.dwr HTTP/1.1" 200 78
124.77.110.230 - - [01/May/2020:08:56:20 +0800] "POST /xingrg/dwr/call/plaincall/AjaxCheckService.setItemNumber.dwr HTTP/1.1" 200 78
114.84.33.255 - - [01/May/2020:08:56:20 +0800] "GET /xingrg/all/function/internal_message.html?_=1588294589520&CODE_STATE=getMsg HTTP/1.1" 200 27
124.77.110.230 - - [01/May/2020:08:56:20 +0800] "POST /xingrg/dwr/call/plaincall/AjaxCheckService.setItemNumber.dwr HTTP/1.1" 200 78
124.77.110.230 - - [01/May/2020:08:56:20 +0800] "POST /xingrg/dwr/call/plaincall/AjaxCheckService.setItemNumber.dwr HTTP/1.1" 200 78
124.77.110.230 - - [01/May/2020:08:56:21 +0800] "POST /xingrg/dwr/call/plaincall/AjaxCheckService.setItemNumber.dwr HTTP/1.1" 200 78
124.77.110.230 - - [01/May/2020:08:56:21 +0800] "POST /xingrg/dwr/call/plaincall/AjaxCheckService.setItemNumber.dwr HTTP/1.1" 200 78
114.88.159.93 - - [01/May/2020:08:56:22 +0800] "POST /xingrg/dwr/call/plaincall/AjaxCheckService.setItemNumber.dwr HTTP/1.1" 200 77
124.77.110.230 - - [01/May/2020:08:56:22 +0800] "POST /xingrg/dwr/call/plaincall/AjaxCheckService.setItemNumber.dwr HTTP/1.1" 200 78
114.88.159.93 - - [01/May/2020:08:56:23 +0800] "POST /xingrg/dwr/call/plaincall/AjaxCheckService.setItemNumber.dwr HTTP/1.1" 200 77
114.88.159.93 - - [01/May/2020:08:56:24 +0800] "POST /xingrg/dwr/call/plaincall/AjaxCheckService.setItemNumber.dwr HTTP/1.1" 200 77
124.77.110.230 - - [01/May/2020:08:56:25 +0800] "POST /xingrg/dwr/call/plaincall/AjaxCheckService.setItemNumber.dwr HTTP/1.1" 200 78
124.77.110.230 - - [01/May/2020:08:56:26 +0800] "POST /xingrg/dwr/call/plaincall/AjaxCheckService.setItemNumber.dwr HTTP/1.1" 200 78
124.77.110.230 - - [01/May/2020:08:56:26 +0800] "POST /xingrg/dwr/call/plaincall/AjaxCheckService.setItemNumber.dwr HTTP/1.1" 200 78
180.161.113.183 - - [01/May/2020:08:56:27 +0800] "GET /xingrg/kc/buy/cgsh_order_operate.html?command=get_materiel&rest_code=00102&code=00101008223&supplier_code=00100008&order_time=2020-05-01 HTTP/1.1" 200 412
124.77.110.230 - - [01/May/2020:08:56:27 +0800] "POST /xingrg/dwr/call/plaincall/AjaxCheckService.setItemNumber.dwr HTTP/1.1" 200 78
114.88.159.93 - - [01/May/2020:08:56:27 +0800] "POST /xingrg/dwr/call/plaincall/AjaxCheckService.setItemNumber.dwr HTTP/1.1" 200 77
180.162.232.172 - - [01/May/2020:08:56:28 +0800] "POST /xingrg/dwr/call/plaincall/AjaxCheckService.setItemNumber.dwr HTTP/1.1" 200 78
124.77.110.230 - - [01/May/2020:08:56:29 +0800] "POST /xingrg/dwr/call/plaincall/AjaxCheckService.setItemNumber.dwr HTTP/1.1" 200 78
116.233.79.27 - - [01/May/2020:08:56:30 +0800] "GET /xingrg/all/function/internal_message.html?_=1588294589489&CODE_STATE=getMsg HTTP/1.1" 302 -
124.77.110.230 - - [01/May/2020:08:56:30 +0800] "POST /xingrg/dwr/call/plaincall/AjaxCheckService.setItemNumber.dwr HTTP/1.1" 200 78
124.77.110.230 - - [01/May/2020:08:56:31 +0800] "POST /xingrg/dwr/call/plaincall/AjaxCheckService.setItemNumber.dwr HTTP/1.1" 200 78
124.77.110.230 - - [01/May/2020:08:56:33 +0800] "POST /xingrg/dwr/call/plaincall/AjaxCheckService.setItemNumber.dwr HTTP/1.1" 200 78
117.185.32.26 - - [01/May/2020:08:56:33 +0800] "GET /xingrg/check_reg.html?_=1588294589466 HTTP/1.1" 200 22
124.77.110.230 - - [01/May/2020:08:56:33 +0800] "GET /xingrg/all/function/internal_message.html?_=1588294590450&CODE_STATE=getMsg HTTP/1.1" 200 27
124.77.110.230 - - [01/May/2020:08:56:34 +0800] "POST /xingrg/dwr/call/plaincall/AjaxCheckService.setItemNumber.dwr HTTP/1.1" 200 78
180.161.113.183 - - [01/May/2020:08:56:35 +0800] "GET /xingrg/kc/buy/cgsh_order_operate.html?command=get_materiel&rest_code=00102&code=00101008095&supplier_code=00100008&order_time=2020-05-01 HTTP/1.1" 200 412
180.156.150.85 - - [01/May/2020:08:56:38 +0800] "GET /xingrg/kc/buy/cgsh_order_operate.html?command=get_materiel&rest_code=00105&code=00101016017&supplier_code=00100034&order_time=2020-05-01 HTTP/1.1" 200 408
114.88.159.93 - - [01/May/2020:08:56:39 +0800] "POST /xingrg/dwr/call/plaincall/AjaxCheckService.setItemNumber.dwr HTTP/1.1" 200 77
114.88.159.93 - - [01/May/2020:08:56:42 +0800] "POST /xingrg/dwr/call/plaincall/AjaxCheckService.setItemNumber.dwr HTTP/1.1" 200 77
180.161.113.183 - - [01/May/2020:08:56:43 +0800] "GET /xingrg/kc/buy/cgsh_order_operate.html?command=get_materiel&rest_code=00102&code=00101008168&supplier_code=00100008&order_time=2020-05-01 HTTP/1.1" 200 413
114.88.159.93 - - [01/May/2020:08:56:43 +0800] "POST /xingrg/dwr/call/plaincall/AjaxCheckService.setItemNumber.dwr HTTP/1.1" 200 77
124.77.110.230 - - [01/May/2020:08:56:43 +0800] "POST /xingrg/dwr/call/plaincall/AjaxCheckService.setItemNumber.dwr HTTP/1.1" 200 78
114.88.159.93 - - [01/May/2020:08:56:45 +0800] "GET /xingrg/check_reg.html?_=1588294597814 HTTP/1.1" 200 22
114.88.159.93 - - [01/May/2020:08:56:45 +0800] "GET /xingrg/all/function/internal_message.html?_=1588294597816&CODE_STATE=getMsg HTTP/1.1" 200 27
124.77.110.230 - - [01/May/2020:08:56:45 +0800] "POST /xingrg/dwr/call/plaincall/AjaxCheckService.setItemNumber.dwr HTTP/1.1" 200 78
124.77.110.230 - - [01/May/2020:08:56:46 +0800] "POST /xingrg/dwr/call/plaincall/AjaxCheckService.setItemNumber.dwr HTTP/1.1" 200 78
180.162.232.172 - - [01/May/2020:08:56:46 +0800] "GET /xingrg/all/function/internal_message.html?_=1588294719010&CODE_STATE=getMsg HTTP/1.1" 200 27
180.162.232.172 - - [01/May/2020:08:56:46 +0800] "POST /xingrg/dwr/call/plaincall/AjaxCheckService.setItemNumber.dwr HTTP/1.1" 200 78
114.88.159.93 - - [01/May/2020:08:56:47 +0800] "POST /xingrg/dwr/call/plaincall/AjaxCheckService.setItemNumber.dwr HTTP/1.1" 200 77
222.69.138.117 - - [01/May/2020:08:56:48 +0800] "GET /xingrg/all/function/internal_message.html?_=1588294599861&CODE_STATE=getMsg HTTP/1.1" 200 27
116.233.79.27 - - [01/May/2020:08:56:48 +0800] "GET /xingrg/check_reg.html?_=1588294607398 HTTP/1.1" 302 -
180.156.150.85 - - [01/May/2020:08:56:49 +0800] "GET /xingrg/kc/buy/cgsh_order_operate.html?command=get_materiel&rest_code=00105&code=00101012029&supplier_code=00100034&order_time=2020-05-01 HTTP/1.1" 200 412
180.162.232.172 - - [01/May/2020:08:56:49 +0800] "POST /xingrg/dwr/call/plaincall/AjaxCheckService.setItemNumber.dwr HTTP/1.1" 200 78
114.88.159.93 - - [01/May/2020:08:56:52 +0800] "POST /xingrg/dwr/call/plaincall/AjaxCheckService.setItemNumber.dwr HTTP/1.1" 200 77
180.162.232.172 - - [01/May/2020:08:56:52 +0800] "POST /xingrg/dwr/call/plaincall/AjaxCheckService.setItemNumber.dwr HTTP/1.1" 200 78
180.162.232.172 - - [01/May/2020:08:56:53 +0800] "POST /xingrg/dwr/call/plaincall/AjaxCheckService.setItemNumber.dwr HTTP/1.1" 200 78
114.88.159.93 - - [01/May/2020:08:56:54 +0800] "POST /xingrg/dwr/call/plaincall/AjaxCheckService.setItemNumber.dwr HTTP/1.1" 200 77
114.88.159.93 - - [01/May/2020:08:56:55 +0800] "POST /xingrg/dwr/call/plaincall/AjaxCheckService.setItemNumber.dwr HTTP/1.1" 200 77
180.162.232.172 - - [01/May/2020:08:56:57 +0800] "POST /xingrg/dwr/call/plaincall/AjaxCheckService.setItemNumber.dwr HTTP/1.1" 200 78
124.77.110.230 - - [01/May/2020:08:56:57 +0800] "POST /xingrg/dwr/call/plaincall/AjaxCheckService.setItemNumber.dwr HTTP/1.1" 200 78
222.69.138.117 - - [01/May/2020:08:56:57 +0800] "GET /xingrg/javascript/jquery_easy_ui/themes/default/images/tabs_close.gif HTTP/1.1" 304 -
222.69.138.117 - - [01/May/2020:08:56:57 +0800] "GET /xingrg/kc/buy/cgsh_order_list.html HTTP/1.1" 200 42584
114.84.33.255 - - [01/May/2020:08:56:57 +0800] "GET /xingrg/all/function/internal_message.html?_=1588294632343&CODE_STATE=getMsg HTTP/1.1" 200 27
124.77.110.230 - - [01/May/2020:08:56:57 +0800] "POST /xingrg/dwr/call/plaincall/AjaxCheckService.setItemNumber.dwr HTTP/1.1" 200 78
124.77.110.230 - - [01/May/2020:08:56:58 +0800] "POST /xingrg/dwr/call/plaincall/AjaxCheckService.setItemNumber.dwr HTTP/1.1" 200 78
172.17.0.123 - - [01/May/2020:08:56:58 +0800] "GET /xingrg/all/function/internal_message.html?_=1588294613065&CODE_STATE=getMsg HTTP/1.1" 302 -
172.17.0.123 - - [01/May/2020:08:56:58 +0800] "GET /xingrg/check_reg.html?_=1588294613067 HTTP/1.1" 302 -
114.88.159.93 - - [01/May/2020:08:56:58 +0800] "POST /xingrg/dwr/call/plaincall/AjaxCheckService.setItemNumber.dwr HTTP/1.1" 200 77
222.69.138.117 - - [01/May/2020:08:56:58 +0800] "GET /xingrg/javascript/easyui/themes/icons/edit_add_new.png HTTP/1.1" 304 -
222.69.138.117 - - [01/May/2020:08:56:58 +0800] "GET /xingrg/javascript/easyui/themes/icons/cance_new.png HTTP/1.1" 304 -
222.69.138.117 - - [01/May/2020:08:56:58 +0800] "GET /xingrg/javascript/easyui/themes/icons/import_new.png HTTP/1.1" 304 -
222.69.138.117 - - [01/May/2020:08:56:58 +0800] "GET /xingrg/javascript/easyui/themes/icons/field_new.png HTTP/1.1" 304 -
222.69.138.117 - - [01/May/2020:08:56:58 +0800] "GET /xingrg/images/control/ajaxLoader.gif HTTP/1.1" 304 -
222.69.138.117 - - [01/May/2020:08:56:59 +0800] "GET /xingrg/kc/buy/cgsh_order_list.html HTTP/1.1" 200 42584
180.162.232.172 - - [01/May/2020:08:56:59 +0800] "POST /xingrg/dwr/call/plaincall/AjaxCheckService.setItemNumber.dwr HTTP/1.1" 200 78
222.69.138.117 - - [01/May/2020:08:56:59 +0800] "POST /xingrg/kc/buy/cgsh_list_operate.html HTTP/1.1" 200 876
180.162.232.172 - - [01/May/2020:08:56:59 +0800] "POST /xingrg/dwr/call/plaincall/AjaxCheckService.setItemNumber.dwr HTTP/1.1" 200 78
222.69.138.117 - - [01/May/2020:08:56:59 +0800] "POST /xingrg/kc/buy/cgsh_list_operate.html HTTP/1.1" 200 876
114.88.159.93 - - [01/May/2020:08:56:59 +0800] "POST /xingrg/dwr/call/plaincall/AjaxCheckService.setItemNumber.dwr HTTP/1.1" 200 77
222.69.138.117 - - [01/May/2020:08:57:00 +0800] "GET /xingrg/javascript/easyui/themes/default/images/button_plain_hover.png HTTP/1.1" 304 -
114.88.159.93 - - [01/May/2020:08:57:00 +0800] "POST /xingrg/dwr/call/plaincall/AjaxCheckService.setItemNumber.dwr HTTP/1.1" 200 77
124.77.110.230 - - [01/May/2020:08:57:01 +0800] "POST /xingrg/dwr/call/plaincall/AjaxCheckService.setItemNumber.dwr HTTP/1.1" 200 78
58.40.7.146 - - [01/May/2020:08:57:01 +0800] "GET /xingrg/all/function/internal_message.html?_=1588294618190&CODE_STATE=getMsg HTTP/1.1" 200 27
114.84.32.201 - - [01/May/2020:08:57:01 +0800] "GET /xingrg/all/function/internal_message.html?_=1588294616170&CODE_STATE=getMsg HTTP/1.1" 200 27
222.69.138.117 - - [01/May/2020:08:57:01 +0800] "GET /xingrg/kc/buy/cgsh_order_add.html HTTP/1.1" 200 58199
222.69.138.117 - - [01/May/2020:08:57:01 +0800] "GET /xingrg/words/20200430190010_words.js HTTP/1.1" 304 -
124.77.110.230 - - [01/May/2020:08:57:01 +0800] "POST /xingrg/dwr/call/plaincall/AjaxCheckService.setItemNumber.dwr HTTP/1.1" 200 78
222.69.138.117 - - [01/May/2020:08:57:01 +0800] "GET /xingrg/javascript/easyui/themes/icons/copy_new.png HTTP/1.1" 304 -
222.69.138.117 - - [01/May/2020:08:57:01 +0800] "GET /xingrg/javascript/easyui/themes/icons/template_new.png HTTP/1.1" 304 -
222.69.138.117 - - [01/May/2020:08:57:01 +0800] "GET /xingrg/javascript/easyui/themes/icons/ok.png HTTP/1.1" 304 -
222.69.138.117 - - [01/May/2020:08:57:01 +0800] "GET /xingrg/javascript/easyui/themes/icons/print.png HTTP/1.1" 304 -
222.69.138.117 - - [01/May/2020:08:57:01 +0800] "GET /xingrg/javascript/easyui/themes/icons/cancel.png HTTP/1.1" 304 -
222.69.138.117 - - [01/May/2020:08:57:01 +0800] "GET /xingrg/javascript/easyui/themes/default/images/menu_downarrow.png HTTP/1.1" 304 -
222.69.138.117 - - [01/May/2020:08:57:01 +0800] "POST /xingrg/kc/buy/cgsh_order_operate.html HTTP/1.1" 200 8245
222.69.138.117 - - [01/May/2020:08:57:01 +0800] "GET /xingrg/all/common/auto_word.html?type=employee&rest_code=00149 HTTP/1.1" 200 197
222.69.138.117 - - [01/May/2020:08:57:01 +0800] "GET /xingrg/all/common/auto_word.html?type=employee&rest_code=00149 HTTP/1.1" 200 197
222.69.138.117 - - [01/May/2020:08:57:01 +0800] "GET /xingrg/javascript/easyui/themes/default/validatebox.css HTTP/1.1" 404 1104
222.69.138.117 - - [01/May/2020:08:57:01 +0800] "GET /xingrg/javascript/easyui/themes/icons/edit_remove.png HTTP/1.1" 304 -
