124.77.110.230 - - [01/May/2020:08:57:02 +0800] "POST /xingrg/dwr/call/plaincall/AjaxCheckService.setItemNumber.dwr HTTP/1.1" 200 78
180.162.232.172 - - [01/May/2020:08:57:02 +0800] "POST /xingrg/dwr/call/plaincall/AjaxCheckService.setItemNumber.dwr HTTP/1.1" 200 78
114.88.159.93 - - [01/May/2020:08:57:02 +0800] "POST /xingrg/dwr/call/plaincall/AjaxCheckService.setItemNumber.dwr HTTP/1.1" 200 77
124.77.110.230 - - [01/May/2020:08:57:02 +0800] "POST /xingrg/dwr/call/plaincall/AjaxCheckService.setItemNumber.dwr HTTP/1.1" 200 78
180.161.113.183 - - [01/May/2020:08:57:02 +0800] "GET /xingrg/all/function/internal_message.html?_=1588294812143&CODE_STATE=getMsg HTTP/1.1" 200 27
124.77.110.230 - - [01/May/2020:08:57:03 +0800] "POST /xingrg/dwr/call/plaincall/AjaxCheckService.setItemNumber.dwr HTTP/1.1" 200 78
124.77.110.230 - - [01/May/2020:08:57:03 +0800] "POST /xingrg/dwr/call/plaincall/AjaxCheckService.setItemNumber.dwr HTTP/1.1" 200 78
114.88.159.93 - - [01/May/2020:08:57:03 +0800] "POST /xingrg/dwr/call/plaincall/AjaxCheckService.setItemNumber.dwr HTTP/1.1" 200 77
124.77.110.230 - - [01/May/2020:08:57:04 +0800] "POST /xingrg/dwr/call/plaincall/AjaxCheckService.setItemNumber.dwr HTTP/1.1" 200 78
124.77.110.230 - - [01/May/2020:08:57:04 +0800] "POST /xingrg/dwr/call/plaincall/AjaxCheckService.setItemNumber.dwr HTTP/1.1" 200 78
114.88.159.93 - - [01/May/2020:08:57:05 +0800] "POST /xingrg/dwr/call/plaincall/AjaxCheckService.setItemNumber.dwr HTTP/1.1" 200 77
180.161.113.183 - - [01/May/2020:08:57:05 +0800] "GET /xingrg/kc/buy/cgsh_order_operate.html?command=get_materiel&rest_code=00102&code=00101015046&supplier_code=00100008&order_time=2020-05-01 HTTP/1.1" 200 412
124.77.110.230 - - [01/May/2020:08:57:05 +0800] "POST /xingrg/dwr/call/plaincall/AjaxCheckService.setItemNumber.dwr HTTP/1.1" 200 78
180.156.150.85 - - [01/May/2020:08:57:05 +0800] "GET /xingrg/check_reg.html?_=1588294624735 HTTP/1.1" 200 22
180.156.150.85 - - [01/May/2020:08:57:05 +0800] "GET /xingrg/all/function/internal_message.html?_=1588294624740&CODE_STATE=getMsg HTTP/1.1" 200 27
124.77.110.230 - - [01/May/2020:08:57:05 +0800] "POST /xingrg/dwr/call/plaincall/AjaxCheckService.setItemNumber.dwr HTTP/1.1" 200 78
124.77.110.230 - - [01/May/2020:08:57:06 +0800] "POST /xingrg/dwr/call/plaincall/AjaxCheckService.setItemNumber.dwr HTTP/1.1" 200 78
124.77.110.230 - - [01/May/2020:08:57:06 +0800] "POST /xingrg/dwr/call/plaincall/AjaxCheckService.setItemNumber.dwr HTTP/1.1" 200 78
124.77.110.230 - - [01/May/2020:08:57:07 +0800] "POST /xingrg/dwr/call/plaincall/AjaxCheckService.setItemNumber.dwr HTTP/1.1" 200 78
124.77.110.230 - - [01/May/2020:08:57:07 +0800] "POST /xingrg/dwr/call/plaincall/AjaxCheckService.setItemNumber.dwr HTTP/1.1" 200 78
124.77.110.230 - - [01/May/2020:08:57:08 +0800] "POST /xingrg/dwr/call/plaincall/AjaxCheckService.setItemNumber.dwr HTTP/1.1" 200 78
124.77.110.230 - - [01/May/2020:08:57:08 +0800] "POST /xingrg/dwr/call/plaincall/AjaxCheckService.setItemNumber.dwr HTTP/1.1" 200 78
180.156.150.85 - - [01/May/2020:08:57:09 +0800] "GET /xingrg/kc/buy/cgsh_order_operate.html?command=get_materiel&rest_code=00105&code=00101016025&supplier_code=00100034&order_time=2020-05-01 HTTP/1.1" 200 408
124.77.110.230 - - [01/May/2020:08:57:09 +0800] "POST /xingrg/dwr/call/plaincall/AjaxCheckService.setItemNumber.dwr HTTP/1.1" 200 78
124.77.110.230 - - [01/May/2020:08:57:09 +0800] "POST /xingrg/dwr/call/plaincall/AjaxCheckService.setItemNumber.dwr HTTP/1.1" 200 78
124.77.110.230 - - [01/May/2020:08:57:10 +0800] "POST /xingrg/dwr/call/plaincall/AjaxCheckService.setItemNumber.dwr HTTP/1.1" 200 78
124.77.110.230 - - [01/May/2020:08:57:10 +0800] "POST /xingrg/dwr/call/plaincall/AjaxCheckService.setItemNumber.dwr HTTP/1.1" 200 78
124.77.110.230 - - [01/May/2020:08:57:11 +0800] "POST /xingrg/dwr/call/plaincall/AjaxCheckService.setItemNumber.dwr HTTP/1.1" 200 78
124.77.110.230 - - [01/May/2020:08:57:11 +0800] "POST /xingrg/dwr/call/plaincall/AjaxCheckService.setItemNumber.dwr HTTP/1.1" 200 78
124.77.110.230 - - [01/May/2020:08:57:12 +0800] "POST /xingrg/dwr/call/plaincall/AjaxCheckService.setItemNumber.dwr HTTP/1.1" 200 78
124.77.110.230 - - [01/May/2020:08:57:12 +0800] "POST /xingrg/dwr/call/plaincall/AjaxCheckService.setItemNumber.dwr HTTP/1.1" 200 78
124.77.110.230 - - [01/May/2020:08:57:13 +0800] "POST /xingrg/dwr/call/plaincall/AjaxCheckService.setItemNumber.dwr HTTP/1.1" 200 78
180.162.232.172 - - [01/May/2020:08:57:16 +0800] "GET /xingrg/all/function/internal_message.html?_=1588294635634&CODE_STATE=getMsg HTTP/1.1" 200 27
124.77.110.230 - - [01/May/2020:08:57:19 +0800] "POST /xingrg/dwr/call/plaincall/AjaxCheckService.setItemNumber.dwr HTTP/1.1" 200 78
114.84.33.255 - - [01/May/2020:08:57:20 +0800] "GET /xingrg/all/function/internal_message.html?_=1588294649535&CODE_STATE=getMsg HTTP/1.1" 200 27
124.77.110.230 - - [01/May/2020:08:57:20 +0800] "POST /xingrg/dwr/call/plaincall/AjaxCheckService.setItemNumber.dwr HTTP/1.1" 200 78
114.88.159.93 - - [01/May/2020:08:57:25 +0800] "POST /xingrg/dwr/call/plaincall/AjaxCheckService.setItemNumber.dwr HTTP/1.1" 200 77
124.77.110.230 - - [01/May/2020:08:57:27 +0800] "POST /xingrg/dwr/call/plaincall/AjaxCheckService.setItemNumber.dwr HTTP/1.1" 200 78
114.88.159.93 - - [01/May/2020:08:57:29 +0800] "POST /xingrg/dwr/call/plaincall/AjaxCheckService.setItemNumber.dwr HTTP/1.1" 200 77
116.233.79.27 - - [01/May/2020:08:57:30 +0800] "GET /xingrg/all/function/internal_message.html?_=1588294649473&CODE_STATE=getMsg HTTP/1.1" 302 -
124.77.110.230 - - [01/May/2020:08:57:31 +0800] "POST /xingrg/dwr/call/plaincall/AjaxCheckService.setItemNumber.dwr HTTP/1.1" 200 78
124.77.110.230 - - [01/May/2020:08:57:32 +0800] "POST /xingrg/dwr/call/plaincall/AjaxCheckService.setItemNumber.dwr HTTP/1.1" 200 78
180.162.232.172 - - [01/May/2020:08:57:32 +0800] "GET /xingrg/kc/buy/cgsh_order_list.html HTTP/1.1" 200 42584
124.77.110.230 - - [01/May/2020:08:57:32 +0800] "POST /xingrg/dwr/call/plaincall/AjaxCheckService.setItemNumber.dwr HTTP/1.1" 200 78
180.161.113.183 - - [01/May/2020:08:57:32 +0800] "POST /xingrg/kc/buy/cgsh_order_operate.html HTTP/1.1" 200 37
124.77.110.230 - - [01/May/2020:08:57:32 +0800] "GET /xingrg/check_reg.html?_=1588294650219 HTTP/1.1" 200 22
124.77.110.230 - - [01/May/2020:08:57:33 +0800] "POST /xingrg/dwr/call/plaincall/AjaxCheckService.setItemNumber.dwr HTTP/1.1" 200 78
180.162.232.172 - - [01/May/2020:08:57:33 +0800] "POST /xingrg/kc/buy/cgsh_list_operate.html HTTP/1.1" 200 876
124.77.110.230 - - [01/May/2020:08:57:33 +0800] "GET /xingrg/all/function/internal_message.html?_=1588294650796&CODE_STATE=getMsg HTTP/1.1" 200 27
124.77.110.230 - - [01/May/2020:08:57:33 +0800] "POST /xingrg/dwr/call/plaincall/AjaxCheckService.setItemNumber.dwr HTTP/1.1" 200 78
114.88.159.93 - - [01/May/2020:08:57:33 +0800] "POST /xingrg/dwr/call/plaincall/AjaxCheckService.setItemNumber.dwr HTTP/1.1" 200 77
180.161.113.183 - - [01/May/2020:08:57:33 +0800] "POST /xingrg/kc/buy/cgsh_order_operate.html HTTP/1.1" 200 6786
180.162.232.172 - - [01/May/2020:08:57:34 +0800] "GET /xingrg/kc/buy/cgsh_order_add.html HTTP/1.1" 200 58117
180.162.232.172 - - [01/May/2020:08:57:34 +0800] "GET /xingrg/words/20200430190010_words.js HTTP/1.1" 200 724645
180.162.232.172 - - [01/May/2020:08:57:34 +0800] "POST /xingrg/kc/buy/cgsh_order_operate.html HTTP/1.1" 200 8245
180.162.232.172 - - [01/May/2020:08:57:34 +0800] "GET /xingrg/all/common/auto_word.html?type=employee&rest_code=00150 HTTP/1.1" 200 205
180.162.232.172 - - [01/May/2020:08:57:34 +0800] "GET /xingrg/javascript/easyui/themes/default/validatebox.css HTTP/1.1" 404 1104
180.162.232.172 - - [01/May/2020:08:57:34 +0800] "GET /xingrg/all/common/auto_word.html?type=employee&rest_code=00150 HTTP/1.1" 200 205
180.161.113.183 - - [01/May/2020:08:57:35 +0800] "GET /xingrg/kc/buy/cgsh_order_add.html HTTP/1.1" 200 58105
114.88.159.93 - - [01/May/2020:08:57:36 +0800] "POST /xingrg/dwr/call/plaincall/AjaxCheckService.setItemNumber.dwr HTTP/1.1" 200 77
222.69.138.117 - - [01/May/2020:08:57:36 +0800] "GET /xingrg/javascript/auto/indicator.gif HTTP/1.1" 404 1066
180.161.113.183 - - [01/May/2020:08:57:37 +0800] "POST /xingrg/kc/buy/cgsh_order_operate.html HTTP/1.1" 200 8245
114.88.159.93 - - [01/May/2020:08:57:37 +0800] "POST /xingrg/dwr/call/plaincall/AjaxCheckService.setItemNumber.dwr HTTP/1.1" 200 77
124.77.110.230 - - [01/May/2020:08:57:38 +0800] "POST /xingrg/dwr/call/plaincall/AjaxCheckService.setItemNumber.dwr HTTP/1.1" 200 78
180.161.113.183 - - [01/May/2020:08:57:38 +0800] "GET /xingrg/javascript/easyui/themes/default/validatebox.css HTTP/1.1" 404 1104
222.69.138.117 - - [01/May/2020:08:57:38 +0800] "GET /xingrg/javascript/jquery_tools/images/prev.gif HTTP/1.1" 404 1086
222.69.138.117 - - [01/May/2020:08:57:38 +0800] "GET /xingrg/javascript/jquery_tools/images/next.gif HTTP/1.1" 404 1086
180.162.232.172 - - [01/May/2020:08:57:38 +0800] "GET /xingrg/javascript/auto/indicator.gif HTTP/1.1" 404 1066
180.161.113.183 - - [01/May/2020:08:57:38 +0800] "GET /xingrg/javascript/easyui/themes/default/tree.css HTTP/1.1" 404 1090
180.161.113.183 - - [01/May/2020:08:57:38 +0800] "POST /xingrg/all/common/load_tree.html?tree=supplier_tree_json&isDelete=1 HTTP/1.1" 200 47615
114.88.159.93 - - [01/May/2020:08:57:39 +0800] "POST /xingrg/dwr/call/plaincall/AjaxCheckService.setItemNumber.dwr HTTP/1.1" 200 77
124.77.110.230 - - [01/May/2020:08:57:39 +0800] "POST /xingrg/dwr/call/plaincall/AjaxCheckService.setItemNumber.dwr HTTP/1.1" 200 78
124.77.110.230 - - [01/May/2020:08:57:42 +0800] "POST /xingrg/dwr/call/plaincall/AjaxCheckService.setItemNumber.dwr HTTP/1.1" 200 78
222.69.138.117 - - [01/May/2020:08:57:43 +0800] "GET /xingrg/kc/buy/cgsh_order_operate.html?command=get_materiel&rest_code=00149&code=00101008323&supplier_code=00100005&order_time=2020-05-01 HTTP/1.1" 200 408
114.88.159.93 - - [01/May/2020:08:57:44 +0800] "POST /xingrg/dwr/call/plaincall/AjaxCheckService.setItemNumber.dwr HTTP/1.1" 200 77
114.88.159.93 - - [01/May/2020:08:57:45 +0800] "GET /xingrg/all/function/internal_message.html?_=1588294657805&CODE_STATE=getMsg HTTP/1.1" 200 27
180.162.232.172 - - [01/May/2020:08:57:46 +0800] "GET /xingrg/all/function/internal_message.html?_=1588294779016&CODE_STATE=getMsg HTTP/1.1" 200 27
180.162.232.172 - - [01/May/2020:08:57:46 +0800] "GET /xingrg/kc/buy/cgsh_order_operate.html?command=get_materiel&rest_code=00150&code=00101007061&supplier_code=00100002&order_time=2020-05-01 HTTP/1.1" 200 409
114.88.159.93 - - [01/May/2020:08:57:48 +0800] "POST /xingrg/dwr/call/plaincall/AjaxCheckService.setItemNumber.dwr HTTP/1.1" 200 77
222.69.138.117 - - [01/May/2020:08:57:48 +0800] "GET /xingrg/all/function/internal_message.html?_=1588294659852&CODE_STATE=getMsg HTTP/1.1" 200 27
180.161.113.183 - - [01/May/2020:08:57:48 +0800] "GET /xingrg/kc/buy/cgsh_order_operate.html?command=get_materiel&rest_code=00102&code=00101008224&supplier_code=00100008&order_time=2020-05-01 HTTP/1.1" 200 416
114.88.159.93 - - [01/May/2020:08:57:49 +0800] "POST /xingrg/dwr/call/plaincall/AjaxCheckService.setItemNumber.dwr HTTP/1.1" 200 77
114.88.159.93 - - [01/May/2020:08:57:50 +0800] "POST /xingrg/dwr/call/plaincall/AjaxCheckService.setItemNumber.dwr HTTP/1.1" 200 77
114.88.159.93 - - [01/May/2020:08:57:52 +0800] "POST /xingrg/dwr/call/plaincall/AjaxCheckService.setItemNumber.dwr HTTP/1.1" 200 77
114.88.159.93 - - [01/May/2020:08:57:54 +0800] "POST /xingrg/dwr/call/plaincall/AjaxCheckService.setItemNumber.dwr HTTP/1.1" 200 77
114.84.33.255 - - [01/May/2020:08:57:57 +0800] "GET /xingrg/all/function/internal_message.html?_=1588294692389&CODE_STATE=getMsg HTTP/1.1" 200 27
172.17.0.123 - - [01/May/2020:08:57:58 +0800] "GET /xingrg/all/function/internal_message.html?_=1588294673073&CODE_STATE=getMsg HTTP/1.1" 302 -
180.162.232.172 - - [01/May/2020:08:57:58 +0800] "GET /xingrg/kc/buy/cgsh_order_operate.html?command=get_materiel&rest_code=00150&code=00101007049&supplier_code=00100002&order_time=2020-05-01 HTTP/1.1" 200 409
114.88.159.93 - - [01/May/2020:08:57:58 +0800] "POST /xingrg/dwr/call/plaincall/AjaxCheckService.setItemNumber.dwr HTTP/1.1" 200 77
114.88.159.93 - - [01/May/2020:08:58:00 +0800] "POST /xingrg/dwr/call/plaincall/AjaxCheckService.setItemNumber.dwr HTTP/1.1" 200 77
58.40.7.146 - - [01/May/2020:08:58:01 +0800] "GET /xingrg/all/function/internal_message.html?_=1588294678175&CODE_STATE=getMsg HTTP/1.1" 200 27
114.84.32.201 - - [01/May/2020:08:58:01 +0800] "GET /xingrg/all/function/internal_message.html?_=1588294676170&CODE_STATE=getMsg HTTP/1.1" 200 27
114.84.32.201 - - [01/May/2020:08:58:01 +0800] "GET /xingrg/check_reg.html?_=1588294676172 HTTP/1.1" 200 22
114.88.159.93 - - [01/May/2020:08:58:01 +0800] "POST /xingrg/dwr/call/plaincall/AjaxCheckService.setItemNumber.dwr HTTP/1.1" 200 77
180.161.113.183 - - [01/May/2020:08:58:02 +0800] "GET /xingrg/check_reg.html?_=1588294871915 HTTP/1.1" 200 22
180.161.113.183 - - [01/May/2020:08:58:02 +0800] "GET /xingrg/all/function/internal_message.html?_=1588294872157&CODE_STATE=getMsg HTTP/1.1" 200 27
114.88.159.93 - - [01/May/2020:08:58:03 +0800] "POST /xingrg/dwr/call/plaincall/AjaxCheckService.setItemNumber.dwr HTTP/1.1" 200 77
114.88.159.93 - - [01/May/2020:08:58:04 +0800] "POST /xingrg/dwr/call/plaincall/AjaxCheckService.setItemNumber.dwr HTTP/1.1" 200 77
180.156.150.85 - - [01/May/2020:08:58:05 +0800] "POST /xingrg/kc/buy/cgsh_order_operate.html HTTP/1.1" 200 37
180.162.232.172 - - [01/May/2020:08:58:05 +0800] "POST /xingrg/dwr/call/plaincall/AjaxCheckService.setItemNumber.dwr HTTP/1.1" 200 78
180.162.232.172 - - [01/May/2020:08:58:06 +0800] "GET /xingrg/kc/buy/cgsh_order_operate.html?command=get_materiel&rest_code=00150&code=00101007048&supplier_code=00100002&order_time=2020-05-01 HTTP/1.1" 200 408
180.161.113.183 - - [01/May/2020:08:58:06 +0800] "GET /xingrg/kc/buy/cgsh_order_operate.html?command=get_materiel&rest_code=00102&code=00101008141&supplier_code=00100008&order_time=2020-05-01 HTTP/1.1" 200 412
180.156.150.85 - - [01/May/2020:08:58:06 +0800] "POST /xingrg/kc/buy/cgsh_order_operate.html HTTP/1.1" 200 6783
114.88.159.93 - - [01/May/2020:08:58:06 +0800] "POST /xingrg/dwr/call/plaincall/AjaxCheckService.setItemNumber.dwr HTTP/1.1" 200 77
180.156.150.85 - - [01/May/2020:08:58:07 +0800] "GET /xingrg/kc/buy/cgsh_order_list.html HTTP/1.1" 200 42578
180.156.150.85 - - [01/May/2020:08:58:08 +0800] "POST /xingrg/kc/buy/cgsh_list_operate.html HTTP/1.1" 200 2054
222.69.138.117 - - [01/May/2020:08:58:10 +0800] "GET /xingrg/kc/buy/cgsh_order_operate.html?command=get_materiel&rest_code=00149&code=00101008091&supplier_code=00100005&order_time=2020-05-01 HTTP/1.1" 200 412
180.162.232.172 - - [01/May/2020:08:58:13 +0800] "GET /xingrg/kc/buy/cgsh_order_operate.html?command=get_materiel&rest_code=00150&code=00101007083&supplier_code=00100002&order_time=2020-05-01 HTTP/1.1" 200 421
180.162.232.172 - - [01/May/2020:08:58:13 +0800] "POST /xingrg/dwr/call/plaincall/AjaxCheckService.setItemNumber.dwr HTTP/1.1" 200 78
180.161.113.183 - - [01/May/2020:08:58:14 +0800] "GET /xingrg/kc/buy/cgsh_order_operate.html?command=get_materiel&rest_code=00102&code=00101008270&supplier_code=00100008&order_time=2020-05-01 HTTP/1.1" 200 412
180.162.232.172 - - [01/May/2020:08:58:16 +0800] "GET /xingrg/check_reg.html?_=1588294695740 HTTP/1.1" 200 22
180.162.232.172 - - [01/May/2020:08:58:16 +0800] "GET /xingrg/all/function/internal_message.html?_=1588294695737&CODE_STATE=getMsg HTTP/1.1" 200 27
180.162.232.172 - - [01/May/2020:08:58:17 +0800] "POST /xingrg/dwr/call/plaincall/AjaxCheckService.setItemNumber.dwr HTTP/1.1" 200 78
114.84.33.255 - - [01/May/2020:08:58:20 +0800] "GET /xingrg/all/function/internal_message.html?_=1588294709548&CODE_STATE=getMsg HTTP/1.1" 200 27
114.88.159.93 - - [01/May/2020:08:58:21 +0800] "POST /xingrg/dwr/call/plaincall/AjaxCheckService.checkOrder.dwr HTTP/1.1" 200 79
180.162.232.172 - - [01/May/2020:08:58:21 +0800] "GET /xingrg/kc/buy/cgsh_order_operate.html?command=get_materiel&rest_code=00150&code=00101007059&supplier_code=00100002&order_time=2020-05-01 HTTP/1.1" 200 409
180.162.232.172 - - [01/May/2020:08:58:21 +0800] "POST /xingrg/dwr/call/plaincall/AjaxCheckService.setItemNumber.dwr HTTP/1.1" 200 78
114.88.159.93 - - [01/May/2020:08:58:21 +0800] "GET /xingrg/kc/base/check_order_info.html?code=452020043000262 HTTP/1.1" 200 22864
114.88.159.93 - - [01/May/2020:08:58:21 +0800] "GET /xingrg/dwr/interface/AjaxCheckService.js HTTP/1.1" 200 14003
114.88.159.93 - - [01/May/2020:08:58:21 +0800] "GET /xingrg/dwr/interface/AjaxComOrderService.js HTTP/1.1" 200 18264
114.88.159.93 - - [01/May/2020:08:58:21 +0800] "GET /xingrg/dwr/engine.js HTTP/1.1" 200 43631
114.88.159.93 - - [01/May/2020:08:58:22 +0800] "POST /xingrg/dwr/call/plaincall/AjaxCheckService.loadOrderItems.dwr HTTP/1.1" 200 23759
180.156.150.85 - - [01/May/2020:08:58:22 +0800] "POST /xingrg/kc/buy/cgsh_list_operate.html HTTP/1.1" 200 5694
180.162.232.172 - - [01/May/2020:08:58:23 +0800] "POST /xingrg/dwr/call/plaincall/AjaxCheckService.setItemNumber.dwr HTTP/1.1" 200 78
180.156.150.85 - - [01/May/2020:08:58:24 +0800] "POST /xingrg/kc/buy/cgsh_list_operate.html HTTP/1.1" 200 491
120.204.17.70 - - [01/May/2020:08:58:24 +0800] "GET /xingrg/check_reg.html?_=1588294289492 HTTP/1.1" 302 -
180.162.232.172 - - [01/May/2020:08:58:26 +0800] "POST /xingrg/dwr/call/plaincall/AjaxCheckService.setItemNumber.dwr HTTP/1.1" 200 78
180.161.113.183 - - [01/May/2020:08:58:27 +0800] "POST /xingrg/kc/buy/cgsh_order_operate.html HTTP/1.1" 200 37
180.161.113.183 - - [01/May/2020:08:58:28 +0800] "POST /xingrg/kc/buy/cgsh_order_operate.html HTTP/1.1" 200 3849
114.84.33.255 - - [01/May/2020:08:58:29 +0800] "GET /xingrg/check_reg.html?_=1588294724256 HTTP/1.1" 200 22
120.204.17.70 - - [01/May/2020:08:58:29 +0800] "GET /xingrg/login.html HTTP/1.1" 200 7641
180.162.232.172 - - [01/May/2020:08:58:29 +0800] "POST /xingrg/dwr/call/plaincall/AjaxCheckService.setItemNumber.dwr HTTP/1.1" 200 78
180.161.113.183 - - [01/May/2020:08:58:30 +0800] "GET /xingrg/kc/buy/cgsh_order_add.html HTTP/1.1" 200 58105
116.233.79.27 - - [01/May/2020:08:58:30 +0800] "GET /xingrg/all/function/internal_message.html?_=1588294709458&CODE_STATE=getMsg HTTP/1.1" 302 -
180.161.113.183 - - [01/May/2020:08:58:31 +0800] "POST /xingrg/kc/buy/cgsh_order_operate.html HTTP/1.1" 200 8245
180.161.113.183 - - [01/May/2020:08:58:31 +0800] "GET /xingrg/javascript/easyui/themes/default/validatebox.css HTTP/1.1" 404 1104
180.161.113.183 - - [01/May/2020:08:58:32 +0800] "GET /xingrg/javascript/easyui/themes/default/tree.css HTTP/1.1" 404 1090
180.161.113.183 - - [01/May/2020:08:58:32 +0800] "POST /xingrg/all/common/load_tree.html?tree=supplier_tree_json&isDelete=1 HTTP/1.1" 200 47615
124.77.110.230 - - [01/May/2020:08:58:33 +0800] "GET /xingrg/all/function/internal_message.html?_=1588294710771&CODE_STATE=getMsg HTTP/1.1" 200 27
124.77.110.230 - - [01/May/2020:08:58:34 +0800] "POST /xingrg/dwr/call/plaincall/AjaxCheckService.saveOrder.dwr HTTP/1.1" 200 80
180.162.232.172 - - [01/May/2020:08:58:34 +0800] "POST /xingrg/dwr/call/plaincall/AjaxCheckService.setItemNumber.dwr HTTP/1.1" 200 78
124.77.110.230 - - [01/May/2020:08:58:35 +0800] "POST /xingrg/dwr/call/plaincall/AjaxCheckService.loadOrderItems.dwr HTTP/1.1" 200 122118
180.162.232.172 - - [01/May/2020:08:58:37 +0800] "POST /xingrg/dwr/call/plaincall/AjaxCheckService.setItemNumber.dwr HTTP/1.1" 200 78
114.88.159.93 - - [01/May/2020:08:58:39 +0800] "GET /xingrg/kc/base/check_order_info.html?code=452020043000236 HTTP/1.1" 200 26322
114.88.159.93 - - [01/May/2020:08:58:39 +0800] "GET /xingrg/dwr/interface/AjaxCheckService.js HTTP/1.1" 200 14003
114.88.159.93 - - [01/May/2020:08:58:39 +0800] "GET /xingrg/dwr/engine.js HTTP/1.1" 200 43631
114.88.159.93 - - [01/May/2020:08:58:39 +0800] "GET /xingrg/dwr/interface/AjaxComOrderService.js HTTP/1.1" 200 18264
114.88.159.93 - - [01/May/2020:08:58:39 +0800] "POST /xingrg/dwr/call/plaincall/AjaxCheckService.loadOrderItems.dwr HTTP/1.1" 200 7356
180.162.232.172 - - [01/May/2020:08:58:40 +0800] "POST /xingrg/dwr/call/plaincall/AjaxCheckService.setItemNumber.dwr HTTP/1.1" 200 78
180.161.113.183 - - [01/May/2020:08:58:41 +0800] "GET /xingrg/kc/buy/cgsh_order_operate.html?command=get_materiel&rest_code=00102&code=00101009030&supplier_code=00100008&order_time=2020-05-01 HTTP/1.1" 200 412
180.162.232.172 - - [01/May/2020:08:58:41 +0800] "GET /xingrg/javascript/jquery_tools/images/next.gif HTTP/1.1" 404 1086
180.162.232.172 - - [01/May/2020:08:58:41 +0800] "GET /xingrg/javascript/jquery_tools/images/prev.gif HTTP/1.1" 404 1086
180.156.150.85 - - [01/May/2020:08:58:43 +0800] "POST /xingrg/kc/buy/cgsh_list_operate.html HTTP/1.1" 200 5694
180.162.232.172 - - [01/May/2020:08:58:44 +0800] "POST /xingrg/dwr/call/plaincall/AjaxCheckService.setItemNumber.dwr HTTP/1.1" 200 78
114.88.159.93 - - [01/May/2020:08:58:44 +0800] "POST /xingrg/dwr/call/plaincall/AjaxCheckService.setItemNumber.dwr HTTP/1.1" 200 76
180.162.232.172 - - [01/May/2020:08:58:44 +0800] "POST /xingrg/kc/buy/cgsh_order_operate.html HTTP/1.1" 200 37
180.156.150.85 - - [01/May/2020:08:58:44 +0800] "GET /xingrg/kc/buy/cgsh_order_list.html HTTP/1.1" 200 42578
114.88.159.93 - - [01/May/2020:08:58:45 +0800] "GET /xingrg/all/function/internal_message.html?_=1588294717818&CODE_STATE=getMsg HTTP/1.1" 200 27
114.88.159.93 - - [01/May/2020:08:58:45 +0800] "POST /xingrg/dwr/call/plaincall/AjaxCheckService.setItemNumber.dwr HTTP/1.1" 200 76
180.162.232.172 - - [01/May/2020:08:58:46 +0800] "POST /xingrg/kc/buy/cgsh_order_operate.html HTTP/1.1" 200 12
114.88.159.93 - - [01/May/2020:08:58:46 +0800] "POST /xingrg/dwr/call/plaincall/AjaxCheckService.setItemNumber.dwr HTTP/1.1" 200 76
180.156.150.85 - - [01/May/2020:08:58:46 +0800] "POST /xingrg/kc/buy/cgsh_list_operate.html HTTP/1.1" 200 2054
180.162.232.172 - - [01/May/2020:08:58:46 +0800] "GET /xingrg/all/function/internal_message.html?_=1588294839525&CODE_STATE=getMsg HTTP/1.1" 200 27
180.162.232.172 - - [01/May/2020:08:58:46 +0800] "POST /xingrg/dwr/call/plaincall/AjaxCheckService.setItemNumber.dwr HTTP/1.1" 200 78
180.162.232.172 - - [01/May/2020:08:58:47 +0800] "GET /xingrg/kc/buy/cgsh_order_info.html?code=212020050100007 HTTP/1.1" 200 53019
114.88.159.93 - - [01/May/2020:08:58:47 +0800] "POST /xingrg/dwr/call/plaincall/AjaxCheckService.setItemNumber.dwr HTTP/1.1" 200 76
180.162.232.172 - - [01/May/2020:08:58:47 +0800] "GET /xingrg/javascript/easyui/themes/default/validatebox.css HTTP/1.1" 404 1104
180.162.232.172 - - [01/May/2020:08:58:48 +0800] "POST /xingrg/kc/buy/cgsh_order_operate.html HTTP/1.1" 200 2963
114.88.159.93 - - [01/May/2020:08:58:48 +0800] "POST /xingrg/dwr/call/plaincall/AjaxCheckService.setItemNumber.dwr HTTP/1.1" 200 76
222.69.138.117 - - [01/May/2020:08:58:48 +0800] "GET /xingrg/all/function/internal_message.html?_=1588294719854&CODE_STATE=getMsg HTTP/1.1" 200 27
114.88.159.93 - - [01/May/2020:08:58:49 +0800] "POST /xingrg/dwr/call/plaincall/AjaxCheckService.setItemNumber.dwr HTTP/1.1" 200 76
180.156.150.85 - - [01/May/2020:08:58:49 +0800] "POST /xingrg/kc/buy/cgsh_list_operate.html HTTP/1.1" 200 567
180.162.232.172 - - [01/May/2020:08:58:49 +0800] "GET /xingrg/kc/print/load_config.html?kc_code=cgsh HTTP/1.1" 200 1845
180.162.232.172 - - [01/May/2020:08:58:49 +0800] "GET /xingrg/kc/print/load_data.html?order_code=212020050100007&kc_code=cgsh&condition= HTTP/1.1" 200 1669
180.161.113.183 - - [01/May/2020:08:58:50 +0800] "GET /xingrg/kc/buy/cgsh_order_operate.html?command=get_materiel&rest_code=00102&code=00101008137&supplier_code=00100008&order_time=2020-05-01 HTTP/1.1" 200 408
114.88.159.93 - - [01/May/2020:08:58:50 +0800] "POST /xingrg/dwr/call/plaincall/AjaxCheckService.setItemNumber.dwr HTTP/1.1" 200 76
180.156.150.85 - - [01/May/2020:08:58:50 +0800] "GET /xingrg/kc/buy/cgsh_order_info.html?code=212020050100005 HTTP/1.1" 200 58204
180.156.150.85 - - [01/May/2020:08:58:51 +0800] "GET /xingrg/javascript/easyui/themes/default/validatebox.css HTTP/1.1" 404 1104
124.77.110.230 - - [01/May/2020:08:58:51 +0800] "POST /xingrg/dwr/call/plaincall/AjaxComOrderService.getMaterielSearchList.dwr HTTP/1.1" 200 23808
180.156.150.85 - - [01/May/2020:08:58:51 +0800] "POST /xingrg/kc/buy/cgsh_order_operate.html HTTP/1.1" 200 6783
180.162.232.172 - - [01/May/2020:08:58:51 +0800] "POST /xingrg/dwr/call/plaincall/AjaxCheckService.setItemNumber.dwr HTTP/1.1" 200 78
114.88.159.93 - - [01/May/2020:08:58:52 +0800] "POST /xingrg/dwr/call/plaincall/AjaxCheckService.setItemNumber.dwr HTTP/1.1" 200 76
124.77.110.230 - - [01/May/2020:08:58:53 +0800] "POST /xingrg/dwr/call/plaincall/AjaxComOrderService.getMaterielSearchList.dwr HTTP/1.1" 200 548
180.162.232.172 - - [01/May/2020:08:58:53 +0800] "POST /xingrg/dwr/call/plaincall/AjaxCheckService.setItemNumber.dwr HTTP/1.1" 200 78
124.77.110.230 - - [01/May/2020:08:58:55 +0800] "POST /xingrg/dwr/call/plaincall/AjaxComOrderService.getMaterielByCode.dwr HTTP/1.1" 200 3195
114.88.159.93 - - [01/May/2020:08:58:56 +0800] "POST /xingrg/dwr/call/plaincall/AjaxCheckService.checkOrder.dwr HTTP/1.1" 200 78
180.162.232.172 - - [01/May/2020:08:58:56 +0800] "POST /xingrg/dwr/call/plaincall/AjaxCheckService.setItemNumber.dwr HTTP/1.1" 200 78
180.162.232.172 - - [01/May/2020:08:58:56 +0800] "POST /xingrg/dwr/call/plaincall/AjaxCheckService.setItemNumber.dwr HTTP/1.1" 200 78
114.88.159.93 - - [01/May/2020:08:58:56 +0800] "GET /xingrg/kc/base/check_order_info.html?code=452020043000236 HTTP/1.1" 200 22860
114.88.159.93 - - [01/May/2020:08:58:57 +0800] "GET /xingrg/dwr/interface/AjaxCheckService.js HTTP/1.1" 200 14003
114.88.159.93 - - [01/May/2020:08:58:57 +0800] "GET /xingrg/dwr/interface/AjaxComOrderService.js HTTP/1.1" 200 18264
114.88.159.93 - - [01/May/2020:08:58:57 +0800] "GET /xingrg/dwr/engine.js HTTP/1.1" 200 43631
114.88.159.93 - - [01/May/2020:08:58:57 +0800] "POST /xingrg/dwr/call/plaincall/AjaxCheckService.loadOrderItems.dwr HTTP/1.1" 200 3440
114.84.33.255 - - [01/May/2020:08:58:57 +0800] "GET /xingrg/all/function/internal_message.html?_=1588294752402&CODE_STATE=getMsg HTTP/1.1" 200 27
180.162.232.172 - - [01/May/2020:08:58:58 +0800] "POST /xingrg/dwr/call/plaincall/AjaxCheckService.setItemNumber.dwr HTTP/1.1" 200 78
172.17.0.123 - - [01/May/2020:08:58:58 +0800] "GET /xingrg/all/function/internal_message.html?_=1588294733059&CODE_STATE=getMsg HTTP/1.1" 302 -
180.156.150.85 - - [01/May/2020:08:58:59 +0800] "GET /xingrg/kc/print/load_data.html?order_code=212020050100005&kc_code=cgsh&condition= HTTP/1.1" 200 2275
124.77.110.230 - - [01/May/2020:08:59:00 +0800] "POST /xingrg/dwr/call/plaincall/AjaxCheckService.addOrderItem.dwr HTTP/1.1" 200 710
180.162.232.172 - - [01/May/2020:08:59:00 +0800] "POST /xingrg/dwr/call/plaincall/AjaxCheckService.setItemNumber.dwr HTTP/1.1" 200 78
58.40.7.146 - - [01/May/2020:08:59:01 +0800] "GET /xingrg/all/function/internal_message.html?_=1588294738178&CODE_STATE=getMsg HTTP/1.1" 200 27
114.84.32.201 - - [01/May/2020:08:59:01 +0800] "GET /xingrg/all/function/internal_message.html?_=1588294736170&CODE_STATE=getMsg HTTP/1.1" 200 27
180.161.113.183 - - [01/May/2020:08:59:02 +0800] "POST /xingrg/kc/buy/cgsh_order_operate.html HTTP/1.1" 200 37
180.161.113.183 - - [01/May/2020:08:59:02 +0800] "POST /xingrg/kc/buy/cgsh_order_operate.html HTTP/1.1" 200 3825
180.161.113.183 - - [01/May/2020:08:59:02 +0800] "GET /xingrg/all/function/internal_message.html?_=1588294932201&CODE_STATE=getMsg HTTP/1.1" 200 27
180.162.232.172 - - [01/May/2020:08:59:04 +0800] "POST /xingrg/dwr/call/plaincall/AjaxCheckService.setItemNumber.dwr HTTP/1.1" 200 78
180.156.150.85 - - [01/May/2020:08:59:05 +0800] "GET /xingrg/all/function/internal_message.html?_=1588294744753&CODE_STATE=getMsg HTTP/1.1" 200 27
180.162.232.172 - - [01/May/2020:08:59:07 +0800] "POST /xingrg/dwr/call/plaincall/AjaxCheckService.setItemNumber.dwr HTTP/1.1" 200 78
180.162.232.172 - - [01/May/2020:08:59:09 +0800] "POST /xingrg/dwr/call/plaincall/AjaxCheckService.setItemNumber.dwr HTTP/1.1" 200 78
180.162.232.172 - - [01/May/2020:08:59:09 +0800] "GET /xingrg/kc/buy/cgsh_order_add.html HTTP/1.1" 200 58117
180.162.232.172 - - [01/May/2020:08:59:09 +0800] "POST /xingrg/kc/buy/cgsh_order_operate.html HTTP/1.1" 200 8245
180.162.232.172 - - [01/May/2020:08:59:09 +0800] "GET /xingrg/javascript/easyui/themes/default/validatebox.css HTTP/1.1" 404 1104
180.162.232.172 - - [01/May/2020:08:59:11 +0800] "POST /xingrg/dwr/call/plaincall/AjaxCheckService.setItemNumber.dwr HTTP/1.1" 200 78
124.77.110.230 - - [01/May/2020:08:59:11 +0800] "POST /xingrg/dwr/call/plaincall/AjaxComOrderService.getMaterielSearchList.dwr HTTP/1.1" 200 20779
222.69.138.117 - - [01/May/2020:08:59:13 +0800] "GET /xingrg/kc/buy/cgsh_order_operate.html?command=get_materiel&rest_code=00149&code=00101008261&supplier_code=00100005&order_time=2020-05-01 HTTP/1.1" 200 408
180.162.232.172 - - [01/May/2020:08:59:14 +0800] "POST /xingrg/dwr/call/plaincall/AjaxCheckService.setItemNumber.dwr HTTP/1.1" 200 78
180.162.232.172 - - [01/May/2020:08:59:16 +0800] "GET /xingrg/all/function/internal_message.html?_=1588294755724&CODE_STATE=getMsg HTTP/1.1" 200 27
124.77.110.230 - - [01/May/2020:08:59:17 +0800] "POST /xingrg/dwr/call/plaincall/AjaxComOrderService.getMaterielSearchList.dwr HTTP/1.1" 200 205
114.84.33.255 - - [01/May/2020:08:59:19 +0800] "GET /xingrg/check_reg.html?_=1588294769141 HTTP/1.1" 200 22
114.84.33.255 - - [01/May/2020:08:59:20 +0800] "GET /xingrg/all/function/internal_message.html?_=1588294769561&CODE_STATE=getMsg HTTP/1.1" 200 27
114.88.159.93 - - [01/May/2020:08:59:21 +0800] "GET /xingrg/kc/base/check_order_info.html?code=452020043000235 HTTP/1.1" 200 26322
114.88.159.93 - - [01/May/2020:08:59:21 +0800] "GET /xingrg/dwr/interface/AjaxCheckService.js HTTP/1.1" 200 14003
114.88.159.93 - - [01/May/2020:08:59:21 +0800] "GET /xingrg/dwr/interface/AjaxComOrderService.js HTTP/1.1" 200 18264
114.88.159.93 - - [01/May/2020:08:59:21 +0800] "GET /xingrg/dwr/engine.js HTTP/1.1" 200 43631
114.88.159.93 - - [01/May/2020:08:59:21 +0800] "POST /xingrg/dwr/call/plaincall/AjaxCheckService.loadOrderItems.dwr HTTP/1.1" 200 15819
180.162.232.172 - - [01/May/2020:08:59:23 +0800] "POST /xingrg/dwr/call/plaincall/AjaxCheckService.setItemNumber.dwr HTTP/1.1" 200 78
222.69.138.117 - - [01/May/2020:08:59:24 +0800] "GET /xingrg/kc/buy/cgsh_order_operate.html?command=get_materiel&rest_code=00149&code=00101008302&supplier_code=00100005&order_time=2020-05-01 HTTP/1.1" 200 412
124.77.110.230 - - [01/May/2020:08:59:25 +0800] "POST /xingrg/dwr/call/plaincall/AjaxComOrderService.getMaterielSearchList.dwr HTTP/1.1" 200 1308
114.88.159.93 - - [01/May/2020:08:59:26 +0800] "POST /xingrg/dwr/call/plaincall/AjaxCheckService.setItemNumber.dwr HTTP/1.1" 200 76
180.162.232.172 - - [01/May/2020:08:59:26 +0800] "GET /xingrg/kc/buy/cgsh_order_operate.html?command=get_materiel&rest_code=00150&code=00101019036&supplier_code=00100096&order_time=2020-05-01 HTTP/1.1" 200 425
180.162.232.172 - - [01/May/2020:08:59:26 +0800] "POST /xingrg/dwr/call/plaincall/AjaxCheckService.setItemNumber.dwr HTTP/1.1" 200 78
114.88.159.93 - - [01/May/2020:08:59:28 +0800] "POST /xingrg/dwr/call/plaincall/AjaxCheckService.setItemNumber.dwr HTTP/1.1" 200 76
180.161.113.183 - - [01/May/2020:08:59:28 +0800] "GET /xingrg/javascript/jquery_easy_ui/themes/default/images/tabs_active.png HTTP/1.1" 304 -
180.162.232.172 - - [01/May/2020:08:59:28 +0800] "POST /xingrg/dwr/call/plaincall/AjaxCheckService.setItemNumber.dwr HTTP/1.1" 200 78
114.88.159.93 - - [01/May/2020:08:59:30 +0800] "POST /xingrg/dwr/call/plaincall/AjaxCheckService.setItemNumber.dwr HTTP/1.1" 200 76
116.233.79.27 - - [01/May/2020:08:59:30 +0800] "GET /xingrg/all/function/internal_message.html?_=1588294769435&CODE_STATE=getMsg HTTP/1.1" 302 -
114.88.159.93 - - [01/May/2020:08:59:31 +0800] "POST /xingrg/dwr/call/plaincall/AjaxCheckService.setItemNumber.dwr HTTP/1.1" 200 76
114.88.159.93 - - [01/May/2020:08:59:32 +0800] "POST /xingrg/dwr/call/plaincall/AjaxCheckService.setItemNumber.dwr HTTP/1.1" 200 76
180.161.113.183 - - [01/May/2020:08:59:32 +0800] "POST /xingrg/kc/buy/cgsh_list_operate.html HTTP/1.1" 200 3086
180.162.232.172 - - [01/May/2020:08:59:32 +0800] "POST /xingrg/dwr/call/plaincall/AjaxCheckService.setItemNumber.dwr HTTP/1.1" 200 78
222.69.138.117 - - [01/May/2020:08:59:33 +0800] "GET /xingrg/kc/buy/cgsh_order_operate.html?command=get_materiel&rest_code=00149&code=00101008215&supplier_code=00100005&order_time=2020-05-01 HTTP/1.1" 200 413
124.77.110.230 - - [01/May/2020:08:59:33 +0800] "GET /xingrg/all/function/internal_message.html?_=1588294770749&CODE_STATE=getMsg HTTP/1.1" 200 27
114.88.159.93 - - [01/May/2020:08:59:33 +0800] "POST /xingrg/dwr/call/plaincall/AjaxCheckService.setItemNumber.dwr HTTP/1.1" 200 76
114.88.159.93 - - [01/May/2020:08:59:34 +0800] "POST /xingrg/dwr/call/plaincall/AjaxCheckService.setItemNumber.dwr HTTP/1.1" 200 76
180.162.232.172 - - [01/May/2020:08:59:35 +0800] "POST /xingrg/dwr/call/plaincall/AjaxCheckService.setItemNumber.dwr HTTP/1.1" 200 78
114.88.159.93 - - [01/May/2020:08:59:36 +0800] "POST /xingrg/dwr/call/plaincall/AjaxCheckService.setItemNumber.dwr HTTP/1.1" 200 76
114.88.159.93 - - [01/May/2020:08:59:37 +0800] "POST /xingrg/dwr/call/plaincall/AjaxCheckService.setItemNumber.dwr HTTP/1.1" 200 76
114.88.159.93 - - [01/May/2020:08:59:38 +0800] "POST /xingrg/dwr/call/plaincall/AjaxCheckService.setItemNumber.dwr HTTP/1.1" 200 77
114.88.159.93 - - [01/May/2020:08:59:41 +0800] "POST /xingrg/dwr/call/plaincall/AjaxCheckService.setItemNumber.dwr HTTP/1.1" 200 77
180.162.232.172 - - [01/May/2020:08:59:42 +0800] "POST /xingrg/dwr/call/plaincall/AjaxCheckService.setItemNumber.dwr HTTP/1.1" 200 78
114.88.159.93 - - [01/May/2020:08:59:44 +0800] "POST /xingrg/dwr/call/plaincall/AjaxCheckService.setItemNumber.dwr HTTP/1.1" 200 77
114.88.159.93 - - [01/May/2020:08:59:45 +0800] "GET /xingrg/all/function/internal_message.html?_=1588294777889&CODE_STATE=getMsg HTTP/1.1" 200 27
114.88.159.93 - - [01/May/2020:08:59:45 +0800] "POST /xingrg/dwr/call/plaincall/AjaxCheckService.setItemNumber.dwr HTTP/1.1" 200 77
124.77.110.230 - - [01/May/2020:08:59:45 +0800] "POST /xingrg/dwr/call/plaincall/AjaxComOrderService.getMaterielByCode.dwr HTTP/1.1" 200 3210
114.88.159.93 - - [01/May/2020:08:59:46 +0800] "POST /xingrg/dwr/call/plaincall/AjaxCheckService.setItemNumber.dwr HTTP/1.1" 200 77
180.156.150.85 - - [01/May/2020:08:59:46 +0800] "GET /xingrg/kc/buy/cgsh_order_add.html HTTP/1.1" 200 58193
180.156.150.85 - - [01/May/2020:08:59:46 +0800] "POST /xingrg/kc/buy/cgsh_order_operate.html HTTP/1.1" 200 8245
180.162.232.172 - - [01/May/2020:08:59:46 +0800] "GET /xingrg/all/function/internal_message.html?_=1588294899526&CODE_STATE=getMsg HTTP/1.1" 200 27
180.156.150.85 - - [01/May/2020:08:59:46 +0800] "GET /xingrg/javascript/easyui/themes/default/validatebox.css HTTP/1.1" 404 1104
114.88.159.93 - - [01/May/2020:08:59:47 +0800] "POST /xingrg/dwr/call/plaincall/AjaxCheckService.setItemNumber.dwr HTTP/1.1" 200 77
222.69.138.117 - - [01/May/2020:08:59:48 +0800] "GET /xingrg/all/function/internal_message.html?_=1588294779871&CODE_STATE=getMsg HTTP/1.1" 200 27
222.69.138.117 - - [01/May/2020:08:59:48 +0800] "GET /xingrg/kc/buy/cgsh_order_operate.html?command=get_materiel&rest_code=00149&code=00101008027&supplier_code=00100005&order_time=2020-05-01 HTTP/1.1" 200 408
180.162.232.172 - - [01/May/2020:08:59:49 +0800] "POST /xingrg/dwr/call/plaincall/AjaxCheckService.setItemNumber.dwr HTTP/1.1" 200 78
180.162.232.172 - - [01/May/2020:08:59:51 +0800] "POST /xingrg/dwr/call/plaincall/AjaxCheckService.setItemNumber.dwr HTTP/1.1" 200 78
180.162.232.172 - - [01/May/2020:08:59:51 +0800] "GET /xingrg/kc/buy/cgsh_order_operate.html?command=get_materiel&rest_code=00150&code=00101019457&supplier_code=00100096&order_time=2020-05-01 HTTP/1.1" 200 456
114.88.159.93 - - [01/May/2020:08:59:52 +0800] "POST /xingrg/dwr/call/plaincall/AjaxCheckService.setItemNumber.dwr HTTP/1.1" 200 77
114.88.159.93 - - [01/May/2020:08:59:53 +0800] "POST /xingrg/dwr/call/plaincall/AjaxCheckService.setItemNumber.dwr HTTP/1.1" 200 77
180.162.232.172 - - [01/May/2020:08:59:53 +0800] "POST /xingrg/dwr/call/plaincall/AjaxCheckService.setItemNumber.dwr HTTP/1.1" 200 78
114.88.159.93 - - [01/May/2020:08:59:54 +0800] "POST /xingrg/dwr/call/plaincall/AjaxCheckService.setItemNumber.dwr HTTP/1.1" 200 77
124.77.110.230 - - [01/May/2020:08:59:54 +0800] "POST /xingrg/dwr/call/plaincall/AjaxCheckService.addOrderItem.dwr HTTP/1.1" 200 722
114.88.159.93 - - [01/May/2020:08:59:55 +0800] "POST /xingrg/dwr/call/plaincall/AjaxCheckService.setItemNumber.dwr HTTP/1.1" 200 77
114.88.159.93 - - [01/May/2020:08:59:56 +0800] "POST /xingrg/dwr/call/plaincall/AjaxCheckService.setItemNumber.dwr HTTP/1.1" 200 77
180.162.232.172 - - [01/May/2020:08:59:57 +0800] "POST /xingrg/dwr/call/plaincall/AjaxCheckService.setItemNumber.dwr HTTP/1.1" 200 78
114.84.33.255 - - [01/May/2020:08:59:57 +0800] "GET /xingrg/all/function/internal_message.html?_=1588294812413&CODE_STATE=getMsg HTTP/1.1" 200 27
172.17.0.123 - - [01/May/2020:08:59:58 +0800] "GET /xingrg/all/function/internal_message.html?_=1588294793061&CODE_STATE=getMsg HTTP/1.1" 302 -
124.77.110.230 - - [01/May/2020:09:00:00 +0800] "POST /xingrg/dwr/call/plaincall/AjaxComOrderService.getMaterielSearchList.dwr HTTP/1.1" 200 32396
58.40.7.146 - - [01/May/2020:09:00:01 +0800] "GET /xingrg/all/function/internal_message.html?_=1588294798182&CODE_STATE=getMsg HTTP/1.1" 200 27
114.84.32.201 - - [01/May/2020:09:00:01 +0800] "GET /xingrg/all/function/internal_message.html?_=1588294796169&CODE_STATE=getMsg HTTP/1.1" 200 27
180.162.232.172 - - [01/May/2020:09:00:01 +0800] "POST /xingrg/dwr/call/plaincall/AjaxCheckService.setItemNumber.dwr HTTP/1.1" 200 78
114.88.159.93 - - [01/May/2020:09:00:02 +0800] "POST /xingrg/dwr/call/plaincall/AjaxCheckService.setItemNumber.dwr HTTP/1.1" 200 77
124.77.110.230 - - [01/May/2020:09:00:03 +0800] "POST /xingrg/dwr/call/plaincall/AjaxComOrderService.getMaterielSearchList.dwr HTTP/1.1" 200 309
180.161.113.183 - - [01/May/2020:09:00:03 +0800] "GET /xingrg/all/function/internal_message.html?_=1588294992705&CODE_STATE=getMsg HTTP/1.1" 200 27
124.77.110.230 - - [01/May/2020:09:00:04 +0800] "POST /xingrg/dwr/call/plaincall/AjaxComOrderService.getMaterielByCode.dwr HTTP/1.1" 200 3284
180.156.150.85 - - [01/May/2020:09:00:05 +0800] "GET /xingrg/all/function/internal_message.html?_=1588294804726&CODE_STATE=getMsg HTTP/1.1" 200 27
114.88.159.93 - - [01/May/2020:09:00:06 +0800] "POST /xingrg/dwr/call/plaincall/AjaxCheckService.checkOrder.dwr HTTP/1.1" 200 79
180.156.150.85 - - [01/May/2020:09:00:07 +0800] "GET /xingrg/kc/buy/cgsh_order_operate.html?command=get_materiel&rest_code=00105&code=00101002027&supplier_code=00100203&order_time=2020-05-01 HTTP/1.1" 200 413
222.69.138.117 - - [01/May/2020:09:00:08 +0800] "GET /xingrg/kc/buy/cgsh_order_operate.html?command=get_materiel&rest_code=00149&code=00101008234&supplier_code=00100005&order_time=2020-05-01 HTTP/1.1" 200 408
180.162.232.172 - - [01/May/2020:09:00:08 +0800] "POST /xingrg/dwr/call/plaincall/AjaxCheckService.setItemNumber.dwr HTTP/1.1" 200 78
114.88.159.93 - - [01/May/2020:09:00:09 +0800] "GET /xingrg/kc/base/check_order_info.html?code=452020043000235 HTTP/1.1" 200 22860
114.88.159.93 - - [01/May/2020:09:00:09 +0800] "GET /xingrg/dwr/interface/AjaxComOrderService.js HTTP/1.1" 200 18264
114.88.159.93 - - [01/May/2020:09:00:09 +0800] "GET /xingrg/dwr/interface/AjaxCheckService.js HTTP/1.1" 200 14003
114.88.159.93 - - [01/May/2020:09:00:09 +0800] "GET /xingrg/dwr/engine.js HTTP/1.1" 200 43631
180.162.232.172 - - [01/May/2020:09:00:09 +0800] "POST /xingrg/kc/buy/cgsh_order_operate.html HTTP/1.1" 200 37
114.88.159.93 - - [01/May/2020:09:00:09 +0800] "POST /xingrg/dwr/call/plaincall/AjaxCheckService.loadOrderItems.dwr HTTP/1.1" 200 7261
172.17.0.123 - - [01/May/2020:09:00:13 +0800] "GET /xingrg/check_reg.html?_=1588294807729 HTTP/1.1" 302 -
180.162.232.172 - - [01/May/2020:09:00:16 +0800] "POST /xingrg/dwr/call/plaincall/AjaxCheckService.setItemNumber.dwr HTTP/1.1" 200 78
180.156.150.85 - - [01/May/2020:09:00:18 +0800] "GET /xingrg/kc/buy/cgsh_order_operate.html?command=get_materiel&rest_code=00105&code=00101002022&supplier_code=00100203&order_time=2020-05-01 HTTP/1.1" 200 409
180.162.232.172 - - [01/May/2020:09:00:18 +0800] "POST /xingrg/kc/buy/cgsh_order_operate.html HTTP/1.1" 200 12
124.77.110.230 - - [01/May/2020:09:00:18 +0800] "POST /xingrg/dwr/call/plaincall/AjaxComOrderService.getMaterielSearchList.dwr HTTP/1.1" 200 9747
180.162.232.172 - - [01/May/2020:09:00:18 +0800] "POST /xingrg/dwr/call/plaincall/AjaxCheckService.setItemNumber.dwr HTTP/1.1" 200 78
114.84.33.255 - - [01/May/2020:09:00:20 +0800] "GET /xingrg/all/function/internal_message.html?_=1588294829575&CODE_STATE=getMsg HTTP/1.1" 200 27
180.162.232.172 - - [01/May/2020:09:00:21 +0800] "POST /xingrg/dwr/call/plaincall/AjaxCheckService.setItemNumber.dwr HTTP/1.1" 200 78
180.162.232.172 - - [01/May/2020:09:00:22 +0800] "GET /xingrg/kc/buy/cgsh_order_info.html?code=212020050100009 HTTP/1.1" 200 53009
124.77.110.230 - - [01/May/2020:09:00:22 +0800] "POST /xingrg/dwr/call/plaincall/AjaxComOrderService.getMaterielSearchList.dwr HTTP/1.1" 200 2469
180.162.232.172 - - [01/May/2020:09:00:22 +0800] "GET /xingrg/javascript/easyui/themes/default/validatebox.css HTTP/1.1" 404 1104
180.162.232.172 - - [01/May/2020:09:00:23 +0800] "POST /xingrg/kc/buy/cgsh_order_operate.html HTTP/1.1" 200 1246
180.162.232.172 - - [01/May/2020:09:00:24 +0800] "POST /xingrg/dwr/call/plaincall/AjaxCheckService.setItemNumber.dwr HTTP/1.1" 200 78
180.156.150.85 - - [01/May/2020:09:00:24 +0800] "GET /xingrg/kc/buy/cgsh_order_operate.html?command=get_materiel&rest_code=00105&code=00101005009&supplier_code=00100203&order_time=2020-05-01 HTTP/1.1" 200 413
180.162.232.172 - - [01/May/2020:09:00:25 +0800] "GET /xingrg/kc/print/load_data.html?order_code=212020050100009&kc_code=cgsh&condition= HTTP/1.1" 200 956
124.77.110.230 - - [01/May/2020:09:00:26 +0800] "POST /xingrg/dwr/call/plaincall/AjaxComOrderService.getMaterielByCode.dwr HTTP/1.1" 200 3280
180.162.232.172 - - [01/May/2020:09:00:26 +0800] "POST /xingrg/dwr/call/plaincall/AjaxCheckService.setItemNumber.dwr HTTP/1.1" 200 78
180.162.232.172 - - [01/May/2020:09:00:30 +0800] "POST /xingrg/dwr/call/plaincall/AjaxCheckService.setItemNumber.dwr HTTP/1.1" 200 78
116.233.79.27 - - [01/May/2020:09:00:30 +0800] "GET /xingrg/all/function/internal_message.html?_=1588294829405&CODE_STATE=getMsg HTTP/1.1" 302 -
180.162.232.172 - - [01/May/2020:09:00:31 +0800] "POST /xingrg/dwr/call/plaincall/AjaxCheckService.setItemNumber.dwr HTTP/1.1" 200 78
124.77.110.230 - - [01/May/2020:09:00:33 +0800] "GET /xingrg/all/function/internal_message.html?_=1588294830718&CODE_STATE=getMsg HTTP/1.1" 200 27
222.69.138.117 - - [01/May/2020:09:00:35 +0800] "GET /xingrg/kc/buy/cgsh_order_operate.html?command=get_materiel&rest_code=00149&code=00101008155&supplier_code=00100005&order_time=2020-05-01 HTTP/1.1" 200 408
180.156.150.85 - - [01/May/2020:09:00:42 +0800] "GET /xingrg/kc/buy/cgsh_order_operate.html?command=get_materiel&rest_code=00105&code=00101001061&supplier_code=00100203&order_time=2020-05-01 HTTP/1.1" 200 417
180.162.232.172 - - [01/May/2020:09:00:44 +0800] "GET /xingrg/check_reg.html?_=1588294956986 HTTP/1.1" 200 22
114.88.159.93 - - [01/May/2020:09:00:45 +0800] "GET /xingrg/all/function/internal_message.html?_=1588294837862&CODE_STATE=getMsg HTTP/1.1" 200 27
180.162.232.172 - - [01/May/2020:09:00:45 +0800] "POST /xingrg/dwr/call/plaincall/AjaxCheckService.setItemNumber.dwr HTTP/1.1" 200 78
180.162.232.172 - - [01/May/2020:09:00:46 +0800] "GET /xingrg/all/function/internal_message.html?_=1588294959540&CODE_STATE=getMsg HTTP/1.1" 200 27
222.69.138.117 - - [01/May/2020:09:00:48 +0800] "GET /xingrg/check_reg.html?_=1588294839864 HTTP/1.1" 200 22
222.69.138.117 - - [01/May/2020:09:00:48 +0800] "GET /xingrg/all/function/internal_message.html?_=1588294839867&CODE_STATE=getMsg HTTP/1.1" 200 27
180.162.232.172 - - [01/May/2020:09:00:49 +0800] "POST /xingrg/dwr/call/plaincall/AjaxCheckService.setItemNumber.dwr HTTP/1.1" 200 78
180.162.232.172 - - [01/May/2020:09:00:52 +0800] "POST /xingrg/dwr/call/plaincall/AjaxCheckService.setItemNumber.dwr HTTP/1.1" 200 78
180.162.232.172 - - [01/May/2020:09:00:52 +0800] "POST /xingrg/all/user/operate.html HTTP/1.1" 200 36
180.162.232.172 - - [01/May/2020:09:00:52 +0800] "GET /xingrg/javascript/jquery_easy_ui/themes/default/easyui.css HTTP/1.1" 304 -
180.162.232.172 - - [01/May/2020:09:00:52 +0800] "GET /xingrg/javascript/jquery_easy_ui/themes/icon.css HTTP/1.1" 304 -
180.162.232.172 - - [01/May/2020:09:00:52 +0800] "GET /xingrg/index.html?sysBaseUrl=http%3A%2F%2F180.169.147.146%3A18081%2Fxingrg%2F&costTime=36×tamp=1588293791061 HTTP/1.1" 200 17177
180.162.232.172 - - [01/May/2020:09:00:52 +0800] "GET /xingrg/css/form.css HTTP/1.1" 304 -
180.162.232.172 - - [01/May/2020:09:00:52 +0800] "GET /xingrg/javascript/jquery-1.4.2.min.js HTTP/1.1" 304 -
180.162.232.172 - - [01/May/2020:09:00:52 +0800] "GET /xingrg/javascript/jquery_easy_ui/jquery.easyui.min.js HTTP/1.1" 304 -
180.162.232.172 - - [01/May/2020:09:00:52 +0800] "GET /xingrg/javascript/jquery_easy_ui/easyui-lang-zh_CN.js HTTP/1.1" 304 -
180.162.232.172 - - [01/May/2020:09:00:52 +0800] "GET /xingrg/javascript/jquery.form.js HTTP/1.1" 304 -
180.162.232.172 - - [01/May/2020:09:00:52 +0800] "GET /xingrg/javascript/jquery.utils.js HTTP/1.1" 304 -
180.162.232.172 - - [01/May/2020:09:00:52 +0800] "GET /xingrg/javascript/jquery.timers.js HTTP/1.1" 304 -
180.162.232.172 - - [01/May/2020:09:00:52 +0800] "GET /xingrg/javascript/jquery_easy_ui/themes/icons/settle_new.png HTTP/1.1" 304 -
180.162.232.172 - - [01/May/2020:09:00:52 +0800] "GET /xingrg/images/blue/jxLogo.png HTTP/1.1" 304 -
180.162.232.172 - - [01/May/2020:09:00:52 +0800] "GET /xingrg/images/blue/navBackgound.jpg HTTP/1.1" 304 -
180.162.232.172 - - [01/May/2020:09:00:53 +0800] "POST /xingrg/all/common/load_tree.html?tree=area_rest_tree_json&manage=1 HTTP/1.1" 200 476
180.162.232.172 - - [01/May/2020:09:00:53 +0800] "GET /xingrg/images/blue/pingpu.png HTTP/1.1" 304 -
180.162.232.172 - - [01/May/2020:09:00:53 +0800] "GET /xingrg/check_reg.html?_=1588294851812 HTTP/1.1" 200 22
180.162.232.172 - - [01/May/2020:09:00:53 +0800] "GET /xingrg/all/function/internal_message.html?_=1588294851811&CODE_STATE=count HTTP/1.1" 200 11
180.162.232.172 - - [01/May/2020:09:00:53 +0800] "GET /xingrg/javascript/jquery_easy_ui/themes/default/images/tabs_rightarrow.png HTTP/1.1" 304 -
180.162.232.172 - - [01/May/2020:09:00:53 +0800] "GET /xingrg/javascript/jquery_easy_ui/themes/default/images/tabs_leftarrow.png HTTP/1.1" 304 -
180.162.232.172 - - [01/May/2020:09:00:53 +0800] "GET /xingrg/javascript/jquery_easy_ui/themes/default/images/panel_tool_collapse.gif HTTP/1.1" 304 -
180.162.232.172 - - [01/May/2020:09:00:53 +0800] "POST /xingrg/load_menu.html HTTP/1.1" 200 5138
180.162.232.172 - - [01/May/2020:09:00:54 +0800] "POST /xingrg/dwr/call/plaincall/AjaxCheckService.setItemNumber.dwr HTTP/1.1" 200 78
180.162.232.172 - - [01/May/2020:09:00:55 +0800] "GET /xingrg/kc/buy/cgsh_order_list.html HTTP/1.1" 200 42582
180.162.232.172 - - [01/May/2020:09:00:56 +0800] "POST /xingrg/kc/buy/cgsh_list_operate.html HTTP/1.1" 200 876
180.156.150.85 - - [01/May/2020:09:00:56 +0800] "GET /xingrg/kc/buy/cgsh_order_operate.html?command=get_materiel&rest_code=00105&code=00101008256&supplier_code=00100203&order_time=2020-05-01 HTTP/1.1" 200 412
180.162.232.172 - - [01/May/2020:09:00:57 +0800] "GET /xingrg/kc/buy/cgsh_order_add.html HTTP/1.1" 200 57920
180.162.232.172 - - [01/May/2020:09:00:57 +0800] "POST /xingrg/kc/buy/cgsh_order_operate.html HTTP/1.1" 200 8245
180.162.232.172 - - [01/May/2020:09:00:57 +0800] "GET /xingrg/all/common/auto_word.html?type=employee&rest_code=00151 HTTP/1.1" 200 243
180.162.232.172 - - [01/May/2020:09:00:57 +0800] "GET /xingrg/javascript/easyui/themes/default/validatebox.css HTTP/1.1" 404 1104
180.162.232.172 - - [01/May/2020:09:00:57 +0800] "GET /xingrg/all/common/auto_word.html?type=employee&rest_code=00151 HTTP/1.1" 200 243
180.162.232.172 - - [01/May/2020:09:00:57 +0800] "POST /xingrg/dwr/call/plaincall/AjaxCheckService.setItemNumber.dwr HTTP/1.1" 200 78
114.84.33.255 - - [01/May/2020:09:00:57 +0800] "GET /xingrg/all/function/internal_message.html?_=1588294872462&CODE_STATE=getMsg HTTP/1.1" 200 27
172.17.0.123 - - [01/May/2020:09:00:58 +0800] "GET /xingrg/all/function/internal_message.html?_=1588294853067&CODE_STATE=getMsg HTTP/1.1" 302 -
114.88.159.93 - - [01/May/2020:09:00:58 +0800] "GET /xingrg/kc/base/check_order_info.html?code=452020043000231 HTTP/1.1" 200 26322
114.88.159.93 - - [01/May/2020:09:00:58 +0800] "GET /xingrg/dwr/interface/AjaxCheckService.js HTTP/1.1" 200 14003
114.88.159.93 - - [01/May/2020:09:00:58 +0800] "GET /xingrg/dwr/interface/AjaxComOrderService.js HTTP/1.1" 200 18264
114.88.159.93 - - [01/May/2020:09:00:58 +0800] "GET /xingrg/dwr/engine.js HTTP/1.1" 200 43631
180.162.232.172 - - [01/May/2020:09:00:58 +0800] "GET /xingrg/javascript/auto/indicator.gif HTTP/1.1" 404 1066
114.88.159.93 - - [01/May/2020:09:00:59 +0800] "POST /xingrg/dwr/call/plaincall/AjaxCheckService.loadOrderItems.dwr HTTP/1.1" 200 88521
58.40.7.146 - - [01/May/2020:09:01:01 +0800] "GET /xingrg/all/function/internal_message.html?_=1588294858183&CODE_STATE=getMsg HTTP/1.1" 200 27
58.40.7.146 - - [01/May/2020:09:01:01 +0800] "GET /xingrg/check_reg.html?_=1588294858185 HTTP/1.1" 200 22
114.84.32.201 - - [01/May/2020:09:01:01 +0800] "GET /xingrg/all/function/internal_message.html?_=1588294856173&CODE_STATE=getMsg HTTP/1.1" 200 27
222.69.138.117 - - [01/May/2020:09:01:02 +0800] "GET /xingrg/kc/buy/cgsh_order_operate.html?command=get_materiel&rest_code=00149&code=00101008331&supplier_code=00100005&order_time=2020-05-01 HTTP/1.1" 200 416
