124.77.110.230 - - [01/May/2020:09:25:52 +0800] "POST /xingrg/dwr/call/plaincall/AjaxCheckService.setItemNumber.dwr HTTP/1.1" 200 78
180.162.232.172 - - [01/May/2020:09:25:53 +0800] "GET /xingrg/check_reg.html?_=1588296351900 HTTP/1.1" 200 22
124.77.110.230 - - [01/May/2020:09:25:53 +0800] "POST /xingrg/dwr/call/plaincall/AjaxCheckService.setItemNumber.dwr HTTP/1.1" 200 78
61.151.178.175 - - [01/May/2020:09:25:53 +0800] "GET /xingrg/login.html HTTP/1.1" 200 7641
124.77.110.230 - - [01/May/2020:09:25:54 +0800] "POST /xingrg/dwr/call/plaincall/AjaxCheckService.setItemNumber.dwr HTTP/1.1" 200 78
124.77.110.230 - - [01/May/2020:09:25:54 +0800] "POST /xingrg/dwr/call/plaincall/AjaxCheckService.setItemNumber.dwr HTTP/1.1" 200 78
124.77.110.230 - - [01/May/2020:09:25:55 +0800] "POST /xingrg/dwr/call/plaincall/AjaxCheckService.setItemNumber.dwr HTTP/1.1" 200 78
124.77.110.230 - - [01/May/2020:09:25:55 +0800] "POST /xingrg/dwr/call/plaincall/AjaxCheckService.setItemNumber.dwr HTTP/1.1" 200 78
124.77.110.230 - - [01/May/2020:09:25:56 +0800] "POST /xingrg/dwr/call/plaincall/AjaxCheckService.setItemNumber.dwr HTTP/1.1" 200 78
124.77.110.230 - - [01/May/2020:09:25:57 +0800] "POST /xingrg/dwr/call/plaincall/AjaxCheckService.setItemNumber.dwr HTTP/1.1" 200 78
124.77.110.230 - - [01/May/2020:09:25:57 +0800] "POST /xingrg/dwr/call/plaincall/AjaxCheckService.setItemNumber.dwr HTTP/1.1" 200 78
124.77.110.230 - - [01/May/2020:09:25:58 +0800] "POST /xingrg/dwr/call/plaincall/AjaxCheckService.setItemNumber.dwr HTTP/1.1" 200 78
172.17.0.123 - - [01/May/2020:09:25:58 +0800] "GET /xingrg/all/function/internal_message.html?_=1588296353061&CODE_STATE=getMsg HTTP/1.1" 302 -
172.17.0.240 - - [01/May/2020:09:25:58 +0800] "GET /xingrg/all/function/internal_message.html?_=1588296355121&CODE_STATE=getMsg HTTP/1.1" 200 27
180.156.150.85 - - [01/May/2020:09:26:00 +0800] "GET /xingrg/kc/buy/cgsh_order_operate.html?command=get_materiel&rest_code=00105&code=00101005037&supplier_code=00100203&order_time=2020-05-01 HTTP/1.1" 200 409
124.77.110.230 - - [01/May/2020:09:26:00 +0800] "POST /xingrg/dwr/call/plaincall/AjaxCheckService.setItemNumber.dwr HTTP/1.1" 200 78
58.40.7.146 - - [01/May/2020:09:26:01 +0800] "GET /xingrg/check_reg.html?_=1588296358188 HTTP/1.1" 200 22
58.40.7.146 - - [01/May/2020:09:26:01 +0800] "GET /xingrg/all/function/internal_message.html?_=1588296358189&CODE_STATE=getMsg HTTP/1.1" 200 27
114.84.32.201 - - [01/May/2020:09:26:01 +0800] "GET /xingrg/all/function/internal_message.html?_=1588296356202&CODE_STATE=getMsg HTTP/1.1" 302 -
124.77.110.230 - - [01/May/2020:09:26:01 +0800] "POST /xingrg/dwr/call/plaincall/AjaxCheckService.setItemNumber.dwr HTTP/1.1" 200 78
124.77.110.230 - - [01/May/2020:09:26:01 +0800] "POST /xingrg/dwr/call/plaincall/AjaxCheckService.setItemNumber.dwr HTTP/1.1" 200 78
124.77.110.230 - - [01/May/2020:09:26:03 +0800] "POST /xingrg/dwr/call/plaincall/AjaxCheckService.setItemNumber.dwr HTTP/1.1" 200 78
117.185.32.26 - - [01/May/2020:09:26:03 +0800] "GET /xingrg/kc/buy/cgsh_order_operate.html?command=get_materiel&rest_code=00106&code=00101008312&supplier_code=00100007&order_time=2020-05-01 HTTP/1.1" 200 412
124.77.110.230 - - [01/May/2020:09:26:03 +0800] "POST /xingrg/dwr/call/plaincall/AjaxCheckService.setItemNumber.dwr HTTP/1.1" 200 78
124.77.110.230 - - [01/May/2020:09:26:04 +0800] "POST /xingrg/dwr/call/plaincall/AjaxCheckService.setItemNumber.dwr HTTP/1.1" 200 78
180.156.150.85 - - [01/May/2020:09:26:05 +0800] "GET /xingrg/all/function/internal_message.html?_=1588296364200&CODE_STATE=getMsg HTTP/1.1" 200 27
124.77.110.230 - - [01/May/2020:09:26:05 +0800] "POST /xingrg/dwr/call/plaincall/AjaxCheckService.setItemNumber.dwr HTTP/1.1" 200 78
124.77.110.230 - - [01/May/2020:09:26:05 +0800] "POST /xingrg/dwr/call/plaincall/AjaxCheckService.setItemNumber.dwr HTTP/1.1" 200 78
124.77.110.230 - - [01/May/2020:09:26:06 +0800] "POST /xingrg/dwr/call/plaincall/AjaxCheckService.setItemNumber.dwr HTTP/1.1" 200 78
180.161.113.183 - - [01/May/2020:09:26:08 +0800] "GET /xingrg/all/function/internal_message.html?_=1588296558214&CODE_STATE=getMsg HTTP/1.1" 200 27
114.84.33.255 - - [01/May/2020:09:26:10 +0800] "GET /xingrg/check_reg.html?_=1588296385684 HTTP/1.1" 200 22
114.84.33.255 - - [01/May/2020:09:26:11 +0800] "GET /xingrg/all/function/internal_message.html?_=1588296385933&CODE_STATE=getMsg HTTP/1.1" 200 27
172.17.0.120 - - [01/May/2020:09:26:12 +0800] "GET /xingrg/all/function/internal_message.html?_=1588296367624&CODE_STATE=getMsg HTTP/1.1" 200 27
172.17.0.120 - - [01/May/2020:09:26:12 +0800] "GET /xingrg/check_reg.html?_=1588296367622 HTTP/1.1" 200 22
124.77.110.230 - - [01/May/2020:09:26:16 +0800] "POST /xingrg/dwr/call/plaincall/AjaxComOrderService.getMaterielSearchList.dwr HTTP/1.1" 200 8305
172.17.0.100 - - [01/May/2020:09:26:18 +0800] "GET /xingrg/all/function/internal_message.html?_=1588296397661&CODE_STATE=getMsg HTTP/1.1" 200 27
172.17.0.100 - - [01/May/2020:09:26:18 +0800] "GET /xingrg/check_reg.html?_=1588296397665 HTTP/1.1" 200 22
172.17.0.101 - - [01/May/2020:09:26:18 +0800] "GET /xingrg/all/function/internal_message.html?_=1588296382703&CODE_STATE=getMsg HTTP/1.1" 200 27
124.77.110.230 - - [01/May/2020:09:26:19 +0800] "POST /xingrg/dwr/call/plaincall/AjaxComOrderService.getMaterielSearchList.dwr HTTP/1.1" 200 533
114.84.33.255 - - [01/May/2020:09:26:20 +0800] "GET /xingrg/all/function/internal_message.html?_=1588296390100&CODE_STATE=getMsg HTTP/1.1" 200 27
124.77.110.230 - - [01/May/2020:09:26:23 +0800] "POST /xingrg/dwr/call/plaincall/AjaxComOrderService.getMaterielByCode.dwr HTTP/1.1" 200 3196
116.233.79.98 - - [01/May/2020:09:26:24 +0800] "POST /xingrg/dwr/call/plaincall/AjaxCheckService.setItemNumber.dwr HTTP/1.1" 200 78
114.86.190.97 - - [01/May/2020:09:26:27 +0800] "GET /xingrg/all/function/internal_message.html?_=1588296391745&CODE_STATE=getMsg HTTP/1.1" 200 27
124.77.110.230 - - [01/May/2020:09:26:28 +0800] "POST /xingrg/dwr/call/plaincall/AjaxCheckService.addOrderItem.dwr HTTP/1.1" 200 711
116.233.79.27 - - [01/May/2020:09:26:30 +0800] "GET /xingrg/all/function/internal_message.html?_=1588296388887&CODE_STATE=getMsg HTTP/1.1" 302 -
116.233.79.98 - - [01/May/2020:09:26:31 +0800] "GET /xingrg/check_reg.html?_=1588296438859 HTTP/1.1" 200 22
116.233.79.98 - - [01/May/2020:09:26:31 +0800] "GET /xingrg/all/function/internal_message.html?_=1588296438859&CODE_STATE=getMsg HTTP/1.1" 200 27
117.185.32.26 - - [01/May/2020:09:26:31 +0800] "GET /xingrg/kc/buy/cgsh_order_operate.html?command=get_materiel&rest_code=00106&code=00101008362&supplier_code=00100007&order_time=2020-05-01 HTTP/1.1" 200 408
116.233.79.98 - - [01/May/2020:09:26:31 +0800] "GET /xingrg/kc/base/check_order_list.html?isBack=1 HTTP/1.1" 200 16371
116.233.79.98 - - [01/May/2020:09:26:32 +0800] "POST /xingrg/kc/base/check_list_operate.html HTTP/1.1" 200 4646
117.185.32.26 - - [01/May/2020:09:26:33 +0800] "GET /xingrg/check_reg.html?_=1588296389561 HTTP/1.1" 200 22
117.131.5.26 - - [01/May/2020:09:26:33 +0800] "GET /xingrg/check_reg.html?_=1588296656105 HTTP/1.1" 302 -
117.131.5.26 - - [01/May/2020:09:26:33 +0800] "GET /xingrg/login.html HTTP/1.1" 200 7641
124.77.110.230 - - [01/May/2020:09:26:33 +0800] "GET /xingrg/all/function/internal_message.html?_=1588296391143&CODE_STATE=getMsg HTTP/1.1" 200 27
114.88.159.93 - - [01/May/2020:09:26:34 +0800] "GET /xingrg/all/function/internal_message.html?_=1588296386719&CODE_STATE=getMsg HTTP/1.1" 200 27
116.233.79.98 - - [01/May/2020:09:26:34 +0800] "GET /xingrg/kc/base/check_order_info.html?code=452020043000318 HTTP/1.1" 200 26362
116.233.79.98 - - [01/May/2020:09:26:34 +0800] "GET /xingrg/dwr/interface/AjaxCheckService.js HTTP/1.1" 200 14003
116.233.79.98 - - [01/May/2020:09:26:34 +0800] "GET /xingrg/dwr/interface/AjaxComOrderService.js HTTP/1.1" 200 18264
116.233.79.98 - - [01/May/2020:09:26:34 +0800] "GET /xingrg/dwr/engine.js HTTP/1.1" 200 43631
116.233.79.98 - - [01/May/2020:09:26:34 +0800] "POST /xingrg/dwr/call/plaincall/AjaxCheckService.loadOrderItems.dwr HTTP/1.1" 200 6911
124.77.110.230 - - [01/May/2020:09:26:35 +0800] "POST /xingrg/dwr/call/plaincall/AjaxComOrderService.getMaterielSearchList.dwr HTTP/1.1" 200 205
124.77.110.230 - - [01/May/2020:09:26:37 +0800] "POST /xingrg/dwr/call/plaincall/AjaxComOrderService.getMaterielSearchList.dwr HTTP/1.1" 200 4314
124.77.110.230 - - [01/May/2020:09:26:43 +0800] "POST /xingrg/dwr/call/plaincall/AjaxComOrderService.getMaterielSearchList.dwr HTTP/1.1" 200 205
124.77.110.230 - - [01/May/2020:09:26:44 +0800] "POST /xingrg/dwr/call/plaincall/AjaxComOrderService.getMaterielSearchList.dwr HTTP/1.1" 200 543
180.156.150.85 - - [01/May/2020:09:26:46 +0800] "GET /xingrg/kc/buy/cgsh_order_operate.html?command=get_materiel&rest_code=00105&code=00101008323&supplier_code=00100203&order_time=2020-05-01 HTTP/1.1" 200 408
180.162.232.172 - - [01/May/2020:09:26:47 +0800] "GET /xingrg/all/function/internal_message.html?_=1588296519893&CODE_STATE=getMsg HTTP/1.1" 200 27
116.233.79.98 - - [01/May/2020:09:26:47 +0800] "POST /xingrg/dwr/call/plaincall/AjaxCheckService.setItemNumber.dwr HTTP/1.1" 200 76
117.185.32.26 - - [01/May/2020:09:26:47 +0800] "POST /xingrg/kc/buy/cgsh_order_operate.html HTTP/1.1" 200 37
116.233.79.98 - - [01/May/2020:09:26:48 +0800] "POST /xingrg/dwr/call/plaincall/AjaxCheckService.setItemNumber.dwr HTTP/1.1" 200 76
222.69.138.117 - - [01/May/2020:09:26:48 +0800] "GET /xingrg/all/function/internal_message.html?_=1588296399899&CODE_STATE=getMsg HTTP/1.1" 200 27
116.233.79.27 - - [01/May/2020:09:26:48 +0800] "GET /xingrg/check_reg.html?_=1588296407421 HTTP/1.1" 302 -
117.185.32.26 - - [01/May/2020:09:26:48 +0800] "POST /xingrg/kc/buy/cgsh_order_operate.html HTTP/1.1" 200 18626
116.233.79.98 - - [01/May/2020:09:26:48 +0800] "POST /xingrg/dwr/call/plaincall/AjaxCheckService.setItemNumber.dwr HTTP/1.1" 200 76
124.77.110.230 - - [01/May/2020:09:26:49 +0800] "POST /xingrg/dwr/call/plaincall/AjaxComOrderService.getMaterielByCode.dwr HTTP/1.1" 200 3189
116.233.79.98 - - [01/May/2020:09:26:49 +0800] "POST /xingrg/dwr/call/plaincall/AjaxCheckService.setItemNumber.dwr HTTP/1.1" 200 76
116.233.79.98 - - [01/May/2020:09:26:49 +0800] "POST /xingrg/dwr/call/plaincall/AjaxCheckService.setItemNumber.dwr HTTP/1.1" 200 76
116.233.79.98 - - [01/May/2020:09:26:50 +0800] "POST /xingrg/dwr/call/plaincall/AjaxCheckService.setItemNumber.dwr HTTP/1.1" 200 76
116.233.79.98 - - [01/May/2020:09:26:51 +0800] "POST /xingrg/dwr/call/plaincall/AjaxCheckService.setItemNumber.dwr HTTP/1.1" 200 76
124.77.110.230 - - [01/May/2020:09:26:52 +0800] "POST /xingrg/dwr/call/plaincall/AjaxCheckService.addOrderItem.dwr HTTP/1.1" 200 704
116.233.79.98 - - [01/May/2020:09:26:52 +0800] "POST /xingrg/dwr/call/plaincall/AjaxCheckService.setItemNumber.dwr HTTP/1.1" 200 76
180.162.232.172 - - [01/May/2020:09:26:52 +0800] "GET /xingrg/all/function/internal_message.html?_=1588296411555&CODE_STATE=getMsg HTTP/1.1" 200 27
116.233.79.98 - - [01/May/2020:09:26:52 +0800] "POST /xingrg/dwr/call/plaincall/AjaxCheckService.setItemNumber.dwr HTTP/1.1" 200 76
116.233.79.98 - - [01/May/2020:09:26:53 +0800] "POST /xingrg/dwr/call/plaincall/AjaxCheckService.setItemNumber.dwr HTTP/1.1" 200 77
124.77.110.230 - - [01/May/2020:09:26:57 +0800] "POST /xingrg/dwr/call/plaincall/AjaxComOrderService.getMaterielSearchList.dwr HTTP/1.1" 200 18463
117.185.32.26 - - [01/May/2020:09:26:58 +0800] "GET /xingrg/kc/buy/cgsh_order_operate.html?command=get_materiel&rest_code=00106&code=00101008041&supplier_code=00100007&order_time=2020-05-01 HTTP/1.1" 200 408
172.17.0.123 - - [01/May/2020:09:26:58 +0800] "GET /xingrg/all/function/internal_message.html?_=1588296413061&CODE_STATE=getMsg HTTP/1.1" 302 -
172.17.0.123 - - [01/May/2020:09:26:58 +0800] "GET /xingrg/check_reg.html?_=1588296413063 HTTP/1.1" 302 -
172.17.0.240 - - [01/May/2020:09:26:58 +0800] "GET /xingrg/all/function/internal_message.html?_=1588296415132&CODE_STATE=getMsg HTTP/1.1" 200 27
180.156.150.85 - - [01/May/2020:09:27:00 +0800] "GET /xingrg/kc/buy/cgsh_order_operate.html?command=get_materiel&rest_code=00105&code=00101008261&supplier_code=00100203&order_time=2020-05-01 HTTP/1.1" 200 408
58.40.7.146 - - [01/May/2020:09:27:01 +0800] "GET /xingrg/all/function/internal_message.html?_=1588296418189&CODE_STATE=getMsg HTTP/1.1" 200 27
114.84.32.201 - - [01/May/2020:09:27:01 +0800] "GET /xingrg/all/function/internal_message.html?_=1588296416201&CODE_STATE=getMsg HTTP/1.1" 302 -
124.77.110.230 - - [01/May/2020:09:27:01 +0800] "POST /xingrg/dwr/call/plaincall/AjaxComOrderService.getMaterielSearchList.dwr HTTP/1.1" 200 411
116.233.79.98 - - [01/May/2020:09:27:02 +0800] "POST /xingrg/dwr/call/plaincall/AjaxCheckService.setItemNumber.dwr HTTP/1.1" 200 77
124.77.110.230 - - [01/May/2020:09:27:02 +0800] "POST /xingrg/dwr/call/plaincall/AjaxComOrderService.getMaterielByCode.dwr HTTP/1.1" 200 3195
180.156.150.85 - - [01/May/2020:09:27:05 +0800] "GET /xingrg/all/function/internal_message.html?_=1588296424184&CODE_STATE=getMsg HTTP/1.1" 200 27
180.156.150.85 - - [01/May/2020:09:27:05 +0800] "GET /xingrg/check_reg.html?_=1588296424769 HTTP/1.1" 200 22
180.161.113.183 - - [01/May/2020:09:27:09 +0800] "GET /xingrg/all/function/internal_message.html?_=1588296618744&CODE_STATE=getMsg HTTP/1.1" 200 27
114.84.33.255 - - [01/May/2020:09:27:11 +0800] "GET /xingrg/all/function/internal_message.html?_=1588296445946&CODE_STATE=getMsg HTTP/1.1" 200 27
172.17.0.120 - - [01/May/2020:09:27:12 +0800] "GET /xingrg/all/function/internal_message.html?_=1588296427624&CODE_STATE=getMsg HTTP/1.1" 200 27
124.77.110.230 - - [01/May/2020:09:27:15 +0800] "POST /xingrg/dwr/call/plaincall/AjaxCheckService.addOrderItem.dwr HTTP/1.1" 200 710
172.17.0.100 - - [01/May/2020:09:27:18 +0800] "GET /xingrg/all/function/internal_message.html?_=1588296457665&CODE_STATE=getMsg HTTP/1.1" 200 27
172.17.0.101 - - [01/May/2020:09:27:18 +0800] "GET /xingrg/check_reg.html?_=1588296442708 HTTP/1.1" 200 22
172.17.0.101 - - [01/May/2020:09:27:18 +0800] "GET /xingrg/all/function/internal_message.html?_=1588296442712&CODE_STATE=getMsg HTTP/1.1" 200 27
114.84.33.255 - - [01/May/2020:09:27:20 +0800] "GET /xingrg/all/function/internal_message.html?_=1588296450271&CODE_STATE=getMsg HTTP/1.1" 200 27
117.185.32.26 - - [01/May/2020:09:27:21 +0800] "GET /xingrg/kc/buy/cgsh_order_operate.html?command=get_materiel&rest_code=00106&code=00101008092&supplier_code=00100007&order_time=2020-05-01 HTTP/1.1" 200 412
124.77.110.230 - - [01/May/2020:09:27:23 +0800] "POST /xingrg/dwr/call/plaincall/AjaxComOrderService.getMaterielSearchList.dwr HTTP/1.1" 200 29258
124.77.110.230 - - [01/May/2020:09:27:26 +0800] "POST /xingrg/dwr/call/plaincall/AjaxComOrderService.getMaterielSearchList.dwr HTTP/1.1" 200 817
114.86.190.97 - - [01/May/2020:09:27:27 +0800] "GET /xingrg/all/function/internal_message.html?_=1588296451758&CODE_STATE=getMsg HTTP/1.1" 200 27
116.233.79.98 - - [01/May/2020:09:27:29 +0800] "POST /xingrg/dwr/call/plaincall/AjaxCheckService.setItemNumber.dwr HTTP/1.1" 200 77
116.233.79.98 - - [01/May/2020:09:27:29 +0800] "GET /xingrg/all/function/internal_message.html?_=1588296498875&CODE_STATE=getMsg HTTP/1.1" 200 27
116.233.79.27 - - [01/May/2020:09:27:29 +0800] "GET /xingrg/all/function/internal_message.html?_=1588296448859&CODE_STATE=getMsg HTTP/1.1" 302 -
124.77.110.230 - - [01/May/2020:09:27:30 +0800] "POST /xingrg/dwr/call/plaincall/AjaxComOrderService.getMaterielByCode.dwr HTTP/1.1" 200 3195
124.77.110.230 - - [01/May/2020:09:27:33 +0800] "GET /xingrg/check_reg.html?_=1588296450746 HTTP/1.1" 200 22
124.77.110.230 - - [01/May/2020:09:27:33 +0800] "GET /xingrg/all/function/internal_message.html?_=1588296451125&CODE_STATE=getMsg HTTP/1.1" 200 27
114.88.159.93 - - [01/May/2020:09:27:34 +0800] "GET /xingrg/all/function/internal_message.html?_=1588296446718&CODE_STATE=getMsg HTTP/1.1" 200 27
116.233.79.98 - - [01/May/2020:09:27:34 +0800] "GET /xingrg/kc/base/check_order_list.html?isBack=1 HTTP/1.1" 200 16371
116.233.79.98 - - [01/May/2020:09:27:34 +0800] "GET /xingrg/javascript/easyui/themes/default/images/button_plain_hover.png HTTP/1.1" 304 -
116.233.79.98 - - [01/May/2020:09:27:34 +0800] "POST /xingrg/kc/base/check_list_operate.html HTTP/1.1" 200 4646
124.77.110.230 - - [01/May/2020:09:27:35 +0800] "POST /xingrg/dwr/call/plaincall/AjaxCheckService.addOrderItem.dwr HTTP/1.1" 200 711
124.77.110.230 - - [01/May/2020:09:27:38 +0800] "POST /xingrg/dwr/call/plaincall/AjaxComOrderService.getMaterielSearchList.dwr HTTP/1.1" 200 20023
116.233.79.98 - - [01/May/2020:09:27:43 +0800] "GET /xingrg/kc/base/check_order_info.html?code=452020043000316 HTTP/1.1" 200 26362
116.233.79.98 - - [01/May/2020:09:27:43 +0800] "GET /xingrg/dwr/interface/AjaxCheckService.js HTTP/1.1" 200 14003
116.233.79.98 - - [01/May/2020:09:27:43 +0800] "GET /xingrg/dwr/interface/AjaxComOrderService.js HTTP/1.1" 200 18264
116.233.79.98 - - [01/May/2020:09:27:43 +0800] "GET /xingrg/dwr/engine.js HTTP/1.1" 200 43631
124.77.110.230 - - [01/May/2020:09:27:43 +0800] "POST /xingrg/dwr/call/plaincall/AjaxComOrderService.getMaterielSearchList.dwr HTTP/1.1" 200 782
116.233.79.98 - - [01/May/2020:09:27:43 +0800] "POST /xingrg/dwr/call/plaincall/AjaxCheckService.loadOrderItems.dwr HTTP/1.1" 200 14309
117.185.32.26 - - [01/May/2020:09:27:44 +0800] "GET /xingrg/kc/buy/cgsh_order_operate.html?command=get_materiel&rest_code=00106&code=00101020152&supplier_code=00100007&order_time=2020-05-01 HTTP/1.1" 200 416
116.233.79.98 - - [01/May/2020:09:27:47 +0800] "POST /xingrg/dwr/call/plaincall/AjaxCheckService.setItemNumber.dwr HTTP/1.1" 200 76
180.162.232.172 - - [01/May/2020:09:27:47 +0800] "GET /xingrg/all/function/internal_message.html?_=1588296579908&CODE_STATE=getMsg HTTP/1.1" 200 27
222.69.138.117 - - [01/May/2020:09:27:48 +0800] "GET /xingrg/all/function/internal_message.html?_=1588296459894&CODE_STATE=getMsg HTTP/1.1" 200 27
116.233.79.98 - - [01/May/2020:09:27:48 +0800] "POST /xingrg/dwr/call/plaincall/AjaxCheckService.setItemNumber.dwr HTTP/1.1" 200 76
116.233.79.98 - - [01/May/2020:09:27:50 +0800] "POST /xingrg/dwr/call/plaincall/AjaxCheckService.setItemNumber.dwr HTTP/1.1" 200 76
180.156.150.85 - - [01/May/2020:09:27:51 +0800] "GET /xingrg/kc/buy/cgsh_order_operate.html?command=get_materiel&rest_code=00105&code=00101008072&supplier_code=00100203&order_time=2020-05-01 HTTP/1.1" 200 408
116.233.79.98 - - [01/May/2020:09:27:51 +0800] "POST /xingrg/dwr/call/plaincall/AjaxCheckService.setItemNumber.dwr HTTP/1.1" 200 76
116.233.79.98 - - [01/May/2020:09:27:52 +0800] "POST /xingrg/dwr/call/plaincall/AjaxCheckService.setItemNumber.dwr HTTP/1.1" 200 76
124.77.110.230 - - [01/May/2020:09:27:52 +0800] "POST /xingrg/dwr/call/plaincall/AjaxComOrderService.getMaterielByCode.dwr HTTP/1.1" 200 3195
117.185.32.26 - - [01/May/2020:09:27:52 +0800] "GET /xingrg/kc/buy/cgsh_order_operate.html?command=get_materiel&rest_code=00106&code=00101008298&supplier_code=00100007&order_time=2020-05-01 HTTP/1.1" 200 412
116.233.79.98 - - [01/May/2020:09:27:52 +0800] "POST /xingrg/dwr/call/plaincall/AjaxCheckService.setItemNumber.dwr HTTP/1.1" 200 76
180.162.232.172 - - [01/May/2020:09:27:52 +0800] "GET /xingrg/all/function/internal_message.html?_=1588296471537&CODE_STATE=getMsg HTTP/1.1" 200 27
116.233.79.98 - - [01/May/2020:09:27:53 +0800] "POST /xingrg/dwr/call/plaincall/AjaxCheckService.setItemNumber.dwr HTTP/1.1" 200 76
116.233.79.98 - - [01/May/2020:09:27:53 +0800] "POST /xingrg/dwr/call/plaincall/AjaxCheckService.setItemNumber.dwr HTTP/1.1" 200 76
116.233.79.98 - - [01/May/2020:09:27:54 +0800] "POST /xingrg/dwr/call/plaincall/AjaxCheckService.setItemNumber.dwr HTTP/1.1" 200 76
117.185.32.26 - - [01/May/2020:09:27:54 +0800] "POST /xingrg/kc/buy/cgsh_order_operate.html HTTP/1.1" 200 2065
116.233.79.98 - - [01/May/2020:09:27:55 +0800] "POST /xingrg/dwr/call/plaincall/AjaxCheckService.setItemNumber.dwr HTTP/1.1" 200 77
116.233.79.98 - - [01/May/2020:09:27:55 +0800] "POST /xingrg/dwr/call/plaincall/AjaxCheckService.setItemNumber.dwr HTTP/1.1" 200 77
116.233.79.98 - - [01/May/2020:09:27:56 +0800] "POST /xingrg/dwr/call/plaincall/AjaxCheckService.setItemNumber.dwr HTTP/1.1" 200 77
116.233.79.98 - - [01/May/2020:09:27:56 +0800] "POST /xingrg/dwr/call/plaincall/AjaxCheckService.setItemNumber.dwr HTTP/1.1" 200 77
116.233.79.98 - - [01/May/2020:09:27:57 +0800] "POST /xingrg/dwr/call/plaincall/AjaxCheckService.setItemNumber.dwr HTTP/1.1" 200 77
116.233.79.98 - - [01/May/2020:09:27:57 +0800] "POST /xingrg/dwr/call/plaincall/AjaxCheckService.setItemNumber.dwr HTTP/1.1" 200 77
116.233.79.98 - - [01/May/2020:09:27:58 +0800] "POST /xingrg/dwr/call/plaincall/AjaxCheckService.setItemNumber.dwr HTTP/1.1" 200 77
117.185.32.26 - - [01/May/2020:09:27:58 +0800] "POST /xingrg/kc/buy/cgsh_order_operate.html HTTP/1.1" 200 37
172.17.0.123 - - [01/May/2020:09:27:58 +0800] "GET /xingrg/all/function/internal_message.html?_=1588296473067&CODE_STATE=getMsg HTTP/1.1" 302 -
116.233.79.98 - - [01/May/2020:09:27:58 +0800] "POST /xingrg/dwr/call/plaincall/AjaxCheckService.setItemNumber.dwr HTTP/1.1" 200 77
116.233.79.98 - - [01/May/2020:09:27:58 +0800] "POST /xingrg/dwr/call/plaincall/AjaxCheckService.setItemNumber.dwr HTTP/1.1" 200 77
172.17.0.240 - - [01/May/2020:09:27:58 +0800] "GET /xingrg/check_reg.html?_=1588296475124 HTTP/1.1" 200 22
172.17.0.240 - - [01/May/2020:09:27:58 +0800] "GET /xingrg/all/function/internal_message.html?_=1588296475127&CODE_STATE=getMsg HTTP/1.1" 200 27
117.185.32.26 - - [01/May/2020:09:27:59 +0800] "POST /xingrg/kc/buy/cgsh_order_operate.html HTTP/1.1" 200 20987
124.77.110.230 - - [01/May/2020:09:27:59 +0800] "POST /xingrg/dwr/call/plaincall/AjaxComOrderService.getMaterielSearchList.dwr HTTP/1.1" 200 20023
116.233.79.98 - - [01/May/2020:09:27:59 +0800] "POST /xingrg/dwr/call/plaincall/AjaxCheckService.setItemNumber.dwr HTTP/1.1" 200 77
116.233.79.98 - - [01/May/2020:09:28:00 +0800] "POST /xingrg/dwr/call/plaincall/AjaxCheckService.setItemNumber.dwr HTTP/1.1" 200 77
116.233.79.98 - - [01/May/2020:09:28:00 +0800] "POST /xingrg/dwr/call/plaincall/AjaxCheckService.setItemNumber.dwr HTTP/1.1" 200 77
180.156.150.85 - - [01/May/2020:09:28:00 +0800] "GET /xingrg/kc/buy/cgsh_order_operate.html?command=get_materiel&rest_code=00105&code=00101008210&supplier_code=00100203&order_time=2020-05-01 HTTP/1.1" 200 408
58.40.7.146 - - [01/May/2020:09:28:01 +0800] "GET /xingrg/all/function/internal_message.html?_=1588296478192&CODE_STATE=getMsg HTTP/1.1" 200 27
114.84.32.201 - - [01/May/2020:09:28:01 +0800] "GET /xingrg/check_reg.html?_=1588296476200 HTTP/1.1" 302 -
114.84.32.201 - - [01/May/2020:09:28:01 +0800] "GET /xingrg/all/function/internal_message.html?_=1588296476203&CODE_STATE=getMsg HTTP/1.1" 302 -
116.233.79.98 - - [01/May/2020:09:28:01 +0800] "POST /xingrg/dwr/call/plaincall/AjaxCheckService.setItemNumber.dwr HTTP/1.1" 200 77
180.161.113.183 - - [01/May/2020:09:28:02 +0800] "GET /xingrg/check_reg.html?_=1588296671940 HTTP/1.1" 200 22
124.77.110.230 - - [01/May/2020:09:28:03 +0800] "POST /xingrg/dwr/call/plaincall/AjaxComOrderService.getMaterielSearchList.dwr HTTP/1.1" 200 782
116.233.79.98 - - [01/May/2020:09:28:04 +0800] "GET /xingrg/kc/base/check_order_list.html?isBack=1 HTTP/1.1" 200 16371
116.233.79.98 - - [01/May/2020:09:28:04 +0800] "POST /xingrg/kc/base/check_list_operate.html HTTP/1.1" 200 4646
180.156.150.85 - - [01/May/2020:09:28:05 +0800] "GET /xingrg/all/function/internal_message.html?_=1588296484243&CODE_STATE=getMsg HTTP/1.1" 200 27
116.233.79.98 - - [01/May/2020:09:28:06 +0800] "GET /xingrg/kc/base/check_order_info.html?code=452020043000317 HTTP/1.1" 200 26362
116.233.79.98 - - [01/May/2020:09:28:06 +0800] "GET /xingrg/dwr/interface/AjaxComOrderService.js HTTP/1.1" 200 18264
116.233.79.98 - - [01/May/2020:09:28:06 +0800] "GET /xingrg/dwr/interface/AjaxCheckService.js HTTP/1.1" 200 14003
116.233.79.98 - - [01/May/2020:09:28:06 +0800] "GET /xingrg/dwr/engine.js HTTP/1.1" 200 43631
180.156.150.85 - - [01/May/2020:09:28:07 +0800] "GET /xingrg/kc/buy/cgsh_order_operate.html?command=get_materiel&rest_code=00105&code=00101008027&supplier_code=00100203&order_time=2020-05-01 HTTP/1.1" 200 408
116.233.79.98 - - [01/May/2020:09:28:07 +0800] "POST /xingrg/dwr/call/plaincall/AjaxCheckService.loadOrderItems.dwr HTTP/1.1" 200 5410
124.77.110.230 - - [01/May/2020:09:28:07 +0800] "POST /xingrg/dwr/call/plaincall/AjaxComOrderService.getMaterielByCode.dwr HTTP/1.1" 200 3189
180.161.113.183 - - [01/May/2020:09:28:09 +0800] "GET /xingrg/all/function/internal_message.html?_=1588296678757&CODE_STATE=getMsg HTTP/1.1" 200 27
124.77.110.230 - - [01/May/2020:09:28:10 +0800] "POST /xingrg/dwr/call/plaincall/AjaxCheckService.addOrderItem.dwr HTTP/1.1" 200 702
114.84.33.255 - - [01/May/2020:09:28:11 +0800] "GET /xingrg/all/function/internal_message.html?_=1588296505959&CODE_STATE=getMsg HTTP/1.1" 200 27
172.17.0.120 - - [01/May/2020:09:28:12 +0800] "GET /xingrg/all/function/internal_message.html?_=1588296487626&CODE_STATE=getMsg HTTP/1.1" 200 27
116.233.79.98 - - [01/May/2020:09:28:13 +0800] "POST /xingrg/dwr/call/plaincall/AjaxCheckService.setItemNumber.dwr HTTP/1.1" 200 76
116.233.79.98 - - [01/May/2020:09:28:14 +0800] "POST /xingrg/dwr/call/plaincall/AjaxCheckService.setItemNumber.dwr HTTP/1.1" 200 76
116.233.79.98 - - [01/May/2020:09:28:15 +0800] "POST /xingrg/dwr/call/plaincall/AjaxCheckService.setItemNumber.dwr HTTP/1.1" 200 76
116.233.79.98 - - [01/May/2020:09:28:16 +0800] "POST /xingrg/dwr/call/plaincall/AjaxCheckService.setItemNumber.dwr HTTP/1.1" 200 76
116.233.79.98 - - [01/May/2020:09:28:16 +0800] "POST /xingrg/dwr/call/plaincall/AjaxCheckService.setItemNumber.dwr HTTP/1.1" 200 76
116.233.79.98 - - [01/May/2020:09:28:16 +0800] "POST /xingrg/dwr/call/plaincall/AjaxCheckService.setItemNumber.dwr HTTP/1.1" 200 76
116.233.79.98 - - [01/May/2020:09:28:17 +0800] "POST /xingrg/dwr/call/plaincall/AjaxCheckService.setItemNumber.dwr HTTP/1.1" 200 76
116.233.79.98 - - [01/May/2020:09:28:18 +0800] "POST /xingrg/dwr/call/plaincall/AjaxCheckService.setItemNumber.dwr HTTP/1.1" 200 76
172.17.0.100 - - [01/May/2020:09:28:18 +0800] "GET /xingrg/all/function/internal_message.html?_=1588296517665&CODE_STATE=getMsg HTTP/1.1" 200 27
172.17.0.101 - - [01/May/2020:09:28:18 +0800] "GET /xingrg/all/function/internal_message.html?_=1588296502706&CODE_STATE=getMsg HTTP/1.1" 200 27
180.156.150.85 - - [01/May/2020:09:28:20 +0800] "GET /xingrg/kc/buy/cgsh_order_operate.html?command=get_materiel&rest_code=00105&code=00101008132&supplier_code=00100203&order_time=2020-05-01 HTTP/1.1" 200 408
114.84.33.255 - - [01/May/2020:09:28:20 +0800] "GET /xingrg/all/function/internal_message.html?_=1588296510283&CODE_STATE=getMsg HTTP/1.1" 200 27
116.233.79.98 - - [01/May/2020:09:28:20 +0800] "GET /xingrg/kc/base/check_order_list.html?isBack=1 HTTP/1.1" 200 16371
116.233.79.98 - - [01/May/2020:09:28:21 +0800] "POST /xingrg/kc/base/check_list_operate.html HTTP/1.1" 200 4646
124.77.110.230 - - [01/May/2020:09:28:21 +0800] "POST /xingrg/dwr/call/plaincall/AjaxComOrderService.getMaterielSearchList.dwr HTTP/1.1" 200 5485
124.77.110.230 - - [01/May/2020:09:28:24 +0800] "POST /xingrg/dwr/call/plaincall/AjaxComOrderService.getMaterielSearchList.dwr HTTP/1.1" 200 680
114.86.190.97 - - [01/May/2020:09:28:26 +0800] "GET /xingrg/check_reg.html?_=1588296511478 HTTP/1.1" 200 22
116.233.79.98 - - [01/May/2020:09:28:26 +0800] "GET /xingrg/all/function/internal_message.html?_=1588296558875&CODE_STATE=getMsg HTTP/1.1" 200 27
114.86.190.97 - - [01/May/2020:09:28:27 +0800] "GET /xingrg/all/function/internal_message.html?_=1588296511772&CODE_STATE=getMsg HTTP/1.1" 200 27
116.233.79.98 - - [01/May/2020:09:28:27 +0800] "GET /xingrg/kc/base/check_order_info.html?code=452020043000313 HTTP/1.1" 200 26362
116.233.79.98 - - [01/May/2020:09:28:27 +0800] "GET /xingrg/dwr/interface/AjaxComOrderService.js HTTP/1.1" 200 18264
116.233.79.98 - - [01/May/2020:09:28:27 +0800] "GET /xingrg/dwr/interface/AjaxCheckService.js HTTP/1.1" 200 14003
116.233.79.98 - - [01/May/2020:09:28:27 +0800] "GET /xingrg/dwr/engine.js HTTP/1.1" 200 43631
116.233.79.98 - - [01/May/2020:09:28:28 +0800] "POST /xingrg/dwr/call/plaincall/AjaxCheckService.loadOrderItems.dwr HTTP/1.1" 200 28799
180.156.150.85 - - [01/May/2020:09:28:28 +0800] "GET /xingrg/kc/buy/cgsh_order_operate.html?command=get_materiel&rest_code=00105&code=00101008096&supplier_code=00100203&order_time=2020-05-01 HTTP/1.1" 200 412
116.233.79.27 - - [01/May/2020:09:28:29 +0800] "GET /xingrg/all/function/internal_message.html?_=1588296508844&CODE_STATE=getMsg HTTP/1.1" 302 -
124.77.110.230 - - [01/May/2020:09:28:30 +0800] "POST /xingrg/dwr/call/plaincall/AjaxComOrderService.getMaterielByCode.dwr HTTP/1.1" 200 3295
124.77.110.230 - - [01/May/2020:09:28:33 +0800] "GET /xingrg/all/function/internal_message.html?_=1588296511104&CODE_STATE=getMsg HTTP/1.1" 200 27
180.156.150.85 - - [01/May/2020:09:28:34 +0800] "GET /xingrg/kc/buy/cgsh_order_operate.html?command=get_materiel&rest_code=00105&code=00101008088&supplier_code=00100203&order_time=2020-05-01 HTTP/1.1" 200 408
114.88.159.93 - - [01/May/2020:09:28:34 +0800] "GET /xingrg/all/function/internal_message.html?_=1588296506717&CODE_STATE=getMsg HTTP/1.1" 200 27
116.233.79.98 - - [01/May/2020:09:28:34 +0800] "POST /xingrg/dwr/call/plaincall/AjaxCheckService.setItemNumber.dwr HTTP/1.1" 200 76
116.233.79.98 - - [01/May/2020:09:28:35 +0800] "POST /xingrg/dwr/call/plaincall/AjaxCheckService.setItemNumber.dwr HTTP/1.1" 200 76
116.233.79.98 - - [01/May/2020:09:28:36 +0800] "POST /xingrg/dwr/call/plaincall/AjaxCheckService.setItemNumber.dwr HTTP/1.1" 200 76
124.77.110.230 - - [01/May/2020:09:28:36 +0800] "POST /xingrg/dwr/call/plaincall/AjaxCheckService.addOrderItem.dwr HTTP/1.1" 200 736
116.233.79.98 - - [01/May/2020:09:28:37 +0800] "POST /xingrg/dwr/call/plaincall/AjaxCheckService.setItemNumber.dwr HTTP/1.1" 200 76
116.233.79.98 - - [01/May/2020:09:28:37 +0800] "POST /xingrg/dwr/call/plaincall/AjaxCheckService.setItemNumber.dwr HTTP/1.1" 200 76
116.233.79.98 - - [01/May/2020:09:28:38 +0800] "POST /xingrg/dwr/call/plaincall/AjaxCheckService.setItemNumber.dwr HTTP/1.1" 200 76
116.233.79.98 - - [01/May/2020:09:28:38 +0800] "POST /xingrg/dwr/call/plaincall/AjaxCheckService.setItemNumber.dwr HTTP/1.1" 200 76
116.233.79.98 - - [01/May/2020:09:28:39 +0800] "POST /xingrg/dwr/call/plaincall/AjaxCheckService.setItemNumber.dwr HTTP/1.1" 200 76
116.233.79.98 - - [01/May/2020:09:28:40 +0800] "POST /xingrg/dwr/call/plaincall/AjaxCheckService.setItemNumber.dwr HTTP/1.1" 200 76
116.233.79.98 - - [01/May/2020:09:28:40 +0800] "POST /xingrg/dwr/call/plaincall/AjaxCheckService.setItemNumber.dwr HTTP/1.1" 200 77
116.233.79.98 - - [01/May/2020:09:28:40 +0800] "POST /xingrg/dwr/call/plaincall/AjaxCheckService.setItemNumber.dwr HTTP/1.1" 200 77
116.233.79.98 - - [01/May/2020:09:28:41 +0800] "POST /xingrg/dwr/call/plaincall/AjaxCheckService.setItemNumber.dwr HTTP/1.1" 200 77
116.233.79.98 - - [01/May/2020:09:28:41 +0800] "POST /xingrg/dwr/call/plaincall/AjaxCheckService.setItemNumber.dwr HTTP/1.1" 200 77
116.233.79.98 - - [01/May/2020:09:28:42 +0800] "POST /xingrg/dwr/call/plaincall/AjaxCheckService.setItemNumber.dwr HTTP/1.1" 200 77
180.156.150.85 - - [01/May/2020:09:28:43 +0800] "GET /xingrg/kc/buy/cgsh_order_operate.html?command=get_materiel&rest_code=00105&code=00101008003&supplier_code=00100203&order_time=2020-05-01 HTTP/1.1" 200 408
116.233.79.98 - - [01/May/2020:09:28:43 +0800] "POST /xingrg/dwr/call/plaincall/AjaxCheckService.setItemNumber.dwr HTTP/1.1" 200 77
124.77.110.230 - - [01/May/2020:09:28:43 +0800] "POST /xingrg/dwr/call/plaincall/AjaxCheckService.saveOrder.dwr HTTP/1.1" 200 80
116.233.79.98 - - [01/May/2020:09:28:43 +0800] "POST /xingrg/dwr/call/plaincall/AjaxCheckService.setItemNumber.dwr HTTP/1.1" 200 77
116.233.79.98 - - [01/May/2020:09:28:44 +0800] "POST /xingrg/dwr/call/plaincall/AjaxCheckService.setItemNumber.dwr HTTP/1.1" 200 77
116.233.79.98 - - [01/May/2020:09:28:44 +0800] "POST /xingrg/dwr/call/plaincall/AjaxCheckService.setItemNumber.dwr HTTP/1.1" 200 77
116.233.79.98 - - [01/May/2020:09:28:45 +0800] "POST /xingrg/dwr/call/plaincall/AjaxCheckService.setItemNumber.dwr HTTP/1.1" 200 77
124.77.110.230 - - [01/May/2020:09:28:45 +0800] "POST /xingrg/dwr/call/plaincall/AjaxCheckService.loadOrderItems.dwr HTTP/1.1" 200 153039
116.233.79.98 - - [01/May/2020:09:28:46 +0800] "POST /xingrg/dwr/call/plaincall/AjaxCheckService.setItemNumber.dwr HTTP/1.1" 200 77
180.156.150.85 - - [01/May/2020:09:28:46 +0800] "POST /xingrg/kc/buy/cgsh_order_operate.html HTTP/1.1" 200 2065
116.233.79.98 - - [01/May/2020:09:28:46 +0800] "POST /xingrg/dwr/call/plaincall/AjaxCheckService.setItemNumber.dwr HTTP/1.1" 200 77
180.162.232.172 - - [01/May/2020:09:28:47 +0800] "GET /xingrg/all/function/internal_message.html?_=1588296639928&CODE_STATE=getMsg HTTP/1.1" 200 27
116.233.79.98 - - [01/May/2020:09:28:47 +0800] "POST /xingrg/dwr/call/plaincall/AjaxCheckService.setItemNumber.dwr HTTP/1.1" 200 77
180.156.150.85 - - [01/May/2020:09:28:48 +0800] "POST /xingrg/kc/buy/cgsh_order_operate.html HTTP/1.1" 200 2065
222.69.138.117 - - [01/May/2020:09:28:48 +0800] "GET /xingrg/all/function/internal_message.html?_=1588296519893&CODE_STATE=getMsg HTTP/1.1" 200 27
116.233.79.98 - - [01/May/2020:09:28:48 +0800] "POST /xingrg/dwr/call/plaincall/AjaxCheckService.setItemNumber.dwr HTTP/1.1" 200 77
116.233.79.98 - - [01/May/2020:09:28:48 +0800] "POST /xingrg/dwr/call/plaincall/AjaxCheckService.setItemNumber.dwr HTTP/1.1" 200 77
180.156.150.85 - - [01/May/2020:09:28:49 +0800] "POST /xingrg/kc/buy/cgsh_order_operate.html HTTP/1.1" 200 2065
116.233.79.98 - - [01/May/2020:09:28:49 +0800] "POST /xingrg/dwr/call/plaincall/AjaxCheckService.setItemNumber.dwr HTTP/1.1" 200 77
124.77.110.230 - - [01/May/2020:09:28:49 +0800] "POST /xingrg/dwr/call/plaincall/AjaxCheckService.checkOrder.dwr HTTP/1.1" 200 305
116.233.79.98 - - [01/May/2020:09:28:50 +0800] "POST /xingrg/dwr/call/plaincall/AjaxCheckService.setItemNumber.dwr HTTP/1.1" 200 77
116.233.79.98 - - [01/May/2020:09:28:51 +0800] "POST /xingrg/dwr/call/plaincall/AjaxCheckService.setItemNumber.dwr HTTP/1.1" 200 77
116.233.79.98 - - [01/May/2020:09:28:51 +0800] "POST /xingrg/dwr/call/plaincall/AjaxCheckService.setItemNumber.dwr HTTP/1.1" 200 77
116.233.79.98 - - [01/May/2020:09:28:52 +0800] "POST /xingrg/dwr/call/plaincall/AjaxCheckService.setItemNumber.dwr HTTP/1.1" 200 77
180.162.232.172 - - [01/May/2020:09:28:52 +0800] "GET /xingrg/all/function/internal_message.html?_=1588296531529&CODE_STATE=getMsg HTTP/1.1" 200 27
116.233.79.98 - - [01/May/2020:09:28:53 +0800] "POST /xingrg/dwr/call/plaincall/AjaxCheckService.setItemNumber.dwr HTTP/1.1" 200 77
116.233.79.98 - - [01/May/2020:09:28:53 +0800] "POST /xingrg/dwr/call/plaincall/AjaxCheckService.setItemNumber.dwr HTTP/1.1" 200 77
116.233.79.98 - - [01/May/2020:09:28:54 +0800] "POST /xingrg/dwr/call/plaincall/AjaxCheckService.setItemNumber.dwr HTTP/1.1" 200 77
116.233.79.98 - - [01/May/2020:09:28:55 +0800] "POST /xingrg/dwr/call/plaincall/AjaxCheckService.setItemNumber.dwr HTTP/1.1" 200 77
116.233.79.98 - - [01/May/2020:09:28:55 +0800] "POST /xingrg/dwr/call/plaincall/AjaxCheckService.setItemNumber.dwr HTTP/1.1" 200 77
116.233.79.98 - - [01/May/2020:09:28:55 +0800] "POST /xingrg/dwr/call/plaincall/AjaxCheckService.setItemNumber.dwr HTTP/1.1" 200 77
116.233.79.98 - - [01/May/2020:09:28:56 +0800] "POST /xingrg/dwr/call/plaincall/AjaxCheckService.setItemNumber.dwr HTTP/1.1" 200 77
116.233.79.98 - - [01/May/2020:09:28:57 +0800] "POST /xingrg/dwr/call/plaincall/AjaxCheckService.setItemNumber.dwr HTTP/1.1" 200 77
116.233.79.98 - - [01/May/2020:09:28:57 +0800] "POST /xingrg/dwr/call/plaincall/AjaxCheckService.setItemNumber.dwr HTTP/1.1" 200 77
116.233.79.98 - - [01/May/2020:09:28:58 +0800] "POST /xingrg/dwr/call/plaincall/AjaxCheckService.setItemNumber.dwr HTTP/1.1" 200 77
172.17.0.123 - - [01/May/2020:09:28:58 +0800] "GET /xingrg/all/function/internal_message.html?_=1588296533067&CODE_STATE=getMsg HTTP/1.1" 302 -
116.233.79.98 - - [01/May/2020:09:28:58 +0800] "POST /xingrg/dwr/call/plaincall/AjaxCheckService.setItemNumber.dwr HTTP/1.1" 200 77
172.17.0.240 - - [01/May/2020:09:28:58 +0800] "GET /xingrg/all/function/internal_message.html?_=1588296535135&CODE_STATE=getMsg HTTP/1.1" 200 27
116.233.79.98 - - [01/May/2020:09:28:59 +0800] "POST /xingrg/dwr/call/plaincall/AjaxCheckService.setItemNumber.dwr HTTP/1.1" 200 77
124.77.110.230 - - [01/May/2020:09:28:59 +0800] "POST /xingrg/dwr/call/plaincall/AjaxCheckService.checkOrder.dwr HTTP/1.1" 200 305
116.233.79.98 - - [01/May/2020:09:29:00 +0800] "POST /xingrg/dwr/call/plaincall/AjaxCheckService.setItemNumber.dwr HTTP/1.1" 200 77
180.156.150.85 - - [01/May/2020:09:29:00 +0800] "GET /xingrg/kc/buy/cgsh_order_operate.html?command=get_materiel&rest_code=00105&code=00101008361&supplier_code=00100203&order_time=2020-05-01 HTTP/1.1" 200 408
116.233.79.98 - - [01/May/2020:09:29:00 +0800] "POST /xingrg/dwr/call/plaincall/AjaxCheckService.setItemNumber.dwr HTTP/1.1" 200 77
58.40.7.146 - - [01/May/2020:09:29:01 +0800] "GET /xingrg/all/function/internal_message.html?_=1588296538194&CODE_STATE=getMsg HTTP/1.1" 200 27
114.84.32.201 - - [01/May/2020:09:29:01 +0800] "GET /xingrg/all/function/internal_message.html?_=1588296536202&CODE_STATE=getMsg HTTP/1.1" 302 -
116.233.79.98 - - [01/May/2020:09:29:01 +0800] "POST /xingrg/dwr/call/plaincall/AjaxCheckService.setItemNumber.dwr HTTP/1.1" 200 77
124.77.110.230 - - [01/May/2020:09:29:04 +0800] "GET /xingrg/kc/buy/buy_main.html HTTP/1.1" 200 12412
180.156.150.85 - - [01/May/2020:09:29:05 +0800] "GET /xingrg/all/function/internal_message.html?_=1588296544137&CODE_STATE=getMsg HTTP/1.1" 200 27
124.77.110.230 - - [01/May/2020:09:29:05 +0800] "GET /xingrg/css/new_ie.css HTTP/1.1" 404 1036
124.77.110.230 - - [01/May/2020:09:29:06 +0800] "GET /xingrg/images/yd/bt.gif HTTP/1.1" 404 1040
124.77.110.230 - - [01/May/2020:09:29:07 +0800] "GET /xingrg/kc/buy/cgsh_order_list.html HTTP/1.1" 200 42584
116.233.79.98 - - [01/May/2020:09:29:08 +0800] "GET /xingrg/kc/base/check_order_list.html?isBack=1 HTTP/1.1" 200 16371
116.233.79.98 - - [01/May/2020:09:29:08 +0800] "POST /xingrg/kc/base/check_list_operate.html HTTP/1.1" 200 4646
124.77.110.230 - - [01/May/2020:09:29:08 +0800] "POST /xingrg/kc/buy/cgsh_list_operate.html HTTP/1.1" 200 1692
180.161.113.183 - - [01/May/2020:09:29:09 +0800] "GET /xingrg/all/function/internal_message.html?_=1588296738771&CODE_STATE=getMsg HTTP/1.1" 200 27
116.233.79.98 - - [01/May/2020:09:29:11 +0800] "GET /xingrg/kc/base/check_order_info.html?code=452020043000314 HTTP/1.1" 200 26362
114.84.33.255 - - [01/May/2020:09:29:11 +0800] "GET /xingrg/all/function/internal_message.html?_=1588296565976&CODE_STATE=getMsg HTTP/1.1" 200 27
116.233.79.98 - - [01/May/2020:09:29:11 +0800] "GET /xingrg/dwr/interface/AjaxComOrderService.js HTTP/1.1" 200 18264
116.233.79.98 - - [01/May/2020:09:29:11 +0800] "GET /xingrg/dwr/interface/AjaxCheckService.js HTTP/1.1" 200 14003
116.233.79.98 - - [01/May/2020:09:29:11 +0800] "GET /xingrg/dwr/engine.js HTTP/1.1" 200 43631
124.77.110.230 - - [01/May/2020:09:29:11 +0800] "POST /xingrg/kc/buy/cgsh_list_operate.html HTTP/1.1" 200 499
116.233.79.98 - - [01/May/2020:09:29:11 +0800] "POST /xingrg/dwr/call/plaincall/AjaxCheckService.loadOrderItems.dwr HTTP/1.1" 200 87706
172.17.0.120 - - [01/May/2020:09:29:12 +0800] "GET /xingrg/all/function/internal_message.html?_=1588296547619&CODE_STATE=getMsg HTTP/1.1" 200 27
116.233.79.98 - - [01/May/2020:09:29:15 +0800] "POST /xingrg/dwr/call/plaincall/AjaxCheckService.setItemNumber.dwr HTTP/1.1" 200 76
116.233.79.98 - - [01/May/2020:09:29:16 +0800] "POST /xingrg/dwr/call/plaincall/AjaxCheckService.setItemNumber.dwr HTTP/1.1" 200 76
116.233.79.98 - - [01/May/2020:09:29:16 +0800] "POST /xingrg/dwr/call/plaincall/AjaxCheckService.setItemNumber.dwr HTTP/1.1" 200 76
124.77.110.230 - - [01/May/2020:09:29:17 +0800] "GET /xingrg/kc/buy/cgsh_order_info.html?code=212020042707118 HTTP/1.1" 200 58258
116.233.79.98 - - [01/May/2020:09:29:17 +0800] "POST /xingrg/dwr/call/plaincall/AjaxCheckService.setItemNumber.dwr HTTP/1.1" 200 76
124.77.110.230 - - [01/May/2020:09:29:17 +0800] "GET /xingrg/javascript/jquery_tools/order_manager.js HTTP/1.1" 304 -
124.77.110.230 - - [01/May/2020:09:29:17 +0800] "GET /xingrg/javascript/json2.js HTTP/1.1" 304 -
116.233.79.98 - - [01/May/2020:09:29:17 +0800] "POST /xingrg/dwr/call/plaincall/AjaxCheckService.setItemNumber.dwr HTTP/1.1" 200 76
124.77.110.230 - - [01/May/2020:09:29:17 +0800] "GET /xingrg/words/20200430190010_words.js HTTP/1.1" 200 724645
124.77.110.230 - - [01/May/2020:09:29:17 +0800] "GET /xingrg/javascript/easyui/themes/icons/copy_new.png HTTP/1.1" 304 -
124.77.110.230 - - [01/May/2020:09:29:17 +0800] "GET /xingrg/javascript/easyui/themes/icons/print.png HTTP/1.1" 304 -
124.77.110.230 - - [01/May/2020:09:29:17 +0800] "GET /xingrg/javascript/easyui/themes/icons/ok.png HTTP/1.1" 304 -
124.77.110.230 - - [01/May/2020:09:29:17 +0800] "GET /xingrg/javascript/easyui/themes/icons/template_new.png HTTP/1.1" 304 -
124.77.110.230 - - [01/May/2020:09:29:17 +0800] "GET /xingrg/javascript/easyui/themes/default/images/menu_downarrow.png HTTP/1.1" 304 -
124.77.110.230 - - [01/May/2020:09:29:17 +0800] "GET /xingrg/javascript/easyui/themes/icons/cancel.png HTTP/1.1" 304 -
116.233.79.98 - - [01/May/2020:09:29:17 +0800] "POST /xingrg/dwr/call/plaincall/AjaxCheckService.setItemNumber.dwr HTTP/1.1" 200 76
116.233.79.98 - - [01/May/2020:09:29:18 +0800] "POST /xingrg/dwr/call/plaincall/AjaxCheckService.setItemNumber.dwr HTTP/1.1" 200 76
172.17.0.100 - - [01/May/2020:09:29:18 +0800] "GET /xingrg/all/function/internal_message.html?_=1588296577666&CODE_STATE=getMsg HTTP/1.1" 200 27
114.86.190.97 - - [01/May/2020:09:29:18 +0800] "GET /xingrg/kc/base/check_order_info.html?code=452020043000216 HTTP/1.1" 200 26278
114.86.190.97 - - [01/May/2020:09:29:18 +0800] "GET /xingrg/css/blue.css HTTP/1.1" 304 -
114.86.190.97 - - [01/May/2020:09:29:18 +0800] "GET /xingrg/javascript/Calendar.js HTTP/1.1" 304 -
114.86.190.97 - - [01/May/2020:09:29:18 +0800] "GET /xingrg/javascript/myfunction.js HTTP/1.1" 304 -
114.86.190.97 - - [01/May/2020:09:29:18 +0800] "GET /xingrg/css/table.css HTTP/1.1" 304 -
114.86.190.97 - - [01/May/2020:09:29:18 +0800] "GET /xingrg/javascript/jquery_easy_ui/themes/default/easyui.css HTTP/1.1" 304 -
114.86.190.97 - - [01/May/2020:09:29:18 +0800] "GET /xingrg/javascript/jquery_easy_ui/themes/icon.css HTTP/1.1" 304 -
114.86.190.97 - - [01/May/2020:09:29:18 +0800] "GET /xingrg/javascript/jquery-1.4.2.min.js HTTP/1.1" 304 -
114.86.190.97 - - [01/May/2020:09:29:18 +0800] "GET /xingrg/javascript/pic_change.js HTTP/1.1" 304 -
114.86.190.97 - - [01/May/2020:09:29:18 +0800] "GET /xingrg/dwr/util.js HTTP/1.1" 304 -
114.86.190.97 - - [01/May/2020:09:29:18 +0800] "GET /xingrg/javascript/print/kc_print.js HTTP/1.1" 304 -
114.86.190.97 - - [01/May/2020:09:29:18 +0800] "GET /xingrg/javascript/AjaxInfoList.js HTTP/1.1" 304 -
114.86.190.97 - - [01/May/2020:09:29:18 +0800] "GET /xingrg/javascript/jquery_easy_ui/jquery.easyui.min.js HTTP/1.1" 304 -
114.86.190.97 - - [01/May/2020:09:29:18 +0800] "GET /xingrg/javascript/jquery.utils.js HTTP/1.1" 304 -
114.86.190.97 - - [01/May/2020:09:29:18 +0800] "GET /xingrg/javascript/convert.js HTTP/1.1" 304 -
114.86.190.97 - - [01/May/2020:09:29:18 +0800] "GET /xingrg/javascript/print/LodopFuncs.js HTTP/1.1" 304 -
114.86.190.97 - - [01/May/2020:09:29:18 +0800] "GET /xingrg/dwr/interface/AjaxComOrderService.js HTTP/1.1" 200 18264
114.86.190.97 - - [01/May/2020:09:29:18 +0800] "GET /xingrg/dwr/interface/AjaxCheckService.js HTTP/1.1" 200 14003
114.86.190.97 - - [01/May/2020:09:29:18 +0800] "GET /xingrg/dwr/engine.js HTTP/1.1" 200 43631
114.86.190.97 - - [01/May/2020:09:29:18 +0800] "GET /xingrg/javascript/jquery_easy_ui/themes/icons/check_new.png HTTP/1.1" 304 -
114.86.190.97 - - [01/May/2020:09:29:18 +0800] "GET /xingrg/javascript/jquery_easy_ui/themes/icons/print.png HTTP/1.1" 304 -
114.86.190.97 - - [01/May/2020:09:29:18 +0800] "GET /xingrg/javascript/jquery_easy_ui/themes/icons/cance_new.png HTTP/1.1" 304 -
114.86.190.97 - - [01/May/2020:09:29:18 +0800] "GET /xingrg/javascript/jquery_easy_ui/themes/default/images/menu_downarrow.png HTTP/1.1" 304 -
114.86.190.97 - - [01/May/2020:09:29:18 +0800] "GET /xingrg/javascript/jquery_easy_ui/themes/icons/back_new.png HTTP/1.1" 304 -
114.86.190.97 - - [01/May/2020:09:29:18 +0800] "POST /xingrg/dwr/call/plaincall/AjaxCheckService.loadOrderItems.dwr HTTP/1.1" 200 5442
124.77.110.230 - - [01/May/2020:09:29:18 +0800] "GET /xingrg/all/common/auto_word.html?type=employee&rest_code=00107 HTTP/1.1" 200 197
114.86.190.97 - - [01/May/2020:09:29:18 +0800] "GET /xingrg/javascript/jquery_easy_ui/themes/icons/no.png HTTP/1.1" 304 -
124.77.110.230 - - [01/May/2020:09:29:18 +0800] "GET /xingrg/javascript/easyui/themes/default/validatebox.css HTTP/1.1" 404 1104
124.77.110.230 - - [01/May/2020:09:29:18 +0800] "GET /xingrg/all/common/auto_word.html?type=employee&rest_code=00107 HTTP/1.1" 200 197
172.17.0.101 - - [01/May/2020:09:29:18 +0800] "GET /xingrg/all/function/internal_message.html?_=1588296562717&CODE_STATE=getMsg HTTP/1.1" 200 27
124.77.110.230 - - [01/May/2020:09:29:18 +0800] "GET /xingrg/javascript/easyui/plugins/jquery.validatebox.js HTTP/1.1" 304 -
116.233.79.98 - - [01/May/2020:09:29:18 +0800] "POST /xingrg/dwr/call/plaincall/AjaxCheckService.setItemNumber.dwr HTTP/1.1" 200 76
124.77.110.230 - - [01/May/2020:09:29:18 +0800] "GET /xingrg/javascript/easyui/plugins/jquery.numberbox.js HTTP/1.1" 304 -
124.77.110.230 - - [01/May/2020:09:29:18 +0800] "POST /xingrg/kc/buy/cgsh_order_operate.html HTTP/1.1" 200 5027
124.77.110.230 - - [01/May/2020:09:29:18 +0800] "GET /xingrg/javascript/easyui/themes/icons/edit_remove.png HTTP/1.1" 304 -
116.233.79.98 - - [01/May/2020:09:29:19 +0800] "POST /xingrg/dwr/call/plaincall/AjaxCheckService.setItemNumber.dwr HTTP/1.1" 200 76
116.233.79.98 - - [01/May/2020:09:29:19 +0800] "POST /xingrg/dwr/call/plaincall/AjaxCheckService.setItemNumber.dwr HTTP/1.1" 200 77
114.84.33.255 - - [01/May/2020:09:29:19 +0800] "GET /xingrg/check_reg.html?_=1588296569173 HTTP/1.1" 200 22
116.233.79.98 - - [01/May/2020:09:29:19 +0800] "POST /xingrg/dwr/call/plaincall/AjaxCheckService.setItemNumber.dwr HTTP/1.1" 200 77
116.233.79.98 - - [01/May/2020:09:29:20 +0800] "POST /xingrg/dwr/call/plaincall/AjaxCheckService.setItemNumber.dwr HTTP/1.1" 200 77
116.233.79.98 - - [01/May/2020:09:29:20 +0800] "POST /xingrg/dwr/call/plaincall/AjaxCheckService.setItemNumber.dwr HTTP/1.1" 200 77
114.84.33.255 - - [01/May/2020:09:29:20 +0800] "GET /xingrg/all/function/internal_message.html?_=1588296570296&CODE_STATE=getMsg HTTP/1.1" 200 27
116.233.79.98 - - [01/May/2020:09:29:21 +0800] "POST /xingrg/dwr/call/plaincall/AjaxCheckService.setItemNumber.dwr HTTP/1.1" 200 77
116.233.79.98 - - [01/May/2020:09:29:21 +0800] "POST /xingrg/dwr/call/plaincall/AjaxCheckService.setItemNumber.dwr HTTP/1.1" 200 77
116.233.79.98 - - [01/May/2020:09:29:21 +0800] "POST /xingrg/dwr/call/plaincall/AjaxCheckService.setItemNumber.dwr HTTP/1.1" 200 77
116.233.79.98 - - [01/May/2020:09:29:22 +0800] "POST /xingrg/dwr/call/plaincall/AjaxCheckService.setItemNumber.dwr HTTP/1.1" 200 77
116.233.79.98 - - [01/May/2020:09:29:22 +0800] "POST /xingrg/dwr/call/plaincall/AjaxCheckService.setItemNumber.dwr HTTP/1.1" 200 77
116.233.79.98 - - [01/May/2020:09:29:23 +0800] "POST /xingrg/dwr/call/plaincall/AjaxCheckService.setItemNumber.dwr HTTP/1.1" 200 77
114.84.33.255 - - [01/May/2020:09:29:23 +0800] "GET /xingrg/kc/buy/cgsh_order_operate.html?command=get_materiel&rest_code=00146&code=00101008274&supplier_code=00100005&order_time=2020-05-01 HTTP/1.1" 200 412
116.233.79.98 - - [01/May/2020:09:29:23 +0800] "POST /xingrg/dwr/call/plaincall/AjaxCheckService.setItemNumber.dwr HTTP/1.1" 200 77
116.233.79.98 - - [01/May/2020:09:29:23 +0800] "POST /xingrg/dwr/call/plaincall/AjaxCheckService.setItemNumber.dwr HTTP/1.1" 200 77
116.233.79.98 - - [01/May/2020:09:29:24 +0800] "POST /xingrg/dwr/call/plaincall/AjaxCheckService.setItemNumber.dwr HTTP/1.1" 200 77
180.156.150.85 - - [01/May/2020:09:29:24 +0800] "GET /xingrg/kc/buy/cgsh_order_operate.html?command=get_materiel&rest_code=00105&code=00101008212&supplier_code=00100203&order_time=2020-05-01 HTTP/1.1" 200 412
114.86.190.97 - - [01/May/2020:09:29:24 +0800] "GET /xingrg/javascript/jquery_easy_ui/themes/default/images/button_plain_hover.png HTTP/1.1" 304 -
116.233.79.98 - - [01/May/2020:09:29:24 +0800] "POST /xingrg/dwr/call/plaincall/AjaxCheckService.setItemNumber.dwr HTTP/1.1" 200 77
116.233.79.98 - - [01/May/2020:09:29:25 +0800] "GET /xingrg/all/function/internal_message.html?_=1588296619281&CODE_STATE=getMsg HTTP/1.1" 200 27
116.233.79.98 - - [01/May/2020:09:29:25 +0800] "POST /xingrg/dwr/call/plaincall/AjaxCheckService.setItemNumber.dwr HTTP/1.1" 200 77
116.233.79.98 - - [01/May/2020:09:29:25 +0800] "POST /xingrg/dwr/call/plaincall/AjaxCheckService.setItemNumber.dwr HTTP/1.1" 200 77
116.233.79.98 - - [01/May/2020:09:29:25 +0800] "POST /xingrg/dwr/call/plaincall/AjaxCheckService.setItemNumber.dwr HTTP/1.1" 200 77
116.233.79.98 - - [01/May/2020:09:29:26 +0800] "POST /xingrg/dwr/call/plaincall/AjaxCheckService.setItemNumber.dwr HTTP/1.1" 200 77
114.86.190.97 - - [01/May/2020:09:29:27 +0800] "GET /xingrg/all/function/internal_message.html?_=1588296571786&CODE_STATE=getMsg HTTP/1.1" 200 27
114.86.190.97 - - [01/May/2020:09:29:27 +0800] "POST /xingrg/dwr/call/plaincall/AjaxCheckService.checkOrder.dwr HTTP/1.1" 200 78
116.233.79.98 - - [01/May/2020:09:29:27 +0800] "POST /xingrg/dwr/call/plaincall/AjaxCheckService.setItemNumber.dwr HTTP/1.1" 200 77
116.233.79.98 - - [01/May/2020:09:29:27 +0800] "POST /xingrg/dwr/call/plaincall/AjaxCheckService.setItemNumber.dwr HTTP/1.1" 200 77
116.233.79.98 - - [01/May/2020:09:29:27 +0800] "POST /xingrg/dwr/call/plaincall/AjaxCheckService.setItemNumber.dwr HTTP/1.1" 200 77
