117.185.32.26 - - [01/May/2020:09:21:33 +0800] "GET /xingrg/check_reg.html?_=1588296089588 HTTP/1.1" 200 22
117.185.32.26 - - [01/May/2020:09:21:33 +0800] "GET /xingrg/all/common/auto_word.html?type=employee&rest_code=00106 HTTP/1.1" 200 205
117.185.32.26 - - [01/May/2020:09:21:33 +0800] "GET /xingrg/javascript/easyui/themes/default/validatebox.css HTTP/1.1" 404 1104
117.185.32.26 - - [01/May/2020:09:21:33 +0800] "GET /xingrg/all/common/auto_word.html?type=employee&rest_code=00106 HTTP/1.1" 200 205
117.185.32.26 - - [01/May/2020:09:21:33 +0800] "POST /xingrg/kc/buy/cgsh_order_operate.html HTTP/1.1" 200 8245
124.77.110.230 - - [01/May/2020:09:21:33 +0800] "POST /xingrg/dwr/call/plaincall/AjaxCheckService.setItemNumber.dwr HTTP/1.1" 200 77
117.131.5.26 - - [01/May/2020:09:21:33 +0800] "GET /xingrg/check_reg.html?_=1588296355931 HTTP/1.1" 302 -
117.131.5.26 - - [01/May/2020:09:21:33 +0800] "GET /xingrg/login.html HTTP/1.1" 200 7641
117.185.32.26 - - [01/May/2020:09:21:33 +0800] "GET /xingrg/javascript/easyui/themes/default/tree.css HTTP/1.1" 404 1090
117.185.32.26 - - [01/May/2020:09:21:33 +0800] "POST /xingrg/all/common/load_tree.html?tree=supplier_tree_json&isDelete=1 HTTP/1.1" 200 47615
124.77.110.230 - - [01/May/2020:09:21:34 +0800] "POST /xingrg/dwr/call/plaincall/AjaxCheckService.setItemNumber.dwr HTTP/1.1" 200 77
124.77.110.230 - - [01/May/2020:09:21:34 +0800] "GET /xingrg/all/function/internal_message.html?_=1588296091171&CODE_STATE=getMsg HTTP/1.1" 200 27
114.88.159.93 - - [01/May/2020:09:21:34 +0800] "GET /xingrg/all/function/internal_message.html?_=1588296086714&CODE_STATE=getMsg HTTP/1.1" 200 27
124.77.110.230 - - [01/May/2020:09:21:34 +0800] "POST /xingrg/dwr/call/plaincall/AjaxCheckService.setItemNumber.dwr HTTP/1.1" 200 77
116.233.79.98 - - [01/May/2020:09:21:35 +0800] "POST /xingrg/dwr/call/plaincall/AjaxCheckService.setItemNumber.dwr HTTP/1.1" 200 77
124.77.110.230 - - [01/May/2020:09:21:35 +0800] "POST /xingrg/dwr/call/plaincall/AjaxCheckService.setItemNumber.dwr HTTP/1.1" 200 77
116.233.79.98 - - [01/May/2020:09:21:35 +0800] "POST /xingrg/dwr/call/plaincall/AjaxCheckService.setItemNumber.dwr HTTP/1.1" 200 77
114.88.159.93 - - [01/May/2020:09:21:35 +0800] "POST /xingrg/dwr/call/plaincall/AjaxQqpsService.getMaterielByCode.dwr HTTP/1.1" 200 2451
124.77.110.230 - - [01/May/2020:09:21:35 +0800] "POST /xingrg/dwr/call/plaincall/AjaxCheckService.setItemNumber.dwr HTTP/1.1" 200 77
101.91.60.108 - - [01/May/2020:09:21:35 +0800] "GET /xingrg/login.html HTTP/1.1" 200 7641
116.233.79.98 - - [01/May/2020:09:21:35 +0800] "POST /xingrg/dwr/call/plaincall/AjaxCheckService.setItemNumber.dwr HTTP/1.1" 200 77
124.77.110.230 - - [01/May/2020:09:21:36 +0800] "POST /xingrg/dwr/call/plaincall/AjaxCheckService.setItemNumber.dwr HTTP/1.1" 200 77
116.233.79.98 - - [01/May/2020:09:21:36 +0800] "POST /xingrg/dwr/call/plaincall/AjaxCheckService.setItemNumber.dwr HTTP/1.1" 200 77
114.88.159.93 - - [01/May/2020:09:21:36 +0800] "POST /xingrg/dwr/call/plaincall/AjaxQqpsService.saveMaterielItem.dwr HTTP/1.1" 200 78
124.77.110.230 - - [01/May/2020:09:21:36 +0800] "POST /xingrg/dwr/call/plaincall/AjaxCheckService.setItemNumber.dwr HTTP/1.1" 200 77
116.233.79.98 - - [01/May/2020:09:21:37 +0800] "POST /xingrg/dwr/call/plaincall/AjaxCheckService.setItemNumber.dwr HTTP/1.1" 200 77
172.17.0.101 - - [01/May/2020:09:21:37 +0800] "GET /xingrg/kc/base/check_order_list.html HTTP/1.1" 200 16618
172.17.0.101 - - [01/May/2020:09:21:37 +0800] "POST /xingrg/kc/base/check_list_operate.html HTTP/1.1" 200 4733
116.233.79.98 - - [01/May/2020:09:21:37 +0800] "POST /xingrg/dwr/call/plaincall/AjaxCheckService.setItemNumber.dwr HTTP/1.1" 200 77
116.233.79.98 - - [01/May/2020:09:21:37 +0800] "POST /xingrg/dwr/call/plaincall/AjaxCheckService.setItemNumber.dwr HTTP/1.1" 200 77
124.77.110.230 - - [01/May/2020:09:21:38 +0800] "POST /xingrg/dwr/call/plaincall/AjaxCheckService.setItemNumber.dwr HTTP/1.1" 200 77
124.77.110.230 - - [01/May/2020:09:21:39 +0800] "POST /xingrg/dwr/call/plaincall/AjaxCheckService.setItemNumber.dwr HTTP/1.1" 200 77
116.233.79.98 - - [01/May/2020:09:21:40 +0800] "POST /xingrg/dwr/call/plaincall/AjaxCheckService.setItemNumber.dwr HTTP/1.1" 200 77
172.17.0.101 - - [01/May/2020:09:21:41 +0800] "GET /xingrg/kc/base/check_order_info.html?code=452020043000225 HTTP/1.1" 200 26332
116.233.79.98 - - [01/May/2020:09:21:41 +0800] "POST /xingrg/dwr/call/plaincall/AjaxCheckService.setItemNumber.dwr HTTP/1.1" 200 77
172.17.0.101 - - [01/May/2020:09:21:41 +0800] "GET /xingrg/dwr/interface/AjaxComOrderService.js HTTP/1.1" 200 18264
172.17.0.101 - - [01/May/2020:09:21:41 +0800] "GET /xingrg/dwr/interface/AjaxCheckService.js HTTP/1.1" 200 14003
172.17.0.101 - - [01/May/2020:09:21:41 +0800] "GET /xingrg/dwr/engine.js HTTP/1.1" 200 43631
172.17.0.101 - - [01/May/2020:09:21:41 +0800] "GET /xingrg/javascript/jquery_easy_ui/themes/icons/check_new.png HTTP/1.1" 304 -
172.17.0.101 - - [01/May/2020:09:21:41 +0800] "GET /xingrg/javascript/jquery_easy_ui/themes/icons/cance_new.png HTTP/1.1" 304 -
172.17.0.101 - - [01/May/2020:09:21:41 +0800] "POST /xingrg/dwr/call/plaincall/AjaxCheckService.loadOrderItems.dwr HTTP/1.1" 200 3548
116.233.79.98 - - [01/May/2020:09:21:41 +0800] "POST /xingrg/dwr/call/plaincall/AjaxCheckService.setItemNumber.dwr HTTP/1.1" 200 77
172.17.0.101 - - [01/May/2020:09:21:41 +0800] "GET /xingrg/javascript/jquery_easy_ui/themes/icons/no.png HTTP/1.1" 200 922
116.233.79.98 - - [01/May/2020:09:21:42 +0800] "GET /xingrg/check_reg.html?_=1588296138703 HTTP/1.1" 200 22
116.233.79.98 - - [01/May/2020:09:21:42 +0800] "GET /xingrg/all/function/internal_message.html?_=1588296138703&CODE_STATE=getMsg HTTP/1.1" 200 27
116.233.79.98 - - [01/May/2020:09:21:42 +0800] "POST /xingrg/dwr/call/plaincall/AjaxCheckService.setItemNumber.dwr HTTP/1.1" 200 77
116.233.79.98 - - [01/May/2020:09:21:42 +0800] "POST /xingrg/dwr/call/plaincall/AjaxCheckService.setItemNumber.dwr HTTP/1.1" 200 77
116.233.79.98 - - [01/May/2020:09:21:42 +0800] "POST /xingrg/dwr/call/plaincall/AjaxCheckService.setItemNumber.dwr HTTP/1.1" 200 77
116.233.79.98 - - [01/May/2020:09:21:43 +0800] "POST /xingrg/dwr/call/plaincall/AjaxCheckService.setItemNumber.dwr HTTP/1.1" 200 77
124.77.110.230 - - [01/May/2020:09:21:43 +0800] "POST /xingrg/dwr/call/plaincall/AjaxCheckService.setItemNumber.dwr HTTP/1.1" 200 77
116.233.79.98 - - [01/May/2020:09:21:44 +0800] "POST /xingrg/dwr/call/plaincall/AjaxCheckService.setItemNumber.dwr HTTP/1.1" 200 77
116.233.79.98 - - [01/May/2020:09:21:44 +0800] "POST /xingrg/dwr/call/plaincall/AjaxCheckService.setItemNumber.dwr HTTP/1.1" 200 77
124.77.110.230 - - [01/May/2020:09:21:44 +0800] "POST /xingrg/dwr/call/plaincall/AjaxCheckService.setItemNumber.dwr HTTP/1.1" 200 77
116.233.79.98 - - [01/May/2020:09:21:44 +0800] "POST /xingrg/dwr/call/plaincall/AjaxCheckService.setItemNumber.dwr HTTP/1.1" 200 77
116.233.79.98 - - [01/May/2020:09:21:45 +0800] "POST /xingrg/dwr/call/plaincall/AjaxCheckService.setItemNumber.dwr HTTP/1.1" 200 77
124.77.110.230 - - [01/May/2020:09:21:45 +0800] "POST /xingrg/dwr/call/plaincall/AjaxCheckService.setItemNumber.dwr HTTP/1.1" 200 77
124.77.110.230 - - [01/May/2020:09:21:45 +0800] "POST /xingrg/dwr/call/plaincall/AjaxCheckService.setItemNumber.dwr HTTP/1.1" 200 77
116.233.79.98 - - [01/May/2020:09:21:46 +0800] "POST /xingrg/dwr/call/plaincall/AjaxCheckService.setItemNumber.dwr HTTP/1.1" 200 77
124.77.110.230 - - [01/May/2020:09:21:46 +0800] "POST /xingrg/dwr/call/plaincall/AjaxCheckService.setItemNumber.dwr HTTP/1.1" 200 77
116.233.79.98 - - [01/May/2020:09:21:46 +0800] "POST /xingrg/dwr/call/plaincall/AjaxCheckService.setItemNumber.dwr HTTP/1.1" 200 77
172.17.0.101 - - [01/May/2020:09:21:46 +0800] "GET /xingrg/kc/base/check_order_info.html?code=452020043000226 HTTP/1.1" 200 26332
172.17.0.101 - - [01/May/2020:09:21:46 +0800] "GET /xingrg/dwr/interface/AjaxComOrderService.js HTTP/1.1" 200 18264
172.17.0.101 - - [01/May/2020:09:21:46 +0800] "GET /xingrg/dwr/interface/AjaxCheckService.js HTTP/1.1" 200 14003
172.17.0.101 - - [01/May/2020:09:21:46 +0800] "GET /xingrg/dwr/engine.js HTTP/1.1" 200 43631
124.77.110.230 - - [01/May/2020:09:21:47 +0800] "POST /xingrg/dwr/call/plaincall/AjaxCheckService.setItemNumber.dwr HTTP/1.1" 200 77
116.233.79.98 - - [01/May/2020:09:21:47 +0800] "POST /xingrg/dwr/call/plaincall/AjaxCheckService.setItemNumber.dwr HTTP/1.1" 200 77
172.17.0.101 - - [01/May/2020:09:21:47 +0800] "POST /xingrg/dwr/call/plaincall/AjaxCheckService.loadOrderItems.dwr HTTP/1.1" 200 38797
180.162.232.172 - - [01/May/2020:09:21:47 +0800] "GET /xingrg/all/function/internal_message.html?_=1588296219826&CODE_STATE=getMsg HTTP/1.1" 200 27
116.233.79.98 - - [01/May/2020:09:21:47 +0800] "POST /xingrg/dwr/call/plaincall/AjaxCheckService.setItemNumber.dwr HTTP/1.1" 200 77
124.77.110.230 - - [01/May/2020:09:21:47 +0800] "POST /xingrg/dwr/call/plaincall/AjaxCheckService.setItemNumber.dwr HTTP/1.1" 200 77
116.233.79.98 - - [01/May/2020:09:21:47 +0800] "POST /xingrg/dwr/call/plaincall/AjaxCheckService.setItemNumber.dwr HTTP/1.1" 200 77
114.88.159.93 - - [01/May/2020:09:21:48 +0800] "POST /xingrg/dwr/call/plaincall/AjaxQqpsService.getMaterielByCode.dwr HTTP/1.1" 200 2446
116.233.79.98 - - [01/May/2020:09:21:48 +0800] "POST /xingrg/dwr/call/plaincall/AjaxCheckService.setItemNumber.dwr HTTP/1.1" 200 77
222.69.138.117 - - [01/May/2020:09:21:48 +0800] "GET /xingrg/all/function/internal_message.html?_=1588296099887&CODE_STATE=getMsg HTTP/1.1" 200 27
116.233.79.27 - - [01/May/2020:09:21:48 +0800] "GET /xingrg/check_reg.html?_=1588296107425 HTTP/1.1" 302 -
116.233.79.98 - - [01/May/2020:09:21:48 +0800] "POST /xingrg/dwr/call/plaincall/AjaxCheckService.setItemNumber.dwr HTTP/1.1" 200 77
116.233.79.98 - - [01/May/2020:09:21:49 +0800] "POST /xingrg/dwr/call/plaincall/AjaxCheckService.setItemNumber.dwr HTTP/1.1" 200 77
116.233.79.98 - - [01/May/2020:09:21:49 +0800] "POST /xingrg/dwr/call/plaincall/AjaxCheckService.setItemNumber.dwr HTTP/1.1" 200 77
124.77.110.230 - - [01/May/2020:09:21:50 +0800] "POST /xingrg/dwr/call/plaincall/AjaxCheckService.setItemNumber.dwr HTTP/1.1" 200 77
116.233.79.98 - - [01/May/2020:09:21:50 +0800] "POST /xingrg/dwr/call/plaincall/AjaxCheckService.setItemNumber.dwr HTTP/1.1" 200 77
117.185.32.26 - - [01/May/2020:09:21:50 +0800] "GET /xingrg/javascript/auto/indicator.gif HTTP/1.1" 404 1066
124.77.110.230 - - [01/May/2020:09:21:50 +0800] "POST /xingrg/dwr/call/plaincall/AjaxCheckService.setItemNumber.dwr HTTP/1.1" 200 77
124.77.110.230 - - [01/May/2020:09:21:51 +0800] "POST /xingrg/dwr/call/plaincall/AjaxCheckService.setItemNumber.dwr HTTP/1.1" 200 77
124.77.110.230 - - [01/May/2020:09:21:51 +0800] "POST /xingrg/dwr/call/plaincall/AjaxCheckService.setItemNumber.dwr HTTP/1.1" 200 77
124.77.110.230 - - [01/May/2020:09:21:52 +0800] "POST /xingrg/dwr/call/plaincall/AjaxCheckService.setItemNumber.dwr HTTP/1.1" 200 77
180.162.232.172 - - [01/May/2020:09:21:52 +0800] "GET /xingrg/all/function/internal_message.html?_=1588296111639&CODE_STATE=getMsg HTTP/1.1" 200 27
124.77.110.230 - - [01/May/2020:09:21:52 +0800] "POST /xingrg/dwr/call/plaincall/AjaxCheckService.setItemNumber.dwr HTTP/1.1" 200 77
117.185.32.26 - - [01/May/2020:09:21:53 +0800] "GET /xingrg/kc/buy/cgsh_order_operate.html?command=get_materiel&rest_code=00106&code=00101008256&supplier_code=00100007&order_time=2020-05-01 HTTP/1.1" 200 412
114.84.33.255 - - [01/May/2020:09:21:53 +0800] "GET /xingrg/kc/buy/cgsh_order_operate.html?command=get_materiel&rest_code=00146&code=00101008271&supplier_code=00100005&order_time=2020-05-01 HTTP/1.1" 200 408
124.77.110.230 - - [01/May/2020:09:21:53 +0800] "POST /xingrg/dwr/call/plaincall/AjaxCheckService.setItemNumber.dwr HTTP/1.1" 200 77
116.233.79.98 - - [01/May/2020:09:21:53 +0800] "POST /xingrg/dwr/call/plaincall/AjaxCheckService.setItemNumber.dwr HTTP/1.1" 200 77
124.77.110.230 - - [01/May/2020:09:21:54 +0800] "POST /xingrg/dwr/call/plaincall/AjaxCheckService.setItemNumber.dwr HTTP/1.1" 200 77
116.233.79.98 - - [01/May/2020:09:21:54 +0800] "POST /xingrg/dwr/call/plaincall/AjaxCheckService.setItemNumber.dwr HTTP/1.1" 200 77
116.233.79.98 - - [01/May/2020:09:21:54 +0800] "POST /xingrg/dwr/call/plaincall/AjaxCheckService.setItemNumber.dwr HTTP/1.1" 200 77
124.77.110.230 - - [01/May/2020:09:21:54 +0800] "POST /xingrg/dwr/call/plaincall/AjaxCheckService.setItemNumber.dwr HTTP/1.1" 200 77
116.233.79.98 - - [01/May/2020:09:21:55 +0800] "POST /xingrg/dwr/call/plaincall/AjaxCheckService.setItemNumber.dwr HTTP/1.1" 200 77
124.77.110.230 - - [01/May/2020:09:21:55 +0800] "POST /xingrg/dwr/call/plaincall/AjaxCheckService.setItemNumber.dwr HTTP/1.1" 200 77
116.233.79.98 - - [01/May/2020:09:21:55 +0800] "POST /xingrg/dwr/call/plaincall/AjaxCheckService.setItemNumber.dwr HTTP/1.1" 200 77
116.233.79.98 - - [01/May/2020:09:21:55 +0800] "POST /xingrg/dwr/call/plaincall/AjaxCheckService.setItemNumber.dwr HTTP/1.1" 200 77
124.77.110.230 - - [01/May/2020:09:21:56 +0800] "POST /xingrg/dwr/call/plaincall/AjaxCheckService.setItemNumber.dwr HTTP/1.1" 200 77
124.77.110.230 - - [01/May/2020:09:21:56 +0800] "POST /xingrg/dwr/call/plaincall/AjaxCheckService.setItemNumber.dwr HTTP/1.1" 200 77
116.233.79.98 - - [01/May/2020:09:21:56 +0800] "POST /xingrg/dwr/call/plaincall/AjaxCheckService.setItemNumber.dwr HTTP/1.1" 200 77
114.88.159.93 - - [01/May/2020:09:21:56 +0800] "POST /xingrg/dwr/call/plaincall/AjaxQqpsService.saveMaterielItem.dwr HTTP/1.1" 200 78
116.233.79.98 - - [01/May/2020:09:21:57 +0800] "POST /xingrg/dwr/call/plaincall/AjaxCheckService.setItemNumber.dwr HTTP/1.1" 200 77
124.77.110.230 - - [01/May/2020:09:21:57 +0800] "POST /xingrg/dwr/call/plaincall/AjaxCheckService.setItemNumber.dwr HTTP/1.1" 200 77
116.233.79.98 - - [01/May/2020:09:21:57 +0800] "POST /xingrg/dwr/call/plaincall/AjaxCheckService.setItemNumber.dwr HTTP/1.1" 200 77
116.233.79.98 - - [01/May/2020:09:21:57 +0800] "POST /xingrg/dwr/call/plaincall/AjaxCheckService.setItemNumber.dwr HTTP/1.1" 200 77
124.77.110.230 - - [01/May/2020:09:21:57 +0800] "POST /xingrg/dwr/call/plaincall/AjaxCheckService.setItemNumber.dwr HTTP/1.1" 200 77
116.233.79.98 - - [01/May/2020:09:21:58 +0800] "POST /xingrg/dwr/call/plaincall/AjaxCheckService.setItemNumber.dwr HTTP/1.1" 200 77
172.17.0.123 - - [01/May/2020:09:21:58 +0800] "GET /xingrg/all/function/internal_message.html?_=1588296113065&CODE_STATE=getMsg HTTP/1.1" 302 -
172.17.0.123 - - [01/May/2020:09:21:58 +0800] "GET /xingrg/check_reg.html?_=1588296113067 HTTP/1.1" 302 -
116.233.79.98 - - [01/May/2020:09:21:58 +0800] "POST /xingrg/dwr/call/plaincall/AjaxCheckService.setItemNumber.dwr HTTP/1.1" 200 77
172.17.0.240 - - [01/May/2020:09:21:58 +0800] "GET /xingrg/all/function/internal_message.html?_=1588296115135&CODE_STATE=getMsg HTTP/1.1" 200 27
116.233.79.98 - - [01/May/2020:09:21:59 +0800] "POST /xingrg/dwr/call/plaincall/AjaxCheckService.setItemNumber.dwr HTTP/1.1" 200 77
116.233.79.98 - - [01/May/2020:09:21:59 +0800] "POST /xingrg/dwr/call/plaincall/AjaxCheckService.setItemNumber.dwr HTTP/1.1" 200 77
116.233.79.98 - - [01/May/2020:09:22:00 +0800] "POST /xingrg/dwr/call/plaincall/AjaxCheckService.setItemNumber.dwr HTTP/1.1" 200 77
124.77.110.230 - - [01/May/2020:09:22:00 +0800] "POST /xingrg/dwr/call/plaincall/AjaxCheckService.setItemNumber.dwr HTTP/1.1" 200 77
116.233.79.98 - - [01/May/2020:09:22:00 +0800] "POST /xingrg/dwr/call/plaincall/AjaxCheckService.setItemNumber.dwr HTTP/1.1" 200 77
58.40.7.146 - - [01/May/2020:09:22:01 +0800] "GET /xingrg/all/function/internal_message.html?_=1588296118192&CODE_STATE=getMsg HTTP/1.1" 200 27
114.84.32.201 - - [01/May/2020:09:22:01 +0800] "GET /xingrg/all/function/internal_message.html?_=1588296116193&CODE_STATE=getMsg HTTP/1.1" 302 -
116.233.79.98 - - [01/May/2020:09:22:01 +0800] "POST /xingrg/dwr/call/plaincall/AjaxCheckService.setItemNumber.dwr HTTP/1.1" 200 77
124.77.110.230 - - [01/May/2020:09:22:01 +0800] "POST /xingrg/dwr/call/plaincall/AjaxCheckService.setItemNumber.dwr HTTP/1.1" 200 78
116.233.79.98 - - [01/May/2020:09:22:01 +0800] "POST /xingrg/dwr/call/plaincall/AjaxCheckService.setItemNumber.dwr HTTP/1.1" 200 77
124.77.110.230 - - [01/May/2020:09:22:01 +0800] "POST /xingrg/dwr/call/plaincall/AjaxCheckService.setItemNumber.dwr HTTP/1.1" 200 78
116.233.79.98 - - [01/May/2020:09:22:02 +0800] "POST /xingrg/dwr/call/plaincall/AjaxCheckService.setItemNumber.dwr HTTP/1.1" 200 77
124.77.110.230 - - [01/May/2020:09:22:02 +0800] "POST /xingrg/dwr/call/plaincall/AjaxCheckService.setItemNumber.dwr HTTP/1.1" 200 78
116.233.79.98 - - [01/May/2020:09:22:02 +0800] "POST /xingrg/dwr/call/plaincall/AjaxCheckService.setItemNumber.dwr HTTP/1.1" 200 77
116.233.79.98 - - [01/May/2020:09:22:02 +0800] "POST /xingrg/dwr/call/plaincall/AjaxCheckService.setItemNumber.dwr HTTP/1.1" 200 77
114.88.159.93 - - [01/May/2020:09:22:03 +0800] "POST /xingrg/dwr/call/plaincall/AjaxQqpsService.getMaterielByCode.dwr HTTP/1.1" 200 2458
124.77.110.230 - - [01/May/2020:09:22:03 +0800] "POST /xingrg/dwr/call/plaincall/AjaxCheckService.setItemNumber.dwr HTTP/1.1" 200 78
116.233.79.98 - - [01/May/2020:09:22:03 +0800] "POST /xingrg/dwr/call/plaincall/AjaxCheckService.setItemNumber.dwr HTTP/1.1" 200 77
124.77.110.230 - - [01/May/2020:09:22:03 +0800] "POST /xingrg/dwr/call/plaincall/AjaxCheckService.setItemNumber.dwr HTTP/1.1" 200 78
116.233.79.98 - - [01/May/2020:09:22:03 +0800] "POST /xingrg/dwr/call/plaincall/AjaxCheckService.setItemNumber.dwr HTTP/1.1" 200 77
124.77.110.230 - - [01/May/2020:09:22:04 +0800] "POST /xingrg/dwr/call/plaincall/AjaxCheckService.setItemNumber.dwr HTTP/1.1" 200 78
116.233.79.98 - - [01/May/2020:09:22:04 +0800] "POST /xingrg/dwr/call/plaincall/AjaxCheckService.setItemNumber.dwr HTTP/1.1" 200 77
114.84.33.255 - - [01/May/2020:09:22:04 +0800] "POST /xingrg/kc/buy/cgsh_order_operate.html HTTP/1.1" 200 2065
116.233.79.98 - - [01/May/2020:09:22:04 +0800] "POST /xingrg/dwr/call/plaincall/AjaxCheckService.setItemNumber.dwr HTTP/1.1" 200 77
114.88.159.93 - - [01/May/2020:09:22:04 +0800] "POST /xingrg/dwr/call/plaincall/AjaxQqpsService.saveMaterielItem.dwr HTTP/1.1" 200 79
117.185.32.26 - - [01/May/2020:09:22:04 +0800] "GET /xingrg/kc/buy/cgsh_order_operate.html?command=get_materiel&rest_code=00106&code=00101008010&supplier_code=00100007&order_time=2020-05-01 HTTP/1.1" 200 412
116.233.79.98 - - [01/May/2020:09:22:05 +0800] "POST /xingrg/dwr/call/plaincall/AjaxCheckService.setItemNumber.dwr HTTP/1.1" 200 77
180.156.150.85 - - [01/May/2020:09:22:05 +0800] "GET /xingrg/all/function/internal_message.html?_=1588296124229&CODE_STATE=getMsg HTTP/1.1" 200 27
124.77.110.230 - - [01/May/2020:09:22:05 +0800] "POST /xingrg/dwr/call/plaincall/AjaxCheckService.setItemNumber.dwr HTTP/1.1" 200 78
116.233.79.98 - - [01/May/2020:09:22:05 +0800] "POST /xingrg/dwr/call/plaincall/AjaxCheckService.setItemNumber.dwr HTTP/1.1" 200 77
180.156.150.85 - - [01/May/2020:09:22:05 +0800] "GET /xingrg/check_reg.html?_=1588296124766 HTTP/1.1" 200 22
124.77.110.230 - - [01/May/2020:09:22:05 +0800] "POST /xingrg/dwr/call/plaincall/AjaxCheckService.setItemNumber.dwr HTTP/1.1" 200 78
116.233.79.98 - - [01/May/2020:09:22:06 +0800] "POST /xingrg/dwr/call/plaincall/AjaxCheckService.setItemNumber.dwr HTTP/1.1" 200 77
124.77.110.230 - - [01/May/2020:09:22:06 +0800] "POST /xingrg/dwr/call/plaincall/AjaxCheckService.setItemNumber.dwr HTTP/1.1" 200 78
116.233.79.98 - - [01/May/2020:09:22:06 +0800] "POST /xingrg/dwr/call/plaincall/AjaxCheckService.setItemNumber.dwr HTTP/1.1" 200 77
116.233.79.98 - - [01/May/2020:09:22:06 +0800] "POST /xingrg/dwr/call/plaincall/AjaxCheckService.setItemNumber.dwr HTTP/1.1" 200 77
124.77.110.230 - - [01/May/2020:09:22:07 +0800] "POST /xingrg/dwr/call/plaincall/AjaxCheckService.setItemNumber.dwr HTTP/1.1" 200 78
116.233.79.98 - - [01/May/2020:09:22:07 +0800] "POST /xingrg/dwr/call/plaincall/AjaxCheckService.setItemNumber.dwr HTTP/1.1" 200 77
172.17.0.101 - - [01/May/2020:09:22:07 +0800] "GET /xingrg/all/function/internal_message.html?_=1588296131835&CODE_STATE=getMsg HTTP/1.1" 200 27
124.77.110.230 - - [01/May/2020:09:22:07 +0800] "POST /xingrg/dwr/call/plaincall/AjaxCheckService.setItemNumber.dwr HTTP/1.1" 200 78
116.233.79.98 - - [01/May/2020:09:22:07 +0800] "POST /xingrg/dwr/call/plaincall/AjaxCheckService.setItemNumber.dwr HTTP/1.1" 200 77
124.77.110.230 - - [01/May/2020:09:22:08 +0800] "POST /xingrg/dwr/call/plaincall/AjaxCheckService.setItemNumber.dwr HTTP/1.1" 200 78
116.233.79.98 - - [01/May/2020:09:22:08 +0800] "POST /xingrg/dwr/call/plaincall/AjaxCheckService.setItemNumber.dwr HTTP/1.1" 200 77
180.161.113.183 - - [01/May/2020:09:22:08 +0800] "GET /xingrg/all/function/internal_message.html?_=1588296317645&CODE_STATE=getMsg HTTP/1.1" 200 27
114.84.33.255 - - [01/May/2020:09:22:08 +0800] "GET /xingrg/kc/buy/cgsh_order_operate.html?command=get_materiel&rest_code=00146&code=00101008312&supplier_code=00100005&order_time=2020-05-01 HTTP/1.1" 200 412
124.77.110.230 - - [01/May/2020:09:22:08 +0800] "POST /xingrg/dwr/call/plaincall/AjaxCheckService.setItemNumber.dwr HTTP/1.1" 200 78
116.233.79.98 - - [01/May/2020:09:22:08 +0800] "POST /xingrg/dwr/call/plaincall/AjaxCheckService.setItemNumber.dwr HTTP/1.1" 200 77
124.77.110.230 - - [01/May/2020:09:22:09 +0800] "POST /xingrg/dwr/call/plaincall/AjaxCheckService.setItemNumber.dwr HTTP/1.1" 200 78
116.233.79.98 - - [01/May/2020:09:22:09 +0800] "POST /xingrg/dwr/call/plaincall/AjaxCheckService.setItemNumber.dwr HTTP/1.1" 200 77
116.233.79.98 - - [01/May/2020:09:22:09 +0800] "POST /xingrg/dwr/call/plaincall/AjaxCheckService.setItemNumber.dwr HTTP/1.1" 200 77
124.77.110.230 - - [01/May/2020:09:22:09 +0800] "POST /xingrg/dwr/call/plaincall/AjaxCheckService.setItemNumber.dwr HTTP/1.1" 200 78
116.233.79.98 - - [01/May/2020:09:22:10 +0800] "POST /xingrg/dwr/call/plaincall/AjaxCheckService.setItemNumber.dwr HTTP/1.1" 200 77
116.233.79.98 - - [01/May/2020:09:22:10 +0800] "POST /xingrg/dwr/call/plaincall/AjaxCheckService.setItemNumber.dwr HTTP/1.1" 200 77
114.84.33.255 - - [01/May/2020:09:22:10 +0800] "GET /xingrg/all/function/internal_message.html?_=1588296145878&CODE_STATE=getMsg HTTP/1.1" 200 27
116.233.79.98 - - [01/May/2020:09:22:11 +0800] "POST /xingrg/dwr/call/plaincall/AjaxCheckService.setItemNumber.dwr HTTP/1.1" 200 77
116.233.79.98 - - [01/May/2020:09:22:11 +0800] "POST /xingrg/dwr/call/plaincall/AjaxCheckService.setItemNumber.dwr HTTP/1.1" 200 77
116.233.79.98 - - [01/May/2020:09:22:12 +0800] "POST /xingrg/dwr/call/plaincall/AjaxCheckService.setItemNumber.dwr HTTP/1.1" 200 77
116.233.79.98 - - [01/May/2020:09:22:12 +0800] "POST /xingrg/dwr/call/plaincall/AjaxCheckService.setItemNumber.dwr HTTP/1.1" 200 77
117.185.32.26 - - [01/May/2020:09:22:12 +0800] "GET /xingrg/kc/buy/cgsh_order_operate.html?command=get_materiel&rest_code=00106&code=00101008110&supplier_code=00100007&order_time=2020-05-01 HTTP/1.1" 200 408
124.77.110.230 - - [01/May/2020:09:22:12 +0800] "POST /xingrg/dwr/call/plaincall/AjaxCheckService.setItemNumber.dwr HTTP/1.1" 200 78
172.17.0.120 - - [01/May/2020:09:22:12 +0800] "GET /xingrg/all/function/internal_message.html?_=1588296127630&CODE_STATE=getMsg HTTP/1.1" 200 27
116.233.79.98 - - [01/May/2020:09:22:12 +0800] "POST /xingrg/dwr/call/plaincall/AjaxCheckService.setItemNumber.dwr HTTP/1.1" 200 77
116.233.79.98 - - [01/May/2020:09:22:13 +0800] "POST /xingrg/dwr/call/plaincall/AjaxCheckService.setItemNumber.dwr HTTP/1.1" 200 77
116.233.79.98 - - [01/May/2020:09:22:13 +0800] "POST /xingrg/dwr/call/plaincall/AjaxCheckService.setItemNumber.dwr HTTP/1.1" 200 77
116.233.79.98 - - [01/May/2020:09:22:14 +0800] "POST /xingrg/dwr/call/plaincall/AjaxCheckService.setItemNumber.dwr HTTP/1.1" 200 77
116.233.79.98 - - [01/May/2020:09:22:14 +0800] "POST /xingrg/dwr/call/plaincall/AjaxCheckService.setItemNumber.dwr HTTP/1.1" 200 77
124.77.110.230 - - [01/May/2020:09:22:14 +0800] "POST /xingrg/dwr/call/plaincall/AjaxCheckService.setItemNumber.dwr HTTP/1.1" 200 78
116.233.79.98 - - [01/May/2020:09:22:15 +0800] "POST /xingrg/dwr/call/plaincall/AjaxCheckService.setItemNumber.dwr HTTP/1.1" 200 77
124.77.110.230 - - [01/May/2020:09:22:15 +0800] "POST /xingrg/dwr/call/plaincall/AjaxCheckService.setItemNumber.dwr HTTP/1.1" 200 78
116.233.79.98 - - [01/May/2020:09:22:15 +0800] "POST /xingrg/dwr/call/plaincall/AjaxCheckService.setItemNumber.dwr HTTP/1.1" 200 77
124.77.110.230 - - [01/May/2020:09:22:15 +0800] "POST /xingrg/dwr/call/plaincall/AjaxCheckService.setItemNumber.dwr HTTP/1.1" 200 78
124.77.110.230 - - [01/May/2020:09:22:16 +0800] "POST /xingrg/dwr/call/plaincall/AjaxCheckService.setItemNumber.dwr HTTP/1.1" 200 78
114.84.33.255 - - [01/May/2020:09:22:16 +0800] "GET /xingrg/kc/buy/cgsh_order_operate.html?command=get_materiel&rest_code=00146&code=00101015026&supplier_code=00100005&order_time=2020-05-01 HTTP/1.1" 200 412
124.77.110.230 - - [01/May/2020:09:22:16 +0800] "POST /xingrg/dwr/call/plaincall/AjaxCheckService.setItemNumber.dwr HTTP/1.1" 200 78
172.17.0.101 - - [01/May/2020:09:22:17 +0800] "POST /xingrg/all/user/operate.html HTTP/1.1" 200 36
172.17.0.101 - - [01/May/2020:09:22:18 +0800] "GET /xingrg/index.html?sysBaseUrl=http%3A%2F%2F172.17.0.8%3A18081%2Fxingrg%2F&costTime=43×tamp=1588295715372 HTTP/1.1" 200 17448
172.17.0.101 - - [01/May/2020:09:22:18 +0800] "GET /xingrg/javascript/jquery_easy_ui/themes/default/easyui.css HTTP/1.1" 304 -
172.17.0.101 - - [01/May/2020:09:22:18 +0800] "GET /xingrg/javascript/jquery_easy_ui/themes/icon.css HTTP/1.1" 304 -
172.17.0.101 - - [01/May/2020:09:22:18 +0800] "GET /xingrg/css/form.css HTTP/1.1" 304 -
172.17.0.101 - - [01/May/2020:09:22:18 +0800] "GET /xingrg/javascript/jquery-1.4.2.min.js HTTP/1.1" 304 -
172.17.0.100 - - [01/May/2020:09:22:18 +0800] "GET /xingrg/all/function/internal_message.html?_=1588296157662&CODE_STATE=getMsg HTTP/1.1" 200 27
172.17.0.101 - - [01/May/2020:09:22:18 +0800] "GET /xingrg/javascript/jquery_easy_ui/jquery.easyui.min.js HTTP/1.1" 304 -
172.17.0.101 - - [01/May/2020:09:22:18 +0800] "GET /xingrg/javascript/jquery_easy_ui/easyui-lang-zh_CN.js HTTP/1.1" 304 -
172.17.0.101 - - [01/May/2020:09:22:18 +0800] "GET /xingrg/javascript/jquery.form.js HTTP/1.1" 304 -
172.17.0.101 - - [01/May/2020:09:22:18 +0800] "GET /xingrg/javascript/jquery.utils.js HTTP/1.1" 304 -
172.17.0.101 - - [01/May/2020:09:22:18 +0800] "GET /xingrg/javascript/jquery.timers.js HTTP/1.1" 304 -
172.17.0.101 - - [01/May/2020:09:22:18 +0800] "GET /xingrg/images/blue/jxLogo.png HTTP/1.1" 304 -
172.17.0.101 - - [01/May/2020:09:22:18 +0800] "GET /xingrg/images/blue/navBackgound.jpg HTTP/1.1" 304 -
172.17.0.101 - - [01/May/2020:09:22:18 +0800] "GET /xingrg/javascript/jquery_easy_ui/themes/icons/settle_new.png HTTP/1.1" 304 -
172.17.0.101 - - [01/May/2020:09:22:18 +0800] "POST /xingrg/all/common/load_tree.html?tree=area_rest_tree_json&manage=1 HTTP/1.1" 200 3088
172.17.0.101 - - [01/May/2020:09:22:18 +0800] "GET /xingrg/all/function/internal_message.html?_=1588296142694&CODE_STATE=count HTTP/1.1" 200 11
172.17.0.101 - - [01/May/2020:09:22:18 +0800] "GET /xingrg/check_reg.html?_=1588296142696 HTTP/1.1" 200 22
172.17.0.101 - - [01/May/2020:09:22:18 +0800] "GET /xingrg/javascript/jquery_easy_ui/themes/default/images/tabs_leftarrow.png HTTP/1.1" 304 -
172.17.0.101 - - [01/May/2020:09:22:18 +0800] "GET /xingrg/javascript/jquery_easy_ui/themes/default/images/tabs_rightarrow.png HTTP/1.1" 304 -
172.17.0.101 - - [01/May/2020:09:22:18 +0800] "GET /xingrg/javascript/jquery_easy_ui/themes/default/images/panel_tool_expand.gif HTTP/1.1" 304 -
172.17.0.101 - - [01/May/2020:09:22:18 +0800] "GET /xingrg/images/blue/pingpu.png HTTP/1.1" 304 -
172.17.0.101 - - [01/May/2020:09:22:18 +0800] "GET /xingrg/javascript/jquery_easy_ui/themes/default/images/panel_tool_collapse.gif HTTP/1.1" 304 -
172.17.0.101 - - [01/May/2020:09:22:18 +0800] "POST /xingrg/load_menu.html HTTP/1.1" 200 11529
116.233.79.98 - - [01/May/2020:09:22:18 +0800] "POST /xingrg/dwr/call/plaincall/AjaxCheckService.setItemNumber.dwr HTTP/1.1" 200 77
117.185.32.26 - - [01/May/2020:09:22:18 +0800] "GET /xingrg/kc/buy/cgsh_order_operate.html?command=get_materiel&rest_code=00106&code=00101008038&supplier_code=00100007&order_time=2020-05-01 HTTP/1.1" 200 412
116.233.79.98 - - [01/May/2020:09:22:19 +0800] "POST /xingrg/dwr/call/plaincall/AjaxCheckService.setItemNumber.dwr HTTP/1.1" 200 78
114.84.33.255 - - [01/May/2020:09:22:20 +0800] "GET /xingrg/all/function/internal_message.html?_=1588296150045&CODE_STATE=getMsg HTTP/1.1" 200 27
124.77.110.230 - - [01/May/2020:09:22:22 +0800] "POST /xingrg/dwr/call/plaincall/AjaxCheckService.setItemNumber.dwr HTTP/1.1" 200 78
114.88.159.93 - - [01/May/2020:09:22:22 +0800] "POST /xingrg/dwr/call/plaincall/AjaxQqpsService.getMaterielByCode.dwr HTTP/1.1" 200 2476
116.233.79.98 - - [01/May/2020:09:22:23 +0800] "POST /xingrg/dwr/call/plaincall/AjaxCheckService.setItemNumber.dwr HTTP/1.1" 200 78
116.233.79.98 - - [01/May/2020:09:22:24 +0800] "POST /xingrg/dwr/call/plaincall/AjaxCheckService.setItemNumber.dwr HTTP/1.1" 200 78
114.88.159.93 - - [01/May/2020:09:22:24 +0800] "POST /xingrg/dwr/call/plaincall/AjaxQqpsService.saveMaterielItem.dwr HTTP/1.1" 200 79
116.233.79.98 - - [01/May/2020:09:22:24 +0800] "POST /xingrg/dwr/call/plaincall/AjaxCheckService.setItemNumber.dwr HTTP/1.1" 200 78
114.84.33.255 - - [01/May/2020:09:22:24 +0800] "GET /xingrg/kc/buy/cgsh_order_operate.html?command=get_materiel&rest_code=00146&code=00101008283&supplier_code=00100005&order_time=2020-05-01 HTTP/1.1" 200 408
116.233.79.98 - - [01/May/2020:09:22:25 +0800] "POST /xingrg/dwr/call/plaincall/AjaxCheckService.setItemNumber.dwr HTTP/1.1" 200 78
116.233.79.98 - - [01/May/2020:09:22:25 +0800] "POST /xingrg/dwr/call/plaincall/AjaxCheckService.setItemNumber.dwr HTTP/1.1" 200 78
124.77.110.230 - - [01/May/2020:09:22:25 +0800] "POST /xingrg/dwr/call/plaincall/AjaxCheckService.setItemNumber.dwr HTTP/1.1" 200 78
116.233.79.98 - - [01/May/2020:09:22:26 +0800] "POST /xingrg/dwr/call/plaincall/AjaxCheckService.setItemNumber.dwr HTTP/1.1" 200 78
116.233.79.98 - - [01/May/2020:09:22:26 +0800] "POST /xingrg/dwr/call/plaincall/AjaxCheckService.setItemNumber.dwr HTTP/1.1" 200 78
116.233.79.98 - - [01/May/2020:09:22:26 +0800] "POST /xingrg/dwr/call/plaincall/AjaxCheckService.setItemNumber.dwr HTTP/1.1" 200 78
114.86.190.97 - - [01/May/2020:09:22:26 +0800] "GET /xingrg/all/function/internal_message.html?_=1588296151613&CODE_STATE=getMsg HTTP/1.1" 200 27
116.233.79.98 - - [01/May/2020:09:22:27 +0800] "POST /xingrg/dwr/call/plaincall/AjaxCheckService.setItemNumber.dwr HTTP/1.1" 200 78
116.233.79.98 - - [01/May/2020:09:22:27 +0800] "POST /xingrg/dwr/call/plaincall/AjaxCheckService.setItemNumber.dwr HTTP/1.1" 200 78
116.233.79.98 - - [01/May/2020:09:22:28 +0800] "POST /xingrg/dwr/call/plaincall/AjaxCheckService.setItemNumber.dwr HTTP/1.1" 200 78
172.17.0.101 - - [01/May/2020:09:22:28 +0800] "GET /xingrg/kc/report/report_main.html HTTP/1.1" 200 9350
116.233.79.98 - - [01/May/2020:09:22:28 +0800] "POST /xingrg/dwr/call/plaincall/AjaxCheckService.setItemNumber.dwr HTTP/1.1" 200 78
116.233.79.98 - - [01/May/2020:09:22:28 +0800] "POST /xingrg/dwr/call/plaincall/AjaxCheckService.setItemNumber.dwr HTTP/1.1" 200 78
116.233.79.98 - - [01/May/2020:09:22:29 +0800] "POST /xingrg/dwr/call/plaincall/AjaxCheckService.setItemNumber.dwr HTTP/1.1" 200 78
116.233.79.98 - - [01/May/2020:09:22:29 +0800] "POST /xingrg/dwr/call/plaincall/AjaxCheckService.setItemNumber.dwr HTTP/1.1" 200 78
172.17.0.101 - - [01/May/2020:09:22:29 +0800] "GET /xingrg/all/report/report_query.html?fileName=kc/buy/gys_amount_base_rest.xml HTTP/1.1" 200 51589
172.17.0.101 - - [01/May/2020:09:22:29 +0800] "GET /xingrg/dwr/interface/AjaxReportQueryService.js HTTP/1.1" 200 13203
172.17.0.101 - - [01/May/2020:09:22:29 +0800] "GET /xingrg/dwr/engine.js HTTP/1.1" 200 43631
116.233.79.27 - - [01/May/2020:09:22:30 +0800] "GET /xingrg/all/function/internal_message.html?_=1588296149003&CODE_STATE=getMsg HTTP/1.1" 302 -
172.17.0.101 - - [01/May/2020:09:22:30 +0800] "POST /xingrg/dwr/call/plaincall/AjaxReportQueryService.getFixDate.dwr HTTP/1.1" 200 111
172.17.0.101 - - [01/May/2020:09:22:30 +0800] "POST /xingrg/all/common/load_tree.html?tree=area_rest_tree_json&manage=1 HTTP/1.1" 200 3088
172.17.0.101 - - [01/May/2020:09:22:30 +0800] "POST /xingrg/all/common/load_tree.html?tree=supplier_tree_json&manage=1 HTTP/1.1" 200 48222
116.233.79.98 - - [01/May/2020:09:22:30 +0800] "POST /xingrg/dwr/call/plaincall/AjaxCheckService.setItemNumber.dwr HTTP/1.1" 200 78
124.77.110.230 - - [01/May/2020:09:22:30 +0800] "POST /xingrg/dwr/call/plaincall/AjaxCheckService.setItemNumber.dwr HTTP/1.1" 200 78
124.77.110.230 - - [01/May/2020:09:22:31 +0800] "POST /xingrg/dwr/call/plaincall/AjaxCheckService.setItemNumber.dwr HTTP/1.1" 200 78
124.77.110.230 - - [01/May/2020:09:22:32 +0800] "POST /xingrg/dwr/call/plaincall/AjaxCheckService.setItemNumber.dwr HTTP/1.1" 200 78
124.77.110.230 - - [01/May/2020:09:22:32 +0800] "POST /xingrg/dwr/call/plaincall/AjaxCheckService.setItemNumber.dwr HTTP/1.1" 200 78
124.77.110.230 - - [01/May/2020:09:22:33 +0800] "GET /xingrg/check_reg.html?_=1588296150651 HTTP/1.1" 200 22
124.77.110.230 - - [01/May/2020:09:22:33 +0800] "POST /xingrg/dwr/call/plaincall/AjaxCheckService.setItemNumber.dwr HTTP/1.1" 200 78
116.233.79.98 - - [01/May/2020:09:22:33 +0800] "POST /xingrg/dwr/call/plaincall/AjaxCheckService.setItemNumber.dwr HTTP/1.1" 200 78
114.88.159.93 - - [01/May/2020:09:22:34 +0800] "POST /xingrg/dwr/call/plaincall/AjaxQqpsService.getMaterielByCode.dwr HTTP/1.1" 200 2452
124.77.110.230 - - [01/May/2020:09:22:34 +0800] "POST /xingrg/dwr/call/plaincall/AjaxCheckService.setItemNumber.dwr HTTP/1.1" 200 78
124.77.110.230 - - [01/May/2020:09:22:34 +0800] "GET /xingrg/all/function/internal_message.html?_=1588296151221&CODE_STATE=getMsg HTTP/1.1" 200 27
114.88.159.93 - - [01/May/2020:09:22:34 +0800] "GET /xingrg/all/function/internal_message.html?_=1588296146704&CODE_STATE=getMsg HTTP/1.1" 200 27
116.233.79.98 - - [01/May/2020:09:22:34 +0800] "POST /xingrg/dwr/call/plaincall/AjaxCheckService.setItemNumber.dwr HTTP/1.1" 200 78
124.77.110.230 - - [01/May/2020:09:22:34 +0800] "POST /xingrg/dwr/call/plaincall/AjaxCheckService.setItemNumber.dwr HTTP/1.1" 200 78
114.84.33.255 - - [01/May/2020:09:22:34 +0800] "GET /xingrg/kc/buy/cgsh_order_operate.html?command=get_materiel&rest_code=00146&code=00101008350&supplier_code=00100005&order_time=2020-05-01 HTTP/1.1" 200 408
116.233.79.98 - - [01/May/2020:09:22:34 +0800] "POST /xingrg/dwr/call/plaincall/AjaxCheckService.setItemNumber.dwr HTTP/1.1" 200 78
116.233.79.98 - - [01/May/2020:09:22:35 +0800] "POST /xingrg/dwr/call/plaincall/AjaxCheckService.setItemNumber.dwr HTTP/1.1" 200 78
124.77.110.230 - - [01/May/2020:09:22:35 +0800] "POST /xingrg/dwr/call/plaincall/AjaxCheckService.setItemNumber.dwr HTTP/1.1" 200 78
117.185.32.26 - - [01/May/2020:09:22:35 +0800] "GET /xingrg/kc/buy/cgsh_order_operate.html?command=get_materiel&rest_code=00106&code=00101008163&supplier_code=00100007&order_time=2020-05-01 HTTP/1.1" 200 408
116.233.79.98 - - [01/May/2020:09:22:35 +0800] "POST /xingrg/dwr/call/plaincall/AjaxCheckService.setItemNumber.dwr HTTP/1.1" 200 78
116.233.79.98 - - [01/May/2020:09:22:36 +0800] "POST /xingrg/dwr/call/plaincall/AjaxCheckService.setItemNumber.dwr HTTP/1.1" 200 78
124.77.110.230 - - [01/May/2020:09:22:36 +0800] "POST /xingrg/dwr/call/plaincall/AjaxCheckService.setItemNumber.dwr HTTP/1.1" 200 78
116.233.79.98 - - [01/May/2020:09:22:36 +0800] "POST /xingrg/dwr/call/plaincall/AjaxCheckService.setItemNumber.dwr HTTP/1.1" 200 78
124.77.110.230 - - [01/May/2020:09:22:37 +0800] "POST /xingrg/dwr/call/plaincall/AjaxCheckService.setItemNumber.dwr HTTP/1.1" 200 78
124.77.110.230 - - [01/May/2020:09:22:37 +0800] "POST /xingrg/dwr/call/plaincall/AjaxCheckService.setItemNumber.dwr HTTP/1.1" 200 78
116.233.79.98 - - [01/May/2020:09:22:37 +0800] "POST /xingrg/dwr/call/plaincall/AjaxCheckService.setItemNumber.dwr HTTP/1.1" 200 78
124.77.110.230 - - [01/May/2020:09:22:38 +0800] "POST /xingrg/dwr/call/plaincall/AjaxCheckService.setItemNumber.dwr HTTP/1.1" 200 78
124.77.110.230 - - [01/May/2020:09:22:38 +0800] "POST /xingrg/dwr/call/plaincall/AjaxCheckService.setItemNumber.dwr HTTP/1.1" 200 78
124.77.110.230 - - [01/May/2020:09:22:39 +0800] "POST /xingrg/dwr/call/plaincall/AjaxCheckService.setItemNumber.dwr HTTP/1.1" 200 78
116.233.79.98 - - [01/May/2020:09:22:39 +0800] "GET /xingrg/all/function/internal_message.html?_=1588296198703&CODE_STATE=getMsg HTTP/1.1" 200 27
124.77.110.230 - - [01/May/2020:09:22:39 +0800] "POST /xingrg/dwr/call/plaincall/AjaxCheckService.setItemNumber.dwr HTTP/1.1" 200 78
124.77.110.230 - - [01/May/2020:09:22:40 +0800] "POST /xingrg/dwr/call/plaincall/AjaxCheckService.setItemNumber.dwr HTTP/1.1" 200 78
124.77.110.230 - - [01/May/2020:09:22:41 +0800] "POST /xingrg/dwr/call/plaincall/AjaxCheckService.setItemNumber.dwr HTTP/1.1" 200 78
116.233.79.98 - - [01/May/2020:09:22:41 +0800] "POST /xingrg/dwr/call/plaincall/AjaxCheckService.setItemNumber.dwr HTTP/1.1" 200 78
116.233.79.98 - - [01/May/2020:09:22:43 +0800] "POST /xingrg/dwr/call/plaincall/AjaxCheckService.setItemNumber.dwr HTTP/1.1" 200 78
117.185.32.26 - - [01/May/2020:09:22:43 +0800] "GET /xingrg/kc/buy/cgsh_order_operate.html?command=get_materiel&rest_code=00106&code=00101008190&supplier_code=00100007&order_time=2020-05-01 HTTP/1.1" 200 412
116.233.79.98 - - [01/May/2020:09:22:44 +0800] "POST /xingrg/dwr/call/plaincall/AjaxCheckService.setItemNumber.dwr HTTP/1.1" 200 78
124.77.110.230 - - [01/May/2020:09:22:44 +0800] "POST /xingrg/dwr/call/plaincall/AjaxCheckService.setItemNumber.dwr HTTP/1.1" 200 78
116.233.79.98 - - [01/May/2020:09:22:44 +0800] "POST /xingrg/dwr/call/plaincall/AjaxCheckService.setItemNumber.dwr HTTP/1.1" 200 78
124.77.110.230 - - [01/May/2020:09:22:45 +0800] "POST /xingrg/dwr/call/plaincall/AjaxCheckService.setItemNumber.dwr HTTP/1.1" 200 78
116.233.79.98 - - [01/May/2020:09:22:45 +0800] "POST /xingrg/dwr/call/plaincall/AjaxCheckService.setItemNumber.dwr HTTP/1.1" 200 78
116.233.79.98 - - [01/May/2020:09:22:46 +0800] "POST /xingrg/dwr/call/plaincall/AjaxCheckService.setItemNumber.dwr HTTP/1.1" 200 78
124.77.110.230 - - [01/May/2020:09:22:46 +0800] "POST /xingrg/dwr/call/plaincall/AjaxCheckService.setItemNumber.dwr HTTP/1.1" 200 78
114.88.159.93 - - [01/May/2020:09:22:46 +0800] "POST /xingrg/dwr/call/plaincall/AjaxQqpsService.saveMaterielItem.dwr HTTP/1.1" 200 79
116.233.79.98 - - [01/May/2020:09:22:46 +0800] "POST /xingrg/dwr/call/plaincall/AjaxCheckService.setItemNumber.dwr HTTP/1.1" 200 78
124.77.110.230 - - [01/May/2020:09:22:47 +0800] "POST /xingrg/dwr/call/plaincall/AjaxCheckService.setItemNumber.dwr HTTP/1.1" 200 78
180.162.232.172 - - [01/May/2020:09:22:47 +0800] "GET /xingrg/all/function/internal_message.html?_=1588296279839&CODE_STATE=getMsg HTTP/1.1" 200 27
172.17.0.101 - - [01/May/2020:09:22:47 +0800] "POST /xingrg/dwr/call/plaincall/AjaxReportQueryService.refreshCache.dwr HTTP/1.1" 200 78
116.233.79.98 - - [01/May/2020:09:22:47 +0800] "POST /xingrg/dwr/call/plaincall/AjaxCheckService.setItemNumber.dwr HTTP/1.1" 200 78
116.233.79.98 - - [01/May/2020:09:22:48 +0800] "POST /xingrg/dwr/call/plaincall/AjaxCheckService.setItemNumber.dwr HTTP/1.1" 200 78
172.17.0.101 - - [01/May/2020:09:22:48 +0800] "POST /xingrg/all/report/load_report_page.html HTTP/1.1" 200 45092
172.17.0.101 - - [01/May/2020:09:22:48 +0800] "GET /xingrg/servlets/image?cache=0.8355639511851272&image=px HTTP/1.1" 200 807
222.69.138.117 - - [01/May/2020:09:22:48 +0800] "GET /xingrg/all/function/internal_message.html?_=1588296159887&CODE_STATE=getMsg HTTP/1.1" 200 27
116.233.79.98 - - [01/May/2020:09:22:48 +0800] "POST /xingrg/dwr/call/plaincall/AjaxCheckService.setItemNumber.dwr HTTP/1.1" 200 78
116.233.79.98 - - [01/May/2020:09:22:48 +0800] "POST /xingrg/dwr/call/plaincall/AjaxCheckService.setItemNumber.dwr HTTP/1.1" 200 78
116.233.79.98 - - [01/May/2020:09:22:49 +0800] "POST /xingrg/dwr/call/plaincall/AjaxCheckService.setItemNumber.dwr HTTP/1.1" 200 78
116.233.79.98 - - [01/May/2020:09:22:49 +0800] "POST /xingrg/dwr/call/plaincall/AjaxCheckService.setItemNumber.dwr HTTP/1.1" 200 78
116.233.79.98 - - [01/May/2020:09:22:50 +0800] "POST /xingrg/dwr/call/plaincall/AjaxCheckService.setItemNumber.dwr HTTP/1.1" 200 78
116.233.79.98 - - [01/May/2020:09:22:50 +0800] "POST /xingrg/dwr/call/plaincall/AjaxCheckService.setItemNumber.dwr HTTP/1.1" 200 78
116.233.79.98 - - [01/May/2020:09:22:51 +0800] "POST /xingrg/dwr/call/plaincall/AjaxCheckService.setItemNumber.dwr HTTP/1.1" 200 78
124.77.110.230 - - [01/May/2020:09:22:51 +0800] "POST /xingrg/dwr/call/plaincall/AjaxCheckService.setItemNumber.dwr HTTP/1.1" 200 78
116.233.79.98 - - [01/May/2020:09:22:51 +0800] "POST /xingrg/dwr/call/plaincall/AjaxCheckService.setItemNumber.dwr HTTP/1.1" 200 78
117.185.32.26 - - [01/May/2020:09:22:51 +0800] "GET /xingrg/kc/buy/cgsh_order_operate.html?command=get_materiel&rest_code=00106&code=00101008101&supplier_code=00100007&order_time=2020-05-01 HTTP/1.1" 200 412
124.77.110.230 - - [01/May/2020:09:22:52 +0800] "POST /xingrg/dwr/call/plaincall/AjaxCheckService.setItemNumber.dwr HTTP/1.1" 200 78
116.233.79.98 - - [01/May/2020:09:22:52 +0800] "POST /xingrg/dwr/call/plaincall/AjaxCheckService.setItemNumber.dwr HTTP/1.1" 200 78
180.162.232.172 - - [01/May/2020:09:22:52 +0800] "GET /xingrg/all/function/internal_message.html?_=1588296171618&CODE_STATE=getMsg HTTP/1.1" 200 27
124.77.110.230 - - [01/May/2020:09:22:53 +0800] "POST /xingrg/dwr/call/plaincall/AjaxCheckService.setItemNumber.dwr HTTP/1.1" 200 78
116.233.79.98 - - [01/May/2020:09:22:53 +0800] "POST /xingrg/dwr/call/plaincall/AjaxCheckService.setItemNumber.dwr HTTP/1.1" 200 78
116.233.79.98 - - [01/May/2020:09:22:53 +0800] "POST /xingrg/dwr/call/plaincall/AjaxCheckService.setItemNumber.dwr HTTP/1.1" 200 78
124.77.110.230 - - [01/May/2020:09:22:53 +0800] "POST /xingrg/dwr/call/plaincall/AjaxCheckService.setItemNumber.dwr HTTP/1.1" 200 78
116.233.79.98 - - [01/May/2020:09:22:54 +0800] "POST /xingrg/dwr/call/plaincall/AjaxCheckService.setItemNumber.dwr HTTP/1.1" 200 78
116.233.79.98 - - [01/May/2020:09:22:54 +0800] "POST /xingrg/dwr/call/plaincall/AjaxCheckService.setItemNumber.dwr HTTP/1.1" 200 78
116.233.79.98 - - [01/May/2020:09:22:55 +0800] "POST /xingrg/dwr/call/plaincall/AjaxCheckService.setItemNumber.dwr HTTP/1.1" 200 78
124.77.110.230 - - [01/May/2020:09:22:55 +0800] "POST /xingrg/dwr/call/plaincall/AjaxCheckService.setItemNumber.dwr HTTP/1.1" 200 78
117.185.32.26 - - [01/May/2020:09:22:57 +0800] "GET /xingrg/kc/buy/cgsh_order_operate.html?command=get_materiel&rest_code=00106&code=00101008004&supplier_code=00100007&order_time=2020-05-01 HTTP/1.1" 200 416
172.17.0.123 - - [01/May/2020:09:22:58 +0800] "GET /xingrg/all/function/internal_message.html?_=1588296173069&CODE_STATE=getMsg HTTP/1.1" 302 -
172.17.0.240 - - [01/May/2020:09:22:58 +0800] "GET /xingrg/check_reg.html?_=1588296175125 HTTP/1.1" 200 22
172.17.0.240 - - [01/May/2020:09:22:58 +0800] "GET /xingrg/all/function/internal_message.html?_=1588296175129&CODE_STATE=getMsg HTTP/1.1" 200 27
58.40.7.146 - - [01/May/2020:09:23:01 +0800] "GET /xingrg/all/function/internal_message.html?_=1588296178197&CODE_STATE=getMsg HTTP/1.1" 200 27
114.84.32.201 - - [01/May/2020:09:23:01 +0800] "GET /xingrg/all/function/internal_message.html?_=1588296176192&CODE_STATE=getMsg HTTP/1.1" 302 -
114.84.32.201 - - [01/May/2020:09:23:01 +0800] "GET /xingrg/check_reg.html?_=1588296176194 HTTP/1.1" 302 -
180.161.113.183 - - [01/May/2020:09:23:02 +0800] "GET /xingrg/check_reg.html?_=1588296371937 HTTP/1.1" 200 22
116.233.79.98 - - [01/May/2020:09:23:02 +0800] "POST /xingrg/dwr/call/plaincall/AjaxCheckService.setItemNumber.dwr HTTP/1.1" 200 78
116.233.79.98 - - [01/May/2020:09:23:03 +0800] "POST /xingrg/dwr/call/plaincall/AjaxCheckService.setItemNumber.dwr HTTP/1.1" 200 78
116.233.79.98 - - [01/May/2020:09:23:04 +0800] "POST /xingrg/dwr/call/plaincall/AjaxCheckService.setItemNumber.dwr HTTP/1.1" 200 78
116.233.79.98 - - [01/May/2020:09:23:04 +0800] "POST /xingrg/dwr/call/plaincall/AjaxCheckService.setItemNumber.dwr HTTP/1.1" 200 78
180.156.150.85 - - [01/May/2020:09:23:05 +0800] "GET /xingrg/all/function/internal_message.html?_=1588296184206&CODE_STATE=getMsg HTTP/1.1" 200 27
116.233.79.98 - - [01/May/2020:09:23:05 +0800] "POST /xingrg/dwr/call/plaincall/AjaxCheckService.setItemNumber.dwr HTTP/1.1" 200 78
116.233.79.98 - - [01/May/2020:09:23:06 +0800] "POST /xingrg/dwr/call/plaincall/AjaxCheckService.setItemNumber.dwr HTTP/1.1" 200 78
116.233.79.98 - - [01/May/2020:09:23:07 +0800] "POST /xingrg/dwr/call/plaincall/AjaxCheckService.setItemNumber.dwr HTTP/1.1" 200 78
117.185.32.26 - - [01/May/2020:09:23:07 +0800] "GET /xingrg/kc/buy/cgsh_order_operate.html?command=get_materiel&rest_code=00106&code=00101008137&supplier_code=00100007&order_time=2020-05-01 HTTP/1.1" 200 408
116.233.79.98 - - [01/May/2020:09:23:08 +0800] "POST /xingrg/dwr/call/plaincall/AjaxCheckService.setItemNumber.dwr HTTP/1.1" 200 78
180.161.113.183 - - [01/May/2020:09:23:08 +0800] "GET /xingrg/all/function/internal_message.html?_=1588296377663&CODE_STATE=getMsg HTTP/1.1" 200 27
116.233.79.98 - - [01/May/2020:09:23:08 +0800] "POST /xingrg/dwr/call/plaincall/AjaxCheckService.setItemNumber.dwr HTTP/1.1" 200 78
116.233.79.98 - - [01/May/2020:09:23:09 +0800] "POST /xingrg/dwr/call/plaincall/AjaxCheckService.setItemNumber.dwr HTTP/1.1" 200 78
116.233.79.98 - - [01/May/2020:09:23:09 +0800] "POST /xingrg/dwr/call/plaincall/AjaxCheckService.setItemNumber.dwr HTTP/1.1" 200 78
116.233.79.98 - - [01/May/2020:09:23:10 +0800] "POST /xingrg/dwr/call/plaincall/AjaxCheckService.setItemNumber.dwr HTTP/1.1" 200 78
116.233.79.98 - - [01/May/2020:09:23:10 +0800] "POST /xingrg/dwr/call/plaincall/AjaxCheckService.setItemNumber.dwr HTTP/1.1" 200 78
114.84.33.255 - - [01/May/2020:09:23:10 +0800] "GET /xingrg/all/function/internal_message.html?_=1588296205891&CODE_STATE=getMsg HTTP/1.1" 200 27
116.233.79.98 - - [01/May/2020:09:23:11 +0800] "POST /xingrg/dwr/call/plaincall/AjaxCheckService.setItemNumber.dwr HTTP/1.1" 200 78
116.233.79.98 - - [01/May/2020:09:23:11 +0800] "POST /xingrg/dwr/call/plaincall/AjaxCheckService.setItemNumber.dwr HTTP/1.1" 200 78
116.233.79.98 - - [01/May/2020:09:23:12 +0800] "POST /xingrg/dwr/call/plaincall/AjaxCheckService.setItemNumber.dwr HTTP/1.1" 200 78
116.233.79.98 - - [01/May/2020:09:23:12 +0800] "POST /xingrg/dwr/call/plaincall/AjaxCheckService.setItemNumber.dwr HTTP/1.1" 200 78
172.17.0.120 - - [01/May/2020:09:23:12 +0800] "GET /xingrg/all/function/internal_message.html?_=1588296187632&CODE_STATE=getMsg HTTP/1.1" 200 27
116.233.79.98 - - [01/May/2020:09:23:12 +0800] "POST /xingrg/dwr/call/plaincall/AjaxCheckService.setItemNumber.dwr HTTP/1.1" 200 78
114.84.33.255 - - [01/May/2020:09:23:13 +0800] "GET /xingrg/kc/buy/cgsh_order_operate.html?command=get_materiel&rest_code=00146&code=00101008223&supplier_code=00100005&order_time=2020-05-01 HTTP/1.1" 200 412
116.233.79.98 - - [01/May/2020:09:23:13 +0800] "POST /xingrg/dwr/call/plaincall/AjaxCheckService.setItemNumber.dwr HTTP/1.1" 200 78
116.233.79.98 - - [01/May/2020:09:23:13 +0800] "POST /xingrg/dwr/call/plaincall/AjaxCheckService.setItemNumber.dwr HTTP/1.1" 200 78
116.233.79.98 - - [01/May/2020:09:23:14 +0800] "POST /xingrg/dwr/call/plaincall/AjaxCheckService.setItemNumber.dwr HTTP/1.1" 200 78
116.233.79.98 - - [01/May/2020:09:23:14 +0800] "POST /xingrg/dwr/call/plaincall/AjaxCheckService.setItemNumber.dwr HTTP/1.1" 200 78
117.185.32.26 - - [01/May/2020:09:23:14 +0800] "GET /xingrg/kc/buy/cgsh_order_operate.html?command=get_materiel&rest_code=00106&code=00101008360&supplier_code=00100007&order_time=2020-05-01 HTTP/1.1" 200 413
180.156.150.85 - - [01/May/2020:09:23:15 +0800] "GET /xingrg/kc/buy/cgsh_order_operate.html?command=get_materiel&rest_code=00105&code=00101005028&supplier_code=00100203&order_time=2020-05-01 HTTP/1.1" 200 409
116.233.79.98 - - [01/May/2020:09:23:16 +0800] "POST /xingrg/dwr/call/plaincall/AjaxCheckService.setItemNumber.dwr HTTP/1.1" 200 78
116.233.79.98 - - [01/May/2020:09:23:17 +0800] "POST /xingrg/dwr/call/plaincall/AjaxCheckService.setItemNumber.dwr HTTP/1.1" 200 78
116.233.79.98 - - [01/May/2020:09:23:17 +0800] "POST /xingrg/dwr/call/plaincall/AjaxCheckService.setItemNumber.dwr HTTP/1.1" 200 78
172.17.0.100 - - [01/May/2020:09:23:18 +0800] "GET /xingrg/all/function/internal_message.html?_=1588296217657&CODE_STATE=getMsg HTTP/1.1" 200 27
172.17.0.101 - - [01/May/2020:09:23:18 +0800] "GET /xingrg/all/function/internal_message.html?_=1588296202713&CODE_STATE=getMsg HTTP/1.1" 200 27
222.69.138.117 - - [01/May/2020:09:23:18 +0800] "POST /xingrg/kc/buy/cgsh_order_operate.html HTTP/1.1" 200 37
114.88.159.93 - - [01/May/2020:09:23:19 +0800] "POST /xingrg/dwr/call/plaincall/AjaxQqpsService.getMaterielByCode.dwr HTTP/1.1" 200 2466
114.84.33.255 - - [01/May/2020:09:23:20 +0800] "GET /xingrg/all/function/internal_message.html?_=1588296210059&CODE_STATE=getMsg HTTP/1.1" 200 27
222.69.138.117 - - [01/May/2020:09:23:20 +0800] "POST /xingrg/kc/buy/cgsh_order_operate.html HTTP/1.1" 200 12
114.88.159.93 - - [01/May/2020:09:23:20 +0800] "POST /xingrg/dwr/call/plaincall/AjaxQqpsService.saveMaterielItem.dwr HTTP/1.1" 200 79
114.84.33.255 - - [01/May/2020:09:23:21 +0800] "POST /xingrg/kc/buy/cgsh_order_operate.html HTTP/1.1" 200 2065
222.69.138.117 - - [01/May/2020:09:23:21 +0800] "GET /xingrg/kc/buy/cgsh_order_info.html?code=212020050100015 HTTP/1.1" 200 53101
222.69.138.117 - - [01/May/2020:09:23:22 +0800] "GET /xingrg/javascript/easyui/themes/default/validatebox.css HTTP/1.1" 404 1104
222.69.138.117 - - [01/May/2020:09:23:22 +0800] "POST /xingrg/kc/buy/cgsh_order_operate.html HTTP/1.1" 200 33087
117.185.32.26 - - [01/May/2020:09:23:22 +0800] "GET /xingrg/kc/buy/cgsh_order_operate.html?command=get_materiel&rest_code=00106&code=00101008059&supplier_code=00100007&order_time=2020-05-01 HTTP/1.1" 200 408
