58.221.95.50 - - [29/Apr/2020:10:04:51 +0800] "GET /xingrg/all/function/internal_message.html?_=1588125917283&CODE_STATE=getMsg HTTP/1.1" 200 27
58.221.95.50 - - [29/Apr/2020:10:04:51 +0800] "GET /xingrg/all/function/internal_message.html?_=1588125917327&CODE_STATE=getMsg HTTP/1.1" 200 27
172.17.0.112 - - [29/Apr/2020:10:04:51 +0800] "GET /xingrg/all/function/internal_message.html?_=1588125890707&CODE_STATE=getMsg HTTP/1.1" 200 27
180.162.232.172 - - [29/Apr/2020:10:04:51 +0800] "GET /xingrg/all/function/internal_message.html?_=1588125891636&CODE_STATE=getMsg HTTP/1.1" 200 27
180.156.150.85 - - [29/Apr/2020:10:04:52 +0800] "GET /xingrg/kc/buy/cgsh_order_operate.html?command=get_materiel&rest_code=00105&code=00101008132&supplier_code=00100203&order_time=2020-04-29 HTTP/1.1" 200 408
114.84.33.255 - - [29/Apr/2020:10:04:56 +0800] "GET /xingrg/all/function/internal_message.html?_=1588125900195&CODE_STATE=getMsg HTTP/1.1" 200 27
120.253.135.82 - - [29/Apr/2020:10:04:56 +0800] "GET /xingrg/all/function/internal_message.html?_=1588125647263&CODE_STATE=getMsg HTTP/1.1" 200 27
180.156.150.85 - - [29/Apr/2020:10:04:59 +0800] "GET /xingrg/kc/buy/cgsh_order_operate.html?command=get_materiel&rest_code=00105&code=00101008244&supplier_code=00100203&order_time=2020-04-29 HTTP/1.1" 200 408
222.69.136.137 - - [29/Apr/2020:10:05:01 +0800] "GET /xingrg/all/function/internal_message.html?_=1588125896145&CODE_STATE=getMsg HTTP/1.1" 200 27
124.77.110.230 - - [29/Apr/2020:10:05:03 +0800] "GET /xingrg/all/function/internal_message.html?_=1588125132879&CODE_STATE=getMsg HTTP/1.1" 200 27
114.84.33.255 - - [29/Apr/2020:10:05:06 +0800] "GET /xingrg/all/function/internal_message.html?_=1588125904475&CODE_STATE=getMsg HTTP/1.1" 200 27
172.17.0.120 - - [29/Apr/2020:10:05:06 +0800] "GET /xingrg/all/function/internal_message.html?_=1588125904600&CODE_STATE=getMsg HTTP/1.1" 200 27
116.233.79.27 - - [29/Apr/2020:10:05:16 +0800] "GET /xingrg/all/function/internal_message.html?_=1588125918003&CODE_STATE=getMsg HTTP/1.1" 200 27
180.156.150.85 - - [29/Apr/2020:10:05:18 +0800] "GET /xingrg/kc/buy/cgsh_order_operate.html?command=get_materiel&rest_code=00105&code=00101008354&supplier_code=00100203&order_time=2020-04-29 HTTP/1.1" 200 412
114.84.32.201 - - [29/Apr/2020:10:05:19 +0800] "GET /xingrg/all/function/internal_message.html?_=1588125917700&CODE_STATE=getMsg HTTP/1.1" 200 27
180.156.150.85 - - [29/Apr/2020:10:05:21 +0800] "GET /xingrg/all/function/internal_message.html?_=1588125921225&CODE_STATE=getMsg HTTP/1.1" 200 27
114.86.190.97 - - [29/Apr/2020:10:05:22 +0800] "GET /xingrg/all/function/internal_message.html?_=1588125925458&CODE_STATE=getMsg HTTP/1.1" 200 27
180.156.150.85 - - [29/Apr/2020:10:05:23 +0800] "GET /xingrg/kc/buy/cgsh_order_operate.html?command=get_materiel&rest_code=00105&code=00101008224&supplier_code=00100203&order_time=2020-04-29 HTTP/1.1" 200 416
172.17.0.101 - - [29/Apr/2020:10:05:29 +0800] "GET /xingrg/all/function/internal_message.html?_=1588125932917&CODE_STATE=getMsg HTTP/1.1" 200 27
180.152.249.82 - - [29/Apr/2020:10:05:29 +0800] "GET /xingrg/all/function/internal_message.html?_=1588126121118&CODE_STATE=getMsg HTTP/1.1" 200 27
172.17.0.111 - - [29/Apr/2020:10:05:36 +0800] "GET /xingrg/all/function/internal_message.html?_=1588125939132&CODE_STATE=getMsg HTTP/1.1" 200 27
222.70.183.62 - - [29/Apr/2020:10:05:39 +0800] "GET /xingrg/all/function/internal_message.html?_=1588126273699&CODE_STATE=getMsg HTTP/1.1" 200 27
222.70.183.62 - - [29/Apr/2020:10:05:39 +0800] "GET /xingrg/check_reg.html?_=1588126273762 HTTP/1.1" 200 22
114.84.33.255 - - [29/Apr/2020:10:05:41 +0800] "GET /xingrg/all/function/internal_message.html?_=1588125949850&CODE_STATE=getMsg HTTP/1.1" 200 27
172.17.0.123 - - [29/Apr/2020:10:05:43 +0800] "GET /xingrg/all/function/internal_message.html?_=1588125940936&CODE_STATE=getMsg HTTP/1.1" 200 27
222.69.136.137 - - [29/Apr/2020:10:05:50 +0800] "POST /xingrg/kc/buy/cgsh_order_operate.html HTTP/1.1" 200 37
58.221.95.50 - - [29/Apr/2020:10:05:50 +0800] "GET /xingrg/all/function/internal_message.html?_=1588125976709&CODE_STATE=getMsg HTTP/1.1" 200 27
58.221.95.50 - - [29/Apr/2020:10:05:51 +0800] "GET /xingrg/all/function/internal_message.html?_=1588125977261&CODE_STATE=getMsg HTTP/1.1" 200 27
58.221.95.50 - - [29/Apr/2020:10:05:51 +0800] "GET /xingrg/all/function/internal_message.html?_=1588125977295&CODE_STATE=getMsg HTTP/1.1" 200 27
172.17.0.112 - - [29/Apr/2020:10:05:51 +0800] "GET /xingrg/all/function/internal_message.html?_=1588125950736&CODE_STATE=getMsg HTTP/1.1" 200 27
172.17.0.112 - - [29/Apr/2020:10:05:51 +0800] "GET /xingrg/check_reg.html?_=1588125950768 HTTP/1.1" 200 22
180.162.232.172 - - [29/Apr/2020:10:05:51 +0800] "GET /xingrg/all/function/internal_message.html?_=1588125951640&CODE_STATE=getMsg HTTP/1.1" 200 27
222.69.136.137 - - [29/Apr/2020:10:05:54 +0800] "POST /xingrg/kc/buy/cgsh_order_operate.html HTTP/1.1" 200 12
222.69.136.137 - - [29/Apr/2020:10:05:55 +0800] "GET /xingrg/kc/buy/cgsh_order_info.html?code=212020042907978 HTTP/1.1" 200 53101
222.69.136.137 - - [29/Apr/2020:10:05:55 +0800] "GET /xingrg/javascript/easyui/themes/default/validatebox.css HTTP/1.1" 404 1104
222.69.136.137 - - [29/Apr/2020:10:05:55 +0800] "POST /xingrg/kc/buy/cgsh_order_operate.html HTTP/1.1" 200 2389
120.253.135.82 - - [29/Apr/2020:10:05:56 +0800] "GET /xingrg/check_reg.html?_=1588125706980 HTTP/1.1" 200 22
114.84.33.255 - - [29/Apr/2020:10:05:56 +0800] "GET /xingrg/all/function/internal_message.html?_=1588125960208&CODE_STATE=getMsg HTTP/1.1" 200 27
120.253.135.82 - - [29/Apr/2020:10:05:56 +0800] "GET /xingrg/all/function/internal_message.html?_=1588125707276&CODE_STATE=getMsg HTTP/1.1" 200 27
222.69.136.137 - - [29/Apr/2020:10:05:58 +0800] "GET /xingrg/kc/print/load_config.html?kc_code=cgsh HTTP/1.1" 200 1845
222.69.136.137 - - [29/Apr/2020:10:05:58 +0800] "GET /xingrg/kc/print/load_data.html?order_code=212020042907978&kc_code=cgsh&condition= HTTP/1.1" 200 1402
114.84.33.255 - - [29/Apr/2020:10:05:59 +0800] "POST /xingrg/load_menu.html HTTP/1.1" 200 10168
222.69.136.137 - - [29/Apr/2020:10:06:01 +0800] "GET /xingrg/all/function/internal_message.html?_=1588125956167&CODE_STATE=getMsg HTTP/1.1" 200 27
124.77.110.230 - - [29/Apr/2020:10:06:03 +0800] "GET /xingrg/all/function/internal_message.html?_=1588125192891&CODE_STATE=getMsg HTTP/1.1" 200 27
114.84.33.255 - - [29/Apr/2020:10:06:06 +0800] "GET /xingrg/check_reg.html?_=1588125964474 HTTP/1.1" 200 22
114.84.33.255 - - [29/Apr/2020:10:06:06 +0800] "GET /xingrg/all/function/internal_message.html?_=1588125964476&CODE_STATE=getMsg HTTP/1.1" 200 27
172.17.0.120 - - [29/Apr/2020:10:06:06 +0800] "GET /xingrg/all/function/internal_message.html?_=1588125964603&CODE_STATE=getMsg HTTP/1.1" 200 27
114.84.33.255 - - [29/Apr/2020:10:06:09 +0800] "GET /xingrg/check_reg.html?_=1588125977530 HTTP/1.1" 200 22
114.84.33.255 - - [29/Apr/2020:10:06:12 +0800] "GET /xingrg/dwr/interface/AjaxGetFirstChart.js HTTP/1.1" 200 631
114.84.33.255 - - [29/Apr/2020:10:06:12 +0800] "GET /xingrg/system/rest/list_page.html?p=menu HTTP/1.1" 200 111091
114.84.33.255 - - [29/Apr/2020:10:06:12 +0800] "GET /xingrg/dwr/engine.js HTTP/1.1" 200 43631
114.84.33.255 - - [29/Apr/2020:10:06:13 +0800] "GET /xingrg/system/rest/query_items.html?_=1588125971307&table=menu&page=1&rows=20&categoryId=&key= HTTP/1.1" 200 4722
116.233.79.27 - - [29/Apr/2020:10:06:16 +0800] "GET /xingrg/all/function/internal_message.html?_=1588125978004&CODE_STATE=getMsg HTTP/1.1" 200 27
116.233.79.27 - - [29/Apr/2020:10:06:16 +0800] "GET /xingrg/check_reg.html?_=1588125978009 HTTP/1.1" 200 22
114.84.32.201 - - [29/Apr/2020:10:06:19 +0800] "GET /xingrg/check_reg.html?_=1588125977704 HTTP/1.1" 200 22
114.84.32.201 - - [29/Apr/2020:10:06:19 +0800] "GET /xingrg/all/function/internal_message.html?_=1588125977700&CODE_STATE=getMsg HTTP/1.1" 200 27
120.253.135.82 - - [29/Apr/2020:10:06:21 +0800] "GET /favicon.ico HTTP/1.1" 404 -
180.156.150.85 - - [29/Apr/2020:10:06:21 +0800] "GET /xingrg/all/function/internal_message.html?_=1588125981232&CODE_STATE=getMsg HTTP/1.1" 200 27
114.86.190.97 - - [29/Apr/2020:10:06:22 +0800] "GET /xingrg/all/function/internal_message.html?_=1588125985473&CODE_STATE=getMsg HTTP/1.1" 200 27
180.152.249.82 - - [29/Apr/2020:10:06:24 +0800] "GET /xingrg/check_reg.html?_=1588126176441 HTTP/1.1" 200 22
114.84.33.255 - - [29/Apr/2020:10:06:28 +0800] "GET /xingrg/system/rest/query_items.html?_=1588125986502&table=menu&page=1&rows=20&categoryId=&key=1965 HTTP/1.1" 200 284
172.17.0.101 - - [29/Apr/2020:10:06:29 +0800] "GET /xingrg/check_reg.html?_=1588125992921 HTTP/1.1" 200 22
172.17.0.101 - - [29/Apr/2020:10:06:29 +0800] "GET /xingrg/all/function/internal_message.html?_=1588125992933&CODE_STATE=getMsg HTTP/1.1" 200 27
180.152.249.82 - - [29/Apr/2020:10:06:29 +0800] "GET /xingrg/all/function/internal_message.html?_=1588126181130&CODE_STATE=getMsg HTTP/1.1" 200 27
114.84.33.255 - - [29/Apr/2020:10:06:30 +0800] "GET /xingrg/system/rest/query_items.html?_=1588125988001&table=menu&page=1&rows=20&categoryId=&key=1965 HTTP/1.1" 200 284
114.84.33.255 - - [29/Apr/2020:10:06:31 +0800] "GET /xingrg/system/rest/get_item.html?table=menu&id=1965&_=1588125989084 HTTP/1.1" 200 969
114.84.33.255 - - [29/Apr/2020:10:06:31 +0800] "GET /xingrg/system/rest/get_item.html?table=menu&target=menu_rest&id=1965&_=1588125989109 HTTP/1.1" 200 762
114.84.33.255 - - [29/Apr/2020:10:06:31 +0800] "GET /xingrg/system/rest/get_item.html?table=menu&target=cook_mode&id=1965&_=1588125989107 HTTP/1.1" 200 6235
114.84.33.255 - - [29/Apr/2020:10:06:31 +0800] "GET /xingrg/system/rest/get_infos.html?command=menu_img_show&id=1965 HTTP/1.1" 200 5
172.17.0.111 - - [29/Apr/2020:10:06:36 +0800] "GET /xingrg/all/function/internal_message.html?_=1588125999107&CODE_STATE=getMsg HTTP/1.1" 200 27
114.84.33.255 - - [29/Apr/2020:10:06:39 +0800] "GET /xingrg/system/rest/get_item.html?table=menu&target=menu_rest_detail&id=1965&sid=12&_=1588125996940 HTTP/1.1" 200 426
222.70.183.62 - - [29/Apr/2020:10:06:39 +0800] "GET /xingrg/all/function/internal_message.html?_=1588126333700&CODE_STATE=getMsg HTTP/1.1" 200 27
114.84.33.255 - - [29/Apr/2020:10:06:41 +0800] "GET /xingrg/all/function/internal_message.html?_=1588126009861&CODE_STATE=getMsg HTTP/1.1" 200 27
172.17.0.240 - - [29/Apr/2020:10:06:41 +0800] "GET /xingrg/check_reg.html?_=1588125998460 HTTP/1.1" 200 22
172.17.0.123 - - [29/Apr/2020:10:06:43 +0800] "GET /xingrg/all/function/internal_message.html?_=1588126000938&CODE_STATE=getMsg HTTP/1.1" 200 27
114.84.33.255 - - [29/Apr/2020:10:06:50 +0800] "POST /xingrg/system/rest/edit_item.html HTTP/1.1" 200 4
114.84.33.255 - - [29/Apr/2020:10:06:50 +0800] "GET /xingrg/system/rest/get_item.html?table=menu&target=menu_rest&id=1965&_=1588126008071 HTTP/1.1" 200 762
58.221.95.50 - - [29/Apr/2020:10:06:50 +0800] "GET /xingrg/all/function/internal_message.html?_=1588126036699&CODE_STATE=getMsg HTTP/1.1" 200 27
58.221.95.50 - - [29/Apr/2020:10:06:51 +0800] "GET /xingrg/all/function/internal_message.html?_=1588126037243&CODE_STATE=getMsg HTTP/1.1" 200 27
58.221.95.50 - - [29/Apr/2020:10:06:51 +0800] "GET /xingrg/all/function/internal_message.html?_=1588126037276&CODE_STATE=getMsg HTTP/1.1" 200 27
172.17.0.112 - - [29/Apr/2020:10:06:51 +0800] "GET /xingrg/all/function/internal_message.html?_=1588126010708&CODE_STATE=getMsg HTTP/1.1" 200 27
180.162.232.172 - - [29/Apr/2020:10:06:51 +0800] "GET /xingrg/all/function/internal_message.html?_=1588126011640&CODE_STATE=getMsg HTTP/1.1" 200 27
58.221.95.50 - - [29/Apr/2020:10:06:52 +0800] "GET /xingrg/check_reg.html?_=1588126038742 HTTP/1.1" 200 22
58.221.95.50 - - [29/Apr/2020:10:06:52 +0800] "GET /xingrg/check_reg.html?_=1588126038783 HTTP/1.1" 200 22
120.253.135.82 - - [29/Apr/2020:10:06:56 +0800] "GET /xingrg/all/function/internal_message.html?_=1588125767289&CODE_STATE=getMsg HTTP/1.1" 200 27
114.84.33.255 - - [29/Apr/2020:10:06:56 +0800] "GET /xingrg/all/function/internal_message.html?_=1588126020445&CODE_STATE=getMsg HTTP/1.1" 200 27
222.69.136.137 - - [29/Apr/2020:10:07:01 +0800] "GET /xingrg/all/function/internal_message.html?_=1588126016141&CODE_STATE=getMsg HTTP/1.1" 200 27
114.84.33.255 - - [29/Apr/2020:10:07:03 +0800] "GET /xingrg/system/rest/query_items.html?_=1588126020734&table=menu&page=1&rows=20&categoryId=&key=2054 HTTP/1.1" 200 298
124.77.110.230 - - [29/Apr/2020:10:07:03 +0800] "GET /xingrg/check_reg.html?_=1588125252782 HTTP/1.1" 200 22
124.77.110.230 - - [29/Apr/2020:10:07:03 +0800] "GET /xingrg/all/function/internal_message.html?_=1588125252904&CODE_STATE=getMsg HTTP/1.1" 200 27
114.84.33.255 - - [29/Apr/2020:10:07:04 +0800] "GET /xingrg/system/rest/query_items.html?_=1588126022615&table=menu&page=1&rows=20&categoryId=&key=2054 HTTP/1.1" 200 298
114.84.33.255 - - [29/Apr/2020:10:07:05 +0800] "GET /xingrg/system/rest/get_item.html?table=menu&id=2054&_=1588126023234 HTTP/1.1" 200 1006
114.84.33.255 - - [29/Apr/2020:10:07:05 +0800] "GET /xingrg/system/rest/get_item.html?table=menu&target=menu_rest&id=2054&_=1588126023250 HTTP/1.1" 200 868
114.84.33.255 - - [29/Apr/2020:10:07:05 +0800] "GET /xingrg/system/rest/get_item.html?table=menu&target=cook_mode&id=2054&_=1588126023248 HTTP/1.1" 200 10645
114.84.33.255 - - [29/Apr/2020:10:07:05 +0800] "GET /xingrg/system/rest/get_infos.html?command=menu_img_show&id=2054 HTTP/1.1" 200 5
114.84.33.255 - - [29/Apr/2020:10:07:06 +0800] "GET /xingrg/all/function/internal_message.html?_=1588126024517&CODE_STATE=getMsg HTTP/1.1" 200 27
172.17.0.120 - - [29/Apr/2020:10:07:06 +0800] "GET /xingrg/all/function/internal_message.html?_=1588126024605&CODE_STATE=getMsg HTTP/1.1" 200 27
172.17.0.120 - - [29/Apr/2020:10:07:06 +0800] "GET /xingrg/check_reg.html?_=1588126024606 HTTP/1.1" 200 22
114.84.33.255 - - [29/Apr/2020:10:07:07 +0800] "GET /xingrg/system/rest/get_item.html?table=menu&target=menu_rest_detail&id=2054&sid=12&_=1588126025565 HTTP/1.1" 200 427
180.152.249.82 - - [29/Apr/2020:10:07:12 +0800] "GET /xingrg/kc/report/report_main.html HTTP/1.1" 200 7345
180.152.249.82 - - [29/Apr/2020:10:07:12 +0800] "GET /xingrg/javascript/myfunction.js HTTP/1.1" 304 -
180.152.249.82 - - [29/Apr/2020:10:07:12 +0800] "GET /xingrg/css/blue.css HTTP/1.1" 304 -
180.152.249.82 - - [29/Apr/2020:10:07:12 +0800] "GET /xingrg/javascript/jquery_ui/themes/humanity/humanity.css HTTP/1.1" 200 27801
180.152.249.82 - - [29/Apr/2020:10:07:12 +0800] "GET /xingrg/javascript/jquery_easy_ui/themes/icons/back_new.png HTTP/1.1" 304 -
180.152.249.82 - - [29/Apr/2020:10:07:15 +0800] "GET /xingrg/javascript/bigrid/fix.css HTTP/1.1" 200 1702
180.152.249.82 - - [29/Apr/2020:10:07:15 +0800] "GET /xingrg/all/report/report_query.html?fileName=kc/buy/wlcg_mx.xml HTTP/1.1" 200 51648
180.152.249.82 - - [29/Apr/2020:10:07:15 +0800] "GET /xingrg/javascript/calendar/jquery.timePicker.min.js HTTP/1.1" 200 2997
180.152.249.82 - - [29/Apr/2020:10:07:15 +0800] "GET /xingrg/dwr/interface/AjaxReportQueryService.js HTTP/1.1" 200 13203
180.152.249.82 - - [29/Apr/2020:10:07:15 +0800] "GET /xingrg/dwr/util.js HTTP/1.1" 304 -
180.152.249.82 - - [29/Apr/2020:10:07:15 +0800] "GET /xingrg/javascript/multi_select/jqueryMultiSelect.css HTTP/1.1" 200 951
180.152.249.82 - - [29/Apr/2020:10:07:15 +0800] "GET /xingrg/javascript/calendar/timePicker.css HTTP/1.1" 200 523
180.152.249.82 - - [29/Apr/2020:10:07:15 +0800] "GET /xingrg/javascript/Calendar.js HTTP/1.1" 304 -
180.152.249.82 - - [29/Apr/2020:10:07:15 +0800] "GET /xingrg/javascript/bigrid/fix.js HTTP/1.1" 200 6439
180.152.249.82 - - [29/Apr/2020:10:07:15 +0800] "GET /xingrg/javascript/jqueryMultiSelect.js HTTP/1.1" 200 11866
114.84.33.255 - - [29/Apr/2020:10:07:15 +0800] "POST /xingrg/system/rest/edit_item.html HTTP/1.1" 200 4
114.84.33.255 - - [29/Apr/2020:10:07:15 +0800] "GET /xingrg/system/rest/get_item.html?table=menu&target=menu_rest&id=2054&_=1588126032973 HTTP/1.1" 200 868
180.152.249.82 - - [29/Apr/2020:10:07:15 +0800] "GET /xingrg/dwr/engine.js HTTP/1.1" 200 43631
180.152.249.82 - - [29/Apr/2020:10:07:15 +0800] "GET /xingrg/images/blue/button/advance2over.gif HTTP/1.1" 200 1336
180.152.249.82 - - [29/Apr/2020:10:07:15 +0800] "GET /xingrg/images/blue/button/back2over.gif HTTP/1.1" 200 1335
180.152.249.82 - - [29/Apr/2020:10:07:15 +0800] "GET /xingrg/images/blue/button/backover.gif HTTP/1.1" 200 1348
180.152.249.82 - - [29/Apr/2020:10:07:15 +0800] "GET /xingrg/images/blue/button/advanceover.gif HTTP/1.1" 200 1347
180.152.249.82 - - [29/Apr/2020:10:07:15 +0800] "GET /xingrg/javascript/jquery_easy_ui/themes/icons/help.png HTTP/1.1" 200 1187
180.152.249.82 - - [29/Apr/2020:10:07:15 +0800] "GET /xingrg/images/control/loading.gif HTTP/1.1" 200 13463
180.152.249.82 - - [29/Apr/2020:10:07:15 +0800] "GET /xingrg/javascript/jquery_easy_ui/themes/default/images/menu_downarrow.png HTTP/1.1" 304 -
180.152.249.82 - - [29/Apr/2020:10:07:16 +0800] "GET /xingrg/javascript/jquery_easy_ui/themes/default/images/menu.gif HTTP/1.1" 200 834
180.152.249.82 - - [29/Apr/2020:10:07:16 +0800] "GET /xingrg/javascript/jquery_easy_ui/themes/icons/print.png HTTP/1.1" 304 -
180.152.249.82 - - [29/Apr/2020:10:07:16 +0800] "GET /xingrg/javascript/jquery_easy_ui/themes/icons/pencil.png HTTP/1.1" 200 713
180.152.249.82 - - [29/Apr/2020:10:07:16 +0800] "GET /xingrg/javascript/jquery_easy_ui/themes/default/images/menu_rightarrow.png HTTP/1.1" 200 3617
180.152.249.82 - - [29/Apr/2020:10:07:16 +0800] "POST /xingrg/dwr/call/plaincall/AjaxReportQueryService.getFixDate.dwr HTTP/1.1" 200 111
116.233.79.27 - - [29/Apr/2020:10:07:16 +0800] "GET /xingrg/all/function/internal_message.html?_=1588126037998&CODE_STATE=getMsg HTTP/1.1" 200 27
180.152.249.82 - - [29/Apr/2020:10:07:16 +0800] "POST /xingrg/dwr/call/plaincall/AjaxReportQueryService.getInitString.dwr HTTP/1.1" 200 20908
180.152.249.82 - - [29/Apr/2020:10:07:16 +0800] "GET /xingrg/javascript/multi_select/dropdown.gif HTTP/1.1" 200 61
180.152.249.82 - - [29/Apr/2020:10:07:17 +0800] "POST /xingrg/dwr/call/plaincall/AjaxReportQueryService.getInitString.dwr HTTP/1.1" 200 840
180.152.249.82 - - [29/Apr/2020:10:07:17 +0800] "POST /xingrg/dwr/call/plaincall/AjaxReportQueryService.getInitString.dwr HTTP/1.1" 200 125
180.152.249.82 - - [29/Apr/2020:10:07:18 +0800] "GET /xingrg/javascript/multi_select/dropdown_hover.gif HTTP/1.1" 200 61
114.84.32.201 - - [29/Apr/2020:10:07:19 +0800] "GET /xingrg/all/function/internal_message.html?_=1588126037688&CODE_STATE=getMsg HTTP/1.1" 200 27
180.152.249.82 - - [29/Apr/2020:10:07:20 +0800] "GET /xingrg/javascript/multi_select/dropdown_active.gif HTTP/1.1" 200 61
180.156.150.85 - - [29/Apr/2020:10:07:21 +0800] "GET /xingrg/all/function/internal_message.html?_=1588126041233&CODE_STATE=getMsg HTTP/1.1" 200 27
114.86.190.97 - - [29/Apr/2020:10:07:22 +0800] "GET /xingrg/all/function/internal_message.html?_=1588126045489&CODE_STATE=getMsg HTTP/1.1" 200 27
180.152.249.82 - - [29/Apr/2020:10:07:23 +0800] "POST /xingrg/dwr/call/plaincall/AjaxReportQueryService.refreshCache.dwr HTTP/1.1" 200 78
180.152.249.82 - - [29/Apr/2020:10:07:26 +0800] "POST /xingrg/all/report/load_report_page.html HTTP/1.1" 200 133210
180.152.249.82 - - [29/Apr/2020:10:07:26 +0800] "GET /xingrg/images/blue/button/back2.gif HTTP/1.1" 200 1339
180.152.249.82 - - [29/Apr/2020:10:07:26 +0800] "GET /xingrg/images/blue/button/back.gif HTTP/1.1" 200 1352
180.152.249.82 - - [29/Apr/2020:10:07:26 +0800] "GET /xingrg/servlets/image?cache=0.28722847408289776&image=px HTTP/1.1" 200 807
172.17.0.101 - - [29/Apr/2020:10:07:29 +0800] "GET /xingrg/all/function/internal_message.html?_=1588126052919&CODE_STATE=getMsg HTTP/1.1" 200 27
180.152.249.82 - - [29/Apr/2020:10:07:29 +0800] "GET /xingrg/all/function/internal_message.html?_=1588126241143&CODE_STATE=getMsg HTTP/1.1" 200 27
222.70.183.62 - - [29/Apr/2020:10:07:34 +0800] "GET /xingrg/kc/buy/cgsh_order_add.html HTTP/1.1" 200 58193
222.70.183.62 - - [29/Apr/2020:10:07:34 +0800] "GET /xingrg/javascript/easyui/themes/default/validatebox.css HTTP/1.1" 404 1104
222.70.183.62 - - [29/Apr/2020:10:07:34 +0800] "POST /xingrg/kc/buy/cgsh_order_operate.html HTTP/1.1" 200 8245
172.17.0.111 - - [29/Apr/2020:10:07:36 +0800] "GET /xingrg/all/function/internal_message.html?_=1588126059092&CODE_STATE=getMsg HTTP/1.1" 200 27
114.84.33.255 - - [29/Apr/2020:10:07:38 +0800] "GET /xingrg/system/rest/query_items.html?_=1588126056383&table=menu&page=1&rows=20&categoryId=&key=2090 HTTP/1.1" 200 248
222.70.183.62 - - [29/Apr/2020:10:07:39 +0800] "GET /xingrg/all/function/internal_message.html?_=1588126393744&CODE_STATE=getMsg HTTP/1.1" 200 27
114.84.33.255 - - [29/Apr/2020:10:07:39 +0800] "GET /xingrg/system/rest/query_items.html?_=1588126057430&table=menu&page=1&rows=20&categoryId=&key=2090 HTTP/1.1" 200 248
114.84.33.255 - - [29/Apr/2020:10:07:40 +0800] "GET /xingrg/system/rest/get_item.html?table=menu&id=2090&_=1588126057959 HTTP/1.1" 200 935
114.84.33.255 - - [29/Apr/2020:10:07:40 +0800] "GET /xingrg/system/rest/get_item.html?table=menu&target=menu_rest&id=2090&_=1588126057975 HTTP/1.1" 200 644
114.84.33.255 - - [29/Apr/2020:10:07:40 +0800] "GET /xingrg/system/rest/get_item.html?table=menu&target=cook_mode&id=2090&_=1588126057973 HTTP/1.1" 200 9336
114.84.33.255 - - [29/Apr/2020:10:07:40 +0800] "GET /xingrg/system/rest/get_infos.html?command=menu_img_show&id=2090 HTTP/1.1" 200 5
117.185.32.26 - - [29/Apr/2020:10:07:40 +0800] "GET /xingrg/login.html HTTP/1.1" 200 7641
114.84.33.255 - - [29/Apr/2020:10:07:41 +0800] "GET /xingrg/all/function/internal_message.html?_=1588126069875&CODE_STATE=getMsg HTTP/1.1" 200 27
222.70.183.62 - - [29/Apr/2020:10:07:42 +0800] "GET /xingrg/kc/buy/cgsh_order_operate.html?command=get_materiel&rest_code=00111&code=00101006109&supplier_code=00100037&order_time=2020-04-29 HTTP/1.1" 200 409
117.185.32.26 - - [29/Apr/2020:10:07:42 +0800] "GET /xingrg/images/blue/login_bg.png HTTP/1.1" 304 -
117.185.32.26 - - [29/Apr/2020:10:07:42 +0800] "GET /xingrg/images/blue/hj.png HTTP/1.1" 304 -
117.185.32.26 - - [29/Apr/2020:10:07:42 +0800] "GET /xingrg/images/blue/srbg.png HTTP/1.1" 304 -
114.84.33.255 - - [29/Apr/2020:10:07:42 +0800] "GET /xingrg/system/rest/get_item.html?table=menu&target=menu_rest_detail&id=2090&sid=12&_=1588126060627 HTTP/1.1" 200 426
117.185.32.26 - - [29/Apr/2020:10:07:42 +0800] "GET /favicon.ico HTTP/1.1" 404 -
172.17.0.123 - - [29/Apr/2020:10:07:43 +0800] "GET /xingrg/all/function/internal_message.html?_=1588126060942&CODE_STATE=getMsg HTTP/1.1" 200 27
117.185.32.26 - - [29/Apr/2020:10:07:45 +0800] "POST /xingrg/login.do HTTP/1.1" 302 -
117.185.32.26 - - [29/Apr/2020:10:07:45 +0800] "GET /xingrg/index.html?sysBaseUrl=http%3A%2F%2F180.169.147.146%3A18081%2Fxingrg%2F&costTime=38×tamp=1588126065093 HTTP/1.1" 200 17173
117.185.32.26 - - [29/Apr/2020:10:07:45 +0800] "GET /favicon.ico HTTP/1.1" 404 -
117.185.32.26 - - [29/Apr/2020:10:07:45 +0800] "POST /xingrg/all/common/load_tree.html?tree=area_rest_tree_json&manage=1 HTTP/1.1" 200 342
117.185.32.26 - - [29/Apr/2020:10:07:45 +0800] "GET /xingrg/all/function/internal_message.html?_=1588126058633&CODE_STATE=count HTTP/1.1" 200 11
117.185.32.26 - - [29/Apr/2020:10:07:45 +0800] "GET /xingrg/check_reg.html?_=1588126058634 HTTP/1.1" 200 22
117.185.32.26 - - [29/Apr/2020:10:07:45 +0800] "POST /xingrg/load_menu.html HTTP/1.1" 200 5138
117.185.32.26 - - [29/Apr/2020:10:07:49 +0800] "GET /xingrg/kc/buy/buy_main.html HTTP/1.1" 200 12412
117.185.32.26 - - [29/Apr/2020:10:07:49 +0800] "GET /xingrg/javascript/jquery_easy_ui/themes/default/images/tabs_close.gif HTTP/1.1" 304 -
117.185.32.26 - - [29/Apr/2020:10:07:49 +0800] "GET /xingrg/css/new_ie.css HTTP/1.1" 404 1036
58.221.95.50 - - [29/Apr/2020:10:07:50 +0800] "GET /xingrg/all/function/internal_message.html?_=1588126096699&CODE_STATE=getMsg HTTP/1.1" 200 27
117.185.32.26 - - [29/Apr/2020:10:07:50 +0800] "GET /xingrg/images/yd/bt.gif HTTP/1.1" 404 1040
114.84.33.255 - - [29/Apr/2020:10:07:51 +0800] "POST /xingrg/system/rest/edit_item.html HTTP/1.1" 200 4
114.84.33.255 - - [29/Apr/2020:10:07:51 +0800] "GET /xingrg/system/rest/get_item.html?table=menu&target=menu_rest&id=2090&_=1588126068812 HTTP/1.1" 200 644
58.221.95.50 - - [29/Apr/2020:10:07:51 +0800] "GET /xingrg/all/function/internal_message.html?_=1588126097213&CODE_STATE=getMsg HTTP/1.1" 200 27
58.221.95.50 - - [29/Apr/2020:10:07:51 +0800] "GET /xingrg/all/function/internal_message.html?_=1588126097258&CODE_STATE=getMsg HTTP/1.1" 200 27
222.70.183.62 - - [29/Apr/2020:10:07:51 +0800] "GET /xingrg/kc/buy/cgsh_order_operate.html?command=get_materiel&rest_code=00111&code=00101008274&supplier_code=00100037&order_time=2020-04-29 HTTP/1.1" 200 412
172.17.0.112 - - [29/Apr/2020:10:07:51 +0800] "GET /xingrg/all/function/internal_message.html?_=1588126070710&CODE_STATE=getMsg HTTP/1.1" 200 27
180.162.232.172 - - [29/Apr/2020:10:07:51 +0800] "GET /xingrg/all/function/internal_message.html?_=1588126071646&CODE_STATE=getMsg HTTP/1.1" 200 27
117.185.32.26 - - [29/Apr/2020:10:07:51 +0800] "GET /xingrg/kc/buy/cgsh_order_list.html HTTP/1.1" 200 42578
117.185.32.26 - - [29/Apr/2020:10:07:54 +0800] "POST /xingrg/kc/buy/cgsh_list_operate.html HTTP/1.1" 200 876
117.185.32.26 - - [29/Apr/2020:10:07:54 +0800] "GET /xingrg/kc/buy/cgsh_order_add.html HTTP/1.1" 200 58199
117.185.32.26 - - [29/Apr/2020:10:07:55 +0800] "GET /xingrg/words/20200428130115_words.js HTTP/1.1" 304 -
117.185.32.26 - - [29/Apr/2020:10:07:55 +0800] "GET /xingrg/all/common/auto_word.html?type=employee&rest_code=00106 HTTP/1.1" 200 205
117.185.32.26 - - [29/Apr/2020:10:07:55 +0800] "GET /xingrg/javascript/easyui/themes/default/validatebox.css HTTP/1.1" 404 1104
117.185.32.26 - - [29/Apr/2020:10:07:55 +0800] "GET /xingrg/all/common/auto_word.html?type=employee&rest_code=00106 HTTP/1.1" 200 205
117.185.32.26 - - [29/Apr/2020:10:07:55 +0800] "POST /xingrg/kc/buy/cgsh_order_operate.html HTTP/1.1" 200 8245
120.253.135.82 - - [29/Apr/2020:10:07:56 +0800] "GET /xingrg/all/function/internal_message.html?_=1588125827303&CODE_STATE=getMsg HTTP/1.1" 200 27
117.185.32.26 - - [29/Apr/2020:10:07:56 +0800] "GET /xingrg/javascript/easyui/themes/default/tree.css HTTP/1.1" 404 1090
114.84.33.255 - - [29/Apr/2020:10:07:56 +0800] "GET /xingrg/all/function/internal_message.html?_=1588126080454&CODE_STATE=getMsg HTTP/1.1" 200 27
117.185.32.26 - - [29/Apr/2020:10:07:56 +0800] "POST /xingrg/all/common/load_tree.html?tree=supplier_tree_json&isDelete=1 HTTP/1.1" 200 47615
222.70.183.62 - - [29/Apr/2020:10:07:59 +0800] "GET /xingrg/kc/buy/cgsh_order_operate.html?command=get_materiel&rest_code=00111&code=00101016025&supplier_code=00100037&order_time=2020-04-29 HTTP/1.1" 200 408
222.69.136.137 - - [29/Apr/2020:10:08:01 +0800] "GET /xingrg/all/function/internal_message.html?_=1588126076136&CODE_STATE=getMsg HTTP/1.1" 200 27
114.84.33.255 - - [29/Apr/2020:10:08:02 +0800] "GET /xingrg/system/rest/query_items.html?_=1588126079886&table=menu&page=1&rows=20&categoryId=&key=2084 HTTP/1.1" 200 272
114.84.33.255 - - [29/Apr/2020:10:08:03 +0800] "GET /xingrg/system/rest/query_items.html?_=1588126081383&table=menu&page=1&rows=20&categoryId=&key=2084 HTTP/1.1" 200 272
124.77.110.230 - - [29/Apr/2020:10:08:03 +0800] "GET /xingrg/all/function/internal_message.html?_=1588125312919&CODE_STATE=getMsg HTTP/1.1" 200 27
114.84.33.255 - - [29/Apr/2020:10:08:04 +0800] "GET /xingrg/system/rest/get_item.html?table=menu&id=2084&_=1588126081975 HTTP/1.1" 200 971
114.84.33.255 - - [29/Apr/2020:10:08:04 +0800] "GET /xingrg/system/rest/get_item.html?table=menu&target=menu_rest&id=2084&_=1588126081991 HTTP/1.1" 200 1236
114.84.33.255 - - [29/Apr/2020:10:08:04 +0800] "GET /xingrg/system/rest/get_item.html?table=menu&target=cook_mode&id=2084&_=1588126081989 HTTP/1.1" 200 9370
114.84.33.255 - - [29/Apr/2020:10:08:04 +0800] "GET /xingrg/system/rest/get_infos.html?command=menu_img_show&id=2084 HTTP/1.1" 200 5
117.185.32.26 - - [29/Apr/2020:10:08:04 +0800] "GET /xingrg/javascript/auto/indicator.gif HTTP/1.1" 404 1066
114.84.33.255 - - [29/Apr/2020:10:08:06 +0800] "GET /xingrg/all/function/internal_message.html?_=1588126084516&CODE_STATE=getMsg HTTP/1.1" 200 27
117.185.32.26 - - [29/Apr/2020:10:08:06 +0800] "GET /xingrg/kc/buy/cgsh_order_operate.html?command=get_materiel&rest_code=00106&code=00101008337&supplier_code=00100007&order_time=2020-04-29 HTTP/1.1" 200 408
172.17.0.120 - - [29/Apr/2020:10:08:06 +0800] "GET /xingrg/all/function/internal_message.html?_=1588126084594&CODE_STATE=getMsg HTTP/1.1" 200 27
114.84.33.255 - - [29/Apr/2020:10:08:09 +0800] "GET /xingrg/system/rest/get_item.html?table=menu&target=menu_rest_detail&id=2084&sid=12&_=1588126087595 HTTP/1.1" 200 426
116.233.79.27 - - [29/Apr/2020:10:08:16 +0800] "GET /xingrg/all/function/internal_message.html?_=1588126097997&CODE_STATE=getMsg HTTP/1.1" 200 27
222.70.183.62 - - [29/Apr/2020:10:08:18 +0800] "GET /xingrg/kc/buy/cgsh_order_operate.html?command=get_materiel&rest_code=00111&code=00101007061&supplier_code=00100037&order_time=2020-04-29 HTTP/1.1" 200 409
117.185.32.26 - - [29/Apr/2020:10:08:19 +0800] "GET /xingrg/kc/buy/cgsh_order_operate.html?command=get_materiel&rest_code=00106&code=00101008049&supplier_code=00100007&order_time=2020-04-29 HTTP/1.1" 200 408
114.84.33.255 - - [29/Apr/2020:10:08:19 +0800] "POST /xingrg/system/rest/edit_item.html HTTP/1.1" 200 4
114.84.33.255 - - [29/Apr/2020:10:08:19 +0800] "GET /xingrg/system/rest/get_item.html?table=menu&target=menu_rest&id=2084&_=1588126097536 HTTP/1.1" 200 1236
114.84.32.201 - - [29/Apr/2020:10:08:19 +0800] "GET /xingrg/all/function/internal_message.html?_=1588126097702&CODE_STATE=getMsg HTTP/1.1" 200 27
180.152.249.82 - - [29/Apr/2020:10:08:21 +0800] "POST /xingrg/all/report/load_report_page.html HTTP/1.1" 200 23826
180.152.249.82 - - [29/Apr/2020:10:08:21 +0800] "GET /xingrg/images/blue/button/advance.gif HTTP/1.1" 200 1354
180.152.249.82 - - [29/Apr/2020:10:08:21 +0800] "GET /xingrg/images/blue/button/advance2.gif HTTP/1.1" 200 1338
180.152.249.82 - - [29/Apr/2020:10:08:21 +0800] "GET /xingrg/servlets/image?cache=0.41802867926563314&image=px HTTP/1.1" 200 807
180.156.150.85 - - [29/Apr/2020:10:08:21 +0800] "GET /xingrg/all/function/internal_message.html?_=1588126101221&CODE_STATE=getMsg HTTP/1.1" 200 27
180.156.150.85 - - [29/Apr/2020:10:08:21 +0800] "GET /xingrg/check_reg.html?_=1588126101225 HTTP/1.1" 200 22
114.86.190.97 - - [29/Apr/2020:10:08:22 +0800] "GET /xingrg/all/function/internal_message.html?_=1588126105499&CODE_STATE=getMsg HTTP/1.1" 200 27
222.70.183.62 - - [29/Apr/2020:10:08:26 +0800] "GET /xingrg/kc/buy/cgsh_order_operate.html?command=get_materiel&rest_code=00111&code=00101016105&supplier_code=00100037&order_time=2020-04-29 HTTP/1.1" 200 409
117.185.32.26 - - [29/Apr/2020:10:08:28 +0800] "GET /xingrg/kc/buy/cgsh_order_operate.html?command=get_materiel&rest_code=00106&code=00101008010&supplier_code=00100007&order_time=2020-04-29 HTTP/1.1" 200 412
172.17.0.101 - - [29/Apr/2020:10:08:29 +0800] "GET /xingrg/all/function/internal_message.html?_=1588126112923&CODE_STATE=getMsg HTTP/1.1" 200 27
180.152.249.82 - - [29/Apr/2020:10:08:29 +0800] "GET /xingrg/all/function/internal_message.html?_=1588126301157&CODE_STATE=getMsg HTTP/1.1" 200 27
114.84.33.255 - - [29/Apr/2020:10:08:30 +0800] "GET /xingrg/system/rest/query_items.html?_=1588126108119&table=menu&page=1&rows=20&categoryId=&key=1931 HTTP/1.1" 200 255
114.84.33.255 - - [29/Apr/2020:10:08:31 +0800] "GET /xingrg/system/rest/query_items.html?_=1588126109311&table=menu&page=1&rows=20&categoryId=&key=1931 HTTP/1.1" 200 255
114.84.33.255 - - [29/Apr/2020:10:08:32 +0800] "GET /xingrg/system/rest/get_item.html?table=menu&id=1931&_=1588126110247 HTTP/1.1" 200 944
114.84.33.255 - - [29/Apr/2020:10:08:32 +0800] "GET /xingrg/system/rest/get_item.html?table=menu&target=menu_rest&id=1931&_=1588126110264 HTTP/1.1" 200 981
114.84.33.255 - - [29/Apr/2020:10:08:32 +0800] "GET /xingrg/system/rest/get_item.html?table=menu&target=cook_mode&id=1931&_=1588126110261 HTTP/1.1" 200 17346
114.84.33.255 - - [29/Apr/2020:10:08:32 +0800] "GET /xingrg/system/rest/get_infos.html?command=menu_img_show&id=1931 HTTP/1.1" 200 5
222.70.183.62 - - [29/Apr/2020:10:08:33 +0800] "GET /xingrg/kc/buy/cgsh_order_operate.html?command=get_materiel&rest_code=00111&code=00101008092&supplier_code=00100037&order_time=2020-04-29 HTTP/1.1" 200 412
180.162.232.172 - - [29/Apr/2020:10:08:33 +0800] "POST /xingrg/services/DataTransmitService HTTP/1.1" 200 524
172.17.0.111 - - [29/Apr/2020:10:08:36 +0800] "GET /xingrg/all/function/internal_message.html?_=1588126119069&CODE_STATE=getMsg HTTP/1.1" 200 27
117.185.32.26 - - [29/Apr/2020:10:08:37 +0800] "GET /xingrg/kc/buy/cgsh_order_operate.html?command=get_materiel&rest_code=00106&code=00101008125&supplier_code=00100007&order_time=2020-04-29 HTTP/1.1" 200 413
114.84.33.255 - - [29/Apr/2020:10:08:37 +0800] "GET /xingrg/system/rest/get_item.html?table=menu&target=menu_rest_detail&id=1931&sid=12&_=1588126115739 HTTP/1.1" 200 439
222.70.183.62 - - [29/Apr/2020:10:08:39 +0800] "GET /xingrg/all/function/internal_message.html?_=1588126453748&CODE_STATE=getMsg HTTP/1.1" 200 27
114.84.33.255 - - [29/Apr/2020:10:08:41 +0800] "GET /xingrg/all/function/internal_message.html?_=1588126129958&CODE_STATE=getMsg HTTP/1.1" 200 27
117.185.32.26 - - [29/Apr/2020:10:08:42 +0800] "GET /xingrg/kc/buy/cgsh_order_operate.html?command=get_materiel&rest_code=00106&code=00101008190&supplier_code=00100007&order_time=2020-04-29 HTTP/1.1" 200 412
172.17.0.123 - - [29/Apr/2020:10:08:43 +0800] "GET /xingrg/check_reg.html?_=1588126120928 HTTP/1.1" 200 22
172.17.0.123 - - [29/Apr/2020:10:08:43 +0800] "GET /xingrg/all/function/internal_message.html?_=1588126120932&CODE_STATE=getMsg HTTP/1.1" 200 27
222.70.183.62 - - [29/Apr/2020:10:08:44 +0800] "GET /xingrg/kc/buy/cgsh_order_operate.html?command=get_materiel&rest_code=00111&code=00101008338&supplier_code=00100037&order_time=2020-04-29 HTTP/1.1" 200 408
117.185.32.26 - - [29/Apr/2020:10:08:45 +0800] "GET /xingrg/all/function/internal_message.html?_=1588126118639&CODE_STATE=getMsg HTTP/1.1" 200 27
114.84.33.255 - - [29/Apr/2020:10:08:47 +0800] "POST /xingrg/system/rest/edit_item.html HTTP/1.1" 200 4
114.84.33.255 - - [29/Apr/2020:10:08:47 +0800] "GET /xingrg/system/rest/get_item.html?table=menu&target=menu_rest&id=1931&_=1588126125756 HTTP/1.1" 200 981
58.221.95.50 - - [29/Apr/2020:10:08:50 +0800] "GET /xingrg/all/function/internal_message.html?_=1588126156700&CODE_STATE=getMsg HTTP/1.1" 200 27
117.185.32.26 - - [29/Apr/2020:10:08:50 +0800] "GET /xingrg/kc/buy/cgsh_order_operate.html?command=get_materiel&rest_code=00106&code=00101008355&supplier_code=00100007&order_time=2020-04-29 HTTP/1.1" 200 408
58.221.95.50 - - [29/Apr/2020:10:08:51 +0800] "GET /xingrg/all/function/internal_message.html?_=1588126157183&CODE_STATE=getMsg HTTP/1.1" 200 27
58.221.95.50 - - [29/Apr/2020:10:08:51 +0800] "GET /xingrg/all/function/internal_message.html?_=1588126157233&CODE_STATE=getMsg HTTP/1.1" 200 27
172.17.0.112 - - [29/Apr/2020:10:08:51 +0800] "GET /xingrg/all/function/internal_message.html?_=1588126130707&CODE_STATE=getMsg HTTP/1.1" 200 27
180.162.232.172 - - [29/Apr/2020:10:08:51 +0800] "GET /xingrg/all/function/internal_message.html?_=1588126131644&CODE_STATE=getMsg HTTP/1.1" 200 27
180.162.232.172 - - [29/Apr/2020:10:08:51 +0800] "GET /xingrg/check_reg.html?_=1588126131646 HTTP/1.1" 200 22
120.253.135.82 - - [29/Apr/2020:10:08:56 +0800] "GET /xingrg/all/function/internal_message.html?_=1588125887343&CODE_STATE=getMsg HTTP/1.1" 200 27
114.84.33.255 - - [29/Apr/2020:10:08:56 +0800] "GET /xingrg/all/function/internal_message.html?_=1588126140682&CODE_STATE=getMsg HTTP/1.1" 200 27
117.185.32.26 - - [29/Apr/2020:10:08:58 +0800] "GET /xingrg/kc/buy/cgsh_order_operate.html?command=get_materiel&rest_code=00106&code=00101008004&supplier_code=00100007&order_time=2020-04-29 HTTP/1.1" 200 416
114.84.33.255 - - [29/Apr/2020:10:08:59 +0800] "GET /xingrg/check_reg.html?_=1588126143681 HTTP/1.1" 200 22
114.84.33.255 - - [29/Apr/2020:10:08:59 +0800] "GET /xingrg/system/rest/query_items.html?_=1588126137486&table=menu&page=1&rows=20&categoryId=&key=1932 HTTP/1.1" 200 253
222.69.136.137 - - [29/Apr/2020:10:09:01 +0800] "GET /xingrg/all/function/internal_message.html?_=1588126136142&CODE_STATE=getMsg HTTP/1.1" 200 27
222.69.136.137 - - [29/Apr/2020:10:09:01 +0800] "GET /xingrg/check_reg.html?_=1588126136145 HTTP/1.1" 200 22
114.84.33.255 - - [29/Apr/2020:10:09:01 +0800] "GET /xingrg/system/rest/query_items.html?_=1588126138990&table=menu&page=1&rows=20&categoryId=&key=1932 HTTP/1.1" 200 253
114.84.33.255 - - [29/Apr/2020:10:09:01 +0800] "GET /xingrg/system/rest/get_item.html?table=menu&id=1932&_=1588126139596 HTTP/1.1" 200 937
114.84.33.255 - - [29/Apr/2020:10:09:01 +0800] "GET /xingrg/system/rest/get_item.html?table=menu&target=menu_rest&id=1932&_=1588126139613 HTTP/1.1" 200 756
114.84.33.255 - - [29/Apr/2020:10:09:01 +0800] "GET /xingrg/system/rest/get_item.html?table=menu&target=cook_mode&id=1932&_=1588126139611 HTTP/1.1" 200 15037
114.84.33.255 - - [29/Apr/2020:10:09:02 +0800] "GET /xingrg/system/rest/get_infos.html?command=menu_img_show&id=1932 HTTP/1.1" 200 5
124.77.110.230 - - [29/Apr/2020:10:09:03 +0800] "GET /xingrg/all/function/internal_message.html?_=1588125372931&CODE_STATE=getMsg HTTP/1.1" 200 27
172.17.0.111 - - [29/Apr/2020:10:09:04 +0800] "GET /xingrg/check_reg.html?_=1588126146610 HTTP/1.1" 200 22
117.185.32.26 - - [29/Apr/2020:10:09:04 +0800] "GET /xingrg/kc/buy/cgsh_order_operate.html?command=get_materiel&rest_code=00106&code=00101008264&supplier_code=00100007&order_time=2020-04-29 HTTP/1.1" 200 412
114.84.33.255 - - [29/Apr/2020:10:09:05 +0800] "GET /xingrg/system/rest/get_item.html?table=menu&target=menu_rest_detail&id=1932&sid=12&_=1588126142819 HTTP/1.1" 200 426
114.84.33.255 - - [29/Apr/2020:10:09:06 +0800] "GET /xingrg/all/function/internal_message.html?_=1588126144485&CODE_STATE=getMsg HTTP/1.1" 200 27
172.17.0.120 - - [29/Apr/2020:10:09:06 +0800] "GET /xingrg/all/function/internal_message.html?_=1588126144597&CODE_STATE=getMsg HTTP/1.1" 200 27
114.84.33.255 - - [29/Apr/2020:10:09:12 +0800] "POST /xingrg/system/rest/edit_item.html HTTP/1.1" 200 4
114.84.33.255 - - [29/Apr/2020:10:09:12 +0800] "GET /xingrg/system/rest/get_item.html?table=menu&target=menu_rest&id=1932&_=1588126149834 HTTP/1.1" 200 756
117.185.32.26 - - [29/Apr/2020:10:09:14 +0800] "GET /xingrg/kc/buy/cgsh_order_operate.html?command=get_materiel&rest_code=00106&code=00101008356&supplier_code=00100007&order_time=2020-04-29 HTTP/1.1" 200 408
222.70.183.62 - - [29/Apr/2020:10:09:15 +0800] "GET /xingrg/kc/buy/cgsh_order_operate.html?command=get_materiel&rest_code=00111&code=00101008304&supplier_code=00100037&order_time=2020-04-29 HTTP/1.1" 200 412
116.233.79.27 - - [29/Apr/2020:10:09:16 +0800] "GET /xingrg/all/function/internal_message.html?_=1588126157998&CODE_STATE=getMsg HTTP/1.1" 200 27
114.84.32.201 - - [29/Apr/2020:10:09:19 +0800] "GET /xingrg/all/function/internal_message.html?_=1588126157702&CODE_STATE=getMsg HTTP/1.1" 200 27
117.185.32.26 - - [29/Apr/2020:10:09:21 +0800] "GET /xingrg/kc/buy/cgsh_order_operate.html?command=get_materiel&rest_code=00106&code=00101008300&supplier_code=00100007&order_time=2020-04-29 HTTP/1.1" 200 412
222.70.183.62 - - [29/Apr/2020:10:09:21 +0800] "GET /xingrg/kc/buy/cgsh_order_operate.html?command=get_materiel&rest_code=00111&code=00101007109&supplier_code=00100037&order_time=2020-04-29 HTTP/1.1" 200 408
180.156.150.85 - - [29/Apr/2020:10:09:21 +0800] "GET /xingrg/all/function/internal_message.html?_=1588126161226&CODE_STATE=getMsg HTTP/1.1" 200 27
114.86.190.97 - - [29/Apr/2020:10:09:22 +0800] "GET /xingrg/check_reg.html?_=1588126164830 HTTP/1.1" 200 22
114.84.33.255 - - [29/Apr/2020:10:09:22 +0800] "GET /xingrg/system/rest/query_items.html?_=1588126160301&table=menu&page=1&rows=20&categoryId=&key=1954 HTTP/1.1" 200 325
114.86.190.97 - - [29/Apr/2020:10:09:22 +0800] "GET /xingrg/all/function/internal_message.html?_=1588126165513&CODE_STATE=getMsg HTTP/1.1" 200 27
114.84.33.255 - - [29/Apr/2020:10:09:24 +0800] "GET /xingrg/system/rest/query_items.html?_=1588126162078&table=menu&page=1&rows=20&categoryId=&key=1954 HTTP/1.1" 200 325
114.84.33.255 - - [29/Apr/2020:10:09:24 +0800] "GET /xingrg/system/rest/get_item.html?table=menu&id=1954&_=1588126162595 HTTP/1.1" 200 1026
114.84.33.255 - - [29/Apr/2020:10:09:24 +0800] "GET /xingrg/system/rest/get_item.html?table=menu&target=menu_rest&id=1954&_=1588126162612 HTTP/1.1" 200 1157
114.84.33.255 - - [29/Apr/2020:10:09:24 +0800] "GET /xingrg/system/rest/get_item.html?table=menu&target=cook_mode&id=1954&_=1588126162609 HTTP/1.1" 200 6954
114.84.33.255 - - [29/Apr/2020:10:09:25 +0800] "GET /xingrg/system/rest/get_infos.html?command=menu_img_show&id=1954 HTTP/1.1" 200 5
172.17.0.101 - - [29/Apr/2020:10:09:29 +0800] "GET /xingrg/all/function/internal_message.html?_=1588126172924&CODE_STATE=getMsg HTTP/1.1" 200 27
180.152.249.82 - - [29/Apr/2020:10:09:29 +0800] "GET /xingrg/all/function/internal_message.html?_=1588126361171&CODE_STATE=getMsg HTTP/1.1" 200 27
114.84.33.255 - - [29/Apr/2020:10:09:29 +0800] "GET /xingrg/system/rest/get_item.html?table=menu&target=menu_rest_detail&id=1954&sid=12&_=1588126167131 HTTP/1.1" 200 426
117.185.32.26 - - [29/Apr/2020:10:09:29 +0800] "GET /xingrg/kc/buy/cgsh_order_operate.html?command=get_materiel&rest_code=00106&code=00101008357&supplier_code=00100007&order_time=2020-04-29 HTTP/1.1" 200 408
124.77.110.230 - - [29/Apr/2020:10:09:29 +0800] "GET /xingrg/index.html?sysBaseUrl=http%3A%2F%2F180.169.147.146%3A18081%2Fxingrg%2F&costTime=34×tamp=1585362191572 HTTP/1.1" 302 -
124.77.110.230 - - [29/Apr/2020:10:09:29 +0800] "GET /xingrg/login.html HTTP/1.1" 200 7641
124.77.110.230 - - [29/Apr/2020:10:09:29 +0800] "GET /favicon.ico HTTP/1.1" 404 -
124.77.110.230 - - [29/Apr/2020:10:09:31 +0800] "POST /xingrg/login.do HTTP/1.1" 302 -
124.77.110.230 - - [29/Apr/2020:10:09:31 +0800] "GET /xingrg/index.html?sysBaseUrl=http%3A%2F%2F180.169.147.146%3A18081%2Fxingrg%2F&costTime=37×tamp=1588126171325 HTTP/1.1" 200 17419
124.77.110.230 - - [29/Apr/2020:10:09:31 +0800] "POST /xingrg/all/common/load_tree.html?tree=area_rest_tree_json&manage=1 HTTP/1.1" 200 351
124.77.110.230 - - [29/Apr/2020:10:09:31 +0800] "GET /xingrg/all/function/internal_message.html?_=1588126171232&CODE_STATE=count HTTP/1.1" 200 11
124.77.110.230 - - [29/Apr/2020:10:09:31 +0800] "GET /xingrg/check_reg.html?_=1588126171233 HTTP/1.1" 200 22
124.77.110.230 - - [29/Apr/2020:10:09:31 +0800] "GET /favicon.ico HTTP/1.1" 404 -
124.77.110.230 - - [29/Apr/2020:10:09:31 +0800] "POST /xingrg/load_menu.html HTTP/1.1" 200 9959
117.185.32.26 - - [29/Apr/2020:10:09:35 +0800] "GET /xingrg/kc/buy/cgsh_order_operate.html?command=get_materiel&rest_code=00106&code=00101008069&supplier_code=00100007&order_time=2020-04-29 HTTP/1.1" 200 412
172.17.0.111 - - [29/Apr/2020:10:09:36 +0800] "GET /xingrg/all/function/internal_message.html?_=1588126179043&CODE_STATE=getMsg HTTP/1.1" 200 27
222.70.183.62 - - [29/Apr/2020:10:09:39 +0800] "GET /xingrg/kc/buy/cgsh_order_operate.html?command=get_materiel&rest_code=00111&code=00101007076&supplier_code=00100037&order_time=2020-04-29 HTTP/1.1" 200 408
124.77.110.230 - - [29/Apr/2020:10:09:40 +0800] "POST /xingrg/load_menu.html HTTP/1.1" 200 10168
114.84.33.255 - - [29/Apr/2020:10:09:41 +0800] "GET /xingrg/all/function/internal_message.html?_=1588126189965&CODE_STATE=getMsg HTTP/1.1" 200 27
117.185.32.26 - - [29/Apr/2020:10:09:42 +0800] "GET /xingrg/kc/buy/cgsh_order_operate.html?command=get_materiel&rest_code=00106&code=00101008286&supplier_code=00100007&order_time=2020-04-29 HTTP/1.1" 200 408
172.17.0.123 - - [29/Apr/2020:10:09:43 +0800] "GET /xingrg/all/function/internal_message.html?_=1588126180932&CODE_STATE=getMsg HTTP/1.1" 200 27
124.77.110.230 - - [29/Apr/2020:10:09:44 +0800] "GET /xingrg/dwr/interface/AjaxGetFirstChart.js HTTP/1.1" 200 631
124.77.110.230 - - [29/Apr/2020:10:09:44 +0800] "GET /xingrg/system/rest/list_page.html?p=menu HTTP/1.1" 200 111091
124.77.110.230 - - [29/Apr/2020:10:09:44 +0800] "GET /xingrg/dwr/engine.js HTTP/1.1" 200 43631
124.77.110.230 - - [29/Apr/2020:10:09:45 +0800] "GET /xingrg/system/rest/query_items.html?_=1588126184865&table=menu&page=1&rows=20&categoryId=&key= HTTP/1.1" 200 4722
117.185.32.26 - - [29/Apr/2020:10:09:45 +0800] "GET /xingrg/all/function/internal_message.html?_=1588126178676&CODE_STATE=getMsg HTTP/1.1" 200 27
222.70.183.62 - - [29/Apr/2020:10:09:45 +0800] "GET /xingrg/all/function/internal_message.html?_=1588126513711&CODE_STATE=getMsg HTTP/1.1" 200 27
114.84.33.255 - - [29/Apr/2020:10:09:49 +0800] "POST /xingrg/system/rest/edit_item.html HTTP/1.1" 200 4
114.84.33.255 - - [29/Apr/2020:10:09:49 +0800] "GET /xingrg/system/rest/get_item.html?table=menu&target=menu_rest&id=1954&_=1588126187494 HTTP/1.1" 200 1157
58.221.95.50 - - [29/Apr/2020:10:09:50 +0800] "GET /xingrg/all/function/internal_message.html?_=1588126216702&CODE_STATE=getMsg HTTP/1.1" 200 27
58.221.95.50 - - [29/Apr/2020:10:09:50 +0800] "GET /xingrg/check_reg.html?_=1588126216705 HTTP/1.1" 200 22
58.221.95.50 - - [29/Apr/2020:10:09:51 +0800] "GET /xingrg/all/function/internal_message.html?_=1588126217163&CODE_STATE=getMsg HTTP/1.1" 200 27
58.221.95.50 - - [29/Apr/2020:10:09:51 +0800] "GET /xingrg/all/function/internal_message.html?_=1588126217207&CODE_STATE=getMsg HTTP/1.1" 200 27
172.17.0.112 - - [29/Apr/2020:10:09:51 +0800] "GET /xingrg/all/function/internal_message.html?_=1588126190709&CODE_STATE=getMsg HTTP/1.1" 200 27
180.162.232.172 - - [29/Apr/2020:10:09:51 +0800] "GET /xingrg/all/function/internal_message.html?_=1588126191651&CODE_STATE=getMsg HTTP/1.1" 200 27
222.70.183.62 - - [29/Apr/2020:10:09:53 +0800] "GET /xingrg/kc/buy/cgsh_order_operate.html?command=get_materiel&rest_code=00111&code=00101009004&supplier_code=00100037&order_time=2020-04-29 HTTP/1.1" 200 409
117.185.32.26 - - [29/Apr/2020:10:09:53 +0800] "GET /xingrg/kc/buy/cgsh_order_operate.html?command=get_materiel&rest_code=00106&code=00101008131&supplier_code=00100007&order_time=2020-04-29 HTTP/1.1" 200 428
124.77.110.230 - - [29/Apr/2020:10:09:55 +0800] "GET /xingrg/system/rest/query_items.html?_=1588126195431&table=menu&page=1&rows=20&categoryId=&key=%25E6%259D%2582%25E9%25B1%25BC HTTP/1.1" 200 1982
120.253.135.82 - - [29/Apr/2020:10:09:56 +0800] "GET /xingrg/all/function/internal_message.html?_=1588125947362&CODE_STATE=getMsg HTTP/1.1" 200 27
114.84.33.255 - - [29/Apr/2020:10:09:56 +0800] "GET /xingrg/all/function/internal_message.html?_=1588126200684&CODE_STATE=getMsg HTTP/1.1" 200 27
124.77.110.230 - - [29/Apr/2020:10:09:57 +0800] "GET /xingrg/system/rest/query_items.html?_=1588126196632&table=menu&page=1&rows=20&categoryId=&key=%25E6%259D%2582%25E9%25B1%25BC HTTP/1.1" 200 1982
124.77.110.230 - - [29/Apr/2020:10:09:57 +0800] "GET /xingrg/system/rest/get_item.html?table=menu&id=1965&_=1588126197395 HTTP/1.1" 200 969
124.77.110.230 - - [29/Apr/2020:10:09:57 +0800] "GET /xingrg/system/rest/get_item.html?table=menu&target=menu_rest&id=1965&_=1588126197421 HTTP/1.1" 200 762
124.77.110.230 - - [29/Apr/2020:10:09:57 +0800] "GET /xingrg/system/rest/get_item.html?table=menu&target=cook_mode&id=1965&_=1588126197420 HTTP/1.1" 200 6235
124.77.110.230 - - [29/Apr/2020:10:09:58 +0800] "GET /xingrg/system/rest/get_infos.html?command=menu_img_show&id=1965 HTTP/1.1" 200 5
124.77.110.230 - - [29/Apr/2020:10:09:59 +0800] "GET /xingrg/system/rest/get_item.html?table=menu&target=menu_rest_detail&id=1965&sid=6&_=1588126199567 HTTP/1.1" 200 419
222.69.136.137 - - [29/Apr/2020:10:10:01 +0800] "GET /xingrg/all/function/internal_message.html?_=1588126196148&CODE_STATE=getMsg HTTP/1.1" 200 27
117.185.32.26 - - [29/Apr/2020:10:10:02 +0800] "GET /xingrg/kc/buy/cgsh_order_operate.html?command=get_materiel&rest_code=00106&code=00101008352&supplier_code=00100007&order_time=2020-04-29 HTTP/1.1" 200 412
124.77.110.230 - - [29/Apr/2020:10:10:03 +0800] "GET /xingrg/all/function/internal_message.html?_=1588125432947&CODE_STATE=getMsg HTTP/1.1" 200 27
124.77.110.230 - - [29/Apr/2020:10:10:06 +0800] "POST /xingrg/system/rest/edit_item.html HTTP/1.1" 200 4
124.77.110.230 - - [29/Apr/2020:10:10:06 +0800] "GET /xingrg/system/rest/get_item.html?table=menu&target=menu_rest&id=1965&_=1588126206297 HTTP/1.1" 200 762
114.84.33.255 - - [29/Apr/2020:10:10:06 +0800] "GET /xingrg/all/function/internal_message.html?_=1588126204476&CODE_STATE=getMsg HTTP/1.1" 200 27
172.17.0.120 - - [29/Apr/2020:10:10:06 +0800] "GET /xingrg/all/function/internal_message.html?_=1588126204599&CODE_STATE=getMsg HTTP/1.1" 200 27
117.185.32.26 - - [29/Apr/2020:10:10:08 +0800] "GET /xingrg/kc/buy/cgsh_order_operate.html?command=get_materiel&rest_code=00106&code=00101008005&supplier_code=00100007&order_time=2020-04-29 HTTP/1.1" 200 412
222.70.183.62 - - [29/Apr/2020:10:10:09 +0800] "GET /xingrg/kc/buy/cgsh_order_operate.html?command=get_materiel&rest_code=00111&code=00101009003&supplier_code=00100037&order_time=2020-04-29 HTTP/1.1" 200 409
117.185.32.26 - - [29/Apr/2020:10:10:14 +0800] "GET /xingrg/kc/buy/cgsh_order_operate.html?command=get_materiel&rest_code=00106&code=00101008271&supplier_code=00100007&order_time=2020-04-29 HTTP/1.1" 200 408
116.233.79.27 - - [29/Apr/2020:10:10:16 +0800] "GET /xingrg/all/function/internal_message.html?_=1588126218000&CODE_STATE=getMsg HTTP/1.1" 200 27
222.70.183.62 - - [29/Apr/2020:10:10:16 +0800] "GET /xingrg/kc/buy/cgsh_order_operate.html?command=get_materiel&rest_code=00111&code=00101015038&supplier_code=00100037&order_time=2020-04-29 HTTP/1.1" 200 418
114.84.33.255 - - [29/Apr/2020:10:10:17 +0800] "GET /xingrg/system/rest/query_items.html?_=1588126215045&table=menu&page=1&rows=20&categoryId=&key=2013 HTTP/1.1" 200 284
124.77.110.230 - - [29/Apr/2020:10:10:18 +0800] "GET /xingrg/system/rest/query_items.html?_=1588126218034&table=menu&page=1&rows=20&categoryId=&key=%25E8%258A%25B1%25E8%259E%25BA HTTP/1.1" 200 1050
