120.253.135.82 - - [29/Apr/2020:09:16:30 +0800] "POST /xingrg/kc/base/stock_operate.html HTTP/1.1" 200 3875
114.84.33.255 - - [29/Apr/2020:09:16:36 +0800] "GET /xingrg/kc/buy/cgsh_order_operate.html?command=get_materiel&rest_code=00146&code=00101008242&supplier_code=00100005&order_time=2020-04-29 HTTP/1.1" 200 408
172.17.0.111 - - [29/Apr/2020:09:16:37 +0800] "GET /xingrg/all/function/internal_message.html?_=1588123000087&CODE_STATE=getMsg HTTP/1.1" 200 27
222.70.183.62 - - [29/Apr/2020:09:16:39 +0800] "GET /xingrg/all/function/internal_message.html?_=1588123333633&CODE_STATE=getMsg HTTP/1.1" 200 27
114.84.33.255 - - [29/Apr/2020:09:16:39 +0800] "POST /xingrg/kc/buy/cgsh_order_operate.html HTTP/1.1" 200 2065
114.84.33.255 - - [29/Apr/2020:09:16:39 +0800] "GET /xingrg/all/function/internal_message.html?_=1588123008077&CODE_STATE=getMsg HTTP/1.1" 200 27
172.17.0.240 - - [29/Apr/2020:09:16:42 +0800] "GET /xingrg/check_reg.html?_=1588122998706 HTTP/1.1" 200 22
180.156.150.85 - - [29/Apr/2020:09:16:42 +0800] "GET /xingrg/kc/buy/cgsh_order_list.html HTTP/1.1" 200 42578
172.17.0.123 - - [29/Apr/2020:09:16:43 +0800] "GET /xingrg/all/function/internal_message.html?_=1588123000940&CODE_STATE=getMsg HTTP/1.1" 200 27
180.156.150.85 - - [29/Apr/2020:09:16:43 +0800] "POST /xingrg/kc/buy/cgsh_list_operate.html HTTP/1.1" 200 2051
180.156.150.85 - - [29/Apr/2020:09:16:45 +0800] "POST /xingrg/kc/buy/cgsh_list_operate.html HTTP/1.1" 200 2051
180.156.150.85 - - [29/Apr/2020:09:16:46 +0800] "GET /xingrg/kc/buy/cgsh_order_add.html HTTP/1.1" 200 58193
180.156.150.85 - - [29/Apr/2020:09:16:46 +0800] "POST /xingrg/kc/buy/cgsh_order_operate.html HTTP/1.1" 200 8245
180.156.150.85 - - [29/Apr/2020:09:16:46 +0800] "GET /xingrg/javascript/easyui/themes/default/validatebox.css HTTP/1.1" 404 1104
114.84.33.255 - - [29/Apr/2020:09:16:47 +0800] "GET /xingrg/kc/buy/cgsh_order_operate.html?command=get_materiel&rest_code=00146&code=00101008274&supplier_code=00100005&order_time=2020-04-29 HTTP/1.1" 200 412
172.17.0.112 - - [29/Apr/2020:09:16:51 +0800] "GET /xingrg/all/function/internal_message.html?_=1588123010701&CODE_STATE=getMsg HTTP/1.1" 200 27
114.84.33.255 - - [29/Apr/2020:09:16:52 +0800] "GET /xingrg/all/function/internal_message.html?_=1588123016158&CODE_STATE=getMsg HTTP/1.1" 200 27
58.221.95.50 - - [29/Apr/2020:09:16:52 +0800] "GET /xingrg/all/function/internal_message.html?_=1588123038403&CODE_STATE=getMsg HTTP/1.1" 302 -
58.221.95.50 - - [29/Apr/2020:09:16:52 +0800] "GET /xingrg/all/function/internal_message.html?_=1588123038420&CODE_STATE=getMsg HTTP/1.1" 302 -
180.162.232.172 - - [29/Apr/2020:09:16:52 +0800] "GET /xingrg/kc/buy/cgsh_order_operate.html?command=get_materiel&rest_code=00150&code=00101008331&supplier_code=00100007&order_time=2020-04-29 HTTP/1.1" 200 416
58.221.95.50 - - [29/Apr/2020:09:16:52 +0800] "GET /xingrg/check_reg.html?_=1588123038913 HTTP/1.1" 302 -
58.221.95.50 - - [29/Apr/2020:09:16:52 +0800] "GET /xingrg/check_reg.html?_=1588123038915 HTTP/1.1" 302 -
114.84.33.255 - - [29/Apr/2020:09:16:55 +0800] "GET /xingrg/kc/buy/cgsh_order_operate.html?command=get_materiel&rest_code=00146&code=00101008017&supplier_code=00100005&order_time=2020-04-29 HTTP/1.1" 200 416
180.162.232.172 - - [29/Apr/2020:09:16:57 +0800] "GET /xingrg/all/function/internal_message.html?_=1588123017335&CODE_STATE=getMsg HTTP/1.1" 200 27
180.162.232.172 - - [29/Apr/2020:09:17:00 +0800] "GET /xingrg/kc/buy/cgsh_order_operate.html?command=get_materiel&rest_code=00150&code=00101008350&supplier_code=00100007&order_time=2020-04-29 HTTP/1.1" 200 408
114.84.33.255 - - [29/Apr/2020:09:17:02 +0800] "GET /xingrg/kc/buy/cgsh_order_operate.html?command=get_materiel&rest_code=00146&code=00101008256&supplier_code=00100005&order_time=2020-04-29 HTTP/1.1" 200 412
116.232.55.231 - - [29/Apr/2020:09:17:05 +0800] "GET /xingrg/all/function/internal_message.html?_=1588123081238&CODE_STATE=getMsg HTTP/1.1" 200 27
180.162.232.172 - - [29/Apr/2020:09:17:07 +0800] "GET /xingrg/kc/buy/cgsh_order_operate.html?command=get_materiel&rest_code=00150&code=00101008224&supplier_code=00100007&order_time=2020-04-29 HTTP/1.1" 200 416
114.84.33.255 - - [29/Apr/2020:09:17:10 +0800] "GET /xingrg/kc/buy/cgsh_order_operate.html?command=get_materiel&rest_code=00146&code=00101008045&supplier_code=00100005&order_time=2020-04-29 HTTP/1.1" 200 412
120.253.135.82 - - [29/Apr/2020:09:17:13 +0800] "POST /xingrg/kc/base/stock_operate.html HTTP/1.1" 200 1489
116.233.79.27 - - [29/Apr/2020:09:17:16 +0800] "GET /xingrg/all/function/internal_message.html?_=1588123037973&CODE_STATE=getMsg HTTP/1.1" 200 27
114.84.33.255 - - [29/Apr/2020:09:17:17 +0800] "GET /xingrg/kc/buy/cgsh_order_operate.html?command=get_materiel&rest_code=00146&code=00101008155&supplier_code=00100005&order_time=2020-04-29 HTTP/1.1" 200 408
120.253.135.82 - - [29/Apr/2020:09:17:19 +0800] "POST /xingrg/kc/base/stock_operate.html HTTP/1.1" 200 4061
180.156.150.85 - - [29/Apr/2020:09:17:19 +0800] "GET /xingrg/all/function/internal_message.html?_=1588122896941&CODE_STATE=getMsg HTTP/1.1" 200 27
114.84.32.201 - - [29/Apr/2020:09:17:19 +0800] "GET /xingrg/all/function/internal_message.html?_=1588123037646&CODE_STATE=getMsg HTTP/1.1" 200 27
114.84.33.255 - - [29/Apr/2020:09:17:19 +0800] "POST /xingrg/kc/buy/cgsh_order_operate.html HTTP/1.1" 200 2065
180.156.150.85 - - [29/Apr/2020:09:17:21 +0800] "GET /xingrg/all/function/internal_message.html?_=1588123041166&CODE_STATE=getMsg HTTP/1.1" 200 27
114.86.190.97 - - [29/Apr/2020:09:17:22 +0800] "GET /xingrg/all/function/internal_message.html?_=1588123044809&CODE_STATE=getMsg HTTP/1.1" 200 27
114.84.33.255 - - [29/Apr/2020:09:17:26 +0800] "GET /xingrg/kc/buy/cgsh_order_operate.html?command=get_materiel&rest_code=00146&code=00101008112&supplier_code=00100005&order_time=2020-04-29 HTTP/1.1" 200 412
222.69.136.137 - - [29/Apr/2020:09:17:29 +0800] "GET /xingrg/all/function/internal_message.html?_=1588123044689&CODE_STATE=getMsg HTTP/1.1" 200 27
114.84.33.255 - - [29/Apr/2020:09:17:33 +0800] "GET /xingrg/kc/buy/cgsh_order_operate.html?command=get_materiel&rest_code=00146&code=00101008185&supplier_code=00100005&order_time=2020-04-29 HTTP/1.1" 200 408
172.17.0.111 - - [29/Apr/2020:09:17:37 +0800] "GET /xingrg/all/function/internal_message.html?_=1588123060069&CODE_STATE=getMsg HTTP/1.1" 200 27
222.70.183.62 - - [29/Apr/2020:09:17:39 +0800] "GET /xingrg/all/function/internal_message.html?_=1588123393634&CODE_STATE=getMsg HTTP/1.1" 200 27
114.84.33.255 - - [29/Apr/2020:09:17:39 +0800] "GET /xingrg/all/function/internal_message.html?_=1588123068088&CODE_STATE=getMsg HTTP/1.1" 200 27
114.84.33.255 - - [29/Apr/2020:09:17:41 +0800] "GET /xingrg/kc/buy/cgsh_order_operate.html?command=get_materiel&rest_code=00146&code=00101008125&supplier_code=00100005&order_time=2020-04-29 HTTP/1.1" 200 413
172.17.0.123 - - [29/Apr/2020:09:17:43 +0800] "GET /xingrg/all/function/internal_message.html?_=1588123060942&CODE_STATE=getMsg HTTP/1.1" 200 27
114.84.33.255 - - [29/Apr/2020:09:17:50 +0800] "GET /xingrg/kc/buy/cgsh_order_operate.html?command=get_materiel&rest_code=00146&code=00101008096&supplier_code=00100005&order_time=2020-04-29 HTTP/1.1" 200 412
120.253.135.82 - - [29/Apr/2020:09:17:50 +0800] "POST /xingrg/kc/base/stock_operate.html HTTP/1.1" 200 4300
172.17.0.112 - - [29/Apr/2020:09:17:51 +0800] "GET /xingrg/all/function/internal_message.html?_=1588123070704&CODE_STATE=getMsg HTTP/1.1" 200 27
114.84.33.255 - - [29/Apr/2020:09:17:52 +0800] "GET /xingrg/all/function/internal_message.html?_=1588123076171&CODE_STATE=getMsg HTTP/1.1" 200 27
58.221.95.50 - - [29/Apr/2020:09:17:52 +0800] "GET /xingrg/all/function/internal_message.html?_=1588123098376&CODE_STATE=getMsg HTTP/1.1" 302 -
58.221.95.50 - - [29/Apr/2020:09:17:52 +0800] "GET /xingrg/all/function/internal_message.html?_=1588123098392&CODE_STATE=getMsg HTTP/1.1" 302 -
114.84.33.255 - - [29/Apr/2020:09:17:56 +0800] "GET /xingrg/kc/buy/cgsh_order_operate.html?command=get_materiel&rest_code=00146&code=00101008358&supplier_code=00100005&order_time=2020-04-29 HTTP/1.1" 200 412
180.162.232.172 - - [29/Apr/2020:09:17:57 +0800] "GET /xingrg/check_reg.html?_=1588123077330 HTTP/1.1" 200 22
180.162.232.172 - - [29/Apr/2020:09:17:57 +0800] "GET /xingrg/all/function/internal_message.html?_=1588123077331&CODE_STATE=getMsg HTTP/1.1" 200 27
114.84.33.255 - - [29/Apr/2020:09:17:58 +0800] "POST /xingrg/kc/buy/cgsh_order_operate.html HTTP/1.1" 200 2065
180.162.232.172 - - [29/Apr/2020:09:18:03 +0800] "GET /xingrg/kc/buy/cgsh_order_operate.html?command=get_materiel&rest_code=00150&code=00101008356&supplier_code=00100007&order_time=2020-04-29 HTTP/1.1" 200 408
114.84.33.255 - - [29/Apr/2020:09:18:04 +0800] "GET /xingrg/kc/buy/cgsh_order_operate.html?command=get_materiel&rest_code=00146&code=00101008355&supplier_code=00100005&order_time=2020-04-29 HTTP/1.1" 200 408
116.232.55.231 - - [29/Apr/2020:09:18:05 +0800] "GET /xingrg/all/function/internal_message.html?_=1588123141234&CODE_STATE=getMsg HTTP/1.1" 200 27
124.77.110.230 - - [29/Apr/2020:09:18:09 +0800] "GET /xingrg/check_reg.html?_=1588122318469 HTTP/1.1" 200 22
180.162.232.172 - - [29/Apr/2020:09:18:10 +0800] "GET /xingrg/kc/buy/cgsh_order_operate.html?command=get_materiel&rest_code=00150&code=00101015070&supplier_code=00100007&order_time=2020-04-29 HTTP/1.1" 200 413
114.84.33.255 - - [29/Apr/2020:09:18:11 +0800] "GET /xingrg/kc/buy/cgsh_order_operate.html?command=get_materiel&rest_code=00146&code=00101008144&supplier_code=00100005&order_time=2020-04-29 HTTP/1.1" 200 412
180.162.232.172 - - [29/Apr/2020:09:18:14 +0800] "POST /xingrg/kc/buy/cgsh_order_operate.html HTTP/1.1" 200 2065
116.233.79.27 - - [29/Apr/2020:09:18:16 +0800] "GET /xingrg/all/function/internal_message.html?_=1588123097975&CODE_STATE=getMsg HTTP/1.1" 200 27
114.84.33.255 - - [29/Apr/2020:09:18:18 +0800] "GET /xingrg/kc/buy/cgsh_order_operate.html?command=get_materiel&rest_code=00146&code=00101008264&supplier_code=00100005&order_time=2020-04-29 HTTP/1.1" 200 412
180.162.232.172 - - [29/Apr/2020:09:18:18 +0800] "GET /xingrg/kc/buy/cgsh_order_operate.html?command=get_materiel&rest_code=00150&code=00101008041&supplier_code=00100007&order_time=2020-04-29 HTTP/1.1" 200 408
180.156.150.85 - - [29/Apr/2020:09:18:19 +0800] "GET /xingrg/all/function/internal_message.html?_=1588122956959&CODE_STATE=getMsg HTTP/1.1" 200 27
114.84.32.201 - - [29/Apr/2020:09:18:19 +0800] "GET /xingrg/all/function/internal_message.html?_=1588123097649&CODE_STATE=getMsg HTTP/1.1" 200 27
180.156.150.85 - - [29/Apr/2020:09:18:21 +0800] "GET /xingrg/check_reg.html?_=1588123101153 HTTP/1.1" 200 22
180.156.150.85 - - [29/Apr/2020:09:18:21 +0800] "GET /xingrg/all/function/internal_message.html?_=1588123101157&CODE_STATE=getMsg HTTP/1.1" 200 27
114.86.190.97 - - [29/Apr/2020:09:18:22 +0800] "GET /xingrg/all/function/internal_message.html?_=1588123104821&CODE_STATE=getMsg HTTP/1.1" 200 27
222.69.136.137 - - [29/Apr/2020:09:18:29 +0800] "GET /xingrg/all/function/internal_message.html?_=1588123104695&CODE_STATE=getMsg HTTP/1.1" 200 27
114.84.33.255 - - [29/Apr/2020:09:18:33 +0800] "GET /xingrg/kc/buy/cgsh_order_operate.html?command=get_materiel&rest_code=00146&code=00101008196&supplier_code=00100005&order_time=2020-04-29 HTTP/1.1" 200 416
114.84.33.255 - - [29/Apr/2020:09:18:36 +0800] "POST /xingrg/kc/buy/cgsh_order_operate.html HTTP/1.1" 200 2065
172.17.0.111 - - [29/Apr/2020:09:18:37 +0800] "GET /xingrg/all/function/internal_message.html?_=1588123120053&CODE_STATE=getMsg HTTP/1.1" 200 27
180.162.232.172 - - [29/Apr/2020:09:18:38 +0800] "GET /xingrg/kc/buy/cgsh_order_operate.html?command=get_materiel&rest_code=00150&code=00101008498&supplier_code=00100007&order_time=2020-04-29 HTTP/1.1" 200 410
114.84.33.255 - - [29/Apr/2020:09:18:39 +0800] "GET /xingrg/kc/buy/cgsh_order_operate.html?command=get_materiel&rest_code=00146&code=00101008197&supplier_code=00100005&order_time=2020-04-29 HTTP/1.1" 200 416
222.70.183.62 - - [29/Apr/2020:09:18:39 +0800] "GET /xingrg/all/function/internal_message.html?_=1588123453635&CODE_STATE=getMsg HTTP/1.1" 200 27
222.69.136.137 - - [29/Apr/2020:09:18:39 +0800] "POST /xingrg/services/DataTransmitService HTTP/1.1" 200 524
222.69.136.137 - - [29/Apr/2020:09:18:39 +0800] "POST /xingrg/services/DataTransmitService HTTP/1.1" 200 501
114.84.33.255 - - [29/Apr/2020:09:18:40 +0800] "GET /xingrg/all/function/internal_message.html?_=1588123128153&CODE_STATE=getMsg HTTP/1.1" 200 27
222.69.136.137 - - [29/Apr/2020:09:18:41 +0800] "POST /xingrg/services/DataTransmitService HTTP/1.1" 200 524
222.69.136.137 - - [29/Apr/2020:09:18:41 +0800] "POST /xingrg/services/DataTransmitService HTTP/1.1" 200 501
172.17.0.123 - - [29/Apr/2020:09:18:43 +0800] "GET /xingrg/check_reg.html?_=1588123120928 HTTP/1.1" 200 22
172.17.0.123 - - [29/Apr/2020:09:18:43 +0800] "GET /xingrg/all/function/internal_message.html?_=1588123120930&CODE_STATE=getMsg HTTP/1.1" 200 27
180.162.232.172 - - [29/Apr/2020:09:18:43 +0800] "GET /xingrg/kc/buy/cgsh_order_operate.html?command=get_materiel&rest_code=00150&code=00101015038&supplier_code=00100007&order_time=2020-04-29 HTTP/1.1" 200 419
114.84.33.255 - - [29/Apr/2020:09:18:45 +0800] "GET /xingrg/kc/buy/cgsh_order_operate.html?command=get_materiel&rest_code=00146&code=00101008069&supplier_code=00100005&order_time=2020-04-29 HTTP/1.1" 200 412
120.253.135.82 - - [29/Apr/2020:09:18:45 +0800] "GET /xingrg/check_reg.html?_=1588122876855 HTTP/1.1" 200 22
222.69.136.137 - - [29/Apr/2020:09:18:46 +0800] "POST /xingrg/services/DataTransmitService HTTP/1.1" 200 524
222.69.136.137 - - [29/Apr/2020:09:18:49 +0800] "POST /xingrg/services/DataTransmitService HTTP/1.1" 200 501
180.162.232.172 - - [29/Apr/2020:09:18:50 +0800] "GET /xingrg/kc/buy/cgsh_order_operate.html?command=get_materiel&rest_code=00150&code=00101008172&supplier_code=00100007&order_time=2020-04-29 HTTP/1.1" 200 412
172.17.0.112 - - [29/Apr/2020:09:18:51 +0800] "GET /xingrg/all/function/internal_message.html?_=1588123130706&CODE_STATE=getMsg HTTP/1.1" 200 27
58.221.95.50 - - [29/Apr/2020:09:18:52 +0800] "GET /xingrg/all/function/internal_message.html?_=1588123158349&CODE_STATE=getMsg HTTP/1.1" 302 -
58.221.95.50 - - [29/Apr/2020:09:18:52 +0800] "GET /xingrg/all/function/internal_message.html?_=1588123158371&CODE_STATE=getMsg HTTP/1.1" 302 -
114.84.33.255 - - [29/Apr/2020:09:18:52 +0800] "GET /xingrg/all/function/internal_message.html?_=1588123136342&CODE_STATE=getMsg HTTP/1.1" 200 27
114.84.33.255 - - [29/Apr/2020:09:18:54 +0800] "GET /xingrg/kc/buy/cgsh_order_operate.html?command=get_materiel&rest_code=00146&code=00101008036&supplier_code=00100005&order_time=2020-04-29 HTTP/1.1" 200 408
180.162.232.172 - - [29/Apr/2020:09:18:57 +0800] "GET /xingrg/all/function/internal_message.html?_=1588123137344&CODE_STATE=getMsg HTTP/1.1" 200 27
114.84.33.255 - - [29/Apr/2020:09:18:59 +0800] "GET /xingrg/check_reg.html?_=1588123143440 HTTP/1.1" 200 22
180.162.232.172 - - [29/Apr/2020:09:19:02 +0800] "POST /xingrg/kc/buy/cgsh_order_operate.html HTTP/1.1" 200 37
172.17.0.111 - - [29/Apr/2020:09:19:04 +0800] "GET /xingrg/check_reg.html?_=1588123146531 HTTP/1.1" 200 22
180.162.232.172 - - [29/Apr/2020:09:19:04 +0800] "POST /xingrg/kc/buy/cgsh_order_operate.html HTTP/1.1" 200 23376
116.232.55.231 - - [29/Apr/2020:09:19:05 +0800] "GET /xingrg/check_reg.html?_=1588123201234 HTTP/1.1" 200 22
116.232.55.231 - - [29/Apr/2020:09:19:05 +0800] "GET /xingrg/all/function/internal_message.html?_=1588123201234&CODE_STATE=getMsg HTTP/1.1" 200 27
114.84.33.255 - - [29/Apr/2020:09:19:08 +0800] "GET /xingrg/kc/buy/cgsh_order_operate.html?command=get_materiel&rest_code=00146&code=00101008318&supplier_code=00100005&order_time=2020-04-29 HTTP/1.1" 200 408
114.84.33.255 - - [29/Apr/2020:09:19:12 +0800] "POST /xingrg/kc/buy/cgsh_order_operate.html HTTP/1.1" 200 2065
116.233.79.27 - - [29/Apr/2020:09:19:16 +0800] "GET /xingrg/all/function/internal_message.html?_=1588123157978&CODE_STATE=getMsg HTTP/1.1" 200 27
114.84.33.255 - - [29/Apr/2020:09:19:16 +0800] "GET /xingrg/kc/buy/cgsh_order_operate.html?command=get_materiel&rest_code=00146&code=00101008352&supplier_code=00100005&order_time=2020-04-29 HTTP/1.1" 200 412
180.156.150.85 - - [29/Apr/2020:09:19:19 +0800] "GET /xingrg/check_reg.html?_=1588123016958 HTTP/1.1" 200 22
180.156.150.85 - - [29/Apr/2020:09:19:19 +0800] "GET /xingrg/all/function/internal_message.html?_=1588123016962&CODE_STATE=getMsg HTTP/1.1" 200 27
114.84.32.201 - - [29/Apr/2020:09:19:19 +0800] "GET /xingrg/all/function/internal_message.html?_=1588123157648&CODE_STATE=getMsg HTTP/1.1" 200 27
180.156.150.85 - - [29/Apr/2020:09:19:21 +0800] "GET /xingrg/all/function/internal_message.html?_=1588123161162&CODE_STATE=getMsg HTTP/1.1" 200 27
114.86.190.97 - - [29/Apr/2020:09:19:22 +0800] "GET /xingrg/check_reg.html?_=1588123164774 HTTP/1.1" 200 22
114.86.190.97 - - [29/Apr/2020:09:19:22 +0800] "GET /xingrg/all/function/internal_message.html?_=1588123164834&CODE_STATE=getMsg HTTP/1.1" 200 27
114.84.33.255 - - [29/Apr/2020:09:19:25 +0800] "GET /xingrg/kc/buy/cgsh_order_operate.html?command=get_materiel&rest_code=00146&code=00101008098&supplier_code=00100005&order_time=2020-04-29 HTTP/1.1" 200 412
222.69.136.137 - - [29/Apr/2020:09:19:29 +0800] "GET /xingrg/all/function/internal_message.html?_=1588123164691&CODE_STATE=getMsg HTTP/1.1" 200 27
114.84.33.255 - - [29/Apr/2020:09:19:32 +0800] "GET /xingrg/kc/buy/cgsh_order_operate.html?command=get_materiel&rest_code=00146&code=00101008005&supplier_code=00100005&order_time=2020-04-29 HTTP/1.1" 200 412
172.17.0.111 - - [29/Apr/2020:09:19:37 +0800] "GET /xingrg/all/function/internal_message.html?_=1588123180027&CODE_STATE=getMsg HTTP/1.1" 200 27
222.70.183.62 - - [29/Apr/2020:09:19:39 +0800] "GET /xingrg/all/function/internal_message.html?_=1588123513635&CODE_STATE=getMsg HTTP/1.1" 200 27
114.84.33.255 - - [29/Apr/2020:09:19:40 +0800] "GET /xingrg/all/function/internal_message.html?_=1588123188163&CODE_STATE=getMsg HTTP/1.1" 200 27
172.17.0.123 - - [29/Apr/2020:09:19:43 +0800] "GET /xingrg/all/function/internal_message.html?_=1588123180932&CODE_STATE=getMsg HTTP/1.1" 200 27
172.17.0.112 - - [29/Apr/2020:09:19:51 +0800] "GET /xingrg/all/function/internal_message.html?_=1588123190713&CODE_STATE=getMsg HTTP/1.1" 200 27
114.84.33.255 - - [29/Apr/2020:09:19:51 +0800] "GET /xingrg/kc/buy/cgsh_order_operate.html?command=get_materiel&rest_code=00146&code=00101008291&supplier_code=00100005&order_time=2020-04-29 HTTP/1.1" 200 408
58.221.95.50 - - [29/Apr/2020:09:19:52 +0800] "GET /xingrg/all/function/internal_message.html?_=1588123218323&CODE_STATE=getMsg HTTP/1.1" 302 -
58.221.95.50 - - [29/Apr/2020:09:19:52 +0800] "GET /xingrg/all/function/internal_message.html?_=1588123218347&CODE_STATE=getMsg HTTP/1.1" 302 -
114.84.33.255 - - [29/Apr/2020:09:19:52 +0800] "GET /xingrg/all/function/internal_message.html?_=1588123196355&CODE_STATE=getMsg HTTP/1.1" 200 27
114.84.33.255 - - [29/Apr/2020:09:19:53 +0800] "POST /xingrg/kc/buy/cgsh_order_operate.html HTTP/1.1" 200 2065
180.162.232.172 - - [29/Apr/2020:09:19:57 +0800] "GET /xingrg/all/function/internal_message.html?_=1588123197422&CODE_STATE=getMsg HTTP/1.1" 200 27
114.84.33.255 - - [29/Apr/2020:09:19:57 +0800] "GET /xingrg/kc/buy/cgsh_order_operate.html?command=get_materiel&rest_code=00146&code=00101008312&supplier_code=00100005&order_time=2020-04-29 HTTP/1.1" 200 433
114.84.33.255 - - [29/Apr/2020:09:20:04 +0800] "GET /xingrg/kc/buy/cgsh_order_operate.html?command=get_materiel&rest_code=00146&code=00101008114&supplier_code=00100005&order_time=2020-04-29 HTTP/1.1" 200 412
116.232.55.231 - - [29/Apr/2020:09:20:04 +0800] "GET /xingrg/all/function/internal_message.html?_=1588123261234&CODE_STATE=getMsg HTTP/1.1" 200 27
114.84.33.255 - - [29/Apr/2020:09:20:11 +0800] "GET /xingrg/kc/buy/cgsh_order_operate.html?command=get_materiel&rest_code=00146&code=00101015026&supplier_code=00100005&order_time=2020-04-29 HTTP/1.1" 200 412
116.233.79.27 - - [29/Apr/2020:09:20:16 +0800] "GET /xingrg/all/function/internal_message.html?_=1588123217979&CODE_STATE=getMsg HTTP/1.1" 200 27
114.84.33.255 - - [29/Apr/2020:09:20:19 +0800] "GET /xingrg/kc/buy/cgsh_order_operate.html?command=get_materiel&rest_code=00146&code=00101008283&supplier_code=00100005&order_time=2020-04-29 HTTP/1.1" 200 408
180.156.150.85 - - [29/Apr/2020:09:20:19 +0800] "GET /xingrg/all/function/internal_message.html?_=1588123076972&CODE_STATE=getMsg HTTP/1.1" 200 27
114.84.32.201 - - [29/Apr/2020:09:20:19 +0800] "GET /xingrg/all/function/internal_message.html?_=1588123217646&CODE_STATE=getMsg HTTP/1.1" 200 27
180.156.150.85 - - [29/Apr/2020:09:20:21 +0800] "GET /xingrg/all/function/internal_message.html?_=1588123221165&CODE_STATE=getMsg HTTP/1.1" 200 27
114.86.190.97 - - [29/Apr/2020:09:20:22 +0800] "GET /xingrg/all/function/internal_message.html?_=1588123224848&CODE_STATE=getMsg HTTP/1.1" 200 27
114.84.33.255 - - [29/Apr/2020:09:20:26 +0800] "GET /xingrg/kc/buy/cgsh_order_operate.html?command=get_materiel&rest_code=00146&code=00101008350&supplier_code=00100005&order_time=2020-04-29 HTTP/1.1" 200 408
222.69.136.137 - - [29/Apr/2020:09:20:29 +0800] "GET /xingrg/all/function/internal_message.html?_=1588123224702&CODE_STATE=getMsg HTTP/1.1" 200 27
114.84.33.255 - - [29/Apr/2020:09:20:32 +0800] "POST /xingrg/kc/buy/cgsh_order_operate.html HTTP/1.1" 200 2065
114.84.33.255 - - [29/Apr/2020:09:20:36 +0800] "GET /xingrg/kc/buy/cgsh_order_operate.html?command=get_materiel&rest_code=00146&code=00101008236&supplier_code=00100005&order_time=2020-04-29 HTTP/1.1" 200 416
172.17.0.111 - - [29/Apr/2020:09:20:37 +0800] "GET /xingrg/all/function/internal_message.html?_=1588123240011&CODE_STATE=getMsg HTTP/1.1" 200 27
222.70.183.62 - - [29/Apr/2020:09:20:39 +0800] "GET /xingrg/check_reg.html?_=1588123573635 HTTP/1.1" 200 22
222.70.183.62 - - [29/Apr/2020:09:20:39 +0800] "GET /xingrg/all/function/internal_message.html?_=1588123573640&CODE_STATE=getMsg HTTP/1.1" 200 27
114.84.33.255 - - [29/Apr/2020:09:20:40 +0800] "GET /xingrg/all/function/internal_message.html?_=1588123248236&CODE_STATE=getMsg HTTP/1.1" 200 27
172.17.0.123 - - [29/Apr/2020:09:20:43 +0800] "GET /xingrg/all/function/internal_message.html?_=1588123240934&CODE_STATE=getMsg HTTP/1.1" 200 27
114.84.33.255 - - [29/Apr/2020:09:20:44 +0800] "GET /xingrg/kc/buy/cgsh_order_operate.html?command=get_materiel&rest_code=00146&code=00101008215&supplier_code=00100005&order_time=2020-04-29 HTTP/1.1" 200 413
172.17.0.101 - - [29/Apr/2020:09:20:45 +0800] "GET /xingrg/login.html HTTP/1.1" 200 7636
114.84.33.255 - - [29/Apr/2020:09:20:51 +0800] "GET /xingrg/kc/buy/cgsh_order_operate.html?command=get_materiel&rest_code=00146&code=00101008010&supplier_code=00100005&order_time=2020-04-29 HTTP/1.1" 200 412
172.17.0.112 - - [29/Apr/2020:09:20:51 +0800] "GET /xingrg/all/function/internal_message.html?_=1588123250701&CODE_STATE=getMsg HTTP/1.1" 200 27
172.17.0.112 - - [29/Apr/2020:09:20:51 +0800] "GET /xingrg/check_reg.html?_=1588123250704 HTTP/1.1" 200 22
58.221.95.50 - - [29/Apr/2020:09:20:52 +0800] "GET /xingrg/all/function/internal_message.html?_=1588123278297&CODE_STATE=getMsg HTTP/1.1" 302 -
58.221.95.50 - - [29/Apr/2020:09:20:52 +0800] "GET /xingrg/all/function/internal_message.html?_=1588123278327&CODE_STATE=getMsg HTTP/1.1" 302 -
114.84.33.255 - - [29/Apr/2020:09:20:52 +0800] "GET /xingrg/all/function/internal_message.html?_=1588123256368&CODE_STATE=getMsg HTTP/1.1" 200 27
172.17.0.101 - - [29/Apr/2020:09:20:52 +0800] "GET /favicon.ico HTTP/1.1" 404 -
180.152.249.82 - - [29/Apr/2020:09:20:56 +0800] "GET /favicon.ico HTTP/1.1" 404 -
180.152.249.82 - - [29/Apr/2020:09:20:57 +0800] "GET /favicon.ico HTTP/1.1" 404 -
180.162.232.172 - - [29/Apr/2020:09:20:57 +0800] "GET /xingrg/all/function/internal_message.html?_=1588123257488&CODE_STATE=getMsg HTTP/1.1" 200 27
180.152.249.82 - - [29/Apr/2020:09:20:57 +0800] "GET /favicon.ico HTTP/1.1" 404 -
180.152.249.82 - - [29/Apr/2020:09:20:58 +0800] "GET /favicon.ico HTTP/1.1" 404 -
114.84.33.255 - - [29/Apr/2020:09:21:02 +0800] "GET /xingrg/kc/buy/cgsh_order_operate.html?command=get_materiel&rest_code=00146&code=00101008223&supplier_code=00100005&order_time=2020-04-29 HTTP/1.1" 200 412
116.232.55.231 - - [29/Apr/2020:09:21:04 +0800] "GET /xingrg/all/function/internal_message.html?_=1588123321234&CODE_STATE=getMsg HTTP/1.1" 200 27
180.152.249.82 - - [29/Apr/2020:09:21:08 +0800] "GET /favicon.ico HTTP/1.1" 404 -
180.152.249.82 - - [29/Apr/2020:09:21:08 +0800] "GET /favicon.ico HTTP/1.1" 404 -
114.84.33.255 - - [29/Apr/2020:09:21:09 +0800] "GET /xingrg/check_reg.html?_=1588123277475 HTTP/1.1" 200 22
180.152.249.82 - - [29/Apr/2020:09:21:09 +0800] "GET /favicon.ico HTTP/1.1" 404 -
180.152.249.82 - - [29/Apr/2020:09:21:10 +0800] "GET /favicon.ico HTTP/1.1" 404 -
180.152.249.82 - - [29/Apr/2020:09:21:10 +0800] "GET /favicon.ico HTTP/1.1" 404 -
180.152.249.82 - - [29/Apr/2020:09:21:11 +0800] "GET /favicon.ico HTTP/1.1" 404 -
180.152.249.82 - - [29/Apr/2020:09:21:11 +0800] "GET /favicon.ico HTTP/1.1" 404 -
180.152.249.82 - - [29/Apr/2020:09:21:12 +0800] "GET /favicon.ico HTTP/1.1" 404 -
180.152.249.82 - - [29/Apr/2020:09:21:13 +0800] "GET /favicon.ico HTTP/1.1" 404 -
114.84.33.255 - - [29/Apr/2020:09:21:13 +0800] "POST /xingrg/kc/buy/cgsh_order_operate.html HTTP/1.1" 200 2065
180.152.249.82 - - [29/Apr/2020:09:21:13 +0800] "GET /favicon.ico HTTP/1.1" 404 -
180.152.249.82 - - [29/Apr/2020:09:21:14 +0800] "GET /favicon.ico HTTP/1.1" 404 -
180.152.249.82 - - [29/Apr/2020:09:21:15 +0800] "GET /favicon.ico HTTP/1.1" 404 -
120.253.135.82 - - [29/Apr/2020:09:21:15 +0800] "GET /xingrg/kc/pszx/mdqp_order_list.html?state=10 HTTP/1.1" 200 10519
120.253.135.82 - - [29/Apr/2020:09:21:15 +0800] "GET /xingrg/dwr/interface/AjaxReportQueryService.js HTTP/1.1" 200 13203
120.253.135.82 - - [29/Apr/2020:09:21:15 +0800] "GET /xingrg/dwr/interface/AjaxQqpsService.js HTTP/1.1" 200 16326
120.253.135.82 - - [29/Apr/2020:09:21:15 +0800] "GET /xingrg/dwr/engine.js HTTP/1.1" 200 43631
116.233.79.27 - - [29/Apr/2020:09:21:16 +0800] "GET /xingrg/all/function/internal_message.html?_=1588123277981&CODE_STATE=getMsg HTTP/1.1" 200 27
116.233.79.27 - - [29/Apr/2020:09:21:16 +0800] "GET /xingrg/check_reg.html?_=1588123277979 HTTP/1.1" 200 22
180.152.249.82 - - [29/Apr/2020:09:21:16 +0800] "GET /xingrg/login.html HTTP/1.1" 200 7641
180.152.249.82 - - [29/Apr/2020:09:21:16 +0800] "GET /xingrg/images/blue/jxLogo.png HTTP/1.1" 304 -
180.152.249.82 - - [29/Apr/2020:09:21:16 +0800] "GET /xingrg/images/blue/login_bg.png HTTP/1.1" 304 -
180.152.249.82 - - [29/Apr/2020:09:21:16 +0800] "GET /xingrg/images/blue/hj.png HTTP/1.1" 304 -
180.152.249.82 - - [29/Apr/2020:09:21:16 +0800] "GET /xingrg/images/blue/srbg.png HTTP/1.1" 304 -
180.152.249.82 - - [29/Apr/2020:09:21:16 +0800] "GET /favicon.ico HTTP/1.1" 404 -
120.253.135.82 - - [29/Apr/2020:09:21:18 +0800] "GET /xingrg/kc/pszx/mdth_order_list.html HTTP/1.1" 200 18388
120.253.135.82 - - [29/Apr/2020:09:21:18 +0800] "POST /xingrg/kc/pszx/mdth_order_new_list.html HTTP/1.1" 200 3487
114.84.33.255 - - [29/Apr/2020:09:21:18 +0800] "GET /xingrg/kc/buy/cgsh_order_operate.html?command=get_materiel&rest_code=00146&code=00101015038&supplier_code=00100005&order_time=2020-04-29 HTTP/1.1" 200 419
180.156.150.85 - - [29/Apr/2020:09:21:19 +0800] "GET /xingrg/all/function/internal_message.html?_=1588123136973&CODE_STATE=getMsg HTTP/1.1" 200 27
114.84.32.201 - - [29/Apr/2020:09:21:19 +0800] "GET /xingrg/all/function/internal_message.html?_=1588123277646&CODE_STATE=getMsg HTTP/1.1" 200 27
114.84.32.201 - - [29/Apr/2020:09:21:19 +0800] "GET /xingrg/check_reg.html?_=1588123277652 HTTP/1.1" 200 22
180.152.249.82 - - [29/Apr/2020:09:21:21 +0800] "POST /xingrg/login.do HTTP/1.1" 302 -
180.152.249.82 - - [29/Apr/2020:09:21:21 +0800] "GET /xingrg/javascript/jquery_easy_ui/themes/default/easyui.css HTTP/1.1" 304 -
180.152.249.82 - - [29/Apr/2020:09:21:21 +0800] "GET /xingrg/javascript/jquery_easy_ui/themes/icon.css HTTP/1.1" 304 -
180.152.249.82 - - [29/Apr/2020:09:21:21 +0800] "GET /xingrg/index.html?sysBaseUrl=http%3A%2F%2F180.169.147.146%3A18081%2Fxingrg%2F&costTime=37×tamp=1588123281103 HTTP/1.1" 200 17173
180.152.249.82 - - [29/Apr/2020:09:21:21 +0800] "GET /xingrg/css/form.css HTTP/1.1" 304 -
180.152.249.82 - - [29/Apr/2020:09:21:21 +0800] "GET /xingrg/javascript/jquery-1.4.2.min.js HTTP/1.1" 304 -
180.152.249.82 - - [29/Apr/2020:09:21:21 +0800] "GET /xingrg/javascript/jquery_easy_ui/jquery.easyui.min.js HTTP/1.1" 304 -
180.152.249.82 - - [29/Apr/2020:09:21:21 +0800] "GET /xingrg/javascript/jquery_easy_ui/easyui-lang-zh_CN.js HTTP/1.1" 304 -
180.152.249.82 - - [29/Apr/2020:09:21:21 +0800] "GET /xingrg/javascript/jquery.form.js HTTP/1.1" 304 -
180.152.249.82 - - [29/Apr/2020:09:21:21 +0800] "GET /xingrg/javascript/jquery.utils.js HTTP/1.1" 304 -
180.152.249.82 - - [29/Apr/2020:09:21:21 +0800] "GET /xingrg/javascript/jquery.timers.js HTTP/1.1" 304 -
180.152.249.82 - - [29/Apr/2020:09:21:21 +0800] "GET /favicon.ico HTTP/1.1" 404 -
180.152.249.82 - - [29/Apr/2020:09:21:21 +0800] "GET /xingrg/images/blue/navBackgound.jpg HTTP/1.1" 304 -
180.152.249.82 - - [29/Apr/2020:09:21:21 +0800] "GET /xingrg/javascript/jquery_easy_ui/themes/icons/settle_new.png HTTP/1.1" 304 -
180.152.249.82 - - [29/Apr/2020:09:21:21 +0800] "POST /xingrg/all/common/load_tree.html?tree=area_rest_tree_json&manage=1 HTTP/1.1" 200 342
180.152.249.82 - - [29/Apr/2020:09:21:21 +0800] "GET /xingrg/images/blue/pingpu.png HTTP/1.1" 304 -
180.152.249.82 - - [29/Apr/2020:09:21:21 +0800] "GET /xingrg/javascript/jquery_easy_ui/themes/default/images/tabs_leftarrow.png HTTP/1.1" 304 -
180.152.249.82 - - [29/Apr/2020:09:21:21 +0800] "GET /xingrg/javascript/jquery_easy_ui/themes/default/images/tabs_rightarrow.png HTTP/1.1" 304 -
180.152.249.82 - - [29/Apr/2020:09:21:21 +0800] "GET /xingrg/javascript/jquery_easy_ui/themes/default/images/panel_tool_collapse.gif HTTP/1.1" 304 -
180.156.150.85 - - [29/Apr/2020:09:21:21 +0800] "GET /xingrg/all/function/internal_message.html?_=1588123281154&CODE_STATE=getMsg HTTP/1.1" 200 27
180.152.249.82 - - [29/Apr/2020:09:21:21 +0800] "GET /xingrg/all/function/internal_message.html?_=1588123473849&CODE_STATE=count HTTP/1.1" 200 11
180.152.249.82 - - [29/Apr/2020:09:21:21 +0800] "GET /xingrg/check_reg.html?_=1588123473850 HTTP/1.1" 200 22
180.152.249.82 - - [29/Apr/2020:09:21:21 +0800] "POST /xingrg/load_menu.html HTTP/1.1" 200 5138
180.152.249.82 - - [29/Apr/2020:09:21:22 +0800] "GET /xingrg/javascript/jquery_easy_ui/themes/default/images/tree_arrows.gif HTTP/1.1" 304 -
114.86.190.97 - - [29/Apr/2020:09:21:22 +0800] "GET /xingrg/all/function/internal_message.html?_=1588123284861&CODE_STATE=getMsg HTTP/1.1" 200 27
180.152.249.82 - - [29/Apr/2020:09:21:22 +0800] "GET /xingrg/javascript/jquery_easy_ui/themes/default/images/tree_folder_open.gif HTTP/1.1" 304 -
180.152.249.82 - - [29/Apr/2020:09:21:22 +0800] "GET /xingrg/javascript/jquery_easy_ui/themes/icons/search_new.png HTTP/1.1" 304 -
180.152.249.82 - - [29/Apr/2020:09:21:22 +0800] "GET /xingrg/javascript/jquery_easy_ui/themes/default/images/tree_folder.gif HTTP/1.1" 304 -
180.152.249.82 - - [29/Apr/2020:09:21:22 +0800] "GET /xingrg/javascript/jquery_easy_ui/themes/icons/forms_new.png HTTP/1.1" 304 -
180.152.249.82 - - [29/Apr/2020:09:21:22 +0800] "GET /xingrg/javascript/jquery_easy_ui/themes/icons/storage_new.png HTTP/1.1" 304 -
180.152.249.82 - - [29/Apr/2020:09:21:22 +0800] "GET /xingrg/javascript/jquery_easy_ui/themes/default/images/tree_file.gif HTTP/1.1" 304 -
120.253.135.82 - - [29/Apr/2020:09:21:23 +0800] "GET /xingrg/kc/base/wldb_order_list.html HTTP/1.1" 200 19507
120.253.135.82 - - [29/Apr/2020:09:21:23 +0800] "POST /xingrg/kc/base/wldb_list_operate.html HTTP/1.1" 200 928
114.84.33.255 - - [29/Apr/2020:09:21:24 +0800] "GET /xingrg/kc/buy/cgsh_order_operate.html?command=get_materiel&rest_code=00146&code=00101008102&supplier_code=00100005&order_time=2020-04-29 HTTP/1.1" 200 413
180.152.249.82 - - [29/Apr/2020:09:21:25 +0800] "GET /xingrg/javascript/jquery_easy_ui/themes/default/images/tabs_close.gif HTTP/1.1" 304 -
180.152.249.82 - - [29/Apr/2020:09:21:25 +0800] "GET /xingrg/kc/mdqp/pssh_order_list.html HTTP/1.1" 200 17538
180.152.249.82 - - [29/Apr/2020:09:21:25 +0800] "GET /xingrg/css/base.css HTTP/1.1" 304 -
180.152.249.82 - - [29/Apr/2020:09:21:25 +0800] "GET /xingrg/javascript/jquery_tools/datebox.css HTTP/1.1" 304 -
180.152.249.82 - - [29/Apr/2020:09:21:25 +0800] "GET /xingrg/javascript/easyui/themes/default/easyui.css HTTP/1.1" 304 -
180.152.249.82 - - [29/Apr/2020:09:21:25 +0800] "GET /xingrg/css/site.css HTTP/1.1" 304 -
180.152.249.82 - - [29/Apr/2020:09:21:25 +0800] "GET /xingrg/javascript/easyui/themes/icon.css HTTP/1.1" 304 -
180.152.249.82 - - [29/Apr/2020:09:21:25 +0800] "GET /xingrg/javascript/jquery_tools/fix.css HTTP/1.1" 304 -
180.152.249.82 - - [29/Apr/2020:09:21:25 +0800] "GET /xingrg/javascript/jquery_tools/table.css HTTP/1.1" 304 -
180.152.249.82 - - [29/Apr/2020:09:21:25 +0800] "GET /xingrg/javascript/jquery_tools/jquery.tools.min.js HTTP/1.1" 304 -
180.152.249.82 - - [29/Apr/2020:09:21:25 +0800] "GET /xingrg/javascript/jquery_tools/jquery.tools.extend.js HTTP/1.1" 304 -
180.152.249.82 - - [29/Apr/2020:09:21:25 +0800] "GET /xingrg/javascript/jquery_tools/jquery.tools.hotkey.js HTTP/1.1" 304 -
180.152.249.82 - - [29/Apr/2020:09:21:25 +0800] "GET /xingrg/javascript/jquery_tools/jquery.tools.table.js HTTP/1.1" 304 -
180.152.249.82 - - [29/Apr/2020:09:21:25 +0800] "GET /xingrg/javascript/jquery_tools/list_manager.js HTTP/1.1" 304 -
180.152.249.82 - - [29/Apr/2020:09:21:25 +0800] "GET /xingrg/javascript/jquery.cookie.js HTTP/1.1" 304 -
180.152.249.82 - - [29/Apr/2020:09:21:25 +0800] "GET /xingrg/javascript/auto/jquery.autocomplete.js HTTP/1.1" 304 -
180.152.249.82 - - [29/Apr/2020:09:21:25 +0800] "GET /xingrg/javascript/easyui/easyloader.js HTTP/1.1" 304 -
180.152.249.82 - - [29/Apr/2020:09:21:25 +0800] "GET /xingrg/javascript/auto/jquery.autocomplete.css HTTP/1.1" 304 -
172.17.0.101 - - [29/Apr/2020:09:21:26 +0800] "POST /xingrg/login.do HTTP/1.1" 302 -
172.17.0.101 - - [29/Apr/2020:09:21:26 +0800] "GET /xingrg/index.html?sysBaseUrl=http%3A%2F%2F172.17.0.8%3A18081%2Fxingrg%2F&costTime=39×tamp=1588123286151 HTTP/1.1" 200 17448
180.152.249.82 - - [29/Apr/2020:09:21:26 +0800] "GET /xingrg/javascript/easyui/themes/icons/field_new.png HTTP/1.1" 304 -
180.152.249.82 - - [29/Apr/2020:09:21:26 +0800] "GET /xingrg/javascript/easyui/plugins/jquery.parser.js HTTP/1.1" 304 -
180.152.249.82 - - [29/Apr/2020:09:21:26 +0800] "GET /xingrg/images/control/ajaxLoader.gif HTTP/1.1" 304 -
180.152.249.82 - - [29/Apr/2020:09:21:26 +0800] "POST /xingrg/kc/mdqp/pssh_list_operate.html HTTP/1.1" 200 5413
180.162.232.172 - - [29/Apr/2020:09:21:27 +0800] "POST /xingrg/kc/buy/cgsh_order_operate.html HTTP/1.1" 200 37
172.17.0.101 - - [29/Apr/2020:09:21:27 +0800] "GET /favicon.ico HTTP/1.1" 404 -
172.17.0.101 - - [29/Apr/2020:09:21:28 +0800] "POST /xingrg/all/common/load_tree.html?tree=area_rest_tree_json&manage=1 HTTP/1.1" 200 3088
172.17.0.101 - - [29/Apr/2020:09:21:28 +0800] "GET /xingrg/all/function/internal_message.html?_=1588123292729&CODE_STATE=count HTTP/1.1" 200 11
172.17.0.101 - - [29/Apr/2020:09:21:28 +0800] "GET /xingrg/check_reg.html?_=1588123292730 HTTP/1.1" 200 22
172.17.0.101 - - [29/Apr/2020:09:21:29 +0800] "POST /xingrg/load_menu.html HTTP/1.1" 200 11529
222.69.136.137 - - [29/Apr/2020:09:21:29 +0800] "GET /xingrg/all/function/internal_message.html?_=1588123284696&CODE_STATE=getMsg HTTP/1.1" 200 27
222.69.136.137 - - [29/Apr/2020:09:21:29 +0800] "GET /xingrg/check_reg.html?_=1588123284697 HTTP/1.1" 200 22
180.162.232.172 - - [29/Apr/2020:09:21:31 +0800] "POST /xingrg/kc/buy/cgsh_order_operate.html HTTP/1.1" 200 12
180.162.232.172 - - [29/Apr/2020:09:21:33 +0800] "GET /xingrg/kc/buy/cgsh_order_info.html?code=212020042907956 HTTP/1.1" 200 53019
180.162.232.172 - - [29/Apr/2020:09:21:33 +0800] "GET /xingrg/javascript/easyui/themes/default/validatebox.css HTTP/1.1" 404 1104
180.162.232.172 - - [29/Apr/2020:09:21:33 +0800] "POST /xingrg/kc/buy/cgsh_order_operate.html HTTP/1.1" 200 21323
114.84.33.255 - - [29/Apr/2020:09:21:34 +0800] "GET /xingrg/kc/buy/cgsh_order_operate.html?command=get_materiel&rest_code=00146&code=00101008172&supplier_code=00100005&order_time=2020-04-29 HTTP/1.1" 200 412
180.152.249.82 - - [29/Apr/2020:09:21:34 +0800] "POST /xingrg/kc/mdqp/pssh_list_operate.html HTTP/1.1" 200 349
172.17.0.111 - - [29/Apr/2020:09:21:37 +0800] "GET /xingrg/all/function/internal_message.html?_=1588123300000&CODE_STATE=getMsg HTTP/1.1" 200 27
180.162.232.172 - - [29/Apr/2020:09:21:37 +0800] "GET /xingrg/kc/print/load_data.html?order_code=212020042907956&kc_code=cgsh&condition= HTTP/1.1" 200 8613
222.70.183.62 - - [29/Apr/2020:09:21:39 +0800] "GET /xingrg/all/function/internal_message.html?_=1588123633625&CODE_STATE=getMsg HTTP/1.1" 200 27
114.84.33.255 - - [29/Apr/2020:09:21:40 +0800] "GET /xingrg/all/function/internal_message.html?_=1588123308237&CODE_STATE=getMsg HTTP/1.1" 200 27
114.84.33.255 - - [29/Apr/2020:09:21:42 +0800] "GET /xingrg/kc/buy/cgsh_order_operate.html?command=get_materiel&rest_code=00146&code=00101008061&supplier_code=00100005&order_time=2020-04-29 HTTP/1.1" 200 422
172.17.0.240 - - [29/Apr/2020:09:21:42 +0800] "GET /xingrg/check_reg.html?_=1588123298688 HTTP/1.1" 200 22
172.17.0.123 - - [29/Apr/2020:09:21:43 +0800] "GET /xingrg/all/function/internal_message.html?_=1588123300938&CODE_STATE=getMsg HTTP/1.1" 200 27
180.152.249.82 - - [29/Apr/2020:09:21:44 +0800] "POST /xingrg/kc/mdqp/pssh_list_operate.html HTTP/1.1" 200 762
180.162.232.172 - - [29/Apr/2020:09:21:48 +0800] "GET /xingrg/kc/buy/cgsh_order_list.html HTTP/1.1" 200 42584
180.162.232.172 - - [29/Apr/2020:09:21:49 +0800] "POST /xingrg/kc/buy/cgsh_list_operate.html HTTP/1.1" 200 876
180.152.249.82 - - [29/Apr/2020:09:21:49 +0800] "POST /xingrg/kc/mdqp/pssh_list_operate.html HTTP/1.1" 200 271
114.84.33.255 - - [29/Apr/2020:09:21:49 +0800] "GET /xingrg/kc/buy/cgsh_order_operate.html?command=get_materiel&rest_code=00146&code=00101009030&supplier_code=00100005&order_time=2020-04-29 HTTP/1.1" 200 412
172.17.0.112 - - [29/Apr/2020:09:21:51 +0800] "GET /xingrg/all/function/internal_message.html?_=1588123310729&CODE_STATE=getMsg HTTP/1.1" 200 27
180.162.232.172 - - [29/Apr/2020:09:21:51 +0800] "POST /xingrg/all/user/operate.html HTTP/1.1" 200 36
58.221.95.50 - - [29/Apr/2020:09:21:52 +0800] "GET /xingrg/all/function/internal_message.html?_=1588123338275&CODE_STATE=getMsg HTTP/1.1" 302 -
58.221.95.50 - - [29/Apr/2020:09:21:52 +0800] "GET /xingrg/all/function/internal_message.html?_=1588123338305&CODE_STATE=getMsg HTTP/1.1" 302 -
180.162.232.172 - - [29/Apr/2020:09:21:52 +0800] "GET /xingrg/index.html?sysBaseUrl=http%3A%2F%2F180.169.147.146%3A18081%2Fxingrg%2F&costTime=45×tamp=1587432420649 HTTP/1.1" 200 17177
180.162.232.172 - - [29/Apr/2020:09:21:52 +0800] "GET /xingrg/javascript/jquery_easy_ui/themes/default/easyui.css HTTP/1.1" 304 -
180.162.232.172 - - [29/Apr/2020:09:21:52 +0800] "GET /xingrg/javascript/jquery_easy_ui/themes/icon.css HTTP/1.1" 304 -
180.162.232.172 - - [29/Apr/2020:09:21:52 +0800] "GET /xingrg/css/form.css HTTP/1.1" 304 -
180.162.232.172 - - [29/Apr/2020:09:21:52 +0800] "GET /xingrg/javascript/jquery-1.4.2.min.js HTTP/1.1" 304 -
180.162.232.172 - - [29/Apr/2020:09:21:52 +0800] "GET /xingrg/javascript/jquery_easy_ui/jquery.easyui.min.js HTTP/1.1" 304 -
180.162.232.172 - - [29/Apr/2020:09:21:52 +0800] "GET /xingrg/javascript/jquery_easy_ui/easyui-lang-zh_CN.js HTTP/1.1" 304 -
180.162.232.172 - - [29/Apr/2020:09:21:52 +0800] "GET /xingrg/javascript/jquery.form.js HTTP/1.1" 304 -
180.162.232.172 - - [29/Apr/2020:09:21:52 +0800] "GET /xingrg/javascript/jquery.utils.js HTTP/1.1" 304 -
180.162.232.172 - - [29/Apr/2020:09:21:52 +0800] "GET /xingrg/javascript/jquery.timers.js HTTP/1.1" 304 -
180.162.232.172 - - [29/Apr/2020:09:21:52 +0800] "GET /xingrg/images/blue/jxLogo.png HTTP/1.1" 304 -
180.162.232.172 - - [29/Apr/2020:09:21:52 +0800] "GET /xingrg/javascript/jquery_easy_ui/themes/icons/settle_new.png HTTP/1.1" 304 -
180.162.232.172 - - [29/Apr/2020:09:21:52 +0800] "GET /xingrg/images/blue/navBackgound.jpg HTTP/1.1" 304 -
114.84.33.255 - - [29/Apr/2020:09:21:52 +0800] "GET /xingrg/all/function/internal_message.html?_=1588123316382&CODE_STATE=getMsg HTTP/1.1" 200 27
180.162.232.172 - - [29/Apr/2020:09:21:52 +0800] "POST /xingrg/all/common/load_tree.html?tree=area_rest_tree_json&manage=1 HTTP/1.1" 200 476
180.162.232.172 - - [29/Apr/2020:09:21:52 +0800] "GET /xingrg/all/function/internal_message.html?_=1588123312408&CODE_STATE=count HTTP/1.1" 200 11
180.162.232.172 - - [29/Apr/2020:09:21:52 +0800] "GET /xingrg/check_reg.html?_=1588123312408 HTTP/1.1" 200 22
180.162.232.172 - - [29/Apr/2020:09:21:52 +0800] "GET /xingrg/javascript/jquery_easy_ui/themes/default/images/tabs_leftarrow.png HTTP/1.1" 304 -
180.162.232.172 - - [29/Apr/2020:09:21:52 +0800] "GET /xingrg/javascript/jquery_easy_ui/themes/default/images/tabs_rightarrow.png HTTP/1.1" 304 -
180.162.232.172 - - [29/Apr/2020:09:21:52 +0800] "GET /xingrg/javascript/jquery_easy_ui/themes/default/images/panel_tool_collapse.gif HTTP/1.1" 304 -
180.162.232.172 - - [29/Apr/2020:09:21:52 +0800] "GET /xingrg/images/blue/pingpu.png HTTP/1.1" 304 -
180.162.232.172 - - [29/Apr/2020:09:21:52 +0800] "POST /xingrg/load_menu.html HTTP/1.1" 200 5138
58.221.95.50 - - [29/Apr/2020:09:21:52 +0800] "GET /xingrg/check_reg.html?_=1588123338887 HTTP/1.1" 302 -
58.221.95.50 - - [29/Apr/2020:09:21:52 +0800] "GET /xingrg/check_reg.html?_=1588123338888 HTTP/1.1" 302 -
114.84.33.255 - - [29/Apr/2020:09:21:53 +0800] "POST /xingrg/kc/buy/cgsh_order_operate.html HTTP/1.1" 200 2065
180.162.232.172 - - [29/Apr/2020:09:21:54 +0800] "GET /xingrg/kc/buy/cgsh_order_list.html HTTP/1.1" 200 42582
180.162.232.172 - - [29/Apr/2020:09:21:55 +0800] "POST /xingrg/kc/buy/cgsh_list_operate.html HTTP/1.1" 200 2049
180.162.232.172 - - [29/Apr/2020:09:21:57 +0800] "POST /xingrg/kc/buy/cgsh_list_operate.html HTTP/1.1" 200 563
180.162.232.172 - - [29/Apr/2020:09:21:58 +0800] "GET /xingrg/kc/buy/cgsh_order_info.html?code=212020042907954 HTTP/1.1" 200 57929
114.84.33.255 - - [29/Apr/2020:09:21:58 +0800] "GET /xingrg/kc/buy/cgsh_order_operate.html?command=get_materiel&rest_code=00146&code=00101008137&supplier_code=00100005&order_time=2020-04-29 HTTP/1.1" 200 408
180.162.232.172 - - [29/Apr/2020:09:21:58 +0800] "GET /xingrg/javascript/easyui/themes/default/validatebox.css HTTP/1.1" 404 1104
180.162.232.172 - - [29/Apr/2020:09:21:58 +0800] "POST /xingrg/kc/buy/cgsh_order_operate.html HTTP/1.1" 200 8013
180.152.249.82 - - [29/Apr/2020:09:22:01 +0800] "GET /xingrg/javascript/jquery_easy_ui/themes/default/images/tabs_active.png HTTP/1.1" 304 -
180.152.249.82 - - [29/Apr/2020:09:22:04 +0800] "GET /xingrg/kc/buy/cgsh_order_list.html HTTP/1.1" 200 42578
180.152.249.82 - - [29/Apr/2020:09:22:04 +0800] "GET /xingrg/javascript/print/LodopFuncs.js HTTP/1.1" 304 -
180.152.249.82 - - [29/Apr/2020:09:22:04 +0800] "GET /xingrg/javascript/easyui/themes/icons/edit_add_new.png HTTP/1.1" 304 -
180.152.249.82 - - [29/Apr/2020:09:22:04 +0800] "GET /xingrg/javascript/easyui/themes/icons/cance_new.png HTTP/1.1" 304 -
180.152.249.82 - - [29/Apr/2020:09:22:04 +0800] "GET /xingrg/javascript/easyui/themes/icons/check_new.png HTTP/1.1" 304 -
180.152.249.82 - - [29/Apr/2020:09:22:04 +0800] "GET /xingrg/javascript/easyui/themes/icons/import_new.png HTTP/1.1" 304 -
180.152.249.82 - - [29/Apr/2020:09:22:04 +0800] "GET /xingrg/javascript/jquery_easy_ui/themes/icons/area.png HTTP/1.1" 304 -
180.152.249.82 - - [29/Apr/2020:09:22:04 +0800] "GET /xingrg/javascript/jquery_easy_ui/themes/icons/rest.png HTTP/1.1" 304 -
116.232.55.231 - - [29/Apr/2020:09:22:04 +0800] "GET /xingrg/all/function/internal_message.html?_=1588123381224&CODE_STATE=getMsg HTTP/1.1" 200 27
180.152.249.82 - - [29/Apr/2020:09:22:05 +0800] "POST /xingrg/kc/buy/cgsh_list_operate.html HTTP/1.1" 200 1704
180.152.249.82 - - [29/Apr/2020:09:22:05 +0800] "GET /xingrg/javascript/easyui/themes/default/images/button_plain_hover.png HTTP/1.1" 304 -
180.152.249.82 - - [29/Apr/2020:09:22:06 +0800] "GET /xingrg/javascript/pic_change.js HTTP/1.1" 304 -
180.152.249.82 - - [29/Apr/2020:09:22:06 +0800] "GET /xingrg/javascript/jquery_tools/order_manager.js HTTP/1.1" 304 -
180.152.249.82 - - [29/Apr/2020:09:22:06 +0800] "GET /xingrg/javascript/convert.js HTTP/1.1" 304 -
180.152.249.82 - - [29/Apr/2020:09:22:06 +0800] "GET /xingrg/javascript/json2.js HTTP/1.1" 304 -
180.152.249.82 - - [29/Apr/2020:09:22:06 +0800] "GET /xingrg/javascript/print/kc_print.js HTTP/1.1" 304 -
180.152.249.82 - - [29/Apr/2020:09:22:06 +0800] "GET /xingrg/kc/buy/cgsh_order_add.html HTTP/1.1" 200 58105
180.152.249.82 - - [29/Apr/2020:09:22:07 +0800] "GET /xingrg/words/20200428130115_words.js HTTP/1.1" 304 -
180.152.249.82 - - [29/Apr/2020:09:22:07 +0800] "GET /xingrg/javascript/easyui/themes/icons/copy_new.png HTTP/1.1" 304 -
180.152.249.82 - - [29/Apr/2020:09:22:07 +0800] "GET /xingrg/javascript/easyui/themes/icons/template_new.png HTTP/1.1" 304 -
180.152.249.82 - - [29/Apr/2020:09:22:07 +0800] "GET /xingrg/javascript/easyui/themes/icons/ok.png HTTP/1.1" 304 -
180.152.249.82 - - [29/Apr/2020:09:22:07 +0800] "GET /xingrg/javascript/easyui/themes/icons/print.png HTTP/1.1" 304 -
180.152.249.82 - - [29/Apr/2020:09:22:07 +0800] "GET /xingrg/javascript/easyui/themes/default/images/menu_downarrow.png HTTP/1.1" 304 -
180.152.249.82 - - [29/Apr/2020:09:22:07 +0800] "GET /xingrg/javascript/easyui/themes/icons/cancel.png HTTP/1.1" 304 -
180.152.249.82 - - [29/Apr/2020:09:22:07 +0800] "POST /xingrg/kc/buy/cgsh_order_operate.html HTTP/1.1" 200 8245
180.152.249.82 - - [29/Apr/2020:09:22:07 +0800] "GET /xingrg/javascript/easyui/themes/icons/edit_remove.png HTTP/1.1" 304 -
180.152.249.82 - - [29/Apr/2020:09:22:07 +0800] "GET /xingrg/all/common/auto_word.html?type=employee&rest_code=00102 HTTP/1.1" 200 189
180.152.249.82 - - [29/Apr/2020:09:22:07 +0800] "GET /xingrg/all/common/auto_word.html?type=employee&rest_code=00102 HTTP/1.1" 200 189
180.152.249.82 - - [29/Apr/2020:09:22:07 +0800] "GET /xingrg/javascript/easyui/themes/default/validatebox.css HTTP/1.1" 404 1104
180.152.249.82 - - [29/Apr/2020:09:22:07 +0800] "GET /xingrg/javascript/easyui/plugins/jquery.validatebox.js HTTP/1.1" 304 -
180.152.249.82 - - [29/Apr/2020:09:22:07 +0800] "GET /xingrg/javascript/easyui/plugins/jquery.numberbox.js HTTP/1.1" 304 -
180.152.249.82 - - [29/Apr/2020:09:22:08 +0800] "GET /xingrg/javascript/easyui/plugins/jquery.draggable.js HTTP/1.1" 304 -
180.152.249.82 - - [29/Apr/2020:09:22:08 +0800] "GET /xingrg/css/images/panel_loading.gif HTTP/1.1" 304 -
180.152.249.82 - - [29/Apr/2020:09:22:08 +0800] "GET /xingrg/javascript/easyui/plugins/jquery.droppable.js HTTP/1.1" 304 -
180.152.249.82 - - [29/Apr/2020:09:22:08 +0800] "GET /xingrg/javascript/easyui/themes/default/tree.css HTTP/1.1" 404 1090
180.152.249.82 - - [29/Apr/2020:09:22:08 +0800] "GET /xingrg/javascript/easyui/plugins/jquery.tree.js HTTP/1.1" 304 -
180.152.249.82 - - [29/Apr/2020:09:22:09 +0800] "POST /xingrg/all/common/load_tree.html?tree=supplier_tree_json&isDelete=1 HTTP/1.1" 200 47615
180.152.249.82 - - [29/Apr/2020:09:22:10 +0800] "GET /xingrg/javascript/easyui/themes/default/images/tree_arrows.gif HTTP/1.1" 304 -
180.152.249.82 - - [29/Apr/2020:09:22:11 +0800] "GET /xingrg/javascript/easyui/themes/default/images/tree_folder_open.gif HTTP/1.1" 304 -
180.152.249.82 - - [29/Apr/2020:09:22:11 +0800] "GET /xingrg/javascript/easyui/themes/default/images/tree_folder.gif HTTP/1.1" 304 -
180.152.249.82 - - [29/Apr/2020:09:22:11 +0800] "GET /xingrg/javascript/easyui/themes/default/images/tree_file.gif HTTP/1.1" 304 -
116.233.79.27 - - [29/Apr/2020:09:22:16 +0800] "GET /xingrg/all/function/internal_message.html?_=1588123337980&CODE_STATE=getMsg HTTP/1.1" 200 27
114.84.32.201 - - [29/Apr/2020:09:22:19 +0800] "GET /xingrg/all/function/internal_message.html?_=1588123337651&CODE_STATE=getMsg HTTP/1.1" 200 27
180.152.249.82 - - [29/Apr/2020:09:22:20 +0800] "GET /xingrg/javascript/auto/indicator.gif HTTP/1.1" 404 1066
180.156.150.85 - - [29/Apr/2020:09:22:21 +0800] "GET /xingrg/all/function/internal_message.html?_=1588123341163&CODE_STATE=getMsg HTTP/1.1" 200 27
180.152.249.82 - - [29/Apr/2020:09:22:22 +0800] "GET /xingrg/all/function/internal_message.html?_=1588123533941&CODE_STATE=getMsg HTTP/1.1" 200 27
114.86.190.97 - - [29/Apr/2020:09:22:22 +0800] "GET /xingrg/all/function/internal_message.html?_=1588123344878&CODE_STATE=getMsg HTTP/1.1" 200 27
180.152.249.82 - - [29/Apr/2020:09:22:24 +0800] "GET /xingrg/kc/buy/cgsh_order_operate.html?command=get_materiel&rest_code=00102&code=00101008091&supplier_code=00100008&order_time=2020-04-29 HTTP/1.1" 200 412
172.17.0.101 - - [29/Apr/2020:09:22:28 +0800] "GET /xingrg/all/function/internal_message.html?_=1588123352748&CODE_STATE=getMsg HTTP/1.1" 200 27
222.69.136.137 - - [29/Apr/2020:09:22:29 +0800] "GET /xingrg/all/function/internal_message.html?_=1588123344696&CODE_STATE=getMsg HTTP/1.1" 200 27
180.152.249.82 - - [29/Apr/2020:09:22:34 +0800] "GET /xingrg/kc/buy/cgsh_order_operate.html?command=get_materiel&rest_code=00102&code=00101008337&supplier_code=00100008&order_time=2020-04-29 HTTP/1.1" 200 408
172.17.0.111 - - [29/Apr/2020:09:22:37 +0800] "GET /xingrg/all/function/internal_message.html?_=1588123359983&CODE_STATE=getMsg HTTP/1.1" 200 27
222.70.183.62 - - [29/Apr/2020:09:22:39 +0800] "GET /xingrg/all/function/internal_message.html?_=1588123693633&CODE_STATE=getMsg HTTP/1.1" 200 27
114.84.33.255 - - [29/Apr/2020:09:22:40 +0800] "GET /xingrg/all/function/internal_message.html?_=1588123368252&CODE_STATE=getMsg HTTP/1.1" 200 27
180.152.249.82 - - [29/Apr/2020:09:22:43 +0800] "GET /xingrg/kc/buy/cgsh_order_operate.html?command=get_materiel&rest_code=00102&code=00101008350&supplier_code=00100008&order_time=2020-04-29 HTTP/1.1" 200 409
