222.69.136.137 - - [29/Apr/2020:10:41:04 +0800] "POST /xingrg/kc/buy/cgsh_order_operate.html HTTP/1.1" 200 12
222.69.136.137 - - [29/Apr/2020:10:41:05 +0800] "GET /xingrg/kc/buy/cgsh_order_info.html?code=212020042907985 HTTP/1.1" 200 53101
222.69.136.137 - - [29/Apr/2020:10:41:06 +0800] "GET /xingrg/javascript/easyui/themes/default/validatebox.css HTTP/1.1" 404 1104
222.69.136.137 - - [29/Apr/2020:10:41:06 +0800] "POST /xingrg/kc/buy/cgsh_order_operate.html HTTP/1.1" 200 37863
172.17.0.120 - - [29/Apr/2020:10:41:06 +0800] "GET /xingrg/all/function/internal_message.html?_=1588128064592&CODE_STATE=getMsg HTTP/1.1" 200 27
222.69.136.137 - - [29/Apr/2020:10:41:08 +0800] "GET /xingrg/kc/print/load_data.html?order_code=212020042907985&kc_code=cgsh&condition= HTTP/1.1" 200 14833
114.84.33.255 - - [29/Apr/2020:10:41:09 +0800] "GET /xingrg/kc/buy/cgsh_order_operate.html?command=get_materiel&rest_code=00146&code=00101002006&supplier_code=00100091&order_time=2020-04-29 HTTP/1.1" 200 414
114.84.33.255 - - [29/Apr/2020:10:41:09 +0800] "GET /xingrg/check_reg.html?_=1588128077561 HTTP/1.1" 200 22
114.86.190.97 - - [29/Apr/2020:10:41:09 +0800] "POST /xingrg/system/rest/edit_item.html HTTP/1.1" 200 4
114.86.190.97 - - [29/Apr/2020:10:41:09 +0800] "GET /xingrg/system/rest/get_item.html?table=menu&target=menu_rest&id=2090&_=1588128065931 HTTP/1.1" 200 644
114.88.159.93 - - [29/Apr/2020:10:41:11 +0800] "GET /xingrg/all/function/internal_message.html?_=1588128070687&CODE_STATE=getMsg HTTP/1.1" 200 27
114.82.213.91 - - [29/Apr/2020:10:41:14 +0800] "GET /xingrg/kc/buy/cgsh_order_operate.html?command=get_materiel&rest_code=00143&code=00101005032&supplier_code=00100179&order_time=2020-04-29 HTTP/1.1" 200 409
114.86.190.97 - - [29/Apr/2020:10:41:17 +0800] "GET /xingrg/system/rest/query_items.html?_=1588128073569&table=menu&page=1&rows=20&categoryId=&key=%25E9%259D%2592%25E5%258F%25A3%25E8%25B4%259D HTTP/1.1" 200 1182
222.70.208.105 - - [29/Apr/2020:10:41:18 +0800] "GET /xingrg/all/function/internal_message.html?_=1588128075097&CODE_STATE=getMsg HTTP/1.1" 302 -
114.84.33.255 - - [29/Apr/2020:10:41:18 +0800] "GET /xingrg/kc/buy/cgsh_order_operate.html?command=get_materiel&rest_code=00146&code=00101002034&supplier_code=00100091&order_time=2020-04-29 HTTP/1.1" 200 409
222.70.208.105 - - [29/Apr/2020:10:41:18 +0800] "GET /xingrg/all/function/internal_message.html?_=1588128075253&CODE_STATE=getMsg HTTP/1.1" 302 -
114.86.190.97 - - [29/Apr/2020:10:41:19 +0800] "GET /xingrg/system/rest/query_items.html?_=1588128075578&table=menu&page=1&rows=20&categoryId=&key=%25E9%259D%2592%25E5%258F%25A3%25E8%25B4%259D HTTP/1.1" 200 1182
114.86.190.97 - - [29/Apr/2020:10:41:19 +0800] "GET /xingrg/system/rest/get_item.html?table=menu&id=2121&_=1588128075981 HTTP/1.1" 200 943
114.86.190.97 - - [29/Apr/2020:10:41:19 +0800] "GET /xingrg/system/rest/get_item.html?table=menu&target=menu_rest&id=2121&_=1588128075992 HTTP/1.1" 200 349
114.86.190.97 - - [29/Apr/2020:10:41:19 +0800] "GET /xingrg/system/rest/get_item.html?table=menu&target=cook_mode&id=2121&_=1588128075989 HTTP/1.1" 200 4431
114.84.32.201 - - [29/Apr/2020:10:41:19 +0800] "GET /xingrg/all/function/internal_message.html?_=1588128077727&CODE_STATE=getMsg HTTP/1.1" 200 27
114.84.32.201 - - [29/Apr/2020:10:41:19 +0800] "GET /xingrg/check_reg.html?_=1588128077729 HTTP/1.1" 200 22
114.86.190.97 - - [29/Apr/2020:10:41:20 +0800] "GET /xingrg/system/rest/get_infos.html?command=menu_img_show&id=2121 HTTP/1.1" 200 5
180.156.150.85 - - [29/Apr/2020:10:41:21 +0800] "GET /xingrg/all/function/internal_message.html?_=1588128081138&CODE_STATE=getMsg HTTP/1.1" 200 27
114.86.190.97 - - [29/Apr/2020:10:41:23 +0800] "GET /xingrg/all/function/internal_message.html?_=1588128085947&CODE_STATE=getMsg HTTP/1.1" 200 27
114.86.190.97 - - [29/Apr/2020:10:41:25 +0800] "GET /xingrg/system/rest/get_item.html?table=menu&id=7174&_=1588128081718 HTTP/1.1" 200 935
114.86.190.97 - - [29/Apr/2020:10:41:25 +0800] "GET /xingrg/system/rest/get_item.html?table=menu&target=menu_rest&id=7174&_=1588128081725 HTTP/1.1" 200 57
114.86.190.97 - - [29/Apr/2020:10:41:25 +0800] "GET /xingrg/system/rest/get_item.html?table=menu&target=cook_mode&id=7174&_=1588128081724 HTTP/1.1" 200 1011
180.152.249.82 - - [29/Apr/2020:10:41:25 +0800] "GET /xingrg/check_reg.html?_=1588128277617 HTTP/1.1" 200 22
114.86.190.97 - - [29/Apr/2020:10:41:25 +0800] "GET /xingrg/system/rest/get_infos.html?command=menu_img_show&id=7174 HTTP/1.1" 200 5
172.17.0.101 - - [29/Apr/2020:10:41:29 +0800] "GET /xingrg/check_reg.html?_=1588128093060 HTTP/1.1" 200 22
172.17.0.101 - - [29/Apr/2020:10:41:29 +0800] "GET /xingrg/all/function/internal_message.html?_=1588128093057&CODE_STATE=getMsg HTTP/1.1" 200 27
183.192.164.214 - - [29/Apr/2020:10:41:30 +0800] "GET /xingrg/all/function/internal_message.html?_=1588127378650&CODE_STATE=getMsg HTTP/1.1" 302 -
114.84.33.255 - - [29/Apr/2020:10:41:33 +0800] "POST /xingrg/kc/buy/cgsh_order_operate.html HTTP/1.1" 200 37
114.84.33.255 - - [29/Apr/2020:10:41:33 +0800] "POST /xingrg/kc/buy/cgsh_order_operate.html HTTP/1.1" 200 3254
114.86.190.97 - - [29/Apr/2020:10:41:34 +0800] "POST /xingrg/system/rest/edit_item.html HTTP/1.1" 200 4
114.86.190.97 - - [29/Apr/2020:10:41:34 +0800] "GET /xingrg/system/rest/get_item.html?table=menu&id=7174&_=1588128090566 HTTP/1.1" 200 935
114.88.159.93 - - [29/Apr/2020:10:41:34 +0800] "GET /xingrg/system/rest/query_items.html?_=1588128093244&table=menu&page=1&rows=20&categoryId=&key= HTTP/1.1" 200 4722
180.152.249.82 - - [29/Apr/2020:10:41:34 +0800] "GET /xingrg/all/function/internal_message.html?_=1588128287004&CODE_STATE=getMsg HTTP/1.1" 200 27
114.84.33.255 - - [29/Apr/2020:10:41:35 +0800] "GET /xingrg/kc/print/load_data.html?order_code=212020042907992&kc_code=cgsh&condition= HTTP/1.1" 200 976
172.17.0.111 - - [29/Apr/2020:10:41:35 +0800] "GET /xingrg/all/function/internal_message.html?_=1588128098407&CODE_STATE=getMsg HTTP/1.1" 200 27
114.86.190.97 - - [29/Apr/2020:10:41:36 +0800] "GET /xingrg/all/function/internal_message.html?_=1588128092468&CODE_STATE=getMsg HTTP/1.1" 200 27
114.86.190.97 - - [29/Apr/2020:10:41:36 +0800] "GET /xingrg/system/rest/query_items.html?_=1588128092400&table=menu&page=1&rows=20&categoryId=&key=%25E9%259D%2592%25E5%258F%25A3%25E8%25B4%259D HTTP/1.1" 200 1182
183.192.164.214 - - [29/Apr/2020:10:41:37 +0800] "GET /xingrg/login.html HTTP/1.1" 200 7641
222.70.183.62 - - [29/Apr/2020:10:41:39 +0800] "GET /xingrg/all/function/internal_message.html?_=1588128433742&CODE_STATE=getMsg HTTP/1.1" 200 27
114.88.159.93 - - [29/Apr/2020:10:41:40 +0800] "GET /xingrg/system/rest/query_items.html?_=1588128099482&table=menu&page=1&rows=20&categoryId=&key= HTTP/1.1" 200 4722
172.17.0.240 - - [29/Apr/2020:10:41:41 +0800] "GET /xingrg/check_reg.html?_=1588128098282 HTTP/1.1" 200 22
114.84.33.255 - - [29/Apr/2020:10:41:41 +0800] "GET /xingrg/kc/buy/cgsh_order_add.html HTTP/1.1" 200 58199
114.84.33.255 - - [29/Apr/2020:10:41:42 +0800] "POST /xingrg/kc/buy/cgsh_order_operate.html HTTP/1.1" 200 8245
114.84.33.255 - - [29/Apr/2020:10:41:42 +0800] "GET /xingrg/all/function/internal_message.html?_=1588128111132&CODE_STATE=getMsg HTTP/1.1" 200 27
114.84.33.255 - - [29/Apr/2020:10:41:42 +0800] "GET /xingrg/javascript/easyui/themes/default/validatebox.css HTTP/1.1" 404 1104
172.17.0.123 - - [29/Apr/2020:10:41:43 +0800] "GET /xingrg/all/function/internal_message.html?_=1588128100942&CODE_STATE=getMsg HTTP/1.1" 200 27
114.88.159.93 - - [29/Apr/2020:10:41:44 +0800] "GET /xingrg/system/rest/query_items.html?_=1588128103355&table=menu&page=1&rows=20&categoryId=&key=%25E6%259D%2582%25E9%25B1%25BC HTTP/1.1" 200 1982
117.131.5.26 - - [29/Apr/2020:10:41:44 +0800] "GET /xingrg/all/function/internal_message.html?_=1588128111656&CODE_STATE=getMsg HTTP/1.1" 200 27
117.185.32.26 - - [29/Apr/2020:10:41:45 +0800] "GET /xingrg/all/function/internal_message.html?_=1588128098656&CODE_STATE=getMsg HTTP/1.1" 200 27
114.88.159.93 - - [29/Apr/2020:10:41:46 +0800] "GET /xingrg/system/rest/query_items.html?_=1588128104939&table=menu&page=1&rows=20&categoryId=&key=%25E6%259D%2582%25E9%25B1%25BC HTTP/1.1" 200 1982
114.88.159.93 - - [29/Apr/2020:10:41:48 +0800] "GET /xingrg/javascript/jquery_easy_ui/themes/default/images/button_plain_hover.png HTTP/1.1" 200 252
120.253.135.82 - - [29/Apr/2020:10:41:49 +0800] "GET /xingrg/kc/buy/cgsh_order_list.html HTTP/1.1" 200 42833
114.88.159.93 - - [29/Apr/2020:10:41:49 +0800] "GET /xingrg/system/rest/get_item.html?table=menu&id=1965&_=1588128108747 HTTP/1.1" 200 969
114.88.159.93 - - [29/Apr/2020:10:41:49 +0800] "GET /xingrg/system/rest/get_item.html?table=menu&target=menu_rest&id=1965&_=1588128108802 HTTP/1.1" 200 762
114.88.159.93 - - [29/Apr/2020:10:41:49 +0800] "GET /xingrg/system/rest/get_item.html?table=menu&target=cook_mode&id=1965&_=1588128108799 HTTP/1.1" 200 6235
114.88.159.93 - - [29/Apr/2020:10:41:49 +0800] "GET /xingrg/javascript/jquery_easy_ui/themes/default/images/panel_title.png HTTP/1.1" 200 266
114.88.159.93 - - [29/Apr/2020:10:41:49 +0800] "GET /xingrg/javascript/jquery_easy_ui/themes/default/images/panel_tools.gif HTTP/1.1" 200 737
120.253.135.82 - - [29/Apr/2020:10:41:50 +0800] "POST /xingrg/kc/buy/cgsh_list_operate.html HTTP/1.1" 200 876
58.221.95.50 - - [29/Apr/2020:10:41:50 +0800] "GET /xingrg/all/function/internal_message.html?_=1588128136467&CODE_STATE=getMsg HTTP/1.1" 200 27
58.221.95.50 - - [29/Apr/2020:10:41:50 +0800] "GET /xingrg/all/function/internal_message.html?_=1588128136511&CODE_STATE=getMsg HTTP/1.1" 200 27
58.221.95.50 - - [29/Apr/2020:10:41:50 +0800] "GET /xingrg/all/function/internal_message.html?_=1588128136750&CODE_STATE=getMsg HTTP/1.1" 200 27
114.88.159.93 - - [29/Apr/2020:10:41:51 +0800] "GET /xingrg/system/rest/get_infos.html?command=menu_img_show&id=1965 HTTP/1.1" 200 5
172.17.0.112 - - [29/Apr/2020:10:41:51 +0800] "GET /xingrg/all/function/internal_message.html?_=1588128110705&CODE_STATE=getMsg HTTP/1.1" 200 27
180.162.232.172 - - [29/Apr/2020:10:41:51 +0800] "GET /xingrg/all/function/internal_message.html?_=1588128111755&CODE_STATE=getMsg HTTP/1.1" 200 27
114.84.33.255 - - [29/Apr/2020:10:41:52 +0800] "GET /xingrg/kc/buy/cgsh_order_operate.html?command=get_materiel&rest_code=00146&code=00101005015&supplier_code=00100312&order_time=2020-04-29 HTTP/1.1" 200 409
58.221.95.50 - - [29/Apr/2020:10:41:52 +0800] "GET /xingrg/check_reg.html?_=1588128138640 HTTP/1.1" 200 22
58.221.95.50 - - [29/Apr/2020:10:41:52 +0800] "GET /xingrg/check_reg.html?_=1588128138672 HTTP/1.1" 200 22
114.82.213.91 - - [29/Apr/2020:10:41:55 +0800] "GET /xingrg/kc/buy/cgsh_order_operate.html?command=get_materiel&rest_code=00143&code=00101001111&supplier_code=00100179&order_time=2020-04-29 HTTP/1.1" 200 408
120.253.135.82 - - [29/Apr/2020:10:41:57 +0800] "GET /xingrg/all/function/internal_message.html?_=1588127867984&CODE_STATE=getMsg HTTP/1.1" 200 27
114.82.213.91 - - [29/Apr/2020:10:41:57 +0800] "GET /xingrg/all/function/internal_message.html?_=1588127182612&CODE_STATE=getMsg HTTP/1.1" 200 27
117.184.7.26 - - [29/Apr/2020:10:41:57 +0800] "POST /xingrg/kc/buy/cgsh_order_operate.html HTTP/1.1" 200 37
117.184.7.26 - - [29/Apr/2020:10:41:58 +0800] "POST /xingrg/kc/buy/cgsh_order_operate.html HTTP/1.1" 200 3826
114.84.33.255 - - [29/Apr/2020:10:41:58 +0800] "GET /xingrg/all/function/internal_message.html?_=1588128122897&CODE_STATE=getMsg HTTP/1.1" 200 27
117.184.7.26 - - [29/Apr/2020:10:42:00 +0800] "GET /xingrg/kc/print/load_data.html?order_code=212020042907993&kc_code=cgsh&condition= HTTP/1.1" 200 1172
117.184.7.26 - - [29/Apr/2020:10:42:01 +0800] "GET /xingrg/all/function/internal_message.html?_=1588128115606&CODE_STATE=getMsg HTTP/1.1" 200 27
222.69.136.137 - - [29/Apr/2020:10:42:01 +0800] "GET /xingrg/all/function/internal_message.html?_=1588128116212&CODE_STATE=getMsg HTTP/1.1" 200 27
114.84.33.255 - - [29/Apr/2020:10:42:03 +0800] "POST /xingrg/kc/buy/cgsh_order_operate.html HTTP/1.1" 200 37
124.77.110.230 - - [29/Apr/2020:10:42:03 +0800] "GET /xingrg/check_reg.html?_=1588127352831 HTTP/1.1" 200 22
124.77.110.230 - - [29/Apr/2020:10:42:04 +0800] "GET /xingrg/all/function/internal_message.html?_=1588127353383&CODE_STATE=getMsg HTTP/1.1" 200 27
114.84.33.255 - - [29/Apr/2020:10:42:04 +0800] "POST /xingrg/kc/buy/cgsh_order_operate.html HTTP/1.1" 200 2656
114.84.33.255 - - [29/Apr/2020:10:42:06 +0800] "GET /xingrg/kc/print/load_data.html?order_code=212020042907994&kc_code=cgsh&condition= HTTP/1.1" 200 684
172.17.0.120 - - [29/Apr/2020:10:42:06 +0800] "GET /xingrg/all/function/internal_message.html?_=1588128124596&CODE_STATE=getMsg HTTP/1.1" 200 27
172.17.0.120 - - [29/Apr/2020:10:42:06 +0800] "GET /xingrg/check_reg.html?_=1588128124600 HTTP/1.1" 200 22
117.184.7.26 - - [29/Apr/2020:10:42:07 +0800] "GET /xingrg/kc/buy/cgsh_order_add.html HTTP/1.1" 200 58152
117.184.7.26 - - [29/Apr/2020:10:42:07 +0800] "POST /xingrg/kc/buy/cgsh_order_operate.html HTTP/1.1" 200 8245
117.184.7.30 - - [29/Apr/2020:10:42:07 +0800] "GET /xingrg/javascript/easyui/themes/default/validatebox.css HTTP/1.1" 404 1104
114.88.159.93 - - [29/Apr/2020:10:42:11 +0800] "GET /xingrg/all/function/internal_message.html?_=1588128130688&CODE_STATE=getMsg HTTP/1.1" 200 27
114.88.159.93 - - [29/Apr/2020:10:42:12 +0800] "GET /xingrg/system/rest/get_item.html?table=menu&target=menu_rest_detail&id=1965&sid=11&_=1588128130962 HTTP/1.1" 200 426
114.84.33.255 - - [29/Apr/2020:10:42:15 +0800] "GET /xingrg/kc/buy/cgsh_order_add.html HTTP/1.1" 200 58199
114.84.33.255 - - [29/Apr/2020:10:42:16 +0800] "POST /xingrg/kc/buy/cgsh_order_operate.html HTTP/1.1" 200 8245
114.84.33.255 - - [29/Apr/2020:10:42:16 +0800] "GET /xingrg/javascript/easyui/themes/default/validatebox.css HTTP/1.1" 404 1104
114.88.159.93 - - [29/Apr/2020:10:42:16 +0800] "POST /xingrg/system/rest/edit_item.html HTTP/1.1" 200 4
114.88.159.93 - - [29/Apr/2020:10:42:16 +0800] "GET /xingrg/system/rest/get_item.html?table=menu&target=menu_rest&id=1965&_=1588128135242 HTTP/1.1" 200 762
222.70.208.105 - - [29/Apr/2020:10:42:18 +0800] "GET /xingrg/all/function/internal_message.html?_=1588128135067&CODE_STATE=getMsg HTTP/1.1" 302 -
222.70.208.105 - - [29/Apr/2020:10:42:18 +0800] "GET /xingrg/all/function/internal_message.html?_=1588128135222&CODE_STATE=getMsg HTTP/1.1" 302 -
114.84.32.201 - - [29/Apr/2020:10:42:19 +0800] "GET /xingrg/all/function/internal_message.html?_=1588128137727&CODE_STATE=getMsg HTTP/1.1" 200 27
180.156.150.85 - - [29/Apr/2020:10:42:21 +0800] "GET /xingrg/all/function/internal_message.html?_=1588128141113&CODE_STATE=getMsg HTTP/1.1" 200 27
114.86.190.97 - - [29/Apr/2020:10:42:23 +0800] "GET /xingrg/all/function/internal_message.html?_=1588128145965&CODE_STATE=getMsg HTTP/1.1" 200 27
114.88.159.93 - - [29/Apr/2020:10:42:23 +0800] "GET /xingrg/system/rest/query_items.html?_=1588128142339&table=menu&page=1&rows=20&categoryId=&key=%25E8%258A%25B1%25E8%259E%25BA HTTP/1.1" 200 1050
114.88.159.93 - - [29/Apr/2020:10:42:25 +0800] "GET /xingrg/system/rest/query_items.html?_=1588128144556&table=menu&page=1&rows=20&categoryId=&key=%25E8%258A%25B1%25E8%259E%25BA HTTP/1.1" 200 1050
114.88.159.93 - - [29/Apr/2020:10:42:26 +0800] "GET /xingrg/system/rest/get_item.html?table=menu&id=2054&_=1588128145168 HTTP/1.1" 200 1006
114.88.159.93 - - [29/Apr/2020:10:42:26 +0800] "GET /xingrg/system/rest/get_item.html?table=menu&target=menu_rest&id=2054&_=1588128145197 HTTP/1.1" 200 868
114.88.159.93 - - [29/Apr/2020:10:42:26 +0800] "GET /xingrg/system/rest/get_item.html?table=menu&target=cook_mode&id=2054&_=1588128145196 HTTP/1.1" 200 10645
114.88.159.93 - - [29/Apr/2020:10:42:27 +0800] "GET /xingrg/system/rest/get_infos.html?command=menu_img_show&id=2054 HTTP/1.1" 200 5
114.88.159.93 - - [29/Apr/2020:10:42:28 +0800] "GET /xingrg/system/rest/get_item.html?table=menu&target=menu_rest_detail&id=2054&sid=11&_=1588128147448 HTTP/1.1" 200 427
172.17.0.101 - - [29/Apr/2020:10:42:29 +0800] "GET /xingrg/all/function/internal_message.html?_=1588128153061&CODE_STATE=getMsg HTTP/1.1" 200 27
114.84.33.255 - - [29/Apr/2020:10:42:30 +0800] "GET /xingrg/kc/buy/cgsh_order_operate.html?command=get_materiel&rest_code=00146&code=00101007077&supplier_code=00100328&order_time=2020-04-29 HTTP/1.1" 200 436
117.131.5.26 - - [29/Apr/2020:10:42:31 +0800] "GET /xingrg/check_reg.html?_=1588128158125 HTTP/1.1" 200 22
114.88.159.93 - - [29/Apr/2020:10:42:32 +0800] "POST /xingrg/system/rest/edit_item.html HTTP/1.1" 200 4
114.88.159.93 - - [29/Apr/2020:10:42:32 +0800] "GET /xingrg/system/rest/get_item.html?table=menu&target=menu_rest&id=2054&_=1588128151052 HTTP/1.1" 200 868
180.152.249.82 - - [29/Apr/2020:10:42:34 +0800] "GET /xingrg/all/function/internal_message.html?_=1588128347018&CODE_STATE=getMsg HTTP/1.1" 200 27
172.17.0.111 - - [29/Apr/2020:10:42:35 +0800] "GET /xingrg/all/function/internal_message.html?_=1588128158397&CODE_STATE=getMsg HTTP/1.1" 200 27
114.86.190.97 - - [29/Apr/2020:10:42:36 +0800] "GET /xingrg/all/function/internal_message.html?_=1588128152467&CODE_STATE=getMsg HTTP/1.1" 200 27
114.88.159.93 - - [29/Apr/2020:10:42:36 +0800] "GET /xingrg/system/rest/query_items.html?_=1588128155034&table=menu&page=1&rows=20&categoryId=&key=%25E8%2586%258F%25E8%259F%25B9 HTTP/1.1" 200 1490
114.88.159.93 - - [29/Apr/2020:10:42:37 +0800] "GET /xingrg/system/rest/query_items.html?_=1588128156187&table=menu&page=1&rows=20&categoryId=&key=%25E8%2586%258F%25E8%259F%25B9 HTTP/1.1" 200 1490
222.70.183.62 - - [29/Apr/2020:10:42:39 +0800] "GET /xingrg/all/function/internal_message.html?_=1588128493730&CODE_STATE=getMsg HTTP/1.1" 200 27
114.88.159.93 - - [29/Apr/2020:10:42:40 +0800] "GET /xingrg/system/rest/get_item.html?table=menu&id=2013&_=1588128159010 HTTP/1.1" 200 970
114.88.159.93 - - [29/Apr/2020:10:42:40 +0800] "GET /xingrg/system/rest/get_item.html?table=menu&target=menu_rest&id=2013&_=1588128159056 HTTP/1.1" 200 780
114.88.159.93 - - [29/Apr/2020:10:42:40 +0800] "GET /xingrg/system/rest/get_item.html?table=menu&target=cook_mode&id=2013&_=1588128159053 HTTP/1.1" 200 15971
114.84.33.255 - - [29/Apr/2020:10:42:40 +0800] "POST /xingrg/kc/buy/cgsh_order_operate.html HTTP/1.1" 200 37
114.84.33.255 - - [29/Apr/2020:10:42:41 +0800] "POST /xingrg/kc/buy/cgsh_order_operate.html HTTP/1.1" 200 2660
114.88.159.93 - - [29/Apr/2020:10:42:41 +0800] "GET /xingrg/system/rest/get_infos.html?command=menu_img_show&id=2013 HTTP/1.1" 200 5
117.184.7.26 - - [29/Apr/2020:10:42:41 +0800] "GET /xingrg/kc/buy/cgsh_order_operate.html?command=get_materiel&rest_code=00108&code=00101001075&supplier_code=00100044&order_time=2020-04-29 HTTP/1.1" 200 409
114.84.33.255 - - [29/Apr/2020:10:42:42 +0800] "GET /xingrg/kc/print/load_data.html?order_code=212020042907995&kc_code=cgsh&condition= HTTP/1.1" 200 688
114.84.33.255 - - [29/Apr/2020:10:42:42 +0800] "GET /xingrg/all/function/internal_message.html?_=1588128171146&CODE_STATE=getMsg HTTP/1.1" 200 27
120.253.135.82 - - [29/Apr/2020:10:42:43 +0800] "GET /xingrg/kc/buy/cgsh_order_list.html HTTP/1.1" 200 42833
172.17.0.123 - - [29/Apr/2020:10:42:43 +0800] "GET /xingrg/all/function/internal_message.html?_=1588128160928&CODE_STATE=getMsg HTTP/1.1" 200 27
120.253.135.82 - - [29/Apr/2020:10:42:43 +0800] "POST /xingrg/kc/buy/cgsh_list_operate.html HTTP/1.1" 200 876
114.88.159.93 - - [29/Apr/2020:10:42:43 +0800] "GET /xingrg/system/rest/get_item.html?table=menu&target=menu_rest_detail&id=2013&sid=11&_=1588128162477 HTTP/1.1" 200 429
117.131.5.26 - - [29/Apr/2020:10:42:44 +0800] "GET /xingrg/all/function/internal_message.html?_=1588128171656&CODE_STATE=getMsg HTTP/1.1" 200 27
117.185.32.26 - - [29/Apr/2020:10:42:45 +0800] "GET /xingrg/check_reg.html?_=1588128158656 HTTP/1.1" 200 22
117.185.32.26 - - [29/Apr/2020:10:42:45 +0800] "GET /xingrg/all/function/internal_message.html?_=1588128158659&CODE_STATE=getMsg HTTP/1.1" 200 27
114.88.159.93 - - [29/Apr/2020:10:42:47 +0800] "POST /xingrg/system/rest/edit_item.html HTTP/1.1" 200 4
114.88.159.93 - - [29/Apr/2020:10:42:47 +0800] "GET /xingrg/system/rest/get_item.html?table=menu&target=menu_rest&id=2013&_=1588128166550 HTTP/1.1" 200 780
114.84.33.255 - - [29/Apr/2020:10:42:49 +0800] "GET /xingrg/kc/buy/cgsh_order_add.html HTTP/1.1" 200 58199
58.221.95.50 - - [29/Apr/2020:10:42:50 +0800] "GET /xingrg/all/function/internal_message.html?_=1588128196442&CODE_STATE=getMsg HTTP/1.1" 200 27
120.253.135.82 - - [29/Apr/2020:10:42:50 +0800] "GET /xingrg/kc/buy/cgsh_order_list.html HTTP/1.1" 200 42833
58.221.95.50 - - [29/Apr/2020:10:42:50 +0800] "GET /xingrg/all/function/internal_message.html?_=1588128196488&CODE_STATE=getMsg HTTP/1.1" 200 27
114.84.33.255 - - [29/Apr/2020:10:42:50 +0800] "POST /xingrg/kc/buy/cgsh_order_operate.html HTTP/1.1" 200 8245
58.221.95.50 - - [29/Apr/2020:10:42:50 +0800] "GET /xingrg/all/function/internal_message.html?_=1588128196751&CODE_STATE=getMsg HTTP/1.1" 200 27
114.84.33.255 - - [29/Apr/2020:10:42:50 +0800] "GET /xingrg/javascript/easyui/themes/default/validatebox.css HTTP/1.1" 404 1104
120.253.135.82 - - [29/Apr/2020:10:42:50 +0800] "POST /xingrg/kc/buy/cgsh_list_operate.html HTTP/1.1" 200 876
172.17.0.112 - - [29/Apr/2020:10:42:51 +0800] "GET /xingrg/all/function/internal_message.html?_=1588128170697&CODE_STATE=getMsg HTTP/1.1" 200 27
180.162.232.172 - - [29/Apr/2020:10:42:51 +0800] "GET /xingrg/all/function/internal_message.html?_=1588128171753&CODE_STATE=getMsg HTTP/1.1" 200 27
120.253.135.82 - - [29/Apr/2020:10:42:52 +0800] "GET /xingrg/kc/buy/cgsh_order_add.html HTTP/1.1" 200 57288
120.253.135.82 - - [29/Apr/2020:10:42:52 +0800] "GET /xingrg/javascript/easyui/themes/icons/template_new.png HTTP/1.1" 200 3956
120.253.135.82 - - [29/Apr/2020:10:42:52 +0800] "GET /xingrg/javascript/easyui/themes/icons/ok.png HTTP/1.1" 200 883
120.253.135.82 - - [29/Apr/2020:10:42:52 +0800] "POST /xingrg/kc/buy/cgsh_order_operate.html HTTP/1.1" 200 8245
114.88.159.93 - - [29/Apr/2020:10:42:52 +0800] "GET /xingrg/system/rest/query_items.html?_=1588128171562&table=menu&page=1&rows=20&categoryId=&key=%25E6%25AF%258D%25E5%258D%25B7 HTTP/1.1" 200 3686
120.253.135.82 - - [29/Apr/2020:10:42:52 +0800] "GET /xingrg/all/common/auto_word.html?type=employee&rest_code=00101 HTTP/1.1" 200 1123
120.253.135.82 - - [29/Apr/2020:10:42:52 +0800] "GET /xingrg/all/common/auto_word.html?type=employee&rest_code=00101 HTTP/1.1" 200 1123
120.253.135.82 - - [29/Apr/2020:10:42:52 +0800] "GET /xingrg/javascript/easyui/themes/default/validatebox.css HTTP/1.1" 404 1104
117.184.7.26 - - [29/Apr/2020:10:42:53 +0800] "GET /xingrg/kc/buy/cgsh_order_operate.html?command=get_materiel&rest_code=00108&code=00101001111&supplier_code=00100044&order_time=2020-04-29 HTTP/1.1" 200 408
114.88.159.93 - - [29/Apr/2020:10:42:54 +0800] "GET /xingrg/system/rest/query_items.html?_=1588128173615&table=menu&page=1&rows=20&categoryId=&key=%25E6%25AF%258D%25E5%258D%25B7 HTTP/1.1" 200 3686
114.88.159.93 - - [29/Apr/2020:10:42:55 +0800] "GET /xingrg/system/rest/get_item.html?table=menu&id=2084&_=1588128174822 HTTP/1.1" 200 971
114.88.159.93 - - [29/Apr/2020:10:42:55 +0800] "GET /xingrg/system/rest/get_item.html?table=menu&target=menu_rest&id=2084&_=1588128174850 HTTP/1.1" 200 1236
114.88.159.93 - - [29/Apr/2020:10:42:55 +0800] "GET /xingrg/system/rest/get_item.html?table=menu&target=cook_mode&id=2084&_=1588128174848 HTTP/1.1" 200 9370
114.88.159.93 - - [29/Apr/2020:10:42:56 +0800] "GET /xingrg/system/rest/get_infos.html?command=menu_img_show&id=2084 HTTP/1.1" 200 5
120.253.135.82 - - [29/Apr/2020:10:42:57 +0800] "GET /xingrg/all/function/internal_message.html?_=1588127927997&CODE_STATE=getMsg HTTP/1.1" 200 27
114.82.213.91 - - [29/Apr/2020:10:42:57 +0800] "GET /xingrg/all/function/internal_message.html?_=1588127242614&CODE_STATE=getMsg HTTP/1.1" 200 27
120.253.135.82 - - [29/Apr/2020:10:42:57 +0800] "POST /xingrg/all/common/load_combo.html?type=employee HTTP/1.1" 200 2013
114.84.33.255 - - [29/Apr/2020:10:42:58 +0800] "GET /xingrg/all/function/internal_message.html?_=1588128182911&CODE_STATE=getMsg HTTP/1.1" 200 27
114.88.159.93 - - [29/Apr/2020:10:42:58 +0800] "GET /xingrg/system/rest/get_item.html?table=menu&target=menu_rest_detail&id=2084&sid=11&_=1588128177878 HTTP/1.1" 200 426
114.84.33.255 - - [29/Apr/2020:10:43:00 +0800] "GET /xingrg/kc/buy/cgsh_order_operate.html?command=get_materiel&rest_code=00146&code=00101003004&supplier_code=00100093&order_time=2020-04-29 HTTP/1.1" 200 421
222.69.136.137 - - [29/Apr/2020:10:43:01 +0800] "GET /xingrg/all/function/internal_message.html?_=1588128176189&CODE_STATE=getMsg HTTP/1.1" 200 27
117.184.7.30 - - [29/Apr/2020:10:43:01 +0800] "GET /xingrg/check_reg.html?_=1588128175622 HTTP/1.1" 200 22
117.184.7.30 - - [29/Apr/2020:10:43:01 +0800] "GET /xingrg/all/function/internal_message.html?_=1588128175621&CODE_STATE=getMsg HTTP/1.1" 200 27
117.184.7.26 - - [29/Apr/2020:10:43:01 +0800] "GET /xingrg/kc/buy/cgsh_order_operate.html?command=get_materiel&rest_code=00108&code=00101001010&supplier_code=00100044&order_time=2020-04-29 HTTP/1.1" 200 408
114.88.159.93 - - [29/Apr/2020:10:43:01 +0800] "POST /xingrg/system/rest/edit_item.html HTTP/1.1" 200 4
114.88.159.93 - - [29/Apr/2020:10:43:01 +0800] "GET /xingrg/system/rest/get_item.html?table=menu&target=menu_rest&id=2084&_=1588128180734 HTTP/1.1" 200 1236
124.77.110.230 - - [29/Apr/2020:10:43:04 +0800] "GET /xingrg/all/function/internal_message.html?_=1588127413394&CODE_STATE=getMsg HTTP/1.1" 200 27
120.253.135.82 - - [29/Apr/2020:10:43:06 +0800] "GET /xingrg/kc/buy/cgsh_order_operate.html?command=get_materiel&rest_code=00101&code=00102002389&supplier_code=00100151&order_time=2020-04-29 HTTP/1.1" 200 432
114.88.159.93 - - [29/Apr/2020:10:43:06 +0800] "GET /xingrg/system/rest/query_items.html?_=1588128185503&table=menu&page=1&rows=20&categoryId=&key=%25E5%25B8%25A6%25E9%25B1%25BC HTTP/1.1" 200 2837
172.17.0.120 - - [29/Apr/2020:10:43:06 +0800] "GET /xingrg/all/function/internal_message.html?_=1588128184605&CODE_STATE=getMsg HTTP/1.1" 200 27
114.82.213.91 - - [29/Apr/2020:10:43:07 +0800] "POST /xingrg/kc/buy/cgsh_order_operate.html HTTP/1.1" 200 37
114.88.159.93 - - [29/Apr/2020:10:43:08 +0800] "GET /xingrg/system/rest/query_items.html?_=1588128187269&table=menu&page=1&rows=20&categoryId=&key=%25E5%25B8%25A6%25E9%25B1%25BC HTTP/1.1" 200 2837
114.82.213.91 - - [29/Apr/2020:10:43:08 +0800] "POST /xingrg/kc/buy/cgsh_order_operate.html HTTP/1.1" 200 12
114.88.159.93 - - [29/Apr/2020:10:43:09 +0800] "GET /xingrg/system/rest/get_item.html?table=menu&id=1932&_=1588128188233 HTTP/1.1" 200 937
114.88.159.93 - - [29/Apr/2020:10:43:09 +0800] "GET /xingrg/system/rest/get_item.html?table=menu&target=menu_rest&id=1932&_=1588128188273 HTTP/1.1" 200 756
114.88.159.93 - - [29/Apr/2020:10:43:09 +0800] "GET /xingrg/system/rest/get_item.html?table=menu&target=cook_mode&id=1932&_=1588128188269 HTTP/1.1" 200 15037
114.82.213.91 - - [29/Apr/2020:10:43:09 +0800] "GET /xingrg/kc/buy/cgsh_order_info.html?code=212020042907996 HTTP/1.1" 200 52299
114.82.213.91 - - [29/Apr/2020:10:43:10 +0800] "GET /xingrg/javascript/easyui/themes/default/validatebox.css HTTP/1.1" 404 1104
114.82.213.91 - - [29/Apr/2020:10:43:10 +0800] "POST /xingrg/kc/buy/cgsh_order_operate.html HTTP/1.1" 200 1781
114.88.159.93 - - [29/Apr/2020:10:43:10 +0800] "GET /xingrg/system/rest/get_infos.html?command=menu_img_show&id=1932 HTTP/1.1" 200 5
114.88.159.93 - - [29/Apr/2020:10:43:11 +0800] "GET /xingrg/all/function/internal_message.html?_=1588128190686&CODE_STATE=getMsg HTTP/1.1" 200 27
117.184.7.26 - - [29/Apr/2020:10:43:12 +0800] "POST /xingrg/kc/buy/cgsh_order_operate.html HTTP/1.1" 200 37
114.88.159.93 - - [29/Apr/2020:10:43:12 +0800] "GET /xingrg/system/rest/get_item.html?table=menu&target=menu_rest_detail&id=1932&sid=11&_=1588128191335 HTTP/1.1" 200 426
117.184.7.26 - - [29/Apr/2020:10:43:12 +0800] "POST /xingrg/kc/buy/cgsh_order_operate.html HTTP/1.1" 200 3240
114.82.213.91 - - [29/Apr/2020:10:43:14 +0800] "GET /xingrg/kc/print/load_config.html?kc_code=cgsh HTTP/1.1" 200 1845
114.82.213.91 - - [29/Apr/2020:10:43:14 +0800] "GET /xingrg/kc/print/load_data.html?order_code=212020042907996&kc_code=cgsh&condition= HTTP/1.1" 200 1210
114.88.159.93 - - [29/Apr/2020:10:43:15 +0800] "POST /xingrg/system/rest/edit_item.html HTTP/1.1" 200 4
114.88.159.93 - - [29/Apr/2020:10:43:15 +0800] "GET /xingrg/system/rest/get_item.html?table=menu&target=menu_rest&id=1932&_=1588128194092 HTTP/1.1" 200 756
114.84.33.255 - - [29/Apr/2020:10:43:17 +0800] "POST /xingrg/kc/buy/cgsh_order_operate.html HTTP/1.1" 200 37
114.84.33.255 - - [29/Apr/2020:10:43:18 +0800] "POST /xingrg/kc/buy/cgsh_order_operate.html HTTP/1.1" 200 2670
222.70.208.105 - - [29/Apr/2020:10:43:18 +0800] "GET /xingrg/all/function/internal_message.html?_=1588128195038&CODE_STATE=getMsg HTTP/1.1" 302 -
222.70.208.105 - - [29/Apr/2020:10:43:18 +0800] "GET /xingrg/all/function/internal_message.html?_=1588128195208&CODE_STATE=getMsg HTTP/1.1" 302 -
114.84.32.201 - - [29/Apr/2020:10:43:19 +0800] "GET /xingrg/all/function/internal_message.html?_=1588128197723&CODE_STATE=getMsg HTTP/1.1" 200 27
114.84.33.255 - - [29/Apr/2020:10:43:20 +0800] "GET /xingrg/kc/print/load_data.html?order_code=212020042907998&kc_code=cgsh&condition= HTTP/1.1" 200 744
114.88.159.93 - - [29/Apr/2020:10:43:20 +0800] "GET /xingrg/system/rest/query_items.html?_=1588128199336&table=menu&page=1&rows=20&categoryId=&key=%25E5%25B0%258F%25E7%2599%25BD HTTP/1.1" 200 1684
180.156.150.85 - - [29/Apr/2020:10:43:21 +0800] "GET /xingrg/all/function/internal_message.html?_=1588128201085&CODE_STATE=getMsg HTTP/1.1" 200 27
114.88.159.93 - - [29/Apr/2020:10:43:21 +0800] "GET /xingrg/system/rest/query_items.html?_=1588128200765&table=menu&page=1&rows=20&categoryId=&key=%25E5%25B0%258F%25E7%2599%25BD HTTP/1.1" 200 1684
180.156.150.85 - - [29/Apr/2020:10:43:21 +0800] "GET /xingrg/check_reg.html?_=1588128201295 HTTP/1.1" 200 22
114.86.190.97 - - [29/Apr/2020:10:43:23 +0800] "GET /xingrg/all/function/internal_message.html?_=1588128205974&CODE_STATE=getMsg HTTP/1.1" 200 27
114.88.159.93 - - [29/Apr/2020:10:43:24 +0800] "GET /xingrg/system/rest/get_item.html?table=menu&id=1931&_=1588128203102 HTTP/1.1" 200 944
114.88.159.93 - - [29/Apr/2020:10:43:24 +0800] "GET /xingrg/system/rest/get_item.html?table=menu&target=menu_rest&id=1931&_=1588128203126 HTTP/1.1" 200 981
114.88.159.93 - - [29/Apr/2020:10:43:24 +0800] "GET /xingrg/system/rest/get_item.html?table=menu&target=cook_mode&id=1931&_=1588128203124 HTTP/1.1" 200 17346
120.253.135.82 - - [29/Apr/2020:10:43:25 +0800] "GET /xingrg/kc/buy/cgsh_order_operate.html?command=get_materiel&rest_code=00101&code=00102001009&supplier_code=00100151&order_time=2020-04-29 HTTP/1.1" 200 438
114.88.159.93 - - [29/Apr/2020:10:43:25 +0800] "GET /xingrg/system/rest/get_infos.html?command=menu_img_show&id=1931 HTTP/1.1" 200 5
114.88.159.93 - - [29/Apr/2020:10:43:26 +0800] "GET /xingrg/system/rest/get_item.html?table=menu&target=menu_rest_detail&id=1931&sid=11&_=1588128205380 HTTP/1.1" 200 441
114.84.33.255 - - [29/Apr/2020:10:43:27 +0800] "GET /xingrg/kc/buy/cgsh_order_add.html HTTP/1.1" 200 58199
114.84.32.201 - - [29/Apr/2020:10:43:28 +0800] "GET /xingrg/index.html?sysBaseUrl=http%3A%2F%2F180.169.147.146%3A18081%2Fxingrg%2F&costTime=38×tamp=1588042878141 HTTP/1.1" 200 17419
114.84.33.255 - - [29/Apr/2020:10:43:28 +0800] "POST /xingrg/kc/buy/cgsh_order_operate.html HTTP/1.1" 200 8245
114.84.33.255 - - [29/Apr/2020:10:43:28 +0800] "GET /xingrg/javascript/easyui/themes/default/validatebox.css HTTP/1.1" 404 1104
172.17.0.101 - - [29/Apr/2020:10:43:29 +0800] "GET /xingrg/all/function/internal_message.html?_=1588128213073&CODE_STATE=getMsg HTTP/1.1" 200 27
114.88.159.93 - - [29/Apr/2020:10:43:29 +0800] "POST /xingrg/system/rest/edit_item.html HTTP/1.1" 200 4
114.88.159.93 - - [29/Apr/2020:10:43:29 +0800] "GET /xingrg/system/rest/get_item.html?table=menu&target=menu_rest&id=1931&_=1588128208194 HTTP/1.1" 200 981
114.88.159.93 - - [29/Apr/2020:10:43:34 +0800] "GET /xingrg/system/rest/query_items.html?_=1588128213025&table=menu&page=1&rows=20&categoryId=&key=%25E6%25A2%2585%25E5%25AD%2590%25E9%25B1%25BC HTTP/1.1" 200 325
180.152.249.82 - - [29/Apr/2020:10:43:35 +0800] "GET /xingrg/all/function/internal_message.html?_=1588128407577&CODE_STATE=getMsg HTTP/1.1" 200 27
120.253.135.82 - - [29/Apr/2020:10:43:35 +0800] "POST /xingrg/kc/buy/cgsh_order_operate.html HTTP/1.1" 200 37
114.88.159.93 - - [29/Apr/2020:10:43:35 +0800] "GET /xingrg/system/rest/query_items.html?_=1588128214456&table=menu&page=1&rows=20&categoryId=&key=%25E6%25A2%2585%25E5%25AD%2590%25E9%25B1%25BC HTTP/1.1" 200 325
172.17.0.111 - - [29/Apr/2020:10:43:35 +0800] "GET /xingrg/all/function/internal_message.html?_=1588128218372&CODE_STATE=getMsg HTTP/1.1" 200 27
114.86.190.97 - - [29/Apr/2020:10:43:36 +0800] "GET /xingrg/all/function/internal_message.html?_=1588128212466&CODE_STATE=getMsg HTTP/1.1" 200 27
114.86.190.97 - - [29/Apr/2020:10:43:36 +0800] "GET /xingrg/check_reg.html?_=1588128212471 HTTP/1.1" 200 22
114.84.33.255 - - [29/Apr/2020:10:43:36 +0800] "GET /xingrg/kc/buy/cgsh_order_operate.html?command=get_materiel&rest_code=00146&code=00101001140&supplier_code=00100090&order_time=2020-04-29 HTTP/1.1" 200 435
114.88.159.93 - - [29/Apr/2020:10:43:36 +0800] "GET /xingrg/system/rest/get_item.html?table=menu&id=1954&_=1588128215056 HTTP/1.1" 200 1026
114.88.159.93 - - [29/Apr/2020:10:43:36 +0800] "GET /xingrg/system/rest/get_item.html?table=menu&target=menu_rest&id=1954&_=1588128215085 HTTP/1.1" 200 1157
114.88.159.93 - - [29/Apr/2020:10:43:36 +0800] "GET /xingrg/system/rest/get_item.html?table=menu&target=cook_mode&id=1954&_=1588128215082 HTTP/1.1" 200 6954
120.253.135.82 - - [29/Apr/2020:10:43:36 +0800] "POST /xingrg/kc/buy/cgsh_order_operate.html HTTP/1.1" 200 3265
114.88.159.93 - - [29/Apr/2020:10:43:37 +0800] "GET /xingrg/system/rest/get_infos.html?command=menu_img_show&id=1954 HTTP/1.1" 200 5
114.88.159.93 - - [29/Apr/2020:10:43:38 +0800] "GET /xingrg/system/rest/get_item.html?table=menu&target=menu_rest_detail&id=1954&sid=8&_=1588128217352 HTTP/1.1" 200 419
114.88.159.93 - - [29/Apr/2020:10:43:38 +0800] "GET /xingrg/system/rest/get_item.html?table=menu&target=menu_rest_detail&id=1954&sid=11&_=1588128217893 HTTP/1.1" 200 426
117.184.7.26 - - [29/Apr/2020:10:43:39 +0800] "GET /xingrg/kc/buy/cgsh_order_add.html HTTP/1.1" 200 58152
117.184.7.26 - - [29/Apr/2020:10:43:39 +0800] "POST /xingrg/kc/buy/cgsh_order_operate.html HTTP/1.1" 200 8245
222.70.183.62 - - [29/Apr/2020:10:43:39 +0800] "GET /xingrg/all/function/internal_message.html?_=1588128553730&CODE_STATE=getMsg HTTP/1.1" 200 27
117.184.7.30 - - [29/Apr/2020:10:43:39 +0800] "GET /xingrg/javascript/easyui/themes/default/validatebox.css HTTP/1.1" 404 1104
114.88.159.93 - - [29/Apr/2020:10:43:41 +0800] "POST /xingrg/system/rest/edit_item.html HTTP/1.1" 200 4
114.88.159.93 - - [29/Apr/2020:10:43:42 +0800] "GET /xingrg/system/rest/get_item.html?table=menu&target=menu_rest&id=1954&_=1588128220924 HTTP/1.1" 200 1157
114.84.33.255 - - [29/Apr/2020:10:43:42 +0800] "GET /xingrg/all/function/internal_message.html?_=1588128231232&CODE_STATE=getMsg HTTP/1.1" 200 27
172.17.0.123 - - [29/Apr/2020:10:43:43 +0800] "GET /xingrg/all/function/internal_message.html?_=1588128220930&CODE_STATE=getMsg HTTP/1.1" 200 27
172.17.0.123 - - [29/Apr/2020:10:43:43 +0800] "GET /xingrg/check_reg.html?_=1588128220932 HTTP/1.1" 200 22
180.162.232.172 - - [29/Apr/2020:10:43:44 +0800] "GET /xingrg/kc/base/wldb_order_list.html HTTP/1.1" 200 19258
180.162.232.172 - - [29/Apr/2020:10:43:44 +0800] "POST /xingrg/kc/base/wldb_list_operate.html HTTP/1.1" 200 928
117.131.5.26 - - [29/Apr/2020:10:43:44 +0800] "GET /xingrg/all/function/internal_message.html?_=1588128231656&CODE_STATE=getMsg HTTP/1.1" 200 27
117.185.32.26 - - [29/Apr/2020:10:43:45 +0800] "GET /xingrg/all/function/internal_message.html?_=1588128218644&CODE_STATE=getMsg HTTP/1.1" 200 27
114.88.159.93 - - [29/Apr/2020:10:43:46 +0800] "GET /xingrg/system/rest/query_items.html?_=1588128225422&table=menu&page=1&rows=20&categoryId=&key=%25E9%25A6%2599%25E8%259E%25BA HTTP/1.1" 200 297
114.88.159.93 - - [29/Apr/2020:10:43:47 +0800] "GET /xingrg/system/rest/query_items.html?_=1588128226710&table=menu&page=1&rows=20&categoryId=&key=%25E9%25A6%2599%25E8%259E%25BA HTTP/1.1" 200 297
180.162.232.172 - - [29/Apr/2020:10:43:48 +0800] "GET /xingrg/kc/base/wldb_order_add.html HTTP/1.1" 200 30319
180.162.232.172 - - [29/Apr/2020:10:43:48 +0800] "GET /xingrg/words/20200428130115_words.js HTTP/1.1" 304 -
114.88.159.93 - - [29/Apr/2020:10:43:48 +0800] "GET /xingrg/system/rest/get_item.html?table=menu&id=2046&_=1588128227339 HTTP/1.1" 200 1005
114.88.159.93 - - [29/Apr/2020:10:43:48 +0800] "GET /xingrg/system/rest/get_item.html?table=menu&target=menu_rest&id=2046&_=1588128227374 HTTP/1.1" 200 945
114.88.159.93 - - [29/Apr/2020:10:43:48 +0800] "GET /xingrg/system/rest/get_item.html?table=menu&target=cook_mode&id=2046&_=1588128227372 HTTP/1.1" 200 9356
180.162.232.172 - - [29/Apr/2020:10:43:48 +0800] "POST /xingrg/kc/base/wldb_order_operate.html HTTP/1.1" 200 6806
180.162.232.172 - - [29/Apr/2020:10:43:48 +0800] "GET /xingrg/all/common/auto_word.html?type=base&rest_code=00150 HTTP/1.1" 200 1503
180.162.232.172 - - [29/Apr/2020:10:43:48 +0800] "GET /xingrg/all/common/auto_word.html?type=base&rest_code=00150 HTTP/1.1" 200 1503
114.84.33.255 - - [29/Apr/2020:10:43:48 +0800] "GET /xingrg/kc/buy/cgsh_order_operate.html?command=get_materiel&rest_code=00146&code=00101001125&supplier_code=00100090&order_time=2020-04-29 HTTP/1.1" 200 435
180.162.232.172 - - [29/Apr/2020:10:43:48 +0800] "GET /xingrg/javascript/easyui/themes/default/validatebox.css HTTP/1.1" 404 1104
117.184.7.26 - - [29/Apr/2020:10:43:49 +0800] "GET /xingrg/kc/buy/cgsh_order_operate.html?command=get_materiel&rest_code=00108&code=00101006055&supplier_code=00100010&order_time=2020-04-29 HTTP/1.1" 200 409
58.40.7.146 - - [29/Apr/2020:10:43:49 +0800] "POST /xingrg/services/DataTransmitService HTTP/1.1" 200 524
114.88.159.93 - - [29/Apr/2020:10:43:49 +0800] "GET /xingrg/system/rest/get_infos.html?command=menu_img_show&id=2046 HTTP/1.1" 200 5
58.221.95.50 - - [29/Apr/2020:10:43:50 +0800] "GET /xingrg/all/function/internal_message.html?_=1588128256411&CODE_STATE=getMsg HTTP/1.1" 200 27
58.221.95.50 - - [29/Apr/2020:10:43:50 +0800] "GET /xingrg/all/function/internal_message.html?_=1588128256469&CODE_STATE=getMsg HTTP/1.1" 200 27
114.88.159.93 - - [29/Apr/2020:10:43:50 +0800] "GET /xingrg/system/rest/get_item.html?table=menu&target=menu_rest_detail&id=2046&sid=11&_=1588128229462 HTTP/1.1" 200 427
58.221.95.50 - - [29/Apr/2020:10:43:50 +0800] "GET /xingrg/all/function/internal_message.html?_=1588128256752&CODE_STATE=getMsg HTTP/1.1" 200 27
172.17.0.112 - - [29/Apr/2020:10:43:51 +0800] "GET /xingrg/all/function/internal_message.html?_=1588128230699&CODE_STATE=getMsg HTTP/1.1" 200 27
180.162.232.172 - - [29/Apr/2020:10:43:51 +0800] "GET /xingrg/all/function/internal_message.html?_=1588128231778&CODE_STATE=getMsg HTTP/1.1" 200 27
180.162.232.172 - - [29/Apr/2020:10:43:51 +0800] "GET /xingrg/check_reg.html?_=1588128231780 HTTP/1.1" 200 22
114.88.159.93 - - [29/Apr/2020:10:43:53 +0800] "POST /xingrg/system/rest/edit_item.html HTTP/1.1" 200 4
114.88.159.93 - - [29/Apr/2020:10:43:53 +0800] "GET /xingrg/system/rest/get_item.html?table=menu&target=menu_rest&id=2046&_=1588128232273 HTTP/1.1" 200 945
120.253.135.82 - - [29/Apr/2020:10:43:57 +0800] "GET /xingrg/all/function/internal_message.html?_=1588127988018&CODE_STATE=getMsg HTTP/1.1" 200 27
114.82.213.91 - - [29/Apr/2020:10:43:57 +0800] "GET /xingrg/check_reg.html?_=1588127302644 HTTP/1.1" 200 22
114.82.213.91 - - [29/Apr/2020:10:43:57 +0800] "GET /xingrg/all/function/internal_message.html?_=1588127302647&CODE_STATE=getMsg HTTP/1.1" 200 27
114.88.159.93 - - [29/Apr/2020:10:43:57 +0800] "GET /xingrg/system/rest/query_items.html?_=1588128236251&table=menu&page=1&rows=20&categoryId=&key=%25E9%259D%2592%25E5%258F%25A3 HTTP/1.1" 200 1182
120.253.135.82 - - [29/Apr/2020:10:43:57 +0800] "POST /xingrg/kc/buy/cgsh_order_operate.html HTTP/1.1" 200 37
120.253.135.82 - - [29/Apr/2020:10:43:58 +0800] "POST /xingrg/kc/buy/cgsh_order_operate.html HTTP/1.1" 200 3265
114.88.159.93 - - [29/Apr/2020:10:43:58 +0800] "GET /xingrg/system/rest/query_items.html?_=1588128237613&table=menu&page=1&rows=20&categoryId=&key=%25E9%259D%2592%25E5%258F%25A3 HTTP/1.1" 200 1182
114.84.33.255 - - [29/Apr/2020:10:43:58 +0800] "GET /xingrg/all/function/internal_message.html?_=1588128242924&CODE_STATE=getMsg HTTP/1.1" 200 27
114.88.159.93 - - [29/Apr/2020:10:43:59 +0800] "GET /xingrg/system/rest/get_item.html?table=menu&id=2121&_=1588128238128 HTTP/1.1" 200 943
114.88.159.93 - - [29/Apr/2020:10:43:59 +0800] "GET /xingrg/system/rest/get_item.html?table=menu&target=menu_rest&id=2121&_=1588128238163 HTTP/1.1" 200 349
114.88.159.93 - - [29/Apr/2020:10:43:59 +0800] "GET /xingrg/system/rest/get_item.html?table=menu&target=cook_mode&id=2121&_=1588128238160 HTTP/1.1" 200 4431
114.84.33.255 - - [29/Apr/2020:10:43:59 +0800] "GET /xingrg/check_reg.html?_=1588128243740 HTTP/1.1" 200 22
114.88.159.93 - - [29/Apr/2020:10:44:00 +0800] "GET /xingrg/system/rest/get_infos.html?command=menu_img_show&id=2121 HTTP/1.1" 200 5
120.253.135.82 - - [29/Apr/2020:10:44:00 +0800] "GET /xingrg/kc/print/load_config.html?kc_code=cgsh HTTP/1.1" 200 1845
120.253.135.82 - - [29/Apr/2020:10:44:00 +0800] "GET /xingrg/kc/print/load_data.html?order_code=212020042907999&kc_code=cgsh&condition= HTTP/1.1" 200 887
222.69.136.137 - - [29/Apr/2020:10:44:01 +0800] "GET /xingrg/all/function/internal_message.html?_=1588128236168&CODE_STATE=getMsg HTTP/1.1" 200 27
117.184.7.26 - - [29/Apr/2020:10:44:01 +0800] "GET /xingrg/all/function/internal_message.html?_=1588128235612&CODE_STATE=getMsg HTTP/1.1" 200 27
222.69.136.137 - - [29/Apr/2020:10:44:01 +0800] "GET /xingrg/check_reg.html?_=1588128236238 HTTP/1.1" 200 22
114.88.159.93 - - [29/Apr/2020:10:44:01 +0800] "GET /xingrg/system/rest/get_item.html?table=menu&target=menu_rest_detail&id=2121&sid=11&_=1588128240175 HTTP/1.1" 200 426
114.88.159.93 - - [29/Apr/2020:10:44:03 +0800] "POST /xingrg/system/rest/edit_item.html HTTP/1.1" 200 4
114.88.159.93 - - [29/Apr/2020:10:44:03 +0800] "GET /xingrg/system/rest/get_item.html?table=menu&target=menu_rest&id=2121&_=1588128242813 HTTP/1.1" 200 349
172.17.0.111 - - [29/Apr/2020:10:44:04 +0800] "GET /xingrg/check_reg.html?_=1588128246656 HTTP/1.1" 200 22
124.77.110.230 - - [29/Apr/2020:10:44:04 +0800] "GET /xingrg/all/function/internal_message.html?_=1588127473408&CODE_STATE=getMsg HTTP/1.1" 200 27
172.17.0.120 - - [29/Apr/2020:10:44:06 +0800] "GET /xingrg/all/function/internal_message.html?_=1588128244594&CODE_STATE=getMsg HTTP/1.1" 200 27
114.84.33.255 - - [29/Apr/2020:10:44:07 +0800] "POST /xingrg/kc/buy/cgsh_order_operate.html HTTP/1.1" 200 37
114.84.33.255 - - [29/Apr/2020:10:44:07 +0800] "POST /xingrg/kc/buy/cgsh_order_operate.html HTTP/1.1" 200 3259
114.88.159.93 - - [29/Apr/2020:10:44:08 +0800] "GET /xingrg/system/rest/query_items.html?_=1588128247422&table=menu&page=1&rows=20&categoryId=&key=%25E6%25B5%25B7%25E8%2582%25A0 HTTP/1.1" 200 248
114.84.33.255 - - [29/Apr/2020:10:44:09 +0800] "GET /xingrg/kc/print/load_data.html?order_code=212020042908000&kc_code=cgsh&condition= HTTP/1.1" 200 979
114.88.159.93 - - [29/Apr/2020:10:44:09 +0800] "GET /xingrg/system/rest/query_items.html?_=1588128248622&table=menu&page=1&rows=20&categoryId=&key=%25E6%25B5%25B7%25E8%2582%25A0 HTTP/1.1" 200 248
114.88.159.93 - - [29/Apr/2020:10:44:10 +0800] "GET /xingrg/system/rest/get_item.html?table=menu&id=2090&_=1588128249167 HTTP/1.1" 200 935
114.88.159.93 - - [29/Apr/2020:10:44:10 +0800] "GET /xingrg/system/rest/get_item.html?table=menu&target=menu_rest&id=2090&_=1588128249189 HTTP/1.1" 200 644
114.88.159.93 - - [29/Apr/2020:10:44:10 +0800] "GET /xingrg/system/rest/get_item.html?table=menu&target=cook_mode&id=2090&_=1588128249187 HTTP/1.1" 200 9336
114.88.159.93 - - [29/Apr/2020:10:44:11 +0800] "GET /xingrg/system/rest/get_infos.html?command=menu_img_show&id=2090 HTTP/1.1" 200 5
114.88.159.93 - - [29/Apr/2020:10:44:11 +0800] "GET /xingrg/all/function/internal_message.html?_=1588128250686&CODE_STATE=getMsg HTTP/1.1" 200 27
114.88.159.93 - - [29/Apr/2020:10:44:12 +0800] "GET /xingrg/system/rest/get_item.html?table=menu&target=menu_rest_detail&id=2090&sid=11&_=1588128251607 HTTP/1.1" 200 426
183.192.164.214 - - [29/Apr/2020:10:44:12 +0800] "GET /xingrg/all/function/internal_message.html?_=1588127558651&CODE_STATE=getMsg HTTP/1.1" 302 -
114.88.159.93 - - [29/Apr/2020:10:44:15 +0800] "POST /xingrg/system/rest/edit_item.html HTTP/1.1" 200 4
114.88.159.93 - - [29/Apr/2020:10:44:15 +0800] "GET /xingrg/system/rest/get_item.html?table=menu&target=menu_rest&id=2090&_=1588128254482 HTTP/1.1" 200 644
117.184.7.26 - - [29/Apr/2020:10:44:16 +0800] "GET /xingrg/kc/buy/cgsh_order_operate.html?command=get_materiel&rest_code=00108&code=00101006195&supplier_code=00100010&order_time=2020-04-29 HTTP/1.1" 200 409
114.84.33.255 - - [29/Apr/2020:10:44:16 +0800] "GET /xingrg/kc/buy/cgsh_order_add.html HTTP/1.1" 200 58199
114.84.33.255 - - [29/Apr/2020:10:44:17 +0800] "POST /xingrg/kc/buy/cgsh_order_operate.html HTTP/1.1" 200 8245
114.84.33.255 - - [29/Apr/2020:10:44:17 +0800] "GET /xingrg/javascript/easyui/themes/default/validatebox.css HTTP/1.1" 404 1104
222.70.208.105 - - [29/Apr/2020:10:44:18 +0800] "GET /xingrg/all/function/internal_message.html?_=1588128255011&CODE_STATE=getMsg HTTP/1.1" 302 -
222.70.208.105 - - [29/Apr/2020:10:44:18 +0800] "GET /xingrg/all/function/internal_message.html?_=1588128255184&CODE_STATE=getMsg HTTP/1.1" 302 -
114.88.159.93 - - [29/Apr/2020:10:44:19 +0800] "GET /xingrg/system/rest/query_items.html?_=1588128258313&table=menu&page=1&rows=20&categoryId=&key=%25E8%258A%2592%25E6%259E%259C HTTP/1.1" 200 3494
222.70.208.105 - - [29/Apr/2020:10:44:19 +0800] "GET /xingrg/check_reg.html?_=1588128255785 HTTP/1.1" 302 -
222.70.208.105 - - [29/Apr/2020:10:44:19 +0800] "GET /xingrg/check_reg.html?_=1588128255810 HTTP/1.1" 302 -
114.88.159.93 - - [29/Apr/2020:10:44:21 +0800] "GET /xingrg/system/rest/query_items.html?_=1588128260222&table=menu&page=1&rows=20&categoryId=&key=%25E8%258A%2592%25E6%259E%259C HTTP/1.1" 200 3494
180.156.150.85 - - [29/Apr/2020:10:44:21 +0800] "GET /xingrg/all/function/internal_message.html?_=1588128261072&CODE_STATE=getMsg HTTP/1.1" 200 27
183.192.164.214 - - [29/Apr/2020:10:44:21 +0800] "GET /xingrg/login.html HTTP/1.1" 200 7641
114.88.159.93 - - [29/Apr/2020:10:44:22 +0800] "GET /xingrg/system/rest/get_item.html?table=menu&id=2072&_=1588128261062 HTTP/1.1" 200 942
114.88.159.93 - - [29/Apr/2020:10:44:22 +0800] "GET /xingrg/system/rest/get_item.html?table=menu&target=menu_rest&id=2072&_=1588128261085 HTTP/1.1" 200 255
114.86.190.97 - - [29/Apr/2020:10:44:22 +0800] "GET /xingrg/check_reg.html?_=1588128264869 HTTP/1.1" 200 22
114.88.159.93 - - [29/Apr/2020:10:44:22 +0800] "GET /xingrg/system/rest/get_item.html?table=menu&target=cook_mode&id=2072&_=1588128261082 HTTP/1.1" 200 8973
114.88.159.93 - - [29/Apr/2020:10:44:23 +0800] "GET /xingrg/system/rest/get_infos.html?command=menu_img_show&id=2072 HTTP/1.1" 200 5
114.86.190.97 - - [29/Apr/2020:10:44:23 +0800] "GET /xingrg/all/function/internal_message.html?_=1588128265988&CODE_STATE=getMsg HTTP/1.1" 200 27
114.88.159.93 - - [29/Apr/2020:10:44:24 +0800] "GET /xingrg/system/rest/get_item.html?table=menu&target=menu_rest_detail&id=2072&sid=11&_=1588128263308 HTTP/1.1" 200 427
117.184.7.26 - - [29/Apr/2020:10:44:25 +0800] "POST /xingrg/kc/buy/cgsh_order_operate.html HTTP/1.1" 200 37
117.184.7.26 - - [29/Apr/2020:10:44:26 +0800] "POST /xingrg/kc/buy/cgsh_order_operate.html HTTP/1.1" 200 3244
114.88.159.93 - - [29/Apr/2020:10:44:27 +0800] "POST /xingrg/system/rest/edit_item.html HTTP/1.1" 200 4
114.88.159.93 - - [29/Apr/2020:10:44:27 +0800] "GET /xingrg/system/rest/get_item.html?table=menu&target=menu_rest&id=2072&_=1588128266404 HTTP/1.1" 200 255
172.17.0.101 - - [29/Apr/2020:10:44:29 +0800] "GET /xingrg/all/function/internal_message.html?_=1588128273075&CODE_STATE=getMsg HTTP/1.1" 200 27
180.162.232.172 - - [29/Apr/2020:10:44:29 +0800] "GET /xingrg/kc/base/wldb_order_operate.html?command=get_materiel&rest_code=00150&base_code=0010446&code=00102002521 HTTP/1.1" 200 430
117.184.7.26 - - [29/Apr/2020:10:44:30 +0800] "GET /xingrg/kc/print/load_data.html?order_code=212020042908001&kc_code=cgsh&condition= HTTP/1.1" 200 936
114.84.33.255 - - [29/Apr/2020:10:44:31 +0800] "GET /xingrg/kc/buy/cgsh_order_operate.html?command=get_materiel&rest_code=00146&code=00101012046&supplier_code=00100345&order_time=2020-04-29 HTTP/1.1" 200 417
114.88.159.93 - - [29/Apr/2020:10:44:31 +0800] "GET /xingrg/system/rest/query_items.html?_=1588128270812&table=menu&page=1&rows=20&categoryId=&key=%25E8%2580%2581%25E9%25BC%25A0 HTTP/1.1" 200 260
114.88.159.93 - - [29/Apr/2020:10:44:33 +0800] "GET /xingrg/system/rest/query_items.html?_=1588128272214&table=menu&page=1&rows=20&categoryId=&key=%25E8%2580%2581%25E9%25BC%25A0 HTTP/1.1" 200 260
114.88.159.93 - - [29/Apr/2020:10:44:33 +0800] "GET /xingrg/system/rest/get_item.html?table=menu&id=1972&_=1588128272683 HTTP/1.1" 200 939
114.88.159.93 - - [29/Apr/2020:10:44:33 +0800] "GET /xingrg/system/rest/get_item.html?table=menu&target=menu_rest&id=1972&_=1588128272703 HTTP/1.1" 200 368
114.88.159.93 - - [29/Apr/2020:10:44:33 +0800] "GET /xingrg/system/rest/get_item.html?table=menu&target=cook_mode&id=1972&_=1588128272702 HTTP/1.1" 200 8188
180.162.232.172 - - [29/Apr/2020:10:44:34 +0800] "GET /xingrg/kc/base/wldb_order_operate.html?command=get_materiel&rest_code=00150&base_code=0010446&code=00102002685 HTTP/1.1" 200 442
114.88.159.93 - - [29/Apr/2020:10:44:34 +0800] "GET /xingrg/system/rest/get_infos.html?command=menu_img_show&id=1972 HTTP/1.1" 200 5
180.162.232.172 - - [29/Apr/2020:10:44:35 +0800] "POST /xingrg/all/common/load_select.html HTTP/1.1" 200 25
