120.253.135.82 - - [29/Apr/2020:09:56:56 +0800] "GET /xingrg/all/function/internal_message.html?_=1588125167121&CODE_STATE=getMsg HTTP/1.1" 200 27
124.77.110.230 - - [29/Apr/2020:09:56:59 +0800] "POST /xingrg/all/user/operate.html HTTP/1.1" 200 36
222.70.183.62 - - [29/Apr/2020:09:56:59 +0800] "GET /xingrg/kc/buy/cgsh_order_operate.html?command=get_materiel&rest_code=00111&code=00101008125&supplier_code=00100005&order_time=2020-04-29 HTTP/1.1" 200 413
222.70.183.62 - - [29/Apr/2020:09:57:01 +0800] "POST /xingrg/kc/buy/cgsh_order_operate.html HTTP/1.1" 200 2065
124.77.110.230 - - [29/Apr/2020:09:57:03 +0800] "GET /xingrg/index.html?sysBaseUrl=http%3A%2F%2F180.169.147.146%3A18081%2Fxingrg%2F&costTime=83×tamp=1588035633600 HTTP/1.1" 200 17177
124.77.110.230 - - [29/Apr/2020:09:57:03 +0800] "GET /xingrg/javascript/jquery_easy_ui/themes/default/easyui.css HTTP/1.1" 304 -
124.77.110.230 - - [29/Apr/2020:09:57:03 +0800] "GET /xingrg/javascript/jquery_easy_ui/themes/icon.css HTTP/1.1" 304 -
124.77.110.230 - - [29/Apr/2020:09:57:03 +0800] "GET /xingrg/css/form.css HTTP/1.1" 304 -
124.77.110.230 - - [29/Apr/2020:09:57:03 +0800] "GET /xingrg/javascript/jquery-1.4.2.min.js HTTP/1.1" 304 -
124.77.110.230 - - [29/Apr/2020:09:57:03 +0800] "GET /xingrg/javascript/jquery_easy_ui/jquery.easyui.min.js HTTP/1.1" 304 -
124.77.110.230 - - [29/Apr/2020:09:57:03 +0800] "GET /xingrg/javascript/jquery_easy_ui/easyui-lang-zh_CN.js HTTP/1.1" 304 -
124.77.110.230 - - [29/Apr/2020:09:57:03 +0800] "GET /xingrg/javascript/jquery.form.js HTTP/1.1" 304 -
124.77.110.230 - - [29/Apr/2020:09:57:03 +0800] "GET /xingrg/javascript/jquery.utils.js HTTP/1.1" 304 -
124.77.110.230 - - [29/Apr/2020:09:57:03 +0800] "GET /xingrg/javascript/jquery.timers.js HTTP/1.1" 304 -
124.77.110.230 - - [29/Apr/2020:09:57:03 +0800] "GET /xingrg/images/blue/jxLogo.png HTTP/1.1" 304 -
124.77.110.230 - - [29/Apr/2020:09:57:03 +0800] "GET /xingrg/images/blue/navBackgound.jpg HTTP/1.1" 304 -
124.77.110.230 - - [29/Apr/2020:09:57:03 +0800] "GET /xingrg/javascript/jquery_easy_ui/themes/icons/settle_new.png HTTP/1.1" 304 -
124.77.110.230 - - [29/Apr/2020:09:57:03 +0800] "POST /xingrg/all/common/load_tree.html?tree=area_rest_tree_json&manage=1 HTTP/1.1" 200 476
124.77.110.230 - - [29/Apr/2020:09:57:03 +0800] "GET /xingrg/images/blue/pingpu.png HTTP/1.1" 304 -
124.77.110.230 - - [29/Apr/2020:09:57:03 +0800] "GET /xingrg/javascript/jquery_easy_ui/themes/default/images/tabs_leftarrow.png HTTP/1.1" 304 -
180.156.150.85 - - [29/Apr/2020:09:57:03 +0800] "GET /xingrg/kc/buy/cgsh_order_operate.html?command=get_materiel&rest_code=00105&code=00101002022&supplier_code=00100203&order_time=2020-04-29 HTTP/1.1" 200 429
124.77.110.230 - - [29/Apr/2020:09:57:03 +0800] "GET /xingrg/javascript/jquery_easy_ui/themes/default/images/tabs_rightarrow.png HTTP/1.1" 304 -
124.77.110.230 - - [29/Apr/2020:09:57:03 +0800] "GET /xingrg/javascript/jquery_easy_ui/themes/default/images/panel_tool_collapse.gif HTTP/1.1" 304 -
124.77.110.230 - - [29/Apr/2020:09:57:03 +0800] "GET /xingrg/check_reg.html?_=1588124652780 HTTP/1.1" 200 22
124.77.110.230 - - [29/Apr/2020:09:57:03 +0800] "GET /xingrg/all/function/internal_message.html?_=1588124652778&CODE_STATE=count HTTP/1.1" 200 11
124.77.110.230 - - [29/Apr/2020:09:57:03 +0800] "POST /xingrg/load_menu.html HTTP/1.1" 200 5138
124.77.110.230 - - [29/Apr/2020:09:57:03 +0800] "GET /xingrg/javascript/jquery_easy_ui/themes/default/images/tree_arrows.gif HTTP/1.1" 304 -
124.77.110.230 - - [29/Apr/2020:09:57:03 +0800] "GET /xingrg/javascript/jquery_easy_ui/themes/default/images/tree_folder_open.gif HTTP/1.1" 304 -
124.77.110.230 - - [29/Apr/2020:09:57:03 +0800] "GET /xingrg/javascript/jquery_easy_ui/themes/icons/search_new.png HTTP/1.1" 304 -
124.77.110.230 - - [29/Apr/2020:09:57:03 +0800] "GET /xingrg/javascript/jquery_easy_ui/themes/default/images/tree_folder.gif HTTP/1.1" 304 -
124.77.110.230 - - [29/Apr/2020:09:57:04 +0800] "GET /xingrg/javascript/jquery_easy_ui/themes/default/images/tree_file.gif HTTP/1.1" 304 -
124.77.110.230 - - [29/Apr/2020:09:57:04 +0800] "GET /xingrg/javascript/jquery_easy_ui/themes/icons/storage_new.png HTTP/1.1" 304 -
124.77.110.230 - - [29/Apr/2020:09:57:04 +0800] "GET /xingrg/javascript/jquery_easy_ui/themes/icons/forms_new.png HTTP/1.1" 304 -
222.70.183.62 - - [29/Apr/2020:09:57:06 +0800] "GET /xingrg/kc/buy/cgsh_order_operate.html?command=get_materiel&rest_code=00111&code=00101008298&supplier_code=00100005&order_time=2020-04-29 HTTP/1.1" 200 431
172.17.0.120 - - [29/Apr/2020:09:57:06 +0800] "GET /xingrg/check_reg.html?_=1588125424607 HTTP/1.1" 200 22
172.17.0.120 - - [29/Apr/2020:09:57:06 +0800] "GET /xingrg/all/function/internal_message.html?_=1588125424612&CODE_STATE=getMsg HTTP/1.1" 200 27
180.152.249.82 - - [29/Apr/2020:09:57:11 +0800] "GET /xingrg/kc/buy/cgsh_order_operate.html?command=get_materiel&rest_code=00102&code=00101006130&supplier_code=00100011&order_time=2020-04-29 HTTP/1.1" 200 447
116.233.79.27 - - [29/Apr/2020:09:57:16 +0800] "GET /xingrg/all/function/internal_message.html?_=1588125438004&CODE_STATE=getMsg HTTP/1.1" 200 27
114.84.32.201 - - [29/Apr/2020:09:57:19 +0800] "GET /xingrg/all/function/internal_message.html?_=1588125437680&CODE_STATE=getMsg HTTP/1.1" 200 27
180.156.150.85 - - [29/Apr/2020:09:57:21 +0800] "GET /xingrg/all/function/internal_message.html?_=1588125441244&CODE_STATE=getMsg HTTP/1.1" 200 27
114.86.190.97 - - [29/Apr/2020:09:57:22 +0800] "GET /xingrg/all/function/internal_message.html?_=1588125445353&CODE_STATE=getMsg HTTP/1.1" 200 27
180.152.249.82 - - [29/Apr/2020:09:57:23 +0800] "GET /xingrg/kc/buy/cgsh_order_operate.html?command=get_materiel&rest_code=00102&code=00101016104&supplier_code=00100011&order_time=2020-04-29 HTTP/1.1" 200 409
120.253.135.82 - - [29/Apr/2020:09:57:24 +0800] "POST /xingrg/kc/buy/cgsh_list_operate.html HTTP/1.1" 200 1720
180.152.249.82 - - [29/Apr/2020:09:57:27 +0800] "GET /xingrg/all/function/internal_message.html?_=1588125639011&CODE_STATE=getMsg HTTP/1.1" 200 27
172.17.0.101 - - [29/Apr/2020:09:57:28 +0800] "GET /xingrg/all/function/internal_message.html?_=1588125452887&CODE_STATE=getMsg HTTP/1.1" 200 27
222.70.183.62 - - [29/Apr/2020:09:57:32 +0800] "GET /xingrg/kc/buy/cgsh_order_operate.html?command=get_materiel&rest_code=00111&code=00101008350&supplier_code=00100005&order_time=2020-04-29 HTTP/1.1" 200 408
180.152.249.82 - - [29/Apr/2020:09:57:33 +0800] "GET /xingrg/kc/buy/cgsh_order_operate.html?command=get_materiel&rest_code=00102&code=00101006174&supplier_code=00100011&order_time=2020-04-29 HTTP/1.1" 200 415
172.17.0.111 - - [29/Apr/2020:09:57:36 +0800] "GET /xingrg/all/function/internal_message.html?_=1588125459284&CODE_STATE=getMsg HTTP/1.1" 200 27
180.152.249.82 - - [29/Apr/2020:09:57:39 +0800] "GET /xingrg/kc/buy/cgsh_order_operate.html?command=get_materiel&rest_code=00102&code=00101006133&supplier_code=00100011&order_time=2020-04-29 HTTP/1.1" 200 413
222.70.183.62 - - [29/Apr/2020:09:57:39 +0800] "GET /xingrg/all/function/internal_message.html?_=1588125793689&CODE_STATE=getMsg HTTP/1.1" 200 27
114.84.33.255 - - [29/Apr/2020:09:57:41 +0800] "GET /xingrg/all/function/internal_message.html?_=1588125469490&CODE_STATE=getMsg HTTP/1.1" 200 27
172.17.0.123 - - [29/Apr/2020:09:57:43 +0800] "GET /xingrg/all/function/internal_message.html?_=1588125460944&CODE_STATE=getMsg HTTP/1.1" 200 27
180.152.249.82 - - [29/Apr/2020:09:57:47 +0800] "GET /xingrg/kc/buy/cgsh_order_operate.html?command=get_materiel&rest_code=00102&code=00101006025&supplier_code=00100011&order_time=2020-04-29 HTTP/1.1" 200 417
222.70.183.62 - - [29/Apr/2020:09:57:49 +0800] "GET /xingrg/kc/buy/cgsh_order_operate.html?command=get_materiel&rest_code=00111&code=00101008223&supplier_code=00100005&order_time=2020-04-29 HTTP/1.1" 200 412
58.221.95.50 - - [29/Apr/2020:09:57:50 +0800] "GET /xingrg/all/function/internal_message.html?_=1588125496674&CODE_STATE=getMsg HTTP/1.1" 200 27
222.70.183.62 - - [29/Apr/2020:09:57:50 +0800] "POST /xingrg/kc/buy/cgsh_order_operate.html HTTP/1.1" 200 2065
58.221.95.50 - - [29/Apr/2020:09:57:51 +0800] "GET /xingrg/all/function/internal_message.html?_=1588125497450&CODE_STATE=getMsg HTTP/1.1" 200 27
58.221.95.50 - - [29/Apr/2020:09:57:51 +0800] "GET /xingrg/all/function/internal_message.html?_=1588125497487&CODE_STATE=getMsg HTTP/1.1" 200 27
172.17.0.112 - - [29/Apr/2020:09:57:51 +0800] "GET /xingrg/all/function/internal_message.html?_=1588125470709&CODE_STATE=getMsg HTTP/1.1" 200 27
180.162.232.172 - - [29/Apr/2020:09:57:51 +0800] "GET /xingrg/all/function/internal_message.html?_=1588125471609&CODE_STATE=getMsg HTTP/1.1" 200 27
114.84.33.255 - - [29/Apr/2020:09:57:55 +0800] "GET /xingrg/all/function/internal_message.html?_=1588125479476&CODE_STATE=getMsg HTTP/1.1" 200 27
120.253.135.82 - - [29/Apr/2020:09:57:56 +0800] "GET /xingrg/all/function/internal_message.html?_=1588125227136&CODE_STATE=getMsg HTTP/1.1" 200 27
120.253.135.82 - - [29/Apr/2020:09:57:58 +0800] "POST /xingrg/kc/buy/cgsh_list_operate.html HTTP/1.1" 200 1721
180.156.150.85 - - [29/Apr/2020:09:58:01 +0800] "GET /xingrg/kc/buy/cgsh_order_operate.html?command=get_materiel&rest_code=00105&code=00101001010&supplier_code=00100203&order_time=2020-04-29 HTTP/1.1" 200 408
120.253.135.82 - - [29/Apr/2020:09:58:01 +0800] "POST /xingrg/kc/buy/cgsh_list_operate.html HTTP/1.1" 200 210
124.77.110.230 - - [29/Apr/2020:09:58:03 +0800] "GET /xingrg/all/function/internal_message.html?_=1588124712785&CODE_STATE=getMsg HTTP/1.1" 200 27
222.70.183.62 - - [29/Apr/2020:09:58:05 +0800] "GET /xingrg/kc/buy/cgsh_order_operate.html?command=get_materiel&rest_code=00111&code=00101008278&supplier_code=00100005&order_time=2020-04-29 HTTP/1.1" 200 412
172.17.0.120 - - [29/Apr/2020:09:58:06 +0800] "GET /xingrg/all/function/internal_message.html?_=1588125484599&CODE_STATE=getMsg HTTP/1.1" 200 27
222.70.183.62 - - [29/Apr/2020:09:58:14 +0800] "GET /xingrg/kc/buy/cgsh_order_operate.html?command=get_materiel&rest_code=00111&code=00101008114&supplier_code=00100005&order_time=2020-04-29 HTTP/1.1" 200 412
116.233.79.27 - - [29/Apr/2020:09:58:16 +0800] "GET /xingrg/all/function/internal_message.html?_=1588125498005&CODE_STATE=getMsg HTTP/1.1" 200 27
180.152.249.82 - - [29/Apr/2020:09:58:16 +0800] "GET /xingrg/kc/buy/cgsh_order_operate.html?command=get_materiel&rest_code=00102&code=00101006063&supplier_code=00100011&order_time=2020-04-29 HTTP/1.1" 200 413
180.156.150.85 - - [29/Apr/2020:09:58:19 +0800] "GET /xingrg/kc/buy/cgsh_order_operate.html?command=get_materiel&rest_code=00105&code=00101008045&supplier_code=00100203&order_time=2020-04-29 HTTP/1.1" 200 412
114.84.32.201 - - [29/Apr/2020:09:58:19 +0800] "GET /xingrg/all/function/internal_message.html?_=1588125497682&CODE_STATE=getMsg HTTP/1.1" 200 27
180.156.150.85 - - [29/Apr/2020:09:58:21 +0800] "GET /xingrg/all/function/internal_message.html?_=1588125501256&CODE_STATE=getMsg HTTP/1.1" 200 27
180.156.150.85 - - [29/Apr/2020:09:58:21 +0800] "GET /xingrg/check_reg.html?_=1588125501259 HTTP/1.1" 200 22
114.86.190.97 - - [29/Apr/2020:09:58:22 +0800] "GET /xingrg/all/function/internal_message.html?_=1588125505364&CODE_STATE=getMsg HTTP/1.1" 200 27
222.70.183.62 - - [29/Apr/2020:09:58:23 +0800] "GET /xingrg/kc/buy/cgsh_order_operate.html?command=get_materiel&rest_code=00111&code=00101008215&supplier_code=00100005&order_time=2020-04-29 HTTP/1.1" 200 413
180.156.150.85 - - [29/Apr/2020:09:58:26 +0800] "GET /xingrg/kc/buy/cgsh_order_operate.html?command=get_materiel&rest_code=00105&code=00101008155&supplier_code=00100203&order_time=2020-04-29 HTTP/1.1" 200 408
180.152.249.82 - - [29/Apr/2020:09:58:26 +0800] "GET /xingrg/kc/buy/cgsh_order_operate.html?command=get_materiel&rest_code=00102&code=00101006112&supplier_code=00100011&order_time=2020-04-29 HTTP/1.1" 200 409
180.152.249.82 - - [29/Apr/2020:09:58:27 +0800] "GET /xingrg/all/function/internal_message.html?_=1588125699088&CODE_STATE=getMsg HTTP/1.1" 200 27
172.17.0.101 - - [29/Apr/2020:09:58:28 +0800] "GET /xingrg/all/function/internal_message.html?_=1588125512889&CODE_STATE=getMsg HTTP/1.1" 200 27
222.70.183.62 - - [29/Apr/2020:09:58:30 +0800] "GET /xingrg/kc/buy/cgsh_order_operate.html?command=get_materiel&rest_code=00111&code=00101008103&supplier_code=00100005&order_time=2020-04-29 HTTP/1.1" 200 417
172.17.0.111 - - [29/Apr/2020:09:58:36 +0800] "GET /xingrg/all/function/internal_message.html?_=1588125519255&CODE_STATE=getMsg HTTP/1.1" 200 27
222.70.183.62 - - [29/Apr/2020:09:58:37 +0800] "POST /xingrg/kc/buy/cgsh_order_operate.html HTTP/1.1" 200 2065
180.156.150.85 - - [29/Apr/2020:09:58:37 +0800] "GET /xingrg/kc/buy/cgsh_order_operate.html?command=get_materiel&rest_code=00105&code=00101008221&supplier_code=00100203&order_time=2020-04-29 HTTP/1.1" 200 412
222.70.183.62 - - [29/Apr/2020:09:58:39 +0800] "GET /xingrg/all/function/internal_message.html?_=1588125853703&CODE_STATE=getMsg HTTP/1.1" 200 27
114.84.33.255 - - [29/Apr/2020:09:58:41 +0800] "GET /xingrg/all/function/internal_message.html?_=1588125529558&CODE_STATE=getMsg HTTP/1.1" 200 27
222.70.183.62 - - [29/Apr/2020:09:58:42 +0800] "GET /xingrg/kc/buy/cgsh_order_operate.html?command=get_materiel&rest_code=00111&code=00101008236&supplier_code=00100005&order_time=2020-04-29 HTTP/1.1" 200 416
172.17.0.123 - - [29/Apr/2020:09:58:43 +0800] "GET /xingrg/check_reg.html?_=1588125520932 HTTP/1.1" 200 22
172.17.0.123 - - [29/Apr/2020:09:58:43 +0800] "GET /xingrg/all/function/internal_message.html?_=1588125520934&CODE_STATE=getMsg HTTP/1.1" 200 27
180.156.150.85 - - [29/Apr/2020:09:58:45 +0800] "GET /xingrg/kc/buy/cgsh_order_operate.html?command=get_materiel&rest_code=00105&code=00101008361&supplier_code=00100203&order_time=2020-04-29 HTTP/1.1" 200 408
58.221.95.50 - - [29/Apr/2020:09:58:50 +0800] "GET /xingrg/all/function/internal_message.html?_=1588125556683&CODE_STATE=getMsg HTTP/1.1" 200 27
58.221.95.50 - - [29/Apr/2020:09:58:51 +0800] "GET /xingrg/all/function/internal_message.html?_=1588125557421&CODE_STATE=getMsg HTTP/1.1" 200 27
58.221.95.50 - - [29/Apr/2020:09:58:51 +0800] "GET /xingrg/all/function/internal_message.html?_=1588125557467&CODE_STATE=getMsg HTTP/1.1" 200 27
172.17.0.112 - - [29/Apr/2020:09:58:51 +0800] "GET /xingrg/all/function/internal_message.html?_=1588125530697&CODE_STATE=getMsg HTTP/1.1" 200 27
180.162.232.172 - - [29/Apr/2020:09:58:51 +0800] "GET /xingrg/check_reg.html?_=1588125531619 HTTP/1.1" 200 22
180.162.232.172 - - [29/Apr/2020:09:58:51 +0800] "GET /xingrg/all/function/internal_message.html?_=1588125531620&CODE_STATE=getMsg HTTP/1.1" 200 27
180.156.150.85 - - [29/Apr/2020:09:58:53 +0800] "GET /xingrg/kc/buy/cgsh_order_operate.html?command=get_materiel&rest_code=00105&code=00101008136&supplier_code=00100203&order_time=2020-04-29 HTTP/1.1" 200 413
222.70.183.62 - - [29/Apr/2020:09:58:55 +0800] "GET /xingrg/kc/buy/cgsh_order_operate.html?command=get_materiel&rest_code=00111&code=00101008175&supplier_code=00100005&order_time=2020-04-29 HTTP/1.1" 200 412
114.84.33.255 - - [29/Apr/2020:09:58:55 +0800] "GET /xingrg/all/function/internal_message.html?_=1588125539696&CODE_STATE=getMsg HTTP/1.1" 200 27
120.253.135.82 - - [29/Apr/2020:09:58:56 +0800] "GET /xingrg/all/function/internal_message.html?_=1588125287158&CODE_STATE=getMsg HTTP/1.1" 200 27
114.84.33.255 - - [29/Apr/2020:09:58:59 +0800] "GET /xingrg/check_reg.html?_=1588125543670 HTTP/1.1" 200 22
222.69.136.137 - - [29/Apr/2020:09:59:00 +0800] "GET /xingrg/index.html?sysBaseUrl=http%3A%2F%2F180.169.147.146%3A18081%2Fxingrg%2F&costTime=113×tamp=1588122089246 HTTP/1.1" 200 17179
222.69.136.137 - - [29/Apr/2020:09:59:00 +0800] "POST /xingrg/all/common/load_tree.html?tree=area_rest_tree_json&manage=1 HTTP/1.1" 200 351
222.69.136.137 - - [29/Apr/2020:09:59:00 +0800] "GET /xingrg/check_reg.html?_=1588125536120 HTTP/1.1" 200 22
222.69.136.137 - - [29/Apr/2020:09:59:00 +0800] "GET /xingrg/all/function/internal_message.html?_=1588125536119&CODE_STATE=count HTTP/1.1" 200 11
222.69.136.137 - - [29/Apr/2020:09:59:01 +0800] "GET /favicon.ico HTTP/1.1" 404 -
222.69.136.137 - - [29/Apr/2020:09:59:01 +0800] "POST /xingrg/load_menu.html HTTP/1.1" 200 5138
222.70.183.62 - - [29/Apr/2020:09:59:02 +0800] "GET /xingrg/kc/buy/cgsh_order_operate.html?command=get_materiel&rest_code=00111&code=00101008168&supplier_code=00100005&order_time=2020-04-29 HTTP/1.1" 200 413
124.77.110.230 - - [29/Apr/2020:09:59:03 +0800] "GET /xingrg/all/function/internal_message.html?_=1588124772795&CODE_STATE=getMsg HTTP/1.1" 200 27
172.17.0.111 - - [29/Apr/2020:09:59:04 +0800] "GET /xingrg/check_reg.html?_=1588125546592 HTTP/1.1" 200 22
222.69.136.137 - - [29/Apr/2020:09:59:04 +0800] "GET /xingrg/kc/buy/cgsh_order_list.html HTTP/1.1" 200 42584
222.69.136.137 - - [29/Apr/2020:09:59:06 +0800] "POST /xingrg/kc/buy/cgsh_list_operate.html HTTP/1.1" 200 876
172.17.0.120 - - [29/Apr/2020:09:59:06 +0800] "GET /xingrg/all/function/internal_message.html?_=1588125544597&CODE_STATE=getMsg HTTP/1.1" 200 27
180.156.150.85 - - [29/Apr/2020:09:59:07 +0800] "GET /xingrg/kc/buy/cgsh_order_operate.html?command=get_materiel&rest_code=00105&code=00101008357&supplier_code=00100203&order_time=2020-04-29 HTTP/1.1" 200 408
222.69.136.137 - - [29/Apr/2020:09:59:09 +0800] "GET /xingrg/kc/buy/cgsh_order_add.html HTTP/1.1" 200 58199
222.69.136.137 - - [29/Apr/2020:09:59:09 +0800] "POST /xingrg/kc/buy/cgsh_order_operate.html HTTP/1.1" 200 8245
222.69.136.137 - - [29/Apr/2020:09:59:09 +0800] "GET /xingrg/all/common/auto_word.html?type=employee&rest_code=00149 HTTP/1.1" 200 197
222.69.136.137 - - [29/Apr/2020:09:59:09 +0800] "GET /xingrg/all/common/auto_word.html?type=employee&rest_code=00149 HTTP/1.1" 200 197
222.69.136.137 - - [29/Apr/2020:09:59:09 +0800] "GET /xingrg/javascript/easyui/themes/default/validatebox.css HTTP/1.1" 404 1104
180.156.150.85 - - [29/Apr/2020:09:59:14 +0800] "GET /xingrg/kc/buy/cgsh_order_operate.html?command=get_materiel&rest_code=00105&code=00101008230&supplier_code=00100203&order_time=2020-04-29 HTTP/1.1" 200 408
116.233.79.27 - - [29/Apr/2020:09:59:16 +0800] "GET /xingrg/all/function/internal_message.html?_=1588125558007&CODE_STATE=getMsg HTTP/1.1" 200 27
114.84.32.201 - - [29/Apr/2020:09:59:19 +0800] "GET /xingrg/all/function/internal_message.html?_=1588125557682&CODE_STATE=getMsg HTTP/1.1" 200 27
180.156.150.85 - - [29/Apr/2020:09:59:21 +0800] "GET /xingrg/kc/buy/cgsh_order_operate.html?command=get_materiel&rest_code=00105&code=00101008069&supplier_code=00100203&order_time=2020-04-29 HTTP/1.1" 200 412
180.156.150.85 - - [29/Apr/2020:09:59:21 +0800] "GET /xingrg/all/function/internal_message.html?_=1588125561224&CODE_STATE=getMsg HTTP/1.1" 200 27
114.86.190.97 - - [29/Apr/2020:09:59:22 +0800] "GET /xingrg/check_reg.html?_=1588125564821 HTTP/1.1" 200 22
114.86.190.97 - - [29/Apr/2020:09:59:22 +0800] "GET /xingrg/all/function/internal_message.html?_=1588125565378&CODE_STATE=getMsg HTTP/1.1" 200 27
120.253.135.82 - - [29/Apr/2020:09:59:25 +0800] "POST /xingrg/kc/buy/cgsh_list_operate.html HTTP/1.1" 200 876
180.152.249.82 - - [29/Apr/2020:09:59:27 +0800] "GET /xingrg/all/function/internal_message.html?_=1588125759102&CODE_STATE=getMsg HTTP/1.1" 200 27
172.17.0.101 - - [29/Apr/2020:09:59:28 +0800] "GET /xingrg/all/function/internal_message.html?_=1588125572892&CODE_STATE=getMsg HTTP/1.1" 200 27
222.70.183.62 - - [29/Apr/2020:09:59:29 +0800] "POST /xingrg/kc/buy/cgsh_order_operate.html HTTP/1.1" 200 2065
120.253.135.82 - - [29/Apr/2020:09:59:29 +0800] "GET /xingrg/javascript/easyui/plugins/jquery.draggable.js HTTP/1.1" 200 6121
120.253.135.82 - - [29/Apr/2020:09:59:29 +0800] "GET /xingrg/css/images/panel_loading.gif HTTP/1.1" 200 1737
120.253.135.82 - - [29/Apr/2020:09:59:29 +0800] "GET /xingrg/javascript/easyui/plugins/jquery.droppable.js HTTP/1.1" 200 1167
120.253.135.82 - - [29/Apr/2020:09:59:29 +0800] "GET /xingrg/javascript/easyui/themes/default/tree.css HTTP/1.1" 404 1090
120.253.135.82 - - [29/Apr/2020:09:59:29 +0800] "GET /xingrg/javascript/easyui/plugins/jquery.tree.js HTTP/1.1" 200 20874
180.156.150.85 - - [29/Apr/2020:09:59:29 +0800] "GET /xingrg/kc/buy/cgsh_order_operate.html?command=get_materiel&rest_code=00105&code=00101008286&supplier_code=00100203&order_time=2020-04-29 HTTP/1.1" 200 408
120.253.135.82 - - [29/Apr/2020:09:59:29 +0800] "POST /xingrg/all/common/load_tree.html?tree=supplier_tree_json&manage=1 HTTP/1.1" 200 48222
120.253.135.82 - - [29/Apr/2020:09:59:30 +0800] "GET /xingrg/javascript/easyui/themes/default/images/tree_arrows.gif HTTP/1.1" 200 617
120.253.135.82 - - [29/Apr/2020:09:59:30 +0800] "GET /xingrg/javascript/easyui/themes/default/images/tree_checkbox_0.gif HTTP/1.1" 200 168
120.253.135.82 - - [29/Apr/2020:09:59:30 +0800] "GET /xingrg/javascript/easyui/themes/default/images/tree_folder_open.gif HTTP/1.1" 200 956
120.253.135.82 - - [29/Apr/2020:09:59:30 +0800] "GET /xingrg/javascript/easyui/themes/default/images/tree_folder.gif HTTP/1.1" 200 952
120.253.135.82 - - [29/Apr/2020:09:59:30 +0800] "GET /xingrg/javascript/easyui/themes/default/images/tree_file.gif HTTP/1.1" 200 118
222.70.183.62 - - [29/Apr/2020:09:59:33 +0800] "GET /xingrg/kc/buy/cgsh_order_operate.html?command=get_materiel&rest_code=00111&code=00101008112&supplier_code=00100005&order_time=2020-04-29 HTTP/1.1" 200 412
172.17.0.111 - - [29/Apr/2020:09:59:36 +0800] "GET /xingrg/all/function/internal_message.html?_=1588125579234&CODE_STATE=getMsg HTTP/1.1" 200 27
222.70.183.62 - - [29/Apr/2020:09:59:39 +0800] "GET /xingrg/all/function/internal_message.html?_=1588125913683&CODE_STATE=getMsg HTTP/1.1" 200 27
114.84.33.255 - - [29/Apr/2020:09:59:41 +0800] "GET /xingrg/all/function/internal_message.html?_=1588125589563&CODE_STATE=getMsg HTTP/1.1" 200 27
120.253.135.82 - - [29/Apr/2020:09:59:41 +0800] "POST /xingrg/kc/buy/cgsh_list_operate.html HTTP/1.1" 200 1707
172.17.0.123 - - [29/Apr/2020:09:59:43 +0800] "GET /xingrg/all/function/internal_message.html?_=1588125580934&CODE_STATE=getMsg HTTP/1.1" 200 27
120.253.135.82 - - [29/Apr/2020:09:59:44 +0800] "POST /xingrg/kc/buy/cgsh_list_operate.html HTTP/1.1" 200 301
120.253.135.82 - - [29/Apr/2020:09:59:45 +0800] "GET /xingrg/kc/buy/cgsh_order_info.html?code=212020042406004 HTTP/1.1" 200 52449
120.253.135.82 - - [29/Apr/2020:09:59:45 +0800] "GET /xingrg/javascript/easyui/themes/default/validatebox.css HTTP/1.1" 404 1104
120.253.135.82 - - [29/Apr/2020:09:59:45 +0800] "POST /xingrg/kc/buy/cgsh_order_operate.html HTTP/1.1" 200 1247
180.156.150.85 - - [29/Apr/2020:09:59:47 +0800] "GET /xingrg/kc/buy/cgsh_order_operate.html?command=get_materiel&rest_code=00105&code=00101008036&supplier_code=00100203&order_time=2020-04-29 HTTP/1.1" 200 408
58.221.95.50 - - [29/Apr/2020:09:59:50 +0800] "GET /xingrg/all/function/internal_message.html?_=1588125616682&CODE_STATE=getMsg HTTP/1.1" 200 27
58.221.95.50 - - [29/Apr/2020:09:59:50 +0800] "GET /xingrg/check_reg.html?_=1588125616686 HTTP/1.1" 200 22
58.221.95.50 - - [29/Apr/2020:09:59:51 +0800] "GET /xingrg/all/function/internal_message.html?_=1588125617403&CODE_STATE=getMsg HTTP/1.1" 200 27
58.221.95.50 - - [29/Apr/2020:09:59:51 +0800] "GET /xingrg/all/function/internal_message.html?_=1588125617445&CODE_STATE=getMsg HTTP/1.1" 200 27
172.17.0.112 - - [29/Apr/2020:09:59:51 +0800] "GET /xingrg/all/function/internal_message.html?_=1588125590718&CODE_STATE=getMsg HTTP/1.1" 200 27
180.162.232.172 - - [29/Apr/2020:09:59:51 +0800] "GET /xingrg/all/function/internal_message.html?_=1588125591619&CODE_STATE=getMsg HTTP/1.1" 200 27
180.156.150.85 - - [29/Apr/2020:09:59:54 +0800] "GET /xingrg/kc/buy/cgsh_order_operate.html?command=get_materiel&rest_code=00105&code=00101008131&supplier_code=00100203&order_time=2020-04-29 HTTP/1.1" 200 428
114.84.33.255 - - [29/Apr/2020:09:59:55 +0800] "GET /xingrg/all/function/internal_message.html?_=1588125599706&CODE_STATE=getMsg HTTP/1.1" 200 27
120.253.135.82 - - [29/Apr/2020:09:59:56 +0800] "GET /xingrg/all/function/internal_message.html?_=1588125347178&CODE_STATE=getMsg HTTP/1.1" 200 27
180.156.150.85 - - [29/Apr/2020:09:59:58 +0800] "POST /xingrg/kc/buy/cgsh_order_operate.html HTTP/1.1" 200 2065
180.156.150.85 - - [29/Apr/2020:10:00:00 +0800] "POST /xingrg/kc/buy/cgsh_order_operate.html HTTP/1.1" 200 2065
222.69.136.137 - - [29/Apr/2020:10:00:01 +0800] "GET /xingrg/all/function/internal_message.html?_=1588125596133&CODE_STATE=getMsg HTTP/1.1" 200 27
124.77.110.230 - - [29/Apr/2020:10:00:03 +0800] "GET /xingrg/all/function/internal_message.html?_=1588124832811&CODE_STATE=getMsg HTTP/1.1" 200 27
172.17.0.120 - - [29/Apr/2020:10:00:06 +0800] "GET /xingrg/all/function/internal_message.html?_=1588125604594&CODE_STATE=getMsg HTTP/1.1" 200 27
180.156.150.85 - - [29/Apr/2020:10:00:09 +0800] "GET /xingrg/kc/buy/cgsh_order_operate.html?command=get_materiel&rest_code=00105&code=00101008108&supplier_code=00100203&order_time=2020-04-29 HTTP/1.1" 200 412
116.233.79.27 - - [29/Apr/2020:10:00:16 +0800] "GET /xingrg/all/function/internal_message.html?_=1588125618005&CODE_STATE=getMsg HTTP/1.1" 200 27
180.156.150.85 - - [29/Apr/2020:10:00:16 +0800] "GET /xingrg/kc/buy/cgsh_order_operate.html?command=get_materiel&rest_code=00105&code=00101008352&supplier_code=00100203&order_time=2020-04-29 HTTP/1.1" 200 412
114.84.32.201 - - [29/Apr/2020:10:00:19 +0800] "GET /xingrg/all/function/internal_message.html?_=1588125617682&CODE_STATE=getMsg HTTP/1.1" 200 27
180.156.150.85 - - [29/Apr/2020:10:00:21 +0800] "GET /xingrg/all/function/internal_message.html?_=1588125621260&CODE_STATE=getMsg HTTP/1.1" 200 27
114.86.190.97 - - [29/Apr/2020:10:00:22 +0800] "GET /xingrg/all/function/internal_message.html?_=1588125625391&CODE_STATE=getMsg HTTP/1.1" 200 27
180.156.150.85 - - [29/Apr/2020:10:00:22 +0800] "GET /xingrg/kc/buy/cgsh_order_operate.html?command=get_materiel&rest_code=00105&code=00101008098&supplier_code=00100203&order_time=2020-04-29 HTTP/1.1" 200 412
180.152.249.82 - - [29/Apr/2020:10:00:27 +0800] "GET /xingrg/all/function/internal_message.html?_=1588125819115&CODE_STATE=getMsg HTTP/1.1" 200 27
172.17.0.101 - - [29/Apr/2020:10:00:28 +0800] "GET /xingrg/all/function/internal_message.html?_=1588125632890&CODE_STATE=getMsg HTTP/1.1" 200 27
180.156.150.85 - - [29/Apr/2020:10:00:30 +0800] "GET /xingrg/kc/buy/cgsh_order_operate.html?command=get_materiel&rest_code=00105&code=00101008271&supplier_code=00100203&order_time=2020-04-29 HTTP/1.1" 200 410
172.17.0.111 - - [29/Apr/2020:10:00:36 +0800] "GET /xingrg/all/function/internal_message.html?_=1588125639220&CODE_STATE=getMsg HTTP/1.1" 200 27
222.69.136.137 - - [29/Apr/2020:10:00:37 +0800] "GET /xingrg/javascript/auto/indicator.gif HTTP/1.1" 404 1066
222.69.136.137 - - [29/Apr/2020:10:00:39 +0800] "GET /xingrg/javascript/jquery_tools/images/prev.gif HTTP/1.1" 404 1086
222.69.136.137 - - [29/Apr/2020:10:00:39 +0800] "GET /xingrg/javascript/jquery_tools/images/next.gif HTTP/1.1" 404 1086
222.70.183.62 - - [29/Apr/2020:10:00:39 +0800] "GET /xingrg/all/function/internal_message.html?_=1588125973689&CODE_STATE=getMsg HTTP/1.1" 200 27
222.70.183.62 - - [29/Apr/2020:10:00:39 +0800] "GET /xingrg/check_reg.html?_=1588125973779 HTTP/1.1" 200 22
114.84.33.255 - - [29/Apr/2020:10:00:41 +0800] "GET /xingrg/all/function/internal_message.html?_=1588125649638&CODE_STATE=getMsg HTTP/1.1" 200 27
180.156.150.85 - - [29/Apr/2020:10:00:42 +0800] "GET /xingrg/kc/buy/cgsh_order_operate.html?command=get_materiel&rest_code=00105&code=00101008213&supplier_code=00100203&order_time=2020-04-29 HTTP/1.1" 200 412
172.17.0.123 - - [29/Apr/2020:10:00:43 +0800] "GET /xingrg/all/function/internal_message.html?_=1588125640938&CODE_STATE=getMsg HTTP/1.1" 200 27
180.156.150.85 - - [29/Apr/2020:10:00:48 +0800] "GET /xingrg/kc/buy/cgsh_order_operate.html?command=get_materiel&rest_code=00105&code=00101008105&supplier_code=00100203&order_time=2020-04-29 HTTP/1.1" 200 412
58.221.95.50 - - [29/Apr/2020:10:00:50 +0800] "GET /xingrg/all/function/internal_message.html?_=1588125676677&CODE_STATE=getMsg HTTP/1.1" 200 27
58.221.95.50 - - [29/Apr/2020:10:00:51 +0800] "GET /xingrg/all/function/internal_message.html?_=1588125677374&CODE_STATE=getMsg HTTP/1.1" 200 27
58.221.95.50 - - [29/Apr/2020:10:00:51 +0800] "GET /xingrg/all/function/internal_message.html?_=1588125677421&CODE_STATE=getMsg HTTP/1.1" 200 27
172.17.0.112 - - [29/Apr/2020:10:00:51 +0800] "GET /xingrg/all/function/internal_message.html?_=1588125650718&CODE_STATE=getMsg HTTP/1.1" 200 27
172.17.0.112 - - [29/Apr/2020:10:00:51 +0800] "GET /xingrg/check_reg.html?_=1588125650780 HTTP/1.1" 200 22
180.162.232.172 - - [29/Apr/2020:10:00:51 +0800] "GET /xingrg/all/function/internal_message.html?_=1588125651618&CODE_STATE=getMsg HTTP/1.1" 200 27
180.156.150.85 - - [29/Apr/2020:10:00:53 +0800] "GET /xingrg/kc/buy/cgsh_order_operate.html?command=get_materiel&rest_code=00105&code=00101008119&supplier_code=00100203&order_time=2020-04-29 HTTP/1.1" 200 412
114.84.33.255 - - [29/Apr/2020:10:00:55 +0800] "GET /xingrg/login.html HTTP/1.1" 200 7641
114.84.33.255 - - [29/Apr/2020:10:00:55 +0800] "GET /xingrg/all/function/internal_message.html?_=1588125659720&CODE_STATE=getMsg HTTP/1.1" 200 27
120.253.135.82 - - [29/Apr/2020:10:00:56 +0800] "GET /xingrg/check_reg.html?_=1588125406947 HTTP/1.1" 200 22
120.253.135.82 - - [29/Apr/2020:10:00:56 +0800] "GET /xingrg/all/function/internal_message.html?_=1588125407191&CODE_STATE=getMsg HTTP/1.1" 200 27
114.84.33.255 - - [29/Apr/2020:10:00:56 +0800] "GET /favicon.ico HTTP/1.1" 404 -
180.156.150.85 - - [29/Apr/2020:10:01:00 +0800] "GET /xingrg/kc/buy/cgsh_order_operate.html?command=get_materiel&rest_code=00105&code=00101008185&supplier_code=00100203&order_time=2020-04-29 HTTP/1.1" 200 408
222.69.136.137 - - [29/Apr/2020:10:01:01 +0800] "GET /xingrg/all/function/internal_message.html?_=1588125656125&CODE_STATE=getMsg HTTP/1.1" 200 27
124.77.110.230 - - [29/Apr/2020:10:01:03 +0800] "GET /xingrg/all/function/internal_message.html?_=1588124892823&CODE_STATE=getMsg HTTP/1.1" 200 27
222.69.136.137 - - [29/Apr/2020:10:01:05 +0800] "GET /xingrg/kc/buy/cgsh_order_operate.html?command=get_materiel&rest_code=00149&code=00101001104&supplier_code=00100039&order_time=2020-04-29 HTTP/1.1" 200 433
114.84.33.255 - - [29/Apr/2020:10:01:06 +0800] "POST /xingrg/login.do HTTP/1.1" 302 -
114.84.33.255 - - [29/Apr/2020:10:01:06 +0800] "GET /xingrg/index.html?sysBaseUrl=http%3A%2F%2F180.169.147.146%3A18081%2Fxingrg%2F&costTime=38×tamp=1588125666090 HTTP/1.1" 200 17419
114.84.33.255 - - [29/Apr/2020:10:01:06 +0800] "POST /xingrg/all/common/load_tree.html?tree=area_rest_tree_json&manage=1 HTTP/1.1" 200 351
114.84.33.255 - - [29/Apr/2020:10:01:06 +0800] "GET /xingrg/all/function/internal_message.html?_=1588125664451&CODE_STATE=count HTTP/1.1" 200 11
114.84.33.255 - - [29/Apr/2020:10:01:06 +0800] "GET /xingrg/check_reg.html?_=1588125664463 HTTP/1.1" 200 22
114.84.33.255 - - [29/Apr/2020:10:01:06 +0800] "GET /favicon.ico HTTP/1.1" 404 -
114.84.33.255 - - [29/Apr/2020:10:01:06 +0800] "POST /xingrg/load_menu.html HTTP/1.1" 200 9959
172.17.0.120 - - [29/Apr/2020:10:01:06 +0800] "GET /xingrg/all/function/internal_message.html?_=1588125664599&CODE_STATE=getMsg HTTP/1.1" 200 27
180.156.150.85 - - [29/Apr/2020:10:01:07 +0800] "GET /xingrg/kc/buy/cgsh_order_operate.html?command=get_materiel&rest_code=00105&code=00101008114&supplier_code=00100203&order_time=2020-04-29 HTTP/1.1" 200 412
114.84.33.255 - - [29/Apr/2020:10:01:09 +0800] "GET /xingrg/check_reg.html?_=1588125677516 HTTP/1.1" 200 22
222.70.183.62 - - [29/Apr/2020:10:01:12 +0800] "POST /xingrg/kc/buy/cgsh_order_operate.html HTTP/1.1" 200 37
222.70.183.62 - - [29/Apr/2020:10:01:14 +0800] "POST /xingrg/kc/buy/cgsh_order_operate.html HTTP/1.1" 200 34620
116.233.79.27 - - [29/Apr/2020:10:01:16 +0800] "GET /xingrg/all/function/internal_message.html?_=1588125678008&CODE_STATE=getMsg HTTP/1.1" 200 27
116.233.79.27 - - [29/Apr/2020:10:01:16 +0800] "GET /xingrg/check_reg.html?_=1588125678014 HTTP/1.1" 200 22
180.152.249.82 - - [29/Apr/2020:10:01:18 +0800] "POST /xingrg/kc/buy/cgsh_order_operate.html HTTP/1.1" 200 37
114.84.32.201 - - [29/Apr/2020:10:01:19 +0800] "GET /xingrg/check_reg.html?_=1588125677700 HTTP/1.1" 200 22
114.84.32.201 - - [29/Apr/2020:10:01:19 +0800] "GET /xingrg/all/function/internal_message.html?_=1588125677698&CODE_STATE=getMsg HTTP/1.1" 200 27
180.152.249.82 - - [29/Apr/2020:10:01:20 +0800] "POST /xingrg/kc/buy/cgsh_order_operate.html HTTP/1.1" 200 12
180.152.249.82 - - [29/Apr/2020:10:01:21 +0800] "GET /xingrg/kc/buy/cgsh_order_info.html?code=212020042907975 HTTP/1.1" 200 53005
180.156.150.85 - - [29/Apr/2020:10:01:21 +0800] "GET /xingrg/all/function/internal_message.html?_=1588125681306&CODE_STATE=getMsg HTTP/1.1" 200 27
114.86.190.97 - - [29/Apr/2020:10:01:22 +0800] "GET /xingrg/all/function/internal_message.html?_=1588125685404&CODE_STATE=getMsg HTTP/1.1" 200 27
180.152.249.82 - - [29/Apr/2020:10:01:23 +0800] "GET /xingrg/javascript/easyui/themes/default/validatebox.css HTTP/1.1" 404 1104
180.152.249.82 - - [29/Apr/2020:10:01:23 +0800] "POST /xingrg/kc/buy/cgsh_order_operate.html HTTP/1.1" 200 5971
222.70.183.62 - - [29/Apr/2020:10:01:23 +0800] "GET /xingrg/kc/print/load_data.html?order_code=212020042907974&kc_code=cgsh&condition= HTTP/1.1" 200 12811
180.152.249.82 - - [29/Apr/2020:10:01:24 +0800] "GET /xingrg/check_reg.html?_=1588125876437 HTTP/1.1" 200 22
180.152.249.82 - - [29/Apr/2020:10:01:25 +0800] "GET /xingrg/kc/print/load_data.html?order_code=212020042907975&kc_code=cgsh&condition= HTTP/1.1" 200 2828
180.152.249.82 - - [29/Apr/2020:10:01:28 +0800] "GET /xingrg/all/function/internal_message.html?_=1588125880538&CODE_STATE=getMsg HTTP/1.1" 200 27
172.17.0.101 - - [29/Apr/2020:10:01:29 +0800] "GET /xingrg/check_reg.html?_=1588125692891 HTTP/1.1" 200 22
172.17.0.101 - - [29/Apr/2020:10:01:29 +0800] "GET /xingrg/all/function/internal_message.html?_=1588125692889&CODE_STATE=getMsg HTTP/1.1" 200 27
180.152.249.82 - - [29/Apr/2020:10:01:34 +0800] "GET /xingrg/kc/buy/cgsh_order_add.html HTTP/1.1" 200 58105
172.17.0.111 - - [29/Apr/2020:10:01:36 +0800] "GET /xingrg/all/function/internal_message.html?_=1588125699205&CODE_STATE=getMsg HTTP/1.1" 200 27
180.152.249.82 - - [29/Apr/2020:10:01:36 +0800] "POST /xingrg/kc/buy/cgsh_order_operate.html HTTP/1.1" 200 8245
180.152.249.82 - - [29/Apr/2020:10:01:37 +0800] "GET /xingrg/javascript/easyui/themes/default/validatebox.css HTTP/1.1" 404 1104
222.70.183.62 - - [29/Apr/2020:10:01:39 +0800] "GET /xingrg/all/function/internal_message.html?_=1588126033708&CODE_STATE=getMsg HTTP/1.1" 200 27
114.84.33.255 - - [29/Apr/2020:10:01:41 +0800] "GET /xingrg/all/function/internal_message.html?_=1588125709654&CODE_STATE=getMsg HTTP/1.1" 200 27
180.152.249.82 - - [29/Apr/2020:10:01:41 +0800] "GET /xingrg/javascript/easyui/themes/default/tree.css HTTP/1.1" 404 1090
172.17.0.240 - - [29/Apr/2020:10:01:41 +0800] "GET /xingrg/check_reg.html?_=1588125698484 HTTP/1.1" 200 22
180.152.249.82 - - [29/Apr/2020:10:01:42 +0800] "POST /xingrg/all/common/load_tree.html?tree=supplier_tree_json&isDelete=1 HTTP/1.1" 200 47615
172.17.0.123 - - [29/Apr/2020:10:01:43 +0800] "GET /xingrg/all/function/internal_message.html?_=1588125700942&CODE_STATE=getMsg HTTP/1.1" 200 27
58.221.95.50 - - [29/Apr/2020:10:01:50 +0800] "GET /xingrg/all/function/internal_message.html?_=1588125736676&CODE_STATE=getMsg HTTP/1.1" 200 27
58.221.95.50 - - [29/Apr/2020:10:01:51 +0800] "GET /xingrg/all/function/internal_message.html?_=1588125737347&CODE_STATE=getMsg HTTP/1.1" 200 27
58.221.95.50 - - [29/Apr/2020:10:01:51 +0800] "GET /xingrg/all/function/internal_message.html?_=1588125737399&CODE_STATE=getMsg HTTP/1.1" 200 27
172.17.0.112 - - [29/Apr/2020:10:01:51 +0800] "GET /xingrg/all/function/internal_message.html?_=1588125710703&CODE_STATE=getMsg HTTP/1.1" 200 27
180.162.232.172 - - [29/Apr/2020:10:01:51 +0800] "GET /xingrg/all/function/internal_message.html?_=1588125711628&CODE_STATE=getMsg HTTP/1.1" 200 27
58.221.95.50 - - [29/Apr/2020:10:01:52 +0800] "GET /xingrg/check_reg.html?_=1588125738764 HTTP/1.1" 200 22
58.221.95.50 - - [29/Apr/2020:10:01:52 +0800] "GET /xingrg/check_reg.html?_=1588125738787 HTTP/1.1" 200 22
180.152.249.82 - - [29/Apr/2020:10:01:54 +0800] "GET /xingrg/kc/buy/cgsh_order_operate.html?command=get_materiel&rest_code=00102&code=00101012029&supplier_code=00100031&order_time=2020-04-29 HTTP/1.1" 200 412
114.84.33.255 - - [29/Apr/2020:10:01:56 +0800] "GET /xingrg/all/function/internal_message.html?_=1588125719949&CODE_STATE=getMsg HTTP/1.1" 200 27
120.253.135.82 - - [29/Apr/2020:10:01:56 +0800] "GET /xingrg/all/function/internal_message.html?_=1588125467204&CODE_STATE=getMsg HTTP/1.1" 200 27
180.156.150.85 - - [29/Apr/2020:10:01:56 +0800] "GET /xingrg/kc/buy/cgsh_order_operate.html?command=get_materiel&rest_code=00105&code=00101008101&supplier_code=00100203&order_time=2020-04-29 HTTP/1.1" 200 412
222.69.136.137 - - [29/Apr/2020:10:02:01 +0800] "GET /xingrg/all/function/internal_message.html?_=1588125716143&CODE_STATE=getMsg HTTP/1.1" 200 27
124.77.110.230 - - [29/Apr/2020:10:02:03 +0800] "GET /xingrg/check_reg.html?_=1588124952775 HTTP/1.1" 200 22
124.77.110.230 - - [29/Apr/2020:10:02:03 +0800] "GET /xingrg/all/function/internal_message.html?_=1588124952837&CODE_STATE=getMsg HTTP/1.1" 200 27
114.84.33.255 - - [29/Apr/2020:10:02:06 +0800] "GET /xingrg/all/function/internal_message.html?_=1588125724477&CODE_STATE=getMsg HTTP/1.1" 200 27
172.17.0.120 - - [29/Apr/2020:10:02:06 +0800] "GET /xingrg/all/function/internal_message.html?_=1588125724605&CODE_STATE=getMsg HTTP/1.1" 200 27
172.17.0.120 - - [29/Apr/2020:10:02:06 +0800] "GET /xingrg/check_reg.html?_=1588125724607 HTTP/1.1" 200 22
222.69.136.137 - - [29/Apr/2020:10:02:08 +0800] "GET /xingrg/kc/buy/cgsh_order_operate.html?command=get_materiel&rest_code=00149&code=00101002022&supplier_code=00100039&order_time=2020-04-29 HTTP/1.1" 200 429
180.156.150.85 - - [29/Apr/2020:10:02:12 +0800] "GET /xingrg/kc/buy/cgsh_order_operate.html?command=get_materiel&rest_code=00105&code=00101008197&supplier_code=00100203&order_time=2020-04-29 HTTP/1.1" 200 416
116.233.79.27 - - [29/Apr/2020:10:02:16 +0800] "GET /xingrg/all/function/internal_message.html?_=1588125738000&CODE_STATE=getMsg HTTP/1.1" 200 27
222.69.136.137 - - [29/Apr/2020:10:02:17 +0800] "GET /xingrg/kc/buy/cgsh_order_operate.html?command=get_materiel&rest_code=00149&code=00101001044&supplier_code=00100039&order_time=2020-04-29 HTTP/1.1" 200 430
114.84.32.201 - - [29/Apr/2020:10:02:19 +0800] "GET /xingrg/all/function/internal_message.html?_=1588125737685&CODE_STATE=getMsg HTTP/1.1" 200 27
180.156.150.85 - - [29/Apr/2020:10:02:19 +0800] "GET /xingrg/kc/buy/cgsh_order_operate.html?command=get_materiel&rest_code=00105&code=00101005037&supplier_code=00100203&order_time=2020-04-29 HTTP/1.1" 200 429
180.156.150.85 - - [29/Apr/2020:10:02:21 +0800] "GET /xingrg/all/function/internal_message.html?_=1588125741232&CODE_STATE=getMsg HTTP/1.1" 200 27
114.86.190.97 - - [29/Apr/2020:10:02:22 +0800] "GET /xingrg/all/function/internal_message.html?_=1588125745422&CODE_STATE=getMsg HTTP/1.1" 200 27
180.156.150.85 - - [29/Apr/2020:10:02:27 +0800] "POST /xingrg/kc/buy/cgsh_order_operate.html HTTP/1.1" 200 2065
172.17.0.101 - - [29/Apr/2020:10:02:28 +0800] "GET /xingrg/all/function/internal_message.html?_=1588125752893&CODE_STATE=getMsg HTTP/1.1" 200 27
180.152.249.82 - - [29/Apr/2020:10:02:29 +0800] "GET /xingrg/all/function/internal_message.html?_=1588125941075&CODE_STATE=getMsg HTTP/1.1" 200 27
180.156.150.85 - - [29/Apr/2020:10:02:29 +0800] "POST /xingrg/kc/buy/cgsh_order_operate.html HTTP/1.1" 200 2065
222.69.136.137 - - [29/Apr/2020:10:02:29 +0800] "GET /xingrg/kc/buy/cgsh_order_operate.html?command=get_materiel&rest_code=00149&code=00101003025&supplier_code=00100039&order_time=2020-04-29 HTTP/1.1" 200 409
172.17.0.111 - - [29/Apr/2020:10:02:36 +0800] "GET /xingrg/all/function/internal_message.html?_=1588125759186&CODE_STATE=getMsg HTTP/1.1" 200 27
222.70.183.62 - - [29/Apr/2020:10:02:39 +0800] "GET /xingrg/all/function/internal_message.html?_=1588126093711&CODE_STATE=getMsg HTTP/1.1" 200 27
114.84.33.255 - - [29/Apr/2020:10:02:41 +0800] "GET /xingrg/all/function/internal_message.html?_=1588125769666&CODE_STATE=getMsg HTTP/1.1" 200 27
180.156.150.85 - - [29/Apr/2020:10:02:42 +0800] "GET /xingrg/kc/buy/cgsh_order_operate.html?command=get_materiel&rest_code=00105&code=00101008248&supplier_code=00100203&order_time=2020-04-29 HTTP/1.1" 200 412
172.17.0.123 - - [29/Apr/2020:10:02:43 +0800] "GET /xingrg/all/function/internal_message.html?_=1588125760944&CODE_STATE=getMsg HTTP/1.1" 200 27
58.221.95.50 - - [29/Apr/2020:10:02:50 +0800] "GET /xingrg/all/function/internal_message.html?_=1588125796678&CODE_STATE=getMsg HTTP/1.1" 200 27
58.221.95.50 - - [29/Apr/2020:10:02:51 +0800] "GET /xingrg/all/function/internal_message.html?_=1588125797322&CODE_STATE=getMsg HTTP/1.1" 200 27
58.221.95.50 - - [29/Apr/2020:10:02:51 +0800] "GET /xingrg/all/function/internal_message.html?_=1588125797378&CODE_STATE=getMsg HTTP/1.1" 200 27
172.17.0.112 - - [29/Apr/2020:10:02:51 +0800] "GET /xingrg/all/function/internal_message.html?_=1588125770739&CODE_STATE=getMsg HTTP/1.1" 200 27
180.162.232.172 - - [29/Apr/2020:10:02:51 +0800] "GET /xingrg/all/function/internal_message.html?_=1588125771625&CODE_STATE=getMsg HTTP/1.1" 200 27
114.84.33.255 - - [29/Apr/2020:10:02:56 +0800] "GET /xingrg/all/function/internal_message.html?_=1588125779965&CODE_STATE=getMsg HTTP/1.1" 200 27
120.253.135.82 - - [29/Apr/2020:10:02:56 +0800] "GET /xingrg/all/function/internal_message.html?_=1588125527219&CODE_STATE=getMsg HTTP/1.1" 200 27
222.69.136.137 - - [29/Apr/2020:10:03:01 +0800] "GET /xingrg/all/function/internal_message.html?_=1588125776133&CODE_STATE=getMsg HTTP/1.1" 200 27
124.77.110.230 - - [29/Apr/2020:10:03:03 +0800] "GET /xingrg/all/function/internal_message.html?_=1588125012851&CODE_STATE=getMsg HTTP/1.1" 200 27
114.84.33.255 - - [29/Apr/2020:10:03:06 +0800] "GET /xingrg/all/function/internal_message.html?_=1588125784477&CODE_STATE=getMsg HTTP/1.1" 200 27
172.17.0.120 - - [29/Apr/2020:10:03:06 +0800] "GET /xingrg/all/function/internal_message.html?_=1588125784592&CODE_STATE=getMsg HTTP/1.1" 200 27
116.233.79.27 - - [29/Apr/2020:10:03:16 +0800] "GET /xingrg/all/function/internal_message.html?_=1588125798001&CODE_STATE=getMsg HTTP/1.1" 200 27
180.152.249.82 - - [29/Apr/2020:10:03:19 +0800] "GET /xingrg/kc/buy/cgsh_order_operate.html?command=get_materiel&rest_code=00102&code=00101016038&supplier_code=00100031&order_time=2020-04-29 HTTP/1.1" 200 408
114.84.32.201 - - [29/Apr/2020:10:03:19 +0800] "GET /xingrg/all/function/internal_message.html?_=1588125797684&CODE_STATE=getMsg HTTP/1.1" 200 27
180.156.150.85 - - [29/Apr/2020:10:03:21 +0800] "GET /xingrg/all/function/internal_message.html?_=1588125801241&CODE_STATE=getMsg HTTP/1.1" 200 27
180.156.150.85 - - [29/Apr/2020:10:03:21 +0800] "GET /xingrg/check_reg.html?_=1588125801246 HTTP/1.1" 200 22
114.86.190.97 - - [29/Apr/2020:10:03:22 +0800] "GET /xingrg/all/function/internal_message.html?_=1588125805432&CODE_STATE=getMsg HTTP/1.1" 200 27
180.152.249.82 - - [29/Apr/2020:10:03:26 +0800] "GET /xingrg/kc/buy/cgsh_order_operate.html?command=get_materiel&rest_code=00102&code=00101016071&supplier_code=00100031&order_time=2020-04-29 HTTP/1.1" 200 416
172.17.0.101 - - [29/Apr/2020:10:03:29 +0800] "GET /xingrg/all/function/internal_message.html?_=1588125812908&CODE_STATE=getMsg HTTP/1.1" 200 27
180.152.249.82 - - [29/Apr/2020:10:03:29 +0800] "GET /xingrg/all/function/internal_message.html?_=1588126001091&CODE_STATE=getMsg HTTP/1.1" 200 27
172.17.0.111 - - [29/Apr/2020:10:03:36 +0800] "GET /xingrg/all/function/internal_message.html?_=1588125819171&CODE_STATE=getMsg HTTP/1.1" 200 27
222.70.183.62 - - [29/Apr/2020:10:03:39 +0800] "GET /xingrg/all/function/internal_message.html?_=1588126153697&CODE_STATE=getMsg HTTP/1.1" 200 27
114.84.33.255 - - [29/Apr/2020:10:03:41 +0800] "GET /xingrg/all/function/internal_message.html?_=1588125829757&CODE_STATE=getMsg HTTP/1.1" 200 27
222.69.136.137 - - [29/Apr/2020:10:03:42 +0800] "POST /xingrg/kc/buy/cgsh_order_operate.html HTTP/1.1" 200 64
180.152.249.82 - - [29/Apr/2020:10:03:43 +0800] "POST /xingrg/kc/buy/cgsh_order_operate.html HTTP/1.1" 200 37
172.17.0.123 - - [29/Apr/2020:10:03:43 +0800] "GET /xingrg/check_reg.html?_=1588125820928 HTTP/1.1" 200 22
172.17.0.123 - - [29/Apr/2020:10:03:43 +0800] "GET /xingrg/all/function/internal_message.html?_=1588125820932&CODE_STATE=getMsg HTTP/1.1" 200 27
180.152.249.82 - - [29/Apr/2020:10:03:45 +0800] "POST /xingrg/kc/buy/cgsh_order_operate.html HTTP/1.1" 200 12
180.152.249.82 - - [29/Apr/2020:10:03:47 +0800] "GET /xingrg/kc/buy/cgsh_order_info.html?code=212020042907977 HTTP/1.1" 200 53007
180.152.249.82 - - [29/Apr/2020:10:03:48 +0800] "GET /xingrg/javascript/easyui/themes/default/validatebox.css HTTP/1.1" 404 1104
180.152.249.82 - - [29/Apr/2020:10:03:48 +0800] "POST /xingrg/kc/buy/cgsh_order_operate.html HTTP/1.1" 200 1788
58.221.95.50 - - [29/Apr/2020:10:03:50 +0800] "GET /xingrg/all/function/internal_message.html?_=1588125856710&CODE_STATE=getMsg HTTP/1.1" 200 27
58.221.95.50 - - [29/Apr/2020:10:03:51 +0800] "GET /xingrg/all/function/internal_message.html?_=1588125857304&CODE_STATE=getMsg HTTP/1.1" 200 27
58.221.95.50 - - [29/Apr/2020:10:03:51 +0800] "GET /xingrg/all/function/internal_message.html?_=1588125857349&CODE_STATE=getMsg HTTP/1.1" 200 27
172.17.0.112 - - [29/Apr/2020:10:03:51 +0800] "GET /xingrg/all/function/internal_message.html?_=1588125830703&CODE_STATE=getMsg HTTP/1.1" 200 27
180.162.232.172 - - [29/Apr/2020:10:03:51 +0800] "GET /xingrg/all/function/internal_message.html?_=1588125831634&CODE_STATE=getMsg HTTP/1.1" 200 27
180.162.232.172 - - [29/Apr/2020:10:03:51 +0800] "GET /xingrg/check_reg.html?_=1588125831638 HTTP/1.1" 200 22
180.152.249.82 - - [29/Apr/2020:10:03:52 +0800] "GET /xingrg/kc/print/load_data.html?order_code=212020042907977&kc_code=cgsh&condition= HTTP/1.1" 200 1144
222.69.136.137 - - [29/Apr/2020:10:03:52 +0800] "GET /xingrg/kc/buy/cgsh_order_add.html HTTP/1.1" 200 58199
222.69.136.137 - - [29/Apr/2020:10:03:53 +0800] "POST /xingrg/kc/buy/cgsh_order_operate.html HTTP/1.1" 200 8245
222.69.136.137 - - [29/Apr/2020:10:03:53 +0800] "GET /xingrg/javascript/easyui/themes/default/validatebox.css HTTP/1.1" 404 1104
114.84.33.255 - - [29/Apr/2020:10:03:56 +0800] "GET /xingrg/all/function/internal_message.html?_=1588125840193&CODE_STATE=getMsg HTTP/1.1" 200 27
120.253.135.82 - - [29/Apr/2020:10:03:56 +0800] "GET /xingrg/all/function/internal_message.html?_=1588125587259&CODE_STATE=getMsg HTTP/1.1" 200 27
114.84.33.255 - - [29/Apr/2020:10:03:59 +0800] "GET /xingrg/check_reg.html?_=1588125843680 HTTP/1.1" 200 22
222.69.136.137 - - [29/Apr/2020:10:04:01 +0800] "GET /xingrg/check_reg.html?_=1588125836149 HTTP/1.1" 200 22
222.69.136.137 - - [29/Apr/2020:10:04:01 +0800] "GET /xingrg/all/function/internal_message.html?_=1588125836156&CODE_STATE=getMsg HTTP/1.1" 200 27
124.77.110.230 - - [29/Apr/2020:10:04:03 +0800] "GET /xingrg/all/function/internal_message.html?_=1588125072864&CODE_STATE=getMsg HTTP/1.1" 200 27
172.17.0.111 - - [29/Apr/2020:10:04:04 +0800] "GET /xingrg/check_reg.html?_=1588125846596 HTTP/1.1" 200 22
114.84.33.255 - - [29/Apr/2020:10:04:06 +0800] "GET /xingrg/all/function/internal_message.html?_=1588125844476&CODE_STATE=getMsg HTTP/1.1" 200 27
172.17.0.120 - - [29/Apr/2020:10:04:06 +0800] "GET /xingrg/all/function/internal_message.html?_=1588125844597&CODE_STATE=getMsg HTTP/1.1" 200 27
116.233.79.27 - - [29/Apr/2020:10:04:16 +0800] "GET /xingrg/all/function/internal_message.html?_=1588125858001&CODE_STATE=getMsg HTTP/1.1" 200 27
114.84.32.201 - - [29/Apr/2020:10:04:19 +0800] "GET /xingrg/all/function/internal_message.html?_=1588125857701&CODE_STATE=getMsg HTTP/1.1" 200 27
180.156.150.85 - - [29/Apr/2020:10:04:21 +0800] "GET /xingrg/all/function/internal_message.html?_=1588125861220&CODE_STATE=getMsg HTTP/1.1" 200 27
114.86.190.97 - - [29/Apr/2020:10:04:22 +0800] "GET /xingrg/check_reg.html?_=1588125864825 HTTP/1.1" 200 22
114.86.190.97 - - [29/Apr/2020:10:04:22 +0800] "GET /xingrg/all/function/internal_message.html?_=1588125865444&CODE_STATE=getMsg HTTP/1.1" 200 27
172.17.0.101 - - [29/Apr/2020:10:04:29 +0800] "GET /xingrg/all/function/internal_message.html?_=1588125872909&CODE_STATE=getMsg HTTP/1.1" 200 27
180.152.249.82 - - [29/Apr/2020:10:04:29 +0800] "GET /xingrg/all/function/internal_message.html?_=1588126061103&CODE_STATE=getMsg HTTP/1.1" 200 27
180.152.249.82 - - [29/Apr/2020:10:04:36 +0800] "POST /xingrg/kc/buy/cgsh_list_operate.html HTTP/1.1" 200 1704
172.17.0.111 - - [29/Apr/2020:10:04:36 +0800] "GET /xingrg/all/function/internal_message.html?_=1588125879147&CODE_STATE=getMsg HTTP/1.1" 200 27
180.156.150.85 - - [29/Apr/2020:10:04:39 +0800] "GET /xingrg/kc/buy/cgsh_order_operate.html?command=get_materiel&rest_code=00105&code=00101008210&supplier_code=00100203&order_time=2020-04-29 HTTP/1.1" 200 408
222.70.183.62 - - [29/Apr/2020:10:04:39 +0800] "GET /xingrg/all/function/internal_message.html?_=1588126213698&CODE_STATE=getMsg HTTP/1.1" 200 27
114.84.33.255 - - [29/Apr/2020:10:04:41 +0800] "GET /xingrg/all/function/internal_message.html?_=1588125889772&CODE_STATE=getMsg HTTP/1.1" 200 27
180.152.249.82 - - [29/Apr/2020:10:04:42 +0800] "POST /xingrg/kc/buy/cgsh_list_operate.html HTTP/1.1" 200 5794
172.17.0.123 - - [29/Apr/2020:10:04:43 +0800] "GET /xingrg/all/function/internal_message.html?_=1588125880934&CODE_STATE=getMsg HTTP/1.1" 200 27
180.156.150.85 - - [29/Apr/2020:10:04:47 +0800] "GET /xingrg/kc/buy/cgsh_order_operate.html?command=get_materiel&rest_code=00105&code=00101008027&supplier_code=00100203&order_time=2020-04-29 HTTP/1.1" 200 408
58.221.95.50 - - [29/Apr/2020:10:04:50 +0800] "GET /xingrg/all/function/internal_message.html?_=1588125916707&CODE_STATE=getMsg HTTP/1.1" 200 27
58.221.95.50 - - [29/Apr/2020:10:04:50 +0800] "GET /xingrg/check_reg.html?_=1588125916711 HTTP/1.1" 200 22
