222.69.136.137 - - [29/Apr/2020:10:37:22 +0800] "GET /xingrg/kc/buy/cgsh_order_operate.html?command=get_materiel&rest_code=00149&code=00101008305&supplier_code=00100005&order_time=2020-04-29 HTTP/1.1" 200 412
117.184.7.26 - - [29/Apr/2020:10:37:22 +0800] "GET /xingrg/kc/print/load_data.html?order_code=212020042907984&kc_code=cgsh&condition= HTTP/1.1" 200 9364
114.86.190.97 - - [29/Apr/2020:10:37:23 +0800] "GET /xingrg/all/function/internal_message.html?_=1588127845898&CODE_STATE=getMsg HTTP/1.1" 200 27
114.86.190.97 - - [29/Apr/2020:10:37:23 +0800] "POST /xingrg/system/rest/edit_item.html HTTP/1.1" 200 4
114.86.190.97 - - [29/Apr/2020:10:37:23 +0800] "GET /xingrg/system/rest/get_item.html?table=menu&target=menu_rest&id=1981&_=1588127840033 HTTP/1.1" 200 777
116.230.68.52 - - [29/Apr/2020:10:37:25 +0800] "GET /favicon.ico HTTP/1.1" 404 -
222.69.136.137 - - [29/Apr/2020:10:37:28 +0800] "GET /xingrg/kc/buy/cgsh_order_operate.html?command=get_materiel&rest_code=00149&code=00101008330&supplier_code=00100005&order_time=2020-04-29 HTTP/1.1" 200 408
172.17.0.101 - - [29/Apr/2020:10:37:29 +0800] "GET /xingrg/all/function/internal_message.html?_=1588127853039&CODE_STATE=getMsg HTTP/1.1" 200 27
117.131.5.26 - - [29/Apr/2020:10:37:31 +0800] "GET /xingrg/check_reg.html?_=1588127858125 HTTP/1.1" 200 22
114.86.190.97 - - [29/Apr/2020:10:37:33 +0800] "GET /xingrg/system/rest/query_items.html?_=1588127849706&table=menu&page=1&rows=20&categoryId=&key=%25E9%2595%25BF%25E8%2584%259A%25E8%259F%25B9 HTTP/1.1" 200 998
180.152.249.82 - - [29/Apr/2020:10:37:33 +0800] "GET /xingrg/all/function/internal_message.html?_=1588128045858&CODE_STATE=getMsg HTTP/1.1" 200 27
114.86.190.97 - - [29/Apr/2020:10:37:34 +0800] "GET /xingrg/system/rest/query_items.html?_=1588127850922&table=menu&page=1&rows=20&categoryId=&key=%25E9%2595%25BF%25E8%2584%259A%25E8%259F%25B9 HTTP/1.1" 200 998
114.86.190.97 - - [29/Apr/2020:10:37:35 +0800] "GET /xingrg/system/rest/get_item.html?table=menu&id=2017&_=1588127851408 HTTP/1.1" 200 974
114.86.190.97 - - [29/Apr/2020:10:37:35 +0800] "GET /xingrg/system/rest/get_item.html?table=menu&target=menu_rest&id=2017&_=1588127851421 HTTP/1.1" 200 982
114.86.190.97 - - [29/Apr/2020:10:37:35 +0800] "GET /xingrg/system/rest/get_item.html?table=menu&target=cook_mode&id=2017&_=1588127851419 HTTP/1.1" 200 12970
114.86.190.97 - - [29/Apr/2020:10:37:35 +0800] "GET /xingrg/system/rest/get_infos.html?command=menu_img_show&id=2017 HTTP/1.1" 200 5
172.17.0.111 - - [29/Apr/2020:10:37:35 +0800] "GET /xingrg/all/function/internal_message.html?_=1588127858506&CODE_STATE=getMsg HTTP/1.1" 200 27
114.86.190.97 - - [29/Apr/2020:10:37:36 +0800] "GET /xingrg/all/function/internal_message.html?_=1588127852468&CODE_STATE=getMsg HTTP/1.1" 200 27
114.86.190.97 - - [29/Apr/2020:10:37:38 +0800] "GET /xingrg/system/rest/get_item.html?table=menu&target=menu_rest_detail&id=2017&sid=14&_=1588127854756 HTTP/1.1" 200 429
222.70.183.62 - - [29/Apr/2020:10:37:39 +0800] "GET /xingrg/all/function/internal_message.html?_=1588128193741&CODE_STATE=getMsg HTTP/1.1" 200 27
114.84.33.255 - - [29/Apr/2020:10:37:42 +0800] "GET /xingrg/all/function/internal_message.html?_=1588127870953&CODE_STATE=getMsg HTTP/1.1" 200 27
172.17.0.123 - - [29/Apr/2020:10:37:43 +0800] "GET /xingrg/all/function/internal_message.html?_=1588127860930&CODE_STATE=getMsg HTTP/1.1" 200 27
117.131.5.26 - - [29/Apr/2020:10:37:44 +0800] "GET /xingrg/all/function/internal_message.html?_=1588127871656&CODE_STATE=getMsg HTTP/1.1" 200 27
117.185.32.26 - - [29/Apr/2020:10:37:45 +0800] "GET /xingrg/check_reg.html?_=1588127858652 HTTP/1.1" 200 22
117.185.32.26 - - [29/Apr/2020:10:37:45 +0800] "GET /xingrg/all/function/internal_message.html?_=1588127858654&CODE_STATE=getMsg HTTP/1.1" 200 27
114.86.190.97 - - [29/Apr/2020:10:37:45 +0800] "GET /xingrg/system/rest/query_items.html?_=1588127862289&table=menu&page=1&rows=20&categoryId=&key=%25E6%2596%2591%25E8%258A%2582%25E8%2599%25BE HTTP/1.1" 200 1901
114.86.190.97 - - [29/Apr/2020:10:37:48 +0800] "GET /xingrg/system/rest/query_items.html?_=1588127864487&table=menu&page=1&rows=20&categoryId=&key=%25E6%2596%2591%25E8%258A%2582%25E8%2599%25BE HTTP/1.1" 200 1901
114.86.190.97 - - [29/Apr/2020:10:37:48 +0800] "GET /xingrg/system/rest/get_item.html?table=menu&id=1996&_=1588127864924 HTTP/1.1" 200 956
114.86.190.97 - - [29/Apr/2020:10:37:48 +0800] "GET /xingrg/system/rest/get_item.html?table=menu&target=menu_rest&id=1996&_=1588127864934 HTTP/1.1" 200 772
114.86.190.97 - - [29/Apr/2020:10:37:48 +0800] "GET /xingrg/system/rest/get_item.html?table=menu&target=cook_mode&id=1996&_=1588127864932 HTTP/1.1" 200 14339
114.86.190.97 - - [29/Apr/2020:10:37:49 +0800] "GET /xingrg/system/rest/get_infos.html?command=menu_img_show&id=1996 HTTP/1.1" 200 5
58.221.95.50 - - [29/Apr/2020:10:37:50 +0800] "GET /xingrg/all/function/internal_message.html?_=1588127896542&CODE_STATE=getMsg HTTP/1.1" 200 27
58.221.95.50 - - [29/Apr/2020:10:37:50 +0800] "GET /xingrg/all/function/internal_message.html?_=1588127896581&CODE_STATE=getMsg HTTP/1.1" 200 27
58.221.95.50 - - [29/Apr/2020:10:37:50 +0800] "GET /xingrg/all/function/internal_message.html?_=1588127896762&CODE_STATE=getMsg HTTP/1.1" 200 27
114.86.190.97 - - [29/Apr/2020:10:37:51 +0800] "GET /xingrg/system/rest/get_item.html?table=menu&target=menu_rest_detail&id=1996&sid=14&_=1588127867883 HTTP/1.1" 200 430
172.17.0.112 - - [29/Apr/2020:10:37:51 +0800] "GET /xingrg/all/function/internal_message.html?_=1588127870705&CODE_STATE=getMsg HTTP/1.1" 200 27
180.162.232.172 - - [29/Apr/2020:10:37:51 +0800] "GET /xingrg/all/function/internal_message.html?_=1588127871753&CODE_STATE=getMsg HTTP/1.1" 200 27
120.253.135.82 - - [29/Apr/2020:10:37:56 +0800] "GET /xingrg/all/function/internal_message.html?_=1588127627898&CODE_STATE=getMsg HTTP/1.1" 200 27
114.86.190.97 - - [29/Apr/2020:10:37:57 +0800] "GET /xingrg/system/rest/query_items.html?_=1588127873689&table=menu&page=1&rows=20&categoryId=&key=%25E8%258D%2589%25E8%2599%25BE HTTP/1.1" 200 1751
114.84.33.255 - - [29/Apr/2020:10:37:58 +0800] "GET /xingrg/all/function/internal_message.html?_=1588127882827&CODE_STATE=getMsg HTTP/1.1" 200 27
114.86.190.97 - - [29/Apr/2020:10:37:58 +0800] "GET /xingrg/system/rest/query_items.html?_=1588127875238&table=menu&page=1&rows=20&categoryId=&key=%25E8%258D%2589%25E8%2599%25BE HTTP/1.1" 200 1751
114.86.190.97 - - [29/Apr/2020:10:37:59 +0800] "GET /xingrg/system/rest/get_item.html?table=menu&id=1998&_=1588127875663 HTTP/1.1" 200 963
114.86.190.97 - - [29/Apr/2020:10:37:59 +0800] "GET /xingrg/system/rest/get_item.html?table=menu&target=menu_rest&id=1998&_=1588127875673 HTTP/1.1" 200 946
114.86.190.97 - - [29/Apr/2020:10:37:59 +0800] "GET /xingrg/system/rest/get_item.html?table=menu&target=cook_mode&id=1998&_=1588127875672 HTTP/1.1" 200 11442
114.86.190.97 - - [29/Apr/2020:10:37:59 +0800] "GET /xingrg/system/rest/get_infos.html?command=menu_img_show&id=1998 HTTP/1.1" 200 5
114.84.33.255 - - [29/Apr/2020:10:38:00 +0800] "GET /xingrg/kc/buy/cgsh_order_operate.html?command=get_materiel&rest_code=00146&code=00101010079&supplier_code=00100336&order_time=2020-04-29 HTTP/1.1" 200 433
117.184.7.26 - - [29/Apr/2020:10:38:01 +0800] "GET /xingrg/check_reg.html?_=1588127875608 HTTP/1.1" 200 22
222.69.136.137 - - [29/Apr/2020:10:38:01 +0800] "GET /xingrg/all/function/internal_message.html?_=1588127876178&CODE_STATE=getMsg HTTP/1.1" 200 27
117.184.7.26 - - [29/Apr/2020:10:38:01 +0800] "GET /xingrg/all/function/internal_message.html?_=1588127875643&CODE_STATE=getMsg HTTP/1.1" 200 27
114.86.190.97 - - [29/Apr/2020:10:38:01 +0800] "GET /xingrg/system/rest/get_item.html?table=menu&target=menu_rest_detail&id=1998&sid=14&_=1588127878198 HTTP/1.1" 200 427
124.77.110.230 - - [29/Apr/2020:10:38:04 +0800] "GET /xingrg/all/function/internal_message.html?_=1588127113325&CODE_STATE=getMsg HTTP/1.1" 200 27
172.17.0.120 - - [29/Apr/2020:10:38:06 +0800] "GET /xingrg/all/function/internal_message.html?_=1588127884592&CODE_STATE=getMsg HTTP/1.1" 200 27
114.86.190.97 - - [29/Apr/2020:10:38:08 +0800] "GET /xingrg/system/rest/query_items.html?_=1588127884552&table=menu&page=1&rows=20&categoryId=&key=%25E7%25AC%258B%25E5%25A3%25B3%25E9%25B1%25BC HTTP/1.1" 200 2460
114.86.190.97 - - [29/Apr/2020:10:38:10 +0800] "GET /xingrg/system/rest/query_items.html?_=1588127886864&table=menu&page=1&rows=20&categoryId=&key=%25E7%25AC%258B%25E5%25A3%25B3%25E9%25B1%25BC HTTP/1.1" 200 2460
114.86.190.97 - - [29/Apr/2020:10:38:10 +0800] "GET /xingrg/system/rest/get_item.html?table=menu&id=1940&_=1588127887337 HTTP/1.1" 200 966
114.86.190.97 - - [29/Apr/2020:10:38:10 +0800] "GET /xingrg/system/rest/get_item.html?table=menu&target=menu_rest&id=1940&_=1588127887346 HTTP/1.1" 200 869
114.86.190.97 - - [29/Apr/2020:10:38:10 +0800] "GET /xingrg/system/rest/get_item.html?table=menu&target=cook_mode&id=1940&_=1588127887344 HTTP/1.1" 200 10495
114.86.190.97 - - [29/Apr/2020:10:38:11 +0800] "GET /xingrg/system/rest/get_infos.html?command=menu_img_show&id=1940 HTTP/1.1" 200 5
114.86.190.97 - - [29/Apr/2020:10:38:13 +0800] "GET /xingrg/system/rest/get_item.html?table=menu&target=menu_rest_detail&id=1940&sid=14&_=1588127890364 HTTP/1.1" 200 426
222.70.208.105 - - [29/Apr/2020:10:38:18 +0800] "GET /xingrg/all/function/internal_message.html?_=1588127895179&CODE_STATE=getMsg HTTP/1.1" 302 -
222.70.208.105 - - [29/Apr/2020:10:38:19 +0800] "GET /xingrg/all/function/internal_message.html?_=1588127895328&CODE_STATE=getMsg HTTP/1.1" 302 -
114.86.190.97 - - [29/Apr/2020:10:38:19 +0800] "GET /xingrg/system/rest/query_items.html?_=1588127896065&table=menu&page=1&rows=20&categoryId=&key=2001 HTTP/1.1" 200 249
114.84.32.201 - - [29/Apr/2020:10:38:19 +0800] "GET /xingrg/all/function/internal_message.html?_=1588127897720&CODE_STATE=getMsg HTTP/1.1" 200 27
114.86.190.97 - - [29/Apr/2020:10:38:20 +0800] "GET /xingrg/system/rest/query_items.html?_=1588127897348&table=menu&page=1&rows=20&categoryId=&key=2001 HTTP/1.1" 200 249
114.86.190.97 - - [29/Apr/2020:10:38:21 +0800] "GET /xingrg/system/rest/get_item.html?table=menu&id=2001&_=1588127897756 HTTP/1.1" 200 934
114.86.190.97 - - [29/Apr/2020:10:38:21 +0800] "GET /xingrg/system/rest/get_item.html?table=menu&target=menu_rest&id=2001&_=1588127897765 HTTP/1.1" 200 840
114.86.190.97 - - [29/Apr/2020:10:38:21 +0800] "GET /xingrg/system/rest/get_item.html?table=menu&target=cook_mode&id=2001&_=1588127897764 HTTP/1.1" 200 8443
180.156.150.85 - - [29/Apr/2020:10:38:21 +0800] "GET /xingrg/all/function/internal_message.html?_=1588127901195&CODE_STATE=getMsg HTTP/1.1" 200 27
114.86.190.97 - - [29/Apr/2020:10:38:21 +0800] "GET /xingrg/system/rest/get_infos.html?command=menu_img_show&id=2001 HTTP/1.1" 200 5
180.156.150.85 - - [29/Apr/2020:10:38:21 +0800] "GET /xingrg/check_reg.html?_=1588127901292 HTTP/1.1" 200 22
114.86.190.97 - - [29/Apr/2020:10:38:23 +0800] "GET /xingrg/all/function/internal_message.html?_=1588127905906&CODE_STATE=getMsg HTTP/1.1" 200 27
114.86.190.97 - - [29/Apr/2020:10:38:23 +0800] "GET /xingrg/system/rest/get_item.html?table=menu&target=menu_rest_detail&id=2001&sid=14&_=1588127900181 HTTP/1.1" 200 427
114.88.159.93 - - [29/Apr/2020:10:38:26 +0800] "GET /favicon.ico HTTP/1.1" 404 -
172.17.0.101 - - [29/Apr/2020:10:38:29 +0800] "GET /xingrg/all/function/internal_message.html?_=1588127913039&CODE_STATE=getMsg HTTP/1.1" 200 27
180.152.249.82 - - [29/Apr/2020:10:38:34 +0800] "GET /xingrg/all/function/internal_message.html?_=1588128106418&CODE_STATE=getMsg HTTP/1.1" 200 27
114.82.213.91 - - [29/Apr/2020:10:38:34 +0800] "GET /xingrg HTTP/1.1" 302 -
114.84.33.255 - - [29/Apr/2020:10:38:35 +0800] "POST /xingrg/kc/buy/cgsh_order_operate.html HTTP/1.1" 200 37
172.17.0.111 - - [29/Apr/2020:10:38:35 +0800] "GET /xingrg/all/function/internal_message.html?_=1588127918475&CODE_STATE=getMsg HTTP/1.1" 200 27
114.84.33.255 - - [29/Apr/2020:10:38:36 +0800] "POST /xingrg/kc/buy/cgsh_order_operate.html HTTP/1.1" 200 2657
114.86.190.97 - - [29/Apr/2020:10:38:36 +0800] "GET /xingrg/check_reg.html?_=1588127912468 HTTP/1.1" 200 22
114.86.190.97 - - [29/Apr/2020:10:38:36 +0800] "GET /xingrg/all/function/internal_message.html?_=1588127912473&CODE_STATE=getMsg HTTP/1.1" 200 27
114.82.213.91 - - [29/Apr/2020:10:38:38 +0800] "GET /xingrg/index.html HTTP/1.1" 302 -
114.82.213.91 - - [29/Apr/2020:10:38:38 +0800] "GET /xingrg/login.html HTTP/1.1" 200 7641
114.82.213.91 - - [29/Apr/2020:10:38:39 +0800] "GET /favicon.ico HTTP/1.1" 404 -
222.70.183.62 - - [29/Apr/2020:10:38:39 +0800] "GET /xingrg/all/function/internal_message.html?_=1588128253742&CODE_STATE=getMsg HTTP/1.1" 200 27
114.82.213.91 - - [29/Apr/2020:10:38:41 +0800] "GET /favicon.ico HTTP/1.1" 404 -
114.84.33.255 - - [29/Apr/2020:10:38:42 +0800] "GET /xingrg/all/function/internal_message.html?_=1588127931028&CODE_STATE=getMsg HTTP/1.1" 200 27
172.17.0.123 - - [29/Apr/2020:10:38:43 +0800] "GET /xingrg/all/function/internal_message.html?_=1588127920932&CODE_STATE=getMsg HTTP/1.1" 200 27
172.17.0.123 - - [29/Apr/2020:10:38:43 +0800] "GET /xingrg/check_reg.html?_=1588127920934 HTTP/1.1" 200 22
117.131.5.26 - - [29/Apr/2020:10:38:44 +0800] "GET /xingrg/all/function/internal_message.html?_=1588127931656&CODE_STATE=getMsg HTTP/1.1" 200 27
117.185.32.26 - - [29/Apr/2020:10:38:45 +0800] "GET /xingrg/all/function/internal_message.html?_=1588127918653&CODE_STATE=getMsg HTTP/1.1" 200 27
114.86.190.97 - - [29/Apr/2020:10:38:50 +0800] "GET /xingrg/system/rest/query_items.html?_=1588127926659&table=menu&page=1&rows=20&categoryId=&key=%25E8%2580%2581%25E8%2599%258E%25E6%2596%2591 HTTP/1.1" 200 3937
58.221.95.50 - - [29/Apr/2020:10:38:50 +0800] "GET /xingrg/all/function/internal_message.html?_=1588127956512&CODE_STATE=getMsg HTTP/1.1" 200 27
58.221.95.50 - - [29/Apr/2020:10:38:50 +0800] "GET /xingrg/all/function/internal_message.html?_=1588127956562&CODE_STATE=getMsg HTTP/1.1" 200 27
58.221.95.50 - - [29/Apr/2020:10:38:50 +0800] "GET /xingrg/all/function/internal_message.html?_=1588127956762&CODE_STATE=getMsg HTTP/1.1" 200 27
172.17.0.112 - - [29/Apr/2020:10:38:51 +0800] "GET /xingrg/all/function/internal_message.html?_=1588127930708&CODE_STATE=getMsg HTTP/1.1" 200 27
180.162.232.172 - - [29/Apr/2020:10:38:51 +0800] "GET /xingrg/all/function/internal_message.html?_=1588127931749&CODE_STATE=getMsg HTTP/1.1" 200 27
180.162.232.172 - - [29/Apr/2020:10:38:51 +0800] "GET /xingrg/check_reg.html?_=1588127931753 HTTP/1.1" 200 22
114.86.190.97 - - [29/Apr/2020:10:38:52 +0800] "GET /xingrg/system/rest/query_items.html?_=1588127928660&table=menu&page=1&rows=20&categoryId=&key=%25E8%2580%2581%25E8%2599%258E%25E6%2596%2591 HTTP/1.1" 200 3937
114.86.190.97 - - [29/Apr/2020:10:38:52 +0800] "GET /xingrg/system/rest/get_item.html?table=menu&id=1909&_=1588127929071 HTTP/1.1" 200 941
114.86.190.97 - - [29/Apr/2020:10:38:52 +0800] "GET /xingrg/system/rest/get_item.html?table=menu&target=menu_rest&id=1909&_=1588127929079 HTTP/1.1" 200 949
114.86.190.97 - - [29/Apr/2020:10:38:52 +0800] "GET /xingrg/system/rest/get_item.html?table=menu&target=cook_mode&id=1909&_=1588127929078 HTTP/1.1" 200 11038
114.86.190.97 - - [29/Apr/2020:10:38:53 +0800] "GET /xingrg/system/rest/get_infos.html?command=menu_img_show&id=1909 HTTP/1.1" 200 5
114.86.190.97 - - [29/Apr/2020:10:38:56 +0800] "GET /xingrg/system/rest/get_item.html?table=menu&target=menu_rest_detail&id=1909&sid=14&_=1588127932707 HTTP/1.1" 200 428
114.82.213.91 - - [29/Apr/2020:10:38:56 +0800] "POST /xingrg/login.do HTTP/1.1" 302 -
114.82.213.91 - - [29/Apr/2020:10:38:56 +0800] "GET /xingrg/index.html?sysBaseUrl=http%3A%2F%2F180.169.147.146%3A18081%2Fxingrg%2F&costTime=37×tamp=1588127936375 HTTP/1.1" 200 17179
114.82.213.91 - - [29/Apr/2020:10:38:56 +0800] "GET /favicon.ico HTTP/1.1" 404 -
114.82.213.91 - - [29/Apr/2020:10:38:56 +0800] "POST /xingrg/all/common/load_tree.html?tree=area_rest_tree_json&manage=1 HTTP/1.1" 200 351
120.253.135.82 - - [29/Apr/2020:10:38:57 +0800] "GET /xingrg/all/function/internal_message.html?_=1588127687937&CODE_STATE=getMsg HTTP/1.1" 200 27
114.82.213.91 - - [29/Apr/2020:10:38:57 +0800] "GET /xingrg/all/function/internal_message.html?_=1588127002597&CODE_STATE=count HTTP/1.1" 200 11
114.82.213.91 - - [29/Apr/2020:10:38:57 +0800] "GET /xingrg/check_reg.html?_=1588127002599 HTTP/1.1" 200 22
114.82.213.91 - - [29/Apr/2020:10:38:57 +0800] "POST /xingrg/load_menu.html HTTP/1.1" 200 5138
114.84.33.255 - - [29/Apr/2020:10:38:58 +0800] "GET /xingrg/all/function/internal_message.html?_=1588127942841&CODE_STATE=getMsg HTTP/1.1" 200 27
114.84.33.255 - - [29/Apr/2020:10:38:59 +0800] "GET /xingrg/check_reg.html?_=1588127943730 HTTP/1.1" 200 22
114.82.213.91 - - [29/Apr/2020:10:39:00 +0800] "GET /xingrg/kc/buy/buy_main.html HTTP/1.1" 200 12412
114.82.213.91 - - [29/Apr/2020:10:39:00 +0800] "GET /xingrg/css/new_ie.css HTTP/1.1" 404 1036
117.184.7.26 - - [29/Apr/2020:10:39:01 +0800] "GET /xingrg/all/function/internal_message.html?_=1588127935626&CODE_STATE=getMsg HTTP/1.1" 200 27
222.69.136.137 - - [29/Apr/2020:10:39:01 +0800] "GET /xingrg/all/function/internal_message.html?_=1588127936196&CODE_STATE=getMsg HTTP/1.1" 200 27
222.69.136.137 - - [29/Apr/2020:10:39:01 +0800] "GET /xingrg/check_reg.html?_=1588127936230 HTTP/1.1" 200 22
114.82.213.91 - - [29/Apr/2020:10:39:02 +0800] "GET /xingrg/images/yd/bt.gif HTTP/1.1" 404 1040
114.82.213.91 - - [29/Apr/2020:10:39:03 +0800] "GET /xingrg/kc/buy/cgsh_order_list.html HTTP/1.1" 200 42584
114.84.33.255 - - [29/Apr/2020:10:39:03 +0800] "POST /xingrg/kc/buy/cgsh_order_operate.html HTTP/1.1" 200 37
114.86.190.97 - - [29/Apr/2020:10:39:03 +0800] "POST /xingrg/system/rest/edit_item.html HTTP/1.1" 200 4
114.86.190.97 - - [29/Apr/2020:10:39:03 +0800] "GET /xingrg/system/rest/get_item.html?table=menu&target=menu_rest&id=1909&_=1588127940400 HTTP/1.1" 200 948
172.17.0.111 - - [29/Apr/2020:10:39:04 +0800] "GET /xingrg/check_reg.html?_=1588127946637 HTTP/1.1" 200 22
124.77.110.230 - - [29/Apr/2020:10:39:04 +0800] "GET /xingrg/all/function/internal_message.html?_=1588127173340&CODE_STATE=getMsg HTTP/1.1" 200 27
114.84.33.255 - - [29/Apr/2020:10:39:04 +0800] "POST /xingrg/kc/buy/cgsh_order_operate.html HTTP/1.1" 200 2657
114.84.33.255 - - [29/Apr/2020:10:39:06 +0800] "GET /xingrg/kc/print/load_data.html?order_code=212020042907989&kc_code=cgsh&condition= HTTP/1.1" 200 679
172.17.0.120 - - [29/Apr/2020:10:39:06 +0800] "GET /xingrg/all/function/internal_message.html?_=1588127944596&CODE_STATE=getMsg HTTP/1.1" 200 27
114.82.213.91 - - [29/Apr/2020:10:39:07 +0800] "POST /xingrg/kc/buy/cgsh_list_operate.html HTTP/1.1" 200 2059
114.82.213.91 - - [29/Apr/2020:10:39:10 +0800] "GET /xingrg/kc/buy/cgsh_order_add.html HTTP/1.1" 200 57390
114.82.213.91 - - [29/Apr/2020:10:39:11 +0800] "GET /xingrg/words/20200428130115_words.js HTTP/1.1" 304 -
114.86.190.97 - - [29/Apr/2020:10:39:11 +0800] "GET /xingrg/system/rest/query_items.html?_=1588127947586&table=menu&page=1&rows=20&categoryId=&key=%25E8%258A%25B1%25E8%259E%25BA HTTP/1.1" 200 1050
114.82.213.91 - - [29/Apr/2020:10:39:11 +0800] "POST /xingrg/kc/buy/cgsh_order_operate.html HTTP/1.1" 200 8245
114.82.213.91 - - [29/Apr/2020:10:39:11 +0800] "GET /xingrg/all/common/auto_word.html?type=employee&rest_code=00143 HTTP/1.1" 200 55
114.82.213.91 - - [29/Apr/2020:10:39:11 +0800] "GET /xingrg/javascript/easyui/themes/default/validatebox.css HTTP/1.1" 404 1104
114.82.213.91 - - [29/Apr/2020:10:39:11 +0800] "GET /xingrg/all/common/auto_word.html?type=employee&rest_code=00143 HTTP/1.1" 200 55
114.82.213.91 - - [29/Apr/2020:10:39:12 +0800] "GET /xingrg/javascript/easyui/themes/default/tree.css HTTP/1.1" 404 1090
114.82.213.91 - - [29/Apr/2020:10:39:13 +0800] "POST /xingrg/all/common/load_tree.html?tree=supplier_tree_json&isDelete=1 HTTP/1.1" 200 47615
114.86.190.97 - - [29/Apr/2020:10:39:13 +0800] "GET /xingrg/system/rest/query_items.html?_=1588127949393&table=menu&page=1&rows=20&categoryId=&key=%25E8%258A%25B1%25E8%259E%25BA HTTP/1.1" 200 1050
114.86.190.97 - - [29/Apr/2020:10:39:13 +0800] "GET /xingrg/system/rest/get_item.html?table=menu&id=2054&_=1588127949781 HTTP/1.1" 200 1006
114.86.190.97 - - [29/Apr/2020:10:39:13 +0800] "GET /xingrg/system/rest/get_item.html?table=menu&target=menu_rest&id=2054&_=1588127949790 HTTP/1.1" 200 868
114.86.190.97 - - [29/Apr/2020:10:39:13 +0800] "GET /xingrg/system/rest/get_item.html?table=menu&target=cook_mode&id=2054&_=1588127949789 HTTP/1.1" 200 10645
114.86.190.97 - - [29/Apr/2020:10:39:13 +0800] "GET /xingrg/system/rest/get_infos.html?command=menu_img_show&id=2054 HTTP/1.1" 200 5
114.86.190.97 - - [29/Apr/2020:10:39:15 +0800] "GET /xingrg/system/rest/get_item.html?table=menu&target=menu_rest_detail&id=2054&sid=14&_=1588127952308 HTTP/1.1" 200 427
114.84.33.255 - - [29/Apr/2020:10:39:16 +0800] "GET /xingrg/kc/buy/cgsh_order_add.html HTTP/1.1" 200 58199
114.84.33.255 - - [29/Apr/2020:10:39:17 +0800] "POST /xingrg/kc/buy/cgsh_order_operate.html HTTP/1.1" 200 8245
114.84.33.255 - - [29/Apr/2020:10:39:17 +0800] "GET /xingrg/javascript/easyui/themes/default/validatebox.css HTTP/1.1" 404 1104
222.70.208.105 - - [29/Apr/2020:10:39:18 +0800] "GET /xingrg/all/function/internal_message.html?_=1588127955151&CODE_STATE=getMsg HTTP/1.1" 302 -
222.70.208.105 - - [29/Apr/2020:10:39:19 +0800] "GET /xingrg/all/function/internal_message.html?_=1588127955313&CODE_STATE=getMsg HTTP/1.1" 302 -
222.70.208.105 - - [29/Apr/2020:10:39:19 +0800] "GET /xingrg/check_reg.html?_=1588127955810 HTTP/1.1" 302 -
222.70.208.105 - - [29/Apr/2020:10:39:19 +0800] "GET /xingrg/check_reg.html?_=1588127955830 HTTP/1.1" 302 -
114.84.32.201 - - [29/Apr/2020:10:39:19 +0800] "GET /xingrg/all/function/internal_message.html?_=1588127957720&CODE_STATE=getMsg HTTP/1.1" 200 27
114.86.190.97 - - [29/Apr/2020:10:39:21 +0800] "POST /xingrg/system/rest/edit_item.html HTTP/1.1" 200 4
114.86.190.97 - - [29/Apr/2020:10:39:21 +0800] "GET /xingrg/system/rest/get_item.html?table=menu&target=menu_rest&id=2054&_=1588127957511 HTTP/1.1" 200 868
180.156.150.85 - - [29/Apr/2020:10:39:21 +0800] "GET /xingrg/all/function/internal_message.html?_=1588127961164&CODE_STATE=getMsg HTTP/1.1" 200 27
114.86.190.97 - - [29/Apr/2020:10:39:22 +0800] "GET /xingrg/check_reg.html?_=1588127964864 HTTP/1.1" 200 22
114.86.190.97 - - [29/Apr/2020:10:39:23 +0800] "GET /xingrg/all/function/internal_message.html?_=1588127965920&CODE_STATE=getMsg HTTP/1.1" 200 27
114.84.33.255 - - [29/Apr/2020:10:39:26 +0800] "GET /xingrg/kc/buy/cgsh_order_operate.html?command=get_materiel&rest_code=00146&code=00101019215&supplier_code=00100337&order_time=2020-04-29 HTTP/1.1" 200 432
183.192.164.85 - - [29/Apr/2020:10:39:28 +0800] "GET /xingrg/check_reg.html?_=1588127258664 HTTP/1.1" 302 -
114.86.190.97 - - [29/Apr/2020:10:39:28 +0800] "GET /xingrg/system/rest/query_items.html?_=1588127964800&table=menu&page=1&rows=20&categoryId=&key=%25E6%25AF%258D%25E5%258D%25B7 HTTP/1.1" 200 3686
172.17.0.101 - - [29/Apr/2020:10:39:29 +0800] "GET /xingrg/all/function/internal_message.html?_=1588127973050&CODE_STATE=getMsg HTTP/1.1" 200 27
114.84.33.255 - - [29/Apr/2020:10:39:30 +0800] "POST /xingrg/all/common/load_select.html HTTP/1.1" 200 25
114.86.190.97 - - [29/Apr/2020:10:39:30 +0800] "GET /xingrg/system/rest/query_items.html?_=1588127966999&table=menu&page=1&rows=20&categoryId=&key=%25E6%25AF%258D%25E5%258D%25B7 HTTP/1.1" 200 3686
114.86.190.97 - - [29/Apr/2020:10:39:31 +0800] "GET /xingrg/system/rest/get_item.html?table=menu&id=2084&_=1588127967587 HTTP/1.1" 200 971
114.86.190.97 - - [29/Apr/2020:10:39:31 +0800] "GET /xingrg/system/rest/get_item.html?table=menu&target=menu_rest&id=2084&_=1588127967597 HTTP/1.1" 200 1236
114.86.190.97 - - [29/Apr/2020:10:39:31 +0800] "GET /xingrg/system/rest/get_item.html?table=menu&target=cook_mode&id=2084&_=1588127967596 HTTP/1.1" 200 9370
114.86.190.97 - - [29/Apr/2020:10:39:31 +0800] "GET /xingrg/system/rest/get_infos.html?command=menu_img_show&id=2084 HTTP/1.1" 200 5
114.84.33.255 - - [29/Apr/2020:10:39:32 +0800] "GET /xingrg/kc/buy/cgsh_order_operate.html?command=get_materiel_price&rest_code=00146&code=00101019215&unit_code=00100073&supplier_code=00100337&order_time=2020-04-29 HTTP/1.1" 200 28
183.192.164.85 - - [29/Apr/2020:10:39:33 +0800] "GET /xingrg/login.html HTTP/1.1" 200 7641
180.152.249.82 - - [29/Apr/2020:10:39:34 +0800] "GET /xingrg/all/function/internal_message.html?_=1588128166431&CODE_STATE=getMsg HTTP/1.1" 200 27
172.17.0.111 - - [29/Apr/2020:10:39:35 +0800] "GET /xingrg/all/function/internal_message.html?_=1588127978452&CODE_STATE=getMsg HTTP/1.1" 200 27
114.86.190.97 - - [29/Apr/2020:10:39:36 +0800] "GET /xingrg/all/function/internal_message.html?_=1588127972527&CODE_STATE=getMsg HTTP/1.1" 200 27
222.70.183.62 - - [29/Apr/2020:10:39:39 +0800] "GET /xingrg/all/function/internal_message.html?_=1588128313743&CODE_STATE=getMsg HTTP/1.1" 200 27
114.86.190.97 - - [29/Apr/2020:10:39:40 +0800] "GET /xingrg/system/rest/get_item.html?table=menu&target=menu_rest_detail&id=2084&sid=14&_=1588127977153 HTTP/1.1" 200 426
114.84.33.255 - - [29/Apr/2020:10:39:41 +0800] "POST /xingrg/kc/buy/cgsh_order_operate.html HTTP/1.1" 200 37
114.82.213.91 - - [29/Apr/2020:10:39:42 +0800] "GET /xingrg/javascript/auto/indicator.gif HTTP/1.1" 404 1066
114.84.33.255 - - [29/Apr/2020:10:39:42 +0800] "POST /xingrg/kc/buy/cgsh_order_operate.html HTTP/1.1" 200 2668
114.84.33.255 - - [29/Apr/2020:10:39:42 +0800] "GET /xingrg/all/function/internal_message.html?_=1588127991042&CODE_STATE=getMsg HTTP/1.1" 200 27
172.17.0.123 - - [29/Apr/2020:10:39:43 +0800] "GET /xingrg/all/function/internal_message.html?_=1588127980934&CODE_STATE=getMsg HTTP/1.1" 200 27
114.84.33.255 - - [29/Apr/2020:10:39:44 +0800] "GET /xingrg/kc/print/load_data.html?order_code=212020042907990&kc_code=cgsh&condition= HTTP/1.1" 200 686
117.131.5.26 - - [29/Apr/2020:10:39:44 +0800] "GET /xingrg/all/function/internal_message.html?_=1588127991656&CODE_STATE=getMsg HTTP/1.1" 200 27
117.185.32.26 - - [29/Apr/2020:10:39:45 +0800] "GET /xingrg/all/function/internal_message.html?_=1588127978654&CODE_STATE=getMsg HTTP/1.1" 200 27
114.82.213.91 - - [29/Apr/2020:10:39:47 +0800] "GET /xingrg/kc/buy/cgsh_order_operate.html?command=get_materiel&rest_code=00143&code=00101001053&supplier_code=00100179&order_time=2020-04-29 HTTP/1.1" 200 409
114.86.190.97 - - [29/Apr/2020:10:39:49 +0800] "POST /xingrg/system/rest/edit_item.html HTTP/1.1" 200 4
114.86.190.97 - - [29/Apr/2020:10:39:49 +0800] "GET /xingrg/system/rest/get_item.html?table=menu&target=menu_rest&id=2084&_=1588127985970 HTTP/1.1" 200 1236
58.221.95.50 - - [29/Apr/2020:10:39:50 +0800] "GET /xingrg/all/function/internal_message.html?_=1588128016510&CODE_STATE=getMsg HTTP/1.1" 200 27
58.221.95.50 - - [29/Apr/2020:10:39:50 +0800] "GET /xingrg/all/function/internal_message.html?_=1588128016536&CODE_STATE=getMsg HTTP/1.1" 200 27
58.221.95.50 - - [29/Apr/2020:10:39:50 +0800] "GET /xingrg/check_reg.html?_=1588128016763 HTTP/1.1" 200 22
114.84.33.255 - - [29/Apr/2020:10:39:50 +0800] "GET /xingrg/kc/buy/cgsh_order_add.html HTTP/1.1" 200 58199
58.221.95.50 - - [29/Apr/2020:10:39:50 +0800] "GET /xingrg/all/function/internal_message.html?_=1588128016766&CODE_STATE=getMsg HTTP/1.1" 200 27
114.84.33.255 - - [29/Apr/2020:10:39:51 +0800] "POST /xingrg/kc/buy/cgsh_order_operate.html HTTP/1.1" 200 8245
114.84.33.255 - - [29/Apr/2020:10:39:51 +0800] "GET /xingrg/javascript/easyui/themes/default/validatebox.css HTTP/1.1" 404 1104
172.17.0.112 - - [29/Apr/2020:10:39:51 +0800] "GET /xingrg/all/function/internal_message.html?_=1588127990713&CODE_STATE=getMsg HTTP/1.1" 200 27
180.162.232.172 - - [29/Apr/2020:10:39:51 +0800] "GET /xingrg/all/function/internal_message.html?_=1588127991758&CODE_STATE=getMsg HTTP/1.1" 200 27
120.253.135.82 - - [29/Apr/2020:10:39:57 +0800] "GET /xingrg/all/function/internal_message.html?_=1588127747955&CODE_STATE=getMsg HTTP/1.1" 200 27
114.82.213.91 - - [29/Apr/2020:10:39:57 +0800] "GET /xingrg/all/function/internal_message.html?_=1588127062613&CODE_STATE=getMsg HTTP/1.1" 200 27
114.84.33.255 - - [29/Apr/2020:10:39:58 +0800] "GET /xingrg/all/function/internal_message.html?_=1588128002861&CODE_STATE=getMsg HTTP/1.1" 200 27
114.86.190.97 - - [29/Apr/2020:10:40:00 +0800] "GET /xingrg/system/rest/query_items.html?_=1588127996686&table=menu&page=1&rows=20&categoryId=&key=%25E5%25B0%258F%25E7%2599%25BD HTTP/1.1" 200 1684
117.184.7.26 - - [29/Apr/2020:10:40:01 +0800] "GET /xingrg/all/function/internal_message.html?_=1588127995614&CODE_STATE=getMsg HTTP/1.1" 200 27
222.69.136.137 - - [29/Apr/2020:10:40:01 +0800] "GET /xingrg/all/function/internal_message.html?_=1588127996192&CODE_STATE=getMsg HTTP/1.1" 200 27
114.86.190.97 - - [29/Apr/2020:10:40:02 +0800] "GET /xingrg/system/rest/query_items.html?_=1588127998668&table=menu&page=1&rows=20&categoryId=&key=%25E5%25B0%258F%25E7%2599%25BD HTTP/1.1" 200 1684
114.86.190.97 - - [29/Apr/2020:10:40:02 +0800] "GET /xingrg/system/rest/get_item.html?table=menu&id=1931&_=1588127999100 HTTP/1.1" 200 944
114.86.190.97 - - [29/Apr/2020:10:40:02 +0800] "GET /xingrg/system/rest/get_item.html?table=menu&target=menu_rest&id=1931&_=1588127999109 HTTP/1.1" 200 981
114.86.190.97 - - [29/Apr/2020:10:40:02 +0800] "GET /xingrg/system/rest/get_item.html?table=menu&target=cook_mode&id=1931&_=1588127999108 HTTP/1.1" 200 17346
114.86.190.97 - - [29/Apr/2020:10:40:03 +0800] "GET /xingrg/system/rest/get_infos.html?command=menu_img_show&id=1931 HTTP/1.1" 200 5
222.69.136.137 - - [29/Apr/2020:10:40:03 +0800] "POST /xingrg/kc/buy/cgsh_order_operate.html HTTP/1.1" 200 2065
124.77.110.230 - - [29/Apr/2020:10:40:04 +0800] "GET /xingrg/all/function/internal_message.html?_=1588127233359&CODE_STATE=getMsg HTTP/1.1" 200 27
114.84.33.255 - - [29/Apr/2020:10:40:04 +0800] "GET /xingrg/kc/buy/cgsh_order_operate.html?command=get_materiel&rest_code=00146&code=00101005012&supplier_code=00100316&order_time=2020-04-29 HTTP/1.1" 200 416
114.88.159.93 - - [29/Apr/2020:10:40:05 +0800] "GET /xingrg/login.html HTTP/1.1" 200 7641
114.88.159.93 - - [29/Apr/2020:10:40:05 +0800] "GET /xingrg/images/blue/jxLogo.png HTTP/1.1" 200 6156
114.88.159.93 - - [29/Apr/2020:10:40:05 +0800] "GET /xingrg/images/blue/login_bg.png HTTP/1.1" 200 22101
114.88.159.93 - - [29/Apr/2020:10:40:05 +0800] "GET /xingrg/images/blue/srbg.png HTTP/1.1" 200 138
114.88.159.93 - - [29/Apr/2020:10:40:05 +0800] "GET /xingrg/images/blue/hj.png HTTP/1.1" 200 1014
114.88.159.93 - - [29/Apr/2020:10:40:06 +0800] "GET /favicon.ico HTTP/1.1" 404 -
172.17.0.120 - - [29/Apr/2020:10:40:06 +0800] "GET /xingrg/all/function/internal_message.html?_=1588128004602&CODE_STATE=getMsg HTTP/1.1" 200 27
114.86.190.97 - - [29/Apr/2020:10:40:07 +0800] "GET /xingrg/system/rest/get_item.html?table=menu&target=menu_rest_detail&id=1931&sid=14&_=1588128003492 HTTP/1.1" 200 439
114.84.32.201 - - [29/Apr/2020:10:40:09 +0800] "GET /xingrg/system/rest/query_items.html?_=1588128007135&table=menu&page=1&rows=20&categoryId=&key=1903 HTTP/1.1" 200 534
114.84.32.201 - - [29/Apr/2020:10:40:09 +0800] "GET /xingrg/system/rest/query_items.html?_=1588128007139&table=menu&page=1&rows=20&categoryId=&key=1903 HTTP/1.1" 200 534
222.69.136.137 - - [29/Apr/2020:10:40:09 +0800] "GET /xingrg/kc/buy/cgsh_order_operate.html?command=get_materiel&rest_code=00149&code=00101008306&supplier_code=00100005&order_time=2020-04-29 HTTP/1.1" 200 412
114.88.159.93 - - [29/Apr/2020:10:40:11 +0800] "POST /xingrg/login.do HTTP/1.1" 302 -
114.88.159.93 - - [29/Apr/2020:10:40:11 +0800] "GET /xingrg/index.html?sysBaseUrl=http%3A%2F%2F180.169.147.146%3A18081%2Fxingrg%2F&costTime=37×tamp=1588128011311 HTTP/1.1" 200 17419
114.88.159.93 - - [29/Apr/2020:10:40:11 +0800] "GET /xingrg/javascript/jquery_easy_ui/themes/icon.css HTTP/1.1" 200 3949
114.88.159.93 - - [29/Apr/2020:10:40:11 +0800] "GET /xingrg/javascript/jquery-1.4.2.min.js HTTP/1.1" 200 72205
114.88.159.93 - - [29/Apr/2020:10:40:11 +0800] "GET /xingrg/css/form.css HTTP/1.1" 200 893
114.88.159.93 - - [29/Apr/2020:10:40:11 +0800] "GET /xingrg/javascript/jquery_easy_ui/jquery.easyui.min.js HTTP/1.1" 200 213662
114.88.159.93 - - [29/Apr/2020:10:40:11 +0800] "GET /xingrg/javascript/jquery_easy_ui/easyui-lang-zh_CN.js HTTP/1.1" 200 1900
114.88.159.93 - - [29/Apr/2020:10:40:11 +0800] "GET /xingrg/javascript/jquery_easy_ui/themes/default/easyui.css HTTP/1.1" 200 26500
114.88.159.93 - - [29/Apr/2020:10:40:11 +0800] "GET /xingrg/javascript/jquery.timers.js HTTP/1.1" 200 3532
114.88.159.93 - - [29/Apr/2020:10:40:11 +0800] "GET /xingrg/javascript/jquery.utils.js HTTP/1.1" 200 11805
114.88.159.93 - - [29/Apr/2020:10:40:11 +0800] "GET /xingrg/javascript/jquery.form.js HTTP/1.1" 200 23110
114.88.159.93 - - [29/Apr/2020:10:40:11 +0800] "GET /favicon.ico HTTP/1.1" 404 -
114.88.159.93 - - [29/Apr/2020:10:40:11 +0800] "GET /xingrg/javascript/jquery_easy_ui/themes/icons/settle_new.png HTTP/1.1" 200 826
114.88.159.93 - - [29/Apr/2020:10:40:11 +0800] "GET /xingrg/images/blue/navBackgound.jpg HTTP/1.1" 200 12378
114.88.159.93 - - [29/Apr/2020:10:40:11 +0800] "POST /xingrg/all/common/load_tree.html?tree=area_rest_tree_json&manage=1 HTTP/1.1" 200 3088
114.88.159.93 - - [29/Apr/2020:10:40:11 +0800] "GET /xingrg/all/function/internal_message.html?_=1588128010677&CODE_STATE=count HTTP/1.1" 200 11
114.88.159.93 - - [29/Apr/2020:10:40:11 +0800] "GET /xingrg/check_reg.html?_=1588128010678 HTTP/1.1" 200 22
114.88.159.93 - - [29/Apr/2020:10:40:11 +0800] "GET /xingrg/images/blue/pingpu.png HTTP/1.1" 200 231
114.88.159.93 - - [29/Apr/2020:10:40:11 +0800] "GET /xingrg/javascript/jquery_easy_ui/themes/default/images/tabs_leftarrow.png HTTP/1.1" 200 389
114.88.159.93 - - [29/Apr/2020:10:40:11 +0800] "GET /xingrg/javascript/jquery_easy_ui/themes/default/images/tabs_rightarrow.png HTTP/1.1" 200 395
114.88.159.93 - - [29/Apr/2020:10:40:11 +0800] "GET /xingrg/javascript/jquery_easy_ui/themes/default/images/panel_tool_expand.gif HTTP/1.1" 200 247
114.88.159.93 - - [29/Apr/2020:10:40:11 +0800] "GET /xingrg/javascript/jquery_easy_ui/themes/default/images/panel_tool_collapse.gif HTTP/1.1" 200 246
114.88.159.93 - - [29/Apr/2020:10:40:11 +0800] "POST /xingrg/load_menu.html HTTP/1.1" 200 9959
114.88.159.93 - - [29/Apr/2020:10:40:12 +0800] "GET /xingrg/javascript/jquery_easy_ui/themes/default/images/tree_arrows.gif HTTP/1.1" 200 1043
114.88.159.93 - - [29/Apr/2020:10:40:12 +0800] "GET /xingrg/javascript/jquery_easy_ui/themes/default/images/tree_folder_open.gif HTTP/1.1" 200 956
114.88.159.93 - - [29/Apr/2020:10:40:12 +0800] "GET /xingrg/javascript/jquery_easy_ui/themes/icons/search_new.png HTTP/1.1" 200 586
114.88.159.93 - - [29/Apr/2020:10:40:12 +0800] "GET /xingrg/javascript/jquery_easy_ui/themes/default/images/tree_folder.gif HTTP/1.1" 200 952
114.88.159.93 - - [29/Apr/2020:10:40:12 +0800] "GET /xingrg/javascript/jquery_easy_ui/themes/icons/storage_new.png HTTP/1.1" 200 853
114.88.159.93 - - [29/Apr/2020:10:40:12 +0800] "GET /xingrg/javascript/jquery_easy_ui/themes/icons/checkout_new.png HTTP/1.1" 200 744
114.88.159.93 - - [29/Apr/2020:10:40:12 +0800] "GET /xingrg/javascript/jquery_easy_ui/themes/icons/forms_new.png HTTP/1.1" 200 350
114.88.159.93 - - [29/Apr/2020:10:40:12 +0800] "GET /xingrg/javascript/jquery_easy_ui/themes/icons/setting_new.png HTTP/1.1" 200 450
114.88.159.93 - - [29/Apr/2020:10:40:12 +0800] "GET /xingrg/javascript/jquery_easy_ui/themes/icons/systemset_new.png HTTP/1.1" 200 606
114.88.159.93 - - [29/Apr/2020:10:40:12 +0800] "GET /xingrg/javascript/jquery_easy_ui/themes/default/images/tree_file.gif HTTP/1.1" 200 118
114.88.159.93 - - [29/Apr/2020:10:40:14 +0800] "POST /xingrg/load_menu.html HTTP/1.1" 200 10168
114.86.190.97 - - [29/Apr/2020:10:40:14 +0800] "POST /xingrg/system/rest/edit_item.html HTTP/1.1" 200 4
114.86.190.97 - - [29/Apr/2020:10:40:14 +0800] "GET /xingrg/system/rest/get_item.html?table=menu&target=menu_rest&id=1931&_=1588128010669 HTTP/1.1" 200 981
114.88.159.93 - - [29/Apr/2020:10:40:16 +0800] "GET /xingrg/javascript/jquery_easy_ui/themes/default/images/tabs_close.gif HTTP/1.1" 200 829
114.88.159.93 - - [29/Apr/2020:10:40:16 +0800] "GET /xingrg/css/table.css HTTP/1.1" 200 3684
114.88.159.93 - - [29/Apr/2020:10:40:16 +0800] "GET /xingrg/dwr/interface/AjaxGetFirstChart.js HTTP/1.1" 200 631
114.88.159.93 - - [29/Apr/2020:10:40:17 +0800] "GET /xingrg/system/rest/list_page.html?p=menu HTTP/1.1" 200 111091
114.88.159.93 - - [29/Apr/2020:10:40:17 +0800] "GET /xingrg/javascript/Calendar.js HTTP/1.1" 200 31561
114.88.159.93 - - [29/Apr/2020:10:40:17 +0800] "GET /xingrg/dwr/util.js HTTP/1.1" 200 35990
114.88.159.93 - - [29/Apr/2020:10:40:17 +0800] "GET /xingrg/dwr/engine.js HTTP/1.1" 200 43631
114.88.159.93 - - [29/Apr/2020:10:40:17 +0800] "GET /xingrg/javascript/jquery.shich.js HTTP/1.1" 200 4857
114.88.159.93 - - [29/Apr/2020:10:40:17 +0800] "GET /xingrg/javascript/convert.js HTTP/1.1" 200 1239
114.88.159.93 - - [29/Apr/2020:10:40:17 +0800] "GET /xingrg/images/control/ajaxLoader.gif HTTP/1.1" 200 4659
114.88.159.93 - - [29/Apr/2020:10:40:17 +0800] "GET /xingrg/javascript/jquery_easy_ui/themes/icons/search.png HTTP/1.1" 200 813
114.88.159.93 - - [29/Apr/2020:10:40:17 +0800] "GET /xingrg/javascript/jquery_easy_ui/themes/default/images/button_a_bg.gif HTTP/1.1" 200 1194
114.88.159.93 - - [29/Apr/2020:10:40:17 +0800] "GET /xingrg/javascript/jquery_easy_ui/themes/icons/edit_add.png HTTP/1.1" 200 1088
114.88.159.93 - - [29/Apr/2020:10:40:17 +0800] "GET /xingrg/javascript/jquery_easy_ui/themes/icons/pencil.png HTTP/1.1" 200 713
114.88.159.93 - - [29/Apr/2020:10:40:17 +0800] "GET /xingrg/javascript/jquery_easy_ui/themes/icons/edit_remove.png HTTP/1.1" 200 625
114.88.159.93 - - [29/Apr/2020:10:40:17 +0800] "GET /xingrg/javascript/jquery_easy_ui/themes/icons/check_new.png HTTP/1.1" 200 3224
114.88.159.93 - - [29/Apr/2020:10:40:17 +0800] "GET /xingrg/javascript/jquery_easy_ui/themes/icons/uncheck_new.png HTTP/1.1" 200 3197
114.88.159.93 - - [29/Apr/2020:10:40:17 +0800] "GET /xingrg/javascript/jquery_easy_ui/themes/default/images/button_span_bg.gif HTTP/1.1" 200 2061
114.88.159.93 - - [29/Apr/2020:10:40:17 +0800] "GET /xingrg/javascript/jquery_easy_ui/themes/icons/ok.png HTTP/1.1" 200 883
114.88.159.93 - - [29/Apr/2020:10:40:17 +0800] "GET /xingrg/javascript/jquery_easy_ui/themes/default/images/datagrid_header_bg.gif HTTP/1.1" 200 97
114.88.159.93 - - [29/Apr/2020:10:40:17 +0800] "GET /xingrg/javascript/jquery_easy_ui/themes/default/images/pagination_first.gif HTTP/1.1" 200 925
114.88.159.93 - - [29/Apr/2020:10:40:17 +0800] "GET /xingrg/javascript/jquery_easy_ui/themes/default/images/pagination_prev.gif HTTP/1.1" 200 879
114.88.159.93 - - [29/Apr/2020:10:40:17 +0800] "GET /xingrg/javascript/jquery_easy_ui/themes/default/images/pagination_next.gif HTTP/1.1" 200 875
114.88.159.93 - - [29/Apr/2020:10:40:17 +0800] "GET /xingrg/javascript/jquery_easy_ui/themes/default/images/pagination_last.gif HTTP/1.1" 200 923
114.88.159.93 - - [29/Apr/2020:10:40:17 +0800] "GET /xingrg/javascript/jquery_easy_ui/themes/default/images/pagination_load.png HTTP/1.1" 200 827
114.88.159.93 - - [29/Apr/2020:10:40:17 +0800] "GET /xingrg/javascript/jquery_easy_ui/themes/default/images/pagination_loading.gif HTTP/1.1" 200 1737
114.88.159.93 - - [29/Apr/2020:10:40:17 +0800] "GET /xingrg/system/rest/query_items.html?_=1588128016564&table=menu&page=1&rows=20&categoryId=&key= HTTP/1.1" 200 4722
222.70.208.105 - - [29/Apr/2020:10:40:18 +0800] "GET /xingrg/all/function/internal_message.html?_=1588128015124&CODE_STATE=getMsg HTTP/1.1" 302 -
222.70.208.105 - - [29/Apr/2020:10:40:18 +0800] "GET /xingrg/all/function/internal_message.html?_=1588128015283&CODE_STATE=getMsg HTTP/1.1" 302 -
114.88.159.93 - - [29/Apr/2020:10:40:19 +0800] "GET /xingrg/javascript/jquery_easy_ui/themes/icons/area.png HTTP/1.1" 200 262
114.88.159.93 - - [29/Apr/2020:10:40:19 +0800] "GET /xingrg/javascript/jquery_easy_ui/themes/icons/manage.png HTTP/1.1" 200 696
114.88.159.93 - - [29/Apr/2020:10:40:19 +0800] "GET /xingrg/javascript/jquery_easy_ui/themes/icons/rest.png HTTP/1.1" 200 695
114.84.32.201 - - [29/Apr/2020:10:40:19 +0800] "GET /xingrg/all/function/internal_message.html?_=1588128017715&CODE_STATE=getMsg HTTP/1.1" 200 27
180.156.150.85 - - [29/Apr/2020:10:40:21 +0800] "GET /xingrg/all/function/internal_message.html?_=1588128021134&CODE_STATE=getMsg HTTP/1.1" 200 27
222.69.136.137 - - [29/Apr/2020:10:40:22 +0800] "GET /xingrg/kc/buy/cgsh_order_operate.html?command=get_materiel&rest_code=00149&code=00101008114&supplier_code=00100005&order_time=2020-04-29 HTTP/1.1" 200 412
114.86.190.97 - - [29/Apr/2020:10:40:22 +0800] "GET /xingrg/system/rest/query_items.html?_=1588128018792&table=menu&page=1&rows=20&categoryId=&key=%25E6%259D%2582%25E9%25B1%25BC HTTP/1.1" 200 1982
114.86.190.97 - - [29/Apr/2020:10:40:23 +0800] "GET /xingrg/all/function/internal_message.html?_=1588128025933&CODE_STATE=getMsg HTTP/1.1" 200 27
114.86.190.97 - - [29/Apr/2020:10:40:23 +0800] "GET /xingrg/system/rest/query_items.html?_=1588128019952&table=menu&page=1&rows=20&categoryId=&key=%25E6%259D%2582%25E9%25B1%25BC HTTP/1.1" 200 1982
114.86.190.97 - - [29/Apr/2020:10:40:23 +0800] "GET /xingrg/system/rest/get_item.html?table=menu&id=1965&_=1588128020388 HTTP/1.1" 200 969
114.86.190.97 - - [29/Apr/2020:10:40:24 +0800] "GET /xingrg/system/rest/get_item.html?table=menu&target=menu_rest&id=1965&_=1588128020402 HTTP/1.1" 200 762
114.86.190.97 - - [29/Apr/2020:10:40:24 +0800] "GET /xingrg/system/rest/get_item.html?table=menu&target=cook_mode&id=1965&_=1588128020401 HTTP/1.1" 200 6235
114.86.190.97 - - [29/Apr/2020:10:40:24 +0800] "GET /xingrg/system/rest/get_infos.html?command=menu_img_show&id=1965 HTTP/1.1" 200 5
117.184.7.26 - - [29/Apr/2020:10:40:25 +0800] "GET /xingrg/kc/buy/cgsh_order_add.html HTTP/1.1" 200 58152
117.184.7.26 - - [29/Apr/2020:10:40:26 +0800] "POST /xingrg/kc/buy/cgsh_order_operate.html HTTP/1.1" 200 8245
117.184.7.30 - - [29/Apr/2020:10:40:26 +0800] "GET /xingrg/javascript/easyui/themes/default/validatebox.css HTTP/1.1" 404 1104
114.86.190.97 - - [29/Apr/2020:10:40:26 +0800] "GET /xingrg/system/rest/get_item.html?table=menu&target=menu_rest_detail&id=1965&sid=14&_=1588128022952 HTTP/1.1" 200 426
172.17.0.101 - - [29/Apr/2020:10:40:29 +0800] "GET /xingrg/all/function/internal_message.html?_=1588128033053&CODE_STATE=getMsg HTTP/1.1" 200 27
114.86.190.97 - - [29/Apr/2020:10:40:32 +0800] "POST /xingrg/system/rest/edit_item.html HTTP/1.1" 200 4
114.86.190.97 - - [29/Apr/2020:10:40:32 +0800] "GET /xingrg/system/rest/get_item.html?table=menu&target=menu_rest&id=1965&_=1588128028537 HTTP/1.1" 200 762
180.152.249.82 - - [29/Apr/2020:10:40:34 +0800] "GET /xingrg/all/function/internal_message.html?_=1588128226996&CODE_STATE=getMsg HTTP/1.1" 200 27
172.17.0.111 - - [29/Apr/2020:10:40:35 +0800] "GET /xingrg/all/function/internal_message.html?_=1588128038429&CODE_STATE=getMsg HTTP/1.1" 200 27
114.86.190.97 - - [29/Apr/2020:10:40:36 +0800] "GET /xingrg/all/function/internal_message.html?_=1588128032469&CODE_STATE=getMsg HTTP/1.1" 200 27
222.70.183.62 - - [29/Apr/2020:10:40:39 +0800] "GET /xingrg/all/function/internal_message.html?_=1588128373742&CODE_STATE=getMsg HTTP/1.1" 200 27
222.70.183.62 - - [29/Apr/2020:10:40:39 +0800] "GET /xingrg/check_reg.html?_=1588128373739 HTTP/1.1" 200 22
120.204.17.68 - - [29/Apr/2020:10:40:40 +0800] "GET /xingrg/all/function/internal_message.html?_=1588127318650&CODE_STATE=getMsg HTTP/1.1" 302 -
114.86.190.97 - - [29/Apr/2020:10:40:41 +0800] "GET /xingrg/system/rest/query_items.html?_=1588128037551&table=menu&page=1&rows=20&categoryId=&key=%25E5%25B8%25A6%25E9%25B1%25BC HTTP/1.1" 200 2837
114.84.33.255 - - [29/Apr/2020:10:40:42 +0800] "GET /xingrg/all/function/internal_message.html?_=1588128051124&CODE_STATE=getMsg HTTP/1.1" 200 27
114.86.190.97 - - [29/Apr/2020:10:40:42 +0800] "GET /xingrg/system/rest/query_items.html?_=1588128039242&table=menu&page=1&rows=20&categoryId=&key=%25E5%25B8%25A6%25E9%25B1%25BC HTTP/1.1" 200 2837
117.184.7.26 - - [29/Apr/2020:10:40:42 +0800] "GET /xingrg/kc/buy/cgsh_order_operate.html?command=get_materiel&rest_code=00108&code=00101007061&supplier_code=00100002&order_time=2020-04-29 HTTP/1.1" 200 409
114.86.190.97 - - [29/Apr/2020:10:40:43 +0800] "GET /xingrg/system/rest/get_item.html?table=menu&id=1932&_=1588128039609 HTTP/1.1" 200 937
114.86.190.97 - - [29/Apr/2020:10:40:43 +0800] "GET /xingrg/system/rest/get_item.html?table=menu&target=menu_rest&id=1932&_=1588128039617 HTTP/1.1" 200 756
114.86.190.97 - - [29/Apr/2020:10:40:43 +0800] "GET /xingrg/system/rest/get_item.html?table=menu&target=cook_mode&id=1932&_=1588128039616 HTTP/1.1" 200 15037
172.17.0.123 - - [29/Apr/2020:10:40:43 +0800] "GET /xingrg/all/function/internal_message.html?_=1588128040938&CODE_STATE=getMsg HTTP/1.1" 200 27
114.86.190.97 - - [29/Apr/2020:10:40:43 +0800] "GET /xingrg/system/rest/get_infos.html?command=menu_img_show&id=1932 HTTP/1.1" 200 5
120.204.17.68 - - [29/Apr/2020:10:40:44 +0800] "GET /xingrg/login.html HTTP/1.1" 200 7641
222.69.136.137 - - [29/Apr/2020:10:40:44 +0800] "GET /xingrg/kc/buy/cgsh_order_operate.html?command=get_materiel&rest_code=00149&code=00101015024&supplier_code=00100005&order_time=2020-04-29 HTTP/1.1" 200 413
117.131.5.26 - - [29/Apr/2020:10:40:44 +0800] "GET /xingrg/all/function/internal_message.html?_=1588128051656&CODE_STATE=getMsg HTTP/1.1" 200 27
117.185.32.26 - - [29/Apr/2020:10:40:45 +0800] "GET /xingrg/all/function/internal_message.html?_=1588128038657&CODE_STATE=getMsg HTTP/1.1" 200 27
114.86.190.97 - - [29/Apr/2020:10:40:45 +0800] "GET /xingrg/system/rest/get_item.html?table=menu&target=menu_rest_detail&id=1932&sid=14&_=1588128042391 HTTP/1.1" 200 426
114.84.33.255 - - [29/Apr/2020:10:40:49 +0800] "POST /xingrg/kc/buy/cgsh_order_operate.html HTTP/1.1" 200 37
114.84.33.255 - - [29/Apr/2020:10:40:50 +0800] "POST /xingrg/kc/buy/cgsh_order_operate.html HTTP/1.1" 200 2662
58.221.95.50 - - [29/Apr/2020:10:40:50 +0800] "GET /xingrg/all/function/internal_message.html?_=1588128076492&CODE_STATE=getMsg HTTP/1.1" 200 27
58.221.95.50 - - [29/Apr/2020:10:40:50 +0800] "GET /xingrg/all/function/internal_message.html?_=1588128076515&CODE_STATE=getMsg HTTP/1.1" 200 27
58.221.95.50 - - [29/Apr/2020:10:40:50 +0800] "GET /xingrg/all/function/internal_message.html?_=1588128076751&CODE_STATE=getMsg HTTP/1.1" 200 27
117.184.7.26 - - [29/Apr/2020:10:40:51 +0800] "GET /xingrg/kc/buy/cgsh_order_operate.html?command=get_materiel&rest_code=00108&code=00101007049&supplier_code=00100002&order_time=2020-04-29 HTTP/1.1" 200 409
172.17.0.112 - - [29/Apr/2020:10:40:51 +0800] "GET /xingrg/check_reg.html?_=1588128050700 HTTP/1.1" 200 22
172.17.0.112 - - [29/Apr/2020:10:40:51 +0800] "GET /xingrg/all/function/internal_message.html?_=1588128050703&CODE_STATE=getMsg HTTP/1.1" 200 27
180.162.232.172 - - [29/Apr/2020:10:40:51 +0800] "GET /xingrg/all/function/internal_message.html?_=1588128051757&CODE_STATE=getMsg HTTP/1.1" 200 27
114.86.190.97 - - [29/Apr/2020:10:40:52 +0800] "POST /xingrg/system/rest/edit_item.html HTTP/1.1" 200 4
114.86.190.97 - - [29/Apr/2020:10:40:52 +0800] "GET /xingrg/system/rest/get_item.html?table=menu&target=menu_rest&id=1932&_=1588128048545 HTTP/1.1" 200 756
222.69.136.137 - - [29/Apr/2020:10:40:52 +0800] "GET /xingrg/kc/buy/cgsh_order_operate.html?command=get_materiel&rest_code=00149&code=00101008284&supplier_code=00100005&order_time=2020-04-29 HTTP/1.1" 200 432
114.84.33.255 - - [29/Apr/2020:10:40:53 +0800] "GET /xingrg/kc/print/load_data.html?order_code=212020042907991&kc_code=cgsh&condition= HTTP/1.1" 200 692
120.253.135.82 - - [29/Apr/2020:10:40:56 +0800] "GET /xingrg/check_reg.html?_=1588127807126 HTTP/1.1" 200 22
120.253.135.82 - - [29/Apr/2020:10:40:57 +0800] "GET /xingrg/all/function/internal_message.html?_=1588127807969&CODE_STATE=getMsg HTTP/1.1" 200 27
114.82.213.91 - - [29/Apr/2020:10:40:57 +0800] "GET /xingrg/all/function/internal_message.html?_=1588127122612&CODE_STATE=getMsg HTTP/1.1" 200 27
114.84.33.255 - - [29/Apr/2020:10:40:58 +0800] "GET /xingrg/kc/buy/cgsh_order_add.html HTTP/1.1" 200 58199
114.84.33.255 - - [29/Apr/2020:10:40:58 +0800] "GET /xingrg/all/function/internal_message.html?_=1588128062882&CODE_STATE=getMsg HTTP/1.1" 200 27
114.86.190.97 - - [29/Apr/2020:10:40:59 +0800] "GET /xingrg/system/rest/query_items.html?_=1588128055953&table=menu&page=1&rows=20&categoryId=&key=%25E6%25B5%25B7%25E8%2582%25A0 HTTP/1.1" 200 248
114.84.33.255 - - [29/Apr/2020:10:40:59 +0800] "POST /xingrg/kc/buy/cgsh_order_operate.html HTTP/1.1" 200 8245
114.84.33.255 - - [29/Apr/2020:10:41:00 +0800] "GET /xingrg/javascript/easyui/themes/default/validatebox.css HTTP/1.1" 404 1104
117.184.7.26 - - [29/Apr/2020:10:41:01 +0800] "GET /xingrg/all/function/internal_message.html?_=1588128055608&CODE_STATE=getMsg HTTP/1.1" 200 27
114.86.190.97 - - [29/Apr/2020:10:41:01 +0800] "GET /xingrg/system/rest/query_items.html?_=1588128057533&table=menu&page=1&rows=20&categoryId=&key=%25E6%25B5%25B7%25E8%2582%25A0 HTTP/1.1" 200 248
114.86.190.97 - - [29/Apr/2020:10:41:01 +0800] "GET /xingrg/system/rest/get_item.html?table=menu&id=2090&_=1588128057935 HTTP/1.1" 200 935
114.86.190.97 - - [29/Apr/2020:10:41:01 +0800] "GET /xingrg/system/rest/get_item.html?table=menu&target=menu_rest&id=2090&_=1588128057945 HTTP/1.1" 200 644
114.86.190.97 - - [29/Apr/2020:10:41:01 +0800] "GET /xingrg/system/rest/get_item.html?table=menu&target=cook_mode&id=2090&_=1588128057944 HTTP/1.1" 200 9336
114.86.190.97 - - [29/Apr/2020:10:41:02 +0800] "GET /xingrg/system/rest/get_infos.html?command=menu_img_show&id=2090 HTTP/1.1" 200 5
222.69.136.137 - - [29/Apr/2020:10:41:02 +0800] "POST /xingrg/kc/buy/cgsh_order_operate.html HTTP/1.1" 200 37
114.86.190.97 - - [29/Apr/2020:10:41:03 +0800] "GET /xingrg/system/rest/get_item.html?table=menu&target=menu_rest_detail&id=2090&sid=14&_=1588128060113 HTTP/1.1" 200 426
124.77.110.230 - - [29/Apr/2020:10:41:04 +0800] "GET /xingrg/all/function/internal_message.html?_=1588127293369&CODE_STATE=getMsg HTTP/1.1" 200 27
