172.17.0.112 - - [29/Apr/2020:09:29:51 +0800] "GET /xingrg/all/function/internal_message.html?_=1588123790802&CODE_STATE=getMsg HTTP/1.1" 200 27
58.221.95.50 - - [29/Apr/2020:09:29:52 +0800] "GET /xingrg/all/function/internal_message.html?_=1588123818107&CODE_STATE=getMsg HTTP/1.1" 200 27
58.221.95.50 - - [29/Apr/2020:09:29:52 +0800] "GET /xingrg/all/function/internal_message.html?_=1588123818173&CODE_STATE=getMsg HTTP/1.1" 200 27
114.84.33.255 - - [29/Apr/2020:09:29:53 +0800] "GET /xingrg/all/function/internal_message.html?_=1588123796896&CODE_STATE=getMsg HTTP/1.1" 200 27
120.253.135.82 - - [29/Apr/2020:09:30:00 +0800] "GET /xingrg/all/function/internal_message.html?_=1588123551046&CODE_STATE=getMsg HTTP/1.1" 200 27
116.232.55.231 - - [29/Apr/2020:09:30:03 +0800] "GET /xingrg/all/function/internal_message.html?_=1588123861231&CODE_STATE=getMsg HTTP/1.1" 200 27
180.152.249.82 - - [29/Apr/2020:09:30:07 +0800] "GET /xingrg/kc/buy/cgsh_order_operate.html?command=get_materiel&rest_code=00102&code=00101008125&supplier_code=00100008&order_time=2020-04-29 HTTP/1.1" 200 413
222.69.136.137 - - [29/Apr/2020:09:30:07 +0800] "GET /xingrg/kc/buy/cgsh_order_operate.html?command=get_materiel&rest_code=00149&code=00101004067&supplier_code=00100083&order_time=2020-04-29 HTTP/1.1" 200 428
180.152.249.82 - - [29/Apr/2020:09:30:13 +0800] "GET /xingrg/kc/buy/cgsh_order_operate.html?command=get_materiel&rest_code=00102&code=00101008229&supplier_code=00100008&order_time=2020-04-29 HTTP/1.1" 200 420
172.17.0.120 - - [29/Apr/2020:09:30:15 +0800] "GET /xingrg/all/function/internal_message.html?_=1588123813732&CODE_STATE=getMsg HTTP/1.1" 200 27
116.233.79.27 - - [29/Apr/2020:09:30:16 +0800] "GET /xingrg/all/function/internal_message.html?_=1588123817984&CODE_STATE=getMsg HTTP/1.1" 200 27
222.69.136.137 - - [29/Apr/2020:09:30:19 +0800] "GET /xingrg/kc/buy/cgsh_order_operate.html?command=get_materiel&rest_code=00149&code=00101004030&supplier_code=00100083&order_time=2020-04-29 HTTP/1.1" 200 408
114.84.32.201 - - [29/Apr/2020:09:30:19 +0800] "GET /xingrg/all/function/internal_message.html?_=1588123817671&CODE_STATE=getMsg HTTP/1.1" 200 27
180.156.150.85 - - [29/Apr/2020:09:30:21 +0800] "GET /xingrg/all/function/internal_message.html?_=1588123821157&CODE_STATE=getMsg HTTP/1.1" 200 27
180.152.249.82 - - [29/Apr/2020:09:30:22 +0800] "GET /xingrg/kc/buy/cgsh_order_operate.html?command=get_materiel&rest_code=00102&code=00101008041&supplier_code=00100008&order_time=2020-04-29 HTTP/1.1" 200 408
114.86.190.97 - - [29/Apr/2020:09:30:22 +0800] "GET /xingrg/all/function/internal_message.html?_=1588123824983&CODE_STATE=getMsg HTTP/1.1" 200 27
180.152.249.82 - - [29/Apr/2020:09:30:22 +0800] "GET /xingrg/all/function/internal_message.html?_=1588124014417&CODE_STATE=getMsg HTTP/1.1" 200 27
172.17.0.101 - - [29/Apr/2020:09:30:28 +0800] "GET /xingrg/all/function/internal_message.html?_=1588123832773&CODE_STATE=getMsg HTTP/1.1" 200 27
222.69.136.137 - - [29/Apr/2020:09:30:29 +0800] "GET /xingrg/all/function/internal_message.html?_=1588123824711&CODE_STATE=getMsg HTTP/1.1" 200 27
222.69.136.137 - - [29/Apr/2020:09:30:30 +0800] "GET /xingrg/kc/buy/cgsh_order_operate.html?command=get_materiel&rest_code=00149&code=00101001115&supplier_code=00100083&order_time=2020-04-29 HTTP/1.1" 200 413
180.152.249.82 - - [29/Apr/2020:09:30:36 +0800] "POST /xingrg/kc/buy/cgsh_order_operate.html HTTP/1.1" 200 37
172.17.0.111 - - [29/Apr/2020:09:30:37 +0800] "GET /xingrg/all/function/internal_message.html?_=1588123839815&CODE_STATE=getMsg HTTP/1.1" 200 27
222.70.183.62 - - [29/Apr/2020:09:30:39 +0800] "GET /xingrg/check_reg.html?_=1588124173665 HTTP/1.1" 200 22
222.70.183.62 - - [29/Apr/2020:09:30:39 +0800] "GET /xingrg/all/function/internal_message.html?_=1588124173668&CODE_STATE=getMsg HTTP/1.1" 200 27
222.69.136.137 - - [29/Apr/2020:09:30:39 +0800] "GET /xingrg/kc/buy/cgsh_order_operate.html?command=get_materiel&rest_code=00149&code=00101004011&supplier_code=00100083&order_time=2020-04-29 HTTP/1.1" 200 433
114.84.33.255 - - [29/Apr/2020:09:30:40 +0800] "GET /xingrg/all/function/internal_message.html?_=1588123848558&CODE_STATE=getMsg HTTP/1.1" 200 27
180.162.232.172 - - [29/Apr/2020:09:30:40 +0800] "GET /xingrg/all/function/internal_message.html?_=1588123840722&CODE_STATE=getMsg HTTP/1.1" 200 27
180.152.249.82 - - [29/Apr/2020:09:30:41 +0800] "POST /xingrg/kc/buy/cgsh_order_operate.html HTTP/1.1" 200 15040
172.17.0.123 - - [29/Apr/2020:09:30:43 +0800] "GET /xingrg/all/function/internal_message.html?_=1588123840938&CODE_STATE=getMsg HTTP/1.1" 200 27
180.152.249.82 - - [29/Apr/2020:09:30:47 +0800] "POST /xingrg/kc/buy/cgsh_order_operate.html HTTP/1.1" 200 37
180.152.249.82 - - [29/Apr/2020:09:30:48 +0800] "POST /xingrg/kc/buy/cgsh_order_operate.html HTTP/1.1" 200 15040
180.152.249.82 - - [29/Apr/2020:09:30:50 +0800] "GET /xingrg/kc/buy/cgsh_order_add.html HTTP/1.1" 200 58105
58.221.95.50 - - [29/Apr/2020:09:30:50 +0800] "GET /xingrg/all/function/internal_message.html?_=1588123876637&CODE_STATE=getMsg HTTP/1.1" 200 27
180.152.249.82 - - [29/Apr/2020:09:30:50 +0800] "POST /xingrg/kc/buy/cgsh_order_operate.html HTTP/1.1" 200 8245
180.152.249.82 - - [29/Apr/2020:09:30:51 +0800] "GET /xingrg/javascript/easyui/themes/default/validatebox.css HTTP/1.1" 404 1104
172.17.0.112 - - [29/Apr/2020:09:30:51 +0800] "GET /xingrg/check_reg.html?_=1588123850708 HTTP/1.1" 200 22
172.17.0.112 - - [29/Apr/2020:09:30:51 +0800] "GET /xingrg/all/function/internal_message.html?_=1588123850797&CODE_STATE=getMsg HTTP/1.1" 200 27
58.221.95.50 - - [29/Apr/2020:09:30:52 +0800] "GET /xingrg/all/function/internal_message.html?_=1588123878080&CODE_STATE=getMsg HTTP/1.1" 200 27
58.221.95.50 - - [29/Apr/2020:09:30:52 +0800] "GET /xingrg/all/function/internal_message.html?_=1588123878151&CODE_STATE=getMsg HTTP/1.1" 200 27
180.152.249.82 - - [29/Apr/2020:09:30:52 +0800] "GET /xingrg/javascript/easyui/themes/default/tree.css HTTP/1.1" 404 1090
180.152.249.82 - - [29/Apr/2020:09:30:52 +0800] "POST /xingrg/all/common/load_tree.html?tree=supplier_tree_json&isDelete=1 HTTP/1.1" 200 47615
114.84.33.255 - - [29/Apr/2020:09:30:53 +0800] "GET /xingrg/all/function/internal_message.html?_=1588123856909&CODE_STATE=getMsg HTTP/1.1" 200 27
120.253.135.82 - - [29/Apr/2020:09:31:00 +0800] "GET /xingrg/all/function/internal_message.html?_=1588123611059&CODE_STATE=getMsg HTTP/1.1" 200 27
222.69.136.137 - - [29/Apr/2020:09:31:00 +0800] "POST /xingrg/kc/buy/cgsh_order_operate.html HTTP/1.1" 200 37
116.232.55.231 - - [29/Apr/2020:09:31:02 +0800] "GET /xingrg/all/function/internal_message.html?_=1588123921231&CODE_STATE=getMsg HTTP/1.1" 200 27
222.69.136.137 - - [29/Apr/2020:09:31:03 +0800] "POST /xingrg/kc/buy/cgsh_order_operate.html HTTP/1.1" 200 12
114.84.33.255 - - [29/Apr/2020:09:31:09 +0800] "GET /xingrg/check_reg.html?_=1588123877486 HTTP/1.1" 200 22
114.88.159.93 - - [29/Apr/2020:09:31:09 +0800] "POST /xingrg/services/DataTransmitService HTTP/1.1" 200 524
222.69.136.137 - - [29/Apr/2020:09:31:11 +0800] "GET /xingrg/kc/buy/cgsh_order_info.html?code=212020042907963 HTTP/1.1" 200 53099
222.69.136.137 - - [29/Apr/2020:09:31:11 +0800] "GET /xingrg/javascript/easyui/themes/default/validatebox.css HTTP/1.1" 404 1104
222.69.136.137 - - [29/Apr/2020:09:31:11 +0800] "POST /xingrg/kc/buy/cgsh_order_operate.html HTTP/1.1" 200 2387
180.152.249.82 - - [29/Apr/2020:09:31:15 +0800] "GET /xingrg/kc/buy/cgsh_order_operate.html?command=get_materiel&rest_code=00102&code=00101008096&supplier_code=00100008&order_time=2020-04-29 HTTP/1.1" 200 412
172.17.0.120 - - [29/Apr/2020:09:31:15 +0800] "GET /xingrg/all/function/internal_message.html?_=1588123873737&CODE_STATE=getMsg HTTP/1.1" 200 27
222.69.136.137 - - [29/Apr/2020:09:31:16 +0800] "GET /xingrg/kc/print/load_data.html?order_code=212020042907963&kc_code=cgsh&condition= HTTP/1.1" 200 1402
116.233.79.27 - - [29/Apr/2020:09:31:16 +0800] "GET /xingrg/all/function/internal_message.html?_=1588123877983&CODE_STATE=getMsg HTTP/1.1" 200 27
116.233.79.27 - - [29/Apr/2020:09:31:16 +0800] "GET /xingrg/check_reg.html?_=1588123877985 HTTP/1.1" 200 22
114.84.32.201 - - [29/Apr/2020:09:31:19 +0800] "GET /xingrg/check_reg.html?_=1588123877673 HTTP/1.1" 200 22
114.84.32.201 - - [29/Apr/2020:09:31:19 +0800] "GET /xingrg/all/function/internal_message.html?_=1588123877671&CODE_STATE=getMsg HTTP/1.1" 200 27
180.156.150.85 - - [29/Apr/2020:09:31:21 +0800] "GET /xingrg/all/function/internal_message.html?_=1588123881182&CODE_STATE=getMsg HTTP/1.1" 200 27
180.152.249.82 - - [29/Apr/2020:09:31:22 +0800] "GET /xingrg/check_reg.html?_=1588124073982 HTTP/1.1" 200 22
114.86.190.97 - - [29/Apr/2020:09:31:22 +0800] "GET /xingrg/all/function/internal_message.html?_=1588123884997&CODE_STATE=getMsg HTTP/1.1" 200 27
180.152.249.82 - - [29/Apr/2020:09:31:22 +0800] "GET /xingrg/all/function/internal_message.html?_=1588124074694&CODE_STATE=getMsg HTTP/1.1" 200 27
180.152.249.82 - - [29/Apr/2020:09:31:25 +0800] "GET /xingrg/kc/buy/cgsh_order_operate.html?command=get_materiel&rest_code=00102&code=00101008088&supplier_code=00100008&order_time=2020-04-29 HTTP/1.1" 200 408
180.156.150.85 - - [29/Apr/2020:09:31:28 +0800] "GET /xingrg/kc/buy/cgsh_order_list.html HTTP/1.1" 200 42578
172.17.0.101 - - [29/Apr/2020:09:31:28 +0800] "GET /xingrg/check_reg.html?_=1588123892778 HTTP/1.1" 200 22
172.17.0.101 - - [29/Apr/2020:09:31:28 +0800] "GET /xingrg/all/function/internal_message.html?_=1588123892775&CODE_STATE=getMsg HTTP/1.1" 200 27
180.156.150.85 - - [29/Apr/2020:09:31:28 +0800] "POST /xingrg/kc/buy/cgsh_list_operate.html HTTP/1.1" 200 2051
222.69.136.137 - - [29/Apr/2020:09:31:29 +0800] "GET /xingrg/all/function/internal_message.html?_=1588123884712&CODE_STATE=getMsg HTTP/1.1" 200 27
222.69.136.137 - - [29/Apr/2020:09:31:29 +0800] "GET /xingrg/check_reg.html?_=1588123884716 HTTP/1.1" 200 22
180.156.150.85 - - [29/Apr/2020:09:31:30 +0800] "POST /xingrg/kc/buy/cgsh_list_operate.html HTTP/1.1" 200 2051
180.156.150.85 - - [29/Apr/2020:09:31:31 +0800] "GET /xingrg/kc/buy/cgsh_order_add.html HTTP/1.1" 200 58193
180.156.150.85 - - [29/Apr/2020:09:31:32 +0800] "POST /xingrg/kc/buy/cgsh_order_operate.html HTTP/1.1" 200 8245
180.156.150.85 - - [29/Apr/2020:09:31:32 +0800] "GET /xingrg/javascript/easyui/themes/default/validatebox.css HTTP/1.1" 404 1104
180.152.249.82 - - [29/Apr/2020:09:31:33 +0800] "GET /xingrg/kc/buy/cgsh_order_operate.html?command=get_materiel&rest_code=00102&code=00101008126&supplier_code=00100008&order_time=2020-04-29 HTTP/1.1" 200 412
222.69.136.137 - - [29/Apr/2020:09:31:33 +0800] "GET /xingrg/kc/buy/cgsh_order_add.html HTTP/1.1" 200 58199
222.69.136.137 - - [29/Apr/2020:09:31:34 +0800] "POST /xingrg/kc/buy/cgsh_order_operate.html HTTP/1.1" 200 8245
222.69.136.137 - - [29/Apr/2020:09:31:34 +0800] "GET /xingrg/javascript/easyui/themes/default/validatebox.css HTTP/1.1" 404 1104
172.17.0.111 - - [29/Apr/2020:09:31:37 +0800] "GET /xingrg/all/function/internal_message.html?_=1588123899800&CODE_STATE=getMsg HTTP/1.1" 200 27
222.70.183.62 - - [29/Apr/2020:09:31:39 +0800] "GET /xingrg/all/function/internal_message.html?_=1588124233653&CODE_STATE=getMsg HTTP/1.1" 200 27
114.84.33.255 - - [29/Apr/2020:09:31:40 +0800] "GET /xingrg/all/function/internal_message.html?_=1588123908559&CODE_STATE=getMsg HTTP/1.1" 200 27
180.152.249.82 - - [29/Apr/2020:09:31:40 +0800] "GET /xingrg/kc/buy/cgsh_order_operate.html?command=get_materiel&rest_code=00102&code=00101008356&supplier_code=00100008&order_time=2020-04-29 HTTP/1.1" 200 408
180.162.232.172 - - [29/Apr/2020:09:31:40 +0800] "GET /xingrg/all/function/internal_message.html?_=1588123900739&CODE_STATE=getMsg HTTP/1.1" 200 27
222.69.136.137 - - [29/Apr/2020:09:31:41 +0800] "GET /xingrg/kc/buy/cgsh_order_operate.html?command=get_materiel&rest_code=00149&code=00101011003&supplier_code=00100051&order_time=2020-04-29 HTTP/1.1" 200 413
172.17.0.240 - - [29/Apr/2020:09:31:42 +0800] "GET /xingrg/check_reg.html?_=1588123898638 HTTP/1.1" 200 22
180.156.150.85 - - [29/Apr/2020:09:31:42 +0800] "GET /xingrg/kc/buy/cgsh_order_operate.html?command=get_materiel&rest_code=00105&code=00102002453&supplier_code=00100070&order_time=2020-04-29 HTTP/1.1" 200 433
172.17.0.123 - - [29/Apr/2020:09:31:43 +0800] "GET /xingrg/all/function/internal_message.html?_=1588123900944&CODE_STATE=getMsg HTTP/1.1" 200 27
114.88.159.93 - - [29/Apr/2020:09:31:43 +0800] "POST /xingrg/services/DataTransmitService HTTP/1.1" 200 524
114.88.159.93 - - [29/Apr/2020:09:31:43 +0800] "POST /xingrg/services/DataTransmitService HTTP/1.1" 200 501
180.152.249.82 - - [29/Apr/2020:09:31:48 +0800] "GET /xingrg/kc/buy/cgsh_order_operate.html?command=get_materiel&rest_code=00102&code=00101008296&supplier_code=00100008&order_time=2020-04-29 HTTP/1.1" 200 416
58.221.95.50 - - [29/Apr/2020:09:31:50 +0800] "GET /xingrg/all/function/internal_message.html?_=1588123936638&CODE_STATE=getMsg HTTP/1.1" 200 27
172.17.0.112 - - [29/Apr/2020:09:31:51 +0800] "GET /xingrg/all/function/internal_message.html?_=1588123910771&CODE_STATE=getMsg HTTP/1.1" 200 27
58.221.95.50 - - [29/Apr/2020:09:31:52 +0800] "GET /xingrg/all/function/internal_message.html?_=1588123938061&CODE_STATE=getMsg HTTP/1.1" 200 27
58.221.95.50 - - [29/Apr/2020:09:31:52 +0800] "GET /xingrg/all/function/internal_message.html?_=1588123938125&CODE_STATE=getMsg HTTP/1.1" 200 27
58.221.95.50 - - [29/Apr/2020:09:31:52 +0800] "GET /xingrg/check_reg.html?_=1588123938871 HTTP/1.1" 200 22
58.221.95.50 - - [29/Apr/2020:09:31:52 +0800] "GET /xingrg/check_reg.html?_=1588123938875 HTTP/1.1" 200 22
114.84.33.255 - - [29/Apr/2020:09:31:53 +0800] "GET /xingrg/all/function/internal_message.html?_=1588123917126&CODE_STATE=getMsg HTTP/1.1" 200 27
222.69.136.137 - - [29/Apr/2020:09:31:53 +0800] "POST /xingrg/kc/buy/cgsh_order_operate.html HTTP/1.1" 200 37
180.156.150.85 - - [29/Apr/2020:09:31:55 +0800] "GET /xingrg/kc/buy/cgsh_order_operate.html?command=get_materiel&rest_code=00105&code=00102002334&supplier_code=00100070&order_time=2020-04-29 HTTP/1.1" 200 433
222.69.136.137 - - [29/Apr/2020:09:31:55 +0800] "POST /xingrg/kc/buy/cgsh_order_operate.html HTTP/1.1" 200 12
222.69.136.137 - - [29/Apr/2020:09:31:56 +0800] "GET /xingrg/kc/buy/cgsh_order_info.html?code=212020042907964 HTTP/1.1" 200 53101
222.69.136.137 - - [29/Apr/2020:09:31:56 +0800] "GET /xingrg/javascript/easyui/themes/default/validatebox.css HTTP/1.1" 404 1104
222.69.136.137 - - [29/Apr/2020:09:31:56 +0800] "POST /xingrg/kc/buy/cgsh_order_operate.html HTTP/1.1" 200 606
222.69.136.137 - - [29/Apr/2020:09:31:58 +0800] "GET /xingrg/kc/print/load_data.html?order_code=212020042907964&kc_code=cgsh&condition= HTTP/1.1" 200 714
180.152.249.82 - - [29/Apr/2020:09:32:00 +0800] "GET /xingrg/kc/buy/cgsh_order_operate.html?command=get_materiel&rest_code=00102&code=00101008213&supplier_code=00100008&order_time=2020-04-29 HTTP/1.1" 200 412
120.253.135.82 - - [29/Apr/2020:09:32:00 +0800] "GET /xingrg/all/function/internal_message.html?_=1588123671077&CODE_STATE=getMsg HTTP/1.1" 200 27
180.156.150.85 - - [29/Apr/2020:09:32:01 +0800] "POST /xingrg/kc/buy/cgsh_order_operate.html HTTP/1.1" 200 37
116.232.55.231 - - [29/Apr/2020:09:32:01 +0800] "GET /xingrg/all/function/internal_message.html?_=1588123981234&CODE_STATE=getMsg HTTP/1.1" 200 27
180.156.150.85 - - [29/Apr/2020:09:32:02 +0800] "POST /xingrg/kc/buy/cgsh_order_operate.html HTTP/1.1" 200 3264
180.156.150.85 - - [29/Apr/2020:09:32:03 +0800] "GET /xingrg/kc/print/load_data.html?order_code=212020042907965&kc_code=cgsh&condition= HTTP/1.1" 200 923
222.69.136.137 - - [29/Apr/2020:09:32:03 +0800] "GET /xingrg/kc/buy/cgsh_order_add.html HTTP/1.1" 200 58199
222.69.136.137 - - [29/Apr/2020:09:32:04 +0800] "POST /xingrg/kc/buy/cgsh_order_operate.html HTTP/1.1" 200 8245
222.69.136.137 - - [29/Apr/2020:09:32:04 +0800] "GET /xingrg/javascript/easyui/themes/default/validatebox.css HTTP/1.1" 404 1104
172.17.0.120 - - [29/Apr/2020:09:32:06 +0800] "POST /xingrg/all/user/operate.html HTTP/1.1" 200 36
172.17.0.120 - - [29/Apr/2020:09:32:06 +0800] "GET /xingrg/index.html?sysBaseUrl=http%3A%2F%2F172.17.0.8%3A18081%2Fxingrg%2F&costTime=38×tamp=1588123695665 HTTP/1.1" 200 17452
172.17.0.120 - - [29/Apr/2020:09:32:06 +0800] "GET /xingrg/javascript/jquery_easy_ui/themes/default/easyui.css HTTP/1.1" 304 -
172.17.0.120 - - [29/Apr/2020:09:32:06 +0800] "GET /xingrg/javascript/jquery_easy_ui/themes/icon.css HTTP/1.1" 304 -
172.17.0.120 - - [29/Apr/2020:09:32:06 +0800] "GET /xingrg/css/form.css HTTP/1.1" 304 -
172.17.0.120 - - [29/Apr/2020:09:32:06 +0800] "GET /xingrg/javascript/jquery-1.4.2.min.js HTTP/1.1" 304 -
172.17.0.120 - - [29/Apr/2020:09:32:06 +0800] "GET /xingrg/javascript/jquery_easy_ui/jquery.easyui.min.js HTTP/1.1" 304 -
172.17.0.120 - - [29/Apr/2020:09:32:06 +0800] "GET /xingrg/javascript/jquery_easy_ui/easyui-lang-zh_CN.js HTTP/1.1" 304 -
172.17.0.120 - - [29/Apr/2020:09:32:06 +0800] "GET /xingrg/javascript/jquery.form.js HTTP/1.1" 304 -
172.17.0.120 - - [29/Apr/2020:09:32:06 +0800] "GET /xingrg/javascript/jquery.utils.js HTTP/1.1" 304 -
172.17.0.120 - - [29/Apr/2020:09:32:06 +0800] "GET /xingrg/javascript/jquery.timers.js HTTP/1.1" 304 -
172.17.0.120 - - [29/Apr/2020:09:32:06 +0800] "GET /xingrg/images/blue/jxLogo.png HTTP/1.1" 304 -
172.17.0.120 - - [29/Apr/2020:09:32:06 +0800] "GET /xingrg/images/blue/navBackgound.jpg HTTP/1.1" 304 -
172.17.0.120 - - [29/Apr/2020:09:32:06 +0800] "GET /xingrg/javascript/jquery_easy_ui/themes/icons/settle_new.png HTTP/1.1" 304 -
172.17.0.120 - - [29/Apr/2020:09:32:06 +0800] "POST /xingrg/all/common/load_tree.html?tree=area_rest_tree_json&manage=1 HTTP/1.1" 200 3088
172.17.0.120 - - [29/Apr/2020:09:32:06 +0800] "GET /xingrg/all/function/internal_message.html?_=1588123924587&CODE_STATE=count HTTP/1.1" 200 11
172.17.0.120 - - [29/Apr/2020:09:32:06 +0800] "GET /xingrg/check_reg.html?_=1588123924588 HTTP/1.1" 200 22
172.17.0.120 - - [29/Apr/2020:09:32:06 +0800] "GET /xingrg/javascript/jquery_easy_ui/themes/default/images/panel_tool_expand.gif HTTP/1.1" 304 -
172.17.0.120 - - [29/Apr/2020:09:32:06 +0800] "GET /xingrg/javascript/jquery_easy_ui/themes/default/images/panel_tool_collapse.gif HTTP/1.1" 304 -
172.17.0.120 - - [29/Apr/2020:09:32:06 +0800] "GET /xingrg/javascript/jquery_easy_ui/themes/default/images/tabs_leftarrow.png HTTP/1.1" 304 -
172.17.0.120 - - [29/Apr/2020:09:32:06 +0800] "GET /xingrg/images/blue/pingpu.png HTTP/1.1" 304 -
172.17.0.120 - - [29/Apr/2020:09:32:06 +0800] "GET /xingrg/javascript/jquery_easy_ui/themes/default/images/tabs_rightarrow.png HTTP/1.1" 304 -
172.17.0.120 - - [29/Apr/2020:09:32:06 +0800] "POST /xingrg/load_menu.html HTTP/1.1" 200 9924
180.152.249.82 - - [29/Apr/2020:09:32:07 +0800] "GET /xingrg/kc/buy/cgsh_order_operate.html?command=get_materiel&rest_code=00102&code=00101008064&supplier_code=00100008&order_time=2020-04-29 HTTP/1.1" 200 412
172.17.0.120 - - [29/Apr/2020:09:32:09 +0800] "GET /xingrg/kc/buy/buy_main.html HTTP/1.1" 200 12377
172.17.0.120 - - [29/Apr/2020:09:32:09 +0800] "GET /xingrg/css/new_ie.css HTTP/1.1" 404 1036
172.17.0.120 - - [29/Apr/2020:09:32:10 +0800] "GET /xingrg/images/yd/bt.gif HTTP/1.1" 404 1040
172.17.0.120 - - [29/Apr/2020:09:32:10 +0800] "GET /xingrg/kc/buy/cgsh_order_list.html HTTP/1.1" 200 42817
172.17.0.120 - - [29/Apr/2020:09:32:10 +0800] "GET /xingrg/javascript/jquery_tools/list_manager.js HTTP/1.1" 200 3652
172.17.0.120 - - [29/Apr/2020:09:32:10 +0800] "GET /xingrg/javascript/easyui/themes/icons/import_new.png HTTP/1.1" 200 1247
172.17.0.120 - - [29/Apr/2020:09:32:10 +0800] "GET /xingrg/javascript/easyui/themes/icons/cance_new.png HTTP/1.1" 200 3986
172.17.0.120 - - [29/Apr/2020:09:32:10 +0800] "GET /xingrg/javascript/easyui/themes/icons/check_new.png HTTP/1.1" 200 3224
172.17.0.120 - - [29/Apr/2020:09:32:10 +0800] "GET /xingrg/javascript/easyui/themes/icons/field_new.png HTTP/1.1" 200 1097
172.17.0.120 - - [29/Apr/2020:09:32:11 +0800] "POST /xingrg/kc/buy/cgsh_list_operate.html HTTP/1.1" 200 1688
172.17.0.120 - - [29/Apr/2020:09:32:14 +0800] "GET /xingrg/javascript/jquery_tools/images/next.gif HTTP/1.1" 404 1086
172.17.0.120 - - [29/Apr/2020:09:32:14 +0800] "GET /xingrg/javascript/jquery_tools/images/prev.gif HTTP/1.1" 404 1086
180.152.249.82 - - [29/Apr/2020:09:32:15 +0800] "GET /xingrg/kc/buy/cgsh_order_operate.html?command=get_materiel&rest_code=00102&code=00101008042&supplier_code=00100008&order_time=2020-04-29 HTTP/1.1" 200 416
180.156.150.85 - - [29/Apr/2020:09:32:16 +0800] "GET /xingrg/kc/buy/cgsh_order_operate.html?command=get_materiel&rest_code=00105&code=00101015052&supplier_code=00100070&order_time=2020-04-29 HTTP/1.1" 200 413
116.233.79.27 - - [29/Apr/2020:09:32:16 +0800] "GET /xingrg/all/function/internal_message.html?_=1588123937984&CODE_STATE=getMsg HTTP/1.1" 200 27
172.17.0.120 - - [29/Apr/2020:09:32:18 +0800] "POST /xingrg/kc/buy/cgsh_list_operate.html HTTP/1.1" 200 2075
114.84.32.201 - - [29/Apr/2020:09:32:19 +0800] "GET /xingrg/all/function/internal_message.html?_=1588123937657&CODE_STATE=getMsg HTTP/1.1" 200 27
172.17.0.120 - - [29/Apr/2020:09:32:20 +0800] "POST /xingrg/kc/buy/cgsh_list_operate.html HTTP/1.1" 200 563
222.69.136.137 - - [29/Apr/2020:09:32:21 +0800] "GET /xingrg/kc/buy/cgsh_order_operate.html?command=get_materiel&rest_code=00149&code=00101007081&supplier_code=00100205&order_time=2020-04-29 HTTP/1.1" 200 415
180.156.150.85 - - [29/Apr/2020:09:32:21 +0800] "GET /xingrg/all/function/internal_message.html?_=1588123941206&CODE_STATE=getMsg HTTP/1.1" 200 27
114.86.190.97 - - [29/Apr/2020:09:32:22 +0800] "GET /xingrg/all/function/internal_message.html?_=1588123945013&CODE_STATE=getMsg HTTP/1.1" 200 27
172.17.0.120 - - [29/Apr/2020:09:32:22 +0800] "POST /xingrg/kc/buy/cgsh_list_operate.html HTTP/1.1" 200 4
180.152.249.82 - - [29/Apr/2020:09:32:22 +0800] "GET /xingrg/all/function/internal_message.html?_=1588124134710&CODE_STATE=getMsg HTTP/1.1" 200 27
172.17.0.120 - - [29/Apr/2020:09:32:23 +0800] "POST /xingrg/kc/buy/cgsh_list_operate.html HTTP/1.1" 200 2050
180.152.249.82 - - [29/Apr/2020:09:32:26 +0800] "GET /xingrg/kc/buy/cgsh_order_operate.html?command=get_materiel&rest_code=00102&code=00101020156&supplier_code=00100008&order_time=2020-04-29 HTTP/1.1" 200 412
172.17.0.101 - - [29/Apr/2020:09:32:28 +0800] "GET /xingrg/all/function/internal_message.html?_=1588123952790&CODE_STATE=getMsg HTTP/1.1" 200 27
222.69.136.137 - - [29/Apr/2020:09:32:29 +0800] "GET /xingrg/all/function/internal_message.html?_=1588123944727&CODE_STATE=getMsg HTTP/1.1" 200 27
222.69.136.137 - - [29/Apr/2020:09:32:35 +0800] "GET /xingrg/kc/buy/cgsh_order_operate.html?command=get_materiel&rest_code=00149&code=00101007043&supplier_code=00100205&order_time=2020-04-29 HTTP/1.1" 200 409
180.152.249.82 - - [29/Apr/2020:09:32:35 +0800] "GET /xingrg/kc/buy/cgsh_order_operate.html?command=get_materiel&rest_code=00102&code=00101008010&supplier_code=00100008&order_time=2020-04-29 HTTP/1.1" 200 412
172.17.0.111 - - [29/Apr/2020:09:32:37 +0800] "GET /xingrg/all/function/internal_message.html?_=1588123959772&CODE_STATE=getMsg HTTP/1.1" 200 27
222.70.183.62 - - [29/Apr/2020:09:32:39 +0800] "GET /xingrg/all/function/internal_message.html?_=1588124293655&CODE_STATE=getMsg HTTP/1.1" 200 27
114.84.33.255 - - [29/Apr/2020:09:32:40 +0800] "GET /xingrg/all/function/internal_message.html?_=1588123968573&CODE_STATE=getMsg HTTP/1.1" 200 27
180.162.232.172 - - [29/Apr/2020:09:32:40 +0800] "GET /xingrg/all/function/internal_message.html?_=1588123960735&CODE_STATE=getMsg HTTP/1.1" 200 27
180.162.232.172 - - [29/Apr/2020:09:32:42 +0800] "GET /xingrg/kc/buy/cgsh_order_list.html HTTP/1.1" 200 42582
172.17.0.123 - - [29/Apr/2020:09:32:43 +0800] "GET /xingrg/all/function/internal_message.html?_=1588123960930&CODE_STATE=getMsg HTTP/1.1" 200 27
180.162.232.172 - - [29/Apr/2020:09:32:43 +0800] "POST /xingrg/kc/buy/cgsh_list_operate.html HTTP/1.1" 200 2050
180.162.232.172 - - [29/Apr/2020:09:32:45 +0800] "POST /xingrg/kc/buy/cgsh_list_operate.html HTTP/1.1" 200 563
180.152.249.82 - - [29/Apr/2020:09:32:45 +0800] "POST /xingrg/kc/buy/cgsh_order_operate.html HTTP/1.1" 200 37
180.162.232.172 - - [29/Apr/2020:09:32:45 +0800] "GET /xingrg/kc/buy/cgsh_order_info.html?code=212020042907954 HTTP/1.1" 200 57929
180.162.232.172 - - [29/Apr/2020:09:32:46 +0800] "GET /xingrg/all/common/auto_word.html?type=employee&rest_code=00151 HTTP/1.1" 200 243
180.162.232.172 - - [29/Apr/2020:09:32:46 +0800] "GET /xingrg/all/common/auto_word.html?type=employee&rest_code=00151 HTTP/1.1" 200 243
180.162.232.172 - - [29/Apr/2020:09:32:46 +0800] "GET /xingrg/javascript/easyui/themes/default/validatebox.css HTTP/1.1" 404 1104
180.162.232.172 - - [29/Apr/2020:09:32:46 +0800] "POST /xingrg/kc/buy/cgsh_order_operate.html HTTP/1.1" 200 8013
180.152.249.82 - - [29/Apr/2020:09:32:46 +0800] "POST /xingrg/kc/buy/cgsh_order_operate.html HTTP/1.1" 200 8573
222.69.136.137 - - [29/Apr/2020:09:32:48 +0800] "GET /xingrg/kc/buy/cgsh_order_operate.html?command=get_materiel&rest_code=00149&code=00101007023&supplier_code=00100205&order_time=2020-04-29 HTTP/1.1" 200 411
58.221.95.50 - - [29/Apr/2020:09:32:50 +0800] "GET /xingrg/all/function/internal_message.html?_=1588123996639&CODE_STATE=getMsg HTTP/1.1" 200 27
172.17.0.112 - - [29/Apr/2020:09:32:51 +0800] "GET /xingrg/all/function/internal_message.html?_=1588123970756&CODE_STATE=getMsg HTTP/1.1" 200 27
58.221.95.50 - - [29/Apr/2020:09:32:51 +0800] "GET /xingrg/all/function/internal_message.html?_=1588123998038&CODE_STATE=getMsg HTTP/1.1" 200 27
58.221.95.50 - - [29/Apr/2020:09:32:52 +0800] "GET /xingrg/all/function/internal_message.html?_=1588123998102&CODE_STATE=getMsg HTTP/1.1" 200 27
180.162.232.172 - - [29/Apr/2020:09:32:52 +0800] "GET /xingrg/javascript/auto/indicator.gif HTTP/1.1" 404 1066
180.152.249.82 - - [29/Apr/2020:09:32:52 +0800] "POST /xingrg/kc/buy/cgsh_order_operate.html HTTP/1.1" 200 37
114.84.33.255 - - [29/Apr/2020:09:32:53 +0800] "GET /xingrg/all/function/internal_message.html?_=1588123977139&CODE_STATE=getMsg HTTP/1.1" 200 27
180.152.249.82 - - [29/Apr/2020:09:32:53 +0800] "POST /xingrg/kc/buy/cgsh_order_operate.html HTTP/1.1" 200 8573
180.152.249.82 - - [29/Apr/2020:09:32:55 +0800] "GET /xingrg/kc/buy/cgsh_order_add.html HTTP/1.1" 200 58105
180.156.150.85 - - [29/Apr/2020:09:32:55 +0800] "POST /xingrg/kc/buy/cgsh_list_operate.html HTTP/1.1" 200 2417
180.152.249.82 - - [29/Apr/2020:09:32:56 +0800] "POST /xingrg/kc/buy/cgsh_order_operate.html HTTP/1.1" 200 8245
180.152.249.82 - - [29/Apr/2020:09:32:56 +0800] "GET /xingrg/javascript/easyui/themes/default/validatebox.css HTTP/1.1" 404 1104
180.152.249.82 - - [29/Apr/2020:09:32:57 +0800] "GET /xingrg/javascript/easyui/themes/default/tree.css HTTP/1.1" 404 1090
180.152.249.82 - - [29/Apr/2020:09:32:57 +0800] "POST /xingrg/all/common/load_tree.html?tree=supplier_tree_json&isDelete=1 HTTP/1.1" 200 47615
120.253.135.82 - - [29/Apr/2020:09:33:00 +0800] "GET /xingrg/all/function/internal_message.html?_=1588123731085&CODE_STATE=getMsg HTTP/1.1" 200 27
116.232.55.231 - - [29/Apr/2020:09:33:01 +0800] "GET /xingrg/all/function/internal_message.html?_=1588124041228&CODE_STATE=getMsg HTTP/1.1" 200 27
180.162.232.172 - - [29/Apr/2020:09:33:03 +0800] "POST /xingrg/kc/buy/cgsh_order_operate.html HTTP/1.1" 200 37
222.69.136.137 - - [29/Apr/2020:09:33:04 +0800] "GET /xingrg/kc/buy/cgsh_order_operate.html?command=get_materiel&rest_code=00149&code=00101007031&supplier_code=00100205&order_time=2020-04-29 HTTP/1.1" 200 435
180.162.232.172 - - [29/Apr/2020:09:33:05 +0800] "POST /xingrg/kc/buy/cgsh_order_operate.html HTTP/1.1" 200 12
180.162.232.172 - - [29/Apr/2020:09:33:05 +0800] "GET /xingrg/kc/buy/cgsh_order_info.html?code=212020042907954 HTTP/1.1" 200 52822
180.162.232.172 - - [29/Apr/2020:09:33:06 +0800] "GET /xingrg/javascript/easyui/themes/default/validatebox.css HTTP/1.1" 404 1104
180.162.232.172 - - [29/Apr/2020:09:33:06 +0800] "POST /xingrg/kc/buy/cgsh_order_operate.html HTTP/1.1" 200 5958
172.17.0.120 - - [29/Apr/2020:09:33:06 +0800] "GET /xingrg/all/function/internal_message.html?_=1588123984594&CODE_STATE=getMsg HTTP/1.1" 200 27
180.162.232.172 - - [29/Apr/2020:09:33:07 +0800] "GET /xingrg/kc/print/load_config.html?kc_code=cgsh HTTP/1.1" 200 1845
180.162.232.172 - - [29/Apr/2020:09:33:08 +0800] "GET /xingrg/kc/print/load_data.html?order_code=212020042907954&kc_code=cgsh&condition= HTTP/1.1" 200 2819
124.77.110.230 - - [29/Apr/2020:09:33:09 +0800] "GET /xingrg/check_reg.html?_=1588123218484 HTTP/1.1" 200 22
180.152.249.82 - - [29/Apr/2020:09:33:10 +0800] "GET /xingrg/kc/buy/cgsh_order_operate.html?command=get_materiel&rest_code=00102&code=00101008175&supplier_code=00100008&order_time=2020-04-29 HTTP/1.1" 200 412
116.233.79.27 - - [29/Apr/2020:09:33:16 +0800] "GET /xingrg/all/function/internal_message.html?_=1588123997983&CODE_STATE=getMsg HTTP/1.1" 200 27
222.69.136.137 - - [29/Apr/2020:09:33:19 +0800] "GET /xingrg/kc/buy/cgsh_order_operate.html?command=get_materiel&rest_code=00149&code=00101006094&supplier_code=00100205&order_time=2020-04-29 HTTP/1.1" 200 410
114.84.32.201 - - [29/Apr/2020:09:33:19 +0800] "GET /xingrg/all/function/internal_message.html?_=1588123997676&CODE_STATE=getMsg HTTP/1.1" 200 27
180.152.249.82 - - [29/Apr/2020:09:33:20 +0800] "GET /xingrg/kc/buy/cgsh_order_operate.html?command=get_materiel&rest_code=00102&code=00101008215&supplier_code=00100008&order_time=2020-04-29 HTTP/1.1" 200 413
180.156.150.85 - - [29/Apr/2020:09:33:21 +0800] "GET /xingrg/all/function/internal_message.html?_=1588124001273&CODE_STATE=getMsg HTTP/1.1" 200 27
180.156.150.85 - - [29/Apr/2020:09:33:21 +0800] "GET /xingrg/check_reg.html?_=1588124001275 HTTP/1.1" 200 22
114.86.190.97 - - [29/Apr/2020:09:33:22 +0800] "GET /xingrg/all/function/internal_message.html?_=1588124005023&CODE_STATE=getMsg HTTP/1.1" 200 27
180.152.249.82 - - [29/Apr/2020:09:33:22 +0800] "GET /xingrg/all/function/internal_message.html?_=1588124194723&CODE_STATE=getMsg HTTP/1.1" 200 27
172.17.0.101 - - [29/Apr/2020:09:33:28 +0800] "GET /xingrg/all/function/internal_message.html?_=1588124012788&CODE_STATE=getMsg HTTP/1.1" 200 27
222.69.136.137 - - [29/Apr/2020:09:33:29 +0800] "GET /xingrg/all/function/internal_message.html?_=1588124004713&CODE_STATE=getMsg HTTP/1.1" 200 27
172.17.0.111 - - [29/Apr/2020:09:33:37 +0800] "GET /xingrg/all/function/internal_message.html?_=1588124019757&CODE_STATE=getMsg HTTP/1.1" 200 27
222.70.183.62 - - [29/Apr/2020:09:33:39 +0800] "GET /xingrg/all/function/internal_message.html?_=1588124353656&CODE_STATE=getMsg HTTP/1.1" 200 27
114.84.33.255 - - [29/Apr/2020:09:33:40 +0800] "GET /xingrg/all/function/internal_message.html?_=1588124028653&CODE_STATE=getMsg HTTP/1.1" 200 27
180.162.232.172 - - [29/Apr/2020:09:33:40 +0800] "GET /xingrg/check_reg.html?_=1588124020739 HTTP/1.1" 200 22
180.162.232.172 - - [29/Apr/2020:09:33:40 +0800] "GET /xingrg/all/function/internal_message.html?_=1588124020740&CODE_STATE=getMsg HTTP/1.1" 200 27
180.152.249.82 - - [29/Apr/2020:09:33:41 +0800] "GET /xingrg/kc/buy/cgsh_order_operate.html?command=get_materiel&rest_code=00102&code=00101008224&supplier_code=00100008&order_time=2020-04-29 HTTP/1.1" 200 416
172.17.0.123 - - [29/Apr/2020:09:33:43 +0800] "GET /xingrg/all/function/internal_message.html?_=1588124020932&CODE_STATE=getMsg HTTP/1.1" 200 27
172.17.0.123 - - [29/Apr/2020:09:33:43 +0800] "GET /xingrg/check_reg.html?_=1588124020934 HTTP/1.1" 200 22
58.221.95.50 - - [29/Apr/2020:09:33:50 +0800] "GET /xingrg/all/function/internal_message.html?_=1588124056638&CODE_STATE=getMsg HTTP/1.1" 200 27
180.162.232.172 - - [29/Apr/2020:09:33:51 +0800] "POST /xingrg/all/user/operate.html HTTP/1.1" 200 36
180.162.232.172 - - [29/Apr/2020:09:33:51 +0800] "GET /xingrg/javascript/jquery_easy_ui/themes/default/easyui.css HTTP/1.1" 304 -
180.162.232.172 - - [29/Apr/2020:09:33:51 +0800] "GET /xingrg/index.html?sysBaseUrl=http%3A%2F%2F180.169.147.146%3A18081%2Fxingrg%2F&costTime=38×tamp=1588123420463 HTTP/1.1" 200 17179
180.162.232.172 - - [29/Apr/2020:09:33:51 +0800] "GET /xingrg/javascript/jquery_easy_ui/themes/icon.css HTTP/1.1" 304 -
180.162.232.172 - - [29/Apr/2020:09:33:51 +0800] "GET /xingrg/css/form.css HTTP/1.1" 304 -
180.162.232.172 - - [29/Apr/2020:09:33:51 +0800] "GET /xingrg/javascript/jquery-1.4.2.min.js HTTP/1.1" 304 -
180.162.232.172 - - [29/Apr/2020:09:33:51 +0800] "GET /xingrg/javascript/jquery_easy_ui/jquery.easyui.min.js HTTP/1.1" 304 -
180.162.232.172 - - [29/Apr/2020:09:33:51 +0800] "GET /xingrg/javascript/jquery_easy_ui/easyui-lang-zh_CN.js HTTP/1.1" 304 -
180.162.232.172 - - [29/Apr/2020:09:33:51 +0800] "GET /xingrg/javascript/jquery.form.js HTTP/1.1" 304 -
180.162.232.172 - - [29/Apr/2020:09:33:51 +0800] "GET /xingrg/javascript/jquery.utils.js HTTP/1.1" 304 -
180.162.232.172 - - [29/Apr/2020:09:33:51 +0800] "GET /xingrg/javascript/jquery.timers.js HTTP/1.1" 304 -
180.162.232.172 - - [29/Apr/2020:09:33:51 +0800] "GET /xingrg/images/blue/jxLogo.png HTTP/1.1" 304 -
180.162.232.172 - - [29/Apr/2020:09:33:51 +0800] "GET /xingrg/images/blue/navBackgound.jpg HTTP/1.1" 304 -
180.162.232.172 - - [29/Apr/2020:09:33:51 +0800] "GET /xingrg/javascript/jquery_easy_ui/themes/icons/settle_new.png HTTP/1.1" 304 -
180.162.232.172 - - [29/Apr/2020:09:33:51 +0800] "POST /xingrg/all/common/load_tree.html?tree=area_rest_tree_json&manage=1 HTTP/1.1" 200 476
180.162.232.172 - - [29/Apr/2020:09:33:51 +0800] "GET /xingrg/javascript/jquery_easy_ui/themes/default/images/tabs_leftarrow.png HTTP/1.1" 304 -
180.162.232.172 - - [29/Apr/2020:09:33:51 +0800] "GET /xingrg/check_reg.html?_=1588124031519 HTTP/1.1" 200 22
180.162.232.172 - - [29/Apr/2020:09:33:51 +0800] "GET /xingrg/all/function/internal_message.html?_=1588124031519&CODE_STATE=count HTTP/1.1" 200 11
180.162.232.172 - - [29/Apr/2020:09:33:51 +0800] "GET /xingrg/images/blue/pingpu.png HTTP/1.1" 304 -
180.162.232.172 - - [29/Apr/2020:09:33:51 +0800] "GET /xingrg/javascript/jquery_easy_ui/themes/default/images/panel_tool_collapse.gif HTTP/1.1" 304 -
180.162.232.172 - - [29/Apr/2020:09:33:51 +0800] "GET /xingrg/javascript/jquery_easy_ui/themes/default/images/tabs_rightarrow.png HTTP/1.1" 304 -
180.162.232.172 - - [29/Apr/2020:09:33:51 +0800] "POST /xingrg/load_menu.html HTTP/1.1" 200 5138
172.17.0.112 - - [29/Apr/2020:09:33:51 +0800] "GET /xingrg/all/function/internal_message.html?_=1588124030749&CODE_STATE=getMsg HTTP/1.1" 200 27
58.221.95.50 - - [29/Apr/2020:09:33:51 +0800] "GET /xingrg/all/function/internal_message.html?_=1588124058014&CODE_STATE=getMsg HTTP/1.1" 200 27
58.221.95.50 - - [29/Apr/2020:09:33:52 +0800] "GET /xingrg/all/function/internal_message.html?_=1588124058073&CODE_STATE=getMsg HTTP/1.1" 200 27
114.84.33.255 - - [29/Apr/2020:09:33:53 +0800] "GET /xingrg/all/function/internal_message.html?_=1588124037351&CODE_STATE=getMsg HTTP/1.1" 200 27
180.162.232.172 - - [29/Apr/2020:09:33:55 +0800] "GET /xingrg/kc/buy/cgsh_order_list.html HTTP/1.1" 200 42584
180.162.232.172 - - [29/Apr/2020:09:33:55 +0800] "POST /xingrg/kc/buy/cgsh_list_operate.html HTTP/1.1" 200 876
180.152.249.82 - - [29/Apr/2020:09:33:56 +0800] "GET /xingrg/kc/buy/cgsh_order_operate.html?command=get_materiel&rest_code=00102&code=00101008223&supplier_code=00100008&order_time=2020-04-29 HTTP/1.1" 200 412
114.84.33.255 - - [29/Apr/2020:09:33:59 +0800] "GET /xingrg/check_reg.html?_=1588124043645 HTTP/1.1" 200 22
120.253.135.82 - - [29/Apr/2020:09:34:00 +0800] "GET /xingrg/check_reg.html?_=1588123790980 HTTP/1.1" 200 22
120.253.135.82 - - [29/Apr/2020:09:34:00 +0800] "GET /xingrg/all/function/internal_message.html?_=1588123791099&CODE_STATE=getMsg HTTP/1.1" 200 27
222.69.136.137 - - [29/Apr/2020:09:34:00 +0800] "POST /xingrg/kc/buy/cgsh_order_operate.html HTTP/1.1" 200 37
116.232.55.231 - - [29/Apr/2020:09:34:01 +0800] "GET /xingrg/check_reg.html?_=1588124101232 HTTP/1.1" 200 22
116.232.55.231 - - [29/Apr/2020:09:34:01 +0800] "GET /xingrg/all/function/internal_message.html?_=1588124101232&CODE_STATE=getMsg HTTP/1.1" 200 27
222.69.136.137 - - [29/Apr/2020:09:34:01 +0800] "POST /xingrg/kc/buy/cgsh_order_operate.html HTTP/1.1" 200 12
222.69.136.137 - - [29/Apr/2020:09:34:02 +0800] "GET /xingrg/kc/buy/cgsh_order_info.html?code=212020042907967 HTTP/1.1" 200 53099
222.69.136.137 - - [29/Apr/2020:09:34:02 +0800] "GET /xingrg/javascript/easyui/themes/default/validatebox.css HTTP/1.1" 404 1104
180.152.249.82 - - [29/Apr/2020:09:34:02 +0800] "GET /xingrg/kc/buy/cgsh_order_operate.html?command=get_materiel&rest_code=00102&code=00101008172&supplier_code=00100008&order_time=2020-04-29 HTTP/1.1" 200 412
222.69.136.137 - - [29/Apr/2020:09:34:03 +0800] "POST /xingrg/kc/buy/cgsh_order_operate.html HTTP/1.1" 200 2984
172.17.0.111 - - [29/Apr/2020:09:34:04 +0800] "GET /xingrg/check_reg.html?_=1588124046559 HTTP/1.1" 200 22
172.17.0.120 - - [29/Apr/2020:09:34:06 +0800] "GET /xingrg/all/function/internal_message.html?_=1588124044594&CODE_STATE=getMsg HTTP/1.1" 200 27
116.233.79.27 - - [29/Apr/2020:09:34:16 +0800] "GET /xingrg/all/function/internal_message.html?_=1588124057982&CODE_STATE=getMsg HTTP/1.1" 200 27
180.152.249.82 - - [29/Apr/2020:09:34:18 +0800] "GET /xingrg/kc/buy/cgsh_order_operate.html?command=get_materiel&rest_code=00102&code=00101008103&supplier_code=00100008&order_time=2020-04-29 HTTP/1.1" 200 417
114.84.32.201 - - [29/Apr/2020:09:34:19 +0800] "GET /xingrg/all/function/internal_message.html?_=1588124057660&CODE_STATE=getMsg HTTP/1.1" 200 27
180.156.150.85 - - [29/Apr/2020:09:34:21 +0800] "GET /xingrg/all/function/internal_message.html?_=1588124061180&CODE_STATE=getMsg HTTP/1.1" 200 27
114.86.190.97 - - [29/Apr/2020:09:34:22 +0800] "GET /xingrg/check_reg.html?_=1588124064794 HTTP/1.1" 200 22
114.86.190.97 - - [29/Apr/2020:09:34:22 +0800] "GET /xingrg/all/function/internal_message.html?_=1588124065037&CODE_STATE=getMsg HTTP/1.1" 200 27
180.152.249.82 - - [29/Apr/2020:09:34:22 +0800] "GET /xingrg/all/function/internal_message.html?_=1588124254736&CODE_STATE=getMsg HTTP/1.1" 200 27
180.152.249.82 - - [29/Apr/2020:09:34:25 +0800] "GET /xingrg/kc/buy/cgsh_order_operate.html?command=get_materiel&rest_code=00102&code=00101015038&supplier_code=00100008&order_time=2020-04-29 HTTP/1.1" 200 418
172.17.0.101 - - [29/Apr/2020:09:34:28 +0800] "GET /xingrg/all/function/internal_message.html?_=1588124072783&CODE_STATE=getMsg HTTP/1.1" 200 27
222.69.136.137 - - [29/Apr/2020:09:34:29 +0800] "GET /xingrg/all/function/internal_message.html?_=1588124064714&CODE_STATE=getMsg HTTP/1.1" 200 27
222.69.136.137 - - [29/Apr/2020:09:34:33 +0800] "GET /xingrg/kc/print/load_data.html?order_code=212020042907967&kc_code=cgsh&condition= HTTP/1.1" 200 1610
58.221.95.50 - - [29/Apr/2020:09:34:33 +0800] "GET /xingrg/kc/buy/cgsh_order_add.html HTTP/1.1" 200 57283
58.221.95.50 - - [29/Apr/2020:09:34:33 +0800] "GET /xingrg/words/20200428130115_words.js HTTP/1.1" 304 -
58.221.95.50 - - [29/Apr/2020:09:34:34 +0800] "GET /xingrg/all/common/auto_word.html?type=employee&rest_code=00152 HTTP/1.1" 200 101
58.221.95.50 - - [29/Apr/2020:09:34:34 +0800] "GET /xingrg/javascript/easyui/themes/default/validatebox.css HTTP/1.1" 404 1104
58.221.95.50 - - [29/Apr/2020:09:34:34 +0800] "GET /xingrg/all/common/auto_word.html?type=employee&rest_code=00152 HTTP/1.1" 200 101
180.152.249.82 - - [29/Apr/2020:09:34:34 +0800] "GET /xingrg/kc/buy/cgsh_order_operate.html?command=get_materiel&rest_code=00102&code=00101008168&supplier_code=00100008&order_time=2020-04-29 HTTP/1.1" 200 413
58.221.95.50 - - [29/Apr/2020:09:34:34 +0800] "POST /xingrg/kc/buy/cgsh_order_operate.html HTTP/1.1" 200 8245
58.221.95.50 - - [29/Apr/2020:09:34:35 +0800] "GET /xingrg/javascript/auto/indicator.gif HTTP/1.1" 404 1066
172.17.0.111 - - [29/Apr/2020:09:34:37 +0800] "GET /xingrg/all/function/internal_message.html?_=1588124079728&CODE_STATE=getMsg HTTP/1.1" 200 27
222.70.183.62 - - [29/Apr/2020:09:34:39 +0800] "GET /xingrg/all/function/internal_message.html?_=1588124413658&CODE_STATE=getMsg HTTP/1.1" 200 27
114.84.33.255 - - [29/Apr/2020:09:34:40 +0800] "GET /xingrg/all/function/internal_message.html?_=1588124088662&CODE_STATE=getMsg HTTP/1.1" 200 27
172.17.0.123 - - [29/Apr/2020:09:34:43 +0800] "GET /xingrg/all/function/internal_message.html?_=1588124080934&CODE_STATE=getMsg HTTP/1.1" 200 27
180.152.249.82 - - [29/Apr/2020:09:34:43 +0800] "POST /xingrg/kc/buy/cgsh_order_operate.html HTTP/1.1" 200 37
58.221.95.50 - - [29/Apr/2020:09:34:46 +0800] "GET /xingrg/kc/buy/cgsh_order_operate.html?command=get_materiel&rest_code=00152&code=00102011222&supplier_code=00100151&order_time=2020-04-29 HTTP/1.1" 200 400
180.152.249.82 - - [29/Apr/2020:09:34:47 +0800] "POST /xingrg/kc/buy/cgsh_order_operate.html HTTP/1.1" 200 9175
58.221.95.50 - - [29/Apr/2020:09:34:50 +0800] "GET /xingrg/check_reg.html?_=1588124116649 HTTP/1.1" 200 22
58.221.95.50 - - [29/Apr/2020:09:34:50 +0800] "GET /xingrg/all/function/internal_message.html?_=1588124116652&CODE_STATE=getMsg HTTP/1.1" 200 27
180.152.249.82 - - [29/Apr/2020:09:34:50 +0800] "GET /xingrg/kc/buy/cgsh_order_add.html HTTP/1.1" 200 58105
180.162.232.172 - - [29/Apr/2020:09:34:51 +0800] "GET /xingrg/all/function/internal_message.html?_=1588124091522&CODE_STATE=getMsg HTTP/1.1" 200 27
172.17.0.112 - - [29/Apr/2020:09:34:51 +0800] "GET /xingrg/all/function/internal_message.html?_=1588124090714&CODE_STATE=getMsg HTTP/1.1" 200 27
58.221.95.50 - - [29/Apr/2020:09:34:51 +0800] "GET /xingrg/all/function/internal_message.html?_=1588124117995&CODE_STATE=getMsg HTTP/1.1" 200 27
58.221.95.50 - - [29/Apr/2020:09:34:52 +0800] "GET /xingrg/all/function/internal_message.html?_=1588124118043&CODE_STATE=getMsg HTTP/1.1" 200 27
180.152.249.82 - - [29/Apr/2020:09:34:52 +0800] "POST /xingrg/kc/buy/cgsh_order_operate.html HTTP/1.1" 200 8245
180.152.249.82 - - [29/Apr/2020:09:34:53 +0800] "GET /xingrg/javascript/easyui/themes/default/validatebox.css HTTP/1.1" 404 1104
114.84.33.255 - - [29/Apr/2020:09:34:53 +0800] "GET /xingrg/all/function/internal_message.html?_=1588124097354&CODE_STATE=getMsg HTTP/1.1" 200 27
180.152.249.82 - - [29/Apr/2020:09:34:55 +0800] "GET /xingrg/javascript/easyui/themes/default/tree.css HTTP/1.1" 404 1090
180.152.249.82 - - [29/Apr/2020:09:34:56 +0800] "POST /xingrg/all/common/load_tree.html?tree=supplier_tree_json&isDelete=1 HTTP/1.1" 200 47615
120.253.135.82 - - [29/Apr/2020:09:34:57 +0800] "GET /xingrg/kc/pszx/mdqp_order_list.html?state=10 HTTP/1.1" 200 10519
120.253.135.82 - - [29/Apr/2020:09:34:57 +0800] "GET /xingrg/dwr/interface/AjaxQqpsService.js HTTP/1.1" 200 16326
120.253.135.82 - - [29/Apr/2020:09:34:57 +0800] "GET /xingrg/dwr/interface/AjaxReportQueryService.js HTTP/1.1" 200 13203
120.253.135.82 - - [29/Apr/2020:09:34:57 +0800] "GET /xingrg/dwr/engine.js HTTP/1.1" 200 43631
120.253.135.82 - - [29/Apr/2020:09:35:00 +0800] "GET /xingrg/kc/pszx/mdth_order_list.html HTTP/1.1" 200 18388
120.253.135.82 - - [29/Apr/2020:09:35:00 +0800] "POST /xingrg/kc/pszx/mdth_order_new_list.html HTTP/1.1" 200 3487
120.253.135.82 - - [29/Apr/2020:09:35:00 +0800] "GET /xingrg/all/function/internal_message.html?_=1588123851298&CODE_STATE=getMsg HTTP/1.1" 200 27
116.232.55.231 - - [29/Apr/2020:09:35:00 +0800] "GET /xingrg/all/function/internal_message.html?_=1588124161234&CODE_STATE=getMsg HTTP/1.1" 200 27
120.253.135.82 - - [29/Apr/2020:09:35:02 +0800] "GET /xingrg/kc/pszx/mdqp_order_list.html?state=10 HTTP/1.1" 200 10519
120.253.135.82 - - [29/Apr/2020:09:35:02 +0800] "GET /xingrg/dwr/interface/AjaxReportQueryService.js HTTP/1.1" 200 13203
120.253.135.82 - - [29/Apr/2020:09:35:02 +0800] "GET /xingrg/dwr/interface/AjaxQqpsService.js HTTP/1.1" 200 16326
120.253.135.82 - - [29/Apr/2020:09:35:02 +0800] "GET /xingrg/dwr/engine.js HTTP/1.1" 200 43631
172.17.0.120 - - [29/Apr/2020:09:35:06 +0800] "GET /xingrg/all/function/internal_message.html?_=1588124104601&CODE_STATE=getMsg HTTP/1.1" 200 27
120.253.135.82 - - [29/Apr/2020:09:35:11 +0800] "GET /xingrg/kc/pszx/mdqp_order_list.html?state=10 HTTP/1.1" 200 10519
120.253.135.82 - - [29/Apr/2020:09:35:11 +0800] "GET /xingrg/dwr/interface/AjaxReportQueryService.js HTTP/1.1" 200 13203
120.253.135.82 - - [29/Apr/2020:09:35:11 +0800] "GET /xingrg/dwr/interface/AjaxQqpsService.js HTTP/1.1" 200 16326
120.253.135.82 - - [29/Apr/2020:09:35:11 +0800] "GET /xingrg/dwr/engine.js HTTP/1.1" 200 43631
120.253.135.82 - - [29/Apr/2020:09:35:12 +0800] "GET /xingrg/javascript/jquery_easy_ui/themes/default/images/tabs_active.png HTTP/1.1" 200 2894
116.233.79.27 - - [29/Apr/2020:09:35:16 +0800] "GET /xingrg/all/function/internal_message.html?_=1588124117981&CODE_STATE=getMsg HTTP/1.1" 200 27
114.84.32.201 - - [29/Apr/2020:09:35:19 +0800] "GET /xingrg/all/function/internal_message.html?_=1588124117659&CODE_STATE=getMsg HTTP/1.1" 200 27
180.152.249.82 - - [29/Apr/2020:09:35:21 +0800] "GET /xingrg/kc/buy/cgsh_order_operate.html?command=get_materiel&rest_code=00102&code=00101008358&supplier_code=00100008&order_time=2020-04-29 HTTP/1.1" 200 412
114.84.33.255 - - [29/Apr/2020:09:35:21 +0800] "GET /xingrg/kc/buy/cgsh_order_add.html HTTP/1.1" 200 58199
180.156.150.85 - - [29/Apr/2020:09:35:21 +0800] "GET /xingrg/all/function/internal_message.html?_=1588124121178&CODE_STATE=getMsg HTTP/1.1" 200 27
114.86.190.97 - - [29/Apr/2020:09:35:22 +0800] "GET /xingrg/all/function/internal_message.html?_=1588124125050&CODE_STATE=getMsg HTTP/1.1" 200 27
114.84.33.255 - - [29/Apr/2020:09:35:22 +0800] "POST /xingrg/kc/buy/cgsh_order_operate.html HTTP/1.1" 200 8245
114.84.33.255 - - [29/Apr/2020:09:35:22 +0800] "GET /xingrg/javascript/easyui/themes/default/validatebox.css HTTP/1.1" 404 1104
180.152.249.82 - - [29/Apr/2020:09:35:22 +0800] "GET /xingrg/all/function/internal_message.html?_=1588124314782&CODE_STATE=getMsg HTTP/1.1" 200 27
180.152.249.82 - - [29/Apr/2020:09:35:28 +0800] "GET /xingrg/kc/buy/cgsh_order_operate.html?command=get_materiel&rest_code=00102&code=00101008246&supplier_code=00100008&order_time=2020-04-29 HTTP/1.1" 200 408
172.17.0.101 - - [29/Apr/2020:09:35:28 +0800] "GET /xingrg/all/function/internal_message.html?_=1588124132803&CODE_STATE=getMsg HTTP/1.1" 200 27
222.69.136.137 - - [29/Apr/2020:09:35:29 +0800] "GET /xingrg/all/function/internal_message.html?_=1588124124729&CODE_STATE=getMsg HTTP/1.1" 200 27
114.84.33.255 - - [29/Apr/2020:09:35:29 +0800] "GET /xingrg/kc/buy/cgsh_order_operate.html?command=get_materiel&rest_code=00146&code=00101007081&supplier_code=00100002&order_time=2020-04-29 HTTP/1.1" 200 413
58.221.95.50 - - [29/Apr/2020:09:35:30 +0800] "GET /xingrg/kc/buy/cgsh_order_operate.html?command=get_materiel&rest_code=00152&code=00102011224&supplier_code=00100151&order_time=2020-04-29 HTTP/1.1" 200 415
180.152.249.82 - - [29/Apr/2020:09:35:35 +0800] "GET /xingrg/kc/buy/cgsh_order_operate.html?command=get_materiel&rest_code=00102&code=00101008003&supplier_code=00100008&order_time=2020-04-29 HTTP/1.1" 200 408
172.17.0.111 - - [29/Apr/2020:09:35:37 +0800] "GET /xingrg/all/function/internal_message.html?_=1588124139713&CODE_STATE=getMsg HTTP/1.1" 200 27
222.70.183.62 - - [29/Apr/2020:09:35:39 +0800] "GET /xingrg/all/function/internal_message.html?_=1588124473660&CODE_STATE=getMsg HTTP/1.1" 200 27
222.70.183.62 - - [29/Apr/2020:09:35:39 +0800] "GET /xingrg/check_reg.html?_=1588124473662 HTTP/1.1" 200 22
114.84.33.255 - - [29/Apr/2020:09:35:40 +0800] "GET /xingrg/all/function/internal_message.html?_=1588124148738&CODE_STATE=getMsg HTTP/1.1" 200 27
180.152.249.82 - - [29/Apr/2020:09:35:43 +0800] "GET /xingrg/kc/buy/cgsh_order_operate.html?command=get_materiel&rest_code=00102&code=00101008355&supplier_code=00100008&order_time=2020-04-29 HTTP/1.1" 200 408
172.17.0.123 - - [29/Apr/2020:09:35:43 +0800] "GET /xingrg/all/function/internal_message.html?_=1588124140936&CODE_STATE=getMsg HTTP/1.1" 200 27
114.84.33.255 - - [29/Apr/2020:09:35:46 +0800] "POST /xingrg/kc/buy/cgsh_order_operate.html HTTP/1.1" 200 37
114.84.33.255 - - [29/Apr/2020:09:35:46 +0800] "POST /xingrg/kc/buy/cgsh_order_operate.html HTTP/1.1" 200 2657
114.84.33.255 - - [29/Apr/2020:09:35:48 +0800] "GET /xingrg/kc/print/load_data.html?order_code=212020042907969&kc_code=cgsh&condition= HTTP/1.1" 200 746
180.152.249.82 - - [29/Apr/2020:09:35:49 +0800] "GET /xingrg/kc/buy/cgsh_order_operate.html?command=get_materiel&rest_code=00102&code=00101008024&supplier_code=00100008&order_time=2020-04-29 HTTP/1.1" 200 408
58.221.95.50 - - [29/Apr/2020:09:35:50 +0800] "GET /xingrg/all/function/internal_message.html?_=1588124176647&CODE_STATE=getMsg HTTP/1.1" 200 27
172.17.0.112 - - [29/Apr/2020:09:35:51 +0800] "GET /xingrg/all/function/internal_message.html?_=1588124150699&CODE_STATE=getMsg HTTP/1.1" 200 27
180.162.232.172 - - [29/Apr/2020:09:35:51 +0800] "GET /xingrg/all/function/internal_message.html?_=1588124151536&CODE_STATE=getMsg HTTP/1.1" 200 27
172.17.0.112 - - [29/Apr/2020:09:35:51 +0800] "GET /xingrg/check_reg.html?_=1588124150713 HTTP/1.1" 200 22
58.221.95.50 - - [29/Apr/2020:09:35:51 +0800] "GET /xingrg/all/function/internal_message.html?_=1588124177972&CODE_STATE=getMsg HTTP/1.1" 200 27
58.221.95.50 - - [29/Apr/2020:09:35:51 +0800] "GET /xingrg/all/function/internal_message.html?_=1588124178016&CODE_STATE=getMsg HTTP/1.1" 200 27
114.84.33.255 - - [29/Apr/2020:09:35:53 +0800] "GET /xingrg/all/function/internal_message.html?_=1588124157367&CODE_STATE=getMsg HTTP/1.1" 200 27
116.232.55.231 - - [29/Apr/2020:09:35:59 +0800] "GET /xingrg/all/function/internal_message.html?_=1588124220378&CODE_STATE=getMsg HTTP/1.1" 200 27
172.17.0.120 - - [29/Apr/2020:09:36:06 +0800] "GET /xingrg/all/function/internal_message.html?_=1588124164605&CODE_STATE=getMsg HTTP/1.1" 200 27
114.84.33.255 - - [29/Apr/2020:09:36:09 +0800] "GET /xingrg/check_reg.html?_=1588124177492 HTTP/1.1" 200 22
116.233.79.27 - - [29/Apr/2020:09:36:16 +0800] "GET /xingrg/all/function/internal_message.html?_=1588124177980&CODE_STATE=getMsg HTTP/1.1" 200 27
116.233.79.27 - - [29/Apr/2020:09:36:16 +0800] "GET /xingrg/check_reg.html?_=1588124177982 HTTP/1.1" 200 22
114.84.32.201 - - [29/Apr/2020:09:36:19 +0800] "GET /xingrg/check_reg.html?_=1588124177678 HTTP/1.1" 200 22
