180.162.232.172 - - [22/Apr/2020:11:14:32 +0800] "GET /xingrg/all/function/internal_message.html?_=1587525270767&CODE_STATE=getMsg HTTP/1.1" 200 27
58.39.71.246 - - [22/Apr/2020:11:14:34 +0800] "GET /xingrg/kc/buy/cgsh_order_operate.html?command=get_materiel&rest_code=00102&code=00101008168&supplier_code=00100008&order_time=2020-04-22 HTTP/1.1" 200 413
117.185.32.26 - - [22/Apr/2020:11:14:36 +0800] "GET /xingrg/kc/buy/cgsh_order_operate.html?command=get_materiel&rest_code=00106&code=00101016053&supplier_code=00100032&order_time=2020-04-22 HTTP/1.1" 200 408
180.156.150.85 - - [22/Apr/2020:11:14:39 +0800] "GET /xingrg/all/function/internal_message.html?_=1587525279689&CODE_STATE=getMsg HTTP/1.1" 200 27
222.70.183.62 - - [22/Apr/2020:11:14:39 +0800] "GET /xingrg/all/function/internal_message.html?_=1587525282739&CODE_STATE=getMsg HTTP/1.1" 200 27
222.70.183.62 - - [22/Apr/2020:11:14:39 +0800] "GET /xingrg/check_reg.html?_=1587525282737 HTTP/1.1" 200 22
114.84.33.255 - - [22/Apr/2020:11:14:40 +0800] "GET /xingrg/all/function/internal_message.html?_=1587525290162&CODE_STATE=getMsg HTTP/1.1" 200 27
116.233.79.27 - - [22/Apr/2020:11:14:40 +0800] "GET /xingrg/all/function/internal_message.html?_=1587525175862&CODE_STATE=getMsg HTTP/1.1" 200 27
58.39.71.246 - - [22/Apr/2020:11:14:41 +0800] "POST /xingrg/kc/buy/cgsh_order_operate.html HTTP/1.1" 200 37
172.17.0.101 - - [22/Apr/2020:11:14:42 +0800] "GET /xingrg/all/function/internal_message.html?_=1587525281165&CODE_STATE=getMsg HTTP/1.1" 200 27
58.39.71.246 - - [22/Apr/2020:11:14:43 +0800] "POST /xingrg/kc/buy/cgsh_order_operate.html HTTP/1.1" 200 5007
117.185.32.26 - - [22/Apr/2020:11:14:43 +0800] "GET /xingrg/kc/buy/cgsh_order_operate.html?command=get_materiel&rest_code=00106&code=00101001111&supplier_code=00100032&order_time=2020-04-22 HTTP/1.1" 200 410
117.185.32.26 - - [22/Apr/2020:11:14:45 +0800] "GET /xingrg/check_reg.html?_=1587525281473 HTTP/1.1" 200 22
117.185.32.26 - - [22/Apr/2020:11:14:45 +0800] "GET /xingrg/all/function/internal_message.html?_=1587525281476&CODE_STATE=getMsg HTTP/1.1" 200 27
117.131.5.26 - - [22/Apr/2020:11:14:45 +0800] "GET /xingrg/all/function/internal_message.html?_=1587525291335&CODE_STATE=getMsg HTTP/1.1" 200 27
58.39.71.246 - - [22/Apr/2020:11:14:47 +0800] "GET /xingrg/all/function/internal_message.html?_=1587525474767&CODE_STATE=getMsg HTTP/1.1" 200 27
58.39.71.246 - - [22/Apr/2020:11:14:47 +0800] "POST /xingrg/kc/buy/cgsh_list_operate.html HTTP/1.1" 200 5748
58.39.71.246 - - [22/Apr/2020:11:14:52 +0800] "POST /xingrg/kc/buy/cgsh_list_operate.html HTTP/1.1" 200 2382
58.40.7.146 - - [22/Apr/2020:11:14:53 +0800] "GET /xingrg/all/function/internal_message.html?_=1587525291084&CODE_STATE=getMsg HTTP/1.1" 200 27
58.40.7.146 - - [22/Apr/2020:11:14:53 +0800] "GET /xingrg/check_reg.html?_=1587525291086 HTTP/1.1" 200 22
117.185.32.26 - - [22/Apr/2020:11:14:54 +0800] "GET /xingrg/kc/buy/cgsh_order_operate.html?command=get_materiel&rest_code=00106&code=00101012005&supplier_code=00100032&order_time=2020-04-22 HTTP/1.1" 200 412
172.17.0.119 - - [22/Apr/2020:11:14:55 +0800] "GET /xingrg/all/function/internal_message.html?_=1587525293842&CODE_STATE=getMsg HTTP/1.1" 200 27
222.70.183.62 - - [22/Apr/2020:11:15:02 +0800] "GET /xingrg/all/function/internal_message.html?_=1587525628668&CODE_STATE=getMsg HTTP/1.1" 200 27
222.70.183.62 - - [22/Apr/2020:11:15:02 +0800] "GET /xingrg/check_reg.html?_=1587525628687 HTTP/1.1" 200 22
172.17.0.103 - - [22/Apr/2020:11:15:02 +0800] "GET /xingrg/check_reg.html?_=1587525301855 HTTP/1.1" 200 22
172.17.0.103 - - [22/Apr/2020:11:15:02 +0800] "GET /xingrg/all/function/internal_message.html?_=1587525301858&CODE_STATE=getMsg HTTP/1.1" 200 27
58.39.71.246 - - [22/Apr/2020:11:15:03 +0800] "POST /xingrg/kc/buy/cgsh_list_operate.html HTTP/1.1" 200 570
117.185.32.26 - - [22/Apr/2020:11:15:04 +0800] "GET /xingrg/kc/buy/cgsh_order_operate.html?command=get_materiel&rest_code=00106&code=00101016105&supplier_code=00100032&order_time=2020-04-22 HTTP/1.1" 200 409
114.84.32.201 - - [22/Apr/2020:11:15:04 +0800] "GET /xingrg/check_reg.html?_=1587525303568 HTTP/1.1" 200 22
58.39.71.246 - - [22/Apr/2020:11:15:04 +0800] "GET /xingrg/kc/buy/cgsh_order_info.html?code=212020042205466 HTTP/1.1" 200 58051
58.39.71.246 - - [22/Apr/2020:11:15:05 +0800] "GET /xingrg/javascript/easyui/themes/default/validatebox.css HTTP/1.1" 404 1104
58.39.71.246 - - [22/Apr/2020:11:15:05 +0800] "POST /xingrg/kc/buy/cgsh_order_operate.html HTTP/1.1" 200 10932
58.39.71.246 - - [22/Apr/2020:11:15:09 +0800] "POST /xingrg/kc/buy/cgsh_order_operate.html HTTP/1.1" 200 37
116.233.79.243 - - [22/Apr/2020:11:15:10 +0800] "GET /xingrg/all/function/internal_message.html?_=1587525398507&CODE_STATE=getMsg HTTP/1.1" 200 27
58.39.71.246 - - [22/Apr/2020:11:15:10 +0800] "POST /xingrg/kc/buy/cgsh_order_operate.html HTTP/1.1" 200 12
58.39.71.246 - - [22/Apr/2020:11:15:11 +0800] "GET /xingrg/kc/buy/cgsh_order_info.html?code=212020042205466 HTTP/1.1" 200 52942
58.39.71.246 - - [22/Apr/2020:11:15:13 +0800] "GET /xingrg/javascript/easyui/themes/default/validatebox.css HTTP/1.1" 404 1104
58.39.71.246 - - [22/Apr/2020:11:15:13 +0800] "POST /xingrg/kc/buy/cgsh_order_operate.html HTTP/1.1" 200 8877
117.185.32.26 - - [22/Apr/2020:11:15:15 +0800] "POST /xingrg/kc/buy/cgsh_order_operate.html HTTP/1.1" 200 37
58.39.71.246 - - [22/Apr/2020:11:15:16 +0800] "POST /xingrg/kc/buy/cgsh_list_operate.html HTTP/1.1" 200 2030
58.39.71.246 - - [22/Apr/2020:11:15:17 +0800] "POST /xingrg/kc/buy/cgsh_list_operate.html HTTP/1.1" 200 564
58.39.71.246 - - [22/Apr/2020:11:15:17 +0800] "GET /xingrg/kc/buy/cgsh_order_info.html?code=212020042205390 HTTP/1.1" 200 58051
58.39.71.246 - - [22/Apr/2020:11:15:18 +0800] "GET /xingrg/javascript/easyui/themes/default/validatebox.css HTTP/1.1" 404 1104
58.39.71.246 - - [22/Apr/2020:11:15:18 +0800] "POST /xingrg/kc/buy/cgsh_order_operate.html HTTP/1.1" 200 17444
120.253.135.82 - - [22/Apr/2020:11:15:19 +0800] "GET /xingrg/check_reg.html?_=1587525453364 HTTP/1.1" 200 22
120.253.135.82 - - [22/Apr/2020:11:15:20 +0800] "GET /xingrg/all/function/internal_message.html?_=1587525454405&CODE_STATE=getMsg HTTP/1.1" 200 27
117.185.32.26 - - [22/Apr/2020:11:15:20 +0800] "POST /xingrg/kc/buy/cgsh_order_operate.html HTTP/1.1" 200 12
117.185.32.26 - - [22/Apr/2020:11:15:21 +0800] "GET /xingrg/kc/buy/cgsh_order_info.html?code=212020042205483 HTTP/1.1" 200 53042
114.86.190.97 - - [22/Apr/2020:11:15:21 +0800] "GET /xingrg/all/function/internal_message.html?_=1587525321420&CODE_STATE=getMsg HTTP/1.1" 200 27
117.185.32.26 - - [22/Apr/2020:11:15:22 +0800] "GET /xingrg/javascript/easyui/themes/default/validatebox.css HTTP/1.1" 404 1104
117.185.32.26 - - [22/Apr/2020:11:15:22 +0800] "POST /xingrg/kc/buy/cgsh_order_operate.html HTTP/1.1" 200 7672
117.185.32.26 - - [22/Apr/2020:11:15:23 +0800] "GET /xingrg/kc/print/load_data.html?order_code=212020042205483&kc_code=cgsh&condition= HTTP/1.1" 200 3382
117.185.32.26 - - [22/Apr/2020:11:15:27 +0800] "GET /xingrg/kc/print/load_data.html?order_code=212020042205483&kc_code=cgsh HTTP/1.1" 200 3382
222.70.208.105 - - [22/Apr/2020:11:15:29 +0800] "GET /xingrg/all/function/internal_message.html?_=1587525321421&CODE_STATE=getMsg HTTP/1.1" 200 27
222.69.134.247 - - [22/Apr/2020:11:15:29 +0800] "GET /xingrg/all/function/internal_message.html?_=1587525325097&CODE_STATE=getMsg HTTP/1.1" 200 27
222.70.183.62 - - [22/Apr/2020:11:15:30 +0800] "GET /xingrg/all/function/internal_message.html?_=1587525333896&CODE_STATE=getMsg HTTP/1.1" 200 27
180.162.232.172 - - [22/Apr/2020:11:15:32 +0800] "GET /xingrg/all/function/internal_message.html?_=1587525330749&CODE_STATE=getMsg HTTP/1.1" 200 27
222.70.183.62 - - [22/Apr/2020:11:15:35 +0800] "GET /xingrg/kc/print/load_data.html?order_code=212020042205481&kc_code=cgsh&condition= HTTP/1.1" 200 733
180.162.232.172 - - [22/Apr/2020:11:15:38 +0800] "GET /xingrg/javascript/jquery_tools/images/prev.gif HTTP/1.1" 404 1086
180.162.232.172 - - [22/Apr/2020:11:15:38 +0800] "GET /xingrg/javascript/jquery_tools/images/next.gif HTTP/1.1" 404 1086
180.156.150.85 - - [22/Apr/2020:11:15:39 +0800] "GET /xingrg/all/function/internal_message.html?_=1587525339650&CODE_STATE=getMsg HTTP/1.1" 200 27
222.70.183.62 - - [22/Apr/2020:11:15:39 +0800] "GET /xingrg/all/function/internal_message.html?_=1587525342737&CODE_STATE=getMsg HTTP/1.1" 200 27
114.84.33.255 - - [22/Apr/2020:11:15:40 +0800] "GET /xingrg/all/function/internal_message.html?_=1587525350315&CODE_STATE=getMsg HTTP/1.1" 200 27
58.39.71.246 - - [22/Apr/2020:11:15:40 +0800] "POST /xingrg/kc/buy/cgsh_order_operate.html HTTP/1.1" 200 37
116.233.79.27 - - [22/Apr/2020:11:15:40 +0800] "GET /xingrg/all/function/internal_message.html?_=1587525235876&CODE_STATE=getMsg HTTP/1.1" 200 27
116.233.79.27 - - [22/Apr/2020:11:15:40 +0800] "GET /xingrg/check_reg.html?_=1587525235880 HTTP/1.1" 200 22
58.39.71.246 - - [22/Apr/2020:11:15:42 +0800] "POST /xingrg/kc/buy/cgsh_order_operate.html HTTP/1.1" 200 12
172.17.0.101 - - [22/Apr/2020:11:15:42 +0800] "GET /xingrg/all/function/internal_message.html?_=1587525341168&CODE_STATE=getMsg HTTP/1.1" 200 27
58.39.71.246 - - [22/Apr/2020:11:15:43 +0800] "GET /xingrg/kc/buy/cgsh_order_info.html?code=212020042205390 HTTP/1.1" 200 52942
117.185.32.26 - - [22/Apr/2020:11:15:45 +0800] "GET /xingrg/all/function/internal_message.html?_=1587525341474&CODE_STATE=getMsg HTTP/1.1" 200 27
58.39.71.246 - - [22/Apr/2020:11:15:45 +0800] "GET /xingrg/javascript/easyui/themes/default/validatebox.css HTTP/1.1" 404 1104
58.39.71.246 - - [22/Apr/2020:11:15:45 +0800] "POST /xingrg/kc/buy/cgsh_order_operate.html HTTP/1.1" 200 15382
117.131.5.26 - - [22/Apr/2020:11:15:45 +0800] "GET /xingrg/all/function/internal_message.html?_=1587525351335&CODE_STATE=getMsg HTTP/1.1" 200 27
58.39.71.246 - - [22/Apr/2020:11:15:47 +0800] "GET /xingrg/all/function/internal_message.html?_=1587525534875&CODE_STATE=getMsg HTTP/1.1" 200 27
58.39.71.246 - - [22/Apr/2020:11:15:47 +0800] "POST /xingrg/kc/buy/cgsh_list_operate.html HTTP/1.1" 200 1677
58.39.71.246 - - [22/Apr/2020:11:15:49 +0800] "POST /xingrg/kc/buy/cgsh_list_operate.html HTTP/1.1" 200 491
58.39.71.246 - - [22/Apr/2020:11:15:49 +0800] "GET /xingrg/kc/buy/cgsh_order_info.html?code=212020042205482 HTTP/1.1" 200 58051
58.39.71.246 - - [22/Apr/2020:11:15:50 +0800] "GET /xingrg/javascript/easyui/themes/default/validatebox.css HTTP/1.1" 404 1104
58.39.71.246 - - [22/Apr/2020:11:15:50 +0800] "POST /xingrg/kc/buy/cgsh_order_operate.html HTTP/1.1" 200 5007
124.77.110.230 - - [22/Apr/2020:11:15:53 +0800] "GET /xingrg/check_reg.html?_=1587524568793 HTTP/1.1" 200 22
124.77.110.230 - - [22/Apr/2020:11:15:53 +0800] "GET /xingrg/all/function/internal_message.html?_=1587524566661&CODE_STATE=getMsg HTTP/1.1" 200 27
58.39.71.246 - - [22/Apr/2020:11:15:53 +0800] "POST /xingrg/kc/buy/cgsh_order_operate.html HTTP/1.1" 200 37
58.40.7.146 - - [22/Apr/2020:11:15:53 +0800] "GET /xingrg/all/function/internal_message.html?_=1587525351089&CODE_STATE=getMsg HTTP/1.1" 200 27
58.39.71.246 - - [22/Apr/2020:11:15:54 +0800] "POST /xingrg/kc/buy/cgsh_order_operate.html HTTP/1.1" 200 12
58.39.71.246 - - [22/Apr/2020:11:15:55 +0800] "GET /xingrg/kc/buy/cgsh_order_info.html?code=212020042205482 HTTP/1.1" 200 52942
172.17.0.119 - - [22/Apr/2020:11:15:55 +0800] "GET /xingrg/all/function/internal_message.html?_=1587525353828&CODE_STATE=getMsg HTTP/1.1" 200 27
58.39.71.246 - - [22/Apr/2020:11:15:57 +0800] "GET /xingrg/javascript/easyui/themes/default/validatebox.css HTTP/1.1" 404 1104
58.39.71.246 - - [22/Apr/2020:11:15:57 +0800] "POST /xingrg/kc/buy/cgsh_order_operate.html HTTP/1.1" 200 2956
117.185.32.26 - - [22/Apr/2020:11:16:01 +0800] "GET /xingrg/kc/buy/cgsh_order_add.html HTTP/1.1" 200 58136
117.185.32.26 - - [22/Apr/2020:11:16:01 +0800] "POST /xingrg/kc/buy/cgsh_order_operate.html HTTP/1.1" 200 8245
117.185.32.26 - - [22/Apr/2020:11:16:01 +0800] "GET /xingrg/javascript/easyui/themes/default/validatebox.css HTTP/1.1" 404 1104
222.70.183.62 - - [22/Apr/2020:11:16:02 +0800] "GET /xingrg/all/function/internal_message.html?_=1587525688664&CODE_STATE=getMsg HTTP/1.1" 200 27
117.185.32.26 - - [22/Apr/2020:11:16:02 +0800] "GET /xingrg/javascript/easyui/themes/default/tree.css HTTP/1.1" 404 1090
172.17.0.103 - - [22/Apr/2020:11:16:02 +0800] "GET /xingrg/all/function/internal_message.html?_=1587525361863&CODE_STATE=getMsg HTTP/1.1" 200 27
117.185.32.26 - - [22/Apr/2020:11:16:02 +0800] "POST /xingrg/all/common/load_tree.html?tree=supplier_tree_json&isDelete=1 HTTP/1.1" 200 47490
101.91.62.65 - - [22/Apr/2020:11:16:04 +0800] "GET /xingrg/kc/buy/cgsh_order_operate.html?command=get_materiel&rest_code=00141&code=00101004067&supplier_code=00100312&order_time=2020-04-22 HTTP/1.1" 302 -
58.39.71.246 - - [22/Apr/2020:11:16:05 +0800] "GET /xingrg/kc/base/wldb_order_list.html HTTP/1.1" 200 19252
58.39.71.246 - - [22/Apr/2020:11:16:05 +0800] "POST /xingrg/kc/base/wldb_list_operate.html HTTP/1.1" 200 928
58.39.71.246 - - [22/Apr/2020:11:16:08 +0800] "GET /xingrg/kc/base/wldb_order_add.html HTTP/1.1" 200 30309
116.233.79.243 - - [22/Apr/2020:11:16:08 +0800] "GET /xingrg/check_reg.html?_=1587525458515 HTTP/1.1" 200 22
116.233.79.243 - - [22/Apr/2020:11:16:08 +0800] "GET /xingrg/all/function/internal_message.html?_=1587525458515&CODE_STATE=getMsg HTTP/1.1" 200 27
58.39.71.246 - - [22/Apr/2020:11:16:08 +0800] "POST /xingrg/kc/base/wldb_order_operate.html HTTP/1.1" 200 6806
58.39.71.246 - - [22/Apr/2020:11:16:08 +0800] "GET /xingrg/all/common/auto_word.html?type=base&rest_code=00102 HTTP/1.1" 200 1503
58.39.71.246 - - [22/Apr/2020:11:16:08 +0800] "GET /xingrg/all/common/auto_word.html?type=base&rest_code=00102 HTTP/1.1" 200 1503
58.39.71.246 - - [22/Apr/2020:11:16:08 +0800] "GET /xingrg/javascript/easyui/themes/default/validatebox.css HTTP/1.1" 404 1104
101.91.62.65 - - [22/Apr/2020:11:16:09 +0800] "GET /xingrg/login.html HTTP/1.1" 200 7641
58.39.71.246 - - [22/Apr/2020:11:16:09 +0800] "POST /xingrg/all/common/load_combo.html?type=base HTTP/1.1" 200 2702
117.185.32.26 - - [22/Apr/2020:11:16:12 +0800] "GET /xingrg/kc/buy/cgsh_order_operate.html?command=get_materiel&rest_code=00106&code=00101009050&supplier_code=00100022&order_time=2020-04-22 HTTP/1.1" 200 408
58.39.71.246 - - [22/Apr/2020:11:16:12 +0800] "POST /xingrg/all/common/load_combo.html?type=base HTTP/1.1" 200 2702
180.156.150.85 - - [22/Apr/2020:11:16:14 +0800] "GET /xingrg/kc/buy/cgsh_order_operate.html?command=get_materiel&rest_code=00105&code=00101005017&supplier_code=00100312&order_time=2020-04-22 HTTP/1.1" 200 409
183.192.164.85 - - [22/Apr/2020:11:16:17 +0800] "GET /xingrg/all/function/internal_message.html?_=1587524561457&CODE_STATE=getMsg HTTP/1.1" 302 -
183.192.164.85 - - [22/Apr/2020:11:16:20 +0800] "GET /xingrg/login.html HTTP/1.1" 200 7641
120.253.135.82 - - [22/Apr/2020:11:16:20 +0800] "GET /xingrg/all/function/internal_message.html?_=1587525514421&CODE_STATE=getMsg HTTP/1.1" 200 27
58.39.71.246 - - [22/Apr/2020:11:16:21 +0800] "GET /xingrg/kc/base/wldb_order_operate.html?command=get_materiel&rest_code=00102&base_code=0010476&code=00101027001 HTTP/1.1" 200 471
114.86.190.97 - - [22/Apr/2020:11:16:21 +0800] "GET /xingrg/all/function/internal_message.html?_=1587525381392&CODE_STATE=getMsg HTTP/1.1" 200 27
222.70.208.105 - - [22/Apr/2020:11:16:29 +0800] "GET /xingrg/all/function/internal_message.html?_=1587525381432&CODE_STATE=getMsg HTTP/1.1" 200 27
222.69.134.247 - - [22/Apr/2020:11:16:29 +0800] "GET /xingrg/all/function/internal_message.html?_=1587525385095&CODE_STATE=getMsg HTTP/1.1" 200 27
222.70.183.62 - - [22/Apr/2020:11:16:30 +0800] "GET /xingrg/all/function/internal_message.html?_=1587525393894&CODE_STATE=getMsg HTTP/1.1" 200 27
222.70.183.62 - - [22/Apr/2020:11:16:31 +0800] "GET /xingrg/kc/buy/cgsh_order_add.html HTTP/1.1" 200 58130
124.77.110.230 - - [22/Apr/2020:11:16:31 +0800] "GET /xingrg/all/function/internal_message.html?_=1587524627689&CODE_STATE=getMsg HTTP/1.1" 200 27
222.70.183.62 - - [22/Apr/2020:11:16:31 +0800] "GET /xingrg/javascript/easyui/themes/default/validatebox.css HTTP/1.1" 404 1104
222.70.183.62 - - [22/Apr/2020:11:16:31 +0800] "POST /xingrg/kc/buy/cgsh_order_operate.html HTTP/1.1" 200 8245
180.162.232.172 - - [22/Apr/2020:11:16:32 +0800] "GET /xingrg/all/function/internal_message.html?_=1587525390733&CODE_STATE=getMsg HTTP/1.1" 200 27
180.156.150.85 - - [22/Apr/2020:11:16:39 +0800] "GET /xingrg/all/function/internal_message.html?_=1587525399640&CODE_STATE=getMsg HTTP/1.1" 200 27
222.70.183.62 - - [22/Apr/2020:11:16:39 +0800] "GET /xingrg/all/function/internal_message.html?_=1587525402737&CODE_STATE=getMsg HTTP/1.1" 200 27
114.84.33.255 - - [22/Apr/2020:11:16:40 +0800] "GET /xingrg/all/function/internal_message.html?_=1587525410329&CODE_STATE=getMsg HTTP/1.1" 200 27
116.233.79.27 - - [22/Apr/2020:11:16:40 +0800] "GET /xingrg/all/function/internal_message.html?_=1587525295868&CODE_STATE=getMsg HTTP/1.1" 200 27
222.70.183.62 - - [22/Apr/2020:11:16:42 +0800] "GET /xingrg/kc/buy/cgsh_order_operate.html?command=get_materiel&rest_code=00111&code=00101020248&supplier_code=00100326&order_time=2020-04-22 HTTP/1.1" 200 403
172.17.0.101 - - [22/Apr/2020:11:16:42 +0800] "GET /xingrg/all/function/internal_message.html?_=1587525401166&CODE_STATE=getMsg HTTP/1.1" 200 27
117.185.32.26 - - [22/Apr/2020:11:16:45 +0800] "GET /xingrg/all/function/internal_message.html?_=1587525401488&CODE_STATE=getMsg HTTP/1.1" 200 27
117.131.5.26 - - [22/Apr/2020:11:16:45 +0800] "GET /xingrg/all/function/internal_message.html?_=1587525411335&CODE_STATE=getMsg HTTP/1.1" 200 27
58.39.71.246 - - [22/Apr/2020:11:16:47 +0800] "GET /xingrg/all/function/internal_message.html?_=1587525595571&CODE_STATE=getMsg HTTP/1.1" 200 27
124.77.110.230 - - [22/Apr/2020:11:16:48 +0800] "GET /xingrg/kc/buy/cgsh_order_list.html HTTP/1.1" 200 42521
124.77.110.230 - - [22/Apr/2020:11:16:49 +0800] "POST /xingrg/kc/buy/cgsh_list_operate.html HTTP/1.1" 200 1688
124.77.110.230 - - [22/Apr/2020:11:16:50 +0800] "GET /xingrg/kc/buy/cgsh_order_add.html HTTP/1.1" 200 58183
124.77.110.230 - - [22/Apr/2020:11:16:50 +0800] "GET /xingrg/words/20200422105447_words.js HTTP/1.1" 200 722984
124.77.110.230 - - [22/Apr/2020:11:16:50 +0800] "POST /xingrg/kc/buy/cgsh_order_operate.html HTTP/1.1" 200 8245
124.77.110.230 - - [22/Apr/2020:11:16:51 +0800] "GET /xingrg/javascript/easyui/themes/default/validatebox.css HTTP/1.1" 404 1104
222.70.183.62 - - [22/Apr/2020:11:16:51 +0800] "GET /xingrg/kc/buy/cgsh_order_operate.html?command=get_materiel&rest_code=00111&code=00101010501&supplier_code=00100326&order_time=2020-04-22 HTTP/1.1" 200 396
58.40.7.146 - - [22/Apr/2020:11:16:53 +0800] "GET /xingrg/all/function/internal_message.html?_=1587525411093&CODE_STATE=getMsg HTTP/1.1" 200 27
172.17.0.119 - - [22/Apr/2020:11:16:55 +0800] "GET /xingrg/all/function/internal_message.html?_=1587525413831&CODE_STATE=getMsg HTTP/1.1" 200 27
222.70.183.62 - - [22/Apr/2020:11:17:02 +0800] "GET /xingrg/all/function/internal_message.html?_=1587525748769&CODE_STATE=getMsg HTTP/1.1" 200 27
58.39.71.246 - - [22/Apr/2020:11:17:02 +0800] "GET /xingrg/kc/base/wldb_order_operate.html?command=get_materiel&rest_code=00102&base_code=0010476&code=00101013011 HTTP/1.1" 200 451
172.17.0.103 - - [22/Apr/2020:11:17:02 +0800] "GET /xingrg/all/function/internal_message.html?_=1587525421861&CODE_STATE=getMsg HTTP/1.1" 200 27
116.233.79.243 - - [22/Apr/2020:11:17:06 +0800] "GET /xingrg/all/function/internal_message.html?_=1587525518512&CODE_STATE=getMsg HTTP/1.1" 200 27
222.70.183.62 - - [22/Apr/2020:11:17:06 +0800] "GET /xingrg/kc/buy/cgsh_order_operate.html?command=get_materiel&rest_code=00111&code=00101008289&supplier_code=00100326&order_time=2020-04-22 HTTP/1.1" 200 409
180.162.232.172 - - [22/Apr/2020:11:17:07 +0800] "GET /xingrg/kc/buy/cgsh_order_operate.html?command=get_materiel&rest_code=00151&code=00101010415&supplier_code=00100266&order_time=2020-04-22 HTTP/1.1" 200 410
180.156.150.85 - - [22/Apr/2020:11:17:10 +0800] "GET /xingrg/kc/buy/cgsh_order_operate.html?command=get_materiel&rest_code=00105&code=00101004030&supplier_code=00100312&order_time=2020-04-22 HTTP/1.1" 200 410
58.39.71.246 - - [22/Apr/2020:11:17:10 +0800] "GET /xingrg/kc/base/wldb_order_operate.html?command=get_materiel&rest_code=00102&base_code=0010476&code=00101019079 HTTP/1.1" 200 465
222.70.183.62 - - [22/Apr/2020:11:17:12 +0800] "POST /xingrg/kc/buy/cgsh_order_operate.html HTTP/1.1" 200 37
222.70.183.62 - - [22/Apr/2020:11:17:13 +0800] "POST /xingrg/kc/buy/cgsh_order_operate.html HTTP/1.1" 200 3835
222.70.183.62 - - [22/Apr/2020:11:17:14 +0800] "GET /xingrg/kc/print/load_data.html?order_code=212020042205484&kc_code=cgsh&condition= HTTP/1.1" 200 1123
180.162.232.172 - - [22/Apr/2020:11:17:16 +0800] "GET /xingrg/kc/buy/cgsh_order_operate.html?command=get_materiel&rest_code=00151&code=00101020039&supplier_code=00100266&order_time=2020-04-22 HTTP/1.1" 200 418
114.86.190.97 - - [22/Apr/2020:11:17:17 +0800] "GET /xingrg/kc/buy/cgsh_order_operate.html?command=get_materiel&rest_code=00148&code=00101001172&supplier_code=00100312&order_time=2020-04-22 HTTP/1.1" 200 413
222.70.183.62 - - [22/Apr/2020:11:17:19 +0800] "GET /xingrg/kc/buy/cgsh_order_add.html HTTP/1.1" 200 58130
222.70.183.62 - - [22/Apr/2020:11:17:19 +0800] "POST /xingrg/kc/buy/cgsh_order_operate.html HTTP/1.1" 200 8245
222.70.183.62 - - [22/Apr/2020:11:17:19 +0800] "GET /xingrg/javascript/easyui/themes/default/validatebox.css HTTP/1.1" 404 1104
58.39.71.246 - - [22/Apr/2020:11:17:20 +0800] "GET /xingrg/kc/base/wldb_order_operate.html?command=get_materiel&rest_code=00102&base_code=0010476&code=00101019258 HTTP/1.1" 200 469
120.253.135.82 - - [22/Apr/2020:11:17:20 +0800] "GET /xingrg/all/function/internal_message.html?_=1587525574432&CODE_STATE=getMsg HTTP/1.1" 200 27
114.86.190.97 - - [22/Apr/2020:11:17:21 +0800] "GET /xingrg/all/function/internal_message.html?_=1587525441386&CODE_STATE=getMsg HTTP/1.1" 200 27
114.86.190.97 - - [22/Apr/2020:11:17:22 +0800] "GET /xingrg/check_reg.html?_=1587525441584 HTTP/1.1" 200 22
180.162.232.172 - - [22/Apr/2020:11:17:23 +0800] "POST /xingrg/kc/buy/cgsh_order_operate.html HTTP/1.1" 200 37
114.86.190.97 - - [22/Apr/2020:11:17:23 +0800] "GET /xingrg/kc/buy/cgsh_order_operate.html?command=get_materiel&rest_code=00148&code=00101001096&supplier_code=00100312&order_time=2020-04-22 HTTP/1.1" 200 415
180.156.150.85 - - [22/Apr/2020:11:17:24 +0800] "GET /xingrg/kc/buy/cgsh_order_operate.html?command=get_materiel&rest_code=00105&code=00101001029&supplier_code=00100312&order_time=2020-04-22 HTTP/1.1" 200 435
58.39.71.246 - - [22/Apr/2020:11:17:24 +0800] "GET /xingrg/kc/base/wldb_order_operate.html?command=get_materiel&rest_code=00102&base_code=0010476&code=00101019391 HTTP/1.1" 200 471
114.88.159.93 - - [22/Apr/2020:11:17:25 +0800] "GET /xingrg/check_reg.html?_=1587525443208 HTTP/1.1" 200 22
180.162.232.172 - - [22/Apr/2020:11:17:26 +0800] "POST /xingrg/kc/buy/cgsh_order_operate.html HTTP/1.1" 200 12
222.70.183.62 - - [22/Apr/2020:11:17:27 +0800] "GET /xingrg/kc/buy/cgsh_order_operate.html?command=get_materiel&rest_code=00111&code=00101007032&supplier_code=00100328&order_time=2020-04-22 HTTP/1.1" 200 413
180.162.232.172 - - [22/Apr/2020:11:17:27 +0800] "GET /xingrg/kc/buy/cgsh_order_info.html?code=212020042205485 HTTP/1.1" 200 52765
101.89.29.78 - - [22/Apr/2020:11:17:27 +0800] "GET /xingrg/kc/buy/cgsh_order_operate.html?command=get_materiel&rest_code=00141&code=00101004050&supplier_code=00100312&order_time=2020-04-22 HTTP/1.1" 302 -
180.162.232.172 - - [22/Apr/2020:11:17:27 +0800] "GET /xingrg/words/20200422105447_words.js HTTP/1.1" 304 -
180.162.232.172 - - [22/Apr/2020:11:17:28 +0800] "GET /xingrg/javascript/easyui/themes/default/validatebox.css HTTP/1.1" 404 1104
180.162.232.172 - - [22/Apr/2020:11:17:28 +0800] "POST /xingrg/kc/buy/cgsh_order_operate.html HTTP/1.1" 200 1832
222.70.208.105 - - [22/Apr/2020:11:17:29 +0800] "GET /xingrg/all/function/internal_message.html?_=1587525441434&CODE_STATE=getMsg HTTP/1.1" 200 27
180.162.232.172 - - [22/Apr/2020:11:17:29 +0800] "GET /xingrg/kc/print/load_data.html?order_code=212020042205485&kc_code=cgsh&condition= HTTP/1.1" 200 1195
222.69.134.247 - - [22/Apr/2020:11:17:29 +0800] "GET /xingrg/all/function/internal_message.html?_=1587525445096&CODE_STATE=getMsg HTTP/1.1" 200 27
222.70.183.62 - - [22/Apr/2020:11:17:30 +0800] "GET /xingrg/all/function/internal_message.html?_=1587525453896&CODE_STATE=getMsg HTTP/1.1" 200 27
124.77.110.230 - - [22/Apr/2020:11:17:31 +0800] "GET /xingrg/all/function/internal_message.html?_=1587524687705&CODE_STATE=getMsg HTTP/1.1" 200 27
180.162.232.172 - - [22/Apr/2020:11:17:32 +0800] "GET /xingrg/all/function/internal_message.html?_=1587525450745&CODE_STATE=getMsg HTTP/1.1" 200 27
180.162.232.172 - - [22/Apr/2020:11:17:33 +0800] "GET /xingrg/kc/buy/cgsh_order_add.html HTTP/1.1" 200 57857
180.162.232.172 - - [22/Apr/2020:11:17:34 +0800] "POST /xingrg/kc/buy/cgsh_order_operate.html HTTP/1.1" 200 8245
180.162.232.172 - - [22/Apr/2020:11:17:34 +0800] "GET /xingrg/javascript/easyui/themes/default/validatebox.css HTTP/1.1" 404 1104
101.89.29.78 - - [22/Apr/2020:11:17:34 +0800] "GET /xingrg/login.html HTTP/1.1" 200 7641
222.70.183.62 - - [22/Apr/2020:11:17:36 +0800] "GET /xingrg/kc/buy/cgsh_order_operate.html?command=get_materiel&rest_code=00111&code=00101007077&supplier_code=00100328&order_time=2020-04-22 HTTP/1.1" 200 436
58.39.71.246 - - [22/Apr/2020:11:17:37 +0800] "GET /xingrg/kc/base/wldb_order_operate.html?command=get_materiel&rest_code=00102&base_code=0010476&code=00101019405 HTTP/1.1" 200 468
180.156.150.85 - - [22/Apr/2020:11:17:38 +0800] "GET /xingrg/kc/buy/cgsh_order_operate.html?command=get_materiel&rest_code=00105&code=00101001096&supplier_code=00100312&order_time=2020-04-22 HTTP/1.1" 200 413
114.84.33.255 - - [22/Apr/2020:11:17:38 +0800] "GET /xingrg/check_reg.html?_=1587525468485 HTTP/1.1" 200 22
180.156.150.85 - - [22/Apr/2020:11:17:39 +0800] "GET /xingrg/all/function/internal_message.html?_=1587525459606&CODE_STATE=getMsg HTTP/1.1" 200 27
222.70.183.62 - - [22/Apr/2020:11:17:39 +0800] "GET /xingrg/all/function/internal_message.html?_=1587525462736&CODE_STATE=getMsg HTTP/1.1" 200 27
114.84.33.255 - - [22/Apr/2020:11:17:40 +0800] "GET /xingrg/all/function/internal_message.html?_=1587525470343&CODE_STATE=getMsg HTTP/1.1" 200 27
116.233.79.27 - - [22/Apr/2020:11:17:40 +0800] "GET /xingrg/all/function/internal_message.html?_=1587525355868&CODE_STATE=getMsg HTTP/1.1" 200 27
58.39.71.246 - - [22/Apr/2020:11:17:42 +0800] "GET /xingrg/kc/base/wldb_order_operate.html?command=get_materiel&rest_code=00102&base_code=0010476&code=00101019438 HTTP/1.1" 200 447
172.17.0.101 - - [22/Apr/2020:11:17:42 +0800] "GET /xingrg/all/function/internal_message.html?_=1587525461163&CODE_STATE=getMsg HTTP/1.1" 200 27
172.17.0.101 - - [22/Apr/2020:11:17:42 +0800] "GET /xingrg/check_reg.html?_=1587525461175 HTTP/1.1" 200 22
222.70.183.62 - - [22/Apr/2020:11:17:43 +0800] "POST /xingrg/kc/buy/cgsh_order_operate.html HTTP/1.1" 200 37
222.70.183.62 - - [22/Apr/2020:11:17:44 +0800] "POST /xingrg/kc/buy/cgsh_order_operate.html HTTP/1.1" 200 3253
101.89.29.97 - - [22/Apr/2020:11:17:45 +0800] "GET /xingrg/kc/buy/cgsh_order_info.html?code=212020042205462 HTTP/1.1" 302 -
180.156.150.85 - - [22/Apr/2020:11:17:45 +0800] "GET /xingrg/kc/buy/cgsh_order_operate.html?command=get_materiel&rest_code=00105&code=00101001049&supplier_code=00100312&order_time=2020-04-22 HTTP/1.1" 200 413
117.185.32.26 - - [22/Apr/2020:11:17:45 +0800] "GET /xingrg/all/function/internal_message.html?_=1587525461500&CODE_STATE=getMsg HTTP/1.1" 200 27
117.131.5.26 - - [22/Apr/2020:11:17:45 +0800] "GET /xingrg/all/function/internal_message.html?_=1587525471335&CODE_STATE=getMsg HTTP/1.1" 200 27
222.70.183.62 - - [22/Apr/2020:11:17:45 +0800] "GET /xingrg/kc/print/load_data.html?order_code=212020042205486&kc_code=cgsh&condition= HTTP/1.1" 200 905
58.39.71.246 - - [22/Apr/2020:11:17:46 +0800] "GET /xingrg/kc/base/wldb_order_operate.html?command=get_materiel&rest_code=00102&base_code=0010476&code=00101019390 HTTP/1.1" 200 455
58.39.71.246 - - [22/Apr/2020:11:17:47 +0800] "GET /xingrg/all/function/internal_message.html?_=1587525655598&CODE_STATE=getMsg HTTP/1.1" 200 27
101.89.29.97 - - [22/Apr/2020:11:17:51 +0800] "GET /xingrg/login.html HTTP/1.1" 200 7641
124.77.110.230 - - [22/Apr/2020:11:17:51 +0800] "GET /xingrg/kc/buy/cgsh_order_operate.html?command=get_materiel&rest_code=00107&code=00101004038&supplier_code=00100347&order_time=2020-04-22 HTTP/1.1" 200 409
180.162.232.172 - - [22/Apr/2020:11:17:51 +0800] "GET /xingrg/kc/buy/cgsh_order_operate.html?command=get_materiel&rest_code=00151&code=00101006086&supplier_code=00100347&order_time=2020-04-22 HTTP/1.1" 200 415
222.70.183.62 - - [22/Apr/2020:11:17:51 +0800] "GET /xingrg/kc/buy/cgsh_order_add.html HTTP/1.1" 200 58130
58.39.71.246 - - [22/Apr/2020:11:17:52 +0800] "GET /xingrg/kc/base/wldb_order_operate.html?command=get_materiel&rest_code=00102&base_code=0010476&code=00101019222 HTTP/1.1" 200 453
222.70.183.62 - - [22/Apr/2020:11:17:52 +0800] "POST /xingrg/kc/buy/cgsh_order_operate.html HTTP/1.1" 200 8245
222.70.183.62 - - [22/Apr/2020:11:17:52 +0800] "GET /xingrg/javascript/easyui/themes/default/validatebox.css HTTP/1.1" 404 1104
58.40.7.146 - - [22/Apr/2020:11:17:53 +0800] "GET /xingrg/all/function/internal_message.html?_=1587525471081&CODE_STATE=getMsg HTTP/1.1" 200 27
172.17.0.119 - - [22/Apr/2020:11:17:55 +0800] "GET /xingrg/all/function/internal_message.html?_=1587525473832&CODE_STATE=getMsg HTTP/1.1" 200 27
58.39.71.246 - - [22/Apr/2020:11:17:57 +0800] "GET /xingrg/kc/base/wldb_order_operate.html?command=get_materiel&rest_code=00102&base_code=0010476&code=00101019183 HTTP/1.1" 200 433
222.70.183.62 - - [22/Apr/2020:11:17:58 +0800] "GET /xingrg/kc/buy/cgsh_order_operate.html?command=get_materiel&rest_code=00111&code=00101010108&supplier_code=00100336&order_time=2020-04-22 HTTP/1.1" 200 421
180.156.150.85 - - [22/Apr/2020:11:18:00 +0800] "POST /xingrg/kc/buy/cgsh_order_operate.html HTTP/1.1" 200 37
180.156.150.85 - - [22/Apr/2020:11:18:00 +0800] "POST /xingrg/kc/buy/cgsh_order_operate.html HTTP/1.1" 200 8622
222.70.183.62 - - [22/Apr/2020:11:18:02 +0800] "GET /xingrg/all/function/internal_message.html?_=1587525808774&CODE_STATE=getMsg HTTP/1.1" 200 27
180.156.150.85 - - [22/Apr/2020:11:18:02 +0800] "GET /xingrg/kc/print/load_data.html?order_code=212020042205487&kc_code=cgsh&condition= HTTP/1.1" 200 2948
172.17.0.103 - - [22/Apr/2020:11:18:02 +0800] "GET /xingrg/all/function/internal_message.html?_=1587525481863&CODE_STATE=getMsg HTTP/1.1" 200 27
117.185.32.26 - - [22/Apr/2020:11:18:03 +0800] "GET /xingrg/kc/buy/cgsh_order_operate.html?command=get_materiel&rest_code=00106&code=00101009001&supplier_code=00100022&order_time=2020-04-22 HTTP/1.1" 200 418
116.233.79.243 - - [22/Apr/2020:11:18:03 +0800] "GET /xingrg/all/function/internal_message.html?_=1587525578519&CODE_STATE=getMsg HTTP/1.1" 200 27
58.39.71.246 - - [22/Apr/2020:11:18:04 +0800] "GET /xingrg/kc/base/wldb_order_operate.html?command=get_materiel&rest_code=00102&base_code=0010476&code=00101019063 HTTP/1.1" 200 448
222.70.183.62 - - [22/Apr/2020:11:18:05 +0800] "POST /xingrg/kc/buy/cgsh_order_operate.html HTTP/1.1" 200 64
180.162.232.172 - - [22/Apr/2020:11:18:05 +0800] "POST /xingrg/kc/buy/cgsh_order_operate.html HTTP/1.1" 200 37
180.162.232.172 - - [22/Apr/2020:11:18:07 +0800] "POST /xingrg/kc/buy/cgsh_order_operate.html HTTP/1.1" 200 12
180.162.232.172 - - [22/Apr/2020:11:18:08 +0800] "GET /xingrg/kc/buy/cgsh_order_info.html?code=212020042205489 HTTP/1.1" 200 52751
180.162.232.172 - - [22/Apr/2020:11:18:08 +0800] "GET /xingrg/javascript/easyui/themes/default/validatebox.css HTTP/1.1" 404 1104
124.77.110.230 - - [22/Apr/2020:11:18:10 +0800] "GET /xingrg/kc/buy/cgsh_order_operate.html?command=get_materiel&rest_code=00107&code=00101001045&supplier_code=00100347&order_time=2020-04-22 HTTP/1.1" 200 440
114.86.190.97 - - [22/Apr/2020:11:18:12 +0800] "POST /xingrg/kc/buy/cgsh_order_operate.html HTTP/1.1" 200 37
180.162.232.172 - - [22/Apr/2020:11:18:12 +0800] "POST /xingrg/kc/buy/cgsh_order_operate.html HTTP/1.1" 200 619
222.70.183.62 - - [22/Apr/2020:11:18:13 +0800] "POST /xingrg/kc/buy/cgsh_order_operate.html HTTP/1.1" 200 88
180.162.232.172 - - [22/Apr/2020:11:18:14 +0800] "GET /xingrg/kc/print/load_data.html?order_code=212020042205489&kc_code=cgsh&condition= HTTP/1.1" 200 705
222.70.183.62 - - [22/Apr/2020:11:18:16 +0800] "POST /xingrg/kc/buy/cgsh_order_operate.html HTTP/1.1" 200 37
114.86.190.97 - - [22/Apr/2020:11:18:17 +0800] "POST /xingrg/kc/buy/cgsh_order_operate.html HTTP/1.1" 200 12
222.70.183.62 - - [22/Apr/2020:11:18:17 +0800] "POST /xingrg/kc/buy/cgsh_order_operate.html HTTP/1.1" 200 2665
114.86.190.97 - - [22/Apr/2020:11:18:17 +0800] "GET /xingrg/kc/buy/cgsh_order_info.html?code=212020042205490 HTTP/1.1" 200 53042
114.86.190.97 - - [22/Apr/2020:11:18:18 +0800] "GET /xingrg/words/20200422105447_words.js HTTP/1.1" 304 -
114.86.190.97 - - [22/Apr/2020:11:18:18 +0800] "GET /xingrg/javascript/easyui/themes/default/validatebox.css HTTP/1.1" 404 1104
114.86.190.97 - - [22/Apr/2020:11:18:18 +0800] "POST /xingrg/kc/buy/cgsh_order_operate.html HTTP/1.1" 200 7164
222.70.183.62 - - [22/Apr/2020:11:18:18 +0800] "GET /xingrg/kc/print/load_data.html?order_code=212020042205492&kc_code=cgsh&condition= HTTP/1.1" 200 678
120.253.135.82 - - [22/Apr/2020:11:18:20 +0800] "GET /xingrg/all/function/internal_message.html?_=1587525634449&CODE_STATE=getMsg HTTP/1.1" 200 27
180.156.150.85 - - [22/Apr/2020:11:18:21 +0800] "GET /xingrg/kc/buy/cgsh_order_add.html HTTP/1.1" 200 58130
114.86.190.97 - - [22/Apr/2020:11:18:21 +0800] "GET /xingrg/kc/print/load_data.html?order_code=212020042205490&kc_code=cgsh&condition= HTTP/1.1" 200 3231
180.156.150.85 - - [22/Apr/2020:11:18:21 +0800] "POST /xingrg/kc/buy/cgsh_order_operate.html HTTP/1.1" 200 8245
180.156.150.85 - - [22/Apr/2020:11:18:21 +0800] "GET /xingrg/javascript/easyui/themes/default/validatebox.css HTTP/1.1" 404 1104
180.162.232.172 - - [22/Apr/2020:11:18:22 +0800] "POST /xingrg/all/user/operate.html HTTP/1.1" 200 36
114.86.190.97 - - [22/Apr/2020:11:18:22 +0800] "GET /xingrg/all/function/internal_message.html?_=1587525502373&CODE_STATE=getMsg HTTP/1.1" 200 27
180.162.232.172 - - [22/Apr/2020:11:18:22 +0800] "GET /xingrg/index.html?sysBaseUrl=http%3A%2F%2F180.169.147.146%3A18081%2Fxingrg%2F&costTime=45×tamp=1587432420649 HTTP/1.1" 200 17179
180.162.232.172 - - [22/Apr/2020:11:18:22 +0800] "GET /xingrg/javascript/jquery_easy_ui/themes/default/easyui.css HTTP/1.1" 304 -
180.162.232.172 - - [22/Apr/2020:11:18:22 +0800] "GET /xingrg/javascript/jquery_easy_ui/themes/icon.css HTTP/1.1" 304 -
180.162.232.172 - - [22/Apr/2020:11:18:22 +0800] "GET /xingrg/css/form.css HTTP/1.1" 304 -
180.162.232.172 - - [22/Apr/2020:11:18:22 +0800] "GET /xingrg/javascript/jquery-1.4.2.min.js HTTP/1.1" 304 -
180.162.232.172 - - [22/Apr/2020:11:18:22 +0800] "GET /xingrg/javascript/jquery_easy_ui/jquery.easyui.min.js HTTP/1.1" 304 -
180.162.232.172 - - [22/Apr/2020:11:18:22 +0800] "GET /xingrg/javascript/jquery_easy_ui/easyui-lang-zh_CN.js HTTP/1.1" 304 -
180.162.232.172 - - [22/Apr/2020:11:18:22 +0800] "GET /xingrg/javascript/jquery.form.js HTTP/1.1" 304 -
180.162.232.172 - - [22/Apr/2020:11:18:23 +0800] "GET /xingrg/javascript/jquery.utils.js HTTP/1.1" 304 -
180.162.232.172 - - [22/Apr/2020:11:18:23 +0800] "GET /xingrg/javascript/jquery.timers.js HTTP/1.1" 304 -
180.162.232.172 - - [22/Apr/2020:11:18:23 +0800] "GET /xingrg/images/blue/jxLogo.png HTTP/1.1" 304 -
180.162.232.172 - - [22/Apr/2020:11:18:23 +0800] "GET /xingrg/javascript/jquery_easy_ui/themes/icons/settle_new.png HTTP/1.1" 304 -
180.162.232.172 - - [22/Apr/2020:11:18:23 +0800] "GET /xingrg/images/blue/navBackgound.jpg HTTP/1.1" 304 -
180.162.232.172 - - [22/Apr/2020:11:18:23 +0800] "POST /xingrg/all/common/load_tree.html?tree=area_rest_tree_json&manage=1 HTTP/1.1" 200 476
222.70.183.62 - - [22/Apr/2020:11:18:23 +0800] "GET /xingrg/kc/buy/cgsh_order_add.html HTTP/1.1" 200 58130
180.162.232.172 - - [22/Apr/2020:11:18:23 +0800] "GET /xingrg/check_reg.html?_=1587525501366 HTTP/1.1" 200 22
180.162.232.172 - - [22/Apr/2020:11:18:23 +0800] "GET /xingrg/all/function/internal_message.html?_=1587525501365&CODE_STATE=count HTTP/1.1" 200 11
180.162.232.172 - - [22/Apr/2020:11:18:23 +0800] "GET /xingrg/javascript/jquery_easy_ui/themes/default/images/panel_tool_collapse.gif HTTP/1.1" 304 -
180.162.232.172 - - [22/Apr/2020:11:18:23 +0800] "GET /xingrg/javascript/jquery_easy_ui/themes/default/images/tabs_rightarrow.png HTTP/1.1" 304 -
180.162.232.172 - - [22/Apr/2020:11:18:23 +0800] "GET /xingrg/images/blue/pingpu.png HTTP/1.1" 304 -
180.162.232.172 - - [22/Apr/2020:11:18:23 +0800] "GET /xingrg/javascript/jquery_easy_ui/themes/default/images/tabs_leftarrow.png HTTP/1.1" 304 -
180.162.232.172 - - [22/Apr/2020:11:18:23 +0800] "POST /xingrg/load_menu.html HTTP/1.1" 200 5138
222.70.183.62 - - [22/Apr/2020:11:18:23 +0800] "POST /xingrg/kc/buy/cgsh_order_operate.html HTTP/1.1" 200 8245
222.70.183.62 - - [22/Apr/2020:11:18:23 +0800] "GET /xingrg/javascript/easyui/themes/default/validatebox.css HTTP/1.1" 404 1104
124.77.110.230 - - [22/Apr/2020:11:18:24 +0800] "POST /xingrg/kc/buy/cgsh_order_operate.html HTTP/1.1" 200 37
124.77.110.230 - - [22/Apr/2020:11:18:25 +0800] "POST /xingrg/kc/buy/cgsh_order_operate.html HTTP/1.1" 200 3258
124.77.110.230 - - [22/Apr/2020:11:18:27 +0800] "GET /xingrg/kc/print/load_data.html?order_code=212020042205493&kc_code=cgsh&condition= HTTP/1.1" 200 904
58.39.71.246 - - [22/Apr/2020:11:18:28 +0800] "POST /xingrg/kc/base/wldb_order_operate.html HTTP/1.1" 200 37
222.70.208.105 - - [22/Apr/2020:11:18:29 +0800] "GET /xingrg/all/function/internal_message.html?_=1587525501435&CODE_STATE=getMsg HTTP/1.1" 200 27
222.69.134.247 - - [22/Apr/2020:11:18:29 +0800] "GET /xingrg/all/function/internal_message.html?_=1587525505098&CODE_STATE=getMsg HTTP/1.1" 200 27
58.39.71.246 - - [22/Apr/2020:11:18:29 +0800] "POST /xingrg/kc/base/wldb_order_operate.html HTTP/1.1" 200 12
222.69.134.247 - - [22/Apr/2020:11:18:29 +0800] "GET /xingrg/check_reg.html?_=1587525505102 HTTP/1.1" 200 22
58.39.71.246 - - [22/Apr/2020:11:18:29 +0800] "POST /xingrg/kc/base/wldb_order_operate.html HTTP/1.1" 200 7209
58.39.71.246 - - [22/Apr/2020:11:18:30 +0800] "GET /xingrg/kc/base/wldb_order_info.html?code=422020042201559 HTTP/1.1" 200 26186
222.70.183.62 - - [22/Apr/2020:11:18:30 +0800] "GET /xingrg/all/function/internal_message.html?_=1587525513896&CODE_STATE=getMsg HTTP/1.1" 200 27
222.70.183.62 - - [22/Apr/2020:11:18:30 +0800] "GET /xingrg/check_reg.html?_=1587525513898 HTTP/1.1" 200 22
124.77.110.230 - - [22/Apr/2020:11:18:31 +0800] "GET /xingrg/all/function/internal_message.html?_=1587524747805&CODE_STATE=getMsg HTTP/1.1" 200 27
58.39.71.246 - - [22/Apr/2020:11:18:32 +0800] "POST /xingrg/kc/base/wldb_order_operate.html HTTP/1.1" 200 5388
124.77.110.230 - - [22/Apr/2020:11:18:32 +0800] "GET /xingrg/kc/buy/cgsh_order_add.html HTTP/1.1" 200 58183
58.39.71.246 - - [22/Apr/2020:11:18:33 +0800] "GET /xingrg/javascript/easyui/themes/default/validatebox.css HTTP/1.1" 404 1104
124.77.110.230 - - [22/Apr/2020:11:18:33 +0800] "POST /xingrg/kc/buy/cgsh_order_operate.html HTTP/1.1" 200 8245
124.77.110.230 - - [22/Apr/2020:11:18:34 +0800] "GET /xingrg/javascript/easyui/themes/default/validatebox.css HTTP/1.1" 404 1104
117.185.32.26 - - [22/Apr/2020:11:18:35 +0800] "GET /xingrg/kc/buy/cgsh_order_operate.html?command=get_materiel&rest_code=00106&code=00101009011&supplier_code=00100022&order_time=2020-04-22 HTTP/1.1" 200 416
58.39.71.246 - - [22/Apr/2020:11:18:35 +0800] "GET /xingrg/kc/base/wldb_order_add.html HTTP/1.1" 200 30309
180.156.150.85 - - [22/Apr/2020:11:18:37 +0800] "GET /xingrg/kc/buy/cgsh_order_operate.html?command=get_materiel&rest_code=00105&code=00101010163&supplier_code=00100323&order_time=2020-04-22 HTTP/1.1" 200 408
58.39.71.246 - - [22/Apr/2020:11:18:37 +0800] "POST /xingrg/kc/base/wldb_order_operate.html HTTP/1.1" 200 6806
58.39.71.246 - - [22/Apr/2020:11:18:38 +0800] "GET /xingrg/javascript/easyui/themes/default/validatebox.css HTTP/1.1" 404 1104
58.39.71.246 - - [22/Apr/2020:11:18:38 +0800] "POST /xingrg/all/common/load_combo.html?type=base HTTP/1.1" 200 2702
180.156.150.85 - - [22/Apr/2020:11:18:39 +0800] "GET /xingrg/check_reg.html?_=1587525519567 HTTP/1.1" 200 22
180.156.150.85 - - [22/Apr/2020:11:18:39 +0800] "GET /xingrg/all/function/internal_message.html?_=1587525519582&CODE_STATE=getMsg HTTP/1.1" 200 27
222.70.183.62 - - [22/Apr/2020:11:18:39 +0800] "GET /xingrg/kc/buy/cgsh_order_operate.html?command=get_materiel&rest_code=00111&code=00101010282&supplier_code=00100324&order_time=2020-04-22 HTTP/1.1" 200 436
222.70.183.62 - - [22/Apr/2020:11:18:39 +0800] "GET /xingrg/all/function/internal_message.html?_=1587525522737&CODE_STATE=getMsg HTTP/1.1" 200 27
114.84.33.255 - - [22/Apr/2020:11:18:40 +0800] "GET /xingrg/all/function/internal_message.html?_=1587525530357&CODE_STATE=getMsg HTTP/1.1" 200 27
116.233.79.27 - - [22/Apr/2020:11:18:40 +0800] "GET /xingrg/all/function/internal_message.html?_=1587525415867&CODE_STATE=getMsg HTTP/1.1" 200 27
58.39.71.246 - - [22/Apr/2020:11:18:40 +0800] "POST /xingrg/all/common/load_combo.html?type=base HTTP/1.1" 200 2702
172.17.0.101 - - [22/Apr/2020:11:18:42 +0800] "GET /xingrg/all/function/internal_message.html?_=1587525521177&CODE_STATE=getMsg HTTP/1.1" 200 27
117.185.32.26 - - [22/Apr/2020:11:18:43 +0800] "GET /xingrg/kc/buy/cgsh_order_operate.html?command=get_materiel&rest_code=00106&code=00101009062&supplier_code=00100022&order_time=2020-04-22 HTTP/1.1" 200 414
117.131.5.26 - - [22/Apr/2020:11:18:43 +0800] "GET /xingrg/check_reg.html?_=1587525529585 HTTP/1.1" 200 22
117.185.32.26 - - [22/Apr/2020:11:18:45 +0800] "GET /xingrg/all/function/internal_message.html?_=1587525521482&CODE_STATE=getMsg HTTP/1.1" 200 27
117.131.5.26 - - [22/Apr/2020:11:18:45 +0800] "GET /xingrg/all/function/internal_message.html?_=1587525531335&CODE_STATE=getMsg HTTP/1.1" 200 27
58.39.71.246 - - [22/Apr/2020:11:18:46 +0800] "GET /xingrg/kc/base/wldb_order_operate.html?command=get_materiel&rest_code=00102&base_code=0010476&code=00101019359 HTTP/1.1" 200 446
58.39.71.246 - - [22/Apr/2020:11:18:48 +0800] "GET /xingrg/all/function/internal_message.html?_=1587525715889&CODE_STATE=getMsg HTTP/1.1" 200 27
117.185.32.26 - - [22/Apr/2020:11:18:50 +0800] "GET /xingrg/kc/buy/cgsh_order_operate.html?command=get_materiel&rest_code=00106&code=00101009016&supplier_code=00100022&order_time=2020-04-22 HTTP/1.1" 200 414
58.39.71.246 - - [22/Apr/2020:11:18:52 +0800] "GET /xingrg/kc/base/wldb_order_operate.html?command=get_materiel&rest_code=00102&base_code=0010476&code=00101019095 HTTP/1.1" 200 453
58.40.7.146 - - [22/Apr/2020:11:18:53 +0800] "GET /xingrg/all/function/internal_message.html?_=1587525531083&CODE_STATE=getMsg HTTP/1.1" 200 27
180.156.150.85 - - [22/Apr/2020:11:18:55 +0800] "GET /xingrg/kc/buy/cgsh_order_operate.html?command=get_materiel&rest_code=00105&code=00101004003&supplier_code=00100323&order_time=2020-04-22 HTTP/1.1" 200 410
172.17.0.119 - - [22/Apr/2020:11:18:55 +0800] "GET /xingrg/all/function/internal_message.html?_=1587525533836&CODE_STATE=getMsg HTTP/1.1" 200 27
172.17.0.119 - - [22/Apr/2020:11:18:55 +0800] "GET /xingrg/check_reg.html?_=1587525533837 HTTP/1.1" 200 22
117.185.32.26 - - [22/Apr/2020:11:18:56 +0800] "GET /xingrg/kc/buy/cgsh_order_operate.html?command=get_materiel&rest_code=00106&code=00101009004&supplier_code=00100022&order_time=2020-04-22 HTTP/1.1" 200 409
58.39.71.246 - - [22/Apr/2020:11:18:57 +0800] "GET /xingrg/kc/base/wldb_order_operate.html?command=get_materiel&rest_code=00102&base_code=0010476&code=00101019253 HTTP/1.1" 200 468
116.233.79.243 - - [22/Apr/2020:11:19:01 +0800] "GET /xingrg/all/function/internal_message.html?_=1587525638515&CODE_STATE=getMsg HTTP/1.1" 200 27
222.70.183.62 - - [22/Apr/2020:11:19:02 +0800] "GET /xingrg/all/function/internal_message.html?_=1587525868731&CODE_STATE=getMsg HTTP/1.1" 200 27
172.17.0.103 - - [22/Apr/2020:11:19:02 +0800] "GET /xingrg/all/function/internal_message.html?_=1587525541864&CODE_STATE=getMsg HTTP/1.1" 200 27
58.39.71.246 - - [22/Apr/2020:11:19:04 +0800] "GET /xingrg/check_reg.html?_=1587525731880 HTTP/1.1" 200 22
117.185.32.26 - - [22/Apr/2020:11:19:05 +0800] "POST /xingrg/kc/buy/cgsh_order_operate.html HTTP/1.1" 200 37
117.185.32.26 - - [22/Apr/2020:11:19:08 +0800] "POST /xingrg/kc/buy/cgsh_order_operate.html HTTP/1.1" 200 12
117.185.32.26 - - [22/Apr/2020:11:19:09 +0800] "GET /xingrg/kc/buy/cgsh_order_info.html?code=212020042205494 HTTP/1.1" 200 53038
117.185.32.26 - - [22/Apr/2020:11:19:09 +0800] "GET /xingrg/javascript/easyui/themes/default/validatebox.css HTTP/1.1" 404 1104
58.39.71.246 - - [22/Apr/2020:11:19:09 +0800] "POST /xingrg/kc/base/wldb_order_operate.html HTTP/1.1" 200 37
117.185.32.26 - - [22/Apr/2020:11:19:09 +0800] "POST /xingrg/kc/buy/cgsh_order_operate.html HTTP/1.1" 200 2984
58.39.71.246 - - [22/Apr/2020:11:19:10 +0800] "POST /xingrg/kc/base/wldb_order_operate.html HTTP/1.1" 200 12
117.185.32.26 - - [22/Apr/2020:11:19:10 +0800] "GET /xingrg/kc/print/load_data.html?order_code=212020042205494&kc_code=cgsh&condition= HTTP/1.1" 200 1641
58.39.71.246 - - [22/Apr/2020:11:19:10 +0800] "POST /xingrg/kc/base/wldb_order_operate.html HTTP/1.1" 200 3729
180.156.150.85 - - [22/Apr/2020:11:19:11 +0800] "GET /xingrg/kc/buy/cgsh_order_operate.html?command=get_materiel&rest_code=00105&code=00101007039&supplier_code=00100323&order_time=2020-04-22 HTTP/1.1" 200 413
58.39.71.246 - - [22/Apr/2020:11:19:11 +0800] "GET /xingrg/kc/base/wldb_order_info.html?code=422020042201560 HTTP/1.1" 200 26185
58.39.71.246 - - [22/Apr/2020:11:19:13 +0800] "POST /xingrg/kc/base/wldb_order_operate.html HTTP/1.1" 200 1992
58.39.71.246 - - [22/Apr/2020:11:19:14 +0800] "GET /xingrg/javascript/easyui/themes/default/validatebox.css HTTP/1.1" 404 1104
117.185.32.26 - - [22/Apr/2020:11:19:14 +0800] "GET /xingrg/kc/print/load_data.html?order_code=212020042205494&kc_code=cgsh HTTP/1.1" 200 1641
58.39.71.246 - - [22/Apr/2020:11:19:15 +0800] "GET /xingrg/kc/base/wldb_order_add.html HTTP/1.1" 200 30309
58.39.71.246 - - [22/Apr/2020:11:19:18 +0800] "POST /xingrg/kc/base/wldb_order_operate.html HTTP/1.1" 200 6806
58.39.71.246 - - [22/Apr/2020:11:19:18 +0800] "GET /xingrg/javascript/easyui/themes/default/validatebox.css HTTP/1.1" 404 1104
58.39.71.246 - - [22/Apr/2020:11:19:19 +0800] "POST /xingrg/all/common/load_combo.html?type=base HTTP/1.1" 200 2702
120.253.135.82 - - [22/Apr/2020:11:19:20 +0800] "GET /xingrg/all/function/internal_message.html?_=1587525694459&CODE_STATE=getMsg HTTP/1.1" 200 27
180.156.150.85 - - [22/Apr/2020:11:19:21 +0800] "GET /xingrg/kc/buy/cgsh_order_operate.html?command=get_materiel&rest_code=00105&code=00101007097&supplier_code=00100323&order_time=2020-04-22 HTTP/1.1" 200 418
58.39.71.246 - - [22/Apr/2020:11:19:22 +0800] "POST /xingrg/all/common/load_combo.html?type=base HTTP/1.1" 200 2702
114.86.190.97 - - [22/Apr/2020:11:19:22 +0800] "GET /xingrg/all/function/internal_message.html?_=1587525562364&CODE_STATE=getMsg HTTP/1.1" 200 27
180.162.232.172 - - [22/Apr/2020:11:19:23 +0800] "GET /xingrg/all/function/internal_message.html?_=1587525561377&CODE_STATE=getMsg HTTP/1.1" 200 27
222.70.208.105 - - [22/Apr/2020:11:19:29 +0800] "GET /xingrg/all/function/internal_message.html?_=1587525561435&CODE_STATE=getMsg HTTP/1.1" 200 27
222.70.208.105 - - [22/Apr/2020:11:19:29 +0800] "GET /xingrg/check_reg.html?_=1587525561437 HTTP/1.1" 200 22
222.69.134.247 - - [22/Apr/2020:11:19:29 +0800] "GET /xingrg/all/function/internal_message.html?_=1587525565100&CODE_STATE=getMsg HTTP/1.1" 200 27
222.70.183.62 - - [22/Apr/2020:11:19:30 +0800] "GET /xingrg/all/function/internal_message.html?_=1587525573897&CODE_STATE=getMsg HTTP/1.1" 200 27
58.39.71.246 - - [22/Apr/2020:11:19:31 +0800] "GET /xingrg/kc/base/wldb_order_operate.html?command=get_materiel&rest_code=00102&base_code=0010476&code=00101019280 HTTP/1.1" 200 480
124.77.110.230 - - [22/Apr/2020:11:19:31 +0800] "GET /xingrg/all/function/internal_message.html?_=1587524807808&CODE_STATE=getMsg HTTP/1.1" 200 27
117.185.32.26 - - [22/Apr/2020:11:19:32 +0800] "GET /xingrg/kc/buy/cgsh_order_add.html HTTP/1.1" 200 58136
117.185.32.26 - - [22/Apr/2020:11:19:32 +0800] "GET /xingrg/javascript/easyui/themes/default/validatebox.css HTTP/1.1" 404 1104
117.185.32.26 - - [22/Apr/2020:11:19:32 +0800] "POST /xingrg/kc/buy/cgsh_order_operate.html HTTP/1.1" 200 8245
180.156.150.85 - - [22/Apr/2020:11:19:33 +0800] "POST /xingrg/kc/buy/cgsh_order_operate.html HTTP/1.1" 200 37
117.185.32.26 - - [22/Apr/2020:11:19:34 +0800] "GET /xingrg/javascript/easyui/themes/default/tree.css HTTP/1.1" 404 1090
180.156.150.85 - - [22/Apr/2020:11:19:34 +0800] "POST /xingrg/kc/buy/cgsh_order_operate.html HTTP/1.1" 200 3843
117.185.32.26 - - [22/Apr/2020:11:19:34 +0800] "POST /xingrg/all/common/load_tree.html?tree=supplier_tree_json&isDelete=1 HTTP/1.1" 200 47490
180.156.150.85 - - [22/Apr/2020:11:19:35 +0800] "GET /xingrg/kc/print/load_data.html?order_code=212020042205495&kc_code=cgsh&condition= HTTP/1.1" 200 1125
58.39.71.246 - - [22/Apr/2020:11:19:38 +0800] "GET /xingrg/kc/base/wldb_order_operate.html?command=get_materiel&rest_code=00102&base_code=0010476&code=00101019496 HTTP/1.1" 200 471
180.156.150.85 - - [22/Apr/2020:11:19:39 +0800] "GET /xingrg/all/function/internal_message.html?_=1587525579561&CODE_STATE=getMsg HTTP/1.1" 200 27
222.70.183.62 - - [22/Apr/2020:11:19:39 +0800] "GET /xingrg/all/function/internal_message.html?_=1587525582736&CODE_STATE=getMsg HTTP/1.1" 200 27
222.70.183.62 - - [22/Apr/2020:11:19:39 +0800] "GET /xingrg/check_reg.html?_=1587525582738 HTTP/1.1" 200 22
114.84.33.255 - - [22/Apr/2020:11:19:40 +0800] "GET /xingrg/all/function/internal_message.html?_=1587525590370&CODE_STATE=getMsg HTTP/1.1" 200 27
