116.233.79.27 - - [22/Apr/2020:11:19:40 +0800] "GET /xingrg/all/function/internal_message.html?_=1587525475871&CODE_STATE=getMsg HTTP/1.1" 200 27
172.17.0.101 - - [22/Apr/2020:11:19:42 +0800] "GET /xingrg/all/function/internal_message.html?_=1587525581184&CODE_STATE=getMsg HTTP/1.1" 200 27
180.156.150.85 - - [22/Apr/2020:11:19:44 +0800] "GET /xingrg/kc/buy/cgsh_order_add.html HTTP/1.1" 200 58130
180.156.150.85 - - [22/Apr/2020:11:19:44 +0800] "POST /xingrg/kc/buy/cgsh_order_operate.html HTTP/1.1" 200 8245
180.156.150.85 - - [22/Apr/2020:11:19:44 +0800] "GET /xingrg/javascript/easyui/themes/default/validatebox.css HTTP/1.1" 404 1104
117.185.32.26 - - [22/Apr/2020:11:19:45 +0800] "GET /xingrg/all/function/internal_message.html?_=1587525581482&CODE_STATE=getMsg HTTP/1.1" 200 27
117.185.32.26 - - [22/Apr/2020:11:19:45 +0800] "GET /xingrg/check_reg.html?_=1587525581480 HTTP/1.1" 200 22
117.185.32.26 - - [22/Apr/2020:11:19:45 +0800] "GET /xingrg/kc/buy/cgsh_order_operate.html?command=get_materiel&rest_code=00106&code=00101008146&supplier_code=00100009&order_time=2020-04-22 HTTP/1.1" 200 416
117.131.5.26 - - [22/Apr/2020:11:19:45 +0800] "GET /xingrg/all/function/internal_message.html?_=1587525591335&CODE_STATE=getMsg HTTP/1.1" 200 27
58.39.71.246 - - [22/Apr/2020:11:19:48 +0800] "GET /xingrg/all/function/internal_message.html?_=1587525775894&CODE_STATE=getMsg HTTP/1.1" 200 27
58.39.71.246 - - [22/Apr/2020:11:19:48 +0800] "GET /xingrg/kc/base/wldb_order_operate.html?command=get_materiel&rest_code=00102&base_code=0010476&code=00101019066 HTTP/1.1" 200 441
101.85.52.41 - - [22/Apr/2020:11:19:51 +0800] "GET /xingrg/kc/buy/cgsh_order_operate.html?command=get_materiel&rest_code=00145&code=00101029004&supplier_code=00100167&order_time=2020-04-21 HTTP/1.1" 302 -
222.70.183.62 - - [22/Apr/2020:11:19:52 +0800] "GET /xingrg/kc/buy/cgsh_order_operate.html?command=get_materiel&rest_code=00111&code=00101006001&supplier_code=00100324&order_time=2020-04-22 HTTP/1.1" 200 447
58.40.7.146 - - [22/Apr/2020:11:19:53 +0800] "GET /xingrg/all/function/internal_message.html?_=1587525591088&CODE_STATE=getMsg HTTP/1.1" 200 27
58.40.7.146 - - [22/Apr/2020:11:19:53 +0800] "GET /xingrg/check_reg.html?_=1587525591090 HTTP/1.1" 200 22
101.85.52.41 - - [22/Apr/2020:11:19:54 +0800] "GET /xingrg/login.html HTTP/1.1" 200 7641
117.185.32.26 - - [22/Apr/2020:11:19:54 +0800] "POST /xingrg/kc/buy/cgsh_order_operate.html HTTP/1.1" 200 37
58.39.71.246 - - [22/Apr/2020:11:19:55 +0800] "POST /xingrg/kc/base/wldb_order_operate.html HTTP/1.1" 200 37
172.17.0.119 - - [22/Apr/2020:11:19:55 +0800] "GET /xingrg/all/function/internal_message.html?_=1587525593839&CODE_STATE=getMsg HTTP/1.1" 200 27
58.39.71.246 - - [22/Apr/2020:11:19:56 +0800] "POST /xingrg/kc/base/wldb_order_operate.html HTTP/1.1" 200 12
58.39.71.246 - - [22/Apr/2020:11:19:56 +0800] "POST /xingrg/kc/base/wldb_order_operate.html HTTP/1.1" 200 3694
180.156.150.85 - - [22/Apr/2020:11:19:56 +0800] "GET /xingrg/kc/buy/cgsh_order_operate.html?command=get_materiel&rest_code=00105&code=00101007144&supplier_code=00100322&order_time=2020-04-22 HTTP/1.1" 200 428
58.39.71.246 - - [22/Apr/2020:11:19:57 +0800] "GET /xingrg/kc/base/wldb_order_info.html?code=422020042201561 HTTP/1.1" 200 26185
117.185.32.26 - - [22/Apr/2020:11:19:57 +0800] "POST /xingrg/kc/buy/cgsh_order_operate.html HTTP/1.1" 200 12
117.185.32.26 - - [22/Apr/2020:11:19:57 +0800] "GET /xingrg/kc/buy/cgsh_order_info.html?code=212020042205496 HTTP/1.1" 200 53044
117.185.32.26 - - [22/Apr/2020:11:19:58 +0800] "GET /xingrg/javascript/easyui/themes/default/validatebox.css HTTP/1.1" 404 1104
117.185.32.26 - - [22/Apr/2020:11:19:58 +0800] "POST /xingrg/kc/buy/cgsh_order_operate.html HTTP/1.1" 200 613
58.39.71.246 - - [22/Apr/2020:11:19:59 +0800] "POST /xingrg/kc/base/wldb_order_operate.html HTTP/1.1" 200 1956
58.39.71.246 - - [22/Apr/2020:11:19:59 +0800] "GET /xingrg/javascript/easyui/themes/default/validatebox.css HTTP/1.1" 404 1104
116.233.79.243 - - [22/Apr/2020:11:20:00 +0800] "GET /xingrg/all/function/internal_message.html?_=1587525698515&CODE_STATE=getMsg HTTP/1.1" 200 27
58.39.71.246 - - [22/Apr/2020:11:20:01 +0800] "GET /xingrg/kc/base/wldb_order_add.html HTTP/1.1" 200 30309
117.185.32.26 - - [22/Apr/2020:11:20:01 +0800] "GET /xingrg/kc/print/load_data.html?order_code=212020042205496&kc_code=cgsh&condition= HTTP/1.1" 200 780
222.70.183.62 - - [22/Apr/2020:11:20:02 +0800] "GET /xingrg/check_reg.html?_=1587525928669 HTTP/1.1" 200 22
222.70.183.62 - - [22/Apr/2020:11:20:02 +0800] "GET /xingrg/all/function/internal_message.html?_=1587525928699&CODE_STATE=getMsg HTTP/1.1" 200 27
101.85.52.41 - - [22/Apr/2020:11:20:02 +0800] "GET /xingrg/login.html HTTP/1.1" 200 7641
172.17.0.103 - - [22/Apr/2020:11:20:02 +0800] "GET /xingrg/check_reg.html?_=1587525601865 HTTP/1.1" 200 22
172.17.0.103 - - [22/Apr/2020:11:20:02 +0800] "GET /xingrg/all/function/internal_message.html?_=1587525601878&CODE_STATE=getMsg HTTP/1.1" 200 27
58.39.71.246 - - [22/Apr/2020:11:20:03 +0800] "POST /xingrg/kc/base/wldb_order_operate.html HTTP/1.1" 200 6806
114.84.32.201 - - [22/Apr/2020:11:20:04 +0800] "GET /xingrg/check_reg.html?_=1587525603549 HTTP/1.1" 200 22
58.39.71.246 - - [22/Apr/2020:11:20:04 +0800] "GET /xingrg/javascript/easyui/themes/default/validatebox.css HTTP/1.1" 404 1104
58.39.71.246 - - [22/Apr/2020:11:20:04 +0800] "POST /xingrg/all/common/load_combo.html?type=base HTTP/1.1" 200 2702
101.85.52.41 - - [22/Apr/2020:11:20:05 +0800] "GET /favicon.ico HTTP/1.1" 404 -
117.185.32.26 - - [22/Apr/2020:11:20:05 +0800] "GET /xingrg/kc/print/load_data.html?order_code=212020042205496&kc_code=cgsh HTTP/1.1" 200 780
58.39.71.246 - - [22/Apr/2020:11:20:07 +0800] "POST /xingrg/all/common/load_combo.html?type=base HTTP/1.1" 200 2702
180.156.150.85 - - [22/Apr/2020:11:20:11 +0800] "POST /xingrg/kc/buy/cgsh_order_operate.html HTTP/1.1" 200 37
180.156.150.85 - - [22/Apr/2020:11:20:12 +0800] "POST /xingrg/kc/buy/cgsh_order_operate.html HTTP/1.1" 200 2679
222.70.183.62 - - [22/Apr/2020:11:20:13 +0800] "POST /xingrg/kc/buy/cgsh_order_operate.html HTTP/1.1" 200 37
222.70.183.62 - - [22/Apr/2020:11:20:14 +0800] "POST /xingrg/kc/buy/cgsh_order_operate.html HTTP/1.1" 200 3267
180.156.150.85 - - [22/Apr/2020:11:20:14 +0800] "GET /xingrg/kc/print/load_data.html?order_code=212020042205497&kc_code=cgsh&condition= HTTP/1.1" 200 682
222.70.183.62 - - [22/Apr/2020:11:20:15 +0800] "GET /xingrg/kc/print/load_data.html?order_code=212020042205498&kc_code=cgsh&condition= HTTP/1.1" 200 924
124.77.110.230 - - [22/Apr/2020:11:20:18 +0800] "GET /xingrg/kc/buy/cgsh_order_operate.html?command=get_materiel&rest_code=00107&code=00101012046&supplier_code=00100345&order_time=2020-04-22 HTTP/1.1" 200 417
120.253.135.82 - - [22/Apr/2020:11:20:19 +0800] "GET /xingrg/check_reg.html?_=1587525753371 HTTP/1.1" 200 22
58.39.71.246 - - [22/Apr/2020:11:20:20 +0800] "GET /xingrg/kc/base/wldb_order_operate.html?command=get_materiel&rest_code=00102&base_code=0010476&code=00101016035 HTTP/1.1" 200 469
120.253.135.82 - - [22/Apr/2020:11:20:20 +0800] "GET /xingrg/all/function/internal_message.html?_=1587525754472&CODE_STATE=getMsg HTTP/1.1" 200 27
180.156.150.85 - - [22/Apr/2020:11:20:21 +0800] "GET /xingrg/kc/buy/cgsh_order_add.html HTTP/1.1" 200 58130
180.156.150.85 - - [22/Apr/2020:11:20:21 +0800] "GET /xingrg/javascript/easyui/themes/default/validatebox.css HTTP/1.1" 404 1104
180.156.150.85 - - [22/Apr/2020:11:20:21 +0800] "POST /xingrg/kc/buy/cgsh_order_operate.html HTTP/1.1" 200 8245
114.86.190.97 - - [22/Apr/2020:11:20:22 +0800] "GET /xingrg/all/function/internal_message.html?_=1587525622359&CODE_STATE=getMsg HTTP/1.1" 200 27
180.162.232.172 - - [22/Apr/2020:11:20:23 +0800] "GET /xingrg/all/function/internal_message.html?_=1587525621383&CODE_STATE=getMsg HTTP/1.1" 200 27
58.39.71.246 - - [22/Apr/2020:11:20:28 +0800] "GET /xingrg/kc/base/wldb_order_operate.html?command=get_materiel&rest_code=00102&base_code=0010476&code=00101019084 HTTP/1.1" 200 471
124.77.110.230 - - [22/Apr/2020:11:20:28 +0800] "POST /xingrg/kc/buy/cgsh_order_operate.html HTTP/1.1" 200 37
222.70.208.105 - - [22/Apr/2020:11:20:29 +0800] "GET /xingrg/all/function/internal_message.html?_=1587525621435&CODE_STATE=getMsg HTTP/1.1" 200 27
222.69.134.247 - - [22/Apr/2020:11:20:29 +0800] "GET /xingrg/all/function/internal_message.html?_=1587525625107&CODE_STATE=getMsg HTTP/1.1" 200 27
124.77.110.230 - - [22/Apr/2020:11:20:29 +0800] "POST /xingrg/kc/buy/cgsh_order_operate.html HTTP/1.1" 200 2660
101.85.52.41 - - [22/Apr/2020:11:20:29 +0800] "POST /xingrg/login.do HTTP/1.1" 302 -
222.70.183.62 - - [22/Apr/2020:11:20:30 +0800] "GET /xingrg/all/function/internal_message.html?_=1587525633897&CODE_STATE=getMsg HTTP/1.1" 200 27
124.77.110.230 - - [22/Apr/2020:11:20:30 +0800] "GET /xingrg/kc/print/load_data.html?order_code=212020042205499&kc_code=cgsh&condition= HTTP/1.1" 200 678
124.77.110.230 - - [22/Apr/2020:11:20:32 +0800] "GET /xingrg/all/function/internal_message.html?_=1587524868460&CODE_STATE=getMsg HTTP/1.1" 200 27
124.77.110.230 - - [22/Apr/2020:11:20:32 +0800] "GET /xingrg/check_reg.html?_=1587524868794 HTTP/1.1" 200 22
58.39.71.246 - - [22/Apr/2020:11:20:37 +0800] "POST /xingrg/kc/base/wldb_order_operate.html HTTP/1.1" 200 37
58.39.71.246 - - [22/Apr/2020:11:20:38 +0800] "POST /xingrg/kc/base/wldb_order_operate.html HTTP/1.1" 200 12
58.39.71.246 - - [22/Apr/2020:11:20:38 +0800] "POST /xingrg/kc/base/wldb_order_operate.html HTTP/1.1" 200 2714
117.185.32.26 - - [22/Apr/2020:11:20:38 +0800] "GET /xingrg/kc/buy/cgsh_order_add.html HTTP/1.1" 200 58136
117.185.32.26 - - [22/Apr/2020:11:20:38 +0800] "POST /xingrg/kc/buy/cgsh_order_operate.html HTTP/1.1" 200 8245
117.185.32.26 - - [22/Apr/2020:11:20:38 +0800] "GET /xingrg/javascript/easyui/themes/default/validatebox.css HTTP/1.1" 404 1104
58.39.71.246 - - [22/Apr/2020:11:20:38 +0800] "GET /xingrg/kc/base/wldb_order_info.html?code=422020042201562 HTTP/1.1" 200 26186
101.85.52.41 - - [22/Apr/2020:11:20:39 +0800] "GET /favicon.ico HTTP/1.1" 404 -
180.156.150.85 - - [22/Apr/2020:11:20:39 +0800] "GET /xingrg/all/function/internal_message.html?_=1587525639539&CODE_STATE=getMsg HTTP/1.1" 200 27
117.185.32.26 - - [22/Apr/2020:11:20:39 +0800] "GET /xingrg/javascript/easyui/themes/default/tree.css HTTP/1.1" 404 1090
117.185.32.26 - - [22/Apr/2020:11:20:39 +0800] "POST /xingrg/all/common/load_tree.html?tree=supplier_tree_json&isDelete=1 HTTP/1.1" 200 47490
222.70.183.62 - - [22/Apr/2020:11:20:39 +0800] "GET /xingrg/all/function/internal_message.html?_=1587525642737&CODE_STATE=getMsg HTTP/1.1" 200 27
114.84.33.255 - - [22/Apr/2020:11:20:40 +0800] "GET /xingrg/all/function/internal_message.html?_=1587525650525&CODE_STATE=getMsg HTTP/1.1" 200 27
180.156.150.85 - - [22/Apr/2020:11:20:40 +0800] "GET /xingrg/kc/buy/cgsh_order_operate.html?command=get_materiel&rest_code=00105&code=00101028012&supplier_code=00100017&order_time=2020-04-22 HTTP/1.1" 200 454
116.233.79.27 - - [22/Apr/2020:11:20:40 +0800] "GET /xingrg/all/function/internal_message.html?_=1587525535871&CODE_STATE=getMsg HTTP/1.1" 200 27
116.233.79.27 - - [22/Apr/2020:11:20:40 +0800] "GET /xingrg/check_reg.html?_=1587525535873 HTTP/1.1" 200 22
58.39.71.246 - - [22/Apr/2020:11:20:41 +0800] "POST /xingrg/kc/base/wldb_order_operate.html HTTP/1.1" 200 998
58.39.71.246 - - [22/Apr/2020:11:20:41 +0800] "GET /xingrg/javascript/easyui/themes/default/validatebox.css HTTP/1.1" 404 1104
172.17.0.101 - - [22/Apr/2020:11:20:42 +0800] "GET /xingrg/all/function/internal_message.html?_=1587525641168&CODE_STATE=getMsg HTTP/1.1" 200 27
101.85.52.41 - - [22/Apr/2020:11:20:43 +0800] "GET /xingrg/index.html?sysBaseUrl=http%3A%2F%2F180.169.147.146%3A18081%2Fxingrg%2F&costTime=43×tamp=1587525629958 HTTP/1.1" 200 17179
101.85.52.41 - - [22/Apr/2020:11:20:44 +0800] "GET /xingrg/check_reg.html?_=1587525215370 HTTP/1.1" 200 22
101.85.52.41 - - [22/Apr/2020:11:20:44 +0800] "POST /xingrg/load_menu.html HTTP/1.1" 200 5138
101.85.52.41 - - [22/Apr/2020:11:20:44 +0800] "GET /xingrg/all/function/internal_message.html?_=1587525215369&CODE_STATE=count HTTP/1.1" 200 11
117.131.5.26 - - [22/Apr/2020:11:20:45 +0800] "GET /xingrg/all/function/internal_message.html?_=1587525651335&CODE_STATE=getMsg HTTP/1.1" 200 27
58.39.71.246 - - [22/Apr/2020:11:20:48 +0800] "GET /xingrg/all/function/internal_message.html?_=1587525835908&CODE_STATE=getMsg HTTP/1.1" 200 27
117.185.32.26 - - [22/Apr/2020:11:20:48 +0800] "GET /xingrg/all/function/internal_message.html?_=1587525641478&CODE_STATE=getMsg HTTP/1.1" 200 27
117.185.32.26 - - [22/Apr/2020:11:20:50 +0800] "GET /xingrg/kc/buy/cgsh_order_operate.html?command=get_materiel&rest_code=00106&code=00102002167&supplier_code=00100347&order_time=2020-04-22 HTTP/1.1" 200 409
180.156.150.85 - - [22/Apr/2020:11:20:52 +0800] "GET /xingrg/kc/buy/cgsh_order_operate.html?command=get_materiel&rest_code=00105&code=00101028016&supplier_code=00100017&order_time=2020-04-22 HTTP/1.1" 200 447
58.40.7.146 - - [22/Apr/2020:11:20:53 +0800] "GET /xingrg/all/function/internal_message.html?_=1587525651092&CODE_STATE=getMsg HTTP/1.1" 200 27
180.156.150.85 - - [22/Apr/2020:11:20:55 +0800] "GET /xingrg/system/info/materiel_import.html?isSelect=1&singleSelect=false HTTP/1.1" 200 5600
172.17.0.119 - - [22/Apr/2020:11:20:55 +0800] "GET /xingrg/all/function/internal_message.html?_=1587525653841&CODE_STATE=getMsg HTTP/1.1" 200 27
180.156.150.85 - - [22/Apr/2020:11:20:55 +0800] "POST /xingrg/all/common/load_tree.html?tree=materiel_sort_tree_json HTTP/1.1" 200 8666
180.156.150.85 - - [22/Apr/2020:11:20:55 +0800] "GET /favicon.ico HTTP/1.1" 404 -
116.233.79.243 - - [22/Apr/2020:11:20:57 +0800] "GET /xingrg/check_reg.html?_=1587525758514 HTTP/1.1" 200 22
116.233.79.243 - - [22/Apr/2020:11:20:57 +0800] "GET /xingrg/all/function/internal_message.html?_=1587525758514&CODE_STATE=getMsg HTTP/1.1" 200 27
124.77.110.230 - - [22/Apr/2020:11:20:59 +0800] "GET /xingrg/kc/buy/cgsh_order_add.html HTTP/1.1" 200 58183
116.232.36.192 - - [22/Apr/2020:11:20:59 +0800] "POST /xingrg/services/DataTransmitService HTTP/1.1" 200 524
116.232.36.192 - - [22/Apr/2020:11:20:59 +0800] "POST /xingrg/services/DataTransmitService HTTP/1.1" 200 501
116.232.36.192 - - [22/Apr/2020:11:21:00 +0800] "POST /xingrg/services/DataTransmitService HTTP/1.1" 200 501
116.232.36.192 - - [22/Apr/2020:11:21:00 +0800] "POST /xingrg/services/DataTransmitService HTTP/1.1" 200 501
116.232.36.192 - - [22/Apr/2020:11:21:00 +0800] "POST /xingrg/services/DataTransmitService HTTP/1.1" 200 501
124.77.110.230 - - [22/Apr/2020:11:21:00 +0800] "POST /xingrg/kc/buy/cgsh_order_operate.html HTTP/1.1" 200 8245
116.232.36.192 - - [22/Apr/2020:11:21:00 +0800] "POST /xingrg/services/DataTransmitService HTTP/1.1" 200 501
116.232.36.192 - - [22/Apr/2020:11:21:00 +0800] "POST /xingrg/services/DataTransmitService HTTP/1.1" 200 501
116.232.36.192 - - [22/Apr/2020:11:21:00 +0800] "POST /xingrg/services/DataTransmitService HTTP/1.1" 200 412
124.77.110.230 - - [22/Apr/2020:11:21:00 +0800] "GET /xingrg/javascript/easyui/themes/default/validatebox.css HTTP/1.1" 404 1104
117.185.32.26 - - [22/Apr/2020:11:21:00 +0800] "POST /xingrg/kc/buy/cgsh_order_operate.html HTTP/1.1" 200 37
222.70.183.62 - - [22/Apr/2020:11:21:02 +0800] "GET /xingrg/all/function/internal_message.html?_=1587525988678&CODE_STATE=getMsg HTTP/1.1" 200 27
172.17.0.103 - - [22/Apr/2020:11:21:02 +0800] "GET /xingrg/all/function/internal_message.html?_=1587525661854&CODE_STATE=getMsg HTTP/1.1" 200 27
117.185.32.26 - - [22/Apr/2020:11:21:04 +0800] "POST /xingrg/kc/buy/cgsh_order_operate.html HTTP/1.1" 200 12
117.185.32.26 - - [22/Apr/2020:11:21:06 +0800] "GET /xingrg/kc/buy/cgsh_order_info.html?code=212020042205500 HTTP/1.1" 200 53032
180.156.150.85 - - [22/Apr/2020:11:21:06 +0800] "GET /xingrg/kc/buy/cgsh_order_operate.html?command=get_materiel&rest_code=00105&code=00101029003&supplier_code=00100017&order_time=2020-04-22 HTTP/1.1" 200 454
117.185.32.26 - - [22/Apr/2020:11:21:06 +0800] "GET /xingrg/javascript/easyui/themes/default/validatebox.css HTTP/1.1" 404 1104
117.185.32.26 - - [22/Apr/2020:11:21:06 +0800] "POST /xingrg/kc/buy/cgsh_order_operate.html HTTP/1.1" 200 602
117.185.32.26 - - [22/Apr/2020:11:21:08 +0800] "GET /xingrg/kc/print/load_data.html?order_code=212020042205500&kc_code=cgsh&condition= HTTP/1.1" 200 690
117.185.32.26 - - [22/Apr/2020:11:21:12 +0800] "GET /xingrg/kc/buy/cgsh_order_add.html HTTP/1.1" 200 58136
117.185.32.26 - - [22/Apr/2020:11:21:13 +0800] "GET /xingrg/javascript/easyui/themes/default/validatebox.css HTTP/1.1" 404 1104
117.185.32.26 - - [22/Apr/2020:11:21:13 +0800] "POST /xingrg/kc/buy/cgsh_order_operate.html HTTP/1.1" 200 8245
117.185.32.26 - - [22/Apr/2020:11:21:13 +0800] "GET /xingrg/javascript/easyui/themes/default/tree.css HTTP/1.1" 404 1090
117.185.32.26 - - [22/Apr/2020:11:21:13 +0800] "POST /xingrg/all/common/load_tree.html?tree=supplier_tree_json&isDelete=1 HTTP/1.1" 200 47490
101.85.52.41 - - [22/Apr/2020:11:21:18 +0800] "GET /xingrg/kc/buy/cgsh_order_list.html HTTP/1.1" 200 42521
120.253.135.82 - - [22/Apr/2020:11:21:20 +0800] "GET /xingrg/all/function/internal_message.html?_=1587525814485&CODE_STATE=getMsg HTTP/1.1" 200 27
114.86.190.97 - - [22/Apr/2020:11:21:22 +0800] "GET /xingrg/all/function/internal_message.html?_=1587525682353&CODE_STATE=getMsg HTTP/1.1" 200 27
180.162.232.172 - - [22/Apr/2020:11:21:23 +0800] "GET /xingrg/all/function/internal_message.html?_=1587525681375&CODE_STATE=getMsg HTTP/1.1" 200 27
124.77.110.230 - - [22/Apr/2020:11:21:23 +0800] "GET /xingrg/kc/buy/cgsh_order_operate.html?command=get_materiel&rest_code=00107&code=00101018009&supplier_code=00100330&order_time=2020-04-22 HTTP/1.1" 200 435
101.85.52.41 - - [22/Apr/2020:11:21:24 +0800] "GET /xingrg/words/20200422105447_words.js HTTP/1.1" 200 722984
101.85.52.41 - - [22/Apr/2020:11:21:24 +0800] "GET /xingrg/kc/buy/cgsh_order_add.html HTTP/1.1" 200 57371
222.70.208.105 - - [22/Apr/2020:11:21:29 +0800] "GET /xingrg/all/function/internal_message.html?_=1587525681435&CODE_STATE=getMsg HTTP/1.1" 200 27
222.69.134.247 - - [22/Apr/2020:11:21:29 +0800] "GET /xingrg/all/function/internal_message.html?_=1587525685098&CODE_STATE=getMsg HTTP/1.1" 200 27
222.70.183.62 - - [22/Apr/2020:11:21:30 +0800] "GET /xingrg/all/function/internal_message.html?_=1587525693896&CODE_STATE=getMsg HTTP/1.1" 200 27
101.85.52.41 - - [22/Apr/2020:11:21:31 +0800] "POST /xingrg/kc/buy/cgsh_list_operate.html HTTP/1.1" 200 876
124.77.110.230 - - [22/Apr/2020:11:21:32 +0800] "GET /xingrg/all/function/internal_message.html?_=1587524928498&CODE_STATE=getMsg HTTP/1.1" 200 27
124.77.110.230 - - [22/Apr/2020:11:21:38 +0800] "POST /xingrg/kc/buy/cgsh_order_operate.html HTTP/1.1" 200 37
124.77.110.230 - - [22/Apr/2020:11:21:38 +0800] "POST /xingrg/kc/buy/cgsh_order_operate.html HTTP/1.1" 200 2667
180.156.150.85 - - [22/Apr/2020:11:21:39 +0800] "GET /xingrg/all/function/internal_message.html?_=1587525699519&CODE_STATE=getMsg HTTP/1.1" 200 27
117.185.32.26 - - [22/Apr/2020:11:21:39 +0800] "GET /xingrg/kc/buy/cgsh_order_operate.html?command=get_materiel&rest_code=00106&code=00101007032&supplier_code=00100328&order_time=2020-04-22 HTTP/1.1" 200 413
222.70.183.62 - - [22/Apr/2020:11:21:39 +0800] "GET /xingrg/all/function/internal_message.html?_=1587525702738&CODE_STATE=getMsg HTTP/1.1" 200 27
124.77.110.230 - - [22/Apr/2020:11:21:39 +0800] "GET /xingrg/kc/print/load_data.html?order_code=212020042205501&kc_code=cgsh&condition= HTTP/1.1" 200 689
114.84.33.255 - - [22/Apr/2020:11:21:40 +0800] "GET /xingrg/all/function/internal_message.html?_=1587525710539&CODE_STATE=getMsg HTTP/1.1" 200 27
116.233.79.27 - - [22/Apr/2020:11:21:40 +0800] "GET /xingrg/all/function/internal_message.html?_=1587525595872&CODE_STATE=getMsg HTTP/1.1" 200 27
172.17.0.101 - - [22/Apr/2020:11:21:42 +0800] "GET /xingrg/all/function/internal_message.html?_=1587525701162&CODE_STATE=getMsg HTTP/1.1" 200 27
101.85.52.41 - - [22/Apr/2020:11:21:44 +0800] "GET /xingrg/all/function/internal_message.html?_=1587525275376&CODE_STATE=getMsg HTTP/1.1" 200 27
124.77.110.230 - - [22/Apr/2020:11:21:45 +0800] "GET /xingrg/kc/buy/cgsh_order_add.html HTTP/1.1" 200 58183
117.131.5.26 - - [22/Apr/2020:11:21:45 +0800] "GET /xingrg/all/function/internal_message.html?_=1587525711335&CODE_STATE=getMsg HTTP/1.1" 200 27
124.77.110.230 - - [22/Apr/2020:11:21:46 +0800] "POST /xingrg/kc/buy/cgsh_order_operate.html HTTP/1.1" 200 8245
124.77.110.230 - - [22/Apr/2020:11:21:46 +0800] "GET /xingrg/javascript/easyui/themes/default/validatebox.css HTTP/1.1" 404 1104
58.39.71.246 - - [22/Apr/2020:11:21:46 +0800] "GET /xingrg/kc/buy/cgsh_order_add.html HTTP/1.1" 200 58042
117.185.32.26 - - [22/Apr/2020:11:21:47 +0800] "POST /xingrg/kc/buy/cgsh_order_operate.html HTTP/1.1" 200 37
117.185.32.26 - - [22/Apr/2020:11:21:48 +0800] "POST /xingrg/kc/buy/cgsh_order_operate.html HTTP/1.1" 200 12
58.39.71.246 - - [22/Apr/2020:11:21:50 +0800] "POST /xingrg/kc/buy/cgsh_order_operate.html HTTP/1.1" 200 8245
58.39.71.246 - - [22/Apr/2020:11:21:51 +0800] "GET /xingrg/all/function/internal_message.html?_=1587525899504&CODE_STATE=getMsg HTTP/1.1" 200 27
58.39.71.246 - - [22/Apr/2020:11:21:52 +0800] "GET /xingrg/javascript/easyui/themes/default/validatebox.css HTTP/1.1" 404 1104
58.40.7.146 - - [22/Apr/2020:11:21:53 +0800] "GET /xingrg/all/function/internal_message.html?_=1587525711094&CODE_STATE=getMsg HTTP/1.1" 200 27
117.185.32.26 - - [22/Apr/2020:11:21:53 +0800] "GET /xingrg/kc/buy/cgsh_order_info.html?code=212020042205502 HTTP/1.1" 200 53044
117.185.32.26 - - [22/Apr/2020:11:21:54 +0800] "GET /xingrg/javascript/easyui/themes/default/validatebox.css HTTP/1.1" 404 1104
58.39.71.246 - - [22/Apr/2020:11:21:54 +0800] "GET /xingrg/javascript/easyui/themes/default/tree.css HTTP/1.1" 404 1090
58.39.71.246 - - [22/Apr/2020:11:21:54 +0800] "POST /xingrg/all/common/load_tree.html?tree=supplier_tree_json&isDelete=1 HTTP/1.1" 200 47490
117.185.32.26 - - [22/Apr/2020:11:21:54 +0800] "POST /xingrg/kc/buy/cgsh_order_operate.html HTTP/1.1" 200 608
116.233.79.243 - - [22/Apr/2020:11:21:55 +0800] "GET /xingrg/all/function/internal_message.html?_=1587525818514&CODE_STATE=getMsg HTTP/1.1" 200 27
117.185.32.26 - - [22/Apr/2020:11:21:55 +0800] "GET /xingrg/kc/print/load_data.html?order_code=212020042205502&kc_code=cgsh&condition= HTTP/1.1" 200 712
172.17.0.119 - - [22/Apr/2020:11:21:55 +0800] "GET /xingrg/all/function/internal_message.html?_=1587525713827&CODE_STATE=getMsg HTTP/1.1" 200 27
117.185.32.26 - - [22/Apr/2020:11:21:59 +0800] "GET /xingrg/kc/buy/cgsh_order_add.html HTTP/1.1" 200 58136
117.185.32.26 - - [22/Apr/2020:11:22:00 +0800] "GET /xingrg/javascript/easyui/themes/default/validatebox.css HTTP/1.1" 404 1104
117.185.32.26 - - [22/Apr/2020:11:22:00 +0800] "POST /xingrg/kc/buy/cgsh_order_operate.html HTTP/1.1" 200 8245
222.70.183.62 - - [22/Apr/2020:11:22:02 +0800] "GET /xingrg/all/function/internal_message.html?_=1587526048653&CODE_STATE=getMsg HTTP/1.1" 200 27
117.185.32.26 - - [22/Apr/2020:11:22:02 +0800] "GET /xingrg/javascript/easyui/themes/default/tree.css HTTP/1.1" 404 1090
117.185.32.26 - - [22/Apr/2020:11:22:02 +0800] "POST /xingrg/all/common/load_tree.html?tree=supplier_tree_json&isDelete=1 HTTP/1.1" 200 47490
172.17.0.103 - - [22/Apr/2020:11:22:02 +0800] "GET /xingrg/all/function/internal_message.html?_=1587525721868&CODE_STATE=getMsg HTTP/1.1" 200 27
180.156.150.85 - - [22/Apr/2020:11:22:03 +0800] "GET /xingrg/kc/buy/cgsh_order_operate.html?command=get_materiel&rest_code=00105&code=00101029023&supplier_code=00100017&order_time=2020-04-22 HTTP/1.1" 200 456
222.70.183.62 - - [22/Apr/2020:11:22:05 +0800] "GET /xingrg/kc/buy/cgsh_order_add.html HTTP/1.1" 200 58130
222.70.183.62 - - [22/Apr/2020:11:22:05 +0800] "POST /xingrg/kc/buy/cgsh_order_operate.html HTTP/1.1" 200 8245
222.70.183.62 - - [22/Apr/2020:11:22:05 +0800] "GET /xingrg/javascript/easyui/themes/default/validatebox.css HTTP/1.1" 404 1104
180.156.150.85 - - [22/Apr/2020:11:22:13 +0800] "POST /xingrg/kc/buy/cgsh_order_operate.html HTTP/1.1" 200 37
180.156.150.85 - - [22/Apr/2020:11:22:14 +0800] "POST /xingrg/kc/buy/cgsh_order_operate.html HTTP/1.1" 200 4570
180.156.150.85 - - [22/Apr/2020:11:22:15 +0800] "GET /xingrg/kc/print/load_data.html?order_code=212020042205503&kc_code=cgsh&condition= HTTP/1.1" 200 1544
222.70.183.62 - - [22/Apr/2020:11:22:19 +0800] "GET /xingrg/kc/buy/cgsh_order_operate.html?command=get_materiel&rest_code=00111&code=00101004011&supplier_code=00100086&order_time=2020-04-22 HTTP/1.1" 200 433
180.156.150.85 - - [22/Apr/2020:11:22:19 +0800] "POST /xingrg/services/DataTransmitService HTTP/1.1" 200 524
58.39.71.246 - - [22/Apr/2020:11:22:20 +0800] "GET /xingrg/kc/buy/cgsh_order_operate.html?command=get_materiel&rest_code=00102&code=00101004038&supplier_code=00100347&order_time=2020-04-22 HTTP/1.1" 200 409
120.253.135.82 - - [22/Apr/2020:11:22:20 +0800] "GET /xingrg/all/function/internal_message.html?_=1587525874500&CODE_STATE=getMsg HTTP/1.1" 200 27
114.86.190.97 - - [22/Apr/2020:11:22:22 +0800] "GET /xingrg/check_reg.html?_=1587525741578 HTTP/1.1" 200 22
114.86.190.97 - - [22/Apr/2020:11:22:22 +0800] "GET /xingrg/all/function/internal_message.html?_=1587525742341&CODE_STATE=getMsg HTTP/1.1" 200 27
180.162.232.172 - - [22/Apr/2020:11:22:23 +0800] "GET /xingrg/all/function/internal_message.html?_=1587525741382&CODE_STATE=getMsg HTTP/1.1" 200 27
180.156.150.85 - - [22/Apr/2020:11:22:23 +0800] "POST /xingrg/services/DataTransmitService HTTP/1.1" 200 501
114.88.159.93 - - [22/Apr/2020:11:22:24 +0800] "GET /xingrg/kc/base/base_main.html HTTP/1.1" 200 12142
222.70.183.62 - - [22/Apr/2020:11:22:25 +0800] "POST /xingrg/kc/buy/cgsh_order_operate.html HTTP/1.1" 200 37
114.88.159.93 - - [22/Apr/2020:11:22:25 +0800] "GET /xingrg/check_reg.html?_=1587525743224 HTTP/1.1" 200 22
222.70.183.62 - - [22/Apr/2020:11:22:25 +0800] "POST /xingrg/kc/buy/cgsh_order_operate.html HTTP/1.1" 200 2660
114.88.159.93 - - [22/Apr/2020:11:22:26 +0800] "GET /xingrg/kc/buy/buy_main.html HTTP/1.1" 200 12412
114.88.159.93 - - [22/Apr/2020:11:22:26 +0800] "GET /xingrg/css/new_ie.css HTTP/1.1" 404 1036
222.70.183.62 - - [22/Apr/2020:11:22:26 +0800] "GET /xingrg/kc/print/load_data.html?order_code=212020042205504&kc_code=cgsh&condition= HTTP/1.1" 200 739
114.88.159.93 - - [22/Apr/2020:11:22:26 +0800] "GET /xingrg/kc/mdqp/qp_main.html HTTP/1.1" 200 10633
114.88.159.93 - - [22/Apr/2020:11:22:27 +0800] "GET /xingrg/images/yd/bt.gif HTTP/1.1" 404 1040
114.88.159.93 - - [22/Apr/2020:11:22:27 +0800] "GET /xingrg/kc/mdqp/qqps_order_list.html HTTP/1.1" 200 9222
114.88.159.93 - - [22/Apr/2020:11:22:27 +0800] "GET /xingrg/dwr/util.js HTTP/1.1" 304 -
114.88.159.93 - - [22/Apr/2020:11:22:27 +0800] "GET /xingrg/dwr/interface/AjaxReportQueryService.js HTTP/1.1" 200 13203
114.88.159.93 - - [22/Apr/2020:11:22:27 +0800] "GET /xingrg/dwr/interface/AjaxQqpsService.js HTTP/1.1" 200 16326
114.88.159.93 - - [22/Apr/2020:11:22:27 +0800] "GET /xingrg/dwr/engine.js HTTP/1.1" 200 43631
222.70.208.105 - - [22/Apr/2020:11:22:29 +0800] "GET /xingrg/all/function/internal_message.html?_=1587525741435&CODE_STATE=getMsg HTTP/1.1" 200 27
222.69.134.247 - - [22/Apr/2020:11:22:29 +0800] "GET /xingrg/all/function/internal_message.html?_=1587525745099&CODE_STATE=getMsg HTTP/1.1" 200 27
114.88.159.93 - - [22/Apr/2020:11:22:29 +0800] "GET /xingrg/kc/mdqp/qqps_order_add.html HTTP/1.1" 200 27912
114.88.159.93 - - [22/Apr/2020:11:22:29 +0800] "GET /xingrg/dwr/interface/AjaxComOrderService.js HTTP/1.1" 200 18264
114.88.159.93 - - [22/Apr/2020:11:22:29 +0800] "GET /xingrg/dwr/interface/AjaxQqpsService.js HTTP/1.1" 200 16326
114.88.159.93 - - [22/Apr/2020:11:22:29 +0800] "GET /xingrg/dwr/engine.js HTTP/1.1" 200 43631
114.88.159.93 - - [22/Apr/2020:11:22:30 +0800] "GET /xingrg/javascript/jquery_easy_ui/themes/icons/template_new.png HTTP/1.1" 304 -
222.70.183.62 - - [22/Apr/2020:11:22:30 +0800] "GET /xingrg/all/function/internal_message.html?_=1587525753896&CODE_STATE=getMsg HTTP/1.1" 200 27
124.77.110.230 - - [22/Apr/2020:11:22:32 +0800] "GET /xingrg/all/function/internal_message.html?_=1587524988504&CODE_STATE=getMsg HTTP/1.1" 200 27
222.70.183.62 - - [22/Apr/2020:11:22:32 +0800] "GET /xingrg/kc/buy/cgsh_order_add.html HTTP/1.1" 200 58130
222.70.183.62 - - [22/Apr/2020:11:22:32 +0800] "POST /xingrg/kc/buy/cgsh_order_operate.html HTTP/1.1" 200 8245
222.70.183.62 - - [22/Apr/2020:11:22:32 +0800] "GET /xingrg/javascript/easyui/themes/default/validatebox.css HTTP/1.1" 404 1104
114.84.33.255 - - [22/Apr/2020:11:22:38 +0800] "GET /xingrg/check_reg.html?_=1587525768634 HTTP/1.1" 200 22
114.88.159.93 - - [22/Apr/2020:11:22:39 +0800] "POST /xingrg/dwr/call/plaincall/AjaxQqpsService.saveOrder.dwr HTTP/1.1" 200 78
180.156.150.85 - - [22/Apr/2020:11:22:39 +0800] "GET /xingrg/all/function/internal_message.html?_=1587525759489&CODE_STATE=getMsg HTTP/1.1" 200 27
222.70.183.62 - - [22/Apr/2020:11:22:39 +0800] "GET /xingrg/all/function/internal_message.html?_=1587525762737&CODE_STATE=getMsg HTTP/1.1" 200 27
114.84.33.255 - - [22/Apr/2020:11:22:40 +0800] "GET /xingrg/all/function/internal_message.html?_=1587525770551&CODE_STATE=getMsg HTTP/1.1" 200 27
116.233.79.27 - - [22/Apr/2020:11:22:40 +0800] "GET /xingrg/all/function/internal_message.html?_=1587525655871&CODE_STATE=getMsg HTTP/1.1" 200 27
114.88.159.93 - - [22/Apr/2020:11:22:42 +0800] "POST /xingrg/dwr/call/plaincall/AjaxQqpsService.getMaterielByCode.dwr HTTP/1.1" 200 2463
172.17.0.101 - - [22/Apr/2020:11:22:42 +0800] "GET /xingrg/all/function/internal_message.html?_=1587525761156&CODE_STATE=getMsg HTTP/1.1" 200 27
172.17.0.101 - - [22/Apr/2020:11:22:42 +0800] "GET /xingrg/check_reg.html?_=1587525761185 HTTP/1.1" 200 22
101.85.52.41 - - [22/Apr/2020:11:22:44 +0800] "GET /xingrg/all/function/internal_message.html?_=1587525335373&CODE_STATE=getMsg HTTP/1.1" 200 27
222.70.183.62 - - [22/Apr/2020:11:22:44 +0800] "GET /xingrg/kc/buy/cgsh_order_operate.html?command=get_materiel&rest_code=00111&code=00101004042&supplier_code=00100312&order_time=2020-04-22 HTTP/1.1" 200 417
117.185.32.26 - - [22/Apr/2020:11:22:44 +0800] "GET /xingrg/kc/buy/cgsh_order_operate.html?command=get_materiel&rest_code=00106&code=00101012046&supplier_code=00100345&order_time=2020-04-22 HTTP/1.1" 200 417
117.185.32.26 - - [22/Apr/2020:11:22:45 +0800] "GET /xingrg/all/function/internal_message.html?_=1587525761485&CODE_STATE=getMsg HTTP/1.1" 200 27
117.131.5.26 - - [22/Apr/2020:11:22:45 +0800] "GET /xingrg/all/function/internal_message.html?_=1587525771335&CODE_STATE=getMsg HTTP/1.1" 200 27
114.88.159.93 - - [22/Apr/2020:11:22:46 +0800] "POST /xingrg/dwr/call/plaincall/AjaxQqpsService.saveMaterielItem.dwr HTTP/1.1" 200 78
114.88.159.93 - - [22/Apr/2020:11:22:49 +0800] "POST /xingrg/dwr/call/plaincall/AjaxQqpsService.checkOrder.dwr HTTP/1.1" 200 78
114.88.159.93 - - [22/Apr/2020:11:22:49 +0800] "GET /xingrg/kc/mdqp/qqps_order_info.html?code=302020042200222 HTTP/1.1" 200 26315
114.88.159.93 - - [22/Apr/2020:11:22:49 +0800] "GET /xingrg/dwr/interface/AjaxComOrderService.js HTTP/1.1" 200 18264
114.88.159.93 - - [22/Apr/2020:11:22:49 +0800] "GET /xingrg/dwr/interface/AjaxQqpsService.js HTTP/1.1" 200 16326
114.88.159.93 - - [22/Apr/2020:11:22:49 +0800] "GET /xingrg/dwr/engine.js HTTP/1.1" 200 43631
114.88.159.93 - - [22/Apr/2020:11:22:50 +0800] "POST /xingrg/dwr/call/plaincall/AjaxQqpsService.loadMaterielItems.dwr HTTP/1.1" 200 366
58.39.71.246 - - [22/Apr/2020:11:22:51 +0800] "GET /xingrg/all/function/internal_message.html?_=1587525959509&CODE_STATE=getMsg HTTP/1.1" 200 27
58.40.7.146 - - [22/Apr/2020:11:22:53 +0800] "GET /xingrg/all/function/internal_message.html?_=1587525771082&CODE_STATE=getMsg HTTP/1.1" 200 27
116.233.79.243 - - [22/Apr/2020:11:22:53 +0800] "GET /xingrg/all/function/internal_message.html?_=1587525878515&CODE_STATE=getMsg HTTP/1.1" 200 27
114.86.190.97 - - [22/Apr/2020:11:22:53 +0800] "GET /xingrg/kc/base/wldb_order_list.html HTTP/1.1" 200 19258
114.86.190.97 - - [22/Apr/2020:11:22:54 +0800] "POST /xingrg/kc/base/wldb_list_operate.html HTTP/1.1" 200 928
114.86.190.97 - - [22/Apr/2020:11:22:54 +0800] "GET /xingrg/kc/base/wldb_order_add.html HTTP/1.1" 200 30319
114.86.190.97 - - [22/Apr/2020:11:22:55 +0800] "GET /xingrg/words/20200422105447_words.js HTTP/1.1" 304 -
58.39.71.246 - - [22/Apr/2020:11:22:55 +0800] "GET /xingrg/kc/buy/cgsh_order_operate.html?command=get_materiel&rest_code=00102&code=00102002167&supplier_code=00100347&order_time=2020-04-22 HTTP/1.1" 200 409
172.17.0.119 - - [22/Apr/2020:11:22:55 +0800] "GET /xingrg/all/function/internal_message.html?_=1587525773832&CODE_STATE=getMsg HTTP/1.1" 200 27
114.86.190.97 - - [22/Apr/2020:11:22:55 +0800] "POST /xingrg/kc/base/wldb_order_operate.html HTTP/1.1" 200 6806
114.86.190.97 - - [22/Apr/2020:11:22:55 +0800] "GET /xingrg/all/common/auto_word.html?type=base&rest_code=00148 HTTP/1.1" 200 1603
114.86.190.97 - - [22/Apr/2020:11:22:55 +0800] "GET /xingrg/all/common/auto_word.html?type=base&rest_code=00148 HTTP/1.1" 200 1603
114.86.190.97 - - [22/Apr/2020:11:22:56 +0800] "GET /xingrg/javascript/easyui/themes/default/validatebox.css HTTP/1.1" 404 1104
117.185.32.26 - - [22/Apr/2020:11:22:58 +0800] "POST /xingrg/kc/buy/cgsh_order_operate.html HTTP/1.1" 200 37
117.185.32.26 - - [22/Apr/2020:11:23:00 +0800] "POST /xingrg/kc/buy/cgsh_order_operate.html HTTP/1.1" 200 12
117.185.32.26 - - [22/Apr/2020:11:23:00 +0800] "GET /xingrg/kc/buy/cgsh_order_info.html?code=212020042205505 HTTP/1.1" 200 53042
117.185.32.26 - - [22/Apr/2020:11:23:01 +0800] "GET /xingrg/javascript/easyui/themes/default/validatebox.css HTTP/1.1" 404 1104
117.185.32.26 - - [22/Apr/2020:11:23:01 +0800] "POST /xingrg/kc/buy/cgsh_order_operate.html HTTP/1.1" 200 610
222.70.183.62 - - [22/Apr/2020:11:23:02 +0800] "GET /xingrg/all/function/internal_message.html?_=1587526108667&CODE_STATE=getMsg HTTP/1.1" 200 27
114.86.190.97 - - [22/Apr/2020:11:23:02 +0800] "GET /xingrg/kc/base/wldb_order_operate.html?command=get_materiel&rest_code=00148&base_code=0010001&code=00101019133 HTTP/1.1" 200 466
172.17.0.103 - - [22/Apr/2020:11:23:02 +0800] "GET /xingrg/all/function/internal_message.html?_=1587525781865&CODE_STATE=getMsg HTTP/1.1" 200 27
117.185.32.26 - - [22/Apr/2020:11:23:02 +0800] "GET /xingrg/kc/print/load_data.html?order_code=212020042205505&kc_code=cgsh&condition= HTTP/1.1" 200 710
114.86.190.97 - - [22/Apr/2020:11:23:05 +0800] "GET /xingrg/kc/base/wldb_order_operate.html?command=get_materiel&rest_code=00148&base_code=0010001&code=00101016029 HTTP/1.1" 200 463
117.185.32.26 - - [22/Apr/2020:11:23:06 +0800] "GET /xingrg/kc/buy/cgsh_order_add.html HTTP/1.1" 200 58136
117.185.32.26 - - [22/Apr/2020:11:23:07 +0800] "POST /xingrg/kc/buy/cgsh_order_operate.html HTTP/1.1" 200 8245
117.185.32.26 - - [22/Apr/2020:11:23:07 +0800] "GET /xingrg/javascript/easyui/themes/default/validatebox.css HTTP/1.1" 404 1104
117.185.32.26 - - [22/Apr/2020:11:23:08 +0800] "GET /xingrg/javascript/easyui/themes/default/tree.css HTTP/1.1" 404 1090
117.185.32.26 - - [22/Apr/2020:11:23:08 +0800] "POST /xingrg/all/common/load_tree.html?tree=supplier_tree_json&isDelete=1 HTTP/1.1" 200 47490
222.70.183.62 - - [22/Apr/2020:11:23:09 +0800] "GET /xingrg/kc/buy/cgsh_order_operate.html?command=get_materiel&rest_code=00111&code=00101004067&supplier_code=00100312&order_time=2020-04-22 HTTP/1.1" 200 428
114.86.190.97 - - [22/Apr/2020:11:23:09 +0800] "GET /xingrg/kc/base/wldb_order_operate.html?command=get_materiel&rest_code=00148&base_code=0010001&code=00101019417 HTTP/1.1" 200 435
114.86.190.97 - - [22/Apr/2020:11:23:12 +0800] "GET /xingrg/kc/base/wldb_order_operate.html?command=get_materiel&rest_code=00148&base_code=0010001&code=00101019637 HTTP/1.1" 200 436
222.70.183.62 - - [22/Apr/2020:11:23:16 +0800] "GET /xingrg/kc/buy/cgsh_order_operate.html?command=get_materiel&rest_code=00111&code=00101004014&supplier_code=00100312&order_time=2020-04-22 HTTP/1.1" 200 408
120.253.135.82 - - [22/Apr/2020:11:23:20 +0800] "GET /xingrg/all/function/internal_message.html?_=1587525934517&CODE_STATE=getMsg HTTP/1.1" 200 27
114.86.190.97 - - [22/Apr/2020:11:23:22 +0800] "GET /xingrg/all/function/internal_message.html?_=1587525802346&CODE_STATE=getMsg HTTP/1.1" 200 27
180.162.232.172 - - [22/Apr/2020:11:23:23 +0800] "GET /xingrg/check_reg.html?_=1587525801400 HTTP/1.1" 200 22
180.162.232.172 - - [22/Apr/2020:11:23:23 +0800] "GET /xingrg/all/function/internal_message.html?_=1587525801401&CODE_STATE=getMsg HTTP/1.1" 200 27
114.86.190.97 - - [22/Apr/2020:11:23:24 +0800] "GET /xingrg/kc/base/wldb_order_operate.html?command=get_materiel&rest_code=00148&base_code=0010001&code=00101019666 HTTP/1.1" 200 426
222.70.208.105 - - [22/Apr/2020:11:23:29 +0800] "GET /xingrg/all/function/internal_message.html?_=1587525801434&CODE_STATE=getMsg HTTP/1.1" 200 27
222.69.134.247 - - [22/Apr/2020:11:23:29 +0800] "GET /xingrg/check_reg.html?_=1587525805124 HTTP/1.1" 200 22
222.69.134.247 - - [22/Apr/2020:11:23:29 +0800] "GET /xingrg/all/function/internal_message.html?_=1587525805111&CODE_STATE=getMsg HTTP/1.1" 200 27
222.70.183.62 - - [22/Apr/2020:11:23:30 +0800] "GET /xingrg/all/function/internal_message.html?_=1587525813895&CODE_STATE=getMsg HTTP/1.1" 200 27
222.70.183.62 - - [22/Apr/2020:11:23:30 +0800] "GET /xingrg/check_reg.html?_=1587525813898 HTTP/1.1" 200 22
124.77.110.230 - - [22/Apr/2020:11:23:32 +0800] "GET /xingrg/all/function/internal_message.html?_=1587525048517&CODE_STATE=getMsg HTTP/1.1" 200 27
180.156.150.85 - - [22/Apr/2020:11:23:39 +0800] "GET /xingrg/all/function/internal_message.html?_=1587525819469&CODE_STATE=getMsg HTTP/1.1" 200 27
180.156.150.85 - - [22/Apr/2020:11:23:39 +0800] "GET /xingrg/check_reg.html?_=1587525819572 HTTP/1.1" 200 22
222.70.183.62 - - [22/Apr/2020:11:23:39 +0800] "GET /xingrg/all/function/internal_message.html?_=1587525822737&CODE_STATE=getMsg HTTP/1.1" 200 27
117.185.32.26 - - [22/Apr/2020:11:23:40 +0800] "GET /xingrg/kc/buy/cgsh_order_operate.html?command=get_materiel&rest_code=00106&code=00101008402&supplier_code=00100327&order_time=2020-04-22 HTTP/1.1" 200 410
101.85.52.41 - - [22/Apr/2020:11:23:40 +0800] "GET /xingrg/all/common/auto_word.html?type=employee&rest_code=00145 HTTP/1.1" 200 105
101.85.52.41 - - [22/Apr/2020:11:23:40 +0800] "GET /xingrg/javascript/easyui/themes/default/validatebox.css HTTP/1.1" 404 1104
114.84.33.255 - - [22/Apr/2020:11:23:40 +0800] "GET /xingrg/all/function/internal_message.html?_=1587525830565&CODE_STATE=getMsg HTTP/1.1" 200 27
101.85.52.41 - - [22/Apr/2020:11:23:41 +0800] "POST /xingrg/kc/buy/cgsh_order_operate.html HTTP/1.1" 200 8245
116.233.79.27 - - [22/Apr/2020:11:23:41 +0800] "GET /xingrg/all/function/internal_message.html?_=1587525715870&CODE_STATE=getMsg HTTP/1.1" 200 27
172.17.0.101 - - [22/Apr/2020:11:23:42 +0800] "GET /xingrg/all/function/internal_message.html?_=1587525821164&CODE_STATE=getMsg HTTP/1.1" 200 27
117.131.5.26 - - [22/Apr/2020:11:23:43 +0800] "GET /xingrg/check_reg.html?_=1587525829585 HTTP/1.1" 200 22
101.85.52.41 - - [22/Apr/2020:11:23:44 +0800] "GET /xingrg/all/function/internal_message.html?_=1587525395382&CODE_STATE=getMsg HTTP/1.1" 200 27
117.185.32.26 - - [22/Apr/2020:11:23:45 +0800] "GET /xingrg/all/function/internal_message.html?_=1587525821468&CODE_STATE=getMsg HTTP/1.1" 200 27
117.131.5.26 - - [22/Apr/2020:11:23:45 +0800] "GET /xingrg/all/function/internal_message.html?_=1587525831335&CODE_STATE=getMsg HTTP/1.1" 200 27
101.85.52.41 - - [22/Apr/2020:11:23:47 +0800] "GET /xingrg/all/common/auto_word.html?type=employee&rest_code=00145 HTTP/1.1" 200 105
101.85.52.41 - - [22/Apr/2020:11:23:50 +0800] "GET /xingrg/javascript/auto/indicator.gif HTTP/1.1" 404 1066
116.233.79.243 - - [22/Apr/2020:11:23:51 +0800] "GET /xingrg/all/function/internal_message.html?_=1587525938515&CODE_STATE=getMsg HTTP/1.1" 200 27
222.70.183.62 - - [22/Apr/2020:11:23:51 +0800] "GET /xingrg/kc/buy/cgsh_order_operate.html?command=get_materiel&rest_code=00111&code=00101004030&supplier_code=00100312&order_time=2020-04-22 HTTP/1.1" 200 408
58.39.71.246 - - [22/Apr/2020:11:23:51 +0800] "GET /xingrg/all/function/internal_message.html?_=1587526019521&CODE_STATE=getMsg HTTP/1.1" 200 27
117.185.32.26 - - [22/Apr/2020:11:23:52 +0800] "GET /xingrg/kc/buy/cgsh_order_operate.html?command=get_materiel&rest_code=00106&code=00101012086&supplier_code=00100327&order_time=2020-04-22 HTTP/1.1" 200 406
124.77.110.230 - - [22/Apr/2020:11:23:53 +0800] "GET /xingrg/kc/buy/cgsh_order_operate.html?command=get_materiel&rest_code=00107&code=00101001037&supplier_code=00100090&order_time=2020-04-22 HTTP/1.1" 200 433
58.40.7.146 - - [22/Apr/2020:11:23:53 +0800] "GET /xingrg/all/function/internal_message.html?_=1587525831084&CODE_STATE=getMsg HTTP/1.1" 200 27
114.86.190.97 - - [22/Apr/2020:11:23:54 +0800] "GET /xingrg/kc/base/wldb_order_operate.html?command=get_materiel&rest_code=00148&base_code=0010001&code=00101019315 HTTP/1.1" 200 460
172.17.0.119 - - [22/Apr/2020:11:23:55 +0800] "GET /xingrg/all/function/internal_message.html?_=1587525833837&CODE_STATE=getMsg HTTP/1.1" 200 27
172.17.0.119 - - [22/Apr/2020:11:23:55 +0800] "GET /xingrg/check_reg.html?_=1587525833839 HTTP/1.1" 200 22
101.85.52.41 - - [22/Apr/2020:11:23:56 +0800] "GET /xingrg/javascript/jquery_tools/images/next.gif HTTP/1.1" 404 1086
117.185.32.26 - - [22/Apr/2020:11:23:59 +0800] "POST /xingrg/kc/buy/cgsh_order_operate.html HTTP/1.1" 200 37
222.70.183.62 - - [22/Apr/2020:11:23:59 +0800] "GET /xingrg/kc/buy/cgsh_order_operate.html?command=get_materiel&rest_code=00111&code=00101001013&supplier_code=00100312&order_time=2020-04-22 HTTP/1.1" 200 416
117.185.32.26 - - [22/Apr/2020:11:24:01 +0800] "POST /xingrg/kc/buy/cgsh_order_operate.html HTTP/1.1" 200 12
117.185.32.26 - - [22/Apr/2020:11:24:01 +0800] "GET /xingrg/kc/buy/cgsh_order_info.html?code=212020042205506 HTTP/1.1" 200 53040
222.70.183.62 - - [22/Apr/2020:11:24:02 +0800] "GET /xingrg/all/function/internal_message.html?_=1587526168658&CODE_STATE=getMsg HTTP/1.1" 200 27
117.185.32.26 - - [22/Apr/2020:11:24:02 +0800] "GET /xingrg/javascript/easyui/themes/default/validatebox.css HTTP/1.1" 404 1104
101.85.52.41 - - [22/Apr/2020:11:24:02 +0800] "GET /xingrg/javascript/jquery_tools/images/prev.gif HTTP/1.1" 404 1086
117.185.32.26 - - [22/Apr/2020:11:24:02 +0800] "POST /xingrg/kc/buy/cgsh_order_operate.html HTTP/1.1" 200 1194
172.17.0.103 - - [22/Apr/2020:11:24:02 +0800] "GET /xingrg/all/function/internal_message.html?_=1587525841873&CODE_STATE=getMsg HTTP/1.1" 200 27
117.185.32.26 - - [22/Apr/2020:11:24:03 +0800] "GET /xingrg/kc/print/load_data.html?order_code=212020042205506&kc_code=cgsh&condition= HTTP/1.1" 200 929
58.39.71.246 - - [22/Apr/2020:11:24:04 +0800] "GET /xingrg/check_reg.html?_=1587526031882 HTTP/1.1" 200 22
124.77.110.230 - - [22/Apr/2020:11:24:07 +0800] "GET /xingrg/kc/buy/cgsh_order_operate.html?command=get_materiel&rest_code=00107&code=00101001140&supplier_code=00100090&order_time=2020-04-22 HTTP/1.1" 200 433
222.70.183.62 - - [22/Apr/2020:11:24:08 +0800] "GET /xingrg/kc/buy/cgsh_order_operate.html?command=get_materiel&rest_code=00111&code=00101001029&supplier_code=00100312&order_time=2020-04-22 HTTP/1.1" 200 435
117.185.32.26 - - [22/Apr/2020:11:24:09 +0800] "GET /xingrg/kc/buy/cgsh_order_add.html HTTP/1.1" 200 58136
117.185.32.26 - - [22/Apr/2020:11:24:09 +0800] "GET /xingrg/javascript/easyui/themes/default/validatebox.css HTTP/1.1" 404 1104
117.185.32.26 - - [22/Apr/2020:11:24:10 +0800] "POST /xingrg/kc/buy/cgsh_order_operate.html HTTP/1.1" 200 8245
117.185.32.26 - - [22/Apr/2020:11:24:10 +0800] "GET /xingrg/javascript/easyui/themes/default/tree.css HTTP/1.1" 404 1090
117.185.32.26 - - [22/Apr/2020:11:24:10 +0800] "POST /xingrg/all/common/load_tree.html?tree=supplier_tree_json&isDelete=1 HTTP/1.1" 200 47490
101.85.52.41 - - [22/Apr/2020:11:24:11 +0800] "GET /xingrg/kc/buy/cgsh_order_operate.html?command=get_materiel&rest_code=00145&code=00101029004&supplier_code=00100167&order_time=2020-04-22 HTTP/1.1" 200 449
114.86.190.97 - - [22/Apr/2020:11:24:14 +0800] "POST /xingrg/kc/base/wldb_order_operate.html HTTP/1.1" 200 37
114.86.190.97 - - [22/Apr/2020:11:24:15 +0800] "POST /xingrg/kc/base/wldb_order_operate.html HTTP/1.1" 200 12
114.86.190.97 - - [22/Apr/2020:11:24:15 +0800] "POST /xingrg/kc/base/wldb_order_operate.html HTTP/1.1" 200 2719
114.86.190.97 - - [22/Apr/2020:11:24:16 +0800] "GET /xingrg/kc/base/wldb_order_info.html?code=422020042201563 HTTP/1.1" 200 26198
114.86.190.97 - - [22/Apr/2020:11:24:17 +0800] "POST /xingrg/kc/base/wldb_order_operate.html HTTP/1.1" 200 1002
114.86.190.97 - - [22/Apr/2020:11:24:17 +0800] "GET /xingrg/javascript/easyui/themes/default/validatebox.css HTTP/1.1" 404 1104
124.77.110.230 - - [22/Apr/2020:11:24:18 +0800] "GET /xingrg/kc/buy/cgsh_order_operate.html?command=get_materiel&rest_code=00107&code=00101001125&supplier_code=00100090&order_time=2020-04-22 HTTP/1.1" 200 433
114.86.190.97 - - [22/Apr/2020:11:24:19 +0800] "GET /xingrg/kc/base/wldb_order_add.html HTTP/1.1" 200 30319
114.86.190.97 - - [22/Apr/2020:11:24:19 +0800] "POST /xingrg/kc/base/wldb_order_operate.html HTTP/1.1" 200 6806
114.86.190.97 - - [22/Apr/2020:11:24:20 +0800] "GET /xingrg/javascript/easyui/themes/default/validatebox.css HTTP/1.1" 404 1104
120.253.135.82 - - [22/Apr/2020:11:24:20 +0800] "GET /xingrg/all/function/internal_message.html?_=1587525994530&CODE_STATE=getMsg HTTP/1.1" 200 27
114.86.190.97 - - [22/Apr/2020:11:24:22 +0800] "GET /xingrg/all/function/internal_message.html?_=1587525862323&CODE_STATE=getMsg HTTP/1.1" 200 27
180.162.232.172 - - [22/Apr/2020:11:24:23 +0800] "GET /xingrg/all/function/internal_message.html?_=1587525861388&CODE_STATE=getMsg HTTP/1.1" 200 27
124.77.110.230 - - [22/Apr/2020:11:24:26 +0800] "POST /xingrg/kc/buy/cgsh_order_operate.html HTTP/1.1" 200 37
124.77.110.230 - - [22/Apr/2020:11:24:27 +0800] "POST /xingrg/kc/buy/cgsh_order_operate.html HTTP/1.1" 200 3853
114.86.190.97 - - [22/Apr/2020:11:24:27 +0800] "GET /xingrg/kc/base/wldb_order_operate.html?command=get_materiel&rest_code=00148&base_code=0010001&code=00101016040 HTTP/1.1" 200 459
124.77.110.230 - - [22/Apr/2020:11:24:28 +0800] "GET /xingrg/kc/print/load_data.html?order_code=212020042205507&kc_code=cgsh&condition= HTTP/1.1" 200 1205
222.70.208.105 - - [22/Apr/2020:11:24:29 +0800] "GET /xingrg/all/function/internal_message.html?_=1587525861441&CODE_STATE=getMsg HTTP/1.1" 200 27
222.70.208.105 - - [22/Apr/2020:11:24:29 +0800] "GET /xingrg/check_reg.html?_=1587525861458 HTTP/1.1" 200 22
117.185.32.26 - - [22/Apr/2020:11:24:29 +0800] "GET /xingrg/kc/buy/cgsh_order_operate.html?command=get_materiel&rest_code=00106&code=00101013090&supplier_code=00100337&order_time=2020-04-22 HTTP/1.1" 200 408
222.69.134.247 - - [22/Apr/2020:11:24:29 +0800] "GET /xingrg/all/function/internal_message.html?_=1587525865113&CODE_STATE=getMsg HTTP/1.1" 200 27
114.86.190.97 - - [22/Apr/2020:11:24:31 +0800] "GET /xingrg/kc/base/wldb_order_operate.html?command=get_materiel&rest_code=00148&base_code=0010001&code=00101019223 HTTP/1.1" 200 459
124.77.110.230 - - [22/Apr/2020:11:24:32 +0800] "GET /xingrg/all/function/internal_message.html?_=1587525108532&CODE_STATE=getMsg HTTP/1.1" 200 27
180.156.150.85 - - [22/Apr/2020:11:24:39 +0800] "GET /xingrg/all/function/internal_message.html?_=1587525879448&CODE_STATE=getMsg HTTP/1.1" 200 27
114.86.190.97 - - [22/Apr/2020:11:24:39 +0800] "POST /xingrg/kc/base/wldb_order_operate.html HTTP/1.1" 200 37
114.86.190.97 - - [22/Apr/2020:11:24:40 +0800] "POST /xingrg/kc/base/wldb_order_operate.html HTTP/1.1" 200 12
114.86.190.97 - - [22/Apr/2020:11:24:40 +0800] "POST /xingrg/kc/base/wldb_order_operate.html HTTP/1.1" 200 3199
114.84.33.255 - - [22/Apr/2020:11:24:40 +0800] "GET /xingrg/all/function/internal_message.html?_=1587525890578&CODE_STATE=getMsg HTTP/1.1" 200 27
116.233.79.27 - - [22/Apr/2020:11:24:41 +0800] "GET /xingrg/all/function/internal_message.html?_=1587525775869&CODE_STATE=getMsg HTTP/1.1" 200 27
114.86.190.97 - - [22/Apr/2020:11:24:42 +0800] "GET /xingrg/kc/base/wldb_order_info.html?code=422020042201564 HTTP/1.1" 200 26198
114.86.190.97 - - [22/Apr/2020:11:24:42 +0800] "POST /xingrg/kc/base/wldb_order_operate.html HTTP/1.1" 200 1471
114.86.190.97 - - [22/Apr/2020:11:24:42 +0800] "GET /xingrg/javascript/easyui/themes/default/validatebox.css HTTP/1.1" 404 1104
172.17.0.101 - - [22/Apr/2020:11:24:42 +0800] "GET /xingrg/all/function/internal_message.html?_=1587525881193&CODE_STATE=getMsg HTTP/1.1" 200 27
101.85.52.41 - - [22/Apr/2020:11:24:44 +0800] "GET /xingrg/all/function/internal_message.html?_=1587525455384&CODE_STATE=getMsg HTTP/1.1" 200 27
117.131.5.26 - - [22/Apr/2020:11:24:45 +0800] "GET /xingrg/all/function/internal_message.html?_=1587525891335&CODE_STATE=getMsg HTTP/1.1" 200 27
124.77.110.230 - - [22/Apr/2020:11:24:47 +0800] "GET /xingrg/kc/buy/cgsh_order_add.html HTTP/1.1" 200 58183
117.185.32.26 - - [22/Apr/2020:11:24:48 +0800] "POST /xingrg/kc/buy/cgsh_order_operate.html HTTP/1.1" 200 37
114.86.190.97 - - [22/Apr/2020:11:24:48 +0800] "GET /xingrg/kc/base/wldb_order_add.html HTTP/1.1" 200 30319
101.85.52.41 - - [22/Apr/2020:11:24:48 +0800] "POST /xingrg/all/common/load_tree.html?tree=area_rest_tree_json&manage=1 HTTP/1.1" 200 351
114.86.190.97 - - [22/Apr/2020:11:24:48 +0800] "POST /xingrg/kc/base/wldb_order_operate.html HTTP/1.1" 200 6806
116.233.79.243 - - [22/Apr/2020:11:24:49 +0800] "GET /xingrg/all/function/internal_message.html?_=1587525998512&CODE_STATE=getMsg HTTP/1.1" 200 27
114.86.190.97 - - [22/Apr/2020:11:24:49 +0800] "GET /xingrg/javascript/easyui/themes/default/validatebox.css HTTP/1.1" 404 1104
124.77.110.230 - - [22/Apr/2020:11:24:49 +0800] "POST /xingrg/kc/buy/cgsh_order_operate.html HTTP/1.1" 200 8245
124.77.110.230 - - [22/Apr/2020:11:24:49 +0800] "GET /xingrg/javascript/easyui/themes/default/validatebox.css HTTP/1.1" 404 1104
117.185.32.26 - - [22/Apr/2020:11:24:50 +0800] "POST /xingrg/kc/buy/cgsh_order_operate.html HTTP/1.1" 200 12
