172.17.0.103 - - [22/Apr/2020:10:42:02 +0800] "GET /xingrg/all/function/internal_message.html?_=1587523321791&CODE_STATE=getMsg HTTP/1.1" 200 27
114.86.190.97 - - [22/Apr/2020:10:42:02 +0800] "GET /xingrg/all/function/internal_message.html?_=1587523318481&CODE_STATE=getMsg HTTP/1.1" 200 27
114.86.190.97 - - [22/Apr/2020:10:42:02 +0800] "GET /xingrg/check_reg.html?_=1587523318483 HTTP/1.1" 200 22
58.39.71.246 - - [22/Apr/2020:10:42:06 +0800] "GET /xingrg/all/function/internal_message.html?_=1587523513756&CODE_STATE=getMsg HTTP/1.1" 200 27
117.184.7.30 - - [22/Apr/2020:10:42:07 +0800] "GET /xingrg/all/function/internal_message.html?_=1587523320039&CODE_STATE=getMsg HTTP/1.1" 200 27
117.184.7.26 - - [22/Apr/2020:10:42:09 +0800] "POST /xingrg/kc/buy/cgsh_order_operate.html HTTP/1.1" 200 12
117.184.7.26 - - [22/Apr/2020:10:42:11 +0800] "GET /xingrg/kc/buy/cgsh_order_info.html?code=212020042205386 HTTP/1.1" 200 52989
117.131.5.26 - - [22/Apr/2020:10:42:11 +0800] "GET /xingrg/all/function/internal_message.html?_=1587523590767&CODE_STATE=getMsg HTTP/1.1" 200 27
117.184.7.30 - - [22/Apr/2020:10:42:11 +0800] "GET /xingrg/javascript/easyui/themes/default/validatebox.css HTTP/1.1" 404 1104
117.184.7.26 - - [22/Apr/2020:10:42:12 +0800] "POST /xingrg/kc/buy/cgsh_order_operate.html HTTP/1.1" 200 29552
114.86.190.97 - - [22/Apr/2020:10:42:13 +0800] "GET /xingrg/kc/buy/cgsh_order_operate.html?command=get_materiel&rest_code=00148&code=00101019216&supplier_code=00100337&order_time=2020-04-22 HTTP/1.1" 200 463
117.184.7.26 - - [22/Apr/2020:10:42:13 +0800] "GET /xingrg/kc/print/load_config.html?kc_code=cgsh HTTP/1.1" 200 1845
117.184.7.26 - - [22/Apr/2020:10:42:14 +0800] "GET /xingrg/kc/print/load_data.html?order_code=212020042205386&kc_code=cgsh&condition= HTTP/1.1" 200 11616
120.204.17.71 - - [22/Apr/2020:10:42:15 +0800] "GET /xingrg/all/function/internal_message.html?_=1587522641436&CODE_STATE=getMsg HTTP/1.1" 302 -
114.86.190.97 - - [22/Apr/2020:10:42:18 +0800] "POST /xingrg/kc/buy/cgsh_order_operate.html HTTP/1.1" 200 37
120.204.17.71 - - [22/Apr/2020:10:42:19 +0800] "GET /xingrg/login.html HTTP/1.1" 200 7641
120.253.135.82 - - [22/Apr/2020:10:42:20 +0800] "GET /xingrg/all/function/internal_message.html?_=1587523473957&CODE_STATE=getMsg HTTP/1.1" 200 27
116.233.79.243 - - [22/Apr/2020:10:42:21 +0800] "GET /xingrg/kc/buy/buy_main.html HTTP/1.1" 200 12412
116.233.79.243 - - [22/Apr/2020:10:42:21 +0800] "GET /xingrg/css/new_ie.css HTTP/1.1" 404 1036
116.233.79.243 - - [22/Apr/2020:10:42:21 +0800] "GET /xingrg/images/blue/button/cgydd.gif HTTP/1.1" 304 -
116.233.79.243 - - [22/Apr/2020:10:42:21 +0800] "GET /xingrg/images/blue/button/cgshd.gif HTTP/1.1" 304 -
116.233.79.243 - - [22/Apr/2020:10:42:21 +0800] "GET /xingrg/images/blue/button/kc.gif HTTP/1.1" 304 -
116.233.79.243 - - [22/Apr/2020:10:42:21 +0800] "GET /xingrg/images/blue/button/cgfkd.gif HTTP/1.1" 304 -
116.233.79.243 - - [22/Apr/2020:10:42:21 +0800] "GET /xingrg/images/blue/button/ckthd.gif HTTP/1.1" 304 -
114.84.33.255 - - [22/Apr/2020:10:42:22 +0800] "POST /xingrg/kc/buy/cgsh_order_operate.html HTTP/1.1" 200 37
116.233.79.243 - - [22/Apr/2020:10:42:22 +0800] "GET /xingrg/images/yd/bt.gif HTTP/1.1" 404 1040
114.84.33.255 - - [22/Apr/2020:10:42:22 +0800] "POST /xingrg/kc/buy/cgsh_order_operate.html HTTP/1.1" 200 2675
116.233.79.243 - - [22/Apr/2020:10:42:24 +0800] "GET /xingrg/index.html?sysBaseUrl=http%3A%2F%2F180.169.147.146%3A18081%2Fxingrg%2F&costTime=50×tamp=1587521965494 HTTP/1.1" 200 17173
114.84.33.255 - - [22/Apr/2020:10:42:24 +0800] "GET /xingrg/kc/print/load_data.html?order_code=212020042205399&kc_code=cgsh&condition= HTTP/1.1" 200 701
116.233.79.243 - - [22/Apr/2020:10:42:24 +0800] "POST /xingrg/all/common/load_tree.html?tree=area_rest_tree_json&manage=1 HTTP/1.1" 200 342
116.233.79.243 - - [22/Apr/2020:10:42:24 +0800] "GET /xingrg/all/function/internal_message.html?_=1587523434481&CODE_STATE=count HTTP/1.1" 200 11
116.233.79.243 - - [22/Apr/2020:10:42:24 +0800] "GET /xingrg/check_reg.html?_=1587523434482 HTTP/1.1" 200 22
116.233.79.243 - - [22/Apr/2020:10:42:24 +0800] "POST /xingrg/load_menu.html HTTP/1.1" 200 5138
116.233.79.243 - - [22/Apr/2020:10:42:24 +0800] "GET /favicon.ico HTTP/1.1" 404 -
114.88.159.93 - - [22/Apr/2020:10:42:25 +0800] "GET /xingrg/check_reg.html?_=1587523343306 HTTP/1.1" 200 22
114.86.190.97 - - [22/Apr/2020:10:42:27 +0800] "POST /xingrg/kc/buy/cgsh_order_operate.html HTTP/1.1" 200 12
114.86.190.97 - - [22/Apr/2020:10:42:28 +0800] "GET /xingrg/kc/buy/cgsh_order_info.html?code=212020042205398 HTTP/1.1" 200 53040
114.86.190.97 - - [22/Apr/2020:10:42:28 +0800] "GET /xingrg/javascript/easyui/themes/default/validatebox.css HTTP/1.1" 404 1104
114.86.190.97 - - [22/Apr/2020:10:42:28 +0800] "POST /xingrg/kc/buy/cgsh_order_operate.html HTTP/1.1" 200 1239
222.69.134.247 - - [22/Apr/2020:10:42:29 +0800] "GET /xingrg/all/function/internal_message.html?_=1587523345049&CODE_STATE=getMsg HTTP/1.1" 200 27
114.84.33.255 - - [22/Apr/2020:10:42:33 +0800] "GET /xingrg/kc/buy/cgsh_order_add.html HTTP/1.1" 200 58136
114.84.33.255 - - [22/Apr/2020:10:42:33 +0800] "POST /xingrg/kc/buy/cgsh_order_operate.html HTTP/1.1" 200 8245
114.84.33.255 - - [22/Apr/2020:10:42:33 +0800] "GET /xingrg/javascript/easyui/themes/default/validatebox.css HTTP/1.1" 404 1104
114.84.33.255 - - [22/Apr/2020:10:42:38 +0800] "GET /xingrg/check_reg.html?_=1587523367761 HTTP/1.1" 200 22
114.84.33.255 - - [22/Apr/2020:10:42:39 +0800] "GET /xingrg/all/function/internal_message.html?_=1587523368931&CODE_STATE=getMsg HTTP/1.1" 200 27
222.70.183.62 - - [22/Apr/2020:10:42:39 +0800] "GET /xingrg/all/function/internal_message.html?_=1587523362678&CODE_STATE=getMsg HTTP/1.1" 200 27
116.233.79.27 - - [22/Apr/2020:10:42:40 +0800] "GET /xingrg/all/function/internal_message.html?_=1587523255839&CODE_STATE=getMsg HTTP/1.1" 200 27
172.17.0.101 - - [22/Apr/2020:10:42:42 +0800] "GET /xingrg/check_reg.html?_=1587523361155 HTTP/1.1" 200 22
172.17.0.101 - - [22/Apr/2020:10:42:42 +0800] "GET /xingrg/all/function/internal_message.html?_=1587523361184&CODE_STATE=getMsg HTTP/1.1" 200 27
117.185.32.26 - - [22/Apr/2020:10:42:45 +0800] "GET /xingrg/all/function/internal_message.html?_=1587523361447&CODE_STATE=getMsg HTTP/1.1" 200 27
114.84.33.255 - - [22/Apr/2020:10:42:45 +0800] "GET /xingrg/kc/buy/cgsh_order_operate.html?command=get_materiel&rest_code=00146&code=00101004046&supplier_code=00100312&order_time=2020-04-22 HTTP/1.1" 200 433
117.131.5.26 - - [22/Apr/2020:10:42:45 +0800] "GET /xingrg/all/function/internal_message.html?_=1587523371335&CODE_STATE=getMsg HTTP/1.1" 200 27
180.156.150.85 - - [22/Apr/2020:10:42:53 +0800] "GET /xingrg/all/function/internal_message.html?_=1587523373270&CODE_STATE=getMsg HTTP/1.1" 200 27
58.40.7.146 - - [22/Apr/2020:10:42:53 +0800] "GET /xingrg/all/function/internal_message.html?_=1587523371069&CODE_STATE=getMsg HTTP/1.1" 200 27
117.184.7.26 - - [22/Apr/2020:10:42:53 +0800] "GET /xingrg/kc/buy/cgsh_order_add.html HTTP/1.1" 200 58089
180.162.232.172 - - [22/Apr/2020:10:42:53 +0800] "GET /xingrg/all/function/internal_message.html?_=1587523371860&CODE_STATE=getMsg HTTP/1.1" 200 27
117.184.7.26 - - [22/Apr/2020:10:42:54 +0800] "POST /xingrg/kc/buy/cgsh_order_operate.html HTTP/1.1" 200 8245
117.184.7.30 - - [22/Apr/2020:10:42:54 +0800] "GET /xingrg/javascript/easyui/themes/default/validatebox.css HTTP/1.1" 404 1104
172.17.0.119 - - [22/Apr/2020:10:42:55 +0800] "GET /xingrg/all/function/internal_message.html?_=1587523373828&CODE_STATE=getMsg HTTP/1.1" 200 27
114.84.33.255 - - [22/Apr/2020:10:42:56 +0800] "GET /xingrg/kc/buy/cgsh_order_operate.html?command=get_materiel&rest_code=00146&code=00101004027&supplier_code=00100312&order_time=2020-04-22 HTTP/1.1" 200 409
116.233.79.243 - - [22/Apr/2020:10:43:00 +0800] "GET /xingrg/kc/buy/buy_main.html HTTP/1.1" 200 12412
116.233.79.243 - - [22/Apr/2020:10:43:00 +0800] "GET /xingrg/css/new_ie.css HTTP/1.1" 404 1036
222.70.183.62 - - [22/Apr/2020:10:43:01 +0800] "GET /xingrg/all/function/internal_message.html?_=1587523708594&CODE_STATE=getMsg HTTP/1.1" 200 27
116.233.79.243 - - [22/Apr/2020:10:43:02 +0800] "GET /xingrg/kc/buy/cgsh_order_list.html HTTP/1.1" 200 42515
117.184.7.26 - - [22/Apr/2020:10:43:02 +0800] "GET /xingrg/kc/buy/cgsh_order_operate.html?command=get_materiel&rest_code=00108&code=00101005037&supplier_code=00100151&order_time=2020-04-22 HTTP/1.1" 200 426
116.233.79.243 - - [22/Apr/2020:10:43:02 +0800] "POST /xingrg/kc/buy/cgsh_list_operate.html HTTP/1.1" 200 876
172.17.0.103 - - [22/Apr/2020:10:43:02 +0800] "GET /xingrg/all/function/internal_message.html?_=1587523381794&CODE_STATE=getMsg HTTP/1.1" 200 27
114.86.190.97 - - [22/Apr/2020:10:43:02 +0800] "GET /xingrg/all/function/internal_message.html?_=1587523378482&CODE_STATE=getMsg HTTP/1.1" 200 27
116.233.79.243 - - [22/Apr/2020:10:43:03 +0800] "GET /xingrg/kc/buy/cgsh_order_add.html HTTP/1.1" 200 58124
116.233.79.243 - - [22/Apr/2020:10:43:03 +0800] "GET /xingrg/words/20200421105550_words.js HTTP/1.1" 304 -
116.233.79.243 - - [22/Apr/2020:10:43:04 +0800] "POST /xingrg/kc/buy/cgsh_order_operate.html HTTP/1.1" 200 8245
116.233.79.243 - - [22/Apr/2020:10:43:04 +0800] "GET /xingrg/all/common/auto_word.html?type=employee&rest_code=00109 HTTP/1.1" 200 255
116.233.79.243 - - [22/Apr/2020:10:43:04 +0800] "GET /xingrg/all/common/auto_word.html?type=employee&rest_code=00109 HTTP/1.1" 200 255
116.233.79.243 - - [22/Apr/2020:10:43:04 +0800] "GET /xingrg/javascript/easyui/themes/default/validatebox.css HTTP/1.1" 404 1104
114.84.33.255 - - [22/Apr/2020:10:43:06 +0800] "GET /xingrg/kc/buy/cgsh_order_operate.html?command=get_materiel&rest_code=00146&code=00101004057&supplier_code=00100312&order_time=2020-04-22 HTTP/1.1" 200 411
58.39.71.246 - - [22/Apr/2020:10:43:06 +0800] "GET /xingrg/all/function/internal_message.html?_=1587523574211&CODE_STATE=getMsg HTTP/1.1" 200 27
116.233.79.243 - - [22/Apr/2020:10:43:07 +0800] "GET /xingrg/javascript/jquery_tools/images/prev.gif HTTP/1.1" 404 1086
116.233.79.243 - - [22/Apr/2020:10:43:07 +0800] "GET /xingrg/javascript/jquery_tools/images/next.gif HTTP/1.1" 404 1086
117.184.7.26 - - [22/Apr/2020:10:43:07 +0800] "GET /xingrg/all/function/internal_message.html?_=1587523380015&CODE_STATE=getMsg HTTP/1.1" 200 27
116.233.79.243 - - [22/Apr/2020:10:43:11 +0800] "GET /xingrg/kc/buy/cgsh_order_operate.html?command=get_materiel&rest_code=00109&code=00101007033&supplier_code=00100004&order_time=2020-04-22 HTTP/1.1" 200 417
117.131.5.26 - - [22/Apr/2020:10:43:11 +0800] "GET /xingrg/all/function/internal_message.html?_=1587523650780&CODE_STATE=getMsg HTTP/1.1" 200 27
114.84.33.255 - - [22/Apr/2020:10:43:13 +0800] "GET /xingrg/kc/buy/cgsh_order_operate.html?command=get_materiel&rest_code=00146&code=00101004049&supplier_code=00100312&order_time=2020-04-22 HTTP/1.1" 200 415
117.184.7.26 - - [22/Apr/2020:10:43:17 +0800] "GET /xingrg/kc/buy/cgsh_order_operate.html?command=get_materiel&rest_code=00108&code=00101002027&supplier_code=00100151&order_time=2020-04-22 HTTP/1.1" 200 413
120.253.135.82 - - [22/Apr/2020:10:43:20 +0800] "GET /xingrg/all/function/internal_message.html?_=1587523533973&CODE_STATE=getMsg HTTP/1.1" 200 27
114.86.190.97 - - [22/Apr/2020:10:43:22 +0800] "GET /xingrg/all/function/internal_message.html?_=1587523401566&CODE_STATE=getMsg HTTP/1.1" 200 27
116.233.79.243 - - [22/Apr/2020:10:43:22 +0800] "GET /xingrg/all/function/internal_message.html?_=1587523494500&CODE_STATE=getMsg HTTP/1.1" 200 27
114.84.33.255 - - [22/Apr/2020:10:43:23 +0800] "POST /xingrg/kc/buy/cgsh_order_operate.html HTTP/1.1" 200 37
117.184.7.26 - - [22/Apr/2020:10:43:24 +0800] "POST /xingrg/kc/buy/cgsh_order_operate.html HTTP/1.1" 200 64
114.88.159.93 - - [22/Apr/2020:10:43:25 +0800] "POST /xingrg/kc/buy/cgsh_order_operate.html HTTP/1.1" 200 37
114.84.33.255 - - [22/Apr/2020:10:43:25 +0800] "POST /xingrg/kc/buy/cgsh_order_operate.html HTTP/1.1" 200 4439
114.84.33.255 - - [22/Apr/2020:10:43:26 +0800] "GET /xingrg/kc/print/load_data.html?order_code=212020042205400&kc_code=cgsh&condition= HTTP/1.1" 200 1366
114.88.159.93 - - [22/Apr/2020:10:43:26 +0800] "POST /xingrg/kc/buy/cgsh_order_operate.html HTTP/1.1" 200 12
114.88.159.93 - - [22/Apr/2020:10:43:27 +0800] "GET /xingrg/kc/buy/cgsh_order_info.html?code=212020042205402 HTTP/1.1" 200 53038
114.88.159.93 - - [22/Apr/2020:10:43:27 +0800] "GET /xingrg/javascript/easyui/themes/default/validatebox.css HTTP/1.1" 404 1104
117.184.7.26 - - [22/Apr/2020:10:43:28 +0800] "POST /xingrg/kc/buy/cgsh_order_operate.html HTTP/1.1" 200 37
114.88.159.93 - - [22/Apr/2020:10:43:28 +0800] "POST /xingrg/kc/buy/cgsh_order_operate.html HTTP/1.1" 200 16569
222.69.134.247 - - [22/Apr/2020:10:43:29 +0800] "GET /xingrg/check_reg.html?_=1587523405051 HTTP/1.1" 200 22
222.69.134.247 - - [22/Apr/2020:10:43:29 +0800] "GET /xingrg/all/function/internal_message.html?_=1587523405061&CODE_STATE=getMsg HTTP/1.1" 200 27
117.184.7.26 - - [22/Apr/2020:10:43:29 +0800] "POST /xingrg/kc/buy/cgsh_order_operate.html HTTP/1.1" 200 3249
114.88.159.93 - - [22/Apr/2020:10:43:29 +0800] "GET /xingrg/kc/print/load_config.html?kc_code=cgsh HTTP/1.1" 200 1845
114.88.159.93 - - [22/Apr/2020:10:43:29 +0800] "GET /xingrg/kc/print/load_data.html?order_code=212020042205402&kc_code=cgsh&condition= HTTP/1.1" 200 6779
117.184.7.26 - - [22/Apr/2020:10:43:32 +0800] "GET /xingrg/kc/print/load_data.html?order_code=212020042205403&kc_code=cgsh&condition= HTTP/1.1" 200 862
114.84.33.255 - - [22/Apr/2020:10:43:33 +0800] "GET /xingrg/kc/buy/cgsh_order_add.html HTTP/1.1" 200 58136
114.84.33.255 - - [22/Apr/2020:10:43:34 +0800] "POST /xingrg/kc/buy/cgsh_order_operate.html HTTP/1.1" 200 8245
114.84.33.255 - - [22/Apr/2020:10:43:34 +0800] "GET /xingrg/javascript/easyui/themes/default/validatebox.css HTTP/1.1" 404 1104
114.84.33.255 - - [22/Apr/2020:10:43:39 +0800] "GET /xingrg/all/function/internal_message.html?_=1587523428971&CODE_STATE=getMsg HTTP/1.1" 200 27
222.70.183.62 - - [22/Apr/2020:10:43:39 +0800] "GET /xingrg/all/function/internal_message.html?_=1587523422678&CODE_STATE=getMsg HTTP/1.1" 200 27
116.233.79.27 - - [22/Apr/2020:10:43:40 +0800] "GET /xingrg/all/function/internal_message.html?_=1587523315840&CODE_STATE=getMsg HTTP/1.1" 200 27
183.192.164.97 - - [22/Apr/2020:10:43:42 +0800] "GET /xingrg/all/function/internal_message.html?_=1587522701435&CODE_STATE=getMsg HTTP/1.1" 302 -
172.17.0.101 - - [22/Apr/2020:10:43:42 +0800] "GET /xingrg/all/function/internal_message.html?_=1587523421155&CODE_STATE=getMsg HTTP/1.1" 200 27
117.131.5.26 - - [22/Apr/2020:10:43:43 +0800] "GET /xingrg/check_reg.html?_=1587523429585 HTTP/1.1" 200 22
117.185.32.26 - - [22/Apr/2020:10:43:45 +0800] "GET /xingrg/all/function/internal_message.html?_=1587523421461&CODE_STATE=getMsg HTTP/1.1" 200 27
114.84.33.255 - - [22/Apr/2020:10:43:45 +0800] "GET /xingrg/kc/buy/cgsh_order_operate.html?command=get_materiel&rest_code=00146&code=00101010036&supplier_code=00100325&order_time=2020-04-22 HTTP/1.1" 200 415
117.131.5.26 - - [22/Apr/2020:10:43:45 +0800] "GET /xingrg/all/function/internal_message.html?_=1587523431335&CODE_STATE=getMsg HTTP/1.1" 200 27
58.40.7.146 - - [22/Apr/2020:10:43:47 +0800] "POST /xingrg/services/DataTransmitService HTTP/1.1" 200 524
183.192.164.97 - - [22/Apr/2020:10:43:48 +0800] "GET /xingrg/login.html HTTP/1.1" 200 7641
180.156.150.85 - - [22/Apr/2020:10:43:53 +0800] "GET /xingrg/check_reg.html?_=1587523433242 HTTP/1.1" 200 22
180.156.150.85 - - [22/Apr/2020:10:43:53 +0800] "GET /xingrg/all/function/internal_message.html?_=1587523433243&CODE_STATE=getMsg HTTP/1.1" 200 27
58.40.7.146 - - [22/Apr/2020:10:43:53 +0800] "GET /xingrg/all/function/internal_message.html?_=1587523431074&CODE_STATE=getMsg HTTP/1.1" 200 27
180.162.232.172 - - [22/Apr/2020:10:43:53 +0800] "GET /xingrg/all/function/internal_message.html?_=1587523431860&CODE_STATE=getMsg HTTP/1.1" 200 27
172.17.0.119 - - [22/Apr/2020:10:43:55 +0800] "GET /xingrg/all/function/internal_message.html?_=1587523433830&CODE_STATE=getMsg HTTP/1.1" 200 27
172.17.0.119 - - [22/Apr/2020:10:43:55 +0800] "GET /xingrg/check_reg.html?_=1587523433832 HTTP/1.1" 200 22
114.84.33.255 - - [22/Apr/2020:10:43:57 +0800] "GET /xingrg/kc/buy/cgsh_order_operate.html?command=get_materiel&rest_code=00146&code=00101010080&supplier_code=00100325&order_time=2020-04-22 HTTP/1.1" 200 413
117.184.7.26 - - [22/Apr/2020:10:43:59 +0800] "GET /xingrg/kc/buy/cgsh_order_add.html HTTP/1.1" 200 58089
117.184.7.26 - - [22/Apr/2020:10:43:59 +0800] "POST /xingrg/kc/buy/cgsh_order_operate.html HTTP/1.1" 200 8245
117.184.7.30 - - [22/Apr/2020:10:44:00 +0800] "GET /xingrg/javascript/easyui/themes/default/validatebox.css HTTP/1.1" 404 1104
222.70.183.62 - - [22/Apr/2020:10:44:01 +0800] "GET /xingrg/all/function/internal_message.html?_=1587523768597&CODE_STATE=getMsg HTTP/1.1" 200 27
172.17.0.103 - - [22/Apr/2020:10:44:02 +0800] "GET /xingrg/all/function/internal_message.html?_=1587523441801&CODE_STATE=getMsg HTTP/1.1" 200 27
114.86.190.97 - - [22/Apr/2020:10:44:02 +0800] "GET /xingrg/all/function/internal_message.html?_=1587523438482&CODE_STATE=getMsg HTTP/1.1" 200 27
58.39.71.246 - - [22/Apr/2020:10:44:03 +0800] "GET /xingrg/check_reg.html?_=1587523630700 HTTP/1.1" 200 22
114.88.159.93 - - [22/Apr/2020:10:44:03 +0800] "GET /xingrg/kc/buy/cgsh_order_add.html HTTP/1.1" 200 58136
114.88.159.93 - - [22/Apr/2020:10:44:03 +0800] "POST /xingrg/kc/buy/cgsh_order_operate.html HTTP/1.1" 200 8245
114.88.159.93 - - [22/Apr/2020:10:44:03 +0800] "GET /xingrg/javascript/easyui/themes/default/validatebox.css HTTP/1.1" 404 1104
58.39.71.246 - - [22/Apr/2020:10:44:06 +0800] "GET /xingrg/all/function/internal_message.html?_=1587523634220&CODE_STATE=getMsg HTTP/1.1" 200 27
117.184.7.26 - - [22/Apr/2020:10:44:07 +0800] "GET /xingrg/all/function/internal_message.html?_=1587523439998&CODE_STATE=getMsg HTTP/1.1" 200 27
117.184.7.26 - - [22/Apr/2020:10:44:08 +0800] "GET /xingrg/kc/buy/cgsh_order_operate.html?command=get_materiel&rest_code=00108&code=00101007049&supplier_code=00100002&order_time=2020-04-22 HTTP/1.1" 200 409
114.84.33.255 - - [22/Apr/2020:10:44:09 +0800] "GET /xingrg/kc/buy/cgsh_order_operate.html?command=get_materiel&rest_code=00146&code=00101007038&supplier_code=00100325&order_time=2020-04-22 HTTP/1.1" 200 440
117.131.5.26 - - [22/Apr/2020:10:44:11 +0800] "GET /xingrg/all/function/internal_message.html?_=1587523710813&CODE_STATE=getMsg HTTP/1.1" 200 27
114.84.33.255 - - [22/Apr/2020:10:44:19 +0800] "POST /xingrg/kc/buy/cgsh_order_operate.html HTTP/1.1" 200 37
120.253.135.82 - - [22/Apr/2020:10:44:20 +0800] "GET /xingrg/all/function/internal_message.html?_=1587523593983&CODE_STATE=getMsg HTTP/1.1" 200 27
114.84.33.255 - - [22/Apr/2020:10:44:20 +0800] "POST /xingrg/kc/buy/cgsh_order_operate.html HTTP/1.1" 200 3841
222.70.208.105 - - [22/Apr/2020:10:44:20 +0800] "GET /xingrg/login.html HTTP/1.1" 200 7641
222.70.208.105 - - [22/Apr/2020:10:44:20 +0800] "GET /xingrg/images/blue/jxLogo.png HTTP/1.1" 200 6156
222.70.208.105 - - [22/Apr/2020:10:44:20 +0800] "GET /xingrg/images/blue/hj.png HTTP/1.1" 200 1014
222.70.208.105 - - [22/Apr/2020:10:44:20 +0800] "GET /xingrg/images/blue/login_bg.png HTTP/1.1" 200 22101
116.233.79.243 - - [22/Apr/2020:10:44:20 +0800] "GET /xingrg/all/function/internal_message.html?_=1587523555203&CODE_STATE=getMsg HTTP/1.1" 200 27
222.70.208.105 - - [22/Apr/2020:10:44:20 +0800] "GET /xingrg/images/blue/srbg.png HTTP/1.1" 200 138
222.70.208.105 - - [22/Apr/2020:10:44:20 +0800] "GET /favicon.ico HTTP/1.1" 404 -
117.184.7.26 - - [22/Apr/2020:10:44:21 +0800] "GET /xingrg/kc/buy/cgsh_order_operate.html?command=get_materiel&rest_code=00108&code=00101007048&supplier_code=00100002&order_time=2020-04-22 HTTP/1.1" 200 408
114.84.33.255 - - [22/Apr/2020:10:44:22 +0800] "GET /xingrg/kc/print/load_data.html?order_code=212020042205404&kc_code=cgsh&condition= HTTP/1.1" 200 1138
114.86.190.97 - - [22/Apr/2020:10:44:22 +0800] "GET /xingrg/all/function/internal_message.html?_=1587523461560&CODE_STATE=getMsg HTTP/1.1" 200 27
114.88.159.93 - - [22/Apr/2020:10:44:22 +0800] "GET /xingrg/kc/buy/cgsh_order_operate.html?command=get_materiel&rest_code=00141&code=00101008091&supplier_code=00100007&order_time=2020-04-22 HTTP/1.1" 200 412
222.70.208.105 - - [22/Apr/2020:10:44:23 +0800] "POST /xingrg/login.do HTTP/1.1" 200 2421
222.70.208.105 - - [22/Apr/2020:10:44:23 +0800] "GET /xingrg/css/blue.css HTTP/1.1" 200 15949
222.70.208.105 - - [22/Apr/2020:10:44:23 +0800] "GET /xingrg/images/blue/pic_top.gif HTTP/1.1" 200 3656
222.70.208.105 - - [22/Apr/2020:10:44:23 +0800] "GET /xingrg/images/blue/pic_notice.jpg HTTP/1.1" 200 3583
222.70.208.105 - - [22/Apr/2020:10:44:23 +0800] "GET /xingrg/javascript/myfunction.js HTTP/1.1" 200 24559
222.70.208.105 - - [22/Apr/2020:10:44:23 +0800] "GET /xingrg/images/blue/error_mid.gif HTTP/1.1" 200 215
222.70.208.105 - - [22/Apr/2020:10:44:23 +0800] "GET /xingrg/images/blue/error_top.gif HTTP/1.1" 200 1790
222.70.208.105 - - [22/Apr/2020:10:44:23 +0800] "GET /xingrg/images/blue/error_buttom.gif HTTP/1.1" 200 1750
222.70.208.105 - - [22/Apr/2020:10:44:23 +0800] "GET /favicon.ico HTTP/1.1" 404 -
222.70.208.105 - - [22/Apr/2020:10:44:24 +0800] "GET /xingrg/login.html HTTP/1.1" 200 7641
222.70.208.105 - - [22/Apr/2020:10:44:24 +0800] "GET /favicon.ico HTTP/1.1" 404 -
117.184.7.26 - - [22/Apr/2020:10:44:26 +0800] "POST /xingrg/kc/buy/cgsh_order_operate.html HTTP/1.1" 200 37
117.184.7.26 - - [22/Apr/2020:10:44:27 +0800] "POST /xingrg/kc/buy/cgsh_order_operate.html HTTP/1.1" 200 3240
222.70.208.105 - - [22/Apr/2020:10:44:28 +0800] "POST /xingrg/login.do HTTP/1.1" 302 -
222.70.208.105 - - [22/Apr/2020:10:44:28 +0800] "GET /xingrg/index.html?sysBaseUrl=http%3A%2F%2F180.169.147.146%3A18081%2Fxingrg%2F&costTime=37×tamp=1587523468739 HTTP/1.1" 200 17413
222.70.208.105 - - [22/Apr/2020:10:44:28 +0800] "GET /xingrg/javascript/jquery_easy_ui/themes/icon.css HTTP/1.1" 200 3949
222.70.208.105 - - [22/Apr/2020:10:44:28 +0800] "GET /xingrg/css/form.css HTTP/1.1" 200 893
222.70.208.105 - - [22/Apr/2020:10:44:28 +0800] "GET /xingrg/javascript/jquery_easy_ui/jquery.easyui.min.js HTTP/1.1" 200 213662
222.70.208.105 - - [22/Apr/2020:10:44:28 +0800] "GET /xingrg/javascript/jquery-1.4.2.min.js HTTP/1.1" 200 72205
222.70.208.105 - - [22/Apr/2020:10:44:28 +0800] "GET /xingrg/javascript/jquery_easy_ui/easyui-lang-zh_CN.js HTTP/1.1" 200 1900
222.70.208.105 - - [22/Apr/2020:10:44:28 +0800] "GET /xingrg/javascript/jquery.timers.js HTTP/1.1" 200 3532
222.70.208.105 - - [22/Apr/2020:10:44:28 +0800] "GET /xingrg/javascript/jquery_easy_ui/themes/default/easyui.css HTTP/1.1" 200 26500
222.70.208.105 - - [22/Apr/2020:10:44:28 +0800] "GET /xingrg/javascript/jquery.utils.js HTTP/1.1" 200 11805
222.70.208.105 - - [22/Apr/2020:10:44:28 +0800] "GET /xingrg/javascript/jquery.form.js HTTP/1.1" 200 23110
222.70.208.105 - - [22/Apr/2020:10:44:28 +0800] "POST /xingrg/all/common/load_tree.html?tree=area_rest_tree_json&manage=1 HTTP/1.1" 200 342
222.70.208.105 - - [22/Apr/2020:10:44:29 +0800] "GET /xingrg/all/function/internal_message.html?_=1587523461397&CODE_STATE=count HTTP/1.1" 200 11
222.70.208.105 - - [22/Apr/2020:10:44:29 +0800] "GET /xingrg/check_reg.html?_=1587523461399 HTTP/1.1" 200 22
222.70.208.105 - - [22/Apr/2020:10:44:29 +0800] "GET /xingrg/javascript/jquery_easy_ui/themes/icons/settle_new.png HTTP/1.1" 200 826
222.70.208.105 - - [22/Apr/2020:10:44:29 +0800] "GET /xingrg/images/blue/pingpu.png HTTP/1.1" 200 231
222.70.208.105 - - [22/Apr/2020:10:44:29 +0800] "GET /xingrg/javascript/jquery_easy_ui/themes/default/images/tabs_leftarrow.png HTTP/1.1" 200 389
222.70.208.105 - - [22/Apr/2020:10:44:29 +0800] "GET /xingrg/javascript/jquery_easy_ui/themes/default/images/panel_tool_collapse.gif HTTP/1.1" 200 246
222.70.208.105 - - [22/Apr/2020:10:44:29 +0800] "GET /xingrg/images/blue/navBackgound.jpg HTTP/1.1" 200 12378
222.70.208.105 - - [22/Apr/2020:10:44:29 +0800] "GET /xingrg/javascript/jquery_easy_ui/themes/default/images/panel_tool_expand.gif HTTP/1.1" 200 247
222.70.208.105 - - [22/Apr/2020:10:44:29 +0800] "GET /xingrg/javascript/jquery_easy_ui/themes/default/images/tabs_rightarrow.png HTTP/1.1" 200 395
222.70.208.105 - - [22/Apr/2020:10:44:29 +0800] "GET /favicon.ico HTTP/1.1" 404 -
222.70.208.105 - - [22/Apr/2020:10:44:29 +0800] "GET /xingrg/javascript/jquery_easy_ui/themes/default/images/tree_arrows.gif HTTP/1.1" 200 1043
222.70.208.105 - - [22/Apr/2020:10:44:29 +0800] "GET /xingrg/javascript/jquery_easy_ui/themes/icons/area.png HTTP/1.1" 200 262
222.70.208.105 - - [22/Apr/2020:10:44:29 +0800] "GET /xingrg/javascript/jquery_easy_ui/themes/default/images/tree_folder_open.gif HTTP/1.1" 200 956
222.70.208.105 - - [22/Apr/2020:10:44:29 +0800] "POST /xingrg/load_menu.html HTTP/1.1" 200 9959
222.70.208.105 - - [22/Apr/2020:10:44:29 +0800] "GET /xingrg/javascript/jquery_easy_ui/themes/icons/rest.png HTTP/1.1" 200 695
222.70.208.105 - - [22/Apr/2020:10:44:29 +0800] "GET /xingrg/javascript/jquery_easy_ui/themes/default/images/tree_folder.gif HTTP/1.1" 200 952
222.70.208.105 - - [22/Apr/2020:10:44:29 +0800] "GET /xingrg/javascript/jquery_easy_ui/themes/icons/search_new.png HTTP/1.1" 200 586
222.70.208.105 - - [22/Apr/2020:10:44:29 +0800] "GET /xingrg/javascript/jquery_easy_ui/themes/icons/checkout_new.png HTTP/1.1" 200 744
222.70.208.105 - - [22/Apr/2020:10:44:29 +0800] "GET /xingrg/javascript/jquery_easy_ui/themes/icons/storage_new.png HTTP/1.1" 200 853
222.70.208.105 - - [22/Apr/2020:10:44:29 +0800] "GET /xingrg/javascript/jquery_easy_ui/themes/icons/forms_new.png HTTP/1.1" 200 350
222.70.208.105 - - [22/Apr/2020:10:44:29 +0800] "GET /xingrg/javascript/jquery_easy_ui/themes/icons/setting_new.png HTTP/1.1" 200 450
222.70.208.105 - - [22/Apr/2020:10:44:29 +0800] "GET /xingrg/javascript/jquery_easy_ui/themes/icons/systemset_new.png HTTP/1.1" 200 606
222.70.208.105 - - [22/Apr/2020:10:44:29 +0800] "GET /xingrg/javascript/jquery_easy_ui/themes/default/images/tree_file.gif HTTP/1.1" 200 118
222.69.134.247 - - [22/Apr/2020:10:44:29 +0800] "GET /xingrg/all/function/internal_message.html?_=1587523465055&CODE_STATE=getMsg HTTP/1.1" 200 27
222.70.208.105 - - [22/Apr/2020:10:44:29 +0800] "GET /xingrg/javascript/jquery_easy_ui/themes/default/images/tabs_active.png HTTP/1.1" 200 2894
222.70.208.105 - - [22/Apr/2020:10:44:31 +0800] "POST /xingrg/load_menu.html HTTP/1.1" 200 10168
222.70.208.105 - - [22/Apr/2020:10:44:33 +0800] "GET /xingrg/all/report/report_query.html?fileName=dma/new_5.0/yingye/order_list.xml HTTP/1.1" 200 55281
222.70.208.105 - - [22/Apr/2020:10:44:33 +0800] "GET /xingrg/javascript/jquery_easy_ui/themes/default/images/tabs_close.gif HTTP/1.1" 200 829
222.70.208.105 - - [22/Apr/2020:10:44:33 +0800] "GET /xingrg/javascript/multi_select/jqueryMultiSelect.css HTTP/1.1" 200 951
222.70.208.105 - - [22/Apr/2020:10:44:33 +0800] "GET /xingrg/javascript/calendar/timePicker.css HTTP/1.1" 200 523
222.70.208.105 - - [22/Apr/2020:10:44:33 +0800] "GET /xingrg/javascript/bigrid/fix.css HTTP/1.1" 200 1702
222.70.208.105 - - [22/Apr/2020:10:44:33 +0800] "GET /xingrg/javascript/pic_change.js HTTP/1.1" 200 4739
222.70.208.105 - - [22/Apr/2020:10:44:33 +0800] "GET /xingrg/dwr/interface/AjaxReportQueryService.js HTTP/1.1" 200 13203
222.70.208.105 - - [22/Apr/2020:10:44:33 +0800] "GET /xingrg/dwr/util.js HTTP/1.1" 200 35990
222.70.208.105 - - [22/Apr/2020:10:44:33 +0800] "GET /xingrg/javascript/calendar/jquery.timePicker.min.js HTTP/1.1" 200 2997
222.70.208.105 - - [22/Apr/2020:10:44:33 +0800] "GET /xingrg/dwr/engine.js HTTP/1.1" 200 43631
222.70.208.105 - - [22/Apr/2020:10:44:33 +0800] "GET /xingrg/javascript/bigrid/fix.js HTTP/1.1" 200 6439
222.70.208.105 - - [22/Apr/2020:10:44:33 +0800] "GET /xingrg/javascript/jqueryMultiSelect.js HTTP/1.1" 200 11866
222.70.208.105 - - [22/Apr/2020:10:44:33 +0800] "GET /xingrg/images/blue/button/advanceover.gif HTTP/1.1" 200 1347
222.70.208.105 - - [22/Apr/2020:10:44:33 +0800] "GET /xingrg/images/control/loading.gif HTTP/1.1" 200 13463
222.70.208.105 - - [22/Apr/2020:10:44:33 +0800] "GET /xingrg/javascript/Calendar.js HTTP/1.1" 200 31561
222.70.208.105 - - [22/Apr/2020:10:44:33 +0800] "GET /xingrg/images/blue/button/advance2over.gif HTTP/1.1" 200 1336
222.70.208.105 - - [22/Apr/2020:10:44:33 +0800] "GET /xingrg/images/blue/button/back2over.gif HTTP/1.1" 200 1335
222.70.208.105 - - [22/Apr/2020:10:44:33 +0800] "GET /xingrg/images/blue/button/backover.gif HTTP/1.1" 200 1348
222.70.208.105 - - [22/Apr/2020:10:44:33 +0800] "GET /xingrg/javascript/jquery_easy_ui/themes/icons/help.png HTTP/1.1" 200 1187
222.70.208.105 - - [22/Apr/2020:10:44:33 +0800] "GET /xingrg/javascript/jquery_easy_ui/themes/default/images/menu_downarrow.png HTTP/1.1" 200 173
222.70.208.105 - - [22/Apr/2020:10:44:33 +0800] "GET /xingrg/javascript/jquery_easy_ui/themes/default/images/menu.gif HTTP/1.1" 200 834
222.70.208.105 - - [22/Apr/2020:10:44:33 +0800] "GET /xingrg/javascript/jquery_easy_ui/themes/icons/print.png HTTP/1.1" 200 1057
222.70.208.105 - - [22/Apr/2020:10:44:33 +0800] "GET /xingrg/javascript/jquery_easy_ui/themes/icons/pencil.png HTTP/1.1" 200 713
222.70.208.105 - - [22/Apr/2020:10:44:33 +0800] "GET /xingrg/javascript/jquery_easy_ui/themes/default/images/menu_rightarrow.png HTTP/1.1" 200 3617
222.70.208.105 - - [22/Apr/2020:10:44:33 +0800] "POST /xingrg/dwr/call/plaincall/AjaxReportQueryService.getFixDate.dwr HTTP/1.1" 200 111
222.70.208.105 - - [22/Apr/2020:10:44:33 +0800] "GET /xingrg/javascript/jquery_easy_ui/themes/default/images/combo_arrow_dot.gif HTTP/1.1" 200 79
222.70.208.105 - - [22/Apr/2020:10:44:33 +0800] "POST /xingrg/all/common/load_tree.html?tree=area_station_tree_json&manage=1 HTTP/1.1" 200 338
222.70.208.105 - - [22/Apr/2020:10:44:33 +0800] "GET /xingrg/javascript/jquery_easy_ui/themes/default/images/tree_checkbox_0.gif HTTP/1.1" 200 168
222.70.208.105 - - [22/Apr/2020:10:44:33 +0800] "POST /xingrg/dwr/call/plaincall/AjaxReportQueryService.getInitString.dwr HTTP/1.1" 200 76
222.70.208.105 - - [22/Apr/2020:10:44:33 +0800] "GET /xingrg/javascript/multi_select/dropdown.gif HTTP/1.1" 200 61
114.88.159.93 - - [22/Apr/2020:10:44:34 +0800] "GET /xingrg/kc/buy/cgsh_order_operate.html?command=get_materiel&rest_code=00141&code=00101008257&supplier_code=00100007&order_time=2020-04-22 HTTP/1.1" 200 418
222.70.208.105 - - [22/Apr/2020:10:44:36 +0800] "GET /xingrg/javascript/jquery_easy_ui/themes/default/images/tree_checkbox_1.gif HTTP/1.1" 200 174
222.70.208.105 - - [22/Apr/2020:10:44:36 +0800] "POST /xingrg/dwr/call/plaincall/AjaxReportQueryService.queryInitializeString.dwr HTTP/1.1" 200 76
222.70.208.105 - - [22/Apr/2020:10:44:37 +0800] "GET /xingrg/javascript/multi_select/dropdown_hover.gif HTTP/1.1" 200 61
117.184.7.26 - - [22/Apr/2020:10:44:38 +0800] "GET /xingrg/kc/print/load_data.html?order_code=212020042205405&kc_code=cgsh&condition= HTTP/1.1" 200 947
114.84.33.255 - - [22/Apr/2020:10:44:39 +0800] "GET /xingrg/all/function/internal_message.html?_=1587523489045&CODE_STATE=getMsg HTTP/1.1" 200 27
222.70.183.62 - - [22/Apr/2020:10:44:39 +0800] "GET /xingrg/all/function/internal_message.html?_=1587523482678&CODE_STATE=getMsg HTTP/1.1" 200 27
222.70.183.62 - - [22/Apr/2020:10:44:39 +0800] "GET /xingrg/check_reg.html?_=1587523482681 HTTP/1.1" 200 22
222.70.208.105 - - [22/Apr/2020:10:44:40 +0800] "POST /xingrg/dwr/call/plaincall/AjaxReportQueryService.getFixDate.dwr HTTP/1.1" 200 111
116.233.79.27 - - [22/Apr/2020:10:44:40 +0800] "GET /xingrg/all/function/internal_message.html?_=1587523375842&CODE_STATE=getMsg HTTP/1.1" 200 27
114.88.159.93 - - [22/Apr/2020:10:44:41 +0800] "GET /xingrg/kc/buy/cgsh_order_operate.html?command=get_materiel&rest_code=00141&code=00101008185&supplier_code=00100007&order_time=2020-04-22 HTTP/1.1" 200 408
222.70.208.105 - - [22/Apr/2020:10:44:42 +0800] "POST /xingrg/dwr/call/plaincall/AjaxReportQueryService.refreshCache.dwr HTTP/1.1" 200 78
222.70.208.105 - - [22/Apr/2020:10:44:42 +0800] "POST /xingrg/all/report/load_report_page.html HTTP/1.1" 200 145418
222.70.208.105 - - [22/Apr/2020:10:44:42 +0800] "GET /xingrg/images/blue/button/back2.gif HTTP/1.1" 200 1339
222.70.208.105 - - [22/Apr/2020:10:44:42 +0800] "GET /xingrg/images/blue/button/back.gif HTTP/1.1" 200 1352
222.70.208.105 - - [22/Apr/2020:10:44:42 +0800] "GET /xingrg/servlets/image?cache=0.7105009874959826&image=px HTTP/1.1" 200 807
172.17.0.101 - - [22/Apr/2020:10:44:42 +0800] "GET /xingrg/all/function/internal_message.html?_=1587523481189&CODE_STATE=getMsg HTTP/1.1" 200 27
117.185.32.26 - - [22/Apr/2020:10:44:45 +0800] "GET /xingrg/check_reg.html?_=1587523481449 HTTP/1.1" 200 22
117.185.32.26 - - [22/Apr/2020:10:44:45 +0800] "GET /xingrg/all/function/internal_message.html?_=1587523481451&CODE_STATE=getMsg HTTP/1.1" 200 27
117.131.5.26 - - [22/Apr/2020:10:44:45 +0800] "GET /xingrg/all/function/internal_message.html?_=1587523491335&CODE_STATE=getMsg HTTP/1.1" 200 27
114.88.159.93 - - [22/Apr/2020:10:44:49 +0800] "GET /xingrg/kc/buy/cgsh_order_operate.html?command=get_materiel&rest_code=00141&code=00101008288&supplier_code=00100007&order_time=2020-04-22 HTTP/1.1" 200 408
222.70.208.105 - - [22/Apr/2020:10:44:51 +0800] "POST /xingrg/all/report/load_report_page.html HTTP/1.1" 200 128421
222.70.208.105 - - [22/Apr/2020:10:44:51 +0800] "GET /xingrg/images/blue/button/advance.gif HTTP/1.1" 200 1354
222.70.208.105 - - [22/Apr/2020:10:44:51 +0800] "GET /xingrg/images/blue/button/advance2.gif HTTP/1.1" 200 1338
222.70.208.105 - - [22/Apr/2020:10:44:51 +0800] "GET /xingrg/servlets/image?cache=0.25079889930211985&image=px HTTP/1.1" 200 807
180.156.150.85 - - [22/Apr/2020:10:44:53 +0800] "GET /xingrg/all/function/internal_message.html?_=1587523493245&CODE_STATE=getMsg HTTP/1.1" 200 27
58.40.7.146 - - [22/Apr/2020:10:44:53 +0800] "GET /xingrg/all/function/internal_message.html?_=1587523491077&CODE_STATE=getMsg HTTP/1.1" 200 27
58.40.7.146 - - [22/Apr/2020:10:44:53 +0800] "GET /xingrg/check_reg.html?_=1587523491079 HTTP/1.1" 200 22
180.162.232.172 - - [22/Apr/2020:10:44:53 +0800] "GET /xingrg/all/function/internal_message.html?_=1587523491880&CODE_STATE=getMsg HTTP/1.1" 200 27
172.17.0.119 - - [22/Apr/2020:10:44:55 +0800] "GET /xingrg/all/function/internal_message.html?_=1587523493834&CODE_STATE=getMsg HTTP/1.1" 200 27
222.70.208.105 - - [22/Apr/2020:10:44:59 +0800] "POST /xingrg/all/report/load_report_page.html HTTP/1.1" 200 145418
222.70.208.105 - - [22/Apr/2020:10:44:59 +0800] "GET /xingrg/servlets/image?cache=0.7318657404479291&image=px HTTP/1.1" 200 807
117.184.7.26 - - [22/Apr/2020:10:45:00 +0800] "GET /xingrg/kc/buy/cgsh_order_add.html HTTP/1.1" 200 58089
117.184.7.26 - - [22/Apr/2020:10:45:00 +0800] "POST /xingrg/kc/buy/cgsh_order_operate.html HTTP/1.1" 200 8245
117.184.7.30 - - [22/Apr/2020:10:45:00 +0800] "GET /xingrg/javascript/easyui/themes/default/validatebox.css HTTP/1.1" 404 1104
222.70.183.62 - - [22/Apr/2020:10:45:01 +0800] "GET /xingrg/all/function/internal_message.html?_=1587523828598&CODE_STATE=getMsg HTTP/1.1" 200 27
222.70.183.62 - - [22/Apr/2020:10:45:02 +0800] "GET /xingrg/check_reg.html?_=1587523828604 HTTP/1.1" 200 22
172.17.0.103 - - [22/Apr/2020:10:45:02 +0800] "GET /xingrg/check_reg.html?_=1587523501804 HTTP/1.1" 200 22
172.17.0.103 - - [22/Apr/2020:10:45:02 +0800] "GET /xingrg/all/function/internal_message.html?_=1587523501807&CODE_STATE=getMsg HTTP/1.1" 200 27
114.86.190.97 - - [22/Apr/2020:10:45:02 +0800] "GET /xingrg/all/function/internal_message.html?_=1587523498482&CODE_STATE=getMsg HTTP/1.1" 200 27
114.84.32.201 - - [22/Apr/2020:10:45:04 +0800] "GET /xingrg/check_reg.html?_=1587523503669 HTTP/1.1" 200 22
114.88.159.93 - - [22/Apr/2020:10:45:05 +0800] "GET /xingrg/kc/buy/cgsh_order_operate.html?command=get_materiel&rest_code=00141&code=00101008144&supplier_code=00100007&order_time=2020-04-22 HTTP/1.1" 200 412
58.39.71.246 - - [22/Apr/2020:10:45:06 +0800] "GET /xingrg/all/function/internal_message.html?_=1587523694233&CODE_STATE=getMsg HTTP/1.1" 200 27
117.184.7.26 - - [22/Apr/2020:10:45:07 +0800] "GET /xingrg/all/function/internal_message.html?_=1587523499982&CODE_STATE=getMsg HTTP/1.1" 200 27
117.131.5.26 - - [22/Apr/2020:10:45:11 +0800] "GET /xingrg/all/function/internal_message.html?_=1587523770824&CODE_STATE=getMsg HTTP/1.1" 200 27
114.88.159.93 - - [22/Apr/2020:10:45:14 +0800] "GET /xingrg/kc/buy/cgsh_order_operate.html?command=get_materiel&rest_code=00141&code=00101008356&supplier_code=00100007&order_time=2020-04-22 HTTP/1.1" 200 408
116.233.79.243 - - [22/Apr/2020:10:45:17 +0800] "GET /xingrg/all/function/internal_message.html?_=1587523614504&CODE_STATE=getMsg HTTP/1.1" 200 27
120.253.135.82 - - [22/Apr/2020:10:45:19 +0800] "GET /xingrg/check_reg.html?_=1587523653312 HTTP/1.1" 200 22
120.253.135.82 - - [22/Apr/2020:10:45:20 +0800] "GET /xingrg/all/function/internal_message.html?_=1587523653996&CODE_STATE=getMsg HTTP/1.1" 200 27
114.88.159.93 - - [22/Apr/2020:10:45:20 +0800] "GET /xingrg/kc/buy/cgsh_order_operate.html?command=get_materiel&rest_code=00141&code=00101008137&supplier_code=00100007&order_time=2020-04-22 HTTP/1.1" 200 408
114.86.190.97 - - [22/Apr/2020:10:45:22 +0800] "GET /xingrg/all/function/internal_message.html?_=1587523521530&CODE_STATE=getMsg HTTP/1.1" 200 27
117.184.7.26 - - [22/Apr/2020:10:45:23 +0800] "GET /xingrg/kc/buy/cgsh_order_operate.html?command=get_materiel&rest_code=00108&code=00101001075&supplier_code=00100044&order_time=2020-04-22 HTTP/1.1" 200 409
114.88.159.93 - - [22/Apr/2020:10:45:25 +0800] "GET /xingrg/kc/buy/cgsh_order_operate.html?command=get_materiel&rest_code=00141&code=00101008360&supplier_code=00100007&order_time=2020-04-22 HTTP/1.1" 200 413
222.70.208.105 - - [22/Apr/2020:10:45:29 +0800] "GET /xingrg/all/function/internal_message.html?_=1587523521417&CODE_STATE=getMsg HTTP/1.1" 200 27
222.69.134.247 - - [22/Apr/2020:10:45:29 +0800] "GET /xingrg/all/function/internal_message.html?_=1587523525046&CODE_STATE=getMsg HTTP/1.1" 200 27
117.184.7.26 - - [22/Apr/2020:10:45:30 +0800] "POST /xingrg/kc/buy/cgsh_order_operate.html HTTP/1.1" 200 37
117.184.7.26 - - [22/Apr/2020:10:45:31 +0800] "POST /xingrg/kc/buy/cgsh_order_operate.html HTTP/1.1" 200 2652
114.88.159.93 - - [22/Apr/2020:10:45:32 +0800] "GET /xingrg/kc/buy/cgsh_order_operate.html?command=get_materiel&rest_code=00141&code=00101008357&supplier_code=00100007&order_time=2020-04-22 HTTP/1.1" 200 408
117.184.7.26 - - [22/Apr/2020:10:45:32 +0800] "GET /xingrg/kc/print/load_data.html?order_code=212020042205406&kc_code=cgsh&condition= HTTP/1.1" 200 687
114.84.33.255 - - [22/Apr/2020:10:45:39 +0800] "GET /xingrg/all/function/internal_message.html?_=1587523549129&CODE_STATE=getMsg HTTP/1.1" 200 27
222.70.183.62 - - [22/Apr/2020:10:45:39 +0800] "GET /xingrg/all/function/internal_message.html?_=1587523542681&CODE_STATE=getMsg HTTP/1.1" 200 27
116.233.79.27 - - [22/Apr/2020:10:45:40 +0800] "GET /xingrg/check_reg.html?_=1587523435843 HTTP/1.1" 200 22
116.233.79.27 - - [22/Apr/2020:10:45:40 +0800] "GET /xingrg/all/function/internal_message.html?_=1587523435845&CODE_STATE=getMsg HTTP/1.1" 200 27
172.17.0.101 - - [22/Apr/2020:10:45:42 +0800] "GET /xingrg/all/function/internal_message.html?_=1587523541164&CODE_STATE=getMsg HTTP/1.1" 200 27
117.185.32.26 - - [22/Apr/2020:10:45:45 +0800] "GET /xingrg/all/function/internal_message.html?_=1587523541451&CODE_STATE=getMsg HTTP/1.1" 200 27
117.131.5.26 - - [22/Apr/2020:10:45:45 +0800] "GET /xingrg/all/function/internal_message.html?_=1587523551335&CODE_STATE=getMsg HTTP/1.1" 200 27
180.156.150.85 - - [22/Apr/2020:10:45:50 +0800] "POST /xingrg/kc/buy/cgsh_order_operate.html HTTP/1.1" 200 37
180.156.150.85 - - [22/Apr/2020:10:45:50 +0800] "POST /xingrg/kc/buy/cgsh_order_operate.html HTTP/1.1" 200 39883
180.156.150.85 - - [22/Apr/2020:10:45:52 +0800] "GET /xingrg/kc/print/load_data.html?order_code=212020042205407&kc_code=cgsh&condition= HTTP/1.1" 200 14690
58.40.7.146 - - [22/Apr/2020:10:45:53 +0800] "GET /xingrg/all/function/internal_message.html?_=1587523551081&CODE_STATE=getMsg HTTP/1.1" 200 27
180.162.232.172 - - [22/Apr/2020:10:45:53 +0800] "GET /xingrg/check_reg.html?_=1587523551881 HTTP/1.1" 200 22
180.162.232.172 - - [22/Apr/2020:10:45:53 +0800] "GET /xingrg/all/function/internal_message.html?_=1587523551884&CODE_STATE=getMsg HTTP/1.1" 200 27
180.156.150.85 - - [22/Apr/2020:10:45:53 +0800] "GET /xingrg/all/function/internal_message.html?_=1587523554165&CODE_STATE=getMsg HTTP/1.1" 200 27
172.17.0.119 - - [22/Apr/2020:10:45:55 +0800] "GET /xingrg/all/function/internal_message.html?_=1587523553836&CODE_STATE=getMsg HTTP/1.1" 200 27
117.184.7.26 - - [22/Apr/2020:10:45:57 +0800] "GET /xingrg/kc/buy/cgsh_order_add.html HTTP/1.1" 200 58089
117.184.7.26 - - [22/Apr/2020:10:45:57 +0800] "POST /xingrg/kc/buy/cgsh_order_operate.html HTTP/1.1" 200 8245
117.184.7.30 - - [22/Apr/2020:10:45:57 +0800] "GET /xingrg/javascript/easyui/themes/default/validatebox.css HTTP/1.1" 404 1104
114.88.159.93 - - [22/Apr/2020:10:45:59 +0800] "GET /xingrg/kc/buy/cgsh_order_operate.html?command=get_materiel&rest_code=00141&code=00101008036&supplier_code=00100007&order_time=2020-04-22 HTTP/1.1" 200 408
117.184.7.26 - - [22/Apr/2020:10:45:59 +0800] "GET /xingrg/check_reg.html?_=1587523552251 HTTP/1.1" 200 22
222.70.183.62 - - [22/Apr/2020:10:46:01 +0800] "GET /xingrg/all/function/internal_message.html?_=1587523888604&CODE_STATE=getMsg HTTP/1.1" 200 27
172.17.0.103 - - [22/Apr/2020:10:46:02 +0800] "GET /xingrg/all/function/internal_message.html?_=1587523561808&CODE_STATE=getMsg HTTP/1.1" 200 27
114.86.190.97 - - [22/Apr/2020:10:46:02 +0800] "GET /xingrg/all/function/internal_message.html?_=1587523558482&CODE_STATE=getMsg HTTP/1.1" 200 27
114.88.159.93 - - [22/Apr/2020:10:46:04 +0800] "GET /xingrg/kc/buy/cgsh_order_operate.html?command=get_materiel&rest_code=00141&code=00101008131&supplier_code=00100007&order_time=2020-04-22 HTTP/1.1" 200 428
117.184.7.26 - - [22/Apr/2020:10:46:07 +0800] "GET /xingrg/kc/buy/cgsh_order_operate.html?command=get_materiel&rest_code=00108&code=00101006184&supplier_code=00100010&order_time=2020-04-22 HTTP/1.1" 200 408
58.39.71.246 - - [22/Apr/2020:10:46:07 +0800] "GET /xingrg/all/function/internal_message.html?_=1587523754785&CODE_STATE=getMsg HTTP/1.1" 200 27
117.184.7.26 - - [22/Apr/2020:10:46:07 +0800] "GET /xingrg/all/function/internal_message.html?_=1587523559956&CODE_STATE=getMsg HTTP/1.1" 200 27
61.129.6.203 - - [22/Apr/2020:10:46:10 +0800] "GET /xingrg/kc/buy/cgsh_order_operate.html?command=get_materiel&rest_code=00141&code=00101008350&supplier_code=00100007&order_time=2020-04-22 HTTP/1.1" 302 -
114.88.159.93 - - [22/Apr/2020:10:46:10 +0800] "GET /xingrg/kc/buy/cgsh_order_operate.html?command=get_materiel&rest_code=00141&code=00101008318&supplier_code=00100007&order_time=2020-04-22 HTTP/1.1" 200 408
117.131.5.26 - - [22/Apr/2020:10:46:11 +0800] "GET /xingrg/all/function/internal_message.html?_=1587523830856&CODE_STATE=getMsg HTTP/1.1" 200 27
101.89.29.94 - - [22/Apr/2020:10:46:12 +0800] "GET /xingrg/kc/buy/cgsh_order_operate.html?command=get_materiel&rest_code=00141&code=00101008304&supplier_code=00100007&order_time=2020-04-22 HTTP/1.1" 302 -
61.129.6.203 - - [22/Apr/2020:10:46:13 +0800] "GET /xingrg/login.html HTTP/1.1" 200 7641
116.233.79.243 - - [22/Apr/2020:10:46:14 +0800] "GET /xingrg/all/function/internal_message.html?_=1587523674500&CODE_STATE=getMsg HTTP/1.1" 200 27
101.89.29.94 - - [22/Apr/2020:10:46:19 +0800] "GET /xingrg/login.html HTTP/1.1" 200 7641
120.253.135.82 - - [22/Apr/2020:10:46:20 +0800] "GET /xingrg/all/function/internal_message.html?_=1587523714011&CODE_STATE=getMsg HTTP/1.1" 200 27
61.129.6.151 - - [22/Apr/2020:10:46:20 +0800] "GET /xingrg/kc/buy/cgsh_order_operate.html?command=get_materiel&rest_code=00141&code=00101008418&supplier_code=00100007&order_time=2020-04-22 HTTP/1.1" 302 -
114.86.190.97 - - [22/Apr/2020:10:46:22 +0800] "GET /xingrg/all/function/internal_message.html?_=1587523581510&CODE_STATE=getMsg HTTP/1.1" 200 27
117.184.7.26 - - [22/Apr/2020:10:46:22 +0800] "POST /xingrg/kc/buy/cgsh_order_operate.html HTTP/1.1" 200 37
117.184.7.26 - - [22/Apr/2020:10:46:23 +0800] "POST /xingrg/kc/buy/cgsh_order_operate.html HTTP/1.1" 200 2651
114.88.159.93 - - [22/Apr/2020:10:46:23 +0800] "GET /xingrg/kc/buy/cgsh_order_operate.html?command=get_materiel&rest_code=00141&code=00101008098&supplier_code=00100007&order_time=2020-04-22 HTTP/1.1" 200 412
61.129.6.151 - - [22/Apr/2020:10:46:25 +0800] "GET /xingrg/login.html HTTP/1.1" 200 7641
117.184.7.26 - - [22/Apr/2020:10:46:27 +0800] "GET /xingrg/kc/buy/cgsh_order_operate.html?command=get_materiel&rest_code=00108&code=00101008131&supplier_code=00100010&order_time=2020-04-22 HTTP/1.1" 200 428
222.70.208.105 - - [22/Apr/2020:10:46:29 +0800] "GET /xingrg/all/function/internal_message.html?_=1587523581405&CODE_STATE=getMsg HTTP/1.1" 200 27
222.69.134.247 - - [22/Apr/2020:10:46:29 +0800] "GET /xingrg/all/function/internal_message.html?_=1587523585058&CODE_STATE=getMsg HTTP/1.1" 200 27
114.88.159.93 - - [22/Apr/2020:10:46:31 +0800] "GET /xingrg/kc/buy/cgsh_order_operate.html?command=get_materiel&rest_code=00141&code=00101008271&supplier_code=00100007&order_time=2020-04-22 HTTP/1.1" 200 410
117.184.7.26 - - [22/Apr/2020:10:46:37 +0800] "GET /xingrg/kc/buy/cgsh_order_operate.html?command=get_materiel&rest_code=00108&code=00101006055&supplier_code=00100010&order_time=2020-04-22 HTTP/1.1" 200 409
114.86.190.97 - - [22/Apr/2020:10:46:38 +0800] "GET /xingrg/kc/print/load_data.html?order_code=212020042205398&kc_code=cgsh&condition= HTTP/1.1" 200 969
114.88.159.93 - - [22/Apr/2020:10:46:38 +0800] "POST /xingrg/kc/buy/cgsh_order_operate.html HTTP/1.1" 200 2065
114.84.33.255 - - [22/Apr/2020:10:46:39 +0800] "GET /xingrg/all/function/internal_message.html?_=1587523609142&CODE_STATE=getMsg HTTP/1.1" 200 27
222.70.183.62 - - [22/Apr/2020:10:46:39 +0800] "GET /xingrg/all/function/internal_message.html?_=1587523602681&CODE_STATE=getMsg HTTP/1.1" 200 27
116.233.79.27 - - [22/Apr/2020:10:46:40 +0800] "GET /xingrg/all/function/internal_message.html?_=1587523495843&CODE_STATE=getMsg HTTP/1.1" 200 27
172.17.0.101 - - [22/Apr/2020:10:46:42 +0800] "GET /xingrg/all/function/internal_message.html?_=1587523601167&CODE_STATE=getMsg HTTP/1.1" 200 27
114.88.159.93 - - [22/Apr/2020:10:46:42 +0800] "GET /xingrg/kc/buy/cgsh_order_operate.html?command=get_materiel&rest_code=00141&code=00101008114&supplier_code=00100007&order_time=2020-04-22 HTTP/1.1" 200 412
117.185.32.26 - - [22/Apr/2020:10:46:45 +0800] "GET /xingrg/all/function/internal_message.html?_=1587523601451&CODE_STATE=getMsg HTTP/1.1" 200 27
114.86.190.97 - - [22/Apr/2020:10:46:45 +0800] "GET /xingrg/kc/buy/cgsh_order_add.html HTTP/1.1" 200 58136
117.131.5.26 - - [22/Apr/2020:10:46:45 +0800] "GET /xingrg/all/function/internal_message.html?_=1587523611335&CODE_STATE=getMsg HTTP/1.1" 200 27
117.184.7.26 - - [22/Apr/2020:10:46:45 +0800] "GET /xingrg/kc/buy/cgsh_order_operate.html?command=get_materiel&rest_code=00108&code=00101006144&supplier_code=00100010&order_time=2020-04-22 HTTP/1.1" 200 409
114.86.190.97 - - [22/Apr/2020:10:46:46 +0800] "POST /xingrg/kc/buy/cgsh_order_operate.html HTTP/1.1" 200 8245
114.86.190.97 - - [22/Apr/2020:10:46:46 +0800] "GET /xingrg/javascript/easyui/themes/default/validatebox.css HTTP/1.1" 404 1104
114.86.190.97 - - [22/Apr/2020:10:46:49 +0800] "GET /xingrg/javascript/jquery_tools/images/prev.gif HTTP/1.1" 404 1086
114.86.190.97 - - [22/Apr/2020:10:46:49 +0800] "GET /xingrg/javascript/jquery_tools/images/next.gif HTTP/1.1" 404 1086
114.88.159.93 - - [22/Apr/2020:10:46:51 +0800] "GET /xingrg/kc/buy/cgsh_order_operate.html?command=get_materiel&rest_code=00141&code=00101008298&supplier_code=00100007&order_time=2020-04-22 HTTP/1.1" 200 431
117.131.5.26 - - [22/Apr/2020:10:46:52 +0800] "GET /xingrg/check_reg.html?_=1587523871132 HTTP/1.1" 200 22
58.40.7.146 - - [22/Apr/2020:10:46:53 +0800] "GET /xingrg/all/function/internal_message.html?_=1587523611068&CODE_STATE=getMsg HTTP/1.1" 200 27
180.162.232.172 - - [22/Apr/2020:10:46:53 +0800] "GET /xingrg/all/function/internal_message.html?_=1587523611880&CODE_STATE=getMsg HTTP/1.1" 200 27
180.156.150.85 - - [22/Apr/2020:10:46:53 +0800] "GET /xingrg/all/function/internal_message.html?_=1587523614132&CODE_STATE=getMsg HTTP/1.1" 200 27
114.86.190.97 - - [22/Apr/2020:10:46:54 +0800] "GET /xingrg/kc/buy/cgsh_order_operate.html?command=get_materiel&rest_code=00148&code=00101003006&supplier_code=00100092&order_time=2020-04-22 HTTP/1.1" 200 409
172.17.0.119 - - [22/Apr/2020:10:46:55 +0800] "GET /xingrg/all/function/internal_message.html?_=1587523613838&CODE_STATE=getMsg HTTP/1.1" 200 27
114.88.159.93 - - [22/Apr/2020:10:46:58 +0800] "GET /xingrg/kc/buy/cgsh_order_operate.html?command=get_materiel&rest_code=00141&code=00101001068&supplier_code=00100007&order_time=2020-04-22 HTTP/1.1" 200 412
117.184.7.26 - - [22/Apr/2020:10:47:00 +0800] "GET /xingrg/kc/buy/cgsh_order_operate.html?command=get_materiel&rest_code=00108&code=00101006195&supplier_code=00100010&order_time=2020-04-22 HTTP/1.1" 200 409
222.70.183.62 - - [22/Apr/2020:10:47:01 +0800] "GET /xingrg/all/function/internal_message.html?_=1587523948605&CODE_STATE=getMsg HTTP/1.1" 200 27
172.17.0.103 - - [22/Apr/2020:10:47:02 +0800] "GET /xingrg/all/function/internal_message.html?_=1587523621813&CODE_STATE=getMsg HTTP/1.1" 200 27
114.88.159.93 - - [22/Apr/2020:10:47:02 +0800] "GET /xingrg/kc/buy/cgsh_order_operate.html?command=get_materiel&rest_code=00141&code=00101008101&supplier_code=00100007&order_time=2020-04-22 HTTP/1.1" 200 412
114.86.190.97 - - [22/Apr/2020:10:47:02 +0800] "GET /xingrg/all/function/internal_message.html?_=1587523618481&CODE_STATE=getMsg HTTP/1.1" 200 27
114.86.190.97 - - [22/Apr/2020:10:47:02 +0800] "GET /xingrg/check_reg.html?_=1587523618484 HTTP/1.1" 200 22
114.86.190.97 - - [22/Apr/2020:10:47:04 +0800] "POST /xingrg/kc/buy/cgsh_order_operate.html HTTP/1.1" 200 37
