114.82.213.91 - - [20/Apr/2020:10:46:59 +0800] "GET /xingrg/all/function/internal_message.html?_=1587349897298&CODE_STATE=getMsg HTTP/1.1" 200 27
172.17.0.119 - - [20/Apr/2020:10:47:01 +0800] "GET /xingrg/all/function/internal_message.html?_=1587350821236&CODE_STATE=getMsg HTTP/1.1" 200 27
114.84.33.255 - - [20/Apr/2020:10:47:02 +0800] "GET /xingrg/kc/buy/cgsh_order_add.html HTTP/1.1" 200 58136
114.84.33.255 - - [20/Apr/2020:10:47:02 +0800] "POST /xingrg/kc/buy/cgsh_order_operate.html HTTP/1.1" 200 8245
114.84.33.255 - - [20/Apr/2020:10:47:02 +0800] "GET /xingrg/javascript/easyui/themes/default/validatebox.css HTTP/1.1" 404 1104
180.162.232.172 - - [20/Apr/2020:10:47:03 +0800] "POST /xingrg/kc/buy/cgsh_order_operate.html HTTP/1.1" 200 37
180.162.232.172 - - [20/Apr/2020:10:47:05 +0800] "POST /xingrg/kc/buy/cgsh_order_operate.html HTTP/1.1" 200 12
114.86.190.97 - - [20/Apr/2020:10:47:06 +0800] "GET /xingrg/all/function/internal_message.html?_=1587350825402&CODE_STATE=getMsg HTTP/1.1" 200 27
180.162.232.172 - - [20/Apr/2020:10:47:07 +0800] "GET /xingrg/kc/buy/cgsh_order_info.html?code=212020042004804 HTTP/1.1" 200 52761
180.162.232.172 - - [20/Apr/2020:10:47:07 +0800] "GET /xingrg/javascript/easyui/themes/default/validatebox.css HTTP/1.1" 404 1104
180.162.232.172 - - [20/Apr/2020:10:47:07 +0800] "POST /xingrg/kc/buy/cgsh_order_operate.html HTTP/1.1" 200 608
180.156.150.85 - - [20/Apr/2020:10:47:08 +0800] "GET /xingrg/kc/buy/cgsh_order_operate.html?command=get_materiel&rest_code=00105&code=00101001023&supplier_code=00100312&order_time=2020-04-20 HTTP/1.1" 200 434
180.162.232.172 - - [20/Apr/2020:10:47:09 +0800] "GET /xingrg/kc/print/load_data.html?order_code=212020042004804&kc_code=cgsh&condition= HTTP/1.1" 200 782
114.88.159.93 - - [20/Apr/2020:10:47:10 +0800] "GET /xingrg/all/function/internal_message.html?_=1587350830663&CODE_STATE=getMsg HTTP/1.1" 200 27
114.84.33.255 - - [20/Apr/2020:10:47:10 +0800] "GET /xingrg/kc/buy/cgsh_order_operate.html?command=get_materiel&rest_code=00146&code=00101002038&supplier_code=00100087&order_time=2020-04-20 HTTP/1.1" 200 416
117.185.32.26 - - [20/Apr/2020:10:47:14 +0800] "GET /xingrg/all/function/internal_message.html?_=1587350832651&CODE_STATE=getMsg HTTP/1.1" 200 27
180.156.150.85 - - [20/Apr/2020:10:47:14 +0800] "GET /xingrg/kc/buy/cgsh_order_operate.html?command=get_materiel&rest_code=00105&code=00101001045&supplier_code=00100312&order_time=2020-04-20 HTTP/1.1" 200 442
180.162.232.172 - - [20/Apr/2020:10:47:16 +0800] "POST /xingrg/all/user/operate.html HTTP/1.1" 200 36
180.162.232.172 - - [20/Apr/2020:10:47:16 +0800] "GET /xingrg/index.html?sysBaseUrl=http%3A%2F%2F180.169.147.146%3A18081%2Fxingrg%2F&costTime=37×tamp=1587171520602 HTTP/1.1" 200 17179
180.162.232.172 - - [20/Apr/2020:10:47:16 +0800] "GET /xingrg/javascript/jquery_easy_ui/themes/default/easyui.css HTTP/1.1" 304 -
180.162.232.172 - - [20/Apr/2020:10:47:16 +0800] "GET /xingrg/javascript/jquery_easy_ui/themes/icon.css HTTP/1.1" 304 -
180.162.232.172 - - [20/Apr/2020:10:47:16 +0800] "GET /xingrg/css/form.css HTTP/1.1" 304 -
180.162.232.172 - - [20/Apr/2020:10:47:16 +0800] "GET /xingrg/javascript/jquery-1.4.2.min.js HTTP/1.1" 304 -
180.162.232.172 - - [20/Apr/2020:10:47:16 +0800] "GET /xingrg/javascript/jquery_easy_ui/jquery.easyui.min.js HTTP/1.1" 304 -
180.162.232.172 - - [20/Apr/2020:10:47:16 +0800] "GET /xingrg/javascript/jquery_easy_ui/easyui-lang-zh_CN.js HTTP/1.1" 304 -
180.162.232.172 - - [20/Apr/2020:10:47:16 +0800] "GET /xingrg/javascript/jquery.form.js HTTP/1.1" 304 -
180.162.232.172 - - [20/Apr/2020:10:47:16 +0800] "GET /xingrg/javascript/jquery.utils.js HTTP/1.1" 304 -
180.162.232.172 - - [20/Apr/2020:10:47:16 +0800] "GET /xingrg/javascript/jquery.timers.js HTTP/1.1" 304 -
180.162.232.172 - - [20/Apr/2020:10:47:16 +0800] "GET /xingrg/images/blue/jxLogo.png HTTP/1.1" 304 -
180.162.232.172 - - [20/Apr/2020:10:47:16 +0800] "GET /xingrg/javascript/jquery_easy_ui/themes/icons/settle_new.png HTTP/1.1" 304 -
180.162.232.172 - - [20/Apr/2020:10:47:16 +0800] "GET /xingrg/images/blue/navBackgound.jpg HTTP/1.1" 304 -
180.162.232.172 - - [20/Apr/2020:10:47:16 +0800] "POST /xingrg/all/common/load_tree.html?tree=area_rest_tree_json&manage=1 HTTP/1.1" 200 476
180.162.232.172 - - [20/Apr/2020:10:47:16 +0800] "GET /xingrg/all/function/internal_message.html?_=1587350835747&CODE_STATE=count HTTP/1.1" 200 11
180.162.232.172 - - [20/Apr/2020:10:47:16 +0800] "GET /xingrg/javascript/jquery_easy_ui/themes/default/images/panel_tool_collapse.gif HTTP/1.1" 304 -
180.162.232.172 - - [20/Apr/2020:10:47:16 +0800] "GET /xingrg/check_reg.html?_=1587350835749 HTTP/1.1" 200 22
180.162.232.172 - - [20/Apr/2020:10:47:16 +0800] "GET /xingrg/images/blue/pingpu.png HTTP/1.1" 304 -
180.162.232.172 - - [20/Apr/2020:10:47:16 +0800] "GET /xingrg/javascript/jquery_easy_ui/themes/default/images/tabs_rightarrow.png HTTP/1.1" 304 -
180.162.232.172 - - [20/Apr/2020:10:47:16 +0800] "GET /xingrg/javascript/jquery_easy_ui/themes/default/images/tabs_leftarrow.png HTTP/1.1" 304 -
180.162.232.172 - - [20/Apr/2020:10:47:16 +0800] "POST /xingrg/load_menu.html HTTP/1.1" 200 5138
120.253.135.82 - - [20/Apr/2020:10:47:16 +0800] "GET /xingrg/all/function/internal_message.html?_=1587350586464&CODE_STATE=getMsg HTTP/1.1" 200 27
180.156.150.85 - - [20/Apr/2020:10:47:18 +0800] "GET /xingrg/all/function/internal_message.html?_=1587350839449&CODE_STATE=getMsg HTTP/1.1" 200 27
180.162.232.172 - - [20/Apr/2020:10:47:20 +0800] "GET /xingrg/kc/buy/cgsh_order_list.html HTTP/1.1" 200 42521
180.162.232.172 - - [20/Apr/2020:10:47:21 +0800] "POST /xingrg/kc/buy/cgsh_list_operate.html HTTP/1.1" 200 876
117.185.32.26 - - [20/Apr/2020:10:47:21 +0800] "GET /xingrg/kc/buy/cgsh_order_add.html HTTP/1.1" 200 58136
172.17.0.100 - - [20/Apr/2020:10:47:21 +0800] "GET /xingrg/all/function/internal_message.html?_=1587350841747&CODE_STATE=getMsg HTTP/1.1" 302 -
117.185.32.26 - - [20/Apr/2020:10:47:22 +0800] "GET /xingrg/javascript/easyui/themes/default/validatebox.css HTTP/1.1" 404 1104
117.185.32.26 - - [20/Apr/2020:10:47:22 +0800] "POST /xingrg/kc/buy/cgsh_order_operate.html HTTP/1.1" 200 8245
180.162.232.172 - - [20/Apr/2020:10:47:22 +0800] "GET /xingrg/kc/buy/cgsh_order_add.html HTTP/1.1" 200 58054
180.162.232.172 - - [20/Apr/2020:10:47:22 +0800] "POST /xingrg/kc/buy/cgsh_order_operate.html HTTP/1.1" 200 8245
180.162.232.172 - - [20/Apr/2020:10:47:22 +0800] "GET /xingrg/javascript/easyui/themes/default/validatebox.css HTTP/1.1" 404 1104
114.88.159.93 - - [20/Apr/2020:10:47:25 +0800] "POST /xingrg/services/DataTransmitService HTTP/1.1" 200 524
114.88.159.93 - - [20/Apr/2020:10:47:25 +0800] "POST /xingrg/services/DataTransmitService HTTP/1.1" 200 2483
114.88.159.93 - - [20/Apr/2020:10:47:25 +0800] "POST /xingrg/services/DataTransmitService HTTP/1.1" 200 2295
114.88.159.93 - - [20/Apr/2020:10:47:25 +0800] "POST /xingrg/services/DataTransmitService HTTP/1.1" 200 1423
180.156.150.85 - - [20/Apr/2020:10:47:26 +0800] "GET /xingrg/kc/buy/cgsh_order_operate.html?command=get_materiel&rest_code=00105&code=00101001104&supplier_code=00100312&order_time=2020-04-20 HTTP/1.1" 200 433
114.88.159.93 - - [20/Apr/2020:10:47:26 +0800] "POST /xingrg/services/DataTransmitService HTTP/1.1" 200 178804
180.162.102.27 - - [20/Apr/2020:10:47:26 +0800] "GET /xingrg/all/function/internal_message.html?_=1587350301503&CODE_STATE=getMsg HTTP/1.1" 200 27
114.84.33.255 - - [20/Apr/2020:10:47:28 +0800] "POST /xingrg/kc/buy/cgsh_order_operate.html HTTP/1.1" 200 37
114.84.33.255 - - [20/Apr/2020:10:47:29 +0800] "POST /xingrg/kc/buy/cgsh_order_operate.html HTTP/1.1" 200 2665
114.84.33.255 - - [20/Apr/2020:10:47:31 +0800] "GET /xingrg/kc/print/load_data.html?order_code=212020042004805&kc_code=cgsh&condition= HTTP/1.1" 200 740
117.131.5.26 - - [20/Apr/2020:10:47:32 +0800] "GET /xingrg/check_reg.html?_=1587350853851 HTTP/1.1" 200 22
117.185.32.26 - - [20/Apr/2020:10:47:32 +0800] "GET /xingrg/javascript/easyui/themes/default/tree.css HTTP/1.1" 404 1090
117.185.32.26 - - [20/Apr/2020:10:47:32 +0800] "POST /xingrg/all/common/load_tree.html?tree=supplier_tree_json&isDelete=1 HTTP/1.1" 200 47490
114.84.33.255 - - [20/Apr/2020:10:47:37 +0800] "GET /xingrg/kc/buy/cgsh_order_add.html HTTP/1.1" 200 58136
114.84.33.255 - - [20/Apr/2020:10:47:38 +0800] "POST /xingrg/kc/buy/cgsh_order_operate.html HTTP/1.1" 200 8245
114.84.33.255 - - [20/Apr/2020:10:47:38 +0800] "GET /xingrg/javascript/easyui/themes/default/validatebox.css HTTP/1.1" 404 1104
117.131.5.26 - - [20/Apr/2020:10:47:40 +0800] "GET /xingrg/all/function/internal_message.html?_=1587351210460&CODE_STATE=getMsg HTTP/1.1" 200 27
180.156.150.85 - - [20/Apr/2020:10:47:40 +0800] "POST /xingrg/kc/buy/cgsh_order_operate.html HTTP/1.1" 200 37
117.185.32.26 - - [20/Apr/2020:10:47:40 +0800] "GET /xingrg/kc/buy/cgsh_order_operate.html?command=get_materiel&rest_code=00106&code=00101009018&supplier_code=00100022&order_time=2020-04-20 HTTP/1.1" 200 408
180.156.150.85 - - [20/Apr/2020:10:47:41 +0800] "POST /xingrg/kc/buy/cgsh_order_operate.html HTTP/1.1" 200 6232
180.156.150.85 - - [20/Apr/2020:10:47:42 +0800] "GET /xingrg/kc/print/load_data.html?order_code=212020042004806&kc_code=cgsh&condition= HTTP/1.1" 200 2042
180.162.232.172 - - [20/Apr/2020:10:47:45 +0800] "GET /xingrg/javascript/auto/indicator.gif HTTP/1.1" 404 1066
114.84.33.255 - - [20/Apr/2020:10:47:49 +0800] "GET /xingrg/all/function/internal_message.html?_=1587350873509&CODE_STATE=getMsg HTTP/1.1" 200 27
222.69.139.156 - - [20/Apr/2020:10:47:50 +0800] "GET /xingrg/all/function/internal_message.html?_=1587350869568&CODE_STATE=getMsg HTTP/1.1" 200 27
114.84.33.255 - - [20/Apr/2020:10:47:51 +0800] "GET /xingrg/kc/buy/cgsh_order_operate.html?command=get_materiel&rest_code=00146&code=00101010536&supplier_code=00100322&order_time=2020-04-20 HTTP/1.1" 200 425
124.77.69.152 - - [20/Apr/2020:10:47:52 +0800] "GET /xingrg/login.html HTTP/1.1" 200 7641
124.77.69.152 - - [20/Apr/2020:10:47:53 +0800] "GET /xingrg/images/blue/jxLogo.png HTTP/1.1" 304 -
124.77.69.152 - - [20/Apr/2020:10:47:53 +0800] "GET /xingrg/images/blue/login_bg.png HTTP/1.1" 304 -
124.77.69.152 - - [20/Apr/2020:10:47:53 +0800] "GET /xingrg/images/blue/srbg.png HTTP/1.1" 304 -
124.77.69.152 - - [20/Apr/2020:10:47:53 +0800] "GET /xingrg/images/blue/hj.png HTTP/1.1" 304 -
124.77.69.152 - - [20/Apr/2020:10:47:53 +0800] "GET /favicon.ico HTTP/1.1" 404 -
180.162.232.172 - - [20/Apr/2020:10:47:54 +0800] "GET /xingrg/kc/buy/cgsh_order_operate.html?command=get_materiel&rest_code=00150&code=00101012059&supplier_code=00100036&order_time=2020-04-20 HTTP/1.1" 200 412
117.185.32.26 - - [20/Apr/2020:10:47:56 +0800] "GET /xingrg/kc/buy/cgsh_order_operate.html?command=get_materiel&rest_code=00106&code=00101009011&supplier_code=00100022&order_time=2020-04-20 HTTP/1.1" 200 418
222.70.183.62 - - [20/Apr/2020:10:47:58 +0800] "GET /xingrg/all/function/internal_message.html?_=1587351205251&CODE_STATE=getMsg HTTP/1.1" 200 27
120.253.135.82 - - [20/Apr/2020:10:47:58 +0800] "GET /xingrg/all/function/internal_message.html?_=1587351012987&CODE_STATE=getMsg HTTP/1.1" 200 27
114.84.33.255 - - [20/Apr/2020:10:47:59 +0800] "POST /xingrg/kc/buy/cgsh_order_operate.html HTTP/1.1" 200 37
114.82.213.91 - - [20/Apr/2020:10:47:59 +0800] "GET /xingrg/all/function/internal_message.html?_=1587349957300&CODE_STATE=getMsg HTTP/1.1" 200 27
114.84.33.255 - - [20/Apr/2020:10:48:00 +0800] "POST /xingrg/kc/buy/cgsh_order_operate.html HTTP/1.1" 200 2671
172.17.0.119 - - [20/Apr/2020:10:48:01 +0800] "GET /xingrg/all/function/internal_message.html?_=1587350881242&CODE_STATE=getMsg HTTP/1.1" 200 27
114.84.33.255 - - [20/Apr/2020:10:48:01 +0800] "GET /xingrg/kc/print/load_data.html?order_code=212020042004807&kc_code=cgsh&condition= HTTP/1.1" 200 691
124.77.69.152 - - [20/Apr/2020:10:48:06 +0800] "POST /xingrg/login.do HTTP/1.1" 302 -
124.77.69.152 - - [20/Apr/2020:10:48:06 +0800] "GET /xingrg/javascript/jquery_easy_ui/themes/default/easyui.css HTTP/1.1" 304 -
124.77.69.152 - - [20/Apr/2020:10:48:06 +0800] "GET /xingrg/javascript/jquery_easy_ui/themes/icon.css HTTP/1.1" 304 -
124.77.69.152 - - [20/Apr/2020:10:48:06 +0800] "GET /xingrg/index.html?sysBaseUrl=http%3A%2F%2F180.169.147.146%3A18081%2Fxingrg%2F&costTime=40×tamp=1587350886465 HTTP/1.1" 200 17179
124.77.69.152 - - [20/Apr/2020:10:48:06 +0800] "GET /xingrg/css/form.css HTTP/1.1" 304 -
124.77.69.152 - - [20/Apr/2020:10:48:06 +0800] "GET /xingrg/javascript/jquery-1.4.2.min.js HTTP/1.1" 304 -
124.77.69.152 - - [20/Apr/2020:10:48:06 +0800] "GET /xingrg/javascript/jquery_easy_ui/easyui-lang-zh_CN.js HTTP/1.1" 304 -
124.77.69.152 - - [20/Apr/2020:10:48:06 +0800] "GET /xingrg/javascript/jquery.form.js HTTP/1.1" 304 -
124.77.69.152 - - [20/Apr/2020:10:48:06 +0800] "GET /xingrg/javascript/jquery_easy_ui/jquery.easyui.min.js HTTP/1.1" 304 -
124.77.69.152 - - [20/Apr/2020:10:48:06 +0800] "GET /xingrg/javascript/jquery.utils.js HTTP/1.1" 304 -
124.77.69.152 - - [20/Apr/2020:10:48:06 +0800] "GET /xingrg/javascript/jquery.timers.js HTTP/1.1" 304 -
124.77.69.152 - - [20/Apr/2020:10:48:06 +0800] "GET /favicon.ico HTTP/1.1" 404 -
124.77.69.152 - - [20/Apr/2020:10:48:06 +0800] "GET /xingrg/images/blue/navBackgound.jpg HTTP/1.1" 304 -
124.77.69.152 - - [20/Apr/2020:10:48:06 +0800] "GET /xingrg/javascript/jquery_easy_ui/themes/icons/settle_new.png HTTP/1.1" 304 -
114.86.190.97 - - [20/Apr/2020:10:48:06 +0800] "GET /xingrg/all/function/internal_message.html?_=1587350885393&CODE_STATE=getMsg HTTP/1.1" 200 27
124.77.69.152 - - [20/Apr/2020:10:48:07 +0800] "POST /xingrg/all/common/load_tree.html?tree=area_rest_tree_json&manage=1 HTTP/1.1" 200 476
124.77.69.152 - - [20/Apr/2020:10:48:07 +0800] "GET /xingrg/images/blue/pingpu.png HTTP/1.1" 304 -
124.77.69.152 - - [20/Apr/2020:10:48:07 +0800] "GET /xingrg/javascript/jquery_easy_ui/themes/default/images/tabs_leftarrow.png HTTP/1.1" 304 -
124.77.69.152 - - [20/Apr/2020:10:48:07 +0800] "GET /xingrg/javascript/jquery_easy_ui/themes/default/images/tabs_rightarrow.png HTTP/1.1" 304 -
124.77.69.152 - - [20/Apr/2020:10:48:07 +0800] "GET /xingrg/javascript/jquery_easy_ui/themes/default/images/panel_tool_collapse.gif HTTP/1.1" 304 -
124.77.69.152 - - [20/Apr/2020:10:48:07 +0800] "GET /xingrg/javascript/jquery_easy_ui/themes/default/images/tree_arrows.gif HTTP/1.1" 304 -
124.77.69.152 - - [20/Apr/2020:10:48:07 +0800] "GET /xingrg/all/function/internal_message.html?_=1587350127940&CODE_STATE=count HTTP/1.1" 200 11
124.77.69.152 - - [20/Apr/2020:10:48:07 +0800] "GET /xingrg/check_reg.html?_=1587350127941 HTTP/1.1" 200 22
124.77.69.152 - - [20/Apr/2020:10:48:07 +0800] "POST /xingrg/load_menu.html HTTP/1.1" 200 5138
124.77.69.152 - - [20/Apr/2020:10:48:07 +0800] "GET /xingrg/javascript/jquery_easy_ui/themes/icons/forms_new.png HTTP/1.1" 304 -
124.77.69.152 - - [20/Apr/2020:10:48:07 +0800] "GET /xingrg/javascript/jquery_easy_ui/themes/icons/storage_new.png HTTP/1.1" 304 -
124.77.69.152 - - [20/Apr/2020:10:48:07 +0800] "GET /xingrg/javascript/jquery_easy_ui/themes/default/images/tree_folder.gif HTTP/1.1" 304 -
124.77.69.152 - - [20/Apr/2020:10:48:07 +0800] "GET /xingrg/javascript/jquery_easy_ui/themes/default/images/tree_folder_open.gif HTTP/1.1" 304 -
124.77.69.152 - - [20/Apr/2020:10:48:07 +0800] "GET /xingrg/javascript/jquery_easy_ui/themes/icons/search_new.png HTTP/1.1" 304 -
124.77.69.152 - - [20/Apr/2020:10:48:07 +0800] "GET /xingrg/javascript/jquery_easy_ui/themes/default/images/tree_file.gif HTTP/1.1" 304 -
114.84.33.255 - - [20/Apr/2020:10:48:09 +0800] "GET /xingrg/kc/buy/cgsh_order_add.html HTTP/1.1" 200 58136
114.84.33.255 - - [20/Apr/2020:10:48:10 +0800] "POST /xingrg/kc/buy/cgsh_order_operate.html HTTP/1.1" 200 8245
114.88.159.93 - - [20/Apr/2020:10:48:10 +0800] "GET /xingrg/all/function/internal_message.html?_=1587350890639&CODE_STATE=getMsg HTTP/1.1" 200 27
114.84.33.255 - - [20/Apr/2020:10:48:10 +0800] "GET /xingrg/javascript/easyui/themes/default/validatebox.css HTTP/1.1" 404 1104
180.162.232.172 - - [20/Apr/2020:10:48:10 +0800] "GET /xingrg/kc/buy/cgsh_order_operate.html?command=get_materiel&rest_code=00150&code=00101016105&supplier_code=00100036&order_time=2020-04-20 HTTP/1.1" 200 409
114.88.159.93 - - [20/Apr/2020:10:48:10 +0800] "GET /xingrg/check_reg.html?_=1587350891186 HTTP/1.1" 200 22
58.221.95.50 - - [20/Apr/2020:10:48:13 +0800] "GET /xingrg/check_reg.html?_=1587350908289 HTTP/1.1" 302 -
117.185.32.26 - - [20/Apr/2020:10:48:14 +0800] "GET /xingrg/check_reg.html?_=1587350892643 HTTP/1.1" 200 22
117.185.32.26 - - [20/Apr/2020:10:48:14 +0800] "GET /xingrg/all/function/internal_message.html?_=1587350892652&CODE_STATE=getMsg HTTP/1.1" 200 27
180.162.232.172 - - [20/Apr/2020:10:48:16 +0800] "GET /xingrg/javascript/jquery_tools/images/next.gif HTTP/1.1" 404 1086
180.162.232.172 - - [20/Apr/2020:10:48:16 +0800] "GET /xingrg/javascript/jquery_tools/images/prev.gif HTTP/1.1" 404 1086
180.162.102.27 - - [20/Apr/2020:10:48:16 +0800] "GET /xingrg/kc/buy/cgsh_order_list.html HTTP/1.1" 200 42521
180.162.102.27 - - [20/Apr/2020:10:48:16 +0800] "GET /xingrg/javascript/easyui/themes/icons/import_new.png HTTP/1.1" 200 1247
180.162.102.27 - - [20/Apr/2020:10:48:16 +0800] "GET /xingrg/javascript/easyui/themes/icons/edit_add_new.png HTTP/1.1" 200 2997
120.253.135.82 - - [20/Apr/2020:10:48:16 +0800] "GET /xingrg/all/function/internal_message.html?_=1587350646478&CODE_STATE=getMsg HTTP/1.1" 200 27
180.162.102.27 - - [20/Apr/2020:10:48:17 +0800] "POST /xingrg/kc/buy/cgsh_list_operate.html HTTP/1.1" 200 876
180.162.102.27 - - [20/Apr/2020:10:48:17 +0800] "GET /xingrg/javascript/easyui/themes/default/images/button_plain_hover.png HTTP/1.1" 200 144
114.86.190.97 - - [20/Apr/2020:10:48:18 +0800] "POST /xingrg/services/DataTransmitService HTTP/1.1" 200 524
180.156.150.85 - - [20/Apr/2020:10:48:18 +0800] "GET /xingrg/all/function/internal_message.html?_=1587350899424&CODE_STATE=getMsg HTTP/1.1" 200 27
180.162.232.172 - - [20/Apr/2020:10:48:19 +0800] "POST /xingrg/kc/buy/cgsh_order_operate.html HTTP/1.1" 200 37
180.162.102.27 - - [20/Apr/2020:10:48:19 +0800] "GET /xingrg/kc/buy/cgsh_order_add.html HTTP/1.1" 200 57365
180.162.102.27 - - [20/Apr/2020:10:48:20 +0800] "GET /xingrg/javascript/easyui/themes/icons/copy_new.png HTTP/1.1" 200 815
180.162.102.27 - - [20/Apr/2020:10:48:20 +0800] "GET /xingrg/javascript/easyui/themes/icons/cancel.png HTTP/1.1" 200 1133
180.162.102.27 - - [20/Apr/2020:10:48:20 +0800] "GET /xingrg/javascript/easyui/themes/icons/template_new.png HTTP/1.1" 200 3956
180.162.102.27 - - [20/Apr/2020:10:48:20 +0800] "GET /xingrg/javascript/easyui/themes/default/validatebox.css HTTP/1.1" 404 1104
180.162.102.27 - - [20/Apr/2020:10:48:20 +0800] "POST /xingrg/kc/buy/cgsh_order_operate.html HTTP/1.1" 200 8245
180.162.102.27 - - [20/Apr/2020:10:48:20 +0800] "GET /xingrg/javascript/easyui/themes/icons/edit_remove.png HTTP/1.1" 200 625
114.84.33.255 - - [20/Apr/2020:10:48:20 +0800] "GET /xingrg/kc/buy/cgsh_order_operate.html?command=get_materiel&rest_code=00146&code=00101008053&supplier_code=00100325&order_time=2020-04-20 HTTP/1.1" 200 413
180.162.102.27 - - [20/Apr/2020:10:48:21 +0800] "GET /xingrg/javascript/auto/indicator.gif HTTP/1.1" 404 1066
172.17.0.100 - - [20/Apr/2020:10:48:21 +0800] "GET /xingrg/all/function/internal_message.html?_=1587350901749&CODE_STATE=getMsg HTTP/1.1" 302 -
180.162.232.172 - - [20/Apr/2020:10:48:22 +0800] "POST /xingrg/kc/buy/cgsh_order_operate.html HTTP/1.1" 200 12
117.185.32.26 - - [20/Apr/2020:10:48:22 +0800] "GET /xingrg/kc/buy/cgsh_order_operate.html?command=get_materiel&rest_code=00106&code=00101009004&supplier_code=00100022&order_time=2020-04-20 HTTP/1.1" 200 411
180.162.232.172 - - [20/Apr/2020:10:48:23 +0800] "GET /xingrg/kc/buy/cgsh_order_info.html?code=212020042004808 HTTP/1.1" 200 52958
180.162.102.27 - - [20/Apr/2020:10:48:23 +0800] "GET /xingrg/all/function/internal_message.html?_=1587350361511&CODE_STATE=getMsg HTTP/1.1" 200 27
180.162.232.172 - - [20/Apr/2020:10:48:23 +0800] "GET /xingrg/javascript/easyui/themes/default/validatebox.css HTTP/1.1" 404 1104
180.162.232.172 - - [20/Apr/2020:10:48:24 +0800] "POST /xingrg/kc/buy/cgsh_order_operate.html HTTP/1.1" 200 1194
180.162.232.172 - - [20/Apr/2020:10:48:25 +0800] "GET /xingrg/kc/print/load_data.html?order_code=212020042004808&kc_code=cgsh&condition= HTTP/1.1" 200 998
222.70.183.62 - - [20/Apr/2020:10:48:27 +0800] "GET /xingrg/check_reg.html?_=1587350906620 HTTP/1.1" 200 22
114.86.190.97 - - [20/Apr/2020:10:48:27 +0800] "POST /xingrg/services/DataTransmitService HTTP/1.1" 200 501
180.162.232.172 - - [20/Apr/2020:10:48:29 +0800] "GET /xingrg/kc/buy/cgsh_order_add.html HTTP/1.1" 200 58054
180.162.232.172 - - [20/Apr/2020:10:48:29 +0800] "GET /xingrg/javascript/easyui/themes/default/validatebox.css HTTP/1.1" 404 1104
180.162.232.172 - - [20/Apr/2020:10:48:29 +0800] "POST /xingrg/kc/buy/cgsh_order_operate.html HTTP/1.1" 200 8245
117.185.32.26 - - [20/Apr/2020:10:48:32 +0800] "GET /xingrg/kc/buy/cgsh_order_operate.html?command=get_materiel&rest_code=00106&code=00101008323&supplier_code=00100022&order_time=2020-04-20 HTTP/1.1" 200 408
114.84.33.255 - - [20/Apr/2020:10:48:32 +0800] "GET /xingrg/kc/buy/cgsh_order_operate.html?command=get_materiel&rest_code=00146&code=00101008214&supplier_code=00100325&order_time=2020-04-20 HTTP/1.1" 200 409
180.162.232.172 - - [20/Apr/2020:10:48:38 +0800] "GET /xingrg/kc/buy/cgsh_order_operate.html?command=get_materiel&rest_code=00150&code=00102002167&supplier_code=00100347&order_time=2020-04-20 HTTP/1.1" 200 409
117.131.5.26 - - [20/Apr/2020:10:48:40 +0800] "GET /xingrg/all/function/internal_message.html?_=1587351270458&CODE_STATE=getMsg HTTP/1.1" 200 27
114.84.33.255 - - [20/Apr/2020:10:48:45 +0800] "GET /xingrg/kc/buy/cgsh_order_operate.html?command=get_materiel&rest_code=00146&code=00101006026&supplier_code=00100325&order_time=2020-04-20 HTTP/1.1" 200 409
114.84.33.255 - - [20/Apr/2020:10:48:49 +0800] "GET /xingrg/all/function/internal_message.html?_=1587350933522&CODE_STATE=getMsg HTTP/1.1" 200 27
222.69.139.156 - - [20/Apr/2020:10:48:50 +0800] "GET /xingrg/all/function/internal_message.html?_=1587350929570&CODE_STATE=getMsg HTTP/1.1" 200 27
222.69.139.156 - - [20/Apr/2020:10:48:50 +0800] "GET /xingrg/check_reg.html?_=1587350929573 HTTP/1.1" 200 22
114.84.33.255 - - [20/Apr/2020:10:48:52 +0800] "GET /xingrg/kc/buy/cgsh_order_operate.html?command=get_materiel&rest_code=00146&code=00101010082&supplier_code=00100325&order_time=2020-04-20 HTTP/1.1" 200 425
180.162.232.172 - - [20/Apr/2020:10:48:56 +0800] "GET /xingrg/kc/buy/cgsh_order_operate.html?command=get_materiel&rest_code=00150&code=00101004038&supplier_code=00100347&order_time=2020-04-20 HTTP/1.1" 200 409
120.253.135.82 - - [20/Apr/2020:10:48:56 +0800] "GET /xingrg/check_reg.html?_=1587351071636 HTTP/1.1" 200 22
120.253.135.82 - - [20/Apr/2020:10:48:58 +0800] "GET /xingrg/all/function/internal_message.html?_=1587351072995&CODE_STATE=getMsg HTTP/1.1" 200 27
114.82.213.91 - - [20/Apr/2020:10:48:59 +0800] "GET /xingrg/all/function/internal_message.html?_=1587350017299&CODE_STATE=getMsg HTTP/1.1" 200 27
117.185.32.26 - - [20/Apr/2020:10:49:01 +0800] "POST /xingrg/kc/buy/cgsh_order_operate.html HTTP/1.1" 200 37
172.17.0.119 - - [20/Apr/2020:10:49:01 +0800] "GET /xingrg/all/function/internal_message.html?_=1587350941248&CODE_STATE=getMsg HTTP/1.1" 200 27
114.84.33.255 - - [20/Apr/2020:10:49:02 +0800] "POST /xingrg/kc/buy/cgsh_order_operate.html HTTP/1.1" 200 37
114.84.33.255 - - [20/Apr/2020:10:49:03 +0800] "POST /xingrg/kc/buy/cgsh_order_operate.html HTTP/1.1" 200 3844
117.185.32.26 - - [20/Apr/2020:10:49:03 +0800] "POST /xingrg/kc/buy/cgsh_order_operate.html HTTP/1.1" 200 12
117.185.32.26 - - [20/Apr/2020:10:49:03 +0800] "GET /xingrg/kc/buy/cgsh_order_info.html?code=212020042004809 HTTP/1.1" 200 53038
117.185.32.26 - - [20/Apr/2020:10:49:04 +0800] "GET /xingrg/javascript/easyui/themes/default/validatebox.css HTTP/1.1" 404 1104
117.185.32.26 - - [20/Apr/2020:10:49:04 +0800] "POST /xingrg/kc/buy/cgsh_order_operate.html HTTP/1.1" 200 2374
114.84.33.255 - - [20/Apr/2020:10:49:05 +0800] "GET /xingrg/kc/print/load_data.html?order_code=212020042004810&kc_code=cgsh&condition= HTTP/1.1" 200 1141
117.185.32.26 - - [20/Apr/2020:10:49:05 +0800] "GET /xingrg/kc/print/load_data.html?order_code=212020042004809&kc_code=cgsh&condition= HTTP/1.1" 200 1404
114.86.190.97 - - [20/Apr/2020:10:49:06 +0800] "GET /xingrg/all/function/internal_message.html?_=1587350945398&CODE_STATE=getMsg HTTP/1.1" 200 27
114.86.190.97 - - [20/Apr/2020:10:49:06 +0800] "GET /xingrg/check_reg.html?_=1587350945401 HTTP/1.1" 200 22
124.77.69.152 - - [20/Apr/2020:10:49:07 +0800] "GET /xingrg/all/function/internal_message.html?_=1587350187955&CODE_STATE=getMsg HTTP/1.1" 200 27
114.88.159.93 - - [20/Apr/2020:10:49:10 +0800] "GET /xingrg/all/function/internal_message.html?_=1587350950610&CODE_STATE=getMsg HTTP/1.1" 200 27
117.185.32.26 - - [20/Apr/2020:10:49:10 +0800] "GET /xingrg/kc/print/load_data.html?order_code=212020042004809&kc_code=cgsh HTTP/1.1" 200 1404
117.185.32.26 - - [20/Apr/2020:10:49:14 +0800] "GET /xingrg/all/function/internal_message.html?_=1587350952645&CODE_STATE=getMsg HTTP/1.1" 200 27
180.162.232.172 - - [20/Apr/2020:10:49:16 +0800] "GET /xingrg/all/function/internal_message.html?_=1587350955765&CODE_STATE=getMsg HTTP/1.1" 200 27
120.253.135.82 - - [20/Apr/2020:10:49:16 +0800] "GET /xingrg/all/function/internal_message.html?_=1587350706640&CODE_STATE=getMsg HTTP/1.1" 200 27
180.156.150.85 - - [20/Apr/2020:10:49:18 +0800] "GET /xingrg/all/function/internal_message.html?_=1587350959403&CODE_STATE=getMsg HTTP/1.1" 200 27
172.17.0.100 - - [20/Apr/2020:10:49:21 +0800] "GET /xingrg/check_reg.html?_=1587350961777 HTTP/1.1" 302 -
172.17.0.100 - - [20/Apr/2020:10:49:21 +0800] "GET /xingrg/all/function/internal_message.html?_=1587350961775&CODE_STATE=getMsg HTTP/1.1" 302 -
180.162.102.27 - - [20/Apr/2020:10:49:23 +0800] "GET /xingrg/all/function/internal_message.html?_=1587350421508&CODE_STATE=getMsg HTTP/1.1" 200 27
183.192.164.214 - - [20/Apr/2020:10:49:30 +0800] "GET /xingrg/all/function/internal_message.html?_=1587350327172&CODE_STATE=getMsg HTTP/1.1" 302 -
183.192.164.214 - - [20/Apr/2020:10:49:38 +0800] "GET /xingrg/login.html HTTP/1.1" 200 7641
117.131.5.26 - - [20/Apr/2020:10:49:40 +0800] "GET /xingrg/all/function/internal_message.html?_=1587351330457&CODE_STATE=getMsg HTTP/1.1" 200 27
114.84.33.255 - - [20/Apr/2020:10:49:49 +0800] "GET /xingrg/all/function/internal_message.html?_=1587350993700&CODE_STATE=getMsg HTTP/1.1" 200 27
222.69.139.156 - - [20/Apr/2020:10:49:50 +0800] "GET /xingrg/all/function/internal_message.html?_=1587350989572&CODE_STATE=getMsg HTTP/1.1" 200 27
120.253.135.82 - - [20/Apr/2020:10:49:58 +0800] "GET /xingrg/all/function/internal_message.html?_=1587351133008&CODE_STATE=getMsg HTTP/1.1" 200 27
180.162.232.172 - - [20/Apr/2020:10:49:59 +0800] "GET /xingrg/kc/buy/cgsh_order_operate.html?command=get_materiel&rest_code=00150&code=00101001039&supplier_code=00100347&order_time=2020-04-20 HTTP/1.1" 200 423
114.82.213.91 - - [20/Apr/2020:10:49:59 +0800] "GET /xingrg/all/function/internal_message.html?_=1587350077297&CODE_STATE=getMsg HTTP/1.1" 200 27
172.17.0.119 - - [20/Apr/2020:10:50:01 +0800] "GET /xingrg/all/function/internal_message.html?_=1587351001236&CODE_STATE=getMsg HTTP/1.1" 200 27
114.86.190.97 - - [20/Apr/2020:10:50:07 +0800] "GET /xingrg/all/function/internal_message.html?_=1587351005405&CODE_STATE=getMsg HTTP/1.1" 200 27
124.77.69.152 - - [20/Apr/2020:10:50:07 +0800] "GET /xingrg/all/function/internal_message.html?_=1587350247968&CODE_STATE=getMsg HTTP/1.1" 200 27
114.88.159.93 - - [20/Apr/2020:10:50:10 +0800] "GET /xingrg/all/function/internal_message.html?_=1587351010606&CODE_STATE=getMsg HTTP/1.1" 200 27
117.185.32.26 - - [20/Apr/2020:10:50:14 +0800] "GET /xingrg/all/function/internal_message.html?_=1587351012641&CODE_STATE=getMsg HTTP/1.1" 200 27
114.84.32.201 - - [20/Apr/2020:10:50:14 +0800] "GET /xingrg/check_reg.html?_=1587351014376 HTTP/1.1" 200 22
180.162.232.172 - - [20/Apr/2020:10:50:16 +0800] "GET /xingrg/all/function/internal_message.html?_=1587351015736&CODE_STATE=getMsg HTTP/1.1" 200 27
120.253.135.82 - - [20/Apr/2020:10:50:16 +0800] "GET /xingrg/all/function/internal_message.html?_=1587350766647&CODE_STATE=getMsg HTTP/1.1" 200 27
180.156.150.85 - - [20/Apr/2020:10:50:18 +0800] "GET /xingrg/all/function/internal_message.html?_=1587351019377&CODE_STATE=getMsg HTTP/1.1" 200 27
172.17.0.100 - - [20/Apr/2020:10:50:21 +0800] "GET /xingrg/all/function/internal_message.html?_=1587351021777&CODE_STATE=getMsg HTTP/1.1" 302 -
180.162.102.27 - - [20/Apr/2020:10:50:23 +0800] "GET /xingrg/all/function/internal_message.html?_=1587350481512&CODE_STATE=getMsg HTTP/1.1" 200 27
183.136.225.57 - - [20/Apr/2020:10:50:26 +0800] "GET / HTTP/1.1" 404 -
180.162.232.172 - - [20/Apr/2020:10:50:34 +0800] "POST /xingrg/kc/buy/cgsh_order_operate.html HTTP/1.1" 200 37
180.162.232.172 - - [20/Apr/2020:10:50:35 +0800] "POST /xingrg/kc/buy/cgsh_order_operate.html HTTP/1.1" 200 3848
117.131.5.26 - - [20/Apr/2020:10:50:40 +0800] "GET /xingrg/all/function/internal_message.html?_=1587351390455&CODE_STATE=getMsg HTTP/1.1" 200 27
114.84.33.255 - - [20/Apr/2020:10:50:43 +0800] "GET /xingrg/check_reg.html?_=1587351047735 HTTP/1.1" 200 22
114.84.33.255 - - [20/Apr/2020:10:50:49 +0800] "GET /xingrg/all/function/internal_message.html?_=1587351053706&CODE_STATE=getMsg HTTP/1.1" 200 27
222.69.139.156 - - [20/Apr/2020:10:50:50 +0800] "GET /xingrg/all/function/internal_message.html?_=1587351049576&CODE_STATE=getMsg HTTP/1.1" 200 27
120.253.135.82 - - [20/Apr/2020:10:50:58 +0800] "GET /xingrg/all/function/internal_message.html?_=1587351193022&CODE_STATE=getMsg HTTP/1.1" 200 27
114.82.213.91 - - [20/Apr/2020:10:50:59 +0800] "GET /xingrg/all/function/internal_message.html?_=1587350137323&CODE_STATE=getMsg HTTP/1.1" 200 27
114.82.213.91 - - [20/Apr/2020:10:50:59 +0800] "GET /xingrg/check_reg.html?_=1587350137324 HTTP/1.1" 200 22
222.70.183.62 - - [20/Apr/2020:10:51:01 +0800] "GET /xingrg/check_reg.html?_=1587351385295 HTTP/1.1" 200 22
172.17.0.119 - - [20/Apr/2020:10:51:01 +0800] "GET /xingrg/all/function/internal_message.html?_=1587351061239&CODE_STATE=getMsg HTTP/1.1" 200 27
172.17.0.119 - - [20/Apr/2020:10:51:01 +0800] "GET /xingrg/check_reg.html?_=1587351061242 HTTP/1.1" 200 22
222.70.183.62 - - [20/Apr/2020:10:51:01 +0800] "GET /xingrg/all/function/internal_message.html?_=1587351367695&CODE_STATE=getMsg HTTP/1.1" 200 27
172.17.0.119 - - [20/Apr/2020:10:51:05 +0800] "GET /xingrg/javascript/jquery_easy_ui/themes/default/images/button_a_bg.gif HTTP/1.1" 200 1194
172.17.0.119 - - [20/Apr/2020:10:51:05 +0800] "GET /xingrg/javascript/jquery_easy_ui/themes/default/images/button_span_bg.gif HTTP/1.1" 200 2061
172.17.0.119 - - [20/Apr/2020:10:51:05 +0800] "GET /xingrg/javascript/jquery_easy_ui/themes/icons/ok.png HTTP/1.1" 200 883
172.17.0.119 - - [20/Apr/2020:10:51:05 +0800] "GET /xingrg/javascript/jquery_easy_ui/themes/default/images/panel_title.png HTTP/1.1" 200 266
172.17.0.119 - - [20/Apr/2020:10:51:05 +0800] "GET /xingrg/javascript/jquery_easy_ui/themes/default/images/panel_tools.gif HTTP/1.1" 200 737
114.86.190.97 - - [20/Apr/2020:10:51:06 +0800] "GET /xingrg/all/function/internal_message.html?_=1587351065395&CODE_STATE=getMsg HTTP/1.1" 200 27
124.77.69.152 - - [20/Apr/2020:10:51:07 +0800] "GET /xingrg/all/function/internal_message.html?_=1587350307981&CODE_STATE=getMsg HTTP/1.1" 200 27
180.162.102.27 - - [20/Apr/2020:10:51:09 +0800] "GET /xingrg/kc/buy/cgsh_order_operate.html?command=get_materiel&rest_code=00142&code=00101012065&supplier_code=00100166&order_time=2020-04-20 HTTP/1.1" 200 418
172.17.0.119 - - [20/Apr/2020:10:51:09 +0800] "GET /xingrg/images/control/ajaxLoader.gif HTTP/1.1" 200 4659
172.17.0.119 - - [20/Apr/2020:10:51:09 +0800] "POST /xingrg/all/user/operate.html HTTP/1.1" 200 36
172.17.0.119 - - [20/Apr/2020:10:51:09 +0800] "GET /xingrg/index.html?sysBaseUrl=http%3A%2F%2F172.17.0.8%3A18081%2Fxingrg%2F&costTime=100×tamp=1587350160890 HTTP/1.1" 200 17448
172.17.0.119 - - [20/Apr/2020:10:51:09 +0800] "GET /xingrg/javascript/jquery_easy_ui/themes/default/easyui.css HTTP/1.1" 304 -
172.17.0.119 - - [20/Apr/2020:10:51:09 +0800] "GET /xingrg/javascript/jquery_easy_ui/themes/icon.css HTTP/1.1" 304 -
172.17.0.119 - - [20/Apr/2020:10:51:09 +0800] "GET /xingrg/css/form.css HTTP/1.1" 304 -
172.17.0.119 - - [20/Apr/2020:10:51:09 +0800] "GET /xingrg/javascript/jquery-1.4.2.min.js HTTP/1.1" 304 -
172.17.0.119 - - [20/Apr/2020:10:51:09 +0800] "GET /xingrg/javascript/jquery_easy_ui/jquery.easyui.min.js HTTP/1.1" 304 -
172.17.0.119 - - [20/Apr/2020:10:51:09 +0800] "GET /xingrg/javascript/jquery_easy_ui/easyui-lang-zh_CN.js HTTP/1.1" 304 -
172.17.0.119 - - [20/Apr/2020:10:51:09 +0800] "GET /xingrg/javascript/jquery.form.js HTTP/1.1" 304 -
172.17.0.119 - - [20/Apr/2020:10:51:09 +0800] "GET /xingrg/javascript/jquery.utils.js HTTP/1.1" 304 -
172.17.0.119 - - [20/Apr/2020:10:51:09 +0800] "GET /xingrg/javascript/jquery.timers.js HTTP/1.1" 304 -
172.17.0.119 - - [20/Apr/2020:10:51:09 +0800] "GET /xingrg/images/blue/jxLogo.png HTTP/1.1" 304 -
172.17.0.119 - - [20/Apr/2020:10:51:09 +0800] "GET /xingrg/images/blue/navBackgound.jpg HTTP/1.1" 304 -
172.17.0.119 - - [20/Apr/2020:10:51:09 +0800] "GET /xingrg/javascript/jquery_easy_ui/themes/icons/settle_new.png HTTP/1.1" 304 -
172.17.0.119 - - [20/Apr/2020:10:51:09 +0800] "POST /xingrg/all/common/load_tree.html?tree=area_rest_tree_json&manage=1 HTTP/1.1" 200 3088
172.17.0.119 - - [20/Apr/2020:10:51:09 +0800] "GET /xingrg/all/function/internal_message.html?_=1587351069417&CODE_STATE=count HTTP/1.1" 200 11
172.17.0.119 - - [20/Apr/2020:10:51:09 +0800] "GET /xingrg/check_reg.html?_=1587351069420 HTTP/1.1" 200 22
172.17.0.119 - - [20/Apr/2020:10:51:09 +0800] "GET /xingrg/javascript/jquery_easy_ui/themes/default/images/tabs_leftarrow.png HTTP/1.1" 304 -
172.17.0.119 - - [20/Apr/2020:10:51:09 +0800] "GET /xingrg/javascript/jquery_easy_ui/themes/default/images/tabs_rightarrow.png HTTP/1.1" 304 -
172.17.0.119 - - [20/Apr/2020:10:51:09 +0800] "GET /xingrg/images/blue/pingpu.png HTTP/1.1" 304 -
172.17.0.119 - - [20/Apr/2020:10:51:09 +0800] "GET /xingrg/javascript/jquery_easy_ui/themes/default/images/panel_tool_expand.gif HTTP/1.1" 304 -
172.17.0.119 - - [20/Apr/2020:10:51:09 +0800] "GET /xingrg/javascript/jquery_easy_ui/themes/default/images/panel_tool_collapse.gif HTTP/1.1" 304 -
172.17.0.119 - - [20/Apr/2020:10:51:10 +0800] "POST /xingrg/load_menu.html HTTP/1.1" 200 9924
114.88.159.93 - - [20/Apr/2020:10:51:10 +0800] "GET /xingrg/all/function/internal_message.html?_=1587351070579&CODE_STATE=getMsg HTTP/1.1" 200 27
172.17.0.119 - - [20/Apr/2020:10:51:11 +0800] "GET /xingrg/javascript/jquery_easy_ui/themes/default/images/tabs_active.png HTTP/1.1" 200 2894
172.17.0.119 - - [20/Apr/2020:10:51:13 +0800] "GET /xingrg/kc/buy/cgsh_order_list.html HTTP/1.1" 200 42750
172.17.0.119 - - [20/Apr/2020:10:51:13 +0800] "GET /xingrg/css/base.css HTTP/1.1" 200 2811
172.17.0.119 - - [20/Apr/2020:10:51:13 +0800] "GET /xingrg/css/site.css HTTP/1.1" 200 7541
172.17.0.119 - - [20/Apr/2020:10:51:13 +0800] "GET /xingrg/javascript/jquery_tools/datebox.css HTTP/1.1" 200 2597
172.17.0.119 - - [20/Apr/2020:10:51:13 +0800] "GET /xingrg/javascript/easyui/themes/default/easyui.css HTTP/1.1" 200 30432
172.17.0.119 - - [20/Apr/2020:10:51:13 +0800] "GET /xingrg/javascript/easyui/themes/icon.css HTTP/1.1" 200 4483
172.17.0.119 - - [20/Apr/2020:10:51:13 +0800] "GET /xingrg/javascript/auto/jquery.autocomplete.css HTTP/1.1" 200 587
172.17.0.119 - - [20/Apr/2020:10:51:13 +0800] "GET /xingrg/javascript/jquery_tools/fix.css HTTP/1.1" 200 1702
172.17.0.119 - - [20/Apr/2020:10:51:13 +0800] "GET /xingrg/javascript/jquery_tools/table.css HTTP/1.1" 200 1032
172.17.0.119 - - [20/Apr/2020:10:51:13 +0800] "GET /xingrg/javascript/jquery_tools/jquery.tools.min.js HTTP/1.1" 200 138801
172.17.0.119 - - [20/Apr/2020:10:51:13 +0800] "GET /xingrg/javascript/jquery_tools/jquery.tools.extend.js HTTP/1.1" 200 15385
172.17.0.119 - - [20/Apr/2020:10:51:13 +0800] "GET /xingrg/javascript/jquery_tools/jquery.tools.hotkey.js HTTP/1.1" 200 3242
172.17.0.119 - - [20/Apr/2020:10:51:13 +0800] "GET /xingrg/javascript/jquery_tools/jquery.tools.table.js HTTP/1.1" 200 6994
172.17.0.119 - - [20/Apr/2020:10:51:13 +0800] "GET /xingrg/javascript/jquery_tools/list_manager.js HTTP/1.1" 200 3652
172.17.0.119 - - [20/Apr/2020:10:51:13 +0800] "GET /xingrg/javascript/auto/jquery.autocomplete.js HTTP/1.1" 200 21624
172.17.0.119 - - [20/Apr/2020:10:51:13 +0800] "GET /xingrg/javascript/easyui/easyloader.js HTTP/1.1" 200 5975
172.17.0.119 - - [20/Apr/2020:10:51:13 +0800] "GET /xingrg/javascript/jquery.cookie.js HTTP/1.1" 200 5513
120.253.135.82 - - [20/Apr/2020:10:51:14 +0800] "GET /xingrg/check_reg.html?_=1587350823809 HTTP/1.1" 200 22
117.185.32.26 - - [20/Apr/2020:10:51:14 +0800] "GET /xingrg/all/function/internal_message.html?_=1587351072642&CODE_STATE=getMsg HTTP/1.1" 200 27
172.17.0.119 - - [20/Apr/2020:10:51:14 +0800] "GET /xingrg/javascript/easyui/themes/icons/import_new.png HTTP/1.1" 200 1247
172.17.0.119 - - [20/Apr/2020:10:51:14 +0800] "GET /xingrg/javascript/easyui/themes/icons/field_new.png HTTP/1.1" 200 1097
172.17.0.119 - - [20/Apr/2020:10:51:14 +0800] "GET /xingrg/javascript/easyui/themes/icons/edit_add_new.png HTTP/1.1" 200 2997
172.17.0.119 - - [20/Apr/2020:10:51:14 +0800] "GET /xingrg/javascript/easyui/themes/icons/check_new.png HTTP/1.1" 200 3224
172.17.0.119 - - [20/Apr/2020:10:51:14 +0800] "GET /xingrg/javascript/easyui/themes/icons/cance_new.png HTTP/1.1" 200 3986
172.17.0.119 - - [20/Apr/2020:10:51:14 +0800] "GET /xingrg/javascript/easyui/themes/icons/uncheck_new.png HTTP/1.1" 200 3197
172.17.0.119 - - [20/Apr/2020:10:51:14 +0800] "GET /xingrg/javascript/easyui/plugins/jquery.parser.js HTTP/1.1" 200 1142
172.17.0.119 - - [20/Apr/2020:10:51:14 +0800] "POST /xingrg/kc/buy/cgsh_list_operate.html HTTP/1.1" 200 876
180.162.232.172 - - [20/Apr/2020:10:51:16 +0800] "GET /xingrg/all/function/internal_message.html?_=1587351075707&CODE_STATE=getMsg HTTP/1.1" 200 27
120.253.135.82 - - [20/Apr/2020:10:51:16 +0800] "GET /xingrg/all/function/internal_message.html?_=1587350826660&CODE_STATE=getMsg HTTP/1.1" 200 27
180.156.150.85 - - [20/Apr/2020:10:51:18 +0800] "GET /xingrg/all/function/internal_message.html?_=1587351079354&CODE_STATE=getMsg HTTP/1.1" 200 27
180.156.150.85 - - [20/Apr/2020:10:51:19 +0800] "GET /xingrg/check_reg.html?_=1587351079905 HTTP/1.1" 200 22
172.17.0.100 - - [20/Apr/2020:10:51:21 +0800] "GET /xingrg/all/function/internal_message.html?_=1587351081777&CODE_STATE=getMsg HTTP/1.1" 302 -
172.17.0.119 - - [20/Apr/2020:10:51:22 +0800] "GET /xingrg/javascript/jquery_tools/images/prev.gif HTTP/1.1" 404 1086
172.17.0.119 - - [20/Apr/2020:10:51:22 +0800] "GET /xingrg/javascript/jquery_tools/images/next.gif HTTP/1.1" 404 1086
180.162.102.27 - - [20/Apr/2020:10:51:23 +0800] "GET /xingrg/check_reg.html?_=1587350541511 HTTP/1.1" 200 22
180.162.102.27 - - [20/Apr/2020:10:51:23 +0800] "GET /xingrg/all/function/internal_message.html?_=1587350541514&CODE_STATE=getMsg HTTP/1.1" 200 27
180.162.102.27 - - [20/Apr/2020:10:51:24 +0800] "GET /xingrg/kc/buy/cgsh_order_operate.html?command=get_materiel&rest_code=00142&code=00101012024&supplier_code=00100166&order_time=2020-04-20 HTTP/1.1" 200 408
183.192.164.90 - - [20/Apr/2020:10:51:28 +0800] "GET /xingrg/all/function/internal_message.html?_=1587350387172&CODE_STATE=getMsg HTTP/1.1" 302 -
172.17.0.119 - - [20/Apr/2020:10:51:29 +0800] "GET /xingrg/javascript/auto/indicator.gif HTTP/1.1" 404 1066
183.192.164.90 - - [20/Apr/2020:10:51:32 +0800] "GET /xingrg/login.html HTTP/1.1" 200 7641
180.162.102.27 - - [20/Apr/2020:10:51:34 +0800] "GET /xingrg/kc/buy/cgsh_order_operate.html?command=get_materiel&rest_code=00142&code=00101012066&supplier_code=00100166&order_time=2020-04-20 HTTP/1.1" 200 418
172.17.0.119 - - [20/Apr/2020:10:51:34 +0800] "POST /xingrg/kc/buy/cgsh_list_operate.html HTTP/1.1" 200 876
180.156.150.85 - - [20/Apr/2020:10:51:36 +0800] "POST /xingrg/kc/buy/cgsh_order_operate.html HTTP/1.1" 200 37
180.156.150.85 - - [20/Apr/2020:10:51:37 +0800] "POST /xingrg/kc/buy/cgsh_order_operate.html HTTP/1.1" 200 6232
117.131.5.26 - - [20/Apr/2020:10:51:40 +0800] "GET /xingrg/check_reg.html?_=1587351450453 HTTP/1.1" 200 22
117.131.5.26 - - [20/Apr/2020:10:51:40 +0800] "GET /xingrg/all/function/internal_message.html?_=1587351450454&CODE_STATE=getMsg HTTP/1.1" 200 27
222.70.183.62 - - [20/Apr/2020:10:51:40 +0800] "GET /xingrg/all/function/internal_message.html?_=1587351427662&CODE_STATE=getMsg HTTP/1.1" 200 27
172.17.0.119 - - [20/Apr/2020:10:51:44 +0800] "POST /xingrg/kc/buy/cgsh_list_operate.html HTTP/1.1" 200 876
172.17.0.119 - - [20/Apr/2020:10:51:48 +0800] "POST /xingrg/kc/buy/cgsh_list_operate.html HTTP/1.1" 200 1717
172.17.0.119 - - [20/Apr/2020:10:51:49 +0800] "POST /xingrg/kc/buy/cgsh_list_operate.html HTTP/1.1" 200 320
114.84.33.255 - - [20/Apr/2020:10:51:49 +0800] "GET /xingrg/all/function/internal_message.html?_=1587351113719&CODE_STATE=getMsg HTTP/1.1" 200 27
172.17.0.119 - - [20/Apr/2020:10:51:50 +0800] "GET /xingrg/kc/buy/cgsh_order_info.html?code=212020033103990 HTTP/1.1" 200 53224
172.17.0.119 - - [20/Apr/2020:10:51:50 +0800] "GET /xingrg/javascript/jquery_tools/order_manager.js HTTP/1.1" 200 11183
172.17.0.119 - - [20/Apr/2020:10:51:50 +0800] "GET /xingrg/javascript/convert.js HTTP/1.1" 200 1239
172.17.0.119 - - [20/Apr/2020:10:51:50 +0800] "GET /xingrg/javascript/json2.js HTTP/1.1" 200 11259
172.17.0.119 - - [20/Apr/2020:10:51:50 +0800] "GET /xingrg/javascript/print/kc_print.js HTTP/1.1" 200 11415
172.17.0.119 - - [20/Apr/2020:10:51:50 +0800] "GET /xingrg/words/20200419134308_words.js HTTP/1.1" 200 721167
222.69.139.156 - - [20/Apr/2020:10:51:50 +0800] "GET /xingrg/all/function/internal_message.html?_=1587351109579&CODE_STATE=getMsg HTTP/1.1" 200 27
172.17.0.119 - - [20/Apr/2020:10:51:50 +0800] "GET /xingrg/javascript/easyui/themes/icons/copy_new.png HTTP/1.1" 200 815
172.17.0.119 - - [20/Apr/2020:10:51:50 +0800] "GET /xingrg/javascript/easyui/themes/icons/print.png HTTP/1.1" 200 1057
172.17.0.119 - - [20/Apr/2020:10:51:50 +0800] "GET /xingrg/javascript/easyui/themes/default/images/menu_downarrow.png HTTP/1.1" 200 173
172.17.0.119 - - [20/Apr/2020:10:51:50 +0800] "GET /xingrg/javascript/easyui/themes/icons/cancel.png HTTP/1.1" 200 1133
172.17.0.119 - - [20/Apr/2020:10:51:50 +0800] "GET /xingrg/javascript/easyui/themes/default/validatebox.css HTTP/1.1" 404 1104
172.17.0.119 - - [20/Apr/2020:10:51:50 +0800] "GET /xingrg/javascript/easyui/plugins/jquery.validatebox.js HTTP/1.1" 200 6103
172.17.0.119 - - [20/Apr/2020:10:51:50 +0800] "GET /xingrg/javascript/easyui/plugins/jquery.numberbox.js HTTP/1.1" 200 5213
172.17.0.119 - - [20/Apr/2020:10:51:51 +0800] "POST /xingrg/kc/buy/cgsh_order_operate.html HTTP/1.1" 200 1262
172.17.0.119 - - [20/Apr/2020:10:51:51 +0800] "GET /xingrg/javascript/easyui/themes/icons/edit_remove.png HTTP/1.1" 200 625
180.162.232.172 - - [20/Apr/2020:10:51:54 +0800] "GET /xingrg/kc/buy/cgsh_order_add.html HTTP/1.1" 200 58054
180.162.232.172 - - [20/Apr/2020:10:51:54 +0800] "POST /xingrg/kc/buy/cgsh_order_operate.html HTTP/1.1" 200 8245
180.162.232.172 - - [20/Apr/2020:10:51:54 +0800] "GET /xingrg/javascript/easyui/themes/default/validatebox.css HTTP/1.1" 404 1104
120.253.135.82 - - [20/Apr/2020:10:51:58 +0800] "GET /xingrg/all/function/internal_message.html?_=1587351253061&CODE_STATE=getMsg HTTP/1.1" 200 27
114.82.213.91 - - [20/Apr/2020:10:51:59 +0800] "GET /xingrg/all/function/internal_message.html?_=1587350197322&CODE_STATE=getMsg HTTP/1.1" 200 27
180.162.232.172 - - [20/Apr/2020:10:52:02 +0800] "GET /xingrg/kc/buy/cgsh_order_operate.html?command=get_materiel&rest_code=00150&code=00101004046&supplier_code=00100312&order_time=2020-04-20 HTTP/1.1" 200 433
120.204.17.68 - - [20/Apr/2020:10:52:06 +0800] "GET /xingrg/kc/print/load_data.html?order_code=212020042004766&kc_code=cgsh HTTP/1.1" 302 -
114.86.190.97 - - [20/Apr/2020:10:52:07 +0800] "GET /xingrg/all/function/internal_message.html?_=1587351125401&CODE_STATE=getMsg HTTP/1.1" 200 27
124.77.69.152 - - [20/Apr/2020:10:52:07 +0800] "GET /xingrg/all/function/internal_message.html?_=1587350367995&CODE_STATE=getMsg HTTP/1.1" 200 27
172.17.0.119 - - [20/Apr/2020:10:52:09 +0800] "GET /xingrg/all/function/internal_message.html?_=1587351129434&CODE_STATE=getMsg HTTP/1.1" 200 27
114.88.159.93 - - [20/Apr/2020:10:52:10 +0800] "GET /xingrg/all/function/internal_message.html?_=1587351130546&CODE_STATE=getMsg HTTP/1.1" 200 27
120.204.17.68 - - [20/Apr/2020:10:52:10 +0800] "GET /xingrg/login.html HTTP/1.1" 200 7641
180.162.102.27 - - [20/Apr/2020:10:52:13 +0800] "GET /xingrg/kc/buy/cgsh_order_operate.html?command=get_materiel&rest_code=00142&code=00101012059&supplier_code=00100166&order_time=2020-04-20 HTTP/1.1" 200 412
117.185.32.26 - - [20/Apr/2020:10:52:14 +0800] "GET /xingrg/all/function/internal_message.html?_=1587351132642&CODE_STATE=getMsg HTTP/1.1" 200 27
180.162.232.172 - - [20/Apr/2020:10:52:16 +0800] "GET /xingrg/all/function/internal_message.html?_=1587351135705&CODE_STATE=getMsg HTTP/1.1" 200 27
180.162.232.172 - - [20/Apr/2020:10:52:16 +0800] "GET /xingrg/check_reg.html?_=1587351135827 HTTP/1.1" 200 22
120.253.135.82 - - [20/Apr/2020:10:52:16 +0800] "GET /xingrg/all/function/internal_message.html?_=1587350886672&CODE_STATE=getMsg HTTP/1.1" 200 27
180.156.150.85 - - [20/Apr/2020:10:52:18 +0800] "GET /xingrg/all/function/internal_message.html?_=1587351139329&CODE_STATE=getMsg HTTP/1.1" 200 27
180.162.232.172 - - [20/Apr/2020:10:52:20 +0800] "POST /xingrg/kc/buy/cgsh_order_operate.html HTTP/1.1" 200 37
180.162.102.27 - - [20/Apr/2020:10:52:21 +0800] "GET /xingrg/kc/buy/cgsh_order_operate.html?command=get_materiel&rest_code=00142&code=00101012010&supplier_code=00100166&order_time=2020-04-20 HTTP/1.1" 200 409
172.17.0.100 - - [20/Apr/2020:10:52:21 +0800] "GET /xingrg/all/function/internal_message.html?_=1587351141779&CODE_STATE=getMsg HTTP/1.1" 302 -
180.162.232.172 - - [20/Apr/2020:10:52:23 +0800] "POST /xingrg/kc/buy/cgsh_order_operate.html HTTP/1.1" 200 12
180.162.102.27 - - [20/Apr/2020:10:52:23 +0800] "GET /xingrg/all/function/internal_message.html?_=1587350601508&CODE_STATE=getMsg HTTP/1.1" 200 27
180.162.232.172 - - [20/Apr/2020:10:52:23 +0800] "GET /xingrg/kc/buy/cgsh_order_info.html?code=212020042004812 HTTP/1.1" 200 52960
180.162.232.172 - - [20/Apr/2020:10:52:24 +0800] "GET /xingrg/javascript/easyui/themes/default/validatebox.css HTTP/1.1" 404 1104
180.162.232.172 - - [20/Apr/2020:10:52:24 +0800] "POST /xingrg/kc/buy/cgsh_order_operate.html HTTP/1.1" 200 616
180.162.232.172 - - [20/Apr/2020:10:52:25 +0800] "GET /xingrg/kc/print/load_data.html?order_code=212020042004812&kc_code=cgsh&condition= HTTP/1.1" 200 721
180.162.232.172 - - [20/Apr/2020:10:52:29 +0800] "GET /xingrg/kc/buy/cgsh_order_add.html HTTP/1.1" 200 58054
101.89.239.120 - - [20/Apr/2020:10:52:29 +0800] "GET /xingrg/all/function/internal_message.html?_=1587350470827&CODE_STATE=getMsg HTTP/1.1" 302 -
180.162.232.172 - - [20/Apr/2020:10:52:29 +0800] "POST /xingrg/kc/buy/cgsh_order_operate.html HTTP/1.1" 200 8245
180.162.232.172 - - [20/Apr/2020:10:52:29 +0800] "GET /xingrg/javascript/easyui/themes/default/validatebox.css HTTP/1.1" 404 1104
180.156.150.85 - - [20/Apr/2020:10:52:31 +0800] "GET /xingrg/kc/buy/cgsh_order_add.html HTTP/1.1" 200 58130
180.156.150.85 - - [20/Apr/2020:10:52:31 +0800] "POST /xingrg/kc/buy/cgsh_order_operate.html HTTP/1.1" 200 8245
180.156.150.85 - - [20/Apr/2020:10:52:31 +0800] "GET /xingrg/javascript/easyui/themes/default/validatebox.css HTTP/1.1" 404 1104
117.131.5.26 - - [20/Apr/2020:10:52:32 +0800] "GET /xingrg/check_reg.html?_=1587351153851 HTTP/1.1" 200 22
101.89.239.120 - - [20/Apr/2020:10:52:34 +0800] "GET /xingrg/login.html HTTP/1.1" 200 7641
117.131.5.26 - - [20/Apr/2020:10:52:40 +0800] "GET /xingrg/all/function/internal_message.html?_=1587351510452&CODE_STATE=getMsg HTTP/1.1" 200 27
222.70.183.62 - - [20/Apr/2020:10:52:40 +0800] "GET /xingrg/all/function/internal_message.html?_=1587351487638&CODE_STATE=getMsg HTTP/1.1" 200 27
120.253.135.82 - - [20/Apr/2020:10:52:43 +0800] "POST /xingrg/kc/pszx/mdps_list_operate.html HTTP/1.1" 200 2677
180.156.150.85 - - [20/Apr/2020:10:52:45 +0800] "GET /xingrg/kc/buy/cgsh_order_operate.html?command=get_materiel&rest_code=00105&code=00101002029&supplier_code=00100323&order_time=2020-04-20 HTTP/1.1" 200 414
114.84.33.255 - - [20/Apr/2020:10:52:49 +0800] "GET /xingrg/all/function/internal_message.html?_=1587351173926&CODE_STATE=getMsg HTTP/1.1" 200 27
222.69.139.156 - - [20/Apr/2020:10:52:50 +0800] "GET /xingrg/all/function/internal_message.html?_=1587351169584&CODE_STATE=getMsg HTTP/1.1" 200 27
120.253.135.82 - - [20/Apr/2020:10:52:51 +0800] "POST /xingrg/kc/pszx/mdps_list_operate.html HTTP/1.1" 200 5420
120.253.135.82 - - [20/Apr/2020:10:52:54 +0800] "POST /xingrg/kc/pszx/mdps_list_operate.html HTTP/1.1" 200 205
120.253.135.82 - - [20/Apr/2020:10:52:55 +0800] "GET /xingrg/kc/pszx/mdps_order_info.html?code=312020041800206 HTTP/1.1" 200 23855
180.162.102.27 - - [20/Apr/2020:10:52:55 +0800] "POST /xingrg/kc/buy/cgsh_order_operate.html HTTP/1.1" 200 37
120.253.135.82 - - [20/Apr/2020:10:52:55 +0800] "GET /xingrg/javascript/easyui/themes/default/validatebox.css HTTP/1.1" 404 1104
120.253.135.82 - - [20/Apr/2020:10:52:55 +0800] "POST /xingrg/kc/pszx/mdps_order_operate.html HTTP/1.1" 200 2278
124.77.69.152 - - [20/Apr/2020:10:52:56 +0800] "GET /xingrg/kc/buy/cgsh_order_list.html HTTP/1.1" 200 42521
124.77.69.152 - - [20/Apr/2020:10:52:56 +0800] "GET /xingrg/css/base.css HTTP/1.1" 304 -
124.77.69.152 - - [20/Apr/2020:10:52:56 +0800] "GET /xingrg/css/site.css HTTP/1.1" 304 -
124.77.69.152 - - [20/Apr/2020:10:52:56 +0800] "GET /xingrg/javascript/easyui/themes/default/easyui.css HTTP/1.1" 304 -
