124.77.69.152 - - [20/Apr/2020:10:52:56 +0800] "GET /xingrg/javascript/auto/jquery.autocomplete.css HTTP/1.1" 304 -
124.77.69.152 - - [20/Apr/2020:10:52:56 +0800] "GET /xingrg/javascript/jquery_tools/datebox.css HTTP/1.1" 304 -
124.77.69.152 - - [20/Apr/2020:10:52:56 +0800] "GET /xingrg/javascript/jquery_tools/jquery.tools.min.js HTTP/1.1" 304 -
124.77.69.152 - - [20/Apr/2020:10:52:56 +0800] "GET /xingrg/javascript/jquery_tools/fix.css HTTP/1.1" 304 -
124.77.69.152 - - [20/Apr/2020:10:52:56 +0800] "GET /xingrg/javascript/jquery_tools/table.css HTTP/1.1" 304 -
124.77.69.152 - - [20/Apr/2020:10:52:56 +0800] "GET /xingrg/javascript/jquery_tools/jquery.tools.hotkey.js HTTP/1.1" 304 -
124.77.69.152 - - [20/Apr/2020:10:52:56 +0800] "GET /xingrg/javascript/easyui/themes/icon.css HTTP/1.1" 304 -
124.77.69.152 - - [20/Apr/2020:10:52:56 +0800] "GET /xingrg/javascript/jquery_tools/jquery.tools.extend.js HTTP/1.1" 304 -
124.77.69.152 - - [20/Apr/2020:10:52:56 +0800] "GET /xingrg/javascript/jquery_tools/jquery.tools.table.js HTTP/1.1" 304 -
124.77.69.152 - - [20/Apr/2020:10:52:56 +0800] "GET /xingrg/javascript/jquery_tools/list_manager.js HTTP/1.1" 304 -
124.77.69.152 - - [20/Apr/2020:10:52:56 +0800] "GET /xingrg/javascript/easyui/easyloader.js HTTP/1.1" 304 -
124.77.69.152 - - [20/Apr/2020:10:52:56 +0800] "GET /xingrg/javascript/jquery.cookie.js HTTP/1.1" 304 -
124.77.69.152 - - [20/Apr/2020:10:52:56 +0800] "GET /xingrg/javascript/auto/jquery.autocomplete.js HTTP/1.1" 304 -
124.77.69.152 - - [20/Apr/2020:10:52:56 +0800] "GET /xingrg/javascript/print/LodopFuncs.js HTTP/1.1" 304 -
124.77.69.152 - - [20/Apr/2020:10:52:56 +0800] "GET /xingrg/javascript/jquery.utils.js HTTP/1.1" 304 -
180.162.102.27 - - [20/Apr/2020:10:52:57 +0800] "POST /xingrg/kc/buy/cgsh_order_operate.html HTTP/1.1" 200 12
180.162.102.27 - - [20/Apr/2020:10:52:57 +0800] "GET /xingrg/kc/buy/cgsh_order_info.html?code=212020042004813 HTTP/1.1" 200 52276
124.77.69.152 - - [20/Apr/2020:10:52:58 +0800] "GET /xingrg/javascript/jquery_easy_ui/themes/default/images/tabs_close.gif HTTP/1.1" 304 -
180.162.102.27 - - [20/Apr/2020:10:52:58 +0800] "GET /xingrg/javascript/easyui/themes/default/validatebox.css HTTP/1.1" 404 1104
124.77.69.152 - - [20/Apr/2020:10:52:58 +0800] "GET /xingrg/kc/buy/cgsh_order_list.html HTTP/1.1" 200 42521
120.253.135.82 - - [20/Apr/2020:10:52:58 +0800] "GET /xingrg/all/function/internal_message.html?_=1587351313065&CODE_STATE=getMsg HTTP/1.1" 200 27
180.162.102.27 - - [20/Apr/2020:10:52:58 +0800] "POST /xingrg/kc/buy/cgsh_order_operate.html HTTP/1.1" 200 4151
172.17.0.119 - - [20/Apr/2020:10:52:58 +0800] "POST /xingrg/load_menu.html HTTP/1.1" 200 10512
172.17.0.119 - - [20/Apr/2020:10:52:59 +0800] "GET /xingrg/all/report/report_query.html?fileName=dma/new_5.0/menu/menu_category_hz.xml HTTP/1.1" 200 52989
172.17.0.119 - - [20/Apr/2020:10:52:59 +0800] "GET /xingrg/javascript/multi_select/jqueryMultiSelect.css HTTP/1.1" 200 951
172.17.0.119 - - [20/Apr/2020:10:52:59 +0800] "GET /xingrg/javascript/calendar/timePicker.css HTTP/1.1" 200 523
172.17.0.119 - - [20/Apr/2020:10:52:59 +0800] "GET /xingrg/javascript/bigrid/fix.css HTTP/1.1" 200 1702
172.17.0.119 - - [20/Apr/2020:10:52:59 +0800] "GET /xingrg/dwr/interface/AjaxReportQueryService.js HTTP/1.1" 200 13203
172.17.0.119 - - [20/Apr/2020:10:52:59 +0800] "GET /xingrg/dwr/engine.js HTTP/1.1" 200 43631
124.77.69.152 - - [20/Apr/2020:10:52:59 +0800] "GET /xingrg/javascript/easyui/themes/icons/edit_add_new.png HTTP/1.1" 304 -
124.77.69.152 - - [20/Apr/2020:10:52:59 +0800] "GET /xingrg/javascript/easyui/themes/icons/cance_new.png HTTP/1.1" 304 -
124.77.69.152 - - [20/Apr/2020:10:52:59 +0800] "GET /xingrg/javascript/easyui/themes/icons/check_new.png HTTP/1.1" 304 -
124.77.69.152 - - [20/Apr/2020:10:52:59 +0800] "GET /xingrg/javascript/easyui/themes/icons/field_new.png HTTP/1.1" 304 -
124.77.69.152 - - [20/Apr/2020:10:52:59 +0800] "GET /xingrg/javascript/easyui/themes/icons/import_new.png HTTP/1.1" 304 -
124.77.69.152 - - [20/Apr/2020:10:52:59 +0800] "GET /xingrg/javascript/easyui/plugins/jquery.parser.js HTTP/1.1" 304 -
172.17.0.119 - - [20/Apr/2020:10:52:59 +0800] "GET /xingrg/javascript/jqueryMultiSelect.js HTTP/1.1" 200 11866
124.77.69.152 - - [20/Apr/2020:10:52:59 +0800] "GET /xingrg/images/control/ajaxLoader.gif HTTP/1.1" 304 -
172.17.0.119 - - [20/Apr/2020:10:52:59 +0800] "GET /xingrg/javascript/calendar/jquery.timePicker.min.js HTTP/1.1" 200 2997
172.17.0.119 - - [20/Apr/2020:10:52:59 +0800] "GET /xingrg/javascript/bigrid/fix.js HTTP/1.1" 200 6439
124.77.69.152 - - [20/Apr/2020:10:52:59 +0800] "GET /xingrg/javascript/jquery_easy_ui/themes/icons/area.png HTTP/1.1" 304 -
124.77.69.152 - - [20/Apr/2020:10:52:59 +0800] "GET /xingrg/javascript/jquery_easy_ui/themes/icons/rest.png HTTP/1.1" 304 -
172.17.0.119 - - [20/Apr/2020:10:52:59 +0800] "GET /xingrg/images/control/loading.gif HTTP/1.1" 200 13463
172.17.0.119 - - [20/Apr/2020:10:52:59 +0800] "GET /xingrg/images/blue/button/advanceover.gif HTTP/1.1" 200 1347
172.17.0.119 - - [20/Apr/2020:10:52:59 +0800] "GET /xingrg/images/blue/button/advance2over.gif HTTP/1.1" 200 1336
172.17.0.119 - - [20/Apr/2020:10:52:59 +0800] "GET /xingrg/images/blue/button/back2over.gif HTTP/1.1" 200 1335
172.17.0.119 - - [20/Apr/2020:10:52:59 +0800] "GET /xingrg/images/blue/button/backover.gif HTTP/1.1" 200 1348
114.82.213.91 - - [20/Apr/2020:10:52:59 +0800] "GET /xingrg/all/function/internal_message.html?_=1587350257321&CODE_STATE=getMsg HTTP/1.1" 200 27
172.17.0.119 - - [20/Apr/2020:10:53:00 +0800] "GET /xingrg/javascript/jquery_easy_ui/themes/icons/help.png HTTP/1.1" 200 1187
172.17.0.119 - - [20/Apr/2020:10:53:00 +0800] "GET /xingrg/javascript/jquery_easy_ui/themes/default/images/menu_downarrow.png HTTP/1.1" 200 173
172.17.0.119 - - [20/Apr/2020:10:53:00 +0800] "GET /xingrg/javascript/jquery_easy_ui/themes/default/images/menu.gif HTTP/1.1" 200 834
172.17.0.119 - - [20/Apr/2020:10:53:00 +0800] "GET /xingrg/javascript/jquery_easy_ui/themes/icons/print.png HTTP/1.1" 200 1057
172.17.0.119 - - [20/Apr/2020:10:53:00 +0800] "GET /xingrg/javascript/jquery_easy_ui/themes/icons/pencil.png HTTP/1.1" 200 713
172.17.0.119 - - [20/Apr/2020:10:53:00 +0800] "GET /xingrg/javascript/jquery_easy_ui/themes/default/images/menu_rightarrow.png HTTP/1.1" 200 3617
172.17.0.119 - - [20/Apr/2020:10:53:00 +0800] "POST /xingrg/dwr/call/plaincall/AjaxReportQueryService.getFixDate.dwr HTTP/1.1" 200 111
172.17.0.119 - - [20/Apr/2020:10:53:00 +0800] "GET /xingrg/javascript/jquery_easy_ui/themes/default/images/combo_arrow_dot.gif HTTP/1.1" 200 79
172.17.0.119 - - [20/Apr/2020:10:53:00 +0800] "POST /xingrg/all/common/load_tree.html?tree=area_station_tree_json&manage=1 HTTP/1.1" 200 2990
124.77.69.152 - - [20/Apr/2020:10:53:00 +0800] "POST /xingrg/kc/buy/cgsh_list_operate.html HTTP/1.1" 200 876
180.162.232.172 - - [20/Apr/2020:10:53:00 +0800] "GET /xingrg/kc/buy/cgsh_order_operate.html?command=get_materiel&rest_code=00150&code=00101020160&supplier_code=00100329&order_time=2020-04-20 HTTP/1.1" 200 414
172.17.0.119 - - [20/Apr/2020:10:53:00 +0800] "GET /xingrg/javascript/multi_select/dropdown.gif HTTP/1.1" 200 61
180.162.102.27 - - [20/Apr/2020:10:53:00 +0800] "GET /xingrg/kc/print/load_config.html?kc_code=cgsh HTTP/1.1" 200 1845
180.162.102.27 - - [20/Apr/2020:10:53:00 +0800] "GET /xingrg/kc/print/load_data.html?order_code=212020042004813&kc_code=cgsh&condition= HTTP/1.1" 200 2102
180.156.150.85 - - [20/Apr/2020:10:53:01 +0800] "GET /xingrg/kc/buy/cgsh_order_operate.html?command=get_materiel&rest_code=00105&code=00101001079&supplier_code=00100323&order_time=2020-04-20 HTTP/1.1" 200 413
120.253.135.82 - - [20/Apr/2020:10:53:02 +0800] "POST /xingrg/kc/pszx/mdps_order_operate.html HTTP/1.1" 200 37
120.253.135.82 - - [20/Apr/2020:10:53:03 +0800] "POST /xingrg/kc/pszx/mdps_order_operate.html HTTP/1.1" 200 12
120.253.135.82 - - [20/Apr/2020:10:53:04 +0800] "GET /xingrg/kc/pszx/mdps_order_info.html?code=312020041800206 HTTP/1.1" 200 19515
120.253.135.82 - - [20/Apr/2020:10:53:04 +0800] "POST /xingrg/kc/pszx/mdps_order_operate.html HTTP/1.1" 200 498
120.253.135.82 - - [20/Apr/2020:10:53:04 +0800] "GET /xingrg/javascript/easyui/themes/default/validatebox.css HTTP/1.1" 404 1104
120.253.135.82 - - [20/Apr/2020:10:53:06 +0800] "POST /xingrg/kc/pszx/mdps_list_operate.html HTTP/1.1" 200 5411
222.70.183.62 - - [20/Apr/2020:10:53:06 +0800] "GET /xingrg/kc/buy/cgsh_order_add.html HTTP/1.1" 200 58130
114.86.190.97 - - [20/Apr/2020:10:53:06 +0800] "GET /xingrg/all/function/internal_message.html?_=1587351185390&CODE_STATE=getMsg HTTP/1.1" 200 27
222.70.183.62 - - [20/Apr/2020:10:53:07 +0800] "POST /xingrg/kc/buy/cgsh_order_operate.html HTTP/1.1" 200 8245
222.70.183.62 - - [20/Apr/2020:10:53:07 +0800] "GET /xingrg/javascript/easyui/themes/default/validatebox.css HTTP/1.1" 404 1104
172.17.0.119 - - [20/Apr/2020:10:53:07 +0800] "GET /xingrg/system/rest/list_page.html?p=menu HTTP/1.1" 200 110656
124.77.69.152 - - [20/Apr/2020:10:53:07 +0800] "GET /xingrg/check_reg.html?_=1587350427950 HTTP/1.1" 200 22
172.17.0.119 - - [20/Apr/2020:10:53:07 +0800] "GET /xingrg/css/table.css HTTP/1.1" 200 3684
172.17.0.119 - - [20/Apr/2020:10:53:07 +0800] "GET /xingrg/dwr/interface/AjaxGetFirstChart.js HTTP/1.1" 200 631
172.17.0.119 - - [20/Apr/2020:10:53:07 +0800] "GET /xingrg/dwr/engine.js HTTP/1.1" 200 43631
124.77.69.152 - - [20/Apr/2020:10:53:07 +0800] "GET /xingrg/all/function/internal_message.html?_=1587350428009&CODE_STATE=getMsg HTTP/1.1" 200 27
172.17.0.119 - - [20/Apr/2020:10:53:07 +0800] "GET /xingrg/javascript/jquery.shich.js HTTP/1.1" 200 4857
172.17.0.119 - - [20/Apr/2020:10:53:07 +0800] "GET /xingrg/javascript/jquery_easy_ui/themes/icons/check_new.png HTTP/1.1" 200 3224
172.17.0.119 - - [20/Apr/2020:10:53:07 +0800] "GET /xingrg/javascript/jquery_easy_ui/themes/icons/uncheck_new.png HTTP/1.1" 200 3197
172.17.0.119 - - [20/Apr/2020:10:53:07 +0800] "GET /xingrg/javascript/jquery_easy_ui/themes/icons/edit_add.png HTTP/1.1" 200 1088
172.17.0.119 - - [20/Apr/2020:10:53:07 +0800] "GET /xingrg/javascript/jquery_easy_ui/themes/default/images/pagination_prev.gif HTTP/1.1" 200 879
172.17.0.119 - - [20/Apr/2020:10:53:07 +0800] "GET /xingrg/javascript/jquery_easy_ui/themes/default/images/pagination_first.gif HTTP/1.1" 200 925
172.17.0.119 - - [20/Apr/2020:10:53:07 +0800] "GET /xingrg/javascript/jquery_easy_ui/themes/icons/search.png HTTP/1.1" 200 813
172.17.0.119 - - [20/Apr/2020:10:53:07 +0800] "GET /xingrg/javascript/jquery_easy_ui/themes/default/images/datagrid_header_bg.gif HTTP/1.1" 200 97
172.17.0.119 - - [20/Apr/2020:10:53:07 +0800] "GET /xingrg/javascript/jquery_easy_ui/themes/default/images/pagination_loading.gif HTTP/1.1" 200 1737
172.17.0.119 - - [20/Apr/2020:10:53:07 +0800] "GET /xingrg/javascript/jquery_easy_ui/themes/default/images/pagination_next.gif HTTP/1.1" 200 875
172.17.0.119 - - [20/Apr/2020:10:53:07 +0800] "GET /xingrg/javascript/jquery_easy_ui/themes/icons/edit_remove.png HTTP/1.1" 200 625
172.17.0.119 - - [20/Apr/2020:10:53:07 +0800] "GET /xingrg/javascript/jquery_easy_ui/themes/default/images/pagination_last.gif HTTP/1.1" 200 923
172.17.0.119 - - [20/Apr/2020:10:53:07 +0800] "GET /xingrg/javascript/jquery_easy_ui/themes/default/images/pagination_load.png HTTP/1.1" 200 827
172.17.0.119 - - [20/Apr/2020:10:53:07 +0800] "GET /xingrg/system/rest/query_items.html?_=1587351187365&table=menu&page=1&rows=20&categoryId=&key= HTTP/1.1" 200 4722
172.17.0.119 - - [20/Apr/2020:10:53:09 +0800] "GET /xingrg/all/function/internal_message.html?_=1587351189442&CODE_STATE=getMsg HTTP/1.1" 200 27
114.88.159.93 - - [20/Apr/2020:10:53:10 +0800] "GET /xingrg/all/function/internal_message.html?_=1587351190517&CODE_STATE=getMsg HTTP/1.1" 200 27
114.88.159.93 - - [20/Apr/2020:10:53:10 +0800] "GET /xingrg/check_reg.html?_=1587351191220 HTTP/1.1" 200 22
180.162.232.172 - - [20/Apr/2020:10:53:11 +0800] "POST /xingrg/kc/buy/cgsh_order_operate.html HTTP/1.1" 200 37
58.221.95.50 - - [20/Apr/2020:10:53:13 +0800] "GET /xingrg/check_reg.html?_=1587351208260 HTTP/1.1" 302 -
172.17.0.119 - - [20/Apr/2020:10:53:14 +0800] "GET /xingrg/javascript/jquery_easy_ui/themes/default/images/button_plain_hover.png HTTP/1.1" 200 252
117.185.32.26 - - [20/Apr/2020:10:53:14 +0800] "GET /xingrg/check_reg.html?_=1587351192642 HTTP/1.1" 200 22
117.185.32.26 - - [20/Apr/2020:10:53:14 +0800] "GET /xingrg/all/function/internal_message.html?_=1587351192644&CODE_STATE=getMsg HTTP/1.1" 200 27
120.253.135.82 - - [20/Apr/2020:10:53:15 +0800] "POST /xingrg/kc/pszx/mdps_list_operate.html HTTP/1.1" 200 205
180.156.150.85 - - [20/Apr/2020:10:53:15 +0800] "GET /xingrg/kc/buy/cgsh_order_operate.html?command=get_materiel&rest_code=00105&code=00101001080&supplier_code=00100323&order_time=2020-04-20 HTTP/1.1" 200 419
120.253.135.82 - - [20/Apr/2020:10:53:16 +0800] "GET /xingrg/kc/pszx/mdps_order_info.html?code=312020041800208 HTTP/1.1" 200 23855
120.253.135.82 - - [20/Apr/2020:10:53:16 +0800] "POST /xingrg/kc/pszx/mdps_order_operate.html HTTP/1.1" 200 2278
120.253.135.82 - - [20/Apr/2020:10:53:16 +0800] "GET /xingrg/javascript/easyui/themes/default/validatebox.css HTTP/1.1" 404 1104
180.162.102.27 - - [20/Apr/2020:10:53:16 +0800] "GET /xingrg/kc/buy/cgsh_order_add.html HTTP/1.1" 200 57365
120.253.135.82 - - [20/Apr/2020:10:53:16 +0800] "GET /xingrg/all/function/internal_message.html?_=1587350946686&CODE_STATE=getMsg HTTP/1.1" 200 27
180.162.102.27 - - [20/Apr/2020:10:53:17 +0800] "POST /xingrg/kc/buy/cgsh_order_operate.html HTTP/1.1" 200 8245
180.162.102.27 - - [20/Apr/2020:10:53:17 +0800] "GET /xingrg/javascript/easyui/themes/default/validatebox.css HTTP/1.1" 404 1104
124.77.69.152 - - [20/Apr/2020:10:53:18 +0800] "GET /xingrg/javascript/easyui/themes/default/images/button_plain_hover.png HTTP/1.1" 304 -
180.156.150.85 - - [20/Apr/2020:10:53:18 +0800] "GET /xingrg/all/function/internal_message.html?_=1587351199313&CODE_STATE=getMsg HTTP/1.1" 200 27
124.77.69.152 - - [20/Apr/2020:10:53:18 +0800] "GET /xingrg/javascript/pic_change.js HTTP/1.1" 304 -
124.77.69.152 - - [20/Apr/2020:10:53:18 +0800] "GET /xingrg/javascript/jquery_tools/order_manager.js HTTP/1.1" 304 -
124.77.69.152 - - [20/Apr/2020:10:53:18 +0800] "GET /xingrg/javascript/convert.js HTTP/1.1" 304 -
124.77.69.152 - - [20/Apr/2020:10:53:18 +0800] "GET /xingrg/javascript/json2.js HTTP/1.1" 304 -
124.77.69.152 - - [20/Apr/2020:10:53:18 +0800] "GET /xingrg/kc/buy/cgsh_order_add.html HTTP/1.1" 200 58183
124.77.69.152 - - [20/Apr/2020:10:53:18 +0800] "GET /xingrg/javascript/print/kc_print.js HTTP/1.1" 304 -
124.77.69.152 - - [20/Apr/2020:10:53:18 +0800] "GET /xingrg/words/20200419134308_words.js HTTP/1.1" 304 -
124.77.69.152 - - [20/Apr/2020:10:53:19 +0800] "GET /xingrg/javascript/easyui/themes/icons/copy_new.png HTTP/1.1" 304 -
124.77.69.152 - - [20/Apr/2020:10:53:19 +0800] "GET /xingrg/javascript/easyui/themes/icons/template_new.png HTTP/1.1" 304 -
124.77.69.152 - - [20/Apr/2020:10:53:19 +0800] "GET /xingrg/javascript/easyui/themes/icons/ok.png HTTP/1.1" 304 -
124.77.69.152 - - [20/Apr/2020:10:53:19 +0800] "GET /xingrg/javascript/easyui/themes/icons/print.png HTTP/1.1" 304 -
124.77.69.152 - - [20/Apr/2020:10:53:19 +0800] "GET /xingrg/javascript/easyui/themes/default/images/menu_downarrow.png HTTP/1.1" 304 -
124.77.69.152 - - [20/Apr/2020:10:53:19 +0800] "GET /xingrg/javascript/easyui/themes/icons/cancel.png HTTP/1.1" 304 -
124.77.69.152 - - [20/Apr/2020:10:53:19 +0800] "POST /xingrg/kc/buy/cgsh_order_operate.html HTTP/1.1" 200 8245
124.77.69.152 - - [20/Apr/2020:10:53:19 +0800] "GET /xingrg/javascript/easyui/themes/icons/edit_remove.png HTTP/1.1" 304 -
124.77.69.152 - - [20/Apr/2020:10:53:19 +0800] "GET /xingrg/all/common/auto_word.html?type=employee&rest_code=00107 HTTP/1.1" 200 197
124.77.69.152 - - [20/Apr/2020:10:53:19 +0800] "GET /xingrg/all/common/auto_word.html?type=employee&rest_code=00107 HTTP/1.1" 200 197
124.77.69.152 - - [20/Apr/2020:10:53:19 +0800] "GET /xingrg/javascript/easyui/themes/default/validatebox.css HTTP/1.1" 404 1104
124.77.69.152 - - [20/Apr/2020:10:53:19 +0800] "GET /xingrg/javascript/easyui/plugins/jquery.validatebox.js HTTP/1.1" 304 -
124.77.69.152 - - [20/Apr/2020:10:53:19 +0800] "GET /xingrg/javascript/easyui/plugins/jquery.numberbox.js HTTP/1.1" 304 -
120.253.135.82 - - [20/Apr/2020:10:53:20 +0800] "POST /xingrg/kc/pszx/mdps_order_operate.html HTTP/1.1" 200 37
120.253.135.82 - - [20/Apr/2020:10:53:20 +0800] "POST /xingrg/kc/pszx/mdps_order_operate.html HTTP/1.1" 200 12
120.253.135.82 - - [20/Apr/2020:10:53:21 +0800] "GET /xingrg/kc/pszx/mdps_order_info.html?code=312020041800208 HTTP/1.1" 200 19515
172.17.0.100 - - [20/Apr/2020:10:53:21 +0800] "GET /xingrg/all/function/internal_message.html?_=1587351201781&CODE_STATE=getMsg HTTP/1.1" 302 -
120.253.135.82 - - [20/Apr/2020:10:53:22 +0800] "POST /xingrg/kc/pszx/mdps_order_operate.html HTTP/1.1" 200 498
120.253.135.82 - - [20/Apr/2020:10:53:22 +0800] "GET /xingrg/javascript/easyui/themes/default/validatebox.css HTTP/1.1" 404 1104
180.162.232.172 - - [20/Apr/2020:10:53:22 +0800] "POST /xingrg/kc/buy/cgsh_order_operate.html HTTP/1.1" 200 12
172.17.0.119 - - [20/Apr/2020:10:53:22 +0800] "GET /xingrg/system/rest/query_items.html?_=1587351202229&table=menu&page=1&rows=20&categoryId=&key=%25E6%2596%2591%25E8%258A%2582%25E8%2599%25BE HTTP/1.1" 200 1901
180.162.232.172 - - [20/Apr/2020:10:53:22 +0800] "GET /xingrg/kc/buy/cgsh_order_info.html?code=212020042004814 HTTP/1.1" 200 52960
180.162.232.172 - - [20/Apr/2020:10:53:23 +0800] "GET /xingrg/javascript/easyui/themes/default/validatebox.css HTTP/1.1" 404 1104
180.162.102.27 - - [20/Apr/2020:10:53:23 +0800] "GET /xingrg/all/function/internal_message.html?_=1587350661530&CODE_STATE=getMsg HTTP/1.1" 200 27
180.162.232.172 - - [20/Apr/2020:10:53:23 +0800] "POST /xingrg/kc/buy/cgsh_order_operate.html HTTP/1.1" 200 608
120.253.135.82 - - [20/Apr/2020:10:53:24 +0800] "POST /xingrg/kc/pszx/mdps_list_operate.html HTTP/1.1" 200 5398
180.162.232.172 - - [20/Apr/2020:10:53:24 +0800] "GET /xingrg/kc/print/load_data.html?order_code=212020042004814&kc_code=cgsh&condition= HTTP/1.1" 200 715
180.156.150.85 - - [20/Apr/2020:10:53:25 +0800] "GET /xingrg/kc/buy/cgsh_order_operate.html?command=get_materiel&rest_code=00105&code=00101006040&supplier_code=00100323&order_time=2020-04-20 HTTP/1.1" 200 419
172.17.0.119 - - [20/Apr/2020:10:53:25 +0800] "GET /xingrg/system/rest/query_items.html?_=1587351204673&table=menu&page=1&rows=20&categoryId=&key=%25E6%2596%2591%25E8%258A%2582%25E8%2599%25BE HTTP/1.1" 200 1901
222.70.183.62 - - [20/Apr/2020:10:53:27 +0800] "GET /xingrg/check_reg.html?_=1587351206626 HTTP/1.1" 200 22
172.17.0.119 - - [20/Apr/2020:10:53:28 +0800] "GET /xingrg/system/rest/get_item.html?table=menu&id=1996&_=1587351207901 HTTP/1.1" 200 956
172.17.0.119 - - [20/Apr/2020:10:53:28 +0800] "GET /xingrg/system/rest/get_item.html?table=menu&target=menu_rest&id=1996&_=1587351207929 HTTP/1.1" 200 772
172.17.0.119 - - [20/Apr/2020:10:53:28 +0800] "GET /xingrg/system/rest/get_item.html?table=menu&target=cook_mode&id=1996&_=1587351207928 HTTP/1.1" 200 14339
172.17.0.119 - - [20/Apr/2020:10:53:29 +0800] "GET /xingrg/system/rest/get_infos.html?command=menu_img_show&id=1996 HTTP/1.1" 200 5
180.162.232.172 - - [20/Apr/2020:10:53:29 +0800] "GET /xingrg/kc/buy/cgsh_order_add.html HTTP/1.1" 200 58054
180.162.232.172 - - [20/Apr/2020:10:53:29 +0800] "POST /xingrg/kc/buy/cgsh_order_operate.html HTTP/1.1" 200 8245
180.162.232.172 - - [20/Apr/2020:10:53:29 +0800] "GET /xingrg/javascript/easyui/themes/default/validatebox.css HTTP/1.1" 404 1104
120.253.135.82 - - [20/Apr/2020:10:53:33 +0800] "POST /xingrg/kc/pszx/mdps_list_operate.html HTTP/1.1" 200 205
120.253.135.82 - - [20/Apr/2020:10:53:33 +0800] "GET /xingrg/kc/pszx/mdps_order_info.html?code=312020041800207 HTTP/1.1" 200 23855
120.253.135.82 - - [20/Apr/2020:10:53:34 +0800] "POST /xingrg/kc/pszx/mdps_order_operate.html HTTP/1.1" 200 2278
120.253.135.82 - - [20/Apr/2020:10:53:34 +0800] "GET /xingrg/javascript/easyui/themes/default/validatebox.css HTTP/1.1" 404 1104
180.162.232.172 - - [20/Apr/2020:10:53:37 +0800] "GET /xingrg/kc/buy/cgsh_order_operate.html?command=get_materiel&rest_code=00150&code=00101001051&supplier_code=00100090&order_time=2020-04-20 HTTP/1.1" 200 422
120.253.135.82 - - [20/Apr/2020:10:53:40 +0800] "POST /xingrg/kc/pszx/mdps_order_operate.html HTTP/1.1" 200 37
117.131.5.26 - - [20/Apr/2020:10:53:40 +0800] "GET /xingrg/all/function/internal_message.html?_=1587351570451&CODE_STATE=getMsg HTTP/1.1" 200 27
222.70.183.62 - - [20/Apr/2020:10:53:40 +0800] "GET /xingrg/all/function/internal_message.html?_=1587351547625&CODE_STATE=getMsg HTTP/1.1" 200 27
120.253.135.82 - - [20/Apr/2020:10:53:40 +0800] "POST /xingrg/kc/pszx/mdps_order_operate.html HTTP/1.1" 200 12
120.253.135.82 - - [20/Apr/2020:10:53:41 +0800] "GET /xingrg/kc/pszx/mdps_order_info.html?code=312020041800207 HTTP/1.1" 200 19515
120.253.135.82 - - [20/Apr/2020:10:53:42 +0800] "POST /xingrg/kc/pszx/mdps_order_operate.html HTTP/1.1" 200 498
120.253.135.82 - - [20/Apr/2020:10:53:42 +0800] "GET /xingrg/javascript/easyui/themes/default/validatebox.css HTTP/1.1" 404 1104
120.253.135.82 - - [20/Apr/2020:10:53:43 +0800] "POST /xingrg/kc/pszx/mdps_list_operate.html HTTP/1.1" 200 5180
120.253.135.82 - - [20/Apr/2020:10:53:45 +0800] "POST /xingrg/kc/pszx/mdps_list_operate.html HTTP/1.1" 200 644
120.253.135.82 - - [20/Apr/2020:10:53:45 +0800] "GET /xingrg/kc/pszx/mdps_order_info.html?code=312020041900220 HTTP/1.1" 200 23847
120.253.135.82 - - [20/Apr/2020:10:53:45 +0800] "POST /xingrg/kc/pszx/mdps_order_operate.html HTTP/1.1" 200 6394
120.253.135.82 - - [20/Apr/2020:10:53:45 +0800] "GET /xingrg/javascript/easyui/themes/default/validatebox.css HTTP/1.1" 404 1104
180.162.232.172 - - [20/Apr/2020:10:53:46 +0800] "GET /xingrg/kc/buy/cgsh_order_operate.html?command=get_materiel&rest_code=00150&code=00101001125&supplier_code=00100090&order_time=2020-04-20 HTTP/1.1" 200 434
114.84.33.255 - - [20/Apr/2020:10:53:49 +0800] "GET /xingrg/all/function/internal_message.html?_=1587351233934&CODE_STATE=getMsg HTTP/1.1" 200 27
222.69.139.156 - - [20/Apr/2020:10:53:50 +0800] "GET /xingrg/check_reg.html?_=1587351229584 HTTP/1.1" 200 22
222.69.139.156 - - [20/Apr/2020:10:53:50 +0800] "GET /xingrg/all/function/internal_message.html?_=1587351229587&CODE_STATE=getMsg HTTP/1.1" 200 27
172.17.0.119 - - [20/Apr/2020:10:53:53 +0800] "POST /xingrg/system/rest/edit_item.html HTTP/1.1" 200 4
172.17.0.119 - - [20/Apr/2020:10:53:53 +0800] "GET /xingrg/system/rest/get_item.html?table=menu&id=1996&_=1587351233328 HTTP/1.1" 200 956
183.192.164.214 - - [20/Apr/2020:10:53:55 +0800] "GET /xingrg/check_reg.html?_=1587350555424 HTTP/1.1" 302 -
172.17.0.119 - - [20/Apr/2020:10:53:55 +0800] "GET /xingrg/system/rest/query_items.html?_=1587351235249&table=menu&page=1&rows=20&categoryId=&key=%25E6%2596%2591%25E8%258A%2582%25E8%2599%25BE HTTP/1.1" 200 1901
180.156.150.85 - - [20/Apr/2020:10:53:56 +0800] "POST /xingrg/kc/buy/cgsh_order_operate.html HTTP/1.1" 200 37
120.253.135.82 - - [20/Apr/2020:10:53:57 +0800] "GET /xingrg/check_reg.html?_=1587351371682 HTTP/1.1" 200 22
180.156.150.85 - - [20/Apr/2020:10:53:57 +0800] "POST /xingrg/kc/buy/cgsh_order_operate.html HTTP/1.1" 200 3854
120.253.135.82 - - [20/Apr/2020:10:53:58 +0800] "GET /xingrg/all/function/internal_message.html?_=1587351373082&CODE_STATE=getMsg HTTP/1.1" 200 27
124.77.69.152 - - [20/Apr/2020:10:53:58 +0800] "GET /xingrg/javascript/auto/indicator.gif HTTP/1.1" 404 1066
180.156.150.85 - - [20/Apr/2020:10:53:58 +0800] "GET /xingrg/kc/print/load_data.html?order_code=212020042004815&kc_code=cgsh&condition= HTTP/1.1" 200 1136
114.82.213.91 - - [20/Apr/2020:10:53:59 +0800] "GET /xingrg/all/function/internal_message.html?_=1587350317321&CODE_STATE=getMsg HTTP/1.1" 200 27
183.192.164.214 - - [20/Apr/2020:10:54:00 +0800] "GET /xingrg/login.html HTTP/1.1" 200 7641
180.162.232.172 - - [20/Apr/2020:10:54:01 +0800] "POST /xingrg/kc/buy/cgsh_order_operate.html HTTP/1.1" 200 37
120.253.135.82 - - [20/Apr/2020:10:54:02 +0800] "POST /xingrg/kc/pszx/mdps_order_operate.html HTTP/1.1" 200 37
120.253.135.82 - - [20/Apr/2020:10:54:03 +0800] "POST /xingrg/kc/pszx/mdps_order_operate.html HTTP/1.1" 200 12
120.253.135.82 - - [20/Apr/2020:10:54:04 +0800] "GET /xingrg/kc/pszx/mdps_order_info.html?code=312020041900220 HTTP/1.1" 200 19507
180.162.232.172 - - [20/Apr/2020:10:54:04 +0800] "POST /xingrg/kc/buy/cgsh_order_operate.html HTTP/1.1" 200 12
120.253.135.82 - - [20/Apr/2020:10:54:04 +0800] "POST /xingrg/kc/pszx/mdps_order_operate.html HTTP/1.1" 200 4578
120.253.135.82 - - [20/Apr/2020:10:54:05 +0800] "GET /xingrg/javascript/easyui/themes/default/validatebox.css HTTP/1.1" 404 1104
172.17.0.119 - - [20/Apr/2020:10:54:05 +0800] "GET /xingrg/system/rest/get_item.html?table=menu&target=menu_rest_detail&id=1996&sid=12&_=1587351244653 HTTP/1.1" 200 430
180.162.232.172 - - [20/Apr/2020:10:54:05 +0800] "GET /xingrg/kc/buy/cgsh_order_info.html?code=212020042004816 HTTP/1.1" 200 52960
120.253.135.82 - - [20/Apr/2020:10:54:06 +0800] "POST /xingrg/kc/pszx/mdps_list_operate.html HTTP/1.1" 200 4811
180.162.232.172 - - [20/Apr/2020:10:54:06 +0800] "GET /xingrg/javascript/easyui/themes/default/validatebox.css HTTP/1.1" 404 1104
180.162.232.172 - - [20/Apr/2020:10:54:06 +0800] "POST /xingrg/kc/buy/cgsh_order_operate.html HTTP/1.1" 200 1216
172.17.0.119 - - [20/Apr/2020:10:54:06 +0800] "GET /xingrg/system/rest/get_item.html?table=menu&target=menu_rest_detail&id=1996&sid=14&_=1587351246217 HTTP/1.1" 200 430
114.86.190.97 - - [20/Apr/2020:10:54:06 +0800] "GET /xingrg/all/function/internal_message.html?_=1587351245395&CODE_STATE=getMsg HTTP/1.1" 200 27
114.86.190.97 - - [20/Apr/2020:10:54:07 +0800] "GET /xingrg/check_reg.html?_=1587351245402 HTTP/1.1" 200 22
172.17.0.119 - - [20/Apr/2020:10:54:07 +0800] "GET /xingrg/system/rest/get_item.html?table=menu&target=menu_rest_detail&id=1996&sid=13&_=1587351246756 HTTP/1.1" 200 430
124.77.69.152 - - [20/Apr/2020:10:54:07 +0800] "GET /xingrg/all/function/internal_message.html?_=1587350488023&CODE_STATE=getMsg HTTP/1.1" 200 27
180.162.232.172 - - [20/Apr/2020:10:54:08 +0800] "GET /xingrg/kc/print/load_data.html?order_code=212020042004816&kc_code=cgsh&condition= HTTP/1.1" 200 1017
120.253.135.82 - - [20/Apr/2020:10:54:08 +0800] "POST /xingrg/kc/pszx/mdps_list_operate.html HTTP/1.1" 200 217
120.253.135.82 - - [20/Apr/2020:10:54:08 +0800] "GET /xingrg/kc/pszx/mdps_order_info.html?code=312020041400120 HTTP/1.1" 200 23847
120.253.135.82 - - [20/Apr/2020:10:54:08 +0800] "POST /xingrg/kc/pszx/mdps_order_operate.html HTTP/1.1" 200 2311
120.253.135.82 - - [20/Apr/2020:10:54:09 +0800] "GET /xingrg/javascript/easyui/themes/default/validatebox.css HTTP/1.1" 404 1104
172.17.0.119 - - [20/Apr/2020:10:54:09 +0800] "GET /xingrg/all/function/internal_message.html?_=1587351249427&CODE_STATE=getMsg HTTP/1.1" 200 27
114.88.159.93 - - [20/Apr/2020:10:54:10 +0800] "GET /xingrg/all/function/internal_message.html?_=1587351250488&CODE_STATE=getMsg HTTP/1.1" 200 27
180.162.232.172 - - [20/Apr/2020:10:54:12 +0800] "GET /xingrg/kc/buy/cgsh_order_add.html HTTP/1.1" 200 58054
180.162.232.172 - - [20/Apr/2020:10:54:12 +0800] "POST /xingrg/kc/buy/cgsh_order_operate.html HTTP/1.1" 200 8245
180.162.232.172 - - [20/Apr/2020:10:54:13 +0800] "GET /xingrg/javascript/easyui/themes/default/validatebox.css HTTP/1.1" 404 1104
116.232.36.192 - - [20/Apr/2020:10:54:13 +0800] "POST /xingrg/services/DataTransmitService HTTP/1.1" 200 524
117.185.32.26 - - [20/Apr/2020:10:54:14 +0800] "GET /xingrg/all/function/internal_message.html?_=1587351252645&CODE_STATE=getMsg HTTP/1.1" 200 27
120.253.135.82 - - [20/Apr/2020:10:54:14 +0800] "POST /xingrg/kc/pszx/mdps_order_operate.html HTTP/1.1" 200 37
120.253.135.82 - - [20/Apr/2020:10:54:15 +0800] "POST /xingrg/kc/pszx/mdps_order_operate.html HTTP/1.1" 200 12
124.77.69.152 - - [20/Apr/2020:10:54:15 +0800] "GET /xingrg/javascript/jquery_easy_ui/themes/default/images/button_a_bg.gif HTTP/1.1" 304 -
124.77.69.152 - - [20/Apr/2020:10:54:15 +0800] "GET /xingrg/javascript/jquery_easy_ui/themes/default/images/button_span_bg.gif HTTP/1.1" 304 -
124.77.69.152 - - [20/Apr/2020:10:54:15 +0800] "GET /xingrg/javascript/jquery_easy_ui/themes/icons/ok.png HTTP/1.1" 304 -
124.77.69.152 - - [20/Apr/2020:10:54:15 +0800] "GET /xingrg/javascript/jquery_easy_ui/themes/default/images/panel_tools.gif HTTP/1.1" 304 -
124.77.69.152 - - [20/Apr/2020:10:54:15 +0800] "GET /xingrg/javascript/jquery_easy_ui/themes/default/images/panel_title.png HTTP/1.1" 304 -
120.253.135.82 - - [20/Apr/2020:10:54:15 +0800] "GET /xingrg/kc/pszx/mdps_order_info.html?code=312020041400120 HTTP/1.1" 200 19507
180.162.232.172 - - [20/Apr/2020:10:54:16 +0800] "GET /xingrg/all/function/internal_message.html?_=1587351255727&CODE_STATE=getMsg HTTP/1.1" 200 27
120.253.135.82 - - [20/Apr/2020:10:54:16 +0800] "POST /xingrg/kc/pszx/mdps_order_operate.html HTTP/1.1" 200 533
120.253.135.82 - - [20/Apr/2020:10:54:16 +0800] "GET /xingrg/javascript/easyui/themes/default/validatebox.css HTTP/1.1" 404 1104
120.253.135.82 - - [20/Apr/2020:10:54:16 +0800] "GET /xingrg/all/function/internal_message.html?_=1587351006700&CODE_STATE=getMsg HTTP/1.1" 200 27
120.253.135.82 - - [20/Apr/2020:10:54:18 +0800] "POST /xingrg/kc/pszx/mdps_list_operate.html HTTP/1.1" 200 4443
180.156.150.85 - - [20/Apr/2020:10:54:18 +0800] "GET /xingrg/all/function/internal_message.html?_=1587351259290&CODE_STATE=getMsg HTTP/1.1" 200 27
124.77.69.152 - - [20/Apr/2020:10:54:18 +0800] "POST /xingrg/all/user/operate.html HTTP/1.1" 200 36
124.77.69.152 - - [20/Apr/2020:10:54:18 +0800] "GET /xingrg/javascript/jquery_easy_ui/themes/default/easyui.css HTTP/1.1" 304 -
124.77.69.152 - - [20/Apr/2020:10:54:18 +0800] "GET /xingrg/javascript/jquery_easy_ui/themes/icon.css HTTP/1.1" 304 -
124.77.69.152 - - [20/Apr/2020:10:54:18 +0800] "GET /xingrg/index.html?sysBaseUrl=http%3A%2F%2F180.169.147.146%3A18081%2Fxingrg%2F&costTime=40×tamp=1587350886465 HTTP/1.1" 200 17177
124.77.69.152 - - [20/Apr/2020:10:54:18 +0800] "GET /xingrg/css/form.css HTTP/1.1" 304 -
124.77.69.152 - - [20/Apr/2020:10:54:19 +0800] "GET /xingrg/javascript/jquery-1.4.2.min.js HTTP/1.1" 304 -
124.77.69.152 - - [20/Apr/2020:10:54:19 +0800] "GET /xingrg/javascript/jquery_easy_ui/jquery.easyui.min.js HTTP/1.1" 304 -
124.77.69.152 - - [20/Apr/2020:10:54:19 +0800] "GET /xingrg/javascript/jquery_easy_ui/easyui-lang-zh_CN.js HTTP/1.1" 304 -
124.77.69.152 - - [20/Apr/2020:10:54:19 +0800] "GET /xingrg/javascript/jquery.form.js HTTP/1.1" 304 -
124.77.69.152 - - [20/Apr/2020:10:54:19 +0800] "GET /xingrg/javascript/jquery.utils.js HTTP/1.1" 304 -
124.77.69.152 - - [20/Apr/2020:10:54:19 +0800] "GET /xingrg/javascript/jquery.timers.js HTTP/1.1" 304 -
124.77.69.152 - - [20/Apr/2020:10:54:19 +0800] "GET /xingrg/images/blue/jxLogo.png HTTP/1.1" 304 -
124.77.69.152 - - [20/Apr/2020:10:54:19 +0800] "GET /xingrg/images/blue/navBackgound.jpg HTTP/1.1" 304 -
124.77.69.152 - - [20/Apr/2020:10:54:19 +0800] "GET /xingrg/javascript/jquery_easy_ui/themes/icons/settle_new.png HTTP/1.1" 304 -
124.77.69.152 - - [20/Apr/2020:10:54:19 +0800] "GET /xingrg/images/blue/pingpu.png HTTP/1.1" 304 -
124.77.69.152 - - [20/Apr/2020:10:54:19 +0800] "GET /xingrg/javascript/jquery_easy_ui/themes/default/images/tabs_leftarrow.png HTTP/1.1" 304 -
124.77.69.152 - - [20/Apr/2020:10:54:19 +0800] "GET /xingrg/javascript/jquery_easy_ui/themes/default/images/tabs_rightarrow.png HTTP/1.1" 304 -
124.77.69.152 - - [20/Apr/2020:10:54:19 +0800] "GET /xingrg/javascript/jquery_easy_ui/themes/default/images/panel_tool_collapse.gif HTTP/1.1" 304 -
124.77.69.152 - - [20/Apr/2020:10:54:19 +0800] "POST /xingrg/all/common/load_tree.html?tree=area_rest_tree_json&manage=1 HTTP/1.1" 200 476
124.77.69.152 - - [20/Apr/2020:10:54:19 +0800] "GET /xingrg/all/function/internal_message.html?_=1587350500043&CODE_STATE=count HTTP/1.1" 200 11
124.77.69.152 - - [20/Apr/2020:10:54:19 +0800] "GET /xingrg/check_reg.html?_=1587350500046 HTTP/1.1" 200 22
124.77.69.152 - - [20/Apr/2020:10:54:19 +0800] "POST /xingrg/load_menu.html HTTP/1.1" 200 5138
172.17.0.119 - - [20/Apr/2020:10:54:20 +0800] "POST /xingrg/system/rest/edit_item.html HTTP/1.1" 200 4
172.17.0.119 - - [20/Apr/2020:10:54:20 +0800] "GET /xingrg/system/rest/get_item.html?table=menu&target=menu_rest&id=1996&_=1587351260325 HTTP/1.1" 200 772
172.17.0.100 - - [20/Apr/2020:10:54:21 +0800] "GET /xingrg/check_reg.html?_=1587351261775 HTTP/1.1" 302 -
172.17.0.100 - - [20/Apr/2020:10:54:21 +0800] "GET /xingrg/all/function/internal_message.html?_=1587351261780&CODE_STATE=getMsg HTTP/1.1" 302 -
124.77.69.152 - - [20/Apr/2020:10:54:22 +0800] "GET /xingrg/kc/buy/cgsh_order_list.html HTTP/1.1" 200 42519
172.17.0.119 - - [20/Apr/2020:10:54:23 +0800] "GET /xingrg/system/rest/get_item.html?table=menu&target=menu_rest_detail&id=1996&sid=13&_=1587351262353 HTTP/1.1" 200 430
180.162.102.27 - - [20/Apr/2020:10:54:23 +0800] "GET /xingrg/all/function/internal_message.html?_=1587350721515&CODE_STATE=getMsg HTTP/1.1" 200 27
124.77.69.152 - - [20/Apr/2020:10:54:23 +0800] "POST /xingrg/kc/buy/cgsh_list_operate.html HTTP/1.1" 200 876
124.77.69.152 - - [20/Apr/2020:10:54:24 +0800] "GET /xingrg/kc/buy/cgsh_order_add.html HTTP/1.1" 200 57261
124.77.69.152 - - [20/Apr/2020:10:54:25 +0800] "POST /xingrg/kc/buy/cgsh_order_operate.html HTTP/1.1" 200 8245
124.77.69.152 - - [20/Apr/2020:10:54:25 +0800] "GET /xingrg/all/common/auto_word.html?type=employee&rest_code=00153 HTTP/1.1" 200 47
124.77.69.152 - - [20/Apr/2020:10:54:25 +0800] "GET /xingrg/all/common/auto_word.html?type=employee&rest_code=00153 HTTP/1.1" 200 47
172.17.0.119 - - [20/Apr/2020:10:54:25 +0800] "GET /xingrg/system/rest/get_item.html?table=menu&target=menu_rest_detail&id=1996&sid=16&_=1587351264830 HTTP/1.1" 200 430
124.77.69.152 - - [20/Apr/2020:10:54:25 +0800] "GET /xingrg/javascript/easyui/themes/default/validatebox.css HTTP/1.1" 404 1104
180.162.232.172 - - [20/Apr/2020:10:54:26 +0800] "GET /xingrg/kc/buy/cgsh_order_operate.html?command=get_materiel&rest_code=00150&code=00101008328&supplier_code=00100338&order_time=2020-04-20 HTTP/1.1" 200 410
172.17.0.119 - - [20/Apr/2020:10:54:30 +0800] "GET /xingrg/system/rest/get_item.html?table=menu&target=menu_rest_detail&id=1996&sid=13&_=1587351270321 HTTP/1.1" 200 430
172.17.0.119 - - [20/Apr/2020:10:54:34 +0800] "GET /xingrg/system/rest/get_item.html?table=menu&target=menu_rest_detail&id=1996&sid=16&_=1587351273981 HTTP/1.1" 200 430
117.131.5.26 - - [20/Apr/2020:10:54:40 +0800] "GET /xingrg/all/function/internal_message.html?_=1587351630475&CODE_STATE=getMsg HTTP/1.1" 200 27
222.70.183.62 - - [20/Apr/2020:10:54:40 +0800] "GET /xingrg/all/function/internal_message.html?_=1587351607597&CODE_STATE=getMsg HTTP/1.1" 200 27
180.162.232.172 - - [20/Apr/2020:10:54:41 +0800] "POST /xingrg/kc/buy/cgsh_order_operate.html HTTP/1.1" 200 37
172.17.0.119 - - [20/Apr/2020:10:54:44 +0800] "POST /xingrg/system/rest/edit_item.html HTTP/1.1" 200 4
172.17.0.119 - - [20/Apr/2020:10:54:44 +0800] "GET /xingrg/system/rest/get_item.html?table=menu&id=1996&_=1587351283500 HTTP/1.1" 200 956
180.162.232.172 - - [20/Apr/2020:10:54:44 +0800] "POST /xingrg/kc/buy/cgsh_order_operate.html HTTP/1.1" 200 12
180.162.232.172 - - [20/Apr/2020:10:54:45 +0800] "GET /xingrg/kc/buy/cgsh_order_info.html?code=212020042004817 HTTP/1.1" 200 52960
172.17.0.119 - - [20/Apr/2020:10:54:45 +0800] "GET /xingrg/system/rest/query_items.html?_=1587351285118&table=menu&page=1&rows=20&categoryId=&key=%25E6%2596%2591%25E8%258A%2582%25E8%2599%25BE HTTP/1.1" 200 1901
180.162.232.172 - - [20/Apr/2020:10:54:45 +0800] "GET /xingrg/javascript/easyui/themes/default/validatebox.css HTTP/1.1" 404 1104
180.162.232.172 - - [20/Apr/2020:10:54:46 +0800] "POST /xingrg/kc/buy/cgsh_order_operate.html HTTP/1.1" 200 604
180.162.232.172 - - [20/Apr/2020:10:54:47 +0800] "GET /xingrg/kc/print/load_data.html?order_code=212020042004817&kc_code=cgsh&condition= HTTP/1.1" 200 705
114.84.33.255 - - [20/Apr/2020:10:54:50 +0800] "GET /xingrg/all/function/internal_message.html?_=1587351294139&CODE_STATE=getMsg HTTP/1.1" 200 27
172.17.0.119 - - [20/Apr/2020:10:54:50 +0800] "POST /xingrg/system/rest/edit_item.html HTTP/1.1" 200 4
172.17.0.119 - - [20/Apr/2020:10:54:50 +0800] "GET /xingrg/system/rest/get_item.html?table=menu&id=1996&_=1587351289657 HTTP/1.1" 200 956
222.69.139.156 - - [20/Apr/2020:10:54:50 +0800] "GET /xingrg/all/function/internal_message.html?_=1587351289586&CODE_STATE=getMsg HTTP/1.1" 200 27
180.162.232.172 - - [20/Apr/2020:10:54:51 +0800] "GET /xingrg/kc/buy/cgsh_order_add.html HTTP/1.1" 200 58054
101.89.19.149 - - [20/Apr/2020:10:54:51 +0800] "GET /xingrg/all/function/internal_message.html?_=1587350590777&CODE_STATE=getMsg HTTP/1.1" 302 -
180.162.232.172 - - [20/Apr/2020:10:54:51 +0800] "POST /xingrg/kc/buy/cgsh_order_operate.html HTTP/1.1" 200 8245
180.162.232.172 - - [20/Apr/2020:10:54:51 +0800] "GET /xingrg/javascript/easyui/themes/default/validatebox.css HTTP/1.1" 404 1104
172.17.0.119 - - [20/Apr/2020:10:54:52 +0800] "GET /xingrg/system/rest/query_items.html?_=1587351292019&table=menu&page=1&rows=20&categoryId=&key=%25E6%2596%2591%25E8%258A%2582%25E8%2599%25BE HTTP/1.1" 200 1901
101.89.19.149 - - [20/Apr/2020:10:54:55 +0800] "GET /xingrg/login.html HTTP/1.1" 200 7641
120.253.135.82 - - [20/Apr/2020:10:54:55 +0800] "POST /xingrg/kc/pszx/mdps_list_operate.html HTTP/1.1" 200 283
120.253.135.82 - - [20/Apr/2020:10:54:56 +0800] "GET /xingrg/kc/pszx/mdps_order_info.html?code=312020042000226 HTTP/1.1" 200 23843
120.253.135.82 - - [20/Apr/2020:10:54:56 +0800] "POST /xingrg/kc/pszx/mdps_order_operate.html HTTP/1.1" 200 2777
120.253.135.82 - - [20/Apr/2020:10:54:56 +0800] "GET /xingrg/javascript/easyui/themes/default/validatebox.css HTTP/1.1" 404 1104
120.253.135.82 - - [20/Apr/2020:10:54:58 +0800] "GET /xingrg/all/function/internal_message.html?_=1587351433092&CODE_STATE=getMsg HTTP/1.1" 200 27
180.162.232.172 - - [20/Apr/2020:10:54:58 +0800] "GET /xingrg/kc/buy/cgsh_order_operate.html?command=get_materiel&rest_code=00150&code=00101002006&supplier_code=00100091&order_time=2020-04-20 HTTP/1.1" 200 414
120.253.135.82 - - [20/Apr/2020:10:54:59 +0800] "POST /xingrg/kc/pszx/mdps_list_operate.html HTTP/1.1" 200 4443
114.82.213.91 - - [20/Apr/2020:10:54:59 +0800] "GET /xingrg/all/function/internal_message.html?_=1587350377335&CODE_STATE=getMsg HTTP/1.1" 200 27
120.253.135.82 - - [20/Apr/2020:10:55:02 +0800] "GET /xingrg/kc/pszx/mdqp_order_list.html?state=10 HTTP/1.1" 200 10079
120.253.135.82 - - [20/Apr/2020:10:55:02 +0800] "GET /xingrg/dwr/interface/AjaxReportQueryService.js HTTP/1.1" 200 13203
120.253.135.82 - - [20/Apr/2020:10:55:02 +0800] "GET /xingrg/dwr/interface/AjaxQqpsService.js HTTP/1.1" 200 16326
120.253.135.82 - - [20/Apr/2020:10:55:02 +0800] "GET /xingrg/dwr/engine.js HTTP/1.1" 200 43631
180.162.102.27 - - [20/Apr/2020:10:55:05 +0800] "GET /xingrg/kc/buy/cgsh_order_operate.html?command=get_materiel&rest_code=00142&code=00101008005&supplier_code=00100161&order_time=2020-04-20 HTTP/1.1" 200 412
114.86.190.97 - - [20/Apr/2020:10:55:07 +0800] "GET /xingrg/all/function/internal_message.html?_=1587351305405&CODE_STATE=getMsg HTTP/1.1" 200 27
120.253.135.82 - - [20/Apr/2020:10:55:08 +0800] "GET /xingrg/kc/pszx/mdps_order_list.html?orderType=0 HTTP/1.1" 200 20964
120.253.135.82 - - [20/Apr/2020:10:55:08 +0800] "POST /xingrg/kc/pszx/mdps_list_operate.html HTTP/1.1" 200 5256
172.17.0.119 - - [20/Apr/2020:10:55:09 +0800] "GET /xingrg/system/rest/query_items.html?_=1587351308942&table=menu&page=1&rows=20&categoryId=&key=%25E5%25B8%259D%25E7%258E%258B%25E8%259F%25B9 HTTP/1.1" 200 3875
114.88.159.93 - - [20/Apr/2020:10:55:10 +0800] "GET /xingrg/all/function/internal_message.html?_=1587351310466&CODE_STATE=getMsg HTTP/1.1" 200 27
172.17.0.119 - - [20/Apr/2020:10:55:10 +0800] "GET /xingrg/all/function/internal_message.html?_=1587351309504&CODE_STATE=getMsg HTTP/1.1" 200 27
172.17.0.119 - - [20/Apr/2020:10:55:11 +0800] "GET /xingrg/system/rest/query_items.html?_=1587351310930&table=menu&page=1&rows=20&categoryId=&key=%25E5%25B8%259D%25E7%258E%258B%25E8%259F%25B9 HTTP/1.1" 200 3875
180.156.150.85 - - [20/Apr/2020:10:55:11 +0800] "GET /xingrg/kc/buy/cgsh_order_add.html HTTP/1.1" 200 58130
180.156.150.85 - - [20/Apr/2020:10:55:11 +0800] "POST /xingrg/kc/buy/cgsh_order_operate.html HTTP/1.1" 200 8245
180.156.150.85 - - [20/Apr/2020:10:55:12 +0800] "GET /xingrg/javascript/easyui/themes/default/validatebox.css HTTP/1.1" 404 1104
172.17.0.119 - - [20/Apr/2020:10:55:13 +0800] "GET /xingrg/system/rest/get_item.html?table=menu&id=2023&_=1587351313244 HTTP/1.1" 200 953
172.17.0.119 - - [20/Apr/2020:10:55:13 +0800] "GET /xingrg/system/rest/get_item.html?table=menu&target=menu_rest&id=2023&_=1587351313266 HTTP/1.1" 200 855
172.17.0.119 - - [20/Apr/2020:10:55:13 +0800] "GET /xingrg/system/rest/get_item.html?table=menu&target=cook_mode&id=2023&_=1587351313263 HTTP/1.1" 200 27807
117.185.32.26 - - [20/Apr/2020:10:55:14 +0800] "GET /xingrg/all/function/internal_message.html?_=1587351312645&CODE_STATE=getMsg HTTP/1.1" 200 27
172.17.0.119 - - [20/Apr/2020:10:55:14 +0800] "GET /xingrg/system/rest/get_infos.html?command=menu_img_show&id=2023 HTTP/1.1" 200 5
180.162.232.172 - - [20/Apr/2020:10:55:14 +0800] "POST /xingrg/kc/buy/cgsh_order_operate.html HTTP/1.1" 200 37
114.84.32.201 - - [20/Apr/2020:10:55:14 +0800] "GET /xingrg/check_reg.html?_=1587351314357 HTTP/1.1" 200 22
180.162.102.27 - - [20/Apr/2020:10:55:15 +0800] "GET /xingrg/kc/buy/cgsh_order_operate.html?command=get_materiel&rest_code=00142&code=00101008141&supplier_code=00100161&order_time=2020-04-20 HTTP/1.1" 200 412
180.162.232.172 - - [20/Apr/2020:10:55:16 +0800] "POST /xingrg/kc/buy/cgsh_order_operate.html HTTP/1.1" 200 12
120.253.135.82 - - [20/Apr/2020:10:55:17 +0800] "GET /xingrg/all/function/internal_message.html?_=1587351066867&CODE_STATE=getMsg HTTP/1.1" 200 27
180.162.232.172 - - [20/Apr/2020:10:55:17 +0800] "GET /xingrg/kc/buy/cgsh_order_info.html?code=212020042004818 HTTP/1.1" 200 52960
180.162.232.172 - - [20/Apr/2020:10:55:17 +0800] "GET /xingrg/javascript/easyui/themes/default/validatebox.css HTTP/1.1" 404 1104
180.162.232.172 - - [20/Apr/2020:10:55:18 +0800] "POST /xingrg/kc/buy/cgsh_order_operate.html HTTP/1.1" 200 613
180.156.150.85 - - [20/Apr/2020:10:55:18 +0800] "GET /xingrg/all/function/internal_message.html?_=1587351319266&CODE_STATE=getMsg HTTP/1.1" 200 27
180.162.232.172 - - [20/Apr/2020:10:55:19 +0800] "GET /xingrg/kc/print/load_data.html?order_code=212020042004818&kc_code=cgsh&condition= HTTP/1.1" 200 778
124.77.69.152 - - [20/Apr/2020:10:55:19 +0800] "GET /xingrg/all/function/internal_message.html?_=1587350560063&CODE_STATE=getMsg HTTP/1.1" 200 27
172.17.0.100 - - [20/Apr/2020:10:55:21 +0800] "GET /xingrg/all/function/internal_message.html?_=1587351321780&CODE_STATE=getMsg HTTP/1.1" 302 -
180.162.102.27 - - [20/Apr/2020:10:55:22 +0800] "GET /xingrg/kc/buy/cgsh_order_operate.html?command=get_materiel&rest_code=00142&code=00101008261&supplier_code=00100161&order_time=2020-04-20 HTTP/1.1" 200 408
180.162.232.172 - - [20/Apr/2020:10:55:23 +0800] "GET /xingrg/kc/buy/cgsh_order_add.html HTTP/1.1" 200 58054
180.162.102.27 - - [20/Apr/2020:10:55:23 +0800] "GET /xingrg/all/function/internal_message.html?_=1587350781527&CODE_STATE=getMsg HTTP/1.1" 200 27
180.162.232.172 - - [20/Apr/2020:10:55:23 +0800] "POST /xingrg/kc/buy/cgsh_order_operate.html HTTP/1.1" 200 8245
180.162.232.172 - - [20/Apr/2020:10:55:23 +0800] "GET /xingrg/javascript/easyui/themes/default/validatebox.css HTTP/1.1" 404 1104
180.156.150.85 - - [20/Apr/2020:10:55:28 +0800] "GET /xingrg/kc/buy/cgsh_order_operate.html?command=get_materiel&rest_code=00105&code=00101006083&supplier_code=00100324&order_time=2020-04-20 HTTP/1.1" 200 430
172.17.0.119 - - [20/Apr/2020:10:55:29 +0800] "POST /xingrg/system/rest/edit_item.html HTTP/1.1" 200 4
172.17.0.119 - - [20/Apr/2020:10:55:29 +0800] "GET /xingrg/system/rest/get_item.html?table=menu&id=2023&_=1587351329074 HTTP/1.1" 200 955
180.162.232.172 - - [20/Apr/2020:10:55:30 +0800] "GET /xingrg/kc/buy/cgsh_order_operate.html?command=get_materiel&rest_code=00150&code=00101001115&supplier_code=00100089&order_time=2020-04-20 HTTP/1.1" 200 413
222.70.183.62 - - [20/Apr/2020:10:55:31 +0800] "GET /xingrg/javascript/auto/indicator.gif HTTP/1.1" 404 1066
172.17.0.119 - - [20/Apr/2020:10:55:31 +0800] "GET /xingrg/system/rest/query_items.html?_=1587351330947&table=menu&page=1&rows=20&categoryId=&key=%25E5%25B8%259D%25E7%258E%258B%25E8%259F%25B9 HTTP/1.1" 200 3875
180.162.102.27 - - [20/Apr/2020:10:55:31 +0800] "GET /xingrg/kc/buy/cgsh_order_operate.html?command=get_materiel&rest_code=00142&code=00101008268&supplier_code=00100161&order_time=2020-04-20 HTTP/1.1" 200 408
222.70.183.62 - - [20/Apr/2020:10:55:32 +0800] "GET /xingrg/javascript/jquery_tools/images/next.gif HTTP/1.1" 404 1086
222.70.183.62 - - [20/Apr/2020:10:55:32 +0800] "GET /xingrg/javascript/jquery_tools/images/prev.gif HTTP/1.1" 404 1086
222.70.183.62 - - [20/Apr/2020:10:55:38 +0800] "GET /xingrg/kc/buy/cgsh_order_operate.html?command=get_materiel&rest_code=00111&code=00101004038&supplier_code=00100347&order_time=2020-04-20 HTTP/1.1" 200 409
180.162.102.27 - - [20/Apr/2020:10:55:39 +0800] "GET /xingrg/kc/buy/cgsh_order_operate.html?command=get_materiel&rest_code=00142&code=00101008059&supplier_code=00100161&order_time=2020-04-20 HTTP/1.1" 200 408
117.131.5.26 - - [20/Apr/2020:10:55:40 +0800] "GET /xingrg/all/function/internal_message.html?_=1587351690472&CODE_STATE=getMsg HTTP/1.1" 200 27
222.70.183.62 - - [20/Apr/2020:10:55:40 +0800] "GET /xingrg/all/function/internal_message.html?_=1587351667569&CODE_STATE=getMsg HTTP/1.1" 200 27
172.17.0.119 - - [20/Apr/2020:10:55:40 +0800] "GET /xingrg/system/rest/get_item.html?table=menu&target=menu_rest_detail&id=2023&sid=16&_=1587351340352 HTTP/1.1" 200 428
183.192.164.97 - - [20/Apr/2020:10:55:41 +0800] "GET /xingrg/kc/buy/cgsh_order_operate.html?command=get_materiel&rest_code=00106&code=00101007090&supplier_code=00100002&order_time=2020-04-20 HTTP/1.1" 302 -
61.129.8.179 - - [20/Apr/2020:10:55:42 +0800] "GET /xingrg/all/function/internal_message.html?_=1587350650746&CODE_STATE=getMsg HTTP/1.1" 302 -
180.162.232.172 - - [20/Apr/2020:10:55:43 +0800] "POST /xingrg/kc/buy/cgsh_order_operate.html HTTP/1.1" 200 37
114.84.33.255 - - [20/Apr/2020:10:55:43 +0800] "GET /xingrg/check_reg.html?_=1587351347745 HTTP/1.1" 200 22
183.192.164.97 - - [20/Apr/2020:10:55:44 +0800] "GET /xingrg/login.html HTTP/1.1" 200 7641
180.156.150.85 - - [20/Apr/2020:10:55:44 +0800] "POST /xingrg/kc/buy/cgsh_order_operate.html HTTP/1.1" 200 37
180.162.232.172 - - [20/Apr/2020:10:55:45 +0800] "POST /xingrg/kc/buy/cgsh_order_operate.html HTTP/1.1" 200 12
180.156.150.85 - - [20/Apr/2020:10:55:45 +0800] "POST /xingrg/kc/buy/cgsh_order_operate.html HTTP/1.1" 200 2661
180.162.232.172 - - [20/Apr/2020:10:55:46 +0800] "GET /xingrg/kc/buy/cgsh_order_info.html?code=212020042004819 HTTP/1.1" 200 52958
120.253.135.82 - - [20/Apr/2020:10:55:46 +0800] "GET /xingrg/kc/buy/cgsh_order_list.html HTTP/1.1" 200 42515
120.253.135.82 - - [20/Apr/2020:10:55:46 +0800] "POST /xingrg/kc/buy/cgsh_list_operate.html HTTP/1.1" 200 876
180.162.232.172 - - [20/Apr/2020:10:55:46 +0800] "GET /xingrg/javascript/easyui/themes/default/validatebox.css HTTP/1.1" 404 1104
180.162.232.172 - - [20/Apr/2020:10:55:46 +0800] "POST /xingrg/kc/buy/cgsh_order_operate.html HTTP/1.1" 200 608
120.204.17.68 - - [20/Apr/2020:10:55:46 +0800] "GET /xingrg/kc/buy/cgsh_order_operate.html?command=get_materiel&rest_code=00106&code=00101007049&supplier_code=00100002&order_time=2020-04-20 HTTP/1.1" 302 -
180.156.150.85 - - [20/Apr/2020:10:55:46 +0800] "GET /xingrg/kc/print/load_data.html?order_code=212020042004820&kc_code=cgsh&condition= HTTP/1.1" 200 685
180.162.232.172 - - [20/Apr/2020:10:55:47 +0800] "GET /xingrg/kc/print/load_data.html?order_code=212020042004819&kc_code=cgsh&condition= HTTP/1.1" 200 784
172.17.0.119 - - [20/Apr/2020:10:55:48 +0800] "POST /xingrg/system/rest/edit_item.html HTTP/1.1" 200 4
172.17.0.119 - - [20/Apr/2020:10:55:48 +0800] "GET /xingrg/system/rest/get_item.html?table=menu&target=menu_rest&id=2023&_=1587351347594 HTTP/1.1" 200 855
120.204.17.71 - - [20/Apr/2020:10:55:48 +0800] "GET /xingrg/check_reg.html?_=1587350560479 HTTP/1.1" 302 -
61.129.8.179 - - [20/Apr/2020:10:55:48 +0800] "GET /xingrg/login.html HTTP/1.1" 200 7641
120.253.135.82 - - [20/Apr/2020:10:55:49 +0800] "GET /xingrg/kc/buy/cgsh_order_add.html HTTP/1.1" 200 57219
120.253.135.82 - - [20/Apr/2020:10:55:49 +0800] "POST /xingrg/kc/buy/cgsh_order_operate.html HTTP/1.1" 200 8245
120.253.135.82 - - [20/Apr/2020:10:55:49 +0800] "GET /xingrg/javascript/easyui/themes/default/validatebox.css HTTP/1.1" 404 1104
114.84.33.255 - - [20/Apr/2020:10:55:50 +0800] "GET /xingrg/all/function/internal_message.html?_=1587351354148&CODE_STATE=getMsg HTTP/1.1" 200 27
180.162.102.27 - - [20/Apr/2020:10:55:50 +0800] "GET /xingrg/kc/buy/cgsh_order_operate.html?command=get_materiel&rest_code=00142&code=00101008361&supplier_code=00100161&order_time=2020-04-20 HTTP/1.1" 200 408
222.69.139.156 - - [20/Apr/2020:10:55:50 +0800] "GET /xingrg/all/function/internal_message.html?_=1587351349572&CODE_STATE=getMsg HTTP/1.1" 200 27
172.17.0.119 - - [20/Apr/2020:10:55:50 +0800] "GET /xingrg/system/rest/get_item.html?table=menu&target=menu_rest_detail&id=2023&sid=16&_=1587351350244 HTTP/1.1" 200 428
120.253.135.82 - - [20/Apr/2020:10:55:51 +0800] "POST /xingrg/all/common/load_combo.html?type=employee HTTP/1.1" 200 2013
172.17.0.119 - - [20/Apr/2020:10:55:52 +0800] "GET /xingrg/system/rest/get_item.html?table=menu&target=menu_rest_detail&id=2023&sid=13&_=1587351352006 HTTP/1.1" 200 428
120.204.17.68 - - [20/Apr/2020:10:55:52 +0800] "GET /xingrg/login.html HTTP/1.1" 200 7641
124.77.69.152 - - [20/Apr/2020:10:55:54 +0800] "GET /xingrg/javascript/auto/indicator.gif HTTP/1.1" 404 1066
