114.84.33.255 - - [20/Apr/2020:09:14:22 +0800] "GET /xingrg/javascript/easyui/themes/default/validatebox.css HTTP/1.1" 404 1104
114.86.231.133 - - [20/Apr/2020:09:14:22 +0800] "GET /xingrg/javascript/easyui/themes/default/images/button_plain_hover.png HTTP/1.1" 304 -
114.84.33.255 - - [20/Apr/2020:09:14:22 +0800] "POST /xingrg/kc/buy/cgsh_order_operate.html HTTP/1.1" 200 5315
114.86.231.133 - - [20/Apr/2020:09:14:22 +0800] "GET /xingrg/kc/buy/cgsh_order_add.html HTTP/1.1" 200 58124
114.86.231.133 - - [20/Apr/2020:09:14:22 +0800] "GET /xingrg/javascript/jquery_tools/order_manager.js HTTP/1.1" 304 -
114.86.231.133 - - [20/Apr/2020:09:14:22 +0800] "GET /xingrg/javascript/convert.js HTTP/1.1" 304 -
114.86.231.133 - - [20/Apr/2020:09:14:22 +0800] "GET /xingrg/javascript/json2.js HTTP/1.1" 304 -
114.86.231.133 - - [20/Apr/2020:09:14:22 +0800] "GET /xingrg/javascript/easyui/themes/icons/template_new.png HTTP/1.1" 304 -
114.86.231.133 - - [20/Apr/2020:09:14:22 +0800] "GET /xingrg/javascript/easyui/themes/icons/ok.png HTTP/1.1" 304 -
114.86.231.133 - - [20/Apr/2020:09:14:22 +0800] "GET /xingrg/javascript/easyui/themes/icons/copy_new.png HTTP/1.1" 304 -
114.86.231.133 - - [20/Apr/2020:09:14:22 +0800] "GET /xingrg/javascript/easyui/themes/icons/cancel.png HTTP/1.1" 304 -
114.86.231.133 - - [20/Apr/2020:09:14:23 +0800] "POST /xingrg/kc/buy/cgsh_order_operate.html HTTP/1.1" 200 8245
114.86.231.133 - - [20/Apr/2020:09:14:23 +0800] "GET /xingrg/javascript/easyui/themes/icons/edit_remove.png HTTP/1.1" 304 -
114.86.231.133 - - [20/Apr/2020:09:14:23 +0800] "GET /xingrg/all/common/auto_word.html?type=employee&rest_code=00109 HTTP/1.1" 200 255
114.86.231.133 - - [20/Apr/2020:09:14:23 +0800] "GET /xingrg/all/common/auto_word.html?type=employee&rest_code=00109 HTTP/1.1" 200 255
114.86.231.133 - - [20/Apr/2020:09:14:23 +0800] "GET /xingrg/javascript/easyui/themes/default/validatebox.css HTTP/1.1" 404 1104
114.86.231.133 - - [20/Apr/2020:09:14:23 +0800] "GET /xingrg/javascript/easyui/plugins/jquery.validatebox.js HTTP/1.1" 304 -
114.86.231.133 - - [20/Apr/2020:09:14:23 +0800] "GET /xingrg/javascript/easyui/plugins/jquery.numberbox.js HTTP/1.1" 304 -
114.84.33.255 - - [20/Apr/2020:09:14:23 +0800] "GET /xingrg/kc/print/load_data.html?order_code=212020041703880&kc_code=cgsh HTTP/1.1" 200 2497
114.86.231.133 - - [20/Apr/2020:09:14:24 +0800] "GET /xingrg/check_reg.html?_=1587345362296 HTTP/1.1" 200 22
114.86.231.133 - - [20/Apr/2020:09:14:24 +0800] "GET /xingrg/all/function/internal_message.html?_=1587345362390&CODE_STATE=getMsg HTTP/1.1" 200 27
114.86.231.133 - - [20/Apr/2020:09:14:24 +0800] "GET /xingrg/javascript/auto/indicator.gif HTTP/1.1" 404 1066
222.69.139.156 - - [20/Apr/2020:09:14:27 +0800] "POST /xingrg/services/DataTransmitService HTTP/1.1" 200 501
222.69.139.156 - - [20/Apr/2020:09:14:33 +0800] "POST /xingrg/services/DataTransmitService HTTP/1.1" 200 501
222.69.139.156 - - [20/Apr/2020:09:14:34 +0800] "POST /xingrg/services/DataTransmitService HTTP/1.1" 200 501
222.69.139.156 - - [20/Apr/2020:09:14:34 +0800] "POST /xingrg/services/DataTransmitService HTTP/1.1" 200 501
222.69.139.156 - - [20/Apr/2020:09:14:34 +0800] "POST /xingrg/services/DataTransmitService HTTP/1.1" 200 501
222.69.139.156 - - [20/Apr/2020:09:14:34 +0800] "POST /xingrg/services/DataTransmitService HTTP/1.1" 200 501
222.69.139.156 - - [20/Apr/2020:09:14:35 +0800] "POST /xingrg/services/DataTransmitService HTTP/1.1" 200 501
58.39.71.246 - - [20/Apr/2020:09:14:36 +0800] "GET /xingrg/all/function/internal_message.html?_=1587345263605&CODE_STATE=getMsg HTTP/1.1" 200 27
222.69.139.156 - - [20/Apr/2020:09:14:36 +0800] "POST /xingrg/services/DataTransmitService HTTP/1.1" 200 412
222.69.139.156 - - [20/Apr/2020:09:14:38 +0800] "GET /xingrg/all/function/internal_message.html?_=1587345277814&CODE_STATE=getMsg HTTP/1.1" 200 27
114.84.33.255 - - [20/Apr/2020:09:14:43 +0800] "GET /xingrg/all/function/internal_message.html?_=1587345287207&CODE_STATE=getMsg HTTP/1.1" 200 27
117.185.32.26 - - [20/Apr/2020:09:14:48 +0800] "GET /xingrg/all/function/internal_message.html?_=1587345287142&CODE_STATE=getMsg HTTP/1.1" 200 27
117.185.32.26 - - [20/Apr/2020:09:14:54 +0800] "GET /xingrg/kc/buy/cgsh_order_operate.html?command=get_materiel&rest_code=00106&code=00101008286&supplier_code=00100007&order_time=2020-04-20 HTTP/1.1" 200 408
120.253.135.82 - - [20/Apr/2020:09:14:56 +0800] "GET /xingrg/all/function/internal_message.html?_=1587345431250&CODE_STATE=getMsg HTTP/1.1" 200 27
222.70.183.62 - - [20/Apr/2020:09:14:57 +0800] "GET /xingrg/all/function/internal_message.html?_=1587345625128&CODE_STATE=getMsg HTTP/1.1" 200 27
117.185.32.26 - - [20/Apr/2020:09:15:02 +0800] "GET /xingrg/kc/buy/cgsh_order_operate.html?command=get_materiel&rest_code=00106&code=00101008036&supplier_code=00100007&order_time=2020-04-20 HTTP/1.1" 200 408
172.17.0.128 - - [20/Apr/2020:09:15:05 +0800] "GET /xingrg/all/function/internal_message.html?_=1587345126452&CODE_STATE=getMsg HTTP/1.1" 302 -
114.86.231.133 - - [20/Apr/2020:09:15:06 +0800] "GET /xingrg/kc/base/base_main.html HTTP/1.1" 200 12142
114.86.231.133 - - [20/Apr/2020:09:15:08 +0800] "GET /xingrg/kc/base/yddb_order_list.html HTTP/1.1" 200 16858
114.86.231.133 - - [20/Apr/2020:09:15:08 +0800] "POST /xingrg/kc/base/yddb_list_operate.html HTTP/1.1" 200 1217
117.185.32.26 - - [20/Apr/2020:09:15:09 +0800] "GET /xingrg/kc/buy/cgsh_order_operate.html?command=get_materiel&rest_code=00106&code=00101008131&supplier_code=00100007&order_time=2020-04-20 HTTP/1.1" 200 428
114.88.159.93 - - [20/Apr/2020:09:15:10 +0800] "GET /xingrg/all/function/internal_message.html?_=1587345310986&CODE_STATE=getMsg HTTP/1.1" 200 27
114.86.231.133 - - [20/Apr/2020:09:15:11 +0800] "POST /xingrg/kc/base/yddb_list_operate.html HTTP/1.1" 200 7632
114.86.231.133 - - [20/Apr/2020:09:15:12 +0800] "POST /xingrg/kc/base/yddb_list_operate.html HTTP/1.1" 200 210
120.253.135.82 - - [20/Apr/2020:09:15:13 +0800] "GET /xingrg/all/function/internal_message.html?_=1587345063031&CODE_STATE=getMsg HTTP/1.1" 200 27
114.86.231.133 - - [20/Apr/2020:09:15:13 +0800] "GET /xingrg/kc/base/yddb_order_info.html?code=482020041500059 HTTP/1.1" 200 31028
114.86.231.133 - - [20/Apr/2020:09:15:13 +0800] "GET /xingrg/dwr/interface/AjaxComOrderService.js HTTP/1.1" 200 18264
114.86.231.133 - - [20/Apr/2020:09:15:13 +0800] "GET /xingrg/dwr/interface/AjaxYddbService.js HTTP/1.1" 200 13201
114.86.231.133 - - [20/Apr/2020:09:15:13 +0800] "GET /xingrg/javascript/checkform.js HTTP/1.1" 200 18351
114.86.231.133 - - [20/Apr/2020:09:15:13 +0800] "GET /xingrg/dwr/engine.js HTTP/1.1" 200 43631
114.86.231.133 - - [20/Apr/2020:09:15:14 +0800] "POST /xingrg/dwr/call/plaincall/AjaxYddbService.loadMaterielItems.dwr HTTP/1.1" 200 448
114.84.32.201 - - [20/Apr/2020:09:15:14 +0800] "GET /xingrg/check_reg.html?_=1587345314630 HTTP/1.1" 200 22
117.185.32.26 - - [20/Apr/2020:09:15:16 +0800] "GET /xingrg/kc/buy/cgsh_order_operate.html?command=get_materiel&rest_code=00106&code=00101008318&supplier_code=00100007&order_time=2020-04-20 HTTP/1.1" 200 408
114.86.231.133 - - [20/Apr/2020:09:15:18 +0800] "GET /xingrg/kc/base/yddb_order_list.html?isBack=1 HTTP/1.1" 200 16858
114.86.231.133 - - [20/Apr/2020:09:15:18 +0800] "POST /xingrg/kc/base/yddb_list_operate.html HTTP/1.1" 200 1217
180.156.150.85 - - [20/Apr/2020:09:15:19 +0800] "GET /xingrg/all/function/internal_message.html?_=1587345319758&CODE_STATE=getMsg HTTP/1.1" 200 27
222.70.183.62 - - [20/Apr/2020:09:15:20 +0800] "GET /xingrg/kc/buy/cgsh_order_add.html HTTP/1.1" 200 58130
222.70.183.62 - - [20/Apr/2020:09:15:21 +0800] "POST /xingrg/kc/buy/cgsh_order_operate.html HTTP/1.1" 200 8245
222.70.183.62 - - [20/Apr/2020:09:15:21 +0800] "GET /xingrg/javascript/easyui/themes/default/validatebox.css HTTP/1.1" 404 1104
172.17.0.100 - - [20/Apr/2020:09:15:21 +0800] "GET /xingrg/all/function/internal_message.html?_=1587345321466&CODE_STATE=getMsg HTTP/1.1" 200 27
114.86.231.133 - - [20/Apr/2020:09:15:22 +0800] "GET /xingrg/all/function/internal_message.html?_=1587345422390&CODE_STATE=getMsg HTTP/1.1" 200 27
117.185.32.26 - - [20/Apr/2020:09:15:22 +0800] "GET /xingrg/kc/buy/cgsh_order_operate.html?command=get_materiel&rest_code=00106&code=00101008353&supplier_code=00100007&order_time=2020-04-20 HTTP/1.1" 200 429
114.86.231.133 - - [20/Apr/2020:09:15:23 +0800] "POST /xingrg/kc/base/yddb_list_operate.html HTTP/1.1" 200 7632
222.70.183.62 - - [20/Apr/2020:09:15:23 +0800] "GET /xingrg/javascript/auto/indicator.gif HTTP/1.1" 404 1066
114.86.231.133 - - [20/Apr/2020:09:15:24 +0800] "POST /xingrg/kc/base/yddb_list_operate.html HTTP/1.1" 200 210
183.192.164.90 - - [20/Apr/2020:09:15:26 +0800] "GET /xingrg/kc/buy/cgsh_order_operate.html?command=get_materiel&rest_code=00106&code=00101008026&supplier_code=00100007&order_time=2020-04-20 HTTP/1.1" 302 -
183.192.164.90 - - [20/Apr/2020:09:15:29 +0800] "GET /xingrg/login.html HTTP/1.1" 200 7641
222.70.183.62 - - [20/Apr/2020:09:15:29 +0800] "GET /xingrg/kc/buy/cgsh_order_operate.html?command=get_materiel&rest_code=00111&code=00101008092&supplier_code=00100037&order_time=2020-04-20 HTTP/1.1" 200 412
117.185.32.26 - - [20/Apr/2020:09:15:30 +0800] "GET /xingrg/kc/buy/cgsh_order_operate.html?command=get_materiel&rest_code=00106&code=00101008224&supplier_code=00100007&order_time=2020-04-20 HTTP/1.1" 200 416
58.39.71.246 - - [20/Apr/2020:09:15:36 +0800] "GET /xingrg/all/function/internal_message.html?_=1587345323605&CODE_STATE=getMsg HTTP/1.1" 200 27
222.70.183.62 - - [20/Apr/2020:09:15:36 +0800] "GET /xingrg/kc/buy/cgsh_order_operate.html?command=get_materiel&rest_code=00111&code=00101016025&supplier_code=00100037&order_time=2020-04-20 HTTP/1.1" 200 408
222.69.139.156 - - [20/Apr/2020:09:15:38 +0800] "GET /xingrg/all/function/internal_message.html?_=1587345337805&CODE_STATE=getMsg HTTP/1.1" 200 27
117.185.32.26 - - [20/Apr/2020:09:15:39 +0800] "GET /xingrg/kc/buy/cgsh_order_operate.html?command=get_materiel&rest_code=00106&code=00101008141&supplier_code=00100007&order_time=2020-04-20 HTTP/1.1" 200 412
114.84.33.255 - - [20/Apr/2020:09:15:43 +0800] "GET /xingrg/check_reg.html?_=1587345346820 HTTP/1.1" 200 22
222.70.183.62 - - [20/Apr/2020:09:15:43 +0800] "GET /xingrg/kc/buy/cgsh_order_operate.html?command=get_materiel&rest_code=00111&code=00101016105&supplier_code=00100037&order_time=2020-04-20 HTTP/1.1" 200 409
114.84.33.255 - - [20/Apr/2020:09:15:43 +0800] "GET /xingrg/all/function/internal_message.html?_=1587345347221&CODE_STATE=getMsg HTTP/1.1" 200 27
117.185.32.26 - - [20/Apr/2020:09:15:45 +0800] "GET /xingrg/kc/buy/cgsh_order_operate.html?command=get_materiel&rest_code=00106&code=00101008087&supplier_code=00100007&order_time=2020-04-20 HTTP/1.1" 200 412
117.185.32.26 - - [20/Apr/2020:09:15:49 +0800] "GET /xingrg/check_reg.html?_=1587345347704 HTTP/1.1" 200 22
117.185.32.26 - - [20/Apr/2020:09:15:49 +0800] "GET /xingrg/all/function/internal_message.html?_=1587345347705&CODE_STATE=getMsg HTTP/1.1" 200 27
222.70.183.62 - - [20/Apr/2020:09:15:52 +0800] "GET /xingrg/kc/buy/cgsh_order_operate.html?command=get_materiel&rest_code=00111&code=00101007109&supplier_code=00100037&order_time=2020-04-20 HTTP/1.1" 200 408
183.192.164.85 - - [20/Apr/2020:09:15:52 +0800] "GET /xingrg/kc/buy/cgsh_order_operate.html?command=get_materiel&rest_code=00106&code=00101008337&supplier_code=00100007&order_time=2020-04-20 HTTP/1.1" 302 -
117.185.32.26 - - [20/Apr/2020:09:15:53 +0800] "GET /xingrg/kc/buy/cgsh_order_operate.html?command=get_materiel&rest_code=00106&code=00101008350&supplier_code=00100007&order_time=2020-04-20 HTTP/1.1" 200 408
120.253.135.82 - - [20/Apr/2020:09:15:56 +0800] "GET /xingrg/all/function/internal_message.html?_=1587345491264&CODE_STATE=getMsg HTTP/1.1" 200 27
222.70.183.62 - - [20/Apr/2020:09:15:57 +0800] "GET /xingrg/all/function/internal_message.html?_=1587345685137&CODE_STATE=getMsg HTTP/1.1" 200 27
222.70.183.62 - - [20/Apr/2020:09:15:57 +0800] "GET /xingrg/check_reg.html?_=1587345685139 HTTP/1.1" 200 22
183.192.164.85 - - [20/Apr/2020:09:15:58 +0800] "GET /xingrg/login.html HTTP/1.1" 200 7641
114.84.33.255 - - [20/Apr/2020:09:15:58 +0800] "POST /xingrg/kc/buy/cgsh_list_operate.html HTTP/1.1" 200 3243
114.84.33.255 - - [20/Apr/2020:09:16:00 +0800] "POST /xingrg/kc/buy/cgsh_list_operate.html HTTP/1.1" 200 343
222.70.183.62 - - [20/Apr/2020:09:16:00 +0800] "GET /xingrg/kc/buy/cgsh_order_operate.html?command=get_materiel&rest_code=00111&code=00101012010&supplier_code=00100037&order_time=2020-04-20 HTTP/1.1" 200 409
114.84.33.255 - - [20/Apr/2020:09:16:01 +0800] "GET /xingrg/kc/buy/cgsh_order_info.html?code=212020041804195 HTTP/1.1" 200 53036
114.84.33.255 - - [20/Apr/2020:09:16:01 +0800] "GET /xingrg/javascript/easyui/themes/default/validatebox.css HTTP/1.1" 404 1104
114.84.33.255 - - [20/Apr/2020:09:16:01 +0800] "POST /xingrg/kc/buy/cgsh_order_operate.html HTTP/1.1" 200 1780
114.84.33.255 - - [20/Apr/2020:09:16:03 +0800] "GET /xingrg/kc/print/load_data.html?order_code=212020041804195&kc_code=cgsh HTTP/1.1" 200 1158
172.17.0.128 - - [20/Apr/2020:09:16:05 +0800] "GET /xingrg/check_reg.html?_=1587345186453 HTTP/1.1" 302 -
172.17.0.128 - - [20/Apr/2020:09:16:05 +0800] "GET /xingrg/all/function/internal_message.html?_=1587345186452&CODE_STATE=getMsg HTTP/1.1" 302 -
222.70.183.62 - - [20/Apr/2020:09:16:09 +0800] "GET /xingrg/kc/buy/cgsh_order_operate.html?command=get_materiel&rest_code=00111&code=00101007095&supplier_code=00100037&order_time=2020-04-20 HTTP/1.1" 200 415
114.88.159.93 - - [20/Apr/2020:09:16:10 +0800] "GET /xingrg/all/function/internal_message.html?_=1587345370984&CODE_STATE=getMsg HTTP/1.1" 200 27
120.253.135.82 - - [20/Apr/2020:09:16:11 +0800] "GET /xingrg/check_reg.html?_=1587345121316 HTTP/1.1" 200 22
120.253.135.82 - - [20/Apr/2020:09:16:13 +0800] "GET /xingrg/all/function/internal_message.html?_=1587345123045&CODE_STATE=getMsg HTTP/1.1" 200 27
222.70.183.62 - - [20/Apr/2020:09:16:16 +0800] "GET /xingrg/kc/buy/cgsh_order_operate.html?command=get_materiel&rest_code=00111&code=00101016030&supplier_code=00100037&order_time=2020-04-20 HTTP/1.1" 200 412
117.185.32.26 - - [20/Apr/2020:09:16:17 +0800] "GET /xingrg/kc/buy/cgsh_order_operate.html?command=get_materiel&rest_code=00106&code=00101008351&supplier_code=00100007&order_time=2020-04-20 HTTP/1.1" 200 427
180.156.150.85 - - [20/Apr/2020:09:16:19 +0800] "GET /xingrg/all/function/internal_message.html?_=1587345379757&CODE_STATE=getMsg HTTP/1.1" 200 27
180.156.150.85 - - [20/Apr/2020:09:16:19 +0800] "GET /xingrg/check_reg.html?_=1587345379761 HTTP/1.1" 200 22
114.86.231.133 - - [20/Apr/2020:09:16:21 +0800] "GET /xingrg/all/function/internal_message.html?_=1587345482406&CODE_STATE=getMsg HTTP/1.1" 200 27
172.17.0.100 - - [20/Apr/2020:09:16:21 +0800] "GET /xingrg/all/function/internal_message.html?_=1587345381464&CODE_STATE=getMsg HTTP/1.1" 200 27
120.253.135.82 - - [20/Apr/2020:09:16:23 +0800] "POST /xingrg/kc/pszx/mdps_list_operate.html HTTP/1.1" 200 5315
58.39.71.246 - - [20/Apr/2020:09:16:24 +0800] "GET /xingrg/login.html HTTP/1.1" 200 7641
58.39.71.246 - - [20/Apr/2020:09:16:24 +0800] "GET /xingrg/login.html HTTP/1.1" 200 7641
58.39.71.246 - - [20/Apr/2020:09:16:24 +0800] "GET /favicon.ico HTTP/1.1" 404 -
58.39.71.246 - - [20/Apr/2020:09:16:25 +0800] "GET /favicon.ico HTTP/1.1" 404 -
117.185.32.26 - - [20/Apr/2020:09:16:25 +0800] "GET /xingrg/kc/buy/cgsh_order_operate.html?command=get_materiel&rest_code=00106&code=00101008003&supplier_code=00100007&order_time=2020-04-20 HTTP/1.1" 200 410
120.253.135.82 - - [20/Apr/2020:09:16:27 +0800] "POST /xingrg/kc/pszx/mdps_list_operate.html HTTP/1.1" 200 3804
222.70.183.62 - - [20/Apr/2020:09:16:28 +0800] "GET /xingrg/kc/buy/cgsh_order_operate.html?command=get_materiel&rest_code=00111&code=00101008338&supplier_code=00100037&order_time=2020-04-20 HTTP/1.1" 200 408
120.253.135.82 - - [20/Apr/2020:09:16:30 +0800] "GET /xingrg/kc/pszx/mdps_order_list.html?orderType=0 HTTP/1.1" 200 20964
120.253.135.82 - - [20/Apr/2020:09:16:31 +0800] "POST /xingrg/kc/pszx/mdps_list_operate.html HTTP/1.1" 200 5315
117.185.32.26 - - [20/Apr/2020:09:16:33 +0800] "GET /xingrg/kc/buy/cgsh_order_operate.html?command=get_materiel&rest_code=00106&code=00101008300&supplier_code=00100007&order_time=2020-04-20 HTTP/1.1" 200 414
222.69.139.156 - - [20/Apr/2020:09:16:34 +0800] "GET /xingrg/login.html HTTP/1.1" 200 7641
222.69.139.156 - - [20/Apr/2020:09:16:34 +0800] "GET /favicon.ico HTTP/1.1" 404 -
183.192.164.97 - - [20/Apr/2020:09:16:35 +0800] "GET /xingrg/kc/buy/cgsh_order_operate.html?command=get_materiel&rest_code=00106&code=00101008024&supplier_code=00100007&order_time=2020-04-20 HTTP/1.1" 302 -
222.69.139.156 - - [20/Apr/2020:09:16:36 +0800] "POST /xingrg/login.do HTTP/1.1" 302 -
222.69.139.156 - - [20/Apr/2020:09:16:36 +0800] "GET /xingrg/index.html?sysBaseUrl=http%3A%2F%2F180.169.147.146%3A18081%2Fxingrg%2F&costTime=49×tamp=1587345396121 HTTP/1.1" 200 17419
222.69.139.156 - - [20/Apr/2020:09:16:36 +0800] "GET /favicon.ico HTTP/1.1" 404 -
222.69.139.156 - - [20/Apr/2020:09:16:36 +0800] "POST /xingrg/all/common/load_tree.html?tree=area_rest_tree_json&manage=1 HTTP/1.1" 200 351
222.69.139.156 - - [20/Apr/2020:09:16:36 +0800] "GET /xingrg/check_reg.html?_=1587345393103 HTTP/1.1" 200 22
222.69.139.156 - - [20/Apr/2020:09:16:36 +0800] "GET /xingrg/all/function/internal_message.html?_=1587345393101&CODE_STATE=count HTTP/1.1" 200 11
222.69.139.156 - - [20/Apr/2020:09:16:36 +0800] "POST /xingrg/load_menu.html HTTP/1.1" 200 9959
58.39.71.246 - - [20/Apr/2020:09:16:36 +0800] "GET /xingrg/check_reg.html?_=1587345383608 HTTP/1.1" 200 22
58.39.71.246 - - [20/Apr/2020:09:16:36 +0800] "GET /xingrg/all/function/internal_message.html?_=1587345383610&CODE_STATE=getMsg HTTP/1.1" 200 27
222.70.183.62 - - [20/Apr/2020:09:16:37 +0800] "GET /xingrg/kc/buy/cgsh_order_operate.html?command=get_materiel&rest_code=00111&code=00101012026&supplier_code=00100037&order_time=2020-04-20 HTTP/1.1" 200 410
183.192.164.97 - - [20/Apr/2020:09:16:38 +0800] "GET /xingrg/login.html HTTP/1.1" 200 7641
222.69.139.156 - - [20/Apr/2020:09:16:38 +0800] "GET /xingrg/all/function/internal_message.html?_=1587345397809&CODE_STATE=getMsg HTTP/1.1" 200 27
222.69.139.156 - - [20/Apr/2020:09:16:38 +0800] "POST /xingrg/load_menu.html HTTP/1.1" 200 10168
120.253.135.82 - - [20/Apr/2020:09:16:40 +0800] "POST /xingrg/kc/pszx/mdps_list_operate.html HTTP/1.1" 200 205
117.185.32.26 - - [20/Apr/2020:09:16:41 +0800] "GET /xingrg/kc/buy/cgsh_order_operate.html?command=get_materiel&rest_code=00106&code=00101008077&supplier_code=00100007&order_time=2020-04-20 HTTP/1.1" 200 416
117.185.32.26 - - [20/Apr/2020:09:16:42 +0800] "POST /xingrg/kc/buy/cgsh_order_operate.html HTTP/1.1" 200 2065
114.84.33.255 - - [20/Apr/2020:09:16:43 +0800] "GET /xingrg/all/function/internal_message.html?_=1587345407234&CODE_STATE=getMsg HTTP/1.1" 200 27
222.69.139.156 - - [20/Apr/2020:09:16:43 +0800] "GET /xingrg/dwr/interface/AjaxGetFirstChart.js HTTP/1.1" 200 631
222.69.139.156 - - [20/Apr/2020:09:16:43 +0800] "GET /xingrg/dwr/util.js HTTP/1.1" 304 -
120.253.135.82 - - [20/Apr/2020:09:16:43 +0800] "POST /xingrg/kc/pszx/mdps_list_operate.html HTTP/1.1" 200 3804
222.69.139.156 - - [20/Apr/2020:09:16:43 +0800] "GET /xingrg/dwr/engine.js HTTP/1.1" 200 43631
222.69.139.156 - - [20/Apr/2020:09:16:43 +0800] "GET /xingrg/system/rest/list_page.html?p=menu HTTP/1.1" 200 110877
222.69.139.156 - - [20/Apr/2020:09:16:44 +0800] "GET /xingrg/system/rest/query_items.html?_=1587345400848&table=menu&page=1&rows=20&categoryId=&key= HTTP/1.1" 200 4722
117.185.32.26 - - [20/Apr/2020:09:16:47 +0800] "GET /xingrg/kc/buy/cgsh_order_operate.html?command=get_materiel&rest_code=00106&code=00101008213&supplier_code=00100007&order_time=2020-04-20 HTTP/1.1" 200 412
222.70.183.62 - - [20/Apr/2020:09:16:48 +0800] "GET /xingrg/kc/buy/cgsh_order_operate.html?command=get_materiel&rest_code=00111&code=00101009011&supplier_code=00100037&order_time=2020-04-20 HTTP/1.1" 200 416
222.69.139.156 - - [20/Apr/2020:09:16:48 +0800] "GET /xingrg/system/rest/query_items.html?_=1587345405215&table=menu&page=1&rows=20&categoryId=&key=1996 HTTP/1.1" 200 269
117.185.32.26 - - [20/Apr/2020:09:16:49 +0800] "GET /xingrg/all/function/internal_message.html?_=1587345407698&CODE_STATE=getMsg HTTP/1.1" 200 27
120.253.135.82 - - [20/Apr/2020:09:16:50 +0800] "POST /xingrg/kc/pszx/mdps_list_operate.html HTTP/1.1" 200 5362
222.69.139.156 - - [20/Apr/2020:09:16:51 +0800] "GET /xingrg/system/rest/get_item.html?table=menu&id=1996&_=1587345408133 HTTP/1.1" 200 956
222.69.139.156 - - [20/Apr/2020:09:16:51 +0800] "GET /xingrg/system/rest/get_item.html?table=menu&target=menu_rest&id=1996&_=1587345408159 HTTP/1.1" 200 772
222.69.139.156 - - [20/Apr/2020:09:16:51 +0800] "GET /xingrg/system/rest/get_item.html?table=menu&target=cook_mode&id=1996&_=1587345408157 HTTP/1.1" 200 14339
222.69.139.156 - - [20/Apr/2020:09:16:52 +0800] "GET /xingrg/system/rest/get_infos.html?command=menu_img_show&id=1996 HTTP/1.1" 200 5
117.185.32.26 - - [20/Apr/2020:09:16:52 +0800] "GET /xingrg/kc/buy/cgsh_order_operate.html?command=get_materiel&rest_code=00106&code=00101008488&supplier_code=00100007&order_time=2020-04-20 HTTP/1.1" 200 406
222.70.183.62 - - [20/Apr/2020:09:16:56 +0800] "POST /xingrg/kc/buy/cgsh_order_operate.html HTTP/1.1" 200 37
120.253.135.82 - - [20/Apr/2020:09:16:56 +0800] "GET /xingrg/all/function/internal_message.html?_=1587345551278&CODE_STATE=getMsg HTTP/1.1" 200 27
120.253.135.82 - - [20/Apr/2020:09:16:57 +0800] "POST /xingrg/kc/pszx/mdps_list_operate.html HTTP/1.1" 200 310
222.70.183.62 - - [20/Apr/2020:09:16:57 +0800] "GET /xingrg/all/function/internal_message.html?_=1587345745196&CODE_STATE=getMsg HTTP/1.1" 200 27
120.253.135.82 - - [20/Apr/2020:09:16:58 +0800] "GET /xingrg/kc/pszx/mdps_order_info.html?code=312020041800195 HTTP/1.1" 200 23843
222.70.183.62 - - [20/Apr/2020:09:16:58 +0800] "POST /xingrg/kc/buy/cgsh_order_operate.html HTTP/1.1" 200 7955
120.253.135.82 - - [20/Apr/2020:09:16:58 +0800] "POST /xingrg/kc/pszx/mdps_order_operate.html HTTP/1.1" 200 2840
120.253.135.82 - - [20/Apr/2020:09:16:58 +0800] "GET /xingrg/javascript/easyui/themes/default/validatebox.css HTTP/1.1" 404 1104
117.185.32.26 - - [20/Apr/2020:09:16:59 +0800] "GET /xingrg/kc/buy/cgsh_order_operate.html?command=get_materiel&rest_code=00106&code=00101008312&supplier_code=00100007&order_time=2020-04-20 HTTP/1.1" 200 412
120.253.135.82 - - [20/Apr/2020:09:17:03 +0800] "POST /xingrg/kc/pszx/mdps_order_operate.html HTTP/1.1" 200 37
120.253.135.82 - - [20/Apr/2020:09:17:04 +0800] "POST /xingrg/kc/pszx/mdps_order_operate.html HTTP/1.1" 200 12
172.17.0.128 - - [20/Apr/2020:09:17:05 +0800] "GET /xingrg/all/function/internal_message.html?_=1587345246469&CODE_STATE=getMsg HTTP/1.1" 302 -
120.253.135.82 - - [20/Apr/2020:09:17:05 +0800] "GET /xingrg/kc/pszx/mdps_order_info.html?code=312020041800195 HTTP/1.1" 200 19501
120.253.135.82 - - [20/Apr/2020:09:17:05 +0800] "POST /xingrg/kc/pszx/mdps_order_operate.html HTTP/1.1" 200 1057
120.253.135.82 - - [20/Apr/2020:09:17:05 +0800] "GET /xingrg/javascript/easyui/themes/default/validatebox.css HTTP/1.1" 404 1104
117.185.32.26 - - [20/Apr/2020:09:17:07 +0800] "GET /xingrg/kc/buy/cgsh_order_operate.html?command=get_materiel&rest_code=00106&code=00101008085&supplier_code=00100007&order_time=2020-04-20 HTTP/1.1" 200 412
114.88.159.93 - - [20/Apr/2020:09:17:10 +0800] "GET /xingrg/all/function/internal_message.html?_=1587345430982&CODE_STATE=getMsg HTTP/1.1" 200 27
114.84.33.255 - - [20/Apr/2020:09:17:11 +0800] "POST /xingrg/kc/buy/cgsh_list_operate.html HTTP/1.1" 200 3243
120.253.135.82 - - [20/Apr/2020:09:17:13 +0800] "GET /xingrg/all/function/internal_message.html?_=1587345183057&CODE_STATE=getMsg HTTP/1.1" 200 27
117.185.32.26 - - [20/Apr/2020:09:17:13 +0800] "GET /xingrg/kc/buy/cgsh_order_operate.html?command=get_materiel&rest_code=00106&code=00101008161&supplier_code=00100007&order_time=2020-04-20 HTTP/1.1" 200 409
120.253.135.82 - - [20/Apr/2020:09:17:14 +0800] "POST /xingrg/kc/pszx/mdps_list_operate.html HTTP/1.1" 200 454
120.253.135.82 - - [20/Apr/2020:09:17:15 +0800] "GET /xingrg/kc/pszx/mdps_order_info.html?code=312020041800196 HTTP/1.1" 200 23843
120.253.135.82 - - [20/Apr/2020:09:17:15 +0800] "POST /xingrg/kc/pszx/mdps_order_operate.html HTTP/1.1" 200 3804
120.253.135.82 - - [20/Apr/2020:09:17:15 +0800] "GET /xingrg/javascript/easyui/themes/default/validatebox.css HTTP/1.1" 404 1104
117.185.32.26 - - [20/Apr/2020:09:17:15 +0800] "POST /xingrg/kc/buy/cgsh_order_operate.html HTTP/1.1" 200 2065
114.84.33.255 - - [20/Apr/2020:09:17:17 +0800] "POST /xingrg/kc/buy/cgsh_list_operate.html HTTP/1.1" 200 3645
180.156.150.85 - - [20/Apr/2020:09:17:19 +0800] "GET /xingrg/all/function/internal_message.html?_=1587345439761&CODE_STATE=getMsg HTTP/1.1" 200 27
114.84.33.255 - - [20/Apr/2020:09:17:21 +0800] "POST /xingrg/kc/buy/cgsh_list_operate.html HTTP/1.1" 200 285
172.17.0.100 - - [20/Apr/2020:09:17:21 +0800] "GET /xingrg/all/function/internal_message.html?_=1587345441474&CODE_STATE=getMsg HTTP/1.1" 200 27
114.84.33.255 - - [20/Apr/2020:09:17:22 +0800] "GET /xingrg/kc/buy/cgsh_order_info.html?code=212020041603795 HTTP/1.1" 200 53038
114.84.33.255 - - [20/Apr/2020:09:17:22 +0800] "GET /xingrg/javascript/easyui/themes/default/validatebox.css HTTP/1.1" 404 1104
114.84.33.255 - - [20/Apr/2020:09:17:22 +0800] "POST /xingrg/kc/buy/cgsh_order_operate.html HTTP/1.1" 200 1207
117.185.32.26 - - [20/Apr/2020:09:17:23 +0800] "GET /xingrg/kc/buy/cgsh_order_operate.html?command=get_materiel&rest_code=00106&code=00101008061&supplier_code=00100007&order_time=2020-04-20 HTTP/1.1" 200 422
120.253.135.82 - - [20/Apr/2020:09:17:23 +0800] "POST /xingrg/kc/pszx/mdps_order_operate.html HTTP/1.1" 200 37
120.253.135.82 - - [20/Apr/2020:09:17:24 +0800] "POST /xingrg/kc/pszx/mdps_order_operate.html HTTP/1.1" 200 12
114.84.33.255 - - [20/Apr/2020:09:17:24 +0800] "GET /xingrg/kc/print/load_data.html?order_code=212020041603795&kc_code=cgsh HTTP/1.1" 200 1029
120.253.135.82 - - [20/Apr/2020:09:17:25 +0800] "GET /xingrg/kc/pszx/mdps_order_info.html?code=312020041800196 HTTP/1.1" 200 19501
120.253.135.82 - - [20/Apr/2020:09:17:25 +0800] "POST /xingrg/kc/pszx/mdps_order_operate.html HTTP/1.1" 200 2012
120.253.135.82 - - [20/Apr/2020:09:17:25 +0800] "GET /xingrg/javascript/easyui/themes/default/validatebox.css HTTP/1.1" 404 1104
120.253.135.82 - - [20/Apr/2020:09:17:27 +0800] "POST /xingrg/kc/pszx/mdps_list_operate.html HTTP/1.1" 200 5418
114.84.33.255 - - [20/Apr/2020:09:17:30 +0800] "POST /xingrg/kc/buy/cgsh_list_operate.html HTTP/1.1" 200 3645
120.253.135.82 - - [20/Apr/2020:09:17:32 +0800] "POST /xingrg/kc/pszx/mdps_list_operate.html HTTP/1.1" 200 205
120.253.135.82 - - [20/Apr/2020:09:17:33 +0800] "GET /xingrg/kc/pszx/mdps_order_info.html?code=312020041800211 HTTP/1.1" 200 23849
114.84.33.255 - - [20/Apr/2020:09:17:33 +0800] "POST /xingrg/kc/buy/cgsh_list_operate.html HTTP/1.1" 200 580
120.253.135.82 - - [20/Apr/2020:09:17:33 +0800] "POST /xingrg/kc/pszx/mdps_order_operate.html HTTP/1.1" 200 2278
120.253.135.82 - - [20/Apr/2020:09:17:34 +0800] "GET /xingrg/javascript/easyui/themes/default/validatebox.css HTTP/1.1" 404 1104
114.84.33.255 - - [20/Apr/2020:09:17:35 +0800] "GET /xingrg/kc/buy/cgsh_order_info.html?code=212020041804333 HTTP/1.1" 200 53038
114.84.33.255 - - [20/Apr/2020:09:17:36 +0800] "GET /xingrg/javascript/easyui/themes/default/validatebox.css HTTP/1.1" 404 1104
114.84.33.255 - - [20/Apr/2020:09:17:36 +0800] "POST /xingrg/kc/buy/cgsh_order_operate.html HTTP/1.1" 200 4762
58.39.71.246 - - [20/Apr/2020:09:17:36 +0800] "GET /xingrg/all/function/internal_message.html?_=1587345443610&CODE_STATE=getMsg HTTP/1.1" 200 27
114.84.33.255 - - [20/Apr/2020:09:17:38 +0800] "GET /xingrg/kc/print/load_data.html?order_code=212020041804333&kc_code=cgsh HTTP/1.1" 200 2395
222.69.139.156 - - [20/Apr/2020:09:17:38 +0800] "GET /xingrg/all/function/internal_message.html?_=1587345457817&CODE_STATE=getMsg HTTP/1.1" 200 27
120.253.135.82 - - [20/Apr/2020:09:17:39 +0800] "POST /xingrg/kc/pszx/mdps_order_operate.html HTTP/1.1" 200 37
120.253.135.82 - - [20/Apr/2020:09:17:40 +0800] "POST /xingrg/kc/pszx/mdps_order_operate.html HTTP/1.1" 200 12
120.253.135.82 - - [20/Apr/2020:09:17:41 +0800] "GET /xingrg/kc/pszx/mdps_order_info.html?code=312020041800211 HTTP/1.1" 200 19507
120.253.135.82 - - [20/Apr/2020:09:17:41 +0800] "POST /xingrg/kc/pszx/mdps_order_operate.html HTTP/1.1" 200 498
120.253.135.82 - - [20/Apr/2020:09:17:41 +0800] "GET /xingrg/javascript/easyui/themes/default/validatebox.css HTTP/1.1" 404 1104
114.84.33.255 - - [20/Apr/2020:09:17:43 +0800] "GET /xingrg/all/function/internal_message.html?_=1587345467248&CODE_STATE=getMsg HTTP/1.1" 200 27
120.253.135.82 - - [20/Apr/2020:09:17:44 +0800] "POST /xingrg/kc/pszx/mdps_list_operate.html HTTP/1.1" 200 5411
117.185.32.26 - - [20/Apr/2020:09:17:46 +0800] "GET /xingrg/kc/buy/cgsh_order_operate.html?command=get_materiel&rest_code=00106&code=00101008230&supplier_code=00100007&order_time=2020-04-20 HTTP/1.1" 200 408
117.185.32.26 - - [20/Apr/2020:09:17:49 +0800] "GET /xingrg/all/function/internal_message.html?_=1587345467735&CODE_STATE=getMsg HTTP/1.1" 200 27
120.253.135.82 - - [20/Apr/2020:09:17:50 +0800] "POST /xingrg/kc/pszx/mdps_list_operate.html HTTP/1.1" 200 347
120.253.135.82 - - [20/Apr/2020:09:17:50 +0800] "GET /xingrg/kc/pszx/mdps_order_info.html?code=312020042000225 HTTP/1.1" 200 23843
120.253.135.82 - - [20/Apr/2020:09:17:51 +0800] "POST /xingrg/kc/pszx/mdps_order_operate.html HTTP/1.1" 200 3245
120.253.135.82 - - [20/Apr/2020:09:17:51 +0800] "GET /xingrg/javascript/easyui/themes/default/validatebox.css HTTP/1.1" 404 1104
120.253.135.82 - - [20/Apr/2020:09:17:56 +0800] "POST /xingrg/kc/pszx/mdps_order_operate.html HTTP/1.1" 200 37
120.253.135.82 - - [20/Apr/2020:09:17:56 +0800] "GET /xingrg/all/function/internal_message.html?_=1587345611290&CODE_STATE=getMsg HTTP/1.1" 200 27
120.253.135.82 - - [20/Apr/2020:09:17:57 +0800] "POST /xingrg/kc/pszx/mdps_order_operate.html HTTP/1.1" 200 12
117.185.32.26 - - [20/Apr/2020:09:17:57 +0800] "POST /xingrg/kc/buy/cgsh_order_operate.html HTTP/1.1" 200 2065
222.70.183.62 - - [20/Apr/2020:09:17:57 +0800] "GET /xingrg/all/function/internal_message.html?_=1587345805176&CODE_STATE=getMsg HTTP/1.1" 200 27
120.253.135.82 - - [20/Apr/2020:09:17:58 +0800] "GET /xingrg/kc/pszx/mdps_order_info.html?code=312020042000225 HTTP/1.1" 200 19501
120.253.135.82 - - [20/Apr/2020:09:17:58 +0800] "POST /xingrg/kc/pszx/mdps_order_operate.html HTTP/1.1" 200 1458
120.253.135.82 - - [20/Apr/2020:09:17:58 +0800] "GET /xingrg/javascript/easyui/themes/default/validatebox.css HTTP/1.1" 404 1104
120.253.135.82 - - [20/Apr/2020:09:17:59 +0800] "POST /xingrg/kc/pszx/mdps_list_operate.html HTTP/1.1" 200 5421
117.185.32.26 - - [20/Apr/2020:09:18:01 +0800] "GET /xingrg/kc/buy/cgsh_order_operate.html?command=get_materiel&rest_code=00106&code=00101008005&supplier_code=00100007&order_time=2020-04-20 HTTP/1.1" 200 414
172.17.0.128 - - [20/Apr/2020:09:18:05 +0800] "GET /xingrg/all/function/internal_message.html?_=1587345306460&CODE_STATE=getMsg HTTP/1.1" 302 -
116.232.48.158 - - [20/Apr/2020:09:18:09 +0800] "POST /xingrg/services/DataTransmitService HTTP/1.1" 200 524
117.185.32.26 - - [20/Apr/2020:09:18:10 +0800] "GET /xingrg/kc/buy/cgsh_order_operate.html?command=get_materiel&rest_code=00106&code=00101015035&supplier_code=00100007&order_time=2020-04-20 HTTP/1.1" 200 410
114.88.159.93 - - [20/Apr/2020:09:18:10 +0800] "GET /xingrg/check_reg.html?_=1587345490997 HTTP/1.1" 200 22
114.88.159.93 - - [20/Apr/2020:09:18:10 +0800] "GET /xingrg/all/function/internal_message.html?_=1587345490996&CODE_STATE=getMsg HTTP/1.1" 200 27
120.253.135.82 - - [20/Apr/2020:09:18:13 +0800] "GET /xingrg/all/function/internal_message.html?_=1587345243074&CODE_STATE=getMsg HTTP/1.1" 200 27
58.221.95.50 - - [20/Apr/2020:09:18:13 +0800] "GET /xingrg/check_reg.html?_=1587345508634 HTTP/1.1" 302 -
116.232.48.158 - - [20/Apr/2020:09:18:16 +0800] "POST /xingrg/services/DataTransmitService HTTP/1.1" 200 501
180.156.150.85 - - [20/Apr/2020:09:18:19 +0800] "GET /xingrg/all/function/internal_message.html?_=1587345499759&CODE_STATE=getMsg HTTP/1.1" 200 27
117.185.32.26 - - [20/Apr/2020:09:18:20 +0800] "GET /xingrg/kc/buy/cgsh_order_operate.html?command=get_materiel&rest_code=00106&code=00101008150&supplier_code=00100007&order_time=2020-04-20 HTTP/1.1" 200 409
172.17.0.100 - - [20/Apr/2020:09:18:21 +0800] "GET /xingrg/all/function/internal_message.html?_=1587345501467&CODE_STATE=getMsg HTTP/1.1" 200 27
222.70.183.62 - - [20/Apr/2020:09:18:27 +0800] "GET /xingrg/check_reg.html?_=1587345506506 HTTP/1.1" 200 22
117.185.32.26 - - [20/Apr/2020:09:18:32 +0800] "GET /xingrg/kc/buy/cgsh_order_operate.html?command=get_materiel&rest_code=00106&code=00101008175&supplier_code=00100007&order_time=2020-04-20 HTTP/1.1" 200 412
58.39.71.246 - - [20/Apr/2020:09:18:36 +0800] "GET /xingrg/all/function/internal_message.html?_=1587345503610&CODE_STATE=getMsg HTTP/1.1" 200 27
222.69.139.156 - - [20/Apr/2020:09:18:38 +0800] "GET /xingrg/check_reg.html?_=1587345517815 HTTP/1.1" 200 22
222.69.139.156 - - [20/Apr/2020:09:18:38 +0800] "GET /xingrg/all/function/internal_message.html?_=1587345517825&CODE_STATE=getMsg HTTP/1.1" 200 27
117.185.32.26 - - [20/Apr/2020:09:18:41 +0800] "POST /xingrg/kc/buy/cgsh_order_operate.html HTTP/1.1" 200 37
117.185.32.26 - - [20/Apr/2020:09:18:42 +0800] "POST /xingrg/kc/buy/cgsh_order_operate.html HTTP/1.1" 200 21569
114.84.33.255 - - [20/Apr/2020:09:18:43 +0800] "GET /xingrg/all/function/internal_message.html?_=1587345527261&CODE_STATE=getMsg HTTP/1.1" 200 27
117.185.32.26 - - [20/Apr/2020:09:18:45 +0800] "POST /xingrg/kc/buy/cgsh_list_operate.html HTTP/1.1" 200 1697
117.185.32.26 - - [20/Apr/2020:09:18:46 +0800] "POST /xingrg/kc/buy/cgsh_list_operate.html HTTP/1.1" 200 563
117.185.32.26 - - [20/Apr/2020:09:18:47 +0800] "GET /xingrg/kc/buy/cgsh_order_info.html?code=212020042004766 HTTP/1.1" 200 58145
114.84.33.255 - - [20/Apr/2020:09:18:47 +0800] "POST /xingrg/kc/buy/cgsh_list_operate.html HTTP/1.1" 200 3645
117.185.32.26 - - [20/Apr/2020:09:18:47 +0800] "GET /xingrg/javascript/easyui/themes/default/validatebox.css HTTP/1.1" 404 1104
117.185.32.26 - - [20/Apr/2020:09:18:47 +0800] "POST /xingrg/kc/buy/cgsh_order_operate.html HTTP/1.1" 200 21569
114.84.33.255 - - [20/Apr/2020:09:18:48 +0800] "POST /xingrg/kc/buy/cgsh_list_operate.html HTTP/1.1" 200 491
117.185.32.26 - - [20/Apr/2020:09:18:49 +0800] "GET /xingrg/all/function/internal_message.html?_=1587345527654&CODE_STATE=getMsg HTTP/1.1" 200 27
114.84.33.255 - - [20/Apr/2020:09:18:49 +0800] "GET /xingrg/kc/buy/cgsh_order_info.html?code=212020041904509 HTTP/1.1" 200 53038
114.84.33.255 - - [20/Apr/2020:09:18:50 +0800] "GET /xingrg/javascript/easyui/themes/default/validatebox.css HTTP/1.1" 404 1104
114.84.33.255 - - [20/Apr/2020:09:18:50 +0800] "POST /xingrg/kc/buy/cgsh_order_operate.html HTTP/1.1" 200 2959
114.84.33.255 - - [20/Apr/2020:09:18:51 +0800] "GET /xingrg/kc/print/load_data.html?order_code=212020041904509&kc_code=cgsh HTTP/1.1" 200 1686
120.253.135.82 - - [20/Apr/2020:09:18:56 +0800] "GET /xingrg/check_reg.html?_=1587345671095 HTTP/1.1" 200 22
120.253.135.82 - - [20/Apr/2020:09:18:56 +0800] "GET /xingrg/all/function/internal_message.html?_=1587345671305&CODE_STATE=getMsg HTTP/1.1" 200 27
222.70.183.62 - - [20/Apr/2020:09:18:57 +0800] "GET /xingrg/all/function/internal_message.html?_=1587345865144&CODE_STATE=getMsg HTTP/1.1" 200 27
183.192.164.97 - - [20/Apr/2020:09:19:00 +0800] "GET /xingrg/kc/buy/cgsh_order_operate.html?command=get_materiel&rest_code=00106&code=00101008036&supplier_code=00100007&order_time=2020-04-20 HTTP/1.1" 302 -
172.17.0.128 - - [20/Apr/2020:09:19:05 +0800] "GET /xingrg/all/function/internal_message.html?_=1587345366466&CODE_STATE=getMsg HTTP/1.1" 302 -
183.192.164.97 - - [20/Apr/2020:09:19:05 +0800] "GET /xingrg/login.html HTTP/1.1" 200 7641
114.88.159.93 - - [20/Apr/2020:09:19:10 +0800] "GET /xingrg/all/function/internal_message.html?_=1587345550995&CODE_STATE=getMsg HTTP/1.1" 200 27
120.253.135.82 - - [20/Apr/2020:09:19:13 +0800] "GET /xingrg/all/function/internal_message.html?_=1587345303207&CODE_STATE=getMsg HTTP/1.1" 200 27
180.156.150.85 - - [20/Apr/2020:09:19:19 +0800] "GET /xingrg/all/function/internal_message.html?_=1587345559760&CODE_STATE=getMsg HTTP/1.1" 200 27
172.17.0.100 - - [20/Apr/2020:09:19:21 +0800] "GET /xingrg/all/function/internal_message.html?_=1587345561467&CODE_STATE=getMsg HTTP/1.1" 200 27
172.17.0.100 - - [20/Apr/2020:09:19:21 +0800] "GET /xingrg/check_reg.html?_=1587345561470 HTTP/1.1" 200 22
58.39.71.246 - - [20/Apr/2020:09:19:36 +0800] "GET /xingrg/all/function/internal_message.html?_=1587345563610&CODE_STATE=getMsg HTTP/1.1" 200 27
222.69.139.156 - - [20/Apr/2020:09:19:38 +0800] "GET /xingrg/all/function/internal_message.html?_=1587345577820&CODE_STATE=getMsg HTTP/1.1" 200 27
114.84.33.255 - - [20/Apr/2020:09:19:43 +0800] "GET /xingrg/all/function/internal_message.html?_=1587345587275&CODE_STATE=getMsg HTTP/1.1" 200 27
117.185.32.26 - - [20/Apr/2020:09:19:48 +0800] "POST /xingrg/kc/buy/cgsh_order_operate.html HTTP/1.1" 200 37
117.185.32.26 - - [20/Apr/2020:09:19:48 +0800] "GET /xingrg/all/function/internal_message.html?_=1587345587628&CODE_STATE=getMsg HTTP/1.1" 200 27
117.185.32.26 - - [20/Apr/2020:09:19:49 +0800] "POST /xingrg/kc/buy/cgsh_order_operate.html HTTP/1.1" 200 21571
120.253.135.82 - - [20/Apr/2020:09:19:56 +0800] "GET /xingrg/all/function/internal_message.html?_=1587345731319&CODE_STATE=getMsg HTTP/1.1" 200 27
222.70.183.62 - - [20/Apr/2020:09:19:57 +0800] "GET /xingrg/all/function/internal_message.html?_=1587345925132&CODE_STATE=getMsg HTTP/1.1" 200 27
172.17.0.128 - - [20/Apr/2020:09:20:05 +0800] "GET /xingrg/all/function/internal_message.html?_=1587345426465&CODE_STATE=getMsg HTTP/1.1" 302 -
114.84.33.255 - - [20/Apr/2020:09:20:09 +0800] "POST /xingrg/kc/buy/cgsh_list_operate.html HTTP/1.1" 200 3645
114.88.159.93 - - [20/Apr/2020:09:20:10 +0800] "GET /xingrg/all/function/internal_message.html?_=1587345610993&CODE_STATE=getMsg HTTP/1.1" 200 27
120.253.135.82 - - [20/Apr/2020:09:20:13 +0800] "GET /xingrg/all/function/internal_message.html?_=1587345363208&CODE_STATE=getMsg HTTP/1.1" 200 27
114.84.32.201 - - [20/Apr/2020:09:20:14 +0800] "GET /xingrg/check_reg.html?_=1587345614635 HTTP/1.1" 200 22
114.84.33.255 - - [20/Apr/2020:09:20:15 +0800] "POST /xingrg/kc/buy/cgsh_list_operate.html HTTP/1.1" 200 3658
180.156.150.85 - - [20/Apr/2020:09:20:19 +0800] "GET /xingrg/all/function/internal_message.html?_=1587345619761&CODE_STATE=getMsg HTTP/1.1" 200 27
114.84.33.255 - - [20/Apr/2020:09:20:20 +0800] "POST /xingrg/kc/buy/cgsh_list_operate.html HTTP/1.1" 200 563
114.84.33.255 - - [20/Apr/2020:09:20:21 +0800] "GET /xingrg/kc/buy/cgsh_order_info.html?code=212020041703878 HTTP/1.1" 200 53040
114.84.33.255 - - [20/Apr/2020:09:20:21 +0800] "GET /xingrg/javascript/easyui/themes/default/validatebox.css HTTP/1.1" 404 1104
172.17.0.100 - - [20/Apr/2020:09:20:21 +0800] "GET /xingrg/all/function/internal_message.html?_=1587345621474&CODE_STATE=getMsg HTTP/1.1" 200 27
114.84.33.255 - - [20/Apr/2020:09:20:21 +0800] "POST /xingrg/kc/buy/cgsh_order_operate.html HTTP/1.1" 200 5329
114.84.33.255 - - [20/Apr/2020:09:20:23 +0800] "GET /xingrg/kc/print/load_data.html?order_code=212020041703878&kc_code=cgsh HTTP/1.1" 200 2538
183.192.164.97 - - [20/Apr/2020:09:20:24 +0800] "GET /xingrg/kc/buy/cgsh_order_operate.html?command=get_materiel&rest_code=00106&code=00101008318&supplier_code=00100007&order_time=2020-04-20 HTTP/1.1" 302 -
183.192.164.97 - - [20/Apr/2020:09:20:28 +0800] "GET /xingrg/login.html HTTP/1.1" 200 7641
58.39.71.246 - - [20/Apr/2020:09:20:36 +0800] "GET /xingrg/all/function/internal_message.html?_=1587345623610&CODE_STATE=getMsg HTTP/1.1" 200 27
222.69.139.156 - - [20/Apr/2020:09:20:38 +0800] "GET /xingrg/all/function/internal_message.html?_=1587345637813&CODE_STATE=getMsg HTTP/1.1" 200 27
114.84.33.255 - - [20/Apr/2020:09:20:43 +0800] "GET /xingrg/check_reg.html?_=1587345646820 HTTP/1.1" 200 22
114.84.33.255 - - [20/Apr/2020:09:20:43 +0800] "GET /xingrg/all/function/internal_message.html?_=1587345647358&CODE_STATE=getMsg HTTP/1.1" 200 27
101.89.239.120 - - [20/Apr/2020:09:20:48 +0800] "GET /xingrg/check_reg.html?_=1587345490997 HTTP/1.1" 302 -
117.185.32.26 - - [20/Apr/2020:09:20:48 +0800] "GET /xingrg/all/function/internal_message.html?_=1587345647621&CODE_STATE=getMsg HTTP/1.1" 200 27
117.185.32.26 - - [20/Apr/2020:09:20:49 +0800] "GET /xingrg/check_reg.html?_=1587345647679 HTTP/1.1" 200 22
101.89.239.120 - - [20/Apr/2020:09:20:54 +0800] "GET /xingrg/login.html HTTP/1.1" 200 7641
120.253.135.82 - - [20/Apr/2020:09:20:56 +0800] "GET /xingrg/all/function/internal_message.html?_=1587345791332&CODE_STATE=getMsg HTTP/1.1" 200 27
222.70.183.62 - - [20/Apr/2020:09:20:57 +0800] "GET /xingrg/all/function/internal_message.html?_=1587345985132&CODE_STATE=getMsg HTTP/1.1" 200 27
222.70.183.62 - - [20/Apr/2020:09:20:57 +0800] "GET /xingrg/check_reg.html?_=1587345985135 HTTP/1.1" 200 22
172.17.0.128 - - [20/Apr/2020:09:21:05 +0800] "GET /xingrg/check_reg.html?_=1587345486467 HTTP/1.1" 302 -
172.17.0.128 - - [20/Apr/2020:09:21:05 +0800] "GET /xingrg/all/function/internal_message.html?_=1587345486469&CODE_STATE=getMsg HTTP/1.1" 302 -
114.88.159.93 - - [20/Apr/2020:09:21:10 +0800] "GET /xingrg/all/function/internal_message.html?_=1587345670991&CODE_STATE=getMsg HTTP/1.1" 200 27
120.253.135.82 - - [20/Apr/2020:09:21:11 +0800] "GET /xingrg/check_reg.html?_=1587345421431 HTTP/1.1" 200 22
120.253.135.82 - - [20/Apr/2020:09:21:13 +0800] "GET /xingrg/all/function/internal_message.html?_=1587345423221&CODE_STATE=getMsg HTTP/1.1" 200 27
180.156.150.85 - - [20/Apr/2020:09:21:19 +0800] "GET /xingrg/all/function/internal_message.html?_=1587345679762&CODE_STATE=getMsg HTTP/1.1" 200 27
180.156.150.85 - - [20/Apr/2020:09:21:19 +0800] "GET /xingrg/check_reg.html?_=1587345679766 HTTP/1.1" 200 22
172.17.0.100 - - [20/Apr/2020:09:21:21 +0800] "GET /xingrg/all/function/internal_message.html?_=1587345681479&CODE_STATE=getMsg HTTP/1.1" 200 27
114.84.33.255 - - [20/Apr/2020:09:21:34 +0800] "POST /xingrg/kc/buy/cgsh_list_operate.html HTTP/1.1" 200 3658
58.39.71.246 - - [20/Apr/2020:09:21:36 +0800] "GET /xingrg/check_reg.html?_=1587345683610 HTTP/1.1" 200 22
58.39.71.246 - - [20/Apr/2020:09:21:36 +0800] "GET /xingrg/all/function/internal_message.html?_=1587345683612&CODE_STATE=getMsg HTTP/1.1" 200 27
114.84.33.255 - - [20/Apr/2020:09:21:37 +0800] "POST /xingrg/kc/buy/cgsh_list_operate.html HTTP/1.1" 200 558
114.84.33.255 - - [20/Apr/2020:09:21:38 +0800] "GET /xingrg/kc/buy/cgsh_order_info.html?code=212020041904501 HTTP/1.1" 200 53040
222.69.139.156 - - [20/Apr/2020:09:21:38 +0800] "GET /xingrg/all/function/internal_message.html?_=1587345697824&CODE_STATE=getMsg HTTP/1.1" 200 27
114.84.33.255 - - [20/Apr/2020:09:21:38 +0800] "GET /xingrg/javascript/easyui/themes/default/validatebox.css HTTP/1.1" 404 1104
114.84.33.255 - - [20/Apr/2020:09:21:39 +0800] "POST /xingrg/kc/buy/cgsh_order_operate.html HTTP/1.1" 200 3535
114.84.33.255 - - [20/Apr/2020:09:21:41 +0800] "GET /xingrg/kc/print/load_data.html?order_code=212020041904501&kc_code=cgsh HTTP/1.1" 200 1846
114.84.33.255 - - [20/Apr/2020:09:21:44 +0800] "GET /xingrg/all/function/internal_message.html?_=1587345708597&CODE_STATE=getMsg HTTP/1.1" 200 27
117.185.32.26 - - [20/Apr/2020:09:21:48 +0800] "GET /xingrg/all/function/internal_message.html?_=1587345707582&CODE_STATE=getMsg HTTP/1.1" 200 27
120.253.135.82 - - [20/Apr/2020:09:21:56 +0800] "GET /xingrg/all/function/internal_message.html?_=1587345851358&CODE_STATE=getMsg HTTP/1.1" 200 27
222.70.183.62 - - [20/Apr/2020:09:21:57 +0800] "GET /xingrg/all/function/internal_message.html?_=1587346045145&CODE_STATE=getMsg HTTP/1.1" 200 27
172.17.0.128 - - [20/Apr/2020:09:22:05 +0800] "GET /xingrg/all/function/internal_message.html?_=1587345546454&CODE_STATE=getMsg HTTP/1.1" 302 -
114.88.159.93 - - [20/Apr/2020:09:22:10 +0800] "GET /xingrg/all/function/internal_message.html?_=1587345730991&CODE_STATE=getMsg HTTP/1.1" 200 27
120.253.135.82 - - [20/Apr/2020:09:22:13 +0800] "GET /xingrg/all/function/internal_message.html?_=1587345483235&CODE_STATE=getMsg HTTP/1.1" 200 27
180.156.150.85 - - [20/Apr/2020:09:22:19 +0800] "GET /xingrg/all/function/internal_message.html?_=1587345739797&CODE_STATE=getMsg HTTP/1.1" 200 27
172.17.0.100 - - [20/Apr/2020:09:22:21 +0800] "GET /xingrg/all/function/internal_message.html?_=1587345741498&CODE_STATE=getMsg HTTP/1.1" 200 27
58.39.71.246 - - [20/Apr/2020:09:22:36 +0800] "GET /xingrg/all/function/internal_message.html?_=1587345743596&CODE_STATE=getMsg HTTP/1.1" 200 27
222.69.139.156 - - [20/Apr/2020:09:22:38 +0800] "GET /xingrg/all/function/internal_message.html?_=1587345757815&CODE_STATE=getMsg HTTP/1.1" 200 27
114.84.33.255 - - [20/Apr/2020:09:22:44 +0800] "GET /xingrg/all/function/internal_message.html?_=1587345768610&CODE_STATE=getMsg HTTP/1.1" 200 27
117.185.32.26 - - [20/Apr/2020:09:22:48 +0800] "GET /xingrg/all/function/internal_message.html?_=1587345767563&CODE_STATE=getMsg HTTP/1.1" 200 27
114.84.33.255 - - [20/Apr/2020:09:22:50 +0800] "POST /xingrg/kc/buy/cgsh_list_operate.html HTTP/1.1" 200 3658
114.84.33.255 - - [20/Apr/2020:09:22:56 +0800] "POST /xingrg/kc/buy/cgsh_list_operate.html HTTP/1.1" 200 3644
120.253.135.82 - - [20/Apr/2020:09:22:56 +0800] "GET /xingrg/all/function/internal_message.html?_=1587345911375&CODE_STATE=getMsg HTTP/1.1" 200 27
222.70.183.62 - - [20/Apr/2020:09:22:57 +0800] "GET /xingrg/all/function/internal_message.html?_=1587346105144&CODE_STATE=getMsg HTTP/1.1" 200 27
114.84.33.255 - - [20/Apr/2020:09:23:02 +0800] "POST /xingrg/kc/buy/cgsh_list_operate.html HTTP/1.1" 200 199
172.17.0.128 - - [20/Apr/2020:09:23:05 +0800] "GET /xingrg/all/function/internal_message.html?_=1587345606453&CODE_STATE=getMsg HTTP/1.1" 302 -
114.84.33.255 - - [20/Apr/2020:09:23:05 +0800] "POST /xingrg/kc/buy/cgsh_list_operate.html HTTP/1.1" 200 276
114.84.33.255 - - [20/Apr/2020:09:23:08 +0800] "POST /xingrg/kc/buy/cgsh_list_operate.html HTTP/1.1" 200 273
114.88.159.93 - - [20/Apr/2020:09:23:10 +0800] "GET /xingrg/all/function/internal_message.html?_=1587345790989&CODE_STATE=getMsg HTTP/1.1" 200 27
114.88.159.93 - - [20/Apr/2020:09:23:10 +0800] "GET /xingrg/check_reg.html?_=1587345790990 HTTP/1.1" 200 22
114.84.33.255 - - [20/Apr/2020:09:23:11 +0800] "GET /xingrg/kc/buy/cgsh_order_info.html?code=212020041703926 HTTP/1.1" 200 53038
114.84.33.255 - - [20/Apr/2020:09:23:11 +0800] "GET /xingrg/javascript/easyui/themes/default/validatebox.css HTTP/1.1" 404 1104
114.84.33.255 - - [20/Apr/2020:09:23:12 +0800] "POST /xingrg/kc/buy/cgsh_order_operate.html HTTP/1.1" 200 604
120.253.135.82 - - [20/Apr/2020:09:23:13 +0800] "GET /xingrg/all/function/internal_message.html?_=1587345543248&CODE_STATE=getMsg HTTP/1.1" 200 27
58.221.95.50 - - [20/Apr/2020:09:23:13 +0800] "GET /xingrg/check_reg.html?_=1587345808606 HTTP/1.1" 302 -
114.84.33.255 - - [20/Apr/2020:09:23:14 +0800] "POST /xingrg/kc/buy/cgsh_list_operate.html HTTP/1.1" 200 3644
114.84.33.255 - - [20/Apr/2020:09:23:16 +0800] "POST /xingrg/kc/buy/cgsh_list_operate.html HTTP/1.1" 200 199
180.156.150.85 - - [20/Apr/2020:09:23:19 +0800] "GET /xingrg/all/function/internal_message.html?_=1587345799785&CODE_STATE=getMsg HTTP/1.1" 200 27
114.84.33.255 - - [20/Apr/2020:09:23:19 +0800] "POST /xingrg/kc/buy/cgsh_list_operate.html HTTP/1.1" 200 273
172.17.0.100 - - [20/Apr/2020:09:23:21 +0800] "GET /xingrg/all/function/internal_message.html?_=1587345801484&CODE_STATE=getMsg HTTP/1.1" 200 27
114.84.33.255 - - [20/Apr/2020:09:23:21 +0800] "POST /xingrg/kc/buy/cgsh_list_operate.html HTTP/1.1" 200 276
114.84.33.255 - - [20/Apr/2020:09:23:23 +0800] "GET /xingrg/kc/buy/cgsh_order_info.html?code=212020041603678 HTTP/1.1" 200 53038
114.84.33.255 - - [20/Apr/2020:09:23:23 +0800] "GET /xingrg/javascript/easyui/themes/default/validatebox.css HTTP/1.1" 404 1104
114.84.33.255 - - [20/Apr/2020:09:23:23 +0800] "POST /xingrg/kc/buy/cgsh_order_operate.html HTTP/1.1" 200 1198
114.84.33.255 - - [20/Apr/2020:09:23:24 +0800] "GET /xingrg/kc/print/load_data.html?order_code=212020041603678&kc_code=cgsh HTTP/1.1" 200 1008
222.70.183.62 - - [20/Apr/2020:09:23:27 +0800] "GET /xingrg/check_reg.html?_=1587345806509 HTTP/1.1" 200 22
58.39.71.246 - - [20/Apr/2020:09:23:36 +0800] "GET /xingrg/all/function/internal_message.html?_=1587345803611&CODE_STATE=getMsg HTTP/1.1" 200 27
117.185.32.26 - - [20/Apr/2020:09:23:36 +0800] "POST /xingrg/kc/buy/cgsh_order_operate.html HTTP/1.1" 200 37
117.185.32.26 - - [20/Apr/2020:09:23:37 +0800] "POST /xingrg/kc/buy/cgsh_order_operate.html HTTP/1.1" 200 21569
222.69.139.156 - - [20/Apr/2020:09:23:38 +0800] "GET /xingrg/check_reg.html?_=1587345817827 HTTP/1.1" 200 22
222.69.139.156 - - [20/Apr/2020:09:23:38 +0800] "GET /xingrg/all/function/internal_message.html?_=1587345817818&CODE_STATE=getMsg HTTP/1.1" 200 27
114.84.33.255 - - [20/Apr/2020:09:23:44 +0800] "GET /xingrg/all/function/internal_message.html?_=1587345828624&CODE_STATE=getMsg HTTP/1.1" 200 27
61.129.6.251 - - [20/Apr/2020:09:23:45 +0800] "GET /xingrg/all/function/internal_message.html?_=1587345490996&CODE_STATE=getMsg HTTP/1.1" 302 -
117.185.32.26 - - [20/Apr/2020:09:23:48 +0800] "GET /xingrg/all/function/internal_message.html?_=1587345827538&CODE_STATE=getMsg HTTP/1.1" 200 27
61.129.6.251 - - [20/Apr/2020:09:23:50 +0800] "GET /xingrg/login.html HTTP/1.1" 200 7641
120.253.135.82 - - [20/Apr/2020:09:23:56 +0800] "GET /xingrg/check_reg.html?_=1587345971102 HTTP/1.1" 200 22
120.253.135.82 - - [20/Apr/2020:09:23:56 +0800] "GET /xingrg/all/function/internal_message.html?_=1587345971387&CODE_STATE=getMsg HTTP/1.1" 200 27
222.70.183.62 - - [20/Apr/2020:09:23:57 +0800] "GET /xingrg/all/function/internal_message.html?_=1587346165144&CODE_STATE=getMsg HTTP/1.1" 200 27
