58.39.71.246 - - [20/Apr/2020:11:12:59 +0800] "GET /xingrg/javascript/jquery.utils.js HTTP/1.1" 304 -
58.39.71.246 - - [20/Apr/2020:11:12:59 +0800] "GET /xingrg/javascript/jquery.timers.js HTTP/1.1" 304 -
124.77.69.152 - - [20/Apr/2020:11:12:59 +0800] "POST /xingrg/kc/buy/cgsh_order_operate.html HTTP/1.1" 200 8245
58.39.71.246 - - [20/Apr/2020:11:12:59 +0800] "GET /favicon.ico HTTP/1.1" 404 -
58.39.71.246 - - [20/Apr/2020:11:12:59 +0800] "POST /xingrg/all/common/load_tree.html?tree=area_rest_tree_json&manage=1 HTTP/1.1" 200 342
124.77.69.152 - - [20/Apr/2020:11:12:59 +0800] "GET /xingrg/javascript/easyui/themes/default/validatebox.css HTTP/1.1" 404 1104
58.39.71.246 - - [20/Apr/2020:11:12:59 +0800] "GET /xingrg/check_reg.html?_=1587352380820 HTTP/1.1" 200 22
58.39.71.246 - - [20/Apr/2020:11:12:59 +0800] "GET /xingrg/all/function/internal_message.html?_=1587352380819&CODE_STATE=count HTTP/1.1" 200 11
114.82.213.91 - - [20/Apr/2020:11:12:59 +0800] "GET /xingrg/all/function/internal_message.html?_=1587351457351&CODE_STATE=getMsg HTTP/1.1" 200 27
58.39.71.246 - - [20/Apr/2020:11:13:00 +0800] "POST /xingrg/load_menu.html HTTP/1.1" 200 5138
180.156.150.85 - - [20/Apr/2020:11:13:00 +0800] "GET /xingrg/check_reg.html?_=1587352381214 HTTP/1.1" 200 22
180.156.150.85 - - [20/Apr/2020:11:13:00 +0800] "GET /xingrg/all/function/internal_message.html?_=1587352381218&CODE_STATE=getMsg HTTP/1.1" 200 27
58.39.71.246 - - [20/Apr/2020:11:13:01 +0800] "GET /xingrg/kc/buy/cgsh_order_list.html HTTP/1.1" 200 42515
58.39.71.246 - - [20/Apr/2020:11:13:01 +0800] "GET /xingrg/css/base.css HTTP/1.1" 304 -
58.39.71.246 - - [20/Apr/2020:11:13:01 +0800] "GET /xingrg/javascript/jquery_tools/datebox.css HTTP/1.1" 304 -
58.39.71.246 - - [20/Apr/2020:11:13:01 +0800] "GET /xingrg/css/site.css HTTP/1.1" 304 -
58.39.71.246 - - [20/Apr/2020:11:13:01 +0800] "GET /xingrg/javascript/easyui/themes/icon.css HTTP/1.1" 304 -
58.39.71.246 - - [20/Apr/2020:11:13:01 +0800] "GET /xingrg/javascript/easyui/themes/default/easyui.css HTTP/1.1" 304 -
58.39.71.246 - - [20/Apr/2020:11:13:01 +0800] "GET /xingrg/javascript/jquery_tools/fix.css HTTP/1.1" 304 -
58.39.71.246 - - [20/Apr/2020:11:13:01 +0800] "GET /xingrg/javascript/auto/jquery.autocomplete.css HTTP/1.1" 304 -
58.39.71.246 - - [20/Apr/2020:11:13:01 +0800] "GET /xingrg/javascript/jquery_tools/jquery.tools.extend.js HTTP/1.1" 304 -
58.39.71.246 - - [20/Apr/2020:11:13:01 +0800] "GET /xingrg/javascript/jquery_tools/jquery.tools.hotkey.js HTTP/1.1" 304 -
58.39.71.246 - - [20/Apr/2020:11:13:01 +0800] "GET /xingrg/javascript/jquery_tools/jquery.tools.table.js HTTP/1.1" 304 -
58.39.71.246 - - [20/Apr/2020:11:13:01 +0800] "GET /xingrg/javascript/jquery_tools/list_manager.js HTTP/1.1" 304 -
58.39.71.246 - - [20/Apr/2020:11:13:01 +0800] "GET /xingrg/javascript/auto/jquery.autocomplete.js HTTP/1.1" 304 -
58.39.71.246 - - [20/Apr/2020:11:13:01 +0800] "GET /xingrg/javascript/jquery_tools/table.css HTTP/1.1" 304 -
58.39.71.246 - - [20/Apr/2020:11:13:01 +0800] "GET /xingrg/javascript/jquery_tools/jquery.tools.min.js HTTP/1.1" 304 -
58.39.71.246 - - [20/Apr/2020:11:13:01 +0800] "GET /xingrg/javascript/easyui/easyloader.js HTTP/1.1" 304 -
58.39.71.246 - - [20/Apr/2020:11:13:01 +0800] "GET /xingrg/javascript/print/LodopFuncs.js HTTP/1.1" 304 -
58.39.71.246 - - [20/Apr/2020:11:13:01 +0800] "GET /xingrg/javascript/jquery.cookie.js HTTP/1.1" 304 -
58.39.71.246 - - [20/Apr/2020:11:13:03 +0800] "GET /xingrg/javascript/easyui/plugins/jquery.parser.js HTTP/1.1" 304 -
58.39.71.246 - - [20/Apr/2020:11:13:03 +0800] "POST /xingrg/kc/buy/cgsh_list_operate.html HTTP/1.1" 200 876
58.39.71.246 - - [20/Apr/2020:11:13:04 +0800] "GET /xingrg/kc/buy/cgsh_order_add.html HTTP/1.1" 200 58048
58.39.71.246 - - [20/Apr/2020:11:13:04 +0800] "GET /xingrg/javascript/pic_change.js HTTP/1.1" 304 -
58.39.71.246 - - [20/Apr/2020:11:13:04 +0800] "GET /xingrg/javascript/json2.js HTTP/1.1" 304 -
58.39.71.246 - - [20/Apr/2020:11:13:04 +0800] "GET /xingrg/javascript/print/kc_print.js HTTP/1.1" 304 -
58.39.71.246 - - [20/Apr/2020:11:13:04 +0800] "GET /xingrg/javascript/jquery_tools/order_manager.js HTTP/1.1" 304 -
58.39.71.246 - - [20/Apr/2020:11:13:04 +0800] "GET /xingrg/javascript/convert.js HTTP/1.1" 304 -
58.39.71.246 - - [20/Apr/2020:11:13:04 +0800] "GET /xingrg/words/20200419134308_words.js HTTP/1.1" 304 -
58.39.71.246 - - [20/Apr/2020:11:13:04 +0800] "POST /xingrg/kc/buy/cgsh_order_operate.html HTTP/1.1" 200 8245
58.39.71.246 - - [20/Apr/2020:11:13:04 +0800] "GET /xingrg/all/common/auto_word.html?type=employee&rest_code=00102 HTTP/1.1" 200 189
58.39.71.246 - - [20/Apr/2020:11:13:04 +0800] "GET /xingrg/all/common/auto_word.html?type=employee&rest_code=00102 HTTP/1.1" 200 189
58.39.71.246 - - [20/Apr/2020:11:13:05 +0800] "GET /xingrg/javascript/easyui/themes/default/validatebox.css HTTP/1.1" 404 1104
58.39.71.246 - - [20/Apr/2020:11:13:05 +0800] "GET /xingrg/javascript/easyui/plugins/jquery.validatebox.js HTTP/1.1" 304 -
58.39.71.246 - - [20/Apr/2020:11:13:05 +0800] "GET /xingrg/javascript/easyui/plugins/jquery.numberbox.js HTTP/1.1" 304 -
58.39.71.246 - - [20/Apr/2020:11:13:06 +0800] "GET /xingrg/javascript/auto/indicator.gif HTTP/1.1" 404 1066
58.39.71.246 - - [20/Apr/2020:11:13:06 +0800] "GET /xingrg/javascript/jquery_tools/images/prev.gif HTTP/1.1" 404 1086
58.39.71.246 - - [20/Apr/2020:11:13:06 +0800] "GET /xingrg/javascript/jquery_tools/images/next.gif HTTP/1.1" 404 1086
114.86.190.97 - - [20/Apr/2020:11:13:07 +0800] "GET /xingrg/all/function/internal_message.html?_=1587352385401&CODE_STATE=getMsg HTTP/1.1" 200 27
114.88.159.93 - - [20/Apr/2020:11:13:09 +0800] "GET /xingrg/all/function/internal_message.html?_=1587352390074&CODE_STATE=getMsg HTTP/1.1" 200 27
172.17.0.119 - - [20/Apr/2020:11:13:09 +0800] "GET /xingrg/all/function/internal_message.html?_=1587352389429&CODE_STATE=getMsg HTTP/1.1" 200 27
114.88.159.93 - - [20/Apr/2020:11:13:10 +0800] "GET /xingrg/check_reg.html?_=1587352391260 HTTP/1.1" 200 22
117.185.32.26 - - [20/Apr/2020:11:13:14 +0800] "GET /xingrg/all/function/internal_message.html?_=1587352392638&CODE_STATE=getMsg HTTP/1.1" 200 27
117.185.32.26 - - [20/Apr/2020:11:13:14 +0800] "GET /xingrg/check_reg.html?_=1587352392641 HTTP/1.1" 200 22
114.88.159.93 - - [20/Apr/2020:11:13:14 +0800] "GET /xingrg/kc/buy/cgsh_order_operate.html?command=get_materiel&rest_code=00141&code=00101016105&supplier_code=00100036&order_time=2020-04-20 HTTP/1.1" 200 409
114.86.190.97 - - [20/Apr/2020:11:13:16 +0800] "GET /xingrg/kc/buy/cgsh_order_operate.html?command=get_materiel&rest_code=00148&code=00101008146&supplier_code=00100347&order_time=2020-04-20 HTTP/1.1" 200 416
58.39.71.246 - - [20/Apr/2020:11:13:16 +0800] "GET /xingrg/kc/buy/cgsh_order_operate.html?command=get_materiel&rest_code=00102&code=00101004063&supplier_code=00100085&order_time=2020-04-19 HTTP/1.1" 200 414
120.253.135.82 - - [20/Apr/2020:11:13:18 +0800] "GET /xingrg/all/function/internal_message.html?_=1587352148027&CODE_STATE=getMsg HTTP/1.1" 200 27
114.86.231.133 - - [20/Apr/2020:11:13:18 +0800] "GET /xingrg/all/function/internal_message.html?_=1587352465781&CODE_STATE=getMsg HTTP/1.1" 200 27
172.17.0.103 - - [20/Apr/2020:11:13:19 +0800] "GET /xingrg/all/function/internal_message.html?_=1587352410585&CODE_STATE=getMsg HTTP/1.1" 200 27
172.17.0.120 - - [20/Apr/2020:11:13:20 +0800] "GET /xingrg/all/function/internal_message.html?_=1587352399829&CODE_STATE=getMsg HTTP/1.1" 200 27
180.162.232.172 - - [20/Apr/2020:11:13:21 +0800] "GET /xingrg/kc/base/wldb_order_list.html HTTP/1.1" 200 19258
180.162.232.172 - - [20/Apr/2020:11:13:21 +0800] "POST /xingrg/kc/base/wldb_list_operate.html HTTP/1.1" 200 928
172.17.0.100 - - [20/Apr/2020:11:13:21 +0800] "GET /xingrg/all/function/internal_message.html?_=1587352401829&CODE_STATE=getMsg HTTP/1.1" 302 -
180.162.232.172 - - [20/Apr/2020:11:13:22 +0800] "GET /xingrg/kc/base/wldb_order_add.html HTTP/1.1" 200 30319
180.162.232.172 - - [20/Apr/2020:11:13:22 +0800] "GET /xingrg/all/common/auto_word.html?type=base&rest_code=00150 HTTP/1.1" 200 1503
180.162.232.172 - - [20/Apr/2020:11:13:22 +0800] "GET /xingrg/all/common/auto_word.html?type=base&rest_code=00150 HTTP/1.1" 200 1503
180.162.232.172 - - [20/Apr/2020:11:13:22 +0800] "GET /xingrg/javascript/easyui/themes/default/validatebox.css HTTP/1.1" 404 1104
180.162.232.172 - - [20/Apr/2020:11:13:22 +0800] "POST /xingrg/kc/base/wldb_order_operate.html HTTP/1.1" 200 6806
114.88.159.93 - - [20/Apr/2020:11:13:22 +0800] "GET /xingrg/kc/buy/cgsh_order_operate.html?command=get_materiel&rest_code=00141&code=00101016010&supplier_code=00100036&order_time=2020-04-20 HTTP/1.1" 200 408
180.162.102.27 - - [20/Apr/2020:11:13:23 +0800] "GET /xingrg/all/function/internal_message.html?_=1587351861526&CODE_STATE=getMsg HTTP/1.1" 200 27
124.77.69.152 - - [20/Apr/2020:11:13:25 +0800] "GET /xingrg/kc/buy/cgsh_order_operate.html?command=get_materiel&rest_code=00107&code=00101018011&supplier_code=00100330&order_time=2020-04-20 HTTP/1.1" 200 413
180.162.232.172 - - [20/Apr/2020:11:13:26 +0800] "GET /xingrg/javascript/auto/indicator.gif HTTP/1.1" 404 1066
222.70.183.62 - - [20/Apr/2020:11:13:27 +0800] "GET /xingrg/check_reg.html?_=1587352406654 HTTP/1.1" 200 22
124.77.69.152 - - [20/Apr/2020:11:13:27 +0800] "GET /xingrg/check_reg.html?_=1587351648455 HTTP/1.1" 200 22
124.77.69.152 - - [20/Apr/2020:11:13:27 +0800] "GET /xingrg/all/function/internal_message.html?_=1587351648514&CODE_STATE=getMsg HTTP/1.1" 200 27
114.88.159.93 - - [20/Apr/2020:11:13:29 +0800] "GET /xingrg/kc/buy/cgsh_order_operate.html?command=get_materiel&rest_code=00141&code=00101016025&supplier_code=00100036&order_time=2020-04-20 HTTP/1.1" 200 408
114.86.190.97 - - [20/Apr/2020:11:13:37 +0800] "GET /xingrg/kc/buy/cgsh_order_operate.html?command=get_materiel&rest_code=00148&code=00101010388&supplier_code=00100347&order_time=2020-04-20 HTTP/1.1" 200 400
58.39.71.246 - - [20/Apr/2020:11:13:38 +0800] "GET /xingrg/kc/buy/cgsh_order_operate.html?command=get_materiel&rest_code=00102&code=00101004034&supplier_code=00100085&order_time=2020-04-19 HTTP/1.1" 200 414
116.232.48.158 - - [20/Apr/2020:11:13:40 +0800] "GET /xingrg/all/function/internal_message.html?_=1587352313663&CODE_STATE=getMsg HTTP/1.1" 200 27
117.131.5.26 - - [20/Apr/2020:11:13:40 +0800] "GET /xingrg/all/function/internal_message.html?_=1587352770476&CODE_STATE=getMsg HTTP/1.1" 200 27
222.70.183.62 - - [20/Apr/2020:11:13:40 +0800] "GET /xingrg/all/function/internal_message.html?_=1587352747280&CODE_STATE=getMsg HTTP/1.1" 200 27
114.88.159.93 - - [20/Apr/2020:11:13:41 +0800] "GET /xingrg/kc/buy/cgsh_order_operate.html?command=get_materiel&rest_code=00141&code=00101012019&supplier_code=00100036&order_time=2020-04-20 HTTP/1.1" 200 412
58.39.71.246 - - [20/Apr/2020:11:13:47 +0800] "POST /xingrg/kc/buy/cgsh_order_operate.html HTTP/1.1" 200 37
114.86.190.97 - - [20/Apr/2020:11:13:47 +0800] "GET /xingrg/kc/buy/cgsh_order_operate.html?command=get_materiel&rest_code=00148&code=00101006086&supplier_code=00100347&order_time=2020-04-20 HTTP/1.1" 200 417
58.39.71.246 - - [20/Apr/2020:11:13:49 +0800] "POST /xingrg/kc/buy/cgsh_order_operate.html HTTP/1.1" 200 12
114.86.190.97 - - [20/Apr/2020:11:13:49 +0800] "GET /xingrg/all/function/internal_message.html?_=1587352428565&CODE_STATE=getMsg HTTP/1.1" 200 27
58.39.71.246 - - [20/Apr/2020:11:13:50 +0800] "GET /xingrg/kc/buy/cgsh_order_info.html?code=212020042004851 HTTP/1.1" 200 52952
222.69.139.156 - - [20/Apr/2020:11:13:50 +0800] "GET /xingrg/check_reg.html?_=1587352429608 HTTP/1.1" 200 22
222.69.139.156 - - [20/Apr/2020:11:13:50 +0800] "GET /xingrg/all/function/internal_message.html?_=1587352429612&CODE_STATE=getMsg HTTP/1.1" 200 27
58.39.71.246 - - [20/Apr/2020:11:13:51 +0800] "GET /xingrg/javascript/easyui/themes/default/validatebox.css HTTP/1.1" 404 1104
58.39.71.246 - - [20/Apr/2020:11:13:51 +0800] "POST /xingrg/kc/buy/cgsh_order_operate.html HTTP/1.1" 200 612
114.84.33.255 - - [20/Apr/2020:11:13:51 +0800] "GET /xingrg/all/function/internal_message.html?_=1587352435703&CODE_STATE=getMsg HTTP/1.1" 200 27
114.88.159.93 - - [20/Apr/2020:11:13:52 +0800] "GET /xingrg/kc/buy/cgsh_order_operate.html?command=get_materiel&rest_code=00141&code=00101012051&supplier_code=00100036&order_time=2020-04-20 HTTP/1.1" 200 408
58.39.71.246 - - [20/Apr/2020:11:13:52 +0800] "GET /xingrg/kc/print/load_config.html?kc_code=cgsh HTTP/1.1" 200 1845
58.39.71.246 - - [20/Apr/2020:11:13:52 +0800] "GET /xingrg/kc/print/load_data.html?order_code=212020042004851&kc_code=cgsh&condition= HTTP/1.1" 200 755
180.162.232.172 - - [20/Apr/2020:11:13:54 +0800] "GET /xingrg/all/function/internal_message.html?_=1587352434231&CODE_STATE=getMsg HTTP/1.1" 200 27
120.253.135.82 - - [20/Apr/2020:11:13:57 +0800] "GET /xingrg/check_reg.html?_=1587352571796 HTTP/1.1" 200 22
180.162.232.172 - - [20/Apr/2020:11:13:57 +0800] "GET /xingrg/kc/base/wldb_order_operate.html?command=get_materiel&rest_code=00150&base_code=0010446&code=00102002500 HTTP/1.1" 200 452
120.253.135.82 - - [20/Apr/2020:11:13:58 +0800] "GET /xingrg/all/function/internal_message.html?_=1587352573459&CODE_STATE=getMsg HTTP/1.1" 200 27
114.88.159.93 - - [20/Apr/2020:11:13:59 +0800] "POST /xingrg/kc/buy/cgsh_order_operate.html HTTP/1.1" 200 37
58.39.71.246 - - [20/Apr/2020:11:13:59 +0800] "GET /xingrg/all/function/internal_message.html?_=1587352440835&CODE_STATE=getMsg HTTP/1.1" 200 27
114.82.213.91 - - [20/Apr/2020:11:13:59 +0800] "GET /xingrg/all/function/internal_message.html?_=1587351517348&CODE_STATE=getMsg HTTP/1.1" 200 27
114.86.190.97 - - [20/Apr/2020:11:14:00 +0800] "GET /xingrg/kc/buy/cgsh_order_operate.html?command=get_materiel&rest_code=00148&code=00101020225&supplier_code=00100347&order_time=2020-04-20 HTTP/1.1" 200 403
114.88.159.93 - - [20/Apr/2020:11:14:00 +0800] "POST /xingrg/kc/buy/cgsh_order_operate.html HTTP/1.1" 200 12
180.156.150.85 - - [20/Apr/2020:11:14:00 +0800] "GET /xingrg/all/function/internal_message.html?_=1587352441215&CODE_STATE=getMsg HTTP/1.1" 200 27
58.39.71.246 - - [20/Apr/2020:11:14:00 +0800] "GET /xingrg/kc/buy/cgsh_order_add.html HTTP/1.1" 200 58048
114.88.159.93 - - [20/Apr/2020:11:14:01 +0800] "GET /xingrg/kc/buy/cgsh_order_info.html?code=212020042004852 HTTP/1.1" 200 53040
58.39.71.246 - - [20/Apr/2020:11:14:01 +0800] "POST /xingrg/kc/buy/cgsh_order_operate.html HTTP/1.1" 200 8245
58.39.71.246 - - [20/Apr/2020:11:14:01 +0800] "GET /xingrg/javascript/easyui/themes/default/validatebox.css HTTP/1.1" 404 1104
114.88.159.93 - - [20/Apr/2020:11:14:01 +0800] "GET /xingrg/javascript/easyui/themes/default/validatebox.css HTTP/1.1" 404 1104
114.88.159.93 - - [20/Apr/2020:11:14:01 +0800] "POST /xingrg/kc/buy/cgsh_order_operate.html HTTP/1.1" 200 2946
180.162.232.172 - - [20/Apr/2020:11:14:01 +0800] "GET /xingrg/kc/base/wldb_order_operate.html?command=get_materiel&rest_code=00150&base_code=0010446&code=00102002562 HTTP/1.1" 200 445
114.88.159.93 - - [20/Apr/2020:11:14:02 +0800] "GET /xingrg/kc/print/load_data.html?order_code=212020042004852&kc_code=cgsh&condition= HTTP/1.1" 200 1649
114.86.190.97 - - [20/Apr/2020:11:14:07 +0800] "GET /xingrg/check_reg.html?_=1587352445405 HTTP/1.1" 200 22
114.86.190.97 - - [20/Apr/2020:11:14:07 +0800] "GET /xingrg/all/function/internal_message.html?_=1587352445410&CODE_STATE=getMsg HTTP/1.1" 200 27
114.88.159.93 - - [20/Apr/2020:11:14:09 +0800] "GET /xingrg/all/function/internal_message.html?_=1587352450049&CODE_STATE=getMsg HTTP/1.1" 200 27
172.17.0.119 - - [20/Apr/2020:11:14:09 +0800] "GET /xingrg/all/function/internal_message.html?_=1587352449433&CODE_STATE=getMsg HTTP/1.1" 200 27
180.162.232.172 - - [20/Apr/2020:11:14:11 +0800] "GET /xingrg/kc/base/wldb_order_operate.html?command=get_materiel&rest_code=00150&base_code=0010446&code=00102002586 HTTP/1.1" 200 439
58.39.71.246 - - [20/Apr/2020:11:14:11 +0800] "GET /xingrg/kc/buy/cgsh_order_operate.html?command=get_materiel&rest_code=00102&code=00101004067&supplier_code=00100317&order_time=2020-04-19 HTTP/1.1" 200 428
114.88.159.93 - - [20/Apr/2020:11:14:12 +0800] "GET /xingrg/kc/buy/cgsh_order_add.html HTTP/1.1" 200 58136
114.86.231.133 - - [20/Apr/2020:11:14:12 +0800] "GET /xingrg/all/function/internal_message.html?_=1587352525781&CODE_STATE=getMsg HTTP/1.1" 200 27
114.88.159.93 - - [20/Apr/2020:11:14:12 +0800] "POST /xingrg/kc/buy/cgsh_order_operate.html HTTP/1.1" 200 8245
114.88.159.93 - - [20/Apr/2020:11:14:12 +0800] "GET /xingrg/javascript/easyui/themes/default/validatebox.css HTTP/1.1" 404 1104
180.156.150.85 - - [20/Apr/2020:11:14:13 +0800] "GET /xingrg/kc/buy/cgsh_order_list.html HTTP/1.1" 200 42515
116.232.36.192 - - [20/Apr/2020:11:14:13 +0800] "POST /xingrg/services/DataTransmitService HTTP/1.1" 200 524
116.232.36.192 - - [20/Apr/2020:11:14:13 +0800] "POST /xingrg/services/DataTransmitService HTTP/1.1" 200 501
116.232.36.192 - - [20/Apr/2020:11:14:14 +0800] "POST /xingrg/services/DataTransmitService HTTP/1.1" 200 501
117.185.32.26 - - [20/Apr/2020:11:14:14 +0800] "GET /xingrg/all/function/internal_message.html?_=1587352452642&CODE_STATE=getMsg HTTP/1.1" 200 27
116.232.36.192 - - [20/Apr/2020:11:14:14 +0800] "POST /xingrg/services/DataTransmitService HTTP/1.1" 200 501
116.232.36.192 - - [20/Apr/2020:11:14:14 +0800] "POST /xingrg/services/DataTransmitService HTTP/1.1" 200 501
114.86.190.97 - - [20/Apr/2020:11:14:14 +0800] "GET /xingrg/kc/buy/cgsh_order_operate.html?command=get_materiel&rest_code=00148&code=00101005022&supplier_code=00100347&order_time=2020-04-20 HTTP/1.1" 200 417
180.156.150.85 - - [20/Apr/2020:11:14:14 +0800] "POST /xingrg/kc/buy/cgsh_list_operate.html HTTP/1.1" 200 5141
116.232.36.192 - - [20/Apr/2020:11:14:14 +0800] "POST /xingrg/services/DataTransmitService HTTP/1.1" 200 412
180.156.150.85 - - [20/Apr/2020:11:14:16 +0800] "POST /xingrg/kc/buy/cgsh_list_operate.html HTTP/1.1" 200 5141
120.253.135.82 - - [20/Apr/2020:11:14:18 +0800] "GET /xingrg/all/function/internal_message.html?_=1587352208033&CODE_STATE=getMsg HTTP/1.1" 200 27
180.162.232.172 - - [20/Apr/2020:11:14:19 +0800] "GET /xingrg/kc/base/wldb_order_operate.html?command=get_materiel&rest_code=00150&base_code=0010446&code=00102002610 HTTP/1.1" 200 430
114.88.159.93 - - [20/Apr/2020:11:14:19 +0800] "GET /xingrg/kc/buy/cgsh_order_operate.html?command=get_materiel&rest_code=00141&code=00101005037&supplier_code=00100040&order_time=2020-04-20 HTTP/1.1" 200 426
172.17.0.103 - - [20/Apr/2020:11:14:19 +0800] "GET /xingrg/all/function/internal_message.html?_=1587352470588&CODE_STATE=getMsg HTTP/1.1" 200 27
172.17.0.120 - - [20/Apr/2020:11:14:20 +0800] "GET /xingrg/all/function/internal_message.html?_=1587352459817&CODE_STATE=getMsg HTTP/1.1" 200 27
172.17.0.100 - - [20/Apr/2020:11:14:21 +0800] "GET /xingrg/all/function/internal_message.html?_=1587352461831&CODE_STATE=getMsg HTTP/1.1" 302 -
172.17.0.100 - - [20/Apr/2020:11:14:21 +0800] "GET /xingrg/check_reg.html?_=1587352461843 HTTP/1.1" 302 -
180.162.102.27 - - [20/Apr/2020:11:14:23 +0800] "GET /xingrg/all/function/internal_message.html?_=1587351921526&CODE_STATE=getMsg HTTP/1.1" 200 27
58.39.71.246 - - [20/Apr/2020:11:14:24 +0800] "GET /xingrg/kc/buy/cgsh_order_operate.html?command=get_materiel&rest_code=00102&code=00101004020&supplier_code=00100317&order_time=2020-04-19 HTTP/1.1" 200 409
114.86.190.97 - - [20/Apr/2020:11:14:24 +0800] "GET /xingrg/kc/buy/cgsh_order_operate.html?command=get_materiel&rest_code=00148&code=00101003004&supplier_code=00100347&order_time=2020-04-20 HTTP/1.1" 200 420
114.88.159.93 - - [20/Apr/2020:11:14:26 +0800] "POST /xingrg/kc/buy/cgsh_order_operate.html HTTP/1.1" 200 37
124.77.69.152 - - [20/Apr/2020:11:14:27 +0800] "GET /xingrg/all/function/internal_message.html?_=1587351708528&CODE_STATE=getMsg HTTP/1.1" 200 27
114.88.159.93 - - [20/Apr/2020:11:14:28 +0800] "POST /xingrg/kc/buy/cgsh_order_operate.html HTTP/1.1" 200 12
114.88.159.93 - - [20/Apr/2020:11:14:28 +0800] "GET /xingrg/kc/buy/cgsh_order_info.html?code=212020042004853 HTTP/1.1" 200 53038
114.88.159.93 - - [20/Apr/2020:11:14:28 +0800] "GET /xingrg/javascript/easyui/themes/default/validatebox.css HTTP/1.1" 404 1104
114.88.159.93 - - [20/Apr/2020:11:14:28 +0800] "POST /xingrg/kc/buy/cgsh_order_operate.html HTTP/1.1" 200 603
114.88.159.93 - - [20/Apr/2020:11:14:31 +0800] "GET /xingrg/kc/print/load_data.html?order_code=212020042004853&kc_code=cgsh&condition= HTTP/1.1" 200 784
58.39.71.246 - - [20/Apr/2020:11:14:31 +0800] "GET /xingrg/kc/buy/cgsh_order_operate.html?command=get_materiel&rest_code=00102&code=00101004050&supplier_code=00100317&order_time=2020-04-19 HTTP/1.1" 200 409
116.232.48.158 - - [20/Apr/2020:11:14:40 +0800] "GET /xingrg/all/function/internal_message.html?_=1587352373665&CODE_STATE=getMsg HTTP/1.1" 200 27
117.131.5.26 - - [20/Apr/2020:11:14:40 +0800] "GET /xingrg/all/function/internal_message.html?_=1587352830475&CODE_STATE=getMsg HTTP/1.1" 200 27
222.70.183.62 - - [20/Apr/2020:11:14:40 +0800] "GET /xingrg/all/function/internal_message.html?_=1587352807257&CODE_STATE=getMsg HTTP/1.1" 200 27
124.77.69.152 - - [20/Apr/2020:11:14:40 +0800] "POST /xingrg/kc/buy/cgsh_order_operate.html HTTP/1.1" 200 64
58.39.71.246 - - [20/Apr/2020:11:14:40 +0800] "POST /xingrg/kc/buy/cgsh_order_operate.html HTTP/1.1" 200 37
114.86.190.97 - - [20/Apr/2020:11:14:41 +0800] "POST /xingrg/kc/buy/cgsh_order_operate.html HTTP/1.1" 200 37
58.39.71.246 - - [20/Apr/2020:11:14:42 +0800] "POST /xingrg/kc/buy/cgsh_order_operate.html HTTP/1.1" 200 12
58.39.71.246 - - [20/Apr/2020:11:14:43 +0800] "GET /xingrg/kc/buy/cgsh_order_info.html?code=212020042004854 HTTP/1.1" 200 52954
58.39.71.246 - - [20/Apr/2020:11:14:43 +0800] "GET /xingrg/javascript/easyui/themes/default/validatebox.css HTTP/1.1" 404 1104
124.77.69.152 - - [20/Apr/2020:11:14:44 +0800] "POST /xingrg/kc/buy/cgsh_order_operate.html HTTP/1.1" 200 37
58.39.71.246 - - [20/Apr/2020:11:14:44 +0800] "POST /xingrg/kc/buy/cgsh_order_operate.html HTTP/1.1" 200 1792
124.77.69.152 - - [20/Apr/2020:11:14:44 +0800] "POST /xingrg/kc/buy/cgsh_order_operate.html HTTP/1.1" 200 2658
58.39.71.246 - - [20/Apr/2020:11:14:45 +0800] "GET /xingrg/kc/print/load_data.html?order_code=212020042004854&kc_code=cgsh&condition= HTTP/1.1" 200 1156
124.77.69.152 - - [20/Apr/2020:11:14:46 +0800] "GET /xingrg/kc/print/load_data.html?order_code=212020042004857&kc_code=cgsh&condition= HTTP/1.1" 200 680
114.86.190.97 - - [20/Apr/2020:11:14:48 +0800] "GET /xingrg/check_reg.html?_=1587352488005 HTTP/1.1" 200 22
114.86.190.97 - - [20/Apr/2020:11:14:49 +0800] "POST /xingrg/kc/buy/cgsh_order_operate.html HTTP/1.1" 200 12
222.69.139.156 - - [20/Apr/2020:11:14:50 +0800] "GET /xingrg/all/function/internal_message.html?_=1587352489618&CODE_STATE=getMsg HTTP/1.1" 200 27
124.77.69.152 - - [20/Apr/2020:11:14:50 +0800] "GET /xingrg/kc/buy/cgsh_order_add.html HTTP/1.1" 200 58183
114.86.190.97 - - [20/Apr/2020:11:14:50 +0800] "GET /xingrg/kc/buy/cgsh_order_info.html?code=212020042004856 HTTP/1.1" 200 53030
58.39.71.246 - - [20/Apr/2020:11:14:51 +0800] "GET /xingrg/kc/buy/cgsh_order_add.html HTTP/1.1" 200 58048
124.77.69.152 - - [20/Apr/2020:11:14:51 +0800] "POST /xingrg/kc/buy/cgsh_order_operate.html HTTP/1.1" 200 8245
124.77.69.152 - - [20/Apr/2020:11:14:51 +0800] "GET /xingrg/javascript/easyui/themes/default/validatebox.css HTTP/1.1" 404 1104
114.86.190.97 - - [20/Apr/2020:11:14:51 +0800] "GET /xingrg/javascript/easyui/themes/default/validatebox.css HTTP/1.1" 404 1104
114.86.190.97 - - [20/Apr/2020:11:14:51 +0800] "POST /xingrg/kc/buy/cgsh_order_operate.html HTTP/1.1" 200 3004
58.39.71.246 - - [20/Apr/2020:11:14:51 +0800] "POST /xingrg/kc/buy/cgsh_order_operate.html HTTP/1.1" 200 8245
114.84.33.255 - - [20/Apr/2020:11:14:51 +0800] "GET /xingrg/all/function/internal_message.html?_=1587352495912&CODE_STATE=getMsg HTTP/1.1" 200 27
58.39.71.246 - - [20/Apr/2020:11:14:52 +0800] "GET /xingrg/javascript/easyui/themes/default/validatebox.css HTTP/1.1" 404 1104
114.86.190.97 - - [20/Apr/2020:11:14:52 +0800] "GET /xingrg/logout.do HTTP/1.1" 302 -
114.86.190.97 - - [20/Apr/2020:11:14:52 +0800] "GET /xingrg/login.html?sysBaseUrl=http%3A%2F%2F180.169.147.146%3A18081%2Fxingrg%2F&costTime=2×tamp=1587352492666 HTTP/1.1" 200 7641
114.86.190.97 - - [20/Apr/2020:11:14:53 +0800] "GET /favicon.ico HTTP/1.1" 404 -
180.162.232.172 - - [20/Apr/2020:11:14:54 +0800] "GET /xingrg/check_reg.html?_=1587352494229 HTTP/1.1" 200 22
180.162.232.172 - - [20/Apr/2020:11:14:54 +0800] "GET /xingrg/all/function/internal_message.html?_=1587352494231&CODE_STATE=getMsg HTTP/1.1" 200 27
180.162.232.172 - - [20/Apr/2020:11:14:57 +0800] "GET /xingrg/javascript/jquery_tools/images/next.gif HTTP/1.1" 404 1086
180.162.232.172 - - [20/Apr/2020:11:14:57 +0800] "GET /xingrg/javascript/jquery_tools/images/prev.gif HTTP/1.1" 404 1086
120.253.135.82 - - [20/Apr/2020:11:14:58 +0800] "GET /xingrg/all/function/internal_message.html?_=1587352633473&CODE_STATE=getMsg HTTP/1.1" 200 27
172.17.0.120 - - [20/Apr/2020:11:14:59 +0800] "GET /xingrg/kc/info/info_main.html HTTP/1.1" 200 5880
172.17.0.120 - - [20/Apr/2020:11:14:59 +0800] "GET /xingrg/images/blue/cldwgl.gif HTTP/1.1" 200 2487
172.17.0.120 - - [20/Apr/2020:11:14:59 +0800] "GET /xingrg/images/blue/clxx.gif HTTP/1.1" 200 1916
172.17.0.120 - - [20/Apr/2020:11:14:59 +0800] "GET /xingrg/images/blue/ckxx.gif HTTP/1.1" 200 2041
172.17.0.120 - - [20/Apr/2020:11:14:59 +0800] "GET /xingrg/images/blue/gysxxgl.gif HTTP/1.1" 200 1945
172.17.0.120 - - [20/Apr/2020:11:14:59 +0800] "GET /xingrg/images/blue/gyslbgl.gif HTTP/1.1" 200 1480
172.17.0.120 - - [20/Apr/2020:11:14:59 +0800] "GET /xingrg/images/blue/gyscljg.gif HTTP/1.1" 200 2081
124.77.69.152 - - [20/Apr/2020:11:14:59 +0800] "GET /xingrg/kc/buy/cgsh_order_operate.html?command=get_materiel&rest_code=00107&code=00101001037&supplier_code=00100090&order_time=2020-04-20 HTTP/1.1" 200 433
58.39.71.246 - - [20/Apr/2020:11:14:59 +0800] "GET /xingrg/all/function/internal_message.html?_=1587352500848&CODE_STATE=getMsg HTTP/1.1" 200 27
114.82.213.91 - - [20/Apr/2020:11:14:59 +0800] "GET /xingrg/all/function/internal_message.html?_=1587351577346&CODE_STATE=getMsg HTTP/1.1" 200 27
58.39.71.246 - - [20/Apr/2020:11:15:00 +0800] "GET /xingrg/kc/buy/cgsh_order_operate.html?command=get_materiel&rest_code=00102&code=00101007032&supplier_code=00100328&order_time=2020-04-19 HTTP/1.1" 200 413
180.156.150.85 - - [20/Apr/2020:11:15:00 +0800] "GET /xingrg/all/function/internal_message.html?_=1587352501233&CODE_STATE=getMsg HTTP/1.1" 200 27
172.17.0.120 - - [20/Apr/2020:11:15:01 +0800] "GET /xingrg/system/info/unit_group_list.html HTTP/1.1" 200 8397
172.17.0.120 - - [20/Apr/2020:11:15:01 +0800] "GET /xingrg/dwr/interface/AjaxBaseInfoService.js HTTP/1.1" 200 21363
172.17.0.120 - - [20/Apr/2020:11:15:01 +0800] "GET /xingrg/dwr/engine.js HTTP/1.1" 200 43631
172.17.0.120 - - [20/Apr/2020:11:15:01 +0800] "GET /xingrg/dwr/util.js HTTP/1.1" 200 35990
172.17.0.120 - - [20/Apr/2020:11:15:01 +0800] "GET /xingrg/javascript/jquery_easy_ui/themes/icons/edit_add_new.png HTTP/1.1" 200 2997
172.17.0.120 - - [20/Apr/2020:11:15:01 +0800] "GET /xingrg/javascript/jquery_easy_ui/themes/icons/cance_new.png HTTP/1.1" 200 3986
172.17.0.120 - - [20/Apr/2020:11:15:01 +0800] "GET /xingrg/javascript/jquery_easy_ui/themes/icons/back_new.png HTTP/1.1" 200 3414
172.17.0.120 - - [20/Apr/2020:11:15:03 +0800] "GET /xingrg/system/info/materiel_manager.html HTTP/1.1" 200 19442
172.17.0.120 - - [20/Apr/2020:11:15:03 +0800] "GET /xingrg/css/xtree.css HTTP/1.1" 200 880
172.17.0.120 - - [20/Apr/2020:11:15:03 +0800] "GET /xingrg/javascript/jquery_ui/themes/base/base.css HTTP/1.1" 200 28568
172.17.0.120 - - [20/Apr/2020:11:15:03 +0800] "GET /xingrg/dwr/interface/AjaxBaseInfoService.js HTTP/1.1" 200 21363
172.17.0.120 - - [20/Apr/2020:11:15:03 +0800] "GET /xingrg/dwr/interface/AjaxComOrderService.js HTTP/1.1" 200 18264
172.17.0.120 - - [20/Apr/2020:11:15:03 +0800] "GET /xingrg/dwr/engine.js HTTP/1.1" 200 43631
172.17.0.120 - - [20/Apr/2020:11:15:03 +0800] "GET /xingrg/javascript/Calendar.js HTTP/1.1" 200 31561
172.17.0.120 - - [20/Apr/2020:11:15:03 +0800] "GET /xingrg/javascript/Grid.js HTTP/1.1" 200 58908
172.17.0.120 - - [20/Apr/2020:11:15:03 +0800] "GET /xingrg/javascript/xtree.js HTTP/1.1" 200 26582
172.17.0.120 - - [20/Apr/2020:11:15:03 +0800] "GET /xingrg/images/xtree/openfoldericon.png HTTP/1.1" 200 232
172.17.0.120 - - [20/Apr/2020:11:15:03 +0800] "GET /xingrg/javascript/jquery_easy_ui/themes/icons/import_new.png HTTP/1.1" 200 1247
172.17.0.120 - - [20/Apr/2020:11:15:03 +0800] "GET /xingrg/javascript/jquery_easy_ui/themes/icons/print_new.png HTTP/1.1" 200 3580
172.17.0.120 - - [20/Apr/2020:11:15:03 +0800] "GET /xingrg/images/blue/wait.gif HTTP/1.1" 200 1100
172.17.0.120 - - [20/Apr/2020:11:15:03 +0800] "POST /xingrg/dwr/call/plaincall/AjaxBaseInfoService.getSubMaterielSorts.dwr HTTP/1.1" 200 219
172.17.0.120 - - [20/Apr/2020:11:15:03 +0800] "GET /xingrg/images/xtree/Lplus.png HTTP/1.1" 200 224
172.17.0.120 - - [20/Apr/2020:11:15:03 +0800] "GET /xingrg/images/xtree/foldericon.png HTTP/1.1" 200 229
172.17.0.120 - - [20/Apr/2020:11:15:03 +0800] "GET /xingrg/images/xtree/Tplus.png HTTP/1.1" 200 222
172.17.0.120 - - [20/Apr/2020:11:15:03 +0800] "POST /xingrg/dwr/call/plaincall/AjaxBaseInfoService.getMateriels.dwr HTTP/1.1" 200 2929
222.69.139.156 - - [20/Apr/2020:11:15:04 +0800] "GET /xingrg/kc/buy/cgsh_order_operate.html?command=get_materiel&rest_code=00149&code=00101006229&supplier_code=00100012&order_time=2020-04-20 HTTP/1.1" 200 432
114.86.231.133 - - [20/Apr/2020:11:15:05 +0800] "GET /xingrg/all/function/internal_message.html?_=1587352585781&CODE_STATE=getMsg HTTP/1.1" 200 27
180.162.232.172 - - [20/Apr/2020:11:15:06 +0800] "POST /xingrg/kc/base/wldb_order_operate.html HTTP/1.1" 200 37
114.86.190.97 - - [20/Apr/2020:11:15:07 +0800] "GET /xingrg/all/function/internal_message.html?_=1587352505397&CODE_STATE=getMsg HTTP/1.1" 200 27
180.162.232.172 - - [20/Apr/2020:11:15:07 +0800] "POST /xingrg/kc/base/wldb_order_operate.html HTTP/1.1" 200 12
180.162.232.172 - - [20/Apr/2020:11:15:07 +0800] "POST /xingrg/kc/base/wldb_order_operate.html HTTP/1.1" 200 2671
58.39.71.246 - - [20/Apr/2020:11:15:07 +0800] "POST /xingrg/kc/buy/cgsh_order_operate.html HTTP/1.1" 200 37
180.162.232.172 - - [20/Apr/2020:11:15:08 +0800] "GET /xingrg/kc/base/wldb_order_info.html?code=422020042001415 HTTP/1.1" 200 26198
58.39.71.246 - - [20/Apr/2020:11:15:09 +0800] "POST /xingrg/kc/buy/cgsh_order_operate.html HTTP/1.1" 200 12
180.162.232.172 - - [20/Apr/2020:11:15:09 +0800] "GET /xingrg/javascript/easyui/themes/default/validatebox.css HTTP/1.1" 404 1104
180.162.232.172 - - [20/Apr/2020:11:15:09 +0800] "POST /xingrg/kc/base/wldb_order_operate.html HTTP/1.1" 200 956
58.39.71.246 - - [20/Apr/2020:11:15:09 +0800] "GET /xingrg/kc/buy/cgsh_order_info.html?code=212020042004858 HTTP/1.1" 200 52954
114.88.159.93 - - [20/Apr/2020:11:15:09 +0800] "GET /xingrg/all/function/internal_message.html?_=1587352510025&CODE_STATE=getMsg HTTP/1.1" 200 27
172.17.0.119 - - [20/Apr/2020:11:15:09 +0800] "GET /xingrg/all/function/internal_message.html?_=1587352509436&CODE_STATE=getMsg HTTP/1.1" 200 27
58.39.71.246 - - [20/Apr/2020:11:15:10 +0800] "GET /xingrg/javascript/easyui/themes/default/validatebox.css HTTP/1.1" 404 1104
58.39.71.246 - - [20/Apr/2020:11:15:10 +0800] "POST /xingrg/kc/buy/cgsh_order_operate.html HTTP/1.1" 200 607
124.77.69.152 - - [20/Apr/2020:11:15:11 +0800] "GET /xingrg/kc/buy/cgsh_order_operate.html?command=get_materiel&rest_code=00107&code=00101001140&supplier_code=00100090&order_time=2020-04-20 HTTP/1.1" 200 435
58.39.71.246 - - [20/Apr/2020:11:15:11 +0800] "GET /xingrg/kc/print/load_data.html?order_code=212020042004858&kc_code=cgsh&condition= HTTP/1.1" 200 699
180.162.232.172 - - [20/Apr/2020:11:15:11 +0800] "GET /xingrg/kc/base/wldb_order_add.html HTTP/1.1" 200 30319
180.162.232.172 - - [20/Apr/2020:11:15:11 +0800] "POST /xingrg/kc/base/wldb_order_operate.html HTTP/1.1" 200 6806
180.162.232.172 - - [20/Apr/2020:11:15:12 +0800] "GET /xingrg/javascript/easyui/themes/default/validatebox.css HTTP/1.1" 404 1104
117.185.32.26 - - [20/Apr/2020:11:15:14 +0800] "GET /xingrg/all/function/internal_message.html?_=1587352512641&CODE_STATE=getMsg HTTP/1.1" 200 27
172.17.0.120 - - [20/Apr/2020:11:15:14 +0800] "POST /xingrg/dwr/call/plaincall/AjaxBaseInfoService.getSubMaterielSorts.dwr HTTP/1.1" 200 3635
172.17.0.120 - - [20/Apr/2020:11:15:14 +0800] "GET /xingrg/images/xtree/I.png HTTP/1.1" 200 148
172.17.0.120 - - [20/Apr/2020:11:15:14 +0800] "GET /xingrg/images/xtree/L.png HTTP/1.1" 200 153
172.17.0.120 - - [20/Apr/2020:11:15:14 +0800] "GET /xingrg/images/xtree/file.png HTTP/1.1" 200 251
172.17.0.120 - - [20/Apr/2020:11:15:14 +0800] "GET /xingrg/images/xtree/T.png HTTP/1.1" 200 152
172.17.0.120 - - [20/Apr/2020:11:15:14 +0800] "GET /xingrg/images/xtree/L.png HTTP/1.1" 200 153
172.17.0.120 - - [20/Apr/2020:11:15:14 +0800] "GET /xingrg/images/xtree/Tminus.png HTTP/1.1" 200 207
172.17.0.120 - - [20/Apr/2020:11:15:14 +0800] "POST /xingrg/dwr/call/plaincall/AjaxBaseInfoService.getMateriels.dwr HTTP/1.1" 200 2928
114.84.32.201 - - [20/Apr/2020:11:15:14 +0800] "GET /xingrg/check_reg.html?_=1587352514286 HTTP/1.1" 200 22
172.17.0.120 - - [20/Apr/2020:11:15:14 +0800] "POST /xingrg/dwr/call/plaincall/AjaxBaseInfoService.getMateriels.dwr HTTP/1.1" 200 2928
58.39.71.246 - - [20/Apr/2020:11:15:15 +0800] "GET /xingrg/kc/buy/cgsh_order_add.html HTTP/1.1" 200 58048
58.39.71.246 - - [20/Apr/2020:11:15:15 +0800] "POST /xingrg/kc/buy/cgsh_order_operate.html HTTP/1.1" 200 8245
58.39.71.246 - - [20/Apr/2020:11:15:16 +0800] "GET /xingrg/javascript/easyui/themes/default/validatebox.css HTTP/1.1" 404 1104
172.17.0.120 - - [20/Apr/2020:11:15:17 +0800] "POST /xingrg/dwr/call/plaincall/AjaxBaseInfoService.getMateriels.dwr HTTP/1.1" 200 3232
120.253.135.82 - - [20/Apr/2020:11:15:18 +0800] "GET /xingrg/all/function/internal_message.html?_=1587352268203&CODE_STATE=getMsg HTTP/1.1" 200 27
172.17.0.103 - - [20/Apr/2020:11:15:19 +0800] "GET /xingrg/check_reg.html?_=1587352530590 HTTP/1.1" 200 22
172.17.0.103 - - [20/Apr/2020:11:15:19 +0800] "GET /xingrg/all/function/internal_message.html?_=1587352530595&CODE_STATE=getMsg HTTP/1.1" 200 27
172.17.0.120 - - [20/Apr/2020:11:15:19 +0800] "GET /xingrg/system/info/materiel_info.html?code=00101019&isAdd=1 HTTP/1.1" 200 33749
172.17.0.120 - - [20/Apr/2020:11:15:19 +0800] "GET /xingrg/dwr/interface/AjaxGetFirstChart.js HTTP/1.1" 200 631
172.17.0.120 - - [20/Apr/2020:11:15:19 +0800] "GET /xingrg/dwr/engine.js HTTP/1.1" 200 43631
172.17.0.120 - - [20/Apr/2020:11:15:19 +0800] "GET /xingrg/javascript/checkform.js HTTP/1.1" 200 18351
172.17.0.120 - - [20/Apr/2020:11:15:19 +0800] "GET /favicon.ico HTTP/1.1" 404 -
172.17.0.120 - - [20/Apr/2020:11:15:19 +0800] "POST /xingrg/all/common/load_tree.html?tree=area_rest_tree_json HTTP/1.1" 200 3088
172.17.0.120 - - [20/Apr/2020:11:15:19 +0800] "POST /xingrg/dwr/call/plaincall/AjaxBaseInfoService.getMaterielInfo.dwr HTTP/1.1" 200 210
172.17.0.120 - - [20/Apr/2020:11:15:19 +0800] "POST /xingrg/all/common/load_tree.html?tree=area_rest_tree_json&defaultRests=undefined HTTP/1.1" 200 3088
172.17.0.120 - - [20/Apr/2020:11:15:19 +0800] "GET /xingrg/javascript/jquery_easy_ui/themes/default/images/tree_checkbox_0.gif HTTP/1.1" 200 168
180.162.232.172 - - [20/Apr/2020:11:15:20 +0800] "GET /xingrg/kc/base/wldb_order_operate.html?command=get_materiel&rest_code=00150&base_code=0010445&code=00101019373 HTTP/1.1" 200 452
172.17.0.120 - - [20/Apr/2020:11:15:20 +0800] "GET /xingrg/all/function/internal_message.html?_=1587352519817&CODE_STATE=getMsg HTTP/1.1" 200 27
124.77.69.152 - - [20/Apr/2020:11:15:21 +0800] "POST /xingrg/kc/buy/cgsh_order_operate.html HTTP/1.1" 200 37
172.17.0.100 - - [20/Apr/2020:11:15:21 +0800] "GET /xingrg/all/function/internal_message.html?_=1587352521868&CODE_STATE=getMsg HTTP/1.1" 302 -
172.17.0.120 - - [20/Apr/2020:11:15:22 +0800] "POST /xingrg/dwr/call/plaincall/AjaxGetFirstChart.getFirstChart.dwr HTTP/1.1" 200 81
124.77.69.152 - - [20/Apr/2020:11:15:22 +0800] "POST /xingrg/kc/buy/cgsh_order_operate.html HTTP/1.1" 200 3258
124.77.69.152 - - [20/Apr/2020:11:15:23 +0800] "GET /xingrg/kc/print/load_data.html?order_code=212020042004859&kc_code=cgsh&condition= HTTP/1.1" 200 980
180.162.102.27 - - [20/Apr/2020:11:15:23 +0800] "GET /xingrg/all/function/internal_message.html?_=1587351981526&CODE_STATE=getMsg HTTP/1.1" 200 27
58.39.71.246 - - [20/Apr/2020:11:15:26 +0800] "GET /xingrg/kc/buy/cgsh_order_operate.html?command=get_materiel&rest_code=00102&code=00101006101&supplier_code=00100324&order_time=2020-04-19 HTTP/1.1" 200 421
114.86.190.97 - - [20/Apr/2020:11:15:27 +0800] "POST /xingrg/login.do HTTP/1.1" 302 -
114.86.190.97 - - [20/Apr/2020:11:15:27 +0800] "GET /xingrg/index.html?sysBaseUrl=http%3A%2F%2F180.169.147.146%3A18081%2Fxingrg%2F&costTime=39×tamp=1587352527057 HTTP/1.1" 200 17503
114.86.190.97 - - [20/Apr/2020:11:15:27 +0800] "GET /favicon.ico HTTP/1.1" 404 -
114.86.190.97 - - [20/Apr/2020:11:15:27 +0800] "POST /xingrg/all/common/load_tree.html?tree=area_rest_tree_json&manage=1 HTTP/1.1" 200 3088
114.86.190.97 - - [20/Apr/2020:11:15:27 +0800] "GET /xingrg/all/function/internal_message.html?_=1587352526682&CODE_STATE=count HTTP/1.1" 200 11
114.86.190.97 - - [20/Apr/2020:11:15:27 +0800] "GET /xingrg/check_reg.html?_=1587352526682 HTTP/1.1" 200 22
114.86.190.97 - - [20/Apr/2020:11:15:27 +0800] "GET /xingrg/javascript/jquery_easy_ui/themes/default/images/panel_tool_expand.gif HTTP/1.1" 304 -
114.86.190.97 - - [20/Apr/2020:11:15:27 +0800] "POST /xingrg/load_menu.html HTTP/1.1" 200 11443
124.77.69.152 - - [20/Apr/2020:11:15:27 +0800] "GET /xingrg/all/function/internal_message.html?_=1587351768541&CODE_STATE=getMsg HTTP/1.1" 200 27
114.86.190.97 - - [20/Apr/2020:11:15:30 +0800] "GET /xingrg/javascript/jquery_easy_ui/themes/icons/ok.png HTTP/1.1" 200 883
114.86.190.97 - - [20/Apr/2020:11:15:30 +0800] "GET /xingrg/javascript/jquery_easy_ui/themes/default/images/panel_tools.gif HTTP/1.1" 200 737
114.86.190.97 - - [20/Apr/2020:11:15:30 +0800] "GET /xingrg/javascript/jquery_easy_ui/themes/icons/manage.png HTTP/1.1" 200 696
114.86.190.97 - - [20/Apr/2020:11:15:30 +0800] "GET /xingrg/javascript/jquery_easy_ui/themes/default/images/panel_title.png HTTP/1.1" 200 266
114.86.190.97 - - [20/Apr/2020:11:15:32 +0800] "POST /xingrg/all/user/operate.html HTTP/1.1" 200 36
114.86.190.97 - - [20/Apr/2020:11:15:32 +0800] "GET /xingrg/index.html?sysBaseUrl=http%3A%2F%2F180.169.147.146%3A18081%2Fxingrg%2F&costTime=39×tamp=1587352527057 HTTP/1.1" 200 17509
114.86.190.97 - - [20/Apr/2020:11:15:32 +0800] "GET /xingrg/javascript/jquery_easy_ui/themes/default/easyui.css HTTP/1.1" 304 -
114.86.190.97 - - [20/Apr/2020:11:15:32 +0800] "GET /xingrg/javascript/jquery_easy_ui/themes/icon.css HTTP/1.1" 304 -
114.86.190.97 - - [20/Apr/2020:11:15:32 +0800] "GET /xingrg/css/form.css HTTP/1.1" 304 -
114.86.190.97 - - [20/Apr/2020:11:15:32 +0800] "GET /xingrg/javascript/jquery-1.4.2.min.js HTTP/1.1" 304 -
114.86.190.97 - - [20/Apr/2020:11:15:32 +0800] "GET /xingrg/javascript/jquery_easy_ui/jquery.easyui.min.js HTTP/1.1" 304 -
114.86.190.97 - - [20/Apr/2020:11:15:32 +0800] "GET /xingrg/javascript/jquery_easy_ui/easyui-lang-zh_CN.js HTTP/1.1" 304 -
114.86.190.97 - - [20/Apr/2020:11:15:32 +0800] "GET /xingrg/javascript/jquery.form.js HTTP/1.1" 304 -
114.86.190.97 - - [20/Apr/2020:11:15:32 +0800] "GET /xingrg/javascript/jquery.utils.js HTTP/1.1" 304 -
114.86.190.97 - - [20/Apr/2020:11:15:32 +0800] "GET /xingrg/javascript/jquery.timers.js HTTP/1.1" 304 -
114.86.190.97 - - [20/Apr/2020:11:15:32 +0800] "GET /xingrg/images/blue/jxLogo.png HTTP/1.1" 304 -
114.86.190.97 - - [20/Apr/2020:11:15:32 +0800] "GET /xingrg/images/blue/navBackgound.jpg HTTP/1.1" 304 -
114.86.190.97 - - [20/Apr/2020:11:15:32 +0800] "GET /xingrg/javascript/jquery_easy_ui/themes/icons/settle_new.png HTTP/1.1" 304 -
114.86.190.97 - - [20/Apr/2020:11:15:32 +0800] "POST /xingrg/all/common/load_tree.html?tree=area_rest_tree_json&manage=1 HTTP/1.1" 200 3088
114.86.190.97 - - [20/Apr/2020:11:15:32 +0800] "GET /xingrg/all/function/internal_message.html?_=1587352531782&CODE_STATE=count HTTP/1.1" 200 11
114.86.190.97 - - [20/Apr/2020:11:15:32 +0800] "GET /xingrg/check_reg.html?_=1587352531784 HTTP/1.1" 200 22
114.86.190.97 - - [20/Apr/2020:11:15:32 +0800] "GET /xingrg/javascript/jquery_easy_ui/themes/default/images/tabs_rightarrow.png HTTP/1.1" 304 -
114.86.190.97 - - [20/Apr/2020:11:15:32 +0800] "GET /xingrg/javascript/jquery_easy_ui/themes/default/images/tabs_leftarrow.png HTTP/1.1" 304 -
114.86.190.97 - - [20/Apr/2020:11:15:32 +0800] "GET /xingrg/images/blue/pingpu.png HTTP/1.1" 304 -
114.86.190.97 - - [20/Apr/2020:11:15:32 +0800] "GET /xingrg/javascript/jquery_easy_ui/themes/default/images/panel_tool_collapse.gif HTTP/1.1" 304 -
114.86.190.97 - - [20/Apr/2020:11:15:32 +0800] "GET /xingrg/javascript/jquery_easy_ui/themes/default/images/panel_tool_expand.gif HTTP/1.1" 304 -
114.86.190.97 - - [20/Apr/2020:11:15:32 +0800] "POST /xingrg/load_menu.html HTTP/1.1" 200 9959
114.86.190.97 - - [20/Apr/2020:11:15:33 +0800] "GET /xingrg/javascript/jquery_easy_ui/themes/default/images/tree_folder.gif HTTP/1.1" 304 -
114.86.190.97 - - [20/Apr/2020:11:15:33 +0800] "GET /xingrg/javascript/jquery_easy_ui/themes/default/images/tree_folder_open.gif HTTP/1.1" 304 -
114.86.190.97 - - [20/Apr/2020:11:15:33 +0800] "GET /xingrg/javascript/jquery_easy_ui/themes/icons/storage_new.png HTTP/1.1" 304 -
114.86.190.97 - - [20/Apr/2020:11:15:33 +0800] "GET /xingrg/javascript/jquery_easy_ui/themes/icons/checkout_new.png HTTP/1.1" 304 -
114.86.190.97 - - [20/Apr/2020:11:15:33 +0800] "GET /xingrg/javascript/jquery_easy_ui/themes/icons/setting_new.png HTTP/1.1" 304 -
114.86.190.97 - - [20/Apr/2020:11:15:33 +0800] "GET /xingrg/javascript/jquery_easy_ui/themes/default/images/tree_file.gif HTTP/1.1" 304 -
114.86.190.97 - - [20/Apr/2020:11:15:33 +0800] "GET /xingrg/javascript/jquery_easy_ui/themes/icons/search_new.png HTTP/1.1" 304 -
114.86.190.97 - - [20/Apr/2020:11:15:33 +0800] "GET /xingrg/javascript/jquery_easy_ui/themes/icons/forms_new.png HTTP/1.1" 304 -
114.86.190.97 - - [20/Apr/2020:11:15:33 +0800] "GET /xingrg/javascript/jquery_easy_ui/themes/default/images/tree_arrows.gif HTTP/1.1" 304 -
114.86.190.97 - - [20/Apr/2020:11:15:33 +0800] "GET /xingrg/javascript/jquery_easy_ui/themes/icons/systemset_new.png HTTP/1.1" 304 -
114.86.190.97 - - [20/Apr/2020:11:15:35 +0800] "GET /xingrg/kc/buy/cgsh_order_list.html HTTP/1.1" 200 42776
114.86.190.97 - - [20/Apr/2020:11:15:36 +0800] "POST /xingrg/kc/buy/cgsh_list_operate.html HTTP/1.1" 200 876
172.17.0.120 - - [20/Apr/2020:11:15:37 +0800] "POST /xingrg/dwr/call/plaincall/AjaxBaseInfoService.changeUnitGroup.dwr HTTP/1.1" 200 243
172.17.0.120 - - [20/Apr/2020:11:15:39 +0800] "POST /xingrg/dwr/call/plaincall/AjaxBaseInfoService.saveMateriel.dwr HTTP/1.1" 200 109
172.17.0.120 - - [20/Apr/2020:11:15:39 +0800] "POST /xingrg/dwr/call/plaincall/AjaxBaseInfoService.getMateriels.dwr HTTP/1.1" 200 3232
114.86.190.97 - - [20/Apr/2020:11:15:39 +0800] "POST /xingrg/kc/buy/cgsh_list_operate.html HTTP/1.1" 200 5889
116.232.48.158 - - [20/Apr/2020:11:15:40 +0800] "GET /xingrg/check_reg.html?_=1587352433653 HTTP/1.1" 200 22
116.232.48.158 - - [20/Apr/2020:11:15:40 +0800] "GET /xingrg/all/function/internal_message.html?_=1587352433659&CODE_STATE=getMsg HTTP/1.1" 200 27
117.131.5.26 - - [20/Apr/2020:11:15:40 +0800] "GET /xingrg/all/function/internal_message.html?_=1587352890499&CODE_STATE=getMsg HTTP/1.1" 200 27
222.70.183.62 - - [20/Apr/2020:11:15:40 +0800] "GET /xingrg/all/function/internal_message.html?_=1587352867228&CODE_STATE=getMsg HTTP/1.1" 200 27
101.91.60.11 - - [20/Apr/2020:11:15:40 +0800] "GET /xingrg/all/function/internal_message.html?_=1587351850269&CODE_STATE=getMsg HTTP/1.1" 302 -
114.86.190.97 - - [20/Apr/2020:11:15:41 +0800] "POST /xingrg/kc/buy/cgsh_list_operate.html HTTP/1.1" 200 517
101.91.60.11 - - [20/Apr/2020:11:15:42 +0800] "GET /xingrg/login.html HTTP/1.1" 200 7641
114.86.190.97 - - [20/Apr/2020:11:15:42 +0800] "GET /xingrg/kc/buy/cgsh_order_info.html?code=212020042004856 HTTP/1.1" 200 53287
58.39.71.246 - - [20/Apr/2020:11:15:42 +0800] "POST /xingrg/kc/buy/cgsh_order_operate.html HTTP/1.1" 200 37
114.86.190.97 - - [20/Apr/2020:11:15:42 +0800] "GET /xingrg/words/20200420111539_words.js HTTP/1.1" 200 721227
114.86.190.97 - - [20/Apr/2020:11:15:43 +0800] "GET /xingrg/javascript/easyui/themes/default/validatebox.css HTTP/1.1" 404 1104
114.84.33.255 - - [20/Apr/2020:11:15:43 +0800] "GET /xingrg/check_reg.html?_=1587352547763 HTTP/1.1" 200 22
114.86.190.97 - - [20/Apr/2020:11:15:43 +0800] "POST /xingrg/kc/buy/cgsh_order_operate.html HTTP/1.1" 200 3004
180.162.232.172 - - [20/Apr/2020:11:15:44 +0800] "GET /xingrg/kc/base/wldb_order_operate.html?command=get_materiel&rest_code=00150&base_code=0010445&code=00101019390 HTTP/1.1" 200 455
58.39.71.246 - - [20/Apr/2020:11:15:44 +0800] "POST /xingrg/kc/buy/cgsh_order_operate.html HTTP/1.1" 200 12
58.39.71.246 - - [20/Apr/2020:11:15:44 +0800] "GET /xingrg/kc/buy/cgsh_order_info.html?code=212020042004860 HTTP/1.1" 200 52954
58.39.71.246 - - [20/Apr/2020:11:15:45 +0800] "GET /xingrg/words/20200420111539_words.js HTTP/1.1" 200 721227
114.86.190.97 - - [20/Apr/2020:11:15:45 +0800] "POST /xingrg/kc/buy/cgsh_order_operate.html HTTP/1.1" 200 12
58.39.71.246 - - [20/Apr/2020:11:15:45 +0800] "GET /xingrg/javascript/easyui/themes/default/validatebox.css HTTP/1.1" 404 1104
58.39.71.246 - - [20/Apr/2020:11:15:45 +0800] "POST /xingrg/kc/buy/cgsh_order_operate.html HTTP/1.1" 200 616
114.86.190.97 - - [20/Apr/2020:11:15:46 +0800] "GET /xingrg/kc/buy/cgsh_order_info.html?code=212020042004856 HTTP/1.1" 200 58137
114.86.190.97 - - [20/Apr/2020:11:15:46 +0800] "GET /xingrg/words/20200420111539_words.js HTTP/1.1" 304 -
114.86.190.97 - - [20/Apr/2020:11:15:46 +0800] "GET /xingrg/javascript/easyui/themes/default/validatebox.css HTTP/1.1" 404 1104
114.86.190.97 - - [20/Apr/2020:11:15:46 +0800] "POST /xingrg/kc/buy/cgsh_order_operate.html HTTP/1.1" 200 5055
58.39.71.246 - - [20/Apr/2020:11:15:47 +0800] "GET /xingrg/kc/print/load_data.html?order_code=212020042004860&kc_code=cgsh&condition= HTTP/1.1" 200 711
114.86.190.97 - - [20/Apr/2020:11:15:47 +0800] "GET /xingrg/logout.do HTTP/1.1" 302 -
114.86.190.97 - - [20/Apr/2020:11:15:47 +0800] "GET /xingrg/login.html?sysBaseUrl=http%3A%2F%2F180.169.147.146%3A18081%2Fxingrg%2F&costTime=3×tamp=1587352547887 HTTP/1.1" 200 7641
114.86.190.97 - - [20/Apr/2020:11:15:48 +0800] "GET /favicon.ico HTTP/1.1" 404 -
222.69.139.156 - - [20/Apr/2020:11:15:49 +0800] "POST /xingrg/kc/buy/cgsh_order_operate.html HTTP/1.1" 200 37
222.69.139.156 - - [20/Apr/2020:11:15:50 +0800] "GET /xingrg/all/function/internal_message.html?_=1587352549611&CODE_STATE=getMsg HTTP/1.1" 200 27
222.69.139.156 - - [20/Apr/2020:11:15:50 +0800] "POST /xingrg/kc/buy/cgsh_order_operate.html HTTP/1.1" 200 12
124.77.69.152 - - [20/Apr/2020:11:15:51 +0800] "GET /xingrg/kc/buy/cgsh_order_add.html HTTP/1.1" 200 58183
58.39.71.246 - - [20/Apr/2020:11:15:51 +0800] "GET /xingrg/kc/buy/cgsh_order_add.html HTTP/1.1" 200 58048
114.86.190.97 - - [20/Apr/2020:11:15:51 +0800] "POST /xingrg/login.do HTTP/1.1" 302 -
114.86.190.97 - - [20/Apr/2020:11:15:51 +0800] "GET /xingrg/index.html?sysBaseUrl=http%3A%2F%2F180.169.147.146%3A18081%2Fxingrg%2F&costTime=38×tamp=1587352551851 HTTP/1.1" 200 17179
114.84.33.255 - - [20/Apr/2020:11:15:51 +0800] "GET /xingrg/all/function/internal_message.html?_=1587352555918&CODE_STATE=getMsg HTTP/1.1" 200 27
114.86.190.97 - - [20/Apr/2020:11:15:52 +0800] "GET /favicon.ico HTTP/1.1" 404 -
114.86.190.97 - - [20/Apr/2020:11:15:52 +0800] "POST /xingrg/all/common/load_tree.html?tree=area_rest_tree_json&manage=1 HTTP/1.1" 200 351
124.77.69.152 - - [20/Apr/2020:11:15:52 +0800] "GET /xingrg/words/20200420111539_words.js HTTP/1.1" 200 721227
114.86.190.97 - - [20/Apr/2020:11:15:52 +0800] "GET /xingrg/all/function/internal_message.html?_=1587352551405&CODE_STATE=count HTTP/1.1" 200 11
114.86.190.97 - - [20/Apr/2020:11:15:52 +0800] "GET /xingrg/check_reg.html?_=1587352551407 HTTP/1.1" 200 22
222.69.139.156 - - [20/Apr/2020:11:15:52 +0800] "GET /xingrg/kc/buy/cgsh_order_info.html?code=212020042004861 HTTP/1.1" 200 53038
114.86.190.97 - - [20/Apr/2020:11:15:52 +0800] "POST /xingrg/load_menu.html HTTP/1.1" 200 5138
58.39.71.246 - - [20/Apr/2020:11:15:52 +0800] "POST /xingrg/kc/buy/cgsh_order_operate.html HTTP/1.1" 200 8245
222.69.139.156 - - [20/Apr/2020:11:15:52 +0800] "GET /xingrg/words/20200420111539_words.js HTTP/1.1" 200 721227
58.39.71.246 - - [20/Apr/2020:11:15:52 +0800] "GET /xingrg/javascript/easyui/themes/default/validatebox.css HTTP/1.1" 404 1104
124.77.69.152 - - [20/Apr/2020:11:15:52 +0800] "POST /xingrg/kc/buy/cgsh_order_operate.html HTTP/1.1" 200 8245
222.69.139.156 - - [20/Apr/2020:11:15:52 +0800] "GET /xingrg/javascript/easyui/themes/default/validatebox.css HTTP/1.1" 404 1104
222.69.139.156 - - [20/Apr/2020:11:15:53 +0800] "POST /xingrg/kc/buy/cgsh_order_operate.html HTTP/1.1" 200 3624
124.77.69.152 - - [20/Apr/2020:11:15:53 +0800] "GET /xingrg/javascript/easyui/themes/default/validatebox.css HTTP/1.1" 404 1104
180.162.232.172 - - [20/Apr/2020:11:15:53 +0800] "POST /xingrg/kc/base/wldb_order_operate.html HTTP/1.1" 200 37
114.86.190.97 - - [20/Apr/2020:11:15:54 +0800] "GET /xingrg/kc/buy/cgsh_order_list.html HTTP/1.1" 200 42521
180.162.232.172 - - [20/Apr/2020:11:15:54 +0800] "POST /xingrg/kc/base/wldb_order_operate.html HTTP/1.1" 200 12
180.162.232.172 - - [20/Apr/2020:11:15:55 +0800] "POST /xingrg/kc/base/wldb_order_operate.html HTTP/1.1" 200 2706
222.69.139.156 - - [20/Apr/2020:11:15:55 +0800] "GET /xingrg/kc/print/load_data.html?order_code=212020042004861&kc_code=cgsh&condition= HTTP/1.1" 200 1991
114.86.190.97 - - [20/Apr/2020:11:15:55 +0800] "POST /xingrg/kc/buy/cgsh_list_operate.html HTTP/1.1" 200 1678
