180.156.150.85 - - [13/Apr/2020:09:53:05 +0800] "POST /xingrg/all/common/load_tree.html?tree=area_rest_tree_json&manage=1 HTTP/1.1" 200 342
180.156.150.85 - - [13/Apr/2020:09:53:05 +0800] "GET /xingrg/check_reg.html?_=1586742665649 HTTP/1.1" 200 22
180.156.150.85 - - [13/Apr/2020:09:53:05 +0800] "GET /xingrg/all/function/internal_message.html?_=1586742665648&CODE_STATE=count HTTP/1.1" 200 11
180.156.150.85 - - [13/Apr/2020:09:53:05 +0800] "GET /favicon.ico HTTP/1.1" 404 -
180.156.150.85 - - [13/Apr/2020:09:53:05 +0800] "POST /xingrg/load_menu.html HTTP/1.1" 200 9959
116.235.222.53 - - [13/Apr/2020:09:53:06 +0800] "POST /xingrg/kc/buy/cgsh_list_operate.html HTTP/1.1" 200 4
116.235.222.53 - - [13/Apr/2020:09:53:08 +0800] "POST /xingrg/kc/buy/cgsh_list_operate.html HTTP/1.1" 200 876
180.156.150.85 - - [13/Apr/2020:09:53:08 +0800] "POST /xingrg/load_menu.html HTTP/1.1" 200 10168
180.156.150.85 - - [13/Apr/2020:09:53:10 +0800] "GET /xingrg/all/report/report_query.html?fileName=dma/new_5.0/yingye/order_list.xml HTTP/1.1" 200 55281
180.156.150.85 - - [13/Apr/2020:09:53:10 +0800] "GET /xingrg/dwr/interface/AjaxReportQueryService.js HTTP/1.1" 200 13203
180.156.150.85 - - [13/Apr/2020:09:53:10 +0800] "GET /xingrg/dwr/util.js HTTP/1.1" 200 35990
180.156.150.85 - - [13/Apr/2020:09:53:10 +0800] "GET /xingrg/dwr/engine.js HTTP/1.1" 200 43631
180.156.150.85 - - [13/Apr/2020:09:53:10 +0800] "POST /xingrg/dwr/call/plaincall/AjaxReportQueryService.getFixDate.dwr HTTP/1.1" 200 111
180.156.150.85 - - [13/Apr/2020:09:53:11 +0800] "POST /xingrg/dwr/call/plaincall/AjaxReportQueryService.getInitString.dwr HTTP/1.1" 200 76
180.156.150.85 - - [13/Apr/2020:09:53:11 +0800] "POST /xingrg/all/common/load_tree.html?tree=area_station_tree_json&manage=1 HTTP/1.1" 200 336
61.151.178.175 - - [13/Apr/2020:09:53:13 +0800] "GET /xingrg/kc/buy/cgsh_order_operate.html?command=get_materiel&rest_code=00141&code=00101010537&supplier_code=00100329&order_time=2020-04-13 HTTP/1.1" 302 -
180.156.150.85 - - [13/Apr/2020:09:53:13 +0800] "POST /xingrg/dwr/call/plaincall/AjaxReportQueryService.getFixDate.dwr HTTP/1.1" 200 111
120.253.135.82 - - [13/Apr/2020:09:53:14 +0800] "GET /xingrg/all/function/internal_message.html?_=1586742544266&CODE_STATE=getMsg HTTP/1.1" 200 27
116.238.92.147 - - [13/Apr/2020:09:53:14 +0800] "POST /xingrg/kc/buy/cgsh_order_operate.html HTTP/1.1" 200 37
180.162.232.172 - - [13/Apr/2020:09:53:14 +0800] "GET /xingrg/kc/buy/cgsh_order_operate.html?command=get_materiel&rest_code=00150&code=00101008209&supplier_code=00100007&order_time=2020-04-13 HTTP/1.1" 200 408
180.156.150.85 - - [13/Apr/2020:09:53:15 +0800] "POST /xingrg/dwr/call/plaincall/AjaxReportQueryService.refreshCache.dwr HTTP/1.1" 200 78
116.238.92.147 - - [13/Apr/2020:09:53:16 +0800] "POST /xingrg/kc/buy/cgsh_order_operate.html HTTP/1.1" 200 11533
180.156.150.85 - - [13/Apr/2020:09:53:17 +0800] "POST /xingrg/all/report/load_report_page.html HTTP/1.1" 200 89
61.151.178.175 - - [13/Apr/2020:09:53:19 +0800] "GET /xingrg/login.html HTTP/1.1" 200 7641
101.89.239.120 - - [13/Apr/2020:09:53:21 +0800] "GET /xingrg/kc/buy/cgsh_order_operate.html?command=get_materiel&rest_code=00141&code=00101020160&supplier_code=00100329&order_time=2020-04-13 HTTP/1.1" 302 -
114.88.159.93 - - [13/Apr/2020:09:53:23 +0800] "GET /xingrg/all/function/internal_message.html?_=1586742803753&CODE_STATE=getMsg HTTP/1.1" 200 27
101.89.239.120 - - [13/Apr/2020:09:53:27 +0800] "GET /xingrg/login.html HTTP/1.1" 200 7641
180.162.232.172 - - [13/Apr/2020:09:53:28 +0800] "POST /xingrg/kc/buy/cgsh_order_operate.html HTTP/1.1" 200 37
116.232.51.174 - - [13/Apr/2020:09:53:29 +0800] "GET /xingrg/all/function/internal_message.html?_=1586742843765&CODE_STATE=getMsg HTTP/1.1" 200 27
116.232.51.174 - - [13/Apr/2020:09:53:29 +0800] "GET /xingrg/check_reg.html?_=1586742843765 HTTP/1.1" 200 22
180.162.232.172 - - [13/Apr/2020:09:53:29 +0800] "POST /xingrg/kc/buy/cgsh_order_operate.html HTTP/1.1" 200 27507
180.156.150.85 - - [13/Apr/2020:09:53:32 +0800] "GET /xingrg/all/function/internal_message.html?_=1586742818924&CODE_STATE=getMsg HTTP/1.1" 200 27
180.156.150.85 - - [13/Apr/2020:09:53:32 +0800] "GET /xingrg/check_reg.html?_=1586742818925 HTTP/1.1" 200 22
180.156.150.85 - - [13/Apr/2020:09:53:33 +0800] "POST /xingrg/services/DataTransmitService HTTP/1.1" 200 524
222.70.183.62 - - [13/Apr/2020:09:53:34 +0800] "GET /xingrg/all/function/internal_message.html?_=1586742815764&CODE_STATE=getMsg HTTP/1.1" 200 27
116.238.92.147 - - [13/Apr/2020:09:53:34 +0800] "GET /xingrg/all/function/internal_message.html?_=1586743001088&CODE_STATE=getMsg HTTP/1.1" 200 27
222.69.139.7 - - [13/Apr/2020:09:53:35 +0800] "GET /xingrg/all/function/internal_message.html?_=1586742815763&CODE_STATE=getMsg HTTP/1.1" 200 27
116.238.92.147 - - [13/Apr/2020:09:53:35 +0800] "POST /xingrg/kc/buy/cgsh_order_operate.html HTTP/1.1" 200 37
180.162.232.172 - - [13/Apr/2020:09:53:35 +0800] "GET /xingrg/kc/buy/cgsh_order_operate.html?command=get_materiel&rest_code=00150&code=00101009030&supplier_code=00100007&order_time=2020-04-13 HTTP/1.1" 200 412
114.84.32.201 - - [13/Apr/2020:09:53:35 +0800] "GET /xingrg/all/function/internal_message.html?_=1586742811766&CODE_STATE=getMsg HTTP/1.1" 200 27
116.238.92.147 - - [13/Apr/2020:09:53:36 +0800] "POST /xingrg/kc/buy/cgsh_order_operate.html HTTP/1.1" 200 11533
114.84.33.255 - - [13/Apr/2020:09:53:38 +0800] "GET /xingrg/all/function/internal_message.html?_=1586742820699&CODE_STATE=getMsg HTTP/1.1" 200 27
180.156.150.85 - - [13/Apr/2020:09:53:40 +0800] "POST /xingrg/services/DataTransmitService HTTP/1.1" 200 501
180.162.232.172 - - [13/Apr/2020:09:53:49 +0800] "POST /xingrg/kc/buy/cgsh_order_operate.html HTTP/1.1" 200 37
180.162.232.172 - - [13/Apr/2020:09:53:51 +0800] "POST /xingrg/kc/buy/cgsh_order_operate.html HTTP/1.1" 200 28683
180.156.150.85 - - [13/Apr/2020:09:53:53 +0800] "POST /xingrg/dwr/call/plaincall/AjaxReportQueryService.refreshCache.dwr HTTP/1.1" 200 78
180.156.150.85 - - [13/Apr/2020:09:53:54 +0800] "POST /xingrg/all/report/load_report_page.html HTTP/1.1" 200 89
120.253.135.82 - - [13/Apr/2020:09:53:55 +0800] "POST /xingrg/kc/pszx/mdps_list_operate.html HTTP/1.1" 200 5212
116.235.222.53 - - [13/Apr/2020:09:53:55 +0800] "GET /xingrg/all/function/internal_message.html?_=1586742835424&CODE_STATE=getMsg HTTP/1.1" 200 27
120.253.135.82 - - [13/Apr/2020:09:53:57 +0800] "POST /xingrg/kc/pszx/mdps_list_operate.html HTTP/1.1" 200 617
180.162.232.172 - - [13/Apr/2020:09:53:57 +0800] "GET /xingrg/check_reg.html?_=1586742968678 HTTP/1.1" 200 22
120.253.135.82 - - [13/Apr/2020:09:53:58 +0800] "GET /xingrg/kc/pszx/mdps_order_info.html?code=312020041300097 HTTP/1.1" 200 23849
120.253.135.82 - - [13/Apr/2020:09:53:58 +0800] "GET /xingrg/javascript/easyui/themes/default/validatebox.css HTTP/1.1" 404 1104
120.253.135.82 - - [13/Apr/2020:09:53:59 +0800] "POST /xingrg/kc/pszx/mdps_order_operate.html HTTP/1.1" 200 8296
172.16.0.193 - - [13/Apr/2020:09:54:02 +0800] "GET /xingrg/all/function/internal_message.html?_=1586742844689&CODE_STATE=getMsg HTTP/1.1" 302 -
180.156.150.85 - - [13/Apr/2020:09:54:03 +0800] "POST /xingrg/services/DataTransmitService HTTP/1.1" 200 524
180.156.150.85 - - [13/Apr/2020:09:54:03 +0800] "POST /xingrg/services/DataTransmitService HTTP/1.1" 200 2575
180.156.150.85 - - [13/Apr/2020:09:54:05 +0800] "GET /xingrg/all/function/internal_message.html?_=1586742725659&CODE_STATE=getMsg HTTP/1.1" 200 27
180.156.150.85 - - [13/Apr/2020:09:54:13 +0800] "POST /xingrg/services/DataTransmitService HTTP/1.1" 200 524
120.253.135.82 - - [13/Apr/2020:09:54:14 +0800] "GET /xingrg/all/function/internal_message.html?_=1586742604342&CODE_STATE=getMsg HTTP/1.1" 200 27
180.156.150.85 - - [13/Apr/2020:09:54:15 +0800] "POST /xingrg/services/DataTransmitService HTTP/1.1" 200 501
180.156.150.85 - - [13/Apr/2020:09:54:15 +0800] "POST /xingrg/services/DataTransmitService HTTP/1.1" 200 501
120.253.135.82 - - [13/Apr/2020:09:54:16 +0800] "POST /xingrg/kc/pszx/mdps_list_operate.html HTTP/1.1" 200 5212
116.238.92.147 - - [13/Apr/2020:09:54:17 +0800] "GET /favicon.ico HTTP/1.1" 404 -
116.238.92.147 - - [13/Apr/2020:09:54:18 +0800] "GET /favicon.ico HTTP/1.1" 404 -
116.238.92.147 - - [13/Apr/2020:09:54:18 +0800] "GET /favicon.ico HTTP/1.1" 404 -
116.238.92.147 - - [13/Apr/2020:09:54:20 +0800] "GET /xingrg/login.html HTTP/1.1" 200 7641
116.238.92.147 - - [13/Apr/2020:09:54:20 +0800] "GET /xingrg/images/blue/jxLogo.png HTTP/1.1" 304 -
116.238.92.147 - - [13/Apr/2020:09:54:20 +0800] "GET /xingrg/images/blue/login_bg.png HTTP/1.1" 304 -
116.238.92.147 - - [13/Apr/2020:09:54:20 +0800] "GET /xingrg/images/blue/hj.png HTTP/1.1" 304 -
116.238.92.147 - - [13/Apr/2020:09:54:20 +0800] "GET /xingrg/images/blue/srbg.png HTTP/1.1" 304 -
116.238.92.147 - - [13/Apr/2020:09:54:20 +0800] "GET /favicon.ico HTTP/1.1" 404 -
114.88.159.93 - - [13/Apr/2020:09:54:23 +0800] "GET /xingrg/all/function/internal_message.html?_=1586742863732&CODE_STATE=getMsg HTTP/1.1" 200 27
120.253.135.82 - - [13/Apr/2020:09:54:24 +0800] "POST /xingrg/kc/pszx/mdps_list_operate.html HTTP/1.1" 200 625
114.88.159.93 - - [13/Apr/2020:09:54:24 +0800] "GET /xingrg/check_reg.html?_=1586742864093 HTTP/1.1" 200 22
120.253.135.82 - - [13/Apr/2020:09:54:24 +0800] "GET /xingrg/kc/pszx/mdps_order_info.html?code=312020041300096 HTTP/1.1" 200 23849
120.253.135.82 - - [13/Apr/2020:09:54:25 +0800] "GET /xingrg/javascript/easyui/themes/default/validatebox.css HTTP/1.1" 404 1104
120.253.135.82 - - [13/Apr/2020:09:54:25 +0800] "POST /xingrg/kc/pszx/mdps_order_operate.html HTTP/1.1" 200 4816
180.156.150.85 - - [13/Apr/2020:09:54:27 +0800] "POST /xingrg/services/DataTransmitService HTTP/1.1" 200 501
116.232.51.174 - - [13/Apr/2020:09:54:29 +0800] "GET /xingrg/all/function/internal_message.html?_=1586742903758&CODE_STATE=getMsg HTTP/1.1" 200 27
116.238.92.147 - - [13/Apr/2020:09:54:30 +0800] "POST /xingrg/login.do HTTP/1.1" 302 -
116.238.92.147 - - [13/Apr/2020:09:54:31 +0800] "GET /xingrg/index.html?sysBaseUrl=http%3A%2F%2F180.169.147.146%3A18081%2Fxingrg%2F&costTime=1799×tamp=1586742870936 HTTP/1.1" 200 17173
116.238.92.147 - - [13/Apr/2020:09:54:31 +0800] "GET /xingrg/javascript/jquery_easy_ui/themes/default/easyui.css HTTP/1.1" 304 -
116.238.92.147 - - [13/Apr/2020:09:54:31 +0800] "GET /xingrg/javascript/jquery_easy_ui/themes/icon.css HTTP/1.1" 304 -
116.238.92.147 - - [13/Apr/2020:09:54:31 +0800] "GET /xingrg/css/form.css HTTP/1.1" 304 -
116.238.92.147 - - [13/Apr/2020:09:54:31 +0800] "GET /xingrg/javascript/jquery-1.4.2.min.js HTTP/1.1" 304 -
116.238.92.147 - - [13/Apr/2020:09:54:31 +0800] "GET /xingrg/javascript/jquery_easy_ui/jquery.easyui.min.js HTTP/1.1" 304 -
116.238.92.147 - - [13/Apr/2020:09:54:31 +0800] "GET /xingrg/javascript/jquery.utils.js HTTP/1.1" 304 -
116.238.92.147 - - [13/Apr/2020:09:54:31 +0800] "GET /xingrg/javascript/jquery_easy_ui/easyui-lang-zh_CN.js HTTP/1.1" 304 -
116.238.92.147 - - [13/Apr/2020:09:54:31 +0800] "GET /xingrg/javascript/jquery.form.js HTTP/1.1" 304 -
116.238.92.147 - - [13/Apr/2020:09:54:31 +0800] "GET /xingrg/javascript/jquery.timers.js HTTP/1.1" 304 -
116.238.92.147 - - [13/Apr/2020:09:54:31 +0800] "GET /xingrg/images/blue/navBackgound.jpg HTTP/1.1" 304 -
116.238.92.147 - - [13/Apr/2020:09:54:31 +0800] "GET /xingrg/javascript/jquery_easy_ui/themes/icons/settle_new.png HTTP/1.1" 304 -
116.238.92.147 - - [13/Apr/2020:09:54:31 +0800] "GET /xingrg/images/blue/pingpu.png HTTP/1.1" 304 -
116.238.92.147 - - [13/Apr/2020:09:54:31 +0800] "GET /xingrg/javascript/jquery_easy_ui/themes/default/images/tabs_leftarrow.png HTTP/1.1" 304 -
116.238.92.147 - - [13/Apr/2020:09:54:31 +0800] "GET /xingrg/javascript/jquery_easy_ui/themes/default/images/tabs_rightarrow.png HTTP/1.1" 304 -
116.238.92.147 - - [13/Apr/2020:09:54:31 +0800] "GET /xingrg/javascript/jquery_easy_ui/themes/default/images/panel_tool_collapse.gif HTTP/1.1" 304 -
116.238.92.147 - - [13/Apr/2020:09:54:31 +0800] "GET /xingrg/all/function/internal_message.html?_=1586743057868&CODE_STATE=count HTTP/1.1" 200 11
116.238.92.147 - - [13/Apr/2020:09:54:31 +0800] "GET /xingrg/check_reg.html?_=1586743057870 HTTP/1.1" 200 22
116.238.92.147 - - [13/Apr/2020:09:54:31 +0800] "POST /xingrg/all/common/load_tree.html?tree=area_rest_tree_json&manage=1 HTTP/1.1" 200 342
116.238.92.147 - - [13/Apr/2020:09:54:31 +0800] "GET /favicon.ico HTTP/1.1" 404 -
116.238.92.147 - - [13/Apr/2020:09:54:31 +0800] "GET /xingrg/javascript/jquery_easy_ui/themes/default/images/tree_arrows.gif HTTP/1.1" 304 -
120.253.135.82 - - [13/Apr/2020:09:54:31 +0800] "POST /xingrg/kc/pszx/mdps_list_operate.html HTTP/1.1" 200 5212
116.238.92.147 - - [13/Apr/2020:09:54:31 +0800] "POST /xingrg/load_menu.html HTTP/1.1" 200 5138
116.238.92.147 - - [13/Apr/2020:09:54:32 +0800] "GET /xingrg/javascript/jquery_easy_ui/themes/default/images/tree_folder_open.gif HTTP/1.1" 304 -
116.238.92.147 - - [13/Apr/2020:09:54:32 +0800] "GET /xingrg/javascript/jquery_easy_ui/themes/icons/search_new.png HTTP/1.1" 304 -
116.238.92.147 - - [13/Apr/2020:09:54:32 +0800] "GET /xingrg/javascript/jquery_easy_ui/themes/default/images/tree_folder.gif HTTP/1.1" 304 -
116.238.92.147 - - [13/Apr/2020:09:54:32 +0800] "GET /xingrg/javascript/jquery_easy_ui/themes/icons/storage_new.png HTTP/1.1" 304 -
116.238.92.147 - - [13/Apr/2020:09:54:32 +0800] "GET /xingrg/javascript/jquery_easy_ui/themes/icons/forms_new.png HTTP/1.1" 304 -
116.238.92.147 - - [13/Apr/2020:09:54:32 +0800] "GET /xingrg/javascript/jquery_easy_ui/themes/default/images/tree_file.gif HTTP/1.1" 304 -
180.156.150.85 - - [13/Apr/2020:09:54:32 +0800] "GET /xingrg/all/function/internal_message.html?_=1586742878923&CODE_STATE=getMsg HTTP/1.1" 200 27
120.253.135.82 - - [13/Apr/2020:09:54:33 +0800] "POST /xingrg/kc/pszx/mdps_list_operate.html HTTP/1.1" 200 594
222.70.183.62 - - [13/Apr/2020:09:54:34 +0800] "GET /xingrg/all/function/internal_message.html?_=1586742875776&CODE_STATE=getMsg HTTP/1.1" 200 27
120.253.135.82 - - [13/Apr/2020:09:54:34 +0800] "GET /xingrg/kc/pszx/mdps_order_info.html?code=312020041300095 HTTP/1.1" 200 23849
120.253.135.82 - - [13/Apr/2020:09:54:35 +0800] "GET /xingrg/javascript/easyui/themes/default/validatebox.css HTTP/1.1" 404 1104
222.69.139.7 - - [13/Apr/2020:09:54:35 +0800] "GET /xingrg/all/function/internal_message.html?_=1586742875778&CODE_STATE=getMsg HTTP/1.1" 200 27
120.253.135.82 - - [13/Apr/2020:09:54:35 +0800] "POST /xingrg/kc/pszx/mdps_order_operate.html HTTP/1.1" 200 7207
114.84.32.201 - - [13/Apr/2020:09:54:35 +0800] "GET /xingrg/all/function/internal_message.html?_=1586742871766&CODE_STATE=getMsg HTTP/1.1" 200 27
116.238.92.147 - - [13/Apr/2020:09:54:38 +0800] "GET /xingrg/javascript/jquery_easy_ui/themes/default/images/tabs_close.gif HTTP/1.1" 304 -
116.238.92.147 - - [13/Apr/2020:09:54:38 +0800] "GET /xingrg/css/site.css HTTP/1.1" 304 -
116.238.92.147 - - [13/Apr/2020:09:54:38 +0800] "GET /xingrg/css/base.css HTTP/1.1" 304 -
116.238.92.147 - - [13/Apr/2020:09:54:38 +0800] "GET /xingrg/javascript/jquery_tools/datebox.css HTTP/1.1" 304 -
116.238.92.147 - - [13/Apr/2020:09:54:38 +0800] "GET /xingrg/javascript/easyui/themes/default/easyui.css HTTP/1.1" 304 -
116.238.92.147 - - [13/Apr/2020:09:54:38 +0800] "GET /xingrg/javascript/easyui/themes/icon.css HTTP/1.1" 304 -
116.238.92.147 - - [13/Apr/2020:09:54:38 +0800] "GET /xingrg/javascript/auto/jquery.autocomplete.css HTTP/1.1" 304 -
116.238.92.147 - - [13/Apr/2020:09:54:38 +0800] "GET /xingrg/javascript/jquery_tools/fix.css HTTP/1.1" 304 -
116.238.92.147 - - [13/Apr/2020:09:54:38 +0800] "GET /xingrg/javascript/jquery_tools/table.css HTTP/1.1" 304 -
116.238.92.147 - - [13/Apr/2020:09:54:38 +0800] "GET /xingrg/javascript/jquery_tools/jquery.tools.min.js HTTP/1.1" 304 -
116.238.92.147 - - [13/Apr/2020:09:54:38 +0800] "GET /xingrg/javascript/jquery_tools/jquery.tools.extend.js HTTP/1.1" 304 -
116.238.92.147 - - [13/Apr/2020:09:54:38 +0800] "GET /xingrg/javascript/jquery_tools/jquery.tools.hotkey.js HTTP/1.1" 304 -
116.238.92.147 - - [13/Apr/2020:09:54:38 +0800] "GET /xingrg/javascript/jquery_tools/jquery.tools.table.js HTTP/1.1" 304 -
116.238.92.147 - - [13/Apr/2020:09:54:38 +0800] "GET /xingrg/javascript/jquery_tools/list_manager.js HTTP/1.1" 304 -
116.238.92.147 - - [13/Apr/2020:09:54:38 +0800] "GET /xingrg/javascript/auto/jquery.autocomplete.js HTTP/1.1" 304 -
116.238.92.147 - - [13/Apr/2020:09:54:38 +0800] "GET /xingrg/javascript/easyui/easyloader.js HTTP/1.1" 304 -
116.238.92.147 - - [13/Apr/2020:09:54:38 +0800] "GET /xingrg/javascript/jquery.cookie.js HTTP/1.1" 304 -
116.238.92.147 - - [13/Apr/2020:09:54:38 +0800] "GET /xingrg/javascript/print/LodopFuncs.js HTTP/1.1" 304 -
116.238.92.147 - - [13/Apr/2020:09:54:38 +0800] "GET /xingrg/kc/buy/cgsh_order_list.html HTTP/1.1" 200 42354
114.84.33.255 - - [13/Apr/2020:09:54:39 +0800] "GET /xingrg/all/function/internal_message.html?_=1586742880714&CODE_STATE=getMsg HTTP/1.1" 200 27
116.238.92.147 - - [13/Apr/2020:09:54:40 +0800] "GET /xingrg/javascript/jquery_easy_ui/themes/icons/area.png HTTP/1.1" 304 -
116.238.92.147 - - [13/Apr/2020:09:54:40 +0800] "GET /xingrg/javascript/jquery_easy_ui/themes/icons/rest.png HTTP/1.1" 304 -
116.238.92.147 - - [13/Apr/2020:09:54:40 +0800] "GET /xingrg/javascript/easyui/plugins/jquery.parser.js HTTP/1.1" 304 -
116.238.92.147 - - [13/Apr/2020:09:54:41 +0800] "POST /xingrg/kc/buy/cgsh_list_operate.html HTTP/1.1" 200 2384
180.156.150.85 - - [13/Apr/2020:09:54:42 +0800] "POST /xingrg/services/DataTransmitService HTTP/1.1" 200 501
180.156.150.85 - - [13/Apr/2020:09:54:43 +0800] "POST /xingrg/services/DataTransmitService HTTP/1.1" 200 501
116.238.92.147 - - [13/Apr/2020:09:54:44 +0800] "POST /xingrg/kc/buy/cgsh_list_operate.html HTTP/1.1" 200 559
180.156.150.85 - - [13/Apr/2020:09:54:45 +0800] "POST /xingrg/services/DataTransmitService HTTP/1.1" 200 501
180.156.150.85 - - [13/Apr/2020:09:54:45 +0800] "POST /xingrg/services/DataTransmitService HTTP/1.1" 200 501
116.238.92.147 - - [13/Apr/2020:09:54:47 +0800] "GET /xingrg/javascript/pic_change.js HTTP/1.1" 304 -
116.238.92.147 - - [13/Apr/2020:09:54:47 +0800] "GET /xingrg/javascript/jquery_tools/order_manager.js HTTP/1.1" 304 -
116.238.92.147 - - [13/Apr/2020:09:54:47 +0800] "GET /xingrg/javascript/convert.js HTTP/1.1" 304 -
116.238.92.147 - - [13/Apr/2020:09:54:47 +0800] "GET /xingrg/javascript/json2.js HTTP/1.1" 304 -
116.238.92.147 - - [13/Apr/2020:09:54:47 +0800] "GET /xingrg/javascript/print/kc_print.js HTTP/1.1" 304 -
180.156.150.85 - - [13/Apr/2020:09:54:47 +0800] "POST /xingrg/services/DataTransmitService HTTP/1.1" 200 412
116.238.92.147 - - [13/Apr/2020:09:54:47 +0800] "GET /xingrg/kc/buy/cgsh_order_info.html?code=212020041302404 HTTP/1.1" 200 57890
116.238.92.147 - - [13/Apr/2020:09:54:47 +0800] "GET /xingrg/words/20200411185114_words.js HTTP/1.1" 304 -
116.238.92.147 - - [13/Apr/2020:09:54:48 +0800] "GET /xingrg/javascript/easyui/themes/default/validatebox.css HTTP/1.1" 404 1104
116.238.92.147 - - [13/Apr/2020:09:54:48 +0800] "GET /xingrg/javascript/easyui/plugins/jquery.validatebox.js HTTP/1.1" 304 -
116.238.92.147 - - [13/Apr/2020:09:54:48 +0800] "GET /xingrg/all/common/auto_word.html?type=employee&rest_code=00102 HTTP/1.1" 200 189
116.238.92.147 - - [13/Apr/2020:09:54:48 +0800] "GET /xingrg/javascript/easyui/plugins/jquery.numberbox.js HTTP/1.1" 304 -
116.238.92.147 - - [13/Apr/2020:09:54:48 +0800] "GET /xingrg/all/common/auto_word.html?type=employee&rest_code=00102 HTTP/1.1" 200 189
116.238.92.147 - - [13/Apr/2020:09:54:48 +0800] "POST /xingrg/kc/buy/cgsh_order_operate.html HTTP/1.1" 200 10946
116.238.92.147 - - [13/Apr/2020:09:54:53 +0800] "POST /xingrg/kc/buy/cgsh_list_operate.html HTTP/1.1" 200 576
180.156.150.85 - - [13/Apr/2020:09:54:54 +0800] "POST /xingrg/dwr/call/plaincall/AjaxReportQueryService.refreshCache.dwr HTTP/1.1" 200 78
116.235.222.53 - - [13/Apr/2020:09:54:55 +0800] "GET /xingrg/all/function/internal_message.html?_=1586742895415&CODE_STATE=getMsg HTTP/1.1" 200 27
180.156.150.85 - - [13/Apr/2020:09:54:56 +0800] "POST /xingrg/all/report/load_report_page.html HTTP/1.1" 200 140536
180.156.150.85 - - [13/Apr/2020:09:54:56 +0800] "GET /xingrg/servlets/image?cache=0.7224783676786791&image=px HTTP/1.1" 200 807
116.238.92.147 - - [13/Apr/2020:09:54:56 +0800] "GET /xingrg/kc/buy/cgsh_order_info.html?code=212020041302415 HTTP/1.1" 200 57890
116.238.92.147 - - [13/Apr/2020:09:54:57 +0800] "GET /xingrg/javascript/easyui/themes/default/validatebox.css HTTP/1.1" 404 1104
116.238.92.147 - - [13/Apr/2020:09:54:57 +0800] "POST /xingrg/kc/buy/cgsh_order_operate.html HTTP/1.1" 200 11533
180.156.150.85 - - [13/Apr/2020:09:55:00 +0800] "POST /xingrg/all/report/load_report_page.html HTTP/1.1" 200 8763
180.156.150.85 - - [13/Apr/2020:09:55:00 +0800] "GET /xingrg/servlets/image?cache=0.16768974793226055&image=px HTTP/1.1" 200 807
116.235.222.53 - - [13/Apr/2020:09:55:00 +0800] "GET /xingrg/kc/buy/cgsh_order_add.html HTTP/1.1" 200 58426
116.235.222.53 - - [13/Apr/2020:09:55:00 +0800] "GET /xingrg/javascript/easyui/themes/default/validatebox.css HTTP/1.1" 404 1104
116.235.222.53 - - [13/Apr/2020:09:55:00 +0800] "POST /xingrg/kc/buy/cgsh_order_operate.html HTTP/1.1" 200 8245
116.238.92.147 - - [13/Apr/2020:09:55:01 +0800] "GET /xingrg/javascript/auto/indicator.gif HTTP/1.1" 404 1066
172.16.0.193 - - [13/Apr/2020:09:55:02 +0800] "GET /xingrg/all/function/internal_message.html?_=1586742904684&CODE_STATE=getMsg HTTP/1.1" 302 -
116.238.92.147 - - [13/Apr/2020:09:55:04 +0800] "GET /xingrg/kc/buy/cgsh_order_operate.html?command=get_materiel&rest_code=00102&code=00101008312&supplier_code=00100007&order_time=2020-04-11 HTTP/1.1" 200 412
114.84.33.255 - - [13/Apr/2020:09:55:05 +0800] "GET /xingrg/javascript/jquery_easy_ui/themes/default/images/tabs_active.png HTTP/1.1" 304 -
180.156.150.85 - - [13/Apr/2020:09:55:05 +0800] "GET /xingrg/all/function/internal_message.html?_=1586742785666&CODE_STATE=getMsg HTTP/1.1" 200 27
114.84.33.255 - - [13/Apr/2020:09:55:07 +0800] "GET /xingrg/kc/buy/buy_main.html HTTP/1.1" 200 12412
114.84.33.255 - - [13/Apr/2020:09:55:07 +0800] "GET /xingrg/css/new_ie.css HTTP/1.1" 404 1036
114.84.33.255 - - [13/Apr/2020:09:55:07 +0800] "GET /xingrg/images/yd/bt.gif HTTP/1.1" 404 1040
114.84.33.255 - - [13/Apr/2020:09:55:08 +0800] "GET /xingrg/kc/buy/cgsh_order_list.html HTTP/1.1" 200 42360
114.84.33.255 - - [13/Apr/2020:09:55:08 +0800] "POST /xingrg/kc/buy/cgsh_list_operate.html HTTP/1.1" 200 876
114.84.33.255 - - [13/Apr/2020:09:55:08 +0800] "GET /xingrg/javascript/easyui/themes/default/images/button_plain_hover.png HTTP/1.1" 304 -
116.235.222.53 - - [13/Apr/2020:09:55:09 +0800] "GET /xingrg/javascript/easyui/themes/default/tree.css HTTP/1.1" 404 1090
116.235.222.53 - - [13/Apr/2020:09:55:09 +0800] "POST /xingrg/all/common/load_tree.html?tree=supplier_tree_json&isDelete=1 HTTP/1.1" 200 47144
114.84.33.255 - - [13/Apr/2020:09:55:09 +0800] "GET /xingrg/javascript/jquery_tools/order_manager.js HTTP/1.1" 304 -
114.84.33.255 - - [13/Apr/2020:09:55:09 +0800] "GET /xingrg/kc/buy/cgsh_order_add.html HTTP/1.1" 200 57975
114.84.33.255 - - [13/Apr/2020:09:55:09 +0800] "GET /xingrg/javascript/convert.js HTTP/1.1" 304 -
114.84.33.255 - - [13/Apr/2020:09:55:09 +0800] "GET /xingrg/javascript/json2.js HTTP/1.1" 304 -
114.84.33.255 - - [13/Apr/2020:09:55:09 +0800] "GET /xingrg/javascript/print/kc_print.js HTTP/1.1" 304 -
114.84.33.255 - - [13/Apr/2020:09:55:09 +0800] "GET /xingrg/words/20200411185114_words.js HTTP/1.1" 200 719232
114.84.33.255 - - [13/Apr/2020:09:55:09 +0800] "GET /xingrg/javascript/easyui/themes/icons/copy_new.png HTTP/1.1" 304 -
114.84.33.255 - - [13/Apr/2020:09:55:09 +0800] "GET /xingrg/javascript/easyui/themes/icons/template_new.png HTTP/1.1" 304 -
114.84.33.255 - - [13/Apr/2020:09:55:09 +0800] "GET /xingrg/javascript/easyui/themes/icons/ok.png HTTP/1.1" 304 -
114.84.33.255 - - [13/Apr/2020:09:55:09 +0800] "GET /xingrg/javascript/easyui/themes/icons/print.png HTTP/1.1" 304 -
114.84.33.255 - - [13/Apr/2020:09:55:09 +0800] "GET /xingrg/javascript/easyui/themes/default/images/menu_downarrow.png HTTP/1.1" 304 -
114.84.33.255 - - [13/Apr/2020:09:55:09 +0800] "GET /xingrg/javascript/easyui/themes/icons/cancel.png HTTP/1.1" 304 -
114.84.33.255 - - [13/Apr/2020:09:55:10 +0800] "POST /xingrg/kc/buy/cgsh_order_operate.html HTTP/1.1" 200 8245
114.84.33.255 - - [13/Apr/2020:09:55:10 +0800] "GET /xingrg/javascript/easyui/themes/icons/edit_remove.png HTTP/1.1" 304 -
114.84.33.255 - - [13/Apr/2020:09:55:10 +0800] "GET /xingrg/all/common/auto_word.html?type=employee&rest_code=00146 HTTP/1.1" 200 193
114.84.33.255 - - [13/Apr/2020:09:55:10 +0800] "GET /xingrg/all/common/auto_word.html?type=employee&rest_code=00146 HTTP/1.1" 200 193
114.84.33.255 - - [13/Apr/2020:09:55:10 +0800] "GET /xingrg/javascript/easyui/themes/default/validatebox.css HTTP/1.1" 404 1104
114.84.33.255 - - [13/Apr/2020:09:55:10 +0800] "GET /xingrg/javascript/easyui/plugins/jquery.validatebox.js HTTP/1.1" 304 -
114.84.33.255 - - [13/Apr/2020:09:55:10 +0800] "GET /xingrg/javascript/easyui/plugins/jquery.numberbox.js HTTP/1.1" 304 -
120.253.135.82 - - [13/Apr/2020:09:55:14 +0800] "GET /xingrg/all/function/internal_message.html?_=1586742664356&CODE_STATE=getMsg HTTP/1.1" 200 27
180.156.150.85 - - [13/Apr/2020:09:55:14 +0800] "POST /xingrg/dwr/call/plaincall/AjaxReportQueryService.refreshCache.dwr HTTP/1.1" 200 78
180.156.150.85 - - [13/Apr/2020:09:55:15 +0800] "POST /xingrg/all/report/load_report_page.html HTTP/1.1" 200 134381
180.156.150.85 - - [13/Apr/2020:09:55:15 +0800] "GET /xingrg/servlets/image?cache=0.8494878937376347&image=px HTTP/1.1" 200 807
116.238.92.147 - - [13/Apr/2020:09:55:16 +0800] "POST /xingrg/kc/buy/cgsh_order_operate.html HTTP/1.1" 200 37
116.238.92.147 - - [13/Apr/2020:09:55:18 +0800] "POST /xingrg/kc/buy/cgsh_order_operate.html HTTP/1.1" 200 12124
180.156.150.85 - - [13/Apr/2020:09:55:18 +0800] "POST /xingrg/all/report/load_report_page.html HTTP/1.1" 200 48097
180.156.150.85 - - [13/Apr/2020:09:55:18 +0800] "GET /xingrg/servlets/image?cache=0.7642648345705115&image=px HTTP/1.1" 200 807
116.238.92.147 - - [13/Apr/2020:09:55:23 +0800] "POST /xingrg/kc/buy/cgsh_list_operate.html HTTP/1.1" 200 2384
114.88.159.93 - - [13/Apr/2020:09:55:23 +0800] "GET /xingrg/all/function/internal_message.html?_=1586742923702&CODE_STATE=getMsg HTTP/1.1" 200 27
116.238.92.147 - - [13/Apr/2020:09:55:24 +0800] "POST /xingrg/kc/buy/cgsh_list_operate.html HTTP/1.1" 200 2384
101.91.60.11 - - [13/Apr/2020:09:55:28 +0800] "GET /xingrg/all/function/internal_message.html?_=1586742863732&CODE_STATE=getMsg HTTP/1.1" 302 -
114.84.33.255 - - [13/Apr/2020:09:55:28 +0800] "GET /xingrg/kc/buy/cgsh_order_operate.html?command=get_materiel&rest_code=00146&code=00101006112&supplier_code=00100012&order_time=2020-04-12 HTTP/1.1" 200 409
116.232.51.174 - - [13/Apr/2020:09:55:29 +0800] "GET /xingrg/all/function/internal_message.html?_=1586742963765&CODE_STATE=getMsg HTTP/1.1" 200 27
120.253.135.82 - - [13/Apr/2020:09:55:29 +0800] "POST /xingrg/kc/pszx/mdps_list_operate.html HTTP/1.1" 200 5212
116.238.92.147 - - [13/Apr/2020:09:55:31 +0800] "GET /xingrg/all/function/internal_message.html?_=1586743117903&CODE_STATE=getMsg HTTP/1.1" 200 27
120.253.135.82 - - [13/Apr/2020:09:55:31 +0800] "POST /xingrg/kc/pszx/mdps_list_operate.html HTTP/1.1" 200 202
180.162.232.172 - - [13/Apr/2020:09:55:31 +0800] "POST /xingrg/kc/buy/cgsh_order_operate.html HTTP/1.1" 200 37
120.253.135.82 - - [13/Apr/2020:09:55:31 +0800] "GET /xingrg/kc/pszx/mdps_order_info.html?code=312020041300091 HTTP/1.1" 200 23847
120.253.135.82 - - [13/Apr/2020:09:55:32 +0800] "POST /xingrg/kc/pszx/mdps_order_operate.html HTTP/1.1" 200 2285
120.253.135.82 - - [13/Apr/2020:09:55:32 +0800] "GET /xingrg/javascript/easyui/themes/default/validatebox.css HTTP/1.1" 404 1104
101.91.60.11 - - [13/Apr/2020:09:55:32 +0800] "GET /xingrg/login.html HTTP/1.1" 200 7641
180.156.150.85 - - [13/Apr/2020:09:55:32 +0800] "GET /xingrg/all/function/internal_message.html?_=1586742938922&CODE_STATE=getMsg HTTP/1.1" 200 27
120.253.135.82 - - [13/Apr/2020:09:55:33 +0800] "POST /xingrg/kc/pszx/mdps_list_operate.html HTTP/1.1" 200 5212
180.162.232.172 - - [13/Apr/2020:09:55:33 +0800] "POST /xingrg/kc/buy/cgsh_order_operate.html HTTP/1.1" 200 12
180.162.232.172 - - [13/Apr/2020:09:55:34 +0800] "GET /xingrg/kc/buy/cgsh_order_info.html?code=212020041302399 HTTP/1.1" 200 53474
222.70.183.62 - - [13/Apr/2020:09:55:34 +0800] "GET /xingrg/check_reg.html?_=1586742935608 HTTP/1.1" 200 22
222.70.183.62 - - [13/Apr/2020:09:55:34 +0800] "GET /xingrg/all/function/internal_message.html?_=1586742935789&CODE_STATE=getMsg HTTP/1.1" 200 27
180.162.232.172 - - [13/Apr/2020:09:55:34 +0800] "GET /xingrg/javascript/easyui/themes/default/validatebox.css HTTP/1.1" 404 1104
180.162.232.172 - - [13/Apr/2020:09:55:35 +0800] "POST /xingrg/kc/buy/cgsh_order_operate.html HTTP/1.1" 200 26630
222.69.139.7 - - [13/Apr/2020:09:55:35 +0800] "GET /xingrg/all/function/internal_message.html?_=1586742935766&CODE_STATE=getMsg HTTP/1.1" 200 27
120.253.135.82 - - [13/Apr/2020:09:55:35 +0800] "POST /xingrg/kc/pszx/mdps_list_operate.html HTTP/1.1" 200 615
120.253.135.82 - - [13/Apr/2020:09:55:35 +0800] "GET /xingrg/kc/pszx/mdps_order_info.html?code=312020041300092 HTTP/1.1" 200 23849
114.84.32.201 - - [13/Apr/2020:09:55:35 +0800] "GET /xingrg/all/function/internal_message.html?_=1586742931766&CODE_STATE=getMsg HTTP/1.1" 200 27
120.253.135.82 - - [13/Apr/2020:09:55:36 +0800] "POST /xingrg/kc/pszx/mdps_order_operate.html HTTP/1.1" 200 4808
120.253.135.82 - - [13/Apr/2020:09:55:36 +0800] "GET /xingrg/javascript/easyui/themes/default/validatebox.css HTTP/1.1" 404 1104
180.162.232.172 - - [13/Apr/2020:09:55:36 +0800] "GET /xingrg/kc/print/load_config.html?kc_code=cgsh HTTP/1.1" 200 1841
180.162.232.172 - - [13/Apr/2020:09:55:36 +0800] "GET /xingrg/kc/print/load_data.html?order_code=212020041302399&kc_code=cgsh&condition= HTTP/1.1" 200 10623
120.253.135.82 - - [13/Apr/2020:09:55:38 +0800] "POST /xingrg/kc/pszx/mdps_list_operate.html HTTP/1.1" 200 5212
116.235.222.53 - - [13/Apr/2020:09:55:38 +0800] "GET /xingrg/kc/buy/cgsh_order_operate.html?command=get_materiel&rest_code=00107&code=00101008323&supplier_code=00100006&order_time=2020-04-13 HTTP/1.1" 200 408
114.84.33.255 - - [13/Apr/2020:09:55:39 +0800] "GET /xingrg/all/function/internal_message.html?_=1586742940726&CODE_STATE=getMsg HTTP/1.1" 200 27
120.253.135.82 - - [13/Apr/2020:09:55:39 +0800] "POST /xingrg/kc/pszx/mdps_list_operate.html HTTP/1.1" 200 205
120.253.135.82 - - [13/Apr/2020:09:55:40 +0800] "GET /xingrg/kc/pszx/mdps_order_info.html?code=312020041300093 HTTP/1.1" 200 23849
120.253.135.82 - - [13/Apr/2020:09:55:40 +0800] "POST /xingrg/kc/pszx/mdps_order_operate.html HTTP/1.1" 200 2284
120.253.135.82 - - [13/Apr/2020:09:55:40 +0800] "GET /xingrg/javascript/easyui/themes/default/validatebox.css HTTP/1.1" 404 1104
114.84.33.255 - - [13/Apr/2020:09:55:40 +0800] "GET /xingrg/kc/buy/cgsh_order_operate.html?command=get_materiel&rest_code=00146&code=00101006055&supplier_code=00100012&order_time=2020-04-12 HTTP/1.1" 200 409
120.253.135.82 - - [13/Apr/2020:09:55:43 +0800] "POST /xingrg/kc/pszx/mdps_list_operate.html HTTP/1.1" 200 5212
116.235.222.53 - - [13/Apr/2020:09:55:50 +0800] "GET /xingrg/kc/buy/cgsh_order_operate.html?command=get_materiel&rest_code=00107&code=00101008155&supplier_code=00100006&order_time=2020-04-13 HTTP/1.1" 200 408
120.253.135.82 - - [13/Apr/2020:09:55:50 +0800] "GET /xingrg/kc/pszx/jzcl_ps.html HTTP/1.1" 200 7683
120.253.135.82 - - [13/Apr/2020:09:55:51 +0800] "POST /xingrg/all/common/load_tree.html?tree=area_rest_tree_json HTTP/1.1" 200 3088
114.84.33.255 - - [13/Apr/2020:09:55:51 +0800] "GET /xingrg/kc/buy/cgsh_order_operate.html?command=get_materiel&rest_code=00146&code=00101006065&supplier_code=00100012&order_time=2020-04-12 HTTP/1.1" 200 409
120.253.135.82 - - [13/Apr/2020:09:55:51 +0800] "POST /xingrg/kc/pszx/jzcl_ps_operate.html HTTP/1.1" 200 1739
120.253.135.82 - - [13/Apr/2020:09:55:51 +0800] "POST /xingrg/kc/pszx/jzcl_ps_operate.html HTTP/1.1" 200 1739
116.235.222.53 - - [13/Apr/2020:09:55:55 +0800] "GET /xingrg/all/function/internal_message.html?_=1586742955431&CODE_STATE=getMsg HTTP/1.1" 200 27
116.235.222.53 - - [13/Apr/2020:09:55:55 +0800] "GET /xingrg/check_reg.html?_=1586742955433 HTTP/1.1" 200 22
222.69.139.7 - - [13/Apr/2020:09:55:57 +0800] "GET /xingrg/kc/mdqp/qqps_order_list.html HTTP/1.1" 200 9668
222.69.139.7 - - [13/Apr/2020:09:55:57 +0800] "GET /xingrg/dwr/util.js HTTP/1.1" 304 -
222.69.139.7 - - [13/Apr/2020:09:55:57 +0800] "GET /xingrg/dwr/interface/AjaxReportQueryService.js HTTP/1.1" 200 13203
222.69.139.7 - - [13/Apr/2020:09:55:57 +0800] "GET /xingrg/dwr/interface/AjaxQqpsService.js HTTP/1.1" 200 16326
222.69.139.7 - - [13/Apr/2020:09:55:57 +0800] "GET /xingrg/dwr/engine.js HTTP/1.1" 200 43631
116.235.222.53 - - [13/Apr/2020:09:55:59 +0800] "GET /xingrg/kc/buy/cgsh_order_operate.html?command=get_materiel&rest_code=00107&code=00101008360&supplier_code=00100006&order_time=2020-04-13 HTTP/1.1" 200 413
114.84.33.255 - - [13/Apr/2020:09:56:00 +0800] "POST /xingrg/kc/buy/cgsh_order_operate.html HTTP/1.1" 200 37
114.84.33.255 - - [13/Apr/2020:09:56:01 +0800] "POST /xingrg/kc/buy/cgsh_order_operate.html HTTP/1.1" 200 3831
222.69.139.7 - - [13/Apr/2020:09:56:01 +0800] "POST /xingrg/dwr/call/plaincall/AjaxReportQueryService.getFixDate.dwr HTTP/1.1" 200 111
172.16.0.193 - - [13/Apr/2020:09:56:02 +0800] "GET /xingrg/all/function/internal_message.html?_=1586742964667&CODE_STATE=getMsg HTTP/1.1" 302 -
114.84.33.255 - - [13/Apr/2020:09:56:02 +0800] "GET /xingrg/kc/print/load_config.html?kc_code=cgsh HTTP/1.1" 200 1841
114.84.33.255 - - [13/Apr/2020:09:56:02 +0800] "GET /xingrg/kc/print/load_data.html?order_code=212020041302416&kc_code=cgsh&condition= HTTP/1.1" 200 1213
222.69.139.7 - - [13/Apr/2020:09:56:03 +0800] "GET /xingrg/kc/mdqp/qqps_order_list.html?isQuery=1&timeSelect=2&orderTime=month&startTime=2020-04-01&endTime=2020-04-30&state=all&query=%C8%B7++%B6%A8 HTTP/1.1" 200 13050
222.69.139.7 - - [13/Apr/2020:09:56:03 +0800] "GET /xingrg/dwr/interface/AjaxQqpsService.js HTTP/1.1" 200 16326
222.69.139.7 - - [13/Apr/2020:09:56:03 +0800] "GET /xingrg/dwr/interface/AjaxReportQueryService.js HTTP/1.1" 200 13203
222.69.139.7 - - [13/Apr/2020:09:56:03 +0800] "GET /xingrg/dwr/engine.js HTTP/1.1" 200 43631
120.253.135.82 - - [13/Apr/2020:09:56:03 +0800] "POST /xingrg/kc/pszx/jzcl_ps_operate.html HTTP/1.1" 200 4
120.253.135.82 - - [13/Apr/2020:09:56:04 +0800] "GET /xingrg/kc/pszx/mdps_order_list.html HTTP/1.1" 200 20964
120.253.135.82 - - [13/Apr/2020:09:56:05 +0800] "POST /xingrg/kc/pszx/mdps_list_operate.html HTTP/1.1" 200 5221
180.156.150.85 - - [13/Apr/2020:09:56:05 +0800] "GET /xingrg/all/function/internal_message.html?_=1586742845658&CODE_STATE=getMsg HTTP/1.1" 200 27
116.235.222.53 - - [13/Apr/2020:09:56:07 +0800] "GET /xingrg/kc/buy/cgsh_order_operate.html?command=get_materiel&rest_code=00107&code=00101008172&supplier_code=00100006&order_time=2020-04-13 HTTP/1.1" 200 412
120.253.135.82 - - [13/Apr/2020:09:56:09 +0800] "POST /xingrg/kc/pszx/mdps_list_operate.html HTTP/1.1" 200 442
120.253.135.82 - - [13/Apr/2020:09:56:09 +0800] "GET /xingrg/kc/pszx/mdps_order_info.html?code=312020041300099 HTTP/1.1" 200 23849
120.253.135.82 - - [13/Apr/2020:09:56:09 +0800] "POST /xingrg/kc/pszx/mdps_order_operate.html HTTP/1.1" 200 3745
120.253.135.82 - - [13/Apr/2020:09:56:09 +0800] "GET /xingrg/javascript/easyui/themes/default/validatebox.css HTTP/1.1" 404 1104
114.84.33.255 - - [13/Apr/2020:09:56:10 +0800] "GET /xingrg/kc/buy/cgsh_order_add.html HTTP/1.1" 200 57975
114.84.33.255 - - [13/Apr/2020:09:56:10 +0800] "POST /xingrg/kc/buy/cgsh_order_operate.html HTTP/1.1" 200 8245
114.84.33.255 - - [13/Apr/2020:09:56:10 +0800] "GET /xingrg/javascript/easyui/themes/default/validatebox.css HTTP/1.1" 404 1104
120.253.135.82 - - [13/Apr/2020:09:56:12 +0800] "POST /xingrg/all/common/load_combo.html?type=base HTTP/1.1" 200 899
120.253.135.82 - - [13/Apr/2020:09:56:13 +0800] "GET /xingrg/check_reg.html?_=1586742723875 HTTP/1.1" 200 22
120.253.135.82 - - [13/Apr/2020:09:56:14 +0800] "GET /xingrg/all/function/internal_message.html?_=1586742724370&CODE_STATE=getMsg HTTP/1.1" 200 27
120.253.135.82 - - [13/Apr/2020:09:56:17 +0800] "POST /xingrg/kc/pszx/mdps_order_operate.html HTTP/1.1" 200 37
120.253.135.82 - - [13/Apr/2020:09:56:19 +0800] "GET /xingrg/kc/pszx/mdps_order_info.html?code=312020041300099 HTTP/1.1" 200 23849
120.253.135.82 - - [13/Apr/2020:09:56:19 +0800] "POST /xingrg/kc/pszx/mdps_order_operate.html HTTP/1.1" 200 3780
120.253.135.82 - - [13/Apr/2020:09:56:19 +0800] "GET /xingrg/javascript/easyui/themes/default/validatebox.css HTTP/1.1" 404 1104
114.84.33.255 - - [13/Apr/2020:09:56:20 +0800] "GET /xingrg/kc/buy/cgsh_order_operate.html?command=get_materiel&rest_code=00146&code=00101009013&supplier_code=00100023&order_time=2020-04-13 HTTP/1.1" 200 421
180.162.232.172 - - [13/Apr/2020:09:56:21 +0800] "GET /xingrg/kc/buy/cgsh_order_add.html HTTP/1.1" 200 58567
180.162.232.172 - - [13/Apr/2020:09:56:21 +0800] "POST /xingrg/kc/buy/cgsh_order_operate.html HTTP/1.1" 200 8245
180.162.232.172 - - [13/Apr/2020:09:56:21 +0800] "GET /xingrg/javascript/easyui/themes/default/validatebox.css HTTP/1.1" 404 1104
120.253.135.82 - - [13/Apr/2020:09:56:23 +0800] "POST /xingrg/kc/pszx/mdps_list_operate.html HTTP/1.1" 200 641
114.88.159.93 - - [13/Apr/2020:09:56:23 +0800] "GET /xingrg/all/function/internal_message.html?_=1586742983671&CODE_STATE=getMsg HTTP/1.1" 200 27
116.235.222.53 - - [13/Apr/2020:09:56:23 +0800] "GET /xingrg/kc/buy/cgsh_order_operate.html?command=get_materiel&rest_code=00107&code=00101015046&supplier_code=00100006&order_time=2020-04-13 HTTP/1.1" 200 413
120.253.135.82 - - [13/Apr/2020:09:56:24 +0800] "GET /xingrg/kc/pszx/mdps_order_info.html?code=312020041300100 HTTP/1.1" 200 23849
120.253.135.82 - - [13/Apr/2020:09:56:24 +0800] "POST /xingrg/kc/pszx/mdps_order_operate.html HTTP/1.1" 200 19575
120.253.135.82 - - [13/Apr/2020:09:56:24 +0800] "GET /xingrg/javascript/easyui/themes/default/validatebox.css HTTP/1.1" 404 1104
101.91.62.89 - - [13/Apr/2020:09:56:26 +0800] "GET /xingrg/all/function/internal_message.html?_=1586742923702&CODE_STATE=getMsg HTTP/1.1" 302 -
116.232.51.174 - - [13/Apr/2020:09:56:29 +0800] "GET /xingrg/all/function/internal_message.html?_=1586743023765&CODE_STATE=getMsg HTTP/1.1" 200 27
101.91.62.89 - - [13/Apr/2020:09:56:29 +0800] "GET /xingrg/login.html HTTP/1.1" 200 7641
120.253.135.82 - - [13/Apr/2020:09:56:30 +0800] "POST /xingrg/kc/pszx/mdps_order_operate.html HTTP/1.1" 200 37
120.253.135.82 - - [13/Apr/2020:09:56:31 +0800] "GET /xingrg/kc/pszx/mdps_order_info.html?code=312020041300100 HTTP/1.1" 200 23849
116.238.92.147 - - [13/Apr/2020:09:56:31 +0800] "GET /xingrg/all/function/internal_message.html?_=1586743177914&CODE_STATE=getMsg HTTP/1.1" 200 27
180.162.232.172 - - [13/Apr/2020:09:56:31 +0800] "GET /xingrg/kc/buy/cgsh_order_operate.html?command=get_materiel&rest_code=00150&code=00101001140&supplier_code=00100090&order_time=2020-04-13 HTTP/1.1" 200 415
120.253.135.82 - - [13/Apr/2020:09:56:31 +0800] "GET /xingrg/javascript/easyui/themes/default/validatebox.css HTTP/1.1" 404 1104
120.253.135.82 - - [13/Apr/2020:09:56:31 +0800] "POST /xingrg/kc/pszx/mdps_order_operate.html HTTP/1.1" 200 19853
114.84.33.255 - - [13/Apr/2020:09:56:32 +0800] "GET /xingrg/kc/buy/cgsh_order_operate.html?command=get_materiel&rest_code=00146&code=00101009016&supplier_code=00100023&order_time=2020-04-13 HTTP/1.1" 200 414
180.156.150.85 - - [13/Apr/2020:09:56:32 +0800] "GET /xingrg/all/function/internal_message.html?_=1586742998937&CODE_STATE=getMsg HTTP/1.1" 200 27
222.70.183.62 - - [13/Apr/2020:09:56:34 +0800] "GET /xingrg/all/function/internal_message.html?_=1586742995801&CODE_STATE=getMsg HTTP/1.1" 200 27
116.235.222.53 - - [13/Apr/2020:09:56:35 +0800] "GET /xingrg/kc/buy/cgsh_order_operate.html?command=get_materiel&rest_code=00107&code=00101015038&supplier_code=00100006&order_time=2020-04-13 HTTP/1.1" 200 419
222.69.139.7 - - [13/Apr/2020:09:56:35 +0800] "GET /xingrg/all/function/internal_message.html?_=1586742995781&CODE_STATE=getMsg HTTP/1.1" 200 27
114.84.32.201 - - [13/Apr/2020:09:56:35 +0800] "GET /xingrg/all/function/internal_message.html?_=1586742991768&CODE_STATE=getMsg HTTP/1.1" 200 27
114.84.33.255 - - [13/Apr/2020:09:56:38 +0800] "GET /xingrg/check_reg.html?_=1586743000494 HTTP/1.1" 200 22
114.84.33.255 - - [13/Apr/2020:09:56:39 +0800] "GET /xingrg/all/function/internal_message.html?_=1586743000739&CODE_STATE=getMsg HTTP/1.1" 200 27
116.235.222.53 - - [13/Apr/2020:09:56:43 +0800] "GET /xingrg/kc/buy/cgsh_order_operate.html?command=get_materiel&rest_code=00107&code=00101008168&supplier_code=00100006&order_time=2020-04-13 HTTP/1.1" 200 413
180.162.232.172 - - [13/Apr/2020:09:56:44 +0800] "POST /xingrg/kc/buy/cgsh_order_operate.html HTTP/1.1" 200 37
114.84.33.255 - - [13/Apr/2020:09:56:44 +0800] "GET /xingrg/kc/buy/cgsh_order_operate.html?command=get_materiel&rest_code=00146&code=00101009011&supplier_code=00100023&order_time=2020-04-13 HTTP/1.1" 200 416
180.162.232.172 - - [13/Apr/2020:09:56:46 +0800] "POST /xingrg/kc/buy/cgsh_order_operate.html HTTP/1.1" 200 12
180.162.232.172 - - [13/Apr/2020:09:56:47 +0800] "GET /xingrg/kc/buy/cgsh_order_info.html?code=212020041302417 HTTP/1.1" 200 53478
180.162.232.172 - - [13/Apr/2020:09:56:47 +0800] "GET /xingrg/javascript/easyui/themes/default/validatebox.css HTTP/1.1" 404 1104
180.162.232.172 - - [13/Apr/2020:09:56:47 +0800] "POST /xingrg/kc/buy/cgsh_order_operate.html HTTP/1.1" 200 612
180.162.232.172 - - [13/Apr/2020:09:56:49 +0800] "GET /xingrg/kc/print/load_data.html?order_code=212020041302417&kc_code=cgsh&condition= HTTP/1.1" 200 801
116.235.222.53 - - [13/Apr/2020:09:56:55 +0800] "GET /xingrg/all/function/internal_message.html?_=1586743015424&CODE_STATE=getMsg HTTP/1.1" 200 27
180.162.232.172 - - [13/Apr/2020:09:56:56 +0800] "GET /xingrg/kc/buy/cgsh_order_add.html HTTP/1.1" 200 58567
114.84.33.255 - - [13/Apr/2020:09:56:56 +0800] "GET /xingrg/kc/buy/cgsh_order_operate.html?command=get_materiel&rest_code=00146&code=00101009018&supplier_code=00100023&order_time=2020-04-13 HTTP/1.1" 200 408
180.162.232.172 - - [13/Apr/2020:09:56:57 +0800] "POST /xingrg/kc/buy/cgsh_order_operate.html HTTP/1.1" 200 8245
180.162.232.172 - - [13/Apr/2020:09:56:57 +0800] "GET /xingrg/javascript/easyui/themes/default/validatebox.css HTTP/1.1" 404 1104
116.235.222.53 - - [13/Apr/2020:09:57:02 +0800] "GET /xingrg/kc/buy/cgsh_order_operate.html?command=get_materiel&rest_code=00107&code=00101008224&supplier_code=00100006&order_time=2020-04-13 HTTP/1.1" 200 416
172.16.0.193 - - [13/Apr/2020:09:57:02 +0800] "GET /xingrg/all/function/internal_message.html?_=1586743024655&CODE_STATE=getMsg HTTP/1.1" 302 -
172.16.0.193 - - [13/Apr/2020:09:57:02 +0800] "GET /xingrg/check_reg.html?_=1586743024873 HTTP/1.1" 302 -
180.162.232.172 - - [13/Apr/2020:09:57:05 +0800] "GET /xingrg/kc/buy/cgsh_order_operate.html?command=get_materiel&rest_code=00150&code=00101010079&supplier_code=00100336&order_time=2020-04-13 HTTP/1.1" 200 413
180.156.150.85 - - [13/Apr/2020:09:57:05 +0800] "GET /xingrg/all/function/internal_message.html?_=1586742905665&CODE_STATE=getMsg HTTP/1.1" 200 27
114.84.33.255 - - [13/Apr/2020:09:57:08 +0800] "POST /xingrg/kc/buy/cgsh_order_operate.html HTTP/1.1" 200 37
114.84.33.255 - - [13/Apr/2020:09:57:09 +0800] "POST /xingrg/kc/buy/cgsh_order_operate.html HTTP/1.1" 200 4436
114.84.33.255 - - [13/Apr/2020:09:57:11 +0800] "GET /xingrg/kc/print/load_data.html?order_code=212020041302418&kc_code=cgsh&condition= HTTP/1.1" 200 1380
180.162.232.172 - - [13/Apr/2020:09:57:13 +0800] "POST /xingrg/kc/buy/cgsh_order_operate.html HTTP/1.1" 200 37
120.253.135.82 - - [13/Apr/2020:09:57:14 +0800] "GET /xingrg/all/function/internal_message.html?_=1586742784457&CODE_STATE=getMsg HTTP/1.1" 200 27
180.162.232.172 - - [13/Apr/2020:09:57:15 +0800] "POST /xingrg/kc/buy/cgsh_order_operate.html HTTP/1.1" 200 12
180.162.232.172 - - [13/Apr/2020:09:57:15 +0800] "GET /xingrg/kc/buy/cgsh_order_info.html?code=212020041302419 HTTP/1.1" 200 53474
180.162.232.172 - - [13/Apr/2020:09:57:16 +0800] "GET /xingrg/javascript/easyui/themes/default/validatebox.css HTTP/1.1" 404 1104
180.162.232.172 - - [13/Apr/2020:09:57:16 +0800] "POST /xingrg/kc/buy/cgsh_order_operate.html HTTP/1.1" 200 607
116.238.92.147 - - [13/Apr/2020:09:57:17 +0800] "POST /xingrg/kc/buy/cgsh_list_operate.html HTTP/1.1" 200 576
180.162.232.172 - - [13/Apr/2020:09:57:17 +0800] "GET /xingrg/kc/print/load_data.html?order_code=212020041302419&kc_code=cgsh&condition= HTTP/1.1" 200 732
116.238.92.147 - - [13/Apr/2020:09:57:17 +0800] "GET /xingrg/kc/buy/cgsh_order_info.html?code=212020041302415 HTTP/1.1" 200 57890
116.238.92.147 - - [13/Apr/2020:09:57:18 +0800] "GET /xingrg/javascript/easyui/themes/default/validatebox.css HTTP/1.1" 404 1104
116.238.92.147 - - [13/Apr/2020:09:57:18 +0800] "POST /xingrg/kc/buy/cgsh_order_operate.html HTTP/1.1" 200 12124
114.84.33.255 - - [13/Apr/2020:09:57:19 +0800] "GET /xingrg/kc/buy/cgsh_order_add.html HTTP/1.1" 200 57975
114.84.33.255 - - [13/Apr/2020:09:57:19 +0800] "POST /xingrg/kc/buy/cgsh_order_operate.html HTTP/1.1" 200 8245
114.84.33.255 - - [13/Apr/2020:09:57:19 +0800] "GET /xingrg/javascript/easyui/themes/default/validatebox.css HTTP/1.1" 404 1104
114.88.159.93 - - [13/Apr/2020:09:57:23 +0800] "GET /xingrg/all/function/internal_message.html?_=1586743043646&CODE_STATE=getMsg HTTP/1.1" 200 27
114.84.33.255 - - [13/Apr/2020:09:57:25 +0800] "GET /xingrg/kc/buy/cgsh_order_operate.html?command=get_materiel&rest_code=00146&code=00101002007&supplier_code=00100199&order_time=2020-04-13 HTTP/1.1" 200 409
180.162.232.172 - - [13/Apr/2020:09:57:28 +0800] "GET /xingrg/kc/buy/cgsh_order_add.html HTTP/1.1" 200 58567
180.162.232.172 - - [13/Apr/2020:09:57:28 +0800] "POST /xingrg/kc/buy/cgsh_order_operate.html HTTP/1.1" 200 8245
180.162.232.172 - - [13/Apr/2020:09:57:28 +0800] "GET /xingrg/javascript/easyui/themes/default/validatebox.css HTTP/1.1" 404 1104
116.232.51.174 - - [13/Apr/2020:09:57:29 +0800] "GET /xingrg/all/function/internal_message.html?_=1586743083765&CODE_STATE=getMsg HTTP/1.1" 200 27
116.238.92.147 - - [13/Apr/2020:09:57:31 +0800] "GET /xingrg/all/function/internal_message.html?_=1586743237952&CODE_STATE=getMsg HTTP/1.1" 200 27
180.156.150.85 - - [13/Apr/2020:09:57:32 +0800] "GET /xingrg/all/function/internal_message.html?_=1586743058935&CODE_STATE=getMsg HTTP/1.1" 200 27
114.84.33.255 - - [13/Apr/2020:09:57:34 +0800] "POST /xingrg/kc/buy/cgsh_order_operate.html HTTP/1.1" 200 37
222.70.183.62 - - [13/Apr/2020:09:57:34 +0800] "GET /xingrg/all/function/internal_message.html?_=1586743055814&CODE_STATE=getMsg HTTP/1.1" 200 27
114.84.33.255 - - [13/Apr/2020:09:57:35 +0800] "POST /xingrg/kc/buy/cgsh_order_operate.html HTTP/1.1" 200 2656
222.69.139.7 - - [13/Apr/2020:09:57:35 +0800] "GET /xingrg/all/function/internal_message.html?_=1586743055770&CODE_STATE=getMsg HTTP/1.1" 200 27
222.69.139.7 - - [13/Apr/2020:09:57:35 +0800] "GET /xingrg/check_reg.html?_=1586743055774 HTTP/1.1" 200 22
114.84.32.201 - - [13/Apr/2020:09:57:35 +0800] "GET /xingrg/check_reg.html?_=1586743051770 HTTP/1.1" 200 22
114.84.32.201 - - [13/Apr/2020:09:57:35 +0800] "GET /xingrg/all/function/internal_message.html?_=1586743051772&CODE_STATE=getMsg HTTP/1.1" 200 27
180.162.232.172 - - [13/Apr/2020:09:57:36 +0800] "GET /xingrg/kc/buy/cgsh_order_operate.html?command=get_materiel&rest_code=00150&code=00101002038&supplier_code=00100087&order_time=2020-04-13 HTTP/1.1" 200 416
114.84.33.255 - - [13/Apr/2020:09:57:36 +0800] "GET /xingrg/kc/print/load_data.html?order_code=212020041302420&kc_code=cgsh&condition= HTTP/1.1" 200 675
114.84.33.255 - - [13/Apr/2020:09:57:39 +0800] "GET /xingrg/all/function/internal_message.html?_=1586743060753&CODE_STATE=getMsg HTTP/1.1" 200 27
114.84.33.255 - - [13/Apr/2020:09:57:41 +0800] "GET /xingrg/kc/buy/cgsh_order_add.html HTTP/1.1" 200 57975
114.84.33.255 - - [13/Apr/2020:09:57:42 +0800] "POST /xingrg/kc/buy/cgsh_order_operate.html HTTP/1.1" 200 8245
114.84.33.255 - - [13/Apr/2020:09:57:42 +0800] "GET /xingrg/javascript/easyui/themes/default/validatebox.css HTTP/1.1" 404 1104
116.235.222.53 - - [13/Apr/2020:09:57:48 +0800] "GET /xingrg/kc/buy/cgsh_order_operate.html?command=get_materiel&rest_code=00107&code=00101008025&supplier_code=00100006&order_time=2020-04-13 HTTP/1.1" 200 409
120.253.135.82 - - [13/Apr/2020:09:57:52 +0800] "GET /xingrg/kc/pszx/mdps_order_operate.html?command=get_materiel&pszx_code=00101&rest_code=00149&base_code=0010246&code=00101019724 HTTP/1.1" 200 419
116.235.222.53 - - [13/Apr/2020:09:57:55 +0800] "GET /xingrg/all/function/internal_message.html?_=1586743075415&CODE_STATE=getMsg HTTP/1.1" 200 27
114.84.33.255 - - [13/Apr/2020:09:57:56 +0800] "GET /xingrg/kc/buy/cgsh_order_operate.html?command=get_materiel&rest_code=00146&code=00101031006&supplier_code=00100065&order_time=2020-04-13 HTTP/1.1" 200 417
180.162.232.172 - - [13/Apr/2020:09:58:00 +0800] "POST /xingrg/kc/buy/cgsh_order_operate.html HTTP/1.1" 200 37
180.162.232.172 - - [13/Apr/2020:09:58:01 +0800] "POST /xingrg/kc/buy/cgsh_order_operate.html HTTP/1.1" 200 12
180.162.232.172 - - [13/Apr/2020:09:58:02 +0800] "GET /xingrg/kc/buy/cgsh_order_info.html?code=212020041302421 HTTP/1.1" 200 53474
172.16.0.193 - - [13/Apr/2020:09:58:02 +0800] "GET /xingrg/all/function/internal_message.html?_=1586743084636&CODE_STATE=getMsg HTTP/1.1" 302 -
180.162.232.172 - - [13/Apr/2020:09:58:02 +0800] "GET /xingrg/javascript/easyui/themes/default/validatebox.css HTTP/1.1" 404 1104
180.162.232.172 - - [13/Apr/2020:09:58:03 +0800] "POST /xingrg/kc/buy/cgsh_order_operate.html HTTP/1.1" 200 613
180.162.232.172 - - [13/Apr/2020:09:58:05 +0800] "GET /xingrg/kc/print/load_data.html?order_code=212020041302421&kc_code=cgsh&condition= HTTP/1.1" 200 775
