180.156.150.85 - - [13/Apr/2020:09:28:30 +0800] "POST /xingrg/login.do HTTP/1.1" 302 -
180.156.150.85 - - [13/Apr/2020:09:28:31 +0800] "POST /xingrg/login.do HTTP/1.1" 302 -
180.156.150.85 - - [13/Apr/2020:09:28:32 +0800] "POST /xingrg/login.do HTTP/1.1" 302 -
180.156.150.85 - - [13/Apr/2020:09:28:32 +0800] "POST /xingrg/login.do HTTP/1.1" 302 -
116.235.222.53 - - [13/Apr/2020:09:28:32 +0800] "GET /xingrg/kc/buy/cgsh_order_add.html HTTP/1.1" 200 58426
180.156.150.85 - - [13/Apr/2020:09:28:32 +0800] "GET /xingrg/index.html?sysBaseUrl=http%3A%2F%2F180.169.147.146%3A18081%2Fxingrg%2F&costTime=4226×tamp=1586741312415 HTTP/1.1" 200 17173
116.235.222.53 - - [13/Apr/2020:09:28:32 +0800] "GET /xingrg/words/20200411185114_words.js HTTP/1.1" 200 719232
180.156.150.85 - - [13/Apr/2020:09:28:32 +0800] "GET /favicon.ico HTTP/1.1" 404 -
180.156.150.85 - - [13/Apr/2020:09:28:32 +0800] "GET /xingrg/check_reg.html?_=1586741318921 HTTP/1.1" 200 22
116.232.51.174 - - [13/Apr/2020:09:28:33 +0800] "GET /xingrg/all/function/internal_message.html?_=1586741347673&CODE_STATE=getMsg HTTP/1.1" 200 27
180.156.150.85 - - [13/Apr/2020:09:28:33 +0800] "GET /xingrg/all/function/internal_message.html?_=1586741318921&CODE_STATE=count HTTP/1.1" 200 11
180.156.150.85 - - [13/Apr/2020:09:28:33 +0800] "POST /xingrg/load_menu.html HTTP/1.1" 200 5138
180.156.150.85 - - [13/Apr/2020:09:28:33 +0800] "POST /xingrg/all/common/load_tree.html?tree=area_rest_tree_json&manage=1 HTTP/1.1" 200 3088
116.235.222.53 - - [13/Apr/2020:09:28:33 +0800] "GET /xingrg/javascript/easyui/themes/default/validatebox.css HTTP/1.1" 404 1104
116.235.222.53 - - [13/Apr/2020:09:28:33 +0800] "GET /xingrg/all/common/auto_word.html?type=employee&rest_code=00107 HTTP/1.1" 200 197
116.235.222.53 - - [13/Apr/2020:09:28:33 +0800] "POST /xingrg/kc/buy/cgsh_order_operate.html HTTP/1.1" 200 8245
116.235.222.53 - - [13/Apr/2020:09:28:33 +0800] "GET /xingrg/all/common/auto_word.html?type=employee&rest_code=00107 HTTP/1.1" 200 197
116.232.51.174 - - [13/Apr/2020:09:28:34 +0800] "GET /xingrg/javascript/easyui/themes/default/images/button_plain_hover.png HTTP/1.1" 200 144
116.235.222.53 - - [13/Apr/2020:09:28:34 +0800] "GET /xingrg/javascript/easyui/themes/default/tree.css HTTP/1.1" 404 1090
120.253.135.82 - - [13/Apr/2020:09:28:35 +0800] "GET /xingrg/kc/pszx/mdqp_order_list.html?isBack=1 HTTP/1.1" 302 -
116.235.222.53 - - [13/Apr/2020:09:28:35 +0800] "POST /xingrg/all/common/load_tree.html?tree=supplier_tree_json&isDelete=1 HTTP/1.1" 200 47144
116.232.51.174 - - [13/Apr/2020:09:28:35 +0800] "GET /xingrg/kc/mdqp/pssh_order_list.html?isBack=1 HTTP/1.1" 200 17614
120.253.135.82 - - [13/Apr/2020:09:28:35 +0800] "GET /xingrg/kc/pszx/mdqp_order_list.html?state=10 HTTP/1.1" 200 14547
120.253.135.82 - - [13/Apr/2020:09:28:35 +0800] "GET /xingrg/dwr/interface/AjaxReportQueryService.js HTTP/1.1" 200 13203
120.253.135.82 - - [13/Apr/2020:09:28:35 +0800] "GET /xingrg/dwr/interface/AjaxQqpsService.js HTTP/1.1" 200 16326
120.253.135.82 - - [13/Apr/2020:09:28:35 +0800] "GET /xingrg/dwr/engine.js HTTP/1.1" 200 43631
116.232.51.174 - - [13/Apr/2020:09:28:35 +0800] "POST /xingrg/kc/mdqp/pssh_list_operate.html HTTP/1.1" 200 5355
180.156.150.85 - - [13/Apr/2020:09:28:37 +0800] "GET /xingrg/kc/buy/cgsh_order_list.html HTTP/1.1" 200 42354
116.232.51.174 - - [13/Apr/2020:09:28:37 +0800] "POST /xingrg/kc/mdqp/pssh_list_operate.html HTTP/1.1" 200 261
116.232.51.174 - - [13/Apr/2020:09:28:40 +0800] "GET /xingrg/kc/mdqp/pssh_order_info.html?code=312020041000077 HTTP/1.1" 200 17295
116.232.51.174 - - [13/Apr/2020:09:28:40 +0800] "GET /xingrg/javascript/jquery_tools/jquery-1.4.2.min.js HTTP/1.1" 404 1094
180.156.150.85 - - [13/Apr/2020:09:28:40 +0800] "POST /xingrg/kc/buy/cgsh_list_operate.html HTTP/1.1" 200 876
116.232.51.174 - - [13/Apr/2020:09:28:40 +0800] "GET /xingrg/javascript/easyui/themes/default/validatebox.css HTTP/1.1" 404 1104
116.232.51.174 - - [13/Apr/2020:09:28:40 +0800] "GET /xingrg/all/common/auto_word.html?type=employee&rest_code=00109 HTTP/1.1" 200 255
116.232.51.174 - - [13/Apr/2020:09:28:40 +0800] "GET /xingrg/all/common/auto_word.html?type=base&rest_code=00109&rest_code=00109 HTTP/1.1" 200 1595
116.232.51.174 - - [13/Apr/2020:09:28:40 +0800] "POST /xingrg/kc/mdqp/pssh_order_operate.html HTTP/1.1" 200 550
116.235.222.53 - - [13/Apr/2020:09:28:42 +0800] "GET /xingrg/javascript/jquery_tools/images/prev.gif HTTP/1.1" 404 1086
116.235.222.53 - - [13/Apr/2020:09:28:42 +0800] "GET /xingrg/javascript/jquery_tools/images/next.gif HTTP/1.1" 404 1086
120.253.135.82 - - [13/Apr/2020:09:28:45 +0800] "GET /xingrg/kc/pszx/mdqp_order_info.html?code=302020041100078 HTTP/1.1" 200 8212
120.253.135.82 - - [13/Apr/2020:09:28:45 +0800] "GET /xingrg/kc/pszx/mdqp_order_info.html?code=302020041100078 HTTP/1.1" 200 13350
120.253.135.82 - - [13/Apr/2020:09:28:45 +0800] "GET /xingrg/dwr/interface/AjaxComOrderService.js HTTP/1.1" 200 18264
120.253.135.82 - - [13/Apr/2020:09:28:45 +0800] "GET /xingrg/dwr/interface/AjaxQqpsService.js HTTP/1.1" 200 16326
120.253.135.82 - - [13/Apr/2020:09:28:45 +0800] "GET /xingrg/dwr/engine.js HTTP/1.1" 200 43631
180.162.232.172 - - [13/Apr/2020:09:28:46 +0800] "POST /xingrg/kc/buy/cgsh_order_operate.html HTTP/1.1" 200 37
116.232.51.174 - - [13/Apr/2020:09:28:52 +0800] "POST /xingrg/kc/mdqp/pssh_order_operate.html HTTP/1.1" 200 37
116.235.222.53 - - [13/Apr/2020:09:28:53 +0800] "GET /xingrg/javascript/auto/indicator.gif HTTP/1.1" 404 1066
120.253.135.82 - - [13/Apr/2020:09:28:54 +0800] "POST /xingrg/dwr/call/plaincall/AjaxQqpsService.loadMaterielItems.dwr HTTP/1.1" 200 1847
180.162.232.172 - - [13/Apr/2020:09:28:57 +0800] "POST /xingrg/kc/buy/cgsh_order_operate.html HTTP/1.1" 200 12
116.235.222.53 - - [13/Apr/2020:09:28:58 +0800] "GET /xingrg/kc/buy/cgsh_order_operate.html?command=get_materiel&rest_code=00107&code=00101008091&supplier_code=00100006&order_time=2020-04-12 HTTP/1.1" 200 412
116.232.51.174 - - [13/Apr/2020:09:28:59 +0800] "POST /xingrg/kc/mdqp/pssh_order_operate.html HTTP/1.1" 200 12
180.162.232.172 - - [13/Apr/2020:09:29:00 +0800] "GET /xingrg/kc/buy/cgsh_order_info.html?code=212020041302379 HTTP/1.1" 200 53464
180.162.232.172 - - [13/Apr/2020:09:29:00 +0800] "GET /xingrg/javascript/easyui/themes/default/validatebox.css HTTP/1.1" 404 1104
180.162.232.172 - - [13/Apr/2020:09:29:01 +0800] "POST /xingrg/kc/buy/cgsh_order_operate.html HTTP/1.1" 200 2498
116.232.51.174 - - [13/Apr/2020:09:29:01 +0800] "GET /xingrg/kc/mdqp/pssh_order_info.html?code=312020041000077 HTTP/1.1" 200 14380
116.232.51.174 - - [13/Apr/2020:09:29:01 +0800] "GET /xingrg/javascript/jquery_tools/jquery-1.4.2.min.js HTTP/1.1" 404 1094
116.232.51.174 - - [13/Apr/2020:09:29:01 +0800] "GET /xingrg/javascript/easyui/themes/icons/uncheck_new.png HTTP/1.1" 200 3197
116.232.51.174 - - [13/Apr/2020:09:29:02 +0800] "GET /xingrg/javascript/easyui/themes/default/validatebox.css HTTP/1.1" 404 1104
116.232.51.174 - - [13/Apr/2020:09:29:02 +0800] "POST /xingrg/kc/mdqp/pssh_order_operate.html HTTP/1.1" 200 550
120.253.135.82 - - [13/Apr/2020:09:29:02 +0800] "GET /xingrg/images/yd/bt.gif HTTP/1.1" 404 1040
120.253.135.82 - - [13/Apr/2020:09:29:02 +0800] "GET /xingrg/images/yd/bt2.gif HTTP/1.1" 404 1042
116.232.51.174 - - [13/Apr/2020:09:29:03 +0800] "GET /xingrg/kc/print/load_config.html?kc_code=pssh HTTP/1.1" 200 2290
180.162.232.172 - - [13/Apr/2020:09:29:04 +0800] "GET /xingrg/kc/print/load_config.html?kc_code=cgsh HTTP/1.1" 200 1841
116.232.51.174 - - [13/Apr/2020:09:29:04 +0800] "GET /xingrg/kc/print/load_data.html?order_code=312020041000077&kc_code=pssh&condition= HTTP/1.1" 200 675
180.162.232.172 - - [13/Apr/2020:09:29:05 +0800] "GET /xingrg/kc/print/load_data.html?order_code=212020041302379&kc_code=cgsh&condition= HTTP/1.1" 200 1499
116.235.222.53 - - [13/Apr/2020:09:29:09 +0800] "GET /xingrg/all/function/internal_message.html?_=1586741349024&CODE_STATE=getMsg HTTP/1.1" 200 27
116.235.222.53 - - [13/Apr/2020:09:29:12 +0800] "GET /xingrg/kc/buy/cgsh_order_operate.html?command=get_materiel&rest_code=00107&code=00101008256&supplier_code=00100006&order_time=2020-04-12 HTTP/1.1" 200 413
114.88.159.93 - - [13/Apr/2020:09:29:12 +0800] "GET /xingrg/index.html?sysBaseUrl=http%3A%2F%2F180.169.147.146%3A18081%2Fxingrg%2F&costTime=34×tamp=1585622960984 HTTP/1.1" 302 -
114.88.159.93 - - [13/Apr/2020:09:29:12 +0800] "GET /xingrg/login.html HTTP/1.1" 200 7641
114.88.159.93 - - [13/Apr/2020:09:29:12 +0800] "GET /xingrg/images/blue/jxLogo.png HTTP/1.1" 200 6156
114.88.159.93 - - [13/Apr/2020:09:29:12 +0800] "GET /xingrg/images/blue/hj.png HTTP/1.1" 200 1014
114.88.159.93 - - [13/Apr/2020:09:29:12 +0800] "GET /xingrg/images/blue/srbg.png HTTP/1.1" 200 138
114.88.159.93 - - [13/Apr/2020:09:29:12 +0800] "GET /xingrg/images/blue/login_bg.png HTTP/1.1" 200 22101
114.88.159.93 - - [13/Apr/2020:09:29:12 +0800] "GET /favicon.ico HTTP/1.1" 404 -
120.253.135.82 - - [13/Apr/2020:09:29:13 +0800] "GET /xingrg/all/function/internal_message.html?_=1586741103799&CODE_STATE=getMsg HTTP/1.1" 200 27
120.253.135.82 - - [13/Apr/2020:09:29:19 +0800] "GET /xingrg/kc/pszx/mdqp_order_list.html?isBack=1 HTTP/1.1" 302 -
120.253.135.82 - - [13/Apr/2020:09:29:20 +0800] "GET /xingrg/kc/pszx/mdqp_order_list.html?state=10 HTTP/1.1" 200 14547
120.253.135.82 - - [13/Apr/2020:09:29:20 +0800] "GET /xingrg/dwr/interface/AjaxReportQueryService.js HTTP/1.1" 200 13203
120.253.135.82 - - [13/Apr/2020:09:29:20 +0800] "GET /xingrg/dwr/interface/AjaxQqpsService.js HTTP/1.1" 200 16326
120.253.135.82 - - [13/Apr/2020:09:29:20 +0800] "GET /xingrg/dwr/engine.js HTTP/1.1" 200 43631
114.88.159.93 - - [13/Apr/2020:09:29:23 +0800] "POST /xingrg/login.do HTTP/1.1" 302 -
114.88.159.93 - - [13/Apr/2020:09:29:23 +0800] "GET /xingrg/index.html?sysBaseUrl=http%3A%2F%2F180.169.147.146%3A18081%2Fxingrg%2F&costTime=1211×tamp=1586741363884 HTTP/1.1" 200 17179
114.88.159.93 - - [13/Apr/2020:09:29:23 +0800] "GET /xingrg/javascript/jquery-1.4.2.min.js HTTP/1.1" 200 72205
114.88.159.93 - - [13/Apr/2020:09:29:23 +0800] "GET /xingrg/javascript/jquery_easy_ui/themes/icon.css HTTP/1.1" 200 3949
114.88.159.93 - - [13/Apr/2020:09:29:23 +0800] "GET /xingrg/javascript/jquery_easy_ui/jquery.easyui.min.js HTTP/1.1" 200 213662
114.88.159.93 - - [13/Apr/2020:09:29:23 +0800] "GET /xingrg/javascript/jquery_easy_ui/easyui-lang-zh_CN.js HTTP/1.1" 200 1900
114.88.159.93 - - [13/Apr/2020:09:29:24 +0800] "GET /xingrg/javascript/jquery_easy_ui/themes/default/easyui.css HTTP/1.1" 200 26500
114.88.159.93 - - [13/Apr/2020:09:29:24 +0800] "GET /xingrg/css/form.css HTTP/1.1" 200 893
114.88.159.93 - - [13/Apr/2020:09:29:24 +0800] "GET /xingrg/javascript/jquery.utils.js HTTP/1.1" 200 11805
114.88.159.93 - - [13/Apr/2020:09:29:24 +0800] "GET /xingrg/javascript/jquery.form.js HTTP/1.1" 200 23110
114.88.159.93 - - [13/Apr/2020:09:29:24 +0800] "GET /xingrg/javascript/jquery.timers.js HTTP/1.1" 200 3532
114.88.159.93 - - [13/Apr/2020:09:29:24 +0800] "GET /favicon.ico HTTP/1.1" 404 -
114.88.159.93 - - [13/Apr/2020:09:29:24 +0800] "GET /xingrg/javascript/jquery_easy_ui/themes/icons/settle_new.png HTTP/1.1" 200 826
114.88.159.93 - - [13/Apr/2020:09:29:24 +0800] "GET /xingrg/images/blue/navBackgound.jpg HTTP/1.1" 200 12378
114.88.159.93 - - [13/Apr/2020:09:29:24 +0800] "GET /xingrg/images/blue/pingpu.png HTTP/1.1" 200 231
114.88.159.93 - - [13/Apr/2020:09:29:24 +0800] "GET /xingrg/check_reg.html?_=1586741364028 HTTP/1.1" 200 22
114.88.159.93 - - [13/Apr/2020:09:29:24 +0800] "GET /xingrg/javascript/jquery_easy_ui/themes/default/images/tabs_leftarrow.png HTTP/1.1" 200 389
114.88.159.93 - - [13/Apr/2020:09:29:24 +0800] "GET /xingrg/javascript/jquery_easy_ui/themes/default/images/panel_tool_collapse.gif HTTP/1.1" 200 246
114.88.159.93 - - [13/Apr/2020:09:29:24 +0800] "GET /xingrg/javascript/jquery_easy_ui/themes/default/images/tabs_rightarrow.png HTTP/1.1" 200 395
114.88.159.93 - - [13/Apr/2020:09:29:24 +0800] "POST /xingrg/all/common/load_tree.html?tree=area_rest_tree_json&manage=1 HTTP/1.1" 200 351
114.88.159.93 - - [13/Apr/2020:09:29:24 +0800] "GET /xingrg/javascript/jquery_easy_ui/themes/default/images/tree_arrows.gif HTTP/1.1" 200 1043
114.88.159.93 - - [13/Apr/2020:09:29:24 +0800] "GET /xingrg/all/function/internal_message.html?_=1586741364027&CODE_STATE=count HTTP/1.1" 200 11
114.88.159.93 - - [13/Apr/2020:09:29:24 +0800] "POST /xingrg/load_menu.html HTTP/1.1" 200 5138
114.88.159.93 - - [13/Apr/2020:09:29:24 +0800] "GET /xingrg/javascript/jquery_easy_ui/themes/icons/search_new.png HTTP/1.1" 200 586
114.88.159.93 - - [13/Apr/2020:09:29:24 +0800] "GET /xingrg/javascript/jquery_easy_ui/themes/default/images/tree_folder.gif HTTP/1.1" 200 952
114.88.159.93 - - [13/Apr/2020:09:29:24 +0800] "GET /xingrg/javascript/jquery_easy_ui/themes/icons/storage_new.png HTTP/1.1" 200 853
114.88.159.93 - - [13/Apr/2020:09:29:24 +0800] "GET /xingrg/javascript/jquery_easy_ui/themes/default/images/tree_folder_open.gif HTTP/1.1" 200 956
114.88.159.93 - - [13/Apr/2020:09:29:24 +0800] "GET /xingrg/javascript/jquery_easy_ui/themes/icons/forms_new.png HTTP/1.1" 200 350
114.88.159.93 - - [13/Apr/2020:09:29:24 +0800] "GET /xingrg/javascript/jquery_easy_ui/themes/default/images/tree_file.gif HTTP/1.1" 200 118
120.253.135.82 - - [13/Apr/2020:09:29:25 +0800] "GET /xingrg/kc/pszx/mdqp_order_info.html?code=302020041100077 HTTP/1.1" 200 13338
120.253.135.82 - - [13/Apr/2020:09:29:25 +0800] "GET /xingrg/dwr/interface/AjaxQqpsService.js HTTP/1.1" 200 16326
120.253.135.82 - - [13/Apr/2020:09:29:25 +0800] "GET /xingrg/dwr/interface/AjaxComOrderService.js HTTP/1.1" 200 18264
120.253.135.82 - - [13/Apr/2020:09:29:25 +0800] "GET /xingrg/dwr/engine.js HTTP/1.1" 200 43631
116.232.51.174 - - [13/Apr/2020:09:29:28 +0800] "GET /xingrg/kc/print/load_config.html?kc_code=pssh HTTP/1.1" 200 2290
120.253.135.82 - - [13/Apr/2020:09:29:28 +0800] "POST /xingrg/dwr/call/plaincall/AjaxQqpsService.loadMaterielItems.dwr HTTP/1.1" 200 1284
116.232.51.174 - - [13/Apr/2020:09:29:29 +0800] "GET /xingrg/kc/print/load_data.html?order_code=312020041000077&kc_code=pssh&condition= HTTP/1.1" 200 675
180.156.150.85 - - [13/Apr/2020:09:29:32 +0800] "GET /xingrg/all/function/internal_message.html?_=1586741378925&CODE_STATE=getMsg HTTP/1.1" 200 27
116.232.51.174 - - [13/Apr/2020:09:29:34 +0800] "GET /xingrg/kc/mdqp/pssh_order_list.html?isBack=1 HTTP/1.1" 200 17614
116.232.51.174 - - [13/Apr/2020:09:29:34 +0800] "POST /xingrg/kc/mdqp/pssh_list_operate.html HTTP/1.1" 200 5377
116.232.51.174 - - [13/Apr/2020:09:29:36 +0800] "GET /xingrg/all/function/internal_message.html?_=1586741410662&CODE_STATE=getMsg HTTP/1.1" 200 27
116.232.51.174 - - [13/Apr/2020:09:29:37 +0800] "POST /xingrg/kc/mdqp/pssh_list_operate.html HTTP/1.1" 200 457
116.232.51.174 - - [13/Apr/2020:09:29:38 +0800] "POST /xingrg/kc/mdqp/pssh_list_operate.html HTTP/1.1" 200 1589
116.232.51.174 - - [13/Apr/2020:09:29:39 +0800] "GET /xingrg/kc/mdqp/pssh_order_info.html?code=312020041000074 HTTP/1.1" 200 17297
116.232.51.174 - - [13/Apr/2020:09:29:39 +0800] "GET /xingrg/javascript/jquery_tools/jquery-1.4.2.min.js HTTP/1.1" 404 1094
116.232.51.174 - - [13/Apr/2020:09:29:39 +0800] "GET /xingrg/javascript/easyui/themes/default/validatebox.css HTTP/1.1" 404 1104
116.232.51.174 - - [13/Apr/2020:09:29:39 +0800] "GET /xingrg/all/common/auto_word.html?type=employee&rest_code=00109 HTTP/1.1" 200 255
116.232.51.174 - - [13/Apr/2020:09:29:39 +0800] "GET /xingrg/all/common/auto_word.html?type=base&rest_code=00109&rest_code=00109 HTTP/1.1" 200 1595
116.232.51.174 - - [13/Apr/2020:09:29:39 +0800] "POST /xingrg/kc/mdqp/pssh_order_operate.html HTTP/1.1" 200 1571
120.253.135.82 - - [13/Apr/2020:09:29:39 +0800] "GET /xingrg/kc/pszx/jzcl_ps.html HTTP/1.1" 200 7683
120.253.135.82 - - [13/Apr/2020:09:29:40 +0800] "GET /xingrg/css/table.css HTTP/1.1" 200 3684
120.253.135.82 - - [13/Apr/2020:09:29:40 +0800] "GET /xingrg/javascript/step/step.css HTTP/1.1" 200 999
120.253.135.82 - - [13/Apr/2020:09:29:40 +0800] "GET /xingrg/javascript/step/images/navCurrentBtn.gif HTTP/1.1" 200 557
120.253.135.82 - - [13/Apr/2020:09:29:40 +0800] "GET /xingrg/javascript/jquery_easy_ui/themes/default/images/button_a_bg.gif HTTP/1.1" 200 1194
120.253.135.82 - - [13/Apr/2020:09:29:40 +0800] "GET /xingrg/javascript/jquery_easy_ui/themes/default/images/button_span_bg.gif HTTP/1.1" 200 2061
120.253.135.82 - - [13/Apr/2020:09:29:40 +0800] "GET /xingrg/javascript/jquery_easy_ui/themes/icons/search.png HTTP/1.1" 200 813
120.253.135.82 - - [13/Apr/2020:09:29:40 +0800] "GET /xingrg/javascript/jquery_easy_ui/themes/default/images/combo_arrow_dot.gif HTTP/1.1" 200 79
120.253.135.82 - - [13/Apr/2020:09:29:40 +0800] "GET /xingrg/javascript/jquery_easy_ui/themes/default/images/calendar_prevmonth.gif HTTP/1.1" 200 66
120.253.135.82 - - [13/Apr/2020:09:29:40 +0800] "GET /xingrg/javascript/jquery_easy_ui/themes/default/images/calendar_prevyear.gif HTTP/1.1" 200 76
120.253.135.82 - - [13/Apr/2020:09:29:40 +0800] "GET /xingrg/javascript/jquery_easy_ui/themes/default/images/calendar_nextyear.gif HTTP/1.1" 200 75
120.253.135.82 - - [13/Apr/2020:09:29:40 +0800] "GET /xingrg/javascript/jquery_easy_ui/themes/default/images/calendar_nextmonth.gif HTTP/1.1" 200 64
120.253.135.82 - - [13/Apr/2020:09:29:40 +0800] "POST /xingrg/all/common/load_tree.html?tree=area_rest_tree_json HTTP/1.1" 200 3088
120.253.135.82 - - [13/Apr/2020:09:29:40 +0800] "GET /xingrg/javascript/jquery_easy_ui/themes/default/images/datagrid_header_bg.gif HTTP/1.1" 200 97
120.253.135.82 - - [13/Apr/2020:09:29:40 +0800] "GET /xingrg/javascript/jquery_easy_ui/themes/default/images/pagination_loading.gif HTTP/1.1" 200 1737
120.253.135.82 - - [13/Apr/2020:09:29:40 +0800] "GET /xingrg/javascript/jquery_easy_ui/themes/default/images/tree_checkbox_0.gif HTTP/1.1" 200 168
120.253.135.82 - - [13/Apr/2020:09:29:40 +0800] "GET /xingrg/kc/pszx/jzcl_ps.html HTTP/1.1" 200 7683
120.253.135.82 - - [13/Apr/2020:09:29:40 +0800] "POST /xingrg/kc/pszx/jzcl_ps_operate.html HTTP/1.1" 200 4236
120.253.135.82 - - [13/Apr/2020:09:29:40 +0800] "POST /xingrg/kc/pszx/jzcl_ps_operate.html HTTP/1.1" 200 4236
120.253.135.82 - - [13/Apr/2020:09:29:41 +0800] "POST /xingrg/all/common/load_tree.html?tree=area_rest_tree_json HTTP/1.1" 200 3088
120.253.135.82 - - [13/Apr/2020:09:29:41 +0800] "POST /xingrg/kc/pszx/jzcl_ps_operate.html HTTP/1.1" 200 4236
114.88.159.93 - - [13/Apr/2020:09:29:41 +0800] "GET /xingrg/javascript/jquery_easy_ui/themes/default/images/button_plain_hover.png HTTP/1.1" 200 252
120.253.135.82 - - [13/Apr/2020:09:29:41 +0800] "POST /xingrg/kc/pszx/jzcl_ps_operate.html HTTP/1.1" 200 4236
120.253.135.82 - - [13/Apr/2020:09:29:44 +0800] "GET /xingrg/javascript/jquery_easy_ui/themes/icons/rest.png HTTP/1.1" 200 695
114.88.159.93 - - [13/Apr/2020:09:29:45 +0800] "GET /xingrg/kc/buy/buy_main.html HTTP/1.1" 200 12412
114.88.159.93 - - [13/Apr/2020:09:29:45 +0800] "GET /xingrg/javascript/jquery_easy_ui/themes/default/images/tabs_close.gif HTTP/1.1" 200 829
114.88.159.93 - - [13/Apr/2020:09:29:45 +0800] "GET /xingrg/javascript/pic_change.js HTTP/1.1" 200 4739
114.88.159.93 - - [13/Apr/2020:09:29:45 +0800] "GET /xingrg/javascript/ToolTips.js HTTP/1.1" 200 5615
114.88.159.93 - - [13/Apr/2020:09:29:45 +0800] "GET /xingrg/javascript/jquery_ui/jquery-ui.min.js HTTP/1.1" 200 186181
114.88.159.93 - - [13/Apr/2020:09:29:45 +0800] "GET /xingrg/css/new_ie.css HTTP/1.1" 404 1036
114.88.159.93 - - [13/Apr/2020:09:29:45 +0800] "GET /xingrg/images/blue/button/cgxqd.gif HTTP/1.1" 200 2619
114.88.159.93 - - [13/Apr/2020:09:29:45 +0800] "GET /xingrg/images/blue/button/cgydd.gif HTTP/1.1" 200 2712
114.88.159.93 - - [13/Apr/2020:09:29:45 +0800] "GET /xingrg/css/blue.css HTTP/1.1" 200 15949
114.88.159.93 - - [13/Apr/2020:09:29:45 +0800] "GET /xingrg/images/blue/button/kc.gif HTTP/1.1" 200 2160
114.88.159.93 - - [13/Apr/2020:09:29:45 +0800] "GET /xingrg/javascript/myfunction.js HTTP/1.1" 200 24559
114.88.159.93 - - [13/Apr/2020:09:29:45 +0800] "GET /xingrg/javascript/jquery_ui/themes/humanity/humanity.css HTTP/1.1" 200 27801
114.88.159.93 - - [13/Apr/2020:09:29:45 +0800] "GET /xingrg/images/blue/button/cgshd.gif HTTP/1.1" 200 2618
114.88.159.93 - - [13/Apr/2020:09:29:45 +0800] "GET /xingrg/images/blue/button/ckthd.gif HTTP/1.1" 200 2045
114.88.159.93 - - [13/Apr/2020:09:29:45 +0800] "GET /xingrg/images/blue/pic_form2.gif HTTP/1.1" 200 1853
114.88.159.93 - - [13/Apr/2020:09:29:45 +0800] "GET /xingrg/images/blue/button/cgfkd.gif HTTP/1.1" 200 2075
114.88.159.93 - - [13/Apr/2020:09:29:45 +0800] "GET /xingrg/javascript/jquery_ui/themes/humanity/images/ui-bg_inset-soft_100_f4f0ec_1x100.png HTTP/1.1" 200 141
114.88.159.93 - - [13/Apr/2020:09:29:45 +0800] "GET /xingrg/images/blue/bg_dotted.jpg HTTP/1.1" 200 319
114.88.159.93 - - [13/Apr/2020:09:29:45 +0800] "GET /xingrg/images/blue/button/down_ah.jpg HTTP/1.1" 200 1732
114.88.159.93 - - [13/Apr/2020:09:29:45 +0800] "GET /xingrg/images/blue/button/right_ah.jpg HTTP/1.1" 200 1744
114.88.159.93 - - [13/Apr/2020:09:29:45 +0800] "GET /xingrg/javascript/jquery_ui/themes/humanity/images/ui-iconsnew.jpg HTTP/1.1" 200 337
114.88.159.93 - - [13/Apr/2020:09:29:45 +0800] "GET /xingrg/javascript/jquery_ui/themes/humanity/images/ui-icons_ffffff_256x240.png HTTP/1.1" 200 4369
114.88.159.93 - - [13/Apr/2020:09:29:45 +0800] "GET /xingrg/javascript/jquery_ui/themes/humanity/images/ui-icons_c47a23_256x240.png HTTP/1.1" 200 5355
114.88.159.93 - - [13/Apr/2020:09:29:45 +0800] "GET /xingrg/javascript/jquery_ui/themes/humanity/images/ui-bg_glass_70_ede4d4_1x400.png HTTP/1.1" 200 161
114.88.159.93 - - [13/Apr/2020:09:29:45 +0800] "GET /xingrg/images/yd/bt.gif HTTP/1.1" 404 1040
114.88.159.93 - - [13/Apr/2020:09:29:47 +0800] "GET /xingrg/css/base.css HTTP/1.1" 200 2811
114.88.159.93 - - [13/Apr/2020:09:29:47 +0800] "GET /xingrg/css/site.css HTTP/1.1" 200 7541
114.88.159.93 - - [13/Apr/2020:09:29:47 +0800] "GET /xingrg/javascript/jquery_tools/datebox.css HTTP/1.1" 200 2597
114.88.159.93 - - [13/Apr/2020:09:29:47 +0800] "GET /xingrg/javascript/easyui/themes/icon.css HTTP/1.1" 200 4483
114.88.159.93 - - [13/Apr/2020:09:29:47 +0800] "GET /xingrg/kc/buy/cgsh_order_list.html HTTP/1.1" 200 42360
114.88.159.93 - - [13/Apr/2020:09:29:47 +0800] "GET /xingrg/javascript/jquery_tools/fix.css HTTP/1.1" 200 1702
114.88.159.93 - - [13/Apr/2020:09:29:47 +0800] "GET /xingrg/javascript/jquery_tools/table.css HTTP/1.1" 200 1032
114.88.159.93 - - [13/Apr/2020:09:29:47 +0800] "GET /xingrg/javascript/jquery_tools/jquery.tools.min.js HTTP/1.1" 200 138801
114.88.159.93 - - [13/Apr/2020:09:29:47 +0800] "GET /xingrg/javascript/auto/jquery.autocomplete.css HTTP/1.1" 200 587
114.88.159.93 - - [13/Apr/2020:09:29:47 +0800] "GET /xingrg/javascript/easyui/themes/default/easyui.css HTTP/1.1" 200 30432
114.88.159.93 - - [13/Apr/2020:09:29:47 +0800] "GET /xingrg/javascript/jquery_tools/jquery.tools.table.js HTTP/1.1" 200 6994
114.88.159.93 - - [13/Apr/2020:09:29:47 +0800] "GET /xingrg/javascript/jquery_tools/jquery.tools.hotkey.js HTTP/1.1" 200 3242
114.88.159.93 - - [13/Apr/2020:09:29:47 +0800] "GET /xingrg/javascript/jquery_tools/jquery.tools.extend.js HTTP/1.1" 200 15385
114.88.159.93 - - [13/Apr/2020:09:29:47 +0800] "GET /xingrg/javascript/easyui/easyloader.js HTTP/1.1" 200 5975
114.88.159.93 - - [13/Apr/2020:09:29:47 +0800] "GET /xingrg/javascript/jquery_tools/list_manager.js HTTP/1.1" 200 3652
114.88.159.93 - - [13/Apr/2020:09:29:47 +0800] "GET /xingrg/javascript/print/LodopFuncs.js HTTP/1.1" 200 5121
114.88.159.93 - - [13/Apr/2020:09:29:47 +0800] "GET /xingrg/javascript/jquery.cookie.js HTTP/1.1" 200 5513
114.88.159.93 - - [13/Apr/2020:09:29:47 +0800] "GET /xingrg/javascript/auto/jquery.autocomplete.js HTTP/1.1" 200 21624
116.232.51.174 - - [13/Apr/2020:09:29:47 +0800] "POST /xingrg/kc/mdqp/pssh_order_operate.html HTTP/1.1" 200 37
114.88.159.93 - - [13/Apr/2020:09:29:49 +0800] "GET /xingrg/javascript/easyui/themes/icons/field_new.png HTTP/1.1" 200 1097
114.88.159.93 - - [13/Apr/2020:09:29:49 +0800] "GET /xingrg/javascript/easyui/themes/icons/import_new.png HTTP/1.1" 200 1247
114.88.159.93 - - [13/Apr/2020:09:29:49 +0800] "GET /xingrg/javascript/easyui/themes/icons/check_new.png HTTP/1.1" 200 3224
114.88.159.93 - - [13/Apr/2020:09:29:49 +0800] "GET /xingrg/javascript/easyui/themes/icons/cance_new.png HTTP/1.1" 200 3986
114.88.159.93 - - [13/Apr/2020:09:29:49 +0800] "GET /xingrg/javascript/easyui/themes/icons/edit_add_new.png HTTP/1.1" 200 2997
114.88.159.93 - - [13/Apr/2020:09:29:49 +0800] "GET /xingrg/javascript/easyui/plugins/jquery.parser.js HTTP/1.1" 200 1142
114.88.159.93 - - [13/Apr/2020:09:29:49 +0800] "GET /xingrg/images/control/ajaxLoader.gif HTTP/1.1" 200 4659
114.88.159.93 - - [13/Apr/2020:09:29:51 +0800] "POST /xingrg/kc/buy/cgsh_list_operate.html HTTP/1.1" 200 876
114.88.159.93 - - [13/Apr/2020:09:29:51 +0800] "GET /xingrg/javascript/easyui/themes/default/images/button_plain_hover.png HTTP/1.1" 200 144
116.235.222.53 - - [13/Apr/2020:09:29:51 +0800] "GET /xingrg/kc/buy/cgsh_order_operate.html?command=get_materiel&rest_code=00107&code=00101008089&supplier_code=00100006&order_time=2020-04-12 HTTP/1.1" 200 408
116.232.51.174 - - [13/Apr/2020:09:29:51 +0800] "POST /xingrg/kc/mdqp/pssh_order_operate.html HTTP/1.1" 200 12
180.162.232.172 - - [13/Apr/2020:09:29:53 +0800] "GET /xingrg/kc/buy/cgsh_order_add.html HTTP/1.1" 200 58567
180.162.232.172 - - [13/Apr/2020:09:29:53 +0800] "POST /xingrg/kc/buy/cgsh_order_operate.html HTTP/1.1" 200 8245
180.162.232.172 - - [13/Apr/2020:09:29:53 +0800] "GET /xingrg/javascript/easyui/themes/default/validatebox.css HTTP/1.1" 404 1104
116.232.51.174 - - [13/Apr/2020:09:29:54 +0800] "GET /xingrg/kc/print/load_config.html?kc_code=pssh HTTP/1.1" 200 2290
114.88.159.93 - - [13/Apr/2020:09:29:55 +0800] "GET /xingrg/javascript/convert.js HTTP/1.1" 200 1239
114.88.159.93 - - [13/Apr/2020:09:29:55 +0800] "GET /xingrg/kc/buy/cgsh_order_add.html HTTP/1.1" 200 57975
114.88.159.93 - - [13/Apr/2020:09:29:55 +0800] "GET /xingrg/javascript/jquery_tools/order_manager.js HTTP/1.1" 200 11183
114.88.159.93 - - [13/Apr/2020:09:29:55 +0800] "GET /xingrg/javascript/json2.js HTTP/1.1" 200 11259
114.88.159.93 - - [13/Apr/2020:09:29:55 +0800] "GET /xingrg/javascript/print/kc_print.js HTTP/1.1" 200 11415
114.88.159.93 - - [13/Apr/2020:09:29:55 +0800] "GET /xingrg/words/20200411185114_words.js HTTP/1.1" 200 719232
114.88.159.93 - - [13/Apr/2020:09:29:55 +0800] "GET /xingrg/javascript/easyui/themes/icons/ok.png HTTP/1.1" 200 883
114.88.159.93 - - [13/Apr/2020:09:29:55 +0800] "GET /xingrg/javascript/easyui/themes/icons/template_new.png HTTP/1.1" 200 3956
114.88.159.93 - - [13/Apr/2020:09:29:55 +0800] "GET /xingrg/javascript/easyui/themes/icons/print.png HTTP/1.1" 200 1057
114.88.159.93 - - [13/Apr/2020:09:29:55 +0800] "GET /xingrg/javascript/easyui/themes/icons/copy_new.png HTTP/1.1" 200 815
114.88.159.93 - - [13/Apr/2020:09:29:55 +0800] "GET /xingrg/javascript/easyui/themes/default/images/menu_downarrow.png HTTP/1.1" 200 173
114.88.159.93 - - [13/Apr/2020:09:29:55 +0800] "GET /xingrg/javascript/easyui/themes/icons/cancel.png HTTP/1.1" 200 1133
116.232.51.174 - - [13/Apr/2020:09:29:56 +0800] "GET /xingrg/kc/print/load_data.html?order_code=312020041000074&kc_code=pssh&condition= HTTP/1.1" 200 993
116.232.51.174 - - [13/Apr/2020:09:29:56 +0800] "GET /xingrg/kc/mdqp/pssh_order_info.html?code=312020041000074 HTTP/1.1" 200 14382
114.88.159.93 - - [13/Apr/2020:09:29:57 +0800] "GET /xingrg/kc/buy/cgsh_order_add.html HTTP/1.1" 200 57975
114.88.159.93 - - [13/Apr/2020:09:29:57 +0800] "GET /xingrg/javascript/easyui/themes/default/validatebox.css HTTP/1.1" 404 1104
114.88.159.93 - - [13/Apr/2020:09:29:57 +0800] "GET /xingrg/javascript/easyui/plugins/jquery.validatebox.js HTTP/1.1" 200 6103
114.88.159.93 - - [13/Apr/2020:09:29:57 +0800] "POST /xingrg/kc/buy/cgsh_order_operate.html HTTP/1.1" 200 8245
114.88.159.93 - - [13/Apr/2020:09:29:57 +0800] "GET /xingrg/javascript/easyui/plugins/jquery.numberbox.js HTTP/1.1" 200 5213
114.88.159.93 - - [13/Apr/2020:09:29:57 +0800] "GET /xingrg/javascript/easyui/themes/icons/edit_remove.png HTTP/1.1" 200 625
114.88.159.93 - - [13/Apr/2020:09:29:57 +0800] "GET /xingrg/all/common/auto_word.html?type=employee&rest_code=00141 HTTP/1.1" 200 201
114.88.159.93 - - [13/Apr/2020:09:29:57 +0800] "GET /xingrg/all/common/auto_word.html?type=employee&rest_code=00141 HTTP/1.1" 200 201
116.232.51.174 - - [13/Apr/2020:09:29:59 +0800] "GET /xingrg/javascript/jquery_tools/jquery-1.4.2.min.js HTTP/1.1" 404 1094
116.232.51.174 - - [13/Apr/2020:09:29:59 +0800] "GET /xingrg/javascript/easyui/themes/default/validatebox.css HTTP/1.1" 404 1104
116.232.51.174 - - [13/Apr/2020:09:29:59 +0800] "POST /xingrg/kc/mdqp/pssh_order_operate.html HTTP/1.1" 200 1571
180.162.232.172 - - [13/Apr/2020:09:30:00 +0800] "GET /xingrg/javascript/jquery_tools/images/next.gif HTTP/1.1" 404 1086
180.162.232.172 - - [13/Apr/2020:09:30:00 +0800] "GET /xingrg/javascript/jquery_tools/images/prev.gif HTTP/1.1" 404 1086
116.232.51.174 - - [13/Apr/2020:09:30:01 +0800] "GET /xingrg/kc/mdqp/pssh_order_list.html?isBack=1 HTTP/1.1" 200 17614
116.235.222.53 - - [13/Apr/2020:09:30:03 +0800] "GET /xingrg/kc/buy/cgsh_order_operate.html?command=get_materiel&rest_code=00107&code=00101008155&supplier_code=00100006&order_time=2020-04-12 HTTP/1.1" 200 408
116.232.51.174 - - [13/Apr/2020:09:30:04 +0800] "POST /xingrg/kc/mdqp/pssh_list_operate.html HTTP/1.1" 200 5399
116.232.51.174 - - [13/Apr/2020:09:30:06 +0800] "POST /xingrg/kc/mdqp/pssh_list_operate.html HTTP/1.1" 200 573
120.253.135.82 - - [13/Apr/2020:09:30:06 +0800] "POST /xingrg/kc/pszx/jzcl_ps_operate.html HTTP/1.1" 200 4
120.253.135.82 - - [13/Apr/2020:09:30:06 +0800] "GET /xingrg/javascript/step/images/navLastDoneBtn.gif HTTP/1.1" 200 552
120.253.135.82 - - [13/Apr/2020:09:30:06 +0800] "GET /xingrg/javascript/step/images/navDoneBtn.gif HTTP/1.1" 200 394
120.253.135.82 - - [13/Apr/2020:09:30:06 +0800] "GET /xingrg/javascript/step/images/navBtn.gif HTTP/1.1" 200 361
180.162.232.172 - - [13/Apr/2020:09:30:07 +0800] "GET /xingrg/kc/buy/cgsh_order_operate.html?command=get_materiel&rest_code=00150&code=00101011005&supplier_code=00100047&order_time=2020-04-12 HTTP/1.1" 200 408
116.232.51.174 - - [13/Apr/2020:09:30:07 +0800] "POST /xingrg/kc/mdqp/pssh_list_operate.html HTTP/1.1" 200 1589
116.232.51.174 - - [13/Apr/2020:09:30:08 +0800] "GET /xingrg/kc/mdqp/pssh_order_info.html?code=312020041000073 HTTP/1.1" 200 17297
116.232.51.174 - - [13/Apr/2020:09:30:08 +0800] "GET /xingrg/javascript/jquery_tools/jquery-1.4.2.min.js HTTP/1.1" 404 1094
116.232.51.174 - - [13/Apr/2020:09:30:08 +0800] "GET /xingrg/javascript/easyui/themes/default/validatebox.css HTTP/1.1" 404 1104
120.253.135.82 - - [13/Apr/2020:09:30:08 +0800] "GET /xingrg/kc/pszx/mdps_order_list.html HTTP/1.1" 200 20964
116.232.51.174 - - [13/Apr/2020:09:30:08 +0800] "POST /xingrg/kc/mdqp/pssh_order_operate.html HTTP/1.1" 200 2142
120.253.135.82 - - [13/Apr/2020:09:30:08 +0800] "POST /xingrg/kc/pszx/jzcl_ps_operate.html HTTP/1.1" 200 3025
116.232.51.174 - - [13/Apr/2020:09:30:08 +0800] "GET /xingrg/all/common/auto_word.html?type=base&rest_code=00109&rest_code=00109 HTTP/1.1" 200 1595
116.232.51.174 - - [13/Apr/2020:09:30:08 +0800] "GET /xingrg/all/common/auto_word.html?type=employee&rest_code=00109 HTTP/1.1" 200 255
120.253.135.82 - - [13/Apr/2020:09:30:09 +0800] "POST /xingrg/kc/pszx/mdps_list_operate.html HTTP/1.1" 200 5197
116.235.222.53 - - [13/Apr/2020:09:30:09 +0800] "GET /xingrg/all/function/internal_message.html?_=1586741409040&CODE_STATE=getMsg HTTP/1.1" 200 27
180.162.232.172 - - [13/Apr/2020:09:30:11 +0800] "GET /xingrg/check_reg.html?_=1586741542594 HTTP/1.1" 200 22
120.253.135.82 - - [13/Apr/2020:09:30:12 +0800] "POST /xingrg/kc/pszx/mdps_list_operate.html HTTP/1.1" 200 202
120.253.135.82 - - [13/Apr/2020:09:30:13 +0800] "GET /xingrg/kc/pszx/mdps_order_info.html?code=312020041300091 HTTP/1.1" 200 23849
120.253.135.82 - - [13/Apr/2020:09:30:13 +0800] "GET /xingrg/javascript/easyui/themes/default/validatebox.css HTTP/1.1" 404 1104
120.253.135.82 - - [13/Apr/2020:09:30:13 +0800] "GET /xingrg/all/function/internal_message.html?_=1586741163812&CODE_STATE=getMsg HTTP/1.1" 200 27
120.253.135.82 - - [13/Apr/2020:09:30:14 +0800] "POST /xingrg/kc/pszx/mdps_order_operate.html HTTP/1.1" 200 2277
114.88.159.93 - - [13/Apr/2020:09:30:14 +0800] "GET /xingrg/javascript/auto/indicator.gif HTTP/1.1" 404 1066
116.232.51.174 - - [13/Apr/2020:09:30:16 +0800] "POST /xingrg/kc/mdqp/pssh_order_operate.html HTTP/1.1" 200 37
114.88.159.93 - - [13/Apr/2020:09:30:16 +0800] "GET /xingrg/javascript/jquery_tools/images/prev.gif HTTP/1.1" 404 1086
114.88.159.93 - - [13/Apr/2020:09:30:16 +0800] "GET /xingrg/javascript/jquery_tools/images/next.gif HTTP/1.1" 404 1086
116.235.222.53 - - [13/Apr/2020:09:30:17 +0800] "GET /xingrg/kc/buy/cgsh_order_operate.html?command=get_materiel&rest_code=00107&code=00101008119&supplier_code=00100006&order_time=2020-04-12 HTTP/1.1" 200 412
120.253.135.82 - - [13/Apr/2020:09:30:17 +0800] "GET /xingrg/css/images/panel_loading.gif HTTP/1.1" 200 1737
180.162.232.172 - - [13/Apr/2020:09:30:17 +0800] "GET /xingrg/kc/buy/cgsh_order_operate.html?command=get_materiel&rest_code=00150&code=00101011003&supplier_code=00100047&order_time=2020-04-12 HTTP/1.1" 200 413
120.253.135.82 - - [13/Apr/2020:09:30:18 +0800] "POST /xingrg/all/common/load_combo.html?type=base HTTP/1.1" 200 899
101.91.62.89 - - [13/Apr/2020:09:30:18 +0800] "GET /xingrg/index.html?sysBaseUrl=http://180.169.147.146:18081/xingrg/&costTime=34×tamp=1585622960984 HTTP/1.1" 302 -
116.232.51.174 - - [13/Apr/2020:09:30:19 +0800] "POST /xingrg/kc/mdqp/pssh_order_operate.html HTTP/1.1" 200 12
116.232.51.174 - - [13/Apr/2020:09:30:21 +0800] "GET /xingrg/kc/mdqp/pssh_order_info.html?code=312020041000073 HTTP/1.1" 200 14382
116.232.51.174 - - [13/Apr/2020:09:30:21 +0800] "GET /xingrg/javascript/jquery_tools/jquery-1.4.2.min.js HTTP/1.1" 404 1094
116.232.51.174 - - [13/Apr/2020:09:30:21 +0800] "GET /xingrg/javascript/easyui/themes/default/validatebox.css HTTP/1.1" 404 1104
116.232.51.174 - - [13/Apr/2020:09:30:22 +0800] "POST /xingrg/kc/mdqp/pssh_order_operate.html HTTP/1.1" 200 2142
114.88.159.93 - - [13/Apr/2020:09:30:22 +0800] "GET /xingrg/kc/buy/cgsh_order_operate.html?command=get_materiel&rest_code=00141&code=00101001037&supplier_code=00100090&order_time=2020-04-13 HTTP/1.1" 200 414
116.232.51.174 - - [13/Apr/2020:09:30:23 +0800] "GET /xingrg/kc/print/load_config.html?kc_code=pssh HTTP/1.1" 200 2290
116.232.51.174 - - [13/Apr/2020:09:30:23 +0800] "GET /xingrg/kc/print/load_data.html?order_code=312020041000073&kc_code=pssh&condition= HTTP/1.1" 200 1236
114.88.159.93 - - [13/Apr/2020:09:30:24 +0800] "GET /xingrg/all/function/internal_message.html?_=1586741424034&CODE_STATE=getMsg HTTP/1.1" 200 27
120.253.135.82 - - [13/Apr/2020:09:30:26 +0800] "POST /xingrg/kc/pszx/mdps_order_operate.html HTTP/1.1" 200 37
101.91.62.89 - - [13/Apr/2020:09:30:26 +0800] "GET /xingrg/login.html HTTP/1.1" 200 7641
116.235.222.53 - - [13/Apr/2020:09:30:27 +0800] "GET /xingrg/kc/buy/cgsh_order_operate.html?command=get_materiel&rest_code=00107&code=00101008361&supplier_code=00100006&order_time=2020-04-12 HTTP/1.1" 200 408
120.253.135.82 - - [13/Apr/2020:09:30:28 +0800] "GET /xingrg/kc/pszx/mdps_order_info.html?code=312020041300091 HTTP/1.1" 200 23847
120.253.135.82 - - [13/Apr/2020:09:30:29 +0800] "GET /xingrg/javascript/easyui/themes/default/validatebox.css HTTP/1.1" 404 1104
120.253.135.82 - - [13/Apr/2020:09:30:29 +0800] "POST /xingrg/kc/pszx/mdps_order_operate.html HTTP/1.1" 200 2285
116.232.51.174 - - [13/Apr/2020:09:30:32 +0800] "GET /xingrg/kc/mdqp/pssh_order_list.html?isBack=1 HTTP/1.1" 200 17614
116.232.51.174 - - [13/Apr/2020:09:30:32 +0800] "POST /xingrg/kc/mdqp/pssh_list_operate.html HTTP/1.1" 200 5421
180.156.150.85 - - [13/Apr/2020:09:30:32 +0800] "GET /xingrg/all/function/internal_message.html?_=1586741438930&CODE_STATE=getMsg HTTP/1.1" 200 27
116.232.51.174 - - [13/Apr/2020:09:30:33 +0800] "POST /xingrg/kc/mdqp/pssh_list_operate.html HTTP/1.1" 200 378
116.232.51.174 - - [13/Apr/2020:09:30:35 +0800] "POST /xingrg/kc/mdqp/pssh_list_operate.html HTTP/1.1" 200 1589
180.162.232.172 - - [13/Apr/2020:09:30:35 +0800] "POST /xingrg/kc/buy/cgsh_order_operate.html HTTP/1.1" 200 37
116.232.51.174 - - [13/Apr/2020:09:30:35 +0800] "GET /xingrg/kc/mdqp/pssh_order_info.html?code=312020040900071 HTTP/1.1" 200 17266
116.232.51.174 - - [13/Apr/2020:09:30:35 +0800] "GET /xingrg/javascript/jquery_tools/jquery-1.4.2.min.js HTTP/1.1" 404 1094
116.232.51.174 - - [13/Apr/2020:09:30:35 +0800] "GET /xingrg/javascript/easyui/themes/default/validatebox.css HTTP/1.1" 404 1104
116.232.51.174 - - [13/Apr/2020:09:30:35 +0800] "GET /xingrg/all/common/auto_word.html?type=employee&rest_code=00109 HTTP/1.1" 200 255
116.232.51.174 - - [13/Apr/2020:09:30:35 +0800] "GET /xingrg/all/common/auto_word.html?type=base&rest_code=00109&rest_code=00109 HTTP/1.1" 200 1595
116.232.51.174 - - [13/Apr/2020:09:30:35 +0800] "POST /xingrg/kc/mdqp/pssh_order_operate.html HTTP/1.1" 200 1059
116.232.51.174 - - [13/Apr/2020:09:30:39 +0800] "GET /xingrg/javascript/jquery_tools/images/prev.gif HTTP/1.1" 404 1086
116.232.51.174 - - [13/Apr/2020:09:30:39 +0800] "GET /xingrg/javascript/jquery_tools/images/next.gif HTTP/1.1" 404 1086
120.253.135.82 - - [13/Apr/2020:09:30:39 +0800] "POST /xingrg/kc/pszx/mdps_list_operate.html HTTP/1.1" 200 612
120.253.135.82 - - [13/Apr/2020:09:30:40 +0800] "GET /xingrg/kc/pszx/mdps_order_info.html?code=312020041300092 HTTP/1.1" 200 23849
180.162.232.172 - - [13/Apr/2020:09:30:40 +0800] "POST /xingrg/kc/buy/cgsh_order_operate.html HTTP/1.1" 200 12
120.253.135.82 - - [13/Apr/2020:09:30:40 +0800] "GET /xingrg/javascript/easyui/themes/default/validatebox.css HTTP/1.1" 404 1104
120.253.135.82 - - [13/Apr/2020:09:30:41 +0800] "POST /xingrg/kc/pszx/mdps_order_operate.html HTTP/1.1" 200 4757
116.232.51.174 - - [13/Apr/2020:09:30:41 +0800] "GET /xingrg/all/function/internal_message.html?_=1586741476064&CODE_STATE=getMsg HTTP/1.1" 200 27
116.232.51.174 - - [13/Apr/2020:09:30:41 +0800] "GET /xingrg/javascript/auto/indicator.gif HTTP/1.1" 404 1066
180.162.232.172 - - [13/Apr/2020:09:30:42 +0800] "GET /xingrg/kc/buy/cgsh_order_info.html?code=212020041302380 HTTP/1.1" 200 53474
180.162.232.172 - - [13/Apr/2020:09:30:42 +0800] "GET /xingrg/javascript/easyui/themes/default/validatebox.css HTTP/1.1" 404 1104
180.162.232.172 - - [13/Apr/2020:09:30:43 +0800] "POST /xingrg/kc/buy/cgsh_order_operate.html HTTP/1.1" 200 1197
180.162.232.172 - - [13/Apr/2020:09:30:44 +0800] "GET /xingrg/kc/print/load_data.html?order_code=212020041302380&kc_code=cgsh&condition= HTTP/1.1" 200 1007
101.89.29.97 - - [13/Apr/2020:09:30:45 +0800] "GET /xingrg/kc/buy/buy_main.html HTTP/1.1" 302 -
101.89.239.232 - - [13/Apr/2020:09:30:47 +0800] "GET /xingrg/kc/buy/cgsh_order_list.html HTTP/1.1" 302 -
114.88.159.93 - - [13/Apr/2020:09:30:47 +0800] "POST /xingrg/kc/buy/cgsh_order_operate.html HTTP/1.1" 200 37
120.253.135.82 - - [13/Apr/2020:09:30:47 +0800] "POST /xingrg/kc/pszx/mdps_order_operate.html HTTP/1.1" 200 37
101.89.29.97 - - [13/Apr/2020:09:30:48 +0800] "GET /xingrg/login.html HTTP/1.1" 200 7641
120.253.135.82 - - [13/Apr/2020:09:30:50 +0800] "GET /xingrg/kc/pszx/mdps_order_info.html?code=312020041300092 HTTP/1.1" 200 23849
120.253.135.82 - - [13/Apr/2020:09:30:50 +0800] "GET /xingrg/javascript/easyui/themes/default/validatebox.css HTTP/1.1" 404 1104
116.235.222.53 - - [13/Apr/2020:09:30:51 +0800] "GET /xingrg/kc/buy/cgsh_order_operate.html?command=get_materiel&rest_code=00107&code=00101008357&supplier_code=00100006&order_time=2020-04-12 HTTP/1.1" 200 408
120.253.135.82 - - [13/Apr/2020:09:30:51 +0800] "POST /xingrg/kc/pszx/mdps_order_operate.html HTTP/1.1" 200 4803
116.232.51.174 - - [13/Apr/2020:09:30:52 +0800] "POST /xingrg/kc/mdqp/pssh_order_operate.html HTTP/1.1" 200 37
180.162.232.172 - - [13/Apr/2020:09:30:52 +0800] "GET /xingrg/kc/buy/cgsh_order_add.html HTTP/1.1" 200 58567
180.162.232.172 - - [13/Apr/2020:09:30:53 +0800] "POST /xingrg/kc/buy/cgsh_order_operate.html HTTP/1.1" 200 8245
180.162.232.172 - - [13/Apr/2020:09:30:53 +0800] "GET /xingrg/javascript/easyui/themes/default/validatebox.css HTTP/1.1" 404 1104
114.88.159.93 - - [13/Apr/2020:09:30:56 +0800] "POST /xingrg/kc/buy/cgsh_order_operate.html HTTP/1.1" 200 12
101.89.239.232 - - [13/Apr/2020:09:30:57 +0800] "GET /xingrg/login.html HTTP/1.1" 200 7641
116.232.51.174 - - [13/Apr/2020:09:30:59 +0800] "POST /xingrg/kc/mdqp/pssh_order_operate.html HTTP/1.1" 200 12
114.88.159.93 - - [13/Apr/2020:09:30:59 +0800] "GET /xingrg/kc/buy/cgsh_order_info.html?code=212020041302381 HTTP/1.1" 200 52881
114.88.159.93 - - [13/Apr/2020:09:30:59 +0800] "GET /xingrg/javascript/easyui/themes/default/validatebox.css HTTP/1.1" 404 1104
101.91.62.65 - - [13/Apr/2020:09:31:00 +0800] "GET /xingrg/all/common/auto_word.html?type=employee&rest_code=00141 HTTP/1.1" 302 -
114.88.159.93 - - [13/Apr/2020:09:31:00 +0800] "POST /xingrg/kc/buy/cgsh_order_operate.html HTTP/1.1" 200 612
120.253.135.82 - - [13/Apr/2020:09:31:00 +0800] "GET /xingrg/javascript/auto/indicator.gif HTTP/1.1" 404 1066
116.232.51.174 - - [13/Apr/2020:09:31:01 +0800] "GET /xingrg/kc/mdqp/pssh_order_info.html?code=312020040900071 HTTP/1.1" 200 14380
116.232.51.174 - - [13/Apr/2020:09:31:01 +0800] "GET /xingrg/javascript/jquery_tools/jquery-1.4.2.min.js HTTP/1.1" 404 1094
101.91.62.65 - - [13/Apr/2020:09:31:01 +0800] "GET /xingrg/login.html HTTP/1.1" 200 7641
116.232.51.174 - - [13/Apr/2020:09:31:01 +0800] "GET /xingrg/javascript/easyui/themes/default/validatebox.css HTTP/1.1" 404 1104
116.232.51.174 - - [13/Apr/2020:09:31:01 +0800] "POST /xingrg/kc/mdqp/pssh_order_operate.html HTTP/1.1" 200 1059
116.235.222.53 - - [13/Apr/2020:09:31:01 +0800] "GET /xingrg/kc/buy/cgsh_order_operate.html?command=get_materiel&rest_code=00107&code=00101008069&supplier_code=00100006&order_time=2020-04-12 HTTP/1.1" 200 412
114.88.159.93 - - [13/Apr/2020:09:31:01 +0800] "GET /xingrg/kc/print/load_config.html?kc_code=cgsh HTTP/1.1" 200 1841
114.88.159.93 - - [13/Apr/2020:09:31:02 +0800] "GET /xingrg/kc/print/load_data.html?order_code=212020041302381&kc_code=cgsh&condition= HTTP/1.1" 200 783
180.162.232.172 - - [13/Apr/2020:09:31:05 +0800] "GET /xingrg/kc/buy/cgsh_order_operate.html?command=get_materiel&rest_code=00150&code=00101001164&supplier_code=00100151&order_time=2020-04-13 HTTP/1.1" 200 408
120.253.135.82 - - [13/Apr/2020:09:31:06 +0800] "GET /xingrg/kc/pszx/mdps_order_operate.html?command=get_materiel&pszx_code=00101&rest_code=00147&base_code=0010246&code=00101019222 HTTP/1.1" 200 441
116.235.222.53 - - [13/Apr/2020:09:31:09 +0800] "GET /xingrg/all/function/internal_message.html?_=1586741469030&CODE_STATE=getMsg HTTP/1.1" 200 27
116.235.222.53 - - [13/Apr/2020:09:31:12 +0800] "GET /xingrg/kc/buy/cgsh_order_operate.html?command=get_materiel&rest_code=00107&code=00101008286&supplier_code=00100006&order_time=2020-04-12 HTTP/1.1" 200 408
114.88.159.93 - - [13/Apr/2020:09:31:12 +0800] "GET /xingrg/kc/buy/cgsh_order_add.html HTTP/1.1" 200 57975
114.88.159.93 - - [13/Apr/2020:09:31:13 +0800] "GET /xingrg/javascript/easyui/themes/default/validatebox.css HTTP/1.1" 404 1104
114.88.159.93 - - [13/Apr/2020:09:31:13 +0800] "POST /xingrg/kc/buy/cgsh_order_operate.html HTTP/1.1" 200 8245
120.253.135.82 - - [13/Apr/2020:09:31:13 +0800] "GET /xingrg/check_reg.html?_=1586741223741 HTTP/1.1" 200 22
120.253.135.82 - - [13/Apr/2020:09:31:13 +0800] "GET /xingrg/all/function/internal_message.html?_=1586741223826&CODE_STATE=getMsg HTTP/1.1" 200 27
120.253.135.82 - - [13/Apr/2020:09:31:19 +0800] "POST /xingrg/kc/pszx/mdps_order_operate.html HTTP/1.1" 200 37
120.253.135.82 - - [13/Apr/2020:09:31:20 +0800] "GET /xingrg/kc/pszx/mdps_order_info.html?code=312020041300092 HTTP/1.1" 200 23849
120.253.135.82 - - [13/Apr/2020:09:31:20 +0800] "GET /xingrg/javascript/easyui/themes/default/validatebox.css HTTP/1.1" 404 1104
120.253.135.82 - - [13/Apr/2020:09:31:21 +0800] "POST /xingrg/kc/pszx/mdps_order_operate.html HTTP/1.1" 200 4808
114.88.159.93 - - [13/Apr/2020:09:31:23 +0800] "GET /xingrg/kc/buy/cgsh_order_operate.html?command=get_materiel&rest_code=00141&code=00101002002&supplier_code=00100087&order_time=2020-04-12 HTTP/1.1" 200 418
116.235.222.53 - - [13/Apr/2020:09:31:24 +0800] "GET /xingrg/kc/buy/cgsh_order_operate.html?command=get_materiel&rest_code=00107&code=00101008296&supplier_code=00100006&order_time=2020-04-12 HTTP/1.1" 200 416
114.88.159.93 - - [13/Apr/2020:09:31:24 +0800] "GET /xingrg/all/function/internal_message.html?_=1586741484043&CODE_STATE=getMsg HTTP/1.1" 200 27
101.89.239.230 - - [13/Apr/2020:09:31:26 +0800] "GET /xingrg/all/function/internal_message.html?_=1586741424034&CODE_STATE=getMsg HTTP/1.1" 302 -
101.89.239.230 - - [13/Apr/2020:09:31:29 +0800] "GET /xingrg/login.html HTTP/1.1" 200 7641
101.91.62.65 - - [13/Apr/2020:09:31:31 +0800] "GET /xingrg/kc/buy/cgsh_order_operate.html?command=get_materiel&rest_code=00141&code=00101001037&supplier_code=00100090&order_time=2020-04-13 HTTP/1.1" 302 -
180.156.150.85 - - [13/Apr/2020:09:31:32 +0800] "GET /xingrg/all/function/internal_message.html?_=1586741498937&CODE_STATE=getMsg HTTP/1.1" 200 27
101.91.62.65 - - [13/Apr/2020:09:31:39 +0800] "GET /xingrg/login.html HTTP/1.1" 200 7641
116.232.51.174 - - [13/Apr/2020:09:31:44 +0800] "GET /xingrg/check_reg.html?_=1586741539220 HTTP/1.1" 200 22
116.232.51.174 - - [13/Apr/2020:09:31:44 +0800] "GET /xingrg/all/function/internal_message.html?_=1586741539218&CODE_STATE=getMsg HTTP/1.1" 200 27
114.88.159.93 - - [13/Apr/2020:09:31:44 +0800] "POST /xingrg/kc/buy/cgsh_order_operate.html HTTP/1.1" 200 37
116.235.222.53 - - [13/Apr/2020:09:31:45 +0800] "GET /xingrg/kc/buy/cgsh_order_operate.html?command=get_materiel&rest_code=00107&code=00101008352&supplier_code=00100006&order_time=2020-04-12 HTTP/1.1" 200 412
114.88.159.93 - - [13/Apr/2020:09:31:49 +0800] "POST /xingrg/kc/buy/cgsh_order_operate.html HTTP/1.1" 200 12
114.88.159.93 - - [13/Apr/2020:09:31:51 +0800] "GET /xingrg/kc/buy/cgsh_order_info.html?code=212020041302382 HTTP/1.1" 200 52877
114.88.159.93 - - [13/Apr/2020:09:31:51 +0800] "GET /xingrg/javascript/easyui/themes/default/validatebox.css HTTP/1.1" 404 1104
114.88.159.93 - - [13/Apr/2020:09:31:52 +0800] "POST /xingrg/kc/buy/cgsh_order_operate.html HTTP/1.1" 200 617
114.88.159.93 - - [13/Apr/2020:09:31:53 +0800] "GET /xingrg/kc/print/load_data.html?order_code=212020041302382&kc_code=cgsh&condition= HTTP/1.1" 200 773
120.253.135.82 - - [13/Apr/2020:09:31:55 +0800] "POST /xingrg/kc/pszx/mdps_list_operate.html HTTP/1.1" 200 5194
116.235.222.53 - - [13/Apr/2020:09:31:55 +0800] "GET /xingrg/kc/buy/cgsh_order_operate.html?command=get_materiel&rest_code=00107&code=00101008353&supplier_code=00100006&order_time=2020-04-12 HTTP/1.1" 200 408
120.253.135.82 - - [13/Apr/2020:09:31:57 +0800] "POST /xingrg/kc/pszx/mdps_list_operate.html HTTP/1.1" 200 205
120.253.135.82 - - [13/Apr/2020:09:31:58 +0800] "GET /xingrg/kc/pszx/mdps_order_info.html?code=312020041300093 HTTP/1.1" 200 23849
120.253.135.82 - - [13/Apr/2020:09:31:58 +0800] "GET /xingrg/javascript/easyui/themes/default/validatebox.css HTTP/1.1" 404 1104
120.253.135.82 - - [13/Apr/2020:09:31:59 +0800] "POST /xingrg/kc/pszx/mdps_order_operate.html HTTP/1.1" 200 2277
180.162.232.172 - - [13/Apr/2020:09:32:00 +0800] "POST /xingrg/kc/buy/cgsh_order_operate.html HTTP/1.1" 200 37
114.88.159.93 - - [13/Apr/2020:09:32:05 +0800] "GET /xingrg/kc/buy/cgsh_order_add.html HTTP/1.1" 200 57975
180.162.232.172 - - [13/Apr/2020:09:32:06 +0800] "POST /xingrg/kc/buy/cgsh_order_operate.html HTTP/1.1" 200 12
114.88.159.93 - - [13/Apr/2020:09:32:06 +0800] "POST /xingrg/kc/buy/cgsh_order_operate.html HTTP/1.1" 200 8245
114.88.159.93 - - [13/Apr/2020:09:32:06 +0800] "GET /xingrg/javascript/easyui/themes/default/validatebox.css HTTP/1.1" 404 1104
120.253.135.82 - - [13/Apr/2020:09:32:06 +0800] "POST /xingrg/kc/pszx/mdps_order_operate.html HTTP/1.1" 200 37
120.253.135.82 - - [13/Apr/2020:09:32:07 +0800] "GET /xingrg/kc/pszx/mdps_order_info.html?code=312020041300093 HTTP/1.1" 200 23849
120.253.135.82 - - [13/Apr/2020:09:32:08 +0800] "GET /xingrg/javascript/easyui/themes/default/validatebox.css HTTP/1.1" 404 1104
120.253.135.82 - - [13/Apr/2020:09:32:08 +0800] "POST /xingrg/kc/pszx/mdps_order_operate.html HTTP/1.1" 200 2284
116.235.222.53 - - [13/Apr/2020:09:32:09 +0800] "GET /xingrg/all/function/internal_message.html?_=1586741529040&CODE_STATE=getMsg HTTP/1.1" 200 27
180.162.232.172 - - [13/Apr/2020:09:32:10 +0800] "GET /xingrg/kc/buy/cgsh_order_info.html?code=212020041302383 HTTP/1.1" 200 53464
180.162.232.172 - - [13/Apr/2020:09:32:10 +0800] "GET /xingrg/javascript/easyui/themes/default/validatebox.css HTTP/1.1" 404 1104
180.162.232.172 - - [13/Apr/2020:09:32:11 +0800] "POST /xingrg/kc/buy/cgsh_order_operate.html HTTP/1.1" 200 605
120.253.135.82 - - [13/Apr/2020:09:32:12 +0800] "POST /xingrg/kc/pszx/mdps_list_operate.html HTTP/1.1" 200 5194
120.253.135.82 - - [13/Apr/2020:09:32:13 +0800] "GET /xingrg/all/function/internal_message.html?_=1586741283840&CODE_STATE=getMsg HTTP/1.1" 200 27
116.235.222.53 - - [13/Apr/2020:09:32:14 +0800] "GET /xingrg/kc/buy/cgsh_order_operate.html?command=get_materiel&rest_code=00107&code=00101008045&supplier_code=00100006&order_time=2020-04-12 HTTP/1.1" 200 412
180.162.232.172 - - [13/Apr/2020:09:32:14 +0800] "GET /xingrg/kc/print/load_data.html?order_code=212020041302383&kc_code=cgsh&condition= HTTP/1.1" 200 708
101.89.29.97 - - [13/Apr/2020:09:32:18 +0800] "GET /xingrg/kc/print/load_data.html?order_code=212020041302381&kc_code=cgsh&condition= HTTP/1.1" 302 -
114.88.159.93 - - [13/Apr/2020:09:32:22 +0800] "GET /xingrg/kc/buy/cgsh_order_operate.html?command=get_materiel&rest_code=00141&code=00101002006&supplier_code=00100091&order_time=2020-04-12 HTTP/1.1" 200 414
101.89.29.97 - - [13/Apr/2020:09:32:23 +0800] "GET /xingrg/login.html HTTP/1.1" 200 7641
