116.238.92.147 - - [13/Apr/2020:11:10:52 +0800] "GET /xingrg/kc/base/wldb_order_operate.html?command=get_materiel&rest_code=00102&base_code=0010476&code=00101019071 HTTP/1.1" 200 455
117.131.5.26 - - [13/Apr/2020:11:10:52 +0800] "GET /xingrg/all/function/internal_message.html?_=1586747456054&CODE_STATE=getMsg HTTP/1.1" 200 27
61.129.6.251 - - [13/Apr/2020:11:10:54 +0800] "GET /xingrg/kc/buy/cgsh_order_operate.html?command=get_materiel&rest_code=00141&code=00101008036&supplier_code=00100007&order_time=2020-04-13 HTTP/1.1" 302 -
222.69.139.7 - - [13/Apr/2020:11:10:55 +0800] "GET /xingrg/kc/buy/cgsh_order_info.html?code=212020041302551 HTTP/1.1" 200 52881
222.69.139.7 - - [13/Apr/2020:11:10:56 +0800] "GET /xingrg/javascript/easyui/themes/default/validatebox.css HTTP/1.1" 404 1104
222.69.139.7 - - [13/Apr/2020:11:10:56 +0800] "POST /xingrg/kc/buy/cgsh_order_operate.html HTTP/1.1" 200 1197
180.162.232.172 - - [13/Apr/2020:11:10:57 +0800] "GET /xingrg/check_reg.html?_=1586747588856 HTTP/1.1" 200 22
117.185.32.26 - - [13/Apr/2020:11:10:58 +0800] "GET /xingrg/kc/buy/cgsh_order_operate.html?command=get_materiel&rest_code=00106&code=00101008005&supplier_code=00100007&order_time=2020-04-12 HTTP/1.1" 200 412
222.69.139.7 - - [13/Apr/2020:11:10:58 +0800] "GET /xingrg/kc/print/load_data.html?order_code=212020041302551&kc_code=cgsh&condition= HTTP/1.1" 200 937
58.40.7.146 - - [13/Apr/2020:11:11:00 +0800] "GET /xingrg/all/function/internal_message.html?_=1586747460355&CODE_STATE=getMsg HTTP/1.1" 200 27
180.157.252.250 - - [13/Apr/2020:11:11:00 +0800] "GET /xingrg/all/function/internal_message.html?_=1586747461077&CODE_STATE=getMsg HTTP/1.1" 200 27
61.129.6.251 - - [13/Apr/2020:11:11:00 +0800] "GET /xingrg/login.html HTTP/1.1" 200 7641
116.238.92.147 - - [13/Apr/2020:11:11:01 +0800] "POST /xingrg/kc/base/wldb_order_operate.html HTTP/1.1" 200 37
120.253.135.82 - - [13/Apr/2020:11:11:02 +0800] "POST /xingrg/dwr/call/plaincall/AjaxComOrderService.getMaterielSearchList.dwr HTTP/1.1" 200 32529
58.40.7.146 - - [13/Apr/2020:11:11:02 +0800] "GET /xingrg/all/function/internal_message.html?_=1586747462422&CODE_STATE=getMsg HTTP/1.1" 200 27
116.238.92.147 - - [13/Apr/2020:11:11:02 +0800] "POST /xingrg/kc/base/wldb_order_operate.html HTTP/1.1" 200 12
116.238.92.147 - - [13/Apr/2020:11:11:02 +0800] "POST /xingrg/kc/base/wldb_order_operate.html HTTP/1.1" 200 2209
120.253.135.82 - - [13/Apr/2020:11:11:02 +0800] "POST /xingrg/dwr/call/plaincall/AjaxComOrderService.getMaterielSearchList.dwr HTTP/1.1" 200 32529
120.253.135.82 - - [13/Apr/2020:11:11:03 +0800] "POST /xingrg/dwr/call/plaincall/AjaxComOrderService.getMaterielSearchList.dwr HTTP/1.1" 200 958
101.89.239.120 - - [13/Apr/2020:11:11:05 +0800] "GET /xingrg/kc/buy/cgsh_order_operate.html?command=get_materiel&rest_code=00141&code=00101008108&supplier_code=00100007&order_time=2020-04-13 HTTP/1.1" 302 -
180.156.150.85 - - [13/Apr/2020:11:11:05 +0800] "GET /xingrg/all/function/internal_message.html?_=1586747345683&CODE_STATE=getMsg HTTP/1.1" 200 27
101.85.52.41 - - [13/Apr/2020:11:11:06 +0800] "GET /xingrg/all/function/internal_message.html?_=1586747062029&CODE_STATE=getMsg HTTP/1.1" 200 27
120.253.135.82 - - [13/Apr/2020:11:11:07 +0800] "POST /xingrg/dwr/call/plaincall/AjaxCgthService.getMaterielByMap.dwr HTTP/1.1" 200 1432
117.185.32.26 - - [13/Apr/2020:11:11:10 +0800] "GET /xingrg/all/function/internal_message.html?_=1586747884503&CODE_STATE=getMsg HTTP/1.1" 200 27
117.185.32.26 - - [13/Apr/2020:11:11:10 +0800] "GET /xingrg/check_reg.html?_=1586747884739 HTTP/1.1" 200 22
180.156.150.85 - - [13/Apr/2020:11:11:12 +0800] "GET /xingrg/all/function/internal_message.html?_=1586747478528&CODE_STATE=getMsg HTTP/1.1" 200 27
180.156.150.85 - - [13/Apr/2020:11:11:12 +0800] "GET /xingrg/kc/buy/cgsh_order_operate.html?command=get_materiel&rest_code=00105&code=00101006133&supplier_code=00100013&order_time=2020-04-12 HTTP/1.1" 200 413
101.89.239.120 - - [13/Apr/2020:11:11:13 +0800] "GET /xingrg/login.html HTTP/1.1" 200 7641
172.17.0.185 - - [13/Apr/2020:11:11:15 +0800] "GET /xingrg/all/function/internal_message.html?_=1586747475009&CODE_STATE=getMsg HTTP/1.1" 200 27
117.185.32.26 - - [13/Apr/2020:11:11:22 +0800] "GET /xingrg/kc/buy/cgsh_order_operate.html?command=get_materiel&rest_code=00106&code=00101008126&supplier_code=00100007&order_time=2020-04-12 HTTP/1.1" 200 412
116.232.51.174 - - [13/Apr/2020:11:11:22 +0800] "GET /xingrg/all/function/internal_message.html?_=1586747595500&CODE_STATE=getMsg HTTP/1.1" 200 27
116.232.48.158 - - [13/Apr/2020:11:11:22 +0800] "GET /xingrg/javascript/multi_select/dropdown_hover.gif HTTP/1.1" 200 61
117.185.32.26 - - [13/Apr/2020:11:11:22 +0800] "GET /xingrg/system/rest/get_item.html?table=menu&id=6727&_=1586661082039 HTTP/1.1" 200 966
117.185.32.26 - - [13/Apr/2020:11:11:22 +0800] "GET /xingrg/system/rest/get_item.html?table=menu&target=cook_mode&id=6727&_=1586661082055 HTTP/1.1" 200 65
117.185.32.26 - - [13/Apr/2020:11:11:22 +0800] "GET /xingrg/system/rest/get_item.html?table=menu&target=menu_rest&id=6727&_=1586661082056 HTTP/1.1" 200 65
120.253.135.82 - - [13/Apr/2020:11:11:23 +0800] "POST /xingrg/dwr/call/plaincall/AjaxCgthService.saveMaterielItem.dwr HTTP/1.1" 200 79
117.185.32.26 - - [13/Apr/2020:11:11:23 +0800] "GET /xingrg/system/rest/get_infos.html?command=menu_img_show&id=6727 HTTP/1.1" 200 5
180.157.252.250 - - [13/Apr/2020:11:11:23 +0800] "GET /xingrg/check_reg.html?_=1586747483506 HTTP/1.1" 200 22
180.157.252.250 - - [13/Apr/2020:11:11:23 +0800] "GET /xingrg/all/function/internal_message.html?_=1586747483513&CODE_STATE=getMsg HTTP/1.1" 200 27
222.69.139.7 - - [13/Apr/2020:11:11:25 +0800] "GET /xingrg/all/function/internal_message.html?_=1586747486368&CODE_STATE=getMsg HTTP/1.1" 200 27
120.253.135.82 - - [13/Apr/2020:11:11:25 +0800] "POST /xingrg/dwr/call/plaincall/AjaxCgthService.saveOrder.dwr HTTP/1.1" 200 79
222.69.139.7 - - [13/Apr/2020:11:11:25 +0800] "GET /xingrg/check_reg.html?_=1586747486482 HTTP/1.1" 200 22
180.156.150.85 - - [13/Apr/2020:11:11:26 +0800] "GET /xingrg/kc/buy/cgsh_order_operate.html?command=get_materiel&rest_code=00105&code=00101006177&supplier_code=00100013&order_time=2020-04-12 HTTP/1.1" 200 409
114.88.159.93 - - [13/Apr/2020:11:11:26 +0800] "GET /xingrg/all/function/internal_message.html?_=1586747486640&CODE_STATE=getMsg HTTP/1.1" 200 27
180.162.102.27 - - [13/Apr/2020:11:11:29 +0800] "GET /xingrg/all/function/internal_message.html?_=1586746958690&CODE_STATE=getMsg HTTP/1.1" 200 27
120.253.135.82 - - [13/Apr/2020:11:11:30 +0800] "GET /xingrg/kc/print/load_config.html?_=1586747240071&kc_code=cgth HTTP/1.1" 200 2458
120.253.135.82 - - [13/Apr/2020:11:11:30 +0800] "GET /xingrg/kc/print/load_data.html?_=1586747240154&order_code=232020041300021&kc_code=cgth&condition= HTTP/1.1" 200 717
101.89.19.149 - - [13/Apr/2020:11:11:32 +0800] "GET /xingrg/kc/buy/cgsh_order_operate.html?command=get_materiel&rest_code=00141&code=00101008312&supplier_code=00100007&order_time=2020-04-13 HTTP/1.1" 302 -
222.70.183.62 - - [13/Apr/2020:11:11:35 +0800] "GET /xingrg/all/function/internal_message.html?_=1586747496867&CODE_STATE=getMsg HTTP/1.1" 200 27
114.84.32.201 - - [13/Apr/2020:11:11:35 +0800] "GET /xingrg/all/function/internal_message.html?_=1586747491846&CODE_STATE=getMsg HTTP/1.1" 200 27
114.88.159.93 - - [13/Apr/2020:11:11:36 +0800] "GET /xingrg/all/function/internal_message.html?_=1586747498899&CODE_STATE=getMsg HTTP/1.1" 200 27
172.17.0.114 - - [13/Apr/2020:11:11:37 +0800] "GET /xingrg/all/function/internal_message.html?_=1586747791629&CODE_STATE=getMsg HTTP/1.1" 200 27
120.253.135.82 - - [13/Apr/2020:11:11:38 +0800] "GET /xingrg/all/function/internal_message.html?_=1586747248304&CODE_STATE=getMsg HTTP/1.1" 200 27
114.84.33.255 - - [13/Apr/2020:11:11:39 +0800] "GET /xingrg/check_reg.html?_=1586747500963 HTTP/1.1" 200 22
116.235.222.53 - - [13/Apr/2020:11:11:41 +0800] "GET /xingrg/all/function/internal_message.html?_=1586747501462&CODE_STATE=getMsg HTTP/1.1" 200 27
117.185.32.26 - - [13/Apr/2020:11:11:41 +0800] "GET /xingrg/kc/buy/cgsh_order_operate.html?command=get_materiel&rest_code=00106&code=00101008355&supplier_code=00100007&order_time=2020-04-12 HTTP/1.1" 200 408
101.89.19.149 - - [13/Apr/2020:11:11:42 +0800] "GET /xingrg/login.html HTTP/1.1" 200 7641
117.185.32.26 - - [13/Apr/2020:11:11:46 +0800] "GET /xingrg/all/function/internal_message.html?_=1586661105772&CODE_STATE=getMsg HTTP/1.1" 200 27
114.84.33.255 - - [13/Apr/2020:11:11:48 +0800] "GET /xingrg/all/function/internal_message.html?_=1586747510073&CODE_STATE=getMsg HTTP/1.1" 200 27
116.238.92.147 - - [13/Apr/2020:11:11:48 +0800] "GET /xingrg/kc/base/wldb_order_info.html?code=422020041300729 HTTP/1.1" 200 26183
116.238.92.147 - - [13/Apr/2020:11:11:49 +0800] "GET /xingrg/javascript/easyui/themes/default/validatebox.css HTTP/1.1" 404 1104
116.238.92.147 - - [13/Apr/2020:11:11:49 +0800] "GET /xingrg/all/function/internal_message.html?_=1586747695876&CODE_STATE=getMsg HTTP/1.1" 200 27
116.238.92.147 - - [13/Apr/2020:11:11:49 +0800] "POST /xingrg/kc/base/wldb_order_operate.html HTTP/1.1" 200 503
116.238.92.147 - - [13/Apr/2020:11:11:52 +0800] "GET /xingrg/kc/base/wldb_order_add.html HTTP/1.1" 200 30309
117.185.32.26 - - [13/Apr/2020:11:11:52 +0800] "GET /xingrg/kc/buy/cgsh_order_operate.html?command=get_materiel&rest_code=00106&code=00101008059&supplier_code=00100007&order_time=2020-04-12 HTTP/1.1" 200 408
117.131.5.26 - - [13/Apr/2020:11:11:52 +0800] "GET /xingrg/all/function/internal_message.html?_=1586747516054&CODE_STATE=getMsg HTTP/1.1" 200 27
116.238.92.147 - - [13/Apr/2020:11:11:53 +0800] "POST /xingrg/kc/base/wldb_order_operate.html HTTP/1.1" 200 6806
117.185.32.26 - - [13/Apr/2020:11:11:53 +0800] "GET /xingrg/kc/buy/cgsh_order_operate.html?command=get_materiel&rest_code=00106&code=00101037234&supplier_code=00100007&order_time=2020-04-12 HTTP/1.1" 200 391
116.238.92.147 - - [13/Apr/2020:11:11:53 +0800] "GET /xingrg/javascript/easyui/themes/default/validatebox.css HTTP/1.1" 404 1104
116.238.92.147 - - [13/Apr/2020:11:11:54 +0800] "POST /xingrg/all/common/load_combo.html?type=base HTTP/1.1" 200 2702
117.131.5.26 - - [13/Apr/2020:11:11:55 +0800] "GET /xingrg/check_reg.html?_=1586747518304 HTTP/1.1" 200 22
116.238.92.147 - - [13/Apr/2020:11:11:56 +0800] "POST /xingrg/all/common/load_combo.html?type=base HTTP/1.1" 200 2702
222.69.139.7 - - [13/Apr/2020:11:11:57 +0800] "POST /xingrg/kc/buy/cgsh_list_operate.html HTTP/1.1" 200 5466
222.69.139.7 - - [13/Apr/2020:11:11:59 +0800] "POST /xingrg/kc/buy/cgsh_list_operate.html HTTP/1.1" 200 5466
58.40.7.146 - - [13/Apr/2020:11:12:00 +0800] "GET /xingrg/all/function/internal_message.html?_=1586747520355&CODE_STATE=getMsg HTTP/1.1" 200 27
180.157.252.250 - - [13/Apr/2020:11:12:00 +0800] "GET /xingrg/all/function/internal_message.html?_=1586747521090&CODE_STATE=getMsg HTTP/1.1" 200 27
58.40.7.146 - - [13/Apr/2020:11:12:02 +0800] "GET /xingrg/all/function/internal_message.html?_=1586747522433&CODE_STATE=getMsg HTTP/1.1" 200 27
222.69.139.7 - - [13/Apr/2020:11:12:03 +0800] "POST /xingrg/kc/buy/cgsh_list_operate.html HTTP/1.1" 200 5607
116.238.92.147 - - [13/Apr/2020:11:12:05 +0800] "GET /xingrg/kc/base/wldb_order_operate.html?command=get_materiel&rest_code=00102&base_code=0010476&code=00101019134 HTTP/1.1" 200 466
180.156.150.85 - - [13/Apr/2020:11:12:05 +0800] "GET /xingrg/all/function/internal_message.html?_=1586747405689&CODE_STATE=getMsg HTTP/1.1" 200 27
101.85.52.41 - - [13/Apr/2020:11:12:06 +0800] "GET /xingrg/all/function/internal_message.html?_=1586747122027&CODE_STATE=getMsg HTTP/1.1" 200 27
116.238.92.147 - - [13/Apr/2020:11:12:09 +0800] "GET /xingrg/check_reg.html?_=1586747715985 HTTP/1.1" 200 22
117.185.32.26 - - [13/Apr/2020:11:12:10 +0800] "GET /xingrg/all/function/internal_message.html?_=1586747944499&CODE_STATE=getMsg HTTP/1.1" 200 27
180.156.150.85 - - [13/Apr/2020:11:12:12 +0800] "GET /xingrg/check_reg.html?_=1586747538532 HTTP/1.1" 200 22
180.156.150.85 - - [13/Apr/2020:11:12:12 +0800] "GET /xingrg/all/function/internal_message.html?_=1586747538533&CODE_STATE=getMsg HTTP/1.1" 200 27
116.238.92.147 - - [13/Apr/2020:11:12:12 +0800] "GET /xingrg/kc/base/wldb_order_operate.html?command=get_materiel&rest_code=00102&base_code=0010476&code=00101019594 HTTP/1.1" 200 473
222.69.139.7 - - [13/Apr/2020:11:12:14 +0800] "POST /xingrg/kc/buy/cgsh_list_operate.html HTTP/1.1" 200 1969
172.17.0.185 - - [13/Apr/2020:11:12:15 +0800] "GET /xingrg/all/function/internal_message.html?_=1586747535016&CODE_STATE=getMsg HTTP/1.1" 200 27
222.69.139.7 - - [13/Apr/2020:11:12:17 +0800] "POST /xingrg/kc/buy/cgsh_list_operate.html HTTP/1.1" 200 5607
116.238.92.147 - - [13/Apr/2020:11:12:19 +0800] "GET /xingrg/kc/base/wldb_order_operate.html?command=get_materiel&rest_code=00102&base_code=0010476&code=00101019439 HTTP/1.1" 200 455
116.232.51.174 - - [13/Apr/2020:11:12:20 +0800] "GET /xingrg/all/function/internal_message.html?_=1586747564421&CODE_STATE=getMsg HTTP/1.1" 200 27
114.84.33.255 - - [13/Apr/2020:11:12:22 +0800] "POST /xingrg/kc/buy/cgsh_order_operate.html HTTP/1.1" 200 37
180.156.150.85 - - [13/Apr/2020:11:12:22 +0800] "GET /xingrg/system/info/materiel_import.html?isSelect=1&singleSelect=false HTTP/1.1" 200 5600
180.156.150.85 - - [13/Apr/2020:11:12:22 +0800] "POST /xingrg/all/common/load_tree.html?tree=materiel_sort_tree_json HTTP/1.1" 200 8666
180.156.150.85 - - [13/Apr/2020:11:12:22 +0800] "GET /favicon.ico HTTP/1.1" 404 -
61.151.178.180 - - [13/Apr/2020:11:12:23 +0800] "GET /xingrg/kc/buy/cgsh_order_operate.html?command=get_materiel&rest_code=00141&code=00101008161&supplier_code=00100007&order_time=2020-04-13 HTTP/1.1" 302 -
114.84.33.255 - - [13/Apr/2020:11:12:23 +0800] "POST /xingrg/kc/buy/cgsh_order_operate.html HTTP/1.1" 200 28094
222.69.139.7 - - [13/Apr/2020:11:12:23 +0800] "POST /xingrg/kc/buy/cgsh_list_operate.html HTTP/1.1" 200 5466
116.238.92.147 - - [13/Apr/2020:11:12:23 +0800] "GET /xingrg/kc/base/wldb_order_operate.html?command=get_materiel&rest_code=00102&base_code=0010476&code=00101019315 HTTP/1.1" 200 463
180.157.252.250 - - [13/Apr/2020:11:12:23 +0800] "GET /xingrg/all/function/internal_message.html?_=1586747543516&CODE_STATE=getMsg HTTP/1.1" 200 27
117.185.32.26 - - [13/Apr/2020:11:12:24 +0800] "GET /xingrg/kc/buy/cgsh_order_operate.html?command=get_materiel&rest_code=00106&code=00101008038&supplier_code=00100007&order_time=2020-04-12 HTTP/1.1" 200 412
114.84.33.255 - - [13/Apr/2020:11:12:24 +0800] "GET /xingrg/kc/print/load_data.html?order_code=212020041302523&kc_code=cgsh&condition= HTTP/1.1" 200 10342
222.69.139.7 - - [13/Apr/2020:11:12:25 +0800] "GET /xingrg/all/function/internal_message.html?_=1586747546338&CODE_STATE=getMsg HTTP/1.1" 200 27
114.88.159.93 - - [13/Apr/2020:11:12:26 +0800] "GET /xingrg/all/function/internal_message.html?_=1586747546624&CODE_STATE=getMsg HTTP/1.1" 200 27
116.238.92.147 - - [13/Apr/2020:11:12:27 +0800] "GET /xingrg/kc/base/wldb_order_operate.html?command=get_materiel&rest_code=00102&base_code=0010476&code=00101019063 HTTP/1.1" 200 448
222.69.139.7 - - [13/Apr/2020:11:12:29 +0800] "POST /xingrg/kc/buy/cgsh_list_operate.html HTTP/1.1" 200 1694
180.162.102.27 - - [13/Apr/2020:11:12:29 +0800] "GET /xingrg/all/function/internal_message.html?_=1586747018688&CODE_STATE=getMsg HTTP/1.1" 200 27
61.151.178.180 - - [13/Apr/2020:11:12:30 +0800] "GET /xingrg/login.html HTTP/1.1" 200 7641
222.69.139.7 - - [13/Apr/2020:11:12:31 +0800] "POST /xingrg/kc/buy/cgsh_list_operate.html HTTP/1.1" 200 205
116.238.92.147 - - [13/Apr/2020:11:12:32 +0800] "GET /xingrg/kc/base/wldb_order_operate.html?command=get_materiel&rest_code=00102&base_code=0010476&code=00101019195 HTTP/1.1" 200 461
180.156.150.85 - - [13/Apr/2020:11:12:32 +0800] "GET /xingrg/kc/buy/cgsh_order_operate.html?command=get_materiel&rest_code=00105&code=00101006174&supplier_code=00100013&order_time=2020-04-12 HTTP/1.1" 200 414
222.69.139.7 - - [13/Apr/2020:11:12:32 +0800] "GET /xingrg/kc/buy/cgsh_order_info.html?code=212020041302528 HTTP/1.1" 200 57988
222.69.139.7 - - [13/Apr/2020:11:12:33 +0800] "GET /xingrg/javascript/easyui/themes/default/validatebox.css HTTP/1.1" 404 1104
222.69.139.7 - - [13/Apr/2020:11:12:33 +0800] "POST /xingrg/kc/buy/cgsh_order_operate.html HTTP/1.1" 200 2664
222.69.139.7 - - [13/Apr/2020:11:12:33 +0800] "POST /xingrg/kc/buy/cgsh_list_operate.html HTTP/1.1" 200 1694
222.70.183.62 - - [13/Apr/2020:11:12:35 +0800] "GET /xingrg/all/function/internal_message.html?_=1586747556881&CODE_STATE=getMsg HTTP/1.1" 200 27
114.84.32.201 - - [13/Apr/2020:11:12:36 +0800] "GET /xingrg/check_reg.html?_=1586747551864 HTTP/1.1" 200 22
114.84.32.201 - - [13/Apr/2020:11:12:36 +0800] "GET /xingrg/all/function/internal_message.html?_=1586747551862&CODE_STATE=getMsg HTTP/1.1" 200 27
114.88.159.93 - - [13/Apr/2020:11:12:36 +0800] "GET /xingrg/check_reg.html?_=1586747558889 HTTP/1.1" 200 22
114.88.159.93 - - [13/Apr/2020:11:12:36 +0800] "GET /xingrg/all/function/internal_message.html?_=1586747558892&CODE_STATE=getMsg HTTP/1.1" 200 27
172.17.0.114 - - [13/Apr/2020:11:12:37 +0800] "GET /xingrg/all/function/internal_message.html?_=1586747851634&CODE_STATE=getMsg HTTP/1.1" 200 27
172.17.0.114 - - [13/Apr/2020:11:12:37 +0800] "GET /xingrg/check_reg.html?_=1586747851645 HTTP/1.1" 200 22
116.238.92.147 - - [13/Apr/2020:11:12:37 +0800] "GET /xingrg/kc/base/wldb_order_operate.html?command=get_materiel&rest_code=00102&base_code=0010476&code=00101019400 HTTP/1.1" 200 450
120.253.135.82 - - [13/Apr/2020:11:12:38 +0800] "GET /xingrg/all/function/internal_message.html?_=1586747308345&CODE_STATE=getMsg HTTP/1.1" 200 27
222.69.139.7 - - [13/Apr/2020:11:12:40 +0800] "POST /xingrg/kc/buy/cgsh_order_operate.html HTTP/1.1" 200 37
116.235.222.53 - - [13/Apr/2020:11:12:41 +0800] "GET /xingrg/all/function/internal_message.html?_=1586747561464&CODE_STATE=getMsg HTTP/1.1" 200 27
114.84.33.255 - - [13/Apr/2020:11:12:42 +0800] "GET /xingrg/kc/buy/cgsh_order_add.html HTTP/1.1" 200 57975
222.69.139.7 - - [13/Apr/2020:11:12:42 +0800] "POST /xingrg/kc/buy/cgsh_order_operate.html HTTP/1.1" 200 12
222.69.139.7 - - [13/Apr/2020:11:12:43 +0800] "GET /xingrg/kc/buy/cgsh_order_info.html?code=212020041302528 HTTP/1.1" 200 52881
114.84.33.255 - - [13/Apr/2020:11:12:43 +0800] "POST /xingrg/kc/buy/cgsh_order_operate.html HTTP/1.1" 200 8245
114.84.33.255 - - [13/Apr/2020:11:12:43 +0800] "GET /xingrg/javascript/easyui/themes/default/validatebox.css HTTP/1.1" 404 1104
222.69.139.7 - - [13/Apr/2020:11:12:43 +0800] "GET /xingrg/javascript/easyui/themes/default/validatebox.css HTTP/1.1" 404 1104
222.69.139.7 - - [13/Apr/2020:11:12:44 +0800] "POST /xingrg/kc/buy/cgsh_order_operate.html HTTP/1.1" 200 614
117.185.32.26 - - [13/Apr/2020:11:12:46 +0800] "GET /xingrg/all/function/internal_message.html?_=1586661165789&CODE_STATE=getMsg HTTP/1.1" 200 27
114.84.33.255 - - [13/Apr/2020:11:12:48 +0800] "GET /xingrg/all/function/internal_message.html?_=1586747570087&CODE_STATE=getMsg HTTP/1.1" 200 27
116.238.92.147 - - [13/Apr/2020:11:12:49 +0800] "GET /xingrg/all/function/internal_message.html?_=1586747755888&CODE_STATE=getMsg HTTP/1.1" 200 27
117.131.5.26 - - [13/Apr/2020:11:12:52 +0800] "GET /xingrg/all/function/internal_message.html?_=1586747576070&CODE_STATE=getMsg HTTP/1.1" 200 27
114.84.33.255 - - [13/Apr/2020:11:12:53 +0800] "GET /xingrg/kc/buy/cgsh_order_operate.html?command=get_materiel&rest_code=00146&code=00101007032&supplier_code=00100328&order_time=2020-04-13 HTTP/1.1" 200 413
117.185.32.26 - - [13/Apr/2020:11:12:54 +0800] "GET /xingrg/kc/buy/cgsh_order_operate.html?command=get_materiel&rest_code=00106&code=00101008161&supplier_code=00100007&order_time=2020-04-12 HTTP/1.1" 200 409
116.238.92.147 - - [13/Apr/2020:11:12:58 +0800] "GET /xingrg/kc/base/wldb_order_operate.html?command=get_materiel&rest_code=00102&base_code=0010476&code=00101016044 HTTP/1.1" 200 464
58.40.7.146 - - [13/Apr/2020:11:13:00 +0800] "GET /xingrg/check_reg.html?_=1586747580359 HTTP/1.1" 200 22
58.40.7.146 - - [13/Apr/2020:11:13:00 +0800] "GET /xingrg/all/function/internal_message.html?_=1586747580361&CODE_STATE=getMsg HTTP/1.1" 200 27
180.157.252.250 - - [13/Apr/2020:11:13:00 +0800] "GET /xingrg/all/function/internal_message.html?_=1586747581104&CODE_STATE=getMsg HTTP/1.1" 200 27
58.40.7.146 - - [13/Apr/2020:11:13:02 +0800] "GET /xingrg/check_reg.html?_=1586747582426 HTTP/1.1" 200 22
58.40.7.146 - - [13/Apr/2020:11:13:02 +0800] "GET /xingrg/all/function/internal_message.html?_=1586747582428&CODE_STATE=getMsg HTTP/1.1" 200 27
116.238.92.147 - - [13/Apr/2020:11:13:05 +0800] "GET /xingrg/kc/base/wldb_order_operate.html?command=get_materiel&rest_code=00102&base_code=0010476&code=00101016029 HTTP/1.1" 200 461
180.156.150.85 - - [13/Apr/2020:11:13:06 +0800] "GET /xingrg/all/function/internal_message.html?_=1586747465797&CODE_STATE=getMsg HTTP/1.1" 200 27
180.156.150.85 - - [13/Apr/2020:11:13:06 +0800] "GET /xingrg/check_reg.html?_=1586747465701 HTTP/1.1" 200 22
101.85.52.41 - - [13/Apr/2020:11:13:06 +0800] "GET /xingrg/all/function/internal_message.html?_=1586747182026&CODE_STATE=getMsg HTTP/1.1" 200 27
180.156.150.85 - - [13/Apr/2020:11:13:07 +0800] "GET /xingrg/kc/buy/cgsh_order_operate.html?command=get_materiel&rest_code=00105&code=00101010248&supplier_code=00100013&order_time=2020-04-12 HTTP/1.1" 200 430
180.156.150.85 - - [13/Apr/2020:11:13:08 +0800] "POST /xingrg/all/common/load_select.html HTTP/1.1" 200 25
117.185.32.26 - - [13/Apr/2020:11:13:10 +0800] "GET /xingrg/all/function/internal_message.html?_=1586748004473&CODE_STATE=getMsg HTTP/1.1" 200 27
116.238.92.147 - - [13/Apr/2020:11:13:10 +0800] "GET /xingrg/kc/base/wldb_order_operate.html?command=get_materiel&rest_code=00102&base_code=0010476&code=00101019241 HTTP/1.1" 200 460
180.156.150.85 - - [13/Apr/2020:11:13:11 +0800] "GET /xingrg/kc/buy/cgsh_order_operate.html?command=get_materiel_price&rest_code=00105&code=00101010248&unit_code=00100043&supplier_code=00100013&order_time=2020-04-12 HTTP/1.1" 200 29
180.156.150.85 - - [13/Apr/2020:11:13:12 +0800] "GET /xingrg/all/function/internal_message.html?_=1586747598529&CODE_STATE=getMsg HTTP/1.1" 200 27
114.84.33.255 - - [13/Apr/2020:11:13:13 +0800] "GET /xingrg/kc/buy/cgsh_order_operate.html?command=get_materiel&rest_code=00146&code=00101007077&supplier_code=00100328&order_time=2020-04-13 HTTP/1.1" 200 415
172.17.0.185 - - [13/Apr/2020:11:13:15 +0800] "GET /xingrg/all/function/internal_message.html?_=1586747595021&CODE_STATE=getMsg HTTP/1.1" 200 27
222.69.139.7 - - [13/Apr/2020:11:13:15 +0800] "GET /xingrg/kc/buy/cgsh_order_add.html HTTP/1.1" 200 57975
222.69.139.7 - - [13/Apr/2020:11:13:15 +0800] "POST /xingrg/kc/buy/cgsh_order_operate.html HTTP/1.1" 200 8245
222.69.139.7 - - [13/Apr/2020:11:13:15 +0800] "GET /xingrg/javascript/easyui/themes/default/validatebox.css HTTP/1.1" 404 1104
116.232.51.174 - - [13/Apr/2020:11:13:18 +0800] "GET /xingrg/check_reg.html?_=1586747624413 HTTP/1.1" 200 22
116.232.51.174 - - [13/Apr/2020:11:13:18 +0800] "GET /xingrg/all/function/internal_message.html?_=1586747624413&CODE_STATE=getMsg HTTP/1.1" 200 27
114.84.33.255 - - [13/Apr/2020:11:13:21 +0800] "POST /xingrg/kc/buy/cgsh_order_operate.html HTTP/1.1" 200 37
114.84.33.255 - - [13/Apr/2020:11:13:21 +0800] "POST /xingrg/kc/buy/cgsh_order_operate.html HTTP/1.1" 200 3252
180.156.150.85 - - [13/Apr/2020:11:13:22 +0800] "POST /xingrg/kc/buy/cgsh_order_operate.html HTTP/1.1" 200 37
180.156.150.85 - - [13/Apr/2020:11:13:23 +0800] "POST /xingrg/kc/buy/cgsh_order_operate.html HTTP/1.1" 200 5054
180.157.252.250 - - [13/Apr/2020:11:13:23 +0800] "GET /xingrg/all/function/internal_message.html?_=1586747603505&CODE_STATE=getMsg HTTP/1.1" 200 27
114.84.33.255 - - [13/Apr/2020:11:13:23 +0800] "GET /xingrg/kc/print/load_data.html?order_code=212020041302552&kc_code=cgsh&condition= HTTP/1.1" 200 913
117.185.32.26 - - [13/Apr/2020:11:13:24 +0800] "GET /xingrg/kc/buy/cgsh_order_operate.html?command=get_materiel&rest_code=00106&code=00101008163&supplier_code=00100007&order_time=2020-04-12 HTTP/1.1" 200 408
180.156.150.85 - - [13/Apr/2020:11:13:24 +0800] "GET /xingrg/kc/print/load_data.html?order_code=212020041302553&kc_code=cgsh&condition= HTTP/1.1" 200 1658
114.88.159.93 - - [13/Apr/2020:11:13:24 +0800] "POST /xingrg/kc/buy/cgsh_order_operate.html HTTP/1.1" 200 2065
222.69.139.7 - - [13/Apr/2020:11:13:25 +0800] "GET /xingrg/all/function/internal_message.html?_=1586747606317&CODE_STATE=getMsg HTTP/1.1" 200 27
114.88.159.93 - - [13/Apr/2020:11:13:26 +0800] "GET /xingrg/all/function/internal_message.html?_=1586747606680&CODE_STATE=getMsg HTTP/1.1" 200 27
180.156.150.85 - - [13/Apr/2020:11:13:28 +0800] "GET /xingrg/kc/buy/cgsh_order_add.html HTTP/1.1" 200 57969
180.156.150.85 - - [13/Apr/2020:11:13:28 +0800] "GET /xingrg/javascript/easyui/themes/default/validatebox.css HTTP/1.1" 404 1104
180.156.150.85 - - [13/Apr/2020:11:13:28 +0800] "POST /xingrg/kc/buy/cgsh_order_operate.html HTTP/1.1" 200 8245
114.88.159.93 - - [13/Apr/2020:11:13:29 +0800] "GET /xingrg/kc/buy/cgsh_order_operate.html?command=get_materiel&rest_code=00141&code=00101008284&supplier_code=00100007&order_time=2020-04-13 HTTP/1.1" 200 413
117.185.32.26 - - [13/Apr/2020:11:13:29 +0800] "POST /xingrg/kc/buy/cgsh_order_operate.html HTTP/1.1" 200 2065
180.162.102.27 - - [13/Apr/2020:11:13:29 +0800] "GET /xingrg/all/function/internal_message.html?_=1586747078686&CODE_STATE=getMsg HTTP/1.1" 200 27
222.69.139.7 - - [13/Apr/2020:11:13:30 +0800] "GET /xingrg/kc/buy/cgsh_order_operate.html?command=get_materiel&rest_code=00149&code=00101008256&supplier_code=00100005&order_time=2020-04-12 HTTP/1.1" 200 412
101.89.29.78 - - [13/Apr/2020:11:13:31 +0800] "GET /xingrg/all/function/internal_message.html?_=1586747546624&CODE_STATE=getMsg HTTP/1.1" 302 -
114.84.33.255 - - [13/Apr/2020:11:13:32 +0800] "GET /xingrg/kc/buy/cgsh_order_add.html HTTP/1.1" 200 57975
101.89.29.78 - - [13/Apr/2020:11:13:32 +0800] "GET /xingrg/login.html HTTP/1.1" 200 7641
114.84.33.255 - - [13/Apr/2020:11:13:33 +0800] "POST /xingrg/kc/buy/cgsh_order_operate.html HTTP/1.1" 200 8245
114.84.33.255 - - [13/Apr/2020:11:13:33 +0800] "GET /xingrg/javascript/easyui/themes/default/validatebox.css HTTP/1.1" 404 1104
222.70.183.62 - - [13/Apr/2020:11:13:35 +0800] "GET /xingrg/all/function/internal_message.html?_=1586747616898&CODE_STATE=getMsg HTTP/1.1" 200 27
114.84.32.201 - - [13/Apr/2020:11:13:36 +0800] "GET /xingrg/all/function/internal_message.html?_=1586747611857&CODE_STATE=getMsg HTTP/1.1" 200 27
114.88.159.93 - - [13/Apr/2020:11:13:36 +0800] "GET /xingrg/all/function/internal_message.html?_=1586747618895&CODE_STATE=getMsg HTTP/1.1" 200 27
172.17.0.114 - - [13/Apr/2020:11:13:37 +0800] "GET /xingrg/all/function/internal_message.html?_=1586747911631&CODE_STATE=getMsg HTTP/1.1" 200 27
116.238.92.147 - - [13/Apr/2020:11:13:37 +0800] "GET /xingrg/kc/base/wldb_order_operate.html?command=get_materiel&rest_code=00102&base_code=0010476&code=00101019026 HTTP/1.1" 200 467
117.185.32.26 - - [13/Apr/2020:11:13:38 +0800] "GET /xingrg/kc/buy/cgsh_order_operate.html?command=get_materiel&rest_code=00106&code=00101008003&supplier_code=00100007&order_time=2020-04-12 HTTP/1.1" 200 408
120.253.135.82 - - [13/Apr/2020:11:13:38 +0800] "GET /xingrg/all/function/internal_message.html?_=1586747368347&CODE_STATE=getMsg HTTP/1.1" 200 27
116.235.222.53 - - [13/Apr/2020:11:13:41 +0800] "GET /xingrg/check_reg.html?_=1586747621467 HTTP/1.1" 200 22
116.235.222.53 - - [13/Apr/2020:11:13:41 +0800] "GET /xingrg/all/function/internal_message.html?_=1586747621486&CODE_STATE=getMsg HTTP/1.1" 200 27
114.88.159.93 - - [13/Apr/2020:11:13:44 +0800] "GET /xingrg/kc/buy/cgsh_order_operate.html?command=get_materiel&rest_code=00141&code=00101011003&supplier_code=00100007&order_time=2020-04-13 HTTP/1.1" 200 413
116.238.92.147 - - [13/Apr/2020:11:13:45 +0800] "GET /xingrg/kc/base/wldb_order_operate.html?command=get_materiel&rest_code=00102&base_code=0010476&code=00101027001 HTTP/1.1" 200 471
222.69.139.7 - - [13/Apr/2020:11:13:46 +0800] "GET /xingrg/kc/buy/cgsh_order_operate.html?command=get_materiel&rest_code=00149&code=00101008215&supplier_code=00100005&order_time=2020-04-12 HTTP/1.1" 200 413
114.84.33.255 - - [13/Apr/2020:11:13:47 +0800] "GET /xingrg/kc/buy/cgsh_order_operate.html?command=get_materiel&rest_code=00146&code=00101012046&supplier_code=00100345&order_time=2020-04-13 HTTP/1.1" 200 417
114.84.33.255 - - [13/Apr/2020:11:13:48 +0800] "GET /xingrg/all/function/internal_message.html?_=1586747630346&CODE_STATE=getMsg HTTP/1.1" 200 27
116.238.92.147 - - [13/Apr/2020:11:13:49 +0800] "GET /xingrg/all/function/internal_message.html?_=1586747815902&CODE_STATE=getMsg HTTP/1.1" 200 27
117.131.5.26 - - [13/Apr/2020:11:13:52 +0800] "GET /xingrg/all/function/internal_message.html?_=1586747636070&CODE_STATE=getMsg HTTP/1.1" 200 27
222.69.139.7 - - [13/Apr/2020:11:13:52 +0800] "GET /xingrg/kc/buy/cgsh_order_operate.html?command=get_materiel&rest_code=00149&code=00101008027&supplier_code=00100005&order_time=2020-04-12 HTTP/1.1" 200 408
114.88.159.93 - - [13/Apr/2020:11:13:53 +0800] "GET /xingrg/kc/buy/cgsh_order_operate.html?command=get_materiel&rest_code=00141&code=00101008175&supplier_code=00100007&order_time=2020-04-13 HTTP/1.1" 200 412
114.84.33.255 - - [13/Apr/2020:11:13:54 +0800] "POST /xingrg/kc/buy/cgsh_order_operate.html HTTP/1.1" 200 37
116.238.92.147 - - [13/Apr/2020:11:13:55 +0800] "GET /xingrg/kc/base/wldb_order_operate.html?command=get_materiel&rest_code=00102&base_code=0010476&code=00101013076 HTTP/1.1" 200 442
114.84.33.255 - - [13/Apr/2020:11:13:55 +0800] "POST /xingrg/kc/buy/cgsh_order_operate.html HTTP/1.1" 200 2660
114.84.33.255 - - [13/Apr/2020:11:13:57 +0800] "GET /xingrg/kc/print/load_data.html?order_code=212020041302554&kc_code=cgsh&condition= HTTP/1.1" 200 678
58.40.7.146 - - [13/Apr/2020:11:14:00 +0800] "GET /xingrg/all/function/internal_message.html?_=1586747640347&CODE_STATE=getMsg HTTP/1.1" 200 27
180.157.252.250 - - [13/Apr/2020:11:14:00 +0800] "GET /xingrg/check_reg.html?_=1586747640869 HTTP/1.1" 200 22
180.157.252.250 - - [13/Apr/2020:11:14:00 +0800] "GET /xingrg/all/function/internal_message.html?_=1586747641118&CODE_STATE=getMsg HTTP/1.1" 200 27
222.69.139.7 - - [13/Apr/2020:11:14:01 +0800] "GET /xingrg/kc/buy/cgsh_order_operate.html?command=get_materiel&rest_code=00149&code=00101008155&supplier_code=00100005&order_time=2020-04-12 HTTP/1.1" 200 408
58.40.7.146 - - [13/Apr/2020:11:14:02 +0800] "GET /xingrg/all/function/internal_message.html?_=1586747642422&CODE_STATE=getMsg HTTP/1.1" 200 27
114.88.159.93 - - [13/Apr/2020:11:14:04 +0800] "POST /xingrg/kc/buy/cgsh_order_operate.html HTTP/1.1" 200 2065
180.156.150.85 - - [13/Apr/2020:11:14:06 +0800] "GET /xingrg/all/function/internal_message.html?_=1586747525782&CODE_STATE=getMsg HTTP/1.1" 200 27
114.84.33.255 - - [13/Apr/2020:11:14:06 +0800] "GET /xingrg/kc/buy/cgsh_order_add.html HTTP/1.1" 200 57975
101.85.52.41 - - [13/Apr/2020:11:14:06 +0800] "GET /xingrg/all/function/internal_message.html?_=1586747242041&CODE_STATE=getMsg HTTP/1.1" 200 27
114.84.33.255 - - [13/Apr/2020:11:14:07 +0800] "POST /xingrg/kc/buy/cgsh_order_operate.html HTTP/1.1" 200 8245
114.84.33.255 - - [13/Apr/2020:11:14:07 +0800] "GET /xingrg/javascript/easyui/themes/default/validatebox.css HTTP/1.1" 404 1104
222.69.139.7 - - [13/Apr/2020:11:14:09 +0800] "GET /xingrg/kc/buy/cgsh_order_operate.html?command=get_materiel&rest_code=00149&code=00101008331&supplier_code=00100005&order_time=2020-04-12 HTTP/1.1" 200 416
117.185.32.26 - - [13/Apr/2020:11:14:10 +0800] "GET /xingrg/all/function/internal_message.html?_=1586748064460&CODE_STATE=getMsg HTTP/1.1" 200 27
180.156.150.85 - - [13/Apr/2020:11:14:12 +0800] "GET /xingrg/all/function/internal_message.html?_=1586747658532&CODE_STATE=getMsg HTTP/1.1" 200 27
117.185.32.26 - - [13/Apr/2020:11:14:13 +0800] "GET /xingrg/kc/buy/cgsh_order_operate.html?command=get_materiel&rest_code=00106&code=00101008296&supplier_code=00100007&order_time=2020-04-12 HTTP/1.1" 200 416
172.17.0.185 - - [13/Apr/2020:11:14:15 +0800] "GET /xingrg/check_reg.html?_=1586747655023 HTTP/1.1" 200 22
172.17.0.185 - - [13/Apr/2020:11:14:15 +0800] "GET /xingrg/all/function/internal_message.html?_=1586747655025&CODE_STATE=getMsg HTTP/1.1" 200 27
116.232.51.174 - - [13/Apr/2020:11:14:15 +0800] "GET /xingrg/all/function/internal_message.html?_=1586747684412&CODE_STATE=getMsg HTTP/1.1" 200 27
117.185.32.26 - - [13/Apr/2020:11:14:16 +0800] "POST /xingrg/kc/buy/cgsh_order_operate.html HTTP/1.1" 200 2065
180.157.252.250 - - [13/Apr/2020:11:14:23 +0800] "GET /xingrg/all/function/internal_message.html?_=1586747663513&CODE_STATE=getMsg HTTP/1.1" 200 27
222.69.139.7 - - [13/Apr/2020:11:14:25 +0800] "GET /xingrg/all/function/internal_message.html?_=1586747666300&CODE_STATE=getMsg HTTP/1.1" 200 27
222.69.139.7 - - [13/Apr/2020:11:14:26 +0800] "GET /xingrg/kc/buy/cgsh_order_operate.html?command=get_materiel&rest_code=00149&code=00101008350&supplier_code=00100005&order_time=2020-04-12 HTTP/1.1" 200 408
114.88.159.93 - - [13/Apr/2020:11:14:26 +0800] "GET /xingrg/check_reg.html?_=1586747666629 HTTP/1.1" 200 22
114.88.159.93 - - [13/Apr/2020:11:14:26 +0800] "GET /xingrg/all/function/internal_message.html?_=1586747666628&CODE_STATE=getMsg HTTP/1.1" 200 27
114.88.159.93 - - [13/Apr/2020:11:14:27 +0800] "GET /xingrg/kc/buy/cgsh_order_operate.html?command=get_materiel&rest_code=00141&code=00101013144&supplier_code=00100007&order_time=2020-04-13 HTTP/1.1" 200 413
114.84.33.255 - - [13/Apr/2020:11:14:28 +0800] "POST /xingrg/kc/buy/cgsh_order_operate.html HTTP/1.1" 200 37
114.84.33.255 - - [13/Apr/2020:11:14:28 +0800] "POST /xingrg/kc/buy/cgsh_order_operate.html HTTP/1.1" 200 2662
180.162.102.27 - - [13/Apr/2020:11:14:29 +0800] "GET /xingrg/all/function/internal_message.html?_=1586747138685&CODE_STATE=getMsg HTTP/1.1" 200 27
114.84.33.255 - - [13/Apr/2020:11:14:30 +0800] "GET /xingrg/kc/print/load_data.html?order_code=212020041302555&kc_code=cgsh&condition= HTTP/1.1" 200 748
117.185.32.26 - - [13/Apr/2020:11:14:30 +0800] "GET /xingrg/kc/buy/cgsh_order_operate.html?command=get_materiel&rest_code=00106&code=00101008213&supplier_code=00100007&order_time=2020-04-12 HTTP/1.1" 200 412
180.97.118.223 - - [13/Apr/2020:11:14:31 +0800] "GET /xingrg/all/function/internal_message.html?_=1586747606680&CODE_STATE=getMsg HTTP/1.1" 302 -
180.156.150.85 - - [13/Apr/2020:11:14:31 +0800] "GET /xingrg/kc/buy/cgsh_order_operate.html?command=get_materiel&rest_code=00105&code=00101018019&supplier_code=00100330&order_time=2020-04-12 HTTP/1.1" 200 421
172.17.0.123 - - [13/Apr/2020:11:14:34 +0800] "GET /xingrg/login.html HTTP/1.1" 200 7636
172.17.0.123 - - [13/Apr/2020:11:14:34 +0800] "GET /xingrg/images/blue/jxLogo.png HTTP/1.1" 200 6156
180.97.118.223 - - [13/Apr/2020:11:14:34 +0800] "GET /xingrg/login.html HTTP/1.1" 200 7641
172.17.0.123 - - [13/Apr/2020:11:14:34 +0800] "GET /xingrg/images/blue/login_bg.png HTTP/1.1" 200 22101
172.17.0.123 - - [13/Apr/2020:11:14:34 +0800] "GET /xingrg/images/blue/hj.png HTTP/1.1" 200 1014
172.17.0.123 - - [13/Apr/2020:11:14:34 +0800] "GET /xingrg/images/blue/srbg.png HTTP/1.1" 200 138
172.17.0.123 - - [13/Apr/2020:11:14:35 +0800] "GET /favicon.ico HTTP/1.1" 404 -
172.17.0.123 - - [13/Apr/2020:11:14:35 +0800] "GET /favicon.ico HTTP/1.1" 404 -
222.70.183.62 - - [13/Apr/2020:11:14:35 +0800] "GET /xingrg/all/function/internal_message.html?_=1586747676909&CODE_STATE=getMsg HTTP/1.1" 200 27
114.84.32.201 - - [13/Apr/2020:11:14:36 +0800] "GET /xingrg/all/function/internal_message.html?_=1586747671851&CODE_STATE=getMsg HTTP/1.1" 200 27
61.151.207.205 - - [13/Apr/2020:11:14:36 +0800] "GET /xingrg/kc/buy/cgsh_order_operate.html?command=get_materiel&rest_code=00141&code=00101008284&supplier_code=00100007&order_time=2020-04-13 HTTP/1.1" 302 -
114.88.159.93 - - [13/Apr/2020:11:14:36 +0800] "GET /xingrg/all/function/internal_message.html?_=1586747678899&CODE_STATE=getMsg HTTP/1.1" 200 27
172.17.0.114 - - [13/Apr/2020:11:14:37 +0800] "GET /xingrg/all/function/internal_message.html?_=1586747971637&CODE_STATE=getMsg HTTP/1.1" 200 27
120.253.135.82 - - [13/Apr/2020:11:14:38 +0800] "GET /xingrg/all/function/internal_message.html?_=1586747428360&CODE_STATE=getMsg HTTP/1.1" 200 27
114.84.33.255 - - [13/Apr/2020:11:14:38 +0800] "GET /xingrg/kc/buy/cgsh_order_add.html HTTP/1.1" 200 57975
114.84.33.255 - - [13/Apr/2020:11:14:39 +0800] "POST /xingrg/kc/buy/cgsh_order_operate.html HTTP/1.1" 200 8245
114.84.33.255 - - [13/Apr/2020:11:14:39 +0800] "GET /xingrg/javascript/easyui/themes/default/validatebox.css HTTP/1.1" 404 1104
180.156.150.85 - - [13/Apr/2020:11:14:40 +0800] "POST /xingrg/kc/buy/cgsh_order_operate.html HTTP/1.1" 200 37
180.156.150.85 - - [13/Apr/2020:11:14:40 +0800] "POST /xingrg/kc/buy/cgsh_order_operate.html HTTP/1.1" 200 2664
61.151.207.205 - - [13/Apr/2020:11:14:41 +0800] "GET /xingrg/login.html HTTP/1.1" 200 7641
114.84.32.201 - - [13/Apr/2020:11:14:41 +0800] "GET /xingrg/system/rest/query_items.html?_=1586747677092&table=menu&page=1&rows=20&categoryId=&key=7072 HTTP/1.1" 200 257
116.235.222.53 - - [13/Apr/2020:11:14:41 +0800] "GET /xingrg/all/function/internal_message.html?_=1586747681469&CODE_STATE=getMsg HTTP/1.1" 200 27
180.156.150.85 - - [13/Apr/2020:11:14:41 +0800] "GET /xingrg/kc/buy/cgsh_order_add.html HTTP/1.1" 200 57969
180.156.150.85 - - [13/Apr/2020:11:14:42 +0800] "POST /xingrg/kc/buy/cgsh_order_operate.html HTTP/1.1" 200 8245
180.156.150.85 - - [13/Apr/2020:11:14:42 +0800] "GET /xingrg/javascript/easyui/themes/default/validatebox.css HTTP/1.1" 404 1104
114.84.32.201 - - [13/Apr/2020:11:14:42 +0800] "GET /xingrg/system/rest/query_items.html?_=1586747678470&table=menu&page=1&rows=20&categoryId=&key=7072 HTTP/1.1" 200 257
114.84.32.201 - - [13/Apr/2020:11:14:43 +0800] "GET /xingrg/system/rest/get_item.html?table=menu&id=7072&_=1586747678913 HTTP/1.1" 200 949
114.84.32.201 - - [13/Apr/2020:11:14:43 +0800] "GET /xingrg/system/rest/get_item.html?table=menu&target=menu_rest&id=7072&_=1586747678928 HTTP/1.1" 200 67
114.84.32.201 - - [13/Apr/2020:11:14:43 +0800] "GET /xingrg/system/rest/get_item.html?table=menu&target=cook_mode&id=7072&_=1586747678927 HTTP/1.1" 200 67
114.84.32.201 - - [13/Apr/2020:11:14:43 +0800] "GET /xingrg/system/rest/get_infos.html?command=menu_img_show&id=7072 HTTP/1.1" 200 5
180.156.150.85 - - [13/Apr/2020:11:14:44 +0800] "GET /xingrg/kc/buy/cgsh_order_list.html HTTP/1.1" 200 42354
180.156.150.85 - - [13/Apr/2020:11:14:44 +0800] "POST /xingrg/kc/buy/cgsh_list_operate.html HTTP/1.1" 200 3135
180.156.150.85 - - [13/Apr/2020:11:14:46 +0800] "POST /xingrg/kc/buy/cgsh_list_operate.html HTTP/1.1" 200 207
180.156.150.85 - - [13/Apr/2020:11:14:47 +0800] "GET /xingrg/kc/buy/cgsh_order_info.html?code=212020041302556 HTTP/1.1" 200 57984
180.156.150.85 - - [13/Apr/2020:11:14:47 +0800] "GET /xingrg/javascript/easyui/themes/default/validatebox.css HTTP/1.1" 404 1104
180.156.150.85 - - [13/Apr/2020:11:14:47 +0800] "POST /xingrg/kc/buy/cgsh_order_operate.html HTTP/1.1" 200 2664
114.84.33.255 - - [13/Apr/2020:11:14:48 +0800] "GET /xingrg/kc/buy/cgsh_order_operate.html?command=get_materiel&rest_code=00146&code=00101002006&supplier_code=00100091&order_time=2020-04-13 HTTP/1.1" 200 414
114.84.33.255 - - [13/Apr/2020:11:14:48 +0800] "GET /xingrg/all/function/internal_message.html?_=1586747690356&CODE_STATE=getMsg HTTP/1.1" 200 27
180.156.150.85 - - [13/Apr/2020:11:14:49 +0800] "GET /xingrg/kc/print/load_data.html?order_code=212020041302556&kc_code=cgsh&condition= HTTP/1.1" 200 679
116.238.92.147 - - [13/Apr/2020:11:14:49 +0800] "GET /xingrg/all/function/internal_message.html?_=1586747875915&CODE_STATE=getMsg HTTP/1.1" 200 27
114.84.32.201 - - [13/Apr/2020:11:14:51 +0800] "POST /xingrg/dwr/call/plaincall/AjaxGetFirstChart.getFirstChart.dwr HTTP/1.1" 200 77
114.84.32.201 - - [13/Apr/2020:11:14:51 +0800] "POST /xingrg/dwr/call/plaincall/AjaxGetFirstChart.getFirstChart.dwr HTTP/1.1" 200 77
114.84.32.201 - - [13/Apr/2020:11:14:51 +0800] "POST /xingrg/dwr/call/plaincall/AjaxGetFirstChart.getFirstChart.dwr HTTP/1.1" 200 77
114.84.32.201 - - [13/Apr/2020:11:14:51 +0800] "POST /xingrg/dwr/call/plaincall/AjaxGetFirstChart.getFirstChart.dwr HTTP/1.1" 200 77
117.185.32.26 - - [13/Apr/2020:11:14:51 +0800] "GET /xingrg/kc/buy/cgsh_order_operate.html?command=get_materiel&rest_code=00106&code=00101008085&supplier_code=00100007&order_time=2020-04-12 HTTP/1.1" 200 412
114.84.32.201 - - [13/Apr/2020:11:14:52 +0800] "POST /xingrg/dwr/call/plaincall/AjaxGetFirstChart.getFirstChart.dwr HTTP/1.1" 200 77
222.69.139.7 - - [13/Apr/2020:11:14:52 +0800] "GET /xingrg/kc/buy/cgsh_order_operate.html?command=get_materiel&rest_code=00149&code=00101008244&supplier_code=00100005&order_time=2020-04-12 HTTP/1.1" 200 408
114.84.32.201 - - [13/Apr/2020:11:14:52 +0800] "POST /xingrg/dwr/call/plaincall/AjaxGetFirstChart.getFirstChart.dwr HTTP/1.1" 200 77
114.84.32.201 - - [13/Apr/2020:11:14:52 +0800] "POST /xingrg/dwr/call/plaincall/AjaxGetFirstChart.getFirstChart.dwr HTTP/1.1" 200 77
117.131.5.26 - - [13/Apr/2020:11:14:52 +0800] "GET /xingrg/all/function/internal_message.html?_=1586747696070&CODE_STATE=getMsg HTTP/1.1" 200 27
180.156.150.85 - - [13/Apr/2020:11:14:52 +0800] "GET /xingrg/kc/buy/cgsh_order_add.html HTTP/1.1" 200 57969
114.84.32.201 - - [13/Apr/2020:11:14:53 +0800] "POST /xingrg/dwr/call/plaincall/AjaxGetFirstChart.getFirstChart.dwr HTTP/1.1" 200 80
180.156.150.85 - - [13/Apr/2020:11:14:53 +0800] "GET /xingrg/javascript/easyui/themes/default/validatebox.css HTTP/1.1" 404 1104
180.156.150.85 - - [13/Apr/2020:11:14:53 +0800] "POST /xingrg/kc/buy/cgsh_order_operate.html HTTP/1.1" 200 8245
114.84.32.201 - - [13/Apr/2020:11:14:54 +0800] "POST /xingrg/dwr/call/plaincall/AjaxGetFirstChart.getFirstChart.dwr HTTP/1.1" 200 80
114.84.32.201 - - [13/Apr/2020:11:14:54 +0800] "POST /xingrg/dwr/call/plaincall/AjaxGetFirstChart.getFirstChart.dwr HTTP/1.1" 200 80
114.84.32.201 - - [13/Apr/2020:11:14:54 +0800] "POST /xingrg/dwr/call/plaincall/AjaxGetFirstChart.getFirstChart.dwr HTTP/1.1" 200 80
114.84.32.201 - - [13/Apr/2020:11:14:54 +0800] "POST /xingrg/dwr/call/plaincall/AjaxGetFirstChart.getFirstChart.dwr HTTP/1.1" 200 81
114.84.32.201 - - [13/Apr/2020:11:14:56 +0800] "POST /xingrg/dwr/call/plaincall/AjaxGetFirstChart.getFirstChart.dwr HTTP/1.1" 200 81
114.84.32.201 - - [13/Apr/2020:11:14:56 +0800] "POST /xingrg/dwr/call/plaincall/AjaxGetFirstChart.getFirstChart.dwr HTTP/1.1" 200 81
114.84.32.201 - - [13/Apr/2020:11:14:56 +0800] "POST /xingrg/dwr/call/plaincall/AjaxGetFirstChart.getFirstChart.dwr HTTP/1.1" 200 81
114.84.33.255 - - [13/Apr/2020:11:14:57 +0800] "GET /xingrg/kc/buy/cgsh_order_operate.html?command=get_materiel&rest_code=00146&code=00101002034&supplier_code=00100091&order_time=2020-04-13 HTTP/1.1" 200 409
114.84.32.201 - - [13/Apr/2020:11:14:57 +0800] "POST /xingrg/dwr/call/plaincall/AjaxGetFirstChart.getFirstChart.dwr HTTP/1.1" 200 83
114.84.32.201 - - [13/Apr/2020:11:14:59 +0800] "POST /xingrg/dwr/call/plaincall/AjaxGetFirstChart.getFirstChart.dwr HTTP/1.1" 200 83
114.84.32.201 - - [13/Apr/2020:11:14:59 +0800] "POST /xingrg/dwr/call/plaincall/AjaxGetFirstChart.getFirstChart.dwr HTTP/1.1" 200 84
58.40.7.146 - - [13/Apr/2020:11:15:00 +0800] "GET /xingrg/all/function/internal_message.html?_=1586747700349&CODE_STATE=getMsg HTTP/1.1" 200 27
114.84.32.201 - - [13/Apr/2020:11:15:00 +0800] "POST /xingrg/dwr/call/plaincall/AjaxGetFirstChart.getFirstChart.dwr HTTP/1.1" 200 84
180.157.252.250 - - [13/Apr/2020:11:15:00 +0800] "GET /xingrg/all/function/internal_message.html?_=1586747701131&CODE_STATE=getMsg HTTP/1.1" 200 27
222.69.139.7 - - [13/Apr/2020:11:15:01 +0800] "GET /xingrg/kc/buy/cgsh_order_operate.html?command=get_materiel&rest_code=00149&code=00101008112&supplier_code=00100005&order_time=2020-04-12 HTTP/1.1" 200 412
58.40.7.146 - - [13/Apr/2020:11:15:02 +0800] "GET /xingrg/all/function/internal_message.html?_=1586747702430&CODE_STATE=getMsg HTTP/1.1" 200 27
114.84.33.255 - - [13/Apr/2020:11:15:04 +0800] "POST /xingrg/kc/buy/cgsh_order_operate.html HTTP/1.1" 200 37
114.84.33.255 - - [13/Apr/2020:11:15:05 +0800] "POST /xingrg/kc/buy/cgsh_order_operate.html HTTP/1.1" 200 3252
180.156.150.85 - - [13/Apr/2020:11:15:06 +0800] "GET /xingrg/all/function/internal_message.html?_=1586747585764&CODE_STATE=getMsg HTTP/1.1" 200 27
101.85.52.41 - - [13/Apr/2020:11:15:06 +0800] "GET /xingrg/check_reg.html?_=1586747302045 HTTP/1.1" 200 22
101.85.52.41 - - [13/Apr/2020:11:15:06 +0800] "GET /xingrg/all/function/internal_message.html?_=1586747302046&CODE_STATE=getMsg HTTP/1.1" 200 27
114.84.33.255 - - [13/Apr/2020:11:15:07 +0800] "GET /xingrg/kc/print/load_data.html?order_code=212020041302557&kc_code=cgsh&condition= HTTP/1.1" 200 973
117.185.32.26 - - [13/Apr/2020:11:15:10 +0800] "GET /xingrg/all/function/internal_message.html?_=1586748124695&CODE_STATE=getMsg HTTP/1.1" 200 27
180.156.150.85 - - [13/Apr/2020:11:15:12 +0800] "GET /xingrg/all/function/internal_message.html?_=1586747718545&CODE_STATE=getMsg HTTP/1.1" 200 27
222.69.139.7 - - [13/Apr/2020:11:15:13 +0800] "GET /xingrg/kc/buy/cgsh_order_operate.html?command=get_materiel&rest_code=00149&code=00101008185&supplier_code=00100005&order_time=2020-04-12 HTTP/1.1" 200 408
116.232.51.174 - - [13/Apr/2020:11:15:13 +0800] "GET /xingrg/all/function/internal_message.html?_=1586747744413&CODE_STATE=getMsg HTTP/1.1" 200 27
114.84.32.201 - - [13/Apr/2020:11:15:15 +0800] "POST /xingrg/system/rest/edit_item.html HTTP/1.1" 200 4
114.84.32.201 - - [13/Apr/2020:11:15:15 +0800] "GET /xingrg/system/rest/get_item.html?table=menu&id=7072&_=1586747710878 HTTP/1.1" 200 949
172.17.0.185 - - [13/Apr/2020:11:15:15 +0800] "GET /xingrg/all/function/internal_message.html?_=1586747715010&CODE_STATE=getMsg HTTP/1.1" 200 27
114.84.33.255 - - [13/Apr/2020:11:15:15 +0800] "GET /xingrg/kc/buy/cgsh_order_add.html HTTP/1.1" 200 57975
114.84.32.201 - - [13/Apr/2020:11:15:16 +0800] "GET /xingrg/system/rest/query_items.html?_=1586747712537&table=menu&page=1&rows=20&categoryId=&key=7072 HTTP/1.1" 200 256
114.84.33.255 - - [13/Apr/2020:11:15:16 +0800] "POST /xingrg/kc/buy/cgsh_order_operate.html HTTP/1.1" 200 8245
114.84.33.255 - - [13/Apr/2020:11:15:17 +0800] "GET /xingrg/javascript/easyui/themes/default/validatebox.css HTTP/1.1" 404 1104
180.156.150.85 - - [13/Apr/2020:11:15:21 +0800] "GET /xingrg/kc/buy/cgsh_order_operate.html?command=get_materiel&rest_code=00105&code=00101001167&supplier_code=00100314&order_time=2020-04-12 HTTP/1.1" 200 419
114.84.32.201 - - [13/Apr/2020:11:15:21 +0800] "GET /xingrg/system/rest/list_page.html?p=down HTTP/1.1" 200 20340
114.84.32.201 - - [13/Apr/2020:11:15:22 +0800] "GET /xingrg/system/rest/query_items.html?_=1586747718101&table=down&tcode=&key= HTTP/1.1" 200 9892
180.157.252.250 - - [13/Apr/2020:11:15:23 +0800] "GET /xingrg/all/function/internal_message.html?_=1586747723503&CODE_STATE=getMsg HTTP/1.1" 200 27
222.69.139.7 - - [13/Apr/2020:11:15:25 +0800] "GET /xingrg/all/function/internal_message.html?_=1586747726282&CODE_STATE=getMsg HTTP/1.1" 200 27
114.84.33.255 - - [13/Apr/2020:11:15:26 +0800] "GET /xingrg/kc/buy/cgsh_order_operate.html?command=get_materiel&rest_code=00146&code=00101004046&supplier_code=00100312&order_time=2020-04-13 HTTP/1.1" 200 417
114.88.159.93 - - [13/Apr/2020:11:15:26 +0800] "GET /xingrg/all/function/internal_message.html?_=1586747726630&CODE_STATE=getMsg HTTP/1.1" 200 27
222.69.139.7 - - [13/Apr/2020:11:15:26 +0800] "GET /xingrg/kc/buy/cgsh_order_operate.html?command=get_materiel&rest_code=00149&code=00101008096&supplier_code=00100005&order_time=2020-04-12 HTTP/1.1" 200 412
114.84.32.201 - - [13/Apr/2020:11:15:28 +0800] "GET /xingrg/system/rest/get_item.html?table=down&code=3c1176894aeb4acd82d8ad98a7e575ca&_=1586747724146 HTTP/1.1" 200 233
114.84.32.201 - - [13/Apr/2020:11:15:28 +0800] "POST /xingrg/system/rest/edit_item.html HTTP/1.1" 200 4
114.84.32.201 - - [13/Apr/2020:11:15:28 +0800] "POST /xingrg/all/common/load_tree.html?tree=area_station_tree_json&defaultRests=1_12 HTTP/1.1" 200 2989
114.84.32.201 - - [13/Apr/2020:11:15:28 +0800] "POST /xingrg/system/rest/get_infos.html HTTP/1.1" 200 514331
116.238.92.147 - - [13/Apr/2020:11:15:29 +0800] "GET /xingrg/kc/base/wldb_order_operate.html?command=get_materiel&rest_code=00102&base_code=0010476&code=00101019391 HTTP/1.1" 200 471
180.162.102.27 - - [13/Apr/2020:11:15:30 +0800] "GET /xingrg/check_reg.html?_=1586747198683 HTTP/1.1" 200 22
180.162.102.27 - - [13/Apr/2020:11:15:30 +0800] "GET /xingrg/all/function/internal_message.html?_=1586747198684&CODE_STATE=getMsg HTTP/1.1" 200 27
114.88.159.93 - - [13/Apr/2020:11:15:34 +0800] "POST /xingrg/kc/buy/cgsh_order_operate.html HTTP/1.1" 200 37
180.156.150.85 - - [13/Apr/2020:11:15:34 +0800] "POST /xingrg/kc/buy/cgsh_order_operate.html HTTP/1.1" 200 88
222.70.183.62 - - [13/Apr/2020:11:15:34 +0800] "GET /xingrg/check_reg.html?_=1586747735740 HTTP/1.1" 200 22
222.70.183.62 - - [13/Apr/2020:11:15:35 +0800] "GET /xingrg/all/function/internal_message.html?_=1586747736922&CODE_STATE=getMsg HTTP/1.1" 200 27
114.88.159.93 - - [13/Apr/2020:11:15:35 +0800] "POST /xingrg/kc/buy/cgsh_order_operate.html HTTP/1.1" 200 12
114.84.32.201 - - [13/Apr/2020:11:15:36 +0800] "GET /xingrg/all/function/internal_message.html?_=1586747731859&CODE_STATE=getMsg HTTP/1.1" 200 27
114.88.159.93 - - [13/Apr/2020:11:15:36 +0800] "GET /xingrg/kc/buy/cgsh_order_info.html?code=212020041302558 HTTP/1.1" 200 52877
114.88.159.93 - - [13/Apr/2020:11:15:36 +0800] "GET /xingrg/all/function/internal_message.html?_=1586747738891&CODE_STATE=getMsg HTTP/1.1" 200 27
114.88.159.93 - - [13/Apr/2020:11:15:36 +0800] "GET /xingrg/javascript/easyui/themes/default/validatebox.css HTTP/1.1" 404 1104
114.88.159.93 - - [13/Apr/2020:11:15:37 +0800] "POST /xingrg/kc/buy/cgsh_order_operate.html HTTP/1.1" 200 19500
172.17.0.114 - - [13/Apr/2020:11:15:37 +0800] "GET /xingrg/all/function/internal_message.html?_=1586748031641&CODE_STATE=getMsg HTTP/1.1" 200 27
