120.253.135.82 - - [13/Apr/2020:11:07:47 +0800] "POST /xingrg/kc/pszx/mdth_order_new_list.html HTTP/1.1" 200 3820
101.89.29.92 - - [13/Apr/2020:11:07:47 +0800] "GET /xingrg/login.html HTTP/1.1" 200 7641
114.84.33.255 - - [13/Apr/2020:11:07:47 +0800] "GET /xingrg/all/function/internal_message.html?_=1586747269691&CODE_STATE=getMsg HTTP/1.1" 200 27
120.253.135.82 - - [13/Apr/2020:11:07:49 +0800] "POST /xingrg/kc/pszx/mdth_order_new_list.html HTTP/1.1" 200 201
116.232.48.158 - - [13/Apr/2020:11:07:50 +0800] "GET /xingrg/check_reg.html?_=1586747163526 HTTP/1.1" 200 22
116.232.48.158 - - [13/Apr/2020:11:07:50 +0800] "GET /xingrg/all/function/internal_message.html?_=1586747163961&CODE_STATE=getMsg HTTP/1.1" 200 27
117.131.5.26 - - [13/Apr/2020:11:07:52 +0800] "GET /xingrg/all/function/internal_message.html?_=1586747276054&CODE_STATE=getMsg HTTP/1.1" 200 27
116.238.92.147 - - [13/Apr/2020:11:07:53 +0800] "POST /xingrg/kc/buy/cgsh_list_operate.html HTTP/1.1" 200 1679
117.185.32.26 - - [13/Apr/2020:11:07:54 +0800] "GET /xingrg/kc/buy/cgsh_order_operate.html?command=get_materiel&rest_code=00106&code=00101008069&supplier_code=00100007&order_time=2020-04-12 HTTP/1.1" 200 412
116.238.92.147 - - [13/Apr/2020:11:07:54 +0800] "POST /xingrg/kc/buy/cgsh_list_operate.html HTTP/1.1" 200 571
116.238.92.147 - - [13/Apr/2020:11:07:54 +0800] "GET /xingrg/kc/buy/cgsh_order_info.html?code=212020041302517 HTTP/1.1" 200 57890
116.238.92.147 - - [13/Apr/2020:11:07:55 +0800] "GET /xingrg/javascript/easyui/themes/default/validatebox.css HTTP/1.1" 404 1104
116.238.92.147 - - [13/Apr/2020:11:07:55 +0800] "POST /xingrg/kc/buy/cgsh_order_operate.html HTTP/1.1" 200 6212
120.253.135.82 - - [13/Apr/2020:11:07:57 +0800] "GET /xingrg/kc/pszx/mdth_order_info.html?code=322020041300001 HTTP/1.1" 200 22019
120.253.135.82 - - [13/Apr/2020:11:07:57 +0800] "GET /xingrg/javascript/easyui/themes/icons/ok.png HTTP/1.1" 304 -
120.253.135.82 - - [13/Apr/2020:11:07:57 +0800] "GET /xingrg/all/common/auto_word.html?type=employee&rest_code=00101 HTTP/1.1" 200 1123
120.253.135.82 - - [13/Apr/2020:11:07:57 +0800] "GET /xingrg/all/common/auto_word.html?type=base&rest_code=00101 HTTP/1.1" 200 513
120.253.135.82 - - [13/Apr/2020:11:07:57 +0800] "POST /xingrg/kc/pszx/mdth_order_new_info.html HTTP/1.1" 200 266
120.253.135.82 - - [13/Apr/2020:11:07:57 +0800] "GET /xingrg/javascript/easyui/themes/default/validatebox.css HTTP/1.1" 404 1104
222.69.139.7 - - [13/Apr/2020:11:07:58 +0800] "GET /xingrg/kc/buy/cgsh_order_operate.html?command=get_materiel&rest_code=00149&code=00101020156&supplier_code=00100337&order_time=2020-04-12 HTTP/1.1" 200 413
58.40.7.146 - - [13/Apr/2020:11:08:00 +0800] "GET /xingrg/check_reg.html?_=1586747280351 HTTP/1.1" 200 22
58.40.7.146 - - [13/Apr/2020:11:08:00 +0800] "GET /xingrg/all/function/internal_message.html?_=1586747280353&CODE_STATE=getMsg HTTP/1.1" 200 27
114.88.159.93 - - [13/Apr/2020:11:08:00 +0800] "GET /xingrg/kc/buy/cgsh_order_operate.html?command=get_materiel&rest_code=00141&code=00101008355&supplier_code=00100007&order_time=2020-04-13 HTTP/1.1" 200 408
116.238.92.147 - - [13/Apr/2020:11:08:00 +0800] "POST /xingrg/kc/buy/cgsh_order_operate.html HTTP/1.1" 200 37
180.157.252.250 - - [13/Apr/2020:11:08:00 +0800] "GET /xingrg/all/function/internal_message.html?_=1586747281036&CODE_STATE=getMsg HTTP/1.1" 200 27
120.253.135.82 - - [13/Apr/2020:11:08:01 +0800] "GET /xingrg/css/images/panel_loading.gif HTTP/1.1" 304 -
120.253.135.82 - - [13/Apr/2020:11:08:01 +0800] "POST /xingrg/all/common/load_combo.html?type=employee HTTP/1.1" 200 2013
116.238.92.147 - - [13/Apr/2020:11:08:02 +0800] "POST /xingrg/kc/buy/cgsh_order_operate.html HTTP/1.1" 200 12
58.40.7.146 - - [13/Apr/2020:11:08:02 +0800] "GET /xingrg/all/function/internal_message.html?_=1586747282425&CODE_STATE=getMsg HTTP/1.1" 200 27
58.40.7.146 - - [13/Apr/2020:11:08:02 +0800] "GET /xingrg/check_reg.html?_=1586747282427 HTTP/1.1" 200 22
117.185.32.26 - - [13/Apr/2020:11:08:02 +0800] "GET /xingrg/login.html HTTP/1.1" 200 7641
117.185.32.26 - - [13/Apr/2020:11:08:03 +0800] "GET /favicon.ico HTTP/1.1" 404 -
116.238.92.147 - - [13/Apr/2020:11:08:03 +0800] "GET /xingrg/kc/buy/cgsh_order_info.html?code=212020041302517 HTTP/1.1" 200 52781
116.238.92.147 - - [13/Apr/2020:11:08:03 +0800] "GET /xingrg/javascript/easyui/themes/default/validatebox.css HTTP/1.1" 404 1104
120.253.135.82 - - [13/Apr/2020:11:08:03 +0800] "GET /xingrg/javascript/jquery_tools/images/prev.gif HTTP/1.1" 404 1086
120.253.135.82 - - [13/Apr/2020:11:08:03 +0800] "GET /xingrg/javascript/jquery_tools/images/next.gif HTTP/1.1" 404 1086
116.238.92.147 - - [13/Apr/2020:11:08:03 +0800] "POST /xingrg/kc/buy/cgsh_order_operate.html HTTP/1.1" 200 4159
180.156.150.85 - - [13/Apr/2020:11:08:05 +0800] "GET /xingrg/check_reg.html?_=1586747165686 HTTP/1.1" 200 22
116.238.92.147 - - [13/Apr/2020:11:08:05 +0800] "GET /xingrg/kc/print/load_data.html?order_code=212020041302517&kc_code=cgsh&condition= HTTP/1.1" 200 2098
180.156.150.85 - - [13/Apr/2020:11:08:05 +0800] "GET /xingrg/all/function/internal_message.html?_=1586747165677&CODE_STATE=getMsg HTTP/1.1" 200 27
120.253.135.82 - - [13/Apr/2020:11:08:06 +0800] "POST /xingrg/all/common/load_combo.html?type=base HTTP/1.1" 200 899
101.85.52.41 - - [13/Apr/2020:11:08:06 +0800] "GET /xingrg/all/function/internal_message.html?_=1586746882028&CODE_STATE=getMsg HTTP/1.1" 200 27
117.185.32.26 - - [13/Apr/2020:11:08:07 +0800] "POST /xingrg/login.do HTTP/1.1" 302 -
117.185.32.26 - - [13/Apr/2020:11:08:07 +0800] "GET /xingrg/index.html?sysBaseUrl=http%3A%2F%2F180.169.147.146%3A18081%2Fxingrg%2F&costTime=38×tamp=1586747287004 HTTP/1.1" 200 17413
117.185.32.26 - - [13/Apr/2020:11:08:07 +0800] "POST /xingrg/login.do HTTP/1.1" 302 -
117.185.32.26 - - [13/Apr/2020:11:08:07 +0800] "GET /xingrg/css/form.css HTTP/1.1" 304 -
117.185.32.26 - - [13/Apr/2020:11:08:07 +0800] "GET /xingrg/javascript/jquery_easy_ui/themes/icon.css HTTP/1.1" 304 -
117.185.32.26 - - [13/Apr/2020:11:08:07 +0800] "GET /xingrg/javascript/jquery_easy_ui/themes/default/easyui.css HTTP/1.1" 304 -
117.185.32.26 - - [13/Apr/2020:11:08:07 +0800] "GET /xingrg/javascript/jquery-1.4.2.min.js HTTP/1.1" 304 -
117.185.32.26 - - [13/Apr/2020:11:08:07 +0800] "GET /xingrg/javascript/jquery.utils.js HTTP/1.1" 304 -
117.185.32.26 - - [13/Apr/2020:11:08:07 +0800] "GET /xingrg/javascript/jquery_easy_ui/easyui-lang-zh_CN.js HTTP/1.1" 304 -
117.185.32.26 - - [13/Apr/2020:11:08:07 +0800] "GET /xingrg/javascript/jquery_easy_ui/jquery.easyui.min.js HTTP/1.1" 304 -
117.185.32.26 - - [13/Apr/2020:11:08:07 +0800] "GET /xingrg/javascript/jquery.timers.js HTTP/1.1" 304 -
117.185.32.26 - - [13/Apr/2020:11:08:07 +0800] "GET /xingrg/javascript/jquery.form.js HTTP/1.1" 304 -
117.185.32.26 - - [13/Apr/2020:11:08:07 +0800] "GET /xingrg/index.html?sysBaseUrl=http%3A%2F%2F180.169.147.146%3A18081%2Fxingrg%2F&costTime=37×tamp=1586747287172 HTTP/1.1" 200 17413
117.185.32.26 - - [13/Apr/2020:11:08:07 +0800] "GET /favicon.ico HTTP/1.1" 404 -
117.185.32.26 - - [13/Apr/2020:11:08:07 +0800] "POST /xingrg/all/common/load_tree.html?tree=area_rest_tree_json&manage=1 HTTP/1.1" 200 342
117.185.32.26 - - [13/Apr/2020:11:08:07 +0800] "GET /xingrg/check_reg.html?_=1586747287277 HTTP/1.1" 200 22
117.185.32.26 - - [13/Apr/2020:11:08:07 +0800] "GET /xingrg/all/function/internal_message.html?_=1586747287276&CODE_STATE=count HTTP/1.1" 200 11
117.185.32.26 - - [13/Apr/2020:11:08:07 +0800] "POST /xingrg/load_menu.html HTTP/1.1" 200 9959
117.185.32.26 - - [13/Apr/2020:11:08:10 +0800] "POST /xingrg/load_menu.html HTTP/1.1" 200 10168
120.253.135.82 - - [13/Apr/2020:11:08:10 +0800] "POST /xingrg/kc/pszx/mdth_order_new_info.html HTTP/1.1" 200 37
117.185.32.26 - - [13/Apr/2020:11:08:10 +0800] "GET /xingrg/all/function/internal_message.html?_=1586747704576&CODE_STATE=getMsg HTTP/1.1" 200 27
120.253.135.82 - - [13/Apr/2020:11:08:10 +0800] "POST /xingrg/kc/pszx/mdth_order_new_info.html HTTP/1.1" 200 273
180.156.150.85 - - [13/Apr/2020:11:08:12 +0800] "GET /xingrg/all/function/internal_message.html?_=1586747298525&CODE_STATE=getMsg HTTP/1.1" 200 27
117.185.32.26 - - [13/Apr/2020:11:08:12 +0800] "GET /xingrg/dwr/interface/AjaxGetFirstChart.js HTTP/1.1" 200 631
117.185.32.26 - - [13/Apr/2020:11:08:12 +0800] "GET /xingrg/css/table.css HTTP/1.1" 304 -
117.185.32.26 - - [13/Apr/2020:11:08:12 +0800] "GET /xingrg/dwr/util.js HTTP/1.1" 304 -
117.185.32.26 - - [13/Apr/2020:11:08:12 +0800] "GET /xingrg/javascript/Calendar.js HTTP/1.1" 304 -
117.185.32.26 - - [13/Apr/2020:11:08:12 +0800] "GET /xingrg/javascript/jquery.shich.js HTTP/1.1" 304 -
117.185.32.26 - - [13/Apr/2020:11:08:12 +0800] "GET /xingrg/javascript/convert.js HTTP/1.1" 304 -
117.185.32.26 - - [13/Apr/2020:11:08:12 +0800] "GET /xingrg/dwr/engine.js HTTP/1.1" 200 43631
117.185.32.26 - - [13/Apr/2020:11:08:12 +0800] "GET /xingrg/ HTTP/1.1" 304 -
117.185.32.26 - - [13/Apr/2020:11:08:12 +0800] "GET /xingrg/system/rest/list_page.html?p=menu HTTP/1.1" 200 110877
117.185.32.26 - - [13/Apr/2020:11:08:13 +0800] "GET /xingrg/system/rest/query_items.html?_=1586747293044&table=menu&page=1&rows=20&categoryId=&key= HTTP/1.1" 200 4722
116.238.92.147 - - [13/Apr/2020:11:08:14 +0800] "GET /xingrg/all/function/internal_message.html?_=1586747480454&CODE_STATE=getMsg HTTP/1.1" 200 27
120.253.135.82 - - [13/Apr/2020:11:08:14 +0800] "GET /xingrg/kc/print/load_config.html?kc_code=mdth HTTP/1.1" 200 3088
120.253.135.82 - - [13/Apr/2020:11:08:14 +0800] "GET /xingrg/kc/print/load_data.html?order_code=322020041300001&kc_code=mdth&condition= HTTP/1.1" 200 594
222.69.139.7 - - [13/Apr/2020:11:08:16 +0800] "POST /xingrg/kc/buy/cgsh_order_operate.html HTTP/1.1" 200 37
117.185.32.26 - - [13/Apr/2020:11:08:18 +0800] "GET /xingrg/system/rest/query_items.html?_=1586747298053&table=menu&page=1&rows=20&categoryId=&key=%25E5%25A4%25A9%25E4%25BB%2599 HTTP/1.1" 200 971
222.69.139.7 - - [13/Apr/2020:11:08:18 +0800] "POST /xingrg/kc/buy/cgsh_order_operate.html HTTP/1.1" 200 12
61.129.6.174 - - [13/Apr/2020:11:08:18 +0800] "GET /xingrg/kc/buy/cgsh_order_info.html?code=212020041302547 HTTP/1.1" 302 -
222.69.139.7 - - [13/Apr/2020:11:08:19 +0800] "GET /xingrg/kc/buy/cgsh_order_info.html?code=212020041302549 HTTP/1.1" 200 52879
222.69.139.7 - - [13/Apr/2020:11:08:19 +0800] "GET /xingrg/javascript/easyui/themes/default/validatebox.css HTTP/1.1" 404 1104
222.69.139.7 - - [13/Apr/2020:11:08:19 +0800] "POST /xingrg/kc/buy/cgsh_order_operate.html HTTP/1.1" 200 606
117.185.32.26 - - [13/Apr/2020:11:08:19 +0800] "GET /xingrg/system/rest/query_items.html?_=1586747299531&table=menu&page=1&rows=20&categoryId=&key=%25E5%25A4%25A9%25E4%25BB%2599 HTTP/1.1" 200 971
117.185.32.26 - - [13/Apr/2020:11:08:20 +0800] "GET /xingrg/kc/buy/cgsh_order_operate.html?command=get_materiel&rest_code=00106&code=00101008286&supplier_code=00100007&order_time=2020-04-12 HTTP/1.1" 200 408
117.185.32.26 - - [13/Apr/2020:11:08:20 +0800] "GET /xingrg/javascript/jquery_easy_ui/themes/default/images/panel_tools.gif HTTP/1.1" 304 -
117.185.32.26 - - [13/Apr/2020:11:08:20 +0800] "GET /xingrg/javascript/jquery_easy_ui/themes/default/images/panel_title.png HTTP/1.1" 304 -
117.185.32.26 - - [13/Apr/2020:11:08:20 +0800] "GET /xingrg/system/rest/get_item.html?table=menu&id=1729&_=1586747300365 HTTP/1.1" 200 936
117.185.32.26 - - [13/Apr/2020:11:08:20 +0800] "GET /xingrg/system/rest/get_item.html?table=menu&target=menu_rest&id=1729&_=1586747300402 HTTP/1.1" 200 63
117.185.32.26 - - [13/Apr/2020:11:08:20 +0800] "GET /xingrg/system/rest/get_item.html?table=menu&target=cook_mode&id=1729&_=1586747300401 HTTP/1.1" 200 63
61.129.6.174 - - [13/Apr/2020:11:08:20 +0800] "GET /xingrg/login.html HTTP/1.1" 200 7641
222.69.139.7 - - [13/Apr/2020:11:08:21 +0800] "GET /xingrg/kc/print/load_data.html?order_code=212020041302549&kc_code=cgsh&condition= HTTP/1.1" 200 703
117.185.32.26 - - [13/Apr/2020:11:08:21 +0800] "GET /xingrg/system/rest/get_infos.html?command=menu_img_show&id=1729 HTTP/1.1" 200 5
120.253.135.82 - - [13/Apr/2020:11:08:23 +0800] "POST /xingrg/kc/pszx/mdth_order_new_info.html HTTP/1.1" 200 37
180.157.252.250 - - [13/Apr/2020:11:08:23 +0800] "GET /xingrg/all/function/internal_message.html?_=1586747303508&CODE_STATE=getMsg HTTP/1.1" 200 27
120.253.135.82 - - [13/Apr/2020:11:08:24 +0800] "POST /xingrg/kc/pszx/mdth_order_new_info.html HTTP/1.1" 200 273
120.253.135.82 - - [13/Apr/2020:11:08:24 +0800] "POST /xingrg/kc/pszx/mdth_order_new_info.html HTTP/1.1" 200 12
222.69.139.7 - - [13/Apr/2020:11:08:25 +0800] "GET /xingrg/all/function/internal_message.html?_=1586747306446&CODE_STATE=getMsg HTTP/1.1" 200 27
114.88.159.93 - - [13/Apr/2020:11:08:26 +0800] "GET /xingrg/kc/buy/cgsh_order_operate.html?command=get_materiel&rest_code=00141&code=00101008036&supplier_code=00100007&order_time=2020-04-13 HTTP/1.1" 200 410
114.88.159.93 - - [13/Apr/2020:11:08:26 +0800] "GET /xingrg/all/function/internal_message.html?_=1586747306632&CODE_STATE=getMsg HTTP/1.1" 200 27
120.253.135.82 - - [13/Apr/2020:11:08:28 +0800] "GET /xingrg/kc/pszx/mdth_order_info.html?code=322020041300001 HTTP/1.1" 200 20079
116.232.51.174 - - [13/Apr/2020:11:08:29 +0800] "GET /xingrg/check_reg.html?_=1586747415492 HTTP/1.1" 200 22
116.232.51.174 - - [13/Apr/2020:11:08:29 +0800] "GET /xingrg/all/function/internal_message.html?_=1586747415492&CODE_STATE=getMsg HTTP/1.1" 200 27
120.253.135.82 - - [13/Apr/2020:11:08:29 +0800] "POST /xingrg/kc/pszx/mdth_order_new_info.html HTTP/1.1" 200 273
120.253.135.82 - - [13/Apr/2020:11:08:29 +0800] "GET /xingrg/javascript/easyui/themes/default/validatebox.css HTTP/1.1" 404 1104
180.162.102.27 - - [13/Apr/2020:11:08:29 +0800] "GET /xingrg/all/function/internal_message.html?_=1586746778687&CODE_STATE=getMsg HTTP/1.1" 200 27
61.129.6.251 - - [13/Apr/2020:11:08:35 +0800] "GET /xingrg/all/function/internal_message.html?_=1586747246627&CODE_STATE=getMsg HTTP/1.1" 302 -
222.70.183.62 - - [13/Apr/2020:11:08:35 +0800] "GET /xingrg/all/function/internal_message.html?_=1586747316830&CODE_STATE=getMsg HTTP/1.1" 200 27
114.84.32.201 - - [13/Apr/2020:11:08:35 +0800] "GET /xingrg/all/function/internal_message.html?_=1586747311851&CODE_STATE=getMsg HTTP/1.1" 200 27
114.88.159.93 - - [13/Apr/2020:11:08:36 +0800] "GET /xingrg/all/function/internal_message.html?_=1586747318895&CODE_STATE=getMsg HTTP/1.1" 200 27
172.17.0.114 - - [13/Apr/2020:11:08:37 +0800] "GET /xingrg/all/function/internal_message.html?_=1586747611631&CODE_STATE=getMsg HTTP/1.1" 200 27
120.253.135.82 - - [13/Apr/2020:11:08:38 +0800] "GET /xingrg/all/function/internal_message.html?_=1586747068263&CODE_STATE=getMsg HTTP/1.1" 200 27
61.129.6.251 - - [13/Apr/2020:11:08:41 +0800] "GET /xingrg/login.html HTTP/1.1" 200 7641
222.69.139.7 - - [13/Apr/2020:11:08:41 +0800] "GET /xingrg/kc/buy/cgsh_order_add.html HTTP/1.1" 200 57975
116.235.222.53 - - [13/Apr/2020:11:08:41 +0800] "GET /xingrg/check_reg.html?_=1586747321447 HTTP/1.1" 200 22
116.235.222.53 - - [13/Apr/2020:11:08:41 +0800] "GET /xingrg/all/function/internal_message.html?_=1586747321449&CODE_STATE=getMsg HTTP/1.1" 200 27
222.69.139.7 - - [13/Apr/2020:11:08:41 +0800] "POST /xingrg/kc/buy/cgsh_order_operate.html HTTP/1.1" 200 8245
222.69.139.7 - - [13/Apr/2020:11:08:41 +0800] "GET /xingrg/javascript/easyui/themes/default/validatebox.css HTTP/1.1" 404 1104
114.84.33.255 - - [13/Apr/2020:11:08:48 +0800] "GET /xingrg/all/function/internal_message.html?_=1586747330041&CODE_STATE=getMsg HTTP/1.1" 200 27
116.232.48.158 - - [13/Apr/2020:11:08:50 +0800] "GET /xingrg/all/function/internal_message.html?_=1586747223976&CODE_STATE=getMsg HTTP/1.1" 200 27
117.131.5.26 - - [13/Apr/2020:11:08:52 +0800] "GET /xingrg/all/function/internal_message.html?_=1586747336054&CODE_STATE=getMsg HTTP/1.1" 200 27
114.88.159.93 - - [13/Apr/2020:11:08:56 +0800] "GET /xingrg/kc/buy/cgsh_order_operate.html?command=get_materiel&rest_code=00141&code=00101008312&supplier_code=00100007&order_time=2020-04-13 HTTP/1.1" 200 412
58.40.7.146 - - [13/Apr/2020:11:09:00 +0800] "GET /xingrg/all/function/internal_message.html?_=1586747340351&CODE_STATE=getMsg HTTP/1.1" 200 27
180.157.252.250 - - [13/Apr/2020:11:09:00 +0800] "GET /xingrg/check_reg.html?_=1586747340868 HTTP/1.1" 200 22
180.157.252.250 - - [13/Apr/2020:11:09:00 +0800] "GET /xingrg/all/function/internal_message.html?_=1586747341049&CODE_STATE=getMsg HTTP/1.1" 200 27
222.69.139.7 - - [13/Apr/2020:11:09:00 +0800] "GET /xingrg/kc/buy/cgsh_order_operate.html?command=get_materiel&rest_code=00149&code=00101020113&supplier_code=00100323&order_time=2020-04-12 HTTP/1.1" 200 409
58.40.7.146 - - [13/Apr/2020:11:09:02 +0800] "GET /xingrg/all/function/internal_message.html?_=1586747342419&CODE_STATE=getMsg HTTP/1.1" 200 27
114.88.159.93 - - [13/Apr/2020:11:09:04 +0800] "GET /xingrg/kc/buy/cgsh_order_operate.html?command=get_materiel&rest_code=00141&code=00101008114&supplier_code=00100007&order_time=2020-04-13 HTTP/1.1" 200 412
180.156.150.85 - - [13/Apr/2020:11:09:05 +0800] "GET /xingrg/all/function/internal_message.html?_=1586747225688&CODE_STATE=getMsg HTTP/1.1" 200 27
101.85.52.41 - - [13/Apr/2020:11:09:06 +0800] "GET /xingrg/all/function/internal_message.html?_=1586746942027&CODE_STATE=getMsg HTTP/1.1" 200 27
117.185.32.26 - - [13/Apr/2020:11:09:07 +0800] "GET /xingrg/all/function/internal_message.html?_=1586660947044&CODE_STATE=getMsg HTTP/1.1" 200 27
117.185.32.26 - - [13/Apr/2020:11:09:10 +0800] "GET /xingrg/all/function/internal_message.html?_=1586747764552&CODE_STATE=getMsg HTTP/1.1" 200 27
114.88.159.93 - - [13/Apr/2020:11:09:12 +0800] "GET /xingrg/kc/buy/cgsh_order_operate.html?command=get_materiel&rest_code=00141&code=00101013203&supplier_code=00100007&order_time=2020-04-13 HTTP/1.1" 200 409
180.156.150.85 - - [13/Apr/2020:11:09:12 +0800] "GET /xingrg/all/function/internal_message.html?_=1586747358524&CODE_STATE=getMsg HTTP/1.1" 200 27
172.17.0.185 - - [13/Apr/2020:11:09:12 +0800] "GET /xingrg/index.html?sysBaseUrl=http%3A%2F%2F172.17.0.8%3A18081%2Fxingrg%2F&costTime=35×tamp=1585202411715 HTTP/1.1" 302 -
172.17.0.185 - - [13/Apr/2020:11:09:12 +0800] "GET /xingrg/login.html HTTP/1.1" 200 7636
172.17.0.185 - - [13/Apr/2020:11:09:12 +0800] "GET /xingrg/images/blue/jxLogo.png HTTP/1.1" 200 6156
172.17.0.185 - - [13/Apr/2020:11:09:13 +0800] "GET /xingrg/images/blue/login_bg.png HTTP/1.1" 200 22101
172.17.0.185 - - [13/Apr/2020:11:09:13 +0800] "GET /xingrg/images/blue/hj.png HTTP/1.1" 200 1014
172.17.0.185 - - [13/Apr/2020:11:09:13 +0800] "GET /xingrg/images/blue/srbg.png HTTP/1.1" 200 138
172.17.0.185 - - [13/Apr/2020:11:09:13 +0800] "GET /favicon.ico HTTP/1.1" 404 -
116.238.92.147 - - [13/Apr/2020:11:09:14 +0800] "GET /xingrg/all/function/internal_message.html?_=1586747540466&CODE_STATE=getMsg HTTP/1.1" 200 27
222.69.139.7 - - [13/Apr/2020:11:09:14 +0800] "GET /xingrg/kc/buy/cgsh_order_operate.html?command=get_materiel&rest_code=00149&code=00101007047&supplier_code=00100323&order_time=2020-04-12 HTTP/1.1" 200 411
172.17.0.185 - - [13/Apr/2020:11:09:14 +0800] "POST /xingrg/login.do HTTP/1.1" 302 -
172.17.0.185 - - [13/Apr/2020:11:09:14 +0800] "GET /xingrg/index.html?sysBaseUrl=http%3A%2F%2F172.17.0.8%3A18081%2Fxingrg%2F&costTime=38×tamp=1586747354660 HTTP/1.1" 200 17448
172.17.0.185 - - [13/Apr/2020:11:09:14 +0800] "GET /xingrg/javascript/jquery_easy_ui/themes/default/easyui.css HTTP/1.1" 200 26500
172.17.0.185 - - [13/Apr/2020:11:09:14 +0800] "GET /xingrg/javascript/jquery_easy_ui/themes/icon.css HTTP/1.1" 200 3949
172.17.0.185 - - [13/Apr/2020:11:09:14 +0800] "GET /xingrg/css/form.css HTTP/1.1" 200 893
172.17.0.185 - - [13/Apr/2020:11:09:14 +0800] "GET /xingrg/javascript/jquery-1.4.2.min.js HTTP/1.1" 200 72205
172.17.0.185 - - [13/Apr/2020:11:09:14 +0800] "GET /xingrg/javascript/jquery_easy_ui/jquery.easyui.min.js HTTP/1.1" 200 213662
172.17.0.185 - - [13/Apr/2020:11:09:14 +0800] "GET /xingrg/javascript/jquery_easy_ui/easyui-lang-zh_CN.js HTTP/1.1" 200 1900
172.17.0.185 - - [13/Apr/2020:11:09:14 +0800] "GET /xingrg/javascript/jquery.form.js HTTP/1.1" 200 23110
172.17.0.185 - - [13/Apr/2020:11:09:14 +0800] "GET /xingrg/javascript/jquery.utils.js HTTP/1.1" 200 11805
172.17.0.185 - - [13/Apr/2020:11:09:14 +0800] "GET /xingrg/javascript/jquery.timers.js HTTP/1.1" 200 3532
172.17.0.185 - - [13/Apr/2020:11:09:14 +0800] "GET /xingrg/javascript/jquery_easy_ui/themes/icons/settle_new.png HTTP/1.1" 200 826
172.17.0.185 - - [13/Apr/2020:11:09:14 +0800] "GET /xingrg/images/blue/navBackgound.jpg HTTP/1.1" 200 12378
172.17.0.185 - - [13/Apr/2020:11:09:14 +0800] "POST /xingrg/all/common/load_tree.html?tree=area_rest_tree_json&manage=1 HTTP/1.1" 200 3088
172.17.0.185 - - [13/Apr/2020:11:09:15 +0800] "GET /xingrg/check_reg.html?_=1586747355007 HTTP/1.1" 200 22
172.17.0.185 - - [13/Apr/2020:11:09:15 +0800] "GET /xingrg/all/function/internal_message.html?_=1586747355007&CODE_STATE=count HTTP/1.1" 200 11
172.17.0.185 - - [13/Apr/2020:11:09:15 +0800] "GET /xingrg/images/blue/pingpu.png HTTP/1.1" 200 231
172.17.0.185 - - [13/Apr/2020:11:09:15 +0800] "GET /xingrg/javascript/jquery_easy_ui/themes/default/images/tabs_leftarrow.png HTTP/1.1" 200 389
172.17.0.185 - - [13/Apr/2020:11:09:15 +0800] "GET /xingrg/javascript/jquery_easy_ui/themes/default/images/tabs_rightarrow.png HTTP/1.1" 200 395
172.17.0.185 - - [13/Apr/2020:11:09:15 +0800] "GET /xingrg/javascript/jquery_easy_ui/themes/default/images/panel_tool_expand.gif HTTP/1.1" 200 247
172.17.0.185 - - [13/Apr/2020:11:09:15 +0800] "GET /xingrg/javascript/jquery_easy_ui/themes/default/images/panel_tool_collapse.gif HTTP/1.1" 200 246
172.17.0.185 - - [13/Apr/2020:11:09:15 +0800] "GET /favicon.ico HTTP/1.1" 404 -
172.17.0.185 - - [13/Apr/2020:11:09:15 +0800] "POST /xingrg/load_menu.html HTTP/1.1" 200 11529
172.17.0.185 - - [13/Apr/2020:11:09:15 +0800] "GET /xingrg/javascript/jquery_easy_ui/themes/default/images/tree_arrows.gif HTTP/1.1" 200 1043
172.17.0.185 - - [13/Apr/2020:11:09:15 +0800] "GET /xingrg/javascript/jquery_easy_ui/themes/default/images/tree_folder_open.gif HTTP/1.1" 200 956
172.17.0.185 - - [13/Apr/2020:11:09:15 +0800] "GET /xingrg/javascript/jquery_easy_ui/themes/icons/search_new.png HTTP/1.1" 200 586
172.17.0.185 - - [13/Apr/2020:11:09:15 +0800] "GET /xingrg/javascript/jquery_easy_ui/themes/icons/delivery_new.png HTTP/1.1" 200 700
172.17.0.185 - - [13/Apr/2020:11:09:15 +0800] "GET /xingrg/javascript/jquery_easy_ui/themes/icons/storage_new.png HTTP/1.1" 200 853
172.17.0.185 - - [13/Apr/2020:11:09:15 +0800] "GET /xingrg/javascript/jquery_easy_ui/themes/icons/checkout_new.png HTTP/1.1" 200 744
172.17.0.185 - - [13/Apr/2020:11:09:15 +0800] "GET /xingrg/javascript/jquery_easy_ui/themes/icons/forms_new.png HTTP/1.1" 200 350
172.17.0.185 - - [13/Apr/2020:11:09:15 +0800] "GET /xingrg/javascript/jquery_easy_ui/themes/icons/setting_new.png HTTP/1.1" 200 450
172.17.0.185 - - [13/Apr/2020:11:09:15 +0800] "GET /xingrg/javascript/jquery_easy_ui/themes/icons/systemset_new.png HTTP/1.1" 200 606
172.17.0.185 - - [13/Apr/2020:11:09:15 +0800] "GET /xingrg/javascript/jquery_easy_ui/themes/default/images/tree_file.gif HTTP/1.1" 200 118
172.17.0.185 - - [13/Apr/2020:11:09:15 +0800] "GET /xingrg/javascript/jquery_easy_ui/themes/default/images/tree_folder.gif HTTP/1.1" 200 952
172.17.0.185 - - [13/Apr/2020:11:09:17 +0800] "POST /xingrg/load_menu.html HTTP/1.1" 200 10512
172.17.0.185 - - [13/Apr/2020:11:09:21 +0800] "GET /xingrg/javascript/jquery_easy_ui/themes/default/images/tabs_close.gif HTTP/1.1" 200 829
172.17.0.185 - - [13/Apr/2020:11:09:21 +0800] "GET /xingrg/css/table.css HTTP/1.1" 200 3684
172.17.0.185 - - [13/Apr/2020:11:09:21 +0800] "GET /xingrg/system/rest/list_page.html?p=menu HTTP/1.1" 200 110656
172.17.0.185 - - [13/Apr/2020:11:09:21 +0800] "GET /xingrg/dwr/interface/AjaxGetFirstChart.js HTTP/1.1" 200 631
172.17.0.185 - - [13/Apr/2020:11:09:21 +0800] "GET /xingrg/dwr/engine.js HTTP/1.1" 200 43631
172.17.0.185 - - [13/Apr/2020:11:09:21 +0800] "GET /xingrg/dwr/util.js HTTP/1.1" 200 35990
172.17.0.185 - - [13/Apr/2020:11:09:21 +0800] "GET /xingrg/javascript/Calendar.js HTTP/1.1" 200 31561
172.17.0.185 - - [13/Apr/2020:11:09:21 +0800] "GET /xingrg/javascript/jquery.shich.js HTTP/1.1" 200 4857
172.17.0.185 - - [13/Apr/2020:11:09:21 +0800] "GET /xingrg/javascript/convert.js HTTP/1.1" 200 1239
172.17.0.185 - - [13/Apr/2020:11:09:21 +0800] "GET /xingrg/images/control/ajaxLoader.gif HTTP/1.1" 200 4659
172.17.0.185 - - [13/Apr/2020:11:09:21 +0800] "GET /xingrg/javascript/jquery_easy_ui/themes/icons/search.png HTTP/1.1" 200 813
172.17.0.185 - - [13/Apr/2020:11:09:21 +0800] "GET /xingrg/javascript/jquery_easy_ui/themes/default/images/button_a_bg.gif HTTP/1.1" 200 1194
172.17.0.185 - - [13/Apr/2020:11:09:21 +0800] "GET /xingrg/javascript/jquery_easy_ui/themes/icons/edit_add.png HTTP/1.1" 200 1088
172.17.0.185 - - [13/Apr/2020:11:09:21 +0800] "GET /xingrg/javascript/jquery_easy_ui/themes/icons/pencil.png HTTP/1.1" 200 713
172.17.0.185 - - [13/Apr/2020:11:09:21 +0800] "GET /xingrg/javascript/jquery_easy_ui/themes/icons/edit_remove.png HTTP/1.1" 200 625
172.17.0.185 - - [13/Apr/2020:11:09:21 +0800] "GET /xingrg/javascript/jquery_easy_ui/themes/icons/check_new.png HTTP/1.1" 200 3224
172.17.0.185 - - [13/Apr/2020:11:09:21 +0800] "GET /xingrg/javascript/jquery_easy_ui/themes/icons/uncheck_new.png HTTP/1.1" 200 3197
172.17.0.185 - - [13/Apr/2020:11:09:21 +0800] "GET /xingrg/javascript/jquery_easy_ui/themes/default/images/button_span_bg.gif HTTP/1.1" 200 2061
172.17.0.185 - - [13/Apr/2020:11:09:21 +0800] "GET /xingrg/javascript/jquery_easy_ui/themes/icons/ok.png HTTP/1.1" 200 883
172.17.0.185 - - [13/Apr/2020:11:09:21 +0800] "GET /xingrg/javascript/jquery_easy_ui/themes/default/images/datagrid_header_bg.gif HTTP/1.1" 200 97
172.17.0.185 - - [13/Apr/2020:11:09:21 +0800] "GET /xingrg/javascript/jquery_easy_ui/themes/default/images/pagination_first.gif HTTP/1.1" 200 925
172.17.0.185 - - [13/Apr/2020:11:09:21 +0800] "GET /xingrg/javascript/jquery_easy_ui/themes/default/images/pagination_prev.gif HTTP/1.1" 200 879
172.17.0.185 - - [13/Apr/2020:11:09:21 +0800] "GET /xingrg/javascript/jquery_easy_ui/themes/default/images/pagination_next.gif HTTP/1.1" 200 875
172.17.0.185 - - [13/Apr/2020:11:09:21 +0800] "GET /xingrg/javascript/jquery_easy_ui/themes/default/images/pagination_last.gif HTTP/1.1" 200 923
172.17.0.185 - - [13/Apr/2020:11:09:21 +0800] "GET /xingrg/javascript/jquery_easy_ui/themes/default/images/pagination_load.png HTTP/1.1" 200 827
172.17.0.185 - - [13/Apr/2020:11:09:21 +0800] "GET /xingrg/javascript/jquery_easy_ui/themes/default/images/pagination_loading.gif HTTP/1.1" 200 1737
172.17.0.185 - - [13/Apr/2020:11:09:21 +0800] "GET /xingrg/system/rest/query_items.html?_=1586747361484&table=menu&page=1&rows=20&categoryId=&key= HTTP/1.1" 200 4722
222.69.139.7 - - [13/Apr/2020:11:09:22 +0800] "GET /xingrg/kc/buy/cgsh_order_operate.html?command=get_materiel&rest_code=00149&code=00101010197&supplier_code=00100323&order_time=2020-04-12 HTTP/1.1" 200 415
180.157.252.250 - - [13/Apr/2020:11:09:23 +0800] "GET /xingrg/all/function/internal_message.html?_=1586747363513&CODE_STATE=getMsg HTTP/1.1" 200 27
114.88.159.93 - - [13/Apr/2020:11:09:24 +0800] "GET /xingrg/kc/buy/cgsh_order_operate.html?command=get_materiel&rest_code=00141&code=00101008304&supplier_code=00100007&order_time=2020-04-13 HTTP/1.1" 200 412
222.69.139.7 - - [13/Apr/2020:11:09:25 +0800] "GET /xingrg/all/function/internal_message.html?_=1586747366418&CODE_STATE=getMsg HTTP/1.1" 200 27
114.88.159.93 - - [13/Apr/2020:11:09:26 +0800] "GET /xingrg/check_reg.html?_=1586747366681 HTTP/1.1" 200 22
114.88.159.93 - - [13/Apr/2020:11:09:26 +0800] "GET /xingrg/all/function/internal_message.html?_=1586747366682&CODE_STATE=getMsg HTTP/1.1" 200 27
116.232.51.174 - - [13/Apr/2020:11:09:26 +0800] "GET /xingrg/all/function/internal_message.html?_=1586747475491&CODE_STATE=getMsg HTTP/1.1" 200 27
180.162.102.27 - - [13/Apr/2020:11:09:29 +0800] "GET /xingrg/all/function/internal_message.html?_=1586746838686&CODE_STATE=getMsg HTTP/1.1" 200 27
172.17.0.185 - - [13/Apr/2020:11:09:30 +0800] "GET /xingrg/system/rest/query_items.html?_=1586747370722&table=menu&page=1&rows=20&categoryId=&key=2420 HTTP/1.1" 200 259
172.17.0.185 - - [13/Apr/2020:11:09:32 +0800] "GET /xingrg/system/rest/query_items.html?_=1586747372095&table=menu&page=1&rows=20&categoryId=&key=2420 HTTP/1.1" 200 259
101.89.29.78 - - [13/Apr/2020:11:09:32 +0800] "GET /xingrg/all/function/internal_message.html?_=1586747306632&CODE_STATE=getMsg HTTP/1.1" 302 -
172.17.0.185 - - [13/Apr/2020:11:09:33 +0800] "GET /xingrg/system/rest/get_item.html?table=menu&id=2420&_=1586747373350 HTTP/1.1" 200 937
172.17.0.185 - - [13/Apr/2020:11:09:33 +0800] "GET /xingrg/javascript/jquery_easy_ui/themes/default/images/panel_title.png HTTP/1.1" 200 266
172.17.0.185 - - [13/Apr/2020:11:09:33 +0800] "GET /xingrg/javascript/jquery_easy_ui/themes/default/images/panel_tools.gif HTTP/1.1" 200 737
172.17.0.185 - - [13/Apr/2020:11:09:33 +0800] "GET /xingrg/system/rest/get_item.html?table=menu&target=menu_rest&id=2420&_=1586747373376 HTTP/1.1" 200 933
172.17.0.185 - - [13/Apr/2020:11:09:33 +0800] "GET /xingrg/system/rest/get_item.html?table=menu&target=cook_mode&id=2420&_=1586747373374 HTTP/1.1" 200 68
172.17.0.185 - - [13/Apr/2020:11:09:33 +0800] "GET /xingrg/system/rest/get_infos.html?command=menu_img_show&id=2420 HTTP/1.1" 200 5
101.89.29.78 - - [13/Apr/2020:11:09:34 +0800] "GET /xingrg/login.html HTTP/1.1" 200 7641
222.70.183.62 - - [13/Apr/2020:11:09:35 +0800] "GET /xingrg/all/function/internal_message.html?_=1586747376840&CODE_STATE=getMsg HTTP/1.1" 200 27
114.84.32.201 - - [13/Apr/2020:11:09:36 +0800] "GET /xingrg/all/function/internal_message.html?_=1586747371865&CODE_STATE=getMsg HTTP/1.1" 200 27
222.69.139.7 - - [13/Apr/2020:11:09:36 +0800] "GET /xingrg/kc/buy/cgsh_order_operate.html?command=get_materiel&rest_code=00149&code=00101007043&supplier_code=00100323&order_time=2020-04-12 HTTP/1.1" 200 408
114.88.159.93 - - [13/Apr/2020:11:09:36 +0800] "GET /xingrg/all/function/internal_message.html?_=1586747378902&CODE_STATE=getMsg HTTP/1.1" 200 27
172.17.0.114 - - [13/Apr/2020:11:09:37 +0800] "GET /xingrg/all/function/internal_message.html?_=1586747671635&CODE_STATE=getMsg HTTP/1.1" 200 27
114.88.159.93 - - [13/Apr/2020:11:09:37 +0800] "GET /xingrg/kc/buy/cgsh_order_operate.html?command=get_materiel&rest_code=00141&code=00101008096&supplier_code=00100007&order_time=2020-04-13 HTTP/1.1" 200 414
120.253.135.82 - - [13/Apr/2020:11:09:38 +0800] "GET /xingrg/all/function/internal_message.html?_=1586747128277&CODE_STATE=getMsg HTTP/1.1" 200 27
114.84.33.255 - - [13/Apr/2020:11:09:38 +0800] "GET /xingrg/kc/buy/cgsh_order_operate.html?command=get_materiel&rest_code=00146&code=00101008255&supplier_code=00100005&order_time=2020-04-13 HTTP/1.1" 200 413
117.185.32.26 - - [13/Apr/2020:11:09:41 +0800] "GET /xingrg/login.html HTTP/1.1" 200 7641
117.185.32.26 - - [13/Apr/2020:11:09:41 +0800] "GET /favicon.ico HTTP/1.1" 404 -
116.235.222.53 - - [13/Apr/2020:11:09:41 +0800] "GET /xingrg/all/function/internal_message.html?_=1586747381440&CODE_STATE=getMsg HTTP/1.1" 200 27
114.88.159.93 - - [13/Apr/2020:11:09:41 +0800] "GET /xingrg/kc/buy/cgsh_order_operate.html?command=get_materiel&rest_code=00141&code=00101008224&supplier_code=00100007&order_time=2020-04-13 HTTP/1.1" 200 416
114.88.159.93 - - [13/Apr/2020:11:09:44 +0800] "POST /xingrg/kc/buy/cgsh_order_operate.html HTTP/1.1" 200 2065
117.185.32.26 - - [13/Apr/2020:11:09:44 +0800] "POST /xingrg/login.do HTTP/1.1" 302 -
117.185.32.26 - - [13/Apr/2020:11:09:44 +0800] "GET /xingrg/index.html?sysBaseUrl=http%3A%2F%2F180.169.147.146%3A18081%2Fxingrg%2F&costTime=37×tamp=1586747384900 HTTP/1.1" 200 17413
117.185.32.26 - - [13/Apr/2020:11:09:45 +0800] "POST /xingrg/login.do HTTP/1.1" 302 -
117.185.32.26 - - [13/Apr/2020:11:09:45 +0800] "GET /xingrg/index.html?sysBaseUrl=http%3A%2F%2F180.169.147.146%3A18081%2Fxingrg%2F&costTime=38×tamp=1586747385900 HTTP/1.1" 200 17413
117.185.32.26 - - [13/Apr/2020:11:09:46 +0800] "POST /xingrg/all/common/load_tree.html?tree=area_rest_tree_json&manage=1 HTTP/1.1" 200 342
117.185.32.26 - - [13/Apr/2020:11:09:46 +0800] "GET /xingrg/check_reg.html?_=1586660985751 HTTP/1.1" 200 22
117.185.32.26 - - [13/Apr/2020:11:09:46 +0800] "GET /xingrg/all/function/internal_message.html?_=1586660985750&CODE_STATE=count HTTP/1.1" 200 11
117.185.32.26 - - [13/Apr/2020:11:09:46 +0800] "POST /xingrg/load_menu.html HTTP/1.1" 200 9959
114.88.159.93 - - [13/Apr/2020:11:09:47 +0800] "GET /xingrg/kc/buy/cgsh_order_operate.html?command=get_materiel&rest_code=00141&code=00101008161&supplier_code=00100007&order_time=2020-04-13 HTTP/1.1" 200 409
117.185.32.26 - - [13/Apr/2020:11:09:47 +0800] "POST /xingrg/load_menu.html HTTP/1.1" 200 10168
117.185.32.26 - - [13/Apr/2020:11:09:47 +0800] "GET /favicon.ico HTTP/1.1" 404 -
114.84.33.255 - - [13/Apr/2020:11:09:48 +0800] "GET /xingrg/all/function/internal_message.html?_=1586747390046&CODE_STATE=getMsg HTTP/1.1" 200 27
114.84.33.255 - - [13/Apr/2020:11:09:49 +0800] "GET /xingrg/kc/buy/cgsh_order_operate.html?command=get_materiel&rest_code=00146&code=00101008284&supplier_code=00100005&order_time=2020-04-13 HTTP/1.1" 200 413
120.253.135.82 - - [13/Apr/2020:11:09:50 +0800] "GET /xingrg/kc/pszx/mdth_order_info.html?code=322020041300001 HTTP/1.1" 200 20079
120.253.135.82 - - [13/Apr/2020:11:09:50 +0800] "POST /xingrg/kc/pszx/mdth_order_new_info.html HTTP/1.1" 200 273
120.253.135.82 - - [13/Apr/2020:11:09:50 +0800] "GET /xingrg/javascript/easyui/themes/default/validatebox.css HTTP/1.1" 404 1104
117.185.32.26 - - [13/Apr/2020:11:09:50 +0800] "GET /xingrg/dwr/interface/AjaxGetFirstChart.js HTTP/1.1" 200 631
117.185.32.26 - - [13/Apr/2020:11:09:50 +0800] "GET /xingrg/system/rest/list_page.html?p=menu HTTP/1.1" 200 110877
116.232.48.158 - - [13/Apr/2020:11:09:50 +0800] "GET /xingrg/all/function/internal_message.html?_=1586747283988&CODE_STATE=getMsg HTTP/1.1" 200 27
117.185.32.26 - - [13/Apr/2020:11:09:51 +0800] "GET /xingrg/system/rest/query_items.html?_=1586660990662&table=menu&page=1&rows=20&categoryId=&key= HTTP/1.1" 200 4722
120.253.135.82 - - [13/Apr/2020:11:09:52 +0800] "POST /xingrg/kc/pszx/mdth_order_new_list.html HTTP/1.1" 200 3487
117.131.5.26 - - [13/Apr/2020:11:09:52 +0800] "GET /xingrg/all/function/internal_message.html?_=1586747396054&CODE_STATE=getMsg HTTP/1.1" 200 27
117.185.32.26 - - [13/Apr/2020:11:09:53 +0800] "GET /xingrg/kc/buy/cgsh_order_operate.html?command=get_materiel&rest_code=00106&code=00101008036&supplier_code=00100007&order_time=2020-04-12 HTTP/1.1" 200 408
120.253.135.82 - - [13/Apr/2020:11:09:55 +0800] "GET /xingrg/kc/buy/cgth_order_list.html HTTP/1.1" 200 42012
120.253.135.82 - - [13/Apr/2020:11:09:55 +0800] "POST /xingrg/kc/buy/cgth_list_operate.html HTTP/1.1" 200 1035
117.185.32.26 - - [13/Apr/2020:11:09:55 +0800] "GET /xingrg/system/rest/query_items.html?_=1586660994977&table=menu&page=1&rows=20&categoryId=&key=%25E5%25A4%25A9%25E4%25BB%2599%25E9%25B1%25BC HTTP/1.1" 200 731
120.253.135.82 - - [13/Apr/2020:11:09:57 +0800] "GET /xingrg/kc/buy/cgth_order_add.html HTTP/1.1" 200 59553
120.253.135.82 - - [13/Apr/2020:11:09:57 +0800] "GET /xingrg/javascript/tools/jquery.qtip-1.0.0-rc3.min.js HTTP/1.1" 304 -
120.253.135.82 - - [13/Apr/2020:11:09:57 +0800] "GET /xingrg/javascript/Calendar.js HTTP/1.1" 304 -
120.253.135.82 - - [13/Apr/2020:11:09:57 +0800] "GET /xingrg/javascript/myfunction.js HTTP/1.1" 304 -
120.253.135.82 - - [13/Apr/2020:11:09:57 +0800] "GET /xingrg/dwr/util.js HTTP/1.1" 304 -
120.253.135.82 - - [13/Apr/2020:11:09:57 +0800] "GET /xingrg/javascript/ToolTips.js HTTP/1.1" 304 -
120.253.135.82 - - [13/Apr/2020:11:09:57 +0800] "GET /xingrg/javascript/AjaxInfoList.js HTTP/1.1" 304 -
120.253.135.82 - - [13/Apr/2020:11:09:57 +0800] "GET /xingrg/javascript/Grid.js HTTP/1.1" 304 -
120.253.135.82 - - [13/Apr/2020:11:09:57 +0800] "GET /xingrg/dwr/interface/AjaxComOrderService.js HTTP/1.1" 200 18264
120.253.135.82 - - [13/Apr/2020:11:09:57 +0800] "GET /xingrg/dwr/interface/AjaxCgthService.js HTTP/1.1" 200 14519
120.253.135.82 - - [13/Apr/2020:11:09:57 +0800] "GET /xingrg/dwr/engine.js HTTP/1.1" 200 43631
120.253.135.82 - - [13/Apr/2020:11:09:57 +0800] "GET /xingrg/css/blue.css HTTP/1.1" 304 -
120.253.135.82 - - [13/Apr/2020:11:09:57 +0800] "GET /xingrg/javascript/jquery_easy_ui/themes/icons/edit_add_new.png HTTP/1.1" 200 2997
120.253.135.82 - - [13/Apr/2020:11:09:57 +0800] "GET /xingrg/javascript/jquery_easy_ui/themes/icons/check_new.png HTTP/1.1" 304 -
120.253.135.82 - - [13/Apr/2020:11:09:57 +0800] "GET /xingrg/javascript/jquery_easy_ui/themes/icons/ok.png HTTP/1.1" 200 883
120.253.135.82 - - [13/Apr/2020:11:09:57 +0800] "GET /xingrg/javascript/jquery_easy_ui/themes/icons/cance_new.png HTTP/1.1" 304 -
120.253.135.82 - - [13/Apr/2020:11:09:57 +0800] "GET /xingrg/javascript/jquery_easy_ui/themes/icons/print.png HTTP/1.1" 304 -
120.253.135.82 - - [13/Apr/2020:11:09:57 +0800] "GET /xingrg/javascript/jquery_easy_ui/themes/default/images/menu_downarrow.png HTTP/1.1" 304 -
120.253.135.82 - - [13/Apr/2020:11:09:57 +0800] "GET /xingrg/javascript/jquery_easy_ui/themes/icons/back_new.png HTTP/1.1" 304 -
120.253.135.82 - - [13/Apr/2020:11:09:57 +0800] "GET /xingrg/javascript/jquery_easy_ui/themes/default/images/combo_arrow_dot.gif HTTP/1.1" 304 -
120.253.135.82 - - [13/Apr/2020:11:09:58 +0800] "GET /xingrg/javascript/jquery_easy_ui/themes/default/images/validatebox_warning.png HTTP/1.1" 200 921
120.253.135.82 - - [13/Apr/2020:11:09:58 +0800] "GET /xingrg/javascript/jquery_easy_ui/themes/default/images/validatebox_pointer.gif HTTP/1.1" 200 82
114.88.159.93 - - [13/Apr/2020:11:09:58 +0800] "GET /xingrg/kc/buy/cgsh_order_operate.html?command=get_materiel&rest_code=00141&code=00101008108&supplier_code=00100007&order_time=2020-04-13 HTTP/1.1" 200 412
120.253.135.82 - - [13/Apr/2020:11:09:58 +0800] "GET /xingrg/javascript/jquery_easy_ui/themes/default/images/calendar_prevmonth.gif HTTP/1.1" 304 -
120.253.135.82 - - [13/Apr/2020:11:09:58 +0800] "GET /xingrg/javascript/jquery_easy_ui/themes/default/images/calendar_nextmonth.gif HTTP/1.1" 304 -
120.253.135.82 - - [13/Apr/2020:11:09:58 +0800] "GET /xingrg/javascript/jquery_easy_ui/themes/default/images/calendar_nextyear.gif HTTP/1.1" 304 -
120.253.135.82 - - [13/Apr/2020:11:09:58 +0800] "GET /xingrg/javascript/jquery_easy_ui/themes/default/images/calendar_prevyear.gif HTTP/1.1" 304 -
120.253.135.82 - - [13/Apr/2020:11:09:58 +0800] "POST /xingrg/all/common/load_tree.html?tree=supplier_tree_json&isDelete=1 HTTP/1.1" 200 47144
120.253.135.82 - - [13/Apr/2020:11:09:58 +0800] "GET /xingrg/images/blue/button/kc_tab_add.gif HTTP/1.1" 200 375
120.253.135.82 - - [13/Apr/2020:11:09:58 +0800] "GET /xingrg/images/blue/button/kc_tab_edit.gif HTTP/1.1" 304 -
120.253.135.82 - - [13/Apr/2020:11:09:58 +0800] "GET /xingrg/images/blue/button/kc_tab_save.gif HTTP/1.1" 304 -
120.253.135.82 - - [13/Apr/2020:11:09:58 +0800] "GET /xingrg/images/blue/button/kc_tab_del.gif HTTP/1.1" 200 383
120.253.135.82 - - [13/Apr/2020:11:09:58 +0800] "GET /xingrg/images/blue/kc_tab_left.gif HTTP/1.1" 304 -
120.253.135.82 - - [13/Apr/2020:11:09:58 +0800] "GET /xingrg/images/blue/kc_tab2_left.gif HTTP/1.1" 304 -
120.253.135.82 - - [13/Apr/2020:11:09:58 +0800] "GET /xingrg/images/blue/kc_tab_mid.gif HTTP/1.1" 304 -
120.253.135.82 - - [13/Apr/2020:11:09:58 +0800] "GET /xingrg/images/blue/kc_tab2_right.gif HTTP/1.1" 304 -
120.253.135.82 - - [13/Apr/2020:11:09:58 +0800] "GET /xingrg/images/blue/kc_tab_right.gif HTTP/1.1" 304 -
58.40.7.146 - - [13/Apr/2020:11:10:00 +0800] "GET /xingrg/all/function/internal_message.html?_=1586747400353&CODE_STATE=getMsg HTTP/1.1" 200 27
117.185.32.26 - - [13/Apr/2020:11:10:00 +0800] "GET /xingrg/system/rest/query_items.html?_=1586660999658&table=menu&page=1&rows=20&categoryId=&key=%25E5%25A4%25A9%25E4%25BB%2599%25E9%25B1%25BC HTTP/1.1" 200 731
180.157.252.250 - - [13/Apr/2020:11:10:00 +0800] "GET /xingrg/all/function/internal_message.html?_=1586747401063&CODE_STATE=getMsg HTTP/1.1" 200 27
58.40.7.146 - - [13/Apr/2020:11:10:02 +0800] "GET /xingrg/all/function/internal_message.html?_=1586747402429&CODE_STATE=getMsg HTTP/1.1" 200 27
222.69.139.7 - - [13/Apr/2020:11:10:03 +0800] "POST /xingrg/kc/buy/cgsh_order_operate.html HTTP/1.1" 200 37
180.156.150.85 - - [13/Apr/2020:11:10:05 +0800] "GET /xingrg/all/function/internal_message.html?_=1586747285688&CODE_STATE=getMsg HTTP/1.1" 200 27
101.85.52.41 - - [13/Apr/2020:11:10:06 +0800] "GET /xingrg/all/function/internal_message.html?_=1586747002025&CODE_STATE=getMsg HTTP/1.1" 200 27
101.85.52.41 - - [13/Apr/2020:11:10:06 +0800] "GET /xingrg/check_reg.html?_=1586747002030 HTTP/1.1" 200 22
222.69.139.7 - - [13/Apr/2020:11:10:07 +0800] "POST /xingrg/kc/buy/cgsh_order_operate.html HTTP/1.1" 200 12
222.69.139.7 - - [13/Apr/2020:11:10:08 +0800] "GET /xingrg/kc/buy/cgsh_order_info.html?code=212020041302550 HTTP/1.1" 200 52880
222.69.139.7 - - [13/Apr/2020:11:10:08 +0800] "GET /xingrg/javascript/easyui/themes/default/validatebox.css HTTP/1.1" 404 1104
117.185.32.26 - - [13/Apr/2020:11:10:08 +0800] "GET /xingrg/system/rest/get_item.html?table=menu&id=1729&_=1586661007964 HTTP/1.1" 200 936
117.185.32.26 - - [13/Apr/2020:11:10:08 +0800] "GET /xingrg/system/rest/get_item.html?table=menu&target=menu_rest&id=1729&_=1586661008006 HTTP/1.1" 200 63
117.185.32.26 - - [13/Apr/2020:11:10:08 +0800] "GET /xingrg/system/rest/get_item.html?table=menu&target=cook_mode&id=1729&_=1586661008004 HTTP/1.1" 200 63
222.69.139.7 - - [13/Apr/2020:11:10:08 +0800] "POST /xingrg/kc/buy/cgsh_order_operate.html HTTP/1.1" 200 2374
114.84.33.255 - - [13/Apr/2020:11:10:08 +0800] "POST /xingrg/kc/buy/cgsh_order_operate.html HTTP/1.1" 200 2065
117.185.32.26 - - [13/Apr/2020:11:10:09 +0800] "GET /xingrg/system/rest/get_infos.html?command=menu_img_show&id=1729 HTTP/1.1" 200 5
117.185.32.26 - - [13/Apr/2020:11:10:10 +0800] "GET /xingrg/all/function/internal_message.html?_=1586747824534&CODE_STATE=getMsg HTTP/1.1" 200 27
120.253.135.82 - - [13/Apr/2020:11:10:11 +0800] "GET /xingrg/javascript/auto/indicator.gif HTTP/1.1" 404 1066
222.69.139.7 - - [13/Apr/2020:11:10:11 +0800] "GET /xingrg/kc/print/load_data.html?order_code=212020041302550&kc_code=cgsh&condition= HTTP/1.1" 200 1383
180.156.150.85 - - [13/Apr/2020:11:10:12 +0800] "GET /xingrg/all/function/internal_message.html?_=1586747418522&CODE_STATE=getMsg HTTP/1.1" 200 27
116.238.92.147 - - [13/Apr/2020:11:10:14 +0800] "GET /xingrg/all/function/internal_message.html?_=1586747600481&CODE_STATE=getMsg HTTP/1.1" 200 27
172.17.0.185 - - [13/Apr/2020:11:10:15 +0800] "GET /xingrg/all/function/internal_message.html?_=1586747415009&CODE_STATE=getMsg HTTP/1.1" 200 27
120.253.135.82 - - [13/Apr/2020:11:10:15 +0800] "GET /xingrg/images/blue/wait.gif HTTP/1.1" 304 -
120.253.135.82 - - [13/Apr/2020:11:10:15 +0800] "POST /xingrg/dwr/call/plaincall/AjaxCgthService.saveOrder.dwr HTTP/1.1" 200 78
120.253.135.82 - - [13/Apr/2020:11:10:16 +0800] "GET /xingrg/images/yd/bt.gif HTTP/1.1" 404 1040
222.69.139.7 - - [13/Apr/2020:11:10:16 +0800] "GET /xingrg/kc/buy/cgsh_order_add.html HTTP/1.1" 200 57975
222.69.139.7 - - [13/Apr/2020:11:10:16 +0800] "POST /xingrg/kc/buy/cgsh_order_operate.html HTTP/1.1" 200 8245
222.69.139.7 - - [13/Apr/2020:11:10:16 +0800] "GET /xingrg/javascript/easyui/themes/default/validatebox.css HTTP/1.1" 404 1104
120.253.135.82 - - [13/Apr/2020:11:10:20 +0800] "POST /xingrg/dwr/call/plaincall/AjaxComOrderService.getMaterielSearchList.dwr HTTP/1.1" 200 19262
120.253.135.82 - - [13/Apr/2020:11:10:21 +0800] "POST /xingrg/dwr/call/plaincall/AjaxComOrderService.getMaterielSearchList.dwr HTTP/1.1" 200 1032
114.84.33.255 - - [13/Apr/2020:11:10:22 +0800] "GET /xingrg/kc/buy/cgsh_order_operate.html?command=get_materiel&rest_code=00146&code=00101008061&supplier_code=00100005&order_time=2020-04-13 HTTP/1.1" 200 422
120.253.135.82 - - [13/Apr/2020:11:10:23 +0800] "POST /xingrg/dwr/call/plaincall/AjaxComOrderService.getMaterielSearchList.dwr HTTP/1.1" 200 19262
180.157.252.250 - - [13/Apr/2020:11:10:23 +0800] "GET /xingrg/all/function/internal_message.html?_=1586747423516&CODE_STATE=getMsg HTTP/1.1" 200 27
116.232.51.174 - - [13/Apr/2020:11:10:24 +0800] "GET /xingrg/all/function/internal_message.html?_=1586747535484&CODE_STATE=getMsg HTTP/1.1" 200 27
101.91.60.11 - - [13/Apr/2020:11:10:25 +0800] "GET /xingrg/kc/buy/cgsh_order_operate.html?command=get_materiel&rest_code=00141&code=00101008304&supplier_code=00100007&order_time=2020-04-13 HTTP/1.1" 302 -
222.69.139.7 - - [13/Apr/2020:11:10:25 +0800] "GET /xingrg/all/function/internal_message.html?_=1586747426403&CODE_STATE=getMsg HTTP/1.1" 200 27
114.88.159.93 - - [13/Apr/2020:11:10:26 +0800] "GET /xingrg/all/function/internal_message.html?_=1586747426713&CODE_STATE=getMsg HTTP/1.1" 200 27
120.253.135.82 - - [13/Apr/2020:11:10:27 +0800] "POST /xingrg/dwr/call/plaincall/AjaxComOrderService.getMaterielSearchList.dwr HTTP/1.1" 200 459
101.91.60.11 - - [13/Apr/2020:11:10:29 +0800] "GET /xingrg/login.html HTTP/1.1" 200 7641
180.162.102.27 - - [13/Apr/2020:11:10:29 +0800] "GET /xingrg/check_reg.html?_=1586746898685 HTTP/1.1" 200 22
180.162.102.27 - - [13/Apr/2020:11:10:29 +0800] "GET /xingrg/all/function/internal_message.html?_=1586746898684&CODE_STATE=getMsg HTTP/1.1" 200 27
222.69.139.7 - - [13/Apr/2020:11:10:30 +0800] "GET /xingrg/kc/buy/cgsh_order_operate.html?command=get_materiel&rest_code=00149&code=00101001161&supplier_code=00100313&order_time=2020-04-12 HTTP/1.1" 200 409
120.253.135.82 - - [13/Apr/2020:11:10:30 +0800] "POST /xingrg/dwr/call/plaincall/AjaxCgthService.getMaterielByMap.dwr HTTP/1.1" 200 1463
116.238.92.147 - - [13/Apr/2020:11:10:31 +0800] "POST /xingrg/kc/buy/cgsh_list_operate.html HTTP/1.1" 200 876
222.70.183.62 - - [13/Apr/2020:11:10:34 +0800] "GET /xingrg/check_reg.html?_=1586747435737 HTTP/1.1" 200 22
116.238.92.147 - - [13/Apr/2020:11:10:35 +0800] "GET /xingrg/kc/base/wldb_order_list.html HTTP/1.1" 200 19252
222.70.183.62 - - [13/Apr/2020:11:10:35 +0800] "GET /xingrg/all/function/internal_message.html?_=1586747436854&CODE_STATE=getMsg HTTP/1.1" 200 27
114.84.32.201 - - [13/Apr/2020:11:10:35 +0800] "GET /xingrg/all/function/internal_message.html?_=1586747431847&CODE_STATE=getMsg HTTP/1.1" 200 27
116.238.92.147 - - [13/Apr/2020:11:10:36 +0800] "POST /xingrg/kc/base/wldb_list_operate.html HTTP/1.1" 200 928
117.185.32.26 - - [13/Apr/2020:11:10:36 +0800] "GET /xingrg/kc/buy/cgsh_order_operate.html?command=get_materiel&rest_code=00106&code=00101008131&supplier_code=00100007&order_time=2020-04-12 HTTP/1.1" 200 408
114.88.159.93 - - [13/Apr/2020:11:10:36 +0800] "GET /xingrg/all/function/internal_message.html?_=1586747438895&CODE_STATE=getMsg HTTP/1.1" 200 27
172.17.0.114 - - [13/Apr/2020:11:10:37 +0800] "GET /xingrg/all/function/internal_message.html?_=1586747731642&CODE_STATE=getMsg HTTP/1.1" 200 27
120.253.135.82 - - [13/Apr/2020:11:10:38 +0800] "GET /xingrg/check_reg.html?_=1586747188233 HTTP/1.1" 200 22
120.253.135.82 - - [13/Apr/2020:11:10:38 +0800] "GET /xingrg/all/function/internal_message.html?_=1586747188291&CODE_STATE=getMsg HTTP/1.1" 200 27
222.69.139.7 - - [13/Apr/2020:11:10:38 +0800] "GET /xingrg/kc/buy/cgsh_order_operate.html?command=get_materiel&rest_code=00149&code=00102026001&supplier_code=00100313&order_time=2020-04-12 HTTP/1.1" 200 409
116.238.92.147 - - [13/Apr/2020:11:10:39 +0800] "GET /xingrg/kc/base/wldb_order_add.html HTTP/1.1" 200 30309
116.238.92.147 - - [13/Apr/2020:11:10:39 +0800] "POST /xingrg/kc/base/wldb_order_operate.html HTTP/1.1" 200 6806
116.238.92.147 - - [13/Apr/2020:11:10:39 +0800] "GET /xingrg/all/common/auto_word.html?type=base&rest_code=00102 HTTP/1.1" 200 1503
116.238.92.147 - - [13/Apr/2020:11:10:39 +0800] "GET /xingrg/all/common/auto_word.html?type=base&rest_code=00102 HTTP/1.1" 200 1503
116.238.92.147 - - [13/Apr/2020:11:10:40 +0800] "GET /xingrg/javascript/easyui/themes/default/validatebox.css HTTP/1.1" 404 1104
116.238.92.147 - - [13/Apr/2020:11:10:40 +0800] "POST /xingrg/all/common/load_combo.html?type=base HTTP/1.1" 200 2702
101.91.62.65 - - [13/Apr/2020:11:10:41 +0800] "GET /xingrg/all/function/internal_message.html?_=1586747366682&CODE_STATE=getMsg HTTP/1.1" 302 -
116.235.222.53 - - [13/Apr/2020:11:10:41 +0800] "GET /xingrg/all/function/internal_message.html?_=1586747441449&CODE_STATE=getMsg HTTP/1.1" 200 27
117.185.32.26 - - [13/Apr/2020:11:10:46 +0800] "GET /xingrg/all/function/internal_message.html?_=1586661045761&CODE_STATE=getMsg HTTP/1.1" 200 27
116.238.92.147 - - [13/Apr/2020:11:10:46 +0800] "POST /xingrg/all/common/load_combo.html?type=base HTTP/1.1" 200 2702
120.253.135.82 - - [13/Apr/2020:11:10:46 +0800] "POST /xingrg/dwr/call/plaincall/AjaxCgthService.saveMaterielItem.dwr HTTP/1.1" 200 78
101.91.62.65 - - [13/Apr/2020:11:10:48 +0800] "GET /xingrg/login.html HTTP/1.1" 200 7641
114.84.33.255 - - [13/Apr/2020:11:10:48 +0800] "GET /xingrg/all/function/internal_message.html?_=1586747450060&CODE_STATE=getMsg HTTP/1.1" 200 27
120.253.135.82 - - [13/Apr/2020:11:10:48 +0800] "GET /xingrg/javascript/jquery_easy_ui/themes/default/images/tabs_active.png HTTP/1.1" 304 -
120.253.135.82 - - [13/Apr/2020:11:10:49 +0800] "GET /xingrg/javascript/jquery_easy_ui/themes/default/images/button_plain_hover.png HTTP/1.1" 304 -
222.69.139.7 - - [13/Apr/2020:11:10:49 +0800] "POST /xingrg/kc/buy/cgsh_order_operate.html HTTP/1.1" 200 37
120.253.135.82 - - [13/Apr/2020:11:10:50 +0800] "POST /xingrg/dwr/call/plaincall/AjaxCgthService.saveOrder.dwr HTTP/1.1" 200 78
117.185.32.26 - - [13/Apr/2020:11:10:50 +0800] "GET /xingrg/kc/buy/cgsh_order_operate.html?command=get_materiel&rest_code=00106&code=00101008352&supplier_code=00100007&order_time=2020-04-12 HTTP/1.1" 200 412
116.232.48.158 - - [13/Apr/2020:11:10:50 +0800] "GET /xingrg/all/function/internal_message.html?_=1586747344003&CODE_STATE=getMsg HTTP/1.1" 200 27
222.69.139.7 - - [13/Apr/2020:11:10:51 +0800] "POST /xingrg/kc/buy/cgsh_order_operate.html HTTP/1.1" 200 12
