172.17.0.123 - - [13/Apr/2020:11:18:17 +0800] "GET /xingrg/javascript/print/kc_print.js HTTP/1.1" 200 11415
172.17.0.123 - - [13/Apr/2020:11:18:17 +0800] "GET /xingrg/javascript/print/LodopFuncs.js HTTP/1.1" 200 5121
172.17.0.123 - - [13/Apr/2020:11:18:19 +0800] "GET /xingrg/javascript/jquery_easy_ui/themes/icons/print.png HTTP/1.1" 200 1057
172.17.0.123 - - [13/Apr/2020:11:18:19 +0800] "GET /xingrg/javascript/jquery_easy_ui/themes/icons/uncheck_new.png HTTP/1.1" 200 3197
172.17.0.123 - - [13/Apr/2020:11:18:19 +0800] "GET /xingrg/javascript/jquery_easy_ui/themes/icons/exam_new.png HTTP/1.1" 200 756
172.17.0.123 - - [13/Apr/2020:11:18:19 +0800] "GET /xingrg/javascript/jquery_easy_ui/themes/default/images/menu_downarrow.png HTTP/1.1" 200 173
172.17.0.123 - - [13/Apr/2020:11:18:19 +0800] "GET /xingrg/javascript/jquery_easy_ui/themes/icons/back_new.png HTTP/1.1" 200 3414
222.69.139.7 - - [13/Apr/2020:11:18:19 +0800] "GET /xingrg/kc/buy/cgsh_order_operate.html?command=get_materiel&rest_code=00149&code=00101008137&supplier_code=00100005&order_time=2020-04-12 HTTP/1.1" 200 408
172.17.0.123 - - [13/Apr/2020:11:18:19 +0800] "POST /xingrg/dwr/call/plaincall/AjaxCheckService.loadOrderItems.dwr HTTP/1.1" 200 42529
114.88.159.93 - - [13/Apr/2020:11:18:21 +0800] "GET /xingrg/kc/buy/cgsh_order_operate.html?command=get_materiel&rest_code=00141&code=00101012046&supplier_code=00100345&order_time=2020-04-13 HTTP/1.1" 200 417
116.238.92.147 - - [13/Apr/2020:11:18:23 +0800] "GET /xingrg/kc/base/wldb_order_operate.html?command=get_materiel&rest_code=00102&base_code=0010476&code=00101019187 HTTP/1.1" 200 465
180.157.252.250 - - [13/Apr/2020:11:18:23 +0800] "GET /xingrg/all/function/internal_message.html?_=1586747903511&CODE_STATE=getMsg HTTP/1.1" 200 27
222.69.139.7 - - [13/Apr/2020:11:18:25 +0800] "GET /xingrg/all/function/internal_message.html?_=1586747906228&CODE_STATE=getMsg HTTP/1.1" 200 27
172.17.0.123 - - [13/Apr/2020:11:18:25 +0800] "GET /xingrg/javascript/jquery_easy_ui/themes/default/images/button_plain_hover.png HTTP/1.1" 200 252
114.88.159.93 - - [13/Apr/2020:11:18:26 +0800] "GET /xingrg/all/function/internal_message.html?_=1586747906662&CODE_STATE=getMsg HTTP/1.1" 200 27
172.17.0.123 - - [13/Apr/2020:11:18:27 +0800] "GET /xingrg/kc/print/load_config.html?_=1586747908589&kc_code=check HTTP/1.1" 200 2729
172.17.0.123 - - [13/Apr/2020:11:18:27 +0800] "GET /xingrg/kc/print/load_data.html?_=1586747908615&order_code=452020040900035&kc_code=check HTTP/1.1" 200 25313
222.69.139.7 - - [13/Apr/2020:11:18:27 +0800] "GET /xingrg/kc/buy/cgsh_order_operate.html?command=get_materiel&rest_code=00149&code=00101008059&supplier_code=00100005&order_time=2020-04-12 HTTP/1.1" 200 408
180.162.102.27 - - [13/Apr/2020:11:18:29 +0800] "GET /xingrg/all/function/internal_message.html?_=1586747378685&CODE_STATE=getMsg HTTP/1.1" 200 27
114.88.159.93 - - [13/Apr/2020:11:18:30 +0800] "POST /xingrg/kc/buy/cgsh_order_operate.html HTTP/1.1" 200 37
114.88.159.93 - - [13/Apr/2020:11:18:31 +0800] "POST /xingrg/kc/buy/cgsh_order_operate.html HTTP/1.1" 200 12
114.88.159.93 - - [13/Apr/2020:11:18:32 +0800] "GET /xingrg/kc/buy/cgsh_order_info.html?code=212020041302566 HTTP/1.1" 200 52879
114.88.159.93 - - [13/Apr/2020:11:18:32 +0800] "GET /xingrg/javascript/easyui/themes/default/validatebox.css HTTP/1.1" 404 1104
58.40.7.146 - - [13/Apr/2020:11:18:32 +0800] "GET /xingrg/system/rest/list_page.html?p=down&table=dl_menu HTTP/1.1" 200 20358
180.156.150.85 - - [13/Apr/2020:11:18:33 +0800] "POST /xingrg/kc/buy/cgsh_order_operate.html HTTP/1.1" 200 37
114.88.159.93 - - [13/Apr/2020:11:18:33 +0800] "POST /xingrg/kc/buy/cgsh_order_operate.html HTTP/1.1" 200 610
58.40.7.146 - - [13/Apr/2020:11:18:33 +0800] "GET /xingrg/system/rest/query_items.html?_=1586747913711&table=down&tcode=dl_menu&key= HTTP/1.1" 200 9892
180.156.150.85 - - [13/Apr/2020:11:18:34 +0800] "POST /xingrg/kc/buy/cgsh_order_operate.html HTTP/1.1" 200 2674
114.88.159.93 - - [13/Apr/2020:11:18:34 +0800] "GET /xingrg/kc/print/load_data.html?order_code=212020041302566&kc_code=cgsh&condition= HTTP/1.1" 200 704
180.156.150.85 - - [13/Apr/2020:11:18:35 +0800] "GET /xingrg/kc/print/load_data.html?order_code=212020041302567&kc_code=cgsh&condition= HTTP/1.1" 200 697
222.70.183.62 - - [13/Apr/2020:11:18:35 +0800] "GET /xingrg/all/function/internal_message.html?_=1586747916965&CODE_STATE=getMsg HTTP/1.1" 200 27
114.84.32.201 - - [13/Apr/2020:11:18:36 +0800] "GET /xingrg/all/function/internal_message.html?_=1586747911864&CODE_STATE=getMsg HTTP/1.1" 200 27
114.88.159.93 - - [13/Apr/2020:11:18:36 +0800] "GET /xingrg/all/function/internal_message.html?_=1586747918906&CODE_STATE=getMsg HTTP/1.1" 200 27
172.17.0.114 - - [13/Apr/2020:11:18:37 +0800] "GET /xingrg/all/function/internal_message.html?_=1586748211632&CODE_STATE=getMsg HTTP/1.1" 200 27
58.40.7.146 - - [13/Apr/2020:11:18:37 +0800] "GET /xingrg/system/rest/get_item.html?table=down&code=57635ef9f5df4d808ec8d0b385243ee3&_=1586747917805 HTTP/1.1" 200 233
58.40.7.146 - - [13/Apr/2020:11:18:37 +0800] "POST /xingrg/system/rest/edit_item.html HTTP/1.1" 200 4
58.40.7.146 - - [13/Apr/2020:11:18:37 +0800] "POST /xingrg/all/common/load_tree.html?tree=area_station_tree_json&defaultRests=1_16 HTTP/1.1" 200 2989
58.40.7.146 - - [13/Apr/2020:11:18:37 +0800] "POST /xingrg/system/rest/get_infos.html HTTP/1.1" 200 509020
222.69.139.7 - - [13/Apr/2020:11:18:37 +0800] "POST /xingrg/kc/buy/cgsh_order_operate.html HTTP/1.1" 200 2065
120.253.135.82 - - [13/Apr/2020:11:18:38 +0800] "GET /xingrg/all/function/internal_message.html?_=1586747668475&CODE_STATE=getMsg HTTP/1.1" 200 27
180.156.150.85 - - [13/Apr/2020:11:18:38 +0800] "GET /xingrg/kc/buy/cgsh_order_list.html HTTP/1.1" 200 42354
180.156.150.85 - - [13/Apr/2020:11:18:39 +0800] "POST /xingrg/kc/buy/cgsh_list_operate.html HTTP/1.1" 200 4601
116.235.222.53 - - [13/Apr/2020:11:18:41 +0800] "GET /xingrg/all/function/internal_message.html?_=1586747921472&CODE_STATE=getMsg HTTP/1.1" 200 27
116.235.222.53 - - [13/Apr/2020:11:18:41 +0800] "GET /xingrg/check_reg.html?_=1586747921475 HTTP/1.1" 200 22
222.69.139.7 - - [13/Apr/2020:11:18:41 +0800] "GET /xingrg/kc/buy/cgsh_order_operate.html?command=get_materiel&rest_code=00149&code=00101008172&supplier_code=00100005&order_time=2020-04-12 HTTP/1.1" 200 412
114.88.159.93 - - [13/Apr/2020:11:18:42 +0800] "GET /xingrg/kc/buy/cgsh_order_add.html HTTP/1.1" 200 57975
114.88.159.93 - - [13/Apr/2020:11:18:42 +0800] "POST /xingrg/kc/buy/cgsh_order_operate.html HTTP/1.1" 200 8245
114.88.159.93 - - [13/Apr/2020:11:18:42 +0800] "GET /xingrg/javascript/easyui/themes/default/validatebox.css HTTP/1.1" 404 1104
116.238.92.147 - - [13/Apr/2020:11:18:45 +0800] "GET /xingrg/kc/base/wldb_order_operate.html?command=get_materiel&rest_code=00102&base_code=0010476&code=00101019184 HTTP/1.1" 200 443
58.40.7.146 - - [13/Apr/2020:11:18:47 +0800] "GET /xingrg/dwr/interface/AjaxGetFirstChart.js HTTP/1.1" 200 631
58.40.7.146 - - [13/Apr/2020:11:18:47 +0800] "GET /xingrg/system/rest/list_page.html?p=menu HTTP/1.1" 200 110877
58.40.7.146 - - [13/Apr/2020:11:18:47 +0800] "GET /xingrg/dwr/util.js HTTP/1.1" 304 -
58.40.7.146 - - [13/Apr/2020:11:18:47 +0800] "GET /xingrg/dwr/engine.js HTTP/1.1" 200 43631
180.156.150.85 - - [13/Apr/2020:11:18:47 +0800] "POST /xingrg/kc/buy/cgsh_list_operate.html HTTP/1.1" 200 352
180.156.150.85 - - [13/Apr/2020:11:18:48 +0800] "GET /xingrg/kc/buy/cgsh_order_info.html?code=212020041302564 HTTP/1.1" 200 57982
58.40.7.146 - - [13/Apr/2020:11:18:48 +0800] "GET /xingrg/system/rest/query_items.html?_=1586747928420&table=menu&page=1&rows=20&categoryId=&key= HTTP/1.1" 200 4722
180.156.150.85 - - [13/Apr/2020:11:18:48 +0800] "GET /xingrg/javascript/easyui/themes/default/validatebox.css HTTP/1.1" 404 1104
114.84.33.255 - - [13/Apr/2020:11:18:48 +0800] "GET /xingrg/all/function/internal_message.html?_=1586747930636&CODE_STATE=getMsg HTTP/1.1" 200 27
180.156.150.85 - - [13/Apr/2020:11:18:48 +0800] "POST /xingrg/kc/buy/cgsh_order_operate.html HTTP/1.1" 200 3854
116.238.92.147 - - [13/Apr/2020:11:18:49 +0800] "GET /xingrg/all/function/internal_message.html?_=1586748115985&CODE_STATE=getMsg HTTP/1.1" 200 27
61.151.178.165 - - [13/Apr/2020:11:18:50 +0800] "GET /xingrg/kc/buy/cgsh_order_operate.html?command=get_materiel&rest_code=00141&code=00101010310&supplier_code=00100314&order_time=2020-04-13 HTTP/1.1" 302 -
114.88.159.93 - - [13/Apr/2020:11:18:51 +0800] "GET /xingrg/kc/buy/cgsh_order_operate.html?command=get_materiel&rest_code=00141&code=00101007077&supplier_code=00100328&order_time=2020-04-13 HTTP/1.1" 200 415
58.40.7.146 - - [13/Apr/2020:11:18:52 +0800] "GET /xingrg/system/rest/query_items.html?_=1586747932374&table=menu&page=1&rows=20&categoryId=&key= HTTP/1.1" 200 4722
117.131.5.26 - - [13/Apr/2020:11:18:52 +0800] "GET /xingrg/all/function/internal_message.html?_=1586747936070&CODE_STATE=getMsg HTTP/1.1" 200 27
222.69.139.7 - - [13/Apr/2020:11:18:53 +0800] "POST /xingrg/kc/buy/cgsh_order_operate.html HTTP/1.1" 200 37
58.40.7.146 - - [13/Apr/2020:11:18:53 +0800] "GET /xingrg/system/rest/list_page.html?p=down&table=dl_menu HTTP/1.1" 200 20358
222.69.139.7 - - [13/Apr/2020:11:18:54 +0800] "POST /xingrg/kc/buy/cgsh_order_operate.html HTTP/1.1" 200 16848
61.151.178.165 - - [13/Apr/2020:11:18:54 +0800] "GET /xingrg/login.html HTTP/1.1" 200 7641
58.40.7.146 - - [13/Apr/2020:11:18:54 +0800] "GET /xingrg/system/rest/query_items.html?_=1586747934652&table=down&tcode=dl_menu&key= HTTP/1.1" 200 9892
58.40.7.146 - - [13/Apr/2020:11:18:59 +0800] "GET /xingrg/system/rest/get_item.html?table=down&code=57635ef9f5df4d808ec8d0b385243ee3&_=1586747939874 HTTP/1.1" 200 233
58.40.7.146 - - [13/Apr/2020:11:18:59 +0800] "POST /xingrg/system/rest/edit_item.html HTTP/1.1" 200 4
58.40.7.146 - - [13/Apr/2020:11:18:59 +0800] "POST /xingrg/all/common/load_tree.html?tree=area_station_tree_json&defaultRests=1_16 HTTP/1.1" 200 2989
58.40.7.146 - - [13/Apr/2020:11:19:00 +0800] "GET /xingrg/all/function/internal_message.html?_=1586747940353&CODE_STATE=getMsg HTTP/1.1" 200 27
58.40.7.146 - - [13/Apr/2020:11:19:00 +0800] "POST /xingrg/system/rest/get_infos.html HTTP/1.1" 200 509020
180.157.252.250 - - [13/Apr/2020:11:19:00 +0800] "GET /xingrg/check_reg.html?_=1586747940914 HTTP/1.1" 200 22
180.157.252.250 - - [13/Apr/2020:11:19:00 +0800] "GET /xingrg/all/function/internal_message.html?_=1586747941232&CODE_STATE=getMsg HTTP/1.1" 200 27
116.232.51.174 - - [13/Apr/2020:11:19:04 +0800] "GET /xingrg/all/function/internal_message.html?_=1586747984406&CODE_STATE=getMsg HTTP/1.1" 200 27
58.40.7.146 - - [13/Apr/2020:11:19:05 +0800] "GET /xingrg/all/function/internal_message.html?_=1586747945357&CODE_STATE=getMsg HTTP/1.1" 200 27
180.156.150.85 - - [13/Apr/2020:11:19:05 +0800] "GET /xingrg/all/function/internal_message.html?_=1586747825715&CODE_STATE=getMsg HTTP/1.1" 200 27
101.85.52.41 - - [13/Apr/2020:11:19:06 +0800] "GET /xingrg/all/function/internal_message.html?_=1586747542043&CODE_STATE=getMsg HTTP/1.1" 200 27
114.88.159.93 - - [13/Apr/2020:11:19:07 +0800] "POST /xingrg/kc/buy/cgsh_order_operate.html HTTP/1.1" 200 37
114.88.159.93 - - [13/Apr/2020:11:19:08 +0800] "POST /xingrg/kc/buy/cgsh_order_operate.html HTTP/1.1" 200 12
114.88.159.93 - - [13/Apr/2020:11:19:09 +0800] "GET /xingrg/kc/buy/cgsh_order_info.html?code=212020041302569 HTTP/1.1" 200 52881
180.156.150.85 - - [13/Apr/2020:11:19:09 +0800] "GET /xingrg/kc/buy/cgsh_order_add.html HTTP/1.1" 200 57969
114.88.159.93 - - [13/Apr/2020:11:19:09 +0800] "GET /xingrg/javascript/easyui/themes/default/validatebox.css HTTP/1.1" 404 1104
180.156.150.85 - - [13/Apr/2020:11:19:09 +0800] "GET /xingrg/javascript/easyui/themes/default/validatebox.css HTTP/1.1" 404 1104
180.156.150.85 - - [13/Apr/2020:11:19:09 +0800] "POST /xingrg/kc/buy/cgsh_order_operate.html HTTP/1.1" 200 8245
114.88.159.93 - - [13/Apr/2020:11:19:09 +0800] "POST /xingrg/kc/buy/cgsh_order_operate.html HTTP/1.1" 200 610
116.238.92.147 - - [13/Apr/2020:11:19:09 +0800] "POST /xingrg/kc/base/wldb_order_operate.html HTTP/1.1" 200 37
117.185.32.26 - - [13/Apr/2020:11:19:10 +0800] "GET /xingrg/all/function/internal_message.html?_=1586748364629&CODE_STATE=getMsg HTTP/1.1" 200 27
114.88.159.93 - - [13/Apr/2020:11:19:10 +0800] "GET /xingrg/kc/print/load_data.html?order_code=212020041302569&kc_code=cgsh&condition= HTTP/1.1" 200 717
116.238.92.147 - - [13/Apr/2020:11:19:11 +0800] "POST /xingrg/kc/base/wldb_order_operate.html HTTP/1.1" 200 12
116.238.92.147 - - [13/Apr/2020:11:19:11 +0800] "POST /xingrg/kc/base/wldb_order_operate.html HTTP/1.1" 200 10307
58.40.7.146 - - [13/Apr/2020:11:19:11 +0800] "POST /xingrg/system/rest/search_item.html HTTP/1.1" 200 209
180.156.150.85 - - [13/Apr/2020:11:19:12 +0800] "GET /xingrg/all/function/internal_message.html?_=1586747958547&CODE_STATE=getMsg HTTP/1.1" 200 27
172.17.0.185 - - [13/Apr/2020:11:19:15 +0800] "GET /xingrg/all/function/internal_message.html?_=1586747955022&CODE_STATE=getMsg HTTP/1.1" 200 27
172.17.0.185 - - [13/Apr/2020:11:19:15 +0800] "GET /xingrg/check_reg.html?_=1586747955026 HTTP/1.1" 200 22
114.88.159.93 - - [13/Apr/2020:11:19:17 +0800] "GET /xingrg/kc/buy/cgsh_order_add.html HTTP/1.1" 200 57975
114.88.159.93 - - [13/Apr/2020:11:19:17 +0800] "POST /xingrg/kc/buy/cgsh_order_operate.html HTTP/1.1" 200 8245
114.88.159.93 - - [13/Apr/2020:11:19:18 +0800] "GET /xingrg/javascript/easyui/themes/default/validatebox.css HTTP/1.1" 404 1104
116.238.92.147 - - [13/Apr/2020:11:19:19 +0800] "GET /xingrg/kc/base/wldb_order_info.html?code=422020041300731 HTTP/1.1" 200 26186
116.238.92.147 - - [13/Apr/2020:11:19:20 +0800] "POST /xingrg/kc/base/wldb_order_operate.html HTTP/1.1" 200 8420
116.238.92.147 - - [13/Apr/2020:11:19:20 +0800] "GET /xingrg/javascript/easyui/themes/default/validatebox.css HTTP/1.1" 404 1104
114.84.33.255 - - [13/Apr/2020:11:19:21 +0800] "POST /xingrg/kc/buy/cgsh_order_operate.html HTTP/1.1" 200 37
114.84.33.255 - - [13/Apr/2020:11:19:22 +0800] "POST /xingrg/kc/buy/cgsh_order_operate.html HTTP/1.1" 200 3848
117.185.32.26 - - [13/Apr/2020:11:19:22 +0800] "GET /xingrg/kc/buy/cgsh_order_operate.html?command=get_materiel&rest_code=00106&code=00101008168&supplier_code=00100007&order_time=2020-04-12 HTTP/1.1" 200 413
114.84.33.255 - - [13/Apr/2020:11:19:23 +0800] "GET /xingrg/kc/print/load_data.html?order_code=212020041302570&kc_code=cgsh&condition= HTTP/1.1" 200 1141
180.157.252.250 - - [13/Apr/2020:11:19:23 +0800] "GET /xingrg/all/function/internal_message.html?_=1586747963516&CODE_STATE=getMsg HTTP/1.1" 200 27
116.238.92.147 - - [13/Apr/2020:11:19:24 +0800] "GET /xingrg/kc/base/wldb_order_add.html HTTP/1.1" 200 30309
222.69.139.7 - - [13/Apr/2020:11:19:25 +0800] "GET /xingrg/all/function/internal_message.html?_=1586747966210&CODE_STATE=getMsg HTTP/1.1" 200 27
116.238.92.147 - - [13/Apr/2020:11:19:25 +0800] "POST /xingrg/kc/base/wldb_order_operate.html HTTP/1.1" 200 6806
61.129.7.235 - - [13/Apr/2020:11:19:25 +0800] "GET /xingrg/kc/buy/cgsh_order_operate.html?command=get_materiel&rest_code=00141&code=00101012046&supplier_code=00100345&order_time=2020-04-13 HTTP/1.1" 302 -
116.238.92.147 - - [13/Apr/2020:11:19:26 +0800] "GET /xingrg/javascript/easyui/themes/default/validatebox.css HTTP/1.1" 404 1104
114.88.159.93 - - [13/Apr/2020:11:19:26 +0800] "GET /xingrg/all/function/internal_message.html?_=1586747966649&CODE_STATE=getMsg HTTP/1.1" 200 27
114.88.159.93 - - [13/Apr/2020:11:19:26 +0800] "GET /xingrg/check_reg.html?_=1586747966647 HTTP/1.1" 200 22
116.238.92.147 - - [13/Apr/2020:11:19:27 +0800] "POST /xingrg/all/common/load_combo.html?type=base HTTP/1.1" 200 2702
114.88.159.93 - - [13/Apr/2020:11:19:28 +0800] "GET /xingrg/kc/buy/cgsh_order_operate.html?command=get_materiel&rest_code=00141&code=00101001093&supplier_code=00100090&order_time=2020-04-13 HTTP/1.1" 200 411
180.156.150.85 - - [13/Apr/2020:11:19:29 +0800] "GET /xingrg/kc/buy/cgsh_order_operate.html?command=get_materiel&rest_code=00105&code=00101002038&supplier_code=00100087&order_time=2020-04-12 HTTP/1.1" 200 414
180.162.102.27 - - [13/Apr/2020:11:19:29 +0800] "GET /xingrg/all/function/internal_message.html?_=1586747438685&CODE_STATE=getMsg HTTP/1.1" 200 27
116.238.92.147 - - [13/Apr/2020:11:19:30 +0800] "POST /xingrg/all/common/load_combo.html?type=base HTTP/1.1" 200 2702
101.227.139.171 - - [13/Apr/2020:11:19:30 +0800] "GET /xingrg/all/function/internal_message.html?_=1586747906662&CODE_STATE=getMsg HTTP/1.1" 302 -
61.129.7.235 - - [13/Apr/2020:11:19:30 +0800] "GET /xingrg/login.html HTTP/1.1" 200 7641
58.40.7.146 - - [13/Apr/2020:11:19:31 +0800] "POST /xingrg/system/rest/edit_item.html HTTP/1.1" 200 32
58.40.7.146 - - [13/Apr/2020:11:19:31 +0800] "POST /xingrg/system/rest/edit_item.html HTTP/1.1" 200 -
58.40.7.146 - - [13/Apr/2020:11:19:31 +0800] "POST /xingrg/system/rest/edit_item.html HTTP/1.1" 200 32
58.40.7.146 - - [13/Apr/2020:11:19:31 +0800] "GET /xingrg/system/rest/get_item.html?table=down&code=57635ef9f5df4d808ec8d0b385243ee3&_=1586747971841 HTTP/1.1" 200 233
114.84.33.255 - - [13/Apr/2020:11:19:32 +0800] "GET /xingrg/kc/buy/cgsh_order_add.html HTTP/1.1" 200 57975
58.40.7.146 - - [13/Apr/2020:11:19:32 +0800] "POST /xingrg/system/rest/edit_item.html HTTP/1.1" 200 4
58.40.7.146 - - [13/Apr/2020:11:19:32 +0800] "GET /xingrg/system/rest/query_items.html?_=1586747973139&table=down&tcode=dl_menu&key= HTTP/1.1" 200 9892
101.227.139.171 - - [13/Apr/2020:11:19:32 +0800] "GET /xingrg/login.html HTTP/1.1" 200 7641
58.40.7.146 - - [13/Apr/2020:11:19:32 +0800] "POST /xingrg/all/common/load_tree.html?tree=area_station_tree_json&defaultRests=1_16 HTTP/1.1" 200 2989
58.40.7.146 - - [13/Apr/2020:11:19:33 +0800] "POST /xingrg/system/rest/get_infos.html HTTP/1.1" 200 509020
114.84.33.255 - - [13/Apr/2020:11:19:33 +0800] "POST /xingrg/kc/buy/cgsh_order_operate.html HTTP/1.1" 200 8245
114.84.33.255 - - [13/Apr/2020:11:19:33 +0800] "GET /xingrg/javascript/easyui/themes/default/validatebox.css HTTP/1.1" 404 1104
172.17.0.113 - - [13/Apr/2020:11:19:35 +0800] "GET /xingrg/login.html HTTP/1.1" 200 7636
172.17.0.113 - - [13/Apr/2020:11:19:35 +0800] "GET /favicon.ico HTTP/1.1" 404 -
222.70.183.62 - - [13/Apr/2020:11:19:35 +0800] "GET /xingrg/all/function/internal_message.html?_=1586747976977&CODE_STATE=getMsg HTTP/1.1" 200 27
114.84.32.201 - - [13/Apr/2020:11:19:36 +0800] "GET /xingrg/all/function/internal_message.html?_=1586747971864&CODE_STATE=getMsg HTTP/1.1" 200 27
114.88.159.93 - - [13/Apr/2020:11:19:36 +0800] "GET /xingrg/all/function/internal_message.html?_=1586747978895&CODE_STATE=getMsg HTTP/1.1" 200 27
172.17.0.114 - - [13/Apr/2020:11:19:37 +0800] "GET /xingrg/all/function/internal_message.html?_=1586748271636&CODE_STATE=getMsg HTTP/1.1" 200 27
101.89.19.197 - - [13/Apr/2020:11:19:37 +0800] "GET /xingrg/kc/buy/cgsh_order_info.html?code=212020041302566 HTTP/1.1" 302 -
101.89.19.149 - - [13/Apr/2020:11:19:37 +0800] "GET /xingrg/kc/print/load_data.html?order_code=212020041302566&kc_code=cgsh&condition= HTTP/1.1" 302 -
120.253.135.82 - - [13/Apr/2020:11:19:38 +0800] "GET /xingrg/all/function/internal_message.html?_=1586747728491&CODE_STATE=getMsg HTTP/1.1" 200 27
101.89.19.197 - - [13/Apr/2020:11:19:40 +0800] "GET /xingrg/login.html HTTP/1.1" 200 7641
101.89.19.149 - - [13/Apr/2020:11:19:40 +0800] "GET /xingrg/login.html HTTP/1.1" 200 7641
114.88.159.93 - - [13/Apr/2020:11:19:41 +0800] "GET /xingrg/kc/buy/cgsh_order_operate.html?command=get_materiel&rest_code=00141&code=00101001125&supplier_code=00100090&order_time=2020-04-13 HTTP/1.1" 200 415
116.235.222.53 - - [13/Apr/2020:11:19:41 +0800] "GET /xingrg/all/function/internal_message.html?_=1586747981478&CODE_STATE=getMsg HTTP/1.1" 200 27
114.84.33.255 - - [13/Apr/2020:11:19:45 +0800] "GET /xingrg/kc/buy/cgsh_order_operate.html?command=get_materiel&rest_code=00146&code=00101001051&supplier_code=00100094&order_time=2020-04-13 HTTP/1.1" 200 422
180.156.150.85 - - [13/Apr/2020:11:19:46 +0800] "GET /xingrg/kc/buy/cgsh_order_operate.html?command=get_materiel&rest_code=00105&code=00101002002&supplier_code=00100087&order_time=2020-04-12 HTTP/1.1" 200 420
114.84.33.255 - - [13/Apr/2020:11:19:48 +0800] "GET /xingrg/all/function/internal_message.html?_=1586747990650&CODE_STATE=getMsg HTTP/1.1" 200 27
116.238.92.147 - - [13/Apr/2020:11:19:49 +0800] "GET /xingrg/all/function/internal_message.html?_=1586748176000&CODE_STATE=getMsg HTTP/1.1" 200 27
117.185.32.26 - - [13/Apr/2020:11:19:51 +0800] "POST /xingrg/kc/buy/cgsh_order_operate.html HTTP/1.1" 200 2065
114.88.159.93 - - [13/Apr/2020:11:19:51 +0800] "GET /xingrg/kc/buy/cgsh_order_operate.html?command=get_materiel&rest_code=00141&code=00101004012&supplier_code=00100090&order_time=2020-04-13 HTTP/1.1" 200 421
117.131.5.26 - - [13/Apr/2020:11:19:52 +0800] "GET /xingrg/all/function/internal_message.html?_=1586747996070&CODE_STATE=getMsg HTTP/1.1" 200 27
114.84.33.255 - - [13/Apr/2020:11:19:54 +0800] "POST /xingrg/kc/buy/cgsh_order_operate.html HTTP/1.1" 200 37
114.84.33.255 - - [13/Apr/2020:11:19:55 +0800] "POST /xingrg/kc/buy/cgsh_order_operate.html HTTP/1.1" 200 2669
114.84.33.255 - - [13/Apr/2020:11:19:59 +0800] "GET /xingrg/kc/print/load_data.html?order_code=212020041302571&kc_code=cgsh&condition= HTTP/1.1" 200 759
117.185.32.26 - - [13/Apr/2020:11:19:59 +0800] "GET /xingrg/kc/buy/cgsh_order_operate.html?command=get_materiel&rest_code=00106&code=00101008285&supplier_code=00100007&order_time=2020-04-12 HTTP/1.1" 200 413
58.40.7.146 - - [13/Apr/2020:11:20:00 +0800] "GET /xingrg/all/function/internal_message.html?_=1586748000355&CODE_STATE=getMsg HTTP/1.1" 200 27
180.157.252.250 - - [13/Apr/2020:11:20:00 +0800] "GET /xingrg/all/function/internal_message.html?_=1586748001246&CODE_STATE=getMsg HTTP/1.1" 200 27
116.232.51.174 - - [13/Apr/2020:11:20:02 +0800] "GET /xingrg/all/function/internal_message.html?_=1586748044421&CODE_STATE=getMsg HTTP/1.1" 200 27
180.156.150.85 - - [13/Apr/2020:11:20:04 +0800] "POST /xingrg/kc/buy/cgsh_order_operate.html HTTP/1.1" 200 37
180.156.150.85 - - [13/Apr/2020:11:20:05 +0800] "POST /xingrg/kc/buy/cgsh_order_operate.html HTTP/1.1" 200 3262
180.156.150.85 - - [13/Apr/2020:11:20:05 +0800] "GET /xingrg/all/function/internal_message.html?_=1586747885704&CODE_STATE=getMsg HTTP/1.1" 200 27
180.156.150.85 - - [13/Apr/2020:11:20:06 +0800] "GET /xingrg/kc/print/load_data.html?order_code=212020041302572&kc_code=cgsh&condition= HTTP/1.1" 200 954
101.85.52.41 - - [13/Apr/2020:11:20:06 +0800] "GET /xingrg/all/function/internal_message.html?_=1586747602046&CODE_STATE=getMsg HTTP/1.1" 200 27
101.85.52.41 - - [13/Apr/2020:11:20:06 +0800] "GET /xingrg/check_reg.html?_=1586747602048 HTTP/1.1" 200 22
114.84.33.255 - - [13/Apr/2020:11:20:08 +0800] "GET /xingrg/kc/buy/cgsh_order_add.html HTTP/1.1" 200 57975
114.84.33.255 - - [13/Apr/2020:11:20:09 +0800] "POST /xingrg/kc/buy/cgsh_order_operate.html HTTP/1.1" 200 8245
114.84.33.255 - - [13/Apr/2020:11:20:09 +0800] "GET /xingrg/javascript/easyui/themes/default/validatebox.css HTTP/1.1" 404 1104
180.156.150.85 - - [13/Apr/2020:11:20:09 +0800] "GET /xingrg/kc/buy/cgsh_order_add.html HTTP/1.1" 200 57969
180.156.150.85 - - [13/Apr/2020:11:20:10 +0800] "POST /xingrg/kc/buy/cgsh_order_operate.html HTTP/1.1" 200 8245
180.156.150.85 - - [13/Apr/2020:11:20:10 +0800] "GET /xingrg/javascript/easyui/themes/default/validatebox.css HTTP/1.1" 404 1104
117.185.32.26 - - [13/Apr/2020:11:20:10 +0800] "GET /xingrg/all/function/internal_message.html?_=1586748424643&CODE_STATE=getMsg HTTP/1.1" 200 27
180.156.150.85 - - [13/Apr/2020:11:20:12 +0800] "GET /xingrg/all/function/internal_message.html?_=1586748018547&CODE_STATE=getMsg HTTP/1.1" 200 27
114.88.159.93 - - [13/Apr/2020:11:20:13 +0800] "POST /xingrg/kc/buy/cgsh_order_operate.html HTTP/1.1" 200 37
117.185.32.26 - - [13/Apr/2020:11:20:14 +0800] "GET /xingrg/kc/buy/cgsh_order_operate.html?command=get_materiel&rest_code=00106&code=00101010168&supplier_code=00100007&order_time=2020-04-12 HTTP/1.1" 200 413
114.88.159.93 - - [13/Apr/2020:11:20:14 +0800] "POST /xingrg/kc/buy/cgsh_order_operate.html HTTP/1.1" 200 12
114.88.159.93 - - [13/Apr/2020:11:20:15 +0800] "GET /xingrg/kc/buy/cgsh_order_info.html?code=212020041302573 HTTP/1.1" 200 52881
172.17.0.185 - - [13/Apr/2020:11:20:15 +0800] "GET /xingrg/all/function/internal_message.html?_=1586748015016&CODE_STATE=getMsg HTTP/1.1" 200 27
114.88.159.93 - - [13/Apr/2020:11:20:15 +0800] "GET /xingrg/javascript/easyui/themes/default/validatebox.css HTTP/1.1" 404 1104
114.88.159.93 - - [13/Apr/2020:11:20:15 +0800] "POST /xingrg/kc/buy/cgsh_order_operate.html HTTP/1.1" 200 1808
114.88.159.93 - - [13/Apr/2020:11:20:16 +0800] "GET /xingrg/kc/print/load_data.html?order_code=212020041302573&kc_code=cgsh&condition= HTTP/1.1" 200 1235
222.69.139.7 - - [13/Apr/2020:11:20:16 +0800] "GET /xingrg/login.html HTTP/1.1" 200 7641
222.69.139.7 - - [13/Apr/2020:11:20:16 +0800] "GET /xingrg/images/blue/jxLogo.png HTTP/1.1" 200 6156
222.69.139.7 - - [13/Apr/2020:11:20:17 +0800] "GET /xingrg/images/blue/hj.png HTTP/1.1" 200 1014
222.69.139.7 - - [13/Apr/2020:11:20:17 +0800] "GET /xingrg/images/blue/srbg.png HTTP/1.1" 200 138
222.69.139.7 - - [13/Apr/2020:11:20:17 +0800] "GET /xingrg/images/blue/login_bg.png HTTP/1.1" 200 22101
222.69.139.7 - - [13/Apr/2020:11:20:17 +0800] "GET /favicon.ico HTTP/1.1" 404 -
180.157.252.250 - - [13/Apr/2020:11:20:23 +0800] "GET /xingrg/all/function/internal_message.html?_=1586748023507&CODE_STATE=getMsg HTTP/1.1" 200 27
180.156.150.85 - - [13/Apr/2020:11:20:24 +0800] "GET /xingrg/kc/buy/cgsh_order_operate.html?command=get_materiel&rest_code=00105&code=00101002006&supplier_code=00100091&order_time=2020-04-12 HTTP/1.1" 200 416
114.88.159.93 - - [13/Apr/2020:11:20:24 +0800] "GET /xingrg/kc/buy/cgsh_order_add.html HTTP/1.1" 200 57975
114.88.159.93 - - [13/Apr/2020:11:20:24 +0800] "POST /xingrg/kc/buy/cgsh_order_operate.html HTTP/1.1" 200 8245
114.88.159.93 - - [13/Apr/2020:11:20:24 +0800] "GET /xingrg/javascript/easyui/themes/default/validatebox.css HTTP/1.1" 404 1104
222.69.139.7 - - [13/Apr/2020:11:20:25 +0800] "GET /xingrg/all/function/internal_message.html?_=1586748026181&CODE_STATE=getMsg HTTP/1.1" 200 27
114.88.159.93 - - [13/Apr/2020:11:20:26 +0800] "GET /xingrg/all/function/internal_message.html?_=1586748026664&CODE_STATE=getMsg HTTP/1.1" 200 27
180.162.102.27 - - [13/Apr/2020:11:20:29 +0800] "GET /xingrg/all/function/internal_message.html?_=1586747498686&CODE_STATE=getMsg HTTP/1.1" 200 27
180.162.102.27 - - [13/Apr/2020:11:20:29 +0800] "GET /xingrg/check_reg.html?_=1586747498684 HTTP/1.1" 200 22
101.91.62.89 - - [13/Apr/2020:11:20:31 +0800] "GET /xingrg/kc/buy/cgsh_order_operate.html?command=get_materiel&rest_code=00141&code=00101001093&supplier_code=00100090&order_time=2020-04-13 HTTP/1.1" 302 -
114.88.159.93 - - [13/Apr/2020:11:20:33 +0800] "GET /xingrg/kc/buy/cgsh_order_operate.html?command=get_materiel&rest_code=00141&code=00101005037&supplier_code=00100334&order_time=2020-04-13 HTTP/1.1" 200 409
222.70.183.62 - - [13/Apr/2020:11:20:34 +0800] "GET /xingrg/check_reg.html?_=1586748035741 HTTP/1.1" 200 22
172.17.0.123 - - [13/Apr/2020:11:20:35 +0800] "GET /xingrg/all/function/internal_message.html?_=1586748037020&CODE_STATE=getMsg HTTP/1.1" 200 27
222.70.183.62 - - [13/Apr/2020:11:20:35 +0800] "GET /xingrg/all/function/internal_message.html?_=1586748036989&CODE_STATE=getMsg HTTP/1.1" 200 27
114.84.32.201 - - [13/Apr/2020:11:20:36 +0800] "GET /xingrg/all/function/internal_message.html?_=1586748031864&CODE_STATE=getMsg HTTP/1.1" 200 27
101.91.62.89 - - [13/Apr/2020:11:20:36 +0800] "GET /xingrg/login.html HTTP/1.1" 200 7641
114.88.159.93 - - [13/Apr/2020:11:20:36 +0800] "GET /xingrg/all/function/internal_message.html?_=1586748038901&CODE_STATE=getMsg HTTP/1.1" 200 27
172.17.0.114 - - [13/Apr/2020:11:20:37 +0800] "GET /xingrg/all/function/internal_message.html?_=1586748331628&CODE_STATE=getMsg HTTP/1.1" 200 27
120.253.135.82 - - [13/Apr/2020:11:20:38 +0800] "GET /xingrg/check_reg.html?_=1586747788277 HTTP/1.1" 200 22
120.253.135.82 - - [13/Apr/2020:11:20:38 +0800] "GET /xingrg/all/function/internal_message.html?_=1586747788505&CODE_STATE=getMsg HTTP/1.1" 200 27
222.69.139.7 - - [13/Apr/2020:11:20:39 +0800] "POST /xingrg/login.do HTTP/1.1" 302 -
222.69.139.7 - - [13/Apr/2020:11:20:39 +0800] "GET /xingrg/index.html?sysBaseUrl=http%3A%2F%2F180.169.147.146%3A18081%2Fxingrg%2F&costTime=51×tamp=1586748039457 HTTP/1.1" 200 17419
222.69.139.7 - - [13/Apr/2020:11:20:39 +0800] "GET /xingrg/javascript/jquery_easy_ui/themes/icon.css HTTP/1.1" 200 3949
222.69.139.7 - - [13/Apr/2020:11:20:39 +0800] "GET /xingrg/css/form.css HTTP/1.1" 200 893
222.69.139.7 - - [13/Apr/2020:11:20:39 +0800] "GET /xingrg/javascript/jquery_easy_ui/easyui-lang-zh_CN.js HTTP/1.1" 200 1900
222.69.139.7 - - [13/Apr/2020:11:20:39 +0800] "GET /xingrg/javascript/jquery_easy_ui/themes/default/easyui.css HTTP/1.1" 200 26500
222.69.139.7 - - [13/Apr/2020:11:20:39 +0800] "GET /xingrg/javascript/jquery_easy_ui/jquery.easyui.min.js HTTP/1.1" 200 213662
222.69.139.7 - - [13/Apr/2020:11:20:39 +0800] "GET /xingrg/javascript/jquery-1.4.2.min.js HTTP/1.1" 200 72205
222.69.139.7 - - [13/Apr/2020:11:20:39 +0800] "GET /xingrg/javascript/jquery.timers.js HTTP/1.1" 200 3532
222.69.139.7 - - [13/Apr/2020:11:20:39 +0800] "GET /xingrg/javascript/jquery.utils.js HTTP/1.1" 200 11805
222.69.139.7 - - [13/Apr/2020:11:20:39 +0800] "GET /xingrg/javascript/jquery.form.js HTTP/1.1" 200 23110
222.69.139.7 - - [13/Apr/2020:11:20:39 +0800] "GET /favicon.ico HTTP/1.1" 404 -
222.69.139.7 - - [13/Apr/2020:11:20:39 +0800] "GET /xingrg/javascript/jquery_easy_ui/themes/icons/settle_new.png HTTP/1.1" 200 826
222.69.139.7 - - [13/Apr/2020:11:20:39 +0800] "GET /xingrg/images/blue/navBackgound.jpg HTTP/1.1" 200 12378
222.69.139.7 - - [13/Apr/2020:11:20:39 +0800] "POST /xingrg/all/common/load_tree.html?tree=area_rest_tree_json&manage=1 HTTP/1.1" 200 351
222.69.139.7 - - [13/Apr/2020:11:20:40 +0800] "GET /xingrg/check_reg.html?_=1586748039142 HTTP/1.1" 200 22
222.69.139.7 - - [13/Apr/2020:11:20:40 +0800] "GET /xingrg/all/function/internal_message.html?_=1586748039141&CODE_STATE=count HTTP/1.1" 200 11
222.69.139.7 - - [13/Apr/2020:11:20:40 +0800] "GET /xingrg/images/blue/pingpu.png HTTP/1.1" 200 231
222.69.139.7 - - [13/Apr/2020:11:20:40 +0800] "GET /xingrg/javascript/jquery_easy_ui/themes/default/images/tabs_leftarrow.png HTTP/1.1" 200 389
222.69.139.7 - - [13/Apr/2020:11:20:40 +0800] "GET /xingrg/javascript/jquery_easy_ui/themes/default/images/tabs_rightarrow.png HTTP/1.1" 200 395
222.69.139.7 - - [13/Apr/2020:11:20:40 +0800] "GET /xingrg/javascript/jquery_easy_ui/themes/default/images/panel_tool_expand.gif HTTP/1.1" 200 247
222.69.139.7 - - [13/Apr/2020:11:20:40 +0800] "GET /xingrg/javascript/jquery_easy_ui/themes/default/images/panel_tool_collapse.gif HTTP/1.1" 200 246
222.69.139.7 - - [13/Apr/2020:11:20:40 +0800] "POST /xingrg/load_menu.html HTTP/1.1" 200 9959
222.69.139.7 - - [13/Apr/2020:11:20:40 +0800] "GET /xingrg/javascript/jquery_easy_ui/themes/default/images/tree_arrows.gif HTTP/1.1" 200 1043
222.69.139.7 - - [13/Apr/2020:11:20:40 +0800] "GET /xingrg/javascript/jquery_easy_ui/themes/default/images/tree_folder_open.gif HTTP/1.1" 200 956
222.69.139.7 - - [13/Apr/2020:11:20:40 +0800] "GET /xingrg/javascript/jquery_easy_ui/themes/icons/search_new.png HTTP/1.1" 200 586
222.69.139.7 - - [13/Apr/2020:11:20:40 +0800] "GET /xingrg/javascript/jquery_easy_ui/themes/default/images/tree_folder.gif HTTP/1.1" 200 952
222.69.139.7 - - [13/Apr/2020:11:20:40 +0800] "GET /xingrg/javascript/jquery_easy_ui/themes/icons/storage_new.png HTTP/1.1" 200 853
222.69.139.7 - - [13/Apr/2020:11:20:40 +0800] "GET /xingrg/javascript/jquery_easy_ui/themes/icons/checkout_new.png HTTP/1.1" 200 744
222.69.139.7 - - [13/Apr/2020:11:20:40 +0800] "GET /xingrg/javascript/jquery_easy_ui/themes/icons/forms_new.png HTTP/1.1" 200 350
222.69.139.7 - - [13/Apr/2020:11:20:40 +0800] "GET /xingrg/javascript/jquery_easy_ui/themes/icons/setting_new.png HTTP/1.1" 200 450
222.69.139.7 - - [13/Apr/2020:11:20:40 +0800] "GET /xingrg/javascript/jquery_easy_ui/themes/icons/systemset_new.png HTTP/1.1" 200 606
222.69.139.7 - - [13/Apr/2020:11:20:40 +0800] "GET /xingrg/javascript/jquery_easy_ui/themes/default/images/tree_file.gif HTTP/1.1" 200 118
116.235.222.53 - - [13/Apr/2020:11:20:41 +0800] "GET /xingrg/all/function/internal_message.html?_=1586748041464&CODE_STATE=getMsg HTTP/1.1" 200 27
114.84.33.255 - - [13/Apr/2020:11:20:42 +0800] "GET /xingrg/kc/buy/cgsh_order_operate.html?command=get_materiel&rest_code=00146&code=00101010387&supplier_code=00100323&order_time=2020-04-13 HTTP/1.1" 200 406
222.69.139.7 - - [13/Apr/2020:11:20:42 +0800] "POST /xingrg/load_menu.html HTTP/1.1" 200 10168
114.88.159.93 - - [13/Apr/2020:11:20:43 +0800] "POST /xingrg/kc/buy/cgsh_order_operate.html HTTP/1.1" 200 37
222.69.139.7 - - [13/Apr/2020:11:20:44 +0800] "GET /xingrg/javascript/jquery_easy_ui/themes/default/images/tabs_close.gif HTTP/1.1" 200 829
222.69.139.7 - - [13/Apr/2020:11:20:44 +0800] "GET /xingrg/javascript/multi_select/jqueryMultiSelect.css HTTP/1.1" 200 951
222.69.139.7 - - [13/Apr/2020:11:20:44 +0800] "GET /xingrg/javascript/bigrid/fix.css HTTP/1.1" 200 1702
222.69.139.7 - - [13/Apr/2020:11:20:44 +0800] "GET /xingrg/javascript/calendar/timePicker.css HTTP/1.1" 200 523
222.69.139.7 - - [13/Apr/2020:11:20:44 +0800] "GET /xingrg/javascript/pic_change.js HTTP/1.1" 200 4739
222.69.139.7 - - [13/Apr/2020:11:20:44 +0800] "GET /xingrg/css/blue.css HTTP/1.1" 200 15949
222.69.139.7 - - [13/Apr/2020:11:20:44 +0800] "GET /xingrg/all/report/report_query.html?fileName=dma/new_5.0/yingye/order_list.xml HTTP/1.1" 200 55281
222.69.139.7 - - [13/Apr/2020:11:20:44 +0800] "GET /xingrg/dwr/interface/AjaxReportQueryService.js HTTP/1.1" 200 13203
222.69.139.7 - - [13/Apr/2020:11:20:44 +0800] "GET /xingrg/javascript/calendar/jquery.timePicker.min.js HTTP/1.1" 200 2997
222.69.139.7 - - [13/Apr/2020:11:20:44 +0800] "GET /xingrg/javascript/bigrid/fix.js HTTP/1.1" 200 6439
222.69.139.7 - - [13/Apr/2020:11:20:44 +0800] "GET /xingrg/javascript/jqueryMultiSelect.js HTTP/1.1" 200 11866
222.69.139.7 - - [13/Apr/2020:11:20:44 +0800] "GET /xingrg/javascript/Calendar.js HTTP/1.1" 200 31561
222.69.139.7 - - [13/Apr/2020:11:20:44 +0800] "GET /xingrg/dwr/engine.js HTTP/1.1" 200 43631
222.69.139.7 - - [13/Apr/2020:11:20:44 +0800] "GET /xingrg/javascript/myfunction.js HTTP/1.1" 200 24559
222.69.139.7 - - [13/Apr/2020:11:20:44 +0800] "GET /xingrg/dwr/util.js HTTP/1.1" 200 35990
222.69.139.7 - - [13/Apr/2020:11:20:44 +0800] "GET /xingrg/images/blue/button/advanceover.gif HTTP/1.1" 200 1347
222.69.139.7 - - [13/Apr/2020:11:20:44 +0800] "GET /xingrg/images/blue/button/advance2over.gif HTTP/1.1" 200 1336
222.69.139.7 - - [13/Apr/2020:11:20:44 +0800] "GET /xingrg/images/blue/button/back2over.gif HTTP/1.1" 200 1335
222.69.139.7 - - [13/Apr/2020:11:20:44 +0800] "GET /xingrg/images/blue/button/backover.gif HTTP/1.1" 200 1348
222.69.139.7 - - [13/Apr/2020:11:20:44 +0800] "GET /xingrg/images/control/loading.gif HTTP/1.1" 200 13463
180.156.150.85 - - [13/Apr/2020:11:20:44 +0800] "GET /xingrg/kc/buy/cgsh_order_operate.html?command=get_materiel&rest_code=00105&code=00101003037&supplier_code=00100091&order_time=2020-04-12 HTTP/1.1" 200 415
222.69.139.7 - - [13/Apr/2020:11:20:44 +0800] "GET /xingrg/javascript/jquery_easy_ui/themes/icons/help.png HTTP/1.1" 200 1187
222.69.139.7 - - [13/Apr/2020:11:20:44 +0800] "GET /xingrg/javascript/jquery_easy_ui/themes/default/images/menu_downarrow.png HTTP/1.1" 200 173
222.69.139.7 - - [13/Apr/2020:11:20:44 +0800] "GET /xingrg/javascript/jquery_easy_ui/themes/default/images/menu.gif HTTP/1.1" 200 834
222.69.139.7 - - [13/Apr/2020:11:20:44 +0800] "GET /xingrg/javascript/jquery_easy_ui/themes/default/images/button_a_bg.gif HTTP/1.1" 200 1194
222.69.139.7 - - [13/Apr/2020:11:20:44 +0800] "GET /xingrg/javascript/jquery_easy_ui/themes/icons/print.png HTTP/1.1" 200 1057
222.69.139.7 - - [13/Apr/2020:11:20:44 +0800] "GET /xingrg/javascript/jquery_easy_ui/themes/icons/pencil.png HTTP/1.1" 200 713
222.69.139.7 - - [13/Apr/2020:11:20:44 +0800] "POST /xingrg/dwr/call/plaincall/AjaxReportQueryService.getFixDate.dwr HTTP/1.1" 200 111
222.69.139.7 - - [13/Apr/2020:11:20:44 +0800] "GET /xingrg/javascript/jquery_easy_ui/themes/default/images/menu_rightarrow.png HTTP/1.1" 200 3617
222.69.139.7 - - [13/Apr/2020:11:20:44 +0800] "GET /xingrg/javascript/jquery_easy_ui/themes/default/images/combo_arrow_dot.gif HTTP/1.1" 200 79
222.69.139.7 - - [13/Apr/2020:11:20:44 +0800] "POST /xingrg/all/common/load_tree.html?tree=area_station_tree_json&manage=1 HTTP/1.1" 200 347
222.69.139.7 - - [13/Apr/2020:11:20:44 +0800] "GET /xingrg/javascript/jquery_easy_ui/themes/default/images/tree_checkbox_0.gif HTTP/1.1" 200 168
222.69.139.7 - - [13/Apr/2020:11:20:44 +0800] "GET /xingrg/javascript/jquery_easy_ui/themes/icons/rest.png HTTP/1.1" 200 695
222.69.139.7 - - [13/Apr/2020:11:20:45 +0800] "POST /xingrg/dwr/call/plaincall/AjaxReportQueryService.getInitString.dwr HTTP/1.1" 200 76
222.69.139.7 - - [13/Apr/2020:11:20:45 +0800] "GET /xingrg/javascript/multi_select/dropdown.gif HTTP/1.1" 200 61
114.88.159.93 - - [13/Apr/2020:11:20:45 +0800] "POST /xingrg/kc/buy/cgsh_order_operate.html HTTP/1.1" 200 12
114.88.159.93 - - [13/Apr/2020:11:20:46 +0800] "GET /xingrg/kc/buy/cgsh_order_info.html?code=212020041302574 HTTP/1.1" 200 52881
114.88.159.93 - - [13/Apr/2020:11:20:46 +0800] "GET /xingrg/javascript/easyui/themes/default/validatebox.css HTTP/1.1" 404 1104
114.88.159.93 - - [13/Apr/2020:11:20:46 +0800] "POST /xingrg/kc/buy/cgsh_order_operate.html HTTP/1.1" 200 603
222.69.139.7 - - [13/Apr/2020:11:20:47 +0800] "GET /xingrg/javascript/jquery_easy_ui/themes/icons/area.png HTTP/1.1" 200 262
114.88.159.93 - - [13/Apr/2020:11:20:47 +0800] "GET /xingrg/kc/print/load_data.html?order_code=212020041302574&kc_code=cgsh&condition= HTTP/1.1" 200 710
222.69.139.7 - - [13/Apr/2020:11:20:48 +0800] "POST /xingrg/dwr/call/plaincall/AjaxReportQueryService.getFixDate.dwr HTTP/1.1" 200 111
114.84.33.255 - - [13/Apr/2020:11:20:48 +0800] "GET /xingrg/all/function/internal_message.html?_=1586748050663&CODE_STATE=getMsg HTTP/1.1" 200 27
117.185.32.26 - - [13/Apr/2020:11:20:49 +0800] "GET /xingrg/kc/buy/cgsh_order_operate.html?command=get_materiel&rest_code=00106&code=00101009030&supplier_code=00100007&order_time=2020-04-12 HTTP/1.1" 200 412
116.238.92.147 - - [13/Apr/2020:11:20:49 +0800] "GET /xingrg/all/function/internal_message.html?_=1586748236405&CODE_STATE=getMsg HTTP/1.1" 200 27
117.131.5.26 - - [13/Apr/2020:11:20:52 +0800] "GET /xingrg/all/function/internal_message.html?_=1586748056070&CODE_STATE=getMsg HTTP/1.1" 200 27
180.156.150.85 - - [13/Apr/2020:11:20:53 +0800] "POST /xingrg/kc/buy/cgsh_order_operate.html HTTP/1.1" 200 37
222.69.139.7 - - [13/Apr/2020:11:20:53 +0800] "GET /xingrg/javascript/jquery_easy_ui/themes/default/images/tree_checkbox_1.gif HTTP/1.1" 200 174
222.69.139.7 - - [13/Apr/2020:11:20:53 +0800] "POST /xingrg/dwr/call/plaincall/AjaxReportQueryService.queryInitializeString.dwr HTTP/1.1" 200 203
180.156.150.85 - - [13/Apr/2020:11:20:53 +0800] "POST /xingrg/kc/buy/cgsh_order_operate.html HTTP/1.1" 200 3258
61.151.178.174 - - [13/Apr/2020:11:20:54 +0800] "GET /xingrg/kc/buy/cgsh_order_operate.html?command=get_materiel&rest_code=00141&code=00101004012&supplier_code=00100090&order_time=2020-04-13 HTTP/1.1" 302 -
180.156.150.85 - - [13/Apr/2020:11:20:54 +0800] "GET /xingrg/kc/print/load_data.html?order_code=212020041302575&kc_code=cgsh&condition= HTTP/1.1" 200 975
222.69.139.7 - - [13/Apr/2020:11:20:55 +0800] "POST /xingrg/dwr/call/plaincall/AjaxReportQueryService.refreshCache.dwr HTTP/1.1" 200 78
222.69.139.7 - - [13/Apr/2020:11:20:55 +0800] "POST /xingrg/all/report/load_report_page.html HTTP/1.1" 200 196414
222.69.139.7 - - [13/Apr/2020:11:20:55 +0800] "GET /xingrg/images/blue/button/back2.gif HTTP/1.1" 200 1339
222.69.139.7 - - [13/Apr/2020:11:20:55 +0800] "GET /xingrg/images/blue/button/back.gif HTTP/1.1" 200 1352
222.69.139.7 - - [13/Apr/2020:11:20:55 +0800] "GET /xingrg/servlets/image?cache=0.065161131009834&image=px HTTP/1.1" 200 807
114.88.159.93 - - [13/Apr/2020:11:20:56 +0800] "GET /xingrg/kc/buy/cgsh_order_add.html HTTP/1.1" 200 57975
114.88.159.93 - - [13/Apr/2020:11:20:56 +0800] "POST /xingrg/kc/buy/cgsh_order_operate.html HTTP/1.1" 200 8245
114.88.159.93 - - [13/Apr/2020:11:20:56 +0800] "GET /xingrg/javascript/easyui/themes/default/validatebox.css HTTP/1.1" 404 1104
61.151.178.174 - - [13/Apr/2020:11:20:57 +0800] "GET /xingrg/login.html HTTP/1.1" 200 7641
180.162.232.172 - - [13/Apr/2020:11:20:57 +0800] "GET /xingrg/check_reg.html?_=1586748188867 HTTP/1.1" 200 22
58.40.7.146 - - [13/Apr/2020:11:21:00 +0800] "GET /xingrg/all/function/internal_message.html?_=1586748060357&CODE_STATE=getMsg HTTP/1.1" 200 27
116.232.51.174 - - [13/Apr/2020:11:21:00 +0800] "GET /xingrg/all/function/internal_message.html?_=1586748104414&CODE_STATE=getMsg HTTP/1.1" 200 27
180.157.252.250 - - [13/Apr/2020:11:21:00 +0800] "GET /xingrg/all/function/internal_message.html?_=1586748061259&CODE_STATE=getMsg HTTP/1.1" 200 27
222.69.139.7 - - [13/Apr/2020:11:21:00 +0800] "POST /xingrg/all/report/load_report_page.html HTTP/1.1" 200 48122
222.69.139.7 - - [13/Apr/2020:11:21:00 +0800] "GET /xingrg/images/blue/button/advance.gif HTTP/1.1" 200 1354
222.69.139.7 - - [13/Apr/2020:11:21:00 +0800] "GET /xingrg/images/blue/button/advance2.gif HTTP/1.1" 200 1338
222.69.139.7 - - [13/Apr/2020:11:21:01 +0800] "GET /xingrg/servlets/image?cache=0.4378973392162907&image=px HTTP/1.1" 200 807
180.156.150.85 - - [13/Apr/2020:11:21:02 +0800] "GET /xingrg/kc/buy/cgsh_order_add.html HTTP/1.1" 200 57969
180.156.150.85 - - [13/Apr/2020:11:21:02 +0800] "GET /xingrg/javascript/easyui/themes/default/validatebox.css HTTP/1.1" 404 1104
180.156.150.85 - - [13/Apr/2020:11:21:02 +0800] "POST /xingrg/kc/buy/cgsh_order_operate.html HTTP/1.1" 200 8245
180.156.150.85 - - [13/Apr/2020:11:21:05 +0800] "GET /xingrg/all/function/internal_message.html?_=1586747945711&CODE_STATE=getMsg HTTP/1.1" 200 27
114.88.159.93 - - [13/Apr/2020:11:21:06 +0800] "GET /xingrg/kc/buy/cgsh_order_operate.html?command=get_materiel&rest_code=00141&code=00101008316&supplier_code=00100337&order_time=2020-04-13 HTTP/1.1" 200 414
101.85.52.41 - - [13/Apr/2020:11:21:06 +0800] "GET /xingrg/all/function/internal_message.html?_=1586747662046&CODE_STATE=getMsg HTTP/1.1" 200 27
117.185.32.26 - - [13/Apr/2020:11:21:07 +0800] "GET /xingrg/kc/buy/cgsh_order_operate.html?command=get_materiel&rest_code=00106&code=00101008137&supplier_code=00100007&order_time=2020-04-12 HTTP/1.1" 200 408
117.185.32.26 - - [13/Apr/2020:11:21:10 +0800] "GET /xingrg/all/function/internal_message.html?_=1586748484596&CODE_STATE=getMsg HTTP/1.1" 200 27
117.185.32.26 - - [13/Apr/2020:11:21:10 +0800] "GET /xingrg/check_reg.html?_=1586748484764 HTTP/1.1" 200 22
222.69.139.7 - - [13/Apr/2020:11:21:11 +0800] "POST /xingrg/dwr/call/plaincall/AjaxReportQueryService.refreshCache.dwr HTTP/1.1" 200 78
222.69.139.7 - - [13/Apr/2020:11:21:11 +0800] "POST /xingrg/all/report/load_report_page.html HTTP/1.1" 200 196340
222.69.139.7 - - [13/Apr/2020:11:21:11 +0800] "GET /xingrg/servlets/image?cache=0.592220487860339&image=px HTTP/1.1" 200 807
180.156.150.85 - - [13/Apr/2020:11:21:12 +0800] "GET /xingrg/all/function/internal_message.html?_=1586748078548&CODE_STATE=getMsg HTTP/1.1" 200 27
222.69.139.7 - - [13/Apr/2020:11:21:14 +0800] "POST /xingrg/all/report/load_report_page.html HTTP/1.1" 200 60546
222.69.139.7 - - [13/Apr/2020:11:21:14 +0800] "GET /xingrg/servlets/image?cache=0.7186712619698832&image=px HTTP/1.1" 200 807
172.17.0.185 - - [13/Apr/2020:11:21:15 +0800] "GET /xingrg/all/function/internal_message.html?_=1586748075020&CODE_STATE=getMsg HTTP/1.1" 200 27
101.91.60.11 - - [13/Apr/2020:11:21:15 +0800] "GET /xingrg/kc/buy/cgsh_order_info.html?code=212020041302573 HTTP/1.1" 302 -
114.84.33.255 - - [13/Apr/2020:11:21:17 +0800] "POST /xingrg/kc/buy/cgsh_order_operate.html HTTP/1.1" 200 37
101.91.60.11 - - [13/Apr/2020:11:21:18 +0800] "GET /xingrg/login.html HTTP/1.1" 200 7641
114.84.33.255 - - [13/Apr/2020:11:21:18 +0800] "POST /xingrg/kc/buy/cgsh_order_operate.html HTTP/1.1" 200 2667
114.84.33.255 - - [13/Apr/2020:11:21:20 +0800] "GET /xingrg/kc/print/load_data.html?order_code=212020041302576&kc_code=cgsh&condition= HTTP/1.1" 200 692
117.185.32.26 - - [13/Apr/2020:11:21:20 +0800] "GET /xingrg/kc/buy/cgsh_order_operate.html?command=get_materiel&rest_code=00106&code=00101008300&supplier_code=00100007&order_time=2020-04-12 HTTP/1.1" 200 412
117.185.32.26 - - [13/Apr/2020:11:21:23 +0800] "POST /xingrg/kc/buy/cgsh_order_operate.html HTTP/1.1" 200 2065
180.157.252.250 - - [13/Apr/2020:11:21:23 +0800] "GET /xingrg/all/function/internal_message.html?_=1586748083513&CODE_STATE=getMsg HTTP/1.1" 200 27
180.157.252.250 - - [13/Apr/2020:11:21:23 +0800] "GET /xingrg/check_reg.html?_=1586748083518 HTTP/1.1" 200 22
222.69.139.7 - - [13/Apr/2020:11:21:25 +0800] "GET /xingrg/all/function/internal_message.html?_=1586748086151&CODE_STATE=getMsg HTTP/1.1" 200 27
222.69.139.7 - - [13/Apr/2020:11:21:25 +0800] "GET /xingrg/check_reg.html?_=1586748086497 HTTP/1.1" 200 22
114.88.159.93 - - [13/Apr/2020:11:21:26 +0800] "GET /xingrg/all/function/internal_message.html?_=1586748086669&CODE_STATE=getMsg HTTP/1.1" 200 27
114.84.33.255 - - [13/Apr/2020:11:21:27 +0800] "GET /xingrg/kc/buy/cgsh_order_add.html HTTP/1.1" 200 57975
114.84.33.255 - - [13/Apr/2020:11:21:28 +0800] "POST /xingrg/kc/buy/cgsh_order_operate.html HTTP/1.1" 200 8245
114.84.33.255 - - [13/Apr/2020:11:21:28 +0800] "GET /xingrg/javascript/easyui/themes/default/validatebox.css HTTP/1.1" 404 1104
180.162.102.27 - - [13/Apr/2020:11:21:29 +0800] "GET /xingrg/all/function/internal_message.html?_=1586747558711&CODE_STATE=getMsg HTTP/1.1" 200 27
117.185.32.26 - - [13/Apr/2020:11:21:30 +0800] "GET /xingrg/kc/buy/cgsh_order_operate.html?command=get_materiel&rest_code=00106&code=00101008209&supplier_code=00100007&order_time=2020-04-12 HTTP/1.1" 200 408
180.156.150.85 - - [13/Apr/2020:11:21:33 +0800] "GET /xingrg/kc/buy/cgsh_order_operate.html?command=get_materiel&rest_code=00105&code=00101008171&supplier_code=00100327&order_time=2020-04-12 HTTP/1.1" 200 423
172.17.0.123 - - [13/Apr/2020:11:21:35 +0800] "GET /xingrg/all/function/internal_message.html?_=1586748097014&CODE_STATE=getMsg HTTP/1.1" 200 27
222.70.183.62 - - [13/Apr/2020:11:21:35 +0800] "GET /xingrg/all/function/internal_message.html?_=1586748097004&CODE_STATE=getMsg HTTP/1.1" 200 27
114.84.32.201 - - [13/Apr/2020:11:21:36 +0800] "GET /xingrg/all/function/internal_message.html?_=1586748091866&CODE_STATE=getMsg HTTP/1.1" 200 27
114.88.159.93 - - [13/Apr/2020:11:21:36 +0800] "GET /xingrg/all/function/internal_message.html?_=1586748098893&CODE_STATE=getMsg HTTP/1.1" 200 27
172.17.0.114 - - [13/Apr/2020:11:21:37 +0800] "GET /xingrg/all/function/internal_message.html?_=1586748391641&CODE_STATE=getMsg HTTP/1.1" 200 27
120.253.135.82 - - [13/Apr/2020:11:21:38 +0800] "GET /xingrg/all/function/internal_message.html?_=1586747848518&CODE_STATE=getMsg HTTP/1.1" 200 27
114.84.33.255 - - [13/Apr/2020:11:21:39 +0800] "GET /xingrg/check_reg.html?_=1586748100982 HTTP/1.1" 200 22
222.69.139.7 - - [13/Apr/2020:11:21:40 +0800] "GET /xingrg/all/function/internal_message.html?_=1586748099079&CODE_STATE=getMsg HTTP/1.1" 200 27
117.185.32.26 - - [13/Apr/2020:11:21:40 +0800] "GET /xingrg/kc/buy/cgsh_order_operate.html?command=get_materiel&rest_code=00106&code=00101008098&supplier_code=00100007&order_time=2020-04-12 HTTP/1.1" 200 412
180.156.150.85 - - [13/Apr/2020:11:21:41 +0800] "POST /xingrg/kc/buy/cgsh_order_operate.html HTTP/1.1" 200 37
116.235.222.53 - - [13/Apr/2020:11:21:41 +0800] "GET /xingrg/all/function/internal_message.html?_=1586748101462&CODE_STATE=getMsg HTTP/1.1" 200 27
114.84.33.255 - - [13/Apr/2020:11:21:41 +0800] "GET /xingrg/kc/buy/cgsh_order_operate.html?command=get_materiel&rest_code=00146&code=00102002167&supplier_code=00100347&order_time=2020-04-13 HTTP/1.1" 200 409
180.156.150.85 - - [13/Apr/2020:11:21:42 +0800] "POST /xingrg/kc/buy/cgsh_order_operate.html HTTP/1.1" 200 2666
180.156.150.85 - - [13/Apr/2020:11:21:43 +0800] "GET /xingrg/kc/print/load_data.html?order_code=212020041302577&kc_code=cgsh&condition= HTTP/1.1" 200 667
180.156.150.85 - - [13/Apr/2020:11:21:46 +0800] "GET /xingrg/kc/buy/cgsh_order_add.html HTTP/1.1" 200 57969
180.156.150.85 - - [13/Apr/2020:11:21:47 +0800] "GET /xingrg/javascript/easyui/themes/default/validatebox.css HTTP/1.1" 404 1104
180.156.150.85 - - [13/Apr/2020:11:21:47 +0800] "POST /xingrg/kc/buy/cgsh_order_operate.html HTTP/1.1" 200 8245
114.84.33.255 - - [13/Apr/2020:11:21:48 +0800] "GET /xingrg/all/function/internal_message.html?_=1586748110677&CODE_STATE=getMsg HTTP/1.1" 200 27
116.238.92.147 - - [13/Apr/2020:11:21:49 +0800] "GET /xingrg/all/function/internal_message.html?_=1586748296416&CODE_STATE=getMsg HTTP/1.1" 200 27
101.91.62.65 - - [13/Apr/2020:11:21:51 +0800] "GET /xingrg/kc/print/load_data.html?order_code=212020041302574&kc_code=cgsh&condition= HTTP/1.1" 302 -
101.91.62.65 - - [13/Apr/2020:11:21:52 +0800] "GET /xingrg/login.html HTTP/1.1" 200 7641
117.131.5.26 - - [13/Apr/2020:11:21:52 +0800] "GET /xingrg/all/function/internal_message.html?_=1586748116070&CODE_STATE=getMsg HTTP/1.1" 200 27
114.88.159.93 - - [13/Apr/2020:11:21:54 +0800] "GET /xingrg/kc/buy/cgsh_order_operate.html?command=get_materiel&rest_code=00141&code=00101019484&supplier_code=00100337&order_time=2020-04-13 HTTP/1.1" 200 412
117.131.5.26 - - [13/Apr/2020:11:21:55 +0800] "GET /xingrg/check_reg.html?_=1586748118304 HTTP/1.1" 200 22
116.232.51.174 - - [13/Apr/2020:11:21:57 +0800] "GET /xingrg/all/function/internal_message.html?_=1586748164410&CODE_STATE=getMsg HTTP/1.1" 200 27
114.84.33.255 - - [13/Apr/2020:11:21:58 +0800] "POST /xingrg/kc/buy/cgsh_order_operate.html HTTP/1.1" 200 37
