172.17.0.114 - - [13/Apr/2020:11:32:37 +0800] "GET /xingrg/check_reg.html?_=1586749051641 HTTP/1.1" 200 22
172.17.0.114 - - [13/Apr/2020:11:32:37 +0800] "GET /xingrg/all/function/internal_message.html?_=1586749051645&CODE_STATE=getMsg HTTP/1.1" 200 27
120.253.135.82 - - [13/Apr/2020:11:32:39 +0800] "GET /xingrg/all/function/internal_message.html?_=1586748509649&CODE_STATE=getMsg HTTP/1.1" 200 27
117.185.32.26 - - [13/Apr/2020:11:32:41 +0800] "GET /xingrg/kc/buy/cgsh_order_operate.html?command=get_materiel&rest_code=00106&code=00101001140&supplier_code=00100090&order_time=2020-04-12 HTTP/1.1" 200 415
116.235.222.53 - - [13/Apr/2020:11:32:41 +0800] "GET /xingrg/all/function/internal_message.html?_=1586748761491&CODE_STATE=getMsg HTTP/1.1" 200 27
180.156.150.85 - - [13/Apr/2020:11:32:42 +0800] "GET /xingrg/kc/buy/cgsh_order_operate.html?command=get_materiel&rest_code=00105&code=00101008061&supplier_code=00100339&order_time=2020-04-12 HTTP/1.1" 200 422
114.88.159.93 - - [13/Apr/2020:11:32:43 +0800] "GET /xingrg/kc/buy/cgsh_order_operate.html?command=get_materiel&rest_code=00141&code=00101010030&supplier_code=00100329&order_time=2020-04-13 HTTP/1.1" 200 415
61.151.178.175 - - [13/Apr/2020:11:32:46 +0800] "GET /xingrg/kc/print/load_data.html?order_code=212020041302595&kc_code=cgsh&condition= HTTP/1.1" 302 -
116.238.92.147 - - [13/Apr/2020:11:32:47 +0800] "GET /xingrg/kc/buy/cgsh_order_operate.html?command=get_materiel&rest_code=00102&code=00101009062&supplier_code=00100096&order_time=2020-04-13 HTTP/1.1" 200 414
61.151.178.175 - - [13/Apr/2020:11:32:48 +0800] "GET /xingrg/login.html HTTP/1.1" 200 7641
180.156.150.85 - - [13/Apr/2020:11:32:49 +0800] "POST /xingrg/kc/buy/cgsh_order_operate.html HTTP/1.1" 200 37
114.84.33.255 - - [13/Apr/2020:11:32:50 +0800] "GET /xingrg/all/function/internal_message.html?_=1586748772012&CODE_STATE=getMsg HTTP/1.1" 200 27
116.238.92.147 - - [13/Apr/2020:11:32:50 +0800] "GET /xingrg/all/function/internal_message.html?_=1586748956785&CODE_STATE=getMsg HTTP/1.1" 200 27
180.156.150.85 - - [13/Apr/2020:11:32:50 +0800] "POST /xingrg/kc/buy/cgsh_order_operate.html HTTP/1.1" 200 2665
172.17.0.113 - - [13/Apr/2020:11:32:51 +0800] "GET /xingrg/images/yd/bt.gif HTTP/1.1" 404 1040
180.156.150.85 - - [13/Apr/2020:11:32:52 +0800] "GET /xingrg/kc/print/load_data.html?order_code=212020041302599&kc_code=cgsh&condition= HTTP/1.1" 200 678
172.17.0.113 - - [13/Apr/2020:11:32:52 +0800] "GET /xingrg/logout.do HTTP/1.1" 302 -
172.17.0.113 - - [13/Apr/2020:11:32:52 +0800] "GET /xingrg/login.html?sysBaseUrl=http%3A%2F%2F172.17.0.8%3A18081%2Fxingrg%2F&costTime=2×tamp=1586748772973 HTTP/1.1" 200 7636
172.17.0.113 - - [13/Apr/2020:11:32:53 +0800] "GET /favicon.ico HTTP/1.1" 404 -
180.156.150.85 - - [13/Apr/2020:11:32:59 +0800] "GET /xingrg/kc/buy/cgsh_order_add.html HTTP/1.1" 200 57969
180.156.150.85 - - [13/Apr/2020:11:32:59 +0800] "GET /xingrg/javascript/easyui/themes/default/validatebox.css HTTP/1.1" 404 1104
180.156.150.85 - - [13/Apr/2020:11:32:59 +0800] "POST /xingrg/kc/buy/cgsh_order_operate.html HTTP/1.1" 200 8245
58.40.7.146 - - [13/Apr/2020:11:33:00 +0800] "GET /xingrg/all/function/internal_message.html?_=1586748780355&CODE_STATE=getMsg HTTP/1.1" 200 27
58.40.7.146 - - [13/Apr/2020:11:33:00 +0800] "GET /xingrg/check_reg.html?_=1586748780357 HTTP/1.1" 200 22
116.238.92.147 - - [13/Apr/2020:11:33:00 +0800] "GET /xingrg/kc/buy/cgsh_order_operate.html?command=get_materiel&rest_code=00102&code=00101009011&supplier_code=00100096&order_time=2020-04-13 HTTP/1.1" 200 416
180.157.252.250 - - [13/Apr/2020:11:33:01 +0800] "GET /xingrg/all/function/internal_message.html?_=1586748781500&CODE_STATE=getMsg HTTP/1.1" 200 27
180.156.150.85 - - [13/Apr/2020:11:33:05 +0800] "GET /xingrg/all/function/internal_message.html?_=1586748665702&CODE_STATE=getMsg HTTP/1.1" 200 27
180.156.150.85 - - [13/Apr/2020:11:33:05 +0800] "GET /xingrg/check_reg.html?_=1586748665711 HTTP/1.1" 200 22
172.17.0.123 - - [13/Apr/2020:11:33:08 +0800] "GET /xingrg/check_reg.html?_=1586748789933 HTTP/1.1" 200 22
117.185.32.26 - - [13/Apr/2020:11:33:10 +0800] "GET /xingrg/all/function/internal_message.html?_=1586749204538&CODE_STATE=getMsg HTTP/1.1" 200 27
180.156.150.85 - - [13/Apr/2020:11:33:12 +0800] "GET /xingrg/all/function/internal_message.html?_=1586748798572&CODE_STATE=getMsg HTTP/1.1" 200 27
116.238.92.147 - - [13/Apr/2020:11:33:13 +0800] "GET /xingrg/kc/buy/cgsh_order_operate.html?command=get_materiel&rest_code=00102&code=00101009016&supplier_code=00100096&order_time=2020-04-13 HTTP/1.1" 200 414
101.89.239.232 - - [13/Apr/2020:11:33:14 +0800] "GET /xingrg/kc/buy/cgsh_order_operate.html?command=get_materiel&rest_code=00141&code=00101019614&supplier_code=00100329&order_time=2020-04-13 HTTP/1.1" 302 -
172.17.0.185 - - [13/Apr/2020:11:33:15 +0800] "GET /xingrg/all/function/internal_message.html?_=1586748795008&CODE_STATE=getMsg HTTP/1.1" 200 27
222.69.139.7 - - [13/Apr/2020:11:33:15 +0800] "GET /xingrg/all/function/internal_message.html?_=1586748794637&CODE_STATE=getMsg HTTP/1.1" 200 27
114.88.159.93 - - [13/Apr/2020:11:33:15 +0800] "GET /xingrg/kc/buy/cgsh_order_operate.html?command=get_materiel&rest_code=00141&code=00101010034&supplier_code=00100329&order_time=2020-04-13 HTTP/1.1" 200 421
222.69.139.7 - - [13/Apr/2020:11:33:15 +0800] "GET /xingrg/check_reg.html?_=1586748794638 HTTP/1.1" 200 22
101.89.239.232 - - [13/Apr/2020:11:33:16 +0800] "GET /xingrg/login.html HTTP/1.1" 200 7641
180.157.252.250 - - [13/Apr/2020:11:33:23 +0800] "GET /xingrg/all/function/internal_message.html?_=1586748803516&CODE_STATE=getMsg HTTP/1.1" 200 27
116.238.92.147 - - [13/Apr/2020:11:33:24 +0800] "GET /xingrg/kc/buy/cgsh_order_operate.html?command=get_materiel&rest_code=00102&code=00101009013&supplier_code=00100096&order_time=2020-04-13 HTTP/1.1" 200 422
222.69.139.7 - - [13/Apr/2020:11:33:25 +0800] "GET /xingrg/all/function/internal_message.html?_=1586748805837&CODE_STATE=getMsg HTTP/1.1" 200 27
180.156.150.85 - - [13/Apr/2020:11:33:26 +0800] "GET /xingrg/kc/buy/cgsh_order_operate.html?command=get_materiel&rest_code=00105&code=00101019606&supplier_code=00100337&order_time=2020-04-12 HTTP/1.1" 200 398
114.88.159.93 - - [13/Apr/2020:11:33:26 +0800] "GET /xingrg/all/function/internal_message.html?_=1586748806696&CODE_STATE=getMsg HTTP/1.1" 200 27
101.227.139.171 - - [13/Apr/2020:11:33:27 +0800] "GET /xingrg/kc/buy/cgsh_order_operate.html?command=get_materiel&rest_code=00141&code=00101010080&supplier_code=00100329&order_time=2020-04-13 HTTP/1.1" 302 -
61.129.6.174 - - [13/Apr/2020:11:33:28 +0800] "GET /xingrg/all/function/internal_message.html?_=1586748746692&CODE_STATE=getMsg HTTP/1.1" 302 -
101.227.139.171 - - [13/Apr/2020:11:33:28 +0800] "GET /xingrg/login.html HTTP/1.1" 200 7641
172.17.0.113 - - [13/Apr/2020:11:33:29 +0800] "GET /xingrg/login.html HTTP/1.1" 200 7636
172.17.0.113 - - [13/Apr/2020:11:33:29 +0800] "GET /favicon.ico HTTP/1.1" 404 -
180.162.102.27 - - [13/Apr/2020:11:33:29 +0800] "GET /xingrg/all/function/internal_message.html?_=1586748278727&CODE_STATE=getMsg HTTP/1.1" 200 27
180.157.252.250 - - [13/Apr/2020:11:33:30 +0800] "GET /xingrg/javascript/easyui/themes/default/images/button_plain_hover.png HTTP/1.1" 304 -
180.157.252.250 - - [13/Apr/2020:11:33:30 +0800] "GET /xingrg/javascript/easyui/themes/default/images/button_plain_hover.png HTTP/1.1" 304 -
180.157.252.250 - - [13/Apr/2020:11:33:30 +0800] "GET /xingrg/javascript/easyui/themes/default/images/button_plain_hover.png HTTP/1.1" 304 -
180.157.252.250 - - [13/Apr/2020:11:33:30 +0800] "GET /xingrg/kc/buy/cgsh_order_add.html HTTP/1.1" 200 57969
180.157.252.250 - - [13/Apr/2020:11:33:30 +0800] "GET /xingrg/css/base.css HTTP/1.1" 304 -
180.157.252.250 - - [13/Apr/2020:11:33:30 +0800] "GET /xingrg/css/site.css HTTP/1.1" 304 -
180.157.252.250 - - [13/Apr/2020:11:33:30 +0800] "GET /xingrg/javascript/easyui/themes/default/easyui.css HTTP/1.1" 304 -
180.157.252.250 - - [13/Apr/2020:11:33:30 +0800] "GET /xingrg/javascript/auto/jquery.autocomplete.css HTTP/1.1" 304 -
180.157.252.250 - - [13/Apr/2020:11:33:30 +0800] "GET /xingrg/javascript/jquery_tools/datebox.css HTTP/1.1" 304 -
180.157.252.250 - - [13/Apr/2020:11:33:30 +0800] "GET /xingrg/javascript/jquery_tools/fix.css HTTP/1.1" 304 -
180.157.252.250 - - [13/Apr/2020:11:33:30 +0800] "GET /xingrg/javascript/pic_change.js HTTP/1.1" 304 -
180.157.252.250 - - [13/Apr/2020:11:33:30 +0800] "GET /xingrg/javascript/jquery_tools/table.css HTTP/1.1" 304 -
180.157.252.250 - - [13/Apr/2020:11:33:30 +0800] "GET /xingrg/javascript/jquery_tools/jquery.tools.min.js HTTP/1.1" 304 -
180.157.252.250 - - [13/Apr/2020:11:33:30 +0800] "GET /xingrg/javascript/jquery_tools/jquery.tools.hotkey.js HTTP/1.1" 304 -
180.157.252.250 - - [13/Apr/2020:11:33:30 +0800] "GET /xingrg/javascript/jquery_tools/jquery.tools.extend.js HTTP/1.1" 304 -
180.157.252.250 - - [13/Apr/2020:11:33:30 +0800] "GET /xingrg/javascript/jquery_tools/jquery.tools.table.js HTTP/1.1" 304 -
180.157.252.250 - - [13/Apr/2020:11:33:30 +0800] "GET /xingrg/javascript/easyui/easyloader.js HTTP/1.1" 304 -
180.157.252.250 - - [13/Apr/2020:11:33:30 +0800] "GET /xingrg/javascript/auto/jquery.autocomplete.js HTTP/1.1" 304 -
180.157.252.250 - - [13/Apr/2020:11:33:30 +0800] "GET /xingrg/javascript/easyui/themes/icon.css HTTP/1.1" 304 -
180.157.252.250 - - [13/Apr/2020:11:33:30 +0800] "GET /xingrg/javascript/jquery.utils.js HTTP/1.1" 304 -
180.157.252.250 - - [13/Apr/2020:11:33:30 +0800] "GET /xingrg/javascript/jquery_tools/order_manager.js HTTP/1.1" 304 -
180.157.252.250 - - [13/Apr/2020:11:33:30 +0800] "GET /xingrg/javascript/convert.js HTTP/1.1" 304 -
180.157.252.250 - - [13/Apr/2020:11:33:30 +0800] "GET /xingrg/javascript/print/kc_print.js HTTP/1.1" 304 -
180.157.252.250 - - [13/Apr/2020:11:33:30 +0800] "GET /xingrg/javascript/jquery.cookie.js HTTP/1.1" 304 -
180.157.252.250 - - [13/Apr/2020:11:33:30 +0800] "GET /xingrg/javascript/print/LodopFuncs.js HTTP/1.1" 304 -
180.157.252.250 - - [13/Apr/2020:11:33:30 +0800] "GET /xingrg/javascript/json2.js HTTP/1.1" 304 -
180.157.252.250 - - [13/Apr/2020:11:33:30 +0800] "GET /xingrg/words/20200411185114_words.js HTTP/1.1" 304 -
180.157.252.250 - - [13/Apr/2020:11:33:30 +0800] "GET /xingrg/javascript/easyui/themes/icons/copy_new.png HTTP/1.1" 304 -
180.157.252.250 - - [13/Apr/2020:11:33:30 +0800] "GET /xingrg/javascript/easyui/themes/icons/template_new.png HTTP/1.1" 304 -
180.157.252.250 - - [13/Apr/2020:11:33:30 +0800] "GET /xingrg/javascript/easyui/themes/icons/ok.png HTTP/1.1" 304 -
180.157.252.250 - - [13/Apr/2020:11:33:30 +0800] "GET /xingrg/javascript/easyui/themes/icons/print.png HTTP/1.1" 304 -
180.157.252.250 - - [13/Apr/2020:11:33:30 +0800] "GET /xingrg/javascript/easyui/themes/default/images/menu_downarrow.png HTTP/1.1" 304 -
180.157.252.250 - - [13/Apr/2020:11:33:30 +0800] "GET /xingrg/javascript/easyui/themes/icons/cancel.png HTTP/1.1" 304 -
180.157.252.250 - - [13/Apr/2020:11:33:30 +0800] "GET /xingrg/javascript/easyui/plugins/jquery.parser.js HTTP/1.1" 304 -
180.157.252.250 - - [13/Apr/2020:11:33:30 +0800] "POST /xingrg/kc/buy/cgsh_order_operate.html HTTP/1.1" 200 8245
61.129.6.174 - - [13/Apr/2020:11:33:30 +0800] "GET /xingrg/login.html HTTP/1.1" 200 7641
116.232.51.174 - - [13/Apr/2020:11:33:31 +0800] "GET /xingrg/all/function/internal_message.html?_=1586748884411&CODE_STATE=getMsg HTTP/1.1" 200 27
180.157.252.250 - - [13/Apr/2020:11:33:31 +0800] "GET /xingrg/all/common/auto_word.html?type=employee&rest_code=00148 HTTP/1.1" 200 147
180.157.252.250 - - [13/Apr/2020:11:33:31 +0800] "GET /xingrg/all/common/auto_word.html?type=employee&rest_code=00148 HTTP/1.1" 200 147
180.157.252.250 - - [13/Apr/2020:11:33:31 +0800] "GET /xingrg/javascript/easyui/themes/default/validatebox.css HTTP/1.1" 404 1104
180.157.252.250 - - [13/Apr/2020:11:33:31 +0800] "GET /xingrg/javascript/easyui/plugins/jquery.validatebox.js HTTP/1.1" 304 -
180.157.252.250 - - [13/Apr/2020:11:33:31 +0800] "GET /xingrg/javascript/easyui/plugins/jquery.numberbox.js HTTP/1.1" 304 -
172.17.0.113 - - [13/Apr/2020:11:33:34 +0800] "POST /xingrg/login.do HTTP/1.1" 302 -
172.17.0.113 - - [13/Apr/2020:11:33:34 +0800] "GET /xingrg/index.html?sysBaseUrl=http%3A%2F%2F172.17.0.8%3A18081%2Fxingrg%2F&costTime=38×tamp=1586748814267 HTTP/1.1" 200 17364
172.17.0.113 - - [13/Apr/2020:11:33:34 +0800] "GET /favicon.ico HTTP/1.1" 404 -
172.17.0.113 - - [13/Apr/2020:11:33:34 +0800] "POST /xingrg/all/common/load_tree.html?tree=area_rest_tree_json&manage=1 HTTP/1.1" 200 351
172.17.0.113 - - [13/Apr/2020:11:33:34 +0800] "GET /xingrg/all/function/internal_message.html?_=1586662416021&CODE_STATE=count HTTP/1.1" 200 11
172.17.0.113 - - [13/Apr/2020:11:33:34 +0800] "GET /xingrg/check_reg.html?_=1586662416022 HTTP/1.1" 200 22
172.17.0.113 - - [13/Apr/2020:11:33:34 +0800] "POST /xingrg/load_menu.html HTTP/1.1" 200 9924
172.17.0.123 - - [13/Apr/2020:11:33:35 +0800] "GET /xingrg/all/function/internal_message.html?_=1586748816838&CODE_STATE=getMsg HTTP/1.1" 200 27
114.84.32.201 - - [13/Apr/2020:11:33:36 +0800] "GET /xingrg/all/function/internal_message.html?_=1586748811878&CODE_STATE=getMsg HTTP/1.1" 200 27
222.70.183.62 - - [13/Apr/2020:11:33:36 +0800] "GET /xingrg/all/function/internal_message.html?_=1586748817170&CODE_STATE=getMsg HTTP/1.1" 200 27
114.88.159.93 - - [13/Apr/2020:11:33:36 +0800] "GET /xingrg/all/function/internal_message.html?_=1586748818895&CODE_STATE=getMsg HTTP/1.1" 200 27
172.17.0.114 - - [13/Apr/2020:11:33:37 +0800] "GET /xingrg/all/function/internal_message.html?_=1586749111634&CODE_STATE=getMsg HTTP/1.1" 200 27
120.253.135.82 - - [13/Apr/2020:11:33:39 +0800] "GET /xingrg/all/function/internal_message.html?_=1586748569695&CODE_STATE=getMsg HTTP/1.1" 200 27
172.17.0.113 - - [13/Apr/2020:11:33:40 +0800] "POST /xingrg/load_menu.html HTTP/1.1" 200 9903
116.235.222.53 - - [13/Apr/2020:11:33:41 +0800] "GET /xingrg/all/function/internal_message.html?_=1586748821496&CODE_STATE=getMsg HTTP/1.1" 200 27
116.235.222.53 - - [13/Apr/2020:11:33:41 +0800] "GET /xingrg/check_reg.html?_=1586748821499 HTTP/1.1" 200 22
172.17.0.113 - - [13/Apr/2020:11:33:44 +0800] "GET /xingrg/dwr/interface/AjaxGetFirstChart.js HTTP/1.1" 200 631
172.17.0.113 - - [13/Apr/2020:11:33:44 +0800] "GET /xingrg/css/table.css HTTP/1.1" 304 -
172.17.0.113 - - [13/Apr/2020:11:33:44 +0800] "GET /xingrg/system/rest/list_page.html?p=menu HTTP/1.1" 200 110656
172.17.0.113 - - [13/Apr/2020:11:33:44 +0800] "GET /xingrg/javascript/jquery.shich.js HTTP/1.1" 304 -
172.17.0.113 - - [13/Apr/2020:11:33:44 +0800] "GET /xingrg/javascript/convert.js HTTP/1.1" 304 -
172.17.0.113 - - [13/Apr/2020:11:33:44 +0800] "GET /xingrg/ HTTP/1.1" 304 -
172.17.0.113 - - [13/Apr/2020:11:33:44 +0800] "GET /xingrg/javascript/jquery_easy_ui/themes/icons/search.png HTTP/1.1" 304 -
172.17.0.113 - - [13/Apr/2020:11:33:44 +0800] "GET /xingrg/javascript/jquery_easy_ui/themes/icons/edit_add.png HTTP/1.1" 304 -
172.17.0.113 - - [13/Apr/2020:11:33:44 +0800] "GET /xingrg/javascript/jquery_easy_ui/themes/icons/edit_remove.png HTTP/1.1" 304 -
172.17.0.113 - - [13/Apr/2020:11:33:44 +0800] "GET /xingrg/javascript/jquery_easy_ui/themes/icons/check_new.png HTTP/1.1" 304 -
172.17.0.113 - - [13/Apr/2020:11:33:44 +0800] "GET /xingrg/javascript/jquery_easy_ui/themes/icons/uncheck_new.png HTTP/1.1" 304 -
172.17.0.113 - - [13/Apr/2020:11:33:44 +0800] "GET /xingrg/javascript/jquery_easy_ui/themes/default/images/button_a_bg.gif HTTP/1.1" 304 -
172.17.0.113 - - [13/Apr/2020:11:33:44 +0800] "GET /xingrg/javascript/jquery_easy_ui/themes/default/images/button_span_bg.gif HTTP/1.1" 304 -
172.17.0.113 - - [13/Apr/2020:11:33:44 +0800] "GET /xingrg/javascript/jquery_easy_ui/themes/icons/ok.png HTTP/1.1" 304 -
172.17.0.113 - - [13/Apr/2020:11:33:44 +0800] "GET /xingrg/images/control/ajaxLoader.gif HTTP/1.1" 304 -
172.17.0.113 - - [13/Apr/2020:11:33:44 +0800] "GET /xingrg/javascript/jquery_easy_ui/themes/default/images/datagrid_header_bg.gif HTTP/1.1" 304 -
172.17.0.113 - - [13/Apr/2020:11:33:44 +0800] "GET /xingrg/javascript/jquery_easy_ui/themes/default/images/pagination_first.gif HTTP/1.1" 304 -
172.17.0.113 - - [13/Apr/2020:11:33:44 +0800] "GET /xingrg/javascript/jquery_easy_ui/themes/default/images/pagination_prev.gif HTTP/1.1" 304 -
172.17.0.113 - - [13/Apr/2020:11:33:44 +0800] "GET /xingrg/javascript/jquery_easy_ui/themes/default/images/pagination_next.gif HTTP/1.1" 304 -
172.17.0.113 - - [13/Apr/2020:11:33:44 +0800] "GET /xingrg/javascript/jquery_easy_ui/themes/default/images/pagination_last.gif HTTP/1.1" 304 -
172.17.0.113 - - [13/Apr/2020:11:33:44 +0800] "GET /xingrg/javascript/jquery_easy_ui/themes/default/images/pagination_load.png HTTP/1.1" 304 -
172.17.0.113 - - [13/Apr/2020:11:33:44 +0800] "GET /xingrg/javascript/jquery_easy_ui/themes/default/images/pagination_loading.gif HTTP/1.1" 304 -
172.17.0.113 - - [13/Apr/2020:11:33:45 +0800] "GET /xingrg/system/rest/query_items.html?_=1586662426661&table=menu&page=1&rows=20&categoryId=&key= HTTP/1.1" 200 4722
180.157.252.250 - - [13/Apr/2020:11:33:45 +0800] "GET /xingrg/javascript/pic_change.js HTTP/1.1" 304 -
180.157.252.250 - - [13/Apr/2020:11:33:45 +0800] "GET /xingrg/javascript/jquery_tools/jquery.tools.min.js HTTP/1.1" 304 -
180.157.252.250 - - [13/Apr/2020:11:33:45 +0800] "GET /xingrg/javascript/jquery_tools/jquery.tools.extend.js HTTP/1.1" 304 -
180.157.252.250 - - [13/Apr/2020:11:33:45 +0800] "GET /xingrg/javascript/jquery_tools/jquery.tools.table.js HTTP/1.1" 304 -
180.157.252.250 - - [13/Apr/2020:11:33:45 +0800] "GET /xingrg/javascript/jquery_tools/jquery.tools.hotkey.js HTTP/1.1" 304 -
180.157.252.250 - - [13/Apr/2020:11:33:45 +0800] "GET /xingrg/javascript/auto/jquery.autocomplete.js HTTP/1.1" 304 -
180.157.252.250 - - [13/Apr/2020:11:33:45 +0800] "GET /xingrg/javascript/easyui/easyloader.js HTTP/1.1" 304 -
180.157.252.250 - - [13/Apr/2020:11:33:45 +0800] "GET /xingrg/javascript/jquery.utils.js HTTP/1.1" 304 -
180.157.252.250 - - [13/Apr/2020:11:33:45 +0800] "GET /xingrg/javascript/jquery_tools/order_manager.js HTTP/1.1" 304 -
180.157.252.250 - - [13/Apr/2020:11:33:45 +0800] "GET /xingrg/javascript/print/kc_print.js HTTP/1.1" 304 -
180.157.252.250 - - [13/Apr/2020:11:33:45 +0800] "GET /xingrg/javascript/easyui/plugins/jquery.parser.js HTTP/1.1" 304 -
180.157.252.250 - - [13/Apr/2020:11:33:45 +0800] "GET /xingrg/javascript/jquery.cookie.js HTTP/1.1" 304 -
180.157.252.250 - - [13/Apr/2020:11:33:45 +0800] "GET /xingrg/javascript/print/LodopFuncs.js HTTP/1.1" 304 -
180.157.252.250 - - [13/Apr/2020:11:33:45 +0800] "GET /xingrg/javascript/convert.js HTTP/1.1" 304 -
180.157.252.250 - - [13/Apr/2020:11:33:45 +0800] "GET /xingrg/javascript/easyui/plugins/jquery.validatebox.js HTTP/1.1" 304 -
180.157.252.250 - - [13/Apr/2020:11:33:45 +0800] "GET /xingrg/javascript/easyui/plugins/jquery.numberbox.js HTTP/1.1" 304 -
180.157.252.250 - - [13/Apr/2020:11:33:45 +0800] "GET /xingrg/words/20200411185114_words.js HTTP/1.1" 304 -
180.157.252.250 - - [13/Apr/2020:11:33:45 +0800] "GET /xingrg/javascript/json2.js HTTP/1.1" 304 -
116.238.92.147 - - [13/Apr/2020:11:33:45 +0800] "GET /xingrg/kc/buy/cgsh_order_operate.html?command=get_materiel&rest_code=00102&code=00101009018&supplier_code=00100096&order_time=2020-04-13 HTTP/1.1" 200 408
117.185.32.26 - - [13/Apr/2020:11:33:46 +0800] "POST /xingrg/kc/buy/cgsh_order_operate.html HTTP/1.1" 200 37
172.17.0.113 - - [13/Apr/2020:11:33:48 +0800] "GET /xingrg/system/rest/query_items.html?_=1586662429785&table=menu&page=1&rows=20&categoryId=&key=%25E8%2599%25BE%25E8%258F%2587 HTTP/1.1" 200 249
117.185.32.26 - - [13/Apr/2020:11:33:48 +0800] "POST /xingrg/kc/buy/cgsh_order_operate.html HTTP/1.1" 200 12
172.17.0.113 - - [13/Apr/2020:11:33:49 +0800] "GET /xingrg/system/rest/query_items.html?_=1586662431193&table=menu&page=1&rows=20&categoryId=&key=%25E8%2599%25BE%25E8%258F%2587 HTTP/1.1" 200 249
172.17.0.113 - - [13/Apr/2020:11:33:49 +0800] "GET /xingrg/javascript/jquery_easy_ui/themes/default/images/panel_tools.gif HTTP/1.1" 304 -
172.17.0.113 - - [13/Apr/2020:11:33:49 +0800] "GET /xingrg/javascript/jquery_easy_ui/themes/default/images/panel_title.png HTTP/1.1" 304 -
117.185.32.26 - - [13/Apr/2020:11:33:50 +0800] "GET /xingrg/kc/buy/cgsh_order_info.html?code=212020041302600 HTTP/1.1" 200 52875
172.17.0.113 - - [13/Apr/2020:11:33:50 +0800] "GET /xingrg/system/rest/get_item.html?table=menu&id=2001&_=1586662431738 HTTP/1.1" 200 934
172.17.0.113 - - [13/Apr/2020:11:33:50 +0800] "GET /xingrg/system/rest/get_item.html?table=menu&target=menu_rest&id=2001&_=1586662431746 HTTP/1.1" 200 840
172.17.0.113 - - [13/Apr/2020:11:33:50 +0800] "GET /xingrg/system/rest/get_item.html?table=menu&target=cook_mode&id=2001&_=1586662431742 HTTP/1.1" 200 8443
116.238.92.147 - - [13/Apr/2020:11:33:50 +0800] "GET /xingrg/all/function/internal_message.html?_=1586749016798&CODE_STATE=getMsg HTTP/1.1" 200 27
117.185.32.26 - - [13/Apr/2020:11:33:50 +0800] "GET /xingrg/javascript/easyui/themes/default/validatebox.css HTTP/1.1" 404 1104
114.84.33.255 - - [13/Apr/2020:11:33:50 +0800] "GET /xingrg/all/function/internal_message.html?_=1586748832437&CODE_STATE=getMsg HTTP/1.1" 200 27
117.185.32.26 - - [13/Apr/2020:11:33:50 +0800] "POST /xingrg/kc/buy/cgsh_order_operate.html HTTP/1.1" 200 1210
172.17.0.113 - - [13/Apr/2020:11:33:50 +0800] "GET /xingrg/system/rest/get_infos.html?command=menu_img_show&id=2001 HTTP/1.1" 200 5
180.157.252.250 - - [13/Apr/2020:11:33:51 +0800] "GET /xingrg/kc/buy/cgsh_order_operate.html?command=get_materiel&rest_code=00148&code=00101009034&supplier_code=00100335&order_time=2020-04-13 HTTP/1.1" 200 428
117.185.32.26 - - [13/Apr/2020:11:33:53 +0800] "GET /xingrg/kc/print/load_data.html?order_code=212020041302600&kc_code=cgsh&condition= HTTP/1.1" 200 997
172.17.0.113 - - [13/Apr/2020:11:33:54 +0800] "GET /xingrg/system/rest/get_item.html?table=menu&target=menu_rest_detail&id=2001&sid=13&_=1586662436089 HTTP/1.1" 200 429
114.88.159.93 - - [13/Apr/2020:11:33:59 +0800] "GET /xingrg/kc/buy/cgsh_order_operate.html?command=get_materiel&rest_code=00141&code=00101020120&supplier_code=00100329&order_time=2020-04-13 HTTP/1.1" 200 430
180.157.252.250 - - [13/Apr/2020:11:33:59 +0800] "GET /xingrg/javascript/easyui/themes/default/images/button_plain_hover.png HTTP/1.1" 304 -
180.157.252.250 - - [13/Apr/2020:11:33:59 +0800] "GET /xingrg/javascript/easyui/themes/default/images/button_plain_hover.png HTTP/1.1" 304 -
180.157.252.250 - - [13/Apr/2020:11:33:59 +0800] "GET /xingrg/javascript/easyui/themes/default/images/button_plain_hover.png HTTP/1.1" 304 -
58.40.7.146 - - [13/Apr/2020:11:34:00 +0800] "GET /xingrg/all/function/internal_message.html?_=1586748840359&CODE_STATE=getMsg HTTP/1.1" 200 27
180.157.252.250 - - [13/Apr/2020:11:34:00 +0800] "GET /xingrg/check_reg.html?_=1586748840996 HTTP/1.1" 200 22
180.157.252.250 - - [13/Apr/2020:11:34:01 +0800] "POST /xingrg/kc/buy/cgsh_order_operate.html HTTP/1.1" 200 37
180.157.252.250 - - [13/Apr/2020:11:34:01 +0800] "POST /xingrg/kc/buy/cgsh_order_operate.html HTTP/1.1" 200 2666
117.185.32.26 - - [13/Apr/2020:11:34:02 +0800] "GET /xingrg/kc/buy/cgsh_order_add.html HTTP/1.1" 200 57969
117.185.32.26 - - [13/Apr/2020:11:34:03 +0800] "POST /xingrg/kc/buy/cgsh_order_operate.html HTTP/1.1" 200 8245
117.185.32.26 - - [13/Apr/2020:11:34:03 +0800] "GET /xingrg/javascript/easyui/themes/default/validatebox.css HTTP/1.1" 404 1104
116.238.92.147 - - [13/Apr/2020:11:34:04 +0800] "POST /xingrg/kc/buy/cgsh_order_operate.html HTTP/1.1" 200 37
117.185.32.26 - - [13/Apr/2020:11:34:05 +0800] "GET /xingrg/javascript/easyui/themes/default/tree.css HTTP/1.1" 404 1090
117.185.32.26 - - [13/Apr/2020:11:34:05 +0800] "POST /xingrg/all/common/load_tree.html?tree=supplier_tree_json&isDelete=1 HTTP/1.1" 200 47144
116.238.92.147 - - [13/Apr/2020:11:34:05 +0800] "POST /xingrg/kc/buy/cgsh_order_operate.html HTTP/1.1" 200 12
180.156.150.85 - - [13/Apr/2020:11:34:05 +0800] "GET /xingrg/all/function/internal_message.html?_=1586748725714&CODE_STATE=getMsg HTTP/1.1" 200 27
180.156.150.85 - - [13/Apr/2020:11:34:06 +0800] "GET /xingrg/kc/buy/cgsh_order_operate.html?command=get_materiel&rest_code=00105&code=00101019511&supplier_code=00100337&order_time=2020-04-12 HTTP/1.1" 200 412
117.185.32.26 - - [13/Apr/2020:11:34:10 +0800] "GET /xingrg/all/function/internal_message.html?_=1586749264533&CODE_STATE=getMsg HTTP/1.1" 200 27
116.238.92.147 - - [13/Apr/2020:11:34:11 +0800] "GET /xingrg/kc/buy/cgsh_order_info.html?code=212020041302602 HTTP/1.1" 200 52771
180.157.252.250 - - [13/Apr/2020:11:34:12 +0800] "GET /xingrg/javascript/easyui/themes/default/images/button_plain_hover.png HTTP/1.1" 304 -
180.157.252.250 - - [13/Apr/2020:11:34:12 +0800] "GET /xingrg/javascript/easyui/themes/default/images/button_plain_hover.png HTTP/1.1" 304 -
180.157.252.250 - - [13/Apr/2020:11:34:12 +0800] "GET /xingrg/javascript/easyui/themes/default/images/button_plain_hover.png HTTP/1.1" 304 -
180.156.150.85 - - [13/Apr/2020:11:34:12 +0800] "GET /xingrg/all/function/internal_message.html?_=1586748858548&CODE_STATE=getMsg HTTP/1.1" 200 27
180.157.252.250 - - [13/Apr/2020:11:34:12 +0800] "GET /xingrg/kc/buy/cgsh_order_add.html HTTP/1.1" 200 57969
180.157.252.250 - - [13/Apr/2020:11:34:12 +0800] "GET /xingrg/javascript/easyui/themes/default/easyui.css HTTP/1.1" 304 -
180.157.252.250 - - [13/Apr/2020:11:34:12 +0800] "GET /xingrg/javascript/jquery_tools/datebox.css HTTP/1.1" 304 -
180.157.252.250 - - [13/Apr/2020:11:34:12 +0800] "GET /xingrg/javascript/easyui/themes/icon.css HTTP/1.1" 304 -
180.157.252.250 - - [13/Apr/2020:11:34:12 +0800] "GET /xingrg/javascript/auto/jquery.autocomplete.css HTTP/1.1" 304 -
180.157.252.250 - - [13/Apr/2020:11:34:12 +0800] "GET /xingrg/css/site.css HTTP/1.1" 304 -
180.157.252.250 - - [13/Apr/2020:11:34:12 +0800] "GET /xingrg/css/base.css HTTP/1.1" 304 -
180.157.252.250 - - [13/Apr/2020:11:34:12 +0800] "GET /xingrg/javascript/jquery_tools/fix.css HTTP/1.1" 304 -
180.157.252.250 - - [13/Apr/2020:11:34:12 +0800] "GET /xingrg/javascript/pic_change.js HTTP/1.1" 304 -
180.157.252.250 - - [13/Apr/2020:11:34:12 +0800] "GET /xingrg/javascript/jquery_tools/jquery.tools.min.js HTTP/1.1" 304 -
180.157.252.250 - - [13/Apr/2020:11:34:12 +0800] "GET /xingrg/javascript/jquery_tools/jquery.tools.hotkey.js HTTP/1.1" 304 -
180.157.252.250 - - [13/Apr/2020:11:34:12 +0800] "GET /xingrg/javascript/jquery_tools/jquery.tools.extend.js HTTP/1.1" 304 -
180.157.252.250 - - [13/Apr/2020:11:34:12 +0800] "GET /xingrg/javascript/jquery_tools/table.css HTTP/1.1" 304 -
180.157.252.250 - - [13/Apr/2020:11:34:12 +0800] "GET /xingrg/javascript/jquery_tools/jquery.tools.table.js HTTP/1.1" 304 -
180.157.252.250 - - [13/Apr/2020:11:34:12 +0800] "GET /xingrg/javascript/jquery_tools/order_manager.js HTTP/1.1" 304 -
180.157.252.250 - - [13/Apr/2020:11:34:12 +0800] "GET /xingrg/javascript/easyui/easyloader.js HTTP/1.1" 304 -
180.157.252.250 - - [13/Apr/2020:11:34:12 +0800] "GET /xingrg/javascript/convert.js HTTP/1.1" 304 -
180.157.252.250 - - [13/Apr/2020:11:34:12 +0800] "GET /xingrg/javascript/json2.js HTTP/1.1" 304 -
180.157.252.250 - - [13/Apr/2020:11:34:12 +0800] "GET /xingrg/javascript/print/kc_print.js HTTP/1.1" 304 -
180.157.252.250 - - [13/Apr/2020:11:34:12 +0800] "GET /xingrg/javascript/auto/jquery.autocomplete.js HTTP/1.1" 304 -
180.157.252.250 - - [13/Apr/2020:11:34:12 +0800] "GET /xingrg/javascript/print/LodopFuncs.js HTTP/1.1" 304 -
180.157.252.250 - - [13/Apr/2020:11:34:12 +0800] "GET /xingrg/javascript/jquery.utils.js HTTP/1.1" 304 -
180.157.252.250 - - [13/Apr/2020:11:34:12 +0800] "GET /xingrg/javascript/jquery.cookie.js HTTP/1.1" 304 -
180.157.252.250 - - [13/Apr/2020:11:34:12 +0800] "GET /xingrg/words/20200411185114_words.js HTTP/1.1" 304 -
180.157.252.250 - - [13/Apr/2020:11:34:13 +0800] "GET /xingrg/javascript/easyui/themes/icons/copy_new.png HTTP/1.1" 304 -
180.157.252.250 - - [13/Apr/2020:11:34:13 +0800] "GET /xingrg/javascript/easyui/themes/icons/template_new.png HTTP/1.1" 304 -
180.157.252.250 - - [13/Apr/2020:11:34:13 +0800] "GET /xingrg/javascript/easyui/themes/icons/ok.png HTTP/1.1" 304 -
180.157.252.250 - - [13/Apr/2020:11:34:13 +0800] "GET /xingrg/javascript/easyui/themes/icons/print.png HTTP/1.1" 304 -
180.157.252.250 - - [13/Apr/2020:11:34:13 +0800] "GET /xingrg/javascript/easyui/themes/default/images/menu_downarrow.png HTTP/1.1" 304 -
180.157.252.250 - - [13/Apr/2020:11:34:13 +0800] "GET /xingrg/javascript/easyui/themes/icons/cancel.png HTTP/1.1" 304 -
180.157.252.250 - - [13/Apr/2020:11:34:13 +0800] "GET /xingrg/javascript/easyui/plugins/jquery.parser.js HTTP/1.1" 304 -
180.157.252.250 - - [13/Apr/2020:11:34:13 +0800] "POST /xingrg/kc/buy/cgsh_order_operate.html HTTP/1.1" 200 8245
180.157.252.250 - - [13/Apr/2020:11:34:13 +0800] "GET /xingrg/javascript/easyui/themes/default/images/button_plain_hover.png HTTP/1.1" 304 -
180.157.252.250 - - [13/Apr/2020:11:34:13 +0800] "GET /xingrg/all/common/auto_word.html?type=employee&rest_code=00148 HTTP/1.1" 200 147
116.238.92.147 - - [13/Apr/2020:11:34:13 +0800] "GET /xingrg/javascript/easyui/themes/default/validatebox.css HTTP/1.1" 404 1104
180.157.252.250 - - [13/Apr/2020:11:34:13 +0800] "GET /xingrg/all/common/auto_word.html?type=employee&rest_code=00148 HTTP/1.1" 200 147
180.157.252.250 - - [13/Apr/2020:11:34:13 +0800] "GET /xingrg/javascript/easyui/themes/default/images/button_plain_hover.png HTTP/1.1" 304 -
180.157.252.250 - - [13/Apr/2020:11:34:13 +0800] "GET /xingrg/javascript/easyui/themes/default/validatebox.css HTTP/1.1" 404 1104
180.157.252.250 - - [13/Apr/2020:11:34:13 +0800] "GET /xingrg/javascript/easyui/plugins/jquery.validatebox.js HTTP/1.1" 304 -
180.157.252.250 - - [13/Apr/2020:11:34:13 +0800] "GET /xingrg/javascript/easyui/plugins/jquery.numberbox.js HTTP/1.1" 304 -
116.238.92.147 - - [13/Apr/2020:11:34:13 +0800] "POST /xingrg/kc/buy/cgsh_order_operate.html HTTP/1.1" 200 3569
180.157.252.250 - - [13/Apr/2020:11:34:13 +0800] "GET /xingrg/all/function/internal_message.html?_=1586748853791&CODE_STATE=getMsg HTTP/1.1" 200 27
172.17.0.185 - - [13/Apr/2020:11:34:15 +0800] "GET /xingrg/all/function/internal_message.html?_=1586748855019&CODE_STATE=getMsg HTTP/1.1" 200 27
172.17.0.185 - - [13/Apr/2020:11:34:15 +0800] "GET /xingrg/check_reg.html?_=1586748855020 HTTP/1.1" 200 22
222.69.139.7 - - [13/Apr/2020:11:34:15 +0800] "GET /xingrg/all/function/internal_message.html?_=1586748854642&CODE_STATE=getMsg HTTP/1.1" 200 27
114.88.159.93 - - [13/Apr/2020:11:34:16 +0800] "GET /xingrg/kc/buy/cgsh_order_operate.html?command=get_materiel&rest_code=00141&code=00101019293&supplier_code=00100329&order_time=2020-04-13 HTTP/1.1" 200 416
116.238.92.147 - - [13/Apr/2020:11:34:16 +0800] "GET /xingrg/kc/print/load_data.html?order_code=212020041302602&kc_code=cgsh&condition= HTTP/1.1" 200 1791
101.89.19.197 - - [13/Apr/2020:11:34:16 +0800] "GET /xingrg/kc/buy/cgsh_order_operate.html?command=get_materiel&rest_code=00141&code=00101010034&supplier_code=00100329&order_time=2020-04-13 HTTP/1.1" 302 -
101.89.19.197 - - [13/Apr/2020:11:34:19 +0800] "GET /xingrg/login.html HTTP/1.1" 200 7641
180.156.150.85 - - [13/Apr/2020:11:34:22 +0800] "POST /xingrg/kc/buy/cgsh_order_operate.html HTTP/1.1" 200 37
117.185.32.26 - - [13/Apr/2020:11:34:22 +0800] "GET /xingrg/kc/buy/cgsh_order_operate.html?command=get_materiel&rest_code=00106&code=00101002038&supplier_code=00100087&order_time=2020-04-13 HTTP/1.1" 200 414
180.157.252.250 - - [13/Apr/2020:11:34:23 +0800] "GET /xingrg/javascript/pic_change.js HTTP/1.1" 304 -
180.157.252.250 - - [13/Apr/2020:11:34:23 +0800] "GET /xingrg/javascript/jquery_tools/jquery.tools.min.js HTTP/1.1" 304 -
180.157.252.250 - - [13/Apr/2020:11:34:23 +0800] "GET /xingrg/javascript/jquery_tools/jquery.tools.extend.js HTTP/1.1" 304 -
180.157.252.250 - - [13/Apr/2020:11:34:23 +0800] "GET /xingrg/javascript/jquery_tools/jquery.tools.table.js HTTP/1.1" 304 -
180.157.252.250 - - [13/Apr/2020:11:34:23 +0800] "GET /xingrg/javascript/jquery_tools/jquery.tools.hotkey.js HTTP/1.1" 304 -
180.157.252.250 - - [13/Apr/2020:11:34:23 +0800] "GET /xingrg/javascript/easyui/easyloader.js HTTP/1.1" 304 -
180.157.252.250 - - [13/Apr/2020:11:34:23 +0800] "GET /xingrg/javascript/auto/jquery.autocomplete.js HTTP/1.1" 304 -
180.157.252.250 - - [13/Apr/2020:11:34:23 +0800] "GET /xingrg/javascript/jquery.utils.js HTTP/1.1" 304 -
180.157.252.250 - - [13/Apr/2020:11:34:23 +0800] "GET /xingrg/javascript/jquery_tools/order_manager.js HTTP/1.1" 304 -
180.157.252.250 - - [13/Apr/2020:11:34:23 +0800] "GET /xingrg/javascript/print/kc_print.js HTTP/1.1" 304 -
180.157.252.250 - - [13/Apr/2020:11:34:23 +0800] "GET /xingrg/javascript/jquery.cookie.js HTTP/1.1" 304 -
180.157.252.250 - - [13/Apr/2020:11:34:23 +0800] "GET /xingrg/javascript/json2.js HTTP/1.1" 304 -
180.157.252.250 - - [13/Apr/2020:11:34:23 +0800] "GET /xingrg/javascript/easyui/plugins/jquery.parser.js HTTP/1.1" 304 -
180.157.252.250 - - [13/Apr/2020:11:34:23 +0800] "GET /xingrg/javascript/easyui/plugins/jquery.validatebox.js HTTP/1.1" 304 -
180.157.252.250 - - [13/Apr/2020:11:34:23 +0800] "GET /xingrg/words/20200411185114_words.js HTTP/1.1" 304 -
180.157.252.250 - - [13/Apr/2020:11:34:23 +0800] "GET /xingrg/javascript/print/LodopFuncs.js HTTP/1.1" 304 -
180.157.252.250 - - [13/Apr/2020:11:34:23 +0800] "GET /xingrg/javascript/easyui/plugins/jquery.numberbox.js HTTP/1.1" 304 -
180.157.252.250 - - [13/Apr/2020:11:34:23 +0800] "GET /xingrg/javascript/convert.js HTTP/1.1" 304 -
180.156.150.85 - - [13/Apr/2020:11:34:23 +0800] "POST /xingrg/kc/buy/cgsh_order_operate.html HTTP/1.1" 200 3247
180.157.252.250 - - [13/Apr/2020:11:34:23 +0800] "GET /xingrg/all/function/internal_message.html?_=1586748863503&CODE_STATE=getMsg HTTP/1.1" 200 27
116.238.92.147 - - [13/Apr/2020:11:34:24 +0800] "GET /xingrg/kc/buy/cgsh_order_add.html HTTP/1.1" 200 57881
180.156.150.85 - - [13/Apr/2020:11:34:25 +0800] "GET /xingrg/kc/print/load_data.html?order_code=212020041302603&kc_code=cgsh&condition= HTTP/1.1" 200 899
222.69.139.7 - - [13/Apr/2020:11:34:25 +0800] "GET /xingrg/all/function/internal_message.html?_=1586748865808&CODE_STATE=getMsg HTTP/1.1" 200 27
116.238.92.147 - - [13/Apr/2020:11:34:26 +0800] "POST /xingrg/kc/buy/cgsh_order_operate.html HTTP/1.1" 200 8245
114.88.159.93 - - [13/Apr/2020:11:34:26 +0800] "GET /xingrg/check_reg.html?_=1586748866681 HTTP/1.1" 200 22
114.88.159.93 - - [13/Apr/2020:11:34:26 +0800] "GET /xingrg/all/function/internal_message.html?_=1586748866680&CODE_STATE=getMsg HTTP/1.1" 200 27
116.238.92.147 - - [13/Apr/2020:11:34:26 +0800] "GET /xingrg/javascript/easyui/themes/default/validatebox.css HTTP/1.1" 404 1104
114.88.159.93 - - [13/Apr/2020:11:34:27 +0800] "GET /xingrg/kc/buy/cgsh_order_operate.html?command=get_materiel&rest_code=00141&code=00101016067&supplier_code=00100329&order_time=2020-04-13 HTTP/1.1" 200 413
116.232.51.174 - - [13/Apr/2020:11:34:28 +0800] "GET /xingrg/all/function/internal_message.html?_=1586748944421&CODE_STATE=getMsg HTTP/1.1" 200 27
180.162.102.27 - - [13/Apr/2020:11:34:29 +0800] "GET /xingrg/all/function/internal_message.html?_=1586748338711&CODE_STATE=getMsg HTTP/1.1" 200 27
180.156.150.85 - - [13/Apr/2020:11:34:31 +0800] "GET /xingrg/kc/buy/cgsh_order_add.html HTTP/1.1" 200 57969
180.156.150.85 - - [13/Apr/2020:11:34:32 +0800] "POST /xingrg/kc/buy/cgsh_order_operate.html HTTP/1.1" 200 8245
180.156.150.85 - - [13/Apr/2020:11:34:32 +0800] "GET /xingrg/javascript/easyui/themes/default/validatebox.css HTTP/1.1" 404 1104
172.17.0.113 - - [13/Apr/2020:11:34:34 +0800] "GET /xingrg/all/function/internal_message.html?_=1586662476021&CODE_STATE=getMsg HTTP/1.1" 200 27
172.17.0.123 - - [13/Apr/2020:11:34:35 +0800] "GET /xingrg/all/function/internal_message.html?_=1586748876824&CODE_STATE=getMsg HTTP/1.1" 200 27
172.17.0.113 - - [13/Apr/2020:11:34:35 +0800] "GET /xingrg/system/rest/query_items.html?_=1586662476937&table=menu&page=1&rows=20&categoryId=&key=%25E6%25A2%2585%25E5%25AD%2590 HTTP/1.1" 200 553
114.84.32.201 - - [13/Apr/2020:11:34:36 +0800] "GET /xingrg/all/function/internal_message.html?_=1586748871878&CODE_STATE=getMsg HTTP/1.1" 200 27
222.70.183.62 - - [13/Apr/2020:11:34:36 +0800] "GET /xingrg/all/function/internal_message.html?_=1586748877179&CODE_STATE=getMsg HTTP/1.1" 200 27
114.88.159.93 - - [13/Apr/2020:11:34:36 +0800] "GET /xingrg/kc/buy/cgsh_order_operate.html?command=get_materiel&rest_code=00141&code=00101019725&supplier_code=00100329&order_time=2020-04-13 HTTP/1.1" 200 414
114.88.159.93 - - [13/Apr/2020:11:34:36 +0800] "GET /xingrg/all/function/internal_message.html?_=1586748878886&CODE_STATE=getMsg HTTP/1.1" 200 27
172.17.0.114 - - [13/Apr/2020:11:34:37 +0800] "GET /xingrg/all/function/internal_message.html?_=1586749171639&CODE_STATE=getMsg HTTP/1.1" 200 27
120.253.135.82 - - [13/Apr/2020:11:34:39 +0800] "GET /xingrg/all/function/internal_message.html?_=1586748629709&CODE_STATE=getMsg HTTP/1.1" 200 27
172.17.0.113 - - [13/Apr/2020:11:34:41 +0800] "GET /xingrg/system/rest/query_items.html?_=1586662482947&table=menu&page=1&rows=20&categoryId=&key=%25E6%25A2%2585%25E5%25AD%2590 HTTP/1.1" 200 553
116.235.222.53 - - [13/Apr/2020:11:34:41 +0800] "GET /xingrg/all/function/internal_message.html?_=1586748881509&CODE_STATE=getMsg HTTP/1.1" 200 27
172.17.0.113 - - [13/Apr/2020:11:34:41 +0800] "GET /xingrg/system/rest/get_item.html?table=menu&id=1954&_=1586662483403 HTTP/1.1" 200 1026
172.17.0.113 - - [13/Apr/2020:11:34:41 +0800] "GET /xingrg/system/rest/get_item.html?table=menu&target=menu_rest&id=1954&_=1586662483410 HTTP/1.1" 200 954
172.17.0.113 - - [13/Apr/2020:11:34:41 +0800] "GET /xingrg/system/rest/get_item.html?table=menu&target=cook_mode&id=1954&_=1586662483409 HTTP/1.1" 200 6954
172.17.0.113 - - [13/Apr/2020:11:34:42 +0800] "GET /xingrg/system/rest/get_infos.html?command=menu_img_show&id=1954 HTTP/1.1" 200 5
114.88.159.93 - - [13/Apr/2020:11:34:45 +0800] "GET /xingrg/kc/buy/cgsh_order_operate.html?command=get_materiel&rest_code=00141&code=00101010595&supplier_code=00100329&order_time=2020-04-13 HTTP/1.1" 200 403
116.238.92.147 - - [13/Apr/2020:11:34:50 +0800] "GET /xingrg/all/function/internal_message.html?_=1586749076812&CODE_STATE=getMsg HTTP/1.1" 200 27
117.185.32.26 - - [13/Apr/2020:11:34:50 +0800] "GET /xingrg/kc/buy/cgsh_order_operate.html?command=get_materiel&rest_code=00106&code=00101002039&supplier_code=00100087&order_time=2020-04-13 HTTP/1.1" 200 419
114.84.33.255 - - [13/Apr/2020:11:34:50 +0800] "GET /xingrg/all/function/internal_message.html?_=1586748892445&CODE_STATE=getMsg HTTP/1.1" 200 27
172.17.0.113 - - [13/Apr/2020:11:34:53 +0800] "GET /xingrg/javascript/jquery_easy_ui/themes/default/images/button_plain_hover.png HTTP/1.1" 304 -
116.238.92.147 - - [13/Apr/2020:11:34:57 +0800] "GET /xingrg/javascript/easyui/themes/default/tree.css HTTP/1.1" 404 1090
116.238.92.147 - - [13/Apr/2020:11:34:57 +0800] "POST /xingrg/all/common/load_tree.html?tree=supplier_tree_json&isDelete=1 HTTP/1.1" 200 47144
180.156.150.85 - - [13/Apr/2020:11:34:58 +0800] "GET /xingrg/kc/buy/cgsh_order_operate.html?command=get_materiel&rest_code=00105&code=00101004042&supplier_code=00100312&order_time=2020-04-12 HTTP/1.1" 200 417
114.88.159.93 - - [13/Apr/2020:11:34:58 +0800] "GET /xingrg/kc/buy/cgsh_order_operate.html?command=get_materiel&rest_code=00141&code=00101019291&supplier_code=00100329&order_time=2020-04-13 HTTP/1.1" 200 416
58.40.7.146 - - [13/Apr/2020:11:35:00 +0800] "GET /xingrg/all/function/internal_message.html?_=1586748900345&CODE_STATE=getMsg HTTP/1.1" 200 27
61.129.6.151 - - [13/Apr/2020:11:35:00 +0800] "GET /xingrg/kc/buy/cgsh_order_operate.html?command=get_materiel&rest_code=00141&code=00101020120&supplier_code=00100329&order_time=2020-04-13 HTTP/1.1" 302 -
61.129.6.151 - - [13/Apr/2020:11:35:03 +0800] "GET /xingrg/login.html HTTP/1.1" 200 7641
180.156.150.85 - - [13/Apr/2020:11:35:05 +0800] "GET /xingrg/all/function/internal_message.html?_=1586748785706&CODE_STATE=getMsg HTTP/1.1" 200 27
180.156.150.85 - - [13/Apr/2020:11:35:08 +0800] "GET /xingrg/kc/buy/cgsh_order_operate.html?command=get_materiel&rest_code=00105&code=00101004067&supplier_code=00100312&order_time=2020-04-12 HTTP/1.1" 200 413
117.185.32.26 - - [13/Apr/2020:11:35:10 +0800] "GET /xingrg/all/function/internal_message.html?_=1586749324514&CODE_STATE=getMsg HTTP/1.1" 200 27
222.69.139.7 - - [13/Apr/2020:11:35:10 +0800] "GET /xingrg/kc/buy/cgsh_order_operate.html?command=get_materiel&rest_code=00149&code=00101008161&supplier_code=00100005&order_time=2020-04-12 HTTP/1.1" 200 409
180.156.150.85 - - [13/Apr/2020:11:35:12 +0800] "GET /xingrg/all/function/internal_message.html?_=1586748918595&CODE_STATE=getMsg HTTP/1.1" 200 27
180.157.252.250 - - [13/Apr/2020:11:35:13 +0800] "GET /xingrg/all/function/internal_message.html?_=1586748913805&CODE_STATE=getMsg HTTP/1.1" 200 27
172.17.0.185 - - [13/Apr/2020:11:35:15 +0800] "GET /xingrg/all/function/internal_message.html?_=1586748915021&CODE_STATE=getMsg HTTP/1.1" 200 27
222.69.139.7 - - [13/Apr/2020:11:35:15 +0800] "GET /xingrg/all/function/internal_message.html?_=1586748914640&CODE_STATE=getMsg HTTP/1.1" 200 27
180.156.150.85 - - [13/Apr/2020:11:35:17 +0800] "GET /xingrg/kc/buy/cgsh_order_operate.html?command=get_materiel&rest_code=00105&code=00101004027&supplier_code=00100312&order_time=2020-04-12 HTTP/1.1" 200 409
117.185.32.26 - - [13/Apr/2020:11:35:18 +0800] "POST /xingrg/kc/buy/cgsh_order_operate.html HTTP/1.1" 200 37
117.185.32.26 - - [13/Apr/2020:11:35:20 +0800] "POST /xingrg/kc/buy/cgsh_order_operate.html HTTP/1.1" 200 12
116.238.92.147 - - [13/Apr/2020:11:35:20 +0800] "GET /xingrg/kc/buy/cgsh_order_operate.html?command=get_materiel&rest_code=00102&code=00101012005&supplier_code=00100031&order_time=2020-04-13 HTTP/1.1" 200 413
117.185.32.26 - - [13/Apr/2020:11:35:21 +0800] "GET /xingrg/kc/buy/cgsh_order_info.html?code=212020041302604 HTTP/1.1" 200 52871
117.185.32.26 - - [13/Apr/2020:11:35:21 +0800] "GET /xingrg/javascript/easyui/themes/default/validatebox.css HTTP/1.1" 404 1104
117.185.32.26 - - [13/Apr/2020:11:35:21 +0800] "POST /xingrg/kc/buy/cgsh_order_operate.html HTTP/1.1" 200 1214
180.157.252.250 - - [13/Apr/2020:11:35:23 +0800] "GET /xingrg/all/function/internal_message.html?_=1586748923507&CODE_STATE=getMsg HTTP/1.1" 200 27
180.156.150.85 - - [13/Apr/2020:11:35:24 +0800] "GET /xingrg/kc/buy/cgsh_order_operate.html?command=get_materiel&rest_code=00105&code=00101004057&supplier_code=00100312&order_time=2020-04-12 HTTP/1.1" 200 409
222.69.139.7 - - [13/Apr/2020:11:35:25 +0800] "GET /xingrg/all/function/internal_message.html?_=1586748925791&CODE_STATE=getMsg HTTP/1.1" 200 27
61.129.6.227 - - [13/Apr/2020:11:35:26 +0800] "GET /xingrg/kc/buy/cgsh_order_operate.html?command=get_materiel&rest_code=00141&code=00101016067&supplier_code=00100329&order_time=2020-04-13 HTTP/1.1" 302 -
116.232.51.174 - - [13/Apr/2020:11:35:26 +0800] "GET /xingrg/all/function/internal_message.html?_=1586749004421&CODE_STATE=getMsg HTTP/1.1" 200 27
114.88.159.93 - - [13/Apr/2020:11:35:26 +0800] "GET /xingrg/all/function/internal_message.html?_=1586748926686&CODE_STATE=getMsg HTTP/1.1" 200 27
117.185.32.26 - - [13/Apr/2020:11:35:26 +0800] "GET /xingrg/kc/print/load_data.html?order_code=212020041302604&kc_code=cgsh&condition= HTTP/1.1" 200 994
101.89.239.216 - - [13/Apr/2020:11:35:28 +0800] "GET /xingrg/check_reg.html?_=1586748866681 HTTP/1.1" 302 -
101.89.239.216 - - [13/Apr/2020:11:35:28 +0800] "GET /xingrg/login.html HTTP/1.1" 200 7641
222.69.139.7 - - [13/Apr/2020:11:35:28 +0800] "GET /xingrg/kc/buy/cgsh_order_operate.html?command=get_materiel&rest_code=00149&code=00101008357&supplier_code=00100005&order_time=2020-04-12 HTTP/1.1" 200 408
61.129.6.227 - - [13/Apr/2020:11:35:29 +0800] "GET /xingrg/login.html HTTP/1.1" 200 7641
180.162.102.27 - - [13/Apr/2020:11:35:29 +0800] "GET /xingrg/check_reg.html?_=1586748398709 HTTP/1.1" 200 22
180.162.102.27 - - [13/Apr/2020:11:35:29 +0800] "GET /xingrg/all/function/internal_message.html?_=1586748398708&CODE_STATE=getMsg HTTP/1.1" 200 27
180.156.150.85 - - [13/Apr/2020:11:35:32 +0800] "GET /xingrg/kc/buy/cgsh_order_operate.html?command=get_materiel&rest_code=00105&code=00101004039&supplier_code=00100312&order_time=2020-04-12 HTTP/1.1" 200 413
116.238.92.147 - - [13/Apr/2020:11:35:33 +0800] "GET /xingrg/kc/buy/cgsh_order_operate.html?command=get_materiel&rest_code=00102&code=00101016038&supplier_code=00100031&order_time=2020-04-13 HTTP/1.1" 200 408
172.17.0.113 - - [13/Apr/2020:11:35:34 +0800] "GET /xingrg/all/function/internal_message.html?_=1586662536038&CODE_STATE=getMsg HTTP/1.1" 200 27
222.70.183.62 - - [13/Apr/2020:11:35:34 +0800] "GET /xingrg/check_reg.html?_=1586748935763 HTTP/1.1" 200 22
172.17.0.123 - - [13/Apr/2020:11:35:35 +0800] "GET /xingrg/all/function/internal_message.html?_=1586748936810&CODE_STATE=getMsg HTTP/1.1" 200 27
172.17.0.113 - - [13/Apr/2020:11:35:35 +0800] "GET /xingrg/system/rest/get_item.html?table=menu&id=1954&_=1586662537355 HTTP/1.1" 200 1026
172.17.0.113 - - [13/Apr/2020:11:35:35 +0800] "GET /xingrg/system/rest/get_item.html?table=menu&target=menu_rest&id=1954&_=1586662537366 HTTP/1.1" 200 954
172.17.0.113 - - [13/Apr/2020:11:35:35 +0800] "GET /xingrg/system/rest/get_item.html?table=menu&target=cook_mode&id=1954&_=1586662537362 HTTP/1.1" 200 6954
114.84.32.201 - - [13/Apr/2020:11:35:36 +0800] "GET /xingrg/all/function/internal_message.html?_=1586748931876&CODE_STATE=getMsg HTTP/1.1" 200 27
222.70.183.62 - - [13/Apr/2020:11:35:36 +0800] "GET /xingrg/all/function/internal_message.html?_=1586748937193&CODE_STATE=getMsg HTTP/1.1" 200 27
222.69.139.7 - - [13/Apr/2020:11:35:36 +0800] "GET /xingrg/kc/buy/cgsh_order_operate.html?command=get_materiel&rest_code=00149&code=00101008286&supplier_code=00100005&order_time=2020-04-12 HTTP/1.1" 200 408
114.88.159.93 - - [13/Apr/2020:11:35:36 +0800] "GET /xingrg/all/function/internal_message.html?_=1586748938890&CODE_STATE=getMsg HTTP/1.1" 200 27
172.17.0.114 - - [13/Apr/2020:11:35:37 +0800] "GET /xingrg/all/function/internal_message.html?_=1586749231634&CODE_STATE=getMsg HTTP/1.1" 200 27
120.253.135.82 - - [13/Apr/2020:11:35:38 +0800] "GET /xingrg/check_reg.html?_=1586748688342 HTTP/1.1" 200 22
180.156.150.85 - - [13/Apr/2020:11:35:39 +0800] "GET /xingrg/kc/buy/cgsh_order_operate.html?command=get_materiel&rest_code=00105&code=00101004014&supplier_code=00100312&order_time=2020-04-12 HTTP/1.1" 200 408
120.253.135.82 - - [13/Apr/2020:11:35:39 +0800] "GET /xingrg/all/function/internal_message.html?_=1586748689722&CODE_STATE=getMsg HTTP/1.1" 200 27
116.238.92.147 - - [13/Apr/2020:11:35:41 +0800] "GET /xingrg/kc/buy/cgsh_order_operate.html?command=get_materiel&rest_code=00102&code=00101016017&supplier_code=00100031&order_time=2020-04-13 HTTP/1.1" 200 408
116.235.222.53 - - [13/Apr/2020:11:35:41 +0800] "GET /xingrg/all/function/internal_message.html?_=1586748941491&CODE_STATE=getMsg HTTP/1.1" 200 27
222.69.139.7 - - [13/Apr/2020:11:35:45 +0800] "GET /xingrg/kc/buy/cgsh_order_operate.html?command=get_materiel&rest_code=00149&code=00101008036&supplier_code=00100005&order_time=2020-04-12 HTTP/1.1" 200 408
180.156.150.85 - - [13/Apr/2020:11:35:47 +0800] "GET /xingrg/kc/buy/cgsh_order_operate.html?command=get_materiel&rest_code=00105&code=00101005017&supplier_code=00100312&order_time=2020-04-12 HTTP/1.1" 200 409
116.238.92.147 - - [13/Apr/2020:11:35:50 +0800] "GET /xingrg/all/function/internal_message.html?_=1586749136824&CODE_STATE=getMsg HTTP/1.1" 200 27
114.84.33.255 - - [13/Apr/2020:11:35:50 +0800] "GET /xingrg/all/function/internal_message.html?_=1586748952869&CODE_STATE=getMsg HTTP/1.1" 200 27
116.238.92.147 - - [13/Apr/2020:11:35:51 +0800] "GET /xingrg/kc/buy/cgsh_order_operate.html?command=get_materiel&rest_code=00102&code=00101016080&supplier_code=00100031&order_time=2020-04-13 HTTP/1.1" 200 408
222.69.139.7 - - [13/Apr/2020:11:35:51 +0800] "POST /xingrg/kc/buy/cgsh_order_operate.html HTTP/1.1" 200 2065
222.69.139.7 - - [13/Apr/2020:11:35:54 +0800] "GET /xingrg/kc/buy/cgsh_order_operate.html?command=get_materiel&rest_code=00149&code=00101008131&supplier_code=00100005&order_time=2020-04-12 HTTP/1.1" 200 408
180.162.232.172 - - [13/Apr/2020:11:35:57 +0800] "GET /xingrg/check_reg.html?_=1586749088882 HTTP/1.1" 200 22
117.185.32.26 - - [13/Apr/2020:11:35:59 +0800] "GET /xingrg/kc/buy/cgsh_order_add.html HTTP/1.1" 200 57969
117.185.32.26 - - [13/Apr/2020:11:35:59 +0800] "POST /xingrg/kc/buy/cgsh_order_operate.html HTTP/1.1" 200 8245
117.185.32.26 - - [13/Apr/2020:11:35:59 +0800] "GET /xingrg/javascript/easyui/themes/default/validatebox.css HTTP/1.1" 404 1104
58.40.7.146 - - [13/Apr/2020:11:36:00 +0800] "GET /xingrg/all/function/internal_message.html?_=1586748960349&CODE_STATE=getMsg HTTP/1.1" 200 27
101.89.19.149 - - [13/Apr/2020:11:36:00 +0800] "GET /xingrg/kc/buy/cgsh_order_operate.html?command=get_materiel&rest_code=00141&code=00101019291&supplier_code=00100329&order_time=2020-04-13 HTTP/1.1" 302 -
117.185.32.26 - - [13/Apr/2020:11:36:02 +0800] "GET /xingrg/javascript/easyui/themes/default/tree.css HTTP/1.1" 404 1090
117.185.32.26 - - [13/Apr/2020:11:36:02 +0800] "POST /xingrg/all/common/load_tree.html?tree=supplier_tree_json&isDelete=1 HTTP/1.1" 200 47144
180.156.150.85 - - [13/Apr/2020:11:36:02 +0800] "GET /xingrg/kc/buy/cgsh_order_operate.html?command=get_materiel&rest_code=00105&code=00101004030&supplier_code=00100312&order_time=2020-04-12 HTTP/1.1" 200 408
180.156.150.85 - - [13/Apr/2020:11:36:05 +0800] "GET /xingrg/all/function/internal_message.html?_=1586748845713&CODE_STATE=getMsg HTTP/1.1" 200 27
101.89.19.149 - - [13/Apr/2020:11:36:06 +0800] "GET /xingrg/login.html HTTP/1.1" 200 7641
117.185.32.26 - - [13/Apr/2020:11:36:10 +0800] "GET /xingrg/all/function/internal_message.html?_=1586749384520&CODE_STATE=getMsg HTTP/1.1" 200 27
117.185.32.26 - - [13/Apr/2020:11:36:10 +0800] "GET /xingrg/check_reg.html?_=1586749384756 HTTP/1.1" 200 22
