114.88.159.93 - - [13/Apr/2020:09:32:24 +0800] "GET /xingrg/all/function/internal_message.html?_=1586741544040&CODE_STATE=getMsg HTTP/1.1" 200 27
116.232.51.174 - - [13/Apr/2020:09:32:27 +0800] "POST /xingrg/kc/mdqp/pssh_order_operate.html HTTP/1.1" 200 12
116.235.222.53 - - [13/Apr/2020:09:32:27 +0800] "GET /xingrg/kc/buy/cgsh_order_operate.html?command=get_materiel&rest_code=00107&code=00101008358&supplier_code=00100006&order_time=2020-04-12 HTTP/1.1" 200 412
116.232.51.174 - - [13/Apr/2020:09:32:29 +0800] "GET /xingrg/kc/mdqp/pssh_order_info.html?code=312020040900071 HTTP/1.1" 200 17304
116.232.51.174 - - [13/Apr/2020:09:32:29 +0800] "GET /xingrg/javascript/jquery_tools/jquery-1.4.2.min.js HTTP/1.1" 404 1094
116.232.51.174 - - [13/Apr/2020:09:32:30 +0800] "GET /xingrg/javascript/easyui/themes/default/validatebox.css HTTP/1.1" 404 1104
116.232.51.174 - - [13/Apr/2020:09:32:30 +0800] "GET /xingrg/all/common/auto_word.html?type=employee&rest_code=00109 HTTP/1.1" 200 255
116.232.51.174 - - [13/Apr/2020:09:32:30 +0800] "GET /xingrg/all/common/auto_word.html?type=base&rest_code=00109&rest_code=00109 HTTP/1.1" 200 1595
116.232.51.174 - - [13/Apr/2020:09:32:30 +0800] "POST /xingrg/kc/mdqp/pssh_order_operate.html HTTP/1.1" 200 1059
180.156.150.85 - - [13/Apr/2020:09:32:32 +0800] "GET /xingrg/all/function/internal_message.html?_=1586741558933&CODE_STATE=getMsg HTTP/1.1" 200 27
120.253.135.82 - - [13/Apr/2020:09:32:33 +0800] "GET /xingrg/kc/pszx/jzcl_ps.html HTTP/1.1" 200 7683
120.253.135.82 - - [13/Apr/2020:09:32:34 +0800] "POST /xingrg/all/common/load_tree.html?tree=area_rest_tree_json HTTP/1.1" 200 3088
120.253.135.82 - - [13/Apr/2020:09:32:34 +0800] "POST /xingrg/kc/pszx/jzcl_ps_operate.html HTTP/1.1" 200 3025
120.253.135.82 - - [13/Apr/2020:09:32:34 +0800] "POST /xingrg/kc/pszx/jzcl_ps_operate.html HTTP/1.1" 200 3025
116.235.222.53 - - [13/Apr/2020:09:32:36 +0800] "GET /xingrg/kc/buy/cgsh_order_operate.html?command=get_materiel&rest_code=00107&code=00101008131&supplier_code=00100006&order_time=2020-04-12 HTTP/1.1" 200 408
114.88.159.93 - - [13/Apr/2020:09:32:38 +0800] "GET /xingrg/kc/buy/cgsh_order_operate.html?command=get_materiel&rest_code=00141&code=00101002034&supplier_code=00100091&order_time=2020-04-12 HTTP/1.1" 200 409
116.232.51.174 - - [13/Apr/2020:09:32:41 +0800] "GET /xingrg/javascript/jquery_tools/images/prev.gif HTTP/1.1" 404 1086
116.232.51.174 - - [13/Apr/2020:09:32:41 +0800] "GET /xingrg/javascript/jquery_tools/images/next.gif HTTP/1.1" 404 1086
114.88.159.93 - - [13/Apr/2020:09:32:47 +0800] "GET /xingrg/kc/buy/cgsh_order_operate.html?command=get_materiel&rest_code=00141&code=00101002007&supplier_code=00100091&order_time=2020-04-12 HTTP/1.1" 200 409
116.232.51.174 - - [13/Apr/2020:09:32:48 +0800] "GET /xingrg/all/function/internal_message.html?_=1586741602820&CODE_STATE=getMsg HTTP/1.1" 200 27
116.232.51.174 - - [13/Apr/2020:09:32:50 +0800] "POST /xingrg/kc/mdqp/pssh_order_operate.html HTTP/1.1" 200 37
116.235.222.53 - - [13/Apr/2020:09:32:51 +0800] "GET /xingrg/kc/buy/cgsh_order_operate.html?command=get_materiel&rest_code=00107&code=00101008027&supplier_code=00100006&order_time=2020-04-12 HTTP/1.1" 200 408
120.253.135.82 - - [13/Apr/2020:09:32:53 +0800] "POST /xingrg/kc/pszx/jzcl_ps_operate.html HTTP/1.1" 200 4
120.253.135.82 - - [13/Apr/2020:09:32:55 +0800] "POST /xingrg/kc/pszx/jzcl_ps_operate.html HTTP/1.1" 200 2657
120.253.135.82 - - [13/Apr/2020:09:32:56 +0800] "GET /xingrg/kc/pszx/mdps_order_list.html HTTP/1.1" 200 20964
116.232.51.174 - - [13/Apr/2020:09:32:56 +0800] "POST /xingrg/kc/mdqp/pssh_order_operate.html HTTP/1.1" 200 12
120.253.135.82 - - [13/Apr/2020:09:32:57 +0800] "POST /xingrg/kc/pszx/mdps_list_operate.html HTTP/1.1" 200 5189
114.88.159.93 - - [13/Apr/2020:09:32:57 +0800] "POST /xingrg/kc/buy/cgsh_order_operate.html HTTP/1.1" 200 37
180.162.232.172 - - [13/Apr/2020:09:32:57 +0800] "GET /xingrg/kc/buy/cgsh_order_add.html HTTP/1.1" 200 58567
180.162.232.172 - - [13/Apr/2020:09:32:58 +0800] "POST /xingrg/kc/buy/cgsh_order_operate.html HTTP/1.1" 200 8245
180.162.232.172 - - [13/Apr/2020:09:32:58 +0800] "GET /xingrg/javascript/easyui/themes/default/validatebox.css HTTP/1.1" 404 1104
61.151.178.174 - - [13/Apr/2020:09:32:59 +0800] "GET /xingrg/kc/buy/cgsh_order_info.html?code=212020041302382 HTTP/1.1" 302 -
120.253.135.82 - - [13/Apr/2020:09:32:59 +0800] "POST /xingrg/kc/pszx/mdps_list_operate.html HTTP/1.1" 200 199
120.253.135.82 - - [13/Apr/2020:09:33:00 +0800] "GET /xingrg/kc/pszx/mdps_order_info.html?code=312020041300094 HTTP/1.1" 200 23847
120.253.135.82 - - [13/Apr/2020:09:33:01 +0800] "GET /xingrg/javascript/easyui/themes/default/validatebox.css HTTP/1.1" 404 1104
120.253.135.82 - - [13/Apr/2020:09:33:02 +0800] "POST /xingrg/kc/pszx/mdps_order_operate.html HTTP/1.1" 200 2266
61.151.178.174 - - [13/Apr/2020:09:33:03 +0800] "GET /xingrg/login.html HTTP/1.1" 200 7641
114.88.159.93 - - [13/Apr/2020:09:33:03 +0800] "POST /xingrg/kc/buy/cgsh_order_operate.html HTTP/1.1" 200 12
120.253.135.82 - - [13/Apr/2020:09:33:04 +0800] "POST /xingrg/all/common/load_combo.html?type=base HTTP/1.1" 200 899
116.235.222.53 - - [13/Apr/2020:09:33:05 +0800] "GET /xingrg/kc/buy/cgsh_order_operate.html?command=get_materiel&rest_code=00107&code=00101008350&supplier_code=00100006&order_time=2020-04-12 HTTP/1.1" 200 408
114.88.159.93 - - [13/Apr/2020:09:33:05 +0800] "GET /xingrg/kc/buy/cgsh_order_info.html?code=212020041302384 HTTP/1.1" 200 52881
114.88.159.93 - - [13/Apr/2020:09:33:06 +0800] "GET /xingrg/javascript/easyui/themes/default/validatebox.css HTTP/1.1" 404 1104
114.88.159.93 - - [13/Apr/2020:09:33:06 +0800] "POST /xingrg/kc/buy/cgsh_order_operate.html HTTP/1.1" 200 1793
114.88.159.93 - - [13/Apr/2020:09:33:08 +0800] "GET /xingrg/kc/print/load_data.html?order_code=212020041302384&kc_code=cgsh&condition= HTTP/1.1" 200 1233
116.235.222.53 - - [13/Apr/2020:09:33:09 +0800] "GET /xingrg/check_reg.html?_=1586741589031 HTTP/1.1" 200 22
116.235.222.53 - - [13/Apr/2020:09:33:09 +0800] "GET /xingrg/all/function/internal_message.html?_=1586741589033&CODE_STATE=getMsg HTTP/1.1" 200 27
180.162.232.172 - - [13/Apr/2020:09:33:09 +0800] "GET /xingrg/kc/buy/cgsh_order_operate.html?command=get_materiel&rest_code=00150&code=00101009031&supplier_code=00100151&order_time=2020-04-13 HTTP/1.1" 200 409
222.69.139.7 - - [13/Apr/2020:09:33:11 +0800] "GET /xingrg/index.html?sysBaseUrl=http%3A%2F%2F180.169.147.146%3A18081%2Fxingrg%2F&costTime=45×tamp=1585216556132 HTTP/1.1" 302 -
222.69.139.7 - - [13/Apr/2020:09:33:11 +0800] "GET /xingrg/login.html HTTP/1.1" 200 7641
222.69.139.7 - - [13/Apr/2020:09:33:11 +0800] "GET /favicon.ico HTTP/1.1" 404 -
120.253.135.82 - - [13/Apr/2020:09:33:13 +0800] "GET /xingrg/all/function/internal_message.html?_=1586741343853&CODE_STATE=getMsg HTTP/1.1" 200 27
120.253.135.82 - - [13/Apr/2020:09:33:17 +0800] "GET /xingrg/kc/pszx/mdps_order_operate.html?command=get_materiel&pszx_code=00101&rest_code=00153&base_code=0010250&code=00102002610 HTTP/1.1" 200 416
180.162.232.172 - - [13/Apr/2020:09:33:20 +0800] "POST /xingrg/kc/buy/cgsh_order_operate.html HTTP/1.1" 200 37
114.88.159.93 - - [13/Apr/2020:09:33:20 +0800] "GET /xingrg/kc/buy/cgsh_order_add.html HTTP/1.1" 200 57975
116.235.222.53 - - [13/Apr/2020:09:33:20 +0800] "GET /xingrg/kc/buy/cgsh_order_operate.html?command=get_materiel&rest_code=00107&code=00101008354&supplier_code=00100006&order_time=2020-04-12 HTTP/1.1" 200 412
114.88.159.93 - - [13/Apr/2020:09:33:20 +0800] "GET /xingrg/javascript/easyui/themes/default/validatebox.css HTTP/1.1" 404 1104
114.88.159.93 - - [13/Apr/2020:09:33:20 +0800] "POST /xingrg/kc/buy/cgsh_order_operate.html HTTP/1.1" 200 8245
114.88.159.93 - - [13/Apr/2020:09:33:24 +0800] "GET /xingrg/all/function/internal_message.html?_=1586741604056&CODE_STATE=getMsg HTTP/1.1" 200 27
180.162.232.172 - - [13/Apr/2020:09:33:25 +0800] "POST /xingrg/kc/buy/cgsh_order_operate.html HTTP/1.1" 200 12
180.162.232.172 - - [13/Apr/2020:09:33:27 +0800] "GET /xingrg/kc/buy/cgsh_order_info.html?code=212020041302385 HTTP/1.1" 200 53464
180.162.232.172 - - [13/Apr/2020:09:33:28 +0800] "GET /xingrg/javascript/easyui/themes/default/validatebox.css HTTP/1.1" 404 1104
180.162.232.172 - - [13/Apr/2020:09:33:28 +0800] "POST /xingrg/kc/buy/cgsh_order_operate.html HTTP/1.1" 200 602
61.151.178.166 - - [13/Apr/2020:09:33:28 +0800] "GET /xingrg/all/function/internal_message.html?_=1586741544040&CODE_STATE=getMsg HTTP/1.1" 302 -
180.162.232.172 - - [13/Apr/2020:09:33:30 +0800] "GET /xingrg/kc/print/load_data.html?order_code=212020041302385&kc_code=cgsh&condition= HTTP/1.1" 200 699
61.151.178.166 - - [13/Apr/2020:09:33:31 +0800] "GET /xingrg/login.html HTTP/1.1" 200 7641
180.156.150.85 - - [13/Apr/2020:09:33:32 +0800] "GET /xingrg/check_reg.html?_=1586741618932 HTTP/1.1" 200 22
180.156.150.85 - - [13/Apr/2020:09:33:32 +0800] "GET /xingrg/all/function/internal_message.html?_=1586741618933&CODE_STATE=getMsg HTTP/1.1" 200 27
116.235.222.53 - - [13/Apr/2020:09:33:33 +0800] "GET /xingrg/kc/buy/cgsh_order_operate.html?command=get_materiel&rest_code=00107&code=00101008298&supplier_code=00100006&order_time=2020-04-12 HTTP/1.1" 200 412
114.88.159.93 - - [13/Apr/2020:09:33:34 +0800] "GET /xingrg/kc/buy/cgsh_order_operate.html?command=get_materiel&rest_code=00141&code=00101010161&supplier_code=00100334&order_time=2020-04-13 HTTP/1.1" 200 408
116.235.222.53 - - [13/Apr/2020:09:33:37 +0800] "POST /xingrg/kc/buy/cgsh_order_operate.html HTTP/1.1" 200 2065
116.235.222.53 - - [13/Apr/2020:09:33:46 +0800] "GET /xingrg/kc/buy/cgsh_order_operate.html?command=get_materiel&rest_code=00107&code=00101008096&supplier_code=00100006&order_time=2020-04-12 HTTP/1.1" 200 412
114.88.159.93 - - [13/Apr/2020:09:33:47 +0800] "POST /xingrg/kc/buy/cgsh_order_operate.html HTTP/1.1" 200 37
61.129.6.174 - - [13/Apr/2020:09:33:49 +0800] "GET /xingrg/kc/buy/cgsh_order_operate.html?command=get_materiel&rest_code=00141&code=00101002034&supplier_code=00100091&order_time=2020-04-12 HTTP/1.1" 302 -
61.129.6.174 - - [13/Apr/2020:09:33:51 +0800] "GET /xingrg/login.html HTTP/1.1" 200 7641
114.88.159.93 - - [13/Apr/2020:09:33:52 +0800] "POST /xingrg/kc/buy/cgsh_order_operate.html HTTP/1.1" 200 12
114.88.159.93 - - [13/Apr/2020:09:33:54 +0800] "GET /xingrg/kc/buy/cgsh_order_info.html?code=212020041302386 HTTP/1.1" 200 52881
114.88.159.93 - - [13/Apr/2020:09:33:54 +0800] "GET /xingrg/javascript/easyui/themes/default/validatebox.css HTTP/1.1" 404 1104
114.88.159.93 - - [13/Apr/2020:09:33:55 +0800] "POST /xingrg/kc/buy/cgsh_order_operate.html HTTP/1.1" 200 601
114.88.159.93 - - [13/Apr/2020:09:33:56 +0800] "GET /xingrg/kc/print/load_data.html?order_code=212020041302386&kc_code=cgsh&condition= HTTP/1.1" 200 704
180.162.232.172 - - [13/Apr/2020:09:33:58 +0800] "GET /xingrg/kc/buy/cgsh_order_add.html HTTP/1.1" 200 58567
180.162.232.172 - - [13/Apr/2020:09:33:58 +0800] "POST /xingrg/kc/buy/cgsh_order_operate.html HTTP/1.1" 200 8245
180.162.232.172 - - [13/Apr/2020:09:33:58 +0800] "GET /xingrg/javascript/easyui/themes/default/validatebox.css HTTP/1.1" 404 1104
116.235.222.53 - - [13/Apr/2020:09:34:01 +0800] "GET /xingrg/kc/buy/cgsh_order_operate.html?command=get_materiel&rest_code=00107&code=00101008283&supplier_code=00100006&order_time=2020-04-12 HTTP/1.1" 200 408
114.88.159.93 - - [13/Apr/2020:09:34:04 +0800] "GET /xingrg/kc/buy/cgsh_order_add.html HTTP/1.1" 200 57975
114.88.159.93 - - [13/Apr/2020:09:34:04 +0800] "POST /xingrg/kc/buy/cgsh_order_operate.html HTTP/1.1" 200 8245
114.88.159.93 - - [13/Apr/2020:09:34:04 +0800] "GET /xingrg/javascript/easyui/themes/default/validatebox.css HTTP/1.1" 404 1104
180.162.232.172 - - [13/Apr/2020:09:34:07 +0800] "GET /xingrg/kc/buy/cgsh_order_operate.html?command=get_materiel&rest_code=00150&code=00101006124&supplier_code=00100012&order_time=2020-04-13 HTTP/1.1" 200 409
116.235.222.53 - - [13/Apr/2020:09:34:09 +0800] "GET /xingrg/all/function/internal_message.html?_=1586741649179&CODE_STATE=getMsg HTTP/1.1" 200 27
120.253.135.82 - - [13/Apr/2020:09:34:13 +0800] "GET /xingrg/all/function/internal_message.html?_=1586741403867&CODE_STATE=getMsg HTTP/1.1" 200 27
61.151.178.180 - - [13/Apr/2020:09:34:14 +0800] "GET /xingrg/kc/print/load_data.html?order_code=212020041302384&kc_code=cgsh&condition= HTTP/1.1" 302 -
114.88.159.93 - - [13/Apr/2020:09:34:16 +0800] "GET /xingrg/kc/buy/cgsh_order_operate.html?command=get_materiel&rest_code=00141&code=00101020215&supplier_code=00100327&order_time=2020-04-12 HTTP/1.1" 200 391
116.235.222.53 - - [13/Apr/2020:09:34:18 +0800] "GET /xingrg/kc/buy/cgsh_order_operate.html?command=get_materiel&rest_code=00107&code=00101008185&supplier_code=00100006&order_time=2020-04-12 HTTP/1.1" 200 408
180.162.232.172 - - [13/Apr/2020:09:34:22 +0800] "GET /xingrg/kc/buy/cgsh_order_operate.html?command=get_materiel&rest_code=00150&code=00101006184&supplier_code=00100012&order_time=2020-04-12 HTTP/1.1" 200 408
61.151.178.180 - - [13/Apr/2020:09:34:22 +0800] "GET /xingrg/login.html HTTP/1.1" 200 7641
114.88.159.93 - - [13/Apr/2020:09:34:24 +0800] "GET /xingrg/check_reg.html?_=1586741664054 HTTP/1.1" 200 22
114.88.159.93 - - [13/Apr/2020:09:34:24 +0800] "GET /xingrg/all/function/internal_message.html?_=1586741664055&CODE_STATE=getMsg HTTP/1.1" 200 27
116.232.51.174 - - [13/Apr/2020:09:34:24 +0800] "GET /xingrg/kc/mdqp/pssh_order_info.html?code=312020040900071 HTTP/1.1" 200 14380
116.232.51.174 - - [13/Apr/2020:09:34:24 +0800] "GET /xingrg/javascript/jquery_tools/jquery-1.4.2.min.js HTTP/1.1" 404 1094
116.232.51.174 - - [13/Apr/2020:09:34:24 +0800] "GET /xingrg/javascript/easyui/themes/default/validatebox.css HTTP/1.1" 404 1104
116.232.51.174 - - [13/Apr/2020:09:34:24 +0800] "POST /xingrg/kc/mdqp/pssh_order_operate.html HTTP/1.1" 200 1059
116.232.51.174 - - [13/Apr/2020:09:34:25 +0800] "GET /xingrg/kc/print/load_config.html?kc_code=pssh HTTP/1.1" 200 2290
116.232.51.174 - - [13/Apr/2020:09:34:26 +0800] "GET /xingrg/kc/print/load_data.html?order_code=312020040900071&kc_code=pssh&condition= HTTP/1.1" 200 859
114.88.159.93 - - [13/Apr/2020:09:34:28 +0800] "POST /xingrg/kc/buy/cgsh_order_operate.html HTTP/1.1" 200 37
116.235.222.53 - - [13/Apr/2020:09:34:28 +0800] "GET /xingrg/kc/buy/cgsh_order_operate.html?command=get_materiel&rest_code=00107&code=00101008003&supplier_code=00100006&order_time=2020-04-12 HTTP/1.1" 200 408
180.162.232.172 - - [13/Apr/2020:09:34:30 +0800] "GET /xingrg/kc/buy/cgsh_order_operate.html?command=get_materiel&rest_code=00150&code=00101006055&supplier_code=00100012&order_time=2020-04-12 HTTP/1.1" 200 409
116.232.51.174 - - [13/Apr/2020:09:34:32 +0800] "GET /xingrg/kc/mdqp/pssh_order_list.html?isBack=1 HTTP/1.1" 200 17614
116.232.51.174 - - [13/Apr/2020:09:34:32 +0800] "POST /xingrg/kc/mdqp/pssh_list_operate.html HTTP/1.1" 200 5452
180.156.150.85 - - [13/Apr/2020:09:34:32 +0800] "GET /xingrg/all/function/internal_message.html?_=1586741678931&CODE_STATE=getMsg HTTP/1.1" 200 27
114.88.159.93 - - [13/Apr/2020:09:34:33 +0800] "POST /xingrg/kc/buy/cgsh_order_operate.html HTTP/1.1" 200 12
101.89.239.230 - - [13/Apr/2020:09:34:34 +0800] "GET /xingrg/all/function/internal_message.html?_=1586741604056&CODE_STATE=getMsg HTTP/1.1" 302 -
114.88.159.93 - - [13/Apr/2020:09:34:35 +0800] "GET /xingrg/kc/buy/cgsh_order_info.html?code=212020041302387 HTTP/1.1" 200 52877
114.88.159.93 - - [13/Apr/2020:09:34:35 +0800] "GET /xingrg/javascript/easyui/themes/default/validatebox.css HTTP/1.1" 404 1104
114.88.159.93 - - [13/Apr/2020:09:34:36 +0800] "POST /xingrg/kc/buy/cgsh_order_operate.html HTTP/1.1" 200 599
114.88.159.93 - - [13/Apr/2020:09:34:37 +0800] "GET /xingrg/kc/print/load_data.html?order_code=212020041302387&kc_code=cgsh&condition= HTTP/1.1" 200 693
180.162.232.172 - - [13/Apr/2020:09:34:38 +0800] "GET /xingrg/kc/buy/cgsh_order_operate.html?command=get_materiel&rest_code=00150&code=00101006177&supplier_code=00100012&order_time=2020-04-12 HTTP/1.1" 200 409
101.89.239.230 - - [13/Apr/2020:09:34:39 +0800] "GET /xingrg/login.html HTTP/1.1" 200 7641
116.235.222.53 - - [13/Apr/2020:09:34:43 +0800] "GET /xingrg/kc/buy/cgsh_order_operate.html?command=get_materiel&rest_code=00107&code=00101008067&supplier_code=00100006&order_time=2020-04-12 HTTP/1.1" 200 416
180.162.232.172 - - [13/Apr/2020:09:34:45 +0800] "GET /xingrg/kc/buy/cgsh_order_operate.html?command=get_materiel&rest_code=00150&code=00101006079&supplier_code=00100012&order_time=2020-04-12 HTTP/1.1" 200 409
114.88.159.93 - - [13/Apr/2020:09:34:46 +0800] "GET /xingrg/kc/buy/cgsh_order_add.html HTTP/1.1" 200 57975
114.88.159.93 - - [13/Apr/2020:09:34:47 +0800] "POST /xingrg/kc/buy/cgsh_order_operate.html HTTP/1.1" 200 8245
114.88.159.93 - - [13/Apr/2020:09:34:47 +0800] "GET /xingrg/javascript/easyui/themes/default/validatebox.css HTTP/1.1" 404 1104
116.235.222.53 - - [13/Apr/2020:09:34:48 +0800] "POST /xingrg/kc/buy/cgsh_order_operate.html HTTP/1.1" 200 2065
120.253.135.82 - - [13/Apr/2020:09:34:49 +0800] "GET /xingrg/kc/pszx/jzcl_ps.html HTTP/1.1" 200 7683
120.253.135.82 - - [13/Apr/2020:09:34:49 +0800] "POST /xingrg/all/common/load_tree.html?tree=area_rest_tree_json HTTP/1.1" 200 3088
120.253.135.82 - - [13/Apr/2020:09:34:50 +0800] "POST /xingrg/kc/pszx/jzcl_ps_operate.html HTTP/1.1" 200 2657
120.253.135.82 - - [13/Apr/2020:09:34:50 +0800] "POST /xingrg/kc/pszx/jzcl_ps_operate.html HTTP/1.1" 200 2657
180.162.232.172 - - [13/Apr/2020:09:34:51 +0800] "GET /xingrg/kc/buy/cgsh_order_operate.html?command=get_materiel&rest_code=00150&code=00101006065&supplier_code=00100012&order_time=2020-04-12 HTTP/1.1" 200 409
116.235.222.53 - - [13/Apr/2020:09:34:54 +0800] "GET /xingrg/kc/buy/cgsh_order_operate.html?command=get_materiel&rest_code=00107&code=00101008042&supplier_code=00100006&order_time=2020-04-12 HTTP/1.1" 200 416
120.253.135.82 - - [13/Apr/2020:09:35:00 +0800] "GET /xingrg/kc/pszx/mdps_order_list.html?orderType=0 HTTP/1.1" 200 20964
120.253.135.82 - - [13/Apr/2020:09:35:00 +0800] "POST /xingrg/kc/pszx/mdps_list_operate.html HTTP/1.1" 200 5189
120.253.135.82 - - [13/Apr/2020:09:35:04 +0800] "POST /xingrg/kc/pszx/mdps_list_operate.html HTTP/1.1" 200 199
114.88.159.93 - - [13/Apr/2020:09:35:05 +0800] "GET /xingrg/kc/buy/cgsh_order_operate.html?command=get_materiel&rest_code=00141&code=00101001125&supplier_code=00100319&order_time=2020-04-12 HTTP/1.1" 200 415
120.253.135.82 - - [13/Apr/2020:09:35:05 +0800] "GET /xingrg/kc/pszx/mdps_order_info.html?code=312020041300094 HTTP/1.1" 200 23847
61.129.6.174 - - [13/Apr/2020:09:35:05 +0800] "GET /xingrg/kc/print/load_data.html?order_code=212020041302386&kc_code=cgsh&condition= HTTP/1.1" 302 -
120.253.135.82 - - [13/Apr/2020:09:35:05 +0800] "GET /xingrg/javascript/easyui/themes/default/validatebox.css HTTP/1.1" 404 1104
120.253.135.82 - - [13/Apr/2020:09:35:06 +0800] "POST /xingrg/kc/pszx/mdps_order_operate.html HTTP/1.1" 200 2266
116.235.222.53 - - [13/Apr/2020:09:35:07 +0800] "GET /xingrg/kc/buy/cgsh_order_operate.html?command=get_materiel&rest_code=00107&code=00101008036&supplier_code=00100006&order_time=2020-04-12 HTTP/1.1" 200 408
116.232.51.174 - - [13/Apr/2020:09:35:07 +0800] "GET /xingrg/kc/buy/buy_main.html HTTP/1.1" 200 12412
116.232.51.174 - - [13/Apr/2020:09:35:07 +0800] "GET /xingrg/css/new_ie.css HTTP/1.1" 404 1036
116.232.51.174 - - [13/Apr/2020:09:35:09 +0800] "GET /xingrg/kc/buy/cgsh_order_list.html HTTP/1.1" 200 42354
180.162.232.172 - - [13/Apr/2020:09:35:09 +0800] "POST /xingrg/kc/buy/cgsh_order_operate.html HTTP/1.1" 200 37
116.235.222.53 - - [13/Apr/2020:09:35:09 +0800] "GET /xingrg/all/function/internal_message.html?_=1586741709235&CODE_STATE=getMsg HTTP/1.1" 200 27
61.129.6.174 - - [13/Apr/2020:09:35:10 +0800] "GET /xingrg/login.html HTTP/1.1" 200 7641
116.232.51.174 - - [13/Apr/2020:09:35:10 +0800] "POST /xingrg/kc/buy/cgsh_list_operate.html HTTP/1.1" 200 876
180.162.232.172 - - [13/Apr/2020:09:35:11 +0800] "GET /xingrg/check_reg.html?_=1586741842604 HTTP/1.1" 200 22
120.253.135.82 - - [13/Apr/2020:09:35:13 +0800] "GET /xingrg/all/function/internal_message.html?_=1586741463881&CODE_STATE=getMsg HTTP/1.1" 200 27
116.232.51.174 - - [13/Apr/2020:09:35:14 +0800] "GET /xingrg/all/function/internal_message.html?_=1586741749545&CODE_STATE=getMsg HTTP/1.1" 200 27
180.162.232.172 - - [13/Apr/2020:09:35:15 +0800] "POST /xingrg/kc/buy/cgsh_order_operate.html HTTP/1.1" 200 12
120.253.135.82 - - [13/Apr/2020:09:35:15 +0800] "GET /xingrg/kc/pszx/mdps_order_operate.html?command=get_materiel&pszx_code=00101&rest_code=00153&base_code=0010246&code=00102002610 HTTP/1.1" 200 415
180.162.232.172 - - [13/Apr/2020:09:35:17 +0800] "GET /xingrg/kc/buy/cgsh_order_info.html?code=212020041302388 HTTP/1.1" 200 53474
180.162.232.172 - - [13/Apr/2020:09:35:18 +0800] "GET /xingrg/javascript/easyui/themes/default/validatebox.css HTTP/1.1" 404 1104
114.88.159.93 - - [13/Apr/2020:09:35:18 +0800] "POST /xingrg/kc/buy/cgsh_order_operate.html HTTP/1.1" 200 37
180.162.232.172 - - [13/Apr/2020:09:35:18 +0800] "POST /xingrg/kc/buy/cgsh_order_operate.html HTTP/1.1" 200 3541
114.88.159.93 - - [13/Apr/2020:09:35:23 +0800] "POST /xingrg/kc/buy/cgsh_order_operate.html HTTP/1.1" 200 12
180.162.232.172 - - [13/Apr/2020:09:35:24 +0800] "GET /xingrg/kc/print/load_data.html?order_code=212020041302388&kc_code=cgsh&condition= HTTP/1.1" 200 1925
101.89.29.92 - - [13/Apr/2020:09:35:24 +0800] "GET /xingrg/kc/buy/cgsh_order_operate.html?command=get_materiel&rest_code=00141&code=00101020215&supplier_code=00100327&order_time=2020-04-12 HTTP/1.1" 302 -
114.88.159.93 - - [13/Apr/2020:09:35:25 +0800] "GET /xingrg/kc/buy/cgsh_order_info.html?code=212020041302389 HTTP/1.1" 200 52881
114.88.159.93 - - [13/Apr/2020:09:35:26 +0800] "GET /xingrg/javascript/easyui/themes/default/validatebox.css HTTP/1.1" 404 1104
114.88.159.93 - - [13/Apr/2020:09:35:26 +0800] "POST /xingrg/kc/buy/cgsh_order_operate.html HTTP/1.1" 200 613
114.88.159.93 - - [13/Apr/2020:09:35:27 +0800] "GET /xingrg/kc/print/load_data.html?order_code=212020041302389&kc_code=cgsh&condition= HTTP/1.1" 200 718
101.89.29.92 - - [13/Apr/2020:09:35:31 +0800] "GET /xingrg/login.html HTTP/1.1" 200 7641
180.156.150.85 - - [13/Apr/2020:09:35:32 +0800] "GET /xingrg/all/function/internal_message.html?_=1586741738929&CODE_STATE=getMsg HTTP/1.1" 200 27
116.235.222.53 - - [13/Apr/2020:09:35:35 +0800] "GET /xingrg/kc/buy/cgsh_order_operate.html?command=get_materiel&rest_code=00107&code=00101008024&supplier_code=00100006&order_time=2020-04-12 HTTP/1.1" 200 408
114.88.159.93 - - [13/Apr/2020:09:35:36 +0800] "GET /xingrg/kc/buy/cgsh_order_add.html HTTP/1.1" 200 57975
114.88.159.93 - - [13/Apr/2020:09:35:36 +0800] "POST /xingrg/kc/buy/cgsh_order_operate.html HTTP/1.1" 200 8245
114.88.159.93 - - [13/Apr/2020:09:35:36 +0800] "GET /xingrg/javascript/easyui/themes/default/validatebox.css HTTP/1.1" 404 1104
180.162.232.172 - - [13/Apr/2020:09:35:40 +0800] "GET /xingrg/kc/buy/cgsh_order_add.html HTTP/1.1" 200 58567
180.162.232.172 - - [13/Apr/2020:09:35:40 +0800] "POST /xingrg/kc/buy/cgsh_order_operate.html HTTP/1.1" 200 8245
180.162.232.172 - - [13/Apr/2020:09:35:40 +0800] "GET /xingrg/javascript/easyui/themes/default/validatebox.css HTTP/1.1" 404 1104
120.253.135.82 - - [13/Apr/2020:09:35:42 +0800] "POST /xingrg/all/common/load_combo.html?type=base HTTP/1.1" 200 899
101.91.62.65 - - [13/Apr/2020:09:35:42 +0800] "GET /xingrg/kc/print/load_data.html?order_code=212020041302387&kc_code=cgsh&condition= HTTP/1.1" 302 -
114.88.159.93 - - [13/Apr/2020:09:35:46 +0800] "GET /xingrg/kc/buy/cgsh_order_operate.html?command=get_materiel&rest_code=00141&code=00101003006&supplier_code=00100092&order_time=2020-04-12 HTTP/1.1" 200 411
120.253.135.82 - - [13/Apr/2020:09:35:50 +0800] "POST /xingrg/kc/pszx/mdps_order_operate.html HTTP/1.1" 200 37
180.162.232.172 - - [13/Apr/2020:09:35:51 +0800] "GET /xingrg/kc/buy/cgsh_order_operate.html?command=get_materiel&rest_code=00150&code=00101016105&supplier_code=00100036&order_time=2020-04-13 HTTP/1.1" 200 409
120.253.135.82 - - [13/Apr/2020:09:35:52 +0800] "GET /xingrg/kc/pszx/mdps_order_info.html?code=312020041300094 HTTP/1.1" 200 23847
101.91.62.65 - - [13/Apr/2020:09:35:52 +0800] "GET /xingrg/login.html HTTP/1.1" 200 7641
120.253.135.82 - - [13/Apr/2020:09:35:52 +0800] "GET /xingrg/javascript/easyui/themes/default/validatebox.css HTTP/1.1" 404 1104
116.235.222.53 - - [13/Apr/2020:09:35:53 +0800] "GET /xingrg/kc/buy/cgsh_order_operate.html?command=get_materiel&rest_code=00107&code=00101008300&supplier_code=00100006&order_time=2020-04-12 HTTP/1.1" 200 412
120.253.135.82 - - [13/Apr/2020:09:35:53 +0800] "POST /xingrg/kc/pszx/mdps_order_operate.html HTTP/1.1" 200 2289
116.235.222.53 - - [13/Apr/2020:09:35:57 +0800] "POST /xingrg/kc/buy/cgsh_order_operate.html HTTP/1.1" 200 2065
120.253.135.82 - - [13/Apr/2020:09:35:58 +0800] "GET /xingrg/kc/pszx/jzcl_ps.html HTTP/1.1" 200 7683
120.253.135.82 - - [13/Apr/2020:09:35:58 +0800] "POST /xingrg/all/common/load_tree.html?tree=area_rest_tree_json HTTP/1.1" 200 3088
120.253.135.82 - - [13/Apr/2020:09:35:59 +0800] "POST /xingrg/kc/pszx/jzcl_ps_operate.html HTTP/1.1" 200 2657
120.253.135.82 - - [13/Apr/2020:09:35:59 +0800] "POST /xingrg/kc/pszx/jzcl_ps_operate.html HTTP/1.1" 200 2657
114.88.159.93 - - [13/Apr/2020:09:35:59 +0800] "POST /xingrg/kc/buy/cgsh_order_operate.html HTTP/1.1" 200 37
114.88.159.93 - - [13/Apr/2020:09:36:04 +0800] "POST /xingrg/kc/buy/cgsh_order_operate.html HTTP/1.1" 200 12
114.88.159.93 - - [13/Apr/2020:09:36:07 +0800] "GET /xingrg/kc/buy/cgsh_order_info.html?code=212020041302390 HTTP/1.1" 200 52879
114.88.159.93 - - [13/Apr/2020:09:36:08 +0800] "GET /xingrg/javascript/easyui/themes/default/validatebox.css HTTP/1.1" 404 1104
180.162.232.172 - - [13/Apr/2020:09:36:08 +0800] "POST /xingrg/kc/buy/cgsh_order_operate.html HTTP/1.1" 200 37
114.88.159.93 - - [13/Apr/2020:09:36:08 +0800] "POST /xingrg/kc/buy/cgsh_order_operate.html HTTP/1.1" 200 609
114.88.159.93 - - [13/Apr/2020:09:36:08 +0800] "GET /xingrg/kc/print/load_data.html?order_code=212020041302390&kc_code=cgsh&condition= HTTP/1.1" 200 761
116.235.222.53 - - [13/Apr/2020:09:36:08 +0800] "GET /xingrg/kc/buy/cgsh_order_operate.html?command=get_materiel&rest_code=00107&code=00101008005&supplier_code=00100006&order_time=2020-04-12 HTTP/1.1" 200 412
116.235.222.53 - - [13/Apr/2020:09:36:09 +0800] "GET /xingrg/all/function/internal_message.html?_=1586741769272&CODE_STATE=getMsg HTTP/1.1" 200 27
114.88.159.93 - - [13/Apr/2020:09:36:12 +0800] "GET /xingrg/kc/print/load_data.html?order_code=212020041302390&kc_code=cgsh&condition= HTTP/1.1" 200 761
120.253.135.82 - - [13/Apr/2020:09:36:13 +0800] "GET /xingrg/check_reg.html?_=1586741523738 HTTP/1.1" 200 22
120.253.135.82 - - [13/Apr/2020:09:36:13 +0800] "GET /xingrg/all/function/internal_message.html?_=1586741523894&CODE_STATE=getMsg HTTP/1.1" 200 27
116.232.51.174 - - [13/Apr/2020:09:36:14 +0800] "GET /xingrg/all/function/internal_message.html?_=1586741809531&CODE_STATE=getMsg HTTP/1.1" 200 27
180.162.232.172 - - [13/Apr/2020:09:36:17 +0800] "POST /xingrg/kc/buy/cgsh_order_operate.html HTTP/1.1" 200 12
180.162.232.172 - - [13/Apr/2020:09:36:19 +0800] "GET /xingrg/kc/buy/cgsh_order_info.html?code=212020041302391 HTTP/1.1" 200 53476
180.162.232.172 - - [13/Apr/2020:09:36:19 +0800] "GET /xingrg/javascript/easyui/themes/default/validatebox.css HTTP/1.1" 404 1104
180.162.232.172 - - [13/Apr/2020:09:36:20 +0800] "POST /xingrg/kc/buy/cgsh_order_operate.html HTTP/1.1" 200 601
101.89.239.216 - - [13/Apr/2020:09:36:20 +0800] "GET /xingrg/kc/buy/cgsh_order_operate.html?command=get_materiel&rest_code=00141&code=00101001125&supplier_code=00100319&order_time=2020-04-12 HTTP/1.1" 302 -
114.84.33.255 - - [13/Apr/2020:09:36:20 +0800] "GET /xingrg/login.html HTTP/1.1" 200 7641
114.84.33.255 - - [13/Apr/2020:09:36:20 +0800] "GET /xingrg/images/blue/jxLogo.png HTTP/1.1" 304 -
114.84.33.255 - - [13/Apr/2020:09:36:20 +0800] "GET /xingrg/images/blue/login_bg.png HTTP/1.1" 304 -
114.84.33.255 - - [13/Apr/2020:09:36:20 +0800] "GET /xingrg/images/blue/hj.png HTTP/1.1" 304 -
114.84.33.255 - - [13/Apr/2020:09:36:20 +0800] "GET /xingrg/images/blue/srbg.png HTTP/1.1" 304 -
114.84.33.255 - - [13/Apr/2020:09:36:20 +0800] "GET /favicon.ico HTTP/1.1" 404 -
114.88.159.93 - - [13/Apr/2020:09:36:22 +0800] "GET /xingrg/kc/buy/cgsh_order_add.html HTTP/1.1" 200 57975
114.88.159.93 - - [13/Apr/2020:09:36:22 +0800] "POST /xingrg/kc/buy/cgsh_order_operate.html HTTP/1.1" 200 8245
180.162.232.172 - - [13/Apr/2020:09:36:22 +0800] "GET /xingrg/kc/print/load_data.html?order_code=212020041302391&kc_code=cgsh&condition= HTTP/1.1" 200 789
114.88.159.93 - - [13/Apr/2020:09:36:22 +0800] "GET /xingrg/javascript/easyui/themes/default/validatebox.css HTTP/1.1" 404 1104
101.89.239.216 - - [13/Apr/2020:09:36:22 +0800] "GET /xingrg/login.html HTTP/1.1" 200 7641
114.88.159.93 - - [13/Apr/2020:09:36:24 +0800] "GET /xingrg/all/function/internal_message.html?_=1586741784062&CODE_STATE=getMsg HTTP/1.1" 200 27
116.235.222.53 - - [13/Apr/2020:09:36:25 +0800] "GET /xingrg/kc/buy/cgsh_order_operate.html?command=get_materiel&rest_code=00107&code=00101008172&supplier_code=00100006&order_time=2020-04-12 HTTP/1.1" 200 412
120.253.135.82 - - [13/Apr/2020:09:36:26 +0800] "POST /xingrg/kc/pszx/jzcl_ps_operate.html HTTP/1.1" 200 4
120.253.135.82 - - [13/Apr/2020:09:36:26 +0800] "GET /xingrg/javascript/step/images/navBtn.gif HTTP/1.1" 200 361
120.253.135.82 - - [13/Apr/2020:09:36:28 +0800] "GET /xingrg/kc/pszx/mdps_order_list.html HTTP/1.1" 200 20964
120.253.135.82 - - [13/Apr/2020:09:36:28 +0800] "POST /xingrg/kc/pszx/jzcl_ps_operate.html HTTP/1.1" 200 1771
120.253.135.82 - - [13/Apr/2020:09:36:29 +0800] "POST /xingrg/kc/pszx/mdps_list_operate.html HTTP/1.1" 200 5208
180.162.232.172 - - [13/Apr/2020:09:36:29 +0800] "GET /xingrg/kc/buy/cgsh_order_add.html HTTP/1.1" 200 58567
180.162.232.172 - - [13/Apr/2020:09:36:29 +0800] "POST /xingrg/kc/buy/cgsh_order_operate.html HTTP/1.1" 200 8245
180.162.232.172 - - [13/Apr/2020:09:36:29 +0800] "GET /xingrg/javascript/easyui/themes/default/validatebox.css HTTP/1.1" 404 1104
61.151.178.175 - - [13/Apr/2020:09:36:32 +0800] "GET /xingrg/kc/buy/cgsh_order_info.html?code=212020041302389 HTTP/1.1" 302 -
120.253.135.82 - - [13/Apr/2020:09:36:32 +0800] "POST /xingrg/kc/pszx/mdps_list_operate.html HTTP/1.1" 200 594
180.156.150.85 - - [13/Apr/2020:09:36:32 +0800] "GET /xingrg/all/function/internal_message.html?_=1586741798928&CODE_STATE=getMsg HTTP/1.1" 200 27
116.232.51.174 - - [13/Apr/2020:09:36:34 +0800] "GET /xingrg/kc/buy/cgsh_order_add.html HTTP/1.1" 200 57957
120.253.135.82 - - [13/Apr/2020:09:36:34 +0800] "GET /xingrg/kc/pszx/mdps_order_info.html?code=312020041300095 HTTP/1.1" 200 23849
116.232.51.174 - - [13/Apr/2020:09:36:34 +0800] "GET /xingrg/javascript/easyui/themes/icons/copy_new.png HTTP/1.1" 200 815
116.232.51.174 - - [13/Apr/2020:09:36:34 +0800] "GET /xingrg/javascript/easyui/themes/icons/cancel.png HTTP/1.1" 200 1133
116.232.51.174 - - [13/Apr/2020:09:36:34 +0800] "GET /xingrg/javascript/easyui/themes/icons/template_new.png HTTP/1.1" 200 3956
116.232.51.174 - - [13/Apr/2020:09:36:34 +0800] "POST /xingrg/kc/buy/cgsh_order_operate.html HTTP/1.1" 200 8245
116.232.51.174 - - [13/Apr/2020:09:36:34 +0800] "GET /xingrg/javascript/easyui/themes/default/validatebox.css HTTP/1.1" 404 1104
116.232.51.174 - - [13/Apr/2020:09:36:34 +0800] "GET /xingrg/all/common/auto_word.html?type=employee&rest_code=00109 HTTP/1.1" 200 255
116.232.51.174 - - [13/Apr/2020:09:36:34 +0800] "GET /xingrg/javascript/easyui/themes/icons/edit_remove.png HTTP/1.1" 200 625
116.232.51.174 - - [13/Apr/2020:09:36:34 +0800] "GET /xingrg/all/common/auto_word.html?type=employee&rest_code=00109 HTTP/1.1" 200 255
120.253.135.82 - - [13/Apr/2020:09:36:34 +0800] "GET /xingrg/javascript/easyui/themes/default/validatebox.css HTTP/1.1" 404 1104
120.253.135.82 - - [13/Apr/2020:09:36:35 +0800] "POST /xingrg/kc/pszx/mdps_order_operate.html HTTP/1.1" 200 7121
116.235.222.53 - - [13/Apr/2020:09:36:37 +0800] "GET /xingrg/kc/buy/cgsh_order_operate.html?command=get_materiel&rest_code=00107&code=00101008355&supplier_code=00100006&order_time=2020-04-12 HTTP/1.1" 200 408
180.162.232.172 - - [13/Apr/2020:09:36:38 +0800] "GET /xingrg/kc/buy/cgsh_order_operate.html?command=get_materiel&rest_code=00150&code=00101001084&supplier_code=00100040&order_time=2020-04-13 HTTP/1.1" 200 413
114.84.33.255 - - [13/Apr/2020:09:36:38 +0800] "POST /xingrg/login.do HTTP/1.1" 302 -
114.84.33.255 - - [13/Apr/2020:09:36:38 +0800] "GET /xingrg/javascript/jquery_easy_ui/themes/default/easyui.css HTTP/1.1" 304 -
114.84.33.255 - - [13/Apr/2020:09:36:38 +0800] "GET /xingrg/javascript/jquery_easy_ui/themes/icon.css HTTP/1.1" 304 -
114.84.33.255 - - [13/Apr/2020:09:36:38 +0800] "GET /xingrg/index.html?sysBaseUrl=http%3A%2F%2F180.169.147.146%3A18081%2Fxingrg%2F&costTime=1219×tamp=1586741798500 HTTP/1.1" 200 17179
114.84.33.255 - - [13/Apr/2020:09:36:38 +0800] "GET /xingrg/css/form.css HTTP/1.1" 304 -
114.84.33.255 - - [13/Apr/2020:09:36:38 +0800] "GET /xingrg/javascript/jquery-1.4.2.min.js HTTP/1.1" 304 -
114.84.33.255 - - [13/Apr/2020:09:36:38 +0800] "GET /xingrg/javascript/jquery_easy_ui/jquery.easyui.min.js HTTP/1.1" 304 -
114.84.33.255 - - [13/Apr/2020:09:36:38 +0800] "GET /xingrg/javascript/jquery_easy_ui/easyui-lang-zh_CN.js HTTP/1.1" 304 -
114.84.33.255 - - [13/Apr/2020:09:36:38 +0800] "GET /xingrg/javascript/jquery.form.js HTTP/1.1" 304 -
114.84.33.255 - - [13/Apr/2020:09:36:38 +0800] "GET /xingrg/javascript/jquery.utils.js HTTP/1.1" 304 -
114.84.33.255 - - [13/Apr/2020:09:36:38 +0800] "GET /xingrg/javascript/jquery.timers.js HTTP/1.1" 304 -
114.84.33.255 - - [13/Apr/2020:09:36:38 +0800] "GET /xingrg/images/blue/navBackgound.jpg HTTP/1.1" 304 -
114.84.33.255 - - [13/Apr/2020:09:36:38 +0800] "GET /xingrg/javascript/jquery_easy_ui/themes/icons/settle_new.png HTTP/1.1" 304 -
114.84.33.255 - - [13/Apr/2020:09:36:38 +0800] "GET /xingrg/images/blue/pingpu.png HTTP/1.1" 304 -
114.84.33.255 - - [13/Apr/2020:09:36:38 +0800] "GET /xingrg/javascript/jquery_easy_ui/themes/default/images/tabs_leftarrow.png HTTP/1.1" 304 -
114.84.33.255 - - [13/Apr/2020:09:36:38 +0800] "GET /xingrg/javascript/jquery_easy_ui/themes/default/images/tabs_rightarrow.png HTTP/1.1" 304 -
114.84.33.255 - - [13/Apr/2020:09:36:38 +0800] "GET /xingrg/javascript/jquery_easy_ui/themes/default/images/panel_tool_collapse.gif HTTP/1.1" 304 -
114.84.33.255 - - [13/Apr/2020:09:36:38 +0800] "GET /xingrg/check_reg.html?_=1586741800478 HTTP/1.1" 200 22
114.84.33.255 - - [13/Apr/2020:09:36:38 +0800] "POST /xingrg/all/common/load_tree.html?tree=area_rest_tree_json&manage=1 HTTP/1.1" 200 351
114.84.33.255 - - [13/Apr/2020:09:36:38 +0800] "GET /favicon.ico HTTP/1.1" 404 -
114.84.33.255 - - [13/Apr/2020:09:36:38 +0800] "GET /xingrg/javascript/jquery_easy_ui/themes/default/images/tree_arrows.gif HTTP/1.1" 304 -
114.84.33.255 - - [13/Apr/2020:09:36:38 +0800] "GET /xingrg/all/function/internal_message.html?_=1586741800476&CODE_STATE=count HTTP/1.1" 200 11
114.84.33.255 - - [13/Apr/2020:09:36:38 +0800] "POST /xingrg/load_menu.html HTTP/1.1" 200 5138
114.84.33.255 - - [13/Apr/2020:09:36:39 +0800] "GET /xingrg/javascript/jquery_easy_ui/themes/default/images/tree_folder_open.gif HTTP/1.1" 304 -
114.84.33.255 - - [13/Apr/2020:09:36:39 +0800] "GET /xingrg/javascript/jquery_easy_ui/themes/icons/search_new.png HTTP/1.1" 304 -
114.84.33.255 - - [13/Apr/2020:09:36:39 +0800] "GET /xingrg/javascript/jquery_easy_ui/themes/default/images/tree_folder.gif HTTP/1.1" 304 -
114.84.33.255 - - [13/Apr/2020:09:36:39 +0800] "GET /xingrg/javascript/jquery_easy_ui/themes/icons/storage_new.png HTTP/1.1" 304 -
114.84.33.255 - - [13/Apr/2020:09:36:39 +0800] "GET /xingrg/javascript/jquery_easy_ui/themes/icons/forms_new.png HTTP/1.1" 304 -
114.84.33.255 - - [13/Apr/2020:09:36:39 +0800] "GET /xingrg/javascript/jquery_easy_ui/themes/default/images/tree_file.gif HTTP/1.1" 304 -
61.151.178.175 - - [13/Apr/2020:09:36:40 +0800] "GET /xingrg/login.html HTTP/1.1" 200 7641
114.84.33.255 - - [13/Apr/2020:09:36:40 +0800] "GET /xingrg/javascript/jquery_easy_ui/themes/default/images/tabs_close.gif HTTP/1.1" 304 -
114.84.33.255 - - [13/Apr/2020:09:36:40 +0800] "GET /xingrg/kc/buy/buy_main.html HTTP/1.1" 200 12412
114.84.33.255 - - [13/Apr/2020:09:36:40 +0800] "GET /xingrg/css/blue.css HTTP/1.1" 304 -
114.84.33.255 - - [13/Apr/2020:09:36:40 +0800] "GET /xingrg/css/new_ie.css HTTP/1.1" 404 1036
114.84.33.255 - - [13/Apr/2020:09:36:40 +0800] "GET /xingrg/javascript/pic_change.js HTTP/1.1" 304 -
114.84.33.255 - - [13/Apr/2020:09:36:40 +0800] "GET /xingrg/javascript/jquery_ui/themes/humanity/humanity.css HTTP/1.1" 304 -
114.84.33.255 - - [13/Apr/2020:09:36:40 +0800] "GET /xingrg/javascript/myfunction.js HTTP/1.1" 304 -
114.84.33.255 - - [13/Apr/2020:09:36:40 +0800] "GET /xingrg/javascript/ToolTips.js HTTP/1.1" 304 -
114.84.33.255 - - [13/Apr/2020:09:36:40 +0800] "GET /xingrg/javascript/jquery_ui/jquery-ui.min.js HTTP/1.1" 304 -
114.84.33.255 - - [13/Apr/2020:09:36:40 +0800] "GET /xingrg/images/blue/button/cgxqd.gif HTTP/1.1" 304 -
114.84.33.255 - - [13/Apr/2020:09:36:40 +0800] "GET /xingrg/images/blue/button/cgydd.gif HTTP/1.1" 304 -
114.84.33.255 - - [13/Apr/2020:09:36:40 +0800] "GET /xingrg/images/blue/button/cgfkd.gif HTTP/1.1" 304 -
114.84.33.255 - - [13/Apr/2020:09:36:40 +0800] "GET /xingrg/images/blue/button/kc.gif HTTP/1.1" 304 -
114.84.33.255 - - [13/Apr/2020:09:36:40 +0800] "GET /xingrg/images/blue/button/ckthd.gif HTTP/1.1" 304 -
114.84.33.255 - - [13/Apr/2020:09:36:40 +0800] "GET /xingrg/images/blue/button/cgshd.gif HTTP/1.1" 304 -
114.84.33.255 - - [13/Apr/2020:09:36:40 +0800] "GET /xingrg/images/blue/pic_form2.gif HTTP/1.1" 304 -
114.84.33.255 - - [13/Apr/2020:09:36:40 +0800] "GET /xingrg/images/blue/bg_dotted.jpg HTTP/1.1" 304 -
114.84.33.255 - - [13/Apr/2020:09:36:40 +0800] "GET /xingrg/javascript/jquery_ui/themes/humanity/images/ui-bg_inset-soft_100_f4f0ec_1x100.png HTTP/1.1" 304 -
114.84.33.255 - - [13/Apr/2020:09:36:40 +0800] "GET /xingrg/images/blue/button/right_ah.jpg HTTP/1.1" 304 -
114.84.33.255 - - [13/Apr/2020:09:36:40 +0800] "GET /xingrg/images/blue/button/down_ah.jpg HTTP/1.1" 304 -
114.84.33.255 - - [13/Apr/2020:09:36:40 +0800] "GET /xingrg/javascript/jquery_ui/themes/humanity/images/ui-iconsnew.jpg HTTP/1.1" 304 -
114.84.33.255 - - [13/Apr/2020:09:36:40 +0800] "GET /xingrg/javascript/jquery_ui/themes/humanity/images/ui-icons_ffffff_256x240.png HTTP/1.1" 304 -
114.84.33.255 - - [13/Apr/2020:09:36:40 +0800] "GET /xingrg/javascript/jquery_ui/themes/humanity/images/ui-icons_c47a23_256x240.png HTTP/1.1" 304 -
114.84.33.255 - - [13/Apr/2020:09:36:40 +0800] "GET /xingrg/javascript/jquery_ui/themes/humanity/images/ui-bg_glass_70_ede4d4_1x400.png HTTP/1.1" 304 -
114.84.33.255 - - [13/Apr/2020:09:36:40 +0800] "GET /xingrg/images/yd/bt.gif HTTP/1.1" 404 1040
116.232.51.174 - - [13/Apr/2020:09:36:41 +0800] "GET /xingrg/javascript/jquery_tools/images/prev.gif HTTP/1.1" 404 1086
116.232.51.174 - - [13/Apr/2020:09:36:41 +0800] "GET /xingrg/javascript/jquery_tools/images/next.gif HTTP/1.1" 404 1086
61.129.6.174 - - [13/Apr/2020:09:36:42 +0800] "GET /xingrg/kc/buy/cgsh_order_add.html HTTP/1.1" 302 -
114.84.33.255 - - [13/Apr/2020:09:36:42 +0800] "GET /xingrg/css/base.css HTTP/1.1" 304 -
114.84.33.255 - - [13/Apr/2020:09:36:42 +0800] "GET /xingrg/css/site.css HTTP/1.1" 304 -
114.84.33.255 - - [13/Apr/2020:09:36:42 +0800] "GET /xingrg/javascript/jquery_tools/datebox.css HTTP/1.1" 304 -
114.84.33.255 - - [13/Apr/2020:09:36:42 +0800] "GET /xingrg/javascript/easyui/themes/default/easyui.css HTTP/1.1" 304 -
114.84.33.255 - - [13/Apr/2020:09:36:42 +0800] "GET /xingrg/javascript/easyui/themes/icon.css HTTP/1.1" 304 -
114.84.33.255 - - [13/Apr/2020:09:36:42 +0800] "GET /xingrg/javascript/auto/jquery.autocomplete.css HTTP/1.1" 304 -
114.84.33.255 - - [13/Apr/2020:09:36:42 +0800] "GET /xingrg/javascript/jquery_tools/jquery.tools.extend.js HTTP/1.1" 304 -
114.84.33.255 - - [13/Apr/2020:09:36:42 +0800] "GET /xingrg/javascript/jquery_tools/jquery.tools.hotkey.js HTTP/1.1" 304 -
114.84.33.255 - - [13/Apr/2020:09:36:42 +0800] "GET /xingrg/javascript/jquery_tools/jquery.tools.table.js HTTP/1.1" 304 -
114.84.33.255 - - [13/Apr/2020:09:36:42 +0800] "GET /xingrg/javascript/jquery_tools/fix.css HTTP/1.1" 304 -
114.84.33.255 - - [13/Apr/2020:09:36:42 +0800] "GET /xingrg/javascript/jquery_tools/list_manager.js HTTP/1.1" 304 -
114.84.33.255 - - [13/Apr/2020:09:36:42 +0800] "GET /xingrg/javascript/jquery_tools/jquery.tools.min.js HTTP/1.1" 304 -
114.84.33.255 - - [13/Apr/2020:09:36:42 +0800] "GET /xingrg/javascript/jquery_tools/table.css HTTP/1.1" 304 -
114.84.33.255 - - [13/Apr/2020:09:36:42 +0800] "GET /xingrg/javascript/auto/jquery.autocomplete.js HTTP/1.1" 304 -
114.84.33.255 - - [13/Apr/2020:09:36:42 +0800] "GET /xingrg/javascript/jquery.cookie.js HTTP/1.1" 304 -
114.84.33.255 - - [13/Apr/2020:09:36:42 +0800] "GET /xingrg/kc/buy/cgsh_order_list.html HTTP/1.1" 200 42360
114.84.33.255 - - [13/Apr/2020:09:36:42 +0800] "GET /xingrg/javascript/print/LodopFuncs.js HTTP/1.1" 304 -
114.84.33.255 - - [13/Apr/2020:09:36:42 +0800] "GET /xingrg/javascript/easyui/easyloader.js HTTP/1.1" 304 -
120.253.135.82 - - [13/Apr/2020:09:36:42 +0800] "POST /xingrg/kc/pszx/mdps_order_operate.html HTTP/1.1" 200 37
114.84.33.255 - - [13/Apr/2020:09:36:43 +0800] "GET /xingrg/javascript/easyui/themes/icons/edit_add_new.png HTTP/1.1" 304 -
114.84.33.255 - - [13/Apr/2020:09:36:43 +0800] "GET /xingrg/javascript/easyui/themes/icons/cance_new.png HTTP/1.1" 304 -
114.84.33.255 - - [13/Apr/2020:09:36:43 +0800] "GET /xingrg/javascript/easyui/themes/icons/check_new.png HTTP/1.1" 304 -
114.84.33.255 - - [13/Apr/2020:09:36:43 +0800] "GET /xingrg/javascript/easyui/themes/icons/field_new.png HTTP/1.1" 304 -
114.84.33.255 - - [13/Apr/2020:09:36:43 +0800] "GET /xingrg/javascript/easyui/themes/icons/import_new.png HTTP/1.1" 304 -
114.84.33.255 - - [13/Apr/2020:09:36:43 +0800] "GET /xingrg/javascript/easyui/plugins/jquery.parser.js HTTP/1.1" 304 -
114.84.33.255 - - [13/Apr/2020:09:36:43 +0800] "GET /xingrg/images/control/ajaxLoader.gif HTTP/1.1" 304 -
114.84.33.255 - - [13/Apr/2020:09:36:43 +0800] "GET /xingrg/javascript/jquery_easy_ui/themes/icons/area.png HTTP/1.1" 304 -
114.84.33.255 - - [13/Apr/2020:09:36:43 +0800] "GET /xingrg/javascript/jquery_easy_ui/themes/icons/rest.png HTTP/1.1" 304 -
120.253.135.82 - - [13/Apr/2020:09:36:44 +0800] "GET /xingrg/kc/pszx/mdps_order_info.html?code=312020041300095 HTTP/1.1" 200 23849
120.253.135.82 - - [13/Apr/2020:09:36:45 +0800] "GET /xingrg/javascript/easyui/themes/default/validatebox.css HTTP/1.1" 404 1104
114.84.33.255 - - [13/Apr/2020:09:36:45 +0800] "POST /xingrg/kc/buy/cgsh_list_operate.html HTTP/1.1" 200 876
114.88.159.93 - - [13/Apr/2020:09:36:46 +0800] "GET /xingrg/kc/buy/cgsh_order_operate.html?command=get_materiel&rest_code=00141&code=00101005045&supplier_code=00100316&order_time=2020-04-12 HTTP/1.1" 200 419
120.253.135.82 - - [13/Apr/2020:09:36:46 +0800] "POST /xingrg/kc/pszx/mdps_order_operate.html HTTP/1.1" 200 7207
61.129.6.174 - - [13/Apr/2020:09:36:48 +0800] "GET /xingrg/login.html HTTP/1.1" 200 7641
116.235.222.53 - - [13/Apr/2020:09:36:49 +0800] "GET /xingrg/kc/buy/cgsh_order_operate.html?command=get_materiel&rest_code=00107&code=00101008168&supplier_code=00100006&order_time=2020-04-12 HTTP/1.1" 200 413
116.232.51.174 - - [13/Apr/2020:09:36:49 +0800] "GET /xingrg/kc/buy/cgsh_order_operate.html?command=get_materiel&rest_code=00109&code=00101011005&supplier_code=00100046&order_time=2020-04-12 HTTP/1.1" 200 408
114.84.33.255 - - [13/Apr/2020:09:36:51 +0800] "GET /xingrg/javascript/auto/indicator.gif HTTP/1.1" 404 1066
180.162.232.172 - - [13/Apr/2020:09:36:52 +0800] "GET /xingrg/kc/buy/cgsh_order_operate.html?command=get_materiel&rest_code=00150&code=00101001075&supplier_code=00100040&order_time=2020-04-13 HTTP/1.1" 200 409
116.238.92.147 - - [13/Apr/2020:09:36:55 +0800] "GET /favicon.ico HTTP/1.1" 404 -
116.238.92.147 - - [13/Apr/2020:09:36:56 +0800] "GET /favicon.ico HTTP/1.1" 404 -
114.84.33.255 - - [13/Apr/2020:09:36:57 +0800] "GET /xingrg/javascript/jquery_tools/images/prev.gif HTTP/1.1" 404 1086
114.84.33.255 - - [13/Apr/2020:09:36:57 +0800] "GET /xingrg/javascript/jquery_tools/images/next.gif HTTP/1.1" 404 1086
114.88.159.93 - - [13/Apr/2020:09:36:58 +0800] "POST /xingrg/kc/buy/cgsh_order_operate.html HTTP/1.1" 200 37
116.235.222.53 - - [13/Apr/2020:09:36:59 +0800] "GET /xingrg/kc/buy/cgsh_order_operate.html?command=get_materiel&rest_code=00107&code=00101009011&supplier_code=00100006&order_time=2020-04-12 HTTP/1.1" 200 416
116.238.92.147 - - [13/Apr/2020:09:37:00 +0800] "GET /xingrg/login.html HTTP/1.1" 200 7641
116.238.92.147 - - [13/Apr/2020:09:37:00 +0800] "GET /favicon.ico HTTP/1.1" 404 -
116.235.222.53 - - [13/Apr/2020:09:37:02 +0800] "POST /xingrg/kc/buy/cgsh_order_operate.html HTTP/1.1" 200 2065
114.88.159.93 - - [13/Apr/2020:09:37:03 +0800] "POST /xingrg/kc/buy/cgsh_order_operate.html HTTP/1.1" 200 12
114.88.159.93 - - [13/Apr/2020:09:37:06 +0800] "GET /xingrg/kc/buy/cgsh_order_info.html?code=212020041302392 HTTP/1.1" 200 52881
114.88.159.93 - - [13/Apr/2020:09:37:07 +0800] "GET /xingrg/javascript/easyui/themes/default/validatebox.css HTTP/1.1" 404 1104
116.238.92.147 - - [13/Apr/2020:09:37:07 +0800] "POST /xingrg/login.do HTTP/1.1" 302 -
180.162.232.172 - - [13/Apr/2020:09:37:07 +0800] "POST /xingrg/kc/buy/cgsh_order_operate.html HTTP/1.1" 200 37
114.88.159.93 - - [13/Apr/2020:09:37:07 +0800] "POST /xingrg/kc/buy/cgsh_order_operate.html HTTP/1.1" 200 616
101.89.19.197 - - [13/Apr/2020:09:37:07 +0800] "GET /xingrg/kc/print/load_data.html?order_code=212020041302390&kc_code=cgsh&condition= HTTP/1.1" 302 -
116.238.92.147 - - [13/Apr/2020:09:37:07 +0800] "GET /xingrg/index.html?sysBaseUrl=http%3A%2F%2F180.169.147.146%3A18081%2Fxingrg%2F&costTime=2438×tamp=1586741827573 HTTP/1.1" 200 17173
116.238.92.147 - - [13/Apr/2020:09:37:07 +0800] "GET /xingrg/javascript/jquery_easy_ui/themes/default/easyui.css HTTP/1.1" 304 -
116.238.92.147 - - [13/Apr/2020:09:37:07 +0800] "GET /xingrg/javascript/jquery_easy_ui/themes/icon.css HTTP/1.1" 304 -
116.238.92.147 - - [13/Apr/2020:09:37:07 +0800] "GET /xingrg/css/form.css HTTP/1.1" 304 -
116.238.92.147 - - [13/Apr/2020:09:37:07 +0800] "GET /xingrg/javascript/jquery-1.4.2.min.js HTTP/1.1" 304 -
116.238.92.147 - - [13/Apr/2020:09:37:07 +0800] "GET /xingrg/javascript/jquery_easy_ui/jquery.easyui.min.js HTTP/1.1" 304 -
116.238.92.147 - - [13/Apr/2020:09:37:07 +0800] "GET /xingrg/javascript/jquery_easy_ui/easyui-lang-zh_CN.js HTTP/1.1" 304 -
116.238.92.147 - - [13/Apr/2020:09:37:07 +0800] "GET /xingrg/javascript/jquery.form.js HTTP/1.1" 304 -
116.238.92.147 - - [13/Apr/2020:09:37:07 +0800] "GET /xingrg/javascript/jquery.utils.js HTTP/1.1" 304 -
116.238.92.147 - - [13/Apr/2020:09:37:07 +0800] "GET /xingrg/javascript/jquery.timers.js HTTP/1.1" 304 -
116.238.92.147 - - [13/Apr/2020:09:37:08 +0800] "GET /favicon.ico HTTP/1.1" 404 -
114.88.159.93 - - [13/Apr/2020:09:37:08 +0800] "GET /xingrg/kc/print/load_data.html?order_code=212020041302392&kc_code=cgsh&condition= HTTP/1.1" 200 721
116.238.92.147 - - [13/Apr/2020:09:37:08 +0800] "POST /xingrg/all/common/load_tree.html?tree=area_rest_tree_json&manage=1 HTTP/1.1" 200 342
116.238.92.147 - - [13/Apr/2020:09:37:08 +0800] "GET /xingrg/check_reg.html?_=1586742014671 HTTP/1.1" 200 22
116.238.92.147 - - [13/Apr/2020:09:37:08 +0800] "GET /xingrg/all/function/internal_message.html?_=1586742014670&CODE_STATE=count HTTP/1.1" 200 11
116.238.92.147 - - [13/Apr/2020:09:37:08 +0800] "POST /xingrg/load_menu.html HTTP/1.1" 200 5138
116.235.222.53 - - [13/Apr/2020:09:37:09 +0800] "GET /xingrg/all/function/internal_message.html?_=1586741829253&CODE_STATE=getMsg HTTP/1.1" 200 27
101.89.19.197 - - [13/Apr/2020:09:37:09 +0800] "GET /xingrg/login.html HTTP/1.1" 200 7641
114.88.159.93 - - [13/Apr/2020:09:37:11 +0800] "GET /xingrg/javascript/jquery_easy_ui/themes/default/images/tabs_active.png HTTP/1.1" 200 2894
116.232.51.174 - - [13/Apr/2020:09:37:11 +0800] "GET /xingrg/kc/buy/cgsh_order_operate.html?command=get_materiel&rest_code=00109&code=00101011003&supplier_code=00100046&order_time=2020-04-12 HTTP/1.1" 200 413
114.88.159.93 - - [13/Apr/2020:09:37:11 +0800] "GET /xingrg/kc/print/load_data.html?order_code=212020041302392&kc_code=cgsh&condition= HTTP/1.1" 200 721
116.235.222.53 - - [13/Apr/2020:09:37:12 +0800] "GET /xingrg/kc/buy/cgsh_order_operate.html?command=get_materiel&rest_code=00107&code=00101009063&supplier_code=00100006&order_time=2020-04-12 HTTP/1.1" 200 409
180.162.232.172 - - [13/Apr/2020:09:37:13 +0800] "POST /xingrg/kc/buy/cgsh_order_operate.html HTTP/1.1" 200 12
120.253.135.82 - - [13/Apr/2020:09:37:13 +0800] "GET /xingrg/all/function/internal_message.html?_=1586741583957&CODE_STATE=getMsg HTTP/1.1" 200 27
116.232.51.174 - - [13/Apr/2020:09:37:14 +0800] "GET /xingrg/all/function/internal_message.html?_=1586741869531&CODE_STATE=getMsg HTTP/1.1" 200 27
114.84.33.255 - - [13/Apr/2020:09:37:15 +0800] "POST /xingrg/kc/buy/cgsh_list_operate.html HTTP/1.1" 200 5474
180.162.232.172 - - [13/Apr/2020:09:37:16 +0800] "GET /xingrg/kc/buy/cgsh_order_info.html?code=212020041302393 HTTP/1.1" 200 53474
180.162.232.172 - - [13/Apr/2020:09:37:16 +0800] "GET /xingrg/javascript/easyui/themes/default/validatebox.css HTTP/1.1" 404 1104
180.162.232.172 - - [13/Apr/2020:09:37:16 +0800] "POST /xingrg/kc/buy/cgsh_order_operate.html HTTP/1.1" 200 1195
116.238.92.147 - - [13/Apr/2020:09:37:19 +0800] "GET /xingrg/kc/mdqp/pssh_order_list.html HTTP/1.1" 200 17538
116.238.92.147 - - [13/Apr/2020:09:37:19 +0800] "GET /xingrg/css/base.css HTTP/1.1" 304 -
116.238.92.147 - - [13/Apr/2020:09:37:19 +0800] "GET /xingrg/css/site.css HTTP/1.1" 304 -
116.238.92.147 - - [13/Apr/2020:09:37:19 +0800] "GET /xingrg/javascript/jquery_tools/datebox.css HTTP/1.1" 304 -
116.238.92.147 - - [13/Apr/2020:09:37:19 +0800] "GET /xingrg/javascript/easyui/themes/default/easyui.css HTTP/1.1" 304 -
