222.69.139.7 - - [13/Apr/2020:10:41:22 +0800] "POST /xingrg/kc/buy/cgsh_list_operate.html HTTP/1.1" 200 876
117.184.7.26 - - [13/Apr/2020:10:41:22 +0800] "POST /xingrg/kc/buy/cgsh_order_operate.html HTTP/1.1" 200 2668
180.157.252.250 - - [13/Apr/2020:10:41:23 +0800] "GET /xingrg/all/function/internal_message.html?_=1586745683511&CODE_STATE=getMsg HTTP/1.1" 200 27
180.157.252.250 - - [13/Apr/2020:10:41:23 +0800] "GET /xingrg/check_reg.html?_=1586745683516 HTTP/1.1" 200 22
58.40.7.146 - - [13/Apr/2020:10:41:24 +0800] "POST /xingrg/system/rest/edit_item.html HTTP/1.1" 200 4
222.69.139.7 - - [13/Apr/2020:10:41:25 +0800] "GET /xingrg/index.html?sysBaseUrl=http%3A%2F%2F180.169.147.146%3A18081%2Fxingrg%2F&costTime=45×tamp=1585216556132 HTTP/1.1" 200 17179
222.69.139.7 - - [13/Apr/2020:10:41:25 +0800] "POST /xingrg/all/common/load_tree.html?tree=area_rest_tree_json&manage=1 HTTP/1.1" 200 351
222.69.139.7 - - [13/Apr/2020:10:41:25 +0800] "GET /xingrg/check_reg.html?_=1586745686433 HTTP/1.1" 200 22
222.69.139.7 - - [13/Apr/2020:10:41:25 +0800] "GET /xingrg/all/function/internal_message.html?_=1586745686433&CODE_STATE=count HTTP/1.1" 200 11
222.69.139.7 - - [13/Apr/2020:10:41:25 +0800] "GET /favicon.ico HTTP/1.1" 404 -
222.69.139.7 - - [13/Apr/2020:10:41:26 +0800] "POST /xingrg/load_menu.html HTTP/1.1" 200 5138
114.88.159.93 - - [13/Apr/2020:10:41:26 +0800] "GET /xingrg/all/function/internal_message.html?_=1586745686562&CODE_STATE=getMsg HTTP/1.1" 200 27
114.88.159.93 - - [13/Apr/2020:10:41:26 +0800] "POST /xingrg/services/DataTransmitService HTTP/1.1" 200 524
114.88.159.93 - - [13/Apr/2020:10:41:27 +0800] "POST /xingrg/services/DataTransmitService HTTP/1.1" 200 501
114.88.159.93 - - [13/Apr/2020:10:41:27 +0800] "POST /xingrg/services/DataTransmitService HTTP/1.1" 200 501
117.184.7.26 - - [13/Apr/2020:10:41:27 +0800] "POST /xingrg/kc/buy/cgsh_order_operate.html HTTP/1.1" 200 37
61.151.178.197 - - [13/Apr/2020:10:41:28 +0800] "GET /xingrg/all/function/internal_message.html?_=1586745626568&CODE_STATE=getMsg HTTP/1.1" 302 -
117.184.7.26 - - [13/Apr/2020:10:41:28 +0800] "POST /xingrg/kc/buy/cgsh_order_operate.html HTTP/1.1" 200 2668
222.69.139.7 - - [13/Apr/2020:10:41:29 +0800] "GET /xingrg/kc/buy/cgyd_order_list.html HTTP/1.1" 200 41827
114.88.159.93 - - [13/Apr/2020:10:41:29 +0800] "POST /xingrg/services/DataTransmitService HTTP/1.1" 200 501
180.162.102.27 - - [13/Apr/2020:10:41:29 +0800] "GET /xingrg/all/function/internal_message.html?_=1586745158660&CODE_STATE=getMsg HTTP/1.1" 200 27
222.69.139.7 - - [13/Apr/2020:10:41:30 +0800] "GET /xingrg/kc/buy/cgsh_order_list.html HTTP/1.1" 200 42360
117.184.7.26 - - [13/Apr/2020:10:41:30 +0800] "GET /xingrg/kc/print/load_data.html?order_code=212020041302492&kc_code=cgsh&condition= HTTP/1.1" 200 727
222.69.139.7 - - [13/Apr/2020:10:41:30 +0800] "POST /xingrg/kc/buy/cgyd_list_operate.html HTTP/1.1" 200 976
58.40.7.146 - - [13/Apr/2020:10:41:31 +0800] "GET /xingrg/system/rest/get_item.html?table=menu&id=2967&_=1586745691552 HTTP/1.1" 200 988
58.40.7.146 - - [13/Apr/2020:10:41:31 +0800] "GET /xingrg/system/rest/get_item.html?table=menu&target=menu_rest&id=2967&_=1586745691579 HTTP/1.1" 200 790
58.40.7.146 - - [13/Apr/2020:10:41:31 +0800] "GET /xingrg/system/rest/get_item.html?table=menu&target=cook_mode&id=2967&_=1586745691577 HTTP/1.1" 200 403
222.69.139.7 - - [13/Apr/2020:10:41:31 +0800] "POST /xingrg/kc/buy/cgsh_list_operate.html HTTP/1.1" 200 876
58.40.7.146 - - [13/Apr/2020:10:41:32 +0800] "GET /xingrg/system/rest/get_infos.html?command=menu_img_show&id=2967 HTTP/1.1" 200 5
114.88.159.93 - - [13/Apr/2020:10:41:32 +0800] "POST /xingrg/services/DataTransmitService HTTP/1.1" 200 501
114.88.159.93 - - [13/Apr/2020:10:41:33 +0800] "POST /xingrg/services/DataTransmitService HTTP/1.1" 200 501
116.232.51.174 - - [13/Apr/2020:10:41:33 +0800] "GET /xingrg/all/function/internal_message.html?_=1586745735484&CODE_STATE=getMsg HTTP/1.1" 200 27
114.88.159.93 - - [13/Apr/2020:10:41:33 +0800] "POST /xingrg/services/DataTransmitService HTTP/1.1" 200 501
114.88.159.93 - - [13/Apr/2020:10:41:33 +0800] "POST /xingrg/services/DataTransmitService HTTP/1.1" 200 501
61.151.178.197 - - [13/Apr/2020:10:41:33 +0800] "GET /xingrg/login.html HTTP/1.1" 200 7641
114.88.159.93 - - [13/Apr/2020:10:41:33 +0800] "POST /xingrg/services/DataTransmitService HTTP/1.1" 200 501
114.88.159.93 - - [13/Apr/2020:10:41:34 +0800] "POST /xingrg/services/DataTransmitService HTTP/1.1" 200 501
172.17.0.113 - - [13/Apr/2020:10:41:34 +0800] "GET /xingrg/all/function/internal_message.html?_=1586745696355&CODE_STATE=getMsg HTTP/1.1" 200 27
114.88.159.93 - - [13/Apr/2020:10:41:34 +0800] "POST /xingrg/services/DataTransmitService HTTP/1.1" 200 412
114.88.159.93 - - [13/Apr/2020:10:41:35 +0800] "POST /xingrg/services/DataTransmitService HTTP/1.1" 200 524
117.184.7.26 - - [13/Apr/2020:10:41:35 +0800] "GET /xingrg/all/function/internal_message.html?_=1586745695384&CODE_STATE=getMsg HTTP/1.1" 200 27
117.184.7.26 - - [13/Apr/2020:10:41:35 +0800] "POST /xingrg/kc/buy/cgsh_list_operate.html HTTP/1.1" 200 2781
222.70.183.62 - - [13/Apr/2020:10:41:35 +0800] "GET /xingrg/all/function/internal_message.html?_=1586745696414&CODE_STATE=getMsg HTTP/1.1" 200 27
114.84.32.201 - - [13/Apr/2020:10:41:35 +0800] "GET /xingrg/all/function/internal_message.html?_=1586745691812&CODE_STATE=getMsg HTTP/1.1" 200 27
117.184.7.26 - - [13/Apr/2020:10:41:36 +0800] "POST /xingrg/kc/buy/cgsh_list_operate.html HTTP/1.1" 200 280
117.184.7.26 - - [13/Apr/2020:10:41:36 +0800] "GET /xingrg/kc/buy/cgsh_order_info.html?code=212020041302491 HTTP/1.1" 200 57991
180.162.232.172 - - [13/Apr/2020:10:41:37 +0800] "GET /xingrg/all/function/internal_message.html?_=1586745828021&CODE_STATE=getMsg HTTP/1.1" 200 27
117.184.7.26 - - [13/Apr/2020:10:41:37 +0800] "GET /xingrg/javascript/easyui/themes/default/validatebox.css HTTP/1.1" 404 1104
114.88.159.93 - - [13/Apr/2020:10:41:37 +0800] "POST /xingrg/services/DataTransmitService HTTP/1.1" 200 524
116.238.92.147 - - [13/Apr/2020:10:41:37 +0800] "GET /xingrg/kc/buy/cgsh_order_operate.html?command=get_materiel&rest_code=00102&code=00101008137&supplier_code=00100007&order_time=2020-04-13 HTTP/1.1" 200 410
117.184.7.26 - - [13/Apr/2020:10:41:37 +0800] "POST /xingrg/kc/buy/cgsh_order_operate.html HTTP/1.1" 200 3259
114.88.159.93 - - [13/Apr/2020:10:41:38 +0800] "POST /xingrg/services/DataTransmitService HTTP/1.1" 200 524
114.88.159.93 - - [13/Apr/2020:10:41:38 +0800] "POST /xingrg/services/DataTransmitService HTTP/1.1" 200 524
58.40.7.146 - - [13/Apr/2020:10:41:39 +0800] "GET /xingrg/system/rest/get_item.html?table=menu&target=menu_rest_detail&id=2967&sid=16&_=1586745699362 HTTP/1.1" 200 428
114.84.33.255 - - [13/Apr/2020:10:41:39 +0800] "GET /xingrg/check_reg.html?_=1586745700898 HTTP/1.1" 200 22
222.69.139.7 - - [13/Apr/2020:10:41:39 +0800] "POST /xingrg/kc/buy/cgsh_list_operate.html HTTP/1.1" 200 5901
222.69.139.7 - - [13/Apr/2020:10:41:42 +0800] "POST /xingrg/kc/buy/cgsh_list_operate.html HTTP/1.1" 200 569
58.40.7.146 - - [13/Apr/2020:10:41:42 +0800] "POST /xingrg/system/rest/edit_item.html HTTP/1.1" 200 4
117.184.7.26 - - [13/Apr/2020:10:41:43 +0800] "POST /xingrg/kc/buy/cgsh_order_operate.html HTTP/1.1" 200 37
222.69.139.7 - - [13/Apr/2020:10:41:43 +0800] "GET /xingrg/kc/buy/cgsh_order_info.html?code=212020041302461 HTTP/1.1" 200 52875
117.184.7.26 - - [13/Apr/2020:10:41:44 +0800] "POST /xingrg/kc/buy/cgsh_order_operate.html HTTP/1.1" 200 3259
222.69.139.7 - - [13/Apr/2020:10:41:44 +0800] "GET /xingrg/javascript/easyui/themes/default/validatebox.css HTTP/1.1" 404 1104
222.69.139.7 - - [13/Apr/2020:10:41:44 +0800] "POST /xingrg/kc/buy/cgsh_order_operate.html HTTP/1.1" 200 4773
120.253.135.82 - - [13/Apr/2020:10:41:45 +0800] "POST /xingrg/kc/pszx/mdps_order_operate.html HTTP/1.1" 200 37
114.84.33.255 - - [13/Apr/2020:10:41:45 +0800] "GET /xingrg/all/function/internal_message.html?_=1586745707544&CODE_STATE=getMsg HTTP/1.1" 200 27
117.184.7.26 - - [13/Apr/2020:10:41:46 +0800] "POST /xingrg/kc/buy/cgsh_list_operate.html HTTP/1.1" 200 2781
120.253.135.82 - - [13/Apr/2020:10:41:46 +0800] "POST /xingrg/kc/pszx/mdps_order_operate.html HTTP/1.1" 200 12
117.184.7.26 - - [13/Apr/2020:10:41:48 +0800] "POST /xingrg/kc/buy/cgsh_list_operate.html HTTP/1.1" 200 2781
120.253.135.82 - - [13/Apr/2020:10:41:48 +0800] "GET /xingrg/kc/pszx/mdps_order_info.html?code=312020041300106 HTTP/1.1" 200 19507
117.184.7.26 - - [13/Apr/2020:10:41:48 +0800] "GET /xingrg/kc/buy/cgsh_order_add.html HTTP/1.1" 200 57978
117.184.7.26 - - [13/Apr/2020:10:41:49 +0800] "POST /xingrg/kc/buy/cgsh_order_operate.html HTTP/1.1" 200 8245
117.184.7.30 - - [13/Apr/2020:10:41:49 +0800] "GET /xingrg/javascript/easyui/themes/default/validatebox.css HTTP/1.1" 404 1104
120.253.135.82 - - [13/Apr/2020:10:41:49 +0800] "GET /xingrg/javascript/easyui/themes/default/validatebox.css HTTP/1.1" 404 1104
120.253.135.82 - - [13/Apr/2020:10:41:49 +0800] "POST /xingrg/kc/pszx/mdps_order_operate.html HTTP/1.1" 200 1016
172.17.0.114 - - [13/Apr/2020:10:41:49 +0800] "GET /xingrg/check_reg.html?_=1586746004341 HTTP/1.1" 200 22
172.17.0.114 - - [13/Apr/2020:10:41:49 +0800] "GET /xingrg/all/function/internal_message.html?_=1586746004355&CODE_STATE=getMsg HTTP/1.1" 200 27
120.253.135.82 - - [13/Apr/2020:10:41:50 +0800] "POST /xingrg/kc/pszx/mdps_list_operate.html HTTP/1.1" 200 1685
116.232.48.158 - - [13/Apr/2020:10:41:50 +0800] "GET /xingrg/all/function/internal_message.html?_=1586745603608&CODE_STATE=getMsg HTTP/1.1" 200 27
116.238.92.147 - - [13/Apr/2020:10:41:51 +0800] "GET /xingrg/all/function/internal_message.html?_=1586745897822&CODE_STATE=getMsg HTTP/1.1" 200 27
120.253.135.82 - - [13/Apr/2020:10:41:51 +0800] "POST /xingrg/kc/pszx/mdps_list_operate.html HTTP/1.1" 200 232
120.253.135.82 - - [13/Apr/2020:10:41:52 +0800] "GET /xingrg/kc/pszx/mdps_order_info.html?code=312020041300104 HTTP/1.1" 200 23847
117.185.32.26 - - [13/Apr/2020:10:41:52 +0800] "GET /xingrg/kc/base/wldb_order_operate.html?command=get_materiel&rest_code=00106&base_code=0010397&code=00102002118 HTTP/1.1" 200 452
120.253.135.82 - - [13/Apr/2020:10:41:52 +0800] "GET /xingrg/javascript/easyui/themes/default/validatebox.css HTTP/1.1" 404 1104
120.253.135.82 - - [13/Apr/2020:10:41:52 +0800] "POST /xingrg/kc/pszx/mdps_order_operate.html HTTP/1.1" 200 2328
117.131.5.26 - - [13/Apr/2020:10:41:52 +0800] "GET /xingrg/all/function/internal_message.html?_=1586745716039&CODE_STATE=getMsg HTTP/1.1" 200 27
117.131.5.26 - - [13/Apr/2020:10:41:55 +0800] "GET /xingrg/check_reg.html?_=1586745718179 HTTP/1.1" 200 22
116.235.222.53 - - [13/Apr/2020:10:41:55 +0800] "GET /xingrg/all/function/internal_message.html?_=1586745715491&CODE_STATE=getMsg HTTP/1.1" 200 27
120.253.135.82 - - [13/Apr/2020:10:41:56 +0800] "POST /xingrg/kc/pszx/mdps_order_operate.html HTTP/1.1" 200 37
120.253.135.82 - - [13/Apr/2020:10:41:58 +0800] "POST /xingrg/kc/pszx/mdps_order_operate.html HTTP/1.1" 200 12
117.131.5.26 - - [13/Apr/2020:10:41:58 +0800] "GET /xingrg/all/report/report_query.html?fileName=dma/new_5.0/yingye/yy_hz.xml&rw=1600 HTTP/1.1" 200 56155
117.131.5.26 - - [13/Apr/2020:10:41:58 +0800] "GET /xingrg/css/blue.css HTTP/1.1" 304 -
117.131.5.26 - - [13/Apr/2020:10:41:58 +0800] "GET /xingrg/javascript/multi_select/jqueryMultiSelect.css HTTP/1.1" 304 -
117.131.5.26 - - [13/Apr/2020:10:41:58 +0800] "GET /xingrg/javascript/calendar/timePicker.css HTTP/1.1" 304 -
117.131.5.26 - - [13/Apr/2020:10:41:58 +0800] "GET /xingrg/javascript/bigrid/fix.css HTTP/1.1" 304 -
117.131.5.26 - - [13/Apr/2020:10:41:58 +0800] "GET /xingrg/javascript/pic_change.js HTTP/1.1" 304 -
117.131.5.26 - - [13/Apr/2020:10:41:58 +0800] "GET /xingrg/javascript/myfunction.js HTTP/1.1" 304 -
117.131.5.26 - - [13/Apr/2020:10:41:58 +0800] "GET /xingrg/javascript/jqueryMultiSelect.js HTTP/1.1" 304 -
117.131.5.26 - - [13/Apr/2020:10:41:58 +0800] "GET /xingrg/javascript/calendar/jquery.timePicker.min.js HTTP/1.1" 304 -
117.131.5.26 - - [13/Apr/2020:10:41:58 +0800] "GET /xingrg/javascript/bigrid/fix.js HTTP/1.1" 304 -
117.131.5.26 - - [13/Apr/2020:10:41:58 +0800] "GET /xingrg/dwr/interface/AjaxReportQueryService.js HTTP/1.1" 200 13203
117.131.5.26 - - [13/Apr/2020:10:41:58 +0800] "GET /xingrg/dwr/engine.js HTTP/1.1" 200 43631
117.131.5.26 - - [13/Apr/2020:10:41:58 +0800] "GET /xingrg/images/blue/button/advanceover.gif HTTP/1.1" 304 -
117.131.5.26 - - [13/Apr/2020:10:41:58 +0800] "GET /xingrg/images/control/loading.gif HTTP/1.1" 304 -
117.131.5.26 - - [13/Apr/2020:10:41:58 +0800] "GET /xingrg/images/blue/button/back2over.gif HTTP/1.1" 304 -
117.131.5.26 - - [13/Apr/2020:10:41:58 +0800] "GET /xingrg/images/blue/button/advance2over.gif HTTP/1.1" 304 -
117.131.5.26 - - [13/Apr/2020:10:41:58 +0800] "GET /xingrg/images/blue/button/backover.gif HTTP/1.1" 304 -
117.131.5.26 - - [13/Apr/2020:10:41:58 +0800] "GET /xingrg/javascript/jquery_easy_ui/themes/icons/help.png HTTP/1.1" 304 -
117.131.5.26 - - [13/Apr/2020:10:41:58 +0800] "GET /xingrg/javascript/jquery_easy_ui/themes/default/images/menu_downarrow.png HTTP/1.1" 304 -
117.131.5.26 - - [13/Apr/2020:10:41:58 +0800] "GET /xingrg/javascript/jquery_easy_ui/themes/default/images/menu.gif HTTP/1.1" 304 -
117.131.5.26 - - [13/Apr/2020:10:41:58 +0800] "GET /xingrg/javascript/jquery_easy_ui/themes/icons/print.png HTTP/1.1" 304 -
117.131.5.26 - - [13/Apr/2020:10:41:58 +0800] "GET /xingrg/javascript/jquery_easy_ui/themes/default/images/menu_rightarrow.png HTTP/1.1" 304 -
117.131.5.26 - - [13/Apr/2020:10:41:58 +0800] "POST /xingrg/dwr/call/plaincall/AjaxReportQueryService.getFixDate.dwr HTTP/1.1" 200 111
120.253.135.82 - - [13/Apr/2020:10:41:59 +0800] "GET /xingrg/kc/pszx/mdps_order_info.html?code=312020041300104 HTTP/1.1" 200 19507
120.253.135.82 - - [13/Apr/2020:10:42:00 +0800] "POST /xingrg/kc/pszx/mdps_order_operate.html HTTP/1.1" 200 549
120.253.135.82 - - [13/Apr/2020:10:42:00 +0800] "GET /xingrg/javascript/easyui/themes/default/validatebox.css HTTP/1.1" 404 1104
117.131.5.26 - - [13/Apr/2020:10:42:00 +0800] "GET /xingrg/javascript/jquery_easy_ui/themes/default/images/combo_arrow_dot.gif HTTP/1.1" 304 -
117.131.5.26 - - [13/Apr/2020:10:42:00 +0800] "POST /xingrg/all/common/load_tree.html?tree=area_station_tree_json&manage=1 HTTP/1.1" 200 345
117.184.7.26 - - [13/Apr/2020:10:42:00 +0800] "GET /xingrg/kc/buy/cgsh_order_operate.html?command=get_materiel&rest_code=00108&code=00101006001&supplier_code=00100324&order_time=2020-04-12 HTTP/1.1" 200 426
120.253.135.82 - - [13/Apr/2020:10:42:01 +0800] "POST /xingrg/kc/pszx/mdps_list_operate.html HTTP/1.1" 200 868
172.16.0.193 - - [13/Apr/2020:10:42:01 +0800] "GET /xingrg/all/function/internal_message.html?_=1586745723757&CODE_STATE=getMsg HTTP/1.1" 302 -
58.40.7.146 - - [13/Apr/2020:10:42:02 +0800] "GET /xingrg/all/function/internal_message.html?_=1586745722413&CODE_STATE=getMsg HTTP/1.1" 200 27
172.16.0.193 - - [13/Apr/2020:10:42:02 +0800] "GET /xingrg/check_reg.html?_=1586745724735 HTTP/1.1" 302 -
116.238.92.147 - - [13/Apr/2020:10:42:04 +0800] "GET /xingrg/kc/buy/cgsh_order_operate.html?command=get_materiel&rest_code=00102&code=00101008357&supplier_code=00100007&order_time=2020-04-13 HTTP/1.1" 200 408
117.185.32.26 - - [13/Apr/2020:10:42:04 +0800] "GET /xingrg/kc/base/wldb_order_operate.html?command=get_materiel&rest_code=00106&base_code=0010397&code=00102002022 HTTP/1.1" 200 459
180.156.150.85 - - [13/Apr/2020:10:42:05 +0800] "GET /xingrg/all/function/internal_message.html?_=1586745605678&CODE_STATE=getMsg HTTP/1.1" 200 27
101.85.52.41 - - [13/Apr/2020:10:42:06 +0800] "GET /xingrg/all/function/internal_message.html?_=1586745322009&CODE_STATE=getMsg HTTP/1.1" 200 27
117.131.5.26 - - [13/Apr/2020:10:42:08 +0800] "POST /xingrg/dwr/call/plaincall/AjaxReportQueryService.refreshCache.dwr HTTP/1.1" 200 78
117.131.5.26 - - [13/Apr/2020:10:42:08 +0800] "POST /xingrg/all/report/load_report_page.html HTTP/1.1" 200 32819
117.131.5.26 - - [13/Apr/2020:10:42:08 +0800] "GET /xingrg/servlets/image?cache=0.6401018260317879&image=px HTTP/1.1" 200 807
117.184.7.26 - - [13/Apr/2020:10:42:09 +0800] "POST /xingrg/kc/buy/cgsh_order_operate.html HTTP/1.1" 200 37
117.185.32.26 - - [13/Apr/2020:10:42:10 +0800] "GET /xingrg/all/function/internal_message.html?_=1586746144695&CODE_STATE=getMsg HTTP/1.1" 200 27
116.238.92.147 - - [13/Apr/2020:10:42:10 +0800] "GET /xingrg/all/function/internal_message.html?_=1586745730989&CODE_STATE=getMsg HTTP/1.1" 200 27
117.184.7.26 - - [13/Apr/2020:10:42:10 +0800] "POST /xingrg/kc/buy/cgsh_order_operate.html HTTP/1.1" 200 2673
117.184.7.26 - - [13/Apr/2020:10:42:12 +0800] "GET /xingrg/kc/print/load_data.html?order_code=212020041302493&kc_code=cgsh&condition= HTTP/1.1" 200 692
180.156.150.85 - - [13/Apr/2020:10:42:12 +0800] "GET /xingrg/all/function/internal_message.html?_=1586745738492&CODE_STATE=getMsg HTTP/1.1" 200 27
180.156.150.85 - - [13/Apr/2020:10:42:12 +0800] "GET /xingrg/check_reg.html?_=1586745738494 HTTP/1.1" 200 22
120.253.135.82 - - [13/Apr/2020:10:42:13 +0800] "POST /xingrg/kc/pszx/mdps_list_operate.html HTTP/1.1" 200 1690
117.185.32.26 - - [13/Apr/2020:10:42:13 +0800] "GET /xingrg/kc/base/wldb_order_operate.html?command=get_materiel&rest_code=00106&base_code=0010397&code=00102001084 HTTP/1.1" 200 432
172.17.0.114 - - [13/Apr/2020:10:42:14 +0800] "POST /xingrg/kc/buy/cgsh_list_operate.html HTTP/1.1" 200 876
120.253.135.82 - - [13/Apr/2020:10:42:14 +0800] "POST /xingrg/kc/pszx/mdps_list_operate.html HTTP/1.1" 200 213
117.184.7.26 - - [13/Apr/2020:10:42:15 +0800] "GET /xingrg/kc/buy/cgsh_order_add.html HTTP/1.1" 200 57978
117.184.7.26 - - [13/Apr/2020:10:42:16 +0800] "POST /xingrg/kc/buy/cgsh_order_operate.html HTTP/1.1" 200 8245
120.253.135.82 - - [13/Apr/2020:10:42:16 +0800] "GET /xingrg/kc/pszx/mdps_order_info.html?code=312020041300105 HTTP/1.1" 200 23849
117.184.7.26 - - [13/Apr/2020:10:42:16 +0800] "GET /xingrg/javascript/easyui/themes/default/validatebox.css HTTP/1.1" 404 1104
120.253.135.82 - - [13/Apr/2020:10:42:16 +0800] "GET /xingrg/all/function/internal_message.html?_=1586745486787&CODE_STATE=getMsg HTTP/1.1" 200 27
120.253.135.82 - - [13/Apr/2020:10:42:16 +0800] "POST /xingrg/kc/pszx/mdps_order_operate.html HTTP/1.1" 200 2301
120.253.135.82 - - [13/Apr/2020:10:42:16 +0800] "GET /xingrg/javascript/easyui/themes/default/validatebox.css HTTP/1.1" 404 1104
116.238.92.147 - - [13/Apr/2020:10:42:17 +0800] "GET /favicon.ico HTTP/1.1" 404 -
116.238.92.147 - - [13/Apr/2020:10:42:17 +0800] "GET /favicon.ico HTTP/1.1" 404 -
116.238.92.147 - - [13/Apr/2020:10:42:18 +0800] "GET /favicon.ico HTTP/1.1" 404 -
116.238.92.147 - - [13/Apr/2020:10:42:19 +0800] "GET /favicon.ico HTTP/1.1" 404 -
120.253.135.82 - - [13/Apr/2020:10:42:20 +0800] "GET /xingrg/kc/print/load_data.html?order_code=312020041300105&kc_code=mdps&condition= HTTP/1.1" 200 701
180.157.252.250 - - [13/Apr/2020:10:42:23 +0800] "GET /xingrg/all/function/internal_message.html?_=1586745743505&CODE_STATE=getMsg HTTP/1.1" 200 27
116.238.92.147 - - [13/Apr/2020:10:42:23 +0800] "GET /xingrg/kc/buy/cgsh_order_operate.html?command=get_materiel&rest_code=00102&code=00101008296&supplier_code=00100007&order_time=2020-04-13 HTTP/1.1" 200 416
172.17.0.114 - - [13/Apr/2020:10:42:24 +0800] "GET /xingrg/index.html HTTP/1.1" 302 -
172.17.0.114 - - [13/Apr/2020:10:42:24 +0800] "GET /xingrg/login.html HTTP/1.1" 200 7636
172.17.0.114 - - [13/Apr/2020:10:42:24 +0800] "GET /favicon.ico HTTP/1.1" 404 -
222.69.139.7 - - [13/Apr/2020:10:42:25 +0800] "GET /xingrg/all/function/internal_message.html?_=1586745746441&CODE_STATE=getMsg HTTP/1.1" 200 27
117.185.32.26 - - [13/Apr/2020:10:42:26 +0800] "GET /xingrg/kc/base/wldb_order_operate.html?command=get_materiel&rest_code=00106&base_code=0010397&code=00102004006 HTTP/1.1" 200 442
114.88.159.93 - - [13/Apr/2020:10:42:26 +0800] "GET /xingrg/all/function/internal_message.html?_=1586745746554&CODE_STATE=getMsg HTTP/1.1" 200 27
120.253.135.82 - - [13/Apr/2020:10:42:27 +0800] "POST /xingrg/kc/pszx/mdps_order_operate.html HTTP/1.1" 200 37
180.162.102.27 - - [13/Apr/2020:10:42:29 +0800] "GET /xingrg/all/function/internal_message.html?_=1586745218659&CODE_STATE=getMsg HTTP/1.1" 200 27
120.253.135.82 - - [13/Apr/2020:10:42:30 +0800] "POST /xingrg/kc/pszx/mdps_order_operate.html HTTP/1.1" 200 12
117.184.7.26 - - [13/Apr/2020:10:42:30 +0800] "GET /xingrg/kc/buy/cgsh_order_operate.html?command=get_materiel&rest_code=00108&code=00101008402&supplier_code=00100327&order_time=2020-04-12 HTTP/1.1" 200 410
116.232.51.174 - - [13/Apr/2020:10:42:30 +0800] "GET /xingrg/all/function/internal_message.html?_=1586745795484&CODE_STATE=getMsg HTTP/1.1" 200 27
120.253.135.82 - - [13/Apr/2020:10:42:32 +0800] "GET /xingrg/kc/pszx/mdps_order_info.html?code=312020041300105 HTTP/1.1" 200 19509
172.17.0.114 - - [13/Apr/2020:10:42:32 +0800] "POST /xingrg/login.do HTTP/1.1" 302 -
172.17.0.114 - - [13/Apr/2020:10:42:32 +0800] "GET /xingrg/index.html?sysBaseUrl=http%3A%2F%2F172.17.0.8%3A18081%2Fxingrg%2F&costTime=216×tamp=1586745752735 HTTP/1.1" 200 17448
172.17.0.114 - - [13/Apr/2020:10:42:32 +0800] "POST /xingrg/all/common/load_tree.html?tree=area_rest_tree_json&manage=1 HTTP/1.1" 200 3088
120.253.135.82 - - [13/Apr/2020:10:42:32 +0800] "GET /xingrg/javascript/easyui/themes/default/validatebox.css HTTP/1.1" 404 1104
120.253.135.82 - - [13/Apr/2020:10:42:32 +0800] "POST /xingrg/kc/pszx/mdps_order_operate.html HTTP/1.1" 200 522
172.17.0.114 - - [13/Apr/2020:10:42:33 +0800] "GET /xingrg/all/function/internal_message.html?_=1586746047487&CODE_STATE=count HTTP/1.1" 200 11
172.17.0.114 - - [13/Apr/2020:10:42:33 +0800] "GET /xingrg/check_reg.html?_=1586746047488 HTTP/1.1" 200 22
172.17.0.114 - - [13/Apr/2020:10:42:33 +0800] "GET /favicon.ico HTTP/1.1" 404 -
172.17.0.114 - - [13/Apr/2020:10:42:33 +0800] "POST /xingrg/load_menu.html HTTP/1.1" 200 11408
172.17.0.113 - - [13/Apr/2020:10:42:34 +0800] "GET /xingrg/check_reg.html?_=1586745756308 HTTP/1.1" 200 22
172.17.0.113 - - [13/Apr/2020:10:42:34 +0800] "GET /xingrg/all/function/internal_message.html?_=1586745756366&CODE_STATE=getMsg HTTP/1.1" 200 27
117.185.32.26 - - [13/Apr/2020:10:42:34 +0800] "POST /xingrg/kc/base/wldb_order_operate.html HTTP/1.1" 200 37
117.184.7.26 - - [13/Apr/2020:10:42:35 +0800] "GET /xingrg/all/function/internal_message.html?_=1586745755369&CODE_STATE=getMsg HTTP/1.1" 200 27
117.185.32.26 - - [13/Apr/2020:10:42:35 +0800] "POST /xingrg/kc/base/wldb_order_operate.html HTTP/1.1" 200 3662
222.70.183.62 - - [13/Apr/2020:10:42:35 +0800] "GET /xingrg/all/function/internal_message.html?_=1586745756426&CODE_STATE=getMsg HTTP/1.1" 200 27
116.238.92.147 - - [13/Apr/2020:10:42:35 +0800] "GET /xingrg/kc/buy/cgsh_order_operate.html?command=get_materiel&rest_code=00102&code=00101008359&supplier_code=00100007&order_time=2020-04-13 HTTP/1.1" 200 408
117.185.32.26 - - [13/Apr/2020:10:42:35 +0800] "GET /xingrg/kc/base/wldb_order_info.html?code=422020041300726 HTTP/1.1" 200 30327
114.84.32.201 - - [13/Apr/2020:10:42:35 +0800] "GET /xingrg/all/function/internal_message.html?_=1586745751810&CODE_STATE=getMsg HTTP/1.1" 200 27
114.84.32.201 - - [13/Apr/2020:10:42:35 +0800] "GET /xingrg/check_reg.html?_=1586745751814 HTTP/1.1" 200 22
117.185.32.26 - - [13/Apr/2020:10:42:36 +0800] "GET /xingrg/javascript/easyui/themes/default/validatebox.css HTTP/1.1" 404 1104
117.185.32.26 - - [13/Apr/2020:10:42:36 +0800] "POST /xingrg/kc/base/wldb_order_operate.html HTTP/1.1" 200 3662
172.17.0.114 - - [13/Apr/2020:10:42:36 +0800] "POST /xingrg/all/user/operate.html HTTP/1.1" 200 36
172.17.0.114 - - [13/Apr/2020:10:42:36 +0800] "GET /xingrg/index.html?sysBaseUrl=http%3A%2F%2F172.17.0.8%3A18081%2Fxingrg%2F&costTime=216×tamp=1586745752735 HTTP/1.1" 200 17454
172.17.0.114 - - [13/Apr/2020:10:42:36 +0800] "GET /xingrg/javascript/jquery_easy_ui/themes/default/easyui.css HTTP/1.1" 304 -
172.17.0.114 - - [13/Apr/2020:10:42:36 +0800] "GET /xingrg/javascript/jquery_easy_ui/themes/icon.css HTTP/1.1" 304 -
172.17.0.114 - - [13/Apr/2020:10:42:36 +0800] "GET /xingrg/css/form.css HTTP/1.1" 304 -
172.17.0.114 - - [13/Apr/2020:10:42:36 +0800] "GET /xingrg/javascript/jquery-1.4.2.min.js HTTP/1.1" 304 -
172.17.0.114 - - [13/Apr/2020:10:42:37 +0800] "GET /xingrg/javascript/jquery_easy_ui/jquery.easyui.min.js HTTP/1.1" 304 -
180.162.232.172 - - [13/Apr/2020:10:42:37 +0800] "GET /xingrg/all/function/internal_message.html?_=1586745888033&CODE_STATE=getMsg HTTP/1.1" 200 27
172.17.0.114 - - [13/Apr/2020:10:42:37 +0800] "GET /xingrg/javascript/jquery_easy_ui/easyui-lang-zh_CN.js HTTP/1.1" 304 -
172.17.0.114 - - [13/Apr/2020:10:42:37 +0800] "GET /xingrg/javascript/jquery.form.js HTTP/1.1" 304 -
172.17.0.114 - - [13/Apr/2020:10:42:37 +0800] "GET /xingrg/javascript/jquery.utils.js HTTP/1.1" 304 -
172.17.0.114 - - [13/Apr/2020:10:42:37 +0800] "GET /xingrg/javascript/jquery.timers.js HTTP/1.1" 304 -
172.17.0.114 - - [13/Apr/2020:10:42:37 +0800] "GET /xingrg/images/blue/jxLogo.png HTTP/1.1" 304 -
172.17.0.114 - - [13/Apr/2020:10:42:37 +0800] "GET /xingrg/images/blue/navBackgound.jpg HTTP/1.1" 304 -
172.17.0.114 - - [13/Apr/2020:10:42:37 +0800] "GET /xingrg/javascript/jquery_easy_ui/themes/icons/settle_new.png HTTP/1.1" 304 -
172.17.0.114 - - [13/Apr/2020:10:42:37 +0800] "POST /xingrg/all/common/load_tree.html?tree=area_rest_tree_json&manage=1 HTTP/1.1" 200 3088
172.17.0.114 - - [13/Apr/2020:10:42:37 +0800] "GET /xingrg/all/function/internal_message.html?_=1586746051624&CODE_STATE=count HTTP/1.1" 200 11
172.17.0.114 - - [13/Apr/2020:10:42:37 +0800] "GET /xingrg/check_reg.html?_=1586746051624 HTTP/1.1" 200 22
172.17.0.114 - - [13/Apr/2020:10:42:37 +0800] "GET /xingrg/javascript/jquery_easy_ui/themes/default/images/tabs_leftarrow.png HTTP/1.1" 304 -
172.17.0.114 - - [13/Apr/2020:10:42:37 +0800] "GET /xingrg/javascript/jquery_easy_ui/themes/default/images/panel_tool_expand.gif HTTP/1.1" 304 -
172.17.0.114 - - [13/Apr/2020:10:42:37 +0800] "GET /xingrg/javascript/jquery_easy_ui/themes/default/images/panel_tool_collapse.gif HTTP/1.1" 304 -
172.17.0.114 - - [13/Apr/2020:10:42:37 +0800] "GET /xingrg/javascript/jquery_easy_ui/themes/default/images/tabs_rightarrow.png HTTP/1.1" 304 -
172.17.0.114 - - [13/Apr/2020:10:42:37 +0800] "GET /xingrg/images/blue/pingpu.png HTTP/1.1" 304 -
172.17.0.114 - - [13/Apr/2020:10:42:37 +0800] "POST /xingrg/load_menu.html HTTP/1.1" 200 9924
120.253.135.82 - - [13/Apr/2020:10:42:37 +0800] "POST /xingrg/kc/pszx/mdps_list_operate.html HTTP/1.1" 200 868
117.184.7.26 - - [13/Apr/2020:10:42:37 +0800] "GET /xingrg/kc/buy/cgsh_order_operate.html?command=get_materiel&rest_code=00108&code=00101020215&supplier_code=00100327&order_time=2020-04-12 HTTP/1.1" 200 391
172.17.0.114 - - [13/Apr/2020:10:42:38 +0800] "GET /xingrg/kc/buy/buy_main.html HTTP/1.1" 200 12377
172.17.0.114 - - [13/Apr/2020:10:42:38 +0800] "GET /xingrg/css/new_ie.css HTTP/1.1" 404 1036
172.17.0.119 - - [13/Apr/2020:10:42:39 +0800] "GET /favicon.ico HTTP/1.1" 404 -
117.185.32.26 - - [13/Apr/2020:10:42:39 +0800] "GET /xingrg/kc/base/wldb_order_add.html HTTP/1.1" 200 30313
172.17.0.114 - - [13/Apr/2020:10:42:39 +0800] "GET /xingrg/images/yd/bt.gif HTTP/1.1" 404 1040
117.185.32.26 - - [13/Apr/2020:10:42:39 +0800] "POST /xingrg/kc/base/wldb_order_operate.html HTTP/1.1" 200 6806
117.185.32.26 - - [13/Apr/2020:10:42:39 +0800] "GET /xingrg/javascript/easyui/themes/default/validatebox.css HTTP/1.1" 404 1104
172.17.0.114 - - [13/Apr/2020:10:42:39 +0800] "GET /xingrg/kc/buy/cgsh_order_list.html HTTP/1.1" 200 42595
172.17.0.114 - - [13/Apr/2020:10:42:40 +0800] "POST /xingrg/kc/buy/cgsh_list_operate.html HTTP/1.1" 200 876
117.185.32.26 - - [13/Apr/2020:10:42:41 +0800] "POST /xingrg/all/common/load_combo.html?type=base HTTP/1.1" 200 2878
222.70.183.62 - - [13/Apr/2020:10:42:41 +0800] "GET /xingrg/login.html HTTP/1.1" 200 7641
222.70.183.62 - - [13/Apr/2020:10:42:41 +0800] "GET /xingrg/images/blue/hj.png HTTP/1.1" 304 -
222.70.183.62 - - [13/Apr/2020:10:42:41 +0800] "GET /xingrg/images/blue/jxLogo.png HTTP/1.1" 304 -
222.70.183.62 - - [13/Apr/2020:10:42:41 +0800] "GET /xingrg/images/blue/login_bg.png HTTP/1.1" 304 -
222.70.183.62 - - [13/Apr/2020:10:42:41 +0800] "GET /xingrg/images/blue/srbg.png HTTP/1.1" 304 -
222.70.183.62 - - [13/Apr/2020:10:42:41 +0800] "GET /favicon.ico HTTP/1.1" 404 -
172.17.0.114 - - [13/Apr/2020:10:42:43 +0800] "GET /xingrg/javascript/jquery_tools/images/next.gif HTTP/1.1" 404 1086
172.17.0.114 - - [13/Apr/2020:10:42:43 +0800] "GET /xingrg/javascript/jquery_tools/images/prev.gif HTTP/1.1" 404 1086
117.184.7.26 - - [13/Apr/2020:10:42:44 +0800] "POST /xingrg/kc/buy/cgsh_order_operate.html HTTP/1.1" 200 37
117.185.32.26 - - [13/Apr/2020:10:42:45 +0800] "POST /xingrg/all/common/load_combo.html?type=base HTTP/1.1" 200 2878
114.84.33.255 - - [13/Apr/2020:10:42:45 +0800] "GET /xingrg/all/function/internal_message.html?_=1586745767558&CODE_STATE=getMsg HTTP/1.1" 200 27
117.184.7.26 - - [13/Apr/2020:10:42:45 +0800] "POST /xingrg/kc/buy/cgsh_order_operate.html HTTP/1.1" 200 3237
117.184.7.26 - - [13/Apr/2020:10:42:47 +0800] "GET /xingrg/kc/print/load_data.html?order_code=212020041302494&kc_code=cgsh&condition= HTTP/1.1" 200 876
117.131.5.26 - - [13/Apr/2020:10:42:47 +0800] "POST /xingrg/dwr/call/plaincall/AjaxReportQueryService.refreshCache.dwr HTTP/1.1" 200 78
117.131.5.26 - - [13/Apr/2020:10:42:48 +0800] "POST /xingrg/all/report/load_report_page.html HTTP/1.1" 200 32848
117.131.5.26 - - [13/Apr/2020:10:42:48 +0800] "GET /xingrg/servlets/image?cache=0.31966541930216263&image=px HTTP/1.1" 200 807
172.17.0.114 - - [13/Apr/2020:10:42:48 +0800] "POST /xingrg/kc/buy/cgsh_list_operate.html HTTP/1.1" 200 3682
222.70.183.62 - - [13/Apr/2020:10:42:48 +0800] "POST /xingrg/login.do HTTP/1.1" 302 -
222.70.183.62 - - [13/Apr/2020:10:42:48 +0800] "GET /xingrg/index.html?sysBaseUrl=http%3A%2F%2F180.169.147.146%3A18081%2Fxingrg%2F&costTime=216×tamp=1586745768935 HTTP/1.1" 200 17173
222.70.183.62 - - [13/Apr/2020:10:42:48 +0800] "GET /xingrg/javascript/jquery-1.4.2.min.js HTTP/1.1" 304 -
222.70.183.62 - - [13/Apr/2020:10:42:48 +0800] "GET /xingrg/css/form.css HTTP/1.1" 304 -
222.70.183.62 - - [13/Apr/2020:10:42:48 +0800] "GET /xingrg/javascript/jquery.utils.js HTTP/1.1" 304 -
222.70.183.62 - - [13/Apr/2020:10:42:48 +0800] "GET /xingrg/javascript/jquery_easy_ui/themes/icon.css HTTP/1.1" 304 -
222.70.183.62 - - [13/Apr/2020:10:42:48 +0800] "GET /xingrg/javascript/jquery_easy_ui/themes/default/easyui.css HTTP/1.1" 304 -
222.70.183.62 - - [13/Apr/2020:10:42:48 +0800] "GET /xingrg/javascript/jquery.form.js HTTP/1.1" 304 -
222.70.183.62 - - [13/Apr/2020:10:42:48 +0800] "GET /xingrg/javascript/jquery_easy_ui/easyui-lang-zh_CN.js HTTP/1.1" 304 -
222.70.183.62 - - [13/Apr/2020:10:42:48 +0800] "GET /xingrg/javascript/jquery_easy_ui/jquery.easyui.min.js HTTP/1.1" 304 -
222.70.183.62 - - [13/Apr/2020:10:42:48 +0800] "GET /xingrg/javascript/jquery.timers.js HTTP/1.1" 304 -
222.70.183.62 - - [13/Apr/2020:10:42:49 +0800] "GET /xingrg/images/blue/navBackgound.jpg HTTP/1.1" 304 -
222.70.183.62 - - [13/Apr/2020:10:42:49 +0800] "GET /xingrg/javascript/jquery_easy_ui/themes/icons/settle_new.png HTTP/1.1" 304 -
222.70.183.62 - - [13/Apr/2020:10:42:49 +0800] "GET /xingrg/javascript/jquery_easy_ui/themes/default/images/tabs_leftarrow.png HTTP/1.1" 304 -
222.70.183.62 - - [13/Apr/2020:10:42:49 +0800] "GET /xingrg/images/blue/pingpu.png HTTP/1.1" 304 -
222.70.183.62 - - [13/Apr/2020:10:42:49 +0800] "GET /xingrg/javascript/jquery_easy_ui/themes/default/images/panel_tool_collapse.gif HTTP/1.1" 304 -
222.70.183.62 - - [13/Apr/2020:10:42:49 +0800] "GET /xingrg/javascript/jquery_easy_ui/themes/default/images/tabs_rightarrow.png HTTP/1.1" 304 -
222.70.183.62 - - [13/Apr/2020:10:42:49 +0800] "POST /xingrg/all/common/load_tree.html?tree=area_rest_tree_json&manage=1 HTTP/1.1" 200 342
222.70.183.62 - - [13/Apr/2020:10:42:49 +0800] "GET /favicon.ico HTTP/1.1" 404 -
222.70.183.62 - - [13/Apr/2020:10:42:49 +0800] "GET /xingrg/all/function/internal_message.html?_=1586745770290&CODE_STATE=count HTTP/1.1" 200 11
222.70.183.62 - - [13/Apr/2020:10:42:49 +0800] "GET /xingrg/check_reg.html?_=1586745770291 HTTP/1.1" 200 22
222.70.183.62 - - [13/Apr/2020:10:42:49 +0800] "GET /xingrg/javascript/jquery_easy_ui/themes/default/images/tree_arrows.gif HTTP/1.1" 304 -
117.184.7.26 - - [13/Apr/2020:10:42:49 +0800] "GET /xingrg/check_reg.html?_=1586745769668 HTTP/1.1" 200 22
222.70.183.62 - - [13/Apr/2020:10:42:49 +0800] "POST /xingrg/load_menu.html HTTP/1.1" 200 5138
222.70.183.62 - - [13/Apr/2020:10:42:49 +0800] "GET /xingrg/javascript/jquery_easy_ui/themes/default/images/tree_folder_open.gif HTTP/1.1" 304 -
222.70.183.62 - - [13/Apr/2020:10:42:49 +0800] "GET /xingrg/javascript/jquery_easy_ui/themes/icons/search_new.png HTTP/1.1" 304 -
222.70.183.62 - - [13/Apr/2020:10:42:49 +0800] "GET /xingrg/javascript/jquery_easy_ui/themes/default/images/tree_folder.gif HTTP/1.1" 304 -
222.70.183.62 - - [13/Apr/2020:10:42:49 +0800] "GET /xingrg/javascript/jquery_easy_ui/themes/icons/storage_new.png HTTP/1.1" 304 -
222.70.183.62 - - [13/Apr/2020:10:42:49 +0800] "GET /xingrg/javascript/jquery_easy_ui/themes/icons/forms_new.png HTTP/1.1" 304 -
222.70.183.62 - - [13/Apr/2020:10:42:49 +0800] "GET /xingrg/javascript/jquery_easy_ui/themes/default/images/tree_file.gif HTTP/1.1" 304 -
117.184.7.26 - - [13/Apr/2020:10:42:50 +0800] "GET /xingrg/kc/buy/cgsh_order_add.html HTTP/1.1" 200 57978
116.232.48.158 - - [13/Apr/2020:10:42:50 +0800] "GET /xingrg/check_reg.html?_=1586745663499 HTTP/1.1" 200 22
116.232.48.158 - - [13/Apr/2020:10:42:50 +0800] "GET /xingrg/all/function/internal_message.html?_=1586745663621&CODE_STATE=getMsg HTTP/1.1" 200 27
117.184.7.26 - - [13/Apr/2020:10:42:50 +0800] "POST /xingrg/kc/buy/cgsh_order_operate.html HTTP/1.1" 200 8245
117.184.7.26 - - [13/Apr/2020:10:42:50 +0800] "GET /xingrg/javascript/easyui/themes/default/validatebox.css HTTP/1.1" 404 1104
116.238.92.147 - - [13/Apr/2020:10:42:51 +0800] "GET /xingrg/all/function/internal_message.html?_=1586745957836&CODE_STATE=getMsg HTTP/1.1" 200 27
172.17.0.114 - - [13/Apr/2020:10:42:52 +0800] "POST /xingrg/kc/buy/cgsh_list_operate.html HTTP/1.1" 200 569
117.131.5.26 - - [13/Apr/2020:10:42:52 +0800] "GET /xingrg/all/function/internal_message.html?_=1586745776039&CODE_STATE=getMsg HTTP/1.1" 200 27
116.238.92.147 - - [13/Apr/2020:10:42:53 +0800] "GET /xingrg/kc/buy/cgsh_order_operate.html?command=get_materiel&rest_code=00102&code=00101008213&supplier_code=00100007&order_time=2020-04-13 HTTP/1.1" 200 412
116.235.222.53 - - [13/Apr/2020:10:42:55 +0800] "GET /xingrg/all/function/internal_message.html?_=1586745775494&CODE_STATE=getMsg HTTP/1.1" 200 27
117.184.7.26 - - [13/Apr/2020:10:42:58 +0800] "GET /xingrg/kc/buy/cgsh_order_operate.html?command=get_materiel&rest_code=00108&code=00101004067&supplier_code=00100312&order_time=2020-04-12 HTTP/1.1" 200 413
117.184.7.26 - - [13/Apr/2020:10:43:00 +0800] "GET /xingrg/system/info/materiel_import.html?isSelect=1&singleSelect=false HTTP/1.1" 200 5600
117.184.7.26 - - [13/Apr/2020:10:43:00 +0800] "GET /xingrg/css/xtree.css HTTP/1.1" 200 880
117.184.7.30 - - [13/Apr/2020:10:43:00 +0800] "GET /xingrg/javascript/jquery_ui/themes/base/base.css HTTP/1.1" 200 28568
117.184.7.26 - - [13/Apr/2020:10:43:00 +0800] "GET /xingrg/javascript/jquery_easy_ui/themes/default/images/button_a_bg.gif HTTP/1.1" 200 1194
117.184.7.30 - - [13/Apr/2020:10:43:00 +0800] "GET /xingrg/javascript/jquery_easy_ui/themes/default/images/button_span_bg.gif HTTP/1.1" 200 2061
117.184.7.30 - - [13/Apr/2020:10:43:00 +0800] "POST /xingrg/all/common/load_tree.html?tree=materiel_sort_tree_json HTTP/1.1" 200 8666
117.184.7.26 - - [13/Apr/2020:10:43:00 +0800] "GET /xingrg/javascript/jquery_easy_ui/themes/icons/edit_add.png HTTP/1.1" 200 1088
117.184.7.30 - - [13/Apr/2020:10:43:00 +0800] "GET /xingrg/javascript/jquery_easy_ui/themes/icons/search.png HTTP/1.1" 200 813
117.184.7.30 - - [13/Apr/2020:10:43:00 +0800] "GET /xingrg/javascript/jquery_easy_ui/themes/default/images/datagrid_header_bg.gif HTTP/1.1" 200 97
117.184.7.30 - - [13/Apr/2020:10:43:00 +0800] "GET /xingrg/javascript/jquery_easy_ui/themes/default/images/pagination_first.gif HTTP/1.1" 200 925
117.184.7.30 - - [13/Apr/2020:10:43:00 +0800] "GET /xingrg/javascript/jquery_easy_ui/themes/default/images/pagination_prev.gif HTTP/1.1" 200 879
117.184.7.30 - - [13/Apr/2020:10:43:01 +0800] "GET /xingrg/javascript/jquery_easy_ui/themes/default/images/pagination_next.gif HTTP/1.1" 200 875
117.184.7.30 - - [13/Apr/2020:10:43:01 +0800] "GET /xingrg/javascript/jquery_easy_ui/themes/default/images/pagination_load.png HTTP/1.1" 200 827
117.184.7.30 - - [13/Apr/2020:10:43:01 +0800] "GET /xingrg/javascript/jquery_easy_ui/themes/default/images/pagination_last.gif HTTP/1.1" 200 923
117.184.7.30 - - [13/Apr/2020:10:43:01 +0800] "GET /favicon.ico HTTP/1.1" 404 -
172.16.0.193 - - [13/Apr/2020:10:43:01 +0800] "GET /xingrg/all/function/internal_message.html?_=1586745783745&CODE_STATE=getMsg HTTP/1.1" 302 -
58.40.7.146 - - [13/Apr/2020:10:43:02 +0800] "GET /xingrg/check_reg.html?_=1586745782407 HTTP/1.1" 200 22
58.40.7.146 - - [13/Apr/2020:10:43:02 +0800] "GET /xingrg/all/function/internal_message.html?_=1586745782409&CODE_STATE=getMsg HTTP/1.1" 200 27
114.88.159.93 - - [13/Apr/2020:10:43:02 +0800] "GET /xingrg/kc/buy/cgsh_order_operate.html?command=get_materiel&rest_code=00141&code=00101011007&supplier_code=00100036&order_time=2020-04-13 HTTP/1.1" 200 414
116.238.92.147 - - [13/Apr/2020:10:43:02 +0800] "GET /xingrg/kc/buy/cgsh_order_operate.html?command=get_materiel&rest_code=00102&code=00101008010&supplier_code=00100007&order_time=2020-04-13 HTTP/1.1" 200 412
172.17.0.114 - - [13/Apr/2020:10:43:05 +0800] "POST /xingrg/kc/buy/cgsh_list_operate.html HTTP/1.1" 200 4
180.156.150.85 - - [13/Apr/2020:10:43:05 +0800] "GET /xingrg/all/function/internal_message.html?_=1586745665692&CODE_STATE=getMsg HTTP/1.1" 200 27
180.156.150.85 - - [13/Apr/2020:10:43:05 +0800] "GET /xingrg/check_reg.html?_=1586745665700 HTTP/1.1" 200 22
101.85.52.41 - - [13/Apr/2020:10:43:06 +0800] "GET /xingrg/all/function/internal_message.html?_=1586745382008&CODE_STATE=getMsg HTTP/1.1" 200 27
172.17.0.114 - - [13/Apr/2020:10:43:06 +0800] "POST /xingrg/kc/buy/cgsh_list_operate.html HTTP/1.1" 200 3657
117.185.32.26 - - [13/Apr/2020:10:43:07 +0800] "GET /xingrg/kc/base/wldb_order_operate.html?command=get_materiel&rest_code=00106&base_code=0010397&code=00102002035 HTTP/1.1" 200 426
117.184.7.30 - - [13/Apr/2020:10:43:08 +0800] "GET /xingrg/kc/buy/cgsh_order_operate.html?command=get_materiel&rest_code=00108&code=00101004027&supplier_code=00100312&order_time=2020-04-12 HTTP/1.1" 200 409
117.185.32.26 - - [13/Apr/2020:10:43:10 +0800] "GET /xingrg/all/function/internal_message.html?_=1586746204688&CODE_STATE=getMsg HTTP/1.1" 200 27
116.238.92.147 - - [13/Apr/2020:10:43:10 +0800] "GET /xingrg/all/function/internal_message.html?_=1586745790993&CODE_STATE=getMsg HTTP/1.1" 200 27
114.88.159.93 - - [13/Apr/2020:10:43:11 +0800] "GET /xingrg/kc/buy/cgsh_order_operate.html?command=get_materiel&rest_code=00141&code=00101016059&supplier_code=00100036&order_time=2020-04-13 HTTP/1.1" 200 408
180.156.150.85 - - [13/Apr/2020:10:43:12 +0800] "GET /xingrg/all/function/internal_message.html?_=1586745798500&CODE_STATE=getMsg HTTP/1.1" 200 27
116.238.92.147 - - [13/Apr/2020:10:43:13 +0800] "GET /xingrg/kc/buy/cgsh_order_operate.html?command=get_materiel&rest_code=00102&code=00101008103&supplier_code=00100007&order_time=2020-04-13 HTTP/1.1" 200 417
120.253.135.82 - - [13/Apr/2020:10:43:17 +0800] "GET /xingrg/all/function/internal_message.html?_=1586745547007&CODE_STATE=getMsg HTTP/1.1" 200 27
114.88.159.93 - - [13/Apr/2020:10:43:18 +0800] "GET /xingrg/kc/buy/cgsh_order_operate.html?command=get_materiel&rest_code=00141&code=00101016105&supplier_code=00100036&order_time=2020-04-13 HTTP/1.1" 200 409
117.184.7.30 - - [13/Apr/2020:10:43:19 +0800] "GET /xingrg/kc/buy/cgsh_order_operate.html?command=get_materiel&rest_code=00108&code=00101004014&supplier_code=00100312&order_time=2020-04-12 HTTP/1.1" 200 408
117.185.32.26 - - [13/Apr/2020:10:43:20 +0800] "GET /xingrg/kc/base/wldb_order_operate.html?command=get_materiel&rest_code=00106&base_code=0010397&code=00102002204 HTTP/1.1" 200 434
180.157.252.250 - - [13/Apr/2020:10:43:23 +0800] "GET /xingrg/all/function/internal_message.html?_=1586745803511&CODE_STATE=getMsg HTTP/1.1" 200 27
222.69.139.7 - - [13/Apr/2020:10:43:25 +0800] "GET /xingrg/all/function/internal_message.html?_=1586745806444&CODE_STATE=getMsg HTTP/1.1" 200 27
114.88.159.93 - - [13/Apr/2020:10:43:26 +0800] "GET /xingrg/all/function/internal_message.html?_=1586745806552&CODE_STATE=getMsg HTTP/1.1" 200 27
116.238.92.147 - - [13/Apr/2020:10:43:28 +0800] "POST /xingrg/kc/buy/cgsh_order_operate.html HTTP/1.1" 200 37
114.88.159.93 - - [13/Apr/2020:10:43:28 +0800] "POST /xingrg/kc/buy/cgsh_order_operate.html HTTP/1.1" 200 88
116.232.51.174 - - [13/Apr/2020:10:43:28 +0800] "GET /xingrg/all/function/internal_message.html?_=1586745855500&CODE_STATE=getMsg HTTP/1.1" 200 27
117.184.7.30 - - [13/Apr/2020:10:43:28 +0800] "GET /xingrg/kc/buy/cgsh_order_operate.html?command=get_materiel&rest_code=00108&code=00101004047&supplier_code=00100312&order_time=2020-04-12 HTTP/1.1" 200 433
116.238.92.147 - - [13/Apr/2020:10:43:29 +0800] "POST /xingrg/kc/buy/cgsh_order_operate.html HTTP/1.1" 200 11526
180.162.102.27 - - [13/Apr/2020:10:43:29 +0800] "GET /xingrg/all/function/internal_message.html?_=1586745278657&CODE_STATE=getMsg HTTP/1.1" 200 27
116.238.92.147 - - [13/Apr/2020:10:43:34 +0800] "POST /xingrg/kc/buy/cgsh_order_operate.html HTTP/1.1" 200 37
117.184.7.30 - - [13/Apr/2020:10:43:34 +0800] "GET /xingrg/kc/buy/cgsh_order_operate.html?command=get_materiel&rest_code=00108&code=00101001096&supplier_code=00100312&order_time=2020-04-12 HTTP/1.1" 200 415
172.17.0.113 - - [13/Apr/2020:10:43:34 +0800] "GET /xingrg/all/function/internal_message.html?_=1586745816442&CODE_STATE=getMsg HTTP/1.1" 200 27
117.184.7.30 - - [13/Apr/2020:10:43:35 +0800] "GET /xingrg/all/function/internal_message.html?_=1586745815344&CODE_STATE=getMsg HTTP/1.1" 200 27
114.88.159.93 - - [13/Apr/2020:10:43:35 +0800] "POST /xingrg/kc/buy/cgsh_order_operate.html HTTP/1.1" 200 37
116.238.92.147 - - [13/Apr/2020:10:43:35 +0800] "POST /xingrg/kc/buy/cgsh_order_operate.html HTTP/1.1" 200 11526
222.70.183.62 - - [13/Apr/2020:10:43:35 +0800] "GET /xingrg/all/function/internal_message.html?_=1586745816441&CODE_STATE=getMsg HTTP/1.1" 200 27
114.84.32.201 - - [13/Apr/2020:10:43:35 +0800] "GET /xingrg/all/function/internal_message.html?_=1586745811816&CODE_STATE=getMsg HTTP/1.1" 200 27
114.88.159.93 - - [13/Apr/2020:10:43:36 +0800] "POST /xingrg/kc/buy/cgsh_order_operate.html HTTP/1.1" 200 7384
116.238.92.147 - - [13/Apr/2020:10:43:36 +0800] "GET /xingrg/kc/buy/cgsh_order_add.html HTTP/1.1" 200 57881
180.162.232.172 - - [13/Apr/2020:10:43:37 +0800] "GET /xingrg/all/function/internal_message.html?_=1586745948100&CODE_STATE=getMsg HTTP/1.1" 200 27
172.17.0.114 - - [13/Apr/2020:10:43:37 +0800] "GET /xingrg/all/function/internal_message.html?_=1586746111636&CODE_STATE=getMsg HTTP/1.1" 200 27
116.238.92.147 - - [13/Apr/2020:10:43:37 +0800] "POST /xingrg/kc/buy/cgsh_order_operate.html HTTP/1.1" 200 8245
116.238.92.147 - - [13/Apr/2020:10:43:38 +0800] "GET /xingrg/javascript/easyui/themes/default/validatebox.css HTTP/1.1" 404 1104
116.238.92.147 - - [13/Apr/2020:10:43:39 +0800] "GET /xingrg/javascript/easyui/themes/default/tree.css HTTP/1.1" 404 1090
116.238.92.147 - - [13/Apr/2020:10:43:39 +0800] "POST /xingrg/all/common/load_tree.html?tree=supplier_tree_json&isDelete=1 HTTP/1.1" 200 47144
58.40.7.146 - - [13/Apr/2020:10:43:41 +0800] "POST /xingrg/services/DataTransmitService HTTP/1.1" 200 524
114.88.159.93 - - [13/Apr/2020:10:43:43 +0800] "GET /xingrg/kc/buy/cgsh_order_add.html HTTP/1.1" 200 57975
114.88.159.93 - - [13/Apr/2020:10:43:43 +0800] "POST /xingrg/kc/buy/cgsh_order_operate.html HTTP/1.1" 200 8245
114.88.159.93 - - [13/Apr/2020:10:43:43 +0800] "GET /xingrg/javascript/easyui/themes/default/validatebox.css HTTP/1.1" 404 1104
117.184.7.30 - - [13/Apr/2020:10:43:45 +0800] "POST /xingrg/kc/buy/cgsh_order_operate.html HTTP/1.1" 200 37
114.84.33.255 - - [13/Apr/2020:10:43:46 +0800] "GET /xingrg/all/function/internal_message.html?_=1586745827820&CODE_STATE=getMsg HTTP/1.1" 200 27
117.184.7.30 - - [13/Apr/2020:10:43:46 +0800] "POST /xingrg/kc/buy/cgsh_order_operate.html HTTP/1.1" 200 4456
117.185.32.26 - - [13/Apr/2020:10:43:47 +0800] "GET /xingrg/kc/base/wldb_order_operate.html?command=get_materiel&rest_code=00106&base_code=0010397&code=00102002560 HTTP/1.1" 200 434
222.70.183.62 - - [13/Apr/2020:10:43:49 +0800] "GET /xingrg/all/function/internal_message.html?_=1586745830293&CODE_STATE=getMsg HTTP/1.1" 200 27
117.184.7.30 - - [13/Apr/2020:10:43:49 +0800] "GET /xingrg/kc/print/load_data.html?order_code=212020041302498&kc_code=cgsh&condition= HTTP/1.1" 200 1372
116.232.48.158 - - [13/Apr/2020:10:43:50 +0800] "GET /xingrg/all/function/internal_message.html?_=1586745723634&CODE_STATE=getMsg HTTP/1.1" 200 27
116.238.92.147 - - [13/Apr/2020:10:43:51 +0800] "GET /xingrg/all/function/internal_message.html?_=1586746017850&CODE_STATE=getMsg HTTP/1.1" 200 27
117.131.5.26 - - [13/Apr/2020:10:43:52 +0800] "GET /xingrg/all/function/internal_message.html?_=1586745836039&CODE_STATE=getMsg HTTP/1.1" 200 27
117.184.7.30 - - [13/Apr/2020:10:43:53 +0800] "GET /xingrg/kc/buy/cgsh_order_add.html HTTP/1.1" 200 57978
117.184.7.30 - - [13/Apr/2020:10:43:53 +0800] "POST /xingrg/kc/buy/cgsh_order_operate.html HTTP/1.1" 200 8245
117.184.7.30 - - [13/Apr/2020:10:43:54 +0800] "GET /xingrg/javascript/easyui/themes/default/validatebox.css HTTP/1.1" 404 1104
116.235.222.53 - - [13/Apr/2020:10:43:55 +0800] "GET /xingrg/all/function/internal_message.html?_=1586745835494&CODE_STATE=getMsg HTTP/1.1" 200 27
117.185.32.26 - - [13/Apr/2020:10:43:59 +0800] "POST /xingrg/kc/base/wldb_order_operate.html HTTP/1.1" 200 37
117.185.32.26 - - [13/Apr/2020:10:43:59 +0800] "POST /xingrg/kc/base/wldb_order_operate.html HTTP/1.1" 200 2676
117.185.32.26 - - [13/Apr/2020:10:44:00 +0800] "GET /xingrg/kc/base/wldb_order_info.html?code=422020041300727 HTTP/1.1" 200 30327
117.185.32.26 - - [13/Apr/2020:10:44:00 +0800] "GET /xingrg/javascript/easyui/themes/default/validatebox.css HTTP/1.1" 404 1104
117.185.32.26 - - [13/Apr/2020:10:44:00 +0800] "POST /xingrg/kc/base/wldb_order_operate.html HTTP/1.1" 200 2676
117.184.7.30 - - [13/Apr/2020:10:44:01 +0800] "GET /xingrg/kc/buy/cgsh_order_operate.html?command=get_materiel&rest_code=00108&code=00101004065&supplier_code=00100086&order_time=2020-04-12 HTTP/1.1" 200 413
172.16.0.193 - - [13/Apr/2020:10:44:01 +0800] "GET /xingrg/all/function/internal_message.html?_=1586745843733&CODE_STATE=getMsg HTTP/1.1" 302 -
58.40.7.146 - - [13/Apr/2020:10:44:02 +0800] "GET /xingrg/all/function/internal_message.html?_=1586745842416&CODE_STATE=getMsg HTTP/1.1" 200 27
180.156.150.85 - - [13/Apr/2020:10:44:05 +0800] "GET /xingrg/all/function/internal_message.html?_=1586745725686&CODE_STATE=getMsg HTTP/1.1" 200 27
101.85.52.41 - - [13/Apr/2020:10:44:06 +0800] "GET /xingrg/all/function/internal_message.html?_=1586745442015&CODE_STATE=getMsg HTTP/1.1" 200 27
117.184.7.30 - - [13/Apr/2020:10:44:07 +0800] "POST /xingrg/kc/buy/cgsh_order_operate.html HTTP/1.1" 200 37
222.69.139.7 - - [13/Apr/2020:10:44:07 +0800] "POST /xingrg/kc/buy/cgsh_list_operate.html HTTP/1.1" 200 1687
222.69.139.7 - - [13/Apr/2020:10:44:09 +0800] "POST /xingrg/kc/buy/cgsh_list_operate.html HTTP/1.1" 200 569
117.184.7.30 - - [13/Apr/2020:10:44:09 +0800] "POST /xingrg/kc/buy/cgsh_order_operate.html HTTP/1.1" 200 2660
117.185.32.26 - - [13/Apr/2020:10:44:10 +0800] "GET /xingrg/kc/base/base_main.html HTTP/1.1" 200 12142
117.185.32.26 - - [13/Apr/2020:10:44:10 +0800] "GET /xingrg/all/function/internal_message.html?_=1586746264679&CODE_STATE=getMsg HTTP/1.1" 200 27
117.184.7.30 - - [13/Apr/2020:10:44:10 +0800] "GET /xingrg/kc/print/load_data.html?order_code=212020041302499&kc_code=cgsh&condition= HTTP/1.1" 200 736
222.69.139.7 - - [13/Apr/2020:10:44:11 +0800] "POST /xingrg/kc/buy/cgsh_list_operate.html HTTP/1.1" 200 4
117.185.32.26 - - [13/Apr/2020:10:44:12 +0800] "GET /xingrg/kc/base/wldb_order_list.html HTTP/1.1" 200 19252
180.156.150.85 - - [13/Apr/2020:10:44:12 +0800] "GET /xingrg/all/function/internal_message.html?_=1586745858495&CODE_STATE=getMsg HTTP/1.1" 200 27
117.185.32.26 - - [13/Apr/2020:10:44:12 +0800] "POST /xingrg/kc/base/wldb_list_operate.html HTTP/1.1" 200 4126
222.69.139.7 - - [13/Apr/2020:10:44:13 +0800] "POST /xingrg/kc/buy/cgsh_list_operate.html HTTP/1.1" 200 876
222.69.139.7 - - [13/Apr/2020:10:44:14 +0800] "GET /xingrg/kc/buy/cgsh_order_add.html HTTP/1.1" 200 57975
117.184.7.30 - - [13/Apr/2020:10:44:14 +0800] "GET /xingrg/kc/buy/cgsh_order_add.html HTTP/1.1" 200 57978
222.69.139.7 - - [13/Apr/2020:10:44:14 +0800] "POST /xingrg/kc/buy/cgsh_list_operate.html HTTP/1.1" 200 876
222.69.139.7 - - [13/Apr/2020:10:44:14 +0800] "POST /xingrg/kc/buy/cgsh_order_operate.html HTTP/1.1" 200 8245
117.184.7.30 - - [13/Apr/2020:10:44:14 +0800] "POST /xingrg/kc/buy/cgsh_order_operate.html HTTP/1.1" 200 8245
222.69.139.7 - - [13/Apr/2020:10:44:14 +0800] "GET /xingrg/all/common/auto_word.html?type=employee&rest_code=00149 HTTP/1.1" 200 197
222.69.139.7 - - [13/Apr/2020:10:44:15 +0800] "GET /xingrg/javascript/easyui/themes/default/validatebox.css HTTP/1.1" 404 1104
222.69.139.7 - - [13/Apr/2020:10:44:15 +0800] "GET /xingrg/all/common/auto_word.html?type=employee&rest_code=00149 HTTP/1.1" 200 197
117.184.7.26 - - [13/Apr/2020:10:44:15 +0800] "GET /xingrg/javascript/easyui/themes/default/validatebox.css HTTP/1.1" 404 1104
120.253.135.82 - - [13/Apr/2020:10:44:17 +0800] "GET /xingrg/all/function/internal_message.html?_=1586745607018&CODE_STATE=getMsg HTTP/1.1" 200 27
