116.238.92.147 - - [13/Apr/2020:10:44:20 +0800] "GET /xingrg/kc/buy/cgsh_order_operate.html?command=get_materiel&rest_code=00102&code=00101008091&supplier_code=00100007&order_time=2020-04-13 HTTP/1.1" 200 412
180.157.252.250 - - [13/Apr/2020:10:44:23 +0800] "GET /xingrg/all/function/internal_message.html?_=1586745863500&CODE_STATE=getMsg HTTP/1.1" 200 27
222.69.139.7 - - [13/Apr/2020:10:44:23 +0800] "GET /xingrg/javascript/auto/indicator.gif HTTP/1.1" 404 1066
222.69.139.7 - - [13/Apr/2020:10:44:25 +0800] "GET /xingrg/javascript/jquery_tools/images/prev.gif HTTP/1.1" 404 1086
222.69.139.7 - - [13/Apr/2020:10:44:25 +0800] "GET /xingrg/javascript/jquery_tools/images/next.gif HTTP/1.1" 404 1086
222.69.139.7 - - [13/Apr/2020:10:44:25 +0800] "GET /xingrg/all/function/internal_message.html?_=1586745866463&CODE_STATE=getMsg HTTP/1.1" 200 27
116.232.51.174 - - [13/Apr/2020:10:44:26 +0800] "GET /xingrg/check_reg.html?_=1586745915493 HTTP/1.1" 200 22
116.232.51.174 - - [13/Apr/2020:10:44:26 +0800] "GET /xingrg/all/function/internal_message.html?_=1586745915493&CODE_STATE=getMsg HTTP/1.1" 200 27
114.88.159.93 - - [13/Apr/2020:10:44:26 +0800] "GET /xingrg/all/function/internal_message.html?_=1586745866572&CODE_STATE=getMsg HTTP/1.1" 200 27
114.88.159.93 - - [13/Apr/2020:10:44:26 +0800] "GET /xingrg/check_reg.html?_=1586745866574 HTTP/1.1" 200 22
180.162.102.27 - - [13/Apr/2020:10:44:29 +0800] "GET /xingrg/all/function/internal_message.html?_=1586745338656&CODE_STATE=getMsg HTTP/1.1" 200 27
117.184.7.30 - - [13/Apr/2020:10:44:30 +0800] "GET /xingrg/kc/buy/cgsh_order_operate.html?command=get_materiel&rest_code=00108&code=00101007144&supplier_code=00100322&order_time=2020-04-12 HTTP/1.1" 200 428
172.17.0.113 - - [13/Apr/2020:10:44:34 +0800] "GET /xingrg/all/function/internal_message.html?_=1586745876456&CODE_STATE=getMsg HTTP/1.1" 200 27
222.70.183.62 - - [13/Apr/2020:10:44:35 +0800] "GET /xingrg/all/function/internal_message.html?_=1586745876458&CODE_STATE=getMsg HTTP/1.1" 200 27
116.238.92.147 - - [13/Apr/2020:10:44:35 +0800] "GET /xingrg/check_reg.html?_=1586746062108 HTTP/1.1" 200 22
114.84.32.201 - - [13/Apr/2020:10:44:35 +0800] "GET /xingrg/all/function/internal_message.html?_=1586745871816&CODE_STATE=getMsg HTTP/1.1" 200 27
117.184.7.30 - - [13/Apr/2020:10:44:36 +0800] "POST /xingrg/kc/buy/cgsh_order_operate.html HTTP/1.1" 200 37
117.184.7.30 - - [13/Apr/2020:10:44:36 +0800] "POST /xingrg/kc/buy/cgsh_order_operate.html HTTP/1.1" 200 2679
172.17.0.114 - - [13/Apr/2020:10:44:37 +0800] "GET /xingrg/all/function/internal_message.html?_=1586746171628&CODE_STATE=getMsg HTTP/1.1" 200 27
117.184.7.30 - - [13/Apr/2020:10:44:39 +0800] "GET /xingrg/kc/print/load_data.html?order_code=212020041302500&kc_code=cgsh&condition= HTTP/1.1" 200 682
117.184.7.30 - - [13/Apr/2020:10:44:42 +0800] "GET /xingrg/kc/buy/cgsh_order_add.html HTTP/1.1" 200 57978
117.184.7.26 - - [13/Apr/2020:10:44:43 +0800] "GET /xingrg/javascript/easyui/themes/default/validatebox.css HTTP/1.1" 404 1104
114.88.159.93 - - [13/Apr/2020:10:44:43 +0800] "GET /xingrg/kc/buy/cgsh_order_operate.html?command=get_materiel&rest_code=00141&code=00101007048&supplier_code=00100004&order_time=2020-04-13 HTTP/1.1" 200 408
117.184.7.30 - - [13/Apr/2020:10:44:43 +0800] "POST /xingrg/kc/buy/cgsh_order_operate.html HTTP/1.1" 200 8245
114.84.33.255 - - [13/Apr/2020:10:44:46 +0800] "GET /xingrg/all/function/internal_message.html?_=1586745887834&CODE_STATE=getMsg HTTP/1.1" 200 27
222.70.183.62 - - [13/Apr/2020:10:44:49 +0800] "GET /xingrg/all/function/internal_message.html?_=1586745890307&CODE_STATE=getMsg HTTP/1.1" 200 27
116.232.48.158 - - [13/Apr/2020:10:44:50 +0800] "GET /xingrg/all/function/internal_message.html?_=1586745783648&CODE_STATE=getMsg HTTP/1.1" 200 27
116.238.92.147 - - [13/Apr/2020:10:44:51 +0800] "GET /xingrg/all/function/internal_message.html?_=1586746077863&CODE_STATE=getMsg HTTP/1.1" 200 27
117.131.5.26 - - [13/Apr/2020:10:44:52 +0800] "GET /xingrg/all/function/internal_message.html?_=1586745896039&CODE_STATE=getMsg HTTP/1.1" 200 27
117.185.32.26 - - [13/Apr/2020:10:44:53 +0800] "GET /xingrg/kc/buy/buy_main.html HTTP/1.1" 200 12412
117.185.32.26 - - [13/Apr/2020:10:44:53 +0800] "GET /xingrg/css/new_ie.css HTTP/1.1" 404 1036
117.185.32.26 - - [13/Apr/2020:10:44:54 +0800] "GET /xingrg/images/yd/bt.gif HTTP/1.1" 404 1040
114.88.159.93 - - [13/Apr/2020:10:44:55 +0800] "GET /xingrg/kc/buy/cgsh_order_operate.html?command=get_materiel&rest_code=00141&code=00101007081&supplier_code=00100004&order_time=2020-04-13 HTTP/1.1" 200 413
117.185.32.26 - - [13/Apr/2020:10:44:55 +0800] "GET /xingrg/kc/buy/cgsh_order_list.html HTTP/1.1" 200 42354
116.235.222.53 - - [13/Apr/2020:10:44:55 +0800] "GET /xingrg/all/function/internal_message.html?_=1586745895496&CODE_STATE=getMsg HTTP/1.1" 200 27
117.185.32.26 - - [13/Apr/2020:10:44:56 +0800] "POST /xingrg/kc/buy/cgsh_list_operate.html HTTP/1.1" 200 2053
114.84.33.255 - - [13/Apr/2020:10:44:56 +0800] "GET /xingrg/kc/buy/buy_main.html HTTP/1.1" 200 12412
114.84.33.255 - - [13/Apr/2020:10:44:56 +0800] "GET /xingrg/css/new_ie.css HTTP/1.1" 404 1036
114.84.33.255 - - [13/Apr/2020:10:44:57 +0800] "GET /xingrg/images/yd/bt.gif HTTP/1.1" 404 1040
117.184.7.30 - - [13/Apr/2020:10:44:58 +0800] "GET /xingrg/kc/buy/cgsh_order_operate.html?command=get_materiel&rest_code=00108&code=00101001013&supplier_code=00100313&order_time=2020-04-12 HTTP/1.1" 200 416
114.84.33.255 - - [13/Apr/2020:10:45:00 +0800] "GET /xingrg/kc/buy/cgsh_order_list.html HTTP/1.1" 200 42360
172.16.0.193 - - [13/Apr/2020:10:45:01 +0800] "GET /xingrg/all/function/internal_message.html?_=1586745903717&CODE_STATE=getMsg HTTP/1.1" 302 -
114.84.33.255 - - [13/Apr/2020:10:45:01 +0800] "POST /xingrg/kc/buy/cgsh_list_operate.html HTTP/1.1" 200 5136
58.40.7.146 - - [13/Apr/2020:10:45:02 +0800] "GET /xingrg/all/function/internal_message.html?_=1586745902410&CODE_STATE=getMsg HTTP/1.1" 200 27
222.69.139.7 - - [13/Apr/2020:10:45:03 +0800] "GET /xingrg/kc/buy/cgsh_order_operate.html?command=get_materiel&rest_code=00149&code=00101004030&supplier_code=00100083&order_time=2020-04-13 HTTP/1.1" 200 408
114.84.33.255 - - [13/Apr/2020:10:45:05 +0800] "POST /xingrg/kc/buy/cgsh_list_operate.html HTTP/1.1" 200 5157
180.156.150.85 - - [13/Apr/2020:10:45:05 +0800] "GET /xingrg/all/function/internal_message.html?_=1586745785677&CODE_STATE=getMsg HTTP/1.1" 200 27
120.253.135.82 - - [13/Apr/2020:10:45:06 +0800] "POST /xingrg/kc/pszx/mdps_list_operate.html HTTP/1.1" 200 868
101.85.52.41 - - [13/Apr/2020:10:45:06 +0800] "GET /xingrg/all/function/internal_message.html?_=1586745502014&CODE_STATE=getMsg HTTP/1.1" 200 27
101.85.52.41 - - [13/Apr/2020:10:45:06 +0800] "GET /xingrg/check_reg.html?_=1586745502015 HTTP/1.1" 200 22
117.184.7.30 - - [13/Apr/2020:10:45:06 +0800] "GET /xingrg/kc/buy/cgsh_order_operate.html?command=get_materiel&rest_code=00108&code=00101001022&supplier_code=00100313&order_time=2020-04-12 HTTP/1.1" 200 417
114.84.33.255 - - [13/Apr/2020:10:45:08 +0800] "GET /xingrg/kc/buy/cgsh_order_add.html HTTP/1.1" 200 57975
120.253.135.82 - - [13/Apr/2020:10:45:08 +0800] "GET /xingrg/kc/pszx/mdps_order_add.html HTTP/1.1" 200 28904
114.84.33.255 - - [13/Apr/2020:10:45:08 +0800] "POST /xingrg/kc/buy/cgsh_order_operate.html HTTP/1.1" 200 8245
120.253.135.82 - - [13/Apr/2020:10:45:08 +0800] "POST /xingrg/kc/pszx/mdps_order_operate.html HTTP/1.1" 200 7126
114.84.33.255 - - [13/Apr/2020:10:45:08 +0800] "GET /xingrg/javascript/easyui/themes/default/validatebox.css HTTP/1.1" 404 1104
120.253.135.82 - - [13/Apr/2020:10:45:09 +0800] "GET /xingrg/javascript/easyui/themes/default/validatebox.css HTTP/1.1" 404 1104
117.185.32.26 - - [13/Apr/2020:10:45:10 +0800] "GET /xingrg/all/function/internal_message.html?_=1586746324673&CODE_STATE=getMsg HTTP/1.1" 200 27
117.185.32.26 - - [13/Apr/2020:10:45:12 +0800] "GET /xingrg/kc/buy/cgsh_order_add.html HTTP/1.1" 200 57969
117.185.32.26 - - [13/Apr/2020:10:45:12 +0800] "POST /xingrg/kc/buy/cgsh_order_operate.html HTTP/1.1" 200 8245
117.185.32.26 - - [13/Apr/2020:10:45:12 +0800] "GET /xingrg/javascript/easyui/themes/default/validatebox.css HTTP/1.1" 404 1104
180.156.150.85 - - [13/Apr/2020:10:45:12 +0800] "GET /xingrg/all/function/internal_message.html?_=1586745918505&CODE_STATE=getMsg HTTP/1.1" 200 27
117.184.7.30 - - [13/Apr/2020:10:45:13 +0800] "GET /xingrg/kc/buy/cgsh_order_operate.html?command=get_materiel&rest_code=00108&code=00101001033&supplier_code=00100313&order_time=2020-04-12 HTTP/1.1" 200 417
117.185.32.26 - - [13/Apr/2020:10:45:13 +0800] "GET /xingrg/javascript/easyui/themes/default/tree.css HTTP/1.1" 404 1090
117.185.32.26 - - [13/Apr/2020:10:45:13 +0800] "POST /xingrg/all/common/load_tree.html?tree=supplier_tree_json&isDelete=1 HTTP/1.1" 200 47144
222.69.139.7 - - [13/Apr/2020:10:45:14 +0800] "GET /xingrg/kc/buy/cgsh_order_operate.html?command=get_materiel&rest_code=00149&code=00101004067&supplier_code=00100083&order_time=2020-04-13 HTTP/1.1" 200 415
120.253.135.82 - - [13/Apr/2020:10:45:15 +0800] "POST /xingrg/all/common/load_combo.html?type=base HTTP/1.1" 200 899
114.88.159.93 - - [13/Apr/2020:10:45:15 +0800] "GET /favicon.ico HTTP/1.1" 404 -
120.253.135.82 - - [13/Apr/2020:10:45:17 +0800] "GET /xingrg/all/function/internal_message.html?_=1586745667031&CODE_STATE=getMsg HTTP/1.1" 200 27
114.88.159.93 - - [13/Apr/2020:10:45:18 +0800] "GET /xingrg/index.html?sysBaseUrl=http%3A%2F%2F180.169.147.146%3A18081%2Fxingrg%2F&costTime=32×tamp=1585222318302 HTTP/1.1" 302 -
114.88.159.93 - - [13/Apr/2020:10:45:18 +0800] "GET /xingrg/login.html HTTP/1.1" 200 7641
114.88.159.93 - - [13/Apr/2020:10:45:19 +0800] "GET /xingrg/images/blue/hj.png HTTP/1.1" 200 1014
114.88.159.93 - - [13/Apr/2020:10:45:19 +0800] "GET /xingrg/images/blue/jxLogo.png HTTP/1.1" 200 6156
114.88.159.93 - - [13/Apr/2020:10:45:19 +0800] "GET /xingrg/images/blue/login_bg.png HTTP/1.1" 200 22101
116.238.92.147 - - [13/Apr/2020:10:45:19 +0800] "GET /xingrg/kc/buy/cgsh_order_operate.html?command=get_materiel&rest_code=00102&code=00101008351&supplier_code=00100007&order_time=2020-04-13 HTTP/1.1" 200 408
114.88.159.93 - - [13/Apr/2020:10:45:19 +0800] "GET /xingrg/images/blue/srbg.png HTTP/1.1" 200 138
114.88.159.93 - - [13/Apr/2020:10:45:19 +0800] "GET /favicon.ico HTTP/1.1" 404 -
117.184.7.30 - - [13/Apr/2020:10:45:21 +0800] "GET /xingrg/kc/buy/cgsh_order_operate.html?command=get_materiel&rest_code=00108&code=00101001138&supplier_code=00100313&order_time=2020-04-12 HTTP/1.1" 200 413
114.84.33.255 - - [13/Apr/2020:10:45:22 +0800] "GET /xingrg/kc/buy/cgsh_order_operate.html?command=get_materiel&rest_code=00146&code=00101006161&supplier_code=00100041&order_time=2020-04-13 HTTP/1.1" 200 409
180.157.252.250 - - [13/Apr/2020:10:45:23 +0800] "GET /xingrg/all/function/internal_message.html?_=1586745923506&CODE_STATE=getMsg HTTP/1.1" 200 27
116.232.51.174 - - [13/Apr/2020:10:45:24 +0800] "GET /xingrg/all/function/internal_message.html?_=1586745975502&CODE_STATE=getMsg HTTP/1.1" 200 27
114.88.159.93 - - [13/Apr/2020:10:45:24 +0800] "POST /xingrg/login.do HTTP/1.1" 302 -
114.88.159.93 - - [13/Apr/2020:10:45:24 +0800] "GET /xingrg/index.html?sysBaseUrl=http%3A%2F%2F180.169.147.146%3A18081%2Fxingrg%2F&costTime=38×tamp=1586745924168 HTTP/1.1" 200 17419
114.88.159.93 - - [13/Apr/2020:10:45:24 +0800] "GET /xingrg/javascript/jquery_easy_ui/themes/icon.css HTTP/1.1" 200 3949
114.88.159.93 - - [13/Apr/2020:10:45:24 +0800] "GET /xingrg/css/form.css HTTP/1.1" 200 893
114.88.159.93 - - [13/Apr/2020:10:45:24 +0800] "GET /xingrg/javascript/jquery-1.4.2.min.js HTTP/1.1" 200 72205
114.88.159.93 - - [13/Apr/2020:10:45:24 +0800] "GET /xingrg/javascript/jquery_easy_ui/jquery.easyui.min.js HTTP/1.1" 200 213662
114.88.159.93 - - [13/Apr/2020:10:45:24 +0800] "GET /xingrg/javascript/jquery_easy_ui/easyui-lang-zh_CN.js HTTP/1.1" 200 1900
114.88.159.93 - - [13/Apr/2020:10:45:24 +0800] "GET /xingrg/javascript/jquery.timers.js HTTP/1.1" 200 3532
114.88.159.93 - - [13/Apr/2020:10:45:24 +0800] "GET /xingrg/javascript/jquery_easy_ui/themes/default/easyui.css HTTP/1.1" 200 26500
114.88.159.93 - - [13/Apr/2020:10:45:24 +0800] "GET /xingrg/javascript/jquery.form.js HTTP/1.1" 200 23110
114.88.159.93 - - [13/Apr/2020:10:45:24 +0800] "GET /xingrg/javascript/jquery.utils.js HTTP/1.1" 200 11805
114.88.159.93 - - [13/Apr/2020:10:45:24 +0800] "GET /favicon.ico HTTP/1.1" 404 -
114.88.159.93 - - [13/Apr/2020:10:45:24 +0800] "GET /xingrg/images/blue/navBackgound.jpg HTTP/1.1" 200 12378
114.88.159.93 - - [13/Apr/2020:10:45:24 +0800] "GET /xingrg/javascript/jquery_easy_ui/themes/icons/settle_new.png HTTP/1.1" 200 826
114.88.159.93 - - [13/Apr/2020:10:45:24 +0800] "GET /xingrg/images/blue/pingpu.png HTTP/1.1" 200 231
114.88.159.93 - - [13/Apr/2020:10:45:24 +0800] "POST /xingrg/all/common/load_tree.html?tree=area_rest_tree_json&manage=1 HTTP/1.1" 200 3088
114.88.159.93 - - [13/Apr/2020:10:45:24 +0800] "GET /xingrg/javascript/jquery_easy_ui/themes/default/images/tabs_leftarrow.png HTTP/1.1" 200 389
114.88.159.93 - - [13/Apr/2020:10:45:24 +0800] "GET /xingrg/javascript/jquery_easy_ui/themes/default/images/tabs_rightarrow.png HTTP/1.1" 200 395
114.88.159.93 - - [13/Apr/2020:10:45:24 +0800] "GET /xingrg/javascript/jquery_easy_ui/themes/default/images/panel_tool_expand.gif HTTP/1.1" 200 247
114.88.159.93 - - [13/Apr/2020:10:45:24 +0800] "GET /xingrg/javascript/jquery_easy_ui/themes/default/images/panel_tool_collapse.gif HTTP/1.1" 200 246
114.88.159.93 - - [13/Apr/2020:10:45:25 +0800] "GET /xingrg/all/function/internal_message.html?_=1586745859831&CODE_STATE=count HTTP/1.1" 200 11
114.88.159.93 - - [13/Apr/2020:10:45:25 +0800] "GET /xingrg/check_reg.html?_=1586745859831 HTTP/1.1" 200 22
114.88.159.93 - - [13/Apr/2020:10:45:25 +0800] "POST /xingrg/load_menu.html HTTP/1.1" 200 9959
114.88.159.93 - - [13/Apr/2020:10:45:25 +0800] "GET /xingrg/javascript/jquery_easy_ui/themes/default/images/tree_arrows.gif HTTP/1.1" 200 1043
114.88.159.93 - - [13/Apr/2020:10:45:25 +0800] "GET /xingrg/javascript/jquery_easy_ui/themes/default/images/tree_folder_open.gif HTTP/1.1" 200 956
114.88.159.93 - - [13/Apr/2020:10:45:25 +0800] "GET /xingrg/javascript/jquery_easy_ui/themes/icons/search_new.png HTTP/1.1" 200 586
114.88.159.93 - - [13/Apr/2020:10:45:25 +0800] "GET /xingrg/javascript/jquery_easy_ui/themes/default/images/tree_folder.gif HTTP/1.1" 200 952
114.88.159.93 - - [13/Apr/2020:10:45:25 +0800] "GET /xingrg/javascript/jquery_easy_ui/themes/icons/storage_new.png HTTP/1.1" 200 853
114.88.159.93 - - [13/Apr/2020:10:45:25 +0800] "GET /xingrg/javascript/jquery_easy_ui/themes/icons/checkout_new.png HTTP/1.1" 200 744
114.88.159.93 - - [13/Apr/2020:10:45:25 +0800] "GET /xingrg/javascript/jquery_easy_ui/themes/icons/forms_new.png HTTP/1.1" 200 350
114.88.159.93 - - [13/Apr/2020:10:45:25 +0800] "GET /xingrg/javascript/jquery_easy_ui/themes/icons/setting_new.png HTTP/1.1" 200 450
114.88.159.93 - - [13/Apr/2020:10:45:25 +0800] "GET /xingrg/javascript/jquery_easy_ui/themes/icons/systemset_new.png HTTP/1.1" 200 606
222.69.139.7 - - [13/Apr/2020:10:45:25 +0800] "GET /xingrg/all/function/internal_message.html?_=1586745926447&CODE_STATE=getMsg HTTP/1.1" 200 27
222.69.139.7 - - [13/Apr/2020:10:45:26 +0800] "GET /xingrg/kc/buy/cgsh_order_operate.html?command=get_materiel&rest_code=00149&code=00101004017&supplier_code=00100083&order_time=2020-04-13 HTTP/1.1" 200 413
114.88.159.93 - - [13/Apr/2020:10:45:26 +0800] "GET /xingrg/all/function/internal_message.html?_=1586745926574&CODE_STATE=getMsg HTTP/1.1" 200 27
114.88.159.93 - - [13/Apr/2020:10:45:27 +0800] "POST /xingrg/load_menu.html HTTP/1.1" 200 10168
114.88.159.93 - - [13/Apr/2020:10:45:27 +0800] "GET /xingrg/javascript/jquery_easy_ui/themes/default/images/tree_file.gif HTTP/1.1" 200 118
61.129.6.251 - - [13/Apr/2020:10:45:28 +0800] "GET /xingrg/all/function/internal_message.html?_=1586745866572&CODE_STATE=getMsg HTTP/1.1" 302 -
117.185.32.26 - - [13/Apr/2020:10:45:28 +0800] "GET /xingrg/javascript/auto/indicator.gif HTTP/1.1" 404 1066
180.162.102.27 - - [13/Apr/2020:10:45:29 +0800] "GET /xingrg/check_reg.html?_=1586745398655 HTTP/1.1" 200 22
180.162.102.27 - - [13/Apr/2020:10:45:29 +0800] "GET /xingrg/all/function/internal_message.html?_=1586745398654&CODE_STATE=getMsg HTTP/1.1" 200 27
117.184.7.30 - - [13/Apr/2020:10:45:30 +0800] "GET /xingrg/kc/buy/cgsh_order_operate.html?command=get_materiel&rest_code=00108&code=00101008195&supplier_code=00100313&order_time=2020-04-12 HTTP/1.1" 200 424
117.185.32.26 - - [13/Apr/2020:10:45:32 +0800] "GET /xingrg/kc/buy/cgsh_order_operate.html?command=get_materiel&rest_code=00106&code=00101006177&supplier_code=00100015&order_time=2020-04-13 HTTP/1.1" 200 411
222.70.183.62 - - [13/Apr/2020:10:45:32 +0800] "GET /xingrg/javascript/jquery_easy_ui/themes/default/images/tabs_close.gif HTTP/1.1" 304 -
222.70.183.62 - - [13/Apr/2020:10:45:32 +0800] "GET /xingrg/kc/buy/buy_main.html HTTP/1.1" 200 12412
222.70.183.62 - - [13/Apr/2020:10:45:32 +0800] "GET /xingrg/css/blue.css HTTP/1.1" 304 -
222.70.183.62 - - [13/Apr/2020:10:45:32 +0800] "GET /xingrg/javascript/jquery_ui/themes/humanity/humanity.css HTTP/1.1" 304 -
222.70.183.62 - - [13/Apr/2020:10:45:32 +0800] "GET /xingrg/javascript/ToolTips.js HTTP/1.1" 304 -
222.70.183.62 - - [13/Apr/2020:10:45:32 +0800] "GET /xingrg/javascript/myfunction.js HTTP/1.1" 304 -
222.70.183.62 - - [13/Apr/2020:10:45:32 +0800] "GET /xingrg/css/new_ie.css HTTP/1.1" 404 1036
222.70.183.62 - - [13/Apr/2020:10:45:32 +0800] "GET /xingrg/javascript/pic_change.js HTTP/1.1" 304 -
222.70.183.62 - - [13/Apr/2020:10:45:32 +0800] "GET /xingrg/javascript/jquery_ui/jquery-ui.min.js HTTP/1.1" 304 -
222.70.183.62 - - [13/Apr/2020:10:45:32 +0800] "GET /xingrg/images/blue/button/cgydd.gif HTTP/1.1" 304 -
222.70.183.62 - - [13/Apr/2020:10:45:32 +0800] "GET /xingrg/images/blue/button/cgshd.gif HTTP/1.1" 304 -
222.70.183.62 - - [13/Apr/2020:10:45:32 +0800] "GET /xingrg/images/blue/button/cgfkd.gif HTTP/1.1" 304 -
222.70.183.62 - - [13/Apr/2020:10:45:32 +0800] "GET /xingrg/images/blue/button/ckthd.gif HTTP/1.1" 304 -
222.70.183.62 - - [13/Apr/2020:10:45:32 +0800] "GET /xingrg/images/blue/button/cgxqd.gif HTTP/1.1" 304 -
222.70.183.62 - - [13/Apr/2020:10:45:32 +0800] "GET /xingrg/images/blue/button/kc.gif HTTP/1.1" 304 -
222.70.183.62 - - [13/Apr/2020:10:45:32 +0800] "GET /xingrg/images/blue/button/down_ah.jpg HTTP/1.1" 304 -
222.70.183.62 - - [13/Apr/2020:10:45:32 +0800] "GET /xingrg/images/blue/pic_form2.gif HTTP/1.1" 304 -
222.70.183.62 - - [13/Apr/2020:10:45:32 +0800] "GET /xingrg/javascript/jquery_ui/themes/humanity/images/ui-bg_inset-soft_100_f4f0ec_1x100.png HTTP/1.1" 304 -
222.70.183.62 - - [13/Apr/2020:10:45:32 +0800] "GET /xingrg/images/blue/bg_dotted.jpg HTTP/1.1" 304 -
222.70.183.62 - - [13/Apr/2020:10:45:32 +0800] "GET /xingrg/images/blue/button/right_ah.jpg HTTP/1.1" 304 -
222.70.183.62 - - [13/Apr/2020:10:45:32 +0800] "GET /xingrg/javascript/jquery_ui/themes/humanity/images/ui-iconsnew.jpg HTTP/1.1" 304 -
222.70.183.62 - - [13/Apr/2020:10:45:32 +0800] "GET /xingrg/javascript/jquery_ui/themes/humanity/images/ui-icons_ffffff_256x240.png HTTP/1.1" 304 -
222.70.183.62 - - [13/Apr/2020:10:45:33 +0800] "GET /xingrg/javascript/jquery_ui/themes/humanity/images/ui-icons_c47a23_256x240.png HTTP/1.1" 304 -
222.70.183.62 - - [13/Apr/2020:10:45:33 +0800] "GET /xingrg/javascript/jquery_ui/themes/humanity/images/ui-bg_glass_70_ede4d4_1x400.png HTTP/1.1" 304 -
222.70.183.62 - - [13/Apr/2020:10:45:33 +0800] "GET /xingrg/images/yd/bt.gif HTTP/1.1" 404 1040
61.129.6.251 - - [13/Apr/2020:10:45:33 +0800] "GET /xingrg/login.html HTTP/1.1" 200 7641
222.69.139.7 - - [13/Apr/2020:10:45:34 +0800] "GET /xingrg/kc/buy/cgsh_order_operate.html?command=get_materiel&rest_code=00149&code=00101004011&supplier_code=00100083&order_time=2020-04-13 HTTP/1.1" 200 413
222.70.183.62 - - [13/Apr/2020:10:45:34 +0800] "GET /xingrg/check_reg.html?_=1586745935703 HTTP/1.1" 200 22
172.17.0.113 - - [13/Apr/2020:10:45:34 +0800] "GET /xingrg/all/function/internal_message.html?_=1586745936472&CODE_STATE=getMsg HTTP/1.1" 200 27
117.184.7.30 - - [13/Apr/2020:10:45:35 +0800] "GET /xingrg/all/function/internal_message.html?_=1586745935352&CODE_STATE=getMsg HTTP/1.1" 200 27
222.70.183.62 - - [13/Apr/2020:10:45:35 +0800] "GET /xingrg/all/function/internal_message.html?_=1586745936468&CODE_STATE=getMsg HTTP/1.1" 200 27
114.84.33.255 - - [13/Apr/2020:10:45:35 +0800] "GET /xingrg/kc/buy/cgsh_order_operate.html?command=get_materiel&rest_code=00146&code=00101005037&supplier_code=00100041&order_time=2020-04-13 HTTP/1.1" 200 409
114.84.32.201 - - [13/Apr/2020:10:45:35 +0800] "GET /xingrg/all/function/internal_message.html?_=1586745931817&CODE_STATE=getMsg HTTP/1.1" 200 27
222.70.183.62 - - [13/Apr/2020:10:45:36 +0800] "GET /xingrg/css/site.css HTTP/1.1" 200 7541
222.70.183.62 - - [13/Apr/2020:10:45:36 +0800] "GET /xingrg/javascript/easyui/themes/icon.css HTTP/1.1" 200 4483
222.70.183.62 - - [13/Apr/2020:10:45:36 +0800] "GET /xingrg/javascript/jquery_tools/datebox.css HTTP/1.1" 200 2597
222.70.183.62 - - [13/Apr/2020:10:45:36 +0800] "GET /xingrg/javascript/auto/jquery.autocomplete.css HTTP/1.1" 200 587
222.70.183.62 - - [13/Apr/2020:10:45:36 +0800] "GET /xingrg/javascript/jquery_tools/table.css HTTP/1.1" 200 1032
222.70.183.62 - - [13/Apr/2020:10:45:36 +0800] "GET /xingrg/javascript/jquery_tools/fix.css HTTP/1.1" 200 1702
222.70.183.62 - - [13/Apr/2020:10:45:36 +0800] "GET /xingrg/javascript/jquery_tools/jquery.tools.min.js HTTP/1.1" 200 138801
222.70.183.62 - - [13/Apr/2020:10:45:36 +0800] "GET /xingrg/javascript/jquery_tools/jquery.tools.hotkey.js HTTP/1.1" 200 3242
222.70.183.62 - - [13/Apr/2020:10:45:36 +0800] "GET /xingrg/javascript/jquery_tools/list_manager.js HTTP/1.1" 200 3652
222.70.183.62 - - [13/Apr/2020:10:45:36 +0800] "GET /xingrg/javascript/jquery_tools/jquery.tools.table.js HTTP/1.1" 200 6994
222.70.183.62 - - [13/Apr/2020:10:45:36 +0800] "GET /xingrg/javascript/jquery_tools/jquery.tools.extend.js HTTP/1.1" 200 15385
222.70.183.62 - - [13/Apr/2020:10:45:36 +0800] "GET /xingrg/javascript/easyui/easyloader.js HTTP/1.1" 200 5975
222.70.183.62 - - [13/Apr/2020:10:45:36 +0800] "GET /xingrg/kc/buy/cgsh_order_list.html HTTP/1.1" 200 42354
222.70.183.62 - - [13/Apr/2020:10:45:36 +0800] "GET /xingrg/javascript/auto/jquery.autocomplete.js HTTP/1.1" 200 21624
222.70.183.62 - - [13/Apr/2020:10:45:36 +0800] "GET /xingrg/javascript/easyui/themes/default/easyui.css HTTP/1.1" 200 30432
222.70.183.62 - - [13/Apr/2020:10:45:36 +0800] "GET /xingrg/javascript/jquery.cookie.js HTTP/1.1" 200 5513
222.70.183.62 - - [13/Apr/2020:10:45:36 +0800] "GET /xingrg/css/base.css HTTP/1.1" 200 2811
222.70.183.62 - - [13/Apr/2020:10:45:36 +0800] "GET /xingrg/javascript/print/LodopFuncs.js HTTP/1.1" 200 5121
172.17.0.114 - - [13/Apr/2020:10:45:37 +0800] "GET /xingrg/all/function/internal_message.html?_=1586746231627&CODE_STATE=getMsg HTTP/1.1" 200 27
114.88.159.93 - - [13/Apr/2020:10:45:38 +0800] "GET /xingrg/javascript/jquery_easy_ui/themes/default/images/tabs_close.gif HTTP/1.1" 200 829
114.88.159.93 - - [13/Apr/2020:10:45:38 +0800] "GET /xingrg/css/table.css HTTP/1.1" 200 3684
114.88.159.93 - - [13/Apr/2020:10:45:38 +0800] "GET /xingrg/dwr/interface/AjaxGetFirstChart.js HTTP/1.1" 200 631
114.88.159.93 - - [13/Apr/2020:10:45:38 +0800] "GET /xingrg/system/rest/list_page.html?p=menu HTTP/1.1" 200 110877
114.88.159.93 - - [13/Apr/2020:10:45:38 +0800] "GET /xingrg/javascript/convert.js HTTP/1.1" 200 1239
114.88.159.93 - - [13/Apr/2020:10:45:38 +0800] "GET /xingrg/javascript/jquery.shich.js HTTP/1.1" 200 4857
114.88.159.93 - - [13/Apr/2020:10:45:38 +0800] "GET /xingrg/dwr/engine.js HTTP/1.1" 200 43631
114.88.159.93 - - [13/Apr/2020:10:45:38 +0800] "GET /xingrg/javascript/Calendar.js HTTP/1.1" 200 31561
114.88.159.93 - - [13/Apr/2020:10:45:38 +0800] "GET /xingrg/dwr/util.js HTTP/1.1" 200 35990
114.88.159.93 - - [13/Apr/2020:10:45:38 +0800] "GET /xingrg/ HTTP/1.1" 200 292
114.88.159.93 - - [13/Apr/2020:10:45:38 +0800] "GET /xingrg/javascript/jquery_easy_ui/themes/icons/search.png HTTP/1.1" 200 813
114.88.159.93 - - [13/Apr/2020:10:45:38 +0800] "GET /xingrg/javascript/jquery_easy_ui/themes/default/images/button_a_bg.gif HTTP/1.1" 200 1194
114.88.159.93 - - [13/Apr/2020:10:45:38 +0800] "GET /xingrg/javascript/jquery_easy_ui/themes/icons/pencil.png HTTP/1.1" 200 713
114.88.159.93 - - [13/Apr/2020:10:45:38 +0800] "GET /xingrg/javascript/jquery_easy_ui/themes/icons/edit_add.png HTTP/1.1" 200 1088
114.88.159.93 - - [13/Apr/2020:10:45:38 +0800] "GET /xingrg/javascript/jquery_easy_ui/themes/icons/edit_remove.png HTTP/1.1" 200 625
114.88.159.93 - - [13/Apr/2020:10:45:38 +0800] "GET /xingrg/javascript/jquery_easy_ui/themes/icons/check_new.png HTTP/1.1" 200 3224
114.88.159.93 - - [13/Apr/2020:10:45:38 +0800] "GET /xingrg/javascript/jquery_easy_ui/themes/icons/uncheck_new.png HTTP/1.1" 200 3197
222.70.183.62 - - [13/Apr/2020:10:45:38 +0800] "GET /xingrg/javascript/easyui/themes/icons/edit_add_new.png HTTP/1.1" 200 2997
222.70.183.62 - - [13/Apr/2020:10:45:38 +0800] "GET /xingrg/javascript/easyui/themes/icons/cance_new.png HTTP/1.1" 200 3986
222.70.183.62 - - [13/Apr/2020:10:45:38 +0800] "GET /xingrg/javascript/easyui/themes/icons/check_new.png HTTP/1.1" 200 3224
222.70.183.62 - - [13/Apr/2020:10:45:38 +0800] "GET /xingrg/javascript/easyui/themes/icons/field_new.png HTTP/1.1" 200 1097
222.70.183.62 - - [13/Apr/2020:10:45:38 +0800] "GET /xingrg/javascript/easyui/themes/icons/import_new.png HTTP/1.1" 200 1247
222.70.183.62 - - [13/Apr/2020:10:45:38 +0800] "GET /xingrg/javascript/jquery_easy_ui/themes/icons/area.png HTTP/1.1" 304 -
222.70.183.62 - - [13/Apr/2020:10:45:38 +0800] "GET /xingrg/javascript/jquery_easy_ui/themes/icons/rest.png HTTP/1.1" 304 -
222.70.183.62 - - [13/Apr/2020:10:45:38 +0800] "GET /xingrg/javascript/easyui/plugins/jquery.parser.js HTTP/1.1" 200 1142
222.70.183.62 - - [13/Apr/2020:10:45:38 +0800] "GET /xingrg/images/control/ajaxLoader.gif HTTP/1.1" 200 4659
114.88.159.93 - - [13/Apr/2020:10:45:38 +0800] "GET /xingrg/images/control/ajaxLoader.gif HTTP/1.1" 200 4659
114.88.159.93 - - [13/Apr/2020:10:45:38 +0800] "GET /xingrg/javascript/jquery_easy_ui/themes/default/images/datagrid_header_bg.gif HTTP/1.1" 200 97
114.88.159.93 - - [13/Apr/2020:10:45:38 +0800] "GET /xingrg/javascript/jquery_easy_ui/themes/default/images/button_span_bg.gif HTTP/1.1" 200 2061
114.88.159.93 - - [13/Apr/2020:10:45:38 +0800] "GET /xingrg/javascript/jquery_easy_ui/themes/default/images/pagination_first.gif HTTP/1.1" 200 925
114.88.159.93 - - [13/Apr/2020:10:45:38 +0800] "GET /xingrg/javascript/jquery_easy_ui/themes/default/images/pagination_next.gif HTTP/1.1" 200 875
114.88.159.93 - - [13/Apr/2020:10:45:38 +0800] "GET /xingrg/javascript/jquery_easy_ui/themes/default/images/pagination_last.gif HTTP/1.1" 200 923
222.70.183.62 - - [13/Apr/2020:10:45:38 +0800] "GET /xingrg/kc/mdqp/qp_main.html HTTP/1.1" 200 10633
114.88.159.93 - - [13/Apr/2020:10:45:38 +0800] "GET /xingrg/javascript/jquery_easy_ui/themes/default/images/pagination_load.png HTTP/1.1" 200 827
114.88.159.93 - - [13/Apr/2020:10:45:38 +0800] "GET /xingrg/javascript/jquery_easy_ui/themes/default/images/pagination_prev.gif HTTP/1.1" 200 879
114.88.159.93 - - [13/Apr/2020:10:45:38 +0800] "GET /xingrg/javascript/jquery_easy_ui/themes/default/images/pagination_loading.gif HTTP/1.1" 200 1737
222.70.183.62 - - [13/Apr/2020:10:45:38 +0800] "GET /xingrg/images/blue/button/qqpsd.gif HTTP/1.1" 200 2548
222.70.183.62 - - [13/Apr/2020:10:45:38 +0800] "GET /xingrg/images/blue/button/pszx.gif HTTP/1.1" 200 2648
222.70.183.62 - - [13/Apr/2020:10:45:38 +0800] "GET /xingrg/images/blue/button/psshd.gif HTTP/1.1" 200 2692
114.88.159.93 - - [13/Apr/2020:10:45:39 +0800] "GET /xingrg/system/rest/query_items.html?_=1586745873420&table=menu&page=1&rows=20&categoryId=&key= HTTP/1.1" 200 4722
222.70.183.62 - - [13/Apr/2020:10:45:39 +0800] "POST /xingrg/kc/buy/cgsh_list_operate.html HTTP/1.1" 200 876
222.70.183.62 - - [13/Apr/2020:10:45:40 +0800] "GET /xingrg/kc/base/base_main.html HTTP/1.1" 200 12142
222.70.183.62 - - [13/Apr/2020:10:45:40 +0800] "GET /xingrg/images/blue/button/wlsy.gif HTTP/1.1" 200 2536
222.70.183.62 - - [13/Apr/2020:10:45:40 +0800] "GET /xingrg/images/blue/button/ckdb.gif HTTP/1.1" 200 1950
222.70.183.62 - - [13/Apr/2020:10:45:40 +0800] "GET /xingrg/images/blue/button/ckpd.gif HTTP/1.1" 200 2051
222.70.183.62 - - [13/Apr/2020:10:45:40 +0800] "GET /xingrg/images/blue/button/yddb.gif HTTP/1.1" 200 2040
222.70.183.62 - - [13/Apr/2020:10:45:40 +0800] "GET /xingrg/images/blue/button/top_left.jpg HTTP/1.1" 200 1632
222.70.183.62 - - [13/Apr/2020:10:45:40 +0800] "GET /xingrg/images/blue/button/top_right.jpg HTTP/1.1" 200 1708
222.70.183.62 - - [13/Apr/2020:10:45:40 +0800] "GET /xingrg/images/blue/button/down.jpg HTTP/1.1" 200 1560
222.70.183.62 - - [13/Apr/2020:10:45:40 +0800] "GET /xingrg/images/blue/button/left_ah.jpg HTTP/1.1" 200 1643
222.70.183.62 - - [13/Apr/2020:10:45:40 +0800] "GET /xingrg/images/blue/button/bottom_left.jpg HTTP/1.1" 200 1524
222.70.183.62 - - [13/Apr/2020:10:45:40 +0800] "GET /xingrg/images/blue/button/bottom_right.jpg HTTP/1.1" 200 1436
116.238.92.147 - - [13/Apr/2020:10:45:42 +0800] "GET /xingrg/kc/buy/cgsh_order_operate.html?command=get_materiel&rest_code=00102&code=00101008264&supplier_code=00100007&order_time=2020-04-13 HTTP/1.1" 200 412
222.70.183.62 - - [13/Apr/2020:10:45:43 +0800] "GET /xingrg/kc/report/report_main.html HTTP/1.1" 200 7345
222.70.183.62 - - [13/Apr/2020:10:45:43 +0800] "GET /xingrg/javascript/json2.js HTTP/1.1" 200 11259
222.70.183.62 - - [13/Apr/2020:10:45:43 +0800] "GET /xingrg/javascript/jquery_easy_ui/themes/icons/back_new.png HTTP/1.1" 200 3414
222.69.139.7 - - [13/Apr/2020:10:45:43 +0800] "POST /xingrg/kc/buy/cgsh_order_operate.html HTTP/1.1" 200 37
117.184.7.30 - - [13/Apr/2020:10:45:43 +0800] "GET /xingrg/kc/buy/cgsh_order_operate.html?command=get_materiel&rest_code=00108&code=00102026001&supplier_code=00100313&order_time=2020-04-12 HTTP/1.1" 200 409
114.84.33.255 - - [13/Apr/2020:10:45:44 +0800] "POST /xingrg/kc/buy/cgsh_order_operate.html HTTP/1.1" 200 37
114.84.33.255 - - [13/Apr/2020:10:45:45 +0800] "POST /xingrg/kc/buy/cgsh_order_operate.html HTTP/1.1" 200 3241
222.69.139.7 - - [13/Apr/2020:10:45:45 +0800] "POST /xingrg/kc/buy/cgsh_order_operate.html HTTP/1.1" 200 12
114.84.33.255 - - [13/Apr/2020:10:45:46 +0800] "GET /xingrg/all/function/internal_message.html?_=1586745947848&CODE_STATE=getMsg HTTP/1.1" 200 27
114.88.159.93 - - [13/Apr/2020:10:45:46 +0800] "GET /xingrg/javascript/jquery_easy_ui/themes/default/images/button_plain_hover.png HTTP/1.1" 200 252
114.88.159.93 - - [13/Apr/2020:10:45:46 +0800] "GET /xingrg/kc/buy/cgsh_order_operate.html?command=get_materiel&rest_code=00141&code=00101007038&supplier_code=00100004&order_time=2020-04-13 HTTP/1.1" 200 422
222.69.139.7 - - [13/Apr/2020:10:45:46 +0800] "GET /xingrg/kc/buy/cgsh_order_info.html?code=212020041302501 HTTP/1.1" 200 52875
222.69.139.7 - - [13/Apr/2020:10:45:46 +0800] "GET /xingrg/javascript/easyui/themes/default/validatebox.css HTTP/1.1" 404 1104
222.69.139.7 - - [13/Apr/2020:10:45:46 +0800] "POST /xingrg/kc/buy/cgsh_order_operate.html HTTP/1.1" 200 2394
222.70.183.62 - - [13/Apr/2020:10:45:47 +0800] "GET /xingrg/all/report/report_query.html?fileName=kc/buy/gys_amount.xml&rh=99999 HTTP/1.1" 200 52006
222.70.183.62 - - [13/Apr/2020:10:45:47 +0800] "GET /xingrg/javascript/multi_select/jqueryMultiSelect.css HTTP/1.1" 200 951
222.70.183.62 - - [13/Apr/2020:10:45:47 +0800] "GET /xingrg/javascript/calendar/timePicker.css HTTP/1.1" 200 523
222.70.183.62 - - [13/Apr/2020:10:45:47 +0800] "GET /xingrg/javascript/bigrid/fix.css HTTP/1.1" 200 1702
222.70.183.62 - - [13/Apr/2020:10:45:47 +0800] "GET /xingrg/javascript/calendar/jquery.timePicker.min.js HTTP/1.1" 200 2997
222.70.183.62 - - [13/Apr/2020:10:45:47 +0800] "GET /xingrg/dwr/interface/AjaxReportQueryService.js HTTP/1.1" 200 13203
222.70.183.62 - - [13/Apr/2020:10:45:47 +0800] "GET /xingrg/javascript/jqueryMultiSelect.js HTTP/1.1" 200 11866
222.70.183.62 - - [13/Apr/2020:10:45:47 +0800] "GET /xingrg/javascript/bigrid/fix.js HTTP/1.1" 200 6439
222.70.183.62 - - [13/Apr/2020:10:45:47 +0800] "GET /xingrg/dwr/util.js HTTP/1.1" 200 35990
222.70.183.62 - - [13/Apr/2020:10:45:47 +0800] "GET /xingrg/javascript/Calendar.js HTTP/1.1" 200 31561
222.70.183.62 - - [13/Apr/2020:10:45:47 +0800] "GET /xingrg/dwr/engine.js HTTP/1.1" 200 43631
222.70.183.62 - - [13/Apr/2020:10:45:47 +0800] "GET /xingrg/images/blue/button/advanceover.gif HTTP/1.1" 200 1347
222.70.183.62 - - [13/Apr/2020:10:45:47 +0800] "GET /xingrg/images/blue/button/advance2over.gif HTTP/1.1" 200 1336
222.70.183.62 - - [13/Apr/2020:10:45:47 +0800] "GET /xingrg/images/blue/button/back2over.gif HTTP/1.1" 200 1335
222.70.183.62 - - [13/Apr/2020:10:45:47 +0800] "GET /xingrg/images/blue/button/backover.gif HTTP/1.1" 200 1348
222.70.183.62 - - [13/Apr/2020:10:45:47 +0800] "GET /xingrg/images/control/loading.gif HTTP/1.1" 200 13463
222.70.183.62 - - [13/Apr/2020:10:45:47 +0800] "GET /xingrg/javascript/jquery_easy_ui/themes/icons/help.png HTTP/1.1" 200 1187
222.70.183.62 - - [13/Apr/2020:10:45:47 +0800] "GET /xingrg/javascript/jquery_easy_ui/themes/default/images/menu_downarrow.png HTTP/1.1" 200 173
222.70.183.62 - - [13/Apr/2020:10:45:47 +0800] "GET /xingrg/javascript/jquery_easy_ui/themes/default/images/menu_downarrow.png HTTP/1.1" 200 173
222.70.183.62 - - [13/Apr/2020:10:45:47 +0800] "GET /xingrg/javascript/jquery_easy_ui/themes/default/images/menu.gif HTTP/1.1" 200 834
222.70.183.62 - - [13/Apr/2020:10:45:47 +0800] "GET /xingrg/javascript/jquery_easy_ui/themes/icons/print.png HTTP/1.1" 200 1057
222.70.183.62 - - [13/Apr/2020:10:45:47 +0800] "GET /xingrg/javascript/jquery_easy_ui/themes/icons/pencil.png HTTP/1.1" 200 713
222.70.183.62 - - [13/Apr/2020:10:45:47 +0800] "GET /xingrg/javascript/jquery_easy_ui/themes/default/images/menu_rightarrow.png HTTP/1.1" 200 3617
222.70.183.62 - - [13/Apr/2020:10:45:47 +0800] "POST /xingrg/dwr/call/plaincall/AjaxReportQueryService.getFixDate.dwr HTTP/1.1" 200 111
222.70.183.62 - - [13/Apr/2020:10:45:47 +0800] "GET /xingrg/javascript/jquery_easy_ui/themes/default/images/combo_arrow_dot.gif HTTP/1.1" 200 79
222.70.183.62 - - [13/Apr/2020:10:45:47 +0800] "POST /xingrg/all/common/load_tree.html?tree=supplier_tree_json&manage=1 HTTP/1.1" 200 47751
222.69.139.7 - - [13/Apr/2020:10:45:48 +0800] "GET /xingrg/kc/print/load_config.html?kc_code=cgsh HTTP/1.1" 200 1841
114.84.33.255 - - [13/Apr/2020:10:45:48 +0800] "GET /xingrg/kc/print/load_data.html?order_code=212020041302502&kc_code=cgsh&condition= HTTP/1.1" 200 913
114.88.159.93 - - [13/Apr/2020:10:45:48 +0800] "GET /xingrg/system/rest/export_menu.html HTTP/1.1" 200 98406
222.69.139.7 - - [13/Apr/2020:10:45:48 +0800] "GET /xingrg/kc/print/load_data.html?order_code=212020041302501&kc_code=cgsh&condition= HTTP/1.1" 200 1398
222.70.183.62 - - [13/Apr/2020:10:45:49 +0800] "GET /xingrg/javascript/jquery_easy_ui/themes/default/images/tree_checkbox_0.gif HTTP/1.1" 200 168
222.70.183.62 - - [13/Apr/2020:10:45:49 +0800] "POST /xingrg/all/common/load_tree.html?tree=materiel_sort_tree_json HTTP/1.1" 200 8666
114.88.159.93 - - [13/Apr/2020:10:45:49 +0800] "GET /xingrg/system/rest/export_menu.html HTTP/1.1" 200 1145445
222.70.183.62 - - [13/Apr/2020:10:45:49 +0800] "POST /xingrg/dwr/call/plaincall/AjaxReportQueryService.getInitString.dwr HTTP/1.1" 200 882
222.70.183.62 - - [13/Apr/2020:10:45:49 +0800] "GET /xingrg/javascript/multi_select/dropdown.gif HTTP/1.1" 200 61
222.70.183.62 - - [13/Apr/2020:10:45:49 +0800] "GET /xingrg/all/function/internal_message.html?_=1586745950563&CODE_STATE=getMsg HTTP/1.1" 200 27
116.232.48.158 - - [13/Apr/2020:10:45:50 +0800] "GET /xingrg/all/function/internal_message.html?_=1586745843664&CODE_STATE=getMsg HTTP/1.1" 200 27
116.238.92.147 - - [13/Apr/2020:10:45:51 +0800] "GET /xingrg/all/function/internal_message.html?_=1586746137879&CODE_STATE=getMsg HTTP/1.1" 200 27
117.131.5.26 - - [13/Apr/2020:10:45:52 +0800] "GET /xingrg/all/function/internal_message.html?_=1586745956039&CODE_STATE=getMsg HTTP/1.1" 200 27
116.238.92.147 - - [13/Apr/2020:10:45:53 +0800] "GET /xingrg/kc/buy/cgsh_order_operate.html?command=get_materiel&rest_code=00102&code=00101008024&supplier_code=00100007&order_time=2020-04-13 HTTP/1.1" 200 408
117.185.32.26 - - [13/Apr/2020:10:45:54 +0800] "GET /xingrg/login.html HTTP/1.1" 200 7641
116.235.222.53 - - [13/Apr/2020:10:45:55 +0800] "GET /xingrg/all/function/internal_message.html?_=1586745955498&CODE_STATE=getMsg HTTP/1.1" 200 27
116.235.222.53 - - [13/Apr/2020:10:45:55 +0800] "GET /xingrg/check_reg.html?_=1586745955508 HTTP/1.1" 200 22
117.185.32.26 - - [13/Apr/2020:10:45:57 +0800] "GET /favicon.ico HTTP/1.1" 404 -
117.185.32.26 - - [13/Apr/2020:10:45:57 +0800] "GET /xingrg/kc/buy/cgsh_order_operate.html?command=get_materiel&rest_code=00106&code=00101006133&supplier_code=00100015&order_time=2020-04-13 HTTP/1.1" 200 415
117.184.7.30 - - [13/Apr/2020:10:45:59 +0800] "POST /xingrg/kc/buy/cgsh_order_operate.html HTTP/1.1" 200 37
117.184.7.30 - - [13/Apr/2020:10:46:00 +0800] "POST /xingrg/kc/buy/cgsh_order_operate.html HTTP/1.1" 200 5654
117.184.7.30 - - [13/Apr/2020:10:46:01 +0800] "GET /xingrg/kc/print/load_data.html?order_code=212020041302503&kc_code=cgsh&condition= HTTP/1.1" 200 1837
172.16.0.193 - - [13/Apr/2020:10:46:01 +0800] "GET /xingrg/all/function/internal_message.html?_=1586745963703&CODE_STATE=getMsg HTTP/1.1" 302 -
58.40.7.146 - - [13/Apr/2020:10:46:02 +0800] "GET /xingrg/all/function/internal_message.html?_=1586745962420&CODE_STATE=getMsg HTTP/1.1" 200 27
58.247.206.158 - - [13/Apr/2020:10:46:04 +0800] "GET /xingrg/kc/buy/cgsh_order_operate.html?command=get_materiel&rest_code=00141&code=00101011007&supplier_code=00100036&order_time=2020-04-13 HTTP/1.1" 302 -
116.235.222.53 - - [13/Apr/2020:10:46:04 +0800] "POST /xingrg/all/user/operate.html HTTP/1.1" 200 36
117.184.7.30 - - [13/Apr/2020:10:46:05 +0800] "GET /xingrg/kc/buy/cgsh_order_add.html HTTP/1.1" 200 57978
116.235.222.53 - - [13/Apr/2020:10:46:05 +0800] "GET /xingrg/index.html?sysBaseUrl=http%3A%2F%2F180.169.147.146%3A18081%2Fxingrg%2F&costTime=1314×tamp=1586742354563 HTTP/1.1" 200 17177
116.235.222.53 - - [13/Apr/2020:10:46:05 +0800] "GET /xingrg/javascript/jquery_easy_ui/themes/default/easyui.css HTTP/1.1" 304 -
116.235.222.53 - - [13/Apr/2020:10:46:05 +0800] "GET /xingrg/javascript/jquery_easy_ui/themes/icon.css HTTP/1.1" 304 -
116.235.222.53 - - [13/Apr/2020:10:46:05 +0800] "GET /xingrg/css/form.css HTTP/1.1" 304 -
116.235.222.53 - - [13/Apr/2020:10:46:05 +0800] "GET /xingrg/javascript/jquery-1.4.2.min.js HTTP/1.1" 304 -
116.235.222.53 - - [13/Apr/2020:10:46:05 +0800] "GET /xingrg/javascript/jquery_easy_ui/jquery.easyui.min.js HTTP/1.1" 304 -
117.185.32.26 - - [13/Apr/2020:10:46:05 +0800] "POST /xingrg/login.do HTTP/1.1" 302 -
116.235.222.53 - - [13/Apr/2020:10:46:05 +0800] "GET /xingrg/javascript/jquery_easy_ui/easyui-lang-zh_CN.js HTTP/1.1" 304 -
116.235.222.53 - - [13/Apr/2020:10:46:05 +0800] "GET /xingrg/javascript/jquery.form.js HTTP/1.1" 304 -
116.235.222.53 - - [13/Apr/2020:10:46:05 +0800] "GET /xingrg/javascript/jquery.utils.js HTTP/1.1" 304 -
117.184.7.30 - - [13/Apr/2020:10:46:05 +0800] "POST /xingrg/kc/buy/cgsh_order_operate.html HTTP/1.1" 200 8245
116.235.222.53 - - [13/Apr/2020:10:46:05 +0800] "GET /xingrg/javascript/jquery.timers.js HTTP/1.1" 304 -
116.235.222.53 - - [13/Apr/2020:10:46:05 +0800] "GET /xingrg/images/blue/jxLogo.png HTTP/1.1" 304 -
116.235.222.53 - - [13/Apr/2020:10:46:05 +0800] "GET /xingrg/javascript/jquery_easy_ui/themes/icons/settle_new.png HTTP/1.1" 304 -
116.235.222.53 - - [13/Apr/2020:10:46:05 +0800] "GET /xingrg/images/blue/navBackgound.jpg HTTP/1.1" 304 -
117.184.7.26 - - [13/Apr/2020:10:46:05 +0800] "GET /xingrg/javascript/easyui/themes/default/validatebox.css HTTP/1.1" 404 1104
117.185.32.26 - - [13/Apr/2020:10:46:05 +0800] "GET /xingrg/javascript/jquery-1.4.2.min.js HTTP/1.1" 304 -
117.185.32.26 - - [13/Apr/2020:10:46:05 +0800] "GET /xingrg/css/form.css HTTP/1.1" 304 -
117.185.32.26 - - [13/Apr/2020:10:46:05 +0800] "GET /xingrg/javascript/jquery_easy_ui/themes/icon.css HTTP/1.1" 304 -
117.185.32.26 - - [13/Apr/2020:10:46:05 +0800] "GET /xingrg/javascript/jquery_easy_ui/themes/default/easyui.css HTTP/1.1" 304 -
117.185.32.26 - - [13/Apr/2020:10:46:05 +0800] "GET /xingrg/javascript/jquery.form.js HTTP/1.1" 304 -
117.185.32.26 - - [13/Apr/2020:10:46:05 +0800] "GET /xingrg/javascript/jquery.utils.js HTTP/1.1" 304 -
117.185.32.26 - - [13/Apr/2020:10:46:05 +0800] "GET /xingrg/javascript/jquery.timers.js HTTP/1.1" 304 -
117.185.32.26 - - [13/Apr/2020:10:46:05 +0800] "GET /xingrg/javascript/jquery_easy_ui/jquery.easyui.min.js HTTP/1.1" 304 -
117.185.32.26 - - [13/Apr/2020:10:46:05 +0800] "GET /xingrg/javascript/jquery_easy_ui/easyui-lang-zh_CN.js HTTP/1.1" 304 -
117.185.32.26 - - [13/Apr/2020:10:46:05 +0800] "GET /favicon.ico HTTP/1.1" 404 -
117.185.32.26 - - [13/Apr/2020:10:46:05 +0800] "GET /xingrg/index.html?sysBaseUrl=http%3A%2F%2F180.169.147.146%3A18081%2Fxingrg%2F&costTime=38×tamp=1586745965440 HTTP/1.1" 200 17413
116.235.222.53 - - [13/Apr/2020:10:46:05 +0800] "POST /xingrg/all/common/load_tree.html?tree=area_rest_tree_json&manage=1 HTTP/1.1" 200 476
180.156.150.85 - - [13/Apr/2020:10:46:05 +0800] "GET /xingrg/all/function/internal_message.html?_=1586745845683&CODE_STATE=getMsg HTTP/1.1" 200 27
116.235.222.53 - - [13/Apr/2020:10:46:06 +0800] "GET /xingrg/all/function/internal_message.html?_=1586745965558&CODE_STATE=count HTTP/1.1" 200 11
116.235.222.53 - - [13/Apr/2020:10:46:06 +0800] "GET /xingrg/javascript/jquery_easy_ui/themes/default/images/panel_tool_collapse.gif HTTP/1.1" 304 -
116.235.222.53 - - [13/Apr/2020:10:46:06 +0800] "GET /xingrg/javascript/jquery_easy_ui/themes/default/images/tabs_leftarrow.png HTTP/1.1" 304 -
116.235.222.53 - - [13/Apr/2020:10:46:06 +0800] "GET /xingrg/javascript/jquery_easy_ui/themes/default/images/tabs_rightarrow.png HTTP/1.1" 304 -
116.235.222.53 - - [13/Apr/2020:10:46:06 +0800] "GET /xingrg/images/blue/pingpu.png HTTP/1.1" 304 -
116.235.222.53 - - [13/Apr/2020:10:46:06 +0800] "GET /xingrg/check_reg.html?_=1586745965567 HTTP/1.1" 200 22
116.235.222.53 - - [13/Apr/2020:10:46:06 +0800] "POST /xingrg/load_menu.html HTTP/1.1" 200 5138
117.185.32.26 - - [13/Apr/2020:10:46:06 +0800] "POST /xingrg/all/common/load_tree.html?tree=area_rest_tree_json&manage=1 HTTP/1.1" 200 342
117.185.32.26 - - [13/Apr/2020:10:46:06 +0800] "GET /xingrg/all/function/internal_message.html?_=1586745966594&CODE_STATE=count HTTP/1.1" 200 11
117.185.32.26 - - [13/Apr/2020:10:46:06 +0800] "GET /xingrg/check_reg.html?_=1586745966594 HTTP/1.1" 200 22
101.85.52.41 - - [13/Apr/2020:10:46:06 +0800] "GET /xingrg/all/function/internal_message.html?_=1586745562016&CODE_STATE=getMsg HTTP/1.1" 200 27
117.185.32.26 - - [13/Apr/2020:10:46:06 +0800] "POST /xingrg/load_menu.html HTTP/1.1" 200 9959
222.69.139.7 - - [13/Apr/2020:10:46:08 +0800] "POST /xingrg/kc/buy/cgsh_list_operate.html HTTP/1.1" 200 876
117.185.32.26 - - [13/Apr/2020:10:46:10 +0800] "POST /xingrg/load_menu.html HTTP/1.1" 200 10168
117.185.32.26 - - [13/Apr/2020:10:46:10 +0800] "GET /xingrg/all/function/internal_message.html?_=1586746384692&CODE_STATE=getMsg HTTP/1.1" 200 27
117.185.32.26 - - [13/Apr/2020:10:46:10 +0800] "GET /xingrg/check_reg.html?_=1586746384696 HTTP/1.1" 200 22
120.253.135.82 - - [13/Apr/2020:10:46:11 +0800] "GET /xingrg/kc/pszx/mdps_order_operate.html?command=get_materiel&pszx_code=00101&rest_code=00102&base_code=0010250&code=00102010962 HTTP/1.1" 200 427
58.247.206.158 - - [13/Apr/2020:10:46:11 +0800] "GET /xingrg/login.html HTTP/1.1" 200 7641
180.156.150.85 - - [13/Apr/2020:10:46:12 +0800] "GET /xingrg/all/function/internal_message.html?_=1586745978503&CODE_STATE=getMsg HTTP/1.1" 200 27
222.69.139.7 - - [13/Apr/2020:10:46:12 +0800] "POST /xingrg/kc/buy/cgsh_list_operate.html HTTP/1.1" 200 5906
114.88.159.93 - - [13/Apr/2020:10:46:13 +0800] "GET /xingrg/kc/buy/cgsh_order_operate.html?command=get_materiel&rest_code=00141&code=00101007049&supplier_code=00100004&order_time=2020-04-13 HTTP/1.1" 200 409
120.253.135.82 - - [13/Apr/2020:10:46:14 +0800] "GET /xingrg/check_reg.html?_=1586745724238 HTTP/1.1" 200 22
117.185.32.26 - - [13/Apr/2020:10:46:14 +0800] "GET /xingrg/system/rest/list_page.html?p=menu HTTP/1.1" 200 110877
117.185.32.26 - - [13/Apr/2020:10:46:14 +0800] "GET /xingrg/css/table.css HTTP/1.1" 304 -
117.185.32.26 - - [13/Apr/2020:10:46:14 +0800] "GET /xingrg/dwr/interface/AjaxGetFirstChart.js HTTP/1.1" 200 631
117.185.32.26 - - [13/Apr/2020:10:46:14 +0800] "GET /xingrg/dwr/engine.js HTTP/1.1" 200 43631
117.185.32.26 - - [13/Apr/2020:10:46:14 +0800] "GET /xingrg/dwr/util.js HTTP/1.1" 304 -
117.185.32.26 - - [13/Apr/2020:10:46:14 +0800] "GET /xingrg/javascript/Calendar.js HTTP/1.1" 304 -
117.185.32.26 - - [13/Apr/2020:10:46:14 +0800] "GET /xingrg/javascript/jquery.shich.js HTTP/1.1" 304 -
117.185.32.26 - - [13/Apr/2020:10:46:14 +0800] "GET /xingrg/javascript/convert.js HTTP/1.1" 304 -
117.185.32.26 - - [13/Apr/2020:10:46:15 +0800] "GET /xingrg/ HTTP/1.1" 304 -
117.185.32.26 - - [13/Apr/2020:10:46:15 +0800] "GET /xingrg/javascript/jquery_easy_ui/themes/icons/search.png HTTP/1.1" 304 -
117.185.32.26 - - [13/Apr/2020:10:46:15 +0800] "GET /xingrg/javascript/jquery_easy_ui/themes/default/images/button_a_bg.gif HTTP/1.1" 304 -
117.185.32.26 - - [13/Apr/2020:10:46:16 +0800] "GET /xingrg/javascript/jquery_easy_ui/themes/icons/edit_add.png HTTP/1.1" 304 -
114.84.33.255 - - [13/Apr/2020:10:46:16 +0800] "GET /xingrg/kc/buy/cgsh_order_add.html HTTP/1.1" 200 57975
117.185.32.26 - - [13/Apr/2020:10:46:16 +0800] "GET /xingrg/javascript/jquery_easy_ui/themes/icons/edit_remove.png HTTP/1.1" 304 -
117.185.32.26 - - [13/Apr/2020:10:46:16 +0800] "GET /xingrg/javascript/jquery_easy_ui/themes/icons/check_new.png HTTP/1.1" 304 -
117.185.32.26 - - [13/Apr/2020:10:46:16 +0800] "GET /xingrg/javascript/jquery_easy_ui/themes/icons/uncheck_new.png HTTP/1.1" 304 -
117.185.32.26 - - [13/Apr/2020:10:46:16 +0800] "GET /xingrg/images/control/ajaxLoader.gif HTTP/1.1" 304 -
117.185.32.26 - - [13/Apr/2020:10:46:16 +0800] "GET /xingrg/javascript/jquery_easy_ui/themes/default/images/datagrid_header_bg.gif HTTP/1.1" 304 -
117.185.32.26 - - [13/Apr/2020:10:46:16 +0800] "GET /xingrg/javascript/jquery_easy_ui/themes/default/images/button_span_bg.gif HTTP/1.1" 304 -
117.185.32.26 - - [13/Apr/2020:10:46:16 +0800] "GET /xingrg/javascript/jquery_easy_ui/themes/default/images/pagination_first.gif HTTP/1.1" 304 -
117.185.32.26 - - [13/Apr/2020:10:46:16 +0800] "GET /xingrg/javascript/jquery_easy_ui/themes/default/images/pagination_next.gif HTTP/1.1" 304 -
117.185.32.26 - - [13/Apr/2020:10:46:16 +0800] "GET /xingrg/javascript/jquery_easy_ui/themes/default/images/pagination_last.gif HTTP/1.1" 304 -
117.185.32.26 - - [13/Apr/2020:10:46:16 +0800] "GET /xingrg/javascript/jquery_easy_ui/themes/default/images/pagination_prev.gif HTTP/1.1" 304 -
117.185.32.26 - - [13/Apr/2020:10:46:16 +0800] "GET /xingrg/javascript/jquery_easy_ui/themes/default/images/pagination_load.png HTTP/1.1" 304 -
117.185.32.26 - - [13/Apr/2020:10:46:16 +0800] "GET /xingrg/javascript/jquery_easy_ui/themes/default/images/pagination_loading.gif HTTP/1.1" 304 -
117.185.32.26 - - [13/Apr/2020:10:46:16 +0800] "GET /xingrg/system/rest/query_items.html?_=1586745976460&table=menu&page=1&rows=20&categoryId=&key= HTTP/1.1" 200 4722
114.84.33.255 - - [13/Apr/2020:10:46:17 +0800] "POST /xingrg/kc/buy/cgsh_order_operate.html HTTP/1.1" 200 8245
120.253.135.82 - - [13/Apr/2020:10:46:17 +0800] "GET /xingrg/all/function/internal_message.html?_=1586745727044&CODE_STATE=getMsg HTTP/1.1" 200 27
114.84.33.255 - - [13/Apr/2020:10:46:17 +0800] "GET /xingrg/javascript/easyui/themes/default/validatebox.css HTTP/1.1" 404 1104
117.184.7.30 - - [13/Apr/2020:10:46:18 +0800] "GET /xingrg/kc/buy/cgsh_order_operate.html?command=get_materiel&rest_code=00108&code=00101004038&supplier_code=00100347&order_time=2020-04-12 HTTP/1.1" 200 409
117.185.32.26 - - [13/Apr/2020:10:46:21 +0800] "GET /xingrg/kc/buy/cgsh_order_operate.html?command=get_materiel&rest_code=00106&code=00101006129&supplier_code=00100015&order_time=2020-04-13 HTTP/1.1" 200 433
116.232.51.174 - - [13/Apr/2020:10:46:21 +0800] "GET /xingrg/all/function/internal_message.html?_=1586746035484&CODE_STATE=getMsg HTTP/1.1" 200 27
222.69.139.7 - - [13/Apr/2020:10:46:22 +0800] "POST /xingrg/kc/buy/cgsh_list_operate.html HTTP/1.1" 200 4065
114.88.159.93 - - [13/Apr/2020:10:46:22 +0800] "GET /xingrg/kc/buy/cgsh_order_operate.html?command=get_materiel&rest_code=00141&code=00101007083&supplier_code=00100004&order_time=2020-04-13 HTTP/1.1" 200 421
180.157.252.250 - - [13/Apr/2020:10:46:23 +0800] "GET /xingrg/all/function/internal_message.html?_=1586745983511&CODE_STATE=getMsg HTTP/1.1" 200 27
180.157.252.250 - - [13/Apr/2020:10:46:23 +0800] "GET /xingrg/check_reg.html?_=1586745983516 HTTP/1.1" 200 22
117.185.32.26 - - [13/Apr/2020:10:46:25 +0800] "GET /xingrg/javascript/jquery_easy_ui/themes/icons/ok.png HTTP/1.1" 304 -
117.185.32.26 - - [13/Apr/2020:10:46:25 +0800] "GET /xingrg/system/rest/query_items.html?_=1586745985183&table=menu&page=1&rows=20&categoryId=&key=%25E7%25AC%258B HTTP/1.1" 200 4800
114.88.159.93 - - [13/Apr/2020:10:46:25 +0800] "GET /xingrg/all/function/internal_message.html?_=1586745919847&CODE_STATE=getMsg HTTP/1.1" 200 27
222.69.139.7 - - [13/Apr/2020:10:46:25 +0800] "GET /xingrg/check_reg.html?_=1586745986450 HTTP/1.1" 200 22
222.69.139.7 - - [13/Apr/2020:10:46:25 +0800] "GET /xingrg/all/function/internal_message.html?_=1586745986456&CODE_STATE=getMsg HTTP/1.1" 200 27
114.88.159.93 - - [13/Apr/2020:10:46:26 +0800] "GET /xingrg/all/function/internal_message.html?_=1586745986591&CODE_STATE=getMsg HTTP/1.1" 200 27
