116.235.222.53 - - [13/Apr/2020:09:46:16 +0800] "GET /xingrg/kc/buy/cgsh_order_info.html?code=212020041302408 HTTP/1.1" 200 58439
180.162.232.172 - - [13/Apr/2020:09:46:16 +0800] "GET /xingrg/kc/buy/cgsh_order_operate.html?command=get_materiel&rest_code=00150&code=00101008087&supplier_code=00100007&order_time=2020-04-13 HTTP/1.1" 200 412
116.235.222.53 - - [13/Apr/2020:09:46:17 +0800] "GET /xingrg/all/common/auto_word.html?type=employee&rest_code=00107 HTTP/1.1" 200 197
116.235.222.53 - - [13/Apr/2020:09:46:17 +0800] "GET /xingrg/javascript/easyui/themes/default/validatebox.css HTTP/1.1" 404 1104
116.235.222.53 - - [13/Apr/2020:09:46:17 +0800] "GET /xingrg/all/common/auto_word.html?type=employee&rest_code=00107 HTTP/1.1" 200 197
116.235.222.53 - - [13/Apr/2020:09:46:17 +0800] "POST /xingrg/kc/buy/cgsh_order_operate.html HTTP/1.1" 200 3259
114.88.159.93 - - [13/Apr/2020:09:46:18 +0800] "GET /xingrg/kc/buy/cgsh_order_operate.html?command=get_materiel&rest_code=00141&code=00101001115&supplier_code=00100089&order_time=2020-04-12 HTTP/1.1" 200 413
116.235.222.53 - - [13/Apr/2020:09:46:21 +0800] "GET /xingrg/javascript/auto/indicator.gif HTTP/1.1" 404 1066
180.162.232.172 - - [13/Apr/2020:09:46:23 +0800] "GET /xingrg/kc/buy/cgsh_order_operate.html?command=get_materiel&rest_code=00150&code=00101008355&supplier_code=00100007&order_time=2020-04-13 HTTP/1.1" 200 408
114.88.159.93 - - [13/Apr/2020:09:46:24 +0800] "GET /xingrg/all/function/internal_message.html?_=1586742383872&CODE_STATE=getMsg HTTP/1.1" 200 27
116.235.222.53 - - [13/Apr/2020:09:46:26 +0800] "GET /xingrg/javascript/jquery_tools/images/prev.gif HTTP/1.1" 404 1086
116.235.222.53 - - [13/Apr/2020:09:46:26 +0800] "GET /xingrg/javascript/jquery_tools/images/next.gif HTTP/1.1" 404 1086
116.232.51.174 - - [13/Apr/2020:09:46:27 +0800] "GET /xingrg/all/function/internal_message.html?_=1586742421968&CODE_STATE=getMsg HTTP/1.1" 200 27
116.235.222.53 - - [13/Apr/2020:09:46:27 +0800] "GET /xingrg/kc/buy/cgsh_order_operate.html?command=get_materiel&rest_code=00107&code=00101004049&supplier_code=00100312&order_time=2020-04-12 HTTP/1.1" 200 415
116.238.92.147 - - [13/Apr/2020:09:46:27 +0800] "GET /xingrg/kc/buy/cgsh_order_operate.html?command=get_materiel&rest_code=00102&code=00101020152&supplier_code=00100007&order_time=2020-04-11 HTTP/1.1" 200 416
114.88.159.93 - - [13/Apr/2020:09:46:29 +0800] "POST /xingrg/kc/buy/cgsh_order_operate.html HTTP/1.1" 200 37
180.162.232.172 - - [13/Apr/2020:09:46:30 +0800] "GET /xingrg/kc/buy/cgsh_order_operate.html?command=get_materiel&rest_code=00150&code=00101008144&supplier_code=00100007&order_time=2020-04-13 HTTP/1.1" 200 412
116.232.51.174 - - [13/Apr/2020:09:46:32 +0800] "GET /xingrg/kc/buy/cgsh_order_operate.html?command=get_materiel&rest_code=00109&code=00101008126&supplier_code=00100005&order_time=2020-04-13 HTTP/1.1" 200 412
180.156.150.85 - - [13/Apr/2020:09:46:32 +0800] "GET /xingrg/all/function/internal_message.html?_=1586742398934&CODE_STATE=getMsg HTTP/1.1" 200 27
114.88.159.93 - - [13/Apr/2020:09:46:34 +0800] "POST /xingrg/kc/buy/cgsh_order_operate.html HTTP/1.1" 200 12
222.70.183.62 - - [13/Apr/2020:09:46:34 +0800] "GET /xingrg/all/function/internal_message.html?_=1586742395668&CODE_STATE=getMsg HTTP/1.1" 200 27
222.69.139.7 - - [13/Apr/2020:09:46:35 +0800] "GET /xingrg/all/function/internal_message.html?_=1586742395760&CODE_STATE=getMsg HTTP/1.1" 200 27
114.88.159.93 - - [13/Apr/2020:09:46:35 +0800] "GET /xingrg/kc/buy/cgsh_order_info.html?code=212020041302409 HTTP/1.1" 200 52879
114.84.32.201 - - [13/Apr/2020:09:46:35 +0800] "GET /xingrg/all/function/internal_message.html?_=1586742391753&CODE_STATE=getMsg HTTP/1.1" 200 27
114.88.159.93 - - [13/Apr/2020:09:46:36 +0800] "GET /xingrg/javascript/easyui/themes/default/validatebox.css HTTP/1.1" 404 1104
180.162.232.172 - - [13/Apr/2020:09:46:36 +0800] "GET /xingrg/kc/buy/cgsh_order_operate.html?command=get_materiel&rest_code=00150&code=00101008264&supplier_code=00100007&order_time=2020-04-13 HTTP/1.1" 200 412
114.88.159.93 - - [13/Apr/2020:09:46:36 +0800] "POST /xingrg/kc/buy/cgsh_order_operate.html HTTP/1.1" 200 608
114.88.159.93 - - [13/Apr/2020:09:46:38 +0800] "GET /xingrg/kc/print/load_data.html?order_code=212020041302409&kc_code=cgsh&condition= HTTP/1.1" 200 781
116.232.51.174 - - [13/Apr/2020:09:46:38 +0800] "GET /xingrg/kc/buy/cgsh_order_operate.html?command=get_materiel&rest_code=00109&code=00101008087&supplier_code=00100005&order_time=2020-04-13 HTTP/1.1" 200 412
114.84.33.255 - - [13/Apr/2020:09:46:38 +0800] "GET /xingrg/check_reg.html?_=1586742400487 HTTP/1.1" 200 22
114.84.33.255 - - [13/Apr/2020:09:46:38 +0800] "GET /xingrg/all/function/internal_message.html?_=1586742400604&CODE_STATE=getMsg HTTP/1.1" 200 27
180.162.232.172 - - [13/Apr/2020:09:46:43 +0800] "POST /xingrg/kc/buy/cgsh_order_operate.html HTTP/1.1" 200 37
180.162.232.172 - - [13/Apr/2020:09:46:44 +0800] "POST /xingrg/kc/buy/cgsh_order_operate.html HTTP/1.1" 200 11532
114.88.159.93 - - [13/Apr/2020:09:46:47 +0800] "GET /xingrg/kc/buy/cgsh_order_add.html HTTP/1.1" 200 57975
116.238.92.147 - - [13/Apr/2020:09:46:48 +0800] "GET /xingrg/kc/buy/cgsh_order_operate.html?command=get_materiel&rest_code=00102&code=00101008072&supplier_code=00100007&order_time=2020-04-11 HTTP/1.1" 200 408
114.88.159.93 - - [13/Apr/2020:09:46:48 +0800] "POST /xingrg/kc/buy/cgsh_order_operate.html HTTP/1.1" 200 8245
114.88.159.93 - - [13/Apr/2020:09:46:48 +0800] "GET /xingrg/javascript/easyui/themes/default/validatebox.css HTTP/1.1" 404 1104
180.162.232.172 - - [13/Apr/2020:09:46:49 +0800] "GET /xingrg/kc/buy/cgsh_order_operate.html?command=get_materiel&rest_code=00150&code=00101008211&supplier_code=00100007&order_time=2020-04-13 HTTP/1.1" 200 412
116.235.222.53 - - [13/Apr/2020:09:46:51 +0800] "GET /xingrg/kc/buy/cgsh_order_operate.html?command=get_materiel&rest_code=00107&code=00101004030&supplier_code=00100312&order_time=2020-04-12 HTTP/1.1" 200 410
116.232.51.174 - - [13/Apr/2020:09:46:52 +0800] "GET /xingrg/kc/buy/cgsh_order_operate.html?command=get_materiel&rest_code=00109&code=00101008355&supplier_code=00100005&order_time=2020-04-13 HTTP/1.1" 200 408
116.235.222.53 - - [13/Apr/2020:09:46:55 +0800] "GET /xingrg/all/function/internal_message.html?_=1586742415412&CODE_STATE=getMsg HTTP/1.1" 200 27
116.238.92.147 - - [13/Apr/2020:09:46:56 +0800] "GET /xingrg/kc/buy/cgsh_order_operate.html?command=get_materiel&rest_code=00102&code=00101008144&supplier_code=00100007&order_time=2020-04-11 HTTP/1.1" 200 412
180.162.232.172 - - [13/Apr/2020:09:46:57 +0800] "GET /xingrg/all/function/internal_message.html?_=1586742548708&CODE_STATE=getMsg HTTP/1.1" 200 27
172.16.0.193 - - [13/Apr/2020:09:47:02 +0800] "GET /xingrg/all/function/internal_message.html?_=1586742424827&CODE_STATE=getMsg HTTP/1.1" 302 -
172.16.0.193 - - [13/Apr/2020:09:47:02 +0800] "GET /xingrg/check_reg.html?_=1586742424905 HTTP/1.1" 302 -
114.88.159.93 - - [13/Apr/2020:09:47:03 +0800] "GET /xingrg/kc/buy/cgsh_order_operate.html?command=get_materiel&rest_code=00141&code=00101002018&supplier_code=00100094&order_time=2020-04-12 HTTP/1.1" 200 414
116.235.222.53 - - [13/Apr/2020:09:47:06 +0800] "POST /xingrg/kc/buy/cgsh_order_operate.html HTTP/1.1" 200 37
116.232.51.174 - - [13/Apr/2020:09:47:07 +0800] "GET /xingrg/kc/buy/cgsh_order_operate.html?command=get_materiel&rest_code=00109&code=00101008067&supplier_code=00100005&order_time=2020-04-13 HTTP/1.1" 200 416
116.235.222.53 - - [13/Apr/2020:09:47:07 +0800] "POST /xingrg/kc/buy/cgsh_order_operate.html HTTP/1.1" 200 4444
116.238.92.147 - - [13/Apr/2020:09:47:08 +0800] "GET /xingrg/kc/buy/cgsh_order_operate.html?command=get_materiel&rest_code=00102&code=00101008209&supplier_code=00100007&order_time=2020-04-11 HTTP/1.1" 200 408
116.238.92.147 - - [13/Apr/2020:09:47:08 +0800] "GET /xingrg/check_reg.html?_=1586742614791 HTTP/1.1" 200 22
116.238.92.147 - - [13/Apr/2020:09:47:08 +0800] "GET /xingrg/all/function/internal_message.html?_=1586742614953&CODE_STATE=getMsg HTTP/1.1" 200 27
116.235.222.53 - - [13/Apr/2020:09:47:09 +0800] "GET /xingrg/kc/print/load_config.html?kc_code=cgsh HTTP/1.1" 200 1841
116.235.222.53 - - [13/Apr/2020:09:47:10 +0800] "GET /xingrg/kc/print/load_data.html?order_code=212020041302408&kc_code=cgsh&condition= HTTP/1.1" 200 1360
116.232.51.174 - - [13/Apr/2020:09:47:13 +0800] "GET /xingrg/kc/buy/cgsh_order_operate.html?command=get_materiel&rest_code=00109&code=00101008300&supplier_code=00100005&order_time=2020-04-13 HTTP/1.1" 200 412
120.253.135.82 - - [13/Apr/2020:09:47:14 +0800] "GET /xingrg/all/function/internal_message.html?_=1586742184138&CODE_STATE=getMsg HTTP/1.1" 200 27
114.88.159.93 - - [13/Apr/2020:09:47:15 +0800] "POST /xingrg/kc/buy/cgsh_order_operate.html HTTP/1.1" 200 37
116.235.222.53 - - [13/Apr/2020:09:47:16 +0800] "GET /xingrg/kc/buy/cgsh_order_add.html HTTP/1.1" 200 58426
116.235.222.53 - - [13/Apr/2020:09:47:16 +0800] "POST /xingrg/kc/buy/cgsh_order_operate.html HTTP/1.1" 200 8245
116.235.222.53 - - [13/Apr/2020:09:47:17 +0800] "GET /xingrg/javascript/easyui/themes/default/validatebox.css HTTP/1.1" 404 1104
116.235.222.53 - - [13/Apr/2020:09:47:18 +0800] "GET /xingrg/javascript/easyui/themes/default/tree.css HTTP/1.1" 404 1090
116.235.222.53 - - [13/Apr/2020:09:47:19 +0800] "POST /xingrg/all/common/load_tree.html?tree=supplier_tree_json&isDelete=1 HTTP/1.1" 200 47144
116.232.51.174 - - [13/Apr/2020:09:47:20 +0800] "GET /xingrg/kc/buy/cgsh_order_operate.html?command=get_materiel&rest_code=00109&code=00101008270&supplier_code=00100005&order_time=2020-04-13 HTTP/1.1" 200 412
114.88.159.93 - - [13/Apr/2020:09:47:21 +0800] "POST /xingrg/kc/buy/cgsh_order_operate.html HTTP/1.1" 200 12
114.88.159.93 - - [13/Apr/2020:09:47:23 +0800] "GET /xingrg/kc/buy/cgsh_order_info.html?code=212020041302410 HTTP/1.1" 200 52877
114.88.159.93 - - [13/Apr/2020:09:47:23 +0800] "GET /xingrg/javascript/easyui/themes/default/validatebox.css HTTP/1.1" 404 1104
114.88.159.93 - - [13/Apr/2020:09:47:23 +0800] "POST /xingrg/kc/buy/cgsh_order_operate.html HTTP/1.1" 200 611
114.88.159.93 - - [13/Apr/2020:09:47:24 +0800] "GET /xingrg/all/function/internal_message.html?_=1586742443863&CODE_STATE=getMsg HTTP/1.1" 200 27
116.232.51.174 - - [13/Apr/2020:09:47:25 +0800] "GET /xingrg/kc/buy/cgsh_order_operate.html?command=get_materiel&rest_code=00109&code=00101008169&supplier_code=00100005&order_time=2020-04-13 HTTP/1.1" 200 412
114.88.159.93 - - [13/Apr/2020:09:47:25 +0800] "GET /xingrg/kc/print/load_data.html?order_code=212020041302410&kc_code=cgsh&condition= HTTP/1.1" 200 783
116.232.51.174 - - [13/Apr/2020:09:47:27 +0800] "GET /xingrg/all/function/internal_message.html?_=1586742481968&CODE_STATE=getMsg HTTP/1.1" 200 27
180.162.232.172 - - [13/Apr/2020:09:47:30 +0800] "GET /xingrg/kc/buy/cgsh_order_operate.html?command=get_materiel&rest_code=00150&code=00101008270&supplier_code=00100007&order_time=2020-04-13 HTTP/1.1" 200 412
180.156.150.85 - - [13/Apr/2020:09:47:32 +0800] "GET /xingrg/all/function/internal_message.html?_=1586742458933&CODE_STATE=getMsg HTTP/1.1" 200 27
114.88.159.93 - - [13/Apr/2020:09:47:34 +0800] "GET /xingrg/kc/buy/cgsh_order_add.html HTTP/1.1" 200 57975
222.70.183.62 - - [13/Apr/2020:09:47:34 +0800] "GET /xingrg/all/function/internal_message.html?_=1586742455679&CODE_STATE=getMsg HTTP/1.1" 200 27
114.88.159.93 - - [13/Apr/2020:09:47:34 +0800] "GET /xingrg/javascript/easyui/themes/default/validatebox.css HTTP/1.1" 404 1104
114.88.159.93 - - [13/Apr/2020:09:47:34 +0800] "POST /xingrg/kc/buy/cgsh_order_operate.html HTTP/1.1" 200 8245
222.69.139.7 - - [13/Apr/2020:09:47:35 +0800] "GET /xingrg/all/function/internal_message.html?_=1586742455758&CODE_STATE=getMsg HTTP/1.1" 200 27
222.69.139.7 - - [13/Apr/2020:09:47:35 +0800] "GET /xingrg/check_reg.html?_=1586742455760 HTTP/1.1" 200 22
116.238.92.147 - - [13/Apr/2020:09:47:35 +0800] "GET /xingrg/kc/buy/cgsh_order_operate.html?command=get_materiel&rest_code=00102&code=00101008036&supplier_code=00100007&order_time=2020-04-11 HTTP/1.1" 200 408
114.84.32.201 - - [13/Apr/2020:09:47:35 +0800] "GET /xingrg/all/function/internal_message.html?_=1586742451756&CODE_STATE=getMsg HTTP/1.1" 200 27
114.84.32.201 - - [13/Apr/2020:09:47:35 +0800] "GET /xingrg/check_reg.html?_=1586742451753 HTTP/1.1" 200 22
101.89.239.120 - - [13/Apr/2020:09:47:37 +0800] "GET /xingrg/kc/buy/cgsh_order_info.html?code=212020041302409 HTTP/1.1" 302 -
114.84.33.255 - - [13/Apr/2020:09:47:38 +0800] "GET /xingrg/all/function/internal_message.html?_=1586742460617&CODE_STATE=getMsg HTTP/1.1" 200 27
116.232.51.174 - - [13/Apr/2020:09:47:39 +0800] "POST /xingrg/kc/buy/cgsh_order_operate.html HTTP/1.1" 200 37
116.235.222.53 - - [13/Apr/2020:09:47:39 +0800] "GET /xingrg/kc/buy/cgsh_order_operate.html?command=get_materiel&rest_code=00107&code=00101005022&supplier_code=00100347&order_time=2020-04-13 HTTP/1.1" 200 417
116.232.51.174 - - [13/Apr/2020:09:47:40 +0800] "POST /xingrg/kc/buy/cgsh_order_operate.html HTTP/1.1" 200 8001
101.89.239.120 - - [13/Apr/2020:09:47:40 +0800] "GET /xingrg/login.html HTTP/1.1" 200 7641
114.88.159.93 - - [13/Apr/2020:09:47:46 +0800] "GET /xingrg/kc/buy/cgsh_order_operate.html?command=get_materiel&rest_code=00141&code=00101007046&supplier_code=00100323&order_time=2020-04-13 HTTP/1.1" 200 413
180.162.232.172 - - [13/Apr/2020:09:47:48 +0800] "GET /xingrg/kc/buy/cgsh_order_operate.html?command=get_materiel&rest_code=00150&code=00101008137&supplier_code=00100007&order_time=2020-04-13 HTTP/1.1" 200 408
116.235.222.53 - - [13/Apr/2020:09:47:55 +0800] "GET /xingrg/all/function/internal_message.html?_=1586742475411&CODE_STATE=getMsg HTTP/1.1" 200 27
180.162.232.172 - - [13/Apr/2020:09:47:57 +0800] "GET /xingrg/all/function/internal_message.html?_=1586742608722&CODE_STATE=getMsg HTTP/1.1" 200 27
180.162.232.172 - - [13/Apr/2020:09:47:59 +0800] "GET /xingrg/kc/buy/cgsh_order_operate.html?command=get_materiel&rest_code=00150&code=00101008075&supplier_code=00100007&order_time=2020-04-13 HTTP/1.1" 200 412
172.16.0.193 - - [13/Apr/2020:09:48:02 +0800] "GET /xingrg/all/function/internal_message.html?_=1586742484813&CODE_STATE=getMsg HTTP/1.1" 302 -
116.238.92.147 - - [13/Apr/2020:09:48:03 +0800] "POST /xingrg/kc/buy/cgsh_order_operate.html HTTP/1.1" 200 37
114.88.159.93 - - [13/Apr/2020:09:48:03 +0800] "GET /xingrg/kc/buy/cgsh_order_operate.html?command=get_materiel&rest_code=00141&code=00101006114&supplier_code=00100323&order_time=2020-04-13 HTTP/1.1" 200 422
116.238.92.147 - - [13/Apr/2020:09:48:05 +0800] "POST /xingrg/kc/buy/cgsh_order_operate.html HTTP/1.1" 200 9774
180.162.232.172 - - [13/Apr/2020:09:48:07 +0800] "POST /xingrg/kc/buy/cgsh_order_operate.html HTTP/1.1" 200 37
116.238.92.147 - - [13/Apr/2020:09:48:08 +0800] "GET /xingrg/all/function/internal_message.html?_=1586742675165&CODE_STATE=getMsg HTTP/1.1" 200 27
180.162.232.172 - - [13/Apr/2020:09:48:08 +0800] "POST /xingrg/kc/buy/cgsh_order_operate.html HTTP/1.1" 200 13895
116.238.92.147 - - [13/Apr/2020:09:48:11 +0800] "POST /xingrg/kc/buy/cgsh_order_operate.html HTTP/1.1" 200 37
116.238.92.147 - - [13/Apr/2020:09:48:13 +0800] "POST /xingrg/kc/buy/cgsh_order_operate.html HTTP/1.1" 200 9774
114.88.159.93 - - [13/Apr/2020:09:48:13 +0800] "GET /xingrg/kc/buy/cgsh_order_operate.html?command=get_materiel&rest_code=00141&code=00101006113&supplier_code=00100323&order_time=2020-04-13 HTTP/1.1" 200 413
120.253.135.82 - - [13/Apr/2020:09:48:14 +0800] "GET /xingrg/all/function/internal_message.html?_=1586742244202&CODE_STATE=getMsg HTTP/1.1" 200 27
116.238.92.147 - - [13/Apr/2020:09:48:14 +0800] "GET /xingrg/kc/buy/cgsh_order_add.html HTTP/1.1" 200 57881
116.238.92.147 - - [13/Apr/2020:09:48:15 +0800] "POST /xingrg/kc/buy/cgsh_order_operate.html HTTP/1.1" 200 8245
116.238.92.147 - - [13/Apr/2020:09:48:15 +0800] "GET /xingrg/javascript/easyui/themes/default/validatebox.css HTTP/1.1" 404 1104
116.235.222.53 - - [13/Apr/2020:09:48:16 +0800] "GET /xingrg/kc/buy/cgsh_order_operate.html?command=get_materiel&rest_code=00107&code=00101001128&supplier_code=00100347&order_time=2020-04-13 HTTP/1.1" 200 421
116.238.92.147 - - [13/Apr/2020:09:48:17 +0800] "GET /xingrg/css/images/panel_loading.gif HTTP/1.1" 304 -
116.238.92.147 - - [13/Apr/2020:09:48:17 +0800] "GET /xingrg/javascript/easyui/themes/default/tree.css HTTP/1.1" 404 1090
116.238.92.147 - - [13/Apr/2020:09:48:17 +0800] "POST /xingrg/all/common/load_tree.html?tree=supplier_tree_json&isDelete=1 HTTP/1.1" 200 47144
116.238.92.147 - - [13/Apr/2020:09:48:19 +0800] "GET /xingrg/javascript/easyui/themes/default/images/tree_folder_open.gif HTTP/1.1" 304 -
116.238.92.147 - - [13/Apr/2020:09:48:19 +0800] "GET /xingrg/javascript/easyui/themes/default/images/tree_folder.gif HTTP/1.1" 304 -
116.238.92.147 - - [13/Apr/2020:09:48:19 +0800] "GET /xingrg/javascript/easyui/themes/default/images/tree_file.gif HTTP/1.1" 304 -
180.162.232.172 - - [13/Apr/2020:09:48:19 +0800] "GET /xingrg/kc/buy/cgsh_order_operate.html?command=get_materiel&rest_code=00150&code=00101008044&supplier_code=00100007&order_time=2020-04-13 HTTP/1.1" 200 408
114.88.159.93 - - [13/Apr/2020:09:48:24 +0800] "GET /xingrg/all/function/internal_message.html?_=1586742503863&CODE_STATE=getMsg HTTP/1.1" 200 27
180.162.232.172 - - [13/Apr/2020:09:48:28 +0800] "GET /xingrg/kc/buy/cgsh_order_operate.html?command=get_materiel&rest_code=00150&code=00101008032&supplier_code=00100007&order_time=2020-04-13 HTTP/1.1" 200 408
116.232.51.174 - - [13/Apr/2020:09:48:29 +0800] "GET /xingrg/all/function/internal_message.html?_=1586742543765&CODE_STATE=getMsg HTTP/1.1" 200 27
116.232.51.174 - - [13/Apr/2020:09:48:29 +0800] "GET /xingrg/check_reg.html?_=1586742543766 HTTP/1.1" 200 22
180.97.118.223 - - [13/Apr/2020:09:48:29 +0800] "GET /xingrg/kc/buy/cgsh_order_info.html?code=212020041302410 HTTP/1.1" 302 -
120.253.135.82 - - [13/Apr/2020:09:48:30 +0800] "POST /xingrg/kc/pszx/mdps_list_operate.html HTTP/1.1" 200 5208
116.238.92.147 - - [13/Apr/2020:09:48:30 +0800] "GET /xingrg/kc/buy/cgsh_order_operate.html?command=get_materiel&rest_code=00102&code=00101008185&supplier_code=00100007&order_time=2020-04-11 HTTP/1.1" 200 408
180.156.150.85 - - [13/Apr/2020:09:48:32 +0800] "GET /xingrg/all/function/internal_message.html?_=1586742518931&CODE_STATE=getMsg HTTP/1.1" 200 27
180.156.150.85 - - [13/Apr/2020:09:48:32 +0800] "GET /xingrg/check_reg.html?_=1586742518932 HTTP/1.1" 200 22
120.253.135.82 - - [13/Apr/2020:09:48:33 +0800] "POST /xingrg/kc/pszx/mdps_list_operate.html HTTP/1.1" 200 625
120.253.135.82 - - [13/Apr/2020:09:48:33 +0800] "GET /xingrg/kc/pszx/mdps_order_info.html?code=312020041300096 HTTP/1.1" 200 23849
120.253.135.82 - - [13/Apr/2020:09:48:34 +0800] "GET /xingrg/javascript/easyui/themes/default/validatebox.css HTTP/1.1" 404 1104
180.97.118.223 - - [13/Apr/2020:09:48:34 +0800] "GET /xingrg/login.html HTTP/1.1" 200 7641
222.70.183.62 - - [13/Apr/2020:09:48:34 +0800] "GET /xingrg/all/function/internal_message.html?_=1586742515697&CODE_STATE=getMsg HTTP/1.1" 200 27
120.253.135.82 - - [13/Apr/2020:09:48:34 +0800] "POST /xingrg/kc/pszx/mdps_order_operate.html HTTP/1.1" 200 4816
61.129.7.235 - - [13/Apr/2020:09:48:35 +0800] "GET /xingrg/all/function/internal_message.html?_=1586742443863&CODE_STATE=getMsg HTTP/1.1" 302 -
222.69.139.7 - - [13/Apr/2020:09:48:35 +0800] "GET /xingrg/all/function/internal_message.html?_=1586742515758&CODE_STATE=getMsg HTTP/1.1" 200 27
180.162.232.172 - - [13/Apr/2020:09:48:35 +0800] "GET /xingrg/kc/buy/cgsh_order_operate.html?command=get_materiel&rest_code=00150&code=00101008010&supplier_code=00100007&order_time=2020-04-13 HTTP/1.1" 200 412
114.84.32.201 - - [13/Apr/2020:09:48:35 +0800] "GET /xingrg/all/function/internal_message.html?_=1586742511755&CODE_STATE=getMsg HTTP/1.1" 200 27
114.84.33.255 - - [13/Apr/2020:09:48:38 +0800] "GET /xingrg/all/function/internal_message.html?_=1586742520631&CODE_STATE=getMsg HTTP/1.1" 200 27
120.253.135.82 - - [13/Apr/2020:09:48:38 +0800] "POST /xingrg/kc/pszx/mdps_list_operate.html HTTP/1.1" 200 5208
116.238.92.147 - - [13/Apr/2020:09:48:41 +0800] "GET /xingrg/kc/buy/cgsh_order_operate.html?command=get_materiel&rest_code=00102&code=00101008264&supplier_code=00100007&order_time=2020-04-11 HTTP/1.1" 200 412
180.162.232.172 - - [13/Apr/2020:09:48:43 +0800] "GET /xingrg/kc/buy/cgsh_order_operate.html?command=get_materiel&rest_code=00150&code=00101008447&supplier_code=00100007&order_time=2020-04-13 HTTP/1.1" 200 399
61.129.7.235 - - [13/Apr/2020:09:48:44 +0800] "GET /xingrg/login.html HTTP/1.1" 200 7641
120.253.135.82 - - [13/Apr/2020:09:48:44 +0800] "POST /xingrg/kc/pszx/mdps_list_operate.html HTTP/1.1" 200 5208
120.253.135.82 - - [13/Apr/2020:09:48:44 +0800] "POST /xingrg/kc/pszx/mdps_list_operate.html HTTP/1.1" 200 5208
120.253.135.82 - - [13/Apr/2020:09:48:46 +0800] "GET /xingrg/kc/pszx/jzcl_ps.html HTTP/1.1" 200 7683
120.253.135.82 - - [13/Apr/2020:09:48:46 +0800] "POST /xingrg/all/common/load_tree.html?tree=area_rest_tree_json HTTP/1.1" 200 3088
116.235.222.53 - - [13/Apr/2020:09:48:46 +0800] "GET /xingrg/kc/buy/cgsh_order_operate.html?command=get_materiel&rest_code=00107&code=00101002035&supplier_code=00100347&order_time=2020-04-12 HTTP/1.1" 200 413
120.253.135.82 - - [13/Apr/2020:09:48:47 +0800] "POST /xingrg/kc/pszx/jzcl_ps_operate.html HTTP/1.1" 200 2634
120.253.135.82 - - [13/Apr/2020:09:48:47 +0800] "POST /xingrg/kc/pszx/jzcl_ps_operate.html HTTP/1.1" 200 2634
116.238.92.147 - - [13/Apr/2020:09:48:49 +0800] "GET /xingrg/kc/buy/cgsh_order_operate.html?command=get_materiel&rest_code=00102&code=00101008356&supplier_code=00100007&order_time=2020-04-11 HTTP/1.1" 200 408
180.162.232.172 - - [13/Apr/2020:09:48:51 +0800] "GET /xingrg/kc/buy/cgsh_order_operate.html?command=get_materiel&rest_code=00150&code=00101008101&supplier_code=00100007&order_time=2020-04-13 HTTP/1.1" 200 412
114.88.159.93 - - [13/Apr/2020:09:48:51 +0800] "GET /xingrg/kc/buy/cgsh_order_operate.html?command=get_materiel&rest_code=00141&code=00101006060&supplier_code=00100323&order_time=2020-04-13 HTTP/1.1" 200 409
116.235.222.53 - - [13/Apr/2020:09:48:55 +0800] "GET /xingrg/all/function/internal_message.html?_=1586742535404&CODE_STATE=getMsg HTTP/1.1" 200 27
180.162.232.172 - - [13/Apr/2020:09:48:57 +0800] "GET /xingrg/check_reg.html?_=1586742668677 HTTP/1.1" 200 22
180.162.232.172 - - [13/Apr/2020:09:48:57 +0800] "GET /xingrg/all/function/internal_message.html?_=1586742668735&CODE_STATE=getMsg HTTP/1.1" 200 27
180.162.232.172 - - [13/Apr/2020:09:48:57 +0800] "POST /xingrg/kc/buy/cgsh_order_operate.html HTTP/1.1" 200 37
180.162.232.172 - - [13/Apr/2020:09:48:58 +0800] "POST /xingrg/kc/buy/cgsh_order_operate.html HTTP/1.1" 200 16851
114.88.159.93 - - [13/Apr/2020:09:48:59 +0800] "GET /xingrg/kc/buy/cgsh_order_operate.html?command=get_materiel&rest_code=00141&code=00101008113&supplier_code=00100323&order_time=2020-04-13 HTTP/1.1" 200 413
116.238.92.147 - - [13/Apr/2020:09:48:59 +0800] "GET /xingrg/kc/buy/cgsh_order_operate.html?command=get_materiel&rest_code=00102&code=00101015060&supplier_code=00100007&order_time=2020-04-11 HTTP/1.1" 200 412
172.16.0.193 - - [13/Apr/2020:09:49:02 +0800] "GET /xingrg/all/function/internal_message.html?_=1586742544790&CODE_STATE=getMsg HTTP/1.1" 302 -
180.162.232.172 - - [13/Apr/2020:09:49:04 +0800] "GET /xingrg/kc/buy/cgsh_order_operate.html?command=get_materiel&rest_code=00150&code=00101008357&supplier_code=00100007&order_time=2020-04-13 HTTP/1.1" 200 408
116.238.92.147 - - [13/Apr/2020:09:49:08 +0800] "GET /xingrg/all/function/internal_message.html?_=1586742735168&CODE_STATE=getMsg HTTP/1.1" 200 27
116.235.222.53 - - [13/Apr/2020:09:49:09 +0800] "GET /xingrg/kc/buy/cgsh_order_operate.html?command=get_materiel&rest_code=00107&code=00101002009&supplier_code=00100347&order_time=2020-04-12 HTTP/1.1" 200 415
114.88.159.93 - - [13/Apr/2020:09:49:10 +0800] "GET /xingrg/kc/buy/cgsh_order_operate.html?command=get_materiel&rest_code=00141&code=00101001100&supplier_code=00100323&order_time=2020-04-13 HTTP/1.1" 200 419
180.162.232.172 - - [13/Apr/2020:09:49:10 +0800] "GET /xingrg/kc/buy/cgsh_order_operate.html?command=get_materiel&rest_code=00150&code=00101008286&supplier_code=00100007&order_time=2020-04-13 HTTP/1.1" 200 408
101.227.139.171 - - [13/Apr/2020:09:49:12 +0800] "GET /xingrg/kc/buy/cgsh_order_operate.html?command=get_materiel&rest_code=00141&code=00101006114&supplier_code=00100323&order_time=2020-04-13 HTTP/1.1" 302 -
120.253.135.82 - - [13/Apr/2020:09:49:14 +0800] "GET /xingrg/all/function/internal_message.html?_=1586742304212&CODE_STATE=getMsg HTTP/1.1" 200 27
116.238.92.147 - - [13/Apr/2020:09:49:16 +0800] "GET /xingrg/kc/buy/cgsh_order_operate.html?command=get_materiel&rest_code=00102&code=00101008360&supplier_code=00100007&order_time=2020-04-11 HTTP/1.1" 200 413
101.227.139.171 - - [13/Apr/2020:09:49:16 +0800] "GET /xingrg/login.html HTTP/1.1" 200 7641
120.253.135.82 - - [13/Apr/2020:09:49:17 +0800] "POST /xingrg/kc/pszx/jzcl_ps_operate.html HTTP/1.1" 200 4
180.162.232.172 - - [13/Apr/2020:09:49:17 +0800] "GET /xingrg/kc/buy/cgsh_order_operate.html?command=get_materiel&rest_code=00150&code=00101008131&supplier_code=00100007&order_time=2020-04-13 HTTP/1.1" 200 408
172.17.0.108 - - [13/Apr/2020:09:49:17 +0800] "GET /favicon.ico HTTP/1.1" 404 -
120.253.135.82 - - [13/Apr/2020:09:49:19 +0800] "POST /xingrg/kc/pszx/jzcl_ps_operate.html HTTP/1.1" 200 1739
120.253.135.82 - - [13/Apr/2020:09:49:19 +0800] "GET /xingrg/kc/pszx/mdps_order_list.html HTTP/1.1" 200 20964
120.253.135.82 - - [13/Apr/2020:09:49:20 +0800] "POST /xingrg/kc/pszx/mdps_list_operate.html HTTP/1.1" 200 5212
120.253.135.82 - - [13/Apr/2020:09:49:22 +0800] "POST /xingrg/kc/pszx/mdps_list_operate.html HTTP/1.1" 200 617
120.253.135.82 - - [13/Apr/2020:09:49:23 +0800] "GET /xingrg/kc/pszx/mdps_order_info.html?code=312020041300097 HTTP/1.1" 200 23849
120.253.135.82 - - [13/Apr/2020:09:49:24 +0800] "GET /xingrg/javascript/easyui/themes/default/validatebox.css HTTP/1.1" 404 1104
114.88.159.93 - - [13/Apr/2020:09:49:24 +0800] "GET /xingrg/all/function/internal_message.html?_=1586742563844&CODE_STATE=getMsg HTTP/1.1" 200 27
114.88.159.93 - - [13/Apr/2020:09:49:24 +0800] "GET /xingrg/check_reg.html?_=1586742564083 HTTP/1.1" 200 22
120.253.135.82 - - [13/Apr/2020:09:49:24 +0800] "POST /xingrg/kc/pszx/mdps_order_operate.html HTTP/1.1" 200 8174
116.235.222.53 - - [13/Apr/2020:09:49:27 +0800] "POST /xingrg/kc/buy/cgsh_order_operate.html HTTP/1.1" 200 37
180.162.232.172 - - [13/Apr/2020:09:49:27 +0800] "GET /xingrg/kc/buy/cgsh_order_operate.html?command=get_materiel&rest_code=00150&code=00101008352&supplier_code=00100007&order_time=2020-04-13 HTTP/1.1" 200 412
116.232.51.174 - - [13/Apr/2020:09:49:29 +0800] "GET /xingrg/all/function/internal_message.html?_=1586742603765&CODE_STATE=getMsg HTTP/1.1" 200 27
116.235.222.53 - - [13/Apr/2020:09:49:29 +0800] "POST /xingrg/kc/buy/cgsh_order_operate.html HTTP/1.1" 200 4458
101.89.239.232 - - [13/Apr/2020:09:49:31 +0800] "GET /xingrg/kc/buy/cgsh_order_operate.html?command=get_materiel&rest_code=00141&code=00101006113&supplier_code=00100323&order_time=2020-04-13 HTTP/1.1" 302 -
180.156.150.85 - - [13/Apr/2020:09:49:32 +0800] "GET /xingrg/all/function/internal_message.html?_=1586742578930&CODE_STATE=getMsg HTTP/1.1" 200 27
101.89.239.232 - - [13/Apr/2020:09:49:33 +0800] "GET /xingrg/login.html HTTP/1.1" 200 7641
116.235.222.53 - - [13/Apr/2020:09:49:34 +0800] "GET /xingrg/kc/print/load_data.html?order_code=212020041302413&kc_code=cgsh&condition= HTTP/1.1" 200 1363
222.70.183.62 - - [13/Apr/2020:09:49:34 +0800] "GET /xingrg/all/function/internal_message.html?_=1586742575707&CODE_STATE=getMsg HTTP/1.1" 200 27
222.69.139.7 - - [13/Apr/2020:09:49:35 +0800] "GET /xingrg/all/function/internal_message.html?_=1586742575760&CODE_STATE=getMsg HTTP/1.1" 200 27
114.84.32.201 - - [13/Apr/2020:09:49:35 +0800] "GET /xingrg/all/function/internal_message.html?_=1586742571757&CODE_STATE=getMsg HTTP/1.1" 200 27
61.129.6.159 - - [13/Apr/2020:09:49:35 +0800] "GET /xingrg/all/function/internal_message.html?_=1586742503863&CODE_STATE=getMsg HTTP/1.1" 302 -
116.235.222.53 - - [13/Apr/2020:09:49:38 +0800] "GET /xingrg/kc/base/base_main.html HTTP/1.1" 200 12142
114.84.33.255 - - [13/Apr/2020:09:49:38 +0800] "GET /xingrg/all/function/internal_message.html?_=1586742580646&CODE_STATE=getMsg HTTP/1.1" 200 27
116.235.222.53 - - [13/Apr/2020:09:49:39 +0800] "GET /xingrg/kc/base/wldb_order_list.html HTTP/1.1" 200 19258
61.129.6.159 - - [13/Apr/2020:09:49:40 +0800] "GET /xingrg/login.html HTTP/1.1" 200 7641
116.235.222.53 - - [13/Apr/2020:09:49:40 +0800] "POST /xingrg/kc/base/wldb_list_operate.html HTTP/1.1" 200 928
116.238.92.147 - - [13/Apr/2020:09:49:41 +0800] "GET /xingrg/kc/buy/cgsh_order_operate.html?command=get_materiel&rest_code=00102&code=00101020138&supplier_code=00100007&order_time=2020-04-11 HTTP/1.1" 200 426
116.235.222.53 - - [13/Apr/2020:09:49:42 +0800] "GET /xingrg/kc/base/wldb_order_add.html HTTP/1.1" 200 30315
116.235.222.53 - - [13/Apr/2020:09:49:42 +0800] "GET /xingrg/all/common/auto_word.html?type=base&rest_code=00107 HTTP/1.1" 200 2181
116.235.222.53 - - [13/Apr/2020:09:49:42 +0800] "GET /xingrg/all/common/auto_word.html?type=base&rest_code=00107 HTTP/1.1" 200 2181
116.235.222.53 - - [13/Apr/2020:09:49:42 +0800] "POST /xingrg/kc/base/wldb_order_operate.html HTTP/1.1" 200 6806
116.235.222.53 - - [13/Apr/2020:09:49:43 +0800] "GET /xingrg/javascript/easyui/themes/default/validatebox.css HTTP/1.1" 404 1104
116.235.222.53 - - [13/Apr/2020:09:49:43 +0800] "POST /xingrg/all/common/load_combo.html?type=base HTTP/1.1" 200 3742
116.235.222.53 - - [13/Apr/2020:09:49:46 +0800] "POST /xingrg/all/common/load_combo.html?type=base HTTP/1.1" 200 3742
120.253.135.82 - - [13/Apr/2020:09:49:48 +0800] "POST /xingrg/all/common/load_combo.html?type=base HTTP/1.1" 200 899
116.235.222.53 - - [13/Apr/2020:09:49:53 +0800] "GET /xingrg/kc/base/wldb_order_operate.html?command=get_materiel&rest_code=00107&base_code=0010151&code=00101019359 HTTP/1.1" 200 447
120.253.135.82 - - [13/Apr/2020:09:49:54 +0800] "POST /xingrg/kc/pszx/mdps_order_operate.html HTTP/1.1" 200 37
116.235.222.53 - - [13/Apr/2020:09:49:55 +0800] "GET /xingrg/all/function/internal_message.html?_=1586742595411&CODE_STATE=getMsg HTTP/1.1" 200 27
120.253.135.82 - - [13/Apr/2020:09:49:55 +0800] "GET /xingrg/kc/pszx/mdps_order_info.html?code=312020041300097 HTTP/1.1" 200 23849
120.253.135.82 - - [13/Apr/2020:09:49:56 +0800] "GET /xingrg/javascript/easyui/themes/default/validatebox.css HTTP/1.1" 404 1104
120.253.135.82 - - [13/Apr/2020:09:49:56 +0800] "POST /xingrg/kc/pszx/mdps_order_operate.html HTTP/1.1" 200 8296
172.16.0.193 - - [13/Apr/2020:09:50:02 +0800] "GET /xingrg/all/function/internal_message.html?_=1586742604770&CODE_STATE=getMsg HTTP/1.1" 302 -
180.162.232.172 - - [13/Apr/2020:09:50:04 +0800] "POST /xingrg/kc/buy/cgsh_order_operate.html HTTP/1.1" 200 37
116.235.222.53 - - [13/Apr/2020:09:50:04 +0800] "GET /xingrg/kc/base/wldb_order_operate.html?command=get_materiel&rest_code=00107&base_code=0010151&code=00101019184 HTTP/1.1" 200 444
180.162.232.172 - - [13/Apr/2020:09:50:05 +0800] "POST /xingrg/kc/buy/cgsh_order_operate.html HTTP/1.1" 200 19203
180.156.150.85 - - [13/Apr/2020:09:50:06 +0800] "POST /xingrg/services/DataTransmitService HTTP/1.1" 401 565
180.156.150.85 - - [13/Apr/2020:09:50:06 +0800] "POST /xingrg/services/DataTransmitService HTTP/1.1" 200 478
180.156.150.85 - - [13/Apr/2020:09:50:06 +0800] "POST /xingrg/services/DataTransmitService HTTP/1.1" 200 1320
180.156.150.85 - - [13/Apr/2020:09:50:06 +0800] "POST /xingrg/services/DataTransmitService HTTP/1.1" 200 478
180.156.150.85 - - [13/Apr/2020:09:50:06 +0800] "POST /xingrg/services/DataTransmitService HTTP/1.1" 200 1320
180.156.150.85 - - [13/Apr/2020:09:50:06 +0800] "POST /xingrg/services/DataTransmitService HTTP/1.1" 200 524
180.156.150.85 - - [13/Apr/2020:09:50:06 +0800] "POST /xingrg/services/DataTransmitService HTTP/1.1" 200 2575
180.156.150.85 - - [13/Apr/2020:09:50:08 +0800] "POST /xingrg/services/DataTransmitService HTTP/1.1" 200 2299
116.238.92.147 - - [13/Apr/2020:09:50:08 +0800] "GET /xingrg/all/function/internal_message.html?_=1586742795181&CODE_STATE=getMsg HTTP/1.1" 200 27
120.253.135.82 - - [13/Apr/2020:09:50:08 +0800] "POST /xingrg/kc/pszx/mdps_list_operate.html HTTP/1.1" 200 614
180.162.232.172 - - [13/Apr/2020:09:50:10 +0800] "GET /xingrg/kc/buy/cgsh_order_operate.html?command=get_materiel&rest_code=00150&code=00101008271&supplier_code=00100007&order_time=2020-04-13 HTTP/1.1" 200 408
120.253.135.82 - - [13/Apr/2020:09:50:11 +0800] "GET /xingrg/kc/pszx/mdps_order_info.html?code=312020041300098 HTTP/1.1" 200 23849
120.253.135.82 - - [13/Apr/2020:09:50:11 +0800] "GET /xingrg/javascript/easyui/themes/default/validatebox.css HTTP/1.1" 404 1104
120.253.135.82 - - [13/Apr/2020:09:50:12 +0800] "POST /xingrg/kc/pszx/mdps_order_operate.html HTTP/1.1" 200 8285
180.156.150.85 - - [13/Apr/2020:09:50:13 +0800] "POST /xingrg/services/DataTransmitService HTTP/1.1" 200 1459
180.156.150.85 - - [13/Apr/2020:09:50:14 +0800] "POST /xingrg/services/DataTransmitService HTTP/1.1" 200 45454
180.156.150.85 - - [13/Apr/2020:09:50:14 +0800] "POST /xingrg/services/DataTransmitService HTTP/1.1" 200 19237
120.253.135.82 - - [13/Apr/2020:09:50:14 +0800] "GET /xingrg/all/function/internal_message.html?_=1586742364225&CODE_STATE=getMsg HTTP/1.1" 200 27
120.253.135.82 - - [13/Apr/2020:09:50:17 +0800] "POST /xingrg/kc/pszx/mdps_order_operate.html HTTP/1.1" 200 37
120.253.135.82 - - [13/Apr/2020:09:50:19 +0800] "GET /xingrg/kc/pszx/mdps_order_info.html?code=312020041300098 HTTP/1.1" 200 23849
120.253.135.82 - - [13/Apr/2020:09:50:19 +0800] "GET /xingrg/javascript/easyui/themes/default/validatebox.css HTTP/1.1" 404 1104
120.253.135.82 - - [13/Apr/2020:09:50:20 +0800] "POST /xingrg/kc/pszx/mdps_order_operate.html HTTP/1.1" 200 8382
116.235.222.53 - - [13/Apr/2020:09:50:23 +0800] "GET /xingrg/kc/base/wldb_order_operate.html?command=get_materiel&rest_code=00107&base_code=0010151&code=00101019204 HTTP/1.1" 200 438
114.88.159.93 - - [13/Apr/2020:09:50:24 +0800] "GET /xingrg/all/function/internal_message.html?_=1586742623816&CODE_STATE=getMsg HTTP/1.1" 200 27
180.162.232.172 - - [13/Apr/2020:09:50:26 +0800] "GET /xingrg/kc/buy/cgsh_order_operate.html?command=get_materiel&rest_code=00150&code=00101008353&supplier_code=00100007&order_time=2020-04-13 HTTP/1.1" 200 408
61.151.178.197 - - [13/Apr/2020:09:50:28 +0800] "GET /xingrg/check_reg.html?_=1586742564083 HTTP/1.1" 302 -
116.232.51.174 - - [13/Apr/2020:09:50:29 +0800] "GET /xingrg/all/function/internal_message.html?_=1586742663762&CODE_STATE=getMsg HTTP/1.1" 200 27
61.151.178.197 - - [13/Apr/2020:09:50:30 +0800] "GET /xingrg/login.html HTTP/1.1" 200 7641
101.89.29.97 - - [13/Apr/2020:09:50:31 +0800] "GET /xingrg/all/function/internal_message.html?_=1586742563844&CODE_STATE=getMsg HTTP/1.1" 302 -
180.162.232.172 - - [13/Apr/2020:09:50:32 +0800] "GET /xingrg/kc/buy/cgsh_order_operate.html?command=get_materiel&rest_code=00150&code=00101008110&supplier_code=00100007&order_time=2020-04-13 HTTP/1.1" 200 408
180.156.150.85 - - [13/Apr/2020:09:50:32 +0800] "GET /xingrg/all/function/internal_message.html?_=1586742638928&CODE_STATE=getMsg HTTP/1.1" 200 27
101.89.29.97 - - [13/Apr/2020:09:50:34 +0800] "GET /xingrg/login.html HTTP/1.1" 200 7641
222.70.183.62 - - [13/Apr/2020:09:50:34 +0800] "GET /xingrg/check_reg.html?_=1586742635600 HTTP/1.1" 200 22
116.235.222.53 - - [13/Apr/2020:09:50:34 +0800] "GET /xingrg/kc/base/wldb_order_operate.html?command=get_materiel&rest_code=00107&base_code=0010151&code=00101019071 HTTP/1.1" 200 455
222.70.183.62 - - [13/Apr/2020:09:50:34 +0800] "GET /xingrg/all/function/internal_message.html?_=1586742635719&CODE_STATE=getMsg HTTP/1.1" 200 27
222.69.139.7 - - [13/Apr/2020:09:50:35 +0800] "GET /xingrg/all/function/internal_message.html?_=1586742635759&CODE_STATE=getMsg HTTP/1.1" 200 27
114.84.32.201 - - [13/Apr/2020:09:50:35 +0800] "GET /xingrg/all/function/internal_message.html?_=1586742631757&CODE_STATE=getMsg HTTP/1.1" 200 27
114.84.33.255 - - [13/Apr/2020:09:50:38 +0800] "GET /xingrg/all/function/internal_message.html?_=1586742640658&CODE_STATE=getMsg HTTP/1.1" 200 27
180.162.232.172 - - [13/Apr/2020:09:50:39 +0800] "GET /xingrg/kc/buy/cgsh_order_operate.html?command=get_materiel&rest_code=00150&code=00101008229&supplier_code=00100007&order_time=2020-04-13 HTTP/1.1" 200 420
116.238.92.147 - - [13/Apr/2020:09:50:42 +0800] "GET /xingrg/kc/buy/cgsh_order_operate.html?command=get_materiel&rest_code=00102&code=00101008131&supplier_code=00100007&order_time=2020-04-11 HTTP/1.1" 200 408
116.235.222.53 - - [13/Apr/2020:09:50:49 +0800] "GET /xingrg/kc/base/wldb_order_operate.html?command=get_materiel&rest_code=00107&base_code=0010151&code=00101019505 HTTP/1.1" 200 480
116.238.92.147 - - [13/Apr/2020:09:50:49 +0800] "GET /xingrg/kc/buy/cgsh_order_operate.html?command=get_materiel&rest_code=00102&code=00101008098&supplier_code=00100007&order_time=2020-04-11 HTTP/1.1" 200 414
116.235.222.53 - - [13/Apr/2020:09:50:55 +0800] "GET /xingrg/kc/base/wldb_order_operate.html?command=get_materiel&rest_code=00107&base_code=0010151&code=00101019438 HTTP/1.1" 200 445
116.235.222.53 - - [13/Apr/2020:09:50:55 +0800] "GET /xingrg/check_reg.html?_=1586742655439 HTTP/1.1" 200 22
116.235.222.53 - - [13/Apr/2020:09:50:55 +0800] "GET /xingrg/all/function/internal_message.html?_=1586742655440&CODE_STATE=getMsg HTTP/1.1" 200 27
172.16.0.193 - - [13/Apr/2020:09:51:02 +0800] "GET /xingrg/all/function/internal_message.html?_=1586742664749&CODE_STATE=getMsg HTTP/1.1" 302 -
116.238.92.147 - - [13/Apr/2020:09:51:05 +0800] "GET /xingrg/kc/buy/cgsh_order_operate.html?command=get_materiel&rest_code=00102&code=00101008271&supplier_code=00100007&order_time=2020-04-11 HTTP/1.1" 200 408
116.238.92.147 - - [13/Apr/2020:09:51:08 +0800] "GET /xingrg/all/function/internal_message.html?_=1586742855195&CODE_STATE=getMsg HTTP/1.1" 200 27
116.235.222.53 - - [13/Apr/2020:09:51:10 +0800] "GET /xingrg/kc/base/wldb_order_operate.html?command=get_materiel&rest_code=00107&base_code=0010151&code=00101019133 HTTP/1.1" 200 466
120.253.135.82 - - [13/Apr/2020:09:51:13 +0800] "GET /xingrg/check_reg.html?_=1586742423863 HTTP/1.1" 200 22
120.253.135.82 - - [13/Apr/2020:09:51:14 +0800] "GET /xingrg/all/function/internal_message.html?_=1586742424238&CODE_STATE=getMsg HTTP/1.1" 200 27
180.162.232.172 - - [13/Apr/2020:09:51:17 +0800] "POST /xingrg/kc/buy/cgsh_order_operate.html HTTP/1.1" 200 37
180.162.232.172 - - [13/Apr/2020:09:51:18 +0800] "POST /xingrg/kc/buy/cgsh_order_operate.html HTTP/1.1" 200 21564
114.88.159.93 - - [13/Apr/2020:09:51:22 +0800] "POST /xingrg/kc/buy/cgsh_order_operate.html HTTP/1.1" 200 37
116.235.222.53 - - [13/Apr/2020:09:51:22 +0800] "GET /xingrg/kc/base/wldb_order_operate.html?command=get_materiel&rest_code=00107&base_code=0010151&code=00101011005 HTTP/1.1" 200 430
114.88.159.93 - - [13/Apr/2020:09:51:24 +0800] "GET /xingrg/all/function/internal_message.html?_=1586742683792&CODE_STATE=getMsg HTTP/1.1" 200 27
101.89.29.78 - - [13/Apr/2020:09:51:26 +0800] "GET /xingrg/all/function/internal_message.html?_=1586742623816&CODE_STATE=getMsg HTTP/1.1" 302 -
180.162.232.172 - - [13/Apr/2020:09:51:26 +0800] "GET /xingrg/kc/buy/cgsh_order_operate.html?command=get_materiel&rest_code=00150&code=00101008297&supplier_code=00100007&order_time=2020-04-13 HTTP/1.1" 200 412
180.162.232.172 - - [13/Apr/2020:09:51:27 +0800] "POST /xingrg/services/DataTransmitService HTTP/1.1" 200 524
114.88.159.93 - - [13/Apr/2020:09:51:27 +0800] "POST /xingrg/kc/buy/cgsh_order_operate.html HTTP/1.1" 200 12
116.232.51.174 - - [13/Apr/2020:09:51:29 +0800] "GET /xingrg/all/function/internal_message.html?_=1586742723759&CODE_STATE=getMsg HTTP/1.1" 200 27
114.88.159.93 - - [13/Apr/2020:09:51:30 +0800] "GET /xingrg/kc/buy/cgsh_order_info.html?code=212020041302414 HTTP/1.1" 200 52880
180.162.232.172 - - [13/Apr/2020:09:51:30 +0800] "POST /xingrg/services/DataTransmitService HTTP/1.1" 200 501
114.88.159.93 - - [13/Apr/2020:09:51:30 +0800] "GET /xingrg/javascript/easyui/themes/default/validatebox.css HTTP/1.1" 404 1104
114.88.159.93 - - [13/Apr/2020:09:51:30 +0800] "POST /xingrg/kc/buy/cgsh_order_operate.html HTTP/1.1" 200 2975
101.89.29.78 - - [13/Apr/2020:09:51:31 +0800] "GET /xingrg/login.html HTTP/1.1" 200 7641
180.162.232.172 - - [13/Apr/2020:09:51:31 +0800] "POST /xingrg/services/DataTransmitService HTTP/1.1" 200 501
180.156.150.85 - - [13/Apr/2020:09:51:32 +0800] "GET /xingrg/all/function/internal_message.html?_=1586742698926&CODE_STATE=getMsg HTTP/1.1" 200 27
114.88.159.93 - - [13/Apr/2020:09:51:34 +0800] "GET /xingrg/kc/print/load_data.html?order_code=212020041302414&kc_code=cgsh&condition= HTTP/1.1" 200 1618
222.70.183.62 - - [13/Apr/2020:09:51:34 +0800] "GET /xingrg/all/function/internal_message.html?_=1586742695734&CODE_STATE=getMsg HTTP/1.1" 200 27
222.69.139.7 - - [13/Apr/2020:09:51:35 +0800] "GET /xingrg/all/function/internal_message.html?_=1586742695757&CODE_STATE=getMsg HTTP/1.1" 200 27
180.162.232.172 - - [13/Apr/2020:09:51:35 +0800] "GET /xingrg/kc/buy/cgsh_order_operate.html?command=get_materiel&rest_code=00150&code=00101008344&supplier_code=00100007&order_time=2020-04-13 HTTP/1.1" 200 412
114.84.32.201 - - [13/Apr/2020:09:51:35 +0800] "GET /xingrg/all/function/internal_message.html?_=1586742691756&CODE_STATE=getMsg HTTP/1.1" 200 27
116.235.222.53 - - [13/Apr/2020:09:51:37 +0800] "POST /xingrg/kc/base/wldb_order_operate.html HTTP/1.1" 200 37
116.235.222.53 - - [13/Apr/2020:09:51:38 +0800] "POST /xingrg/kc/base/wldb_order_operate.html HTTP/1.1" 200 5657
114.84.33.255 - - [13/Apr/2020:09:51:38 +0800] "GET /xingrg/check_reg.html?_=1586742700486 HTTP/1.1" 200 22
114.84.33.255 - - [13/Apr/2020:09:51:38 +0800] "GET /xingrg/all/function/internal_message.html?_=1586742700671&CODE_STATE=getMsg HTTP/1.1" 200 27
116.238.92.147 - - [13/Apr/2020:09:51:40 +0800] "GET /xingrg/kc/buy/cgsh_order_operate.html?command=get_materiel&rest_code=00102&code=00101008353&supplier_code=00100007&order_time=2020-04-11 HTTP/1.1" 200 408
116.235.222.53 - - [13/Apr/2020:09:51:46 +0800] "POST /xingrg/kc/base/wldb_order_operate.html HTTP/1.1" 200 12
116.235.222.53 - - [13/Apr/2020:09:51:49 +0800] "GET /xingrg/kc/base/wldb_order_info.html?code=422020041300720 HTTP/1.1" 200 26192
116.235.222.53 - - [13/Apr/2020:09:51:49 +0800] "GET /xingrg/javascript/easyui/themes/default/validatebox.css HTTP/1.1" 404 1104
116.235.222.53 - - [13/Apr/2020:09:51:50 +0800] "POST /xingrg/kc/base/wldb_order_operate.html HTTP/1.1" 200 3866
114.88.159.93 - - [13/Apr/2020:09:51:51 +0800] "GET /xingrg/kc/buy/cgsh_order_add.html HTTP/1.1" 200 57975
114.88.159.93 - - [13/Apr/2020:09:51:51 +0800] "GET /xingrg/javascript/easyui/themes/default/validatebox.css HTTP/1.1" 404 1104
114.88.159.93 - - [13/Apr/2020:09:51:51 +0800] "POST /xingrg/kc/buy/cgsh_order_operate.html HTTP/1.1" 200 8245
116.235.222.53 - - [13/Apr/2020:09:51:55 +0800] "GET /xingrg/all/function/internal_message.html?_=1586742715438&CODE_STATE=getMsg HTTP/1.1" 200 27
116.238.92.147 - - [13/Apr/2020:09:51:56 +0800] "GET /xingrg/kc/buy/cgsh_order_operate.html?command=get_materiel&rest_code=00102&code=00101008101&supplier_code=00100007&order_time=2020-04-11 HTTP/1.1" 200 412
180.162.232.172 - - [13/Apr/2020:09:51:56 +0800] "POST /xingrg/services/DataTransmitService HTTP/1.1" 200 501
116.235.222.53 - - [13/Apr/2020:09:52:02 +0800] "GET /xingrg/kc/buy/buy_main.html HTTP/1.1" 200 12412
116.235.222.53 - - [13/Apr/2020:09:52:02 +0800] "GET /xingrg/css/new_ie.css HTTP/1.1" 404 1036
172.16.0.193 - - [13/Apr/2020:09:52:02 +0800] "GET /xingrg/all/function/internal_message.html?_=1586742724731&CODE_STATE=getMsg HTTP/1.1" 302 -
172.16.0.193 - - [13/Apr/2020:09:52:02 +0800] "GET /xingrg/check_reg.html?_=1586742724888 HTTP/1.1" 302 -
116.235.222.53 - - [13/Apr/2020:09:52:03 +0800] "GET /xingrg/images/yd/bt.gif HTTP/1.1" 404 1040
116.235.222.53 - - [13/Apr/2020:09:52:04 +0800] "GET /xingrg/kc/buy/cgsh_order_list.html HTTP/1.1" 200 42360
114.88.159.93 - - [13/Apr/2020:09:52:04 +0800] "GET /xingrg/kc/buy/cgsh_order_operate.html?command=get_materiel&rest_code=00141&code=00101010537&supplier_code=00100329&order_time=2020-04-13 HTTP/1.1" 200 422
116.235.222.53 - - [13/Apr/2020:09:52:06 +0800] "POST /xingrg/kc/buy/cgsh_list_operate.html HTTP/1.1" 200 3103
116.238.92.147 - - [13/Apr/2020:09:52:08 +0800] "GET /xingrg/check_reg.html?_=1586742914917 HTTP/1.1" 200 22
116.238.92.147 - - [13/Apr/2020:09:52:08 +0800] "GET /xingrg/all/function/internal_message.html?_=1586742915209&CODE_STATE=getMsg HTTP/1.1" 200 27
120.253.135.82 - - [13/Apr/2020:09:52:15 +0800] "GET /xingrg/all/function/internal_message.html?_=1586742484253&CODE_STATE=getMsg HTTP/1.1" 200 27
180.162.232.172 - - [13/Apr/2020:09:52:16 +0800] "POST /xingrg/services/DataTransmitService HTTP/1.1" 200 501
180.162.232.172 - - [13/Apr/2020:09:52:17 +0800] "POST /xingrg/services/DataTransmitService HTTP/1.1" 200 501
180.162.232.172 - - [13/Apr/2020:09:52:17 +0800] "POST /xingrg/services/DataTransmitService HTTP/1.1" 200 501
180.162.232.172 - - [13/Apr/2020:09:52:18 +0800] "POST /xingrg/services/DataTransmitService HTTP/1.1" 200 501
180.162.232.172 - - [13/Apr/2020:09:52:19 +0800] "POST /xingrg/services/DataTransmitService HTTP/1.1" 200 501
180.162.232.172 - - [13/Apr/2020:09:52:20 +0800] "POST /xingrg/services/DataTransmitService HTTP/1.1" 200 501
180.162.232.172 - - [13/Apr/2020:09:52:23 +0800] "POST /xingrg/kc/buy/cgsh_order_operate.html HTTP/1.1" 200 37
114.88.159.93 - - [13/Apr/2020:09:52:23 +0800] "GET /xingrg/all/function/internal_message.html?_=1586742743773&CODE_STATE=getMsg HTTP/1.1" 200 27
180.162.232.172 - - [13/Apr/2020:09:52:26 +0800] "POST /xingrg/services/DataTransmitService HTTP/1.1" 200 412
180.162.232.172 - - [13/Apr/2020:09:52:28 +0800] "POST /xingrg/kc/buy/cgsh_order_operate.html HTTP/1.1" 200 24522
116.232.51.174 - - [13/Apr/2020:09:52:29 +0800] "GET /xingrg/all/function/internal_message.html?_=1586742783765&CODE_STATE=getMsg HTTP/1.1" 200 27
116.238.92.147 - - [13/Apr/2020:09:52:32 +0800] "GET /xingrg/kc/buy/cgsh_order_operate.html?command=get_materiel&rest_code=00102&code=00101008312&supplier_code=00100007&order_time=2020-04-11 HTTP/1.1" 200 23
180.156.150.85 - - [13/Apr/2020:09:52:32 +0800] "GET /xingrg/all/function/internal_message.html?_=1586742758925&CODE_STATE=getMsg HTTP/1.1" 200 27
114.88.159.93 - - [13/Apr/2020:09:52:33 +0800] "GET /xingrg/kc/buy/cgsh_order_operate.html?command=get_materiel&rest_code=00141&code=00101020160&supplier_code=00100329&order_time=2020-04-13 HTTP/1.1" 200 23
222.70.183.62 - - [13/Apr/2020:09:52:34 +0800] "GET /xingrg/all/function/internal_message.html?_=1586742755748&CODE_STATE=getMsg HTTP/1.1" 200 27
180.162.232.172 - - [13/Apr/2020:09:52:34 +0800] "GET /xingrg/kc/buy/cgsh_order_operate.html?command=get_materiel&rest_code=00150&code=00101008061&supplier_code=00100007&order_time=2020-04-13 HTTP/1.1" 200 422
222.69.139.7 - - [13/Apr/2020:09:52:35 +0800] "GET /xingrg/all/function/internal_message.html?_=1586742755776&CODE_STATE=getMsg HTTP/1.1" 200 27
222.69.139.7 - - [13/Apr/2020:09:52:35 +0800] "GET /xingrg/check_reg.html?_=1586742755780 HTTP/1.1" 200 22
114.84.32.201 - - [13/Apr/2020:09:52:35 +0800] "GET /xingrg/check_reg.html?_=1586742751763 HTTP/1.1" 200 22
114.84.32.201 - - [13/Apr/2020:09:52:35 +0800] "GET /xingrg/all/function/internal_message.html?_=1586742751765&CODE_STATE=getMsg HTTP/1.1" 200 27
180.97.118.219 - - [13/Apr/2020:09:52:36 +0800] "GET /xingrg/kc/buy/cgsh_order_info.html?code=212020041302414 HTTP/1.1" 302 -
114.84.33.255 - - [13/Apr/2020:09:52:38 +0800] "GET /xingrg/all/function/internal_message.html?_=1586742760685&CODE_STATE=getMsg HTTP/1.1" 200 27
180.162.232.172 - - [13/Apr/2020:09:52:41 +0800] "GET /xingrg/kc/buy/cgsh_order_operate.html?command=get_materiel&rest_code=00150&code=00101015038&supplier_code=00100007&order_time=2020-04-13 HTTP/1.1" 200 419
180.97.118.219 - - [13/Apr/2020:09:52:44 +0800] "GET /xingrg/login.html HTTP/1.1" 200 7641
180.162.232.172 - - [13/Apr/2020:09:52:47 +0800] "GET /xingrg/kc/buy/cgsh_order_operate.html?command=get_materiel&rest_code=00150&code=00101008168&supplier_code=00100007&order_time=2020-04-13 HTTP/1.1" 200 413
61.151.178.197 - - [13/Apr/2020:09:52:47 +0800] "GET /xingrg/kc/print/load_data.html?order_code=212020041302414&kc_code=cgsh&condition= HTTP/1.1" 302 -
61.151.178.197 - - [13/Apr/2020:09:52:50 +0800] "GET /xingrg/login.html HTTP/1.1" 200 7641
180.156.150.85 - - [13/Apr/2020:09:52:50 +0800] "GET /xingrg/index.html?sysBaseUrl=http%3A%2F%2F180.169.147.146%3A18081%2Fxingrg%2F&costTime=35×tamp=1585363447539 HTTP/1.1" 302 -
180.156.150.85 - - [13/Apr/2020:09:52:50 +0800] "GET /xingrg/login.html HTTP/1.1" 200 7641
116.235.222.53 - - [13/Apr/2020:09:52:53 +0800] "POST /xingrg/kc/buy/cgsh_list_operate.html HTTP/1.1" 200 4
180.156.150.85 - - [13/Apr/2020:09:52:53 +0800] "GET /favicon.ico HTTP/1.1" 404 -
180.162.232.172 - - [13/Apr/2020:09:52:54 +0800] "GET /xingrg/kc/buy/cgsh_order_operate.html?command=get_materiel&rest_code=00150&code=00101008498&supplier_code=00100007&order_time=2020-04-13 HTTP/1.1" 200 409
116.235.222.53 - - [13/Apr/2020:09:52:55 +0800] "GET /xingrg/all/function/internal_message.html?_=1586742775408&CODE_STATE=getMsg HTTP/1.1" 200 27
116.235.222.53 - - [13/Apr/2020:09:52:56 +0800] "POST /xingrg/kc/buy/cgsh_list_operate.html HTTP/1.1" 200 1685
116.235.222.53 - - [13/Apr/2020:09:52:59 +0800] "POST /xingrg/kc/buy/cgsh_list_operate.html HTTP/1.1" 200 276
172.16.0.193 - - [13/Apr/2020:09:53:02 +0800] "GET /xingrg/all/function/internal_message.html?_=1586742784711&CODE_STATE=getMsg HTTP/1.1" 302 -
180.156.150.85 - - [13/Apr/2020:09:53:04 +0800] "POST /xingrg/login.do HTTP/1.1" 302 -
180.156.150.85 - - [13/Apr/2020:09:53:05 +0800] "GET /xingrg/index.html?sysBaseUrl=http%3A%2F%2F180.169.147.146%3A18081%2Fxingrg%2F&costTime=2090×tamp=1586742784664 HTTP/1.1" 200 17413
