114.84.33.255 - - [10/Apr/2020:08:47:58 +0800] "GET /xingrg/all/function/internal_message.html?_=1586479692163&CODE_STATE=getMsg HTTP/1.1" 200 27
222.70.183.62 - - [10/Apr/2020:08:48:02 +0800] "GET /xingrg/all/function/internal_message.html?_=1586479680504&CODE_STATE=getMsg HTTP/1.1" 200 27
180.162.232.172 - - [10/Apr/2020:08:48:03 +0800] "GET /xingrg/all/function/internal_message.html?_=1586479810929&CODE_STATE=getMsg HTTP/1.1" 200 27
172.16.0.193 - - [10/Apr/2020:08:48:04 +0800] "GET /xingrg/all/function/internal_message.html?_=1586479681749&CODE_STATE=getMsg HTTP/1.1" 302 -
114.84.33.255 - - [10/Apr/2020:08:48:11 +0800] "GET /xingrg/kc/buy/cgsh_order_operate.html?command=get_materiel&rest_code=00146&code=00101008098&supplier_code=00100005&order_time=2020-04-10 HTTP/1.1" 200 412
120.253.135.82 - - [10/Apr/2020:08:48:11 +0800] "GET /xingrg/all/function/internal_message.html?_=1586479755854&CODE_STATE=getMsg HTTP/1.1" 200 27
114.84.33.255 - - [10/Apr/2020:08:48:12 +0800] "GET /xingrg/all/function/internal_message.html?_=1586479708735&CODE_STATE=getMsg HTTP/1.1" 200 27
114.84.33.255 - - [10/Apr/2020:08:48:18 +0800] "GET /xingrg/kc/buy/cgsh_order_operate.html?command=get_materiel&rest_code=00146&code=00101008005&supplier_code=00100005&order_time=2020-04-10 HTTP/1.1" 200 412
222.70.183.62 - - [10/Apr/2020:08:48:19 +0800] "GET /xingrg/all/function/internal_message.html?_=1586480006774&CODE_STATE=getMsg HTTP/1.1" 302 -
58.221.95.50 - - [10/Apr/2020:08:48:20 +0800] "GET /xingrg/all/function/internal_message.html?_=1586479700047&CODE_STATE=getMsg HTTP/1.1" 302 -
114.84.33.255 - - [10/Apr/2020:08:48:26 +0800] "GET /xingrg/kc/buy/cgsh_order_operate.html?command=get_materiel&rest_code=00146&code=00101008353&supplier_code=00100005&order_time=2020-04-10 HTTP/1.1" 200 428
114.84.33.255 - - [10/Apr/2020:08:48:28 +0800] "POST /xingrg/kc/buy/cgsh_order_operate.html HTTP/1.1" 200 2065
114.84.33.255 - - [10/Apr/2020:08:48:34 +0800] "GET /xingrg/kc/buy/cgsh_order_operate.html?command=get_materiel&rest_code=00146&code=00101012067&supplier_code=00100005&order_time=2020-04-10 HTTP/1.1" 200 405
180.156.150.85 - - [10/Apr/2020:08:48:38 +0800] "GET /xingrg/all/function/internal_message.html?_=1586479719688&CODE_STATE=getMsg HTTP/1.1" 200 27
120.253.135.82 - - [10/Apr/2020:08:48:41 +0800] "POST /xingrg/kc/buy/cgsh_order_operate.html HTTP/1.1" 200 12
120.253.135.82 - - [10/Apr/2020:08:48:42 +0800] "GET /xingrg/kc/buy/cgsh_order_info.html?code=212020041001791 HTTP/1.1" 200 52230
120.253.135.82 - - [10/Apr/2020:08:48:42 +0800] "GET /xingrg/javascript/easyui/themes/default/validatebox.css HTTP/1.1" 404 1104
114.84.33.255 - - [10/Apr/2020:08:48:42 +0800] "GET /xingrg/kc/buy/cgsh_order_operate.html?command=get_materiel&rest_code=00146&code=00101008114&supplier_code=00100005&order_time=2020-04-10 HTTP/1.1" 200 412
120.253.135.82 - - [10/Apr/2020:08:48:42 +0800] "POST /xingrg/kc/buy/cgsh_order_operate.html HTTP/1.1" 200 620
120.253.135.82 - - [10/Apr/2020:08:48:42 +0800] "GET /xingrg/all/function/internal_message.html?_=1586479469787&CODE_STATE=getMsg HTTP/1.1" 200 27
58.40.7.146 - - [10/Apr/2020:08:48:44 +0800] "GET /xingrg/all/function/internal_message.html?_=1586479721483&CODE_STATE=getMsg HTTP/1.1" 200 27
120.253.135.82 - - [10/Apr/2020:08:48:47 +0800] "GET /xingrg/kc/buy/cgsh_order_add.html HTTP/1.1" 200 57064
120.253.135.82 - - [10/Apr/2020:08:48:47 +0800] "POST /xingrg/kc/buy/cgsh_order_operate.html HTTP/1.1" 200 8245
120.253.135.82 - - [10/Apr/2020:08:48:47 +0800] "GET /xingrg/javascript/easyui/themes/default/validatebox.css HTTP/1.1" 404 1104
114.84.33.255 - - [10/Apr/2020:08:48:49 +0800] "GET /xingrg/kc/buy/cgsh_order_operate.html?command=get_materiel&rest_code=00146&code=00101008027&supplier_code=00100005&order_time=2020-04-10 HTTP/1.1" 200 408
120.253.135.82 - - [10/Apr/2020:08:48:51 +0800] "POST /xingrg/all/common/load_combo.html?type=employee HTTP/1.1" 200 2013
114.84.33.255 - - [10/Apr/2020:08:48:57 +0800] "GET /xingrg/kc/buy/cgsh_order_operate.html?command=get_materiel&rest_code=00146&code=00101008354&supplier_code=00100005&order_time=2020-04-10 HTTP/1.1" 200 412
114.84.33.255 - - [10/Apr/2020:08:48:58 +0800] "GET /xingrg/all/function/internal_message.html?_=1586479752178&CODE_STATE=getMsg HTTP/1.1" 200 27
120.253.135.82 - - [10/Apr/2020:08:49:02 +0800] "GET /xingrg/kc/buy/cgsh_order_operate.html?command=get_materiel&rest_code=00101&code=00102012050&supplier_code=00100151&order_time=2020-04-10 HTTP/1.1" 200 441
222.70.183.62 - - [10/Apr/2020:08:49:02 +0800] "GET /xingrg/all/function/internal_message.html?_=1586479740516&CODE_STATE=getMsg HTTP/1.1" 200 27
180.162.232.172 - - [10/Apr/2020:08:49:03 +0800] "GET /xingrg/all/function/internal_message.html?_=1586479870943&CODE_STATE=getMsg HTTP/1.1" 200 27
172.16.0.193 - - [10/Apr/2020:08:49:04 +0800] "GET /xingrg/all/function/internal_message.html?_=1586479741752&CODE_STATE=getMsg HTTP/1.1" 302 -
114.84.33.255 - - [10/Apr/2020:08:49:09 +0800] "POST /xingrg/kc/buy/cgsh_order_operate.html HTTP/1.1" 200 2065
120.253.135.82 - - [10/Apr/2020:08:49:11 +0800] "GET /xingrg/check_reg.html?_=1586479815272 HTTP/1.1" 200 22
120.253.135.82 - - [10/Apr/2020:08:49:11 +0800] "GET /xingrg/all/function/internal_message.html?_=1586479815867&CODE_STATE=getMsg HTTP/1.1" 200 27
114.84.33.255 - - [10/Apr/2020:08:49:12 +0800] "GET /xingrg/check_reg.html?_=1586479768689 HTTP/1.1" 200 22
114.84.33.255 - - [10/Apr/2020:08:49:12 +0800] "GET /xingrg/all/function/internal_message.html?_=1586479768749&CODE_STATE=getMsg HTTP/1.1" 200 27
120.253.135.82 - - [10/Apr/2020:08:49:17 +0800] "POST /xingrg/kc/buy/cgsh_order_operate.html HTTP/1.1" 200 37
120.253.135.82 - - [10/Apr/2020:08:49:19 +0800] "POST /xingrg/kc/buy/cgsh_order_operate.html HTTP/1.1" 200 2673
222.70.183.62 - - [10/Apr/2020:08:49:19 +0800] "GET /xingrg/all/function/internal_message.html?_=1586480066750&CODE_STATE=getMsg HTTP/1.1" 302 -
58.221.95.50 - - [10/Apr/2020:08:49:20 +0800] "GET /xingrg/all/function/internal_message.html?_=1586479760016&CODE_STATE=getMsg HTTP/1.1" 302 -
114.84.33.255 - - [10/Apr/2020:08:49:21 +0800] "GET /xingrg/kc/buy/cgsh_order_operate.html?command=get_materiel&rest_code=00146&code=00101008270&supplier_code=00100005&order_time=2020-04-10 HTTP/1.1" 200 412
120.253.135.82 - - [10/Apr/2020:08:49:22 +0800] "GET /xingrg/kc/print/load_data.html?order_code=212020041001792&kc_code=cgsh&condition= HTTP/1.1" 200 669
120.253.135.82 - - [10/Apr/2020:08:49:31 +0800] "POST /xingrg/kc/buy/cgsh_order_operate.html HTTP/1.1" 200 37
120.253.135.82 - - [10/Apr/2020:08:49:32 +0800] "POST /xingrg/kc/buy/cgsh_order_operate.html HTTP/1.1" 200 12
120.253.135.82 - - [10/Apr/2020:08:49:33 +0800] "GET /xingrg/kc/buy/cgsh_order_info.html?code=212020041001792 HTTP/1.1" 200 52220
120.253.135.82 - - [10/Apr/2020:08:49:33 +0800] "GET /xingrg/javascript/easyui/themes/default/validatebox.css HTTP/1.1" 404 1104
120.253.135.82 - - [10/Apr/2020:08:49:33 +0800] "POST /xingrg/kc/buy/cgsh_order_operate.html HTTP/1.1" 200 623
114.84.33.255 - - [10/Apr/2020:08:49:35 +0800] "GET /xingrg/kc/buy/cgsh_order_operate.html?command=get_materiel&rest_code=00146&code=00101008296&supplier_code=00100005&order_time=2020-04-10 HTTP/1.1" 200 416
180.156.150.85 - - [10/Apr/2020:08:49:38 +0800] "GET /xingrg/check_reg.html?_=1586479779315 HTTP/1.1" 200 22
180.156.150.85 - - [10/Apr/2020:08:49:38 +0800] "GET /xingrg/all/function/internal_message.html?_=1586479779664&CODE_STATE=getMsg HTTP/1.1" 200 27
120.253.135.82 - - [10/Apr/2020:08:49:42 +0800] "GET /xingrg/all/function/internal_message.html?_=1586479529796&CODE_STATE=getMsg HTTP/1.1" 200 27
58.40.7.146 - - [10/Apr/2020:08:49:44 +0800] "GET /xingrg/all/function/internal_message.html?_=1586479781471&CODE_STATE=getMsg HTTP/1.1" 200 27
114.84.33.255 - - [10/Apr/2020:08:49:44 +0800] "POST /xingrg/kc/buy/cgsh_order_operate.html HTTP/1.1" 200 2065
114.84.33.255 - - [10/Apr/2020:08:49:48 +0800] "GET /xingrg/kc/buy/cgsh_order_operate.html?command=get_materiel&rest_code=00146&code=00101008213&supplier_code=00100005&order_time=2020-04-10 HTTP/1.1" 200 412
114.84.33.255 - - [10/Apr/2020:08:49:56 +0800] "GET /xingrg/kc/buy/cgsh_order_operate.html?command=get_materiel&rest_code=00146&code=00101008103&supplier_code=00100005&order_time=2020-04-10 HTTP/1.1" 200 417
114.84.33.255 - - [10/Apr/2020:08:49:58 +0800] "GET /xingrg/all/function/internal_message.html?_=1586479812202&CODE_STATE=getMsg HTTP/1.1" 200 27
222.70.183.62 - - [10/Apr/2020:08:50:03 +0800] "GET /xingrg/all/function/internal_message.html?_=1586479800609&CODE_STATE=getMsg HTTP/1.1" 200 27
180.162.232.172 - - [10/Apr/2020:08:50:03 +0800] "GET /xingrg/all/function/internal_message.html?_=1586479930956&CODE_STATE=getMsg HTTP/1.1" 200 27
114.84.33.255 - - [10/Apr/2020:08:50:03 +0800] "GET /xingrg/kc/buy/cgsh_order_operate.html?command=get_materiel&rest_code=00146&code=00101008242&supplier_code=00100005&order_time=2020-04-10 HTTP/1.1" 200 408
172.16.0.193 - - [10/Apr/2020:08:50:04 +0800] "GET /xingrg/all/function/internal_message.html?_=1586479801748&CODE_STATE=getMsg HTTP/1.1" 302 -
114.84.33.255 - - [10/Apr/2020:08:50:11 +0800] "GET /xingrg/kc/buy/cgsh_order_operate.html?command=get_materiel&rest_code=00146&code=00101008274&supplier_code=00100005&order_time=2020-04-10 HTTP/1.1" 200 412
120.253.135.82 - - [10/Apr/2020:08:50:11 +0800] "GET /xingrg/all/function/internal_message.html?_=1586479875880&CODE_STATE=getMsg HTTP/1.1" 200 27
114.84.33.255 - - [10/Apr/2020:08:50:12 +0800] "GET /xingrg/all/function/internal_message.html?_=1586479828763&CODE_STATE=getMsg HTTP/1.1" 200 27
222.70.183.62 - - [10/Apr/2020:08:50:19 +0800] "GET /xingrg/all/function/internal_message.html?_=1586480126731&CODE_STATE=getMsg HTTP/1.1" 302 -
58.221.95.50 - - [10/Apr/2020:08:50:20 +0800] "GET /xingrg/all/function/internal_message.html?_=1586479819991&CODE_STATE=getMsg HTTP/1.1" 302 -
222.70.183.62 - - [10/Apr/2020:08:50:21 +0800] "GET /xingrg/check_reg.html?_=1586479818893 HTTP/1.1" 200 22
114.84.33.255 - - [10/Apr/2020:08:50:24 +0800] "POST /xingrg/kc/buy/cgsh_order_operate.html HTTP/1.1" 200 2065
114.84.33.255 - - [10/Apr/2020:08:50:37 +0800] "GET /xingrg/kc/buy/cgsh_order_operate.html?command=get_materiel&rest_code=00146&code=00101008161&supplier_code=00100005&order_time=2020-04-10 HTTP/1.1" 200 408
180.156.150.85 - - [10/Apr/2020:08:50:38 +0800] "GET /xingrg/all/function/internal_message.html?_=1586479839635&CODE_STATE=getMsg HTTP/1.1" 200 27
120.253.135.82 - - [10/Apr/2020:08:50:42 +0800] "GET /xingrg/all/function/internal_message.html?_=1586479589815&CODE_STATE=getMsg HTTP/1.1" 200 27
120.253.135.82 - - [10/Apr/2020:08:50:43 +0800] "POST /xingrg/kc/buy/cgsh_list_operate.html HTTP/1.1" 200 876
58.40.7.146 - - [10/Apr/2020:08:50:44 +0800] "GET /xingrg/all/function/internal_message.html?_=1586479841440&CODE_STATE=getMsg HTTP/1.1" 200 27
120.253.135.82 - - [10/Apr/2020:08:50:44 +0800] "GET /xingrg/kc/buy/cgsh_order_add.html HTTP/1.1" 200 57064
114.84.33.255 - - [10/Apr/2020:08:50:44 +0800] "GET /xingrg/check_reg.html?_=1586479858324 HTTP/1.1" 200 22
120.253.135.82 - - [10/Apr/2020:08:50:44 +0800] "POST /xingrg/kc/buy/cgsh_order_operate.html HTTP/1.1" 200 8245
120.253.135.82 - - [10/Apr/2020:08:50:45 +0800] "GET /xingrg/javascript/easyui/themes/default/validatebox.css HTTP/1.1" 404 1104
120.253.135.82 - - [10/Apr/2020:08:50:53 +0800] "POST /xingrg/all/common/load_combo.html?type=employee HTTP/1.1" 200 2013
114.84.33.255 - - [10/Apr/2020:08:50:58 +0800] "GET /xingrg/kc/buy/cgsh_order_operate.html?command=get_materiel&rest_code=00146&code=00101008131&supplier_code=00100005&order_time=2020-04-10 HTTP/1.1" 200 428
114.84.33.255 - - [10/Apr/2020:08:50:58 +0800] "GET /xingrg/all/function/internal_message.html?_=1586479872205&CODE_STATE=getMsg HTTP/1.1" 200 27
180.162.232.172 - - [10/Apr/2020:08:51:02 +0800] "GET /xingrg/check_reg.html?_=1586479990769 HTTP/1.1" 200 22
222.70.183.62 - - [10/Apr/2020:08:51:03 +0800] "GET /xingrg/all/function/internal_message.html?_=1586479860621&CODE_STATE=getMsg HTTP/1.1" 200 27
180.162.232.172 - - [10/Apr/2020:08:51:03 +0800] "GET /xingrg/all/function/internal_message.html?_=1586479990970&CODE_STATE=getMsg HTTP/1.1" 200 27
120.253.135.82 - - [10/Apr/2020:08:51:03 +0800] "GET /xingrg/kc/buy/cgsh_order_operate.html?command=get_materiel&rest_code=00101&code=00101036002&supplier_code=00100373&order_time=2020-04-10 HTTP/1.1" 200 440
172.16.0.193 - - [10/Apr/2020:08:51:04 +0800] "GET /xingrg/all/function/internal_message.html?_=1586479861743&CODE_STATE=getMsg HTTP/1.1" 302 -
58.40.7.146 - - [10/Apr/2020:08:51:04 +0800] "GET /xingrg/check_reg.html?_=1586479861865 HTTP/1.1" 200 22
120.253.135.82 - - [10/Apr/2020:08:51:11 +0800] "GET /xingrg/all/function/internal_message.html?_=1586479935895&CODE_STATE=getMsg HTTP/1.1" 200 27
222.69.138.15 - - [10/Apr/2020:08:51:11 +0800] "GET /xingrg/index.html?sysBaseUrl=http%3A%2F%2F180.169.147.146%3A18081%2Fxingrg%2F&costTime=45×tamp=1585216556132 HTTP/1.1" 302 -
222.69.138.15 - - [10/Apr/2020:08:51:11 +0800] "GET /xingrg/login.html HTTP/1.1" 200 7641
222.69.138.15 - - [10/Apr/2020:08:51:11 +0800] "GET /xingrg/images/blue/jxLogo.png HTTP/1.1" 200 6156
222.69.138.15 - - [10/Apr/2020:08:51:12 +0800] "GET /xingrg/images/blue/hj.png HTTP/1.1" 200 1014
222.69.138.15 - - [10/Apr/2020:08:51:12 +0800] "GET /xingrg/images/blue/login_bg.png HTTP/1.1" 200 22101
222.69.138.15 - - [10/Apr/2020:08:51:12 +0800] "GET /xingrg/images/blue/srbg.png HTTP/1.1" 200 138
222.69.138.15 - - [10/Apr/2020:08:51:12 +0800] "GET /favicon.ico HTTP/1.1" 404 -
114.84.33.255 - - [10/Apr/2020:08:51:12 +0800] "GET /xingrg/all/function/internal_message.html?_=1586479888776&CODE_STATE=getMsg HTTP/1.1" 200 27
222.69.138.15 - - [10/Apr/2020:08:51:13 +0800] "POST /xingrg/login.do HTTP/1.1" 302 -
222.69.138.15 - - [10/Apr/2020:08:51:13 +0800] "GET /xingrg/index.html?sysBaseUrl=http%3A%2F%2F180.169.147.146%3A18081%2Fxingrg%2F&costTime=46×tamp=1586479873230 HTTP/1.1" 200 17179
222.69.138.15 - - [10/Apr/2020:08:51:13 +0800] "GET /xingrg/css/form.css HTTP/1.1" 200 893
222.69.138.15 - - [10/Apr/2020:08:51:13 +0800] "GET /xingrg/javascript/jquery_easy_ui/easyui-lang-zh_CN.js HTTP/1.1" 200 1900
222.69.138.15 - - [10/Apr/2020:08:51:13 +0800] "GET /xingrg/javascript/jquery.timers.js HTTP/1.1" 200 3532
222.69.138.15 - - [10/Apr/2020:08:51:13 +0800] "GET /xingrg/javascript/jquery.form.js HTTP/1.1" 200 23110
222.69.138.15 - - [10/Apr/2020:08:51:13 +0800] "GET /favicon.ico HTTP/1.1" 404 -
222.69.138.15 - - [10/Apr/2020:08:51:13 +0800] "GET /xingrg/javascript/jquery_easy_ui/themes/icons/settle_new.png HTTP/1.1" 200 826
222.69.138.15 - - [10/Apr/2020:08:51:13 +0800] "GET /xingrg/images/blue/navBackgound.jpg HTTP/1.1" 200 12378
222.69.138.15 - - [10/Apr/2020:08:51:13 +0800] "POST /xingrg/all/common/load_tree.html?tree=area_rest_tree_json&manage=1 HTTP/1.1" 200 351
222.69.138.15 - - [10/Apr/2020:08:51:13 +0800] "GET /xingrg/all/function/internal_message.html?_=1586479870779&CODE_STATE=count HTTP/1.1" 200 11
222.69.138.15 - - [10/Apr/2020:08:51:13 +0800] "GET /xingrg/check_reg.html?_=1586479870779 HTTP/1.1" 200 22
222.69.138.15 - - [10/Apr/2020:08:51:13 +0800] "GET /xingrg/images/blue/pingpu.png HTTP/1.1" 200 231
222.69.138.15 - - [10/Apr/2020:08:51:13 +0800] "GET /xingrg/javascript/jquery_easy_ui/themes/default/images/tabs_leftarrow.png HTTP/1.1" 200 389
222.69.138.15 - - [10/Apr/2020:08:51:13 +0800] "GET /xingrg/javascript/jquery_easy_ui/themes/default/images/panel_tool_collapse.gif HTTP/1.1" 200 246
222.69.138.15 - - [10/Apr/2020:08:51:13 +0800] "GET /xingrg/javascript/jquery_easy_ui/themes/default/images/tabs_rightarrow.png HTTP/1.1" 200 395
222.69.138.15 - - [10/Apr/2020:08:51:13 +0800] "POST /xingrg/load_menu.html HTTP/1.1" 200 5138
222.69.138.15 - - [10/Apr/2020:08:51:13 +0800] "GET /xingrg/javascript/jquery_easy_ui/themes/default/images/tree_arrows.gif HTTP/1.1" 200 1043
222.69.138.15 - - [10/Apr/2020:08:51:13 +0800] "GET /xingrg/javascript/jquery_easy_ui/themes/default/images/tree_folder_open.gif HTTP/1.1" 200 956
222.69.138.15 - - [10/Apr/2020:08:51:13 +0800] "GET /xingrg/javascript/jquery_easy_ui/themes/icons/search_new.png HTTP/1.1" 200 586
222.69.138.15 - - [10/Apr/2020:08:51:13 +0800] "GET /xingrg/javascript/jquery_easy_ui/themes/default/images/tree_folder.gif HTTP/1.1" 200 952
222.69.138.15 - - [10/Apr/2020:08:51:13 +0800] "GET /xingrg/javascript/jquery_easy_ui/themes/icons/storage_new.png HTTP/1.1" 200 853
222.69.138.15 - - [10/Apr/2020:08:51:13 +0800] "GET /xingrg/javascript/jquery_easy_ui/themes/icons/forms_new.png HTTP/1.1" 200 350
222.69.138.15 - - [10/Apr/2020:08:51:13 +0800] "GET /xingrg/javascript/jquery_easy_ui/themes/default/images/tree_file.gif HTTP/1.1" 200 118
222.69.138.15 - - [10/Apr/2020:08:51:16 +0800] "GET /xingrg/javascript/jquery_easy_ui/themes/default/images/tabs_close.gif HTTP/1.1" 200 829
222.69.138.15 - - [10/Apr/2020:08:51:16 +0800] "GET /xingrg/kc/buy/cgsh_order_list.html HTTP/1.1" 200 42360
114.84.33.255 - - [10/Apr/2020:08:51:16 +0800] "GET /xingrg/kc/buy/cgsh_order_operate.html?command=get_materiel&rest_code=00146&code=00101008092&supplier_code=00100005&order_time=2020-04-10 HTTP/1.1" 200 412
222.69.138.15 - - [10/Apr/2020:08:51:18 +0800] "POST /xingrg/kc/buy/cgsh_list_operate.html HTTP/1.1" 200 876
222.69.138.15 - - [10/Apr/2020:08:51:18 +0800] "GET /xingrg/kc/buy/cgsh_order_add.html HTTP/1.1" 200 57975
222.69.138.15 - - [10/Apr/2020:08:51:18 +0800] "GET /xingrg/words/20200408183051_words.js HTTP/1.1" 304 -
222.69.138.15 - - [10/Apr/2020:08:51:19 +0800] "POST /xingrg/kc/buy/cgsh_order_operate.html HTTP/1.1" 200 8245
222.69.138.15 - - [10/Apr/2020:08:51:19 +0800] "GET /xingrg/all/common/auto_word.html?type=employee&rest_code=00149 HTTP/1.1" 200 197
222.69.138.15 - - [10/Apr/2020:08:51:19 +0800] "GET /xingrg/javascript/easyui/themes/default/validatebox.css HTTP/1.1" 404 1104
222.69.138.15 - - [10/Apr/2020:08:51:19 +0800] "GET /xingrg/all/common/auto_word.html?type=employee&rest_code=00149 HTTP/1.1" 200 197
222.70.183.62 - - [10/Apr/2020:08:51:19 +0800] "GET /xingrg/all/function/internal_message.html?_=1586480186713&CODE_STATE=getMsg HTTP/1.1" 302 -
58.221.95.50 - - [10/Apr/2020:08:51:20 +0800] "GET /xingrg/all/function/internal_message.html?_=1586479879967&CODE_STATE=getMsg HTTP/1.1" 302 -
222.69.138.15 - - [10/Apr/2020:08:51:20 +0800] "GET /xingrg/javascript/auto/indicator.gif HTTP/1.1" 404 1066
58.221.95.50 - - [10/Apr/2020:08:51:21 +0800] "GET /xingrg/check_reg.html?_=1586479880761 HTTP/1.1" 302 -
222.69.138.15 - - [10/Apr/2020:08:51:28 +0800] "GET /xingrg/javascript/jquery_tools/images/prev.gif HTTP/1.1" 404 1086
222.69.138.15 - - [10/Apr/2020:08:51:28 +0800] "GET /xingrg/javascript/jquery_tools/images/next.gif HTTP/1.1" 404 1086
120.253.135.82 - - [10/Apr/2020:08:51:31 +0800] "GET /xingrg/kc/buy/cgsh_order_operate.html?command=get_materiel&rest_code=00101&code=00101036003&supplier_code=00100373&order_time=2020-04-10 HTTP/1.1" 200 440
180.156.150.85 - - [10/Apr/2020:08:51:38 +0800] "GET /xingrg/all/function/internal_message.html?_=1586479899607&CODE_STATE=getMsg HTTP/1.1" 200 27
120.253.135.82 - - [10/Apr/2020:08:51:44 +0800] "POST /xingrg/kc/buy/cgsh_order_operate.html HTTP/1.1" 200 37
58.40.7.146 - - [10/Apr/2020:08:51:44 +0800] "GET /xingrg/all/function/internal_message.html?_=1586479901413&CODE_STATE=getMsg HTTP/1.1" 200 27
222.69.138.15 - - [10/Apr/2020:08:51:44 +0800] "GET /xingrg/kc/buy/cgsh_order_operate.html?command=get_materiel&rest_code=00149&code=00101007023&supplier_code=00100205&order_time=2020-04-10 HTTP/1.1" 200 409
120.253.135.82 - - [10/Apr/2020:08:51:45 +0800] "POST /xingrg/kc/buy/cgsh_order_operate.html HTTP/1.1" 200 3255
120.253.135.82 - - [10/Apr/2020:08:51:48 +0800] "GET /xingrg/all/function/internal_message.html?_=1586479655503&CODE_STATE=getMsg HTTP/1.1" 200 27
120.253.135.82 - - [10/Apr/2020:08:51:48 +0800] "GET /xingrg/kc/print/load_data.html?order_code=212020041001793&kc_code=cgsh&condition= HTTP/1.1" 200 924
222.69.138.15 - - [10/Apr/2020:08:51:53 +0800] "GET /xingrg/kc/buy/cgsh_order_operate.html?command=get_materiel&rest_code=00149&code=00101007085&supplier_code=00100205&order_time=2020-04-10 HTTP/1.1" 200 413
120.253.135.82 - - [10/Apr/2020:08:51:55 +0800] "POST /xingrg/kc/buy/cgsh_order_operate.html HTTP/1.1" 200 37
120.253.135.82 - - [10/Apr/2020:08:51:57 +0800] "POST /xingrg/kc/buy/cgsh_order_operate.html HTTP/1.1" 200 12
120.253.135.82 - - [10/Apr/2020:08:51:57 +0800] "GET /xingrg/kc/buy/cgsh_order_info.html?code=212020041001793 HTTP/1.1" 200 52236
120.253.135.82 - - [10/Apr/2020:08:51:58 +0800] "GET /xingrg/javascript/easyui/themes/default/validatebox.css HTTP/1.1" 404 1104
120.253.135.82 - - [10/Apr/2020:08:51:58 +0800] "POST /xingrg/kc/buy/cgsh_order_operate.html HTTP/1.1" 200 1205
114.84.33.255 - - [10/Apr/2020:08:51:58 +0800] "GET /xingrg/all/function/internal_message.html?_=1586479932221&CODE_STATE=getMsg HTTP/1.1" 200 27
222.69.138.15 - - [10/Apr/2020:08:52:00 +0800] "GET /xingrg/kc/buy/cgsh_order_operate.html?command=get_materiel&rest_code=00149&code=00101006200&supplier_code=00100205&order_time=2020-04-10 HTTP/1.1" 200 416
222.70.183.62 - - [10/Apr/2020:08:52:03 +0800] "GET /xingrg/all/function/internal_message.html?_=1586479920635&CODE_STATE=getMsg HTTP/1.1" 200 27
180.162.232.172 - - [10/Apr/2020:08:52:03 +0800] "GET /xingrg/all/function/internal_message.html?_=1586480050984&CODE_STATE=getMsg HTTP/1.1" 200 27
172.16.0.193 - - [10/Apr/2020:08:52:04 +0800] "GET /xingrg/all/function/internal_message.html?_=1586479921736&CODE_STATE=getMsg HTTP/1.1" 302 -
172.16.0.193 - - [10/Apr/2020:08:52:04 +0800] "GET /xingrg/check_reg.html?_=1586479921740 HTTP/1.1" 302 -
114.84.33.255 - - [10/Apr/2020:08:52:05 +0800] "GET /xingrg/kc/buy/cgsh_order_operate.html?command=get_materiel&rest_code=00146&code=00101015070&supplier_code=00100005&order_time=2020-04-10 HTTP/1.1" 200 413
120.253.135.82 - - [10/Apr/2020:08:52:11 +0800] "GET /xingrg/all/function/internal_message.html?_=1586479995933&CODE_STATE=getMsg HTTP/1.1" 200 27
114.84.33.255 - - [10/Apr/2020:08:52:12 +0800] "GET /xingrg/all/function/internal_message.html?_=1586479948790&CODE_STATE=getMsg HTTP/1.1" 200 27
222.69.138.15 - - [10/Apr/2020:08:52:13 +0800] "GET /xingrg/all/function/internal_message.html?_=1586479930789&CODE_STATE=getMsg HTTP/1.1" 200 27
114.84.33.255 - - [10/Apr/2020:08:52:14 +0800] "GET /xingrg/kc/buy/cgsh_order_operate.html?command=get_materiel&rest_code=00146&code=00101015062&supplier_code=00100005&order_time=2020-04-10 HTTP/1.1" 200 412
222.70.183.62 - - [10/Apr/2020:08:52:18 +0800] "GET /xingrg/check_reg.html?_=1586480245855 HTTP/1.1" 302 -
222.70.183.62 - - [10/Apr/2020:08:52:19 +0800] "GET /xingrg/all/function/internal_message.html?_=1586480246686&CODE_STATE=getMsg HTTP/1.1" 302 -
58.221.95.50 - - [10/Apr/2020:08:52:20 +0800] "GET /xingrg/all/function/internal_message.html?_=1586479939940&CODE_STATE=getMsg HTTP/1.1" 302 -
120.253.135.82 - - [10/Apr/2020:08:52:21 +0800] "GET /xingrg/check_reg.html?_=1586479688045 HTTP/1.1" 200 22
222.69.138.15 - - [10/Apr/2020:08:52:23 +0800] "POST /xingrg/kc/buy/cgsh_order_operate.html HTTP/1.1" 200 37
114.84.33.255 - - [10/Apr/2020:08:52:23 +0800] "POST /xingrg/kc/buy/cgsh_order_operate.html HTTP/1.1" 200 2065
222.69.138.15 - - [10/Apr/2020:08:52:25 +0800] "POST /xingrg/kc/buy/cgsh_order_operate.html HTTP/1.1" 200 12
222.69.138.15 - - [10/Apr/2020:08:52:26 +0800] "GET /xingrg/kc/buy/cgsh_order_info.html?code=212020041001794 HTTP/1.1" 200 52875
222.69.138.15 - - [10/Apr/2020:08:52:27 +0800] "GET /xingrg/javascript/easyui/themes/default/validatebox.css HTTP/1.1" 404 1104
222.69.138.15 - - [10/Apr/2020:08:52:27 +0800] "POST /xingrg/kc/buy/cgsh_order_operate.html HTTP/1.1" 200 1790
222.69.138.15 - - [10/Apr/2020:08:52:28 +0800] "GET /xingrg/kc/print/load_config.html?kc_code=cgsh HTTP/1.1" 200 1841
222.69.138.15 - - [10/Apr/2020:08:52:28 +0800] "GET /xingrg/kc/print/load_data.html?order_code=212020041001794&kc_code=cgsh&condition= HTTP/1.1" 200 1148
114.84.33.255 - - [10/Apr/2020:08:52:29 +0800] "GET /xingrg/kc/buy/cgsh_order_operate.html?command=get_materiel&rest_code=00146&code=00101008041&supplier_code=00100005&order_time=2020-04-10 HTTP/1.1" 200 408
180.156.150.85 - - [10/Apr/2020:08:52:38 +0800] "GET /xingrg/all/function/internal_message.html?_=1586479959582&CODE_STATE=getMsg HTTP/1.1" 200 27
114.84.33.255 - - [10/Apr/2020:08:52:41 +0800] "GET /xingrg/kc/buy/cgsh_order_operate.html?command=get_materiel&rest_code=00146&code=00101015038&supplier_code=00100005&order_time=2020-04-10 HTTP/1.1" 200 419
58.40.7.146 - - [10/Apr/2020:08:52:44 +0800] "GET /xingrg/all/function/internal_message.html?_=1586479961383&CODE_STATE=getMsg HTTP/1.1" 200 27
222.69.138.15 - - [10/Apr/2020:08:52:44 +0800] "GET /xingrg/kc/buy/cgsh_order_add.html HTTP/1.1" 200 57975
222.69.138.15 - - [10/Apr/2020:08:52:45 +0800] "POST /xingrg/kc/buy/cgsh_order_operate.html HTTP/1.1" 200 8245
222.69.138.15 - - [10/Apr/2020:08:52:45 +0800] "GET /xingrg/javascript/easyui/themes/default/validatebox.css HTTP/1.1" 404 1104
114.84.33.255 - - [10/Apr/2020:08:52:47 +0800] "GET /xingrg/kc/buy/cgsh_order_operate.html?command=get_materiel&rest_code=00146&code=00101008123&supplier_code=00100005&order_time=2020-04-10 HTTP/1.1" 200 413
120.253.135.82 - - [10/Apr/2020:08:52:48 +0800] "GET /xingrg/all/function/internal_message.html?_=1586479715532&CODE_STATE=getMsg HTTP/1.1" 200 27
120.253.135.82 - - [10/Apr/2020:08:52:51 +0800] "POST /xingrg/kc/buy/cgsh_list_operate.html HTTP/1.1" 200 876
120.253.135.82 - - [10/Apr/2020:08:52:52 +0800] "GET /xingrg/kc/buy/cgsh_order_add.html HTTP/1.1" 200 57064
120.253.135.82 - - [10/Apr/2020:08:52:52 +0800] "POST /xingrg/kc/buy/cgsh_order_operate.html HTTP/1.1" 200 8245
120.253.135.82 - - [10/Apr/2020:08:52:53 +0800] "GET /xingrg/javascript/easyui/themes/default/validatebox.css HTTP/1.1" 404 1104
222.69.138.15 - - [10/Apr/2020:08:52:53 +0800] "GET /xingrg/kc/buy/cgsh_order_operate.html?command=get_materiel&rest_code=00149&code=00102002453&supplier_code=00100072&order_time=2020-04-10 HTTP/1.1" 200 433
114.84.33.255 - - [10/Apr/2020:08:52:57 +0800] "GET /xingrg/kc/buy/cgsh_order_operate.html?command=get_materiel&rest_code=00146&code=00101008172&supplier_code=00100005&order_time=2020-04-10 HTTP/1.1" 200 412
114.84.33.255 - - [10/Apr/2020:08:52:58 +0800] "GET /xingrg/all/function/internal_message.html?_=1586479992248&CODE_STATE=getMsg HTTP/1.1" 200 27
120.253.135.82 - - [10/Apr/2020:08:53:01 +0800] "POST /xingrg/all/common/load_combo.html?type=employee HTTP/1.1" 200 2013
222.69.138.15 - - [10/Apr/2020:08:53:02 +0800] "POST /xingrg/kc/buy/cgsh_order_operate.html HTTP/1.1" 200 37
180.162.232.172 - - [10/Apr/2020:08:53:03 +0800] "GET /xingrg/all/function/internal_message.html?_=1586480110997&CODE_STATE=getMsg HTTP/1.1" 200 27
222.70.183.62 - - [10/Apr/2020:08:53:03 +0800] "GET /xingrg/all/function/internal_message.html?_=1586479980728&CODE_STATE=getMsg HTTP/1.1" 200 27
222.69.138.15 - - [10/Apr/2020:08:53:04 +0800] "POST /xingrg/kc/buy/cgsh_order_operate.html HTTP/1.1" 200 12
172.16.0.193 - - [10/Apr/2020:08:53:04 +0800] "GET /xingrg/all/function/internal_message.html?_=1586479981751&CODE_STATE=getMsg HTTP/1.1" 302 -
222.69.138.15 - - [10/Apr/2020:08:53:04 +0800] "GET /xingrg/kc/buy/cgsh_order_info.html?code=212020041001795 HTTP/1.1" 200 52879
222.69.138.15 - - [10/Apr/2020:08:53:05 +0800] "GET /xingrg/javascript/easyui/themes/default/validatebox.css HTTP/1.1" 404 1104
222.69.138.15 - - [10/Apr/2020:08:53:05 +0800] "POST /xingrg/kc/buy/cgsh_order_operate.html HTTP/1.1" 200 611
222.69.138.15 - - [10/Apr/2020:08:53:06 +0800] "GET /xingrg/kc/print/load_data.html?order_code=212020041001795&kc_code=cgsh&condition= HTTP/1.1" 200 718
120.253.135.82 - - [10/Apr/2020:08:53:11 +0800] "GET /xingrg/all/function/internal_message.html?_=1586480055938&CODE_STATE=getMsg HTTP/1.1" 200 27
114.84.33.255 - - [10/Apr/2020:08:53:12 +0800] "GET /xingrg/all/function/internal_message.html?_=1586480008804&CODE_STATE=getMsg HTTP/1.1" 200 27
222.69.138.15 - - [10/Apr/2020:08:53:13 +0800] "GET /xingrg/all/function/internal_message.html?_=1586479990788&CODE_STATE=getMsg HTTP/1.1" 200 27
222.70.183.62 - - [10/Apr/2020:08:53:19 +0800] "GET /xingrg/all/function/internal_message.html?_=1586480306654&CODE_STATE=getMsg HTTP/1.1" 302 -
58.221.95.50 - - [10/Apr/2020:08:53:20 +0800] "GET /xingrg/all/function/internal_message.html?_=1586479999914&CODE_STATE=getMsg HTTP/1.1" 302 -
222.69.138.15 - - [10/Apr/2020:08:53:20 +0800] "GET /xingrg/kc/buy/cgsh_order_add.html HTTP/1.1" 200 57975
222.69.138.15 - - [10/Apr/2020:08:53:21 +0800] "POST /xingrg/kc/buy/cgsh_order_operate.html HTTP/1.1" 200 8245
222.69.138.15 - - [10/Apr/2020:08:53:21 +0800] "GET /xingrg/javascript/easyui/themes/default/validatebox.css HTTP/1.1" 404 1104
114.84.33.255 - - [10/Apr/2020:08:53:30 +0800] "GET /xingrg/kc/buy/cgsh_order_operate.html?command=get_materiel&rest_code=00146&code=00101008268&supplier_code=00100005&order_time=2020-04-10 HTTP/1.1" 200 408
222.69.138.15 - - [10/Apr/2020:08:53:35 +0800] "GET /xingrg/kc/buy/cgsh_order_operate.html?command=get_materiel&rest_code=00149&code=00101008323&supplier_code=00100005&order_time=2020-04-10 HTTP/1.1" 200 408
180.156.150.85 - - [10/Apr/2020:08:53:38 +0800] "GET /xingrg/all/function/internal_message.html?_=1586480019557&CODE_STATE=getMsg HTTP/1.1" 200 27
120.253.135.82 - - [10/Apr/2020:08:53:40 +0800] "POST /xingrg/kc/buy/cgsh_order_operate.html HTTP/1.1" 200 37
120.253.135.82 - - [10/Apr/2020:08:53:41 +0800] "POST /xingrg/kc/buy/cgsh_order_operate.html HTTP/1.1" 200 3255
120.253.135.82 - - [10/Apr/2020:08:53:43 +0800] "GET /xingrg/kc/print/load_data.html?order_code=212020041001796&kc_code=cgsh&condition= HTTP/1.1" 200 924
58.40.7.146 - - [10/Apr/2020:08:53:44 +0800] "GET /xingrg/all/function/internal_message.html?_=1586480021370&CODE_STATE=getMsg HTTP/1.1" 200 27
222.69.138.15 - - [10/Apr/2020:08:53:47 +0800] "GET /xingrg/kc/buy/cgsh_order_operate.html?command=get_materiel&rest_code=00149&code=00101008175&supplier_code=00100005&order_time=2020-04-10 HTTP/1.1" 200 412
120.253.135.82 - - [10/Apr/2020:08:53:49 +0800] "POST /xingrg/kc/buy/cgsh_order_operate.html HTTP/1.1" 200 37
120.253.135.82 - - [10/Apr/2020:08:53:51 +0800] "POST /xingrg/kc/buy/cgsh_order_operate.html HTTP/1.1" 200 12
114.84.33.255 - - [10/Apr/2020:08:53:51 +0800] "POST /xingrg/kc/buy/cgsh_order_operate.html HTTP/1.1" 200 2065
120.253.135.82 - - [10/Apr/2020:08:53:52 +0800] "GET /xingrg/kc/buy/cgsh_order_info.html?code=212020041001796 HTTP/1.1" 200 52236
120.253.135.82 - - [10/Apr/2020:08:53:52 +0800] "GET /xingrg/javascript/easyui/themes/default/validatebox.css HTTP/1.1" 404 1104
120.253.135.82 - - [10/Apr/2020:08:53:52 +0800] "POST /xingrg/kc/buy/cgsh_order_operate.html HTTP/1.1" 200 1205
120.253.135.82 - - [10/Apr/2020:08:53:52 +0800] "GET /xingrg/all/function/internal_message.html?_=1586479779772&CODE_STATE=getMsg HTTP/1.1" 200 27
222.69.138.15 - - [10/Apr/2020:08:53:56 +0800] "GET /xingrg/kc/buy/cgsh_order_operate.html?command=get_materiel&rest_code=00149&code=00101008256&supplier_code=00100005&order_time=2020-04-10 HTTP/1.1" 200 412
114.84.33.255 - - [10/Apr/2020:08:53:58 +0800] "GET /xingrg/all/function/internal_message.html?_=1586480052261&CODE_STATE=getMsg HTTP/1.1" 200 27
114.84.33.255 - - [10/Apr/2020:08:53:59 +0800] "GET /xingrg/kc/buy/cgsh_order_operate.html?command=get_materiel&rest_code=00146&code=00101008215&supplier_code=00100005&order_time=2020-04-10 HTTP/1.1" 200 413
180.162.232.172 - - [10/Apr/2020:08:54:03 +0800] "GET /xingrg/all/function/internal_message.html?_=1586480171012&CODE_STATE=getMsg HTTP/1.1" 200 27
222.70.183.62 - - [10/Apr/2020:08:54:03 +0800] "GET /xingrg/all/function/internal_message.html?_=1586480040741&CODE_STATE=getMsg HTTP/1.1" 200 27
172.16.0.193 - - [10/Apr/2020:08:54:04 +0800] "GET /xingrg/all/function/internal_message.html?_=1586480041754&CODE_STATE=getMsg HTTP/1.1" 302 -
222.69.138.15 - - [10/Apr/2020:08:54:10 +0800] "GET /xingrg/kc/buy/cgsh_order_operate.html?command=get_materiel&rest_code=00149&code=00101008215&supplier_code=00100005&order_time=2020-04-10 HTTP/1.1" 200 413
120.253.135.82 - - [10/Apr/2020:08:54:11 +0800] "GET /xingrg/check_reg.html?_=1586480115282 HTTP/1.1" 200 22
120.253.135.82 - - [10/Apr/2020:08:54:11 +0800] "GET /xingrg/all/function/internal_message.html?_=1586480115974&CODE_STATE=getMsg HTTP/1.1" 200 27
114.84.33.255 - - [10/Apr/2020:08:54:12 +0800] "GET /xingrg/check_reg.html?_=1586480068692 HTTP/1.1" 200 22
114.84.33.255 - - [10/Apr/2020:08:54:12 +0800] "GET /xingrg/all/function/internal_message.html?_=1586480068817&CODE_STATE=getMsg HTTP/1.1" 200 27
222.69.138.15 - - [10/Apr/2020:08:54:13 +0800] "GET /xingrg/all/function/internal_message.html?_=1586480050796&CODE_STATE=getMsg HTTP/1.1" 200 27
114.84.33.255 - - [10/Apr/2020:08:54:16 +0800] "GET /xingrg/kc/buy/cgsh_order_operate.html?command=get_materiel&rest_code=00146&code=00101008350&supplier_code=00100005&order_time=2020-04-10 HTTP/1.1" 200 408
222.70.183.62 - - [10/Apr/2020:08:54:19 +0800] "GET /xingrg/all/function/internal_message.html?_=1586480366624&CODE_STATE=getMsg HTTP/1.1" 302 -
58.221.95.50 - - [10/Apr/2020:08:54:20 +0800] "GET /xingrg/all/function/internal_message.html?_=1586480059887&CODE_STATE=getMsg HTTP/1.1" 302 -
222.69.138.15 - - [10/Apr/2020:08:54:20 +0800] "GET /xingrg/kc/buy/cgsh_order_operate.html?command=get_materiel&rest_code=00149&code=00101008350&supplier_code=00100005&order_time=2020-04-10 HTTP/1.1" 200 408
222.69.138.15 - - [10/Apr/2020:08:54:28 +0800] "GET /xingrg/kc/buy/cgsh_order_operate.html?command=get_materiel&rest_code=00149&code=00101008244&supplier_code=00100005&order_time=2020-04-10 HTTP/1.1" 200 408
180.156.150.85 - - [10/Apr/2020:08:54:38 +0800] "GET /xingrg/check_reg.html?_=1586480079323 HTTP/1.1" 200 22
180.156.150.85 - - [10/Apr/2020:08:54:38 +0800] "GET /xingrg/all/function/internal_message.html?_=1586480079539&CODE_STATE=getMsg HTTP/1.1" 200 27
120.253.135.82 - - [10/Apr/2020:08:54:40 +0800] "POST /xingrg/kc/buy/cgsh_list_operate.html HTTP/1.1" 200 876
222.69.138.15 - - [10/Apr/2020:08:54:41 +0800] "GET /xingrg/kc/buy/cgsh_order_operate.html?command=get_materiel&rest_code=00149&code=00101008185&supplier_code=00100005&order_time=2020-04-10 HTTP/1.1" 200 408
120.253.135.82 - - [10/Apr/2020:08:54:41 +0800] "GET /xingrg/kc/buy/cgsh_order_add.html HTTP/1.1" 200 57064
120.253.135.82 - - [10/Apr/2020:08:54:42 +0800] "POST /xingrg/kc/buy/cgsh_order_operate.html HTTP/1.1" 200 8245
120.253.135.82 - - [10/Apr/2020:08:54:42 +0800] "GET /xingrg/javascript/easyui/themes/default/validatebox.css HTTP/1.1" 404 1104
58.40.7.146 - - [10/Apr/2020:08:54:44 +0800] "GET /xingrg/all/function/internal_message.html?_=1586480081339&CODE_STATE=getMsg HTTP/1.1" 200 27
120.253.135.82 - - [10/Apr/2020:08:54:48 +0800] "POST /xingrg/all/common/load_combo.html?type=employee HTTP/1.1" 200 2013
120.253.135.82 - - [10/Apr/2020:08:54:53 +0800] "GET /xingrg/all/function/internal_message.html?_=1586479839856&CODE_STATE=getMsg HTTP/1.1" 200 27
114.84.33.255 - - [10/Apr/2020:08:54:55 +0800] "GET /xingrg/kc/buy/cgsh_order_operate.html?command=get_materiel&rest_code=00146&code=00101008036&supplier_code=00100005&order_time=2020-04-10 HTTP/1.1" 200 408
114.84.33.255 - - [10/Apr/2020:08:54:58 +0800] "GET /xingrg/all/function/internal_message.html?_=1586480112291&CODE_STATE=getMsg HTTP/1.1" 200 27
180.162.232.172 - - [10/Apr/2020:08:55:03 +0800] "GET /xingrg/all/function/internal_message.html?_=1586480231024&CODE_STATE=getMsg HTTP/1.1" 200 27
222.70.183.62 - - [10/Apr/2020:08:55:03 +0800] "GET /xingrg/all/function/internal_message.html?_=1586480100834&CODE_STATE=getMsg HTTP/1.1" 200 27
172.16.0.193 - - [10/Apr/2020:08:55:04 +0800] "GET /xingrg/all/function/internal_message.html?_=1586480101742&CODE_STATE=getMsg HTTP/1.1" 302 -
222.69.138.15 - - [10/Apr/2020:08:55:05 +0800] "GET /xingrg/kc/buy/cgsh_order_operate.html?command=get_materiel&rest_code=00149&code=00101008038&supplier_code=00100005&order_time=2020-04-10 HTTP/1.1" 200 412
114.84.33.255 - - [10/Apr/2020:08:55:07 +0800] "POST /xingrg/kc/buy/cgsh_order_operate.html HTTP/1.1" 200 2065
120.253.135.82 - - [10/Apr/2020:08:55:11 +0800] "GET /xingrg/all/function/internal_message.html?_=1586480175980&CODE_STATE=getMsg HTTP/1.1" 200 27
114.84.33.255 - - [10/Apr/2020:08:55:12 +0800] "GET /xingrg/all/function/internal_message.html?_=1586480128831&CODE_STATE=getMsg HTTP/1.1" 200 27
222.69.138.15 - - [10/Apr/2020:08:55:13 +0800] "GET /xingrg/all/function/internal_message.html?_=1586480110792&CODE_STATE=getMsg HTTP/1.1" 200 27
120.253.135.82 - - [10/Apr/2020:08:55:17 +0800] "POST /xingrg/kc/buy/cgsh_order_operate.html HTTP/1.1" 200 37
222.69.138.15 - - [10/Apr/2020:08:55:17 +0800] "GET /xingrg/kc/buy/cgsh_order_operate.html?command=get_materiel&rest_code=00149&code=00101008199&supplier_code=00100005&order_time=2020-04-10 HTTP/1.1" 200 408
120.253.135.82 - - [10/Apr/2020:08:55:17 +0800] "POST /xingrg/kc/buy/cgsh_order_operate.html HTTP/1.1" 200 3255
222.70.183.62 - - [10/Apr/2020:08:55:19 +0800] "GET /xingrg/all/function/internal_message.html?_=1586480426623&CODE_STATE=getMsg HTTP/1.1" 302 -
120.253.135.82 - - [10/Apr/2020:08:55:19 +0800] "GET /xingrg/kc/print/load_data.html?order_code=212020041001797&kc_code=cgsh&condition= HTTP/1.1" 200 924
58.221.95.50 - - [10/Apr/2020:08:55:20 +0800] "GET /xingrg/all/function/internal_message.html?_=1586480119891&CODE_STATE=getMsg HTTP/1.1" 302 -
114.84.33.255 - - [10/Apr/2020:08:55:20 +0800] "GET /xingrg/kc/buy/cgsh_order_operate.html?command=get_materiel&rest_code=00146&code=00101008349&supplier_code=00100005&order_time=2020-04-10 HTTP/1.1" 200 414
222.70.183.62 - - [10/Apr/2020:08:55:21 +0800] "GET /xingrg/check_reg.html?_=1586480118901 HTTP/1.1" 200 22
180.156.150.85 - - [10/Apr/2020:08:55:38 +0800] "GET /xingrg/all/function/internal_message.html?_=1586480139513&CODE_STATE=getMsg HTTP/1.1" 200 27
114.84.33.255 - - [10/Apr/2020:08:55:43 +0800] "GET /xingrg/kc/buy/cgsh_order_operate.html?command=get_materiel&rest_code=00146&code=00101008088&supplier_code=00100005&order_time=2020-04-10 HTTP/1.1" 200 408
58.40.7.146 - - [10/Apr/2020:08:55:44 +0800] "GET /xingrg/all/function/internal_message.html?_=1586480141325&CODE_STATE=getMsg HTTP/1.1" 200 27
114.84.33.255 - - [10/Apr/2020:08:55:44 +0800] "GET /xingrg/check_reg.html?_=1586480158330 HTTP/1.1" 200 22
222.69.138.15 - - [10/Apr/2020:08:55:45 +0800] "GET /xingrg/kc/buy/cgsh_order_operate.html?command=get_materiel&rest_code=00149&code=00101008224&supplier_code=00100005&order_time=2020-04-10 HTTP/1.1" 200 416
120.253.135.82 - - [10/Apr/2020:08:55:53 +0800] "GET /xingrg/all/function/internal_message.html?_=1586479899863&CODE_STATE=getMsg HTTP/1.1" 200 27
114.84.33.255 - - [10/Apr/2020:08:55:58 +0800] "GET /xingrg/all/function/internal_message.html?_=1586480172304&CODE_STATE=getMsg HTTP/1.1" 200 27
180.162.232.172 - - [10/Apr/2020:08:56:02 +0800] "GET /xingrg/check_reg.html?_=1586480290776 HTTP/1.1" 200 22
180.162.232.172 - - [10/Apr/2020:08:56:03 +0800] "GET /xingrg/all/function/internal_message.html?_=1586480291037&CODE_STATE=getMsg HTTP/1.1" 200 27
222.70.183.62 - - [10/Apr/2020:08:56:03 +0800] "GET /xingrg/all/function/internal_message.html?_=1586480160846&CODE_STATE=getMsg HTTP/1.1" 200 27
172.16.0.193 - - [10/Apr/2020:08:56:04 +0800] "GET /xingrg/all/function/internal_message.html?_=1586480161739&CODE_STATE=getMsg HTTP/1.1" 302 -
58.40.7.146 - - [10/Apr/2020:08:56:04 +0800] "GET /xingrg/check_reg.html?_=1586480161860 HTTP/1.1" 200 22
222.69.138.15 - - [10/Apr/2020:08:56:05 +0800] "GET /xingrg/kc/buy/cgsh_order_operate.html?command=get_materiel&rest_code=00149&code=00101008370&supplier_code=00100005&order_time=2020-04-10 HTTP/1.1" 200 412
120.253.135.82 - - [10/Apr/2020:08:56:11 +0800] "GET /xingrg/all/function/internal_message.html?_=1586480235994&CODE_STATE=getMsg HTTP/1.1" 200 27
114.84.33.255 - - [10/Apr/2020:08:56:12 +0800] "GET /xingrg/all/function/internal_message.html?_=1586480188844&CODE_STATE=getMsg HTTP/1.1" 200 27
222.69.138.15 - - [10/Apr/2020:08:56:13 +0800] "GET /xingrg/check_reg.html?_=1586480170797 HTTP/1.1" 200 22
222.69.138.15 - - [10/Apr/2020:08:56:13 +0800] "GET /xingrg/all/function/internal_message.html?_=1586480170798&CODE_STATE=getMsg HTTP/1.1" 200 27
114.84.33.255 - - [10/Apr/2020:08:56:17 +0800] "POST /xingrg/kc/buy/cgsh_order_operate.html HTTP/1.1" 200 37
120.253.135.82 - - [10/Apr/2020:08:56:17 +0800] "POST /xingrg/kc/buy/cgsh_order_operate.html HTTP/1.1" 200 37
114.84.33.255 - - [10/Apr/2020:08:56:17 +0800] "POST /xingrg/kc/buy/cgsh_order_operate.html HTTP/1.1" 200 35783
222.70.183.62 - - [10/Apr/2020:08:56:19 +0800] "GET /xingrg/all/function/internal_message.html?_=1586480486596&CODE_STATE=getMsg HTTP/1.1" 302 -
120.253.135.82 - - [10/Apr/2020:08:56:19 +0800] "POST /xingrg/kc/buy/cgsh_order_operate.html HTTP/1.1" 200 12
114.84.33.255 - - [10/Apr/2020:08:56:20 +0800] "GET /xingrg/kc/print/load_config.html?kc_code=cgsh HTTP/1.1" 200 1841
114.84.33.255 - - [10/Apr/2020:08:56:20 +0800] "GET /xingrg/kc/print/load_data.html?order_code=212020041001798&kc_code=cgsh&condition= HTTP/1.1" 200 13244
58.221.95.50 - - [10/Apr/2020:08:56:20 +0800] "GET /xingrg/all/function/internal_message.html?_=1586480179860&CODE_STATE=getMsg HTTP/1.1" 302 -
120.253.135.82 - - [10/Apr/2020:08:56:20 +0800] "GET /xingrg/kc/buy/cgsh_order_info.html?code=212020041001797 HTTP/1.1" 200 52236
120.253.135.82 - - [10/Apr/2020:08:56:21 +0800] "GET /xingrg/javascript/easyui/themes/default/validatebox.css HTTP/1.1" 404 1104
58.221.95.50 - - [10/Apr/2020:08:56:21 +0800] "GET /xingrg/check_reg.html?_=1586480180766 HTTP/1.1" 302 -
120.253.135.82 - - [10/Apr/2020:08:56:21 +0800] "POST /xingrg/kc/buy/cgsh_order_operate.html HTTP/1.1" 200 1205
222.69.138.15 - - [10/Apr/2020:08:56:21 +0800] "GET /xingrg/kc/buy/cgsh_order_operate.html?command=get_materiel&rest_code=00149&code=00101008361&supplier_code=00100005&order_time=2020-04-10 HTTP/1.1" 200 408
120.253.135.82 - - [10/Apr/2020:08:56:22 +0800] "POST /xingrg/kc/buy/cgsh_list_operate.html HTTP/1.1" 200 876
120.253.135.82 - - [10/Apr/2020:08:56:23 +0800] "GET /xingrg/kc/buy/cgsh_order_add.html HTTP/1.1" 200 57064
120.253.135.82 - - [10/Apr/2020:08:56:24 +0800] "POST /xingrg/kc/buy/cgsh_order_operate.html HTTP/1.1" 200 8245
120.253.135.82 - - [10/Apr/2020:08:56:24 +0800] "GET /xingrg/javascript/easyui/themes/default/validatebox.css HTTP/1.1" 404 1104
222.69.138.15 - - [10/Apr/2020:08:56:29 +0800] "GET /xingrg/kc/buy/cgsh_order_operate.html?command=get_materiel&rest_code=00149&code=00101008355&supplier_code=00100005&order_time=2020-04-10 HTTP/1.1" 200 408
120.253.135.82 - - [10/Apr/2020:08:56:32 +0800] "POST /xingrg/all/common/load_combo.html?type=employee HTTP/1.1" 200 2013
222.69.138.15 - - [10/Apr/2020:08:56:35 +0800] "GET /xingrg/kc/buy/cgsh_order_operate.html?command=get_materiel&rest_code=00149&code=00101008144&supplier_code=00100005&order_time=2020-04-10 HTTP/1.1" 200 412
180.156.150.85 - - [10/Apr/2020:08:56:38 +0800] "GET /xingrg/all/function/internal_message.html?_=1586480199515&CODE_STATE=getMsg HTTP/1.1" 200 27
58.40.7.146 - - [10/Apr/2020:08:56:44 +0800] "GET /xingrg/all/function/internal_message.html?_=1586480201301&CODE_STATE=getMsg HTTP/1.1" 200 27
222.69.138.15 - - [10/Apr/2020:08:56:45 +0800] "GET /xingrg/kc/buy/cgsh_order_operate.html?command=get_materiel&rest_code=00149&code=00101008356&supplier_code=00100005&order_time=2020-04-10 HTTP/1.1" 200 408
120.253.135.82 - - [10/Apr/2020:08:56:53 +0800] "GET /xingrg/all/function/internal_message.html?_=1586479959950&CODE_STATE=getMsg HTTP/1.1" 200 27
114.84.33.255 - - [10/Apr/2020:08:56:58 +0800] "GET /xingrg/all/function/internal_message.html?_=1586480232317&CODE_STATE=getMsg HTTP/1.1" 200 27
180.162.232.172 - - [10/Apr/2020:08:57:03 +0800] "GET /xingrg/all/function/internal_message.html?_=1586480351052&CODE_STATE=getMsg HTTP/1.1" 200 27
222.70.183.62 - - [10/Apr/2020:08:57:03 +0800] "GET /xingrg/all/function/internal_message.html?_=1586480220859&CODE_STATE=getMsg HTTP/1.1" 200 27
172.16.0.193 - - [10/Apr/2020:08:57:04 +0800] "GET /xingrg/all/function/internal_message.html?_=1586480221747&CODE_STATE=getMsg HTTP/1.1" 302 -
172.16.0.193 - - [10/Apr/2020:08:57:04 +0800] "GET /xingrg/check_reg.html?_=1586480221750 HTTP/1.1" 302 -
120.253.135.82 - - [10/Apr/2020:08:57:05 +0800] "POST /xingrg/kc/buy/cgsh_order_operate.html HTTP/1.1" 200 37
222.69.138.15 - - [10/Apr/2020:08:57:08 +0800] "GET /xingrg/kc/buy/cgsh_order_operate.html?command=get_materiel&rest_code=00149&code=00101008172&supplier_code=00100005&order_time=2020-04-10 HTTP/1.1" 200 412
120.253.135.82 - - [10/Apr/2020:08:57:08 +0800] "POST /xingrg/kc/buy/cgsh_order_operate.html HTTP/1.1" 200 3255
120.253.135.82 - - [10/Apr/2020:08:57:11 +0800] "GET /xingrg/kc/print/load_data.html?order_code=212020041001799&kc_code=cgsh&condition= HTTP/1.1" 200 924
120.253.135.82 - - [10/Apr/2020:08:57:11 +0800] "GET /xingrg/all/function/internal_message.html?_=1586480296031&CODE_STATE=getMsg HTTP/1.1" 200 27
114.84.33.255 - - [10/Apr/2020:08:57:12 +0800] "GET /xingrg/all/function/internal_message.html?_=1586480248944&CODE_STATE=getMsg HTTP/1.1" 200 27
222.69.138.15 - - [10/Apr/2020:08:57:13 +0800] "POST /xingrg/kc/buy/cgsh_order_operate.html HTTP/1.1" 200 2065
222.69.138.15 - - [10/Apr/2020:08:57:13 +0800] "GET /xingrg/all/function/internal_message.html?_=1586480230796&CODE_STATE=getMsg HTTP/1.1" 200 27
222.70.183.62 - - [10/Apr/2020:08:57:18 +0800] "GET /xingrg/check_reg.html?_=1586480545879 HTTP/1.1" 302 -
222.70.183.62 - - [10/Apr/2020:08:57:19 +0800] "GET /xingrg/all/function/internal_message.html?_=1586480546568&CODE_STATE=getMsg HTTP/1.1" 302 -
58.221.95.50 - - [10/Apr/2020:08:57:20 +0800] "GET /xingrg/all/function/internal_message.html?_=1586480239834&CODE_STATE=getMsg HTTP/1.1" 302 -
120.253.135.82 - - [10/Apr/2020:08:57:21 +0800] "GET /xingrg/check_reg.html?_=1586479988064 HTTP/1.1" 200 22
120.253.135.82 - - [10/Apr/2020:08:57:21 +0800] "POST /xingrg/kc/buy/cgsh_order_operate.html HTTP/1.1" 200 37
120.253.135.82 - - [10/Apr/2020:08:57:23 +0800] "POST /xingrg/kc/buy/cgsh_order_operate.html HTTP/1.1" 200 12
120.253.135.82 - - [10/Apr/2020:08:57:23 +0800] "GET /xingrg/kc/buy/cgsh_order_info.html?code=212020041001799 HTTP/1.1" 200 52236
120.253.135.82 - - [10/Apr/2020:08:57:24 +0800] "GET /xingrg/javascript/easyui/themes/default/validatebox.css HTTP/1.1" 404 1104
120.253.135.82 - - [10/Apr/2020:08:57:24 +0800] "POST /xingrg/kc/buy/cgsh_order_operate.html HTTP/1.1" 200 1205
222.69.138.15 - - [10/Apr/2020:08:57:30 +0800] "GET /xingrg/kc/buy/cgsh_order_operate.html?command=get_materiel&rest_code=00149&code=00101008161&supplier_code=00100005&order_time=2020-04-10 HTTP/1.1" 200 409
180.156.150.85 - - [10/Apr/2020:08:57:38 +0800] "GET /xingrg/all/function/internal_message.html?_=1586480259495&CODE_STATE=getMsg HTTP/1.1" 200 27
58.40.7.146 - - [10/Apr/2020:08:57:44 +0800] "GET /xingrg/all/function/internal_message.html?_=1586480261272&CODE_STATE=getMsg HTTP/1.1" 200 27
222.69.138.15 - - [10/Apr/2020:08:57:47 +0800] "GET /xingrg/kc/buy/cgsh_order_operate.html?command=get_materiel&rest_code=00149&code=00101008069&supplier_code=00100005&order_time=2020-04-10 HTTP/1.1" 200 412
120.253.135.82 - - [10/Apr/2020:08:57:53 +0800] "GET /xingrg/all/function/internal_message.html?_=1586480019952&CODE_STATE=getMsg HTTP/1.1" 200 27
114.84.33.255 - - [10/Apr/2020:08:57:58 +0800] "GET /xingrg/all/function/internal_message.html?_=1586480292347&CODE_STATE=getMsg HTTP/1.1" 200 27
180.162.232.172 - - [10/Apr/2020:08:58:03 +0800] "GET /xingrg/all/function/internal_message.html?_=1586480411065&CODE_STATE=getMsg HTTP/1.1" 200 27
222.70.183.62 - - [10/Apr/2020:08:58:03 +0800] "GET /xingrg/all/function/internal_message.html?_=1586480280942&CODE_STATE=getMsg HTTP/1.1" 200 27
222.69.138.15 - - [10/Apr/2020:08:58:04 +0800] "GET /xingrg/kc/buy/cgsh_order_operate.html?command=get_materiel&rest_code=00149&code=00101008286&supplier_code=00100005&order_time=2020-04-10 HTTP/1.1" 200 408
172.16.0.193 - - [10/Apr/2020:08:58:04 +0800] "GET /xingrg/all/function/internal_message.html?_=1586480281750&CODE_STATE=getMsg HTTP/1.1" 302 -
120.253.135.82 - - [10/Apr/2020:08:58:11 +0800] "GET /xingrg/all/function/internal_message.html?_=1586480356036&CODE_STATE=getMsg HTTP/1.1" 200 27
114.84.33.255 - - [10/Apr/2020:08:58:12 +0800] "GET /xingrg/all/function/internal_message.html?_=1586480308949&CODE_STATE=getMsg HTTP/1.1" 200 27
222.69.138.15 - - [10/Apr/2020:08:58:13 +0800] "GET /xingrg/kc/buy/cgsh_order_operate.html?command=get_materiel&rest_code=00149&code=00101008036&supplier_code=00100005&order_time=2020-04-10 HTTP/1.1" 200 408
222.69.138.15 - - [10/Apr/2020:08:58:13 +0800] "GET /xingrg/all/function/internal_message.html?_=1586480290801&CODE_STATE=getMsg HTTP/1.1" 200 27
116.235.222.53 - - [10/Apr/2020:08:58:17 +0800] "GET /xingrg/login.html HTTP/1.1" 200 7641
116.235.222.53 - - [10/Apr/2020:08:58:18 +0800] "GET /xingrg/images/blue/jxLogo.png HTTP/1.1" 200 6156
222.69.138.15 - - [10/Apr/2020:08:58:19 +0800] "GET /xingrg/kc/buy/cgsh_order_operate.html?command=get_materiel&rest_code=00149&code=00101008131&supplier_code=00100005&order_time=2020-04-10 HTTP/1.1" 200 428
222.70.183.62 - - [10/Apr/2020:08:58:19 +0800] "GET /xingrg/all/function/internal_message.html?_=1586480606542&CODE_STATE=getMsg HTTP/1.1" 302 -
116.235.222.53 - - [10/Apr/2020:08:58:19 +0800] "GET /xingrg/images/blue/login_bg.png HTTP/1.1" 200 22101
116.235.222.53 - - [10/Apr/2020:08:58:20 +0800] "GET /xingrg/images/blue/hj.png HTTP/1.1" 200 1014
116.235.222.53 - - [10/Apr/2020:08:58:20 +0800] "GET /xingrg/images/blue/srbg.png HTTP/1.1" 200 138
58.221.95.50 - - [10/Apr/2020:08:58:20 +0800] "GET /xingrg/all/function/internal_message.html?_=1586480299801&CODE_STATE=getMsg HTTP/1.1" 302 -
120.253.135.82 - - [10/Apr/2020:08:58:23 +0800] "POST /xingrg/kc/buy/cgsh_list_operate.html HTTP/1.1" 200 876
