116.235.222.53 - - [10/Apr/2020:10:24:39 +0800] "POST /xingrg/kc/buy/cgsh_order_operate.html HTTP/1.1" 200 3850
117.185.32.26 - - [10/Apr/2020:10:24:40 +0800] "GET /xingrg/all/function/internal_message.html?_=1586485884391&CODE_STATE=getMsg HTTP/1.1" 200 27
117.185.32.26 - - [10/Apr/2020:10:24:40 +0800] "GET /xingrg/check_reg.html?_=1586485884401 HTTP/1.1" 200 22
58.40.7.146 - - [10/Apr/2020:10:24:40 +0800] "GET /xingrg/all/function/internal_message.html?_=1586485477769&CODE_STATE=getMsg HTTP/1.1" 200 27
58.40.7.146 - - [10/Apr/2020:10:24:40 +0800] "GET /xingrg/check_reg.html?_=1586485477771 HTTP/1.1" 200 22
58.40.7.146 - - [10/Apr/2020:10:24:41 +0800] "GET /xingrg/all/function/internal_message.html?_=1586485479068&CODE_STATE=getMsg HTTP/1.1" 200 27
101.91.60.104 - - [10/Apr/2020:10:24:43 +0800] "GET /xingrg/all/function/internal_message.html?_=1586485330039&CODE_STATE=getMsg HTTP/1.1" 302 -
116.235.222.53 - - [10/Apr/2020:10:24:43 +0800] "GET /xingrg/kc/print/load_data.html?order_code=212020041001843&kc_code=cgsh&condition= HTTP/1.1" 200 1133
180.162.102.27 - - [10/Apr/2020:10:24:47 +0800] "GET /xingrg/kc/buy/cgsh_order_operate.html?command=get_materiel&rest_code=00142&code=00101008355&supplier_code=00100161&order_time=2020-04-03 HTTP/1.1" 200 408
116.235.222.53 - - [10/Apr/2020:10:24:47 +0800] "GET /xingrg/kc/buy/cgsh_order_add.html HTTP/1.1" 200 58426
116.235.222.53 - - [10/Apr/2020:10:24:48 +0800] "GET /xingrg/words/20200410094738_words.js HTTP/1.1" 304 -
116.235.222.53 - - [10/Apr/2020:10:24:48 +0800] "POST /xingrg/kc/buy/cgsh_order_operate.html HTTP/1.1" 200 8245
116.235.222.53 - - [10/Apr/2020:10:24:48 +0800] "GET /xingrg/javascript/easyui/themes/default/validatebox.css HTTP/1.1" 404 1104
117.185.32.26 - - [10/Apr/2020:10:24:49 +0800] "GET /xingrg/kc/buy/cgsh_order_operate.html?command=get_materiel&rest_code=00106&code=00101007048&supplier_code=00100002&order_time=2020-04-10 HTTP/1.1" 200 410
114.84.33.255 - - [10/Apr/2020:10:24:49 +0800] "POST /xingrg/services/DataTransmitService HTTP/1.1" 200 524
114.84.33.255 - - [10/Apr/2020:10:24:49 +0800] "POST /xingrg/services/DataTransmitService HTTP/1.1" 200 2231
114.84.33.255 - - [10/Apr/2020:10:24:49 +0800] "POST /xingrg/services/DataTransmitService HTTP/1.1" 200 2323
116.235.222.53 - - [10/Apr/2020:10:24:49 +0800] "GET /xingrg/javascript/easyui/themes/default/tree.css HTTP/1.1" 404 1090
116.235.222.53 - - [10/Apr/2020:10:24:50 +0800] "POST /xingrg/all/common/load_tree.html?tree=supplier_tree_json&isDelete=1 HTTP/1.1" 200 47144
114.84.33.255 - - [10/Apr/2020:10:24:50 +0800] "POST /xingrg/services/DataTransmitService HTTP/1.1" 200 1439
114.84.33.255 - - [10/Apr/2020:10:24:50 +0800] "POST /xingrg/services/DataTransmitService HTTP/1.1" 200 142687
101.91.60.104 - - [10/Apr/2020:10:24:51 +0800] "GET /xingrg/login.html HTTP/1.1" 200 7641
180.162.102.27 - - [10/Apr/2020:10:24:57 +0800] "GET /xingrg/kc/buy/cgsh_order_operate.html?command=get_materiel&rest_code=00142&code=00101008024&supplier_code=00100161&order_time=2020-04-03 HTTP/1.1" 200 408
114.84.33.255 - - [10/Apr/2020:10:25:00 +0800] "GET /xingrg/all/function/internal_message.html?_=1586485513921&CODE_STATE=getMsg HTTP/1.1" 200 27
172.17.0.102 - - [10/Apr/2020:10:25:00 +0800] "GET /xingrg/all/function/internal_message.html?_=1586485501126&CODE_STATE=getMsg HTTP/1.1" 200 27
114.84.32.201 - - [10/Apr/2020:10:25:01 +0800] "GET /xingrg/all/function/internal_message.html?_=1586485496451&CODE_STATE=getMsg HTTP/1.1" 200 27
117.185.32.26 - - [10/Apr/2020:10:25:02 +0800] "GET /xingrg/kc/buy/cgsh_order_operate.html?command=get_materiel&rest_code=00106&code=00101007077&supplier_code=00100002&order_time=2020-04-10 HTTP/1.1" 200 415
172.16.0.193 - - [10/Apr/2020:10:25:04 +0800] "GET /xingrg/all/function/internal_message.html?_=1586485501748&CODE_STATE=getMsg HTTP/1.1" 302 -
116.235.222.53 - - [10/Apr/2020:10:25:06 +0800] "GET /xingrg/kc/buy/cgsh_order_operate.html?command=get_materiel&rest_code=00107&code=00101001115&supplier_code=00100089&order_time=2020-04-10 HTTP/1.1" 200 435
222.70.183.62 - - [10/Apr/2020:10:25:07 +0800] "GET /xingrg/all/function/internal_message.html?_=1586485504725&CODE_STATE=getMsg HTTP/1.1" 200 27
180.162.102.27 - - [10/Apr/2020:10:25:08 +0800] "GET /xingrg/kc/buy/cgsh_order_operate.html?command=get_materiel&rest_code=00142&code=00101008286&supplier_code=00100161&order_time=2020-04-03 HTTP/1.1" 200 408
114.88.159.93 - - [10/Apr/2020:10:25:10 +0800] "GET /xingrg/all/function/internal_message.html?_=1586485510041&CODE_STATE=getMsg HTTP/1.1" 200 27
101.89.239.238 - - [10/Apr/2020:10:25:11 +0800] "GET /xingrg/all/function/internal_message.html?_=1586485450049&CODE_STATE=getMsg HTTP/1.1" 302 -
120.253.135.82 - - [10/Apr/2020:10:25:13 +0800] "GET /xingrg/all/function/internal_message.html?_=1586485577593&CODE_STATE=getMsg HTTP/1.1" 200 27
222.69.138.15 - - [10/Apr/2020:10:25:13 +0800] "GET /xingrg/all/function/internal_message.html?_=1586485510926&CODE_STATE=getMsg HTTP/1.1" 200 27
117.131.5.26 - - [10/Apr/2020:10:25:14 +0800] "GET /xingrg/all/function/internal_message.html?_=1586485530828&CODE_STATE=getMsg HTTP/1.1" 200 27
114.84.33.255 - - [10/Apr/2020:10:25:16 +0800] "GET /xingrg/all/function/internal_message.html?_=1586485532455&CODE_STATE=getMsg HTTP/1.1" 200 27
101.89.239.238 - - [10/Apr/2020:10:25:16 +0800] "GET /xingrg/login.html HTTP/1.1" 200 7641
222.70.183.62 - - [10/Apr/2020:10:25:18 +0800] "GET /xingrg/all/function/internal_message.html?_=1586485826015&CODE_STATE=getMsg HTTP/1.1" 302 -
116.235.222.53 - - [10/Apr/2020:10:25:19 +0800] "POST /xingrg/kc/buy/cgsh_order_operate.html HTTP/1.1" 200 37
172.17.0.103 - - [10/Apr/2020:10:25:20 +0800] "GET /xingrg/all/function/internal_message.html?_=1586485521173&CODE_STATE=getMsg HTTP/1.1" 302 -
116.235.222.53 - - [10/Apr/2020:10:25:20 +0800] "POST /xingrg/kc/buy/cgsh_order_operate.html HTTP/1.1" 200 2659
222.70.183.62 - - [10/Apr/2020:10:25:21 +0800] "GET /xingrg/check_reg.html?_=1586485519002 HTTP/1.1" 200 22
180.162.102.27 - - [10/Apr/2020:10:25:21 +0800] "GET /xingrg/all/function/internal_message.html?_=1586484992205&CODE_STATE=getMsg HTTP/1.1" 200 27
180.162.102.27 - - [10/Apr/2020:10:25:21 +0800] "GET /xingrg/kc/buy/cgsh_order_operate.html?command=get_materiel&rest_code=00142&code=00101008353&supplier_code=00100161&order_time=2020-04-03 HTTP/1.1" 200 428
116.235.222.53 - - [10/Apr/2020:10:25:22 +0800] "GET /xingrg/kc/print/load_data.html?order_code=212020041001844&kc_code=cgsh&condition= HTTP/1.1" 200 742
117.185.32.26 - - [10/Apr/2020:10:25:23 +0800] "GET /xingrg/kc/buy/cgsh_order_operate.html?command=get_materiel&rest_code=00106&code=00101007061&supplier_code=00100002&order_time=2020-04-10 HTTP/1.1" 200 409
116.235.222.53 - - [10/Apr/2020:10:25:26 +0800] "GET /xingrg/kc/buy/cgsh_order_add.html HTTP/1.1" 200 58426
116.235.222.53 - - [10/Apr/2020:10:25:27 +0800] "GET /xingrg/javascript/easyui/themes/default/validatebox.css HTTP/1.1" 404 1104
116.235.222.53 - - [10/Apr/2020:10:25:27 +0800] "POST /xingrg/kc/buy/cgsh_order_operate.html HTTP/1.1" 200 8245
116.235.222.53 - - [10/Apr/2020:10:25:28 +0800] "GET /xingrg/javascript/easyui/themes/default/tree.css HTTP/1.1" 404 1090
116.235.222.53 - - [10/Apr/2020:10:25:29 +0800] "POST /xingrg/all/common/load_tree.html?tree=supplier_tree_json&isDelete=1 HTTP/1.1" 200 47144
116.235.222.53 - - [10/Apr/2020:10:25:31 +0800] "GET /xingrg/all/function/internal_message.html?_=1586485522805&CODE_STATE=getMsg HTTP/1.1" 200 27
116.238.92.147 - - [10/Apr/2020:10:25:32 +0800] "GET /xingrg/kc/buy/cgsh_order_operate.html?command=get_materiel&rest_code=00102&code=00101008296&supplier_code=00100151&order_time=2020-04-10 HTTP/1.1" 200 416
114.86.227.169 - - [10/Apr/2020:10:25:32 +0800] "GET /xingrg/all/function/internal_message.html?_=1586485611484&CODE_STATE=getMsg HTTP/1.1" 200 27
116.238.92.147 - - [10/Apr/2020:10:25:35 +0800] "GET /xingrg/all/function/internal_message.html?_=1586485717195&CODE_STATE=getMsg HTTP/1.1" 200 27
180.156.150.85 - - [10/Apr/2020:10:25:38 +0800] "GET /xingrg/all/function/internal_message.html?_=1586485539358&CODE_STATE=getMsg HTTP/1.1" 200 27
117.185.32.26 - - [10/Apr/2020:10:25:40 +0800] "GET /xingrg/all/function/internal_message.html?_=1586485944396&CODE_STATE=getMsg HTTP/1.1" 200 27
114.84.33.255 - - [10/Apr/2020:10:25:40 +0800] "POST /xingrg/services/DataTransmitService HTTP/1.1" 200 524
114.84.33.255 - - [10/Apr/2020:10:25:40 +0800] "POST /xingrg/services/DataTransmitService HTTP/1.1" 200 2231
114.84.33.255 - - [10/Apr/2020:10:25:40 +0800] "POST /xingrg/services/DataTransmitService HTTP/1.1" 200 524
114.84.33.255 - - [10/Apr/2020:10:25:40 +0800] "POST /xingrg/services/DataTransmitService HTTP/1.1" 200 2231
58.40.7.146 - - [10/Apr/2020:10:25:40 +0800] "GET /xingrg/all/function/internal_message.html?_=1586485537773&CODE_STATE=getMsg HTTP/1.1" 200 27
180.162.102.27 - - [10/Apr/2020:10:25:41 +0800] "GET /xingrg/kc/buy/cgsh_order_operate.html?command=get_materiel&rest_code=00142&code=00101008350&supplier_code=00100161&order_time=2020-04-03 HTTP/1.1" 200 408
58.40.7.146 - - [10/Apr/2020:10:25:41 +0800] "GET /xingrg/all/function/internal_message.html?_=1586485539043&CODE_STATE=getMsg HTTP/1.1" 200 27
114.84.33.255 - - [10/Apr/2020:10:25:44 +0800] "GET /xingrg/check_reg.html?_=1586485558425 HTTP/1.1" 200 22
116.238.92.147 - - [10/Apr/2020:10:25:44 +0800] "GET /xingrg/kc/buy/cgsh_order_operate.html?command=get_materiel&rest_code=00102&code=00101008137&supplier_code=00100151&order_time=2020-04-10 HTTP/1.1" 200 408
180.162.102.27 - - [10/Apr/2020:10:25:50 +0800] "GET /xingrg/kc/buy/cgsh_order_operate.html?command=get_materiel&rest_code=00142&code=00101008264&supplier_code=00100161&order_time=2020-04-03 HTTP/1.1" 200 412
180.156.150.85 - - [10/Apr/2020:10:25:51 +0800] "GET /xingrg/kc/buy/cgsh_order_add.html HTTP/1.1" 200 57969
180.156.150.85 - - [10/Apr/2020:10:25:51 +0800] "GET /xingrg/javascript/easyui/themes/default/validatebox.css HTTP/1.1" 404 1104
180.156.150.85 - - [10/Apr/2020:10:25:51 +0800] "POST /xingrg/kc/buy/cgsh_order_operate.html HTTP/1.1" 200 8245
114.84.33.255 - - [10/Apr/2020:10:25:59 +0800] "POST /xingrg/services/DataTransmitService HTTP/1.1" 401 565
114.84.33.255 - - [10/Apr/2020:10:25:59 +0800] "POST /xingrg/services/DataTransmitService HTTP/1.1" 200 478
114.84.33.255 - - [10/Apr/2020:10:25:59 +0800] "POST /xingrg/services/DataTransmitService HTTP/1.1" 200 1320
114.84.33.255 - - [10/Apr/2020:10:25:59 +0800] "POST /xingrg/services/DataTransmitService HTTP/1.1" 200 478
114.84.33.255 - - [10/Apr/2020:10:25:59 +0800] "POST /xingrg/services/DataTransmitService HTTP/1.1" 200 1320
114.84.33.255 - - [10/Apr/2020:10:25:59 +0800] "POST /xingrg/services/DataTransmitService HTTP/1.1" 200 524
114.84.33.255 - - [10/Apr/2020:10:25:59 +0800] "POST /xingrg/services/DataTransmitService HTTP/1.1" 200 2231
114.84.33.255 - - [10/Apr/2020:10:25:59 +0800] "POST /xingrg/services/DataTransmitService HTTP/1.1" 200 45454
114.84.33.255 - - [10/Apr/2020:10:25:59 +0800] "POST /xingrg/services/DataTransmitService HTTP/1.1" 200 19237
116.238.92.147 - - [10/Apr/2020:10:25:59 +0800] "GET /xingrg/kc/buy/cgsh_order_operate.html?command=get_materiel&rest_code=00102&code=00101006195&supplier_code=00100151&order_time=2020-04-10 HTTP/1.1" 200 409
114.84.33.255 - - [10/Apr/2020:10:26:00 +0800] "GET /xingrg/all/function/internal_message.html?_=1586485573933&CODE_STATE=getMsg HTTP/1.1" 200 27
172.17.0.102 - - [10/Apr/2020:10:26:00 +0800] "GET /xingrg/all/function/internal_message.html?_=1586485561125&CODE_STATE=getMsg HTTP/1.1" 200 27
114.84.32.201 - - [10/Apr/2020:10:26:01 +0800] "GET /xingrg/all/function/internal_message.html?_=1586485556452&CODE_STATE=getMsg HTTP/1.1" 200 27
114.84.32.201 - - [10/Apr/2020:10:26:01 +0800] "GET /xingrg/check_reg.html?_=1586485556456 HTTP/1.1" 200 22
117.185.32.26 - - [10/Apr/2020:10:26:02 +0800] "POST /xingrg/kc/buy/cgsh_order_operate.html HTTP/1.1" 200 37
180.156.150.85 - - [10/Apr/2020:10:26:03 +0800] "GET /xingrg/kc/buy/cgsh_order_operate.html?command=get_materiel&rest_code=00105&code=00101006001&supplier_code=00100324&order_time=2020-04-10 HTTP/1.1" 200 428
180.162.102.27 - - [10/Apr/2020:10:26:03 +0800] "GET /xingrg/kc/buy/cgsh_order_operate.html?command=get_materiel&rest_code=00142&code=00101008373&supplier_code=00100161&order_time=2020-04-03 HTTP/1.1" 200 412
117.185.32.26 - - [10/Apr/2020:10:26:04 +0800] "POST /xingrg/kc/buy/cgsh_order_operate.html HTTP/1.1" 200 4429
172.16.0.193 - - [10/Apr/2020:10:26:04 +0800] "GET /xingrg/all/function/internal_message.html?_=1586485561741&CODE_STATE=getMsg HTTP/1.1" 302 -
58.40.7.146 - - [10/Apr/2020:10:26:04 +0800] "GET /xingrg/check_reg.html?_=1586485561904 HTTP/1.1" 200 22
117.185.32.26 - - [10/Apr/2020:10:26:06 +0800] "GET /xingrg/kc/buy/cgsh_order_add.html HTTP/1.1" 200 57969
117.185.32.26 - - [10/Apr/2020:10:26:06 +0800] "GET /xingrg/words/20200410094738_words.js HTTP/1.1" 304 -
222.70.183.62 - - [10/Apr/2020:10:26:07 +0800] "GET /xingrg/all/function/internal_message.html?_=1586485564735&CODE_STATE=getMsg HTTP/1.1" 200 27
117.185.32.26 - - [10/Apr/2020:10:26:07 +0800] "POST /xingrg/kc/buy/cgsh_order_operate.html HTTP/1.1" 200 8245
117.185.32.26 - - [10/Apr/2020:10:26:07 +0800] "GET /xingrg/javascript/easyui/themes/default/validatebox.css HTTP/1.1" 404 1104
117.185.32.26 - - [10/Apr/2020:10:26:09 +0800] "GET /xingrg/javascript/easyui/themes/default/tree.css HTTP/1.1" 404 1090
117.185.32.26 - - [10/Apr/2020:10:26:09 +0800] "POST /xingrg/all/common/load_tree.html?tree=supplier_tree_json&isDelete=1 HTTP/1.1" 200 47144
114.88.159.93 - - [10/Apr/2020:10:26:10 +0800] "GET /xingrg/all/function/internal_message.html?_=1586485570039&CODE_STATE=getMsg HTTP/1.1" 200 27
180.156.150.85 - - [10/Apr/2020:10:26:10 +0800] "GET /xingrg/kc/buy/cgsh_order_list.html HTTP/1.1" 200 42354
116.235.222.53 - - [10/Apr/2020:10:26:10 +0800] "GET /xingrg/kc/buy/cgsh_order_operate.html?command=get_materiel&rest_code=00107&code=00101003040&supplier_code=00100094&order_time=2020-04-10 HTTP/1.1" 200 414
180.162.102.27 - - [10/Apr/2020:10:26:11 +0800] "GET /xingrg/kc/buy/cgsh_order_operate.html?command=get_materiel&rest_code=00142&code=00101008354&supplier_code=00100161&order_time=2020-04-03 HTTP/1.1" 200 412
180.156.150.85 - - [10/Apr/2020:10:26:11 +0800] "POST /xingrg/kc/buy/cgsh_list_operate.html HTTP/1.1" 200 4961
116.238.92.147 - - [10/Apr/2020:10:26:12 +0800] "GET /xingrg/kc/buy/cgsh_order_operate.html?command=get_materiel&rest_code=00102&code=00101012025&supplier_code=00100151&order_time=2020-04-10 HTTP/1.1" 200 412
120.253.135.82 - - [10/Apr/2020:10:26:13 +0800] "GET /xingrg/all/function/internal_message.html?_=1586485637606&CODE_STATE=getMsg HTTP/1.1" 200 27
222.69.138.15 - - [10/Apr/2020:10:26:13 +0800] "GET /xingrg/all/function/internal_message.html?_=1586485570931&CODE_STATE=getMsg HTTP/1.1" 200 27
222.69.138.15 - - [10/Apr/2020:10:26:13 +0800] "GET /xingrg/check_reg.html?_=1586485570938 HTTP/1.1" 200 22
117.131.5.26 - - [10/Apr/2020:10:26:14 +0800] "GET /xingrg/all/function/internal_message.html?_=1586485590828&CODE_STATE=getMsg HTTP/1.1" 200 27
114.84.33.255 - - [10/Apr/2020:10:26:16 +0800] "GET /xingrg/all/function/internal_message.html?_=1586485592469&CODE_STATE=getMsg HTTP/1.1" 200 27
180.156.150.85 - - [10/Apr/2020:10:26:16 +0800] "GET /xingrg/kc/buy/cgsh_order_add.html HTTP/1.1" 200 57969
180.156.150.85 - - [10/Apr/2020:10:26:16 +0800] "GET /xingrg/javascript/easyui/themes/default/validatebox.css HTTP/1.1" 404 1104
180.156.150.85 - - [10/Apr/2020:10:26:16 +0800] "POST /xingrg/kc/buy/cgsh_order_operate.html HTTP/1.1" 200 8245
222.70.183.62 - - [10/Apr/2020:10:26:18 +0800] "GET /xingrg/all/function/internal_message.html?_=1586485886018&CODE_STATE=getMsg HTTP/1.1" 302 -
180.162.102.27 - - [10/Apr/2020:10:26:19 +0800] "GET /xingrg/kc/buy/cgsh_order_operate.html?command=get_materiel&rest_code=00142&code=00101015070&supplier_code=00100161&order_time=2020-04-03 HTTP/1.1" 200 412
172.17.0.103 - - [10/Apr/2020:10:26:20 +0800] "GET /xingrg/all/function/internal_message.html?_=1586485581163&CODE_STATE=getMsg HTTP/1.1" 302 -
172.17.0.103 - - [10/Apr/2020:10:26:20 +0800] "GET /xingrg/check_reg.html?_=1586485581258 HTTP/1.1" 302 -
116.235.222.53 - - [10/Apr/2020:10:26:21 +0800] "POST /xingrg/kc/buy/cgsh_order_operate.html HTTP/1.1" 200 37
116.238.92.147 - - [10/Apr/2020:10:26:21 +0800] "GET /xingrg/kc/buy/cgsh_order_operate.html?command=get_materiel&rest_code=00102&code=00101008286&supplier_code=00100151&order_time=2020-04-10 HTTP/1.1" 200 408
180.162.102.27 - - [10/Apr/2020:10:26:21 +0800] "GET /xingrg/all/function/internal_message.html?_=1586485052254&CODE_STATE=getMsg HTTP/1.1" 200 27
116.235.222.53 - - [10/Apr/2020:10:26:22 +0800] "POST /xingrg/kc/buy/cgsh_order_operate.html HTTP/1.1" 200 2662
116.235.222.53 - - [10/Apr/2020:10:26:26 +0800] "GET /xingrg/kc/print/load_data.html?order_code=212020041001846&kc_code=cgsh&condition= HTTP/1.1" 200 753
116.235.222.53 - - [10/Apr/2020:10:26:29 +0800] "GET /xingrg/kc/buy/cgsh_order_add.html HTTP/1.1" 200 58426
180.162.102.27 - - [10/Apr/2020:10:26:30 +0800] "GET /xingrg/kc/buy/cgsh_order_operate.html?command=get_materiel&rest_code=00142&code=00101008323&supplier_code=00100161&order_time=2020-04-03 HTTP/1.1" 200 408
114.86.227.169 - - [10/Apr/2020:10:26:30 +0800] "GET /xingrg/check_reg.html?_=1586485671203 HTTP/1.1" 200 22
116.235.222.53 - - [10/Apr/2020:10:26:30 +0800] "GET /xingrg/javascript/easyui/themes/default/validatebox.css HTTP/1.1" 404 1104
116.235.222.53 - - [10/Apr/2020:10:26:30 +0800] "POST /xingrg/kc/buy/cgsh_order_operate.html HTTP/1.1" 200 8245
114.86.227.169 - - [10/Apr/2020:10:26:30 +0800] "GET /xingrg/all/function/internal_message.html?_=1586485671484&CODE_STATE=getMsg HTTP/1.1" 200 27
116.235.222.53 - - [10/Apr/2020:10:26:31 +0800] "GET /xingrg/all/function/internal_message.html?_=1586485583034&CODE_STATE=getMsg HTTP/1.1" 200 27
116.235.222.53 - - [10/Apr/2020:10:26:31 +0800] "GET /xingrg/javascript/easyui/themes/default/tree.css HTTP/1.1" 404 1090
116.235.222.53 - - [10/Apr/2020:10:26:31 +0800] "POST /xingrg/all/common/load_tree.html?tree=supplier_tree_json&isDelete=1 HTTP/1.1" 200 47144
116.238.92.147 - - [10/Apr/2020:10:26:34 +0800] "GET /xingrg/kc/buy/cgsh_order_operate.html?command=get_materiel&rest_code=00102&code=00101008304&supplier_code=00100151&order_time=2020-04-10 HTTP/1.1" 200 412
116.238.92.147 - - [10/Apr/2020:10:26:35 +0800] "GET /xingrg/check_reg.html?_=1586485776906 HTTP/1.1" 200 22
116.238.92.147 - - [10/Apr/2020:10:26:35 +0800] "GET /xingrg/all/function/internal_message.html?_=1586485777197&CODE_STATE=getMsg HTTP/1.1" 200 27
117.185.32.26 - - [10/Apr/2020:10:26:36 +0800] "GET /xingrg/kc/buy/cgsh_order_operate.html?command=get_materiel&rest_code=00106&code=00101016053&supplier_code=00100032&order_time=2020-04-10 HTTP/1.1" 200 408
180.156.150.85 - - [10/Apr/2020:10:26:38 +0800] "GET /xingrg/all/function/internal_message.html?_=1586485599321&CODE_STATE=getMsg HTTP/1.1" 200 27
180.162.102.27 - - [10/Apr/2020:10:26:40 +0800] "GET /xingrg/kc/buy/cgsh_order_operate.html?command=get_materiel&rest_code=00142&code=00101008092&supplier_code=00100161&order_time=2020-04-03 HTTP/1.1" 200 412
117.185.32.26 - - [10/Apr/2020:10:26:40 +0800] "GET /xingrg/all/function/internal_message.html?_=1586486004454&CODE_STATE=getMsg HTTP/1.1" 200 27
58.40.7.146 - - [10/Apr/2020:10:26:40 +0800] "GET /xingrg/all/function/internal_message.html?_=1586485597761&CODE_STATE=getMsg HTTP/1.1" 200 27
58.40.7.146 - - [10/Apr/2020:10:26:41 +0800] "GET /xingrg/all/function/internal_message.html?_=1586485599017&CODE_STATE=getMsg HTTP/1.1" 200 27
180.156.150.85 - - [10/Apr/2020:10:26:46 +0800] "POST /xingrg/kc/buy/cgsh_order_operate.html HTTP/1.1" 200 37
116.235.222.53 - - [10/Apr/2020:10:26:46 +0800] "GET /xingrg/kc/buy/cgsh_order_operate.html?command=get_materiel&rest_code=00107&code=00101003003&supplier_code=00100094&order_time=2020-04-10 HTTP/1.1" 200 416
180.156.150.85 - - [10/Apr/2020:10:26:46 +0800] "POST /xingrg/kc/buy/cgsh_order_operate.html HTTP/1.1" 200 2673
180.156.150.85 - - [10/Apr/2020:10:26:48 +0800] "GET /xingrg/kc/print/load_data.html?order_code=212020041001847&kc_code=cgsh&condition= HTTP/1.1" 200 683
180.162.102.27 - - [10/Apr/2020:10:26:49 +0800] "GET /xingrg/kc/buy/cgsh_order_operate.html?command=get_materiel&rest_code=00142&code=00101008459&supplier_code=00100161&order_time=2020-04-03 HTTP/1.1" 200 395
114.84.33.255 - - [10/Apr/2020:10:27:00 +0800] "GET /xingrg/all/function/internal_message.html?_=1586485633946&CODE_STATE=getMsg HTTP/1.1" 200 27
172.17.0.102 - - [10/Apr/2020:10:27:00 +0800] "GET /xingrg/all/function/internal_message.html?_=1586485621126&CODE_STATE=getMsg HTTP/1.1" 200 27
114.84.32.201 - - [10/Apr/2020:10:27:01 +0800] "GET /xingrg/all/function/internal_message.html?_=1586485616457&CODE_STATE=getMsg HTTP/1.1" 200 27
180.162.102.27 - - [10/Apr/2020:10:27:02 +0800] "POST /xingrg/kc/buy/cgsh_order_operate.html HTTP/1.1" 200 37
180.162.102.27 - - [10/Apr/2020:10:27:03 +0800] "POST /xingrg/kc/buy/cgsh_order_operate.html HTTP/1.1" 200 12080
172.16.0.193 - - [10/Apr/2020:10:27:04 +0800] "GET /xingrg/all/function/internal_message.html?_=1586485621731&CODE_STATE=getMsg HTTP/1.1" 302 -
172.16.0.193 - - [10/Apr/2020:10:27:04 +0800] "GET /xingrg/check_reg.html?_=1586485621735 HTTP/1.1" 302 -
116.235.222.53 - - [10/Apr/2020:10:27:04 +0800] "POST /xingrg/kc/buy/cgsh_order_operate.html HTTP/1.1" 200 37
116.235.222.53 - - [10/Apr/2020:10:27:06 +0800] "POST /xingrg/kc/buy/cgsh_order_operate.html HTTP/1.1" 200 2663
222.70.183.62 - - [10/Apr/2020:10:27:07 +0800] "GET /xingrg/all/function/internal_message.html?_=1586485624750&CODE_STATE=getMsg HTTP/1.1" 200 27
117.185.32.26 - - [10/Apr/2020:10:27:07 +0800] "GET /xingrg/kc/buy/cgsh_order_operate.html?command=get_materiel&rest_code=00106&code=00101005037&supplier_code=00100032&order_time=2020-04-10 HTTP/1.1" 200 409
180.162.232.172 - - [10/Apr/2020:10:27:09 +0800] "GET /xingrg/login.html HTTP/1.1" 200 7641
180.162.232.172 - - [10/Apr/2020:10:27:09 +0800] "GET /favicon.ico HTTP/1.1" 404 -
114.88.159.93 - - [10/Apr/2020:10:27:10 +0800] "GET /xingrg/all/function/internal_message.html?_=1586485630043&CODE_STATE=getMsg HTTP/1.1" 200 27
116.235.222.53 - - [10/Apr/2020:10:27:10 +0800] "GET /xingrg/kc/print/load_data.html?order_code=212020041001849&kc_code=cgsh&condition= HTTP/1.1" 200 751
116.238.92.147 - - [10/Apr/2020:10:27:11 +0800] "GET /xingrg/kc/buy/cgsh_order_operate.html?command=get_materiel&rest_code=00102&code=00101006065&supplier_code=00100151&order_time=2020-04-10 HTTP/1.1" 200 409
120.253.135.82 - - [10/Apr/2020:10:27:13 +0800] "GET /xingrg/all/function/internal_message.html?_=1586485697643&CODE_STATE=getMsg HTTP/1.1" 200 27
222.69.138.15 - - [10/Apr/2020:10:27:13 +0800] "GET /xingrg/all/function/internal_message.html?_=1586485630925&CODE_STATE=getMsg HTTP/1.1" 200 27
116.235.222.53 - - [10/Apr/2020:10:27:14 +0800] "GET /xingrg/kc/buy/cgsh_order_add.html HTTP/1.1" 200 58426
117.131.5.26 - - [10/Apr/2020:10:27:14 +0800] "GET /xingrg/all/function/internal_message.html?_=1586485650828&CODE_STATE=getMsg HTTP/1.1" 200 27
116.235.222.53 - - [10/Apr/2020:10:27:15 +0800] "GET /xingrg/javascript/easyui/themes/default/validatebox.css HTTP/1.1" 404 1104
116.235.222.53 - - [10/Apr/2020:10:27:15 +0800] "POST /xingrg/kc/buy/cgsh_order_operate.html HTTP/1.1" 200 8245
114.84.33.255 - - [10/Apr/2020:10:27:16 +0800] "GET /xingrg/all/function/internal_message.html?_=1586485652609&CODE_STATE=getMsg HTTP/1.1" 200 27
180.97.118.219 - - [10/Apr/2020:10:27:17 +0800] "GET /xingrg/all/function/internal_message.html?_=1586485570039&CODE_STATE=getMsg HTTP/1.1" 302 -
222.70.183.62 - - [10/Apr/2020:10:27:18 +0800] "GET /xingrg/check_reg.html?_=1586485946002 HTTP/1.1" 302 -
222.70.183.62 - - [10/Apr/2020:10:27:18 +0800] "GET /xingrg/all/function/internal_message.html?_=1586485946030&CODE_STATE=getMsg HTTP/1.1" 302 -
116.235.222.53 - - [10/Apr/2020:10:27:19 +0800] "GET /xingrg/javascript/easyui/themes/default/tree.css HTTP/1.1" 404 1090
116.235.222.53 - - [10/Apr/2020:10:27:19 +0800] "POST /xingrg/all/common/load_tree.html?tree=supplier_tree_json&isDelete=1 HTTP/1.1" 200 47144
172.17.0.103 - - [10/Apr/2020:10:27:20 +0800] "GET /xingrg/all/function/internal_message.html?_=1586485641136&CODE_STATE=getMsg HTTP/1.1" 302 -
180.97.118.219 - - [10/Apr/2020:10:27:20 +0800] "GET /xingrg/login.html HTTP/1.1" 200 7641
180.162.102.27 - - [10/Apr/2020:10:27:21 +0800] "GET /xingrg/all/function/internal_message.html?_=1586485112208&CODE_STATE=getMsg HTTP/1.1" 200 27
117.185.32.26 - - [10/Apr/2020:10:27:22 +0800] "GET /xingrg/kc/buy/cgsh_order_operate.html?command=get_materiel&rest_code=00106&code=00101012005&supplier_code=00100032&order_time=2020-04-10 HTTP/1.1" 200 412
180.162.102.27 - - [10/Apr/2020:10:27:23 +0800] "POST /xingrg/kc/buy/cgsh_list_operate.html HTTP/1.1" 200 2412
180.162.102.27 - - [10/Apr/2020:10:27:25 +0800] "POST /xingrg/kc/buy/cgsh_list_operate.html HTTP/1.1" 200 2412
116.238.92.147 - - [10/Apr/2020:10:27:26 +0800] "GET /xingrg/kc/buy/cgsh_order_operate.html?command=get_materiel&rest_code=00102&code=00101007125&supplier_code=00100151&order_time=2020-04-10 HTTP/1.1" 200 406
114.86.227.169 - - [10/Apr/2020:10:27:28 +0800] "GET /xingrg/all/function/internal_message.html?_=1586485731484&CODE_STATE=getMsg HTTP/1.1" 200 27
116.235.222.53 - - [10/Apr/2020:10:27:31 +0800] "GET /xingrg/all/function/internal_message.html?_=1586485643009&CODE_STATE=getMsg HTTP/1.1" 200 27
117.185.32.26 - - [10/Apr/2020:10:27:33 +0800] "POST /xingrg/kc/buy/cgsh_order_operate.html HTTP/1.1" 200 37
117.185.32.26 - - [10/Apr/2020:10:27:33 +0800] "POST /xingrg/kc/buy/cgsh_order_operate.html HTTP/1.1" 200 3829
180.162.102.27 - - [10/Apr/2020:10:27:34 +0800] "GET /xingrg/kc/buy/cgsh_order_add.html HTTP/1.1" 200 57207
180.162.102.27 - - [10/Apr/2020:10:27:34 +0800] "POST /xingrg/kc/buy/cgsh_order_operate.html HTTP/1.1" 200 8245
180.162.102.27 - - [10/Apr/2020:10:27:35 +0800] "GET /xingrg/javascript/easyui/themes/default/validatebox.css HTTP/1.1" 404 1104
117.185.32.26 - - [10/Apr/2020:10:27:35 +0800] "GET /xingrg/kc/buy/buy_main.html HTTP/1.1" 200 12412
117.185.32.26 - - [10/Apr/2020:10:27:35 +0800] "GET /xingrg/css/new_ie.css HTTP/1.1" 404 1036
116.238.92.147 - - [10/Apr/2020:10:27:35 +0800] "GET /xingrg/all/function/internal_message.html?_=1586485837229&CODE_STATE=getMsg HTTP/1.1" 200 27
117.185.32.26 - - [10/Apr/2020:10:27:36 +0800] "GET /xingrg/images/yd/bt.gif HTTP/1.1" 404 1040
117.185.32.26 - - [10/Apr/2020:10:27:36 +0800] "GET /xingrg/kc/buy/cgsh_order_list.html HTTP/1.1" 200 42354
117.185.32.26 - - [10/Apr/2020:10:27:37 +0800] "POST /xingrg/kc/buy/cgsh_list_operate.html HTTP/1.1" 200 3132
116.238.92.147 - - [10/Apr/2020:10:27:38 +0800] "GET /xingrg/kc/buy/cgsh_order_operate.html?command=get_materiel&rest_code=00102&code=00101008032&supplier_code=00100151&order_time=2020-04-10 HTTP/1.1" 200 408
180.156.150.85 - - [10/Apr/2020:10:27:38 +0800] "GET /xingrg/all/function/internal_message.html?_=1586485659297&CODE_STATE=getMsg HTTP/1.1" 200 27
117.185.32.26 - - [10/Apr/2020:10:27:40 +0800] "GET /xingrg/all/function/internal_message.html?_=1586486064438&CODE_STATE=getMsg HTTP/1.1" 200 27
58.40.7.146 - - [10/Apr/2020:10:27:40 +0800] "GET /xingrg/all/function/internal_message.html?_=1586485657765&CODE_STATE=getMsg HTTP/1.1" 200 27
58.40.7.146 - - [10/Apr/2020:10:27:41 +0800] "GET /xingrg/all/function/internal_message.html?_=1586485658991&CODE_STATE=getMsg HTTP/1.1" 200 27
116.235.222.53 - - [10/Apr/2020:10:27:47 +0800] "GET /xingrg/kc/buy/cgsh_order_operate.html?command=get_materiel&rest_code=00107&code=00101001016&supplier_code=00100313&order_time=2020-04-10 HTTP/1.1" 200 434
114.84.33.255 - - [10/Apr/2020:10:28:00 +0800] "GET /xingrg/all/function/internal_message.html?_=1586485693970&CODE_STATE=getMsg HTTP/1.1" 200 27
172.17.0.102 - - [10/Apr/2020:10:28:00 +0800] "GET /xingrg/all/function/internal_message.html?_=1586485681138&CODE_STATE=getMsg HTTP/1.1" 200 27
172.17.0.102 - - [10/Apr/2020:10:28:00 +0800] "GET /xingrg/check_reg.html?_=1586485681143 HTTP/1.1" 200 22
114.84.32.201 - - [10/Apr/2020:10:28:01 +0800] "GET /xingrg/all/function/internal_message.html?_=1586485676458&CODE_STATE=getMsg HTTP/1.1" 200 27
172.16.0.193 - - [10/Apr/2020:10:28:04 +0800] "GET /xingrg/all/function/internal_message.html?_=1586485681745&CODE_STATE=getMsg HTTP/1.1" 302 -
116.235.222.53 - - [10/Apr/2020:10:28:06 +0800] "GET /xingrg/kc/buy/cgsh_order_operate.html?command=get_materiel&rest_code=00107&code=00101001138&supplier_code=00100313&order_time=2020-04-10 HTTP/1.1" 200 415
222.70.183.62 - - [10/Apr/2020:10:28:07 +0800] "GET /xingrg/all/function/internal_message.html?_=1586485684842&CODE_STATE=getMsg HTTP/1.1" 200 27
180.162.102.27 - - [10/Apr/2020:10:28:08 +0800] "GET /xingrg/kc/buy/cgsh_order_operate.html?command=get_materiel&rest_code=00142&code=00101008126&supplier_code=00100161&order_time=2020-04-04 HTTP/1.1" 200 412
114.88.159.93 - - [10/Apr/2020:10:28:10 +0800] "GET /xingrg/check_reg.html?_=1586485690077 HTTP/1.1" 200 22
114.88.159.93 - - [10/Apr/2020:10:28:10 +0800] "GET /xingrg/all/function/internal_message.html?_=1586485690078&CODE_STATE=getMsg HTTP/1.1" 200 27
116.238.92.147 - - [10/Apr/2020:10:28:10 +0800] "GET /xingrg/kc/buy/cgsh_order_operate.html?command=get_materiel&rest_code=00102&code=00101009003&supplier_code=00100151&order_time=2020-04-10 HTTP/1.1" 200 408
120.253.135.82 - - [10/Apr/2020:10:28:13 +0800] "GET /xingrg/all/function/internal_message.html?_=1586485757648&CODE_STATE=getMsg HTTP/1.1" 200 27
222.69.138.15 - - [10/Apr/2020:10:28:13 +0800] "GET /xingrg/all/function/internal_message.html?_=1586485690927&CODE_STATE=getMsg HTTP/1.1" 200 27
117.131.5.26 - - [10/Apr/2020:10:28:14 +0800] "GET /xingrg/check_reg.html?_=1586485710765 HTTP/1.1" 200 22
117.131.5.26 - - [10/Apr/2020:10:28:14 +0800] "GET /xingrg/all/function/internal_message.html?_=1586485710828&CODE_STATE=getMsg HTTP/1.1" 200 27
114.84.33.255 - - [10/Apr/2020:10:28:16 +0800] "GET /xingrg/all/function/internal_message.html?_=1586485712621&CODE_STATE=getMsg HTTP/1.1" 200 27
222.70.183.62 - - [10/Apr/2020:10:28:18 +0800] "GET /xingrg/all/function/internal_message.html?_=1586486006015&CODE_STATE=getMsg HTTP/1.1" 302 -
180.162.102.27 - - [10/Apr/2020:10:28:20 +0800] "GET /xingrg/kc/buy/cgsh_order_operate.html?command=get_materiel&rest_code=00142&code=00101008108&supplier_code=00100161&order_time=2020-04-04 HTTP/1.1" 200 412
172.17.0.103 - - [10/Apr/2020:10:28:20 +0800] "GET /xingrg/all/function/internal_message.html?_=1586485701106&CODE_STATE=getMsg HTTP/1.1" 302 -
180.162.102.27 - - [10/Apr/2020:10:28:21 +0800] "GET /xingrg/all/function/internal_message.html?_=1586485172210&CODE_STATE=getMsg HTTP/1.1" 200 27
180.162.102.27 - - [10/Apr/2020:10:28:24 +0800] "GET /xingrg/check_reg.html?_=1586485172212 HTTP/1.1" 200 22
101.85.52.41 - - [10/Apr/2020:10:28:25 +0800] "GET /xingrg/check_reg.html?_=1586485303929 HTTP/1.1" 302 -
114.86.227.169 - - [10/Apr/2020:10:28:26 +0800] "GET /xingrg/all/function/internal_message.html?_=1586485791484&CODE_STATE=getMsg HTTP/1.1" 200 27
180.162.102.27 - - [10/Apr/2020:10:28:28 +0800] "GET /xingrg/kc/buy/cgsh_order_operate.html?command=get_materiel&rest_code=00142&code=00101008005&supplier_code=00100161&order_time=2020-04-04 HTTP/1.1" 200 412
116.235.222.53 - - [10/Apr/2020:10:28:30 +0800] "GET /xingrg/check_reg.html?_=1586485701336 HTTP/1.1" 200 22
116.235.222.53 - - [10/Apr/2020:10:28:31 +0800] "GET /xingrg/all/function/internal_message.html?_=1586485703022&CODE_STATE=getMsg HTTP/1.1" 200 27
116.235.222.53 - - [10/Apr/2020:10:28:35 +0800] "POST /xingrg/kc/buy/cgsh_order_operate.html HTTP/1.1" 200 37
116.238.92.147 - - [10/Apr/2020:10:28:35 +0800] "GET /xingrg/all/function/internal_message.html?_=1586485897241&CODE_STATE=getMsg HTTP/1.1" 200 27
116.235.222.53 - - [10/Apr/2020:10:28:36 +0800] "POST /xingrg/kc/buy/cgsh_order_operate.html HTTP/1.1" 200 3257
180.156.150.85 - - [10/Apr/2020:10:28:38 +0800] "GET /xingrg/all/function/internal_message.html?_=1586485719272&CODE_STATE=getMsg HTTP/1.1" 200 27
116.235.222.53 - - [10/Apr/2020:10:28:38 +0800] "GET /xingrg/kc/print/load_data.html?order_code=212020041001851&kc_code=cgsh&condition= HTTP/1.1" 200 907
117.185.32.26 - - [10/Apr/2020:10:28:40 +0800] "GET /xingrg/all/function/internal_message.html?_=1586486124423&CODE_STATE=getMsg HTTP/1.1" 200 27
58.40.7.146 - - [10/Apr/2020:10:28:40 +0800] "GET /xingrg/all/function/internal_message.html?_=1586485717767&CODE_STATE=getMsg HTTP/1.1" 200 27
58.40.7.146 - - [10/Apr/2020:10:28:41 +0800] "GET /xingrg/all/function/internal_message.html?_=1586485718962&CODE_STATE=getMsg HTTP/1.1" 200 27
116.235.222.53 - - [10/Apr/2020:10:28:42 +0800] "GET /xingrg/kc/buy/cgsh_order_add.html HTTP/1.1" 200 58426
116.235.222.53 - - [10/Apr/2020:10:28:43 +0800] "GET /xingrg/words/20200410094738_words.js HTTP/1.1" 304 -
116.235.222.53 - - [10/Apr/2020:10:28:43 +0800] "GET /xingrg/javascript/easyui/themes/default/validatebox.css HTTP/1.1" 404 1104
116.235.222.53 - - [10/Apr/2020:10:28:43 +0800] "POST /xingrg/kc/buy/cgsh_order_operate.html HTTP/1.1" 200 8245
116.235.222.53 - - [10/Apr/2020:10:28:44 +0800] "GET /xingrg/javascript/easyui/themes/default/tree.css HTTP/1.1" 404 1090
116.235.222.53 - - [10/Apr/2020:10:28:45 +0800] "POST /xingrg/all/common/load_tree.html?tree=supplier_tree_json&isDelete=1 HTTP/1.1" 200 47144
116.238.92.147 - - [10/Apr/2020:10:28:54 +0800] "POST /xingrg/kc/buy/cgsh_order_operate.html HTTP/1.1" 200 37
116.238.92.147 - - [10/Apr/2020:10:28:55 +0800] "POST /xingrg/kc/buy/cgsh_order_operate.html HTTP/1.1" 200 12121
114.84.33.255 - - [10/Apr/2020:10:29:00 +0800] "GET /xingrg/all/function/internal_message.html?_=1586485753972&CODE_STATE=getMsg HTTP/1.1" 200 27
172.17.0.102 - - [10/Apr/2020:10:29:00 +0800] "GET /xingrg/all/function/internal_message.html?_=1586485741140&CODE_STATE=getMsg HTTP/1.1" 200 27
114.84.32.201 - - [10/Apr/2020:10:29:01 +0800] "GET /xingrg/all/function/internal_message.html?_=1586485736460&CODE_STATE=getMsg HTTP/1.1" 200 27
172.16.0.193 - - [10/Apr/2020:10:29:04 +0800] "GET /xingrg/all/function/internal_message.html?_=1586485741744&CODE_STATE=getMsg HTTP/1.1" 302 -
116.235.222.53 - - [10/Apr/2020:10:29:05 +0800] "GET /xingrg/kc/buy/cgsh_order_operate.html?command=get_materiel&rest_code=00107&code=00101004038&supplier_code=00100347&order_time=2020-04-10 HTTP/1.1" 200 425
222.70.183.62 - - [10/Apr/2020:10:29:07 +0800] "GET /xingrg/all/function/internal_message.html?_=1586485744855&CODE_STATE=getMsg HTTP/1.1" 200 27
180.162.102.27 - - [10/Apr/2020:10:29:08 +0800] "GET /xingrg/kc/buy/cgsh_order_operate.html?command=get_materiel&rest_code=00142&code=00101008268&supplier_code=00100161&order_time=2020-04-04 HTTP/1.1" 200 408
114.88.159.93 - - [10/Apr/2020:10:29:10 +0800] "GET /xingrg/all/function/internal_message.html?_=1586485750069&CODE_STATE=getMsg HTTP/1.1" 200 27
120.253.135.82 - - [10/Apr/2020:10:29:11 +0800] "GET /xingrg/check_reg.html?_=1586485815760 HTTP/1.1" 200 22
120.253.135.82 - - [10/Apr/2020:10:29:13 +0800] "GET /xingrg/all/function/internal_message.html?_=1586485817662&CODE_STATE=getMsg HTTP/1.1" 200 27
222.69.138.15 - - [10/Apr/2020:10:29:13 +0800] "GET /xingrg/all/function/internal_message.html?_=1586485750932&CODE_STATE=getMsg HTTP/1.1" 200 27
114.84.33.255 - - [10/Apr/2020:10:29:14 +0800] "GET /xingrg/check_reg.html?_=1586485770712 HTTP/1.1" 200 22
117.131.5.26 - - [10/Apr/2020:10:29:14 +0800] "GET /xingrg/all/function/internal_message.html?_=1586485770828&CODE_STATE=getMsg HTTP/1.1" 200 27
114.84.33.255 - - [10/Apr/2020:10:29:16 +0800] "GET /xingrg/all/function/internal_message.html?_=1586485772634&CODE_STATE=getMsg HTTP/1.1" 200 27
101.91.62.65 - - [10/Apr/2020:10:29:17 +0800] "GET /xingrg/all/function/internal_message.html?_=1586485690078&CODE_STATE=getMsg HTTP/1.1" 302 -
222.70.183.62 - - [10/Apr/2020:10:29:18 +0800] "GET /xingrg/all/function/internal_message.html?_=1586486066016&CODE_STATE=getMsg HTTP/1.1" 302 -
172.17.0.103 - - [10/Apr/2020:10:29:20 +0800] "GET /xingrg/all/function/internal_message.html?_=1586485761075&CODE_STATE=getMsg HTTP/1.1" 302 -
180.162.102.27 - - [10/Apr/2020:10:29:21 +0800] "GET /xingrg/all/function/internal_message.html?_=1586485232240&CODE_STATE=getMsg HTTP/1.1" 200 27
101.91.62.65 - - [10/Apr/2020:10:29:21 +0800] "GET /xingrg/login.html HTTP/1.1" 200 7641
180.162.102.27 - - [10/Apr/2020:10:29:24 +0800] "GET /xingrg/kc/buy/cgsh_order_operate.html?command=get_materiel&rest_code=00142&code=00101008059&supplier_code=00100161&order_time=2020-04-04 HTTP/1.1" 200 408
114.86.227.169 - - [10/Apr/2020:10:29:24 +0800] "GET /xingrg/all/function/internal_message.html?_=1586485851484&CODE_STATE=getMsg HTTP/1.1" 200 27
116.235.222.53 - - [10/Apr/2020:10:29:31 +0800] "GET /xingrg/all/function/internal_message.html?_=1586485763029&CODE_STATE=getMsg HTTP/1.1" 200 27
116.235.222.53 - - [10/Apr/2020:10:29:31 +0800] "GET /xingrg/kc/buy/cgsh_order_operate.html?command=get_materiel&rest_code=00107&code=00101005022&supplier_code=00100347&order_time=2020-04-10 HTTP/1.1" 200 417
180.162.102.27 - - [10/Apr/2020:10:29:33 +0800] "GET /xingrg/kc/buy/cgsh_order_operate.html?command=get_materiel&rest_code=00142&code=00101008370&supplier_code=00100161&order_time=2020-04-04 HTTP/1.1" 200 412
116.238.92.147 - - [10/Apr/2020:10:29:35 +0800] "GET /xingrg/all/function/internal_message.html?_=1586485957255&CODE_STATE=getMsg HTTP/1.1" 200 27
180.156.150.85 - - [10/Apr/2020:10:29:38 +0800] "GET /xingrg/all/function/internal_message.html?_=1586485779246&CODE_STATE=getMsg HTTP/1.1" 200 27
180.156.150.85 - - [10/Apr/2020:10:29:38 +0800] "GET /xingrg/check_reg.html?_=1586485779454 HTTP/1.1" 200 22
117.185.32.26 - - [10/Apr/2020:10:29:40 +0800] "GET /xingrg/all/function/internal_message.html?_=1586486184414&CODE_STATE=getMsg HTTP/1.1" 200 27
117.185.32.26 - - [10/Apr/2020:10:29:40 +0800] "GET /xingrg/check_reg.html?_=1586486184417 HTTP/1.1" 200 22
58.40.7.146 - - [10/Apr/2020:10:29:40 +0800] "GET /xingrg/all/function/internal_message.html?_=1586485777771&CODE_STATE=getMsg HTTP/1.1" 200 27
58.40.7.146 - - [10/Apr/2020:10:29:40 +0800] "GET /xingrg/check_reg.html?_=1586485777773 HTTP/1.1" 200 22
58.40.7.146 - - [10/Apr/2020:10:29:41 +0800] "GET /xingrg/all/function/internal_message.html?_=1586485778937&CODE_STATE=getMsg HTTP/1.1" 200 27
180.162.102.27 - - [10/Apr/2020:10:29:42 +0800] "GET /xingrg/kc/buy/cgsh_order_operate.html?command=get_materiel&rest_code=00142&code=00101008361&supplier_code=00100161&order_time=2020-04-04 HTTP/1.1" 200 408
116.235.222.53 - - [10/Apr/2020:10:29:45 +0800] "GET /xingrg/kc/buy/cgsh_order_operate.html?command=get_materiel&rest_code=00107&code=00101001128&supplier_code=00100347&order_time=2020-04-10 HTTP/1.1" 200 421
116.235.222.53 - - [10/Apr/2020:10:29:55 +0800] "POST /xingrg/kc/buy/cgsh_order_operate.html HTTP/1.1" 200 37
180.162.102.27 - - [10/Apr/2020:10:29:56 +0800] "GET /xingrg/kc/buy/cgsh_order_operate.html?command=get_materiel&rest_code=00142&code=00101008155&supplier_code=00100161&order_time=2020-04-04 HTTP/1.1" 200 408
116.235.222.53 - - [10/Apr/2020:10:29:57 +0800] "POST /xingrg/kc/buy/cgsh_order_operate.html HTTP/1.1" 200 3855
116.235.222.53 - - [10/Apr/2020:10:29:59 +0800] "GET /xingrg/kc/print/load_data.html?order_code=212020041001853&kc_code=cgsh&condition= HTTP/1.1" 200 1125
114.84.33.255 - - [10/Apr/2020:10:30:00 +0800] "GET /xingrg/all/function/internal_message.html?_=1586485813997&CODE_STATE=getMsg HTTP/1.1" 200 27
172.17.0.102 - - [10/Apr/2020:10:30:00 +0800] "GET /xingrg/all/function/internal_message.html?_=1586485801135&CODE_STATE=getMsg HTTP/1.1" 200 27
114.84.32.201 - - [10/Apr/2020:10:30:01 +0800] "GET /xingrg/all/function/internal_message.html?_=1586485796461&CODE_STATE=getMsg HTTP/1.1" 200 27
116.235.222.53 - - [10/Apr/2020:10:30:03 +0800] "GET /xingrg/kc/buy/cgsh_order_add.html HTTP/1.1" 200 58426
116.235.222.53 - - [10/Apr/2020:10:30:03 +0800] "POST /xingrg/kc/buy/cgsh_order_operate.html HTTP/1.1" 200 8245
116.235.222.53 - - [10/Apr/2020:10:30:03 +0800] "GET /xingrg/javascript/easyui/themes/default/validatebox.css HTTP/1.1" 404 1104
172.16.0.193 - - [10/Apr/2020:10:30:04 +0800] "GET /xingrg/all/function/internal_message.html?_=1586485801740&CODE_STATE=getMsg HTTP/1.1" 302 -
116.235.222.53 - - [10/Apr/2020:10:30:05 +0800] "GET /xingrg/javascript/easyui/themes/default/tree.css HTTP/1.1" 404 1090
116.235.222.53 - - [10/Apr/2020:10:30:05 +0800] "POST /xingrg/all/common/load_tree.html?tree=supplier_tree_json&isDelete=1 HTTP/1.1" 200 47144
222.70.183.62 - - [10/Apr/2020:10:30:07 +0800] "GET /xingrg/all/function/internal_message.html?_=1586485804947&CODE_STATE=getMsg HTTP/1.1" 200 27
180.162.102.27 - - [10/Apr/2020:10:30:08 +0800] "GET /xingrg/kc/buy/cgsh_order_operate.html?command=get_materiel&rest_code=00142&code=00101008355&supplier_code=00100161&order_time=2020-04-04 HTTP/1.1" 200 408
114.88.159.93 - - [10/Apr/2020:10:30:10 +0800] "GET /xingrg/all/function/internal_message.html?_=1586485810066&CODE_STATE=getMsg HTTP/1.1" 200 27
120.253.135.82 - - [10/Apr/2020:10:30:13 +0800] "GET /xingrg/all/function/internal_message.html?_=1586485877676&CODE_STATE=getMsg HTTP/1.1" 200 27
222.69.138.15 - - [10/Apr/2020:10:30:13 +0800] "GET /xingrg/all/function/internal_message.html?_=1586485810939&CODE_STATE=getMsg HTTP/1.1" 200 27
117.131.5.26 - - [10/Apr/2020:10:30:14 +0800] "GET /xingrg/all/function/internal_message.html?_=1586485830828&CODE_STATE=getMsg HTTP/1.1" 200 27
116.235.222.53 - - [10/Apr/2020:10:30:15 +0800] "GET /xingrg/kc/buy/cgsh_order_operate.html?command=get_materiel&rest_code=00107&code=00101003025&supplier_code=00100093&order_time=2020-04-10 HTTP/1.1" 200 409
114.84.33.255 - - [10/Apr/2020:10:30:16 +0800] "GET /xingrg/all/function/internal_message.html?_=1586485832648&CODE_STATE=getMsg HTTP/1.1" 200 27
222.70.183.62 - - [10/Apr/2020:10:30:18 +0800] "GET /xingrg/all/function/internal_message.html?_=1586486126023&CODE_STATE=getMsg HTTP/1.1" 302 -
172.17.0.103 - - [10/Apr/2020:10:30:20 +0800] "GET /xingrg/all/function/internal_message.html?_=1586485821045&CODE_STATE=getMsg HTTP/1.1" 302 -
222.70.183.62 - - [10/Apr/2020:10:30:21 +0800] "GET /xingrg/check_reg.html?_=1586485819002 HTTP/1.1" 200 22
180.162.102.27 - - [10/Apr/2020:10:30:21 +0800] "GET /xingrg/all/function/internal_message.html?_=1586485292221&CODE_STATE=getMsg HTTP/1.1" 200 27
114.86.227.169 - - [10/Apr/2020:10:30:22 +0800] "GET /xingrg/all/function/internal_message.html?_=1586485911484&CODE_STATE=getMsg HTTP/1.1" 200 27
116.235.222.53 - - [10/Apr/2020:10:30:23 +0800] "POST /xingrg/kc/buy/cgsh_order_operate.html HTTP/1.1" 200 37
180.162.102.27 - - [10/Apr/2020:10:30:23 +0800] "GET /xingrg/kc/buy/cgsh_order_operate.html?command=get_materiel&rest_code=00142&code=00101008372&supplier_code=00100161&order_time=2020-04-04 HTTP/1.1" 200 408
116.235.222.53 - - [10/Apr/2020:10:30:23 +0800] "POST /xingrg/kc/buy/cgsh_order_operate.html HTTP/1.1" 200 2653
116.235.222.53 - - [10/Apr/2020:10:30:25 +0800] "GET /xingrg/kc/print/load_data.html?order_code=212020041001854&kc_code=cgsh&condition= HTTP/1.1" 200 713
116.235.222.53 - - [10/Apr/2020:10:30:31 +0800] "GET /xingrg/all/function/internal_message.html?_=1586485823011&CODE_STATE=getMsg HTTP/1.1" 200 27
180.162.102.27 - - [10/Apr/2020:10:30:34 +0800] "GET /xingrg/kc/buy/cgsh_order_operate.html?command=get_materiel&rest_code=00142&code=00101008024&supplier_code=00100161&order_time=2020-04-04 HTTP/1.1" 200 408
116.238.92.147 - - [10/Apr/2020:10:30:36 +0800] "GET /xingrg/all/function/internal_message.html?_=1586486017406&CODE_STATE=getMsg HTTP/1.1" 200 27
180.156.150.85 - - [10/Apr/2020:10:30:38 +0800] "GET /xingrg/all/function/internal_message.html?_=1586485839216&CODE_STATE=getMsg HTTP/1.1" 200 27
117.185.32.26 - - [10/Apr/2020:10:30:40 +0800] "GET /xingrg/all/function/internal_message.html?_=1586486244421&CODE_STATE=getMsg HTTP/1.1" 200 27
58.40.7.146 - - [10/Apr/2020:10:30:40 +0800] "GET /xingrg/all/function/internal_message.html?_=1586485837775&CODE_STATE=getMsg HTTP/1.1" 200 27
58.40.7.146 - - [10/Apr/2020:10:30:41 +0800] "GET /xingrg/all/function/internal_message.html?_=1586485838911&CODE_STATE=getMsg HTTP/1.1" 200 27
114.84.33.255 - - [10/Apr/2020:10:30:44 +0800] "GET /xingrg/check_reg.html?_=1586485858433 HTTP/1.1" 200 22
180.162.102.27 - - [10/Apr/2020:10:30:45 +0800] "GET /xingrg/kc/buy/cgsh_order_operate.html?command=get_materiel&rest_code=00142&code=00101008356&supplier_code=00100161&order_time=2020-04-04 HTTP/1.1" 200 408
180.162.102.27 - - [10/Apr/2020:10:30:59 +0800] "GET /xingrg/kc/buy/cgsh_order_operate.html?command=get_materiel&rest_code=00142&code=00101008286&supplier_code=00100161&order_time=2020-04-04 HTTP/1.1" 200 408
114.84.33.255 - - [10/Apr/2020:10:31:00 +0800] "GET /xingrg/all/function/internal_message.html?_=1586485874002&CODE_STATE=getMsg HTTP/1.1" 200 27
172.17.0.102 - - [10/Apr/2020:10:31:00 +0800] "GET /xingrg/all/function/internal_message.html?_=1586485861138&CODE_STATE=getMsg HTTP/1.1" 200 27
114.84.32.201 - - [10/Apr/2020:10:31:01 +0800] "GET /xingrg/all/function/internal_message.html?_=1586485856466&CODE_STATE=getMsg HTTP/1.1" 200 27
114.84.32.201 - - [10/Apr/2020:10:31:01 +0800] "GET /xingrg/check_reg.html?_=1586485856463 HTTP/1.1" 200 22
172.16.0.193 - - [10/Apr/2020:10:31:04 +0800] "GET /xingrg/all/function/internal_message.html?_=1586485861753&CODE_STATE=getMsg HTTP/1.1" 302 -
58.40.7.146 - - [10/Apr/2020:10:31:04 +0800] "GET /xingrg/check_reg.html?_=1586485861898 HTTP/1.1" 200 22
117.185.32.26 - - [10/Apr/2020:10:31:05 +0800] "GET /xingrg/kc/base/base_main.html HTTP/1.1" 200 12142
172.17.0.119 - - [10/Apr/2020:10:31:05 +0800] "GET /favicon.ico HTTP/1.1" 404 -
117.185.32.26 - - [10/Apr/2020:10:31:06 +0800] "GET /xingrg/kc/base/wldb_order_list.html HTTP/1.1" 200 19252
117.185.32.26 - - [10/Apr/2020:10:31:07 +0800] "POST /xingrg/kc/base/wldb_list_operate.html HTTP/1.1" 200 928
222.70.183.62 - - [10/Apr/2020:10:31:07 +0800] "GET /xingrg/all/function/internal_message.html?_=1586485864959&CODE_STATE=getMsg HTTP/1.1" 200 27
117.185.32.26 - - [10/Apr/2020:10:31:08 +0800] "GET /xingrg/kc/base/wldb_order_add.html HTTP/1.1" 200 30313
117.185.32.26 - - [10/Apr/2020:10:31:08 +0800] "GET /xingrg/words/20200410094738_words.js HTTP/1.1" 304 -
117.185.32.26 - - [10/Apr/2020:10:31:08 +0800] "POST /xingrg/kc/base/wldb_order_operate.html HTTP/1.1" 200 6806
117.185.32.26 - - [10/Apr/2020:10:31:08 +0800] "GET /xingrg/javascript/easyui/themes/default/validatebox.css HTTP/1.1" 404 1104
114.88.159.93 - - [10/Apr/2020:10:31:10 +0800] "GET /xingrg/all/function/internal_message.html?_=1586485870073&CODE_STATE=getMsg HTTP/1.1" 200 27
117.185.32.26 - - [10/Apr/2020:10:31:11 +0800] "POST /xingrg/all/common/load_combo.html?type=base HTTP/1.1" 200 2878
180.162.102.27 - - [10/Apr/2020:10:31:11 +0800] "GET /xingrg/kc/buy/cgsh_order_operate.html?command=get_materiel&rest_code=00142&code=00101008353&supplier_code=00100161&order_time=2020-04-04 HTTP/1.1" 200 428
120.253.135.82 - - [10/Apr/2020:10:31:13 +0800] "GET /xingrg/all/function/internal_message.html?_=1586485937690&CODE_STATE=getMsg HTTP/1.1" 200 27
222.69.138.15 - - [10/Apr/2020:10:31:13 +0800] "GET /xingrg/all/function/internal_message.html?_=1586485870941&CODE_STATE=getMsg HTTP/1.1" 200 27
222.69.138.15 - - [10/Apr/2020:10:31:13 +0800] "GET /xingrg/check_reg.html?_=1586485870948 HTTP/1.1" 200 22
117.131.5.26 - - [10/Apr/2020:10:31:14 +0800] "GET /xingrg/all/function/internal_message.html?_=1586485890828&CODE_STATE=getMsg HTTP/1.1" 200 27
117.185.32.26 - - [10/Apr/2020:10:31:15 +0800] "POST /xingrg/all/common/load_combo.html?type=base HTTP/1.1" 200 2878
61.151.178.174 - - [10/Apr/2020:10:31:15 +0800] "GET /xingrg/all/function/internal_message.html?_=1586485810066&CODE_STATE=getMsg HTTP/1.1" 302 -
114.84.33.255 - - [10/Apr/2020:10:31:16 +0800] "GET /xingrg/all/function/internal_message.html?_=1586485892662&CODE_STATE=getMsg HTTP/1.1" 200 27
180.162.232.172 - - [10/Apr/2020:10:31:16 +0800] "POST /xingrg/login.do HTTP/1.1" 302 -
180.162.232.172 - - [10/Apr/2020:10:31:16 +0800] "GET /xingrg/index.html?sysBaseUrl=http%3A%2F%2F180.169.147.146%3A18081%2Fxingrg%2F&costTime=37×tamp=1586485876644 HTTP/1.1" 200 17179
180.162.232.172 - - [10/Apr/2020:10:31:16 +0800] "GET /xingrg/javascript/jquery_easy_ui/themes/icon.css HTTP/1.1" 304 -
180.162.232.172 - - [10/Apr/2020:10:31:16 +0800] "GET /xingrg/javascript/jquery_easy_ui/themes/default/easyui.css HTTP/1.1" 304 -
180.162.232.172 - - [10/Apr/2020:10:31:16 +0800] "GET /xingrg/css/form.css HTTP/1.1" 304 -
180.162.232.172 - - [10/Apr/2020:10:31:16 +0800] "GET /xingrg/javascript/jquery_easy_ui/jquery.easyui.min.js HTTP/1.1" 304 -
180.162.232.172 - - [10/Apr/2020:10:31:16 +0800] "GET /xingrg/javascript/jquery_easy_ui/easyui-lang-zh_CN.js HTTP/1.1" 304 -
180.162.232.172 - - [10/Apr/2020:10:31:16 +0800] "GET /xingrg/javascript/jquery.form.js HTTP/1.1" 304 -
180.162.232.172 - - [10/Apr/2020:10:31:16 +0800] "GET /xingrg/javascript/jquery.utils.js HTTP/1.1" 304 -
180.162.232.172 - - [10/Apr/2020:10:31:16 +0800] "GET /xingrg/javascript/jquery.timers.js HTTP/1.1" 304 -
180.162.232.172 - - [10/Apr/2020:10:31:16 +0800] "GET /xingrg/javascript/jquery-1.4.2.min.js HTTP/1.1" 304 -
180.162.232.172 - - [10/Apr/2020:10:31:16 +0800] "POST /xingrg/all/common/load_tree.html?tree=area_rest_tree_json&manage=1 HTTP/1.1" 200 476
180.162.232.172 - - [10/Apr/2020:10:31:16 +0800] "GET /xingrg/all/function/internal_message.html?_=1586486004635&CODE_STATE=count HTTP/1.1" 200 11
180.162.232.172 - - [10/Apr/2020:10:31:16 +0800] "GET /xingrg/check_reg.html?_=1586486004637 HTTP/1.1" 200 22
180.162.232.172 - - [10/Apr/2020:10:31:16 +0800] "POST /xingrg/load_menu.html HTTP/1.1" 200 5138
180.162.232.172 - - [10/Apr/2020:10:31:16 +0800] "GET /favicon.ico HTTP/1.1" 404 -
222.70.183.62 - - [10/Apr/2020:10:31:18 +0800] "GET /xingrg/all/function/internal_message.html?_=1586486186062&CODE_STATE=getMsg HTTP/1.1" 302 -
