120.253.135.82 - - [10/Apr/2020:11:21:25 +0800] "GET /xingrg/all/function/internal_message.html?_=1586488631956&CODE_STATE=getMsg HTTP/1.1" 200 27
117.185.32.26 - - [10/Apr/2020:11:21:26 +0800] "POST /xingrg/kc/buy/cgsh_order_operate.html HTTP/1.1" 200 12
180.162.102.27 - - [10/Apr/2020:11:21:26 +0800] "POST /xingrg/kc/buy/cgsh_list_operate.html HTTP/1.1" 200 4222
117.185.32.26 - - [10/Apr/2020:11:21:27 +0800] "GET /xingrg/kc/buy/cgsh_order_info.html?code=212020041001900 HTTP/1.1" 200 52863
117.185.32.26 - - [10/Apr/2020:11:21:28 +0800] "GET /xingrg/javascript/easyui/themes/default/validatebox.css HTTP/1.1" 404 1104
117.185.32.26 - - [10/Apr/2020:11:21:28 +0800] "POST /xingrg/kc/buy/cgsh_order_operate.html HTTP/1.1" 200 2984
116.235.222.53 - - [10/Apr/2020:11:21:30 +0800] "GET /xingrg/all/function/internal_message.html?_=1586488882002&CODE_STATE=getMsg HTTP/1.1" 200 27
117.185.32.26 - - [10/Apr/2020:11:21:30 +0800] "GET /xingrg/kc/print/load_config.html?kc_code=cgsh HTTP/1.1" 200 1841
117.185.32.26 - - [10/Apr/2020:11:21:30 +0800] "GET /xingrg/kc/print/load_data.html?order_code=212020041001900&kc_code=cgsh&condition= HTTP/1.1" 200 1599
58.221.95.50 - - [10/Apr/2020:11:21:32 +0800] "GET /xingrg/all/function/internal_message.html?_=1586488892500&CODE_STATE=getMsg HTTP/1.1" 302 -
180.157.252.250 - - [10/Apr/2020:11:21:32 +0800] "GET /xingrg/all/function/internal_message.html?_=1586488889820&CODE_STATE=getMsg HTTP/1.1" 200 27
116.238.92.147 - - [10/Apr/2020:11:21:36 +0800] "GET /xingrg/check_reg.html?_=1586489077655 HTTP/1.1" 200 22
180.156.150.85 - - [10/Apr/2020:11:21:37 +0800] "GET /xingrg/all/function/internal_message.html?_=1586488898166&CODE_STATE=getMsg HTTP/1.1" 200 27
172.17.0.119 - - [10/Apr/2020:11:21:38 +0800] "GET /xingrg/all/function/internal_message.html?_=1586488896060&CODE_STATE=getMsg HTTP/1.1" 200 27
116.238.92.147 - - [10/Apr/2020:11:21:39 +0800] "GET /xingrg/all/function/internal_message.html?_=1586489081314&CODE_STATE=getMsg HTTP/1.1" 200 27
58.40.7.146 - - [10/Apr/2020:11:21:40 +0800] "GET /xingrg/all/function/internal_message.html?_=1586488897560&CODE_STATE=getMsg HTTP/1.1" 200 27
117.185.32.26 - - [10/Apr/2020:11:21:40 +0800] "GET /xingrg/all/function/internal_message.html?_=1586489304657&CODE_STATE=getMsg HTTP/1.1" 200 27
58.40.7.146 - - [10/Apr/2020:11:21:40 +0800] "GET /xingrg/all/function/internal_message.html?_=1586488897819&CODE_STATE=getMsg HTTP/1.1" 200 27
180.162.102.27 - - [10/Apr/2020:11:21:41 +0800] "GET /xingrg/all/function/internal_message.html?_=1586488371658&CODE_STATE=getMsg HTTP/1.1" 200 27
172.17.0.102 - - [10/Apr/2020:11:21:51 +0800] "GET /xingrg/all/function/internal_message.html?_=1586488911921&CODE_STATE=getMsg HTTP/1.1" 200 27
117.185.32.26 - - [10/Apr/2020:11:21:55 +0800] "GET /xingrg/kc/buy/cgsh_order_add.html HTTP/1.1" 200 57969
117.185.32.26 - - [10/Apr/2020:11:21:55 +0800] "POST /xingrg/kc/buy/cgsh_order_operate.html HTTP/1.1" 200 8245
117.185.32.26 - - [10/Apr/2020:11:21:55 +0800] "GET /xingrg/javascript/easyui/themes/default/validatebox.css HTTP/1.1" 404 1104
172.17.0.123 - - [10/Apr/2020:11:21:56 +0800] "GET /xingrg/all/function/internal_message.html?_=1586488911311&CODE_STATE=getMsg HTTP/1.1" 200 27
117.185.32.26 - - [10/Apr/2020:11:21:57 +0800] "GET /xingrg/javascript/easyui/themes/default/tree.css HTTP/1.1" 404 1090
117.185.32.26 - - [10/Apr/2020:11:21:57 +0800] "POST /xingrg/all/common/load_tree.html?tree=supplier_tree_json&isDelete=1 HTTP/1.1" 200 47144
114.84.33.255 - - [10/Apr/2020:11:22:01 +0800] "GET /xingrg/all/function/internal_message.html?_=1586488934943&CODE_STATE=getMsg HTTP/1.1" 200 27
222.70.183.62 - - [10/Apr/2020:11:22:03 +0800] "GET /xingrg/all/function/internal_message.html?_=1586488920613&CODE_STATE=getMsg HTTP/1.1" 200 27
172.16.0.193 - - [10/Apr/2020:11:22:04 +0800] "GET /xingrg/check_reg.html?_=1586488921735 HTTP/1.1" 302 -
172.16.0.193 - - [10/Apr/2020:11:22:04 +0800] "GET /xingrg/all/function/internal_message.html?_=1586488921739&CODE_STATE=getMsg HTTP/1.1" 302 -
114.88.159.93 - - [10/Apr/2020:11:22:09 +0800] "GET /xingrg/all/function/internal_message.html?_=1586488929289&CODE_STATE=getMsg HTTP/1.1" 200 27
222.70.183.62 - - [10/Apr/2020:11:22:09 +0800] "GET /xingrg/all/function/internal_message.html?_=1586488927088&CODE_STATE=getMsg HTTP/1.1" 200 27
222.70.208.105 - - [10/Apr/2020:11:22:11 +0800] "GET /xingrg/all/function/internal_message.html?_=1586488964076&CODE_STATE=getMsg HTTP/1.1" 302 -
222.69.138.15 - - [10/Apr/2020:11:22:12 +0800] "GET /xingrg/all/function/internal_message.html?_=1586488929904&CODE_STATE=getMsg HTTP/1.1" 200 27
120.253.135.82 - - [10/Apr/2020:11:22:14 +0800] "GET /xingrg/all/function/internal_message.html?_=1586488998717&CODE_STATE=getMsg HTTP/1.1" 200 27
117.131.5.26 - - [10/Apr/2020:11:22:14 +0800] "GET /xingrg/all/function/internal_message.html?_=1586488950828&CODE_STATE=getMsg HTTP/1.1" 200 27
114.84.33.255 - - [10/Apr/2020:11:22:18 +0800] "GET /xingrg/all/function/internal_message.html?_=1586488954566&CODE_STATE=getMsg HTTP/1.1" 200 27
222.70.183.62 - - [10/Apr/2020:11:22:18 +0800] "GET /xingrg/check_reg.html?_=1586489246095 HTTP/1.1" 302 -
222.70.183.62 - - [10/Apr/2020:11:22:18 +0800] "GET /xingrg/all/function/internal_message.html?_=1586489246099&CODE_STATE=getMsg HTTP/1.1" 302 -
172.17.0.103 - - [10/Apr/2020:11:22:19 +0800] "GET /xingrg/all/function/internal_message.html?_=1586488939826&CODE_STATE=getMsg HTTP/1.1" 302 -
120.253.135.82 - - [10/Apr/2020:11:22:25 +0800] "GET /xingrg/all/function/internal_message.html?_=1586488691982&CODE_STATE=getMsg HTTP/1.1" 200 27
180.156.150.85 - - [10/Apr/2020:11:22:26 +0800] "GET /xingrg/kc/base/wldb_order_list.html HTTP/1.1" 200 19252
180.156.150.85 - - [10/Apr/2020:11:22:26 +0800] "POST /xingrg/kc/base/wldb_list_operate.html HTTP/1.1" 200 2950
180.156.150.85 - - [10/Apr/2020:11:22:28 +0800] "GET /xingrg/kc/base/wldb_order_add.html HTTP/1.1" 200 30313
180.156.150.85 - - [10/Apr/2020:11:22:29 +0800] "GET /xingrg/javascript/easyui/themes/default/validatebox.css HTTP/1.1" 404 1104
180.156.150.85 - - [10/Apr/2020:11:22:29 +0800] "POST /xingrg/kc/base/wldb_order_operate.html HTTP/1.1" 200 6806
180.156.150.85 - - [10/Apr/2020:11:22:29 +0800] "POST /xingrg/all/common/load_combo.html?type=base HTTP/1.1" 200 2878
116.235.222.53 - - [10/Apr/2020:11:22:30 +0800] "GET /xingrg/all/function/internal_message.html?_=1586488941974&CODE_STATE=getMsg HTTP/1.1" 200 27
58.221.95.50 - - [10/Apr/2020:11:22:32 +0800] "GET /xingrg/all/function/internal_message.html?_=1586488952495&CODE_STATE=getMsg HTTP/1.1" 302 -
180.157.252.250 - - [10/Apr/2020:11:22:32 +0800] "GET /xingrg/all/function/internal_message.html?_=1586488949821&CODE_STATE=getMsg HTTP/1.1" 200 27
180.157.252.250 - - [10/Apr/2020:11:22:32 +0800] "GET /xingrg/check_reg.html?_=1586488949827 HTTP/1.1" 200 22
180.156.150.85 - - [10/Apr/2020:11:22:34 +0800] "GET /xingrg/javascript/auto/indicator.gif HTTP/1.1" 404 1066
180.156.150.85 - - [10/Apr/2020:11:22:37 +0800] "GET /xingrg/all/function/internal_message.html?_=1586488958145&CODE_STATE=getMsg HTTP/1.1" 200 27
117.185.32.26 - - [10/Apr/2020:11:22:37 +0800] "GET /xingrg/kc/buy/cgsh_order_operate.html?command=get_materiel&rest_code=00106&code=00101001140&supplier_code=00100090&order_time=2020-04-10 HTTP/1.1" 200 415
172.17.0.119 - - [10/Apr/2020:11:22:38 +0800] "GET /xingrg/all/function/internal_message.html?_=1586488956050&CODE_STATE=getMsg HTTP/1.1" 200 27
172.17.0.119 - - [10/Apr/2020:11:22:38 +0800] "GET /xingrg/check_reg.html?_=1586488956051 HTTP/1.1" 200 22
116.238.92.147 - - [10/Apr/2020:11:22:39 +0800] "GET /xingrg/all/function/internal_message.html?_=1586489141328&CODE_STATE=getMsg HTTP/1.1" 200 27
180.162.232.172 - - [10/Apr/2020:11:22:40 +0800] "GET /xingrg/kc/base/wldb_order_operate.html?command=get_materiel&rest_code=00150&base_code=0010445&code=00101019405 HTTP/1.1" 200 468
58.40.7.146 - - [10/Apr/2020:11:22:40 +0800] "GET /xingrg/all/function/internal_message.html?_=1586488957534&CODE_STATE=getMsg HTTP/1.1" 200 27
117.185.32.26 - - [10/Apr/2020:11:22:40 +0800] "GET /xingrg/all/function/internal_message.html?_=1586489364670&CODE_STATE=getMsg HTTP/1.1" 200 27
58.40.7.146 - - [10/Apr/2020:11:22:40 +0800] "GET /xingrg/all/function/internal_message.html?_=1586488957823&CODE_STATE=getMsg HTTP/1.1" 200 27
180.156.150.85 - - [10/Apr/2020:11:22:41 +0800] "GET /xingrg/kc/base/wldb_order_operate.html?command=get_materiel&rest_code=00105&base_code=0010508&code=00102002204 HTTP/1.1" 200 434
180.162.102.27 - - [10/Apr/2020:11:22:41 +0800] "GET /xingrg/all/function/internal_message.html?_=1586488431656&CODE_STATE=getMsg HTTP/1.1" 200 27
180.162.232.172 - - [10/Apr/2020:11:22:48 +0800] "GET /xingrg/kc/base/wldb_order_operate.html?command=get_materiel&rest_code=00150&base_code=0010445&code=00101019505 HTTP/1.1" 200 480
180.156.150.85 - - [10/Apr/2020:11:22:48 +0800] "GET /xingrg/kc/base/wldb_order_operate.html?command=get_materiel&rest_code=00105&base_code=0010508&code=00102004030 HTTP/1.1" 200 442
172.17.0.102 - - [10/Apr/2020:11:22:51 +0800] "GET /xingrg/all/function/internal_message.html?_=1586488971907&CODE_STATE=getMsg HTTP/1.1" 200 27
180.156.150.85 - - [10/Apr/2020:11:22:55 +0800] "GET /xingrg/kc/base/wldb_order_operate.html?command=get_materiel&rest_code=00105&base_code=0010508&code=00102002511 HTTP/1.1" 200 434
172.17.0.123 - - [10/Apr/2020:11:22:56 +0800] "GET /xingrg/all/function/internal_message.html?_=1586488971317&CODE_STATE=getMsg HTTP/1.1" 200 27
180.162.232.172 - - [10/Apr/2020:11:22:57 +0800] "GET /xingrg/kc/base/wldb_order_operate.html?command=get_materiel&rest_code=00150&base_code=0010445&code=00101019476 HTTP/1.1" 200 477
180.156.150.85 - - [10/Apr/2020:11:22:58 +0800] "POST /xingrg/kc/base/wldb_order_operate.html HTTP/1.1" 200 37
180.162.232.172 - - [10/Apr/2020:11:22:58 +0800] "GET /xingrg/check_reg.html?_=1586489106590 HTTP/1.1" 200 22
180.156.150.85 - - [10/Apr/2020:11:22:59 +0800] "POST /xingrg/kc/base/wldb_order_operate.html HTTP/1.1" 200 3150
180.156.150.85 - - [10/Apr/2020:11:22:59 +0800] "GET /xingrg/kc/base/wldb_order_info.html?code=422020041000543 HTTP/1.1" 200 30327
180.156.150.85 - - [10/Apr/2020:11:23:00 +0800] "GET /xingrg/javascript/easyui/themes/default/validatebox.css HTTP/1.1" 404 1104
180.156.150.85 - - [10/Apr/2020:11:23:00 +0800] "POST /xingrg/kc/base/wldb_order_operate.html HTTP/1.1" 200 3150
114.84.33.255 - - [10/Apr/2020:11:23:01 +0800] "GET /xingrg/all/function/internal_message.html?_=1586488994973&CODE_STATE=getMsg HTTP/1.1" 200 27
180.156.150.85 - - [10/Apr/2020:11:23:01 +0800] "GET /xingrg/kc/base/wldb_order_add.html HTTP/1.1" 200 30313
180.156.150.85 - - [10/Apr/2020:11:23:01 +0800] "POST /xingrg/kc/base/wldb_order_operate.html HTTP/1.1" 200 6806
180.156.150.85 - - [10/Apr/2020:11:23:02 +0800] "GET /xingrg/javascript/easyui/themes/default/validatebox.css HTTP/1.1" 404 1104
222.70.183.62 - - [10/Apr/2020:11:23:03 +0800] "GET /xingrg/all/function/internal_message.html?_=1586488980649&CODE_STATE=getMsg HTTP/1.1" 200 27
172.16.0.193 - - [10/Apr/2020:11:23:04 +0800] "GET /xingrg/all/function/internal_message.html?_=1586488981757&CODE_STATE=getMsg HTTP/1.1" 302 -
180.156.150.85 - - [10/Apr/2020:11:23:05 +0800] "POST /xingrg/all/common/load_combo.html?type=base HTTP/1.1" 200 2878
114.88.159.93 - - [10/Apr/2020:11:23:09 +0800] "GET /xingrg/all/function/internal_message.html?_=1586488989263&CODE_STATE=getMsg HTTP/1.1" 200 27
222.70.183.62 - - [10/Apr/2020:11:23:09 +0800] "GET /xingrg/all/function/internal_message.html?_=1586488987171&CODE_STATE=getMsg HTTP/1.1" 200 27
114.88.159.93 - - [10/Apr/2020:11:23:10 +0800] "GET /xingrg/check_reg.html?_=1586488990167 HTTP/1.1" 200 22
222.70.208.105 - - [10/Apr/2020:11:23:11 +0800] "GET /xingrg/all/function/internal_message.html?_=1586489024065&CODE_STATE=getMsg HTTP/1.1" 302 -
222.69.138.15 - - [10/Apr/2020:11:23:12 +0800] "GET /xingrg/all/function/internal_message.html?_=1586488989875&CODE_STATE=getMsg HTTP/1.1" 200 27
120.253.135.82 - - [10/Apr/2020:11:23:14 +0800] "GET /xingrg/all/function/internal_message.html?_=1586489058723&CODE_STATE=getMsg HTTP/1.1" 200 27
117.131.5.26 - - [10/Apr/2020:11:23:14 +0800] "GET /xingrg/check_reg.html?_=1586489010765 HTTP/1.1" 200 22
117.131.5.26 - - [10/Apr/2020:11:23:14 +0800] "GET /xingrg/all/function/internal_message.html?_=1586489010828&CODE_STATE=getMsg HTTP/1.1" 200 27
114.84.33.255 - - [10/Apr/2020:11:23:17 +0800] "GET /xingrg/all/function/internal_message.html?_=1586489014570&CODE_STATE=getMsg HTTP/1.1" 200 27
222.70.183.62 - - [10/Apr/2020:11:23:18 +0800] "GET /xingrg/all/function/internal_message.html?_=1586489306099&CODE_STATE=getMsg HTTP/1.1" 302 -
172.17.0.103 - - [10/Apr/2020:11:23:19 +0800] "GET /xingrg/all/function/internal_message.html?_=1586488999800&CODE_STATE=getMsg HTTP/1.1" 302 -
180.156.150.85 - - [10/Apr/2020:11:23:19 +0800] "GET /xingrg/kc/base/wldb_order_operate.html?command=get_materiel&rest_code=00105&base_code=0010507&code=00101019692 HTTP/1.1" 200 452
117.185.32.26 - - [10/Apr/2020:11:23:20 +0800] "GET /xingrg/kc/buy/cgsh_order_operate.html?command=get_materiel&rest_code=00106&code=00101001125&supplier_code=00100090&order_time=2020-04-10 HTTP/1.1" 200 435
180.156.150.85 - - [10/Apr/2020:11:23:24 +0800] "GET /xingrg/kc/base/wldb_order_operate.html?command=get_materiel&rest_code=00105&base_code=0010507&code=00101019142 HTTP/1.1" 200 449
101.85.52.41 - - [10/Apr/2020:11:23:25 +0800] "GET /xingrg/check_reg.html?_=1586488603707 HTTP/1.1" 302 -
120.253.135.82 - - [10/Apr/2020:11:23:25 +0800] "GET /xingrg/all/function/internal_message.html?_=1586488751998&CODE_STATE=getMsg HTTP/1.1" 200 27
180.156.150.85 - - [10/Apr/2020:11:23:29 +0800] "GET /xingrg/kc/base/wldb_order_operate.html?command=get_materiel&rest_code=00105&base_code=0010507&code=00101011005 HTTP/1.1" 200 430
116.235.222.53 - - [10/Apr/2020:11:23:30 +0800] "GET /xingrg/check_reg.html?_=1586489001426 HTTP/1.1" 200 22
116.235.222.53 - - [10/Apr/2020:11:23:30 +0800] "GET /xingrg/all/function/internal_message.html?_=1586489001950&CODE_STATE=getMsg HTTP/1.1" 200 27
180.162.232.172 - - [10/Apr/2020:11:23:31 +0800] "POST /xingrg/kc/base/wldb_order_operate.html HTTP/1.1" 200 37
180.162.232.172 - - [10/Apr/2020:11:23:32 +0800] "POST /xingrg/kc/base/wldb_order_operate.html HTTP/1.1" 200 3731
58.221.95.50 - - [10/Apr/2020:11:23:32 +0800] "GET /xingrg/all/function/internal_message.html?_=1586489012464&CODE_STATE=getMsg HTTP/1.1" 302 -
180.157.252.250 - - [10/Apr/2020:11:23:32 +0800] "GET /xingrg/all/function/internal_message.html?_=1586489009821&CODE_STATE=getMsg HTTP/1.1" 200 27
180.162.232.172 - - [10/Apr/2020:11:23:33 +0800] "GET /xingrg/kc/base/wldb_order_info.html?code=422020041000544 HTTP/1.1" 200 30341
58.221.95.50 - - [10/Apr/2020:11:23:33 +0800] "GET /xingrg/check_reg.html?_=1586489013541 HTTP/1.1" 302 -
180.162.232.172 - - [10/Apr/2020:11:23:34 +0800] "GET /xingrg/javascript/easyui/themes/default/validatebox.css HTTP/1.1" 404 1104
180.162.232.172 - - [10/Apr/2020:11:23:34 +0800] "POST /xingrg/kc/base/wldb_order_operate.html HTTP/1.1" 200 3731
117.185.32.26 - - [10/Apr/2020:11:23:35 +0800] "GET /xingrg/kc/buy/cgsh_order_operate.html?command=get_materiel&rest_code=00106&code=00101001169&supplier_code=00100090&order_time=2020-04-10 HTTP/1.1" 200 434
180.156.150.85 - - [10/Apr/2020:11:23:35 +0800] "GET /xingrg/kc/base/wldb_order_operate.html?command=get_materiel&rest_code=00105&base_code=0010507&code=00101019391 HTTP/1.1" 200 471
180.156.150.85 - - [10/Apr/2020:11:23:36 +0800] "GET /xingrg/all/function/internal_message.html?_=1586489018121&CODE_STATE=getMsg HTTP/1.1" 200 27
172.17.0.119 - - [10/Apr/2020:11:23:38 +0800] "GET /xingrg/all/function/internal_message.html?_=1586489016053&CODE_STATE=getMsg HTTP/1.1" 200 27
180.162.232.172 - - [10/Apr/2020:11:23:38 +0800] "POST /xingrg/kc/base/wldb_order_operate.html HTTP/1.1" 200 37
180.162.232.172 - - [10/Apr/2020:11:23:39 +0800] "POST /xingrg/kc/base/wldb_order_operate.html HTTP/1.1" 200 12
180.162.232.172 - - [10/Apr/2020:11:23:39 +0800] "POST /xingrg/kc/base/wldb_order_operate.html HTTP/1.1" 200 3731
116.238.92.147 - - [10/Apr/2020:11:23:40 +0800] "GET /xingrg/all/function/internal_message.html?_=1586489201580&CODE_STATE=getMsg HTTP/1.1" 200 27
58.40.7.146 - - [10/Apr/2020:11:23:40 +0800] "GET /xingrg/all/function/internal_message.html?_=1586489017505&CODE_STATE=getMsg HTTP/1.1" 200 27
117.185.32.26 - - [10/Apr/2020:11:23:40 +0800] "GET /xingrg/all/function/internal_message.html?_=1586489424664&CODE_STATE=getMsg HTTP/1.1" 200 27
58.40.7.146 - - [10/Apr/2020:11:23:40 +0800] "GET /xingrg/all/function/internal_message.html?_=1586489017810&CODE_STATE=getMsg HTTP/1.1" 200 27
180.162.232.172 - - [10/Apr/2020:11:23:41 +0800] "GET /xingrg/kc/base/wldb_order_info.html?code=422020041000544 HTTP/1.1" 200 26209
180.162.102.27 - - [10/Apr/2020:11:23:41 +0800] "GET /xingrg/all/function/internal_message.html?_=1586488491656&CODE_STATE=getMsg HTTP/1.1" 200 27
180.162.232.172 - - [10/Apr/2020:11:23:41 +0800] "POST /xingrg/kc/base/wldb_order_operate.html HTTP/1.1" 200 1994
180.162.232.172 - - [10/Apr/2020:11:23:41 +0800] "GET /xingrg/javascript/easyui/themes/default/validatebox.css HTTP/1.1" 404 1104
180.156.150.85 - - [10/Apr/2020:11:23:45 +0800] "GET /xingrg/kc/base/wldb_order_operate.html?command=get_materiel&rest_code=00105&base_code=0010507&code=00101019046 HTTP/1.1" 200 463
172.17.0.102 - - [10/Apr/2020:11:23:51 +0800] "GET /xingrg/all/function/internal_message.html?_=1586489031912&CODE_STATE=getMsg HTTP/1.1" 200 27
172.17.0.102 - - [10/Apr/2020:11:23:51 +0800] "GET /xingrg/check_reg.html?_=1586489031917 HTTP/1.1" 200 22
180.156.150.85 - - [10/Apr/2020:11:23:53 +0800] "GET /xingrg/kc/base/wldb_order_operate.html?command=get_materiel&rest_code=00105&base_code=0010507&code=00101013052 HTTP/1.1" 200 441
172.17.0.123 - - [10/Apr/2020:11:23:56 +0800] "GET /xingrg/all/function/internal_message.html?_=1586489031303&CODE_STATE=getMsg HTTP/1.1" 200 27
117.185.32.26 - - [10/Apr/2020:11:24:00 +0800] "POST /xingrg/kc/buy/cgsh_order_operate.html HTTP/1.1" 200 37
114.84.33.255 - - [10/Apr/2020:11:24:01 +0800] "GET /xingrg/all/function/internal_message.html?_=1586489054985&CODE_STATE=getMsg HTTP/1.1" 200 27
117.185.32.26 - - [10/Apr/2020:11:24:01 +0800] "POST /xingrg/kc/buy/cgsh_order_operate.html HTTP/1.1" 200 12
180.156.150.85 - - [10/Apr/2020:11:24:01 +0800] "GET /xingrg/kc/base/wldb_order_operate.html?command=get_materiel&rest_code=00105&base_code=0010507&code=00101019018 HTTP/1.1" 200 452
117.185.32.26 - - [10/Apr/2020:11:24:02 +0800] "GET /xingrg/kc/buy/cgsh_order_info.html?code=212020041001901 HTTP/1.1" 200 52875
117.185.32.26 - - [10/Apr/2020:11:24:03 +0800] "GET /xingrg/javascript/easyui/themes/default/validatebox.css HTTP/1.1" 404 1104
222.70.183.62 - - [10/Apr/2020:11:24:03 +0800] "GET /xingrg/all/function/internal_message.html?_=1586489040656&CODE_STATE=getMsg HTTP/1.1" 200 27
117.185.32.26 - - [10/Apr/2020:11:24:03 +0800] "POST /xingrg/kc/buy/cgsh_order_operate.html HTTP/1.1" 200 1806
172.16.0.193 - - [10/Apr/2020:11:24:04 +0800] "GET /xingrg/all/function/internal_message.html?_=1586489041748&CODE_STATE=getMsg HTTP/1.1" 302 -
117.185.32.26 - - [10/Apr/2020:11:24:05 +0800] "GET /xingrg/kc/print/load_data.html?order_code=212020041001901&kc_code=cgsh&condition= HTTP/1.1" 200 1235
114.88.159.93 - - [10/Apr/2020:11:24:09 +0800] "GET /xingrg/all/function/internal_message.html?_=1586489049232&CODE_STATE=getMsg HTTP/1.1" 200 27
222.70.183.62 - - [10/Apr/2020:11:24:09 +0800] "GET /xingrg/all/function/internal_message.html?_=1586489047177&CODE_STATE=getMsg HTTP/1.1" 200 27
180.156.150.85 - - [10/Apr/2020:11:24:11 +0800] "GET /xingrg/kc/base/wldb_order_operate.html?command=get_materiel&rest_code=00105&base_code=0010507&code=00101019155 HTTP/1.1" 200 478
222.70.208.105 - - [10/Apr/2020:11:24:11 +0800] "GET /xingrg/all/function/internal_message.html?_=1586489084068&CODE_STATE=getMsg HTTP/1.1" 302 -
120.253.135.82 - - [10/Apr/2020:11:24:11 +0800] "GET /xingrg/check_reg.html?_=1586489116062 HTTP/1.1" 200 22
222.69.138.15 - - [10/Apr/2020:11:24:12 +0800] "GET /xingrg/all/function/internal_message.html?_=1586489049864&CODE_STATE=getMsg HTTP/1.1" 200 27
120.253.135.82 - - [10/Apr/2020:11:24:14 +0800] "GET /xingrg/all/function/internal_message.html?_=1586489118737&CODE_STATE=getMsg HTTP/1.1" 200 27
117.131.5.26 - - [10/Apr/2020:11:24:14 +0800] "GET /xingrg/all/function/internal_message.html?_=1586489070828&CODE_STATE=getMsg HTTP/1.1" 200 27
114.84.33.255 - - [10/Apr/2020:11:24:15 +0800] "GET /xingrg/check_reg.html?_=1586489072274 HTTP/1.1" 200 22
117.185.32.26 - - [10/Apr/2020:11:24:16 +0800] "GET /xingrg/kc/buy/cgsh_order_add.html HTTP/1.1" 200 57969
117.185.32.26 - - [10/Apr/2020:11:24:16 +0800] "POST /xingrg/kc/buy/cgsh_order_operate.html HTTP/1.1" 200 8245
117.185.32.26 - - [10/Apr/2020:11:24:16 +0800] "GET /xingrg/javascript/easyui/themes/default/validatebox.css HTTP/1.1" 404 1104
114.84.33.255 - - [10/Apr/2020:11:24:18 +0800] "GET /xingrg/all/function/internal_message.html?_=1586489074583&CODE_STATE=getMsg HTTP/1.1" 200 27
180.156.150.85 - - [10/Apr/2020:11:24:18 +0800] "GET /xingrg/kc/base/wldb_order_operate.html?command=get_materiel&rest_code=00105&base_code=0010507&code=00101019257 HTTP/1.1" 200 477
117.185.32.26 - - [10/Apr/2020:11:24:18 +0800] "GET /xingrg/javascript/easyui/themes/default/tree.css HTTP/1.1" 404 1090
117.185.32.26 - - [10/Apr/2020:11:24:18 +0800] "POST /xingrg/all/common/load_tree.html?tree=supplier_tree_json&isDelete=1 HTTP/1.1" 200 47144
222.70.183.62 - - [10/Apr/2020:11:24:18 +0800] "GET /xingrg/all/function/internal_message.html?_=1586489366099&CODE_STATE=getMsg HTTP/1.1" 302 -
172.17.0.103 - - [10/Apr/2020:11:24:19 +0800] "GET /xingrg/all/function/internal_message.html?_=1586489059770&CODE_STATE=getMsg HTTP/1.1" 302 -
180.156.150.85 - - [10/Apr/2020:11:24:24 +0800] "GET /xingrg/kc/base/wldb_order_operate.html?command=get_materiel&rest_code=00105&base_code=0010507&code=00101019258 HTTP/1.1" 200 469
120.253.135.82 - - [10/Apr/2020:11:24:24 +0800] "GET /xingrg/check_reg.html?_=1586488811689 HTTP/1.1" 200 22
120.253.135.82 - - [10/Apr/2020:11:24:25 +0800] "GET /xingrg/all/function/internal_message.html?_=1586488812012&CODE_STATE=getMsg HTTP/1.1" 200 27
101.89.239.230 - - [10/Apr/2020:11:24:26 +0800] "GET /xingrg/all/function/internal_message.html?_=1586488809330&CODE_STATE=getMsg HTTP/1.1" 302 -
180.156.150.85 - - [10/Apr/2020:11:24:27 +0800] "POST /xingrg/kc/base/wldb_order_operate.html HTTP/1.1" 200 37
180.156.150.85 - - [10/Apr/2020:11:24:28 +0800] "POST /xingrg/kc/base/wldb_order_operate.html HTTP/1.1" 200 5703
180.156.150.85 - - [10/Apr/2020:11:24:28 +0800] "GET /xingrg/kc/base/wldb_order_info.html?code=422020041000545 HTTP/1.1" 200 30328
180.156.150.85 - - [10/Apr/2020:11:24:28 +0800] "GET /xingrg/javascript/easyui/themes/default/validatebox.css HTTP/1.1" 404 1104
180.156.150.85 - - [10/Apr/2020:11:24:28 +0800] "POST /xingrg/kc/base/wldb_order_operate.html HTTP/1.1" 200 5703
116.235.222.53 - - [10/Apr/2020:11:24:30 +0800] "GET /xingrg/all/function/internal_message.html?_=1586489061929&CODE_STATE=getMsg HTTP/1.1" 200 27
58.221.95.50 - - [10/Apr/2020:11:24:32 +0800] "GET /xingrg/all/function/internal_message.html?_=1586489072443&CODE_STATE=getMsg HTTP/1.1" 302 -
180.157.252.250 - - [10/Apr/2020:11:24:32 +0800] "GET /xingrg/all/function/internal_message.html?_=1586489069823&CODE_STATE=getMsg HTTP/1.1" 200 27
101.89.239.230 - - [10/Apr/2020:11:24:33 +0800] "GET /xingrg/login.html HTTP/1.1" 200 7641
180.156.150.85 - - [10/Apr/2020:11:24:36 +0800] "GET /xingrg/all/function/internal_message.html?_=1586489078102&CODE_STATE=getMsg HTTP/1.1" 200 27
117.185.32.26 - - [10/Apr/2020:11:24:37 +0800] "GET /xingrg/kc/buy/cgsh_order_operate.html?command=get_materiel&rest_code=00106&code=00101002038&supplier_code=00100087&order_time=2020-04-10 HTTP/1.1" 200 414
172.17.0.119 - - [10/Apr/2020:11:24:38 +0800] "GET /xingrg/all/function/internal_message.html?_=1586489076058&CODE_STATE=getMsg HTTP/1.1" 200 27
180.156.150.85 - - [10/Apr/2020:11:24:38 +0800] "GET /xingrg/check_reg.html?_=1586489079515 HTTP/1.1" 200 22
116.238.92.147 - - [10/Apr/2020:11:24:40 +0800] "GET /xingrg/all/function/internal_message.html?_=1586489261589&CODE_STATE=getMsg HTTP/1.1" 200 27
58.40.7.146 - - [10/Apr/2020:11:24:40 +0800] "GET /xingrg/all/function/internal_message.html?_=1586489077476&CODE_STATE=getMsg HTTP/1.1" 200 27
117.185.32.26 - - [10/Apr/2020:11:24:40 +0800] "GET /xingrg/check_reg.html?_=1586489484673 HTTP/1.1" 200 22
117.185.32.26 - - [10/Apr/2020:11:24:40 +0800] "GET /xingrg/all/function/internal_message.html?_=1586489484677&CODE_STATE=getMsg HTTP/1.1" 200 27
58.40.7.146 - - [10/Apr/2020:11:24:40 +0800] "GET /xingrg/all/function/internal_message.html?_=1586489077813&CODE_STATE=getMsg HTTP/1.1" 200 27
58.40.7.146 - - [10/Apr/2020:11:24:40 +0800] "GET /xingrg/check_reg.html?_=1586489077815 HTTP/1.1" 200 22
180.162.102.27 - - [10/Apr/2020:11:24:41 +0800] "GET /xingrg/all/function/internal_message.html?_=1586488551656&CODE_STATE=getMsg HTTP/1.1" 200 27
172.17.0.102 - - [10/Apr/2020:11:24:51 +0800] "GET /xingrg/all/function/internal_message.html?_=1586489091918&CODE_STATE=getMsg HTTP/1.1" 200 27
172.17.0.123 - - [10/Apr/2020:11:24:56 +0800] "GET /xingrg/all/function/internal_message.html?_=1586489091307&CODE_STATE=getMsg HTTP/1.1" 200 27
172.17.0.123 - - [10/Apr/2020:11:24:56 +0800] "GET /xingrg/check_reg.html?_=1586489091309 HTTP/1.1" 200 22
117.185.32.26 - - [10/Apr/2020:11:24:59 +0800] "GET /xingrg/kc/buy/cgsh_order_operate.html?command=get_materiel&rest_code=00106&code=00101002002&supplier_code=00100087&order_time=2020-04-10 HTTP/1.1" 200 418
114.84.33.255 - - [10/Apr/2020:11:25:01 +0800] "GET /xingrg/all/function/internal_message.html?_=1586489115014&CODE_STATE=getMsg HTTP/1.1" 200 27
222.70.183.62 - - [10/Apr/2020:11:25:03 +0800] "GET /xingrg/check_reg.html?_=1586489100500 HTTP/1.1" 200 22
222.70.183.62 - - [10/Apr/2020:11:25:03 +0800] "GET /xingrg/all/function/internal_message.html?_=1586489100670&CODE_STATE=getMsg HTTP/1.1" 200 27
172.16.0.193 - - [10/Apr/2020:11:25:04 +0800] "GET /xingrg/all/function/internal_message.html?_=1586489101745&CODE_STATE=getMsg HTTP/1.1" 302 -
116.235.222.53 - - [10/Apr/2020:11:25:06 +0800] "GET /xingrg/login.html HTTP/1.1" 200 7641
116.235.222.53 - - [10/Apr/2020:11:25:08 +0800] "GET /favicon.ico HTTP/1.1" 404 -
114.88.159.93 - - [10/Apr/2020:11:25:09 +0800] "GET /xingrg/all/function/internal_message.html?_=1586489109208&CODE_STATE=getMsg HTTP/1.1" 200 27
116.235.222.53 - - [10/Apr/2020:11:25:09 +0800] "POST /xingrg/login.do HTTP/1.1" 302 -
222.70.183.62 - - [10/Apr/2020:11:25:09 +0800] "GET /xingrg/all/function/internal_message.html?_=1586489107269&CODE_STATE=getMsg HTTP/1.1" 200 27
116.235.222.53 - - [10/Apr/2020:11:25:09 +0800] "GET /xingrg/index.html?sysBaseUrl=http%3A%2F%2F180.169.147.146%3A18081%2Fxingrg%2F&costTime=37×tamp=1586489109834 HTTP/1.1" 200 17419
116.235.222.53 - - [10/Apr/2020:11:25:10 +0800] "GET /favicon.ico HTTP/1.1" 404 -
116.235.222.53 - - [10/Apr/2020:11:25:10 +0800] "POST /xingrg/all/common/load_tree.html?tree=area_rest_tree_json&manage=1 HTTP/1.1" 200 351
116.235.222.53 - - [10/Apr/2020:11:25:10 +0800] "GET /xingrg/check_reg.html?_=1586489110492 HTTP/1.1" 200 22
116.235.222.53 - - [10/Apr/2020:11:25:10 +0800] "GET /xingrg/all/function/internal_message.html?_=1586489110491&CODE_STATE=count HTTP/1.1" 200 11
116.235.222.53 - - [10/Apr/2020:11:25:11 +0800] "GET /favicon.ico HTTP/1.1" 404 -
222.70.208.105 - - [10/Apr/2020:11:25:11 +0800] "GET /xingrg/all/function/internal_message.html?_=1586489144069&CODE_STATE=getMsg HTTP/1.1" 302 -
222.70.208.105 - - [10/Apr/2020:11:25:11 +0800] "GET /xingrg/check_reg.html?_=1586489144073 HTTP/1.1" 302 -
116.235.222.53 - - [10/Apr/2020:11:25:12 +0800] "POST /xingrg/load_menu.html HTTP/1.1" 200 9959
222.69.138.15 - - [10/Apr/2020:11:25:12 +0800] "GET /xingrg/all/function/internal_message.html?_=1586489109836&CODE_STATE=getMsg HTTP/1.1" 200 27
120.253.135.82 - - [10/Apr/2020:11:25:14 +0800] "GET /xingrg/all/function/internal_message.html?_=1586489178750&CODE_STATE=getMsg HTTP/1.1" 200 27
117.131.5.26 - - [10/Apr/2020:11:25:14 +0800] "GET /xingrg/all/function/internal_message.html?_=1586489130828&CODE_STATE=getMsg HTTP/1.1" 200 27
117.185.32.26 - - [10/Apr/2020:11:25:16 +0800] "POST /xingrg/kc/buy/cgsh_order_operate.html HTTP/1.1" 200 37
114.84.33.255 - - [10/Apr/2020:11:25:18 +0800] "GET /xingrg/all/function/internal_message.html?_=1586489134597&CODE_STATE=getMsg HTTP/1.1" 200 27
117.185.32.26 - - [10/Apr/2020:11:25:18 +0800] "POST /xingrg/kc/buy/cgsh_order_operate.html HTTP/1.1" 200 12
116.235.222.53 - - [10/Apr/2020:11:25:18 +0800] "GET /xingrg/kc/info/info_main.html HTTP/1.1" 200 6010
116.235.222.53 - - [10/Apr/2020:11:25:18 +0800] "GET /xingrg/javascript/ToolTips.js HTTP/1.1" 200 5615
116.235.222.53 - - [10/Apr/2020:11:25:18 +0800] "GET /xingrg/images/blue/gysxxgl.gif HTTP/1.1" 200 1945
116.235.222.53 - - [10/Apr/2020:11:25:18 +0800] "GET /xingrg/images/blue/cldwgl.gif HTTP/1.1" 200 2487
116.235.222.53 - - [10/Apr/2020:11:25:18 +0800] "GET /xingrg/images/blue/gyslbgl.gif HTTP/1.1" 200 1480
116.235.222.53 - - [10/Apr/2020:11:25:18 +0800] "GET /xingrg/images/blue/ckxx.gif HTTP/1.1" 200 2041
116.235.222.53 - - [10/Apr/2020:11:25:18 +0800] "GET /xingrg/images/blue/gyscljg.gif HTTP/1.1" 200 2081
116.235.222.53 - - [10/Apr/2020:11:25:18 +0800] "GET /xingrg/images/blue/clxx.gif HTTP/1.1" 200 1916
116.235.222.53 - - [10/Apr/2020:11:25:18 +0800] "GET /xingrg/images/blue/button/cgxqd.gif HTTP/1.1" 200 2619
117.185.32.26 - - [10/Apr/2020:11:25:18 +0800] "GET /xingrg/kc/buy/cgsh_order_info.html?code=212020041001902 HTTP/1.1" 200 52871
222.70.183.62 - - [10/Apr/2020:11:25:18 +0800] "GET /xingrg/all/function/internal_message.html?_=1586489426102&CODE_STATE=getMsg HTTP/1.1" 302 -
117.185.32.26 - - [10/Apr/2020:11:25:19 +0800] "GET /xingrg/javascript/easyui/themes/default/validatebox.css HTTP/1.1" 404 1104
117.185.32.26 - - [10/Apr/2020:11:25:19 +0800] "POST /xingrg/kc/buy/cgsh_order_operate.html HTTP/1.1" 200 1212
172.17.0.103 - - [10/Apr/2020:11:25:19 +0800] "GET /xingrg/all/function/internal_message.html?_=1586489119757&CODE_STATE=getMsg HTTP/1.1" 302 -
116.235.222.53 - - [10/Apr/2020:11:25:21 +0800] "POST /xingrg/load_menu.html HTTP/1.1" 200 10168
117.185.32.26 - - [10/Apr/2020:11:25:21 +0800] "GET /xingrg/kc/print/load_data.html?order_code=212020041001902&kc_code=cgsh&condition= HTTP/1.1" 200 989
222.70.183.62 - - [10/Apr/2020:11:25:21 +0800] "GET /xingrg/check_reg.html?_=1586489119063 HTTP/1.1" 200 22
120.253.135.82 - - [10/Apr/2020:11:25:25 +0800] "GET /xingrg/all/function/internal_message.html?_=1586488872026&CODE_STATE=getMsg HTTP/1.1" 200 27
116.235.222.53 - - [10/Apr/2020:11:25:30 +0800] "GET /xingrg/all/function/internal_message.html?_=1586489121904&CODE_STATE=getMsg HTTP/1.1" 200 27
58.221.95.50 - - [10/Apr/2020:11:25:32 +0800] "GET /xingrg/all/function/internal_message.html?_=1586489132412&CODE_STATE=getMsg HTTP/1.1" 302 -
180.157.252.250 - - [10/Apr/2020:11:25:32 +0800] "GET /xingrg/all/function/internal_message.html?_=1586489129821&CODE_STATE=getMsg HTTP/1.1" 200 27
117.185.32.26 - - [10/Apr/2020:11:25:34 +0800] "GET /xingrg/kc/buy/cgsh_order_add.html HTTP/1.1" 200 57969
117.185.32.26 - - [10/Apr/2020:11:25:34 +0800] "POST /xingrg/kc/buy/cgsh_order_operate.html HTTP/1.1" 200 8245
117.185.32.26 - - [10/Apr/2020:11:25:34 +0800] "GET /xingrg/javascript/easyui/themes/default/validatebox.css HTTP/1.1" 404 1104
117.185.32.26 - - [10/Apr/2020:11:25:36 +0800] "GET /xingrg/javascript/easyui/themes/default/tree.css HTTP/1.1" 404 1090
117.185.32.26 - - [10/Apr/2020:11:25:36 +0800] "POST /xingrg/all/common/load_tree.html?tree=supplier_tree_json&isDelete=1 HTTP/1.1" 200 47144
180.156.150.85 - - [10/Apr/2020:11:25:36 +0800] "GET /xingrg/all/function/internal_message.html?_=1586489138107&CODE_STATE=getMsg HTTP/1.1" 200 27
172.17.0.119 - - [10/Apr/2020:11:25:38 +0800] "GET /xingrg/all/function/internal_message.html?_=1586489136061&CODE_STATE=getMsg HTTP/1.1" 200 27
58.40.7.146 - - [10/Apr/2020:11:25:40 +0800] "GET /xingrg/all/function/internal_message.html?_=1586489137447&CODE_STATE=getMsg HTTP/1.1" 200 27
116.238.92.147 - - [10/Apr/2020:11:25:40 +0800] "GET /xingrg/all/function/internal_message.html?_=1586489321855&CODE_STATE=getMsg HTTP/1.1" 200 27
117.185.32.26 - - [10/Apr/2020:11:25:40 +0800] "GET /xingrg/all/function/internal_message.html?_=1586489544685&CODE_STATE=getMsg HTTP/1.1" 200 27
58.40.7.146 - - [10/Apr/2020:11:25:40 +0800] "GET /xingrg/all/function/internal_message.html?_=1586489137817&CODE_STATE=getMsg HTTP/1.1" 200 27
180.162.102.27 - - [10/Apr/2020:11:25:41 +0800] "GET /xingrg/all/function/internal_message.html?_=1586488611656&CODE_STATE=getMsg HTTP/1.1" 200 27
180.162.102.27 - - [10/Apr/2020:11:25:41 +0800] "GET /xingrg/check_reg.html?_=1586488611689 HTTP/1.1" 200 22
114.84.33.255 - - [10/Apr/2020:11:25:44 +0800] "GET /xingrg/check_reg.html?_=1586489158495 HTTP/1.1" 200 22
116.235.222.53 - - [10/Apr/2020:11:25:46 +0800] "GET /xingrg/dwr/interface/AjaxGetFirstChart.js HTTP/1.1" 200 631
116.235.222.53 - - [10/Apr/2020:11:25:47 +0800] "GET /xingrg/system/rest/list_page.html?p=menu HTTP/1.1" 200 110877
116.235.222.53 - - [10/Apr/2020:11:25:47 +0800] "GET /xingrg/dwr/util.js HTTP/1.1" 304 -
116.235.222.53 - - [10/Apr/2020:11:25:47 +0800] "GET /xingrg/dwr/engine.js HTTP/1.1" 200 43631
116.235.222.53 - - [10/Apr/2020:11:25:47 +0800] "GET /xingrg/system/rest/query_items.html?_=1586489147482&table=menu&page=1&rows=20&categoryId=&key= HTTP/1.1" 200 4722
117.185.32.26 - - [10/Apr/2020:11:25:49 +0800] "GET /xingrg/kc/buy/cgsh_order_operate.html?command=get_materiel&rest_code=00106&code=00101002006&supplier_code=00100091&order_time=2020-04-10 HTTP/1.1" 200 414
172.17.0.102 - - [10/Apr/2020:11:25:51 +0800] "GET /xingrg/all/function/internal_message.html?_=1586489151920&CODE_STATE=getMsg HTTP/1.1" 200 27
172.17.0.123 - - [10/Apr/2020:11:25:56 +0800] "GET /xingrg/all/function/internal_message.html?_=1586489151311&CODE_STATE=getMsg HTTP/1.1" 200 27
116.235.222.53 - - [10/Apr/2020:11:25:58 +0800] "GET /xingrg/system/rest/query_items.html?_=1586489158189&table=menu&page=1&rows=20&categoryId=&key=gx HTTP/1.1" 200 4850
116.235.222.53 - - [10/Apr/2020:11:26:01 +0800] "GET /xingrg/system/rest/query_items.html?_=1586489160640&table=menu&page=1&rows=20&categoryId=&key=gx HTTP/1.1" 200 4850
114.84.33.255 - - [10/Apr/2020:11:26:01 +0800] "GET /xingrg/all/function/internal_message.html?_=1586489175027&CODE_STATE=getMsg HTTP/1.1" 200 27
222.70.183.62 - - [10/Apr/2020:11:26:03 +0800] "GET /xingrg/all/function/internal_message.html?_=1586489160683&CODE_STATE=getMsg HTTP/1.1" 200 27
116.235.222.53 - - [10/Apr/2020:11:26:03 +0800] "GET /xingrg/system/rest/get_item.html?table=menu&id=2013&_=1586489162958 HTTP/1.1" 200 970
116.235.222.53 - - [10/Apr/2020:11:26:03 +0800] "GET /xingrg/system/rest/get_item.html?table=menu&target=menu_rest&id=2013&_=1586489162973 HTTP/1.1" 200 780
116.235.222.53 - - [10/Apr/2020:11:26:03 +0800] "GET /xingrg/system/rest/get_item.html?table=menu&target=cook_mode&id=2013&_=1586489162972 HTTP/1.1" 200 15971
116.235.222.53 - - [10/Apr/2020:11:26:03 +0800] "GET /xingrg/system/rest/get_infos.html?command=menu_img_show&id=2013 HTTP/1.1" 200 5
172.16.0.193 - - [10/Apr/2020:11:26:04 +0800] "GET /xingrg/all/function/internal_message.html?_=1586489161741&CODE_STATE=getMsg HTTP/1.1" 302 -
58.40.7.146 - - [10/Apr/2020:11:26:04 +0800] "GET /xingrg/check_reg.html?_=1586489161918 HTTP/1.1" 200 22
172.17.0.102 - - [10/Apr/2020:11:26:05 +0800] "GET /xingrg/kc/report/report_main.html HTTP/1.1" 200 7325
172.17.0.102 - - [10/Apr/2020:11:26:06 +0800] "POST /xingrg/kc/buy/cgsh_list_operate.html HTTP/1.1" 200 4012
117.185.32.26 - - [10/Apr/2020:11:26:06 +0800] "GET /xingrg/kc/buy/cgsh_order_operate.html?command=get_materiel&rest_code=00106&code=00101003037&supplier_code=00100091&order_time=2020-04-10 HTTP/1.1" 200 415
172.17.0.102 - - [10/Apr/2020:11:26:07 +0800] "GET /xingrg/all/report/report_query.html?fileName=kc/buy/gys_amount_base.xml&rh=99999 HTTP/1.1" 200 51796
172.17.0.102 - - [10/Apr/2020:11:26:07 +0800] "GET /xingrg/dwr/interface/AjaxReportQueryService.js HTTP/1.1" 200 13203
172.17.0.102 - - [10/Apr/2020:11:26:07 +0800] "GET /xingrg/dwr/engine.js HTTP/1.1" 200 43631
172.17.0.102 - - [10/Apr/2020:11:26:07 +0800] "POST /xingrg/dwr/call/plaincall/AjaxReportQueryService.getFixDate.dwr HTTP/1.1" 200 111
116.235.222.53 - - [10/Apr/2020:11:26:07 +0800] "GET /xingrg/system/rest/get_item.html?table=menu&target=menu_rest_detail&id=2013&sid=6&_=1586489167027 HTTP/1.1" 200 422
172.17.0.119 - - [10/Apr/2020:11:26:07 +0800] "POST /xingrg/load_menu.html HTTP/1.1" 200 10512
172.17.0.102 - - [10/Apr/2020:11:26:07 +0800] "POST /xingrg/dwr/call/plaincall/AjaxReportQueryService.getInitString.dwr HTTP/1.1" 200 894
172.17.0.102 - - [10/Apr/2020:11:26:07 +0800] "POST /xingrg/all/common/load_tree.html?tree=supplier_tree_json&manage=1 HTTP/1.1" 200 47751
172.17.0.102 - - [10/Apr/2020:11:26:08 +0800] "POST /xingrg/all/common/load_tree.html?tree=materiel_sort_tree_json HTTP/1.1" 200 8666
114.88.159.93 - - [10/Apr/2020:11:26:09 +0800] "GET /xingrg/all/function/internal_message.html?_=1586489169176&CODE_STATE=getMsg HTTP/1.1" 200 27
222.70.183.62 - - [10/Apr/2020:11:26:09 +0800] "GET /xingrg/all/function/internal_message.html?_=1586489167282&CODE_STATE=getMsg HTTP/1.1" 200 27
172.17.0.102 - - [10/Apr/2020:11:26:10 +0800] "POST /xingrg/dwr/call/plaincall/AjaxReportQueryService.getFixDate.dwr HTTP/1.1" 200 111
172.17.0.119 - - [10/Apr/2020:11:26:10 +0800] "GET /xingrg/all/report/report_query.html?fileName=dma/new_5.0/menu/menu_category_hz.xml HTTP/1.1" 200 52989
172.17.0.119 - - [10/Apr/2020:11:26:10 +0800] "GET /xingrg/dwr/interface/AjaxReportQueryService.js HTTP/1.1" 200 13203
172.17.0.119 - - [10/Apr/2020:11:26:10 +0800] "GET /xingrg/dwr/engine.js HTTP/1.1" 200 43631
116.235.222.53 - - [10/Apr/2020:11:26:10 +0800] "GET /xingrg/all/function/internal_message.html?_=1586489170512&CODE_STATE=getMsg HTTP/1.1" 200 27
172.17.0.119 - - [10/Apr/2020:11:26:11 +0800] "POST /xingrg/dwr/call/plaincall/AjaxReportQueryService.getFixDate.dwr HTTP/1.1" 200 111
172.17.0.119 - - [10/Apr/2020:11:26:11 +0800] "POST /xingrg/all/common/load_tree.html?tree=area_station_tree_json&manage=1 HTTP/1.1" 200 2990
222.70.208.105 - - [10/Apr/2020:11:26:11 +0800] "GET /xingrg/all/function/internal_message.html?_=1586489204064&CODE_STATE=getMsg HTTP/1.1" 302 -
222.69.138.15 - - [10/Apr/2020:11:26:12 +0800] "GET /xingrg/all/function/internal_message.html?_=1586489169817&CODE_STATE=getMsg HTTP/1.1" 200 27
172.17.0.119 - - [10/Apr/2020:11:26:12 +0800] "GET /xingrg/all/report/report_query.html?fileName=dma/new_5.0/menu/menu_stca_hz.xml HTTP/1.1" 200 51343
172.17.0.119 - - [10/Apr/2020:11:26:12 +0800] "GET /xingrg/dwr/interface/AjaxReportQueryService.js HTTP/1.1" 200 13203
172.17.0.119 - - [10/Apr/2020:11:26:12 +0800] "GET /xingrg/dwr/engine.js HTTP/1.1" 200 43631
172.17.0.119 - - [10/Apr/2020:11:26:13 +0800] "POST /xingrg/dwr/call/plaincall/AjaxReportQueryService.getFixDate.dwr HTTP/1.1" 200 111
172.17.0.119 - - [10/Apr/2020:11:26:13 +0800] "POST /xingrg/all/common/load_tree.html?tree=area_station_tree_json&manage=1 HTTP/1.1" 200 2990
222.69.138.15 - - [10/Apr/2020:11:26:13 +0800] "GET /xingrg/check_reg.html?_=1586489171019 HTTP/1.1" 200 22
172.17.0.119 - - [10/Apr/2020:11:26:14 +0800] "POST /xingrg/dwr/call/plaincall/AjaxReportQueryService.getFixDate.dwr HTTP/1.1" 200 111
172.17.0.102 - - [10/Apr/2020:11:26:14 +0800] "POST /xingrg/dwr/call/plaincall/AjaxReportQueryService.refreshCache.dwr HTTP/1.1" 200 78
120.253.135.82 - - [10/Apr/2020:11:26:14 +0800] "GET /xingrg/all/function/internal_message.html?_=1586489238766&CODE_STATE=getMsg HTTP/1.1" 200 27
117.131.5.26 - - [10/Apr/2020:11:26:14 +0800] "GET /xingrg/all/function/internal_message.html?_=1586489190828&CODE_STATE=getMsg HTTP/1.1" 200 27
114.84.33.255 - - [10/Apr/2020:11:26:18 +0800] "GET /xingrg/all/function/internal_message.html?_=1586489194610&CODE_STATE=getMsg HTTP/1.1" 200 27
172.17.0.102 - - [10/Apr/2020:11:26:18 +0800] "POST /xingrg/all/report/load_report_page.html HTTP/1.1" 200 290815
172.17.0.119 - - [10/Apr/2020:11:26:18 +0800] "POST /xingrg/dwr/call/plaincall/AjaxReportQueryService.refreshCache.dwr HTTP/1.1" 200 78
172.17.0.102 - - [10/Apr/2020:11:26:18 +0800] "GET /xingrg/servlets/image?cache=0.8196241248711108&image=px HTTP/1.1" 200 807
172.17.0.119 - - [10/Apr/2020:11:26:18 +0800] "POST /xingrg/all/report/load_report_page.html HTTP/1.1" 200 53568
172.17.0.119 - - [10/Apr/2020:11:26:18 +0800] "GET /xingrg/servlets/image?cache=0.9213378529530877&image=px HTTP/1.1" 200 807
222.70.183.62 - - [10/Apr/2020:11:26:18 +0800] "GET /xingrg/all/function/internal_message.html?_=1586489486128&CODE_STATE=getMsg HTTP/1.1" 302 -
172.17.0.103 - - [10/Apr/2020:11:26:19 +0800] "GET /xingrg/all/function/internal_message.html?_=1586489179747&CODE_STATE=getMsg HTTP/1.1" 302 -
116.235.222.53 - - [10/Apr/2020:11:26:20 +0800] "POST /xingrg/system/rest/edit_item.html HTTP/1.1" 200 4
116.235.222.53 - - [10/Apr/2020:11:26:20 +0800] "GET /xingrg/system/rest/get_item.html?table=menu&target=menu_rest&id=2013&_=1586489179764 HTTP/1.1" 200 780
172.17.0.103 - - [10/Apr/2020:11:26:20 +0800] "GET /xingrg/check_reg.html?_=1586489181031 HTTP/1.1" 302 -
117.185.32.26 - - [10/Apr/2020:11:26:21 +0800] "POST /xingrg/kc/buy/cgsh_order_operate.html HTTP/1.1" 200 37
172.17.0.119 - - [10/Apr/2020:11:26:22 +0800] "GET /xingrg/all/report/report_query.html?isQuery=1&fileName=dma/new_5.0/menu/menu_hz.xml&queryString=(a.sale_day%2520between%252020200301%2520and%252020200331)%2520and%2520(a.sid%2520in%2520(5))%2520and%2520(a.tj_code%253D7)&queryText=%25E3%2580%2590%25E8%2590%25A5%25E4%25B8%259A%25E6%2597%25A5%25E6%259C%259F%253A2020-03-01%2520%25E8%2587%25B3%25202020-03-31%25E3%2580%2591%2520%25E5%25B9%25B6%25E4%25B8%2594%2520%2520%25E3%2580%2590%25E9%2597%25A8%25E5%25BA%2597%25E5%2590%258D%25E7%25A7%25B0%2520%253D%2520%25E6%25B7%25B1%25E6%25B5%25B7%25E6%25B8%2594%25E6%25B8%25AF%25E5%25AE%259D%25E5%25B1%25B1%25E5%25BA%2597%25E3%2580%2591%2520%25E5%25B9%25B6%25E4%25B8%2594%2520%25E3%2580%2590%25E7%25BB%259F%25E8%25AE%25A1%25E7%25B1%25BB%25E5%2588%25AB%2520%253D%2520%25E9%2585%2592%25E6%25B0%25B4%25E3%2580%2591 HTTP/1.1" 200 54039
117.185.32.26 - - [10/Apr/2020:11:26:22 +0800] "POST /xingrg/kc/buy/cgsh_order_operate.html HTTP/1.1" 200 12
172.17.0.119 - - [10/Apr/2020:11:26:22 +0800] "GET /xingrg/dwr/engine.js HTTP/1.1" 200 43631
116.235.222.53 - - [10/Apr/2020:11:26:23 +0800] "GET /xingrg/system/rest/get_item.html?table=menu&target=menu_rest_detail&id=2013&sid=6&_=1586489182806 HTTP/1.1" 200 422
172.17.0.119 - - [10/Apr/2020:11:26:23 +0800] "GET /favicon.ico HTTP/1.1" 404 -
172.17.0.119 - - [10/Apr/2020:11:26:23 +0800] "POST /xingrg/all/report/load_report_page.html HTTP/1.1" 200 157039
117.185.32.26 - - [10/Apr/2020:11:26:23 +0800] "GET /xingrg/kc/buy/cgsh_order_info.html?code=212020041001903 HTTP/1.1" 200 52875
172.17.0.119 - - [10/Apr/2020:11:26:23 +0800] "GET /xingrg/servlets/image?cache=0.9109171900530059&image=px HTTP/1.1" 200 807
117.185.32.26 - - [10/Apr/2020:11:26:23 +0800] "GET /xingrg/javascript/easyui/themes/default/validatebox.css HTTP/1.1" 404 1104
117.185.32.26 - - [10/Apr/2020:11:26:24 +0800] "POST /xingrg/kc/buy/cgsh_order_operate.html HTTP/1.1" 200 1210
120.253.135.82 - - [10/Apr/2020:11:26:25 +0800] "GET /xingrg/all/function/internal_message.html?_=1586488932039&CODE_STATE=getMsg HTTP/1.1" 200 27
117.185.32.26 - - [10/Apr/2020:11:26:26 +0800] "GET /xingrg/kc/print/load_data.html?order_code=212020041001903&kc_code=cgsh&condition= HTTP/1.1" 200 1009
101.89.29.92 - - [10/Apr/2020:11:26:27 +0800] "GET /xingrg/all/function/internal_message.html?_=1586489109208&CODE_STATE=getMsg HTTP/1.1" 302 -
101.89.29.92 - - [10/Apr/2020:11:26:28 +0800] "GET /xingrg/login.html HTTP/1.1" 200 7641
222.70.183.62 - - [10/Apr/2020:11:26:28 +0800] "GET /xingrg/javascript/jquery_easy_ui/themes/icons/rest.png HTTP/1.1" 304 -
222.70.183.62 - - [10/Apr/2020:11:26:28 +0800] "GET /xingrg/javascript/jquery_easy_ui/themes/icons/area.png HTTP/1.1" 304 -
116.235.222.53 - - [10/Apr/2020:11:26:30 +0800] "GET /xingrg/all/function/internal_message.html?_=1586489181887&CODE_STATE=getMsg HTTP/1.1" 200 27
116.235.222.53 - - [10/Apr/2020:11:26:31 +0800] "GET /xingrg/system/rest/query_items.html?_=1586489190680&table=menu&page=1&rows=20&categoryId=&key=szx HTTP/1.1" 200 4198
58.221.95.50 - - [10/Apr/2020:11:26:32 +0800] "GET /xingrg/all/function/internal_message.html?_=1586489192389&CODE_STATE=getMsg HTTP/1.1" 302 -
180.157.252.250 - - [10/Apr/2020:11:26:32 +0800] "GET /xingrg/all/function/internal_message.html?_=1586489189820&CODE_STATE=getMsg HTTP/1.1" 200 27
116.235.222.53 - - [10/Apr/2020:11:26:32 +0800] "GET /xingrg/system/rest/query_items.html?_=1586489192582&table=menu&page=1&rows=20&categoryId=&key=szx HTTP/1.1" 200 4198
117.185.32.26 - - [10/Apr/2020:11:26:34 +0800] "GET /xingrg/kc/buy/cgsh_order_add.html HTTP/1.1" 200 57969
117.185.32.26 - - [10/Apr/2020:11:26:34 +0800] "POST /xingrg/kc/buy/cgsh_order_operate.html HTTP/1.1" 200 8245
117.185.32.26 - - [10/Apr/2020:11:26:34 +0800] "GET /xingrg/javascript/easyui/themes/default/validatebox.css HTTP/1.1" 404 1104
222.70.183.62 - - [10/Apr/2020:11:26:34 +0800] "GET /xingrg/kc/buy/cgsh_order_add.html HTTP/1.1" 200 57963
116.235.222.53 - - [10/Apr/2020:11:26:34 +0800] "GET /xingrg/system/rest/get_item.html?table=menu&id=2026&_=1586489194385 HTTP/1.1" 200 974
116.235.222.53 - - [10/Apr/2020:11:26:34 +0800] "GET /xingrg/system/rest/get_item.html?table=menu&target=menu_rest&id=2026&_=1586489194395 HTTP/1.1" 200 876
116.235.222.53 - - [10/Apr/2020:11:26:34 +0800] "GET /xingrg/system/rest/get_item.html?table=menu&target=cook_mode&id=2026&_=1586489194394 HTTP/1.1" 200 19446
222.70.183.62 - - [10/Apr/2020:11:26:34 +0800] "POST /xingrg/kc/buy/cgsh_order_operate.html HTTP/1.1" 200 8245
116.235.222.53 - - [10/Apr/2020:11:26:34 +0800] "GET /xingrg/system/rest/get_infos.html?command=menu_img_show&id=2026 HTTP/1.1" 200 5
222.70.183.62 - - [10/Apr/2020:11:26:35 +0800] "GET /xingrg/javascript/easyui/themes/default/validatebox.css HTTP/1.1" 404 1104
117.185.32.26 - - [10/Apr/2020:11:26:35 +0800] "GET /xingrg/javascript/easyui/themes/default/tree.css HTTP/1.1" 404 1090
117.185.32.26 - - [10/Apr/2020:11:26:35 +0800] "POST /xingrg/all/common/load_tree.html?tree=supplier_tree_json&isDelete=1 HTTP/1.1" 200 47144
116.238.92.147 - - [10/Apr/2020:11:26:36 +0800] "GET /xingrg/check_reg.html?_=1586489377654 HTTP/1.1" 200 22
180.156.150.85 - - [10/Apr/2020:11:26:36 +0800] "GET /xingrg/all/function/internal_message.html?_=1586489198042&CODE_STATE=getMsg HTTP/1.1" 200 27
172.17.0.119 - - [10/Apr/2020:11:26:38 +0800] "GET /xingrg/all/function/internal_message.html?_=1586489196059&CODE_STATE=getMsg HTTP/1.1" 200 27
116.235.222.53 - - [10/Apr/2020:11:26:40 +0800] "GET /xingrg/system/rest/get_item.html?table=menu&target=menu_rest_detail&id=2026&sid=6&_=1586489199688 HTTP/1.1" 200 422
58.40.7.146 - - [10/Apr/2020:11:26:40 +0800] "GET /xingrg/all/function/internal_message.html?_=1586489197421&CODE_STATE=getMsg HTTP/1.1" 200 27
116.238.92.147 - - [10/Apr/2020:11:26:40 +0800] "GET /xingrg/all/function/internal_message.html?_=1586489381866&CODE_STATE=getMsg HTTP/1.1" 200 27
117.185.32.26 - - [10/Apr/2020:11:26:40 +0800] "GET /xingrg/all/function/internal_message.html?_=1586489604687&CODE_STATE=getMsg HTTP/1.1" 200 27
58.40.7.146 - - [10/Apr/2020:11:26:40 +0800] "GET /xingrg/all/function/internal_message.html?_=1586489197821&CODE_STATE=getMsg HTTP/1.1" 200 27
