114.84.33.255 - - [10/Apr/2020:11:11:17 +0800] "GET /xingrg/all/function/internal_message.html?_=1586488294032&CODE_STATE=getMsg HTTP/1.1" 200 27
222.70.183.62 - - [10/Apr/2020:11:11:18 +0800] "GET /xingrg/all/function/internal_message.html?_=1586488586093&CODE_STATE=getMsg HTTP/1.1" 302 -
172.17.0.103 - - [10/Apr/2020:11:11:19 +0800] "GET /xingrg/all/function/internal_message.html?_=1586488280109&CODE_STATE=getMsg HTTP/1.1" 302 -
172.17.0.103 - - [10/Apr/2020:11:11:20 +0800] "GET /xingrg/check_reg.html?_=1586488281078 HTTP/1.1" 302 -
117.185.32.26 - - [10/Apr/2020:11:11:21 +0800] "GET /xingrg/kc/base/wldb_order_operate.html?command=get_materiel&rest_code=00106&base_code=0010396&code=00101013154 HTTP/1.1" 200 445
222.70.183.62 - - [10/Apr/2020:11:11:23 +0800] "POST /xingrg/load_menu.html HTTP/1.1" 200 10168
120.253.135.82 - - [10/Apr/2020:11:11:25 +0800] "GET /xingrg/all/function/internal_message.html?_=1586488031820&CODE_STATE=getMsg HTTP/1.1" 200 27
222.70.183.62 - - [10/Apr/2020:11:11:25 +0800] "GET /xingrg/all/report/report_query.html?fileName=dma/new_5.0/yingye/order_list.xml HTTP/1.1" 200 55281
222.70.183.62 - - [10/Apr/2020:11:11:25 +0800] "GET /xingrg/dwr/interface/AjaxReportQueryService.js HTTP/1.1" 200 13203
222.70.183.62 - - [10/Apr/2020:11:11:25 +0800] "GET /xingrg/dwr/util.js HTTP/1.1" 304 -
222.70.183.62 - - [10/Apr/2020:11:11:25 +0800] "GET /xingrg/dwr/engine.js HTTP/1.1" 200 43631
222.70.183.62 - - [10/Apr/2020:11:11:26 +0800] "POST /xingrg/all/common/load_tree.html?tree=area_station_tree_json&manage=1 HTTP/1.1" 200 338
222.70.183.62 - - [10/Apr/2020:11:11:26 +0800] "POST /xingrg/dwr/call/plaincall/AjaxReportQueryService.getFixDate.dwr HTTP/1.1" 200 111
222.70.183.62 - - [10/Apr/2020:11:11:26 +0800] "POST /xingrg/dwr/call/plaincall/AjaxReportQueryService.getInitString.dwr HTTP/1.1" 200 76
180.162.232.172 - - [10/Apr/2020:11:11:27 +0800] "GET /xingrg/all/function/internal_message.html?_=1586488415382&CODE_STATE=getMsg HTTP/1.1" 200 27
117.185.32.26 - - [10/Apr/2020:11:11:30 +0800] "GET /xingrg/kc/base/wldb_order_operate.html?command=get_materiel&rest_code=00106&base_code=0010396&code=00101019184 HTTP/1.1" 200 443
116.235.222.53 - - [10/Apr/2020:11:11:30 +0800] "GET /xingrg/all/function/internal_message.html?_=1586488282188&CODE_STATE=getMsg HTTP/1.1" 200 27
222.70.183.62 - - [10/Apr/2020:11:11:32 +0800] "POST /xingrg/dwr/call/plaincall/AjaxReportQueryService.queryInitializeString.dwr HTTP/1.1" 200 215
180.157.252.250 - - [10/Apr/2020:11:11:32 +0800] "GET /xingrg/all/function/internal_message.html?_=1586488289828&CODE_STATE=getMsg HTTP/1.1" 200 27
58.221.95.50 - - [10/Apr/2020:11:11:32 +0800] "GET /xingrg/all/function/internal_message.html?_=1586488292758&CODE_STATE=getMsg HTTP/1.1" 302 -
222.70.183.62 - - [10/Apr/2020:11:11:33 +0800] "GET /xingrg/javascript/jquery_easy_ui/themes/default/images/button_plain_hover.png HTTP/1.1" 200 252
222.70.183.62 - - [10/Apr/2020:11:11:34 +0800] "POST /xingrg/dwr/call/plaincall/AjaxReportQueryService.refreshCache.dwr HTTP/1.1" 200 78
222.70.183.62 - - [10/Apr/2020:11:11:34 +0800] "POST /xingrg/all/report/load_report_page.html HTTP/1.1" 200 65897
222.70.183.62 - - [10/Apr/2020:11:11:34 +0800] "GET /xingrg/servlets/image?cache=0.37860885697899826&image=px HTTP/1.1" 200 807
116.238.92.147 - - [10/Apr/2020:11:11:36 +0800] "GET /xingrg/check_reg.html?_=1586488477436 HTTP/1.1" 200 22
180.156.150.85 - - [10/Apr/2020:11:11:37 +0800] "GET /xingrg/all/function/internal_message.html?_=1586488298385&CODE_STATE=getMsg HTTP/1.1" 200 27
222.70.183.62 - - [10/Apr/2020:11:11:37 +0800] "POST /xingrg/all/report/load_report_page.html HTTP/1.1" 200 23294
222.70.183.62 - - [10/Apr/2020:11:11:37 +0800] "GET /xingrg/servlets/image?cache=0.6489796531873141&image=px HTTP/1.1" 200 807
172.17.0.119 - - [10/Apr/2020:11:11:38 +0800] "GET /xingrg/all/function/internal_message.html?_=1586488296049&CODE_STATE=getMsg HTTP/1.1" 200 27
116.238.92.147 - - [10/Apr/2020:11:11:38 +0800] "GET /xingrg/all/function/internal_message.html?_=1586488480180&CODE_STATE=getMsg HTTP/1.1" 200 27
117.185.32.26 - - [10/Apr/2020:11:11:40 +0800] "GET /xingrg/all/function/internal_message.html?_=1586488704622&CODE_STATE=getMsg HTTP/1.1" 200 27
58.40.7.146 - - [10/Apr/2020:11:11:40 +0800] "GET /xingrg/all/function/internal_message.html?_=1586488297806&CODE_STATE=getMsg HTTP/1.1" 200 27
58.40.7.146 - - [10/Apr/2020:11:11:40 +0800] "GET /xingrg/all/function/internal_message.html?_=1586488297838&CODE_STATE=getMsg HTTP/1.1" 200 27
180.162.102.27 - - [10/Apr/2020:11:11:41 +0800] "GET /xingrg/all/function/internal_message.html?_=1586487771640&CODE_STATE=getMsg HTTP/1.1" 200 27
222.70.183.62 - - [10/Apr/2020:11:11:46 +0800] "POST /xingrg/all/report/load_report_page.html HTTP/1.1" 200 65897
222.70.183.62 - - [10/Apr/2020:11:11:46 +0800] "GET /xingrg/servlets/image?cache=0.20921961432757286&image=px HTTP/1.1" 200 807
172.17.0.102 - - [10/Apr/2020:11:11:51 +0800] "GET /xingrg/all/function/internal_message.html?_=1586488311898&CODE_STATE=getMsg HTTP/1.1" 200 27
180.162.102.27 - - [10/Apr/2020:11:11:52 +0800] "GET /xingrg/kc/buy/cgsh_order_add.html HTTP/1.1" 200 57207
180.162.102.27 - - [10/Apr/2020:11:11:53 +0800] "POST /xingrg/kc/buy/cgsh_order_operate.html HTTP/1.1" 200 8245
180.162.102.27 - - [10/Apr/2020:11:11:53 +0800] "GET /xingrg/javascript/easyui/themes/default/validatebox.css HTTP/1.1" 404 1104
180.162.232.172 - - [10/Apr/2020:11:11:54 +0800] "POST /xingrg/kc/base/wldb_order_operate.html HTTP/1.1" 200 37
180.162.232.172 - - [10/Apr/2020:11:11:54 +0800] "POST /xingrg/kc/base/wldb_order_operate.html HTTP/1.1" 200 6271
180.162.232.172 - - [10/Apr/2020:11:11:55 +0800] "GET /xingrg/kc/base/wldb_order_info.html?code=422020041000532 HTTP/1.1" 200 30342
180.162.232.172 - - [10/Apr/2020:11:11:56 +0800] "GET /xingrg/javascript/easyui/themes/default/validatebox.css HTTP/1.1" 404 1104
180.162.232.172 - - [10/Apr/2020:11:11:56 +0800] "POST /xingrg/kc/base/wldb_order_operate.html HTTP/1.1" 200 6271
172.17.0.123 - - [10/Apr/2020:11:11:56 +0800] "GET /xingrg/all/function/internal_message.html?_=1586488311303&CODE_STATE=getMsg HTTP/1.1" 200 27
114.84.33.255 - - [10/Apr/2020:11:11:57 +0800] "POST /xingrg/kc/buy/cgsh_order_operate.html HTTP/1.1" 200 37
114.84.33.255 - - [10/Apr/2020:11:11:58 +0800] "POST /xingrg/kc/buy/cgsh_order_operate.html HTTP/1.1" 200 3835
180.162.232.172 - - [10/Apr/2020:11:11:59 +0800] "POST /xingrg/kc/base/wldb_order_operate.html HTTP/1.1" 200 37
180.162.232.172 - - [10/Apr/2020:11:12:00 +0800] "POST /xingrg/kc/base/wldb_order_operate.html HTTP/1.1" 200 12
180.162.232.172 - - [10/Apr/2020:11:12:00 +0800] "POST /xingrg/kc/base/wldb_order_operate.html HTTP/1.1" 200 6271
114.84.33.255 - - [10/Apr/2020:11:12:00 +0800] "GET /xingrg/all/function/internal_message.html?_=1586488334759&CODE_STATE=getMsg HTTP/1.1" 200 27
180.162.232.172 - - [10/Apr/2020:11:12:01 +0800] "GET /xingrg/kc/base/wldb_order_info.html?code=422020041000532 HTTP/1.1" 200 26210
180.162.232.172 - - [10/Apr/2020:11:12:02 +0800] "POST /xingrg/kc/base/wldb_order_operate.html HTTP/1.1" 200 4474
180.162.232.172 - - [10/Apr/2020:11:12:02 +0800] "GET /xingrg/javascript/easyui/themes/default/validatebox.css HTTP/1.1" 404 1104
172.16.0.193 - - [10/Apr/2020:11:12:04 +0800] "GET /xingrg/check_reg.html?_=1586488321748 HTTP/1.1" 302 -
172.16.0.193 - - [10/Apr/2020:11:12:04 +0800] "GET /xingrg/all/function/internal_message.html?_=1586488321752&CODE_STATE=getMsg HTTP/1.1" 302 -
222.70.183.62 - - [10/Apr/2020:11:12:09 +0800] "GET /xingrg/all/function/internal_message.html?_=1586488326686&CODE_STATE=getMsg HTTP/1.1" 200 27
180.162.232.172 - - [10/Apr/2020:11:12:09 +0800] "GET /xingrg/kc/base/wldb_order_add.html HTTP/1.1" 200 30327
180.162.232.172 - - [10/Apr/2020:11:12:09 +0800] "POST /xingrg/kc/base/wldb_order_operate.html HTTP/1.1" 200 6806
114.88.159.93 - - [10/Apr/2020:11:12:09 +0800] "GET /xingrg/all/function/internal_message.html?_=1586488329508&CODE_STATE=getMsg HTTP/1.1" 200 27
180.162.232.172 - - [10/Apr/2020:11:12:09 +0800] "GET /xingrg/javascript/easyui/themes/default/validatebox.css HTTP/1.1" 404 1104
222.70.183.62 - - [10/Apr/2020:11:12:10 +0800] "POST /xingrg/all/report/load_report_page.html HTTP/1.1" 200 66150
222.70.183.62 - - [10/Apr/2020:11:12:10 +0800] "GET /xingrg/servlets/image?cache=0.28485329491792466&image=px HTTP/1.1" 200 807
222.70.208.105 - - [10/Apr/2020:11:12:11 +0800] "GET /xingrg/all/function/internal_message.html?_=1586488364060&CODE_STATE=getMsg HTTP/1.1" 302 -
222.70.208.105 - - [10/Apr/2020:11:12:11 +0800] "GET /xingrg/login.html HTTP/1.1" 200 7641
222.69.138.15 - - [10/Apr/2020:11:12:12 +0800] "GET /xingrg/all/function/internal_message.html?_=1586488330132&CODE_STATE=getMsg HTTP/1.1" 200 27
172.17.0.119 - - [10/Apr/2020:11:12:13 +0800] "GET /xingrg/kc/report/report_main.html HTTP/1.1" 200 7325
120.253.135.82 - - [10/Apr/2020:11:12:14 +0800] "GET /xingrg/all/function/internal_message.html?_=1586488398534&CODE_STATE=getMsg HTTP/1.1" 200 27
117.131.5.26 - - [10/Apr/2020:11:12:14 +0800] "GET /xingrg/all/function/internal_message.html?_=1586488350828&CODE_STATE=getMsg HTTP/1.1" 200 27
172.17.0.119 - - [10/Apr/2020:11:12:14 +0800] "GET /xingrg/kc/base/crk_hz.html HTTP/1.1" 200 11227
172.17.0.119 - - [10/Apr/2020:11:12:15 +0800] "POST /xingrg/kc/cost/cost_operate.html?command=get_base_tree HTTP/1.1" 200 2246
172.17.0.119 - - [10/Apr/2020:11:12:15 +0800] "POST /xingrg/all/common/load_tree.html?tree=materiel_sort_tree_json HTTP/1.1" 200 8666
117.185.32.26 - - [10/Apr/2020:11:12:15 +0800] "GET /xingrg/kc/base/wldb_order_operate.html?command=get_materiel&rest_code=00106&base_code=0010396&code=00101019130 HTTP/1.1" 200 471
172.17.0.102 - - [10/Apr/2020:11:12:15 +0800] "GET /xingrg/javascript/easyui/themes/default/tree.css HTTP/1.1" 404 1090
172.17.0.102 - - [10/Apr/2020:11:12:15 +0800] "POST /xingrg/all/common/load_tree.html?tree=supplier_tree_json&manage=1 HTTP/1.1" 200 47751
172.17.0.119 - - [10/Apr/2020:11:12:16 +0800] "GET /xingrg/all/common/get_data_part.html?part=previousMonth&_=1586488334555 HTTP/1.1" 200 41
222.70.183.62 - - [10/Apr/2020:11:12:16 +0800] "GET /xingrg/all/function/internal_message.html?_=1586488371404&CODE_STATE=getMsg HTTP/1.1" 200 27
114.84.33.255 - - [10/Apr/2020:11:12:17 +0800] "GET /xingrg/all/function/internal_message.html?_=1586488354046&CODE_STATE=getMsg HTTP/1.1" 200 27
222.70.183.62 - - [10/Apr/2020:11:12:18 +0800] "GET /xingrg/check_reg.html?_=1586488646094 HTTP/1.1" 302 -
222.70.183.62 - - [10/Apr/2020:11:12:18 +0800] "GET /xingrg/all/function/internal_message.html?_=1586488646101&CODE_STATE=getMsg HTTP/1.1" 302 -
172.17.0.103 - - [10/Apr/2020:11:12:19 +0800] "GET /xingrg/all/function/internal_message.html?_=1586488340081&CODE_STATE=getMsg HTTP/1.1" 302 -
180.162.232.172 - - [10/Apr/2020:11:12:19 +0800] "GET /xingrg/javascript/jquery_tools/datebox.css HTTP/1.1" 304 -
180.162.232.172 - - [10/Apr/2020:11:12:19 +0800] "GET /xingrg/css/base.css HTTP/1.1" 304 -
180.162.232.172 - - [10/Apr/2020:11:12:19 +0800] "GET /xingrg/javascript/jquery_tools/fix.css HTTP/1.1" 304 -
180.162.232.172 - - [10/Apr/2020:11:12:19 +0800] "GET /xingrg/css/site.css HTTP/1.1" 304 -
180.162.232.172 - - [10/Apr/2020:11:12:19 +0800] "GET /xingrg/javascript/auto/jquery.autocomplete.css HTTP/1.1" 304 -
180.162.232.172 - - [10/Apr/2020:11:12:19 +0800] "GET /xingrg/javascript/easyui/themes/default/easyui.css HTTP/1.1" 304 -
180.162.232.172 - - [10/Apr/2020:11:12:19 +0800] "GET /xingrg/javascript/easyui/themes/icon.css HTTP/1.1" 304 -
180.162.232.172 - - [10/Apr/2020:11:12:19 +0800] "GET /xingrg/javascript/jquery_tools/table.css HTTP/1.1" 304 -
180.162.232.172 - - [10/Apr/2020:11:12:19 +0800] "GET /xingrg/javascript/pic_change.js HTTP/1.1" 304 -
180.162.232.172 - - [10/Apr/2020:11:12:19 +0800] "GET /xingrg/javascript/jquery_tools/jquery.tools.min.js HTTP/1.1" 304 -
180.162.232.172 - - [10/Apr/2020:11:12:19 +0800] "GET /xingrg/javascript/jquery_tools/jquery.tools.extend.js HTTP/1.1" 304 -
180.162.232.172 - - [10/Apr/2020:11:12:19 +0800] "GET /xingrg/kc/base/wldb_order_add.html HTTP/1.1" 200 30327
180.162.232.172 - - [10/Apr/2020:11:12:19 +0800] "GET /xingrg/javascript/easyui/easyloader.js HTTP/1.1" 304 -
180.162.232.172 - - [10/Apr/2020:11:12:19 +0800] "GET /xingrg/javascript/jquery_tools/jquery.tools.table.js HTTP/1.1" 304 -
180.162.232.172 - - [10/Apr/2020:11:12:19 +0800] "GET /xingrg/javascript/auto/jquery.autocomplete.js HTTP/1.1" 304 -
180.162.232.172 - - [10/Apr/2020:11:12:19 +0800] "GET /xingrg/javascript/print/kc_print.js HTTP/1.1" 304 -
180.162.232.172 - - [10/Apr/2020:11:12:19 +0800] "GET /xingrg/javascript/print/LodopFuncs.js HTTP/1.1" 304 -
180.162.232.172 - - [10/Apr/2020:11:12:19 +0800] "GET /xingrg/javascript/json2.js HTTP/1.1" 304 -
180.162.232.172 - - [10/Apr/2020:11:12:19 +0800] "GET /xingrg/javascript/convert.js HTTP/1.1" 304 -
180.162.232.172 - - [10/Apr/2020:11:12:19 +0800] "GET /xingrg/javascript/jquery_tools/jquery.tools.hotkey.js HTTP/1.1" 304 -
180.162.232.172 - - [10/Apr/2020:11:12:19 +0800] "GET /xingrg/javascript/jquery.utils.js HTTP/1.1" 304 -
180.162.232.172 - - [10/Apr/2020:11:12:19 +0800] "GET /xingrg/javascript/jquery_tools/order_manager.js HTTP/1.1" 304 -
180.162.232.172 - - [10/Apr/2020:11:12:19 +0800] "GET /xingrg/words/20200410094738_words.js HTTP/1.1" 304 -
180.162.232.172 - - [10/Apr/2020:11:12:19 +0800] "GET /xingrg/javascript/easyui/themes/icons/edit_add_new.png HTTP/1.1" 304 -
180.162.232.172 - - [10/Apr/2020:11:12:19 +0800] "GET /xingrg/javascript/easyui/themes/icons/ok.png HTTP/1.1" 304 -
180.162.232.172 - - [10/Apr/2020:11:12:19 +0800] "GET /xingrg/javascript/easyui/themes/icons/template_new.png HTTP/1.1" 304 -
180.162.232.172 - - [10/Apr/2020:11:12:19 +0800] "GET /xingrg/javascript/easyui/themes/icons/check_new.png HTTP/1.1" 304 -
180.162.232.172 - - [10/Apr/2020:11:12:19 +0800] "GET /xingrg/javascript/easyui/themes/icons/cance_new.png HTTP/1.1" 304 -
180.162.232.172 - - [10/Apr/2020:11:12:19 +0800] "GET /xingrg/javascript/easyui/themes/icons/print.png HTTP/1.1" 304 -
180.162.232.172 - - [10/Apr/2020:11:12:19 +0800] "GET /xingrg/javascript/easyui/themes/default/images/menu_downarrow.png HTTP/1.1" 304 -
180.162.232.172 - - [10/Apr/2020:11:12:19 +0800] "GET /xingrg/javascript/easyui/themes/icons/cancel.png HTTP/1.1" 304 -
180.162.232.172 - - [10/Apr/2020:11:12:20 +0800] "GET /xingrg/javascript/easyui/plugins/jquery.parser.js HTTP/1.1" 304 -
180.162.232.172 - - [10/Apr/2020:11:12:20 +0800] "GET /xingrg/images/control/ajaxLoader.gif HTTP/1.1" 304 -
180.162.232.172 - - [10/Apr/2020:11:12:20 +0800] "POST /xingrg/kc/base/wldb_order_operate.html HTTP/1.1" 200 6806
172.17.0.119 - - [10/Apr/2020:11:12:20 +0800] "GET /xingrg/kc/base/crk_hz.html?_=1586488337946&command=get_cost_id&end_date=2020-03-31&start_date=2020-03-01 HTTP/1.1" 200 51
172.17.0.119 - - [10/Apr/2020:11:12:20 +0800] "GET /xingrg/all/report/report_query.html?isQuery=1&onlyBody=1&rh=99999&rw=1800&varString=start:20200301,cost_id:2567,mid:20200301&fileName=kc/base/crk_hz_type_by_base.xml&queryString=%20m.sort_code%20in%20('00101001','00101002','00101003','00101004','00101005','00101006','00101007','00101008','00101009','00101010','00101011','00101012','00101013','00101014','00101015','00101016','00101017','00101018','00101019','00101020','00101021','00101022','00101023','00101024','00101025','00101026','00101027','00101028','00101029','00101030','00101031','00101032','00101033','00101034','00101036','00101037','00101038','00101039')%20&queryText=ÈÕÆÚ£º2020-03-01ÖÁ2020-03-31&tableQueryString=materiel_table$sp1$$sp$before_table$sp1$$sp$crk_table$sp1$order_day%20between%2020200301%20and%2020200331 HTTP/1.1" 200 49725
172.17.0.119 - - [10/Apr/2020:11:12:20 +0800] "GET /xingrg/dwr/interface/AjaxReportQueryService.js HTTP/1.1" 200 13203
172.17.0.119 - - [10/Apr/2020:11:12:20 +0800] "GET /xingrg/dwr/engine.js HTTP/1.1" 200 43631
180.162.232.172 - - [10/Apr/2020:11:12:20 +0800] "GET /xingrg/javascript/easyui/themes/default/validatebox.css HTTP/1.1" 404 1104
172.17.0.119 - - [10/Apr/2020:11:12:21 +0800] "POST /xingrg/all/report/load_report_page.html HTTP/1.1" 200 571642
180.162.232.172 - - [10/Apr/2020:11:12:21 +0800] "POST /xingrg/all/common/load_combo.html?type=base HTTP/1.1" 200 3951
172.17.0.119 - - [10/Apr/2020:11:12:21 +0800] "GET /xingrg/servlets/image?cache=0.7453718378648326&image=px HTTP/1.1" 200 807
222.70.183.62 - - [10/Apr/2020:11:12:23 +0800] "POST /xingrg/all/report/load_report_page.html HTTP/1.1" 200 66100
222.70.183.62 - - [10/Apr/2020:11:12:23 +0800] "GET /xingrg/servlets/image?cache=0.032078845560527425&image=px HTTP/1.1" 200 807
180.162.232.172 - - [10/Apr/2020:11:12:24 +0800] "GET /xingrg/javascript/auto/indicator.gif HTTP/1.1" 404 1066
120.253.135.82 - - [10/Apr/2020:11:12:25 +0800] "GET /xingrg/all/function/internal_message.html?_=1586488091840&CODE_STATE=getMsg HTTP/1.1" 200 27
180.162.232.172 - - [10/Apr/2020:11:12:27 +0800] "GET /xingrg/all/function/internal_message.html?_=1586488475420&CODE_STATE=getMsg HTTP/1.1" 200 27
180.162.232.172 - - [10/Apr/2020:11:12:30 +0800] "GET /xingrg/kc/base/wldb_order_operate.html?command=get_materiel&rest_code=00150&base_code=0010446&code=00102002035 HTTP/1.1" 200 425
172.17.0.102 - - [10/Apr/2020:11:12:30 +0800] "POST /xingrg/kc/buy/cgsh_list_operate.html HTTP/1.1" 200 5127
116.235.222.53 - - [10/Apr/2020:11:12:30 +0800] "GET /xingrg/all/function/internal_message.html?_=1586488342178&CODE_STATE=getMsg HTTP/1.1" 200 27
180.157.252.250 - - [10/Apr/2020:11:12:32 +0800] "GET /xingrg/check_reg.html?_=1586488349824 HTTP/1.1" 200 22
180.157.252.250 - - [10/Apr/2020:11:12:32 +0800] "GET /xingrg/all/function/internal_message.html?_=1586488349827&CODE_STATE=getMsg HTTP/1.1" 200 27
58.221.95.50 - - [10/Apr/2020:11:12:32 +0800] "GET /xingrg/all/function/internal_message.html?_=1586488352739&CODE_STATE=getMsg HTTP/1.1" 302 -
180.162.102.27 - - [10/Apr/2020:11:12:33 +0800] "GET /xingrg/kc/buy/cgsh_order_operate.html?command=get_materiel&rest_code=00142&code=00101008126&supplier_code=00100161&order_time=2020-04-07 HTTP/1.1" 200 412
180.156.150.85 - - [10/Apr/2020:11:12:37 +0800] "GET /xingrg/all/function/internal_message.html?_=1586488358360&CODE_STATE=getMsg HTTP/1.1" 200 27
172.17.0.119 - - [10/Apr/2020:11:12:38 +0800] "GET /xingrg/check_reg.html?_=1586488356067 HTTP/1.1" 200 22
172.17.0.119 - - [10/Apr/2020:11:12:38 +0800] "GET /xingrg/all/function/internal_message.html?_=1586488356069&CODE_STATE=getMsg HTTP/1.1" 200 27
116.238.92.147 - - [10/Apr/2020:11:12:38 +0800] "GET /xingrg/all/function/internal_message.html?_=1586488540194&CODE_STATE=getMsg HTTP/1.1" 200 27
117.185.32.26 - - [10/Apr/2020:11:12:40 +0800] "GET /xingrg/all/function/internal_message.html?_=1586488764613&CODE_STATE=getMsg HTTP/1.1" 200 27
222.70.183.62 - - [10/Apr/2020:11:12:40 +0800] "POST /xingrg/all/report/load_report_page.html HTTP/1.1" 200 23321
58.40.7.146 - - [10/Apr/2020:11:12:40 +0800] "GET /xingrg/all/function/internal_message.html?_=1586488357810&CODE_STATE=getMsg HTTP/1.1" 200 27
58.40.7.146 - - [10/Apr/2020:11:12:40 +0800] "GET /xingrg/all/function/internal_message.html?_=1586488357809&CODE_STATE=getMsg HTTP/1.1" 200 27
222.70.183.62 - - [10/Apr/2020:11:12:40 +0800] "GET /xingrg/servlets/image?cache=0.05469933009695016&image=px HTTP/1.1" 200 807
180.162.102.27 - - [10/Apr/2020:11:12:41 +0800] "GET /xingrg/all/function/internal_message.html?_=1586487831662&CODE_STATE=getMsg HTTP/1.1" 200 27
180.162.232.172 - - [10/Apr/2020:11:12:43 +0800] "POST /xingrg/kc/base/wldb_order_operate.html HTTP/1.1" 200 37
180.162.232.172 - - [10/Apr/2020:11:12:44 +0800] "POST /xingrg/kc/base/wldb_order_operate.html HTTP/1.1" 200 12
180.162.232.172 - - [10/Apr/2020:11:12:44 +0800] "POST /xingrg/kc/base/wldb_order_operate.html HTTP/1.1" 200 2189
180.162.232.172 - - [10/Apr/2020:11:12:45 +0800] "GET /xingrg/kc/base/wldb_order_info.html?code=422020041000533 HTTP/1.1" 200 26208
180.162.232.172 - - [10/Apr/2020:11:12:45 +0800] "POST /xingrg/kc/base/wldb_order_operate.html HTTP/1.1" 200 483
180.162.232.172 - - [10/Apr/2020:11:12:45 +0800] "GET /xingrg/javascript/easyui/themes/default/validatebox.css HTTP/1.1" 404 1104
222.70.183.62 - - [10/Apr/2020:11:12:46 +0800] "POST /xingrg/all/report/load_report_page.html HTTP/1.1" 200 66061
172.17.0.102 - - [10/Apr/2020:11:12:46 +0800] "POST /xingrg/kc/buy/cgsh_list_operate.html HTTP/1.1" 200 2442
222.70.183.62 - - [10/Apr/2020:11:12:46 +0800] "GET /xingrg/servlets/image?cache=0.14827468279181455&image=px HTTP/1.1" 200 807
180.162.232.172 - - [10/Apr/2020:11:12:48 +0800] "GET /xingrg/kc/base/wldb_order_add.html HTTP/1.1" 200 30327
180.162.232.172 - - [10/Apr/2020:11:12:48 +0800] "POST /xingrg/kc/base/wldb_order_operate.html HTTP/1.1" 200 6806
180.162.232.172 - - [10/Apr/2020:11:12:48 +0800] "GET /xingrg/javascript/easyui/themes/default/validatebox.css HTTP/1.1" 404 1104
180.162.102.27 - - [10/Apr/2020:11:12:49 +0800] "GET /xingrg/kc/buy/cgsh_order_operate.html?command=get_materiel&rest_code=00142&code=00101008108&supplier_code=00100161&order_time=2020-04-07 HTTP/1.1" 200 412
180.162.232.172 - - [10/Apr/2020:11:12:49 +0800] "POST /xingrg/all/common/load_combo.html?type=base HTTP/1.1" 200 3951
172.17.0.102 - - [10/Apr/2020:11:12:51 +0800] "GET /xingrg/all/function/internal_message.html?_=1586488371900&CODE_STATE=getMsg HTTP/1.1" 200 27
117.185.32.26 - - [10/Apr/2020:11:12:51 +0800] "POST /xingrg/kc/base/wldb_order_operate.html HTTP/1.1" 200 37
117.185.32.26 - - [10/Apr/2020:11:12:52 +0800] "POST /xingrg/kc/base/wldb_order_operate.html HTTP/1.1" 200 5743
117.185.32.26 - - [10/Apr/2020:11:12:52 +0800] "GET /xingrg/kc/base/wldb_order_info.html?code=422020041000534 HTTP/1.1" 200 30328
117.185.32.26 - - [10/Apr/2020:11:12:53 +0800] "GET /xingrg/javascript/easyui/themes/default/validatebox.css HTTP/1.1" 404 1104
117.185.32.26 - - [10/Apr/2020:11:12:53 +0800] "POST /xingrg/kc/base/wldb_order_operate.html HTTP/1.1" 200 5743
172.17.0.123 - - [10/Apr/2020:11:12:56 +0800] "GET /xingrg/all/function/internal_message.html?_=1586488371307&CODE_STATE=getMsg HTTP/1.1" 200 27
180.162.102.27 - - [10/Apr/2020:11:12:57 +0800] "GET /xingrg/kc/buy/cgsh_order_operate.html?command=get_materiel&rest_code=00142&code=00101008368&supplier_code=00100161&order_time=2020-04-07 HTTP/1.1" 200 408
180.162.232.172 - - [10/Apr/2020:11:12:57 +0800] "GET /xingrg/check_reg.html?_=1586488505337 HTTP/1.1" 200 22
101.89.239.120 - - [10/Apr/2020:11:12:59 +0800] "GET /xingrg/all/function/internal_message.html?_=1586488089614&CODE_STATE=getMsg HTTP/1.1" 302 -
117.185.32.26 - - [10/Apr/2020:11:13:00 +0800] "GET /xingrg/kc/base/wldb_order_add.html HTTP/1.1" 200 30313
117.185.32.26 - - [10/Apr/2020:11:13:00 +0800] "POST /xingrg/kc/base/wldb_order_operate.html HTTP/1.1" 200 6806
114.84.33.255 - - [10/Apr/2020:11:13:00 +0800] "GET /xingrg/all/function/internal_message.html?_=1586488394786&CODE_STATE=getMsg HTTP/1.1" 200 27
117.185.32.26 - - [10/Apr/2020:11:13:01 +0800] "GET /xingrg/javascript/easyui/themes/default/validatebox.css HTTP/1.1" 404 1104
117.185.32.26 - - [10/Apr/2020:11:13:03 +0800] "POST /xingrg/all/common/load_combo.html?type=base HTTP/1.1" 200 2878
172.16.0.193 - - [10/Apr/2020:11:13:04 +0800] "GET /xingrg/all/function/internal_message.html?_=1586488381745&CODE_STATE=getMsg HTTP/1.1" 302 -
117.185.32.26 - - [10/Apr/2020:11:13:07 +0800] "POST /xingrg/all/common/load_combo.html?type=base HTTP/1.1" 200 2878
101.89.239.120 - - [10/Apr/2020:11:13:08 +0800] "GET /xingrg/login.html HTTP/1.1" 200 7641
180.162.102.27 - - [10/Apr/2020:11:13:08 +0800] "GET /xingrg/kc/buy/cgsh_order_operate.html?command=get_materiel&rest_code=00142&code=00101008005&supplier_code=00100161&order_time=2020-04-07 HTTP/1.1" 200 412
222.70.183.62 - - [10/Apr/2020:11:13:09 +0800] "GET /xingrg/all/function/internal_message.html?_=1586488386764&CODE_STATE=getMsg HTTP/1.1" 200 27
114.88.159.93 - - [10/Apr/2020:11:13:09 +0800] "GET /xingrg/all/function/internal_message.html?_=1586488389481&CODE_STATE=getMsg HTTP/1.1" 200 27
114.88.159.93 - - [10/Apr/2020:11:13:10 +0800] "GET /xingrg/check_reg.html?_=1586488390152 HTTP/1.1" 200 22
222.70.208.105 - - [10/Apr/2020:11:13:12 +0800] "GET /xingrg/all/function/internal_message.html?_=1586488424064&CODE_STATE=getMsg HTTP/1.1" 302 -
222.69.138.15 - - [10/Apr/2020:11:13:12 +0800] "GET /xingrg/all/function/internal_message.html?_=1586488390119&CODE_STATE=getMsg HTTP/1.1" 200 27
120.253.135.82 - - [10/Apr/2020:11:13:14 +0800] "GET /xingrg/all/function/internal_message.html?_=1586488458542&CODE_STATE=getMsg HTTP/1.1" 200 27
117.131.5.26 - - [10/Apr/2020:11:13:14 +0800] "GET /xingrg/check_reg.html?_=1586488410765 HTTP/1.1" 200 22
117.131.5.26 - - [10/Apr/2020:11:13:14 +0800] "GET /xingrg/all/function/internal_message.html?_=1586488410828&CODE_STATE=getMsg HTTP/1.1" 200 27
114.84.33.255 - - [10/Apr/2020:11:13:17 +0800] "GET /xingrg/all/function/internal_message.html?_=1586488414059&CODE_STATE=getMsg HTTP/1.1" 200 27
101.91.62.99 - - [10/Apr/2020:11:13:17 +0800] "GET /xingrg/all/function/internal_message.html?_=1586488329508&CODE_STATE=getMsg HTTP/1.1" 302 -
222.70.183.62 - - [10/Apr/2020:11:13:18 +0800] "GET /xingrg/all/function/internal_message.html?_=1586488706101&CODE_STATE=getMsg HTTP/1.1" 302 -
172.17.0.103 - - [10/Apr/2020:11:13:19 +0800] "GET /xingrg/all/function/internal_message.html?_=1586488400053&CODE_STATE=getMsg HTTP/1.1" 302 -
180.162.102.27 - - [10/Apr/2020:11:13:20 +0800] "GET /xingrg/kc/buy/cgsh_order_operate.html?command=get_materiel&rest_code=00142&code=00101008261&supplier_code=00100161&order_time=2020-04-07 HTTP/1.1" 200 408
101.91.62.99 - - [10/Apr/2020:11:13:22 +0800] "GET /xingrg/login.html HTTP/1.1" 200 7641
120.253.135.82 - - [10/Apr/2020:11:13:25 +0800] "GET /xingrg/all/function/internal_message.html?_=1586488151848&CODE_STATE=getMsg HTTP/1.1" 200 27
101.85.52.41 - - [10/Apr/2020:11:13:25 +0800] "GET /xingrg/check_reg.html?_=1586488003738 HTTP/1.1" 302 -
117.185.32.26 - - [10/Apr/2020:11:13:27 +0800] "GET /xingrg/kc/base/wldb_order_operate.html?command=get_materiel&rest_code=00106&base_code=0010397&code=00102002118 HTTP/1.1" 200 452
180.162.232.172 - - [10/Apr/2020:11:13:27 +0800] "GET /xingrg/all/function/internal_message.html?_=1586488535436&CODE_STATE=getMsg HTTP/1.1" 200 27
116.235.222.53 - - [10/Apr/2020:11:13:30 +0800] "GET /xingrg/check_reg.html?_=1586488401408 HTTP/1.1" 200 22
116.235.222.53 - - [10/Apr/2020:11:13:30 +0800] "GET /xingrg/all/function/internal_message.html?_=1586488402163&CODE_STATE=getMsg HTTP/1.1" 200 27
180.162.102.27 - - [10/Apr/2020:11:13:32 +0800] "GET /xingrg/kc/buy/cgsh_order_operate.html?command=get_materiel&rest_code=00142&code=00101008268&supplier_code=00100161&order_time=2020-04-07 HTTP/1.1" 200 408
180.157.252.250 - - [10/Apr/2020:11:13:32 +0800] "GET /xingrg/all/function/internal_message.html?_=1586488409824&CODE_STATE=getMsg HTTP/1.1" 200 27
58.221.95.50 - - [10/Apr/2020:11:13:32 +0800] "GET /xingrg/all/function/internal_message.html?_=1586488412713&CODE_STATE=getMsg HTTP/1.1" 302 -
58.221.95.50 - - [10/Apr/2020:11:13:33 +0800] "GET /xingrg/check_reg.html?_=1586488413568 HTTP/1.1" 302 -
180.162.232.172 - - [10/Apr/2020:11:13:34 +0800] "GET /xingrg/kc/base/wldb_order_operate.html?command=get_materiel&rest_code=00150&base_code=0010445&code=00101019551 HTTP/1.1" 200 465
180.156.150.85 - - [10/Apr/2020:11:13:37 +0800] "GET /xingrg/all/function/internal_message.html?_=1586488418341&CODE_STATE=getMsg HTTP/1.1" 200 27
172.17.0.119 - - [10/Apr/2020:11:13:38 +0800] "GET /xingrg/all/function/internal_message.html?_=1586488416048&CODE_STATE=getMsg HTTP/1.1" 200 27
116.238.92.147 - - [10/Apr/2020:11:13:38 +0800] "GET /xingrg/all/function/internal_message.html?_=1586488600207&CODE_STATE=getMsg HTTP/1.1" 200 27
117.185.32.26 - - [10/Apr/2020:11:13:40 +0800] "GET /xingrg/all/function/internal_message.html?_=1586488824631&CODE_STATE=getMsg HTTP/1.1" 200 27
58.40.7.146 - - [10/Apr/2020:11:13:40 +0800] "GET /xingrg/all/function/internal_message.html?_=1586488417781&CODE_STATE=getMsg HTTP/1.1" 200 27
58.40.7.146 - - [10/Apr/2020:11:13:40 +0800] "GET /xingrg/all/function/internal_message.html?_=1586488417813&CODE_STATE=getMsg HTTP/1.1" 200 27
180.162.102.27 - - [10/Apr/2020:11:13:41 +0800] "GET /xingrg/all/function/internal_message.html?_=1586487891667&CODE_STATE=getMsg HTTP/1.1" 200 27
180.162.232.172 - - [10/Apr/2020:11:13:41 +0800] "GET /xingrg/kc/base/wldb_order_operate.html?command=get_materiel&rest_code=00150&base_code=0010445&code=00101019015 HTTP/1.1" 200 437
117.185.32.26 - - [10/Apr/2020:11:13:43 +0800] "GET /xingrg/kc/base/wldb_order_operate.html?command=get_materiel&rest_code=00106&base_code=0010397&code=00102001084 HTTP/1.1" 200 432
180.162.102.27 - - [10/Apr/2020:11:13:43 +0800] "GET /xingrg/kc/buy/cgsh_order_operate.html?command=get_materiel&rest_code=00142&code=00101008370&supplier_code=00100161&order_time=2020-04-07 HTTP/1.1" 200 412
117.185.32.26 - - [10/Apr/2020:11:13:49 +0800] "POST /xingrg/kc/base/wldb_order_operate.html HTTP/1.1" 200 37
117.185.32.26 - - [10/Apr/2020:11:13:49 +0800] "POST /xingrg/kc/base/wldb_order_operate.html HTTP/1.1" 200 2680
180.162.232.172 - - [10/Apr/2020:11:13:50 +0800] "GET /xingrg/kc/base/wldb_order_operate.html?command=get_materiel&rest_code=00150&base_code=0010445&code=00101019461 HTTP/1.1" 200 475
117.185.32.26 - - [10/Apr/2020:11:13:50 +0800] "GET /xingrg/kc/base/wldb_order_info.html?code=422020041000535 HTTP/1.1" 200 30324
117.185.32.26 - - [10/Apr/2020:11:13:51 +0800] "GET /xingrg/javascript/easyui/themes/default/validatebox.css HTTP/1.1" 404 1104
172.17.0.102 - - [10/Apr/2020:11:13:51 +0800] "GET /xingrg/check_reg.html?_=1586488431909 HTTP/1.1" 200 22
172.17.0.102 - - [10/Apr/2020:11:13:51 +0800] "GET /xingrg/all/function/internal_message.html?_=1586488431914&CODE_STATE=getMsg HTTP/1.1" 200 27
117.185.32.26 - - [10/Apr/2020:11:13:51 +0800] "POST /xingrg/kc/base/wldb_order_operate.html HTTP/1.1" 200 2680
117.185.32.26 - - [10/Apr/2020:11:13:53 +0800] "GET /xingrg/kc/buy/buy_main.html HTTP/1.1" 200 12412
117.185.32.26 - - [10/Apr/2020:11:13:53 +0800] "GET /xingrg/css/new_ie.css HTTP/1.1" 404 1036
180.162.102.27 - - [10/Apr/2020:11:13:55 +0800] "GET /xingrg/kc/buy/cgsh_order_operate.html?command=get_materiel&rest_code=00142&code=00101008361&supplier_code=00100161&order_time=2020-04-07 HTTP/1.1" 200 408
172.17.0.123 - - [10/Apr/2020:11:13:56 +0800] "GET /xingrg/all/function/internal_message.html?_=1586488431307&CODE_STATE=getMsg HTTP/1.1" 200 27
114.84.33.255 - - [10/Apr/2020:11:14:00 +0800] "GET /xingrg/all/function/internal_message.html?_=1586488454787&CODE_STATE=getMsg HTTP/1.1" 200 27
180.162.232.172 - - [10/Apr/2020:11:14:04 +0800] "POST /xingrg/kc/base/wldb_order_operate.html HTTP/1.1" 200 37
172.16.0.193 - - [10/Apr/2020:11:14:04 +0800] "GET /xingrg/all/function/internal_message.html?_=1586488441739&CODE_STATE=getMsg HTTP/1.1" 302 -
180.162.232.172 - - [10/Apr/2020:11:14:05 +0800] "POST /xingrg/kc/base/wldb_order_operate.html HTTP/1.1" 200 12
180.162.232.172 - - [10/Apr/2020:11:14:05 +0800] "POST /xingrg/kc/base/wldb_order_operate.html HTTP/1.1" 200 3194
180.162.102.27 - - [10/Apr/2020:11:14:05 +0800] "GET /xingrg/kc/buy/cgsh_order_operate.html?command=get_materiel&rest_code=00142&code=00101008355&supplier_code=00100161&order_time=2020-04-07 HTTP/1.1" 200 408
180.162.232.172 - - [10/Apr/2020:11:14:06 +0800] "GET /xingrg/kc/base/wldb_order_info.html?code=422020041000536 HTTP/1.1" 200 26210
180.162.232.172 - - [10/Apr/2020:11:14:06 +0800] "POST /xingrg/kc/base/wldb_order_operate.html HTTP/1.1" 200 1469
180.162.232.172 - - [10/Apr/2020:11:14:06 +0800] "GET /xingrg/javascript/easyui/themes/default/validatebox.css HTTP/1.1" 404 1104
180.162.232.172 - - [10/Apr/2020:11:14:08 +0800] "GET /xingrg/kc/base/wldb_order_add.html HTTP/1.1" 200 30327
180.162.232.172 - - [10/Apr/2020:11:14:09 +0800] "POST /xingrg/kc/base/wldb_order_operate.html HTTP/1.1" 200 6806
222.70.183.62 - - [10/Apr/2020:11:14:09 +0800] "GET /xingrg/all/function/internal_message.html?_=1586488446776&CODE_STATE=getMsg HTTP/1.1" 200 27
180.162.232.172 - - [10/Apr/2020:11:14:09 +0800] "GET /xingrg/javascript/easyui/themes/default/validatebox.css HTTP/1.1" 404 1104
114.88.159.93 - - [10/Apr/2020:11:14:09 +0800] "GET /xingrg/all/function/internal_message.html?_=1586488449463&CODE_STATE=getMsg HTTP/1.1" 200 27
180.162.232.172 - - [10/Apr/2020:11:14:10 +0800] "POST /xingrg/all/common/load_combo.html?type=base HTTP/1.1" 200 3951
222.70.208.105 - - [10/Apr/2020:11:14:11 +0800] "GET /xingrg/all/function/internal_message.html?_=1586488484066&CODE_STATE=getMsg HTTP/1.1" 302 -
120.253.135.82 - - [10/Apr/2020:11:14:11 +0800] "GET /xingrg/check_reg.html?_=1586488515993 HTTP/1.1" 200 22
222.69.138.15 - - [10/Apr/2020:11:14:12 +0800] "GET /xingrg/all/function/internal_message.html?_=1586488450089&CODE_STATE=getMsg HTTP/1.1" 200 27
120.253.135.82 - - [10/Apr/2020:11:14:14 +0800] "GET /xingrg/all/function/internal_message.html?_=1586488518555&CODE_STATE=getMsg HTTP/1.1" 200 27
117.131.5.26 - - [10/Apr/2020:11:14:14 +0800] "GET /xingrg/all/function/internal_message.html?_=1586488470828&CODE_STATE=getMsg HTTP/1.1" 200 27
114.84.33.255 - - [10/Apr/2020:11:14:15 +0800] "GET /xingrg/check_reg.html?_=1586488471877 HTTP/1.1" 200 22
180.162.102.27 - - [10/Apr/2020:11:14:15 +0800] "GET /xingrg/kc/buy/cgsh_order_operate.html?command=get_materiel&rest_code=00142&code=00101008286&supplier_code=00100161&order_time=2020-04-07 HTTP/1.1" 200 408
172.17.0.102 - - [10/Apr/2020:11:14:16 +0800] "POST /xingrg/kc/buy/cgsh_list_operate.html HTTP/1.1" 200 4012
124.78.14.160 - - [10/Apr/2020:11:14:17 +0800] "GET /favicon.ico HTTP/1.1" 404 -
114.84.33.255 - - [10/Apr/2020:11:14:17 +0800] "GET /xingrg/all/function/internal_message.html?_=1586488474073&CODE_STATE=getMsg HTTP/1.1" 200 27
222.70.183.62 - - [10/Apr/2020:11:14:18 +0800] "GET /xingrg/all/function/internal_message.html?_=1586488766101&CODE_STATE=getMsg HTTP/1.1" 302 -
172.17.0.103 - - [10/Apr/2020:11:14:19 +0800] "GET /xingrg/all/function/internal_message.html?_=1586488460037&CODE_STATE=getMsg HTTP/1.1" 302 -
180.162.232.172 - - [10/Apr/2020:11:14:19 +0800] "GET /xingrg/kc/base/wldb_order_operate.html?command=get_materiel&rest_code=00150&base_code=0010446&code=00102002497 HTTP/1.1" 200 439
120.253.135.82 - - [10/Apr/2020:11:14:24 +0800] "GET /xingrg/check_reg.html?_=1586488211659 HTTP/1.1" 200 22
120.253.135.82 - - [10/Apr/2020:11:14:25 +0800] "GET /xingrg/all/function/internal_message.html?_=1586488211860&CODE_STATE=getMsg HTTP/1.1" 200 27
180.162.102.27 - - [10/Apr/2020:11:14:26 +0800] "GET /xingrg/kc/buy/cgsh_order_operate.html?command=get_materiel&rest_code=00142&code=00101008351&supplier_code=00100161&order_time=2020-04-07 HTTP/1.1" 200 408
180.162.232.172 - - [10/Apr/2020:11:14:27 +0800] "GET /xingrg/all/function/internal_message.html?_=1586488595454&CODE_STATE=getMsg HTTP/1.1" 200 27
116.235.222.53 - - [10/Apr/2020:11:14:30 +0800] "GET /xingrg/all/function/internal_message.html?_=1586488462133&CODE_STATE=getMsg HTTP/1.1" 200 27
180.162.232.172 - - [10/Apr/2020:11:14:32 +0800] "POST /xingrg/kc/base/wldb_order_operate.html HTTP/1.1" 200 37
180.157.252.250 - - [10/Apr/2020:11:14:32 +0800] "GET /xingrg/all/function/internal_message.html?_=1586488469823&CODE_STATE=getMsg HTTP/1.1" 200 27
58.221.95.50 - - [10/Apr/2020:11:14:32 +0800] "GET /xingrg/all/function/internal_message.html?_=1586488472688&CODE_STATE=getMsg HTTP/1.1" 302 -
180.162.232.172 - - [10/Apr/2020:11:14:33 +0800] "POST /xingrg/kc/base/wldb_order_operate.html HTTP/1.1" 200 12
180.162.232.172 - - [10/Apr/2020:11:14:33 +0800] "POST /xingrg/kc/base/wldb_order_operate.html HTTP/1.1" 200 2186
180.162.232.172 - - [10/Apr/2020:11:14:34 +0800] "GET /xingrg/kc/base/wldb_order_info.html?code=422020041000537 HTTP/1.1" 200 26205
180.162.232.172 - - [10/Apr/2020:11:14:34 +0800] "POST /xingrg/kc/base/wldb_order_operate.html HTTP/1.1" 200 481
180.162.232.172 - - [10/Apr/2020:11:14:34 +0800] "GET /xingrg/javascript/easyui/themes/default/validatebox.css HTTP/1.1" 404 1104
180.162.102.27 - - [10/Apr/2020:11:14:35 +0800] "GET /xingrg/kc/buy/cgsh_order_operate.html?command=get_materiel&rest_code=00142&code=00101008350&supplier_code=00100161&order_time=2020-04-07 HTTP/1.1" 200 408
180.156.150.85 - - [10/Apr/2020:11:14:37 +0800] "GET /xingrg/all/function/internal_message.html?_=1586488478319&CODE_STATE=getMsg HTTP/1.1" 200 27
172.17.0.119 - - [10/Apr/2020:11:14:38 +0800] "GET /xingrg/all/function/internal_message.html?_=1586488476051&CODE_STATE=getMsg HTTP/1.1" 200 27
180.162.232.172 - - [10/Apr/2020:11:14:38 +0800] "GET /xingrg/kc/base/wldb_order_add.html HTTP/1.1" 200 30327
180.156.150.85 - - [10/Apr/2020:11:14:38 +0800] "GET /xingrg/check_reg.html?_=1586488479492 HTTP/1.1" 200 22
180.162.232.172 - - [10/Apr/2020:11:14:38 +0800] "POST /xingrg/kc/base/wldb_order_operate.html HTTP/1.1" 200 6806
180.162.232.172 - - [10/Apr/2020:11:14:38 +0800] "GET /xingrg/javascript/easyui/themes/default/validatebox.css HTTP/1.1" 404 1104
116.238.92.147 - - [10/Apr/2020:11:14:39 +0800] "GET /xingrg/all/function/internal_message.html?_=1586488660454&CODE_STATE=getMsg HTTP/1.1" 200 27
180.162.232.172 - - [10/Apr/2020:11:14:39 +0800] "POST /xingrg/all/common/load_combo.html?type=base HTTP/1.1" 200 3951
117.185.32.26 - - [10/Apr/2020:11:14:40 +0800] "GET /xingrg/check_reg.html?_=1586488884629 HTTP/1.1" 200 22
117.185.32.26 - - [10/Apr/2020:11:14:40 +0800] "GET /xingrg/all/function/internal_message.html?_=1586488884633&CODE_STATE=getMsg HTTP/1.1" 200 27
58.40.7.146 - - [10/Apr/2020:11:14:40 +0800] "GET /xingrg/all/function/internal_message.html?_=1586488477753&CODE_STATE=getMsg HTTP/1.1" 200 27
58.40.7.146 - - [10/Apr/2020:11:14:40 +0800] "GET /xingrg/check_reg.html?_=1586488477809 HTTP/1.1" 200 22
58.40.7.146 - - [10/Apr/2020:11:14:40 +0800] "GET /xingrg/all/function/internal_message.html?_=1586488477812&CODE_STATE=getMsg HTTP/1.1" 200 27
180.162.102.27 - - [10/Apr/2020:11:14:41 +0800] "GET /xingrg/all/function/internal_message.html?_=1586487951678&CODE_STATE=getMsg HTTP/1.1" 200 27
180.162.102.27 - - [10/Apr/2020:11:14:45 +0800] "GET /xingrg/kc/buy/cgsh_order_operate.html?command=get_materiel&rest_code=00142&code=00101008312&supplier_code=00100161&order_time=2020-04-07 HTTP/1.1" 200 431
172.17.0.102 - - [10/Apr/2020:11:14:51 +0800] "GET /xingrg/all/function/internal_message.html?_=1586488491898&CODE_STATE=getMsg HTTP/1.1" 200 27
222.70.183.62 - - [10/Apr/2020:11:14:54 +0800] "GET /xingrg/login.html HTTP/1.1" 200 7641
222.70.183.62 - - [10/Apr/2020:11:14:54 +0800] "GET /xingrg/images/blue/jxLogo.png HTTP/1.1" 304 -
222.70.183.62 - - [10/Apr/2020:11:14:54 +0800] "GET /xingrg/images/blue/login_bg.png HTTP/1.1" 304 -
222.70.183.62 - - [10/Apr/2020:11:14:54 +0800] "GET /xingrg/images/blue/hj.png HTTP/1.1" 304 -
222.70.183.62 - - [10/Apr/2020:11:14:54 +0800] "GET /xingrg/images/blue/srbg.png HTTP/1.1" 304 -
222.70.183.62 - - [10/Apr/2020:11:14:54 +0800] "GET /favicon.ico HTTP/1.1" 404 -
180.162.102.27 - - [10/Apr/2020:11:14:55 +0800] "GET /xingrg/kc/buy/cgsh_order_operate.html?command=get_materiel&rest_code=00142&code=00101008264&supplier_code=00100161&order_time=2020-04-07 HTTP/1.1" 200 412
172.17.0.123 - - [10/Apr/2020:11:14:56 +0800] "GET /xingrg/all/function/internal_message.html?_=1586488491311&CODE_STATE=getMsg HTTP/1.1" 200 27
172.17.0.123 - - [10/Apr/2020:11:14:56 +0800] "GET /xingrg/check_reg.html?_=1586488491313 HTTP/1.1" 200 22
114.84.33.255 - - [10/Apr/2020:11:15:00 +0800] "GET /xingrg/all/function/internal_message.html?_=1586488514816&CODE_STATE=getMsg HTTP/1.1" 200 27
222.70.183.62 - - [10/Apr/2020:11:15:02 +0800] "POST /xingrg/login.do HTTP/1.1" 302 -
222.70.183.62 - - [10/Apr/2020:11:15:02 +0800] "GET /xingrg/index.html?sysBaseUrl=http%3A%2F%2F180.169.147.146%3A18081%2Fxingrg%2F&costTime=228×tamp=1586488502308 HTTP/1.1" 200 17173
222.70.183.62 - - [10/Apr/2020:11:15:02 +0800] "GET /xingrg/javascript/jquery_easy_ui/themes/default/easyui.css HTTP/1.1" 304 -
222.70.183.62 - - [10/Apr/2020:11:15:02 +0800] "GET /xingrg/css/form.css HTTP/1.1" 304 -
222.70.183.62 - - [10/Apr/2020:11:15:02 +0800] "GET /xingrg/javascript/jquery_easy_ui/easyui-lang-zh_CN.js HTTP/1.1" 304 -
222.70.183.62 - - [10/Apr/2020:11:15:02 +0800] "GET /xingrg/javascript/jquery-1.4.2.min.js HTTP/1.1" 304 -
222.70.183.62 - - [10/Apr/2020:11:15:02 +0800] "GET /xingrg/javascript/jquery_easy_ui/jquery.easyui.min.js HTTP/1.1" 304 -
222.70.183.62 - - [10/Apr/2020:11:15:02 +0800] "GET /xingrg/javascript/jquery_easy_ui/themes/icon.css HTTP/1.1" 304 -
222.70.183.62 - - [10/Apr/2020:11:15:02 +0800] "GET /xingrg/javascript/jquery.timers.js HTTP/1.1" 304 -
222.70.183.62 - - [10/Apr/2020:11:15:02 +0800] "GET /xingrg/javascript/jquery.utils.js HTTP/1.1" 304 -
222.70.183.62 - - [10/Apr/2020:11:15:02 +0800] "GET /xingrg/javascript/jquery.form.js HTTP/1.1" 304 -
222.70.183.62 - - [10/Apr/2020:11:15:02 +0800] "GET /xingrg/javascript/jquery_easy_ui/themes/default/images/tabs_rightarrow.png HTTP/1.1" 304 -
222.70.183.62 - - [10/Apr/2020:11:15:02 +0800] "GET /xingrg/javascript/jquery_easy_ui/themes/icons/settle_new.png HTTP/1.1" 304 -
222.70.183.62 - - [10/Apr/2020:11:15:02 +0800] "GET /xingrg/javascript/jquery_easy_ui/themes/default/images/panel_tool_collapse.gif HTTP/1.1" 304 -
222.70.183.62 - - [10/Apr/2020:11:15:02 +0800] "GET /xingrg/images/blue/pingpu.png HTTP/1.1" 304 -
222.70.183.62 - - [10/Apr/2020:11:15:02 +0800] "POST /xingrg/all/common/load_tree.html?tree=area_rest_tree_json&manage=1 HTTP/1.1" 200 342
222.70.183.62 - - [10/Apr/2020:11:15:03 +0800] "GET /xingrg/images/blue/navBackgound.jpg HTTP/1.1" 304 -
222.70.183.62 - - [10/Apr/2020:11:15:03 +0800] "GET /xingrg/javascript/jquery_easy_ui/themes/default/images/tabs_leftarrow.png HTTP/1.1" 304 -
222.70.183.62 - - [10/Apr/2020:11:15:03 +0800] "GET /xingrg/all/function/internal_message.html?_=1586488500469&CODE_STATE=count HTTP/1.1" 200 11
222.70.183.62 - - [10/Apr/2020:11:15:03 +0800] "GET /xingrg/check_reg.html?_=1586488500470 HTTP/1.1" 200 22
180.162.102.27 - - [10/Apr/2020:11:15:03 +0800] "GET /xingrg/kc/buy/cgsh_order_operate.html?command=get_materiel&rest_code=00142&code=00101016057&supplier_code=00100161&order_time=2020-04-07 HTTP/1.1" 200 408
222.70.183.62 - - [10/Apr/2020:11:15:03 +0800] "GET /favicon.ico HTTP/1.1" 404 -
222.70.183.62 - - [10/Apr/2020:11:15:03 +0800] "POST /xingrg/load_menu.html HTTP/1.1" 200 5138
222.70.183.62 - - [10/Apr/2020:11:15:03 +0800] "GET /xingrg/javascript/jquery_easy_ui/themes/default/images/tree_arrows.gif HTTP/1.1" 304 -
222.70.183.62 - - [10/Apr/2020:11:15:03 +0800] "GET /xingrg/javascript/jquery_easy_ui/themes/default/images/tree_folder_open.gif HTTP/1.1" 304 -
222.70.183.62 - - [10/Apr/2020:11:15:03 +0800] "GET /xingrg/javascript/jquery_easy_ui/themes/icons/storage_new.png HTTP/1.1" 304 -
222.70.183.62 - - [10/Apr/2020:11:15:03 +0800] "GET /xingrg/javascript/jquery_easy_ui/themes/default/images/tree_folder.gif HTTP/1.1" 304 -
222.70.183.62 - - [10/Apr/2020:11:15:03 +0800] "GET /xingrg/javascript/jquery_easy_ui/themes/icons/search_new.png HTTP/1.1" 304 -
222.70.183.62 - - [10/Apr/2020:11:15:03 +0800] "GET /xingrg/javascript/jquery_easy_ui/themes/icons/forms_new.png HTTP/1.1" 304 -
222.70.183.62 - - [10/Apr/2020:11:15:03 +0800] "GET /xingrg/javascript/jquery_easy_ui/themes/default/images/tree_file.gif HTTP/1.1" 304 -
172.16.0.193 - - [10/Apr/2020:11:15:04 +0800] "GET /xingrg/all/function/internal_message.html?_=1586488501759&CODE_STATE=getMsg HTTP/1.1" 302 -
222.70.183.62 - - [10/Apr/2020:11:15:05 +0800] "GET /xingrg/javascript/jquery_easy_ui/themes/default/images/tabs_close.gif HTTP/1.1" 304 -
222.70.183.62 - - [10/Apr/2020:11:15:05 +0800] "GET /xingrg/kc/buy/buy_main.html HTTP/1.1" 200 12412
222.70.183.62 - - [10/Apr/2020:11:15:05 +0800] "GET /xingrg/css/new_ie.css HTTP/1.1" 404 1036
222.70.183.62 - - [10/Apr/2020:11:15:05 +0800] "GET /xingrg/css/blue.css HTTP/1.1" 304 -
222.70.183.62 - - [10/Apr/2020:11:15:05 +0800] "GET /xingrg/javascript/jquery_ui/themes/humanity/humanity.css HTTP/1.1" 304 -
222.70.183.62 - - [10/Apr/2020:11:15:05 +0800] "GET /xingrg/javascript/ToolTips.js HTTP/1.1" 304 -
222.70.183.62 - - [10/Apr/2020:11:15:05 +0800] "GET /xingrg/javascript/pic_change.js HTTP/1.1" 304 -
222.70.183.62 - - [10/Apr/2020:11:15:05 +0800] "GET /xingrg/javascript/myfunction.js HTTP/1.1" 304 -
222.70.183.62 - - [10/Apr/2020:11:15:05 +0800] "GET /xingrg/javascript/jquery_ui/jquery-ui.min.js HTTP/1.1" 304 -
222.70.183.62 - - [10/Apr/2020:11:15:05 +0800] "GET /xingrg/images/blue/button/cgydd.gif HTTP/1.1" 304 -
222.70.183.62 - - [10/Apr/2020:11:15:05 +0800] "GET /xingrg/images/blue/button/cgshd.gif HTTP/1.1" 304 -
222.70.183.62 - - [10/Apr/2020:11:15:05 +0800] "GET /xingrg/images/blue/button/kc.gif HTTP/1.1" 304 -
222.70.183.62 - - [10/Apr/2020:11:15:05 +0800] "GET /xingrg/images/blue/button/cgfkd.gif HTTP/1.1" 304 -
222.70.183.62 - - [10/Apr/2020:11:15:05 +0800] "GET /xingrg/images/blue/button/cgxqd.gif HTTP/1.1" 304 -
222.70.183.62 - - [10/Apr/2020:11:15:05 +0800] "GET /xingrg/images/blue/button/ckthd.gif HTTP/1.1" 304 -
222.70.183.62 - - [10/Apr/2020:11:15:05 +0800] "GET /xingrg/images/blue/pic_form2.gif HTTP/1.1" 304 -
222.70.183.62 - - [10/Apr/2020:11:15:05 +0800] "GET /xingrg/javascript/jquery_ui/themes/humanity/images/ui-bg_inset-soft_100_f4f0ec_1x100.png HTTP/1.1" 304 -
222.70.183.62 - - [10/Apr/2020:11:15:05 +0800] "GET /xingrg/images/blue/button/right_ah.jpg HTTP/1.1" 304 -
222.70.183.62 - - [10/Apr/2020:11:15:05 +0800] "GET /xingrg/images/blue/button/down_ah.jpg HTTP/1.1" 304 -
222.70.183.62 - - [10/Apr/2020:11:15:05 +0800] "GET /xingrg/images/blue/bg_dotted.jpg HTTP/1.1" 304 -
222.70.183.62 - - [10/Apr/2020:11:15:05 +0800] "GET /xingrg/javascript/jquery_ui/themes/humanity/images/ui-iconsnew.jpg HTTP/1.1" 304 -
222.70.183.62 - - [10/Apr/2020:11:15:05 +0800] "GET /xingrg/javascript/jquery_ui/themes/humanity/images/ui-icons_ffffff_256x240.png HTTP/1.1" 304 -
222.70.183.62 - - [10/Apr/2020:11:15:06 +0800] "GET /xingrg/javascript/jquery_ui/themes/humanity/images/ui-icons_c47a23_256x240.png HTTP/1.1" 304 -
222.70.183.62 - - [10/Apr/2020:11:15:06 +0800] "GET /xingrg/javascript/jquery_ui/themes/humanity/images/ui-bg_glass_70_ede4d4_1x400.png HTTP/1.1" 304 -
222.70.183.62 - - [10/Apr/2020:11:15:06 +0800] "GET /xingrg/images/yd/bt.gif HTTP/1.1" 404 1040
222.70.183.62 - - [10/Apr/2020:11:15:07 +0800] "GET /xingrg/css/base.css HTTP/1.1" 304 -
222.70.183.62 - - [10/Apr/2020:11:15:07 +0800] "GET /xingrg/css/site.css HTTP/1.1" 304 -
222.70.183.62 - - [10/Apr/2020:11:15:07 +0800] "GET /xingrg/javascript/jquery_tools/datebox.css HTTP/1.1" 304 -
222.70.183.62 - - [10/Apr/2020:11:15:07 +0800] "GET /xingrg/javascript/easyui/themes/default/easyui.css HTTP/1.1" 304 -
222.70.183.62 - - [10/Apr/2020:11:15:07 +0800] "GET /xingrg/javascript/easyui/themes/icon.css HTTP/1.1" 304 -
222.70.183.62 - - [10/Apr/2020:11:15:07 +0800] "GET /xingrg/javascript/auto/jquery.autocomplete.css HTTP/1.1" 304 -
222.70.183.62 - - [10/Apr/2020:11:15:07 +0800] "GET /xingrg/javascript/jquery_tools/fix.css HTTP/1.1" 304 -
222.70.183.62 - - [10/Apr/2020:11:15:07 +0800] "GET /xingrg/javascript/jquery_tools/table.css HTTP/1.1" 304 -
222.70.183.62 - - [10/Apr/2020:11:15:07 +0800] "GET /xingrg/javascript/jquery_tools/jquery.tools.min.js HTTP/1.1" 304 -
222.70.183.62 - - [10/Apr/2020:11:15:07 +0800] "GET /xingrg/javascript/jquery_tools/jquery.tools.hotkey.js HTTP/1.1" 304 -
222.70.183.62 - - [10/Apr/2020:11:15:07 +0800] "GET /xingrg/javascript/jquery_tools/jquery.tools.extend.js HTTP/1.1" 304 -
222.70.183.62 - - [10/Apr/2020:11:15:07 +0800] "GET /xingrg/javascript/jquery_tools/list_manager.js HTTP/1.1" 304 -
222.70.183.62 - - [10/Apr/2020:11:15:07 +0800] "GET /xingrg/kc/buy/cgsh_order_list.html HTTP/1.1" 200 42354
222.70.183.62 - - [10/Apr/2020:11:15:07 +0800] "GET /xingrg/javascript/print/LodopFuncs.js HTTP/1.1" 304 -
222.70.183.62 - - [10/Apr/2020:11:15:07 +0800] "GET /xingrg/javascript/auto/jquery.autocomplete.js HTTP/1.1" 304 -
222.70.183.62 - - [10/Apr/2020:11:15:07 +0800] "GET /xingrg/javascript/jquery.cookie.js HTTP/1.1" 304 -
222.70.183.62 - - [10/Apr/2020:11:15:07 +0800] "GET /xingrg/javascript/easyui/easyloader.js HTTP/1.1" 304 -
222.70.183.62 - - [10/Apr/2020:11:15:07 +0800] "GET /xingrg/javascript/jquery_tools/jquery.tools.table.js HTTP/1.1" 304 -
222.70.183.62 - - [10/Apr/2020:11:15:09 +0800] "GET /xingrg/javascript/easyui/themes/icons/edit_add_new.png HTTP/1.1" 304 -
222.70.183.62 - - [10/Apr/2020:11:15:09 +0800] "GET /xingrg/javascript/easyui/themes/icons/cance_new.png HTTP/1.1" 304 -
222.70.183.62 - - [10/Apr/2020:11:15:09 +0800] "GET /xingrg/javascript/easyui/themes/icons/check_new.png HTTP/1.1" 304 -
222.70.183.62 - - [10/Apr/2020:11:15:09 +0800] "GET /xingrg/javascript/easyui/themes/icons/field_new.png HTTP/1.1" 304 -
222.70.183.62 - - [10/Apr/2020:11:15:09 +0800] "GET /xingrg/javascript/easyui/themes/icons/import_new.png HTTP/1.1" 304 -
222.70.183.62 - - [10/Apr/2020:11:15:09 +0800] "GET /xingrg/javascript/easyui/plugins/jquery.parser.js HTTP/1.1" 304 -
222.70.183.62 - - [10/Apr/2020:11:15:09 +0800] "GET /xingrg/images/control/ajaxLoader.gif HTTP/1.1" 304 -
222.70.183.62 - - [10/Apr/2020:11:15:09 +0800] "GET /xingrg/all/function/internal_message.html?_=1586488506863&CODE_STATE=getMsg HTTP/1.1" 200 27
114.88.159.93 - - [10/Apr/2020:11:15:09 +0800] "GET /xingrg/all/function/internal_message.html?_=1586488509437&CODE_STATE=getMsg HTTP/1.1" 200 27
222.70.183.62 - - [10/Apr/2020:11:15:09 +0800] "POST /xingrg/kc/buy/cgsh_list_operate.html HTTP/1.1" 200 876
222.70.183.62 - - [10/Apr/2020:11:15:10 +0800] "GET /xingrg/javascript/easyui/themes/default/images/button_plain_hover.png HTTP/1.1" 304 -
222.70.183.62 - - [10/Apr/2020:11:15:11 +0800] "GET /xingrg/javascript/convert.js HTTP/1.1" 304 -
222.70.183.62 - - [10/Apr/2020:11:15:11 +0800] "GET /xingrg/javascript/jquery_tools/order_manager.js HTTP/1.1" 304 -
