58.40.7.146 - - [09/Apr/2020:11:10:59 +0800] "GET /xingrg/javascript/jquery_tools/datebox.css HTTP/1.1" 200 2597
58.40.7.146 - - [09/Apr/2020:11:10:59 +0800] "GET /xingrg/javascript/easyui/themes/icon.css HTTP/1.1" 200 4483
58.40.7.146 - - [09/Apr/2020:11:10:59 +0800] "GET /xingrg/javascript/auto/jquery.autocomplete.css HTTP/1.1" 200 587
58.40.7.146 - - [09/Apr/2020:11:10:59 +0800] "GET /xingrg/javascript/jquery_tools/fix.css HTTP/1.1" 200 1702
58.40.7.146 - - [09/Apr/2020:11:10:59 +0800] "GET /xingrg/javascript/jquery_tools/jquery.tools.hotkey.js HTTP/1.1" 200 3242
58.40.7.146 - - [09/Apr/2020:11:10:59 +0800] "GET /xingrg/javascript/jquery_tools/table.css HTTP/1.1" 200 1032
58.40.7.146 - - [09/Apr/2020:11:10:59 +0800] "GET /xingrg/javascript/jquery_tools/jquery.tools.min.js HTTP/1.1" 200 138801
58.40.7.146 - - [09/Apr/2020:11:10:59 +0800] "GET /xingrg/javascript/jquery_tools/jquery.tools.table.js HTTP/1.1" 200 6994
58.40.7.146 - - [09/Apr/2020:11:10:59 +0800] "GET /xingrg/javascript/jquery_tools/list_manager.js HTTP/1.1" 200 3652
58.40.7.146 - - [09/Apr/2020:11:10:59 +0800] "GET /xingrg/javascript/jquery_tools/jquery.tools.extend.js HTTP/1.1" 200 15385
58.40.7.146 - - [09/Apr/2020:11:10:59 +0800] "GET /xingrg/javascript/easyui/easyloader.js HTTP/1.1" 200 5975
58.40.7.146 - - [09/Apr/2020:11:10:59 +0800] "GET /xingrg/javascript/easyui/themes/default/easyui.css HTTP/1.1" 200 30432
58.40.7.146 - - [09/Apr/2020:11:10:59 +0800] "GET /xingrg/javascript/auto/jquery.autocomplete.js HTTP/1.1" 200 21624
58.40.7.146 - - [09/Apr/2020:11:10:59 +0800] "GET /xingrg/javascript/jquery.cookie.js HTTP/1.1" 200 5513
180.156.150.85 - - [09/Apr/2020:11:10:59 +0800] "GET /xingrg/kc/base/wldb_order_operate.html?command=get_materiel&rest_code=00105&base_code=0010507&code=00101011005 HTTP/1.1" 200 430
58.40.7.146 - - [09/Apr/2020:11:10:59 +0800] "GET /xingrg/javascript/easyui/themes/icons/edit_add_new.png HTTP/1.1" 200 2997
58.40.7.146 - - [09/Apr/2020:11:10:59 +0800] "GET /xingrg/javascript/easyui/themes/icons/cance_new.png HTTP/1.1" 200 3986
58.40.7.146 - - [09/Apr/2020:11:10:59 +0800] "GET /xingrg/javascript/easyui/themes/icons/check_new.png HTTP/1.1" 200 3224
58.40.7.146 - - [09/Apr/2020:11:10:59 +0800] "GET /xingrg/javascript/easyui/themes/icons/uncheck_new.png HTTP/1.1" 200 3197
58.40.7.146 - - [09/Apr/2020:11:10:59 +0800] "GET /xingrg/javascript/easyui/themes/icons/field_new.png HTTP/1.1" 200 1097
172.17.0.115 - - [09/Apr/2020:11:10:59 +0800] "GET /xingrg/all/function/internal_message.html?_=1586401864164&CODE_STATE=getMsg HTTP/1.1" 200 27
58.40.7.146 - - [09/Apr/2020:11:10:59 +0800] "GET /xingrg/javascript/easyui/plugins/jquery.parser.js HTTP/1.1" 200 1142
58.40.7.146 - - [09/Apr/2020:11:10:59 +0800] "POST /xingrg/kc/base/check_list_operate.html HTTP/1.1" 200 781
61.129.6.251 - - [09/Apr/2020:11:10:59 +0800] "GET /xingrg/login.html HTTP/1.1" 200 7641
116.232.54.67 - - [09/Apr/2020:11:11:00 +0800] "GET /xingrg/kc/buy/cgsh_order_operate.html?command=get_materiel&rest_code=00109&code=00101008087&supplier_code=00100005&order_time=2020-04-09 HTTP/1.1" 200 412
58.40.7.146 - - [09/Apr/2020:11:11:00 +0800] "GET /xingrg/javascript/easyui/themes/default/images/button_plain_hover.png HTTP/1.1" 200 144
58.40.7.146 - - [09/Apr/2020:11:11:01 +0800] "GET /xingrg/javascript/jquery_easy_ui/themes/icons/area.png HTTP/1.1" 200 262
58.40.7.146 - - [09/Apr/2020:11:11:01 +0800] "GET /xingrg/javascript/jquery_easy_ui/themes/icons/manage.png HTTP/1.1" 200 696
58.40.7.146 - - [09/Apr/2020:11:11:01 +0800] "GET /xingrg/javascript/jquery_easy_ui/themes/icons/rest.png HTTP/1.1" 200 695
58.40.7.146 - - [09/Apr/2020:11:11:01 +0800] "GET /xingrg/javascript/jquery_easy_ui/themes/icons/ok.png HTTP/1.1" 200 883
58.40.7.146 - - [09/Apr/2020:11:11:01 +0800] "GET /xingrg/javascript/jquery_easy_ui/themes/default/images/panel_title.png HTTP/1.1" 200 266
58.40.7.146 - - [09/Apr/2020:11:11:01 +0800] "GET /xingrg/javascript/jquery_easy_ui/themes/default/images/panel_tools.gif HTTP/1.1" 200 737
180.157.252.250 - - [09/Apr/2020:11:11:02 +0800] "GET /xingrg/all/function/internal_message.html?_=1586401857777&CODE_STATE=getMsg HTTP/1.1" 200 27
58.40.7.146 - - [09/Apr/2020:11:11:03 +0800] "POST /xingrg/all/user/operate.html HTTP/1.1" 200 36
58.40.7.146 - - [09/Apr/2020:11:11:03 +0800] "GET /xingrg/index.html?sysBaseUrl=http%3A%2F%2F180.169.147.146%3A18081%2Fxingrg%2F&costTime=37×tamp=1586401690328 HTTP/1.1" 200 17507
58.40.7.146 - - [09/Apr/2020:11:11:03 +0800] "GET /xingrg/javascript/jquery_easy_ui/themes/default/easyui.css HTTP/1.1" 304 -
58.40.7.146 - - [09/Apr/2020:11:11:03 +0800] "GET /xingrg/javascript/jquery_easy_ui/themes/icon.css HTTP/1.1" 304 -
58.40.7.146 - - [09/Apr/2020:11:11:03 +0800] "GET /xingrg/css/form.css HTTP/1.1" 304 -
58.40.7.146 - - [09/Apr/2020:11:11:03 +0800] "GET /xingrg/javascript/jquery-1.4.2.min.js HTTP/1.1" 304 -
58.40.7.146 - - [09/Apr/2020:11:11:03 +0800] "GET /xingrg/javascript/jquery_easy_ui/jquery.easyui.min.js HTTP/1.1" 304 -
58.40.7.146 - - [09/Apr/2020:11:11:03 +0800] "GET /xingrg/javascript/jquery_easy_ui/easyui-lang-zh_CN.js HTTP/1.1" 304 -
58.40.7.146 - - [09/Apr/2020:11:11:03 +0800] "GET /xingrg/javascript/jquery.form.js HTTP/1.1" 304 -
58.40.7.146 - - [09/Apr/2020:11:11:03 +0800] "GET /xingrg/javascript/jquery.utils.js HTTP/1.1" 304 -
58.40.7.146 - - [09/Apr/2020:11:11:03 +0800] "GET /xingrg/javascript/jquery.timers.js HTTP/1.1" 304 -
58.40.7.146 - - [09/Apr/2020:11:11:03 +0800] "GET /xingrg/images/blue/jxLogo.png HTTP/1.1" 304 -
58.40.7.146 - - [09/Apr/2020:11:11:03 +0800] "GET /xingrg/images/blue/navBackgound.jpg HTTP/1.1" 304 -
58.40.7.146 - - [09/Apr/2020:11:11:03 +0800] "GET /xingrg/javascript/jquery_easy_ui/themes/icons/settle_new.png HTTP/1.1" 304 -
58.40.7.146 - - [09/Apr/2020:11:11:03 +0800] "POST /xingrg/all/common/load_tree.html?tree=area_rest_tree_json&manage=1 HTTP/1.1" 200 2838
180.161.111.141 - - [09/Apr/2020:11:11:03 +0800] "GET /xingrg/kc/base/wldb_order_operate.html?command=get_materiel&rest_code=00102&base_code=0010476&code=00101016029 HTTP/1.1" 200 461
58.40.7.146 - - [09/Apr/2020:11:11:03 +0800] "GET /xingrg/all/function/internal_message.html?_=1586401861456&CODE_STATE=count HTTP/1.1" 200 11
58.40.7.146 - - [09/Apr/2020:11:11:03 +0800] "GET /xingrg/check_reg.html?_=1586401861457 HTTP/1.1" 200 22
58.40.7.146 - - [09/Apr/2020:11:11:03 +0800] "GET /xingrg/javascript/jquery_easy_ui/themes/default/images/panel_tool_collapse.gif HTTP/1.1" 304 -
58.40.7.146 - - [09/Apr/2020:11:11:03 +0800] "GET /xingrg/javascript/jquery_easy_ui/themes/default/images/tabs_rightarrow.png HTTP/1.1" 304 -
58.40.7.146 - - [09/Apr/2020:11:11:03 +0800] "GET /xingrg/javascript/jquery_easy_ui/themes/default/images/panel_tool_expand.gif HTTP/1.1" 304 -
58.40.7.146 - - [09/Apr/2020:11:11:03 +0800] "GET /xingrg/images/blue/pingpu.png HTTP/1.1" 304 -
58.40.7.146 - - [09/Apr/2020:11:11:03 +0800] "GET /xingrg/javascript/jquery_easy_ui/themes/default/images/tabs_leftarrow.png HTTP/1.1" 304 -
58.40.7.146 - - [09/Apr/2020:11:11:03 +0800] "POST /xingrg/load_menu.html HTTP/1.1" 200 9959
114.88.159.93 - - [09/Apr/2020:11:11:04 +0800] "GET /xingrg/kc/buy/cgsh_order_add.html HTTP/1.1" 200 57975
114.88.159.93 - - [09/Apr/2020:11:11:04 +0800] "POST /xingrg/kc/buy/cgsh_order_operate.html HTTP/1.1" 200 8245
114.88.159.93 - - [09/Apr/2020:11:11:04 +0800] "GET /xingrg/javascript/easyui/themes/default/validatebox.css HTTP/1.1" 404 1104
116.232.54.67 - - [09/Apr/2020:11:11:05 +0800] "GET /xingrg/kc/buy/cgsh_order_operate.html?command=get_materiel&rest_code=00109&code=00101008361&supplier_code=00100005&order_time=2020-04-09 HTTP/1.1" 200 408
58.40.7.146 - - [09/Apr/2020:11:11:06 +0800] "GET /xingrg/kc/base/check_order_list.html HTTP/1.1" 200 16636
172.17.0.114 - - [09/Apr/2020:11:11:06 +0800] "GET /xingrg/all/function/internal_message.html?_=1586402080185&CODE_STATE=getMsg HTTP/1.1" 200 27
172.17.0.114 - - [09/Apr/2020:11:11:06 +0800] "GET /xingrg/check_reg.html?_=1586402080188 HTTP/1.1" 200 22
58.40.7.146 - - [09/Apr/2020:11:11:06 +0800] "POST /xingrg/kc/base/check_list_operate.html HTTP/1.1" 200 2571
116.232.54.67 - - [09/Apr/2020:11:11:09 +0800] "GET /xingrg/kc/buy/cgsh_order_operate.html?command=get_materiel&rest_code=00109&code=00101008321&supplier_code=00100005&order_time=2020-04-09 HTTP/1.1" 200 412
180.156.150.85 - - [09/Apr/2020:11:11:10 +0800] "GET /xingrg/all/function/internal_message.html?_=1586401871293&CODE_STATE=getMsg HTTP/1.1" 200 27
172.17.0.106 - - [09/Apr/2020:11:11:10 +0800] "GET /xingrg/all/function/internal_message.html?_=1586401870599&CODE_STATE=getMsg HTTP/1.1" 200 27
116.232.54.67 - - [09/Apr/2020:11:11:10 +0800] "GET /xingrg/all/function/internal_message.html?_=1586401952147&CODE_STATE=getMsg HTTP/1.1" 200 27
114.88.159.93 - - [09/Apr/2020:11:11:19 +0800] "GET /xingrg/kc/buy/cgsh_order_operate.html?command=get_materiel&rest_code=00141&code=00101008209&supplier_code=00100007&order_time=2020-04-09 HTTP/1.1" 200 408
180.156.150.85 - - [09/Apr/2020:11:11:19 +0800] "GET /xingrg/kc/base/wldb_order_operate.html?command=get_materiel&rest_code=00105&base_code=0010507&code=00101016019 HTTP/1.1" 200 451
222.70.183.62 - - [09/Apr/2020:11:11:19 +0800] "GET /xingrg/check_reg.html?_=1586401878358 HTTP/1.1" 200 22
114.88.159.93 - - [09/Apr/2020:11:11:20 +0800] "GET /xingrg/all/function/internal_message.html?_=1586401877765&CODE_STATE=getMsg HTTP/1.1" 200 27
222.70.183.62 - - [09/Apr/2020:11:11:21 +0800] "GET /xingrg/all/function/internal_message.html?_=1586401880402&CODE_STATE=getMsg HTTP/1.1" 200 27
180.161.111.141 - - [09/Apr/2020:11:11:25 +0800] "POST /xingrg/kc/base/wldb_order_operate.html HTTP/1.1" 200 37
180.161.111.141 - - [09/Apr/2020:11:11:26 +0800] "POST /xingrg/kc/base/wldb_order_operate.html HTTP/1.1" 200 12
180.161.111.141 - - [09/Apr/2020:11:11:26 +0800] "POST /xingrg/kc/base/wldb_order_operate.html HTTP/1.1" 200 7710
114.88.159.93 - - [09/Apr/2020:11:11:27 +0800] "GET /xingrg/kc/buy/cgsh_order_operate.html?command=get_materiel&rest_code=00141&code=00101008356&supplier_code=00100007&order_time=2020-04-09 HTTP/1.1" 200 408
117.185.32.26 - - [09/Apr/2020:11:11:27 +0800] "GET /xingrg/all/function/internal_message.html?_=1586402293273&CODE_STATE=getMsg HTTP/1.1" 200 27
180.161.111.141 - - [09/Apr/2020:11:11:28 +0800] "GET /xingrg/kc/base/wldb_order_info.html?code=422020040900458 HTTP/1.1" 200 26186
180.161.111.141 - - [09/Apr/2020:11:11:29 +0800] "POST /xingrg/kc/base/wldb_order_operate.html HTTP/1.1" 200 5877
180.161.111.141 - - [09/Apr/2020:11:11:29 +0800] "GET /xingrg/javascript/easyui/themes/default/validatebox.css HTTP/1.1" 404 1104
180.156.150.85 - - [09/Apr/2020:11:11:29 +0800] "GET /xingrg/kc/base/wldb_order_operate.html?command=get_materiel&rest_code=00105&base_code=0010507&code=00101013076 HTTP/1.1" 200 442
114.88.159.93 - - [09/Apr/2020:11:11:33 +0800] "GET /xingrg/kc/buy/cgsh_order_operate.html?command=get_materiel&rest_code=00141&code=00101008300&supplier_code=00100007&order_time=2020-04-09 HTTP/1.1" 200 412
180.161.111.141 - - [09/Apr/2020:11:11:34 +0800] "GET /xingrg/kc/base/wldb_order_add.html HTTP/1.1" 200 30309
120.253.135.82 - - [09/Apr/2020:11:11:35 +0800] "GET /xingrg/all/function/internal_message.html?_=1586401961415&CODE_STATE=getMsg HTTP/1.1" 200 27
180.161.111.141 - - [09/Apr/2020:11:11:35 +0800] "POST /xingrg/kc/base/wldb_order_operate.html HTTP/1.1" 200 6806
180.161.111.141 - - [09/Apr/2020:11:11:36 +0800] "GET /xingrg/javascript/easyui/themes/default/validatebox.css HTTP/1.1" 404 1104
180.161.111.141 - - [09/Apr/2020:11:11:37 +0800] "POST /xingrg/all/common/load_combo.html?type=base HTTP/1.1" 200 2702
180.156.150.85 - - [09/Apr/2020:11:11:39 +0800] "GET /xingrg/kc/base/wldb_order_operate.html?command=get_materiel&rest_code=00105&base_code=0010507&code=00101019018 HTTP/1.1" 200 452
180.161.111.141 - - [09/Apr/2020:11:11:41 +0800] "POST /xingrg/all/common/load_combo.html?type=base HTTP/1.1" 200 2702
172.17.0.114 - - [09/Apr/2020:11:11:42 +0800] "POST /xingrg/all/user/operate.html HTTP/1.1" 200 36
172.17.0.114 - - [09/Apr/2020:11:11:42 +0800] "GET /xingrg/javascript/jquery_easy_ui/themes/default/easyui.css HTTP/1.1" 304 -
172.17.0.114 - - [09/Apr/2020:11:11:42 +0800] "GET /xingrg/index.html?sysBaseUrl=http%3A%2F%2F172.17.0.8%3A18081%2Fxingrg%2F&costTime=42×tamp=1586400550228 HTTP/1.1" 200 17454
172.17.0.114 - - [09/Apr/2020:11:11:42 +0800] "GET /xingrg/javascript/jquery_easy_ui/themes/icon.css HTTP/1.1" 304 -
172.17.0.114 - - [09/Apr/2020:11:11:42 +0800] "GET /xingrg/css/form.css HTTP/1.1" 304 -
172.17.0.114 - - [09/Apr/2020:11:11:42 +0800] "GET /xingrg/javascript/jquery-1.4.2.min.js HTTP/1.1" 304 -
172.17.0.114 - - [09/Apr/2020:11:11:42 +0800] "GET /xingrg/javascript/jquery_easy_ui/jquery.easyui.min.js HTTP/1.1" 304 -
172.17.0.114 - - [09/Apr/2020:11:11:42 +0800] "GET /xingrg/javascript/jquery_easy_ui/easyui-lang-zh_CN.js HTTP/1.1" 304 -
172.17.0.114 - - [09/Apr/2020:11:11:42 +0800] "GET /xingrg/javascript/jquery.form.js HTTP/1.1" 304 -
172.17.0.114 - - [09/Apr/2020:11:11:42 +0800] "GET /xingrg/javascript/jquery.utils.js HTTP/1.1" 304 -
172.17.0.114 - - [09/Apr/2020:11:11:42 +0800] "GET /xingrg/javascript/jquery.timers.js HTTP/1.1" 304 -
172.17.0.114 - - [09/Apr/2020:11:11:42 +0800] "GET /xingrg/images/blue/jxLogo.png HTTP/1.1" 304 -
172.17.0.114 - - [09/Apr/2020:11:11:42 +0800] "GET /xingrg/images/blue/navBackgound.jpg HTTP/1.1" 304 -
172.17.0.114 - - [09/Apr/2020:11:11:42 +0800] "GET /xingrg/javascript/jquery_easy_ui/themes/icons/settle_new.png HTTP/1.1" 304 -
172.17.0.114 - - [09/Apr/2020:11:11:42 +0800] "POST /xingrg/all/common/load_tree.html?tree=area_rest_tree_json&manage=1 HTTP/1.1" 200 3088
172.17.0.114 - - [09/Apr/2020:11:11:43 +0800] "GET /xingrg/all/function/internal_message.html?_=1586402116440&CODE_STATE=count HTTP/1.1" 200 11
172.17.0.114 - - [09/Apr/2020:11:11:43 +0800] "GET /xingrg/check_reg.html?_=1586402116441 HTTP/1.1" 200 22
172.17.0.114 - - [09/Apr/2020:11:11:43 +0800] "GET /xingrg/javascript/jquery_easy_ui/themes/default/images/panel_tool_expand.gif HTTP/1.1" 304 -
172.17.0.114 - - [09/Apr/2020:11:11:43 +0800] "GET /xingrg/javascript/jquery_easy_ui/themes/default/images/panel_tool_collapse.gif HTTP/1.1" 304 -
172.17.0.114 - - [09/Apr/2020:11:11:43 +0800] "GET /xingrg/javascript/jquery_easy_ui/themes/default/images/tabs_leftarrow.png HTTP/1.1" 304 -
172.17.0.114 - - [09/Apr/2020:11:11:43 +0800] "GET /xingrg/images/blue/pingpu.png HTTP/1.1" 304 -
172.17.0.114 - - [09/Apr/2020:11:11:43 +0800] "GET /xingrg/javascript/jquery_easy_ui/themes/default/images/tabs_rightarrow.png HTTP/1.1" 304 -
172.17.0.114 - - [09/Apr/2020:11:11:43 +0800] "POST /xingrg/load_menu.html HTTP/1.1" 200 9924
114.88.159.93 - - [09/Apr/2020:11:11:43 +0800] "GET /xingrg/kc/buy/cgsh_order_operate.html?command=get_materiel&rest_code=00141&code=00101008041&supplier_code=00100007&order_time=2020-04-09 HTTP/1.1" 200 409
116.232.54.67 - - [09/Apr/2020:11:11:43 +0800] "GET /xingrg/kc/buy/cgsh_order_operate.html?command=get_materiel&rest_code=00109&code=00101008270&supplier_code=00100005&order_time=2020-04-09 HTTP/1.1" 200 412
180.161.111.141 - - [09/Apr/2020:11:11:45 +0800] "GET /xingrg/all/function/internal_message.html?_=1586402088238&CODE_STATE=getMsg HTTP/1.1" 200 27
116.235.222.53 - - [09/Apr/2020:11:11:46 +0800] "GET /xingrg/all/function/internal_message.html?_=1586401900180&CODE_STATE=getMsg HTTP/1.1" 200 27
180.156.150.85 - - [09/Apr/2020:11:11:47 +0800] "GET /xingrg/kc/base/wldb_order_operate.html?command=get_materiel&rest_code=00105&base_code=0010507&code=00101013203 HTTP/1.1" 200 430
172.17.0.123 - - [09/Apr/2020:11:11:47 +0800] "GET /xingrg/all/function/internal_message.html?_=1586401903779&CODE_STATE=getMsg HTTP/1.1" 200 27
222.70.183.62 - - [09/Apr/2020:11:11:48 +0800] "GET /xingrg/all/function/internal_message.html?_=1586402216857&CODE_STATE=getMsg HTTP/1.1" 302 -
180.162.232.172 - - [09/Apr/2020:11:11:49 +0800] "GET /xingrg/all/function/internal_message.html?_=1586402031939&CODE_STATE=getMsg HTTP/1.1" 200 27
114.84.33.255 - - [09/Apr/2020:11:11:51 +0800] "GET /xingrg/all/function/internal_message.html?_=1586401907201&CODE_STATE=getMsg HTTP/1.1" 200 27
222.69.132.205 - - [09/Apr/2020:11:11:56 +0800] "GET /xingrg/all/function/internal_message.html?_=1586401908745&CODE_STATE=getMsg HTTP/1.1" 200 27
116.232.54.67 - - [09/Apr/2020:11:11:56 +0800] "GET /xingrg/kc/buy/cgsh_order_operate.html?command=get_materiel&rest_code=00109&code=00101008359&supplier_code=00100005&order_time=2020-04-09 HTTP/1.1" 200 408
172.17.0.119 - - [09/Apr/2020:11:11:57 +0800] "GET /xingrg/all/function/internal_message.html?_=1586401914976&CODE_STATE=getMsg HTTP/1.1" 200 27
180.162.102.27 - - [09/Apr/2020:11:11:58 +0800] "GET /xingrg/all/function/internal_message.html?_=1586401391312&CODE_STATE=getMsg HTTP/1.1" 200 27
114.88.159.93 - - [09/Apr/2020:11:12:00 +0800] "GET /xingrg/kc/buy/cgsh_order_operate.html?command=get_materiel&rest_code=00141&code=00101008261&supplier_code=00100007&order_time=2020-04-09 HTTP/1.1" 200 410
116.232.54.67 - - [09/Apr/2020:11:12:01 +0800] "GET /xingrg/kc/buy/cgsh_order_operate.html?command=get_materiel&rest_code=00109&code=00101008096&supplier_code=00100005&order_time=2020-04-09 HTTP/1.1" 200 412
172.17.0.114 - - [09/Apr/2020:11:12:01 +0800] "GET /xingrg/kc/buy/buy_main.html HTTP/1.1" 200 12377
172.17.0.114 - - [09/Apr/2020:11:12:01 +0800] "GET /xingrg/css/new_ie.css HTTP/1.1" 404 1036
172.17.0.114 - - [09/Apr/2020:11:12:01 +0800] "GET /xingrg/javascript/jquery_ui/jquery-ui.min.js HTTP/1.1" 200 186181
172.17.0.114 - - [09/Apr/2020:11:12:01 +0800] "GET /xingrg/images/blue/button/cgydd.gif HTTP/1.1" 200 2712
172.17.0.114 - - [09/Apr/2020:11:12:01 +0800] "GET /xingrg/images/blue/button/cgshd.gif HTTP/1.1" 200 2618
172.17.0.114 - - [09/Apr/2020:11:12:01 +0800] "GET /xingrg/images/blue/button/cgfkd.gif HTTP/1.1" 200 2075
172.17.0.114 - - [09/Apr/2020:11:12:01 +0800] "GET /xingrg/images/blue/button/kc.gif HTTP/1.1" 200 2160
172.17.0.114 - - [09/Apr/2020:11:12:01 +0800] "GET /xingrg/images/blue/button/ckthd.gif HTTP/1.1" 200 2045
172.17.0.114 - - [09/Apr/2020:11:12:01 +0800] "GET /xingrg/images/blue/pic_form2.gif HTTP/1.1" 200 1853
172.17.0.114 - - [09/Apr/2020:11:12:01 +0800] "GET /xingrg/images/blue/button/right_ah.jpg HTTP/1.1" 200 1744
172.17.0.114 - - [09/Apr/2020:11:12:01 +0800] "GET /xingrg/javascript/jquery_ui/themes/humanity/images/ui-bg_inset-soft_100_f4f0ec_1x100.png HTTP/1.1" 200 141
172.17.0.114 - - [09/Apr/2020:11:12:01 +0800] "GET /xingrg/images/blue/bg_dotted.jpg HTTP/1.1" 200 319
172.17.0.114 - - [09/Apr/2020:11:12:01 +0800] "GET /xingrg/images/blue/button/down_ah.jpg HTTP/1.1" 200 1732
172.17.0.114 - - [09/Apr/2020:11:12:01 +0800] "GET /xingrg/javascript/jquery_ui/themes/humanity/images/ui-bg_glass_70_ede4d4_1x400.png HTTP/1.1" 200 161
172.17.0.114 - - [09/Apr/2020:11:12:01 +0800] "GET /xingrg/javascript/jquery_ui/themes/humanity/images/ui-icons_ffffff_256x240.png HTTP/1.1" 200 4369
172.17.0.114 - - [09/Apr/2020:11:12:01 +0800] "GET /xingrg/javascript/jquery_ui/themes/humanity/images/ui-icons_c47a23_256x240.png HTTP/1.1" 200 5355
172.17.0.114 - - [09/Apr/2020:11:12:02 +0800] "GET /xingrg/javascript/jquery_ui/themes/humanity/images/ui-iconsnew.jpg HTTP/1.1" 200 337
180.157.252.250 - - [09/Apr/2020:11:12:02 +0800] "GET /xingrg/all/function/internal_message.html?_=1586401917777&CODE_STATE=getMsg HTTP/1.1" 200 27
180.157.252.250 - - [09/Apr/2020:11:12:02 +0800] "GET /xingrg/check_reg.html?_=1586401917794 HTTP/1.1" 200 22
172.17.0.114 - - [09/Apr/2020:11:12:02 +0800] "GET /xingrg/images/yd/bt.gif HTTP/1.1" 404 1040
172.17.0.114 - - [09/Apr/2020:11:12:02 +0800] "GET /xingrg/kc/buy/cgsh_order_list.html HTTP/1.1" 200 42595
172.17.0.114 - - [09/Apr/2020:11:12:02 +0800] "GET /xingrg/css/base.css HTTP/1.1" 200 2811
172.17.0.114 - - [09/Apr/2020:11:12:02 +0800] "GET /xingrg/css/site.css HTTP/1.1" 200 7541
172.17.0.114 - - [09/Apr/2020:11:12:02 +0800] "GET /xingrg/javascript/jquery_tools/datebox.css HTTP/1.1" 200 2597
172.17.0.114 - - [09/Apr/2020:11:12:02 +0800] "GET /xingrg/javascript/easyui/themes/default/easyui.css HTTP/1.1" 200 30432
172.17.0.114 - - [09/Apr/2020:11:12:02 +0800] "GET /xingrg/javascript/easyui/themes/icon.css HTTP/1.1" 200 4483
172.17.0.114 - - [09/Apr/2020:11:12:02 +0800] "GET /xingrg/javascript/auto/jquery.autocomplete.css HTTP/1.1" 200 587
172.17.0.114 - - [09/Apr/2020:11:12:02 +0800] "GET /xingrg/javascript/jquery_tools/fix.css HTTP/1.1" 200 1702
172.17.0.114 - - [09/Apr/2020:11:12:02 +0800] "GET /xingrg/javascript/jquery_tools/table.css HTTP/1.1" 200 1032
172.17.0.114 - - [09/Apr/2020:11:12:02 +0800] "GET /xingrg/javascript/jquery_tools/jquery.tools.min.js HTTP/1.1" 200 138801
172.17.0.114 - - [09/Apr/2020:11:12:02 +0800] "GET /xingrg/javascript/jquery_tools/jquery.tools.extend.js HTTP/1.1" 200 15385
172.17.0.114 - - [09/Apr/2020:11:12:02 +0800] "GET /xingrg/javascript/jquery_tools/jquery.tools.hotkey.js HTTP/1.1" 200 3242
172.17.0.114 - - [09/Apr/2020:11:12:02 +0800] "GET /xingrg/javascript/jquery_tools/jquery.tools.table.js HTTP/1.1" 200 6994
172.17.0.114 - - [09/Apr/2020:11:12:02 +0800] "GET /xingrg/javascript/jquery_tools/list_manager.js HTTP/1.1" 200 3652
172.17.0.114 - - [09/Apr/2020:11:12:02 +0800] "GET /xingrg/javascript/auto/jquery.autocomplete.js HTTP/1.1" 200 21624
172.17.0.114 - - [09/Apr/2020:11:12:02 +0800] "GET /xingrg/javascript/easyui/easyloader.js HTTP/1.1" 200 5975
172.17.0.114 - - [09/Apr/2020:11:12:02 +0800] "GET /xingrg/javascript/jquery.cookie.js HTTP/1.1" 200 5513
172.17.0.114 - - [09/Apr/2020:11:12:02 +0800] "GET /xingrg/javascript/print/LodopFuncs.js HTTP/1.1" 200 5121
172.17.0.114 - - [09/Apr/2020:11:12:03 +0800] "GET /xingrg/javascript/easyui/themes/icons/cance_new.png HTTP/1.1" 200 3986
172.17.0.114 - - [09/Apr/2020:11:12:03 +0800] "GET /xingrg/javascript/easyui/themes/icons/import_new.png HTTP/1.1" 200 1247
172.17.0.114 - - [09/Apr/2020:11:12:03 +0800] "GET /xingrg/javascript/easyui/themes/icons/field_new.png HTTP/1.1" 200 1097
172.17.0.114 - - [09/Apr/2020:11:12:03 +0800] "GET /xingrg/javascript/easyui/themes/icons/edit_add_new.png HTTP/1.1" 200 2997
172.17.0.114 - - [09/Apr/2020:11:12:03 +0800] "GET /xingrg/javascript/easyui/themes/icons/uncheck_new.png HTTP/1.1" 200 3197
172.17.0.114 - - [09/Apr/2020:11:12:03 +0800] "GET /xingrg/javascript/easyui/themes/icons/check_new.png HTTP/1.1" 200 3224
172.17.0.114 - - [09/Apr/2020:11:12:03 +0800] "GET /xingrg/javascript/easyui/plugins/jquery.parser.js HTTP/1.1" 200 1142
58.40.7.146 - - [09/Apr/2020:11:12:03 +0800] "GET /xingrg/all/function/internal_message.html?_=1586401921461&CODE_STATE=getMsg HTTP/1.1" 200 27
180.161.111.141 - - [09/Apr/2020:11:12:03 +0800] "GET /xingrg/kc/base/wldb_order_operate.html?command=get_materiel&rest_code=00102&base_code=0010476&code=00101019405 HTTP/1.1" 200 468
172.17.0.114 - - [09/Apr/2020:11:12:04 +0800] "POST /xingrg/kc/buy/cgsh_list_operate.html HTTP/1.1" 200 1664
116.232.54.67 - - [09/Apr/2020:11:12:06 +0800] "GET /xingrg/kc/buy/cgsh_order_operate.html?command=get_materiel&rest_code=00109&code=00101008067&supplier_code=00100005&order_time=2020-04-09 HTTP/1.1" 200 416
172.17.0.114 - - [09/Apr/2020:11:12:07 +0800] "GET /xingrg/javascript/jquery_tools/images/prev.gif HTTP/1.1" 404 1086
172.17.0.114 - - [09/Apr/2020:11:12:07 +0800] "GET /xingrg/javascript/jquery_tools/images/next.gif HTTP/1.1" 404 1086
116.232.54.67 - - [09/Apr/2020:11:12:07 +0800] "GET /xingrg/all/function/internal_message.html?_=1586402012146&CODE_STATE=getMsg HTTP/1.1" 200 27
114.88.159.93 - - [09/Apr/2020:11:12:08 +0800] "GET /xingrg/kc/buy/cgsh_order_operate.html?command=get_materiel&rest_code=00141&code=00101008087&supplier_code=00100007&order_time=2020-04-09 HTTP/1.1" 200 414
180.161.111.141 - - [09/Apr/2020:11:12:08 +0800] "GET /xingrg/kc/base/wldb_order_operate.html?command=get_materiel&rest_code=00102&base_code=0010476&code=00101019536 HTTP/1.1" 200 470
180.156.150.85 - - [09/Apr/2020:11:12:09 +0800] "POST /xingrg/kc/base/wldb_order_operate.html HTTP/1.1" 200 37
180.156.150.85 - - [09/Apr/2020:11:12:09 +0800] "POST /xingrg/kc/base/wldb_order_operate.html HTTP/1.1" 200 4567
172.17.0.106 - - [09/Apr/2020:11:12:10 +0800] "GET /xingrg/all/function/internal_message.html?_=1586401930600&CODE_STATE=getMsg HTTP/1.1" 200 27
180.156.150.85 - - [09/Apr/2020:11:12:10 +0800] "GET /xingrg/kc/base/wldb_order_info.html?code=422020040900459 HTTP/1.1" 200 30328
180.156.150.85 - - [09/Apr/2020:11:12:10 +0800] "GET /xingrg/all/function/internal_message.html?_=1586401931370&CODE_STATE=getMsg HTTP/1.1" 200 27
180.156.150.85 - - [09/Apr/2020:11:12:10 +0800] "GET /xingrg/javascript/easyui/themes/default/validatebox.css HTTP/1.1" 404 1104
180.156.150.85 - - [09/Apr/2020:11:12:10 +0800] "POST /xingrg/kc/base/wldb_order_operate.html HTTP/1.1" 200 4567
116.232.54.67 - - [09/Apr/2020:11:12:10 +0800] "GET /xingrg/kc/buy/cgsh_order_operate.html?command=get_materiel&rest_code=00109&code=00101008360&supplier_code=00100005&order_time=2020-04-09 HTTP/1.1" 200 413
180.156.150.85 - - [09/Apr/2020:11:12:11 +0800] "GET /xingrg/kc/base/wldb_order_add.html HTTP/1.1" 200 30313
180.156.150.85 - - [09/Apr/2020:11:12:12 +0800] "POST /xingrg/kc/base/wldb_order_operate.html HTTP/1.1" 200 6806
180.156.150.85 - - [09/Apr/2020:11:12:12 +0800] "GET /xingrg/javascript/easyui/themes/default/validatebox.css HTTP/1.1" 404 1104
172.17.0.114 - - [09/Apr/2020:11:12:12 +0800] "POST /xingrg/kc/buy/cgsh_list_operate.html HTTP/1.1" 200 5400
180.156.150.85 - - [09/Apr/2020:11:12:12 +0800] "POST /xingrg/all/common/load_combo.html?type=base HTTP/1.1" 200 2878
116.232.54.67 - - [09/Apr/2020:11:12:15 +0800] "GET /xingrg/kc/buy/cgsh_order_operate.html?command=get_materiel&rest_code=00109&code=00101008131&supplier_code=00100005&order_time=2020-04-09 HTTP/1.1" 200 428
172.17.0.114 - - [09/Apr/2020:11:12:15 +0800] "POST /xingrg/kc/buy/cgsh_list_operate.html HTTP/1.1" 200 205
180.161.111.141 - - [09/Apr/2020:11:12:15 +0800] "GET /xingrg/kc/base/wldb_order_operate.html?command=get_materiel&rest_code=00102&base_code=0010476&code=00101013003 HTTP/1.1" 200 430
222.70.183.62 - - [09/Apr/2020:11:12:15 +0800] "GET /xingrg/check_reg.html?_=1586402243856 HTTP/1.1" 302 -
172.17.0.114 - - [09/Apr/2020:11:12:15 +0800] "GET /xingrg/javascript/easyui/themes/default/images/button_plain_hover.png HTTP/1.1" 200 144
172.17.0.114 - - [09/Apr/2020:11:12:17 +0800] "POST /xingrg/kc/buy/cgsh_list_operate.html HTTP/1.1" 200 4
116.232.54.67 - - [09/Apr/2020:11:12:19 +0800] "GET /xingrg/kc/buy/cgsh_order_operate.html?command=get_materiel&rest_code=00109&code=00101008213&supplier_code=00100005&order_time=2020-04-09 HTTP/1.1" 200 412
172.17.0.114 - - [09/Apr/2020:11:12:19 +0800] "POST /xingrg/kc/buy/cgsh_list_operate.html HTTP/1.1" 200 5407
114.88.159.93 - - [09/Apr/2020:11:12:20 +0800] "GET /xingrg/all/function/internal_message.html?_=1586401937791&CODE_STATE=getMsg HTTP/1.1" 200 27
222.70.183.62 - - [09/Apr/2020:11:12:21 +0800] "GET /xingrg/all/function/internal_message.html?_=1586401940570&CODE_STATE=getMsg HTTP/1.1" 200 27
180.156.150.85 - - [09/Apr/2020:11:12:22 +0800] "GET /xingrg/kc/base/wldb_order_operate.html?command=get_materiel&rest_code=00105&base_code=0010507&code=00101019222 HTTP/1.1" 200 454
114.88.159.93 - - [09/Apr/2020:11:12:23 +0800] "GET /xingrg/kc/buy/cgsh_order_operate.html?command=get_materiel&rest_code=00141&code=00101008003&supplier_code=00100007&order_time=2020-04-09 HTTP/1.1" 200 408
117.185.32.26 - - [09/Apr/2020:11:12:27 +0800] "GET /xingrg/all/function/internal_message.html?_=1586402353258&CODE_STATE=getMsg HTTP/1.1" 200 27
180.156.150.85 - - [09/Apr/2020:11:12:27 +0800] "GET /xingrg/kc/base/wldb_order_operate.html?command=get_materiel&rest_code=00105&base_code=0010507&code=00101019400 HTTP/1.1" 200 450
180.161.111.141 - - [09/Apr/2020:11:12:28 +0800] "GET /xingrg/kc/base/wldb_order_operate.html?command=get_materiel&rest_code=00102&base_code=0010476&code=00101019185 HTTP/1.1" 200 455
116.232.54.67 - - [09/Apr/2020:11:12:30 +0800] "GET /xingrg/kc/buy/cgsh_order_operate.html?command=get_materiel&rest_code=00109&code=00101008032&supplier_code=00100005&order_time=2020-04-09 HTTP/1.1" 200 408
120.253.135.82 - - [09/Apr/2020:11:12:35 +0800] "GET /xingrg/all/function/internal_message.html?_=1586402021473&CODE_STATE=getMsg HTTP/1.1" 200 27
114.88.159.93 - - [09/Apr/2020:11:12:37 +0800] "POST /xingrg/kc/buy/cgsh_order_operate.html HTTP/1.1" 200 37
101.91.62.99 - - [09/Apr/2020:11:12:38 +0800] "GET /xingrg/kc/buy/cgsh_order_operate.html?command=get_materiel&rest_code=00141&code=00101008300&supplier_code=00100007&order_time=2020-04-09 HTTP/1.1" 302 -
180.161.111.141 - - [09/Apr/2020:11:12:39 +0800] "GET /xingrg/kc/base/wldb_order_operate.html?command=get_materiel&rest_code=00102&base_code=0010476&code=00101019529 HTTP/1.1" 200 475
116.232.54.67 - - [09/Apr/2020:11:12:39 +0800] "GET /xingrg/kc/buy/cgsh_order_operate.html?command=get_materiel&rest_code=00109&code=00101008088&supplier_code=00100005&order_time=2020-04-09 HTTP/1.1" 200 408
101.91.62.99 - - [09/Apr/2020:11:12:42 +0800] "GET /xingrg/login.html HTTP/1.1" 200 7641
172.17.0.114 - - [09/Apr/2020:11:12:43 +0800] "GET /xingrg/all/function/internal_message.html?_=1586402176444&CODE_STATE=getMsg HTTP/1.1" 200 27
114.88.159.93 - - [09/Apr/2020:11:12:43 +0800] "POST /xingrg/kc/buy/cgsh_order_operate.html HTTP/1.1" 200 12
180.156.150.85 - - [09/Apr/2020:11:12:43 +0800] "GET /xingrg/kc/base/wldb_order_operate.html?command=get_materiel&rest_code=00105&base_code=0010507&code=00101019125 HTTP/1.1" 200 461
116.232.54.67 - - [09/Apr/2020:11:12:45 +0800] "GET /xingrg/kc/buy/cgsh_order_operate.html?command=get_materiel&rest_code=00109&code=00101008185&supplier_code=00100005&order_time=2020-04-09 HTTP/1.1" 200 408
114.88.159.93 - - [09/Apr/2020:11:12:45 +0800] "GET /xingrg/kc/buy/cgsh_order_info.html?code=212020040901634 HTTP/1.1" 200 52877
180.161.111.141 - - [09/Apr/2020:11:12:46 +0800] "GET /xingrg/all/function/internal_message.html?_=1586402148252&CODE_STATE=getMsg HTTP/1.1" 200 27
114.88.159.93 - - [09/Apr/2020:11:12:46 +0800] "GET /xingrg/javascript/easyui/themes/default/validatebox.css HTTP/1.1" 404 1104
114.88.159.93 - - [09/Apr/2020:11:12:46 +0800] "POST /xingrg/kc/buy/cgsh_order_operate.html HTTP/1.1" 200 5317
116.235.222.53 - - [09/Apr/2020:11:12:46 +0800] "GET /xingrg/all/function/internal_message.html?_=1586401960163&CODE_STATE=getMsg HTTP/1.1" 200 27
114.88.159.93 - - [09/Apr/2020:11:12:47 +0800] "GET /xingrg/kc/print/load_data.html?order_code=212020040901634&kc_code=cgsh&condition= HTTP/1.1" 200 2541
172.17.0.123 - - [09/Apr/2020:11:12:47 +0800] "GET /xingrg/check_reg.html?_=1586401963782 HTTP/1.1" 200 22
172.17.0.123 - - [09/Apr/2020:11:12:47 +0800] "GET /xingrg/all/function/internal_message.html?_=1586401963784&CODE_STATE=getMsg HTTP/1.1" 200 27
222.70.183.62 - - [09/Apr/2020:11:12:48 +0800] "GET /xingrg/all/function/internal_message.html?_=1586402276855&CODE_STATE=getMsg HTTP/1.1" 302 -
180.162.232.172 - - [09/Apr/2020:11:12:49 +0800] "GET /xingrg/all/function/internal_message.html?_=1586402091960&CODE_STATE=getMsg HTTP/1.1" 200 27
180.156.150.85 - - [09/Apr/2020:11:12:50 +0800] "GET /xingrg/kc/base/wldb_order_operate.html?command=get_materiel&rest_code=00105&base_code=0010507&code=00101019184 HTTP/1.1" 200 443
114.84.33.255 - - [09/Apr/2020:11:12:51 +0800] "GET /xingrg/all/function/internal_message.html?_=1586401967194&CODE_STATE=getMsg HTTP/1.1" 200 27
116.232.54.67 - - [09/Apr/2020:11:12:52 +0800] "GET /xingrg/kc/buy/cgsh_order_operate.html?command=get_materiel&rest_code=00109&code=00101008358&supplier_code=00100005&order_time=2020-04-09 HTTP/1.1" 200 412
114.84.33.255 - - [09/Apr/2020:11:12:53 +0800] "GET /xingrg/check_reg.html?_=1586401968385 HTTP/1.1" 200 22
222.69.132.205 - - [09/Apr/2020:11:12:56 +0800] "GET /xingrg/all/function/internal_message.html?_=1586401968746&CODE_STATE=getMsg HTTP/1.1" 200 27
172.17.0.119 - - [09/Apr/2020:11:12:57 +0800] "GET /xingrg/check_reg.html?_=1586401974981 HTTP/1.1" 200 22
172.17.0.119 - - [09/Apr/2020:11:12:57 +0800] "GET /xingrg/all/function/internal_message.html?_=1586401974979&CODE_STATE=getMsg HTTP/1.1" 200 27
180.161.111.141 - - [09/Apr/2020:11:12:58 +0800] "POST /xingrg/kc/base/wldb_order_operate.html HTTP/1.1" 200 37
180.156.150.85 - - [09/Apr/2020:11:12:58 +0800] "GET /xingrg/kc/base/wldb_order_operate.html?command=get_materiel&rest_code=00105&base_code=0010507&code=00101019303 HTTP/1.1" 200 451
116.232.54.67 - - [09/Apr/2020:11:12:58 +0800] "POST /xingrg/kc/buy/cgsh_order_operate.html HTTP/1.1" 200 37
180.162.102.27 - - [09/Apr/2020:11:12:58 +0800] "GET /xingrg/all/function/internal_message.html?_=1586401451313&CODE_STATE=getMsg HTTP/1.1" 200 27
180.161.111.141 - - [09/Apr/2020:11:12:59 +0800] "POST /xingrg/kc/base/wldb_order_operate.html HTTP/1.1" 200 12
180.161.111.141 - - [09/Apr/2020:11:12:59 +0800] "POST /xingrg/kc/base/wldb_order_operate.html HTTP/1.1" 200 5683
180.161.111.141 - - [09/Apr/2020:11:13:01 +0800] "GET /xingrg/kc/base/wldb_order_info.html?code=422020040900460 HTTP/1.1" 200 26186
180.157.252.250 - - [09/Apr/2020:11:13:02 +0800] "GET /xingrg/all/function/internal_message.html?_=1586401977777&CODE_STATE=getMsg HTTP/1.1" 200 27
180.161.111.141 - - [09/Apr/2020:11:13:02 +0800] "POST /xingrg/kc/base/wldb_order_operate.html HTTP/1.1" 200 3898
180.157.252.250 - - [09/Apr/2020:11:13:02 +0800] "GET /xingrg/dwr/interface/AjaxGetFirstChart.js HTTP/1.1" 200 631
180.157.252.250 - - [09/Apr/2020:11:13:02 +0800] "GET /xingrg/dwr/engine.js HTTP/1.1" 200 43631
180.157.252.250 - - [09/Apr/2020:11:13:02 +0800] "GET /xingrg/system/rest/list_page.html?p=menu HTTP/1.1" 200 110877
180.161.111.141 - - [09/Apr/2020:11:13:03 +0800] "GET /xingrg/javascript/easyui/themes/default/validatebox.css HTTP/1.1" 404 1104
180.157.252.250 - - [09/Apr/2020:11:13:03 +0800] "GET /xingrg/system/rest/query_items.html?_=1586401978807&table=menu&page=1&rows=20&categoryId=&key= HTTP/1.1" 200 4722
58.40.7.146 - - [09/Apr/2020:11:13:03 +0800] "GET /xingrg/all/function/internal_message.html?_=1586401981466&CODE_STATE=getMsg HTTP/1.1" 200 27
180.156.150.85 - - [09/Apr/2020:11:13:05 +0800] "GET /xingrg/kc/base/wldb_order_operate.html?command=get_materiel&rest_code=00105&base_code=0010507&code=00101019405 HTTP/1.1" 200 468
172.17.0.106 - - [09/Apr/2020:11:13:10 +0800] "GET /xingrg/all/function/internal_message.html?_=1586401990602&CODE_STATE=getMsg HTTP/1.1" 200 27
180.156.150.85 - - [09/Apr/2020:11:13:10 +0800] "GET /xingrg/all/function/internal_message.html?_=1586401991441&CODE_STATE=getMsg HTTP/1.1" 200 27
180.97.118.223 - - [09/Apr/2020:11:13:12 +0800] "GET /xingrg/kc/buy/cgsh_order_operate.html?command=get_materiel&rest_code=00141&code=00101008087&supplier_code=00100007&order_time=2020-04-09 HTTP/1.1" 302 -
180.97.118.223 - - [09/Apr/2020:11:13:13 +0800] "GET /xingrg/login.html HTTP/1.1" 200 7641
180.156.150.85 - - [09/Apr/2020:11:13:13 +0800] "GET /xingrg/kc/base/wldb_order_operate.html?command=get_materiel&rest_code=00105&base_code=0010507&code=00101019071 HTTP/1.1" 200 455
114.88.159.93 - - [09/Apr/2020:11:13:14 +0800] "GET /xingrg/kc/base/base_main.html HTTP/1.1" 200 12142
114.88.159.93 - - [09/Apr/2020:11:13:14 +0800] "GET /xingrg/images/blue/button/ckpd.gif HTTP/1.1" 200 2051
114.88.159.93 - - [09/Apr/2020:11:13:14 +0800] "GET /xingrg/images/blue/button/wlsy.gif HTTP/1.1" 200 2536
114.88.159.93 - - [09/Apr/2020:11:13:14 +0800] "GET /xingrg/images/blue/button/ckdb.gif HTTP/1.1" 200 1950
114.88.159.93 - - [09/Apr/2020:11:13:14 +0800] "GET /xingrg/images/blue/button/yddb.gif HTTP/1.1" 200 2040
114.88.159.93 - - [09/Apr/2020:11:13:14 +0800] "GET /xingrg/images/blue/button/bottom_left.jpg HTTP/1.1" 200 1524
114.88.159.93 - - [09/Apr/2020:11:13:14 +0800] "GET /xingrg/images/blue/button/left_ah.jpg HTTP/1.1" 200 1643
114.88.159.93 - - [09/Apr/2020:11:13:14 +0800] "GET /xingrg/images/blue/button/down.jpg HTTP/1.1" 200 1560
114.88.159.93 - - [09/Apr/2020:11:13:14 +0800] "GET /xingrg/images/blue/button/top_right.jpg HTTP/1.1" 200 1708
114.88.159.93 - - [09/Apr/2020:11:13:14 +0800] "GET /xingrg/images/blue/button/top_left.jpg HTTP/1.1" 200 1632
114.88.159.93 - - [09/Apr/2020:11:13:14 +0800] "GET /xingrg/images/blue/button/bottom_right.jpg HTTP/1.1" 200 1436
114.88.159.93 - - [09/Apr/2020:11:13:15 +0800] "GET /xingrg/kc/base/wldb_order_list.html HTTP/1.1" 200 19258
114.88.159.93 - - [09/Apr/2020:11:13:16 +0800] "POST /xingrg/kc/base/wldb_list_operate.html HTTP/1.1" 200 928
114.88.159.93 - - [09/Apr/2020:11:13:17 +0800] "GET /xingrg/kc/base/wldb_order_add.html HTTP/1.1" 200 30319
114.88.159.93 - - [09/Apr/2020:11:13:17 +0800] "GET /xingrg/all/common/auto_word.html?type=base&rest_code=00141 HTTP/1.1" 200 1603
114.88.159.93 - - [09/Apr/2020:11:13:17 +0800] "GET /xingrg/all/common/auto_word.html?type=base&rest_code=00141 HTTP/1.1" 200 1603
114.88.159.93 - - [09/Apr/2020:11:13:17 +0800] "GET /xingrg/javascript/easyui/themes/default/validatebox.css HTTP/1.1" 404 1104
114.88.159.93 - - [09/Apr/2020:11:13:17 +0800] "POST /xingrg/kc/base/wldb_order_operate.html HTTP/1.1" 200 6806
114.88.159.93 - - [09/Apr/2020:11:13:20 +0800] "GET /xingrg/all/function/internal_message.html?_=1586401997767&CODE_STATE=getMsg HTTP/1.1" 200 27
222.70.183.62 - - [09/Apr/2020:11:13:22 +0800] "GET /xingrg/all/function/internal_message.html?_=1586402000585&CODE_STATE=getMsg HTTP/1.1" 200 27
180.156.150.85 - - [09/Apr/2020:11:13:24 +0800] "GET /xingrg/kc/base/wldb_order_operate.html?command=get_materiel&rest_code=00105&base_code=0010507&code=00101019127 HTTP/1.1" 200 466
114.88.159.93 - - [09/Apr/2020:11:13:27 +0800] "GET /xingrg/kc/base/wldb_order_operate.html?command=get_materiel&rest_code=00141&base_code=0010381&code=00101001115 HTTP/1.1" 200 433
61.129.6.227 - - [09/Apr/2020:11:13:27 +0800] "GET /xingrg/all/function/internal_message.html?_=1586401937791&CODE_STATE=getMsg HTTP/1.1" 302 -
117.185.32.26 - - [09/Apr/2020:11:13:27 +0800] "GET /xingrg/all/function/internal_message.html?_=1586402413229&CODE_STATE=getMsg HTTP/1.1" 200 27
61.129.6.227 - - [09/Apr/2020:11:13:28 +0800] "GET /xingrg/login.html HTTP/1.1" 200 7641
120.253.135.82 - - [09/Apr/2020:11:13:35 +0800] "GET /xingrg/all/function/internal_message.html?_=1586402081490&CODE_STATE=getMsg HTTP/1.1" 200 27
180.156.150.85 - - [09/Apr/2020:11:13:39 +0800] "GET /xingrg/kc/base/wldb_order_operate.html?command=get_materiel&rest_code=00105&base_code=0010507&code=00101016001 HTTP/1.1" 200 458
172.17.0.114 - - [09/Apr/2020:11:13:43 +0800] "GET /xingrg/all/function/internal_message.html?_=1586402236451&CODE_STATE=getMsg HTTP/1.1" 200 27
116.235.222.53 - - [09/Apr/2020:11:13:46 +0800] "GET /xingrg/all/function/internal_message.html?_=1586402020147&CODE_STATE=getMsg HTTP/1.1" 200 27
180.161.111.141 - - [09/Apr/2020:11:13:46 +0800] "GET /xingrg/all/function/internal_message.html?_=1586402209109&CODE_STATE=getMsg HTTP/1.1" 200 27
172.17.0.123 - - [09/Apr/2020:11:13:47 +0800] "GET /xingrg/all/function/internal_message.html?_=1586402023789&CODE_STATE=getMsg HTTP/1.1" 200 27
222.70.183.62 - - [09/Apr/2020:11:13:48 +0800] "GET /xingrg/all/function/internal_message.html?_=1586402336829&CODE_STATE=getMsg HTTP/1.1" 302 -
180.156.150.85 - - [09/Apr/2020:11:13:48 +0800] "GET /xingrg/kc/base/wldb_order_operate.html?command=get_materiel&rest_code=00105&base_code=0010507&code=00101016076 HTTP/1.1" 200 477
180.162.232.172 - - [09/Apr/2020:11:13:50 +0800] "GET /xingrg/all/function/internal_message.html?_=1586402151967&CODE_STATE=getMsg HTTP/1.1" 200 27
180.97.118.223 - - [09/Apr/2020:11:13:50 +0800] "GET /xingrg/kc/buy/cgsh_order_info.html?code=212020040901634 HTTP/1.1" 302 -
114.84.33.255 - - [09/Apr/2020:11:13:51 +0800] "GET /xingrg/all/function/internal_message.html?_=1586402027167&CODE_STATE=getMsg HTTP/1.1" 200 27
180.97.118.223 - - [09/Apr/2020:11:13:52 +0800] "GET /xingrg/login.html HTTP/1.1" 200 7641
222.69.132.205 - - [09/Apr/2020:11:13:56 +0800] "GET /xingrg/all/function/internal_message.html?_=1586402028752&CODE_STATE=getMsg HTTP/1.1" 200 27
180.156.150.85 - - [09/Apr/2020:11:13:56 +0800] "GET /xingrg/kc/base/wldb_order_operate.html?command=get_materiel&rest_code=00105&base_code=0010507&code=00101019015 HTTP/1.1" 200 437
172.17.0.119 - - [09/Apr/2020:11:13:57 +0800] "GET /xingrg/all/function/internal_message.html?_=1586402034982&CODE_STATE=getMsg HTTP/1.1" 200 27
180.162.102.27 - - [09/Apr/2020:11:13:58 +0800] "GET /xingrg/check_reg.html?_=1586401511313 HTTP/1.1" 200 22
180.162.102.27 - - [09/Apr/2020:11:13:58 +0800] "GET /xingrg/all/function/internal_message.html?_=1586401511311&CODE_STATE=getMsg HTTP/1.1" 200 27
180.157.252.250 - - [09/Apr/2020:11:14:02 +0800] "GET /xingrg/all/function/internal_message.html?_=1586402037794&CODE_STATE=getMsg HTTP/1.1" 200 27
58.40.7.146 - - [09/Apr/2020:11:14:03 +0800] "GET /xingrg/all/function/internal_message.html?_=1586402041469&CODE_STATE=getMsg HTTP/1.1" 200 27
180.156.150.85 - - [09/Apr/2020:11:14:04 +0800] "GET /xingrg/kc/base/wldb_order_operate.html?command=get_materiel&rest_code=00105&base_code=0010507&code=00101013052 HTTP/1.1" 200 441
114.88.159.93 - - [09/Apr/2020:11:14:05 +0800] "POST /xingrg/kc/base/wldb_order_operate.html HTTP/1.1" 200 37
114.88.159.93 - - [09/Apr/2020:11:14:06 +0800] "POST /xingrg/kc/base/wldb_order_operate.html HTTP/1.1" 200 12
114.88.159.93 - - [09/Apr/2020:11:14:06 +0800] "POST /xingrg/kc/base/wldb_order_operate.html HTTP/1.1" 200 2182
114.88.159.93 - - [09/Apr/2020:11:14:07 +0800] "GET /xingrg/kc/base/wldb_order_info.html?code=422020040900461 HTTP/1.1" 200 26193
114.88.159.93 - - [09/Apr/2020:11:14:07 +0800] "GET /xingrg/javascript/easyui/themes/default/validatebox.css HTTP/1.1" 404 1104
114.88.159.93 - - [09/Apr/2020:11:14:07 +0800] "POST /xingrg/kc/base/wldb_order_operate.html HTTP/1.1" 200 477
172.17.0.106 - - [09/Apr/2020:11:14:10 +0800] "GET /xingrg/check_reg.html?_=1586402050602 HTTP/1.1" 200 22
172.17.0.106 - - [09/Apr/2020:11:14:10 +0800] "GET /xingrg/all/function/internal_message.html?_=1586402050606&CODE_STATE=getMsg HTTP/1.1" 200 27
180.156.150.85 - - [09/Apr/2020:11:14:10 +0800] "GET /xingrg/all/function/internal_message.html?_=1586402051398&CODE_STATE=getMsg HTTP/1.1" 200 27
180.156.150.85 - - [09/Apr/2020:11:14:10 +0800] "POST /xingrg/kc/base/wldb_order_operate.html HTTP/1.1" 200 37
180.156.150.85 - - [09/Apr/2020:11:14:10 +0800] "POST /xingrg/kc/base/wldb_order_operate.html HTTP/1.1" 200 7647
114.88.159.93 - - [09/Apr/2020:11:14:10 +0800] "GET /xingrg/kc/base/wldb_order_add.html HTTP/1.1" 200 30319
180.156.150.85 - - [09/Apr/2020:11:14:11 +0800] "GET /xingrg/kc/base/wldb_order_info.html?code=422020040900462 HTTP/1.1" 200 30328
114.88.159.93 - - [09/Apr/2020:11:14:11 +0800] "POST /xingrg/kc/base/wldb_order_operate.html HTTP/1.1" 200 6806
114.88.159.93 - - [09/Apr/2020:11:14:11 +0800] "GET /xingrg/javascript/easyui/themes/default/validatebox.css HTTP/1.1" 404 1104
180.156.150.85 - - [09/Apr/2020:11:14:11 +0800] "GET /xingrg/javascript/easyui/themes/default/validatebox.css HTTP/1.1" 404 1104
180.156.150.85 - - [09/Apr/2020:11:14:11 +0800] "POST /xingrg/kc/base/wldb_order_operate.html HTTP/1.1" 200 7647
114.88.159.93 - - [09/Apr/2020:11:14:20 +0800] "GET /xingrg/check_reg.html?_=1586402057778 HTTP/1.1" 200 22
114.88.159.93 - - [09/Apr/2020:11:14:20 +0800] "GET /xingrg/all/function/internal_message.html?_=1586402057780&CODE_STATE=getMsg HTTP/1.1" 200 27
101.89.239.232 - - [09/Apr/2020:11:14:20 +0800] "GET /xingrg/kc/base/wldb_order_add.html HTTP/1.1" 302 -
180.97.118.219 - - [09/Apr/2020:11:14:21 +0800] "GET /xingrg/kc/base/wldb_order_list.html HTTP/1.1" 302 -
222.70.183.62 - - [09/Apr/2020:11:14:22 +0800] "GET /xingrg/all/function/internal_message.html?_=1586402060751&CODE_STATE=getMsg HTTP/1.1" 200 27
114.88.159.93 - - [09/Apr/2020:11:14:22 +0800] "GET /xingrg/kc/base/wldb_order_operate.html?command=get_materiel&rest_code=00141&base_code=0010377&code=00102002238 HTTP/1.1" 200 433
180.156.150.85 - - [09/Apr/2020:11:14:22 +0800] "GET /xingrg/kc/base/wldb_order_add.html HTTP/1.1" 200 30313
180.156.150.85 - - [09/Apr/2020:11:14:22 +0800] "POST /xingrg/kc/base/wldb_order_operate.html HTTP/1.1" 200 6806
180.156.150.85 - - [09/Apr/2020:11:14:22 +0800] "GET /xingrg/javascript/easyui/themes/default/validatebox.css HTTP/1.1" 404 1104
180.156.150.85 - - [09/Apr/2020:11:14:23 +0800] "POST /xingrg/all/common/load_combo.html?type=base HTTP/1.1" 200 2878
180.97.118.219 - - [09/Apr/2020:11:14:25 +0800] "GET /xingrg/login.html HTTP/1.1" 200 7641
101.89.239.232 - - [09/Apr/2020:11:14:26 +0800] "GET /xingrg/login.html HTTP/1.1" 200 7641
117.185.32.26 - - [09/Apr/2020:11:14:27 +0800] "GET /xingrg/all/function/internal_message.html?_=1586402473242&CODE_STATE=getMsg HTTP/1.1" 200 27
114.88.159.93 - - [09/Apr/2020:11:14:30 +0800] "GET /xingrg/kc/base/wldb_order_operate.html?command=get_materiel&rest_code=00141&base_code=0010377&code=00102002204 HTTP/1.1" 200 433
180.156.150.85 - - [09/Apr/2020:11:14:31 +0800] "GET /xingrg/kc/base/wldb_order_operate.html?command=get_materiel&rest_code=00105&base_code=0010507&code=00101019079 HTTP/1.1" 200 465
120.253.135.82 - - [09/Apr/2020:11:14:32 +0800] "GET /xingrg/check_reg.html?_=1586402138695 HTTP/1.1" 200 22
101.89.19.197 - - [09/Apr/2020:11:14:34 +0800] "GET /xingrg/all/function/internal_message.html?_=1586401997767&CODE_STATE=getMsg HTTP/1.1" 302 -
114.88.159.93 - - [09/Apr/2020:11:14:35 +0800] "GET /xingrg/kc/base/wldb_order_operate.html?command=get_materiel&rest_code=00141&base_code=0010377&code=00102002320 HTTP/1.1" 200 441
120.253.135.82 - - [09/Apr/2020:11:14:35 +0800] "GET /xingrg/all/function/internal_message.html?_=1586402141503&CODE_STATE=getMsg HTTP/1.1" 200 27
101.89.19.197 - - [09/Apr/2020:11:14:37 +0800] "GET /xingrg/login.html HTTP/1.1" 200 7641
180.156.150.85 - - [09/Apr/2020:11:14:39 +0800] "GET /xingrg/kc/base/wldb_order_operate.html?command=get_materiel&rest_code=00105&base_code=0010507&code=00101019133 HTTP/1.1" 200 466
116.232.54.67 - - [09/Apr/2020:11:14:40 +0800] "POST /xingrg/kc/buy/cgsh_order_operate.html HTTP/1.1" 200 12729
114.88.159.93 - - [09/Apr/2020:11:14:42 +0800] "POST /xingrg/kc/base/wldb_order_operate.html HTTP/1.1" 200 37
172.17.0.114 - - [09/Apr/2020:11:14:43 +0800] "GET /xingrg/all/function/internal_message.html?_=1586402296450&CODE_STATE=getMsg HTTP/1.1" 200 27
114.88.159.93 - - [09/Apr/2020:11:14:43 +0800] "POST /xingrg/kc/base/wldb_order_operate.html HTTP/1.1" 200 12
114.88.159.93 - - [09/Apr/2020:11:14:43 +0800] "POST /xingrg/kc/base/wldb_order_operate.html HTTP/1.1" 200 3146
114.88.159.93 - - [09/Apr/2020:11:14:44 +0800] "GET /xingrg/kc/base/wldb_order_info.html?code=422020040900463 HTTP/1.1" 200 26197
114.88.159.93 - - [09/Apr/2020:11:14:45 +0800] "POST /xingrg/kc/base/wldb_order_operate.html HTTP/1.1" 200 1420
114.88.159.93 - - [09/Apr/2020:11:14:45 +0800] "GET /xingrg/javascript/easyui/themes/default/validatebox.css HTTP/1.1" 404 1104
116.232.54.67 - - [09/Apr/2020:11:14:46 +0800] "GET /xingrg/all/function/internal_message.html?_=1586402174924&CODE_STATE=getMsg HTTP/1.1" 200 27
116.235.222.53 - - [09/Apr/2020:11:14:46 +0800] "GET /xingrg/all/function/internal_message.html?_=1586402080133&CODE_STATE=getMsg HTTP/1.1" 200 27
180.161.111.141 - - [09/Apr/2020:11:14:46 +0800] "GET /xingrg/all/function/internal_message.html?_=1586402269120&CODE_STATE=getMsg HTTP/1.1" 200 27
180.156.150.85 - - [09/Apr/2020:11:14:47 +0800] "GET /xingrg/kc/base/wldb_order_operate.html?command=get_materiel&rest_code=00105&base_code=0010507&code=00101019469 HTTP/1.1" 200 455
172.17.0.123 - - [09/Apr/2020:11:14:47 +0800] "GET /xingrg/all/function/internal_message.html?_=1586402083778&CODE_STATE=getMsg HTTP/1.1" 200 27
222.70.183.62 - - [09/Apr/2020:11:14:48 +0800] "GET /xingrg/all/function/internal_message.html?_=1586402396798&CODE_STATE=getMsg HTTP/1.1" 302 -
114.88.159.93 - - [09/Apr/2020:11:14:49 +0800] "GET /xingrg/kc/base/wldb_order_add.html HTTP/1.1" 200 30319
180.162.232.172 - - [09/Apr/2020:11:14:49 +0800] "GET /xingrg/check_reg.html?_=1586402211243 HTTP/1.1" 200 22
114.88.159.93 - - [09/Apr/2020:11:14:49 +0800] "POST /xingrg/kc/base/wldb_order_operate.html HTTP/1.1" 200 6806
114.88.159.93 - - [09/Apr/2020:11:14:49 +0800] "GET /xingrg/javascript/easyui/themes/default/validatebox.css HTTP/1.1" 404 1104
180.162.232.172 - - [09/Apr/2020:11:14:50 +0800] "GET /xingrg/all/function/internal_message.html?_=1586402211979&CODE_STATE=getMsg HTTP/1.1" 200 27
114.84.33.255 - - [09/Apr/2020:11:14:51 +0800] "GET /xingrg/all/function/internal_message.html?_=1586402087152&CODE_STATE=getMsg HTTP/1.1" 200 27
180.156.150.85 - - [09/Apr/2020:11:14:53 +0800] "GET /xingrg/kc/base/wldb_order_operate.html?command=get_materiel&rest_code=00105&base_code=0010507&code=00101019542 HTTP/1.1" 200 448
116.232.54.67 - - [09/Apr/2020:11:14:55 +0800] "GET /xingrg/kc/buy/cgsh_order_operate.html?command=get_materiel&rest_code=00109&code=00101008088&supplier_code=00100005&order_time=2020-04-09 HTTP/1.1" 200 408
222.69.132.205 - - [09/Apr/2020:11:14:56 +0800] "GET /xingrg/all/function/internal_message.html?_=1586402088753&CODE_STATE=getMsg HTTP/1.1" 200 27
222.69.132.205 - - [09/Apr/2020:11:14:56 +0800] "GET /xingrg/check_reg.html?_=1586402088744 HTTP/1.1" 200 22
172.17.0.119 - - [09/Apr/2020:11:14:57 +0800] "GET /xingrg/all/function/internal_message.html?_=1586402094970&CODE_STATE=getMsg HTTP/1.1" 200 27
180.162.102.27 - - [09/Apr/2020:11:14:58 +0800] "GET /xingrg/all/function/internal_message.html?_=1586401571311&CODE_STATE=getMsg HTTP/1.1" 200 27
116.232.54.67 - - [09/Apr/2020:11:15:00 +0800] "GET /xingrg/kc/buy/cgsh_order_operate.html?command=get_materiel&rest_code=00109&code=00101008163&supplier_code=00100005&order_time=2020-04-09 HTTP/1.1" 200 408
180.156.150.85 - - [09/Apr/2020:11:15:02 +0800] "GET /xingrg/kc/base/wldb_order_operate.html?command=get_materiel&rest_code=00105&base_code=0010507&code=00101019306 HTTP/1.1" 200 463
