222.69.136.174 - - [06/Apr/2020:10:17:11 +0800] "GET /xingrg/all/function/internal_message.html?_=1586139430360&CODE_STATE=getMsg HTTP/1.1" 200 27
172.17.1.5 - - [06/Apr/2020:10:17:14 +0800] "GET /xingrg/all/function/internal_message.html?_=1586139433164&CODE_STATE=getMsg HTTP/1.1" 200 27
180.156.150.85 - - [06/Apr/2020:10:17:15 +0800] "POST /xingrg/dwr/call/plaincall/AjaxReportQueryService.refreshCache.dwr HTTP/1.1" 200 78
180.156.150.85 - - [06/Apr/2020:10:17:15 +0800] "POST /xingrg/all/report/load_report_page.html HTTP/1.1" 200 134358
180.156.150.85 - - [06/Apr/2020:10:17:15 +0800] "GET /xingrg/images/blue/button/back2.gif HTTP/1.1" 200 1339
180.156.150.85 - - [06/Apr/2020:10:17:15 +0800] "GET /xingrg/images/blue/button/back.gif HTTP/1.1" 200 1352
180.156.150.85 - - [06/Apr/2020:10:17:15 +0800] "GET /xingrg/servlets/image?cache=0.5141894542995944&image=px HTTP/1.1" 200 807
117.184.7.26 - - [06/Apr/2020:10:17:20 +0800] "GET /xingrg/all/function/internal_message.html?_=1586139437545&CODE_STATE=getMsg HTTP/1.1" 200 27
172.17.0.103 - - [06/Apr/2020:10:17:22 +0800] "GET /xingrg/all/function/internal_message.html?_=1586139443719&CODE_STATE=getMsg HTTP/1.1" 200 27
117.131.5.26 - - [06/Apr/2020:10:17:24 +0800] "GET /xingrg/all/function/internal_message.html?_=1586139451406&CODE_STATE=getMsg HTTP/1.1" 200 27
172.17.0.104 - - [06/Apr/2020:10:17:29 +0800] "GET /xingrg/all/function/internal_message.html?_=1586139450304&CODE_STATE=getMsg HTTP/1.1" 200 27
180.156.150.85 - - [06/Apr/2020:10:17:31 +0800] "POST /xingrg/kc/buy/cgsh_order_operate.html HTTP/1.1" 200 37
180.156.150.85 - - [06/Apr/2020:10:17:31 +0800] "POST /xingrg/all/report/load_report_page.html HTTP/1.1" 200 8713
180.156.150.85 - - [06/Apr/2020:10:17:31 +0800] "GET /xingrg/images/blue/button/advance.gif HTTP/1.1" 200 1354
180.156.150.85 - - [06/Apr/2020:10:17:31 +0800] "GET /xingrg/images/blue/button/advance2.gif HTTP/1.1" 200 1338
180.156.150.85 - - [06/Apr/2020:10:17:31 +0800] "GET /xingrg/servlets/image?cache=0.974286806866094&image=px HTTP/1.1" 200 807
180.156.150.85 - - [06/Apr/2020:10:17:33 +0800] "POST /xingrg/kc/buy/cgsh_order_operate.html HTTP/1.1" 200 2665
114.88.159.93 - - [06/Apr/2020:10:17:33 +0800] "GET /xingrg/all/function/internal_message.html?_=1586139452694&CODE_STATE=getMsg HTTP/1.1" 200 27
114.84.33.255 - - [06/Apr/2020:10:17:33 +0800] "GET /xingrg/all/function/internal_message.html?_=1586139458636&CODE_STATE=getMsg HTTP/1.1" 200 27
180.156.150.85 - - [06/Apr/2020:10:17:34 +0800] "GET /xingrg/all/function/internal_message.html?_=1586139336480&CODE_STATE=getMsg HTTP/1.1" 200 27
222.70.183.62 - - [06/Apr/2020:10:17:35 +0800] "GET /xingrg/all/function/internal_message.html?_=1586139455460&CODE_STATE=getMsg HTTP/1.1" 200 27
172.17.0.114 - - [06/Apr/2020:10:17:35 +0800] "GET /xingrg/all/function/internal_message.html?_=1586139612315&CODE_STATE=getMsg HTTP/1.1" 200 27
120.253.135.82 - - [06/Apr/2020:10:17:38 +0800] "GET /xingrg/all/function/internal_message.html?_=1586139528906&CODE_STATE=getMsg HTTP/1.1" 200 27
180.156.150.85 - - [06/Apr/2020:10:17:44 +0800] "POST /xingrg/kc/buy/cgsh_order_operate.html HTTP/1.1" 200 37
172.17.0.185 - - [06/Apr/2020:10:17:44 +0800] "GET /xingrg/all/function/internal_message.html?_=1586139463029&CODE_STATE=getMsg HTTP/1.1" 200 27
180.156.150.85 - - [06/Apr/2020:10:17:45 +0800] "POST /xingrg/kc/buy/cgsh_order_operate.html HTTP/1.1" 200 2665
116.235.222.53 - - [06/Apr/2020:10:17:46 +0800] "GET /xingrg/all/function/internal_message.html?_=1586139466151&CODE_STATE=getMsg HTTP/1.1" 200 27
180.156.150.85 - - [06/Apr/2020:10:17:46 +0800] "GET /xingrg/kc/print/load_data.html?order_code=212020040601013&kc_code=cgsh&condition= HTTP/1.1" 200 730
61.151.178.180 - - [06/Apr/2020:10:17:49 +0800] "GET /xingrg/all/function/internal_message.html?_=1586139392696&CODE_STATE=getMsg HTTP/1.1" 302 -
180.162.232.172 - - [06/Apr/2020:10:17:49 +0800] "GET /xingrg/all/function/internal_message.html?_=1586139595925&CODE_STATE=getMsg HTTP/1.1" 200 27
61.151.178.180 - - [06/Apr/2020:10:17:52 +0800] "GET /xingrg/login.html HTTP/1.1" 200 7641
180.156.150.85 - - [06/Apr/2020:10:17:56 +0800] "GET /xingrg/kc/buy/cgsh_order_add.html HTTP/1.1" 200 57969
180.156.150.85 - - [06/Apr/2020:10:17:57 +0800] "POST /xingrg/kc/buy/cgsh_order_operate.html HTTP/1.1" 200 8245
180.156.150.85 - - [06/Apr/2020:10:17:57 +0800] "GET /xingrg/javascript/easyui/themes/default/validatebox.css HTTP/1.1" 404 1104
172.17.0.123 - - [06/Apr/2020:10:18:04 +0800] "GET /xingrg/all/function/internal_message.html?_=1586139483850&CODE_STATE=getMsg HTTP/1.1" 200 27
114.84.33.255 - - [06/Apr/2020:10:18:05 +0800] "GET /xingrg/all/function/internal_message.html?_=1586139485574&CODE_STATE=getMsg HTTP/1.1" 200 27
101.89.239.216 - - [06/Apr/2020:10:18:06 +0800] "GET /xingrg/all/function/internal_message.html?_=1586139092659&CODE_STATE=getMsg HTTP/1.1" 302 -
180.162.232.172 - - [06/Apr/2020:10:18:07 +0800] "GET /xingrg/check_reg.html?_=1586139613768 HTTP/1.1" 200 22
180.156.150.85 - - [06/Apr/2020:10:18:10 +0800] "GET /xingrg/all/function/internal_message.html?_=1586139491467&CODE_STATE=getMsg HTTP/1.1" 200 27
222.69.136.174 - - [06/Apr/2020:10:18:11 +0800] "GET /xingrg/all/function/internal_message.html?_=1586139490358&CODE_STATE=getMsg HTTP/1.1" 200 27
172.17.1.5 - - [06/Apr/2020:10:18:14 +0800] "GET /xingrg/check_reg.html?_=1586139493157 HTTP/1.1" 200 22
172.17.1.5 - - [06/Apr/2020:10:18:14 +0800] "GET /xingrg/all/function/internal_message.html?_=1586139493158&CODE_STATE=getMsg HTTP/1.1" 200 27
101.89.239.216 - - [06/Apr/2020:10:18:16 +0800] "GET /xingrg/login.html HTTP/1.1" 200 7641
117.184.7.26 - - [06/Apr/2020:10:18:20 +0800] "GET /xingrg/all/function/internal_message.html?_=1586139497527&CODE_STATE=getMsg HTTP/1.1" 200 27
172.17.0.103 - - [06/Apr/2020:10:18:22 +0800] "GET /xingrg/all/function/internal_message.html?_=1586139503719&CODE_STATE=getMsg HTTP/1.1" 200 27
117.131.5.26 - - [06/Apr/2020:10:18:24 +0800] "GET /xingrg/all/function/internal_message.html?_=1586139511406&CODE_STATE=getMsg HTTP/1.1" 200 27
222.70.183.62 - - [06/Apr/2020:10:18:27 +0800] "POST /xingrg/kc/buy/cgsh_order_operate.html HTTP/1.1" 200 37
222.70.183.62 - - [06/Apr/2020:10:18:29 +0800] "POST /xingrg/kc/buy/cgsh_order_operate.html HTTP/1.1" 200 12
172.17.0.104 - - [06/Apr/2020:10:18:29 +0800] "GET /xingrg/all/function/internal_message.html?_=1586139510312&CODE_STATE=getMsg HTTP/1.1" 200 27
180.156.150.85 - - [06/Apr/2020:10:18:31 +0800] "GET /xingrg/kc/buy/cgsh_order_operate.html?command=get_materiel&rest_code=00105&code=00101004035&supplier_code=00100312&order_time=2020-04-06 HTTP/1.1" 200 408
114.88.159.93 - - [06/Apr/2020:10:18:33 +0800] "GET /xingrg/all/function/internal_message.html?_=1586139512693&CODE_STATE=getMsg HTTP/1.1" 200 27
114.84.33.255 - - [06/Apr/2020:10:18:33 +0800] "GET /xingrg/all/function/internal_message.html?_=1586139518649&CODE_STATE=getMsg HTTP/1.1" 200 27
180.156.150.85 - - [06/Apr/2020:10:18:34 +0800] "GET /xingrg/all/function/internal_message.html?_=1586139396469&CODE_STATE=getMsg HTTP/1.1" 200 27
172.17.0.114 - - [06/Apr/2020:10:18:35 +0800] "GET /xingrg/all/function/internal_message.html?_=1586139672316&CODE_STATE=getMsg HTTP/1.1" 200 27
120.253.135.82 - - [06/Apr/2020:10:18:38 +0800] "GET /xingrg/all/function/internal_message.html?_=1586139588920&CODE_STATE=getMsg HTTP/1.1" 200 27
117.185.32.26 - - [06/Apr/2020:10:18:38 +0800] "POST /xingrg/services/DataTransmitService HTTP/1.1" 200 524
117.185.32.26 - - [06/Apr/2020:10:18:38 +0800] "POST /xingrg/services/DataTransmitService HTTP/1.1" 200 501
117.185.32.26 - - [06/Apr/2020:10:18:38 +0800] "POST /xingrg/services/DataTransmitService HTTP/1.1" 200 501
117.185.32.26 - - [06/Apr/2020:10:18:39 +0800] "POST /xingrg/services/DataTransmitService HTTP/1.1" 200 501
117.185.32.26 - - [06/Apr/2020:10:18:39 +0800] "POST /xingrg/services/DataTransmitService HTTP/1.1" 200 501
117.185.32.26 - - [06/Apr/2020:10:18:39 +0800] "POST /xingrg/services/DataTransmitService HTTP/1.1" 200 412
172.17.0.185 - - [06/Apr/2020:10:18:44 +0800] "GET /xingrg/check_reg.html?_=1586139523035 HTTP/1.1" 200 22
172.17.0.185 - - [06/Apr/2020:10:18:44 +0800] "GET /xingrg/all/function/internal_message.html?_=1586139523040&CODE_STATE=getMsg HTTP/1.1" 200 27
116.235.222.53 - - [06/Apr/2020:10:18:46 +0800] "GET /xingrg/all/function/internal_message.html?_=1586139526172&CODE_STATE=getMsg HTTP/1.1" 200 27
117.184.7.26 - - [06/Apr/2020:10:18:48 +0800] "GET /xingrg/kc/buy/cgsh_order_operate.html?command=get_materiel&rest_code=00108&code=00101008224&supplier_code=00100007&order_time=2020-04-06 HTTP/1.1" 200 416
180.156.150.85 - - [06/Apr/2020:10:18:49 +0800] "GET /xingrg/kc/buy/cgsh_order_operate.html?command=get_materiel&rest_code=00105&code=00101004067&supplier_code=00100312&order_time=2020-04-06 HTTP/1.1" 200 413
180.162.232.172 - - [06/Apr/2020:10:18:49 +0800] "GET /xingrg/all/function/internal_message.html?_=1586139655932&CODE_STATE=getMsg HTTP/1.1" 200 27
180.156.150.85 - - [06/Apr/2020:10:18:55 +0800] "GET /xingrg/kc/buy/cgsh_order_operate.html?command=get_materiel&rest_code=00105&code=00101001023&supplier_code=00100312&order_time=2020-04-06 HTTP/1.1" 200 415
117.184.7.26 - - [06/Apr/2020:10:19:03 +0800] "GET /xingrg/kc/buy/cgsh_order_operate.html?command=get_materiel&rest_code=00108&code=00101008264&supplier_code=00100007&order_time=2020-04-06 HTTP/1.1" 200 412
172.17.0.123 - - [06/Apr/2020:10:19:04 +0800] "GET /xingrg/all/function/internal_message.html?_=1586139543852&CODE_STATE=getMsg HTTP/1.1" 200 27
180.156.150.85 - - [06/Apr/2020:10:19:04 +0800] "GET /xingrg/kc/buy/cgsh_order_operate.html?command=get_materiel&rest_code=00105&code=00101004014&supplier_code=00100312&order_time=2020-04-06 HTTP/1.1" 200 423
114.84.33.255 - - [06/Apr/2020:10:19:05 +0800] "GET /xingrg/all/function/internal_message.html?_=1586139545617&CODE_STATE=getMsg HTTP/1.1" 200 27
180.156.150.85 - - [06/Apr/2020:10:19:10 +0800] "GET /xingrg/all/function/internal_message.html?_=1586139551453&CODE_STATE=getMsg HTTP/1.1" 200 27
180.156.150.85 - - [06/Apr/2020:10:19:10 +0800] "GET /xingrg/check_reg.html?_=1586139551452 HTTP/1.1" 200 22
180.156.150.85 - - [06/Apr/2020:10:19:11 +0800] "GET /xingrg/kc/buy/cgsh_order_operate.html?command=get_materiel&rest_code=00105&code=00101001029&supplier_code=00100312&order_time=2020-04-06 HTTP/1.1" 200 413
222.69.136.174 - - [06/Apr/2020:10:19:11 +0800] "GET /xingrg/all/function/internal_message.html?_=1586139550361&CODE_STATE=getMsg HTTP/1.1" 200 27
222.69.136.174 - - [06/Apr/2020:10:19:11 +0800] "GET /xingrg/check_reg.html?_=1586139550364 HTTP/1.1" 200 22
172.17.1.5 - - [06/Apr/2020:10:19:15 +0800] "GET /xingrg/all/function/internal_message.html?_=1586139553167&CODE_STATE=getMsg HTTP/1.1" 200 27
117.184.7.26 - - [06/Apr/2020:10:19:20 +0800] "GET /xingrg/all/function/internal_message.html?_=1586139557533&CODE_STATE=getMsg HTTP/1.1" 200 27
172.17.0.103 - - [06/Apr/2020:10:19:22 +0800] "GET /xingrg/all/function/internal_message.html?_=1586139563722&CODE_STATE=getMsg HTTP/1.1" 200 27
117.131.5.26 - - [06/Apr/2020:10:19:24 +0800] "GET /xingrg/all/function/internal_message.html?_=1586139571406&CODE_STATE=getMsg HTTP/1.1" 200 27
180.156.150.85 - - [06/Apr/2020:10:19:26 +0800] "POST /xingrg/kc/buy/cgsh_order_operate.html HTTP/1.1" 200 37
114.84.33.255 - - [06/Apr/2020:10:19:26 +0800] "GET /xingrg/kc/buy/cgsh_order_add.html HTTP/1.1" 200 57975
117.184.7.26 - - [06/Apr/2020:10:19:27 +0800] "GET /xingrg/kc/buy/cgsh_order_operate.html?command=get_materiel&rest_code=00108&code=00101008205&supplier_code=00100007&order_time=2020-04-06 HTTP/1.1" 200 412
180.156.150.85 - - [06/Apr/2020:10:19:27 +0800] "POST /xingrg/kc/buy/cgsh_order_operate.html HTTP/1.1" 200 5032
114.84.33.255 - - [06/Apr/2020:10:19:27 +0800] "POST /xingrg/kc/buy/cgsh_order_operate.html HTTP/1.1" 200 8245
114.84.33.255 - - [06/Apr/2020:10:19:27 +0800] "GET /xingrg/javascript/easyui/themes/default/validatebox.css HTTP/1.1" 404 1104
116.233.78.214 - - [06/Apr/2020:10:19:28 +0800] "GET /xingrg/login.html HTTP/1.1" 200 7641
172.17.0.104 - - [06/Apr/2020:10:19:29 +0800] "GET /xingrg/all/function/internal_message.html?_=1586139570313&CODE_STATE=getMsg HTTP/1.1" 200 27
172.17.0.104 - - [06/Apr/2020:10:19:29 +0800] "GET /xingrg/check_reg.html?_=1586139570316 HTTP/1.1" 200 22
116.233.78.214 - - [06/Apr/2020:10:19:29 +0800] "GET /xingrg/images/blue/jxLogo.png HTTP/1.1" 200 6156
116.233.78.214 - - [06/Apr/2020:10:19:29 +0800] "GET /xingrg/images/blue/hj.png HTTP/1.1" 200 1014
116.233.78.214 - - [06/Apr/2020:10:19:29 +0800] "GET /xingrg/images/blue/srbg.png HTTP/1.1" 200 138
116.233.78.214 - - [06/Apr/2020:10:19:29 +0800] "GET /xingrg/images/blue/login_bg.png HTTP/1.1" 200 22101
116.233.78.214 - - [06/Apr/2020:10:19:29 +0800] "GET /favicon.ico HTTP/1.1" 404 -
180.156.150.85 - - [06/Apr/2020:10:19:29 +0800] "GET /xingrg/kc/print/load_data.html?order_code=212020040601014&kc_code=cgsh&condition= HTTP/1.1" 200 1578
114.88.159.93 - - [06/Apr/2020:10:19:33 +0800] "GET /xingrg/all/function/internal_message.html?_=1586139572690&CODE_STATE=getMsg HTTP/1.1" 200 27
114.84.33.255 - - [06/Apr/2020:10:19:33 +0800] "GET /xingrg/all/function/internal_message.html?_=1586139578663&CODE_STATE=getMsg HTTP/1.1" 200 27
180.156.150.85 - - [06/Apr/2020:10:19:34 +0800] "GET /xingrg/all/function/internal_message.html?_=1586139456472&CODE_STATE=getMsg HTTP/1.1" 200 27
172.17.0.114 - - [06/Apr/2020:10:19:35 +0800] "GET /xingrg/all/function/internal_message.html?_=1586139732303&CODE_STATE=getMsg HTTP/1.1" 200 27
117.184.7.26 - - [06/Apr/2020:10:19:37 +0800] "GET /xingrg/kc/buy/cgsh_order_operate.html?command=get_materiel&rest_code=00108&code=00101008161&supplier_code=00100007&order_time=2020-04-06 HTTP/1.1" 200 409
120.253.135.82 - - [06/Apr/2020:10:19:38 +0800] "GET /xingrg/all/function/internal_message.html?_=1586139648957&CODE_STATE=getMsg HTTP/1.1" 200 27
180.156.150.85 - - [06/Apr/2020:10:19:39 +0800] "GET /xingrg/kc/buy/cgsh_order_add.html HTTP/1.1" 200 57969
180.156.150.85 - - [06/Apr/2020:10:19:39 +0800] "GET /xingrg/javascript/easyui/themes/default/validatebox.css HTTP/1.1" 404 1104
180.156.150.85 - - [06/Apr/2020:10:19:39 +0800] "POST /xingrg/kc/buy/cgsh_order_operate.html HTTP/1.1" 200 8245
114.84.33.255 - - [06/Apr/2020:10:19:40 +0800] "GET /xingrg/kc/buy/cgsh_order_operate.html?command=get_materiel&rest_code=00146&code=00101007032&supplier_code=00100328&order_time=2020-04-06 HTTP/1.1" 200 413
116.233.78.214 - - [06/Apr/2020:10:19:42 +0800] "POST /xingrg/login.do HTTP/1.1" 302 -
116.233.78.214 - - [06/Apr/2020:10:19:42 +0800] "GET /xingrg/javascript/jquery_easy_ui/themes/icon.css HTTP/1.1" 200 3949
116.233.78.214 - - [06/Apr/2020:10:19:42 +0800] "GET /xingrg/css/form.css HTTP/1.1" 200 893
116.233.78.214 - - [06/Apr/2020:10:19:42 +0800] "GET /xingrg/javascript/jquery-1.4.2.min.js HTTP/1.1" 200 72205
116.233.78.214 - - [06/Apr/2020:10:19:42 +0800] "GET /xingrg/javascript/jquery_easy_ui/jquery.easyui.min.js HTTP/1.1" 200 213662
116.233.78.214 - - [06/Apr/2020:10:19:42 +0800] "GET /xingrg/javascript/jquery_easy_ui/themes/default/easyui.css HTTP/1.1" 200 26500
116.233.78.214 - - [06/Apr/2020:10:19:42 +0800] "GET /xingrg/javascript/jquery_easy_ui/easyui-lang-zh_CN.js HTTP/1.1" 200 1900
116.233.78.214 - - [06/Apr/2020:10:19:42 +0800] "GET /xingrg/javascript/jquery.form.js HTTP/1.1" 200 23110
116.233.78.214 - - [06/Apr/2020:10:19:42 +0800] "GET /xingrg/javascript/jquery.utils.js HTTP/1.1" 200 11805
116.233.78.214 - - [06/Apr/2020:10:19:42 +0800] "GET /xingrg/javascript/jquery.timers.js HTTP/1.1" 200 3532
116.233.78.214 - - [06/Apr/2020:10:19:42 +0800] "GET /xingrg/index.html?sysBaseUrl=http%3A%2F%2F180.169.147.146%3A18081%2Fxingrg%2F&costTime=49×tamp=1586139582395 HTTP/1.1" 200 17173
116.233.78.214 - - [06/Apr/2020:10:19:42 +0800] "GET /xingrg/javascript/jquery_easy_ui/themes/icons/settle_new.png HTTP/1.1" 200 826
116.233.78.214 - - [06/Apr/2020:10:19:42 +0800] "GET /xingrg/images/blue/navBackgound.jpg HTTP/1.1" 200 12378
116.233.78.214 - - [06/Apr/2020:10:19:42 +0800] "POST /xingrg/all/common/load_tree.html?tree=area_rest_tree_json&manage=1 HTTP/1.1" 200 342
116.233.78.214 - - [06/Apr/2020:10:19:42 +0800] "GET /xingrg/images/blue/pingpu.png HTTP/1.1" 200 231
116.233.78.214 - - [06/Apr/2020:10:19:42 +0800] "GET /xingrg/javascript/jquery_easy_ui/themes/default/images/tabs_rightarrow.png HTTP/1.1" 200 395
116.233.78.214 - - [06/Apr/2020:10:19:42 +0800] "GET /xingrg/javascript/jquery_easy_ui/themes/default/images/tabs_leftarrow.png HTTP/1.1" 200 389
116.233.78.214 - - [06/Apr/2020:10:19:42 +0800] "GET /xingrg/javascript/jquery_easy_ui/themes/default/images/panel_tool_collapse.gif HTTP/1.1" 200 246
116.233.78.214 - - [06/Apr/2020:10:19:42 +0800] "GET /xingrg/all/function/internal_message.html?_=1586139605875&CODE_STATE=count HTTP/1.1" 200 11
116.233.78.214 - - [06/Apr/2020:10:19:42 +0800] "GET /xingrg/check_reg.html?_=1586139605876 HTTP/1.1" 200 22
116.233.78.214 - - [06/Apr/2020:10:19:42 +0800] "POST /xingrg/load_menu.html HTTP/1.1" 200 5138
116.233.78.214 - - [06/Apr/2020:10:19:43 +0800] "GET /xingrg/javascript/jquery_easy_ui/themes/default/images/tree_arrows.gif HTTP/1.1" 200 1043
116.233.78.214 - - [06/Apr/2020:10:19:43 +0800] "GET /xingrg/javascript/jquery_easy_ui/themes/default/images/tree_folder_open.gif HTTP/1.1" 200 956
116.233.78.214 - - [06/Apr/2020:10:19:43 +0800] "GET /xingrg/javascript/jquery_easy_ui/themes/default/images/tree_folder.gif HTTP/1.1" 200 952
116.233.78.214 - - [06/Apr/2020:10:19:43 +0800] "GET /xingrg/javascript/jquery_easy_ui/themes/icons/storage_new.png HTTP/1.1" 200 853
116.233.78.214 - - [06/Apr/2020:10:19:43 +0800] "GET /xingrg/javascript/jquery_easy_ui/themes/icons/search_new.png HTTP/1.1" 200 586
116.233.78.214 - - [06/Apr/2020:10:19:43 +0800] "GET /xingrg/javascript/jquery_easy_ui/themes/icons/forms_new.png HTTP/1.1" 200 350
172.17.0.185 - - [06/Apr/2020:10:19:44 +0800] "GET /xingrg/all/function/internal_message.html?_=1586139583027&CODE_STATE=getMsg HTTP/1.1" 200 27
116.233.78.214 - - [06/Apr/2020:10:19:44 +0800] "GET /xingrg/javascript/jquery_easy_ui/themes/default/images/tabs_close.gif HTTP/1.1" 200 829
116.233.78.214 - - [06/Apr/2020:10:19:44 +0800] "GET /xingrg/kc/buy/buy_main.html HTTP/1.1" 200 12412
116.233.78.214 - - [06/Apr/2020:10:19:44 +0800] "GET /xingrg/css/new_ie.css HTTP/1.1" 404 1036
116.233.78.214 - - [06/Apr/2020:10:19:44 +0800] "GET /xingrg/css/blue.css HTTP/1.1" 200 15949
116.233.78.214 - - [06/Apr/2020:10:19:44 +0800] "GET /xingrg/javascript/pic_change.js HTTP/1.1" 200 4739
116.233.78.214 - - [06/Apr/2020:10:19:44 +0800] "GET /xingrg/javascript/ToolTips.js HTTP/1.1" 200 5615
116.233.78.214 - - [06/Apr/2020:10:19:44 +0800] "GET /xingrg/javascript/jquery_ui/jquery-ui.min.js HTTP/1.1" 200 186181
116.233.78.214 - - [06/Apr/2020:10:19:44 +0800] "GET /xingrg/images/blue/button/cgxqd.gif HTTP/1.1" 200 2619
116.233.78.214 - - [06/Apr/2020:10:19:44 +0800] "GET /xingrg/images/blue/button/cgshd.gif HTTP/1.1" 200 2618
116.233.78.214 - - [06/Apr/2020:10:19:44 +0800] "GET /xingrg/images/blue/button/cgydd.gif HTTP/1.1" 200 2712
116.233.78.214 - - [06/Apr/2020:10:19:44 +0800] "GET /xingrg/images/blue/button/cgfkd.gif HTTP/1.1" 200 2075
116.233.78.214 - - [06/Apr/2020:10:19:44 +0800] "GET /xingrg/javascript/myfunction.js HTTP/1.1" 200 24559
116.233.78.214 - - [06/Apr/2020:10:19:44 +0800] "GET /xingrg/javascript/jquery_ui/themes/humanity/humanity.css HTTP/1.1" 200 27801
116.233.78.214 - - [06/Apr/2020:10:19:44 +0800] "GET /xingrg/images/blue/button/kc.gif HTTP/1.1" 200 2160
116.233.78.214 - - [06/Apr/2020:10:19:44 +0800] "GET /xingrg/images/blue/button/ckthd.gif HTTP/1.1" 200 2045
116.233.78.214 - - [06/Apr/2020:10:19:44 +0800] "GET /xingrg/images/blue/pic_form2.gif HTTP/1.1" 200 1853
116.233.78.214 - - [06/Apr/2020:10:19:44 +0800] "GET /xingrg/images/blue/button/down_ah.jpg HTTP/1.1" 200 1732
116.233.78.214 - - [06/Apr/2020:10:19:44 +0800] "GET /xingrg/images/blue/button/right_ah.jpg HTTP/1.1" 200 1744
116.233.78.214 - - [06/Apr/2020:10:19:44 +0800] "GET /xingrg/images/blue/bg_dotted.jpg HTTP/1.1" 200 319
116.233.78.214 - - [06/Apr/2020:10:19:44 +0800] "GET /xingrg/javascript/jquery_ui/themes/humanity/images/ui-bg_inset-soft_100_f4f0ec_1x100.png HTTP/1.1" 200 141
116.233.78.214 - - [06/Apr/2020:10:19:44 +0800] "GET /xingrg/javascript/jquery_ui/themes/humanity/images/ui-icons_c47a23_256x240.png HTTP/1.1" 200 5355
116.233.78.214 - - [06/Apr/2020:10:19:45 +0800] "GET /xingrg/kc/buy/cgsh_order_list.html HTTP/1.1" 200 42354
116.233.78.214 - - [06/Apr/2020:10:19:45 +0800] "GET /xingrg/css/base.css HTTP/1.1" 200 2811
116.233.78.214 - - [06/Apr/2020:10:19:45 +0800] "GET /xingrg/css/site.css HTTP/1.1" 200 7541
116.233.78.214 - - [06/Apr/2020:10:19:45 +0800] "GET /xingrg/javascript/jquery_tools/datebox.css HTTP/1.1" 200 2597
116.233.78.214 - - [06/Apr/2020:10:19:45 +0800] "GET /xingrg/javascript/easyui/themes/icon.css HTTP/1.1" 200 4483
116.233.78.214 - - [06/Apr/2020:10:19:45 +0800] "GET /xingrg/javascript/auto/jquery.autocomplete.css HTTP/1.1" 200 587
116.233.78.214 - - [06/Apr/2020:10:19:45 +0800] "GET /xingrg/javascript/jquery_tools/fix.css HTTP/1.1" 200 1702
116.233.78.214 - - [06/Apr/2020:10:19:45 +0800] "GET /xingrg/javascript/jquery_tools/table.css HTTP/1.1" 200 1032
116.233.78.214 - - [06/Apr/2020:10:19:45 +0800] "GET /xingrg/javascript/jquery_tools/jquery.tools.min.js HTTP/1.1" 200 138801
116.233.78.214 - - [06/Apr/2020:10:19:45 +0800] "GET /xingrg/javascript/jquery_tools/jquery.tools.hotkey.js HTTP/1.1" 200 3242
116.233.78.214 - - [06/Apr/2020:10:19:45 +0800] "GET /xingrg/javascript/easyui/themes/default/easyui.css HTTP/1.1" 200 30432
116.233.78.214 - - [06/Apr/2020:10:19:45 +0800] "GET /xingrg/javascript/jquery_tools/jquery.tools.table.js HTTP/1.1" 200 6994
116.233.78.214 - - [06/Apr/2020:10:19:45 +0800] "GET /xingrg/javascript/jquery_tools/list_manager.js HTTP/1.1" 200 3652
116.233.78.214 - - [06/Apr/2020:10:19:45 +0800] "GET /xingrg/javascript/jquery_tools/jquery.tools.extend.js HTTP/1.1" 200 15385
116.233.78.214 - - [06/Apr/2020:10:19:45 +0800] "GET /xingrg/javascript/jquery.cookie.js HTTP/1.1" 200 5513
116.233.78.214 - - [06/Apr/2020:10:19:45 +0800] "GET /xingrg/javascript/easyui/easyloader.js HTTP/1.1" 200 5975
116.233.78.214 - - [06/Apr/2020:10:19:45 +0800] "GET /xingrg/javascript/print/LodopFuncs.js HTTP/1.1" 200 5121
116.233.78.214 - - [06/Apr/2020:10:19:45 +0800] "GET /xingrg/javascript/auto/jquery.autocomplete.js HTTP/1.1" 200 21624
116.233.78.214 - - [06/Apr/2020:10:19:45 +0800] "GET /xingrg/javascript/easyui/themes/icons/cance_new.png HTTP/1.1" 200 3986
116.233.78.214 - - [06/Apr/2020:10:19:45 +0800] "GET /xingrg/javascript/easyui/themes/icons/edit_add_new.png HTTP/1.1" 200 2997
116.233.78.214 - - [06/Apr/2020:10:19:45 +0800] "GET /xingrg/javascript/easyui/themes/icons/field_new.png HTTP/1.1" 200 1097
116.233.78.214 - - [06/Apr/2020:10:19:45 +0800] "GET /xingrg/javascript/easyui/themes/icons/check_new.png HTTP/1.1" 200 3224
116.233.78.214 - - [06/Apr/2020:10:19:45 +0800] "GET /xingrg/javascript/easyui/themes/icons/import_new.png HTTP/1.1" 200 1247
116.233.78.214 - - [06/Apr/2020:10:19:45 +0800] "GET /xingrg/javascript/easyui/plugins/jquery.parser.js HTTP/1.1" 200 1142
116.233.78.214 - - [06/Apr/2020:10:19:45 +0800] "GET /xingrg/images/control/ajaxLoader.gif HTTP/1.1" 200 4659
116.233.78.214 - - [06/Apr/2020:10:19:46 +0800] "POST /xingrg/kc/buy/cgsh_list_operate.html HTTP/1.1" 200 876
116.235.222.53 - - [06/Apr/2020:10:19:46 +0800] "GET /xingrg/all/function/internal_message.html?_=1586139586191&CODE_STATE=getMsg HTTP/1.1" 200 27
116.233.78.214 - - [06/Apr/2020:10:19:48 +0800] "GET /xingrg/javascript/easyui/themes/default/images/button_plain_hover.png HTTP/1.1" 200 144
116.233.78.214 - - [06/Apr/2020:10:19:49 +0800] "GET /xingrg/javascript/jquery_tools/order_manager.js HTTP/1.1" 200 11183
116.233.78.214 - - [06/Apr/2020:10:19:49 +0800] "GET /xingrg/kc/buy/cgsh_order_add.html HTTP/1.1" 200 57957
116.233.78.214 - - [06/Apr/2020:10:19:49 +0800] "GET /xingrg/javascript/convert.js HTTP/1.1" 200 1239
116.233.78.214 - - [06/Apr/2020:10:19:49 +0800] "GET /xingrg/words/20200405145455_words.js HTTP/1.1" 200 718770
116.233.78.214 - - [06/Apr/2020:10:19:49 +0800] "GET /xingrg/javascript/print/kc_print.js HTTP/1.1" 200 11415
116.233.78.214 - - [06/Apr/2020:10:19:49 +0800] "GET /xingrg/javascript/json2.js HTTP/1.1" 200 11259
116.233.78.214 - - [06/Apr/2020:10:19:49 +0800] "GET /xingrg/javascript/easyui/themes/icons/copy_new.png HTTP/1.1" 200 815
116.233.78.214 - - [06/Apr/2020:10:19:49 +0800] "GET /xingrg/javascript/easyui/themes/icons/template_new.png HTTP/1.1" 200 3956
116.233.78.214 - - [06/Apr/2020:10:19:49 +0800] "GET /xingrg/javascript/easyui/themes/icons/ok.png HTTP/1.1" 200 883
116.233.78.214 - - [06/Apr/2020:10:19:49 +0800] "GET /xingrg/javascript/easyui/themes/default/images/menu_downarrow.png HTTP/1.1" 200 173
116.233.78.214 - - [06/Apr/2020:10:19:49 +0800] "GET /xingrg/javascript/easyui/themes/icons/print.png HTTP/1.1" 200 1057
116.233.78.214 - - [06/Apr/2020:10:19:49 +0800] "GET /xingrg/javascript/easyui/themes/icons/cancel.png HTTP/1.1" 200 1133
116.233.78.214 - - [06/Apr/2020:10:19:49 +0800] "POST /xingrg/kc/buy/cgsh_order_operate.html HTTP/1.1" 200 8245
116.233.78.214 - - [06/Apr/2020:10:19:49 +0800] "GET /xingrg/all/common/auto_word.html?type=employee&rest_code=00109 HTTP/1.1" 200 255
116.233.78.214 - - [06/Apr/2020:10:19:49 +0800] "GET /xingrg/javascript/easyui/themes/default/validatebox.css HTTP/1.1" 404 1104
116.233.78.214 - - [06/Apr/2020:10:19:49 +0800] "GET /xingrg/javascript/easyui/plugins/jquery.validatebox.js HTTP/1.1" 200 6103
116.233.78.214 - - [06/Apr/2020:10:19:49 +0800] "GET /xingrg/all/common/auto_word.html?type=employee&rest_code=00109 HTTP/1.1" 200 255
116.233.78.214 - - [06/Apr/2020:10:19:49 +0800] "GET /xingrg/javascript/easyui/themes/icons/edit_remove.png HTTP/1.1" 200 625
116.233.78.214 - - [06/Apr/2020:10:19:49 +0800] "GET /xingrg/javascript/easyui/plugins/jquery.numberbox.js HTTP/1.1" 200 5213
180.162.232.172 - - [06/Apr/2020:10:19:49 +0800] "GET /xingrg/all/function/internal_message.html?_=1586139715945&CODE_STATE=getMsg HTTP/1.1" 200 27
116.233.78.214 - - [06/Apr/2020:10:19:51 +0800] "GET /xingrg/javascript/jquery_tools/images/prev.gif HTTP/1.1" 404 1086
116.233.78.214 - - [06/Apr/2020:10:19:51 +0800] "GET /xingrg/javascript/jquery_tools/images/next.gif HTTP/1.1" 404 1086
117.184.7.26 - - [06/Apr/2020:10:19:52 +0800] "GET /xingrg/kc/buy/cgsh_order_operate.html?command=get_materiel&rest_code=00108&code=00101008137&supplier_code=00100007&order_time=2020-04-06 HTTP/1.1" 200 408
114.84.33.255 - - [06/Apr/2020:10:19:54 +0800] "GET /xingrg/kc/buy/cgsh_order_operate.html?command=get_materiel&rest_code=00146&code=00101007077&supplier_code=00100328&order_time=2020-04-06 HTTP/1.1" 200 415
116.233.78.214 - - [06/Apr/2020:10:19:57 +0800] "GET /xingrg/kc/buy/cgsh_order_operate.html?command=get_materiel&rest_code=00109&code=00102009594&supplier_code=00100151&order_time=2020-04-06 HTTP/1.1" 200 415
114.84.33.255 - - [06/Apr/2020:10:19:59 +0800] "POST /xingrg/services/DataTransmitService HTTP/1.1" 200 524
114.84.33.255 - - [06/Apr/2020:10:20:00 +0800] "POST /xingrg/services/DataTransmitService HTTP/1.1" 200 501
114.84.33.255 - - [06/Apr/2020:10:20:02 +0800] "POST /xingrg/kc/buy/cgsh_order_operate.html HTTP/1.1" 200 37
114.84.33.255 - - [06/Apr/2020:10:20:03 +0800] "POST /xingrg/kc/buy/cgsh_order_operate.html HTTP/1.1" 200 3252
172.17.0.123 - - [06/Apr/2020:10:20:04 +0800] "GET /xingrg/all/function/internal_message.html?_=1586139603860&CODE_STATE=getMsg HTTP/1.1" 200 27
114.84.33.255 - - [06/Apr/2020:10:20:04 +0800] "GET /xingrg/kc/print/load_data.html?order_code=212020040601015&kc_code=cgsh&condition= HTTP/1.1" 200 913
114.84.33.255 - - [06/Apr/2020:10:20:05 +0800] "GET /xingrg/all/function/internal_message.html?_=1586139605631&CODE_STATE=getMsg HTTP/1.1" 200 27
180.156.150.85 - - [06/Apr/2020:10:20:10 +0800] "GET /xingrg/all/function/internal_message.html?_=1586139611480&CODE_STATE=getMsg HTTP/1.1" 200 27
222.69.136.174 - - [06/Apr/2020:10:20:11 +0800] "GET /xingrg/all/function/internal_message.html?_=1586139610376&CODE_STATE=getMsg HTTP/1.1" 200 27
114.84.33.255 - - [06/Apr/2020:10:20:12 +0800] "GET /xingrg/kc/buy/cgsh_order_add.html HTTP/1.1" 200 57975
114.84.33.255 - - [06/Apr/2020:10:20:13 +0800] "POST /xingrg/kc/buy/cgsh_order_operate.html HTTP/1.1" 200 8245
114.84.33.255 - - [06/Apr/2020:10:20:13 +0800] "GET /xingrg/javascript/easyui/themes/default/validatebox.css HTTP/1.1" 404 1104
172.17.1.5 - - [06/Apr/2020:10:20:14 +0800] "GET /xingrg/all/function/internal_message.html?_=1586139613163&CODE_STATE=getMsg HTTP/1.1" 200 27
117.184.7.26 - - [06/Apr/2020:10:20:16 +0800] "GET /xingrg/kc/buy/cgsh_order_operate.html?command=get_materiel&rest_code=00108&code=00101008230&supplier_code=00100007&order_time=2020-04-06 HTTP/1.1" 200 408
117.184.7.26 - - [06/Apr/2020:10:20:20 +0800] "GET /xingrg/all/function/internal_message.html?_=1586139617530&CODE_STATE=getMsg HTTP/1.1" 200 27
114.84.33.255 - - [06/Apr/2020:10:20:21 +0800] "GET /xingrg/kc/buy/cgsh_order_operate.html?command=get_materiel&rest_code=00146&code=00101012046&supplier_code=00100345&order_time=2020-04-06 HTTP/1.1" 200 417
172.17.0.103 - - [06/Apr/2020:10:20:22 +0800] "GET /xingrg/check_reg.html?_=1586139623708 HTTP/1.1" 200 22
172.17.0.103 - - [06/Apr/2020:10:20:22 +0800] "GET /xingrg/all/function/internal_message.html?_=1586139623712&CODE_STATE=getMsg HTTP/1.1" 200 27
117.131.5.26 - - [06/Apr/2020:10:20:24 +0800] "GET /xingrg/check_reg.html?_=1586139631406 HTTP/1.1" 200 22
117.131.5.26 - - [06/Apr/2020:10:20:24 +0800] "GET /xingrg/all/function/internal_message.html?_=1586139631421&CODE_STATE=getMsg HTTP/1.1" 200 27
114.84.33.255 - - [06/Apr/2020:10:20:28 +0800] "POST /xingrg/kc/buy/cgsh_order_operate.html HTTP/1.1" 200 37
180.156.150.85 - - [06/Apr/2020:10:20:28 +0800] "GET /xingrg/kc/buy/cgsh_order_operate.html?command=get_materiel&rest_code=00105&code=00101002006&supplier_code=00100091&order_time=2020-04-06 HTTP/1.1" 200 414
114.84.33.255 - - [06/Apr/2020:10:20:29 +0800] "POST /xingrg/kc/buy/cgsh_order_operate.html HTTP/1.1" 200 2660
172.17.0.104 - - [06/Apr/2020:10:20:29 +0800] "GET /xingrg/all/function/internal_message.html?_=1586139630323&CODE_STATE=getMsg HTTP/1.1" 200 27
114.84.33.255 - - [06/Apr/2020:10:20:31 +0800] "GET /xingrg/kc/print/load_data.html?order_code=212020040601016&kc_code=cgsh&condition= HTTP/1.1" 200 678
114.88.159.93 - - [06/Apr/2020:10:20:33 +0800] "GET /xingrg/all/function/internal_message.html?_=1586139632690&CODE_STATE=getMsg HTTP/1.1" 200 27
114.88.159.93 - - [06/Apr/2020:10:20:33 +0800] "GET /xingrg/check_reg.html?_=1586139632692 HTTP/1.1" 200 22
114.84.33.255 - - [06/Apr/2020:10:20:34 +0800] "GET /xingrg/all/function/internal_message.html?_=1586139638676&CODE_STATE=getMsg HTTP/1.1" 200 27
180.156.150.85 - - [06/Apr/2020:10:20:34 +0800] "GET /xingrg/all/function/internal_message.html?_=1586139516472&CODE_STATE=getMsg HTTP/1.1" 200 27
172.17.0.114 - - [06/Apr/2020:10:20:35 +0800] "GET /xingrg/all/function/internal_message.html?_=1586139792305&CODE_STATE=getMsg HTTP/1.1" 200 27
120.253.135.82 - - [06/Apr/2020:10:20:38 +0800] "GET /xingrg/all/function/internal_message.html?_=1586139708961&CODE_STATE=getMsg HTTP/1.1" 200 27
114.88.159.93 - - [06/Apr/2020:10:20:39 +0800] "GET /xingrg/check_reg.html?_=1586139638164 HTTP/1.1" 200 22
180.156.150.85 - - [06/Apr/2020:10:20:40 +0800] "GET /xingrg/kc/buy/cgsh_order_operate.html?command=get_materiel&rest_code=00105&code=00101003037&supplier_code=00100091&order_time=2020-04-06 HTTP/1.1" 200 415
101.91.60.104 - - [06/Apr/2020:10:20:40 +0800] "GET /xingrg/all/function/internal_message.html?_=1586139572690&CODE_STATE=getMsg HTTP/1.1" 302 -
114.84.33.255 - - [06/Apr/2020:10:20:40 +0800] "GET /xingrg/kc/buy/cgsh_order_add.html HTTP/1.1" 200 57975
114.84.33.255 - - [06/Apr/2020:10:20:40 +0800] "GET /xingrg/javascript/easyui/themes/default/validatebox.css HTTP/1.1" 404 1104
114.84.33.255 - - [06/Apr/2020:10:20:41 +0800] "POST /xingrg/kc/buy/cgsh_order_operate.html HTTP/1.1" 200 8245
116.233.78.214 - - [06/Apr/2020:10:20:42 +0800] "GET /xingrg/all/function/internal_message.html?_=1586139665875&CODE_STATE=getMsg HTTP/1.1" 200 27
172.17.0.185 - - [06/Apr/2020:10:20:44 +0800] "GET /xingrg/all/function/internal_message.html?_=1586139643033&CODE_STATE=getMsg HTTP/1.1" 200 27
101.91.60.104 - - [06/Apr/2020:10:20:46 +0800] "GET /xingrg/login.html HTTP/1.1" 200 7641
116.235.222.53 - - [06/Apr/2020:10:20:46 +0800] "GET /xingrg/all/function/internal_message.html?_=1586139646181&CODE_STATE=getMsg HTTP/1.1" 200 27
116.235.222.53 - - [06/Apr/2020:10:20:46 +0800] "GET /xingrg/check_reg.html?_=1586139646234 HTTP/1.1" 200 22
117.184.7.26 - - [06/Apr/2020:10:20:46 +0800] "GET /xingrg/kc/buy/cgsh_order_operate.html?command=get_materiel&rest_code=00108&code=00101008036&supplier_code=00100007&order_time=2020-04-06 HTTP/1.1" 200 408
180.162.232.172 - - [06/Apr/2020:10:20:49 +0800] "GET /xingrg/all/function/internal_message.html?_=1586139776037&CODE_STATE=getMsg HTTP/1.1" 200 27
114.84.33.255 - - [06/Apr/2020:10:20:59 +0800] "GET /xingrg/kc/buy/cgsh_order_operate.html?command=get_materiel&rest_code=00146&code=00101001140&supplier_code=00100090&order_time=2020-04-06 HTTP/1.1" 200 413
114.84.33.255 - - [06/Apr/2020:10:21:03 +0800] "GET /xingrg/check_reg.html?_=1586139663680 HTTP/1.1" 200 22
172.17.0.123 - - [06/Apr/2020:10:21:04 +0800] "GET /xingrg/check_reg.html?_=1586139663850 HTTP/1.1" 200 22
172.17.0.123 - - [06/Apr/2020:10:21:04 +0800] "GET /xingrg/all/function/internal_message.html?_=1586139663870&CODE_STATE=getMsg HTTP/1.1" 200 27
117.184.7.26 - - [06/Apr/2020:10:21:05 +0800] "GET /xingrg/kc/buy/cgsh_order_operate.html?command=get_materiel&rest_code=00108&code=00101008296&supplier_code=00100007&order_time=2020-04-06 HTTP/1.1" 200 416
114.84.33.255 - - [06/Apr/2020:10:21:05 +0800] "GET /xingrg/all/function/internal_message.html?_=1586139665645&CODE_STATE=getMsg HTTP/1.1" 200 27
180.156.150.85 - - [06/Apr/2020:10:21:10 +0800] "GET /xingrg/all/function/internal_message.html?_=1586139671483&CODE_STATE=getMsg HTTP/1.1" 200 27
222.69.136.174 - - [06/Apr/2020:10:21:11 +0800] "GET /xingrg/all/function/internal_message.html?_=1586139670381&CODE_STATE=getMsg HTTP/1.1" 200 27
114.84.33.255 - - [06/Apr/2020:10:21:14 +0800] "POST /xingrg/kc/buy/cgsh_order_operate.html HTTP/1.1" 200 37
172.17.1.5 - - [06/Apr/2020:10:21:14 +0800] "GET /xingrg/all/function/internal_message.html?_=1586139673156&CODE_STATE=getMsg HTTP/1.1" 200 27
114.84.33.255 - - [06/Apr/2020:10:21:15 +0800] "POST /xingrg/kc/buy/cgsh_order_operate.html HTTP/1.1" 200 2662
114.84.33.255 - - [06/Apr/2020:10:21:17 +0800] "GET /xingrg/kc/print/load_data.html?order_code=212020040601017&kc_code=cgsh&condition= HTTP/1.1" 200 751
117.184.7.26 - - [06/Apr/2020:10:21:20 +0800] "GET /xingrg/all/function/internal_message.html?_=1586139677664&CODE_STATE=getMsg HTTP/1.1" 200 27
117.184.7.30 - - [06/Apr/2020:10:21:20 +0800] "GET /xingrg/check_reg.html?_=1586139677667 HTTP/1.1" 200 22
117.184.7.30 - - [06/Apr/2020:10:21:21 +0800] "GET /xingrg/kc/buy/cgsh_order_operate.html?command=get_materiel&rest_code=00108&code=00101012030&supplier_code=00100007&order_time=2020-04-06 HTTP/1.1" 200 416
172.17.0.103 - - [06/Apr/2020:10:21:22 +0800] "GET /xingrg/all/function/internal_message.html?_=1586139683713&CODE_STATE=getMsg HTTP/1.1" 200 27
117.131.5.26 - - [06/Apr/2020:10:21:24 +0800] "GET /xingrg/all/function/internal_message.html?_=1586139691421&CODE_STATE=getMsg HTTP/1.1" 200 27
114.84.33.255 - - [06/Apr/2020:10:21:26 +0800] "GET /xingrg/kc/buy/cgsh_order_add.html HTTP/1.1" 200 57975
114.84.33.255 - - [06/Apr/2020:10:21:27 +0800] "POST /xingrg/kc/buy/cgsh_order_operate.html HTTP/1.1" 200 8245
114.84.33.255 - - [06/Apr/2020:10:21:27 +0800] "GET /xingrg/javascript/easyui/themes/default/validatebox.css HTTP/1.1" 404 1104
172.17.0.104 - - [06/Apr/2020:10:21:29 +0800] "GET /xingrg/all/function/internal_message.html?_=1586139690325&CODE_STATE=getMsg HTTP/1.1" 200 27
114.88.159.93 - - [06/Apr/2020:10:21:33 +0800] "GET /xingrg/all/function/internal_message.html?_=1586139692690&CODE_STATE=getMsg HTTP/1.1" 200 27
114.84.33.255 - - [06/Apr/2020:10:21:33 +0800] "GET /xingrg/all/function/internal_message.html?_=1586139698690&CODE_STATE=getMsg HTTP/1.1" 200 27
180.156.150.85 - - [06/Apr/2020:10:21:34 +0800] "GET /xingrg/check_reg.html?_=1586139576473 HTTP/1.1" 200 22
180.156.150.85 - - [06/Apr/2020:10:21:34 +0800] "GET /xingrg/all/function/internal_message.html?_=1586139576477&CODE_STATE=getMsg HTTP/1.1" 200 27
114.84.33.255 - - [06/Apr/2020:10:21:35 +0800] "GET /xingrg/kc/buy/cgsh_order_operate.html?command=get_materiel&rest_code=00146&code=00101010079&supplier_code=00100336&order_time=2020-04-06 HTTP/1.1" 200 413
172.17.0.114 - - [06/Apr/2020:10:21:35 +0800] "GET /xingrg/all/function/internal_message.html?_=1586139852307&CODE_STATE=getMsg HTTP/1.1" 200 27
172.17.0.114 - - [06/Apr/2020:10:21:35 +0800] "GET /xingrg/check_reg.html?_=1586139852333 HTTP/1.1" 200 22
120.253.135.82 - - [06/Apr/2020:10:21:36 +0800] "GET /xingrg/check_reg.html?_=1586139767069 HTTP/1.1" 200 22
120.253.135.82 - - [06/Apr/2020:10:21:38 +0800] "GET /xingrg/all/function/internal_message.html?_=1586139768974&CODE_STATE=getMsg HTTP/1.1" 200 27
61.129.6.174 - - [06/Apr/2020:10:21:39 +0800] "GET /xingrg/all/function/internal_message.html?_=1586139632690&CODE_STATE=getMsg HTTP/1.1" 302 -
114.84.33.255 - - [06/Apr/2020:10:21:42 +0800] "POST /xingrg/kc/buy/cgsh_order_operate.html HTTP/1.1" 200 37
61.129.6.174 - - [06/Apr/2020:10:21:42 +0800] "GET /xingrg/login.html HTTP/1.1" 200 7641
114.84.33.255 - - [06/Apr/2020:10:21:42 +0800] "POST /xingrg/kc/buy/cgsh_order_operate.html HTTP/1.1" 200 2657
116.233.78.214 - - [06/Apr/2020:10:21:42 +0800] "GET /xingrg/all/function/internal_message.html?_=1586139725873&CODE_STATE=getMsg HTTP/1.1" 200 27
172.17.0.185 - - [06/Apr/2020:10:21:44 +0800] "GET /xingrg/all/function/internal_message.html?_=1586139703037&CODE_STATE=getMsg HTTP/1.1" 200 27
180.156.150.85 - - [06/Apr/2020:10:21:44 +0800] "POST /xingrg/kc/buy/cgsh_order_operate.html HTTP/1.1" 200 37
114.84.33.255 - - [06/Apr/2020:10:21:44 +0800] "GET /xingrg/kc/print/load_data.html?order_code=212020040601018&kc_code=cgsh&condition= HTTP/1.1" 200 679
117.184.7.30 - - [06/Apr/2020:10:21:44 +0800] "GET /xingrg/kc/buy/cgsh_order_operate.html?command=get_materiel&rest_code=00108&code=00101016030&supplier_code=00100007&order_time=2020-04-06 HTTP/1.1" 200 412
116.235.222.53 - - [06/Apr/2020:10:21:46 +0800] "GET /xingrg/all/function/internal_message.html?_=1586139706176&CODE_STATE=getMsg HTTP/1.1" 200 27
180.156.150.85 - - [06/Apr/2020:10:21:46 +0800] "POST /xingrg/kc/buy/cgsh_order_operate.html HTTP/1.1" 200 3258
180.156.150.85 - - [06/Apr/2020:10:21:48 +0800] "GET /xingrg/kc/print/load_data.html?order_code=212020040601019&kc_code=cgsh&condition= HTTP/1.1" 200 968
114.84.33.255 - - [06/Apr/2020:10:21:48 +0800] "GET /xingrg/kc/buy/cgsh_order_add.html HTTP/1.1" 200 57975
114.84.33.255 - - [06/Apr/2020:10:21:49 +0800] "POST /xingrg/kc/buy/cgsh_order_operate.html HTTP/1.1" 200 8245
114.84.33.255 - - [06/Apr/2020:10:21:49 +0800] "GET /xingrg/javascript/easyui/themes/default/validatebox.css HTTP/1.1" 404 1104
180.162.232.172 - - [06/Apr/2020:10:21:49 +0800] "GET /xingrg/all/function/internal_message.html?_=1586139836050&CODE_STATE=getMsg HTTP/1.1" 200 27
117.184.7.30 - - [06/Apr/2020:10:21:53 +0800] "GET /xingrg/kc/buy/cgsh_order_operate.html?command=get_materiel&rest_code=00108&code=00101015038&supplier_code=00100007&order_time=2020-04-06 HTTP/1.1" 200 418
172.17.0.123 - - [06/Apr/2020:10:22:04 +0800] "GET /xingrg/all/function/internal_message.html?_=1586139723844&CODE_STATE=getMsg HTTP/1.1" 200 27
114.84.33.255 - - [06/Apr/2020:10:22:04 +0800] "GET /xingrg/kc/buy/cgsh_order_operate.html?command=get_materiel&rest_code=00146&code=00101002038&supplier_code=00100087&order_time=2020-04-06 HTTP/1.1" 200 416
117.184.7.30 - - [06/Apr/2020:10:22:04 +0800] "GET /xingrg/kc/buy/cgsh_order_operate.html?command=get_materiel&rest_code=00108&code=00101009055&supplier_code=00100007&order_time=2020-04-06 HTTP/1.1" 200 412
114.84.33.255 - - [06/Apr/2020:10:22:05 +0800] "GET /xingrg/all/function/internal_message.html?_=1586139725658&CODE_STATE=getMsg HTTP/1.1" 200 27
114.84.33.255 - - [06/Apr/2020:10:22:07 +0800] "GET /xingrg/check_reg.html?_=1586139731240 HTTP/1.1" 200 22
180.156.150.85 - - [06/Apr/2020:10:22:10 +0800] "GET /xingrg/all/function/internal_message.html?_=1586139731458&CODE_STATE=getMsg HTTP/1.1" 200 27
222.69.136.174 - - [06/Apr/2020:10:22:11 +0800] "GET /xingrg/all/function/internal_message.html?_=1586139730373&CODE_STATE=getMsg HTTP/1.1" 200 27
117.184.7.30 - - [06/Apr/2020:10:22:13 +0800] "POST /xingrg/kc/buy/cgsh_order_operate.html HTTP/1.1" 200 2065
172.17.1.5 - - [06/Apr/2020:10:22:15 +0800] "GET /xingrg/all/function/internal_message.html?_=1586139733194&CODE_STATE=getMsg HTTP/1.1" 200 27
114.84.33.255 - - [06/Apr/2020:10:22:19 +0800] "POST /xingrg/kc/buy/cgsh_order_operate.html HTTP/1.1" 200 37
117.184.7.30 - - [06/Apr/2020:10:22:20 +0800] "GET /xingrg/all/function/internal_message.html?_=1586139737649&CODE_STATE=getMsg HTTP/1.1" 200 27
114.84.33.255 - - [06/Apr/2020:10:22:20 +0800] "POST /xingrg/kc/buy/cgsh_order_operate.html HTTP/1.1" 200 2663
114.84.33.255 - - [06/Apr/2020:10:22:22 +0800] "GET /xingrg/kc/print/load_data.html?order_code=212020040601020&kc_code=cgsh&condition= HTTP/1.1" 200 728
172.17.0.103 - - [06/Apr/2020:10:22:22 +0800] "GET /xingrg/all/function/internal_message.html?_=1586139743715&CODE_STATE=getMsg HTTP/1.1" 200 27
117.131.5.26 - - [06/Apr/2020:10:22:24 +0800] "GET /xingrg/all/function/internal_message.html?_=1586139751421&CODE_STATE=getMsg HTTP/1.1" 200 27
172.17.0.104 - - [06/Apr/2020:10:22:29 +0800] "GET /xingrg/all/function/internal_message.html?_=1586139750327&CODE_STATE=getMsg HTTP/1.1" 200 27
117.184.7.30 - - [06/Apr/2020:10:22:30 +0800] "GET /xingrg/kc/buy/cgsh_order_operate.html?command=get_materiel&rest_code=00108&code=00101008183&supplier_code=00100007&order_time=2020-04-06 HTTP/1.1" 200 413
114.84.33.255 - - [06/Apr/2020:10:22:30 +0800] "GET /xingrg/kc/buy/cgsh_order_add.html HTTP/1.1" 200 57975
114.84.33.255 - - [06/Apr/2020:10:22:31 +0800] "POST /xingrg/kc/buy/cgsh_order_operate.html HTTP/1.1" 200 8245
114.84.33.255 - - [06/Apr/2020:10:22:31 +0800] "GET /xingrg/javascript/easyui/themes/default/validatebox.css HTTP/1.1" 404 1104
114.88.159.93 - - [06/Apr/2020:10:22:33 +0800] "GET /xingrg/all/function/internal_message.html?_=1586139752689&CODE_STATE=getMsg HTTP/1.1" 200 27
114.84.33.255 - - [06/Apr/2020:10:22:34 +0800] "GET /xingrg/all/function/internal_message.html?_=1586139758744&CODE_STATE=getMsg HTTP/1.1" 200 27
180.156.150.85 - - [06/Apr/2020:10:22:34 +0800] "GET /xingrg/all/function/internal_message.html?_=1586139636478&CODE_STATE=getMsg HTTP/1.1" 200 27
172.17.0.114 - - [06/Apr/2020:10:22:35 +0800] "GET /xingrg/all/function/internal_message.html?_=1586139912306&CODE_STATE=getMsg HTTP/1.1" 200 27
120.253.135.82 - - [06/Apr/2020:10:22:38 +0800] "GET /xingrg/all/function/internal_message.html?_=1586139828988&CODE_STATE=getMsg HTTP/1.1" 200 27
114.84.33.255 - - [06/Apr/2020:10:22:38 +0800] "GET /xingrg/kc/buy/cgsh_order_operate.html?command=get_materiel&rest_code=00146&code=00101004046&supplier_code=00100312&order_time=2020-04-06 HTTP/1.1" 200 417
180.156.150.85 - - [06/Apr/2020:10:22:41 +0800] "GET /xingrg/kc/buy/cgsh_order_add.html HTTP/1.1" 200 57969
180.156.150.85 - - [06/Apr/2020:10:22:42 +0800] "GET /xingrg/javascript/easyui/themes/default/validatebox.css HTTP/1.1" 404 1104
180.156.150.85 - - [06/Apr/2020:10:22:42 +0800] "POST /xingrg/kc/buy/cgsh_order_operate.html HTTP/1.1" 200 8245
101.91.62.89 - - [06/Apr/2020:10:22:42 +0800] "GET /xingrg/check_reg.html?_=1586139332670 HTTP/1.1" 302 -
116.233.78.214 - - [06/Apr/2020:10:22:42 +0800] "GET /xingrg/all/function/internal_message.html?_=1586139785874&CODE_STATE=getMsg HTTP/1.1" 200 27
172.17.0.185 - - [06/Apr/2020:10:22:44 +0800] "GET /xingrg/all/function/internal_message.html?_=1586139763026&CODE_STATE=getMsg HTTP/1.1" 200 27
114.84.33.255 - - [06/Apr/2020:10:22:46 +0800] "GET /xingrg/kc/buy/cgsh_order_operate.html?command=get_materiel&rest_code=00146&code=00101004029&supplier_code=00100312&order_time=2020-04-06 HTTP/1.1" 200 413
116.235.222.53 - - [06/Apr/2020:10:22:46 +0800] "GET /xingrg/all/function/internal_message.html?_=1586139766211&CODE_STATE=getMsg HTTP/1.1" 200 27
101.91.62.89 - - [06/Apr/2020:10:22:47 +0800] "GET /xingrg/login.html HTTP/1.1" 200 7641
180.162.232.172 - - [06/Apr/2020:10:22:49 +0800] "GET /xingrg/all/function/internal_message.html?_=1586139896143&CODE_STATE=getMsg HTTP/1.1" 200 27
61.129.6.251 - - [06/Apr/2020:10:22:51 +0800] "GET /xingrg/all/function/internal_message.html?_=1586139692690&CODE_STATE=getMsg HTTP/1.1" 302 -
114.84.33.255 - - [06/Apr/2020:10:22:54 +0800] "GET /xingrg/kc/buy/cgsh_order_operate.html?command=get_materiel&rest_code=00146&code=00101004020&supplier_code=00100312&order_time=2020-04-06 HTTP/1.1" 200 409
61.129.6.251 - - [06/Apr/2020:10:22:55 +0800] "GET /xingrg/login.html HTTP/1.1" 200 7641
180.156.150.85 - - [06/Apr/2020:10:22:59 +0800] "GET /xingrg/kc/buy/cgsh_order_operate.html?command=get_materiel&rest_code=00105&code=00101004063&supplier_code=00100085&order_time=2020-04-06 HTTP/1.1" 200 416
114.84.33.255 - - [06/Apr/2020:10:23:01 +0800] "GET /xingrg/kc/buy/cgsh_order_operate.html?command=get_materiel&rest_code=00146&code=00101004049&supplier_code=00100312&order_time=2020-04-06 HTTP/1.1" 200 413
172.17.0.123 - - [06/Apr/2020:10:23:04 +0800] "GET /xingrg/all/function/internal_message.html?_=1586139783844&CODE_STATE=getMsg HTTP/1.1" 200 27
114.84.33.255 - - [06/Apr/2020:10:23:05 +0800] "GET /xingrg/all/function/internal_message.html?_=1586139785672&CODE_STATE=getMsg HTTP/1.1" 200 27
180.162.232.172 - - [06/Apr/2020:10:23:07 +0800] "GET /xingrg/check_reg.html?_=1586139913772 HTTP/1.1" 200 22
180.156.150.85 - - [06/Apr/2020:10:23:10 +0800] "GET /xingrg/all/function/internal_message.html?_=1586139791465&CODE_STATE=getMsg HTTP/1.1" 200 27
114.84.33.255 - - [06/Apr/2020:10:23:11 +0800] "GET /xingrg/kc/buy/cgsh_order_operate.html?command=get_materiel&rest_code=00146&code=00101001104&supplier_code=00100312&order_time=2020-04-06 HTTP/1.1" 200 413
222.69.136.174 - - [06/Apr/2020:10:23:11 +0800] "GET /xingrg/all/function/internal_message.html?_=1586139790377&CODE_STATE=getMsg HTTP/1.1" 200 27
172.17.1.5 - - [06/Apr/2020:10:23:15 +0800] "GET /xingrg/check_reg.html?_=1586139793185 HTTP/1.1" 200 22
172.17.1.5 - - [06/Apr/2020:10:23:15 +0800] "GET /xingrg/all/function/internal_message.html?_=1586139793185&CODE_STATE=getMsg HTTP/1.1" 200 27
114.84.33.255 - - [06/Apr/2020:10:23:18 +0800] "GET /xingrg/kc/buy/cgsh_order_operate.html?command=get_materiel&rest_code=00146&code=00101001138&supplier_code=00100312&order_time=2020-04-06 HTTP/1.1" 200 413
117.184.7.30 - - [06/Apr/2020:10:23:20 +0800] "GET /xingrg/all/function/internal_message.html?_=1586139797620&CODE_STATE=getMsg HTTP/1.1" 200 27
172.17.0.103 - - [06/Apr/2020:10:23:22 +0800] "GET /xingrg/all/function/internal_message.html?_=1586139803717&CODE_STATE=getMsg HTTP/1.1" 200 27
117.131.5.26 - - [06/Apr/2020:10:23:24 +0800] "GET /xingrg/all/function/internal_message.html?_=1586139811421&CODE_STATE=getMsg HTTP/1.1" 200 27
117.184.7.30 - - [06/Apr/2020:10:23:27 +0800] "GET /xingrg/kc/buy/cgsh_order_operate.html?command=get_materiel&rest_code=00108&code=00101009013&supplier_code=00100007&order_time=2020-04-06 HTTP/1.1" 200 421
180.156.150.85 - - [06/Apr/2020:10:23:29 +0800] "POST /xingrg/kc/buy/cgsh_order_operate.html HTTP/1.1" 200 37
172.17.0.104 - - [06/Apr/2020:10:23:29 +0800] "GET /xingrg/all/function/internal_message.html?_=1586139810328&CODE_STATE=getMsg HTTP/1.1" 200 27
180.156.150.85 - - [06/Apr/2020:10:23:29 +0800] "POST /xingrg/kc/buy/cgsh_order_operate.html HTTP/1.1" 200 2663
180.156.150.85 - - [06/Apr/2020:10:23:31 +0800] "GET /xingrg/kc/print/load_data.html?order_code=212020040601021&kc_code=cgsh&condition= HTTP/1.1" 200 724
114.88.159.93 - - [06/Apr/2020:10:23:33 +0800] "GET /xingrg/all/function/internal_message.html?_=1586139812688&CODE_STATE=getMsg HTTP/1.1" 200 27
114.84.33.255 - - [06/Apr/2020:10:23:34 +0800] "GET /xingrg/all/function/internal_message.html?_=1586139818894&CODE_STATE=getMsg HTTP/1.1" 200 27
180.162.232.172 - - [06/Apr/2020:10:23:34 +0800] "POST /xingrg/services/DataTransmitService HTTP/1.1" 200 524
180.156.150.85 - - [06/Apr/2020:10:23:34 +0800] "GET /xingrg/all/function/internal_message.html?_=1586139696478&CODE_STATE=getMsg HTTP/1.1" 200 27
172.17.0.114 - - [06/Apr/2020:10:23:35 +0800] "GET /xingrg/all/function/internal_message.html?_=1586139972315&CODE_STATE=getMsg HTTP/1.1" 200 27
120.253.135.82 - - [06/Apr/2020:10:23:38 +0800] "GET /xingrg/all/function/internal_message.html?_=1586139889002&CODE_STATE=getMsg HTTP/1.1" 200 27
117.184.7.30 - - [06/Apr/2020:10:23:38 +0800] "GET /xingrg/kc/buy/cgsh_order_operate.html?command=get_materiel&rest_code=00108&code=00101009016&supplier_code=00100007&order_time=2020-04-06 HTTP/1.1" 200 412
180.156.150.85 - - [06/Apr/2020:10:23:39 +0800] "GET /xingrg/kc/buy/cgsh_order_add.html HTTP/1.1" 200 57969
180.156.150.85 - - [06/Apr/2020:10:23:39 +0800] "POST /xingrg/kc/buy/cgsh_order_operate.html HTTP/1.1" 200 8245
180.156.150.85 - - [06/Apr/2020:10:23:39 +0800] "GET /xingrg/javascript/easyui/themes/default/validatebox.css HTTP/1.1" 404 1104
61.129.6.159 - - [06/Apr/2020:10:23:40 +0800] "GET /xingrg/all/function/internal_message.html?_=1586139752689&CODE_STATE=getMsg HTTP/1.1" 302 -
116.233.78.214 - - [06/Apr/2020:10:23:42 +0800] "GET /xingrg/all/function/internal_message.html?_=1586139845872&CODE_STATE=getMsg HTTP/1.1" 200 27
