116.235.222.53 - - [05/Apr/2020:12:02:04 +0800] "GET /xingrg/all/function/internal_message.html?_=1586059320162&CODE_STATE=getMsg HTTP/1.1" 200 27
172.17.0.123 - - [05/Apr/2020:12:02:07 +0800] "GET /xingrg/kc/report/report_main.html HTTP/1.1" 200 7325
172.17.0.123 - - [05/Apr/2020:12:02:09 +0800] "GET /xingrg/all/report/report_query.html?fileName=kc/buy/wlcg_mx.xml HTTP/1.1" 200 51573
172.17.0.123 - - [05/Apr/2020:12:02:09 +0800] "GET /xingrg/dwr/interface/AjaxReportQueryService.js HTTP/1.1" 200 13203
172.17.0.123 - - [05/Apr/2020:12:02:09 +0800] "GET /xingrg/dwr/engine.js HTTP/1.1" 200 43631
172.17.0.123 - - [05/Apr/2020:12:02:09 +0800] "POST /xingrg/dwr/call/plaincall/AjaxReportQueryService.getFixDate.dwr HTTP/1.1" 200 111
172.17.0.123 - - [05/Apr/2020:12:02:09 +0800] "POST /xingrg/dwr/call/plaincall/AjaxReportQueryService.getInitString.dwr HTTP/1.1" 200 20687
172.17.0.123 - - [05/Apr/2020:12:02:10 +0800] "POST /xingrg/dwr/call/plaincall/AjaxReportQueryService.getInitString.dwr HTTP/1.1" 200 378
172.17.0.123 - - [05/Apr/2020:12:02:10 +0800] "POST /xingrg/dwr/call/plaincall/AjaxReportQueryService.getInitString.dwr HTTP/1.1" 200 125
172.17.0.123 - - [05/Apr/2020:12:02:11 +0800] "GET /xingrg/all/report/report_query.html?fileName=kc/buy/wlcg_mx.xml HTTP/1.1" 200 51573
172.17.0.123 - - [05/Apr/2020:12:02:11 +0800] "GET /xingrg/dwr/interface/AjaxReportQueryService.js HTTP/1.1" 200 13203
172.17.0.123 - - [05/Apr/2020:12:02:11 +0800] "GET /xingrg/dwr/engine.js HTTP/1.1" 200 43631
172.17.0.123 - - [05/Apr/2020:12:02:11 +0800] "POST /xingrg/dwr/call/plaincall/AjaxReportQueryService.getFixDate.dwr HTTP/1.1" 200 111
172.17.0.123 - - [05/Apr/2020:12:02:11 +0800] "POST /xingrg/dwr/call/plaincall/AjaxReportQueryService.getInitString.dwr HTTP/1.1" 200 20687
172.17.0.123 - - [05/Apr/2020:12:02:12 +0800] "GET /xingrg/all/function/internal_message.html?_=1586059327909&CODE_STATE=getMsg HTTP/1.1" 200 27
172.17.0.123 - - [05/Apr/2020:12:02:12 +0800] "POST /xingrg/dwr/call/plaincall/AjaxReportQueryService.getInitString.dwr HTTP/1.1" 200 378
172.17.0.123 - - [05/Apr/2020:12:02:12 +0800] "POST /xingrg/dwr/call/plaincall/AjaxReportQueryService.getInitString.dwr HTTP/1.1" 200 125
172.17.0.123 - - [05/Apr/2020:12:02:13 +0800] "POST /xingrg/dwr/call/plaincall/AjaxReportQueryService.getFixDate.dwr HTTP/1.1" 200 111
172.17.0.123 - - [05/Apr/2020:12:02:16 +0800] "GET /xingrg/javascript/multi_select/dropdown_active.gif HTTP/1.1" 200 61
172.17.0.115 - - [05/Apr/2020:12:02:18 +0800] "POST /xingrg/system/rest/search_item.html HTTP/1.1" 200 2243
172.17.0.100 - - [05/Apr/2020:12:02:23 +0800] "GET /xingrg/all/function/internal_message.html?_=1586059527017&CODE_STATE=getMsg HTTP/1.1" 200 27
172.17.0.112 - - [05/Apr/2020:12:02:26 +0800] "GET /xingrg/all/function/internal_message.html?_=1586059343900&CODE_STATE=getMsg HTTP/1.1" 302 -
172.17.0.123 - - [05/Apr/2020:12:02:28 +0800] "POST /xingrg/dwr/call/plaincall/AjaxReportQueryService.refreshCache.dwr HTTP/1.1" 200 78
172.17.0.123 - - [05/Apr/2020:12:02:29 +0800] "POST /xingrg/all/report/load_report_page.html HTTP/1.1" 200 103838
172.17.0.123 - - [05/Apr/2020:12:02:29 +0800] "GET /xingrg/servlets/image?cache=0.5161952771238145&image=px HTTP/1.1" 200 807
172.17.0.115 - - [05/Apr/2020:12:02:29 +0800] "POST /xingrg/system/rest/search_item.html HTTP/1.1" 200 594
117.184.7.26 - - [05/Apr/2020:12:02:30 +0800] "GET /xingrg/check_reg.html?_=1586059881661 HTTP/1.1" 200 22
117.184.7.26 - - [05/Apr/2020:12:02:30 +0800] "GET /xingrg/all/function/internal_message.html?_=1586059881663&CODE_STATE=getMsg HTTP/1.1" 200 27
116.224.247.222 - - [05/Apr/2020:12:02:31 +0800] "GET /xingrg/all/function/internal_message.html?_=1586059529061&CODE_STATE=getMsg HTTP/1.1" 200 27
114.84.33.255 - - [05/Apr/2020:12:02:31 +0800] "GET /xingrg/check_reg.html?_=1586059348158 HTTP/1.1" 200 22
114.84.33.255 - - [05/Apr/2020:12:02:32 +0800] "GET /xingrg/all/function/internal_message.html?_=1586059349096&CODE_STATE=getMsg HTTP/1.1" 200 27
172.17.0.115 - - [05/Apr/2020:12:02:33 +0800] "POST /xingrg/system/rest/edit_item.html HTTP/1.1" 200 32
172.17.0.115 - - [05/Apr/2020:12:02:33 +0800] "POST /xingrg/system/rest/edit_item.html HTTP/1.1" 200 -
172.17.0.115 - - [05/Apr/2020:12:02:33 +0800] "POST /xingrg/system/rest/edit_item.html HTTP/1.1" 200 32
172.17.0.115 - - [05/Apr/2020:12:02:33 +0800] "GET /xingrg/system/rest/get_item.html?table=down&code=a16c41455cc244f4b519a1d597d561b9&_=1586059350840 HTTP/1.1" 200 233
172.17.0.112 - - [05/Apr/2020:12:02:34 +0800] "GET /xingrg/all/function/internal_message.html?_=1586059351385&CODE_STATE=getMsg HTTP/1.1" 302 -
172.17.0.115 - - [05/Apr/2020:12:02:35 +0800] "GET /xingrg/system/rest/query_items.html?_=1586059351926&table=down&tcode=&key= HTTP/1.1" 200 9892
172.17.0.115 - - [05/Apr/2020:12:02:35 +0800] "POST /xingrg/system/rest/edit_item.html HTTP/1.1" 200 3
172.17.0.115 - - [05/Apr/2020:12:02:35 +0800] "POST /xingrg/all/common/load_tree.html?tree=area_station_tree_json&defaultRests=1_8 HTTP/1.1" 200 2989
172.17.0.115 - - [05/Apr/2020:12:02:35 +0800] "POST /xingrg/system/rest/get_infos.html HTTP/1.1" 200 507328
172.17.0.112 - - [05/Apr/2020:12:02:36 +0800] "GET /xingrg/check_reg.html?_=1586059353312 HTTP/1.1" 302 -
183.195.131.162 - - [05/Apr/2020:12:02:37 +0800] "GET /xingrg/all/function/internal_message.html?_=1586059299674&CODE_STATE=getMsg HTTP/1.1" 200 27
222.70.183.62 - - [05/Apr/2020:12:02:37 +0800] "GET /xingrg/kc/buy/cgsh_order_add.html HTTP/1.1" 200 57963
114.86.226.127 - - [05/Apr/2020:12:02:37 +0800] "GET /xingrg/check_reg.html?_=1586059376069 HTTP/1.1" 200 22
114.86.226.127 - - [05/Apr/2020:12:02:37 +0800] "GET /xingrg/all/function/internal_message.html?_=1586059376070&CODE_STATE=getMsg HTTP/1.1" 200 27
222.70.183.62 - - [05/Apr/2020:12:02:38 +0800] "POST /xingrg/kc/buy/cgsh_order_operate.html HTTP/1.1" 200 8245
222.70.183.62 - - [05/Apr/2020:12:02:38 +0800] "GET /xingrg/javascript/easyui/themes/default/validatebox.css HTTP/1.1" 404 1104
172.17.0.115 - - [05/Apr/2020:12:02:42 +0800] "POST /xingrg/system/rest/search_item.html HTTP/1.1" 200 603
117.185.32.26 - - [05/Apr/2020:12:02:42 +0800] "GET /xingrg/all/function/internal_message.html?_=1586059761920&CODE_STATE=getMsg HTTP/1.1" 200 27
180.156.150.85 - - [05/Apr/2020:12:02:43 +0800] "GET /xingrg/check_reg.html?_=1586059359096 HTTP/1.1" 302 -
180.156.150.85 - - [05/Apr/2020:12:02:43 +0800] "GET /xingrg/all/function/internal_message.html?_=1586059359094&CODE_STATE=getMsg HTTP/1.1" 302 -
172.17.0.114 - - [05/Apr/2020:12:02:44 +0800] "GET /xingrg/all/function/internal_message.html?_=1586059517660&CODE_STATE=getMsg HTTP/1.1" 200 27
172.17.0.106 - - [05/Apr/2020:12:02:46 +0800] "GET /xingrg/all/function/internal_message.html?_=1586059362252&CODE_STATE=getMsg HTTP/1.1" 200 27
222.69.139.198 - - [05/Apr/2020:12:02:47 +0800] "GET /xingrg/all/function/internal_message.html?_=1586059362757&CODE_STATE=getMsg HTTP/1.1" 200 27
172.17.0.185 - - [05/Apr/2020:12:02:48 +0800] "GET /xingrg/all/function/internal_message.html?_=1586059363032&CODE_STATE=getMsg HTTP/1.1" 200 27
222.70.183.62 - - [05/Apr/2020:12:02:48 +0800] "GET /xingrg/kc/buy/cgsh_order_operate.html?command=get_materiel&rest_code=00111&code=00101006111&supplier_code=00100012&order_time=2020-04-05 HTTP/1.1" 200 409
172.17.0.115 - - [05/Apr/2020:12:02:49 +0800] "GET /xingrg/all/function/internal_message.html?_=1586059366129&CODE_STATE=getMsg HTTP/1.1" 200 27
180.162.232.172 - - [05/Apr/2020:12:02:49 +0800] "GET /xingrg/check_reg.html?_=1586059492318 HTTP/1.1" 200 22
180.162.232.172 - - [05/Apr/2020:12:02:50 +0800] "GET /xingrg/all/function/internal_message.html?_=1586059493023&CODE_STATE=getMsg HTTP/1.1" 200 27
172.17.0.123 - - [05/Apr/2020:12:02:54 +0800] "POST /xingrg/all/report/report_print.html HTTP/1.1" 200 10260
222.70.183.62 - - [05/Apr/2020:12:02:57 +0800] "GET /xingrg/all/function/internal_message.html?_=1586059373930&CODE_STATE=getMsg HTTP/1.1" 200 27
120.253.135.82 - - [05/Apr/2020:12:02:58 +0800] "GET /xingrg/all/function/internal_message.html?_=1586059445963&CODE_STATE=getMsg HTTP/1.1" 200 27
114.88.159.93 - - [05/Apr/2020:12:03:02 +0800] "GET /xingrg/all/function/internal_message.html?_=1586059377385&CODE_STATE=getMsg HTTP/1.1" 200 27
116.235.222.53 - - [05/Apr/2020:12:03:04 +0800] "GET /xingrg/all/function/internal_message.html?_=1586059380168&CODE_STATE=getMsg HTTP/1.1" 200 27
222.70.183.62 - - [05/Apr/2020:12:03:09 +0800] "GET /xingrg/kc/buy/cgsh_order_operate.html?command=get_materiel&rest_code=00111&code=00101006056&supplier_code=00100012&order_time=2020-04-05 HTTP/1.1" 200 413
172.17.0.123 - - [05/Apr/2020:12:03:12 +0800] "GET /xingrg/check_reg.html?_=1586059387732 HTTP/1.1" 200 22
172.17.0.123 - - [05/Apr/2020:12:03:12 +0800] "GET /xingrg/all/function/internal_message.html?_=1586059387883&CODE_STATE=getMsg HTTP/1.1" 200 27
222.70.183.62 - - [05/Apr/2020:12:03:19 +0800] "GET /xingrg/kc/buy/cgsh_order_operate.html?command=get_materiel&rest_code=00111&code=00101006055&supplier_code=00100012&order_time=2020-04-05 HTTP/1.1" 200 409
172.17.0.100 - - [05/Apr/2020:12:03:23 +0800] "GET /xingrg/all/function/internal_message.html?_=1586059587002&CODE_STATE=getMsg HTTP/1.1" 200 27
172.17.0.112 - - [05/Apr/2020:12:03:26 +0800] "GET /xingrg/all/function/internal_message.html?_=1586059403903&CODE_STATE=getMsg HTTP/1.1" 302 -
222.70.183.62 - - [05/Apr/2020:12:03:27 +0800] "POST /xingrg/kc/buy/cgsh_order_operate.html HTTP/1.1" 200 37
222.70.183.62 - - [05/Apr/2020:12:03:28 +0800] "POST /xingrg/kc/buy/cgsh_order_operate.html HTTP/1.1" 200 3841
117.184.7.26 - - [05/Apr/2020:12:03:30 +0800] "GET /xingrg/all/function/internal_message.html?_=1586059941661&CODE_STATE=getMsg HTTP/1.1" 200 27
116.224.247.222 - - [05/Apr/2020:12:03:31 +0800] "GET /xingrg/all/function/internal_message.html?_=1586059589077&CODE_STATE=getMsg HTTP/1.1" 200 27
114.84.33.255 - - [05/Apr/2020:12:03:32 +0800] "GET /xingrg/all/function/internal_message.html?_=1586059409109&CODE_STATE=getMsg HTTP/1.1" 200 27
172.17.0.112 - - [05/Apr/2020:12:03:34 +0800] "GET /xingrg/all/function/internal_message.html?_=1586059411423&CODE_STATE=getMsg HTTP/1.1" 302 -
222.70.183.62 - - [05/Apr/2020:12:03:35 +0800] "POST /xingrg/kc/buy/cgsh_order_operate.html HTTP/1.1" 200 37
222.70.183.62 - - [05/Apr/2020:12:03:35 +0800] "POST /xingrg/kc/buy/cgsh_order_operate.html HTTP/1.1" 200 3838
183.195.131.162 - - [05/Apr/2020:12:03:37 +0800] "GET /xingrg/all/function/internal_message.html?_=1586059359685&CODE_STATE=getMsg HTTP/1.1" 200 27
222.70.183.62 - - [05/Apr/2020:12:03:37 +0800] "GET /xingrg/kc/print/load_data.html?order_code=212020040500910&kc_code=cgsh&condition= HTTP/1.1" 200 1211
114.86.226.127 - - [05/Apr/2020:12:03:37 +0800] "GET /xingrg/all/function/internal_message.html?_=1586059436066&CODE_STATE=getMsg HTTP/1.1" 200 27
117.185.32.26 - - [05/Apr/2020:12:03:42 +0800] "GET /xingrg/all/function/internal_message.html?_=1586059821947&CODE_STATE=getMsg HTTP/1.1" 200 27
180.156.150.85 - - [05/Apr/2020:12:03:43 +0800] "GET /xingrg/all/function/internal_message.html?_=1586059419094&CODE_STATE=getMsg HTTP/1.1" 302 -
222.70.183.62 - - [05/Apr/2020:12:03:44 +0800] "POST /xingrg/kc/buy/cgsh_list_operate.html HTTP/1.1" 200 9700
172.17.0.114 - - [05/Apr/2020:12:03:44 +0800] "GET /xingrg/check_reg.html?_=1586059577647 HTTP/1.1" 200 22
172.17.0.114 - - [05/Apr/2020:12:03:44 +0800] "GET /xingrg/all/function/internal_message.html?_=1586059577651&CODE_STATE=getMsg HTTP/1.1" 200 27
172.17.0.106 - - [05/Apr/2020:12:03:46 +0800] "GET /xingrg/all/function/internal_message.html?_=1586059422255&CODE_STATE=getMsg HTTP/1.1" 200 27
222.69.139.198 - - [05/Apr/2020:12:03:47 +0800] "GET /xingrg/all/function/internal_message.html?_=1586059422741&CODE_STATE=getMsg HTTP/1.1" 200 27
172.17.0.185 - - [05/Apr/2020:12:03:48 +0800] "GET /xingrg/check_reg.html?_=1586059423035 HTTP/1.1" 200 22
172.17.0.185 - - [05/Apr/2020:12:03:48 +0800] "GET /xingrg/all/function/internal_message.html?_=1586059423040&CODE_STATE=getMsg HTTP/1.1" 200 27
172.17.0.115 - - [05/Apr/2020:12:03:49 +0800] "GET /xingrg/all/function/internal_message.html?_=1586059426131&CODE_STATE=getMsg HTTP/1.1" 200 27
180.162.232.172 - - [05/Apr/2020:12:03:50 +0800] "GET /xingrg/all/function/internal_message.html?_=1586059553038&CODE_STATE=getMsg HTTP/1.1" 200 27
222.70.183.62 - - [05/Apr/2020:12:03:58 +0800] "GET /xingrg/all/function/internal_message.html?_=1586059434053&CODE_STATE=getMsg HTTP/1.1" 200 27
120.253.135.82 - - [05/Apr/2020:12:03:58 +0800] "GET /xingrg/all/function/internal_message.html?_=1586059505997&CODE_STATE=getMsg HTTP/1.1" 200 27
114.88.159.93 - - [05/Apr/2020:12:04:02 +0800] "GET /xingrg/all/function/internal_message.html?_=1586059437385&CODE_STATE=getMsg HTTP/1.1" 200 27
172.17.0.112 - - [05/Apr/2020:12:04:04 +0800] "GET /xingrg/check_reg.html?_=1586059441076 HTTP/1.1" 302 -
116.235.222.53 - - [05/Apr/2020:12:04:04 +0800] "GET /xingrg/all/function/internal_message.html?_=1586059440184&CODE_STATE=getMsg HTTP/1.1" 200 27
172.17.0.123 - - [05/Apr/2020:12:04:12 +0800] "GET /xingrg/all/function/internal_message.html?_=1586059447867&CODE_STATE=getMsg HTTP/1.1" 200 27
172.17.0.100 - - [05/Apr/2020:12:04:23 +0800] "GET /xingrg/all/function/internal_message.html?_=1586059646992&CODE_STATE=getMsg HTTP/1.1" 200 27
172.17.0.112 - - [05/Apr/2020:12:04:26 +0800] "GET /xingrg/all/function/internal_message.html?_=1586059463937&CODE_STATE=getMsg HTTP/1.1" 302 -
117.184.7.26 - - [05/Apr/2020:12:04:30 +0800] "GET /xingrg/all/function/internal_message.html?_=1586060001655&CODE_STATE=getMsg HTTP/1.1" 200 27
116.224.247.222 - - [05/Apr/2020:12:04:31 +0800] "GET /xingrg/all/function/internal_message.html?_=1586059649529&CODE_STATE=getMsg HTTP/1.1" 200 27
114.84.33.255 - - [05/Apr/2020:12:04:32 +0800] "GET /xingrg/all/function/internal_message.html?_=1586059469125&CODE_STATE=getMsg HTTP/1.1" 200 27
172.17.0.112 - - [05/Apr/2020:12:04:34 +0800] "GET /xingrg/all/function/internal_message.html?_=1586059471437&CODE_STATE=getMsg HTTP/1.1" 302 -
183.195.131.162 - - [05/Apr/2020:12:04:36 +0800] "GET /xingrg/check_reg.html?_=1586059419145 HTTP/1.1" 200 22
183.195.131.162 - - [05/Apr/2020:12:04:37 +0800] "GET /xingrg/all/function/internal_message.html?_=1586059419697&CODE_STATE=getMsg HTTP/1.1" 200 27
114.86.226.127 - - [05/Apr/2020:12:04:37 +0800] "GET /xingrg/all/function/internal_message.html?_=1586059496062&CODE_STATE=getMsg HTTP/1.1" 200 27
117.185.32.26 - - [05/Apr/2020:12:04:42 +0800] "GET /xingrg/all/function/internal_message.html?_=1586059881945&CODE_STATE=getMsg HTTP/1.1" 200 27
180.156.150.85 - - [05/Apr/2020:12:04:43 +0800] "GET /xingrg/all/function/internal_message.html?_=1586059479098&CODE_STATE=getMsg HTTP/1.1" 302 -
172.17.0.114 - - [05/Apr/2020:12:04:44 +0800] "GET /xingrg/all/function/internal_message.html?_=1586059637655&CODE_STATE=getMsg HTTP/1.1" 200 27
172.17.0.106 - - [05/Apr/2020:12:04:46 +0800] "GET /xingrg/all/function/internal_message.html?_=1586059482241&CODE_STATE=getMsg HTTP/1.1" 200 27
222.69.139.198 - - [05/Apr/2020:12:04:47 +0800] "GET /xingrg/all/function/internal_message.html?_=1586059482730&CODE_STATE=getMsg HTTP/1.1" 200 27
222.69.139.198 - - [05/Apr/2020:12:04:47 +0800] "GET /xingrg/check_reg.html?_=1586059483312 HTTP/1.1" 200 22
172.17.0.185 - - [05/Apr/2020:12:04:48 +0800] "GET /xingrg/all/function/internal_message.html?_=1586059483026&CODE_STATE=getMsg HTTP/1.1" 200 27
120.253.135.82 - - [05/Apr/2020:12:04:48 +0800] "GET /xingrg/check_reg.html?_=1586059556041 HTTP/1.1" 200 22
172.17.0.115 - - [05/Apr/2020:12:04:49 +0800] "GET /xingrg/all/function/internal_message.html?_=1586059486118&CODE_STATE=getMsg HTTP/1.1" 200 27
180.162.232.172 - - [05/Apr/2020:12:04:50 +0800] "GET /xingrg/all/function/internal_message.html?_=1586059613050&CODE_STATE=getMsg HTTP/1.1" 200 27
222.70.183.62 - - [05/Apr/2020:12:04:55 +0800] "GET /xingrg/check_reg.html?_=1586059491682 HTTP/1.1" 200 22
222.70.183.62 - - [05/Apr/2020:12:04:58 +0800] "GET /xingrg/all/function/internal_message.html?_=1586059494054&CODE_STATE=getMsg HTTP/1.1" 200 27
120.253.135.82 - - [05/Apr/2020:12:04:58 +0800] "GET /xingrg/all/function/internal_message.html?_=1586059566006&CODE_STATE=getMsg HTTP/1.1" 200 27
114.88.159.93 - - [05/Apr/2020:12:05:02 +0800] "GET /xingrg/all/function/internal_message.html?_=1586059497385&CODE_STATE=getMsg HTTP/1.1" 200 27
114.88.159.93 - - [05/Apr/2020:12:05:02 +0800] "GET /xingrg/check_reg.html?_=1586059497389 HTTP/1.1" 200 22
116.235.222.53 - - [05/Apr/2020:12:05:04 +0800] "GET /xingrg/all/function/internal_message.html?_=1586059500175&CODE_STATE=getMsg HTTP/1.1" 200 27
172.17.0.123 - - [05/Apr/2020:12:05:12 +0800] "GET /xingrg/all/function/internal_message.html?_=1586059507841&CODE_STATE=getMsg HTTP/1.1" 200 27
116.224.247.222 - - [05/Apr/2020:12:05:21 +0800] "GET /xingrg/check_reg.html?_=1586059699323 HTTP/1.1" 200 22
172.17.0.100 - - [05/Apr/2020:12:05:22 +0800] "GET /xingrg/check_reg.html?_=1586059706588 HTTP/1.1" 200 22
172.17.0.100 - - [05/Apr/2020:12:05:23 +0800] "GET /xingrg/all/function/internal_message.html?_=1586059706966&CODE_STATE=getMsg HTTP/1.1" 200 27
172.17.0.112 - - [05/Apr/2020:12:05:27 +0800] "GET /xingrg/all/function/internal_message.html?_=1586059523947&CODE_STATE=getMsg HTTP/1.1" 302 -
117.184.7.26 - - [05/Apr/2020:12:05:30 +0800] "GET /xingrg/all/function/internal_message.html?_=1586060061657&CODE_STATE=getMsg HTTP/1.1" 200 27
116.224.247.222 - - [05/Apr/2020:12:05:31 +0800] "GET /xingrg/all/function/internal_message.html?_=1586059709540&CODE_STATE=getMsg HTTP/1.1" 200 27
114.84.33.255 - - [05/Apr/2020:12:05:32 +0800] "GET /xingrg/all/function/internal_message.html?_=1586059529146&CODE_STATE=getMsg HTTP/1.1" 200 27
172.17.0.112 - - [05/Apr/2020:12:05:34 +0800] "GET /xingrg/all/function/internal_message.html?_=1586059531478&CODE_STATE=getMsg HTTP/1.1" 302 -
183.195.131.162 - - [05/Apr/2020:12:05:37 +0800] "GET /xingrg/all/function/internal_message.html?_=1586059479710&CODE_STATE=getMsg HTTP/1.1" 200 27
114.86.226.127 - - [05/Apr/2020:12:05:37 +0800] "GET /xingrg/all/function/internal_message.html?_=1586059556078&CODE_STATE=getMsg HTTP/1.1" 200 27
117.185.32.26 - - [05/Apr/2020:12:05:42 +0800] "GET /xingrg/all/function/internal_message.html?_=1586059941947&CODE_STATE=getMsg HTTP/1.1" 200 27
117.185.32.26 - - [05/Apr/2020:12:05:42 +0800] "GET /xingrg/check_reg.html?_=1586059941950 HTTP/1.1" 200 22
180.156.150.85 - - [05/Apr/2020:12:05:43 +0800] "GET /xingrg/all/function/internal_message.html?_=1586059539099&CODE_STATE=getMsg HTTP/1.1" 302 -
172.17.0.114 - - [05/Apr/2020:12:05:44 +0800] "GET /xingrg/all/function/internal_message.html?_=1586059697660&CODE_STATE=getMsg HTTP/1.1" 200 27
172.17.0.106 - - [05/Apr/2020:12:05:46 +0800] "GET /xingrg/all/function/internal_message.html?_=1586059542261&CODE_STATE=getMsg HTTP/1.1" 200 27
222.69.139.198 - - [05/Apr/2020:12:05:47 +0800] "GET /xingrg/all/function/internal_message.html?_=1586059542703&CODE_STATE=getMsg HTTP/1.1" 200 27
172.17.0.185 - - [05/Apr/2020:12:05:48 +0800] "GET /xingrg/all/function/internal_message.html?_=1586059543032&CODE_STATE=getMsg HTTP/1.1" 200 27
172.17.0.115 - - [05/Apr/2020:12:05:49 +0800] "GET /xingrg/all/function/internal_message.html?_=1586059546122&CODE_STATE=getMsg HTTP/1.1" 200 27
180.162.232.172 - - [05/Apr/2020:12:05:50 +0800] "GET /xingrg/all/function/internal_message.html?_=1586059673091&CODE_STATE=getMsg HTTP/1.1" 200 27
222.70.183.62 - - [05/Apr/2020:12:05:58 +0800] "GET /xingrg/all/function/internal_message.html?_=1586059554075&CODE_STATE=getMsg HTTP/1.1" 200 27
120.253.135.82 - - [05/Apr/2020:12:05:58 +0800] "GET /xingrg/all/function/internal_message.html?_=1586059626020&CODE_STATE=getMsg HTTP/1.1" 200 27
114.88.159.93 - - [05/Apr/2020:12:06:02 +0800] "GET /xingrg/all/function/internal_message.html?_=1586059557385&CODE_STATE=getMsg HTTP/1.1" 200 27
116.235.222.53 - - [05/Apr/2020:12:06:04 +0800] "GET /xingrg/all/function/internal_message.html?_=1586059560180&CODE_STATE=getMsg HTTP/1.1" 200 27
172.17.0.123 - - [05/Apr/2020:12:06:12 +0800] "GET /xingrg/all/function/internal_message.html?_=1586059567825&CODE_STATE=getMsg HTTP/1.1" 200 27
172.17.0.100 - - [05/Apr/2020:12:06:23 +0800] "GET /xingrg/all/function/internal_message.html?_=1586059766936&CODE_STATE=getMsg HTTP/1.1" 200 27
172.17.0.112 - - [05/Apr/2020:12:06:27 +0800] "GET /xingrg/all/function/internal_message.html?_=1586059583980&CODE_STATE=getMsg HTTP/1.1" 302 -
117.184.7.26 - - [05/Apr/2020:12:06:29 +0800] "POST /xingrg/system/rest/edit_item.html HTTP/1.1" 200 32
117.184.7.26 - - [05/Apr/2020:12:06:29 +0800] "POST /xingrg/system/rest/edit_item.html HTTP/1.1" 200 -
117.184.7.26 - - [05/Apr/2020:12:06:31 +0800] "GET /xingrg/all/function/internal_message.html?_=1586060122578&CODE_STATE=getMsg HTTP/1.1" 200 27
117.184.7.26 - - [05/Apr/2020:12:06:31 +0800] "POST /xingrg/system/rest/edit_item.html HTTP/1.1" 200 32
117.184.7.26 - - [05/Apr/2020:12:06:31 +0800] "GET /xingrg/system/rest/get_item.html?table=down&code=a16c41455cc244f4b519a1d597d561b9&_=1586060122645 HTTP/1.1" 200 233
116.224.247.222 - - [05/Apr/2020:12:06:31 +0800] "GET /xingrg/all/function/internal_message.html?_=1586059769554&CODE_STATE=getMsg HTTP/1.1" 200 27
117.184.7.26 - - [05/Apr/2020:12:06:31 +0800] "POST /xingrg/system/rest/edit_item.html HTTP/1.1" 200 3
117.184.7.26 - - [05/Apr/2020:12:06:31 +0800] "POST /xingrg/all/common/load_tree.html?tree=area_station_tree_json&defaultRests=1_8 HTTP/1.1" 200 2989
114.84.33.255 - - [05/Apr/2020:12:06:32 +0800] "GET /xingrg/all/function/internal_message.html?_=1586059589150&CODE_STATE=getMsg HTTP/1.1" 200 27
117.184.7.26 - - [05/Apr/2020:12:06:32 +0800] "POST /xingrg/system/rest/get_infos.html HTTP/1.1" 200 507427
172.17.0.112 - - [05/Apr/2020:12:06:34 +0800] "GET /xingrg/all/function/internal_message.html?_=1586059591495&CODE_STATE=getMsg HTTP/1.1" 302 -
117.184.7.26 - - [05/Apr/2020:12:06:36 +0800] "GET /xingrg/system/rest/query_items.html?_=1586060127724&table=down&tcode=dl_menu&key= HTTP/1.1" 200 9892
183.195.131.162 - - [05/Apr/2020:12:06:37 +0800] "GET /xingrg/all/function/internal_message.html?_=1586059539724&CODE_STATE=getMsg HTTP/1.1" 200 27
114.86.226.127 - - [05/Apr/2020:12:06:37 +0800] "GET /xingrg/all/function/internal_message.html?_=1586059616074&CODE_STATE=getMsg HTTP/1.1" 200 27
117.185.32.26 - - [05/Apr/2020:12:06:42 +0800] "GET /xingrg/all/function/internal_message.html?_=1586060001949&CODE_STATE=getMsg HTTP/1.1" 200 27
180.156.150.85 - - [05/Apr/2020:12:06:43 +0800] "GET /xingrg/all/function/internal_message.html?_=1586059599097&CODE_STATE=getMsg HTTP/1.1" 302 -
172.17.0.114 - - [05/Apr/2020:12:06:44 +0800] "GET /xingrg/all/function/internal_message.html?_=1586059757651&CODE_STATE=getMsg HTTP/1.1" 200 27
172.17.0.106 - - [05/Apr/2020:12:06:46 +0800] "GET /xingrg/check_reg.html?_=1586059602247 HTTP/1.1" 200 22
172.17.0.106 - - [05/Apr/2020:12:06:46 +0800] "GET /xingrg/all/function/internal_message.html?_=1586059602250&CODE_STATE=getMsg HTTP/1.1" 200 27
222.69.139.198 - - [05/Apr/2020:12:06:47 +0800] "GET /xingrg/all/function/internal_message.html?_=1586059602678&CODE_STATE=getMsg HTTP/1.1" 200 27
172.17.0.185 - - [05/Apr/2020:12:06:48 +0800] "GET /xingrg/all/function/internal_message.html?_=1586059603047&CODE_STATE=getMsg HTTP/1.1" 200 27
172.17.0.115 - - [05/Apr/2020:12:06:49 +0800] "GET /xingrg/check_reg.html?_=1586059606124 HTTP/1.1" 200 22
172.17.0.115 - - [05/Apr/2020:12:06:49 +0800] "GET /xingrg/all/function/internal_message.html?_=1586059606134&CODE_STATE=getMsg HTTP/1.1" 200 27
180.162.232.172 - - [05/Apr/2020:12:06:50 +0800] "GET /xingrg/all/function/internal_message.html?_=1586059733094&CODE_STATE=getMsg HTTP/1.1" 200 27
222.70.183.62 - - [05/Apr/2020:12:06:58 +0800] "GET /xingrg/all/function/internal_message.html?_=1586059614093&CODE_STATE=getMsg HTTP/1.1" 200 27
120.253.135.82 - - [05/Apr/2020:12:06:58 +0800] "GET /xingrg/all/function/internal_message.html?_=1586059686055&CODE_STATE=getMsg HTTP/1.1" 200 27
117.184.7.26 - - [05/Apr/2020:12:06:59 +0800] "POST /xingrg/services/DataTransmitService HTTP/1.1" 401 565
117.184.7.26 - - [05/Apr/2020:12:06:59 +0800] "POST /xingrg/services/DataTransmitService HTTP/1.1" 200 478
117.184.7.26 - - [05/Apr/2020:12:06:59 +0800] "POST /xingrg/services/DataTransmitService HTTP/1.1" 200 1320
117.184.7.26 - - [05/Apr/2020:12:06:59 +0800] "POST /xingrg/services/DataTransmitService HTTP/1.1" 200 478
117.184.7.26 - - [05/Apr/2020:12:06:59 +0800] "POST /xingrg/services/DataTransmitService HTTP/1.1" 200 1320
117.184.7.26 - - [05/Apr/2020:12:06:59 +0800] "POST /xingrg/services/DataTransmitService HTTP/1.1" 200 524
117.184.7.26 - - [05/Apr/2020:12:06:59 +0800] "POST /xingrg/services/DataTransmitService HTTP/1.1" 200 2571
117.184.7.26 - - [05/Apr/2020:12:06:59 +0800] "POST /xingrg/services/DataTransmitService HTTP/1.1" 200 2355
117.184.7.26 - - [05/Apr/2020:12:07:00 +0800] "POST /xingrg/services/DataTransmitService HTTP/1.1" 200 1515
117.184.7.26 - - [05/Apr/2020:12:07:00 +0800] "POST /xingrg/services/DataTransmitService HTTP/1.1" 200 160712
114.88.159.93 - - [05/Apr/2020:12:07:02 +0800] "GET /xingrg/all/function/internal_message.html?_=1586059617385&CODE_STATE=getMsg HTTP/1.1" 200 27
116.235.222.53 - - [05/Apr/2020:12:07:04 +0800] "GET /xingrg/check_reg.html?_=1586059620186 HTTP/1.1" 200 22
116.235.222.53 - - [05/Apr/2020:12:07:04 +0800] "GET /xingrg/all/function/internal_message.html?_=1586059620188&CODE_STATE=getMsg HTTP/1.1" 200 27
172.17.0.123 - - [05/Apr/2020:12:07:12 +0800] "GET /xingrg/all/function/internal_message.html?_=1586059627797&CODE_STATE=getMsg HTTP/1.1" 200 27
117.184.7.26 - - [05/Apr/2020:12:07:22 +0800] "POST /xingrg/services/DataTransmitService HTTP/1.1" 200 45454
117.184.7.26 - - [05/Apr/2020:12:07:22 +0800] "POST /xingrg/services/DataTransmitService HTTP/1.1" 200 19237
172.17.0.100 - - [05/Apr/2020:12:07:23 +0800] "GET /xingrg/all/function/internal_message.html?_=1586059826907&CODE_STATE=getMsg HTTP/1.1" 200 27
172.17.0.112 - - [05/Apr/2020:12:07:27 +0800] "GET /xingrg/all/function/internal_message.html?_=1586059643989&CODE_STATE=getMsg HTTP/1.1" 302 -
117.184.7.26 - - [05/Apr/2020:12:07:30 +0800] "GET /xingrg/check_reg.html?_=1586060181701 HTTP/1.1" 200 22
114.84.33.255 - - [05/Apr/2020:12:07:31 +0800] "GET /xingrg/check_reg.html?_=1586059648175 HTTP/1.1" 200 22
117.184.7.26 - - [05/Apr/2020:12:07:31 +0800] "GET /xingrg/all/function/internal_message.html?_=1586060182559&CODE_STATE=getMsg HTTP/1.1" 200 27
116.224.247.222 - - [05/Apr/2020:12:07:31 +0800] "GET /xingrg/all/function/internal_message.html?_=1586059830007&CODE_STATE=getMsg HTTP/1.1" 200 27
114.84.33.255 - - [05/Apr/2020:12:07:32 +0800] "GET /xingrg/all/function/internal_message.html?_=1586059649164&CODE_STATE=getMsg HTTP/1.1" 200 27
172.17.0.112 - - [05/Apr/2020:12:07:34 +0800] "GET /xingrg/all/function/internal_message.html?_=1586059651533&CODE_STATE=getMsg HTTP/1.1" 302 -
172.17.0.112 - - [05/Apr/2020:12:07:36 +0800] "GET /xingrg/check_reg.html?_=1586059653319 HTTP/1.1" 302 -
183.195.131.162 - - [05/Apr/2020:12:07:37 +0800] "GET /xingrg/all/function/internal_message.html?_=1586059599742&CODE_STATE=getMsg HTTP/1.1" 200 27
117.185.32.26 - - [05/Apr/2020:12:07:42 +0800] "GET /xingrg/all/function/internal_message.html?_=1586060061951&CODE_STATE=getMsg HTTP/1.1" 200 27
180.156.150.85 - - [05/Apr/2020:12:07:43 +0800] "GET /xingrg/check_reg.html?_=1586059659097 HTTP/1.1" 302 -
180.156.150.85 - - [05/Apr/2020:12:07:43 +0800] "GET /xingrg/all/function/internal_message.html?_=1586059659098&CODE_STATE=getMsg HTTP/1.1" 302 -
172.17.0.114 - - [05/Apr/2020:12:07:44 +0800] "GET /xingrg/all/function/internal_message.html?_=1586059817657&CODE_STATE=getMsg HTTP/1.1" 200 27
172.17.0.106 - - [05/Apr/2020:12:07:46 +0800] "GET /xingrg/all/function/internal_message.html?_=1586059662250&CODE_STATE=getMsg HTTP/1.1" 200 27
222.69.139.198 - - [05/Apr/2020:12:07:47 +0800] "GET /xingrg/all/function/internal_message.html?_=1586059662650&CODE_STATE=getMsg HTTP/1.1" 200 27
172.17.0.185 - - [05/Apr/2020:12:07:48 +0800] "GET /xingrg/all/function/internal_message.html?_=1586059663037&CODE_STATE=getMsg HTTP/1.1" 200 27
172.17.0.115 - - [05/Apr/2020:12:07:49 +0800] "GET /xingrg/all/function/internal_message.html?_=1586059666122&CODE_STATE=getMsg HTTP/1.1" 200 27
180.162.232.172 - - [05/Apr/2020:12:07:49 +0800] "GET /xingrg/check_reg.html?_=1586059792342 HTTP/1.1" 200 22
180.162.232.172 - - [05/Apr/2020:12:07:50 +0800] "GET /xingrg/all/function/internal_message.html?_=1586059793107&CODE_STATE=getMsg HTTP/1.1" 200 27
222.70.183.62 - - [05/Apr/2020:12:07:58 +0800] "GET /xingrg/all/function/internal_message.html?_=1586059674106&CODE_STATE=getMsg HTTP/1.1" 200 27
120.253.135.82 - - [05/Apr/2020:12:07:58 +0800] "GET /xingrg/all/function/internal_message.html?_=1586059746062&CODE_STATE=getMsg HTTP/1.1" 200 27
114.88.159.93 - - [05/Apr/2020:12:08:02 +0800] "GET /xingrg/all/function/internal_message.html?_=1586059677385&CODE_STATE=getMsg HTTP/1.1" 200 27
116.235.222.53 - - [05/Apr/2020:12:08:04 +0800] "GET /xingrg/all/function/internal_message.html?_=1586059680187&CODE_STATE=getMsg HTTP/1.1" 200 27
172.17.0.123 - - [05/Apr/2020:12:08:12 +0800] "GET /xingrg/check_reg.html?_=1586059687740 HTTP/1.1" 200 22
172.17.0.123 - - [05/Apr/2020:12:08:12 +0800] "GET /xingrg/all/function/internal_message.html?_=1586059687776&CODE_STATE=getMsg HTTP/1.1" 200 27
172.17.0.100 - - [05/Apr/2020:12:08:23 +0800] "GET /xingrg/all/function/internal_message.html?_=1586059886878&CODE_STATE=getMsg HTTP/1.1" 200 27
172.17.0.112 - - [05/Apr/2020:12:08:27 +0800] "GET /xingrg/all/function/internal_message.html?_=1586059704025&CODE_STATE=getMsg HTTP/1.1" 302 -
116.224.247.222 - - [05/Apr/2020:12:08:32 +0800] "GET /xingrg/all/function/internal_message.html?_=1586059890018&CODE_STATE=getMsg HTTP/1.1" 200 27
114.84.33.255 - - [05/Apr/2020:12:08:32 +0800] "GET /xingrg/all/function/internal_message.html?_=1586059709183&CODE_STATE=getMsg HTTP/1.1" 200 27
172.17.0.112 - - [05/Apr/2020:12:08:34 +0800] "GET /xingrg/all/function/internal_message.html?_=1586059711575&CODE_STATE=getMsg HTTP/1.1" 302 -
183.195.131.162 - - [05/Apr/2020:12:08:37 +0800] "GET /xingrg/all/function/internal_message.html?_=1586059659752&CODE_STATE=getMsg HTTP/1.1" 200 27
117.185.32.26 - - [05/Apr/2020:12:08:42 +0800] "GET /xingrg/all/function/internal_message.html?_=1586060121952&CODE_STATE=getMsg HTTP/1.1" 200 27
180.156.150.85 - - [05/Apr/2020:12:08:43 +0800] "GET /xingrg/all/function/internal_message.html?_=1586059719096&CODE_STATE=getMsg HTTP/1.1" 302 -
172.17.0.114 - - [05/Apr/2020:12:08:44 +0800] "GET /xingrg/check_reg.html?_=1586059877661 HTTP/1.1" 200 22
172.17.0.114 - - [05/Apr/2020:12:08:44 +0800] "GET /xingrg/all/function/internal_message.html?_=1586059877666&CODE_STATE=getMsg HTTP/1.1" 200 27
172.17.0.106 - - [05/Apr/2020:12:08:46 +0800] "GET /xingrg/all/function/internal_message.html?_=1586059722251&CODE_STATE=getMsg HTTP/1.1" 200 27
222.69.139.198 - - [05/Apr/2020:12:08:47 +0800] "GET /xingrg/all/function/internal_message.html?_=1586059722624&CODE_STATE=getMsg HTTP/1.1" 200 27
172.17.0.185 - - [05/Apr/2020:12:08:48 +0800] "GET /xingrg/check_reg.html?_=1586059723030 HTTP/1.1" 200 22
172.17.0.185 - - [05/Apr/2020:12:08:48 +0800] "GET /xingrg/all/function/internal_message.html?_=1586059723038&CODE_STATE=getMsg HTTP/1.1" 200 27
172.17.0.115 - - [05/Apr/2020:12:08:49 +0800] "GET /xingrg/all/function/internal_message.html?_=1586059726128&CODE_STATE=getMsg HTTP/1.1" 200 27
180.162.232.172 - - [05/Apr/2020:12:08:50 +0800] "GET /xingrg/all/function/internal_message.html?_=1586059853138&CODE_STATE=getMsg HTTP/1.1" 200 27
222.70.183.62 - - [05/Apr/2020:12:08:58 +0800] "GET /xingrg/all/function/internal_message.html?_=1586059734261&CODE_STATE=getMsg HTTP/1.1" 200 27
120.253.135.82 - - [05/Apr/2020:12:08:58 +0800] "GET /xingrg/all/function/internal_message.html?_=1586059806093&CODE_STATE=getMsg HTTP/1.1" 200 27
114.88.159.93 - - [05/Apr/2020:12:09:02 +0800] "GET /xingrg/all/function/internal_message.html?_=1586059737384&CODE_STATE=getMsg HTTP/1.1" 200 27
172.17.0.112 - - [05/Apr/2020:12:09:04 +0800] "GET /xingrg/check_reg.html?_=1586059741084 HTTP/1.1" 302 -
116.235.222.53 - - [05/Apr/2020:12:09:04 +0800] "GET /xingrg/all/function/internal_message.html?_=1586059740188&CODE_STATE=getMsg HTTP/1.1" 200 27
172.17.0.123 - - [05/Apr/2020:12:09:12 +0800] "GET /xingrg/all/function/internal_message.html?_=1586059747748&CODE_STATE=getMsg HTTP/1.1" 200 27
222.70.183.62 - - [05/Apr/2020:12:09:12 +0800] "POST /xingrg/kc/buy/cgsh_list_operate.html HTTP/1.1" 200 560
222.70.183.62 - - [05/Apr/2020:12:09:13 +0800] "GET /xingrg/kc/buy/cgsh_order_info.html?code=212020040500857 HTTP/1.1" 200 57974
222.70.183.62 - - [05/Apr/2020:12:09:13 +0800] "GET /xingrg/javascript/easyui/themes/default/validatebox.css HTTP/1.1" 404 1104
222.70.183.62 - - [05/Apr/2020:12:09:14 +0800] "POST /xingrg/kc/buy/cgsh_order_operate.html HTTP/1.1" 200 6778
222.70.183.62 - - [05/Apr/2020:12:09:20 +0800] "GET /xingrg/kc/buy/cgsh_order_operate.html?command=get_materiel&rest_code=00111&code=00101009045&supplier_code=00100037&order_time=2020-04-05 HTTP/1.1" 200 412
172.17.0.100 - - [05/Apr/2020:12:09:23 +0800] "GET /xingrg/all/function/internal_message.html?_=1586059946849&CODE_STATE=getMsg HTTP/1.1" 200 27
172.17.0.112 - - [05/Apr/2020:12:09:27 +0800] "GET /xingrg/all/function/internal_message.html?_=1586059764033&CODE_STATE=getMsg HTTP/1.1" 302 -
222.70.183.62 - - [05/Apr/2020:12:09:30 +0800] "GET /xingrg/kc/buy/cgsh_order_operate.html?command=get_materiel&rest_code=00111&code=00101008418&supplier_code=00100037&order_time=2020-04-05 HTTP/1.1" 200 398
114.84.33.255 - - [05/Apr/2020:12:09:32 +0800] "GET /xingrg/all/function/internal_message.html?_=1586059769191&CODE_STATE=getMsg HTTP/1.1" 200 27
116.224.247.222 - - [05/Apr/2020:12:09:32 +0800] "GET /xingrg/all/function/internal_message.html?_=1586059950518&CODE_STATE=getMsg HTTP/1.1" 200 27
172.17.0.112 - - [05/Apr/2020:12:09:34 +0800] "GET /xingrg/all/function/internal_message.html?_=1586059771583&CODE_STATE=getMsg HTTP/1.1" 302 -
183.195.131.162 - - [05/Apr/2020:12:09:36 +0800] "GET /xingrg/check_reg.html?_=1586059719152 HTTP/1.1" 200 22
183.195.131.162 - - [05/Apr/2020:12:09:37 +0800] "GET /xingrg/all/function/internal_message.html?_=1586059719765&CODE_STATE=getMsg HTTP/1.1" 200 27
222.70.183.62 - - [05/Apr/2020:12:09:42 +0800] "POST /xingrg/kc/buy/cgsh_order_operate.html HTTP/1.1" 200 37
117.185.32.26 - - [05/Apr/2020:12:09:42 +0800] "GET /xingrg/all/function/internal_message.html?_=1586060181979&CODE_STATE=getMsg HTTP/1.1" 200 27
222.70.183.62 - - [05/Apr/2020:12:09:43 +0800] "POST /xingrg/kc/buy/cgsh_order_operate.html HTTP/1.1" 200 7961
180.156.150.85 - - [05/Apr/2020:12:09:43 +0800] "GET /xingrg/all/function/internal_message.html?_=1586059779096&CODE_STATE=getMsg HTTP/1.1" 302 -
172.17.0.114 - - [05/Apr/2020:12:09:44 +0800] "GET /xingrg/all/function/internal_message.html?_=1586059937657&CODE_STATE=getMsg HTTP/1.1" 200 27
222.70.183.62 - - [05/Apr/2020:12:09:44 +0800] "GET /xingrg/kc/print/load_data.html?order_code=212020040500857&kc_code=cgsh&condition= HTTP/1.1" 200 2725
172.17.0.106 - - [05/Apr/2020:12:09:46 +0800] "GET /xingrg/all/function/internal_message.html?_=1586059782255&CODE_STATE=getMsg HTTP/1.1" 200 27
222.69.139.198 - - [05/Apr/2020:12:09:47 +0800] "GET /xingrg/all/function/internal_message.html?_=1586059782610&CODE_STATE=getMsg HTTP/1.1" 200 27
222.69.139.198 - - [05/Apr/2020:12:09:47 +0800] "GET /xingrg/check_reg.html?_=1586059783301 HTTP/1.1" 200 22
172.17.0.185 - - [05/Apr/2020:12:09:48 +0800] "GET /xingrg/all/function/internal_message.html?_=1586059783027&CODE_STATE=getMsg HTTP/1.1" 200 27
120.253.135.82 - - [05/Apr/2020:12:09:48 +0800] "GET /xingrg/check_reg.html?_=1586059856042 HTTP/1.1" 200 22
172.17.0.115 - - [05/Apr/2020:12:09:49 +0800] "GET /xingrg/all/function/internal_message.html?_=1586059786130&CODE_STATE=getMsg HTTP/1.1" 200 27
180.162.232.172 - - [05/Apr/2020:12:09:50 +0800] "GET /xingrg/all/function/internal_message.html?_=1586059913151&CODE_STATE=getMsg HTTP/1.1" 200 27
222.70.183.62 - - [05/Apr/2020:12:09:52 +0800] "POST /xingrg/kc/buy/cgsh_list_operate.html HTTP/1.1" 200 9700
222.70.183.62 - - [05/Apr/2020:12:09:55 +0800] "GET /xingrg/check_reg.html?_=1586059791799 HTTP/1.1" 200 22
222.70.183.62 - - [05/Apr/2020:12:09:58 +0800] "GET /xingrg/all/function/internal_message.html?_=1586059794380&CODE_STATE=getMsg HTTP/1.1" 200 27
120.253.135.82 - - [05/Apr/2020:12:09:58 +0800] "GET /xingrg/all/function/internal_message.html?_=1586059866105&CODE_STATE=getMsg HTTP/1.1" 200 27
114.88.159.93 - - [05/Apr/2020:12:10:02 +0800] "GET /xingrg/all/function/internal_message.html?_=1586059797384&CODE_STATE=getMsg HTTP/1.1" 200 27
114.88.159.93 - - [05/Apr/2020:12:10:02 +0800] "GET /xingrg/check_reg.html?_=1586059797393 HTTP/1.1" 200 22
116.235.222.53 - - [05/Apr/2020:12:10:04 +0800] "GET /xingrg/all/function/internal_message.html?_=1586059800200&CODE_STATE=getMsg HTTP/1.1" 200 27
172.17.0.123 - - [05/Apr/2020:12:10:12 +0800] "GET /xingrg/all/function/internal_message.html?_=1586059807734&CODE_STATE=getMsg HTTP/1.1" 200 27
116.224.247.222 - - [05/Apr/2020:12:10:21 +0800] "GET /xingrg/check_reg.html?_=1586059999328 HTTP/1.1" 200 22
172.17.0.100 - - [05/Apr/2020:12:10:22 +0800] "GET /xingrg/check_reg.html?_=1586060006570 HTTP/1.1" 200 22
172.17.0.100 - - [05/Apr/2020:12:10:22 +0800] "GET /xingrg/all/function/internal_message.html?_=1586060006822&CODE_STATE=getMsg HTTP/1.1" 200 27
172.17.0.112 - - [05/Apr/2020:12:10:27 +0800] "GET /xingrg/all/function/internal_message.html?_=1586059824079&CODE_STATE=getMsg HTTP/1.1" 302 -
114.84.33.255 - - [05/Apr/2020:12:10:32 +0800] "GET /xingrg/all/function/internal_message.html?_=1586059829214&CODE_STATE=getMsg HTTP/1.1" 200 27
116.224.247.222 - - [05/Apr/2020:12:10:32 +0800] "GET /xingrg/all/function/internal_message.html?_=1586060010529&CODE_STATE=getMsg HTTP/1.1" 200 27
172.17.0.112 - - [05/Apr/2020:12:10:34 +0800] "GET /xingrg/all/function/internal_message.html?_=1586059831621&CODE_STATE=getMsg HTTP/1.1" 302 -
183.195.131.162 - - [05/Apr/2020:12:10:36 +0800] "GET /xingrg/system/rest/query_items.html?_=1586059779140&table=menu&page=1&rows=20&categoryId=&key=2439 HTTP/1.1" 200 253
183.195.131.162 - - [05/Apr/2020:12:10:37 +0800] "GET /xingrg/all/function/internal_message.html?_=1586059779779&CODE_STATE=getMsg HTTP/1.1" 200 27
183.195.131.162 - - [05/Apr/2020:12:10:41 +0800] "GET /xingrg/system/rest/query_items.html?_=1586059783580&table=menu&page=1&rows=20&categoryId=&key=2422 HTTP/1.1" 200 253
117.185.32.26 - - [05/Apr/2020:12:10:42 +0800] "GET /xingrg/check_reg.html?_=1586060241977 HTTP/1.1" 200 22
117.185.32.26 - - [05/Apr/2020:12:10:42 +0800] "GET /xingrg/all/function/internal_message.html?_=1586060241978&CODE_STATE=getMsg HTTP/1.1" 200 27
180.156.150.85 - - [05/Apr/2020:12:10:43 +0800] "GET /xingrg/all/function/internal_message.html?_=1586059839095&CODE_STATE=getMsg HTTP/1.1" 302 -
172.17.0.114 - - [05/Apr/2020:12:10:44 +0800] "GET /xingrg/all/function/internal_message.html?_=1586059997646&CODE_STATE=getMsg HTTP/1.1" 200 27
183.195.131.162 - - [05/Apr/2020:12:10:45 +0800] "GET /xingrg/system/rest/get_item.html?table=menu&id=2422&_=1586059788166 HTTP/1.1" 200 930
183.195.131.162 - - [05/Apr/2020:12:10:45 +0800] "GET /xingrg/system/rest/get_item.html?table=menu&target=cook_mode&id=2422&_=1586059788172 HTTP/1.1" 200 64
172.17.0.106 - - [05/Apr/2020:12:10:46 +0800] "GET /xingrg/all/function/internal_message.html?_=1586059842257&CODE_STATE=getMsg HTTP/1.1" 200 27
222.69.139.198 - - [05/Apr/2020:12:10:47 +0800] "GET /xingrg/all/function/internal_message.html?_=1586059842587&CODE_STATE=getMsg HTTP/1.1" 200 27
172.17.0.185 - - [05/Apr/2020:12:10:48 +0800] "GET /xingrg/all/function/internal_message.html?_=1586059843031&CODE_STATE=getMsg HTTP/1.1" 200 27
183.195.131.162 - - [05/Apr/2020:12:10:48 +0800] "GET /xingrg/system/rest/get_item.html?table=menu&target=menu_rest&id=2422&_=1586059788174 HTTP/1.1" 200 363
172.17.0.115 - - [05/Apr/2020:12:10:49 +0800] "GET /xingrg/all/function/internal_message.html?_=1586059846132&CODE_STATE=getMsg HTTP/1.1" 200 27
180.162.232.172 - - [05/Apr/2020:12:10:50 +0800] "GET /xingrg/all/function/internal_message.html?_=1586059973190&CODE_STATE=getMsg HTTP/1.1" 200 27
222.70.183.62 - - [05/Apr/2020:12:10:58 +0800] "GET /xingrg/all/function/internal_message.html?_=1586059854391&CODE_STATE=getMsg HTTP/1.1" 200 27
120.253.135.82 - - [05/Apr/2020:12:10:58 +0800] "GET /xingrg/all/function/internal_message.html?_=1586059926119&CODE_STATE=getMsg HTTP/1.1" 200 27
114.88.159.93 - - [05/Apr/2020:12:11:02 +0800] "GET /xingrg/all/function/internal_message.html?_=1586059857384&CODE_STATE=getMsg HTTP/1.1" 200 27
116.235.222.53 - - [05/Apr/2020:12:11:04 +0800] "GET /xingrg/all/function/internal_message.html?_=1586059860201&CODE_STATE=getMsg HTTP/1.1" 200 27
172.17.0.123 - - [05/Apr/2020:12:11:12 +0800] "GET /xingrg/all/function/internal_message.html?_=1586059867741&CODE_STATE=getMsg HTTP/1.1" 200 27
183.195.131.162 - - [05/Apr/2020:12:11:16 +0800] "GET /xingrg/system/rest/query_items.html?_=1586059818848&table=menu&page=1&rows=20&categoryId=&key=2439 HTTP/1.1" 200 253
172.17.0.100 - - [05/Apr/2020:12:11:22 +0800] "GET /xingrg/all/function/internal_message.html?_=1586060066807&CODE_STATE=getMsg HTTP/1.1" 200 27
183.195.131.162 - - [05/Apr/2020:12:11:25 +0800] "GET /xingrg/system/rest/get_item.html?table=menu&id=2439&_=1586059828462 HTTP/1.1" 200 946
183.195.131.162 - - [05/Apr/2020:12:11:25 +0800] "GET /xingrg/system/rest/get_item.html?table=menu&target=cook_mode&id=2439&_=1586059828469 HTTP/1.1" 200 64
183.195.131.162 - - [05/Apr/2020:12:11:25 +0800] "GET /xingrg/system/rest/get_item.html?table=menu&target=menu_rest&id=2439&_=1586059828470 HTTP/1.1" 200 363
183.195.131.162 - - [05/Apr/2020:12:11:26 +0800] "GET /xingrg/system/rest/get_infos.html?command=menu_img_show&id=2439 HTTP/1.1" 200 5
172.17.0.112 - - [05/Apr/2020:12:11:27 +0800] "GET /xingrg/all/function/internal_message.html?_=1586059884092&CODE_STATE=getMsg HTTP/1.1" 302 -
172.17.0.114 - - [05/Apr/2020:12:11:31 +0800] "GET /xingrg/kc/report/report_main.html HTTP/1.1" 200 7325
114.84.33.255 - - [05/Apr/2020:12:11:32 +0800] "GET /xingrg/all/function/internal_message.html?_=1586059889218&CODE_STATE=getMsg HTTP/1.1" 200 27
116.224.247.222 - - [05/Apr/2020:12:11:32 +0800] "GET /xingrg/all/function/internal_message.html?_=1586060070544&CODE_STATE=getMsg HTTP/1.1" 200 27
172.17.0.114 - - [05/Apr/2020:12:11:32 +0800] "GET /xingrg/all/report/report_query.html?fileName=kc/buy/wlcg_mx.xml HTTP/1.1" 200 51573
172.17.0.114 - - [05/Apr/2020:12:11:32 +0800] "GET /xingrg/dwr/interface/AjaxReportQueryService.js HTTP/1.1" 200 13203
172.17.0.114 - - [05/Apr/2020:12:11:32 +0800] "GET /xingrg/dwr/engine.js HTTP/1.1" 200 43631
172.17.0.114 - - [05/Apr/2020:12:11:33 +0800] "POST /xingrg/dwr/call/plaincall/AjaxReportQueryService.getFixDate.dwr HTTP/1.1" 200 111
172.17.0.114 - - [05/Apr/2020:12:11:33 +0800] "POST /xingrg/dwr/call/plaincall/AjaxReportQueryService.getInitString.dwr HTTP/1.1" 200 20687
172.17.0.114 - - [05/Apr/2020:12:11:33 +0800] "POST /xingrg/dwr/call/plaincall/AjaxReportQueryService.getInitString.dwr HTTP/1.1" 200 921
172.17.0.114 - - [05/Apr/2020:12:11:33 +0800] "POST /xingrg/dwr/call/plaincall/AjaxReportQueryService.getInitString.dwr HTTP/1.1" 200 125
172.17.0.112 - - [05/Apr/2020:12:11:34 +0800] "GET /xingrg/all/function/internal_message.html?_=1586059891640&CODE_STATE=getMsg HTTP/1.1" 302 -
172.17.0.114 - - [05/Apr/2020:12:11:35 +0800] "POST /xingrg/dwr/call/plaincall/AjaxReportQueryService.getFixDate.dwr HTTP/1.1" 200 111
183.195.131.162 - - [05/Apr/2020:12:11:37 +0800] "GET /xingrg/all/function/internal_message.html?_=1586059839792&CODE_STATE=getMsg HTTP/1.1" 200 27
117.185.32.26 - - [05/Apr/2020:12:11:42 +0800] "GET /xingrg/all/function/internal_message.html?_=1586060301978&CODE_STATE=getMsg HTTP/1.1" 200 27
180.156.150.85 - - [05/Apr/2020:12:11:43 +0800] "GET /xingrg/all/function/internal_message.html?_=1586059899095&CODE_STATE=getMsg HTTP/1.1" 302 -
172.17.0.114 - - [05/Apr/2020:12:11:44 +0800] "GET /xingrg/all/function/internal_message.html?_=1586060057647&CODE_STATE=getMsg HTTP/1.1" 200 27
172.17.0.106 - - [05/Apr/2020:12:11:46 +0800] "GET /xingrg/check_reg.html?_=1586059902260 HTTP/1.1" 200 22
172.17.0.106 - - [05/Apr/2020:12:11:46 +0800] "GET /xingrg/all/function/internal_message.html?_=1586059902266&CODE_STATE=getMsg HTTP/1.1" 200 27
222.69.139.198 - - [05/Apr/2020:12:11:47 +0800] "GET /xingrg/all/function/internal_message.html?_=1586059902573&CODE_STATE=getMsg HTTP/1.1" 200 27
172.17.0.185 - - [05/Apr/2020:12:11:48 +0800] "GET /xingrg/all/function/internal_message.html?_=1586059903037&CODE_STATE=getMsg HTTP/1.1" 200 27
172.17.0.114 - - [05/Apr/2020:12:11:48 +0800] "POST /xingrg/dwr/call/plaincall/AjaxReportQueryService.refreshCache.dwr HTTP/1.1" 200 78
172.17.0.115 - - [05/Apr/2020:12:11:49 +0800] "GET /xingrg/check_reg.html?_=1586059906120 HTTP/1.1" 200 22
172.17.0.115 - - [05/Apr/2020:12:11:49 +0800] "GET /xingrg/all/function/internal_message.html?_=1586059906124&CODE_STATE=getMsg HTTP/1.1" 200 27
172.17.0.114 - - [05/Apr/2020:12:11:49 +0800] "POST /xingrg/all/report/load_report_page.html HTTP/1.1" 200 43791
172.17.0.114 - - [05/Apr/2020:12:11:49 +0800] "GET /xingrg/servlets/image?cache=0.16472467834068416&image=px HTTP/1.1" 200 807
180.162.232.172 - - [05/Apr/2020:12:11:50 +0800] "GET /xingrg/all/function/internal_message.html?_=1586060033192&CODE_STATE=getMsg HTTP/1.1" 200 27
222.70.183.62 - - [05/Apr/2020:12:11:58 +0800] "GET /xingrg/all/function/internal_message.html?_=1586059914399&CODE_STATE=getMsg HTTP/1.1" 200 27
120.253.135.82 - - [05/Apr/2020:12:11:58 +0800] "GET /xingrg/all/function/internal_message.html?_=1586059986155&CODE_STATE=getMsg HTTP/1.1" 200 27
114.88.159.93 - - [05/Apr/2020:12:12:02 +0800] "GET /xingrg/all/function/internal_message.html?_=1586059917383&CODE_STATE=getMsg HTTP/1.1" 200 27
183.195.131.162 - - [05/Apr/2020:12:12:03 +0800] "GET /xingrg/system/rest/query_items.html?_=1586059865889&table=menu&page=1&rows=20&categoryId=&key=2422 HTTP/1.1" 200 253
116.235.222.53 - - [05/Apr/2020:12:12:04 +0800] "GET /xingrg/all/function/internal_message.html?_=1586059920195&CODE_STATE=getMsg HTTP/1.1" 200 27
116.235.222.53 - - [05/Apr/2020:12:12:04 +0800] "GET /xingrg/check_reg.html?_=1586059920198 HTTP/1.1" 200 22
172.17.0.123 - - [05/Apr/2020:12:12:12 +0800] "GET /xingrg/all/function/internal_message.html?_=1586059927730&CODE_STATE=getMsg HTTP/1.1" 200 27
172.17.0.100 - - [05/Apr/2020:12:12:22 +0800] "GET /xingrg/all/function/internal_message.html?_=1586060126781&CODE_STATE=getMsg HTTP/1.1" 200 27
172.17.0.112 - - [05/Apr/2020:12:12:27 +0800] "GET /xingrg/all/function/internal_message.html?_=1586059944121&CODE_STATE=getMsg HTTP/1.1" 302 -
114.84.33.255 - - [05/Apr/2020:12:12:31 +0800] "GET /xingrg/check_reg.html?_=1586059948183 HTTP/1.1" 200 22
114.84.33.255 - - [05/Apr/2020:12:12:32 +0800] "GET /xingrg/all/function/internal_message.html?_=1586059949232&CODE_STATE=getMsg HTTP/1.1" 200 27
116.224.247.222 - - [05/Apr/2020:12:12:33 +0800] "GET /xingrg/all/function/internal_message.html?_=1586060131038&CODE_STATE=getMsg HTTP/1.1" 200 27
172.17.0.123 - - [05/Apr/2020:12:12:33 +0800] "GET /xingrg/kc/report/report_main.html HTTP/1.1" 200 7325
172.17.0.112 - - [05/Apr/2020:12:12:34 +0800] "GET /xingrg/all/function/internal_message.html?_=1586059951675&CODE_STATE=getMsg HTTP/1.1" 302 -
172.17.0.112 - - [05/Apr/2020:12:12:36 +0800] "GET /xingrg/check_reg.html?_=1586059953324 HTTP/1.1" 302 -
183.195.131.162 - - [05/Apr/2020:12:12:37 +0800] "GET /xingrg/all/function/internal_message.html?_=1586059899806&CODE_STATE=getMsg HTTP/1.1" 200 27
117.185.32.26 - - [05/Apr/2020:12:12:42 +0800] "GET /xingrg/all/function/internal_message.html?_=1586060361978&CODE_STATE=getMsg HTTP/1.1" 200 27
180.156.150.85 - - [05/Apr/2020:12:12:43 +0800] "GET /xingrg/all/function/internal_message.html?_=1586059959094&CODE_STATE=getMsg HTTP/1.1" 302 -
180.156.150.85 - - [05/Apr/2020:12:12:43 +0800] "GET /xingrg/check_reg.html?_=1586059959096 HTTP/1.1" 302 -
172.17.0.114 - - [05/Apr/2020:12:12:44 +0800] "GET /xingrg/all/function/internal_message.html?_=1586060117650&CODE_STATE=getMsg HTTP/1.1" 200 27
172.17.0.106 - - [05/Apr/2020:12:12:46 +0800] "GET /xingrg/all/function/internal_message.html?_=1586059962252&CODE_STATE=getMsg HTTP/1.1" 200 27
222.69.139.198 - - [05/Apr/2020:12:12:47 +0800] "GET /xingrg/all/function/internal_message.html?_=1586059962559&CODE_STATE=getMsg HTTP/1.1" 200 27
172.17.0.185 - - [05/Apr/2020:12:12:48 +0800] "GET /xingrg/all/function/internal_message.html?_=1586059963026&CODE_STATE=getMsg HTTP/1.1" 200 27
172.17.0.115 - - [05/Apr/2020:12:12:49 +0800] "GET /xingrg/all/function/internal_message.html?_=1586059966128&CODE_STATE=getMsg HTTP/1.1" 200 27
180.162.232.172 - - [05/Apr/2020:12:12:49 +0800] "GET /xingrg/check_reg.html?_=1586060092381 HTTP/1.1" 200 22
180.162.232.172 - - [05/Apr/2020:12:12:50 +0800] "GET /xingrg/all/function/internal_message.html?_=1586060093206&CODE_STATE=getMsg HTTP/1.1" 200 27
222.70.183.62 - - [05/Apr/2020:12:12:58 +0800] "GET /xingrg/all/function/internal_message.html?_=1586059974508&CODE_STATE=getMsg HTTP/1.1" 200 27
120.253.135.82 - - [05/Apr/2020:12:12:58 +0800] "GET /xingrg/all/function/internal_message.html?_=1586060046161&CODE_STATE=getMsg HTTP/1.1" 200 27
114.88.159.93 - - [05/Apr/2020:12:13:02 +0800] "GET /xingrg/all/function/internal_message.html?_=1586059977383&CODE_STATE=getMsg HTTP/1.1" 200 27
116.235.222.53 - - [05/Apr/2020:12:13:04 +0800] "GET /xingrg/all/function/internal_message.html?_=1586059980205&CODE_STATE=getMsg HTTP/1.1" 200 27
172.17.0.123 - - [05/Apr/2020:12:13:12 +0800] "GET /xingrg/all/function/internal_message.html?_=1586059987734&CODE_STATE=getMsg HTTP/1.1" 200 27
