114.88.159.93 - - [05/Apr/2020:10:01:06 +0800] "GET /xingrg/all/function/internal_message.html?_=1586052061516&CODE_STATE=getMsg HTTP/1.1" 200 27
114.88.159.93 - - [05/Apr/2020:10:01:06 +0800] "GET /xingrg/check_reg.html?_=1586052061517 HTTP/1.1" 200 22
116.235.222.53 - - [05/Apr/2020:10:01:09 +0800] "GET /xingrg/all/function/internal_message.html?_=1586052065357&CODE_STATE=getMsg HTTP/1.1" 200 27
180.156.150.85 - - [05/Apr/2020:10:01:12 +0800] "GET /xingrg/kc/base/wldb_order_operate.html?command=get_materiel&rest_code=00105&base_code=0010507&code=00101019306 HTTP/1.1" 200 463
172.17.0.106 - - [05/Apr/2020:10:01:20 +0800] "GET /xingrg/all/function/internal_message.html?_=1586052075875&CODE_STATE=getMsg HTTP/1.1" 200 27
172.17.0.112 - - [05/Apr/2020:10:01:24 +0800] "GET /xingrg/all/function/internal_message.html?_=1586052081139&CODE_STATE=getMsg HTTP/1.1" 302 -
114.84.33.255 - - [05/Apr/2020:10:01:27 +0800] "GET /xingrg/all/function/internal_message.html?_=1586052083708&CODE_STATE=getMsg HTTP/1.1" 200 27
116.224.247.222 - - [05/Apr/2020:10:01:28 +0800] "GET /xingrg/all/function/internal_message.html?_=1586052266359&CODE_STATE=getMsg HTTP/1.1" 200 27
180.156.150.85 - - [05/Apr/2020:10:01:28 +0800] "GET /xingrg/kc/base/wldb_order_operate.html?command=get_materiel&rest_code=00105&base_code=0010507&code=00101019127 HTTP/1.1" 200 466
172.17.0.112 - - [05/Apr/2020:10:01:31 +0800] "GET /xingrg/all/function/internal_message.html?_=1586052087939&CODE_STATE=getMsg HTTP/1.1" 302 -
117.184.7.30 - - [05/Apr/2020:10:01:32 +0800] "GET /xingrg/all/function/internal_message.html?_=1586052076275&CODE_STATE=getMsg HTTP/1.1" 200 27
222.69.139.198 - - [05/Apr/2020:10:01:39 +0800] "GET /xingrg/all/function/internal_message.html?_=1586052094712&CODE_STATE=getMsg HTTP/1.1" 200 27
222.69.139.198 - - [05/Apr/2020:10:01:39 +0800] "GET /xingrg/check_reg.html?_=1586052094937 HTTP/1.1" 200 22
180.156.150.85 - - [05/Apr/2020:10:01:40 +0800] "POST /xingrg/kc/base/wldb_order_operate.html HTTP/1.1" 200 37
180.156.150.85 - - [05/Apr/2020:10:01:40 +0800] "POST /xingrg/kc/base/wldb_order_operate.html HTTP/1.1" 200 4700
180.156.150.85 - - [05/Apr/2020:10:01:41 +0800] "GET /xingrg/kc/base/wldb_order_info.html?code=422020040500262 HTTP/1.1" 200 30328
180.156.150.85 - - [05/Apr/2020:10:01:41 +0800] "GET /xingrg/javascript/easyui/themes/default/validatebox.css HTTP/1.1" 404 1104
117.185.32.26 - - [05/Apr/2020:10:01:41 +0800] "GET /xingrg/all/function/internal_message.html?_=1586052501361&CODE_STATE=getMsg HTTP/1.1" 200 27
180.156.150.85 - - [05/Apr/2020:10:01:42 +0800] "POST /xingrg/kc/base/wldb_order_operate.html HTTP/1.1" 200 4700
180.156.150.85 - - [05/Apr/2020:10:01:43 +0800] "GET /xingrg/all/function/internal_message.html?_=1586052099009&CODE_STATE=getMsg HTTP/1.1" 200 27
117.131.5.26 - - [05/Apr/2020:10:01:44 +0800] "GET /xingrg/all/function/internal_message.html?_=1586052105471&CODE_STATE=getMsg HTTP/1.1" 200 27
172.17.0.185 - - [05/Apr/2020:10:01:48 +0800] "GET /xingrg/all/function/internal_message.html?_=1586052103033&CODE_STATE=getMsg HTTP/1.1" 200 27
120.253.135.82 - - [05/Apr/2020:10:01:49 +0800] "GET /xingrg/all/function/internal_message.html?_=1586052177361&CODE_STATE=getMsg HTTP/1.1" 200 27
222.70.183.62 - - [05/Apr/2020:10:01:53 +0800] "GET /xingrg/all/function/internal_message.html?_=1586052109933&CODE_STATE=getMsg HTTP/1.1" 200 27
180.156.150.85 - - [05/Apr/2020:10:01:55 +0800] "GET /xingrg/kc/base/wldb_order_add.html HTTP/1.1" 200 30313
180.156.150.85 - - [05/Apr/2020:10:01:55 +0800] "GET /xingrg/javascript/easyui/themes/default/validatebox.css HTTP/1.1" 404 1104
180.156.150.85 - - [05/Apr/2020:10:01:55 +0800] "POST /xingrg/kc/base/wldb_order_operate.html HTTP/1.1" 200 6806
114.88.159.93 - - [05/Apr/2020:10:01:56 +0800] "POST /xingrg/services/DataTransmitService HTTP/1.1" 200 524
180.156.150.85 - - [05/Apr/2020:10:01:56 +0800] "POST /xingrg/all/common/load_combo.html?type=base HTTP/1.1" 200 2878
114.88.159.93 - - [05/Apr/2020:10:01:56 +0800] "POST /xingrg/services/DataTransmitService HTTP/1.1" 200 501
117.131.5.26 - - [05/Apr/2020:10:02:00 +0800] "GET /xingrg/all/function/internal_message.html?_=1586052373946&CODE_STATE=getMsg HTTP/1.1" 200 27
114.88.159.93 - - [05/Apr/2020:10:02:06 +0800] "GET /xingrg/all/function/internal_message.html?_=1586052121515&CODE_STATE=getMsg HTTP/1.1" 200 27
180.156.150.85 - - [05/Apr/2020:10:02:06 +0800] "GET /xingrg/kc/base/wldb_order_operate.html?command=get_materiel&rest_code=00105&base_code=0010507&code=00101016037 HTTP/1.1" 200 452
116.235.222.53 - - [05/Apr/2020:10:02:09 +0800] "GET /xingrg/all/function/internal_message.html?_=1586052125346&CODE_STATE=getMsg HTTP/1.1" 200 27
116.235.222.53 - - [05/Apr/2020:10:02:09 +0800] "GET /xingrg/check_reg.html?_=1586052125379 HTTP/1.1" 200 22
180.156.150.85 - - [05/Apr/2020:10:02:13 +0800] "POST /xingrg/kc/base/wldb_order_operate.html HTTP/1.1" 200 37
180.156.150.85 - - [05/Apr/2020:10:02:13 +0800] "POST /xingrg/kc/base/wldb_order_operate.html HTTP/1.1" 200 2196
180.156.150.85 - - [05/Apr/2020:10:02:13 +0800] "GET /xingrg/kc/base/wldb_order_info.html?code=422020040500263 HTTP/1.1" 200 30328
180.156.150.85 - - [05/Apr/2020:10:02:14 +0800] "GET /xingrg/javascript/easyui/themes/default/validatebox.css HTTP/1.1" 404 1104
180.156.150.85 - - [05/Apr/2020:10:02:14 +0800] "POST /xingrg/kc/base/wldb_order_operate.html HTTP/1.1" 200 2196
101.89.239.120 - - [05/Apr/2020:10:02:14 +0800] "GET /xingrg/all/function/internal_message.html?_=1586052061516&CODE_STATE=getMsg HTTP/1.1" 302 -
101.89.239.238 - - [05/Apr/2020:10:02:15 +0800] "GET /xingrg/check_reg.html?_=1586052061517 HTTP/1.1" 302 -
101.89.239.120 - - [05/Apr/2020:10:02:19 +0800] "GET /xingrg/login.html HTTP/1.1" 200 7641
172.17.0.106 - - [05/Apr/2020:10:02:20 +0800] "GET /xingrg/all/function/internal_message.html?_=1586052135876&CODE_STATE=getMsg HTTP/1.1" 200 27
101.89.239.238 - - [05/Apr/2020:10:02:21 +0800] "GET /xingrg/login.html HTTP/1.1" 200 7641
172.17.0.112 - - [05/Apr/2020:10:02:24 +0800] "GET /xingrg/all/function/internal_message.html?_=1586052141177&CODE_STATE=getMsg HTTP/1.1" 302 -
114.84.33.255 - - [05/Apr/2020:10:02:27 +0800] "GET /xingrg/all/function/internal_message.html?_=1586052143722&CODE_STATE=getMsg HTTP/1.1" 200 27
116.224.247.222 - - [05/Apr/2020:10:02:28 +0800] "GET /xingrg/all/function/internal_message.html?_=1586052326372&CODE_STATE=getMsg HTTP/1.1" 200 27
172.17.0.112 - - [05/Apr/2020:10:02:31 +0800] "GET /xingrg/all/function/internal_message.html?_=1586052147978&CODE_STATE=getMsg HTTP/1.1" 302 -
117.184.7.30 - - [05/Apr/2020:10:02:32 +0800] "GET /xingrg/all/function/internal_message.html?_=1586052136280&CODE_STATE=getMsg HTTP/1.1" 200 27
172.17.0.112 - - [05/Apr/2020:10:02:36 +0800] "GET /xingrg/check_reg.html?_=1586052153182 HTTP/1.1" 302 -
222.69.139.198 - - [05/Apr/2020:10:02:39 +0800] "GET /xingrg/all/function/internal_message.html?_=1586052154694&CODE_STATE=getMsg HTTP/1.1" 200 27
117.185.32.26 - - [05/Apr/2020:10:02:41 +0800] "GET /xingrg/all/function/internal_message.html?_=1586052561359&CODE_STATE=getMsg HTTP/1.1" 200 27
180.156.150.85 - - [05/Apr/2020:10:02:43 +0800] "GET /xingrg/check_reg.html?_=1586052159007 HTTP/1.1" 200 22
180.156.150.85 - - [05/Apr/2020:10:02:43 +0800] "GET /xingrg/all/function/internal_message.html?_=1586052159010&CODE_STATE=getMsg HTTP/1.1" 200 27
117.131.5.26 - - [05/Apr/2020:10:02:44 +0800] "GET /xingrg/all/function/internal_message.html?_=1586052165471&CODE_STATE=getMsg HTTP/1.1" 200 27
172.17.0.185 - - [05/Apr/2020:10:02:48 +0800] "GET /xingrg/all/function/internal_message.html?_=1586052163037&CODE_STATE=getMsg HTTP/1.1" 200 27
120.253.135.82 - - [05/Apr/2020:10:02:49 +0800] "GET /xingrg/all/function/internal_message.html?_=1586052237388&CODE_STATE=getMsg HTTP/1.1" 200 27
222.70.183.62 - - [05/Apr/2020:10:02:53 +0800] "GET /xingrg/all/function/internal_message.html?_=1586052170052&CODE_STATE=getMsg HTTP/1.1" 200 27
117.131.5.26 - - [05/Apr/2020:10:03:00 +0800] "GET /xingrg/all/function/internal_message.html?_=1586052433968&CODE_STATE=getMsg HTTP/1.1" 200 27
117.131.5.26 - - [05/Apr/2020:10:03:00 +0800] "GET /xingrg/javascript/jquery_easy_ui/themes/default/images/tabs_active.png HTTP/1.1" 304 -
117.131.5.26 - - [05/Apr/2020:10:03:02 +0800] "GET /favicon.ico HTTP/1.1" 404 -
114.88.159.93 - - [05/Apr/2020:10:03:06 +0800] "GET /xingrg/all/function/internal_message.html?_=1586052181519&CODE_STATE=getMsg HTTP/1.1" 200 27
116.235.222.53 - - [05/Apr/2020:10:03:09 +0800] "GET /xingrg/all/function/internal_message.html?_=1586052185322&CODE_STATE=getMsg HTTP/1.1" 200 27
101.89.239.120 - - [05/Apr/2020:10:03:15 +0800] "GET /xingrg/all/function/internal_message.html?_=1586052121515&CODE_STATE=getMsg HTTP/1.1" 302 -
101.89.239.120 - - [05/Apr/2020:10:03:17 +0800] "GET /xingrg/login.html HTTP/1.1" 200 7641
172.17.0.106 - - [05/Apr/2020:10:03:20 +0800] "GET /xingrg/all/function/internal_message.html?_=1586052195878&CODE_STATE=getMsg HTTP/1.1" 200 27
172.17.0.112 - - [05/Apr/2020:10:03:24 +0800] "GET /xingrg/all/function/internal_message.html?_=1586052201182&CODE_STATE=getMsg HTTP/1.1" 302 -
114.84.33.255 - - [05/Apr/2020:10:03:27 +0800] "GET /xingrg/all/function/internal_message.html?_=1586052203836&CODE_STATE=getMsg HTTP/1.1" 200 27
116.224.247.222 - - [05/Apr/2020:10:03:28 +0800] "GET /xingrg/check_reg.html?_=1586052386096 HTTP/1.1" 200 22
116.224.247.222 - - [05/Apr/2020:10:03:28 +0800] "GET /xingrg/all/function/internal_message.html?_=1586052386385&CODE_STATE=getMsg HTTP/1.1" 200 27
172.17.0.112 - - [05/Apr/2020:10:03:31 +0800] "GET /xingrg/all/function/internal_message.html?_=1586052208003&CODE_STATE=getMsg HTTP/1.1" 302 -
117.184.7.30 - - [05/Apr/2020:10:03:32 +0800] "GET /xingrg/check_reg.html?_=1586052196280 HTTP/1.1" 200 22
117.184.7.26 - - [05/Apr/2020:10:03:32 +0800] "GET /xingrg/all/function/internal_message.html?_=1586052196282&CODE_STATE=getMsg HTTP/1.1" 200 27
222.69.139.198 - - [05/Apr/2020:10:03:39 +0800] "GET /xingrg/all/function/internal_message.html?_=1586052214680&CODE_STATE=getMsg HTTP/1.1" 200 27
117.185.32.26 - - [05/Apr/2020:10:03:41 +0800] "GET /xingrg/all/function/internal_message.html?_=1586052621375&CODE_STATE=getMsg HTTP/1.1" 200 27
180.156.150.85 - - [05/Apr/2020:10:03:43 +0800] "GET /xingrg/all/function/internal_message.html?_=1586052218979&CODE_STATE=getMsg HTTP/1.1" 200 27
117.131.5.26 - - [05/Apr/2020:10:03:44 +0800] "GET /xingrg/all/function/internal_message.html?_=1586052225487&CODE_STATE=getMsg HTTP/1.1" 200 27
172.17.0.185 - - [05/Apr/2020:10:03:48 +0800] "GET /xingrg/check_reg.html?_=1586052223027 HTTP/1.1" 200 22
172.17.0.185 - - [05/Apr/2020:10:03:48 +0800] "GET /xingrg/all/function/internal_message.html?_=1586052223033&CODE_STATE=getMsg HTTP/1.1" 200 27
120.253.135.82 - - [05/Apr/2020:10:03:49 +0800] "GET /xingrg/all/function/internal_message.html?_=1586052297405&CODE_STATE=getMsg HTTP/1.1" 200 27
222.70.183.62 - - [05/Apr/2020:10:03:53 +0800] "GET /xingrg/all/function/internal_message.html?_=1586052230068&CODE_STATE=getMsg HTTP/1.1" 200 27
172.17.0.112 - - [05/Apr/2020:10:04:03 +0800] "GET /xingrg/check_reg.html?_=1586052240682 HTTP/1.1" 302 -
114.88.159.93 - - [05/Apr/2020:10:04:06 +0800] "GET /xingrg/all/function/internal_message.html?_=1586052241518&CODE_STATE=getMsg HTTP/1.1" 200 27
116.235.222.53 - - [05/Apr/2020:10:04:10 +0800] "GET /xingrg/all/function/internal_message.html?_=1586052245397&CODE_STATE=getMsg HTTP/1.1" 200 27
61.151.207.205 - - [05/Apr/2020:10:04:18 +0800] "GET /xingrg/all/function/internal_message.html?_=1586052181519&CODE_STATE=getMsg HTTP/1.1" 302 -
117.131.5.26 - - [05/Apr/2020:10:04:20 +0800] "GET /xingrg/check_reg.html?_=1586052260940 HTTP/1.1" 200 22
172.17.0.106 - - [05/Apr/2020:10:04:20 +0800] "GET /xingrg/check_reg.html?_=1586052255865 HTTP/1.1" 200 22
172.17.0.106 - - [05/Apr/2020:10:04:20 +0800] "GET /xingrg/all/function/internal_message.html?_=1586052255869&CODE_STATE=getMsg HTTP/1.1" 200 27
172.17.0.112 - - [05/Apr/2020:10:04:24 +0800] "GET /xingrg/all/function/internal_message.html?_=1586052261214&CODE_STATE=getMsg HTTP/1.1" 302 -
114.84.33.255 - - [05/Apr/2020:10:04:27 +0800] "GET /xingrg/all/function/internal_message.html?_=1586052263842&CODE_STATE=getMsg HTTP/1.1" 200 27
61.151.207.205 - - [05/Apr/2020:10:04:28 +0800] "GET /xingrg/login.html HTTP/1.1" 200 7641
116.224.247.222 - - [05/Apr/2020:10:04:28 +0800] "GET /xingrg/all/function/internal_message.html?_=1586052446398&CODE_STATE=getMsg HTTP/1.1" 200 27
172.17.0.112 - - [05/Apr/2020:10:04:31 +0800] "GET /xingrg/all/function/internal_message.html?_=1586052268012&CODE_STATE=getMsg HTTP/1.1" 302 -
117.184.7.26 - - [05/Apr/2020:10:04:32 +0800] "GET /xingrg/all/function/internal_message.html?_=1586052256282&CODE_STATE=getMsg HTTP/1.1" 200 27
222.69.139.198 - - [05/Apr/2020:10:04:39 +0800] "GET /xingrg/all/function/internal_message.html?_=1586052274666&CODE_STATE=getMsg HTTP/1.1" 200 27
117.185.32.26 - - [05/Apr/2020:10:04:41 +0800] "GET /xingrg/all/function/internal_message.html?_=1586052681374&CODE_STATE=getMsg HTTP/1.1" 200 27
180.156.150.85 - - [05/Apr/2020:10:04:43 +0800] "GET /xingrg/all/function/internal_message.html?_=1586052278979&CODE_STATE=getMsg HTTP/1.1" 200 27
117.131.5.26 - - [05/Apr/2020:10:04:44 +0800] "GET /xingrg/all/function/internal_message.html?_=1586052285487&CODE_STATE=getMsg HTTP/1.1" 200 27
172.17.0.185 - - [05/Apr/2020:10:04:48 +0800] "GET /xingrg/all/function/internal_message.html?_=1586052283039&CODE_STATE=getMsg HTTP/1.1" 200 27
120.253.135.82 - - [05/Apr/2020:10:04:48 +0800] "GET /xingrg/check_reg.html?_=1586052355813 HTTP/1.1" 200 22
120.253.135.82 - - [05/Apr/2020:10:04:49 +0800] "GET /xingrg/all/function/internal_message.html?_=1586052357418&CODE_STATE=getMsg HTTP/1.1" 200 27
222.70.183.62 - - [05/Apr/2020:10:04:53 +0800] "GET /xingrg/check_reg.html?_=1586052289586 HTTP/1.1" 200 22
222.70.183.62 - - [05/Apr/2020:10:04:53 +0800] "GET /xingrg/all/function/internal_message.html?_=1586052290082&CODE_STATE=getMsg HTTP/1.1" 200 27
114.88.159.93 - - [05/Apr/2020:10:05:06 +0800] "GET /xingrg/all/function/internal_message.html?_=1586052301516&CODE_STATE=getMsg HTTP/1.1" 200 27
116.235.222.53 - - [05/Apr/2020:10:05:11 +0800] "GET /xingrg/all/function/internal_message.html?_=1586052307291&CODE_STATE=getMsg HTTP/1.1" 200 27
172.17.0.106 - - [05/Apr/2020:10:05:20 +0800] "GET /xingrg/all/function/internal_message.html?_=1586052315871&CODE_STATE=getMsg HTTP/1.1" 200 27
116.224.247.222 - - [05/Apr/2020:10:05:22 +0800] "GET /xingrg/kc/buy/cgsh_order_operate.html?command=get_materiel&rest_code=00102&code=00101008103&supplier_code=00100007&order_time=2020-04-05 HTTP/1.1" 200 417
172.17.0.112 - - [05/Apr/2020:10:05:24 +0800] "GET /xingrg/all/function/internal_message.html?_=1586052321223&CODE_STATE=getMsg HTTP/1.1" 302 -
114.84.33.255 - - [05/Apr/2020:10:05:27 +0800] "GET /xingrg/check_reg.html?_=1586052323679 HTTP/1.1" 200 22
114.84.33.255 - - [05/Apr/2020:10:05:27 +0800] "GET /xingrg/all/function/internal_message.html?_=1586052323856&CODE_STATE=getMsg HTTP/1.1" 200 27
116.224.247.222 - - [05/Apr/2020:10:05:28 +0800] "GET /xingrg/all/function/internal_message.html?_=1586052506412&CODE_STATE=getMsg HTTP/1.1" 200 27
172.17.0.112 - - [05/Apr/2020:10:05:31 +0800] "GET /xingrg/all/function/internal_message.html?_=1586052328048&CODE_STATE=getMsg HTTP/1.1" 302 -
117.184.7.26 - - [05/Apr/2020:10:05:32 +0800] "GET /xingrg/all/function/internal_message.html?_=1586052316282&CODE_STATE=getMsg HTTP/1.1" 200 27
222.69.139.198 - - [05/Apr/2020:10:05:39 +0800] "GET /xingrg/all/function/internal_message.html?_=1586052334654&CODE_STATE=getMsg HTTP/1.1" 200 27
117.185.32.26 - - [05/Apr/2020:10:05:41 +0800] "GET /xingrg/check_reg.html?_=1586052741401 HTTP/1.1" 200 22
117.185.32.26 - - [05/Apr/2020:10:05:42 +0800] "GET /xingrg/all/function/internal_message.html?_=1586052741403&CODE_STATE=getMsg HTTP/1.1" 200 27
180.156.150.85 - - [05/Apr/2020:10:05:43 +0800] "GET /xingrg/all/function/internal_message.html?_=1586052338984&CODE_STATE=getMsg HTTP/1.1" 200 27
117.131.5.26 - - [05/Apr/2020:10:05:44 +0800] "GET /xingrg/all/function/internal_message.html?_=1586052345487&CODE_STATE=getMsg HTTP/1.1" 200 27
116.224.247.222 - - [05/Apr/2020:10:05:47 +0800] "GET /xingrg/kc/buy/cgsh_order_operate.html?command=get_materiel&rest_code=00102&code=00101008042&supplier_code=00100007&order_time=2020-04-05 HTTP/1.1" 200 416
172.17.0.185 - - [05/Apr/2020:10:05:48 +0800] "GET /xingrg/all/function/internal_message.html?_=1586052343028&CODE_STATE=getMsg HTTP/1.1" 200 27
120.253.135.82 - - [05/Apr/2020:10:05:50 +0800] "GET /xingrg/all/function/internal_message.html?_=1586052417444&CODE_STATE=getMsg HTTP/1.1" 200 27
222.70.183.62 - - [05/Apr/2020:10:05:53 +0800] "GET /xingrg/all/function/internal_message.html?_=1586052350094&CODE_STATE=getMsg HTTP/1.1" 200 27
114.88.159.93 - - [05/Apr/2020:10:06:06 +0800] "GET /xingrg/all/function/internal_message.html?_=1586052361541&CODE_STATE=getMsg HTTP/1.1" 200 27
114.88.159.93 - - [05/Apr/2020:10:06:06 +0800] "GET /xingrg/check_reg.html?_=1586052361541 HTTP/1.1" 200 22
180.162.232.172 - - [05/Apr/2020:10:06:11 +0800] "GET /xingrg/login.html HTTP/1.1" 200 7641
180.162.232.172 - - [05/Apr/2020:10:06:11 +0800] "GET /xingrg/images/blue/login_bg.png HTTP/1.1" 304 -
116.235.222.53 - - [05/Apr/2020:10:06:11 +0800] "GET /xingrg/all/function/internal_message.html?_=1586052367275&CODE_STATE=getMsg HTTP/1.1" 200 27
180.162.232.172 - - [05/Apr/2020:10:06:11 +0800] "GET /xingrg/images/blue/hj.png HTTP/1.1" 304 -
180.162.232.172 - - [05/Apr/2020:10:06:11 +0800] "GET /xingrg/images/blue/srbg.png HTTP/1.1" 304 -
180.162.232.172 - - [05/Apr/2020:10:06:11 +0800] "GET /favicon.ico HTTP/1.1" 404 -
180.162.232.172 - - [05/Apr/2020:10:06:13 +0800] "POST /xingrg/login.do HTTP/1.1" 302 -
180.162.232.172 - - [05/Apr/2020:10:06:13 +0800] "GET /xingrg/index.html?sysBaseUrl=http%3A%2F%2F180.169.147.146%3A18081%2Fxingrg%2F&costTime=37×tamp=1586052373728 HTTP/1.1" 200 17179
180.162.232.172 - - [05/Apr/2020:10:06:14 +0800] "GET /xingrg/javascript/jquery_easy_ui/themes/default/easyui.css HTTP/1.1" 304 -
180.162.232.172 - - [05/Apr/2020:10:06:14 +0800] "GET /xingrg/javascript/jquery_easy_ui/themes/icon.css HTTP/1.1" 304 -
180.162.232.172 - - [05/Apr/2020:10:06:14 +0800] "GET /xingrg/javascript/jquery_easy_ui/easyui-lang-zh_CN.js HTTP/1.1" 304 -
180.162.232.172 - - [05/Apr/2020:10:06:14 +0800] "GET /xingrg/javascript/jquery_easy_ui/jquery.easyui.min.js HTTP/1.1" 304 -
180.162.232.172 - - [05/Apr/2020:10:06:14 +0800] "GET /xingrg/javascript/jquery.form.js HTTP/1.1" 304 -
180.162.232.172 - - [05/Apr/2020:10:06:14 +0800] "GET /xingrg/css/form.css HTTP/1.1" 304 -
180.162.232.172 - - [05/Apr/2020:10:06:14 +0800] "GET /xingrg/javascript/jquery-1.4.2.min.js HTTP/1.1" 304 -
180.162.232.172 - - [05/Apr/2020:10:06:14 +0800] "GET /xingrg/javascript/jquery.utils.js HTTP/1.1" 304 -
180.162.232.172 - - [05/Apr/2020:10:06:14 +0800] "GET /xingrg/javascript/jquery.timers.js HTTP/1.1" 304 -
180.162.232.172 - - [05/Apr/2020:10:06:14 +0800] "POST /xingrg/all/common/load_tree.html?tree=area_rest_tree_json&manage=1 HTTP/1.1" 200 476
180.162.232.172 - - [05/Apr/2020:10:06:14 +0800] "GET /xingrg/check_reg.html?_=1586052497400 HTTP/1.1" 200 22
180.162.232.172 - - [05/Apr/2020:10:06:14 +0800] "GET /xingrg/all/function/internal_message.html?_=1586052497399&CODE_STATE=count HTTP/1.1" 200 11
180.162.232.172 - - [05/Apr/2020:10:06:14 +0800] "GET /favicon.ico HTTP/1.1" 404 -
180.162.232.172 - - [05/Apr/2020:10:06:14 +0800] "GET /xingrg/javascript/jquery_easy_ui/themes/default/images/tree_arrows.gif HTTP/1.1" 304 -
180.162.232.172 - - [05/Apr/2020:10:06:15 +0800] "POST /xingrg/load_menu.html HTTP/1.1" 200 5138
180.162.232.172 - - [05/Apr/2020:10:06:15 +0800] "GET /xingrg/javascript/jquery_easy_ui/themes/default/images/tree_folder_open.gif HTTP/1.1" 304 -
180.162.232.172 - - [05/Apr/2020:10:06:15 +0800] "GET /xingrg/javascript/jquery_easy_ui/themes/icons/search_new.png HTTP/1.1" 304 -
180.162.232.172 - - [05/Apr/2020:10:06:15 +0800] "GET /xingrg/javascript/jquery_easy_ui/themes/icons/storage_new.png HTTP/1.1" 304 -
180.162.232.172 - - [05/Apr/2020:10:06:15 +0800] "GET /xingrg/javascript/jquery_easy_ui/themes/default/images/tree_folder.gif HTTP/1.1" 304 -
180.162.232.172 - - [05/Apr/2020:10:06:15 +0800] "GET /xingrg/javascript/jquery_easy_ui/themes/icons/forms_new.png HTTP/1.1" 304 -
180.162.232.172 - - [05/Apr/2020:10:06:15 +0800] "GET /xingrg/javascript/jquery_easy_ui/themes/default/images/tree_file.gif HTTP/1.1" 304 -
172.17.0.106 - - [05/Apr/2020:10:06:20 +0800] "GET /xingrg/all/function/internal_message.html?_=1586052375876&CODE_STATE=getMsg HTTP/1.1" 200 27
180.162.232.172 - - [05/Apr/2020:10:06:21 +0800] "GET /xingrg/javascript/jquery_easy_ui/themes/default/images/tabs_close.gif HTTP/1.1" 304 -
180.162.232.172 - - [05/Apr/2020:10:06:21 +0800] "GET /xingrg/css/base.css HTTP/1.1" 304 -
180.162.232.172 - - [05/Apr/2020:10:06:21 +0800] "GET /xingrg/css/site.css HTTP/1.1" 304 -
180.162.232.172 - - [05/Apr/2020:10:06:21 +0800] "GET /xingrg/javascript/easyui/themes/icon.css HTTP/1.1" 304 -
180.162.232.172 - - [05/Apr/2020:10:06:21 +0800] "GET /xingrg/javascript/jquery_tools/datebox.css HTTP/1.1" 304 -
180.162.232.172 - - [05/Apr/2020:10:06:21 +0800] "GET /xingrg/javascript/easyui/themes/default/easyui.css HTTP/1.1" 304 -
180.162.232.172 - - [05/Apr/2020:10:06:21 +0800] "GET /xingrg/javascript/jquery_tools/jquery.tools.hotkey.js HTTP/1.1" 304 -
180.162.232.172 - - [05/Apr/2020:10:06:21 +0800] "GET /xingrg/javascript/jquery_tools/fix.css HTTP/1.1" 304 -
180.162.232.172 - - [05/Apr/2020:10:06:21 +0800] "GET /xingrg/javascript/jquery_tools/jquery.tools.min.js HTTP/1.1" 304 -
180.162.232.172 - - [05/Apr/2020:10:06:21 +0800] "GET /xingrg/javascript/auto/jquery.autocomplete.css HTTP/1.1" 304 -
180.162.232.172 - - [05/Apr/2020:10:06:21 +0800] "GET /xingrg/javascript/jquery_tools/table.css HTTP/1.1" 304 -
180.162.232.172 - - [05/Apr/2020:10:06:21 +0800] "GET /xingrg/javascript/jquery_tools/jquery.tools.extend.js HTTP/1.1" 304 -
180.162.232.172 - - [05/Apr/2020:10:06:21 +0800] "GET /xingrg/kc/buy/cgsh_order_list.html HTTP/1.1" 200 42360
180.162.232.172 - - [05/Apr/2020:10:06:21 +0800] "GET /xingrg/javascript/jquery_tools/jquery.tools.table.js HTTP/1.1" 304 -
180.162.232.172 - - [05/Apr/2020:10:06:21 +0800] "GET /xingrg/javascript/jquery_tools/list_manager.js HTTP/1.1" 304 -
180.162.232.172 - - [05/Apr/2020:10:06:21 +0800] "GET /xingrg/javascript/jquery.cookie.js HTTP/1.1" 304 -
180.162.232.172 - - [05/Apr/2020:10:06:21 +0800] "GET /xingrg/javascript/easyui/easyloader.js HTTP/1.1" 304 -
180.162.232.172 - - [05/Apr/2020:10:06:21 +0800] "GET /xingrg/javascript/auto/jquery.autocomplete.js HTTP/1.1" 304 -
180.162.232.172 - - [05/Apr/2020:10:06:21 +0800] "GET /xingrg/javascript/print/LodopFuncs.js HTTP/1.1" 304 -
116.224.247.222 - - [05/Apr/2020:10:06:23 +0800] "POST /xingrg/kc/buy/cgsh_order_operate.html HTTP/1.1" 200 37
180.162.232.172 - - [05/Apr/2020:10:06:23 +0800] "GET /xingrg/javascript/easyui/plugins/jquery.parser.js HTTP/1.1" 304 -
180.162.232.172 - - [05/Apr/2020:10:06:23 +0800] "GET /xingrg/javascript/jquery_easy_ui/themes/icons/area.png HTTP/1.1" 304 -
180.162.232.172 - - [05/Apr/2020:10:06:23 +0800] "GET /xingrg/javascript/jquery_easy_ui/themes/icons/rest.png HTTP/1.1" 304 -
180.162.232.172 - - [05/Apr/2020:10:06:23 +0800] "POST /xingrg/kc/buy/cgsh_list_operate.html HTTP/1.1" 200 876
172.17.0.112 - - [05/Apr/2020:10:06:24 +0800] "GET /xingrg/all/function/internal_message.html?_=1586052381264&CODE_STATE=getMsg HTTP/1.1" 302 -
180.162.232.172 - - [05/Apr/2020:10:06:24 +0800] "GET /xingrg/javascript/easyui/themes/default/images/button_plain_hover.png HTTP/1.1" 304 -
116.224.247.222 - - [05/Apr/2020:10:06:24 +0800] "POST /xingrg/kc/buy/cgsh_order_operate.html HTTP/1.1" 200 12
116.224.247.222 - - [05/Apr/2020:10:06:25 +0800] "GET /xingrg/kc/buy/cgsh_order_info.html?code=212020040500862 HTTP/1.1" 200 52781
180.162.232.172 - - [05/Apr/2020:10:06:25 +0800] "GET /xingrg/javascript/pic_change.js HTTP/1.1" 304 -
180.162.232.172 - - [05/Apr/2020:10:06:25 +0800] "GET /xingrg/javascript/jquery_tools/order_manager.js HTTP/1.1" 304 -
180.162.232.172 - - [05/Apr/2020:10:06:25 +0800] "GET /xingrg/javascript/convert.js HTTP/1.1" 304 -
180.162.232.172 - - [05/Apr/2020:10:06:25 +0800] "GET /xingrg/javascript/print/kc_print.js HTTP/1.1" 304 -
180.162.232.172 - - [05/Apr/2020:10:06:25 +0800] "GET /xingrg/javascript/json2.js HTTP/1.1" 304 -
180.162.232.172 - - [05/Apr/2020:10:06:25 +0800] "GET /xingrg/kc/buy/cgsh_order_add.html HTTP/1.1" 200 58567
180.162.232.172 - - [05/Apr/2020:10:06:25 +0800] "GET /xingrg/words/20200402112410_words.js HTTP/1.1" 304 -
180.162.232.172 - - [05/Apr/2020:10:06:25 +0800] "GET /xingrg/javascript/easyui/themes/icons/copy_new.png HTTP/1.1" 304 -
180.162.232.172 - - [05/Apr/2020:10:06:25 +0800] "GET /xingrg/javascript/easyui/themes/icons/template_new.png HTTP/1.1" 304 -
180.162.232.172 - - [05/Apr/2020:10:06:25 +0800] "GET /xingrg/javascript/easyui/themes/icons/ok.png HTTP/1.1" 304 -
180.162.232.172 - - [05/Apr/2020:10:06:25 +0800] "GET /xingrg/javascript/easyui/themes/icons/print.png HTTP/1.1" 304 -
180.162.232.172 - - [05/Apr/2020:10:06:25 +0800] "GET /xingrg/javascript/easyui/themes/icons/cancel.png HTTP/1.1" 304 -
180.162.232.172 - - [05/Apr/2020:10:06:25 +0800] "GET /xingrg/javascript/easyui/themes/default/images/menu_downarrow.png HTTP/1.1" 304 -
180.162.232.172 - - [05/Apr/2020:10:06:25 +0800] "POST /xingrg/kc/buy/cgsh_order_operate.html HTTP/1.1" 200 8245
180.162.232.172 - - [05/Apr/2020:10:06:26 +0800] "GET /xingrg/javascript/easyui/themes/icons/edit_remove.png HTTP/1.1" 304 -
180.162.232.172 - - [05/Apr/2020:10:06:26 +0800] "GET /xingrg/all/common/auto_word.html?type=employee&rest_code=00150 HTTP/1.1" 200 205
180.162.232.172 - - [05/Apr/2020:10:06:26 +0800] "GET /xingrg/all/common/auto_word.html?type=employee&rest_code=00150 HTTP/1.1" 200 205
180.162.232.172 - - [05/Apr/2020:10:06:26 +0800] "GET /xingrg/javascript/easyui/themes/default/validatebox.css HTTP/1.1" 404 1104
180.162.232.172 - - [05/Apr/2020:10:06:26 +0800] "GET /xingrg/javascript/easyui/plugins/jquery.validatebox.js HTTP/1.1" 304 -
180.162.232.172 - - [05/Apr/2020:10:06:26 +0800] "GET /xingrg/javascript/easyui/plugins/jquery.numberbox.js HTTP/1.1" 304 -
116.224.247.222 - - [05/Apr/2020:10:06:26 +0800] "GET /xingrg/javascript/easyui/themes/default/validatebox.css HTTP/1.1" 404 1104
116.224.247.222 - - [05/Apr/2020:10:06:26 +0800] "POST /xingrg/kc/buy/cgsh_order_operate.html HTTP/1.1" 200 10071
114.84.33.255 - - [05/Apr/2020:10:06:27 +0800] "GET /xingrg/all/function/internal_message.html?_=1586052383869&CODE_STATE=getMsg HTTP/1.1" 200 27
116.224.247.222 - - [05/Apr/2020:10:06:28 +0800] "GET /xingrg/all/function/internal_message.html?_=1586052566427&CODE_STATE=getMsg HTTP/1.1" 200 27
180.162.232.172 - - [05/Apr/2020:10:06:30 +0800] "GET /xingrg/javascript/auto/indicator.gif HTTP/1.1" 404 1066
172.17.0.112 - - [05/Apr/2020:10:06:31 +0800] "GET /xingrg/all/function/internal_message.html?_=1586052388054&CODE_STATE=getMsg HTTP/1.1" 302 -
117.184.7.26 - - [05/Apr/2020:10:06:32 +0800] "GET /xingrg/all/function/internal_message.html?_=1586052376283&CODE_STATE=getMsg HTTP/1.1" 200 27
180.162.232.172 - - [05/Apr/2020:10:06:35 +0800] "GET /xingrg/javascript/jquery_tools/images/prev.gif HTTP/1.1" 404 1086
180.162.232.172 - - [05/Apr/2020:10:06:35 +0800] "GET /xingrg/javascript/jquery_tools/images/next.gif HTTP/1.1" 404 1086
116.224.247.222 - - [05/Apr/2020:10:06:37 +0800] "GET /xingrg/kc/print/load_config.html?kc_code=cgsh HTTP/1.1" 200 1841
116.224.247.222 - - [05/Apr/2020:10:06:37 +0800] "GET /xingrg/kc/print/load_data.html?order_code=212020040500862&kc_code=cgsh&condition= HTTP/1.1" 200 4311
222.69.139.198 - - [05/Apr/2020:10:06:39 +0800] "GET /xingrg/all/function/internal_message.html?_=1586052394629&CODE_STATE=getMsg HTTP/1.1" 200 27
222.69.139.198 - - [05/Apr/2020:10:06:39 +0800] "GET /xingrg/check_reg.html?_=1586052394946 HTTP/1.1" 200 22
180.162.232.172 - - [05/Apr/2020:10:06:40 +0800] "GET /xingrg/kc/buy/cgsh_order_operate.html?command=get_materiel&rest_code=00150&code=00101007061&supplier_code=00100002&order_time=2020-04-05 HTTP/1.1" 200 411
117.185.32.26 - - [05/Apr/2020:10:06:42 +0800] "GET /xingrg/all/function/internal_message.html?_=1586052801402&CODE_STATE=getMsg HTTP/1.1" 200 27
180.156.150.85 - - [05/Apr/2020:10:06:43 +0800] "GET /xingrg/all/function/internal_message.html?_=1586052398970&CODE_STATE=getMsg HTTP/1.1" 200 27
172.17.0.185 - - [05/Apr/2020:10:06:48 +0800] "GET /xingrg/all/function/internal_message.html?_=1586052403034&CODE_STATE=getMsg HTTP/1.1" 200 27
120.253.135.82 - - [05/Apr/2020:10:06:50 +0800] "GET /xingrg/all/function/internal_message.html?_=1586052477462&CODE_STATE=getMsg HTTP/1.1" 200 27
222.70.183.62 - - [05/Apr/2020:10:06:53 +0800] "GET /xingrg/all/function/internal_message.html?_=1586052410110&CODE_STATE=getMsg HTTP/1.1" 200 27
114.88.159.93 - - [05/Apr/2020:10:07:06 +0800] "GET /xingrg/all/function/internal_message.html?_=1586052421539&CODE_STATE=getMsg HTTP/1.1" 200 27
180.162.232.172 - - [05/Apr/2020:10:07:10 +0800] "POST /xingrg/kc/buy/cgsh_order_operate.html HTTP/1.1" 200 37
116.235.222.53 - - [05/Apr/2020:10:07:10 +0800] "GET /xingrg/check_reg.html?_=1586052426056 HTTP/1.1" 200 22
180.162.232.172 - - [05/Apr/2020:10:07:11 +0800] "POST /xingrg/kc/buy/cgsh_order_operate.html HTTP/1.1" 200 12
116.235.222.53 - - [05/Apr/2020:10:07:11 +0800] "GET /xingrg/all/function/internal_message.html?_=1586052427278&CODE_STATE=getMsg HTTP/1.1" 200 27
180.162.232.172 - - [05/Apr/2020:10:07:12 +0800] "GET /xingrg/kc/buy/cgsh_order_info.html?code=212020040500863 HTTP/1.1" 200 53474
180.162.232.172 - - [05/Apr/2020:10:07:12 +0800] "GET /xingrg/javascript/easyui/themes/default/validatebox.css HTTP/1.1" 404 1104
180.162.232.172 - - [05/Apr/2020:10:07:12 +0800] "POST /xingrg/kc/buy/cgsh_order_operate.html HTTP/1.1" 200 605
180.162.232.172 - - [05/Apr/2020:10:07:14 +0800] "GET /xingrg/all/function/internal_message.html?_=1586052557407&CODE_STATE=getMsg HTTP/1.1" 200 27
180.162.232.172 - - [05/Apr/2020:10:07:15 +0800] "GET /xingrg/kc/print/load_config.html?kc_code=cgsh HTTP/1.1" 200 1841
180.162.232.172 - - [05/Apr/2020:10:07:16 +0800] "GET /xingrg/kc/print/load_data.html?order_code=212020040500863&kc_code=cgsh&condition= HTTP/1.1" 200 798
101.89.239.232 - - [05/Apr/2020:10:07:18 +0800] "GET /xingrg/check_reg.html?_=1586052361541 HTTP/1.1" 302 -
172.17.0.106 - - [05/Apr/2020:10:07:20 +0800] "GET /xingrg/all/function/internal_message.html?_=1586052435878&CODE_STATE=getMsg HTTP/1.1" 200 27
172.17.0.112 - - [05/Apr/2020:10:07:24 +0800] "GET /xingrg/all/function/internal_message.html?_=1586052441267&CODE_STATE=getMsg HTTP/1.1" 302 -
101.89.239.232 - - [05/Apr/2020:10:07:27 +0800] "GET /xingrg/login.html HTTP/1.1" 200 7641
114.84.33.255 - - [05/Apr/2020:10:07:27 +0800] "GET /xingrg/all/function/internal_message.html?_=1586052443883&CODE_STATE=getMsg HTTP/1.1" 200 27
116.224.247.222 - - [05/Apr/2020:10:07:28 +0800] "GET /xingrg/all/function/internal_message.html?_=1586052626570&CODE_STATE=getMsg HTTP/1.1" 200 27
172.17.0.112 - - [05/Apr/2020:10:07:31 +0800] "GET /xingrg/all/function/internal_message.html?_=1586052448094&CODE_STATE=getMsg HTTP/1.1" 302 -
180.162.232.172 - - [05/Apr/2020:10:07:32 +0800] "GET /xingrg/kc/buy/cgsh_order_add.html HTTP/1.1" 200 58567
180.162.232.172 - - [05/Apr/2020:10:07:32 +0800] "POST /xingrg/kc/buy/cgsh_order_operate.html HTTP/1.1" 200 8245
117.184.7.26 - - [05/Apr/2020:10:07:32 +0800] "GET /xingrg/all/function/internal_message.html?_=1586052436283&CODE_STATE=getMsg HTTP/1.1" 200 27
180.162.232.172 - - [05/Apr/2020:10:07:32 +0800] "GET /xingrg/javascript/easyui/themes/default/validatebox.css HTTP/1.1" 404 1104
172.17.0.112 - - [05/Apr/2020:10:07:36 +0800] "GET /xingrg/check_reg.html?_=1586052453186 HTTP/1.1" 302 -
222.69.139.198 - - [05/Apr/2020:10:07:39 +0800] "GET /xingrg/all/function/internal_message.html?_=1586052454618&CODE_STATE=getMsg HTTP/1.1" 200 27
117.185.32.26 - - [05/Apr/2020:10:07:42 +0800] "GET /xingrg/all/function/internal_message.html?_=1586052861400&CODE_STATE=getMsg HTTP/1.1" 200 27
180.162.232.172 - - [05/Apr/2020:10:07:42 +0800] "GET /xingrg/kc/buy/cgsh_order_operate.html?command=get_materiel&rest_code=00150&code=00101008072&supplier_code=00100007&order_time=2020-04-05 HTTP/1.1" 200 408
180.156.150.85 - - [05/Apr/2020:10:07:43 +0800] "GET /xingrg/all/function/internal_message.html?_=1586052458972&CODE_STATE=getMsg HTTP/1.1" 200 27
180.156.150.85 - - [05/Apr/2020:10:07:43 +0800] "GET /xingrg/check_reg.html?_=1586052458975 HTTP/1.1" 200 22
172.17.0.185 - - [05/Apr/2020:10:07:48 +0800] "GET /xingrg/all/function/internal_message.html?_=1586052463026&CODE_STATE=getMsg HTTP/1.1" 200 27
120.253.135.82 - - [05/Apr/2020:10:07:50 +0800] "GET /xingrg/all/function/internal_message.html?_=1586052537489&CODE_STATE=getMsg HTTP/1.1" 200 27
222.70.183.62 - - [05/Apr/2020:10:07:54 +0800] "GET /xingrg/all/function/internal_message.html?_=1586052470233&CODE_STATE=getMsg HTTP/1.1" 200 27
180.162.232.172 - - [05/Apr/2020:10:07:55 +0800] "GET /xingrg/kc/buy/cgsh_order_operate.html?command=get_materiel&rest_code=00150&code=00101008349&supplier_code=00100007&order_time=2020-04-05 HTTP/1.1" 200 412
180.162.232.172 - - [05/Apr/2020:10:08:05 +0800] "GET /xingrg/kc/buy/cgsh_order_operate.html?command=get_materiel&rest_code=00150&code=00101008038&supplier_code=00100007&order_time=2020-04-05 HTTP/1.1" 200 412
114.88.159.93 - - [05/Apr/2020:10:08:06 +0800] "GET /xingrg/all/function/internal_message.html?_=1586052481554&CODE_STATE=getMsg HTTP/1.1" 200 27
116.224.247.222 - - [05/Apr/2020:10:08:10 +0800] "GET /xingrg/kc/buy/cgsh_order_add.html HTTP/1.1" 200 57881
116.224.247.222 - - [05/Apr/2020:10:08:11 +0800] "POST /xingrg/kc/buy/cgsh_order_operate.html HTTP/1.1" 200 8245
116.224.247.222 - - [05/Apr/2020:10:08:11 +0800] "GET /xingrg/javascript/easyui/themes/default/validatebox.css HTTP/1.1" 404 1104
180.162.232.172 - - [05/Apr/2020:10:08:12 +0800] "GET /xingrg/kc/buy/cgsh_order_operate.html?command=get_materiel&rest_code=00150&code=00101009063&supplier_code=00100007&order_time=2020-04-05 HTTP/1.1" 200 409
101.89.239.120 - - [05/Apr/2020:10:08:14 +0800] "GET /xingrg/all/function/internal_message.html?_=1586052421539&CODE_STATE=getMsg HTTP/1.1" 302 -
180.162.232.172 - - [05/Apr/2020:10:08:14 +0800] "GET /xingrg/all/function/internal_message.html?_=1586052617420&CODE_STATE=getMsg HTTP/1.1" 200 27
116.235.222.53 - - [05/Apr/2020:10:08:16 +0800] "GET /xingrg/all/function/internal_message.html?_=1586052489026&CODE_STATE=getMsg HTTP/1.1" 200 27
180.162.232.172 - - [05/Apr/2020:10:08:17 +0800] "GET /xingrg/kc/buy/cgsh_order_operate.html?command=get_materiel&rest_code=00150&code=00101008358&supplier_code=00100007&order_time=2020-04-05 HTTP/1.1" 200 412
172.17.0.106 - - [05/Apr/2020:10:08:20 +0800] "GET /xingrg/all/function/internal_message.html?_=1586052495881&CODE_STATE=getMsg HTTP/1.1" 200 27
101.89.239.120 - - [05/Apr/2020:10:08:22 +0800] "GET /xingrg/login.html HTTP/1.1" 200 7641
172.17.0.112 - - [05/Apr/2020:10:08:24 +0800] "GET /xingrg/all/function/internal_message.html?_=1586052501306&CODE_STATE=getMsg HTTP/1.1" 302 -
180.162.232.172 - - [05/Apr/2020:10:08:26 +0800] "GET /xingrg/kc/buy/cgsh_order_operate.html?command=get_materiel&rest_code=00150&code=00101008355&supplier_code=00100007&order_time=2020-04-05 HTTP/1.1" 200 408
114.84.33.255 - - [05/Apr/2020:10:08:27 +0800] "GET /xingrg/all/function/internal_message.html?_=1586052504002&CODE_STATE=getMsg HTTP/1.1" 200 27
116.224.247.222 - - [05/Apr/2020:10:08:28 +0800] "GET /xingrg/check_reg.html?_=1586052686096 HTTP/1.1" 200 22
116.224.247.222 - - [05/Apr/2020:10:08:28 +0800] "GET /xingrg/all/function/internal_message.html?_=1586052686579&CODE_STATE=getMsg HTTP/1.1" 200 27
172.17.0.112 - - [05/Apr/2020:10:08:31 +0800] "GET /xingrg/all/function/internal_message.html?_=1586052508117&CODE_STATE=getMsg HTTP/1.1" 302 -
180.162.232.172 - - [05/Apr/2020:10:08:36 +0800] "GET /xingrg/kc/buy/cgsh_order_operate.html?command=get_materiel&rest_code=00150&code=00101008144&supplier_code=00100007&order_time=2020-04-05 HTTP/1.1" 200 412
116.224.247.222 - - [05/Apr/2020:10:08:39 +0800] "GET /xingrg/javascript/jquery_tools/images/prev.gif HTTP/1.1" 404 1086
116.224.247.222 - - [05/Apr/2020:10:08:39 +0800] "GET /xingrg/javascript/jquery_tools/images/next.gif HTTP/1.1" 404 1086
222.69.139.198 - - [05/Apr/2020:10:08:39 +0800] "GET /xingrg/all/function/internal_message.html?_=1586052514605&CODE_STATE=getMsg HTTP/1.1" 200 27
117.185.32.26 - - [05/Apr/2020:10:08:42 +0800] "GET /xingrg/all/function/internal_message.html?_=1586052921399&CODE_STATE=getMsg HTTP/1.1" 200 27
116.224.247.222 - - [05/Apr/2020:10:08:42 +0800] "GET /xingrg/javascript/easyui/themes/default/tree.css HTTP/1.1" 404 1090
116.224.247.222 - - [05/Apr/2020:10:08:42 +0800] "POST /xingrg/all/common/load_tree.html?tree=supplier_tree_json&isDelete=1 HTTP/1.1" 200 47144
180.156.150.85 - - [05/Apr/2020:10:08:43 +0800] "GET /xingrg/all/function/internal_message.html?_=1586052518975&CODE_STATE=getMsg HTTP/1.1" 200 27
180.162.232.172 - - [05/Apr/2020:10:08:47 +0800] "GET /xingrg/kc/buy/cgsh_order_operate.html?command=get_materiel&rest_code=00150&code=00101008360&supplier_code=00100007&order_time=2020-04-05 HTTP/1.1" 200 413
172.17.0.185 - - [05/Apr/2020:10:08:48 +0800] "GET /xingrg/all/function/internal_message.html?_=1586052523033&CODE_STATE=getMsg HTTP/1.1" 200 27
172.17.0.185 - - [05/Apr/2020:10:08:48 +0800] "GET /xingrg/check_reg.html?_=1586052523039 HTTP/1.1" 200 22
120.253.135.82 - - [05/Apr/2020:10:08:50 +0800] "GET /xingrg/all/function/internal_message.html?_=1586052597505&CODE_STATE=getMsg HTTP/1.1" 200 27
222.70.183.62 - - [05/Apr/2020:10:08:54 +0800] "GET /xingrg/all/function/internal_message.html?_=1586052530245&CODE_STATE=getMsg HTTP/1.1" 200 27
180.162.232.172 - - [05/Apr/2020:10:08:54 +0800] "GET /xingrg/kc/buy/cgsh_order_operate.html?command=get_materiel&rest_code=00150&code=00101008101&supplier_code=00100007&order_time=2020-04-05 HTTP/1.1" 200 412
180.162.232.172 - - [05/Apr/2020:10:09:01 +0800] "GET /xingrg/kc/buy/cgsh_order_operate.html?command=get_materiel&rest_code=00150&code=00101008447&supplier_code=00100007&order_time=2020-04-05 HTTP/1.1" 200 399
172.17.0.112 - - [05/Apr/2020:10:09:03 +0800] "GET /xingrg/check_reg.html?_=1586052540685 HTTP/1.1" 302 -
114.88.159.93 - - [05/Apr/2020:10:09:06 +0800] "GET /xingrg/all/function/internal_message.html?_=1586052541552&CODE_STATE=getMsg HTTP/1.1" 200 27
116.224.247.222 - - [05/Apr/2020:10:09:06 +0800] "GET /xingrg/kc/buy/cgsh_order_operate.html?command=get_materiel&rest_code=00102&code=00101008176&supplier_code=00100007&order_time=2020-04-04 HTTP/1.1" 200 413
180.162.232.172 - - [05/Apr/2020:10:09:08 +0800] "GET /xingrg/kc/buy/cgsh_order_operate.html?command=get_materiel&rest_code=00150&code=00101008032&supplier_code=00100007&order_time=2020-04-05 HTTP/1.1" 200 408
116.235.222.53 - - [05/Apr/2020:10:09:13 +0800] "GET /xingrg/all/function/internal_message.html?_=1586052549346&CODE_STATE=getMsg HTTP/1.1" 200 27
180.162.232.172 - - [05/Apr/2020:10:09:14 +0800] "GET /xingrg/all/function/internal_message.html?_=1586052677434&CODE_STATE=getMsg HTTP/1.1" 200 27
101.91.62.89 - - [05/Apr/2020:10:09:14 +0800] "GET /xingrg/all/function/internal_message.html?_=1586052481554&CODE_STATE=getMsg HTTP/1.1" 302 -
116.224.247.222 - - [05/Apr/2020:10:09:14 +0800] "GET /xingrg/kc/buy/cgsh_order_operate.html?command=get_materiel&rest_code=00102&code=00101008038&supplier_code=00100007&order_time=2020-04-04 HTTP/1.1" 200 412
180.162.232.172 - - [05/Apr/2020:10:09:15 +0800] "GET /xingrg/kc/buy/cgsh_order_operate.html?command=get_materiel&rest_code=00150&code=00101008265&supplier_code=00100007&order_time=2020-04-05 HTTP/1.1" 200 408
101.91.62.89 - - [05/Apr/2020:10:09:19 +0800] "GET /xingrg/login.html HTTP/1.1" 200 7641
172.17.0.106 - - [05/Apr/2020:10:09:20 +0800] "GET /xingrg/check_reg.html?_=1586052555882 HTTP/1.1" 200 22
172.17.0.106 - - [05/Apr/2020:10:09:20 +0800] "GET /xingrg/all/function/internal_message.html?_=1586052555886&CODE_STATE=getMsg HTTP/1.1" 200 27
172.17.0.112 - - [05/Apr/2020:10:09:24 +0800] "GET /xingrg/all/function/internal_message.html?_=1586052561310&CODE_STATE=getMsg HTTP/1.1" 302 -
180.162.232.172 - - [05/Apr/2020:10:09:26 +0800] "GET /xingrg/kc/buy/cgsh_order_operate.html?command=get_materiel&rest_code=00150&code=00101008286&supplier_code=00100007&order_time=2020-04-05 HTTP/1.1" 200 408
114.84.33.255 - - [05/Apr/2020:10:09:27 +0800] "GET /xingrg/all/function/internal_message.html?_=1586052564004&CODE_STATE=getMsg HTTP/1.1" 200 27
116.224.247.222 - - [05/Apr/2020:10:09:28 +0800] "GET /xingrg/all/function/internal_message.html?_=1586052746593&CODE_STATE=getMsg HTTP/1.1" 200 27
172.17.0.112 - - [05/Apr/2020:10:09:31 +0800] "GET /xingrg/all/function/internal_message.html?_=1586052568127&CODE_STATE=getMsg HTTP/1.1" 302 -
180.162.232.172 - - [05/Apr/2020:10:09:32 +0800] "GET /xingrg/kc/buy/cgsh_order_operate.html?command=get_materiel&rest_code=00150&code=00101008036&supplier_code=00100007&order_time=2020-04-05 HTTP/1.1" 200 408
116.224.247.222 - - [05/Apr/2020:10:09:34 +0800] "GET /xingrg/kc/buy/cgsh_order_operate.html?command=get_materiel&rest_code=00102&code=00101008088&supplier_code=00100007&order_time=2020-04-04 HTTP/1.1" 200 410
222.69.139.198 - - [05/Apr/2020:10:09:39 +0800] "GET /xingrg/all/function/internal_message.html?_=1586052574590&CODE_STATE=getMsg HTTP/1.1" 200 27
180.162.232.172 - - [05/Apr/2020:10:09:39 +0800] "GET /xingrg/kc/buy/cgsh_order_operate.html?command=get_materiel&rest_code=00150&code=00101008131&supplier_code=00100007&order_time=2020-04-05 HTTP/1.1" 200 408
117.185.32.26 - - [05/Apr/2020:10:09:42 +0800] "GET /xingrg/all/function/internal_message.html?_=1586052981398&CODE_STATE=getMsg HTTP/1.1" 200 27
180.156.150.85 - - [05/Apr/2020:10:09:43 +0800] "GET /xingrg/all/function/internal_message.html?_=1586052578975&CODE_STATE=getMsg HTTP/1.1" 200 27
180.162.232.172 - - [05/Apr/2020:10:09:46 +0800] "GET /xingrg/kc/buy/cgsh_order_operate.html?command=get_materiel&rest_code=00150&code=00101008296&supplier_code=00100007&order_time=2020-04-05 HTTP/1.1" 200 416
116.224.247.222 - - [05/Apr/2020:10:09:46 +0800] "GET /xingrg/kc/buy/cgsh_order_operate.html?command=get_materiel&rest_code=00102&code=00101008144&supplier_code=00100007&order_time=2020-04-04 HTTP/1.1" 200 412
172.17.0.185 - - [05/Apr/2020:10:09:48 +0800] "GET /xingrg/all/function/internal_message.html?_=1586052583026&CODE_STATE=getMsg HTTP/1.1" 200 27
120.253.135.82 - - [05/Apr/2020:10:09:48 +0800] "GET /xingrg/check_reg.html?_=1586052655826 HTTP/1.1" 200 22
120.253.135.82 - - [05/Apr/2020:10:09:50 +0800] "GET /xingrg/all/function/internal_message.html?_=1586052657518&CODE_STATE=getMsg HTTP/1.1" 200 27
180.156.150.85 - - [05/Apr/2020:10:09:52 +0800] "POST /xingrg/services/DataTransmitService HTTP/1.1" 401 565
180.156.150.85 - - [05/Apr/2020:10:09:52 +0800] "POST /xingrg/services/DataTransmitService HTTP/1.1" 200 478
180.156.150.85 - - [05/Apr/2020:10:09:52 +0800] "POST /xingrg/services/DataTransmitService HTTP/1.1" 200 1320
180.156.150.85 - - [05/Apr/2020:10:09:52 +0800] "POST /xingrg/services/DataTransmitService HTTP/1.1" 200 478
180.156.150.85 - - [05/Apr/2020:10:09:52 +0800] "POST /xingrg/services/DataTransmitService HTTP/1.1" 200 1320
180.156.150.85 - - [05/Apr/2020:10:09:52 +0800] "POST /xingrg/services/DataTransmitService HTTP/1.1" 200 524
180.156.150.85 - - [05/Apr/2020:10:09:52 +0800] "POST /xingrg/services/DataTransmitService HTTP/1.1" 200 2575
180.156.150.85 - - [05/Apr/2020:10:09:52 +0800] "POST /xingrg/services/DataTransmitService HTTP/1.1" 200 2299
180.156.150.85 - - [05/Apr/2020:10:09:53 +0800] "POST /xingrg/services/DataTransmitService HTTP/1.1" 200 1487
222.70.183.62 - - [05/Apr/2020:10:09:53 +0800] "GET /xingrg/check_reg.html?_=1586052589694 HTTP/1.1" 200 22
180.162.232.172 - - [05/Apr/2020:10:09:53 +0800] "GET /xingrg/kc/buy/cgsh_order_operate.html?command=get_materiel&rest_code=00150&code=00101008229&supplier_code=00100007&order_time=2020-04-05 HTTP/1.1" 200 420
222.70.183.62 - - [05/Apr/2020:10:09:54 +0800] "GET /xingrg/all/function/internal_message.html?_=1586052590258&CODE_STATE=getMsg HTTP/1.1" 200 27
180.156.150.85 - - [05/Apr/2020:10:09:54 +0800] "POST /xingrg/services/DataTransmitService HTTP/1.1" 200 161604
116.224.247.222 - - [05/Apr/2020:10:10:02 +0800] "GET /xingrg/kc/buy/cgsh_order_operate.html?command=get_materiel&rest_code=00102&code=00101008356&supplier_code=00100007&order_time=2020-04-04 HTTP/1.1" 200 408
180.162.232.172 - - [05/Apr/2020:10:10:04 +0800] "GET /xingrg/kc/buy/cgsh_order_operate.html?command=get_materiel&rest_code=00150&code=00101008156&supplier_code=00100007&order_time=2020-04-05 HTTP/1.1" 200 414
114.88.159.93 - - [05/Apr/2020:10:10:06 +0800] "GET /xingrg/all/function/internal_message.html?_=1586052601551&CODE_STATE=getMsg HTTP/1.1" 200 27
116.235.222.53 - - [05/Apr/2020:10:10:14 +0800] "GET /xingrg/all/function/internal_message.html?_=1586052609704&CODE_STATE=getMsg HTTP/1.1" 200 27
180.162.232.172 - - [05/Apr/2020:10:10:14 +0800] "GET /xingrg/all/function/internal_message.html?_=1586052737448&CODE_STATE=getMsg HTTP/1.1" 200 27
180.162.232.172 - - [05/Apr/2020:10:10:16 +0800] "GET /xingrg/kc/buy/cgsh_order_operate.html?command=get_materiel&rest_code=00150&code=00101008112&supplier_code=00100007&order_time=2020-04-05 HTTP/1.1" 200 412
172.17.0.106 - - [05/Apr/2020:10:10:20 +0800] "GET /xingrg/all/function/internal_message.html?_=1586052615875&CODE_STATE=getMsg HTTP/1.1" 200 27
172.17.0.112 - - [05/Apr/2020:10:10:24 +0800] "GET /xingrg/all/function/internal_message.html?_=1586052621341&CODE_STATE=getMsg HTTP/1.1" 302 -
180.162.232.172 - - [05/Apr/2020:10:10:25 +0800] "GET /xingrg/kc/buy/cgsh_order_operate.html?command=get_materiel&rest_code=00150&code=00101015076&supplier_code=00100007&order_time=2020-04-05 HTTP/1.1" 200 416
114.84.33.255 - - [05/Apr/2020:10:10:27 +0800] "GET /xingrg/check_reg.html?_=1586052623775 HTTP/1.1" 200 22
114.84.33.255 - - [05/Apr/2020:10:10:27 +0800] "GET /xingrg/all/function/internal_message.html?_=1586052624017&CODE_STATE=getMsg HTTP/1.1" 200 27
116.224.247.222 - - [05/Apr/2020:10:10:28 +0800] "GET /xingrg/kc/buy/cgsh_order_operate.html?command=get_materiel&rest_code=00102&code=00101008300&supplier_code=00100007&order_time=2020-04-04 HTTP/1.1" 200 413
116.224.247.222 - - [05/Apr/2020:10:10:28 +0800] "GET /xingrg/all/function/internal_message.html?_=1586052806605&CODE_STATE=getMsg HTTP/1.1" 200 27
172.17.0.112 - - [05/Apr/2020:10:10:31 +0800] "GET /xingrg/all/function/internal_message.html?_=1586052628162&CODE_STATE=getMsg HTTP/1.1" 302 -
180.162.232.172 - - [05/Apr/2020:10:10:36 +0800] "GET /xingrg/kc/buy/cgsh_order_operate.html?command=get_materiel&rest_code=00150&code=00101008284&supplier_code=00100007&order_time=2020-04-05 HTTP/1.1" 200 413
222.69.139.198 - - [05/Apr/2020:10:10:39 +0800] "GET /xingrg/all/function/internal_message.html?_=1586052634597&CODE_STATE=getMsg HTTP/1.1" 200 27
180.162.232.172 - - [05/Apr/2020:10:10:41 +0800] "POST /xingrg/kc/buy/cgsh_order_operate.html HTTP/1.1" 200 37
117.185.32.26 - - [05/Apr/2020:10:10:42 +0800] "GET /xingrg/all/function/internal_message.html?_=1586053041397&CODE_STATE=getMsg HTTP/1.1" 200 27
117.185.32.26 - - [05/Apr/2020:10:10:42 +0800] "GET /xingrg/check_reg.html?_=1586053041399 HTTP/1.1" 200 22
180.162.232.172 - - [05/Apr/2020:10:10:42 +0800] "POST /xingrg/kc/buy/cgsh_order_operate.html HTTP/1.1" 200 13904
180.156.150.85 - - [05/Apr/2020:10:10:43 +0800] "GET /xingrg/all/function/internal_message.html?_=1586052638975&CODE_STATE=getMsg HTTP/1.1" 200 27
172.17.0.185 - - [05/Apr/2020:10:10:48 +0800] "GET /xingrg/all/function/internal_message.html?_=1586052643030&CODE_STATE=getMsg HTTP/1.1" 200 27
180.162.232.172 - - [05/Apr/2020:10:10:49 +0800] "GET /xingrg/kc/buy/cgsh_order_operate.html?command=get_materiel&rest_code=00150&code=00101008255&supplier_code=00100007&order_time=2020-04-05 HTTP/1.1" 200 413
120.253.135.82 - - [05/Apr/2020:10:10:50 +0800] "GET /xingrg/all/function/internal_message.html?_=1586052717531&CODE_STATE=getMsg HTTP/1.1" 200 27
116.224.247.222 - - [05/Apr/2020:10:10:53 +0800] "GET /xingrg/kc/buy/cgsh_order_operate.html?command=get_materiel&rest_code=00102&code=00101008223&supplier_code=00100007&order_time=2020-04-04 HTTP/1.1" 200 412
222.70.183.62 - - [05/Apr/2020:10:10:54 +0800] "GET /xingrg/all/function/internal_message.html?_=1586052650273&CODE_STATE=getMsg HTTP/1.1" 200 27
180.162.232.172 - - [05/Apr/2020:10:10:56 +0800] "GET /xingrg/kc/buy/cgsh_order_operate.html?command=get_materiel&rest_code=00150&code=00101020152&supplier_code=00100007&order_time=2020-04-05 HTTP/1.1" 200 416
180.162.232.172 - - [05/Apr/2020:10:11:04 +0800] "GET /xingrg/kc/buy/cgsh_order_operate.html?command=get_materiel&rest_code=00150&code=00101015038&supplier_code=00100007&order_time=2020-04-05 HTTP/1.1" 200 419
114.88.159.93 - - [05/Apr/2020:10:11:06 +0800] "GET /xingrg/check_reg.html?_=1586052661550 HTTP/1.1" 200 22
114.88.159.93 - - [05/Apr/2020:10:11:06 +0800] "GET /xingrg/all/function/internal_message.html?_=1586052661551&CODE_STATE=getMsg HTTP/1.1" 200 27
180.162.232.172 - - [05/Apr/2020:10:11:12 +0800] "GET /xingrg/kc/buy/cgsh_order_operate.html?command=get_materiel&rest_code=00150&code=00101008114&supplier_code=00100007&order_time=2020-04-05 HTTP/1.1" 200 412
116.235.222.53 - - [05/Apr/2020:10:11:14 +0800] "GET /xingrg/all/function/internal_message.html?_=1586052669689&CODE_STATE=getMsg HTTP/1.1" 200 27
180.162.232.172 - - [05/Apr/2020:10:11:14 +0800] "GET /xingrg/check_reg.html?_=1586052797398 HTTP/1.1" 200 22
180.162.232.172 - - [05/Apr/2020:10:11:14 +0800] "GET /xingrg/all/function/internal_message.html?_=1586052797460&CODE_STATE=getMsg HTTP/1.1" 200 27
