172.17.0.119 - - [05/Apr/2020:10:52:12 +0800] "GET /xingrg/javascript/multi_select/dropdown_hover.gif HTTP/1.1" 200 61
172.17.0.119 - - [05/Apr/2020:10:52:12 +0800] "GET /xingrg/javascript/multi_select/dropdown_active.gif HTTP/1.1" 200 61
116.235.222.53 - - [05/Apr/2020:10:52:13 +0800] "GET /xingrg/all/function/internal_message.html?_=1586055129339&CODE_STATE=getMsg HTTP/1.1" 200 27
172.17.0.119 - - [05/Apr/2020:10:52:14 +0800] "POST /xingrg/dwr/call/plaincall/AjaxReportQueryService.refreshCache.dwr HTTP/1.1" 200 78
172.17.0.119 - - [05/Apr/2020:10:52:15 +0800] "GET /xingrg/javascript/jquery_easy_ui/themes/default/images/tabs_active.png HTTP/1.1" 200 2894
172.17.0.119 - - [05/Apr/2020:10:52:16 +0800] "POST /xingrg/all/report/load_report_page.html HTTP/1.1" 200 173400
172.17.0.119 - - [05/Apr/2020:10:52:16 +0800] "GET /xingrg/images/blue/button/back2.gif HTTP/1.1" 200 1339
172.17.0.119 - - [05/Apr/2020:10:52:16 +0800] "GET /xingrg/images/blue/button/back.gif HTTP/1.1" 200 1352
172.17.0.119 - - [05/Apr/2020:10:52:16 +0800] "GET /xingrg/servlets/image?cache=0.555386481999537&image=px HTTP/1.1" 200 807
101.91.62.65 - - [05/Apr/2020:10:52:17 +0800] "GET /xingrg/login.html HTTP/1.1" 200 7641
172.17.0.112 - - [05/Apr/2020:10:52:25 +0800] "GET /xingrg/all/function/internal_message.html?_=1586055142351&CODE_STATE=getMsg HTTP/1.1" 302 -
116.224.247.222 - - [05/Apr/2020:10:52:28 +0800] "POST /xingrg/kc/buy/cgsh_order_operate.html HTTP/1.1" 200 2065
114.84.33.255 - - [05/Apr/2020:10:52:31 +0800] "GET /xingrg/check_reg.html?_=1586055148032 HTTP/1.1" 200 22
114.84.33.255 - - [05/Apr/2020:10:52:31 +0800] "GET /xingrg/all/function/internal_message.html?_=1586055148145&CODE_STATE=getMsg HTTP/1.1" 200 27
172.17.0.112 - - [05/Apr/2020:10:52:32 +0800] "GET /xingrg/all/function/internal_message.html?_=1586055149201&CODE_STATE=getMsg HTTP/1.1" 302 -
116.224.247.222 - - [05/Apr/2020:10:52:34 +0800] "GET /xingrg/kc/buy/cgsh_order_operate.html?command=get_materiel&rest_code=00102&code=00101008356&supplier_code=00100007&order_time=2020-04-03 HTTP/1.1" 200 408
222.69.139.198 - - [05/Apr/2020:10:52:35 +0800] "GET /xingrg/login.html HTTP/1.1" 200 7641
222.69.139.198 - - [05/Apr/2020:10:52:36 +0800] "GET /favicon.ico HTTP/1.1" 404 -
172.17.0.112 - - [05/Apr/2020:10:52:36 +0800] "GET /xingrg/check_reg.html?_=1586055153239 HTTP/1.1" 302 -
114.86.226.127 - - [05/Apr/2020:10:52:36 +0800] "GET /xingrg/check_reg.html?_=1586055174648 HTTP/1.1" 200 22
114.86.226.127 - - [05/Apr/2020:10:52:36 +0800] "GET /xingrg/all/function/internal_message.html?_=1586055174648&CODE_STATE=getMsg HTTP/1.1" 200 27
116.224.247.222 - - [05/Apr/2020:10:52:40 +0800] "GET /xingrg/all/function/internal_message.html?_=1586055338314&CODE_STATE=getMsg HTTP/1.1" 200 27
120.253.135.82 - - [05/Apr/2020:10:52:41 +0800] "GET /xingrg/check_reg.html?_=1586054904937 HTTP/1.1" 200 22
120.253.135.82 - - [05/Apr/2020:10:52:41 +0800] "GET /xingrg/all/function/internal_message.html?_=1586054905183&CODE_STATE=getMsg HTTP/1.1" 200 27
180.162.232.172 - - [05/Apr/2020:10:52:41 +0800] "GET /xingrg/all/function/internal_message.html?_=1586055284257&CODE_STATE=getMsg HTTP/1.1" 200 27
172.17.0.119 - - [05/Apr/2020:10:52:42 +0800] "GET /xingrg/all/report/report_query.html?fileName=kc/buy/wlcg_hz_day.xml&rw=1600 HTTP/1.1" 200 51608
172.17.0.119 - - [05/Apr/2020:10:52:42 +0800] "GET /xingrg/dwr/interface/AjaxReportQueryService.js HTTP/1.1" 200 13203
172.17.0.119 - - [05/Apr/2020:10:52:42 +0800] "GET /xingrg/dwr/engine.js HTTP/1.1" 200 43631
117.185.32.26 - - [05/Apr/2020:10:52:42 +0800] "GET /xingrg/all/function/internal_message.html?_=1586055561620&CODE_STATE=getMsg HTTP/1.1" 200 27
172.17.0.119 - - [05/Apr/2020:10:52:42 +0800] "POST /xingrg/dwr/call/plaincall/AjaxReportQueryService.getFixDate.dwr HTTP/1.1" 200 111
172.17.0.119 - - [05/Apr/2020:10:52:42 +0800] "GET /xingrg/javascript/jquery_easy_ui/themes/default/images/combo_arrow_dot.gif HTTP/1.1" 200 79
172.17.0.119 - - [05/Apr/2020:10:52:42 +0800] "POST /xingrg/all/common/load_tree.html?tree=supplier_tree_json&manage=1 HTTP/1.1" 200 47751
180.156.150.85 - - [05/Apr/2020:10:52:43 +0800] "GET /xingrg/all/function/internal_message.html?_=1586055159017&CODE_STATE=getMsg HTTP/1.1" 200 27
180.156.150.85 - - [05/Apr/2020:10:52:43 +0800] "GET /xingrg/check_reg.html?_=1586055159020 HTTP/1.1" 200 22
172.17.0.119 - - [05/Apr/2020:10:52:43 +0800] "GET /xingrg/javascript/jquery_easy_ui/themes/default/images/tree_checkbox_0.gif HTTP/1.1" 200 168
172.17.0.119 - - [05/Apr/2020:10:52:43 +0800] "POST /xingrg/all/common/load_tree.html?tree=materiel_sort_tree_json HTTP/1.1" 200 8666
172.17.0.119 - - [05/Apr/2020:10:52:45 +0800] "POST /xingrg/dwr/call/plaincall/AjaxReportQueryService.getFixDate.dwr HTTP/1.1" 200 111
116.224.247.222 - - [05/Apr/2020:10:52:45 +0800] "GET /xingrg/kc/buy/cgsh_order_operate.html?command=get_materiel&rest_code=00102&code=00101008213&supplier_code=00100007&order_time=2020-04-03 HTTP/1.1" 200 412
172.17.0.119 - - [05/Apr/2020:10:52:47 +0800] "GET /xingrg/javascript/jquery_easy_ui/themes/default/images/tree_checkbox_1.gif HTTP/1.1" 200 174
172.17.0.119 - - [05/Apr/2020:10:52:47 +0800] "GET /xingrg/javascript/jquery_easy_ui/themes/default/images/tree_checkbox_2.gif HTTP/1.1" 200 181
172.17.0.185 - - [05/Apr/2020:10:52:48 +0800] "GET /xingrg/all/function/internal_message.html?_=1586055163030&CODE_STATE=getMsg HTTP/1.1" 200 27
172.17.0.119 - - [05/Apr/2020:10:52:48 +0800] "POST /xingrg/dwr/call/plaincall/AjaxReportQueryService.refreshCache.dwr HTTP/1.1" 200 78
222.69.139.198 - - [05/Apr/2020:10:52:48 +0800] "POST /xingrg/login.do HTTP/1.1" 302 -
222.69.139.198 - - [05/Apr/2020:10:52:48 +0800] "GET /xingrg/index.html?sysBaseUrl=http%3A%2F%2F180.169.147.146%3A18081%2Fxingrg%2F&costTime=49×tamp=1586055168425 HTTP/1.1" 200 17419
222.69.139.198 - - [05/Apr/2020:10:52:48 +0800] "GET /favicon.ico HTTP/1.1" 404 -
222.69.139.198 - - [05/Apr/2020:10:52:49 +0800] "POST /xingrg/all/common/load_tree.html?tree=area_rest_tree_json&manage=1 HTTP/1.1" 200 351
222.69.139.198 - - [05/Apr/2020:10:52:49 +0800] "GET /xingrg/all/function/internal_message.html?_=1586055152887&CODE_STATE=count HTTP/1.1" 200 11
222.69.139.198 - - [05/Apr/2020:10:52:49 +0800] "GET /xingrg/check_reg.html?_=1586055152889 HTTP/1.1" 200 22
222.69.139.198 - - [05/Apr/2020:10:52:50 +0800] "POST /xingrg/load_menu.html HTTP/1.1" 200 9959
172.17.0.119 - - [05/Apr/2020:10:52:50 +0800] "POST /xingrg/all/report/load_report_page.html HTTP/1.1" 200 506127
172.17.0.119 - - [05/Apr/2020:10:52:51 +0800] "GET /xingrg/servlets/image?cache=0.2856013537603881&image=px HTTP/1.1" 200 807
114.84.33.255 - - [05/Apr/2020:10:52:53 +0800] "GET /xingrg/all/function/internal_message.html?_=1586055168887&CODE_STATE=getMsg HTTP/1.1" 200 27
116.224.247.222 - - [05/Apr/2020:10:52:54 +0800] "GET /xingrg/kc/buy/cgsh_order_operate.html?command=get_materiel&rest_code=00102&code=00101008103&supplier_code=00100007&order_time=2020-04-03 HTTP/1.1" 200 417
222.70.183.62 - - [05/Apr/2020:10:52:55 +0800] "GET /xingrg/all/function/internal_message.html?_=1586055171678&CODE_STATE=getMsg HTTP/1.1" 200 27
222.69.139.198 - - [05/Apr/2020:10:52:56 +0800] "POST /xingrg/load_menu.html HTTP/1.1" 200 10168
120.253.135.82 - - [05/Apr/2020:10:52:57 +0800] "GET /xingrg/all/function/internal_message.html?_=1586055244560&CODE_STATE=getMsg HTTP/1.1" 200 27
172.17.0.119 - - [05/Apr/2020:10:52:58 +0800] "GET /xingrg/all/function/internal_message.html?_=1586055173712&CODE_STATE=getMsg HTTP/1.1" 200 27
222.69.139.198 - - [05/Apr/2020:10:53:01 +0800] "GET /xingrg/dwr/interface/AjaxGetFirstChart.js HTTP/1.1" 200 631
222.69.139.198 - - [05/Apr/2020:10:53:02 +0800] "GET /xingrg/dwr/engine.js HTTP/1.1" 200 43631
172.17.0.106 - - [05/Apr/2020:10:53:03 +0800] "GET /xingrg/all/function/internal_message.html?_=1586055178383&CODE_STATE=getMsg HTTP/1.1" 200 27
222.69.139.198 - - [05/Apr/2020:10:53:03 +0800] "GET /xingrg/system/rest/list_page.html?p=menu HTTP/1.1" 200 110877
116.224.247.222 - - [05/Apr/2020:10:53:04 +0800] "GET /xingrg/kc/buy/cgsh_order_operate.html?command=get_materiel&rest_code=00102&code=00101008032&supplier_code=00100007&order_time=2020-04-03 HTTP/1.1" 200 408
222.69.139.198 - - [05/Apr/2020:10:53:04 +0800] "GET /xingrg/system/rest/query_items.html?_=1586055167691&table=menu&page=1&rows=20&categoryId=&key= HTTP/1.1" 200 4722
180.156.150.85 - - [05/Apr/2020:10:53:04 +0800] "GET /xingrg/all/function/internal_message.html?_=1586055177550&CODE_STATE=getMsg HTTP/1.1" 302 -
114.88.159.93 - - [05/Apr/2020:10:53:06 +0800] "GET /xingrg/all/function/internal_message.html?_=1586055181633&CODE_STATE=getMsg HTTP/1.1" 200 27
222.69.139.198 - - [05/Apr/2020:10:53:10 +0800] "GET /xingrg/system/rest/query_items.html?_=1586055172987&table=menu&page=1&rows=20&categoryId=&key=7378 HTTP/1.1" 200 257
222.69.139.198 - - [05/Apr/2020:10:53:13 +0800] "GET /xingrg/system/rest/get_item.html?table=menu&id=7378&_=1586055177495 HTTP/1.1" 200 951
222.69.139.198 - - [05/Apr/2020:10:53:13 +0800] "GET /xingrg/system/rest/get_item.html?table=menu&target=cook_mode&id=7378&_=1586055177522 HTTP/1.1" 200 65
222.69.139.198 - - [05/Apr/2020:10:53:13 +0800] "GET /xingrg/system/rest/get_item.html?table=menu&target=menu_rest&id=7378&_=1586055177523 HTTP/1.1" 200 65
116.235.222.53 - - [05/Apr/2020:10:53:13 +0800] "GET /xingrg/all/function/internal_message.html?_=1586055189345&CODE_STATE=getMsg HTTP/1.1" 200 27
101.91.62.99 - - [05/Apr/2020:10:53:15 +0800] "GET /xingrg/all/function/internal_message.html?_=1586055121633&CODE_STATE=getMsg HTTP/1.1" 302 -
222.69.139.198 - - [05/Apr/2020:10:53:15 +0800] "GET /xingrg/system/rest/get_infos.html?command=menu_img_show&id=7378 HTTP/1.1" 200 5
172.17.0.119 - - [05/Apr/2020:10:53:17 +0800] "GET /xingrg/all/report/report_query.html?fileName=kc/buy/wlcg_cate_hz.xml HTTP/1.1" 200 53866
172.17.0.119 - - [05/Apr/2020:10:53:17 +0800] "GET /xingrg/dwr/interface/AjaxReportQueryService.js HTTP/1.1" 200 13203
172.17.0.119 - - [05/Apr/2020:10:53:17 +0800] "GET /xingrg/dwr/engine.js HTTP/1.1" 200 43631
172.17.0.119 - - [05/Apr/2020:10:53:18 +0800] "POST /xingrg/dwr/call/plaincall/AjaxReportQueryService.getFixDate.dwr HTTP/1.1" 200 111
172.17.0.119 - - [05/Apr/2020:10:53:18 +0800] "POST /xingrg/all/common/load_tree.html?tree=supplier_tree_json&manage=1 HTTP/1.1" 200 47751
172.17.0.119 - - [05/Apr/2020:10:53:19 +0800] "POST /xingrg/all/common/load_tree.html?tree=materiel_sort_tree_json HTTP/1.1" 200 8666
172.17.0.119 - - [05/Apr/2020:10:53:19 +0800] "POST /xingrg/all/common/load_tree.html?tree=base_tree_json HTTP/1.1" 200 3363
116.224.247.222 - - [05/Apr/2020:10:53:19 +0800] "GET /xingrg/kc/buy/cgsh_order_operate.html?command=get_materiel&rest_code=00102&code=00101008298&supplier_code=00100007&order_time=2020-04-03 HTTP/1.1" 200 412
172.17.0.119 - - [05/Apr/2020:10:53:21 +0800] "POST /xingrg/dwr/call/plaincall/AjaxReportQueryService.getFixDate.dwr HTTP/1.1" 200 111
172.17.0.119 - - [05/Apr/2020:10:53:22 +0800] "POST /xingrg/dwr/call/plaincall/AjaxReportQueryService.getFixDate.dwr HTTP/1.1" 200 111
101.91.62.99 - - [05/Apr/2020:10:53:24 +0800] "GET /xingrg/login.html HTTP/1.1" 200 7641
172.17.0.112 - - [05/Apr/2020:10:53:25 +0800] "GET /xingrg/all/function/internal_message.html?_=1586055202359&CODE_STATE=getMsg HTTP/1.1" 302 -
172.17.0.119 - - [05/Apr/2020:10:53:25 +0800] "POST /xingrg/dwr/call/plaincall/AjaxReportQueryService.refreshCache.dwr HTTP/1.1" 200 78
172.17.0.119 - - [05/Apr/2020:10:53:27 +0800] "POST /xingrg/all/report/load_report_page.html HTTP/1.1" 200 8711
172.17.0.119 - - [05/Apr/2020:10:53:27 +0800] "GET /xingrg/servlets/image?cache=0.687012646140417&image=px HTTP/1.1" 200 807
116.224.247.222 - - [05/Apr/2020:10:53:30 +0800] "GET /xingrg/check_reg.html?_=1586055387926 HTTP/1.1" 200 22
114.84.33.255 - - [05/Apr/2020:10:53:31 +0800] "GET /xingrg/all/function/internal_message.html?_=1586055208158&CODE_STATE=getMsg HTTP/1.1" 200 27
172.17.0.119 - - [05/Apr/2020:10:53:31 +0800] "POST /xingrg/all/report/load_report_page.html HTTP/1.1" 200 117104
172.17.0.119 - - [05/Apr/2020:10:53:31 +0800] "GET /xingrg/servlets/image?cache=0.6476139193682036&image=px HTTP/1.1" 200 807
172.17.0.112 - - [05/Apr/2020:10:53:32 +0800] "GET /xingrg/all/function/internal_message.html?_=1586055209231&CODE_STATE=getMsg HTTP/1.1" 302 -
114.86.226.127 - - [05/Apr/2020:10:53:36 +0800] "GET /xingrg/all/function/internal_message.html?_=1586055234646&CODE_STATE=getMsg HTTP/1.1" 200 27
116.224.247.222 - - [05/Apr/2020:10:53:40 +0800] "GET /xingrg/all/function/internal_message.html?_=1586055398462&CODE_STATE=getMsg HTTP/1.1" 200 27
120.253.135.82 - - [05/Apr/2020:10:53:41 +0800] "GET /xingrg/all/function/internal_message.html?_=1586054965197&CODE_STATE=getMsg HTTP/1.1" 200 27
180.162.232.172 - - [05/Apr/2020:10:53:41 +0800] "GET /xingrg/all/function/internal_message.html?_=1586055344276&CODE_STATE=getMsg HTTP/1.1" 200 27
117.185.32.26 - - [05/Apr/2020:10:53:42 +0800] "GET /xingrg/all/function/internal_message.html?_=1586055621605&CODE_STATE=getMsg HTTP/1.1" 200 27
180.156.150.85 - - [05/Apr/2020:10:53:43 +0800] "GET /xingrg/all/function/internal_message.html?_=1586055219021&CODE_STATE=getMsg HTTP/1.1" 200 27
116.224.247.222 - - [05/Apr/2020:10:53:43 +0800] "POST /xingrg/kc/buy/cgsh_order_operate.html HTTP/1.1" 200 37
116.224.247.222 - - [05/Apr/2020:10:53:44 +0800] "POST /xingrg/kc/buy/cgsh_order_operate.html HTTP/1.1" 200 10349
222.69.139.198 - - [05/Apr/2020:10:53:47 +0800] "GET /xingrg/system/rest/get_item.html?table=menu&id=7378&_=1586055211318 HTTP/1.1" 200 951
222.69.139.198 - - [05/Apr/2020:10:53:47 +0800] "GET /xingrg/system/rest/get_item.html?table=menu&target=cook_mode&id=7378&_=1586055211332 HTTP/1.1" 200 65
222.69.139.198 - - [05/Apr/2020:10:53:47 +0800] "GET /xingrg/system/rest/get_item.html?table=menu&target=menu_rest&id=7378&_=1586055211334 HTTP/1.1" 200 65
172.17.0.185 - - [05/Apr/2020:10:53:48 +0800] "GET /xingrg/check_reg.html?_=1586055223039 HTTP/1.1" 200 22
172.17.0.185 - - [05/Apr/2020:10:53:48 +0800] "GET /xingrg/all/function/internal_message.html?_=1586055223047&CODE_STATE=getMsg HTTP/1.1" 200 27
222.69.139.198 - - [05/Apr/2020:10:53:49 +0800] "GET /xingrg/all/function/internal_message.html?_=1586055212914&CODE_STATE=getMsg HTTP/1.1" 200 27
116.224.247.222 - - [05/Apr/2020:10:53:53 +0800] "POST /xingrg/kc/buy/cgsh_list_operate.html HTTP/1.1" 200 2031
114.84.33.255 - - [05/Apr/2020:10:53:53 +0800] "GET /xingrg/all/function/internal_message.html?_=1586055228873&CODE_STATE=getMsg HTTP/1.1" 200 27
222.70.183.62 - - [05/Apr/2020:10:53:55 +0800] "GET /xingrg/all/function/internal_message.html?_=1586055231684&CODE_STATE=getMsg HTTP/1.1" 200 27
120.253.135.82 - - [05/Apr/2020:10:53:57 +0800] "GET /xingrg/all/function/internal_message.html?_=1586055304594&CODE_STATE=getMsg HTTP/1.1" 200 27
114.88.159.93 - - [05/Apr/2020:10:54:00 +0800] "GET /xingrg/kc/base/base_main.html HTTP/1.1" 200 12142
114.88.159.93 - - [05/Apr/2020:10:54:01 +0800] "GET /xingrg/kc/base/wldb_order_list.html HTTP/1.1" 200 19258
114.88.159.93 - - [05/Apr/2020:10:54:02 +0800] "POST /xingrg/kc/base/wldb_list_operate.html HTTP/1.1" 200 1783
172.17.0.106 - - [05/Apr/2020:10:54:02 +0800] "GET /xingrg/all/function/internal_message.html?_=1586055238353&CODE_STATE=getMsg HTTP/1.1" 200 27
172.17.0.112 - - [05/Apr/2020:10:54:04 +0800] "GET /xingrg/check_reg.html?_=1586055240834 HTTP/1.1" 302 -
222.69.139.198 - - [05/Apr/2020:10:54:04 +0800] "POST /xingrg/system/rest/edit_item.html HTTP/1.1" 200 4
222.69.139.198 - - [05/Apr/2020:10:54:04 +0800] "GET /xingrg/system/rest/get_item.html?table=menu&id=7378&_=1586055228022 HTTP/1.1" 200 951
180.156.150.85 - - [05/Apr/2020:10:54:04 +0800] "GET /xingrg/all/function/internal_message.html?_=1586055237535&CODE_STATE=getMsg HTTP/1.1" 302 -
180.156.150.85 - - [05/Apr/2020:10:54:04 +0800] "GET /xingrg/check_reg.html?_=1586055237865 HTTP/1.1" 302 -
114.88.159.93 - - [05/Apr/2020:10:54:06 +0800] "GET /xingrg/all/function/internal_message.html?_=1586055241633&CODE_STATE=getMsg HTTP/1.1" 200 27
222.69.139.198 - - [05/Apr/2020:10:54:06 +0800] "GET /xingrg/system/rest/query_items.html?_=1586055230162&table=menu&page=1&rows=20&categoryId=&key=7378 HTTP/1.1" 200 257
114.88.159.93 - - [05/Apr/2020:10:54:06 +0800] "POST /xingrg/kc/base/wldb_list_operate.html HTTP/1.1" 200 204
114.88.159.93 - - [05/Apr/2020:10:54:06 +0800] "GET /xingrg/kc/base/wldb_order_info.html?code=422020040400211 HTTP/1.1" 200 30335
114.88.159.93 - - [05/Apr/2020:10:54:07 +0800] "GET /xingrg/all/common/auto_word.html?type=base&rest_code=00141 HTTP/1.1" 200 1603
114.88.159.93 - - [05/Apr/2020:10:54:07 +0800] "GET /xingrg/all/common/auto_word.html?type=base&rest_code=00141 HTTP/1.1" 200 1603
114.88.159.93 - - [05/Apr/2020:10:54:07 +0800] "GET /xingrg/javascript/easyui/themes/default/validatebox.css HTTP/1.1" 404 1104
114.88.159.93 - - [05/Apr/2020:10:54:07 +0800] "POST /xingrg/kc/base/wldb_order_operate.html HTTP/1.1" 200 2192
58.247.206.141 - - [05/Apr/2020:10:54:08 +0800] "GET /xingrg/all/function/internal_message.html?_=1586055181633&CODE_STATE=getMsg HTTP/1.1" 302 -
222.69.139.198 - - [05/Apr/2020:10:54:11 +0800] "GET /xingrg/system/rest/list_page.html?p=down HTTP/1.1" 200 20340
222.69.139.198 - - [05/Apr/2020:10:54:11 +0800] "GET /xingrg/javascript/jquery_easy_ui/themes/default/images/calendar_prevmonth.gif HTTP/1.1" 200 66
222.69.139.198 - - [05/Apr/2020:10:54:11 +0800] "GET /xingrg/javascript/jquery_easy_ui/themes/default/images/calendar_nextmonth.gif HTTP/1.1" 200 64
222.69.139.198 - - [05/Apr/2020:10:54:11 +0800] "GET /xingrg/javascript/jquery_easy_ui/themes/default/images/calendar_prevyear.gif HTTP/1.1" 200 76
222.69.139.198 - - [05/Apr/2020:10:54:11 +0800] "GET /xingrg/javascript/jquery_easy_ui/themes/default/images/calendar_nextyear.gif HTTP/1.1" 200 75
222.69.139.198 - - [05/Apr/2020:10:54:11 +0800] "GET /xingrg/system/rest/query_items.html?_=1586055235112&table=down&tcode=&key= HTTP/1.1" 200 9892
116.235.222.53 - - [05/Apr/2020:10:54:13 +0800] "GET /xingrg/all/function/internal_message.html?_=1586055249334&CODE_STATE=getMsg HTTP/1.1" 200 27
58.247.206.141 - - [05/Apr/2020:10:54:13 +0800] "GET /xingrg/login.html HTTP/1.1" 200 7641
222.69.139.198 - - [05/Apr/2020:10:54:18 +0800] "GET /xingrg/system/rest/get_item.html?table=down&code=5ac83cb1e23045b2ba7c5743978a6e77&_=1586055242249 HTTP/1.1" 200 233
222.69.139.198 - - [05/Apr/2020:10:54:18 +0800] "POST /xingrg/system/rest/edit_item.html HTTP/1.1" 200 4
222.69.139.198 - - [05/Apr/2020:10:54:18 +0800] "POST /xingrg/all/common/load_tree.html?tree=area_station_tree_json&defaultRests=1_15 HTTP/1.1" 200 2989
222.69.139.198 - - [05/Apr/2020:10:54:18 +0800] "GET /xingrg/javascript/jquery_easy_ui/themes/default/images/tree_checkbox_1.gif HTTP/1.1" 200 174
222.69.139.198 - - [05/Apr/2020:10:54:18 +0800] "GET /xingrg/javascript/jquery_easy_ui/themes/default/images/tree_checkbox_2.gif HTTP/1.1" 200 181
222.69.139.198 - - [05/Apr/2020:10:54:18 +0800] "GET /xingrg/javascript/jquery_easy_ui/themes/icons/manage.png HTTP/1.1" 200 696
222.69.139.198 - - [05/Apr/2020:10:54:19 +0800] "GET /xingrg/javascript/jquery_easy_ui/themes/default/images/tree_checkbox_0.gif HTTP/1.1" 200 168
222.69.139.198 - - [05/Apr/2020:10:54:21 +0800] "POST /xingrg/system/rest/get_infos.html HTTP/1.1" 200 506046
172.17.0.112 - - [05/Apr/2020:10:54:25 +0800] "GET /xingrg/all/function/internal_message.html?_=1586055262388&CODE_STATE=getMsg HTTP/1.1" 302 -
114.84.33.255 - - [05/Apr/2020:10:54:31 +0800] "GET /xingrg/all/function/internal_message.html?_=1586055268172&CODE_STATE=getMsg HTTP/1.1" 200 27
172.17.0.112 - - [05/Apr/2020:10:54:32 +0800] "GET /xingrg/all/function/internal_message.html?_=1586055269237&CODE_STATE=getMsg HTTP/1.1" 302 -
114.86.226.127 - - [05/Apr/2020:10:54:36 +0800] "GET /xingrg/all/function/internal_message.html?_=1586055294640&CODE_STATE=getMsg HTTP/1.1" 200 27
222.69.139.198 - - [05/Apr/2020:10:54:37 +0800] "POST /xingrg/system/rest/search_item.html HTTP/1.1" 200 2334
116.224.247.222 - - [05/Apr/2020:10:54:41 +0800] "GET /xingrg/all/function/internal_message.html?_=1586055459135&CODE_STATE=getMsg HTTP/1.1" 200 27
120.253.135.82 - - [05/Apr/2020:10:54:41 +0800] "GET /xingrg/all/function/internal_message.html?_=1586055025211&CODE_STATE=getMsg HTTP/1.1" 200 27
180.162.232.172 - - [05/Apr/2020:10:54:41 +0800] "GET /xingrg/all/function/internal_message.html?_=1586055404284&CODE_STATE=getMsg HTTP/1.1" 200 27
117.185.32.26 - - [05/Apr/2020:10:54:42 +0800] "GET /xingrg/all/function/internal_message.html?_=1586055681605&CODE_STATE=getMsg HTTP/1.1" 200 27
180.156.150.85 - - [05/Apr/2020:10:54:43 +0800] "GET /xingrg/all/function/internal_message.html?_=1586055279022&CODE_STATE=getMsg HTTP/1.1" 200 27
222.69.139.198 - - [05/Apr/2020:10:54:43 +0800] "POST /xingrg/system/rest/edit_item.html HTTP/1.1" 200 32
222.69.139.198 - - [05/Apr/2020:10:54:44 +0800] "POST /xingrg/system/rest/edit_item.html HTTP/1.1" 200 -
222.69.139.198 - - [05/Apr/2020:10:54:44 +0800] "POST /xingrg/system/rest/edit_item.html HTTP/1.1" 200 32
222.69.139.198 - - [05/Apr/2020:10:54:44 +0800] "GET /xingrg/system/rest/get_item.html?table=down&code=5ac83cb1e23045b2ba7c5743978a6e77&_=1586055268242 HTTP/1.1" 200 233
114.88.159.93 - - [05/Apr/2020:10:54:44 +0800] "GET /xingrg/kc/base/wldb_order_operate.html?command=get_materiel&rest_code=00141&base_code=0010377&code=00102002238 HTTP/1.1" 200 434
222.69.139.198 - - [05/Apr/2020:10:54:45 +0800] "POST /xingrg/system/rest/edit_item.html HTTP/1.1" 200 4
222.69.139.198 - - [05/Apr/2020:10:54:45 +0800] "GET /xingrg/system/rest/query_items.html?_=1586055269758&table=down&tcode=&key= HTTP/1.1" 200 9892
222.69.139.198 - - [05/Apr/2020:10:54:46 +0800] "POST /xingrg/all/common/load_tree.html?tree=area_station_tree_json&defaultRests=1_15 HTTP/1.1" 200 2989
222.69.139.198 - - [05/Apr/2020:10:54:47 +0800] "POST /xingrg/system/rest/get_infos.html HTTP/1.1" 200 506046
172.17.0.185 - - [05/Apr/2020:10:54:48 +0800] "GET /xingrg/all/function/internal_message.html?_=1586055283037&CODE_STATE=getMsg HTTP/1.1" 200 27
120.253.135.82 - - [05/Apr/2020:10:54:48 +0800] "GET /xingrg/check_reg.html?_=1586055355944 HTTP/1.1" 200 22
222.69.139.198 - - [05/Apr/2020:10:54:52 +0800] "GET /xingrg/all/function/internal_message.html?_=1586055276346&CODE_STATE=getMsg HTTP/1.1" 200 27
114.84.33.255 - - [05/Apr/2020:10:54:53 +0800] "GET /xingrg/all/function/internal_message.html?_=1586055288858&CODE_STATE=getMsg HTTP/1.1" 200 27
222.70.183.62 - - [05/Apr/2020:10:54:54 +0800] "GET /xingrg/check_reg.html?_=1586055290591 HTTP/1.1" 200 22
222.70.183.62 - - [05/Apr/2020:10:54:55 +0800] "GET /xingrg/all/function/internal_message.html?_=1586055291697&CODE_STATE=getMsg HTTP/1.1" 200 27
120.253.135.82 - - [05/Apr/2020:10:54:57 +0800] "GET /xingrg/all/function/internal_message.html?_=1586055364603&CODE_STATE=getMsg HTTP/1.1" 200 27
180.156.150.85 - - [05/Apr/2020:10:55:00 +0800] "GET /xingrg/index.html?sysBaseUrl=http%3A%2F%2F180.169.147.146%3A18081%2Fxingrg%2F&costTime=32×tamp=1585224308505 HTTP/1.1" 302 -
180.156.150.85 - - [05/Apr/2020:10:55:00 +0800] "GET /xingrg/login.html HTTP/1.1" 200 7641
180.156.150.85 - - [05/Apr/2020:10:55:01 +0800] "GET /xingrg/images/blue/login_bg.png HTTP/1.1" 304 -
180.156.150.85 - - [05/Apr/2020:10:55:01 +0800] "GET /xingrg/images/blue/hj.png HTTP/1.1" 304 -
180.156.150.85 - - [05/Apr/2020:10:55:01 +0800] "GET /xingrg/images/blue/srbg.png HTTP/1.1" 304 -
180.156.150.85 - - [05/Apr/2020:10:55:01 +0800] "GET /favicon.ico HTTP/1.1" 404 -
172.17.0.106 - - [05/Apr/2020:10:55:02 +0800] "GET /xingrg/all/function/internal_message.html?_=1586055298323&CODE_STATE=getMsg HTTP/1.1" 200 27
172.17.0.106 - - [05/Apr/2020:10:55:03 +0800] "GET /xingrg/check_reg.html?_=1586055298467 HTTP/1.1" 200 22
180.156.150.85 - - [05/Apr/2020:10:55:04 +0800] "GET /xingrg/all/function/internal_message.html?_=1586055297515&CODE_STATE=getMsg HTTP/1.1" 302 -
222.69.139.198 - - [05/Apr/2020:10:55:05 +0800] "POST /xingrg/services/DataTransmitService HTTP/1.1" 200 524
222.69.139.198 - - [05/Apr/2020:10:55:05 +0800] "POST /xingrg/services/DataTransmitService HTTP/1.1" 200 2327
222.69.139.198 - - [05/Apr/2020:10:55:05 +0800] "POST /xingrg/services/DataTransmitService HTTP/1.1" 200 2323
222.69.139.198 - - [05/Apr/2020:10:55:05 +0800] "POST /xingrg/services/DataTransmitService HTTP/1.1" 200 1487
222.69.139.198 - - [05/Apr/2020:10:55:06 +0800] "POST /xingrg/services/DataTransmitService HTTP/1.1" 200 153212
114.88.159.93 - - [05/Apr/2020:10:55:06 +0800] "GET /xingrg/all/function/internal_message.html?_=1586055301642&CODE_STATE=getMsg HTTP/1.1" 200 27
61.151.207.158 - - [05/Apr/2020:10:55:10 +0800] "GET /xingrg/kc/base/base_main.html HTTP/1.1" 302 -
101.89.29.94 - - [05/Apr/2020:10:55:13 +0800] "GET /xingrg/kc/base/wldb_order_list.html HTTP/1.1" 302 -
116.235.222.53 - - [05/Apr/2020:10:55:13 +0800] "GET /xingrg/all/function/internal_message.html?_=1586055309324&CODE_STATE=getMsg HTTP/1.1" 200 27
116.224.247.222 - - [05/Apr/2020:10:55:16 +0800] "POST /xingrg/kc/buy/cgsh_list_operate.html HTTP/1.1" 200 559
61.151.207.158 - - [05/Apr/2020:10:55:17 +0800] "GET /xingrg/login.html HTTP/1.1" 200 7641
101.89.29.94 - - [05/Apr/2020:10:55:18 +0800] "GET /xingrg/login.html HTTP/1.1" 200 7641
101.91.62.65 - - [05/Apr/2020:10:55:19 +0800] "GET /xingrg/all/function/internal_message.html?_=1586055241633&CODE_STATE=getMsg HTTP/1.1" 302 -
116.224.247.222 - - [05/Apr/2020:10:55:20 +0800] "GET /xingrg/kc/buy/cgsh_order_info.html?code=212020040500894 HTTP/1.1" 200 57890
116.224.247.222 - - [05/Apr/2020:10:55:20 +0800] "GET /xingrg/javascript/easyui/themes/default/validatebox.css HTTP/1.1" 404 1104
116.224.247.222 - - [05/Apr/2020:10:55:21 +0800] "POST /xingrg/kc/buy/cgsh_order_operate.html HTTP/1.1" 200 11505
101.91.62.65 - - [05/Apr/2020:10:55:25 +0800] "GET /xingrg/login.html HTTP/1.1" 200 7641
172.17.0.112 - - [05/Apr/2020:10:55:25 +0800] "GET /xingrg/all/function/internal_message.html?_=1586055322402&CODE_STATE=getMsg HTTP/1.1" 302 -
116.224.247.222 - - [05/Apr/2020:10:55:29 +0800] "POST /xingrg/kc/buy/cgsh_order_operate.html HTTP/1.1" 200 37
116.224.247.222 - - [05/Apr/2020:10:55:31 +0800] "POST /xingrg/kc/buy/cgsh_order_operate.html HTTP/1.1" 200 12
114.84.33.255 - - [05/Apr/2020:10:55:31 +0800] "GET /xingrg/all/function/internal_message.html?_=1586055328194&CODE_STATE=getMsg HTTP/1.1" 200 27
116.224.247.222 - - [05/Apr/2020:10:55:32 +0800] "GET /xingrg/kc/buy/cgsh_order_info.html?code=212020040500894 HTTP/1.1" 200 52781
172.17.0.112 - - [05/Apr/2020:10:55:32 +0800] "GET /xingrg/all/function/internal_message.html?_=1586055329275&CODE_STATE=getMsg HTTP/1.1" 302 -
116.224.247.222 - - [05/Apr/2020:10:55:34 +0800] "GET /xingrg/javascript/easyui/themes/default/validatebox.css HTTP/1.1" 404 1104
116.224.247.222 - - [05/Apr/2020:10:55:34 +0800] "POST /xingrg/kc/buy/cgsh_order_operate.html HTTP/1.1" 200 9450
114.86.226.127 - - [05/Apr/2020:10:55:36 +0800] "GET /xingrg/all/function/internal_message.html?_=1586055354640&CODE_STATE=getMsg HTTP/1.1" 200 27
116.224.247.222 - - [05/Apr/2020:10:55:37 +0800] "GET /xingrg/kc/print/load_data.html?order_code=212020040500894&kc_code=cgsh&condition= HTTP/1.1" 200 4053
180.162.232.172 - - [05/Apr/2020:10:55:41 +0800] "GET /xingrg/check_reg.html?_=1586055463991 HTTP/1.1" 200 22
120.253.135.82 - - [05/Apr/2020:10:55:41 +0800] "GET /xingrg/all/function/internal_message.html?_=1586055085239&CODE_STATE=getMsg HTTP/1.1" 200 27
180.162.232.172 - - [05/Apr/2020:10:55:41 +0800] "GET /xingrg/all/function/internal_message.html?_=1586055464298&CODE_STATE=getMsg HTTP/1.1" 200 27
116.224.247.222 - - [05/Apr/2020:10:55:41 +0800] "GET /xingrg/all/function/internal_message.html?_=1586055519818&CODE_STATE=getMsg HTTP/1.1" 200 27
117.185.32.26 - - [05/Apr/2020:10:55:42 +0800] "GET /xingrg/all/function/internal_message.html?_=1586055741605&CODE_STATE=getMsg HTTP/1.1" 200 27
117.185.32.26 - - [05/Apr/2020:10:55:42 +0800] "GET /xingrg/check_reg.html?_=1586055741607 HTTP/1.1" 200 22
180.156.150.85 - - [05/Apr/2020:10:55:43 +0800] "GET /xingrg/all/function/internal_message.html?_=1586055339023&CODE_STATE=getMsg HTTP/1.1" 200 27
114.88.159.93 - - [05/Apr/2020:10:55:47 +0800] "POST /xingrg/kc/base/wldb_order_operate.html HTTP/1.1" 200 37
172.17.0.185 - - [05/Apr/2020:10:55:48 +0800] "GET /xingrg/all/function/internal_message.html?_=1586055343026&CODE_STATE=getMsg HTTP/1.1" 200 27
114.88.159.93 - - [05/Apr/2020:10:55:49 +0800] "POST /xingrg/kc/base/wldb_order_operate.html HTTP/1.1" 200 12
117.185.32.26 - - [05/Apr/2020:10:55:49 +0800] "POST /xingrg/kc/buy/cgsh_list_operate.html HTTP/1.1" 200 876
114.88.159.93 - - [05/Apr/2020:10:55:49 +0800] "POST /xingrg/kc/base/wldb_order_operate.html HTTP/1.1" 200 2664
116.224.247.222 - - [05/Apr/2020:10:55:50 +0800] "POST /xingrg/kc/buy/cgsh_list_operate.html HTTP/1.1" 200 1679
116.224.247.222 - - [05/Apr/2020:10:55:51 +0800] "POST /xingrg/kc/buy/cgsh_list_operate.html HTTP/1.1" 200 558
116.224.247.222 - - [05/Apr/2020:10:55:51 +0800] "GET /xingrg/kc/buy/cgsh_order_info.html?code=212020040500896 HTTP/1.1" 200 57890
117.185.32.26 - - [05/Apr/2020:10:55:51 +0800] "GET /xingrg/kc/buy/buy_main.html HTTP/1.1" 200 12412
117.185.32.26 - - [05/Apr/2020:10:55:51 +0800] "GET /xingrg/css/new_ie.css HTTP/1.1" 404 1036
222.69.139.198 - - [05/Apr/2020:10:55:52 +0800] "GET /xingrg/all/function/internal_message.html?_=1586055336319&CODE_STATE=getMsg HTTP/1.1" 200 27
117.185.32.26 - - [05/Apr/2020:10:55:53 +0800] "GET /xingrg/images/yd/bt.gif HTTP/1.1" 404 1040
114.88.159.93 - - [05/Apr/2020:10:55:53 +0800] "GET /xingrg/kc/base/wldb_order_info.html?code=422020040400211 HTTP/1.1" 200 26199
114.84.33.255 - - [05/Apr/2020:10:55:53 +0800] "GET /xingrg/all/function/internal_message.html?_=1586055348828&CODE_STATE=getMsg HTTP/1.1" 200 27
114.88.159.93 - - [05/Apr/2020:10:55:53 +0800] "GET /xingrg/javascript/easyui/themes/default/validatebox.css HTTP/1.1" 404 1104
117.185.32.26 - - [05/Apr/2020:10:55:53 +0800] "GET /xingrg/kc/buy/cgsh_order_list.html HTTP/1.1" 200 42354
114.88.159.93 - - [05/Apr/2020:10:55:53 +0800] "POST /xingrg/kc/base/wldb_order_operate.html HTTP/1.1" 200 948
116.224.247.222 - - [05/Apr/2020:10:55:53 +0800] "POST /xingrg/kc/buy/cgsh_order_operate.html HTTP/1.1" 200 10349
117.185.32.26 - - [05/Apr/2020:10:55:54 +0800] "POST /xingrg/kc/buy/cgsh_list_operate.html HTTP/1.1" 200 876
116.224.247.222 - - [05/Apr/2020:10:55:54 +0800] "GET /xingrg/javascript/easyui/themes/default/validatebox.css HTTP/1.1" 404 1104
222.70.183.62 - - [05/Apr/2020:10:55:55 +0800] "GET /xingrg/all/function/internal_message.html?_=1586055351711&CODE_STATE=getMsg HTTP/1.1" 200 27
117.185.32.26 - - [05/Apr/2020:10:55:57 +0800] "GET /xingrg/kc/base/base_main.html HTTP/1.1" 200 12142
120.253.135.82 - - [05/Apr/2020:10:55:57 +0800] "GET /xingrg/all/function/internal_message.html?_=1586055424618&CODE_STATE=getMsg HTTP/1.1" 200 27
116.224.247.222 - - [05/Apr/2020:10:55:58 +0800] "POST /xingrg/kc/buy/cgsh_order_operate.html HTTP/1.1" 200 37
117.185.32.26 - - [05/Apr/2020:10:55:59 +0800] "GET /xingrg/kc/base/wldb_order_list.html HTTP/1.1" 200 19252
117.185.32.26 - - [05/Apr/2020:10:55:59 +0800] "POST /xingrg/kc/base/wldb_list_operate.html HTTP/1.1" 200 928
116.224.247.222 - - [05/Apr/2020:10:55:59 +0800] "POST /xingrg/kc/buy/cgsh_order_operate.html HTTP/1.1" 200 12
116.224.247.222 - - [05/Apr/2020:10:56:00 +0800] "GET /xingrg/kc/buy/cgsh_order_info.html?code=212020040500896 HTTP/1.1" 200 52781
116.224.247.222 - - [05/Apr/2020:10:56:02 +0800] "GET /xingrg/javascript/easyui/themes/default/validatebox.css HTTP/1.1" 404 1104
116.224.247.222 - - [05/Apr/2020:10:56:02 +0800] "POST /xingrg/kc/buy/cgsh_order_operate.html HTTP/1.1" 200 8293
172.17.0.106 - - [05/Apr/2020:10:56:02 +0800] "GET /xingrg/all/function/internal_message.html?_=1586055358298&CODE_STATE=getMsg HTTP/1.1" 200 27
116.224.247.222 - - [05/Apr/2020:10:56:04 +0800] "GET /xingrg/kc/print/load_data.html?order_code=212020040500896&kc_code=cgsh&condition= HTTP/1.1" 200 3636
114.88.159.93 - - [05/Apr/2020:10:56:06 +0800] "GET /xingrg/check_reg.html?_=1586055361636 HTTP/1.1" 200 22
114.88.159.93 - - [05/Apr/2020:10:56:06 +0800] "GET /xingrg/all/function/internal_message.html?_=1586055361639&CODE_STATE=getMsg HTTP/1.1" 200 27
114.88.159.93 - - [05/Apr/2020:10:56:10 +0800] "GET /xingrg/kc/base/wldb_order_add.html HTTP/1.1" 200 30319
114.88.159.93 - - [05/Apr/2020:10:56:10 +0800] "POST /xingrg/kc/base/wldb_order_operate.html HTTP/1.1" 200 6806
114.88.159.93 - - [05/Apr/2020:10:56:10 +0800] "GET /xingrg/javascript/easyui/themes/default/validatebox.css HTTP/1.1" 404 1104
116.235.222.53 - - [05/Apr/2020:10:56:13 +0800] "GET /xingrg/all/function/internal_message.html?_=1586055369312&CODE_STATE=getMsg HTTP/1.1" 200 27
101.91.62.89 - - [05/Apr/2020:10:56:24 +0800] "GET /xingrg/all/function/internal_message.html?_=1586055301642&CODE_STATE=getMsg HTTP/1.1" 302 -
172.17.0.112 - - [05/Apr/2020:10:56:25 +0800] "GET /xingrg/all/function/internal_message.html?_=1586055382433&CODE_STATE=getMsg HTTP/1.1" 302 -
114.88.159.93 - - [05/Apr/2020:10:56:27 +0800] "GET /xingrg/kc/base/wldb_order_operate.html?command=get_materiel&rest_code=00141&base_code=0010382&code=00101019253 HTTP/1.1" 200 468
101.91.62.89 - - [05/Apr/2020:10:56:27 +0800] "GET /xingrg/login.html HTTP/1.1" 200 7641
114.84.33.255 - - [05/Apr/2020:10:56:31 +0800] "GET /xingrg/all/function/internal_message.html?_=1586055388199&CODE_STATE=getMsg HTTP/1.1" 200 27
172.17.0.112 - - [05/Apr/2020:10:56:32 +0800] "GET /xingrg/all/function/internal_message.html?_=1586055389280&CODE_STATE=getMsg HTTP/1.1" 302 -
101.91.60.104 - - [05/Apr/2020:10:56:35 +0800] "GET /xingrg/kc/base/wldb_order_operate.html?command=get_materiel&rest_code=00141&base_code=0010377&code=00102002238 HTTP/1.1" 302 -
114.88.159.93 - - [05/Apr/2020:10:56:36 +0800] "GET /xingrg/kc/base/wldb_order_operate.html?command=get_materiel&rest_code=00141&base_code=0010382&code=00101019359 HTTP/1.1" 200 447
114.86.226.127 - - [05/Apr/2020:10:56:36 +0800] "GET /xingrg/all/function/internal_message.html?_=1586055414646&CODE_STATE=getMsg HTTP/1.1" 200 27
117.185.32.26 - - [05/Apr/2020:10:56:40 +0800] "GET /xingrg/kc/base/base_main.html HTTP/1.1" 200 12142
120.253.135.82 - - [05/Apr/2020:10:56:41 +0800] "GET /xingrg/all/function/internal_message.html?_=1586055145253&CODE_STATE=getMsg HTTP/1.1" 200 27
180.162.232.172 - - [05/Apr/2020:10:56:41 +0800] "GET /xingrg/all/function/internal_message.html?_=1586055524311&CODE_STATE=getMsg HTTP/1.1" 200 27
117.185.32.26 - - [05/Apr/2020:10:56:42 +0800] "GET /xingrg/all/function/internal_message.html?_=1586055801631&CODE_STATE=getMsg HTTP/1.1" 200 27
116.224.247.222 - - [05/Apr/2020:10:56:42 +0800] "GET /xingrg/all/function/internal_message.html?_=1586055580491&CODE_STATE=getMsg HTTP/1.1" 200 27
117.185.32.26 - - [05/Apr/2020:10:56:42 +0800] "GET /xingrg/kc/base/wldb_order_list.html HTTP/1.1" 200 19252
117.185.32.26 - - [05/Apr/2020:10:56:42 +0800] "POST /xingrg/kc/base/wldb_list_operate.html HTTP/1.1" 200 928
180.156.150.85 - - [05/Apr/2020:10:56:43 +0800] "GET /xingrg/all/function/internal_message.html?_=1586055399012&CODE_STATE=getMsg HTTP/1.1" 200 27
101.91.60.104 - - [05/Apr/2020:10:56:44 +0800] "GET /xingrg/login.html HTTP/1.1" 200 7641
117.185.32.26 - - [05/Apr/2020:10:56:45 +0800] "GET /xingrg/kc/base/wldb_order_add.html HTTP/1.1" 200 30313
117.185.32.26 - - [05/Apr/2020:10:56:45 +0800] "POST /xingrg/kc/base/wldb_order_operate.html HTTP/1.1" 200 6806
117.185.32.26 - - [05/Apr/2020:10:56:45 +0800] "GET /xingrg/all/common/auto_word.html?type=base&rest_code=00106 HTTP/1.1" 200 1603
117.185.32.26 - - [05/Apr/2020:10:56:45 +0800] "GET /xingrg/all/common/auto_word.html?type=base&rest_code=00106 HTTP/1.1" 200 1603
117.185.32.26 - - [05/Apr/2020:10:56:45 +0800] "GET /xingrg/javascript/easyui/themes/default/validatebox.css HTTP/1.1" 404 1104
172.17.0.185 - - [05/Apr/2020:10:56:48 +0800] "GET /xingrg/all/function/internal_message.html?_=1586055403029&CODE_STATE=getMsg HTTP/1.1" 200 27
114.88.159.93 - - [05/Apr/2020:10:56:49 +0800] "GET /xingrg/kc/base/wldb_order_operate.html?command=get_materiel&rest_code=00141&base_code=0010382&code=00101023003 HTTP/1.1" 200 428
117.185.32.26 - - [05/Apr/2020:10:56:50 +0800] "POST /xingrg/all/common/load_combo.html?type=base HTTP/1.1" 200 2878
114.84.33.255 - - [05/Apr/2020:10:56:53 +0800] "GET /xingrg/all/function/internal_message.html?_=1586055408799&CODE_STATE=getMsg HTTP/1.1" 200 27
114.84.33.255 - - [05/Apr/2020:10:56:54 +0800] "GET /xingrg/check_reg.html?_=1586055409534 HTTP/1.1" 200 22
222.70.183.62 - - [05/Apr/2020:10:56:55 +0800] "GET /xingrg/all/function/internal_message.html?_=1586055411723&CODE_STATE=getMsg HTTP/1.1" 200 27
117.185.32.26 - - [05/Apr/2020:10:56:57 +0800] "POST /xingrg/all/common/load_combo.html?type=base HTTP/1.1" 200 2878
120.253.135.82 - - [05/Apr/2020:10:56:57 +0800] "GET /xingrg/all/function/internal_message.html?_=1586055484648&CODE_STATE=getMsg HTTP/1.1" 200 27
172.17.0.106 - - [05/Apr/2020:10:57:02 +0800] "GET /xingrg/all/function/internal_message.html?_=1586055418268&CODE_STATE=getMsg HTTP/1.1" 200 27
114.88.159.93 - - [05/Apr/2020:10:57:06 +0800] "GET /xingrg/all/function/internal_message.html?_=1586055421644&CODE_STATE=getMsg HTTP/1.1" 200 27
114.88.159.93 - - [05/Apr/2020:10:57:08 +0800] "GET /xingrg/kc/base/wldb_order_operate.html?command=get_materiel&rest_code=00141&base_code=0010382&code=00101019513 HTTP/1.1" 200 466
116.235.222.53 - - [05/Apr/2020:10:57:10 +0800] "GET /xingrg/check_reg.html?_=1586055426207 HTTP/1.1" 200 22
180.97.118.219 - - [05/Apr/2020:10:57:12 +0800] "GET /xingrg/check_reg.html?_=1586055361636 HTTP/1.1" 302 -
116.235.222.53 - - [05/Apr/2020:10:57:13 +0800] "GET /xingrg/all/function/internal_message.html?_=1586055429281&CODE_STATE=getMsg HTTP/1.1" 200 27
61.151.178.180 - - [05/Apr/2020:10:57:17 +0800] "GET /xingrg/kc/base/wldb_order_add.html HTTP/1.1" 302 -
180.97.118.219 - - [05/Apr/2020:10:57:17 +0800] "GET /xingrg/login.html HTTP/1.1" 200 7641
114.88.159.93 - - [05/Apr/2020:10:57:17 +0800] "GET /xingrg/kc/base/wldb_order_operate.html?command=get_materiel&rest_code=00141&base_code=0010382&code=00101019184 HTTP/1.1" 200 443
116.224.247.222 - - [05/Apr/2020:10:57:20 +0800] "GET /xingrg/kc/buy/cgsh_order_add.html HTTP/1.1" 200 57881
116.224.247.222 - - [05/Apr/2020:10:57:23 +0800] "POST /xingrg/kc/buy/cgsh_order_operate.html HTTP/1.1" 200 8245
61.151.178.180 - - [05/Apr/2020:10:57:23 +0800] "GET /xingrg/login.html HTTP/1.1" 200 7641
116.224.247.222 - - [05/Apr/2020:10:57:23 +0800] "GET /xingrg/javascript/easyui/themes/default/validatebox.css HTTP/1.1" 404 1104
172.17.0.112 - - [05/Apr/2020:10:57:25 +0800] "GET /xingrg/all/function/internal_message.html?_=1586055442444&CODE_STATE=getMsg HTTP/1.1" 302 -
114.88.159.93 - - [05/Apr/2020:10:57:28 +0800] "GET /xingrg/kc/base/wldb_order_operate.html?command=get_materiel&rest_code=00141&base_code=0010382&code=00101013223 HTTP/1.1" 200 432
114.84.33.255 - - [05/Apr/2020:10:57:31 +0800] "GET /xingrg/check_reg.html?_=1586055448033 HTTP/1.1" 200 22
114.84.33.255 - - [05/Apr/2020:10:57:31 +0800] "GET /xingrg/all/function/internal_message.html?_=1586055448213&CODE_STATE=getMsg HTTP/1.1" 200 27
172.17.0.112 - - [05/Apr/2020:10:57:32 +0800] "GET /xingrg/all/function/internal_message.html?_=1586055449316&CODE_STATE=getMsg HTTP/1.1" 302 -
117.185.32.26 - - [05/Apr/2020:10:57:35 +0800] "GET /xingrg/javascript/auto/indicator.gif HTTP/1.1" 404 1066
114.88.159.93 - - [05/Apr/2020:10:57:35 +0800] "GET /xingrg/kc/base/wldb_order_operate.html?command=get_materiel&rest_code=00141&base_code=0010382&code=00101019169 HTTP/1.1" 200 478
172.17.0.112 - - [05/Apr/2020:10:57:36 +0800] "GET /xingrg/check_reg.html?_=1586055453247 HTTP/1.1" 302 -
114.86.226.127 - - [05/Apr/2020:10:57:36 +0800] "GET /xingrg/check_reg.html?_=1586055474640 HTTP/1.1" 200 22
114.86.226.127 - - [05/Apr/2020:10:57:36 +0800] "GET /xingrg/all/function/internal_message.html?_=1586055474640&CODE_STATE=getMsg HTTP/1.1" 200 27
120.253.135.82 - - [05/Apr/2020:10:57:41 +0800] "GET /xingrg/check_reg.html?_=1586055204955 HTTP/1.1" 200 22
120.253.135.82 - - [05/Apr/2020:10:57:41 +0800] "GET /xingrg/all/function/internal_message.html?_=1586055205267&CODE_STATE=getMsg HTTP/1.1" 200 27
180.162.232.172 - - [05/Apr/2020:10:57:41 +0800] "GET /xingrg/all/function/internal_message.html?_=1586055584325&CODE_STATE=getMsg HTTP/1.1" 200 27
117.185.32.26 - - [05/Apr/2020:10:57:42 +0800] "GET /xingrg/all/function/internal_message.html?_=1586055861627&CODE_STATE=getMsg HTTP/1.1" 200 27
61.151.178.166 - - [05/Apr/2020:10:57:42 +0800] "GET /xingrg/kc/base/wldb_order_operate.html?command=get_materiel&rest_code=00141&base_code=0010382&code=00101019359 HTTP/1.1" 302 -
116.224.247.222 - - [05/Apr/2020:10:57:43 +0800] "GET /xingrg/all/function/internal_message.html?_=1586055641174&CODE_STATE=getMsg HTTP/1.1" 200 27
180.156.150.85 - - [05/Apr/2020:10:57:43 +0800] "GET /xingrg/all/function/internal_message.html?_=1586055459013&CODE_STATE=getMsg HTTP/1.1" 200 27
180.156.150.85 - - [05/Apr/2020:10:57:43 +0800] "GET /xingrg/check_reg.html?_=1586055459016 HTTP/1.1" 200 22
61.151.178.166 - - [05/Apr/2020:10:57:47 +0800] "GET /xingrg/login.html HTTP/1.1" 200 7641
117.185.32.26 - - [05/Apr/2020:10:57:47 +0800] "GET /xingrg/kc/base/wldb_order_operate.html?command=get_materiel&rest_code=00106&base_code=0010397&code=00102002453 HTTP/1.1" 200 435
172.17.0.185 - - [05/Apr/2020:10:57:48 +0800] "GET /xingrg/all/function/internal_message.html?_=1586055463034&CODE_STATE=getMsg HTTP/1.1" 200 27
101.89.239.120 - - [05/Apr/2020:10:57:52 +0800] "GET /xingrg/kc/base/wldb_order_operate.html?command=get_materiel&rest_code=00141&base_code=0010382&code=00101023003 HTTP/1.1" 302 -
116.224.247.222 - - [05/Apr/2020:10:57:52 +0800] "GET /xingrg/kc/buy/cgsh_order_operate.html?command=get_materiel&rest_code=00102&code=00101009011&supplier_code=00100096&order_time=2020-04-05 HTTP/1.1" 200 416
114.84.33.255 - - [05/Apr/2020:10:57:53 +0800] "GET /xingrg/all/function/internal_message.html?_=1586055463692&CODE_STATE=getMsg HTTP/1.1" 200 27
101.89.239.120 - - [05/Apr/2020:10:57:53 +0800] "GET /xingrg/login.html HTTP/1.1" 200 7641
222.70.183.62 - - [05/Apr/2020:10:57:55 +0800] "GET /xingrg/all/function/internal_message.html?_=1586055471832&CODE_STATE=getMsg HTTP/1.1" 200 27
120.253.135.82 - - [05/Apr/2020:10:57:57 +0800] "GET /xingrg/all/function/internal_message.html?_=1586055544659&CODE_STATE=getMsg HTTP/1.1" 200 27
117.185.32.26 - - [05/Apr/2020:10:57:57 +0800] "POST /xingrg/kc/base/wldb_order_operate.html HTTP/1.1" 200 37
117.185.32.26 - - [05/Apr/2020:10:57:57 +0800] "POST /xingrg/kc/base/wldb_order_operate.html HTTP/1.1" 200 2185
117.185.32.26 - - [05/Apr/2020:10:57:58 +0800] "GET /xingrg/kc/base/wldb_order_info.html?code=422020040500268 HTTP/1.1" 200 30326
117.185.32.26 - - [05/Apr/2020:10:57:59 +0800] "GET /xingrg/javascript/easyui/themes/default/validatebox.css HTTP/1.1" 404 1104
117.185.32.26 - - [05/Apr/2020:10:57:59 +0800] "POST /xingrg/kc/base/wldb_order_operate.html HTTP/1.1" 200 2185
172.17.0.106 - - [05/Apr/2020:10:58:02 +0800] "GET /xingrg/all/function/internal_message.html?_=1586055478239&CODE_STATE=getMsg HTTP/1.1" 200 27
117.185.32.26 - - [05/Apr/2020:10:58:03 +0800] "GET /xingrg/kc/base/wldb_order_add.html HTTP/1.1" 200 30313
117.185.32.26 - - [05/Apr/2020:10:58:03 +0800] "GET /xingrg/javascript/easyui/themes/default/validatebox.css HTTP/1.1" 404 1104
117.185.32.26 - - [05/Apr/2020:10:58:03 +0800] "POST /xingrg/kc/base/wldb_order_operate.html HTTP/1.1" 200 6806
114.88.159.93 - - [05/Apr/2020:10:58:04 +0800] "GET /xingrg/kc/base/wldb_order_operate.html?command=get_materiel&rest_code=00141&base_code=0010382&code=00101019026 HTTP/1.1" 200 467
117.185.32.26 - - [05/Apr/2020:10:58:05 +0800] "POST /xingrg/all/common/load_combo.html?type=base HTTP/1.1" 200 2878
114.88.159.93 - - [05/Apr/2020:10:58:06 +0800] "GET /xingrg/all/function/internal_message.html?_=1586055481634&CODE_STATE=getMsg HTTP/1.1" 200 27
117.185.32.26 - - [05/Apr/2020:10:58:09 +0800] "POST /xingrg/all/common/load_combo.html?type=base HTTP/1.1" 200 2878
114.88.159.93 - - [05/Apr/2020:10:58:10 +0800] "POST /xingrg/kc/base/wldb_order_operate.html HTTP/1.1" 200 37
114.88.159.93 - - [05/Apr/2020:10:58:11 +0800] "POST /xingrg/kc/base/wldb_order_operate.html HTTP/1.1" 200 12
114.88.159.93 - - [05/Apr/2020:10:58:11 +0800] "POST /xingrg/kc/base/wldb_order_operate.html HTTP/1.1" 200 4212
116.235.222.53 - - [05/Apr/2020:10:58:13 +0800] "GET /xingrg/all/function/internal_message.html?_=1586055489284&CODE_STATE=getMsg HTTP/1.1" 200 27
101.227.139.171 - - [05/Apr/2020:10:58:19 +0800] "GET /xingrg/all/function/internal_message.html?_=1586055421644&CODE_STATE=getMsg HTTP/1.1" 302 -
101.227.139.171 - - [05/Apr/2020:10:58:22 +0800] "GET /xingrg/login.html HTTP/1.1" 200 7641
101.91.60.104 - - [05/Apr/2020:10:58:24 +0800] "GET /xingrg/kc/base/wldb_order_operate.html?command=get_materiel&rest_code=00141&base_code=0010382&code=00101019184 HTTP/1.1" 302 -
172.17.0.112 - - [05/Apr/2020:10:58:25 +0800] "GET /xingrg/all/function/internal_message.html?_=1586055502479&CODE_STATE=getMsg HTTP/1.1" 302 -
114.88.159.93 - - [05/Apr/2020:10:58:25 +0800] "GET /xingrg/kc/base/wldb_order_info.html?code=422020040500269 HTTP/1.1" 200 26198
114.88.159.93 - - [05/Apr/2020:10:58:26 +0800] "GET /xingrg/javascript/easyui/themes/default/validatebox.css HTTP/1.1" 404 1104
114.88.159.93 - - [05/Apr/2020:10:58:26 +0800] "POST /xingrg/kc/base/wldb_order_operate.html HTTP/1.1" 200 2462
116.224.247.222 - - [05/Apr/2020:10:58:30 +0800] "GET /xingrg/check_reg.html?_=1586055687931 HTTP/1.1" 200 22
114.84.33.255 - - [05/Apr/2020:10:58:31 +0800] "GET /xingrg/all/function/internal_message.html?_=1586055508226&CODE_STATE=getMsg HTTP/1.1" 200 27
172.17.0.112 - - [05/Apr/2020:10:58:32 +0800] "GET /xingrg/all/function/internal_message.html?_=1586055509360&CODE_STATE=getMsg HTTP/1.1" 302 -
101.91.60.104 - - [05/Apr/2020:10:58:34 +0800] "GET /xingrg/login.html HTTP/1.1" 200 7641
114.86.226.127 - - [05/Apr/2020:10:58:36 +0800] "GET /xingrg/all/function/internal_message.html?_=1586055534640&CODE_STATE=getMsg HTTP/1.1" 200 27
117.185.32.26 - - [05/Apr/2020:10:58:37 +0800] "GET /xingrg/kc/base/wldb_order_operate.html?command=get_materiel&rest_code=00106&base_code=0010397&code=00102002204 HTTP/1.1" 200 434
120.253.135.82 - - [05/Apr/2020:10:58:41 +0800] "GET /xingrg/all/function/internal_message.html?_=1586055265280&CODE_STATE=getMsg HTTP/1.1" 200 27
180.162.232.172 - - [05/Apr/2020:10:58:41 +0800] "GET /xingrg/all/function/internal_message.html?_=1586055644341&CODE_STATE=getMsg HTTP/1.1" 200 27
117.185.32.26 - - [05/Apr/2020:10:58:42 +0800] "GET /xingrg/all/function/internal_message.html?_=1586055921638&CODE_STATE=getMsg HTTP/1.1" 200 27
116.224.247.222 - - [05/Apr/2020:10:58:43 +0800] "GET /xingrg/all/function/internal_message.html?_=1586055701188&CODE_STATE=getMsg HTTP/1.1" 200 27
180.156.150.85 - - [05/Apr/2020:10:58:43 +0800] "GET /xingrg/all/function/internal_message.html?_=1586055519016&CODE_STATE=getMsg HTTP/1.1" 200 27
116.224.247.222 - - [05/Apr/2020:10:58:45 +0800] "GET /xingrg/kc/buy/cgsh_order_operate.html?command=get_materiel&rest_code=00102&code=00101009018&supplier_code=00100096&order_time=2020-04-05 HTTP/1.1" 200 408
172.17.0.185 - - [05/Apr/2020:10:58:48 +0800] "GET /xingrg/all/function/internal_message.html?_=1586055523038&CODE_STATE=getMsg HTTP/1.1" 200 27
172.17.0.185 - - [05/Apr/2020:10:58:48 +0800] "GET /xingrg/check_reg.html?_=1586055523041 HTTP/1.1" 200 22
117.185.32.26 - - [05/Apr/2020:10:58:53 +0800] "GET /xingrg/kc/base/wldb_order_operate.html?command=get_materiel&rest_code=00106&base_code=0010397&code=00102002188 HTTP/1.1" 200 427
114.84.33.255 - - [05/Apr/2020:10:58:53 +0800] "GET /xingrg/all/function/internal_message.html?_=1586055523662&CODE_STATE=getMsg HTTP/1.1" 200 27
222.70.183.62 - - [05/Apr/2020:10:58:55 +0800] "GET /xingrg/all/function/internal_message.html?_=1586055531845&CODE_STATE=getMsg HTTP/1.1" 200 27
120.253.135.82 - - [05/Apr/2020:10:58:57 +0800] "GET /xingrg/all/function/internal_message.html?_=1586055604686&CODE_STATE=getMsg HTTP/1.1" 200 27
172.17.0.106 - - [05/Apr/2020:10:59:02 +0800] "GET /xingrg/all/function/internal_message.html?_=1586055538209&CODE_STATE=getMsg HTTP/1.1" 200 27
172.17.0.112 - - [05/Apr/2020:10:59:04 +0800] "GET /xingrg/check_reg.html?_=1586055540834 HTTP/1.1" 302 -
114.88.159.93 - - [05/Apr/2020:10:59:06 +0800] "GET /xingrg/all/function/internal_message.html?_=1586055541657&CODE_STATE=getMsg HTTP/1.1" 200 27
101.91.62.99 - - [05/Apr/2020:10:59:06 +0800] "GET /xingrg/kc/base/wldb_order_operate.html?command=get_materiel&rest_code=00141&base_code=0010382&code=00101019026 HTTP/1.1" 302 -
101.91.62.99 - - [05/Apr/2020:10:59:09 +0800] "GET /xingrg/login.html HTTP/1.1" 200 7641
116.224.247.222 - - [05/Apr/2020:10:59:12 +0800] "GET /xingrg/kc/buy/cgsh_order_operate.html?command=get_materiel&rest_code=00102&code=00101009016&supplier_code=00100096&order_time=2020-04-05 HTTP/1.1" 200 414
116.235.222.53 - - [05/Apr/2020:10:59:13 +0800] "GET /xingrg/all/function/internal_message.html?_=1586055549279&CODE_STATE=getMsg HTTP/1.1" 200 27
117.185.32.26 - - [05/Apr/2020:10:59:16 +0800] "GET /xingrg/kc/base/wldb_order_operate.html?command=get_materiel&rest_code=00106&base_code=0010397&code=00102002189 HTTP/1.1" 200 433
172.17.0.112 - - [05/Apr/2020:10:59:25 +0800] "GET /xingrg/all/function/internal_message.html?_=1586055562488&CODE_STATE=getMsg HTTP/1.1" 302 -
61.129.6.251 - - [05/Apr/2020:10:59:31 +0800] "GET /xingrg/kc/base/wldb_order_info.html?code=422020040500269 HTTP/1.1" 302 -
114.84.33.255 - - [05/Apr/2020:10:59:31 +0800] "GET /xingrg/all/function/internal_message.html?_=1586055568240&CODE_STATE=getMsg HTTP/1.1" 200 27
172.17.0.112 - - [05/Apr/2020:10:59:32 +0800] "GET /xingrg/all/function/internal_message.html?_=1586055569368&CODE_STATE=getMsg HTTP/1.1" 302 -
