172.17.0.112 - - [05/Apr/2020:09:49:24 +0800] "GET /xingrg/all/function/internal_message.html?_=1586051360866&CODE_STATE=getMsg HTTP/1.1" 302 -
114.84.33.255 - - [05/Apr/2020:09:49:26 +0800] "GET /xingrg/all/function/internal_message.html?_=1586051363327&CODE_STATE=getMsg HTTP/1.1" 200 27
116.224.247.222 - - [05/Apr/2020:09:49:28 +0800] "GET /xingrg/all/function/internal_message.html?_=1586051545977&CODE_STATE=getMsg HTTP/1.1" 200 27
117.131.5.26 - - [05/Apr/2020:09:49:29 +0800] "GET /xingrg/check_reg.html?_=1586051369721 HTTP/1.1" 200 22
172.17.0.112 - - [05/Apr/2020:09:49:30 +0800] "GET /xingrg/all/function/internal_message.html?_=1586051367652&CODE_STATE=getMsg HTTP/1.1" 302 -
117.184.7.26 - - [05/Apr/2020:09:49:32 +0800] "GET /xingrg/all/function/internal_message.html?_=1586051356258&CODE_STATE=getMsg HTTP/1.1" 200 27
222.69.139.198 - - [05/Apr/2020:09:49:39 +0800] "GET /xingrg/all/function/internal_message.html?_=1586051374938&CODE_STATE=getMsg HTTP/1.1" 200 27
117.185.32.26 - - [05/Apr/2020:09:49:41 +0800] "GET /xingrg/all/function/internal_message.html?_=1586051781314&CODE_STATE=getMsg HTTP/1.1" 200 27
180.156.150.85 - - [05/Apr/2020:09:49:43 +0800] "GET /xingrg/all/function/internal_message.html?_=1586051378947&CODE_STATE=getMsg HTTP/1.1" 200 27
117.131.5.26 - - [05/Apr/2020:09:49:44 +0800] "GET /xingrg/all/function/internal_message.html?_=1586051385393&CODE_STATE=getMsg HTTP/1.1" 200 27
117.131.5.26 - - [05/Apr/2020:09:49:46 +0800] "GET /xingrg/check_reg.html?_=1586051640123 HTTP/1.1" 200 22
172.17.0.185 - - [05/Apr/2020:09:49:48 +0800] "GET /xingrg/all/function/internal_message.html?_=1586051383036&CODE_STATE=getMsg HTTP/1.1" 200 27
120.253.135.82 - - [05/Apr/2020:09:49:48 +0800] "GET /xingrg/check_reg.html?_=1586051455747 HTTP/1.1" 200 22
120.253.135.82 - - [05/Apr/2020:09:49:49 +0800] "GET /xingrg/all/function/internal_message.html?_=1586051457182&CODE_STATE=getMsg HTTP/1.1" 200 27
120.253.135.82 - - [05/Apr/2020:09:49:50 +0800] "GET /xingrg/check_reg.html?_=1586051134501 HTTP/1.1" 200 22
222.70.183.62 - - [05/Apr/2020:09:49:53 +0800] "GET /xingrg/check_reg.html?_=1586051389381 HTTP/1.1" 200 22
222.70.183.62 - - [05/Apr/2020:09:49:53 +0800] "GET /xingrg/all/function/internal_message.html?_=1586051389565&CODE_STATE=getMsg HTTP/1.1" 200 27
120.253.135.82 - - [05/Apr/2020:09:49:55 +0800] "GET /xingrg/all/function/internal_message.html?_=1586051139632&CODE_STATE=getMsg HTTP/1.1" 200 27
117.131.5.26 - - [05/Apr/2020:09:49:59 +0800] "GET /xingrg/all/function/internal_message.html?_=1586051653640&CODE_STATE=getMsg HTTP/1.1" 200 27
114.88.159.93 - - [05/Apr/2020:09:50:06 +0800] "GET /xingrg/all/function/internal_message.html?_=1586051401488&CODE_STATE=getMsg HTTP/1.1" 200 27
116.235.222.53 - - [05/Apr/2020:09:50:07 +0800] "GET /xingrg/all/function/internal_message.html?_=1586051402855&CODE_STATE=getMsg HTTP/1.1" 200 27
172.17.0.106 - - [05/Apr/2020:09:50:20 +0800] "GET /xingrg/all/function/internal_message.html?_=1586051415856&CODE_STATE=getMsg HTTP/1.1" 200 27
172.17.0.112 - - [05/Apr/2020:09:50:24 +0800] "GET /xingrg/all/function/internal_message.html?_=1586051420897&CODE_STATE=getMsg HTTP/1.1" 302 -
114.84.33.255 - - [05/Apr/2020:09:50:26 +0800] "GET /xingrg/check_reg.html?_=1586051423375 HTTP/1.1" 200 22
114.84.33.255 - - [05/Apr/2020:09:50:26 +0800] "GET /xingrg/all/function/internal_message.html?_=1586051423377&CODE_STATE=getMsg HTTP/1.1" 200 27
116.224.247.222 - - [05/Apr/2020:09:50:28 +0800] "GET /xingrg/all/function/internal_message.html?_=1586051605990&CODE_STATE=getMsg HTTP/1.1" 200 27
172.17.0.112 - - [05/Apr/2020:09:50:31 +0800] "GET /xingrg/all/function/internal_message.html?_=1586051427688&CODE_STATE=getMsg HTTP/1.1" 302 -
117.184.7.26 - - [05/Apr/2020:09:50:32 +0800] "GET /xingrg/all/function/internal_message.html?_=1586051416264&CODE_STATE=getMsg HTTP/1.1" 200 27
222.69.139.198 - - [05/Apr/2020:09:50:39 +0800] "GET /xingrg/all/function/internal_message.html?_=1586051434922&CODE_STATE=getMsg HTTP/1.1" 200 27
117.185.32.26 - - [05/Apr/2020:09:50:41 +0800] "GET /xingrg/all/function/internal_message.html?_=1586051841312&CODE_STATE=getMsg HTTP/1.1" 200 27
117.185.32.26 - - [05/Apr/2020:09:50:41 +0800] "GET /xingrg/check_reg.html?_=1586051841314 HTTP/1.1" 200 22
180.156.150.85 - - [05/Apr/2020:09:50:43 +0800] "GET /xingrg/all/function/internal_message.html?_=1586051438954&CODE_STATE=getMsg HTTP/1.1" 200 27
117.131.5.26 - - [05/Apr/2020:09:50:44 +0800] "GET /xingrg/all/function/internal_message.html?_=1586051445393&CODE_STATE=getMsg HTTP/1.1" 200 27
172.17.0.185 - - [05/Apr/2020:09:50:48 +0800] "GET /xingrg/all/function/internal_message.html?_=1586051443029&CODE_STATE=getMsg HTTP/1.1" 200 27
120.253.135.82 - - [05/Apr/2020:09:50:49 +0800] "GET /xingrg/all/function/internal_message.html?_=1586051517197&CODE_STATE=getMsg HTTP/1.1" 200 27
222.70.183.62 - - [05/Apr/2020:09:50:53 +0800] "GET /xingrg/all/function/internal_message.html?_=1586051449580&CODE_STATE=getMsg HTTP/1.1" 200 27
120.253.135.82 - - [05/Apr/2020:09:50:55 +0800] "GET /xingrg/all/function/internal_message.html?_=1586051199645&CODE_STATE=getMsg HTTP/1.1" 200 27
117.131.5.26 - - [05/Apr/2020:09:50:59 +0800] "GET /xingrg/all/function/internal_message.html?_=1586051713681&CODE_STATE=getMsg HTTP/1.1" 200 27
114.88.159.93 - - [05/Apr/2020:09:51:06 +0800] "GET /xingrg/all/function/internal_message.html?_=1586051461487&CODE_STATE=getMsg HTTP/1.1" 200 27
114.88.159.93 - - [05/Apr/2020:09:51:06 +0800] "GET /xingrg/check_reg.html?_=1586051461488 HTTP/1.1" 200 22
116.235.222.53 - - [05/Apr/2020:09:51:07 +0800] "GET /xingrg/all/function/internal_message.html?_=1586051462841&CODE_STATE=getMsg HTTP/1.1" 200 27
61.151.207.186 - - [05/Apr/2020:09:51:07 +0800] "GET /xingrg/all/function/internal_message.html?_=1586051401488&CODE_STATE=getMsg HTTP/1.1" 302 -
61.151.207.186 - - [05/Apr/2020:09:51:09 +0800] "GET /xingrg/login.html HTTP/1.1" 200 7641
172.17.0.106 - - [05/Apr/2020:09:51:20 +0800] "GET /xingrg/all/function/internal_message.html?_=1586051475871&CODE_STATE=getMsg HTTP/1.1" 200 27
172.17.0.112 - - [05/Apr/2020:09:51:24 +0800] "GET /xingrg/all/function/internal_message.html?_=1586051480908&CODE_STATE=getMsg HTTP/1.1" 302 -
114.84.33.255 - - [05/Apr/2020:09:51:26 +0800] "GET /xingrg/all/function/internal_message.html?_=1586051483385&CODE_STATE=getMsg HTTP/1.1" 200 27
116.224.247.222 - - [05/Apr/2020:09:51:28 +0800] "GET /xingrg/all/function/internal_message.html?_=1586051666004&CODE_STATE=getMsg HTTP/1.1" 200 27
172.17.0.112 - - [05/Apr/2020:09:51:31 +0800] "GET /xingrg/all/function/internal_message.html?_=1586051487694&CODE_STATE=getMsg HTTP/1.1" 302 -
117.184.7.26 - - [05/Apr/2020:09:51:32 +0800] "GET /xingrg/all/function/internal_message.html?_=1586051476263&CODE_STATE=getMsg HTTP/1.1" 200 27
222.69.139.198 - - [05/Apr/2020:09:51:39 +0800] "GET /xingrg/check_reg.html?_=1586051494907 HTTP/1.1" 200 22
222.69.139.198 - - [05/Apr/2020:09:51:39 +0800] "GET /xingrg/all/function/internal_message.html?_=1586051494911&CODE_STATE=getMsg HTTP/1.1" 200 27
117.185.32.26 - - [05/Apr/2020:09:51:41 +0800] "GET /xingrg/all/function/internal_message.html?_=1586051901312&CODE_STATE=getMsg HTTP/1.1" 200 27
180.156.150.85 - - [05/Apr/2020:09:51:43 +0800] "GET /xingrg/all/function/internal_message.html?_=1586051498953&CODE_STATE=getMsg HTTP/1.1" 200 27
117.131.5.26 - - [05/Apr/2020:09:51:44 +0800] "GET /xingrg/all/function/internal_message.html?_=1586051505409&CODE_STATE=getMsg HTTP/1.1" 200 27
172.17.0.185 - - [05/Apr/2020:09:51:48 +0800] "GET /xingrg/all/function/internal_message.html?_=1586051503038&CODE_STATE=getMsg HTTP/1.1" 200 27
120.253.135.82 - - [05/Apr/2020:09:51:49 +0800] "GET /xingrg/all/function/internal_message.html?_=1586051577210&CODE_STATE=getMsg HTTP/1.1" 200 27
222.70.183.62 - - [05/Apr/2020:09:51:53 +0800] "GET /xingrg/all/function/internal_message.html?_=1586051509592&CODE_STATE=getMsg HTTP/1.1" 200 27
120.253.135.82 - - [05/Apr/2020:09:51:56 +0800] "GET /xingrg/all/function/internal_message.html?_=1586051259663&CODE_STATE=getMsg HTTP/1.1" 200 27
120.253.135.82 - - [05/Apr/2020:09:51:58 +0800] "GET /xingrg/kc/pszx/mdps_order_list.html?orderType=0 HTTP/1.1" 200 20964
120.253.135.82 - - [05/Apr/2020:09:51:59 +0800] "POST /xingrg/kc/pszx/mdps_list_operate.html HTTP/1.1" 200 2792
117.131.5.26 - - [05/Apr/2020:09:51:59 +0800] "GET /xingrg/all/function/internal_message.html?_=1586051773753&CODE_STATE=getMsg HTTP/1.1" 200 27
120.253.135.82 - - [05/Apr/2020:09:52:02 +0800] "GET /xingrg/kc/pszx/mdqp_order_list.html?state=10 HTTP/1.1" 200 10912
120.253.135.82 - - [05/Apr/2020:09:52:02 +0800] "GET /xingrg/dwr/interface/AjaxQqpsService.js HTTP/1.1" 200 16326
120.253.135.82 - - [05/Apr/2020:09:52:02 +0800] "GET /xingrg/dwr/interface/AjaxReportQueryService.js HTTP/1.1" 200 13203
120.253.135.82 - - [05/Apr/2020:09:52:02 +0800] "GET /xingrg/dwr/engine.js HTTP/1.1" 200 43631
120.253.135.82 - - [05/Apr/2020:09:52:05 +0800] "GET /xingrg/kc/pszx/mdqp_order_info.html?code=302020040500028 HTTP/1.1" 200 13338
120.253.135.82 - - [05/Apr/2020:09:52:05 +0800] "GET /xingrg/dwr/interface/AjaxQqpsService.js HTTP/1.1" 200 16326
120.253.135.82 - - [05/Apr/2020:09:52:05 +0800] "GET /xingrg/dwr/engine.js HTTP/1.1" 200 43631
120.253.135.82 - - [05/Apr/2020:09:52:05 +0800] "GET /xingrg/dwr/interface/AjaxComOrderService.js HTTP/1.1" 200 18264
120.253.135.82 - - [05/Apr/2020:09:52:05 +0800] "POST /xingrg/dwr/call/plaincall/AjaxQqpsService.loadMaterielItems.dwr HTTP/1.1" 200 990
114.88.159.93 - - [05/Apr/2020:09:52:06 +0800] "GET /xingrg/all/function/internal_message.html?_=1586051521528&CODE_STATE=getMsg HTTP/1.1" 200 27
61.129.6.174 - - [05/Apr/2020:09:52:06 +0800] "GET /xingrg/check_reg.html?_=1586051461488 HTTP/1.1" 302 -
116.235.222.53 - - [05/Apr/2020:09:52:07 +0800] "GET /xingrg/check_reg.html?_=1586051522557 HTTP/1.1" 200 22
116.235.222.53 - - [05/Apr/2020:09:52:07 +0800] "GET /xingrg/all/function/internal_message.html?_=1586051522825&CODE_STATE=getMsg HTTP/1.1" 200 27
61.129.6.174 - - [05/Apr/2020:09:52:07 +0800] "GET /xingrg/login.html HTTP/1.1" 200 7641
101.91.62.89 - - [05/Apr/2020:09:52:12 +0800] "GET /xingrg/all/function/internal_message.html?_=1586051461487&CODE_STATE=getMsg HTTP/1.1" 302 -
120.253.135.82 - - [05/Apr/2020:09:52:13 +0800] "GET /xingrg/kc/pszx/mdqp_order_list.html?isBack=1 HTTP/1.1" 302 -
222.70.183.62 - - [05/Apr/2020:09:52:13 +0800] "GET /xingrg/kc/buy/buy_main.html HTTP/1.1" 200 12412
120.253.135.82 - - [05/Apr/2020:09:52:13 +0800] "GET /xingrg/kc/pszx/mdqp_order_list.html?state=10 HTTP/1.1" 200 10912
222.70.183.62 - - [05/Apr/2020:09:52:13 +0800] "GET /xingrg/css/new_ie.css HTTP/1.1" 404 1036
120.253.135.82 - - [05/Apr/2020:09:52:13 +0800] "GET /xingrg/dwr/interface/AjaxQqpsService.js HTTP/1.1" 200 16326
120.253.135.82 - - [05/Apr/2020:09:52:13 +0800] "GET /xingrg/dwr/interface/AjaxReportQueryService.js HTTP/1.1" 200 13203
120.253.135.82 - - [05/Apr/2020:09:52:13 +0800] "GET /xingrg/dwr/engine.js HTTP/1.1" 200 43631
222.70.183.62 - - [05/Apr/2020:09:52:13 +0800] "GET /xingrg/images/yd/bt.gif HTTP/1.1" 404 1040
222.70.183.62 - - [05/Apr/2020:09:52:14 +0800] "GET /xingrg/kc/buy/cgsh_order_list.html HTTP/1.1" 200 42354
222.70.183.62 - - [05/Apr/2020:09:52:15 +0800] "POST /xingrg/kc/buy/cgsh_list_operate.html HTTP/1.1" 200 1691
101.91.62.89 - - [05/Apr/2020:09:52:16 +0800] "GET /xingrg/login.html HTTP/1.1" 200 7641
222.70.183.62 - - [05/Apr/2020:09:52:18 +0800] "GET /xingrg/kc/buy/cgsh_order_add.html HTTP/1.1" 200 57963
222.70.183.62 - - [05/Apr/2020:09:52:18 +0800] "POST /xingrg/kc/buy/cgsh_order_operate.html HTTP/1.1" 200 8245
222.70.183.62 - - [05/Apr/2020:09:52:18 +0800] "GET /xingrg/javascript/easyui/themes/default/validatebox.css HTTP/1.1" 404 1104
172.17.0.106 - - [05/Apr/2020:09:52:20 +0800] "GET /xingrg/all/function/internal_message.html?_=1586051535857&CODE_STATE=getMsg HTTP/1.1" 200 27
172.17.0.112 - - [05/Apr/2020:09:52:24 +0800] "GET /xingrg/all/function/internal_message.html?_=1586051540944&CODE_STATE=getMsg HTTP/1.1" 302 -
120.253.135.82 - - [05/Apr/2020:09:52:25 +0800] "GET /xingrg/kc/pszx/mdqp_order_info.html?code=302020040500028 HTTP/1.1" 200 13338
120.253.135.82 - - [05/Apr/2020:09:52:25 +0800] "GET /xingrg/dwr/interface/AjaxComOrderService.js HTTP/1.1" 200 18264
120.253.135.82 - - [05/Apr/2020:09:52:25 +0800] "GET /xingrg/dwr/interface/AjaxQqpsService.js HTTP/1.1" 200 16326
120.253.135.82 - - [05/Apr/2020:09:52:25 +0800] "GET /xingrg/dwr/engine.js HTTP/1.1" 200 43631
120.253.135.82 - - [05/Apr/2020:09:52:25 +0800] "POST /xingrg/dwr/call/plaincall/AjaxQqpsService.loadMaterielItems.dwr HTTP/1.1" 200 990
114.84.33.255 - - [05/Apr/2020:09:52:26 +0800] "GET /xingrg/all/function/internal_message.html?_=1586051543398&CODE_STATE=getMsg HTTP/1.1" 200 27
116.224.247.222 - - [05/Apr/2020:09:52:28 +0800] "GET /xingrg/all/function/internal_message.html?_=1586051726017&CODE_STATE=getMsg HTTP/1.1" 200 27
172.17.0.112 - - [05/Apr/2020:09:52:31 +0800] "GET /xingrg/all/function/internal_message.html?_=1586051547734&CODE_STATE=getMsg HTTP/1.1" 302 -
117.184.7.26 - - [05/Apr/2020:09:52:32 +0800] "GET /xingrg/all/function/internal_message.html?_=1586051536268&CODE_STATE=getMsg HTTP/1.1" 200 27
120.253.135.82 - - [05/Apr/2020:09:52:33 +0800] "GET /xingrg/kc/pszx/mdqp_order_list.html?isBack=1 HTTP/1.1" 302 -
120.253.135.82 - - [05/Apr/2020:09:52:33 +0800] "GET /xingrg/kc/pszx/mdqp_order_list.html?state=10 HTTP/1.1" 200 10912
120.253.135.82 - - [05/Apr/2020:09:52:33 +0800] "GET /xingrg/dwr/interface/AjaxReportQueryService.js HTTP/1.1" 200 13203
120.253.135.82 - - [05/Apr/2020:09:52:33 +0800] "GET /xingrg/dwr/interface/AjaxQqpsService.js HTTP/1.1" 200 16326
120.253.135.82 - - [05/Apr/2020:09:52:33 +0800] "GET /xingrg/dwr/engine.js HTTP/1.1" 200 43631
172.17.0.112 - - [05/Apr/2020:09:52:36 +0800] "GET /xingrg/check_reg.html?_=1586051553171 HTTP/1.1" 302 -
222.69.139.198 - - [05/Apr/2020:09:52:39 +0800] "GET /xingrg/all/function/internal_message.html?_=1586051554880&CODE_STATE=getMsg HTTP/1.1" 200 27
117.185.32.26 - - [05/Apr/2020:09:52:41 +0800] "GET /xingrg/all/function/internal_message.html?_=1586051961305&CODE_STATE=getMsg HTTP/1.1" 200 27
180.156.150.85 - - [05/Apr/2020:09:52:43 +0800] "GET /xingrg/check_reg.html?_=1586051558951 HTTP/1.1" 200 22
180.156.150.85 - - [05/Apr/2020:09:52:43 +0800] "GET /xingrg/all/function/internal_message.html?_=1586051558953&CODE_STATE=getMsg HTTP/1.1" 200 27
117.131.5.26 - - [05/Apr/2020:09:52:44 +0800] "GET /xingrg/all/function/internal_message.html?_=1586051565409&CODE_STATE=getMsg HTTP/1.1" 200 27
222.70.183.62 - - [05/Apr/2020:09:52:47 +0800] "GET /xingrg/kc/buy/cgsh_order_operate.html?command=get_materiel&rest_code=00111&code=00101008261&supplier_code=00100005&order_time=2020-04-05 HTTP/1.1" 200 408
172.17.0.185 - - [05/Apr/2020:09:52:48 +0800] "GET /xingrg/all/function/internal_message.html?_=1586051563029&CODE_STATE=getMsg HTTP/1.1" 200 27
120.253.135.82 - - [05/Apr/2020:09:52:49 +0800] "GET /xingrg/all/function/internal_message.html?_=1586051637224&CODE_STATE=getMsg HTTP/1.1" 200 27
222.70.183.62 - - [05/Apr/2020:09:52:53 +0800] "GET /xingrg/all/function/internal_message.html?_=1586051569606&CODE_STATE=getMsg HTTP/1.1" 200 27
120.253.135.82 - - [05/Apr/2020:09:52:55 +0800] "GET /xingrg/all/function/internal_message.html?_=1586051319671&CODE_STATE=getMsg HTTP/1.1" 200 27
222.70.183.62 - - [05/Apr/2020:09:52:57 +0800] "GET /xingrg/kc/buy/cgsh_order_operate.html?command=get_materiel&rest_code=00111&code=00101008088&supplier_code=00100005&order_time=2020-04-05 HTTP/1.1" 200 408
117.131.5.26 - - [05/Apr/2020:09:52:59 +0800] "GET /xingrg/all/function/internal_message.html?_=1586051833777&CODE_STATE=getMsg HTTP/1.1" 200 27
114.88.159.93 - - [05/Apr/2020:09:53:06 +0800] "GET /xingrg/all/function/internal_message.html?_=1586051581526&CODE_STATE=getMsg HTTP/1.1" 200 27
116.235.222.53 - - [05/Apr/2020:09:53:07 +0800] "GET /xingrg/all/function/internal_message.html?_=1586051582829&CODE_STATE=getMsg HTTP/1.1" 200 27
222.70.183.62 - - [05/Apr/2020:09:53:07 +0800] "GET /xingrg/kc/buy/cgsh_order_operate.html?command=get_materiel&rest_code=00111&code=00101008355&supplier_code=00100005&order_time=2020-04-05 HTTP/1.1" 200 408
222.70.183.62 - - [05/Apr/2020:09:53:14 +0800] "GET /xingrg/kc/buy/cgsh_order_operate.html?command=get_materiel&rest_code=00111&code=00101008067&supplier_code=00100005&order_time=2020-04-05 HTTP/1.1" 200 416
172.17.0.106 - - [05/Apr/2020:09:53:20 +0800] "GET /xingrg/all/function/internal_message.html?_=1586051595858&CODE_STATE=getMsg HTTP/1.1" 200 27
222.70.183.62 - - [05/Apr/2020:09:53:22 +0800] "GET /xingrg/kc/buy/cgsh_order_operate.html?command=get_materiel&rest_code=00111&code=00101008270&supplier_code=00100005&order_time=2020-04-05 HTTP/1.1" 200 412
172.17.0.112 - - [05/Apr/2020:09:53:24 +0800] "GET /xingrg/all/function/internal_message.html?_=1586051600952&CODE_STATE=getMsg HTTP/1.1" 302 -
61.129.6.174 - - [05/Apr/2020:09:53:26 +0800] "GET /xingrg/all/function/internal_message.html?_=1586051521528&CODE_STATE=getMsg HTTP/1.1" 302 -
114.84.33.255 - - [05/Apr/2020:09:53:26 +0800] "GET /xingrg/all/function/internal_message.html?_=1586051603511&CODE_STATE=getMsg HTTP/1.1" 200 27
116.224.247.222 - - [05/Apr/2020:09:53:28 +0800] "GET /xingrg/check_reg.html?_=1586051785972 HTTP/1.1" 200 22
116.224.247.222 - - [05/Apr/2020:09:53:28 +0800] "GET /xingrg/all/function/internal_message.html?_=1586051786048&CODE_STATE=getMsg HTTP/1.1" 200 27
61.129.6.174 - - [05/Apr/2020:09:53:28 +0800] "GET /xingrg/login.html HTTP/1.1" 200 7641
222.70.183.62 - - [05/Apr/2020:09:53:28 +0800] "GET /xingrg/kc/buy/cgsh_order_operate.html?command=get_materiel&rest_code=00111&code=00101008155&supplier_code=00100005&order_time=2020-04-05 HTTP/1.1" 200 408
172.17.0.112 - - [05/Apr/2020:09:53:31 +0800] "GET /xingrg/all/function/internal_message.html?_=1586051607764&CODE_STATE=getMsg HTTP/1.1" 302 -
117.184.7.26 - - [05/Apr/2020:09:53:32 +0800] "GET /xingrg/check_reg.html?_=1586051596265 HTTP/1.1" 200 22
117.184.7.26 - - [05/Apr/2020:09:53:32 +0800] "GET /xingrg/all/function/internal_message.html?_=1586051596267&CODE_STATE=getMsg HTTP/1.1" 200 27
222.70.183.62 - - [05/Apr/2020:09:53:36 +0800] "GET /xingrg/kc/buy/cgsh_order_operate.html?command=get_materiel&rest_code=00111&code=00101008005&supplier_code=00100005&order_time=2020-04-05 HTTP/1.1" 200 412
222.69.139.198 - - [05/Apr/2020:09:53:39 +0800] "GET /xingrg/all/function/internal_message.html?_=1586051614861&CODE_STATE=getMsg HTTP/1.1" 200 27
117.185.32.26 - - [05/Apr/2020:09:53:41 +0800] "GET /xingrg/all/function/internal_message.html?_=1586052021334&CODE_STATE=getMsg HTTP/1.1" 200 27
180.156.150.85 - - [05/Apr/2020:09:53:43 +0800] "GET /xingrg/all/function/internal_message.html?_=1586051618952&CODE_STATE=getMsg HTTP/1.1" 200 27
222.70.183.62 - - [05/Apr/2020:09:53:44 +0800] "GET /xingrg/kc/buy/cgsh_order_operate.html?command=get_materiel&rest_code=00111&code=00101008264&supplier_code=00100005&order_time=2020-04-05 HTTP/1.1" 200 412
117.131.5.26 - - [05/Apr/2020:09:53:44 +0800] "GET /xingrg/all/function/internal_message.html?_=1586051625424&CODE_STATE=getMsg HTTP/1.1" 200 27
172.17.0.185 - - [05/Apr/2020:09:53:48 +0800] "GET /xingrg/all/function/internal_message.html?_=1586051623036&CODE_STATE=getMsg HTTP/1.1" 200 27
172.17.0.185 - - [05/Apr/2020:09:53:48 +0800] "GET /xingrg/check_reg.html?_=1586051623051 HTTP/1.1" 200 22
120.253.135.82 - - [05/Apr/2020:09:53:49 +0800] "GET /xingrg/all/function/internal_message.html?_=1586051697237&CODE_STATE=getMsg HTTP/1.1" 200 27
116.224.247.222 - - [05/Apr/2020:09:53:53 +0800] "GET /xingrg/kc/buy/cgsh_order_add.html HTTP/1.1" 200 57881
222.70.183.62 - - [05/Apr/2020:09:53:53 +0800] "GET /xingrg/all/function/internal_message.html?_=1586051629620&CODE_STATE=getMsg HTTP/1.1" 200 27
116.224.247.222 - - [05/Apr/2020:09:53:53 +0800] "POST /xingrg/kc/buy/cgsh_order_operate.html HTTP/1.1" 200 8245
116.224.247.222 - - [05/Apr/2020:09:53:54 +0800] "GET /xingrg/javascript/easyui/themes/default/validatebox.css HTTP/1.1" 404 1104
120.253.135.82 - - [05/Apr/2020:09:53:55 +0800] "GET /xingrg/all/function/internal_message.html?_=1586051379693&CODE_STATE=getMsg HTTP/1.1" 200 27
222.70.183.62 - - [05/Apr/2020:09:53:56 +0800] "GET /xingrg/kc/buy/cgsh_order_operate.html?command=get_materiel&rest_code=00111&code=00101008006&supplier_code=00100005&order_time=2020-04-05 HTTP/1.1" 200 416
117.131.5.26 - - [05/Apr/2020:09:53:59 +0800] "GET /xingrg/all/function/internal_message.html?_=1586051893801&CODE_STATE=getMsg HTTP/1.1" 200 27
222.70.183.62 - - [05/Apr/2020:09:54:03 +0800] "GET /xingrg/kc/buy/cgsh_order_operate.html?command=get_materiel&rest_code=00111&code=00101008131&supplier_code=00100005&order_time=2020-04-05 HTTP/1.1" 200 408
172.17.0.112 - - [05/Apr/2020:09:54:03 +0800] "GET /xingrg/check_reg.html?_=1586051640659 HTTP/1.1" 302 -
114.88.159.93 - - [05/Apr/2020:09:54:06 +0800] "GET /xingrg/all/function/internal_message.html?_=1586051641525&CODE_STATE=getMsg HTTP/1.1" 200 27
116.235.222.53 - - [05/Apr/2020:09:54:07 +0800] "GET /xingrg/all/function/internal_message.html?_=1586051642792&CODE_STATE=getMsg HTTP/1.1" 200 27
101.89.29.97 - - [05/Apr/2020:09:54:08 +0800] "GET /xingrg/all/function/internal_message.html?_=1586051581526&CODE_STATE=getMsg HTTP/1.1" 302 -
222.70.183.62 - - [05/Apr/2020:09:54:10 +0800] "GET /xingrg/kc/buy/cgsh_order_operate.html?command=get_materiel&rest_code=00111&code=00101008096&supplier_code=00100005&order_time=2020-04-05 HTTP/1.1" 200 412
116.224.247.222 - - [05/Apr/2020:09:54:12 +0800] "GET /xingrg/javascript/easyui/plugins/jquery.draggable.js HTTP/1.1" 304 -
116.224.247.222 - - [05/Apr/2020:09:54:12 +0800] "GET /xingrg/css/images/panel_loading.gif HTTP/1.1" 304 -
116.224.247.222 - - [05/Apr/2020:09:54:12 +0800] "GET /xingrg/javascript/easyui/plugins/jquery.droppable.js HTTP/1.1" 304 -
116.224.247.222 - - [05/Apr/2020:09:54:12 +0800] "GET /xingrg/javascript/easyui/themes/default/tree.css HTTP/1.1" 404 1090
116.224.247.222 - - [05/Apr/2020:09:54:12 +0800] "GET /xingrg/javascript/easyui/plugins/jquery.tree.js HTTP/1.1" 304 -
116.224.247.222 - - [05/Apr/2020:09:54:12 +0800] "POST /xingrg/all/common/load_tree.html?tree=supplier_tree_json&isDelete=1 HTTP/1.1" 200 47144
101.89.29.97 - - [05/Apr/2020:09:54:13 +0800] "GET /xingrg/login.html HTTP/1.1" 200 7641
116.224.247.222 - - [05/Apr/2020:09:54:14 +0800] "GET /xingrg/javascript/easyui/themes/default/images/tree_arrows.gif HTTP/1.1" 304 -
116.224.247.222 - - [05/Apr/2020:09:54:14 +0800] "GET /xingrg/javascript/easyui/themes/default/images/tree_folder_open.gif HTTP/1.1" 304 -
116.224.247.222 - - [05/Apr/2020:09:54:14 +0800] "GET /xingrg/javascript/easyui/themes/default/images/tree_folder.gif HTTP/1.1" 304 -
116.224.247.222 - - [05/Apr/2020:09:54:14 +0800] "GET /xingrg/javascript/easyui/themes/default/images/tree_file.gif HTTP/1.1" 304 -
117.131.5.26 - - [05/Apr/2020:09:54:20 +0800] "GET /xingrg/check_reg.html?_=1586051660940 HTTP/1.1" 200 22
172.17.0.106 - - [05/Apr/2020:09:54:20 +0800] "GET /xingrg/all/function/internal_message.html?_=1586051655861&CODE_STATE=getMsg HTTP/1.1" 200 27
172.17.0.106 - - [05/Apr/2020:09:54:20 +0800] "GET /xingrg/check_reg.html?_=1586051655866 HTTP/1.1" 200 22
172.17.0.112 - - [05/Apr/2020:09:54:24 +0800] "GET /xingrg/all/function/internal_message.html?_=1586051660979&CODE_STATE=getMsg HTTP/1.1" 302 -
114.84.33.255 - - [05/Apr/2020:09:54:26 +0800] "GET /xingrg/all/function/internal_message.html?_=1586051663519&CODE_STATE=getMsg HTTP/1.1" 200 27
116.224.247.222 - - [05/Apr/2020:09:54:28 +0800] "GET /xingrg/all/function/internal_message.html?_=1586051846076&CODE_STATE=getMsg HTTP/1.1" 200 27
116.224.247.222 - - [05/Apr/2020:09:54:28 +0800] "GET /xingrg/kc/buy/cgsh_order_operate.html?command=get_materiel&rest_code=00102&code=00101008248&supplier_code=00100007&order_time=2020-04-05 HTTP/1.1" 200 413
117.131.5.26 - - [05/Apr/2020:09:54:29 +0800] "GET /xingrg/check_reg.html?_=1586051669721 HTTP/1.1" 200 22
222.70.183.62 - - [05/Apr/2020:09:54:30 +0800] "GET /xingrg/kc/buy/cgsh_order_operate.html?command=get_materiel&rest_code=00111&code=00101009030&supplier_code=00100005&order_time=2020-04-05 HTTP/1.1" 200 412
172.17.0.112 - - [05/Apr/2020:09:54:31 +0800] "GET /xingrg/all/function/internal_message.html?_=1586051667767&CODE_STATE=getMsg HTTP/1.1" 302 -
117.184.7.26 - - [05/Apr/2020:09:54:32 +0800] "GET /xingrg/all/function/internal_message.html?_=1586051656267&CODE_STATE=getMsg HTTP/1.1" 200 27
222.69.139.198 - - [05/Apr/2020:09:54:39 +0800] "GET /xingrg/all/function/internal_message.html?_=1586051674853&CODE_STATE=getMsg HTTP/1.1" 200 27
117.185.32.26 - - [05/Apr/2020:09:54:41 +0800] "GET /xingrg/all/function/internal_message.html?_=1586052081333&CODE_STATE=getMsg HTTP/1.1" 200 27
180.156.150.85 - - [05/Apr/2020:09:54:43 +0800] "GET /xingrg/all/function/internal_message.html?_=1586051678950&CODE_STATE=getMsg HTTP/1.1" 200 27
222.70.183.62 - - [05/Apr/2020:09:54:43 +0800] "GET /xingrg/kc/buy/cgsh_order_operate.html?command=get_materiel&rest_code=00111&code=00101008357&supplier_code=00100005&order_time=2020-04-05 HTTP/1.1" 200 408
117.131.5.26 - - [05/Apr/2020:09:54:44 +0800] "GET /xingrg/all/function/internal_message.html?_=1586051685424&CODE_STATE=getMsg HTTP/1.1" 200 27
117.131.5.26 - - [05/Apr/2020:09:54:46 +0800] "GET /xingrg/check_reg.html?_=1586051940127 HTTP/1.1" 200 22
172.17.0.185 - - [05/Apr/2020:09:54:48 +0800] "GET /xingrg/all/function/internal_message.html?_=1586051683027&CODE_STATE=getMsg HTTP/1.1" 200 27
120.253.135.82 - - [05/Apr/2020:09:54:48 +0800] "GET /xingrg/check_reg.html?_=1586051755771 HTTP/1.1" 200 22
120.253.135.82 - - [05/Apr/2020:09:54:49 +0800] "GET /xingrg/all/function/internal_message.html?_=1586051757251&CODE_STATE=getMsg HTTP/1.1" 200 27
116.224.247.222 - - [05/Apr/2020:09:54:49 +0800] "GET /xingrg/kc/buy/cgsh_order_operate.html?command=get_materiel&rest_code=00102&code=00101008144&supplier_code=00100007&order_time=2020-04-05 HTTP/1.1" 200 412
120.253.135.82 - - [05/Apr/2020:09:54:50 +0800] "GET /xingrg/check_reg.html?_=1586051434505 HTTP/1.1" 200 22
222.70.183.62 - - [05/Apr/2020:09:54:53 +0800] "GET /xingrg/check_reg.html?_=1586051689390 HTTP/1.1" 200 22
222.70.183.62 - - [05/Apr/2020:09:54:53 +0800] "GET /xingrg/kc/buy/cgsh_order_operate.html?command=get_materiel&rest_code=00111&code=00101008353&supplier_code=00100005&order_time=2020-04-05 HTTP/1.1" 200 408
222.70.183.62 - - [05/Apr/2020:09:54:53 +0800] "GET /xingrg/all/function/internal_message.html?_=1586051689672&CODE_STATE=getMsg HTTP/1.1" 200 27
120.253.135.82 - - [05/Apr/2020:09:54:55 +0800] "GET /xingrg/all/function/internal_message.html?_=1586051439699&CODE_STATE=getMsg HTTP/1.1" 200 27
117.131.5.26 - - [05/Apr/2020:09:54:59 +0800] "GET /xingrg/all/function/internal_message.html?_=1586051953806&CODE_STATE=getMsg HTTP/1.1" 200 27
114.88.159.93 - - [05/Apr/2020:09:55:06 +0800] "GET /xingrg/all/function/internal_message.html?_=1586051701523&CODE_STATE=getMsg HTTP/1.1" 200 27
222.70.183.62 - - [05/Apr/2020:09:55:06 +0800] "POST /xingrg/kc/buy/cgsh_order_operate.html HTTP/1.1" 200 37
116.224.247.222 - - [05/Apr/2020:09:55:06 +0800] "GET /xingrg/kc/buy/cgsh_order_operate.html?command=get_materiel&rest_code=00102&code=00101008003&supplier_code=00100007&order_time=2020-04-05 HTTP/1.1" 200 410
116.235.222.53 - - [05/Apr/2020:09:55:07 +0800] "GET /xingrg/all/function/internal_message.html?_=1586051702782&CODE_STATE=getMsg HTTP/1.1" 200 27
222.70.183.62 - - [05/Apr/2020:09:55:07 +0800] "POST /xingrg/kc/buy/cgsh_order_operate.html HTTP/1.1" 200 10945
222.70.183.62 - - [05/Apr/2020:09:55:14 +0800] "GET /xingrg/kc/print/load_config.html?kc_code=cgsh HTTP/1.1" 200 1841
222.70.183.62 - - [05/Apr/2020:09:55:14 +0800] "GET /xingrg/kc/print/load_data.html?order_code=212020040500861&kc_code=cgsh&condition= HTTP/1.1" 200 3848
172.17.0.106 - - [05/Apr/2020:09:55:20 +0800] "GET /xingrg/all/function/internal_message.html?_=1586051715861&CODE_STATE=getMsg HTTP/1.1" 200 27
172.17.0.112 - - [05/Apr/2020:09:55:24 +0800] "GET /xingrg/all/function/internal_message.html?_=1586051720995&CODE_STATE=getMsg HTTP/1.1" 302 -
114.84.33.255 - - [05/Apr/2020:09:55:26 +0800] "GET /xingrg/check_reg.html?_=1586051723476 HTTP/1.1" 200 22
114.84.33.255 - - [05/Apr/2020:09:55:26 +0800] "GET /xingrg/all/function/internal_message.html?_=1586051723533&CODE_STATE=getMsg HTTP/1.1" 200 27
116.224.247.222 - - [05/Apr/2020:09:55:28 +0800] "GET /xingrg/all/function/internal_message.html?_=1586051906090&CODE_STATE=getMsg HTTP/1.1" 200 27
172.17.0.112 - - [05/Apr/2020:09:55:31 +0800] "GET /xingrg/all/function/internal_message.html?_=1586051727810&CODE_STATE=getMsg HTTP/1.1" 302 -
117.184.7.26 - - [05/Apr/2020:09:55:32 +0800] "GET /xingrg/all/function/internal_message.html?_=1586051716273&CODE_STATE=getMsg HTTP/1.1" 200 27
222.69.139.198 - - [05/Apr/2020:09:55:39 +0800] "GET /xingrg/all/function/internal_message.html?_=1586051734835&CODE_STATE=getMsg HTTP/1.1" 200 27
117.185.32.26 - - [05/Apr/2020:09:55:41 +0800] "GET /xingrg/all/function/internal_message.html?_=1586052141331&CODE_STATE=getMsg HTTP/1.1" 200 27
117.185.32.26 - - [05/Apr/2020:09:55:41 +0800] "GET /xingrg/check_reg.html?_=1586052141334 HTTP/1.1" 200 22
180.156.150.85 - - [05/Apr/2020:09:55:43 +0800] "GET /xingrg/all/function/internal_message.html?_=1586051738944&CODE_STATE=getMsg HTTP/1.1" 200 27
117.131.5.26 - - [05/Apr/2020:09:55:44 +0800] "GET /xingrg/all/function/internal_message.html?_=1586051745424&CODE_STATE=getMsg HTTP/1.1" 200 27
172.17.0.185 - - [05/Apr/2020:09:55:48 +0800] "GET /xingrg/all/function/internal_message.html?_=1586051743034&CODE_STATE=getMsg HTTP/1.1" 200 27
120.253.135.82 - - [05/Apr/2020:09:55:49 +0800] "GET /xingrg/all/function/internal_message.html?_=1586051817264&CODE_STATE=getMsg HTTP/1.1" 200 27
222.70.183.62 - - [05/Apr/2020:09:55:53 +0800] "GET /xingrg/all/function/internal_message.html?_=1586051749679&CODE_STATE=getMsg HTTP/1.1" 200 27
120.253.135.82 - - [05/Apr/2020:09:55:55 +0800] "GET /xingrg/all/function/internal_message.html?_=1586051499714&CODE_STATE=getMsg HTTP/1.1" 200 27
116.224.247.222 - - [05/Apr/2020:09:55:57 +0800] "GET /xingrg/kc/buy/cgsh_order_operate.html?command=get_materiel&rest_code=00102&code=00101008024&supplier_code=00100007&order_time=2020-04-05 HTTP/1.1" 200 408
117.131.5.26 - - [05/Apr/2020:09:55:59 +0800] "GET /xingrg/all/function/internal_message.html?_=1586052013818&CODE_STATE=getMsg HTTP/1.1" 200 27
114.88.159.93 - - [05/Apr/2020:09:56:06 +0800] "GET /xingrg/check_reg.html?_=1586051761523 HTTP/1.1" 200 22
114.88.159.93 - - [05/Apr/2020:09:56:06 +0800] "GET /xingrg/all/function/internal_message.html?_=1586051761524&CODE_STATE=getMsg HTTP/1.1" 200 27
116.235.222.53 - - [05/Apr/2020:09:56:07 +0800] "GET /xingrg/all/function/internal_message.html?_=1586051762772&CODE_STATE=getMsg HTTP/1.1" 200 27
116.224.247.222 - - [05/Apr/2020:09:56:07 +0800] "GET /xingrg/kc/buy/cgsh_order_operate.html?command=get_materiel&rest_code=00102&code=00101008213&supplier_code=00100007&order_time=2020-04-05 HTTP/1.1" 200 412
61.129.8.179 - - [05/Apr/2020:09:56:13 +0800] "GET /xingrg/all/function/internal_message.html?_=1586051701523&CODE_STATE=getMsg HTTP/1.1" 302 -
61.129.8.179 - - [05/Apr/2020:09:56:18 +0800] "GET /xingrg/login.html HTTP/1.1" 200 7641
172.17.0.106 - - [05/Apr/2020:09:56:20 +0800] "GET /xingrg/all/function/internal_message.html?_=1586051775858&CODE_STATE=getMsg HTTP/1.1" 200 27
116.224.247.222 - - [05/Apr/2020:09:56:21 +0800] "GET /xingrg/kc/buy/cgsh_order_operate.html?command=get_materiel&rest_code=00102&code=00101008270&supplier_code=00100007&order_time=2020-04-05 HTTP/1.1" 200 412
172.17.0.112 - - [05/Apr/2020:09:56:24 +0800] "GET /xingrg/all/function/internal_message.html?_=1586051781031&CODE_STATE=getMsg HTTP/1.1" 302 -
114.84.33.255 - - [05/Apr/2020:09:56:26 +0800] "GET /xingrg/all/function/internal_message.html?_=1586051783546&CODE_STATE=getMsg HTTP/1.1" 200 27
116.224.247.222 - - [05/Apr/2020:09:56:28 +0800] "GET /xingrg/all/function/internal_message.html?_=1586051966104&CODE_STATE=getMsg HTTP/1.1" 200 27
172.17.0.112 - - [05/Apr/2020:09:56:31 +0800] "GET /xingrg/all/function/internal_message.html?_=1586051787824&CODE_STATE=getMsg HTTP/1.1" 302 -
116.224.247.222 - - [05/Apr/2020:09:56:32 +0800] "GET /xingrg/kc/buy/cgsh_order_operate.html?command=get_materiel&rest_code=00102&code=00101008234&supplier_code=00100007&order_time=2020-04-05 HTTP/1.1" 200 408
117.184.7.26 - - [05/Apr/2020:09:56:32 +0800] "GET /xingrg/all/function/internal_message.html?_=1586051776263&CODE_STATE=getMsg HTTP/1.1" 200 27
222.69.139.198 - - [05/Apr/2020:09:56:39 +0800] "GET /xingrg/all/function/internal_message.html?_=1586051794806&CODE_STATE=getMsg HTTP/1.1" 200 27
222.69.139.198 - - [05/Apr/2020:09:56:39 +0800] "GET /xingrg/check_reg.html?_=1586051794949 HTTP/1.1" 200 22
117.185.32.26 - - [05/Apr/2020:09:56:41 +0800] "GET /xingrg/all/function/internal_message.html?_=1586052201332&CODE_STATE=getMsg HTTP/1.1" 200 27
116.224.247.222 - - [05/Apr/2020:09:56:43 +0800] "GET /xingrg/kc/buy/cgsh_order_operate.html?command=get_materiel&rest_code=00102&code=00101008264&supplier_code=00100007&order_time=2020-04-05 HTTP/1.1" 200 414
180.156.150.85 - - [05/Apr/2020:09:56:43 +0800] "GET /xingrg/all/function/internal_message.html?_=1586051798945&CODE_STATE=getMsg HTTP/1.1" 200 27
117.131.5.26 - - [05/Apr/2020:09:56:44 +0800] "GET /xingrg/all/function/internal_message.html?_=1586051805440&CODE_STATE=getMsg HTTP/1.1" 200 27
172.17.0.185 - - [05/Apr/2020:09:56:48 +0800] "GET /xingrg/all/function/internal_message.html?_=1586051803038&CODE_STATE=getMsg HTTP/1.1" 200 27
120.253.135.82 - - [05/Apr/2020:09:56:49 +0800] "GET /xingrg/all/function/internal_message.html?_=1586051877279&CODE_STATE=getMsg HTTP/1.1" 200 27
116.224.247.222 - - [05/Apr/2020:09:56:51 +0800] "GET /xingrg/kc/buy/cgsh_order_operate.html?command=get_materiel&rest_code=00102&code=00101008286&supplier_code=00100007&order_time=2020-04-05 HTTP/1.1" 200 408
222.70.183.62 - - [05/Apr/2020:09:56:53 +0800] "GET /xingrg/all/function/internal_message.html?_=1586051809785&CODE_STATE=getMsg HTTP/1.1" 200 27
117.131.5.26 - - [05/Apr/2020:09:56:59 +0800] "GET /xingrg/all/function/internal_message.html?_=1586052073847&CODE_STATE=getMsg HTTP/1.1" 200 27
114.88.159.93 - - [05/Apr/2020:09:57:06 +0800] "GET /xingrg/all/function/internal_message.html?_=1586051821521&CODE_STATE=getMsg HTTP/1.1" 200 27
116.235.222.53 - - [05/Apr/2020:09:57:09 +0800] "GET /xingrg/check_reg.html?_=1586051825377 HTTP/1.1" 200 22
116.235.222.53 - - [05/Apr/2020:09:57:09 +0800] "GET /xingrg/all/function/internal_message.html?_=1586051825407&CODE_STATE=getMsg HTTP/1.1" 200 27
101.89.239.216 - - [05/Apr/2020:09:57:13 +0800] "GET /xingrg/check_reg.html?_=1586051761523 HTTP/1.1" 302 -
101.89.239.216 - - [05/Apr/2020:09:57:15 +0800] "GET /xingrg/login.html HTTP/1.1" 200 7641
172.17.0.106 - - [05/Apr/2020:09:57:20 +0800] "GET /xingrg/all/function/internal_message.html?_=1586051835860&CODE_STATE=getMsg HTTP/1.1" 200 27
172.17.0.112 - - [05/Apr/2020:09:57:24 +0800] "GET /xingrg/all/function/internal_message.html?_=1586051841037&CODE_STATE=getMsg HTTP/1.1" 302 -
114.84.33.255 - - [05/Apr/2020:09:57:26 +0800] "GET /xingrg/all/function/internal_message.html?_=1586051843560&CODE_STATE=getMsg HTTP/1.1" 200 27
116.224.247.222 - - [05/Apr/2020:09:57:28 +0800] "GET /xingrg/all/function/internal_message.html?_=1586052026201&CODE_STATE=getMsg HTTP/1.1" 200 27
172.17.0.112 - - [05/Apr/2020:09:57:31 +0800] "GET /xingrg/all/function/internal_message.html?_=1586051847865&CODE_STATE=getMsg HTTP/1.1" 302 -
117.184.7.26 - - [05/Apr/2020:09:57:32 +0800] "GET /xingrg/all/function/internal_message.html?_=1586051836265&CODE_STATE=getMsg HTTP/1.1" 200 27
172.17.0.112 - - [05/Apr/2020:09:57:36 +0800] "GET /xingrg/check_reg.html?_=1586051853177 HTTP/1.1" 302 -
222.69.139.198 - - [05/Apr/2020:09:57:39 +0800] "GET /xingrg/all/function/internal_message.html?_=1586051854793&CODE_STATE=getMsg HTTP/1.1" 200 27
117.185.32.26 - - [05/Apr/2020:09:57:41 +0800] "GET /xingrg/all/function/internal_message.html?_=1586052261332&CODE_STATE=getMsg HTTP/1.1" 200 27
222.70.183.62 - - [05/Apr/2020:09:57:42 +0800] "POST /xingrg/kc/buy/cgsh_list_operate.html HTTP/1.1" 200 2052
180.156.150.85 - - [05/Apr/2020:09:57:43 +0800] "GET /xingrg/all/function/internal_message.html?_=1586051858947&CODE_STATE=getMsg HTTP/1.1" 200 27
180.156.150.85 - - [05/Apr/2020:09:57:43 +0800] "GET /xingrg/check_reg.html?_=1586051858950 HTTP/1.1" 200 22
116.224.247.222 - - [05/Apr/2020:09:57:44 +0800] "GET /xingrg/kc/buy/cgsh_order_operate.html?command=get_materiel&rest_code=00102&code=00101008131&supplier_code=00100007&order_time=2020-04-05 HTTP/1.1" 200 408
117.131.5.26 - - [05/Apr/2020:09:57:44 +0800] "GET /xingrg/all/function/internal_message.html?_=1586051865440&CODE_STATE=getMsg HTTP/1.1" 200 27
172.17.0.185 - - [05/Apr/2020:09:57:48 +0800] "GET /xingrg/all/function/internal_message.html?_=1586051863028&CODE_STATE=getMsg HTTP/1.1" 200 27
120.253.135.82 - - [05/Apr/2020:09:57:49 +0800] "GET /xingrg/all/function/internal_message.html?_=1586051937305&CODE_STATE=getMsg HTTP/1.1" 200 27
116.224.247.222 - - [05/Apr/2020:09:57:52 +0800] "GET /xingrg/kc/buy/cgsh_order_operate.html?command=get_materiel&rest_code=00102&code=00101008271&supplier_code=00100007&order_time=2020-04-05 HTTP/1.1" 200 410
222.70.183.62 - - [05/Apr/2020:09:57:53 +0800] "GET /xingrg/all/function/internal_message.html?_=1586051869887&CODE_STATE=getMsg HTTP/1.1" 200 27
117.131.5.26 - - [05/Apr/2020:09:57:59 +0800] "GET /xingrg/all/function/internal_message.html?_=1586052133862&CODE_STATE=getMsg HTTP/1.1" 200 27
116.224.247.222 - - [05/Apr/2020:09:58:05 +0800] "GET /xingrg/kc/buy/cgsh_order_operate.html?command=get_materiel&rest_code=00102&code=00101008176&supplier_code=00100007&order_time=2020-04-05 HTTP/1.1" 200 413
114.88.159.93 - - [05/Apr/2020:09:58:06 +0800] "GET /xingrg/all/function/internal_message.html?_=1586051881519&CODE_STATE=getMsg HTTP/1.1" 200 27
116.235.222.53 - - [05/Apr/2020:09:58:09 +0800] "GET /xingrg/all/function/internal_message.html?_=1586051885391&CODE_STATE=getMsg HTTP/1.1" 200 27
61.129.6.159 - - [05/Apr/2020:09:58:11 +0800] "GET /xingrg/all/function/internal_message.html?_=1586051821521&CODE_STATE=getMsg HTTP/1.1" 302 -
61.129.6.159 - - [05/Apr/2020:09:58:15 +0800] "GET /xingrg/login.html HTTP/1.1" 200 7641
172.17.0.106 - - [05/Apr/2020:09:58:20 +0800] "GET /xingrg/all/function/internal_message.html?_=1586051895861&CODE_STATE=getMsg HTTP/1.1" 200 27
172.17.0.112 - - [05/Apr/2020:09:58:24 +0800] "GET /xingrg/all/function/internal_message.html?_=1586051901069&CODE_STATE=getMsg HTTP/1.1" 302 -
114.84.33.255 - - [05/Apr/2020:09:58:27 +0800] "GET /xingrg/all/function/internal_message.html?_=1586051903673&CODE_STATE=getMsg HTTP/1.1" 200 27
116.224.247.222 - - [05/Apr/2020:09:58:28 +0800] "GET /xingrg/check_reg.html?_=1586052085978 HTTP/1.1" 200 22
116.224.247.222 - - [05/Apr/2020:09:58:28 +0800] "GET /xingrg/all/function/internal_message.html?_=1586052086209&CODE_STATE=getMsg HTTP/1.1" 200 27
172.17.0.112 - - [05/Apr/2020:09:58:31 +0800] "GET /xingrg/all/function/internal_message.html?_=1586051907888&CODE_STATE=getMsg HTTP/1.1" 302 -
117.184.7.26 - - [05/Apr/2020:09:58:32 +0800] "GET /xingrg/all/function/internal_message.html?_=1586051896269&CODE_STATE=getMsg HTTP/1.1" 200 27
117.184.7.30 - - [05/Apr/2020:09:58:32 +0800] "GET /xingrg/check_reg.html?_=1586051896271 HTTP/1.1" 200 22
116.224.247.222 - - [05/Apr/2020:09:58:33 +0800] "GET /xingrg/kc/buy/cgsh_order_operate.html?command=get_materiel&rest_code=00102&code=00101008215&supplier_code=00100007&order_time=2020-04-05 HTTP/1.1" 200 412
222.69.139.198 - - [05/Apr/2020:09:58:39 +0800] "GET /xingrg/all/function/internal_message.html?_=1586051914762&CODE_STATE=getMsg HTTP/1.1" 200 27
117.185.32.26 - - [05/Apr/2020:09:58:41 +0800] "GET /xingrg/all/function/internal_message.html?_=1586052321347&CODE_STATE=getMsg HTTP/1.1" 200 27
180.156.150.85 - - [05/Apr/2020:09:58:43 +0800] "GET /xingrg/all/function/internal_message.html?_=1586051918951&CODE_STATE=getMsg HTTP/1.1" 200 27
117.131.5.26 - - [05/Apr/2020:09:58:44 +0800] "GET /xingrg/all/function/internal_message.html?_=1586051925455&CODE_STATE=getMsg HTTP/1.1" 200 27
172.17.0.185 - - [05/Apr/2020:09:58:48 +0800] "GET /xingrg/all/function/internal_message.html?_=1586051923026&CODE_STATE=getMsg HTTP/1.1" 200 27
172.17.0.185 - - [05/Apr/2020:09:58:48 +0800] "GET /xingrg/check_reg.html?_=1586051923036 HTTP/1.1" 200 22
120.253.135.82 - - [05/Apr/2020:09:58:49 +0800] "GET /xingrg/all/function/internal_message.html?_=1586051997320&CODE_STATE=getMsg HTTP/1.1" 200 27
222.70.183.62 - - [05/Apr/2020:09:58:53 +0800] "GET /xingrg/all/function/internal_message.html?_=1586051929890&CODE_STATE=getMsg HTTP/1.1" 200 27
116.224.247.222 - - [05/Apr/2020:09:58:54 +0800] "POST /xingrg/kc/buy/cgsh_order_operate.html HTTP/1.1" 200 37
116.224.247.222 - - [05/Apr/2020:09:58:55 +0800] "POST /xingrg/kc/buy/cgsh_order_operate.html HTTP/1.1" 200 9758
117.131.5.26 - - [05/Apr/2020:09:59:00 +0800] "GET /xingrg/all/function/internal_message.html?_=1586052193888&CODE_STATE=getMsg HTTP/1.1" 200 27
172.17.0.112 - - [05/Apr/2020:09:59:03 +0800] "GET /xingrg/check_reg.html?_=1586051940662 HTTP/1.1" 302 -
114.88.159.93 - - [05/Apr/2020:09:59:06 +0800] "GET /xingrg/all/function/internal_message.html?_=1586051941519&CODE_STATE=getMsg HTTP/1.1" 200 27
116.235.222.53 - - [05/Apr/2020:09:59:09 +0800] "GET /xingrg/all/function/internal_message.html?_=1586051945376&CODE_STATE=getMsg HTTP/1.1" 200 27
117.131.5.26 - - [05/Apr/2020:09:59:20 +0800] "GET /xingrg/check_reg.html?_=1586051960940 HTTP/1.1" 200 22
172.17.0.106 - - [05/Apr/2020:09:59:20 +0800] "GET /xingrg/all/function/internal_message.html?_=1586051955863&CODE_STATE=getMsg HTTP/1.1" 200 27
172.17.0.106 - - [05/Apr/2020:09:59:20 +0800] "GET /xingrg/check_reg.html?_=1586051955872 HTTP/1.1" 200 22
116.235.222.53 - - [05/Apr/2020:09:59:22 +0800] "POST /xingrg/services/DataTransmitService HTTP/1.1" 200 524
172.17.0.112 - - [05/Apr/2020:09:59:24 +0800] "GET /xingrg/all/function/internal_message.html?_=1586051961079&CODE_STATE=getMsg HTTP/1.1" 302 -
114.84.33.255 - - [05/Apr/2020:09:59:27 +0800] "GET /xingrg/all/function/internal_message.html?_=1586051963681&CODE_STATE=getMsg HTTP/1.1" 200 27
116.224.247.222 - - [05/Apr/2020:09:59:28 +0800] "GET /xingrg/all/function/internal_message.html?_=1586052146221&CODE_STATE=getMsg HTTP/1.1" 200 27
117.131.5.26 - - [05/Apr/2020:09:59:29 +0800] "GET /xingrg/check_reg.html?_=1586051969721 HTTP/1.1" 200 22
172.17.0.112 - - [05/Apr/2020:09:59:31 +0800] "GET /xingrg/all/function/internal_message.html?_=1586051967896&CODE_STATE=getMsg HTTP/1.1" 302 -
117.184.7.30 - - [05/Apr/2020:09:59:32 +0800] "GET /xingrg/all/function/internal_message.html?_=1586051956273&CODE_STATE=getMsg HTTP/1.1" 200 27
222.69.139.198 - - [05/Apr/2020:09:59:39 +0800] "GET /xingrg/all/function/internal_message.html?_=1586051974754&CODE_STATE=getMsg HTTP/1.1" 200 27
117.185.32.26 - - [05/Apr/2020:09:59:41 +0800] "GET /xingrg/all/function/internal_message.html?_=1586052381361&CODE_STATE=getMsg HTTP/1.1" 200 27
180.156.150.85 - - [05/Apr/2020:09:59:43 +0800] "GET /xingrg/all/function/internal_message.html?_=1586051978975&CODE_STATE=getMsg HTTP/1.1" 200 27
117.131.5.26 - - [05/Apr/2020:09:59:44 +0800] "GET /xingrg/all/function/internal_message.html?_=1586051985455&CODE_STATE=getMsg HTTP/1.1" 200 27
180.156.150.85 - - [05/Apr/2020:09:59:46 +0800] "POST /xingrg/dwr/call/plaincall/AjaxQqpsService.saveOrder.dwr HTTP/1.1" 200 78
117.131.5.26 - - [05/Apr/2020:09:59:46 +0800] "GET /xingrg/check_reg.html?_=1586052240132 HTTP/1.1" 200 22
172.17.0.185 - - [05/Apr/2020:09:59:48 +0800] "GET /xingrg/all/function/internal_message.html?_=1586051983039&CODE_STATE=getMsg HTTP/1.1" 200 27
120.253.135.82 - - [05/Apr/2020:09:59:48 +0800] "GET /xingrg/check_reg.html?_=1586052055792 HTTP/1.1" 200 22
180.156.150.85 - - [05/Apr/2020:09:59:49 +0800] "POST /xingrg/dwr/call/plaincall/AjaxQqpsService.checkOrder.dwr HTTP/1.1" 200 78
120.253.135.82 - - [05/Apr/2020:09:59:49 +0800] "GET /xingrg/all/function/internal_message.html?_=1586052057335&CODE_STATE=getMsg HTTP/1.1" 200 27
180.156.150.85 - - [05/Apr/2020:09:59:50 +0800] "GET /xingrg/kc/mdqp/qqps_order_info.html?code=302020040500029 HTTP/1.1" 200 26305
180.156.150.85 - - [05/Apr/2020:09:59:50 +0800] "GET /xingrg/dwr/interface/AjaxComOrderService.js HTTP/1.1" 200 18264
180.156.150.85 - - [05/Apr/2020:09:59:50 +0800] "GET /xingrg/dwr/interface/AjaxQqpsService.js HTTP/1.1" 200 16326
180.156.150.85 - - [05/Apr/2020:09:59:50 +0800] "GET /xingrg/dwr/engine.js HTTP/1.1" 200 43631
180.156.150.85 - - [05/Apr/2020:09:59:50 +0800] "POST /xingrg/dwr/call/plaincall/AjaxQqpsService.loadMaterielItems.dwr HTTP/1.1" 200 347
222.70.183.62 - - [05/Apr/2020:09:59:53 +0800] "GET /xingrg/check_reg.html?_=1586051989486 HTTP/1.1" 200 22
222.70.183.62 - - [05/Apr/2020:09:59:53 +0800] "GET /xingrg/all/function/internal_message.html?_=1586051989904&CODE_STATE=getMsg HTTP/1.1" 200 27
117.131.5.26 - - [05/Apr/2020:10:00:00 +0800] "GET /xingrg/all/function/internal_message.html?_=1586052253905&CODE_STATE=getMsg HTTP/1.1" 200 27
180.156.150.85 - - [05/Apr/2020:10:00:02 +0800] "GET /xingrg/kc/base/wldb_order_list.html HTTP/1.1" 200 19252
180.156.150.85 - - [05/Apr/2020:10:00:02 +0800] "POST /xingrg/kc/base/wldb_list_operate.html HTTP/1.1" 200 928
180.156.150.85 - - [05/Apr/2020:10:00:04 +0800] "GET /xingrg/kc/base/wldb_order_add.html HTTP/1.1" 200 30313
180.156.150.85 - - [05/Apr/2020:10:00:04 +0800] "POST /xingrg/kc/base/wldb_order_operate.html HTTP/1.1" 200 6806
180.156.150.85 - - [05/Apr/2020:10:00:04 +0800] "GET /xingrg/all/common/auto_word.html?type=base&rest_code=00105 HTTP/1.1" 200 1603
180.156.150.85 - - [05/Apr/2020:10:00:04 +0800] "GET /xingrg/all/common/auto_word.html?type=base&rest_code=00105 HTTP/1.1" 200 1603
180.156.150.85 - - [05/Apr/2020:10:00:04 +0800] "GET /xingrg/javascript/easyui/themes/default/validatebox.css HTTP/1.1" 404 1104
180.156.150.85 - - [05/Apr/2020:10:00:04 +0800] "POST /xingrg/all/common/load_combo.html?type=base HTTP/1.1" 200 2878
114.88.159.93 - - [05/Apr/2020:10:00:06 +0800] "GET /xingrg/all/function/internal_message.html?_=1586052001517&CODE_STATE=getMsg HTTP/1.1" 200 27
116.235.222.53 - - [05/Apr/2020:10:00:09 +0800] "GET /xingrg/all/function/internal_message.html?_=1586052005370&CODE_STATE=getMsg HTTP/1.1" 200 27
180.156.150.85 - - [05/Apr/2020:10:00:10 +0800] "GET /xingrg/javascript/auto/indicator.gif HTTP/1.1" 404 1066
180.156.150.85 - - [05/Apr/2020:10:00:14 +0800] "GET /xingrg/system/info/materiel_import.html?isSelect=1&singleSelect=false HTTP/1.1" 200 5600
180.156.150.85 - - [05/Apr/2020:10:00:14 +0800] "POST /xingrg/all/common/load_tree.html?tree=materiel_sort_tree_json HTTP/1.1" 200 8666
180.156.150.85 - - [05/Apr/2020:10:00:14 +0800] "GET /favicon.ico HTTP/1.1" 404 -
172.17.0.106 - - [05/Apr/2020:10:00:20 +0800] "GET /xingrg/all/function/internal_message.html?_=1586052015873&CODE_STATE=getMsg HTTP/1.1" 200 27
180.156.150.85 - - [05/Apr/2020:10:00:23 +0800] "GET /xingrg/kc/base/wldb_order_operate.html?command=get_materiel&rest_code=00105&base_code=0010507&code=00101019110 HTTP/1.1" 200 475
172.17.0.112 - - [05/Apr/2020:10:00:24 +0800] "GET /xingrg/all/function/internal_message.html?_=1586052021125&CODE_STATE=getMsg HTTP/1.1" 302 -
114.84.33.255 - - [05/Apr/2020:10:00:26 +0800] "GET /xingrg/check_reg.html?_=1586052023578 HTTP/1.1" 200 22
114.84.33.255 - - [05/Apr/2020:10:00:27 +0800] "GET /xingrg/all/function/internal_message.html?_=1586052023694&CODE_STATE=getMsg HTTP/1.1" 200 27
116.224.247.222 - - [05/Apr/2020:10:00:28 +0800] "GET /xingrg/all/function/internal_message.html?_=1586052206236&CODE_STATE=getMsg HTTP/1.1" 200 27
172.17.0.112 - - [05/Apr/2020:10:00:31 +0800] "GET /xingrg/all/function/internal_message.html?_=1586052027933&CODE_STATE=getMsg HTTP/1.1" 302 -
117.184.7.30 - - [05/Apr/2020:10:00:32 +0800] "GET /xingrg/all/function/internal_message.html?_=1586052016275&CODE_STATE=getMsg HTTP/1.1" 200 27
180.156.150.85 - - [05/Apr/2020:10:00:35 +0800] "GET /xingrg/kc/base/wldb_order_operate.html?command=get_materiel&rest_code=00105&base_code=0010507&code=00101016019 HTTP/1.1" 200 451
222.69.139.198 - - [05/Apr/2020:10:00:39 +0800] "GET /xingrg/all/function/internal_message.html?_=1586052034741&CODE_STATE=getMsg HTTP/1.1" 200 27
117.185.32.26 - - [05/Apr/2020:10:00:41 +0800] "GET /xingrg/all/function/internal_message.html?_=1586052441361&CODE_STATE=getMsg HTTP/1.1" 200 27
117.185.32.26 - - [05/Apr/2020:10:00:41 +0800] "GET /xingrg/check_reg.html?_=1586052441362 HTTP/1.1" 200 22
180.156.150.85 - - [05/Apr/2020:10:00:43 +0800] "GET /xingrg/all/function/internal_message.html?_=1586052039026&CODE_STATE=getMsg HTTP/1.1" 200 27
117.131.5.26 - - [05/Apr/2020:10:00:44 +0800] "GET /xingrg/all/function/internal_message.html?_=1586052045455&CODE_STATE=getMsg HTTP/1.1" 200 27
172.17.0.185 - - [05/Apr/2020:10:00:48 +0800] "GET /xingrg/all/function/internal_message.html?_=1586052043029&CODE_STATE=getMsg HTTP/1.1" 200 27
120.253.135.82 - - [05/Apr/2020:10:00:49 +0800] "GET /xingrg/all/function/internal_message.html?_=1586052117349&CODE_STATE=getMsg HTTP/1.1" 200 27
180.156.150.85 - - [05/Apr/2020:10:00:50 +0800] "GET /xingrg/kc/base/wldb_order_operate.html?command=get_materiel&rest_code=00105&base_code=0010507&code=00101019315 HTTP/1.1" 200 463
222.70.183.62 - - [05/Apr/2020:10:00:53 +0800] "GET /xingrg/all/function/internal_message.html?_=1586052049918&CODE_STATE=getMsg HTTP/1.1" 200 27
180.156.150.85 - - [05/Apr/2020:10:00:58 +0800] "GET /xingrg/kc/base/wldb_order_operate.html?command=get_materiel&rest_code=00105&base_code=0010507&code=00101011005 HTTP/1.1" 200 430
117.131.5.26 - - [05/Apr/2020:10:01:00 +0800] "GET /xingrg/all/function/internal_message.html?_=1586052313917&CODE_STATE=getMsg HTTP/1.1" 200 27
