180.162.232.172 - - [05/Apr/2020:11:16:47 +0800] "GET /xingrg/javascript/easyui/themes/default/validatebox.css HTTP/1.1" 404 1104
222.69.139.198 - - [05/Apr/2020:11:16:47 +0800] "GET /xingrg/all/function/internal_message.html?_=1586056603341&CODE_STATE=getMsg HTTP/1.1" 200 27
172.17.0.185 - - [05/Apr/2020:11:16:48 +0800] "GET /xingrg/all/function/internal_message.html?_=1586056603034&CODE_STATE=getMsg HTTP/1.1" 200 27
116.224.247.222 - - [05/Apr/2020:11:16:53 +0800] "GET /xingrg/kc/buy/cgsh_order_add.html HTTP/1.1" 200 57881
116.224.247.222 - - [05/Apr/2020:11:16:54 +0800] "POST /xingrg/kc/buy/cgsh_order_operate.html HTTP/1.1" 200 8245
116.224.247.222 - - [05/Apr/2020:11:16:54 +0800] "GET /xingrg/javascript/easyui/themes/default/validatebox.css HTTP/1.1" 404 1104
116.224.247.222 - - [05/Apr/2020:11:16:55 +0800] "GET /xingrg/javascript/easyui/themes/default/tree.css HTTP/1.1" 404 1090
116.224.247.222 - - [05/Apr/2020:11:16:56 +0800] "POST /xingrg/all/common/load_tree.html?tree=supplier_tree_json&isDelete=1 HTTP/1.1" 200 47144
222.70.183.62 - - [05/Apr/2020:11:16:56 +0800] "GET /xingrg/all/function/internal_message.html?_=1586056612371&CODE_STATE=getMsg HTTP/1.1" 200 27
120.253.135.82 - - [05/Apr/2020:11:16:57 +0800] "GET /xingrg/all/function/internal_message.html?_=1586056685047&CODE_STATE=getMsg HTTP/1.1" 200 27
180.162.232.172 - - [05/Apr/2020:11:17:01 +0800] "GET /xingrg/javascript/auto/indicator.gif HTTP/1.1" 404 1066
114.88.159.93 - - [05/Apr/2020:11:17:02 +0800] "GET /xingrg/all/function/internal_message.html?_=1586056617376&CODE_STATE=getMsg HTTP/1.1" 200 27
180.156.150.85 - - [05/Apr/2020:11:17:02 +0800] "GET /xingrg/javascript/auto/indicator.gif HTTP/1.1" 404 1066
183.192.94.73 - - [05/Apr/2020:11:17:04 +0800] "GET /xingrg/all/function/internal_message.html?_=1586056619604&CODE_STATE=getMsg HTTP/1.1" 200 27
114.88.159.93 - - [05/Apr/2020:11:17:06 +0800] "GET /xingrg/all/function/internal_message.html?_=1586056621671&CODE_STATE=getMsg HTTP/1.1" 200 27
172.17.0.106 - - [05/Apr/2020:11:17:08 +0800] "GET /xingrg/all/function/internal_message.html?_=1586056624349&CODE_STATE=getMsg HTTP/1.1" 200 27
180.162.232.172 - - [05/Apr/2020:11:17:09 +0800] "GET /xingrg/kc/buy/cgsh_order_operate.html?command=get_materiel&rest_code=00150&code=00101008418&supplier_code=00100096&order_time=2020-04-05 HTTP/1.1" 200 399
61.151.207.141 - - [05/Apr/2020:11:17:11 +0800] "GET /xingrg/check_reg.html?_=1586056561674 HTTP/1.1" 302 -
61.151.207.141 - - [05/Apr/2020:11:17:16 +0800] "GET /xingrg/login.html HTTP/1.1" 200 7641
116.224.247.222 - - [05/Apr/2020:11:17:20 +0800] "GET /xingrg/all/function/internal_message.html?_=1586056818109&CODE_STATE=getMsg HTTP/1.1" 200 27
180.162.232.172 - - [05/Apr/2020:11:17:25 +0800] "GET /xingrg/kc/buy/cgsh_order_operate.html?command=get_materiel&rest_code=00150&code=00101009018&supplier_code=00100096&order_time=2020-04-05 HTTP/1.1" 200 408
172.17.0.112 - - [05/Apr/2020:11:17:26 +0800] "GET /xingrg/all/function/internal_message.html?_=1586056642872&CODE_STATE=getMsg HTTP/1.1" 302 -
180.156.150.85 - - [05/Apr/2020:11:17:26 +0800] "GET /xingrg/all/function/internal_message.html?_=1586056640155&CODE_STATE=getMsg HTTP/1.1" 200 27
116.235.222.53 - - [05/Apr/2020:11:17:27 +0800] "POST /xingrg/services/DataTransmitService HTTP/1.1" 200 524
116.235.222.53 - - [05/Apr/2020:11:17:27 +0800] "POST /xingrg/services/DataTransmitService HTTP/1.1" 200 2575
116.235.222.53 - - [05/Apr/2020:11:17:27 +0800] "POST /xingrg/services/DataTransmitService HTTP/1.1" 200 2355
116.235.222.53 - - [05/Apr/2020:11:17:27 +0800] "POST /xingrg/services/DataTransmitService HTTP/1.1" 200 1515
116.235.222.53 - - [05/Apr/2020:11:17:28 +0800] "POST /xingrg/services/DataTransmitService HTTP/1.1" 200 186080
116.224.247.222 - - [05/Apr/2020:11:17:28 +0800] "GET /xingrg/kc/buy/cgsh_order_operate.html?command=get_materiel&rest_code=00102&code=00101016105&supplier_code=00100031&order_time=2020-04-05 HTTP/1.1" 200 409
114.84.33.255 - - [05/Apr/2020:11:17:31 +0800] "GET /xingrg/check_reg.html?_=1586056648071 HTTP/1.1" 200 22
114.84.33.255 - - [05/Apr/2020:11:17:31 +0800] "GET /xingrg/all/function/internal_message.html?_=1586056648484&CODE_STATE=getMsg HTTP/1.1" 200 27
172.17.0.112 - - [05/Apr/2020:11:17:33 +0800] "GET /xingrg/all/function/internal_message.html?_=1586056649904&CODE_STATE=getMsg HTTP/1.1" 302 -
180.162.232.172 - - [05/Apr/2020:11:17:35 +0800] "POST /xingrg/kc/buy/cgsh_order_operate.html HTTP/1.1" 200 37
172.17.0.112 - - [05/Apr/2020:11:17:36 +0800] "GET /xingrg/check_reg.html?_=1586056653263 HTTP/1.1" 302 -
180.162.232.172 - - [05/Apr/2020:11:17:36 +0800] "POST /xingrg/kc/buy/cgsh_order_operate.html HTTP/1.1" 200 12
180.162.232.172 - - [05/Apr/2020:11:17:37 +0800] "GET /xingrg/kc/buy/cgsh_order_info.html?code=212020040500907 HTTP/1.1" 200 53464
114.86.226.127 - - [05/Apr/2020:11:17:37 +0800] "GET /xingrg/check_reg.html?_=1586056676065 HTTP/1.1" 200 22
114.86.226.127 - - [05/Apr/2020:11:17:37 +0800] "GET /xingrg/all/function/internal_message.html?_=1586056676066&CODE_STATE=getMsg HTTP/1.1" 200 27
180.162.232.172 - - [05/Apr/2020:11:17:37 +0800] "GET /xingrg/javascript/easyui/themes/default/validatebox.css HTTP/1.1" 404 1104
180.162.232.172 - - [05/Apr/2020:11:17:38 +0800] "POST /xingrg/kc/buy/cgsh_order_operate.html HTTP/1.1" 200 1191
180.162.232.172 - - [05/Apr/2020:11:17:39 +0800] "GET /xingrg/kc/print/load_data.html?order_code=212020040500907&kc_code=cgsh&condition= HTTP/1.1" 200 921
180.162.232.172 - - [05/Apr/2020:11:17:42 +0800] "GET /xingrg/all/function/internal_message.html?_=1586056784628&CODE_STATE=getMsg HTTP/1.1" 200 27
117.185.32.26 - - [05/Apr/2020:11:17:42 +0800] "GET /xingrg/all/function/internal_message.html?_=1586057061729&CODE_STATE=getMsg HTTP/1.1" 200 27
180.156.150.85 - - [05/Apr/2020:11:17:43 +0800] "GET /xingrg/check_reg.html?_=1586056659041 HTTP/1.1" 302 -
180.156.150.85 - - [05/Apr/2020:11:17:43 +0800] "GET /xingrg/all/function/internal_message.html?_=1586056659042&CODE_STATE=getMsg HTTP/1.1" 302 -
116.224.247.222 - - [05/Apr/2020:11:17:44 +0800] "GET /xingrg/kc/buy/cgsh_order_operate.html?command=get_materiel&rest_code=00102&code=00101018017&supplier_code=00100031&order_time=2020-04-05 HTTP/1.1" 200 421
180.156.150.85 - - [05/Apr/2020:11:17:45 +0800] "GET /xingrg/kc/base/wldb_order_operate.html?command=get_materiel&rest_code=00105&base_code=0010508&code=00102002193 HTTP/1.1" 200 438
222.69.139.198 - - [05/Apr/2020:11:17:47 +0800] "GET /xingrg/all/function/internal_message.html?_=1586056663344&CODE_STATE=getMsg HTTP/1.1" 200 27
172.17.0.185 - - [05/Apr/2020:11:17:48 +0800] "GET /xingrg/all/function/internal_message.html?_=1586056663023&CODE_STATE=getMsg HTTP/1.1" 200 27
180.162.232.172 - - [05/Apr/2020:11:17:49 +0800] "POST /xingrg/all/user/operate.html HTTP/1.1" 200 36
180.162.232.172 - - [05/Apr/2020:11:17:49 +0800] "GET /xingrg/index.html?sysBaseUrl=http%3A%2F%2F180.169.147.146%3A18081%2Fxingrg%2F&costTime=37×tamp=1586052373728 HTTP/1.1" 200 17177
180.162.232.172 - - [05/Apr/2020:11:17:49 +0800] "GET /xingrg/javascript/jquery_easy_ui/themes/default/easyui.css HTTP/1.1" 304 -
180.162.232.172 - - [05/Apr/2020:11:17:49 +0800] "GET /xingrg/javascript/jquery_easy_ui/themes/icon.css HTTP/1.1" 304 -
180.162.232.172 - - [05/Apr/2020:11:17:49 +0800] "GET /xingrg/css/form.css HTTP/1.1" 304 -
180.162.232.172 - - [05/Apr/2020:11:17:49 +0800] "GET /xingrg/javascript/jquery-1.4.2.min.js HTTP/1.1" 304 -
180.162.232.172 - - [05/Apr/2020:11:17:49 +0800] "GET /xingrg/javascript/jquery_easy_ui/jquery.easyui.min.js HTTP/1.1" 304 -
180.162.232.172 - - [05/Apr/2020:11:17:49 +0800] "GET /xingrg/javascript/jquery_easy_ui/easyui-lang-zh_CN.js HTTP/1.1" 304 -
180.162.232.172 - - [05/Apr/2020:11:17:49 +0800] "GET /xingrg/javascript/jquery.form.js HTTP/1.1" 304 -
180.162.232.172 - - [05/Apr/2020:11:17:49 +0800] "GET /xingrg/javascript/jquery.utils.js HTTP/1.1" 304 -
180.162.232.172 - - [05/Apr/2020:11:17:49 +0800] "GET /xingrg/javascript/jquery.timers.js HTTP/1.1" 304 -
180.162.232.172 - - [05/Apr/2020:11:17:49 +0800] "GET /xingrg/images/blue/jxLogo.png HTTP/1.1" 304 -
180.162.232.172 - - [05/Apr/2020:11:17:49 +0800] "GET /xingrg/images/blue/navBackgound.jpg HTTP/1.1" 304 -
180.162.232.172 - - [05/Apr/2020:11:17:49 +0800] "GET /xingrg/javascript/jquery_easy_ui/themes/icons/settle_new.png HTTP/1.1" 304 -
180.162.232.172 - - [05/Apr/2020:11:17:49 +0800] "POST /xingrg/all/common/load_tree.html?tree=area_rest_tree_json&manage=1 HTTP/1.1" 200 476
180.162.232.172 - - [05/Apr/2020:11:17:49 +0800] "GET /xingrg/images/blue/pingpu.png HTTP/1.1" 304 -
180.162.232.172 - - [05/Apr/2020:11:17:49 +0800] "GET /xingrg/javascript/jquery_easy_ui/themes/default/images/tabs_leftarrow.png HTTP/1.1" 304 -
180.162.232.172 - - [05/Apr/2020:11:17:49 +0800] "GET /xingrg/javascript/jquery_easy_ui/themes/default/images/tabs_rightarrow.png HTTP/1.1" 304 -
180.162.232.172 - - [05/Apr/2020:11:17:49 +0800] "GET /xingrg/check_reg.html?_=1586056792114 HTTP/1.1" 200 22
180.162.232.172 - - [05/Apr/2020:11:17:49 +0800] "GET /xingrg/all/function/internal_message.html?_=1586056792113&CODE_STATE=count HTTP/1.1" 200 11
180.162.232.172 - - [05/Apr/2020:11:17:49 +0800] "GET /xingrg/javascript/jquery_easy_ui/themes/default/images/panel_tool_collapse.gif HTTP/1.1" 304 -
180.162.232.172 - - [05/Apr/2020:11:17:49 +0800] "POST /xingrg/load_menu.html HTTP/1.1" 200 5138
180.162.232.172 - - [05/Apr/2020:11:17:49 +0800] "GET /xingrg/javascript/jquery_easy_ui/themes/default/images/tree_arrows.gif HTTP/1.1" 304 -
180.162.232.172 - - [05/Apr/2020:11:17:49 +0800] "GET /xingrg/javascript/jquery_easy_ui/themes/default/images/tree_folder_open.gif HTTP/1.1" 304 -
180.162.232.172 - - [05/Apr/2020:11:17:49 +0800] "GET /xingrg/javascript/jquery_easy_ui/themes/icons/search_new.png HTTP/1.1" 304 -
180.162.232.172 - - [05/Apr/2020:11:17:49 +0800] "GET /xingrg/javascript/jquery_easy_ui/themes/icons/forms_new.png HTTP/1.1" 304 -
180.162.232.172 - - [05/Apr/2020:11:17:49 +0800] "GET /xingrg/javascript/jquery_easy_ui/themes/default/images/tree_folder.gif HTTP/1.1" 304 -
180.162.232.172 - - [05/Apr/2020:11:17:49 +0800] "GET /xingrg/javascript/jquery_easy_ui/themes/icons/storage_new.png HTTP/1.1" 304 -
180.162.232.172 - - [05/Apr/2020:11:17:49 +0800] "GET /xingrg/javascript/jquery_easy_ui/themes/default/images/tree_file.gif HTTP/1.1" 304 -
180.156.150.85 - - [05/Apr/2020:11:17:52 +0800] "POST /xingrg/kc/base/wldb_order_operate.html HTTP/1.1" 200 37
180.156.150.85 - - [05/Apr/2020:11:17:52 +0800] "POST /xingrg/kc/base/wldb_order_operate.html HTTP/1.1" 200 2186
180.156.150.85 - - [05/Apr/2020:11:17:53 +0800] "GET /xingrg/kc/base/wldb_order_info.html?code=422020040500273 HTTP/1.1" 200 30327
180.156.150.85 - - [05/Apr/2020:11:17:53 +0800] "GET /xingrg/javascript/easyui/themes/default/validatebox.css HTTP/1.1" 404 1104
180.156.150.85 - - [05/Apr/2020:11:17:53 +0800] "POST /xingrg/kc/base/wldb_order_operate.html HTTP/1.1" 200 2186
180.162.232.172 - - [05/Apr/2020:11:17:54 +0800] "GET /xingrg/kc/buy/cgsh_order_list.html HTTP/1.1" 200 42358
180.162.232.172 - - [05/Apr/2020:11:17:54 +0800] "POST /xingrg/kc/buy/cgsh_list_operate.html HTTP/1.1" 200 876
116.224.247.222 - - [05/Apr/2020:11:17:55 +0800] "GET /xingrg/kc/buy/cgsh_order_operate.html?command=get_materiel&rest_code=00102&code=00101024017&supplier_code=00100031&order_time=2020-04-05 HTTP/1.1" 200 418
222.70.183.62 - - [05/Apr/2020:11:17:56 +0800] "GET /xingrg/all/function/internal_message.html?_=1586056672459&CODE_STATE=getMsg HTTP/1.1" 200 27
120.253.135.82 - - [05/Apr/2020:11:17:57 +0800] "GET /xingrg/all/function/internal_message.html?_=1586056745056&CODE_STATE=getMsg HTTP/1.1" 200 27
114.88.159.93 - - [05/Apr/2020:11:18:02 +0800] "GET /xingrg/all/function/internal_message.html?_=1586056677377&CODE_STATE=getMsg HTTP/1.1" 200 27
116.224.247.222 - - [05/Apr/2020:11:18:03 +0800] "GET /xingrg/kc/buy/cgsh_order_operate.html?command=get_materiel&rest_code=00102&code=00101012025&supplier_code=00100031&order_time=2020-04-05 HTTP/1.1" 200 412
183.192.94.73 - - [05/Apr/2020:11:18:04 +0800] "GET /xingrg/all/function/internal_message.html?_=1586056679606&CODE_STATE=getMsg HTTP/1.1" 200 27
183.192.94.73 - - [05/Apr/2020:11:18:04 +0800] "GET /xingrg/check_reg.html?_=1586056679603 HTTP/1.1" 200 22
180.156.150.85 - - [05/Apr/2020:11:18:05 +0800] "GET /xingrg/kc/base/wldb_order_add.html HTTP/1.1" 200 30313
180.156.150.85 - - [05/Apr/2020:11:18:05 +0800] "POST /xingrg/kc/base/wldb_order_operate.html HTTP/1.1" 200 6806
180.156.150.85 - - [05/Apr/2020:11:18:05 +0800] "GET /xingrg/javascript/easyui/themes/default/validatebox.css HTTP/1.1" 404 1104
114.88.159.93 - - [05/Apr/2020:11:18:06 +0800] "GET /xingrg/all/function/internal_message.html?_=1586056681670&CODE_STATE=getMsg HTTP/1.1" 200 27
180.156.150.85 - - [05/Apr/2020:11:18:07 +0800] "POST /xingrg/all/common/load_combo.html?type=base HTTP/1.1" 200 2878
172.17.0.106 - - [05/Apr/2020:11:18:08 +0800] "GET /xingrg/all/function/internal_message.html?_=1586056684352&CODE_STATE=getMsg HTTP/1.1" 200 27
116.224.247.222 - - [05/Apr/2020:11:18:16 +0800] "GET /xingrg/kc/buy/cgsh_order_operate.html?command=get_materiel&rest_code=00102&code=00101016017&supplier_code=00100031&order_time=2020-04-05 HTTP/1.1" 200 408
101.89.29.78 - - [05/Apr/2020:11:18:17 +0800] "GET /xingrg/all/function/internal_message.html?_=1586056561672&CODE_STATE=getMsg HTTP/1.1" 302 -
180.162.232.172 - - [05/Apr/2020:11:18:18 +0800] "GET /xingrg/kc/buy/cgsh_order_add.html HTTP/1.1" 200 57711
180.162.232.172 - - [05/Apr/2020:11:18:18 +0800] "POST /xingrg/kc/buy/cgsh_order_operate.html HTTP/1.1" 200 8245
180.162.232.172 - - [05/Apr/2020:11:18:18 +0800] "GET /xingrg/javascript/easyui/themes/default/validatebox.css HTTP/1.1" 404 1104
180.162.232.172 - - [05/Apr/2020:11:18:20 +0800] "GET /xingrg/javascript/auto/indicator.gif HTTP/1.1" 404 1066
116.224.247.222 - - [05/Apr/2020:11:18:20 +0800] "GET /xingrg/all/function/internal_message.html?_=1586056878122&CODE_STATE=getMsg HTTP/1.1" 200 27
116.224.247.222 - - [05/Apr/2020:11:18:25 +0800] "GET /xingrg/kc/buy/cgsh_order_operate.html?command=get_materiel&rest_code=00102&code=00101016038&supplier_code=00100031&order_time=2020-04-05 HTTP/1.1" 200 410
172.17.0.112 - - [05/Apr/2020:11:18:26 +0800] "GET /xingrg/all/function/internal_message.html?_=1586056702909&CODE_STATE=getMsg HTTP/1.1" 302 -
180.156.150.85 - - [05/Apr/2020:11:18:26 +0800] "GET /xingrg/all/function/internal_message.html?_=1586056700160&CODE_STATE=getMsg HTTP/1.1" 200 27
101.89.29.78 - - [05/Apr/2020:11:18:27 +0800] "GET /xingrg/login.html HTTP/1.1" 200 7641
180.162.232.172 - - [05/Apr/2020:11:18:30 +0800] "GET /xingrg/kc/buy/cgsh_order_operate.html?command=get_materiel&rest_code=00151&code=00101009001&supplier_code=00100096&order_time=2020-04-05 HTTP/1.1" 200 418
114.84.33.255 - - [05/Apr/2020:11:18:31 +0800] "GET /xingrg/all/function/internal_message.html?_=1586056708498&CODE_STATE=getMsg HTTP/1.1" 200 27
172.17.0.112 - - [05/Apr/2020:11:18:33 +0800] "GET /xingrg/all/function/internal_message.html?_=1586056709942&CODE_STATE=getMsg HTTP/1.1" 302 -
180.156.150.85 - - [05/Apr/2020:11:18:33 +0800] "GET /xingrg/kc/base/wldb_order_operate.html?command=get_materiel&rest_code=00105&base_code=0010507&code=00101019405 HTTP/1.1" 200 468
114.86.226.127 - - [05/Apr/2020:11:18:38 +0800] "GET /xingrg/all/function/internal_message.html?_=1586056736065&CODE_STATE=getMsg HTTP/1.1" 200 27
116.224.247.222 - - [05/Apr/2020:11:18:40 +0800] "POST /xingrg/kc/buy/cgsh_order_operate.html HTTP/1.1" 200 37
117.185.32.26 - - [05/Apr/2020:11:18:42 +0800] "GET /xingrg/all/function/internal_message.html?_=1586057121731&CODE_STATE=getMsg HTTP/1.1" 200 27
116.224.247.222 - - [05/Apr/2020:11:18:42 +0800] "POST /xingrg/kc/buy/cgsh_order_operate.html HTTP/1.1" 200 12
180.156.150.85 - - [05/Apr/2020:11:18:43 +0800] "GET /xingrg/all/function/internal_message.html?_=1586056719041&CODE_STATE=getMsg HTTP/1.1" 302 -
222.69.139.198 - - [05/Apr/2020:11:18:48 +0800] "GET /xingrg/all/function/internal_message.html?_=1586056723352&CODE_STATE=getMsg HTTP/1.1" 200 27
172.17.0.185 - - [05/Apr/2020:11:18:48 +0800] "GET /xingrg/all/function/internal_message.html?_=1586056723028&CODE_STATE=getMsg HTTP/1.1" 200 27
172.17.0.185 - - [05/Apr/2020:11:18:48 +0800] "GET /xingrg/check_reg.html?_=1586056723034 HTTP/1.1" 200 22
116.224.247.222 - - [05/Apr/2020:11:18:48 +0800] "GET /xingrg/kc/buy/cgsh_order_info.html?code=212020040500908 HTTP/1.1" 200 52783
180.162.232.172 - - [05/Apr/2020:11:18:49 +0800] "GET /xingrg/kc/buy/cgsh_order_operate.html?command=get_materiel&rest_code=00151&code=00101009062&supplier_code=00100096&order_time=2020-04-05 HTTP/1.1" 200 412
116.224.247.222 - - [05/Apr/2020:11:18:49 +0800] "GET /xingrg/javascript/easyui/themes/default/validatebox.css HTTP/1.1" 404 1104
116.224.247.222 - - [05/Apr/2020:11:18:49 +0800] "POST /xingrg/kc/buy/cgsh_order_operate.html HTTP/1.1" 200 2963
180.162.232.172 - - [05/Apr/2020:11:18:49 +0800] "GET /xingrg/all/function/internal_message.html?_=1586056852114&CODE_STATE=getMsg HTTP/1.1" 200 27
180.156.150.85 - - [05/Apr/2020:11:18:51 +0800] "GET /xingrg/kc/base/wldb_order_operate.html?command=get_materiel&rest_code=00105&base_code=0010507&code=00101019398 HTTP/1.1" 200 471
116.224.247.222 - - [05/Apr/2020:11:18:53 +0800] "GET /xingrg/kc/print/load_data.html?order_code=212020040500908&kc_code=cgsh&condition= HTTP/1.1" 200 1595
222.70.183.62 - - [05/Apr/2020:11:18:56 +0800] "GET /xingrg/all/function/internal_message.html?_=1586056732460&CODE_STATE=getMsg HTTP/1.1" 200 27
120.253.135.82 - - [05/Apr/2020:11:18:57 +0800] "GET /xingrg/all/function/internal_message.html?_=1586056805089&CODE_STATE=getMsg HTTP/1.1" 200 27
180.162.232.172 - - [05/Apr/2020:11:18:59 +0800] "GET /xingrg/kc/buy/cgsh_order_operate.html?command=get_materiel&rest_code=00151&code=00101009016&supplier_code=00100096&order_time=2020-04-05 HTTP/1.1" 200 412
114.88.159.93 - - [05/Apr/2020:11:19:02 +0800] "GET /xingrg/all/function/internal_message.html?_=1586056737376&CODE_STATE=getMsg HTTP/1.1" 200 27
172.17.0.112 - - [05/Apr/2020:11:19:04 +0800] "GET /xingrg/check_reg.html?_=1586056740889 HTTP/1.1" 302 -
114.88.159.93 - - [05/Apr/2020:11:19:06 +0800] "GET /xingrg/all/function/internal_message.html?_=1586056741669&CODE_STATE=getMsg HTTP/1.1" 200 27
180.162.232.172 - - [05/Apr/2020:11:19:08 +0800] "GET /xingrg/kc/buy/cgsh_order_operate.html?command=get_materiel&rest_code=00151&code=00101009010&supplier_code=00100096&order_time=2020-04-05 HTTP/1.1" 200 412
172.17.0.106 - - [05/Apr/2020:11:19:08 +0800] "GET /xingrg/all/function/internal_message.html?_=1586056744353&CODE_STATE=getMsg HTTP/1.1" 200 27
172.17.0.106 - - [05/Apr/2020:11:19:08 +0800] "GET /xingrg/check_reg.html?_=1586056744357 HTTP/1.1" 200 22
180.97.118.219 - - [05/Apr/2020:11:19:13 +0800] "GET /xingrg/all/function/internal_message.html?_=1586056681670&CODE_STATE=getMsg HTTP/1.1" 302 -
180.97.118.219 - - [05/Apr/2020:11:19:18 +0800] "GET /xingrg/login.html HTTP/1.1" 200 7641
180.156.150.85 - - [05/Apr/2020:11:19:19 +0800] "GET /xingrg/kc/base/wldb_order_operate.html?command=get_materiel&rest_code=00105&base_code=0010507&code=00101019391 HTTP/1.1" 200 471
116.224.247.222 - - [05/Apr/2020:11:19:20 +0800] "GET /xingrg/all/function/internal_message.html?_=1586056938136&CODE_STATE=getMsg HTTP/1.1" 200 27
183.192.94.73 - - [05/Apr/2020:11:19:24 +0800] "GET /xingrg/all/function/internal_message.html?_=1586056759609&CODE_STATE=getMsg HTTP/1.1" 200 27
172.17.0.112 - - [05/Apr/2020:11:19:26 +0800] "GET /xingrg/all/function/internal_message.html?_=1586056762915&CODE_STATE=getMsg HTTP/1.1" 302 -
183.195.131.162 - - [05/Apr/2020:11:19:26 +0800] "GET /xingrg/login.html HTTP/1.1" 200 7641
180.156.150.85 - - [05/Apr/2020:11:19:26 +0800] "GET /xingrg/check_reg.html?_=1586056760185 HTTP/1.1" 200 22
180.156.150.85 - - [05/Apr/2020:11:19:26 +0800] "GET /xingrg/all/function/internal_message.html?_=1586056760186&CODE_STATE=getMsg HTTP/1.1" 200 27
183.195.131.162 - - [05/Apr/2020:11:19:27 +0800] "GET /xingrg/images/blue/jxLogo.png HTTP/1.1" 304 -
183.195.131.162 - - [05/Apr/2020:11:19:27 +0800] "GET /xingrg/images/blue/login_bg.png HTTP/1.1" 304 -
183.195.131.162 - - [05/Apr/2020:11:19:27 +0800] "GET /xingrg/images/blue/hj.png HTTP/1.1" 304 -
183.195.131.162 - - [05/Apr/2020:11:19:27 +0800] "GET /xingrg/images/blue/srbg.png HTTP/1.1" 304 -
183.195.131.162 - - [05/Apr/2020:11:19:27 +0800] "GET /favicon.ico HTTP/1.1" 404 -
180.162.232.172 - - [05/Apr/2020:11:19:29 +0800] "GET /xingrg/kc/buy/cgsh_order_operate.html?command=get_materiel&rest_code=00151&code=00101009053&supplier_code=00100096&order_time=2020-04-05 HTTP/1.1" 200 408
114.84.33.255 - - [05/Apr/2020:11:19:31 +0800] "GET /xingrg/all/function/internal_message.html?_=1586056768512&CODE_STATE=getMsg HTTP/1.1" 200 27
172.17.0.112 - - [05/Apr/2020:11:19:33 +0800] "GET /xingrg/all/function/internal_message.html?_=1586056769951&CODE_STATE=getMsg HTTP/1.1" 302 -
116.224.247.222 - - [05/Apr/2020:11:19:34 +0800] "GET /xingrg/javascript/jquery_easy_ui/themes/default/images/tabs_active.png HTTP/1.1" 304 -
183.195.131.162 - - [05/Apr/2020:11:19:35 +0800] "POST /xingrg/login.do HTTP/1.1" 302 -
183.195.131.162 - - [05/Apr/2020:11:19:36 +0800] "GET /xingrg/index.html?sysBaseUrl=http%3A%2F%2F180.169.147.146%3A18081%2Fxingrg%2F&costTime=36×tamp=1586056775982 HTTP/1.1" 200 17413
183.195.131.162 - - [05/Apr/2020:11:19:36 +0800] "GET /xingrg/javascript/jquery_easy_ui/themes/icon.css HTTP/1.1" 304 -
183.195.131.162 - - [05/Apr/2020:11:19:36 +0800] "GET /xingrg/javascript/jquery_easy_ui/themes/default/easyui.css HTTP/1.1" 304 -
183.195.131.162 - - [05/Apr/2020:11:19:36 +0800] "GET /xingrg/javascript/jquery-1.4.2.min.js HTTP/1.1" 304 -
183.195.131.162 - - [05/Apr/2020:11:19:36 +0800] "GET /xingrg/javascript/jquery_easy_ui/jquery.easyui.min.js HTTP/1.1" 304 -
183.195.131.162 - - [05/Apr/2020:11:19:36 +0800] "GET /xingrg/css/form.css HTTP/1.1" 304 -
183.195.131.162 - - [05/Apr/2020:11:19:36 +0800] "GET /xingrg/javascript/jquery_easy_ui/easyui-lang-zh_CN.js HTTP/1.1" 304 -
183.195.131.162 - - [05/Apr/2020:11:19:36 +0800] "GET /xingrg/javascript/jquery.form.js HTTP/1.1" 304 -
183.195.131.162 - - [05/Apr/2020:11:19:36 +0800] "GET /xingrg/javascript/jquery.timers.js HTTP/1.1" 304 -
183.195.131.162 - - [05/Apr/2020:11:19:36 +0800] "GET /xingrg/javascript/jquery.utils.js HTTP/1.1" 304 -
183.195.131.162 - - [05/Apr/2020:11:19:36 +0800] "GET /xingrg/images/blue/navBackgound.jpg HTTP/1.1" 304 -
183.195.131.162 - - [05/Apr/2020:11:19:36 +0800] "GET /xingrg/javascript/jquery_easy_ui/themes/icons/settle_new.png HTTP/1.1" 304 -
183.195.131.162 - - [05/Apr/2020:11:19:36 +0800] "POST /xingrg/all/common/load_tree.html?tree=area_rest_tree_json&manage=1 HTTP/1.1" 200 342
183.195.131.162 - - [05/Apr/2020:11:19:36 +0800] "GET /xingrg/javascript/jquery_easy_ui/themes/default/images/tabs_rightarrow.png HTTP/1.1" 304 -
183.195.131.162 - - [05/Apr/2020:11:19:36 +0800] "GET /xingrg/javascript/jquery_easy_ui/themes/default/images/tabs_leftarrow.png HTTP/1.1" 304 -
183.195.131.162 - - [05/Apr/2020:11:19:36 +0800] "GET /xingrg/javascript/jquery_easy_ui/themes/default/images/panel_tool_collapse.gif HTTP/1.1" 304 -
183.195.131.162 - - [05/Apr/2020:11:19:36 +0800] "GET /xingrg/images/blue/pingpu.png HTTP/1.1" 304 -
183.195.131.162 - - [05/Apr/2020:11:19:36 +0800] "GET /xingrg/javascript/jquery_easy_ui/themes/default/images/panel_tool_expand.gif HTTP/1.1" 304 -
183.195.131.162 - - [05/Apr/2020:11:19:36 +0800] "GET /favicon.ico HTTP/1.1" 404 -
183.195.131.162 - - [05/Apr/2020:11:19:36 +0800] "GET /xingrg/all/function/internal_message.html?_=1586056719092&CODE_STATE=count HTTP/1.1" 200 11
183.195.131.162 - - [05/Apr/2020:11:19:36 +0800] "GET /xingrg/javascript/jquery_easy_ui/themes/default/images/tree_arrows.gif HTTP/1.1" 304 -
183.195.131.162 - - [05/Apr/2020:11:19:36 +0800] "GET /xingrg/check_reg.html?_=1586056719093 HTTP/1.1" 200 22
183.195.131.162 - - [05/Apr/2020:11:19:36 +0800] "POST /xingrg/load_menu.html HTTP/1.1" 200 9959
183.195.131.162 - - [05/Apr/2020:11:19:36 +0800] "GET /xingrg/javascript/jquery_easy_ui/themes/default/images/tree_folder_open.gif HTTP/1.1" 304 -
183.195.131.162 - - [05/Apr/2020:11:19:36 +0800] "GET /xingrg/javascript/jquery_easy_ui/themes/icons/search_new.png HTTP/1.1" 304 -
183.195.131.162 - - [05/Apr/2020:11:19:36 +0800] "GET /xingrg/javascript/jquery_easy_ui/themes/default/images/tree_folder.gif HTTP/1.1" 304 -
183.195.131.162 - - [05/Apr/2020:11:19:36 +0800] "GET /xingrg/javascript/jquery_easy_ui/themes/icons/checkout_new.png HTTP/1.1" 304 -
183.195.131.162 - - [05/Apr/2020:11:19:36 +0800] "GET /xingrg/javascript/jquery_easy_ui/themes/icons/forms_new.png HTTP/1.1" 304 -
183.195.131.162 - - [05/Apr/2020:11:19:36 +0800] "GET /xingrg/javascript/jquery_easy_ui/themes/icons/storage_new.png HTTP/1.1" 304 -
183.195.131.162 - - [05/Apr/2020:11:19:36 +0800] "GET /xingrg/javascript/jquery_easy_ui/themes/icons/setting_new.png HTTP/1.1" 304 -
183.195.131.162 - - [05/Apr/2020:11:19:36 +0800] "GET /xingrg/javascript/jquery_easy_ui/themes/default/images/tree_file.gif HTTP/1.1" 304 -
183.195.131.162 - - [05/Apr/2020:11:19:37 +0800] "GET /xingrg/javascript/jquery_easy_ui/themes/icons/systemset_new.png HTTP/1.1" 304 -
114.86.226.127 - - [05/Apr/2020:11:19:37 +0800] "GET /xingrg/all/function/internal_message.html?_=1586056796065&CODE_STATE=getMsg HTTP/1.1" 200 27
183.195.131.162 - - [05/Apr/2020:11:19:38 +0800] "POST /xingrg/load_menu.html HTTP/1.1" 200 10168
116.224.247.222 - - [05/Apr/2020:11:19:38 +0800] "GET /xingrg/kc/base/wldb_order_list.html HTTP/1.1" 200 19252
116.224.247.222 - - [05/Apr/2020:11:19:39 +0800] "POST /xingrg/kc/base/wldb_list_operate.html HTTP/1.1" 200 928
183.195.131.162 - - [05/Apr/2020:11:19:41 +0800] "GET /xingrg/javascript/jquery_easy_ui/themes/default/images/tabs_close.gif HTTP/1.1" 304 -
183.195.131.162 - - [05/Apr/2020:11:19:41 +0800] "GET /xingrg/css/table.css HTTP/1.1" 304 -
183.195.131.162 - - [05/Apr/2020:11:19:41 +0800] "GET /xingrg/dwr/interface/AjaxGetFirstChart.js HTTP/1.1" 200 631
183.195.131.162 - - [05/Apr/2020:11:19:41 +0800] "GET /xingrg/javascript/Calendar.js HTTP/1.1" 304 -
183.195.131.162 - - [05/Apr/2020:11:19:41 +0800] "GET /xingrg/dwr/util.js HTTP/1.1" 304 -
183.195.131.162 - - [05/Apr/2020:11:19:41 +0800] "GET /xingrg/javascript/jquery.shich.js HTTP/1.1" 304 -
183.195.131.162 - - [05/Apr/2020:11:19:41 +0800] "GET /xingrg/javascript/convert.js HTTP/1.1" 304 -
183.195.131.162 - - [05/Apr/2020:11:19:41 +0800] "GET /xingrg/dwr/engine.js HTTP/1.1" 200 43631
183.195.131.162 - - [05/Apr/2020:11:19:41 +0800] "GET /xingrg/system/rest/list_page.html?p=menu HTTP/1.1" 200 110877
183.195.131.162 - - [05/Apr/2020:11:19:41 +0800] "GET /xingrg/ HTTP/1.1" 304 -
183.195.131.162 - - [05/Apr/2020:11:19:41 +0800] "GET /xingrg/javascript/jquery_easy_ui/themes/icons/search.png HTTP/1.1" 304 -
183.195.131.162 - - [05/Apr/2020:11:19:41 +0800] "GET /xingrg/javascript/jquery_easy_ui/themes/icons/edit_add.png HTTP/1.1" 304 -
183.195.131.162 - - [05/Apr/2020:11:19:41 +0800] "GET /xingrg/javascript/jquery_easy_ui/themes/icons/pencil.png HTTP/1.1" 304 -
183.195.131.162 - - [05/Apr/2020:11:19:41 +0800] "GET /xingrg/javascript/jquery_easy_ui/themes/icons/edit_remove.png HTTP/1.1" 304 -
183.195.131.162 - - [05/Apr/2020:11:19:41 +0800] "GET /xingrg/javascript/jquery_easy_ui/themes/icons/check_new.png HTTP/1.1" 304 -
183.195.131.162 - - [05/Apr/2020:11:19:41 +0800] "GET /xingrg/javascript/jquery_easy_ui/themes/icons/uncheck_new.png HTTP/1.1" 304 -
183.195.131.162 - - [05/Apr/2020:11:19:41 +0800] "GET /xingrg/javascript/jquery_easy_ui/themes/default/images/button_a_bg.gif HTTP/1.1" 304 -
183.195.131.162 - - [05/Apr/2020:11:19:41 +0800] "GET /xingrg/javascript/jquery_easy_ui/themes/default/images/button_span_bg.gif HTTP/1.1" 304 -
183.195.131.162 - - [05/Apr/2020:11:19:41 +0800] "GET /xingrg/javascript/jquery_easy_ui/themes/icons/ok.png HTTP/1.1" 304 -
183.195.131.162 - - [05/Apr/2020:11:19:42 +0800] "GET /xingrg/images/control/ajaxLoader.gif HTTP/1.1" 304 -
183.195.131.162 - - [05/Apr/2020:11:19:42 +0800] "GET /xingrg/javascript/jquery_easy_ui/themes/default/images/datagrid_header_bg.gif HTTP/1.1" 304 -
183.195.131.162 - - [05/Apr/2020:11:19:42 +0800] "GET /xingrg/javascript/jquery_easy_ui/themes/default/images/pagination_first.gif HTTP/1.1" 304 -
183.195.131.162 - - [05/Apr/2020:11:19:42 +0800] "GET /xingrg/javascript/jquery_easy_ui/themes/default/images/pagination_prev.gif HTTP/1.1" 304 -
183.195.131.162 - - [05/Apr/2020:11:19:42 +0800] "GET /xingrg/javascript/jquery_easy_ui/themes/default/images/pagination_next.gif HTTP/1.1" 304 -
183.195.131.162 - - [05/Apr/2020:11:19:42 +0800] "GET /xingrg/javascript/jquery_easy_ui/themes/default/images/pagination_last.gif HTTP/1.1" 304 -
183.195.131.162 - - [05/Apr/2020:11:19:42 +0800] "GET /xingrg/javascript/jquery_easy_ui/themes/default/images/pagination_load.png HTTP/1.1" 304 -
183.195.131.162 - - [05/Apr/2020:11:19:42 +0800] "GET /xingrg/javascript/jquery_easy_ui/themes/default/images/pagination_loading.gif HTTP/1.1" 304 -
117.185.32.26 - - [05/Apr/2020:11:19:42 +0800] "GET /xingrg/all/function/internal_message.html?_=1586057181730&CODE_STATE=getMsg HTTP/1.1" 200 27
183.195.131.162 - - [05/Apr/2020:11:19:42 +0800] "GET /xingrg/system/rest/query_items.html?_=1586056725049&table=menu&page=1&rows=20&categoryId=&key= HTTP/1.1" 200 4722
116.224.247.222 - - [05/Apr/2020:11:19:43 +0800] "GET /xingrg/kc/base/wldb_order_add.html HTTP/1.1" 200 30309
180.156.150.85 - - [05/Apr/2020:11:19:43 +0800] "GET /xingrg/all/function/internal_message.html?_=1586056779041&CODE_STATE=getMsg HTTP/1.1" 302 -
116.224.247.222 - - [05/Apr/2020:11:19:43 +0800] "POST /xingrg/kc/base/wldb_order_operate.html HTTP/1.1" 200 6806
116.224.247.222 - - [05/Apr/2020:11:19:44 +0800] "GET /xingrg/all/common/auto_word.html?type=base&rest_code=00102 HTTP/1.1" 200 1503
116.224.247.222 - - [05/Apr/2020:11:19:44 +0800] "GET /xingrg/all/common/auto_word.html?type=base&rest_code=00102 HTTP/1.1" 200 1503
116.224.247.222 - - [05/Apr/2020:11:19:44 +0800] "GET /xingrg/javascript/easyui/themes/default/validatebox.css HTTP/1.1" 404 1104
116.224.247.222 - - [05/Apr/2020:11:19:45 +0800] "POST /xingrg/all/common/load_combo.html?type=base HTTP/1.1" 200 2702
183.195.131.162 - - [05/Apr/2020:11:19:47 +0800] "GET /xingrg/system/rest/query_items.html?_=1586056730170&table=menu&page=1&rows=20&categoryId=&key=%25E7%258E%2589%25E7%25B1%25B3 HTTP/1.1" 200 4377
222.69.139.198 - - [05/Apr/2020:11:19:47 +0800] "GET /xingrg/all/function/internal_message.html?_=1586056783349&CODE_STATE=getMsg HTTP/1.1" 200 27
222.69.139.198 - - [05/Apr/2020:11:19:48 +0800] "GET /xingrg/check_reg.html?_=1586056783353 HTTP/1.1" 200 22
172.17.0.185 - - [05/Apr/2020:11:19:48 +0800] "GET /xingrg/all/function/internal_message.html?_=1586056783036&CODE_STATE=getMsg HTTP/1.1" 200 27
120.253.135.82 - - [05/Apr/2020:11:19:48 +0800] "GET /xingrg/check_reg.html?_=1586056855972 HTTP/1.1" 200 22
180.162.232.172 - - [05/Apr/2020:11:19:49 +0800] "GET /xingrg/all/function/internal_message.html?_=1586056912128&CODE_STATE=getMsg HTTP/1.1" 200 27
183.195.131.162 - - [05/Apr/2020:11:19:50 +0800] "GET /xingrg/javascript/jquery_easy_ui/themes/default/images/panel_tools.gif HTTP/1.1" 304 -
183.195.131.162 - - [05/Apr/2020:11:19:50 +0800] "GET /xingrg/javascript/jquery_easy_ui/themes/default/images/panel_title.png HTTP/1.1" 304 -
183.195.131.162 - - [05/Apr/2020:11:19:50 +0800] "GET /xingrg/system/rest/get_item.html?table=menu&id=2422&_=1586056733322 HTTP/1.1" 200 930
183.195.131.162 - - [05/Apr/2020:11:19:50 +0800] "GET /xingrg/system/rest/get_item.html?table=menu&target=cook_mode&id=2422&_=1586056733329 HTTP/1.1" 200 64
183.195.131.162 - - [05/Apr/2020:11:19:50 +0800] "GET /xingrg/system/rest/get_item.html?table=menu&target=menu_rest&id=2422&_=1586056733330 HTTP/1.1" 200 363
183.195.131.162 - - [05/Apr/2020:11:19:51 +0800] "GET /xingrg/system/rest/get_infos.html?command=menu_img_show&id=2422 HTTP/1.1" 200 5
116.224.247.222 - - [05/Apr/2020:11:19:52 +0800] "POST /xingrg/all/common/load_combo.html?type=base HTTP/1.1" 200 2702
183.195.131.162 - - [05/Apr/2020:11:19:54 +0800] "GET /xingrg/javascript/jquery_easy_ui/themes/default/images/button_plain_hover.png HTTP/1.1" 304 -
183.195.131.162 - - [05/Apr/2020:11:19:54 +0800] "POST /xingrg/dwr/call/plaincall/AjaxGetFirstChart.getFirstChart.dwr HTTP/1.1" 200 83
183.195.131.162 - - [05/Apr/2020:11:19:54 +0800] "GET /xingrg/javascript/jquery_easy_ui/themes/default/images/button_plain_hover.png HTTP/1.1" 304 -
183.195.131.162 - - [05/Apr/2020:11:19:54 +0800] "POST /xingrg/dwr/call/plaincall/AjaxGetFirstChart.getFirstChart.dwr HTTP/1.1" 200 83
222.70.183.62 - - [05/Apr/2020:11:19:54 +0800] "GET /xingrg/check_reg.html?_=1586056791047 HTTP/1.1" 200 22
180.162.232.172 - - [05/Apr/2020:11:19:56 +0800] "GET /xingrg/kc/buy/cgsh_order_operate.html?command=get_materiel&rest_code=00151&code=00101009088&supplier_code=00100096&order_time=2020-04-05 HTTP/1.1" 200 391
222.70.183.62 - - [05/Apr/2020:11:19:56 +0800] "GET /xingrg/all/function/internal_message.html?_=1586056792472&CODE_STATE=getMsg HTTP/1.1" 200 27
120.253.135.82 - - [05/Apr/2020:11:19:57 +0800] "GET /xingrg/all/function/internal_message.html?_=1586056865099&CODE_STATE=getMsg HTTP/1.1" 200 27
114.88.159.93 - - [05/Apr/2020:11:20:02 +0800] "GET /xingrg/all/function/internal_message.html?_=1586056797376&CODE_STATE=getMsg HTTP/1.1" 200 27
114.88.159.93 - - [05/Apr/2020:11:20:02 +0800] "GET /xingrg/check_reg.html?_=1586056797381 HTTP/1.1" 200 22
114.88.159.93 - - [05/Apr/2020:11:20:06 +0800] "GET /xingrg/all/function/internal_message.html?_=1586056801668&CODE_STATE=getMsg HTTP/1.1" 200 27
172.17.0.106 - - [05/Apr/2020:11:20:08 +0800] "GET /xingrg/all/function/internal_message.html?_=1586056804357&CODE_STATE=getMsg HTTP/1.1" 200 27
180.156.150.85 - - [05/Apr/2020:11:20:11 +0800] "GET /xingrg/kc/base/wldb_order_operate.html?command=get_materiel&rest_code=00105&base_code=0010507&code=00101019079 HTTP/1.1" 200 465
120.253.135.82 - - [05/Apr/2020:11:20:15 +0800] "GET /xingrg/kc/pszx/mdqp_order_list.html?state=10 HTTP/1.1" 200 10912
120.253.135.82 - - [05/Apr/2020:11:20:15 +0800] "POST /xingrg/kc/pszx/mdps_list_operate.html HTTP/1.1" 200 3164
120.253.135.82 - - [05/Apr/2020:11:20:15 +0800] "GET /xingrg/dwr/interface/AjaxQqpsService.js HTTP/1.1" 200 16326
120.253.135.82 - - [05/Apr/2020:11:20:15 +0800] "GET /xingrg/dwr/interface/AjaxReportQueryService.js HTTP/1.1" 200 13203
120.253.135.82 - - [05/Apr/2020:11:20:15 +0800] "GET /xingrg/dwr/engine.js HTTP/1.1" 200 43631
116.224.247.222 - - [05/Apr/2020:11:20:20 +0800] "GET /xingrg/check_reg.html?_=1586056998169 HTTP/1.1" 200 22
116.224.247.222 - - [05/Apr/2020:11:20:20 +0800] "GET /xingrg/all/function/internal_message.html?_=1586056998172&CODE_STATE=getMsg HTTP/1.1" 200 27
180.156.150.85 - - [05/Apr/2020:11:20:24 +0800] "GET /xingrg/kc/base/wldb_order_operate.html?command=get_materiel&rest_code=00105&base_code=0010507&code=00101019430 HTTP/1.1" 200 463
172.17.0.112 - - [05/Apr/2020:11:20:26 +0800] "GET /xingrg/all/function/internal_message.html?_=1586056822948&CODE_STATE=getMsg HTTP/1.1" 302 -
180.156.150.85 - - [05/Apr/2020:11:20:26 +0800] "GET /xingrg/all/function/internal_message.html?_=1586056820160&CODE_STATE=getMsg HTTP/1.1" 200 27
114.84.33.255 - - [05/Apr/2020:11:20:31 +0800] "GET /xingrg/all/function/internal_message.html?_=1586056828533&CODE_STATE=getMsg HTTP/1.1" 200 27
172.17.0.112 - - [05/Apr/2020:11:20:33 +0800] "GET /xingrg/all/function/internal_message.html?_=1586056829990&CODE_STATE=getMsg HTTP/1.1" 302 -
180.156.150.85 - - [05/Apr/2020:11:20:34 +0800] "GET /xingrg/kc/base/wldb_order_operate.html?command=get_materiel&rest_code=00105&base_code=0010507&code=00101016028 HTTP/1.1" 200 431
183.195.131.162 - - [05/Apr/2020:11:20:36 +0800] "GET /xingrg/all/function/internal_message.html?_=1586056779102&CODE_STATE=getMsg HTTP/1.1" 200 27
114.86.226.127 - - [05/Apr/2020:11:20:37 +0800] "GET /xingrg/all/function/internal_message.html?_=1586056856062&CODE_STATE=getMsg HTTP/1.1" 200 27
117.185.32.26 - - [05/Apr/2020:11:20:42 +0800] "GET /xingrg/check_reg.html?_=1586057241730 HTTP/1.1" 200 22
117.185.32.26 - - [05/Apr/2020:11:20:42 +0800] "GET /xingrg/all/function/internal_message.html?_=1586057241732&CODE_STATE=getMsg HTTP/1.1" 200 27
180.156.150.85 - - [05/Apr/2020:11:20:43 +0800] "GET /xingrg/all/function/internal_message.html?_=1586056839042&CODE_STATE=getMsg HTTP/1.1" 302 -
183.192.94.73 - - [05/Apr/2020:11:20:47 +0800] "GET /xingrg/all/function/internal_message.html?_=1586056842767&CODE_STATE=getMsg HTTP/1.1" 200 27
222.69.139.198 - - [05/Apr/2020:11:20:47 +0800] "GET /xingrg/all/function/internal_message.html?_=1586056843351&CODE_STATE=getMsg HTTP/1.1" 200 27
172.17.0.185 - - [05/Apr/2020:11:20:48 +0800] "GET /xingrg/all/function/internal_message.html?_=1586056843024&CODE_STATE=getMsg HTTP/1.1" 200 27
180.162.232.172 - - [05/Apr/2020:11:20:49 +0800] "GET /xingrg/all/function/internal_message.html?_=1586056972141&CODE_STATE=getMsg HTTP/1.1" 200 27
180.156.150.85 - - [05/Apr/2020:11:20:51 +0800] "POST /xingrg/kc/base/wldb_order_operate.html HTTP/1.1" 200 37
180.156.150.85 - - [05/Apr/2020:11:20:51 +0800] "POST /xingrg/kc/base/wldb_order_operate.html HTTP/1.1" 200 4745
180.156.150.85 - - [05/Apr/2020:11:20:52 +0800] "GET /xingrg/kc/base/wldb_order_info.html?code=422020040500274 HTTP/1.1" 200 30327
180.156.150.85 - - [05/Apr/2020:11:20:52 +0800] "GET /xingrg/javascript/easyui/themes/default/validatebox.css HTTP/1.1" 404 1104
180.156.150.85 - - [05/Apr/2020:11:20:53 +0800] "POST /xingrg/kc/base/wldb_order_operate.html HTTP/1.1" 200 4745
180.156.150.85 - - [05/Apr/2020:11:20:54 +0800] "GET /xingrg/kc/base/wldb_order_list.html HTTP/1.1" 200 19252
180.156.150.85 - - [05/Apr/2020:11:20:54 +0800] "POST /xingrg/kc/base/wldb_list_operate.html HTTP/1.1" 200 2163
222.70.183.62 - - [05/Apr/2020:11:20:56 +0800] "GET /xingrg/all/function/internal_message.html?_=1586056852487&CODE_STATE=getMsg HTTP/1.1" 200 27
120.253.135.82 - - [05/Apr/2020:11:20:57 +0800] "GET /xingrg/all/function/internal_message.html?_=1586056925139&CODE_STATE=getMsg HTTP/1.1" 200 27
180.162.232.172 - - [05/Apr/2020:11:20:58 +0800] "POST /xingrg/kc/buy/cgsh_order_operate.html HTTP/1.1" 200 37
180.162.232.172 - - [05/Apr/2020:11:21:00 +0800] "POST /xingrg/kc/buy/cgsh_order_operate.html HTTP/1.1" 200 12
180.156.150.85 - - [05/Apr/2020:11:21:00 +0800] "POST /xingrg/kc/base/wldb_list_operate.html HTTP/1.1" 200 4
180.156.150.85 - - [05/Apr/2020:11:21:01 +0800] "POST /xingrg/kc/base/wldb_list_operate.html HTTP/1.1" 200 928
180.162.232.172 - - [05/Apr/2020:11:21:01 +0800] "GET /xingrg/kc/buy/cgsh_order_info.html?code=212020040500909 HTTP/1.1" 200 52607
180.162.232.172 - - [05/Apr/2020:11:21:01 +0800] "GET /xingrg/javascript/easyui/themes/default/validatebox.css HTTP/1.1" 404 1104
114.88.159.93 - - [05/Apr/2020:11:21:02 +0800] "GET /xingrg/all/function/internal_message.html?_=1586056857376&CODE_STATE=getMsg HTTP/1.1" 200 27
180.162.232.172 - - [05/Apr/2020:11:21:02 +0800] "POST /xingrg/kc/buy/cgsh_order_operate.html HTTP/1.1" 200 4198
180.162.232.172 - - [05/Apr/2020:11:21:03 +0800] "GET /xingrg/kc/print/load_data.html?order_code=212020040500909&kc_code=cgsh&condition= HTTP/1.1" 200 2093
114.88.159.93 - - [05/Apr/2020:11:21:06 +0800] "GET /xingrg/all/function/internal_message.html?_=1586056861667&CODE_STATE=getMsg HTTP/1.1" 200 27
114.88.159.93 - - [05/Apr/2020:11:21:06 +0800] "GET /xingrg/check_reg.html?_=1586056861669 HTTP/1.1" 200 22
116.224.247.222 - - [05/Apr/2020:11:21:08 +0800] "GET /xingrg/kc/base/wldb_order_operate.html?command=get_materiel&rest_code=00102&base_code=0010480&code=00101025014 HTTP/1.1" 200 464
172.17.0.106 - - [05/Apr/2020:11:21:08 +0800] "GET /xingrg/all/function/internal_message.html?_=1586056864359&CODE_STATE=getMsg HTTP/1.1" 200 27
116.224.247.222 - - [05/Apr/2020:11:21:20 +0800] "GET /xingrg/all/function/internal_message.html?_=1586057058178&CODE_STATE=getMsg HTTP/1.1" 200 27
116.224.247.222 - - [05/Apr/2020:11:21:25 +0800] "POST /xingrg/kc/base/wldb_order_operate.html HTTP/1.1" 200 37
172.17.0.112 - - [05/Apr/2020:11:21:26 +0800] "GET /xingrg/all/function/internal_message.html?_=1586056882959&CODE_STATE=getMsg HTTP/1.1" 302 -
116.224.247.222 - - [05/Apr/2020:11:21:27 +0800] "POST /xingrg/kc/base/wldb_order_operate.html HTTP/1.1" 200 12
116.224.247.222 - - [05/Apr/2020:11:21:27 +0800] "POST /xingrg/kc/base/wldb_order_operate.html HTTP/1.1" 200 2206
116.224.247.222 - - [05/Apr/2020:11:21:31 +0800] "GET /xingrg/kc/base/wldb_order_info.html?code=422020040500275 HTTP/1.1" 200 26183
114.84.33.255 - - [05/Apr/2020:11:21:31 +0800] "GET /xingrg/all/function/internal_message.html?_=1586056888539&CODE_STATE=getMsg HTTP/1.1" 200 27
116.224.247.222 - - [05/Apr/2020:11:21:32 +0800] "POST /xingrg/kc/base/wldb_order_operate.html HTTP/1.1" 200 501
116.224.247.222 - - [05/Apr/2020:11:21:32 +0800] "GET /xingrg/javascript/easyui/themes/default/validatebox.css HTTP/1.1" 404 1104
172.17.0.112 - - [05/Apr/2020:11:21:33 +0800] "GET /xingrg/all/function/internal_message.html?_=1586056889993&CODE_STATE=getMsg HTTP/1.1" 302 -
183.195.131.162 - - [05/Apr/2020:11:21:36 +0800] "GET /xingrg/all/function/internal_message.html?_=1586056839113&CODE_STATE=getMsg HTTP/1.1" 200 27
114.86.226.127 - - [05/Apr/2020:11:21:37 +0800] "GET /xingrg/all/function/internal_message.html?_=1586056916062&CODE_STATE=getMsg HTTP/1.1" 200 27
117.185.32.26 - - [05/Apr/2020:11:21:42 +0800] "GET /xingrg/all/function/internal_message.html?_=1586057301759&CODE_STATE=getMsg HTTP/1.1" 200 27
180.156.150.85 - - [05/Apr/2020:11:21:43 +0800] "GET /xingrg/all/function/internal_message.html?_=1586056899045&CODE_STATE=getMsg HTTP/1.1" 302 -
116.224.247.222 - - [05/Apr/2020:11:21:43 +0800] "GET /xingrg/kc/base/wldb_order_add.html HTTP/1.1" 200 30309
116.224.247.222 - - [05/Apr/2020:11:21:44 +0800] "POST /xingrg/kc/base/wldb_order_operate.html HTTP/1.1" 200 6806
116.224.247.222 - - [05/Apr/2020:11:21:44 +0800] "GET /xingrg/javascript/easyui/themes/default/validatebox.css HTTP/1.1" 404 1104
183.192.94.73 - - [05/Apr/2020:11:21:47 +0800] "GET /xingrg/all/function/internal_message.html?_=1586056902769&CODE_STATE=getMsg HTTP/1.1" 200 27
222.69.139.198 - - [05/Apr/2020:11:21:47 +0800] "GET /xingrg/all/function/internal_message.html?_=1586056903363&CODE_STATE=getMsg HTTP/1.1" 200 27
172.17.0.185 - - [05/Apr/2020:11:21:48 +0800] "GET /xingrg/all/function/internal_message.html?_=1586056903028&CODE_STATE=getMsg HTTP/1.1" 200 27
180.162.232.172 - - [05/Apr/2020:11:21:49 +0800] "GET /xingrg/all/function/internal_message.html?_=1586057032154&CODE_STATE=getMsg HTTP/1.1" 200 27
222.70.183.62 - - [05/Apr/2020:11:21:56 +0800] "GET /xingrg/all/function/internal_message.html?_=1586056912602&CODE_STATE=getMsg HTTP/1.1" 200 27
116.224.247.222 - - [05/Apr/2020:11:21:57 +0800] "POST /xingrg/all/common/load_combo.html?type=base HTTP/1.1" 200 2702
120.253.135.82 - - [05/Apr/2020:11:21:57 +0800] "GET /xingrg/all/function/internal_message.html?_=1586056985157&CODE_STATE=getMsg HTTP/1.1" 200 27
116.224.247.222 - - [05/Apr/2020:11:22:00 +0800] "POST /xingrg/all/common/load_combo.html?type=base HTTP/1.1" 200 2702
114.88.159.93 - - [05/Apr/2020:11:22:02 +0800] "GET /xingrg/all/function/internal_message.html?_=1586056917375&CODE_STATE=getMsg HTTP/1.1" 200 27
222.70.183.62 - - [05/Apr/2020:11:22:03 +0800] "GET /xingrg/login.html HTTP/1.1" 200 7641
222.70.183.62 - - [05/Apr/2020:11:22:03 +0800] "GET /xingrg/images/blue/jxLogo.png HTTP/1.1" 304 -
222.70.183.62 - - [05/Apr/2020:11:22:03 +0800] "GET /xingrg/images/blue/login_bg.png HTTP/1.1" 304 -
222.70.183.62 - - [05/Apr/2020:11:22:03 +0800] "GET /xingrg/images/blue/hj.png HTTP/1.1" 304 -
222.70.183.62 - - [05/Apr/2020:11:22:03 +0800] "GET /xingrg/images/blue/srbg.png HTTP/1.1" 304 -
222.70.183.62 - - [05/Apr/2020:11:22:03 +0800] "GET /favicon.ico HTTP/1.1" 404 -
114.88.159.93 - - [05/Apr/2020:11:22:06 +0800] "GET /xingrg/all/function/internal_message.html?_=1586056921668&CODE_STATE=getMsg HTTP/1.1" 200 27
61.151.178.197 - - [05/Apr/2020:11:22:08 +0800] "GET /xingrg/check_reg.html?_=1586056861669 HTTP/1.1" 302 -
172.17.0.106 - - [05/Apr/2020:11:22:08 +0800] "GET /xingrg/all/function/internal_message.html?_=1586056924362&CODE_STATE=getMsg HTTP/1.1" 200 27
61.151.178.197 - - [05/Apr/2020:11:22:10 +0800] "GET /xingrg/login.html HTTP/1.1" 200 7641
222.70.183.62 - - [05/Apr/2020:11:22:19 +0800] "POST /xingrg/kc/buy/cgsh_list_operate.html HTTP/1.1" 200 2420
116.224.247.222 - - [05/Apr/2020:11:22:20 +0800] "GET /xingrg/all/function/internal_message.html?_=1586057118192&CODE_STATE=getMsg HTTP/1.1" 200 27
222.70.183.62 - - [05/Apr/2020:11:22:20 +0800] "POST /xingrg/kc/buy/cgsh_list_operate.html HTTP/1.1" 200 276
222.70.183.62 - - [05/Apr/2020:11:22:21 +0800] "GET /xingrg/kc/buy/cgsh_order_info.html?code=212020040300532 HTTP/1.1" 200 57976
222.70.183.62 - - [05/Apr/2020:11:22:21 +0800] "GET /xingrg/javascript/easyui/themes/default/validatebox.css HTTP/1.1" 404 1104
222.70.183.62 - - [05/Apr/2020:11:22:21 +0800] "POST /xingrg/kc/buy/cgsh_order_operate.html HTTP/1.1" 200 3254
172.17.0.112 - - [05/Apr/2020:11:22:26 +0800] "GET /xingrg/all/function/internal_message.html?_=1586056942989&CODE_STATE=getMsg HTTP/1.1" 302 -
222.70.183.62 - - [05/Apr/2020:11:22:30 +0800] "POST /xingrg/kc/buy/cgsh_order_operate.html HTTP/1.1" 200 37
114.84.33.255 - - [05/Apr/2020:11:22:31 +0800] "GET /xingrg/check_reg.html?_=1586056948077 HTTP/1.1" 200 22
222.70.183.62 - - [05/Apr/2020:11:22:31 +0800] "POST /xingrg/kc/buy/cgsh_order_operate.html HTTP/1.1" 200 3254
114.84.33.255 - - [05/Apr/2020:11:22:31 +0800] "GET /xingrg/all/function/internal_message.html?_=1586056948552&CODE_STATE=getMsg HTTP/1.1" 200 27
172.17.0.112 - - [05/Apr/2020:11:22:33 +0800] "GET /xingrg/all/function/internal_message.html?_=1586056950033&CODE_STATE=getMsg HTTP/1.1" 302 -
172.17.0.112 - - [05/Apr/2020:11:22:36 +0800] "GET /xingrg/check_reg.html?_=1586056953268 HTTP/1.1" 302 -
183.195.131.162 - - [05/Apr/2020:11:22:36 +0800] "GET /xingrg/all/function/internal_message.html?_=1586056899127&CODE_STATE=getMsg HTTP/1.1" 200 27
222.70.183.62 - - [05/Apr/2020:11:22:37 +0800] "POST /xingrg/kc/buy/cgsh_order_operate.html HTTP/1.1" 200 37
114.86.226.127 - - [05/Apr/2020:11:22:37 +0800] "GET /xingrg/check_reg.html?_=1586056976073 HTTP/1.1" 200 22
114.86.226.127 - - [05/Apr/2020:11:22:37 +0800] "GET /xingrg/all/function/internal_message.html?_=1586056976074&CODE_STATE=getMsg HTTP/1.1" 200 27
222.70.183.62 - - [05/Apr/2020:11:22:39 +0800] "POST /xingrg/kc/buy/cgsh_order_operate.html HTTP/1.1" 200 12
222.70.183.62 - - [05/Apr/2020:11:22:40 +0800] "GET /xingrg/kc/buy/cgsh_order_info.html?code=212020040300532 HTTP/1.1" 200 52869
222.70.183.62 - - [05/Apr/2020:11:22:41 +0800] "GET /xingrg/javascript/easyui/themes/default/validatebox.css HTTP/1.1" 404 1104
222.70.183.62 - - [05/Apr/2020:11:22:41 +0800] "POST /xingrg/kc/buy/cgsh_order_operate.html HTTP/1.1" 200 1204
183.195.131.162 - - [05/Apr/2020:11:22:42 +0800] "GET /xingrg/system/rest/query_items.html?_=1586056904928&table=menu&page=1&rows=20&categoryId=&key=%25E8%25B1%2586%25E7%2593%25A3 HTTP/1.1" 200 1712
117.185.32.26 - - [05/Apr/2020:11:22:42 +0800] "GET /xingrg/all/function/internal_message.html?_=1586057361758&CODE_STATE=getMsg HTTP/1.1" 200 27
180.156.150.85 - - [05/Apr/2020:11:22:43 +0800] "GET /xingrg/check_reg.html?_=1586056959046 HTTP/1.1" 302 -
180.156.150.85 - - [05/Apr/2020:11:22:43 +0800] "GET /xingrg/all/function/internal_message.html?_=1586056959053&CODE_STATE=getMsg HTTP/1.1" 302 -
222.70.183.62 - - [05/Apr/2020:11:22:44 +0800] "POST /xingrg/kc/buy/cgsh_list_operate.html HTTP/1.1" 200 2052
183.192.94.73 - - [05/Apr/2020:11:22:47 +0800] "GET /xingrg/all/function/internal_message.html?_=1586056962772&CODE_STATE=getMsg HTTP/1.1" 200 27
222.69.139.198 - - [05/Apr/2020:11:22:47 +0800] "GET /xingrg/all/function/internal_message.html?_=1586056963364&CODE_STATE=getMsg HTTP/1.1" 200 27
172.17.0.185 - - [05/Apr/2020:11:22:48 +0800] "GET /xingrg/all/function/internal_message.html?_=1586056963035&CODE_STATE=getMsg HTTP/1.1" 200 27
180.162.232.172 - - [05/Apr/2020:11:22:49 +0800] "GET /xingrg/check_reg.html?_=1586057092112 HTTP/1.1" 200 22
180.162.232.172 - - [05/Apr/2020:11:22:49 +0800] "GET /xingrg/all/function/internal_message.html?_=1586057092199&CODE_STATE=getMsg HTTP/1.1" 200 27
222.70.183.62 - - [05/Apr/2020:11:22:56 +0800] "GET /xingrg/all/function/internal_message.html?_=1586056972616&CODE_STATE=getMsg HTTP/1.1" 200 27
120.253.135.82 - - [05/Apr/2020:11:22:57 +0800] "GET /xingrg/all/function/internal_message.html?_=1586057045190&CODE_STATE=getMsg HTTP/1.1" 200 27
114.88.159.93 - - [05/Apr/2020:11:23:02 +0800] "GET /xingrg/all/function/internal_message.html?_=1586056977375&CODE_STATE=getMsg HTTP/1.1" 200 27
183.192.94.73 - - [05/Apr/2020:11:23:04 +0800] "GET /xingrg/check_reg.html?_=1586056979612 HTTP/1.1" 200 22
114.88.159.93 - - [05/Apr/2020:11:23:06 +0800] "GET /xingrg/all/function/internal_message.html?_=1586056981668&CODE_STATE=getMsg HTTP/1.1" 200 27
101.227.139.173 - - [05/Apr/2020:11:23:07 +0800] "GET /xingrg/all/function/internal_message.html?_=1586056921668&CODE_STATE=getMsg HTTP/1.1" 302 -
172.17.0.106 - - [05/Apr/2020:11:23:08 +0800] "GET /xingrg/all/function/internal_message.html?_=1586056984364&CODE_STATE=getMsg HTTP/1.1" 200 27
101.227.139.173 - - [05/Apr/2020:11:23:11 +0800] "GET /xingrg/login.html HTTP/1.1" 200 7641
116.224.247.222 - - [05/Apr/2020:11:23:13 +0800] "GET /xingrg/kc/base/wldb_order_operate.html?command=get_materiel&rest_code=00102&base_code=0010476&code=00101019390 HTTP/1.1" 200 455
116.224.247.222 - - [05/Apr/2020:11:23:20 +0800] "GET /xingrg/all/function/internal_message.html?_=1586057178205&CODE_STATE=getMsg HTTP/1.1" 200 27
