180.156.150.85 - - [05/Apr/2020:09:02:45 +0800] "POST /xingrg/kc/buy/cgsh_order_operate.html HTTP/1.1" 200 8245
180.156.150.85 - - [05/Apr/2020:09:02:45 +0800] "GET /xingrg/javascript/easyui/themes/default/validatebox.css HTTP/1.1" 404 1104
114.88.159.93 - - [05/Apr/2020:09:02:47 +0800] "POST /xingrg/kc/buy/cgsh_order_operate.html HTTP/1.1" 200 12
114.88.159.93 - - [05/Apr/2020:09:02:47 +0800] "GET /xingrg/kc/buy/cgsh_order_info.html?code=212020040500825 HTTP/1.1" 200 52881
172.17.0.185 - - [05/Apr/2020:09:02:47 +0800] "GET /xingrg/all/function/internal_message.html?_=1586048563035&CODE_STATE=getMsg HTTP/1.1" 200 27
114.88.159.93 - - [05/Apr/2020:09:02:48 +0800] "GET /xingrg/javascript/easyui/themes/default/validatebox.css HTTP/1.1" 404 1104
114.88.159.93 - - [05/Apr/2020:09:02:48 +0800] "POST /xingrg/kc/buy/cgsh_order_operate.html HTTP/1.1" 200 612
120.253.135.82 - - [05/Apr/2020:09:02:48 +0800] "GET /xingrg/all/function/internal_message.html?_=1586048636469&CODE_STATE=getMsg HTTP/1.1" 200 27
114.88.159.93 - - [05/Apr/2020:09:02:49 +0800] "GET /xingrg/kc/print/load_data.html?order_code=212020040500825&kc_code=cgsh&condition= HTTP/1.1" 200 780
117.131.5.26 - - [05/Apr/2020:09:02:59 +0800] "GET /xingrg/all/function/internal_message.html?_=1586048832880&CODE_STATE=getMsg HTTP/1.1" 200 27
114.88.159.93 - - [05/Apr/2020:09:03:03 +0800] "GET /xingrg/kc/buy/cgsh_order_add.html HTTP/1.1" 200 57975
114.88.159.93 - - [05/Apr/2020:09:03:03 +0800] "GET /xingrg/javascript/easyui/themes/default/validatebox.css HTTP/1.1" 404 1104
114.88.159.93 - - [05/Apr/2020:09:03:03 +0800] "POST /xingrg/kc/buy/cgsh_order_operate.html HTTP/1.1" 200 8245
101.227.139.173 - - [05/Apr/2020:09:03:06 +0800] "GET /xingrg/all/function/internal_message.html?_=1586048521425&CODE_STATE=getMsg HTTP/1.1" 302 -
114.88.159.93 - - [05/Apr/2020:09:03:06 +0800] "GET /xingrg/all/function/internal_message.html?_=1586048581429&CODE_STATE=getMsg HTTP/1.1" 200 27
180.156.150.85 - - [05/Apr/2020:09:03:06 +0800] "GET /xingrg/kc/buy/cgsh_order_operate.html?command=get_materiel&rest_code=00105&code=00101006061&supplier_code=00100323&order_time=2020-04-05 HTTP/1.1" 200 409
101.227.139.173 - - [05/Apr/2020:09:03:06 +0800] "GET /xingrg/login.html HTTP/1.1" 200 7641
101.91.60.11 - - [05/Apr/2020:09:03:06 +0800] "GET /xingrg/kc/print/load_data.html?order_code=212020040500822&kc_code=cgsh&condition= HTTP/1.1" 302 -
116.235.222.53 - - [05/Apr/2020:09:03:06 +0800] "GET /xingrg/all/function/internal_message.html?_=1586048582251&CODE_STATE=getMsg HTTP/1.1" 200 27
101.91.60.11 - - [05/Apr/2020:09:03:09 +0800] "GET /xingrg/login.html HTTP/1.1" 200 7641
180.156.150.85 - - [05/Apr/2020:09:03:14 +0800] "GET /xingrg/kc/buy/cgsh_order_operate.html?command=get_materiel&rest_code=00105&code=00101006060&supplier_code=00100323&order_time=2020-04-05 HTTP/1.1" 200 409
114.88.159.93 - - [05/Apr/2020:09:03:16 +0800] "GET /xingrg/kc/buy/cgsh_order_operate.html?command=get_materiel&rest_code=00141&code=00101002038&supplier_code=00100087&order_time=2020-04-05 HTTP/1.1" 200 416
101.89.239.216 - - [05/Apr/2020:09:03:19 +0800] "GET /xingrg/kc/buy/cgsh_order_operate.html?command=get_materiel&rest_code=00141&code=00101001125&supplier_code=00100090&order_time=2020-04-05 HTTP/1.1" 302 -
180.156.150.85 - - [05/Apr/2020:09:03:20 +0800] "POST /xingrg/kc/buy/cgsh_order_operate.html HTTP/1.1" 200 37
101.89.239.216 - - [05/Apr/2020:09:03:20 +0800] "GET /xingrg/login.html HTTP/1.1" 200 7641
180.156.150.85 - - [05/Apr/2020:09:03:20 +0800] "POST /xingrg/kc/buy/cgsh_order_operate.html HTTP/1.1" 200 3240
180.156.150.85 - - [05/Apr/2020:09:03:22 +0800] "GET /xingrg/kc/print/load_data.html?order_code=212020040500826&kc_code=cgsh&condition= HTTP/1.1" 200 891
172.17.0.112 - - [05/Apr/2020:09:03:23 +0800] "GET /xingrg/all/function/internal_message.html?_=1586048599648&CODE_STATE=getMsg HTTP/1.1" 302 -
114.84.33.255 - - [05/Apr/2020:09:03:23 +0800] "GET /xingrg/all/function/internal_message.html?_=1586048600429&CODE_STATE=getMsg HTTP/1.1" 200 27
114.88.159.93 - - [05/Apr/2020:09:03:27 +0800] "POST /xingrg/kc/buy/cgsh_order_operate.html HTTP/1.1" 200 37
114.88.159.93 - - [05/Apr/2020:09:03:28 +0800] "POST /xingrg/kc/buy/cgsh_order_operate.html HTTP/1.1" 200 12
180.156.150.85 - - [05/Apr/2020:09:03:28 +0800] "GET /xingrg/kc/buy/cgsh_order_add.html HTTP/1.1" 200 57969
180.156.150.85 - - [05/Apr/2020:09:03:28 +0800] "POST /xingrg/kc/buy/cgsh_order_operate.html HTTP/1.1" 200 8245
180.156.150.85 - - [05/Apr/2020:09:03:29 +0800] "GET /xingrg/javascript/easyui/themes/default/validatebox.css HTTP/1.1" 404 1104
114.88.159.93 - - [05/Apr/2020:09:03:29 +0800] "GET /xingrg/kc/buy/cgsh_order_info.html?code=212020040500827 HTTP/1.1" 200 52877
114.88.159.93 - - [05/Apr/2020:09:03:29 +0800] "GET /xingrg/javascript/easyui/themes/default/validatebox.css HTTP/1.1" 404 1104
114.88.159.93 - - [05/Apr/2020:09:03:29 +0800] "POST /xingrg/kc/buy/cgsh_order_operate.html HTTP/1.1" 200 611
172.17.0.112 - - [05/Apr/2020:09:03:29 +0800] "GET /xingrg/all/function/internal_message.html?_=1586048606388&CODE_STATE=getMsg HTTP/1.1" 302 -
114.88.159.93 - - [05/Apr/2020:09:03:30 +0800] "GET /xingrg/kc/print/load_data.html?order_code=212020040500827&kc_code=cgsh&condition= HTTP/1.1" 200 757
117.185.32.26 - - [05/Apr/2020:09:03:41 +0800] "GET /xingrg/all/function/internal_message.html?_=1586049021083&CODE_STATE=getMsg HTTP/1.1" 200 27
114.88.159.93 - - [05/Apr/2020:09:03:42 +0800] "GET /xingrg/kc/buy/cgsh_order_add.html HTTP/1.1" 200 57975
114.88.159.93 - - [05/Apr/2020:09:03:42 +0800] "POST /xingrg/kc/buy/cgsh_order_operate.html HTTP/1.1" 200 8245
114.88.159.93 - - [05/Apr/2020:09:03:42 +0800] "GET /xingrg/javascript/easyui/themes/default/validatebox.css HTTP/1.1" 404 1104
180.156.150.85 - - [05/Apr/2020:09:03:43 +0800] "GET /xingrg/all/function/internal_message.html?_=1586048618930&CODE_STATE=getMsg HTTP/1.1" 200 27
117.131.5.26 - - [05/Apr/2020:09:03:44 +0800] "GET /xingrg/all/function/internal_message.html?_=1586048625049&CODE_STATE=getMsg HTTP/1.1" 200 27
172.17.0.185 - - [05/Apr/2020:09:03:47 +0800] "GET /xingrg/check_reg.html?_=1586048623024 HTTP/1.1" 200 22
172.17.0.185 - - [05/Apr/2020:09:03:47 +0800] "GET /xingrg/all/function/internal_message.html?_=1586048623028&CODE_STATE=getMsg HTTP/1.1" 200 27
120.253.135.82 - - [05/Apr/2020:09:03:48 +0800] "GET /xingrg/all/function/internal_message.html?_=1586048696481&CODE_STATE=getMsg HTTP/1.1" 200 27
61.151.178.180 - - [05/Apr/2020:09:03:53 +0800] "GET /xingrg/kc/print/load_data.html?order_code=212020040500825&kc_code=cgsh&condition= HTTP/1.1" 302 -
61.151.178.180 - - [05/Apr/2020:09:03:56 +0800] "GET /xingrg/login.html HTTP/1.1" 200 7641
117.131.5.26 - - [05/Apr/2020:09:03:59 +0800] "GET /xingrg/all/function/internal_message.html?_=1586048892903&CODE_STATE=getMsg HTTP/1.1" 200 27
172.17.0.112 - - [05/Apr/2020:09:04:03 +0800] "GET /xingrg/check_reg.html?_=1586048640510 HTTP/1.1" 302 -
114.88.159.93 - - [05/Apr/2020:09:04:06 +0800] "GET /xingrg/all/function/internal_message.html?_=1586048641436&CODE_STATE=getMsg HTTP/1.1" 200 27
116.235.222.53 - - [05/Apr/2020:09:04:06 +0800] "GET /xingrg/all/function/internal_message.html?_=1586048642257&CODE_STATE=getMsg HTTP/1.1" 200 27
61.129.6.251 - - [05/Apr/2020:09:04:12 +0800] "GET /xingrg/all/function/internal_message.html?_=1586048581429&CODE_STATE=getMsg HTTP/1.1" 302 -
61.129.6.251 - - [05/Apr/2020:09:04:13 +0800] "GET /xingrg/login.html HTTP/1.1" 200 7641
61.151.178.166 - - [05/Apr/2020:09:04:19 +0800] "GET /xingrg/kc/buy/cgsh_order_operate.html?command=get_materiel&rest_code=00141&code=00101002038&supplier_code=00100087&order_time=2020-04-05 HTTP/1.1" 302 -
61.151.178.166 - - [05/Apr/2020:09:04:20 +0800] "GET /xingrg/login.html HTTP/1.1" 200 7641
117.131.5.26 - - [05/Apr/2020:09:04:20 +0800] "GET /xingrg/check_reg.html?_=1586048660940 HTTP/1.1" 200 22
172.17.0.112 - - [05/Apr/2020:09:04:23 +0800] "GET /xingrg/all/function/internal_message.html?_=1586048659689&CODE_STATE=getMsg HTTP/1.1" 302 -
114.84.33.255 - - [05/Apr/2020:09:04:23 +0800] "GET /xingrg/all/function/internal_message.html?_=1586048660438&CODE_STATE=getMsg HTTP/1.1" 200 27
117.131.5.26 - - [05/Apr/2020:09:04:29 +0800] "GET /xingrg/check_reg.html?_=1586048669705 HTTP/1.1" 200 22
172.17.0.112 - - [05/Apr/2020:09:04:29 +0800] "GET /xingrg/all/function/internal_message.html?_=1586048666401&CODE_STATE=getMsg HTTP/1.1" 302 -
61.151.207.186 - - [05/Apr/2020:09:04:30 +0800] "GET /xingrg/kc/print/load_data.html?order_code=212020040500827&kc_code=cgsh&condition= HTTP/1.1" 302 -
61.151.207.186 - - [05/Apr/2020:09:04:31 +0800] "GET /xingrg/login.html HTTP/1.1" 200 7641
114.88.159.93 - - [05/Apr/2020:09:04:35 +0800] "GET /xingrg/kc/buy/cgsh_order_operate.html?command=get_materiel&rest_code=00141&code=00101004050&supplier_code=00100312&order_time=2020-04-05 HTTP/1.1" 200 409
117.185.32.26 - - [05/Apr/2020:09:04:41 +0800] "GET /xingrg/all/function/internal_message.html?_=1586049081082&CODE_STATE=getMsg HTTP/1.1" 200 27
180.156.150.85 - - [05/Apr/2020:09:04:43 +0800] "GET /xingrg/all/function/internal_message.html?_=1586048678943&CODE_STATE=getMsg HTTP/1.1" 200 27
117.131.5.26 - - [05/Apr/2020:09:04:44 +0800] "GET /xingrg/all/function/internal_message.html?_=1586048685049&CODE_STATE=getMsg HTTP/1.1" 200 27
117.131.5.26 - - [05/Apr/2020:09:04:46 +0800] "GET /xingrg/check_reg.html?_=1586048940069 HTTP/1.1" 200 22
172.17.0.185 - - [05/Apr/2020:09:04:47 +0800] "GET /xingrg/all/function/internal_message.html?_=1586048683031&CODE_STATE=getMsg HTTP/1.1" 200 27
120.253.135.82 - - [05/Apr/2020:09:04:48 +0800] "GET /xingrg/check_reg.html?_=1586048755623 HTTP/1.1" 200 22
120.253.135.82 - - [05/Apr/2020:09:04:48 +0800] "GET /xingrg/all/function/internal_message.html?_=1586048756493&CODE_STATE=getMsg HTTP/1.1" 200 27
114.88.159.93 - - [05/Apr/2020:09:04:53 +0800] "GET /xingrg/kc/buy/cgsh_order_operate.html?command=get_materiel&rest_code=00141&code=00101004046&supplier_code=00100312&order_time=2020-04-05 HTTP/1.1" 200 417
180.156.150.85 - - [05/Apr/2020:09:04:54 +0800] "GET /xingrg/kc/buy/cgsh_order_operate.html?command=get_materiel&rest_code=00105&code=00101008195&supplier_code=00100313&order_time=2020-04-05 HTTP/1.1" 200 424
117.131.5.26 - - [05/Apr/2020:09:04:59 +0800] "GET /xingrg/all/function/internal_message.html?_=1586048952908&CODE_STATE=getMsg HTTP/1.1" 200 27
114.88.159.93 - - [05/Apr/2020:09:05:00 +0800] "GET /xingrg/kc/buy/cgsh_order_operate.html?command=get_materiel&rest_code=00141&code=00101004067&supplier_code=00100312&order_time=2020-04-05 HTTP/1.1" 200 415
180.156.150.85 - - [05/Apr/2020:09:05:05 +0800] "GET /xingrg/kc/buy/cgsh_order_operate.html?command=get_materiel&rest_code=00105&code=00102026001&supplier_code=00100313&order_time=2020-04-05 HTTP/1.1" 200 410
114.88.159.93 - - [05/Apr/2020:09:05:06 +0800] "GET /xingrg/all/function/internal_message.html?_=1586048701441&CODE_STATE=getMsg HTTP/1.1" 200 27
116.235.222.53 - - [05/Apr/2020:09:05:06 +0800] "GET /xingrg/all/function/internal_message.html?_=1586048702258&CODE_STATE=getMsg HTTP/1.1" 200 27
61.151.178.166 - - [05/Apr/2020:09:05:07 +0800] "GET /xingrg/all/function/internal_message.html?_=1586048641436&CODE_STATE=getMsg HTTP/1.1" 302 -
61.151.178.166 - - [05/Apr/2020:09:05:08 +0800] "GET /xingrg/login.html HTTP/1.1" 200 7641
114.88.159.93 - - [05/Apr/2020:09:05:09 +0800] "GET /xingrg/kc/buy/cgsh_order_operate.html?command=get_materiel&rest_code=00141&code=00101004061&supplier_code=00100312&order_time=2020-04-05 HTTP/1.1" 200 409
180.156.150.85 - - [05/Apr/2020:09:05:12 +0800] "POST /xingrg/kc/buy/cgsh_order_operate.html HTTP/1.1" 200 37
180.156.150.85 - - [05/Apr/2020:09:05:13 +0800] "POST /xingrg/kc/buy/cgsh_order_operate.html HTTP/1.1" 200 3255
180.156.150.85 - - [05/Apr/2020:09:05:14 +0800] "GET /xingrg/kc/print/load_data.html?order_code=212020040500828&kc_code=cgsh&condition= HTTP/1.1" 200 907
114.88.159.93 - - [05/Apr/2020:09:05:16 +0800] "GET /xingrg/kc/buy/cgsh_order_operate.html?command=get_materiel&rest_code=00141&code=00101005017&supplier_code=00100312&order_time=2020-04-05 HTTP/1.1" 200 409
180.156.150.85 - - [05/Apr/2020:09:05:19 +0800] "GET /xingrg/kc/buy/cgsh_order_list.html HTTP/1.1" 200 42354
180.156.150.85 - - [05/Apr/2020:09:05:20 +0800] "POST /xingrg/kc/buy/cgsh_list_operate.html HTTP/1.1" 200 3143
114.88.159.93 - - [05/Apr/2020:09:05:23 +0800] "GET /xingrg/kc/buy/cgsh_order_operate.html?command=get_materiel&rest_code=00141&code=00101004049&supplier_code=00100312&order_time=2020-04-05 HTTP/1.1" 200 415
172.17.0.112 - - [05/Apr/2020:09:05:23 +0800] "GET /xingrg/all/function/internal_message.html?_=1586048719707&CODE_STATE=getMsg HTTP/1.1" 302 -
114.84.33.255 - - [05/Apr/2020:09:05:23 +0800] "GET /xingrg/check_reg.html?_=1586048720019 HTTP/1.1" 200 22
114.84.33.255 - - [05/Apr/2020:09:05:23 +0800] "GET /xingrg/all/function/internal_message.html?_=1586048720451&CODE_STATE=getMsg HTTP/1.1" 200 27
172.17.0.112 - - [05/Apr/2020:09:05:29 +0800] "GET /xingrg/all/function/internal_message.html?_=1586048726453&CODE_STATE=getMsg HTTP/1.1" 302 -
114.88.159.93 - - [05/Apr/2020:09:05:30 +0800] "GET /xingrg/kc/buy/cgsh_order_operate.html?command=get_materiel&rest_code=00141&code=00101005015&supplier_code=00100312&order_time=2020-04-05 HTTP/1.1" 200 409
180.156.150.85 - - [05/Apr/2020:09:05:31 +0800] "POST /xingrg/kc/buy/cgsh_list_operate.html HTTP/1.1" 200 5443
180.156.150.85 - - [05/Apr/2020:09:05:33 +0800] "POST /xingrg/kc/buy/cgsh_list_operate.html HTTP/1.1" 200 274
180.156.150.85 - - [05/Apr/2020:09:05:35 +0800] "POST /xingrg/kc/buy/cgsh_list_operate.html HTTP/1.1" 200 427
117.185.32.26 - - [05/Apr/2020:09:05:41 +0800] "GET /xingrg/check_reg.html?_=1586049141110 HTTP/1.1" 200 22
117.185.32.26 - - [05/Apr/2020:09:05:41 +0800] "GET /xingrg/all/function/internal_message.html?_=1586049141111&CODE_STATE=getMsg HTTP/1.1" 200 27
180.97.118.219 - - [05/Apr/2020:09:05:43 +0800] "GET /xingrg/kc/buy/cgsh_order_operate.html?command=get_materiel&rest_code=00141&code=00101004050&supplier_code=00100312&order_time=2020-04-05 HTTP/1.1" 302 -
180.156.150.85 - - [05/Apr/2020:09:05:43 +0800] "GET /xingrg/all/function/internal_message.html?_=1586048738918&CODE_STATE=getMsg HTTP/1.1" 200 27
117.131.5.26 - - [05/Apr/2020:09:05:44 +0800] "GET /xingrg/all/function/internal_message.html?_=1586048745049&CODE_STATE=getMsg HTTP/1.1" 200 27
180.97.118.219 - - [05/Apr/2020:09:05:44 +0800] "GET /xingrg/login.html HTTP/1.1" 200 7641
114.88.159.93 - - [05/Apr/2020:09:05:46 +0800] "POST /xingrg/kc/buy/cgsh_order_operate.html HTTP/1.1" 200 37
172.17.0.185 - - [05/Apr/2020:09:05:47 +0800] "GET /xingrg/all/function/internal_message.html?_=1586048743036&CODE_STATE=getMsg HTTP/1.1" 200 27
114.88.159.93 - - [05/Apr/2020:09:05:48 +0800] "POST /xingrg/kc/buy/cgsh_order_operate.html HTTP/1.1" 200 12
120.253.135.82 - - [05/Apr/2020:09:05:49 +0800] "GET /xingrg/all/function/internal_message.html?_=1586048816507&CODE_STATE=getMsg HTTP/1.1" 200 27
114.88.159.93 - - [05/Apr/2020:09:05:49 +0800] "GET /xingrg/kc/buy/cgsh_order_info.html?code=212020040500829 HTTP/1.1" 200 52881
114.88.159.93 - - [05/Apr/2020:09:05:49 +0800] "GET /xingrg/javascript/easyui/themes/default/validatebox.css HTTP/1.1" 404 1104
114.88.159.93 - - [05/Apr/2020:09:05:49 +0800] "POST /xingrg/kc/buy/cgsh_order_operate.html HTTP/1.1" 200 4172
114.88.159.93 - - [05/Apr/2020:09:05:50 +0800] "GET /xingrg/kc/print/load_data.html?order_code=212020040500829&kc_code=cgsh&condition= HTTP/1.1" 200 2080
117.131.5.26 - - [05/Apr/2020:09:05:59 +0800] "GET /xingrg/all/function/internal_message.html?_=1586049012922&CODE_STATE=getMsg HTTP/1.1" 200 27
114.88.159.93 - - [05/Apr/2020:09:05:59 +0800] "GET /xingrg/kc/buy/cgsh_order_add.html HTTP/1.1" 200 57975
114.88.159.93 - - [05/Apr/2020:09:05:59 +0800] "POST /xingrg/kc/buy/cgsh_order_operate.html HTTP/1.1" 200 8245
114.88.159.93 - - [05/Apr/2020:09:05:59 +0800] "GET /xingrg/javascript/easyui/themes/default/validatebox.css HTTP/1.1" 404 1104
114.88.159.93 - - [05/Apr/2020:09:06:06 +0800] "GET /xingrg/check_reg.html?_=1586048761439 HTTP/1.1" 200 22
114.88.159.93 - - [05/Apr/2020:09:06:06 +0800] "GET /xingrg/all/function/internal_message.html?_=1586048761440&CODE_STATE=getMsg HTTP/1.1" 200 27
116.235.222.53 - - [05/Apr/2020:09:06:06 +0800] "GET /xingrg/all/function/internal_message.html?_=1586048762260&CODE_STATE=getMsg HTTP/1.1" 200 27
114.88.159.93 - - [05/Apr/2020:09:06:11 +0800] "GET /xingrg/kc/buy/cgsh_order_operate.html?command=get_materiel&rest_code=00141&code=00101002006&supplier_code=00100091&order_time=2020-04-05 HTTP/1.1" 200 414
61.151.178.175 - - [05/Apr/2020:09:06:16 +0800] "GET /xingrg/kc/buy/cgsh_order_operate.html?command=get_materiel&rest_code=00141&code=00101005017&supplier_code=00100312&order_time=2020-04-05 HTTP/1.1" 302 -
101.89.19.149 - - [05/Apr/2020:09:06:16 +0800] "GET /xingrg/all/function/internal_message.html?_=1586048701441&CODE_STATE=getMsg HTTP/1.1" 302 -
61.151.178.175 - - [05/Apr/2020:09:06:16 +0800] "GET /xingrg/login.html HTTP/1.1" 200 7641
101.89.19.149 - - [05/Apr/2020:09:06:20 +0800] "GET /xingrg/login.html HTTP/1.1" 200 7641
114.88.159.93 - - [05/Apr/2020:09:06:21 +0800] "GET /xingrg/kc/buy/cgsh_order_operate.html?command=get_materiel&rest_code=00141&code=00101002034&supplier_code=00100091&order_time=2020-04-05 HTTP/1.1" 200 409
172.17.0.112 - - [05/Apr/2020:09:06:23 +0800] "GET /xingrg/all/function/internal_message.html?_=1586048779754&CODE_STATE=getMsg HTTP/1.1" 302 -
114.84.33.255 - - [05/Apr/2020:09:06:23 +0800] "GET /xingrg/all/function/internal_message.html?_=1586048780465&CODE_STATE=getMsg HTTP/1.1" 200 27
101.91.60.104 - - [05/Apr/2020:09:06:24 +0800] "GET /xingrg/kc/buy/cgsh_order_operate.html?command=get_materiel&rest_code=00141&code=00101004049&supplier_code=00100312&order_time=2020-04-05 HTTP/1.1" 302 -
101.91.60.104 - - [05/Apr/2020:09:06:29 +0800] "GET /xingrg/login.html HTTP/1.1" 200 7641
172.17.0.112 - - [05/Apr/2020:09:06:29 +0800] "GET /xingrg/all/function/internal_message.html?_=1586048786460&CODE_STATE=getMsg HTTP/1.1" 302 -
114.88.159.93 - - [05/Apr/2020:09:06:30 +0800] "POST /xingrg/kc/buy/cgsh_order_operate.html HTTP/1.1" 200 37
114.88.159.93 - - [05/Apr/2020:09:06:31 +0800] "POST /xingrg/kc/buy/cgsh_order_operate.html HTTP/1.1" 200 12
114.88.159.93 - - [05/Apr/2020:09:06:34 +0800] "GET /xingrg/kc/buy/cgsh_order_info.html?code=212020040500830 HTTP/1.1" 200 52881
114.88.159.93 - - [05/Apr/2020:09:06:34 +0800] "GET /xingrg/javascript/easyui/themes/default/validatebox.css HTTP/1.1" 404 1104
114.88.159.93 - - [05/Apr/2020:09:06:35 +0800] "POST /xingrg/kc/buy/cgsh_order_operate.html HTTP/1.1" 200 1202
114.88.159.93 - - [05/Apr/2020:09:06:36 +0800] "GET /xingrg/kc/print/load_data.html?order_code=212020040500830&kc_code=cgsh&condition= HTTP/1.1" 200 1005
117.185.32.26 - - [05/Apr/2020:09:06:41 +0800] "GET /xingrg/all/function/internal_message.html?_=1586049201110&CODE_STATE=getMsg HTTP/1.1" 200 27
180.156.150.85 - - [05/Apr/2020:09:06:43 +0800] "GET /xingrg/all/function/internal_message.html?_=1586048798914&CODE_STATE=getMsg HTTP/1.1" 200 27
117.131.5.26 - - [05/Apr/2020:09:06:44 +0800] "GET /xingrg/all/function/internal_message.html?_=1586048805065&CODE_STATE=getMsg HTTP/1.1" 200 27
114.88.159.93 - - [05/Apr/2020:09:06:47 +0800] "GET /xingrg/kc/buy/cgsh_order_add.html HTTP/1.1" 200 57975
172.17.0.185 - - [05/Apr/2020:09:06:47 +0800] "GET /xingrg/all/function/internal_message.html?_=1586048803027&CODE_STATE=getMsg HTTP/1.1" 200 27
114.88.159.93 - - [05/Apr/2020:09:06:48 +0800] "GET /xingrg/javascript/easyui/themes/default/validatebox.css HTTP/1.1" 404 1104
114.88.159.93 - - [05/Apr/2020:09:06:48 +0800] "POST /xingrg/kc/buy/cgsh_order_operate.html HTTP/1.1" 200 8245
120.253.135.82 - - [05/Apr/2020:09:06:49 +0800] "GET /xingrg/all/function/internal_message.html?_=1586048876520&CODE_STATE=getMsg HTTP/1.1" 200 27
101.89.239.230 - - [05/Apr/2020:09:06:56 +0800] "GET /xingrg/kc/buy/cgsh_order_info.html?code=212020040500829 HTTP/1.1" 302 -
101.89.239.230 - - [05/Apr/2020:09:06:57 +0800] "GET /xingrg/login.html HTTP/1.1" 200 7641
117.131.5.26 - - [05/Apr/2020:09:06:59 +0800] "GET /xingrg/all/function/internal_message.html?_=1586049072945&CODE_STATE=getMsg HTTP/1.1" 200 27
114.88.159.93 - - [05/Apr/2020:09:07:02 +0800] "GET /xingrg/kc/buy/cgsh_order_operate.html?command=get_materiel&rest_code=00141&code=00101003004&supplier_code=00100347&order_time=2020-04-05 HTTP/1.1" 200 422
114.88.159.93 - - [05/Apr/2020:09:07:06 +0800] "GET /xingrg/all/function/internal_message.html?_=1586048821448&CODE_STATE=getMsg HTTP/1.1" 200 27
61.151.207.205 - - [05/Apr/2020:09:07:06 +0800] "GET /xingrg/all/function/internal_message.html?_=1586048761440&CODE_STATE=getMsg HTTP/1.1" 302 -
116.235.222.53 - - [05/Apr/2020:09:07:06 +0800] "GET /xingrg/check_reg.html?_=1586048822271 HTTP/1.1" 200 22
116.235.222.53 - - [05/Apr/2020:09:07:06 +0800] "GET /xingrg/all/function/internal_message.html?_=1586048822274&CODE_STATE=getMsg HTTP/1.1" 200 27
61.151.207.205 - - [05/Apr/2020:09:07:08 +0800] "GET /xingrg/login.html HTTP/1.1" 200 7641
101.89.29.78 - - [05/Apr/2020:09:07:10 +0800] "GET /xingrg/check_reg.html?_=1586048761439 HTTP/1.1" 302 -
101.89.29.78 - - [05/Apr/2020:09:07:14 +0800] "GET /xingrg/login.html HTTP/1.1" 200 7641
61.129.6.151 - - [05/Apr/2020:09:07:22 +0800] "GET /xingrg/kc/buy/cgsh_order_operate.html?command=get_materiel&rest_code=00141&code=00101002034&supplier_code=00100091&order_time=2020-04-05 HTTP/1.1" 302 -
61.129.6.151 - - [05/Apr/2020:09:07:22 +0800] "GET /xingrg/login.html HTTP/1.1" 200 7641
172.17.0.112 - - [05/Apr/2020:09:07:23 +0800] "GET /xingrg/all/function/internal_message.html?_=1586048839766&CODE_STATE=getMsg HTTP/1.1" 302 -
114.88.159.93 - - [05/Apr/2020:09:07:23 +0800] "GET /xingrg/kc/buy/cgsh_order_operate.html?command=get_materiel&rest_code=00141&code=00101004038&supplier_code=00100347&order_time=2020-04-05 HTTP/1.1" 200 409
114.84.33.255 - - [05/Apr/2020:09:07:23 +0800] "GET /xingrg/all/function/internal_message.html?_=1586048840478&CODE_STATE=getMsg HTTP/1.1" 200 27
114.88.159.93 - - [05/Apr/2020:09:07:29 +0800] "GET /xingrg/kc/buy/cgsh_order_operate.html?command=get_materiel&rest_code=00141&code=00101005022&supplier_code=00100347&order_time=2020-04-05 HTTP/1.1" 200 417
172.17.0.112 - - [05/Apr/2020:09:07:29 +0800] "GET /xingrg/all/function/internal_message.html?_=1586048846501&CODE_STATE=getMsg HTTP/1.1" 302 -
172.17.0.112 - - [05/Apr/2020:09:07:36 +0800] "GET /xingrg/check_reg.html?_=1586048853119 HTTP/1.1" 302 -
114.88.159.93 - - [05/Apr/2020:09:07:41 +0800] "GET /xingrg/kc/buy/cgsh_order_operate.html?command=get_materiel&rest_code=00141&code=00101001127&supplier_code=00100347&order_time=2020-04-05 HTTP/1.1" 200 429
117.185.32.26 - - [05/Apr/2020:09:07:41 +0800] "GET /xingrg/all/function/internal_message.html?_=1586049261109&CODE_STATE=getMsg HTTP/1.1" 200 27
180.156.150.85 - - [05/Apr/2020:09:07:43 +0800] "GET /xingrg/all/function/internal_message.html?_=1586048858929&CODE_STATE=getMsg HTTP/1.1" 200 27
180.156.150.85 - - [05/Apr/2020:09:07:43 +0800] "GET /xingrg/check_reg.html?_=1586048858931 HTTP/1.1" 200 22
61.129.7.235 - - [05/Apr/2020:09:07:44 +0800] "GET /xingrg/kc/print/load_data.html?order_code=212020040500830&kc_code=cgsh&condition= HTTP/1.1" 302 -
117.131.5.26 - - [05/Apr/2020:09:07:44 +0800] "GET /xingrg/all/function/internal_message.html?_=1586048865065&CODE_STATE=getMsg HTTP/1.1" 200 27
172.17.0.185 - - [05/Apr/2020:09:07:47 +0800] "GET /xingrg/all/function/internal_message.html?_=1586048863032&CODE_STATE=getMsg HTTP/1.1" 200 27
120.253.135.82 - - [05/Apr/2020:09:07:49 +0800] "GET /xingrg/all/function/internal_message.html?_=1586048936535&CODE_STATE=getMsg HTTP/1.1" 200 27
61.129.7.235 - - [05/Apr/2020:09:07:49 +0800] "GET /xingrg/login.html HTTP/1.1" 200 7641
117.131.5.26 - - [05/Apr/2020:09:07:59 +0800] "GET /xingrg/all/function/internal_message.html?_=1586049132949&CODE_STATE=getMsg HTTP/1.1" 200 27
114.88.159.93 - - [05/Apr/2020:09:08:01 +0800] "POST /xingrg/kc/buy/cgsh_order_operate.html HTTP/1.1" 200 37
114.88.159.93 - - [05/Apr/2020:09:08:02 +0800] "POST /xingrg/kc/buy/cgsh_order_operate.html HTTP/1.1" 200 12
114.88.159.93 - - [05/Apr/2020:09:08:03 +0800] "GET /xingrg/kc/buy/cgsh_order_info.html?code=212020040500831 HTTP/1.1" 200 52869
114.88.159.93 - - [05/Apr/2020:09:08:03 +0800] "GET /xingrg/javascript/easyui/themes/default/validatebox.css HTTP/1.1" 404 1104
114.88.159.93 - - [05/Apr/2020:09:08:03 +0800] "POST /xingrg/kc/buy/cgsh_order_operate.html HTTP/1.1" 200 2418
114.88.159.93 - - [05/Apr/2020:09:08:05 +0800] "GET /xingrg/kc/print/load_data.html?order_code=212020040500831&kc_code=cgsh&condition= HTTP/1.1" 200 1414
114.88.159.93 - - [05/Apr/2020:09:08:06 +0800] "GET /xingrg/all/function/internal_message.html?_=1586048881453&CODE_STATE=getMsg HTTP/1.1" 200 27
116.235.222.53 - - [05/Apr/2020:09:08:06 +0800] "GET /xingrg/all/function/internal_message.html?_=1586048882283&CODE_STATE=getMsg HTTP/1.1" 200 27
101.89.239.216 - - [05/Apr/2020:09:08:10 +0800] "GET /xingrg/all/function/internal_message.html?_=1586048821448&CODE_STATE=getMsg HTTP/1.1" 302 -
101.89.239.216 - - [05/Apr/2020:09:08:13 +0800] "GET /xingrg/login.html HTTP/1.1" 200 7641
114.88.159.93 - - [05/Apr/2020:09:08:14 +0800] "GET /xingrg/kc/buy/cgsh_order_add.html HTTP/1.1" 200 57975
114.88.159.93 - - [05/Apr/2020:09:08:14 +0800] "POST /xingrg/kc/buy/cgsh_order_operate.html HTTP/1.1" 200 8245
114.88.159.93 - - [05/Apr/2020:09:08:14 +0800] "GET /xingrg/javascript/easyui/themes/default/validatebox.css HTTP/1.1" 404 1104
172.17.0.112 - - [05/Apr/2020:09:08:23 +0800] "GET /xingrg/all/function/internal_message.html?_=1586048899806&CODE_STATE=getMsg HTTP/1.1" 302 -
114.84.33.255 - - [05/Apr/2020:09:08:23 +0800] "GET /xingrg/all/function/internal_message.html?_=1586048900496&CODE_STATE=getMsg HTTP/1.1" 200 27
114.88.159.93 - - [05/Apr/2020:09:08:28 +0800] "GET /xingrg/kc/buy/cgsh_order_operate.html?command=get_materiel&rest_code=00141&code=00101012051&supplier_code=00100036&order_time=2020-04-05 HTTP/1.1" 200 408
172.17.0.112 - - [05/Apr/2020:09:08:29 +0800] "GET /xingrg/all/function/internal_message.html?_=1586048906542&CODE_STATE=getMsg HTTP/1.1" 302 -
61.129.8.179 - - [05/Apr/2020:09:08:36 +0800] "GET /xingrg/kc/buy/cgsh_order_operate.html?command=get_materiel&rest_code=00141&code=00101004038&supplier_code=00100347&order_time=2020-04-05 HTTP/1.1" 302 -
114.88.159.93 - - [05/Apr/2020:09:08:36 +0800] "GET /xingrg/kc/buy/cgsh_order_operate.html?command=get_materiel&rest_code=00141&code=00101016017&supplier_code=00100036&order_time=2020-04-05 HTTP/1.1" 200 408
61.151.178.174 - - [05/Apr/2020:09:08:40 +0800] "GET /xingrg/kc/buy/cgsh_order_operate.html?command=get_materiel&rest_code=00141&code=00101001127&supplier_code=00100347&order_time=2020-04-05 HTTP/1.1" 302 -
61.129.8.179 - - [05/Apr/2020:09:08:40 +0800] "GET /xingrg/login.html HTTP/1.1" 200 7641
61.151.178.174 - - [05/Apr/2020:09:08:41 +0800] "GET /xingrg/login.html HTTP/1.1" 200 7641
117.185.32.26 - - [05/Apr/2020:09:08:41 +0800] "GET /xingrg/all/function/internal_message.html?_=1586049321107&CODE_STATE=getMsg HTTP/1.1" 200 27
180.156.150.85 - - [05/Apr/2020:09:08:43 +0800] "GET /xingrg/all/function/internal_message.html?_=1586048918914&CODE_STATE=getMsg HTTP/1.1" 200 27
117.131.5.26 - - [05/Apr/2020:09:08:44 +0800] "GET /xingrg/all/function/internal_message.html?_=1586048925080&CODE_STATE=getMsg HTTP/1.1" 200 27
114.88.159.93 - - [05/Apr/2020:09:08:45 +0800] "GET /xingrg/kc/buy/cgsh_order_operate.html?command=get_materiel&rest_code=00141&code=00101013011&supplier_code=00100036&order_time=2020-04-05 HTTP/1.1" 200 450
172.17.0.185 - - [05/Apr/2020:09:08:47 +0800] "GET /xingrg/check_reg.html?_=1586048923038 HTTP/1.1" 200 22
172.17.0.185 - - [05/Apr/2020:09:08:47 +0800] "GET /xingrg/all/function/internal_message.html?_=1586048923042&CODE_STATE=getMsg HTTP/1.1" 200 27
120.253.135.82 - - [05/Apr/2020:09:08:49 +0800] "GET /xingrg/all/function/internal_message.html?_=1586048996548&CODE_STATE=getMsg HTTP/1.1" 200 27
120.253.135.82 - - [05/Apr/2020:09:08:51 +0800] "GET /xingrg/kc/pszx/mdqp_order_list.html?state=10 HTTP/1.1" 200 10513
120.253.135.82 - - [05/Apr/2020:09:08:51 +0800] "GET /xingrg/dwr/interface/AjaxReportQueryService.js HTTP/1.1" 200 13203
120.253.135.82 - - [05/Apr/2020:09:08:51 +0800] "GET /xingrg/dwr/interface/AjaxQqpsService.js HTTP/1.1" 200 16326
120.253.135.82 - - [05/Apr/2020:09:08:51 +0800] "GET /xingrg/dwr/engine.js HTTP/1.1" 200 43631
114.88.159.93 - - [05/Apr/2020:09:08:52 +0800] "GET /xingrg/kc/buy/cgsh_order_operate.html?command=get_materiel&rest_code=00141&code=00101016105&supplier_code=00100036&order_time=2020-04-05 HTTP/1.1" 200 409
117.131.5.26 - - [05/Apr/2020:09:08:59 +0800] "GET /xingrg/all/function/internal_message.html?_=1586049192973&CODE_STATE=getMsg HTTP/1.1" 200 27
114.88.159.93 - - [05/Apr/2020:09:09:01 +0800] "POST /xingrg/kc/buy/cgsh_order_operate.html HTTP/1.1" 200 37
114.88.159.93 - - [05/Apr/2020:09:09:02 +0800] "POST /xingrg/kc/buy/cgsh_order_operate.html HTTP/1.1" 200 12
114.88.159.93 - - [05/Apr/2020:09:09:03 +0800] "GET /xingrg/kc/buy/cgsh_order_info.html?code=212020040500832 HTTP/1.1" 200 52879
114.88.159.93 - - [05/Apr/2020:09:09:03 +0800] "GET /xingrg/javascript/easyui/themes/default/validatebox.css HTTP/1.1" 404 1104
114.88.159.93 - - [05/Apr/2020:09:09:03 +0800] "POST /xingrg/kc/buy/cgsh_order_operate.html HTTP/1.1" 200 2378
172.17.0.112 - - [05/Apr/2020:09:09:03 +0800] "GET /xingrg/check_reg.html?_=1586048940513 HTTP/1.1" 302 -
114.88.159.93 - - [05/Apr/2020:09:09:04 +0800] "GET /xingrg/kc/print/load_data.html?order_code=212020040500832&kc_code=cgsh&condition= HTTP/1.1" 200 1451
114.88.159.93 - - [05/Apr/2020:09:09:06 +0800] "GET /xingrg/all/function/internal_message.html?_=1586048941450&CODE_STATE=getMsg HTTP/1.1" 200 27
116.235.222.53 - - [05/Apr/2020:09:09:06 +0800] "GET /xingrg/all/function/internal_message.html?_=1586048942287&CODE_STATE=getMsg HTTP/1.1" 200 27
61.151.207.186 - - [05/Apr/2020:09:09:08 +0800] "GET /xingrg/all/function/internal_message.html?_=1586048881453&CODE_STATE=getMsg HTTP/1.1" 302 -
61.151.207.186 - - [05/Apr/2020:09:09:09 +0800] "GET /xingrg/login.html HTTP/1.1" 200 7641
114.88.159.93 - - [05/Apr/2020:09:09:11 +0800] "GET /xingrg/kc/buy/cgsh_order_add.html HTTP/1.1" 200 57975
114.88.159.93 - - [05/Apr/2020:09:09:11 +0800] "POST /xingrg/kc/buy/cgsh_order_operate.html HTTP/1.1" 200 8245
114.88.159.93 - - [05/Apr/2020:09:09:11 +0800] "GET /xingrg/javascript/easyui/themes/default/validatebox.css HTTP/1.1" 404 1104
114.88.159.93 - - [05/Apr/2020:09:09:19 +0800] "GET /xingrg/kc/buy/cgsh_order_operate.html?command=get_materiel&rest_code=00141&code=00101005036&supplier_code=00100040&order_time=2020-04-05 HTTP/1.1" 200 409
117.131.5.26 - - [05/Apr/2020:09:09:20 +0800] "GET /xingrg/check_reg.html?_=1586048960940 HTTP/1.1" 200 22
101.91.62.99 - - [05/Apr/2020:09:09:20 +0800] "GET /xingrg/kc/buy/cgsh_order_info.html?code=212020040500831 HTTP/1.1" 302 -
172.17.0.112 - - [05/Apr/2020:09:09:23 +0800] "GET /xingrg/all/function/internal_message.html?_=1586048959823&CODE_STATE=getMsg HTTP/1.1" 302 -
114.84.33.255 - - [05/Apr/2020:09:09:23 +0800] "GET /xingrg/all/function/internal_message.html?_=1586048960506&CODE_STATE=getMsg HTTP/1.1" 200 27
101.91.62.99 - - [05/Apr/2020:09:09:24 +0800] "GET /xingrg/login.html HTTP/1.1" 200 7641
180.97.118.219 - - [05/Apr/2020:09:09:27 +0800] "GET /xingrg/kc/buy/cgsh_order_add.html HTTP/1.1" 302 -
180.97.118.219 - - [05/Apr/2020:09:09:29 +0800] "GET /xingrg/login.html HTTP/1.1" 200 7641
117.131.5.26 - - [05/Apr/2020:09:09:29 +0800] "GET /xingrg/check_reg.html?_=1586048969705 HTTP/1.1" 200 22
172.17.0.112 - - [05/Apr/2020:09:09:29 +0800] "GET /xingrg/all/function/internal_message.html?_=1586048966548&CODE_STATE=getMsg HTTP/1.1" 302 -
114.88.159.93 - - [05/Apr/2020:09:09:32 +0800] "POST /xingrg/kc/buy/cgsh_order_operate.html HTTP/1.1" 200 37
117.184.7.26 - - [05/Apr/2020:09:09:33 +0800] "POST /xingrg/services/DataTransmitService HTTP/1.1" 200 524
114.88.159.93 - - [05/Apr/2020:09:09:33 +0800] "POST /xingrg/kc/buy/cgsh_order_operate.html HTTP/1.1" 200 12
117.184.7.26 - - [05/Apr/2020:09:09:33 +0800] "POST /xingrg/services/DataTransmitService HTTP/1.1" 200 501
114.88.159.93 - - [05/Apr/2020:09:09:34 +0800] "GET /xingrg/kc/buy/cgsh_order_info.html?code=212020040500833 HTTP/1.1" 200 52877
114.88.159.93 - - [05/Apr/2020:09:09:34 +0800] "GET /xingrg/javascript/easyui/themes/default/validatebox.css HTTP/1.1" 404 1104
114.88.159.93 - - [05/Apr/2020:09:09:34 +0800] "POST /xingrg/kc/buy/cgsh_order_operate.html HTTP/1.1" 200 602
114.88.159.93 - - [05/Apr/2020:09:09:35 +0800] "GET /xingrg/kc/print/load_data.html?order_code=212020040500833&kc_code=cgsh&condition= HTTP/1.1" 200 767
180.97.118.219 - - [05/Apr/2020:09:09:39 +0800] "GET /xingrg/kc/buy/cgsh_order_operate.html?command=get_materiel&rest_code=00141&code=00101016017&supplier_code=00100036&order_time=2020-04-05 HTTP/1.1" 302 -
117.185.32.26 - - [05/Apr/2020:09:09:41 +0800] "GET /xingrg/all/function/internal_message.html?_=1586049381107&CODE_STATE=getMsg HTTP/1.1" 200 27
180.97.118.219 - - [05/Apr/2020:09:09:41 +0800] "GET /xingrg/login.html HTTP/1.1" 200 7641
114.88.159.93 - - [05/Apr/2020:09:09:42 +0800] "GET /xingrg/kc/buy/cgsh_order_add.html HTTP/1.1" 200 57975
114.88.159.93 - - [05/Apr/2020:09:09:43 +0800] "GET /xingrg/javascript/easyui/themes/default/validatebox.css HTTP/1.1" 404 1104
114.88.159.93 - - [05/Apr/2020:09:09:43 +0800] "POST /xingrg/kc/buy/cgsh_order_operate.html HTTP/1.1" 200 8245
180.156.150.85 - - [05/Apr/2020:09:09:43 +0800] "GET /xingrg/all/function/internal_message.html?_=1586048978928&CODE_STATE=getMsg HTTP/1.1" 200 27
117.131.5.26 - - [05/Apr/2020:09:09:44 +0800] "GET /xingrg/all/function/internal_message.html?_=1586048985080&CODE_STATE=getMsg HTTP/1.1" 200 27
117.131.5.26 - - [05/Apr/2020:09:09:46 +0800] "GET /xingrg/check_reg.html?_=1586049240074 HTTP/1.1" 200 22
172.17.0.185 - - [05/Apr/2020:09:09:47 +0800] "GET /xingrg/all/function/internal_message.html?_=1586048983028&CODE_STATE=getMsg HTTP/1.1" 200 27
120.253.135.82 - - [05/Apr/2020:09:09:48 +0800] "GET /xingrg/check_reg.html?_=1586049055629 HTTP/1.1" 200 22
120.253.135.82 - - [05/Apr/2020:09:09:49 +0800] "GET /xingrg/all/function/internal_message.html?_=1586049056562&CODE_STATE=getMsg HTTP/1.1" 200 27
101.91.60.11 - - [05/Apr/2020:09:09:52 +0800] "GET /xingrg/kc/buy/cgsh_order_operate.html?command=get_materiel&rest_code=00141&code=00101013011&supplier_code=00100036&order_time=2020-04-05 HTTP/1.1" 302 -
114.88.159.93 - - [05/Apr/2020:09:09:53 +0800] "GET /xingrg/kc/buy/cgsh_order_operate.html?command=get_materiel&rest_code=00141&code=00101006055&supplier_code=00100012&order_time=2020-04-05 HTTP/1.1" 200 409
101.91.60.11 - - [05/Apr/2020:09:09:55 +0800] "GET /xingrg/login.html HTTP/1.1" 200 7641
117.131.5.26 - - [05/Apr/2020:09:09:59 +0800] "GET /xingrg/all/function/internal_message.html?_=1586049252974&CODE_STATE=getMsg HTTP/1.1" 200 27
114.88.159.93 - - [05/Apr/2020:09:10:03 +0800] "GET /xingrg/kc/buy/cgsh_order_operate.html?command=get_materiel&rest_code=00141&code=00101006057&supplier_code=00100012&order_time=2020-04-05 HTTP/1.1" 200 413
58.247.206.143 - - [05/Apr/2020:09:10:05 +0800] "GET /xingrg/all/function/internal_message.html?_=1586048941450&CODE_STATE=getMsg HTTP/1.1" 302 -
114.88.159.93 - - [05/Apr/2020:09:10:06 +0800] "GET /xingrg/all/function/internal_message.html?_=1586049001443&CODE_STATE=getMsg HTTP/1.1" 200 27
101.91.60.105 - - [05/Apr/2020:09:10:06 +0800] "GET /xingrg/kc/buy/cgsh_order_operate.html?command=get_materiel&rest_code=00141&code=00101016105&supplier_code=00100036&order_time=2020-04-05 HTTP/1.1" 302 -
58.247.206.143 - - [05/Apr/2020:09:10:06 +0800] "GET /xingrg/login.html HTTP/1.1" 200 7641
116.235.222.53 - - [05/Apr/2020:09:10:06 +0800] "GET /xingrg/all/function/internal_message.html?_=1586049002294&CODE_STATE=getMsg HTTP/1.1" 200 27
61.129.6.174 - - [05/Apr/2020:09:10:07 +0800] "GET /xingrg/kc/print/load_data.html?order_code=212020040500832&kc_code=cgsh&condition= HTTP/1.1" 302 -
101.91.60.105 - - [05/Apr/2020:09:10:08 +0800] "GET /xingrg/kc/buy/cgsh_order_info.html?code=212020040500832 HTTP/1.1" 302 -
61.129.6.174 - - [05/Apr/2020:09:10:10 +0800] "GET /xingrg/login.html HTTP/1.1" 200 7641
101.91.60.105 - - [05/Apr/2020:09:10:11 +0800] "GET /xingrg/login.html HTTP/1.1" 200 7641
114.88.159.93 - - [05/Apr/2020:09:10:11 +0800] "POST /xingrg/kc/buy/cgsh_order_operate.html HTTP/1.1" 200 37
114.88.159.93 - - [05/Apr/2020:09:10:13 +0800] "POST /xingrg/kc/buy/cgsh_order_operate.html HTTP/1.1" 200 12
114.88.159.93 - - [05/Apr/2020:09:10:14 +0800] "GET /xingrg/kc/buy/cgsh_order_info.html?code=212020040500834 HTTP/1.1" 200 52877
114.88.159.93 - - [05/Apr/2020:09:10:14 +0800] "GET /xingrg/javascript/easyui/themes/default/validatebox.css HTTP/1.1" 404 1104
114.88.159.93 - - [05/Apr/2020:09:10:14 +0800] "POST /xingrg/kc/buy/cgsh_order_operate.html HTTP/1.1" 200 1197
101.91.60.105 - - [05/Apr/2020:09:10:15 +0800] "GET /xingrg/login.html HTTP/1.1" 200 7641
114.88.159.93 - - [05/Apr/2020:09:10:15 +0800] "GET /xingrg/kc/print/load_data.html?order_code=212020040500834&kc_code=cgsh&condition= HTTP/1.1" 200 1019
101.91.60.11 - - [05/Apr/2020:09:10:19 +0800] "GET /xingrg/kc/buy/cgsh_order_operate.html?command=get_materiel&rest_code=00141&code=00101005036&supplier_code=00100040&order_time=2020-04-05 HTTP/1.1" 302 -
101.91.60.11 - - [05/Apr/2020:09:10:21 +0800] "GET /xingrg/login.html HTTP/1.1" 200 7641
172.17.0.112 - - [05/Apr/2020:09:10:23 +0800] "GET /xingrg/all/function/internal_message.html?_=1586049019858&CODE_STATE=getMsg HTTP/1.1" 302 -
114.84.33.255 - - [05/Apr/2020:09:10:23 +0800] "GET /xingrg/check_reg.html?_=1586049020028 HTTP/1.1" 200 22
114.84.33.255 - - [05/Apr/2020:09:10:23 +0800] "GET /xingrg/all/function/internal_message.html?_=1586049020519&CODE_STATE=getMsg HTTP/1.1" 200 27
172.17.0.112 - - [05/Apr/2020:09:10:30 +0800] "GET /xingrg/all/function/internal_message.html?_=1586049026580&CODE_STATE=getMsg HTTP/1.1" 302 -
61.129.6.251 - - [05/Apr/2020:09:10:40 +0800] "GET /xingrg/kc/print/load_data.html?order_code=212020040500833&kc_code=cgsh&condition= HTTP/1.1" 302 -
117.185.32.26 - - [05/Apr/2020:09:10:41 +0800] "GET /xingrg/all/function/internal_message.html?_=1586049441121&CODE_STATE=getMsg HTTP/1.1" 200 27
117.185.32.26 - - [05/Apr/2020:09:10:41 +0800] "GET /xingrg/check_reg.html?_=1586049441137 HTTP/1.1" 200 22
180.156.150.85 - - [05/Apr/2020:09:10:43 +0800] "GET /xingrg/all/function/internal_message.html?_=1586049038928&CODE_STATE=getMsg HTTP/1.1" 200 27
117.131.5.26 - - [05/Apr/2020:09:10:44 +0800] "GET /xingrg/all/function/internal_message.html?_=1586049045080&CODE_STATE=getMsg HTTP/1.1" 200 27
61.129.6.251 - - [05/Apr/2020:09:10:45 +0800] "GET /xingrg/login.html HTTP/1.1" 200 7641
172.17.0.185 - - [05/Apr/2020:09:10:47 +0800] "GET /xingrg/all/function/internal_message.html?_=1586049043034&CODE_STATE=getMsg HTTP/1.1" 200 27
120.253.135.82 - - [05/Apr/2020:09:10:49 +0800] "GET /xingrg/all/function/internal_message.html?_=1586049116575&CODE_STATE=getMsg HTTP/1.1" 200 27
101.89.29.92 - - [05/Apr/2020:09:10:52 +0800] "GET /xingrg/kc/buy/cgsh_order_operate.html?command=get_materiel&rest_code=00141&code=00101006055&supplier_code=00100012&order_time=2020-04-05 HTTP/1.1" 302 -
101.89.29.92 - - [05/Apr/2020:09:10:54 +0800] "GET /xingrg/login.html HTTP/1.1" 200 7641
117.131.5.26 - - [05/Apr/2020:09:10:59 +0800] "GET /xingrg/all/function/internal_message.html?_=1586049312989&CODE_STATE=getMsg HTTP/1.1" 200 27
114.88.159.93 - - [05/Apr/2020:09:11:06 +0800] "GET /xingrg/all/function/internal_message.html?_=1586049061446&CODE_STATE=getMsg HTTP/1.1" 200 27
114.88.159.93 - - [05/Apr/2020:09:11:06 +0800] "GET /xingrg/check_reg.html?_=1586049061446 HTTP/1.1" 200 22
116.235.222.53 - - [05/Apr/2020:09:11:06 +0800] "GET /xingrg/all/function/internal_message.html?_=1586049062286&CODE_STATE=getMsg HTTP/1.1" 200 27
61.151.178.197 - - [05/Apr/2020:09:11:12 +0800] "GET /xingrg/kc/buy/cgsh_order_operate.html?command=get_materiel&rest_code=00141&code=00101006057&supplier_code=00100012&order_time=2020-04-05 HTTP/1.1" 302 -
61.151.178.197 - - [05/Apr/2020:09:11:15 +0800] "GET /xingrg/login.html HTTP/1.1" 200 7641
101.89.239.232 - - [05/Apr/2020:09:11:15 +0800] "GET /xingrg/all/function/internal_message.html?_=1586049001443&CODE_STATE=getMsg HTTP/1.1" 302 -
101.89.239.232 - - [05/Apr/2020:09:11:19 +0800] "GET /xingrg/login.html HTTP/1.1" 200 7641
172.17.0.112 - - [05/Apr/2020:09:11:23 +0800] "GET /xingrg/all/function/internal_message.html?_=1586049079866&CODE_STATE=getMsg HTTP/1.1" 302 -
114.84.33.255 - - [05/Apr/2020:09:11:23 +0800] "GET /xingrg/all/function/internal_message.html?_=1586049080533&CODE_STATE=getMsg HTTP/1.1" 200 27
61.151.178.166 - - [05/Apr/2020:09:11:25 +0800] "GET /xingrg/kc/print/load_data.html?order_code=212020040500834&kc_code=cgsh&condition= HTTP/1.1" 302 -
61.151.178.166 - - [05/Apr/2020:09:11:29 +0800] "GET /xingrg/login.html HTTP/1.1" 200 7641
172.17.0.112 - - [05/Apr/2020:09:11:30 +0800] "GET /xingrg/all/function/internal_message.html?_=1586049086590&CODE_STATE=getMsg HTTP/1.1" 302 -
117.185.32.26 - - [05/Apr/2020:09:11:41 +0800] "GET /xingrg/all/function/internal_message.html?_=1586049501149&CODE_STATE=getMsg HTTP/1.1" 200 27
180.156.150.85 - - [05/Apr/2020:09:11:43 +0800] "GET /xingrg/all/function/internal_message.html?_=1586049098925&CODE_STATE=getMsg HTTP/1.1" 200 27
117.131.5.26 - - [05/Apr/2020:09:11:44 +0800] "GET /xingrg/all/function/internal_message.html?_=1586049105096&CODE_STATE=getMsg HTTP/1.1" 200 27
172.17.0.185 - - [05/Apr/2020:09:11:47 +0800] "GET /xingrg/all/function/internal_message.html?_=1586049103024&CODE_STATE=getMsg HTTP/1.1" 200 27
120.253.135.82 - - [05/Apr/2020:09:11:49 +0800] "GET /xingrg/all/function/internal_message.html?_=1586049176588&CODE_STATE=getMsg HTTP/1.1" 200 27
117.131.5.26 - - [05/Apr/2020:09:11:59 +0800] "GET /xingrg/all/function/internal_message.html?_=1586049373017&CODE_STATE=getMsg HTTP/1.1" 200 27
61.151.178.197 - - [05/Apr/2020:09:12:06 +0800] "GET /xingrg/all/function/internal_message.html?_=1586049061446&CODE_STATE=getMsg HTTP/1.1" 302 -
114.88.159.93 - - [05/Apr/2020:09:12:06 +0800] "GET /xingrg/all/function/internal_message.html?_=1586049121451&CODE_STATE=getMsg HTTP/1.1" 200 27
116.235.222.53 - - [05/Apr/2020:09:12:06 +0800] "GET /xingrg/check_reg.html?_=1586049122305 HTTP/1.1" 200 22
116.235.222.53 - - [05/Apr/2020:09:12:06 +0800] "GET /xingrg/all/function/internal_message.html?_=1586049122308&CODE_STATE=getMsg HTTP/1.1" 200 27
61.151.178.197 - - [05/Apr/2020:09:12:08 +0800] "GET /xingrg/login.html HTTP/1.1" 200 7641
101.91.60.11 - - [05/Apr/2020:09:12:11 +0800] "GET /xingrg/check_reg.html?_=1586049061446 HTTP/1.1" 302 -
101.91.60.11 - - [05/Apr/2020:09:12:17 +0800] "GET /xingrg/login.html HTTP/1.1" 200 7641
172.17.0.112 - - [05/Apr/2020:09:12:23 +0800] "GET /xingrg/all/function/internal_message.html?_=1586049139900&CODE_STATE=getMsg HTTP/1.1" 302 -
114.84.33.255 - - [05/Apr/2020:09:12:23 +0800] "GET /xingrg/all/function/internal_message.html?_=1586049140546&CODE_STATE=getMsg HTTP/1.1" 200 27
172.17.0.112 - - [05/Apr/2020:09:12:30 +0800] "GET /xingrg/all/function/internal_message.html?_=1586049146624&CODE_STATE=getMsg HTTP/1.1" 302 -
172.17.0.112 - - [05/Apr/2020:09:12:36 +0800] "GET /xingrg/check_reg.html?_=1586049153124 HTTP/1.1" 302 -
117.185.32.26 - - [05/Apr/2020:09:12:41 +0800] "GET /xingrg/all/function/internal_message.html?_=1586049561148&CODE_STATE=getMsg HTTP/1.1" 200 27
180.156.150.85 - - [05/Apr/2020:09:12:43 +0800] "GET /xingrg/all/function/internal_message.html?_=1586049158924&CODE_STATE=getMsg HTTP/1.1" 200 27
180.156.150.85 - - [05/Apr/2020:09:12:43 +0800] "GET /xingrg/check_reg.html?_=1586049158925 HTTP/1.1" 200 22
117.131.5.26 - - [05/Apr/2020:09:12:44 +0800] "GET /xingrg/all/function/internal_message.html?_=1586049165096&CODE_STATE=getMsg HTTP/1.1" 200 27
172.17.0.185 - - [05/Apr/2020:09:12:47 +0800] "GET /xingrg/all/function/internal_message.html?_=1586049163031&CODE_STATE=getMsg HTTP/1.1" 200 27
120.253.135.82 - - [05/Apr/2020:09:12:49 +0800] "GET /xingrg/all/function/internal_message.html?_=1586049236604&CODE_STATE=getMsg HTTP/1.1" 200 27
117.131.5.26 - - [05/Apr/2020:09:12:59 +0800] "GET /xingrg/all/function/internal_message.html?_=1586049433032&CODE_STATE=getMsg HTTP/1.1" 200 27
114.88.159.93 - - [05/Apr/2020:09:13:06 +0800] "GET /xingrg/all/function/internal_message.html?_=1586049181442&CODE_STATE=getMsg HTTP/1.1" 200 27
116.235.222.53 - - [05/Apr/2020:09:13:06 +0800] "GET /xingrg/all/function/internal_message.html?_=1586049182297&CODE_STATE=getMsg HTTP/1.1" 200 27
172.17.0.112 - - [05/Apr/2020:09:13:23 +0800] "GET /xingrg/all/function/internal_message.html?_=1586049199909&CODE_STATE=getMsg HTTP/1.1" 302 -
114.84.33.255 - - [05/Apr/2020:09:13:24 +0800] "GET /xingrg/all/function/internal_message.html?_=1586049200565&CODE_STATE=getMsg HTTP/1.1" 200 27
172.17.0.112 - - [05/Apr/2020:09:13:30 +0800] "GET /xingrg/all/function/internal_message.html?_=1586049206669&CODE_STATE=getMsg HTTP/1.1" 302 -
117.185.32.26 - - [05/Apr/2020:09:13:41 +0800] "GET /xingrg/all/function/internal_message.html?_=1586049621146&CODE_STATE=getMsg HTTP/1.1" 200 27
180.156.150.85 - - [05/Apr/2020:09:13:43 +0800] "GET /xingrg/all/function/internal_message.html?_=1586049218922&CODE_STATE=getMsg HTTP/1.1" 200 27
117.131.5.26 - - [05/Apr/2020:09:13:44 +0800] "GET /xingrg/all/function/internal_message.html?_=1586049225112&CODE_STATE=getMsg HTTP/1.1" 200 27
172.17.0.185 - - [05/Apr/2020:09:13:47 +0800] "GET /xingrg/all/function/internal_message.html?_=1586049223036&CODE_STATE=getMsg HTTP/1.1" 200 27
172.17.0.185 - - [05/Apr/2020:09:13:47 +0800] "GET /xingrg/check_reg.html?_=1586049223040 HTTP/1.1" 200 22
120.253.135.82 - - [05/Apr/2020:09:13:49 +0800] "GET /xingrg/all/function/internal_message.html?_=1586049296616&CODE_STATE=getMsg HTTP/1.1" 200 27
117.131.5.26 - - [05/Apr/2020:09:13:59 +0800] "GET /xingrg/all/function/internal_message.html?_=1586049493057&CODE_STATE=getMsg HTTP/1.1" 200 27
172.17.0.112 - - [05/Apr/2020:09:14:03 +0800] "GET /xingrg/check_reg.html?_=1586049240535 HTTP/1.1" 302 -
114.88.159.93 - - [05/Apr/2020:09:14:06 +0800] "GET /xingrg/all/function/internal_message.html?_=1586049241440&CODE_STATE=getMsg HTTP/1.1" 200 27
116.235.222.53 - - [05/Apr/2020:09:14:06 +0800] "GET /xingrg/all/function/internal_message.html?_=1586049242301&CODE_STATE=getMsg HTTP/1.1" 200 27
117.131.5.26 - - [05/Apr/2020:09:14:20 +0800] "GET /xingrg/check_reg.html?_=1586049260940 HTTP/1.1" 200 22
172.17.0.112 - - [05/Apr/2020:09:14:23 +0800] "GET /xingrg/all/function/internal_message.html?_=1586049259945&CODE_STATE=getMsg HTTP/1.1" 302 -
114.84.33.255 - - [05/Apr/2020:09:14:24 +0800] "GET /xingrg/all/function/internal_message.html?_=1586049260573&CODE_STATE=getMsg HTTP/1.1" 200 27
117.131.5.26 - - [05/Apr/2020:09:14:29 +0800] "GET /xingrg/check_reg.html?_=1586049269705 HTTP/1.1" 200 22
172.17.0.112 - - [05/Apr/2020:09:14:30 +0800] "GET /xingrg/all/function/internal_message.html?_=1586049266712&CODE_STATE=getMsg HTTP/1.1" 302 -
222.69.139.198 - - [05/Apr/2020:09:14:32 +0800] "POST /xingrg/services/DataTransmitService HTTP/1.1" 200 524
222.69.139.198 - - [05/Apr/2020:09:14:33 +0800] "POST /xingrg/services/DataTransmitService HTTP/1.1" 200 501
117.185.32.26 - - [05/Apr/2020:09:14:41 +0800] "GET /xingrg/all/function/internal_message.html?_=1586049681142&CODE_STATE=getMsg HTTP/1.1" 200 27
180.156.150.85 - - [05/Apr/2020:09:14:43 +0800] "GET /xingrg/all/function/internal_message.html?_=1586049278921&CODE_STATE=getMsg HTTP/1.1" 200 27
117.131.5.26 - - [05/Apr/2020:09:14:44 +0800] "GET /xingrg/all/function/internal_message.html?_=1586049285112&CODE_STATE=getMsg HTTP/1.1" 200 27
117.131.5.26 - - [05/Apr/2020:09:14:46 +0800] "GET /xingrg/check_reg.html?_=1586049540084 HTTP/1.1" 200 22
172.17.0.185 - - [05/Apr/2020:09:14:47 +0800] "GET /xingrg/all/function/internal_message.html?_=1586049283025&CODE_STATE=getMsg HTTP/1.1" 200 27
120.253.135.82 - - [05/Apr/2020:09:14:48 +0800] "GET /xingrg/check_reg.html?_=1586049355633 HTTP/1.1" 200 22
120.253.135.82 - - [05/Apr/2020:09:14:49 +0800] "GET /xingrg/all/function/internal_message.html?_=1586049356630&CODE_STATE=getMsg HTTP/1.1" 200 27
117.131.5.26 - - [05/Apr/2020:09:14:59 +0800] "GET /xingrg/all/function/internal_message.html?_=1586049553074&CODE_STATE=getMsg HTTP/1.1" 200 27
114.88.159.93 - - [05/Apr/2020:09:15:06 +0800] "GET /xingrg/all/function/internal_message.html?_=1586049301438&CODE_STATE=getMsg HTTP/1.1" 200 27
116.235.222.53 - - [05/Apr/2020:09:15:06 +0800] "GET /xingrg/all/function/internal_message.html?_=1586049302313&CODE_STATE=getMsg HTTP/1.1" 200 27
172.17.0.112 - - [05/Apr/2020:09:15:23 +0800] "GET /xingrg/all/function/internal_message.html?_=1586049319952&CODE_STATE=getMsg HTTP/1.1" 302 -
114.84.33.255 - - [05/Apr/2020:09:15:23 +0800] "GET /xingrg/check_reg.html?_=1586049320030 HTTP/1.1" 200 22
114.84.33.255 - - [05/Apr/2020:09:15:24 +0800] "GET /xingrg/all/function/internal_message.html?_=1586049320587&CODE_STATE=getMsg HTTP/1.1" 200 27
172.17.0.112 - - [05/Apr/2020:09:15:30 +0800] "GET /xingrg/all/function/internal_message.html?_=1586049326747&CODE_STATE=getMsg HTTP/1.1" 302 -
117.185.32.26 - - [05/Apr/2020:09:15:41 +0800] "GET /xingrg/all/function/internal_message.html?_=1586049741136&CODE_STATE=getMsg HTTP/1.1" 200 27
117.185.32.26 - - [05/Apr/2020:09:15:41 +0800] "GET /xingrg/check_reg.html?_=1586049741137 HTTP/1.1" 200 22
180.156.150.85 - - [05/Apr/2020:09:15:43 +0800] "GET /xingrg/all/function/internal_message.html?_=1586049338920&CODE_STATE=getMsg HTTP/1.1" 200 27
117.131.5.26 - - [05/Apr/2020:09:15:44 +0800] "GET /xingrg/all/function/internal_message.html?_=1586049345112&CODE_STATE=getMsg HTTP/1.1" 200 27
