222.70.183.62 - - [05/Apr/2020:09:34:53 +0800] "GET /xingrg/javascript/jquery_easy_ui/themes/default/images/tree_file.gif HTTP/1.1" 304 -
180.156.150.85 - - [05/Apr/2020:09:34:53 +0800] "POST /xingrg/dwr/call/plaincall/AjaxQqpsService.saveMaterielItem.dwr HTTP/1.1" 200 78
120.253.135.82 - - [05/Apr/2020:09:34:55 +0800] "GET /xingrg/all/function/internal_message.html?_=1586050239397&CODE_STATE=getMsg HTTP/1.1" 200 27
222.70.183.62 - - [05/Apr/2020:09:34:57 +0800] "GET /xingrg/kc/buy/buy_main.html HTTP/1.1" 200 12412
222.70.183.62 - - [05/Apr/2020:09:34:57 +0800] "GET /xingrg/javascript/jquery_easy_ui/themes/default/images/tabs_close.gif HTTP/1.1" 304 -
222.70.183.62 - - [05/Apr/2020:09:34:57 +0800] "GET /xingrg/css/new_ie.css HTTP/1.1" 404 1036
222.70.183.62 - - [05/Apr/2020:09:34:57 +0800] "GET /xingrg/css/blue.css HTTP/1.1" 304 -
222.70.183.62 - - [05/Apr/2020:09:34:57 +0800] "GET /xingrg/javascript/jquery_ui/themes/humanity/humanity.css HTTP/1.1" 304 -
222.70.183.62 - - [05/Apr/2020:09:34:57 +0800] "GET /xingrg/javascript/pic_change.js HTTP/1.1" 304 -
222.70.183.62 - - [05/Apr/2020:09:34:57 +0800] "GET /xingrg/javascript/myfunction.js HTTP/1.1" 304 -
222.70.183.62 - - [05/Apr/2020:09:34:57 +0800] "GET /xingrg/javascript/ToolTips.js HTTP/1.1" 304 -
222.70.183.62 - - [05/Apr/2020:09:34:57 +0800] "GET /xingrg/javascript/jquery_ui/jquery-ui.min.js HTTP/1.1" 304 -
222.70.183.62 - - [05/Apr/2020:09:34:57 +0800] "GET /xingrg/images/blue/button/cgxqd.gif HTTP/1.1" 304 -
222.70.183.62 - - [05/Apr/2020:09:34:57 +0800] "GET /xingrg/images/blue/button/cgshd.gif HTTP/1.1" 304 -
222.70.183.62 - - [05/Apr/2020:09:34:57 +0800] "GET /xingrg/images/blue/button/cgydd.gif HTTP/1.1" 304 -
222.70.183.62 - - [05/Apr/2020:09:34:57 +0800] "GET /xingrg/images/blue/button/kc.gif HTTP/1.1" 304 -
222.70.183.62 - - [05/Apr/2020:09:34:57 +0800] "GET /xingrg/images/blue/button/cgfkd.gif HTTP/1.1" 304 -
222.70.183.62 - - [05/Apr/2020:09:34:57 +0800] "GET /xingrg/images/blue/button/ckthd.gif HTTP/1.1" 304 -
222.70.183.62 - - [05/Apr/2020:09:34:57 +0800] "GET /xingrg/images/blue/button/right_ah.jpg HTTP/1.1" 304 -
222.70.183.62 - - [05/Apr/2020:09:34:57 +0800] "GET /xingrg/images/blue/pic_form2.gif HTTP/1.1" 304 -
222.70.183.62 - - [05/Apr/2020:09:34:57 +0800] "GET /xingrg/images/blue/button/down_ah.jpg HTTP/1.1" 304 -
222.70.183.62 - - [05/Apr/2020:09:34:57 +0800] "GET /xingrg/images/blue/bg_dotted.jpg HTTP/1.1" 304 -
222.70.183.62 - - [05/Apr/2020:09:34:57 +0800] "GET /xingrg/javascript/jquery_ui/themes/humanity/images/ui-bg_inset-soft_100_f4f0ec_1x100.png HTTP/1.1" 304 -
222.70.183.62 - - [05/Apr/2020:09:34:57 +0800] "GET /xingrg/javascript/jquery_ui/themes/humanity/images/ui-iconsnew.jpg HTTP/1.1" 304 -
222.70.183.62 - - [05/Apr/2020:09:34:57 +0800] "GET /xingrg/javascript/jquery_ui/themes/humanity/images/ui-icons_ffffff_256x240.png HTTP/1.1" 304 -
222.70.183.62 - - [05/Apr/2020:09:34:57 +0800] "GET /xingrg/javascript/jquery_ui/themes/humanity/images/ui-icons_c47a23_256x240.png HTTP/1.1" 304 -
222.70.183.62 - - [05/Apr/2020:09:34:57 +0800] "GET /xingrg/javascript/jquery_ui/themes/humanity/images/ui-bg_glass_70_ede4d4_1x400.png HTTP/1.1" 304 -
222.70.183.62 - - [05/Apr/2020:09:34:57 +0800] "GET /xingrg/images/yd/bt.gif HTTP/1.1" 404 1040
222.70.183.62 - - [05/Apr/2020:09:34:58 +0800] "GET /xingrg/css/base.css HTTP/1.1" 304 -
222.70.183.62 - - [05/Apr/2020:09:34:58 +0800] "GET /xingrg/css/site.css HTTP/1.1" 304 -
222.70.183.62 - - [05/Apr/2020:09:34:58 +0800] "GET /xingrg/javascript/easyui/themes/default/easyui.css HTTP/1.1" 304 -
222.70.183.62 - - [05/Apr/2020:09:34:58 +0800] "GET /xingrg/javascript/jquery_tools/datebox.css HTTP/1.1" 304 -
222.70.183.62 - - [05/Apr/2020:09:34:58 +0800] "GET /xingrg/javascript/easyui/themes/icon.css HTTP/1.1" 304 -
222.70.183.62 - - [05/Apr/2020:09:34:58 +0800] "GET /xingrg/javascript/auto/jquery.autocomplete.css HTTP/1.1" 304 -
222.70.183.62 - - [05/Apr/2020:09:34:58 +0800] "GET /xingrg/javascript/jquery_tools/fix.css HTTP/1.1" 304 -
222.70.183.62 - - [05/Apr/2020:09:34:58 +0800] "GET /xingrg/javascript/jquery_tools/table.css HTTP/1.1" 304 -
222.70.183.62 - - [05/Apr/2020:09:34:58 +0800] "GET /xingrg/javascript/jquery_tools/jquery.tools.min.js HTTP/1.1" 304 -
222.70.183.62 - - [05/Apr/2020:09:34:58 +0800] "GET /xingrg/javascript/jquery_tools/jquery.tools.extend.js HTTP/1.1" 304 -
222.70.183.62 - - [05/Apr/2020:09:34:58 +0800] "GET /xingrg/javascript/jquery_tools/jquery.tools.hotkey.js HTTP/1.1" 304 -
222.70.183.62 - - [05/Apr/2020:09:34:58 +0800] "GET /xingrg/javascript/jquery_tools/list_manager.js HTTP/1.1" 304 -
222.70.183.62 - - [05/Apr/2020:09:34:58 +0800] "GET /xingrg/javascript/jquery_tools/jquery.tools.table.js HTTP/1.1" 304 -
222.70.183.62 - - [05/Apr/2020:09:34:58 +0800] "GET /xingrg/kc/buy/cgsh_order_list.html HTTP/1.1" 200 42354
222.70.183.62 - - [05/Apr/2020:09:34:58 +0800] "GET /xingrg/javascript/easyui/easyloader.js HTTP/1.1" 304 -
222.70.183.62 - - [05/Apr/2020:09:34:58 +0800] "GET /xingrg/javascript/jquery.cookie.js HTTP/1.1" 304 -
222.70.183.62 - - [05/Apr/2020:09:34:58 +0800] "GET /xingrg/javascript/auto/jquery.autocomplete.js HTTP/1.1" 304 -
222.70.183.62 - - [05/Apr/2020:09:34:58 +0800] "GET /xingrg/javascript/print/LodopFuncs.js HTTP/1.1" 304 -
117.131.5.26 - - [05/Apr/2020:09:34:59 +0800] "GET /xingrg/all/function/internal_message.html?_=1586050753378&CODE_STATE=getMsg HTTP/1.1" 200 27
222.70.183.62 - - [05/Apr/2020:09:35:00 +0800] "GET /xingrg/javascript/easyui/themes/icons/edit_add_new.png HTTP/1.1" 304 -
222.70.183.62 - - [05/Apr/2020:09:35:00 +0800] "GET /xingrg/javascript/easyui/themes/icons/cance_new.png HTTP/1.1" 304 -
222.70.183.62 - - [05/Apr/2020:09:35:00 +0800] "GET /xingrg/javascript/easyui/themes/icons/check_new.png HTTP/1.1" 304 -
222.70.183.62 - - [05/Apr/2020:09:35:00 +0800] "GET /xingrg/javascript/easyui/themes/icons/field_new.png HTTP/1.1" 304 -
222.70.183.62 - - [05/Apr/2020:09:35:00 +0800] "GET /xingrg/javascript/easyui/themes/icons/import_new.png HTTP/1.1" 304 -
222.70.183.62 - - [05/Apr/2020:09:35:00 +0800] "GET /xingrg/javascript/jquery_easy_ui/themes/icons/area.png HTTP/1.1" 304 -
222.70.183.62 - - [05/Apr/2020:09:35:00 +0800] "GET /xingrg/javascript/jquery_easy_ui/themes/icons/rest.png HTTP/1.1" 304 -
222.70.183.62 - - [05/Apr/2020:09:35:00 +0800] "GET /xingrg/javascript/easyui/plugins/jquery.parser.js HTTP/1.1" 304 -
222.70.183.62 - - [05/Apr/2020:09:35:00 +0800] "GET /xingrg/images/control/ajaxLoader.gif HTTP/1.1" 304 -
222.70.183.62 - - [05/Apr/2020:09:35:00 +0800] "POST /xingrg/kc/buy/cgsh_list_operate.html HTTP/1.1" 200 876
222.70.183.62 - - [05/Apr/2020:09:35:02 +0800] "GET /xingrg/javascript/easyui/themes/default/images/button_plain_hover.png HTTP/1.1" 304 -
222.70.183.62 - - [05/Apr/2020:09:35:03 +0800] "GET /xingrg/kc/buy/cgsh_order_add.html HTTP/1.1" 200 57963
222.70.183.62 - - [05/Apr/2020:09:35:03 +0800] "GET /xingrg/javascript/jquery_tools/order_manager.js HTTP/1.1" 304 -
222.70.183.62 - - [05/Apr/2020:09:35:03 +0800] "GET /xingrg/javascript/json2.js HTTP/1.1" 304 -
222.70.183.62 - - [05/Apr/2020:09:35:03 +0800] "GET /xingrg/javascript/convert.js HTTP/1.1" 304 -
222.70.183.62 - - [05/Apr/2020:09:35:03 +0800] "GET /xingrg/javascript/print/kc_print.js HTTP/1.1" 304 -
222.70.183.62 - - [05/Apr/2020:09:35:03 +0800] "GET /xingrg/words/20200402112410_words.js HTTP/1.1" 304 -
222.70.183.62 - - [05/Apr/2020:09:35:03 +0800] "GET /xingrg/javascript/easyui/themes/icons/copy_new.png HTTP/1.1" 304 -
222.70.183.62 - - [05/Apr/2020:09:35:03 +0800] "GET /xingrg/javascript/easyui/themes/icons/template_new.png HTTP/1.1" 304 -
222.70.183.62 - - [05/Apr/2020:09:35:03 +0800] "GET /xingrg/javascript/easyui/themes/icons/ok.png HTTP/1.1" 304 -
222.70.183.62 - - [05/Apr/2020:09:35:03 +0800] "GET /xingrg/javascript/easyui/themes/default/images/menu_downarrow.png HTTP/1.1" 304 -
222.70.183.62 - - [05/Apr/2020:09:35:03 +0800] "GET /xingrg/javascript/easyui/themes/icons/print.png HTTP/1.1" 304 -
222.70.183.62 - - [05/Apr/2020:09:35:03 +0800] "GET /xingrg/javascript/easyui/themes/icons/cancel.png HTTP/1.1" 304 -
222.70.183.62 - - [05/Apr/2020:09:35:03 +0800] "POST /xingrg/kc/buy/cgsh_order_operate.html HTTP/1.1" 200 8245
222.70.183.62 - - [05/Apr/2020:09:35:03 +0800] "GET /xingrg/javascript/easyui/themes/icons/edit_remove.png HTTP/1.1" 304 -
222.70.183.62 - - [05/Apr/2020:09:35:03 +0800] "GET /xingrg/all/common/auto_word.html?type=employee&rest_code=00111 HTTP/1.1" 200 205
222.70.183.62 - - [05/Apr/2020:09:35:03 +0800] "GET /xingrg/all/common/auto_word.html?type=employee&rest_code=00111 HTTP/1.1" 200 205
222.70.183.62 - - [05/Apr/2020:09:35:03 +0800] "GET /xingrg/javascript/easyui/themes/default/validatebox.css HTTP/1.1" 404 1104
222.70.183.62 - - [05/Apr/2020:09:35:03 +0800] "GET /xingrg/javascript/easyui/plugins/jquery.validatebox.js HTTP/1.1" 304 -
222.70.183.62 - - [05/Apr/2020:09:35:03 +0800] "GET /xingrg/javascript/easyui/plugins/jquery.numberbox.js HTTP/1.1" 304 -
222.70.183.62 - - [05/Apr/2020:09:35:04 +0800] "GET /xingrg/javascript/auto/indicator.gif HTTP/1.1" 404 1066
114.88.159.93 - - [05/Apr/2020:09:35:06 +0800] "GET /xingrg/all/function/internal_message.html?_=1586050501475&CODE_STATE=getMsg HTTP/1.1" 200 27
116.235.222.53 - - [05/Apr/2020:09:35:07 +0800] "GET /xingrg/all/function/internal_message.html?_=1586050502992&CODE_STATE=getMsg HTTP/1.1" 200 27
172.17.0.128 - - [05/Apr/2020:09:35:09 +0800] "GET /favicon.ico HTTP/1.1" 404 -
114.84.33.255 - - [05/Apr/2020:09:35:12 +0800] "POST /xingrg/kc/buy/cgsh_order_operate.html HTTP/1.1" 200 37
222.70.183.62 - - [05/Apr/2020:09:35:13 +0800] "GET /xingrg/javascript/jquery_tools/images/prev.gif HTTP/1.1" 404 1086
222.70.183.62 - - [05/Apr/2020:09:35:13 +0800] "GET /xingrg/javascript/jquery_tools/images/next.gif HTTP/1.1" 404 1086
114.84.33.255 - - [05/Apr/2020:09:35:13 +0800] "POST /xingrg/kc/buy/cgsh_order_operate.html HTTP/1.1" 200 2659
114.84.33.255 - - [05/Apr/2020:09:35:23 +0800] "GET /xingrg/check_reg.html?_=1586050520056 HTTP/1.1" 200 22
172.17.0.112 - - [05/Apr/2020:09:35:23 +0800] "GET /xingrg/all/function/internal_message.html?_=1586050520489&CODE_STATE=getMsg HTTP/1.1" 302 -
114.84.33.255 - - [05/Apr/2020:09:35:26 +0800] "GET /xingrg/all/function/internal_message.html?_=1586050523105&CODE_STATE=getMsg HTTP/1.1" 200 27
222.70.183.62 - - [05/Apr/2020:09:35:29 +0800] "GET /xingrg/kc/buy/cgsh_order_operate.html?command=get_materiel&rest_code=00111&code=00101006161&supplier_code=00100037&order_time=2020-04-05 HTTP/1.1" 200 409
172.17.0.112 - - [05/Apr/2020:09:35:30 +0800] "GET /xingrg/all/function/internal_message.html?_=1586050527303&CODE_STATE=getMsg HTTP/1.1" 302 -
117.185.32.26 - - [05/Apr/2020:09:35:41 +0800] "GET /xingrg/check_reg.html?_=1586050941262 HTTP/1.1" 200 22
117.185.32.26 - - [05/Apr/2020:09:35:41 +0800] "GET /xingrg/all/function/internal_message.html?_=1586050941263&CODE_STATE=getMsg HTTP/1.1" 200 27
180.156.150.85 - - [05/Apr/2020:09:35:43 +0800] "GET /xingrg/all/function/internal_message.html?_=1586050538955&CODE_STATE=getMsg HTTP/1.1" 200 27
117.131.5.26 - - [05/Apr/2020:09:35:45 +0800] "GET /xingrg/all/function/internal_message.html?_=1586050545252&CODE_STATE=getMsg HTTP/1.1" 200 27
172.17.0.185 - - [05/Apr/2020:09:35:48 +0800] "GET /xingrg/all/function/internal_message.html?_=1586050543035&CODE_STATE=getMsg HTTP/1.1" 200 27
120.253.135.82 - - [05/Apr/2020:09:35:49 +0800] "GET /xingrg/all/function/internal_message.html?_=1586050616948&CODE_STATE=getMsg HTTP/1.1" 200 27
222.70.183.62 - - [05/Apr/2020:09:35:53 +0800] "GET /xingrg/all/function/internal_message.html?_=1586050549297&CODE_STATE=getMsg HTTP/1.1" 200 27
222.70.183.62 - - [05/Apr/2020:09:35:53 +0800] "GET /xingrg/kc/buy/cgsh_order_operate.html?command=get_materiel&rest_code=00111&code=00101020153&supplier_code=00100037&order_time=2020-04-05 HTTP/1.1" 200 408
120.253.135.82 - - [05/Apr/2020:09:35:55 +0800] "GET /xingrg/all/function/internal_message.html?_=1586050299411&CODE_STATE=getMsg HTTP/1.1" 200 27
117.131.5.26 - - [05/Apr/2020:09:35:59 +0800] "GET /xingrg/all/function/internal_message.html?_=1586050813391&CODE_STATE=getMsg HTTP/1.1" 200 27
114.88.159.93 - - [05/Apr/2020:09:36:06 +0800] "GET /xingrg/check_reg.html?_=1586050561473 HTTP/1.1" 200 22
114.88.159.93 - - [05/Apr/2020:09:36:06 +0800] "GET /xingrg/all/function/internal_message.html?_=1586050561475&CODE_STATE=getMsg HTTP/1.1" 200 27
116.235.222.53 - - [05/Apr/2020:09:36:07 +0800] "GET /xingrg/all/function/internal_message.html?_=1586050562977&CODE_STATE=getMsg HTTP/1.1" 200 27
222.70.183.62 - - [05/Apr/2020:09:36:11 +0800] "GET /xingrg/kc/buy/cgsh_order_operate.html?command=get_materiel&rest_code=00111&code=00101012005&supplier_code=00100037&order_time=2020-04-05 HTTP/1.1" 200 413
172.17.0.112 - - [05/Apr/2020:09:36:23 +0800] "GET /xingrg/all/function/internal_message.html?_=1586050580536&CODE_STATE=getMsg HTTP/1.1" 302 -
114.84.33.255 - - [05/Apr/2020:09:36:26 +0800] "GET /xingrg/all/function/internal_message.html?_=1586050583119&CODE_STATE=getMsg HTTP/1.1" 200 27
222.70.183.62 - - [05/Apr/2020:09:36:28 +0800] "GET /xingrg/kc/buy/cgsh_order_operate.html?command=get_materiel&rest_code=00111&code=00101007061&supplier_code=00100037&order_time=2020-04-05 HTTP/1.1" 200 409
172.17.0.112 - - [05/Apr/2020:09:36:30 +0800] "GET /xingrg/all/function/internal_message.html?_=1586050587320&CODE_STATE=getMsg HTTP/1.1" 302 -
117.185.32.26 - - [05/Apr/2020:09:36:41 +0800] "GET /xingrg/all/function/internal_message.html?_=1586051001261&CODE_STATE=getMsg HTTP/1.1" 200 27
180.156.150.85 - - [05/Apr/2020:09:36:43 +0800] "GET /xingrg/all/function/internal_message.html?_=1586050598942&CODE_STATE=getMsg HTTP/1.1" 200 27
117.131.5.26 - - [05/Apr/2020:09:36:44 +0800] "GET /xingrg/all/function/internal_message.html?_=1586050605268&CODE_STATE=getMsg HTTP/1.1" 200 27
172.17.0.185 - - [05/Apr/2020:09:36:48 +0800] "GET /xingrg/all/function/internal_message.html?_=1586050603039&CODE_STATE=getMsg HTTP/1.1" 200 27
120.253.135.82 - - [05/Apr/2020:09:36:49 +0800] "GET /xingrg/all/function/internal_message.html?_=1586050676960&CODE_STATE=getMsg HTTP/1.1" 200 27
172.17.0.106 - - [05/Apr/2020:09:36:50 +0800] "GET /xingrg/login.html HTTP/1.1" 200 7636
222.70.183.62 - - [05/Apr/2020:09:36:50 +0800] "GET /xingrg/kc/buy/cgsh_order_operate.html?command=get_materiel&rest_code=00111&code=00101006055&supplier_code=00100037&order_time=2020-04-05 HTTP/1.1" 200 409
222.70.183.62 - - [05/Apr/2020:09:36:53 +0800] "GET /xingrg/all/function/internal_message.html?_=1586050609326&CODE_STATE=getMsg HTTP/1.1" 200 27
120.253.135.82 - - [05/Apr/2020:09:36:55 +0800] "GET /xingrg/all/function/internal_message.html?_=1586050359437&CODE_STATE=getMsg HTTP/1.1" 200 27
172.17.0.106 - - [05/Apr/2020:09:36:58 +0800] "GET /xingrg/images/blue/login_bg.png HTTP/1.1" 304 -
172.17.0.106 - - [05/Apr/2020:09:36:58 +0800] "GET /xingrg/images/blue/hj.png HTTP/1.1" 304 -
172.17.0.106 - - [05/Apr/2020:09:36:58 +0800] "GET /xingrg/images/blue/srbg.png HTTP/1.1" 304 -
222.70.183.62 - - [05/Apr/2020:09:36:58 +0800] "GET /xingrg/kc/buy/cgsh_order_operate.html?command=get_materiel&rest_code=00111&code=00101006144&supplier_code=00100037&order_time=2020-04-05 HTTP/1.1" 200 409
117.131.5.26 - - [05/Apr/2020:09:36:59 +0800] "GET /xingrg/all/function/internal_message.html?_=1586050873417&CODE_STATE=getMsg HTTP/1.1" 200 27
172.17.0.106 - - [05/Apr/2020:09:37:01 +0800] "GET /favicon.ico HTTP/1.1" 404 -
114.88.159.93 - - [05/Apr/2020:09:37:06 +0800] "GET /xingrg/all/function/internal_message.html?_=1586050621473&CODE_STATE=getMsg HTTP/1.1" 200 27
116.235.222.53 - - [05/Apr/2020:09:37:07 +0800] "GET /xingrg/check_reg.html?_=1586050622556 HTTP/1.1" 200 22
116.235.222.53 - - [05/Apr/2020:09:37:07 +0800] "GET /xingrg/all/function/internal_message.html?_=1586050622956&CODE_STATE=getMsg HTTP/1.1" 200 27
172.17.0.106 - - [05/Apr/2020:09:37:10 +0800] "POST /xingrg/login.do HTTP/1.1" 302 -
172.17.0.106 - - [05/Apr/2020:09:37:10 +0800] "GET /xingrg/index.html?sysBaseUrl=http%3A%2F%2F172.17.0.8%3A18081%2Fxingrg%2F&costTime=37×tamp=1586050630728 HTTP/1.1" 200 17448
172.17.0.106 - - [05/Apr/2020:09:37:10 +0800] "POST /xingrg/login.do HTTP/1.1" 302 -
172.17.0.106 - - [05/Apr/2020:09:37:10 +0800] "GET /xingrg/index.html?sysBaseUrl=http%3A%2F%2F172.17.0.8%3A18081%2Fxingrg%2F&costTime=38×tamp=1586050630820 HTTP/1.1" 200 17448
172.17.0.106 - - [05/Apr/2020:09:37:11 +0800] "POST /xingrg/all/common/load_tree.html?tree=area_rest_tree_json&manage=1 HTTP/1.1" 200 3088
172.17.0.106 - - [05/Apr/2020:09:37:11 +0800] "GET /xingrg/all/function/internal_message.html?_=1586050631307&CODE_STATE=count HTTP/1.1" 200 11
172.17.0.106 - - [05/Apr/2020:09:37:11 +0800] "GET /xingrg/check_reg.html?_=1586050631308 HTTP/1.1" 200 22
172.17.0.106 - - [05/Apr/2020:09:37:11 +0800] "GET /favicon.ico HTTP/1.1" 404 -
172.17.0.106 - - [05/Apr/2020:09:37:11 +0800] "POST /xingrg/load_menu.html HTTP/1.1" 200 11529
172.17.0.106 - - [05/Apr/2020:09:37:11 +0800] "GET /xingrg/javascript/jquery_easy_ui/themes/default/images/tree_arrows.gif HTTP/1.1" 304 -
172.17.0.106 - - [05/Apr/2020:09:37:11 +0800] "GET /xingrg/javascript/jquery_easy_ui/themes/default/images/tree_folder_open.gif HTTP/1.1" 304 -
172.17.0.106 - - [05/Apr/2020:09:37:11 +0800] "GET /xingrg/javascript/jquery_easy_ui/themes/icons/search_new.png HTTP/1.1" 304 -
172.17.0.106 - - [05/Apr/2020:09:37:11 +0800] "GET /xingrg/javascript/jquery_easy_ui/themes/icons/delivery_new.png HTTP/1.1" 304 -
172.17.0.106 - - [05/Apr/2020:09:37:11 +0800] "GET /xingrg/javascript/jquery_easy_ui/themes/icons/storage_new.png HTTP/1.1" 304 -
172.17.0.106 - - [05/Apr/2020:09:37:11 +0800] "GET /xingrg/javascript/jquery_easy_ui/themes/icons/checkout_new.png HTTP/1.1" 304 -
172.17.0.106 - - [05/Apr/2020:09:37:11 +0800] "GET /xingrg/javascript/jquery_easy_ui/themes/icons/forms_new.png HTTP/1.1" 304 -
172.17.0.106 - - [05/Apr/2020:09:37:11 +0800] "GET /xingrg/javascript/jquery_easy_ui/themes/icons/setting_new.png HTTP/1.1" 304 -
172.17.0.106 - - [05/Apr/2020:09:37:11 +0800] "GET /xingrg/javascript/jquery_easy_ui/themes/icons/systemset_new.png HTTP/1.1" 304 -
172.17.0.106 - - [05/Apr/2020:09:37:11 +0800] "GET /xingrg/javascript/jquery_easy_ui/themes/default/images/tree_file.gif HTTP/1.1" 304 -
172.17.0.106 - - [05/Apr/2020:09:37:11 +0800] "GET /xingrg/javascript/jquery_easy_ui/themes/default/images/tree_folder.gif HTTP/1.1" 304 -
172.17.0.106 - - [05/Apr/2020:09:37:11 +0800] "GET /xingrg/javascript/jquery_easy_ui/themes/icons/area.png HTTP/1.1" 304 -
172.17.0.106 - - [05/Apr/2020:09:37:11 +0800] "GET /xingrg/javascript/jquery_easy_ui/themes/icons/manage.png HTTP/1.1" 304 -
172.17.0.106 - - [05/Apr/2020:09:37:11 +0800] "GET /xingrg/javascript/jquery_easy_ui/themes/icons/rest.png HTTP/1.1" 304 -
61.129.8.179 - - [05/Apr/2020:09:37:19 +0800] "GET /xingrg/all/function/internal_message.html?_=1586050561475&CODE_STATE=getMsg HTTP/1.1" 302 -
61.129.8.179 - - [05/Apr/2020:09:37:21 +0800] "GET /xingrg/login.html HTTP/1.1" 200 7641
172.17.0.112 - - [05/Apr/2020:09:37:23 +0800] "GET /xingrg/all/function/internal_message.html?_=1586050640547&CODE_STATE=getMsg HTTP/1.1" 302 -
114.84.33.255 - - [05/Apr/2020:09:37:26 +0800] "GET /xingrg/all/function/internal_message.html?_=1586050643132&CODE_STATE=getMsg HTTP/1.1" 200 27
172.17.0.112 - - [05/Apr/2020:09:37:30 +0800] "GET /xingrg/all/function/internal_message.html?_=1586050647361&CODE_STATE=getMsg HTTP/1.1" 302 -
172.17.0.112 - - [05/Apr/2020:09:37:36 +0800] "GET /xingrg/check_reg.html?_=1586050653154 HTTP/1.1" 302 -
114.84.33.255 - - [05/Apr/2020:09:37:40 +0800] "POST /xingrg/kc/buy/cgsh_order_operate.html HTTP/1.1" 200 37
114.84.33.255 - - [05/Apr/2020:09:37:41 +0800] "POST /xingrg/kc/buy/cgsh_order_operate.html HTTP/1.1" 200 2657
117.185.32.26 - - [05/Apr/2020:09:37:41 +0800] "GET /xingrg/all/function/internal_message.html?_=1586051061260&CODE_STATE=getMsg HTTP/1.1" 200 27
114.84.33.255 - - [05/Apr/2020:09:37:42 +0800] "GET /xingrg/kc/buy/cgsh_order_add.html HTTP/1.1" 200 57975
114.84.33.255 - - [05/Apr/2020:09:37:42 +0800] "POST /xingrg/kc/buy/cgsh_order_operate.html HTTP/1.1" 200 8245
114.84.33.255 - - [05/Apr/2020:09:37:42 +0800] "GET /xingrg/javascript/easyui/themes/default/validatebox.css HTTP/1.1" 404 1104
180.156.150.85 - - [05/Apr/2020:09:37:43 +0800] "GET /xingrg/all/function/internal_message.html?_=1586050658946&CODE_STATE=getMsg HTTP/1.1" 200 27
180.156.150.85 - - [05/Apr/2020:09:37:43 +0800] "GET /xingrg/check_reg.html?_=1586050658950 HTTP/1.1" 200 22
117.131.5.26 - - [05/Apr/2020:09:37:44 +0800] "GET /xingrg/all/function/internal_message.html?_=1586050665268&CODE_STATE=getMsg HTTP/1.1" 200 27
172.17.0.185 - - [05/Apr/2020:09:37:48 +0800] "GET /xingrg/all/function/internal_message.html?_=1586050663027&CODE_STATE=getMsg HTTP/1.1" 200 27
120.253.135.82 - - [05/Apr/2020:09:37:49 +0800] "GET /xingrg/all/function/internal_message.html?_=1586050736988&CODE_STATE=getMsg HTTP/1.1" 200 27
222.70.183.62 - - [05/Apr/2020:09:37:53 +0800] "GET /xingrg/all/function/internal_message.html?_=1586050669373&CODE_STATE=getMsg HTTP/1.1" 200 27
120.253.135.82 - - [05/Apr/2020:09:37:55 +0800] "GET /xingrg/all/function/internal_message.html?_=1586050419455&CODE_STATE=getMsg HTTP/1.1" 200 27
117.131.5.26 - - [05/Apr/2020:09:37:59 +0800] "GET /xingrg/all/function/internal_message.html?_=1586050933434&CODE_STATE=getMsg HTTP/1.1" 200 27
114.84.33.255 - - [05/Apr/2020:09:38:02 +0800] "GET /xingrg/kc/buy/cgsh_order_operate.html?command=get_materiel&rest_code=00146&code=00101003047&supplier_code=00100094&order_time=2020-04-05 HTTP/1.1" 200 407
114.88.159.93 - - [05/Apr/2020:09:38:06 +0800] "GET /xingrg/all/function/internal_message.html?_=1586050681499&CODE_STATE=getMsg HTTP/1.1" 200 27
116.235.222.53 - - [05/Apr/2020:09:38:07 +0800] "GET /xingrg/all/function/internal_message.html?_=1586050682946&CODE_STATE=getMsg HTTP/1.1" 200 27
114.84.33.255 - - [05/Apr/2020:09:38:09 +0800] "GET /xingrg/kc/buy/cgsh_order_operate.html?command=get_materiel&rest_code=00146&code=00101003040&supplier_code=00100094&order_time=2020-04-05 HTTP/1.1" 200 414
61.151.207.186 - - [05/Apr/2020:09:38:10 +0800] "GET /xingrg/all/function/internal_message.html?_=1586050621473&CODE_STATE=getMsg HTTP/1.1" 302 -
172.17.0.106 - - [05/Apr/2020:09:38:11 +0800] "GET /xingrg/all/function/internal_message.html?_=1586050691325&CODE_STATE=getMsg HTTP/1.1" 200 27
61.151.207.186 - - [05/Apr/2020:09:38:13 +0800] "GET /xingrg/login.html HTTP/1.1" 200 7641
172.17.0.112 - - [05/Apr/2020:09:38:23 +0800] "GET /xingrg/all/function/internal_message.html?_=1586050700593&CODE_STATE=getMsg HTTP/1.1" 302 -
114.84.33.255 - - [05/Apr/2020:09:38:26 +0800] "GET /xingrg/all/function/internal_message.html?_=1586050703146&CODE_STATE=getMsg HTTP/1.1" 200 27
172.17.0.112 - - [05/Apr/2020:09:38:30 +0800] "GET /xingrg/all/function/internal_message.html?_=1586050707399&CODE_STATE=getMsg HTTP/1.1" 302 -
117.185.32.26 - - [05/Apr/2020:09:38:41 +0800] "GET /xingrg/all/function/internal_message.html?_=1586051121260&CODE_STATE=getMsg HTTP/1.1" 200 27
180.156.150.85 - - [05/Apr/2020:09:38:43 +0800] "GET /xingrg/all/function/internal_message.html?_=1586050718950&CODE_STATE=getMsg HTTP/1.1" 200 27
117.131.5.26 - - [05/Apr/2020:09:38:44 +0800] "GET /xingrg/all/function/internal_message.html?_=1586050725284&CODE_STATE=getMsg HTTP/1.1" 200 27
172.17.0.185 - - [05/Apr/2020:09:38:47 +0800] "GET /xingrg/check_reg.html?_=1586050723027 HTTP/1.1" 200 22
172.17.0.185 - - [05/Apr/2020:09:38:48 +0800] "GET /xingrg/all/function/internal_message.html?_=1586050723031&CODE_STATE=getMsg HTTP/1.1" 200 27
120.253.135.82 - - [05/Apr/2020:09:38:49 +0800] "GET /xingrg/all/function/internal_message.html?_=1586050797003&CODE_STATE=getMsg HTTP/1.1" 200 27
222.70.183.62 - - [05/Apr/2020:09:38:53 +0800] "GET /xingrg/all/function/internal_message.html?_=1586050729390&CODE_STATE=getMsg HTTP/1.1" 200 27
120.253.135.82 - - [05/Apr/2020:09:38:55 +0800] "GET /xingrg/all/function/internal_message.html?_=1586050479477&CODE_STATE=getMsg HTTP/1.1" 200 27
117.131.5.26 - - [05/Apr/2020:09:38:59 +0800] "GET /xingrg/all/function/internal_message.html?_=1586050993463&CODE_STATE=getMsg HTTP/1.1" 200 27
172.17.0.112 - - [05/Apr/2020:09:39:03 +0800] "GET /xingrg/check_reg.html?_=1586050740607 HTTP/1.1" 302 -
114.88.159.93 - - [05/Apr/2020:09:39:06 +0800] "GET /xingrg/all/function/internal_message.html?_=1586050741497&CODE_STATE=getMsg HTTP/1.1" 200 27
116.235.222.53 - - [05/Apr/2020:09:39:07 +0800] "GET /xingrg/all/function/internal_message.html?_=1586050742940&CODE_STATE=getMsg HTTP/1.1" 200 27
172.17.0.106 - - [05/Apr/2020:09:39:11 +0800] "GET /xingrg/all/function/internal_message.html?_=1586050746765&CODE_STATE=getMsg HTTP/1.1" 200 27
61.151.178.197 - - [05/Apr/2020:09:39:13 +0800] "GET /xingrg/all/function/internal_message.html?_=1586050681499&CODE_STATE=getMsg HTTP/1.1" 302 -
172.17.0.106 - - [05/Apr/2020:09:39:16 +0800] "GET /xingrg/javascript/jquery_easy_ui/themes/default/images/button_a_bg.gif HTTP/1.1" 304 -
172.17.0.106 - - [05/Apr/2020:09:39:16 +0800] "GET /xingrg/javascript/jquery_easy_ui/themes/default/images/button_span_bg.gif HTTP/1.1" 304 -
172.17.0.106 - - [05/Apr/2020:09:39:16 +0800] "GET /xingrg/javascript/jquery_easy_ui/themes/default/images/panel_title.png HTTP/1.1" 304 -
172.17.0.106 - - [05/Apr/2020:09:39:16 +0800] "GET /xingrg/javascript/jquery_easy_ui/themes/default/images/panel_tools.gif HTTP/1.1" 304 -
172.17.0.106 - - [05/Apr/2020:09:39:16 +0800] "GET /xingrg/javascript/jquery_easy_ui/themes/icons/ok.png HTTP/1.1" 304 -
172.17.0.106 - - [05/Apr/2020:09:39:18 +0800] "POST /xingrg/all/user/operate.html HTTP/1.1" 200 36
172.17.0.106 - - [05/Apr/2020:09:39:19 +0800] "GET /xingrg/index.html?sysBaseUrl=http%3A%2F%2F172.17.0.8%3A18081%2Fxingrg%2F&costTime=38×tamp=1586050630820 HTTP/1.1" 200 17454
172.17.0.106 - - [05/Apr/2020:09:39:19 +0800] "GET /xingrg/javascript/jquery_easy_ui/themes/default/easyui.css HTTP/1.1" 304 -
172.17.0.106 - - [05/Apr/2020:09:39:19 +0800] "GET /xingrg/javascript/jquery_easy_ui/themes/icon.css HTTP/1.1" 304 -
172.17.0.106 - - [05/Apr/2020:09:39:19 +0800] "GET /xingrg/css/form.css HTTP/1.1" 304 -
61.151.178.197 - - [05/Apr/2020:09:39:19 +0800] "GET /xingrg/login.html HTTP/1.1" 200 7641
172.17.0.106 - - [05/Apr/2020:09:39:19 +0800] "GET /xingrg/javascript/jquery-1.4.2.min.js HTTP/1.1" 304 -
172.17.0.106 - - [05/Apr/2020:09:39:19 +0800] "GET /xingrg/javascript/jquery_easy_ui/jquery.easyui.min.js HTTP/1.1" 304 -
172.17.0.106 - - [05/Apr/2020:09:39:20 +0800] "GET /xingrg/javascript/jquery_easy_ui/easyui-lang-zh_CN.js HTTP/1.1" 304 -
172.17.0.106 - - [05/Apr/2020:09:39:20 +0800] "GET /xingrg/javascript/jquery.form.js HTTP/1.1" 304 -
172.17.0.106 - - [05/Apr/2020:09:39:20 +0800] "GET /xingrg/javascript/jquery.utils.js HTTP/1.1" 304 -
172.17.0.106 - - [05/Apr/2020:09:39:20 +0800] "GET /xingrg/javascript/jquery.timers.js HTTP/1.1" 304 -
117.131.5.26 - - [05/Apr/2020:09:39:20 +0800] "GET /xingrg/check_reg.html?_=1586050760940 HTTP/1.1" 200 22
172.17.0.106 - - [05/Apr/2020:09:39:20 +0800] "GET /xingrg/images/blue/jxLogo.png HTTP/1.1" 304 -
172.17.0.106 - - [05/Apr/2020:09:39:20 +0800] "POST /xingrg/all/common/load_tree.html?tree=area_rest_tree_json&manage=1 HTTP/1.1" 200 3088
172.17.0.106 - - [05/Apr/2020:09:39:20 +0800] "GET /xingrg/all/function/internal_message.html?_=1586050755845&CODE_STATE=count HTTP/1.1" 200 11
172.17.0.106 - - [05/Apr/2020:09:39:20 +0800] "GET /xingrg/check_reg.html?_=1586050755846 HTTP/1.1" 200 22
172.17.0.106 - - [05/Apr/2020:09:39:20 +0800] "GET /xingrg/images/blue/pingpu.png HTTP/1.1" 304 -
172.17.0.106 - - [05/Apr/2020:09:39:20 +0800] "GET /xingrg/javascript/jquery_easy_ui/themes/default/images/panel_tool_expand.gif HTTP/1.1" 304 -
172.17.0.106 - - [05/Apr/2020:09:39:20 +0800] "GET /xingrg/javascript/jquery_easy_ui/themes/default/images/panel_tool_collapse.gif HTTP/1.1" 304 -
172.17.0.106 - - [05/Apr/2020:09:39:20 +0800] "GET /xingrg/javascript/jquery_easy_ui/themes/default/images/tabs_rightarrow.png HTTP/1.1" 304 -
172.17.0.106 - - [05/Apr/2020:09:39:20 +0800] "GET /xingrg/images/blue/navBackgound.jpg HTTP/1.1" 304 -
172.17.0.106 - - [05/Apr/2020:09:39:20 +0800] "GET /xingrg/javascript/jquery_easy_ui/themes/icons/settle_new.png HTTP/1.1" 304 -
172.17.0.106 - - [05/Apr/2020:09:39:20 +0800] "GET /xingrg/javascript/jquery_easy_ui/themes/default/images/tabs_leftarrow.png HTTP/1.1" 304 -
172.17.0.106 - - [05/Apr/2020:09:39:21 +0800] "POST /xingrg/load_menu.html HTTP/1.1" 200 9924
172.17.0.112 - - [05/Apr/2020:09:39:23 +0800] "GET /xingrg/all/function/internal_message.html?_=1586050760606&CODE_STATE=getMsg HTTP/1.1" 302 -
172.17.0.106 - - [05/Apr/2020:09:39:24 +0800] "GET /xingrg/kc/buy/cgsh_order_list.html HTTP/1.1" 200 42595
172.17.0.106 - - [05/Apr/2020:09:39:24 +0800] "GET /xingrg/javascript/jquery_easy_ui/themes/default/images/tabs_close.gif HTTP/1.1" 304 -
172.17.0.106 - - [05/Apr/2020:09:39:24 +0800] "GET /xingrg/css/base.css HTTP/1.1" 304 -
172.17.0.106 - - [05/Apr/2020:09:39:24 +0800] "GET /xingrg/css/site.css HTTP/1.1" 304 -
172.17.0.106 - - [05/Apr/2020:09:39:24 +0800] "GET /xingrg/javascript/jquery_tools/datebox.css HTTP/1.1" 304 -
172.17.0.106 - - [05/Apr/2020:09:39:25 +0800] "GET /xingrg/javascript/easyui/themes/default/easyui.css HTTP/1.1" 304 -
172.17.0.106 - - [05/Apr/2020:09:39:25 +0800] "GET /xingrg/javascript/easyui/themes/icon.css HTTP/1.1" 304 -
172.17.0.106 - - [05/Apr/2020:09:39:25 +0800] "GET /xingrg/javascript/auto/jquery.autocomplete.css HTTP/1.1" 304 -
172.17.0.106 - - [05/Apr/2020:09:39:25 +0800] "GET /xingrg/javascript/jquery_tools/jquery.tools.min.js HTTP/1.1" 304 -
172.17.0.106 - - [05/Apr/2020:09:39:25 +0800] "GET /xingrg/javascript/jquery_tools/jquery.tools.extend.js HTTP/1.1" 304 -
172.17.0.106 - - [05/Apr/2020:09:39:25 +0800] "GET /xingrg/javascript/jquery_tools/jquery.tools.hotkey.js HTTP/1.1" 304 -
172.17.0.106 - - [05/Apr/2020:09:39:25 +0800] "GET /xingrg/javascript/auto/jquery.autocomplete.js HTTP/1.1" 304 -
172.17.0.106 - - [05/Apr/2020:09:39:25 +0800] "GET /xingrg/javascript/easyui/easyloader.js HTTP/1.1" 304 -
172.17.0.106 - - [05/Apr/2020:09:39:25 +0800] "GET /xingrg/javascript/print/LodopFuncs.js HTTP/1.1" 304 -
114.84.33.255 - - [05/Apr/2020:09:39:26 +0800] "GET /xingrg/all/function/internal_message.html?_=1586050763159&CODE_STATE=getMsg HTTP/1.1" 200 27
117.131.5.26 - - [05/Apr/2020:09:39:29 +0800] "GET /xingrg/check_reg.html?_=1586050769705 HTTP/1.1" 200 22
172.17.0.106 - - [05/Apr/2020:09:39:30 +0800] "GET /xingrg/javascript/easyui/themes/icons/uncheck_new.png HTTP/1.1" 304 -
172.17.0.106 - - [05/Apr/2020:09:39:30 +0800] "GET /xingrg/javascript/easyui/themes/icons/edit_add_new.png HTTP/1.1" 304 -
172.17.0.112 - - [05/Apr/2020:09:39:30 +0800] "GET /xingrg/all/function/internal_message.html?_=1586050767408&CODE_STATE=getMsg HTTP/1.1" 302 -
172.17.0.106 - - [05/Apr/2020:09:39:31 +0800] "GET /xingrg/javascript/easyui/plugins/jquery.parser.js HTTP/1.1" 304 -
172.17.0.106 - - [05/Apr/2020:09:39:31 +0800] "POST /xingrg/kc/buy/cgsh_list_operate.html HTTP/1.1" 200 876
172.17.0.106 - - [05/Apr/2020:09:39:38 +0800] "POST /xingrg/kc/buy/cgsh_list_operate.html HTTP/1.1" 200 5764
114.84.33.255 - - [05/Apr/2020:09:39:41 +0800] "POST /xingrg/kc/buy/cgsh_order_operate.html HTTP/1.1" 200 37
172.17.0.106 - - [05/Apr/2020:09:39:41 +0800] "POST /xingrg/kc/buy/cgsh_list_operate.html HTTP/1.1" 200 201
117.185.32.26 - - [05/Apr/2020:09:39:41 +0800] "GET /xingrg/all/function/internal_message.html?_=1586051181259&CODE_STATE=getMsg HTTP/1.1" 200 27
114.84.33.255 - - [05/Apr/2020:09:39:42 +0800] "POST /xingrg/kc/buy/cgsh_order_operate.html HTTP/1.1" 200 2670
172.17.0.106 - - [05/Apr/2020:09:39:43 +0800] "POST /xingrg/kc/buy/cgsh_list_operate.html HTTP/1.1" 200 417
180.156.150.85 - - [05/Apr/2020:09:39:43 +0800] "GET /xingrg/all/function/internal_message.html?_=1586050778954&CODE_STATE=getMsg HTTP/1.1" 200 27
117.131.5.26 - - [05/Apr/2020:09:39:44 +0800] "GET /xingrg/all/function/internal_message.html?_=1586050785284&CODE_STATE=getMsg HTTP/1.1" 200 27
117.131.5.26 - - [05/Apr/2020:09:39:46 +0800] "GET /xingrg/check_reg.html?_=1586051040113 HTTP/1.1" 200 22
172.17.0.185 - - [05/Apr/2020:09:39:48 +0800] "GET /xingrg/all/function/internal_message.html?_=1586050783033&CODE_STATE=getMsg HTTP/1.1" 200 27
120.253.135.82 - - [05/Apr/2020:09:39:48 +0800] "GET /xingrg/check_reg.html?_=1586050855712 HTTP/1.1" 200 22
120.253.135.82 - - [05/Apr/2020:09:39:49 +0800] "GET /xingrg/all/function/internal_message.html?_=1586050857015&CODE_STATE=getMsg HTTP/1.1" 200 27
120.253.135.82 - - [05/Apr/2020:09:39:50 +0800] "GET /xingrg/check_reg.html?_=1586050534496 HTTP/1.1" 200 22
172.17.0.106 - - [05/Apr/2020:09:39:52 +0800] "GET /xingrg/javascript/easyui/themes/default/images/button_plain_hover.png HTTP/1.1" 304 -
222.70.183.62 - - [05/Apr/2020:09:39:53 +0800] "GET /xingrg/check_reg.html?_=1586050789329 HTTP/1.1" 200 22
222.70.183.62 - - [05/Apr/2020:09:39:53 +0800] "GET /xingrg/all/function/internal_message.html?_=1586050789407&CODE_STATE=getMsg HTTP/1.1" 200 27
120.253.135.82 - - [05/Apr/2020:09:39:55 +0800] "GET /xingrg/all/function/internal_message.html?_=1586050539496&CODE_STATE=getMsg HTTP/1.1" 200 27
172.17.0.106 - - [05/Apr/2020:09:39:55 +0800] "POST /xingrg/kc/buy/cgsh_list_operate.html HTTP/1.1" 200 4
172.17.0.106 - - [05/Apr/2020:09:39:58 +0800] "POST /xingrg/kc/buy/cgsh_list_operate.html HTTP/1.1" 200 5765
117.131.5.26 - - [05/Apr/2020:09:39:59 +0800] "GET /xingrg/all/function/internal_message.html?_=1586051053477&CODE_STATE=getMsg HTTP/1.1" 200 27
114.84.33.255 - - [05/Apr/2020:09:40:02 +0800] "GET /xingrg/kc/buy/cgsh_order_add.html HTTP/1.1" 200 57975
114.84.33.255 - - [05/Apr/2020:09:40:02 +0800] "POST /xingrg/kc/buy/cgsh_order_operate.html HTTP/1.1" 200 8245
114.84.33.255 - - [05/Apr/2020:09:40:02 +0800] "GET /xingrg/javascript/easyui/themes/default/validatebox.css HTTP/1.1" 404 1104
114.88.159.93 - - [05/Apr/2020:09:40:06 +0800] "GET /xingrg/all/function/internal_message.html?_=1586050801497&CODE_STATE=getMsg HTTP/1.1" 200 27
61.129.7.235 - - [05/Apr/2020:09:40:07 +0800] "GET /xingrg/all/function/internal_message.html?_=1586050741497&CODE_STATE=getMsg HTTP/1.1" 302 -
116.235.222.53 - - [05/Apr/2020:09:40:07 +0800] "GET /xingrg/all/function/internal_message.html?_=1586050802934&CODE_STATE=getMsg HTTP/1.1" 200 27
61.129.7.235 - - [05/Apr/2020:09:40:07 +0800] "GET /xingrg/login.html HTTP/1.1" 200 7641
114.84.33.255 - - [05/Apr/2020:09:40:19 +0800] "GET /xingrg/kc/buy/cgsh_order_operate.html?command=get_materiel&rest_code=00146&code=00102002167&supplier_code=00100347&order_time=2020-04-05 HTTP/1.1" 200 409
172.17.0.106 - - [05/Apr/2020:09:40:20 +0800] "GET /xingrg/all/function/internal_message.html?_=1586050815850&CODE_STATE=getMsg HTTP/1.1" 200 27
114.84.33.255 - - [05/Apr/2020:09:40:23 +0800] "GET /xingrg/check_reg.html?_=1586050820057 HTTP/1.1" 200 22
172.17.0.112 - - [05/Apr/2020:09:40:24 +0800] "GET /xingrg/all/function/internal_message.html?_=1586050820654&CODE_STATE=getMsg HTTP/1.1" 302 -
114.84.33.255 - - [05/Apr/2020:09:40:26 +0800] "GET /xingrg/all/function/internal_message.html?_=1586050823203&CODE_STATE=getMsg HTTP/1.1" 200 27
114.84.33.255 - - [05/Apr/2020:09:40:27 +0800] "POST /xingrg/kc/buy/cgsh_order_operate.html HTTP/1.1" 200 37
114.84.33.255 - - [05/Apr/2020:09:40:28 +0800] "POST /xingrg/kc/buy/cgsh_order_operate.html HTTP/1.1" 200 2652
172.17.0.112 - - [05/Apr/2020:09:40:30 +0800] "GET /xingrg/all/function/internal_message.html?_=1586050827451&CODE_STATE=getMsg HTTP/1.1" 302 -
117.185.32.26 - - [05/Apr/2020:09:40:41 +0800] "GET /xingrg/all/function/internal_message.html?_=1586051241258&CODE_STATE=getMsg HTTP/1.1" 200 27
117.185.32.26 - - [05/Apr/2020:09:40:41 +0800] "GET /xingrg/check_reg.html?_=1586051241260 HTTP/1.1" 200 22
180.156.150.85 - - [05/Apr/2020:09:40:43 +0800] "GET /xingrg/all/function/internal_message.html?_=1586050838955&CODE_STATE=getMsg HTTP/1.1" 200 27
114.84.33.255 - - [05/Apr/2020:09:40:44 +0800] "GET /xingrg/kc/buy/cgsh_order_operate.html?command=get_materiel&rest_code=00146&code=00101001127&supplier_code=00100347&order_time=2020-04-05 HTTP/1.1" 200 431
117.131.5.26 - - [05/Apr/2020:09:40:44 +0800] "GET /xingrg/all/function/internal_message.html?_=1586050845284&CODE_STATE=getMsg HTTP/1.1" 200 27
172.17.0.185 - - [05/Apr/2020:09:40:47 +0800] "GET /xingrg/all/function/internal_message.html?_=1586050843024&CODE_STATE=getMsg HTTP/1.1" 200 27
120.253.135.82 - - [05/Apr/2020:09:40:49 +0800] "GET /xingrg/all/function/internal_message.html?_=1586050917030&CODE_STATE=getMsg HTTP/1.1" 200 27
222.70.183.62 - - [05/Apr/2020:09:40:53 +0800] "GET /xingrg/all/function/internal_message.html?_=1586050849425&CODE_STATE=getMsg HTTP/1.1" 200 27
120.253.135.82 - - [05/Apr/2020:09:40:55 +0800] "GET /xingrg/all/function/internal_message.html?_=1586050599510&CODE_STATE=getMsg HTTP/1.1" 200 27
114.84.33.255 - - [05/Apr/2020:09:40:57 +0800] "POST /xingrg/kc/buy/cgsh_order_operate.html HTTP/1.1" 200 37
114.84.33.255 - - [05/Apr/2020:09:40:58 +0800] "POST /xingrg/kc/buy/cgsh_order_operate.html HTTP/1.1" 200 3261
117.131.5.26 - - [05/Apr/2020:09:40:59 +0800] "GET /xingrg/all/function/internal_message.html?_=1586051113491&CODE_STATE=getMsg HTTP/1.1" 200 27
114.88.159.93 - - [05/Apr/2020:09:41:06 +0800] "GET /xingrg/check_reg.html?_=1586050861496 HTTP/1.1" 200 22
114.88.159.93 - - [05/Apr/2020:09:41:06 +0800] "GET /xingrg/all/function/internal_message.html?_=1586050861495&CODE_STATE=getMsg HTTP/1.1" 200 27
116.235.222.53 - - [05/Apr/2020:09:41:07 +0800] "GET /xingrg/all/function/internal_message.html?_=1586050862934&CODE_STATE=getMsg HTTP/1.1" 200 27
114.84.33.255 - - [05/Apr/2020:09:41:09 +0800] "GET /xingrg/kc/buy/cgsh_order_add.html HTTP/1.1" 200 57975
114.84.33.255 - - [05/Apr/2020:09:41:09 +0800] "POST /xingrg/kc/buy/cgsh_order_operate.html HTTP/1.1" 200 8245
114.84.33.255 - - [05/Apr/2020:09:41:09 +0800] "GET /xingrg/javascript/easyui/themes/default/validatebox.css HTTP/1.1" 404 1104
61.129.6.251 - - [05/Apr/2020:09:41:09 +0800] "GET /xingrg/all/function/internal_message.html?_=1586050801497&CODE_STATE=getMsg HTTP/1.1" 302 -
61.129.6.251 - - [05/Apr/2020:09:41:13 +0800] "GET /xingrg/login.html HTTP/1.1" 200 7641
172.17.0.106 - - [05/Apr/2020:09:41:20 +0800] "GET /xingrg/all/function/internal_message.html?_=1586050875850&CODE_STATE=getMsg HTTP/1.1" 200 27
114.84.33.255 - - [05/Apr/2020:09:41:23 +0800] "GET /xingrg/kc/buy/cgsh_order_operate.html?command=get_materiel&rest_code=00146&code=00101008351&supplier_code=00100005&order_time=2020-04-05 HTTP/1.1" 200 408
172.17.0.112 - - [05/Apr/2020:09:41:24 +0800] "GET /xingrg/all/function/internal_message.html?_=1586050880664&CODE_STATE=getMsg HTTP/1.1" 302 -
114.84.33.255 - - [05/Apr/2020:09:41:26 +0800] "GET /xingrg/all/function/internal_message.html?_=1586050883218&CODE_STATE=getMsg HTTP/1.1" 200 27
172.17.0.112 - - [05/Apr/2020:09:41:30 +0800] "GET /xingrg/all/function/internal_message.html?_=1586050887466&CODE_STATE=getMsg HTTP/1.1" 302 -
222.69.139.198 - - [05/Apr/2020:09:41:32 +0800] "GET /xingrg/login.html HTTP/1.1" 200 7641
222.69.139.198 - - [05/Apr/2020:09:41:32 +0800] "GET /favicon.ico HTTP/1.1" 404 -
114.84.33.255 - - [05/Apr/2020:09:41:34 +0800] "GET /xingrg/kc/buy/cgsh_order_operate.html?command=get_materiel&rest_code=00146&code=00101008361&supplier_code=00100005&order_time=2020-04-05 HTTP/1.1" 200 408
222.69.139.198 - - [05/Apr/2020:09:41:39 +0800] "POST /xingrg/login.do HTTP/1.1" 302 -
222.69.139.198 - - [05/Apr/2020:09:41:39 +0800] "GET /xingrg/index.html?sysBaseUrl=http%3A%2F%2F180.169.147.146%3A18081%2Fxingrg%2F&costTime=49×tamp=1586050899272 HTTP/1.1" 200 17179
222.69.139.198 - - [05/Apr/2020:09:41:39 +0800] "GET /favicon.ico HTTP/1.1" 404 -
222.69.139.198 - - [05/Apr/2020:09:41:39 +0800] "POST /xingrg/all/common/load_tree.html?tree=area_rest_tree_json&manage=1 HTTP/1.1" 200 351
222.69.139.198 - - [05/Apr/2020:09:41:39 +0800] "GET /xingrg/all/function/internal_message.html?_=1586050894899&CODE_STATE=count HTTP/1.1" 200 11
222.69.139.198 - - [05/Apr/2020:09:41:39 +0800] "GET /xingrg/check_reg.html?_=1586050894900 HTTP/1.1" 200 22
222.69.139.198 - - [05/Apr/2020:09:41:39 +0800] "POST /xingrg/load_menu.html HTTP/1.1" 200 5138
117.185.32.26 - - [05/Apr/2020:09:41:41 +0800] "GET /xingrg/all/function/internal_message.html?_=1586051301288&CODE_STATE=getMsg HTTP/1.1" 200 27
222.69.139.198 - - [05/Apr/2020:09:41:42 +0800] "GET /xingrg/kc/buy/cgsh_order_list.html HTTP/1.1" 200 42360
180.156.150.85 - - [05/Apr/2020:09:41:43 +0800] "GET /xingrg/all/function/internal_message.html?_=1586050898944&CODE_STATE=getMsg HTTP/1.1" 200 27
222.69.139.198 - - [05/Apr/2020:09:41:44 +0800] "POST /xingrg/kc/buy/cgsh_list_operate.html HTTP/1.1" 200 876
117.131.5.26 - - [05/Apr/2020:09:41:44 +0800] "GET /xingrg/all/function/internal_message.html?_=1586050905299&CODE_STATE=getMsg HTTP/1.1" 200 27
222.69.139.198 - - [05/Apr/2020:09:41:46 +0800] "GET /xingrg/kc/buy/cgsh_order_add.html HTTP/1.1" 200 57975
222.69.139.198 - - [05/Apr/2020:09:41:46 +0800] "GET /xingrg/words/20200402112410_words.js HTTP/1.1" 304 -
114.84.33.255 - - [05/Apr/2020:09:41:46 +0800] "GET /xingrg/kc/buy/cgsh_order_operate.html?command=get_materiel&rest_code=00146&code=00101008355&supplier_code=00100005&order_time=2020-04-05 HTTP/1.1" 200 408
222.69.139.198 - - [05/Apr/2020:09:41:46 +0800] "POST /xingrg/kc/buy/cgsh_order_operate.html HTTP/1.1" 200 8245
222.69.139.198 - - [05/Apr/2020:09:41:46 +0800] "GET /xingrg/all/common/auto_word.html?type=employee&rest_code=00149 HTTP/1.1" 200 197
222.69.139.198 - - [05/Apr/2020:09:41:46 +0800] "GET /xingrg/all/common/auto_word.html?type=employee&rest_code=00149 HTTP/1.1" 200 197
222.69.139.198 - - [05/Apr/2020:09:41:46 +0800] "GET /xingrg/javascript/easyui/themes/default/validatebox.css HTTP/1.1" 404 1104
172.17.0.185 - - [05/Apr/2020:09:41:48 +0800] "GET /xingrg/all/function/internal_message.html?_=1586050903028&CODE_STATE=getMsg HTTP/1.1" 200 27
120.253.135.82 - - [05/Apr/2020:09:41:49 +0800] "GET /xingrg/all/function/internal_message.html?_=1586050977043&CODE_STATE=getMsg HTTP/1.1" 200 27
222.70.183.62 - - [05/Apr/2020:09:41:53 +0800] "GET /xingrg/all/function/internal_message.html?_=1586050909438&CODE_STATE=getMsg HTTP/1.1" 200 27
114.84.33.255 - - [05/Apr/2020:09:41:53 +0800] "GET /xingrg/kc/buy/cgsh_order_operate.html?command=get_materiel&rest_code=00146&code=00101008212&supplier_code=00100005&order_time=2020-04-05 HTTP/1.1" 200 412
120.253.135.82 - - [05/Apr/2020:09:41:55 +0800] "GET /xingrg/all/function/internal_message.html?_=1586050659528&CODE_STATE=getMsg HTTP/1.1" 200 27
222.69.139.198 - - [05/Apr/2020:09:41:56 +0800] "GET /xingrg/javascript/jquery_tools/images/prev.gif HTTP/1.1" 404 1086
222.69.139.198 - - [05/Apr/2020:09:41:56 +0800] "GET /xingrg/javascript/jquery_tools/images/next.gif HTTP/1.1" 404 1086
117.131.5.26 - - [05/Apr/2020:09:41:59 +0800] "GET /xingrg/all/function/internal_message.html?_=1586051173514&CODE_STATE=getMsg HTTP/1.1" 200 27
222.69.139.198 - - [05/Apr/2020:09:42:05 +0800] "GET /xingrg/javascript/auto/indicator.gif HTTP/1.1" 404 1066
114.88.159.93 - - [05/Apr/2020:09:42:06 +0800] "GET /xingrg/all/function/internal_message.html?_=1586050921495&CODE_STATE=getMsg HTTP/1.1" 200 27
61.151.178.197 - - [05/Apr/2020:09:42:07 +0800] "GET /xingrg/check_reg.html?_=1586050861496 HTTP/1.1" 302 -
116.235.222.53 - - [05/Apr/2020:09:42:07 +0800] "GET /xingrg/check_reg.html?_=1586050922552 HTTP/1.1" 200 22
116.235.222.53 - - [05/Apr/2020:09:42:07 +0800] "GET /xingrg/all/function/internal_message.html?_=1586050922913&CODE_STATE=getMsg HTTP/1.1" 200 27
61.151.178.197 - - [05/Apr/2020:09:42:08 +0800] "GET /xingrg/login.html HTTP/1.1" 200 7641
114.84.33.255 - - [05/Apr/2020:09:42:09 +0800] "GET /xingrg/kc/buy/cgsh_order_operate.html?command=get_materiel&rest_code=00146&code=00101008270&supplier_code=00100005&order_time=2020-04-05 HTTP/1.1" 200 412
180.97.118.223 - - [05/Apr/2020:09:42:09 +0800] "GET /xingrg/all/function/internal_message.html?_=1586050861495&CODE_STATE=getMsg HTTP/1.1" 302 -
180.97.118.223 - - [05/Apr/2020:09:42:11 +0800] "GET /xingrg/login.html HTTP/1.1" 200 7641
222.69.139.198 - - [05/Apr/2020:09:42:15 +0800] "GET /xingrg/kc/buy/cgsh_order_operate.html?command=get_materiel&rest_code=00149&code=00101008175&supplier_code=00100005&order_time=2020-04-05 HTTP/1.1" 200 412
114.84.33.255 - - [05/Apr/2020:09:42:17 +0800] "GET /xingrg/kc/buy/cgsh_order_operate.html?command=get_materiel&rest_code=00146&code=00101008332&supplier_code=00100005&order_time=2020-04-05 HTTP/1.1" 200 412
172.17.0.106 - - [05/Apr/2020:09:42:20 +0800] "GET /xingrg/all/function/internal_message.html?_=1586050935853&CODE_STATE=getMsg HTTP/1.1" 200 27
172.17.0.112 - - [05/Apr/2020:09:42:24 +0800] "GET /xingrg/all/function/internal_message.html?_=1586050940708&CODE_STATE=getMsg HTTP/1.1" 302 -
114.84.33.255 - - [05/Apr/2020:09:42:26 +0800] "GET /xingrg/all/function/internal_message.html?_=1586050943231&CODE_STATE=getMsg HTTP/1.1" 200 27
114.84.33.255 - - [05/Apr/2020:09:42:27 +0800] "GET /xingrg/kc/buy/cgsh_order_operate.html?command=get_materiel&rest_code=00146&code=00101008017&supplier_code=00100005&order_time=2020-04-05 HTTP/1.1" 200 416
172.17.0.112 - - [05/Apr/2020:09:42:30 +0800] "GET /xingrg/all/function/internal_message.html?_=1586050947506&CODE_STATE=getMsg HTTP/1.1" 302 -
114.84.33.255 - - [05/Apr/2020:09:42:35 +0800] "GET /xingrg/kc/buy/cgsh_order_operate.html?command=get_materiel&rest_code=00146&code=00101008286&supplier_code=00100005&order_time=2020-04-05 HTTP/1.1" 200 408
172.17.0.112 - - [05/Apr/2020:09:42:36 +0800] "GET /xingrg/check_reg.html?_=1586050953158 HTTP/1.1" 302 -
222.69.139.198 - - [05/Apr/2020:09:42:39 +0800] "GET /xingrg/all/function/internal_message.html?_=1586050954910&CODE_STATE=getMsg HTTP/1.1" 200 27
117.185.32.26 - - [05/Apr/2020:09:42:41 +0800] "GET /xingrg/all/function/internal_message.html?_=1586051361287&CODE_STATE=getMsg HTTP/1.1" 200 27
180.156.150.85 - - [05/Apr/2020:09:42:43 +0800] "GET /xingrg/all/function/internal_message.html?_=1586050958943&CODE_STATE=getMsg HTTP/1.1" 200 27
180.156.150.85 - - [05/Apr/2020:09:42:43 +0800] "GET /xingrg/check_reg.html?_=1586050958947 HTTP/1.1" 200 22
114.84.33.255 - - [05/Apr/2020:09:42:44 +0800] "GET /xingrg/kc/buy/cgsh_order_operate.html?command=get_materiel&rest_code=00146&code=00101008006&supplier_code=00100005&order_time=2020-04-05 HTTP/1.1" 200 416
117.131.5.26 - - [05/Apr/2020:09:42:44 +0800] "GET /xingrg/all/function/internal_message.html?_=1586050965330&CODE_STATE=getMsg HTTP/1.1" 200 27
172.17.0.185 - - [05/Apr/2020:09:42:48 +0800] "GET /xingrg/all/function/internal_message.html?_=1586050963034&CODE_STATE=getMsg HTTP/1.1" 200 27
120.253.135.82 - - [05/Apr/2020:09:42:49 +0800] "GET /xingrg/all/function/internal_message.html?_=1586051037071&CODE_STATE=getMsg HTTP/1.1" 200 27
222.70.183.62 - - [05/Apr/2020:09:42:53 +0800] "GET /xingrg/all/function/internal_message.html?_=1586050969485&CODE_STATE=getMsg HTTP/1.1" 200 27
120.253.135.82 - - [05/Apr/2020:09:42:55 +0800] "GET /xingrg/all/function/internal_message.html?_=1586050719537&CODE_STATE=getMsg HTTP/1.1" 200 27
117.131.5.26 - - [05/Apr/2020:09:42:59 +0800] "GET /xingrg/all/function/internal_message.html?_=1586051233517&CODE_STATE=getMsg HTTP/1.1" 200 27
222.69.139.198 - - [05/Apr/2020:09:42:59 +0800] "GET /xingrg/kc/buy/cgsh_order_operate.html?command=get_materiel&rest_code=00149&code=00101008244&supplier_code=00100005&order_time=2020-04-05 HTTP/1.1" 200 408
114.88.159.93 - - [05/Apr/2020:09:43:06 +0800] "GET /xingrg/all/function/internal_message.html?_=1586050981494&CODE_STATE=getMsg HTTP/1.1" 200 27
114.84.33.255 - - [05/Apr/2020:09:43:07 +0800] "GET /xingrg/kc/buy/cgsh_order_operate.html?command=get_materiel&rest_code=00146&code=00101008131&supplier_code=00100005&order_time=2020-04-05 HTTP/1.1" 200 408
116.235.222.53 - - [05/Apr/2020:09:43:07 +0800] "GET /xingrg/all/function/internal_message.html?_=1586050982903&CODE_STATE=getMsg HTTP/1.1" 200 27
222.69.139.198 - - [05/Apr/2020:09:43:10 +0800] "GET /xingrg/kc/buy/cgsh_order_operate.html?command=get_materiel&rest_code=00149&code=00101008185&supplier_code=00100005&order_time=2020-04-05 HTTP/1.1" 200 408
101.89.29.97 - - [05/Apr/2020:09:43:14 +0800] "GET /xingrg/all/function/internal_message.html?_=1586050921495&CODE_STATE=getMsg HTTP/1.1" 302 -
101.89.29.97 - - [05/Apr/2020:09:43:15 +0800] "GET /xingrg/login.html HTTP/1.1" 200 7641
172.17.0.106 - - [05/Apr/2020:09:43:20 +0800] "GET /xingrg/all/function/internal_message.html?_=1586050995855&CODE_STATE=getMsg HTTP/1.1" 200 27
172.17.0.112 - - [05/Apr/2020:09:43:24 +0800] "GET /xingrg/all/function/internal_message.html?_=1586051000722&CODE_STATE=getMsg HTTP/1.1" 302 -
222.69.139.198 - - [05/Apr/2020:09:43:24 +0800] "GET /xingrg/kc/buy/cgsh_order_operate.html?command=get_materiel&rest_code=00149&code=00101008358&supplier_code=00100005&order_time=2020-04-05 HTTP/1.1" 200 412
114.84.33.255 - - [05/Apr/2020:09:43:26 +0800] "GET /xingrg/all/function/internal_message.html?_=1586051003245&CODE_STATE=getMsg HTTP/1.1" 200 27
114.84.33.255 - - [05/Apr/2020:09:43:28 +0800] "GET /xingrg/kc/buy/cgsh_order_operate.html?command=get_materiel&rest_code=00146&code=00101008042&supplier_code=00100005&order_time=2020-04-05 HTTP/1.1" 200 416
172.17.0.112 - - [05/Apr/2020:09:43:30 +0800] "GET /xingrg/all/function/internal_message.html?_=1586051007531&CODE_STATE=getMsg HTTP/1.1" 302 -
222.69.139.198 - - [05/Apr/2020:09:43:34 +0800] "GET /xingrg/kc/buy/cgsh_order_operate.html?command=get_materiel&rest_code=00149&code=00101008201&supplier_code=00100005&order_time=2020-04-05 HTTP/1.1" 200 412
222.69.139.198 - - [05/Apr/2020:09:43:39 +0800] "GET /xingrg/all/function/internal_message.html?_=1586051014914&CODE_STATE=getMsg HTTP/1.1" 200 27
117.185.32.26 - - [05/Apr/2020:09:43:41 +0800] "GET /xingrg/all/function/internal_message.html?_=1586051421286&CODE_STATE=getMsg HTTP/1.1" 200 27
