116.224.247.222 - - [05/Apr/2020:11:09:06 +0800] "GET /xingrg/kc/print/load_data.html?order_code=212020040500903&kc_code=cgsh&condition= HTTP/1.1" 200 1421
61.151.207.158 - - [05/Apr/2020:11:09:07 +0800] "GET /xingrg/all/function/internal_message.html?_=1586056081637&CODE_STATE=getMsg HTTP/1.1" 302 -
172.17.0.106 - - [05/Apr/2020:11:09:08 +0800] "GET /xingrg/check_reg.html?_=1586056144352 HTTP/1.1" 200 22
172.17.0.106 - - [05/Apr/2020:11:09:08 +0800] "GET /xingrg/all/function/internal_message.html?_=1586056144355&CODE_STATE=getMsg HTTP/1.1" 200 27
61.151.207.158 - - [05/Apr/2020:11:09:13 +0800] "GET /xingrg/login.html HTTP/1.1" 200 7641
116.235.222.53 - - [05/Apr/2020:11:09:13 +0800] "GET /xingrg/all/function/internal_message.html?_=1586056149194&CODE_STATE=getMsg HTTP/1.1" 200 27
172.17.0.112 - - [05/Apr/2020:11:09:25 +0800] "GET /xingrg/all/function/internal_message.html?_=1586056162701&CODE_STATE=getMsg HTTP/1.1" 302 -
114.84.33.255 - - [05/Apr/2020:11:09:31 +0800] "GET /xingrg/all/function/internal_message.html?_=1586056168376&CODE_STATE=getMsg HTTP/1.1" 200 27
172.17.0.112 - - [05/Apr/2020:11:09:32 +0800] "GET /xingrg/all/function/internal_message.html?_=1586056169643&CODE_STATE=getMsg HTTP/1.1" 302 -
101.91.62.99 - - [05/Apr/2020:11:09:37 +0800] "GET /xingrg/all/function/internal_message.html?_=1586056021638&CODE_STATE=getMsg HTTP/1.1" 302 -
114.86.226.127 - - [05/Apr/2020:11:09:37 +0800] "GET /xingrg/all/function/internal_message.html?_=1586056196062&CODE_STATE=getMsg HTTP/1.1" 200 27
120.253.135.82 - - [05/Apr/2020:11:09:41 +0800] "GET /xingrg/all/function/internal_message.html?_=1586055925445&CODE_STATE=getMsg HTTP/1.1" 200 27
180.162.232.172 - - [05/Apr/2020:11:09:42 +0800] "GET /xingrg/all/function/internal_message.html?_=1586056304488&CODE_STATE=getMsg HTTP/1.1" 200 27
117.185.32.26 - - [05/Apr/2020:11:09:42 +0800] "GET /xingrg/all/function/internal_message.html?_=1586056581698&CODE_STATE=getMsg HTTP/1.1" 200 27
180.156.150.85 - - [05/Apr/2020:11:09:43 +0800] "GET /xingrg/all/function/internal_message.html?_=1586056179039&CODE_STATE=getMsg HTTP/1.1" 200 27
116.224.247.222 - - [05/Apr/2020:11:09:44 +0800] "GET /favicon.ico HTTP/1.1" 404 -
116.224.247.222 - - [05/Apr/2020:11:09:44 +0800] "GET /favicon.ico HTTP/1.1" 404 -
116.224.247.222 - - [05/Apr/2020:11:09:45 +0800] "GET /favicon.ico HTTP/1.1" 404 -
116.224.247.222 - - [05/Apr/2020:11:09:46 +0800] "GET /favicon.ico HTTP/1.1" 404 -
101.91.62.99 - - [05/Apr/2020:11:09:46 +0800] "GET /xingrg/login.html HTTP/1.1" 200 7641
116.224.247.222 - - [05/Apr/2020:11:09:46 +0800] "GET /favicon.ico HTTP/1.1" 404 -
116.224.247.222 - - [05/Apr/2020:11:09:47 +0800] "GET /favicon.ico HTTP/1.1" 404 -
222.69.139.198 - - [05/Apr/2020:11:09:47 +0800] "GET /xingrg/all/function/internal_message.html?_=1586056183343&CODE_STATE=getMsg HTTP/1.1" 200 27
222.69.139.198 - - [05/Apr/2020:11:09:47 +0800] "GET /xingrg/check_reg.html?_=1586056183346 HTTP/1.1" 200 22
116.224.247.222 - - [05/Apr/2020:11:09:48 +0800] "GET /favicon.ico HTTP/1.1" 404 -
172.17.0.185 - - [05/Apr/2020:11:09:48 +0800] "GET /xingrg/all/function/internal_message.html?_=1586056183028&CODE_STATE=getMsg HTTP/1.1" 200 27
114.88.159.93 - - [05/Apr/2020:11:09:48 +0800] "GET /xingrg/login.html HTTP/1.1" 200 7641
120.253.135.82 - - [05/Apr/2020:11:09:48 +0800] "GET /xingrg/check_reg.html?_=1586056255961 HTTP/1.1" 200 22
116.224.247.222 - - [05/Apr/2020:11:09:48 +0800] "GET /favicon.ico HTTP/1.1" 404 -
114.88.159.93 - - [05/Apr/2020:11:09:48 +0800] "GET /favicon.ico HTTP/1.1" 404 -
116.224.247.222 - - [05/Apr/2020:11:09:49 +0800] "GET /favicon.ico HTTP/1.1" 404 -
116.224.247.222 - - [05/Apr/2020:11:09:49 +0800] "GET /favicon.ico HTTP/1.1" 404 -
116.224.247.222 - - [05/Apr/2020:11:09:51 +0800] "GET /xingrg/login.html HTTP/1.1" 200 7641
116.224.247.222 - - [05/Apr/2020:11:09:51 +0800] "GET /xingrg/images/blue/jxLogo.png HTTP/1.1" 304 -
116.224.247.222 - - [05/Apr/2020:11:09:51 +0800] "GET /xingrg/images/blue/hj.png HTTP/1.1" 304 -
116.224.247.222 - - [05/Apr/2020:11:09:51 +0800] "GET /xingrg/images/blue/login_bg.png HTTP/1.1" 304 -
116.224.247.222 - - [05/Apr/2020:11:09:51 +0800] "GET /xingrg/images/blue/srbg.png HTTP/1.1" 304 -
116.224.247.222 - - [05/Apr/2020:11:09:51 +0800] "GET /favicon.ico HTTP/1.1" 404 -
222.70.183.62 - - [05/Apr/2020:11:09:54 +0800] "GET /xingrg/check_reg.html?_=1586056190895 HTTP/1.1" 200 22
222.70.183.62 - - [05/Apr/2020:11:09:56 +0800] "GET /xingrg/all/function/internal_message.html?_=1586056192182&CODE_STATE=getMsg HTTP/1.1" 200 27
114.88.159.93 - - [05/Apr/2020:11:09:56 +0800] "POST /xingrg/login.do HTTP/1.1" 200 2421
114.88.159.93 - - [05/Apr/2020:11:09:56 +0800] "GET /xingrg/css/blue.css HTTP/1.1" 200 15949
114.88.159.93 - - [05/Apr/2020:11:09:56 +0800] "GET /xingrg/images/blue/pic_top.gif HTTP/1.1" 200 3656
114.88.159.93 - - [05/Apr/2020:11:09:56 +0800] "GET /xingrg/images/blue/pic_notice.jpg HTTP/1.1" 200 3583
114.88.159.93 - - [05/Apr/2020:11:09:56 +0800] "GET /xingrg/javascript/myfunction.js HTTP/1.1" 200 24559
114.88.159.93 - - [05/Apr/2020:11:09:56 +0800] "GET /xingrg/images/blue/error_mid.gif HTTP/1.1" 200 215
114.88.159.93 - - [05/Apr/2020:11:09:56 +0800] "GET /xingrg/images/blue/error_top.gif HTTP/1.1" 200 1790
114.88.159.93 - - [05/Apr/2020:11:09:56 +0800] "GET /xingrg/images/blue/error_buttom.gif HTTP/1.1" 200 1750
114.88.159.93 - - [05/Apr/2020:11:09:56 +0800] "GET /favicon.ico HTTP/1.1" 404 -
120.253.135.82 - - [05/Apr/2020:11:09:57 +0800] "GET /xingrg/all/function/internal_message.html?_=1586056264900&CODE_STATE=getMsg HTTP/1.1" 200 27
180.162.232.172 - - [05/Apr/2020:11:09:58 +0800] "GET /xingrg/kc/mdqp/psth_order_list1.html HTTP/1.1" 200 17884
180.162.232.172 - - [05/Apr/2020:11:09:58 +0800] "GET /xingrg/javascript/easyui/themes/icons/uncheck_new.png HTTP/1.1" 304 -
180.162.232.172 - - [05/Apr/2020:11:09:58 +0800] "POST /xingrg/kc/mdqp/psth_list_operate.html HTTP/1.1" 200 749
114.88.159.93 - - [05/Apr/2020:11:09:58 +0800] "GET /xingrg/login.html HTTP/1.1" 200 7641
114.88.159.93 - - [05/Apr/2020:11:09:59 +0800] "GET /favicon.ico HTTP/1.1" 404 -
180.162.232.172 - - [05/Apr/2020:11:09:59 +0800] "GET /xingrg/kc/mdqp/pssh_order_list.html HTTP/1.1" 200 18128
180.162.232.172 - - [05/Apr/2020:11:09:59 +0800] "POST /xingrg/kc/mdqp/pssh_list_operate.html HTTP/1.1" 200 5459
180.162.232.172 - - [05/Apr/2020:11:10:01 +0800] "POST /xingrg/kc/mdqp/pssh_list_operate.html HTTP/1.1" 200 480
114.88.159.93 - - [05/Apr/2020:11:10:01 +0800] "POST /xingrg/login.do HTTP/1.1" 302 -
114.88.159.93 - - [05/Apr/2020:11:10:01 +0800] "GET /xingrg/index.html?sysBaseUrl=http%3A%2F%2F180.169.147.146%3A18081%2Fxingrg%2F&costTime=36×tamp=1586056201770 HTTP/1.1" 200 17419
114.88.159.93 - - [05/Apr/2020:11:10:01 +0800] "POST /xingrg/all/common/load_tree.html?tree=area_rest_tree_json&manage=1 HTTP/1.1" 200 3088
114.88.159.93 - - [05/Apr/2020:11:10:02 +0800] "GET /favicon.ico HTTP/1.1" 404 -
114.88.159.93 - - [05/Apr/2020:11:10:02 +0800] "GET /xingrg/check_reg.html?_=1586056197370 HTTP/1.1" 200 22
114.88.159.93 - - [05/Apr/2020:11:10:02 +0800] "GET /xingrg/all/function/internal_message.html?_=1586056197369&CODE_STATE=count HTTP/1.1" 200 11
114.88.159.93 - - [05/Apr/2020:11:10:02 +0800] "POST /xingrg/load_menu.html HTTP/1.1" 200 9959
180.162.232.172 - - [05/Apr/2020:11:10:02 +0800] "GET /xingrg/kc/mdqp/pssh_order_info.html?code=312020040500030 HTTP/1.1" 200 17281
180.162.232.172 - - [05/Apr/2020:11:10:02 +0800] "GET /xingrg/javascript/jquery_tools/jquery-1.4.2.min.js HTTP/1.1" 404 1094
180.162.232.172 - - [05/Apr/2020:11:10:02 +0800] "GET /xingrg/javascript/easyui/themes/icons/back_new.png HTTP/1.1" 304 -
180.162.232.172 - - [05/Apr/2020:11:10:02 +0800] "POST /xingrg/kc/mdqp/pssh_order_operate.html HTTP/1.1" 200 1619
180.162.232.172 - - [05/Apr/2020:11:10:02 +0800] "GET /xingrg/all/common/auto_word.html?type=base&rest_code=00150&rest_code=00150 HTTP/1.1" 200 2341
180.162.232.172 - - [05/Apr/2020:11:10:02 +0800] "GET /xingrg/javascript/easyui/themes/default/validatebox.css HTTP/1.1" 404 1104
114.88.159.93 - - [05/Apr/2020:11:10:04 +0800] "POST /xingrg/load_menu.html HTTP/1.1" 200 10168
180.162.232.172 - - [05/Apr/2020:11:10:04 +0800] "GET /xingrg/javascript/jquery_tools/images/prev.gif HTTP/1.1" 404 1086
180.162.232.172 - - [05/Apr/2020:11:10:04 +0800] "GET /xingrg/javascript/jquery_tools/images/next.gif HTTP/1.1" 404 1086
114.88.159.93 - - [05/Apr/2020:11:10:06 +0800] "GET /xingrg/all/function/internal_message.html?_=1586056201650&CODE_STATE=getMsg HTTP/1.1" 200 27
114.88.159.93 - - [05/Apr/2020:11:10:08 +0800] "GET /xingrg/dwr/util.js HTTP/1.1" 304 -
114.88.159.93 - - [05/Apr/2020:11:10:08 +0800] "GET /xingrg/dwr/interface/AjaxGetFirstChart.js HTTP/1.1" 200 631
114.88.159.93 - - [05/Apr/2020:11:10:08 +0800] "GET /xingrg/system/rest/list_page.html?p=menu HTTP/1.1" 200 110877
114.88.159.93 - - [05/Apr/2020:11:10:08 +0800] "GET /xingrg/dwr/engine.js HTTP/1.1" 200 43631
180.162.232.172 - - [05/Apr/2020:11:10:08 +0800] "GET /xingrg/css/images/panel_loading.gif HTTP/1.1" 304 -
180.162.232.172 - - [05/Apr/2020:11:10:08 +0800] "POST /xingrg/all/common/load_combo.html?type=employee HTTP/1.1" 200 365
114.88.159.93 - - [05/Apr/2020:11:10:08 +0800] "GET /xingrg/system/rest/query_items.html?_=1586056203938&table=menu&page=1&rows=20&categoryId=&key= HTTP/1.1" 200 4722
172.17.0.106 - - [05/Apr/2020:11:10:08 +0800] "GET /xingrg/all/function/internal_message.html?_=1586056204355&CODE_STATE=getMsg HTTP/1.1" 200 27
116.235.222.53 - - [05/Apr/2020:11:10:09 +0800] "GET /xingrg/login.html HTTP/1.1" 200 7641
116.235.222.53 - - [05/Apr/2020:11:10:09 +0800] "GET /favicon.ico HTTP/1.1" 404 -
116.235.222.53 - - [05/Apr/2020:11:10:10 +0800] "POST /xingrg/login.do HTTP/1.1" 302 -
116.235.222.53 - - [05/Apr/2020:11:10:10 +0800] "GET /xingrg/index.html?sysBaseUrl=http%3A%2F%2F180.169.147.146%3A18081%2Fxingrg%2F&costTime=36×tamp=1586056210921 HTTP/1.1" 200 17419
116.224.247.222 - - [05/Apr/2020:11:10:11 +0800] "GET /favicon.ico HTTP/1.1" 404 -
116.235.222.53 - - [05/Apr/2020:11:10:11 +0800] "GET /favicon.ico HTTP/1.1" 404 -
116.224.247.222 - - [05/Apr/2020:11:10:11 +0800] "GET /favicon.ico HTTP/1.1" 404 -
116.235.222.53 - - [05/Apr/2020:11:10:11 +0800] "POST /xingrg/all/common/load_tree.html?tree=area_rest_tree_json&manage=1 HTTP/1.1" 200 351
116.235.222.53 - - [05/Apr/2020:11:10:11 +0800] "GET /xingrg/all/function/internal_message.html?_=1586056207039&CODE_STATE=count HTTP/1.1" 200 11
116.235.222.53 - - [05/Apr/2020:11:10:11 +0800] "GET /xingrg/check_reg.html?_=1586056207040 HTTP/1.1" 200 22
116.235.222.53 - - [05/Apr/2020:11:10:12 +0800] "GET /favicon.ico HTTP/1.1" 404 -
116.235.222.53 - - [05/Apr/2020:11:10:12 +0800] "POST /xingrg/load_menu.html HTTP/1.1" 200 9959
116.224.247.222 - - [05/Apr/2020:11:10:12 +0800] "GET /favicon.ico HTTP/1.1" 404 -
180.162.232.172 - - [05/Apr/2020:11:10:12 +0800] "POST /xingrg/kc/mdqp/pssh_order_operate.html HTTP/1.1" 200 37
180.162.232.172 - - [05/Apr/2020:11:10:12 +0800] "POST /xingrg/kc/mdqp/pssh_order_operate.html HTTP/1.1" 200 104
116.224.247.222 - - [05/Apr/2020:11:10:12 +0800] "GET /favicon.ico HTTP/1.1" 404 -
116.224.247.222 - - [05/Apr/2020:11:10:13 +0800] "GET /favicon.ico HTTP/1.1" 404 -
116.235.222.53 - - [05/Apr/2020:11:10:13 +0800] "GET /xingrg/all/function/internal_message.html?_=1586056209178&CODE_STATE=getMsg HTTP/1.1" 200 27
116.224.247.222 - - [05/Apr/2020:11:10:14 +0800] "GET /favicon.ico HTTP/1.1" 404 -
116.235.222.53 - - [05/Apr/2020:11:10:14 +0800] "GET /xingrg/kc/main_page.html HTTP/1.1" 200 2725
116.235.222.53 - - [05/Apr/2020:11:10:14 +0800] "POST /xingrg/kc/main/get_notify_info.html HTTP/1.1" 200 112
116.235.222.53 - - [05/Apr/2020:11:10:14 +0800] "POST /xingrg/kc/main/get_notify_info.html HTTP/1.1" 200 1361
101.91.62.99 - - [05/Apr/2020:11:10:14 +0800] "GET /xingrg/all/function/internal_message.html?_=1586056141651&CODE_STATE=getMsg HTTP/1.1" 302 -
116.224.247.222 - - [05/Apr/2020:11:10:15 +0800] "GET /xingrg/login.html HTTP/1.1" 200 7641
116.235.222.53 - - [05/Apr/2020:11:10:15 +0800] "GET /xingrg/kc/main_page.html HTTP/1.1" 200 2725
116.224.247.222 - - [05/Apr/2020:11:10:15 +0800] "GET /xingrg/images/blue/jxLogo.png HTTP/1.1" 304 -
116.235.222.53 - - [05/Apr/2020:11:10:15 +0800] "POST /xingrg/kc/main/get_notify_info.html HTTP/1.1" 200 112
116.224.247.222 - - [05/Apr/2020:11:10:15 +0800] "GET /xingrg/images/blue/hj.png HTTP/1.1" 304 -
116.224.247.222 - - [05/Apr/2020:11:10:15 +0800] "GET /xingrg/images/blue/login_bg.png HTTP/1.1" 304 -
116.235.222.53 - - [05/Apr/2020:11:10:15 +0800] "POST /xingrg/kc/main/get_notify_info.html HTTP/1.1" 200 1361
116.224.247.222 - - [05/Apr/2020:11:10:15 +0800] "GET /xingrg/images/blue/srbg.png HTTP/1.1" 304 -
116.224.247.222 - - [05/Apr/2020:11:10:15 +0800] "GET /favicon.ico HTTP/1.1" 404 -
116.235.222.53 - - [05/Apr/2020:11:10:17 +0800] "POST /xingrg/load_menu.html HTTP/1.1" 200 10168
180.162.232.172 - - [05/Apr/2020:11:10:18 +0800] "GET /xingrg/kc/buy/cgsh_order_list.html HTTP/1.1" 200 42360
180.162.232.172 - - [05/Apr/2020:11:10:19 +0800] "POST /xingrg/kc/buy/cgsh_list_operate.html HTTP/1.1" 200 876
116.224.247.222 - - [05/Apr/2020:11:10:19 +0800] "POST /xingrg/login.do HTTP/1.1" 302 -
116.224.247.222 - - [05/Apr/2020:11:10:19 +0800] "GET /xingrg/index.html?sysBaseUrl=http%3A%2F%2F180.169.147.146%3A18081%2Fxingrg%2F&costTime=35×tamp=1586056219529 HTTP/1.1" 200 17173
116.224.247.222 - - [05/Apr/2020:11:10:19 +0800] "GET /xingrg/javascript/jquery_easy_ui/themes/icon.css HTTP/1.1" 304 -
116.224.247.222 - - [05/Apr/2020:11:10:19 +0800] "GET /xingrg/css/form.css HTTP/1.1" 304 -
116.224.247.222 - - [05/Apr/2020:11:10:19 +0800] "GET /xingrg/javascript/jquery_easy_ui/themes/default/easyui.css HTTP/1.1" 304 -
116.224.247.222 - - [05/Apr/2020:11:10:19 +0800] "GET /xingrg/javascript/jquery-1.4.2.min.js HTTP/1.1" 304 -
116.224.247.222 - - [05/Apr/2020:11:10:19 +0800] "GET /xingrg/javascript/jquery_easy_ui/easyui-lang-zh_CN.js HTTP/1.1" 304 -
116.224.247.222 - - [05/Apr/2020:11:10:19 +0800] "GET /xingrg/javascript/jquery.form.js HTTP/1.1" 304 -
116.224.247.222 - - [05/Apr/2020:11:10:19 +0800] "GET /xingrg/javascript/jquery_easy_ui/jquery.easyui.min.js HTTP/1.1" 304 -
116.224.247.222 - - [05/Apr/2020:11:10:19 +0800] "GET /xingrg/javascript/jquery.utils.js HTTP/1.1" 304 -
116.224.247.222 - - [05/Apr/2020:11:10:19 +0800] "GET /xingrg/javascript/jquery.timers.js HTTP/1.1" 304 -
116.224.247.222 - - [05/Apr/2020:11:10:19 +0800] "GET /xingrg/images/blue/navBackgound.jpg HTTP/1.1" 304 -
116.224.247.222 - - [05/Apr/2020:11:10:19 +0800] "GET /xingrg/javascript/jquery_easy_ui/themes/icons/settle_new.png HTTP/1.1" 304 -
101.91.62.99 - - [05/Apr/2020:11:10:19 +0800] "GET /xingrg/login.html HTTP/1.1" 200 7641
116.224.247.222 - - [05/Apr/2020:11:10:19 +0800] "GET /favicon.ico HTTP/1.1" 404 -
116.224.247.222 - - [05/Apr/2020:11:10:19 +0800] "GET /xingrg/javascript/jquery_easy_ui/themes/default/images/tabs_leftarrow.png HTTP/1.1" 304 -
116.224.247.222 - - [05/Apr/2020:11:10:19 +0800] "GET /xingrg/javascript/jquery_easy_ui/themes/default/images/tabs_rightarrow.png HTTP/1.1" 304 -
116.224.247.222 - - [05/Apr/2020:11:10:19 +0800] "GET /xingrg/images/blue/pingpu.png HTTP/1.1" 304 -
116.224.247.222 - - [05/Apr/2020:11:10:19 +0800] "POST /xingrg/all/common/load_tree.html?tree=area_rest_tree_json&manage=1 HTTP/1.1" 200 342
116.224.247.222 - - [05/Apr/2020:11:10:19 +0800] "GET /xingrg/javascript/jquery_easy_ui/themes/default/images/panel_tool_collapse.gif HTTP/1.1" 304 -
116.224.247.222 - - [05/Apr/2020:11:10:20 +0800] "GET /xingrg/check_reg.html?_=1586056398022 HTTP/1.1" 200 22
116.224.247.222 - - [05/Apr/2020:11:10:20 +0800] "GET /xingrg/all/function/internal_message.html?_=1586056398021&CODE_STATE=count HTTP/1.1" 200 11
116.224.247.222 - - [05/Apr/2020:11:10:20 +0800] "GET /xingrg/javascript/jquery_easy_ui/themes/default/images/tree_arrows.gif HTTP/1.1" 304 -
116.224.247.222 - - [05/Apr/2020:11:10:20 +0800] "POST /xingrg/load_menu.html HTTP/1.1" 200 5138
116.224.247.222 - - [05/Apr/2020:11:10:20 +0800] "GET /xingrg/javascript/jquery_easy_ui/themes/default/images/tree_folder_open.gif HTTP/1.1" 304 -
116.224.247.222 - - [05/Apr/2020:11:10:20 +0800] "GET /xingrg/javascript/jquery_easy_ui/themes/icons/search_new.png HTTP/1.1" 304 -
116.224.247.222 - - [05/Apr/2020:11:10:20 +0800] "GET /xingrg/javascript/jquery_easy_ui/themes/default/images/tree_folder.gif HTTP/1.1" 304 -
116.224.247.222 - - [05/Apr/2020:11:10:20 +0800] "GET /xingrg/javascript/jquery_easy_ui/themes/icons/storage_new.png HTTP/1.1" 304 -
116.224.247.222 - - [05/Apr/2020:11:10:20 +0800] "GET /xingrg/javascript/jquery_easy_ui/themes/icons/forms_new.png HTTP/1.1" 304 -
116.224.247.222 - - [05/Apr/2020:11:10:20 +0800] "GET /xingrg/javascript/jquery_easy_ui/themes/default/images/tree_file.gif HTTP/1.1" 304 -
116.224.247.222 - - [05/Apr/2020:11:10:23 +0800] "GET /xingrg/javascript/jquery_easy_ui/themes/default/images/tabs_close.gif HTTP/1.1" 304 -
116.224.247.222 - - [05/Apr/2020:11:10:23 +0800] "GET /xingrg/css/base.css HTTP/1.1" 304 -
116.224.247.222 - - [05/Apr/2020:11:10:23 +0800] "GET /xingrg/javascript/easyui/themes/default/easyui.css HTTP/1.1" 304 -
116.224.247.222 - - [05/Apr/2020:11:10:23 +0800] "GET /xingrg/javascript/auto/jquery.autocomplete.css HTTP/1.1" 304 -
116.224.247.222 - - [05/Apr/2020:11:10:23 +0800] "GET /xingrg/javascript/easyui/themes/icon.css HTTP/1.1" 304 -
116.224.247.222 - - [05/Apr/2020:11:10:23 +0800] "GET /xingrg/javascript/jquery_tools/fix.css HTTP/1.1" 304 -
116.224.247.222 - - [05/Apr/2020:11:10:23 +0800] "GET /xingrg/css/site.css HTTP/1.1" 304 -
116.224.247.222 - - [05/Apr/2020:11:10:23 +0800] "GET /xingrg/javascript/jquery_tools/datebox.css HTTP/1.1" 304 -
116.224.247.222 - - [05/Apr/2020:11:10:23 +0800] "GET /xingrg/javascript/jquery_tools/table.css HTTP/1.1" 304 -
116.224.247.222 - - [05/Apr/2020:11:10:23 +0800] "GET /xingrg/javascript/jquery_tools/jquery.tools.extend.js HTTP/1.1" 304 -
116.224.247.222 - - [05/Apr/2020:11:10:23 +0800] "GET /xingrg/kc/buy/cgsh_order_list.html HTTP/1.1" 200 42354
116.224.247.222 - - [05/Apr/2020:11:10:23 +0800] "GET /xingrg/javascript/jquery_tools/jquery.tools.min.js HTTP/1.1" 304 -
116.224.247.222 - - [05/Apr/2020:11:10:23 +0800] "GET /xingrg/javascript/jquery_tools/jquery.tools.hotkey.js HTTP/1.1" 304 -
116.224.247.222 - - [05/Apr/2020:11:10:23 +0800] "GET /xingrg/javascript/jquery_tools/jquery.tools.table.js HTTP/1.1" 304 -
116.224.247.222 - - [05/Apr/2020:11:10:23 +0800] "GET /xingrg/javascript/jquery_tools/list_manager.js HTTP/1.1" 304 -
116.224.247.222 - - [05/Apr/2020:11:10:23 +0800] "GET /xingrg/javascript/easyui/easyloader.js HTTP/1.1" 304 -
116.224.247.222 - - [05/Apr/2020:11:10:23 +0800] "GET /xingrg/javascript/auto/jquery.autocomplete.js HTTP/1.1" 304 -
116.224.247.222 - - [05/Apr/2020:11:10:23 +0800] "GET /xingrg/javascript/jquery.cookie.js HTTP/1.1" 304 -
116.224.247.222 - - [05/Apr/2020:11:10:23 +0800] "GET /xingrg/javascript/print/LodopFuncs.js HTTP/1.1" 304 -
116.224.247.222 - - [05/Apr/2020:11:10:24 +0800] "GET /xingrg/javascript/easyui/themes/icons/edit_add_new.png HTTP/1.1" 304 -
116.224.247.222 - - [05/Apr/2020:11:10:24 +0800] "GET /xingrg/javascript/easyui/themes/icons/cance_new.png HTTP/1.1" 304 -
116.224.247.222 - - [05/Apr/2020:11:10:24 +0800] "GET /xingrg/javascript/easyui/themes/icons/check_new.png HTTP/1.1" 304 -
116.224.247.222 - - [05/Apr/2020:11:10:24 +0800] "GET /xingrg/javascript/easyui/themes/icons/field_new.png HTTP/1.1" 304 -
116.224.247.222 - - [05/Apr/2020:11:10:24 +0800] "GET /xingrg/javascript/easyui/themes/icons/import_new.png HTTP/1.1" 304 -
116.224.247.222 - - [05/Apr/2020:11:10:24 +0800] "GET /xingrg/javascript/jquery_easy_ui/themes/icons/area.png HTTP/1.1" 304 -
116.224.247.222 - - [05/Apr/2020:11:10:24 +0800] "GET /xingrg/javascript/jquery_easy_ui/themes/icons/rest.png HTTP/1.1" 304 -
116.224.247.222 - - [05/Apr/2020:11:10:24 +0800] "GET /xingrg/javascript/easyui/plugins/jquery.parser.js HTTP/1.1" 304 -
116.224.247.222 - - [05/Apr/2020:11:10:24 +0800] "GET /xingrg/images/control/ajaxLoader.gif HTTP/1.1" 304 -
116.224.247.222 - - [05/Apr/2020:11:10:25 +0800] "POST /xingrg/kc/buy/cgsh_list_operate.html HTTP/1.1" 200 876
172.17.0.112 - - [05/Apr/2020:11:10:25 +0800] "GET /xingrg/all/function/internal_message.html?_=1586056222732&CODE_STATE=getMsg HTTP/1.1" 302 -
180.162.232.172 - - [05/Apr/2020:11:10:27 +0800] "POST /xingrg/kc/buy/cgsh_list_operate.html HTTP/1.1" 200 5425
114.84.33.255 - - [05/Apr/2020:11:10:31 +0800] "GET /xingrg/all/function/internal_message.html?_=1586056228397&CODE_STATE=getMsg HTTP/1.1" 200 27
172.17.0.112 - - [05/Apr/2020:11:10:32 +0800] "GET /xingrg/all/function/internal_message.html?_=1586056229681&CODE_STATE=getMsg HTTP/1.1" 302 -
116.224.247.222 - - [05/Apr/2020:11:10:33 +0800] "POST /xingrg/kc/buy/cgsh_list_operate.html HTTP/1.1" 200 5801
114.86.226.127 - - [05/Apr/2020:11:10:37 +0800] "GET /xingrg/all/function/internal_message.html?_=1586056256068&CODE_STATE=getMsg HTTP/1.1" 200 27
116.235.222.53 - - [05/Apr/2020:11:10:39 +0800] "GET /xingrg/dwr/interface/AjaxGetFirstChart.js HTTP/1.1" 200 631
116.235.222.53 - - [05/Apr/2020:11:10:39 +0800] "GET /xingrg/system/rest/list_page.html?p=menu HTTP/1.1" 200 110877
116.235.222.53 - - [05/Apr/2020:11:10:39 +0800] "GET /xingrg/dwr/util.js HTTP/1.1" 304 -
116.235.222.53 - - [05/Apr/2020:11:10:39 +0800] "GET /xingrg/dwr/engine.js HTTP/1.1" 200 43631
116.235.222.53 - - [05/Apr/2020:11:10:39 +0800] "GET /xingrg/system/rest/query_items.html?_=1586056235101&table=menu&page=1&rows=20&categoryId=&key= HTTP/1.1" 200 4722
180.162.232.172 - - [05/Apr/2020:11:10:41 +0800] "POST /xingrg/kc/buy/cgsh_list_operate.html HTTP/1.1" 200 5612
180.162.232.172 - - [05/Apr/2020:11:10:41 +0800] "GET /xingrg/check_reg.html?_=1586056364004 HTTP/1.1" 200 22
180.162.232.172 - - [05/Apr/2020:11:10:42 +0800] "GET /xingrg/all/function/internal_message.html?_=1586056364502&CODE_STATE=getMsg HTTP/1.1" 200 27
117.185.32.26 - - [05/Apr/2020:11:10:42 +0800] "GET /xingrg/check_reg.html?_=1586056641697 HTTP/1.1" 200 22
117.185.32.26 - - [05/Apr/2020:11:10:42 +0800] "GET /xingrg/all/function/internal_message.html?_=1586056641699&CODE_STATE=getMsg HTTP/1.1" 200 27
116.224.247.222 - - [05/Apr/2020:11:10:43 +0800] "POST /xingrg/kc/buy/cgsh_list_operate.html HTTP/1.1" 200 418
180.156.150.85 - - [05/Apr/2020:11:10:43 +0800] "GET /xingrg/all/function/internal_message.html?_=1586056239039&CODE_STATE=getMsg HTTP/1.1" 200 27
116.224.247.222 - - [05/Apr/2020:11:10:44 +0800] "GET /xingrg/javascript/jquery_tools/order_manager.js HTTP/1.1" 304 -
116.224.247.222 - - [05/Apr/2020:11:10:44 +0800] "GET /xingrg/javascript/pic_change.js HTTP/1.1" 304 -
116.224.247.222 - - [05/Apr/2020:11:10:44 +0800] "GET /xingrg/javascript/convert.js HTTP/1.1" 304 -
116.224.247.222 - - [05/Apr/2020:11:10:44 +0800] "GET /xingrg/javascript/json2.js HTTP/1.1" 304 -
116.224.247.222 - - [05/Apr/2020:11:10:44 +0800] "GET /xingrg/javascript/print/kc_print.js HTTP/1.1" 304 -
116.224.247.222 - - [05/Apr/2020:11:10:44 +0800] "GET /xingrg/kc/buy/cgsh_order_info.html?code=212020040500903 HTTP/1.1" 200 52781
116.224.247.222 - - [05/Apr/2020:11:10:44 +0800] "GET /xingrg/words/20200402112410_words.js HTTP/1.1" 304 -
116.224.247.222 - - [05/Apr/2020:11:10:44 +0800] "GET /xingrg/javascript/easyui/themes/icons/copy_new.png HTTP/1.1" 304 -
116.224.247.222 - - [05/Apr/2020:11:10:44 +0800] "GET /xingrg/javascript/easyui/themes/icons/print.png HTTP/1.1" 304 -
116.224.247.222 - - [05/Apr/2020:11:10:44 +0800] "GET /xingrg/javascript/easyui/themes/default/images/menu_downarrow.png HTTP/1.1" 304 -
116.224.247.222 - - [05/Apr/2020:11:10:44 +0800] "GET /xingrg/javascript/easyui/themes/icons/cancel.png HTTP/1.1" 304 -
116.224.247.222 - - [05/Apr/2020:11:10:44 +0800] "GET /xingrg/javascript/easyui/themes/default/validatebox.css HTTP/1.1" 404 1104
116.224.247.222 - - [05/Apr/2020:11:10:44 +0800] "GET /xingrg/javascript/easyui/plugins/jquery.validatebox.js HTTP/1.1" 304 -
116.224.247.222 - - [05/Apr/2020:11:10:44 +0800] "GET /xingrg/javascript/easyui/plugins/jquery.numberbox.js HTTP/1.1" 304 -
116.224.247.222 - - [05/Apr/2020:11:10:44 +0800] "POST /xingrg/kc/buy/cgsh_order_operate.html HTTP/1.1" 200 2374
116.224.247.222 - - [05/Apr/2020:11:10:44 +0800] "GET /xingrg/javascript/easyui/themes/icons/edit_remove.png HTTP/1.1" 304 -
116.235.222.53 - - [05/Apr/2020:11:10:45 +0800] "GET /xingrg/system/rest/query_items.html?_=1586056240770&table=menu&page=1&rows=20&categoryId=&key= HTTP/1.1" 200 4722
116.224.247.222 - - [05/Apr/2020:11:10:47 +0800] "GET /xingrg/javascript/easyui/themes/default/images/button_plain_hover.png HTTP/1.1" 304 -
222.69.139.198 - - [05/Apr/2020:11:10:47 +0800] "GET /xingrg/all/function/internal_message.html?_=1586056243339&CODE_STATE=getMsg HTTP/1.1" 200 27
172.17.0.185 - - [05/Apr/2020:11:10:48 +0800] "GET /xingrg/all/function/internal_message.html?_=1586056243033&CODE_STATE=getMsg HTTP/1.1" 200 27
180.162.232.172 - - [05/Apr/2020:11:10:48 +0800] "POST /xingrg/kc/buy/cgsh_list_operate.html HTTP/1.1" 200 1923
116.224.247.222 - - [05/Apr/2020:11:10:48 +0800] "GET /xingrg/kc/print/load_config.html?kc_code=cgsh HTTP/1.1" 200 1841
116.224.247.222 - - [05/Apr/2020:11:10:48 +0800] "GET /xingrg/kc/print/load_data.html?order_code=212020040500903&kc_code=cgsh&condition= HTTP/1.1" 200 1421
180.162.232.172 - - [05/Apr/2020:11:10:49 +0800] "POST /xingrg/kc/buy/cgsh_list_operate.html HTTP/1.1" 200 286
180.162.232.172 - - [05/Apr/2020:11:10:50 +0800] "GET /xingrg/kc/buy/cgsh_order_info.html?code=212020040300568 HTTP/1.1" 200 53472
180.162.232.172 - - [05/Apr/2020:11:10:50 +0800] "GET /xingrg/javascript/easyui/themes/default/validatebox.css HTTP/1.1" 404 1104
180.162.232.172 - - [05/Apr/2020:11:10:50 +0800] "POST /xingrg/kc/buy/cgsh_order_operate.html HTTP/1.1" 200 1218
180.162.232.172 - - [05/Apr/2020:11:10:53 +0800] "GET /xingrg/kc/print/load_data.html?order_code=212020040300568&kc_code=cgsh&condition= HTTP/1.1" 200 968
222.70.183.62 - - [05/Apr/2020:11:10:56 +0800] "GET /xingrg/all/function/internal_message.html?_=1586056252196&CODE_STATE=getMsg HTTP/1.1" 200 27
120.253.135.82 - - [05/Apr/2020:11:10:57 +0800] "GET /xingrg/all/function/internal_message.html?_=1586056324913&CODE_STATE=getMsg HTTP/1.1" 200 27
114.88.159.93 - - [05/Apr/2020:11:11:02 +0800] "GET /xingrg/all/function/internal_message.html?_=1586056257382&CODE_STATE=getMsg HTTP/1.1" 200 27
114.88.159.93 - - [05/Apr/2020:11:11:06 +0800] "GET /xingrg/check_reg.html?_=1586056261650 HTTP/1.1" 200 22
114.88.159.93 - - [05/Apr/2020:11:11:06 +0800] "GET /xingrg/all/function/internal_message.html?_=1586056261651&CODE_STATE=getMsg HTTP/1.1" 200 27
172.17.0.106 - - [05/Apr/2020:11:11:08 +0800] "GET /xingrg/all/function/internal_message.html?_=1586056264357&CODE_STATE=getMsg HTTP/1.1" 200 27
61.151.178.180 - - [05/Apr/2020:11:11:10 +0800] "GET /xingrg/all/function/internal_message.html?_=1586056201650&CODE_STATE=getMsg HTTP/1.1" 302 -
116.235.222.53 - - [05/Apr/2020:11:11:11 +0800] "GET /xingrg/all/function/internal_message.html?_=1586056267053&CODE_STATE=getMsg HTTP/1.1" 200 27
116.235.222.53 - - [05/Apr/2020:11:11:13 +0800] "GET /xingrg/all/function/internal_message.html?_=1586056269169&CODE_STATE=getMsg HTTP/1.1" 200 27
61.151.178.180 - - [05/Apr/2020:11:11:16 +0800] "GET /xingrg/login.html HTTP/1.1" 200 7641
114.88.159.93 - - [05/Apr/2020:11:11:19 +0800] "GET /xingrg/system/rest/list_page.html?p=menu HTTP/1.1" 200 110877
114.88.159.93 - - [05/Apr/2020:11:11:19 +0800] "GET /xingrg/dwr/interface/AjaxGetFirstChart.js HTTP/1.1" 200 631
114.88.159.93 - - [05/Apr/2020:11:11:19 +0800] "GET /xingrg/dwr/engine.js HTTP/1.1" 200 43631
114.88.159.93 - - [05/Apr/2020:11:11:19 +0800] "GET /xingrg/system/rest/query_items.html?_=1586056275153&table=menu&page=1&rows=20&categoryId=&key= HTTP/1.1" 200 4722
116.224.247.222 - - [05/Apr/2020:11:11:20 +0800] "GET /xingrg/all/function/internal_message.html?_=1586056458027&CODE_STATE=getMsg HTTP/1.1" 200 27
172.17.0.112 - - [05/Apr/2020:11:11:25 +0800] "GET /xingrg/all/function/internal_message.html?_=1586056282744&CODE_STATE=getMsg HTTP/1.1" 302 -
116.235.222.53 - - [05/Apr/2020:11:11:27 +0800] "GET /xingrg/system/rest/query_items.html?_=1586056282439&table=menu&page=1&rows=20&categoryId=&key=dwx HTTP/1.1" 200 4148
116.224.247.222 - - [05/Apr/2020:11:11:29 +0800] "GET /xingrg/kc/buy/cgsh_order_add.html HTTP/1.1" 200 57881
116.224.247.222 - - [05/Apr/2020:11:11:29 +0800] "GET /xingrg/javascript/easyui/themes/icons/template_new.png HTTP/1.1" 304 -
116.224.247.222 - - [05/Apr/2020:11:11:29 +0800] "GET /xingrg/javascript/easyui/themes/icons/ok.png HTTP/1.1" 304 -
116.224.247.222 - - [05/Apr/2020:11:11:29 +0800] "POST /xingrg/kc/buy/cgsh_order_operate.html HTTP/1.1" 200 8245
116.224.247.222 - - [05/Apr/2020:11:11:29 +0800] "GET /xingrg/all/common/auto_word.html?type=employee&rest_code=00102 HTTP/1.1" 200 189
116.224.247.222 - - [05/Apr/2020:11:11:29 +0800] "GET /xingrg/all/common/auto_word.html?type=employee&rest_code=00102 HTTP/1.1" 200 189
116.224.247.222 - - [05/Apr/2020:11:11:30 +0800] "GET /xingrg/javascript/easyui/themes/default/validatebox.css HTTP/1.1" 404 1104
116.235.222.53 - - [05/Apr/2020:11:11:30 +0800] "GET /xingrg/system/rest/query_items.html?_=1586056285498&table=menu&page=1&rows=20&categoryId=&key=dwx HTTP/1.1" 200 4148
114.84.33.255 - - [05/Apr/2020:11:11:31 +0800] "GET /xingrg/all/function/internal_message.html?_=1586056288403&CODE_STATE=getMsg HTTP/1.1" 200 27
116.235.222.53 - - [05/Apr/2020:11:11:32 +0800] "GET /xingrg/system/rest/get_item.html?table=menu&id=2023&_=1586056287744 HTTP/1.1" 200 953
116.235.222.53 - - [05/Apr/2020:11:11:32 +0800] "GET /xingrg/system/rest/get_item.html?table=menu&target=menu_rest&id=2023&_=1586056287760 HTTP/1.1" 200 855
116.235.222.53 - - [05/Apr/2020:11:11:32 +0800] "GET /xingrg/system/rest/get_item.html?table=menu&target=cook_mode&id=2023&_=1586056287759 HTTP/1.1" 200 27807
116.235.222.53 - - [05/Apr/2020:11:11:32 +0800] "GET /xingrg/system/rest/get_infos.html?command=menu_img_show&id=2023 HTTP/1.1" 200 5
172.17.0.112 - - [05/Apr/2020:11:11:32 +0800] "GET /xingrg/all/function/internal_message.html?_=1586056289687&CODE_STATE=getMsg HTTP/1.1" 302 -
116.235.222.53 - - [05/Apr/2020:11:11:36 +0800] "GET /xingrg/system/rest/get_item.html?table=menu&target=menu_rest_detail&id=2023&sid=6&_=1586056291937 HTTP/1.1" 200 421
114.86.226.127 - - [05/Apr/2020:11:11:37 +0800] "GET /xingrg/all/function/internal_message.html?_=1586056316060&CODE_STATE=getMsg HTTP/1.1" 200 27
117.131.5.26 - - [05/Apr/2020:11:11:39 +0800] "POST /xingrg/services/DataTransmitService HTTP/1.1" 401 565
117.131.5.26 - - [05/Apr/2020:11:11:39 +0800] "POST /xingrg/services/DataTransmitService HTTP/1.1" 200 478
117.131.5.26 - - [05/Apr/2020:11:11:39 +0800] "POST /xingrg/services/DataTransmitService HTTP/1.1" 200 1320
117.131.5.26 - - [05/Apr/2020:11:11:39 +0800] "POST /xingrg/services/DataTransmitService HTTP/1.1" 200 478
117.131.5.26 - - [05/Apr/2020:11:11:39 +0800] "POST /xingrg/services/DataTransmitService HTTP/1.1" 200 1320
117.131.5.26 - - [05/Apr/2020:11:11:39 +0800] "POST /xingrg/services/DataTransmitService HTTP/1.1" 200 524
117.131.5.26 - - [05/Apr/2020:11:11:39 +0800] "POST /xingrg/services/DataTransmitService HTTP/1.1" 200 2527
117.131.5.26 - - [05/Apr/2020:11:11:39 +0800] "POST /xingrg/services/DataTransmitService HTTP/1.1" 200 2355
117.131.5.26 - - [05/Apr/2020:11:11:40 +0800] "POST /xingrg/services/DataTransmitService HTTP/1.1" 200 1515
117.131.5.26 - - [05/Apr/2020:11:11:41 +0800] "POST /xingrg/services/DataTransmitService HTTP/1.1" 200 315275
180.162.232.172 - - [05/Apr/2020:11:11:42 +0800] "GET /xingrg/all/function/internal_message.html?_=1586056424515&CODE_STATE=getMsg HTTP/1.1" 200 27
117.185.32.26 - - [05/Apr/2020:11:11:42 +0800] "GET /xingrg/all/function/internal_message.html?_=1586056701699&CODE_STATE=getMsg HTTP/1.1" 200 27
116.235.222.53 - - [05/Apr/2020:11:11:43 +0800] "POST /xingrg/system/rest/edit_item.html HTTP/1.1" 200 4
116.235.222.53 - - [05/Apr/2020:11:11:43 +0800] "GET /xingrg/system/rest/get_item.html?table=menu&target=menu_rest&id=2023&_=1586056298709 HTTP/1.1" 200 855
180.156.150.85 - - [05/Apr/2020:11:11:43 +0800] "GET /xingrg/all/function/internal_message.html?_=1586056299038&CODE_STATE=getMsg HTTP/1.1" 200 27
116.235.222.53 - - [05/Apr/2020:11:11:46 +0800] "GET /xingrg/kc/buy/buy_main.html HTTP/1.1" 200 12412
116.235.222.53 - - [05/Apr/2020:11:11:46 +0800] "GET /xingrg/css/new_ie.css HTTP/1.1" 404 1036
116.224.247.222 - - [05/Apr/2020:11:11:47 +0800] "GET /xingrg/javascript/easyui/plugins/jquery.draggable.js HTTP/1.1" 304 -
116.224.247.222 - - [05/Apr/2020:11:11:47 +0800] "GET /xingrg/css/images/panel_loading.gif HTTP/1.1" 304 -
116.224.247.222 - - [05/Apr/2020:11:11:47 +0800] "GET /xingrg/javascript/easyui/plugins/jquery.droppable.js HTTP/1.1" 304 -
116.224.247.222 - - [05/Apr/2020:11:11:47 +0800] "GET /xingrg/javascript/easyui/themes/default/tree.css HTTP/1.1" 404 1090
116.224.247.222 - - [05/Apr/2020:11:11:47 +0800] "GET /xingrg/javascript/easyui/plugins/jquery.tree.js HTTP/1.1" 304 -
116.224.247.222 - - [05/Apr/2020:11:11:47 +0800] "POST /xingrg/all/common/load_tree.html?tree=supplier_tree_json&isDelete=1 HTTP/1.1" 200 47144
116.235.222.53 - - [05/Apr/2020:11:11:47 +0800] "GET /xingrg/images/yd/bt.gif HTTP/1.1" 404 1040
116.235.222.53 - - [05/Apr/2020:11:11:47 +0800] "GET /xingrg/kc/buy/cgsh_order_list.html HTTP/1.1" 200 42360
222.69.139.198 - - [05/Apr/2020:11:11:47 +0800] "GET /xingrg/all/function/internal_message.html?_=1586056303349&CODE_STATE=getMsg HTTP/1.1" 200 27
172.17.0.185 - - [05/Apr/2020:11:11:48 +0800] "GET /xingrg/all/function/internal_message.html?_=1586056303036&CODE_STATE=getMsg HTTP/1.1" 200 27
116.224.247.222 - - [05/Apr/2020:11:11:48 +0800] "GET /xingrg/javascript/easyui/themes/default/images/tree_arrows.gif HTTP/1.1" 304 -
116.224.247.222 - - [05/Apr/2020:11:11:48 +0800] "GET /xingrg/javascript/easyui/themes/default/images/tree_folder_open.gif HTTP/1.1" 304 -
116.224.247.222 - - [05/Apr/2020:11:11:48 +0800] "GET /xingrg/javascript/easyui/themes/default/images/tree_folder.gif HTTP/1.1" 304 -
116.224.247.222 - - [05/Apr/2020:11:11:48 +0800] "GET /xingrg/javascript/easyui/themes/default/images/tree_file.gif HTTP/1.1" 304 -
116.235.222.53 - - [05/Apr/2020:11:11:48 +0800] "POST /xingrg/kc/buy/cgsh_list_operate.html HTTP/1.1" 200 876
114.88.159.93 - - [05/Apr/2020:11:11:49 +0800] "GET /xingrg/system/rest/query_items.html?_=1586056304752&table=menu&page=1&rows=20&categoryId=&key= HTTP/1.1" 200 4722
116.235.222.53 - - [05/Apr/2020:11:11:52 +0800] "POST /xingrg/kc/buy/cgsh_list_operate.html HTTP/1.1" 200 876
116.235.222.53 - - [05/Apr/2020:11:11:53 +0800] "GET /xingrg/kc/buy/buy_main.html HTTP/1.1" 200 12412
116.235.222.53 - - [05/Apr/2020:11:11:53 +0800] "GET /xingrg/css/new_ie.css HTTP/1.1" 404 1036
116.235.222.53 - - [05/Apr/2020:11:11:54 +0800] "GET /xingrg/images/yd/bt.gif HTTP/1.1" 404 1040
116.235.222.53 - - [05/Apr/2020:11:11:54 +0800] "GET /xingrg/kc/buy/cgsh_order_list.html HTTP/1.1" 200 42360
116.235.222.53 - - [05/Apr/2020:11:11:55 +0800] "POST /xingrg/kc/buy/cgsh_list_operate.html HTTP/1.1" 200 876
222.70.183.62 - - [05/Apr/2020:11:11:56 +0800] "GET /xingrg/all/function/internal_message.html?_=1586056312208&CODE_STATE=getMsg HTTP/1.1" 200 27
120.253.135.82 - - [05/Apr/2020:11:11:57 +0800] "GET /xingrg/all/function/internal_message.html?_=1586056384947&CODE_STATE=getMsg HTTP/1.1" 200 27
116.235.222.53 - - [05/Apr/2020:11:11:58 +0800] "GET /xingrg/system/rest/query_items.html?_=1586056313252&table=menu&page=1&rows=20&categoryId=&key=xbb HTTP/1.1" 200 3185
114.88.159.93 - - [05/Apr/2020:11:11:58 +0800] "GET /xingrg/system/rest/query_items.html?_=1586056313912&table=menu&page=1&rows=20&categoryId=&key= HTTP/1.1" 200 4722
114.88.159.93 - - [05/Apr/2020:11:11:58 +0800] "GET /xingrg/system/rest/query_items.html?_=1586056313921&table=menu&page=1&rows=20&categoryId=&key= HTTP/1.1" 200 4722
116.235.222.53 - - [05/Apr/2020:11:11:59 +0800] "GET /xingrg/system/rest/query_items.html?_=1586056315031&table=menu&page=1&rows=20&categoryId=&key=xbb HTTP/1.1" 200 3185
116.235.222.53 - - [05/Apr/2020:11:12:01 +0800] "GET /xingrg/system/rest/get_item.html?table=menu&id=2061&_=1586056316976 HTTP/1.1" 200 954
116.235.222.53 - - [05/Apr/2020:11:12:01 +0800] "GET /xingrg/system/rest/get_item.html?table=menu&target=menu_rest&id=2061&_=1586056316987 HTTP/1.1" 200 747
116.235.222.53 - - [05/Apr/2020:11:12:01 +0800] "GET /xingrg/system/rest/get_item.html?table=menu&target=cook_mode&id=2061&_=1586056316986 HTTP/1.1" 200 18248
116.235.222.53 - - [05/Apr/2020:11:12:01 +0800] "GET /xingrg/system/rest/get_infos.html?command=menu_img_show&id=2061 HTTP/1.1" 200 5
114.88.159.93 - - [05/Apr/2020:11:12:02 +0800] "GET /xingrg/all/function/internal_message.html?_=1586056317381&CODE_STATE=getMsg HTTP/1.1" 200 27
116.235.222.53 - - [05/Apr/2020:11:12:03 +0800] "GET /xingrg/javascript/jquery_tools/images/prev.gif HTTP/1.1" 404 1086
116.235.222.53 - - [05/Apr/2020:11:12:03 +0800] "GET /xingrg/javascript/jquery_tools/images/next.gif HTTP/1.1" 404 1086
116.224.247.222 - - [05/Apr/2020:11:12:04 +0800] "GET /xingrg/javascript/auto/indicator.gif HTTP/1.1" 404 1066
114.88.159.93 - - [05/Apr/2020:11:12:05 +0800] "GET /xingrg/system/rest/query_items.html?_=1586056320718&table=menu&page=1&rows=20&categoryId=&key=%25E6%259D%2582%25E9%25B1%25BC HTTP/1.1" 200 1982
114.88.159.93 - - [05/Apr/2020:11:12:06 +0800] "GET /xingrg/all/function/internal_message.html?_=1586056321676&CODE_STATE=getMsg HTTP/1.1" 200 27
114.88.159.93 - - [05/Apr/2020:11:12:06 +0800] "GET /xingrg/system/rest/query_items.html?_=1586056321965&table=menu&page=1&rows=20&categoryId=&key=%25E6%259D%2582%25E9%25B1%25BC HTTP/1.1" 200 1982
114.88.159.93 - - [05/Apr/2020:11:12:07 +0800] "GET /xingrg/system/rest/get_item.html?table=menu&id=1965&_=1586056322760 HTTP/1.1" 200 969
114.88.159.93 - - [05/Apr/2020:11:12:07 +0800] "GET /xingrg/system/rest/get_item.html?table=menu&target=menu_rest&id=1965&_=1586056322785 HTTP/1.1" 200 762
114.88.159.93 - - [05/Apr/2020:11:12:07 +0800] "GET /xingrg/system/rest/get_item.html?table=menu&target=cook_mode&id=1965&_=1586056322781 HTTP/1.1" 200 6235
114.88.159.93 - - [05/Apr/2020:11:12:07 +0800] "GET /xingrg/system/rest/get_infos.html?command=menu_img_show&id=1965 HTTP/1.1" 200 5
116.224.247.222 - - [05/Apr/2020:11:12:07 +0800] "GET /xingrg/kc/buy/cgsh_order_operate.html?command=get_materiel&rest_code=00102&code=00101015017&supplier_code=00100054&order_time=2020-04-05 HTTP/1.1" 200 412
116.235.222.53 - - [05/Apr/2020:11:12:08 +0800] "GET /xingrg/system/rest/get_item.html?table=menu&target=menu_rest_detail&id=2061&sid=6&_=1586056323726 HTTP/1.1" 200 421
172.17.0.106 - - [05/Apr/2020:11:12:08 +0800] "GET /xingrg/all/function/internal_message.html?_=1586056324368&CODE_STATE=getMsg HTTP/1.1" 200 27
114.88.159.93 - - [05/Apr/2020:11:12:09 +0800] "GET /xingrg/system/rest/get_item.html?table=menu&target=menu_rest_detail&id=1965&sid=11&_=1586056324514 HTTP/1.1" 200 426
116.235.222.53 - - [05/Apr/2020:11:12:10 +0800] "GET /xingrg/check_reg.html?_=1586056326237 HTTP/1.1" 200 22
116.235.222.53 - - [05/Apr/2020:11:12:11 +0800] "GET /xingrg/all/function/internal_message.html?_=1586056327048&CODE_STATE=getMsg HTTP/1.1" 200 27
114.88.159.93 - - [05/Apr/2020:11:12:12 +0800] "POST /xingrg/system/rest/edit_item.html HTTP/1.1" 200 4
114.88.159.93 - - [05/Apr/2020:11:12:12 +0800] "GET /xingrg/system/rest/get_item.html?table=menu&target=menu_rest&id=1965&_=1586056327452 HTTP/1.1" 200 762
116.235.222.53 - - [05/Apr/2020:11:12:13 +0800] "GET /xingrg/all/function/internal_message.html?_=1586056329181&CODE_STATE=getMsg HTTP/1.1" 200 27
101.89.239.120 - - [05/Apr/2020:11:12:14 +0800] "GET /xingrg/all/function/internal_message.html?_=1586056261651&CODE_STATE=getMsg HTTP/1.1" 302 -
116.235.222.53 - - [05/Apr/2020:11:12:17 +0800] "GET /xingrg/system/rest/query_items.html?_=1586056333039&table=menu&page=1&rows=20&categoryId=&key=dxb HTTP/1.1" 200 4991
114.88.159.93 - - [05/Apr/2020:11:12:18 +0800] "GET /xingrg/system/rest/query_items.html?_=1586056333351&table=menu&page=1&rows=20&categoryId=&key=%25E8%258A%25B1%25E8%259E%25BA HTTP/1.1" 200 1050
114.88.159.93 - - [05/Apr/2020:11:12:19 +0800] "GET /xingrg/system/rest/query_items.html?_=1586056334536&table=menu&page=1&rows=20&categoryId=&key=%25E8%258A%25B1%25E8%259E%25BA HTTP/1.1" 200 1050
101.89.239.120 - - [05/Apr/2020:11:12:19 +0800] "GET /xingrg/login.html HTTP/1.1" 200 7641
114.88.159.93 - - [05/Apr/2020:11:12:19 +0800] "GET /xingrg/system/rest/get_item.html?table=menu&id=2054&_=1586056334917 HTTP/1.1" 200 1006
114.88.159.93 - - [05/Apr/2020:11:12:19 +0800] "GET /xingrg/system/rest/get_item.html?table=menu&target=menu_rest&id=2054&_=1586056334932 HTTP/1.1" 200 868
114.88.159.93 - - [05/Apr/2020:11:12:19 +0800] "GET /xingrg/system/rest/get_item.html?table=menu&target=cook_mode&id=2054&_=1586056334928 HTTP/1.1" 200 10645
116.235.222.53 - - [05/Apr/2020:11:12:19 +0800] "GET /xingrg/system/rest/query_items.html?_=1586056334862&table=menu&page=1&rows=20&categoryId=&key=dxb HTTP/1.1" 200 4991
114.88.159.93 - - [05/Apr/2020:11:12:19 +0800] "GET /xingrg/system/rest/get_infos.html?command=menu_img_show&id=2054 HTTP/1.1" 200 5
116.224.247.222 - - [05/Apr/2020:11:12:20 +0800] "GET /xingrg/all/function/internal_message.html?_=1586056518040&CODE_STATE=getMsg HTTP/1.1" 200 27
116.224.247.222 - - [05/Apr/2020:11:12:20 +0800] "GET /xingrg/kc/buy/cgsh_order_operate.html?command=get_materiel&rest_code=00102&code=00101015037&supplier_code=00100054&order_time=2020-04-05 HTTP/1.1" 200 412
116.235.222.53 - - [05/Apr/2020:11:12:21 +0800] "GET /xingrg/system/rest/get_item.html?table=menu&id=1903&_=1586056336286 HTTP/1.1" 200 997
116.235.222.53 - - [05/Apr/2020:11:12:21 +0800] "GET /xingrg/system/rest/get_item.html?table=menu&target=menu_rest&id=1903&_=1586056336296 HTTP/1.1" 200 1168
116.235.222.53 - - [05/Apr/2020:11:12:21 +0800] "GET /xingrg/system/rest/get_item.html?table=menu&target=cook_mode&id=1903&_=1586056336295 HTTP/1.1" 200 12632
116.235.222.53 - - [05/Apr/2020:11:12:21 +0800] "GET /xingrg/system/rest/get_infos.html?command=menu_img_show&id=1903 HTTP/1.1" 200 5
114.88.159.93 - - [05/Apr/2020:11:12:21 +0800] "GET /xingrg/system/rest/get_item.html?table=menu&target=menu_rest_detail&id=2054&sid=11&_=1586056336730 HTTP/1.1" 200 427
116.235.222.53 - - [05/Apr/2020:11:12:21 +0800] "GET /xingrg/javascript/easyui/themes/default/tree.css HTTP/1.1" 404 1090
116.235.222.53 - - [05/Apr/2020:11:12:21 +0800] "POST /xingrg/all/common/load_tree.html?tree=supplier_tree_json&manage=1 HTTP/1.1" 200 47751
101.89.239.216 - - [05/Apr/2020:11:12:22 +0800] "GET /xingrg/check_reg.html?_=1586056261650 HTTP/1.1" 302 -
101.89.239.216 - - [05/Apr/2020:11:12:23 +0800] "GET /xingrg/login.html HTTP/1.1" 200 7641
114.88.159.93 - - [05/Apr/2020:11:12:24 +0800] "POST /xingrg/system/rest/edit_item.html HTTP/1.1" 200 4
114.88.159.93 - - [05/Apr/2020:11:12:24 +0800] "GET /xingrg/system/rest/get_item.html?table=menu&target=menu_rest&id=2054&_=1586056339866 HTTP/1.1" 200 868
116.235.222.53 - - [05/Apr/2020:11:12:24 +0800] "GET /xingrg/system/rest/get_item.html?table=menu&target=menu_rest_detail&id=1903&sid=6&_=1586056340223 HTTP/1.1" 200 421
172.17.0.112 - - [05/Apr/2020:11:12:25 +0800] "GET /xingrg/all/function/internal_message.html?_=1586056342778&CODE_STATE=getMsg HTTP/1.1" 302 -
116.224.247.222 - - [05/Apr/2020:11:12:27 +0800] "GET /xingrg/kc/buy/cgsh_order_operate.html?command=get_materiel&rest_code=00102&code=00101015042&supplier_code=00100054&order_time=2020-04-05 HTTP/1.1" 200 408
114.88.159.93 - - [05/Apr/2020:11:12:28 +0800] "GET /xingrg/system/rest/query_items.html?_=1586056344082&table=menu&page=1&rows=20&categoryId=&key=%25E8%2586%258F%25E8%259F%25B9 HTTP/1.1" 200 1490
114.88.159.93 - - [05/Apr/2020:11:12:29 +0800] "GET /xingrg/system/rest/query_items.html?_=1586056345224&table=menu&page=1&rows=20&categoryId=&key=%25E8%2586%258F%25E8%259F%25B9 HTTP/1.1" 200 1490
114.88.159.93 - - [05/Apr/2020:11:12:30 +0800] "GET /xingrg/system/rest/get_item.html?table=menu&id=2013&_=1586056346018 HTTP/1.1" 200 970
114.88.159.93 - - [05/Apr/2020:11:12:30 +0800] "GET /xingrg/system/rest/get_item.html?table=menu&target=menu_rest&id=2013&_=1586056346039 HTTP/1.1" 200 780
114.88.159.93 - - [05/Apr/2020:11:12:30 +0800] "GET /xingrg/system/rest/get_item.html?table=menu&target=cook_mode&id=2013&_=1586056346034 HTTP/1.1" 200 15971
114.88.159.93 - - [05/Apr/2020:11:12:31 +0800] "GET /xingrg/system/rest/get_infos.html?command=menu_img_show&id=2013 HTTP/1.1" 200 5
114.84.33.255 - - [05/Apr/2020:11:12:31 +0800] "GET /xingrg/check_reg.html?_=1586056348066 HTTP/1.1" 200 22
114.84.33.255 - - [05/Apr/2020:11:12:31 +0800] "GET /xingrg/all/function/internal_message.html?_=1586056348416&CODE_STATE=getMsg HTTP/1.1" 200 27
114.88.159.93 - - [05/Apr/2020:11:12:32 +0800] "GET /xingrg/system/rest/get_item.html?table=menu&target=menu_rest_detail&id=2013&sid=11&_=1586056347676 HTTP/1.1" 200 429
172.17.0.112 - - [05/Apr/2020:11:12:32 +0800] "GET /xingrg/all/function/internal_message.html?_=1586056349732&CODE_STATE=getMsg HTTP/1.1" 302 -
116.235.222.53 - - [05/Apr/2020:11:12:35 +0800] "POST /xingrg/system/rest/edit_item.html HTTP/1.1" 200 4
116.235.222.53 - - [05/Apr/2020:11:12:35 +0800] "GET /xingrg/system/rest/get_item.html?table=menu&target=menu_rest&id=1903&_=1586056350511 HTTP/1.1" 200 1168
114.88.159.93 - - [05/Apr/2020:11:12:35 +0800] "POST /xingrg/system/rest/edit_item.html HTTP/1.1" 200 4
114.88.159.93 - - [05/Apr/2020:11:12:35 +0800] "GET /xingrg/system/rest/get_item.html?table=menu&target=menu_rest&id=2013&_=1586056350963 HTTP/1.1" 200 780
172.17.0.112 - - [05/Apr/2020:11:12:36 +0800] "GET /xingrg/check_reg.html?_=1586056353257 HTTP/1.1" 302 -
114.86.226.127 - - [05/Apr/2020:11:12:37 +0800] "GET /xingrg/all/function/internal_message.html?_=1586056376063&CODE_STATE=getMsg HTTP/1.1" 200 27
114.86.226.127 - - [05/Apr/2020:11:12:37 +0800] "GET /xingrg/check_reg.html?_=1586056376062 HTTP/1.1" 200 22
116.235.222.53 - - [05/Apr/2020:11:12:39 +0800] "GET /xingrg/system/rest/get_item.html?table=menu&target=menu_rest_detail&id=1903&sid=6&_=1586056354658 HTTP/1.1" 200 421
114.88.159.93 - - [05/Apr/2020:11:12:40 +0800] "GET /xingrg/system/rest/query_items.html?_=1586056355366&table=menu&page=1&rows=20&categoryId=&key=%25E6%25AF%258D%25E5%258D%25B7 HTTP/1.1" 200 2236
114.88.159.93 - - [05/Apr/2020:11:12:41 +0800] "GET /xingrg/system/rest/query_items.html?_=1586056356670&table=menu&page=1&rows=20&categoryId=&key=%25E6%25AF%258D%25E5%258D%25B7 HTTP/1.1" 200 2236
114.88.159.93 - - [05/Apr/2020:11:12:41 +0800] "GET /xingrg/system/rest/get_item.html?table=menu&id=2084&_=1586056357171 HTTP/1.1" 200 971
114.88.159.93 - - [05/Apr/2020:11:12:41 +0800] "GET /xingrg/system/rest/get_item.html?table=menu&target=menu_rest&id=2084&_=1586056357193 HTTP/1.1" 200 1236
114.88.159.93 - - [05/Apr/2020:11:12:41 +0800] "GET /xingrg/system/rest/get_item.html?table=menu&target=cook_mode&id=2084&_=1586056357189 HTTP/1.1" 200 9370
116.235.222.53 - - [05/Apr/2020:11:12:41 +0800] "POST /xingrg/kc/buy/cgsh_list_operate.html HTTP/1.1" 200 2430
114.88.159.93 - - [05/Apr/2020:11:12:42 +0800] "GET /xingrg/system/rest/get_infos.html?command=menu_img_show&id=2084 HTTP/1.1" 200 5
180.162.232.172 - - [05/Apr/2020:11:12:42 +0800] "GET /xingrg/all/function/internal_message.html?_=1586056484542&CODE_STATE=getMsg HTTP/1.1" 200 27
117.185.32.26 - - [05/Apr/2020:11:12:42 +0800] "GET /xingrg/all/function/internal_message.html?_=1586056761699&CODE_STATE=getMsg HTTP/1.1" 200 27
180.156.150.85 - - [05/Apr/2020:11:12:43 +0800] "GET /xingrg/check_reg.html?_=1586056359042 HTTP/1.1" 200 22
180.156.150.85 - - [05/Apr/2020:11:12:43 +0800] "GET /xingrg/all/function/internal_message.html?_=1586056359044&CODE_STATE=getMsg HTTP/1.1" 200 27
114.88.159.93 - - [05/Apr/2020:11:12:45 +0800] "GET /xingrg/system/rest/get_item.html?table=menu&target=menu_rest_detail&id=2084&sid=11&_=1586056360485 HTTP/1.1" 200 426
116.224.247.222 - - [05/Apr/2020:11:12:47 +0800] "GET /xingrg/kc/buy/cgsh_order_operate.html?command=get_materiel&rest_code=00102&code=00101015032&supplier_code=00100054&order_time=2020-04-05 HTTP/1.1" 200 419
116.235.222.53 - - [05/Apr/2020:11:12:47 +0800] "GET /xingrg/kc/buy/cgsh_order_add.html HTTP/1.1" 200 58426
222.69.139.198 - - [05/Apr/2020:11:12:47 +0800] "GET /xingrg/all/function/internal_message.html?_=1586056363346&CODE_STATE=getMsg HTTP/1.1" 200 27
116.235.222.53 - - [05/Apr/2020:11:12:48 +0800] "GET /xingrg/javascript/easyui/themes/default/validatebox.css HTTP/1.1" 404 1104
116.235.222.53 - - [05/Apr/2020:11:12:48 +0800] "POST /xingrg/kc/buy/cgsh_order_operate.html HTTP/1.1" 200 8245
172.17.0.185 - - [05/Apr/2020:11:12:48 +0800] "GET /xingrg/all/function/internal_message.html?_=1586056363025&CODE_STATE=getMsg HTTP/1.1" 200 27
183.192.94.73 - - [05/Apr/2020:11:12:48 +0800] "POST /xingrg/login.do HTTP/1.1" 302 -
183.192.94.73 - - [05/Apr/2020:11:12:49 +0800] "GET /xingrg/index.html?sysBaseUrl=http%3A%2F%2F180.169.147.146%3A18081%2Fxingrg%2F&costTime=37×tamp=1586056368978 HTTP/1.1" 200 17503
116.235.222.53 - - [05/Apr/2020:11:12:49 +0800] "GET /xingrg/javascript/easyui/themes/default/tree.css HTTP/1.1" 404 1090
183.192.94.73 - - [05/Apr/2020:11:12:49 +0800] "POST /xingrg/all/common/load_tree.html?tree=area_rest_tree_json&manage=1 HTTP/1.1" 200 2838
114.88.159.93 - - [05/Apr/2020:11:12:49 +0800] "POST /xingrg/system/rest/edit_item.html HTTP/1.1" 200 4
183.192.94.73 - - [05/Apr/2020:11:12:49 +0800] "GET /xingrg/all/function/internal_message.html?_=1586056364448&CODE_STATE=count HTTP/1.1" 200 11
183.192.94.73 - - [05/Apr/2020:11:12:49 +0800] "GET /xingrg/check_reg.html?_=1586056364448 HTTP/1.1" 200 22
183.192.94.73 - - [05/Apr/2020:11:12:49 +0800] "POST /xingrg/load_menu.html HTTP/1.1" 200 11564
