117.131.5.26 - - [05/Apr/2020:08:01:44 +0800] "GET /xingrg/all/function/internal_message.html?_=1586044904487&CODE_STATE=getMsg HTTP/1.1" 200 27
172.17.0.185 - - [05/Apr/2020:08:01:47 +0800] "GET /xingrg/all/function/internal_message.html?_=1586044903024&CODE_STATE=getMsg HTTP/1.1" 200 27
120.253.135.82 - - [05/Apr/2020:08:01:48 +0800] "GET /xingrg/all/function/internal_message.html?_=1586044975638&CODE_STATE=getMsg HTTP/1.1" 200 27
117.131.5.26 - - [05/Apr/2020:08:01:57 +0800] "GET /xingrg/all/function/internal_message.html?_=1586045171780&CODE_STATE=getMsg HTTP/1.1" 200 27
172.17.0.112 - - [05/Apr/2020:08:02:21 +0800] "GET /xingrg/all/function/internal_message.html?_=1586044938308&CODE_STATE=getMsg HTTP/1.1" 302 -
172.17.0.112 - - [05/Apr/2020:08:02:28 +0800] "GET /xingrg/all/function/internal_message.html?_=1586044944724&CODE_STATE=getMsg HTTP/1.1" 302 -
172.17.0.112 - - [05/Apr/2020:08:02:36 +0800] "GET /xingrg/check_reg.html?_=1586044953046 HTTP/1.1" 302 -
114.84.33.255 - - [05/Apr/2020:08:02:36 +0800] "GET /xingrg/all/function/internal_message.html?_=1586044953183&CODE_STATE=getMsg HTTP/1.1" 200 27
117.131.5.26 - - [05/Apr/2020:08:02:44 +0800] "GET /xingrg/all/function/internal_message.html?_=1586044964487&CODE_STATE=getMsg HTTP/1.1" 200 27
172.17.0.185 - - [05/Apr/2020:08:02:47 +0800] "GET /xingrg/all/function/internal_message.html?_=1586044963029&CODE_STATE=getMsg HTTP/1.1" 200 27
120.253.135.82 - - [05/Apr/2020:08:02:48 +0800] "GET /xingrg/all/function/internal_message.html?_=1586045035653&CODE_STATE=getMsg HTTP/1.1" 200 27
117.131.5.26 - - [05/Apr/2020:08:02:57 +0800] "GET /xingrg/all/function/internal_message.html?_=1586045231784&CODE_STATE=getMsg HTTP/1.1" 200 27
172.17.0.112 - - [05/Apr/2020:08:03:21 +0800] "GET /xingrg/all/function/internal_message.html?_=1586044998320&CODE_STATE=getMsg HTTP/1.1" 302 -
172.17.0.112 - - [05/Apr/2020:08:03:28 +0800] "GET /xingrg/all/function/internal_message.html?_=1586045004750&CODE_STATE=getMsg HTTP/1.1" 302 -
114.84.33.255 - - [05/Apr/2020:08:03:37 +0800] "GET /xingrg/all/function/internal_message.html?_=1586045013476&CODE_STATE=getMsg HTTP/1.1" 200 27
117.131.5.26 - - [05/Apr/2020:08:03:44 +0800] "GET /xingrg/all/function/internal_message.html?_=1586045024502&CODE_STATE=getMsg HTTP/1.1" 200 27
172.17.0.185 - - [05/Apr/2020:08:03:47 +0800] "GET /xingrg/all/function/internal_message.html?_=1586045023034&CODE_STATE=getMsg HTTP/1.1" 200 27
172.17.0.185 - - [05/Apr/2020:08:03:47 +0800] "GET /xingrg/check_reg.html?_=1586045023038 HTTP/1.1" 200 22
120.253.135.82 - - [05/Apr/2020:08:03:48 +0800] "GET /xingrg/all/function/internal_message.html?_=1586045095665&CODE_STATE=getMsg HTTP/1.1" 200 27
117.131.5.26 - - [05/Apr/2020:08:03:58 +0800] "GET /xingrg/all/function/internal_message.html?_=1586045291814&CODE_STATE=getMsg HTTP/1.1" 200 27
172.17.0.112 - - [05/Apr/2020:08:04:03 +0800] "GET /xingrg/check_reg.html?_=1586045040346 HTTP/1.1" 302 -
117.131.5.26 - - [05/Apr/2020:08:04:20 +0800] "GET /xingrg/check_reg.html?_=1586045060940 HTTP/1.1" 200 22
172.17.0.112 - - [05/Apr/2020:08:04:21 +0800] "GET /xingrg/all/function/internal_message.html?_=1586045058346&CODE_STATE=getMsg HTTP/1.1" 302 -
172.17.0.112 - - [05/Apr/2020:08:04:28 +0800] "GET /xingrg/all/function/internal_message.html?_=1586045064765&CODE_STATE=getMsg HTTP/1.1" 302 -
117.131.5.26 - - [05/Apr/2020:08:04:29 +0800] "GET /xingrg/check_reg.html?_=1586045069705 HTTP/1.1" 200 22
114.84.33.255 - - [05/Apr/2020:08:04:37 +0800] "GET /xingrg/all/function/internal_message.html?_=1586045073491&CODE_STATE=getMsg HTTP/1.1" 200 27
117.131.5.26 - - [05/Apr/2020:08:04:44 +0800] "GET /xingrg/all/function/internal_message.html?_=1586045084502&CODE_STATE=getMsg HTTP/1.1" 200 27
117.131.5.26 - - [05/Apr/2020:08:04:46 +0800] "GET /xingrg/check_reg.html?_=1586045340004 HTTP/1.1" 200 22
172.17.0.185 - - [05/Apr/2020:08:04:47 +0800] "GET /xingrg/all/function/internal_message.html?_=1586045083026&CODE_STATE=getMsg HTTP/1.1" 200 27
120.253.135.82 - - [05/Apr/2020:08:04:47 +0800] "GET /xingrg/check_reg.html?_=1586045155554 HTTP/1.1" 200 22
120.253.135.82 - - [05/Apr/2020:08:04:48 +0800] "GET /xingrg/all/function/internal_message.html?_=1586045155678&CODE_STATE=getMsg HTTP/1.1" 200 27
117.131.5.26 - - [05/Apr/2020:08:04:58 +0800] "GET /xingrg/all/function/internal_message.html?_=1586045351844&CODE_STATE=getMsg HTTP/1.1" 200 27
172.17.0.112 - - [05/Apr/2020:08:05:21 +0800] "GET /xingrg/all/function/internal_message.html?_=1586045118361&CODE_STATE=getMsg HTTP/1.1" 302 -
172.17.0.112 - - [05/Apr/2020:08:05:28 +0800] "GET /xingrg/all/function/internal_message.html?_=1586045124796&CODE_STATE=getMsg HTTP/1.1" 302 -
114.84.33.255 - - [05/Apr/2020:08:05:37 +0800] "GET /xingrg/all/function/internal_message.html?_=1586045133778&CODE_STATE=getMsg HTTP/1.1" 200 27
117.131.5.26 - - [05/Apr/2020:08:05:44 +0800] "GET /xingrg/all/function/internal_message.html?_=1586045144502&CODE_STATE=getMsg HTTP/1.1" 200 27
172.17.0.185 - - [05/Apr/2020:08:05:47 +0800] "GET /xingrg/all/function/internal_message.html?_=1586045143031&CODE_STATE=getMsg HTTP/1.1" 200 27
120.253.135.82 - - [05/Apr/2020:08:05:48 +0800] "GET /xingrg/all/function/internal_message.html?_=1586045215692&CODE_STATE=getMsg HTTP/1.1" 200 27
117.131.5.26 - - [05/Apr/2020:08:05:58 +0800] "GET /xingrg/all/function/internal_message.html?_=1586045411856&CODE_STATE=getMsg HTTP/1.1" 200 27
114.84.33.255 - - [05/Apr/2020:08:06:06 +0800] "GET /xingrg/check_reg.html?_=1586045163178 HTTP/1.1" 200 22
172.17.0.112 - - [05/Apr/2020:08:06:21 +0800] "GET /xingrg/all/function/internal_message.html?_=1586045178391&CODE_STATE=getMsg HTTP/1.1" 302 -
172.17.0.112 - - [05/Apr/2020:08:06:28 +0800] "GET /xingrg/all/function/internal_message.html?_=1586045184804&CODE_STATE=getMsg HTTP/1.1" 302 -
114.84.33.255 - - [05/Apr/2020:08:06:37 +0800] "GET /xingrg/all/function/internal_message.html?_=1586045193783&CODE_STATE=getMsg HTTP/1.1" 200 27
117.131.5.26 - - [05/Apr/2020:08:06:44 +0800] "GET /xingrg/all/function/internal_message.html?_=1586045204518&CODE_STATE=getMsg HTTP/1.1" 200 27
172.17.0.185 - - [05/Apr/2020:08:06:47 +0800] "GET /xingrg/all/function/internal_message.html?_=1586045203037&CODE_STATE=getMsg HTTP/1.1" 200 27
120.253.135.82 - - [05/Apr/2020:08:06:48 +0800] "GET /xingrg/all/function/internal_message.html?_=1586045275706&CODE_STATE=getMsg HTTP/1.1" 200 27
117.131.5.26 - - [05/Apr/2020:08:06:58 +0800] "GET /xingrg/all/function/internal_message.html?_=1586045471898&CODE_STATE=getMsg HTTP/1.1" 200 27
172.17.0.112 - - [05/Apr/2020:08:07:21 +0800] "GET /xingrg/all/function/internal_message.html?_=1586045238406&CODE_STATE=getMsg HTTP/1.1" 302 -
172.17.0.112 - - [05/Apr/2020:08:07:28 +0800] "GET /xingrg/all/function/internal_message.html?_=1586045244837&CODE_STATE=getMsg HTTP/1.1" 302 -
172.17.0.112 - - [05/Apr/2020:08:07:36 +0800] "GET /xingrg/check_reg.html?_=1586045253052 HTTP/1.1" 302 -
114.84.33.255 - - [05/Apr/2020:08:07:37 +0800] "GET /xingrg/all/function/internal_message.html?_=1586045253797&CODE_STATE=getMsg HTTP/1.1" 200 27
117.131.5.26 - - [05/Apr/2020:08:07:44 +0800] "GET /xingrg/all/function/internal_message.html?_=1586045264518&CODE_STATE=getMsg HTTP/1.1" 200 27
172.17.0.185 - - [05/Apr/2020:08:07:47 +0800] "GET /xingrg/all/function/internal_message.html?_=1586045263024&CODE_STATE=getMsg HTTP/1.1" 200 27
120.253.135.82 - - [05/Apr/2020:08:07:48 +0800] "GET /xingrg/all/function/internal_message.html?_=1586045335720&CODE_STATE=getMsg HTTP/1.1" 200 27
117.131.5.26 - - [05/Apr/2020:08:07:58 +0800] "GET /xingrg/all/function/internal_message.html?_=1586045531944&CODE_STATE=getMsg HTTP/1.1" 200 27
172.17.0.112 - - [05/Apr/2020:08:08:21 +0800] "GET /xingrg/all/function/internal_message.html?_=1586045298435&CODE_STATE=getMsg HTTP/1.1" 302 -
172.17.0.112 - - [05/Apr/2020:08:08:28 +0800] "GET /xingrg/all/function/internal_message.html?_=1586045304865&CODE_STATE=getMsg HTTP/1.1" 302 -
114.84.33.255 - - [05/Apr/2020:08:08:37 +0800] "GET /xingrg/all/function/internal_message.html?_=1586045314087&CODE_STATE=getMsg HTTP/1.1" 200 27
117.131.5.26 - - [05/Apr/2020:08:08:44 +0800] "GET /xingrg/all/function/internal_message.html?_=1586045324534&CODE_STATE=getMsg HTTP/1.1" 200 27
172.17.0.185 - - [05/Apr/2020:08:08:47 +0800] "GET /xingrg/all/function/internal_message.html?_=1586045323030&CODE_STATE=getMsg HTTP/1.1" 200 27
172.17.0.185 - - [05/Apr/2020:08:08:47 +0800] "GET /xingrg/check_reg.html?_=1586045323035 HTTP/1.1" 200 22
120.253.135.82 - - [05/Apr/2020:08:08:48 +0800] "GET /xingrg/all/function/internal_message.html?_=1586045395733&CODE_STATE=getMsg HTTP/1.1" 200 27
117.131.5.26 - - [05/Apr/2020:08:08:58 +0800] "GET /xingrg/all/function/internal_message.html?_=1586045591986&CODE_STATE=getMsg HTTP/1.1" 200 27
172.17.0.112 - - [05/Apr/2020:08:09:03 +0800] "GET /xingrg/check_reg.html?_=1586045340351 HTTP/1.1" 302 -
117.131.5.26 - - [05/Apr/2020:08:09:20 +0800] "GET /xingrg/check_reg.html?_=1586045360940 HTTP/1.1" 200 22
172.17.0.112 - - [05/Apr/2020:08:09:21 +0800] "GET /xingrg/all/function/internal_message.html?_=1586045358446&CODE_STATE=getMsg HTTP/1.1" 302 -
172.17.0.112 - - [05/Apr/2020:08:09:28 +0800] "GET /xingrg/all/function/internal_message.html?_=1586045364873&CODE_STATE=getMsg HTTP/1.1" 302 -
117.131.5.26 - - [05/Apr/2020:08:09:29 +0800] "GET /xingrg/check_reg.html?_=1586045369705 HTTP/1.1" 200 22
114.84.33.255 - - [05/Apr/2020:08:09:37 +0800] "GET /xingrg/all/function/internal_message.html?_=1586045374089&CODE_STATE=getMsg HTTP/1.1" 200 27
117.131.5.26 - - [05/Apr/2020:08:09:44 +0800] "GET /xingrg/all/function/internal_message.html?_=1586045384534&CODE_STATE=getMsg HTTP/1.1" 200 27
117.131.5.26 - - [05/Apr/2020:08:09:46 +0800] "GET /xingrg/check_reg.html?_=1586045640008 HTTP/1.1" 200 22
172.17.0.185 - - [05/Apr/2020:08:09:47 +0800] "GET /xingrg/all/function/internal_message.html?_=1586045383039&CODE_STATE=getMsg HTTP/1.1" 200 27
120.253.135.82 - - [05/Apr/2020:08:09:48 +0800] "GET /xingrg/check_reg.html?_=1586045455560 HTTP/1.1" 200 22
120.253.135.82 - - [05/Apr/2020:08:09:48 +0800] "GET /xingrg/all/function/internal_message.html?_=1586045455748&CODE_STATE=getMsg HTTP/1.1" 200 27
117.131.5.26 - - [05/Apr/2020:08:09:58 +0800] "GET /xingrg/all/function/internal_message.html?_=1586045651988&CODE_STATE=getMsg HTTP/1.1" 200 27
172.17.0.112 - - [05/Apr/2020:08:10:22 +0800] "GET /xingrg/all/function/internal_message.html?_=1586045418478&CODE_STATE=getMsg HTTP/1.1" 302 -
172.17.0.112 - - [05/Apr/2020:08:10:28 +0800] "GET /xingrg/all/function/internal_message.html?_=1586045424912&CODE_STATE=getMsg HTTP/1.1" 302 -
114.84.33.255 - - [05/Apr/2020:08:10:37 +0800] "GET /xingrg/all/function/internal_message.html?_=1586045434377&CODE_STATE=getMsg HTTP/1.1" 200 27
117.131.5.26 - - [05/Apr/2020:08:10:44 +0800] "GET /xingrg/all/function/internal_message.html?_=1586045444534&CODE_STATE=getMsg HTTP/1.1" 200 27
172.17.0.185 - - [05/Apr/2020:08:10:47 +0800] "GET /xingrg/all/function/internal_message.html?_=1586045443028&CODE_STATE=getMsg HTTP/1.1" 200 27
120.253.135.82 - - [05/Apr/2020:08:10:48 +0800] "GET /xingrg/all/function/internal_message.html?_=1586045515760&CODE_STATE=getMsg HTTP/1.1" 200 27
117.131.5.26 - - [05/Apr/2020:08:10:58 +0800] "GET /xingrg/all/function/internal_message.html?_=1586045712002&CODE_STATE=getMsg HTTP/1.1" 200 27
114.84.33.255 - - [05/Apr/2020:08:11:06 +0800] "GET /xingrg/check_reg.html?_=1586045463183 HTTP/1.1" 200 22
172.17.0.112 - - [05/Apr/2020:08:11:22 +0800] "GET /xingrg/all/function/internal_message.html?_=1586045478489&CODE_STATE=getMsg HTTP/1.1" 302 -
172.17.0.112 - - [05/Apr/2020:08:11:28 +0800] "GET /xingrg/all/function/internal_message.html?_=1586045484917&CODE_STATE=getMsg HTTP/1.1" 302 -
114.84.33.255 - - [05/Apr/2020:08:11:37 +0800] "GET /xingrg/all/function/internal_message.html?_=1586045494382&CODE_STATE=getMsg HTTP/1.1" 200 27
117.131.5.26 - - [05/Apr/2020:08:11:44 +0800] "GET /xingrg/all/function/internal_message.html?_=1586045504549&CODE_STATE=getMsg HTTP/1.1" 200 27
172.17.0.185 - - [05/Apr/2020:08:11:47 +0800] "GET /xingrg/all/function/internal_message.html?_=1586045503034&CODE_STATE=getMsg HTTP/1.1" 200 27
120.253.135.82 - - [05/Apr/2020:08:11:48 +0800] "GET /xingrg/all/function/internal_message.html?_=1586045575774&CODE_STATE=getMsg HTTP/1.1" 200 27
117.131.5.26 - - [05/Apr/2020:08:11:58 +0800] "GET /xingrg/all/function/internal_message.html?_=1586045772024&CODE_STATE=getMsg HTTP/1.1" 200 27
172.17.0.112 - - [05/Apr/2020:08:12:22 +0800] "GET /xingrg/all/function/internal_message.html?_=1586045538524&CODE_STATE=getMsg HTTP/1.1" 302 -
172.17.0.112 - - [05/Apr/2020:08:12:28 +0800] "GET /xingrg/all/function/internal_message.html?_=1586045544955&CODE_STATE=getMsg HTTP/1.1" 302 -
172.17.0.112 - - [05/Apr/2020:08:12:36 +0800] "GET /xingrg/check_reg.html?_=1586045553057 HTTP/1.1" 302 -
114.84.33.255 - - [05/Apr/2020:08:12:37 +0800] "GET /xingrg/all/function/internal_message.html?_=1586045554395&CODE_STATE=getMsg HTTP/1.1" 200 27
117.131.5.26 - - [05/Apr/2020:08:12:44 +0800] "GET /xingrg/all/function/internal_message.html?_=1586045564549&CODE_STATE=getMsg HTTP/1.1" 200 27
172.17.0.185 - - [05/Apr/2020:08:12:47 +0800] "GET /xingrg/all/function/internal_message.html?_=1586045563023&CODE_STATE=getMsg HTTP/1.1" 200 27
120.253.135.82 - - [05/Apr/2020:08:12:48 +0800] "GET /xingrg/all/function/internal_message.html?_=1586045635789&CODE_STATE=getMsg HTTP/1.1" 200 27
117.131.5.26 - - [05/Apr/2020:08:12:58 +0800] "GET /xingrg/all/function/internal_message.html?_=1586045832029&CODE_STATE=getMsg HTTP/1.1" 200 27
172.17.0.112 - - [05/Apr/2020:08:13:22 +0800] "GET /xingrg/all/function/internal_message.html?_=1586045598532&CODE_STATE=getMsg HTTP/1.1" 302 -
172.17.0.112 - - [05/Apr/2020:08:13:28 +0800] "GET /xingrg/all/function/internal_message.html?_=1586045604980&CODE_STATE=getMsg HTTP/1.1" 302 -
114.84.33.255 - - [05/Apr/2020:08:13:38 +0800] "GET /xingrg/all/function/internal_message.html?_=1586045614688&CODE_STATE=getMsg HTTP/1.1" 200 27
117.131.5.26 - - [05/Apr/2020:08:13:44 +0800] "GET /xingrg/all/function/internal_message.html?_=1586045624565&CODE_STATE=getMsg HTTP/1.1" 200 27
172.17.0.185 - - [05/Apr/2020:08:13:47 +0800] "GET /xingrg/all/function/internal_message.html?_=1586045623030&CODE_STATE=getMsg HTTP/1.1" 200 27
172.17.0.185 - - [05/Apr/2020:08:13:47 +0800] "GET /xingrg/check_reg.html?_=1586045623034 HTTP/1.1" 200 22
120.253.135.82 - - [05/Apr/2020:08:13:48 +0800] "GET /xingrg/all/function/internal_message.html?_=1586045695801&CODE_STATE=getMsg HTTP/1.1" 200 27
117.131.5.26 - - [05/Apr/2020:08:13:58 +0800] "GET /xingrg/all/function/internal_message.html?_=1586045892054&CODE_STATE=getMsg HTTP/1.1" 200 27
172.17.0.112 - - [05/Apr/2020:08:14:03 +0800] "GET /xingrg/check_reg.html?_=1586045640374 HTTP/1.1" 302 -
117.131.5.26 - - [05/Apr/2020:08:14:20 +0800] "GET /xingrg/check_reg.html?_=1586045660940 HTTP/1.1" 200 22
172.17.0.112 - - [05/Apr/2020:08:14:22 +0800] "GET /xingrg/all/function/internal_message.html?_=1586045658560&CODE_STATE=getMsg HTTP/1.1" 302 -
172.17.0.112 - - [05/Apr/2020:08:14:28 +0800] "GET /xingrg/all/function/internal_message.html?_=1586045664988&CODE_STATE=getMsg HTTP/1.1" 302 -
117.131.5.26 - - [05/Apr/2020:08:14:29 +0800] "GET /xingrg/check_reg.html?_=1586045669705 HTTP/1.1" 200 22
114.84.33.255 - - [05/Apr/2020:08:14:38 +0800] "GET /xingrg/all/function/internal_message.html?_=1586045674703&CODE_STATE=getMsg HTTP/1.1" 200 27
117.131.5.26 - - [05/Apr/2020:08:14:44 +0800] "GET /xingrg/all/function/internal_message.html?_=1586045684565&CODE_STATE=getMsg HTTP/1.1" 200 27
117.131.5.26 - - [05/Apr/2020:08:14:46 +0800] "GET /xingrg/check_reg.html?_=1586045940017 HTTP/1.1" 200 22
172.17.0.185 - - [05/Apr/2020:08:14:47 +0800] "GET /xingrg/all/function/internal_message.html?_=1586045683037&CODE_STATE=getMsg HTTP/1.1" 200 27
120.253.135.82 - - [05/Apr/2020:08:14:48 +0800] "GET /xingrg/check_reg.html?_=1586045755569 HTTP/1.1" 200 22
120.253.135.82 - - [05/Apr/2020:08:14:48 +0800] "GET /xingrg/all/function/internal_message.html?_=1586045755814&CODE_STATE=getMsg HTTP/1.1" 200 27
117.131.5.26 - - [05/Apr/2020:08:14:58 +0800] "GET /xingrg/all/function/internal_message.html?_=1586045952072&CODE_STATE=getMsg HTTP/1.1" 200 27
172.17.0.112 - - [05/Apr/2020:08:15:22 +0800] "GET /xingrg/all/function/internal_message.html?_=1586045718574&CODE_STATE=getMsg HTTP/1.1" 302 -
172.17.0.112 - - [05/Apr/2020:08:15:28 +0800] "GET /xingrg/all/function/internal_message.html?_=1586045725026&CODE_STATE=getMsg HTTP/1.1" 302 -
114.84.33.255 - - [05/Apr/2020:08:15:38 +0800] "GET /xingrg/all/function/internal_message.html?_=1586045734994&CODE_STATE=getMsg HTTP/1.1" 200 27
117.131.5.26 - - [05/Apr/2020:08:15:44 +0800] "GET /xingrg/all/function/internal_message.html?_=1586045744565&CODE_STATE=getMsg HTTP/1.1" 200 27
172.17.0.185 - - [05/Apr/2020:08:15:47 +0800] "GET /xingrg/all/function/internal_message.html?_=1586045743025&CODE_STATE=getMsg HTTP/1.1" 200 27
120.253.135.82 - - [05/Apr/2020:08:15:48 +0800] "GET /xingrg/all/function/internal_message.html?_=1586045815830&CODE_STATE=getMsg HTTP/1.1" 200 27
117.131.5.26 - - [05/Apr/2020:08:15:58 +0800] "GET /xingrg/all/function/internal_message.html?_=1586046012086&CODE_STATE=getMsg HTTP/1.1" 200 27
114.84.33.255 - - [05/Apr/2020:08:16:06 +0800] "GET /xingrg/check_reg.html?_=1586045763191 HTTP/1.1" 200 22
172.17.0.112 - - [05/Apr/2020:08:16:22 +0800] "GET /xingrg/all/function/internal_message.html?_=1586045778607&CODE_STATE=getMsg HTTP/1.1" 302 -
172.17.0.112 - - [05/Apr/2020:08:16:28 +0800] "GET /xingrg/all/function/internal_message.html?_=1586045785032&CODE_STATE=getMsg HTTP/1.1" 302 -
114.84.33.255 - - [05/Apr/2020:08:16:38 +0800] "GET /xingrg/all/function/internal_message.html?_=1586045794996&CODE_STATE=getMsg HTTP/1.1" 200 27
117.131.5.26 - - [05/Apr/2020:08:16:44 +0800] "GET /xingrg/all/function/internal_message.html?_=1586045804580&CODE_STATE=getMsg HTTP/1.1" 200 27
172.17.0.185 - - [05/Apr/2020:08:16:47 +0800] "GET /xingrg/all/function/internal_message.html?_=1586045803030&CODE_STATE=getMsg HTTP/1.1" 200 27
120.253.135.82 - - [05/Apr/2020:08:16:48 +0800] "GET /xingrg/all/function/internal_message.html?_=1586045875842&CODE_STATE=getMsg HTTP/1.1" 200 27
117.131.5.26 - - [05/Apr/2020:08:16:58 +0800] "GET /xingrg/all/function/internal_message.html?_=1586046072109&CODE_STATE=getMsg HTTP/1.1" 200 27
172.17.0.112 - - [05/Apr/2020:08:17:22 +0800] "GET /xingrg/all/function/internal_message.html?_=1586045838618&CODE_STATE=getMsg HTTP/1.1" 302 -
172.17.0.112 - - [05/Apr/2020:08:17:28 +0800] "GET /xingrg/all/function/internal_message.html?_=1586045845067&CODE_STATE=getMsg HTTP/1.1" 302 -
180.156.150.85 - - [05/Apr/2020:08:17:29 +0800] "GET /xingrg/index.html?sysBaseUrl=http%3A%2F%2F180.169.147.146%3A18081%2Fxingrg%2F&costTime=36×tamp=1585223203754 HTTP/1.1" 302 -
180.156.150.85 - - [05/Apr/2020:08:17:29 +0800] "GET /xingrg/login.html HTTP/1.1" 200 7641
180.156.150.85 - - [05/Apr/2020:08:17:29 +0800] "GET /xingrg/images/blue/jxLogo.png HTTP/1.1" 304 -
180.156.150.85 - - [05/Apr/2020:08:17:29 +0800] "GET /xingrg/images/blue/login_bg.png HTTP/1.1" 304 -
180.156.150.85 - - [05/Apr/2020:08:17:29 +0800] "GET /xingrg/images/blue/srbg.png HTTP/1.1" 304 -
180.156.150.85 - - [05/Apr/2020:08:17:29 +0800] "GET /xingrg/images/blue/hj.png HTTP/1.1" 304 -
180.156.150.85 - - [05/Apr/2020:08:17:29 +0800] "GET /favicon.ico HTTP/1.1" 404 -
172.17.0.112 - - [05/Apr/2020:08:17:36 +0800] "GET /xingrg/check_reg.html?_=1586045853065 HTTP/1.1" 302 -
114.84.33.255 - - [05/Apr/2020:08:17:38 +0800] "GET /xingrg/all/function/internal_message.html?_=1586045855009&CODE_STATE=getMsg HTTP/1.1" 200 27
180.156.150.85 - - [05/Apr/2020:08:17:41 +0800] "POST /xingrg/login.do HTTP/1.1" 200 2421
180.156.150.85 - - [05/Apr/2020:08:17:41 +0800] "GET /favicon.ico HTTP/1.1" 404 -
180.156.150.85 - - [05/Apr/2020:08:17:41 +0800] "GET /xingrg/login.html HTTP/1.1" 200 7641
180.156.150.85 - - [05/Apr/2020:08:17:42 +0800] "GET /favicon.ico HTTP/1.1" 404 -
180.156.150.85 - - [05/Apr/2020:08:17:42 +0800] "POST /xingrg/login.do HTTP/1.1" 302 -
180.156.150.85 - - [05/Apr/2020:08:17:42 +0800] "GET /xingrg/index.html?sysBaseUrl=http%3A%2F%2F180.169.147.146%3A18081%2Fxingrg%2F&costTime=40×tamp=1586045862764 HTTP/1.1" 200 17173
180.156.150.85 - - [05/Apr/2020:08:17:42 +0800] "GET /xingrg/css/form.css HTTP/1.1" 304 -
180.156.150.85 - - [05/Apr/2020:08:17:42 +0800] "GET /xingrg/javascript/jquery_easy_ui/easyui-lang-zh_CN.js HTTP/1.1" 304 -
180.156.150.85 - - [05/Apr/2020:08:17:42 +0800] "GET /xingrg/javascript/jquery.form.js HTTP/1.1" 304 -
180.156.150.85 - - [05/Apr/2020:08:17:42 +0800] "GET /xingrg/javascript/jquery.timers.js HTTP/1.1" 304 -
180.156.150.85 - - [05/Apr/2020:08:17:42 +0800] "GET /favicon.ico HTTP/1.1" 404 -
180.156.150.85 - - [05/Apr/2020:08:17:42 +0800] "GET /xingrg/javascript/jquery_easy_ui/themes/icons/settle_new.png HTTP/1.1" 304 -
180.156.150.85 - - [05/Apr/2020:08:17:42 +0800] "GET /xingrg/images/blue/navBackgound.jpg HTTP/1.1" 304 -
180.156.150.85 - - [05/Apr/2020:08:17:43 +0800] "POST /xingrg/all/common/load_tree.html?tree=area_rest_tree_json&manage=1 HTTP/1.1" 200 3088
180.156.150.85 - - [05/Apr/2020:08:17:43 +0800] "POST /xingrg/load_menu.html HTTP/1.1" 200 5138
180.156.150.85 - - [05/Apr/2020:08:17:43 +0800] "GET /xingrg/images/blue/pingpu.png HTTP/1.1" 304 -
180.156.150.85 - - [05/Apr/2020:08:17:43 +0800] "GET /xingrg/check_reg.html?_=1586045858866 HTTP/1.1" 200 22
180.156.150.85 - - [05/Apr/2020:08:17:43 +0800] "GET /xingrg/javascript/jquery_easy_ui/themes/default/images/tree_arrows.gif HTTP/1.1" 304 -
180.156.150.85 - - [05/Apr/2020:08:17:43 +0800] "GET /xingrg/javascript/jquery_easy_ui/themes/default/images/tabs_rightarrow.png HTTP/1.1" 304 -
180.156.150.85 - - [05/Apr/2020:08:17:43 +0800] "GET /xingrg/javascript/jquery_easy_ui/themes/default/images/tabs_leftarrow.png HTTP/1.1" 304 -
180.156.150.85 - - [05/Apr/2020:08:17:43 +0800] "GET /xingrg/javascript/jquery_easy_ui/themes/default/images/panel_tool_collapse.gif HTTP/1.1" 304 -
180.156.150.85 - - [05/Apr/2020:08:17:43 +0800] "GET /xingrg/all/function/internal_message.html?_=1586045858865&CODE_STATE=count HTTP/1.1" 200 11
180.156.150.85 - - [05/Apr/2020:08:17:43 +0800] "GET /xingrg/javascript/jquery_easy_ui/themes/default/images/tree_folder_open.gif HTTP/1.1" 304 -
180.156.150.85 - - [05/Apr/2020:08:17:43 +0800] "GET /xingrg/javascript/jquery_easy_ui/themes/icons/search_new.png HTTP/1.1" 304 -
180.156.150.85 - - [05/Apr/2020:08:17:43 +0800] "GET /xingrg/javascript/jquery_easy_ui/themes/icons/forms_new.png HTTP/1.1" 304 -
180.156.150.85 - - [05/Apr/2020:08:17:43 +0800] "GET /xingrg/javascript/jquery_easy_ui/themes/default/images/tree_folder.gif HTTP/1.1" 304 -
180.156.150.85 - - [05/Apr/2020:08:17:43 +0800] "GET /xingrg/javascript/jquery_easy_ui/themes/default/images/tree_file.gif HTTP/1.1" 304 -
180.156.150.85 - - [05/Apr/2020:08:17:43 +0800] "GET /xingrg/javascript/jquery_easy_ui/themes/icons/storage_new.png HTTP/1.1" 304 -
117.131.5.26 - - [05/Apr/2020:08:17:44 +0800] "GET /xingrg/all/function/internal_message.html?_=1586045864580&CODE_STATE=getMsg HTTP/1.1" 200 27
180.156.150.85 - - [05/Apr/2020:08:17:47 +0800] "GET /xingrg/javascript/jquery_easy_ui/themes/default/images/tabs_close.gif HTTP/1.1" 304 -
180.156.150.85 - - [05/Apr/2020:08:17:47 +0800] "GET /xingrg/kc/buy/cgsh_order_list.html HTTP/1.1" 200 42354
172.17.0.185 - - [05/Apr/2020:08:17:47 +0800] "GET /xingrg/all/function/internal_message.html?_=1586045863035&CODE_STATE=getMsg HTTP/1.1" 200 27
120.253.135.82 - - [05/Apr/2020:08:17:48 +0800] "GET /xingrg/all/function/internal_message.html?_=1586045935857&CODE_STATE=getMsg HTTP/1.1" 200 27
180.156.150.85 - - [05/Apr/2020:08:17:48 +0800] "GET /xingrg/javascript/easyui/themes/icons/import_new.png HTTP/1.1" 304 -
180.156.150.85 - - [05/Apr/2020:08:17:49 +0800] "POST /xingrg/kc/buy/cgsh_list_operate.html HTTP/1.1" 200 876
180.156.150.85 - - [05/Apr/2020:08:17:50 +0800] "GET /xingrg/kc/buy/cgsh_order_list.html HTTP/1.1" 200 42354
180.156.150.85 - - [05/Apr/2020:08:17:51 +0800] "POST /xingrg/kc/buy/cgsh_list_operate.html HTTP/1.1" 200 876
117.131.5.26 - - [05/Apr/2020:08:17:58 +0800] "GET /xingrg/all/function/internal_message.html?_=1586046132112&CODE_STATE=getMsg HTTP/1.1" 200 27
180.156.150.85 - - [05/Apr/2020:08:17:58 +0800] "POST /xingrg/kc/buy/cgsh_list_operate.html HTTP/1.1" 200 5633
180.156.150.85 - - [05/Apr/2020:08:18:07 +0800] "GET /xingrg/javascript/auto/indicator.gif HTTP/1.1" 404 1066
180.156.150.85 - - [05/Apr/2020:08:18:20 +0800] "POST /xingrg/kc/buy/cgsh_list_operate.html HTTP/1.1" 200 2837
172.17.0.112 - - [05/Apr/2020:08:18:22 +0800] "GET /xingrg/all/function/internal_message.html?_=1586045898648&CODE_STATE=getMsg HTTP/1.1" 302 -
180.156.150.85 - - [05/Apr/2020:08:18:23 +0800] "GET /xingrg/kc/buy/cgsh_order_add.html HTTP/1.1" 200 57969
180.156.150.85 - - [05/Apr/2020:08:18:24 +0800] "POST /xingrg/kc/buy/cgsh_order_operate.html HTTP/1.1" 200 8245
180.156.150.85 - - [05/Apr/2020:08:18:24 +0800] "GET /xingrg/all/common/auto_word.html?type=employee&rest_code=00105 HTTP/1.1" 200 193
180.156.150.85 - - [05/Apr/2020:08:18:24 +0800] "GET /xingrg/all/common/auto_word.html?type=employee&rest_code=00105 HTTP/1.1" 200 193
180.156.150.85 - - [05/Apr/2020:08:18:24 +0800] "GET /xingrg/javascript/easyui/themes/default/validatebox.css HTTP/1.1" 404 1104
180.156.150.85 - - [05/Apr/2020:08:18:27 +0800] "GET /xingrg/javascript/jquery_easy_ui/themes/default/images/tabs_active.png HTTP/1.1" 304 -
172.17.0.112 - - [05/Apr/2020:08:18:28 +0800] "GET /xingrg/all/function/internal_message.html?_=1586045905094&CODE_STATE=getMsg HTTP/1.1" 302 -
114.84.33.255 - - [05/Apr/2020:08:18:38 +0800] "GET /xingrg/all/function/internal_message.html?_=1586045915308&CODE_STATE=getMsg HTTP/1.1" 200 27
180.156.150.85 - - [05/Apr/2020:08:18:43 +0800] "GET /xingrg/all/function/internal_message.html?_=1586045918870&CODE_STATE=getMsg HTTP/1.1" 200 27
117.131.5.26 - - [05/Apr/2020:08:18:44 +0800] "GET /xingrg/all/function/internal_message.html?_=1586045924596&CODE_STATE=getMsg HTTP/1.1" 200 27
172.17.0.185 - - [05/Apr/2020:08:18:47 +0800] "GET /xingrg/check_reg.html?_=1586045923023 HTTP/1.1" 200 22
172.17.0.185 - - [05/Apr/2020:08:18:47 +0800] "GET /xingrg/all/function/internal_message.html?_=1586045923025&CODE_STATE=getMsg HTTP/1.1" 200 27
120.253.135.82 - - [05/Apr/2020:08:18:48 +0800] "GET /xingrg/all/function/internal_message.html?_=1586045995869&CODE_STATE=getMsg HTTP/1.1" 200 27
117.131.5.26 - - [05/Apr/2020:08:18:58 +0800] "GET /xingrg/all/function/internal_message.html?_=1586046192142&CODE_STATE=getMsg HTTP/1.1" 200 27
180.156.150.85 - - [05/Apr/2020:08:19:00 +0800] "GET /xingrg/kc/buy/cgsh_order_operate.html?command=get_materiel&rest_code=00105&code=00101008256&supplier_code=00100203&order_time=2020-04-05 HTTP/1.1" 200 412
172.17.0.112 - - [05/Apr/2020:08:19:03 +0800] "GET /xingrg/check_reg.html?_=1586045940377 HTTP/1.1" 302 -
180.156.150.85 - - [05/Apr/2020:08:19:09 +0800] "GET /xingrg/kc/buy/cgsh_order_operate.html?command=get_materiel&rest_code=00105&code=00101008155&supplier_code=00100203&order_time=2020-04-05 HTTP/1.1" 200 408
180.156.150.85 - - [05/Apr/2020:08:19:19 +0800] "GET /xingrg/kc/buy/cgsh_order_operate.html?command=get_materiel&rest_code=00105&code=00101008049&supplier_code=00100203&order_time=2020-04-05 HTTP/1.1" 200 408
117.131.5.26 - - [05/Apr/2020:08:19:20 +0800] "GET /xingrg/check_reg.html?_=1586045960940 HTTP/1.1" 200 22
172.17.0.112 - - [05/Apr/2020:08:19:22 +0800] "GET /xingrg/all/function/internal_message.html?_=1586045958661&CODE_STATE=getMsg HTTP/1.1" 302 -
180.156.150.85 - - [05/Apr/2020:08:19:27 +0800] "GET /xingrg/kc/buy/cgsh_order_operate.html?command=get_materiel&rest_code=00105&code=00101008211&supplier_code=00100203&order_time=2020-04-05 HTTP/1.1" 200 412
172.17.0.112 - - [05/Apr/2020:08:19:28 +0800] "GET /xingrg/all/function/internal_message.html?_=1586045965104&CODE_STATE=getMsg HTTP/1.1" 302 -
117.131.5.26 - - [05/Apr/2020:08:19:29 +0800] "GET /xingrg/check_reg.html?_=1586045969705 HTTP/1.1" 200 22
180.156.150.85 - - [05/Apr/2020:08:19:38 +0800] "GET /xingrg/kc/buy/cgsh_order_operate.html?command=get_materiel&rest_code=00105&code=00101008036&supplier_code=00100203&order_time=2020-04-05 HTTP/1.1" 200 408
114.84.33.255 - - [05/Apr/2020:08:19:38 +0800] "GET /xingrg/all/function/internal_message.html?_=1586045975317&CODE_STATE=getMsg HTTP/1.1" 200 27
180.156.150.85 - - [05/Apr/2020:08:19:43 +0800] "GET /xingrg/all/function/internal_message.html?_=1586045978879&CODE_STATE=getMsg HTTP/1.1" 200 27
117.131.5.26 - - [05/Apr/2020:08:19:44 +0800] "GET /xingrg/all/function/internal_message.html?_=1586045984596&CODE_STATE=getMsg HTTP/1.1" 200 27
180.156.150.85 - - [05/Apr/2020:08:19:46 +0800] "GET /xingrg/kc/buy/cgsh_order_operate.html?command=get_materiel&rest_code=00105&code=00101008271&supplier_code=00100203&order_time=2020-04-05 HTTP/1.1" 200 408
117.131.5.26 - - [05/Apr/2020:08:19:46 +0800] "GET /xingrg/check_reg.html?_=1586046240022 HTTP/1.1" 200 22
172.17.0.185 - - [05/Apr/2020:08:19:47 +0800] "GET /xingrg/all/function/internal_message.html?_=1586045983027&CODE_STATE=getMsg HTTP/1.1" 200 27
120.253.135.82 - - [05/Apr/2020:08:19:48 +0800] "GET /xingrg/check_reg.html?_=1586046055573 HTTP/1.1" 200 22
120.253.135.82 - - [05/Apr/2020:08:19:48 +0800] "GET /xingrg/all/function/internal_message.html?_=1586046055883&CODE_STATE=getMsg HTTP/1.1" 200 27
180.156.150.85 - - [05/Apr/2020:08:19:52 +0800] "GET /xingrg/kc/buy/cgsh_order_operate.html?command=get_materiel&rest_code=00105&code=00101008353&supplier_code=00100203&order_time=2020-04-05 HTTP/1.1" 200 408
117.131.5.26 - - [05/Apr/2020:08:19:58 +0800] "GET /xingrg/all/function/internal_message.html?_=1586046252155&CODE_STATE=getMsg HTTP/1.1" 200 27
180.156.150.85 - - [05/Apr/2020:08:20:00 +0800] "GET /xingrg/kc/buy/cgsh_order_operate.html?command=get_materiel&rest_code=00105&code=00101008004&supplier_code=00100203&order_time=2020-04-05 HTTP/1.1" 200 416
180.156.150.85 - - [05/Apr/2020:08:20:07 +0800] "GET /xingrg/kc/buy/cgsh_order_operate.html?command=get_materiel&rest_code=00105&code=00101008185&supplier_code=00100203&order_time=2020-04-05 HTTP/1.1" 200 408
180.156.150.85 - - [05/Apr/2020:08:20:21 +0800] "GET /xingrg/kc/buy/cgsh_order_operate.html?command=get_materiel&rest_code=00105&code=00101001060&supplier_code=00100203&order_time=2020-04-05 HTTP/1.1" 200 419
172.17.0.112 - - [05/Apr/2020:08:20:22 +0800] "GET /xingrg/all/function/internal_message.html?_=1586046018692&CODE_STATE=getMsg HTTP/1.1" 302 -
180.156.150.85 - - [05/Apr/2020:08:20:26 +0800] "GET /xingrg/kc/buy/cgsh_order_operate.html?command=get_materiel&rest_code=00105&code=00101001061&supplier_code=00100203&order_time=2020-04-05 HTTP/1.1" 200 417
172.17.0.112 - - [05/Apr/2020:08:20:28 +0800] "GET /xingrg/all/function/internal_message.html?_=1586046025140&CODE_STATE=getMsg HTTP/1.1" 302 -
114.84.33.255 - - [05/Apr/2020:08:20:39 +0800] "GET /xingrg/all/function/internal_message.html?_=1586046035614&CODE_STATE=getMsg HTTP/1.1" 200 27
180.156.150.85 - - [05/Apr/2020:08:20:43 +0800] "GET /xingrg/all/function/internal_message.html?_=1586046038868&CODE_STATE=getMsg HTTP/1.1" 200 27
117.131.5.26 - - [05/Apr/2020:08:20:44 +0800] "GET /xingrg/all/function/internal_message.html?_=1586046044596&CODE_STATE=getMsg HTTP/1.1" 200 27
172.17.0.185 - - [05/Apr/2020:08:20:47 +0800] "GET /xingrg/all/function/internal_message.html?_=1586046043029&CODE_STATE=getMsg HTTP/1.1" 200 27
120.253.135.82 - - [05/Apr/2020:08:20:48 +0800] "GET /xingrg/all/function/internal_message.html?_=1586046115895&CODE_STATE=getMsg HTTP/1.1" 200 27
180.156.150.85 - - [05/Apr/2020:08:20:55 +0800] "GET /xingrg/kc/buy/cgsh_order_operate.html?command=get_materiel&rest_code=00105&code=00101008175&supplier_code=00100203&order_time=2020-04-05 HTTP/1.1" 200 412
117.131.5.26 - - [05/Apr/2020:08:20:58 +0800] "GET /xingrg/all/function/internal_message.html?_=1586046312169&CODE_STATE=getMsg HTTP/1.1" 200 27
180.156.150.85 - - [05/Apr/2020:08:21:06 +0800] "GET /xingrg/kc/buy/cgsh_order_operate.html?command=get_materiel&rest_code=00105&code=00101008261&supplier_code=00100203&order_time=2020-04-05 HTTP/1.1" 200 408
114.84.33.255 - - [05/Apr/2020:08:21:06 +0800] "GET /xingrg/check_reg.html?_=1586046063201 HTTP/1.1" 200 22
180.156.150.85 - - [05/Apr/2020:08:21:12 +0800] "GET /xingrg/kc/buy/cgsh_order_operate.html?command=get_materiel&rest_code=00105&code=00101008210&supplier_code=00100203&order_time=2020-04-05 HTTP/1.1" 200 408
172.17.0.112 - - [05/Apr/2020:08:21:22 +0800] "GET /xingrg/all/function/internal_message.html?_=1586046078703&CODE_STATE=getMsg HTTP/1.1" 302 -
172.17.0.112 - - [05/Apr/2020:08:21:28 +0800] "GET /xingrg/all/function/internal_message.html?_=1586046085146&CODE_STATE=getMsg HTTP/1.1" 302 -
180.156.150.85 - - [05/Apr/2020:08:21:31 +0800] "GET /xingrg/kc/buy/cgsh_order_operate.html?command=get_materiel&rest_code=00105&code=00101001010&supplier_code=00100203&order_time=2020-04-05 HTTP/1.1" 200 410
114.84.33.255 - - [05/Apr/2020:08:21:39 +0800] "GET /xingrg/all/function/internal_message.html?_=1586046095625&CODE_STATE=getMsg HTTP/1.1" 200 27
180.156.150.85 - - [05/Apr/2020:08:21:43 +0800] "GET /xingrg/all/function/internal_message.html?_=1586046098875&CODE_STATE=getMsg HTTP/1.1" 200 27
117.131.5.26 - - [05/Apr/2020:08:21:44 +0800] "GET /xingrg/all/function/internal_message.html?_=1586046104612&CODE_STATE=getMsg HTTP/1.1" 200 27
172.17.0.185 - - [05/Apr/2020:08:21:47 +0800] "GET /xingrg/all/function/internal_message.html?_=1586046103034&CODE_STATE=getMsg HTTP/1.1" 200 27
120.253.135.82 - - [05/Apr/2020:08:21:48 +0800] "GET /xingrg/all/function/internal_message.html?_=1586046175909&CODE_STATE=getMsg HTTP/1.1" 200 27
180.156.150.85 - - [05/Apr/2020:08:21:50 +0800] "POST /xingrg/kc/buy/cgsh_order_operate.html HTTP/1.1" 200 2065
117.131.5.26 - - [05/Apr/2020:08:21:58 +0800] "GET /xingrg/all/function/internal_message.html?_=1586046372193&CODE_STATE=getMsg HTTP/1.1" 200 27
180.156.150.85 - - [05/Apr/2020:08:22:03 +0800] "GET /xingrg/kc/buy/cgsh_order_operate.html?command=get_materiel&rest_code=00105&code=00101008005&supplier_code=00100203&order_time=2020-04-05 HTTP/1.1" 200 412
180.156.150.85 - - [05/Apr/2020:08:22:18 +0800] "GET /xingrg/kc/buy/cgsh_order_operate.html?command=get_materiel&rest_code=00105&code=00101008168&supplier_code=00100203&order_time=2020-04-05 HTTP/1.1" 200 412
172.17.0.112 - - [05/Apr/2020:08:22:22 +0800] "GET /xingrg/all/function/internal_message.html?_=1586046138738&CODE_STATE=getMsg HTTP/1.1" 302 -
180.156.150.85 - - [05/Apr/2020:08:22:27 +0800] "GET /xingrg/kc/buy/cgsh_order_operate.html?command=get_materiel&rest_code=00105&code=00101008114&supplier_code=00100203&order_time=2020-04-05 HTTP/1.1" 200 412
172.17.0.112 - - [05/Apr/2020:08:22:28 +0800] "GET /xingrg/all/function/internal_message.html?_=1586046145192&CODE_STATE=getMsg HTTP/1.1" 302 -
172.17.0.112 - - [05/Apr/2020:08:22:36 +0800] "GET /xingrg/check_reg.html?_=1586046153070 HTTP/1.1" 302 -
114.84.33.255 - - [05/Apr/2020:08:22:39 +0800] "GET /xingrg/all/function/internal_message.html?_=1586046155639&CODE_STATE=getMsg HTTP/1.1" 200 27
180.156.150.85 - - [05/Apr/2020:08:22:43 +0800] "GET /xingrg/check_reg.html?_=1586046158878 HTTP/1.1" 200 22
180.156.150.85 - - [05/Apr/2020:08:22:43 +0800] "GET /xingrg/all/function/internal_message.html?_=1586046158882&CODE_STATE=getMsg HTTP/1.1" 200 27
117.131.5.26 - - [05/Apr/2020:08:22:44 +0800] "GET /xingrg/all/function/internal_message.html?_=1586046164612&CODE_STATE=getMsg HTTP/1.1" 200 27
172.17.0.185 - - [05/Apr/2020:08:22:47 +0800] "GET /xingrg/all/function/internal_message.html?_=1586046163037&CODE_STATE=getMsg HTTP/1.1" 200 27
120.253.135.82 - - [05/Apr/2020:08:22:48 +0800] "GET /xingrg/all/function/internal_message.html?_=1586046235926&CODE_STATE=getMsg HTTP/1.1" 200 27
180.156.150.85 - - [05/Apr/2020:08:22:52 +0800] "GET /xingrg/kc/buy/cgsh_order_operate.html?command=get_materiel&rest_code=00105&code=00101008356&supplier_code=00100203&order_time=2020-04-05 HTTP/1.1" 200 408
117.131.5.26 - - [05/Apr/2020:08:22:58 +0800] "GET /xingrg/all/function/internal_message.html?_=1586046432197&CODE_STATE=getMsg HTTP/1.1" 200 27
180.156.150.85 - - [05/Apr/2020:08:23:14 +0800] "GET /xingrg/kc/buy/cgsh_order_operate.html?command=get_materiel&rest_code=00105&code=00101006112&supplier_code=00100203&order_time=2020-04-05 HTTP/1.1" 200 409
172.17.0.112 - - [05/Apr/2020:08:23:22 +0800] "GET /xingrg/all/function/internal_message.html?_=1586046198746&CODE_STATE=getMsg HTTP/1.1" 302 -
180.156.150.85 - - [05/Apr/2020:08:23:27 +0800] "GET /xingrg/kc/buy/cgsh_order_operate.html?command=get_materiel&rest_code=00105&code=00101012051&supplier_code=00100203&order_time=2020-04-05 HTTP/1.1" 200 408
172.17.0.112 - - [05/Apr/2020:08:23:28 +0800] "GET /xingrg/all/function/internal_message.html?_=1586046205222&CODE_STATE=getMsg HTTP/1.1" 302 -
180.156.150.85 - - [05/Apr/2020:08:23:39 +0800] "GET /xingrg/kc/buy/cgsh_order_operate.html?command=get_materiel&rest_code=00105&code=00101008331&supplier_code=00100203&order_time=2020-04-05 HTTP/1.1" 200 416
114.84.33.255 - - [05/Apr/2020:08:23:39 +0800] "GET /xingrg/all/function/internal_message.html?_=1586046215934&CODE_STATE=getMsg HTTP/1.1" 200 27
180.156.150.85 - - [05/Apr/2020:08:23:43 +0800] "GET /xingrg/all/function/internal_message.html?_=1586046218951&CODE_STATE=getMsg HTTP/1.1" 200 27
117.131.5.26 - - [05/Apr/2020:08:23:44 +0800] "GET /xingrg/all/function/internal_message.html?_=1586046224627&CODE_STATE=getMsg HTTP/1.1" 200 27
172.17.0.185 - - [05/Apr/2020:08:23:47 +0800] "GET /xingrg/check_reg.html?_=1586046223024 HTTP/1.1" 200 22
172.17.0.185 - - [05/Apr/2020:08:23:47 +0800] "GET /xingrg/all/function/internal_message.html?_=1586046223029&CODE_STATE=getMsg HTTP/1.1" 200 27
120.253.135.82 - - [05/Apr/2020:08:23:48 +0800] "GET /xingrg/all/function/internal_message.html?_=1586046295940&CODE_STATE=getMsg HTTP/1.1" 200 27
180.156.150.85 - - [05/Apr/2020:08:23:49 +0800] "GET /xingrg/kc/buy/cgsh_order_operate.html?command=get_materiel&rest_code=00105&code=00101008358&supplier_code=00100203&order_time=2020-04-05 HTTP/1.1" 200 412
117.131.5.26 - - [05/Apr/2020:08:23:58 +0800] "GET /xingrg/all/function/internal_message.html?_=1586046492223&CODE_STATE=getMsg HTTP/1.1" 200 27
172.17.0.112 - - [05/Apr/2020:08:24:03 +0800] "GET /xingrg/check_reg.html?_=1586046240400 HTTP/1.1" 302 -
180.156.150.85 - - [05/Apr/2020:08:24:08 +0800] "GET /xingrg/kc/buy/cgsh_order_operate.html?command=get_materiel&rest_code=00105&code=00101008003&supplier_code=00100203&order_time=2020-04-05 HTTP/1.1" 200 408
180.156.150.85 - - [05/Apr/2020:08:24:15 +0800] "GET /xingrg/kc/buy/cgsh_order_operate.html?command=get_materiel&rest_code=00105&code=00101008126&supplier_code=00100203&order_time=2020-04-05 HTTP/1.1" 200 412
180.156.150.85 - - [05/Apr/2020:08:24:19 +0800] "POST /xingrg/kc/buy/cgsh_order_operate.html HTTP/1.1" 200 2065
117.131.5.26 - - [05/Apr/2020:08:24:20 +0800] "GET /xingrg/check_reg.html?_=1586046260940 HTTP/1.1" 200 22
172.17.0.112 - - [05/Apr/2020:08:24:22 +0800] "GET /xingrg/all/function/internal_message.html?_=1586046258774&CODE_STATE=getMsg HTTP/1.1" 302 -
180.156.150.85 - - [05/Apr/2020:08:24:24 +0800] "GET /xingrg/kc/buy/cgsh_order_operate.html?command=get_materiel&rest_code=00105&code=00101008361&supplier_code=00100203&order_time=2020-04-05 HTTP/1.1" 200 408
172.17.0.112 - - [05/Apr/2020:08:24:28 +0800] "GET /xingrg/all/function/internal_message.html?_=1586046265234&CODE_STATE=getMsg HTTP/1.1" 302 -
117.131.5.26 - - [05/Apr/2020:08:24:29 +0800] "GET /xingrg/check_reg.html?_=1586046269705 HTTP/1.1" 200 22
180.156.150.85 - - [05/Apr/2020:08:24:33 +0800] "GET /xingrg/kc/buy/cgsh_order_operate.html?command=get_materiel&rest_code=00105&code=00101008321&supplier_code=00100203&order_time=2020-04-05 HTTP/1.1" 200 412
114.84.33.255 - - [05/Apr/2020:08:24:39 +0800] "GET /xingrg/all/function/internal_message.html?_=1586046275947&CODE_STATE=getMsg HTTP/1.1" 200 27
180.156.150.85 - - [05/Apr/2020:08:24:41 +0800] "GET /xingrg/kc/buy/cgsh_order_operate.html?command=get_materiel&rest_code=00105&code=00101008357&supplier_code=00100203&order_time=2020-04-05 HTTP/1.1" 200 408
180.156.150.85 - - [05/Apr/2020:08:24:43 +0800] "GET /xingrg/system/info/materiel_import.html?isSelect=1&singleSelect=false HTTP/1.1" 200 5600
180.156.150.85 - - [05/Apr/2020:08:24:43 +0800] "POST /xingrg/all/common/load_tree.html?tree=materiel_sort_tree_json HTTP/1.1" 200 8666
180.156.150.85 - - [05/Apr/2020:08:24:43 +0800] "GET /favicon.ico HTTP/1.1" 404 -
180.156.150.85 - - [05/Apr/2020:08:24:43 +0800] "GET /xingrg/all/function/internal_message.html?_=1586046279421&CODE_STATE=getMsg HTTP/1.1" 200 27
117.131.5.26 - - [05/Apr/2020:08:24:44 +0800] "GET /xingrg/all/function/internal_message.html?_=1586046284627&CODE_STATE=getMsg HTTP/1.1" 200 27
117.131.5.26 - - [05/Apr/2020:08:24:46 +0800] "GET /xingrg/check_reg.html?_=1586046540027 HTTP/1.1" 200 22
27.115.124.70 - - [05/Apr/2020:08:24:47 +0800] "GET /xingrg/system/info/materiel_import.html HTTP/1.1" 302 -
27.115.124.70 - - [05/Apr/2020:08:24:47 +0800] "GET /xingrg/system/info/materiel_import.html HTTP/1.1" 302 -
27.115.124.70 - - [05/Apr/2020:08:24:47 +0800] "GET /xingrg/login.html HTTP/1.1" 200 2139
27.115.124.70 - - [05/Apr/2020:08:24:47 +0800] "GET /xingrg/javascript/mobile/jquery.mobile-1.3.2.min.css HTTP/1.1" 200 94670
27.115.124.70 - - [05/Apr/2020:08:24:47 +0800] "GET /xingrg/javascript/mobile/jquery-1.8.3.min.js HTTP/1.1" 200 93637
27.115.124.6 - - [05/Apr/2020:08:24:47 +0800] "GET /xingrg/javascript/mobile/jquery.mobile-1.3.2.min.js HTTP/1.1" 200 145396
172.17.0.185 - - [05/Apr/2020:08:24:47 +0800] "GET /xingrg/all/function/internal_message.html?_=1586046283030&CODE_STATE=getMsg HTTP/1.1" 200 27
120.253.135.82 - - [05/Apr/2020:08:24:48 +0800] "GET /xingrg/check_reg.html?_=1586046355581 HTTP/1.1" 200 22
27.115.124.6 - - [05/Apr/2020:08:24:48 +0800] "GET /xingrg/javascript/mobile/images/ajax-loader.gif HTTP/1.1" 200 7825
120.253.135.82 - - [05/Apr/2020:08:24:48 +0800] "GET /xingrg/all/function/internal_message.html?_=1586046355953&CODE_STATE=getMsg HTTP/1.1" 200 27
117.131.5.26 - - [05/Apr/2020:08:24:58 +0800] "GET /xingrg/all/function/internal_message.html?_=1586046552240&CODE_STATE=getMsg HTTP/1.1" 200 27
172.17.0.112 - - [05/Apr/2020:08:25:22 +0800] "GET /xingrg/all/function/internal_message.html?_=1586046318789&CODE_STATE=getMsg HTTP/1.1" 302 -
172.17.0.112 - - [05/Apr/2020:08:25:28 +0800] "GET /xingrg/all/function/internal_message.html?_=1586046325284&CODE_STATE=getMsg HTTP/1.1" 302 -
114.84.33.255 - - [05/Apr/2020:08:25:39 +0800] "GET /xingrg/all/function/internal_message.html?_=1586046336239&CODE_STATE=getMsg HTTP/1.1" 200 27
180.156.150.85 - - [05/Apr/2020:08:25:43 +0800] "GET /xingrg/all/function/internal_message.html?_=1586046339389&CODE_STATE=getMsg HTTP/1.1" 200 27
117.131.5.26 - - [05/Apr/2020:08:25:44 +0800] "GET /xingrg/all/function/internal_message.html?_=1586046344627&CODE_STATE=getMsg HTTP/1.1" 200 27
172.17.0.185 - - [05/Apr/2020:08:25:47 +0800] "GET /xingrg/all/function/internal_message.html?_=1586046343036&CODE_STATE=getMsg HTTP/1.1" 200 27
120.253.135.82 - - [05/Apr/2020:08:25:48 +0800] "GET /xingrg/all/function/internal_message.html?_=1586046415963&CODE_STATE=getMsg HTTP/1.1" 200 27
117.131.5.26 - - [05/Apr/2020:08:25:58 +0800] "GET /xingrg/all/function/internal_message.html?_=1586046612253&CODE_STATE=getMsg HTTP/1.1" 200 27
114.84.33.255 - - [05/Apr/2020:08:26:06 +0800] "GET /xingrg/check_reg.html?_=1586046363202 HTTP/1.1" 200 22
172.17.0.112 - - [05/Apr/2020:08:26:22 +0800] "GET /xingrg/all/function/internal_message.html?_=1586046378820&CODE_STATE=getMsg HTTP/1.1" 302 -
172.17.0.112 - - [05/Apr/2020:08:26:28 +0800] "GET /xingrg/all/function/internal_message.html?_=1586046385292&CODE_STATE=getMsg HTTP/1.1" 302 -
116.235.222.53 - - [05/Apr/2020:08:26:34 +0800] "GET /favicon.ico HTTP/1.1" 404 -
114.84.33.255 - - [05/Apr/2020:08:26:39 +0800] "GET /xingrg/all/function/internal_message.html?_=1586046396239&CODE_STATE=getMsg HTTP/1.1" 200 27
180.156.150.85 - - [05/Apr/2020:08:26:43 +0800] "GET /xingrg/all/function/internal_message.html?_=1586046399359&CODE_STATE=getMsg HTTP/1.1" 200 27
117.131.5.26 - - [05/Apr/2020:08:26:44 +0800] "GET /xingrg/all/function/internal_message.html?_=1586046404643&CODE_STATE=getMsg HTTP/1.1" 200 27
116.235.222.53 - - [05/Apr/2020:08:26:47 +0800] "GET /xingrg/login.html HTTP/1.1" 200 7641
172.17.0.185 - - [05/Apr/2020:08:26:47 +0800] "GET /xingrg/all/function/internal_message.html?_=1586046403025&CODE_STATE=getMsg HTTP/1.1" 200 27
120.253.135.82 - - [05/Apr/2020:08:26:48 +0800] "GET /xingrg/all/function/internal_message.html?_=1586046475977&CODE_STATE=getMsg HTTP/1.1" 200 27
116.235.222.53 - - [05/Apr/2020:08:26:50 +0800] "GET /favicon.ico HTTP/1.1" 404 -
117.131.5.26 - - [05/Apr/2020:08:26:58 +0800] "GET /xingrg/all/function/internal_message.html?_=1586046672280&CODE_STATE=getMsg HTTP/1.1" 200 27
116.235.222.53 - - [05/Apr/2020:08:27:05 +0800] "POST /xingrg/login.do HTTP/1.1" 302 -
116.235.222.53 - - [05/Apr/2020:08:27:05 +0800] "GET /xingrg/index.html?sysBaseUrl=http%3A%2F%2F180.169.147.146%3A18081%2Fxingrg%2F&costTime=36×tamp=1586046425449 HTTP/1.1" 200 17179
116.235.222.53 - - [05/Apr/2020:08:27:06 +0800] "GET /favicon.ico HTTP/1.1" 404 -
116.235.222.53 - - [05/Apr/2020:08:27:06 +0800] "POST /xingrg/all/common/load_tree.html?tree=area_rest_tree_json&manage=1 HTTP/1.1" 200 476
116.235.222.53 - - [05/Apr/2020:08:27:06 +0800] "GET /xingrg/all/function/internal_message.html?_=1586046422097&CODE_STATE=count HTTP/1.1" 200 11
116.235.222.53 - - [05/Apr/2020:08:27:06 +0800] "GET /xingrg/check_reg.html?_=1586046422103 HTTP/1.1" 200 22
116.235.222.53 - - [05/Apr/2020:08:27:06 +0800] "POST /xingrg/load_menu.html HTTP/1.1" 200 5138
116.235.222.53 - - [05/Apr/2020:08:27:09 +0800] "GET /xingrg/kc/base/base_main.html HTTP/1.1" 200 12142
116.235.222.53 - - [05/Apr/2020:08:27:11 +0800] "GET /xingrg/kc/base/wldb_order_list.html HTTP/1.1" 200 19258
116.235.222.53 - - [05/Apr/2020:08:27:16 +0800] "POST /xingrg/kc/base/wldb_list_operate.html HTTP/1.1" 200 928
116.235.222.53 - - [05/Apr/2020:08:27:16 +0800] "GET /xingrg/kc/base/base_main.html HTTP/1.1" 200 12142
116.235.222.53 - - [05/Apr/2020:08:27:18 +0800] "GET /xingrg/kc/base/yddb_order_list.html HTTP/1.1" 200 16864
116.235.222.53 - - [05/Apr/2020:08:27:20 +0800] "POST /xingrg/kc/base/yddb_list_operate.html HTTP/1.1" 200 1217
172.17.0.112 - - [05/Apr/2020:08:27:22 +0800] "GET /xingrg/all/function/internal_message.html?_=1586046438831&CODE_STATE=getMsg HTTP/1.1" 302 -
116.235.222.53 - - [05/Apr/2020:08:27:24 +0800] "POST /xingrg/kc/base/yddb_list_operate.html HTTP/1.1" 200 7590
172.17.0.112 - - [05/Apr/2020:08:27:28 +0800] "GET /xingrg/all/function/internal_message.html?_=1586046445339&CODE_STATE=getMsg HTTP/1.1" 302 -
116.235.222.53 - - [05/Apr/2020:08:27:28 +0800] "GET /xingrg/javascript/jquery_tools/images/next.gif HTTP/1.1" 404 1086
116.235.222.53 - - [05/Apr/2020:08:27:28 +0800] "GET /xingrg/javascript/jquery_tools/images/prev.gif HTTP/1.1" 404 1086
116.235.222.53 - - [05/Apr/2020:08:27:29 +0800] "POST /xingrg/kc/base/yddb_list_operate.html HTTP/1.1" 200 293
116.235.222.53 - - [05/Apr/2020:08:27:31 +0800] "GET /xingrg/kc/base/yddb_order_info.html?code=482020040400012 HTTP/1.1" 200 29555
116.235.222.53 - - [05/Apr/2020:08:27:31 +0800] "GET /xingrg/dwr/interface/AjaxComOrderService.js HTTP/1.1" 200 18264
116.235.222.53 - - [05/Apr/2020:08:27:31 +0800] "GET /xingrg/dwr/interface/AjaxYddbService.js HTTP/1.1" 200 13201
116.235.222.53 - - [05/Apr/2020:08:27:31 +0800] "GET /xingrg/dwr/util.js HTTP/1.1" 304 -
116.235.222.53 - - [05/Apr/2020:08:27:31 +0800] "GET /xingrg/dwr/engine.js HTTP/1.1" 200 43631
116.235.222.53 - - [05/Apr/2020:08:27:31 +0800] "POST /xingrg/dwr/call/plaincall/AjaxYddbService.loadMaterielItems.dwr HTTP/1.1" 200 797
116.235.222.53 - - [05/Apr/2020:08:27:34 +0800] "GET /xingrg/kc/base/yddb_order_list.html?isBack=1 HTTP/1.1" 200 16864
116.235.222.53 - - [05/Apr/2020:08:27:34 +0800] "POST /xingrg/kc/base/yddb_list_operate.html HTTP/1.1" 200 1217
172.17.0.112 - - [05/Apr/2020:08:27:36 +0800] "GET /xingrg/check_reg.html?_=1586046453075 HTTP/1.1" 302 -
116.235.222.53 - - [05/Apr/2020:08:27:38 +0800] "POST /xingrg/kc/base/yddb_list_operate.html HTTP/1.1" 200 7590
116.235.222.53 - - [05/Apr/2020:08:27:39 +0800] "POST /xingrg/kc/base/yddb_list_operate.html HTTP/1.1" 200 217
114.84.33.255 - - [05/Apr/2020:08:27:39 +0800] "GET /xingrg/all/function/internal_message.html?_=1586046456253&CODE_STATE=getMsg HTTP/1.1" 200 27
116.235.222.53 - - [05/Apr/2020:08:27:40 +0800] "GET /xingrg/kc/base/yddb_order_info.html?code=482020040400013 HTTP/1.1" 200 29555
116.235.222.53 - - [05/Apr/2020:08:27:40 +0800] "GET /xingrg/dwr/interface/AjaxYddbService.js HTTP/1.1" 200 13201
116.235.222.53 - - [05/Apr/2020:08:27:40 +0800] "GET /xingrg/dwr/interface/AjaxComOrderService.js HTTP/1.1" 200 18264
116.235.222.53 - - [05/Apr/2020:08:27:40 +0800] "GET /xingrg/dwr/engine.js HTTP/1.1" 200 43631
116.235.222.53 - - [05/Apr/2020:08:27:40 +0800] "POST /xingrg/dwr/call/plaincall/AjaxYddbService.loadMaterielItems.dwr HTTP/1.1" 200 454
180.156.150.85 - - [05/Apr/2020:08:27:43 +0800] "GET /xingrg/check_reg.html?_=1586046458914 HTTP/1.1" 200 22
180.156.150.85 - - [05/Apr/2020:08:27:43 +0800] "GET /xingrg/all/function/internal_message.html?_=1586046459331&CODE_STATE=getMsg HTTP/1.1" 200 27
117.131.5.26 - - [05/Apr/2020:08:27:44 +0800] "GET /xingrg/all/function/internal_message.html?_=1586046464643&CODE_STATE=getMsg HTTP/1.1" 200 27
172.17.0.185 - - [05/Apr/2020:08:27:47 +0800] "GET /xingrg/all/function/internal_message.html?_=1586046463031&CODE_STATE=getMsg HTTP/1.1" 200 27
120.253.135.82 - - [05/Apr/2020:08:27:48 +0800] "GET /xingrg/all/function/internal_message.html?_=1586046535994&CODE_STATE=getMsg HTTP/1.1" 200 27
