120.253.135.82 - - [05/Apr/2020:10:31:41 +0800] "GET /xingrg/dwr/interface/AjaxReportQueryService.js HTTP/1.1" 200 13203
120.253.135.82 - - [05/Apr/2020:10:31:41 +0800] "GET /xingrg/dwr/interface/AjaxQqpsService.js HTTP/1.1" 200 16326
120.253.135.82 - - [05/Apr/2020:10:31:41 +0800] "GET /xingrg/dwr/engine.js HTTP/1.1" 200 43631
117.185.32.26 - - [05/Apr/2020:10:31:42 +0800] "GET /xingrg/all/function/internal_message.html?_=1586054301518&CODE_STATE=getMsg HTTP/1.1" 200 27
180.157.252.250 - - [05/Apr/2020:10:31:42 +0800] "POST /xingrg/login.do HTTP/1.1" 302 -
180.157.252.250 - - [05/Apr/2020:10:31:42 +0800] "GET /xingrg/index.html?sysBaseUrl=http%3A%2F%2F180.169.147.146%3A18081%2Fxingrg%2F&costTime=37×tamp=1586053902627 HTTP/1.1" 200 17419
180.157.252.250 - - [05/Apr/2020:10:31:42 +0800] "GET /favicon.ico HTTP/1.1" 404 -
180.157.252.250 - - [05/Apr/2020:10:31:43 +0800] "POST /xingrg/all/common/load_tree.html?tree=area_rest_tree_json&manage=1 HTTP/1.1" 200 3088
180.157.252.250 - - [05/Apr/2020:10:31:43 +0800] "GET /xingrg/all/function/internal_message.html?_=1586053898815&CODE_STATE=count HTTP/1.1" 200 11
180.157.252.250 - - [05/Apr/2020:10:31:43 +0800] "GET /xingrg/check_reg.html?_=1586053898816 HTTP/1.1" 200 22
180.157.252.250 - - [05/Apr/2020:10:31:43 +0800] "POST /xingrg/load_menu.html HTTP/1.1" 200 9959
180.156.150.85 - - [05/Apr/2020:10:31:43 +0800] "GET /xingrg/all/function/internal_message.html?_=1586053898994&CODE_STATE=getMsg HTTP/1.1" 200 27
117.131.5.26 - - [05/Apr/2020:10:31:45 +0800] "GET /xingrg/check_reg.html?_=1586053906109 HTTP/1.1" 200 22
117.131.5.26 - - [05/Apr/2020:10:31:45 +0800] "GET /xingrg/all/function/internal_message.html?_=1586053906109&CODE_STATE=getMsg HTTP/1.1" 200 27
120.253.135.82 - - [05/Apr/2020:10:31:46 +0800] "GET /xingrg/kc/pszx/mdqp_order_list.html?state=10 HTTP/1.1" 200 10912
120.253.135.82 - - [05/Apr/2020:10:31:46 +0800] "GET /xingrg/dwr/interface/AjaxReportQueryService.js HTTP/1.1" 200 13203
120.253.135.82 - - [05/Apr/2020:10:31:46 +0800] "GET /xingrg/dwr/interface/AjaxQqpsService.js HTTP/1.1" 200 16326
120.253.135.82 - - [05/Apr/2020:10:31:46 +0800] "GET /xingrg/dwr/engine.js HTTP/1.1" 200 43631
180.157.252.250 - - [05/Apr/2020:10:31:47 +0800] "POST /xingrg/load_menu.html HTTP/1.1" 200 10168
172.17.0.185 - - [05/Apr/2020:10:31:48 +0800] "GET /xingrg/all/function/internal_message.html?_=1586053903030&CODE_STATE=getMsg HTTP/1.1" 200 27
180.157.252.250 - - [05/Apr/2020:10:31:51 +0800] "GET /xingrg/dwr/interface/AjaxGetFirstChart.js HTTP/1.1" 200 631
180.157.252.250 - - [05/Apr/2020:10:31:51 +0800] "GET /xingrg/dwr/util.js HTTP/1.1" 304 -
180.157.252.250 - - [05/Apr/2020:10:31:51 +0800] "GET /xingrg/dwr/engine.js HTTP/1.1" 200 43631
180.157.252.250 - - [05/Apr/2020:10:31:51 +0800] "GET /xingrg/system/rest/list_page.html?p=menu HTTP/1.1" 200 110877
180.157.252.250 - - [05/Apr/2020:10:31:51 +0800] "GET /xingrg/system/rest/query_items.html?_=1586053907452&table=menu&page=1&rows=20&categoryId=&key= HTTP/1.1" 200 4722
114.84.33.255 - - [05/Apr/2020:10:31:54 +0800] "GET /xingrg/all/function/internal_message.html?_=1586053909303&CODE_STATE=getMsg HTTP/1.1" 200 27
114.84.33.255 - - [05/Apr/2020:10:31:54 +0800] "GET /xingrg/check_reg.html?_=1586053909524 HTTP/1.1" 200 22
222.70.183.62 - - [05/Apr/2020:10:31:54 +0800] "GET /xingrg/all/function/internal_message.html?_=1586053910949&CODE_STATE=getMsg HTTP/1.1" 200 27
120.253.135.82 - - [05/Apr/2020:10:31:56 +0800] "GET /xingrg/kc/pszx/mdqp_order_info.html?code=302020040500029 HTTP/1.1" 200 13338
120.253.135.82 - - [05/Apr/2020:10:31:56 +0800] "GET /xingrg/dwr/interface/AjaxQqpsService.js HTTP/1.1" 200 16326
120.253.135.82 - - [05/Apr/2020:10:31:56 +0800] "GET /xingrg/dwr/interface/AjaxComOrderService.js HTTP/1.1" 200 18264
120.253.135.82 - - [05/Apr/2020:10:31:56 +0800] "GET /xingrg/dwr/engine.js HTTP/1.1" 200 43631
180.157.252.250 - - [05/Apr/2020:10:31:56 +0800] "GET /xingrg/system/rest/query_items.html?_=1586053911656&table=menu&page=1&rows=20&categoryId=&key=2023 HTTP/1.1" 200 257
117.185.32.26 - - [05/Apr/2020:10:31:56 +0800] "GET /xingrg/kc/buy/cgsh_order_operate.html?command=get_materiel&rest_code=00106&code=00101009013&supplier_code=00100022&order_time=2020-04-05 HTTP/1.1" 200 423
120.253.135.82 - - [05/Apr/2020:10:31:56 +0800] "POST /xingrg/dwr/call/plaincall/AjaxQqpsService.loadMaterielItems.dwr HTTP/1.1" 200 347
120.253.135.82 - - [05/Apr/2020:10:31:56 +0800] "GET /xingrg/all/function/internal_message.html?_=1586053984181&CODE_STATE=getMsg HTTP/1.1" 200 27
180.162.232.172 - - [05/Apr/2020:10:31:56 +0800] "GET /xingrg/all/function/internal_message.html?_=1586054039324&CODE_STATE=getMsg HTTP/1.1" 200 27
180.157.252.250 - - [05/Apr/2020:10:31:57 +0800] "GET /xingrg/system/rest/query_items.html?_=1586053912901&table=menu&page=1&rows=20&categoryId=&key=2023 HTTP/1.1" 200 257
120.253.135.82 - - [05/Apr/2020:10:31:57 +0800] "GET /xingrg/kc/pszx/mdqp_order_list.html?isBack=1 HTTP/1.1" 302 -
120.253.135.82 - - [05/Apr/2020:10:31:57 +0800] "GET /xingrg/kc/pszx/mdqp_order_list.html?state=10 HTTP/1.1" 200 10912
120.253.135.82 - - [05/Apr/2020:10:31:57 +0800] "GET /xingrg/dwr/interface/AjaxQqpsService.js HTTP/1.1" 200 16326
120.253.135.82 - - [05/Apr/2020:10:31:57 +0800] "GET /xingrg/dwr/interface/AjaxReportQueryService.js HTTP/1.1" 200 13203
120.253.135.82 - - [05/Apr/2020:10:31:57 +0800] "GET /xingrg/dwr/engine.js HTTP/1.1" 200 43631
180.157.252.250 - - [05/Apr/2020:10:31:58 +0800] "GET /xingrg/system/rest/get_item.html?table=menu&id=2023&_=1586053913759 HTTP/1.1" 200 953
180.157.252.250 - - [05/Apr/2020:10:31:58 +0800] "GET /xingrg/system/rest/get_item.html?table=menu&target=menu_rest&id=2023&_=1586053913783 HTTP/1.1" 200 855
180.157.252.250 - - [05/Apr/2020:10:31:58 +0800] "GET /xingrg/system/rest/get_item.html?table=menu&target=cook_mode&id=2023&_=1586053913782 HTTP/1.1" 200 27807
180.157.252.250 - - [05/Apr/2020:10:31:58 +0800] "GET /xingrg/system/rest/get_infos.html?command=menu_img_show&id=2023 HTTP/1.1" 200 5
120.253.135.82 - - [05/Apr/2020:10:31:59 +0800] "GET /xingrg/kc/pszx/jzcl_ps.html HTTP/1.1" 200 7683
120.253.135.82 - - [05/Apr/2020:10:31:59 +0800] "GET /xingrg/css/table.css HTTP/1.1" 200 3684
120.253.135.82 - - [05/Apr/2020:10:31:59 +0800] "GET /xingrg/javascript/step/step.css HTTP/1.1" 200 999
120.253.135.82 - - [05/Apr/2020:10:31:59 +0800] "GET /xingrg/javascript/step/images/navCurrentBtn.gif HTTP/1.1" 200 557
120.253.135.82 - - [05/Apr/2020:10:31:59 +0800] "GET /xingrg/javascript/jquery_easy_ui/themes/default/images/button_a_bg.gif HTTP/1.1" 200 1194
120.253.135.82 - - [05/Apr/2020:10:31:59 +0800] "GET /xingrg/javascript/jquery_easy_ui/themes/default/images/button_span_bg.gif HTTP/1.1" 200 2061
120.253.135.82 - - [05/Apr/2020:10:31:59 +0800] "GET /xingrg/javascript/jquery_easy_ui/themes/icons/search.png HTTP/1.1" 200 813
120.253.135.82 - - [05/Apr/2020:10:31:59 +0800] "GET /xingrg/javascript/jquery_easy_ui/themes/default/images/combo_arrow_dot.gif HTTP/1.1" 200 79
120.253.135.82 - - [05/Apr/2020:10:31:59 +0800] "GET /xingrg/javascript/jquery_easy_ui/themes/default/images/calendar_prevmonth.gif HTTP/1.1" 200 66
120.253.135.82 - - [05/Apr/2020:10:31:59 +0800] "GET /xingrg/javascript/jquery_easy_ui/themes/default/images/calendar_prevyear.gif HTTP/1.1" 200 76
120.253.135.82 - - [05/Apr/2020:10:31:59 +0800] "GET /xingrg/javascript/jquery_easy_ui/themes/default/images/calendar_nextmonth.gif HTTP/1.1" 200 64
120.253.135.82 - - [05/Apr/2020:10:32:00 +0800] "GET /xingrg/javascript/jquery_easy_ui/themes/default/images/calendar_nextyear.gif HTTP/1.1" 200 75
120.253.135.82 - - [05/Apr/2020:10:32:00 +0800] "POST /xingrg/all/common/load_tree.html?tree=area_rest_tree_json HTTP/1.1" 200 3088
120.253.135.82 - - [05/Apr/2020:10:32:00 +0800] "GET /xingrg/javascript/jquery_easy_ui/themes/default/images/datagrid_header_bg.gif HTTP/1.1" 200 97
120.253.135.82 - - [05/Apr/2020:10:32:00 +0800] "GET /xingrg/javascript/jquery_easy_ui/themes/default/images/pagination_loading.gif HTTP/1.1" 200 1737
120.253.135.82 - - [05/Apr/2020:10:32:00 +0800] "GET /xingrg/javascript/jquery_easy_ui/themes/default/images/tree_checkbox_0.gif HTTP/1.1" 200 168
120.253.135.82 - - [05/Apr/2020:10:32:00 +0800] "GET /xingrg/javascript/jquery_easy_ui/themes/icons/rest.png HTTP/1.1" 200 695
120.253.135.82 - - [05/Apr/2020:10:32:00 +0800] "POST /xingrg/kc/pszx/jzcl_ps_operate.html HTTP/1.1" 200 1230
120.253.135.82 - - [05/Apr/2020:10:32:00 +0800] "POST /xingrg/kc/pszx/jzcl_ps_operate.html HTTP/1.1" 200 1230
180.157.252.250 - - [05/Apr/2020:10:32:01 +0800] "GET /xingrg/system/rest/get_item.html?table=menu&target=menu_rest_detail&id=2023&sid=14&_=1586053916687 HTTP/1.1" 200 428
120.253.135.82 - - [05/Apr/2020:10:32:04 +0800] "POST /xingrg/kc/pszx/jzcl_ps_operate.html HTTP/1.1" 200 4
120.253.135.82 - - [05/Apr/2020:10:32:04 +0800] "GET /xingrg/javascript/step/images/navLastDoneBtn.gif HTTP/1.1" 200 552
120.253.135.82 - - [05/Apr/2020:10:32:04 +0800] "GET /xingrg/javascript/step/images/navBtn.gif HTTP/1.1" 200 361
120.253.135.82 - - [05/Apr/2020:10:32:04 +0800] "GET /xingrg/javascript/step/images/navBtn.gif HTTP/1.1" 200 361
120.253.135.82 - - [05/Apr/2020:10:32:04 +0800] "GET /xingrg/javascript/step/images/navDoneBtn.gif HTTP/1.1" 200 394
114.88.159.93 - - [05/Apr/2020:10:32:06 +0800] "GET /xingrg/all/function/internal_message.html?_=1586053921566&CODE_STATE=getMsg HTTP/1.1" 200 27
120.253.135.82 - - [05/Apr/2020:10:32:07 +0800] "POST /xingrg/kc/pszx/jzcl_ps_operate.html HTTP/1.1" 200 803
120.253.135.82 - - [05/Apr/2020:10:32:07 +0800] "GET /xingrg/kc/pszx/mdps_order_list.html HTTP/1.1" 200 20964
180.157.252.250 - - [05/Apr/2020:10:32:07 +0800] "POST /xingrg/system/rest/edit_item.html HTTP/1.1" 200 4
120.253.135.82 - - [05/Apr/2020:10:32:07 +0800] "POST /xingrg/kc/pszx/mdps_list_operate.html HTTP/1.1" 200 3153
180.157.252.250 - - [05/Apr/2020:10:32:07 +0800] "GET /xingrg/system/rest/get_item.html?table=menu&target=menu_rest&id=2023&_=1586053923541 HTTP/1.1" 200 855
120.253.135.82 - - [05/Apr/2020:10:32:10 +0800] "POST /xingrg/kc/pszx/mdps_list_operate.html HTTP/1.1" 200 198
120.253.135.82 - - [05/Apr/2020:10:32:10 +0800] "GET /xingrg/kc/pszx/mdps_order_info.html?code=312020040500029 HTTP/1.1" 200 23843
116.235.222.53 - - [05/Apr/2020:10:32:10 +0800] "GET /xingrg/check_reg.html?_=1586053926240 HTTP/1.1" 200 22
120.253.135.82 - - [05/Apr/2020:10:32:10 +0800] "GET /xingrg/javascript/easyui/themes/default/validatebox.css HTTP/1.1" 404 1104
120.253.135.82 - - [05/Apr/2020:10:32:11 +0800] "POST /xingrg/kc/pszx/mdps_order_operate.html HTTP/1.1" 200 2264
61.129.6.151 - - [05/Apr/2020:10:32:13 +0800] "GET /xingrg/all/function/internal_message.html?_=1586053861567&CODE_STATE=getMsg HTTP/1.1" 302 -
116.235.222.53 - - [05/Apr/2020:10:32:14 +0800] "GET /xingrg/all/function/internal_message.html?_=1586053929542&CODE_STATE=getMsg HTTP/1.1" 200 27
180.157.252.250 - - [05/Apr/2020:10:32:14 +0800] "GET /xingrg/system/rest/query_items.html?_=1586053930360&table=menu&page=1&rows=20&categoryId=&key=%25E8%25B1%25A1%25E6%258B%2594%25E8%259A%258C HTTP/1.1" 200 2664
120.253.135.82 - - [05/Apr/2020:10:32:15 +0800] "POST /xingrg/kc/pszx/mdps_order_operate.html HTTP/1.1" 200 37
120.253.135.82 - - [05/Apr/2020:10:32:15 +0800] "GET /xingrg/kc/pszx/mdps_order_info.html?code=312020040500029 HTTP/1.1" 200 23843
117.185.32.26 - - [05/Apr/2020:10:32:15 +0800] "GET /xingrg/kc/buy/cgsh_order_operate.html?command=get_materiel&rest_code=00106&code=00101009016&supplier_code=00100022&order_time=2020-04-05 HTTP/1.1" 200 414
120.253.135.82 - - [05/Apr/2020:10:32:16 +0800] "GET /xingrg/javascript/easyui/themes/default/validatebox.css HTTP/1.1" 404 1104
180.157.252.250 - - [05/Apr/2020:10:32:16 +0800] "GET /xingrg/system/rest/query_items.html?_=1586053931674&table=menu&page=1&rows=20&categoryId=&key=%25E8%25B1%25A1%25E6%258B%2594%25E8%259A%258C HTTP/1.1" 200 2664
120.253.135.82 - - [05/Apr/2020:10:32:16 +0800] "POST /xingrg/kc/pszx/mdps_order_operate.html HTTP/1.1" 200 2272
61.129.6.151 - - [05/Apr/2020:10:32:18 +0800] "GET /xingrg/login.html HTTP/1.1" 200 7641
180.157.252.250 - - [05/Apr/2020:10:32:18 +0800] "GET /xingrg/system/rest/get_item.html?table=menu&id=2044&_=1586053934367 HTTP/1.1" 200 968
180.157.252.250 - - [05/Apr/2020:10:32:18 +0800] "GET /xingrg/system/rest/get_item.html?table=menu&target=menu_rest&id=2044&_=1586053934388 HTTP/1.1" 200 778
180.157.252.250 - - [05/Apr/2020:10:32:18 +0800] "GET /xingrg/system/rest/get_item.html?table=menu&target=cook_mode&id=2044&_=1586053934387 HTTP/1.1" 200 9169
180.157.252.250 - - [05/Apr/2020:10:32:19 +0800] "GET /xingrg/system/rest/get_infos.html?command=menu_img_show&id=2044 HTTP/1.1" 200 5
172.17.0.106 - - [05/Apr/2020:10:32:20 +0800] "GET /xingrg/all/function/internal_message.html?_=1586053935891&CODE_STATE=getMsg HTTP/1.1" 200 27
180.157.252.250 - - [05/Apr/2020:10:32:21 +0800] "GET /xingrg/system/rest/get_item.html?table=menu&target=menu_rest_detail&id=2044&sid=16&_=1586053937147 HTTP/1.1" 200 428
172.17.0.112 - - [05/Apr/2020:10:32:25 +0800] "GET /xingrg/all/function/internal_message.html?_=1586053941925&CODE_STATE=getMsg HTTP/1.1" 302 -
114.84.33.255 - - [05/Apr/2020:10:32:28 +0800] "GET /xingrg/all/function/internal_message.html?_=1586053944722&CODE_STATE=getMsg HTTP/1.1" 200 27
180.157.252.250 - - [05/Apr/2020:10:32:28 +0800] "GET /xingrg/system/rest/query_items.html?_=1586053943309&table=menu&page=1&rows=20&categoryId=&key=1903 HTTP/1.1" 200 534
180.157.252.250 - - [05/Apr/2020:10:32:29 +0800] "GET /xingrg/system/rest/query_items.html?_=1586053944663&table=menu&page=1&rows=20&categoryId=&key=1903 HTTP/1.1" 200 534
117.185.32.26 - - [05/Apr/2020:10:32:29 +0800] "POST /xingrg/kc/buy/cgsh_order_operate.html HTTP/1.1" 200 37
180.157.252.250 - - [05/Apr/2020:10:32:29 +0800] "GET /xingrg/system/rest/get_item.html?table=menu&id=1903&_=1586053945058 HTTP/1.1" 200 997
180.157.252.250 - - [05/Apr/2020:10:32:29 +0800] "GET /xingrg/system/rest/get_item.html?table=menu&target=menu_rest&id=1903&_=1586053945075 HTTP/1.1" 200 1168
180.157.252.250 - - [05/Apr/2020:10:32:29 +0800] "GET /xingrg/system/rest/get_item.html?table=menu&target=cook_mode&id=1903&_=1586053945074 HTTP/1.1" 200 12632
180.157.252.250 - - [05/Apr/2020:10:32:30 +0800] "GET /xingrg/system/rest/get_infos.html?command=menu_img_show&id=1903 HTTP/1.1" 200 5
117.185.32.26 - - [05/Apr/2020:10:32:30 +0800] "POST /xingrg/kc/buy/cgsh_order_operate.html HTTP/1.1" 200 3850
172.17.0.112 - - [05/Apr/2020:10:32:31 +0800] "GET /xingrg/all/function/internal_message.html?_=1586053948700&CODE_STATE=getMsg HTTP/1.1" 302 -
116.224.247.222 - - [05/Apr/2020:10:32:33 +0800] "POST /xingrg/kc/buy/cgsh_order_operate.html HTTP/1.1" 200 37
116.224.247.222 - - [05/Apr/2020:10:32:34 +0800] "POST /xingrg/kc/buy/cgsh_order_operate.html HTTP/1.1" 200 5630
172.17.0.112 - - [05/Apr/2020:10:32:36 +0800] "GET /xingrg/check_reg.html?_=1586053953217 HTTP/1.1" 302 -
116.224.247.222 - - [05/Apr/2020:10:32:37 +0800] "POST /xingrg/kc/buy/cgsh_list_operate.html HTTP/1.1" 200 2382
117.185.32.26 - - [05/Apr/2020:10:32:37 +0800] "GET /xingrg/kc/buy/buy_main.html HTTP/1.1" 200 12412
117.185.32.26 - - [05/Apr/2020:10:32:37 +0800] "GET /xingrg/css/new_ie.css HTTP/1.1" 404 1036
180.157.252.250 - - [05/Apr/2020:10:32:37 +0800] "GET /xingrg/system/rest/get_item.html?table=menu&target=menu_rest_detail&id=1903&sid=14&_=1586053953348 HTTP/1.1" 200 428
116.224.247.222 - - [05/Apr/2020:10:32:38 +0800] "GET /xingrg/all/function/internal_message.html?_=1586054136476&CODE_STATE=getMsg HTTP/1.1" 200 27
120.253.135.82 - - [05/Apr/2020:10:32:38 +0800] "GET /xingrg/login.html HTTP/1.1" 200 7641
120.253.135.82 - - [05/Apr/2020:10:32:38 +0800] "GET /xingrg/images/blue/jxLogo.png HTTP/1.1" 200 6156
116.224.247.222 - - [05/Apr/2020:10:32:38 +0800] "POST /xingrg/kc/buy/cgsh_list_operate.html HTTP/1.1" 200 565
120.253.135.82 - - [05/Apr/2020:10:32:38 +0800] "GET /xingrg/images/blue/login_bg.png HTTP/1.1" 200 22101
120.253.135.82 - - [05/Apr/2020:10:32:38 +0800] "GET /xingrg/images/blue/hj.png HTTP/1.1" 200 1014
120.253.135.82 - - [05/Apr/2020:10:32:38 +0800] "GET /xingrg/images/blue/srbg.png HTTP/1.1" 200 138
117.185.32.26 - - [05/Apr/2020:10:32:39 +0800] "GET /xingrg/images/yd/bt.gif HTTP/1.1" 404 1040
120.253.135.82 - - [05/Apr/2020:10:32:39 +0800] "GET /favicon.ico HTTP/1.1" 404 -
116.224.247.222 - - [05/Apr/2020:10:32:39 +0800] "GET /xingrg/kc/buy/cgsh_order_info.html?code=212020040500868 HTTP/1.1" 200 57890
117.185.32.26 - - [05/Apr/2020:10:32:39 +0800] "GET /xingrg/kc/buy/cgsh_order_list.html HTTP/1.1" 200 42354
116.224.247.222 - - [05/Apr/2020:10:32:39 +0800] "GET /xingrg/javascript/easyui/themes/default/validatebox.css HTTP/1.1" 404 1104
116.224.247.222 - - [05/Apr/2020:10:32:39 +0800] "POST /xingrg/kc/buy/cgsh_order_operate.html HTTP/1.1" 200 12697
117.185.32.26 - - [05/Apr/2020:10:32:40 +0800] "POST /xingrg/kc/buy/cgsh_list_operate.html HTTP/1.1" 200 2046
120.253.135.82 - - [05/Apr/2020:10:32:40 +0800] "POST /xingrg/login.do HTTP/1.1" 302 -
120.253.135.82 - - [05/Apr/2020:10:32:40 +0800] "GET /xingrg/javascript/jquery_easy_ui/themes/icon.css HTTP/1.1" 200 3949
120.253.135.82 - - [05/Apr/2020:10:32:40 +0800] "GET /xingrg/index.html?sysBaseUrl=http%3A%2F%2F180.169.147.146%3A18081%2Fxingrg%2F&costTime=35×tamp=1586053960668 HTTP/1.1" 200 17503
120.253.135.82 - - [05/Apr/2020:10:32:40 +0800] "GET /xingrg/javascript/jquery-1.4.2.min.js HTTP/1.1" 200 72205
120.253.135.82 - - [05/Apr/2020:10:32:40 +0800] "GET /xingrg/css/form.css HTTP/1.1" 200 893
120.253.135.82 - - [05/Apr/2020:10:32:40 +0800] "GET /xingrg/javascript/jquery.timers.js HTTP/1.1" 200 3532
120.253.135.82 - - [05/Apr/2020:10:32:40 +0800] "GET /xingrg/javascript/jquery_easy_ui/easyui-lang-zh_CN.js HTTP/1.1" 200 1900
120.253.135.82 - - [05/Apr/2020:10:32:40 +0800] "GET /xingrg/javascript/jquery_easy_ui/jquery.easyui.min.js HTTP/1.1" 200 213662
120.253.135.82 - - [05/Apr/2020:10:32:40 +0800] "GET /xingrg/javascript/jquery_easy_ui/themes/default/easyui.css HTTP/1.1" 200 26500
120.253.135.82 - - [05/Apr/2020:10:32:40 +0800] "GET /xingrg/javascript/jquery.utils.js HTTP/1.1" 200 11805
120.253.135.82 - - [05/Apr/2020:10:32:40 +0800] "GET /xingrg/javascript/jquery.form.js HTTP/1.1" 200 23110
120.253.135.82 - - [05/Apr/2020:10:32:40 +0800] "GET /favicon.ico HTTP/1.1" 404 -
120.253.135.82 - - [05/Apr/2020:10:32:40 +0800] "GET /xingrg/javascript/jquery_easy_ui/themes/icons/settle_new.png HTTP/1.1" 200 826
120.253.135.82 - - [05/Apr/2020:10:32:40 +0800] "GET /xingrg/images/blue/navBackgound.jpg HTTP/1.1" 200 12378
120.253.135.82 - - [05/Apr/2020:10:32:41 +0800] "GET /xingrg/images/blue/pingpu.png HTTP/1.1" 200 231
120.253.135.82 - - [05/Apr/2020:10:32:41 +0800] "GET /xingrg/javascript/jquery_easy_ui/themes/default/images/tabs_leftarrow.png HTTP/1.1" 200 389
120.253.135.82 - - [05/Apr/2020:10:32:41 +0800] "GET /xingrg/javascript/jquery_easy_ui/themes/default/images/tabs_rightarrow.png HTTP/1.1" 200 395
120.253.135.82 - - [05/Apr/2020:10:32:41 +0800] "GET /xingrg/javascript/jquery_easy_ui/themes/default/images/panel_tool_collapse.gif HTTP/1.1" 200 246
120.253.135.82 - - [05/Apr/2020:10:32:41 +0800] "GET /xingrg/javascript/jquery_easy_ui/themes/default/images/panel_tool_expand.gif HTTP/1.1" 200 247
120.253.135.82 - - [05/Apr/2020:10:32:41 +0800] "POST /xingrg/all/common/load_tree.html?tree=area_rest_tree_json&manage=1 HTTP/1.1" 200 344
120.253.135.82 - - [05/Apr/2020:10:32:41 +0800] "GET /xingrg/javascript/jquery_easy_ui/themes/default/images/tree_arrows.gif HTTP/1.1" 200 1043
120.253.135.82 - - [05/Apr/2020:10:32:41 +0800] "GET /xingrg/check_reg.html?_=1586053704853 HTTP/1.1" 200 22
120.253.135.82 - - [05/Apr/2020:10:32:41 +0800] "GET /xingrg/all/function/internal_message.html?_=1586053704852&CODE_STATE=count HTTP/1.1" 200 11
120.253.135.82 - - [05/Apr/2020:10:32:41 +0800] "POST /xingrg/load_menu.html HTTP/1.1" 200 11564
120.253.135.82 - - [05/Apr/2020:10:32:41 +0800] "GET /xingrg/javascript/jquery_easy_ui/themes/default/images/tree_folder_open.gif HTTP/1.1" 200 956
120.253.135.82 - - [05/Apr/2020:10:32:41 +0800] "GET /xingrg/javascript/jquery_easy_ui/themes/icons/delivery_new.png HTTP/1.1" 200 700
120.253.135.82 - - [05/Apr/2020:10:32:41 +0800] "GET /xingrg/javascript/jquery_easy_ui/themes/default/images/tree_folder.gif HTTP/1.1" 200 952
120.253.135.82 - - [05/Apr/2020:10:32:41 +0800] "GET /xingrg/javascript/jquery_easy_ui/themes/default/images/tree_file.gif HTTP/1.1" 200 118
120.253.135.82 - - [05/Apr/2020:10:32:41 +0800] "GET /xingrg/javascript/jquery_easy_ui/themes/icons/setting_new.png HTTP/1.1" 200 450
120.253.135.82 - - [05/Apr/2020:10:32:41 +0800] "GET /xingrg/javascript/jquery_easy_ui/themes/icons/checkout_new.png HTTP/1.1" 200 744
120.253.135.82 - - [05/Apr/2020:10:32:41 +0800] "GET /xingrg/javascript/jquery_easy_ui/themes/icons/search_new.png HTTP/1.1" 200 586
120.253.135.82 - - [05/Apr/2020:10:32:41 +0800] "GET /xingrg/javascript/jquery_easy_ui/themes/icons/systemset_new.png HTTP/1.1" 200 606
120.253.135.82 - - [05/Apr/2020:10:32:41 +0800] "GET /xingrg/javascript/jquery_easy_ui/themes/icons/storage_new.png HTTP/1.1" 200 853
120.253.135.82 - - [05/Apr/2020:10:32:41 +0800] "GET /xingrg/javascript/jquery_easy_ui/themes/icons/forms_new.png HTTP/1.1" 200 350
117.185.32.26 - - [05/Apr/2020:10:32:42 +0800] "GET /xingrg/all/function/internal_message.html?_=1586054361520&CODE_STATE=getMsg HTTP/1.1" 200 27
180.157.252.250 - - [05/Apr/2020:10:32:43 +0800] "GET /xingrg/all/function/internal_message.html?_=1586053958831&CODE_STATE=getMsg HTTP/1.1" 200 27
180.156.150.85 - - [05/Apr/2020:10:32:43 +0800] "GET /xingrg/all/function/internal_message.html?_=1586053958995&CODE_STATE=getMsg HTTP/1.1" 200 27
180.156.150.85 - - [05/Apr/2020:10:32:43 +0800] "GET /xingrg/check_reg.html?_=1586053958999 HTTP/1.1" 200 22
117.185.32.26 - - [05/Apr/2020:10:32:43 +0800] "GET /xingrg/kc/buy/cgsh_order_add.html HTTP/1.1" 200 57969
117.185.32.26 - - [05/Apr/2020:10:32:44 +0800] "POST /xingrg/kc/buy/cgsh_order_operate.html HTTP/1.1" 200 8245
117.185.32.26 - - [05/Apr/2020:10:32:44 +0800] "GET /xingrg/javascript/easyui/themes/default/validatebox.css HTTP/1.1" 404 1104
180.157.252.250 - - [05/Apr/2020:10:32:44 +0800] "POST /xingrg/system/rest/edit_item.html HTTP/1.1" 200 4
180.157.252.250 - - [05/Apr/2020:10:32:44 +0800] "GET /xingrg/system/rest/get_item.html?table=menu&target=menu_rest&id=1903&_=1586053959671 HTTP/1.1" 200 1168
117.131.5.26 - - [05/Apr/2020:10:32:45 +0800] "GET /xingrg/all/function/internal_message.html?_=1586053966109&CODE_STATE=getMsg HTTP/1.1" 200 27
117.185.32.26 - - [05/Apr/2020:10:32:46 +0800] "GET /xingrg/javascript/easyui/themes/default/tree.css HTTP/1.1" 404 1090
117.185.32.26 - - [05/Apr/2020:10:32:46 +0800] "POST /xingrg/all/common/load_tree.html?tree=supplier_tree_json&isDelete=1 HTTP/1.1" 200 47144
172.17.0.185 - - [05/Apr/2020:10:32:48 +0800] "GET /xingrg/all/function/internal_message.html?_=1586053963035&CODE_STATE=getMsg HTTP/1.1" 200 27
120.253.135.82 - - [05/Apr/2020:10:32:51 +0800] "GET /xingrg/javascript/jquery_easy_ui/themes/default/images/tabs_close.gif HTTP/1.1" 200 829
120.253.135.82 - - [05/Apr/2020:10:32:51 +0800] "GET /xingrg/kc/pszx/mdps_order_list.html?orderType=0 HTTP/1.1" 200 20964
120.253.135.82 - - [05/Apr/2020:10:32:51 +0800] "GET /xingrg/css/base.css HTTP/1.1" 200 2811
120.253.135.82 - - [05/Apr/2020:10:32:51 +0800] "GET /xingrg/javascript/jquery_tools/datebox.css HTTP/1.1" 200 2597
120.253.135.82 - - [05/Apr/2020:10:32:51 +0800] "GET /xingrg/css/site.css HTTP/1.1" 200 7541
120.253.135.82 - - [05/Apr/2020:10:32:51 +0800] "GET /xingrg/javascript/jquery_tools/table.css HTTP/1.1" 200 1032
120.253.135.82 - - [05/Apr/2020:10:32:51 +0800] "GET /xingrg/javascript/auto/jquery.autocomplete.css HTTP/1.1" 200 587
120.253.135.82 - - [05/Apr/2020:10:32:51 +0800] "GET /xingrg/javascript/jquery_tools/fix.css HTTP/1.1" 200 1702
120.253.135.82 - - [05/Apr/2020:10:32:51 +0800] "GET /xingrg/javascript/easyui/themes/icon.css HTTP/1.1" 200 4483
120.253.135.82 - - [05/Apr/2020:10:32:51 +0800] "GET /xingrg/javascript/jquery_tools/jquery.tools.min.js HTTP/1.1" 200 138801
120.253.135.82 - - [05/Apr/2020:10:32:51 +0800] "GET /xingrg/javascript/jquery_tools/jquery.tools.hotkey.js HTTP/1.1" 200 3242
120.253.135.82 - - [05/Apr/2020:10:32:51 +0800] "GET /xingrg/javascript/jquery_tools/jquery.tools.table.js HTTP/1.1" 200 6994
120.253.135.82 - - [05/Apr/2020:10:32:51 +0800] "GET /xingrg/javascript/jquery_tools/list_manager.js HTTP/1.1" 200 3652
120.253.135.82 - - [05/Apr/2020:10:32:51 +0800] "GET /xingrg/javascript/jquery.cookie.js HTTP/1.1" 200 5513
120.253.135.82 - - [05/Apr/2020:10:32:51 +0800] "GET /xingrg/javascript/print/LodopFuncs.js HTTP/1.1" 200 5121
120.253.135.82 - - [05/Apr/2020:10:32:51 +0800] "GET /xingrg/javascript/easyui/easyloader.js HTTP/1.1" 200 5975
120.253.135.82 - - [05/Apr/2020:10:32:51 +0800] "GET /xingrg/javascript/jquery_tools/jquery.tools.extend.js HTTP/1.1" 200 15385
120.253.135.82 - - [05/Apr/2020:10:32:51 +0800] "GET /xingrg/javascript/easyui/themes/default/easyui.css HTTP/1.1" 200 30432
120.253.135.82 - - [05/Apr/2020:10:32:51 +0800] "GET /xingrg/javascript/auto/jquery.autocomplete.js HTTP/1.1" 200 21624
120.253.135.82 - - [05/Apr/2020:10:32:53 +0800] "GET /xingrg/javascript/easyui/themes/icons/edit_add_new.png HTTP/1.1" 200 2997
120.253.135.82 - - [05/Apr/2020:10:32:53 +0800] "GET /xingrg/javascript/easyui/themes/icons/check_new.png HTTP/1.1" 200 3224
120.253.135.82 - - [05/Apr/2020:10:32:53 +0800] "GET /xingrg/javascript/easyui/themes/icons/cance_new.png HTTP/1.1" 200 3986
120.253.135.82 - - [05/Apr/2020:10:32:53 +0800] "GET /xingrg/javascript/easyui/themes/icons/field_new.png HTTP/1.1" 200 1097
120.253.135.82 - - [05/Apr/2020:10:32:53 +0800] "GET /xingrg/javascript/easyui/themes/icons/uncheck_new.png HTTP/1.1" 200 3197
120.253.135.82 - - [05/Apr/2020:10:32:53 +0800] "GET /xingrg/javascript/easyui/themes/icons/import_new.png HTTP/1.1" 200 1247
120.253.135.82 - - [05/Apr/2020:10:32:53 +0800] "GET /xingrg/javascript/easyui/plugins/jquery.parser.js HTTP/1.1" 200 1142
120.253.135.82 - - [05/Apr/2020:10:32:53 +0800] "GET /xingrg/images/control/ajaxLoader.gif HTTP/1.1" 200 4659
120.253.135.82 - - [05/Apr/2020:10:32:53 +0800] "POST /xingrg/kc/pszx/mdps_list_operate.html HTTP/1.1" 200 3153
120.253.135.82 - - [05/Apr/2020:10:32:53 +0800] "GET /xingrg/kc/pszx/mdps_order_list.html?orderType=0 HTTP/1.1" 200 20964
120.253.135.82 - - [05/Apr/2020:10:32:53 +0800] "GET /xingrg/javascript/jquery_easy_ui/themes/icons/area.png HTTP/1.1" 200 262
120.253.135.82 - - [05/Apr/2020:10:32:53 +0800] "GET /xingrg/javascript/jquery_easy_ui/themes/icons/manage.png HTTP/1.1" 200 696
120.253.135.82 - - [05/Apr/2020:10:32:53 +0800] "POST /xingrg/kc/pszx/mdps_list_operate.html HTTP/1.1" 200 3153
114.84.33.255 - - [05/Apr/2020:10:32:54 +0800] "GET /xingrg/all/function/internal_message.html?_=1586053969275&CODE_STATE=getMsg HTTP/1.1" 200 27
222.70.183.62 - - [05/Apr/2020:10:32:54 +0800] "GET /xingrg/all/function/internal_message.html?_=1586053971053&CODE_STATE=getMsg HTTP/1.1" 200 27
120.253.135.82 - - [05/Apr/2020:10:32:55 +0800] "POST /xingrg/kc/pszx/mdps_list_operate.html HTTP/1.1" 200 198
120.253.135.82 - - [05/Apr/2020:10:32:55 +0800] "GET /xingrg/kc/pszx/mdps_order_info.html?code=312020040500029 HTTP/1.1" 200 23843
120.253.135.82 - - [05/Apr/2020:10:32:55 +0800] "GET /xingrg/javascript/pic_change.js HTTP/1.1" 200 4739
120.253.135.82 - - [05/Apr/2020:10:32:55 +0800] "GET /xingrg/javascript/convert.js HTTP/1.1" 200 1239
120.253.135.82 - - [05/Apr/2020:10:32:55 +0800] "GET /xingrg/javascript/print/kc_print.js HTTP/1.1" 200 11415
120.253.135.82 - - [05/Apr/2020:10:32:55 +0800] "GET /xingrg/javascript/jquery_tools/order_manager.js HTTP/1.1" 200 11183
120.253.135.82 - - [05/Apr/2020:10:32:55 +0800] "GET /xingrg/javascript/json2.js HTTP/1.1" 200 11259
120.253.135.82 - - [05/Apr/2020:10:32:55 +0800] "GET /xingrg/javascript/myfunction.js HTTP/1.1" 200 24559
120.253.135.82 - - [05/Apr/2020:10:32:56 +0800] "GET /xingrg/words/20200402112410_words.js HTTP/1.1" 200 718521
120.253.135.82 - - [05/Apr/2020:10:32:56 +0800] "GET /xingrg/javascript/easyui/themes/icons/copy_new.png HTTP/1.1" 200 815
120.253.135.82 - - [05/Apr/2020:10:32:56 +0800] "GET /xingrg/javascript/easyui/themes/default/images/menu_downarrow.png HTTP/1.1" 200 173
120.253.135.82 - - [05/Apr/2020:10:32:56 +0800] "GET /xingrg/javascript/easyui/themes/icons/print.png HTTP/1.1" 200 1057
120.253.135.82 - - [05/Apr/2020:10:32:56 +0800] "GET /xingrg/javascript/easyui/themes/icons/ok.png HTTP/1.1" 200 883
120.253.135.82 - - [05/Apr/2020:10:32:56 +0800] "GET /xingrg/javascript/easyui/themes/icons/cancel.png HTTP/1.1" 200 1133
180.162.232.172 - - [05/Apr/2020:10:32:56 +0800] "GET /xingrg/check_reg.html?_=1586054099166 HTTP/1.1" 200 22
120.253.135.82 - - [05/Apr/2020:10:32:56 +0800] "GET /xingrg/javascript/easyui/themes/default/validatebox.css HTTP/1.1" 404 1104
120.253.135.82 - - [05/Apr/2020:10:32:56 +0800] "GET /xingrg/all/common/auto_word.html?type=base&rest_code=00101 HTTP/1.1" 200 513
120.253.135.82 - - [05/Apr/2020:10:32:56 +0800] "GET /xingrg/javascript/easyui/plugins/jquery.validatebox.js HTTP/1.1" 200 6103
120.253.135.82 - - [05/Apr/2020:10:32:56 +0800] "GET /xingrg/javascript/easyui/plugins/jquery.numberbox.js HTTP/1.1" 200 5213
120.253.135.82 - - [05/Apr/2020:10:32:56 +0800] "GET /xingrg/all/function/internal_message.html?_=1586054044195&CODE_STATE=getMsg HTTP/1.1" 200 27
180.162.232.172 - - [05/Apr/2020:10:32:56 +0800] "GET /xingrg/all/function/internal_message.html?_=1586054099336&CODE_STATE=getMsg HTTP/1.1" 200 27
120.253.135.82 - - [05/Apr/2020:10:32:56 +0800] "POST /xingrg/kc/pszx/mdps_order_operate.html HTTP/1.1" 200 2272
120.253.135.82 - - [05/Apr/2020:10:32:56 +0800] "GET /xingrg/javascript/easyui/themes/icons/edit_remove.png HTTP/1.1" 200 625
120.253.135.82 - - [05/Apr/2020:10:32:57 +0800] "GET /xingrg/javascript/easyui/themes/default/images/button_plain_hover.png HTTP/1.1" 200 144
120.253.135.82 - - [05/Apr/2020:10:32:57 +0800] "GET /xingrg/javascript/easyui/themes/default/images/button_plain_hover.png HTTP/1.1" 200 144
120.253.135.82 - - [05/Apr/2020:10:32:58 +0800] "GET /xingrg/kc/print/load_config.html?kc_code=mdps HTTP/1.1" 200 2396
120.253.135.82 - - [05/Apr/2020:10:32:58 +0800] "GET /xingrg/kc/print/load_data.html?order_code=312020040500029&kc_code=mdps&condition= HTTP/1.1" 200 652
114.88.159.93 - - [05/Apr/2020:10:33:06 +0800] "GET /xingrg/all/function/internal_message.html?_=1586053981564&CODE_STATE=getMsg HTTP/1.1" 200 27
180.157.252.250 - - [05/Apr/2020:10:33:06 +0800] "GET /xingrg/system/rest/query_items.html?_=1586053982379&table=menu&page=1&rows=20&categoryId=&key=%25E5%25A5%25A5%25E9%25BE%2599 HTTP/1.1" 200 1250
61.151.178.197 - - [05/Apr/2020:10:33:08 +0800] "GET /xingrg/all/function/internal_message.html?_=1586053921566&CODE_STATE=getMsg HTTP/1.1" 302 -
180.157.252.250 - - [05/Apr/2020:10:33:08 +0800] "GET /xingrg/system/rest/query_items.html?_=1586053983589&table=menu&page=1&rows=20&categoryId=&key=%25E5%25A5%25A5%25E9%25BE%2599 HTTP/1.1" 200 1250
180.157.252.250 - - [05/Apr/2020:10:33:08 +0800] "GET /xingrg/system/rest/get_item.html?table=menu&id=1981&_=1586053984057 HTTP/1.1" 200 965
180.157.252.250 - - [05/Apr/2020:10:33:08 +0800] "GET /xingrg/system/rest/get_item.html?table=menu&target=menu_rest&id=1981&_=1586053984075 HTTP/1.1" 200 871
180.157.252.250 - - [05/Apr/2020:10:33:08 +0800] "GET /xingrg/system/rest/get_item.html?table=menu&target=cook_mode&id=1981&_=1586053984073 HTTP/1.1" 200 23096
180.157.252.250 - - [05/Apr/2020:10:33:09 +0800] "GET /xingrg/system/rest/get_infos.html?command=menu_img_show&id=1981 HTTP/1.1" 200 5
61.151.178.197 - - [05/Apr/2020:10:33:10 +0800] "GET /xingrg/login.html HTTP/1.1" 200 7641
117.185.32.26 - - [05/Apr/2020:10:33:10 +0800] "GET /xingrg/kc/buy/cgsh_order_operate.html?command=get_materiel&rest_code=00106&code=00101011005&supplier_code=00100050&order_time=2020-04-05 HTTP/1.1" 200 428
180.157.252.250 - - [05/Apr/2020:10:33:11 +0800] "GET /xingrg/system/rest/get_item.html?table=menu&target=menu_rest_detail&id=1981&sid=14&_=1586053986940 HTTP/1.1" 200 428
116.235.222.53 - - [05/Apr/2020:10:33:14 +0800] "GET /xingrg/all/function/internal_message.html?_=1586053989532&CODE_STATE=getMsg HTTP/1.1" 200 27
120.253.135.82 - - [05/Apr/2020:10:33:20 +0800] "POST /xingrg/kc/pszx/mdps_order_operate.html HTTP/1.1" 200 37
172.17.0.106 - - [05/Apr/2020:10:33:20 +0800] "GET /xingrg/all/function/internal_message.html?_=1586053995891&CODE_STATE=getMsg HTTP/1.1" 200 27
120.253.135.82 - - [05/Apr/2020:10:33:20 +0800] "POST /xingrg/kc/pszx/mdps_order_operate.html HTTP/1.1" 200 12
180.157.252.250 - - [05/Apr/2020:10:33:21 +0800] "GET /xingrg/system/rest/query_items.html?_=1586053996867&table=menu&page=1&rows=20&categoryId=&key=%25E9%2595%25BF%25E8%2584%259A%25E8%259F%25B9 HTTP/1.1" 200 998
120.253.135.82 - - [05/Apr/2020:10:33:21 +0800] "GET /xingrg/kc/pszx/mdps_order_info.html?code=312020040500029 HTTP/1.1" 200 19503
120.253.135.82 - - [05/Apr/2020:10:33:22 +0800] "POST /xingrg/kc/pszx/mdps_order_operate.html HTTP/1.1" 200 493
120.253.135.82 - - [05/Apr/2020:10:33:22 +0800] "GET /xingrg/javascript/easyui/themes/default/validatebox.css HTTP/1.1" 404 1104
180.157.252.250 - - [05/Apr/2020:10:33:22 +0800] "GET /xingrg/system/rest/query_items.html?_=1586053998259&table=menu&page=1&rows=20&categoryId=&key=%25E9%2595%25BF%25E8%2584%259A%25E8%259F%25B9 HTTP/1.1" 200 998
180.157.252.250 - - [05/Apr/2020:10:33:23 +0800] "GET /xingrg/system/rest/get_item.html?table=menu&id=2017&_=1586053998906 HTTP/1.1" 200 974
180.157.252.250 - - [05/Apr/2020:10:33:23 +0800] "GET /xingrg/system/rest/get_item.html?table=menu&target=menu_rest&id=2017&_=1586053998928 HTTP/1.1" 200 980
180.157.252.250 - - [05/Apr/2020:10:33:23 +0800] "GET /xingrg/system/rest/get_item.html?table=menu&target=cook_mode&id=2017&_=1586053998927 HTTP/1.1" 200 12970
180.157.252.250 - - [05/Apr/2020:10:33:23 +0800] "GET /xingrg/system/rest/get_infos.html?command=menu_img_show&id=2017 HTTP/1.1" 200 5
172.17.0.112 - - [05/Apr/2020:10:33:25 +0800] "GET /xingrg/all/function/internal_message.html?_=1586054001932&CODE_STATE=getMsg HTTP/1.1" 302 -
180.157.252.250 - - [05/Apr/2020:10:33:25 +0800] "GET /xingrg/system/rest/get_item.html?table=menu&target=menu_rest_detail&id=2017&sid=14&_=1586054001442 HTTP/1.1" 200 429
114.84.33.255 - - [05/Apr/2020:10:33:28 +0800] "GET /xingrg/all/function/internal_message.html?_=1586054004838&CODE_STATE=getMsg HTTP/1.1" 200 27
116.224.247.222 - - [05/Apr/2020:10:33:28 +0800] "GET /xingrg/check_reg.html?_=1586054186531 HTTP/1.1" 200 22
180.157.252.250 - - [05/Apr/2020:10:33:31 +0800] "POST /xingrg/system/rest/edit_item.html HTTP/1.1" 200 4
180.157.252.250 - - [05/Apr/2020:10:33:31 +0800] "GET /xingrg/system/rest/get_item.html?table=menu&target=menu_rest&id=2017&_=1586054007411 HTTP/1.1" 200 979
172.17.0.112 - - [05/Apr/2020:10:33:31 +0800] "GET /xingrg/all/function/internal_message.html?_=1586054008728&CODE_STATE=getMsg HTTP/1.1" 302 -
116.224.247.222 - - [05/Apr/2020:10:33:38 +0800] "GET /xingrg/all/function/internal_message.html?_=1586054196481&CODE_STATE=getMsg HTTP/1.1" 200 27
117.185.32.26 - - [05/Apr/2020:10:33:39 +0800] "GET /xingrg/kc/buy/cgsh_order_operate.html?command=get_materiel&rest_code=00106&code=00101011009&supplier_code=00100050&order_time=2020-04-05 HTTP/1.1" 200 418
120.253.135.82 - - [05/Apr/2020:10:33:41 +0800] "GET /xingrg/all/function/internal_message.html?_=1586053764864&CODE_STATE=getMsg HTTP/1.1" 200 27
117.185.32.26 - - [05/Apr/2020:10:33:42 +0800] "GET /xingrg/all/function/internal_message.html?_=1586054421520&CODE_STATE=getMsg HTTP/1.1" 200 27
180.157.252.250 - - [05/Apr/2020:10:33:43 +0800] "GET /xingrg/all/function/internal_message.html?_=1586054018817&CODE_STATE=getMsg HTTP/1.1" 200 27
180.156.150.85 - - [05/Apr/2020:10:33:43 +0800] "GET /xingrg/all/function/internal_message.html?_=1586054018999&CODE_STATE=getMsg HTTP/1.1" 200 27
117.131.5.26 - - [05/Apr/2020:10:33:45 +0800] "GET /xingrg/all/function/internal_message.html?_=1586054026109&CODE_STATE=getMsg HTTP/1.1" 200 27
172.17.0.185 - - [05/Apr/2020:10:33:48 +0800] "GET /xingrg/check_reg.html?_=1586054023026 HTTP/1.1" 200 22
172.17.0.185 - - [05/Apr/2020:10:33:48 +0800] "GET /xingrg/all/function/internal_message.html?_=1586054023027&CODE_STATE=getMsg HTTP/1.1" 200 27
114.84.33.255 - - [05/Apr/2020:10:33:54 +0800] "GET /xingrg/all/function/internal_message.html?_=1586054029261&CODE_STATE=getMsg HTTP/1.1" 200 27
222.70.183.62 - - [05/Apr/2020:10:33:54 +0800] "GET /xingrg/all/function/internal_message.html?_=1586054031067&CODE_STATE=getMsg HTTP/1.1" 200 27
120.253.135.82 - - [05/Apr/2020:10:33:56 +0800] "GET /xingrg/all/function/internal_message.html?_=1586054104208&CODE_STATE=getMsg HTTP/1.1" 200 27
180.162.232.172 - - [05/Apr/2020:10:33:56 +0800] "GET /xingrg/all/function/internal_message.html?_=1586054159349&CODE_STATE=getMsg HTTP/1.1" 200 27
172.17.0.112 - - [05/Apr/2020:10:34:04 +0800] "GET /xingrg/check_reg.html?_=1586054040780 HTTP/1.1" 302 -
114.88.159.93 - - [05/Apr/2020:10:34:06 +0800] "GET /xingrg/all/function/internal_message.html?_=1586054041605&CODE_STATE=getMsg HTTP/1.1" 200 27
117.185.32.26 - - [05/Apr/2020:10:34:07 +0800] "GET /xingrg/kc/buy/cgsh_order_operate.html?command=get_materiel&rest_code=00106&code=00101011010&supplier_code=00100050&order_time=2020-04-05 HTTP/1.1" 200 418
116.235.222.53 - - [05/Apr/2020:10:34:14 +0800] "GET /xingrg/all/function/internal_message.html?_=1586054049533&CODE_STATE=getMsg HTTP/1.1" 200 27
172.17.0.106 - - [05/Apr/2020:10:34:20 +0800] "GET /xingrg/all/function/internal_message.html?_=1586054055894&CODE_STATE=getMsg HTTP/1.1" 200 27
172.17.0.106 - - [05/Apr/2020:10:34:20 +0800] "GET /xingrg/check_reg.html?_=1586054055898 HTTP/1.1" 200 22
172.17.0.112 - - [05/Apr/2020:10:34:25 +0800] "GET /xingrg/all/function/internal_message.html?_=1586054061962&CODE_STATE=getMsg HTTP/1.1" 302 -
114.84.33.255 - - [05/Apr/2020:10:34:28 +0800] "GET /xingrg/all/function/internal_message.html?_=1586054064843&CODE_STATE=getMsg HTTP/1.1" 200 27
172.17.0.112 - - [05/Apr/2020:10:34:31 +0800] "GET /xingrg/all/function/internal_message.html?_=1586054068732&CODE_STATE=getMsg HTTP/1.1" 302 -
116.224.247.222 - - [05/Apr/2020:10:34:39 +0800] "GET /xingrg/all/function/internal_message.html?_=1586054256928&CODE_STATE=getMsg HTTP/1.1" 200 27
120.253.135.82 - - [05/Apr/2020:10:34:41 +0800] "GET /xingrg/all/function/internal_message.html?_=1586053824877&CODE_STATE=getMsg HTTP/1.1" 200 27
117.185.32.26 - - [05/Apr/2020:10:34:42 +0800] "GET /xingrg/all/function/internal_message.html?_=1586054481525&CODE_STATE=getMsg HTTP/1.1" 200 27
116.224.247.222 - - [05/Apr/2020:10:34:42 +0800] "POST /xingrg/kc/buy/cgsh_list_operate.html HTTP/1.1" 200 2382
180.157.252.250 - - [05/Apr/2020:10:34:43 +0800] "GET /xingrg/all/function/internal_message.html?_=1586054078816&CODE_STATE=getMsg HTTP/1.1" 200 27
180.156.150.85 - - [05/Apr/2020:10:34:43 +0800] "GET /xingrg/all/function/internal_message.html?_=1586054079000&CODE_STATE=getMsg HTTP/1.1" 200 27
116.224.247.222 - - [05/Apr/2020:10:34:43 +0800] "POST /xingrg/kc/buy/cgsh_list_operate.html HTTP/1.1" 200 565
116.224.247.222 - - [05/Apr/2020:10:34:44 +0800] "GET /xingrg/kc/buy/cgsh_order_info.html?code=212020040500865 HTTP/1.1" 200 57890
116.224.247.222 - - [05/Apr/2020:10:34:44 +0800] "GET /xingrg/javascript/easyui/themes/default/validatebox.css HTTP/1.1" 404 1104
116.224.247.222 - - [05/Apr/2020:10:34:44 +0800] "POST /xingrg/kc/buy/cgsh_order_operate.html HTTP/1.1" 200 11528
117.131.5.26 - - [05/Apr/2020:10:34:45 +0800] "GET /xingrg/all/function/internal_message.html?_=1586054086125&CODE_STATE=getMsg HTTP/1.1" 200 27
172.17.0.185 - - [05/Apr/2020:10:34:48 +0800] "GET /xingrg/all/function/internal_message.html?_=1586054083028&CODE_STATE=getMsg HTTP/1.1" 200 27
120.253.135.82 - - [05/Apr/2020:10:34:48 +0800] "GET /xingrg/check_reg.html?_=1586054155907 HTTP/1.1" 200 22
58.40.7.146 - - [05/Apr/2020:10:34:51 +0800] "GET /favicon.ico HTTP/1.1" 404 -
114.84.33.255 - - [05/Apr/2020:10:34:53 +0800] "GET /xingrg/all/function/internal_message.html?_=1586054089246&CODE_STATE=getMsg HTTP/1.1" 200 27
222.70.183.62 - - [05/Apr/2020:10:34:54 +0800] "GET /xingrg/check_reg.html?_=1586054090202 HTTP/1.1" 200 22
222.70.183.62 - - [05/Apr/2020:10:34:54 +0800] "GET /xingrg/all/function/internal_message.html?_=1586054091082&CODE_STATE=getMsg HTTP/1.1" 200 27
120.253.135.82 - - [05/Apr/2020:10:34:56 +0800] "GET /xingrg/all/function/internal_message.html?_=1586054164222&CODE_STATE=getMsg HTTP/1.1" 200 27
180.162.232.172 - - [05/Apr/2020:10:34:56 +0800] "GET /xingrg/all/function/internal_message.html?_=1586054219364&CODE_STATE=getMsg HTTP/1.1" 200 27
117.185.32.26 - - [05/Apr/2020:10:34:59 +0800] "GET /xingrg/kc/buy/cgsh_order_operate.html?command=get_materiel&rest_code=00106&code=00101011003&supplier_code=00100050&order_time=2020-04-05 HTTP/1.1" 200 412
180.157.252.250 - - [05/Apr/2020:10:35:05 +0800] "GET /xingrg/system/rest/query_items.html?_=1586054101009&table=menu&page=1&rows=20&categoryId=&key=%25E9%2595%25BF%25E8%2584%259A%25E8%259F%25B9 HTTP/1.1" 200 998
180.157.252.250 - - [05/Apr/2020:10:35:05 +0800] "GET /xingrg/system/rest/get_item.html?table=menu&id=2017&_=1586054101460 HTTP/1.1" 200 974
180.157.252.250 - - [05/Apr/2020:10:35:05 +0800] "GET /xingrg/system/rest/get_item.html?table=menu&target=menu_rest&id=2017&_=1586054101477 HTTP/1.1" 200 979
180.157.252.250 - - [05/Apr/2020:10:35:05 +0800] "GET /xingrg/system/rest/get_item.html?table=menu&target=cook_mode&id=2017&_=1586054101476 HTTP/1.1" 200 12970
114.88.159.93 - - [05/Apr/2020:10:35:06 +0800] "GET /xingrg/all/function/internal_message.html?_=1586054101602&CODE_STATE=getMsg HTTP/1.1" 200 27
180.157.252.250 - - [05/Apr/2020:10:35:07 +0800] "POST /xingrg/services/DataTransmitService HTTP/1.1" 200 524
180.157.252.250 - - [05/Apr/2020:10:35:07 +0800] "POST /xingrg/services/DataTransmitService HTTP/1.1" 200 501
180.157.252.250 - - [05/Apr/2020:10:35:10 +0800] "GET /xingrg/system/rest/get_item.html?table=menu&target=menu_rest_detail&id=2017&sid=14&_=1586054105583 HTTP/1.1" 200 427
116.235.222.53 - - [05/Apr/2020:10:35:14 +0800] "GET /xingrg/all/function/internal_message.html?_=1586054109525&CODE_STATE=getMsg HTTP/1.1" 200 27
180.157.252.250 - - [05/Apr/2020:10:35:19 +0800] "GET /xingrg/system/rest/query_items.html?_=1586054115276&table=menu&page=1&rows=20&categoryId=&key=%25E7%258F%258D%25E5%25AE%259D%25E8%259F%25B9 HTTP/1.1" 200 1236
172.17.0.106 - - [05/Apr/2020:10:35:20 +0800] "GET /xingrg/all/function/internal_message.html?_=1586054115899&CODE_STATE=getMsg HTTP/1.1" 200 27
117.185.32.26 - - [05/Apr/2020:10:35:21 +0800] "POST /xingrg/kc/buy/cgsh_order_operate.html HTTP/1.1" 200 37
180.157.252.250 - - [05/Apr/2020:10:35:21 +0800] "GET /xingrg/system/rest/query_items.html?_=1586054116766&table=menu&page=1&rows=20&categoryId=&key=%25E7%258F%258D%25E5%25AE%259D%25E8%259F%25B9 HTTP/1.1" 200 1236
180.157.252.250 - - [05/Apr/2020:10:35:21 +0800] "GET /xingrg/system/rest/get_item.html?table=menu&id=2018&_=1586054117188 HTTP/1.1" 200 986
180.157.252.250 - - [05/Apr/2020:10:35:21 +0800] "GET /xingrg/system/rest/get_item.html?table=menu&target=menu_rest&id=2018&_=1586054117207 HTTP/1.1" 200 783
180.157.252.250 - - [05/Apr/2020:10:35:21 +0800] "GET /xingrg/system/rest/get_item.html?table=menu&target=cook_mode&id=2018&_=1586054117206 HTTP/1.1" 200 12648
180.157.252.250 - - [05/Apr/2020:10:35:22 +0800] "GET /xingrg/system/rest/get_infos.html?command=menu_img_show&id=2018 HTTP/1.1" 200 5
117.185.32.26 - - [05/Apr/2020:10:35:22 +0800] "POST /xingrg/kc/buy/cgsh_order_operate.html HTTP/1.1" 200 3847
180.157.252.250 - - [05/Apr/2020:10:35:25 +0800] "GET /xingrg/system/rest/get_item.html?table=menu&target=menu_rest_detail&id=2018&sid=14&_=1586054120655 HTTP/1.1" 200 429
172.17.0.112 - - [05/Apr/2020:10:35:25 +0800] "GET /xingrg/all/function/internal_message.html?_=1586054121974&CODE_STATE=getMsg HTTP/1.1" 302 -
114.84.33.255 - - [05/Apr/2020:10:35:27 +0800] "GET /xingrg/check_reg.html?_=1586054124308 HTTP/1.1" 200 22
114.84.33.255 - - [05/Apr/2020:10:35:28 +0800] "GET /xingrg/all/function/internal_message.html?_=1586054124856&CODE_STATE=getMsg HTTP/1.1" 200 27
172.17.0.112 - - [05/Apr/2020:10:35:32 +0800] "GET /xingrg/all/function/internal_message.html?_=1586054128766&CODE_STATE=getMsg HTTP/1.1" 302 -
180.157.252.250 - - [05/Apr/2020:10:35:36 +0800] "GET /xingrg/system/rest/query_items.html?_=1586054131994&table=menu&page=1&rows=20&categoryId=&key=%25E6%2596%2591%25E8%258A%2582%25E8%2599%25BE HTTP/1.1" 200 1897
180.157.252.250 - - [05/Apr/2020:10:35:38 +0800] "GET /xingrg/system/rest/query_items.html?_=1586054133612&table=menu&page=1&rows=20&categoryId=&key=%25E6%2596%2591%25E8%258A%2582%25E8%2599%25BE HTTP/1.1" 200 1897
180.157.252.250 - - [05/Apr/2020:10:35:38 +0800] "GET /xingrg/system/rest/get_item.html?table=menu&id=1996&_=1586054134039 HTTP/1.1" 200 956
180.157.252.250 - - [05/Apr/2020:10:35:38 +0800] "GET /xingrg/system/rest/get_item.html?table=menu&target=menu_rest&id=1996&_=1586054134057 HTTP/1.1" 200 772
180.157.252.250 - - [05/Apr/2020:10:35:38 +0800] "GET /xingrg/system/rest/get_item.html?table=menu&target=cook_mode&id=1996&_=1586054134056 HTTP/1.1" 200 14339
116.224.247.222 - - [05/Apr/2020:10:35:39 +0800] "GET /xingrg/all/function/internal_message.html?_=1586054316928&CODE_STATE=getMsg HTTP/1.1" 200 27
180.157.252.250 - - [05/Apr/2020:10:35:39 +0800] "GET /xingrg/system/rest/get_infos.html?command=menu_img_show&id=1996 HTTP/1.1" 200 5
117.185.32.26 - - [05/Apr/2020:10:35:40 +0800] "GET /xingrg/kc/buy/cgsh_order_add.html HTTP/1.1" 200 57969
117.185.32.26 - - [05/Apr/2020:10:35:40 +0800] "GET /xingrg/javascript/easyui/themes/default/validatebox.css HTTP/1.1" 404 1104
117.185.32.26 - - [05/Apr/2020:10:35:40 +0800] "POST /xingrg/kc/buy/cgsh_order_operate.html HTTP/1.1" 200 8245
180.162.232.172 - - [05/Apr/2020:10:35:40 +0800] "POST /xingrg/all/user/operate.html HTTP/1.1" 200 36
120.253.135.82 - - [05/Apr/2020:10:35:41 +0800] "GET /xingrg/all/function/internal_message.html?_=1586053884904&CODE_STATE=getMsg HTTP/1.1" 200 27
180.162.232.172 - - [05/Apr/2020:10:35:41 +0800] "GET /xingrg/index.html?sysBaseUrl=http%3A%2F%2F180.169.147.146%3A18081%2Fxingrg%2F&costTime=37×tamp=1586052373728 HTTP/1.1" 200 17179
180.162.232.172 - - [05/Apr/2020:10:35:41 +0800] "GET /xingrg/javascript/jquery_easy_ui/themes/default/easyui.css HTTP/1.1" 304 -
180.162.232.172 - - [05/Apr/2020:10:35:41 +0800] "GET /xingrg/javascript/jquery_easy_ui/themes/icon.css HTTP/1.1" 304 -
180.162.232.172 - - [05/Apr/2020:10:35:41 +0800] "GET /xingrg/css/form.css HTTP/1.1" 304 -
180.162.232.172 - - [05/Apr/2020:10:35:41 +0800] "GET /xingrg/javascript/jquery-1.4.2.min.js HTTP/1.1" 304 -
180.162.232.172 - - [05/Apr/2020:10:35:41 +0800] "GET /xingrg/javascript/jquery_easy_ui/jquery.easyui.min.js HTTP/1.1" 304 -
180.162.232.172 - - [05/Apr/2020:10:35:41 +0800] "GET /xingrg/javascript/jquery_easy_ui/easyui-lang-zh_CN.js HTTP/1.1" 304 -
180.162.232.172 - - [05/Apr/2020:10:35:41 +0800] "GET /xingrg/javascript/jquery.form.js HTTP/1.1" 304 -
180.162.232.172 - - [05/Apr/2020:10:35:41 +0800] "GET /xingrg/javascript/jquery.utils.js HTTP/1.1" 304 -
180.162.232.172 - - [05/Apr/2020:10:35:41 +0800] "GET /xingrg/javascript/jquery.timers.js HTTP/1.1" 304 -
180.162.232.172 - - [05/Apr/2020:10:35:41 +0800] "GET /xingrg/images/blue/jxLogo.png HTTP/1.1" 304 -
180.162.232.172 - - [05/Apr/2020:10:35:41 +0800] "GET /xingrg/images/blue/navBackgound.jpg HTTP/1.1" 304 -
180.162.232.172 - - [05/Apr/2020:10:35:41 +0800] "GET /xingrg/javascript/jquery_easy_ui/themes/icons/settle_new.png HTTP/1.1" 304 -
180.162.232.172 - - [05/Apr/2020:10:35:41 +0800] "GET /xingrg/images/blue/pingpu.png HTTP/1.1" 304 -
180.162.232.172 - - [05/Apr/2020:10:35:41 +0800] "POST /xingrg/all/common/load_tree.html?tree=area_rest_tree_json&manage=1 HTTP/1.1" 200 476
180.162.232.172 - - [05/Apr/2020:10:35:41 +0800] "GET /xingrg/javascript/jquery_easy_ui/themes/default/images/tabs_leftarrow.png HTTP/1.1" 304 -
180.162.232.172 - - [05/Apr/2020:10:35:41 +0800] "GET /xingrg/javascript/jquery_easy_ui/themes/default/images/tabs_rightarrow.png HTTP/1.1" 304 -
180.162.232.172 - - [05/Apr/2020:10:35:41 +0800] "GET /xingrg/javascript/jquery_easy_ui/themes/default/images/panel_tool_collapse.gif HTTP/1.1" 304 -
180.162.232.172 - - [05/Apr/2020:10:35:41 +0800] "GET /xingrg/check_reg.html?_=1586054263974 HTTP/1.1" 200 22
180.162.232.172 - - [05/Apr/2020:10:35:41 +0800] "GET /xingrg/all/function/internal_message.html?_=1586054263972&CODE_STATE=count HTTP/1.1" 200 11
180.162.232.172 - - [05/Apr/2020:10:35:41 +0800] "POST /xingrg/load_menu.html HTTP/1.1" 200 5138
117.185.32.26 - - [05/Apr/2020:10:35:42 +0800] "GET /xingrg/check_reg.html?_=1586054541532 HTTP/1.1" 200 22
117.185.32.26 - - [05/Apr/2020:10:35:42 +0800] "GET /xingrg/all/function/internal_message.html?_=1586054541534&CODE_STATE=getMsg HTTP/1.1" 200 27
117.185.32.26 - - [05/Apr/2020:10:35:42 +0800] "GET /xingrg/javascript/easyui/themes/default/tree.css HTTP/1.1" 404 1090
117.185.32.26 - - [05/Apr/2020:10:35:42 +0800] "POST /xingrg/all/common/load_tree.html?tree=supplier_tree_json&isDelete=1 HTTP/1.1" 200 47144
180.157.252.250 - - [05/Apr/2020:10:35:43 +0800] "GET /xingrg/system/rest/get_item.html?table=menu&target=menu_rest_detail&id=1996&sid=14&_=1586054138611 HTTP/1.1" 200 430
180.157.252.250 - - [05/Apr/2020:10:35:43 +0800] "GET /xingrg/all/function/internal_message.html?_=1586054138830&CODE_STATE=getMsg HTTP/1.1" 200 27
180.156.150.85 - - [05/Apr/2020:10:35:43 +0800] "GET /xingrg/all/function/internal_message.html?_=1586054138995&CODE_STATE=getMsg HTTP/1.1" 200 27
180.162.232.172 - - [05/Apr/2020:10:35:44 +0800] "GET /xingrg/css/blue.css HTTP/1.1" 304 -
180.162.232.172 - - [05/Apr/2020:10:35:44 +0800] "GET /xingrg/kc/mdqp/qqps_order_list.html HTTP/1.1" 200 9222
