172.17.0.185 - - [05/Apr/2020:09:15:47 +0800] "GET /xingrg/all/function/internal_message.html?_=1586049343030&CODE_STATE=getMsg HTTP/1.1" 200 27
120.253.135.82 - - [05/Apr/2020:09:15:49 +0800] "GET /xingrg/all/function/internal_message.html?_=1586049416643&CODE_STATE=getMsg HTTP/1.1" 200 27
117.131.5.26 - - [05/Apr/2020:09:15:59 +0800] "GET /xingrg/all/function/internal_message.html?_=1586049613087&CODE_STATE=getMsg HTTP/1.1" 200 27
114.88.159.93 - - [05/Apr/2020:09:16:06 +0800] "GET /xingrg/all/function/internal_message.html?_=1586049361435&CODE_STATE=getMsg HTTP/1.1" 200 27
114.88.159.93 - - [05/Apr/2020:09:16:06 +0800] "GET /xingrg/check_reg.html?_=1586049361436 HTTP/1.1" 200 22
101.89.239.120 - - [05/Apr/2020:09:16:06 +0800] "GET /xingrg/all/function/internal_message.html?_=1586049301438&CODE_STATE=getMsg HTTP/1.1" 302 -
116.235.222.53 - - [05/Apr/2020:09:16:06 +0800] "GET /xingrg/all/function/internal_message.html?_=1586049362314&CODE_STATE=getMsg HTTP/1.1" 200 27
101.89.239.120 - - [05/Apr/2020:09:16:09 +0800] "GET /xingrg/login.html HTTP/1.1" 200 7641
116.235.222.53 - - [05/Apr/2020:09:16:13 +0800] "GET /xingrg/kc/buy/cgsh_order_add.html HTTP/1.1" 200 58426
116.235.222.53 - - [05/Apr/2020:09:16:15 +0800] "GET /xingrg/javascript/easyui/themes/default/validatebox.css HTTP/1.1" 404 1104
116.235.222.53 - - [05/Apr/2020:09:16:15 +0800] "POST /xingrg/kc/buy/cgsh_order_operate.html HTTP/1.1" 200 8245
116.235.222.53 - - [05/Apr/2020:09:16:17 +0800] "GET /xingrg/javascript/easyui/themes/default/tree.css HTTP/1.1" 404 1090
116.235.222.53 - - [05/Apr/2020:09:16:17 +0800] "POST /xingrg/all/common/load_tree.html?tree=supplier_tree_json&isDelete=1 HTTP/1.1" 200 47144
172.17.0.112 - - [05/Apr/2020:09:16:23 +0800] "GET /xingrg/all/function/internal_message.html?_=1586049379983&CODE_STATE=getMsg HTTP/1.1" 302 -
114.84.33.255 - - [05/Apr/2020:09:16:24 +0800] "GET /xingrg/all/function/internal_message.html?_=1586049380601&CODE_STATE=getMsg HTTP/1.1" 200 27
172.17.0.112 - - [05/Apr/2020:09:16:30 +0800] "GET /xingrg/all/function/internal_message.html?_=1586049386752&CODE_STATE=getMsg HTTP/1.1" 302 -
117.185.32.26 - - [05/Apr/2020:09:16:41 +0800] "GET /xingrg/all/function/internal_message.html?_=1586049801136&CODE_STATE=getMsg HTTP/1.1" 200 27
180.156.150.85 - - [05/Apr/2020:09:16:43 +0800] "GET /xingrg/all/function/internal_message.html?_=1586049398918&CODE_STATE=getMsg HTTP/1.1" 200 27
117.131.5.26 - - [05/Apr/2020:09:16:44 +0800] "GET /xingrg/all/function/internal_message.html?_=1586049405127&CODE_STATE=getMsg HTTP/1.1" 200 27
172.17.0.185 - - [05/Apr/2020:09:16:47 +0800] "GET /xingrg/all/function/internal_message.html?_=1586049403037&CODE_STATE=getMsg HTTP/1.1" 200 27
120.253.135.82 - - [05/Apr/2020:09:16:49 +0800] "GET /xingrg/all/function/internal_message.html?_=1586049476656&CODE_STATE=getMsg HTTP/1.1" 200 27
117.131.5.26 - - [05/Apr/2020:09:16:59 +0800] "GET /xingrg/all/function/internal_message.html?_=1586049673112&CODE_STATE=getMsg HTTP/1.1" 200 27
114.88.159.93 - - [05/Apr/2020:09:17:06 +0800] "GET /xingrg/all/function/internal_message.html?_=1586049421450&CODE_STATE=getMsg HTTP/1.1" 200 27
116.235.222.53 - - [05/Apr/2020:09:17:07 +0800] "GET /xingrg/all/function/internal_message.html?_=1586049422446&CODE_STATE=getMsg HTTP/1.1" 200 27
116.235.222.53 - - [05/Apr/2020:09:17:07 +0800] "GET /xingrg/check_reg.html?_=1586049422413 HTTP/1.1" 200 22
101.91.62.99 - - [05/Apr/2020:09:17:08 +0800] "GET /xingrg/all/function/internal_message.html?_=1586049361435&CODE_STATE=getMsg HTTP/1.1" 302 -
101.91.62.99 - - [05/Apr/2020:09:17:09 +0800] "GET /xingrg/login.html HTTP/1.1" 200 7641
116.235.222.53 - - [05/Apr/2020:09:17:20 +0800] "GET /xingrg/kc/buy/cgsh_order_operate.html?command=get_materiel&rest_code=00107&code=00101012025&supplier_code=00100328&order_time=2020-04-05 HTTP/1.1" 200 412
172.17.0.112 - - [05/Apr/2020:09:17:23 +0800] "GET /xingrg/all/function/internal_message.html?_=1586049439995&CODE_STATE=getMsg HTTP/1.1" 302 -
180.156.150.85 - - [05/Apr/2020:09:17:23 +0800] "POST /xingrg/kc/buy/cgsh_list_operate.html HTTP/1.1" 200 5443
114.84.33.255 - - [05/Apr/2020:09:17:24 +0800] "GET /xingrg/all/function/internal_message.html?_=1586049440614&CODE_STATE=getMsg HTTP/1.1" 200 27
180.156.150.85 - - [05/Apr/2020:09:17:28 +0800] "GET /xingrg/kc/buy/cgsh_order_list.html HTTP/1.1" 200 42354
180.156.150.85 - - [05/Apr/2020:09:17:29 +0800] "POST /xingrg/kc/buy/cgsh_list_operate.html HTTP/1.1" 200 3143
172.17.0.112 - - [05/Apr/2020:09:17:30 +0800] "GET /xingrg/all/function/internal_message.html?_=1586049446793&CODE_STATE=getMsg HTTP/1.1" 302 -
180.156.150.85 - - [05/Apr/2020:09:17:33 +0800] "POST /xingrg/kc/buy/cgsh_list_operate.html HTTP/1.1" 200 561
180.156.150.85 - - [05/Apr/2020:09:17:34 +0800] "GET /xingrg/kc/buy/cgsh_order_info.html?code=212020040500819 HTTP/1.1" 200 57972
180.156.150.85 - - [05/Apr/2020:09:17:34 +0800] "GET /xingrg/javascript/easyui/themes/default/validatebox.css HTTP/1.1" 404 1104
180.156.150.85 - - [05/Apr/2020:09:17:34 +0800] "POST /xingrg/kc/buy/cgsh_order_operate.html HTTP/1.1" 200 18620
172.17.0.112 - - [05/Apr/2020:09:17:36 +0800] "GET /xingrg/check_reg.html?_=1586049453132 HTTP/1.1" 302 -
116.235.222.53 - - [05/Apr/2020:09:17:37 +0800] "GET /xingrg/kc/buy/cgsh_order_operate.html?command=get_materiel&rest_code=00107&code=00101016017&supplier_code=00100328&order_time=2020-04-05 HTTP/1.1" 200 408
117.185.32.26 - - [05/Apr/2020:09:17:41 +0800] "GET /xingrg/all/function/internal_message.html?_=1586049861165&CODE_STATE=getMsg HTTP/1.1" 200 27
180.156.150.85 - - [05/Apr/2020:09:17:43 +0800] "GET /xingrg/all/function/internal_message.html?_=1586049458933&CODE_STATE=getMsg HTTP/1.1" 200 27
180.156.150.85 - - [05/Apr/2020:09:17:43 +0800] "GET /xingrg/check_reg.html?_=1586049458937 HTTP/1.1" 200 22
117.131.5.26 - - [05/Apr/2020:09:17:44 +0800] "GET /xingrg/all/function/internal_message.html?_=1586049465127&CODE_STATE=getMsg HTTP/1.1" 200 27
172.17.0.185 - - [05/Apr/2020:09:17:47 +0800] "GET /xingrg/all/function/internal_message.html?_=1586049463027&CODE_STATE=getMsg HTTP/1.1" 200 27
120.253.135.82 - - [05/Apr/2020:09:17:49 +0800] "GET /xingrg/all/function/internal_message.html?_=1586049536672&CODE_STATE=getMsg HTTP/1.1" 200 27
116.235.222.53 - - [05/Apr/2020:09:17:51 +0800] "GET /xingrg/kc/buy/cgsh_order_operate.html?command=get_materiel&rest_code=00107&code=00101016100&supplier_code=00100328&order_time=2020-04-05 HTTP/1.1" 200 414
117.131.5.26 - - [05/Apr/2020:09:17:59 +0800] "GET /xingrg/all/function/internal_message.html?_=1586049733115&CODE_STATE=getMsg HTTP/1.1" 200 27
114.88.159.93 - - [05/Apr/2020:09:18:06 +0800] "GET /xingrg/all/function/internal_message.html?_=1586049481450&CODE_STATE=getMsg HTTP/1.1" 200 27
116.235.222.53 - - [05/Apr/2020:09:18:07 +0800] "GET /xingrg/all/function/internal_message.html?_=1586049482434&CODE_STATE=getMsg HTTP/1.1" 200 27
116.235.222.53 - - [05/Apr/2020:09:18:13 +0800] "GET /xingrg/kc/buy/cgsh_order_operate.html?command=get_materiel&rest_code=00107&code=00101016080&supplier_code=00100328&order_time=2020-04-05 HTTP/1.1" 200 408
172.17.0.112 - - [05/Apr/2020:09:18:23 +0800] "GET /xingrg/all/function/internal_message.html?_=1586049500026&CODE_STATE=getMsg HTTP/1.1" 302 -
114.84.33.255 - - [05/Apr/2020:09:18:24 +0800] "GET /xingrg/all/function/internal_message.html?_=1586049500633&CODE_STATE=getMsg HTTP/1.1" 200 27
172.17.0.112 - - [05/Apr/2020:09:18:30 +0800] "GET /xingrg/all/function/internal_message.html?_=1586049506842&CODE_STATE=getMsg HTTP/1.1" 302 -
117.185.32.26 - - [05/Apr/2020:09:18:41 +0800] "GET /xingrg/all/function/internal_message.html?_=1586049921164&CODE_STATE=getMsg HTTP/1.1" 200 27
116.235.222.53 - - [05/Apr/2020:09:18:43 +0800] "POST /xingrg/kc/buy/cgsh_order_operate.html HTTP/1.1" 200 37
180.156.150.85 - - [05/Apr/2020:09:18:43 +0800] "GET /xingrg/all/function/internal_message.html?_=1586049518927&CODE_STATE=getMsg HTTP/1.1" 200 27
117.131.5.26 - - [05/Apr/2020:09:18:44 +0800] "GET /xingrg/all/function/internal_message.html?_=1586049525143&CODE_STATE=getMsg HTTP/1.1" 200 27
172.17.0.185 - - [05/Apr/2020:09:18:47 +0800] "GET /xingrg/all/function/internal_message.html?_=1586049523034&CODE_STATE=getMsg HTTP/1.1" 200 27
172.17.0.185 - - [05/Apr/2020:09:18:47 +0800] "GET /xingrg/check_reg.html?_=1586049523039 HTTP/1.1" 200 22
120.253.135.82 - - [05/Apr/2020:09:18:49 +0800] "GET /xingrg/all/function/internal_message.html?_=1586049596684&CODE_STATE=getMsg HTTP/1.1" 200 27
116.235.222.53 - - [05/Apr/2020:09:18:50 +0800] "POST /xingrg/kc/buy/cgsh_order_operate.html HTTP/1.1" 200 12
116.235.222.53 - - [05/Apr/2020:09:18:51 +0800] "GET /xingrg/kc/buy/cgsh_order_info.html?code=212020040500835 HTTP/1.1" 200 53331
116.235.222.53 - - [05/Apr/2020:09:18:53 +0800] "GET /xingrg/javascript/easyui/themes/default/validatebox.css HTTP/1.1" 404 1104
116.235.222.53 - - [05/Apr/2020:09:18:53 +0800] "POST /xingrg/kc/buy/cgsh_order_operate.html HTTP/1.1" 200 2370
117.131.5.26 - - [05/Apr/2020:09:18:59 +0800] "GET /xingrg/all/function/internal_message.html?_=1586049793141&CODE_STATE=getMsg HTTP/1.1" 200 27
172.17.0.112 - - [05/Apr/2020:09:19:03 +0800] "GET /xingrg/check_reg.html?_=1586049540536 HTTP/1.1" 302 -
114.88.159.93 - - [05/Apr/2020:09:19:06 +0800] "GET /xingrg/all/function/internal_message.html?_=1586049541449&CODE_STATE=getMsg HTTP/1.1" 200 27
116.235.222.53 - - [05/Apr/2020:09:19:06 +0800] "GET /xingrg/all/function/internal_message.html?_=1586049542419&CODE_STATE=getMsg HTTP/1.1" 200 27
101.91.60.11 - - [05/Apr/2020:09:19:07 +0800] "GET /xingrg/all/function/internal_message.html?_=1586049481450&CODE_STATE=getMsg HTTP/1.1" 302 -
101.91.60.11 - - [05/Apr/2020:09:19:07 +0800] "GET /xingrg/login.html HTTP/1.1" 200 7641
116.235.222.53 - - [05/Apr/2020:09:19:15 +0800] "GET /xingrg/kc/print/load_data.html?order_code=212020040500835&kc_code=cgsh&condition= HTTP/1.1" 200 1360
117.131.5.26 - - [05/Apr/2020:09:19:20 +0800] "GET /xingrg/check_reg.html?_=1586049560940 HTTP/1.1" 200 22
172.17.0.112 - - [05/Apr/2020:09:19:23 +0800] "GET /xingrg/all/function/internal_message.html?_=1586049560037&CODE_STATE=getMsg HTTP/1.1" 302 -
114.84.33.255 - - [05/Apr/2020:09:19:24 +0800] "GET /xingrg/all/function/internal_message.html?_=1586049560641&CODE_STATE=getMsg HTTP/1.1" 200 27
116.235.222.53 - - [05/Apr/2020:09:19:24 +0800] "GET /xingrg/javascript/jquery_tools/images/prev.gif HTTP/1.1" 404 1086
116.235.222.53 - - [05/Apr/2020:09:19:24 +0800] "GET /xingrg/javascript/jquery_tools/images/next.gif HTTP/1.1" 404 1086
116.235.222.53 - - [05/Apr/2020:09:19:28 +0800] "POST /xingrg/kc/buy/cgsh_list_operate.html HTTP/1.1" 200 2080
117.131.5.26 - - [05/Apr/2020:09:19:29 +0800] "GET /xingrg/check_reg.html?_=1586049569705 HTTP/1.1" 200 22
116.235.222.53 - - [05/Apr/2020:09:19:30 +0800] "POST /xingrg/kc/buy/cgsh_list_operate.html HTTP/1.1" 200 573
172.17.0.112 - - [05/Apr/2020:09:19:30 +0800] "GET /xingrg/all/function/internal_message.html?_=1586049566855&CODE_STATE=getMsg HTTP/1.1" 302 -
116.235.222.53 - - [05/Apr/2020:09:19:30 +0800] "GET /xingrg/kc/buy/cgsh_order_info.html?code=212020040500820 HTTP/1.1" 200 53327
116.235.222.53 - - [05/Apr/2020:09:19:31 +0800] "GET /xingrg/javascript/easyui/themes/default/validatebox.css HTTP/1.1" 404 1104
116.235.222.53 - - [05/Apr/2020:09:19:31 +0800] "POST /xingrg/kc/buy/cgsh_order_operate.html HTTP/1.1" 200 13583
116.235.222.53 - - [05/Apr/2020:09:19:39 +0800] "POST /xingrg/kc/buy/cgsh_list_operate.html HTTP/1.1" 200 2080
116.235.222.53 - - [05/Apr/2020:09:19:39 +0800] "POST /xingrg/kc/buy/cgsh_list_operate.html HTTP/1.1" 200 2080
117.185.32.26 - - [05/Apr/2020:09:19:41 +0800] "GET /xingrg/all/function/internal_message.html?_=1586049981163&CODE_STATE=getMsg HTTP/1.1" 200 27
116.235.222.53 - - [05/Apr/2020:09:19:41 +0800] "POST /xingrg/kc/buy/cgsh_list_operate.html HTTP/1.1" 200 573
116.235.222.53 - - [05/Apr/2020:09:19:42 +0800] "POST /xingrg/kc/buy/cgsh_list_operate.html HTTP/1.1" 200 417
180.156.150.85 - - [05/Apr/2020:09:19:43 +0800] "GET /xingrg/all/function/internal_message.html?_=1586049578937&CODE_STATE=getMsg HTTP/1.1" 200 27
117.131.5.26 - - [05/Apr/2020:09:19:44 +0800] "GET /xingrg/all/function/internal_message.html?_=1586049585143&CODE_STATE=getMsg HTTP/1.1" 200 27
117.131.5.26 - - [05/Apr/2020:09:19:46 +0800] "GET /xingrg/check_reg.html?_=1586049840087 HTTP/1.1" 200 22
172.17.0.185 - - [05/Apr/2020:09:19:47 +0800] "GET /xingrg/all/function/internal_message.html?_=1586049583025&CODE_STATE=getMsg HTTP/1.1" 200 27
120.253.135.82 - - [05/Apr/2020:09:19:48 +0800] "GET /xingrg/check_reg.html?_=1586049655642 HTTP/1.1" 200 22
120.253.135.82 - - [05/Apr/2020:09:19:49 +0800] "GET /xingrg/all/function/internal_message.html?_=1586049656698&CODE_STATE=getMsg HTTP/1.1" 200 27
116.235.222.53 - - [05/Apr/2020:09:19:53 +0800] "GET /xingrg/kc/buy/cgsh_order_info.html?code=212020040500820 HTTP/1.1" 200 53327
116.235.222.53 - - [05/Apr/2020:09:19:53 +0800] "GET /xingrg/javascript/easyui/themes/default/validatebox.css HTTP/1.1" 404 1104
116.235.222.53 - - [05/Apr/2020:09:19:53 +0800] "POST /xingrg/kc/buy/cgsh_order_operate.html HTTP/1.1" 200 13583
117.131.5.26 - - [05/Apr/2020:09:19:59 +0800] "GET /xingrg/all/function/internal_message.html?_=1586049853142&CODE_STATE=getMsg HTTP/1.1" 200 27
114.88.159.93 - - [05/Apr/2020:09:20:06 +0800] "GET /xingrg/all/function/internal_message.html?_=1586049601435&CODE_STATE=getMsg HTTP/1.1" 200 27
116.235.222.53 - - [05/Apr/2020:09:20:06 +0800] "GET /xingrg/all/function/internal_message.html?_=1586049602415&CODE_STATE=getMsg HTTP/1.1" 200 27
61.129.6.159 - - [05/Apr/2020:09:20:11 +0800] "GET /xingrg/all/function/internal_message.html?_=1586049541449&CODE_STATE=getMsg HTTP/1.1" 302 -
61.129.6.159 - - [05/Apr/2020:09:20:15 +0800] "GET /xingrg/login.html HTTP/1.1" 200 7641
222.69.139.198 - - [05/Apr/2020:09:20:21 +0800] "POST /xingrg/services/DataTransmitService HTTP/1.1" 200 524
222.69.139.198 - - [05/Apr/2020:09:20:21 +0800] "POST /xingrg/services/DataTransmitService HTTP/1.1" 200 2323
222.69.139.198 - - [05/Apr/2020:09:20:21 +0800] "POST /xingrg/services/DataTransmitService HTTP/1.1" 200 2323
222.69.139.198 - - [05/Apr/2020:09:20:22 +0800] "POST /xingrg/services/DataTransmitService HTTP/1.1" 200 1487
222.69.139.198 - - [05/Apr/2020:09:20:22 +0800] "POST /xingrg/services/DataTransmitService HTTP/1.1" 200 153212
114.84.33.255 - - [05/Apr/2020:09:20:23 +0800] "GET /xingrg/check_reg.html?_=1586049620040 HTTP/1.1" 200 22
172.17.0.112 - - [05/Apr/2020:09:20:23 +0800] "GET /xingrg/all/function/internal_message.html?_=1586049620083&CODE_STATE=getMsg HTTP/1.1" 302 -
114.84.33.255 - - [05/Apr/2020:09:20:24 +0800] "GET /xingrg/all/function/internal_message.html?_=1586049620655&CODE_STATE=getMsg HTTP/1.1" 200 27
172.17.0.112 - - [05/Apr/2020:09:20:30 +0800] "GET /xingrg/all/function/internal_message.html?_=1586049626905&CODE_STATE=getMsg HTTP/1.1" 302 -
117.185.32.26 - - [05/Apr/2020:09:20:41 +0800] "GET /xingrg/check_reg.html?_=1586050041180 HTTP/1.1" 200 22
117.185.32.26 - - [05/Apr/2020:09:20:41 +0800] "GET /xingrg/all/function/internal_message.html?_=1586050041177&CODE_STATE=getMsg HTTP/1.1" 200 27
180.156.150.85 - - [05/Apr/2020:09:20:43 +0800] "GET /xingrg/all/function/internal_message.html?_=1586049638927&CODE_STATE=getMsg HTTP/1.1" 200 27
117.131.5.26 - - [05/Apr/2020:09:20:44 +0800] "GET /xingrg/all/function/internal_message.html?_=1586049645143&CODE_STATE=getMsg HTTP/1.1" 200 27
172.17.0.185 - - [05/Apr/2020:09:20:47 +0800] "GET /xingrg/all/function/internal_message.html?_=1586049643030&CODE_STATE=getMsg HTTP/1.1" 200 27
120.253.135.82 - - [05/Apr/2020:09:20:49 +0800] "GET /xingrg/all/function/internal_message.html?_=1586049716711&CODE_STATE=getMsg HTTP/1.1" 200 27
117.131.5.26 - - [05/Apr/2020:09:20:59 +0800] "GET /xingrg/all/function/internal_message.html?_=1586049913155&CODE_STATE=getMsg HTTP/1.1" 200 27
114.88.159.93 - - [05/Apr/2020:09:21:06 +0800] "GET /xingrg/all/function/internal_message.html?_=1586049661449&CODE_STATE=getMsg HTTP/1.1" 200 27
114.88.159.93 - - [05/Apr/2020:09:21:06 +0800] "GET /xingrg/check_reg.html?_=1586049661451 HTTP/1.1" 200 22
116.235.222.53 - - [05/Apr/2020:09:21:06 +0800] "GET /xingrg/all/function/internal_message.html?_=1586049662401&CODE_STATE=getMsg HTTP/1.1" 200 27
172.17.0.112 - - [05/Apr/2020:09:21:23 +0800] "GET /xingrg/all/function/internal_message.html?_=1586049680095&CODE_STATE=getMsg HTTP/1.1" 302 -
114.84.33.255 - - [05/Apr/2020:09:21:24 +0800] "GET /xingrg/all/function/internal_message.html?_=1586049680669&CODE_STATE=getMsg HTTP/1.1" 200 27
172.17.0.112 - - [05/Apr/2020:09:21:30 +0800] "GET /xingrg/all/function/internal_message.html?_=1586049686913&CODE_STATE=getMsg HTTP/1.1" 302 -
222.69.139.198 - - [05/Apr/2020:09:21:41 +0800] "POST /xingrg/services/DataTransmitService HTTP/1.1" 200 524
117.185.32.26 - - [05/Apr/2020:09:21:41 +0800] "GET /xingrg/all/function/internal_message.html?_=1586050101164&CODE_STATE=getMsg HTTP/1.1" 200 27
180.156.150.85 - - [05/Apr/2020:09:21:43 +0800] "GET /xingrg/all/function/internal_message.html?_=1586049698931&CODE_STATE=getMsg HTTP/1.1" 200 27
117.131.5.26 - - [05/Apr/2020:09:21:44 +0800] "GET /xingrg/all/function/internal_message.html?_=1586049705159&CODE_STATE=getMsg HTTP/1.1" 200 27
222.69.139.198 - - [05/Apr/2020:09:21:45 +0800] "POST /xingrg/services/DataTransmitService HTTP/1.1" 200 501
222.69.139.198 - - [05/Apr/2020:09:21:47 +0800] "POST /xingrg/services/DataTransmitService HTTP/1.1" 200 524
222.69.139.198 - - [05/Apr/2020:09:21:47 +0800] "POST /xingrg/services/DataTransmitService HTTP/1.1" 200 501
172.17.0.185 - - [05/Apr/2020:09:21:47 +0800] "GET /xingrg/all/function/internal_message.html?_=1586049703037&CODE_STATE=getMsg HTTP/1.1" 200 27
222.69.139.198 - - [05/Apr/2020:09:21:48 +0800] "POST /xingrg/services/DataTransmitService HTTP/1.1" 200 524
222.69.139.198 - - [05/Apr/2020:09:21:49 +0800] "POST /xingrg/services/DataTransmitService HTTP/1.1" 200 501
120.253.135.82 - - [05/Apr/2020:09:21:49 +0800] "GET /xingrg/all/function/internal_message.html?_=1586049776724&CODE_STATE=getMsg HTTP/1.1" 200 27
222.69.139.198 - - [05/Apr/2020:09:21:49 +0800] "POST /xingrg/services/DataTransmitService HTTP/1.1" 200 501
222.69.139.198 - - [05/Apr/2020:09:21:51 +0800] "POST /xingrg/services/DataTransmitService HTTP/1.1" 200 501
222.69.139.198 - - [05/Apr/2020:09:21:54 +0800] "POST /xingrg/services/DataTransmitService HTTP/1.1" 200 501
222.69.139.198 - - [05/Apr/2020:09:21:55 +0800] "POST /xingrg/services/DataTransmitService HTTP/1.1" 200 501
222.69.139.198 - - [05/Apr/2020:09:21:56 +0800] "POST /xingrg/services/DataTransmitService HTTP/1.1" 200 501
222.69.139.198 - - [05/Apr/2020:09:21:56 +0800] "POST /xingrg/services/DataTransmitService HTTP/1.1" 200 501
222.69.139.198 - - [05/Apr/2020:09:21:56 +0800] "POST /xingrg/services/DataTransmitService HTTP/1.1" 200 501
222.69.139.198 - - [05/Apr/2020:09:21:56 +0800] "POST /xingrg/services/DataTransmitService HTTP/1.1" 200 501
222.69.139.198 - - [05/Apr/2020:09:21:57 +0800] "POST /xingrg/services/DataTransmitService HTTP/1.1" 200 412
117.131.5.26 - - [05/Apr/2020:09:21:59 +0800] "GET /xingrg/all/function/internal_message.html?_=1586049973181&CODE_STATE=getMsg HTTP/1.1" 200 27
222.69.139.198 - - [05/Apr/2020:09:22:04 +0800] "POST /xingrg/services/DataTransmitService HTTP/1.1" 200 524
222.69.139.198 - - [05/Apr/2020:09:22:05 +0800] "POST /xingrg/services/DataTransmitService HTTP/1.1" 200 501
222.69.139.198 - - [05/Apr/2020:09:22:05 +0800] "POST /xingrg/services/DataTransmitService HTTP/1.1" 200 501
114.88.159.93 - - [05/Apr/2020:09:22:06 +0800] "GET /xingrg/all/function/internal_message.html?_=1586049721449&CODE_STATE=getMsg HTTP/1.1" 200 27
61.129.6.227 - - [05/Apr/2020:09:22:06 +0800] "GET /xingrg/check_reg.html?_=1586049661451 HTTP/1.1" 302 -
116.235.222.53 - - [05/Apr/2020:09:22:06 +0800] "GET /xingrg/all/function/internal_message.html?_=1586049722392&CODE_STATE=getMsg HTTP/1.1" 200 27
116.235.222.53 - - [05/Apr/2020:09:22:06 +0800] "GET /xingrg/check_reg.html?_=1586049722412 HTTP/1.1" 200 22
222.69.139.198 - - [05/Apr/2020:09:22:08 +0800] "POST /xingrg/services/DataTransmitService HTTP/1.1" 200 501
61.129.6.227 - - [05/Apr/2020:09:22:08 +0800] "GET /xingrg/login.html HTTP/1.1" 200 7641
222.69.139.198 - - [05/Apr/2020:09:22:10 +0800] "POST /xingrg/services/DataTransmitService HTTP/1.1" 200 501
222.69.139.198 - - [05/Apr/2020:09:22:11 +0800] "POST /xingrg/services/DataTransmitService HTTP/1.1" 200 501
222.69.139.198 - - [05/Apr/2020:09:22:11 +0800] "POST /xingrg/services/DataTransmitService HTTP/1.1" 200 501
222.69.139.198 - - [05/Apr/2020:09:22:11 +0800] "POST /xingrg/services/DataTransmitService HTTP/1.1" 200 501
222.69.139.198 - - [05/Apr/2020:09:22:11 +0800] "POST /xingrg/services/DataTransmitService HTTP/1.1" 200 501
222.69.139.198 - - [05/Apr/2020:09:22:11 +0800] "POST /xingrg/services/DataTransmitService HTTP/1.1" 200 501
222.69.139.198 - - [05/Apr/2020:09:22:12 +0800] "POST /xingrg/services/DataTransmitService HTTP/1.1" 200 412
101.91.62.65 - - [05/Apr/2020:09:22:15 +0800] "GET /xingrg/all/function/internal_message.html?_=1586049661449&CODE_STATE=getMsg HTTP/1.1" 302 -
101.91.62.65 - - [05/Apr/2020:09:22:17 +0800] "GET /xingrg/login.html HTTP/1.1" 200 7641
172.17.0.112 - - [05/Apr/2020:09:22:23 +0800] "GET /xingrg/all/function/internal_message.html?_=1586049740144&CODE_STATE=getMsg HTTP/1.1" 302 -
114.84.33.255 - - [05/Apr/2020:09:22:24 +0800] "GET /xingrg/all/function/internal_message.html?_=1586049740682&CODE_STATE=getMsg HTTP/1.1" 200 27
116.235.222.53 - - [05/Apr/2020:09:22:27 +0800] "POST /xingrg/kc/buy/cgsh_list_operate.html HTTP/1.1" 200 2080
172.17.0.112 - - [05/Apr/2020:09:22:30 +0800] "GET /xingrg/all/function/internal_message.html?_=1586049746950&CODE_STATE=getMsg HTTP/1.1" 302 -
172.17.0.112 - - [05/Apr/2020:09:22:36 +0800] "GET /xingrg/check_reg.html?_=1586049753136 HTTP/1.1" 302 -
117.185.32.26 - - [05/Apr/2020:09:22:41 +0800] "GET /xingrg/all/function/internal_message.html?_=1586050161165&CODE_STATE=getMsg HTTP/1.1" 200 27
180.156.150.85 - - [05/Apr/2020:09:22:43 +0800] "GET /xingrg/all/function/internal_message.html?_=1586049758941&CODE_STATE=getMsg HTTP/1.1" 200 27
180.156.150.85 - - [05/Apr/2020:09:22:43 +0800] "GET /xingrg/check_reg.html?_=1586049758947 HTTP/1.1" 200 22
117.131.5.26 - - [05/Apr/2020:09:22:44 +0800] "GET /xingrg/all/function/internal_message.html?_=1586049765159&CODE_STATE=getMsg HTTP/1.1" 200 27
172.17.0.185 - - [05/Apr/2020:09:22:47 +0800] "GET /xingrg/all/function/internal_message.html?_=1586049763024&CODE_STATE=getMsg HTTP/1.1" 200 27
120.253.135.82 - - [05/Apr/2020:09:22:49 +0800] "GET /xingrg/all/function/internal_message.html?_=1586049836741&CODE_STATE=getMsg HTTP/1.1" 200 27
116.235.222.53 - - [05/Apr/2020:09:22:59 +0800] "GET /xingrg/kc/buy/cgsh_order_add.html HTTP/1.1" 200 58426
117.131.5.26 - - [05/Apr/2020:09:22:59 +0800] "GET /xingrg/all/function/internal_message.html?_=1586050033198&CODE_STATE=getMsg HTTP/1.1" 200 27
116.235.222.53 - - [05/Apr/2020:09:22:59 +0800] "GET /xingrg/javascript/easyui/themes/default/validatebox.css HTTP/1.1" 404 1104
116.235.222.53 - - [05/Apr/2020:09:22:59 +0800] "POST /xingrg/kc/buy/cgsh_order_operate.html HTTP/1.1" 200 8245
116.235.222.53 - - [05/Apr/2020:09:23:02 +0800] "GET /xingrg/javascript/easyui/themes/default/tree.css HTTP/1.1" 404 1090
116.235.222.53 - - [05/Apr/2020:09:23:02 +0800] "POST /xingrg/all/common/load_tree.html?tree=supplier_tree_json&isDelete=1 HTTP/1.1" 200 47144
114.88.159.93 - - [05/Apr/2020:09:23:06 +0800] "GET /xingrg/all/function/internal_message.html?_=1586049781446&CODE_STATE=getMsg HTTP/1.1" 200 27
116.235.222.53 - - [05/Apr/2020:09:23:07 +0800] "GET /xingrg/all/function/internal_message.html?_=1586049782392&CODE_STATE=getMsg HTTP/1.1" 200 27
101.227.139.171 - - [05/Apr/2020:09:23:08 +0800] "GET /xingrg/all/function/internal_message.html?_=1586049721449&CODE_STATE=getMsg HTTP/1.1" 302 -
101.227.139.171 - - [05/Apr/2020:09:23:11 +0800] "GET /xingrg/login.html HTTP/1.1" 200 7641
172.17.0.112 - - [05/Apr/2020:09:23:23 +0800] "GET /xingrg/all/function/internal_message.html?_=1586049800155&CODE_STATE=getMsg HTTP/1.1" 302 -
114.84.33.255 - - [05/Apr/2020:09:23:24 +0800] "GET /xingrg/all/function/internal_message.html?_=1586049800701&CODE_STATE=getMsg HTTP/1.1" 200 27
120.253.135.82 - - [05/Apr/2020:09:23:29 +0800] "GET /xingrg/css/site.css HTTP/1.1" 200 7541
120.253.135.82 - - [05/Apr/2020:09:23:29 +0800] "GET /xingrg/javascript/auto/jquery.autocomplete.css HTTP/1.1" 200 587
120.253.135.82 - - [05/Apr/2020:09:23:29 +0800] "GET /xingrg/javascript/jquery_tools/datebox.css HTTP/1.1" 200 2597
120.253.135.82 - - [05/Apr/2020:09:23:29 +0800] "GET /xingrg/javascript/jquery_tools/table.css HTTP/1.1" 200 1032
120.253.135.82 - - [05/Apr/2020:09:23:29 +0800] "GET /xingrg/javascript/easyui/themes/icon.css HTTP/1.1" 200 4483
120.253.135.82 - - [05/Apr/2020:09:23:29 +0800] "GET /xingrg/javascript/jquery_tools/jquery.tools.min.js HTTP/1.1" 200 138801
120.253.135.82 - - [05/Apr/2020:09:23:29 +0800] "GET /xingrg/javascript/jquery_tools/fix.css HTTP/1.1" 200 1702
120.253.135.82 - - [05/Apr/2020:09:23:29 +0800] "GET /xingrg/css/base.css HTTP/1.1" 200 2811
120.253.135.82 - - [05/Apr/2020:09:23:29 +0800] "GET /xingrg/kc/pszx/mdps_order_list.html?orderType=0 HTTP/1.1" 200 20964
120.253.135.82 - - [05/Apr/2020:09:23:29 +0800] "GET /xingrg/javascript/jquery_tools/jquery.tools.table.js HTTP/1.1" 200 6994
120.253.135.82 - - [05/Apr/2020:09:23:29 +0800] "GET /xingrg/javascript/jquery_tools/jquery.tools.hotkey.js HTTP/1.1" 200 3242
120.253.135.82 - - [05/Apr/2020:09:23:29 +0800] "GET /xingrg/javascript/jquery_tools/list_manager.js HTTP/1.1" 200 3652
120.253.135.82 - - [05/Apr/2020:09:23:29 +0800] "GET /xingrg/javascript/easyui/easyloader.js HTTP/1.1" 200 5975
120.253.135.82 - - [05/Apr/2020:09:23:29 +0800] "GET /xingrg/javascript/jquery.cookie.js HTTP/1.1" 200 5513
120.253.135.82 - - [05/Apr/2020:09:23:29 +0800] "GET /xingrg/javascript/jquery_tools/jquery.tools.extend.js HTTP/1.1" 200 15385
120.253.135.82 - - [05/Apr/2020:09:23:29 +0800] "GET /xingrg/javascript/easyui/themes/default/easyui.css HTTP/1.1" 200 30432
172.17.0.112 - - [05/Apr/2020:09:23:30 +0800] "GET /xingrg/all/function/internal_message.html?_=1586049806990&CODE_STATE=getMsg HTTP/1.1" 302 -
120.253.135.82 - - [05/Apr/2020:09:23:31 +0800] "GET /xingrg/javascript/easyui/themes/icons/cance_new.png HTTP/1.1" 200 3986
120.253.135.82 - - [05/Apr/2020:09:23:31 +0800] "GET /xingrg/javascript/easyui/themes/icons/field_new.png HTTP/1.1" 200 1097
120.253.135.82 - - [05/Apr/2020:09:23:31 +0800] "GET /xingrg/javascript/easyui/themes/icons/uncheck_new.png HTTP/1.1" 200 3197
120.253.135.82 - - [05/Apr/2020:09:23:31 +0800] "GET /xingrg/javascript/easyui/themes/icons/import_new.png HTTP/1.1" 200 1247
120.253.135.82 - - [05/Apr/2020:09:23:31 +0800] "GET /xingrg/javascript/easyui/themes/icons/edit_add_new.png HTTP/1.1" 200 2997
120.253.135.82 - - [05/Apr/2020:09:23:31 +0800] "GET /xingrg/javascript/easyui/themes/icons/check_new.png HTTP/1.1" 200 3224
120.253.135.82 - - [05/Apr/2020:09:23:31 +0800] "GET /xingrg/javascript/easyui/plugins/jquery.parser.js HTTP/1.1" 200 1142
120.253.135.82 - - [05/Apr/2020:09:23:31 +0800] "GET /xingrg/images/control/ajaxLoader.gif HTTP/1.1" 200 4659
120.253.135.82 - - [05/Apr/2020:09:23:31 +0800] "POST /xingrg/kc/pszx/mdps_list_operate.html HTTP/1.1" 200 2792
120.253.135.82 - - [05/Apr/2020:09:23:32 +0800] "GET /xingrg/javascript/easyui/themes/default/images/button_plain_hover.png HTTP/1.1" 200 144
120.253.135.82 - - [05/Apr/2020:09:23:32 +0800] "GET /xingrg/javascript/easyui/themes/default/images/button_plain_hover.png HTTP/1.1" 200 144
120.253.135.82 - - [05/Apr/2020:09:23:33 +0800] "GET /xingrg/kc/pszx/mdps_order_add.html HTTP/1.1" 200 28904
120.253.135.82 - - [05/Apr/2020:09:23:33 +0800] "GET /xingrg/javascript/convert.js HTTP/1.1" 200 1239
120.253.135.82 - - [05/Apr/2020:09:23:33 +0800] "GET /xingrg/javascript/jquery_tools/order_manager.js HTTP/1.1" 200 11183
120.253.135.82 - - [05/Apr/2020:09:23:33 +0800] "GET /xingrg/javascript/json2.js HTTP/1.1" 200 11259
120.253.135.82 - - [05/Apr/2020:09:23:33 +0800] "GET /xingrg/words/20200402112410_words.js HTTP/1.1" 200 718521
120.253.135.82 - - [05/Apr/2020:09:23:33 +0800] "GET /xingrg/javascript/easyui/themes/icons/print.png HTTP/1.1" 200 1057
120.253.135.82 - - [05/Apr/2020:09:23:33 +0800] "GET /xingrg/javascript/easyui/themes/icons/ok.png HTTP/1.1" 200 883
120.253.135.82 - - [05/Apr/2020:09:23:33 +0800] "GET /xingrg/javascript/easyui/themes/icons/copy_new.png HTTP/1.1" 200 815
120.253.135.82 - - [05/Apr/2020:09:23:33 +0800] "GET /xingrg/javascript/easyui/themes/default/images/menu_downarrow.png HTTP/1.1" 200 173
120.253.135.82 - - [05/Apr/2020:09:23:33 +0800] "GET /xingrg/javascript/easyui/themes/icons/cancel.png HTTP/1.1" 200 1133
120.253.135.82 - - [05/Apr/2020:09:23:34 +0800] "POST /xingrg/kc/pszx/mdps_order_operate.html HTTP/1.1" 200 7126
120.253.135.82 - - [05/Apr/2020:09:23:34 +0800] "GET /xingrg/javascript/easyui/themes/icons/edit_remove.png HTTP/1.1" 200 625
120.253.135.82 - - [05/Apr/2020:09:23:34 +0800] "GET /xingrg/all/common/auto_word.html?type=base&rest_code=00101 HTTP/1.1" 200 513
120.253.135.82 - - [05/Apr/2020:09:23:34 +0800] "GET /xingrg/javascript/easyui/themes/default/validatebox.css HTTP/1.1" 404 1104
120.253.135.82 - - [05/Apr/2020:09:23:34 +0800] "GET /xingrg/javascript/easyui/plugins/jquery.validatebox.js HTTP/1.1" 200 6103
120.253.135.82 - - [05/Apr/2020:09:23:34 +0800] "GET /xingrg/javascript/easyui/plugins/jquery.numberbox.js HTTP/1.1" 200 5213
120.253.135.82 - - [05/Apr/2020:09:23:35 +0800] "GET /xingrg/javascript/easyui/plugins/jquery.draggable.js HTTP/1.1" 200 6121
120.253.135.82 - - [05/Apr/2020:09:23:35 +0800] "GET /xingrg/css/images/panel_loading.gif HTTP/1.1" 200 1737
120.253.135.82 - - [05/Apr/2020:09:23:35 +0800] "GET /xingrg/javascript/easyui/plugins/jquery.droppable.js HTTP/1.1" 200 1167
120.253.135.82 - - [05/Apr/2020:09:23:35 +0800] "GET /xingrg/javascript/easyui/themes/default/tree.css HTTP/1.1" 404 1090
120.253.135.82 - - [05/Apr/2020:09:23:35 +0800] "GET /xingrg/javascript/easyui/plugins/jquery.tree.js HTTP/1.1" 200 20874
120.253.135.82 - - [05/Apr/2020:09:23:36 +0800] "POST /xingrg/all/common/load_tree.html?tree=area_rest_tree_json&only_rest=1 HTTP/1.1" 200 2967
120.253.135.82 - - [05/Apr/2020:09:23:36 +0800] "GET /xingrg/javascript/easyui/themes/default/images/tree_arrows.gif HTTP/1.1" 200 617
120.253.135.82 - - [05/Apr/2020:09:23:36 +0800] "GET /xingrg/javascript/easyui/themes/default/images/tree_folder_open.gif HTTP/1.1" 200 956
120.253.135.82 - - [05/Apr/2020:09:23:36 +0800] "GET /xingrg/javascript/easyui/themes/icons/area.png HTTP/1.1" 200 262
120.253.135.82 - - [05/Apr/2020:09:23:36 +0800] "GET /xingrg/javascript/easyui/themes/icons/rest.png HTTP/1.1" 200 695
116.235.222.53 - - [05/Apr/2020:09:23:40 +0800] "GET /xingrg/kc/buy/cgsh_order_operate.html?command=get_materiel&rest_code=00107&code=00101001140&supplier_code=00100090&order_time=2020-04-05 HTTP/1.1" 200 415
117.185.32.26 - - [05/Apr/2020:09:23:41 +0800] "GET /xingrg/all/function/internal_message.html?_=1586050221192&CODE_STATE=getMsg HTTP/1.1" 200 27
120.253.135.82 - - [05/Apr/2020:09:23:42 +0800] "POST /xingrg/all/common/load_combo.html?type=base HTTP/1.1" 200 899
180.156.150.85 - - [05/Apr/2020:09:23:43 +0800] "GET /xingrg/all/function/internal_message.html?_=1586049818927&CODE_STATE=getMsg HTTP/1.1" 200 27
117.131.5.26 - - [05/Apr/2020:09:23:47 +0800] "GET /xingrg/all/function/internal_message.html?_=1586049825174&CODE_STATE=getMsg HTTP/1.1" 200 27
172.17.0.185 - - [05/Apr/2020:09:23:47 +0800] "GET /xingrg/all/function/internal_message.html?_=1586049823032&CODE_STATE=getMsg HTTP/1.1" 200 27
172.17.0.185 - - [05/Apr/2020:09:23:47 +0800] "GET /xingrg/check_reg.html?_=1586049823037 HTTP/1.1" 200 22
120.253.135.82 - - [05/Apr/2020:09:23:49 +0800] "GET /xingrg/all/function/internal_message.html?_=1586049896752&CODE_STATE=getMsg HTTP/1.1" 200 27
120.253.135.82 - - [05/Apr/2020:09:23:50 +0800] "GET /xingrg/javascript/auto/indicator.gif HTTP/1.1" 404 1066
120.253.135.82 - - [05/Apr/2020:09:23:54 +0800] "GET /xingrg/kc/pszx/mdps_order_operate.html?command=get_materiel&pszx_code=00101&rest_code=00143&base_code=0010250&code=00102002610 HTTP/1.1" 200 429
116.235.222.53 - - [05/Apr/2020:09:23:56 +0800] "POST /xingrg/kc/buy/cgsh_order_operate.html HTTP/1.1" 200 37
116.235.222.53 - - [05/Apr/2020:09:23:58 +0800] "POST /xingrg/kc/buy/cgsh_order_operate.html HTTP/1.1" 200 12
116.235.222.53 - - [05/Apr/2020:09:23:58 +0800] "GET /xingrg/kc/buy/cgsh_order_info.html?code=212020040500836 HTTP/1.1" 200 53331
117.131.5.26 - - [05/Apr/2020:09:23:59 +0800] "GET /xingrg/all/function/internal_message.html?_=1586050093221&CODE_STATE=getMsg HTTP/1.1" 200 27
116.235.222.53 - - [05/Apr/2020:09:24:00 +0800] "GET /xingrg/javascript/easyui/themes/default/validatebox.css HTTP/1.1" 404 1104
116.235.222.53 - - [05/Apr/2020:09:24:00 +0800] "POST /xingrg/kc/buy/cgsh_order_operate.html HTTP/1.1" 200 612
116.235.222.53 - - [05/Apr/2020:09:24:01 +0800] "GET /xingrg/kc/print/load_data.html?order_code=212020040500836&kc_code=cgsh&condition= HTTP/1.1" 200 768
120.253.135.82 - - [05/Apr/2020:09:24:03 +0800] "POST /xingrg/kc/pszx/mdps_order_operate.html HTTP/1.1" 200 37
120.253.135.82 - - [05/Apr/2020:09:24:03 +0800] "GET /xingrg/kc/pszx/mdps_order_info.html?code=312020040500028 HTTP/1.1" 200 23849
172.17.0.112 - - [05/Apr/2020:09:24:03 +0800] "GET /xingrg/check_reg.html?_=1586049840566 HTTP/1.1" 302 -
120.253.135.82 - - [05/Apr/2020:09:24:04 +0800] "GET /xingrg/javascript/easyui/themes/default/validatebox.css HTTP/1.1" 404 1104
120.253.135.82 - - [05/Apr/2020:09:24:04 +0800] "POST /xingrg/kc/pszx/mdps_order_operate.html HTTP/1.1" 200 2284
114.88.159.93 - - [05/Apr/2020:09:24:06 +0800] "GET /xingrg/all/function/internal_message.html?_=1586049841471&CODE_STATE=getMsg HTTP/1.1" 200 27
116.235.222.53 - - [05/Apr/2020:09:24:06 +0800] "GET /xingrg/all/function/internal_message.html?_=1586049842372&CODE_STATE=getMsg HTTP/1.1" 200 27
116.235.222.53 - - [05/Apr/2020:09:24:09 +0800] "GET /xingrg/kc/buy/cgsh_order_add.html HTTP/1.1" 200 58426
116.235.222.53 - - [05/Apr/2020:09:24:10 +0800] "GET /xingrg/javascript/easyui/themes/default/validatebox.css HTTP/1.1" 404 1104
116.235.222.53 - - [05/Apr/2020:09:24:10 +0800] "POST /xingrg/kc/buy/cgsh_order_operate.html HTTP/1.1" 200 8245
61.129.6.159 - - [05/Apr/2020:09:24:11 +0800] "GET /xingrg/all/function/internal_message.html?_=1586049781446&CODE_STATE=getMsg HTTP/1.1" 302 -
116.235.222.53 - - [05/Apr/2020:09:24:11 +0800] "GET /xingrg/javascript/easyui/themes/default/tree.css HTTP/1.1" 404 1090
116.235.222.53 - - [05/Apr/2020:09:24:12 +0800] "POST /xingrg/all/common/load_tree.html?tree=supplier_tree_json&isDelete=1 HTTP/1.1" 200 47144
61.129.6.159 - - [05/Apr/2020:09:24:13 +0800] "GET /xingrg/login.html HTTP/1.1" 200 7641
117.131.5.26 - - [05/Apr/2020:09:24:20 +0800] "GET /xingrg/check_reg.html?_=1586049860940 HTTP/1.1" 200 22
172.17.0.112 - - [05/Apr/2020:09:24:23 +0800] "GET /xingrg/all/function/internal_message.html?_=1586049860185&CODE_STATE=getMsg HTTP/1.1" 302 -
114.84.33.255 - - [05/Apr/2020:09:24:24 +0800] "GET /xingrg/all/function/internal_message.html?_=1586049860709&CODE_STATE=getMsg HTTP/1.1" 200 27
116.235.222.53 - - [05/Apr/2020:09:24:28 +0800] "GET /xingrg/kc/buy/cgsh_order_operate.html?command=get_materiel&rest_code=00107&code=00101004065&supplier_code=00100086&order_time=2020-04-05 HTTP/1.1" 200 433
117.131.5.26 - - [05/Apr/2020:09:24:29 +0800] "GET /xingrg/check_reg.html?_=1586049869705 HTTP/1.1" 200 22
172.17.0.112 - - [05/Apr/2020:09:24:30 +0800] "GET /xingrg/all/function/internal_message.html?_=1586049867000&CODE_STATE=getMsg HTTP/1.1" 302 -
116.235.222.53 - - [05/Apr/2020:09:24:38 +0800] "POST /xingrg/kc/buy/cgsh_order_operate.html HTTP/1.1" 200 37
120.253.135.82 - - [05/Apr/2020:09:24:39 +0800] "GET /favicon.ico HTTP/1.1" 404 -
116.235.222.53 - - [05/Apr/2020:09:24:41 +0800] "POST /xingrg/kc/buy/cgsh_order_operate.html HTTP/1.1" 200 12
117.185.32.26 - - [05/Apr/2020:09:24:41 +0800] "GET /xingrg/all/function/internal_message.html?_=1586050281190&CODE_STATE=getMsg HTTP/1.1" 200 27
116.235.222.53 - - [05/Apr/2020:09:24:41 +0800] "GET /xingrg/kc/buy/cgsh_order_info.html?code=212020040500837 HTTP/1.1" 200 53331
116.235.222.53 - - [05/Apr/2020:09:24:42 +0800] "GET /xingrg/javascript/easyui/themes/default/validatebox.css HTTP/1.1" 404 1104
116.235.222.53 - - [05/Apr/2020:09:24:43 +0800] "POST /xingrg/kc/buy/cgsh_order_operate.html HTTP/1.1" 200 610
180.156.150.85 - - [05/Apr/2020:09:24:43 +0800] "GET /xingrg/all/function/internal_message.html?_=1586049878930&CODE_STATE=getMsg HTTP/1.1" 200 27
116.235.222.53 - - [05/Apr/2020:09:24:44 +0800] "GET /xingrg/kc/print/load_data.html?order_code=212020040500837&kc_code=cgsh&condition= HTTP/1.1" 200 762
117.131.5.26 - - [05/Apr/2020:09:24:44 +0800] "GET /xingrg/all/function/internal_message.html?_=1586049885190&CODE_STATE=getMsg HTTP/1.1" 200 27
117.131.5.26 - - [05/Apr/2020:09:24:46 +0800] "GET /xingrg/check_reg.html?_=1586050140093 HTTP/1.1" 200 22
120.253.135.82 - - [05/Apr/2020:09:24:46 +0800] "GET /xingrg/login.html HTTP/1.1" 200 7641
120.253.135.82 - - [05/Apr/2020:09:24:47 +0800] "GET /xingrg/images/blue/jxLogo.png HTTP/1.1" 200 6156
120.253.135.82 - - [05/Apr/2020:09:24:47 +0800] "GET /xingrg/images/blue/hj.png HTTP/1.1" 200 1014
120.253.135.82 - - [05/Apr/2020:09:24:47 +0800] "GET /xingrg/images/blue/login_bg.png HTTP/1.1" 200 22101
120.253.135.82 - - [05/Apr/2020:09:24:47 +0800] "GET /xingrg/images/blue/srbg.png HTTP/1.1" 200 138
120.253.135.82 - - [05/Apr/2020:09:24:47 +0800] "GET /favicon.ico HTTP/1.1" 404 -
172.17.0.185 - - [05/Apr/2020:09:24:48 +0800] "GET /xingrg/all/function/internal_message.html?_=1586049883028&CODE_STATE=getMsg HTTP/1.1" 200 27
120.253.135.82 - - [05/Apr/2020:09:24:48 +0800] "GET /xingrg/check_reg.html?_=1586049955646 HTTP/1.1" 200 22
116.235.222.53 - - [05/Apr/2020:09:24:48 +0800] "GET /xingrg/kc/buy/cgsh_order_add.html HTTP/1.1" 200 58426
120.253.135.82 - - [05/Apr/2020:09:24:48 +0800] "POST /xingrg/login.do HTTP/1.1" 302 -
120.253.135.82 - - [05/Apr/2020:09:24:48 +0800] "GET /xingrg/index.html?sysBaseUrl=http%3A%2F%2F180.169.147.146%3A18081%2Fxingrg%2F&costTime=35×tamp=1586049888825 HTTP/1.1" 200 17503
120.253.135.82 - - [05/Apr/2020:09:24:48 +0800] "GET /xingrg/javascript/jquery_easy_ui/themes/icon.css HTTP/1.1" 200 3949
120.253.135.82 - - [05/Apr/2020:09:24:48 +0800] "GET /xingrg/javascript/jquery_easy_ui/jquery.easyui.min.js HTTP/1.1" 200 213662
120.253.135.82 - - [05/Apr/2020:09:24:48 +0800] "GET /xingrg/javascript/jquery_easy_ui/easyui-lang-zh_CN.js HTTP/1.1" 200 1900
120.253.135.82 - - [05/Apr/2020:09:24:48 +0800] "GET /xingrg/javascript/jquery-1.4.2.min.js HTTP/1.1" 200 72205
120.253.135.82 - - [05/Apr/2020:09:24:48 +0800] "GET /xingrg/javascript/jquery.timers.js HTTP/1.1" 200 3532
120.253.135.82 - - [05/Apr/2020:09:24:48 +0800] "GET /xingrg/css/form.css HTTP/1.1" 200 893
120.253.135.82 - - [05/Apr/2020:09:24:48 +0800] "GET /xingrg/javascript/jquery_easy_ui/themes/default/easyui.css HTTP/1.1" 200 26500
120.253.135.82 - - [05/Apr/2020:09:24:48 +0800] "GET /xingrg/javascript/jquery.utils.js HTTP/1.1" 200 11805
120.253.135.82 - - [05/Apr/2020:09:24:48 +0800] "GET /xingrg/javascript/jquery.form.js HTTP/1.1" 200 23110
116.235.222.53 - - [05/Apr/2020:09:24:49 +0800] "GET /xingrg/javascript/easyui/themes/default/validatebox.css HTTP/1.1" 404 1104
120.253.135.82 - - [05/Apr/2020:09:24:49 +0800] "GET /xingrg/all/function/internal_message.html?_=1586049956765&CODE_STATE=getMsg HTTP/1.1" 200 27
116.235.222.53 - - [05/Apr/2020:09:24:49 +0800] "POST /xingrg/kc/buy/cgsh_order_operate.html HTTP/1.1" 200 8245
120.253.135.82 - - [05/Apr/2020:09:24:49 +0800] "GET /favicon.ico HTTP/1.1" 404 -
120.253.135.82 - - [05/Apr/2020:09:24:49 +0800] "GET /xingrg/images/blue/navBackgound.jpg HTTP/1.1" 200 12378
120.253.135.82 - - [05/Apr/2020:09:24:49 +0800] "GET /xingrg/javascript/jquery_easy_ui/themes/icons/settle_new.png HTTP/1.1" 200 826
120.253.135.82 - - [05/Apr/2020:09:24:49 +0800] "GET /xingrg/images/blue/pingpu.png HTTP/1.1" 200 231
120.253.135.82 - - [05/Apr/2020:09:24:49 +0800] "POST /xingrg/all/common/load_tree.html?tree=area_rest_tree_json&manage=1 HTTP/1.1" 200 344
120.253.135.82 - - [05/Apr/2020:09:24:49 +0800] "GET /xingrg/javascript/jquery_easy_ui/themes/default/images/tabs_rightarrow.png HTTP/1.1" 200 395
120.253.135.82 - - [05/Apr/2020:09:24:49 +0800] "GET /xingrg/javascript/jquery_easy_ui/themes/default/images/tabs_leftarrow.png HTTP/1.1" 200 389
120.253.135.82 - - [05/Apr/2020:09:24:50 +0800] "GET /xingrg/javascript/jquery_easy_ui/themes/default/images/panel_tool_collapse.gif HTTP/1.1" 200 246
120.253.135.82 - - [05/Apr/2020:09:24:50 +0800] "GET /xingrg/javascript/jquery_easy_ui/themes/default/images/panel_tool_expand.gif HTTP/1.1" 200 247
120.253.135.82 - - [05/Apr/2020:09:24:50 +0800] "GET /xingrg/all/function/internal_message.html?_=1586049634478&CODE_STATE=count HTTP/1.1" 200 11
120.253.135.82 - - [05/Apr/2020:09:24:50 +0800] "GET /xingrg/check_reg.html?_=1586049634479 HTTP/1.1" 200 22
120.253.135.82 - - [05/Apr/2020:09:24:50 +0800] "POST /xingrg/load_menu.html HTTP/1.1" 200 11564
120.253.135.82 - - [05/Apr/2020:09:24:50 +0800] "GET /xingrg/javascript/jquery_easy_ui/themes/default/images/tree_arrows.gif HTTP/1.1" 200 1043
116.235.222.53 - - [05/Apr/2020:09:24:50 +0800] "GET /xingrg/javascript/easyui/themes/default/tree.css HTTP/1.1" 404 1090
120.253.135.82 - - [05/Apr/2020:09:24:50 +0800] "GET /xingrg/javascript/jquery_easy_ui/themes/default/images/tree_folder_open.gif HTTP/1.1" 200 956
120.253.135.82 - - [05/Apr/2020:09:24:50 +0800] "GET /xingrg/javascript/jquery_easy_ui/themes/icons/storage_new.png HTTP/1.1" 200 853
120.253.135.82 - - [05/Apr/2020:09:24:50 +0800] "GET /xingrg/javascript/jquery_easy_ui/themes/icons/search_new.png HTTP/1.1" 200 586
120.253.135.82 - - [05/Apr/2020:09:24:50 +0800] "GET /xingrg/javascript/jquery_easy_ui/themes/icons/checkout_new.png HTTP/1.1" 200 744
120.253.135.82 - - [05/Apr/2020:09:24:50 +0800] "GET /xingrg/javascript/jquery_easy_ui/themes/icons/setting_new.png HTTP/1.1" 200 450
120.253.135.82 - - [05/Apr/2020:09:24:50 +0800] "GET /xingrg/javascript/jquery_easy_ui/themes/icons/systemset_new.png HTTP/1.1" 200 606
120.253.135.82 - - [05/Apr/2020:09:24:50 +0800] "GET /xingrg/javascript/jquery_easy_ui/themes/default/images/tree_file.gif HTTP/1.1" 200 118
120.253.135.82 - - [05/Apr/2020:09:24:50 +0800] "GET /xingrg/javascript/jquery_easy_ui/themes/default/images/tree_folder.gif HTTP/1.1" 200 952
116.235.222.53 - - [05/Apr/2020:09:24:50 +0800] "POST /xingrg/all/common/load_tree.html?tree=supplier_tree_json&isDelete=1 HTTP/1.1" 200 47144
120.253.135.82 - - [05/Apr/2020:09:24:50 +0800] "GET /xingrg/javascript/jquery_easy_ui/themes/icons/delivery_new.png HTTP/1.1" 200 700
120.253.135.82 - - [05/Apr/2020:09:24:50 +0800] "GET /xingrg/javascript/jquery_easy_ui/themes/icons/forms_new.png HTTP/1.1" 200 350
120.253.135.82 - - [05/Apr/2020:09:24:54 +0800] "GET /xingrg/javascript/jquery_easy_ui/themes/default/images/tabs_close.gif HTTP/1.1" 200 829
120.253.135.82 - - [05/Apr/2020:09:24:54 +0800] "GET /xingrg/css/base.css HTTP/1.1" 200 2811
120.253.135.82 - - [05/Apr/2020:09:24:54 +0800] "GET /xingrg/css/site.css HTTP/1.1" 200 7541
120.253.135.82 - - [05/Apr/2020:09:24:54 +0800] "GET /xingrg/kc/pszx/mdps_order_list.html?orderType=0 HTTP/1.1" 200 20964
120.253.135.82 - - [05/Apr/2020:09:24:54 +0800] "GET /xingrg/javascript/jquery_tools/fix.css HTTP/1.1" 200 1702
120.253.135.82 - - [05/Apr/2020:09:24:54 +0800] "GET /xingrg/javascript/jquery_tools/datebox.css HTTP/1.1" 200 2597
120.253.135.82 - - [05/Apr/2020:09:24:54 +0800] "GET /xingrg/javascript/easyui/themes/icon.css HTTP/1.1" 200 4483
120.253.135.82 - - [05/Apr/2020:09:24:54 +0800] "GET /xingrg/javascript/auto/jquery.autocomplete.css HTTP/1.1" 200 587
120.253.135.82 - - [05/Apr/2020:09:24:54 +0800] "GET /xingrg/javascript/jquery_tools/table.css HTTP/1.1" 200 1032
120.253.135.82 - - [05/Apr/2020:09:24:54 +0800] "GET /xingrg/javascript/jquery_tools/list_manager.js HTTP/1.1" 200 3652
120.253.135.82 - - [05/Apr/2020:09:24:54 +0800] "GET /xingrg/javascript/easyui/easyloader.js HTTP/1.1" 200 5975
120.253.135.82 - - [05/Apr/2020:09:24:54 +0800] "GET /xingrg/javascript/jquery_tools/jquery.tools.table.js HTTP/1.1" 200 6994
120.253.135.82 - - [05/Apr/2020:09:24:54 +0800] "GET /xingrg/javascript/jquery_tools/jquery.tools.min.js HTTP/1.1" 200 138801
120.253.135.82 - - [05/Apr/2020:09:24:54 +0800] "GET /xingrg/javascript/easyui/themes/default/easyui.css HTTP/1.1" 200 30432
120.253.135.82 - - [05/Apr/2020:09:24:54 +0800] "GET /xingrg/javascript/jquery_tools/jquery.tools.extend.js HTTP/1.1" 200 15385
120.253.135.82 - - [05/Apr/2020:09:24:54 +0800] "GET /xingrg/javascript/jquery.cookie.js HTTP/1.1" 200 5513
120.253.135.82 - - [05/Apr/2020:09:24:54 +0800] "GET /xingrg/javascript/auto/jquery.autocomplete.js HTTP/1.1" 200 21624
120.253.135.82 - - [05/Apr/2020:09:24:54 +0800] "GET /xingrg/javascript/print/LodopFuncs.js HTTP/1.1" 200 5121
120.253.135.82 - - [05/Apr/2020:09:24:54 +0800] "GET /xingrg/javascript/jquery_tools/jquery.tools.hotkey.js HTTP/1.1" 200 3242
120.253.135.82 - - [05/Apr/2020:09:24:55 +0800] "GET /xingrg/javascript/easyui/themes/icons/edit_add_new.png HTTP/1.1" 200 2997
120.253.135.82 - - [05/Apr/2020:09:24:55 +0800] "GET /xingrg/javascript/easyui/themes/icons/cance_new.png HTTP/1.1" 200 3986
120.253.135.82 - - [05/Apr/2020:09:24:55 +0800] "GET /xingrg/javascript/easyui/themes/icons/uncheck_new.png HTTP/1.1" 200 3197
120.253.135.82 - - [05/Apr/2020:09:24:55 +0800] "GET /xingrg/javascript/easyui/themes/icons/check_new.png HTTP/1.1" 200 3224
120.253.135.82 - - [05/Apr/2020:09:24:55 +0800] "GET /xingrg/javascript/easyui/themes/icons/field_new.png HTTP/1.1" 200 1097
120.253.135.82 - - [05/Apr/2020:09:24:55 +0800] "GET /xingrg/images/control/ajaxLoader.gif HTTP/1.1" 200 4659
120.253.135.82 - - [05/Apr/2020:09:24:55 +0800] "GET /xingrg/javascript/easyui/themes/icons/import_new.png HTTP/1.1" 200 1247
120.253.135.82 - - [05/Apr/2020:09:24:55 +0800] "GET /xingrg/javascript/easyui/plugins/jquery.parser.js HTTP/1.1" 200 1142
120.253.135.82 - - [05/Apr/2020:09:24:55 +0800] "GET /xingrg/javascript/jquery_easy_ui/themes/icons/area.png HTTP/1.1" 200 262
120.253.135.82 - - [05/Apr/2020:09:24:55 +0800] "GET /xingrg/javascript/jquery_easy_ui/themes/icons/manage.png HTTP/1.1" 200 696
120.253.135.82 - - [05/Apr/2020:09:24:55 +0800] "POST /xingrg/kc/pszx/mdps_list_operate.html HTTP/1.1" 200 3163
120.253.135.82 - - [05/Apr/2020:09:24:58 +0800] "POST /xingrg/kc/pszx/mdps_list_operate.html HTTP/1.1" 200 204
117.131.5.26 - - [05/Apr/2020:09:24:59 +0800] "GET /xingrg/all/function/internal_message.html?_=1586050153226&CODE_STATE=getMsg HTTP/1.1" 200 27
120.253.135.82 - - [05/Apr/2020:09:24:59 +0800] "GET /xingrg/kc/pszx/mdps_order_info.html?code=312020040500028 HTTP/1.1" 200 23849
120.253.135.82 - - [05/Apr/2020:09:24:59 +0800] "GET /xingrg/javascript/pic_change.js HTTP/1.1" 200 4739
120.253.135.82 - - [05/Apr/2020:09:24:59 +0800] "GET /xingrg/javascript/convert.js HTTP/1.1" 200 1239
120.253.135.82 - - [05/Apr/2020:09:24:59 +0800] "GET /xingrg/javascript/jquery_tools/order_manager.js HTTP/1.1" 200 11183
120.253.135.82 - - [05/Apr/2020:09:24:59 +0800] "GET /xingrg/javascript/print/kc_print.js HTTP/1.1" 200 11415
120.253.135.82 - - [05/Apr/2020:09:24:59 +0800] "GET /xingrg/javascript/json2.js HTTP/1.1" 200 11259
120.253.135.82 - - [05/Apr/2020:09:24:59 +0800] "GET /xingrg/javascript/myfunction.js HTTP/1.1" 200 24559
120.253.135.82 - - [05/Apr/2020:09:24:59 +0800] "GET /xingrg/words/20200402112410_words.js HTTP/1.1" 200 718521
120.253.135.82 - - [05/Apr/2020:09:24:59 +0800] "GET /xingrg/javascript/easyui/themes/icons/copy_new.png HTTP/1.1" 200 815
120.253.135.82 - - [05/Apr/2020:09:24:59 +0800] "GET /xingrg/javascript/easyui/themes/icons/ok.png HTTP/1.1" 200 883
120.253.135.82 - - [05/Apr/2020:09:24:59 +0800] "GET /xingrg/javascript/easyui/themes/default/images/menu_downarrow.png HTTP/1.1" 200 173
120.253.135.82 - - [05/Apr/2020:09:24:59 +0800] "GET /xingrg/javascript/easyui/themes/icons/print.png HTTP/1.1" 200 1057
120.253.135.82 - - [05/Apr/2020:09:24:59 +0800] "GET /xingrg/javascript/easyui/themes/icons/cancel.png HTTP/1.1" 200 1133
120.253.135.82 - - [05/Apr/2020:09:25:00 +0800] "GET /xingrg/all/common/auto_word.html?type=base&rest_code=00101 HTTP/1.1" 200 513
120.253.135.82 - - [05/Apr/2020:09:25:00 +0800] "POST /xingrg/kc/pszx/mdps_order_operate.html HTTP/1.1" 200 2284
120.253.135.82 - - [05/Apr/2020:09:25:00 +0800] "GET /xingrg/javascript/easyui/themes/icons/edit_remove.png HTTP/1.1" 200 625
120.253.135.82 - - [05/Apr/2020:09:25:00 +0800] "GET /xingrg/javascript/easyui/plugins/jquery.validatebox.js HTTP/1.1" 200 6103
120.253.135.82 - - [05/Apr/2020:09:25:00 +0800] "GET /xingrg/javascript/easyui/themes/default/validatebox.css HTTP/1.1" 404 1104
120.253.135.82 - - [05/Apr/2020:09:25:00 +0800] "GET /xingrg/javascript/easyui/plugins/jquery.numberbox.js HTTP/1.1" 200 5213
120.253.135.82 - - [05/Apr/2020:09:25:01 +0800] "GET /xingrg/javascript/easyui/themes/default/images/button_plain_hover.png HTTP/1.1" 200 144
120.253.135.82 - - [05/Apr/2020:09:25:02 +0800] "GET /xingrg/kc/print/load_config.html?kc_code=mdps HTTP/1.1" 200 2396
120.253.135.82 - - [05/Apr/2020:09:25:02 +0800] "GET /xingrg/kc/print/load_data.html?order_code=312020040500028&kc_code=mdps&condition= HTTP/1.1" 200 672
116.235.222.53 - - [05/Apr/2020:09:25:05 +0800] "GET /xingrg/kc/buy/cgsh_order_operate.html?command=get_materiel&rest_code=00107&code=00101002006&supplier_code=00100091&order_time=2020-04-05 HTTP/1.1" 200 414
