61.151.178.166 - - [03/Apr/2020:11:36:00 +0800] "GET /xingrg/login.html HTTP/1.1" 200 7641
172.17.0.107 - - [03/Apr/2020:11:36:10 +0800] "GET /xingrg/all/function/internal_message.html?_=1585884970456&CODE_STATE=getMsg HTTP/1.1" 200 27
117.131.5.26 - - [03/Apr/2020:11:36:10 +0800] "GET /xingrg/all/function/internal_message.html?_=1585885223662&CODE_STATE=getMsg HTTP/1.1" 200 27
172.17.0.112 - - [03/Apr/2020:11:36:22 +0800] "GET /xingrg/all/function/internal_message.html?_=1585884997150&CODE_STATE=getMsg HTTP/1.1" 302 -
116.232.54.155 - - [03/Apr/2020:11:36:22 +0800] "GET /xingrg/all/function/internal_message.html?_=1585885020187&CODE_STATE=getMsg HTTP/1.1" 200 27
172.17.0.112 - - [03/Apr/2020:11:36:23 +0800] "GET /xingrg/all/function/internal_message.html?_=1585884998560&CODE_STATE=getMsg HTTP/1.1" 302 -
116.235.222.53 - - [03/Apr/2020:11:36:29 +0800] "GET /xingrg/all/function/internal_message.html?_=1585884978840&CODE_STATE=getMsg HTTP/1.1" 200 27
117.131.5.26 - - [03/Apr/2020:11:36:32 +0800] "GET /xingrg/all/function/internal_message.html?_=1585885008250&CODE_STATE=getMsg HTTP/1.1" 200 27
117.185.32.26 - - [03/Apr/2020:11:36:33 +0800] "GET /xingrg/all/function/internal_message.html?_=1585885396115&CODE_STATE=getMsg HTTP/1.1" 200 27
222.70.183.62 - - [03/Apr/2020:11:36:34 +0800] "GET /xingrg/all/function/internal_message.html?_=1585884991343&CODE_STATE=getMsg HTTP/1.1" 200 27
222.69.139.91 - - [03/Apr/2020:11:36:37 +0800] "GET /xingrg/all/function/internal_message.html?_=1585884990583&CODE_STATE=getMsg HTTP/1.1" 200 27
222.69.139.91 - - [03/Apr/2020:11:36:37 +0800] "GET /xingrg/check_reg.html?_=1585884990586 HTTP/1.1" 200 22
114.88.159.93 - - [03/Apr/2020:11:36:47 +0800] "GET /xingrg/all/function/internal_message.html?_=1585884975684&CODE_STATE=getMsg HTTP/1.1" 200 27
180.156.150.85 - - [03/Apr/2020:11:36:48 +0800] "GET /xingrg/all/function/internal_message.html?_=1585885007736&CODE_STATE=getMsg HTTP/1.1" 200 27
58.221.95.50 - - [03/Apr/2020:11:36:49 +0800] "GET /xingrg/all/function/internal_message.html?_=1585885366047&CODE_STATE=getMsg HTTP/1.1" 200 27
172.17.0.115 - - [03/Apr/2020:11:36:50 +0800] "GET /xingrg/all/function/internal_message.html?_=1585885008781&CODE_STATE=getMsg HTTP/1.1" 200 27
180.162.232.172 - - [03/Apr/2020:11:36:51 +0800] "GET /xingrg/all/function/internal_message.html?_=1585885136322&CODE_STATE=getMsg HTTP/1.1" 200 27
114.95.157.20 - - [03/Apr/2020:11:36:53 +0800] "GET /xingrg/all/function/internal_message.html?_=1585885011041&CODE_STATE=getMsg HTTP/1.1" 200 27
120.253.135.82 - - [03/Apr/2020:11:36:56 +0800] "GET /xingrg/all/function/internal_message.html?_=1585885087527&CODE_STATE=getMsg HTTP/1.1" 200 27
117.185.32.26 - - [03/Apr/2020:11:37:08 +0800] "POST /xingrg/services/DataTransmitService HTTP/1.1" 200 524
117.185.32.26 - - [03/Apr/2020:11:37:09 +0800] "POST /xingrg/services/DataTransmitService HTTP/1.1" 200 501
117.185.32.26 - - [03/Apr/2020:11:37:09 +0800] "POST /xingrg/services/DataTransmitService HTTP/1.1" 200 501
117.185.32.26 - - [03/Apr/2020:11:37:09 +0800] "POST /xingrg/services/DataTransmitService HTTP/1.1" 200 501
117.185.32.26 - - [03/Apr/2020:11:37:09 +0800] "POST /xingrg/services/DataTransmitService HTTP/1.1" 200 501
117.185.32.26 - - [03/Apr/2020:11:37:10 +0800] "POST /xingrg/services/DataTransmitService HTTP/1.1" 200 501
172.17.0.107 - - [03/Apr/2020:11:37:10 +0800] "GET /xingrg/all/function/internal_message.html?_=1585885030442&CODE_STATE=getMsg HTTP/1.1" 200 27
117.185.32.26 - - [03/Apr/2020:11:37:10 +0800] "POST /xingrg/services/DataTransmitService HTTP/1.1" 200 501
117.131.5.26 - - [03/Apr/2020:11:37:10 +0800] "GET /xingrg/all/function/internal_message.html?_=1585885283678&CODE_STATE=getMsg HTTP/1.1" 200 27
117.185.32.26 - - [03/Apr/2020:11:37:10 +0800] "POST /xingrg/services/DataTransmitService HTTP/1.1" 200 412
116.232.54.155 - - [03/Apr/2020:11:37:20 +0800] "GET /xingrg/all/function/internal_message.html?_=1585885080187&CODE_STATE=getMsg HTTP/1.1" 200 27
172.17.0.112 - - [03/Apr/2020:11:37:22 +0800] "GET /xingrg/all/function/internal_message.html?_=1585885057172&CODE_STATE=getMsg HTTP/1.1" 302 -
222.70.183.62 - - [03/Apr/2020:11:37:23 +0800] "GET /xingrg/check_reg.html?_=1585885040911 HTTP/1.1" 200 22
172.17.0.112 - - [03/Apr/2020:11:37:23 +0800] "GET /xingrg/all/function/internal_message.html?_=1585885058576&CODE_STATE=getMsg HTTP/1.1" 302 -
116.235.222.53 - - [03/Apr/2020:11:37:29 +0800] "GET /xingrg/all/function/internal_message.html?_=1585885038841&CODE_STATE=getMsg HTTP/1.1" 200 27
117.131.5.26 - - [03/Apr/2020:11:37:31 +0800] "GET /xingrg/check_reg.html?_=1585885066875 HTTP/1.1" 200 22
117.131.5.26 - - [03/Apr/2020:11:37:32 +0800] "GET /xingrg/all/function/internal_message.html?_=1585885068250&CODE_STATE=getMsg HTTP/1.1" 200 27
117.185.32.26 - - [03/Apr/2020:11:37:33 +0800] "GET /xingrg/all/function/internal_message.html?_=1585885456104&CODE_STATE=getMsg HTTP/1.1" 200 27
172.17.0.112 - - [03/Apr/2020:11:37:33 +0800] "GET /xingrg/check_reg.html?_=1585885068551 HTTP/1.1" 302 -
222.70.183.62 - - [03/Apr/2020:11:37:34 +0800] "GET /xingrg/all/function/internal_message.html?_=1585885051362&CODE_STATE=getMsg HTTP/1.1" 200 27
222.69.139.91 - - [03/Apr/2020:11:37:37 +0800] "GET /xingrg/all/function/internal_message.html?_=1585885050584&CODE_STATE=getMsg HTTP/1.1" 200 27
114.88.159.93 - - [03/Apr/2020:11:37:47 +0800] "GET /xingrg/all/function/internal_message.html?_=1585885035683&CODE_STATE=getMsg HTTP/1.1" 200 27
180.156.150.85 - - [03/Apr/2020:11:37:48 +0800] "GET /xingrg/all/function/internal_message.html?_=1585885067710&CODE_STATE=getMsg HTTP/1.1" 200 27
58.221.95.50 - - [03/Apr/2020:11:37:49 +0800] "GET /xingrg/all/function/internal_message.html?_=1585885426061&CODE_STATE=getMsg HTTP/1.1" 200 27
172.17.0.115 - - [03/Apr/2020:11:37:50 +0800] "GET /xingrg/check_reg.html?_=1585885068782 HTTP/1.1" 200 22
172.17.0.115 - - [03/Apr/2020:11:37:50 +0800] "GET /xingrg/all/function/internal_message.html?_=1585885068784&CODE_STATE=getMsg HTTP/1.1" 200 27
180.162.232.172 - - [03/Apr/2020:11:37:51 +0800] "GET /xingrg/all/function/internal_message.html?_=1585885196337&CODE_STATE=getMsg HTTP/1.1" 200 27
114.95.157.20 - - [03/Apr/2020:11:37:53 +0800] "GET /xingrg/check_reg.html?_=1585885071038 HTTP/1.1" 200 22
114.95.157.20 - - [03/Apr/2020:11:37:53 +0800] "GET /xingrg/all/function/internal_message.html?_=1585885071046&CODE_STATE=getMsg HTTP/1.1" 200 27
120.253.135.82 - - [03/Apr/2020:11:37:56 +0800] "GET /xingrg/all/function/internal_message.html?_=1585885147544&CODE_STATE=getMsg HTTP/1.1" 200 27
61.151.178.165 - - [03/Apr/2020:11:37:58 +0800] "GET /xingrg/all/function/internal_message.html?_=1585884375689&CODE_STATE=getMsg HTTP/1.1" 302 -
61.151.178.165 - - [03/Apr/2020:11:38:07 +0800] "GET /xingrg/login.html HTTP/1.1" 200 7641
172.17.0.107 - - [03/Apr/2020:11:38:10 +0800] "GET /xingrg/all/function/internal_message.html?_=1585885090426&CODE_STATE=getMsg HTTP/1.1" 200 27
117.131.5.26 - - [03/Apr/2020:11:38:11 +0800] "GET /xingrg/all/function/internal_message.html?_=1585885343816&CODE_STATE=getMsg HTTP/1.1" 200 27
172.17.1.5 - - [03/Apr/2020:11:38:13 +0800] "GET /xingrg/check_reg.html?_=1585885085792 HTTP/1.1" 200 22
117.131.5.26 - - [03/Apr/2020:11:38:13 +0800] "GET /xingrg/check_reg.html?_=1585885346671 HTTP/1.1" 200 22
116.232.54.155 - - [03/Apr/2020:11:38:18 +0800] "GET /xingrg/all/function/internal_message.html?_=1585885140177&CODE_STATE=getMsg HTTP/1.1" 200 27
172.17.0.112 - - [03/Apr/2020:11:38:22 +0800] "GET /xingrg/all/function/internal_message.html?_=1585885117204&CODE_STATE=getMsg HTTP/1.1" 302 -
172.17.0.112 - - [03/Apr/2020:11:38:23 +0800] "GET /xingrg/all/function/internal_message.html?_=1585885118601&CODE_STATE=getMsg HTTP/1.1" 302 -
116.235.222.53 - - [03/Apr/2020:11:38:29 +0800] "GET /xingrg/all/function/internal_message.html?_=1585885098844&CODE_STATE=getMsg HTTP/1.1" 200 27
117.131.5.26 - - [03/Apr/2020:11:38:32 +0800] "GET /xingrg/all/function/internal_message.html?_=1585885128250&CODE_STATE=getMsg HTTP/1.1" 200 27
117.185.32.26 - - [03/Apr/2020:11:38:33 +0800] "GET /xingrg/all/function/internal_message.html?_=1585885516093&CODE_STATE=getMsg HTTP/1.1" 200 27
222.70.183.62 - - [03/Apr/2020:11:38:34 +0800] "GET /xingrg/all/function/internal_message.html?_=1585885111377&CODE_STATE=getMsg HTTP/1.1" 200 27
222.69.139.91 - - [03/Apr/2020:11:38:37 +0800] "GET /xingrg/all/function/internal_message.html?_=1585885110586&CODE_STATE=getMsg HTTP/1.1" 200 27
222.70.183.62 - - [03/Apr/2020:11:38:45 +0800] "GET /xingrg/kc/buy/cgsh_order_operate.html?command=get_materiel&rest_code=00111&code=00102005013&supplier_code=00100199&order_time=2020-04-03 HTTP/1.1" 200 424
114.88.159.93 - - [03/Apr/2020:11:38:47 +0800] "GET /xingrg/all/function/internal_message.html?_=1585885095716&CODE_STATE=getMsg HTTP/1.1" 200 27
180.156.150.85 - - [03/Apr/2020:11:38:48 +0800] "GET /xingrg/all/function/internal_message.html?_=1585885127686&CODE_STATE=getMsg HTTP/1.1" 200 27
58.221.95.50 - - [03/Apr/2020:11:38:49 +0800] "GET /xingrg/all/function/internal_message.html?_=1585885486062&CODE_STATE=getMsg HTTP/1.1" 200 27
58.221.95.50 - - [03/Apr/2020:11:38:49 +0800] "GET /xingrg/check_reg.html?_=1585885486072 HTTP/1.1" 200 22
172.17.0.115 - - [03/Apr/2020:11:38:50 +0800] "GET /xingrg/all/function/internal_message.html?_=1585885128769&CODE_STATE=getMsg HTTP/1.1" 200 27
180.162.232.172 - - [03/Apr/2020:11:38:51 +0800] "GET /xingrg/all/function/internal_message.html?_=1585885256350&CODE_STATE=getMsg HTTP/1.1" 200 27
117.185.32.26 - - [03/Apr/2020:11:38:51 +0800] "GET /xingrg/kc/base/base_main.html HTTP/1.1" 200 12142
117.185.32.26 - - [03/Apr/2020:11:38:53 +0800] "GET /xingrg/kc/base/wldb_order_list.html HTTP/1.1" 200 19252
114.95.157.20 - - [03/Apr/2020:11:38:53 +0800] "GET /xingrg/all/function/internal_message.html?_=1585885131042&CODE_STATE=getMsg HTTP/1.1" 200 27
117.185.32.26 - - [03/Apr/2020:11:38:53 +0800] "POST /xingrg/kc/base/wldb_list_operate.html HTTP/1.1" 200 2557
120.253.135.82 - - [03/Apr/2020:11:38:54 +0800] "GET /xingrg/check_reg.html?_=1585885204823 HTTP/1.1" 200 22
117.185.32.26 - - [03/Apr/2020:11:38:55 +0800] "POST /xingrg/kc/base/wldb_list_operate.html HTTP/1.1" 200 618
117.185.32.26 - - [03/Apr/2020:11:38:55 +0800] "GET /xingrg/kc/base/wldb_order_info.html?code=422020040300157 HTTP/1.1" 200 30325
117.185.32.26 - - [03/Apr/2020:11:38:55 +0800] "GET /xingrg/javascript/easyui/themes/default/validatebox.css HTTP/1.1" 404 1104
117.185.32.26 - - [03/Apr/2020:11:38:55 +0800] "POST /xingrg/kc/base/wldb_order_operate.html HTTP/1.1" 200 5160
120.253.135.82 - - [03/Apr/2020:11:38:56 +0800] "GET /xingrg/all/function/internal_message.html?_=1585885207556&CODE_STATE=getMsg HTTP/1.1" 200 27
172.17.0.112 - - [03/Apr/2020:11:39:00 +0800] "GET /xingrg/check_reg.html?_=1585885155249 HTTP/1.1" 302 -
117.185.32.26 - - [03/Apr/2020:11:39:07 +0800] "GET /xingrg/kc/base/wldb_order_operate.html?command=get_materiel&rest_code=00106&base_code=0010396&code=00101019074 HTTP/1.1" 200 457
172.17.0.107 - - [03/Apr/2020:11:39:10 +0800] "GET /xingrg/all/function/internal_message.html?_=1585885150410&CODE_STATE=getMsg HTTP/1.1" 200 27
117.131.5.26 - - [03/Apr/2020:11:39:11 +0800] "GET /xingrg/all/function/internal_message.html?_=1585885403830&CODE_STATE=getMsg HTTP/1.1" 200 27
117.185.32.26 - - [03/Apr/2020:11:39:15 +0800] "POST /xingrg/kc/base/wldb_order_operate.html HTTP/1.1" 200 37
117.185.32.26 - - [03/Apr/2020:11:39:15 +0800] "POST /xingrg/kc/base/wldb_order_operate.html HTTP/1.1" 200 5664
116.232.54.155 - - [03/Apr/2020:11:39:15 +0800] "GET /xingrg/all/function/internal_message.html?_=1585885200184&CODE_STATE=getMsg HTTP/1.1" 200 27
117.185.32.26 - - [03/Apr/2020:11:39:16 +0800] "GET /xingrg/kc/base/wldb_order_info.html?code=422020040300157 HTTP/1.1" 200 30328
117.185.32.26 - - [03/Apr/2020:11:39:16 +0800] "GET /xingrg/javascript/easyui/themes/default/validatebox.css HTTP/1.1" 404 1104
117.185.32.26 - - [03/Apr/2020:11:39:16 +0800] "POST /xingrg/kc/base/wldb_order_operate.html HTTP/1.1" 200 5664
117.185.32.26 - - [03/Apr/2020:11:39:18 +0800] "GET /xingrg/kc/buy/buy_main.html HTTP/1.1" 200 12412
117.185.32.26 - - [03/Apr/2020:11:39:18 +0800] "GET /xingrg/css/new_ie.css HTTP/1.1" 404 1036
117.185.32.26 - - [03/Apr/2020:11:39:19 +0800] "GET /xingrg/images/yd/bt.gif HTTP/1.1" 404 1040
117.185.32.26 - - [03/Apr/2020:11:39:20 +0800] "GET /xingrg/kc/buy/cgsh_order_list.html HTTP/1.1" 200 42298
117.185.32.26 - - [03/Apr/2020:11:39:21 +0800] "POST /xingrg/kc/buy/cgsh_list_operate.html HTTP/1.1" 200 2774
172.17.0.112 - - [03/Apr/2020:11:39:22 +0800] "GET /xingrg/all/function/internal_message.html?_=1585885177214&CODE_STATE=getMsg HTTP/1.1" 302 -
172.17.0.112 - - [03/Apr/2020:11:39:23 +0800] "GET /xingrg/all/function/internal_message.html?_=1585885178634&CODE_STATE=getMsg HTTP/1.1" 302 -
117.185.32.26 - - [03/Apr/2020:11:39:25 +0800] "GET /xingrg/kc/buy/cgsh_order_add.html HTTP/1.1" 200 57913
117.185.32.26 - - [03/Apr/2020:11:39:25 +0800] "POST /xingrg/kc/buy/cgsh_order_operate.html HTTP/1.1" 200 8245
117.185.32.26 - - [03/Apr/2020:11:39:25 +0800] "GET /xingrg/javascript/easyui/themes/default/validatebox.css HTTP/1.1" 404 1104
117.185.32.26 - - [03/Apr/2020:11:39:27 +0800] "GET /xingrg/javascript/easyui/themes/default/tree.css HTTP/1.1" 404 1090
117.185.32.26 - - [03/Apr/2020:11:39:27 +0800] "POST /xingrg/all/common/load_tree.html?tree=supplier_tree_json&isDelete=1 HTTP/1.1" 200 47028
116.235.222.53 - - [03/Apr/2020:11:39:29 +0800] "GET /xingrg/all/function/internal_message.html?_=1585885158843&CODE_STATE=getMsg HTTP/1.1" 200 27
116.235.222.53 - - [03/Apr/2020:11:39:30 +0800] "GET /xingrg/check_reg.html?_=1585885158846 HTTP/1.1" 200 22
117.131.5.26 - - [03/Apr/2020:11:39:32 +0800] "GET /xingrg/all/function/internal_message.html?_=1585885188250&CODE_STATE=getMsg HTTP/1.1" 200 27
117.185.32.26 - - [03/Apr/2020:11:39:33 +0800] "GET /xingrg/all/function/internal_message.html?_=1585885576093&CODE_STATE=getMsg HTTP/1.1" 200 27
222.70.183.62 - - [03/Apr/2020:11:39:34 +0800] "GET /xingrg/all/function/internal_message.html?_=1585885171391&CODE_STATE=getMsg HTTP/1.1" 200 27
117.185.32.26 - - [03/Apr/2020:11:39:34 +0800] "GET /xingrg/check_reg.html?_=1585885577003 HTTP/1.1" 200 22
222.69.139.91 - - [03/Apr/2020:11:39:37 +0800] "GET /xingrg/all/function/internal_message.html?_=1585885170585&CODE_STATE=getMsg HTTP/1.1" 200 27
114.88.159.93 - - [03/Apr/2020:11:39:47 +0800] "GET /xingrg/check_reg.html?_=1585885155716 HTTP/1.1" 200 22
114.88.159.93 - - [03/Apr/2020:11:39:47 +0800] "GET /xingrg/all/function/internal_message.html?_=1585885155718&CODE_STATE=getMsg HTTP/1.1" 200 27
180.156.150.85 - - [03/Apr/2020:11:39:47 +0800] "GET /xingrg/all/function/internal_message.html?_=1585885187667&CODE_STATE=getMsg HTTP/1.1" 200 27
58.221.95.50 - - [03/Apr/2020:11:39:49 +0800] "GET /xingrg/all/function/internal_message.html?_=1585885546057&CODE_STATE=getMsg HTTP/1.1" 200 27
172.17.0.115 - - [03/Apr/2020:11:39:50 +0800] "GET /xingrg/all/function/internal_message.html?_=1585885188773&CODE_STATE=getMsg HTTP/1.1" 200 27
180.162.232.172 - - [03/Apr/2020:11:39:51 +0800] "GET /xingrg/check_reg.html?_=1585885316307 HTTP/1.1" 200 22
180.162.232.172 - - [03/Apr/2020:11:39:51 +0800] "GET /xingrg/all/function/internal_message.html?_=1585885316363&CODE_STATE=getMsg HTTP/1.1" 200 27
114.95.157.20 - - [03/Apr/2020:11:39:53 +0800] "GET /xingrg/all/function/internal_message.html?_=1585885191040&CODE_STATE=getMsg HTTP/1.1" 200 27
117.185.32.26 - - [03/Apr/2020:11:39:53 +0800] "GET /xingrg/kc/buy/cgsh_order_operate.html?command=get_materiel&rest_code=00106&code=00101005022&supplier_code=00100347&order_time=2020-04-03 HTTP/1.1" 200 417
120.253.135.82 - - [03/Apr/2020:11:39:57 +0800] "GET /xingrg/all/function/internal_message.html?_=1585885267571&CODE_STATE=getMsg HTTP/1.1" 200 27
116.232.54.155 - - [03/Apr/2020:11:39:57 +0800] "GET /xingrg/javascript/auto/indicator.gif HTTP/1.1" 404 1066
116.232.54.155 - - [03/Apr/2020:11:40:01 +0800] "GET /xingrg/javascript/jquery_tools/images/prev.gif HTTP/1.1" 404 1086
116.232.54.155 - - [03/Apr/2020:11:40:01 +0800] "GET /xingrg/javascript/jquery_tools/images/next.gif HTTP/1.1" 404 1086
116.232.54.155 - - [03/Apr/2020:11:40:04 +0800] "GET /xingrg/kc/buy/cgsh_order_operate.html?command=get_materiel&rest_code=00109&code=00101001168&supplier_code=00100313&order_time=2020-04-03 HTTP/1.1" 200 414
172.17.0.107 - - [03/Apr/2020:11:40:10 +0800] "GET /xingrg/all/function/internal_message.html?_=1585885210396&CODE_STATE=getMsg HTTP/1.1" 200 27
116.232.54.155 - - [03/Apr/2020:11:40:10 +0800] "GET /xingrg/kc/buy/cgsh_order_operate.html?command=get_materiel&rest_code=00109&code=00101001138&supplier_code=00100313&order_time=2020-04-03 HTTP/1.1" 200 413
117.131.5.26 - - [03/Apr/2020:11:40:11 +0800] "GET /xingrg/all/function/internal_message.html?_=1585885463844&CODE_STATE=getMsg HTTP/1.1" 200 27
116.232.54.155 - - [03/Apr/2020:11:40:13 +0800] "GET /xingrg/all/function/internal_message.html?_=1585885260172&CODE_STATE=getMsg HTTP/1.1" 200 27
116.232.54.155 - - [03/Apr/2020:11:40:13 +0800] "GET /xingrg/check_reg.html?_=1585885260187 HTTP/1.1" 200 22
172.17.0.107 - - [03/Apr/2020:11:40:14 +0800] "GET /xingrg/check_reg.html?_=1585885213865 HTTP/1.1" 200 22
116.232.54.155 - - [03/Apr/2020:11:40:16 +0800] "GET /xingrg/kc/buy/cgsh_order_operate.html?command=get_materiel&rest_code=00109&code=00101001033&supplier_code=00100313&order_time=2020-04-03 HTTP/1.1" 200 417
117.185.32.26 - - [03/Apr/2020:11:40:18 +0800] "GET /xingrg/kc/buy/cgsh_order_operate.html?command=get_materiel&rest_code=00106&code=00101003004&supplier_code=00100347&order_time=2020-04-03 HTTP/1.1" 200 420
222.70.183.62 - - [03/Apr/2020:11:40:19 +0800] "POST /xingrg/kc/buy/cgsh_order_operate.html HTTP/1.1" 200 37
222.70.183.62 - - [03/Apr/2020:11:40:20 +0800] "POST /xingrg/kc/buy/cgsh_order_operate.html HTTP/1.1" 200 3286
116.232.54.155 - - [03/Apr/2020:11:40:20 +0800] "GET /xingrg/kc/buy/cgsh_order_operate.html?command=get_materiel&rest_code=00109&code=00101001096&supplier_code=00100313&order_time=2020-04-03 HTTP/1.1" 200 413
222.70.183.62 - - [03/Apr/2020:11:40:21 +0800] "GET /xingrg/kc/print/load_data.html?order_code=212020040300493&kc_code=cgsh&condition= HTTP/1.1" 200 936
172.17.0.112 - - [03/Apr/2020:11:40:22 +0800] "GET /xingrg/all/function/internal_message.html?_=1585885237255&CODE_STATE=getMsg HTTP/1.1" 302 -
172.17.0.112 - - [03/Apr/2020:11:40:23 +0800] "GET /xingrg/all/function/internal_message.html?_=1585885238661&CODE_STATE=getMsg HTTP/1.1" 302 -
116.232.54.155 - - [03/Apr/2020:11:40:25 +0800] "GET /xingrg/kc/buy/cgsh_order_operate.html?command=get_materiel&rest_code=00109&code=00101008195&supplier_code=00100313&order_time=2020-04-03 HTTP/1.1" 200 424
116.235.222.53 - - [03/Apr/2020:11:40:29 +0800] "GET /xingrg/all/function/internal_message.html?_=1585885218839&CODE_STATE=getMsg HTTP/1.1" 200 27
116.232.54.155 - - [03/Apr/2020:11:40:31 +0800] "GET /xingrg/kc/buy/cgsh_order_operate.html?command=get_materiel&rest_code=00109&code=00102026001&supplier_code=00100313&order_time=2020-04-03 HTTP/1.1" 200 409
117.131.5.26 - - [03/Apr/2020:11:40:32 +0800] "GET /xingrg/all/function/internal_message.html?_=1585885248265&CODE_STATE=getMsg HTTP/1.1" 200 27
117.185.32.26 - - [03/Apr/2020:11:40:33 +0800] "GET /xingrg/all/function/internal_message.html?_=1585885636090&CODE_STATE=getMsg HTTP/1.1" 200 27
222.70.183.62 - - [03/Apr/2020:11:40:34 +0800] "GET /xingrg/all/function/internal_message.html?_=1585885231404&CODE_STATE=getMsg HTTP/1.1" 200 27
222.69.139.91 - - [03/Apr/2020:11:40:37 +0800] "GET /xingrg/all/function/internal_message.html?_=1585885230585&CODE_STATE=getMsg HTTP/1.1" 200 27
222.70.183.62 - - [03/Apr/2020:11:40:38 +0800] "POST /xingrg/kc/buy/cgsh_list_operate.html HTTP/1.1" 200 9216
222.70.183.62 - - [03/Apr/2020:11:40:43 +0800] "POST /xingrg/kc/buy/cgsh_list_operate.html HTTP/1.1" 200 9216
117.185.32.26 - - [03/Apr/2020:11:40:45 +0800] "GET /xingrg/kc/buy/cgsh_order_operate.html?command=get_materiel&rest_code=00106&code=00101001023&supplier_code=00100347&order_time=2020-04-03 HTTP/1.1" 200 415
114.88.159.93 - - [03/Apr/2020:11:40:47 +0800] "GET /xingrg/all/function/internal_message.html?_=1585885215716&CODE_STATE=getMsg HTTP/1.1" 200 27
180.156.150.85 - - [03/Apr/2020:11:40:47 +0800] "GET /xingrg/all/function/internal_message.html?_=1585885247649&CODE_STATE=getMsg HTTP/1.1" 200 27
58.221.95.50 - - [03/Apr/2020:11:40:49 +0800] "GET /xingrg/all/function/internal_message.html?_=1585885606056&CODE_STATE=getMsg HTTP/1.1" 200 27
180.156.150.85 - - [03/Apr/2020:11:40:50 +0800] "GET /xingrg/check_reg.html?_=1585885249835 HTTP/1.1" 200 22
172.17.0.115 - - [03/Apr/2020:11:40:50 +0800] "GET /xingrg/all/function/internal_message.html?_=1585885248774&CODE_STATE=getMsg HTTP/1.1" 200 27
180.162.232.172 - - [03/Apr/2020:11:40:51 +0800] "GET /xingrg/all/function/internal_message.html?_=1585885376376&CODE_STATE=getMsg HTTP/1.1" 200 27
114.95.157.20 - - [03/Apr/2020:11:40:53 +0800] "GET /xingrg/all/function/internal_message.html?_=1585885251034&CODE_STATE=getMsg HTTP/1.1" 200 27
120.253.135.82 - - [03/Apr/2020:11:40:56 +0800] "GET /xingrg/all/function/internal_message.html?_=1585885327585&CODE_STATE=getMsg HTTP/1.1" 200 27
101.91.62.99 - - [03/Apr/2020:11:40:57 +0800] "GET /xingrg/all/function/internal_message.html?_=1585884555687&CODE_STATE=getMsg HTTP/1.1" 302 -
222.70.183.62 - - [03/Apr/2020:11:40:57 +0800] "GET /xingrg/kc/buy/buy_main.html HTTP/1.1" 200 12412
222.70.183.62 - - [03/Apr/2020:11:40:57 +0800] "GET /xingrg/css/new_ie.css HTTP/1.1" 404 1036
222.70.183.62 - - [03/Apr/2020:11:40:57 +0800] "GET /xingrg/images/yd/bt.gif HTTP/1.1" 404 1040
222.70.183.62 - - [03/Apr/2020:11:40:58 +0800] "GET /xingrg/kc/buy/cgsh_order_list.html HTTP/1.1" 200 42298
222.70.183.62 - - [03/Apr/2020:11:40:59 +0800] "POST /xingrg/kc/buy/cgsh_list_operate.html HTTP/1.1" 200 1687
222.70.183.62 - - [03/Apr/2020:11:41:01 +0800] "POST /xingrg/kc/buy/cgsh_list_operate.html HTTP/1.1" 200 278
222.70.183.62 - - [03/Apr/2020:11:41:01 +0800] "GET /xingrg/kc/buy/cgsh_order_info.html?code=212020040300493 HTTP/1.1" 200 57914
222.70.183.62 - - [03/Apr/2020:11:41:02 +0800] "GET /xingrg/javascript/easyui/themes/default/validatebox.css HTTP/1.1" 404 1104
222.70.183.62 - - [03/Apr/2020:11:41:02 +0800] "POST /xingrg/kc/buy/cgsh_order_operate.html HTTP/1.1" 200 3286
116.232.54.155 - - [03/Apr/2020:11:41:02 +0800] "GET /xingrg/kc/buy/cgsh_order_operate.html?command=get_materiel&rest_code=00109&code=00102026001&supplier_code=00100313&order_time=2020-04-03 HTTP/1.1" 200 409
101.91.62.99 - - [03/Apr/2020:11:41:05 +0800] "GET /xingrg/login.html HTTP/1.1" 200 7641
116.232.54.155 - - [03/Apr/2020:11:41:09 +0800] "GET /xingrg/all/function/internal_message.html?_=1585885320181&CODE_STATE=getMsg HTTP/1.1" 200 27
172.17.0.107 - - [03/Apr/2020:11:41:10 +0800] "GET /xingrg/all/function/internal_message.html?_=1585885270371&CODE_STATE=getMsg HTTP/1.1" 200 27
117.131.5.26 - - [03/Apr/2020:11:41:11 +0800] "GET /xingrg/all/function/internal_message.html?_=1585885523992&CODE_STATE=getMsg HTTP/1.1" 200 27
116.232.54.155 - - [03/Apr/2020:11:41:13 +0800] "POST /xingrg/kc/buy/cgsh_order_operate.html HTTP/1.1" 200 37
116.232.54.155 - - [03/Apr/2020:11:41:15 +0800] "POST /xingrg/kc/buy/cgsh_order_operate.html HTTP/1.1" 200 6231
117.185.32.26 - - [03/Apr/2020:11:41:15 +0800] "GET /xingrg/kc/buy/cgsh_order_operate.html?command=get_materiel&rest_code=00106&code=00101001060&supplier_code=00100347&order_time=2020-04-03 HTTP/1.1" 200 421
116.232.54.155 - - [03/Apr/2020:11:41:16 +0800] "GET /xingrg/kc/print/load_config.html?kc_code=cgsh HTTP/1.1" 200 1841
116.232.54.155 - - [03/Apr/2020:11:41:16 +0800] "GET /xingrg/kc/print/load_data.html?order_code=212020040300494&kc_code=cgsh&condition= HTTP/1.1" 200 2036
114.88.159.93 - - [03/Apr/2020:11:41:19 +0800] "GET /xingrg/kc/buy/buy_main.html HTTP/1.1" 200 12412
114.88.159.93 - - [03/Apr/2020:11:41:19 +0800] "GET /xingrg/css/new_ie.css HTTP/1.1" 404 1036
114.88.159.93 - - [03/Apr/2020:11:41:19 +0800] "POST /xingrg/kc/mdqp/pssh_list_operate.html HTTP/1.1" 200 1578
114.88.159.93 - - [03/Apr/2020:11:41:19 +0800] "GET /xingrg/images/yd/bt.gif HTTP/1.1" 404 1040
114.88.159.93 - - [03/Apr/2020:11:41:20 +0800] "GET /xingrg/kc/buy/cgsh_order_list.html HTTP/1.1" 200 42304
114.88.159.93 - - [03/Apr/2020:11:41:20 +0800] "POST /xingrg/kc/buy/cgsh_list_operate.html HTTP/1.1" 200 876
222.70.183.62 - - [03/Apr/2020:11:41:21 +0800] "POST /xingrg/kc/buy/cgsh_order_operate.html HTTP/1.1" 200 37
114.88.159.93 - - [03/Apr/2020:11:41:22 +0800] "GET /xingrg/kc/buy/cgsh_order_add.html HTTP/1.1" 200 57919
114.88.159.93 - - [03/Apr/2020:11:41:22 +0800] "GET /xingrg/javascript/easyui/themes/default/validatebox.css HTTP/1.1" 404 1104
114.88.159.93 - - [03/Apr/2020:11:41:22 +0800] "POST /xingrg/kc/buy/cgsh_order_operate.html HTTP/1.1" 200 8245
172.17.0.112 - - [03/Apr/2020:11:41:22 +0800] "GET /xingrg/all/function/internal_message.html?_=1585885297272&CODE_STATE=getMsg HTTP/1.1" 302 -
222.70.183.62 - - [03/Apr/2020:11:41:22 +0800] "POST /xingrg/kc/buy/cgsh_order_operate.html HTTP/1.1" 200 3286
172.17.0.112 - - [03/Apr/2020:11:41:23 +0800] "GET /xingrg/all/function/internal_message.html?_=1585885298677&CODE_STATE=getMsg HTTP/1.1" 302 -
116.235.222.53 - - [03/Apr/2020:11:41:29 +0800] "GET /xingrg/all/function/internal_message.html?_=1585885279087&CODE_STATE=getMsg HTTP/1.1" 200 27
117.131.5.26 - - [03/Apr/2020:11:41:32 +0800] "GET /xingrg/all/function/internal_message.html?_=1585885308265&CODE_STATE=getMsg HTTP/1.1" 200 27
222.70.183.62 - - [03/Apr/2020:11:41:32 +0800] "GET /xingrg/kc/buy/cgsh_order_info.html?code=212020040300493 HTTP/1.1" 200 57925
222.70.183.62 - - [03/Apr/2020:11:41:33 +0800] "GET /xingrg/javascript/easyui/themes/default/validatebox.css HTTP/1.1" 404 1104
222.70.183.62 - - [03/Apr/2020:11:41:33 +0800] "POST /xingrg/kc/buy/cgsh_order_operate.html HTTP/1.1" 200 3286
117.185.32.26 - - [03/Apr/2020:11:41:33 +0800] "GET /xingrg/all/function/internal_message.html?_=1585885696073&CODE_STATE=getMsg HTTP/1.1" 200 27
222.70.183.62 - - [03/Apr/2020:11:41:34 +0800] "GET /xingrg/all/function/internal_message.html?_=1585885291417&CODE_STATE=getMsg HTTP/1.1" 200 27
222.70.183.62 - - [03/Apr/2020:11:41:36 +0800] "POST /xingrg/kc/buy/cgsh_list_operate.html HTTP/1.1" 200 1699
222.69.139.91 - - [03/Apr/2020:11:41:37 +0800] "GET /xingrg/all/function/internal_message.html?_=1585885290586&CODE_STATE=getMsg HTTP/1.1" 200 27
222.69.139.91 - - [03/Apr/2020:11:41:37 +0800] "GET /xingrg/check_reg.html?_=1585885290589 HTTP/1.1" 200 22
116.232.54.155 - - [03/Apr/2020:11:41:40 +0800] "GET /xingrg/kc/buy/cgsh_order_add.html HTTP/1.1" 200 57901
116.232.54.155 - - [03/Apr/2020:11:41:40 +0800] "POST /xingrg/kc/buy/cgsh_order_operate.html HTTP/1.1" 200 8245
116.232.54.155 - - [03/Apr/2020:11:41:40 +0800] "GET /xingrg/all/common/auto_word.html?type=employee&rest_code=00109 HTTP/1.1" 200 255
116.232.54.155 - - [03/Apr/2020:11:41:40 +0800] "GET /xingrg/all/common/auto_word.html?type=employee&rest_code=00109 HTTP/1.1" 200 255
116.232.54.155 - - [03/Apr/2020:11:41:40 +0800] "GET /xingrg/javascript/easyui/themes/default/validatebox.css HTTP/1.1" 404 1104
116.232.54.155 - - [03/Apr/2020:11:41:42 +0800] "GET /xingrg/javascript/jquery_tools/images/prev.gif HTTP/1.1" 404 1086
116.232.54.155 - - [03/Apr/2020:11:41:42 +0800] "GET /xingrg/javascript/jquery_tools/images/next.gif HTTP/1.1" 404 1086
114.88.159.93 - - [03/Apr/2020:11:41:44 +0800] "GET /xingrg/javascript/auto/indicator.gif HTTP/1.1" 404 1066
117.185.32.26 - - [03/Apr/2020:11:41:46 +0800] "POST /xingrg/kc/buy/cgsh_order_operate.html HTTP/1.1" 200 37
114.88.159.93 - - [03/Apr/2020:11:41:47 +0800] "GET /xingrg/all/function/internal_message.html?_=1585885275716&CODE_STATE=getMsg HTTP/1.1" 200 27
116.232.54.155 - - [03/Apr/2020:11:41:47 +0800] "GET /xingrg/kc/buy/cgsh_order_operate.html?command=get_materiel&rest_code=00109&code=00101004038&supplier_code=00100347&order_time=2020-04-03 HTTP/1.1" 200 409
180.156.150.85 - - [03/Apr/2020:11:41:47 +0800] "GET /xingrg/all/function/internal_message.html?_=1585885307618&CODE_STATE=getMsg HTTP/1.1" 200 27
117.185.32.26 - - [03/Apr/2020:11:41:48 +0800] "POST /xingrg/kc/buy/cgsh_order_operate.html HTTP/1.1" 200 12
58.221.95.50 - - [03/Apr/2020:11:41:49 +0800] "GET /xingrg/all/function/internal_message.html?_=1585885666055&CODE_STATE=getMsg HTTP/1.1" 200 27
117.185.32.26 - - [03/Apr/2020:11:41:49 +0800] "GET /xingrg/kc/buy/cgsh_order_info.html?code=212020040300495 HTTP/1.1" 200 52807
61.151.178.197 - - [03/Apr/2020:11:41:49 +0800] "GET /xingrg/all/function/internal_message.html?_=1585884615689&CODE_STATE=getMsg HTTP/1.1" 302 -
117.185.32.26 - - [03/Apr/2020:11:41:49 +0800] "GET /xingrg/javascript/easyui/themes/default/validatebox.css HTTP/1.1" 404 1104
117.185.32.26 - - [03/Apr/2020:11:41:49 +0800] "POST /xingrg/kc/buy/cgsh_order_operate.html HTTP/1.1" 200 2415
172.17.0.115 - - [03/Apr/2020:11:41:50 +0800] "GET /xingrg/all/function/internal_message.html?_=1585885308778&CODE_STATE=getMsg HTTP/1.1" 200 27
180.162.232.172 - - [03/Apr/2020:11:41:51 +0800] "GET /xingrg/all/function/internal_message.html?_=1585885436390&CODE_STATE=getMsg HTTP/1.1" 200 27
117.185.32.26 - - [03/Apr/2020:11:41:52 +0800] "GET /xingrg/kc/print/load_data.html?order_code=212020040300495&kc_code=cgsh&condition= HTTP/1.1" 200 1400
114.95.157.20 - - [03/Apr/2020:11:41:53 +0800] "GET /xingrg/all/function/internal_message.html?_=1585885311038&CODE_STATE=getMsg HTTP/1.1" 200 27
116.232.54.155 - - [03/Apr/2020:11:41:55 +0800] "GET /xingrg/kc/buy/cgsh_order_operate.html?command=get_materiel&rest_code=00109&code=00101002005&supplier_code=00100347&order_time=2020-04-03 HTTP/1.1" 200 413
61.151.178.197 - - [03/Apr/2020:11:41:55 +0800] "GET /xingrg/login.html HTTP/1.1" 200 7641
120.253.135.82 - - [03/Apr/2020:11:41:56 +0800] "GET /xingrg/all/function/internal_message.html?_=1585885387609&CODE_STATE=getMsg HTTP/1.1" 200 27
116.232.54.155 - - [03/Apr/2020:11:42:04 +0800] "POST /xingrg/kc/buy/cgsh_order_operate.html HTTP/1.1" 200 37
116.232.54.155 - - [03/Apr/2020:11:42:05 +0800] "POST /xingrg/kc/buy/cgsh_order_operate.html HTTP/1.1" 200 3247
116.232.54.155 - - [03/Apr/2020:11:42:06 +0800] "GET /xingrg/kc/print/load_config.html?kc_code=cgsh HTTP/1.1" 200 1841
116.232.54.155 - - [03/Apr/2020:11:42:06 +0800] "GET /xingrg/kc/print/load_data.html?order_code=212020040300496&kc_code=cgsh&condition= HTTP/1.1" 200 872
117.185.32.26 - - [03/Apr/2020:11:42:09 +0800] "GET /xingrg/kc/buy/cgsh_order_add.html HTTP/1.1" 200 57913
117.185.32.26 - - [03/Apr/2020:11:42:09 +0800] "POST /xingrg/kc/buy/cgsh_order_operate.html HTTP/1.1" 200 8245
117.185.32.26 - - [03/Apr/2020:11:42:09 +0800] "GET /xingrg/javascript/easyui/themes/default/validatebox.css HTTP/1.1" 404 1104
172.17.0.107 - - [03/Apr/2020:11:42:10 +0800] "GET /xingrg/all/function/internal_message.html?_=1585885330357&CODE_STATE=getMsg HTTP/1.1" 200 27
117.185.32.26 - - [03/Apr/2020:11:42:10 +0800] "GET /xingrg/javascript/easyui/themes/default/tree.css HTTP/1.1" 404 1090
117.185.32.26 - - [03/Apr/2020:11:42:11 +0800] "POST /xingrg/all/common/load_tree.html?tree=supplier_tree_json&isDelete=1 HTTP/1.1" 200 47028
117.131.5.26 - - [03/Apr/2020:11:42:11 +0800] "GET /xingrg/all/function/internal_message.html?_=1585885583995&CODE_STATE=getMsg HTTP/1.1" 200 27
101.89.239.216 - - [03/Apr/2020:11:42:16 +0800] "GET /xingrg/check_reg.html?_=1585884555688 HTTP/1.1" 302 -
116.232.54.155 - - [03/Apr/2020:11:42:18 +0800] "GET /xingrg/all/function/internal_message.html?_=1585885392578&CODE_STATE=getMsg HTTP/1.1" 200 27
172.17.0.112 - - [03/Apr/2020:11:42:22 +0800] "GET /xingrg/all/function/internal_message.html?_=1585885357308&CODE_STATE=getMsg HTTP/1.1" 302 -
222.70.183.62 - - [03/Apr/2020:11:42:23 +0800] "GET /xingrg/check_reg.html?_=1585885341119 HTTP/1.1" 200 22
172.17.0.112 - - [03/Apr/2020:11:42:23 +0800] "GET /xingrg/all/function/internal_message.html?_=1585885358703&CODE_STATE=getMsg HTTP/1.1" 302 -
101.89.239.216 - - [03/Apr/2020:11:42:26 +0800] "GET /xingrg/login.html HTTP/1.1" 200 7641
117.185.32.26 - - [03/Apr/2020:11:42:27 +0800] "GET /xingrg/kc/buy/cgsh_order_operate.html?command=get_materiel&rest_code=00106&code=00101001174&supplier_code=00100314&order_time=2020-04-03 HTTP/1.1" 200 416
116.235.222.53 - - [03/Apr/2020:11:42:29 +0800] "GET /xingrg/all/function/internal_message.html?_=1585885339067&CODE_STATE=getMsg HTTP/1.1" 200 27
117.131.5.26 - - [03/Apr/2020:11:42:31 +0800] "GET /xingrg/check_reg.html?_=1585885366890 HTTP/1.1" 200 22
114.88.159.93 - - [03/Apr/2020:11:42:32 +0800] "GET /xingrg/javascript/jquery_tools/images/prev.gif HTTP/1.1" 404 1086
114.88.159.93 - - [03/Apr/2020:11:42:32 +0800] "GET /xingrg/javascript/jquery_tools/images/next.gif HTTP/1.1" 404 1086
117.131.5.26 - - [03/Apr/2020:11:42:32 +0800] "GET /xingrg/all/function/internal_message.html?_=1585885368265&CODE_STATE=getMsg HTTP/1.1" 200 27
117.185.32.26 - - [03/Apr/2020:11:42:33 +0800] "GET /xingrg/all/function/internal_message.html?_=1585885756068&CODE_STATE=getMsg HTTP/1.1" 200 27
172.17.0.112 - - [03/Apr/2020:11:42:33 +0800] "GET /xingrg/check_reg.html?_=1585885368549 HTTP/1.1" 302 -
222.70.183.62 - - [03/Apr/2020:11:42:34 +0800] "GET /xingrg/all/function/internal_message.html?_=1585885351430&CODE_STATE=getMsg HTTP/1.1" 200 27
222.69.139.91 - - [03/Apr/2020:11:42:37 +0800] "GET /xingrg/all/function/internal_message.html?_=1585885350588&CODE_STATE=getMsg HTTP/1.1" 200 27
114.88.159.93 - - [03/Apr/2020:11:42:47 +0800] "GET /xingrg/all/function/internal_message.html?_=1585885335709&CODE_STATE=getMsg HTTP/1.1" 200 27
180.156.150.85 - - [03/Apr/2020:11:42:47 +0800] "GET /xingrg/all/function/internal_message.html?_=1585885367600&CODE_STATE=getMsg HTTP/1.1" 200 27
58.221.95.50 - - [03/Apr/2020:11:42:49 +0800] "GET /xingrg/all/function/internal_message.html?_=1585885726061&CODE_STATE=getMsg HTTP/1.1" 200 27
172.17.0.115 - - [03/Apr/2020:11:42:50 +0800] "GET /xingrg/all/function/internal_message.html?_=1585885368779&CODE_STATE=getMsg HTTP/1.1" 200 27
172.17.0.115 - - [03/Apr/2020:11:42:50 +0800] "GET /xingrg/check_reg.html?_=1585885368781 HTTP/1.1" 200 22
114.88.159.93 - - [03/Apr/2020:11:42:50 +0800] "GET /xingrg/kc/buy/cgsh_order_operate.html?command=get_materiel&rest_code=00141&code=00101012046&supplier_code=00100345&order_time=2020-04-03 HTTP/1.1" 200 417
180.162.232.172 - - [03/Apr/2020:11:42:51 +0800] "GET /xingrg/all/function/internal_message.html?_=1585885496406&CODE_STATE=getMsg HTTP/1.1" 200 27
101.91.60.11 - - [03/Apr/2020:11:42:51 +0800] "GET /xingrg/all/function/internal_message.html?_=1585884675689&CODE_STATE=getMsg HTTP/1.1" 302 -
114.95.157.20 - - [03/Apr/2020:11:42:53 +0800] "GET /xingrg/check_reg.html?_=1585885371041 HTTP/1.1" 200 22
114.95.157.20 - - [03/Apr/2020:11:42:53 +0800] "GET /xingrg/all/function/internal_message.html?_=1585885371043&CODE_STATE=getMsg HTTP/1.1" 200 27
120.253.135.82 - - [03/Apr/2020:11:42:57 +0800] "GET /xingrg/all/function/internal_message.html?_=1585885447627&CODE_STATE=getMsg HTTP/1.1" 200 27
101.91.60.11 - - [03/Apr/2020:11:43:00 +0800] "GET /xingrg/login.html HTTP/1.1" 200 7641
116.232.54.155 - - [03/Apr/2020:11:43:08 +0800] "GET /xingrg/all/function/internal_message.html?_=1585885443921&CODE_STATE=getMsg HTTP/1.1" 200 27
172.17.0.107 - - [03/Apr/2020:11:43:10 +0800] "GET /xingrg/all/function/internal_message.html?_=1585885390343&CODE_STATE=getMsg HTTP/1.1" 200 27
117.131.5.26 - - [03/Apr/2020:11:43:11 +0800] "GET /xingrg/all/function/internal_message.html?_=1585885644157&CODE_STATE=getMsg HTTP/1.1" 200 27
117.185.32.26 - - [03/Apr/2020:11:43:12 +0800] "POST /xingrg/kc/buy/cgsh_order_operate.html HTTP/1.1" 200 37
117.131.5.26 - - [03/Apr/2020:11:43:13 +0800] "GET /xingrg/check_reg.html?_=1585885646679 HTTP/1.1" 200 22
172.17.1.5 - - [03/Apr/2020:11:43:13 +0800] "GET /xingrg/check_reg.html?_=1585885385837 HTTP/1.1" 200 22
117.185.32.26 - - [03/Apr/2020:11:43:14 +0800] "POST /xingrg/kc/buy/cgsh_order_operate.html HTTP/1.1" 200 12
117.185.32.26 - - [03/Apr/2020:11:43:15 +0800] "GET /xingrg/kc/buy/cgsh_order_info.html?code=212020040300497 HTTP/1.1" 200 52817
117.185.32.26 - - [03/Apr/2020:11:43:15 +0800] "GET /xingrg/javascript/easyui/themes/default/validatebox.css HTTP/1.1" 404 1104
117.185.32.26 - - [03/Apr/2020:11:43:15 +0800] "POST /xingrg/kc/buy/cgsh_order_operate.html HTTP/1.1" 200 614
117.185.32.26 - - [03/Apr/2020:11:43:18 +0800] "GET /xingrg/kc/print/load_data.html?order_code=212020040300497&kc_code=cgsh&condition= HTTP/1.1" 200 703
172.17.0.112 - - [03/Apr/2020:11:43:22 +0800] "GET /xingrg/all/function/internal_message.html?_=1585885417315&CODE_STATE=getMsg HTTP/1.1" 302 -
172.17.0.112 - - [03/Apr/2020:11:43:24 +0800] "GET /xingrg/all/function/internal_message.html?_=1585885418720&CODE_STATE=getMsg HTTP/1.1" 302 -
117.185.32.26 - - [03/Apr/2020:11:43:26 +0800] "GET /xingrg/kc/buy/cgsh_order_add.html HTTP/1.1" 200 57913
117.185.32.26 - - [03/Apr/2020:11:43:26 +0800] "POST /xingrg/kc/buy/cgsh_order_operate.html HTTP/1.1" 200 8245
117.185.32.26 - - [03/Apr/2020:11:43:26 +0800] "GET /xingrg/javascript/easyui/themes/default/validatebox.css HTTP/1.1" 404 1104
117.185.32.26 - - [03/Apr/2020:11:43:28 +0800] "GET /xingrg/javascript/easyui/themes/default/tree.css HTTP/1.1" 404 1090
117.185.32.26 - - [03/Apr/2020:11:43:28 +0800] "POST /xingrg/all/common/load_tree.html?tree=supplier_tree_json&isDelete=1 HTTP/1.1" 200 47028
116.235.222.53 - - [03/Apr/2020:11:43:29 +0800] "GET /xingrg/all/function/internal_message.html?_=1585885399071&CODE_STATE=getMsg HTTP/1.1" 200 27
117.131.5.26 - - [03/Apr/2020:11:43:32 +0800] "GET /xingrg/all/function/internal_message.html?_=1585885428265&CODE_STATE=getMsg HTTP/1.1" 200 27
117.185.32.26 - - [03/Apr/2020:11:43:33 +0800] "GET /xingrg/all/function/internal_message.html?_=1585885816040&CODE_STATE=getMsg HTTP/1.1" 200 27
222.70.183.62 - - [03/Apr/2020:11:43:34 +0800] "GET /xingrg/all/function/internal_message.html?_=1585885411446&CODE_STATE=getMsg HTTP/1.1" 200 27
222.69.139.91 - - [03/Apr/2020:11:43:37 +0800] "GET /xingrg/all/function/internal_message.html?_=1585885410588&CODE_STATE=getMsg HTTP/1.1" 200 27
101.89.29.78 - - [03/Apr/2020:11:43:41 +0800] "GET /xingrg/all/function/internal_message.html?_=1585884735688&CODE_STATE=getMsg HTTP/1.1" 302 -
117.185.32.26 - - [03/Apr/2020:11:43:45 +0800] "GET /xingrg/kc/buy/cgsh_order_operate.html?command=get_materiel&rest_code=00106&code=00101004030&supplier_code=00100312&order_time=2020-04-03 HTTP/1.1" 200 408
114.88.159.93 - - [03/Apr/2020:11:43:47 +0800] "GET /xingrg/all/function/internal_message.html?_=1585885395713&CODE_STATE=getMsg HTTP/1.1" 200 27
180.156.150.85 - - [03/Apr/2020:11:43:47 +0800] "GET /xingrg/all/function/internal_message.html?_=1585885427579&CODE_STATE=getMsg HTTP/1.1" 200 27
114.88.159.93 - - [03/Apr/2020:11:43:49 +0800] "GET /xingrg/kc/buy/cgsh_order_operate.html?command=get_materiel&rest_code=00141&code=00101015054&supplier_code=00100345&order_time=2020-04-03 HTTP/1.1" 200 404
58.221.95.50 - - [03/Apr/2020:11:43:49 +0800] "GET /xingrg/all/function/internal_message.html?_=1585885786061&CODE_STATE=getMsg HTTP/1.1" 200 27
58.221.95.50 - - [03/Apr/2020:11:43:49 +0800] "GET /xingrg/check_reg.html?_=1585885786063 HTTP/1.1" 200 22
101.89.29.78 - - [03/Apr/2020:11:43:50 +0800] "GET /xingrg/login.html HTTP/1.1" 200 7641
172.17.0.115 - - [03/Apr/2020:11:43:50 +0800] "GET /xingrg/all/function/internal_message.html?_=1585885428782&CODE_STATE=getMsg HTTP/1.1" 200 27
180.162.232.172 - - [03/Apr/2020:11:43:51 +0800] "GET /xingrg/all/function/internal_message.html?_=1585885556417&CODE_STATE=getMsg HTTP/1.1" 200 27
114.95.157.20 - - [03/Apr/2020:11:43:53 +0800] "GET /xingrg/all/function/internal_message.html?_=1585885431029&CODE_STATE=getMsg HTTP/1.1" 200 27
120.253.135.82 - - [03/Apr/2020:11:43:54 +0800] "GET /xingrg/check_reg.html?_=1585885504845 HTTP/1.1" 200 22
120.253.135.82 - - [03/Apr/2020:11:43:56 +0800] "GET /xingrg/all/function/internal_message.html?_=1585885507640&CODE_STATE=getMsg HTTP/1.1" 200 27
172.17.0.112 - - [03/Apr/2020:11:44:00 +0800] "GET /xingrg/check_reg.html?_=1585885455274 HTTP/1.1" 302 -
117.185.32.26 - - [03/Apr/2020:11:44:02 +0800] "POST /xingrg/kc/buy/cgsh_order_operate.html HTTP/1.1" 200 37
117.185.32.26 - - [03/Apr/2020:11:44:04 +0800] "POST /xingrg/kc/buy/cgsh_order_operate.html HTTP/1.1" 200 12
117.185.32.26 - - [03/Apr/2020:11:44:05 +0800] "GET /xingrg/kc/buy/cgsh_order_info.html?code=212020040300498 HTTP/1.1" 200 52819
117.185.32.26 - - [03/Apr/2020:11:44:05 +0800] "GET /xingrg/javascript/easyui/themes/default/validatebox.css HTTP/1.1" 404 1104
117.185.32.26 - - [03/Apr/2020:11:44:05 +0800] "POST /xingrg/kc/buy/cgsh_order_operate.html HTTP/1.1" 200 604
116.232.54.155 - - [03/Apr/2020:11:44:06 +0800] "GET /xingrg/all/function/internal_message.html?_=1585885503921&CODE_STATE=getMsg HTTP/1.1" 200 27
117.185.32.26 - - [03/Apr/2020:11:44:07 +0800] "GET /xingrg/kc/print/load_data.html?order_code=212020040300498&kc_code=cgsh&condition= HTTP/1.1" 200 695
172.17.0.107 - - [03/Apr/2020:11:44:10 +0800] "GET /xingrg/all/function/internal_message.html?_=1585885450315&CODE_STATE=getMsg HTTP/1.1" 200 27
117.131.5.26 - - [03/Apr/2020:11:44:11 +0800] "GET /xingrg/all/function/internal_message.html?_=1585885704163&CODE_STATE=getMsg HTTP/1.1" 200 27
114.88.159.93 - - [03/Apr/2020:11:44:13 +0800] "POST /xingrg/kc/buy/cgsh_order_operate.html HTTP/1.1" 200 37
114.88.159.93 - - [03/Apr/2020:11:44:14 +0800] "POST /xingrg/kc/buy/cgsh_order_operate.html HTTP/1.1" 200 12
114.88.159.93 - - [03/Apr/2020:11:44:15 +0800] "GET /xingrg/kc/buy/cgsh_order_info.html?code=212020040300499 HTTP/1.1" 200 52823
114.88.159.93 - - [03/Apr/2020:11:44:15 +0800] "GET /xingrg/javascript/easyui/themes/default/validatebox.css HTTP/1.1" 404 1104
114.88.159.93 - - [03/Apr/2020:11:44:15 +0800] "POST /xingrg/kc/buy/cgsh_order_operate.html HTTP/1.1" 200 610
114.88.159.93 - - [03/Apr/2020:11:44:16 +0800] "GET /xingrg/kc/print/load_config.html?kc_code=cgsh HTTP/1.1" 200 1841
114.88.159.93 - - [03/Apr/2020:11:44:16 +0800] "GET /xingrg/kc/print/load_data.html?order_code=212020040300499&kc_code=cgsh&condition= HTTP/1.1" 200 707
117.185.32.26 - - [03/Apr/2020:11:44:18 +0800] "GET /xingrg/kc/buy/cgsh_order_add.html HTTP/1.1" 200 57913
117.185.32.26 - - [03/Apr/2020:11:44:18 +0800] "POST /xingrg/kc/buy/cgsh_order_operate.html HTTP/1.1" 200 8245
117.185.32.26 - - [03/Apr/2020:11:44:18 +0800] "GET /xingrg/javascript/easyui/themes/default/validatebox.css HTTP/1.1" 404 1104
117.185.32.26 - - [03/Apr/2020:11:44:20 +0800] "GET /xingrg/javascript/easyui/themes/default/tree.css HTTP/1.1" 404 1090
117.185.32.26 - - [03/Apr/2020:11:44:20 +0800] "POST /xingrg/all/common/load_tree.html?tree=supplier_tree_json&isDelete=1 HTTP/1.1" 200 47028
222.70.183.62 - - [03/Apr/2020:11:44:21 +0800] "GET /xingrg/kc/buy/cgsh_order_add.html HTTP/1.1" 200 57907
222.70.183.62 - - [03/Apr/2020:11:44:22 +0800] "POST /xingrg/kc/buy/cgsh_order_operate.html HTTP/1.1" 200 8245
222.70.183.62 - - [03/Apr/2020:11:44:22 +0800] "GET /xingrg/javascript/easyui/themes/default/validatebox.css HTTP/1.1" 404 1104
172.17.0.112 - - [03/Apr/2020:11:44:22 +0800] "GET /xingrg/all/function/internal_message.html?_=1585885477351&CODE_STATE=getMsg HTTP/1.1" 302 -
172.17.0.112 - - [03/Apr/2020:11:44:24 +0800] "GET /xingrg/all/function/internal_message.html?_=1585885478745&CODE_STATE=getMsg HTTP/1.1" 302 -
114.88.159.93 - - [03/Apr/2020:11:44:25 +0800] "GET /xingrg/kc/buy/cgsh_order_add.html HTTP/1.1" 200 57919
114.88.159.93 - - [03/Apr/2020:11:44:26 +0800] "GET /xingrg/javascript/easyui/themes/default/validatebox.css HTTP/1.1" 404 1104
114.88.159.93 - - [03/Apr/2020:11:44:26 +0800] "POST /xingrg/kc/buy/cgsh_order_operate.html HTTP/1.1" 200 8245
116.235.222.53 - - [03/Apr/2020:11:44:29 +0800] "GET /xingrg/check_reg.html?_=1585885458852 HTTP/1.1" 200 22
116.235.222.53 - - [03/Apr/2020:11:44:29 +0800] "GET /xingrg/all/function/internal_message.html?_=1585885459055&CODE_STATE=getMsg HTTP/1.1" 200 27
117.131.5.26 - - [03/Apr/2020:11:44:32 +0800] "GET /xingrg/all/function/internal_message.html?_=1585885488265&CODE_STATE=getMsg HTTP/1.1" 200 27
117.185.32.26 - - [03/Apr/2020:11:44:33 +0800] "GET /xingrg/all/function/internal_message.html?_=1585885876016&CODE_STATE=getMsg HTTP/1.1" 200 27
222.70.183.62 - - [03/Apr/2020:11:44:34 +0800] "GET /xingrg/all/function/internal_message.html?_=1585885471465&CODE_STATE=getMsg HTTP/1.1" 200 27
117.185.32.26 - - [03/Apr/2020:11:44:34 +0800] "GET /xingrg/check_reg.html?_=1585885877009 HTTP/1.1" 200 22
114.88.159.93 - - [03/Apr/2020:11:44:35 +0800] "GET /xingrg/kc/buy/cgsh_order_operate.html?command=get_materiel&rest_code=00141&code=00101001093&supplier_code=00100090&order_time=2020-04-03 HTTP/1.1" 200 411
222.69.139.91 - - [03/Apr/2020:11:44:37 +0800] "GET /xingrg/all/function/internal_message.html?_=1585885470586&CODE_STATE=getMsg HTTP/1.1" 200 27
117.185.32.26 - - [03/Apr/2020:11:44:43 +0800] "GET /xingrg/kc/buy/cgsh_order_operate.html?command=get_materiel&rest_code=00106&code=00101001140&supplier_code=00100319&order_time=2020-04-03 HTTP/1.1" 200 415
114.88.159.93 - - [03/Apr/2020:11:44:46 +0800] "GET /xingrg/kc/buy/cgsh_order_operate.html?command=get_materiel&rest_code=00141&code=00101001125&supplier_code=00100090&order_time=2020-04-03 HTTP/1.1" 200 415
114.88.159.93 - - [03/Apr/2020:11:44:47 +0800] "GET /xingrg/all/function/internal_message.html?_=1585885455715&CODE_STATE=getMsg HTTP/1.1" 200 27
114.88.159.93 - - [03/Apr/2020:11:44:47 +0800] "GET /xingrg/check_reg.html?_=1585885455717 HTTP/1.1" 200 22
180.156.150.85 - - [03/Apr/2020:11:44:47 +0800] "GET /xingrg/all/function/internal_message.html?_=1585885487553&CODE_STATE=getMsg HTTP/1.1" 200 27
58.221.95.50 - - [03/Apr/2020:11:44:49 +0800] "GET /xingrg/all/function/internal_message.html?_=1585885846064&CODE_STATE=getMsg HTTP/1.1" 200 27
172.17.0.115 - - [03/Apr/2020:11:44:50 +0800] "GET /xingrg/all/function/internal_message.html?_=1585885488767&CODE_STATE=getMsg HTTP/1.1" 200 27
180.162.232.172 - - [03/Apr/2020:11:44:51 +0800] "GET /xingrg/check_reg.html?_=1585885616311 HTTP/1.1" 200 22
180.162.232.172 - - [03/Apr/2020:11:44:51 +0800] "GET /xingrg/all/function/internal_message.html?_=1585885616431&CODE_STATE=getMsg HTTP/1.1" 200 27
114.95.157.20 - - [03/Apr/2020:11:44:53 +0800] "GET /xingrg/all/function/internal_message.html?_=1585885491035&CODE_STATE=getMsg HTTP/1.1" 200 27
120.253.135.82 - - [03/Apr/2020:11:44:56 +0800] "GET /xingrg/all/function/internal_message.html?_=1585885567654&CODE_STATE=getMsg HTTP/1.1" 200 27
114.88.159.93 - - [03/Apr/2020:11:44:58 +0800] "POST /xingrg/kc/buy/cgsh_order_operate.html HTTP/1.1" 200 37
114.88.159.93 - - [03/Apr/2020:11:45:00 +0800] "POST /xingrg/kc/buy/cgsh_order_operate.html HTTP/1.1" 200 12
114.88.159.93 - - [03/Apr/2020:11:45:00 +0800] "GET /xingrg/kc/buy/cgsh_order_info.html?code=212020040300500 HTTP/1.1" 200 52825
114.88.159.93 - - [03/Apr/2020:11:45:00 +0800] "GET /xingrg/javascript/easyui/themes/default/validatebox.css HTTP/1.1" 404 1104
114.88.159.93 - - [03/Apr/2020:11:45:01 +0800] "POST /xingrg/kc/buy/cgsh_order_operate.html HTTP/1.1" 200 1205
114.88.159.93 - - [03/Apr/2020:11:45:02 +0800] "GET /xingrg/kc/print/load_data.html?order_code=212020040300500&kc_code=cgsh&condition= HTTP/1.1" 200 1001
116.232.54.155 - - [03/Apr/2020:11:45:04 +0800] "GET /xingrg/all/function/internal_message.html?_=1585885563921&CODE_STATE=getMsg HTTP/1.1" 200 27
116.232.54.155 - - [03/Apr/2020:11:45:04 +0800] "GET /xingrg/check_reg.html?_=1585885563921 HTTP/1.1" 200 22
117.185.32.26 - - [03/Apr/2020:11:45:05 +0800] "GET /xingrg/kc/buy/cgsh_order_operate.html?command=get_materiel&rest_code=00106&code=00101001044&supplier_code=00100319&order_time=2020-04-03 HTTP/1.1" 200 411
172.17.0.107 - - [03/Apr/2020:11:45:10 +0800] "GET /xingrg/all/function/internal_message.html?_=1585885510285&CODE_STATE=getMsg HTTP/1.1" 200 27
117.131.5.26 - - [03/Apr/2020:11:45:11 +0800] "GET /xingrg/all/function/internal_message.html?_=1585885764178&CODE_STATE=getMsg HTTP/1.1" 200 27
114.88.159.93 - - [03/Apr/2020:11:45:14 +0800] "GET /xingrg/kc/buy/cgsh_order_add.html HTTP/1.1" 200 57919
172.17.0.107 - - [03/Apr/2020:11:45:14 +0800] "GET /xingrg/check_reg.html?_=1585885513878 HTTP/1.1" 200 22
114.88.159.93 - - [03/Apr/2020:11:45:14 +0800] "POST /xingrg/kc/buy/cgsh_order_operate.html HTTP/1.1" 200 8245
114.88.159.93 - - [03/Apr/2020:11:45:14 +0800] "GET /xingrg/javascript/easyui/themes/default/validatebox.css HTTP/1.1" 404 1104
120.253.135.82 - - [03/Apr/2020:11:45:20 +0800] "GET /xingrg/kc/pszx/mdqp_order_list.html?state=10 HTTP/1.1" 200 10079
120.253.135.82 - - [03/Apr/2020:11:45:20 +0800] "GET /xingrg/javascript/jquery_easy_ui/themes/icon.css HTTP/1.1" 200 3949
120.253.135.82 - - [03/Apr/2020:11:45:20 +0800] "GET /xingrg/javascript/pic_change.js HTTP/1.1" 200 4739
120.253.135.82 - - [03/Apr/2020:11:45:20 +0800] "GET /xingrg/css/blue.css HTTP/1.1" 200 15949
120.253.135.82 - - [03/Apr/2020:11:45:20 +0800] "GET /xingrg/dwr/interface/AjaxReportQueryService.js HTTP/1.1" 200 13203
120.253.135.82 - - [03/Apr/2020:11:45:20 +0800] "GET /xingrg/dwr/interface/AjaxQqpsService.js HTTP/1.1" 200 16326
120.253.135.82 - - [03/Apr/2020:11:45:20 +0800] "GET /xingrg/javascript/Calendar.js HTTP/1.1" 200 31561
120.253.135.82 - - [03/Apr/2020:11:45:20 +0800] "GET /xingrg/javascript/jquery_easy_ui/themes/default/easyui.css HTTP/1.1" 200 26500
120.253.135.82 - - [03/Apr/2020:11:45:20 +0800] "GET /xingrg/javascript/myfunction.js HTTP/1.1" 200 24559
120.253.135.82 - - [03/Apr/2020:11:45:20 +0800] "GET /xingrg/dwr/engine.js HTTP/1.1" 200 43631
120.253.135.82 - - [03/Apr/2020:11:45:20 +0800] "GET /xingrg/dwr/util.js HTTP/1.1" 200 35990
120.253.135.82 - - [03/Apr/2020:11:45:20 +0800] "GET /xingrg/javascript/jquery_easy_ui/themes/icons/uncheck_new.png HTTP/1.1" 200 3197
