116.233.78.128 - - [03/Apr/2020:09:29:30 +0800] "GET /xingrg/all/function/internal_message.html?_=1585877262235&CODE_STATE=getMsg HTTP/1.1" 302 -
116.233.78.128 - - [03/Apr/2020:09:29:30 +0800] "GET /xingrg/check_reg.html?_=1585877262240 HTTP/1.1" 302 -
117.131.5.26 - - [03/Apr/2020:09:29:32 +0800] "GET /xingrg/all/function/internal_message.html?_=1585877387703&CODE_STATE=getMsg HTTP/1.1" 200 27
117.185.32.26 - - [03/Apr/2020:09:29:33 +0800] "GET /xingrg/check_reg.html?_=1585877776351 HTTP/1.1" 200 22
117.185.32.26 - - [03/Apr/2020:09:29:33 +0800] "GET /xingrg/all/function/internal_message.html?_=1585877776354&CODE_STATE=getMsg HTTP/1.1" 200 27
222.70.183.62 - - [03/Apr/2020:09:29:46 +0800] "POST /xingrg/kc/buy/cgsh_list_operate.html HTTP/1.1" 200 2414
114.88.159.93 - - [03/Apr/2020:09:29:47 +0800] "GET /xingrg/check_reg.html?_=1585877355465 HTTP/1.1" 200 22
114.88.159.93 - - [03/Apr/2020:09:29:47 +0800] "GET /xingrg/all/function/internal_message.html?_=1585877355464&CODE_STATE=getMsg HTTP/1.1" 200 27
114.84.33.255 - - [03/Apr/2020:09:29:47 +0800] "GET /xingrg/all/function/internal_message.html?_=1585877394259&CODE_STATE=getMsg HTTP/1.1" 200 27
58.221.95.50 - - [03/Apr/2020:09:29:49 +0800] "GET /xingrg/all/function/internal_message.html?_=1585877745881&CODE_STATE=getMsg HTTP/1.1" 200 27
180.156.150.85 - - [03/Apr/2020:09:29:50 +0800] "GET /xingrg/all/function/internal_message.html?_=1585877389713&CODE_STATE=getMsg HTTP/1.1" 200 27
222.70.183.62 - - [03/Apr/2020:09:29:52 +0800] "POST /xingrg/kc/buy/cgsh_list_operate.html HTTP/1.1" 200 199
222.70.183.62 - - [03/Apr/2020:09:29:53 +0800] "GET /xingrg/kc/buy/cgsh_order_info.html?code=212020040300398 HTTP/1.1" 200 57916
116.235.222.53 - - [03/Apr/2020:09:29:53 +0800] "GET /xingrg/all/function/internal_message.html?_=1585877382594&CODE_STATE=getMsg HTTP/1.1" 200 27
222.70.183.62 - - [03/Apr/2020:09:29:53 +0800] "GET /xingrg/javascript/easyui/themes/default/validatebox.css HTTP/1.1" 404 1104
222.70.183.62 - - [03/Apr/2020:09:29:53 +0800] "POST /xingrg/kc/buy/cgsh_order_operate.html HTTP/1.1" 200 2654
120.253.135.82 - - [03/Apr/2020:09:29:54 +0800] "GET /xingrg/all/function/internal_message.html?_=1585877465632&CODE_STATE=getMsg HTTP/1.1" 200 27
222.70.183.62 - - [03/Apr/2020:09:29:54 +0800] "GET /xingrg/kc/print/load_data.html?order_code=212020040300398&kc_code=cgsh HTTP/1.1" 200 724
117.131.5.26 - - [03/Apr/2020:09:30:01 +0800] "GET /xingrg/all/function/internal_message.html?_=1585877654637&CODE_STATE=getMsg HTTP/1.1" 200 27
172.17.0.107 - - [03/Apr/2020:09:30:14 +0800] "GET /xingrg/all/function/internal_message.html?_=1585877413637&CODE_STATE=getMsg HTTP/1.1" 200 27
172.17.0.107 - - [03/Apr/2020:09:30:14 +0800] "GET /xingrg/check_reg.html?_=1585877413733 HTTP/1.1" 200 22
172.17.0.112 - - [03/Apr/2020:09:30:19 +0800] "GET /xingrg/all/function/internal_message.html?_=1585877434095&CODE_STATE=getMsg HTTP/1.1" 302 -
120.253.135.82 - - [03/Apr/2020:09:30:19 +0800] "GET /xingrg/check_reg.html?_=1585877164340 HTTP/1.1" 200 22
120.253.135.82 - - [03/Apr/2020:09:30:20 +0800] "GET /xingrg/all/function/internal_message.html?_=1585877164727&CODE_STATE=getMsg HTTP/1.1" 200 27
172.17.0.112 - - [03/Apr/2020:09:30:21 +0800] "GET /xingrg/all/function/internal_message.html?_=1585877435881&CODE_STATE=getMsg HTTP/1.1" 302 -
222.70.183.62 - - [03/Apr/2020:09:30:25 +0800] "GET /xingrg/all/function/internal_message.html?_=1585877422886&CODE_STATE=getMsg HTTP/1.1" 200 27
116.233.78.128 - - [03/Apr/2020:09:30:30 +0800] "GET /xingrg/all/function/internal_message.html?_=1585877322244&CODE_STATE=getMsg HTTP/1.1" 302 -
117.131.5.26 - - [03/Apr/2020:09:30:32 +0800] "GET /xingrg/all/function/internal_message.html?_=1585877447703&CODE_STATE=getMsg HTTP/1.1" 200 27
117.185.32.26 - - [03/Apr/2020:09:30:33 +0800] "GET /xingrg/all/function/internal_message.html?_=1585877836355&CODE_STATE=getMsg HTTP/1.1" 200 27
222.70.183.62 - - [03/Apr/2020:09:30:46 +0800] "POST /xingrg/kc/buy/cgsh_list_operate.html HTTP/1.1" 200 2414
114.88.159.93 - - [03/Apr/2020:09:30:47 +0800] "GET /xingrg/all/function/internal_message.html?_=1585877415491&CODE_STATE=getMsg HTTP/1.1" 200 27
222.70.183.62 - - [03/Apr/2020:09:30:47 +0800] "POST /xingrg/kc/buy/cgsh_list_operate.html HTTP/1.1" 200 565
114.84.33.255 - - [03/Apr/2020:09:30:47 +0800] "GET /xingrg/all/function/internal_message.html?_=1585877454273&CODE_STATE=getMsg HTTP/1.1" 200 27
222.70.183.62 - - [03/Apr/2020:09:30:48 +0800] "GET /xingrg/kc/buy/cgsh_order_info.html?code=212020040300397 HTTP/1.1" 200 57916
222.70.183.62 - - [03/Apr/2020:09:30:49 +0800] "GET /xingrg/javascript/easyui/themes/default/validatebox.css HTTP/1.1" 404 1104
58.221.95.50 - - [03/Apr/2020:09:30:49 +0800] "GET /xingrg/all/function/internal_message.html?_=1585877805872&CODE_STATE=getMsg HTTP/1.1" 200 27
222.70.183.62 - - [03/Apr/2020:09:30:49 +0800] "POST /xingrg/kc/buy/cgsh_order_operate.html HTTP/1.1" 200 22796
180.156.150.85 - - [03/Apr/2020:09:30:50 +0800] "GET /xingrg/check_reg.html?_=1585877449714 HTTP/1.1" 200 22
180.156.150.85 - - [03/Apr/2020:09:30:50 +0800] "GET /xingrg/all/function/internal_message.html?_=1585877449721&CODE_STATE=getMsg HTTP/1.1" 200 27
222.70.183.62 - - [03/Apr/2020:09:30:52 +0800] "GET /xingrg/kc/print/load_data.html?order_code=212020040300397&kc_code=cgsh HTTP/1.1" 200 8346
116.235.222.53 - - [03/Apr/2020:09:30:53 +0800] "GET /xingrg/all/function/internal_message.html?_=1585877442564&CODE_STATE=getMsg HTTP/1.1" 200 27
120.253.135.82 - - [03/Apr/2020:09:30:54 +0800] "GET /xingrg/all/function/internal_message.html?_=1585877525647&CODE_STATE=getMsg HTTP/1.1" 200 27
117.131.5.26 - - [03/Apr/2020:09:31:02 +0800] "GET /xingrg/all/function/internal_message.html?_=1585877714771&CODE_STATE=getMsg HTTP/1.1" 200 27
222.70.183.62 - - [03/Apr/2020:09:31:13 +0800] "POST /xingrg/kc/buy/cgsh_list_operate.html HTTP/1.1" 200 2414
172.17.0.107 - - [03/Apr/2020:09:31:14 +0800] "GET /xingrg/all/function/internal_message.html?_=1585877473607&CODE_STATE=getMsg HTTP/1.1" 200 27
172.17.0.112 - - [03/Apr/2020:09:31:19 +0800] "GET /xingrg/all/function/internal_message.html?_=1585877494103&CODE_STATE=getMsg HTTP/1.1" 302 -
172.17.0.112 - - [03/Apr/2020:09:31:21 +0800] "GET /xingrg/all/function/internal_message.html?_=1585877495897&CODE_STATE=getMsg HTTP/1.1" 302 -
222.70.183.62 - - [03/Apr/2020:09:31:23 +0800] "POST /xingrg/kc/buy/cgsh_list_operate.html HTTP/1.1" 200 351
222.70.183.62 - - [03/Apr/2020:09:31:23 +0800] "GET /xingrg/kc/buy/cgsh_order_info.html?code=212020040300393 HTTP/1.1" 200 57918
222.70.183.62 - - [03/Apr/2020:09:31:24 +0800] "GET /xingrg/javascript/easyui/themes/default/validatebox.css HTTP/1.1" 404 1104
222.70.183.62 - - [03/Apr/2020:09:31:24 +0800] "POST /xingrg/kc/buy/cgsh_order_operate.html HTTP/1.1" 200 3858
222.70.183.62 - - [03/Apr/2020:09:31:25 +0800] "GET /xingrg/all/function/internal_message.html?_=1585877482896&CODE_STATE=getMsg HTTP/1.1" 200 27
222.70.183.62 - - [03/Apr/2020:09:31:29 +0800] "POST /xingrg/kc/buy/cgsh_order_operate.html HTTP/1.1" 200 37
116.233.78.128 - - [03/Apr/2020:09:31:30 +0800] "GET /xingrg/all/function/internal_message.html?_=1585877382244&CODE_STATE=getMsg HTTP/1.1" 302 -
222.70.183.62 - - [03/Apr/2020:09:31:31 +0800] "POST /xingrg/kc/buy/cgsh_order_operate.html HTTP/1.1" 200 12
117.131.5.26 - - [03/Apr/2020:09:31:32 +0800] "GET /xingrg/all/function/internal_message.html?_=1585877507718&CODE_STATE=getMsg HTTP/1.1" 200 27
222.70.183.62 - - [03/Apr/2020:09:31:32 +0800] "GET /xingrg/kc/buy/cgsh_order_info.html?code=212020040300393 HTTP/1.1" 200 52811
222.70.183.62 - - [03/Apr/2020:09:31:33 +0800] "GET /xingrg/javascript/easyui/themes/default/validatebox.css HTTP/1.1" 404 1104
117.185.32.26 - - [03/Apr/2020:09:31:33 +0800] "GET /xingrg/all/function/internal_message.html?_=1585877896356&CODE_STATE=getMsg HTTP/1.1" 200 27
222.70.183.62 - - [03/Apr/2020:09:31:33 +0800] "POST /xingrg/kc/buy/cgsh_order_operate.html HTTP/1.1" 200 1808
222.70.183.62 - - [03/Apr/2020:09:31:36 +0800] "POST /xingrg/kc/buy/cgsh_list_operate.html HTTP/1.1" 200 2050
222.70.183.62 - - [03/Apr/2020:09:31:37 +0800] "POST /xingrg/kc/buy/cgsh_list_operate.html HTTP/1.1" 200 565
222.70.183.62 - - [03/Apr/2020:09:31:37 +0800] "GET /xingrg/kc/buy/cgsh_order_info.html?code=212020040300397 HTTP/1.1" 200 57916
222.70.183.62 - - [03/Apr/2020:09:31:38 +0800] "GET /xingrg/javascript/easyui/themes/default/validatebox.css HTTP/1.1" 404 1104
222.70.183.62 - - [03/Apr/2020:09:31:38 +0800] "POST /xingrg/kc/buy/cgsh_order_operate.html HTTP/1.1" 200 22796
114.88.159.93 - - [03/Apr/2020:09:31:47 +0800] "GET /xingrg/all/function/internal_message.html?_=1585877475489&CODE_STATE=getMsg HTTP/1.1" 200 27
222.70.183.62 - - [03/Apr/2020:09:31:47 +0800] "POST /xingrg/kc/buy/cgsh_order_operate.html HTTP/1.1" 200 37
114.84.33.255 - - [03/Apr/2020:09:31:48 +0800] "GET /xingrg/all/function/internal_message.html?_=1585877514372&CODE_STATE=getMsg HTTP/1.1" 200 27
58.221.95.50 - - [03/Apr/2020:09:31:49 +0800] "GET /xingrg/all/function/internal_message.html?_=1585877865888&CODE_STATE=getMsg HTTP/1.1" 200 27
222.70.183.62 - - [03/Apr/2020:09:31:49 +0800] "POST /xingrg/kc/buy/cgsh_order_operate.html HTTP/1.1" 200 12
180.156.150.85 - - [03/Apr/2020:09:31:50 +0800] "GET /xingrg/all/function/internal_message.html?_=1585877509720&CODE_STATE=getMsg HTTP/1.1" 200 27
222.70.183.62 - - [03/Apr/2020:09:31:50 +0800] "GET /xingrg/kc/buy/cgsh_order_info.html?code=212020040300397 HTTP/1.1" 200 52809
222.70.183.62 - - [03/Apr/2020:09:31:51 +0800] "GET /xingrg/javascript/easyui/themes/default/validatebox.css HTTP/1.1" 404 1104
222.70.183.62 - - [03/Apr/2020:09:31:51 +0800] "POST /xingrg/kc/buy/cgsh_order_operate.html HTTP/1.1" 200 20741
116.235.222.53 - - [03/Apr/2020:09:31:52 +0800] "GET /xingrg/check_reg.html?_=1585877502192 HTTP/1.1" 200 22
116.235.222.53 - - [03/Apr/2020:09:31:53 +0800] "GET /xingrg/all/function/internal_message.html?_=1585877502549&CODE_STATE=getMsg HTTP/1.1" 200 27
120.253.135.82 - - [03/Apr/2020:09:31:54 +0800] "GET /xingrg/all/function/internal_message.html?_=1585877585667&CODE_STATE=getMsg HTTP/1.1" 200 27
222.70.183.62 - - [03/Apr/2020:09:31:55 +0800] "POST /xingrg/kc/buy/cgsh_list_operate.html HTTP/1.1" 200 1688
222.70.183.62 - - [03/Apr/2020:09:31:55 +0800] "POST /xingrg/kc/buy/cgsh_list_operate.html HTTP/1.1" 200 199
222.70.183.62 - - [03/Apr/2020:09:31:56 +0800] "GET /xingrg/kc/buy/cgsh_order_info.html?code=212020040300398 HTTP/1.1" 200 57916
222.70.183.62 - - [03/Apr/2020:09:31:57 +0800] "GET /xingrg/javascript/easyui/themes/default/validatebox.css HTTP/1.1" 404 1104
222.70.183.62 - - [03/Apr/2020:09:31:57 +0800] "POST /xingrg/kc/buy/cgsh_order_operate.html HTTP/1.1" 200 2654
117.131.5.26 - - [03/Apr/2020:09:32:02 +0800] "GET /xingrg/all/function/internal_message.html?_=1585877774788&CODE_STATE=getMsg HTTP/1.1" 200 27
61.129.6.251 - - [03/Apr/2020:09:32:06 +0800] "GET /xingrg/all/function/internal_message.html?_=1585876995473&CODE_STATE=getMsg HTTP/1.1" 302 -
222.70.183.62 - - [03/Apr/2020:09:32:06 +0800] "POST /xingrg/kc/buy/cgsh_order_operate.html HTTP/1.1" 200 37
222.70.183.62 - - [03/Apr/2020:09:32:08 +0800] "POST /xingrg/kc/buy/cgsh_order_operate.html HTTP/1.1" 200 12
222.70.183.62 - - [03/Apr/2020:09:32:09 +0800] "GET /xingrg/kc/buy/cgsh_order_info.html?code=212020040300398 HTTP/1.1" 200 52809
222.70.183.62 - - [03/Apr/2020:09:32:10 +0800] "GET /xingrg/javascript/easyui/themes/default/validatebox.css HTTP/1.1" 404 1104
222.70.183.62 - - [03/Apr/2020:09:32:10 +0800] "POST /xingrg/kc/buy/cgsh_order_operate.html HTTP/1.1" 200 604
61.129.6.251 - - [03/Apr/2020:09:32:10 +0800] "GET /xingrg/login.html HTTP/1.1" 200 7641
120.253.135.82 - - [03/Apr/2020:09:32:13 +0800] "GET /xingrg/javascript/jquery_easy_ui/themes/icons/area.png HTTP/1.1" 304 -
120.253.135.82 - - [03/Apr/2020:09:32:13 +0800] "GET /xingrg/javascript/jquery_easy_ui/themes/icons/manage.png HTTP/1.1" 304 -
172.17.0.107 - - [03/Apr/2020:09:32:14 +0800] "GET /xingrg/all/function/internal_message.html?_=1585877533578&CODE_STATE=getMsg HTTP/1.1" 200 27
172.17.0.112 - - [03/Apr/2020:09:32:19 +0800] "GET /xingrg/all/function/internal_message.html?_=1585877554136&CODE_STATE=getMsg HTTP/1.1" 302 -
180.97.118.223 - - [03/Apr/2020:09:32:20 +0800] "GET /xingrg/all/function/internal_message.html?_=1585876755477&CODE_STATE=getMsg HTTP/1.1" 302 -
172.17.0.112 - - [03/Apr/2020:09:32:21 +0800] "GET /xingrg/all/function/internal_message.html?_=1585877555923&CODE_STATE=getMsg HTTP/1.1" 302 -
222.70.183.62 - - [03/Apr/2020:09:32:22 +0800] "GET /xingrg/check_reg.html?_=1585877540321 HTTP/1.1" 200 22
222.70.183.62 - - [03/Apr/2020:09:32:25 +0800] "GET /xingrg/all/function/internal_message.html?_=1585877542910&CODE_STATE=getMsg HTTP/1.1" 200 27
180.97.118.223 - - [03/Apr/2020:09:32:26 +0800] "GET /xingrg/login.html HTTP/1.1" 200 7641
116.233.78.128 - - [03/Apr/2020:09:32:29 +0800] "GET /xingrg/all/function/internal_message.html?_=1585877442232&CODE_STATE=getMsg HTTP/1.1" 302 -
117.131.5.26 - - [03/Apr/2020:09:32:31 +0800] "GET /xingrg/check_reg.html?_=1585877566593 HTTP/1.1" 200 22
117.131.5.26 - - [03/Apr/2020:09:32:32 +0800] "GET /xingrg/all/function/internal_message.html?_=1585877567718&CODE_STATE=getMsg HTTP/1.1" 200 27
117.185.32.26 - - [03/Apr/2020:09:32:33 +0800] "GET /xingrg/all/function/internal_message.html?_=1585877956353&CODE_STATE=getMsg HTTP/1.1" 200 27
172.17.0.112 - - [03/Apr/2020:09:32:33 +0800] "GET /xingrg/check_reg.html?_=1585877568203 HTTP/1.1" 302 -
117.185.32.26 - - [03/Apr/2020:09:32:38 +0800] "GET /xingrg/kc/buy/buy_main.html HTTP/1.1" 200 12412
117.185.32.26 - - [03/Apr/2020:09:32:38 +0800] "GET /xingrg/css/new_ie.css HTTP/1.1" 404 1036
117.185.32.26 - - [03/Apr/2020:09:32:40 +0800] "GET /xingrg/images/yd/bt.gif HTTP/1.1" 404 1040
117.185.32.26 - - [03/Apr/2020:09:32:41 +0800] "GET /xingrg/kc/buy/cgsh_order_list.html HTTP/1.1" 200 42298
117.185.32.26 - - [03/Apr/2020:09:32:42 +0800] "POST /xingrg/kc/buy/cgsh_list_operate.html HTTP/1.1" 200 876
117.185.32.26 - - [03/Apr/2020:09:32:46 +0800] "GET /xingrg/kc/buy/buy_main.html HTTP/1.1" 200 12412
117.185.32.26 - - [03/Apr/2020:09:32:46 +0800] "GET /xingrg/css/new_ie.css HTTP/1.1" 404 1036
114.88.159.93 - - [03/Apr/2020:09:32:47 +0800] "GET /xingrg/all/function/internal_message.html?_=1585877535488&CODE_STATE=getMsg HTTP/1.1" 200 27
114.84.33.255 - - [03/Apr/2020:09:32:48 +0800] "GET /xingrg/all/function/internal_message.html?_=1585877574378&CODE_STATE=getMsg HTTP/1.1" 200 27
117.185.32.26 - - [03/Apr/2020:09:32:48 +0800] "GET /xingrg/kc/buy/buy_main.html HTTP/1.1" 200 12412
117.185.32.26 - - [03/Apr/2020:09:32:48 +0800] "GET /xingrg/css/new_ie.css HTTP/1.1" 404 1036
58.221.95.50 - - [03/Apr/2020:09:32:49 +0800] "GET /xingrg/all/function/internal_message.html?_=1585877925888&CODE_STATE=getMsg HTTP/1.1" 200 27
117.185.32.26 - - [03/Apr/2020:09:32:49 +0800] "GET /xingrg/images/yd/bt.gif HTTP/1.1" 404 1040
180.156.150.85 - - [03/Apr/2020:09:32:50 +0800] "GET /xingrg/all/function/internal_message.html?_=1585877569706&CODE_STATE=getMsg HTTP/1.1" 200 27
117.185.32.26 - - [03/Apr/2020:09:32:50 +0800] "GET /xingrg/kc/buy/cgsh_order_list.html HTTP/1.1" 200 42298
117.185.32.26 - - [03/Apr/2020:09:32:50 +0800] "POST /xingrg/kc/buy/cgsh_list_operate.html HTTP/1.1" 200 876
117.185.32.26 - - [03/Apr/2020:09:32:52 +0800] "GET /xingrg/kc/buy/cgsh_order_add.html HTTP/1.1" 200 57913
117.185.32.26 - - [03/Apr/2020:09:32:52 +0800] "GET /xingrg/words/20200402112410_words.js HTTP/1.1" 304 -
116.235.222.53 - - [03/Apr/2020:09:32:53 +0800] "GET /xingrg/all/function/internal_message.html?_=1585877562539&CODE_STATE=getMsg HTTP/1.1" 200 27
117.185.32.26 - - [03/Apr/2020:09:32:53 +0800] "GET /xingrg/all/common/auto_word.html?type=employee&rest_code=00106 HTTP/1.1" 200 205
117.185.32.26 - - [03/Apr/2020:09:32:53 +0800] "GET /xingrg/javascript/easyui/themes/default/validatebox.css HTTP/1.1" 404 1104
117.185.32.26 - - [03/Apr/2020:09:32:53 +0800] "GET /xingrg/all/common/auto_word.html?type=employee&rest_code=00106 HTTP/1.1" 200 205
117.185.32.26 - - [03/Apr/2020:09:32:53 +0800] "POST /xingrg/kc/buy/cgsh_order_operate.html HTTP/1.1" 200 8245
120.253.135.82 - - [03/Apr/2020:09:32:54 +0800] "GET /xingrg/all/function/internal_message.html?_=1585877645678&CODE_STATE=getMsg HTTP/1.1" 200 27
117.185.32.26 - - [03/Apr/2020:09:32:55 +0800] "GET /xingrg/javascript/easyui/themes/default/tree.css HTTP/1.1" 404 1090
117.185.32.26 - - [03/Apr/2020:09:32:55 +0800] "POST /xingrg/all/common/load_tree.html?tree=supplier_tree_json&isDelete=1 HTTP/1.1" 200 47028
117.131.5.26 - - [03/Apr/2020:09:33:02 +0800] "GET /xingrg/all/function/internal_message.html?_=1585877834935&CODE_STATE=getMsg HTTP/1.1" 200 27
172.17.1.5 - - [03/Apr/2020:09:33:13 +0800] "GET /xingrg/check_reg.html?_=1585877585802 HTTP/1.1" 200 22
117.131.5.26 - - [03/Apr/2020:09:33:13 +0800] "GET /xingrg/check_reg.html?_=1585877846533 HTTP/1.1" 200 22
172.17.0.107 - - [03/Apr/2020:09:33:14 +0800] "GET /xingrg/all/function/internal_message.html?_=1585877593564&CODE_STATE=getMsg HTTP/1.1" 200 27
172.17.0.112 - - [03/Apr/2020:09:33:19 +0800] "GET /xingrg/all/function/internal_message.html?_=1585877614145&CODE_STATE=getMsg HTTP/1.1" 302 -
172.17.0.112 - - [03/Apr/2020:09:33:21 +0800] "GET /xingrg/all/function/internal_message.html?_=1585877615941&CODE_STATE=getMsg HTTP/1.1" 302 -
222.70.183.62 - - [03/Apr/2020:09:33:25 +0800] "GET /xingrg/all/function/internal_message.html?_=1585877602925&CODE_STATE=getMsg HTTP/1.1" 200 27
172.17.0.123 - - [03/Apr/2020:09:33:29 +0800] "GET /xingrg/check_reg.html?_=1585877604709 HTTP/1.1" 302 -
116.233.78.128 - - [03/Apr/2020:09:33:30 +0800] "GET /xingrg/all/function/internal_message.html?_=1585877502247&CODE_STATE=getMsg HTTP/1.1" 302 -
117.131.5.26 - - [03/Apr/2020:09:33:32 +0800] "GET /xingrg/all/function/internal_message.html?_=1585877627718&CODE_STATE=getMsg HTTP/1.1" 200 27
117.185.32.26 - - [03/Apr/2020:09:33:33 +0800] "GET /xingrg/all/function/internal_message.html?_=1585878016381&CODE_STATE=getMsg HTTP/1.1" 200 27
117.185.32.26 - - [03/Apr/2020:09:33:36 +0800] "GET /xingrg/javascript/auto/indicator.gif HTTP/1.1" 404 1066
117.185.32.26 - - [03/Apr/2020:09:33:44 +0800] "GET /xingrg/kc/buy/cgsh_order_operate.html?command=get_materiel&rest_code=00106&code=00101008083&supplier_code=00100007&order_time=2020-04-03 HTTP/1.1" 200 427
114.88.159.93 - - [03/Apr/2020:09:33:47 +0800] "GET /xingrg/all/function/internal_message.html?_=1585877595502&CODE_STATE=getMsg HTTP/1.1" 200 27
114.84.33.255 - - [03/Apr/2020:09:33:47 +0800] "GET /xingrg/check_reg.html?_=1585877634121 HTTP/1.1" 200 22
114.84.33.255 - - [03/Apr/2020:09:33:48 +0800] "GET /xingrg/all/function/internal_message.html?_=1585877634391&CODE_STATE=getMsg HTTP/1.1" 200 27
117.185.32.26 - - [03/Apr/2020:09:33:48 +0800] "POST /xingrg/all/common/load_select.html HTTP/1.1" 200 25
58.221.95.50 - - [03/Apr/2020:09:33:49 +0800] "GET /xingrg/check_reg.html?_=1585877985889 HTTP/1.1" 200 22
58.221.95.50 - - [03/Apr/2020:09:33:49 +0800] "GET /xingrg/all/function/internal_message.html?_=1585877985891&CODE_STATE=getMsg HTTP/1.1" 200 27
180.156.150.85 - - [03/Apr/2020:09:33:50 +0800] "GET /xingrg/all/function/internal_message.html?_=1585877629708&CODE_STATE=getMsg HTTP/1.1" 200 27
117.185.32.26 - - [03/Apr/2020:09:33:51 +0800] "GET /xingrg/kc/buy/cgsh_order_operate.html?command=get_materiel_price&rest_code=00106&code=00101008083&unit_code=00100027&supplier_code=00100007&order_time=2020-04-03 HTTP/1.1" 200 29
116.235.222.53 - - [03/Apr/2020:09:33:53 +0800] "GET /xingrg/all/function/internal_message.html?_=1585877622520&CODE_STATE=getMsg HTTP/1.1" 200 27
120.253.135.82 - - [03/Apr/2020:09:33:53 +0800] "GET /xingrg/check_reg.html?_=1585877704506 HTTP/1.1" 200 22
120.253.135.82 - - [03/Apr/2020:09:33:54 +0800] "GET /xingrg/all/function/internal_message.html?_=1585877705687&CODE_STATE=getMsg HTTP/1.1" 200 27
117.185.32.26 - - [03/Apr/2020:09:33:56 +0800] "GET /xingrg/kc/buy/cgsh_order_operate.html?command=get_materiel_price&rest_code=00106&code=00101008083&unit_code=00100026&supplier_code=00100007&order_time=2020-04-03 HTTP/1.1" 200 27
101.89.19.149 - - [03/Apr/2020:09:33:58 +0800] "GET /xingrg/all/function/internal_message.html?_=1585876935474&CODE_STATE=getMsg HTTP/1.1" 302 -
172.17.0.112 - - [03/Apr/2020:09:34:00 +0800] "GET /xingrg/check_reg.html?_=1585877654911 HTTP/1.1" 302 -
117.131.5.26 - - [03/Apr/2020:09:34:02 +0800] "GET /xingrg/all/function/internal_message.html?_=1585877894939&CODE_STATE=getMsg HTTP/1.1" 200 27
101.89.19.149 - - [03/Apr/2020:09:34:07 +0800] "GET /xingrg/login.html HTTP/1.1" 200 7641
172.17.0.107 - - [03/Apr/2020:09:34:13 +0800] "GET /xingrg/all/function/internal_message.html?_=1585877653534&CODE_STATE=getMsg HTTP/1.1" 200 27
172.17.0.112 - - [03/Apr/2020:09:34:19 +0800] "GET /xingrg/all/function/internal_message.html?_=1585877674182&CODE_STATE=getMsg HTTP/1.1" 302 -
172.17.0.112 - - [03/Apr/2020:09:34:21 +0800] "GET /xingrg/all/function/internal_message.html?_=1585877675964&CODE_STATE=getMsg HTTP/1.1" 302 -
222.70.183.62 - - [03/Apr/2020:09:34:25 +0800] "GET /xingrg/all/function/internal_message.html?_=1585877662938&CODE_STATE=getMsg HTTP/1.1" 200 27
116.233.78.128 - - [03/Apr/2020:09:34:30 +0800] "GET /xingrg/check_reg.html?_=1585877562236 HTTP/1.1" 302 -
116.233.78.128 - - [03/Apr/2020:09:34:30 +0800] "GET /xingrg/all/function/internal_message.html?_=1585877562239&CODE_STATE=getMsg HTTP/1.1" 302 -
117.131.5.26 - - [03/Apr/2020:09:34:32 +0800] "GET /xingrg/all/function/internal_message.html?_=1585877687718&CODE_STATE=getMsg HTTP/1.1" 200 27
117.185.32.26 - - [03/Apr/2020:09:34:33 +0800] "GET /xingrg/check_reg.html?_=1585878076386 HTTP/1.1" 200 22
117.185.32.26 - - [03/Apr/2020:09:34:33 +0800] "GET /xingrg/all/function/internal_message.html?_=1585878076390&CODE_STATE=getMsg HTTP/1.1" 200 27
117.185.32.26 - - [03/Apr/2020:09:34:43 +0800] "GET /xingrg/kc/buy/cgsh_order_operate.html?command=get_materiel&rest_code=00106&code=00101008126&supplier_code=00100007&order_time=2020-04-03 HTTP/1.1" 200 412
101.91.62.65 - - [03/Apr/2020:09:34:46 +0800] "GET /xingrg/all/function/internal_message.html?_=1585877055471&CODE_STATE=getMsg HTTP/1.1" 302 -
114.88.159.93 - - [03/Apr/2020:09:34:47 +0800] "GET /xingrg/check_reg.html?_=1585877655502 HTTP/1.1" 200 22
114.88.159.93 - - [03/Apr/2020:09:34:47 +0800] "GET /xingrg/all/function/internal_message.html?_=1585877655503&CODE_STATE=getMsg HTTP/1.1" 200 27
114.84.33.255 - - [03/Apr/2020:09:34:48 +0800] "GET /xingrg/all/function/internal_message.html?_=1585877694405&CODE_STATE=getMsg HTTP/1.1" 200 27
58.221.95.50 - - [03/Apr/2020:09:34:49 +0800] "GET /xingrg/all/function/internal_message.html?_=1585878045886&CODE_STATE=getMsg HTTP/1.1" 200 27
180.156.150.85 - - [03/Apr/2020:09:34:50 +0800] "GET /xingrg/all/function/internal_message.html?_=1585877689709&CODE_STATE=getMsg HTTP/1.1" 200 27
101.91.62.65 - - [03/Apr/2020:09:34:52 +0800] "GET /xingrg/login.html HTTP/1.1" 200 7641
116.235.222.53 - - [03/Apr/2020:09:34:53 +0800] "GET /xingrg/all/function/internal_message.html?_=1585877682504&CODE_STATE=getMsg HTTP/1.1" 200 27
120.253.135.82 - - [03/Apr/2020:09:34:54 +0800] "GET /xingrg/all/function/internal_message.html?_=1585877765700&CODE_STATE=getMsg HTTP/1.1" 200 27
117.131.5.26 - - [03/Apr/2020:09:35:02 +0800] "GET /xingrg/all/function/internal_message.html?_=1585877954955&CODE_STATE=getMsg HTTP/1.1" 200 27
117.185.32.26 - - [03/Apr/2020:09:35:09 +0800] "GET /xingrg/kc/buy/cgsh_order_operate.html?command=get_materiel&rest_code=00106&code=00101008286&supplier_code=00100007&order_time=2020-04-03 HTTP/1.1" 200 408
172.17.0.107 - - [03/Apr/2020:09:35:13 +0800] "GET /xingrg/all/function/internal_message.html?_=1585877713521&CODE_STATE=getMsg HTTP/1.1" 200 27
172.17.0.107 - - [03/Apr/2020:09:35:14 +0800] "GET /xingrg/check_reg.html?_=1585877713728 HTTP/1.1" 200 22
172.17.0.112 - - [03/Apr/2020:09:35:19 +0800] "GET /xingrg/all/function/internal_message.html?_=1585877734188&CODE_STATE=getMsg HTTP/1.1" 302 -
172.17.0.112 - - [03/Apr/2020:09:35:21 +0800] "GET /xingrg/all/function/internal_message.html?_=1585877735983&CODE_STATE=getMsg HTTP/1.1" 302 -
222.70.183.62 - - [03/Apr/2020:09:35:25 +0800] "GET /xingrg/all/function/internal_message.html?_=1585877723152&CODE_STATE=getMsg HTTP/1.1" 200 27
117.185.32.26 - - [03/Apr/2020:09:35:26 +0800] "GET /xingrg/kc/buy/cgsh_order_operate.html?command=get_materiel&rest_code=00106&code=00101008131&supplier_code=00100007&order_time=2020-04-03 HTTP/1.1" 200 408
116.233.78.128 - - [03/Apr/2020:09:35:30 +0800] "GET /xingrg/all/function/internal_message.html?_=1585877622238&CODE_STATE=getMsg HTTP/1.1" 302 -
117.131.5.26 - - [03/Apr/2020:09:35:32 +0800] "GET /xingrg/all/function/internal_message.html?_=1585877747718&CODE_STATE=getMsg HTTP/1.1" 200 27
117.185.32.26 - - [03/Apr/2020:09:35:33 +0800] "GET /xingrg/all/function/internal_message.html?_=1585878136387&CODE_STATE=getMsg HTTP/1.1" 200 27
114.88.159.93 - - [03/Apr/2020:09:35:47 +0800] "GET /xingrg/all/function/internal_message.html?_=1585877715500&CODE_STATE=getMsg HTTP/1.1" 200 27
114.84.33.255 - - [03/Apr/2020:09:35:48 +0800] "GET /xingrg/all/function/internal_message.html?_=1585877754419&CODE_STATE=getMsg HTTP/1.1" 200 27
117.185.32.26 - - [03/Apr/2020:09:35:48 +0800] "GET /xingrg/kc/buy/cgsh_order_operate.html?command=get_materiel&rest_code=00106&code=00101008211&supplier_code=00100007&order_time=2020-04-03 HTTP/1.1" 200 412
58.221.95.50 - - [03/Apr/2020:09:35:49 +0800] "GET /xingrg/all/function/internal_message.html?_=1585878105890&CODE_STATE=getMsg HTTP/1.1" 200 27
180.156.150.85 - - [03/Apr/2020:09:35:50 +0800] "GET /xingrg/all/function/internal_message.html?_=1585877749710&CODE_STATE=getMsg HTTP/1.1" 200 27
180.156.150.85 - - [03/Apr/2020:09:35:50 +0800] "GET /xingrg/check_reg.html?_=1585877749714 HTTP/1.1" 200 22
116.235.222.53 - - [03/Apr/2020:09:35:53 +0800] "GET /xingrg/all/function/internal_message.html?_=1585877742490&CODE_STATE=getMsg HTTP/1.1" 200 27
120.253.135.82 - - [03/Apr/2020:09:35:54 +0800] "GET /xingrg/all/function/internal_message.html?_=1585877825715&CODE_STATE=getMsg HTTP/1.1" 200 27
101.89.239.232 - - [03/Apr/2020:09:35:59 +0800] "GET /xingrg/check_reg.html?_=1585877055472 HTTP/1.1" 302 -
117.131.5.26 - - [03/Apr/2020:09:36:02 +0800] "GET /xingrg/all/function/internal_message.html?_=1585878015104&CODE_STATE=getMsg HTTP/1.1" 200 27
101.89.239.232 - - [03/Apr/2020:09:36:06 +0800] "GET /xingrg/login.html HTTP/1.1" 200 7641
172.17.0.107 - - [03/Apr/2020:09:36:13 +0800] "GET /xingrg/all/function/internal_message.html?_=1585877773504&CODE_STATE=getMsg HTTP/1.1" 200 27
172.17.0.112 - - [03/Apr/2020:09:36:19 +0800] "GET /xingrg/all/function/internal_message.html?_=1585877794225&CODE_STATE=getMsg HTTP/1.1" 302 -
172.17.0.112 - - [03/Apr/2020:09:36:21 +0800] "GET /xingrg/all/function/internal_message.html?_=1585877796011&CODE_STATE=getMsg HTTP/1.1" 302 -
222.69.139.91 - - [03/Apr/2020:09:36:24 +0800] "GET /xingrg/login.html HTTP/1.1" 200 7641
222.69.139.91 - - [03/Apr/2020:09:36:24 +0800] "GET /favicon.ico HTTP/1.1" 404 -
222.70.183.62 - - [03/Apr/2020:09:36:25 +0800] "GET /xingrg/all/function/internal_message.html?_=1585877783154&CODE_STATE=getMsg HTTP/1.1" 200 27
117.185.32.26 - - [03/Apr/2020:09:36:28 +0800] "GET /xingrg/kc/buy/cgsh_order_operate.html?command=get_materiel&rest_code=00106&code=00101008359&supplier_code=00100007&order_time=2020-04-03 HTTP/1.1" 200 408
116.233.78.128 - - [03/Apr/2020:09:36:30 +0800] "GET /xingrg/all/function/internal_message.html?_=1585877682237&CODE_STATE=getMsg HTTP/1.1" 302 -
117.131.5.26 - - [03/Apr/2020:09:36:32 +0800] "GET /xingrg/all/function/internal_message.html?_=1585877807734&CODE_STATE=getMsg HTTP/1.1" 200 27
117.185.32.26 - - [03/Apr/2020:09:36:33 +0800] "GET /xingrg/all/function/internal_message.html?_=1585878196377&CODE_STATE=getMsg HTTP/1.1" 200 27
222.69.139.91 - - [03/Apr/2020:09:36:37 +0800] "POST /xingrg/login.do HTTP/1.1" 302 -
222.69.139.91 - - [03/Apr/2020:09:36:37 +0800] "GET /xingrg/index.html?sysBaseUrl=http%3A%2F%2F180.169.147.146%3A18081%2Fxingrg%2F&costTime=49×tamp=1585877797133 HTTP/1.1" 200 17179
222.69.139.91 - - [03/Apr/2020:09:36:37 +0800] "GET /favicon.ico HTTP/1.1" 404 -
222.69.139.91 - - [03/Apr/2020:09:36:37 +0800] "POST /xingrg/all/common/load_tree.html?tree=area_rest_tree_json&manage=1 HTTP/1.1" 200 351
222.69.139.91 - - [03/Apr/2020:09:36:37 +0800] "GET /xingrg/all/function/internal_message.html?_=1585877790400&CODE_STATE=count HTTP/1.1" 200 11
222.69.139.91 - - [03/Apr/2020:09:36:37 +0800] "GET /xingrg/check_reg.html?_=1585877790402 HTTP/1.1" 200 22
222.69.139.91 - - [03/Apr/2020:09:36:37 +0800] "POST /xingrg/load_menu.html HTTP/1.1" 200 5138
117.185.32.26 - - [03/Apr/2020:09:36:43 +0800] "GET /xingrg/kc/buy/cgsh_order_operate.html?command=get_materiel&rest_code=00106&code=00101008213&supplier_code=00100007&order_time=2020-04-03 HTTP/1.1" 200 412
114.88.159.93 - - [03/Apr/2020:09:36:47 +0800] "GET /xingrg/all/function/internal_message.html?_=1585877775498&CODE_STATE=getMsg HTTP/1.1" 200 27
114.84.33.255 - - [03/Apr/2020:09:36:48 +0800] "GET /xingrg/all/function/internal_message.html?_=1585877814517&CODE_STATE=getMsg HTTP/1.1" 200 27
58.221.95.50 - - [03/Apr/2020:09:36:49 +0800] "GET /xingrg/all/function/internal_message.html?_=1585878165887&CODE_STATE=getMsg HTTP/1.1" 200 27
180.156.150.85 - - [03/Apr/2020:09:36:50 +0800] "GET /xingrg/all/function/internal_message.html?_=1585877809714&CODE_STATE=getMsg HTTP/1.1" 200 27
116.235.222.53 - - [03/Apr/2020:09:36:52 +0800] "GET /xingrg/check_reg.html?_=1585877802204 HTTP/1.1" 200 22
116.235.222.53 - - [03/Apr/2020:09:36:52 +0800] "GET /xingrg/all/function/internal_message.html?_=1585877802478&CODE_STATE=getMsg HTTP/1.1" 200 27
120.253.135.82 - - [03/Apr/2020:09:36:57 +0800] "GET /xingrg/all/function/internal_message.html?_=1585877885731&CODE_STATE=getMsg HTTP/1.1" 200 27
61.151.178.175 - - [03/Apr/2020:09:36:57 +0800] "GET /xingrg/all/function/internal_message.html?_=1585877115470&CODE_STATE=getMsg HTTP/1.1" 302 -
117.131.5.26 - - [03/Apr/2020:09:37:02 +0800] "GET /xingrg/all/function/internal_message.html?_=1585878075106&CODE_STATE=getMsg HTTP/1.1" 200 27
117.185.32.26 - - [03/Apr/2020:09:37:02 +0800] "GET /xingrg/kc/buy/cgsh_order_operate.html?command=get_materiel&rest_code=00106&code=00101008042&supplier_code=00100007&order_time=2020-04-03 HTTP/1.1" 200 416
61.151.178.175 - - [03/Apr/2020:09:37:03 +0800] "GET /xingrg/login.html HTTP/1.1" 200 7641
172.17.0.107 - - [03/Apr/2020:09:37:13 +0800] "GET /xingrg/all/function/internal_message.html?_=1585877833475&CODE_STATE=getMsg HTTP/1.1" 200 27
172.17.0.112 - - [03/Apr/2020:09:37:19 +0800] "GET /xingrg/all/function/internal_message.html?_=1585877854232&CODE_STATE=getMsg HTTP/1.1" 302 -
172.17.0.112 - - [03/Apr/2020:09:37:21 +0800] "GET /xingrg/all/function/internal_message.html?_=1585877856026&CODE_STATE=getMsg HTTP/1.1" 302 -
222.70.183.62 - - [03/Apr/2020:09:37:23 +0800] "GET /xingrg/check_reg.html?_=1585877840494 HTTP/1.1" 200 22
222.70.183.62 - - [03/Apr/2020:09:37:25 +0800] "GET /xingrg/all/function/internal_message.html?_=1585877843165&CODE_STATE=getMsg HTTP/1.1" 200 27
117.185.32.26 - - [03/Apr/2020:09:37:29 +0800] "GET /xingrg/kc/buy/cgsh_order_operate.html?command=get_materiel&rest_code=00106&code=00101010168&supplier_code=00100007&order_time=2020-04-03 HTTP/1.1" 200 413
116.233.78.128 - - [03/Apr/2020:09:37:30 +0800] "GET /xingrg/all/function/internal_message.html?_=1585877742237&CODE_STATE=getMsg HTTP/1.1" 302 -
117.131.5.26 - - [03/Apr/2020:09:37:31 +0800] "GET /xingrg/check_reg.html?_=1585877866593 HTTP/1.1" 200 22
117.131.5.26 - - [03/Apr/2020:09:37:32 +0800] "GET /xingrg/all/function/internal_message.html?_=1585877867734&CODE_STATE=getMsg HTTP/1.1" 200 27
172.17.0.112 - - [03/Apr/2020:09:37:33 +0800] "GET /xingrg/check_reg.html?_=1585877868231 HTTP/1.1" 302 -
117.185.32.26 - - [03/Apr/2020:09:37:33 +0800] "GET /xingrg/all/function/internal_message.html?_=1585878256455&CODE_STATE=getMsg HTTP/1.1" 200 27
222.69.139.91 - - [03/Apr/2020:09:37:37 +0800] "GET /xingrg/all/function/internal_message.html?_=1585877850440&CODE_STATE=getMsg HTTP/1.1" 200 27
222.69.139.91 - - [03/Apr/2020:09:37:41 +0800] "GET /xingrg/kc/buy/cgyd_order_list.html HTTP/1.1" 200 41771
222.69.139.91 - - [03/Apr/2020:09:37:43 +0800] "POST /xingrg/kc/buy/cgyd_list_operate.html HTTP/1.1" 200 976
222.69.139.91 - - [03/Apr/2020:09:37:45 +0800] "GET /xingrg/kc/buy/cgyd_order_add.html HTTP/1.1" 200 50654
222.69.139.91 - - [03/Apr/2020:09:37:45 +0800] "GET /xingrg/words/20200402112410_words.js HTTP/1.1" 304 -
222.69.139.91 - - [03/Apr/2020:09:37:45 +0800] "GET /xingrg/javascript/easyui/themes/icons/email.png HTTP/1.1" 200 621
222.69.139.91 - - [03/Apr/2020:09:37:45 +0800] "POST /xingrg/kc/buy/cgyd_order_operate.html HTTP/1.1" 200 7066
222.69.139.91 - - [03/Apr/2020:09:37:45 +0800] "GET /xingrg/javascript/easyui/themes/default/validatebox.css HTTP/1.1" 404 1104
222.69.139.91 - - [03/Apr/2020:09:37:45 +0800] "GET /xingrg/all/common/auto_word.html?type=base&rest_code=00149 HTTP/1.1" 200 1603
114.88.159.93 - - [03/Apr/2020:09:37:47 +0800] "GET /xingrg/all/function/internal_message.html?_=1585877835496&CODE_STATE=getMsg HTTP/1.1" 200 27
114.84.33.255 - - [03/Apr/2020:09:37:48 +0800] "GET /xingrg/all/function/internal_message.html?_=1585877874524&CODE_STATE=getMsg HTTP/1.1" 200 27
58.221.95.50 - - [03/Apr/2020:09:37:49 +0800] "GET /xingrg/all/function/internal_message.html?_=1585878225885&CODE_STATE=getMsg HTTP/1.1" 200 27
117.185.32.26 - - [03/Apr/2020:09:37:49 +0800] "GET /xingrg/kc/buy/cgsh_order_operate.html?command=get_materiel&rest_code=00106&code=00101008285&supplier_code=00100007&order_time=2020-04-03 HTTP/1.1" 200 413
180.156.150.85 - - [03/Apr/2020:09:37:50 +0800] "GET /xingrg/all/function/internal_message.html?_=1585877869715&CODE_STATE=getMsg HTTP/1.1" 200 27
222.69.139.91 - - [03/Apr/2020:09:37:50 +0800] "GET /xingrg/javascript/auto/indicator.gif HTTP/1.1" 404 1066
222.69.139.91 - - [03/Apr/2020:09:37:51 +0800] "GET /xingrg/javascript/jquery_tools/images/prev.gif HTTP/1.1" 404 1086
222.69.139.91 - - [03/Apr/2020:09:37:51 +0800] "GET /xingrg/javascript/jquery_tools/images/next.gif HTTP/1.1" 404 1086
116.235.222.53 - - [03/Apr/2020:09:37:52 +0800] "GET /xingrg/all/function/internal_message.html?_=1585877862460&CODE_STATE=getMsg HTTP/1.1" 200 27
120.253.135.82 - - [03/Apr/2020:09:37:54 +0800] "GET /xingrg/all/function/internal_message.html?_=1585877945741&CODE_STATE=getMsg HTTP/1.1" 200 27
117.131.5.26 - - [03/Apr/2020:09:38:02 +0800] "GET /xingrg/all/function/internal_message.html?_=1585878135339&CODE_STATE=getMsg HTTP/1.1" 200 27
222.70.183.62 - - [03/Apr/2020:09:38:03 +0800] "GET /xingrg/kc/buy/cgsh_order_add.html HTTP/1.1" 200 57907
222.70.183.62 - - [03/Apr/2020:09:38:03 +0800] "POST /xingrg/kc/buy/cgsh_order_operate.html HTTP/1.1" 200 8245
222.70.183.62 - - [03/Apr/2020:09:38:03 +0800] "GET /xingrg/javascript/easyui/themes/default/validatebox.css HTTP/1.1" 404 1104
117.185.32.26 - - [03/Apr/2020:09:38:07 +0800] "GET /xingrg/kc/buy/cgsh_order_operate.html?command=get_materiel&rest_code=00106&code=00101008168&supplier_code=00100007&order_time=2020-04-03 HTTP/1.1" 200 412
222.69.139.91 - - [03/Apr/2020:09:38:13 +0800] "GET /xingrg/kc/buy/cgyd_order_operate.html?command=get_materiel&rest_code=00149&code=00101004048&supplier_code=00100083 HTTP/1.1" 200 403
172.17.1.5 - - [03/Apr/2020:09:38:13 +0800] "GET /xingrg/check_reg.html?_=1585877885829 HTTP/1.1" 200 22
117.131.5.26 - - [03/Apr/2020:09:38:13 +0800] "GET /xingrg/check_reg.html?_=1585878146542 HTTP/1.1" 200 22
172.17.0.107 - - [03/Apr/2020:09:38:13 +0800] "GET /xingrg/all/function/internal_message.html?_=1585877893447&CODE_STATE=getMsg HTTP/1.1" 200 27
222.70.183.62 - - [03/Apr/2020:09:38:15 +0800] "GET /xingrg/kc/buy/cgsh_order_operate.html?command=get_materiel&rest_code=00111&code=00101002027&supplier_code=00100199&order_time=2020-04-03 HTTP/1.1" 200 413
172.17.0.112 - - [03/Apr/2020:09:38:19 +0800] "GET /xingrg/all/function/internal_message.html?_=1585877914266&CODE_STATE=getMsg HTTP/1.1" 302 -
172.17.0.112 - - [03/Apr/2020:09:38:21 +0800] "GET /xingrg/all/function/internal_message.html?_=1585877916053&CODE_STATE=getMsg HTTP/1.1" 302 -
222.69.139.91 - - [03/Apr/2020:09:38:24 +0800] "GET /xingrg/kc/buy/cgsh_order_list.html HTTP/1.1" 200 42304
117.185.32.26 - - [03/Apr/2020:09:38:25 +0800] "GET /xingrg/kc/buy/cgsh_order_operate.html?command=get_materiel&rest_code=00106&code=00101008102&supplier_code=00100007&order_time=2020-04-03 HTTP/1.1" 200 413
222.69.139.91 - - [03/Apr/2020:09:38:25 +0800] "POST /xingrg/kc/buy/cgsh_list_operate.html HTTP/1.1" 200 876
222.70.183.62 - - [03/Apr/2020:09:38:25 +0800] "GET /xingrg/all/function/internal_message.html?_=1585877903179&CODE_STATE=getMsg HTTP/1.1" 200 27
222.70.183.62 - - [03/Apr/2020:09:38:25 +0800] "GET /xingrg/kc/buy/cgsh_order_operate.html?command=get_materiel&rest_code=00111&code=00101002006&supplier_code=00100199&order_time=2020-04-03 HTTP/1.1" 200 414
172.17.0.123 - - [03/Apr/2020:09:38:29 +0800] "GET /xingrg/check_reg.html?_=1585877904694 HTTP/1.1" 302 -
116.233.78.128 - - [03/Apr/2020:09:38:30 +0800] "GET /xingrg/all/function/internal_message.html?_=1585877802236&CODE_STATE=getMsg HTTP/1.1" 302 -
117.131.5.26 - - [03/Apr/2020:09:38:32 +0800] "GET /xingrg/all/function/internal_message.html?_=1585877927734&CODE_STATE=getMsg HTTP/1.1" 200 27
117.185.32.26 - - [03/Apr/2020:09:38:33 +0800] "GET /xingrg/all/function/internal_message.html?_=1585878316451&CODE_STATE=getMsg HTTP/1.1" 200 27
117.185.32.26 - - [03/Apr/2020:09:38:36 +0800] "GET /xingrg/kc/buy/cgsh_order_operate.html?command=get_materiel&rest_code=00106&code=00101008350&supplier_code=00100007&order_time=2020-04-03 HTTP/1.1" 200 408
222.69.139.91 - - [03/Apr/2020:09:38:37 +0800] "GET /xingrg/all/function/internal_message.html?_=1585877910403&CODE_STATE=getMsg HTTP/1.1" 200 27
222.70.183.62 - - [03/Apr/2020:09:38:40 +0800] "POST /xingrg/kc/buy/cgsh_order_operate.html HTTP/1.1" 200 37
222.70.183.62 - - [03/Apr/2020:09:38:41 +0800] "POST /xingrg/kc/buy/cgsh_order_operate.html HTTP/1.1" 200 3256
222.70.183.62 - - [03/Apr/2020:09:38:43 +0800] "GET /xingrg/kc/print/load_data.html?order_code=212020040300399&kc_code=cgsh&condition= HTTP/1.1" 200 899
117.185.32.26 - - [03/Apr/2020:09:38:45 +0800] "GET /xingrg/kc/buy/cgsh_order_operate.html?command=get_materiel&rest_code=00106&code=00101008224&supplier_code=00100007&order_time=2020-04-03 HTTP/1.1" 200 416
114.88.159.93 - - [03/Apr/2020:09:38:47 +0800] "GET /xingrg/all/function/internal_message.html?_=1585877895495&CODE_STATE=getMsg HTTP/1.1" 200 27
114.84.33.255 - - [03/Apr/2020:09:38:47 +0800] "GET /xingrg/check_reg.html?_=1585877934200 HTTP/1.1" 200 22
101.89.239.232 - - [03/Apr/2020:09:38:48 +0800] "GET /xingrg/all/function/internal_message.html?_=1585877235467&CODE_STATE=getMsg HTTP/1.1" 302 -
114.84.33.255 - - [03/Apr/2020:09:38:48 +0800] "GET /xingrg/all/function/internal_message.html?_=1585877934537&CODE_STATE=getMsg HTTP/1.1" 200 27
58.221.95.50 - - [03/Apr/2020:09:38:49 +0800] "GET /xingrg/all/function/internal_message.html?_=1585878285885&CODE_STATE=getMsg HTTP/1.1" 200 27
58.221.95.50 - - [03/Apr/2020:09:38:49 +0800] "GET /xingrg/check_reg.html?_=1585878285885 HTTP/1.1" 200 22
180.156.150.85 - - [03/Apr/2020:09:38:50 +0800] "GET /xingrg/all/function/internal_message.html?_=1585877929718&CODE_STATE=getMsg HTTP/1.1" 200 27
116.235.222.53 - - [03/Apr/2020:09:38:52 +0800] "GET /xingrg/all/function/internal_message.html?_=1585877922430&CODE_STATE=getMsg HTTP/1.1" 200 27
120.253.135.82 - - [03/Apr/2020:09:38:53 +0800] "GET /xingrg/check_reg.html?_=1585878004511 HTTP/1.1" 200 22
101.89.239.232 - - [03/Apr/2020:09:38:54 +0800] "GET /xingrg/login.html HTTP/1.1" 200 7641
120.253.135.82 - - [03/Apr/2020:09:38:54 +0800] "GET /xingrg/all/function/internal_message.html?_=1585878005755&CODE_STATE=getMsg HTTP/1.1" 200 27
172.17.0.112 - - [03/Apr/2020:09:39:00 +0800] "GET /xingrg/check_reg.html?_=1585877954918 HTTP/1.1" 302 -
117.131.5.26 - - [03/Apr/2020:09:39:02 +0800] "GET /xingrg/all/function/internal_message.html?_=1585878195357&CODE_STATE=getMsg HTTP/1.1" 200 27
117.185.32.26 - - [03/Apr/2020:09:39:04 +0800] "GET /xingrg/kc/buy/cgsh_order_operate.html?command=get_materiel&rest_code=00106&code=00101008223&supplier_code=00100007&order_time=2020-04-03 HTTP/1.1" 200 412
172.17.0.107 - - [03/Apr/2020:09:39:13 +0800] "GET /xingrg/all/function/internal_message.html?_=1585877953430&CODE_STATE=getMsg HTTP/1.1" 200 27
172.17.0.112 - - [03/Apr/2020:09:39:19 +0800] "GET /xingrg/all/function/internal_message.html?_=1585877974273&CODE_STATE=getMsg HTTP/1.1" 302 -
117.185.32.26 - - [03/Apr/2020:09:39:20 +0800] "GET /xingrg/kc/buy/cgsh_order_operate.html?command=get_materiel&rest_code=00106&code=00101008236&supplier_code=00100007&order_time=2020-04-03 HTTP/1.1" 200 416
172.17.0.112 - - [03/Apr/2020:09:39:21 +0800] "GET /xingrg/all/function/internal_message.html?_=1585877976069&CODE_STATE=getMsg HTTP/1.1" 302 -
222.70.183.62 - - [03/Apr/2020:09:39:25 +0800] "GET /xingrg/all/function/internal_message.html?_=1585877963192&CODE_STATE=getMsg HTTP/1.1" 200 27
116.233.78.128 - - [03/Apr/2020:09:39:30 +0800] "GET /xingrg/all/function/internal_message.html?_=1585877862235&CODE_STATE=getMsg HTTP/1.1" 302 -
116.233.78.128 - - [03/Apr/2020:09:39:30 +0800] "GET /xingrg/check_reg.html?_=1585877862234 HTTP/1.1" 302 -
117.131.5.26 - - [03/Apr/2020:09:39:32 +0800] "GET /xingrg/all/function/internal_message.html?_=1585877987734&CODE_STATE=getMsg HTTP/1.1" 200 27
117.185.32.26 - - [03/Apr/2020:09:39:33 +0800] "GET /xingrg/check_reg.html?_=1585878376393 HTTP/1.1" 200 22
117.185.32.26 - - [03/Apr/2020:09:39:33 +0800] "GET /xingrg/all/function/internal_message.html?_=1585878376465&CODE_STATE=getMsg HTTP/1.1" 200 27
222.69.139.91 - - [03/Apr/2020:09:39:36 +0800] "GET /xingrg/kc/buy/cgsh_order_add.html HTTP/1.1" 200 57919
222.69.139.91 - - [03/Apr/2020:09:39:36 +0800] "POST /xingrg/kc/buy/cgsh_order_operate.html HTTP/1.1" 200 8245
222.69.139.91 - - [03/Apr/2020:09:39:36 +0800] "GET /xingrg/all/common/auto_word.html?type=employee&rest_code=00149 HTTP/1.1" 200 197
222.69.139.91 - - [03/Apr/2020:09:39:36 +0800] "GET /xingrg/all/common/auto_word.html?type=employee&rest_code=00149 HTTP/1.1" 200 197
222.69.139.91 - - [03/Apr/2020:09:39:36 +0800] "GET /xingrg/javascript/easyui/themes/default/validatebox.css HTTP/1.1" 404 1104
222.69.139.91 - - [03/Apr/2020:09:39:37 +0800] "GET /xingrg/all/function/internal_message.html?_=1585877970424&CODE_STATE=getMsg HTTP/1.1" 200 27
114.88.159.93 - - [03/Apr/2020:09:39:47 +0800] "GET /xingrg/all/function/internal_message.html?_=1585877955493&CODE_STATE=getMsg HTTP/1.1" 200 27
114.88.159.93 - - [03/Apr/2020:09:39:47 +0800] "GET /xingrg/check_reg.html?_=1585877955495 HTTP/1.1" 200 22
114.84.33.255 - - [03/Apr/2020:09:39:48 +0800] "GET /xingrg/all/function/internal_message.html?_=1585877994551&CODE_STATE=getMsg HTTP/1.1" 200 27
222.70.183.62 - - [03/Apr/2020:09:39:48 +0800] "POST /xingrg/kc/buy/cgsh_order_operate.html HTTP/1.1" 200 37
58.221.95.50 - - [03/Apr/2020:09:39:49 +0800] "GET /xingrg/all/function/internal_message.html?_=1585878345884&CODE_STATE=getMsg HTTP/1.1" 200 27
222.70.183.62 - - [03/Apr/2020:09:39:49 +0800] "POST /xingrg/kc/buy/cgsh_order_operate.html HTTP/1.1" 200 3256
180.156.150.85 - - [03/Apr/2020:09:39:50 +0800] "GET /xingrg/all/function/internal_message.html?_=1585877989720&CODE_STATE=getMsg HTTP/1.1" 200 27
222.69.139.91 - - [03/Apr/2020:09:39:50 +0800] "GET /xingrg/kc/buy/cgsh_order_operate.html?command=get_materiel&rest_code=00149&code=00101004048&supplier_code=00100083&order_time=2020-04-03 HTTP/1.1" 200 419
117.185.32.26 - - [03/Apr/2020:09:39:51 +0800] "GET /xingrg/kc/buy/cgsh_order_operate.html?command=get_materiel&rest_code=00106&code=00101008095&supplier_code=00100007&order_time=2020-04-03 HTTP/1.1" 200 412
222.70.183.62 - - [03/Apr/2020:09:39:51 +0800] "POST /xingrg/kc/buy/cgsh_list_operate.html HTTP/1.1" 200 1685
116.235.222.53 - - [03/Apr/2020:09:39:52 +0800] "GET /xingrg/all/function/internal_message.html?_=1585877982416&CODE_STATE=getMsg HTTP/1.1" 200 27
120.253.135.82 - - [03/Apr/2020:09:39:54 +0800] "GET /xingrg/all/function/internal_message.html?_=1585878065770&CODE_STATE=getMsg HTTP/1.1" 200 27
222.70.183.62 - - [03/Apr/2020:09:39:58 +0800] "POST /xingrg/kc/buy/cgsh_list_operate.html HTTP/1.1" 200 1685
222.70.183.62 - - [03/Apr/2020:09:40:00 +0800] "POST /xingrg/kc/buy/cgsh_list_operate.html HTTP/1.1" 200 277
117.131.5.26 - - [03/Apr/2020:09:40:02 +0800] "GET /xingrg/all/function/internal_message.html?_=1585878255366&CODE_STATE=getMsg HTTP/1.1" 200 27
222.70.183.62 - - [03/Apr/2020:09:40:04 +0800] "POST /xingrg/kc/buy/cgsh_list_operate.html HTTP/1.1" 200 4
117.185.32.26 - - [03/Apr/2020:09:40:05 +0800] "GET /xingrg/kc/buy/cgsh_order_operate.html?command=get_materiel&rest_code=00106&code=00101008110&supplier_code=00100007&order_time=2020-04-03 HTTP/1.1" 200 408
222.70.183.62 - - [03/Apr/2020:09:40:05 +0800] "POST /xingrg/kc/buy/cgsh_list_operate.html HTTP/1.1" 200 876
117.185.32.26 - - [03/Apr/2020:09:40:08 +0800] "POST /xingrg/kc/buy/cgsh_order_operate.html HTTP/1.1" 200 2065
172.17.0.107 - - [03/Apr/2020:09:40:13 +0800] "GET /xingrg/all/function/internal_message.html?_=1585878013410&CODE_STATE=getMsg HTTP/1.1" 200 27
172.17.0.107 - - [03/Apr/2020:09:40:14 +0800] "GET /xingrg/check_reg.html?_=1585878013745 HTTP/1.1" 200 22
117.185.32.26 - - [03/Apr/2020:09:40:16 +0800] "POST /xingrg/kc/buy/cgsh_order_operate.html HTTP/1.1" 200 37
117.185.32.26 - - [03/Apr/2020:09:40:17 +0800] "POST /xingrg/kc/buy/cgsh_order_operate.html HTTP/1.1" 200 13315
172.17.0.112 - - [03/Apr/2020:09:40:19 +0800] "GET /xingrg/all/function/internal_message.html?_=1585878034309&CODE_STATE=getMsg HTTP/1.1" 302 -
172.17.0.112 - - [03/Apr/2020:09:40:21 +0800] "GET /xingrg/all/function/internal_message.html?_=1585878036095&CODE_STATE=getMsg HTTP/1.1" 302 -
222.70.183.62 - - [03/Apr/2020:09:40:26 +0800] "GET /xingrg/all/function/internal_message.html?_=1585878023497&CODE_STATE=getMsg HTTP/1.1" 200 27
116.233.78.128 - - [03/Apr/2020:09:40:30 +0800] "GET /xingrg/all/function/internal_message.html?_=1585877922235&CODE_STATE=getMsg HTTP/1.1" 302 -
117.131.5.26 - - [03/Apr/2020:09:40:32 +0800] "GET /xingrg/all/function/internal_message.html?_=1585878047734&CODE_STATE=getMsg HTTP/1.1" 200 27
117.185.32.26 - - [03/Apr/2020:09:40:33 +0800] "GET /xingrg/all/function/internal_message.html?_=1585878436448&CODE_STATE=getMsg HTTP/1.1" 200 27
222.69.139.91 - - [03/Apr/2020:09:40:37 +0800] "GET /xingrg/kc/buy/cgsh_order_operate.html?command=get_materiel&rest_code=00149&code=00101004067&supplier_code=00100083&order_time=2020-04-03 HTTP/1.1" 200 413
222.69.139.91 - - [03/Apr/2020:09:40:37 +0800] "GET /xingrg/all/function/internal_message.html?_=1585878030418&CODE_STATE=getMsg HTTP/1.1" 200 27
114.88.159.93 - - [03/Apr/2020:09:40:47 +0800] "GET /xingrg/all/function/internal_message.html?_=1585878015493&CODE_STATE=getMsg HTTP/1.1" 200 27
101.89.29.92 - - [03/Apr/2020:09:40:47 +0800] "GET /xingrg/check_reg.html?_=1585877355465 HTTP/1.1" 302 -
222.69.139.91 - - [03/Apr/2020:09:40:47 +0800] "GET /xingrg/kc/buy/cgsh_order_operate.html?command=get_materiel&rest_code=00149&code=00101004065&supplier_code=00100083&order_time=2020-04-03 HTTP/1.1" 200 413
114.84.33.255 - - [03/Apr/2020:09:40:48 +0800] "GET /xingrg/all/function/internal_message.html?_=1585878054565&CODE_STATE=getMsg HTTP/1.1" 200 27
58.221.95.50 - - [03/Apr/2020:09:40:49 +0800] "GET /xingrg/all/function/internal_message.html?_=1585878405884&CODE_STATE=getMsg HTTP/1.1" 200 27
180.156.150.85 - - [03/Apr/2020:09:40:50 +0800] "GET /xingrg/check_reg.html?_=1585878049712 HTTP/1.1" 200 22
180.156.150.85 - - [03/Apr/2020:09:40:50 +0800] "GET /xingrg/all/function/internal_message.html?_=1585878049713&CODE_STATE=getMsg HTTP/1.1" 200 27
116.235.222.53 - - [03/Apr/2020:09:40:52 +0800] "GET /xingrg/all/function/internal_message.html?_=1585878042395&CODE_STATE=getMsg HTTP/1.1" 200 27
120.253.135.82 - - [03/Apr/2020:09:40:54 +0800] "GET /xingrg/all/function/internal_message.html?_=1585878125783&CODE_STATE=getMsg HTTP/1.1" 200 27
101.89.29.92 - - [03/Apr/2020:09:40:57 +0800] "GET /xingrg/login.html HTTP/1.1" 200 7641
117.131.5.26 - - [03/Apr/2020:09:41:02 +0800] "GET /xingrg/all/function/internal_message.html?_=1585878315586&CODE_STATE=getMsg HTTP/1.1" 200 27
222.69.139.91 - - [03/Apr/2020:09:41:12 +0800] "GET /xingrg/kc/buy/cgsh_order_operate.html?command=get_materiel&rest_code=00149&code=00101004030&supplier_code=00100083&order_time=2020-04-03 HTTP/1.1" 200 408
172.17.0.107 - - [03/Apr/2020:09:41:13 +0800] "GET /xingrg/all/function/internal_message.html?_=1585878073387&CODE_STATE=getMsg HTTP/1.1" 200 27
172.17.0.112 - - [03/Apr/2020:09:41:19 +0800] "GET /xingrg/all/function/internal_message.html?_=1585878094317&CODE_STATE=getMsg HTTP/1.1" 302 -
172.17.0.112 - - [03/Apr/2020:09:41:21 +0800] "GET /xingrg/all/function/internal_message.html?_=1585878096110&CODE_STATE=getMsg HTTP/1.1" 302 -
222.70.183.62 - - [03/Apr/2020:09:41:26 +0800] "GET /xingrg/all/function/internal_message.html?_=1585878083500&CODE_STATE=getMsg HTTP/1.1" 200 27
116.233.78.128 - - [03/Apr/2020:09:41:30 +0800] "GET /xingrg/all/function/internal_message.html?_=1585877982234&CODE_STATE=getMsg HTTP/1.1" 302 -
117.131.5.26 - - [03/Apr/2020:09:41:32 +0800] "GET /xingrg/all/function/internal_message.html?_=1585878107734&CODE_STATE=getMsg HTTP/1.1" 200 27
117.185.32.26 - - [03/Apr/2020:09:41:33 +0800] "GET /xingrg/all/function/internal_message.html?_=1585878496419&CODE_STATE=getMsg HTTP/1.1" 200 27
222.69.139.91 - - [03/Apr/2020:09:41:37 +0800] "GET /xingrg/check_reg.html?_=1585878090402 HTTP/1.1" 200 22
222.69.139.91 - - [03/Apr/2020:09:41:37 +0800] "GET /xingrg/all/function/internal_message.html?_=1585878090408&CODE_STATE=getMsg HTTP/1.1" 200 27
