116.232.54.155 - - [03/Apr/2020:10:35:42 +0800] "GET /xingrg/images/blue/pingpu.png HTTP/1.1" 304 -
116.232.54.155 - - [03/Apr/2020:10:35:42 +0800] "GET /xingrg/javascript/jquery_easy_ui/themes/default/images/tabs_rightarrow.png HTTP/1.1" 304 -
116.232.54.155 - - [03/Apr/2020:10:35:42 +0800] "GET /xingrg/javascript/jquery_easy_ui/themes/default/images/tabs_leftarrow.png HTTP/1.1" 304 -
116.232.54.155 - - [03/Apr/2020:10:35:42 +0800] "GET /xingrg/javascript/jquery_easy_ui/themes/default/images/panel_tool_collapse.gif HTTP/1.1" 304 -
116.232.54.155 - - [03/Apr/2020:10:35:42 +0800] "GET /xingrg/all/function/internal_message.html?_=1585881397625&CODE_STATE=count HTTP/1.1" 200 11
116.232.54.155 - - [03/Apr/2020:10:35:42 +0800] "GET /xingrg/check_reg.html?_=1585881397625 HTTP/1.1" 200 22
116.232.54.155 - - [03/Apr/2020:10:35:42 +0800] "POST /xingrg/load_menu.html HTTP/1.1" 200 5138
116.232.54.155 - - [03/Apr/2020:10:35:42 +0800] "GET /xingrg/javascript/jquery_easy_ui/themes/default/images/tree_arrows.gif HTTP/1.1" 304 -
116.232.54.155 - - [03/Apr/2020:10:35:42 +0800] "GET /xingrg/javascript/jquery_easy_ui/themes/default/images/tree_folder_open.gif HTTP/1.1" 304 -
116.232.54.155 - - [03/Apr/2020:10:35:42 +0800] "GET /xingrg/javascript/jquery_easy_ui/themes/icons/search_new.png HTTP/1.1" 304 -
116.232.54.155 - - [03/Apr/2020:10:35:42 +0800] "GET /xingrg/javascript/jquery_easy_ui/themes/default/images/tree_folder.gif HTTP/1.1" 304 -
116.232.54.155 - - [03/Apr/2020:10:35:42 +0800] "GET /xingrg/javascript/jquery_easy_ui/themes/icons/forms_new.png HTTP/1.1" 304 -
116.232.54.155 - - [03/Apr/2020:10:35:42 +0800] "GET /xingrg/javascript/jquery_easy_ui/themes/icons/storage_new.png HTTP/1.1" 304 -
116.232.54.155 - - [03/Apr/2020:10:35:42 +0800] "GET /xingrg/javascript/jquery_easy_ui/themes/default/images/tree_file.gif HTTP/1.1" 304 -
116.232.54.155 - - [03/Apr/2020:10:35:43 +0800] "GET /xingrg/javascript/jquery_easy_ui/themes/default/images/tabs_close.gif HTTP/1.1" 304 -
116.232.54.155 - - [03/Apr/2020:10:35:43 +0800] "GET /xingrg/kc/base/base_main.html HTTP/1.1" 200 12142
116.232.54.155 - - [03/Apr/2020:10:35:43 +0800] "GET /xingrg/css/blue.css HTTP/1.1" 304 -
116.232.54.155 - - [03/Apr/2020:10:35:43 +0800] "GET /xingrg/javascript/pic_change.js HTTP/1.1" 304 -
116.232.54.155 - - [03/Apr/2020:10:35:43 +0800] "GET /xingrg/javascript/myfunction.js HTTP/1.1" 304 -
116.232.54.155 - - [03/Apr/2020:10:35:43 +0800] "GET /xingrg/images/blue/button/wlsy.gif HTTP/1.1" 304 -
116.232.54.155 - - [03/Apr/2020:10:35:43 +0800] "GET /xingrg/images/blue/button/ckpd.gif HTTP/1.1" 304 -
116.232.54.155 - - [03/Apr/2020:10:35:43 +0800] "GET /xingrg/images/blue/button/kc.gif HTTP/1.1" 304 -
116.232.54.155 - - [03/Apr/2020:10:35:43 +0800] "GET /xingrg/images/blue/button/ckdb.gif HTTP/1.1" 304 -
116.232.54.155 - - [03/Apr/2020:10:35:43 +0800] "GET /xingrg/images/blue/button/yddb.gif HTTP/1.1" 304 -
116.232.54.155 - - [03/Apr/2020:10:35:43 +0800] "GET /xingrg/images/blue/bg_dotted.jpg HTTP/1.1" 304 -
116.232.54.155 - - [03/Apr/2020:10:35:43 +0800] "GET /xingrg/images/blue/pic_form2.gif HTTP/1.1" 304 -
116.232.54.155 - - [03/Apr/2020:10:35:43 +0800] "GET /xingrg/images/blue/button/top_left.jpg HTTP/1.1" 304 -
116.232.54.155 - - [03/Apr/2020:10:35:43 +0800] "GET /xingrg/images/blue/button/top_right.jpg HTTP/1.1" 304 -
116.232.54.155 - - [03/Apr/2020:10:35:43 +0800] "GET /xingrg/images/blue/button/down.jpg HTTP/1.1" 304 -
116.232.54.155 - - [03/Apr/2020:10:35:43 +0800] "GET /xingrg/images/blue/button/left_ah.jpg HTTP/1.1" 304 -
116.232.54.155 - - [03/Apr/2020:10:35:43 +0800] "GET /xingrg/images/blue/button/right_ah.jpg HTTP/1.1" 304 -
116.232.54.155 - - [03/Apr/2020:10:35:43 +0800] "GET /xingrg/images/blue/button/bottom_left.jpg HTTP/1.1" 304 -
116.232.54.155 - - [03/Apr/2020:10:35:43 +0800] "GET /xingrg/images/blue/button/bottom_right.jpg HTTP/1.1" 304 -
172.17.0.115 - - [03/Apr/2020:10:35:44 +0800] "GET /xingrg/system/rest/query_items.html?_=1585881342763&table=menu&page=1&rows=20&categoryId=22&key=%25E9%25B1%25BC%25E5%2598%25B4 HTTP/1.1" 200 21
101.227.139.173 - - [03/Apr/2020:10:35:44 +0800] "GET /xingrg/login.html HTTP/1.1" 200 7641
116.232.54.155 - - [03/Apr/2020:10:35:44 +0800] "GET /xingrg/kc/base/yddb_order_list.html HTTP/1.1" 200 16858
116.232.54.155 - - [03/Apr/2020:10:35:44 +0800] "GET /xingrg/css/base.css HTTP/1.1" 304 -
116.232.54.155 - - [03/Apr/2020:10:35:44 +0800] "GET /xingrg/css/site.css HTTP/1.1" 304 -
116.232.54.155 - - [03/Apr/2020:10:35:44 +0800] "GET /xingrg/javascript/jquery_tools/datebox.css HTTP/1.1" 304 -
116.232.54.155 - - [03/Apr/2020:10:35:44 +0800] "GET /xingrg/javascript/easyui/themes/default/easyui.css HTTP/1.1" 304 -
116.232.54.155 - - [03/Apr/2020:10:35:44 +0800] "GET /xingrg/javascript/auto/jquery.autocomplete.css HTTP/1.1" 304 -
116.232.54.155 - - [03/Apr/2020:10:35:44 +0800] "GET /xingrg/javascript/easyui/themes/icon.css HTTP/1.1" 304 -
116.232.54.155 - - [03/Apr/2020:10:35:44 +0800] "GET /xingrg/javascript/jquery_tools/fix.css HTTP/1.1" 304 -
116.232.54.155 - - [03/Apr/2020:10:35:44 +0800] "GET /xingrg/javascript/jquery_tools/jquery.tools.min.js HTTP/1.1" 304 -
116.232.54.155 - - [03/Apr/2020:10:35:44 +0800] "GET /xingrg/javascript/jquery_tools/table.css HTTP/1.1" 304 -
116.232.54.155 - - [03/Apr/2020:10:35:44 +0800] "GET /xingrg/javascript/jquery_tools/jquery.tools.extend.js HTTP/1.1" 304 -
116.232.54.155 - - [03/Apr/2020:10:35:44 +0800] "GET /xingrg/javascript/jquery_tools/jquery.tools.hotkey.js HTTP/1.1" 304 -
116.232.54.155 - - [03/Apr/2020:10:35:44 +0800] "GET /xingrg/javascript/jquery_tools/list_manager.js HTTP/1.1" 304 -
116.232.54.155 - - [03/Apr/2020:10:35:44 +0800] "GET /xingrg/javascript/jquery_tools/jquery.tools.table.js HTTP/1.1" 304 -
116.232.54.155 - - [03/Apr/2020:10:35:44 +0800] "GET /xingrg/javascript/auto/jquery.autocomplete.js HTTP/1.1" 304 -
116.232.54.155 - - [03/Apr/2020:10:35:44 +0800] "GET /xingrg/javascript/print/LodopFuncs.js HTTP/1.1" 304 -
116.232.54.155 - - [03/Apr/2020:10:35:44 +0800] "GET /xingrg/javascript/easyui/easyloader.js HTTP/1.1" 304 -
116.232.54.155 - - [03/Apr/2020:10:35:44 +0800] "GET /xingrg/javascript/jquery.cookie.js HTTP/1.1" 304 -
172.17.0.115 - - [03/Apr/2020:10:35:45 +0800] "GET /xingrg/system/rest/query_items.html?_=1585881343526&table=menu&page=1&rows=20&categoryId=22&key=%25E9%25B1%25BC%25E5%2598%25B4 HTTP/1.1" 200 21
116.232.54.155 - - [03/Apr/2020:10:35:46 +0800] "GET /xingrg/javascript/easyui/themes/icons/edit_add_new.png HTTP/1.1" 304 -
116.232.54.155 - - [03/Apr/2020:10:35:46 +0800] "GET /xingrg/javascript/easyui/themes/icons/field_new.png HTTP/1.1" 304 -
116.232.54.155 - - [03/Apr/2020:10:35:46 +0800] "GET /xingrg/javascript/easyui/themes/icons/import_new.png HTTP/1.1" 304 -
116.232.54.155 - - [03/Apr/2020:10:35:46 +0800] "GET /xingrg/javascript/easyui/plugins/jquery.parser.js HTTP/1.1" 304 -
116.232.54.155 - - [03/Apr/2020:10:35:46 +0800] "GET /xingrg/images/control/ajaxLoader.gif HTTP/1.1" 304 -
116.232.54.155 - - [03/Apr/2020:10:35:46 +0800] "POST /xingrg/kc/base/yddb_list_operate.html HTTP/1.1" 200 1217
114.88.159.93 - - [03/Apr/2020:10:35:47 +0800] "GET /xingrg/all/function/internal_message.html?_=1585881315600&CODE_STATE=getMsg HTTP/1.1" 200 27
172.17.0.115 - - [03/Apr/2020:10:35:47 +0800] "GET /xingrg/system/rest/query_items.html?_=1585881346290&table=menu&page=1&rows=20&categoryId=22&key=%25E9%2587%2591%25E7%2589%258C%25E8%2592%259C%25E9%25A6%2599%25E9%25AA%25A8 HTTP/1.1" 200 21
172.17.0.115 - - [03/Apr/2020:10:35:48 +0800] "GET /xingrg/all/function/internal_message.html?_=1585881346982&CODE_STATE=getMsg HTTP/1.1" 200 27
180.157.252.250 - - [03/Apr/2020:10:35:48 +0800] "GET /xingrg/system/rest/query_items.html?_=1585881342874&table=menu&page=1&rows=20&categoryId=&key=%25E5%25B0%258F%25E7%2599%25BD HTTP/1.1" 200 1206
58.221.95.50 - - [03/Apr/2020:10:35:49 +0800] "GET /xingrg/all/function/internal_message.html?_=1585881705969&CODE_STATE=getMsg HTTP/1.1" 200 27
116.232.54.155 - - [03/Apr/2020:10:35:49 +0800] "GET /xingrg/javascript/easyui/themes/default/images/button_plain_hover.png HTTP/1.1" 304 -
180.156.150.85 - - [03/Apr/2020:10:35:49 +0800] "GET /xingrg/all/function/internal_message.html?_=1585881349215&CODE_STATE=getMsg HTTP/1.1" 200 27
116.232.54.155 - - [03/Apr/2020:10:35:49 +0800] "GET /xingrg/kc/base/yddb_order_add.html HTTP/1.1" 200 29559
116.232.54.155 - - [03/Apr/2020:10:35:49 +0800] "GET /xingrg/dwr/util.js HTTP/1.1" 304 -
116.232.54.155 - - [03/Apr/2020:10:35:49 +0800] "GET /xingrg/javascript/Calendar.js HTTP/1.1" 304 -
116.232.54.155 - - [03/Apr/2020:10:35:49 +0800] "GET /xingrg/dwr/interface/AjaxYddbService.js HTTP/1.1" 200 13201
116.232.54.155 - - [03/Apr/2020:10:35:49 +0800] "GET /xingrg/javascript/checkform.js HTTP/1.1" 304 -
116.232.54.155 - - [03/Apr/2020:10:35:49 +0800] "GET /xingrg/dwr/interface/AjaxComOrderService.js HTTP/1.1" 200 18264
116.232.54.155 - - [03/Apr/2020:10:35:49 +0800] "GET /xingrg/javascript/Grid.js HTTP/1.1" 304 -
116.232.54.155 - - [03/Apr/2020:10:35:49 +0800] "GET /xingrg/javascript/AjaxInfoList.js HTTP/1.1" 304 -
116.232.54.155 - - [03/Apr/2020:10:35:49 +0800] "GET /xingrg/javascript/ToolTips.js HTTP/1.1" 304 -
116.232.54.155 - - [03/Apr/2020:10:35:49 +0800] "GET /xingrg/dwr/engine.js HTTP/1.1" 200 43631
172.17.0.115 - - [03/Apr/2020:10:35:49 +0800] "GET /xingrg/system/rest/query_items.html?_=1585881348442&table=menu&page=1&rows=20&categoryId=22&key=%25E9%25AA%25A8 HTTP/1.1" 200 1298
116.232.54.155 - - [03/Apr/2020:10:35:49 +0800] "GET /xingrg/javascript/jquery_easy_ui/themes/icons/edit_add_new.png HTTP/1.1" 304 -
116.232.54.155 - - [03/Apr/2020:10:35:50 +0800] "GET /xingrg/javascript/jquery_easy_ui/themes/icons/check_new.png HTTP/1.1" 304 -
116.232.54.155 - - [03/Apr/2020:10:35:50 +0800] "GET /xingrg/javascript/jquery_easy_ui/themes/icons/print.png HTTP/1.1" 304 -
116.232.54.155 - - [03/Apr/2020:10:35:50 +0800] "GET /xingrg/javascript/jquery_easy_ui/themes/default/images/menu_downarrow.png HTTP/1.1" 304 -
116.232.54.155 - - [03/Apr/2020:10:35:50 +0800] "GET /xingrg/javascript/jquery_easy_ui/themes/icons/cance_new.png HTTP/1.1" 304 -
116.232.54.155 - - [03/Apr/2020:10:35:50 +0800] "GET /xingrg/javascript/jquery_easy_ui/themes/icons/back_new.png HTTP/1.1" 304 -
180.156.150.85 - - [03/Apr/2020:10:35:50 +0800] "GET /xingrg/check_reg.html?_=1585881349780 HTTP/1.1" 200 22
180.157.252.250 - - [03/Apr/2020:10:35:50 +0800] "GET /xingrg/system/rest/query_items.html?_=1585881344321&table=menu&page=1&rows=20&categoryId=&key=%25E5%25B0%258F%25E7%2599%25BD HTTP/1.1" 200 1206
116.232.54.155 - - [03/Apr/2020:10:35:50 +0800] "GET /xingrg/images/blue/button/kc_tab_add.gif HTTP/1.1" 304 -
116.232.54.155 - - [03/Apr/2020:10:35:50 +0800] "GET /xingrg/images/blue/button/kc_tab_edit.gif HTTP/1.1" 304 -
116.232.54.155 - - [03/Apr/2020:10:35:50 +0800] "GET /xingrg/images/blue/button/kc_tab_save.gif HTTP/1.1" 304 -
116.232.54.155 - - [03/Apr/2020:10:35:50 +0800] "GET /xingrg/images/blue/button/kc_tab_del.gif HTTP/1.1" 304 -
116.232.54.155 - - [03/Apr/2020:10:35:50 +0800] "GET /xingrg/images/blue/kc_tab_right.gif HTTP/1.1" 304 -
116.232.54.155 - - [03/Apr/2020:10:35:50 +0800] "GET /xingrg/images/blue/kc_tab_left.gif HTTP/1.1" 304 -
116.232.54.155 - - [03/Apr/2020:10:35:50 +0800] "GET /xingrg/images/blue/kc_tab_mid.gif HTTP/1.1" 304 -
116.232.54.155 - - [03/Apr/2020:10:35:50 +0800] "GET /xingrg/images/blue/kc_tab2_left.gif HTTP/1.1" 304 -
116.232.54.155 - - [03/Apr/2020:10:35:50 +0800] "GET /xingrg/images/blue/kc_tab2_right.gif HTTP/1.1" 304 -
114.84.33.255 - - [03/Apr/2020:10:35:50 +0800] "GET /xingrg/all/function/internal_message.html?_=1585881356732&CODE_STATE=getMsg HTTP/1.1" 200 27
180.157.252.250 - - [03/Apr/2020:10:35:50 +0800] "GET /xingrg/system/rest/get_item.html?table=menu&id=1931&_=1585881344731 HTTP/1.1" 200 939
180.157.252.250 - - [03/Apr/2020:10:35:50 +0800] "GET /xingrg/system/rest/get_item.html?table=menu&target=menu_rest&id=1931&_=1585881344750 HTTP/1.1" 200 853
180.157.252.250 - - [03/Apr/2020:10:35:50 +0800] "GET /xingrg/system/rest/get_item.html?table=menu&target=cook_mode&id=1931&_=1585881344750 HTTP/1.1" 200 17346
172.17.1.5 - - [03/Apr/2020:10:35:50 +0800] "POST /xingrg/kc/buy/cgsh_list_operate.html HTTP/1.1" 200 5227
180.157.252.250 - - [03/Apr/2020:10:35:51 +0800] "GET /xingrg/system/rest/get_infos.html?command=menu_img_show&id=1931 HTTP/1.1" 200 5
116.232.54.155 - - [03/Apr/2020:10:35:51 +0800] "GET /xingrg/javascript/jquery_easy_ui/themes/default/images/button_plain_hover.png HTTP/1.1" 304 -
172.17.0.115 - - [03/Apr/2020:10:35:52 +0800] "GET /xingrg/system/rest/query_items.html?_=1585881350799&table=menu&page=1&rows=20&categoryId=22&key=%25E9%25AA%25A8 HTTP/1.1" 200 1298
180.157.252.250 - - [03/Apr/2020:10:35:52 +0800] "GET /xingrg/system/rest/get_item.html?table=menu&target=menu_rest_detail&id=1931&sid=14&_=1585881346638 HTTP/1.1" 200 436
116.235.222.53 - - [03/Apr/2020:10:35:52 +0800] "GET /xingrg/all/function/internal_message.html?_=1585881342278&CODE_STATE=getMsg HTTP/1.1" 200 27
116.232.54.155 - - [03/Apr/2020:10:35:54 +0800] "GET /xingrg/images/blue/wait.gif HTTP/1.1" 304 -
116.232.54.155 - - [03/Apr/2020:10:35:54 +0800] "POST /xingrg/dwr/call/plaincall/AjaxYddbService.getRestBases.dwr HTTP/1.1" 200 914
172.17.0.115 - - [03/Apr/2020:10:35:55 +0800] "GET /xingrg/system/rest/query_items.html?_=1585881353577&table=menu&page=1&rows=20&categoryId=22&key=%25E7%259F%25B3%25E7%25AA%259D%25E6%2589%258B%25E6%2592%2595%25E8%25B1%2586%25E8%2585%2590 HTTP/1.1" 200 21
120.253.135.82 - - [03/Apr/2020:10:35:55 +0800] "GET /xingrg/all/function/internal_message.html?_=1585881426561&CODE_STATE=getMsg HTTP/1.1" 200 27
172.17.1.5 - - [03/Apr/2020:10:35:56 +0800] "POST /xingrg/kc/buy/cgsh_list_operate.html HTTP/1.1" 200 6895
117.185.32.26 - - [03/Apr/2020:10:35:56 +0800] "GET /xingrg/kc/buy/cgsh_order_operate.html?command=get_materiel&rest_code=00106&code=00101016017&supplier_code=00100032&order_time=2020-04-03 HTTP/1.1" 200 408
172.17.0.115 - - [03/Apr/2020:10:35:57 +0800] "GET /xingrg/system/rest/query_items.html?_=1585881355505&table=menu&page=1&rows=20&categoryId=22&key=%25E8%25B1%2586%25E8%2585%2590 HTTP/1.1" 200 779
172.17.0.115 - - [03/Apr/2020:10:35:58 +0800] "GET /xingrg/system/rest/query_items.html?_=1585881356631&table=menu&page=1&rows=20&categoryId=22&key=%25E8%25B1%2586%25E8%2585%2590 HTTP/1.1" 200 779
180.157.252.250 - - [03/Apr/2020:10:35:58 +0800] "POST /xingrg/system/rest/edit_item.html HTTP/1.1" 200 4
180.157.252.250 - - [03/Apr/2020:10:35:58 +0800] "GET /xingrg/system/rest/get_item.html?table=menu&target=menu_rest&id=1931&_=1585881352740 HTTP/1.1" 200 853
172.17.1.5 - - [03/Apr/2020:10:35:58 +0800] "POST /xingrg/kc/buy/cgsh_list_operate.html HTTP/1.1" 200 570
101.89.29.94 - - [03/Apr/2020:10:35:59 +0800] "GET /xingrg/all/function/internal_message.html?_=1585880655569&CODE_STATE=getMsg HTTP/1.1" 302 -
180.157.252.250 - - [03/Apr/2020:10:36:04 +0800] "GET /xingrg/system/rest/query_items.html?_=1585881359160&table=menu&page=1&rows=20&categoryId=&key=%25E5%25B8%25A6%25E9%25B1%25BC HTTP/1.1" 200 2595
101.89.29.94 - - [03/Apr/2020:10:36:06 +0800] "GET /xingrg/login.html HTTP/1.1" 200 7641
117.131.5.26 - - [03/Apr/2020:10:36:06 +0800] "GET /xingrg/all/function/internal_message.html?_=1585881619284&CODE_STATE=getMsg HTTP/1.1" 200 27
116.232.54.155 - - [03/Apr/2020:10:36:06 +0800] "POST /xingrg/dwr/call/plaincall/AjaxYddbService.saveOrder.dwr HTTP/1.1" 200 78
180.157.252.250 - - [03/Apr/2020:10:36:06 +0800] "GET /xingrg/system/rest/query_items.html?_=1585881361172&table=menu&page=1&rows=20&categoryId=&key=%25E5%25B8%25A6%25E9%25B1%25BC HTTP/1.1" 200 2595
180.157.252.250 - - [03/Apr/2020:10:36:08 +0800] "GET /xingrg/system/rest/get_item.html?table=menu&id=1932&_=1585881363055 HTTP/1.1" 200 938
180.157.252.250 - - [03/Apr/2020:10:36:08 +0800] "GET /xingrg/system/rest/get_item.html?table=menu&target=menu_rest&id=1932&_=1585881363075 HTTP/1.1" 200 756
180.157.252.250 - - [03/Apr/2020:10:36:08 +0800] "GET /xingrg/system/rest/get_item.html?table=menu&target=cook_mode&id=1932&_=1585881363073 HTTP/1.1" 200 14725
180.157.252.250 - - [03/Apr/2020:10:36:09 +0800] "GET /xingrg/system/rest/get_infos.html?command=menu_img_show&id=1932 HTTP/1.1" 200 5
116.232.54.155 - - [03/Apr/2020:10:36:09 +0800] "POST /xingrg/dwr/call/plaincall/AjaxComOrderService.getMaterielSearchList.dwr HTTP/1.1" 200 24164
116.232.54.155 - - [03/Apr/2020:10:36:10 +0800] "POST /xingrg/dwr/call/plaincall/AjaxComOrderService.getMaterielSearchList.dwr HTTP/1.1" 200 2268
116.232.54.155 - - [03/Apr/2020:10:36:11 +0800] "POST /xingrg/dwr/call/plaincall/AjaxComOrderService.getMaterielSearchList.dwr HTTP/1.1" 200 312
180.157.252.250 - - [03/Apr/2020:10:36:11 +0800] "GET /xingrg/system/rest/get_item.html?table=menu&target=menu_rest_detail&id=1932&sid=14&_=1585881365625 HTTP/1.1" 200 426
116.232.54.155 - - [03/Apr/2020:10:36:12 +0800] "POST /xingrg/dwr/call/plaincall/AjaxYddbService.getMaterielByMap.dwr HTTP/1.1" 200 2551
172.17.0.107 - - [03/Apr/2020:10:36:12 +0800] "GET /xingrg/all/function/internal_message.html?_=1585881372012&CODE_STATE=getMsg HTTP/1.1" 200 27
172.17.1.5 - - [03/Apr/2020:10:36:13 +0800] "POST /xingrg/kc/buy/cgsh_list_operate.html HTTP/1.1" 200 350
172.17.1.5 - - [03/Apr/2020:10:36:14 +0800] "POST /xingrg/kc/buy/cgsh_list_operate.html HTTP/1.1" 200 425
172.17.1.5 - - [03/Apr/2020:10:36:15 +0800] "POST /xingrg/kc/buy/cgsh_list_operate.html HTTP/1.1" 200 285
116.232.54.155 - - [03/Apr/2020:10:36:15 +0800] "POST /xingrg/dwr/call/plaincall/AjaxYddbService.saveMaterielItem.dwr HTTP/1.1" 200 78
180.157.252.250 - - [03/Apr/2020:10:36:16 +0800] "POST /xingrg/system/rest/edit_item.html HTTP/1.1" 200 4
180.157.252.250 - - [03/Apr/2020:10:36:16 +0800] "GET /xingrg/system/rest/get_item.html?table=menu&target=menu_rest&id=1932&_=1585881370409 HTTP/1.1" 200 756
172.17.1.5 - - [03/Apr/2020:10:36:16 +0800] "POST /xingrg/kc/buy/cgsh_list_operate.html HTTP/1.1" 200 273
117.185.32.26 - - [03/Apr/2020:10:36:17 +0800] "GET /xingrg/kc/buy/cgsh_order_operate.html?command=get_materiel&rest_code=00106&code=00101012051&supplier_code=00100032&order_time=2020-04-03 HTTP/1.1" 200 408
172.17.1.5 - - [03/Apr/2020:10:36:18 +0800] "POST /xingrg/kc/buy/cgsh_list_operate.html HTTP/1.1" 200 284
116.232.54.155 - - [03/Apr/2020:10:36:19 +0800] "GET /xingrg/images/yd/bt.gif HTTP/1.1" 404 1040
172.17.0.112 - - [03/Apr/2020:10:36:21 +0800] "GET /xingrg/all/function/internal_message.html?_=1585881395665&CODE_STATE=getMsg HTTP/1.1" 302 -
172.17.0.112 - - [03/Apr/2020:10:36:22 +0800] "GET /xingrg/all/function/internal_message.html?_=1585881397325&CODE_STATE=getMsg HTTP/1.1" 302 -
172.17.1.5 - - [03/Apr/2020:10:36:24 +0800] "POST /xingrg/kc/buy/cgsh_list_operate.html HTTP/1.1" 200 344
172.17.0.115 - - [03/Apr/2020:10:36:25 +0800] "GET /xingrg/system/rest/query_items.html?_=1585881384272&table=menu&page=1&rows=20&categoryId=22&key=%25E6%259D%25AD%25E6%25A4%2592%25E7%2589%259B%25E6%259F%25B3 HTTP/1.1" 200 21
180.162.232.172 - - [03/Apr/2020:10:36:26 +0800] "GET /xingrg/check_reg.html?_=1585881511572 HTTP/1.1" 200 22
180.162.232.172 - - [03/Apr/2020:10:36:26 +0800] "GET /xingrg/all/function/internal_message.html?_=1585881511920&CODE_STATE=getMsg HTTP/1.1" 200 27
116.232.54.155 - - [03/Apr/2020:10:36:26 +0800] "POST /xingrg/dwr/call/plaincall/AjaxYddbService.checkOrder.dwr HTTP/1.1" 200 78
172.17.0.115 - - [03/Apr/2020:10:36:27 +0800] "GET /xingrg/system/rest/query_items.html?_=1585881385838&table=menu&page=1&rows=20&categoryId=22&key=%25E7%2589%259B%25E6%259F%25B3 HTTP/1.1" 200 21
116.232.54.155 - - [03/Apr/2020:10:36:27 +0800] "GET /xingrg/kc/base/yddb_order_info.html?code=482020040300008 HTTP/1.1" 200 29142
116.232.54.155 - - [03/Apr/2020:10:36:27 +0800] "GET /xingrg/dwr/interface/AjaxComOrderService.js HTTP/1.1" 200 18264
116.232.54.155 - - [03/Apr/2020:10:36:27 +0800] "GET /xingrg/dwr/interface/AjaxYddbService.js HTTP/1.1" 200 13201
116.232.54.155 - - [03/Apr/2020:10:36:27 +0800] "GET /xingrg/dwr/engine.js HTTP/1.1" 200 43631
116.232.54.155 - - [03/Apr/2020:10:36:27 +0800] "POST /xingrg/dwr/call/plaincall/AjaxYddbService.loadMaterielItems.dwr HTTP/1.1" 200 456
172.17.0.115 - - [03/Apr/2020:10:36:28 +0800] "GET /xingrg/system/rest/query_items.html?_=1585881386582&table=menu&page=1&rows=20&categoryId=22&key=%25E7%2589%259B%25E6%259F%25B3 HTTP/1.1" 200 21
172.17.1.5 - - [03/Apr/2020:10:36:29 +0800] "POST /xingrg/kc/buy/cgsh_list_operate.html HTTP/1.1" 200 283
222.70.183.62 - - [03/Apr/2020:10:36:29 +0800] "GET /xingrg/all/function/internal_message.html?_=1585881386986&CODE_STATE=getMsg HTTP/1.1" 200 27
116.232.54.155 - - [03/Apr/2020:10:36:30 +0800] "GET /xingrg/kc/base/yddb_order_report.html?fileType=servlets/xls&code=482020040300008&reportName=ck_order_report&subName=yddb HTTP/1.1" 302 -
116.232.54.155 - - [03/Apr/2020:10:36:30 +0800] "GET /xingrg/servlets/xls?sysBaseUrl=http%3A%2F%2F180.169.147.146%3A18081%2Fxingrg%2F&costTime=72×tamp=1585881390240 HTTP/1.1" 200 6157
172.17.0.115 - - [03/Apr/2020:10:36:31 +0800] "GET /xingrg/system/rest/query_items.html?_=1585881389634&table=menu&page=1&rows=20&categoryId=22&key=%25E8%259C%259C%25E6%25B1%2581%25E9%25A6%2599%25E8%258A%258B HTTP/1.1" 200 21
117.131.5.26 - - [03/Apr/2020:10:36:32 +0800] "GET /xingrg/all/function/internal_message.html?_=1585881407921&CODE_STATE=getMsg HTTP/1.1" 200 27
172.17.0.115 - - [03/Apr/2020:10:36:32 +0800] "GET /xingrg/system/rest/query_items.html?_=1585881391137&table=menu&page=1&rows=20&categoryId=22&key=%25E9%25A6%2599%25E8%258A%258B HTTP/1.1" 200 21
172.17.0.115 - - [03/Apr/2020:10:36:33 +0800] "GET /xingrg/system/rest/query_items.html?_=1585881392124&table=menu&page=1&rows=20&categoryId=22&key=%25E9%25A6%2599 HTTP/1.1" 200 1764
117.185.32.26 - - [03/Apr/2020:10:36:34 +0800] "GET /xingrg/all/function/internal_message.html?_=1585881796671&CODE_STATE=getMsg HTTP/1.1" 200 27
172.17.0.115 - - [03/Apr/2020:10:36:35 +0800] "GET /xingrg/system/rest/query_items.html?_=1585881393794&table=menu&page=1&rows=20&categoryId=22&key=%25E9%25A6%2599 HTTP/1.1" 200 1764
222.69.139.91 - - [03/Apr/2020:10:36:37 +0800] "GET /xingrg/all/function/internal_message.html?_=1585881390488&CODE_STATE=getMsg HTTP/1.1" 200 27
222.69.139.91 - - [03/Apr/2020:10:36:37 +0800] "GET /xingrg/check_reg.html?_=1585881390493 HTTP/1.1" 200 22
172.17.0.115 - - [03/Apr/2020:10:36:38 +0800] "GET /xingrg/system/rest/query_items.html?_=1585881396829&table=menu&page=1&rows=20&categoryId=22&key=%25E6%25B9%2598%25E8%25A5%25BF%25E5%25B0%258F%25E7%2582%2592%25E8%2582%2589 HTTP/1.1" 200 21
180.157.252.250 - - [03/Apr/2020:10:36:38 +0800] "GET /xingrg/all/function/internal_message.html?_=1585881392919&CODE_STATE=getMsg HTTP/1.1" 200 27
180.157.252.250 - - [03/Apr/2020:10:36:38 +0800] "POST /xingrg/services/DataTransmitService HTTP/1.1" 200 524
180.157.252.250 - - [03/Apr/2020:10:36:39 +0800] "POST /xingrg/services/DataTransmitService HTTP/1.1" 200 1999
180.157.252.250 - - [03/Apr/2020:10:36:39 +0800] "POST /xingrg/services/DataTransmitService HTTP/1.1" 200 2299
180.157.252.250 - - [03/Apr/2020:10:36:39 +0800] "POST /xingrg/services/DataTransmitService HTTP/1.1" 200 1447
172.17.0.115 - - [03/Apr/2020:10:36:39 +0800] "GET /xingrg/system/rest/query_items.html?_=1585881398257&table=menu&page=1&rows=20&categoryId=22&key=%25E5%25B0%258F%25E7%2582%2592%25E8%2582%2589 HTTP/1.1" 200 531
180.157.252.250 - - [03/Apr/2020:10:36:39 +0800] "POST /xingrg/services/DataTransmitService HTTP/1.1" 200 139522
116.232.54.155 - - [03/Apr/2020:10:36:40 +0800] "GET /xingrg/all/function/internal_message.html?_=1585881457625&CODE_STATE=getMsg HTTP/1.1" 200 27
172.17.0.115 - - [03/Apr/2020:10:36:41 +0800] "GET /xingrg/system/rest/query_items.html?_=1585881399907&table=menu&page=1&rows=20&categoryId=22&key=%25E5%25B0%258F%25E7%2582%2592%25E8%2582%2589 HTTP/1.1" 200 531
117.185.32.26 - - [03/Apr/2020:10:36:44 +0800] "GET /xingrg/kc/buy/cgsh_order_operate.html?command=get_materiel&rest_code=00106&code=00101012005&supplier_code=00100032&order_time=2020-04-03 HTTP/1.1" 200 412
172.17.0.115 - - [03/Apr/2020:10:36:45 +0800] "GET /xingrg/system/rest/query_items.html?_=1585881403787&table=menu&page=1&rows=20&categoryId=22&key=%25E5%25B0%258F%25E7%2582%2592%25E8%2582%2589 HTTP/1.1" 200 531
114.88.159.93 - - [03/Apr/2020:10:36:47 +0800] "GET /xingrg/all/function/internal_message.html?_=1585881375598&CODE_STATE=getMsg HTTP/1.1" 200 27
172.17.0.115 - - [03/Apr/2020:10:36:48 +0800] "GET /xingrg/all/function/internal_message.html?_=1585881406994&CODE_STATE=getMsg HTTP/1.1" 200 27
172.17.1.5 - - [03/Apr/2020:10:36:48 +0800] "POST /xingrg/kc/buy/cgsh_list_operate.html HTTP/1.1" 200 201
58.221.95.50 - - [03/Apr/2020:10:36:49 +0800] "GET /xingrg/all/function/internal_message.html?_=1585881765978&CODE_STATE=getMsg HTTP/1.1" 200 27
180.156.150.85 - - [03/Apr/2020:10:36:49 +0800] "GET /xingrg/all/function/internal_message.html?_=1585881409186&CODE_STATE=getMsg HTTP/1.1" 200 27
114.84.33.255 - - [03/Apr/2020:10:36:50 +0800] "GET /xingrg/all/function/internal_message.html?_=1585881416844&CODE_STATE=getMsg HTTP/1.1" 200 27
116.235.222.53 - - [03/Apr/2020:10:36:52 +0800] "GET /xingrg/check_reg.html?_=1585881402262 HTTP/1.1" 200 22
116.235.222.53 - - [03/Apr/2020:10:36:52 +0800] "GET /xingrg/all/function/internal_message.html?_=1585881402282&CODE_STATE=getMsg HTTP/1.1" 200 27
172.17.0.115 - - [03/Apr/2020:10:36:53 +0800] "GET /xingrg/system/rest/query_items.html?_=1585881412100&table=menu&page=1&rows=20&categoryId=22&key=%25E6%25B5%2593%25E6%25B1%25A4%25E9%2587%258E%25E5%25B1%25B1%25E7%25AC%258B HTTP/1.1" 200 21
172.17.0.115 - - [03/Apr/2020:10:36:55 +0800] "GET /xingrg/system/rest/query_items.html?_=1585881413584&table=menu&page=1&rows=20&categoryId=22&key=%25E9%2587%258E%25E5%25B1%25B1%25E7%25AC%258B HTTP/1.1" 200 21
120.253.135.82 - - [03/Apr/2020:10:36:55 +0800] "GET /xingrg/all/function/internal_message.html?_=1585881486586&CODE_STATE=getMsg HTTP/1.1" 200 27
172.17.0.115 - - [03/Apr/2020:10:36:56 +0800] "GET /xingrg/system/rest/query_items.html?_=1585881414882&table=menu&page=1&rows=20&categoryId=22&key=%25E9%2587%258E%25E5%25B1%25B1 HTTP/1.1" 200 21
172.17.0.115 - - [03/Apr/2020:10:36:57 +0800] "GET /xingrg/system/rest/query_items.html?_=1585881415832&table=menu&page=1&rows=20&categoryId=22&key=%25E9%2587%258E%25E5%25B1%25B1 HTTP/1.1" 200 21
117.185.32.26 - - [03/Apr/2020:10:36:58 +0800] "POST /xingrg/kc/buy/cgsh_order_operate.html HTTP/1.1" 200 37
61.151.178.174 - - [03/Apr/2020:10:36:58 +0800] "GET /xingrg/all/function/internal_message.html?_=1585880715568&CODE_STATE=getMsg HTTP/1.1" 302 -
117.185.32.26 - - [03/Apr/2020:10:36:58 +0800] "POST /xingrg/kc/buy/cgsh_order_operate.html HTTP/1.1" 200 3829
172.17.0.115 - - [03/Apr/2020:10:37:00 +0800] "GET /xingrg/system/rest/query_items.html?_=1585881418756&table=menu&page=1&rows=20&categoryId=22&key=%25E5%259B%259E%25E5%2591%25B3%25E9%2585%25B8%25E8%258F%259C%25E9%25B1%25BC HTTP/1.1" 200 21
117.185.32.26 - - [03/Apr/2020:10:37:01 +0800] "GET /xingrg/kc/buy/cgsh_order_add.html HTTP/1.1" 200 57913
117.185.32.26 - - [03/Apr/2020:10:37:01 +0800] "POST /xingrg/kc/buy/cgsh_order_operate.html HTTP/1.1" 200 8245
117.185.32.26 - - [03/Apr/2020:10:37:02 +0800] "GET /xingrg/javascript/easyui/themes/default/validatebox.css HTTP/1.1" 404 1104
172.17.1.5 - - [03/Apr/2020:10:37:03 +0800] "GET /xingrg/kc/base/base_main.html HTTP/1.1" 200 12132
172.17.0.115 - - [03/Apr/2020:10:37:03 +0800] "GET /xingrg/system/rest/query_items.html?_=1585881422036&table=menu&page=1&rows=20&categoryId=22&key=%25E5%259B%259E%25E5%2591%25B3 HTTP/1.1" 200 510
117.185.32.26 - - [03/Apr/2020:10:37:03 +0800] "GET /xingrg/javascript/easyui/themes/default/tree.css HTTP/1.1" 404 1090
172.17.1.5 - - [03/Apr/2020:10:37:03 +0800] "GET /xingrg/kc/base/yddb_order_list.html HTTP/1.1" 200 16844
117.185.32.26 - - [03/Apr/2020:10:37:03 +0800] "POST /xingrg/all/common/load_tree.html?tree=supplier_tree_json&isDelete=1 HTTP/1.1" 200 47028
172.17.1.5 - - [03/Apr/2020:10:37:04 +0800] "POST /xingrg/kc/base/yddb_list_operate.html HTTP/1.1" 200 1217
172.17.0.115 - - [03/Apr/2020:10:37:04 +0800] "GET /xingrg/system/rest/query_items.html?_=1585881422950&table=menu&page=1&rows=20&categoryId=22&key=%25E5%259B%259E%25E5%2591%25B3 HTTP/1.1" 200 510
61.151.178.174 - - [03/Apr/2020:10:37:04 +0800] "GET /xingrg/login.html HTTP/1.1" 200 7641
172.17.1.5 - - [03/Apr/2020:10:37:05 +0800] "POST /xingrg/kc/base/yddb_list_operate.html HTTP/1.1" 200 12933
117.131.5.26 - - [03/Apr/2020:10:37:06 +0800] "GET /xingrg/all/function/internal_message.html?_=1585881679291&CODE_STATE=getMsg HTTP/1.1" 200 27
172.17.1.5 - - [03/Apr/2020:10:37:06 +0800] "POST /xingrg/kc/base/yddb_list_operate.html HTTP/1.1" 200 217
172.17.1.5 - - [03/Apr/2020:10:37:06 +0800] "GET /xingrg/kc/base/yddb_order_info.html?code=482020040300008 HTTP/1.1" 200 30886
172.17.1.5 - - [03/Apr/2020:10:37:06 +0800] "GET /xingrg/dwr/interface/AjaxYddbService.js HTTP/1.1" 200 13201
172.17.1.5 - - [03/Apr/2020:10:37:06 +0800] "GET /xingrg/dwr/interface/AjaxComOrderService.js HTTP/1.1" 200 18264
172.17.1.5 - - [03/Apr/2020:10:37:06 +0800] "GET /xingrg/dwr/util.js HTTP/1.1" 304 -
172.17.1.5 - - [03/Apr/2020:10:37:06 +0800] "GET /xingrg/dwr/engine.js HTTP/1.1" 200 43631
172.17.1.5 - - [03/Apr/2020:10:37:06 +0800] "POST /xingrg/dwr/call/plaincall/AjaxYddbService.loadMaterielItems.dwr HTTP/1.1" 200 456
172.17.0.115 - - [03/Apr/2020:10:37:07 +0800] "GET /xingrg/system/rest/query_items.html?_=1585881426301&table=menu&page=1&rows=20&categoryId=22&key=%25E6%25A4%2592%25E9%25BA%25BB%25E5%25B7%259D%25E9%25A6%2599%25E6%25BE%25B3%25E8%2588%258C HTTP/1.1" 200 21
172.17.0.115 - - [03/Apr/2020:10:37:09 +0800] "GET /xingrg/system/rest/query_items.html?_=1585881427840&table=menu&page=1&rows=20&categoryId=22&key=%25E6%25A4%2592%25E9%25BA%25BB%25E5%25B7%259D%25E9%25A6%2599%25E6%25BE%25B3%25E8%2588%258C HTTP/1.1" 200 21
172.17.1.5 - - [03/Apr/2020:10:37:10 +0800] "POST /xingrg/dwr/call/plaincall/AjaxYddbService.saveOrder.dwr HTTP/1.1" 200 78
172.17.0.115 - - [03/Apr/2020:10:37:12 +0800] "GET /xingrg/system/rest/query_items.html?_=1585881430571&table=menu&page=1&rows=20&categoryId=22&key=%25E6%25B0%25B4%25E6%2599%25B6%25E8%2599%25BE%25E4%25BB%2581 HTTP/1.1" 200 282
172.17.0.107 - - [03/Apr/2020:10:37:12 +0800] "GET /xingrg/all/function/internal_message.html?_=1585881431982&CODE_STATE=getMsg HTTP/1.1" 200 27
172.17.1.5 - - [03/Apr/2020:10:37:12 +0800] "POST /xingrg/dwr/call/plaincall/AjaxYddbService.objCheckOrder.dwr HTTP/1.1" 200 78
172.17.1.5 - - [03/Apr/2020:10:37:12 +0800] "GET /xingrg/kc/base/yddb_order_info.html?code=482020040300008 HTTP/1.1" 200 31002
172.17.1.5 - - [03/Apr/2020:10:37:12 +0800] "GET /xingrg/dwr/interface/AjaxComOrderService.js HTTP/1.1" 200 18264
172.17.1.5 - - [03/Apr/2020:10:37:12 +0800] "GET /xingrg/dwr/interface/AjaxYddbService.js HTTP/1.1" 200 13201
172.17.1.5 - - [03/Apr/2020:10:37:12 +0800] "GET /xingrg/dwr/engine.js HTTP/1.1" 200 43631
180.157.252.250 - - [03/Apr/2020:10:37:12 +0800] "POST /xingrg/services/DataTransmitService HTTP/1.1" 200 524
180.157.252.250 - - [03/Apr/2020:10:37:13 +0800] "POST /xingrg/services/DataTransmitService HTTP/1.1" 200 1999
172.17.1.5 - - [03/Apr/2020:10:37:13 +0800] "POST /xingrg/dwr/call/plaincall/AjaxYddbService.loadMaterielItems.dwr HTTP/1.1" 200 456
180.157.252.250 - - [03/Apr/2020:10:37:14 +0800] "POST /xingrg/services/DataTransmitService HTTP/1.1" 200 524
180.157.252.250 - - [03/Apr/2020:10:37:14 +0800] "POST /xingrg/services/DataTransmitService HTTP/1.1" 200 1999
172.17.1.5 - - [03/Apr/2020:10:37:14 +0800] "GET /xingrg/kc/base/yddb_order_list.html?isBack=1 HTTP/1.1" 200 16844
172.17.1.5 - - [03/Apr/2020:10:37:14 +0800] "POST /xingrg/kc/base/yddb_list_operate.html HTTP/1.1" 200 1217
172.17.0.115 - - [03/Apr/2020:10:37:14 +0800] "GET /xingrg/system/rest/query_items.html?_=1585881433292&table=menu&page=1&rows=20&categoryId=22&key=%25E8%2599%25BE%25E4%25BB%2581 HTTP/1.1" 200 533
172.17.0.115 - - [03/Apr/2020:10:37:16 +0800] "GET /xingrg/system/rest/query_items.html?_=1585881434654&table=menu&page=1&rows=20&categoryId=22&key=%25E8%2599%25BE%25E4%25BB%2581 HTTP/1.1" 200 533
172.17.1.5 - - [03/Apr/2020:10:37:20 +0800] "GET /xingrg/kc/base/base_main.html HTTP/1.1" 200 12132
172.17.0.112 - - [03/Apr/2020:10:37:21 +0800] "GET /xingrg/all/function/internal_message.html?_=1585881455685&CODE_STATE=getMsg HTTP/1.1" 302 -
172.17.1.5 - - [03/Apr/2020:10:37:21 +0800] "GET /xingrg/kc/base/wldb_order_list.html HTTP/1.1" 200 19238
172.17.1.5 - - [03/Apr/2020:10:37:22 +0800] "POST /xingrg/kc/base/wldb_list_operate.html HTTP/1.1" 200 928
172.17.0.112 - - [03/Apr/2020:10:37:22 +0800] "GET /xingrg/all/function/internal_message.html?_=1585881457339&CODE_STATE=getMsg HTTP/1.1" 302 -
222.70.183.62 - - [03/Apr/2020:10:37:23 +0800] "GET /xingrg/check_reg.html?_=1585881440725 HTTP/1.1" 200 22
172.17.1.5 - - [03/Apr/2020:10:37:24 +0800] "GET /xingrg/kc/mdqp/qp_main.html HTTP/1.1" 200 10613
172.17.1.5 - - [03/Apr/2020:10:37:24 +0800] "GET /xingrg/images/yd/bt.gif HTTP/1.1" 404 1040
117.185.32.26 - - [03/Apr/2020:10:37:25 +0800] "GET /xingrg/kc/buy/cgsh_order_operate.html?command=get_materiel&rest_code=00106&code=00101006123&supplier_code=00100015&order_time=2020-04-03 HTTP/1.1" 200 411
172.17.1.5 - - [03/Apr/2020:10:37:26 +0800] "GET /xingrg/kc/mdqp/pssh_order_list.html HTTP/1.1" 200 17563
172.17.1.5 - - [03/Apr/2020:10:37:26 +0800] "POST /xingrg/kc/mdqp/pssh_list_operate.html HTTP/1.1" 200 8948
180.162.232.172 - - [03/Apr/2020:10:37:26 +0800] "GET /xingrg/all/function/internal_message.html?_=1585881571935&CODE_STATE=getMsg HTTP/1.1" 200 27
172.17.0.115 - - [03/Apr/2020:10:37:27 +0800] "GET /xingrg/system/rest/query_items.html?_=1585881445748&table=menu&page=1&rows=20&categoryId=22&key=%25E4%25B8%2580%25E5%2593%2581%25E8%2599%25BE%25E8%259F%25B9%25E7%25A0%2582%25E9%2594%2585%25E7%25B2%25A5 HTTP/1.1" 200 21
172.17.0.115 - - [03/Apr/2020:10:37:28 +0800] "GET /xingrg/system/rest/query_items.html?_=1585881446715&table=menu&page=1&rows=20&categoryId=22&key=%25E4%25B8%2580%25E5%2593%2581%25E8%2599%25BE%25E8%259F%25B9%25E7%25A0%2582%25E9%2594%2585%25E7%25B2%25A5 HTTP/1.1" 200 21
172.17.1.5 - - [03/Apr/2020:10:37:28 +0800] "POST /xingrg/kc/mdqp/pssh_list_operate.html HTTP/1.1" 200 450
222.70.183.62 - - [03/Apr/2020:10:37:29 +0800] "GET /xingrg/all/function/internal_message.html?_=1585881446991&CODE_STATE=getMsg HTTP/1.1" 200 27
117.131.5.26 - - [03/Apr/2020:10:37:31 +0800] "GET /xingrg/check_reg.html?_=1585881466687 HTTP/1.1" 200 22
117.131.5.26 - - [03/Apr/2020:10:37:32 +0800] "GET /xingrg/all/function/internal_message.html?_=1585881467937&CODE_STATE=getMsg HTTP/1.1" 200 27
172.17.1.5 - - [03/Apr/2020:10:37:32 +0800] "POST /xingrg/kc/mdqp/pssh_list_operate.html HTTP/1.1" 200 556
172.17.0.112 - - [03/Apr/2020:10:37:33 +0800] "GET /xingrg/check_reg.html?_=1585881468390 HTTP/1.1" 302 -
117.185.32.26 - - [03/Apr/2020:10:37:34 +0800] "GET /xingrg/all/function/internal_message.html?_=1585881856772&CODE_STATE=getMsg HTTP/1.1" 200 27
172.17.1.5 - - [03/Apr/2020:10:37:35 +0800] "POST /xingrg/kc/mdqp/pssh_list_operate.html HTTP/1.1" 200 703
222.69.139.91 - - [03/Apr/2020:10:37:37 +0800] "GET /xingrg/all/function/internal_message.html?_=1585881450496&CODE_STATE=getMsg HTTP/1.1" 200 27
116.232.54.155 - - [03/Apr/2020:10:37:38 +0800] "GET /xingrg/all/function/internal_message.html?_=1585881517625&CODE_STATE=getMsg HTTP/1.1" 200 27
180.157.252.250 - - [03/Apr/2020:10:37:38 +0800] "GET /xingrg/all/function/internal_message.html?_=1585881452921&CODE_STATE=getMsg HTTP/1.1" 200 27
172.17.1.5 - - [03/Apr/2020:10:37:40 +0800] "GET /xingrg/kc/base/base_main.html HTTP/1.1" 200 12132
172.17.1.5 - - [03/Apr/2020:10:37:42 +0800] "GET /xingrg/kc/buy/buy_main.html HTTP/1.1" 200 12377
172.17.1.5 - - [03/Apr/2020:10:37:42 +0800] "GET /xingrg/css/new_ie.css HTTP/1.1" 404 1036
172.17.1.5 - - [03/Apr/2020:10:37:42 +0800] "GET /xingrg/images/yd/bt.gif HTTP/1.1" 404 1040
172.17.1.5 - - [03/Apr/2020:10:37:43 +0800] "GET /xingrg/kc/buy/cgsh_order_list.html HTTP/1.1" 200 42284
172.17.1.5 - - [03/Apr/2020:10:37:44 +0800] "POST /xingrg/kc/buy/cgsh_list_operate.html HTTP/1.1" 200 1673
117.185.32.26 - - [03/Apr/2020:10:37:46 +0800] "GET /xingrg/kc/buy/cgsh_order_operate.html?command=get_materiel&rest_code=00106&code=00101006109&supplier_code=00100015&order_time=2020-04-03 HTTP/1.1" 200 409
172.17.0.115 - - [03/Apr/2020:10:37:46 +0800] "GET /xingrg/system/rest/query_items.html?_=1585881464561&table=menu&page=1&rows=20&categoryId=22&key=%25E5%25B9%25BF%25E4%25B8%259C%25E8%258F%259C%25E5%25BF%2583 HTTP/1.1" 200 267
114.88.159.93 - - [03/Apr/2020:10:37:47 +0800] "GET /xingrg/all/function/internal_message.html?_=1585881435597&CODE_STATE=getMsg HTTP/1.1" 200 27
172.17.0.115 - - [03/Apr/2020:10:37:48 +0800] "GET /xingrg/all/function/internal_message.html?_=1585881466985&CODE_STATE=getMsg HTTP/1.1" 200 27
172.17.0.115 - - [03/Apr/2020:10:37:48 +0800] "GET /xingrg/check_reg.html?_=1585881466987 HTTP/1.1" 200 22
172.17.0.115 - - [03/Apr/2020:10:37:48 +0800] "GET /xingrg/system/rest/query_items.html?_=1585881467329&table=menu&page=1&rows=20&categoryId=22&key=%25E5%25B9%25BF%25E4%25B8%259C%25E8%258F%259C%25E5%25BF%2583 HTTP/1.1" 200 267
58.221.95.50 - - [03/Apr/2020:10:37:49 +0800] "GET /xingrg/all/function/internal_message.html?_=1585881825987&CODE_STATE=getMsg HTTP/1.1" 200 27
180.156.150.85 - - [03/Apr/2020:10:37:49 +0800] "GET /xingrg/all/function/internal_message.html?_=1585881469158&CODE_STATE=getMsg HTTP/1.1" 200 27
114.84.33.255 - - [03/Apr/2020:10:37:50 +0800] "GET /xingrg/all/function/internal_message.html?_=1585881476852&CODE_STATE=getMsg HTTP/1.1" 200 27
172.17.1.5 - - [03/Apr/2020:10:37:50 +0800] "GET /xingrg/javascript/auto/indicator.gif HTTP/1.1" 404 1066
172.17.0.115 - - [03/Apr/2020:10:37:51 +0800] "GET /xingrg/system/rest/query_items.html?_=1585881470030&table=menu&page=1&rows=20&categoryId=22&key=%25E5%25B9%25BF%25E4%25B8%259C%25E8%258F%259C%25E5%25BF%2583 HTTP/1.1" 200 267
172.17.1.5 - - [03/Apr/2020:10:37:52 +0800] "GET /xingrg/javascript/jquery_tools/images/prev.gif HTTP/1.1" 404 1086
172.17.1.5 - - [03/Apr/2020:10:37:52 +0800] "GET /xingrg/javascript/jquery_tools/images/next.gif HTTP/1.1" 404 1086
116.235.222.53 - - [03/Apr/2020:10:37:53 +0800] "GET /xingrg/all/function/internal_message.html?_=1585881462261&CODE_STATE=getMsg HTTP/1.1" 200 27
120.253.135.82 - - [03/Apr/2020:10:37:55 +0800] "GET /xingrg/all/function/internal_message.html?_=1585881546605&CODE_STATE=getMsg HTTP/1.1" 200 27
117.185.32.26 - - [03/Apr/2020:10:37:56 +0800] "POST /xingrg/kc/buy/cgsh_order_operate.html HTTP/1.1" 200 37
117.185.32.26 - - [03/Apr/2020:10:37:58 +0800] "POST /xingrg/kc/buy/cgsh_order_operate.html HTTP/1.1" 200 3250
172.17.0.115 - - [03/Apr/2020:10:37:59 +0800] "GET /xingrg/system/rest/query_items.html?_=1585881477912&table=menu&page=1&rows=20&categoryId=22&key=%25E5%25B9%25BF%25E4%25B8%259C%25E8%258F%259C%25E5%25BF%2583 HTTP/1.1" 200 267
117.185.32.26 - - [03/Apr/2020:10:38:01 +0800] "GET /xingrg/kc/buy/buy_main.html HTTP/1.1" 200 12412
117.185.32.26 - - [03/Apr/2020:10:38:01 +0800] "GET /xingrg/css/new_ie.css HTTP/1.1" 404 1036
180.157.252.250 - - [03/Apr/2020:10:38:01 +0800] "GET /xingrg/system/rest/query_items.html?_=1585881475471&table=menu&page=1&rows=20&categoryId=&key=%25E5%25B8%25A6%25E9%25B1%25BC HTTP/1.1" 200 2595
117.185.32.26 - - [03/Apr/2020:10:38:02 +0800] "GET /xingrg/images/yd/bt.gif HTTP/1.1" 404 1040
117.185.32.26 - - [03/Apr/2020:10:38:02 +0800] "GET /xingrg/kc/buy/cgsh_order_list.html HTTP/1.1" 200 42298
117.185.32.26 - - [03/Apr/2020:10:38:03 +0800] "POST /xingrg/kc/buy/cgsh_list_operate.html HTTP/1.1" 200 2774
172.17.0.115 - - [03/Apr/2020:10:38:03 +0800] "GET /xingrg/system/rest/query_items.html?_=1585881482267&table=menu&page=1&rows=20&categoryId=22&key=%25E7%2599%25BD%25E7%2581%25BC%25E7%2594%259F%25E8%258F%259C HTTP/1.1" 200 259
172.17.1.5 - - [03/Apr/2020:10:38:04 +0800] "POST /xingrg/kc/buy/cgsh_list_operate.html HTTP/1.1" 200 6895
180.157.252.250 - - [03/Apr/2020:10:38:05 +0800] "GET /favicon.ico HTTP/1.1" 404 -
172.17.0.115 - - [03/Apr/2020:10:38:05 +0800] "GET /xingrg/system/rest/query_items.html?_=1585881484391&table=menu&page=1&rows=20&categoryId=22&key=%25E7%2599%25BD%25E7%2581%25BC%25E7%2594%259F%25E8%258F%259C HTTP/1.1" 200 259
117.131.5.26 - - [03/Apr/2020:10:38:06 +0800] "GET /xingrg/all/function/internal_message.html?_=1585881739451&CODE_STATE=getMsg HTTP/1.1" 200 27
172.17.0.115 - - [03/Apr/2020:10:38:10 +0800] "GET /xingrg/system/rest/query_items.html?_=1585881489261&table=menu&page=1&rows=20&categoryId=22&key=%25E7%2599%25BD%25E7%2581%25BC%25E8%25A5%25BF%25E5%2585%25B0%25E8%258A%25B1 HTTP/1.1" 200 21
172.17.0.107 - - [03/Apr/2020:10:38:12 +0800] "GET /xingrg/all/function/internal_message.html?_=1585881491955&CODE_STATE=getMsg HTTP/1.1" 200 27
172.17.0.115 - - [03/Apr/2020:10:38:13 +0800] "GET /xingrg/system/rest/query_items.html?_=1585881491611&table=menu&page=1&rows=20&categoryId=22&key=%25E8%25A5%25BF%25E5%2585%25B0%25E8%258A%25B1 HTTP/1.1" 200 21
172.17.1.5 - - [03/Apr/2020:10:38:13 +0800] "GET /xingrg/check_reg.html?_=1585881485824 HTTP/1.1" 200 22
117.131.5.26 - - [03/Apr/2020:10:38:13 +0800] "GET /xingrg/check_reg.html?_=1585881746609 HTTP/1.1" 200 22
172.17.0.115 - - [03/Apr/2020:10:38:13 +0800] "GET /xingrg/system/rest/query_items.html?_=1585881492439&table=menu&page=1&rows=20&categoryId=22&key=%25E8%25A5%25BF%25E5%2585%25B0%25E8%258A%25B1 HTTP/1.1" 200 21
117.185.32.26 - - [03/Apr/2020:10:38:14 +0800] "POST /xingrg/kc/buy/cgsh_list_operate.html HTTP/1.1" 200 2774
117.185.32.26 - - [03/Apr/2020:10:38:14 +0800] "GET /xingrg/kc/buy/buy_main.html HTTP/1.1" 200 12412
117.185.32.26 - - [03/Apr/2020:10:38:14 +0800] "GET /xingrg/css/new_ie.css HTTP/1.1" 404 1036
180.156.150.85 - - [03/Apr/2020:10:38:15 +0800] "GET /xingrg/kc/base/wldb_order_list.html HTTP/1.1" 200 19252
180.156.150.85 - - [03/Apr/2020:10:38:15 +0800] "POST /xingrg/kc/base/wldb_list_operate.html HTTP/1.1" 200 4912
172.17.1.5 - - [03/Apr/2020:10:38:19 +0800] "POST /xingrg/kc/buy/cgsh_list_operate.html HTTP/1.1" 200 570
172.17.1.5 - - [03/Apr/2020:10:38:20 +0800] "POST /xingrg/kc/buy/cgsh_list_operate.html HTTP/1.1" 200 350
172.17.0.112 - - [03/Apr/2020:10:38:21 +0800] "GET /xingrg/all/function/internal_message.html?_=1585881515721&CODE_STATE=getMsg HTTP/1.1" 302 -
172.17.1.5 - - [03/Apr/2020:10:38:22 +0800] "POST /xingrg/kc/buy/cgsh_list_operate.html HTTP/1.1" 200 425
172.17.0.112 - - [03/Apr/2020:10:38:22 +0800] "GET /xingrg/all/function/internal_message.html?_=1585881517367&CODE_STATE=getMsg HTTP/1.1" 302 -
172.17.1.5 - - [03/Apr/2020:10:38:24 +0800] "POST /xingrg/kc/buy/cgsh_list_operate.html HTTP/1.1" 200 352
180.162.232.172 - - [03/Apr/2020:10:38:26 +0800] "GET /xingrg/all/function/internal_message.html?_=1585881631946&CODE_STATE=getMsg HTTP/1.1" 200 27
172.17.1.5 - - [03/Apr/2020:10:38:27 +0800] "POST /xingrg/kc/buy/cgsh_list_operate.html HTTP/1.1" 200 285
172.17.1.5 - - [03/Apr/2020:10:38:28 +0800] "POST /xingrg/kc/buy/cgsh_list_operate.html HTTP/1.1" 200 351
172.17.0.123 - - [03/Apr/2020:10:38:29 +0800] "GET /xingrg/check_reg.html?_=1585881504407 HTTP/1.1" 302 -
222.70.183.62 - - [03/Apr/2020:10:38:29 +0800] "GET /xingrg/all/function/internal_message.html?_=1585881507006&CODE_STATE=getMsg HTTP/1.1" 200 27
172.17.1.5 - - [03/Apr/2020:10:38:30 +0800] "POST /xingrg/kc/buy/cgsh_list_operate.html HTTP/1.1" 200 350
172.17.1.5 - - [03/Apr/2020:10:38:31 +0800] "POST /xingrg/kc/buy/cgsh_list_operate.html HTTP/1.1" 200 276
117.131.5.26 - - [03/Apr/2020:10:38:32 +0800] "GET /xingrg/all/function/internal_message.html?_=1585881527937&CODE_STATE=getMsg HTTP/1.1" 200 27
117.185.32.26 - - [03/Apr/2020:10:38:34 +0800] "GET /xingrg/all/function/internal_message.html?_=1585881916741&CODE_STATE=getMsg HTTP/1.1" 200 27
116.232.54.155 - - [03/Apr/2020:10:38:36 +0800] "GET /xingrg/all/function/internal_message.html?_=1585881577640&CODE_STATE=getMsg HTTP/1.1" 200 27
222.69.139.91 - - [03/Apr/2020:10:38:37 +0800] "GET /xingrg/all/function/internal_message.html?_=1585881510496&CODE_STATE=getMsg HTTP/1.1" 200 27
172.17.1.5 - - [03/Apr/2020:10:38:39 +0800] "POST /xingrg/kc/buy/cgsh_list_operate.html HTTP/1.1" 200 201
172.17.1.5 - - [03/Apr/2020:10:38:41 +0800] "POST /xingrg/kc/buy/cgsh_list_operate.html HTTP/1.1" 200 201
172.17.1.5 - - [03/Apr/2020:10:38:43 +0800] "POST /xingrg/kc/buy/cgsh_list_operate.html HTTP/1.1" 200 273
172.17.1.5 - - [03/Apr/2020:10:38:44 +0800] "POST /xingrg/kc/buy/cgsh_list_operate.html HTTP/1.1" 200 201
172.17.0.115 - - [03/Apr/2020:10:38:46 +0800] "GET /xingrg/system/rest/query_items.html?_=1585881524940&table=menu&page=1&rows=20&categoryId=22&key= HTTP/1.1" 200 4925
114.88.159.93 - - [03/Apr/2020:10:38:47 +0800] "GET /xingrg/all/function/internal_message.html?_=1585881495595&CODE_STATE=getMsg HTTP/1.1" 200 27
172.17.0.115 - - [03/Apr/2020:10:38:47 +0800] "GET /xingrg/system/rest/query_items.html?_=1585881526201&table=menu&page=1&rows=20&categoryId=22&key= HTTP/1.1" 200 4925
114.84.33.255 - - [03/Apr/2020:10:38:48 +0800] "GET /xingrg/check_reg.html?_=1585881534909 HTTP/1.1" 200 22
172.17.0.115 - - [03/Apr/2020:10:38:48 +0800] "GET /xingrg/all/function/internal_message.html?_=1585881527021&CODE_STATE=getMsg HTTP/1.1" 200 27
58.221.95.50 - - [03/Apr/2020:10:38:49 +0800] "GET /xingrg/check_reg.html?_=1585881885971 HTTP/1.1" 200 22
58.221.95.50 - - [03/Apr/2020:10:38:49 +0800] "GET /xingrg/all/function/internal_message.html?_=1585881885973&CODE_STATE=getMsg HTTP/1.1" 200 27
172.17.0.115 - - [03/Apr/2020:10:38:49 +0800] "GET /xingrg/system/rest/query_items.html?_=1585881527767&table=menu&page=1&rows=20&categoryId=&key= HTTP/1.1" 200 4722
180.156.150.85 - - [03/Apr/2020:10:38:49 +0800] "GET /xingrg/all/function/internal_message.html?_=1585881529136&CODE_STATE=getMsg HTTP/1.1" 200 27
172.17.0.115 - - [03/Apr/2020:10:38:49 +0800] "GET /xingrg/javascript/jquery_easy_ui/themes/default/images/button_plain_hover.png HTTP/1.1" 200 252
114.84.33.255 - - [03/Apr/2020:10:38:50 +0800] "GET /xingrg/all/function/internal_message.html?_=1585881536866&CODE_STATE=getMsg HTTP/1.1" 200 27
116.235.222.53 - - [03/Apr/2020:10:38:52 +0800] "GET /xingrg/all/function/internal_message.html?_=1585881522244&CODE_STATE=getMsg HTTP/1.1" 200 27
172.17.0.115 - - [03/Apr/2020:10:38:53 +0800] "GET /xingrg/system/rest/export_menu.html HTTP/1.1" 200 1143909
172.17.1.5 - - [03/Apr/2020:10:38:53 +0800] "POST /xingrg/kc/buy/cgsh_list_operate.html HTTP/1.1" 200 344
120.253.135.82 - - [03/Apr/2020:10:38:53 +0800] "GET /xingrg/check_reg.html?_=1585881604634 HTTP/1.1" 200 22
180.162.232.172 - - [03/Apr/2020:10:38:54 +0800] "GET /xingrg/kc/buy/cgsh_order_add.html HTTP/1.1" 200 57654
180.162.232.172 - - [03/Apr/2020:10:38:54 +0800] "POST /xingrg/kc/buy/cgsh_order_operate.html HTTP/1.1" 200 8245
180.162.232.172 - - [03/Apr/2020:10:38:54 +0800] "GET /xingrg/javascript/easyui/themes/default/validatebox.css HTTP/1.1" 404 1104
172.17.1.5 - - [03/Apr/2020:10:38:54 +0800] "GET /xingrg/kc/buy/cgsh_order_info.html?code=212020030700491 HTTP/1.1" 200 52740
172.17.1.5 - - [03/Apr/2020:10:38:55 +0800] "GET /xingrg/javascript/easyui/themes/default/validatebox.css HTTP/1.1" 404 1104
172.17.1.5 - - [03/Apr/2020:10:38:55 +0800] "POST /xingrg/kc/buy/cgsh_order_operate.html HTTP/1.1" 200 1781
120.253.135.82 - - [03/Apr/2020:10:38:55 +0800] "GET /xingrg/all/function/internal_message.html?_=1585881606618&CODE_STATE=getMsg HTTP/1.1" 200 27
172.17.1.5 - - [03/Apr/2020:10:38:59 +0800] "POST /xingrg/kc/buy/cgsh_list_operate.html HTTP/1.1" 200 283
172.17.0.112 - - [03/Apr/2020:10:39:00 +0800] "GET /xingrg/check_reg.html?_=1585881555090 HTTP/1.1" 302 -
101.91.60.105 - - [03/Apr/2020:10:39:02 +0800] "GET /xingrg/all/function/internal_message.html?_=1585880835582&CODE_STATE=getMsg HTTP/1.1" 302 -
172.17.0.115 - - [03/Apr/2020:10:39:06 +0800] "GET /xingrg/system/rest/list_page.html?p=stca HTTP/1.1" 200 9609
117.131.5.26 - - [03/Apr/2020:10:39:06 +0800] "GET /xingrg/all/function/internal_message.html?_=1585881799459&CODE_STATE=getMsg HTTP/1.1" 200 27
172.17.0.115 - - [03/Apr/2020:10:39:06 +0800] "GET /xingrg/system/rest/query_items.html?_=1585881545177&table=stca&key= HTTP/1.1" 200 1415
172.17.0.115 - - [03/Apr/2020:10:39:07 +0800] "GET /xingrg/system/rest/list_page.html?p=category HTTP/1.1" 200 12796
172.17.0.115 - - [03/Apr/2020:10:39:07 +0800] "GET /xingrg/system/rest/query_items.html?_=1585881546239&table=category&key= HTTP/1.1" 200 4016
101.91.60.105 - - [03/Apr/2020:10:39:10 +0800] "GET /xingrg/login.html HTTP/1.1" 200 7641
180.162.232.172 - - [03/Apr/2020:10:39:10 +0800] "GET /xingrg/kc/buy/cgsh_order_operate.html?command=get_materiel&rest_code=00151&code=00101006058&supplier_code=00100012&order_time=2020-04-03 HTTP/1.1" 200 413
172.17.0.107 - - [03/Apr/2020:10:39:12 +0800] "GET /xingrg/all/function/internal_message.html?_=1585881551924&CODE_STATE=getMsg HTTP/1.1" 200 27
172.17.1.5 - - [03/Apr/2020:10:39:15 +0800] "POST /xingrg/kc/buy/cgsh_list_operate.html HTTP/1.1" 200 284
117.185.32.26 - - [03/Apr/2020:10:39:19 +0800] "GET /xingrg/kc/buy/buy_main.html HTTP/1.1" 200 12412
117.185.32.26 - - [03/Apr/2020:10:39:19 +0800] "GET /xingrg/css/new_ie.css HTTP/1.1" 404 1036
117.185.32.26 - - [03/Apr/2020:10:39:20 +0800] "GET /xingrg/kc/buy/buy_main.html HTTP/1.1" 200 12412
117.185.32.26 - - [03/Apr/2020:10:39:20 +0800] "GET /xingrg/css/new_ie.css HTTP/1.1" 404 1036
172.17.0.112 - - [03/Apr/2020:10:39:21 +0800] "GET /xingrg/all/function/internal_message.html?_=1585881575728&CODE_STATE=getMsg HTTP/1.1" 302 -
117.185.32.26 - - [03/Apr/2020:10:39:21 +0800] "GET /xingrg/images/yd/bt.gif HTTP/1.1" 404 1040
117.185.32.26 - - [03/Apr/2020:10:39:22 +0800] "GET /xingrg/kc/buy/cgsh_order_list.html HTTP/1.1" 200 42298
172.17.0.112 - - [03/Apr/2020:10:39:22 +0800] "GET /xingrg/all/function/internal_message.html?_=1585881577382&CODE_STATE=getMsg HTTP/1.1" 302 -
