116.232.54.155 - - [03/Apr/2020:11:29:58 +0800] "GET /xingrg/kc/print/load_data.html?order_code=212020040300485&kc_code=cgsh&condition= HTTP/1.1" 200 689
116.232.54.155 - - [03/Apr/2020:11:30:01 +0800] "GET /xingrg/kc/buy/cgsh_order_add.html HTTP/1.1" 200 57901
116.232.54.155 - - [03/Apr/2020:11:30:01 +0800] "POST /xingrg/kc/buy/cgsh_order_operate.html HTTP/1.1" 200 8245
116.232.54.155 - - [03/Apr/2020:11:30:01 +0800] "GET /xingrg/all/common/auto_word.html?type=employee&rest_code=00109 HTTP/1.1" 200 255
116.232.54.155 - - [03/Apr/2020:11:30:01 +0800] "GET /xingrg/javascript/easyui/themes/default/validatebox.css HTTP/1.1" 404 1104
116.232.54.155 - - [03/Apr/2020:11:30:01 +0800] "GET /xingrg/all/common/auto_word.html?type=employee&rest_code=00109 HTTP/1.1" 200 255
101.89.19.197 - - [03/Apr/2020:11:30:02 +0800] "GET /xingrg/all/function/internal_message.html?_=1585883895676&CODE_STATE=getMsg HTTP/1.1" 302 -
116.232.54.155 - - [03/Apr/2020:11:30:04 +0800] "GET /xingrg/javascript/jquery_tools/images/next.gif HTTP/1.1" 404 1086
116.232.54.155 - - [03/Apr/2020:11:30:04 +0800] "GET /xingrg/javascript/jquery_tools/images/prev.gif HTTP/1.1" 404 1086
101.227.139.171 - - [03/Apr/2020:11:30:04 +0800] "GET /xingrg/kc/mdqp/pssh_order_list.html?isBack=1 HTTP/1.1" 302 -
101.89.19.197 - - [03/Apr/2020:11:30:05 +0800] "GET /xingrg/login.html HTTP/1.1" 200 7641
101.91.60.11 - - [03/Apr/2020:11:30:06 +0800] "GET /xingrg/kc/mdqp/pssh_order_info.html?code=312020040200015 HTTP/1.1" 302 -
116.232.54.155 - - [03/Apr/2020:11:30:07 +0800] "GET /xingrg/kc/buy/cgsh_order_operate.html?command=get_materiel&rest_code=00109&code=00101001115&supplier_code=00100089&order_time=2020-04-03 HTTP/1.1" 200 415
117.131.5.26 - - [03/Apr/2020:11:30:10 +0800] "GET /xingrg/all/function/internal_message.html?_=1585884863193&CODE_STATE=getMsg HTTP/1.1" 200 27
101.227.139.171 - - [03/Apr/2020:11:30:10 +0800] "GET /xingrg/login.html HTTP/1.1" 200 7641
172.17.0.107 - - [03/Apr/2020:11:30:10 +0800] "GET /xingrg/all/function/internal_message.html?_=1585884610596&CODE_STATE=getMsg HTTP/1.1" 200 27
172.17.0.107 - - [03/Apr/2020:11:30:14 +0800] "GET /xingrg/check_reg.html?_=1585884613862 HTTP/1.1" 200 22
180.162.232.172 - - [03/Apr/2020:11:30:14 +0800] "GET /xingrg/kc/base/wldb_order_operate.html?command=get_materiel&rest_code=00150&base_code=0010445&code=00101013010 HTTP/1.1" 200 436
101.91.60.11 - - [03/Apr/2020:11:30:14 +0800] "GET /xingrg/login.html HTTP/1.1" 200 7641
116.232.54.155 - - [03/Apr/2020:11:30:15 +0800] "POST /xingrg/kc/buy/cgsh_order_operate.html HTTP/1.1" 200 37
116.232.54.155 - - [03/Apr/2020:11:30:16 +0800] "POST /xingrg/kc/buy/cgsh_order_operate.html HTTP/1.1" 200 2659
116.232.54.155 - - [03/Apr/2020:11:30:17 +0800] "GET /xingrg/kc/print/load_config.html?kc_code=cgsh HTTP/1.1" 200 1841
116.232.54.155 - - [03/Apr/2020:11:30:18 +0800] "GET /xingrg/kc/print/load_data.html?order_code=212020040300486&kc_code=cgsh&condition= HTTP/1.1" 200 736
172.17.0.112 - - [03/Apr/2020:11:30:22 +0800] "GET /xingrg/all/function/internal_message.html?_=1585884637008&CODE_STATE=getMsg HTTP/1.1" 302 -
180.162.232.172 - - [03/Apr/2020:11:30:23 +0800] "GET /xingrg/kc/base/wldb_order_operate.html?command=get_materiel&rest_code=00150&base_code=0010445&code=00101013225 HTTP/1.1" 200 448
172.17.0.112 - - [03/Apr/2020:11:30:23 +0800] "GET /xingrg/all/function/internal_message.html?_=1585884638450&CODE_STATE=getMsg HTTP/1.1" 302 -
116.232.54.155 - - [03/Apr/2020:11:30:25 +0800] "GET /xingrg/kc/buy/cgsh_order_add.html HTTP/1.1" 200 57901
116.232.54.155 - - [03/Apr/2020:11:30:25 +0800] "POST /xingrg/kc/buy/cgsh_order_operate.html HTTP/1.1" 200 8245
116.232.54.155 - - [03/Apr/2020:11:30:25 +0800] "GET /xingrg/all/common/auto_word.html?type=employee&rest_code=00109 HTTP/1.1" 200 255
116.232.54.155 - - [03/Apr/2020:11:30:25 +0800] "GET /xingrg/all/common/auto_word.html?type=employee&rest_code=00109 HTTP/1.1" 200 255
116.232.54.155 - - [03/Apr/2020:11:30:25 +0800] "GET /xingrg/javascript/easyui/themes/default/validatebox.css HTTP/1.1" 404 1104
116.232.54.155 - - [03/Apr/2020:11:30:26 +0800] "GET /xingrg/javascript/jquery_tools/images/prev.gif HTTP/1.1" 404 1086
116.232.54.155 - - [03/Apr/2020:11:30:26 +0800] "GET /xingrg/javascript/jquery_tools/images/next.gif HTTP/1.1" 404 1086
116.235.222.53 - - [03/Apr/2020:11:30:29 +0800] "GET /xingrg/all/function/internal_message.html?_=1585884618822&CODE_STATE=getMsg HTTP/1.1" 200 27
116.232.54.155 - - [03/Apr/2020:11:30:31 +0800] "GET /xingrg/kc/buy/cgsh_order_operate.html?command=get_materiel&rest_code=00109&code=00101008171&supplier_code=00100327&order_time=2020-04-03 HTTP/1.1" 200 421
116.232.54.155 - - [03/Apr/2020:11:30:31 +0800] "GET /xingrg/all/function/internal_message.html?_=1585884652909&CODE_STATE=getMsg HTTP/1.1" 200 27
116.232.54.155 - - [03/Apr/2020:11:30:31 +0800] "GET /xingrg/check_reg.html?_=1585884652909 HTTP/1.1" 200 22
117.131.5.26 - - [03/Apr/2020:11:30:32 +0800] "GET /xingrg/all/function/internal_message.html?_=1585884648234&CODE_STATE=getMsg HTTP/1.1" 200 27
117.185.32.26 - - [03/Apr/2020:11:30:33 +0800] "GET /xingrg/all/function/internal_message.html?_=1585885036186&CODE_STATE=getMsg HTTP/1.1" 200 27
222.70.183.62 - - [03/Apr/2020:11:30:33 +0800] "GET /xingrg/all/function/internal_message.html?_=1585884630955&CODE_STATE=getMsg HTTP/1.1" 200 27
116.232.54.155 - - [03/Apr/2020:11:30:37 +0800] "POST /xingrg/kc/buy/cgsh_order_operate.html HTTP/1.1" 200 37
222.69.139.91 - - [03/Apr/2020:11:30:37 +0800] "GET /xingrg/all/function/internal_message.html?_=1585884630579&CODE_STATE=getMsg HTTP/1.1" 200 27
116.232.54.155 - - [03/Apr/2020:11:30:38 +0800] "POST /xingrg/kc/buy/cgsh_order_operate.html HTTP/1.1" 200 2664
116.232.54.155 - - [03/Apr/2020:11:30:39 +0800] "GET /xingrg/kc/print/load_config.html?kc_code=cgsh HTTP/1.1" 200 1841
116.232.54.155 - - [03/Apr/2020:11:30:39 +0800] "GET /xingrg/kc/print/load_data.html?order_code=212020040300487&kc_code=cgsh&condition= HTTP/1.1" 200 661
180.162.232.172 - - [03/Apr/2020:11:30:41 +0800] "POST /xingrg/kc/base/wldb_order_operate.html HTTP/1.1" 200 37
116.232.54.155 - - [03/Apr/2020:11:30:42 +0800] "GET /xingrg/kc/buy/cgsh_order_add.html HTTP/1.1" 200 57901
116.232.54.155 - - [03/Apr/2020:11:30:42 +0800] "POST /xingrg/kc/buy/cgsh_order_operate.html HTTP/1.1" 200 8245
116.232.54.155 - - [03/Apr/2020:11:30:42 +0800] "GET /xingrg/all/common/auto_word.html?type=employee&rest_code=00109 HTTP/1.1" 200 255
116.232.54.155 - - [03/Apr/2020:11:30:42 +0800] "GET /xingrg/all/common/auto_word.html?type=employee&rest_code=00109 HTTP/1.1" 200 255
116.232.54.155 - - [03/Apr/2020:11:30:42 +0800] "GET /xingrg/javascript/easyui/themes/default/validatebox.css HTTP/1.1" 404 1104
180.162.232.172 - - [03/Apr/2020:11:30:42 +0800] "POST /xingrg/kc/base/wldb_order_operate.html HTTP/1.1" 200 12
180.162.232.172 - - [03/Apr/2020:11:30:43 +0800] "POST /xingrg/kc/base/wldb_order_operate.html HTTP/1.1" 200 2665
101.91.60.104 - - [03/Apr/2020:11:30:43 +0800] "GET /xingrg/kc/print/load_data.html?order_code=312020040100007&kc_code=pssh&condition= HTTP/1.1" 302 -
180.162.232.172 - - [03/Apr/2020:11:30:44 +0800] "GET /xingrg/kc/base/wldb_order_info.html?code=422020040300171 HTTP/1.1" 200 26209
180.162.232.172 - - [03/Apr/2020:11:30:45 +0800] "POST /xingrg/kc/base/wldb_order_operate.html HTTP/1.1" 200 949
180.162.232.172 - - [03/Apr/2020:11:30:45 +0800] "GET /xingrg/javascript/easyui/themes/default/validatebox.css HTTP/1.1" 404 1104
114.88.159.93 - - [03/Apr/2020:11:30:47 +0800] "GET /xingrg/all/function/internal_message.html?_=1585884615689&CODE_STATE=getMsg HTTP/1.1" 200 27
116.232.54.155 - - [03/Apr/2020:11:30:47 +0800] "GET /xingrg/javascript/jquery_tools/images/prev.gif HTTP/1.1" 404 1086
116.232.54.155 - - [03/Apr/2020:11:30:47 +0800] "GET /xingrg/javascript/jquery_tools/images/next.gif HTTP/1.1" 404 1086
180.156.150.85 - - [03/Apr/2020:11:30:48 +0800] "GET /xingrg/all/function/internal_message.html?_=1585884647859&CODE_STATE=getMsg HTTP/1.1" 200 27
58.221.95.50 - - [03/Apr/2020:11:30:49 +0800] "GET /xingrg/all/function/internal_message.html?_=1585885006049&CODE_STATE=getMsg HTTP/1.1" 200 27
180.156.150.85 - - [03/Apr/2020:11:30:50 +0800] "GET /xingrg/check_reg.html?_=1585884649812 HTTP/1.1" 200 22
172.17.0.115 - - [03/Apr/2020:11:30:50 +0800] "GET /xingrg/all/function/internal_message.html?_=1585884648769&CODE_STATE=getMsg HTTP/1.1" 200 27
180.162.232.172 - - [03/Apr/2020:11:30:50 +0800] "GET /xingrg/kc/base/wldb_order_add.html HTTP/1.1" 200 30327
180.162.232.172 - - [03/Apr/2020:11:30:50 +0800] "POST /xingrg/kc/base/wldb_order_operate.html HTTP/1.1" 200 6806
180.162.232.172 - - [03/Apr/2020:11:30:51 +0800] "GET /xingrg/javascript/easyui/themes/default/validatebox.css HTTP/1.1" 404 1104
180.162.232.172 - - [03/Apr/2020:11:30:51 +0800] "POST /xingrg/all/common/load_combo.html?type=base HTTP/1.1" 200 3951
180.162.232.172 - - [03/Apr/2020:11:30:51 +0800] "GET /xingrg/all/function/internal_message.html?_=1585884777239&CODE_STATE=getMsg HTTP/1.1" 200 27
116.232.54.155 - - [03/Apr/2020:11:30:52 +0800] "GET /xingrg/kc/buy/cgsh_order_operate.html?command=get_materiel&rest_code=00109&code=00101004030&supplier_code=00100312&order_time=2020-04-03 HTTP/1.1" 200 408
114.95.157.20 - - [03/Apr/2020:11:30:53 +0800] "GET /xingrg/all/function/internal_message.html?_=1585884651043&CODE_STATE=getMsg HTTP/1.1" 200 27
101.91.60.104 - - [03/Apr/2020:11:30:53 +0800] "GET /xingrg/login.html HTTP/1.1" 200 7641
120.253.135.82 - - [03/Apr/2020:11:30:56 +0800] "GET /xingrg/all/function/internal_message.html?_=1585884727418&CODE_STATE=getMsg HTTP/1.1" 200 27
116.232.54.155 - - [03/Apr/2020:11:30:57 +0800] "GET /xingrg/kc/buy/cgsh_order_operate.html?command=get_materiel&rest_code=00109&code=00101001096&supplier_code=00100312&order_time=2020-04-03 HTTP/1.1" 200 413
116.232.54.155 - - [03/Apr/2020:11:31:01 +0800] "GET /xingrg/kc/buy/cgsh_order_operate.html?command=get_materiel&rest_code=00109&code=00101001029&supplier_code=00100312&order_time=2020-04-03 HTTP/1.1" 200 415
180.162.232.172 - - [03/Apr/2020:11:31:04 +0800] "GET /xingrg/kc/base/wldb_order_operate.html?command=get_materiel&rest_code=00150&base_code=0010446&code=00102002022 HTTP/1.1" 200 459
117.131.5.26 - - [03/Apr/2020:11:31:10 +0800] "GET /xingrg/all/function/internal_message.html?_=1585884923338&CODE_STATE=getMsg HTTP/1.1" 200 27
172.17.0.107 - - [03/Apr/2020:11:31:10 +0800] "GET /xingrg/all/function/internal_message.html?_=1585884670572&CODE_STATE=getMsg HTTP/1.1" 200 27
180.162.232.172 - - [03/Apr/2020:11:31:14 +0800] "POST /xingrg/kc/base/wldb_order_operate.html HTTP/1.1" 200 37
180.162.232.172 - - [03/Apr/2020:11:31:15 +0800] "POST /xingrg/kc/base/wldb_order_operate.html HTTP/1.1" 200 12
180.162.232.172 - - [03/Apr/2020:11:31:15 +0800] "POST /xingrg/kc/base/wldb_order_operate.html HTTP/1.1" 200 2214
180.162.232.172 - - [03/Apr/2020:11:31:16 +0800] "GET /xingrg/kc/base/wldb_order_info.html?code=422020040300172 HTTP/1.1" 200 26209
180.162.232.172 - - [03/Apr/2020:11:31:17 +0800] "POST /xingrg/kc/base/wldb_order_operate.html HTTP/1.1" 200 508
180.162.232.172 - - [03/Apr/2020:11:31:17 +0800] "GET /xingrg/javascript/easyui/themes/default/validatebox.css HTTP/1.1" 404 1104
180.162.232.172 - - [03/Apr/2020:11:31:19 +0800] "GET /xingrg/kc/base/wldb_order_add.html HTTP/1.1" 200 30327
180.162.232.172 - - [03/Apr/2020:11:31:20 +0800] "POST /xingrg/kc/base/wldb_order_operate.html HTTP/1.1" 200 6806
180.162.232.172 - - [03/Apr/2020:11:31:20 +0800] "GET /xingrg/javascript/easyui/themes/default/validatebox.css HTTP/1.1" 404 1104
180.162.232.172 - - [03/Apr/2020:11:31:21 +0800] "POST /xingrg/all/common/load_combo.html?type=base HTTP/1.1" 200 3951
172.17.0.112 - - [03/Apr/2020:11:31:22 +0800] "GET /xingrg/all/function/internal_message.html?_=1585884697027&CODE_STATE=getMsg HTTP/1.1" 302 -
116.232.54.155 - - [03/Apr/2020:11:31:22 +0800] "POST /xingrg/kc/buy/cgsh_order_operate.html HTTP/1.1" 200 37
116.232.54.155 - - [03/Apr/2020:11:31:23 +0800] "POST /xingrg/kc/buy/cgsh_order_operate.html HTTP/1.1" 200 3847
172.17.0.112 - - [03/Apr/2020:11:31:23 +0800] "GET /xingrg/all/function/internal_message.html?_=1585884698463&CODE_STATE=getMsg HTTP/1.1" 302 -
116.232.54.155 - - [03/Apr/2020:11:31:24 +0800] "GET /xingrg/kc/print/load_config.html?kc_code=cgsh HTTP/1.1" 200 1841
116.232.54.155 - - [03/Apr/2020:11:31:24 +0800] "GET /xingrg/kc/print/load_data.html?order_code=212020040300488&kc_code=cgsh&condition= HTTP/1.1" 200 1119
116.235.222.53 - - [03/Apr/2020:11:31:29 +0800] "GET /xingrg/all/function/internal_message.html?_=1585884678821&CODE_STATE=getMsg HTTP/1.1" 200 27
116.232.54.155 - - [03/Apr/2020:11:31:29 +0800] "GET /xingrg/kc/buy/cgsh_order_add.html HTTP/1.1" 200 57901
116.232.54.155 - - [03/Apr/2020:11:31:29 +0800] "POST /xingrg/kc/buy/cgsh_order_operate.html HTTP/1.1" 200 8245
116.232.54.155 - - [03/Apr/2020:11:31:29 +0800] "GET /xingrg/all/common/auto_word.html?type=employee&rest_code=00109 HTTP/1.1" 200 255
116.232.54.155 - - [03/Apr/2020:11:31:29 +0800] "GET /xingrg/javascript/easyui/themes/default/validatebox.css HTTP/1.1" 404 1104
116.232.54.155 - - [03/Apr/2020:11:31:29 +0800] "GET /xingrg/all/common/auto_word.html?type=employee&rest_code=00109 HTTP/1.1" 200 255
116.232.54.155 - - [03/Apr/2020:11:31:30 +0800] "GET /xingrg/all/function/internal_message.html?_=1585884715025&CODE_STATE=getMsg HTTP/1.1" 200 27
117.131.5.26 - - [03/Apr/2020:11:31:32 +0800] "GET /xingrg/all/function/internal_message.html?_=1585884708234&CODE_STATE=getMsg HTTP/1.1" 200 27
180.162.232.172 - - [03/Apr/2020:11:31:32 +0800] "GET /xingrg/kc/base/wldb_order_operate.html?command=get_materiel&rest_code=00150&base_code=0010446&code=00102002118 HTTP/1.1" 200 453
117.185.32.26 - - [03/Apr/2020:11:31:33 +0800] "GET /xingrg/all/function/internal_message.html?_=1585885096156&CODE_STATE=getMsg HTTP/1.1" 200 27
116.232.54.155 - - [03/Apr/2020:11:31:33 +0800] "GET /xingrg/javascript/jquery_tools/images/prev.gif HTTP/1.1" 404 1086
116.232.54.155 - - [03/Apr/2020:11:31:33 +0800] "GET /xingrg/javascript/jquery_tools/images/next.gif HTTP/1.1" 404 1086
222.70.183.62 - - [03/Apr/2020:11:31:33 +0800] "GET /xingrg/all/function/internal_message.html?_=1585884691126&CODE_STATE=getMsg HTTP/1.1" 200 27
180.162.232.172 - - [03/Apr/2020:11:31:36 +0800] "POST /xingrg/all/common/load_select.html HTTP/1.1" 200 38
116.232.54.155 - - [03/Apr/2020:11:31:37 +0800] "GET /xingrg/kc/buy/cgsh_order_operate.html?command=get_materiel&rest_code=00109&code=00101002006&supplier_code=00100091&order_time=2020-04-03 HTTP/1.1" 200 416
222.69.139.91 - - [03/Apr/2020:11:31:37 +0800] "GET /xingrg/check_reg.html?_=1585884690580 HTTP/1.1" 200 22
222.69.139.91 - - [03/Apr/2020:11:31:37 +0800] "GET /xingrg/all/function/internal_message.html?_=1585884690582&CODE_STATE=getMsg HTTP/1.1" 200 27
180.162.232.172 - - [03/Apr/2020:11:31:38 +0800] "GET /xingrg/kc/base/wldb_order_operate.html?command=get_materiel_price&rest_code=00150&base_code=0010446&code=00102002118&unit_code=00100339 HTTP/1.1" 200 36
116.232.54.155 - - [03/Apr/2020:11:31:43 +0800] "POST /xingrg/kc/buy/cgsh_order_operate.html HTTP/1.1" 200 37
116.232.54.155 - - [03/Apr/2020:11:31:44 +0800] "POST /xingrg/kc/buy/cgsh_order_operate.html HTTP/1.1" 200 2661
116.232.54.155 - - [03/Apr/2020:11:31:46 +0800] "GET /xingrg/kc/print/report_design.html?orderType=cgsh HTTP/1.1" 200 8625
116.232.54.155 - - [03/Apr/2020:11:31:46 +0800] "GET /xingrg/kc/print/design_operate.html?_=1585884731873&command=load_config&code=cgsh HTTP/1.1" 200 2743
114.88.159.93 - - [03/Apr/2020:11:31:47 +0800] "GET /xingrg/all/function/internal_message.html?_=1585884675689&CODE_STATE=getMsg HTTP/1.1" 200 27
116.232.54.155 - - [03/Apr/2020:11:31:47 +0800] "GET /xingrg/kc/print/load_config.html?kc_code=cgsh HTTP/1.1" 200 1841
116.232.54.155 - - [03/Apr/2020:11:31:48 +0800] "GET /xingrg/kc/print/load_data.html?order_code=212020040300489&kc_code=cgsh&condition= HTTP/1.1" 200 731
180.156.150.85 - - [03/Apr/2020:11:31:48 +0800] "GET /xingrg/all/function/internal_message.html?_=1585884707829&CODE_STATE=getMsg HTTP/1.1" 200 27
58.221.95.50 - - [03/Apr/2020:11:31:49 +0800] "GET /xingrg/all/function/internal_message.html?_=1585885066047&CODE_STATE=getMsg HTTP/1.1" 200 27
180.162.232.172 - - [03/Apr/2020:11:31:49 +0800] "GET /xingrg/kc/base/wldb_order_operate.html?command=get_materiel&rest_code=00150&base_code=0010446&code=00102021018 HTTP/1.1" 200 450
172.17.0.115 - - [03/Apr/2020:11:31:50 +0800] "GET /xingrg/all/function/internal_message.html?_=1585884708769&CODE_STATE=getMsg HTTP/1.1" 200 27
116.232.54.155 - - [03/Apr/2020:11:31:51 +0800] "GET /xingrg/kc/buy/cgsh_order_add.html HTTP/1.1" 200 57901
116.232.54.155 - - [03/Apr/2020:11:31:51 +0800] "POST /xingrg/kc/buy/cgsh_order_operate.html HTTP/1.1" 200 8245
116.232.54.155 - - [03/Apr/2020:11:31:51 +0800] "GET /xingrg/all/common/auto_word.html?type=employee&rest_code=00109 HTTP/1.1" 200 255
116.232.54.155 - - [03/Apr/2020:11:31:51 +0800] "GET /xingrg/all/common/auto_word.html?type=employee&rest_code=00109 HTTP/1.1" 200 255
116.232.54.155 - - [03/Apr/2020:11:31:51 +0800] "GET /xingrg/javascript/easyui/themes/default/validatebox.css HTTP/1.1" 404 1104
180.162.232.172 - - [03/Apr/2020:11:31:51 +0800] "POST /xingrg/all/common/load_select.html HTTP/1.1" 200 25
180.162.232.172 - - [03/Apr/2020:11:31:52 +0800] "GET /xingrg/all/function/internal_message.html?_=1585884837252&CODE_STATE=getMsg HTTP/1.1" 200 27
114.95.157.20 - - [03/Apr/2020:11:31:53 +0800] "GET /xingrg/all/function/internal_message.html?_=1585884711034&CODE_STATE=getMsg HTTP/1.1" 200 27
180.162.232.172 - - [03/Apr/2020:11:31:53 +0800] "GET /xingrg/kc/base/wldb_order_operate.html?command=get_materiel_price&rest_code=00150&base_code=0010446&code=00102021018&unit_code=00100347 HTTP/1.1" 200 35
116.232.54.155 - - [03/Apr/2020:11:31:56 +0800] "GET /xingrg/javascript/jquery_tools/images/next.gif HTTP/1.1" 404 1086
116.232.54.155 - - [03/Apr/2020:11:31:56 +0800] "GET /xingrg/javascript/jquery_tools/images/prev.gif HTTP/1.1" 404 1086
120.253.135.82 - - [03/Apr/2020:11:31:56 +0800] "GET /xingrg/all/function/internal_message.html?_=1585884787442&CODE_STATE=getMsg HTTP/1.1" 200 27
116.232.54.155 - - [03/Apr/2020:11:32:00 +0800] "GET /xingrg/kc/buy/cgsh_order_operate.html?command=get_materiel&rest_code=00109&code=00101003006&supplier_code=00100092&order_time=2020-04-03 HTTP/1.1" 200 411
180.162.232.172 - - [03/Apr/2020:11:32:05 +0800] "GET /xingrg/kc/base/wldb_order_operate.html?command=get_materiel&rest_code=00150&base_code=0010446&code=00102002391 HTTP/1.1" 200 437
116.232.54.155 - - [03/Apr/2020:11:32:09 +0800] "POST /xingrg/kc/buy/cgsh_order_operate.html HTTP/1.1" 200 37
116.232.54.155 - - [03/Apr/2020:11:32:10 +0800] "POST /xingrg/kc/buy/cgsh_order_operate.html HTTP/1.1" 200 2658
116.233.78.128 - - [03/Apr/2020:11:32:10 +0800] "POST /xingrg/services/DataTransmitService HTTP/1.1" 200 524
117.131.5.26 - - [03/Apr/2020:11:32:10 +0800] "GET /xingrg/all/function/internal_message.html?_=1585884983346&CODE_STATE=getMsg HTTP/1.1" 200 27
172.17.0.107 - - [03/Apr/2020:11:32:10 +0800] "GET /xingrg/all/function/internal_message.html?_=1585884730559&CODE_STATE=getMsg HTTP/1.1" 200 27
116.233.78.128 - - [03/Apr/2020:11:32:10 +0800] "POST /xingrg/services/DataTransmitService HTTP/1.1" 200 501
116.233.78.128 - - [03/Apr/2020:11:32:11 +0800] "POST /xingrg/services/DataTransmitService HTTP/1.1" 200 501
116.233.78.128 - - [03/Apr/2020:11:32:11 +0800] "POST /xingrg/services/DataTransmitService HTTP/1.1" 200 501
116.233.78.128 - - [03/Apr/2020:11:32:11 +0800] "POST /xingrg/services/DataTransmitService HTTP/1.1" 200 501
61.151.178.165 - - [03/Apr/2020:11:32:11 +0800] "GET /xingrg/all/function/internal_message.html?_=1585884015681&CODE_STATE=getMsg HTTP/1.1" 302 -
116.232.54.155 - - [03/Apr/2020:11:32:11 +0800] "GET /xingrg/kc/print/load_config.html?kc_code=cgsh HTTP/1.1" 200 1841
116.232.54.155 - - [03/Apr/2020:11:32:12 +0800] "GET /xingrg/kc/print/load_data.html?order_code=212020040300490&kc_code=cgsh&condition= HTTP/1.1" 200 710
116.233.78.128 - - [03/Apr/2020:11:32:13 +0800] "POST /xingrg/services/DataTransmitService HTTP/1.1" 200 412
61.151.178.165 - - [03/Apr/2020:11:32:14 +0800] "GET /xingrg/login.html HTTP/1.1" 200 7641
116.232.54.155 - - [03/Apr/2020:11:32:15 +0800] "GET /xingrg/kc/buy/cgsh_order_add.html HTTP/1.1" 200 57901
116.232.54.155 - - [03/Apr/2020:11:32:15 +0800] "POST /xingrg/kc/buy/cgsh_order_operate.html HTTP/1.1" 200 8245
116.232.54.155 - - [03/Apr/2020:11:32:15 +0800] "GET /xingrg/all/common/auto_word.html?type=employee&rest_code=00109 HTTP/1.1" 200 255
116.232.54.155 - - [03/Apr/2020:11:32:15 +0800] "GET /xingrg/all/common/auto_word.html?type=employee&rest_code=00109 HTTP/1.1" 200 255
116.232.54.155 - - [03/Apr/2020:11:32:15 +0800] "GET /xingrg/javascript/easyui/themes/default/validatebox.css HTTP/1.1" 404 1104
116.232.54.155 - - [03/Apr/2020:11:32:20 +0800] "GET /xingrg/javascript/jquery_tools/images/prev.gif HTTP/1.1" 404 1086
116.232.54.155 - - [03/Apr/2020:11:32:20 +0800] "GET /xingrg/javascript/jquery_tools/images/next.gif HTTP/1.1" 404 1086
172.17.0.112 - - [03/Apr/2020:11:32:22 +0800] "GET /xingrg/all/function/internal_message.html?_=1585884757064&CODE_STATE=getMsg HTTP/1.1" 302 -
222.70.183.62 - - [03/Apr/2020:11:32:23 +0800] "GET /xingrg/check_reg.html?_=1585884740906 HTTP/1.1" 200 22
172.17.0.112 - - [03/Apr/2020:11:32:23 +0800] "GET /xingrg/all/function/internal_message.html?_=1585884758492&CODE_STATE=getMsg HTTP/1.1" 302 -
116.232.54.155 - - [03/Apr/2020:11:32:24 +0800] "GET /xingrg/kc/buy/cgsh_order_operate.html?command=get_materiel&rest_code=00109&code=00101007038&supplier_code=00100323&order_time=2020-04-03 HTTP/1.1" 200 442
116.235.222.53 - - [03/Apr/2020:11:32:29 +0800] "GET /xingrg/all/function/internal_message.html?_=1585884738821&CODE_STATE=getMsg HTTP/1.1" 200 27
116.232.54.155 - - [03/Apr/2020:11:32:29 +0800] "GET /xingrg/all/function/internal_message.html?_=1585884777647&CODE_STATE=getMsg HTTP/1.1" 200 27
117.131.5.26 - - [03/Apr/2020:11:32:31 +0800] "GET /xingrg/check_reg.html?_=1585884766859 HTTP/1.1" 200 22
117.131.5.26 - - [03/Apr/2020:11:32:32 +0800] "GET /xingrg/all/function/internal_message.html?_=1585884768234&CODE_STATE=getMsg HTTP/1.1" 200 27
101.91.60.11 - - [03/Apr/2020:11:32:33 +0800] "GET /xingrg/all/function/internal_message.html?_=1585883955685&CODE_STATE=getMsg HTTP/1.1" 302 -
117.185.32.26 - - [03/Apr/2020:11:32:33 +0800] "GET /xingrg/all/function/internal_message.html?_=1585885156141&CODE_STATE=getMsg HTTP/1.1" 200 27
116.232.54.155 - - [03/Apr/2020:11:32:33 +0800] "POST /xingrg/kc/buy/cgsh_order_operate.html HTTP/1.1" 200 37
172.17.0.112 - - [03/Apr/2020:11:32:33 +0800] "GET /xingrg/check_reg.html?_=1585884768523 HTTP/1.1" 302 -
222.70.183.62 - - [03/Apr/2020:11:32:33 +0800] "GET /xingrg/all/function/internal_message.html?_=1585884751139&CODE_STATE=getMsg HTTP/1.1" 200 27
116.232.54.155 - - [03/Apr/2020:11:32:34 +0800] "POST /xingrg/kc/buy/cgsh_order_operate.html HTTP/1.1" 200 2658
116.232.54.155 - - [03/Apr/2020:11:32:35 +0800] "GET /xingrg/kc/print/load_config.html?kc_code=cgsh HTTP/1.1" 200 1841
116.232.54.155 - - [03/Apr/2020:11:32:35 +0800] "GET /xingrg/kc/print/load_data.html?order_code=212020040300491&kc_code=cgsh&condition= HTTP/1.1" 200 660
101.91.60.11 - - [03/Apr/2020:11:32:36 +0800] "GET /xingrg/login.html HTTP/1.1" 200 7641
222.69.139.91 - - [03/Apr/2020:11:32:37 +0800] "GET /xingrg/all/function/internal_message.html?_=1585884750582&CODE_STATE=getMsg HTTP/1.1" 200 27
116.232.54.155 - - [03/Apr/2020:11:32:38 +0800] "GET /xingrg/kc/buy/cgsh_order_add.html HTTP/1.1" 200 57901
116.232.54.155 - - [03/Apr/2020:11:32:38 +0800] "POST /xingrg/kc/buy/cgsh_order_operate.html HTTP/1.1" 200 8245
116.232.54.155 - - [03/Apr/2020:11:32:38 +0800] "GET /xingrg/all/common/auto_word.html?type=employee&rest_code=00109 HTTP/1.1" 200 255
116.232.54.155 - - [03/Apr/2020:11:32:39 +0800] "GET /xingrg/all/common/auto_word.html?type=employee&rest_code=00109 HTTP/1.1" 200 255
116.232.54.155 - - [03/Apr/2020:11:32:39 +0800] "GET /xingrg/javascript/easyui/themes/default/validatebox.css HTTP/1.1" 404 1104
116.232.54.155 - - [03/Apr/2020:11:32:43 +0800] "GET /xingrg/javascript/jquery_tools/images/next.gif HTTP/1.1" 404 1086
116.232.54.155 - - [03/Apr/2020:11:32:43 +0800] "GET /xingrg/javascript/jquery_tools/images/prev.gif HTTP/1.1" 404 1086
114.88.159.93 - - [03/Apr/2020:11:32:47 +0800] "GET /xingrg/all/function/internal_message.html?_=1585884735688&CODE_STATE=getMsg HTTP/1.1" 200 27
116.232.54.155 - - [03/Apr/2020:11:32:47 +0800] "GET /xingrg/kc/buy/cgsh_order_operate.html?command=get_materiel&rest_code=00109&code=00101010535&supplier_code=00100322&order_time=2020-04-03 HTTP/1.1" 200 428
180.156.150.85 - - [03/Apr/2020:11:32:48 +0800] "GET /xingrg/all/function/internal_message.html?_=1585884767809&CODE_STATE=getMsg HTTP/1.1" 200 27
58.221.95.50 - - [03/Apr/2020:11:32:49 +0800] "GET /xingrg/all/function/internal_message.html?_=1585885126048&CODE_STATE=getMsg HTTP/1.1" 200 27
172.17.0.115 - - [03/Apr/2020:11:32:50 +0800] "GET /xingrg/all/function/internal_message.html?_=1585884768771&CODE_STATE=getMsg HTTP/1.1" 200 27
172.17.0.115 - - [03/Apr/2020:11:32:50 +0800] "GET /xingrg/check_reg.html?_=1585884768772 HTTP/1.1" 200 22
180.162.232.172 - - [03/Apr/2020:11:32:52 +0800] "GET /xingrg/all/function/internal_message.html?_=1585884897383&CODE_STATE=getMsg HTTP/1.1" 200 27
114.95.157.20 - - [03/Apr/2020:11:32:53 +0800] "GET /xingrg/all/function/internal_message.html?_=1585884771029&CODE_STATE=getMsg HTTP/1.1" 200 27
114.95.157.20 - - [03/Apr/2020:11:32:53 +0800] "GET /xingrg/check_reg.html?_=1585884771040 HTTP/1.1" 200 22
116.232.54.155 - - [03/Apr/2020:11:32:53 +0800] "POST /xingrg/kc/buy/cgsh_order_operate.html HTTP/1.1" 200 37
116.232.54.155 - - [03/Apr/2020:11:32:54 +0800] "POST /xingrg/kc/buy/cgsh_order_operate.html HTTP/1.1" 200 2679
116.232.54.155 - - [03/Apr/2020:11:32:55 +0800] "GET /xingrg/kc/print/load_config.html?kc_code=cgsh HTTP/1.1" 200 1841
116.232.54.155 - - [03/Apr/2020:11:32:55 +0800] "GET /xingrg/kc/print/load_data.html?order_code=212020040300492&kc_code=cgsh&condition= HTTP/1.1" 200 673
120.253.135.82 - - [03/Apr/2020:11:32:56 +0800] "GET /xingrg/all/function/internal_message.html?_=1585884847460&CODE_STATE=getMsg HTTP/1.1" 200 27
61.151.178.174 - - [03/Apr/2020:11:32:58 +0800] "GET /xingrg/all/function/internal_message.html?_=1585884075680&CODE_STATE=getMsg HTTP/1.1" 302 -
116.232.54.155 - - [03/Apr/2020:11:32:59 +0800] "GET /xingrg/kc/buy/cgsh_order_add.html HTTP/1.1" 200 57901
116.232.54.155 - - [03/Apr/2020:11:32:59 +0800] "POST /xingrg/kc/buy/cgsh_order_operate.html HTTP/1.1" 200 8245
116.232.54.155 - - [03/Apr/2020:11:32:59 +0800] "GET /xingrg/all/common/auto_word.html?type=employee&rest_code=00109 HTTP/1.1" 200 255
116.232.54.155 - - [03/Apr/2020:11:32:59 +0800] "GET /xingrg/all/common/auto_word.html?type=employee&rest_code=00109 HTTP/1.1" 200 255
116.232.54.155 - - [03/Apr/2020:11:32:59 +0800] "GET /xingrg/javascript/easyui/themes/default/validatebox.css HTTP/1.1" 404 1104
61.151.178.174 - - [03/Apr/2020:11:33:06 +0800] "GET /xingrg/login.html HTTP/1.1" 200 7641
117.131.5.26 - - [03/Apr/2020:11:33:10 +0800] "GET /xingrg/all/function/internal_message.html?_=1585885043491&CODE_STATE=getMsg HTTP/1.1" 200 27
172.17.0.107 - - [03/Apr/2020:11:33:10 +0800] "GET /xingrg/all/function/internal_message.html?_=1585884790531&CODE_STATE=getMsg HTTP/1.1" 200 27
172.17.1.5 - - [03/Apr/2020:11:33:13 +0800] "GET /xingrg/check_reg.html?_=1585884785818 HTTP/1.1" 200 22
117.131.5.26 - - [03/Apr/2020:11:33:13 +0800] "GET /xingrg/check_reg.html?_=1585885046667 HTTP/1.1" 200 22
180.162.232.172 - - [03/Apr/2020:11:33:19 +0800] "GET /xingrg/kc/base/wldb_order_operate.html?command=get_materiel&rest_code=00150&base_code=0010446&code=00102002161 HTTP/1.1" 200 436
172.17.0.112 - - [03/Apr/2020:11:33:22 +0800] "GET /xingrg/all/function/internal_message.html?_=1585884817078&CODE_STATE=getMsg HTTP/1.1" 302 -
172.17.0.112 - - [03/Apr/2020:11:33:23 +0800] "GET /xingrg/all/function/internal_message.html?_=1585884818505&CODE_STATE=getMsg HTTP/1.1" 302 -
180.162.232.172 - - [03/Apr/2020:11:33:28 +0800] "GET /xingrg/kc/base/wldb_order_operate.html?command=get_materiel&rest_code=00150&base_code=0010446&code=00102001008 HTTP/1.1" 200 425
116.235.222.53 - - [03/Apr/2020:11:33:29 +0800] "GET /xingrg/all/function/internal_message.html?_=1585884798840&CODE_STATE=getMsg HTTP/1.1" 200 27
116.232.54.155 - - [03/Apr/2020:11:33:29 +0800] "GET /xingrg/all/function/internal_message.html?_=1585884840187&CODE_STATE=getMsg HTTP/1.1" 200 27
117.131.5.26 - - [03/Apr/2020:11:33:32 +0800] "GET /xingrg/all/function/internal_message.html?_=1585884828234&CODE_STATE=getMsg HTTP/1.1" 200 27
117.185.32.26 - - [03/Apr/2020:11:33:33 +0800] "GET /xingrg/all/function/internal_message.html?_=1585885216129&CODE_STATE=getMsg HTTP/1.1" 200 27
222.70.183.62 - - [03/Apr/2020:11:33:33 +0800] "GET /xingrg/all/function/internal_message.html?_=1585884811157&CODE_STATE=getMsg HTTP/1.1" 200 27
222.69.139.91 - - [03/Apr/2020:11:33:37 +0800] "GET /xingrg/all/function/internal_message.html?_=1585884810580&CODE_STATE=getMsg HTTP/1.1" 200 27
180.162.232.172 - - [03/Apr/2020:11:33:45 +0800] "POST /xingrg/kc/base/wldb_order_operate.html HTTP/1.1" 200 37
180.162.232.172 - - [03/Apr/2020:11:33:46 +0800] "POST /xingrg/kc/base/wldb_order_operate.html HTTP/1.1" 200 12
180.162.232.172 - - [03/Apr/2020:11:33:47 +0800] "POST /xingrg/kc/base/wldb_order_operate.html HTTP/1.1" 200 3637
114.88.159.93 - - [03/Apr/2020:11:33:47 +0800] "GET /xingrg/all/function/internal_message.html?_=1585884795686&CODE_STATE=getMsg HTTP/1.1" 200 27
180.162.232.172 - - [03/Apr/2020:11:33:47 +0800] "GET /xingrg/kc/base/wldb_order_info.html?code=422020040300173 HTTP/1.1" 200 26209
180.156.150.85 - - [03/Apr/2020:11:33:48 +0800] "GET /xingrg/all/function/internal_message.html?_=1585884827791&CODE_STATE=getMsg HTTP/1.1" 200 27
180.162.232.172 - - [03/Apr/2020:11:33:48 +0800] "POST /xingrg/kc/base/wldb_order_operate.html HTTP/1.1" 200 1899
180.162.232.172 - - [03/Apr/2020:11:33:48 +0800] "GET /xingrg/javascript/easyui/themes/default/validatebox.css HTTP/1.1" 404 1104
58.221.95.50 - - [03/Apr/2020:11:33:49 +0800] "GET /xingrg/all/function/internal_message.html?_=1585885186053&CODE_STATE=getMsg HTTP/1.1" 200 27
58.221.95.50 - - [03/Apr/2020:11:33:49 +0800] "GET /xingrg/check_reg.html?_=1585885186078 HTTP/1.1" 200 22
172.17.0.115 - - [03/Apr/2020:11:33:50 +0800] "GET /xingrg/all/function/internal_message.html?_=1585884828774&CODE_STATE=getMsg HTTP/1.1" 200 27
180.162.232.172 - - [03/Apr/2020:11:33:52 +0800] "GET /xingrg/all/function/internal_message.html?_=1585884957389&CODE_STATE=getMsg HTTP/1.1" 200 27
180.162.232.172 - - [03/Apr/2020:11:33:53 +0800] "GET /xingrg/kc/base/yddb_order_list.html HTTP/1.1" 200 16864
114.95.157.20 - - [03/Apr/2020:11:33:53 +0800] "GET /xingrg/all/function/internal_message.html?_=1585884831034&CODE_STATE=getMsg HTTP/1.1" 200 27
180.162.232.172 - - [03/Apr/2020:11:33:53 +0800] "POST /xingrg/kc/base/yddb_list_operate.html HTTP/1.1" 200 1217
120.253.135.82 - - [03/Apr/2020:11:33:54 +0800] "GET /xingrg/check_reg.html?_=1585884904804 HTTP/1.1" 200 22
120.253.135.82 - - [03/Apr/2020:11:33:56 +0800] "GET /xingrg/all/function/internal_message.html?_=1585884907474&CODE_STATE=getMsg HTTP/1.1" 200 27
180.162.232.172 - - [03/Apr/2020:11:33:58 +0800] "GET /xingrg/kc/base/yddb_order_add.html HTTP/1.1" 200 29565
180.162.232.172 - - [03/Apr/2020:11:33:58 +0800] "GET /xingrg/javascript/Calendar.js HTTP/1.1" 304 -
180.162.232.172 - - [03/Apr/2020:11:33:58 +0800] "GET /xingrg/dwr/interface/AjaxYddbService.js HTTP/1.1" 200 13201
180.162.232.172 - - [03/Apr/2020:11:33:58 +0800] "GET /xingrg/dwr/interface/AjaxComOrderService.js HTTP/1.1" 200 18264
180.162.232.172 - - [03/Apr/2020:11:33:58 +0800] "GET /xingrg/javascript/AjaxInfoList.js HTTP/1.1" 304 -
180.162.232.172 - - [03/Apr/2020:11:33:58 +0800] "GET /xingrg/javascript/Grid.js HTTP/1.1" 200 58908
180.162.232.172 - - [03/Apr/2020:11:33:58 +0800] "GET /xingrg/javascript/myfunction.js HTTP/1.1" 304 -
180.162.232.172 - - [03/Apr/2020:11:33:58 +0800] "GET /xingrg/javascript/ToolTips.js HTTP/1.1" 200 5615
180.162.232.172 - - [03/Apr/2020:11:33:58 +0800] "GET /xingrg/dwr/engine.js HTTP/1.1" 200 43631
180.162.232.172 - - [03/Apr/2020:11:33:58 +0800] "GET /xingrg/javascript/checkform.js HTTP/1.1" 200 18351
180.162.232.172 - - [03/Apr/2020:11:33:58 +0800] "GET /xingrg/dwr/util.js HTTP/1.1" 200 35990
180.162.232.172 - - [03/Apr/2020:11:33:59 +0800] "GET /xingrg/javascript/jquery_easy_ui/themes/icons/edit_add_new.png HTTP/1.1" 200 2997
180.162.232.172 - - [03/Apr/2020:11:33:59 +0800] "GET /xingrg/javascript/jquery_easy_ui/themes/icons/print.png HTTP/1.1" 304 -
180.162.232.172 - - [03/Apr/2020:11:33:59 +0800] "GET /xingrg/javascript/jquery_easy_ui/themes/default/images/menu_downarrow.png HTTP/1.1" 304 -
180.162.232.172 - - [03/Apr/2020:11:33:59 +0800] "GET /xingrg/javascript/jquery_easy_ui/themes/icons/cance_new.png HTTP/1.1" 304 -
180.162.232.172 - - [03/Apr/2020:11:33:59 +0800] "GET /xingrg/javascript/jquery_easy_ui/themes/icons/back_new.png HTTP/1.1" 304 -
180.162.232.172 - - [03/Apr/2020:11:33:59 +0800] "GET /xingrg/images/blue/button/kc_tab_save.gif HTTP/1.1" 200 777
180.162.232.172 - - [03/Apr/2020:11:33:59 +0800] "GET /xingrg/images/blue/button/kc_tab_add.gif HTTP/1.1" 200 375
180.162.232.172 - - [03/Apr/2020:11:33:59 +0800] "GET /xingrg/images/blue/button/kc_tab_edit.gif HTTP/1.1" 200 551
180.162.232.172 - - [03/Apr/2020:11:33:59 +0800] "GET /xingrg/images/blue/button/kc_tab_del.gif HTTP/1.1" 200 383
180.162.232.172 - - [03/Apr/2020:11:33:59 +0800] "GET /xingrg/images/blue/kc_tab_mid.gif HTTP/1.1" 200 44
180.162.232.172 - - [03/Apr/2020:11:33:59 +0800] "GET /xingrg/images/blue/kc_tab_right.gif HTTP/1.1" 200 643
180.162.232.172 - - [03/Apr/2020:11:33:59 +0800] "GET /xingrg/images/blue/kc_tab_left.gif HTTP/1.1" 200 188
180.162.232.172 - - [03/Apr/2020:11:33:59 +0800] "GET /xingrg/images/blue/kc_tab2_left.gif HTTP/1.1" 200 625
180.162.232.172 - - [03/Apr/2020:11:33:59 +0800] "GET /xingrg/images/blue/kc_tab2_right.gif HTTP/1.1" 200 192
180.162.232.172 - - [03/Apr/2020:11:33:59 +0800] "GET /xingrg/javascript/jquery_easy_ui/themes/default/images/button_plain_hover.png HTTP/1.1" 304 -
172.17.0.112 - - [03/Apr/2020:11:34:00 +0800] "GET /xingrg/check_reg.html?_=1585884855242 HTTP/1.1" 302 -
180.162.232.172 - - [03/Apr/2020:11:34:05 +0800] "GET /xingrg/images/blue/wait.gif HTTP/1.1" 200 1100
180.162.232.172 - - [03/Apr/2020:11:34:05 +0800] "POST /xingrg/dwr/call/plaincall/AjaxYddbService.getRestBases.dwr HTTP/1.1" 200 1433
117.131.5.26 - - [03/Apr/2020:11:34:10 +0800] "GET /xingrg/all/function/internal_message.html?_=1585885103497&CODE_STATE=getMsg HTTP/1.1" 200 27
172.17.0.107 - - [03/Apr/2020:11:34:10 +0800] "GET /xingrg/all/function/internal_message.html?_=1585884850505&CODE_STATE=getMsg HTTP/1.1" 200 27
180.162.232.172 - - [03/Apr/2020:11:34:14 +0800] "POST /xingrg/dwr/call/plaincall/AjaxYddbService.saveOrder.dwr HTTP/1.1" 200 78
180.162.232.172 - - [03/Apr/2020:11:34:17 +0800] "GET /xingrg/images/yd/bt.gif HTTP/1.1" 404 1040
180.162.232.172 - - [03/Apr/2020:11:34:19 +0800] "POST /xingrg/dwr/call/plaincall/AjaxComOrderService.getMaterielSearchList.dwr HTTP/1.1" 200 25352
180.162.232.172 - - [03/Apr/2020:11:34:19 +0800] "POST /xingrg/dwr/call/plaincall/AjaxComOrderService.getMaterielSearchList.dwr HTTP/1.1" 200 1433
180.162.232.172 - - [03/Apr/2020:11:34:20 +0800] "POST /xingrg/dwr/call/plaincall/AjaxComOrderService.getMaterielSearchList.dwr HTTP/1.1" 200 439
172.17.0.112 - - [03/Apr/2020:11:34:22 +0800] "GET /xingrg/all/function/internal_message.html?_=1585884877104&CODE_STATE=getMsg HTTP/1.1" 302 -
172.17.0.112 - - [03/Apr/2020:11:34:23 +0800] "GET /xingrg/all/function/internal_message.html?_=1585884878526&CODE_STATE=getMsg HTTP/1.1" 302 -
180.162.232.172 - - [03/Apr/2020:11:34:25 +0800] "POST /xingrg/dwr/call/plaincall/AjaxComOrderService.getMaterielSearchList.dwr HTTP/1.1" 200 1433
180.162.232.172 - - [03/Apr/2020:11:34:26 +0800] "POST /xingrg/dwr/call/plaincall/AjaxComOrderService.getMaterielSearchList.dwr HTTP/1.1" 200 439
116.232.54.155 - - [03/Apr/2020:11:34:27 +0800] "GET /xingrg/all/function/internal_message.html?_=1585884900177&CODE_STATE=getMsg HTTP/1.1" 200 27
180.162.232.172 - - [03/Apr/2020:11:34:27 +0800] "POST /xingrg/dwr/call/plaincall/AjaxYddbService.getMaterielByMap.dwr HTTP/1.1" 200 3570
116.235.222.53 - - [03/Apr/2020:11:34:29 +0800] "GET /xingrg/check_reg.html?_=1585884858839 HTTP/1.1" 200 22
116.235.222.53 - - [03/Apr/2020:11:34:29 +0800] "GET /xingrg/all/function/internal_message.html?_=1585884858852&CODE_STATE=getMsg HTTP/1.1" 200 27
117.131.5.26 - - [03/Apr/2020:11:34:32 +0800] "GET /xingrg/all/function/internal_message.html?_=1585884888234&CODE_STATE=getMsg HTTP/1.1" 200 27
117.185.32.26 - - [03/Apr/2020:11:34:33 +0800] "GET /xingrg/all/function/internal_message.html?_=1585885276143&CODE_STATE=getMsg HTTP/1.1" 200 27
222.70.183.62 - - [03/Apr/2020:11:34:34 +0800] "GET /xingrg/all/function/internal_message.html?_=1585884871319&CODE_STATE=getMsg HTTP/1.1" 200 27
117.185.32.26 - - [03/Apr/2020:11:34:34 +0800] "GET /xingrg/check_reg.html?_=1585885276941 HTTP/1.1" 200 22
222.69.139.91 - - [03/Apr/2020:11:34:37 +0800] "GET /xingrg/all/function/internal_message.html?_=1585884870583&CODE_STATE=getMsg HTTP/1.1" 200 27
180.162.232.172 - - [03/Apr/2020:11:34:38 +0800] "POST /xingrg/dwr/call/plaincall/AjaxYddbService.saveMaterielItem.dwr HTTP/1.1" 200 78
180.162.232.172 - - [03/Apr/2020:11:34:41 +0800] "POST /xingrg/dwr/call/plaincall/AjaxYddbService.checkOrder.dwr HTTP/1.1" 200 78
180.162.232.172 - - [03/Apr/2020:11:34:42 +0800] "GET /xingrg/kc/base/yddb_order_info.html?code=482020040300009 HTTP/1.1" 200 29669
180.162.232.172 - - [03/Apr/2020:11:34:42 +0800] "GET /xingrg/dwr/interface/AjaxYddbService.js HTTP/1.1" 200 13201
180.162.232.172 - - [03/Apr/2020:11:34:42 +0800] "GET /xingrg/dwr/interface/AjaxComOrderService.js HTTP/1.1" 200 18264
180.162.232.172 - - [03/Apr/2020:11:34:42 +0800] "GET /xingrg/dwr/engine.js HTTP/1.1" 200 43631
180.162.232.172 - - [03/Apr/2020:11:34:43 +0800] "POST /xingrg/dwr/call/plaincall/AjaxYddbService.loadMaterielItems.dwr HTTP/1.1" 200 443
180.162.232.172 - - [03/Apr/2020:11:34:46 +0800] "GET /xingrg/check_reg.html?_=1585885011397 HTTP/1.1" 200 22
114.88.159.93 - - [03/Apr/2020:11:34:47 +0800] "GET /xingrg/check_reg.html?_=1585884855687 HTTP/1.1" 200 22
114.88.159.93 - - [03/Apr/2020:11:34:47 +0800] "GET /xingrg/all/function/internal_message.html?_=1585884855685&CODE_STATE=getMsg HTTP/1.1" 200 27
180.156.150.85 - - [03/Apr/2020:11:34:48 +0800] "GET /xingrg/all/function/internal_message.html?_=1585884887790&CODE_STATE=getMsg HTTP/1.1" 200 27
58.221.95.50 - - [03/Apr/2020:11:34:49 +0800] "GET /xingrg/all/function/internal_message.html?_=1585885246047&CODE_STATE=getMsg HTTP/1.1" 200 27
180.162.232.172 - - [03/Apr/2020:11:34:49 +0800] "POST /xingrg/all/user/operate.html HTTP/1.1" 200 36
172.17.0.115 - - [03/Apr/2020:11:34:50 +0800] "GET /xingrg/all/function/internal_message.html?_=1585884888776&CODE_STATE=getMsg HTTP/1.1" 200 27
180.162.232.172 - - [03/Apr/2020:11:34:50 +0800] "GET /xingrg/index.html?sysBaseUrl=http%3A%2F%2F180.169.147.146%3A18081%2Fxingrg%2F&costTime=36×tamp=1585878948620 HTTP/1.1" 200 17177
180.162.232.172 - - [03/Apr/2020:11:34:50 +0800] "GET /xingrg/javascript/jquery_easy_ui/themes/default/easyui.css HTTP/1.1" 304 -
180.162.232.172 - - [03/Apr/2020:11:34:50 +0800] "GET /xingrg/javascript/jquery_easy_ui/themes/icon.css HTTP/1.1" 304 -
180.162.232.172 - - [03/Apr/2020:11:34:50 +0800] "GET /xingrg/css/form.css HTTP/1.1" 304 -
180.162.232.172 - - [03/Apr/2020:11:34:50 +0800] "GET /xingrg/javascript/jquery-1.4.2.min.js HTTP/1.1" 304 -
180.162.232.172 - - [03/Apr/2020:11:34:50 +0800] "GET /xingrg/javascript/jquery_easy_ui/jquery.easyui.min.js HTTP/1.1" 304 -
180.162.232.172 - - [03/Apr/2020:11:34:50 +0800] "GET /xingrg/javascript/jquery_easy_ui/easyui-lang-zh_CN.js HTTP/1.1" 304 -
180.162.232.172 - - [03/Apr/2020:11:34:50 +0800] "GET /xingrg/javascript/jquery.form.js HTTP/1.1" 304 -
180.162.232.172 - - [03/Apr/2020:11:34:50 +0800] "GET /xingrg/javascript/jquery.utils.js HTTP/1.1" 304 -
180.162.232.172 - - [03/Apr/2020:11:34:50 +0800] "GET /xingrg/javascript/jquery.timers.js HTTP/1.1" 304 -
180.162.232.172 - - [03/Apr/2020:11:34:50 +0800] "GET /xingrg/images/blue/jxLogo.png HTTP/1.1" 304 -
180.162.232.172 - - [03/Apr/2020:11:34:50 +0800] "GET /xingrg/images/blue/navBackgound.jpg HTTP/1.1" 304 -
180.162.232.172 - - [03/Apr/2020:11:34:50 +0800] "GET /xingrg/javascript/jquery_easy_ui/themes/icons/settle_new.png HTTP/1.1" 304 -
180.162.232.172 - - [03/Apr/2020:11:34:51 +0800] "POST /xingrg/all/common/load_tree.html?tree=area_rest_tree_json&manage=1 HTTP/1.1" 200 476
180.162.232.172 - - [03/Apr/2020:11:34:51 +0800] "GET /xingrg/images/blue/pingpu.png HTTP/1.1" 304 -
180.162.232.172 - - [03/Apr/2020:11:34:51 +0800] "GET /xingrg/javascript/jquery_easy_ui/themes/default/images/tabs_leftarrow.png HTTP/1.1" 304 -
180.162.232.172 - - [03/Apr/2020:11:34:51 +0800] "GET /xingrg/javascript/jquery_easy_ui/themes/default/images/tabs_rightarrow.png HTTP/1.1" 304 -
180.162.232.172 - - [03/Apr/2020:11:34:51 +0800] "GET /xingrg/javascript/jquery_easy_ui/themes/default/images/panel_tool_collapse.gif HTTP/1.1" 304 -
180.162.232.172 - - [03/Apr/2020:11:34:51 +0800] "GET /xingrg/check_reg.html?_=1585885016295 HTTP/1.1" 200 22
180.162.232.172 - - [03/Apr/2020:11:34:51 +0800] "GET /xingrg/all/function/internal_message.html?_=1585885016294&CODE_STATE=count HTTP/1.1" 200 11
180.162.232.172 - - [03/Apr/2020:11:34:51 +0800] "POST /xingrg/load_menu.html HTTP/1.1" 200 5138
114.95.157.20 - - [03/Apr/2020:11:34:53 +0800] "GET /xingrg/all/function/internal_message.html?_=1585884891032&CODE_STATE=getMsg HTTP/1.1" 200 27
120.253.135.82 - - [03/Apr/2020:11:34:56 +0800] "GET /xingrg/all/function/internal_message.html?_=1585884967486&CODE_STATE=getMsg HTTP/1.1" 200 27
180.162.232.172 - - [03/Apr/2020:11:34:57 +0800] "GET /xingrg/kc/base/yddb_order_list.html HTTP/1.1" 200 16862
180.162.232.172 - - [03/Apr/2020:11:34:57 +0800] "POST /xingrg/kc/base/yddb_list_operate.html HTTP/1.1" 200 1217
180.162.232.172 - - [03/Apr/2020:11:35:02 +0800] "POST /xingrg/kc/base/yddb_list_operate.html HTTP/1.1" 200 2205
101.85.52.41 - - [03/Apr/2020:11:35:02 +0800] "GET /xingrg/login.html HTTP/1.1" 200 7641
101.85.52.41 - - [03/Apr/2020:11:35:02 +0800] "GET /xingrg/images/blue/jxLogo.png HTTP/1.1" 200 6156
101.85.52.41 - - [03/Apr/2020:11:35:03 +0800] "GET /xingrg/images/blue/hj.png HTTP/1.1" 200 1014
101.85.52.41 - - [03/Apr/2020:11:35:03 +0800] "GET /xingrg/images/blue/srbg.png HTTP/1.1" 200 138
101.85.52.41 - - [03/Apr/2020:11:35:03 +0800] "GET /xingrg/images/blue/login_bg.png HTTP/1.1" 200 22101
180.162.232.172 - - [03/Apr/2020:11:35:03 +0800] "POST /xingrg/kc/base/yddb_list_operate.html HTTP/1.1" 200 213
101.85.52.41 - - [03/Apr/2020:11:35:03 +0800] "GET /favicon.ico HTTP/1.1" 404 -
180.162.232.172 - - [03/Apr/2020:11:35:04 +0800] "GET /xingrg/kc/base/yddb_order_info.html?code=482020040300009 HTTP/1.1" 200 31198
180.162.232.172 - - [03/Apr/2020:11:35:04 +0800] "GET /xingrg/dwr/interface/AjaxYddbService.js HTTP/1.1" 200 13201
180.162.232.172 - - [03/Apr/2020:11:35:04 +0800] "GET /xingrg/dwr/interface/AjaxComOrderService.js HTTP/1.1" 200 18264
180.162.232.172 - - [03/Apr/2020:11:35:04 +0800] "GET /xingrg/dwr/engine.js HTTP/1.1" 200 43631
180.162.232.172 - - [03/Apr/2020:11:35:04 +0800] "POST /xingrg/dwr/call/plaincall/AjaxYddbService.loadMaterielItems.dwr HTTP/1.1" 200 443
117.131.5.26 - - [03/Apr/2020:11:35:10 +0800] "GET /xingrg/all/function/internal_message.html?_=1585885163510&CODE_STATE=getMsg HTTP/1.1" 200 27
172.17.0.107 - - [03/Apr/2020:11:35:10 +0800] "GET /xingrg/all/function/internal_message.html?_=1585884910477&CODE_STATE=getMsg HTTP/1.1" 200 27
117.185.32.26 - - [03/Apr/2020:11:35:12 +0800] "GET /xingrg/kc/mdqp/qp_main.html HTTP/1.1" 200 10633
180.162.232.172 - - [03/Apr/2020:11:35:13 +0800] "POST /xingrg/dwr/call/plaincall/AjaxYddbService.saveOrder.dwr HTTP/1.1" 200 78
117.185.32.26 - - [03/Apr/2020:11:35:13 +0800] "GET /xingrg/images/yd/bt.gif HTTP/1.1" 404 1040
172.17.0.107 - - [03/Apr/2020:11:35:14 +0800] "GET /xingrg/check_reg.html?_=1585884913866 HTTP/1.1" 200 22
117.185.32.26 - - [03/Apr/2020:11:35:14 +0800] "GET /xingrg/kc/mdqp/pssh_order_list.html HTTP/1.1" 200 17618
117.185.32.26 - - [03/Apr/2020:11:35:14 +0800] "POST /xingrg/kc/mdqp/pssh_list_operate.html HTTP/1.1" 200 5448
117.185.32.26 - - [03/Apr/2020:11:35:16 +0800] "POST /xingrg/kc/mdqp/pssh_list_operate.html HTTP/1.1" 200 260
117.185.32.26 - - [03/Apr/2020:11:35:16 +0800] "GET /xingrg/kc/mdqp/pssh_order_info.html?code=312020040200014 HTTP/1.1" 200 17293
117.185.32.26 - - [03/Apr/2020:11:35:16 +0800] "GET /xingrg/javascript/jquery_tools/jquery-1.4.2.min.js HTTP/1.1" 404 1094
117.185.32.26 - - [03/Apr/2020:11:35:16 +0800] "POST /xingrg/kc/mdqp/pssh_order_operate.html HTTP/1.1" 200 534
117.185.32.26 - - [03/Apr/2020:11:35:16 +0800] "GET /xingrg/javascript/easyui/themes/default/validatebox.css HTTP/1.1" 404 1104
180.162.232.172 - - [03/Apr/2020:11:35:17 +0800] "POST /xingrg/dwr/call/plaincall/AjaxYddbService.objCheckOrder.dwr HTTP/1.1" 200 78
180.162.232.172 - - [03/Apr/2020:11:35:18 +0800] "GET /xingrg/kc/base/yddb_order_info.html?code=482020040300009 HTTP/1.1" 200 31323
180.162.232.172 - - [03/Apr/2020:11:35:18 +0800] "GET /xingrg/dwr/interface/AjaxYddbService.js HTTP/1.1" 200 13201
180.162.232.172 - - [03/Apr/2020:11:35:18 +0800] "GET /xingrg/dwr/interface/AjaxComOrderService.js HTTP/1.1" 200 18264
180.162.232.172 - - [03/Apr/2020:11:35:18 +0800] "GET /xingrg/dwr/engine.js HTTP/1.1" 200 43631
180.162.232.172 - - [03/Apr/2020:11:35:18 +0800] "POST /xingrg/dwr/call/plaincall/AjaxYddbService.loadMaterielItems.dwr HTTP/1.1" 200 443
172.17.0.112 - - [03/Apr/2020:11:35:22 +0800] "GET /xingrg/all/function/internal_message.html?_=1585884937114&CODE_STATE=getMsg HTTP/1.1" 302 -
117.185.32.26 - - [03/Apr/2020:11:35:22 +0800] "POST /xingrg/all/common/load_combo.html?type=employee HTTP/1.1" 200 365
172.17.0.112 - - [03/Apr/2020:11:35:23 +0800] "GET /xingrg/all/function/internal_message.html?_=1585884938533&CODE_STATE=getMsg HTTP/1.1" 302 -
116.232.54.155 - - [03/Apr/2020:11:35:24 +0800] "GET /xingrg/all/function/internal_message.html?_=1585884960194&CODE_STATE=getMsg HTTP/1.1" 200 27
116.232.54.155 - - [03/Apr/2020:11:35:24 +0800] "GET /xingrg/check_reg.html?_=1585884960194 HTTP/1.1" 200 22
222.70.183.62 - - [03/Apr/2020:11:35:27 +0800] "GET /xingrg/kc/buy/cgsh_order_add.html HTTP/1.1" 200 57907
222.70.183.62 - - [03/Apr/2020:11:35:28 +0800] "POST /xingrg/kc/buy/cgsh_order_operate.html HTTP/1.1" 200 8245
222.70.183.62 - - [03/Apr/2020:11:35:28 +0800] "GET /xingrg/javascript/easyui/themes/default/validatebox.css HTTP/1.1" 404 1104
116.235.222.53 - - [03/Apr/2020:11:35:29 +0800] "GET /xingrg/all/function/internal_message.html?_=1585884918837&CODE_STATE=getMsg HTTP/1.1" 200 27
117.185.32.26 - - [03/Apr/2020:11:35:30 +0800] "POST /xingrg/kc/mdqp/pssh_order_operate.html HTTP/1.1" 200 37
117.185.32.26 - - [03/Apr/2020:11:35:30 +0800] "POST /xingrg/kc/mdqp/pssh_order_operate.html HTTP/1.1" 200 12
117.185.32.26 - - [03/Apr/2020:11:35:31 +0800] "GET /xingrg/kc/mdqp/pssh_order_info.html?code=312020040200014 HTTP/1.1" 200 14382
117.185.32.26 - - [03/Apr/2020:11:35:31 +0800] "GET /xingrg/javascript/jquery_tools/jquery-1.4.2.min.js HTTP/1.1" 404 1094
117.185.32.26 - - [03/Apr/2020:11:35:31 +0800] "POST /xingrg/kc/mdqp/pssh_order_operate.html HTTP/1.1" 200 534
117.185.32.26 - - [03/Apr/2020:11:35:31 +0800] "GET /xingrg/javascript/easyui/themes/default/validatebox.css HTTP/1.1" 404 1104
117.131.5.26 - - [03/Apr/2020:11:35:32 +0800] "GET /xingrg/all/function/internal_message.html?_=1585884948250&CODE_STATE=getMsg HTTP/1.1" 200 27
117.185.32.26 - - [03/Apr/2020:11:35:33 +0800] "GET /xingrg/all/function/internal_message.html?_=1585885336129&CODE_STATE=getMsg HTTP/1.1" 200 27
222.70.183.62 - - [03/Apr/2020:11:35:34 +0800] "GET /xingrg/all/function/internal_message.html?_=1585884931320&CODE_STATE=getMsg HTTP/1.1" 200 27
117.185.32.26 - - [03/Apr/2020:11:35:34 +0800] "GET /xingrg/kc/print/load_config.html?kc_code=pssh HTTP/1.1" 200 2290
117.185.32.26 - - [03/Apr/2020:11:35:34 +0800] "GET /xingrg/kc/print/load_data.html?order_code=312020040200014&kc_code=pssh&condition= HTTP/1.1" 200 653
222.69.139.91 - - [03/Apr/2020:11:35:37 +0800] "GET /xingrg/all/function/internal_message.html?_=1585884930581&CODE_STATE=getMsg HTTP/1.1" 200 27
114.88.159.93 - - [03/Apr/2020:11:35:47 +0800] "GET /xingrg/all/function/internal_message.html?_=1585884915685&CODE_STATE=getMsg HTTP/1.1" 200 27
180.156.150.85 - - [03/Apr/2020:11:35:48 +0800] "GET /xingrg/all/function/internal_message.html?_=1585884947765&CODE_STATE=getMsg HTTP/1.1" 200 27
58.221.95.50 - - [03/Apr/2020:11:35:49 +0800] "GET /xingrg/all/function/internal_message.html?_=1585885306045&CODE_STATE=getMsg HTTP/1.1" 200 27
180.156.150.85 - - [03/Apr/2020:11:35:50 +0800] "GET /xingrg/check_reg.html?_=1585884949841 HTTP/1.1" 200 22
172.17.0.115 - - [03/Apr/2020:11:35:50 +0800] "GET /xingrg/all/function/internal_message.html?_=1585884948780&CODE_STATE=getMsg HTTP/1.1" 200 27
180.162.232.172 - - [03/Apr/2020:11:35:51 +0800] "GET /xingrg/all/function/internal_message.html?_=1585885076309&CODE_STATE=getMsg HTTP/1.1" 200 27
114.95.157.20 - - [03/Apr/2020:11:35:53 +0800] "GET /xingrg/all/function/internal_message.html?_=1585884951043&CODE_STATE=getMsg HTTP/1.1" 200 27
61.151.178.166 - - [03/Apr/2020:11:35:56 +0800] "GET /xingrg/check_reg.html?_=1585884255691 HTTP/1.1" 302 -
120.253.135.82 - - [03/Apr/2020:11:35:56 +0800] "GET /xingrg/all/function/internal_message.html?_=1585885027501&CODE_STATE=getMsg HTTP/1.1" 200 27
