116.235.222.53 - - [03/Apr/2020:10:17:51 +0800] "GET /xingrg/javascript/easyui/themes/icons/uncheck_new.png HTTP/1.1" 200 3197
116.235.222.53 - - [03/Apr/2020:10:17:51 +0800] "GET /xingrg/javascript/easyui/themes/default/validatebox.css HTTP/1.1" 404 1104
116.235.222.53 - - [03/Apr/2020:10:17:51 +0800] "POST /xingrg/kc/mdqp/pssh_order_operate.html HTTP/1.1" 200 4300
117.131.5.26 - - [03/Apr/2020:10:17:51 +0800] "GET /xingrg/system/rest/get_item.html?table=menu&target=menu_rest_detail&id=2018&sid=5&_=1585880287328 HTTP/1.1" 200 428
116.235.222.53 - - [03/Apr/2020:10:17:52 +0800] "GET /xingrg/kc/mdqp/pssh_order_list.html?isBack=1 HTTP/1.1" 200 18026
116.235.222.53 - - [03/Apr/2020:10:17:52 +0800] "GET /xingrg/all/function/internal_message.html?_=1585880262447&CODE_STATE=getMsg HTTP/1.1" 200 27
116.235.222.53 - - [03/Apr/2020:10:17:52 +0800] "POST /xingrg/kc/mdqp/pssh_list_operate.html HTTP/1.1" 200 5405
61.151.178.174 - - [03/Apr/2020:10:17:54 +0800] "GET /xingrg/all/function/internal_message.html?_=1585879575550&CODE_STATE=getMsg HTTP/1.1" 302 -
116.235.222.53 - - [03/Apr/2020:10:17:54 +0800] "POST /xingrg/kc/mdqp/pssh_list_operate.html HTTP/1.1" 200 456
120.253.135.82 - - [03/Apr/2020:10:17:55 +0800] "GET /xingrg/all/function/internal_message.html?_=1585880346284&CODE_STATE=getMsg HTTP/1.1" 200 27
116.235.222.53 - - [03/Apr/2020:10:17:55 +0800] "GET /xingrg/kc/mdqp/pssh_order_info.html?code=312020040100011 HTTP/1.1" 200 17303
116.235.222.53 - - [03/Apr/2020:10:17:55 +0800] "GET /xingrg/javascript/jquery_tools/jquery-1.4.2.min.js HTTP/1.1" 404 1094
116.235.222.53 - - [03/Apr/2020:10:17:56 +0800] "GET /xingrg/javascript/easyui/themes/default/validatebox.css HTTP/1.1" 404 1104
116.235.222.53 - - [03/Apr/2020:10:17:56 +0800] "POST /xingrg/kc/mdqp/pssh_order_operate.html HTTP/1.1" 200 1577
180.156.150.85 - - [03/Apr/2020:10:17:57 +0800] "POST /xingrg/kc/buy/cgsh_order_operate.html HTTP/1.1" 200 37
222.69.139.91 - - [03/Apr/2020:10:17:58 +0800] "GET /xingrg/kc/buy/cgsh_order_operate.html?command=get_materiel&rest_code=00149&code=00101007081&supplier_code=00100205&order_time=2020-04-03 HTTP/1.1" 200 415
116.235.222.53 - - [03/Apr/2020:10:17:58 +0800] "POST /xingrg/all/common/load_combo.html?type=employee HTTP/1.1" 200 359
180.156.150.85 - - [03/Apr/2020:10:17:58 +0800] "POST /xingrg/kc/buy/cgsh_order_operate.html HTTP/1.1" 200 2655
61.151.178.174 - - [03/Apr/2020:10:17:59 +0800] "GET /xingrg/login.html HTTP/1.1" 200 7641
180.156.150.85 - - [03/Apr/2020:10:18:00 +0800] "GET /xingrg/kc/print/load_data.html?order_code=212020040300414&kc_code=cgsh&condition= HTTP/1.1" 200 710
117.131.5.26 - - [03/Apr/2020:10:18:01 +0800] "GET /xingrg/system/rest/query_items.html?_=1585880297015&table=menu&page=1&rows=20&categoryId=&key=bjx HTTP/1.1" 200 2381
116.235.222.53 - - [03/Apr/2020:10:18:01 +0800] "POST /xingrg/kc/mdqp/pssh_order_operate.html HTTP/1.1" 200 37
116.235.222.53 - - [03/Apr/2020:10:18:02 +0800] "POST /xingrg/kc/mdqp/pssh_order_operate.html HTTP/1.1" 200 12
116.235.222.53 - - [03/Apr/2020:10:18:02 +0800] "GET /xingrg/kc/mdqp/pssh_order_info.html?code=312020040100011 HTTP/1.1" 200 14388
116.235.222.53 - - [03/Apr/2020:10:18:02 +0800] "GET /xingrg/javascript/jquery_tools/jquery-1.4.2.min.js HTTP/1.1" 404 1094
116.235.222.53 - - [03/Apr/2020:10:18:03 +0800] "GET /xingrg/javascript/easyui/themes/default/validatebox.css HTTP/1.1" 404 1104
116.235.222.53 - - [03/Apr/2020:10:18:03 +0800] "POST /xingrg/kc/mdqp/pssh_order_operate.html HTTP/1.1" 200 1577
117.131.5.26 - - [03/Apr/2020:10:18:03 +0800] "GET /xingrg/system/rest/get_item.html?table=menu&id=1996&_=1585880299171 HTTP/1.1" 200 956
117.131.5.26 - - [03/Apr/2020:10:18:03 +0800] "GET /xingrg/system/rest/get_item.html?table=menu&target=menu_rest&id=1996&_=1585880299187 HTTP/1.1" 200 772
117.131.5.26 - - [03/Apr/2020:10:18:03 +0800] "GET /xingrg/system/rest/get_item.html?table=menu&target=cook_mode&id=1996&_=1585880299187 HTTP/1.1" 200 14339
116.235.222.53 - - [03/Apr/2020:10:18:04 +0800] "GET /xingrg/kc/mdqp/pssh_order_list.html?isBack=1 HTTP/1.1" 200 18026
116.235.222.53 - - [03/Apr/2020:10:18:05 +0800] "POST /xingrg/kc/mdqp/pssh_list_operate.html HTTP/1.1" 200 5427
117.131.5.26 - - [03/Apr/2020:10:18:05 +0800] "GET /xingrg/all/function/internal_message.html?_=1585880538154&CODE_STATE=getMsg HTTP/1.1" 200 27
116.235.222.53 - - [03/Apr/2020:10:18:06 +0800] "POST /xingrg/kc/mdqp/pssh_list_operate.html HTTP/1.1" 200 347
116.235.222.53 - - [03/Apr/2020:10:18:07 +0800] "POST /xingrg/kc/mdqp/pssh_list_operate.html HTTP/1.1" 200 814
116.235.222.53 - - [03/Apr/2020:10:18:07 +0800] "GET /xingrg/kc/mdqp/pssh_order_info.html?code=312020031900094 HTTP/1.1" 200 17272
116.235.222.53 - - [03/Apr/2020:10:18:07 +0800] "GET /xingrg/javascript/jquery_tools/jquery-1.4.2.min.js HTTP/1.1" 404 1094
116.235.222.53 - - [03/Apr/2020:10:18:07 +0800] "GET /xingrg/javascript/easyui/themes/default/validatebox.css HTTP/1.1" 404 1104
116.235.222.53 - - [03/Apr/2020:10:18:07 +0800] "POST /xingrg/kc/mdqp/pssh_order_operate.html HTTP/1.1" 200 1032
117.131.5.26 - - [03/Apr/2020:10:18:08 +0800] "GET /xingrg/system/rest/get_infos.html?command=menu_img_show&id=1996 HTTP/1.1" 200 5
117.184.7.26 - - [03/Apr/2020:10:18:08 +0800] "GET /xingrg/all/function/internal_message.html?_=1585880276908&CODE_STATE=getMsg HTTP/1.1" 200 27
116.235.222.53 - - [03/Apr/2020:10:18:09 +0800] "POST /xingrg/all/common/load_combo.html?type=base&rest_code=00107 HTTP/1.1" 200 3742
117.131.5.26 - - [03/Apr/2020:10:18:10 +0800] "GET /xingrg/system/rest/get_item.html?table=menu&target=menu_rest_detail&id=1996&sid=5&_=1585880306453 HTTP/1.1" 200 429
172.17.0.107 - - [03/Apr/2020:10:18:12 +0800] "GET /xingrg/all/function/internal_message.html?_=1585880292465&CODE_STATE=getMsg HTTP/1.1" 200 27
172.17.1.5 - - [03/Apr/2020:10:18:13 +0800] "GET /xingrg/check_reg.html?_=1585880285826 HTTP/1.1" 200 22
117.131.5.26 - - [03/Apr/2020:10:18:13 +0800] "GET /xingrg/check_reg.html?_=1585880546588 HTTP/1.1" 200 22
116.235.222.53 - - [03/Apr/2020:10:18:16 +0800] "POST /xingrg/all/common/load_combo.html?type=employee HTTP/1.1" 200 359
114.84.33.255 - - [03/Apr/2020:10:18:16 +0800] "GET /xingrg/all/function/internal_message.html?_=1585880290335&CODE_STATE=getMsg HTTP/1.1" 200 27
116.235.222.53 - - [03/Apr/2020:10:18:19 +0800] "POST /xingrg/kc/mdqp/pssh_order_operate.html HTTP/1.1" 200 37
116.235.222.53 - - [03/Apr/2020:10:18:19 +0800] "POST /xingrg/kc/mdqp/pssh_order_operate.html HTTP/1.1" 200 125
172.17.0.112 - - [03/Apr/2020:10:18:20 +0800] "GET /xingrg/all/function/internal_message.html?_=1585880315198&CODE_STATE=getMsg HTTP/1.1" 302 -
117.131.5.26 - - [03/Apr/2020:10:18:21 +0800] "GET /xingrg/system/rest/query_items.html?_=1585880316968&table=menu&page=1&rows=20&categoryId=&key=zc HTTP/1.1" 200 4833
172.17.0.112 - - [03/Apr/2020:10:18:22 +0800] "GET /xingrg/all/function/internal_message.html?_=1585880316941&CODE_STATE=getMsg HTTP/1.1" 302 -
117.131.5.26 - - [03/Apr/2020:10:18:24 +0800] "GET /xingrg/system/rest/get_item.html?table=menu&id=2059&_=1585880320156 HTTP/1.1" 200 952
117.131.5.26 - - [03/Apr/2020:10:18:24 +0800] "GET /xingrg/system/rest/get_item.html?table=menu&target=menu_rest&id=2059&_=1585880320171 HTTP/1.1" 200 856
117.131.5.26 - - [03/Apr/2020:10:18:24 +0800] "GET /xingrg/system/rest/get_item.html?table=menu&target=cook_mode&id=2059&_=1585880320171 HTTP/1.1" 200 11447
114.84.33.255 - - [03/Apr/2020:10:18:26 +0800] "GET /xingrg/system/rest/query_items.html?_=1585880299835&table=menu&page=1&rows=20&categoryId=&key=1965 HTTP/1.1" 200 284
180.162.232.172 - - [03/Apr/2020:10:18:26 +0800] "GET /xingrg/all/function/internal_message.html?_=1585880431581&CODE_STATE=getMsg HTTP/1.1" 200 27
114.84.33.255 - - [03/Apr/2020:10:18:27 +0800] "GET /xingrg/system/rest/query_items.html?_=1585880301037&table=menu&page=1&rows=20&categoryId=&key=1965 HTTP/1.1" 200 284
114.84.33.255 - - [03/Apr/2020:10:18:27 +0800] "GET /xingrg/system/rest/get_item.html?table=menu&id=1965&_=1585880301569 HTTP/1.1" 200 969
114.84.33.255 - - [03/Apr/2020:10:18:27 +0800] "GET /xingrg/system/rest/get_item.html?table=menu&target=menu_rest&id=1965&_=1585880301576 HTTP/1.1" 200 762
114.84.33.255 - - [03/Apr/2020:10:18:27 +0800] "GET /xingrg/system/rest/get_item.html?table=menu&target=cook_mode&id=1965&_=1585880301575 HTTP/1.1" 200 6235
114.84.33.255 - - [03/Apr/2020:10:18:28 +0800] "GET /xingrg/system/rest/get_infos.html?command=menu_img_show&id=1965 HTTP/1.1" 200 5
222.70.183.62 - - [03/Apr/2020:10:18:28 +0800] "GET /xingrg/all/function/internal_message.html?_=1585880305533&CODE_STATE=getMsg HTTP/1.1" 200 27
222.69.139.91 - - [03/Apr/2020:10:18:28 +0800] "POST /xingrg/kc/buy/cgsh_order_operate.html HTTP/1.1" 200 37
117.131.5.26 - - [03/Apr/2020:10:18:29 +0800] "GET /xingrg/system/rest/get_infos.html?command=menu_img_show&id=2059 HTTP/1.1" 200 5
172.17.0.123 - - [03/Apr/2020:10:18:29 +0800] "GET /xingrg/check_reg.html?_=1585880304517 HTTP/1.1" 302 -
222.69.139.91 - - [03/Apr/2020:10:18:30 +0800] "POST /xingrg/kc/buy/cgsh_order_operate.html HTTP/1.1" 200 12
114.84.33.255 - - [03/Apr/2020:10:18:31 +0800] "GET /xingrg/system/rest/get_item.html?table=menu&target=menu_rest_detail&id=1965&sid=12&_=1585880305035 HTTP/1.1" 200 426
222.69.139.91 - - [03/Apr/2020:10:18:31 +0800] "GET /xingrg/kc/buy/cgsh_order_info.html?code=212020040300415 HTTP/1.1" 200 52819
222.69.139.91 - - [03/Apr/2020:10:18:31 +0800] "GET /xingrg/javascript/easyui/themes/default/validatebox.css HTTP/1.1" 404 1104
222.69.139.91 - - [03/Apr/2020:10:18:31 +0800] "POST /xingrg/kc/buy/cgsh_order_operate.html HTTP/1.1" 200 610
117.131.5.26 - - [03/Apr/2020:10:18:32 +0800] "GET /xingrg/all/function/internal_message.html?_=1585880327796&CODE_STATE=getMsg HTTP/1.1" 200 27
222.69.139.91 - - [03/Apr/2020:10:18:33 +0800] "GET /xingrg/kc/print/load_data.html?order_code=212020040300415&kc_code=cgsh&condition= HTTP/1.1" 200 700
117.185.32.26 - - [03/Apr/2020:10:18:33 +0800] "GET /xingrg/all/function/internal_message.html?_=1585880716588&CODE_STATE=getMsg HTTP/1.1" 200 27
116.235.222.53 - - [03/Apr/2020:10:18:34 +0800] "POST /xingrg/kc/mdqp/pssh_order_operate.html HTTP/1.1" 200 37
117.131.5.26 - - [03/Apr/2020:10:18:34 +0800] "GET /xingrg/system/rest/get_item.html?table=menu&target=menu_rest_detail&id=2059&sid=5&_=1585880329531 HTTP/1.1" 200 425
116.235.222.53 - - [03/Apr/2020:10:18:34 +0800] "POST /xingrg/kc/mdqp/pssh_order_operate.html HTTP/1.1" 200 12
116.235.222.53 - - [03/Apr/2020:10:18:34 +0800] "GET /xingrg/kc/mdqp/pssh_order_info.html?code=312020031900094 HTTP/1.1" 200 14384
116.235.222.53 - - [03/Apr/2020:10:18:34 +0800] "GET /xingrg/javascript/jquery_tools/jquery-1.4.2.min.js HTTP/1.1" 404 1094
116.235.222.53 - - [03/Apr/2020:10:18:35 +0800] "POST /xingrg/kc/mdqp/pssh_order_operate.html HTTP/1.1" 200 1032
116.235.222.53 - - [03/Apr/2020:10:18:35 +0800] "GET /xingrg/javascript/easyui/themes/default/validatebox.css HTTP/1.1" 404 1104
222.69.139.91 - - [03/Apr/2020:10:18:37 +0800] "GET /xingrg/all/function/internal_message.html?_=1585880310482&CODE_STATE=getMsg HTTP/1.1" 200 27
114.84.33.255 - - [03/Apr/2020:10:18:37 +0800] "POST /xingrg/system/rest/edit_item.html HTTP/1.1" 200 4
114.84.33.255 - - [03/Apr/2020:10:18:37 +0800] "GET /xingrg/system/rest/get_item.html?table=menu&target=menu_rest&id=1965&_=1585880311302 HTTP/1.1" 200 762
117.131.5.26 - - [03/Apr/2020:10:18:46 +0800] "GET /xingrg/system/rest/query_items.html?_=1585880342093&table=menu&page=1&rows=20&categoryId=&key=sky HTTP/1.1" 200 3431
114.88.159.93 - - [03/Apr/2020:10:18:47 +0800] "GET /xingrg/all/function/internal_message.html?_=1585880295576&CODE_STATE=getMsg HTTP/1.1" 200 27
114.84.33.255 - - [03/Apr/2020:10:18:48 +0800] "GET /xingrg/check_reg.html?_=1585880334597 HTTP/1.1" 200 22
58.221.95.50 - - [03/Apr/2020:10:18:49 +0800] "GET /xingrg/all/function/internal_message.html?_=1585880685944&CODE_STATE=getMsg HTTP/1.1" 200 27
58.221.95.50 - - [03/Apr/2020:10:18:49 +0800] "GET /xingrg/check_reg.html?_=1585880685983 HTTP/1.1" 200 22
114.84.33.255 - - [03/Apr/2020:10:18:49 +0800] "GET /xingrg/all/function/internal_message.html?_=1585880336144&CODE_STATE=getMsg HTTP/1.1" 200 27
180.156.150.85 - - [03/Apr/2020:10:18:49 +0800] "GET /xingrg/all/function/internal_message.html?_=1585880329629&CODE_STATE=getMsg HTTP/1.1" 200 27
222.69.139.91 - - [03/Apr/2020:10:18:50 +0800] "GET /xingrg/kc/buy/cgsh_order_add.html HTTP/1.1" 200 57919
222.69.139.91 - - [03/Apr/2020:10:18:50 +0800] "POST /xingrg/kc/buy/cgsh_order_operate.html HTTP/1.1" 200 8245
222.69.139.91 - - [03/Apr/2020:10:18:50 +0800] "GET /xingrg/javascript/easyui/themes/default/validatebox.css HTTP/1.1" 404 1104
117.131.5.26 - - [03/Apr/2020:10:18:51 +0800] "GET /xingrg/system/rest/get_item.html?table=menu&id=1940&_=1585880347234 HTTP/1.1" 200 966
117.131.5.26 - - [03/Apr/2020:10:18:51 +0800] "GET /xingrg/system/rest/get_item.html?table=menu&target=menu_rest&id=1940&_=1585880347250 HTTP/1.1" 200 868
117.131.5.26 - - [03/Apr/2020:10:18:51 +0800] "GET /xingrg/system/rest/get_item.html?table=menu&target=cook_mode&id=1940&_=1585880347250 HTTP/1.1" 200 10495
116.235.222.53 - - [03/Apr/2020:10:18:52 +0800] "GET /xingrg/all/function/internal_message.html?_=1585880322438&CODE_STATE=getMsg HTTP/1.1" 200 27
114.84.33.255 - - [03/Apr/2020:10:18:53 +0800] "GET /xingrg/system/rest/query_items.html?_=1585880326821&table=menu&page=1&rows=20&categoryId=&key=2054 HTTP/1.1" 200 298
120.253.135.82 - - [03/Apr/2020:10:18:53 +0800] "GET /xingrg/check_reg.html?_=1585880404597 HTTP/1.1" 200 22
114.84.33.255 - - [03/Apr/2020:10:18:54 +0800] "GET /xingrg/system/rest/query_items.html?_=1585880328093&table=menu&page=1&rows=20&categoryId=&key=2054 HTTP/1.1" 200 298
114.84.33.255 - - [03/Apr/2020:10:18:54 +0800] "GET /xingrg/system/rest/get_item.html?table=menu&id=2054&_=1585880328568 HTTP/1.1" 200 1006
114.84.33.255 - - [03/Apr/2020:10:18:54 +0800] "GET /xingrg/system/rest/get_item.html?table=menu&target=menu_rest&id=2054&_=1585880328575 HTTP/1.1" 200 868
114.84.33.255 - - [03/Apr/2020:10:18:54 +0800] "GET /xingrg/system/rest/get_item.html?table=menu&target=cook_mode&id=2054&_=1585880328574 HTTP/1.1" 200 10645
114.84.33.255 - - [03/Apr/2020:10:18:54 +0800] "GET /xingrg/system/rest/get_infos.html?command=menu_img_show&id=2054 HTTP/1.1" 200 5
120.253.135.82 - - [03/Apr/2020:10:18:55 +0800] "GET /xingrg/all/function/internal_message.html?_=1585880406299&CODE_STATE=getMsg HTTP/1.1" 200 27
117.131.5.26 - - [03/Apr/2020:10:18:56 +0800] "GET /xingrg/system/rest/get_infos.html?command=menu_img_show&id=1940 HTTP/1.1" 200 5
172.17.0.112 - - [03/Apr/2020:10:19:00 +0800] "GET /xingrg/check_reg.html?_=1585880355032 HTTP/1.1" 302 -
114.84.33.255 - - [03/Apr/2020:10:19:00 +0800] "GET /xingrg/system/rest/get_item.html?table=menu&target=menu_rest_detail&id=2054&sid=12&_=1585880334666 HTTP/1.1" 200 427
117.131.5.26 - - [03/Apr/2020:10:19:01 +0800] "GET /xingrg/system/rest/get_item.html?table=menu&target=menu_rest_detail&id=1940&sid=5&_=1585880357078 HTTP/1.1" 200 425
222.69.139.91 - - [03/Apr/2020:10:19:03 +0800] "GET /xingrg/kc/buy/cgsh_order_operate.html?command=get_materiel&rest_code=00149&code=00102002453&supplier_code=00100072&order_time=2020-04-03 HTTP/1.1" 200 433
116.235.222.53 - - [03/Apr/2020:10:19:04 +0800] "GET /xingrg/kc/base/base_main.html HTTP/1.1" 200 12142
116.235.222.53 - - [03/Apr/2020:10:19:04 +0800] "POST /xingrg/kc/mdqp/pssh_list_operate.html HTTP/1.1" 200 814
117.131.5.26 - - [03/Apr/2020:10:19:05 +0800] "GET /xingrg/all/function/internal_message.html?_=1585880598156&CODE_STATE=getMsg HTTP/1.1" 200 27
116.235.222.53 - - [03/Apr/2020:10:19:06 +0800] "GET /xingrg/kc/base/wldb_order_list.html HTTP/1.1" 200 19258
116.235.222.53 - - [03/Apr/2020:10:19:07 +0800] "POST /xingrg/kc/base/wldb_list_operate.html HTTP/1.1" 200 928
114.84.33.255 - - [03/Apr/2020:10:19:07 +0800] "POST /xingrg/system/rest/edit_item.html HTTP/1.1" 200 4
114.84.33.255 - - [03/Apr/2020:10:19:07 +0800] "GET /xingrg/system/rest/get_item.html?table=menu&target=menu_rest&id=2054&_=1585880341529 HTTP/1.1" 200 868
117.184.7.26 - - [03/Apr/2020:10:19:08 +0800] "GET /xingrg/all/function/internal_message.html?_=1585880336908&CODE_STATE=getMsg HTTP/1.1" 200 27
61.129.6.251 - - [03/Apr/2020:10:19:10 +0800] "GET /xingrg/all/function/internal_message.html?_=1585879635548&CODE_STATE=getMsg HTTP/1.1" 302 -
116.235.222.53 - - [03/Apr/2020:10:19:10 +0800] "GET /xingrg/kc/base/wldb_order_add.html HTTP/1.1" 200 30315
116.235.222.53 - - [03/Apr/2020:10:19:10 +0800] "POST /xingrg/kc/base/wldb_order_operate.html HTTP/1.1" 200 6806
116.235.222.53 - - [03/Apr/2020:10:19:10 +0800] "GET /xingrg/all/common/auto_word.html?type=base&rest_code=00107 HTTP/1.1" 200 2181
116.235.222.53 - - [03/Apr/2020:10:19:10 +0800] "GET /xingrg/all/common/auto_word.html?type=base&rest_code=00107 HTTP/1.1" 200 2181
116.235.222.53 - - [03/Apr/2020:10:19:10 +0800] "GET /xingrg/javascript/easyui/themes/default/validatebox.css HTTP/1.1" 404 1104
116.235.222.53 - - [03/Apr/2020:10:19:11 +0800] "POST /xingrg/all/common/load_combo.html?type=base HTTP/1.1" 200 3742
172.17.0.107 - - [03/Apr/2020:10:19:12 +0800] "GET /xingrg/all/function/internal_message.html?_=1585880352434&CODE_STATE=getMsg HTTP/1.1" 200 27
61.129.6.251 - - [03/Apr/2020:10:19:13 +0800] "GET /xingrg/login.html HTTP/1.1" 200 7641
117.131.5.26 - - [03/Apr/2020:10:19:15 +0800] "GET /xingrg/system/rest/query_items.html?_=1585880371109&table=menu&page=1&rows=20&categoryId=&key=xg HTTP/1.1" 200 4785
114.84.33.255 - - [03/Apr/2020:10:19:16 +0800] "GET /xingrg/all/function/internal_message.html?_=1585880350356&CODE_STATE=getMsg HTTP/1.1" 200 27
180.156.150.85 - - [03/Apr/2020:10:19:19 +0800] "GET /xingrg/kc/base/wldb_order_list.html HTTP/1.1" 200 19252
117.131.5.26 - - [03/Apr/2020:10:19:19 +0800] "GET /xingrg/system/rest/get_item.html?table=menu&id=2001&_=1585880374625 HTTP/1.1" 200 934
117.131.5.26 - - [03/Apr/2020:10:19:19 +0800] "GET /xingrg/system/rest/get_item.html?table=menu&target=menu_rest&id=2001&_=1585880374640 HTTP/1.1" 200 840
117.131.5.26 - - [03/Apr/2020:10:19:19 +0800] "GET /xingrg/system/rest/get_item.html?table=menu&target=cook_mode&id=2001&_=1585880374640 HTTP/1.1" 200 8443
180.156.150.85 - - [03/Apr/2020:10:19:19 +0800] "POST /xingrg/kc/base/wldb_list_operate.html HTTP/1.1" 200 928
180.156.150.85 - - [03/Apr/2020:10:19:20 +0800] "GET /xingrg/kc/base/wldb_order_add.html HTTP/1.1" 200 30313
172.17.0.112 - - [03/Apr/2020:10:19:20 +0800] "GET /xingrg/all/function/internal_message.html?_=1585880375207&CODE_STATE=getMsg HTTP/1.1" 302 -
180.156.150.85 - - [03/Apr/2020:10:19:20 +0800] "GET /xingrg/all/common/auto_word.html?type=base&rest_code=00105 HTTP/1.1" 200 1603
180.156.150.85 - - [03/Apr/2020:10:19:20 +0800] "GET /xingrg/all/common/auto_word.html?type=base&rest_code=00105 HTTP/1.1" 200 1603
180.156.150.85 - - [03/Apr/2020:10:19:20 +0800] "GET /xingrg/javascript/easyui/themes/default/validatebox.css HTTP/1.1" 404 1104
180.156.150.85 - - [03/Apr/2020:10:19:20 +0800] "POST /xingrg/kc/base/wldb_order_operate.html HTTP/1.1" 200 6806
114.84.33.255 - - [03/Apr/2020:10:19:21 +0800] "GET /xingrg/system/rest/query_items.html?_=1585880354948&table=menu&page=1&rows=20&categoryId=&key=2084 HTTP/1.1" 200 272
180.156.150.85 - - [03/Apr/2020:10:19:21 +0800] "POST /xingrg/all/common/load_combo.html?type=base HTTP/1.1" 200 2878
114.84.33.255 - - [03/Apr/2020:10:19:22 +0800] "GET /xingrg/system/rest/query_items.html?_=1585880355966&table=menu&page=1&rows=20&categoryId=&key=2084 HTTP/1.1" 200 272
172.17.0.112 - - [03/Apr/2020:10:19:22 +0800] "GET /xingrg/all/function/internal_message.html?_=1585880376955&CODE_STATE=getMsg HTTP/1.1" 302 -
114.84.33.255 - - [03/Apr/2020:10:19:22 +0800] "GET /xingrg/system/rest/get_item.html?table=menu&id=2084&_=1585880356423 HTTP/1.1" 200 971
114.84.33.255 - - [03/Apr/2020:10:19:22 +0800] "GET /xingrg/system/rest/get_item.html?table=menu&target=menu_rest&id=2084&_=1585880356431 HTTP/1.1" 200 1236
114.84.33.255 - - [03/Apr/2020:10:19:22 +0800] "GET /xingrg/system/rest/get_item.html?table=menu&target=cook_mode&id=2084&_=1585880356429 HTTP/1.1" 200 9370
114.84.33.255 - - [03/Apr/2020:10:19:22 +0800] "GET /xingrg/system/rest/get_infos.html?command=menu_img_show&id=2084 HTTP/1.1" 200 5
117.131.5.26 - - [03/Apr/2020:10:19:23 +0800] "GET /xingrg/system/rest/get_infos.html?command=menu_img_show&id=2001 HTTP/1.1" 200 5
180.162.232.172 - - [03/Apr/2020:10:19:26 +0800] "GET /xingrg/all/function/internal_message.html?_=1585880491622&CODE_STATE=getMsg HTTP/1.1" 200 27
117.131.5.26 - - [03/Apr/2020:10:19:26 +0800] "GET /xingrg/system/rest/get_item.html?table=menu&target=menu_rest_detail&id=2001&sid=5&_=1585880382406 HTTP/1.1" 200 426
114.84.33.255 - - [03/Apr/2020:10:19:27 +0800] "GET /xingrg/system/rest/get_item.html?table=menu&target=menu_rest_detail&id=2084&sid=12&_=1585880361606 HTTP/1.1" 200 426
116.235.222.53 - - [03/Apr/2020:10:19:27 +0800] "POST /xingrg/all/common/load_combo.html?type=base HTTP/1.1" 200 3742
222.70.183.62 - - [03/Apr/2020:10:19:28 +0800] "GET /xingrg/all/function/internal_message.html?_=1585880365716&CODE_STATE=getMsg HTTP/1.1" 200 27
222.69.139.91 - - [03/Apr/2020:10:19:28 +0800] "POST /xingrg/kc/buy/cgsh_order_operate.html HTTP/1.1" 200 37
222.69.139.91 - - [03/Apr/2020:10:19:29 +0800] "POST /xingrg/kc/buy/cgsh_order_operate.html HTTP/1.1" 200 12
222.69.139.91 - - [03/Apr/2020:10:19:30 +0800] "GET /xingrg/kc/buy/cgsh_order_info.html?code=212020040300416 HTTP/1.1" 200 52823
222.69.139.91 - - [03/Apr/2020:10:19:30 +0800] "GET /xingrg/javascript/easyui/themes/default/validatebox.css HTTP/1.1" 404 1104
222.69.139.91 - - [03/Apr/2020:10:19:31 +0800] "POST /xingrg/kc/buy/cgsh_order_operate.html HTTP/1.1" 200 610
222.69.139.91 - - [03/Apr/2020:10:19:32 +0800] "GET /xingrg/kc/print/load_data.html?order_code=212020040300416&kc_code=cgsh&condition= HTTP/1.1" 200 710
117.131.5.26 - - [03/Apr/2020:10:19:32 +0800] "GET /xingrg/all/function/internal_message.html?_=1585880387796&CODE_STATE=getMsg HTTP/1.1" 200 27
117.185.32.26 - - [03/Apr/2020:10:19:33 +0800] "GET /xingrg/all/function/internal_message.html?_=1585880776590&CODE_STATE=getMsg HTTP/1.1" 200 27
117.185.32.26 - - [03/Apr/2020:10:19:33 +0800] "GET /xingrg/check_reg.html?_=1585880776593 HTTP/1.1" 200 22
180.156.150.85 - - [03/Apr/2020:10:19:35 +0800] "GET /xingrg/kc/base/wldb_order_operate.html?command=get_materiel&rest_code=00105&base_code=0010507&code=00101016037 HTTP/1.1" 200 452
114.84.33.255 - - [03/Apr/2020:10:19:35 +0800] "POST /xingrg/services/DataTransmitService HTTP/1.1" 200 524
222.69.139.91 - - [03/Apr/2020:10:19:37 +0800] "GET /xingrg/all/function/internal_message.html?_=1585880370457&CODE_STATE=getMsg HTTP/1.1" 200 27
114.84.33.255 - - [03/Apr/2020:10:19:37 +0800] "POST /xingrg/services/DataTransmitService HTTP/1.1" 200 501
116.235.222.53 - - [03/Apr/2020:10:19:40 +0800] "GET /xingrg/kc/base/wldb_order_operate.html?command=get_materiel&rest_code=00107&base_code=0010151&code=00101016001 HTTP/1.1" 200 458
117.131.5.26 - - [03/Apr/2020:10:19:42 +0800] "POST /xingrg/system/rest/edit_item.html HTTP/1.1" 200 4
117.131.5.26 - - [03/Apr/2020:10:19:42 +0800] "GET /xingrg/system/rest/get_item.html?table=menu&target=menu_rest&id=2001&_=1585880397593 HTTP/1.1" 200 840
180.156.150.85 - - [03/Apr/2020:10:19:42 +0800] "POST /xingrg/kc/base/wldb_order_operate.html HTTP/1.1" 200 37
180.156.150.85 - - [03/Apr/2020:10:19:42 +0800] "POST /xingrg/kc/base/wldb_order_operate.html HTTP/1.1" 200 2196
180.156.150.85 - - [03/Apr/2020:10:19:43 +0800] "GET /xingrg/kc/base/wldb_order_info.html?code=422020040300136 HTTP/1.1" 200 30328
180.156.150.85 - - [03/Apr/2020:10:19:43 +0800] "GET /xingrg/javascript/easyui/themes/default/validatebox.css HTTP/1.1" 404 1104
180.156.150.85 - - [03/Apr/2020:10:19:43 +0800] "POST /xingrg/kc/base/wldb_order_operate.html HTTP/1.1" 200 2196
114.84.33.255 - - [03/Apr/2020:10:19:44 +0800] "POST /xingrg/system/rest/edit_item.html HTTP/1.1" 200 4
114.84.33.255 - - [03/Apr/2020:10:19:44 +0800] "GET /xingrg/system/rest/get_item.html?table=menu&target=menu_rest&id=2084&_=1585880378269 HTTP/1.1" 200 1236
114.88.159.93 - - [03/Apr/2020:10:19:47 +0800] "GET /xingrg/all/function/internal_message.html?_=1585880355574&CODE_STATE=getMsg HTTP/1.1" 200 27
114.88.159.93 - - [03/Apr/2020:10:19:47 +0800] "GET /xingrg/check_reg.html?_=1585880355575 HTTP/1.1" 200 22
180.156.150.85 - - [03/Apr/2020:10:19:47 +0800] "GET /xingrg/kc/base/wldb_order_add.html HTTP/1.1" 200 30313
180.156.150.85 - - [03/Apr/2020:10:19:47 +0800] "GET /xingrg/javascript/easyui/themes/default/validatebox.css HTTP/1.1" 404 1104
180.156.150.85 - - [03/Apr/2020:10:19:47 +0800] "POST /xingrg/kc/base/wldb_order_operate.html HTTP/1.1" 200 6806
58.221.95.50 - - [03/Apr/2020:10:19:49 +0800] "GET /xingrg/all/function/internal_message.html?_=1585880745950&CODE_STATE=getMsg HTTP/1.1" 200 27
114.84.33.255 - - [03/Apr/2020:10:19:49 +0800] "GET /xingrg/all/function/internal_message.html?_=1585880396155&CODE_STATE=getMsg HTTP/1.1" 200 27
180.156.150.85 - - [03/Apr/2020:10:19:49 +0800] "GET /xingrg/all/function/internal_message.html?_=1585880389604&CODE_STATE=getMsg HTTP/1.1" 200 27
116.235.222.53 - - [03/Apr/2020:10:19:52 +0800] "GET /xingrg/all/function/internal_message.html?_=1585880382435&CODE_STATE=getMsg HTTP/1.1" 200 27
180.156.150.85 - - [03/Apr/2020:10:19:53 +0800] "GET /xingrg/kc/base/wldb_order_operate.html?command=get_materiel&rest_code=00105&base_code=0010527&code=00101016037 HTTP/1.1" 200 451
120.253.135.82 - - [03/Apr/2020:10:19:55 +0800] "GET /xingrg/all/function/internal_message.html?_=1585880466312&CODE_STATE=getMsg HTTP/1.1" 200 27
116.235.222.53 - - [03/Apr/2020:10:19:57 +0800] "GET /xingrg/kc/base/wldb_order_operate.html?command=get_materiel&rest_code=00107&base_code=0010151&code=00101019259 HTTP/1.1" 200 465
114.84.33.255 - - [03/Apr/2020:10:19:57 +0800] "GET /xingrg/system/rest/query_items.html?_=1585880391575&table=menu&page=1&rows=20&categoryId=&key=1931 HTTP/1.1" 200 255
117.131.5.26 - - [03/Apr/2020:10:19:58 +0800] "GET /xingrg/system/rest/query_items.html?_=1585880413734&table=menu&page=1&rows=20&categoryId=&key=bzy HTTP/1.1" 200 2189
114.84.33.255 - - [03/Apr/2020:10:19:58 +0800] "GET /xingrg/system/rest/query_items.html?_=1585880392669&table=menu&page=1&rows=20&categoryId=&key=1931 HTTP/1.1" 200 255
114.84.33.255 - - [03/Apr/2020:10:19:59 +0800] "GET /xingrg/system/rest/get_item.html?table=menu&id=1931&_=1585880393078 HTTP/1.1" 200 939
114.84.33.255 - - [03/Apr/2020:10:19:59 +0800] "GET /xingrg/system/rest/get_item.html?table=menu&target=menu_rest&id=1931&_=1585880393087 HTTP/1.1" 200 853
114.84.33.255 - - [03/Apr/2020:10:19:59 +0800] "GET /xingrg/system/rest/get_item.html?table=menu&target=cook_mode&id=1931&_=1585880393086 HTTP/1.1" 200 17346
114.84.33.255 - - [03/Apr/2020:10:19:59 +0800] "GET /xingrg/system/rest/get_infos.html?command=menu_img_show&id=1931 HTTP/1.1" 200 5
117.131.5.26 - - [03/Apr/2020:10:20:00 +0800] "GET /xingrg/system/rest/get_item.html?table=menu&id=2097&_=1585880415718 HTTP/1.1" 200 954
117.131.5.26 - - [03/Apr/2020:10:20:00 +0800] "GET /xingrg/system/rest/get_item.html?table=menu&target=menu_rest&id=2097&_=1585880415750 HTTP/1.1" 200 650
117.131.5.26 - - [03/Apr/2020:10:20:00 +0800] "GET /xingrg/system/rest/get_item.html?table=menu&target=cook_mode&id=2097&_=1585880415734 HTTP/1.1" 200 15165
114.84.33.255 - - [03/Apr/2020:10:20:02 +0800] "GET /xingrg/system/rest/get_item.html?table=menu&target=menu_rest_detail&id=1931&sid=12&_=1585880396227 HTTP/1.1" 200 436
117.131.5.26 - - [03/Apr/2020:10:20:05 +0800] "GET /xingrg/all/function/internal_message.html?_=1585880658170&CODE_STATE=getMsg HTTP/1.1" 200 27
117.131.5.26 - - [03/Apr/2020:10:20:06 +0800] "GET /xingrg/system/rest/get_infos.html?command=menu_img_show&id=2097 HTTP/1.1" 200 5
117.184.7.26 - - [03/Apr/2020:10:20:08 +0800] "GET /xingrg/all/function/internal_message.html?_=1585880396908&CODE_STATE=getMsg HTTP/1.1" 200 27
117.131.5.26 - - [03/Apr/2020:10:20:08 +0800] "GET /xingrg/system/rest/get_item.html?table=menu&target=menu_rest_detail&id=2097&sid=5&_=1585880424312 HTTP/1.1" 200 425
114.84.33.255 - - [03/Apr/2020:10:20:09 +0800] "POST /xingrg/system/rest/edit_item.html HTTP/1.1" 200 4
114.84.33.255 - - [03/Apr/2020:10:20:09 +0800] "GET /xingrg/system/rest/get_item.html?table=menu&target=menu_rest&id=1931&_=1585880403477 HTTP/1.1" 200 853
116.235.222.53 - - [03/Apr/2020:10:20:10 +0800] "GET /xingrg/kc/base/wldb_order_operate.html?command=get_materiel&rest_code=00107&base_code=0010151&code=00101019391 HTTP/1.1" 200 471
172.17.0.107 - - [03/Apr/2020:10:20:12 +0800] "GET /xingrg/all/function/internal_message.html?_=1585880412416&CODE_STATE=getMsg HTTP/1.1" 200 27
172.17.0.107 - - [03/Apr/2020:10:20:14 +0800] "GET /xingrg/check_reg.html?_=1585880413776 HTTP/1.1" 200 22
114.84.33.255 - - [03/Apr/2020:10:20:16 +0800] "GET /xingrg/all/function/internal_message.html?_=1585880410351&CODE_STATE=getMsg HTTP/1.1" 200 27
117.131.5.26 - - [03/Apr/2020:10:20:18 +0800] "GET /xingrg/system/rest/query_items.html?_=1585880433562&table=menu&page=1&rows=20&categoryId=&key=xby HTTP/1.1" 200 4863
114.84.33.255 - - [03/Apr/2020:10:20:19 +0800] "GET /xingrg/system/rest/query_items.html?_=1585880413377&table=menu&page=1&rows=20&categoryId=&key=1932 HTTP/1.1" 200 253
116.235.222.53 - - [03/Apr/2020:10:20:19 +0800] "GET /xingrg/kc/base/wldb_order_operate.html?command=get_materiel&rest_code=00107&base_code=0010151&code=00101019450 HTTP/1.1" 200 466
172.17.0.112 - - [03/Apr/2020:10:20:20 +0800] "GET /xingrg/all/function/internal_message.html?_=1585880435245&CODE_STATE=getMsg HTTP/1.1" 302 -
114.84.33.255 - - [03/Apr/2020:10:20:21 +0800] "GET /xingrg/system/rest/query_items.html?_=1585880414679&table=menu&page=1&rows=20&categoryId=&key=1932 HTTP/1.1" 200 253
114.84.33.255 - - [03/Apr/2020:10:20:21 +0800] "GET /xingrg/system/rest/get_item.html?table=menu&id=1932&_=1585880415109 HTTP/1.1" 200 938
114.84.33.255 - - [03/Apr/2020:10:20:21 +0800] "GET /xingrg/system/rest/get_item.html?table=menu&target=menu_rest&id=1932&_=1585880415116 HTTP/1.1" 200 756
114.84.33.255 - - [03/Apr/2020:10:20:21 +0800] "GET /xingrg/system/rest/get_item.html?table=menu&target=cook_mode&id=1932&_=1585880415115 HTTP/1.1" 200 14725
114.84.33.255 - - [03/Apr/2020:10:20:21 +0800] "GET /xingrg/system/rest/get_infos.html?command=menu_img_show&id=1932 HTTP/1.1" 200 5
172.17.0.112 - - [03/Apr/2020:10:20:22 +0800] "GET /xingrg/all/function/internal_message.html?_=1585880436984&CODE_STATE=getMsg HTTP/1.1" 302 -
114.84.33.255 - - [03/Apr/2020:10:20:24 +0800] "GET /xingrg/system/rest/get_item.html?table=menu&target=menu_rest_detail&id=1932&sid=12&_=1585880417921 HTTP/1.1" 200 426
180.162.232.172 - - [03/Apr/2020:10:20:26 +0800] "GET /xingrg/all/function/internal_message.html?_=1585880551624&CODE_STATE=getMsg HTTP/1.1" 200 27
117.131.5.26 - - [03/Apr/2020:10:20:27 +0800] "GET /xingrg/system/rest/query_items.html?_=1585880442515&table=menu&page=1&rows=20&categoryId=&key=rh HTTP/1.1" 200 3831
222.70.183.62 - - [03/Apr/2020:10:20:28 +0800] "GET /xingrg/all/function/internal_message.html?_=1585880425731&CODE_STATE=getMsg HTTP/1.1" 200 27
116.235.222.53 - - [03/Apr/2020:10:20:29 +0800] "GET /xingrg/kc/base/wldb_order_operate.html?command=get_materiel&rest_code=00107&base_code=0010151&code=00101016044 HTTP/1.1" 200 465
183.195.131.162 - - [03/Apr/2020:10:20:30 +0800] "GET /favicon.ico HTTP/1.1" 404 -
114.84.33.255 - - [03/Apr/2020:10:20:32 +0800] "POST /xingrg/system/rest/edit_item.html HTTP/1.1" 200 4
114.84.33.255 - - [03/Apr/2020:10:20:32 +0800] "GET /xingrg/system/rest/get_item.html?table=menu&target=menu_rest&id=1932&_=1585880425765 HTTP/1.1" 200 756
117.131.5.26 - - [03/Apr/2020:10:20:32 +0800] "GET /xingrg/all/function/internal_message.html?_=1585880447796&CODE_STATE=getMsg HTTP/1.1" 200 27
117.185.32.26 - - [03/Apr/2020:10:20:33 +0800] "GET /xingrg/all/function/internal_message.html?_=1585880836578&CODE_STATE=getMsg HTTP/1.1" 200 27
117.131.5.26 - - [03/Apr/2020:10:20:35 +0800] "GET /xingrg/system/rest/query_items.html?_=1585880450953&table=menu&page=1&rows=20&categoryId=&key=gl HTTP/1.1" 200 4916
222.69.139.91 - - [03/Apr/2020:10:20:37 +0800] "GET /xingrg/all/function/internal_message.html?_=1585880430478&CODE_STATE=getMsg HTTP/1.1" 200 27
117.131.5.26 - - [03/Apr/2020:10:20:38 +0800] "GET /xingrg/system/rest/get_item.html?table=menu&id=2057&_=1585880454109 HTTP/1.1" 200 935
117.131.5.26 - - [03/Apr/2020:10:20:38 +0800] "GET /xingrg/system/rest/get_item.html?table=menu&target=menu_rest&id=2057&_=1585880454125 HTTP/1.1" 200 639
117.131.5.26 - - [03/Apr/2020:10:20:38 +0800] "GET /xingrg/system/rest/get_item.html?table=menu&target=cook_mode&id=2057&_=1585880454125 HTTP/1.1" 200 9016
116.235.222.53 - - [03/Apr/2020:10:20:43 +0800] "GET /xingrg/kc/base/wldb_order_operate.html?command=get_materiel&rest_code=00107&base_code=0010151&code=00101019187 HTTP/1.1" 200 465
117.131.5.26 - - [03/Apr/2020:10:20:44 +0800] "GET /xingrg/system/rest/get_infos.html?command=menu_img_show&id=2057 HTTP/1.1" 200 5
114.84.33.255 - - [03/Apr/2020:10:20:46 +0800] "GET /xingrg/system/rest/query_items.html?_=1585880439765&table=menu&page=1&rows=20&categoryId=&key=1954 HTTP/1.1" 200 325
114.88.159.93 - - [03/Apr/2020:10:20:47 +0800] "GET /xingrg/all/function/internal_message.html?_=1585880415573&CODE_STATE=getMsg HTTP/1.1" 200 27
114.84.33.255 - - [03/Apr/2020:10:20:47 +0800] "GET /xingrg/system/rest/query_items.html?_=1585880441007&table=menu&page=1&rows=20&categoryId=&key=1954 HTTP/1.1" 200 325
114.84.33.255 - - [03/Apr/2020:10:20:47 +0800] "GET /xingrg/system/rest/get_item.html?table=menu&id=1954&_=1585880441415 HTTP/1.1" 200 1026
114.84.33.255 - - [03/Apr/2020:10:20:47 +0800] "GET /xingrg/system/rest/get_item.html?table=menu&target=menu_rest&id=1954&_=1585880441423 HTTP/1.1" 200 954
114.84.33.255 - - [03/Apr/2020:10:20:47 +0800] "GET /xingrg/system/rest/get_item.html?table=menu&target=cook_mode&id=1954&_=1585880441422 HTTP/1.1" 200 6954
114.84.33.255 - - [03/Apr/2020:10:20:47 +0800] "GET /xingrg/system/rest/get_infos.html?command=menu_img_show&id=1954 HTTP/1.1" 200 5
58.221.95.50 - - [03/Apr/2020:10:20:49 +0800] "GET /xingrg/all/function/internal_message.html?_=1585880805949&CODE_STATE=getMsg HTTP/1.1" 200 27
114.84.33.255 - - [03/Apr/2020:10:20:49 +0800] "GET /xingrg/all/function/internal_message.html?_=1585880456169&CODE_STATE=getMsg HTTP/1.1" 200 27
180.156.150.85 - - [03/Apr/2020:10:20:49 +0800] "GET /xingrg/all/function/internal_message.html?_=1585880449582&CODE_STATE=getMsg HTTP/1.1" 200 27
180.156.150.85 - - [03/Apr/2020:10:20:50 +0800] "GET /xingrg/check_reg.html?_=1585880449770 HTTP/1.1" 200 22
114.84.33.255 - - [03/Apr/2020:10:20:51 +0800] "GET /xingrg/system/rest/get_item.html?table=menu&target=menu_rest_detail&id=1954&sid=12&_=1585880445030 HTTP/1.1" 200 426
117.131.5.26 - - [03/Apr/2020:10:20:52 +0800] "GET /xingrg/system/rest/get_item.html?table=menu&target=menu_rest_detail&id=2057&sid=5&_=1585880468109 HTTP/1.1" 200 423
116.235.222.53 - - [03/Apr/2020:10:20:52 +0800] "GET /xingrg/all/function/internal_message.html?_=1585880442398&CODE_STATE=getMsg HTTP/1.1" 200 27
116.235.222.53 - - [03/Apr/2020:10:20:53 +0800] "GET /xingrg/kc/base/wldb_order_operate.html?command=get_materiel&rest_code=00107&base_code=0010151&code=00101019133 HTTP/1.1" 200 466
180.156.150.85 - - [03/Apr/2020:10:20:54 +0800] "GET /xingrg/kc/base/wldb_order_add.html HTTP/1.1" 200 30313
180.156.150.85 - - [03/Apr/2020:10:20:54 +0800] "POST /xingrg/kc/base/wldb_order_operate.html HTTP/1.1" 200 6806
180.156.150.85 - - [03/Apr/2020:10:20:54 +0800] "GET /xingrg/javascript/easyui/themes/default/validatebox.css HTTP/1.1" 404 1104
120.253.135.82 - - [03/Apr/2020:10:20:55 +0800] "GET /xingrg/all/function/internal_message.html?_=1585880526326&CODE_STATE=getMsg HTTP/1.1" 200 27
114.84.33.255 - - [03/Apr/2020:10:21:00 +0800] "POST /xingrg/system/rest/edit_item.html HTTP/1.1" 200 4
114.84.33.255 - - [03/Apr/2020:10:21:00 +0800] "GET /xingrg/system/rest/get_item.html?table=menu&target=menu_rest&id=1954&_=1585880453984 HTTP/1.1" 200 954
222.69.139.91 - - [03/Apr/2020:10:21:00 +0800] "GET /xingrg/kc/buy/cgsh_order_add.html HTTP/1.1" 200 57919
117.131.5.26 - - [03/Apr/2020:10:21:00 +0800] "GET /xingrg/system/rest/query_items.html?_=1585880476000&table=menu&page=1&rows=20&categoryId=&key=hj HTTP/1.1" 200 4726
222.69.139.91 - - [03/Apr/2020:10:21:00 +0800] "POST /xingrg/kc/buy/cgsh_order_operate.html HTTP/1.1" 200 8245
222.69.139.91 - - [03/Apr/2020:10:21:00 +0800] "GET /xingrg/javascript/easyui/themes/default/validatebox.css HTTP/1.1" 404 1104
116.235.222.53 - - [03/Apr/2020:10:21:00 +0800] "POST /xingrg/kc/base/wldb_order_operate.html HTTP/1.1" 200 37
58.247.206.145 - - [03/Apr/2020:10:21:01 +0800] "GET /xingrg/all/function/internal_message.html?_=1585879755544&CODE_STATE=getMsg HTTP/1.1" 302 -
116.235.222.53 - - [03/Apr/2020:10:21:01 +0800] "POST /xingrg/kc/base/wldb_order_operate.html HTTP/1.1" 200 12
116.235.222.53 - - [03/Apr/2020:10:21:01 +0800] "POST /xingrg/kc/base/wldb_order_operate.html HTTP/1.1" 200 5263
116.235.222.53 - - [03/Apr/2020:10:21:02 +0800] "GET /xingrg/kc/base/wldb_order_info.html?code=422020040300137 HTTP/1.1" 200 26191
116.235.222.53 - - [03/Apr/2020:10:21:03 +0800] "GET /xingrg/javascript/easyui/themes/default/validatebox.css HTTP/1.1" 404 1104
116.235.222.53 - - [03/Apr/2020:10:21:03 +0800] "POST /xingrg/kc/base/wldb_order_operate.html HTTP/1.1" 200 3488
180.156.150.85 - - [03/Apr/2020:10:21:04 +0800] "GET /xingrg/kc/base/wldb_order_add.html HTTP/1.1" 200 30313
180.156.150.85 - - [03/Apr/2020:10:21:04 +0800] "POST /xingrg/kc/base/wldb_order_operate.html HTTP/1.1" 200 6806
180.156.150.85 - - [03/Apr/2020:10:21:04 +0800] "GET /xingrg/javascript/easyui/themes/default/validatebox.css HTTP/1.1" 404 1104
117.131.5.26 - - [03/Apr/2020:10:21:05 +0800] "GET /xingrg/all/function/internal_message.html?_=1585880718318&CODE_STATE=getMsg HTTP/1.1" 200 27
117.131.5.26 - - [03/Apr/2020:10:21:05 +0800] "GET /xingrg/system/rest/get_item.html?table=menu&id=2068&_=1585880481359 HTTP/1.1" 200 933
117.131.5.26 - - [03/Apr/2020:10:21:05 +0800] "GET /xingrg/system/rest/get_item.html?table=menu&target=menu_rest&id=2068&_=1585880481375 HTTP/1.1" 200 637
117.131.5.26 - - [03/Apr/2020:10:21:05 +0800] "GET /xingrg/system/rest/get_item.html?table=menu&target=cook_mode&id=2068&_=1585880481375 HTTP/1.1" 200 6888
116.235.222.53 - - [03/Apr/2020:10:21:06 +0800] "GET /xingrg/kc/base/wldb_order_add.html HTTP/1.1" 200 30315
116.235.222.53 - - [03/Apr/2020:10:21:07 +0800] "GET /xingrg/javascript/easyui/themes/default/validatebox.css HTTP/1.1" 404 1104
116.235.222.53 - - [03/Apr/2020:10:21:07 +0800] "POST /xingrg/kc/base/wldb_order_operate.html HTTP/1.1" 200 6806
116.235.222.53 - - [03/Apr/2020:10:21:08 +0800] "POST /xingrg/all/common/load_combo.html?type=base HTTP/1.1" 200 3742
117.184.7.26 - - [03/Apr/2020:10:21:08 +0800] "GET /xingrg/all/function/internal_message.html?_=1585880456914&CODE_STATE=getMsg HTTP/1.1" 200 27
117.184.7.26 - - [03/Apr/2020:10:21:08 +0800] "GET /xingrg/check_reg.html?_=1585880456911 HTTP/1.1" 200 22
58.247.206.145 - - [03/Apr/2020:10:21:09 +0800] "GET /xingrg/login.html HTTP/1.1" 200 7641
116.235.222.53 - - [03/Apr/2020:10:21:09 +0800] "POST /xingrg/all/common/load_combo.html?type=base HTTP/1.1" 200 3742
222.69.139.91 - - [03/Apr/2020:10:21:10 +0800] "GET /xingrg/kc/buy/cgsh_order_operate.html?command=get_materiel&rest_code=00149&code=00101028011&supplier_code=00100019&order_time=2020-04-03 HTTP/1.1" 200 454
180.156.150.85 - - [03/Apr/2020:10:21:11 +0800] "GET /xingrg/kc/base/wldb_order_operate.html?command=get_materiel&rest_code=00105&base_code=0010526&code=00101016037 HTTP/1.1" 200 450
117.131.5.26 - - [03/Apr/2020:10:21:12 +0800] "GET /xingrg/system/rest/get_infos.html?command=menu_img_show&id=2068 HTTP/1.1" 200 5
172.17.0.107 - - [03/Apr/2020:10:21:12 +0800] "GET /xingrg/all/function/internal_message.html?_=1585880472396&CODE_STATE=getMsg HTTP/1.1" 200 27
117.131.5.26 - - [03/Apr/2020:10:21:15 +0800] "GET /xingrg/system/rest/get_item.html?table=menu&target=menu_rest_detail&id=2068&sid=5&_=1585880490578 HTTP/1.1" 200 423
114.84.33.255 - - [03/Apr/2020:10:21:16 +0800] "GET /xingrg/system/rest/query_items.html?_=1585880470241&table=menu&page=1&rows=20&categoryId=&key=2013 HTTP/1.1" 200 284
114.84.33.255 - - [03/Apr/2020:10:21:16 +0800] "GET /xingrg/all/function/internal_message.html?_=1585880470347&CODE_STATE=getMsg HTTP/1.1" 200 27
114.84.33.255 - - [03/Apr/2020:10:21:17 +0800] "GET /xingrg/system/rest/query_items.html?_=1585880471381&table=menu&page=1&rows=20&categoryId=&key=2013 HTTP/1.1" 200 284
114.84.33.255 - - [03/Apr/2020:10:21:18 +0800] "GET /xingrg/system/rest/get_item.html?table=menu&id=2013&_=1585880471874 HTTP/1.1" 200 970
114.84.33.255 - - [03/Apr/2020:10:21:18 +0800] "GET /xingrg/system/rest/get_item.html?table=menu&target=menu_rest&id=2013&_=1585880471881 HTTP/1.1" 200 780
114.84.33.255 - - [03/Apr/2020:10:21:18 +0800] "GET /xingrg/system/rest/get_item.html?table=menu&target=cook_mode&id=2013&_=1585880471880 HTTP/1.1" 200 15971
114.84.33.255 - - [03/Apr/2020:10:21:18 +0800] "GET /xingrg/system/rest/get_infos.html?command=menu_img_show&id=2013 HTTP/1.1" 200 5
172.17.0.112 - - [03/Apr/2020:10:21:20 +0800] "GET /xingrg/all/function/internal_message.html?_=1585880495265&CODE_STATE=getMsg HTTP/1.1" 302 -
180.156.150.85 - - [03/Apr/2020:10:21:21 +0800] "GET /xingrg/kc/base/wldb_order_add.html HTTP/1.1" 200 30313
180.156.150.85 - - [03/Apr/2020:10:21:21 +0800] "GET /xingrg/javascript/easyui/themes/default/validatebox.css HTTP/1.1" 404 1104
180.156.150.85 - - [03/Apr/2020:10:21:21 +0800] "POST /xingrg/kc/base/wldb_order_operate.html HTTP/1.1" 200 6806
114.84.33.255 - - [03/Apr/2020:10:21:21 +0800] "GET /xingrg/system/rest/get_item.html?table=menu&target=menu_rest_detail&id=2013&sid=12&_=1585880475405 HTTP/1.1" 200 429
172.17.0.112 - - [03/Apr/2020:10:21:22 +0800] "GET /xingrg/all/function/internal_message.html?_=1585880496998&CODE_STATE=getMsg HTTP/1.1" 302 -
116.235.222.53 - - [03/Apr/2020:10:21:23 +0800] "GET /xingrg/kc/base/wldb_order_operate.html?command=get_materiel&rest_code=00107&base_code=0010152&code=00102002448 HTTP/1.1" 200 426
180.156.150.85 - - [03/Apr/2020:10:21:23 +0800] "POST /xingrg/all/common/load_combo.html?type=base HTTP/1.1" 200 2878
180.162.232.172 - - [03/Apr/2020:10:21:26 +0800] "GET /xingrg/check_reg.html?_=1585880611495 HTTP/1.1" 200 22
180.162.232.172 - - [03/Apr/2020:10:21:26 +0800] "GET /xingrg/all/function/internal_message.html?_=1585880611638&CODE_STATE=getMsg HTTP/1.1" 200 27
222.69.139.91 - - [03/Apr/2020:10:21:27 +0800] "GET /xingrg/kc/buy/cgsh_order_operate.html?command=get_materiel&rest_code=00149&code=00101027017&supplier_code=00100019&order_time=2020-04-03 HTTP/1.1" 200 443
222.70.183.62 - - [03/Apr/2020:10:21:28 +0800] "GET /xingrg/all/function/internal_message.html?_=1585880485896&CODE_STATE=getMsg HTTP/1.1" 200 27
114.84.33.255 - - [03/Apr/2020:10:21:29 +0800] "POST /xingrg/system/rest/edit_item.html HTTP/1.1" 200 4
114.84.33.255 - - [03/Apr/2020:10:21:29 +0800] "GET /xingrg/system/rest/get_item.html?table=menu&target=menu_rest&id=2013&_=1585880483361 HTTP/1.1" 200 780
117.131.5.26 - - [03/Apr/2020:10:21:32 +0800] "POST /xingrg/services/DataTransmitService HTTP/1.1" 200 524
117.131.5.26 - - [03/Apr/2020:10:21:32 +0800] "POST /xingrg/services/DataTransmitService HTTP/1.1" 200 2307
117.131.5.26 - - [03/Apr/2020:10:21:32 +0800] "GET /xingrg/all/function/internal_message.html?_=1585880507812&CODE_STATE=getMsg HTTP/1.1" 200 27
117.131.5.26 - - [03/Apr/2020:10:21:33 +0800] "POST /xingrg/services/DataTransmitService HTTP/1.1" 200 315183
117.185.32.26 - - [03/Apr/2020:10:21:34 +0800] "GET /xingrg/all/function/internal_message.html?_=1585880896593&CODE_STATE=getMsg HTTP/1.1" 200 27
222.69.139.91 - - [03/Apr/2020:10:21:37 +0800] "GET /xingrg/check_reg.html?_=1585880490487 HTTP/1.1" 200 22
222.69.139.91 - - [03/Apr/2020:10:21:37 +0800] "GET /xingrg/all/function/internal_message.html?_=1585880490490&CODE_STATE=getMsg HTTP/1.1" 200 27
222.69.139.91 - - [03/Apr/2020:10:21:38 +0800] "GET /xingrg/kc/buy/cgsh_order_operate.html?command=get_materiel&rest_code=00149&code=00101027058&supplier_code=00100019&order_time=2020-04-03 HTTP/1.1" 200 479
116.235.222.53 - - [03/Apr/2020:10:21:44 +0800] "GET /xingrg/kc/base/wldb_order_operate.html?command=get_materiel&rest_code=00107&base_code=0010152&code=00102001069 HTTP/1.1" 200 437
114.88.159.93 - - [03/Apr/2020:10:21:47 +0800] "GET /xingrg/all/function/internal_message.html?_=1585880475571&CODE_STATE=getMsg HTTP/1.1" 200 27
222.69.139.91 - - [03/Apr/2020:10:21:47 +0800] "POST /xingrg/kc/buy/cgsh_order_operate.html HTTP/1.1" 200 37
58.221.95.50 - - [03/Apr/2020:10:21:49 +0800] "GET /xingrg/all/function/internal_message.html?_=1585880865949&CODE_STATE=getMsg HTTP/1.1" 200 27
114.84.33.255 - - [03/Apr/2020:10:21:49 +0800] "GET /xingrg/all/function/internal_message.html?_=1585880516276&CODE_STATE=getMsg HTTP/1.1" 200 27
180.156.150.85 - - [03/Apr/2020:10:21:49 +0800] "GET /xingrg/all/function/internal_message.html?_=1585880509572&CODE_STATE=getMsg HTTP/1.1" 200 27
222.69.139.91 - - [03/Apr/2020:10:21:50 +0800] "POST /xingrg/kc/buy/cgsh_order_operate.html HTTP/1.1" 200 12
222.69.139.91 - - [03/Apr/2020:10:21:52 +0800] "GET /xingrg/kc/buy/cgsh_order_info.html?code=212020040300417 HTTP/1.1" 200 52819
222.69.139.91 - - [03/Apr/2020:10:21:52 +0800] "GET /xingrg/javascript/easyui/themes/default/validatebox.css HTTP/1.1" 404 1104
222.69.139.91 - - [03/Apr/2020:10:21:52 +0800] "POST /xingrg/kc/buy/cgsh_order_operate.html HTTP/1.1" 200 1930
116.235.222.53 - - [03/Apr/2020:10:21:52 +0800] "GET /xingrg/check_reg.html?_=1585880502290 HTTP/1.1" 200 22
116.235.222.53 - - [03/Apr/2020:10:21:52 +0800] "GET /xingrg/all/function/internal_message.html?_=1585880502429&CODE_STATE=getMsg HTTP/1.1" 200 27
222.69.139.91 - - [03/Apr/2020:10:21:53 +0800] "GET /xingrg/kc/print/load_data.html?order_code=212020040300417&kc_code=cgsh&condition= HTTP/1.1" 200 1354
180.156.150.85 - - [03/Apr/2020:10:21:55 +0800] "GET /xingrg/kc/base/wldb_order_operate.html?command=get_materiel&rest_code=00105&base_code=0010508&code=00102002204 HTTP/1.1" 200 434
120.253.135.82 - - [03/Apr/2020:10:21:55 +0800] "GET /xingrg/all/function/internal_message.html?_=1585880586345&CODE_STATE=getMsg HTTP/1.1" 200 27
116.235.222.53 - - [03/Apr/2020:10:21:55 +0800] "GET /xingrg/kc/base/wldb_order_operate.html?command=get_materiel&rest_code=00107&base_code=0010152&code=00102001016 HTTP/1.1" 200 434
117.131.5.26 - - [03/Apr/2020:10:22:05 +0800] "GET /xingrg/all/function/internal_message.html?_=1585880778322&CODE_STATE=getMsg HTTP/1.1" 200 27
116.235.222.53 - - [03/Apr/2020:10:22:07 +0800] "GET /xingrg/kc/base/wldb_order_operate.html?command=get_materiel&rest_code=00107&base_code=0010152&code=00102002379 HTTP/1.1" 200 432
117.184.7.26 - - [03/Apr/2020:10:22:08 +0800] "GET /xingrg/all/function/internal_message.html?_=1585880516914&CODE_STATE=getMsg HTTP/1.1" 200 27
172.17.0.107 - - [03/Apr/2020:10:22:12 +0800] "GET /xingrg/all/function/internal_message.html?_=1585880532367&CODE_STATE=getMsg HTTP/1.1" 200 27
114.84.33.255 - - [03/Apr/2020:10:22:16 +0800] "GET /xingrg/all/function/internal_message.html?_=1585880530353&CODE_STATE=getMsg HTTP/1.1" 200 27
114.84.33.255 - - [03/Apr/2020:10:22:16 +0800] "GET /xingrg/check_reg.html?_=1585880530355 HTTP/1.1" 200 22
116.235.222.53 - - [03/Apr/2020:10:22:16 +0800] "POST /xingrg/kc/base/wldb_order_operate.html HTTP/1.1" 200 37
116.235.222.53 - - [03/Apr/2020:10:22:17 +0800] "POST /xingrg/kc/base/wldb_order_operate.html HTTP/1.1" 200 12
116.235.222.53 - - [03/Apr/2020:10:22:17 +0800] "POST /xingrg/kc/base/wldb_order_operate.html HTTP/1.1" 200 2663
116.235.222.53 - - [03/Apr/2020:10:22:18 +0800] "GET /xingrg/kc/base/wldb_order_info.html?code=422020040300138 HTTP/1.1" 200 26191
116.235.222.53 - - [03/Apr/2020:10:22:19 +0800] "GET /xingrg/javascript/easyui/themes/default/validatebox.css HTTP/1.1" 404 1104
116.235.222.53 - - [03/Apr/2020:10:22:19 +0800] "POST /xingrg/kc/base/wldb_order_operate.html HTTP/1.1" 200 946
222.69.139.91 - - [03/Apr/2020:10:22:19 +0800] "GET /xingrg/kc/base/wldb_order_list.html HTTP/1.1" 200 19258
222.69.139.91 - - [03/Apr/2020:10:22:20 +0800] "POST /xingrg/kc/base/wldb_list_operate.html HTTP/1.1" 200 928
172.17.0.112 - - [03/Apr/2020:10:22:20 +0800] "GET /xingrg/all/function/internal_message.html?_=1585880555300&CODE_STATE=getMsg HTTP/1.1" 302 -
222.69.139.91 - - [03/Apr/2020:10:22:20 +0800] "GET /xingrg/kc/base/wldb_order_add.html HTTP/1.1" 200 30319
222.69.139.91 - - [03/Apr/2020:10:22:21 +0800] "POST /xingrg/kc/base/wldb_order_operate.html HTTP/1.1" 200 6806
116.235.222.53 - - [03/Apr/2020:10:22:21 +0800] "GET /xingrg/kc/base/wldb_order_add.html HTTP/1.1" 200 30315
222.69.139.91 - - [03/Apr/2020:10:22:21 +0800] "GET /xingrg/javascript/easyui/themes/default/validatebox.css HTTP/1.1" 404 1104
116.235.222.53 - - [03/Apr/2020:10:22:22 +0800] "GET /xingrg/javascript/easyui/themes/default/validatebox.css HTTP/1.1" 404 1104
116.235.222.53 - - [03/Apr/2020:10:22:22 +0800] "POST /xingrg/kc/base/wldb_order_operate.html HTTP/1.1" 200 6806
172.17.0.112 - - [03/Apr/2020:10:22:22 +0800] "GET /xingrg/all/function/internal_message.html?_=1585880557024&CODE_STATE=getMsg HTTP/1.1" 302 -
116.235.222.53 - - [03/Apr/2020:10:22:23 +0800] "POST /xingrg/all/common/load_combo.html?type=base HTTP/1.1" 200 3742
222.70.183.62 - - [03/Apr/2020:10:22:23 +0800] "GET /xingrg/check_reg.html?_=1585880540705 HTTP/1.1" 200 22
114.84.33.255 - - [03/Apr/2020:10:22:24 +0800] "POST /xingrg/services/DataTransmitService HTTP/1.1" 200 524
114.84.33.255 - - [03/Apr/2020:10:22:24 +0800] "POST /xingrg/services/DataTransmitService HTTP/1.1" 200 1999
114.84.33.255 - - [03/Apr/2020:10:22:24 +0800] "POST /xingrg/services/DataTransmitService HTTP/1.1" 200 2323
