172.17.0.104 - - [02/Apr/2020:09:44:02 +0800] "GET /xingrg/javascript/jquery_easy_ui/themes/icons/settle_new.png HTTP/1.1" 304 -
172.17.0.104 - - [02/Apr/2020:09:44:02 +0800] "POST /xingrg/all/common/load_tree.html?tree=area_rest_tree_json&manage=1 HTTP/1.1" 200 3088
172.17.0.104 - - [02/Apr/2020:09:44:02 +0800] "GET /xingrg/all/function/internal_message.html?_=1585791837346&CODE_STATE=count HTTP/1.1" 200 11
172.17.0.104 - - [02/Apr/2020:09:44:02 +0800] "GET /xingrg/check_reg.html?_=1585791837348 HTTP/1.1" 200 22
172.17.0.104 - - [02/Apr/2020:09:44:02 +0800] "GET /xingrg/javascript/jquery_easy_ui/themes/default/images/panel_tool_expand.gif HTTP/1.1" 304 -
172.17.0.104 - - [02/Apr/2020:09:44:02 +0800] "GET /xingrg/javascript/jquery_easy_ui/themes/default/images/panel_tool_collapse.gif HTTP/1.1" 304 -
172.17.0.104 - - [02/Apr/2020:09:44:02 +0800] "GET /xingrg/javascript/jquery_easy_ui/themes/default/images/tabs_leftarrow.png HTTP/1.1" 304 -
172.17.0.104 - - [02/Apr/2020:09:44:02 +0800] "GET /xingrg/images/blue/pingpu.png HTTP/1.1" 304 -
172.17.0.104 - - [02/Apr/2020:09:44:02 +0800] "GET /xingrg/javascript/jquery_easy_ui/themes/default/images/tabs_rightarrow.png HTTP/1.1" 304 -
172.17.0.104 - - [02/Apr/2020:09:44:02 +0800] "POST /xingrg/load_menu.html HTTP/1.1" 200 9924
116.235.222.53 - - [02/Apr/2020:09:44:03 +0800] "GET /xingrg/all/function/internal_message.html?_=1585791841237&CODE_STATE=getMsg HTTP/1.1" 302 -
116.232.51.227 - - [02/Apr/2020:09:44:04 +0800] "GET /xingrg/kc/buy/cgsh_order_operate.html?command=get_materiel&rest_code=00109&code=00101008350&supplier_code=00100005&order_time=2020-04-02 HTTP/1.1" 200 428
117.131.5.26 - - [02/Apr/2020:09:44:08 +0800] "GET /xingrg/all/function/internal_message.html?_=1585792100552&CODE_STATE=getMsg HTTP/1.1" 200 27
172.17.0.100 - - [02/Apr/2020:09:44:08 +0800] "GET /xingrg/all/function/internal_message.html?_=1585792028762&CODE_STATE=getMsg HTTP/1.1" 200 27
172.17.0.100 - - [02/Apr/2020:09:44:08 +0800] "GET /xingrg/check_reg.html?_=1585792028763 HTTP/1.1" 200 22
172.17.0.104 - - [02/Apr/2020:09:44:09 +0800] "GET /xingrg/kc/report/report_main.html HTTP/1.1" 200 7325
172.17.0.104 - - [02/Apr/2020:09:44:10 +0800] "GET /xingrg/kc/base/kc_stocks.html HTTP/1.1" 200 16253
172.17.0.104 - - [02/Apr/2020:09:44:10 +0800] "GET /xingrg/javascript/easyui/themes/default/tree.css HTTP/1.1" 404 1090
172.17.0.104 - - [02/Apr/2020:09:44:10 +0800] "GET /xingrg/all/common/auto_word.html?type=base&rest_code=00108 HTTP/1.1" 200 1615
172.17.0.104 - - [02/Apr/2020:09:44:10 +0800] "POST /xingrg/all/common/load_tree.html?tree=materiel_sort_tree_json HTTP/1.1" 200 8666
116.232.51.227 - - [02/Apr/2020:09:44:12 +0800] "GET /xingrg/kc/buy/cgsh_order_operate.html?command=get_materiel&rest_code=00109&code=00101008096&supplier_code=00100005&order_time=2020-04-02 HTTP/1.1" 200 432
172.17.0.104 - - [02/Apr/2020:09:44:15 +0800] "POST /xingrg/kc/base/stock_operate.html HTTP/1.1" 200 2191
116.232.51.227 - - [02/Apr/2020:09:44:19 +0800] "GET /xingrg/kc/buy/cgsh_order_operate.html?command=get_materiel&rest_code=00109&code=00101008163&supplier_code=00100005&order_time=2020-04-02 HTTP/1.1" 200 428
114.88.159.93 - - [02/Apr/2020:09:44:19 +0800] "GET /xingrg/all/function/internal_message.html?_=1585791857663&CODE_STATE=getMsg HTTP/1.1" 200 27
172.17.0.104 - - [02/Apr/2020:09:44:19 +0800] "GET /xingrg/kc/base/stock_detail.html?m=00101028030 HTTP/1.1" 200 7141
172.17.0.104 - - [02/Apr/2020:09:44:24 +0800] "GET /xingrg/kc/base/stock_operate.html?_=1585791859070&command=get_report_file&start_day=20200301 HTTP/1.1" 200 53
172.17.0.104 - - [02/Apr/2020:09:44:24 +0800] "GET /xingrg/all/report/report_query.html?isQuery=1&onlyBody=1&rh=2000&fileName=kc/base/kc_stock_detail_new.xml&queryString=(1=1)&queryText=&tableQueryString=init_table$sp1$$sp$crk_table$sp1$order_day%20between%2020200301%20and%2020200430&varString=start_day:20200301,materiel_code:00101028030,cost_id:2553,end_date:20200229 HTTP/1.1" 200 48626
172.17.0.104 - - [02/Apr/2020:09:44:24 +0800] "GET /xingrg/dwr/interface/AjaxReportQueryService.js HTTP/1.1" 200 13203
172.17.0.104 - - [02/Apr/2020:09:44:24 +0800] "GET /xingrg/dwr/util.js HTTP/1.1" 304 -
172.17.0.104 - - [02/Apr/2020:09:44:24 +0800] "GET /xingrg/dwr/engine.js HTTP/1.1" 200 43631
116.232.51.227 - - [02/Apr/2020:09:44:24 +0800] "GET /xingrg/kc/buy/cgsh_order_operate.html?command=get_materiel&rest_code=00109&code=00101008264&supplier_code=00100005&order_time=2020-04-02 HTTP/1.1" 200 432
172.17.0.104 - - [02/Apr/2020:09:44:24 +0800] "POST /xingrg/all/report/load_report_page.html HTTP/1.1" 200 20152
172.17.0.104 - - [02/Apr/2020:09:44:24 +0800] "GET /xingrg/servlets/image?cache=0.7815411474645128&image=px HTTP/1.1" 200 807
58.221.95.50 - - [02/Apr/2020:09:44:26 +0800] "GET /xingrg/check_reg.html?_=1585792222915 HTTP/1.1" 200 22
172.17.0.104 - - [02/Apr/2020:09:44:27 +0800] "GET /xingrg/kc/base/stock_detail.html?m=00101028034 HTTP/1.1" 200 7150
116.233.78.128 - - [02/Apr/2020:09:44:29 +0800] "GET /xingrg/all/function/internal_message.html?_=1585791760643&CODE_STATE=getMsg HTTP/1.1" 200 27
116.233.78.128 - - [02/Apr/2020:09:44:29 +0800] "GET /xingrg/check_reg.html?_=1585791760644 HTTP/1.1" 200 22
180.156.150.85 - - [02/Apr/2020:09:44:30 +0800] "GET /xingrg/all/function/internal_message.html?_=1585791869832&CODE_STATE=getMsg HTTP/1.1" 200 27
117.131.5.26 - - [02/Apr/2020:09:44:31 +0800] "GET /xingrg/all/function/internal_message.html?_=1585791884359&CODE_STATE=getMsg HTTP/1.1" 302 -
172.17.0.104 - - [02/Apr/2020:09:44:31 +0800] "GET /xingrg/kc/base/stock_operate.html?_=1585791866135&command=get_report_file&start_day=20200301 HTTP/1.1" 200 53
172.17.0.104 - - [02/Apr/2020:09:44:31 +0800] "GET /xingrg/all/report/report_query.html?isQuery=1&onlyBody=1&rh=2000&fileName=kc/base/kc_stock_detail_new.xml&queryString=(1=1)&queryText=&tableQueryString=init_table$sp1$$sp$crk_table$sp1$order_day%20between%2020200301%20and%2020200430&varString=start_day:20200301,materiel_code:00101028034,cost_id:2553,end_date:20200229 HTTP/1.1" 200 48626
172.17.0.104 - - [02/Apr/2020:09:44:31 +0800] "GET /xingrg/dwr/interface/AjaxReportQueryService.js HTTP/1.1" 200 13203
172.17.0.104 - - [02/Apr/2020:09:44:31 +0800] "GET /xingrg/dwr/engine.js HTTP/1.1" 200 43631
172.17.0.104 - - [02/Apr/2020:09:44:31 +0800] "POST /xingrg/all/report/load_report_page.html HTTP/1.1" 200 25049
172.17.0.104 - - [02/Apr/2020:09:44:31 +0800] "GET /xingrg/servlets/image?cache=0.7398319619248809&image=px HTTP/1.1" 200 807
114.84.33.255 - - [02/Apr/2020:09:44:32 +0800] "GET /xingrg/all/function/internal_message.html?_=1585791875556&CODE_STATE=getMsg HTTP/1.1" 200 27
116.232.51.227 - - [02/Apr/2020:09:44:33 +0800] "GET /xingrg/kc/buy/cgsh_order_operate.html?command=get_materiel&rest_code=00109&code=00101008270&supplier_code=00100005&order_time=2020-04-02 HTTP/1.1" 200 412
172.17.0.185 - - [02/Apr/2020:09:44:33 +0800] "GET /xingrg/all/function/internal_message.html?_=1585791869317&CODE_STATE=getMsg HTTP/1.1" 200 27
172.17.0.185 - - [02/Apr/2020:09:44:33 +0800] "GET /xingrg/check_reg.html?_=1585791869320 HTTP/1.1" 200 22
172.17.1.5 - - [02/Apr/2020:09:44:36 +0800] "GET /xingrg/all/function/internal_message.html?_=1585791870289&CODE_STATE=getMsg HTTP/1.1" 200 27
117.185.32.26 - - [02/Apr/2020:09:44:36 +0800] "GET /xingrg/check_reg.html?_=1585792280672 HTTP/1.1" 200 22
172.16.0.196 - - [02/Apr/2020:09:44:37 +0800] "GET /xingrg/check_reg.html?_=1585791878776 HTTP/1.1" 302 -
116.232.51.227 - - [02/Apr/2020:09:44:37 +0800] "GET /xingrg/all/function/internal_message.html?_=1585791957653&CODE_STATE=getMsg HTTP/1.1" 200 27
172.17.0.107 - - [02/Apr/2020:09:44:37 +0800] "GET /xingrg/all/function/internal_message.html?_=1585792066810&CODE_STATE=getMsg HTTP/1.1" 200 27
114.88.159.93 - - [02/Apr/2020:09:44:39 +0800] "GET /xingrg/all/function/internal_message.html?_=1585791849036&CODE_STATE=getMsg HTTP/1.1" 200 27
116.232.51.227 - - [02/Apr/2020:09:44:40 +0800] "GET /xingrg/kc/buy/cgsh_order_operate.html?command=get_materiel&rest_code=00109&code=00101008357&supplier_code=00100005&order_time=2020-04-02 HTTP/1.1" 200 429
58.221.95.50 - - [02/Apr/2020:09:44:43 +0800] "GET /xingrg/all/function/internal_message.html?_=1585792240264&CODE_STATE=getMsg HTTP/1.1" 200 27
116.232.51.227 - - [02/Apr/2020:09:44:45 +0800] "GET /xingrg/kc/buy/cgsh_order_operate.html?command=get_materiel&rest_code=00109&code=00101008036&supplier_code=00100005&order_time=2020-04-02 HTTP/1.1" 200 427
222.69.139.232 - - [02/Apr/2020:09:44:46 +0800] "GET /xingrg/all/function/internal_message.html?_=1585791881975&CODE_STATE=getMsg HTTP/1.1" 200 27
116.235.222.53 - - [02/Apr/2020:09:44:48 +0800] "GET /xingrg/all/function/internal_message.html?_=1585791880446&CODE_STATE=getMsg HTTP/1.1" 200 27
116.235.222.53 - - [02/Apr/2020:09:44:48 +0800] "GET /xingrg/check_reg.html?_=1585791880577 HTTP/1.1" 200 22
222.70.183.62 - - [02/Apr/2020:09:44:49 +0800] "GET /xingrg/all/function/internal_message.html?_=1585792196925&CODE_STATE=getMsg HTTP/1.1" 200 27
172.17.0.112 - - [02/Apr/2020:09:44:50 +0800] "GET /xingrg/all/function/internal_message.html?_=1585791901543&CODE_STATE=getMsg HTTP/1.1" 200 27
101.89.239.120 - - [02/Apr/2020:09:44:52 +0800] "GET /xingrg/all/function/internal_message.html?_=1585791189024&CODE_STATE=getMsg HTTP/1.1" 302 -
116.232.51.227 - - [02/Apr/2020:09:44:53 +0800] "GET /xingrg/kc/buy/cgsh_order_operate.html?command=get_materiel&rest_code=00109&code=00101008098&supplier_code=00100005&order_time=2020-04-02 HTTP/1.1" 200 412
120.253.135.82 - - [02/Apr/2020:09:44:57 +0800] "GET /xingrg/check_reg.html?_=1585791969827 HTTP/1.1" 200 22
116.232.51.227 - - [02/Apr/2020:09:44:58 +0800] "GET /xingrg/kc/buy/cgsh_order_operate.html?command=get_materiel&rest_code=00109&code=00101008005&supplier_code=00100005&order_time=2020-04-02 HTTP/1.1" 200 412
120.253.135.82 - - [02/Apr/2020:09:44:58 +0800] "GET /xingrg/all/function/internal_message.html?_=1585791971406&CODE_STATE=getMsg HTTP/1.1" 200 27
101.89.239.120 - - [02/Apr/2020:09:45:01 +0800] "GET /xingrg/login.html HTTP/1.1" 200 7641
172.17.0.104 - - [02/Apr/2020:09:45:02 +0800] "GET /xingrg/all/function/internal_message.html?_=1585791897351&CODE_STATE=getMsg HTTP/1.1" 200 27
116.232.51.227 - - [02/Apr/2020:09:45:03 +0800] "GET /xingrg/kc/buy/cgsh_order_operate.html?command=get_materiel&rest_code=00109&code=00101008271&supplier_code=00100005&order_time=2020-04-02 HTTP/1.1" 200 428
116.235.222.53 - - [02/Apr/2020:09:45:03 +0800] "GET /xingrg/all/function/internal_message.html?_=1585791901238&CODE_STATE=getMsg HTTP/1.1" 302 -
116.235.222.53 - - [02/Apr/2020:09:45:03 +0800] "GET /xingrg/check_reg.html?_=1585791901239 HTTP/1.1" 302 -
117.131.5.26 - - [02/Apr/2020:09:45:08 +0800] "GET /xingrg/all/function/internal_message.html?_=1585792160567&CODE_STATE=getMsg HTTP/1.1" 200 27
172.17.0.100 - - [02/Apr/2020:09:45:08 +0800] "GET /xingrg/all/function/internal_message.html?_=1585792088761&CODE_STATE=getMsg HTTP/1.1" 200 27
114.88.159.93 - - [02/Apr/2020:09:45:19 +0800] "GET /xingrg/all/function/internal_message.html?_=1585791917669&CODE_STATE=getMsg HTTP/1.1" 200 27
116.233.78.128 - - [02/Apr/2020:09:45:29 +0800] "GET /xingrg/all/function/internal_message.html?_=1585791820642&CODE_STATE=getMsg HTTP/1.1" 200 27
180.156.150.85 - - [02/Apr/2020:09:45:30 +0800] "GET /xingrg/check_reg.html?_=1585791929833 HTTP/1.1" 200 22
180.156.150.85 - - [02/Apr/2020:09:45:30 +0800] "GET /xingrg/all/function/internal_message.html?_=1585791929839&CODE_STATE=getMsg HTTP/1.1" 200 27
117.131.5.26 - - [02/Apr/2020:09:45:31 +0800] "GET /xingrg/all/function/internal_message.html?_=1585791944375&CODE_STATE=getMsg HTTP/1.1" 302 -
114.84.33.255 - - [02/Apr/2020:09:45:32 +0800] "GET /xingrg/all/function/internal_message.html?_=1585791936023&CODE_STATE=getMsg HTTP/1.1" 200 27
172.17.0.185 - - [02/Apr/2020:09:45:33 +0800] "GET /xingrg/all/function/internal_message.html?_=1585791929321&CODE_STATE=getMsg HTTP/1.1" 200 27
116.232.51.227 - - [02/Apr/2020:09:45:36 +0800] "GET /xingrg/all/function/internal_message.html?_=1585791954203&CODE_STATE=getMsg HTTP/1.1" 200 27
172.17.1.5 - - [02/Apr/2020:09:45:36 +0800] "GET /xingrg/all/function/internal_message.html?_=1585791930264&CODE_STATE=getMsg HTTP/1.1" 200 27
172.17.0.107 - - [02/Apr/2020:09:45:37 +0800] "GET /xingrg/all/function/internal_message.html?_=1585792126793&CODE_STATE=getMsg HTTP/1.1" 200 27
114.88.159.93 - - [02/Apr/2020:09:45:39 +0800] "GET /xingrg/all/function/internal_message.html?_=1585791909049&CODE_STATE=getMsg HTTP/1.1" 200 27
58.221.95.50 - - [02/Apr/2020:09:45:43 +0800] "GET /xingrg/all/function/internal_message.html?_=1585792300248&CODE_STATE=getMsg HTTP/1.1" 200 27
222.69.139.232 - - [02/Apr/2020:09:45:46 +0800] "GET /xingrg/all/function/internal_message.html?_=1585791941948&CODE_STATE=getMsg HTTP/1.1" 200 27
116.235.222.53 - - [02/Apr/2020:09:45:48 +0800] "GET /xingrg/all/function/internal_message.html?_=1585791940431&CODE_STATE=getMsg HTTP/1.1" 200 27
172.17.0.104 - - [02/Apr/2020:09:45:48 +0800] "POST /xingrg/load_menu.html HTTP/1.1" 200 9749
222.70.183.62 - - [02/Apr/2020:09:45:49 +0800] "GET /xingrg/all/function/internal_message.html?_=1585792256954&CODE_STATE=getMsg HTTP/1.1" 200 27
172.17.0.112 - - [02/Apr/2020:09:45:50 +0800] "GET /xingrg/all/function/internal_message.html?_=1585791961545&CODE_STATE=getMsg HTTP/1.1" 200 27
172.17.0.104 - - [02/Apr/2020:09:45:52 +0800] "GET /xingrg/all/report/report_query.html?fileName=dma/new_5.0/yingye/order_list.xml HTTP/1.1" 200 55206
172.17.0.104 - - [02/Apr/2020:09:45:52 +0800] "GET /xingrg/dwr/interface/AjaxReportQueryService.js HTTP/1.1" 200 13203
172.17.0.104 - - [02/Apr/2020:09:45:52 +0800] "GET /xingrg/dwr/engine.js HTTP/1.1" 200 43631
172.17.0.104 - - [02/Apr/2020:09:45:53 +0800] "POST /xingrg/dwr/call/plaincall/AjaxReportQueryService.getFixDate.dwr HTTP/1.1" 200 111
172.17.0.104 - - [02/Apr/2020:09:45:53 +0800] "POST /xingrg/all/common/load_tree.html?tree=area_station_tree_json&manage=1 HTTP/1.1" 200 2990
172.17.0.104 - - [02/Apr/2020:09:45:53 +0800] "POST /xingrg/dwr/call/plaincall/AjaxReportQueryService.getInitString.dwr HTTP/1.1" 200 76
172.17.0.182 - - [02/Apr/2020:09:45:53 +0800] "GET /favicon.ico HTTP/1.1" 404 -
172.17.0.104 - - [02/Apr/2020:09:45:54 +0800] "GET /xingrg/all/report/report_query.html?fileName=dma/new_5.0/menu/menu_hz_all.xml HTTP/1.1" 200 51720
172.17.0.104 - - [02/Apr/2020:09:45:54 +0800] "GET /xingrg/dwr/interface/AjaxReportQueryService.js HTTP/1.1" 200 13203
172.17.0.104 - - [02/Apr/2020:09:45:54 +0800] "GET /xingrg/dwr/engine.js HTTP/1.1" 200 43631
172.17.0.104 - - [02/Apr/2020:09:45:55 +0800] "POST /xingrg/dwr/call/plaincall/AjaxReportQueryService.getFixDate.dwr HTTP/1.1" 200 111
172.17.0.104 - - [02/Apr/2020:09:45:55 +0800] "POST /xingrg/all/common/load_tree.html?tree=area_station_tree_json&manage=1 HTTP/1.1" 200 2990
172.17.0.104 - - [02/Apr/2020:09:45:57 +0800] "POST /xingrg/dwr/call/plaincall/AjaxReportQueryService.getFixDate.dwr HTTP/1.1" 200 111
120.253.135.82 - - [02/Apr/2020:09:45:58 +0800] "GET /xingrg/all/function/internal_message.html?_=1585792031420&CODE_STATE=getMsg HTTP/1.1" 200 27
172.17.0.104 - - [02/Apr/2020:09:46:01 +0800] "POST /xingrg/dwr/call/plaincall/AjaxReportQueryService.refreshCache.dwr HTTP/1.1" 200 78
172.17.0.104 - - [02/Apr/2020:09:46:01 +0800] "POST /xingrg/all/report/load_report_page.html HTTP/1.1" 200 13079
172.17.0.104 - - [02/Apr/2020:09:46:01 +0800] "GET /xingrg/servlets/image?cache=0.23584760618488898&image=px HTTP/1.1" 200 807
172.17.0.104 - - [02/Apr/2020:09:46:02 +0800] "GET /xingrg/all/function/internal_message.html?_=1585791957355&CODE_STATE=getMsg HTTP/1.1" 200 27
116.235.222.53 - - [02/Apr/2020:09:46:03 +0800] "GET /xingrg/all/function/internal_message.html?_=1585791961239&CODE_STATE=getMsg HTTP/1.1" 302 -
180.162.232.172 - - [02/Apr/2020:09:46:07 +0800] "GET /xingrg/check_reg.html?_=1585792077230 HTTP/1.1" 200 22
117.131.5.26 - - [02/Apr/2020:09:46:08 +0800] "GET /xingrg/all/function/internal_message.html?_=1585792220582&CODE_STATE=getMsg HTTP/1.1" 200 27
172.17.0.100 - - [02/Apr/2020:09:46:08 +0800] "GET /xingrg/all/function/internal_message.html?_=1585792148760&CODE_STATE=getMsg HTTP/1.1" 200 27
172.17.0.104 - - [02/Apr/2020:09:46:09 +0800] "POST /xingrg/dwr/call/plaincall/AjaxReportQueryService.refreshCache.dwr HTTP/1.1" 200 78
172.17.0.104 - - [02/Apr/2020:09:46:09 +0800] "POST /xingrg/all/report/load_report_page.html HTTP/1.1" 200 13059
172.17.0.104 - - [02/Apr/2020:09:46:09 +0800] "GET /xingrg/servlets/image?cache=0.8126808888502043&image=px HTTP/1.1" 200 807
172.17.0.104 - - [02/Apr/2020:09:46:11 +0800] "GET /xingrg/all/report/report_query.html?isQuery=1&fileName=dma/new_5.0/menu/menu_mx.xml&queryString=(a.sale_day%2520between%252020200301%2520and%252020200331)%2520and%2520(a.sid%2520in%2520(8))%2520and%2520(a.menu_name%2520like%2520'%2524bf%2524%25E5%25B7%25B4%25E9%25A9%25AC%25E9%2593%2582%25E6%25B3%2589%2524bf%2524')%2520and%2520(a.menu_name%253D'%25E5%25B7%25B4%25E9%25A9%25AC%25E9%2593%2582%25E6%25B3%2589'%2520and%2520a.menu_unit%253D'%25E7%2593%25B6')&queryText=%25E3%2580%2590%25E8%2590%25A5%25E4%25B8%259A%25E6%2597%25A5%25E6%259C%259F%253A2020-03-01%2520%25E8%2587%25B3%25202020-03-31%25E3%2580%2591%2520%25E5%25B9%25B6%25E4%25B8%2594%2520%2520%25E3%2580%2590%25E9%2597%25A8%25E5%25BA%2597%25E5%2590%258D%25E7%25A7%25B0%2520%253D%2520%25E7%259A%2587%25E5%25AE%25B6%25E6%25B5%25B7%25E6%25B8%25AF%25E3%2580%2591%2520%25E5%25B9%25B6%25E4%25B8%2594%2520%2520%25E3%2580%2590%25E8%258F%259C%25E5%2593%2581%25E5%2590%258D%25E7%25A7%25B0%2520%25E5%258C%2585%25E5%2590%25AB%2520%25E5%25B7%25B4%25E9%25A9%25AC%25E9%2593%2582%25E6%25B3%2589%25E3%2580%2591%2520%25E5%25B9%25B6%25E4%25B8%2594%2520%25E3%2580%2590%25E8%258F%259C%25E5%2593%2581%25E5%2590%258D%25E7%25A7%25B0%2520%253D%2520%25E5%25B7%25B4%25E9%25A9%25AC%25E9%2593%2582%25E6%25B3%2589%25E3%2580%2591%2520%25E3%2580%2590%25E5%258D%2595%25E4%25BD%258D%2520%253D%2520%25E7%2593%25B6%25E3%2580%2591 HTTP/1.1" 200 51763
172.17.0.104 - - [02/Apr/2020:09:46:11 +0800] "GET /xingrg/dwr/engine.js HTTP/1.1" 200 43631
172.17.0.104 - - [02/Apr/2020:09:46:11 +0800] "GET /favicon.ico HTTP/1.1" 404 -
172.17.0.104 - - [02/Apr/2020:09:46:12 +0800] "POST /xingrg/all/report/load_report_page.html HTTP/1.1" 200 99834
172.17.0.104 - - [02/Apr/2020:09:46:12 +0800] "GET /xingrg/servlets/image?cache=0.25082375675693347&image=px HTTP/1.1" 200 807
114.88.159.93 - - [02/Apr/2020:09:46:19 +0800] "GET /xingrg/all/function/internal_message.html?_=1585791977675&CODE_STATE=getMsg HTTP/1.1" 200 27
114.88.159.93 - - [02/Apr/2020:09:46:19 +0800] "GET /xingrg/check_reg.html?_=1585791977681 HTTP/1.1" 200 22
116.232.51.227 - - [02/Apr/2020:09:46:25 +0800] "POST /xingrg/kc/buy/cgsh_order_operate.html HTTP/1.1" 200 37
114.84.33.255 - - [02/Apr/2020:09:46:28 +0800] "GET /xingrg/check_reg.html?_=1585791991684 HTTP/1.1" 200 22
116.233.78.128 - - [02/Apr/2020:09:46:29 +0800] "GET /xingrg/all/function/internal_message.html?_=1585791880642&CODE_STATE=getMsg HTTP/1.1" 200 27
180.156.150.85 - - [02/Apr/2020:09:46:30 +0800] "GET /xingrg/all/function/internal_message.html?_=1585791989824&CODE_STATE=getMsg HTTP/1.1" 200 27
117.131.5.26 - - [02/Apr/2020:09:46:31 +0800] "GET /xingrg/all/function/internal_message.html?_=1585792004375&CODE_STATE=getMsg HTTP/1.1" 302 -
114.84.33.255 - - [02/Apr/2020:09:46:32 +0800] "GET /xingrg/all/function/internal_message.html?_=1585791996036&CODE_STATE=getMsg HTTP/1.1" 200 27
172.17.0.185 - - [02/Apr/2020:09:46:33 +0800] "GET /xingrg/all/function/internal_message.html?_=1585791989309&CODE_STATE=getMsg HTTP/1.1" 200 27
172.17.1.5 - - [02/Apr/2020:09:46:36 +0800] "GET /xingrg/all/function/internal_message.html?_=1585791990240&CODE_STATE=getMsg HTTP/1.1" 200 27
172.17.0.107 - - [02/Apr/2020:09:46:37 +0800] "GET /xingrg/all/function/internal_message.html?_=1585792186794&CODE_STATE=getMsg HTTP/1.1" 200 27
116.232.51.227 - - [02/Apr/2020:09:46:39 +0800] "POST /xingrg/kc/buy/cgsh_order_operate.html HTTP/1.1" 200 12712
114.88.159.93 - - [02/Apr/2020:09:46:39 +0800] "GET /xingrg/all/function/internal_message.html?_=1585791969048&CODE_STATE=getMsg HTTP/1.1" 200 27
58.221.95.50 - - [02/Apr/2020:09:46:43 +0800] "GET /xingrg/all/function/internal_message.html?_=1585792360235&CODE_STATE=getMsg HTTP/1.1" 200 27
222.69.139.232 - - [02/Apr/2020:09:46:46 +0800] "GET /xingrg/all/function/internal_message.html?_=1585792001918&CODE_STATE=getMsg HTTP/1.1" 200 27
116.232.51.227 - - [02/Apr/2020:09:46:47 +0800] "GET /xingrg/all/function/internal_message.html?_=1585792028207&CODE_STATE=getMsg HTTP/1.1" 200 27
116.235.222.53 - - [02/Apr/2020:09:46:48 +0800] "GET /xingrg/all/function/internal_message.html?_=1585792000406&CODE_STATE=getMsg HTTP/1.1" 200 27
222.70.183.62 - - [02/Apr/2020:09:46:49 +0800] "GET /xingrg/all/function/internal_message.html?_=1585792316945&CODE_STATE=getMsg HTTP/1.1" 200 27
172.17.0.112 - - [02/Apr/2020:09:46:50 +0800] "GET /xingrg/all/function/internal_message.html?_=1585792021567&CODE_STATE=getMsg HTTP/1.1" 200 27
120.253.135.82 - - [02/Apr/2020:09:46:58 +0800] "GET /xingrg/all/function/internal_message.html?_=1585792091433&CODE_STATE=getMsg HTTP/1.1" 200 27
116.235.222.53 - - [02/Apr/2020:09:46:59 +0800] "GET /xingrg/kc/buy/cgsh_order_add.html HTTP/1.1" 200 58370
116.235.222.53 - - [02/Apr/2020:09:47:00 +0800] "GET /xingrg/javascript/easyui/themes/default/validatebox.css HTTP/1.1" 404 1104
116.235.222.53 - - [02/Apr/2020:09:47:00 +0800] "POST /xingrg/kc/buy/cgsh_order_operate.html HTTP/1.1" 200 8245
116.235.222.53 - - [02/Apr/2020:09:47:02 +0800] "GET /xingrg/javascript/easyui/themes/default/tree.css HTTP/1.1" 404 1090
172.17.0.104 - - [02/Apr/2020:09:47:02 +0800] "GET /xingrg/all/function/internal_message.html?_=1585792017370&CODE_STATE=getMsg HTTP/1.1" 200 27
116.235.222.53 - - [02/Apr/2020:09:47:02 +0800] "POST /xingrg/all/common/load_tree.html?tree=supplier_tree_json&isDelete=1 HTTP/1.1" 200 47028
116.235.222.53 - - [02/Apr/2020:09:47:03 +0800] "GET /xingrg/all/function/internal_message.html?_=1585792021239&CODE_STATE=getMsg HTTP/1.1" 302 -
172.17.0.114 - - [02/Apr/2020:09:47:03 +0800] "GET /xingrg/index.html HTTP/1.1" 302 -
172.17.0.114 - - [02/Apr/2020:09:47:03 +0800] "GET /xingrg/login.html HTTP/1.1" 200 7636
172.17.0.114 - - [02/Apr/2020:09:47:04 +0800] "GET /favicon.ico HTTP/1.1" 404 -
117.131.5.26 - - [02/Apr/2020:09:47:08 +0800] "GET /xingrg/all/function/internal_message.html?_=1585792280594&CODE_STATE=getMsg HTTP/1.1" 200 27
172.17.0.100 - - [02/Apr/2020:09:47:08 +0800] "GET /xingrg/all/function/internal_message.html?_=1585792208758&CODE_STATE=getMsg HTTP/1.1" 200 27
172.17.0.114 - - [02/Apr/2020:09:47:19 +0800] "POST /xingrg/login.do HTTP/1.1" 302 -
172.17.0.114 - - [02/Apr/2020:09:47:19 +0800] "GET /xingrg/index.html?sysBaseUrl=http%3A%2F%2F172.17.0.8%3A18081%2Fxingrg%2F&costTime=35×tamp=1585792039376 HTTP/1.1" 200 17448
172.17.0.114 - - [02/Apr/2020:09:47:19 +0800] "GET /favicon.ico HTTP/1.1" 404 -
172.17.0.114 - - [02/Apr/2020:09:47:19 +0800] "POST /xingrg/all/common/load_tree.html?tree=area_rest_tree_json&manage=1 HTTP/1.1" 200 3088
114.88.159.93 - - [02/Apr/2020:09:47:19 +0800] "GET /xingrg/all/function/internal_message.html?_=1585792037669&CODE_STATE=getMsg HTTP/1.1" 200 27
172.17.0.114 - - [02/Apr/2020:09:47:19 +0800] "GET /xingrg/all/function/internal_message.html?_=1585792142639&CODE_STATE=count HTTP/1.1" 200 11
172.17.0.114 - - [02/Apr/2020:09:47:19 +0800] "GET /xingrg/check_reg.html?_=1585792142641 HTTP/1.1" 200 22
172.17.0.114 - - [02/Apr/2020:09:47:19 +0800] "POST /xingrg/load_menu.html HTTP/1.1" 200 11408
172.17.0.114 - - [02/Apr/2020:09:47:25 +0800] "POST /xingrg/all/user/operate.html HTTP/1.1" 200 36
172.17.0.114 - - [02/Apr/2020:09:47:25 +0800] "GET /xingrg/index.html?sysBaseUrl=http%3A%2F%2F172.17.0.8%3A18081%2Fxingrg%2F&costTime=35×tamp=1585792039376 HTTP/1.1" 200 17454
172.17.0.114 - - [02/Apr/2020:09:47:25 +0800] "GET /xingrg/javascript/jquery_easy_ui/themes/default/easyui.css HTTP/1.1" 304 -
172.17.0.114 - - [02/Apr/2020:09:47:25 +0800] "GET /xingrg/javascript/jquery_easy_ui/themes/icon.css HTTP/1.1" 304 -
172.17.0.114 - - [02/Apr/2020:09:47:25 +0800] "GET /xingrg/css/form.css HTTP/1.1" 304 -
172.17.0.114 - - [02/Apr/2020:09:47:25 +0800] "GET /xingrg/javascript/jquery-1.4.2.min.js HTTP/1.1" 304 -
172.17.0.114 - - [02/Apr/2020:09:47:25 +0800] "GET /xingrg/javascript/jquery_easy_ui/jquery.easyui.min.js HTTP/1.1" 304 -
172.17.0.114 - - [02/Apr/2020:09:47:25 +0800] "GET /xingrg/javascript/jquery_easy_ui/easyui-lang-zh_CN.js HTTP/1.1" 304 -
172.17.0.114 - - [02/Apr/2020:09:47:25 +0800] "GET /xingrg/javascript/jquery.form.js HTTP/1.1" 304 -
172.17.0.114 - - [02/Apr/2020:09:47:25 +0800] "GET /xingrg/javascript/jquery.utils.js HTTP/1.1" 304 -
172.17.0.114 - - [02/Apr/2020:09:47:25 +0800] "GET /xingrg/javascript/jquery.timers.js HTTP/1.1" 304 -
172.17.0.114 - - [02/Apr/2020:09:47:25 +0800] "GET /xingrg/images/blue/jxLogo.png HTTP/1.1" 304 -
172.17.0.114 - - [02/Apr/2020:09:47:25 +0800] "GET /xingrg/images/blue/navBackgound.jpg HTTP/1.1" 304 -
172.17.0.114 - - [02/Apr/2020:09:47:25 +0800] "GET /xingrg/javascript/jquery_easy_ui/themes/icons/settle_new.png HTTP/1.1" 304 -
172.17.0.114 - - [02/Apr/2020:09:47:25 +0800] "POST /xingrg/all/common/load_tree.html?tree=area_rest_tree_json&manage=1 HTTP/1.1" 200 3088
172.17.0.114 - - [02/Apr/2020:09:47:25 +0800] "GET /xingrg/all/function/internal_message.html?_=1585792148271&CODE_STATE=count HTTP/1.1" 200 11
172.17.0.114 - - [02/Apr/2020:09:47:25 +0800] "GET /xingrg/check_reg.html?_=1585792148272 HTTP/1.1" 200 22
172.17.0.114 - - [02/Apr/2020:09:47:25 +0800] "GET /xingrg/javascript/jquery_easy_ui/themes/default/images/tabs_leftarrow.png HTTP/1.1" 304 -
172.17.0.114 - - [02/Apr/2020:09:47:25 +0800] "GET /xingrg/javascript/jquery_easy_ui/themes/default/images/panel_tool_expand.gif HTTP/1.1" 304 -
172.17.0.114 - - [02/Apr/2020:09:47:25 +0800] "GET /xingrg/javascript/jquery_easy_ui/themes/default/images/panel_tool_collapse.gif HTTP/1.1" 304 -
172.17.0.114 - - [02/Apr/2020:09:47:25 +0800] "GET /xingrg/javascript/jquery_easy_ui/themes/default/images/tabs_rightarrow.png HTTP/1.1" 304 -
172.17.0.114 - - [02/Apr/2020:09:47:25 +0800] "GET /xingrg/images/blue/pingpu.png HTTP/1.1" 304 -
172.17.0.114 - - [02/Apr/2020:09:47:25 +0800] "POST /xingrg/load_menu.html HTTP/1.1" 200 9924
172.17.1.5 - - [02/Apr/2020:09:47:27 +0800] "GET /xingrg/check_reg.html?_=1585792041239 HTTP/1.1" 200 22
172.17.0.123 - - [02/Apr/2020:09:47:27 +0800] "GET /favicon.ico HTTP/1.1" 404 -
172.17.0.114 - - [02/Apr/2020:09:47:27 +0800] "GET /xingrg/kc/base/base_main.html HTTP/1.1" 200 12132
172.17.0.114 - - [02/Apr/2020:09:47:28 +0800] "GET /xingrg/kc/base/check_order_list.html HTTP/1.1" 200 16618
172.17.0.114 - - [02/Apr/2020:09:47:28 +0800] "POST /xingrg/kc/base/check_list_operate.html HTTP/1.1" 200 781
116.233.78.128 - - [02/Apr/2020:09:47:29 +0800] "GET /xingrg/all/function/internal_message.html?_=1585791940642&CODE_STATE=getMsg HTTP/1.1" 200 27
180.156.150.85 - - [02/Apr/2020:09:47:30 +0800] "GET /xingrg/all/function/internal_message.html?_=1585792049827&CODE_STATE=getMsg HTTP/1.1" 200 27
117.131.5.26 - - [02/Apr/2020:09:47:31 +0800] "GET /xingrg/all/function/internal_message.html?_=1585792064390&CODE_STATE=getMsg HTTP/1.1" 302 -
172.17.0.114 - - [02/Apr/2020:09:47:31 +0800] "POST /xingrg/kc/base/check_list_operate.html HTTP/1.1" 200 5451
114.84.33.255 - - [02/Apr/2020:09:47:32 +0800] "GET /xingrg/all/function/internal_message.html?_=1585792056049&CODE_STATE=getMsg HTTP/1.1" 200 27
172.17.0.112 - - [02/Apr/2020:09:47:32 +0800] "GET /xingrg/check_reg.html?_=1585792064163 HTTP/1.1" 200 22
172.17.0.185 - - [02/Apr/2020:09:47:33 +0800] "GET /xingrg/all/function/internal_message.html?_=1585792049312&CODE_STATE=getMsg HTTP/1.1" 200 27
172.17.1.5 - - [02/Apr/2020:09:47:36 +0800] "GET /xingrg/all/function/internal_message.html?_=1585792050214&CODE_STATE=getMsg HTTP/1.1" 200 27
172.17.0.114 - - [02/Apr/2020:09:47:36 +0800] "GET /xingrg/kc/base/check_order_info.html?code=452020033100427 HTTP/1.1" 200 23090
172.17.0.114 - - [02/Apr/2020:09:47:36 +0800] "GET /xingrg/dwr/interface/AjaxComOrderService.js HTTP/1.1" 200 18264
172.17.0.114 - - [02/Apr/2020:09:47:36 +0800] "GET /xingrg/dwr/interface/AjaxCheckService.js HTTP/1.1" 200 14003
172.17.0.114 - - [02/Apr/2020:09:47:36 +0800] "GET /xingrg/dwr/engine.js HTTP/1.1" 200 43631
172.17.0.114 - - [02/Apr/2020:09:47:36 +0800] "GET /xingrg/dwr/util.js HTTP/1.1" 304 -
172.17.0.114 - - [02/Apr/2020:09:47:36 +0800] "POST /xingrg/dwr/call/plaincall/AjaxCheckService.loadOrderItems.dwr HTTP/1.1" 200 20777
172.17.0.107 - - [02/Apr/2020:09:47:37 +0800] "GET /xingrg/all/function/internal_message.html?_=1585792246795&CODE_STATE=getMsg HTTP/1.1" 200 27
172.17.0.107 - - [02/Apr/2020:09:47:37 +0800] "GET /xingrg/check_reg.html?_=1585792246798 HTTP/1.1" 200 22
114.88.159.93 - - [02/Apr/2020:09:47:39 +0800] "GET /xingrg/all/function/internal_message.html?_=1585792029047&CODE_STATE=getMsg HTTP/1.1" 200 27
172.17.0.114 - - [02/Apr/2020:09:47:39 +0800] "POST /xingrg/dwr/call/plaincall/AjaxCheckService.uncheckOrder.dwr HTTP/1.1" 200 78
172.17.0.114 - - [02/Apr/2020:09:47:41 +0800] "GET /xingrg/kc/base/check_order_info.html?code=452020033100427 HTTP/1.1" 200 26248
172.17.0.114 - - [02/Apr/2020:09:47:41 +0800] "GET /xingrg/dwr/interface/AjaxComOrderService.js HTTP/1.1" 200 18264
172.17.0.114 - - [02/Apr/2020:09:47:41 +0800] "GET /xingrg/dwr/interface/AjaxCheckService.js HTTP/1.1" 200 14003
172.17.0.114 - - [02/Apr/2020:09:47:41 +0800] "GET /xingrg/dwr/engine.js HTTP/1.1" 200 43631
172.17.0.114 - - [02/Apr/2020:09:47:41 +0800] "POST /xingrg/dwr/call/plaincall/AjaxCheckService.loadOrderItems.dwr HTTP/1.1" 200 46789
58.221.95.50 - - [02/Apr/2020:09:47:43 +0800] "GET /xingrg/all/function/internal_message.html?_=1585792420219&CODE_STATE=getMsg HTTP/1.1" 200 27
116.232.51.227 - - [02/Apr/2020:09:47:45 +0800] "GET /xingrg/check_reg.html?_=1585792088203 HTTP/1.1" 200 22
116.232.51.227 - - [02/Apr/2020:09:47:45 +0800] "GET /xingrg/all/function/internal_message.html?_=1585792088203&CODE_STATE=getMsg HTTP/1.1" 200 27
116.235.222.53 - - [02/Apr/2020:09:47:46 +0800] "GET /xingrg/kc/buy/cgsh_order_operate.html?command=get_materiel&rest_code=00107&code=00101001140&supplier_code=00100090&order_time=2020-04-02 HTTP/1.1" 200 436
222.69.139.232 - - [02/Apr/2020:09:47:46 +0800] "GET /xingrg/all/function/internal_message.html?_=1585792061897&CODE_STATE=getMsg HTTP/1.1" 200 27
116.235.222.53 - - [02/Apr/2020:09:47:48 +0800] "GET /xingrg/all/function/internal_message.html?_=1585792060395&CODE_STATE=getMsg HTTP/1.1" 200 27
222.70.183.62 - - [02/Apr/2020:09:47:49 +0800] "GET /xingrg/all/function/internal_message.html?_=1585792376948&CODE_STATE=getMsg HTTP/1.1" 200 27
172.17.0.112 - - [02/Apr/2020:09:47:50 +0800] "GET /xingrg/all/function/internal_message.html?_=1585792081573&CODE_STATE=getMsg HTTP/1.1" 200 27
172.17.0.114 - - [02/Apr/2020:09:47:51 +0800] "GET /xingrg/javascript/jquery_tools/images/prev.gif HTTP/1.1" 404 1086
172.17.0.114 - - [02/Apr/2020:09:47:51 +0800] "GET /xingrg/javascript/jquery_tools/images/next.gif HTTP/1.1" 404 1086
120.253.135.82 - - [02/Apr/2020:09:47:58 +0800] "GET /xingrg/all/function/internal_message.html?_=1585792151474&CODE_STATE=getMsg HTTP/1.1" 200 27
172.17.0.104 - - [02/Apr/2020:09:48:02 +0800] "GET /xingrg/all/function/internal_message.html?_=1585792077355&CODE_STATE=getMsg HTTP/1.1" 200 27
116.235.222.53 - - [02/Apr/2020:09:48:03 +0800] "GET /xingrg/all/function/internal_message.html?_=1585792081243&CODE_STATE=getMsg HTTP/1.1" 302 -
116.235.222.53 - - [02/Apr/2020:09:48:03 +0800] "POST /xingrg/kc/buy/cgsh_order_operate.html HTTP/1.1" 200 37
116.235.222.53 - - [02/Apr/2020:09:48:07 +0800] "POST /xingrg/kc/buy/cgsh_order_operate.html HTTP/1.1" 200 12
117.131.5.26 - - [02/Apr/2020:09:48:07 +0800] "GET /xingrg/check_reg.html?_=1585792340219 HTTP/1.1" 200 22
117.131.5.26 - - [02/Apr/2020:09:48:08 +0800] "GET /xingrg/all/function/internal_message.html?_=1585792340606&CODE_STATE=getMsg HTTP/1.1" 200 27
116.235.222.53 - - [02/Apr/2020:09:48:08 +0800] "GET /xingrg/kc/buy/cgsh_order_info.html?code=212020040200191 HTTP/1.1" 200 53274
172.17.0.100 - - [02/Apr/2020:09:48:08 +0800] "GET /xingrg/all/function/internal_message.html?_=1585792268757&CODE_STATE=getMsg HTTP/1.1" 200 27
116.235.222.53 - - [02/Apr/2020:09:48:09 +0800] "GET /xingrg/javascript/easyui/themes/default/validatebox.css HTTP/1.1" 404 1104
116.235.222.53 - - [02/Apr/2020:09:48:09 +0800] "POST /xingrg/kc/buy/cgsh_order_operate.html HTTP/1.1" 200 612
116.235.222.53 - - [02/Apr/2020:09:48:11 +0800] "GET /xingrg/kc/print/load_data.html?order_code=212020040200191&kc_code=cgsh&condition= HTTP/1.1" 200 765
116.235.222.53 - - [02/Apr/2020:09:48:18 +0800] "GET /xingrg/kc/buy/cgsh_order_add.html HTTP/1.1" 200 58370
116.235.222.53 - - [02/Apr/2020:09:48:18 +0800] "POST /xingrg/kc/buy/cgsh_order_operate.html HTTP/1.1" 200 8245
116.235.222.53 - - [02/Apr/2020:09:48:19 +0800] "GET /xingrg/javascript/easyui/themes/default/validatebox.css HTTP/1.1" 404 1104
114.88.159.93 - - [02/Apr/2020:09:48:19 +0800] "GET /xingrg/all/function/internal_message.html?_=1585792097660&CODE_STATE=getMsg HTTP/1.1" 200 27
116.235.222.53 - - [02/Apr/2020:09:48:22 +0800] "GET /xingrg/javascript/easyui/themes/default/tree.css HTTP/1.1" 404 1090
116.235.222.53 - - [02/Apr/2020:09:48:22 +0800] "POST /xingrg/all/common/load_tree.html?tree=supplier_tree_json&isDelete=1 HTTP/1.1" 200 47028
222.70.183.62 - - [02/Apr/2020:09:48:24 +0800] "GET /xingrg/check_reg.html?_=1585792411539 HTTP/1.1" 200 22
172.17.0.114 - - [02/Apr/2020:09:48:25 +0800] "GET /xingrg/all/function/internal_message.html?_=1585792208276&CODE_STATE=getMsg HTTP/1.1" 200 27
117.131.5.26 - - [02/Apr/2020:09:48:28 +0800] "GET /xingrg/check_reg.html?_=1585792121640 HTTP/1.1" 302 -
116.233.78.128 - - [02/Apr/2020:09:48:29 +0800] "GET /xingrg/all/function/internal_message.html?_=1585792000643&CODE_STATE=getMsg HTTP/1.1" 200 27
180.156.150.85 - - [02/Apr/2020:09:48:30 +0800] "GET /xingrg/all/function/internal_message.html?_=1585792109827&CODE_STATE=getMsg HTTP/1.1" 200 27
117.131.5.26 - - [02/Apr/2020:09:48:31 +0800] "GET /xingrg/all/function/internal_message.html?_=1585792124390&CODE_STATE=getMsg HTTP/1.1" 302 -
114.84.33.255 - - [02/Apr/2020:09:48:33 +0800] "GET /xingrg/all/function/internal_message.html?_=1585792116444&CODE_STATE=getMsg HTTP/1.1" 200 27
172.17.0.185 - - [02/Apr/2020:09:48:33 +0800] "GET /xingrg/all/function/internal_message.html?_=1585792109319&CODE_STATE=getMsg HTTP/1.1" 200 27
172.17.1.5 - - [02/Apr/2020:09:48:36 +0800] "GET /xingrg/all/function/internal_message.html?_=1585792110186&CODE_STATE=getMsg HTTP/1.1" 200 27
172.17.0.114 - - [02/Apr/2020:09:48:37 +0800] "POST /xingrg/dwr/call/plaincall/AjaxCheckService.checkOrder.dwr HTTP/1.1" 200 78
172.17.0.107 - - [02/Apr/2020:09:48:37 +0800] "GET /xingrg/all/function/internal_message.html?_=1585792306801&CODE_STATE=getMsg HTTP/1.1" 200 27
172.17.0.114 - - [02/Apr/2020:09:48:38 +0800] "GET /xingrg/kc/base/check_order_info.html?code=452020033100427 HTTP/1.1" 200 23090
172.17.0.114 - - [02/Apr/2020:09:48:38 +0800] "GET /xingrg/dwr/interface/AjaxComOrderService.js HTTP/1.1" 200 18264
172.17.0.114 - - [02/Apr/2020:09:48:38 +0800] "GET /xingrg/dwr/interface/AjaxCheckService.js HTTP/1.1" 200 14003
172.17.0.114 - - [02/Apr/2020:09:48:38 +0800] "GET /xingrg/dwr/engine.js HTTP/1.1" 200 43631
172.17.0.114 - - [02/Apr/2020:09:48:39 +0800] "POST /xingrg/dwr/call/plaincall/AjaxCheckService.loadOrderItems.dwr HTTP/1.1" 200 20777
114.88.159.93 - - [02/Apr/2020:09:48:39 +0800] "GET /xingrg/check_reg.html?_=1585792089045 HTTP/1.1" 200 22
114.88.159.93 - - [02/Apr/2020:09:48:39 +0800] "GET /xingrg/all/function/internal_message.html?_=1585792089046&CODE_STATE=getMsg HTTP/1.1" 200 27
116.232.51.227 - - [02/Apr/2020:09:48:43 +0800] "GET /xingrg/all/function/internal_message.html?_=1585792148218&CODE_STATE=getMsg HTTP/1.1" 200 27
58.221.95.50 - - [02/Apr/2020:09:48:43 +0800] "GET /xingrg/all/function/internal_message.html?_=1585792480204&CODE_STATE=getMsg HTTP/1.1" 200 27
222.69.139.232 - - [02/Apr/2020:09:48:46 +0800] "GET /xingrg/all/function/internal_message.html?_=1585792121867&CODE_STATE=getMsg HTTP/1.1" 200 27
222.69.139.232 - - [02/Apr/2020:09:48:47 +0800] "GET /xingrg/check_reg.html?_=1585792122751 HTTP/1.1" 200 22
116.235.222.53 - - [02/Apr/2020:09:48:48 +0800] "GET /xingrg/all/function/internal_message.html?_=1585792120375&CODE_STATE=getMsg HTTP/1.1" 200 27
222.70.183.62 - - [02/Apr/2020:09:48:49 +0800] "GET /xingrg/check_reg.html?_=1585792436960 HTTP/1.1" 200 22
222.70.183.62 - - [02/Apr/2020:09:48:49 +0800] "GET /xingrg/all/function/internal_message.html?_=1585792436957&CODE_STATE=getMsg HTTP/1.1" 200 27
172.17.0.112 - - [02/Apr/2020:09:48:50 +0800] "GET /xingrg/all/function/internal_message.html?_=1585792141587&CODE_STATE=getMsg HTTP/1.1" 200 27
120.253.135.82 - - [02/Apr/2020:09:48:59 +0800] "GET /xingrg/all/function/internal_message.html?_=1585792211476&CODE_STATE=getMsg HTTP/1.1" 200 27
172.17.0.104 - - [02/Apr/2020:09:49:02 +0800] "GET /xingrg/check_reg.html?_=1585792137369 HTTP/1.1" 200 22
172.17.0.104 - - [02/Apr/2020:09:49:02 +0800] "GET /xingrg/all/function/internal_message.html?_=1585792137372&CODE_STATE=getMsg HTTP/1.1" 200 27
116.235.222.53 - - [02/Apr/2020:09:49:03 +0800] "GET /xingrg/all/function/internal_message.html?_=1585792141268&CODE_STATE=getMsg HTTP/1.1" 302 -
116.235.222.53 - - [02/Apr/2020:09:49:04 +0800] "GET /xingrg/kc/buy/cgsh_order_operate.html?command=get_materiel&rest_code=00107&code=00101006166&supplier_code=00100344&order_time=2020-04-02 HTTP/1.1" 200 441
117.131.5.26 - - [02/Apr/2020:09:49:08 +0800] "GET /xingrg/all/function/internal_message.html?_=1585792400620&CODE_STATE=getMsg HTTP/1.1" 200 27
172.17.0.100 - - [02/Apr/2020:09:49:08 +0800] "GET /xingrg/all/function/internal_message.html?_=1585792328756&CODE_STATE=getMsg HTTP/1.1" 200 27
172.17.0.100 - - [02/Apr/2020:09:49:08 +0800] "GET /xingrg/check_reg.html?_=1585792328757 HTTP/1.1" 200 22
116.235.222.53 - - [02/Apr/2020:09:49:17 +0800] "POST /xingrg/kc/buy/cgsh_order_operate.html HTTP/1.1" 200 37
172.17.0.114 - - [02/Apr/2020:09:49:17 +0800] "GET /xingrg/kc/base/check_order_info.html?code=452020033100427 HTTP/1.1" 200 23090
172.17.0.114 - - [02/Apr/2020:09:49:17 +0800] "GET /xingrg/dwr/interface/AjaxComOrderService.js HTTP/1.1" 200 18264
172.17.0.114 - - [02/Apr/2020:09:49:17 +0800] "GET /xingrg/dwr/interface/AjaxCheckService.js HTTP/1.1" 200 14003
172.17.0.114 - - [02/Apr/2020:09:49:17 +0800] "GET /xingrg/dwr/engine.js HTTP/1.1" 200 43631
172.17.0.114 - - [02/Apr/2020:09:49:17 +0800] "POST /xingrg/dwr/call/plaincall/AjaxCheckService.loadOrderItems.dwr HTTP/1.1" 200 20777
116.235.222.53 - - [02/Apr/2020:09:49:18 +0800] "POST /xingrg/kc/buy/cgsh_order_operate.html HTTP/1.1" 200 12
116.235.222.53 - - [02/Apr/2020:09:49:19 +0800] "GET /xingrg/kc/buy/cgsh_order_info.html?code=212020040200192 HTTP/1.1" 200 53274
114.88.159.93 - - [02/Apr/2020:09:49:19 +0800] "GET /xingrg/all/function/internal_message.html?_=1585792157666&CODE_STATE=getMsg HTTP/1.1" 200 27
116.235.222.53 - - [02/Apr/2020:09:49:20 +0800] "GET /xingrg/javascript/easyui/themes/default/validatebox.css HTTP/1.1" 404 1104
116.235.222.53 - - [02/Apr/2020:09:49:20 +0800] "POST /xingrg/kc/buy/cgsh_order_operate.html HTTP/1.1" 200 618
116.235.222.53 - - [02/Apr/2020:09:49:21 +0800] "GET /xingrg/kc/print/load_data.html?order_code=212020040200192&kc_code=cgsh&condition= HTTP/1.1" 200 714
172.17.0.114 - - [02/Apr/2020:09:49:25 +0800] "GET /xingrg/all/function/internal_message.html?_=1585792268278&CODE_STATE=getMsg HTTP/1.1" 200 27
58.221.95.50 - - [02/Apr/2020:09:49:26 +0800] "GET /xingrg/check_reg.html?_=1585792522904 HTTP/1.1" 200 22
116.233.78.128 - - [02/Apr/2020:09:49:29 +0800] "GET /xingrg/all/function/internal_message.html?_=1585792060644&CODE_STATE=getMsg HTTP/1.1" 200 27
116.233.78.128 - - [02/Apr/2020:09:49:29 +0800] "GET /xingrg/check_reg.html?_=1585792060646 HTTP/1.1" 200 22
116.235.222.53 - - [02/Apr/2020:09:49:29 +0800] "GET /xingrg/kc/buy/cgsh_order_add.html HTTP/1.1" 200 58370
180.156.150.85 - - [02/Apr/2020:09:49:30 +0800] "GET /xingrg/all/function/internal_message.html?_=1585792169828&CODE_STATE=getMsg HTTP/1.1" 200 27
116.235.222.53 - - [02/Apr/2020:09:49:30 +0800] "GET /xingrg/javascript/easyui/themes/default/validatebox.css HTTP/1.1" 404 1104
116.235.222.53 - - [02/Apr/2020:09:49:30 +0800] "POST /xingrg/kc/buy/cgsh_order_operate.html HTTP/1.1" 200 8245
117.131.5.26 - - [02/Apr/2020:09:49:31 +0800] "GET /xingrg/all/function/internal_message.html?_=1585792184406&CODE_STATE=getMsg HTTP/1.1" 302 -
116.235.222.53 - - [02/Apr/2020:09:49:31 +0800] "GET /xingrg/javascript/easyui/themes/default/tree.css HTTP/1.1" 404 1090
116.235.222.53 - - [02/Apr/2020:09:49:31 +0800] "POST /xingrg/all/common/load_tree.html?tree=supplier_tree_json&isDelete=1 HTTP/1.1" 200 47028
114.84.33.255 - - [02/Apr/2020:09:49:33 +0800] "GET /xingrg/all/function/internal_message.html?_=1585792176451&CODE_STATE=getMsg HTTP/1.1" 200 27
172.17.0.185 - - [02/Apr/2020:09:49:33 +0800] "GET /xingrg/all/function/internal_message.html?_=1585792169323&CODE_STATE=getMsg HTTP/1.1" 200 27
172.17.0.185 - - [02/Apr/2020:09:49:33 +0800] "GET /xingrg/check_reg.html?_=1585792169325 HTTP/1.1" 200 22
172.17.1.5 - - [02/Apr/2020:09:49:36 +0800] "GET /xingrg/all/function/internal_message.html?_=1585792170161&CODE_STATE=getMsg HTTP/1.1" 200 27
117.185.32.26 - - [02/Apr/2020:09:49:36 +0800] "GET /xingrg/check_reg.html?_=1585792580697 HTTP/1.1" 200 22
172.16.0.196 - - [02/Apr/2020:09:49:37 +0800] "GET /xingrg/check_reg.html?_=1585792178757 HTTP/1.1" 302 -
172.17.0.107 - - [02/Apr/2020:09:49:37 +0800] "GET /xingrg/all/function/internal_message.html?_=1585792366794&CODE_STATE=getMsg HTTP/1.1" 200 27
172.16.0.196 - - [02/Apr/2020:09:49:38 +0800] "GET /xingrg/index.html?sysBaseUrl=http%3A%2F%2F172.17.0.8%3A18081%2Fxingrg%2F&costTime=213×tamp=1585200360465 HTTP/1.1" 302 -
172.16.0.196 - - [02/Apr/2020:09:49:38 +0800] "GET /xingrg/login.html HTTP/1.1" 200 7636
172.16.0.196 - - [02/Apr/2020:09:49:39 +0800] "GET /favicon.ico HTTP/1.1" 404 -
114.88.159.93 - - [02/Apr/2020:09:49:39 +0800] "GET /xingrg/all/function/internal_message.html?_=1585792149045&CODE_STATE=getMsg HTTP/1.1" 200 27
172.16.0.196 - - [02/Apr/2020:09:49:40 +0800] "POST /xingrg/login.do HTTP/1.1" 302 -
172.16.0.196 - - [02/Apr/2020:09:49:40 +0800] "GET /xingrg/index.html?sysBaseUrl=http%3A%2F%2F172.17.0.8%3A18081%2Fxingrg%2F&costTime=37×tamp=1585792180413 HTTP/1.1" 200 17448
172.16.0.196 - - [02/Apr/2020:09:49:40 +0800] "GET /favicon.ico HTTP/1.1" 404 -
172.16.0.196 - - [02/Apr/2020:09:49:40 +0800] "POST /xingrg/all/common/load_tree.html?tree=area_rest_tree_json&manage=1 HTTP/1.1" 200 3088
116.232.51.227 - - [02/Apr/2020:09:49:40 +0800] "GET /xingrg/all/function/internal_message.html?_=1585792208206&CODE_STATE=getMsg HTTP/1.1" 200 27
172.16.0.196 - - [02/Apr/2020:09:49:40 +0800] "GET /xingrg/all/function/internal_message.html?_=1585792182406&CODE_STATE=count HTTP/1.1" 200 11
172.16.0.196 - - [02/Apr/2020:09:49:40 +0800] "GET /xingrg/check_reg.html?_=1585792182406 HTTP/1.1" 200 22
172.16.0.196 - - [02/Apr/2020:09:49:41 +0800] "POST /xingrg/load_menu.html HTTP/1.1" 200 11529
58.221.95.50 - - [02/Apr/2020:09:49:43 +0800] "GET /xingrg/all/function/internal_message.html?_=1585792540175&CODE_STATE=getMsg HTTP/1.1" 200 27
222.69.139.232 - - [02/Apr/2020:09:49:46 +0800] "GET /xingrg/all/function/internal_message.html?_=1585792181849&CODE_STATE=getMsg HTTP/1.1" 200 27
116.235.222.53 - - [02/Apr/2020:09:49:48 +0800] "GET /xingrg/all/function/internal_message.html?_=1585792180349&CODE_STATE=getMsg HTTP/1.1" 200 27
116.235.222.53 - - [02/Apr/2020:09:49:48 +0800] "GET /xingrg/check_reg.html?_=1585792180569 HTTP/1.1" 200 22
222.70.183.62 - - [02/Apr/2020:09:49:49 +0800] "GET /xingrg/all/function/internal_message.html?_=1585792496955&CODE_STATE=getMsg HTTP/1.1" 200 27
172.17.0.112 - - [02/Apr/2020:09:49:50 +0800] "GET /xingrg/all/function/internal_message.html?_=1585792201612&CODE_STATE=getMsg HTTP/1.1" 200 27
120.253.135.82 - - [02/Apr/2020:09:49:57 +0800] "GET /xingrg/check_reg.html?_=1585792269852 HTTP/1.1" 200 22
120.253.135.82 - - [02/Apr/2020:09:49:59 +0800] "GET /xingrg/all/function/internal_message.html?_=1585792271489&CODE_STATE=getMsg HTTP/1.1" 200 27
101.89.29.78 - - [02/Apr/2020:09:50:00 +0800] "GET /xingrg/all/function/internal_message.html?_=1585791489018&CODE_STATE=getMsg HTTP/1.1" 302 -
172.17.0.104 - - [02/Apr/2020:09:50:02 +0800] "GET /xingrg/all/function/internal_message.html?_=1585792197355&CODE_STATE=getMsg HTTP/1.1" 200 27
116.235.222.53 - - [02/Apr/2020:09:50:03 +0800] "GET /xingrg/check_reg.html?_=1585792201270 HTTP/1.1" 302 -
116.235.222.53 - - [02/Apr/2020:09:50:03 +0800] "GET /xingrg/all/function/internal_message.html?_=1585792201271&CODE_STATE=getMsg HTTP/1.1" 302 -
101.89.29.78 - - [02/Apr/2020:09:50:06 +0800] "GET /xingrg/login.html HTTP/1.1" 200 7641
117.131.5.26 - - [02/Apr/2020:09:50:08 +0800] "GET /xingrg/all/function/internal_message.html?_=1585792460634&CODE_STATE=getMsg HTTP/1.1" 200 27
172.17.0.100 - - [02/Apr/2020:09:50:08 +0800] "GET /xingrg/all/function/internal_message.html?_=1585792388755&CODE_STATE=getMsg HTTP/1.1" 200 27
116.235.222.53 - - [02/Apr/2020:09:50:12 +0800] "GET /xingrg/kc/buy/cgsh_order_operate.html?command=get_materiel&rest_code=00107&code=00101008061&supplier_code=00100339&order_time=2020-04-02 HTTP/1.1" 200 422
101.227.139.173 - - [02/Apr/2020:09:50:12 +0800] "GET /xingrg/check_reg.html?_=1585791489020 HTTP/1.1" 302 -
101.227.139.173 - - [02/Apr/2020:09:50:15 +0800] "GET /xingrg/login.html HTTP/1.1" 200 7641
114.88.159.93 - - [02/Apr/2020:09:50:19 +0800] "GET /xingrg/all/function/internal_message.html?_=1585792217672&CODE_STATE=getMsg HTTP/1.1" 200 27
172.17.0.114 - - [02/Apr/2020:09:50:25 +0800] "GET /xingrg/all/function/internal_message.html?_=1585792328288&CODE_STATE=getMsg HTTP/1.1" 200 27
116.235.222.53 - - [02/Apr/2020:09:50:28 +0800] "POST /xingrg/kc/buy/cgsh_order_operate.html HTTP/1.1" 200 37
116.233.78.128 - - [02/Apr/2020:09:50:29 +0800] "GET /xingrg/all/function/internal_message.html?_=1585792120645&CODE_STATE=getMsg HTTP/1.1" 200 27
180.156.150.85 - - [02/Apr/2020:09:50:30 +0800] "GET /xingrg/all/function/internal_message.html?_=1585792229828&CODE_STATE=getMsg HTTP/1.1" 200 27
180.156.150.85 - - [02/Apr/2020:09:50:30 +0800] "GET /xingrg/check_reg.html?_=1585792229830 HTTP/1.1" 200 22
116.235.222.53 - - [02/Apr/2020:09:50:30 +0800] "POST /xingrg/kc/buy/cgsh_order_operate.html HTTP/1.1" 200 12
117.131.5.26 - - [02/Apr/2020:09:50:31 +0800] "GET /xingrg/all/function/internal_message.html?_=1585792244406&CODE_STATE=getMsg HTTP/1.1" 302 -
116.235.222.53 - - [02/Apr/2020:09:50:31 +0800] "GET /xingrg/kc/buy/cgsh_order_info.html?code=212020040200193 HTTP/1.1" 200 53273
116.235.222.53 - - [02/Apr/2020:09:50:32 +0800] "GET /xingrg/javascript/easyui/themes/default/validatebox.css HTTP/1.1" 404 1104
116.235.222.53 - - [02/Apr/2020:09:50:32 +0800] "POST /xingrg/kc/buy/cgsh_order_operate.html HTTP/1.1" 200 615
172.17.0.185 - - [02/Apr/2020:09:50:33 +0800] "GET /xingrg/all/function/internal_message.html?_=1585792229312&CODE_STATE=getMsg HTTP/1.1" 200 27
114.84.33.255 - - [02/Apr/2020:09:50:33 +0800] "GET /xingrg/all/function/internal_message.html?_=1585792236847&CODE_STATE=getMsg HTTP/1.1" 200 27
116.235.222.53 - - [02/Apr/2020:09:50:34 +0800] "GET /xingrg/kc/print/load_data.html?order_code=212020040200193&kc_code=cgsh&condition= HTTP/1.1" 200 704
172.17.1.5 - - [02/Apr/2020:09:50:36 +0800] "GET /xingrg/all/function/internal_message.html?_=1585792230165&CODE_STATE=getMsg HTTP/1.1" 200 27
172.17.0.107 - - [02/Apr/2020:09:50:37 +0800] "GET /xingrg/all/function/internal_message.html?_=1585792426793&CODE_STATE=getMsg HTTP/1.1" 200 27
116.232.51.227 - - [02/Apr/2020:09:50:38 +0800] "GET /xingrg/all/function/internal_message.html?_=1585792268203&CODE_STATE=getMsg HTTP/1.1" 200 27
116.235.222.53 - - [02/Apr/2020:09:50:39 +0800] "GET /xingrg/kc/buy/cgsh_order_add.html HTTP/1.1" 200 58370
114.88.159.93 - - [02/Apr/2020:09:50:39 +0800] "GET /xingrg/all/function/internal_message.html?_=1585792209043&CODE_STATE=getMsg HTTP/1.1" 200 27
116.235.222.53 - - [02/Apr/2020:09:50:40 +0800] "GET /xingrg/javascript/easyui/themes/default/validatebox.css HTTP/1.1" 404 1104
116.235.222.53 - - [02/Apr/2020:09:50:40 +0800] "POST /xingrg/kc/buy/cgsh_order_operate.html HTTP/1.1" 200 8245
172.16.0.196 - - [02/Apr/2020:09:50:40 +0800] "GET /xingrg/all/function/internal_message.html?_=1585792242410&CODE_STATE=getMsg HTTP/1.1" 200 27
116.235.222.53 - - [02/Apr/2020:09:50:42 +0800] "GET /xingrg/javascript/easyui/themes/default/tree.css HTTP/1.1" 404 1090
116.235.222.53 - - [02/Apr/2020:09:50:42 +0800] "POST /xingrg/all/common/load_tree.html?tree=supplier_tree_json&isDelete=1 HTTP/1.1" 200 47028
58.221.95.50 - - [02/Apr/2020:09:50:43 +0800] "GET /xingrg/all/function/internal_message.html?_=1585792600160&CODE_STATE=getMsg HTTP/1.1" 200 27
222.69.139.232 - - [02/Apr/2020:09:50:46 +0800] "GET /xingrg/all/function/internal_message.html?_=1585792241823&CODE_STATE=getMsg HTTP/1.1" 200 27
116.235.222.53 - - [02/Apr/2020:09:50:48 +0800] "GET /xingrg/all/function/internal_message.html?_=1585792240327&CODE_STATE=getMsg HTTP/1.1" 200 27
222.70.183.62 - - [02/Apr/2020:09:50:49 +0800] "GET /xingrg/all/function/internal_message.html?_=1585792556957&CODE_STATE=getMsg HTTP/1.1" 200 27
172.17.0.112 - - [02/Apr/2020:09:50:50 +0800] "GET /xingrg/all/function/internal_message.html?_=1585792261631&CODE_STATE=getMsg HTTP/1.1" 200 27
120.253.135.82 - - [02/Apr/2020:09:50:59 +0800] "GET /xingrg/all/function/internal_message.html?_=1585792331503&CODE_STATE=getMsg HTTP/1.1" 200 27
