172.17.0.112 - - [02/Apr/2020:09:59:50 +0800] "GET /xingrg/all/function/internal_message.html?_=1585792801759&CODE_STATE=getMsg HTTP/1.1" 200 27
116.235.222.53 - - [02/Apr/2020:09:59:51 +0800] "POST /xingrg/kc/buy/cgsh_list_operate.html HTTP/1.1" 200 4356
58.247.206.148 - - [02/Apr/2020:09:59:53 +0800] "GET /xingrg/all/function/internal_message.html?_=1585792089046&CODE_STATE=getMsg HTTP/1.1" 302 -
116.235.222.53 - - [02/Apr/2020:09:59:55 +0800] "GET /xingrg/kc/buy/cgsh_order_add.html HTTP/1.1" 200 58370
116.235.222.53 - - [02/Apr/2020:09:59:56 +0800] "GET /xingrg/javascript/easyui/themes/default/validatebox.css HTTP/1.1" 404 1104
116.235.222.53 - - [02/Apr/2020:09:59:56 +0800] "POST /xingrg/kc/buy/cgsh_order_operate.html HTTP/1.1" 200 8245
120.253.135.82 - - [02/Apr/2020:09:59:57 +0800] "GET /xingrg/check_reg.html?_=1585792869906 HTTP/1.1" 200 22
116.235.222.53 - - [02/Apr/2020:09:59:57 +0800] "GET /xingrg/kc/buy/buy_main.html HTTP/1.1" 200 12412
116.235.222.53 - - [02/Apr/2020:09:59:57 +0800] "GET /xingrg/css/new_ie.css HTTP/1.1" 404 1036
58.247.206.148 - - [02/Apr/2020:09:59:58 +0800] "GET /xingrg/login.html HTTP/1.1" 200 7641
116.235.222.53 - - [02/Apr/2020:09:59:58 +0800] "GET /xingrg/images/yd/bt.gif HTTP/1.1" 404 1040
116.235.222.53 - - [02/Apr/2020:09:59:59 +0800] "GET /xingrg/kc/buy/cgsh_order_list.html HTTP/1.1" 200 42304
120.253.135.82 - - [02/Apr/2020:09:59:59 +0800] "GET /xingrg/all/function/internal_message.html?_=1585792871673&CODE_STATE=getMsg HTTP/1.1" 200 27
61.129.6.174 - - [02/Apr/2020:09:59:59 +0800] "GET /xingrg/check_reg.html?_=1585792089045 HTTP/1.1" 302 -
116.235.222.53 - - [02/Apr/2020:09:59:59 +0800] "POST /xingrg/kc/buy/cgsh_list_operate.html HTTP/1.1" 200 876
116.235.222.53 - - [02/Apr/2020:10:00:00 +0800] "GET /xingrg/kc/buy/cgsh_order_add.html HTTP/1.1" 200 58370
116.235.222.53 - - [02/Apr/2020:10:00:01 +0800] "GET /xingrg/javascript/easyui/themes/default/validatebox.css HTTP/1.1" 404 1104
116.235.222.53 - - [02/Apr/2020:10:00:01 +0800] "POST /xingrg/kc/buy/cgsh_order_operate.html HTTP/1.1" 200 8245
172.17.0.104 - - [02/Apr/2020:10:00:02 +0800] "GET /xingrg/all/function/internal_message.html?_=1585792797399&CODE_STATE=getMsg HTTP/1.1" 200 27
116.235.222.53 - - [02/Apr/2020:10:00:02 +0800] "GET /xingrg/javascript/easyui/themes/default/tree.css HTTP/1.1" 404 1090
116.235.222.53 - - [02/Apr/2020:10:00:02 +0800] "POST /xingrg/all/common/load_tree.html?tree=supplier_tree_json&isDelete=1 HTTP/1.1" 200 47028
116.235.222.53 - - [02/Apr/2020:10:00:03 +0800] "GET /xingrg/all/function/internal_message.html?_=1585792801252&CODE_STATE=getMsg HTTP/1.1" 302 -
116.235.222.53 - - [02/Apr/2020:10:00:03 +0800] "GET /xingrg/check_reg.html?_=1585792801254 HTTP/1.1" 302 -
61.129.6.174 - - [02/Apr/2020:10:00:05 +0800] "GET /xingrg/login.html HTTP/1.1" 200 7641
117.131.5.26 - - [02/Apr/2020:10:00:08 +0800] "GET /xingrg/all/function/internal_message.html?_=1585793060770&CODE_STATE=getMsg HTTP/1.1" 200 27
172.17.0.100 - - [02/Apr/2020:10:00:09 +0800] "GET /xingrg/all/function/internal_message.html?_=1585792988769&CODE_STATE=getMsg HTTP/1.1" 200 27
114.88.159.93 - - [02/Apr/2020:10:00:20 +0800] "GET /xingrg/all/function/internal_message.html?_=1585792817670&CODE_STATE=getMsg HTTP/1.1" 200 27
116.233.78.128 - - [02/Apr/2020:10:00:29 +0800] "GET /xingrg/all/function/internal_message.html?_=1585792720645&CODE_STATE=getMsg HTTP/1.1" 200 27
180.156.150.85 - - [02/Apr/2020:10:00:30 +0800] "GET /xingrg/check_reg.html?_=1585792829858 HTTP/1.1" 200 22
180.156.150.85 - - [02/Apr/2020:10:00:30 +0800] "GET /xingrg/all/function/internal_message.html?_=1585792829859&CODE_STATE=getMsg HTTP/1.1" 200 27
117.131.5.26 - - [02/Apr/2020:10:00:31 +0800] "GET /xingrg/all/function/internal_message.html?_=1585792844468&CODE_STATE=getMsg HTTP/1.1" 302 -
172.17.0.185 - - [02/Apr/2020:10:00:33 +0800] "GET /xingrg/all/function/internal_message.html?_=1585792829322&CODE_STATE=getMsg HTTP/1.1" 200 27
114.84.33.255 - - [02/Apr/2020:10:00:35 +0800] "GET /xingrg/all/function/internal_message.html?_=1585792838478&CODE_STATE=getMsg HTTP/1.1" 200 27
172.17.0.114 - - [02/Apr/2020:10:00:35 +0800] "GET /xingrg/all/function/internal_message.html?_=1585792938777&CODE_STATE=getMsg HTTP/1.1" 200 27
172.17.0.107 - - [02/Apr/2020:10:00:37 +0800] "GET /xingrg/all/function/internal_message.html?_=1585793026826&CODE_STATE=getMsg HTTP/1.1" 200 27
116.235.222.53 - - [02/Apr/2020:10:00:38 +0800] "POST /xingrg/kc/buy/cgsh_order_operate.html HTTP/1.1" 200 37
116.235.222.53 - - [02/Apr/2020:10:00:39 +0800] "POST /xingrg/kc/buy/cgsh_order_operate.html HTTP/1.1" 200 12
114.88.159.93 - - [02/Apr/2020:10:00:39 +0800] "GET /xingrg/all/function/internal_message.html?_=1585792809074&CODE_STATE=getMsg HTTP/1.1" 200 27
116.235.222.53 - - [02/Apr/2020:10:00:40 +0800] "GET /xingrg/kc/buy/cgsh_order_info.html?code=212020040200199 HTTP/1.1" 200 53273
172.16.0.196 - - [02/Apr/2020:10:00:40 +0800] "GET /xingrg/all/function/internal_message.html?_=1585792842417&CODE_STATE=getMsg HTTP/1.1" 200 27
116.235.222.53 - - [02/Apr/2020:10:00:41 +0800] "GET /xingrg/javascript/easyui/themes/default/validatebox.css HTTP/1.1" 404 1104
116.235.222.53 - - [02/Apr/2020:10:00:41 +0800] "POST /xingrg/kc/buy/cgsh_order_operate.html HTTP/1.1" 200 1202
116.235.222.53 - - [02/Apr/2020:10:00:42 +0800] "GET /xingrg/kc/print/load_data.html?order_code=212020040200199&kc_code=cgsh&condition= HTTP/1.1" 200 929
58.221.95.50 - - [02/Apr/2020:10:00:43 +0800] "GET /xingrg/all/function/internal_message.html?_=1585793199979&CODE_STATE=getMsg HTTP/1.1" 200 27
222.69.139.232 - - [02/Apr/2020:10:00:46 +0800] "GET /xingrg/all/function/internal_message.html?_=1585792841645&CODE_STATE=getMsg HTTP/1.1" 200 27
116.235.222.53 - - [02/Apr/2020:10:00:47 +0800] "GET /xingrg/kc/buy/buy_main.html HTTP/1.1" 200 12412
116.235.222.53 - - [02/Apr/2020:10:00:47 +0800] "GET /xingrg/css/new_ie.css HTTP/1.1" 404 1036
116.235.222.53 - - [02/Apr/2020:10:00:47 +0800] "GET /xingrg/all/function/internal_message.html?_=1585792840190&CODE_STATE=getMsg HTTP/1.1" 200 27
116.235.222.53 - - [02/Apr/2020:10:00:47 +0800] "GET /xingrg/images/yd/bt.gif HTTP/1.1" 404 1040
116.235.222.53 - - [02/Apr/2020:10:00:48 +0800] "GET /xingrg/kc/buy/cgsh_order_list.html HTTP/1.1" 200 42304
116.235.222.53 - - [02/Apr/2020:10:00:49 +0800] "POST /xingrg/kc/buy/cgsh_list_operate.html HTTP/1.1" 200 876
222.70.183.62 - - [02/Apr/2020:10:00:49 +0800] "GET /xingrg/all/function/internal_message.html?_=1585793156947&CODE_STATE=getMsg HTTP/1.1" 200 27
172.17.0.112 - - [02/Apr/2020:10:00:50 +0800] "GET /xingrg/all/function/internal_message.html?_=1585792861773&CODE_STATE=getMsg HTTP/1.1" 200 27
116.235.222.53 - - [02/Apr/2020:10:00:55 +0800] "POST /xingrg/kc/buy/cgsh_list_operate.html HTTP/1.1" 200 4734
120.253.135.82 - - [02/Apr/2020:10:00:59 +0800] "GET /xingrg/all/function/internal_message.html?_=1585792931686&CODE_STATE=getMsg HTTP/1.1" 200 27
172.17.0.104 - - [02/Apr/2020:10:01:02 +0800] "GET /xingrg/all/function/internal_message.html?_=1585792857410&CODE_STATE=getMsg HTTP/1.1" 200 27
116.235.222.53 - - [02/Apr/2020:10:01:03 +0800] "GET /xingrg/all/function/internal_message.html?_=1585792861253&CODE_STATE=getMsg HTTP/1.1" 302 -
180.162.232.172 - - [02/Apr/2020:10:01:08 +0800] "GET /xingrg/check_reg.html?_=1585792977250 HTTP/1.1" 200 22
117.131.5.26 - - [02/Apr/2020:10:01:08 +0800] "GET /xingrg/all/function/internal_message.html?_=1585793120785&CODE_STATE=getMsg HTTP/1.1" 200 27
172.17.0.100 - - [02/Apr/2020:10:01:09 +0800] "GET /xingrg/all/function/internal_message.html?_=1585793048786&CODE_STATE=getMsg HTTP/1.1" 200 27
116.235.222.53 - - [02/Apr/2020:10:01:11 +0800] "POST /xingrg/kc/buy/cgsh_list_operate.html HTTP/1.1" 200 306
116.235.222.53 - - [02/Apr/2020:10:01:14 +0800] "GET /xingrg/kc/buy/cgsh_order_add.html HTTP/1.1" 200 58370
116.235.222.53 - - [02/Apr/2020:10:01:14 +0800] "GET /xingrg/javascript/easyui/themes/default/validatebox.css HTTP/1.1" 404 1104
116.235.222.53 - - [02/Apr/2020:10:01:14 +0800] "POST /xingrg/kc/buy/cgsh_order_operate.html HTTP/1.1" 200 8245
116.235.222.53 - - [02/Apr/2020:10:01:16 +0800] "GET /xingrg/javascript/easyui/themes/default/tree.css HTTP/1.1" 404 1090
114.88.159.93 - - [02/Apr/2020:10:01:16 +0800] "POST /xingrg/services/DataTransmitService HTTP/1.1" 200 524
116.235.222.53 - - [02/Apr/2020:10:01:16 +0800] "POST /xingrg/all/common/load_tree.html?tree=supplier_tree_json&isDelete=1 HTTP/1.1" 200 47028
114.88.159.93 - - [02/Apr/2020:10:01:16 +0800] "POST /xingrg/services/DataTransmitService HTTP/1.1" 200 501
114.88.159.93 - - [02/Apr/2020:10:01:19 +0800] "GET /xingrg/all/function/internal_message.html?_=1585792877675&CODE_STATE=getMsg HTTP/1.1" 200 27
114.88.159.93 - - [02/Apr/2020:10:01:19 +0800] "GET /xingrg/check_reg.html?_=1585792877681 HTTP/1.1" 200 22
114.84.33.255 - - [02/Apr/2020:10:01:28 +0800] "GET /xingrg/check_reg.html?_=1585792891700 HTTP/1.1" 200 22
116.233.78.128 - - [02/Apr/2020:10:01:29 +0800] "GET /xingrg/all/function/internal_message.html?_=1585792780646&CODE_STATE=getMsg HTTP/1.1" 200 27
180.156.150.85 - - [02/Apr/2020:10:01:30 +0800] "GET /xingrg/all/function/internal_message.html?_=1585792889857&CODE_STATE=getMsg HTTP/1.1" 200 27
117.131.5.26 - - [02/Apr/2020:10:01:31 +0800] "GET /xingrg/all/function/internal_message.html?_=1585792904468&CODE_STATE=getMsg HTTP/1.1" 302 -
172.17.0.185 - - [02/Apr/2020:10:01:33 +0800] "GET /xingrg/all/function/internal_message.html?_=1585792889310&CODE_STATE=getMsg HTTP/1.1" 200 27
180.162.232.172 - - [02/Apr/2020:10:01:33 +0800] "GET /xingrg/check_reg.html?_=1585792893218 HTTP/1.1" 200 22
114.84.33.255 - - [02/Apr/2020:10:01:35 +0800] "GET /xingrg/all/function/internal_message.html?_=1585792898486&CODE_STATE=getMsg HTTP/1.1" 200 27
172.17.0.114 - - [02/Apr/2020:10:01:35 +0800] "GET /xingrg/all/function/internal_message.html?_=1585792998783&CODE_STATE=getMsg HTTP/1.1" 200 27
116.235.222.53 - - [02/Apr/2020:10:01:37 +0800] "GET /xingrg/kc/buy/cgsh_order_operate.html?command=get_materiel&rest_code=00107&code=00101001037&supplier_code=00100094&order_time=2020-04-02 HTTP/1.1" 200 414
172.17.0.107 - - [02/Apr/2020:10:01:37 +0800] "GET /xingrg/all/function/internal_message.html?_=1585793086828&CODE_STATE=getMsg HTTP/1.1" 200 27
114.88.159.93 - - [02/Apr/2020:10:01:39 +0800] "GET /xingrg/all/function/internal_message.html?_=1585792869072&CODE_STATE=getMsg HTTP/1.1" 200 27
172.16.0.196 - - [02/Apr/2020:10:01:40 +0800] "GET /xingrg/all/function/internal_message.html?_=1585792902421&CODE_STATE=getMsg HTTP/1.1" 200 27
58.221.95.50 - - [02/Apr/2020:10:01:43 +0800] "GET /xingrg/all/function/internal_message.html?_=1585793259965&CODE_STATE=getMsg HTTP/1.1" 200 27
222.69.139.232 - - [02/Apr/2020:10:01:46 +0800] "GET /xingrg/all/function/internal_message.html?_=1585792901621&CODE_STATE=getMsg HTTP/1.1" 200 27
116.235.222.53 - - [02/Apr/2020:10:01:47 +0800] "POST /xingrg/kc/buy/cgsh_order_operate.html HTTP/1.1" 200 37
116.235.222.53 - - [02/Apr/2020:10:01:48 +0800] "POST /xingrg/kc/buy/cgsh_order_operate.html HTTP/1.1" 200 12
222.70.183.62 - - [02/Apr/2020:10:01:49 +0800] "GET /xingrg/all/function/internal_message.html?_=1585793216980&CODE_STATE=getMsg HTTP/1.1" 200 27
172.17.0.112 - - [02/Apr/2020:10:01:50 +0800] "GET /xingrg/all/function/internal_message.html?_=1585792921788&CODE_STATE=getMsg HTTP/1.1" 200 27
116.235.222.53 - - [02/Apr/2020:10:01:50 +0800] "GET /xingrg/kc/buy/cgsh_order_info.html?code=212020040200200 HTTP/1.1" 200 53270
116.235.222.53 - - [02/Apr/2020:10:01:51 +0800] "GET /xingrg/javascript/easyui/themes/default/validatebox.css HTTP/1.1" 404 1104
116.235.222.53 - - [02/Apr/2020:10:01:51 +0800] "POST /xingrg/kc/buy/cgsh_order_operate.html HTTP/1.1" 200 611
116.235.222.53 - - [02/Apr/2020:10:01:53 +0800] "GET /xingrg/kc/print/load_data.html?order_code=212020040200200&kc_code=cgsh&condition= HTTP/1.1" 200 771
116.235.222.53 - - [02/Apr/2020:10:01:56 +0800] "GET /xingrg/kc/buy/cgsh_order_add.html HTTP/1.1" 200 58370
116.235.222.53 - - [02/Apr/2020:10:01:57 +0800] "POST /xingrg/kc/buy/cgsh_order_operate.html HTTP/1.1" 200 8245
116.235.222.53 - - [02/Apr/2020:10:01:57 +0800] "GET /xingrg/javascript/easyui/themes/default/validatebox.css HTTP/1.1" 404 1104
116.235.222.53 - - [02/Apr/2020:10:01:59 +0800] "GET /xingrg/javascript/easyui/themes/default/tree.css HTTP/1.1" 404 1090
116.235.222.53 - - [02/Apr/2020:10:01:59 +0800] "POST /xingrg/all/common/load_tree.html?tree=supplier_tree_json&isDelete=1 HTTP/1.1" 200 47028
120.253.135.82 - - [02/Apr/2020:10:01:59 +0800] "GET /xingrg/all/function/internal_message.html?_=1585792991700&CODE_STATE=getMsg HTTP/1.1" 200 27
172.17.0.104 - - [02/Apr/2020:10:02:02 +0800] "GET /xingrg/all/function/internal_message.html?_=1585792917412&CODE_STATE=getMsg HTTP/1.1" 200 27
116.235.222.53 - - [02/Apr/2020:10:02:03 +0800] "GET /xingrg/all/function/internal_message.html?_=1585792921256&CODE_STATE=getMsg HTTP/1.1" 302 -
117.131.5.26 - - [02/Apr/2020:10:02:08 +0800] "GET /xingrg/all/function/internal_message.html?_=1585793180796&CODE_STATE=getMsg HTTP/1.1" 200 27
172.17.0.100 - - [02/Apr/2020:10:02:09 +0800] "GET /xingrg/all/function/internal_message.html?_=1585793108784&CODE_STATE=getMsg HTTP/1.1" 200 27
114.88.159.93 - - [02/Apr/2020:10:02:19 +0800] "GET /xingrg/all/function/internal_message.html?_=1585792937668&CODE_STATE=getMsg HTTP/1.1" 200 27
116.235.222.53 - - [02/Apr/2020:10:02:24 +0800] "GET /xingrg/kc/buy/cgsh_order_operate.html?command=get_materiel&rest_code=00107&code=00101004038&supplier_code=00100347&order_time=2020-04-02 HTTP/1.1" 200 429
116.233.78.128 - - [02/Apr/2020:10:02:29 +0800] "GET /xingrg/all/function/internal_message.html?_=1585792840674&CODE_STATE=getMsg HTTP/1.1" 200 27
180.156.150.85 - - [02/Apr/2020:10:02:30 +0800] "GET /xingrg/all/function/internal_message.html?_=1585792949856&CODE_STATE=getMsg HTTP/1.1" 200 27
117.131.5.26 - - [02/Apr/2020:10:02:31 +0800] "GET /xingrg/all/function/internal_message.html?_=1585792964484&CODE_STATE=getMsg HTTP/1.1" 302 -
172.17.0.112 - - [02/Apr/2020:10:02:32 +0800] "GET /xingrg/check_reg.html?_=1585792964182 HTTP/1.1" 200 22
172.17.0.185 - - [02/Apr/2020:10:02:33 +0800] "GET /xingrg/all/function/internal_message.html?_=1585792949316&CODE_STATE=getMsg HTTP/1.1" 200 27
114.84.33.255 - - [02/Apr/2020:10:02:35 +0800] "GET /xingrg/all/function/internal_message.html?_=1585792958500&CODE_STATE=getMsg HTTP/1.1" 200 27
172.17.0.114 - - [02/Apr/2020:10:02:35 +0800] "GET /xingrg/check_reg.html?_=1585793058772 HTTP/1.1" 200 22
172.17.0.114 - - [02/Apr/2020:10:02:35 +0800] "GET /xingrg/all/function/internal_message.html?_=1585793058776&CODE_STATE=getMsg HTTP/1.1" 200 27
172.17.0.107 - - [02/Apr/2020:10:02:37 +0800] "GET /xingrg/check_reg.html?_=1585793146830 HTTP/1.1" 200 22
172.17.0.107 - - [02/Apr/2020:10:02:37 +0800] "GET /xingrg/all/function/internal_message.html?_=1585793146834&CODE_STATE=getMsg HTTP/1.1" 200 27
116.224.247.222 - - [02/Apr/2020:10:02:38 +0800] "GET /favicon.ico HTTP/1.1" 404 -
116.224.247.222 - - [02/Apr/2020:10:02:39 +0800] "GET /favicon.ico HTTP/1.1" 404 -
114.88.159.93 - - [02/Apr/2020:10:02:40 +0800] "GET /xingrg/all/function/internal_message.html?_=1585792929070&CODE_STATE=getMsg HTTP/1.1" 200 27
116.224.247.222 - - [02/Apr/2020:10:02:40 +0800] "GET /favicon.ico HTTP/1.1" 404 -
116.224.247.222 - - [02/Apr/2020:10:02:40 +0800] "GET /favicon.ico HTTP/1.1" 404 -
172.16.0.196 - - [02/Apr/2020:10:02:40 +0800] "GET /xingrg/all/function/internal_message.html?_=1585792962423&CODE_STATE=getMsg HTTP/1.1" 200 27
116.235.222.53 - - [02/Apr/2020:10:02:41 +0800] "GET /xingrg/kc/buy/cgsh_order_operate.html?command=get_materiel&rest_code=00107&code=00101005022&supplier_code=00100347&order_time=2020-04-02 HTTP/1.1" 200 417
116.224.247.222 - - [02/Apr/2020:10:02:42 +0800] "GET /xingrg/login.html HTTP/1.1" 200 7641
116.224.247.222 - - [02/Apr/2020:10:02:42 +0800] "GET /xingrg/images/blue/jxLogo.png HTTP/1.1" 304 -
116.224.247.222 - - [02/Apr/2020:10:02:42 +0800] "GET /xingrg/images/blue/login_bg.png HTTP/1.1" 304 -
116.224.247.222 - - [02/Apr/2020:10:02:42 +0800] "GET /xingrg/images/blue/hj.png HTTP/1.1" 304 -
116.224.247.222 - - [02/Apr/2020:10:02:43 +0800] "GET /xingrg/images/blue/srbg.png HTTP/1.1" 304 -
116.224.247.222 - - [02/Apr/2020:10:02:43 +0800] "GET /favicon.ico HTTP/1.1" 404 -
58.221.95.50 - - [02/Apr/2020:10:02:43 +0800] "GET /xingrg/all/function/internal_message.html?_=1585793319950&CODE_STATE=getMsg HTTP/1.1" 200 27
222.69.139.232 - - [02/Apr/2020:10:02:46 +0800] "GET /xingrg/all/function/internal_message.html?_=1585792961601&CODE_STATE=getMsg HTTP/1.1" 200 27
116.235.222.53 - - [02/Apr/2020:10:02:47 +0800] "GET /xingrg/all/function/internal_message.html?_=1585792960227&CODE_STATE=getMsg HTTP/1.1" 200 27
222.70.183.62 - - [02/Apr/2020:10:02:49 +0800] "GET /xingrg/all/function/internal_message.html?_=1585793276976&CODE_STATE=getMsg HTTP/1.1" 200 27
116.224.247.222 - - [02/Apr/2020:10:02:50 +0800] "POST /xingrg/login.do HTTP/1.1" 302 -
116.224.247.222 - - [02/Apr/2020:10:02:50 +0800] "GET /xingrg/css/form.css HTTP/1.1" 304 -
116.224.247.222 - - [02/Apr/2020:10:02:50 +0800] "GET /xingrg/index.html?sysBaseUrl=http%3A%2F%2F180.169.147.146%3A18081%2Fxingrg%2F&costTime=35×tamp=1585792970163 HTTP/1.1" 200 17173
116.224.247.222 - - [02/Apr/2020:10:02:50 +0800] "GET /xingrg/javascript/jquery_easy_ui/themes/icon.css HTTP/1.1" 304 -
116.224.247.222 - - [02/Apr/2020:10:02:50 +0800] "GET /xingrg/javascript/jquery-1.4.2.min.js HTTP/1.1" 304 -
116.224.247.222 - - [02/Apr/2020:10:02:50 +0800] "GET /xingrg/javascript/jquery_easy_ui/themes/default/easyui.css HTTP/1.1" 304 -
116.224.247.222 - - [02/Apr/2020:10:02:50 +0800] "GET /xingrg/javascript/jquery_easy_ui/easyui-lang-zh_CN.js HTTP/1.1" 304 -
116.224.247.222 - - [02/Apr/2020:10:02:50 +0800] "GET /xingrg/javascript/jquery.form.js HTTP/1.1" 304 -
116.224.247.222 - - [02/Apr/2020:10:02:50 +0800] "GET /xingrg/javascript/jquery_easy_ui/jquery.easyui.min.js HTTP/1.1" 304 -
116.224.247.222 - - [02/Apr/2020:10:02:50 +0800] "GET /xingrg/javascript/jquery.utils.js HTTP/1.1" 304 -
116.224.247.222 - - [02/Apr/2020:10:02:50 +0800] "GET /xingrg/javascript/jquery.timers.js HTTP/1.1" 304 -
172.17.0.112 - - [02/Apr/2020:10:02:50 +0800] "GET /xingrg/all/function/internal_message.html?_=1585792981792&CODE_STATE=getMsg HTTP/1.1" 200 27
116.224.247.222 - - [02/Apr/2020:10:02:50 +0800] "GET /xingrg/images/blue/navBackgound.jpg HTTP/1.1" 304 -
116.224.247.222 - - [02/Apr/2020:10:02:50 +0800] "GET /xingrg/javascript/jquery_easy_ui/themes/icons/settle_new.png HTTP/1.1" 304 -
116.224.247.222 - - [02/Apr/2020:10:02:50 +0800] "GET /favicon.ico HTTP/1.1" 404 -
116.224.247.222 - - [02/Apr/2020:10:02:50 +0800] "POST /xingrg/all/common/load_tree.html?tree=area_rest_tree_json&manage=1 HTTP/1.1" 200 342
116.224.247.222 - - [02/Apr/2020:10:02:50 +0800] "GET /xingrg/javascript/jquery_easy_ui/themes/default/images/tabs_leftarrow.png HTTP/1.1" 304 -
116.224.247.222 - - [02/Apr/2020:10:02:50 +0800] "GET /xingrg/javascript/jquery_easy_ui/themes/default/images/panel_tool_collapse.gif HTTP/1.1" 304 -
116.224.247.222 - - [02/Apr/2020:10:02:50 +0800] "GET /xingrg/images/blue/pingpu.png HTTP/1.1" 304 -
116.224.247.222 - - [02/Apr/2020:10:02:50 +0800] "GET /xingrg/javascript/jquery_easy_ui/themes/default/images/tabs_rightarrow.png HTTP/1.1" 304 -
116.224.247.222 - - [02/Apr/2020:10:02:50 +0800] "POST /xingrg/load_menu.html HTTP/1.1" 200 5138
116.224.247.222 - - [02/Apr/2020:10:02:50 +0800] "GET /xingrg/javascript/jquery_easy_ui/themes/default/images/tree_arrows.gif HTTP/1.1" 304 -
116.224.247.222 - - [02/Apr/2020:10:02:50 +0800] "GET /xingrg/all/function/internal_message.html?_=1585793149517&CODE_STATE=count HTTP/1.1" 200 11
116.224.247.222 - - [02/Apr/2020:10:02:50 +0800] "GET /xingrg/check_reg.html?_=1585793149518 HTTP/1.1" 200 22
116.224.247.222 - - [02/Apr/2020:10:02:51 +0800] "GET /xingrg/javascript/jquery_easy_ui/themes/default/images/tree_folder_open.gif HTTP/1.1" 304 -
116.224.247.222 - - [02/Apr/2020:10:02:51 +0800] "GET /xingrg/javascript/jquery_easy_ui/themes/icons/search_new.png HTTP/1.1" 304 -
116.224.247.222 - - [02/Apr/2020:10:02:51 +0800] "GET /xingrg/javascript/jquery_easy_ui/themes/default/images/tree_folder.gif HTTP/1.1" 304 -
116.224.247.222 - - [02/Apr/2020:10:02:51 +0800] "GET /xingrg/javascript/jquery_easy_ui/themes/icons/storage_new.png HTTP/1.1" 304 -
116.224.247.222 - - [02/Apr/2020:10:02:51 +0800] "GET /xingrg/javascript/jquery_easy_ui/themes/icons/forms_new.png HTTP/1.1" 304 -
116.224.247.222 - - [02/Apr/2020:10:02:51 +0800] "GET /xingrg/javascript/jquery_easy_ui/themes/default/images/tree_file.gif HTTP/1.1" 304 -
116.235.222.53 - - [02/Apr/2020:10:02:53 +0800] "GET /xingrg/kc/buy/cgsh_order_operate.html?command=get_materiel&rest_code=00107&code=00101001128&supplier_code=00100347&order_time=2020-04-02 HTTP/1.1" 200 421
116.224.247.222 - - [02/Apr/2020:10:02:56 +0800] "GET /xingrg/javascript/jquery_easy_ui/themes/default/images/tabs_close.gif HTTP/1.1" 304 -
116.224.247.222 - - [02/Apr/2020:10:02:57 +0800] "GET /xingrg/css/site.css HTTP/1.1" 304 -
116.224.247.222 - - [02/Apr/2020:10:02:57 +0800] "GET /xingrg/javascript/jquery_tools/jquery.tools.hotkey.js HTTP/1.1" 304 -
116.224.247.222 - - [02/Apr/2020:10:02:57 +0800] "GET /xingrg/javascript/auto/jquery.autocomplete.css HTTP/1.1" 304 -
116.224.247.222 - - [02/Apr/2020:10:02:57 +0800] "GET /xingrg/css/base.css HTTP/1.1" 304 -
116.224.247.222 - - [02/Apr/2020:10:02:57 +0800] "GET /xingrg/javascript/jquery_tools/datebox.css HTTP/1.1" 304 -
116.224.247.222 - - [02/Apr/2020:10:02:57 +0800] "GET /xingrg/javascript/easyui/themes/default/easyui.css HTTP/1.1" 304 -
116.224.247.222 - - [02/Apr/2020:10:02:57 +0800] "GET /xingrg/javascript/easyui/themes/icon.css HTTP/1.1" 304 -
116.224.247.222 - - [02/Apr/2020:10:02:57 +0800] "GET /xingrg/javascript/jquery_tools/table.css HTTP/1.1" 304 -
116.224.247.222 - - [02/Apr/2020:10:02:57 +0800] "GET /xingrg/javascript/jquery_tools/fix.css HTTP/1.1" 304 -
116.224.247.222 - - [02/Apr/2020:10:02:57 +0800] "GET /xingrg/javascript/jquery_tools/jquery.tools.min.js HTTP/1.1" 304 -
116.224.247.222 - - [02/Apr/2020:10:02:57 +0800] "GET /xingrg/javascript/jquery_tools/jquery.tools.table.js HTTP/1.1" 304 -
116.224.247.222 - - [02/Apr/2020:10:02:57 +0800] "GET /xingrg/javascript/jquery_tools/list_manager.js HTTP/1.1" 304 -
116.224.247.222 - - [02/Apr/2020:10:02:57 +0800] "GET /xingrg/javascript/auto/jquery.autocomplete.js HTTP/1.1" 304 -
116.224.247.222 - - [02/Apr/2020:10:02:57 +0800] "GET /xingrg/javascript/easyui/easyloader.js HTTP/1.1" 304 -
116.224.247.222 - - [02/Apr/2020:10:02:57 +0800] "GET /xingrg/javascript/jquery_tools/jquery.tools.extend.js HTTP/1.1" 304 -
116.224.247.222 - - [02/Apr/2020:10:02:57 +0800] "GET /xingrg/javascript/jquery.cookie.js HTTP/1.1" 304 -
116.224.247.222 - - [02/Apr/2020:10:02:57 +0800] "GET /xingrg/javascript/print/LodopFuncs.js HTTP/1.1" 304 -
116.224.247.222 - - [02/Apr/2020:10:02:57 +0800] "GET /xingrg/kc/buy/cgsh_order_list.html HTTP/1.1" 200 42298
116.224.247.222 - - [02/Apr/2020:10:02:58 +0800] "GET /xingrg/javascript/easyui/themes/icons/edit_add_new.png HTTP/1.1" 304 -
116.224.247.222 - - [02/Apr/2020:10:02:58 +0800] "GET /xingrg/javascript/easyui/themes/icons/cance_new.png HTTP/1.1" 304 -
116.224.247.222 - - [02/Apr/2020:10:02:58 +0800] "GET /xingrg/javascript/easyui/themes/icons/check_new.png HTTP/1.1" 304 -
116.224.247.222 - - [02/Apr/2020:10:02:58 +0800] "GET /xingrg/javascript/easyui/themes/icons/field_new.png HTTP/1.1" 304 -
116.224.247.222 - - [02/Apr/2020:10:02:58 +0800] "GET /xingrg/javascript/easyui/themes/icons/import_new.png HTTP/1.1" 304 -
116.224.247.222 - - [02/Apr/2020:10:02:58 +0800] "GET /xingrg/javascript/easyui/plugins/jquery.parser.js HTTP/1.1" 304 -
116.224.247.222 - - [02/Apr/2020:10:02:58 +0800] "GET /xingrg/images/control/ajaxLoader.gif HTTP/1.1" 304 -
116.224.247.222 - - [02/Apr/2020:10:02:58 +0800] "GET /xingrg/javascript/jquery_easy_ui/themes/icons/area.png HTTP/1.1" 304 -
116.224.247.222 - - [02/Apr/2020:10:02:58 +0800] "GET /xingrg/javascript/jquery_easy_ui/themes/icons/rest.png HTTP/1.1" 304 -
116.224.247.222 - - [02/Apr/2020:10:02:58 +0800] "POST /xingrg/kc/buy/cgsh_list_operate.html HTTP/1.1" 200 876
120.253.135.82 - - [02/Apr/2020:10:02:59 +0800] "GET /xingrg/all/function/internal_message.html?_=1585793051737&CODE_STATE=getMsg HTTP/1.1" 200 27
116.224.247.222 - - [02/Apr/2020:10:02:59 +0800] "GET /xingrg/javascript/easyui/themes/default/images/button_plain_hover.png HTTP/1.1" 304 -
116.224.247.222 - - [02/Apr/2020:10:03:00 +0800] "GET /xingrg/javascript/pic_change.js HTTP/1.1" 304 -
116.224.247.222 - - [02/Apr/2020:10:03:00 +0800] "GET /xingrg/javascript/jquery_tools/order_manager.js HTTP/1.1" 304 -
116.224.247.222 - - [02/Apr/2020:10:03:00 +0800] "GET /xingrg/javascript/json2.js HTTP/1.1" 304 -
116.224.247.222 - - [02/Apr/2020:10:03:00 +0800] "GET /xingrg/javascript/print/kc_print.js HTTP/1.1" 304 -
116.224.247.222 - - [02/Apr/2020:10:03:00 +0800] "GET /xingrg/javascript/convert.js HTTP/1.1" 304 -
116.224.247.222 - - [02/Apr/2020:10:03:00 +0800] "GET /xingrg/kc/buy/cgsh_order_add.html HTTP/1.1" 200 57825
116.224.247.222 - - [02/Apr/2020:10:03:00 +0800] "GET /xingrg/words/20200331171913_words.js HTTP/1.1" 304 -
116.224.247.222 - - [02/Apr/2020:10:03:00 +0800] "GET /xingrg/javascript/easyui/themes/icons/copy_new.png HTTP/1.1" 304 -
116.224.247.222 - - [02/Apr/2020:10:03:00 +0800] "GET /xingrg/javascript/easyui/themes/icons/template_new.png HTTP/1.1" 304 -
116.224.247.222 - - [02/Apr/2020:10:03:00 +0800] "GET /xingrg/javascript/easyui/themes/icons/ok.png HTTP/1.1" 304 -
116.224.247.222 - - [02/Apr/2020:10:03:00 +0800] "GET /xingrg/javascript/easyui/themes/icons/print.png HTTP/1.1" 304 -
116.224.247.222 - - [02/Apr/2020:10:03:00 +0800] "GET /xingrg/javascript/easyui/themes/default/images/menu_downarrow.png HTTP/1.1" 304 -
116.224.247.222 - - [02/Apr/2020:10:03:00 +0800] "GET /xingrg/javascript/easyui/themes/icons/cancel.png HTTP/1.1" 304 -
116.224.247.222 - - [02/Apr/2020:10:03:01 +0800] "POST /xingrg/kc/buy/cgsh_order_operate.html HTTP/1.1" 200 8245
116.224.247.222 - - [02/Apr/2020:10:03:01 +0800] "GET /xingrg/javascript/easyui/themes/icons/edit_remove.png HTTP/1.1" 304 -
116.224.247.222 - - [02/Apr/2020:10:03:01 +0800] "GET /xingrg/all/common/auto_word.html?type=employee&rest_code=00102 HTTP/1.1" 200 189
116.224.247.222 - - [02/Apr/2020:10:03:01 +0800] "GET /xingrg/all/common/auto_word.html?type=employee&rest_code=00102 HTTP/1.1" 200 189
116.224.247.222 - - [02/Apr/2020:10:03:01 +0800] "GET /xingrg/javascript/easyui/themes/default/validatebox.css HTTP/1.1" 404 1104
116.224.247.222 - - [02/Apr/2020:10:03:01 +0800] "GET /xingrg/javascript/easyui/plugins/jquery.validatebox.js HTTP/1.1" 304 -
116.224.247.222 - - [02/Apr/2020:10:03:01 +0800] "GET /xingrg/javascript/easyui/plugins/jquery.numberbox.js HTTP/1.1" 304 -
222.69.139.232 - - [02/Apr/2020:10:03:02 +0800] "GET /xingrg/kc/buy/cgsh_order_operate.html?command=get_materiel&rest_code=00149&code=00101008176&supplier_code=00100151&order_time=2020-04-02 HTTP/1.1" 200 432
172.17.0.104 - - [02/Apr/2020:10:03:02 +0800] "GET /xingrg/all/function/internal_message.html?_=1585792977412&CODE_STATE=getMsg HTTP/1.1" 200 27
116.224.247.222 - - [02/Apr/2020:10:03:02 +0800] "GET /xingrg/javascript/easyui/plugins/jquery.draggable.js HTTP/1.1" 304 -
116.224.247.222 - - [02/Apr/2020:10:03:02 +0800] "GET /xingrg/css/images/panel_loading.gif HTTP/1.1" 304 -
116.224.247.222 - - [02/Apr/2020:10:03:02 +0800] "GET /xingrg/javascript/easyui/plugins/jquery.droppable.js HTTP/1.1" 304 -
116.224.247.222 - - [02/Apr/2020:10:03:02 +0800] "GET /xingrg/javascript/easyui/themes/default/tree.css HTTP/1.1" 404 1090
116.224.247.222 - - [02/Apr/2020:10:03:02 +0800] "GET /xingrg/javascript/easyui/plugins/jquery.tree.js HTTP/1.1" 304 -
116.224.247.222 - - [02/Apr/2020:10:03:02 +0800] "POST /xingrg/all/common/load_tree.html?tree=supplier_tree_json&isDelete=1 HTTP/1.1" 200 47028
116.235.222.53 - - [02/Apr/2020:10:03:03 +0800] "GET /xingrg/all/function/internal_message.html?_=1585792981257&CODE_STATE=getMsg HTTP/1.1" 302 -
116.224.247.222 - - [02/Apr/2020:10:03:04 +0800] "GET /xingrg/javascript/easyui/themes/default/images/tree_arrows.gif HTTP/1.1" 304 -
116.224.247.222 - - [02/Apr/2020:10:03:04 +0800] "GET /xingrg/javascript/easyui/themes/default/images/tree_folder_open.gif HTTP/1.1" 304 -
116.224.247.222 - - [02/Apr/2020:10:03:04 +0800] "GET /xingrg/javascript/easyui/themes/default/images/tree_folder.gif HTTP/1.1" 304 -
116.224.247.222 - - [02/Apr/2020:10:03:04 +0800] "GET /xingrg/javascript/easyui/themes/default/images/tree_file.gif HTTP/1.1" 304 -
116.235.222.53 - - [02/Apr/2020:10:03:06 +0800] "POST /xingrg/kc/buy/cgsh_order_operate.html HTTP/1.1" 200 37
117.131.5.26 - - [02/Apr/2020:10:03:08 +0800] "GET /xingrg/check_reg.html?_=1585793240238 HTTP/1.1" 200 22
116.235.222.53 - - [02/Apr/2020:10:03:08 +0800] "POST /xingrg/kc/buy/cgsh_order_operate.html HTTP/1.1" 200 12
117.131.5.26 - - [02/Apr/2020:10:03:08 +0800] "GET /xingrg/all/function/internal_message.html?_=1585793240810&CODE_STATE=getMsg HTTP/1.1" 200 27
172.17.0.100 - - [02/Apr/2020:10:03:09 +0800] "GET /xingrg/all/function/internal_message.html?_=1585793168784&CODE_STATE=getMsg HTTP/1.1" 200 27
116.224.247.222 - - [02/Apr/2020:10:03:11 +0800] "GET /xingrg/javascript/jquery_tools/images/next.gif HTTP/1.1" 404 1086
116.224.247.222 - - [02/Apr/2020:10:03:11 +0800] "GET /xingrg/javascript/jquery_tools/images/prev.gif HTTP/1.1" 404 1086
116.235.222.53 - - [02/Apr/2020:10:03:11 +0800] "GET /xingrg/kc/buy/cgsh_order_info.html?code=212020040200201 HTTP/1.1" 200 53262
116.235.222.53 - - [02/Apr/2020:10:03:12 +0800] "GET /xingrg/javascript/easyui/themes/default/validatebox.css HTTP/1.1" 404 1104
116.235.222.53 - - [02/Apr/2020:10:03:12 +0800] "POST /xingrg/kc/buy/cgsh_order_operate.html HTTP/1.1" 200 1806
116.235.222.53 - - [02/Apr/2020:10:03:13 +0800] "GET /xingrg/kc/print/load_data.html?order_code=212020040200201&kc_code=cgsh&condition= HTTP/1.1" 200 1152
222.69.139.232 - - [02/Apr/2020:10:03:14 +0800] "GET /xingrg/kc/buy/cgsh_order_operate.html?command=get_materiel&rest_code=00149&code=00101008261&supplier_code=00100151&order_time=2020-04-02 HTTP/1.1" 200 408
114.88.159.93 - - [02/Apr/2020:10:03:19 +0800] "GET /xingrg/all/function/internal_message.html?_=1585792997660&CODE_STATE=getMsg HTTP/1.1" 200 27
222.70.183.62 - - [02/Apr/2020:10:03:24 +0800] "GET /xingrg/check_reg.html?_=1585793311492 HTTP/1.1" 200 22
222.69.139.232 - - [02/Apr/2020:10:03:24 +0800] "GET /xingrg/kc/buy/cgsh_order_operate.html?command=get_materiel&rest_code=00149&code=00101008257&supplier_code=00100151&order_time=2020-04-02 HTTP/1.1" 200 436
116.233.78.128 - - [02/Apr/2020:10:03:29 +0800] "GET /xingrg/all/function/internal_message.html?_=1585792900676&CODE_STATE=getMsg HTTP/1.1" 200 27
180.156.150.85 - - [02/Apr/2020:10:03:30 +0800] "GET /xingrg/all/function/internal_message.html?_=1585793009857&CODE_STATE=getMsg HTTP/1.1" 200 27
117.131.5.26 - - [02/Apr/2020:10:03:30 +0800] "GET /xingrg/check_reg.html?_=1585793021687 HTTP/1.1" 302 -
117.131.5.26 - - [02/Apr/2020:10:03:31 +0800] "GET /xingrg/all/function/internal_message.html?_=1585793024484&CODE_STATE=getMsg HTTP/1.1" 302 -
172.17.0.185 - - [02/Apr/2020:10:03:33 +0800] "GET /xingrg/all/function/internal_message.html?_=1585793009319&CODE_STATE=getMsg HTTP/1.1" 200 27
114.84.33.255 - - [02/Apr/2020:10:03:35 +0800] "GET /xingrg/all/function/internal_message.html?_=1585793018896&CODE_STATE=getMsg HTTP/1.1" 200 27
172.17.0.114 - - [02/Apr/2020:10:03:35 +0800] "GET /xingrg/all/function/internal_message.html?_=1585793118782&CODE_STATE=getMsg HTTP/1.1" 200 27
172.17.0.107 - - [02/Apr/2020:10:03:37 +0800] "GET /xingrg/all/function/internal_message.html?_=1585793206820&CODE_STATE=getMsg HTTP/1.1" 200 27
222.69.139.232 - - [02/Apr/2020:10:03:37 +0800] "GET /xingrg/kc/buy/cgsh_order_operate.html?command=get_materiel&rest_code=00149&code=00101008155&supplier_code=00100151&order_time=2020-04-02 HTTP/1.1" 200 428
114.88.159.93 - - [02/Apr/2020:10:03:39 +0800] "GET /xingrg/all/function/internal_message.html?_=1585792989069&CODE_STATE=getMsg HTTP/1.1" 200 27
114.88.159.93 - - [02/Apr/2020:10:03:39 +0800] "GET /xingrg/check_reg.html?_=1585792989070 HTTP/1.1" 200 22
172.16.0.196 - - [02/Apr/2020:10:03:40 +0800] "GET /xingrg/all/function/internal_message.html?_=1585793022409&CODE_STATE=getMsg HTTP/1.1" 200 27
58.221.95.50 - - [02/Apr/2020:10:03:43 +0800] "GET /xingrg/all/function/internal_message.html?_=1585793379934&CODE_STATE=getMsg HTTP/1.1" 200 27
222.69.139.232 - - [02/Apr/2020:10:03:46 +0800] "GET /xingrg/all/function/internal_message.html?_=1585793021583&CODE_STATE=getMsg HTTP/1.1" 200 27
222.69.139.232 - - [02/Apr/2020:10:03:47 +0800] "GET /xingrg/check_reg.html?_=1585793022781 HTTP/1.1" 200 22
116.235.222.53 - - [02/Apr/2020:10:03:47 +0800] "GET /xingrg/all/function/internal_message.html?_=1585793020208&CODE_STATE=getMsg HTTP/1.1" 200 27
222.70.183.62 - - [02/Apr/2020:10:03:49 +0800] "GET /xingrg/check_reg.html?_=1585793336978 HTTP/1.1" 200 22
222.70.183.62 - - [02/Apr/2020:10:03:49 +0800] "GET /xingrg/all/function/internal_message.html?_=1585793336981&CODE_STATE=getMsg HTTP/1.1" 200 27
172.17.0.112 - - [02/Apr/2020:10:03:50 +0800] "GET /xingrg/all/function/internal_message.html?_=1585793041806&CODE_STATE=getMsg HTTP/1.1" 200 27
116.224.247.222 - - [02/Apr/2020:10:03:50 +0800] "GET /xingrg/all/function/internal_message.html?_=1585793209544&CODE_STATE=getMsg HTTP/1.1" 200 27
120.253.135.82 - - [02/Apr/2020:10:03:59 +0800] "GET /xingrg/all/function/internal_message.html?_=1585793111743&CODE_STATE=getMsg HTTP/1.1" 200 27
172.17.0.104 - - [02/Apr/2020:10:04:02 +0800] "GET /xingrg/check_reg.html?_=1585793037412 HTTP/1.1" 200 22
172.17.0.104 - - [02/Apr/2020:10:04:02 +0800] "GET /xingrg/all/function/internal_message.html?_=1585793037414&CODE_STATE=getMsg HTTP/1.1" 200 27
116.235.222.53 - - [02/Apr/2020:10:04:03 +0800] "GET /xingrg/all/function/internal_message.html?_=1585793041259&CODE_STATE=getMsg HTTP/1.1" 302 -
117.131.5.26 - - [02/Apr/2020:10:04:08 +0800] "GET /xingrg/all/function/internal_message.html?_=1585793300825&CODE_STATE=getMsg HTTP/1.1" 200 27
172.17.0.100 - - [02/Apr/2020:10:04:09 +0800] "GET /xingrg/all/function/internal_message.html?_=1585793228781&CODE_STATE=getMsg HTTP/1.1" 200 27
172.17.0.100 - - [02/Apr/2020:10:04:09 +0800] "GET /xingrg/check_reg.html?_=1585793228798 HTTP/1.1" 200 22
222.69.139.232 - - [02/Apr/2020:10:04:09 +0800] "GET /xingrg/kc/buy/cgsh_order_operate.html?command=get_materiel&rest_code=00149&code=00101008331&supplier_code=00100151&order_time=2020-04-02 HTTP/1.1" 200 416
114.88.159.93 - - [02/Apr/2020:10:04:19 +0800] "GET /xingrg/all/function/internal_message.html?_=1585793057666&CODE_STATE=getMsg HTTP/1.1" 200 27
58.221.95.50 - - [02/Apr/2020:10:04:26 +0800] "GET /xingrg/check_reg.html?_=1585793422859 HTTP/1.1" 200 22
116.233.78.128 - - [02/Apr/2020:10:04:29 +0800] "GET /xingrg/all/function/internal_message.html?_=1585792960676&CODE_STATE=getMsg HTTP/1.1" 200 27
116.233.78.128 - - [02/Apr/2020:10:04:29 +0800] "GET /xingrg/check_reg.html?_=1585792960679 HTTP/1.1" 200 22
180.156.150.85 - - [02/Apr/2020:10:04:30 +0800] "GET /xingrg/all/function/internal_message.html?_=1585793069856&CODE_STATE=getMsg HTTP/1.1" 200 27
172.17.0.185 - - [02/Apr/2020:10:04:33 +0800] "GET /xingrg/check_reg.html?_=1585793069324 HTTP/1.1" 200 22
172.17.0.185 - - [02/Apr/2020:10:04:33 +0800] "GET /xingrg/all/function/internal_message.html?_=1585793069328&CODE_STATE=getMsg HTTP/1.1" 200 27
117.131.5.26 - - [02/Apr/2020:10:04:34 +0800] "GET /xingrg/all/function/internal_message.html?_=1585793084500&CODE_STATE=getMsg HTTP/1.1" 302 -
114.84.33.255 - - [02/Apr/2020:10:04:35 +0800] "GET /xingrg/all/function/internal_message.html?_=1585793078901&CODE_STATE=getMsg HTTP/1.1" 200 27
172.17.0.114 - - [02/Apr/2020:10:04:35 +0800] "GET /xingrg/all/function/internal_message.html?_=1585793178770&CODE_STATE=getMsg HTTP/1.1" 200 27
117.185.32.26 - - [02/Apr/2020:10:04:36 +0800] "GET /xingrg/check_reg.html?_=1585793480704 HTTP/1.1" 200 22
172.16.0.196 - - [02/Apr/2020:10:04:37 +0800] "GET /xingrg/check_reg.html?_=1585793078702 HTTP/1.1" 200 22
172.17.0.107 - - [02/Apr/2020:10:04:37 +0800] "GET /xingrg/all/function/internal_message.html?_=1585793266822&CODE_STATE=getMsg HTTP/1.1" 200 27
222.69.139.232 - - [02/Apr/2020:10:04:38 +0800] "GET /xingrg/kc/buy/cgsh_order_operate.html?command=get_materiel&rest_code=00149&code=00101008350&supplier_code=00100151&order_time=2020-04-02 HTTP/1.1" 200 428
114.88.159.93 - - [02/Apr/2020:10:04:39 +0800] "GET /xingrg/all/function/internal_message.html?_=1585793049067&CODE_STATE=getMsg HTTP/1.1" 200 27
172.16.0.196 - - [02/Apr/2020:10:04:40 +0800] "GET /xingrg/all/function/internal_message.html?_=1585793082411&CODE_STATE=getMsg HTTP/1.1" 200 27
172.16.0.196 - - [02/Apr/2020:10:04:40 +0800] "GET /xingrg/check_reg.html?_=1585793082412 HTTP/1.1" 200 22
58.221.95.50 - - [02/Apr/2020:10:04:43 +0800] "GET /xingrg/all/function/internal_message.html?_=1585793439912&CODE_STATE=getMsg HTTP/1.1" 200 27
222.69.139.232 - - [02/Apr/2020:10:04:46 +0800] "GET /xingrg/all/function/internal_message.html?_=1585793081570&CODE_STATE=getMsg HTTP/1.1" 200 27
116.235.222.53 - - [02/Apr/2020:10:04:47 +0800] "GET /xingrg/all/function/internal_message.html?_=1585793080189&CODE_STATE=getMsg HTTP/1.1" 200 27
116.235.222.53 - - [02/Apr/2020:10:04:48 +0800] "GET /xingrg/check_reg.html?_=1585793080538 HTTP/1.1" 200 22
222.70.183.62 - - [02/Apr/2020:10:04:49 +0800] "GET /xingrg/all/function/internal_message.html?_=1585793396973&CODE_STATE=getMsg HTTP/1.1" 200 27
172.17.0.112 - - [02/Apr/2020:10:04:50 +0800] "GET /xingrg/all/function/internal_message.html?_=1585793101830&CODE_STATE=getMsg HTTP/1.1" 200 27
116.224.247.222 - - [02/Apr/2020:10:04:50 +0800] "GET /xingrg/all/function/internal_message.html?_=1585793269576&CODE_STATE=getMsg HTTP/1.1" 200 27
120.253.135.82 - - [02/Apr/2020:10:04:57 +0800] "GET /xingrg/check_reg.html?_=1585793169923 HTTP/1.1" 200 22
120.253.135.82 - - [02/Apr/2020:10:04:59 +0800] "GET /xingrg/all/function/internal_message.html?_=1585793171757&CODE_STATE=getMsg HTTP/1.1" 200 27
61.129.6.151 - - [02/Apr/2020:10:05:02 +0800] "GET /xingrg/all/function/internal_message.html?_=1585792389040&CODE_STATE=getMsg HTTP/1.1" 302 -
172.17.0.104 - - [02/Apr/2020:10:05:02 +0800] "GET /xingrg/all/function/internal_message.html?_=1585793097412&CODE_STATE=getMsg HTTP/1.1" 200 27
116.235.222.53 - - [02/Apr/2020:10:05:03 +0800] "GET /xingrg/check_reg.html?_=1585793101245 HTTP/1.1" 302 -
116.235.222.53 - - [02/Apr/2020:10:05:03 +0800] "GET /xingrg/all/function/internal_message.html?_=1585793101247&CODE_STATE=getMsg HTTP/1.1" 302 -
117.131.5.26 - - [02/Apr/2020:10:05:08 +0800] "GET /xingrg/all/function/internal_message.html?_=1585793360838&CODE_STATE=getMsg HTTP/1.1" 200 27
172.17.0.100 - - [02/Apr/2020:10:05:09 +0800] "GET /xingrg/all/function/internal_message.html?_=1585793288780&CODE_STATE=getMsg HTTP/1.1" 200 27
117.185.32.26 - - [02/Apr/2020:10:05:09 +0800] "GET /xingrg/kc/buy/cgsh_order_operate.html?command=get_materiel&rest_code=00106&code=00101008069&supplier_code=00100007&order_time=2020-04-02 HTTP/1.1" 200 428
61.129.6.151 - - [02/Apr/2020:10:05:11 +0800] "GET /xingrg/login.html HTTP/1.1" 200 7641
114.88.159.93 - - [02/Apr/2020:10:05:19 +0800] "GET /xingrg/all/function/internal_message.html?_=1585793117670&CODE_STATE=getMsg HTTP/1.1" 200 27
222.69.139.232 - - [02/Apr/2020:10:05:20 +0800] "GET /xingrg/kc/buy/cgsh_order_operate.html?command=get_materiel&rest_code=00149&code=00101008244&supplier_code=00100151&order_time=2020-04-02 HTTP/1.1" 200 428
116.233.78.128 - - [02/Apr/2020:10:05:29 +0800] "GET /xingrg/all/function/internal_message.html?_=1585793020679&CODE_STATE=getMsg HTTP/1.1" 200 27
180.156.150.85 - - [02/Apr/2020:10:05:30 +0800] "GET /xingrg/check_reg.html?_=1585793129862 HTTP/1.1" 200 22
180.156.150.85 - - [02/Apr/2020:10:05:30 +0800] "GET /xingrg/all/function/internal_message.html?_=1585793129856&CODE_STATE=getMsg HTTP/1.1" 200 27
117.131.5.26 - - [02/Apr/2020:10:05:31 +0800] "GET /xingrg/all/function/internal_message.html?_=1585793144500&CODE_STATE=getMsg HTTP/1.1" 302 -
172.17.0.185 - - [02/Apr/2020:10:05:33 +0800] "GET /xingrg/all/function/internal_message.html?_=1585793129314&CODE_STATE=getMsg HTTP/1.1" 200 27
116.224.247.222 - - [02/Apr/2020:10:05:33 +0800] "GET /xingrg/javascript/auto/indicator.gif HTTP/1.1" 404 1066
114.84.33.255 - - [02/Apr/2020:10:05:35 +0800] "GET /xingrg/all/function/internal_message.html?_=1585793139294&CODE_STATE=getMsg HTTP/1.1" 200 27
172.17.0.114 - - [02/Apr/2020:10:05:35 +0800] "GET /xingrg/all/function/internal_message.html?_=1585793238775&CODE_STATE=getMsg HTTP/1.1" 200 27
116.224.247.222 - - [02/Apr/2020:10:05:37 +0800] "GET /xingrg/kc/buy/cgsh_order_operate.html?command=get_materiel&rest_code=00102&code=00101008185&supplier_code=00100007&order_time=2020-04-02 HTTP/1.1" 200 410
172.17.0.107 - - [02/Apr/2020:10:05:37 +0800] "GET /xingrg/all/function/internal_message.html?_=1585793326825&CODE_STATE=getMsg HTTP/1.1" 200 27
114.88.159.93 - - [02/Apr/2020:10:05:39 +0800] "GET /xingrg/all/function/internal_message.html?_=1585793109065&CODE_STATE=getMsg HTTP/1.1" 200 27
172.16.0.196 - - [02/Apr/2020:10:05:40 +0800] "GET /xingrg/all/function/internal_message.html?_=1585793142412&CODE_STATE=getMsg HTTP/1.1" 200 27
222.69.139.232 - - [02/Apr/2020:10:05:42 +0800] "GET /xingrg/kc/buy/cgsh_order_operate.html?command=get_materiel&rest_code=00149&code=00101008185&supplier_code=00100151&order_time=2020-04-02 HTTP/1.1" 200 408
117.185.32.26 - - [02/Apr/2020:10:05:43 +0800] "GET /xingrg/kc/buy/cgsh_order_operate.html?command=get_materiel&rest_code=00106&code=00101008029&supplier_code=00100007&order_time=2020-04-02 HTTP/1.1" 200 416
58.221.95.50 - - [02/Apr/2020:10:05:43 +0800] "GET /xingrg/all/function/internal_message.html?_=1585793499895&CODE_STATE=getMsg HTTP/1.1" 200 27
222.69.139.232 - - [02/Apr/2020:10:05:46 +0800] "GET /xingrg/all/function/internal_message.html?_=1585793141536&CODE_STATE=getMsg HTTP/1.1" 200 27
116.235.222.53 - - [02/Apr/2020:10:05:47 +0800] "GET /xingrg/all/function/internal_message.html?_=1585793140187&CODE_STATE=getMsg HTTP/1.1" 200 27
222.70.183.62 - - [02/Apr/2020:10:05:49 +0800] "GET /xingrg/all/function/internal_message.html?_=1585793456992&CODE_STATE=getMsg HTTP/1.1" 200 27
172.17.0.112 - - [02/Apr/2020:10:05:50 +0800] "GET /xingrg/all/function/internal_message.html?_=1585793161833&CODE_STATE=getMsg HTTP/1.1" 200 27
116.224.247.222 - - [02/Apr/2020:10:05:50 +0800] "GET /xingrg/all/function/internal_message.html?_=1585793329588&CODE_STATE=getMsg HTTP/1.1" 200 27
120.253.135.82 - - [02/Apr/2020:10:05:59 +0800] "GET /xingrg/all/function/internal_message.html?_=1585793231770&CODE_STATE=getMsg HTTP/1.1" 200 27
172.17.0.104 - - [02/Apr/2020:10:06:02 +0800] "GET /xingrg/all/function/internal_message.html?_=1585793157425&CODE_STATE=getMsg HTTP/1.1" 200 27
116.224.247.222 - - [02/Apr/2020:10:06:03 +0800] "GET /xingrg/kc/buy/cgsh_order_operate.html?command=get_materiel&rest_code=00102&code=00101008082&supplier_code=00100007&order_time=2020-04-02 HTTP/1.1" 200 422
116.235.222.53 - - [02/Apr/2020:10:06:03 +0800] "GET /xingrg/all/function/internal_message.html?_=1585793161248&CODE_STATE=getMsg HTTP/1.1" 302 -
117.185.32.26 - - [02/Apr/2020:10:06:04 +0800] "GET /xingrg/kc/buy/cgsh_order_operate.html?command=get_materiel&rest_code=00106&code=00101020017&supplier_code=00100007&order_time=2020-04-02 HTTP/1.1" 200 435
180.162.232.172 - - [02/Apr/2020:10:06:08 +0800] "GET /xingrg/check_reg.html?_=1585793277254 HTTP/1.1" 200 22
117.131.5.26 - - [02/Apr/2020:10:06:08 +0800] "GET /xingrg/all/function/internal_message.html?_=1585793420854&CODE_STATE=getMsg HTTP/1.1" 200 27
172.17.0.100 - - [02/Apr/2020:10:06:09 +0800] "GET /xingrg/all/function/internal_message.html?_=1585793348779&CODE_STATE=getMsg HTTP/1.1" 200 27
114.88.159.93 - - [02/Apr/2020:10:06:19 +0800] "GET /xingrg/all/function/internal_message.html?_=1585793177675&CODE_STATE=getMsg HTTP/1.1" 200 27
114.88.159.93 - - [02/Apr/2020:10:06:20 +0800] "GET /xingrg/check_reg.html?_=1585793177679 HTTP/1.1" 200 22
222.69.139.232 - - [02/Apr/2020:10:06:25 +0800] "GET /xingrg/kc/buy/cgsh_order_operate.html?command=get_materiel&rest_code=00149&code=00101008028&supplier_code=00100151&order_time=2020-04-02 HTTP/1.1" 200 432
116.224.247.222 - - [02/Apr/2020:10:06:25 +0800] "GET /xingrg/kc/buy/cgsh_order_operate.html?command=get_materiel&rest_code=00102&code=00101008087&supplier_code=00100007&order_time=2020-04-02 HTTP/1.1" 200 412
114.84.33.255 - - [02/Apr/2020:10:06:28 +0800] "GET /xingrg/check_reg.html?_=1585793191710 HTTP/1.1" 200 22
116.233.78.128 - - [02/Apr/2020:10:06:29 +0800] "GET /xingrg/all/function/internal_message.html?_=1585793080681&CODE_STATE=getMsg HTTP/1.1" 200 27
180.156.150.85 - - [02/Apr/2020:10:06:30 +0800] "GET /xingrg/all/function/internal_message.html?_=1585793189847&CODE_STATE=getMsg HTTP/1.1" 200 27
117.131.5.26 - - [02/Apr/2020:10:06:31 +0800] "GET /xingrg/all/function/internal_message.html?_=1585793204500&CODE_STATE=getMsg HTTP/1.1" 302 -
172.17.0.185 - - [02/Apr/2020:10:06:33 +0800] "GET /xingrg/all/function/internal_message.html?_=1585793189317&CODE_STATE=getMsg HTTP/1.1" 200 27
180.162.232.172 - - [02/Apr/2020:10:06:33 +0800] "GET /xingrg/check_reg.html?_=1585793193203 HTTP/1.1" 200 22
114.84.33.255 - - [02/Apr/2020:10:06:35 +0800] "GET /xingrg/all/function/internal_message.html?_=1585793199303&CODE_STATE=getMsg HTTP/1.1" 200 27
172.17.0.114 - - [02/Apr/2020:10:06:35 +0800] "GET /xingrg/all/function/internal_message.html?_=1585793298780&CODE_STATE=getMsg HTTP/1.1" 200 27
172.17.0.107 - - [02/Apr/2020:10:06:37 +0800] "GET /xingrg/all/function/internal_message.html?_=1585793386825&CODE_STATE=getMsg HTTP/1.1" 200 27
114.88.159.93 - - [02/Apr/2020:10:06:39 +0800] "GET /xingrg/all/function/internal_message.html?_=1585793169063&CODE_STATE=getMsg HTTP/1.1" 200 27
172.16.0.196 - - [02/Apr/2020:10:06:40 +0800] "GET /xingrg/all/function/internal_message.html?_=1585793202414&CODE_STATE=getMsg HTTP/1.1" 200 27
58.221.95.50 - - [02/Apr/2020:10:06:43 +0800] "GET /xingrg/all/function/internal_message.html?_=1585793559878&CODE_STATE=getMsg HTTP/1.1" 200 27
222.69.139.232 - - [02/Apr/2020:10:06:43 +0800] "GET /xingrg/kc/buy/cgsh_order_operate.html?command=get_materiel&rest_code=00149&code=00101008351&supplier_code=00100151&order_time=2020-04-02 HTTP/1.1" 200 428
222.69.139.232 - - [02/Apr/2020:10:06:46 +0800] "GET /xingrg/all/function/internal_message.html?_=1585793201509&CODE_STATE=getMsg HTTP/1.1" 200 27
116.235.222.53 - - [02/Apr/2020:10:06:47 +0800] "GET /xingrg/all/function/internal_message.html?_=1585793200171&CODE_STATE=getMsg HTTP/1.1" 200 27
222.70.183.62 - - [02/Apr/2020:10:06:49 +0800] "GET /xingrg/all/function/internal_message.html?_=1585793516985&CODE_STATE=getMsg HTTP/1.1" 200 27
172.17.0.112 - - [02/Apr/2020:10:06:50 +0800] "GET /xingrg/all/function/internal_message.html?_=1585793221852&CODE_STATE=getMsg HTTP/1.1" 200 27
116.224.247.222 - - [02/Apr/2020:10:06:50 +0800] "GET /xingrg/all/function/internal_message.html?_=1585793389601&CODE_STATE=getMsg HTTP/1.1" 200 27
116.224.247.222 - - [02/Apr/2020:10:06:53 +0800] "GET /xingrg/kc/buy/cgsh_order_operate.html?command=get_materiel&rest_code=00102&code=00101008286&supplier_code=00100007&order_time=2020-04-02 HTTP/1.1" 200 427
120.253.135.82 - - [02/Apr/2020:10:06:59 +0800] "GET /xingrg/all/function/internal_message.html?_=1585793291785&CODE_STATE=getMsg HTTP/1.1" 200 27
222.69.139.232 - - [02/Apr/2020:10:07:01 +0800] "GET /xingrg/kc/buy/cgsh_order_operate.html?command=get_materiel&rest_code=00149&code=00101008038&supplier_code=00100151&order_time=2020-04-02 HTTP/1.1" 200 432
172.17.0.104 - - [02/Apr/2020:10:07:02 +0800] "GET /xingrg/all/function/internal_message.html?_=1585793217428&CODE_STATE=getMsg HTTP/1.1" 200 27
116.235.222.53 - - [02/Apr/2020:10:07:03 +0800] "GET /xingrg/all/function/internal_message.html?_=1585793221250&CODE_STATE=getMsg HTTP/1.1" 302 -
117.131.5.26 - - [02/Apr/2020:10:07:08 +0800] "GET /xingrg/all/function/internal_message.html?_=1585793480865&CODE_STATE=getMsg HTTP/1.1" 200 27
172.17.0.100 - - [02/Apr/2020:10:07:09 +0800] "GET /xingrg/all/function/internal_message.html?_=1585793408784&CODE_STATE=getMsg HTTP/1.1" 200 27
222.69.139.232 - - [02/Apr/2020:10:07:11 +0800] "GET /xingrg/kc/buy/cgsh_order_operate.html?command=get_materiel&rest_code=00149&code=00101008199&supplier_code=00100151&order_time=2020-04-02 HTTP/1.1" 200 428
114.88.159.93 - - [02/Apr/2020:10:07:19 +0800] "GET /xingrg/all/function/internal_message.html?_=1585793237665&CODE_STATE=getMsg HTTP/1.1" 200 27
222.69.139.232 - - [02/Apr/2020:10:07:22 +0800] "GET /xingrg/kc/buy/cgsh_order_operate.html?command=get_materiel&rest_code=00149&code=00101008087&supplier_code=00100151&order_time=2020-04-02 HTTP/1.1" 200 412
117.185.32.26 - - [02/Apr/2020:10:07:23 +0800] "POST /xingrg/kc/buy/cgsh_order_operate.html HTTP/1.1" 200 2065
116.224.247.222 - - [02/Apr/2020:10:07:27 +0800] "GET /xingrg/kc/buy/cgsh_order_operate.html?command=get_materiel&rest_code=00102&code=00101008005&supplier_code=00100007&order_time=2020-04-02 HTTP/1.1" 200 412
116.233.78.128 - - [02/Apr/2020:10:07:29 +0800] "GET /xingrg/all/function/internal_message.html?_=1585793140679&CODE_STATE=getMsg HTTP/1.1" 200 27
180.156.150.85 - - [02/Apr/2020:10:07:30 +0800] "GET /xingrg/all/function/internal_message.html?_=1585793249847&CODE_STATE=getMsg HTTP/1.1" 200 27
117.131.5.26 - - [02/Apr/2020:10:07:31 +0800] "GET /xingrg/all/function/internal_message.html?_=1585793264515&CODE_STATE=getMsg HTTP/1.1" 302 -
