117.184.7.26 - - [31/Mar/2020:10:13:08 +0800] "GET /xingrg/all/report/report_query.html?isQuery=1&fileName=kc/buy/wlcg_cate_hz.xml&queryString=(CONVERT(char(10)%252Ca.order_time%252C%2520120)%253E%253D'2020-03-11')%2520and%2520(CONVERT(char(10)%252Ca.order_time%252C%2520120)%253C%253D'2020-03-20')%2520and%2520(a.supplier_code%2520in%2520('00100085'))%2520and%2520(a.number%253E0%2520and%2520a.supplier_code%253D'00100085')&queryText=%25E3%2580%2590%25E9%2587%2587%25E8%25B4%25AD%25E6%2597%25A5%25E6%259C%259F%253A2020-03-11%2520%25E8%2587%25B3%25202020-03-20%25E3%2580%2591%2520%25E5%25B9%25B6%25E4%25B8%2594%2520%2520%25E3%2580%2590%25E4%25BE%259B%25E5%25BA%2594%25E5%2595%2586%2520%253D%2520%25E5%25B0%258F%25E6%259D%258E%25E8%259A%258C%25EF%25BC%2588%25E6%259D%258E%25E6%2598%258E%25E6%2597%25BA%25EF%25BC%2589%25E3%2580%2591%2520%25E5%25B9%25B6%25E4%25B8%2594%2520%25E3%2580%2590%25E4%25BE%259B%25E5%25BA%2594%25E5%2595%2586%253D%25E5%25B0%258F%25E6%259D%258E%25E8%259A%258C%25EF%25BC%2588%25E6%259D%258E%25E6%2598%258E%25E6%2597%25BA%25EF%25BC%2589%25E3%2580%2591 HTTP/1.1" 200 54488
117.184.7.26 - - [31/Mar/2020:10:13:08 +0800] "GET /xingrg/dwr/interface/AjaxReportQueryService.js HTTP/1.1" 200 13203
117.184.7.26 - - [31/Mar/2020:10:13:08 +0800] "GET /xingrg/dwr/engine.js HTTP/1.1" 200 43631
114.84.33.255 - - [31/Mar/2020:10:13:09 +0800] "GET /xingrg/system/rest/get_item.html?table=menu&target=menu_rest_detail&id=2058&sid=12&_=1585620787363 HTTP/1.1" 200 440
116.235.222.53 - - [31/Mar/2020:10:13:10 +0800] "POST /xingrg/kc/buy/cgsh_order_operate.html HTTP/1.1" 200 12
114.84.33.255 - - [31/Mar/2020:10:13:10 +0800] "GET /xingrg/all/function/internal_message.html?_=1585620792576&CODE_STATE=getMsg HTTP/1.1" 200 27
116.235.222.53 - - [31/Mar/2020:10:13:10 +0800] "GET /xingrg/kc/buy/cgsh_order_info.html?code=212020033104005 HTTP/1.1" 200 53274
117.184.7.26 - - [31/Mar/2020:10:13:11 +0800] "POST /xingrg/all/report/load_report_page.html HTTP/1.1" 200 8710
117.184.7.26 - - [31/Mar/2020:10:13:11 +0800] "GET /xingrg/servlets/image?cache=0.4061623974735371&image=px HTTP/1.1" 200 807
116.235.222.53 - - [31/Mar/2020:10:13:11 +0800] "GET /xingrg/javascript/easyui/themes/default/validatebox.css HTTP/1.1" 404 1104
172.17.0.106 - - [31/Mar/2020:10:13:11 +0800] "GET /xingrg/all/function/internal_message.html?_=1585620790148&CODE_STATE=getMsg HTTP/1.1" 200 27
222.69.133.34 - - [31/Mar/2020:10:13:11 +0800] "GET /xingrg/kc/base/wldb_order_operate.html?command=get_materiel&rest_code=00149&base_code=0010394&code=00101019249 HTTP/1.1" 200 470
172.17.0.106 - - [31/Mar/2020:10:13:11 +0800] "GET /xingrg/check_reg.html?_=1585620790330 HTTP/1.1" 200 22
172.17.0.106 - - [31/Mar/2020:10:13:11 +0800] "GET /xingrg/all/function/internal_message.html?_=1585620790330&CODE_STATE=getMsg HTTP/1.1" 200 27
116.235.222.53 - - [31/Mar/2020:10:13:12 +0800] "POST /xingrg/kc/buy/cgsh_order_operate.html HTTP/1.1" 200 606
116.235.222.53 - - [31/Mar/2020:10:13:13 +0800] "GET /xingrg/kc/print/load_data.html?order_code=212020033104005&kc_code=cgsh&condition= HTTP/1.1" 200 694
117.184.7.26 - - [31/Mar/2020:10:13:13 +0800] "POST /xingrg/all/report/load_report_page.html HTTP/1.1" 200 16405
117.184.7.26 - - [31/Mar/2020:10:13:13 +0800] "GET /xingrg/servlets/image?cache=0.6057200404558717&image=px HTTP/1.1" 200 807
114.84.33.255 - - [31/Mar/2020:10:13:13 +0800] "POST /xingrg/system/rest/edit_item.html HTTP/1.1" 200 4
114.84.33.255 - - [31/Mar/2020:10:13:13 +0800] "GET /xingrg/system/rest/get_item.html?table=menu&target=menu_rest&id=2058&_=1585620791364 HTTP/1.1" 200 961
222.69.133.34 - - [31/Mar/2020:10:13:17 +0800] "GET /xingrg/kc/base/wldb_order_operate.html?command=get_materiel&rest_code=00149&base_code=0010394&code=00101019071 HTTP/1.1" 200 455
116.235.222.53 - - [31/Mar/2020:10:13:19 +0800] "GET /xingrg/kc/buy/cgsh_order_add.html HTTP/1.1" 200 58370
114.84.33.255 - - [31/Mar/2020:10:13:20 +0800] "GET /xingrg/system/rest/query_items.html?_=1585620797224&table=menu&page=1&rows=20&categoryId=&key= HTTP/1.1" 200 4722
116.235.222.53 - - [31/Mar/2020:10:13:20 +0800] "GET /xingrg/javascript/easyui/themes/default/validatebox.css HTTP/1.1" 404 1104
116.235.222.53 - - [31/Mar/2020:10:13:20 +0800] "POST /xingrg/kc/buy/cgsh_order_operate.html HTTP/1.1" 200 8245
222.69.133.34 - - [31/Mar/2020:10:13:21 +0800] "GET /xingrg/kc/base/wldb_order_operate.html?command=get_materiel&rest_code=00149&base_code=0010394&code=00101019391 HTTP/1.1" 200 471
116.233.78.128 - - [31/Mar/2020:10:13:21 +0800] "GET /xingrg/all/function/internal_message.html?_=1585620802897&CODE_STATE=getMsg HTTP/1.1" 200 27
116.235.222.53 - - [31/Mar/2020:10:13:22 +0800] "GET /xingrg/javascript/easyui/themes/default/tree.css HTTP/1.1" 404 1090
116.235.222.53 - - [31/Mar/2020:10:13:22 +0800] "POST /xingrg/all/common/load_tree.html?tree=supplier_tree_json&isDelete=1 HTTP/1.1" 200 47028
222.69.133.34 - - [31/Mar/2020:10:13:24 +0800] "GET /xingrg/all/function/internal_message.html?_=1585620801936&CODE_STATE=getMsg HTTP/1.1" 200 27
114.84.33.255 - - [31/Mar/2020:10:13:24 +0800] "GET /xingrg/system/rest/query_items.html?_=1585620802318&table=menu&page=1&rows=20&categoryId=&key=1940 HTTP/1.1" 200 281
116.235.222.53 - - [31/Mar/2020:10:13:25 +0800] "GET /xingrg/all/function/internal_message.html?_=1585620801461&CODE_STATE=getMsg HTTP/1.1" 200 27
114.84.33.255 - - [31/Mar/2020:10:13:26 +0800] "GET /xingrg/system/rest/query_items.html?_=1585620804216&table=menu&page=1&rows=20&categoryId=&key=1940 HTTP/1.1" 200 281
222.69.133.34 - - [31/Mar/2020:10:13:27 +0800] "GET /xingrg/kc/base/wldb_order_operate.html?command=get_materiel&rest_code=00149&base_code=0010394&code=00101019404 HTTP/1.1" 200 476
114.84.33.255 - - [31/Mar/2020:10:13:27 +0800] "GET /xingrg/system/rest/get_item.html?table=menu&id=1940&_=1585620804766 HTTP/1.1" 200 966
114.84.33.255 - - [31/Mar/2020:10:13:27 +0800] "GET /xingrg/system/rest/get_item.html?table=menu&target=menu_rest&id=1940&_=1585620804788 HTTP/1.1" 200 868
114.84.33.255 - - [31/Mar/2020:10:13:27 +0800] "GET /xingrg/system/rest/get_item.html?table=menu&target=cook_mode&id=1940&_=1585620804785 HTTP/1.1" 200 10495
114.84.33.255 - - [31/Mar/2020:10:13:27 +0800] "GET /xingrg/system/rest/get_infos.html?command=menu_img_show&id=1940 HTTP/1.1" 200 5
114.84.33.255 - - [31/Mar/2020:10:13:30 +0800] "GET /xingrg/system/rest/get_item.html?table=menu&target=menu_rest_detail&id=1940&sid=12&_=1585620807403 HTTP/1.1" 200 426
223.167.127.59 - - [31/Mar/2020:10:13:30 +0800] "GET /xingrg/all/function/internal_message.html?_=1585620810109&CODE_STATE=getMsg HTTP/1.1" 302 -
172.17.1.5 - - [31/Mar/2020:10:13:32 +0800] "GET /xingrg/all/function/internal_message.html?_=1585620809781&CODE_STATE=getMsg HTTP/1.1" 200 27
222.69.133.34 - - [31/Mar/2020:10:13:32 +0800] "GET /xingrg/kc/base/wldb_order_operate.html?command=get_materiel&rest_code=00149&base_code=0010394&code=00101019527 HTTP/1.1" 200 473
114.84.33.255 - - [31/Mar/2020:10:13:32 +0800] "POST /xingrg/system/rest/edit_item.html HTTP/1.1" 200 4
114.84.33.255 - - [31/Mar/2020:10:13:32 +0800] "GET /xingrg/system/rest/get_item.html?table=menu&target=menu_rest&id=1940&_=1585620809990 HTTP/1.1" 200 868
222.70.183.62 - - [31/Mar/2020:10:13:32 +0800] "GET /xingrg/check_reg.html?_=1585620813254 HTTP/1.1" 200 22
172.17.0.100 - - [31/Mar/2020:10:13:33 +0800] "GET /xingrg/all/function/internal_message.html?_=1585620994529&CODE_STATE=getMsg HTTP/1.1" 200 27
172.17.0.100 - - [31/Mar/2020:10:13:34 +0800] "GET /xingrg/check_reg.html?_=1585620994946 HTTP/1.1" 200 22
114.84.33.255 - - [31/Mar/2020:10:13:34 +0800] "GET /xingrg/check_reg.html?_=1585620812322 HTTP/1.1" 200 22
58.221.95.50 - - [31/Mar/2020:10:13:34 +0800] "GET /xingrg/all/function/internal_message.html?_=1585621170281&CODE_STATE=getMsg HTTP/1.1" 200 27
114.84.33.255 - - [31/Mar/2020:10:13:35 +0800] "GET /xingrg/check_reg.html?_=1585620812480 HTTP/1.1" 200 22
114.84.33.255 - - [31/Mar/2020:10:13:35 +0800] "GET /xingrg/all/function/internal_message.html?_=1585620812483&CODE_STATE=getMsg HTTP/1.1" 200 27
114.84.33.255 - - [31/Mar/2020:10:13:36 +0800] "GET /xingrg/all/function/internal_message.html?_=1585620813721&CODE_STATE=getMsg HTTP/1.1" 200 27
222.70.183.62 - - [31/Mar/2020:10:13:36 +0800] "GET /xingrg/all/function/internal_message.html?_=1585620816782&CODE_STATE=getMsg HTTP/1.1" 200 27
114.84.33.255 - - [31/Mar/2020:10:13:38 +0800] "GET /xingrg/system/rest/query_items.html?_=1585620815847&table=menu&page=1&rows=20&categoryId=&key= HTTP/1.1" 200 4722
117.184.7.26 - - [31/Mar/2020:10:13:39 +0800] "GET /xingrg/all/function/internal_message.html?_=1585620815887&CODE_STATE=getMsg HTTP/1.1" 200 27
116.224.247.222 - - [31/Mar/2020:10:13:41 +0800] "GET /xingrg/all/function/internal_message.html?_=1585621000616&CODE_STATE=getMsg HTTP/1.1" 200 27
222.69.133.34 - - [31/Mar/2020:10:13:42 +0800] "POST /xingrg/kc/base/wldb_order_operate.html HTTP/1.1" 200 37
222.69.133.34 - - [31/Mar/2020:10:13:42 +0800] "POST /xingrg/kc/base/wldb_order_operate.html HTTP/1.1" 200 7235
222.69.133.34 - - [31/Mar/2020:10:13:43 +0800] "GET /xingrg/kc/base/wldb_order_info.html?code=422020033101136 HTTP/1.1" 200 30334
114.84.33.255 - - [31/Mar/2020:10:13:43 +0800] "GET /xingrg/system/rest/query_items.html?_=1585620820774&table=menu&page=1&rows=20&categoryId=&key=2097 HTTP/1.1" 200 257
222.69.133.34 - - [31/Mar/2020:10:13:43 +0800] "GET /xingrg/javascript/easyui/themes/default/validatebox.css HTTP/1.1" 404 1104
222.69.133.34 - - [31/Mar/2020:10:13:43 +0800] "POST /xingrg/kc/base/wldb_order_operate.html HTTP/1.1" 200 7235
114.84.33.255 - - [31/Mar/2020:10:13:44 +0800] "GET /xingrg/system/rest/query_items.html?_=1585620822198&table=menu&page=1&rows=20&categoryId=&key=2097 HTTP/1.1" 200 257
114.84.33.255 - - [31/Mar/2020:10:13:45 +0800] "GET /xingrg/system/rest/get_item.html?table=menu&id=2097&_=1585620822862 HTTP/1.1" 200 954
114.84.33.255 - - [31/Mar/2020:10:13:45 +0800] "GET /xingrg/system/rest/get_item.html?table=menu&target=menu_rest&id=2097&_=1585620822881 HTTP/1.1" 200 650
114.84.33.255 - - [31/Mar/2020:10:13:45 +0800] "GET /xingrg/system/rest/get_item.html?table=menu&target=cook_mode&id=2097&_=1585620822879 HTTP/1.1" 200 15165
114.84.33.255 - - [31/Mar/2020:10:13:45 +0800] "GET /xingrg/system/rest/get_infos.html?command=menu_img_show&id=2097 HTTP/1.1" 200 5
180.156.150.85 - - [31/Mar/2020:10:13:48 +0800] "GET /xingrg/all/function/internal_message.html?_=1585620824995&CODE_STATE=getMsg HTTP/1.1" 200 27
114.84.33.255 - - [31/Mar/2020:10:13:48 +0800] "GET /xingrg/system/rest/get_item.html?table=menu&target=menu_rest_detail&id=2097&sid=12&_=1585620825707 HTTP/1.1" 200 426
117.184.7.26 - - [31/Mar/2020:10:13:49 +0800] "POST /xingrg/all/report/report_print.html HTTP/1.1" 200 6144
117.185.32.26 - - [31/Mar/2020:10:13:49 +0800] "GET /xingrg/all/function/internal_message.html?_=1585620826954&CODE_STATE=getMsg HTTP/1.1" 200 27
222.69.133.34 - - [31/Mar/2020:10:13:49 +0800] "GET /xingrg/kc/base/wldb_order_add.html HTTP/1.1" 200 30319
222.69.133.34 - - [31/Mar/2020:10:13:49 +0800] "POST /xingrg/kc/base/wldb_order_operate.html HTTP/1.1" 200 6806
222.69.133.34 - - [31/Mar/2020:10:13:50 +0800] "GET /xingrg/javascript/easyui/themes/default/validatebox.css HTTP/1.1" 404 1104
114.84.33.255 - - [31/Mar/2020:10:13:50 +0800] "POST /xingrg/system/rest/edit_item.html HTTP/1.1" 200 4
114.84.33.255 - - [31/Mar/2020:10:13:50 +0800] "GET /xingrg/system/rest/get_item.html?table=menu&target=menu_rest&id=2097&_=1585620827833 HTTP/1.1" 200 650
180.162.232.172 - - [31/Mar/2020:10:13:50 +0800] "GET /xingrg/all/function/internal_message.html?_=1585620831177&CODE_STATE=getMsg HTTP/1.1" 200 27
172.17.0.100 - - [31/Mar/2020:10:13:51 +0800] "GET /xingrg/all/function/internal_message.html?_=1585621011821&CODE_STATE=getMsg HTTP/1.1" 200 27
172.17.0.185 - - [31/Mar/2020:10:13:53 +0800] "GET /xingrg/all/function/internal_message.html?_=1585620830745&CODE_STATE=getMsg HTTP/1.1" 200 27
180.156.150.85 - - [31/Mar/2020:10:13:55 +0800] "GET /xingrg/all/function/internal_message.html?_=1585620835092&CODE_STATE=getMsg HTTP/1.1" 200 27
114.84.33.255 - - [31/Mar/2020:10:13:56 +0800] "GET /xingrg/system/rest/query_items.html?_=1585620833676&table=menu&page=1&rows=20&categoryId=&key= HTTP/1.1" 200 4722
120.204.17.73 - - [31/Mar/2020:10:13:58 +0800] "GET /xingrg/all/function/internal_message.html?_=1585620167037&CODE_STATE=getMsg HTTP/1.1" 302 -
116.235.222.53 - - [31/Mar/2020:10:13:59 +0800] "GET /xingrg/kc/buy/cgsh_order_operate.html?command=get_materiel&rest_code=00107&code=00101004011&supplier_code=00100086&order_time=2020-03-31 HTTP/1.1" 200 429
114.84.33.255 - - [31/Mar/2020:10:14:00 +0800] "GET /xingrg/system/rest/query_items.html?_=1585620838182&table=menu&page=1&rows=20&categoryId=&key=7029 HTTP/1.1" 200 244
117.184.7.26 - - [31/Mar/2020:10:14:01 +0800] "POST /xingrg/all/report/report_print.html HTTP/1.1" 302 -
117.184.7.26 - - [31/Mar/2020:10:14:02 +0800] "GET /xingrg/servlets/pdf?sysBaseUrl=http%3A%2F%2F180.169.147.146%3A18081%2Fxingrg%2F&costTime=285×tamp=1585620841842 HTTP/1.1" 200 4579
117.184.7.26 - - [31/Mar/2020:10:14:02 +0800] "GET /xingrg/servlets/pdf?sysBaseUrl=http%3A%2F%2F180.169.147.146%3A18081%2Fxingrg%2F&costTime=285×tamp=1585620841842 HTTP/1.1" 200 4579
114.84.33.255 - - [31/Mar/2020:10:14:03 +0800] "GET /xingrg/system/rest/query_items.html?_=1585620840391&table=menu&page=1&rows=20&categoryId=&key=7029 HTTP/1.1" 200 244
114.84.33.255 - - [31/Mar/2020:10:14:03 +0800] "GET /xingrg/system/rest/get_item.html?table=menu&id=7029&_=1585620840923 HTTP/1.1" 200 946
114.84.33.255 - - [31/Mar/2020:10:14:03 +0800] "GET /xingrg/system/rest/get_item.html?table=menu&target=cook_mode&id=7029&_=1585620840939 HTTP/1.1" 200 1962
114.84.33.255 - - [31/Mar/2020:10:14:03 +0800] "GET /xingrg/system/rest/get_item.html?table=menu&target=menu_rest&id=7029&_=1585620840941 HTTP/1.1" 200 58
114.84.33.255 - - [31/Mar/2020:10:14:03 +0800] "GET /xingrg/system/rest/get_infos.html?command=menu_img_show&id=7029 HTTP/1.1" 200 5
120.204.17.73 - - [31/Mar/2020:10:14:03 +0800] "GET /xingrg/login.html HTTP/1.1" 200 7641
222.69.133.34 - - [31/Mar/2020:10:14:06 +0800] "GET /xingrg/kc/base/wldb_order_operate.html?command=get_materiel&rest_code=00149&base_code=0010394&code=00101019063 HTTP/1.1" 200 447
114.84.33.255 - - [31/Mar/2020:10:14:10 +0800] "GET /xingrg/all/function/internal_message.html?_=1585620852590&CODE_STATE=getMsg HTTP/1.1" 200 27
114.84.33.255 - - [31/Mar/2020:10:14:10 +0800] "POST /xingrg/system/rest/edit_item.html HTTP/1.1" 200 4
222.69.133.34 - - [31/Mar/2020:10:14:10 +0800] "GET /xingrg/kc/base/wldb_order_operate.html?command=get_materiel&rest_code=00149&base_code=0010394&code=00101019185 HTTP/1.1" 200 455
114.84.33.255 - - [31/Mar/2020:10:14:10 +0800] "GET /xingrg/system/rest/get_item.html?table=menu&id=7029&_=1585620848253 HTTP/1.1" 200 946
172.17.0.106 - - [31/Mar/2020:10:14:11 +0800] "GET /xingrg/all/function/internal_message.html?_=1585620850152&CODE_STATE=getMsg HTTP/1.1" 200 27
172.17.0.106 - - [31/Mar/2020:10:14:11 +0800] "GET /xingrg/all/function/internal_message.html?_=1585620850316&CODE_STATE=getMsg HTTP/1.1" 200 27
114.84.33.255 - - [31/Mar/2020:10:14:12 +0800] "GET /xingrg/system/rest/query_items.html?_=1585620849648&table=menu&page=1&rows=20&categoryId=&key=7029 HTTP/1.1" 200 244
222.69.133.34 - - [31/Mar/2020:10:14:15 +0800] "GET /xingrg/kc/base/wldb_order_operate.html?command=get_materiel&rest_code=00149&base_code=0010394&code=00101019222 HTTP/1.1" 200 455
114.84.33.255 - - [31/Mar/2020:10:14:18 +0800] "GET /xingrg/system/rest/query_items.html?_=1585620856003&table=menu&page=1&rows=20&categoryId=&key= HTTP/1.1" 200 4722
222.69.133.34 - - [31/Mar/2020:10:14:20 +0800] "POST /xingrg/kc/base/wldb_order_operate.html HTTP/1.1" 200 37
222.69.133.34 - - [31/Mar/2020:10:14:20 +0800] "POST /xingrg/kc/base/wldb_order_operate.html HTTP/1.1" 200 3695
222.69.133.34 - - [31/Mar/2020:10:14:21 +0800] "GET /xingrg/kc/base/wldb_order_info.html?code=422020033101137 HTTP/1.1" 200 30334
222.69.133.34 - - [31/Mar/2020:10:14:21 +0800] "GET /xingrg/javascript/easyui/themes/default/validatebox.css HTTP/1.1" 404 1104
222.69.133.34 - - [31/Mar/2020:10:14:21 +0800] "POST /xingrg/kc/base/wldb_order_operate.html HTTP/1.1" 200 3695
116.233.78.128 - - [31/Mar/2020:10:14:21 +0800] "GET /xingrg/all/function/internal_message.html?_=1585620862891&CODE_STATE=getMsg HTTP/1.1" 200 27
116.235.222.53 - - [31/Mar/2020:10:14:22 +0800] "POST /xingrg/kc/buy/cgsh_order_operate.html HTTP/1.1" 200 37
116.235.222.53 - - [31/Mar/2020:10:14:24 +0800] "POST /xingrg/kc/buy/cgsh_order_operate.html HTTP/1.1" 200 12
114.84.33.255 - - [31/Mar/2020:10:14:24 +0800] "GET /xingrg/system/rest/query_items.html?_=1585620862157&table=menu&page=1&rows=20&categoryId=&key=1965 HTTP/1.1" 200 284
222.69.133.34 - - [31/Mar/2020:10:14:24 +0800] "GET /xingrg/all/function/internal_message.html?_=1585620861952&CODE_STATE=getMsg HTTP/1.1" 200 27
114.84.33.255 - - [31/Mar/2020:10:14:26 +0800] "GET /xingrg/system/rest/query_items.html?_=1585620863502&table=menu&page=1&rows=20&categoryId=&key=1965 HTTP/1.1" 200 284
116.235.222.53 - - [31/Mar/2020:10:14:26 +0800] "GET /xingrg/kc/buy/cgsh_order_info.html?code=212020033104006 HTTP/1.1" 200 53274
114.84.33.255 - - [31/Mar/2020:10:14:26 +0800] "GET /xingrg/system/rest/get_item.html?table=menu&id=1965&_=1585620864100 HTTP/1.1" 200 969
114.84.33.255 - - [31/Mar/2020:10:14:26 +0800] "GET /xingrg/system/rest/get_item.html?table=menu&target=menu_rest&id=1965&_=1585620864123 HTTP/1.1" 200 762
114.84.33.255 - - [31/Mar/2020:10:14:26 +0800] "GET /xingrg/system/rest/get_item.html?table=menu&target=cook_mode&id=1965&_=1585620864120 HTTP/1.1" 200 6235
116.235.222.53 - - [31/Mar/2020:10:14:26 +0800] "GET /xingrg/javascript/easyui/themes/default/validatebox.css HTTP/1.1" 404 1104
116.235.222.53 - - [31/Mar/2020:10:14:26 +0800] "POST /xingrg/kc/buy/cgsh_order_operate.html HTTP/1.1" 200 610
114.84.33.255 - - [31/Mar/2020:10:14:27 +0800] "GET /xingrg/system/rest/get_infos.html?command=menu_img_show&id=1965 HTTP/1.1" 200 5
222.69.133.34 - - [31/Mar/2020:10:14:27 +0800] "GET /xingrg/kc/base/wldb_order_add.html HTTP/1.1" 200 30319
222.69.133.34 - - [31/Mar/2020:10:14:27 +0800] "POST /xingrg/kc/base/wldb_order_operate.html HTTP/1.1" 200 6806
222.69.133.34 - - [31/Mar/2020:10:14:27 +0800] "GET /xingrg/javascript/easyui/themes/default/validatebox.css HTTP/1.1" 404 1104
116.235.222.53 - - [31/Mar/2020:10:14:28 +0800] "GET /xingrg/kc/print/load_data.html?order_code=212020033104006&kc_code=cgsh&condition= HTTP/1.1" 200 762
223.167.127.59 - - [31/Mar/2020:10:14:30 +0800] "GET /xingrg/check_reg.html?_=1585620870110 HTTP/1.1" 302 -
223.167.127.59 - - [31/Mar/2020:10:14:30 +0800] "GET /xingrg/all/function/internal_message.html?_=1585620870114&CODE_STATE=getMsg HTTP/1.1" 302 -
114.84.33.255 - - [31/Mar/2020:10:14:32 +0800] "GET /xingrg/system/rest/get_item.html?table=menu&target=menu_rest_detail&id=1965&sid=12&_=1585620869418 HTTP/1.1" 200 426
172.17.1.5 - - [31/Mar/2020:10:14:32 +0800] "GET /xingrg/all/function/internal_message.html?_=1585620869781&CODE_STATE=getMsg HTTP/1.1" 200 27
116.235.222.53 - - [31/Mar/2020:10:14:33 +0800] "GET /xingrg/kc/buy/cgsh_order_add.html HTTP/1.1" 200 58370
172.17.0.100 - - [31/Mar/2020:10:14:33 +0800] "GET /xingrg/all/function/internal_message.html?_=1585621054517&CODE_STATE=getMsg HTTP/1.1" 200 27
116.235.222.53 - - [31/Mar/2020:10:14:34 +0800] "GET /xingrg/javascript/easyui/themes/default/validatebox.css HTTP/1.1" 404 1104
116.235.222.53 - - [31/Mar/2020:10:14:34 +0800] "POST /xingrg/kc/buy/cgsh_order_operate.html HTTP/1.1" 200 8245
58.221.95.50 - - [31/Mar/2020:10:14:34 +0800] "GET /xingrg/all/function/internal_message.html?_=1585621230260&CODE_STATE=getMsg HTTP/1.1" 200 27
114.84.33.255 - - [31/Mar/2020:10:14:35 +0800] "GET /xingrg/all/function/internal_message.html?_=1585620872468&CODE_STATE=getMsg HTTP/1.1" 200 27
58.221.95.50 - - [31/Mar/2020:10:14:35 +0800] "GET /xingrg/check_reg.html?_=1585621230813 HTTP/1.1" 200 22
114.84.33.255 - - [31/Mar/2020:10:14:36 +0800] "GET /xingrg/all/function/internal_message.html?_=1585620873735&CODE_STATE=getMsg HTTP/1.1" 200 27
222.70.183.62 - - [31/Mar/2020:10:14:36 +0800] "GET /xingrg/all/function/internal_message.html?_=1585620876796&CODE_STATE=getMsg HTTP/1.1" 200 27
222.69.133.34 - - [31/Mar/2020:10:14:36 +0800] "GET /xingrg/kc/base/wldb_order_operate.html?command=get_materiel&rest_code=00149&base_code=0010413&code=00101026001 HTTP/1.1" 200 468
116.235.222.53 - - [31/Mar/2020:10:14:38 +0800] "GET /xingrg/javascript/easyui/themes/default/tree.css HTTP/1.1" 404 1090
116.235.222.53 - - [31/Mar/2020:10:14:38 +0800] "POST /xingrg/all/common/load_tree.html?tree=supplier_tree_json&isDelete=1 HTTP/1.1" 200 47028
117.184.7.30 - - [31/Mar/2020:10:14:38 +0800] "GET /xingrg/login.html HTTP/1.1" 200 7641
117.184.7.30 - - [31/Mar/2020:10:14:39 +0800] "GET /favicon.ico HTTP/1.1" 404 -
114.84.33.255 - - [31/Mar/2020:10:14:40 +0800] "POST /xingrg/system/rest/edit_item.html HTTP/1.1" 200 4
114.84.33.255 - - [31/Mar/2020:10:14:40 +0800] "GET /xingrg/system/rest/get_item.html?table=menu&target=menu_rest&id=1965&_=1585620877722 HTTP/1.1" 200 762
222.69.133.34 - - [31/Mar/2020:10:14:41 +0800] "POST /xingrg/kc/base/wldb_order_operate.html HTTP/1.1" 200 37
222.69.133.34 - - [31/Mar/2020:10:14:41 +0800] "POST /xingrg/kc/base/wldb_order_operate.html HTTP/1.1" 200 2209
222.69.133.34 - - [31/Mar/2020:10:14:42 +0800] "GET /xingrg/kc/base/wldb_order_info.html?code=422020033101138 HTTP/1.1" 200 30326
116.224.247.222 - - [31/Mar/2020:10:14:42 +0800] "GET /xingrg/all/function/internal_message.html?_=1585621060855&CODE_STATE=getMsg HTTP/1.1" 200 27
222.69.133.34 - - [31/Mar/2020:10:14:42 +0800] "GET /xingrg/javascript/easyui/themes/default/validatebox.css HTTP/1.1" 404 1104
222.69.133.34 - - [31/Mar/2020:10:14:42 +0800] "POST /xingrg/kc/base/wldb_order_operate.html HTTP/1.1" 200 2209
117.184.7.30 - - [31/Mar/2020:10:14:43 +0800] "POST /xingrg/login.do HTTP/1.1" 302 -
117.184.7.30 - - [31/Mar/2020:10:14:43 +0800] "GET /xingrg/index.html?sysBaseUrl=http%3A%2F%2F180.169.147.146%3A18081%2Fxingrg%2F&costTime=34×tamp=1585620883497 HTTP/1.1" 200 17179
117.184.7.30 - - [31/Mar/2020:10:14:43 +0800] "GET /favicon.ico HTTP/1.1" 404 -
117.184.7.30 - - [31/Mar/2020:10:14:43 +0800] "POST /xingrg/all/common/load_tree.html?tree=area_rest_tree_json&manage=1 HTTP/1.1" 200 470
117.184.7.26 - - [31/Mar/2020:10:14:43 +0800] "GET /xingrg/check_reg.html?_=1585620880354 HTTP/1.1" 200 22
117.184.7.26 - - [31/Mar/2020:10:14:43 +0800] "GET /xingrg/all/function/internal_message.html?_=1585620880353&CODE_STATE=count HTTP/1.1" 200 11
117.184.7.30 - - [31/Mar/2020:10:14:43 +0800] "POST /xingrg/load_menu.html HTTP/1.1" 200 5138
114.84.33.255 - - [31/Mar/2020:10:14:46 +0800] "GET /xingrg/system/rest/query_items.html?_=1585620883697&table=menu&page=1&rows=20&categoryId=&key= HTTP/1.1" 200 4722
117.184.7.30 - - [31/Mar/2020:10:14:47 +0800] "POST /xingrg/all/user/operate.html HTTP/1.1" 200 36
117.184.7.30 - - [31/Mar/2020:10:14:47 +0800] "GET /xingrg/index.html?sysBaseUrl=http%3A%2F%2F180.169.147.146%3A18081%2Fxingrg%2F&costTime=34×tamp=1585620883497 HTTP/1.1" 200 17173
117.184.7.26 - - [31/Mar/2020:10:14:47 +0800] "GET /xingrg/javascript/jquery_easy_ui/themes/default/easyui.css HTTP/1.1" 304 -
117.184.7.30 - - [31/Mar/2020:10:14:47 +0800] "GET /xingrg/javascript/jquery_easy_ui/themes/icon.css HTTP/1.1" 304 -
117.184.7.30 - - [31/Mar/2020:10:14:47 +0800] "GET /xingrg/css/form.css HTTP/1.1" 304 -
117.184.7.30 - - [31/Mar/2020:10:14:47 +0800] "GET /xingrg/javascript/jquery-1.4.2.min.js HTTP/1.1" 304 -
117.184.7.30 - - [31/Mar/2020:10:14:47 +0800] "GET /xingrg/javascript/jquery_easy_ui/jquery.easyui.min.js HTTP/1.1" 304 -
117.184.7.30 - - [31/Mar/2020:10:14:47 +0800] "GET /xingrg/javascript/jquery_easy_ui/easyui-lang-zh_CN.js HTTP/1.1" 304 -
117.184.7.30 - - [31/Mar/2020:10:14:47 +0800] "GET /xingrg/javascript/jquery.form.js HTTP/1.1" 304 -
222.69.133.34 - - [31/Mar/2020:10:14:47 +0800] "GET /xingrg/kc/base/wldb_order_add.html HTTP/1.1" 200 30319
117.184.7.30 - - [31/Mar/2020:10:14:47 +0800] "GET /xingrg/javascript/jquery.utils.js HTTP/1.1" 304 -
117.184.7.30 - - [31/Mar/2020:10:14:47 +0800] "GET /xingrg/javascript/jquery.timers.js HTTP/1.1" 304 -
117.184.7.30 - - [31/Mar/2020:10:14:47 +0800] "GET /xingrg/images/blue/jxLogo.png HTTP/1.1" 304 -
117.184.7.26 - - [31/Mar/2020:10:14:47 +0800] "GET /xingrg/images/blue/navBackgound.jpg HTTP/1.1" 304 -
117.184.7.26 - - [31/Mar/2020:10:14:47 +0800] "GET /xingrg/javascript/jquery_easy_ui/themes/icons/settle_new.png HTTP/1.1" 304 -
117.184.7.26 - - [31/Mar/2020:10:14:47 +0800] "POST /xingrg/all/common/load_tree.html?tree=area_rest_tree_json&manage=1 HTTP/1.1" 200 470
117.184.7.26 - - [31/Mar/2020:10:14:47 +0800] "GET /xingrg/all/function/internal_message.html?_=1585620884009&CODE_STATE=count HTTP/1.1" 200 11
117.184.7.30 - - [31/Mar/2020:10:14:47 +0800] "GET /xingrg/check_reg.html?_=1585620884010 HTTP/1.1" 200 22
117.184.7.30 - - [31/Mar/2020:10:14:47 +0800] "GET /xingrg/images/blue/pingpu.png HTTP/1.1" 304 -
117.184.7.30 - - [31/Mar/2020:10:14:47 +0800] "GET /xingrg/javascript/jquery_easy_ui/themes/default/images/tabs_leftarrow.png HTTP/1.1" 304 -
117.184.7.30 - - [31/Mar/2020:10:14:47 +0800] "GET /xingrg/javascript/jquery_easy_ui/themes/default/images/tabs_rightarrow.png HTTP/1.1" 304 -
117.184.7.30 - - [31/Mar/2020:10:14:47 +0800] "GET /xingrg/javascript/jquery_easy_ui/themes/default/images/panel_tool_collapse.gif HTTP/1.1" 304 -
117.184.7.26 - - [31/Mar/2020:10:14:47 +0800] "POST /xingrg/load_menu.html HTTP/1.1" 200 5138
222.69.133.34 - - [31/Mar/2020:10:14:47 +0800] "POST /xingrg/kc/base/wldb_order_operate.html HTTP/1.1" 200 6806
222.69.133.34 - - [31/Mar/2020:10:14:47 +0800] "GET /xingrg/javascript/easyui/themes/default/validatebox.css HTTP/1.1" 404 1104
180.156.150.85 - - [31/Mar/2020:10:14:48 +0800] "GET /xingrg/all/function/internal_message.html?_=1585620884992&CODE_STATE=getMsg HTTP/1.1" 200 27
117.184.7.26 - - [31/Mar/2020:10:14:49 +0800] "GET /xingrg/kc/report/report_main.html HTTP/1.1" 200 7345
117.185.32.26 - - [31/Mar/2020:10:14:49 +0800] "GET /xingrg/all/function/internal_message.html?_=1585620886930&CODE_STATE=getMsg HTTP/1.1" 200 27
117.184.7.26 - - [31/Mar/2020:10:14:49 +0800] "GET /xingrg/all/report/report_query.html?fileName=kc/buy/gys_amount.xml&rh=99999 HTTP/1.1" 200 52006
117.184.7.26 - - [31/Mar/2020:10:14:49 +0800] "GET /xingrg/dwr/interface/AjaxReportQueryService.js HTTP/1.1" 200 13203
117.184.7.30 - - [31/Mar/2020:10:14:50 +0800] "GET /xingrg/dwr/engine.js HTTP/1.1" 200 43631
117.184.7.30 - - [31/Mar/2020:10:14:50 +0800] "POST /xingrg/dwr/call/plaincall/AjaxReportQueryService.getFixDate.dwr HTTP/1.1" 200 111
117.184.7.30 - - [31/Mar/2020:10:14:50 +0800] "POST /xingrg/all/common/load_tree.html?tree=supplier_tree_json&manage=1 HTTP/1.1" 200 47635
180.162.232.172 - - [31/Mar/2020:10:14:50 +0800] "GET /xingrg/all/function/internal_message.html?_=1585620891166&CODE_STATE=getMsg HTTP/1.1" 200 27
172.17.0.100 - - [31/Mar/2020:10:14:50 +0800] "GET /xingrg/all/function/internal_message.html?_=1585621071820&CODE_STATE=getMsg HTTP/1.1" 200 27
114.84.33.255 - - [31/Mar/2020:10:14:51 +0800] "GET /xingrg/system/rest/query_items.html?_=1585620888360&table=menu&page=1&rows=20&categoryId=&key=2054 HTTP/1.1" 200 298
117.184.7.30 - - [31/Mar/2020:10:14:51 +0800] "POST /xingrg/all/common/load_tree.html?tree=materiel_sort_tree_json HTTP/1.1" 200 8666
117.184.7.30 - - [31/Mar/2020:10:14:52 +0800] "POST /xingrg/dwr/call/plaincall/AjaxReportQueryService.getInitString.dwr HTTP/1.1" 200 912
114.84.33.255 - - [31/Mar/2020:10:14:52 +0800] "GET /xingrg/system/rest/query_items.html?_=1585620889974&table=menu&page=1&rows=20&categoryId=&key=2054 HTTP/1.1" 200 298
114.84.33.255 - - [31/Mar/2020:10:14:53 +0800] "GET /xingrg/system/rest/get_item.html?table=menu&id=2054&_=1585620890544 HTTP/1.1" 200 1006
114.84.33.255 - - [31/Mar/2020:10:14:53 +0800] "GET /xingrg/system/rest/get_item.html?table=menu&target=menu_rest&id=2054&_=1585620890564 HTTP/1.1" 200 868
114.84.33.255 - - [31/Mar/2020:10:14:53 +0800] "GET /xingrg/system/rest/get_item.html?table=menu&target=cook_mode&id=2054&_=1585620890560 HTTP/1.1" 200 10645
172.17.0.185 - - [31/Mar/2020:10:14:53 +0800] "GET /xingrg/all/function/internal_message.html?_=1585620890747&CODE_STATE=getMsg HTTP/1.1" 200 27
114.84.33.255 - - [31/Mar/2020:10:14:53 +0800] "GET /xingrg/system/rest/get_infos.html?command=menu_img_show&id=2054 HTTP/1.1" 200 5
222.69.133.34 - - [31/Mar/2020:10:14:54 +0800] "GET /xingrg/kc/base/wldb_order_operate.html?command=get_materiel&rest_code=00149&base_code=0010400&code=00101004065 HTTP/1.1" 200 434
180.156.150.85 - - [31/Mar/2020:10:14:55 +0800] "GET /xingrg/all/function/internal_message.html?_=1585620895068&CODE_STATE=getMsg HTTP/1.1" 200 27
114.84.33.255 - - [31/Mar/2020:10:14:56 +0800] "GET /xingrg/system/rest/get_item.html?table=menu&target=menu_rest_detail&id=2054&sid=12&_=1585620893573 HTTP/1.1" 200 427
120.204.17.68 - - [31/Mar/2020:10:15:00 +0800] "GET /xingrg/all/function/internal_message.html?_=1585620227035&CODE_STATE=getMsg HTTP/1.1" 302 -
116.235.222.53 - - [31/Mar/2020:10:15:01 +0800] "GET /xingrg/kc/buy/cgsh_order_operate.html?command=get_materiel&rest_code=00107&code=00101002006&supplier_code=00100091&order_time=2020-03-31 HTTP/1.1" 200 434
222.69.133.34 - - [31/Mar/2020:10:15:02 +0800] "POST /xingrg/kc/base/wldb_order_operate.html HTTP/1.1" 200 37
222.69.133.34 - - [31/Mar/2020:10:15:02 +0800] "POST /xingrg/kc/base/wldb_order_operate.html HTTP/1.1" 200 2184
117.184.7.30 - - [31/Mar/2020:10:15:02 +0800] "POST /xingrg/dwr/call/plaincall/AjaxReportQueryService.refreshCache.dwr HTTP/1.1" 200 78
117.184.7.30 - - [31/Mar/2020:10:15:03 +0800] "POST /xingrg/all/report/load_report_page.html HTTP/1.1" 200 8932
117.184.7.30 - - [31/Mar/2020:10:15:03 +0800] "GET /xingrg/servlets/image?cache=0.5868664139846409&image=px HTTP/1.1" 200 807
114.84.33.255 - - [31/Mar/2020:10:15:03 +0800] "POST /xingrg/system/rest/edit_item.html HTTP/1.1" 200 4
114.84.33.255 - - [31/Mar/2020:10:15:03 +0800] "GET /xingrg/system/rest/get_item.html?table=menu&target=menu_rest&id=2054&_=1585620901218 HTTP/1.1" 200 868
117.184.7.30 - - [31/Mar/2020:10:15:04 +0800] "GET /xingrg/all/report/report_query.html?isQuery=1&fileName=kc/buy/wlcg_cate_hz.xml&queryString=(CONVERT(char(10)%252Ca.order_time%252C%2520120)%253E%253D'2020-03-11')%2520and%2520(CONVERT(char(10)%252Ca.order_time%252C%2520120)%253C%253D'2020-03-20')%2520and%2520(a.supplier_code%2520in%2520('00100085'))%2520and%2520(a.number%253E0%2520and%2520a.supplier_code%253D'00100085')&queryText=%25E3%2580%2590%25E9%2587%2587%25E8%25B4%25AD%25E6%2597%25A5%25E6%259C%259F%253A2020-03-11%2520%25E8%2587%25B3%25202020-03-20%25E3%2580%2591%2520%25E5%25B9%25B6%25E4%25B8%2594%2520%2520%25E3%2580%2590%25E4%25BE%259B%25E5%25BA%2594%25E5%2595%2586%2520%253D%2520%25E5%25B0%258F%25E6%259D%258E%25E8%259A%258C%25EF%25BC%2588%25E6%259D%258E%25E6%2598%258E%25E6%2597%25BA%25EF%25BC%2589%25E3%2580%2591%2520%25E5%25B9%25B6%25E4%25B8%2594%2520%25E3%2580%2590%25E4%25BE%259B%25E5%25BA%2594%25E5%2595%2586%253D%25E5%25B0%258F%25E6%259D%258E%25E8%259A%258C%25EF%25BC%2588%25E6%259D%258E%25E6%2598%258E%25E6%2597%25BA%25EF%25BC%2589%25E3%2580%2591 HTTP/1.1" 200 54488
117.184.7.30 - - [31/Mar/2020:10:15:04 +0800] "GET /xingrg/dwr/interface/AjaxReportQueryService.js HTTP/1.1" 200 13203
117.184.7.26 - - [31/Mar/2020:10:15:04 +0800] "GET /xingrg/dwr/engine.js HTTP/1.1" 200 43631
117.184.7.26 - - [31/Mar/2020:10:15:06 +0800] "POST /xingrg/all/report/load_report_page.html HTTP/1.1" 200 8710
117.184.7.30 - - [31/Mar/2020:10:15:06 +0800] "GET /xingrg/servlets/image?cache=0.3546714896009573&image=px HTTP/1.1" 200 807
222.69.133.34 - - [31/Mar/2020:10:15:06 +0800] "GET /xingrg/kc/base/wldb_order_info.html?code=422020033101139 HTTP/1.1" 200 30331
117.184.7.26 - - [31/Mar/2020:10:15:06 +0800] "POST /xingrg/all/report/load_report_page.html HTTP/1.1" 200 16424
117.184.7.26 - - [31/Mar/2020:10:15:06 +0800] "GET /xingrg/servlets/image?cache=0.13594755123193902&image=px HTTP/1.1" 200 807
222.69.133.34 - - [31/Mar/2020:10:15:06 +0800] "GET /xingrg/javascript/easyui/themes/default/validatebox.css HTTP/1.1" 404 1104
222.69.133.34 - - [31/Mar/2020:10:15:06 +0800] "POST /xingrg/kc/base/wldb_order_operate.html HTTP/1.1" 200 2184
120.204.17.68 - - [31/Mar/2020:10:15:08 +0800] "GET /xingrg/login.html HTTP/1.1" 200 7641
222.69.133.34 - - [31/Mar/2020:10:15:09 +0800] "GET /xingrg/kc/base/wldb_order_add.html HTTP/1.1" 200 30319
222.69.133.34 - - [31/Mar/2020:10:15:09 +0800] "POST /xingrg/kc/base/wldb_order_operate.html HTTP/1.1" 200 6806
222.69.133.34 - - [31/Mar/2020:10:15:09 +0800] "GET /xingrg/javascript/easyui/themes/default/validatebox.css HTTP/1.1" 404 1104
114.84.33.255 - - [31/Mar/2020:10:15:10 +0800] "GET /xingrg/all/function/internal_message.html?_=1585620912739&CODE_STATE=getMsg HTTP/1.1" 200 27
172.17.0.106 - - [31/Mar/2020:10:15:11 +0800] "GET /xingrg/all/function/internal_message.html?_=1585620910152&CODE_STATE=getMsg HTTP/1.1" 200 27
172.17.0.106 - - [31/Mar/2020:10:15:11 +0800] "GET /xingrg/all/function/internal_message.html?_=1585620910320&CODE_STATE=getMsg HTTP/1.1" 200 27
117.184.7.26 - - [31/Mar/2020:10:15:13 +0800] "POST /xingrg/dwr/call/plaincall/AjaxReportQueryService.getFixDate.dwr HTTP/1.1" 200 111
117.184.7.26 - - [31/Mar/2020:10:15:13 +0800] "POST /xingrg/all/common/load_tree.html?tree=supplier_tree_json&manage=1 HTTP/1.1" 200 47635
114.84.33.255 - - [31/Mar/2020:10:15:14 +0800] "GET /xingrg/system/rest/query_items.html?_=1585620911383&table=menu&page=1&rows=20&categoryId=&key=fjmj HTTP/1.1" 200 21
117.184.7.26 - - [31/Mar/2020:10:15:15 +0800] "POST /xingrg/all/common/load_tree.html?tree=materiel_sort_tree_json HTTP/1.1" 200 8666
117.184.7.26 - - [31/Mar/2020:10:15:15 +0800] "POST /xingrg/all/common/load_tree.html?tree=base_tree_json HTTP/1.1" 200 3372
114.84.33.255 - - [31/Mar/2020:10:15:19 +0800] "GET /xingrg/system/rest/query_items.html?_=1585620916764&table=menu&page=1&rows=20&categoryId=&key=fzmj HTTP/1.1" 200 764
114.84.33.255 - - [31/Mar/2020:10:15:21 +0800] "GET /xingrg/system/rest/query_items.html?_=1585620918758&table=menu&page=1&rows=20&categoryId=&key=fzmj HTTP/1.1" 200 764
116.233.78.128 - - [31/Mar/2020:10:15:21 +0800] "GET /xingrg/all/function/internal_message.html?_=1585620922889&CODE_STATE=getMsg HTTP/1.1" 200 27
114.84.33.255 - - [31/Mar/2020:10:15:21 +0800] "GET /xingrg/system/rest/get_item.html?table=menu&id=2084&_=1585620919344 HTTP/1.1" 200 971
114.84.33.255 - - [31/Mar/2020:10:15:21 +0800] "GET /xingrg/system/rest/get_item.html?table=menu&target=cook_mode&id=2084&_=1585620919360 HTTP/1.1" 200 9370
114.84.33.255 - - [31/Mar/2020:10:15:21 +0800] "GET /xingrg/system/rest/get_item.html?table=menu&target=menu_rest&id=2084&_=1585620919364 HTTP/1.1" 200 1236
114.84.33.255 - - [31/Mar/2020:10:15:22 +0800] "GET /xingrg/system/rest/get_infos.html?command=menu_img_show&id=2084 HTTP/1.1" 200 5
222.69.133.34 - - [31/Mar/2020:10:15:24 +0800] "GET /xingrg/check_reg.html?_=1585620921942 HTTP/1.1" 200 22
222.69.133.34 - - [31/Mar/2020:10:15:24 +0800] "GET /xingrg/all/function/internal_message.html?_=1585620921946&CODE_STATE=getMsg HTTP/1.1" 200 27
116.235.222.53 - - [31/Mar/2020:10:15:25 +0800] "POST /xingrg/kc/buy/cgsh_order_operate.html HTTP/1.1" 200 37
116.235.222.53 - - [31/Mar/2020:10:15:27 +0800] "POST /xingrg/kc/buy/cgsh_order_operate.html HTTP/1.1" 200 12
114.84.33.255 - - [31/Mar/2020:10:15:28 +0800] "GET /xingrg/system/rest/get_item.html?table=menu&target=menu_rest_detail&id=2084&sid=12&_=1585620925650 HTTP/1.1" 200 426
116.235.222.53 - - [31/Mar/2020:10:15:28 +0800] "GET /xingrg/kc/buy/cgsh_order_info.html?code=212020033104007 HTTP/1.1" 200 53274
116.235.222.53 - - [31/Mar/2020:10:15:29 +0800] "GET /xingrg/javascript/easyui/themes/default/validatebox.css HTTP/1.1" 404 1104
116.235.222.53 - - [31/Mar/2020:10:15:30 +0800] "POST /xingrg/kc/buy/cgsh_order_operate.html HTTP/1.1" 200 611
222.69.133.34 - - [31/Mar/2020:10:15:30 +0800] "GET /xingrg/kc/base/wldb_order_operate.html?command=get_materiel&rest_code=00149&base_code=0010394&code=00101019529 HTTP/1.1" 200 475
223.167.127.59 - - [31/Mar/2020:10:15:30 +0800] "GET /xingrg/all/function/internal_message.html?_=1585620930101&CODE_STATE=getMsg HTTP/1.1" 302 -
116.235.222.53 - - [31/Mar/2020:10:15:31 +0800] "GET /xingrg/kc/print/load_data.html?order_code=212020033104007&kc_code=cgsh&condition= HTTP/1.1" 200 769
172.17.1.5 - - [31/Mar/2020:10:15:32 +0800] "GET /xingrg/check_reg.html?_=1585620929781 HTTP/1.1" 200 22
172.17.1.5 - - [31/Mar/2020:10:15:32 +0800] "GET /xingrg/all/function/internal_message.html?_=1585620929783&CODE_STATE=getMsg HTTP/1.1" 200 27
172.17.0.100 - - [31/Mar/2020:10:15:33 +0800] "GET /xingrg/all/function/internal_message.html?_=1585621114537&CODE_STATE=getMsg HTTP/1.1" 200 27
58.221.95.50 - - [31/Mar/2020:10:15:34 +0800] "GET /xingrg/all/function/internal_message.html?_=1585621290238&CODE_STATE=getMsg HTTP/1.1" 200 27
117.184.7.26 - - [31/Mar/2020:10:15:34 +0800] "GET /xingrg/javascript/multi_select/dropdown_hover.gif HTTP/1.1" 200 61
114.84.33.255 - - [31/Mar/2020:10:15:35 +0800] "GET /xingrg/all/function/internal_message.html?_=1585620932471&CODE_STATE=getMsg HTTP/1.1" 200 27
116.224.247.222 - - [31/Mar/2020:10:15:35 +0800] "GET /xingrg/check_reg.html?_=1585621113782 HTTP/1.1" 200 22
222.69.133.34 - - [31/Mar/2020:10:15:35 +0800] "GET /xingrg/kc/base/wldb_order_operate.html?command=get_materiel&rest_code=00149&base_code=0010394&code=00101019079 HTTP/1.1" 200 465
117.184.7.26 - - [31/Mar/2020:10:15:35 +0800] "GET /xingrg/all/report/report_query.html?isQuery=1&fileName=kc/buy/wlcg_cate_hz.xml&queryString=(CONVERT(char(10)%252Ca.order_time%252C%2520120)%253E%253D'2020-03-11')%2520and%2520(CONVERT(char(10)%252Ca.order_time%252C%2520120)%253C%253D'2020-03-20')%2520and%2520(a.supplier_code%2520in%2520('00100085'))%2520and%2520(a.number%253E0%2520and%2520a.supplier_code%253D'00100085')&queryText=%25E3%2580%2590%25E9%2587%2587%25E8%25B4%25AD%25E6%2597%25A5%25E6%259C%259F%253A2020-03-11%2520%25E8%2587%25B3%25202020-03-20%25E3%2580%2591%2520%25E5%25B9%25B6%25E4%25B8%2594%2520%2520%25E3%2580%2590%25E4%25BE%259B%25E5%25BA%2594%25E5%2595%2586%2520%253D%2520%25E5%25B0%258F%25E6%259D%258E%25E8%259A%258C%25EF%25BC%2588%25E6%259D%258E%25E6%2598%258E%25E6%2597%25BA%25EF%25BC%2589%25E3%2580%2591%2520%25E5%25B9%25B6%25E4%25B8%2594%2520%25E3%2580%2590%25E4%25BE%259B%25E5%25BA%2594%25E5%2595%2586%253D%25E5%25B0%258F%25E6%259D%258E%25E8%259A%258C%25EF%25BC%2588%25E6%259D%258E%25E6%2598%258E%25E6%2597%25BA%25EF%25BC%2589%25E3%2580%2591 HTTP/1.1" 200 54488
114.84.33.255 - - [31/Mar/2020:10:15:36 +0800] "GET /xingrg/all/function/internal_message.html?_=1585620933748&CODE_STATE=getMsg HTTP/1.1" 200 27
117.184.7.26 - - [31/Mar/2020:10:15:36 +0800] "GET /xingrg/dwr/interface/AjaxReportQueryService.js HTTP/1.1" 200 13203
117.184.7.30 - - [31/Mar/2020:10:15:36 +0800] "GET /xingrg/dwr/engine.js HTTP/1.1" 200 43631
114.84.33.255 - - [31/Mar/2020:10:15:36 +0800] "POST /xingrg/system/rest/edit_item.html HTTP/1.1" 200 4
114.84.33.255 - - [31/Mar/2020:10:15:36 +0800] "GET /xingrg/system/rest/get_item.html?table=menu&target=menu_rest&id=2084&_=1585620933625 HTTP/1.1" 200 1236
116.235.222.53 - - [31/Mar/2020:10:15:36 +0800] "GET /xingrg/kc/buy/cgsh_order_add.html HTTP/1.1" 200 58370
222.70.183.62 - - [31/Mar/2020:10:15:36 +0800] "GET /xingrg/all/function/internal_message.html?_=1585620936820&CODE_STATE=getMsg HTTP/1.1" 200 27
116.235.222.53 - - [31/Mar/2020:10:15:37 +0800] "GET /xingrg/javascript/easyui/themes/default/validatebox.css HTTP/1.1" 404 1104
116.235.222.53 - - [31/Mar/2020:10:15:37 +0800] "POST /xingrg/kc/buy/cgsh_order_operate.html HTTP/1.1" 200 8245
117.184.7.30 - - [31/Mar/2020:10:15:37 +0800] "POST /xingrg/all/report/load_report_page.html HTTP/1.1" 200 8702
117.184.7.30 - - [31/Mar/2020:10:15:37 +0800] "GET /xingrg/servlets/image?cache=0.787986878116728&image=px HTTP/1.1" 200 807
222.69.133.34 - - [31/Mar/2020:10:15:38 +0800] "GET /xingrg/kc/base/wldb_order_operate.html?command=get_materiel&rest_code=00149&base_code=0010394&code=00101019295 HTTP/1.1" 200 463
117.184.7.30 - - [31/Mar/2020:10:15:39 +0800] "POST /xingrg/all/report/load_report_page.html HTTP/1.1" 200 16424
117.184.7.30 - - [31/Mar/2020:10:15:39 +0800] "GET /xingrg/servlets/image?cache=0.43611187446860067&image=px HTTP/1.1" 200 807
116.235.222.53 - - [31/Mar/2020:10:15:40 +0800] "GET /xingrg/javascript/easyui/themes/default/tree.css HTTP/1.1" 404 1090
116.235.222.53 - - [31/Mar/2020:10:15:40 +0800] "POST /xingrg/all/common/load_tree.html?tree=supplier_tree_json&isDelete=1 HTTP/1.1" 200 47028
116.224.247.222 - - [31/Mar/2020:10:15:42 +0800] "GET /xingrg/all/function/internal_message.html?_=1585621120862&CODE_STATE=getMsg HTTP/1.1" 200 27
114.84.33.255 - - [31/Mar/2020:10:15:42 +0800] "GET /xingrg/system/rest/query_items.html?_=1585620940189&table=menu&page=1&rows=20&categoryId=&key= HTTP/1.1" 200 4722
222.69.133.34 - - [31/Mar/2020:10:15:43 +0800] "GET /xingrg/kc/base/wldb_order_operate.html?command=get_materiel&rest_code=00149&base_code=0010394&code=00101019405 HTTP/1.1" 200 468
117.184.7.30 - - [31/Mar/2020:10:15:47 +0800] "GET /xingrg/all/function/internal_message.html?_=1585620944023&CODE_STATE=getMsg HTTP/1.1" 200 27
117.184.7.30 - - [31/Mar/2020:10:15:48 +0800] "POST /xingrg/all/report/operate.html HTTP/1.1" 200 1650
180.156.150.85 - - [31/Mar/2020:10:15:48 +0800] "GET /xingrg/all/function/internal_message.html?_=1585620944991&CODE_STATE=getMsg HTTP/1.1" 200 27
114.84.33.255 - - [31/Mar/2020:10:15:48 +0800] "GET /xingrg/system/rest/query_items.html?_=1585620945716&table=menu&page=1&rows=20&categoryId=&key=1931 HTTP/1.1" 200 255
117.185.32.26 - - [31/Mar/2020:10:15:49 +0800] "GET /xingrg/all/function/internal_message.html?_=1585620946903&CODE_STATE=getMsg HTTP/1.1" 200 27
117.185.32.26 - - [31/Mar/2020:10:15:49 +0800] "GET /xingrg/check_reg.html?_=1585620947048 HTTP/1.1" 200 22
114.84.33.255 - - [31/Mar/2020:10:15:49 +0800] "GET /xingrg/system/rest/query_items.html?_=1585620947302&table=menu&page=1&rows=20&categoryId=&key=1931 HTTP/1.1" 200 255
114.84.33.255 - - [31/Mar/2020:10:15:50 +0800] "GET /xingrg/system/rest/get_item.html?table=menu&id=1931&_=1585620947876 HTTP/1.1" 200 939
114.84.33.255 - - [31/Mar/2020:10:15:50 +0800] "GET /xingrg/system/rest/get_item.html?table=menu&target=menu_rest&id=1931&_=1585620947896 HTTP/1.1" 200 853
114.84.33.255 - - [31/Mar/2020:10:15:50 +0800] "GET /xingrg/system/rest/get_item.html?table=menu&target=cook_mode&id=1931&_=1585620947893 HTTP/1.1" 200 17346
114.84.33.255 - - [31/Mar/2020:10:15:50 +0800] "GET /xingrg/system/rest/get_infos.html?command=menu_img_show&id=1931 HTTP/1.1" 200 5
180.162.232.172 - - [31/Mar/2020:10:15:50 +0800] "GET /xingrg/all/function/internal_message.html?_=1585620951176&CODE_STATE=getMsg HTTP/1.1" 200 27
172.17.0.100 - - [31/Mar/2020:10:15:51 +0800] "GET /xingrg/all/function/internal_message.html?_=1585621131818&CODE_STATE=getMsg HTTP/1.1" 200 27
172.17.0.100 - - [31/Mar/2020:10:15:51 +0800] "GET /xingrg/check_reg.html?_=1585621131834 HTTP/1.1" 200 22
222.69.133.34 - - [31/Mar/2020:10:15:52 +0800] "GET /xingrg/kc/base/wldb_order_operate.html?command=get_materiel&rest_code=00149&base_code=0010394&code=00101019133 HTTP/1.1" 200 464
172.17.0.185 - - [31/Mar/2020:10:15:53 +0800] "GET /xingrg/all/function/internal_message.html?_=1585620950750&CODE_STATE=getMsg HTTP/1.1" 200 27
172.17.0.185 - - [31/Mar/2020:10:15:53 +0800] "GET /xingrg/check_reg.html?_=1585620950751 HTTP/1.1" 200 22
114.84.33.255 - - [31/Mar/2020:10:15:53 +0800] "GET /xingrg/system/rest/get_item.html?table=menu&target=menu_rest_detail&id=1931&sid=12&_=1585620951154 HTTP/1.1" 200 436
180.156.150.85 - - [31/Mar/2020:10:15:55 +0800] "GET /xingrg/all/function/internal_message.html?_=1585620955044&CODE_STATE=getMsg HTTP/1.1" 200 27
222.69.133.34 - - [31/Mar/2020:10:15:56 +0800] "GET /xingrg/kc/base/wldb_order_operate.html?command=get_materiel&rest_code=00149&base_code=0010394&code=00101019372 HTTP/1.1" 200 466
114.84.33.255 - - [31/Mar/2020:10:15:56 +0800] "POST /xingrg/system/rest/edit_item.html HTTP/1.1" 200 4
114.84.33.255 - - [31/Mar/2020:10:15:56 +0800] "GET /xingrg/system/rest/get_item.html?table=menu&target=menu_rest&id=1931&_=1585620954365 HTTP/1.1" 200 853
117.184.7.30 - - [31/Mar/2020:10:15:59 +0800] "GET /xingrg/dwr/interface/AjaxReportQueryService.js HTTP/1.1" 200 13203
117.184.7.30 - - [31/Mar/2020:10:15:59 +0800] "GET /xingrg/servlets/image?cache=0.5868664139846409&image=px HTTP/1.1" 200 807
117.184.7.26 - - [31/Mar/2020:10:15:59 +0800] "GET /xingrg/dwr/engine.js HTTP/1.1" 200 43631
117.184.7.26 - - [31/Mar/2020:10:15:59 +0800] "GET /xingrg/servlets/image?cache=0.43611187446860067&image=px HTTP/1.1" 200 807
116.235.222.53 - - [31/Mar/2020:10:15:59 +0800] "GET /xingrg/kc/buy/cgsh_order_operate.html?command=get_materiel&rest_code=00107&code=00101004057&supplier_code=00100312&order_time=2020-03-31 HTTP/1.1" 200 409
222.69.133.34 - - [31/Mar/2020:10:16:00 +0800] "GET /xingrg/kc/base/wldb_order_operate.html?command=get_materiel&rest_code=00149&base_code=0010394&code=00101019430 HTTP/1.1" 200 461
114.84.33.255 - - [31/Mar/2020:10:16:02 +0800] "GET /xingrg/system/rest/query_items.html?_=1585620960156&table=menu&page=1&rows=20&categoryId=&key= HTTP/1.1" 200 4722
117.184.7.26 - - [31/Mar/2020:10:16:04 +0800] "GET /xingrg/dwr/interface/AjaxReportQueryService.js HTTP/1.1" 200 13203
117.184.7.30 - - [31/Mar/2020:10:16:04 +0800] "GET /xingrg/servlets/image?cache=0.5868664139846409&image=px HTTP/1.1" 200 807
117.184.7.26 - - [31/Mar/2020:10:16:04 +0800] "GET /xingrg/dwr/engine.js HTTP/1.1" 200 43631
117.184.7.26 - - [31/Mar/2020:10:16:04 +0800] "GET /xingrg/servlets/image?cache=0.43611187446860067&image=px HTTP/1.1" 200 807
222.69.133.34 - - [31/Mar/2020:10:16:04 +0800] "GET /xingrg/kc/base/wldb_order_operate.html?command=get_materiel&rest_code=00149&base_code=0010394&code=00101013154 HTTP/1.1" 200 445
117.184.7.26 - - [31/Mar/2020:10:16:04 +0800] "GET /xingrg/dwr/engine.js HTTP/1.1" 200 43631
114.84.33.255 - - [31/Mar/2020:10:16:09 +0800] "GET /xingrg/system/rest/query_items.html?_=1585620966734&table=menu&page=1&rows=20&categoryId=&key=1932 HTTP/1.1" 200 253
222.69.133.34 - - [31/Mar/2020:10:16:10 +0800] "POST /xingrg/kc/base/wldb_order_operate.html HTTP/1.1" 200 37
114.84.33.255 - - [31/Mar/2020:10:16:10 +0800] "GET /xingrg/all/function/internal_message.html?_=1585620972742&CODE_STATE=getMsg HTTP/1.1" 200 27
222.69.133.34 - - [31/Mar/2020:10:16:10 +0800] "POST /xingrg/kc/base/wldb_order_operate.html HTTP/1.1" 200 7266
114.84.33.255 - - [31/Mar/2020:10:16:10 +0800] "GET /xingrg/system/rest/query_items.html?_=1585620968310&table=menu&page=1&rows=20&categoryId=&key=1932 HTTP/1.1" 200 253
114.84.33.255 - - [31/Mar/2020:10:16:11 +0800] "GET /xingrg/system/rest/get_item.html?table=menu&id=1932&_=1585620968864 HTTP/1.1" 200 938
114.84.33.255 - - [31/Mar/2020:10:16:11 +0800] "GET /xingrg/system/rest/get_item.html?table=menu&target=menu_rest&id=1932&_=1585620968883 HTTP/1.1" 200 756
114.84.33.255 - - [31/Mar/2020:10:16:11 +0800] "GET /xingrg/system/rest/get_item.html?table=menu&target=cook_mode&id=1932&_=1585620968880 HTTP/1.1" 200 14725
222.69.133.34 - - [31/Mar/2020:10:16:11 +0800] "GET /xingrg/kc/base/wldb_order_info.html?code=422020033101140 HTTP/1.1" 200 30334
172.17.0.106 - - [31/Mar/2020:10:16:11 +0800] "GET /xingrg/all/function/internal_message.html?_=1585620970154&CODE_STATE=getMsg HTTP/1.1" 200 27
114.84.33.255 - - [31/Mar/2020:10:16:11 +0800] "GET /xingrg/system/rest/get_infos.html?command=menu_img_show&id=1932 HTTP/1.1" 200 5
172.17.0.106 - - [31/Mar/2020:10:16:11 +0800] "GET /xingrg/all/function/internal_message.html?_=1585620970324&CODE_STATE=getMsg HTTP/1.1" 200 27
222.69.133.34 - - [31/Mar/2020:10:16:12 +0800] "GET /xingrg/javascript/easyui/themes/default/validatebox.css HTTP/1.1" 404 1104
222.69.133.34 - - [31/Mar/2020:10:16:12 +0800] "POST /xingrg/kc/base/wldb_order_operate.html HTTP/1.1" 200 7266
114.84.33.255 - - [31/Mar/2020:10:16:14 +0800] "GET /xingrg/system/rest/get_item.html?table=menu&target=menu_rest_detail&id=1932&sid=12&_=1585620972001 HTTP/1.1" 200 426
116.233.78.128 - - [31/Mar/2020:10:16:21 +0800] "GET /xingrg/all/function/internal_message.html?_=1585620982885&CODE_STATE=getMsg HTTP/1.1" 200 27
222.69.133.34 - - [31/Mar/2020:10:16:21 +0800] "POST /xingrg/kc/base/wldb_list_operate.html HTTP/1.1" 200 3380
114.84.33.255 - - [31/Mar/2020:10:16:22 +0800] "POST /xingrg/system/rest/edit_item.html HTTP/1.1" 200 4
114.84.33.255 - - [31/Mar/2020:10:16:22 +0800] "GET /xingrg/system/rest/get_item.html?table=menu&target=menu_rest&id=1932&_=1585620979748 HTTP/1.1" 200 756
222.69.133.34 - - [31/Mar/2020:10:16:24 +0800] "GET /xingrg/all/function/internal_message.html?_=1585620981933&CODE_STATE=getMsg HTTP/1.1" 200 27
116.235.222.53 - - [31/Mar/2020:10:16:25 +0800] "GET /xingrg/all/function/internal_message.html?_=1585620981467&CODE_STATE=getMsg HTTP/1.1" 200 27
116.235.222.53 - - [31/Mar/2020:10:16:27 +0800] "GET /xingrg/kc/buy/cgsh_order_operate.html?command=get_materiel&rest_code=00107&code=00101004049&supplier_code=00100312&order_time=2020-03-31 HTTP/1.1" 200 413
114.84.33.255 - - [31/Mar/2020:10:16:29 +0800] "GET /xingrg/system/rest/query_items.html?_=1585620987140&table=menu&page=1&rows=20&categoryId=&key= HTTP/1.1" 200 4722
223.167.127.59 - - [31/Mar/2020:10:16:30 +0800] "GET /xingrg/all/function/internal_message.html?_=1585620990102&CODE_STATE=getMsg HTTP/1.1" 302 -
222.69.133.34 - - [31/Mar/2020:10:16:30 +0800] "POST /xingrg/kc/base/wldb_list_operate.html HTTP/1.1" 200 4
222.69.133.34 - - [31/Mar/2020:10:16:32 +0800] "POST /xingrg/kc/base/wldb_list_operate.html HTTP/1.1" 200 928
