180.156.150.85 - - [31/Mar/2020:09:22:56 +0800] "GET /xingrg/all/function/internal_message.html?_=1585617776240&CODE_STATE=getMsg HTTP/1.1" 200 27
180.156.150.85 - - [31/Mar/2020:09:22:57 +0800] "GET /xingrg/check_reg.html?_=1585617777319 HTTP/1.1" 200 22
117.185.32.26 - - [31/Mar/2020:09:22:58 +0800] "POST /xingrg/kc/buy/cgsh_list_operate.html HTTP/1.1" 200 272
117.185.32.26 - - [31/Mar/2020:09:22:58 +0800] "GET /xingrg/kc/buy/cgsh_order_info.html?code=212020033103979 HTTP/1.1" 200 52823
117.185.32.26 - - [31/Mar/2020:09:22:59 +0800] "GET /xingrg/javascript/easyui/themes/default/validatebox.css HTTP/1.1" 404 1104
117.185.32.26 - - [31/Mar/2020:09:22:59 +0800] "POST /xingrg/kc/buy/cgsh_order_operate.html HTTP/1.1" 200 1196
116.235.222.53 - - [31/Mar/2020:09:22:59 +0800] "GET /xingrg/kc/buy/cgsh_order_add.html HTTP/1.1" 200 58370
117.185.32.26 - - [31/Mar/2020:09:23:00 +0800] "GET /xingrg/kc/print/load_data.html?order_code=212020033103979&kc_code=cgsh HTTP/1.1" 200 979
116.235.222.53 - - [31/Mar/2020:09:23:00 +0800] "GET /xingrg/javascript/easyui/themes/default/validatebox.css HTTP/1.1" 404 1104
116.235.222.53 - - [31/Mar/2020:09:23:00 +0800] "POST /xingrg/kc/buy/cgsh_order_operate.html HTTP/1.1" 200 8245
116.235.222.53 - - [31/Mar/2020:09:23:02 +0800] "GET /xingrg/javascript/easyui/themes/default/tree.css HTTP/1.1" 404 1090
116.235.222.53 - - [31/Mar/2020:09:23:02 +0800] "POST /xingrg/all/common/load_tree.html?tree=supplier_tree_json&isDelete=1 HTTP/1.1" 200 47028
114.84.33.255 - - [31/Mar/2020:09:23:07 +0800] "GET /xingrg/all/function/internal_message.html?_=1585617789387&CODE_STATE=getMsg HTTP/1.1" 200 27
172.17.0.106 - - [31/Mar/2020:09:23:11 +0800] "GET /xingrg/all/function/internal_message.html?_=1585617790146&CODE_STATE=getMsg HTTP/1.1" 200 27
172.17.0.106 - - [31/Mar/2020:09:23:11 +0800] "GET /xingrg/check_reg.html?_=1585617790330 HTTP/1.1" 200 22
172.17.0.106 - - [31/Mar/2020:09:23:11 +0800] "GET /xingrg/all/function/internal_message.html?_=1585617790332&CODE_STATE=getMsg HTTP/1.1" 200 27
117.184.7.30 - - [31/Mar/2020:09:23:16 +0800] "GET /xingrg/kc/base/base_main.html HTTP/1.1" 200 12142
117.184.7.30 - - [31/Mar/2020:09:23:17 +0800] "GET /xingrg/kc/base/check_order_list.html HTTP/1.1" 200 16371
117.184.7.30 - - [31/Mar/2020:09:23:17 +0800] "POST /xingrg/kc/base/check_list_operate.html HTTP/1.1" 200 781
117.184.7.30 - - [31/Mar/2020:09:23:19 +0800] "GET /xingrg/kc/base/check_order_add.html HTTP/1.1" 200 26282
117.184.7.30 - - [31/Mar/2020:09:23:19 +0800] "GET /xingrg/dwr/interface/AjaxCheckService.js HTTP/1.1" 200 14003
117.184.7.26 - - [31/Mar/2020:09:23:19 +0800] "GET /xingrg/dwr/util.js HTTP/1.1" 304 -
117.184.7.26 - - [31/Mar/2020:09:23:19 +0800] "GET /xingrg/dwr/interface/AjaxComOrderService.js HTTP/1.1" 200 18264
117.184.7.26 - - [31/Mar/2020:09:23:19 +0800] "GET /xingrg/dwr/engine.js HTTP/1.1" 200 43631
116.233.78.128 - - [31/Mar/2020:09:23:21 +0800] "GET /xingrg/all/function/internal_message.html?_=1585617802850&CODE_STATE=getMsg HTTP/1.1" 200 27
117.185.32.26 - - [31/Mar/2020:09:23:22 +0800] "GET /xingrg/all/function/internal_message.html?_=1585617800381&CODE_STATE=getMsg HTTP/1.1" 200 27
116.235.222.53 - - [31/Mar/2020:09:23:23 +0800] "GET /xingrg/kc/buy/cgsh_order_operate.html?command=get_materiel&rest_code=00107&code=00101006006&supplier_code=00100010&order_time=2020-03-31 HTTP/1.1" 200 409
114.84.33.255 - - [31/Mar/2020:09:23:25 +0800] "POST /xingrg/kc/buy/cgsh_list_operate.html HTTP/1.1" 200 559
116.235.222.53 - - [31/Mar/2020:09:23:26 +0800] "GET /xingrg/all/function/internal_message.html?_=1585617802268&CODE_STATE=getMsg HTTP/1.1" 200 27
114.84.33.255 - - [31/Mar/2020:09:23:26 +0800] "GET /xingrg/kc/buy/cgsh_order_info.html?code=212020033103980 HTTP/1.1" 200 57928
114.84.33.255 - - [31/Mar/2020:09:23:26 +0800] "GET /xingrg/javascript/easyui/themes/default/validatebox.css HTTP/1.1" 404 1104
114.84.33.255 - - [31/Mar/2020:09:23:26 +0800] "POST /xingrg/kc/buy/cgsh_order_operate.html HTTP/1.1" 200 16264
117.184.7.26 - - [31/Mar/2020:09:23:27 +0800] "POST /xingrg/dwr/call/plaincall/AjaxCheckService.saveOrder.dwr HTTP/1.1" 200 78
117.184.7.26 - - [31/Mar/2020:09:23:28 +0800] "POST /xingrg/dwr/call/plaincall/AjaxCheckService.loadOrderItems.dwr HTTP/1.1" 200 367
222.70.183.62 - - [31/Mar/2020:09:23:29 +0800] "GET /xingrg/all/function/internal_message.html?_=1585618115116&CODE_STATE=getMsg HTTP/1.1" 200 27
117.184.7.26 - - [31/Mar/2020:09:23:29 +0800] "GET /xingrg/javascript/jquery_easy_ui/themes/icons/pencil.png HTTP/1.1" 200 713
223.167.127.59 - - [31/Mar/2020:09:23:30 +0800] "GET /xingrg/all/function/internal_message.html?_=1585617810078&CODE_STATE=getMsg HTTP/1.1" 302 -
172.17.1.5 - - [31/Mar/2020:09:23:31 +0800] "GET /xingrg/all/function/internal_message.html?_=1585617809529&CODE_STATE=getMsg HTTP/1.1" 200 27
116.235.222.53 - - [31/Mar/2020:09:23:32 +0800] "POST /xingrg/kc/buy/cgsh_order_operate.html HTTP/1.1" 200 37
222.70.183.62 - - [31/Mar/2020:09:23:32 +0800] "GET /xingrg/check_reg.html?_=1585617813200 HTTP/1.1" 200 22
172.17.0.100 - - [31/Mar/2020:09:23:33 +0800] "GET /xingrg/all/function/internal_message.html?_=1585617994470&CODE_STATE=getMsg HTTP/1.1" 200 27
114.84.33.255 - - [31/Mar/2020:09:23:34 +0800] "GET /xingrg/check_reg.html?_=1585617811809 HTTP/1.1" 200 22
172.17.0.100 - - [31/Mar/2020:09:23:34 +0800] "GET /xingrg/check_reg.html?_=1585617995113 HTTP/1.1" 200 22
116.235.222.53 - - [31/Mar/2020:09:23:34 +0800] "POST /xingrg/kc/buy/cgsh_order_operate.html HTTP/1.1" 200 12
117.184.7.26 - - [31/Mar/2020:09:23:34 +0800] "POST /xingrg/dwr/call/plaincall/AjaxCheckService.importOrderItems.dwr HTTP/1.1" 200 78
114.84.33.255 - - [31/Mar/2020:09:23:34 +0800] "GET /xingrg/all/function/internal_message.html?_=1585617812339&CODE_STATE=getMsg HTTP/1.1" 200 27
180.162.232.172 - - [31/Mar/2020:09:23:35 +0800] "GET /xingrg/login.html HTTP/1.1" 200 7641
117.184.7.26 - - [31/Mar/2020:09:23:35 +0800] "POST /xingrg/dwr/call/plaincall/AjaxCheckService.loadOrderItems.dwr HTTP/1.1" 200 88726
222.70.183.62 - - [31/Mar/2020:09:23:35 +0800] "GET /xingrg/all/function/internal_message.html?_=1585617816026&CODE_STATE=getMsg HTTP/1.1" 200 27
180.162.232.172 - - [31/Mar/2020:09:23:35 +0800] "GET /favicon.ico HTTP/1.1" 404 -
117.184.7.26 - - [31/Mar/2020:09:23:36 +0800] "GET /xingrg/javascript/jquery_easy_ui/themes/icons/no.png HTTP/1.1" 200 922
116.235.222.53 - - [31/Mar/2020:09:23:36 +0800] "GET /xingrg/kc/buy/cgsh_order_info.html?code=212020033103982 HTTP/1.1" 200 53270
222.69.133.34 - - [31/Mar/2020:09:23:37 +0800] "GET /xingrg/all/function/internal_message.html?_=1585617814118&CODE_STATE=getMsg HTTP/1.1" 200 27
116.235.222.53 - - [31/Mar/2020:09:23:37 +0800] "GET /xingrg/javascript/easyui/themes/default/validatebox.css HTTP/1.1" 404 1104
116.235.222.53 - - [31/Mar/2020:09:23:37 +0800] "POST /xingrg/kc/buy/cgsh_order_operate.html HTTP/1.1" 200 604
117.184.7.26 - - [31/Mar/2020:09:23:38 +0800] "GET /xingrg/kc/print/load_config.html?_=1585617815428&kc_code=check HTTP/1.1" 200 2729
117.184.7.26 - - [31/Mar/2020:09:23:38 +0800] "GET /xingrg/kc/print/load_data.html?_=1585617815467&order_code=452020033100219&kc_code=check&condition= HTTP/1.1" 200 24486
116.235.222.53 - - [31/Mar/2020:09:23:39 +0800] "GET /xingrg/kc/print/load_data.html?order_code=212020033103982&kc_code=cgsh&condition= HTTP/1.1" 200 745
117.184.7.26 - - [31/Mar/2020:09:23:45 +0800] "GET /xingrg/all/function/internal_message.html?_=1585617822482&CODE_STATE=getMsg HTTP/1.1" 200 27
222.70.183.62 - - [31/Mar/2020:09:23:48 +0800] "GET /xingrg/kc/base/check_order_list.html?isBack=1 HTTP/1.1" 200 16371
222.70.183.62 - - [31/Mar/2020:09:23:48 +0800] "POST /xingrg/kc/base/check_list_operate.html HTTP/1.1" 200 1560
180.162.232.172 - - [31/Mar/2020:09:23:50 +0800] "POST /xingrg/login.do HTTP/1.1" 302 -
180.162.232.172 - - [31/Mar/2020:09:23:50 +0800] "GET /xingrg/index.html?sysBaseUrl=http%3A%2F%2F180.169.147.146%3A18081%2Fxingrg%2F&costTime=35×tamp=1585617830173 HTTP/1.1" 200 17177
180.162.232.172 - - [31/Mar/2020:09:23:50 +0800] "GET /favicon.ico HTTP/1.1" 404 -
180.162.232.172 - - [31/Mar/2020:09:23:50 +0800] "POST /xingrg/all/common/load_tree.html?tree=area_rest_tree_json&manage=1 HTTP/1.1" 200 476
180.162.232.172 - - [31/Mar/2020:09:23:50 +0800] "GET /xingrg/all/function/internal_message.html?_=1585617830770&CODE_STATE=count HTTP/1.1" 200 11
180.162.232.172 - - [31/Mar/2020:09:23:50 +0800] "GET /xingrg/check_reg.html?_=1585617830770 HTTP/1.1" 200 22
116.235.222.53 - - [31/Mar/2020:09:23:50 +0800] "GET /xingrg/kc/base/base_main.html HTTP/1.1" 200 12142
180.162.232.172 - - [31/Mar/2020:09:23:50 +0800] "POST /xingrg/load_menu.html HTTP/1.1" 200 5138
172.17.0.100 - - [31/Mar/2020:09:23:50 +0800] "GET /xingrg/all/function/internal_message.html?_=1585618011777&CODE_STATE=getMsg HTTP/1.1" 200 27
222.70.183.62 - - [31/Mar/2020:09:23:52 +0800] "GET /xingrg/kc/base/check_order_add.html HTTP/1.1" 200 26278
222.70.183.62 - - [31/Mar/2020:09:23:52 +0800] "GET /xingrg/dwr/interface/AjaxComOrderService.js HTTP/1.1" 200 18264
222.70.183.62 - - [31/Mar/2020:09:23:52 +0800] "GET /xingrg/dwr/interface/AjaxCheckService.js HTTP/1.1" 200 14003
222.70.183.62 - - [31/Mar/2020:09:23:52 +0800] "GET /xingrg/dwr/engine.js HTTP/1.1" 200 43631
116.235.222.53 - - [31/Mar/2020:09:23:52 +0800] "GET /xingrg/kc/base/wldb_order_list.html HTTP/1.1" 200 19258
116.235.222.53 - - [31/Mar/2020:09:23:53 +0800] "POST /xingrg/kc/base/wldb_list_operate.html HTTP/1.1" 200 928
172.17.0.185 - - [31/Mar/2020:09:23:53 +0800] "GET /xingrg/all/function/internal_message.html?_=1585617830754&CODE_STATE=getMsg HTTP/1.1" 200 27
180.156.150.85 - - [31/Mar/2020:09:23:56 +0800] "GET /xingrg/all/function/internal_message.html?_=1585617836212&CODE_STATE=getMsg HTTP/1.1" 200 27
180.162.232.172 - - [31/Mar/2020:09:23:56 +0800] "GET /xingrg/kc/buy/cgsh_order_list.html HTTP/1.1" 200 42302
116.235.222.53 - - [31/Mar/2020:09:23:56 +0800] "GET /xingrg/kc/base/wldb_order_add.html HTTP/1.1" 200 30315
116.235.222.53 - - [31/Mar/2020:09:23:57 +0800] "GET /xingrg/all/common/auto_word.html?type=base&rest_code=00107 HTTP/1.1" 200 2181
116.235.222.53 - - [31/Mar/2020:09:23:57 +0800] "GET /xingrg/all/common/auto_word.html?type=base&rest_code=00107 HTTP/1.1" 200 2181
116.235.222.53 - - [31/Mar/2020:09:23:57 +0800] "GET /xingrg/javascript/easyui/themes/default/validatebox.css HTTP/1.1" 404 1104
116.235.222.53 - - [31/Mar/2020:09:23:57 +0800] "POST /xingrg/kc/base/wldb_order_operate.html HTTP/1.1" 200 6806
222.70.183.62 - - [31/Mar/2020:09:23:58 +0800] "POST /xingrg/dwr/call/plaincall/AjaxCheckService.saveOrder.dwr HTTP/1.1" 200 78
180.162.232.172 - - [31/Mar/2020:09:23:58 +0800] "POST /xingrg/kc/buy/cgsh_list_operate.html HTTP/1.1" 200 876
116.235.222.53 - - [31/Mar/2020:09:23:58 +0800] "POST /xingrg/all/common/load_combo.html?type=base HTTP/1.1" 200 3742
180.162.232.172 - - [31/Mar/2020:09:23:59 +0800] "GET /xingrg/kc/buy/cgsh_order_add.html HTTP/1.1" 200 57642
180.162.232.172 - - [31/Mar/2020:09:23:59 +0800] "GET /xingrg/words/20200330111421_words.js HTTP/1.1" 304 -
180.162.232.172 - - [31/Mar/2020:09:23:59 +0800] "GET /xingrg/all/common/auto_word.html?type=employee&rest_code=00151 HTTP/1.1" 200 243
180.162.232.172 - - [31/Mar/2020:09:23:59 +0800] "GET /xingrg/all/common/auto_word.html?type=employee&rest_code=00151 HTTP/1.1" 200 243
180.162.232.172 - - [31/Mar/2020:09:23:59 +0800] "GET /xingrg/javascript/easyui/themes/default/validatebox.css HTTP/1.1" 404 1104
180.162.232.172 - - [31/Mar/2020:09:23:59 +0800] "POST /xingrg/kc/buy/cgsh_order_operate.html HTTP/1.1" 200 8245
222.70.183.62 - - [31/Mar/2020:09:23:59 +0800] "POST /xingrg/dwr/call/plaincall/AjaxCheckService.loadOrderItems.dwr HTTP/1.1" 200 367
180.162.232.172 - - [31/Mar/2020:09:24:00 +0800] "GET /xingrg/javascript/auto/indicator.gif HTTP/1.1" 404 1066
222.70.183.62 - - [31/Mar/2020:09:24:06 +0800] "POST /xingrg/dwr/call/plaincall/AjaxCheckService.importOrderItems.dwr HTTP/1.1" 200 78
222.70.183.62 - - [31/Mar/2020:09:24:07 +0800] "POST /xingrg/dwr/call/plaincall/AjaxCheckService.loadOrderItems.dwr HTTP/1.1" 200 132727
114.84.33.255 - - [31/Mar/2020:09:24:07 +0800] "GET /xingrg/all/function/internal_message.html?_=1585617849400&CODE_STATE=getMsg HTTP/1.1" 200 27
180.162.232.172 - - [31/Mar/2020:09:24:07 +0800] "GET /xingrg/kc/buy/cgsh_order_operate.html?command=get_materiel&rest_code=00151&code=00101008352&supplier_code=00100007&order_time=2020-03-31 HTTP/1.1" 200 412
116.235.222.53 - - [31/Mar/2020:09:24:08 +0800] "POST /xingrg/all/common/load_combo.html?type=base HTTP/1.1" 200 3742
180.162.232.172 - - [31/Mar/2020:09:24:09 +0800] "GET /xingrg/javascript/jquery_tools/images/prev.gif HTTP/1.1" 404 1086
180.162.232.172 - - [31/Mar/2020:09:24:09 +0800] "GET /xingrg/javascript/jquery_tools/images/next.gif HTTP/1.1" 404 1086
172.17.0.106 - - [31/Mar/2020:09:24:11 +0800] "GET /xingrg/all/function/internal_message.html?_=1585617850148&CODE_STATE=getMsg HTTP/1.1" 200 27
172.17.0.106 - - [31/Mar/2020:09:24:11 +0800] "GET /xingrg/all/function/internal_message.html?_=1585617850316&CODE_STATE=getMsg HTTP/1.1" 200 27
58.221.95.50 - - [31/Mar/2020:09:24:13 +0800] "GET /favicon.ico HTTP/1.1" 404 -
58.221.95.50 - - [31/Mar/2020:09:24:17 +0800] "GET /xingrg/login.html HTTP/1.1" 200 7641
180.162.232.172 - - [31/Mar/2020:09:24:18 +0800] "GET /xingrg/kc/buy/cgsh_order_operate.html?command=get_materiel&rest_code=00151&code=00101008131&supplier_code=00100007&order_time=2020-03-31 HTTP/1.1" 200 428
58.221.95.50 - - [31/Mar/2020:09:24:18 +0800] "GET /xingrg/images/blue/jxLogo.png HTTP/1.1" 200 6156
58.221.95.50 - - [31/Mar/2020:09:24:19 +0800] "GET /xingrg/images/blue/login_bg.png HTTP/1.1" 200 22101
58.221.95.50 - - [31/Mar/2020:09:24:19 +0800] "GET /xingrg/images/blue/hj.png HTTP/1.1" 200 1014
58.221.95.50 - - [31/Mar/2020:09:24:19 +0800] "GET /xingrg/images/blue/srbg.png HTTP/1.1" 200 138
58.221.95.50 - - [31/Mar/2020:09:24:19 +0800] "GET /favicon.ico HTTP/1.1" 404 -
116.235.222.53 - - [31/Mar/2020:09:24:20 +0800] "GET /xingrg/kc/base/wldb_order_operate.html?command=get_materiel&rest_code=00107&base_code=0010151&code=00101019185 HTTP/1.1" 200 455
117.185.32.26 - - [31/Mar/2020:09:24:21 +0800] "GET /xingrg/check_reg.html?_=1585617858781 HTTP/1.1" 200 22
116.233.78.128 - - [31/Mar/2020:09:24:21 +0800] "GET /xingrg/all/function/internal_message.html?_=1585617862842&CODE_STATE=getMsg HTTP/1.1" 200 27
117.185.32.26 - - [31/Mar/2020:09:24:22 +0800] "GET /xingrg/all/function/internal_message.html?_=1585617860358&CODE_STATE=getMsg HTTP/1.1" 200 27
180.162.232.172 - - [31/Mar/2020:09:24:25 +0800] "GET /xingrg/kc/buy/cgsh_order_operate.html?command=get_materiel&rest_code=00151&code=00101008300&supplier_code=00100007&order_time=2020-03-31 HTTP/1.1" 200 412
222.70.183.62 - - [31/Mar/2020:09:24:26 +0800] "GET /xingrg/kc/print/load_config.html?_=1585617866480&kc_code=check HTTP/1.1" 200 2729
116.235.222.53 - - [31/Mar/2020:09:24:26 +0800] "GET /xingrg/all/function/internal_message.html?_=1585617862257&CODE_STATE=getMsg HTTP/1.1" 200 27
222.70.183.62 - - [31/Mar/2020:09:24:26 +0800] "GET /xingrg/kc/print/load_data.html?_=1585617866565&order_code=452020033100220&kc_code=check&condition= HTTP/1.1" 200 36273
222.70.183.62 - - [31/Mar/2020:09:24:29 +0800] "GET /xingrg/all/function/internal_message.html?_=1585618175118&CODE_STATE=getMsg HTTP/1.1" 200 27
58.221.95.50 - - [31/Mar/2020:09:24:29 +0800] "POST /xingrg/login.do HTTP/1.1" 200 2421
58.221.95.50 - - [31/Mar/2020:09:24:30 +0800] "GET /xingrg/images/blue/pic_top.gif HTTP/1.1" 200 3656
58.221.95.50 - - [31/Mar/2020:09:24:30 +0800] "GET /xingrg/images/blue/pic_notice.jpg HTTP/1.1" 200 3583
58.221.95.50 - - [31/Mar/2020:09:24:30 +0800] "GET /xingrg/images/blue/error_mid.gif HTTP/1.1" 200 215
58.221.95.50 - - [31/Mar/2020:09:24:30 +0800] "GET /xingrg/images/blue/error_top.gif HTTP/1.1" 200 1790
58.221.95.50 - - [31/Mar/2020:09:24:30 +0800] "GET /xingrg/images/blue/error_buttom.gif HTTP/1.1" 200 1750
223.167.127.59 - - [31/Mar/2020:09:24:30 +0800] "GET /xingrg/all/function/internal_message.html?_=1585617870092&CODE_STATE=getMsg HTTP/1.1" 302 -
223.167.127.59 - - [31/Mar/2020:09:24:30 +0800] "GET /xingrg/check_reg.html?_=1585617870099 HTTP/1.1" 302 -
58.221.95.50 - - [31/Mar/2020:09:24:30 +0800] "GET /favicon.ico HTTP/1.1" 404 -
180.162.232.172 - - [31/Mar/2020:09:24:31 +0800] "GET /xingrg/kc/buy/cgsh_order_operate.html?command=get_materiel&rest_code=00151&code=00101008370&supplier_code=00100007&order_time=2020-03-31 HTTP/1.1" 200 412
172.17.1.5 - - [31/Mar/2020:09:24:31 +0800] "GET /xingrg/all/function/internal_message.html?_=1585617869529&CODE_STATE=getMsg HTTP/1.1" 200 27
58.221.95.50 - - [31/Mar/2020:09:24:32 +0800] "GET /xingrg/login.html HTTP/1.1" 200 7641
58.221.95.50 - - [31/Mar/2020:09:24:32 +0800] "GET /favicon.ico HTTP/1.1" 404 -
172.17.0.100 - - [31/Mar/2020:09:24:33 +0800] "GET /xingrg/all/function/internal_message.html?_=1585618054471&CODE_STATE=getMsg HTTP/1.1" 200 27
114.84.33.255 - - [31/Mar/2020:09:24:34 +0800] "GET /xingrg/all/function/internal_message.html?_=1585617872353&CODE_STATE=getMsg HTTP/1.1" 200 27
58.221.95.50 - - [31/Mar/2020:09:24:34 +0800] "POST /xingrg/login.do HTTP/1.1" 302 -
58.221.95.50 - - [31/Mar/2020:09:24:34 +0800] "GET /xingrg/index.html?sysBaseUrl=http%3A%2F%2F180.169.147.146%3A18081%2Fxingrg%2F&costTime=37×tamp=1585617874817 HTTP/1.1" 200 17417
116.235.222.53 - - [31/Mar/2020:09:24:35 +0800] "GET /xingrg/kc/base/wldb_order_operate.html?command=get_materiel&rest_code=00107&base_code=0010151&code=00101019400 HTTP/1.1" 200 451
180.162.232.172 - - [31/Mar/2020:09:24:35 +0800] "POST /xingrg/kc/buy/cgsh_order_operate.html HTTP/1.1" 200 37
58.221.95.50 - - [31/Mar/2020:09:24:35 +0800] "POST /xingrg/all/common/load_tree.html?tree=area_rest_tree_json&manage=1 HTTP/1.1" 200 3088
58.221.95.50 - - [31/Mar/2020:09:24:35 +0800] "GET /xingrg/all/function/internal_message.html?_=1585618230913&CODE_STATE=count HTTP/1.1" 200 11
58.221.95.50 - - [31/Mar/2020:09:24:35 +0800] "GET /xingrg/check_reg.html?_=1585618230915 HTTP/1.1" 200 22
58.221.95.50 - - [31/Mar/2020:09:24:35 +0800] "GET /xingrg/javascript/jquery_easy_ui/themes/icons/settle_new.png HTTP/1.1" 200 826
58.221.95.50 - - [31/Mar/2020:09:24:35 +0800] "GET /xingrg/javascript/jquery_easy_ui/themes/default/images/tabs_rightarrow.png HTTP/1.1" 200 395
58.221.95.50 - - [31/Mar/2020:09:24:35 +0800] "GET /xingrg/images/blue/pingpu.png HTTP/1.1" 200 231
58.221.95.50 - - [31/Mar/2020:09:24:35 +0800] "GET /xingrg/javascript/jquery_easy_ui/themes/default/images/tabs_leftarrow.png HTTP/1.1" 200 389
58.221.95.50 - - [31/Mar/2020:09:24:35 +0800] "GET /xingrg/images/blue/navBackgound.jpg HTTP/1.1" 200 12378
58.221.95.50 - - [31/Mar/2020:09:24:35 +0800] "GET /xingrg/javascript/jquery_easy_ui/themes/default/images/panel_tool_collapse.gif HTTP/1.1" 200 246
58.221.95.50 - - [31/Mar/2020:09:24:35 +0800] "GET /xingrg/javascript/jquery_easy_ui/themes/default/images/panel_tool_expand.gif HTTP/1.1" 200 247
58.221.95.50 - - [31/Mar/2020:09:24:35 +0800] "POST /xingrg/load_menu.html HTTP/1.1" 200 9959
58.221.95.50 - - [31/Mar/2020:09:24:35 +0800] "GET /favicon.ico HTTP/1.1" 404 -
58.221.95.50 - - [31/Mar/2020:09:24:35 +0800] "GET /xingrg/javascript/jquery_easy_ui/themes/default/images/tree_arrows.gif HTTP/1.1" 200 1043
58.221.95.50 - - [31/Mar/2020:09:24:35 +0800] "GET /xingrg/javascript/jquery_easy_ui/themes/default/images/tree_folder_open.gif HTTP/1.1" 200 956
58.221.95.50 - - [31/Mar/2020:09:24:35 +0800] "GET /xingrg/javascript/jquery_easy_ui/themes/icons/area.png HTTP/1.1" 200 262
58.221.95.50 - - [31/Mar/2020:09:24:35 +0800] "GET /xingrg/javascript/jquery_easy_ui/themes/icons/manage.png HTTP/1.1" 200 696
58.221.95.50 - - [31/Mar/2020:09:24:35 +0800] "GET /xingrg/javascript/jquery_easy_ui/themes/icons/rest.png HTTP/1.1" 200 695
222.70.183.62 - - [31/Mar/2020:09:24:35 +0800] "GET /xingrg/all/function/internal_message.html?_=1585617876039&CODE_STATE=getMsg HTTP/1.1" 200 27
58.221.95.50 - - [31/Mar/2020:09:24:35 +0800] "GET /xingrg/javascript/jquery_easy_ui/themes/icons/search_new.png HTTP/1.1" 200 586
58.221.95.50 - - [31/Mar/2020:09:24:35 +0800] "GET /xingrg/javascript/jquery_easy_ui/themes/default/images/tree_folder.gif HTTP/1.1" 200 952
58.221.95.50 - - [31/Mar/2020:09:24:35 +0800] "GET /xingrg/javascript/jquery_easy_ui/themes/icons/storage_new.png HTTP/1.1" 200 853
58.221.95.50 - - [31/Mar/2020:09:24:35 +0800] "GET /xingrg/javascript/jquery_easy_ui/themes/icons/checkout_new.png HTTP/1.1" 200 744
58.221.95.50 - - [31/Mar/2020:09:24:35 +0800] "GET /xingrg/javascript/jquery_easy_ui/themes/icons/forms_new.png HTTP/1.1" 200 350
58.221.95.50 - - [31/Mar/2020:09:24:35 +0800] "GET /xingrg/javascript/jquery_easy_ui/themes/icons/setting_new.png HTTP/1.1" 200 450
58.221.95.50 - - [31/Mar/2020:09:24:35 +0800] "GET /xingrg/javascript/jquery_easy_ui/themes/icons/systemset_new.png HTTP/1.1" 200 606
58.221.95.50 - - [31/Mar/2020:09:24:35 +0800] "GET /xingrg/javascript/jquery_easy_ui/themes/default/images/tree_file.gif HTTP/1.1" 200 118
180.162.232.172 - - [31/Mar/2020:09:24:36 +0800] "POST /xingrg/kc/buy/cgsh_order_operate.html HTTP/1.1" 200 4441
222.69.133.34 - - [31/Mar/2020:09:24:37 +0800] "GET /xingrg/all/function/internal_message.html?_=1585617874126&CODE_STATE=getMsg HTTP/1.1" 200 27
180.162.232.172 - - [31/Mar/2020:09:24:37 +0800] "GET /xingrg/kc/buy/cgsh_order_add.html HTTP/1.1" 200 57642
180.162.232.172 - - [31/Mar/2020:09:24:37 +0800] "POST /xingrg/kc/buy/cgsh_order_operate.html HTTP/1.1" 200 8245
180.162.232.172 - - [31/Mar/2020:09:24:37 +0800] "GET /xingrg/javascript/easyui/themes/default/validatebox.css HTTP/1.1" 404 1104
58.221.95.50 - - [31/Mar/2020:09:24:40 +0800] "GET /xingrg/javascript/jquery_easy_ui/themes/default/images/tabs_close.gif HTTP/1.1" 200 829
58.221.95.50 - - [31/Mar/2020:09:24:40 +0800] "GET /xingrg/kc/buy/cgsh_order_list.html HTTP/1.1" 200 42302
58.221.95.50 - - [31/Mar/2020:09:24:41 +0800] "GET /xingrg/javascript/easyui/themes/icons/check_new.png HTTP/1.1" 200 3224
58.221.95.50 - - [31/Mar/2020:09:24:41 +0800] "GET /xingrg/javascript/easyui/themes/icons/field_new.png HTTP/1.1" 200 1097
58.221.95.50 - - [31/Mar/2020:09:24:41 +0800] "GET /xingrg/images/control/ajaxLoader.gif HTTP/1.1" 200 4659
58.221.95.50 - - [31/Mar/2020:09:24:41 +0800] "POST /xingrg/kc/buy/cgsh_list_operate.html HTTP/1.1" 200 876
222.70.183.62 - - [31/Mar/2020:09:24:42 +0800] "GET /xingrg/kc/base/check_order_list.html?isBack=1 HTTP/1.1" 200 16371
222.70.183.62 - - [31/Mar/2020:09:24:43 +0800] "POST /xingrg/kc/base/check_list_operate.html HTTP/1.1" 200 1893
58.221.95.50 - - [31/Mar/2020:09:24:43 +0800] "GET /xingrg/javascript/easyui/themes/default/images/button_plain_hover.png HTTP/1.1" 200 144
58.221.95.50 - - [31/Mar/2020:09:24:44 +0800] "GET /xingrg/words/20200330111421_words.js HTTP/1.1" 200 718356
58.221.95.50 - - [31/Mar/2020:09:24:44 +0800] "GET /xingrg/kc/buy/cgsh_order_add.html HTTP/1.1" 200 57003
58.221.95.50 - - [31/Mar/2020:09:24:44 +0800] "GET /xingrg/javascript/easyui/themes/icons/copy_new.png HTTP/1.1" 200 815
58.221.95.50 - - [31/Mar/2020:09:24:44 +0800] "GET /xingrg/javascript/easyui/themes/icons/template_new.png HTTP/1.1" 200 3956
58.221.95.50 - - [31/Mar/2020:09:24:44 +0800] "GET /xingrg/javascript/easyui/themes/icons/ok.png HTTP/1.1" 200 883
58.221.95.50 - - [31/Mar/2020:09:24:44 +0800] "GET /xingrg/javascript/easyui/themes/icons/print.png HTTP/1.1" 200 1057
58.221.95.50 - - [31/Mar/2020:09:24:44 +0800] "GET /xingrg/javascript/easyui/themes/default/images/menu_downarrow.png HTTP/1.1" 200 173
58.221.95.50 - - [31/Mar/2020:09:24:44 +0800] "GET /xingrg/javascript/easyui/themes/icons/cancel.png HTTP/1.1" 200 1133
222.70.183.62 - - [31/Mar/2020:09:24:44 +0800] "GET /xingrg/kc/base/check_order_add.html HTTP/1.1" 200 26278
222.70.183.62 - - [31/Mar/2020:09:24:44 +0800] "GET /xingrg/dwr/interface/AjaxComOrderService.js HTTP/1.1" 200 18264
222.70.183.62 - - [31/Mar/2020:09:24:44 +0800] "GET /xingrg/dwr/interface/AjaxCheckService.js HTTP/1.1" 200 14003
222.70.183.62 - - [31/Mar/2020:09:24:44 +0800] "GET /xingrg/dwr/engine.js HTTP/1.1" 200 43631
58.221.95.50 - - [31/Mar/2020:09:24:45 +0800] "POST /xingrg/kc/buy/cgsh_order_operate.html HTTP/1.1" 200 8245
58.221.95.50 - - [31/Mar/2020:09:24:45 +0800] "GET /xingrg/all/common/auto_word.html?type=employee&rest_code=00152 HTTP/1.1" 200 101
58.221.95.50 - - [31/Mar/2020:09:24:45 +0800] "GET /xingrg/all/common/auto_word.html?type=employee&rest_code=00152 HTTP/1.1" 200 101
58.221.95.50 - - [31/Mar/2020:09:24:45 +0800] "GET /xingrg/javascript/easyui/themes/default/validatebox.css HTTP/1.1" 404 1104
58.221.95.50 - - [31/Mar/2020:09:24:45 +0800] "GET /xingrg/javascript/easyui/themes/icons/edit_remove.png HTTP/1.1" 200 625
117.184.7.26 - - [31/Mar/2020:09:24:45 +0800] "GET /xingrg/all/function/internal_message.html?_=1585617882478&CODE_STATE=getMsg HTTP/1.1" 200 27
58.221.95.50 - - [31/Mar/2020:09:24:46 +0800] "GET /xingrg/javascript/auto/indicator.gif HTTP/1.1" 404 1066
180.162.232.172 - - [31/Mar/2020:09:24:50 +0800] "GET /xingrg/all/function/internal_message.html?_=1585617890804&CODE_STATE=getMsg HTTP/1.1" 200 27
172.17.0.100 - - [31/Mar/2020:09:24:50 +0800] "GET /xingrg/all/function/internal_message.html?_=1585618071778&CODE_STATE=getMsg HTTP/1.1" 200 27
58.221.95.50 - - [31/Mar/2020:09:24:51 +0800] "GET /xingrg/javascript/jquery_tools/images/prev.gif HTTP/1.1" 404 1086
58.221.95.50 - - [31/Mar/2020:09:24:51 +0800] "GET /xingrg/javascript/jquery_tools/images/next.gif HTTP/1.1" 404 1086
180.162.232.172 - - [31/Mar/2020:09:24:51 +0800] "GET /xingrg/kc/buy/cgsh_order_operate.html?command=get_materiel&rest_code=00151&code=00101011005&supplier_code=00100047&order_time=2020-03-31 HTTP/1.1" 200 427
222.70.183.62 - - [31/Mar/2020:09:24:52 +0800] "POST /xingrg/dwr/call/plaincall/AjaxCheckService.saveOrder.dwr HTTP/1.1" 200 78
172.17.0.185 - - [31/Mar/2020:09:24:53 +0800] "GET /xingrg/all/function/internal_message.html?_=1585617890746&CODE_STATE=getMsg HTTP/1.1" 200 27
222.70.183.62 - - [31/Mar/2020:09:24:53 +0800] "POST /xingrg/dwr/call/plaincall/AjaxCheckService.loadOrderItems.dwr HTTP/1.1" 200 367
180.156.150.85 - - [31/Mar/2020:09:24:56 +0800] "GET /xingrg/all/function/internal_message.html?_=1585617896186&CODE_STATE=getMsg HTTP/1.1" 200 27
222.70.183.62 - - [31/Mar/2020:09:25:00 +0800] "POST /xingrg/dwr/call/plaincall/AjaxCheckService.importOrderItems.dwr HTTP/1.1" 200 78
222.70.183.62 - - [31/Mar/2020:09:25:01 +0800] "POST /xingrg/dwr/call/plaincall/AjaxCheckService.loadOrderItems.dwr HTTP/1.1" 200 74411
116.235.222.53 - - [31/Mar/2020:09:25:04 +0800] "POST /xingrg/kc/base/wldb_order_operate.html HTTP/1.1" 200 37
116.235.222.53 - - [31/Mar/2020:09:25:05 +0800] "POST /xingrg/kc/base/wldb_order_operate.html HTTP/1.1" 200 12
116.235.222.53 - - [31/Mar/2020:09:25:05 +0800] "POST /xingrg/kc/base/wldb_order_operate.html HTTP/1.1" 200 2711
222.70.183.62 - - [31/Mar/2020:09:25:05 +0800] "GET /xingrg/kc/print/load_config.html?_=1585617906033&kc_code=check HTTP/1.1" 200 2729
222.70.183.62 - - [31/Mar/2020:09:25:05 +0800] "GET /xingrg/kc/print/load_data.html?_=1585617906105&order_code=452020033100221&kc_code=check&condition= HTTP/1.1" 200 19472
116.235.222.53 - - [31/Mar/2020:09:25:06 +0800] "GET /xingrg/kc/base/wldb_order_info.html?code=422020033101134 HTTP/1.1" 200 26192
116.235.222.53 - - [31/Mar/2020:09:25:07 +0800] "GET /xingrg/javascript/easyui/themes/default/validatebox.css HTTP/1.1" 404 1104
116.235.222.53 - - [31/Mar/2020:09:25:07 +0800] "POST /xingrg/kc/base/wldb_order_operate.html HTTP/1.1" 200 994
114.84.33.255 - - [31/Mar/2020:09:25:07 +0800] "GET /xingrg/all/function/internal_message.html?_=1585617909572&CODE_STATE=getMsg HTTP/1.1" 200 27
58.221.95.50 - - [31/Mar/2020:09:25:10 +0800] "GET /xingrg/kc/buy/cgsh_order_operate.html?command=get_materiel&rest_code=00152&code=00102022011&supplier_code=00100151&order_time=2020-03-30 HTTP/1.1" 200 408
172.17.0.106 - - [31/Mar/2020:09:25:11 +0800] "GET /xingrg/all/function/internal_message.html?_=1585617910150&CODE_STATE=getMsg HTTP/1.1" 200 27
172.17.0.106 - - [31/Mar/2020:09:25:11 +0800] "GET /xingrg/all/function/internal_message.html?_=1585617910320&CODE_STATE=getMsg HTTP/1.1" 200 27
117.185.32.26 - - [31/Mar/2020:09:25:15 +0800] "GET /xingrg/login.html HTTP/1.1" 200 7641
180.162.232.172 - - [31/Mar/2020:09:25:18 +0800] "GET /xingrg/kc/buy/cgsh_order_operate.html?command=get_materiel&rest_code=00151&code=00101011010&supplier_code=00100047&order_time=2020-03-31 HTTP/1.1" 200 418
58.221.95.50 - - [31/Mar/2020:09:25:19 +0800] "GET /xingrg/kc/buy/cgsh_order_operate.html?command=get_materiel&rest_code=00152&code=00102022013&supplier_code=00100151&order_time=2020-03-30 HTTP/1.1" 200 408
117.185.32.26 - - [31/Mar/2020:09:25:19 +0800] "GET /favicon.ico HTTP/1.1" 404 -
116.233.78.128 - - [31/Mar/2020:09:25:21 +0800] "GET /xingrg/all/function/internal_message.html?_=1585617922837&CODE_STATE=getMsg HTTP/1.1" 200 27
116.235.222.53 - - [31/Mar/2020:09:25:26 +0800] "GET /xingrg/all/function/internal_message.html?_=1585617922250&CODE_STATE=getMsg HTTP/1.1" 200 27
116.235.222.53 - - [31/Mar/2020:09:25:26 +0800] "GET /xingrg/check_reg.html?_=1585617922290 HTTP/1.1" 200 22
58.221.95.50 - - [31/Mar/2020:09:25:27 +0800] "GET /xingrg/kc/buy/cgsh_order_operate.html?command=get_materiel&rest_code=00152&code=00102022012&supplier_code=00100151&order_time=2020-03-30 HTTP/1.1" 200 412
222.70.183.62 - - [31/Mar/2020:09:25:29 +0800] "GET /xingrg/check_reg.html?_=1585618235106 HTTP/1.1" 200 22
222.70.183.62 - - [31/Mar/2020:09:25:29 +0800] "GET /xingrg/all/function/internal_message.html?_=1585618235103&CODE_STATE=getMsg HTTP/1.1" 200 27
180.162.232.172 - - [31/Mar/2020:09:25:30 +0800] "POST /xingrg/kc/buy/cgsh_order_operate.html HTTP/1.1" 200 37
223.167.127.59 - - [31/Mar/2020:09:25:30 +0800] "GET /xingrg/all/function/internal_message.html?_=1585617930085&CODE_STATE=getMsg HTTP/1.1" 302 -
172.17.1.5 - - [31/Mar/2020:09:25:31 +0800] "GET /xingrg/all/function/internal_message.html?_=1585617929528&CODE_STATE=getMsg HTTP/1.1" 200 27
172.17.1.5 - - [31/Mar/2020:09:25:31 +0800] "GET /xingrg/check_reg.html?_=1585617929527 HTTP/1.1" 200 22
172.17.0.100 - - [31/Mar/2020:09:25:33 +0800] "GET /xingrg/all/function/internal_message.html?_=1585618114479&CODE_STATE=getMsg HTTP/1.1" 200 27
180.162.232.172 - - [31/Mar/2020:09:25:33 +0800] "POST /xingrg/kc/buy/cgsh_order_operate.html HTTP/1.1" 200 12
180.162.232.172 - - [31/Mar/2020:09:25:34 +0800] "GET /xingrg/kc/buy/cgsh_order_info.html?code=212020033103984 HTTP/1.1" 200 52545
114.84.33.255 - - [31/Mar/2020:09:25:34 +0800] "GET /xingrg/all/function/internal_message.html?_=1585617932367&CODE_STATE=getMsg HTTP/1.1" 200 27
180.162.232.172 - - [31/Mar/2020:09:25:35 +0800] "GET /xingrg/javascript/easyui/themes/default/validatebox.css HTTP/1.1" 404 1104
180.162.232.172 - - [31/Mar/2020:09:25:35 +0800] "POST /xingrg/kc/buy/cgsh_order_operate.html HTTP/1.1" 200 1218
58.221.95.50 - - [31/Mar/2020:09:25:35 +0800] "GET /xingrg/all/function/internal_message.html?_=1585618290919&CODE_STATE=getMsg HTTP/1.1" 200 27
222.70.183.62 - - [31/Mar/2020:09:25:35 +0800] "GET /xingrg/all/function/internal_message.html?_=1585617936053&CODE_STATE=getMsg HTTP/1.1" 200 27
180.162.232.172 - - [31/Mar/2020:09:25:36 +0800] "GET /xingrg/kc/print/load_config.html?kc_code=cgsh HTTP/1.1" 200 1841
180.162.232.172 - - [31/Mar/2020:09:25:36 +0800] "GET /xingrg/kc/print/load_data.html?order_code=212020033103984&kc_code=cgsh&condition= HTTP/1.1" 200 1001
222.69.133.34 - - [31/Mar/2020:09:25:37 +0800] "GET /xingrg/all/function/internal_message.html?_=1585617934122&CODE_STATE=getMsg HTTP/1.1" 200 27
222.69.133.34 - - [31/Mar/2020:09:25:37 +0800] "GET /xingrg/check_reg.html?_=1585617934125 HTTP/1.1" 200 22
222.70.183.62 - - [31/Mar/2020:09:25:38 +0800] "GET /xingrg/kc/base/check_order_list.html?isBack=1 HTTP/1.1" 200 16371
222.70.183.62 - - [31/Mar/2020:09:25:38 +0800] "POST /xingrg/kc/base/check_list_operate.html HTTP/1.1" 200 2226
222.70.183.62 - - [31/Mar/2020:09:25:40 +0800] "GET /xingrg/kc/base/check_order_add.html HTTP/1.1" 200 26278
222.70.183.62 - - [31/Mar/2020:09:25:40 +0800] "GET /xingrg/dwr/interface/AjaxComOrderService.js HTTP/1.1" 200 18264
222.70.183.62 - - [31/Mar/2020:09:25:40 +0800] "GET /xingrg/dwr/interface/AjaxCheckService.js HTTP/1.1" 200 14003
222.70.183.62 - - [31/Mar/2020:09:25:40 +0800] "GET /xingrg/dwr/engine.js HTTP/1.1" 200 43631
117.184.7.26 - - [31/Mar/2020:09:25:45 +0800] "GET /xingrg/all/function/internal_message.html?_=1585617942478&CODE_STATE=getMsg HTTP/1.1" 200 27
117.185.32.26 - - [31/Mar/2020:09:25:47 +0800] "POST /xingrg/login.do HTTP/1.1" 302 -
117.185.32.26 - - [31/Mar/2020:09:25:47 +0800] "GET /xingrg/index.html?sysBaseUrl=http%3A%2F%2F180.169.147.146%3A18081%2Fxingrg%2F&costTime=34×tamp=1585617947719 HTTP/1.1" 200 17173
117.185.32.26 - - [31/Mar/2020:09:25:47 +0800] "GET /favicon.ico HTTP/1.1" 404 -
117.185.32.26 - - [31/Mar/2020:09:25:48 +0800] "POST /xingrg/all/common/load_tree.html?tree=area_rest_tree_json&manage=1 HTTP/1.1" 200 342
180.162.232.172 - - [31/Mar/2020:09:25:49 +0800] "POST /xingrg/all/user/operate.html HTTP/1.1" 200 36
180.162.232.172 - - [31/Mar/2020:09:25:49 +0800] "GET /xingrg/index.html?sysBaseUrl=http%3A%2F%2F180.169.147.146%3A18081%2Fxingrg%2F&costTime=35×tamp=1585617830173 HTTP/1.1" 200 17179
180.162.232.172 - - [31/Mar/2020:09:25:49 +0800] "GET /xingrg/javascript/jquery_easy_ui/themes/default/easyui.css HTTP/1.1" 304 -
180.162.232.172 - - [31/Mar/2020:09:25:49 +0800] "GET /xingrg/javascript/jquery_easy_ui/themes/icon.css HTTP/1.1" 304 -
180.162.232.172 - - [31/Mar/2020:09:25:49 +0800] "GET /xingrg/css/form.css HTTP/1.1" 304 -
180.162.232.172 - - [31/Mar/2020:09:25:49 +0800] "GET /xingrg/javascript/jquery-1.4.2.min.js HTTP/1.1" 304 -
117.185.32.26 - - [31/Mar/2020:09:25:49 +0800] "GET /xingrg/all/function/internal_message.html?_=1585617946974&CODE_STATE=count HTTP/1.1" 200 11
180.162.232.172 - - [31/Mar/2020:09:25:49 +0800] "GET /xingrg/javascript/jquery_easy_ui/jquery.easyui.min.js HTTP/1.1" 304 -
117.185.32.26 - - [31/Mar/2020:09:25:49 +0800] "GET /xingrg/check_reg.html?_=1585617946976 HTTP/1.1" 200 22
117.185.32.26 - - [31/Mar/2020:09:25:49 +0800] "POST /xingrg/load_menu.html HTTP/1.1" 200 5138
180.162.232.172 - - [31/Mar/2020:09:25:49 +0800] "GET /xingrg/javascript/jquery_easy_ui/easyui-lang-zh_CN.js HTTP/1.1" 304 -
180.162.232.172 - - [31/Mar/2020:09:25:49 +0800] "GET /xingrg/javascript/jquery.form.js HTTP/1.1" 304 -
180.162.232.172 - - [31/Mar/2020:09:25:49 +0800] "GET /xingrg/javascript/jquery.utils.js HTTP/1.1" 304 -
180.162.232.172 - - [31/Mar/2020:09:25:49 +0800] "GET /xingrg/javascript/jquery.timers.js HTTP/1.1" 304 -
180.162.232.172 - - [31/Mar/2020:09:25:49 +0800] "GET /xingrg/javascript/jquery_easy_ui/themes/icons/settle_new.png HTTP/1.1" 304 -
180.162.232.172 - - [31/Mar/2020:09:25:49 +0800] "GET /xingrg/images/blue/jxLogo.png HTTP/1.1" 304 -
180.162.232.172 - - [31/Mar/2020:09:25:49 +0800] "GET /xingrg/images/blue/navBackgound.jpg HTTP/1.1" 304 -
180.162.232.172 - - [31/Mar/2020:09:25:49 +0800] "POST /xingrg/all/common/load_tree.html?tree=area_rest_tree_json&manage=1 HTTP/1.1" 200 476
180.162.232.172 - - [31/Mar/2020:09:25:49 +0800] "GET /xingrg/check_reg.html?_=1585617949688 HTTP/1.1" 200 22
180.162.232.172 - - [31/Mar/2020:09:25:49 +0800] "GET /xingrg/all/function/internal_message.html?_=1585617949686&CODE_STATE=count HTTP/1.1" 200 11
180.162.232.172 - - [31/Mar/2020:09:25:49 +0800] "GET /xingrg/javascript/jquery_easy_ui/themes/default/images/tabs_leftarrow.png HTTP/1.1" 304 -
180.162.232.172 - - [31/Mar/2020:09:25:49 +0800] "GET /xingrg/images/blue/pingpu.png HTTP/1.1" 304 -
180.162.232.172 - - [31/Mar/2020:09:25:49 +0800] "GET /xingrg/javascript/jquery_easy_ui/themes/default/images/panel_tool_collapse.gif HTTP/1.1" 304 -
180.162.232.172 - - [31/Mar/2020:09:25:49 +0800] "GET /xingrg/javascript/jquery_easy_ui/themes/default/images/tabs_rightarrow.png HTTP/1.1" 304 -
180.162.232.172 - - [31/Mar/2020:09:25:49 +0800] "POST /xingrg/load_menu.html HTTP/1.1" 200 5138
58.221.95.50 - - [31/Mar/2020:09:25:49 +0800] "POST /xingrg/kc/buy/cgsh_order_operate.html HTTP/1.1" 200 37
222.70.183.62 - - [31/Mar/2020:09:25:50 +0800] "POST /xingrg/dwr/call/plaincall/AjaxCheckService.saveOrder.dwr HTTP/1.1" 200 78
172.17.0.100 - - [31/Mar/2020:09:25:50 +0800] "GET /xingrg/all/function/internal_message.html?_=1585618131786&CODE_STATE=getMsg HTTP/1.1" 200 27
172.17.0.100 - - [31/Mar/2020:09:25:51 +0800] "GET /xingrg/check_reg.html?_=1585618131803 HTTP/1.1" 200 22
222.70.183.62 - - [31/Mar/2020:09:25:51 +0800] "POST /xingrg/dwr/call/plaincall/AjaxCheckService.loadOrderItems.dwr HTTP/1.1" 200 367
180.162.232.172 - - [31/Mar/2020:09:25:51 +0800] "GET /xingrg/kc/buy/cgsh_order_list.html HTTP/1.1" 200 42304
180.162.232.172 - - [31/Mar/2020:09:25:52 +0800] "POST /xingrg/kc/buy/cgsh_list_operate.html HTTP/1.1" 200 876
180.162.232.172 - - [31/Mar/2020:09:25:53 +0800] "GET /xingrg/kc/buy/cgsh_order_add.html HTTP/1.1" 200 58499
58.221.95.50 - - [31/Mar/2020:09:25:53 +0800] "POST /xingrg/kc/buy/cgsh_order_operate.html HTTP/1.1" 200 3890
180.162.232.172 - - [31/Mar/2020:09:25:53 +0800] "POST /xingrg/kc/buy/cgsh_order_operate.html HTTP/1.1" 200 8245
172.17.0.185 - - [31/Mar/2020:09:25:53 +0800] "GET /xingrg/check_reg.html?_=1585617950749 HTTP/1.1" 200 22
172.17.0.185 - - [31/Mar/2020:09:25:53 +0800] "GET /xingrg/all/function/internal_message.html?_=1585617950752&CODE_STATE=getMsg HTTP/1.1" 200 27
180.162.232.172 - - [31/Mar/2020:09:25:53 +0800] "GET /xingrg/all/common/auto_word.html?type=employee&rest_code=00150 HTTP/1.1" 200 205
180.162.232.172 - - [31/Mar/2020:09:25:53 +0800] "GET /xingrg/all/common/auto_word.html?type=employee&rest_code=00150 HTTP/1.1" 200 205
180.162.232.172 - - [31/Mar/2020:09:25:53 +0800] "GET /xingrg/javascript/easyui/themes/default/validatebox.css HTTP/1.1" 404 1104
180.162.232.172 - - [31/Mar/2020:09:25:55 +0800] "GET /xingrg/javascript/auto/indicator.gif HTTP/1.1" 404 1066
180.156.150.85 - - [31/Mar/2020:09:25:56 +0800] "GET /xingrg/all/function/internal_message.html?_=1585617956157&CODE_STATE=getMsg HTTP/1.1" 200 27
222.70.183.62 - - [31/Mar/2020:09:25:58 +0800] "POST /xingrg/dwr/call/plaincall/AjaxCheckService.importOrderItems.dwr HTTP/1.1" 200 78
222.70.183.62 - - [31/Mar/2020:09:25:59 +0800] "POST /xingrg/dwr/call/plaincall/AjaxCheckService.loadOrderItems.dwr HTTP/1.1" 200 13173
180.162.232.172 - - [31/Mar/2020:09:26:00 +0800] "GET /xingrg/kc/buy/cgsh_order_operate.html?command=get_materiel&rest_code=00150&code=00101011003&supplier_code=00100047&order_time=2020-03-31 HTTP/1.1" 200 413
222.70.183.62 - - [31/Mar/2020:09:26:01 +0800] "GET /xingrg/kc/print/load_config.html?_=1585617961480&kc_code=check HTTP/1.1" 200 2729
222.70.183.62 - - [31/Mar/2020:09:26:01 +0800] "GET /xingrg/kc/print/load_data.html?_=1585617961561&order_code=452020033100222&kc_code=check&condition= HTTP/1.1" 200 3882
180.162.232.172 - - [31/Mar/2020:09:26:06 +0800] "GET /xingrg/javascript/jquery_tools/images/prev.gif HTTP/1.1" 404 1086
180.162.232.172 - - [31/Mar/2020:09:26:06 +0800] "GET /xingrg/javascript/jquery_tools/images/next.gif HTTP/1.1" 404 1086
114.84.33.255 - - [31/Mar/2020:09:26:07 +0800] "GET /xingrg/all/function/internal_message.html?_=1585617969583&CODE_STATE=getMsg HTTP/1.1" 200 27
180.162.232.172 - - [31/Mar/2020:09:26:09 +0800] "POST /xingrg/kc/buy/cgsh_order_operate.html HTTP/1.1" 200 37
180.162.232.172 - - [31/Mar/2020:09:26:10 +0800] "POST /xingrg/kc/buy/cgsh_order_operate.html HTTP/1.1" 200 12
222.70.183.62 - - [31/Mar/2020:09:26:10 +0800] "GET /xingrg/kc/base/check_order_list.html?isBack=1 HTTP/1.1" 200 16371
180.162.232.172 - - [31/Mar/2020:09:26:11 +0800] "GET /xingrg/kc/buy/cgsh_order_info.html?code=212020033103986 HTTP/1.1" 200 53402
222.70.183.62 - - [31/Mar/2020:09:26:11 +0800] "POST /xingrg/kc/base/check_list_operate.html HTTP/1.1" 200 2556
180.162.232.172 - - [31/Mar/2020:09:26:11 +0800] "GET /xingrg/javascript/easyui/themes/default/validatebox.css HTTP/1.1" 404 1104
172.17.0.106 - - [31/Mar/2020:09:26:11 +0800] "GET /xingrg/all/function/internal_message.html?_=1585617970154&CODE_STATE=getMsg HTTP/1.1" 200 27
180.162.232.172 - - [31/Mar/2020:09:26:11 +0800] "POST /xingrg/kc/buy/cgsh_order_operate.html HTTP/1.1" 200 606
172.17.0.106 - - [31/Mar/2020:09:26:11 +0800] "GET /xingrg/all/function/internal_message.html?_=1585617970322&CODE_STATE=getMsg HTTP/1.1" 200 27
222.70.183.62 - - [31/Mar/2020:09:26:12 +0800] "GET /xingrg/kc/base/check_order_add.html HTTP/1.1" 200 26278
222.70.183.62 - - [31/Mar/2020:09:26:12 +0800] "GET /xingrg/dwr/interface/AjaxComOrderService.js HTTP/1.1" 200 18264
222.70.183.62 - - [31/Mar/2020:09:26:12 +0800] "GET /xingrg/dwr/interface/AjaxCheckService.js HTTP/1.1" 200 14003
222.70.183.62 - - [31/Mar/2020:09:26:12 +0800] "GET /xingrg/dwr/engine.js HTTP/1.1" 200 43631
180.162.232.172 - - [31/Mar/2020:09:26:13 +0800] "GET /xingrg/kc/print/load_data.html?order_code=212020033103986&kc_code=cgsh&condition= HTTP/1.1" 200 749
58.221.95.50 - - [31/Mar/2020:09:26:13 +0800] "GET /xingrg/kc/print/load_config.html?kc_code=cgsh HTTP/1.1" 200 1841
58.221.95.50 - - [31/Mar/2020:09:26:13 +0800] "GET /xingrg/kc/print/load_data.html?order_code=212020033103985&kc_code=cgsh&condition= HTTP/1.1" 200 1153
180.162.232.172 - - [31/Mar/2020:09:26:16 +0800] "GET /xingrg/kc/buy/cgsh_order_add.html HTTP/1.1" 200 58499
180.162.232.172 - - [31/Mar/2020:09:26:17 +0800] "POST /xingrg/kc/buy/cgsh_order_operate.html HTTP/1.1" 200 8245
180.162.232.172 - - [31/Mar/2020:09:26:17 +0800] "GET /xingrg/javascript/easyui/themes/default/validatebox.css HTTP/1.1" 404 1104
116.233.78.128 - - [31/Mar/2020:09:26:21 +0800] "GET /xingrg/all/function/internal_message.html?_=1585617982850&CODE_STATE=getMsg HTTP/1.1" 200 27
222.70.183.62 - - [31/Mar/2020:09:26:23 +0800] "POST /xingrg/dwr/call/plaincall/AjaxCheckService.saveOrder.dwr HTTP/1.1" 200 78
222.70.183.62 - - [31/Mar/2020:09:26:24 +0800] "POST /xingrg/dwr/call/plaincall/AjaxCheckService.loadOrderItems.dwr HTTP/1.1" 200 367
180.162.232.172 - - [31/Mar/2020:09:26:25 +0800] "POST /xingrg/all/user/operate.html HTTP/1.1" 200 36
180.162.232.172 - - [31/Mar/2020:09:26:25 +0800] "GET /xingrg/index.html?sysBaseUrl=http%3A%2F%2F180.169.147.146%3A18081%2Fxingrg%2F&costTime=35×tamp=1585617830173 HTTP/1.1" 200 17177
180.162.232.172 - - [31/Mar/2020:09:26:25 +0800] "GET /xingrg/javascript/jquery_easy_ui/themes/default/easyui.css HTTP/1.1" 304 -
180.162.232.172 - - [31/Mar/2020:09:26:25 +0800] "GET /xingrg/javascript/jquery_easy_ui/themes/icon.css HTTP/1.1" 304 -
180.162.232.172 - - [31/Mar/2020:09:26:25 +0800] "GET /xingrg/css/form.css HTTP/1.1" 304 -
180.162.232.172 - - [31/Mar/2020:09:26:25 +0800] "GET /xingrg/javascript/jquery-1.4.2.min.js HTTP/1.1" 304 -
180.162.232.172 - - [31/Mar/2020:09:26:25 +0800] "GET /xingrg/javascript/jquery_easy_ui/jquery.easyui.min.js HTTP/1.1" 304 -
180.162.232.172 - - [31/Mar/2020:09:26:25 +0800] "GET /xingrg/javascript/jquery_easy_ui/easyui-lang-zh_CN.js HTTP/1.1" 304 -
180.162.232.172 - - [31/Mar/2020:09:26:25 +0800] "GET /xingrg/javascript/jquery.form.js HTTP/1.1" 304 -
180.162.232.172 - - [31/Mar/2020:09:26:25 +0800] "GET /xingrg/javascript/jquery.utils.js HTTP/1.1" 304 -
180.162.232.172 - - [31/Mar/2020:09:26:25 +0800] "GET /xingrg/javascript/jquery.timers.js HTTP/1.1" 304 -
180.162.232.172 - - [31/Mar/2020:09:26:25 +0800] "GET /xingrg/images/blue/jxLogo.png HTTP/1.1" 304 -
180.162.232.172 - - [31/Mar/2020:09:26:25 +0800] "GET /xingrg/javascript/jquery_easy_ui/themes/icons/settle_new.png HTTP/1.1" 304 -
180.162.232.172 - - [31/Mar/2020:09:26:25 +0800] "GET /xingrg/images/blue/navBackgound.jpg HTTP/1.1" 304 -
180.162.232.172 - - [31/Mar/2020:09:26:25 +0800] "POST /xingrg/all/common/load_tree.html?tree=area_rest_tree_json&manage=1 HTTP/1.1" 200 476
180.162.232.172 - - [31/Mar/2020:09:26:25 +0800] "GET /xingrg/all/function/internal_message.html?_=1585617985626&CODE_STATE=count HTTP/1.1" 200 11
180.162.232.172 - - [31/Mar/2020:09:26:25 +0800] "GET /xingrg/check_reg.html?_=1585617985627 HTTP/1.1" 200 22
180.162.232.172 - - [31/Mar/2020:09:26:25 +0800] "GET /xingrg/javascript/jquery_easy_ui/themes/default/images/panel_tool_collapse.gif HTTP/1.1" 304 -
180.162.232.172 - - [31/Mar/2020:09:26:25 +0800] "GET /xingrg/images/blue/pingpu.png HTTP/1.1" 304 -
180.162.232.172 - - [31/Mar/2020:09:26:25 +0800] "GET /xingrg/javascript/jquery_easy_ui/themes/default/images/tabs_leftarrow.png HTTP/1.1" 304 -
180.162.232.172 - - [31/Mar/2020:09:26:25 +0800] "GET /xingrg/javascript/jquery_easy_ui/themes/default/images/tabs_rightarrow.png HTTP/1.1" 304 -
180.162.232.172 - - [31/Mar/2020:09:26:25 +0800] "POST /xingrg/load_menu.html HTTP/1.1" 200 5138
116.235.222.53 - - [31/Mar/2020:09:26:26 +0800] "GET /xingrg/all/function/internal_message.html?_=1585617982223&CODE_STATE=getMsg HTTP/1.1" 200 27
180.162.232.172 - - [31/Mar/2020:09:26:27 +0800] "GET /xingrg/kc/buy/cgsh_order_list.html HTTP/1.1" 200 42302
180.162.232.172 - - [31/Mar/2020:09:26:28 +0800] "POST /xingrg/kc/buy/cgsh_list_operate.html HTTP/1.1" 200 1686
180.162.232.172 - - [31/Mar/2020:09:26:28 +0800] "GET /xingrg/kc/buy/cgsh_order_add.html HTTP/1.1" 200 57642
180.162.232.172 - - [31/Mar/2020:09:26:28 +0800] "POST /xingrg/kc/buy/cgsh_order_operate.html HTTP/1.1" 200 8245
180.162.232.172 - - [31/Mar/2020:09:26:29 +0800] "GET /xingrg/javascript/easyui/themes/default/validatebox.css HTTP/1.1" 404 1104
222.70.183.62 - - [31/Mar/2020:09:26:29 +0800] "GET /xingrg/all/function/internal_message.html?_=1585618295106&CODE_STATE=getMsg HTTP/1.1" 200 27
222.70.183.62 - - [31/Mar/2020:09:26:29 +0800] "POST /xingrg/dwr/call/plaincall/AjaxCheckService.importOrderItems.dwr HTTP/1.1" 200 78
180.162.232.172 - - [31/Mar/2020:09:26:30 +0800] "GET /xingrg/javascript/auto/indicator.gif HTTP/1.1" 404 1066
222.70.183.62 - - [31/Mar/2020:09:26:30 +0800] "POST /xingrg/dwr/call/plaincall/AjaxCheckService.loadOrderItems.dwr HTTP/1.1" 200 7976
223.167.127.59 - - [31/Mar/2020:09:26:30 +0800] "GET /xingrg/all/function/internal_message.html?_=1585617990086&CODE_STATE=getMsg HTTP/1.1" 302 -
172.17.1.5 - - [31/Mar/2020:09:26:31 +0800] "GET /xingrg/all/function/internal_message.html?_=1585617989555&CODE_STATE=getMsg HTTP/1.1" 200 27
222.70.183.62 - - [31/Mar/2020:09:26:32 +0800] "GET /xingrg/kc/print/load_config.html?_=1585617993272&kc_code=check HTTP/1.1" 200 2729
222.70.183.62 - - [31/Mar/2020:09:26:33 +0800] "GET /xingrg/kc/print/load_data.html?_=1585617993339&order_code=452020033100223&kc_code=check&condition= HTTP/1.1" 200 2217
172.17.0.100 - - [31/Mar/2020:09:26:33 +0800] "GET /xingrg/all/function/internal_message.html?_=1585618174489&CODE_STATE=getMsg HTTP/1.1" 200 27
114.84.33.255 - - [31/Mar/2020:09:26:34 +0800] "GET /xingrg/all/function/internal_message.html?_=1585617992427&CODE_STATE=getMsg HTTP/1.1" 200 27
58.221.95.50 - - [31/Mar/2020:09:26:35 +0800] "GET /xingrg/all/function/internal_message.html?_=1585618350924&CODE_STATE=getMsg HTTP/1.1" 200 27
222.70.183.62 - - [31/Mar/2020:09:26:35 +0800] "GET /xingrg/all/function/internal_message.html?_=1585617996066&CODE_STATE=getMsg HTTP/1.1" 200 27
180.162.232.172 - - [31/Mar/2020:09:26:35 +0800] "GET /xingrg/kc/buy/cgsh_order_operate.html?command=get_materiel&rest_code=00151&code=00101007055&supplier_code=00100002&order_time=2020-03-31 HTTP/1.1" 200 409
222.69.133.34 - - [31/Mar/2020:09:26:37 +0800] "GET /xingrg/all/function/internal_message.html?_=1585617994131&CODE_STATE=getMsg HTTP/1.1" 200 27
117.184.7.26 - - [31/Mar/2020:09:26:45 +0800] "GET /xingrg/check_reg.html?_=1585618002479 HTTP/1.1" 200 22
117.184.7.26 - - [31/Mar/2020:09:26:45 +0800] "GET /xingrg/all/function/internal_message.html?_=1585618002480&CODE_STATE=getMsg HTTP/1.1" 200 27
117.185.32.26 - - [31/Mar/2020:09:26:49 +0800] "GET /xingrg/all/function/internal_message.html?_=1585618006993&CODE_STATE=getMsg HTTP/1.1" 200 27
180.162.232.172 - - [31/Mar/2020:09:26:49 +0800] "GET /xingrg/javascript/jquery_tools/images/prev.gif HTTP/1.1" 404 1086
180.162.232.172 - - [31/Mar/2020:09:26:49 +0800] "GET /xingrg/javascript/jquery_tools/images/next.gif HTTP/1.1" 404 1086
172.17.0.100 - - [31/Mar/2020:09:26:50 +0800] "GET /xingrg/all/function/internal_message.html?_=1585618191779&CODE_STATE=getMsg HTTP/1.1" 200 27
172.17.0.185 - - [31/Mar/2020:09:26:53 +0800] "GET /xingrg/all/function/internal_message.html?_=1585618010754&CODE_STATE=getMsg HTTP/1.1" 200 27
180.156.150.85 - - [31/Mar/2020:09:26:56 +0800] "GET /xingrg/all/function/internal_message.html?_=1585618016133&CODE_STATE=getMsg HTTP/1.1" 200 27
117.184.7.26 - - [31/Mar/2020:09:26:56 +0800] "POST /xingrg/dwr/call/plaincall/AjaxCheckService.deleteOrder.dwr HTTP/1.1" 200 78
117.184.7.26 - - [31/Mar/2020:09:26:57 +0800] "GET /xingrg/kc/base/check_order_list.html HTTP/1.1" 200 16371
117.184.7.26 - - [31/Mar/2020:09:26:58 +0800] "POST /xingrg/kc/base/check_list_operate.html HTTP/1.1" 200 781
180.162.232.172 - - [31/Mar/2020:09:27:04 +0800] "POST /xingrg/kc/buy/cgsh_order_operate.html HTTP/1.1" 200 37
180.162.232.172 - - [31/Mar/2020:09:27:06 +0800] "POST /xingrg/kc/buy/cgsh_order_operate.html HTTP/1.1" 200 12
180.162.232.172 - - [31/Mar/2020:09:27:07 +0800] "GET /xingrg/kc/buy/cgsh_order_info.html?code=212020033103987 HTTP/1.1" 200 52545
180.162.232.172 - - [31/Mar/2020:09:27:07 +0800] "GET /xingrg/javascript/easyui/themes/default/validatebox.css HTTP/1.1" 404 1104
114.84.33.255 - - [31/Mar/2020:09:27:07 +0800] "GET /xingrg/all/function/internal_message.html?_=1585618029758&CODE_STATE=getMsg HTTP/1.1" 200 27
180.162.232.172 - - [31/Mar/2020:09:27:08 +0800] "POST /xingrg/kc/buy/cgsh_order_operate.html HTTP/1.1" 200 607
180.162.232.172 - - [31/Mar/2020:09:27:09 +0800] "GET /xingrg/kc/print/load_data.html?order_code=212020033103987&kc_code=cgsh&condition= HTTP/1.1" 200 781
