117.131.5.26 - - [29/Mar/2020:10:53:47 +0800] "GET /xingrg/javascript/jquery_easy_ui/themes/default/images/panel_tool_expand.gif HTTP/1.1" 200 247
117.131.5.26 - - [29/Mar/2020:10:53:47 +0800] "GET /xingrg/all/function/internal_message.html?_=1585450427146&CODE_STATE=count HTTP/1.1" 200 11
117.131.5.26 - - [29/Mar/2020:10:53:47 +0800] "GET /xingrg/check_reg.html?_=1585450427147 HTTP/1.1" 200 22
117.131.5.26 - - [29/Mar/2020:10:53:47 +0800] "GET /xingrg/javascript/jquery_easy_ui/themes/default/images/tree_arrows.gif HTTP/1.1" 200 1043
117.131.5.26 - - [29/Mar/2020:10:53:47 +0800] "POST /xingrg/load_menu.html HTTP/1.1" 200 9959
117.131.5.26 - - [29/Mar/2020:10:53:47 +0800] "GET /xingrg/javascript/jquery_easy_ui/themes/default/images/tree_folder_open.gif HTTP/1.1" 200 956
117.131.5.26 - - [29/Mar/2020:10:53:47 +0800] "GET /xingrg/javascript/jquery_easy_ui/themes/default/images/tree_folder.gif HTTP/1.1" 200 952
117.131.5.26 - - [29/Mar/2020:10:53:47 +0800] "GET /xingrg/javascript/jquery_easy_ui/themes/icons/storage_new.png HTTP/1.1" 200 853
117.131.5.26 - - [29/Mar/2020:10:53:47 +0800] "GET /xingrg/javascript/jquery_easy_ui/themes/icons/checkout_new.png HTTP/1.1" 200 744
117.131.5.26 - - [29/Mar/2020:10:53:47 +0800] "GET /xingrg/javascript/jquery_easy_ui/themes/icons/forms_new.png HTTP/1.1" 200 350
117.131.5.26 - - [29/Mar/2020:10:53:47 +0800] "GET /xingrg/javascript/jquery_easy_ui/themes/icons/setting_new.png HTTP/1.1" 200 450
117.131.5.26 - - [29/Mar/2020:10:53:47 +0800] "GET /xingrg/javascript/jquery_easy_ui/themes/icons/systemset_new.png HTTP/1.1" 200 606
117.131.5.26 - - [29/Mar/2020:10:53:47 +0800] "GET /xingrg/javascript/jquery_easy_ui/themes/default/images/tree_file.gif HTTP/1.1" 200 118
117.131.5.26 - - [29/Mar/2020:10:53:47 +0800] "GET /xingrg/javascript/jquery_easy_ui/themes/icons/search_new.png HTTP/1.1" 200 586
117.131.5.26 - - [29/Mar/2020:10:53:49 +0800] "POST /xingrg/load_menu.html HTTP/1.1" 200 10168
116.224.247.222 - - [29/Mar/2020:10:53:50 +0800] "GET /xingrg/all/function/internal_message.html?_=1585450609711&CODE_STATE=getMsg HTTP/1.1" 200 27
114.84.33.255 - - [29/Mar/2020:10:53:51 +0800] "GET /xingrg/all/function/internal_message.html?_=1585450434654&CODE_STATE=getMsg HTTP/1.1" 200 27
117.185.32.26 - - [29/Mar/2020:10:53:52 +0800] "GET /xingrg/kc/buy/cgsh_order_operate.html?command=get_materiel&rest_code=00106&code=00101008125&supplier_code=00100007&order_time=2020-03-29 HTTP/1.1" 200 413
117.131.5.26 - - [29/Mar/2020:10:53:54 +0800] "GET /xingrg/javascript/jquery_easy_ui/themes/default/images/tabs_close.gif HTTP/1.1" 200 829
117.131.5.26 - - [29/Mar/2020:10:53:54 +0800] "GET /xingrg/css/table.css HTTP/1.1" 200 3684
117.131.5.26 - - [29/Mar/2020:10:53:54 +0800] "GET /xingrg/javascript/convert.js HTTP/1.1" 200 1239
117.131.5.26 - - [29/Mar/2020:10:53:54 +0800] "GET /xingrg/dwr/interface/AjaxGetFirstChart.js HTTP/1.1" 200 631
117.131.5.26 - - [29/Mar/2020:10:53:54 +0800] "GET /xingrg/javascript/jquery.shich.js HTTP/1.1" 200 4857
117.131.5.26 - - [29/Mar/2020:10:53:54 +0800] "GET /xingrg/javascript/Calendar.js HTTP/1.1" 200 31561
117.131.5.26 - - [29/Mar/2020:10:53:54 +0800] "GET /xingrg/dwr/engine.js HTTP/1.1" 200 43631
117.131.5.26 - - [29/Mar/2020:10:53:54 +0800] "GET /xingrg/dwr/util.js HTTP/1.1" 200 35990
117.131.5.26 - - [29/Mar/2020:10:53:54 +0800] "GET /xingrg/system/rest/list_page.html?p=menu HTTP/1.1" 200 110877
117.131.5.26 - - [29/Mar/2020:10:53:54 +0800] "GET /xingrg/ HTTP/1.1" 200 292
117.131.5.26 - - [29/Mar/2020:10:53:54 +0800] "GET /xingrg/javascript/jquery_easy_ui/themes/icons/search.png HTTP/1.1" 200 813
117.131.5.26 - - [29/Mar/2020:10:53:54 +0800] "GET /xingrg/javascript/jquery_easy_ui/themes/default/images/button_a_bg.gif HTTP/1.1" 200 1194
117.131.5.26 - - [29/Mar/2020:10:53:54 +0800] "GET /xingrg/javascript/jquery_easy_ui/themes/icons/edit_add.png HTTP/1.1" 200 1088
117.131.5.26 - - [29/Mar/2020:10:53:54 +0800] "GET /xingrg/javascript/jquery_easy_ui/themes/icons/pencil.png HTTP/1.1" 200 713
117.131.5.26 - - [29/Mar/2020:10:53:54 +0800] "GET /xingrg/javascript/jquery_easy_ui/themes/icons/edit_remove.png HTTP/1.1" 200 625
117.131.5.26 - - [29/Mar/2020:10:53:54 +0800] "GET /xingrg/javascript/jquery_easy_ui/themes/icons/check_new.png HTTP/1.1" 200 3224
117.131.5.26 - - [29/Mar/2020:10:53:54 +0800] "GET /xingrg/javascript/jquery_easy_ui/themes/icons/uncheck_new.png HTTP/1.1" 200 3197
117.131.5.26 - - [29/Mar/2020:10:53:54 +0800] "GET /xingrg/javascript/jquery_easy_ui/themes/default/images/button_a_bg.gif HTTP/1.1" 200 1194
117.131.5.26 - - [29/Mar/2020:10:53:54 +0800] "GET /xingrg/javascript/jquery_easy_ui/themes/default/images/button_span_bg.gif HTTP/1.1" 200 2061
117.131.5.26 - - [29/Mar/2020:10:53:54 +0800] "GET /xingrg/javascript/jquery_easy_ui/themes/icons/ok.png HTTP/1.1" 200 883
117.131.5.26 - - [29/Mar/2020:10:53:54 +0800] "GET /xingrg/images/control/ajaxLoader.gif HTTP/1.1" 200 4659
117.131.5.26 - - [29/Mar/2020:10:53:54 +0800] "GET /xingrg/javascript/jquery_easy_ui/themes/default/images/datagrid_header_bg.gif HTTP/1.1" 200 97
117.131.5.26 - - [29/Mar/2020:10:53:54 +0800] "GET /xingrg/javascript/jquery_easy_ui/themes/default/images/pagination_first.gif HTTP/1.1" 200 925
117.131.5.26 - - [29/Mar/2020:10:53:54 +0800] "GET /xingrg/javascript/jquery_easy_ui/themes/default/images/pagination_prev.gif HTTP/1.1" 200 879
117.131.5.26 - - [29/Mar/2020:10:53:54 +0800] "GET /xingrg/javascript/jquery_easy_ui/themes/default/images/pagination_next.gif HTTP/1.1" 200 875
117.131.5.26 - - [29/Mar/2020:10:53:54 +0800] "GET /xingrg/javascript/jquery_easy_ui/themes/default/images/pagination_last.gif HTTP/1.1" 200 923
117.131.5.26 - - [29/Mar/2020:10:53:54 +0800] "GET /xingrg/javascript/jquery_easy_ui/themes/default/images/pagination_load.png HTTP/1.1" 200 827
117.131.5.26 - - [29/Mar/2020:10:53:54 +0800] "GET /xingrg/javascript/jquery_easy_ui/themes/default/images/pagination_loading.gif HTTP/1.1" 200 1737
114.86.229.141 - - [29/Mar/2020:10:53:54 +0800] "GET /xingrg/login.html HTTP/1.1" 200 7641
117.131.5.26 - - [29/Mar/2020:10:53:54 +0800] "GET /xingrg/system/rest/query_items.html?_=1585450434312&table=menu&page=1&rows=20&categoryId=&key= HTTP/1.1" 200 4722
114.86.229.141 - - [29/Mar/2020:10:53:54 +0800] "GET /xingrg/images/blue/jxLogo.png HTTP/1.1" 200 6156
114.86.229.141 - - [29/Mar/2020:10:53:54 +0800] "GET /xingrg/images/blue/hj.png HTTP/1.1" 200 1014
114.86.229.141 - - [29/Mar/2020:10:53:54 +0800] "GET /xingrg/images/blue/srbg.png HTTP/1.1" 200 138
114.86.229.141 - - [29/Mar/2020:10:53:54 +0800] "GET /xingrg/images/blue/login_bg.png HTTP/1.1" 200 22101
114.86.229.141 - - [29/Mar/2020:10:53:54 +0800] "GET /favicon.ico HTTP/1.1" 404 -
222.70.183.62 - - [29/Mar/2020:10:53:57 +0800] "GET /xingrg/kc/buy/cgsh_order_operate.html?command=get_materiel&rest_code=00111&code=00101004038&supplier_code=00100347&order_time=2020-03-29 HTTP/1.1" 200 409
117.131.5.26 - - [29/Mar/2020:10:53:59 +0800] "GET /xingrg/system/rest/query_items.html?_=1585450438776&table=menu&page=1&rows=20&categoryId=&key= HTTP/1.1" 200 4722
117.131.5.26 - - [29/Mar/2020:10:53:59 +0800] "GET /xingrg/system/rest/query_items.html?_=1585450438824&table=menu&page=1&rows=20&categoryId=&key= HTTP/1.1" 200 4722
114.84.33.255 - - [29/Mar/2020:10:53:59 +0800] "GET /xingrg/check_reg.html?_=1585450441898 HTTP/1.1" 200 22
117.185.32.26 - - [29/Mar/2020:10:54:00 +0800] "GET /xingrg/all/function/internal_message.html?_=1585450440575&CODE_STATE=getMsg HTTP/1.1" 200 27
222.70.183.62 - - [29/Mar/2020:10:54:01 +0800] "GET /xingrg/all/function/internal_message.html?_=1585450746886&CODE_STATE=getMsg HTTP/1.1" 200 27
117.185.32.26 - - [29/Mar/2020:10:54:02 +0800] "GET /xingrg/kc/buy/cgsh_order_operate.html?command=get_materiel&rest_code=00106&code=00101008248&supplier_code=00100007&order_time=2020-03-29 HTTP/1.1" 200 412
114.86.229.141 - - [29/Mar/2020:10:54:02 +0800] "POST /xingrg/login.do HTTP/1.1" 302 -
114.86.229.141 - - [29/Mar/2020:10:54:02 +0800] "GET /xingrg/index.html?sysBaseUrl=http%3A%2F%2F180.169.147.146%3A18081%2Fxingrg%2F&costTime=46×tamp=1585450442880 HTTP/1.1" 200 17173
114.86.229.141 - - [29/Mar/2020:10:54:02 +0800] "GET /xingrg/javascript/jquery_easy_ui/themes/icon.css HTTP/1.1" 200 3949
114.86.229.141 - - [29/Mar/2020:10:54:02 +0800] "GET /xingrg/css/form.css HTTP/1.1" 200 893
114.86.229.141 - - [29/Mar/2020:10:54:02 +0800] "GET /xingrg/javascript/jquery-1.4.2.min.js HTTP/1.1" 200 72205
114.86.229.141 - - [29/Mar/2020:10:54:02 +0800] "GET /xingrg/javascript/jquery_easy_ui/jquery.easyui.min.js HTTP/1.1" 200 213662
114.86.229.141 - - [29/Mar/2020:10:54:02 +0800] "GET /xingrg/javascript/jquery_easy_ui/themes/default/easyui.css HTTP/1.1" 200 26500
114.86.229.141 - - [29/Mar/2020:10:54:02 +0800] "GET /xingrg/javascript/jquery_easy_ui/easyui-lang-zh_CN.js HTTP/1.1" 200 1900
114.86.229.141 - - [29/Mar/2020:10:54:02 +0800] "GET /xingrg/javascript/jquery.form.js HTTP/1.1" 200 23110
114.86.229.141 - - [29/Mar/2020:10:54:02 +0800] "GET /xingrg/javascript/jquery.utils.js HTTP/1.1" 200 11805
114.86.229.141 - - [29/Mar/2020:10:54:03 +0800] "GET /xingrg/javascript/jquery.timers.js HTTP/1.1" 200 3532
114.86.229.141 - - [29/Mar/2020:10:54:03 +0800] "GET /xingrg/javascript/jquery_easy_ui/themes/icons/settle_new.png HTTP/1.1" 200 826
114.86.229.141 - - [29/Mar/2020:10:54:03 +0800] "GET /xingrg/images/blue/navBackgound.jpg HTTP/1.1" 200 12378
114.86.229.141 - - [29/Mar/2020:10:54:03 +0800] "POST /xingrg/all/common/load_tree.html?tree=area_rest_tree_json&manage=1 HTTP/1.1" 200 342
114.86.229.141 - - [29/Mar/2020:10:54:03 +0800] "GET /xingrg/images/blue/pingpu.png HTTP/1.1" 200 231
114.86.229.141 - - [29/Mar/2020:10:54:03 +0800] "GET /xingrg/javascript/jquery_easy_ui/themes/default/images/tabs_leftarrow.png HTTP/1.1" 200 389
114.86.229.141 - - [29/Mar/2020:10:54:03 +0800] "GET /xingrg/javascript/jquery_easy_ui/themes/default/images/tabs_rightarrow.png HTTP/1.1" 200 395
114.86.229.141 - - [29/Mar/2020:10:54:03 +0800] "POST /xingrg/load_menu.html HTTP/1.1" 200 5138
114.86.229.141 - - [29/Mar/2020:10:54:03 +0800] "GET /xingrg/javascript/jquery_easy_ui/themes/default/images/panel_tool_collapse.gif HTTP/1.1" 200 246
114.86.229.141 - - [29/Mar/2020:10:54:03 +0800] "GET /xingrg/all/function/internal_message.html?_=1585450465414&CODE_STATE=count HTTP/1.1" 200 11
114.86.229.141 - - [29/Mar/2020:10:54:03 +0800] "GET /xingrg/check_reg.html?_=1585450465415 HTTP/1.1" 200 22
114.86.229.141 - - [29/Mar/2020:10:54:03 +0800] "GET /xingrg/javascript/jquery_easy_ui/themes/default/images/tree_arrows.gif HTTP/1.1" 200 1043
114.86.229.141 - - [29/Mar/2020:10:54:03 +0800] "GET /xingrg/javascript/jquery_easy_ui/themes/default/images/tree_folder_open.gif HTTP/1.1" 200 956
114.86.229.141 - - [29/Mar/2020:10:54:03 +0800] "GET /xingrg/javascript/jquery_easy_ui/themes/default/images/tree_folder.gif HTTP/1.1" 200 952
114.86.229.141 - - [29/Mar/2020:10:54:03 +0800] "GET /xingrg/javascript/jquery_easy_ui/themes/icons/search_new.png HTTP/1.1" 200 586
114.86.229.141 - - [29/Mar/2020:10:54:03 +0800] "GET /xingrg/javascript/jquery_easy_ui/themes/icons/storage_new.png HTTP/1.1" 200 853
114.86.229.141 - - [29/Mar/2020:10:54:03 +0800] "GET /xingrg/javascript/jquery_easy_ui/themes/icons/forms_new.png HTTP/1.1" 200 350
180.162.232.172 - - [29/Mar/2020:10:54:03 +0800] "POST /xingrg/dwr/call/plaincall/AjaxQqpsService.saveMaterielItem.dwr HTTP/1.1" 200 78
114.86.229.141 - - [29/Mar/2020:10:54:04 +0800] "GET /xingrg/javascript/jquery_easy_ui/themes/default/images/tabs_close.gif HTTP/1.1" 200 829
114.86.229.141 - - [29/Mar/2020:10:54:04 +0800] "GET /xingrg/kc/buy/buy_main.html HTTP/1.1" 200 12412
114.86.229.141 - - [29/Mar/2020:10:54:04 +0800] "GET /xingrg/css/new_ie.css HTTP/1.1" 404 1036
114.86.229.141 - - [29/Mar/2020:10:54:04 +0800] "GET /xingrg/javascript/pic_change.js HTTP/1.1" 200 4739
114.86.229.141 - - [29/Mar/2020:10:54:04 +0800] "GET /xingrg/javascript/ToolTips.js HTTP/1.1" 200 5615
114.86.229.141 - - [29/Mar/2020:10:54:04 +0800] "GET /xingrg/css/blue.css HTTP/1.1" 200 15949
114.86.229.141 - - [29/Mar/2020:10:54:04 +0800] "GET /xingrg/javascript/jquery_ui/jquery-ui.min.js HTTP/1.1" 200 186181
114.86.229.141 - - [29/Mar/2020:10:54:04 +0800] "GET /xingrg/javascript/myfunction.js HTTP/1.1" 200 24559
114.86.229.141 - - [29/Mar/2020:10:54:04 +0800] "GET /xingrg/javascript/jquery_ui/themes/humanity/humanity.css HTTP/1.1" 200 27801
114.86.229.141 - - [29/Mar/2020:10:54:04 +0800] "GET /xingrg/images/blue/button/cgxqd.gif HTTP/1.1" 200 2619
114.86.229.141 - - [29/Mar/2020:10:54:04 +0800] "GET /xingrg/images/blue/button/cgshd.gif HTTP/1.1" 200 2618
114.86.229.141 - - [29/Mar/2020:10:54:04 +0800] "GET /xingrg/images/blue/button/cgydd.gif HTTP/1.1" 200 2712
114.86.229.141 - - [29/Mar/2020:10:54:04 +0800] "GET /xingrg/images/blue/button/kc.gif HTTP/1.1" 200 2160
114.86.229.141 - - [29/Mar/2020:10:54:04 +0800] "GET /xingrg/images/blue/button/cgfkd.gif HTTP/1.1" 200 2075
114.86.229.141 - - [29/Mar/2020:10:54:04 +0800] "GET /xingrg/images/blue/button/ckthd.gif HTTP/1.1" 200 2045
114.86.229.141 - - [29/Mar/2020:10:54:04 +0800] "GET /xingrg/images/blue/pic_form2.gif HTTP/1.1" 200 1853
114.86.229.141 - - [29/Mar/2020:10:54:04 +0800] "GET /xingrg/images/blue/button/right_ah.jpg HTTP/1.1" 200 1744
114.86.229.141 - - [29/Mar/2020:10:54:04 +0800] "GET /xingrg/images/blue/button/down_ah.jpg HTTP/1.1" 200 1732
114.86.229.141 - - [29/Mar/2020:10:54:04 +0800] "GET /xingrg/images/blue/bg_dotted.jpg HTTP/1.1" 200 319
114.86.229.141 - - [29/Mar/2020:10:54:04 +0800] "GET /xingrg/javascript/jquery_ui/themes/humanity/images/ui-icons_c47a23_256x240.png HTTP/1.1" 200 5355
114.86.229.141 - - [29/Mar/2020:10:54:04 +0800] "GET /xingrg/javascript/jquery_ui/themes/humanity/images/ui-bg_inset-soft_100_f4f0ec_1x100.png HTTP/1.1" 200 141
114.86.229.141 - - [29/Mar/2020:10:54:05 +0800] "GET /xingrg/kc/buy/cgsh_order_list.html HTTP/1.1" 200 42298
114.86.229.141 - - [29/Mar/2020:10:54:05 +0800] "GET /xingrg/css/base.css HTTP/1.1" 200 2811
114.86.229.141 - - [29/Mar/2020:10:54:05 +0800] "GET /xingrg/css/site.css HTTP/1.1" 200 7541
114.86.229.141 - - [29/Mar/2020:10:54:05 +0800] "GET /xingrg/javascript/jquery_tools/datebox.css HTTP/1.1" 200 2597
114.86.229.141 - - [29/Mar/2020:10:54:05 +0800] "GET /xingrg/javascript/easyui/themes/icon.css HTTP/1.1" 200 4483
114.86.229.141 - - [29/Mar/2020:10:54:05 +0800] "GET /xingrg/javascript/auto/jquery.autocomplete.css HTTP/1.1" 200 587
114.86.229.141 - - [29/Mar/2020:10:54:05 +0800] "GET /xingrg/javascript/jquery_tools/fix.css HTTP/1.1" 200 1702
114.86.229.141 - - [29/Mar/2020:10:54:05 +0800] "GET /xingrg/javascript/jquery_tools/table.css HTTP/1.1" 200 1032
114.86.229.141 - - [29/Mar/2020:10:54:05 +0800] "GET /xingrg/javascript/jquery_tools/jquery.tools.min.js HTTP/1.1" 200 138801
114.86.229.141 - - [29/Mar/2020:10:54:05 +0800] "GET /xingrg/javascript/jquery_tools/jquery.tools.hotkey.js HTTP/1.1" 200 3242
114.86.229.141 - - [29/Mar/2020:10:54:05 +0800] "GET /xingrg/javascript/jquery_tools/jquery.tools.table.js HTTP/1.1" 200 6994
114.86.229.141 - - [29/Mar/2020:10:54:05 +0800] "GET /xingrg/javascript/jquery_tools/list_manager.js HTTP/1.1" 200 3652
114.86.229.141 - - [29/Mar/2020:10:54:05 +0800] "GET /xingrg/javascript/jquery_tools/jquery.tools.extend.js HTTP/1.1" 200 15385
114.86.229.141 - - [29/Mar/2020:10:54:05 +0800] "GET /xingrg/javascript/easyui/themes/default/easyui.css HTTP/1.1" 200 30432
114.86.229.141 - - [29/Mar/2020:10:54:05 +0800] "GET /xingrg/javascript/easyui/easyloader.js HTTP/1.1" 200 5975
114.86.229.141 - - [29/Mar/2020:10:54:05 +0800] "GET /xingrg/javascript/jquery.cookie.js HTTP/1.1" 200 5513
114.86.229.141 - - [29/Mar/2020:10:54:05 +0800] "GET /xingrg/javascript/print/LodopFuncs.js HTTP/1.1" 200 5121
114.86.229.141 - - [29/Mar/2020:10:54:05 +0800] "GET /xingrg/javascript/auto/jquery.autocomplete.js HTTP/1.1" 200 21624
114.86.229.141 - - [29/Mar/2020:10:54:06 +0800] "GET /xingrg/javascript/easyui/themes/icons/check_new.png HTTP/1.1" 200 3224
114.86.229.141 - - [29/Mar/2020:10:54:06 +0800] "GET /xingrg/javascript/easyui/themes/icons/edit_add_new.png HTTP/1.1" 200 2997
114.86.229.141 - - [29/Mar/2020:10:54:06 +0800] "GET /xingrg/javascript/easyui/themes/icons/cance_new.png HTTP/1.1" 200 3986
114.86.229.141 - - [29/Mar/2020:10:54:06 +0800] "GET /xingrg/javascript/easyui/themes/icons/field_new.png HTTP/1.1" 200 1097
114.86.229.141 - - [29/Mar/2020:10:54:06 +0800] "GET /xingrg/javascript/easyui/themes/icons/import_new.png HTTP/1.1" 200 1247
114.86.229.141 - - [29/Mar/2020:10:54:06 +0800] "GET /xingrg/javascript/easyui/plugins/jquery.parser.js HTTP/1.1" 200 1142
114.86.229.141 - - [29/Mar/2020:10:54:06 +0800] "GET /xingrg/images/control/ajaxLoader.gif HTTP/1.1" 200 4659
114.86.229.141 - - [29/Mar/2020:10:54:06 +0800] "POST /xingrg/kc/buy/cgsh_list_operate.html HTTP/1.1" 200 1679
114.86.229.141 - - [29/Mar/2020:10:54:07 +0800] "GET /xingrg/javascript/easyui/themes/default/images/button_plain_hover.png HTTP/1.1" 200 144
172.17.0.100 - - [29/Mar/2020:10:54:07 +0800] "GET /xingrg/all/function/internal_message.html?_=1585450635574&CODE_STATE=getMsg HTTP/1.1" 200 27
114.86.229.141 - - [29/Mar/2020:10:54:08 +0800] "GET /xingrg/javascript/convert.js HTTP/1.1" 200 1239
114.86.229.141 - - [29/Mar/2020:10:54:08 +0800] "GET /xingrg/javascript/json2.js HTTP/1.1" 200 11259
114.86.229.141 - - [29/Mar/2020:10:54:08 +0800] "GET /xingrg/javascript/jquery_tools/order_manager.js HTTP/1.1" 200 11183
114.86.229.141 - - [29/Mar/2020:10:54:08 +0800] "GET /xingrg/javascript/print/kc_print.js HTTP/1.1" 200 11415
114.86.229.141 - - [29/Mar/2020:10:54:08 +0800] "GET /xingrg/kc/buy/cgsh_order_add.html HTTP/1.1" 200 57901
114.86.229.141 - - [29/Mar/2020:10:54:08 +0800] "GET /xingrg/words/20200328152550_words.js HTTP/1.1" 200 718008
114.86.229.141 - - [29/Mar/2020:10:54:08 +0800] "GET /xingrg/javascript/easyui/themes/icons/copy_new.png HTTP/1.1" 200 815
114.86.229.141 - - [29/Mar/2020:10:54:08 +0800] "GET /xingrg/javascript/easyui/themes/icons/print.png HTTP/1.1" 200 1057
114.86.229.141 - - [29/Mar/2020:10:54:08 +0800] "GET /xingrg/javascript/easyui/themes/default/images/menu_downarrow.png HTTP/1.1" 200 173
114.86.229.141 - - [29/Mar/2020:10:54:08 +0800] "GET /xingrg/javascript/easyui/themes/icons/ok.png HTTP/1.1" 200 883
114.86.229.141 - - [29/Mar/2020:10:54:08 +0800] "GET /xingrg/javascript/easyui/themes/icons/template_new.png HTTP/1.1" 200 3956
114.86.229.141 - - [29/Mar/2020:10:54:08 +0800] "GET /xingrg/javascript/easyui/themes/icons/cancel.png HTTP/1.1" 200 1133
114.86.229.141 - - [29/Mar/2020:10:54:08 +0800] "POST /xingrg/kc/buy/cgsh_order_operate.html HTTP/1.1" 200 8245
114.86.229.141 - - [29/Mar/2020:10:54:08 +0800] "GET /xingrg/all/common/auto_word.html?type=employee&rest_code=00109 HTTP/1.1" 200 255
114.86.229.141 - - [29/Mar/2020:10:54:08 +0800] "GET /xingrg/all/common/auto_word.html?type=employee&rest_code=00109 HTTP/1.1" 200 255
114.86.229.141 - - [29/Mar/2020:10:54:08 +0800] "GET /xingrg/javascript/easyui/themes/icons/edit_remove.png HTTP/1.1" 200 625
114.86.229.141 - - [29/Mar/2020:10:54:08 +0800] "GET /xingrg/javascript/easyui/themes/default/validatebox.css HTTP/1.1" 404 1104
114.86.229.141 - - [29/Mar/2020:10:54:08 +0800] "GET /xingrg/javascript/easyui/plugins/jquery.validatebox.js HTTP/1.1" 200 6103
114.86.229.141 - - [29/Mar/2020:10:54:09 +0800] "GET /xingrg/javascript/easyui/plugins/jquery.numberbox.js HTTP/1.1" 200 5213
117.185.32.26 - - [29/Mar/2020:10:54:09 +0800] "GET /xingrg/kc/buy/cgsh_order_operate.html?command=get_materiel&rest_code=00106&code=00101008083&supplier_code=00100007&order_time=2020-03-29 HTTP/1.1" 200 427
222.70.183.62 - - [29/Mar/2020:10:54:12 +0800] "GET /xingrg/kc/buy/cgsh_order_operate.html?command=get_materiel&rest_code=00111&code=00101005022&supplier_code=00100347&order_time=2020-03-29 HTTP/1.1" 200 417
222.70.183.62 - - [29/Mar/2020:10:54:12 +0800] "GET /xingrg/all/function/internal_message.html?_=1585450452961&CODE_STATE=getMsg HTTP/1.1" 302 -
114.86.229.141 - - [29/Mar/2020:10:54:12 +0800] "GET /xingrg/javascript/jquery_tools/images/prev.gif HTTP/1.1" 404 1086
114.86.229.141 - - [29/Mar/2020:10:54:12 +0800] "GET /xingrg/javascript/jquery_tools/images/next.gif HTTP/1.1" 404 1086
117.185.32.26 - - [29/Mar/2020:10:54:12 +0800] "POST /xingrg/all/common/load_select.html HTTP/1.1" 200 25
117.185.32.26 - - [29/Mar/2020:10:54:14 +0800] "GET /xingrg/kc/buy/cgsh_order_operate.html?command=get_materiel_price&rest_code=00106&code=00101008083&unit_code=00100026&supplier_code=00100007&order_time=2020-03-29 HTTP/1.1" 200 27
180.157.252.250 - - [29/Mar/2020:10:54:16 +0800] "GET /xingrg/all/function/internal_message.html?_=1585450455782&CODE_STATE=getMsg HTTP/1.1" 200 27
114.86.229.141 - - [29/Mar/2020:10:54:18 +0800] "GET /xingrg/kc/buy/cgsh_order_operate.html?command=get_materiel&rest_code=00109&code=00101012010&supplier_code=00100035&order_time=2020-03-29 HTTP/1.1" 200 429
172.17.0.101 - - [29/Mar/2020:10:54:19 +0800] "GET /xingrg/all/function/internal_message.html?_=1585450459246&CODE_STATE=getMsg HTTP/1.1" 200 27
180.162.232.172 - - [29/Mar/2020:10:54:19 +0800] "POST /xingrg/dwr/call/plaincall/AjaxQqpsService.checkOrder.dwr HTTP/1.1" 200 78
222.70.183.62 - - [29/Mar/2020:10:54:20 +0800] "GET /xingrg/kc/buy/cgsh_order_operate.html?command=get_materiel&rest_code=00111&code=00102002167&supplier_code=00100347&order_time=2020-03-29 HTTP/1.1" 200 409
180.162.232.172 - - [29/Mar/2020:10:54:20 +0800] "GET /xingrg/kc/mdqp/qqps_order_info.html?code=302020032900121 HTTP/1.1" 200 27410
180.162.232.172 - - [29/Mar/2020:10:54:20 +0800] "GET /xingrg/dwr/interface/AjaxComOrderService.js HTTP/1.1" 200 18264
180.162.232.172 - - [29/Mar/2020:10:54:20 +0800] "GET /xingrg/dwr/interface/AjaxQqpsService.js HTTP/1.1" 200 16326
180.162.232.172 - - [29/Mar/2020:10:54:20 +0800] "GET /xingrg/dwr/engine.js HTTP/1.1" 200 43631
180.162.232.172 - - [29/Mar/2020:10:54:21 +0800] "GET /xingrg/check_reg.html?_=1585450462410 HTTP/1.1" 200 22
180.162.232.172 - - [29/Mar/2020:10:54:21 +0800] "GET /xingrg/all/function/internal_message.html?_=1585450462412&CODE_STATE=getMsg HTTP/1.1" 200 27
180.162.232.172 - - [29/Mar/2020:10:54:21 +0800] "POST /xingrg/dwr/call/plaincall/AjaxQqpsService.loadMaterielItems.dwr HTTP/1.1" 200 663
114.86.229.141 - - [29/Mar/2020:10:54:24 +0800] "GET /xingrg/kc/buy/cgsh_order_operate.html?command=get_materiel&rest_code=00109&code=00101016010&supplier_code=00100035&order_time=2020-03-29 HTTP/1.1" 200 408
117.185.32.26 - - [29/Mar/2020:10:54:24 +0800] "GET /xingrg/kc/buy/cgsh_order_operate.html?command=get_materiel&rest_code=00106&code=00101008003&supplier_code=00100007&order_time=2020-03-29 HTTP/1.1" 200 408
180.162.232.172 - - [29/Mar/2020:10:54:25 +0800] "GET /xingrg/kc/mdqp/qqps_order_list.html?isBack=1 HTTP/1.1" 200 10088
180.162.232.172 - - [29/Mar/2020:10:54:25 +0800] "GET /xingrg/dwr/interface/AjaxReportQueryService.js HTTP/1.1" 200 13203
180.162.232.172 - - [29/Mar/2020:10:54:25 +0800] "GET /xingrg/dwr/interface/AjaxQqpsService.js HTTP/1.1" 200 16326
180.162.232.172 - - [29/Mar/2020:10:54:25 +0800] "GET /xingrg/dwr/engine.js HTTP/1.1" 200 43631
117.185.32.26 - - [29/Mar/2020:10:54:27 +0800] "POST /xingrg/kc/buy/cgsh_order_operate.html HTTP/1.1" 200 2065
114.86.229.141 - - [29/Mar/2020:10:54:28 +0800] "GET /xingrg/kc/buy/cgsh_order_operate.html?command=get_materiel&rest_code=00109&code=00101012030&supplier_code=00100035&order_time=2020-03-29 HTTP/1.1" 200 416
222.70.183.62 - - [29/Mar/2020:10:54:30 +0800] "GET /xingrg/kc/buy/cgsh_order_operate.html?command=get_materiel&rest_code=00111&code=00101002013&supplier_code=00100347&order_time=2020-03-29 HTTP/1.1" 200 414
117.185.32.26 - - [29/Mar/2020:10:54:31 +0800] "GET /xingrg/kc/buy/cgsh_order_operate.html?command=get_materiel&rest_code=00106&code=00101008361&supplier_code=00100007&order_time=2020-03-29 HTTP/1.1" 200 408
114.86.229.141 - - [29/Mar/2020:10:54:34 +0800] "GET /xingrg/kc/buy/cgsh_order_operate.html?command=get_materiel&rest_code=00109&code=00101016105&supplier_code=00100035&order_time=2020-03-29 HTTP/1.1" 200 409
222.69.131.116 - - [29/Mar/2020:10:54:39 +0800] "GET /xingrg/all/function/internal_message.html?_=1585450479200&CODE_STATE=getMsg HTTP/1.1" 200 27
180.156.150.85 - - [29/Mar/2020:10:54:41 +0800] "GET /xingrg/all/function/internal_message.html?_=1585450481254&CODE_STATE=getMsg HTTP/1.1" 200 27
117.185.32.26 - - [29/Mar/2020:10:54:44 +0800] "GET /xingrg/kc/buy/cgsh_order_operate.html?command=get_materiel&rest_code=00106&code=00101008321&supplier_code=00100007&order_time=2020-03-29 HTTP/1.1" 200 412
117.184.7.30 - - [29/Mar/2020:10:54:46 +0800] "GET /xingrg/all/function/internal_message.html?_=1585450485872&CODE_STATE=getMsg HTTP/1.1" 200 27
116.235.222.53 - - [29/Mar/2020:10:54:46 +0800] "GET /xingrg/all/function/internal_message.html?_=1585450486633&CODE_STATE=getMsg HTTP/1.1" 200 27
114.86.229.141 - - [29/Mar/2020:10:54:46 +0800] "POST /xingrg/kc/buy/cgsh_order_operate.html HTTP/1.1" 200 37
117.131.5.26 - - [29/Mar/2020:10:54:47 +0800] "GET /xingrg/all/function/internal_message.html?_=1585450487152&CODE_STATE=getMsg HTTP/1.1" 200 27
114.86.229.141 - - [29/Mar/2020:10:54:47 +0800] "POST /xingrg/kc/buy/cgsh_order_operate.html HTTP/1.1" 200 4420
222.70.183.62 - - [29/Mar/2020:10:54:48 +0800] "GET /xingrg/kc/buy/cgsh_order_operate.html?command=get_materiel&rest_code=00111&code=00101010574&supplier_code=00100347&order_time=2020-03-29 HTTP/1.1" 200 395
114.86.229.141 - - [29/Mar/2020:10:54:50 +0800] "GET /xingrg/kc/print/load_config.html?kc_code=cgsh HTTP/1.1" 200 1841
116.224.247.222 - - [29/Mar/2020:10:54:50 +0800] "GET /xingrg/all/function/internal_message.html?_=1585450669781&CODE_STATE=getMsg HTTP/1.1" 200 27
114.86.229.141 - - [29/Mar/2020:10:54:50 +0800] "GET /xingrg/kc/print/load_data.html?order_code=212020032903552&kc_code=cgsh&condition= HTTP/1.1" 200 1349
116.235.222.53 - - [29/Mar/2020:10:54:51 +0800] "POST /xingrg/services/DataTransmitService HTTP/1.1" 200 524
114.84.33.255 - - [29/Mar/2020:10:54:51 +0800] "GET /xingrg/all/function/internal_message.html?_=1585450494668&CODE_STATE=getMsg HTTP/1.1" 200 27
120.204.17.68 - - [29/Mar/2020:10:54:53 +0800] "GET /xingrg/all/function/internal_message.html?_=1585450427146&CODE_STATE=count HTTP/1.1" 302 -
117.185.32.26 - - [29/Mar/2020:10:54:55 +0800] "GET /xingrg/kc/buy/cgsh_order_operate.html?command=get_materiel&rest_code=00106&code=00101008108&supplier_code=00100007&order_time=2020-03-29 HTTP/1.1" 200 412
116.235.222.53 - - [29/Mar/2020:10:54:55 +0800] "POST /xingrg/services/DataTransmitService HTTP/1.1" 200 501
222.70.183.62 - - [29/Mar/2020:10:54:57 +0800] "GET /xingrg/check_reg.html?_=1585450497736 HTTP/1.1" 302 -
120.204.17.68 - - [29/Mar/2020:10:54:58 +0800] "GET /xingrg/login.html HTTP/1.1" 200 7641
222.70.183.62 - - [29/Mar/2020:10:55:00 +0800] "POST /xingrg/kc/buy/cgsh_order_operate.html HTTP/1.1" 200 37
117.185.32.26 - - [29/Mar/2020:10:55:00 +0800] "GET /xingrg/all/function/internal_message.html?_=1585450500582&CODE_STATE=getMsg HTTP/1.1" 200 27
117.185.32.26 - - [29/Mar/2020:10:55:00 +0800] "GET /xingrg/check_reg.html?_=1585450500581 HTTP/1.1" 200 22
222.70.183.62 - - [29/Mar/2020:10:55:01 +0800] "POST /xingrg/kc/buy/cgsh_order_operate.html HTTP/1.1" 200 5027
222.70.183.62 - - [29/Mar/2020:10:55:01 +0800] "GET /xingrg/all/function/internal_message.html?_=1585450806929&CODE_STATE=getMsg HTTP/1.1" 200 27
114.86.229.141 - - [29/Mar/2020:10:55:01 +0800] "GET /xingrg/all/function/internal_message.html?_=1585450527158&CODE_STATE=getMsg HTTP/1.1" 200 27
114.86.229.141 - - [29/Mar/2020:10:55:01 +0800] "GET /xingrg/kc/buy/cgsh_order_add.html HTTP/1.1" 200 57901
114.86.229.141 - - [29/Mar/2020:10:55:01 +0800] "POST /xingrg/kc/buy/cgsh_order_operate.html HTTP/1.1" 200 8245
114.86.229.141 - - [29/Mar/2020:10:55:01 +0800] "GET /xingrg/all/common/auto_word.html?type=employee&rest_code=00109 HTTP/1.1" 200 255
114.86.229.141 - - [29/Mar/2020:10:55:01 +0800] "GET /xingrg/all/common/auto_word.html?type=employee&rest_code=00109 HTTP/1.1" 200 255
114.86.229.141 - - [29/Mar/2020:10:55:01 +0800] "GET /xingrg/javascript/easyui/themes/default/validatebox.css HTTP/1.1" 404 1104
222.70.183.62 - - [29/Mar/2020:10:55:02 +0800] "GET /xingrg/kc/print/load_data.html?order_code=212020032903553&kc_code=cgsh&condition= HTTP/1.1" 200 1569
120.204.17.70 - - [29/Mar/2020:10:55:05 +0800] "GET /xingrg/index.html?sysBaseUrl=http://180.169.147.146:18081/xingrg/&costTime=32×tamp=1585450426993 HTTP/1.1" 302 -
114.86.229.141 - - [29/Mar/2020:10:55:05 +0800] "GET /xingrg/javascript/jquery_tools/images/prev.gif HTTP/1.1" 404 1086
114.86.229.141 - - [29/Mar/2020:10:55:05 +0800] "GET /xingrg/javascript/jquery_tools/images/next.gif HTTP/1.1" 404 1086
183.192.164.85 - - [29/Mar/2020:10:55:06 +0800] "GET /xingrg/system/rest/query_items.html?_=1585450438824&table=menu&page=1&rows=20&categoryId=&key= HTTP/1.1" 302 -
172.17.0.100 - - [29/Mar/2020:10:55:07 +0800] "GET /xingrg/all/function/internal_message.html?_=1585450695576&CODE_STATE=getMsg HTTP/1.1" 200 27
117.185.32.26 - - [29/Mar/2020:10:55:07 +0800] "POST /xingrg/kc/buy/cgsh_order_operate.html HTTP/1.1" 200 37
117.185.32.26 - - [29/Mar/2020:10:55:08 +0800] "POST /xingrg/kc/buy/cgsh_order_operate.html HTTP/1.1" 200 15114
120.204.17.70 - - [29/Mar/2020:10:55:09 +0800] "GET /xingrg/login.html HTTP/1.1" 200 7641
114.86.229.141 - - [29/Mar/2020:10:55:10 +0800] "GET /xingrg/kc/buy/cgsh_order_operate.html?command=get_materiel&rest_code=00109&code=00101009045&supplier_code=00100022&order_time=2020-03-29 HTTP/1.1" 200 412
222.70.183.62 - - [29/Mar/2020:10:55:12 +0800] "GET /xingrg/all/function/internal_message.html?_=1585450512984&CODE_STATE=getMsg HTTP/1.1" 302 -
183.192.164.85 - - [29/Mar/2020:10:55:14 +0800] "GET /xingrg/login.html HTTP/1.1" 200 7641
117.185.32.26 - - [29/Mar/2020:10:55:15 +0800] "GET /xingrg/kc/buy/cgsh_order_operate.html?command=get_materiel&rest_code=00106&code=00101008295&supplier_code=00100007&order_time=2020-03-29 HTTP/1.1" 200 412
180.157.252.250 - - [29/Mar/2020:10:55:16 +0800] "GET /xingrg/all/function/internal_message.html?_=1585450515788&CODE_STATE=getMsg HTTP/1.1" 200 27
114.86.229.141 - - [29/Mar/2020:10:55:18 +0800] "GET /xingrg/kc/buy/cgsh_order_operate.html?command=get_materiel&rest_code=00109&code=00101008418&supplier_code=00100022&order_time=2020-03-29 HTTP/1.1" 200 398
172.17.0.101 - - [29/Mar/2020:10:55:19 +0800] "GET /xingrg/all/function/internal_message.html?_=1585450519253&CODE_STATE=getMsg HTTP/1.1" 200 27
120.204.17.68 - - [29/Mar/2020:10:55:19 +0800] "GET /xingrg/system/rest/query_items.html?_=1585450438776&table=menu&page=1&rows=20&categoryId=&key= HTTP/1.1" 302 -
180.162.232.172 - - [29/Mar/2020:10:55:21 +0800] "GET /xingrg/all/function/internal_message.html?_=1585450522394&CODE_STATE=getMsg HTTP/1.1" 200 27
120.204.17.68 - - [29/Mar/2020:10:55:21 +0800] "GET /xingrg/login.html HTTP/1.1" 200 7641
114.86.229.141 - - [29/Mar/2020:10:55:22 +0800] "GET /xingrg/kc/buy/cgsh_order_operate.html?command=get_materiel&rest_code=00109&code=00101009011&supplier_code=00100022&order_time=2020-03-29 HTTP/1.1" 200 416
116.224.247.222 - - [29/Mar/2020:10:55:24 +0800] "POST /xingrg/kc/buy/cgsh_list_operate.html HTTP/1.1" 200 5742
222.69.131.116 - - [29/Mar/2020:10:55:39 +0800] "GET /xingrg/all/function/internal_message.html?_=1585450539185&CODE_STATE=getMsg HTTP/1.1" 200 27
180.156.150.85 - - [29/Mar/2020:10:55:41 +0800] "GET /xingrg/all/function/internal_message.html?_=1585450541252&CODE_STATE=getMsg HTTP/1.1" 200 27
117.184.7.30 - - [29/Mar/2020:10:55:46 +0800] "GET /xingrg/check_reg.html?_=1585450545872 HTTP/1.1" 200 22
117.184.7.30 - - [29/Mar/2020:10:55:46 +0800] "GET /xingrg/all/function/internal_message.html?_=1585450545875&CODE_STATE=getMsg HTTP/1.1" 200 27
116.235.222.53 - - [29/Mar/2020:10:55:46 +0800] "GET /xingrg/all/function/internal_message.html?_=1585450546623&CODE_STATE=getMsg HTTP/1.1" 200 27
117.131.5.26 - - [29/Mar/2020:10:55:47 +0800] "GET /xingrg/all/function/internal_message.html?_=1585450547166&CODE_STATE=getMsg HTTP/1.1" 200 27
116.224.247.222 - - [29/Mar/2020:10:55:50 +0800] "GET /xingrg/check_reg.html?_=1585450729762 HTTP/1.1" 200 22
116.224.247.222 - - [29/Mar/2020:10:55:50 +0800] "GET /xingrg/all/function/internal_message.html?_=1585450729785&CODE_STATE=getMsg HTTP/1.1" 200 27
114.84.33.255 - - [29/Mar/2020:10:55:51 +0800] "GET /xingrg/all/function/internal_message.html?_=1585450554681&CODE_STATE=getMsg HTTP/1.1" 200 27
114.86.229.141 - - [29/Mar/2020:10:55:52 +0800] "GET /xingrg/kc/buy/cgsh_order_operate.html?command=get_materiel&rest_code=00109&code=00101009016&supplier_code=00100022&order_time=2020-03-29 HTTP/1.1" 200 412
114.86.229.141 - - [29/Mar/2020:10:55:58 +0800] "GET /xingrg/all/function/internal_message.html?_=1585450587156&CODE_STATE=getMsg HTTP/1.1" 200 27
183.192.164.85 - - [29/Mar/2020:10:55:58 +0800] "GET /xingrg/all/function/internal_message.html?_=1585450487152&CODE_STATE=getMsg HTTP/1.1" 302 -
117.185.32.26 - - [29/Mar/2020:10:56:00 +0800] "GET /xingrg/all/function/internal_message.html?_=1585450560569&CODE_STATE=getMsg HTTP/1.1" 200 27
183.192.164.85 - - [29/Mar/2020:10:56:01 +0800] "GET /xingrg/login.html HTTP/1.1" 200 7641
222.70.183.62 - - [29/Mar/2020:10:56:01 +0800] "GET /xingrg/all/function/internal_message.html?_=1585450866908&CODE_STATE=getMsg HTTP/1.1" 200 27
101.91.62.65 - - [29/Mar/2020:10:56:03 +0800] "GET /xingrg/index.html?sysBaseUrl=http%3A%2F%2F180.169.147.146%3A18081%2Fxingrg%2F&costTime=34×tamp=1585450200136 HTTP/1.1" 302 -
116.224.247.222 - - [29/Mar/2020:10:56:04 +0800] "GET /xingrg/kc/base/wldb_order_list.html HTTP/1.1" 200 19252
116.224.247.222 - - [29/Mar/2020:10:56:04 +0800] "POST /xingrg/kc/base/wldb_list_operate.html HTTP/1.1" 200 928
116.224.247.222 - - [29/Mar/2020:10:56:06 +0800] "GET /xingrg/kc/base/wldb_order_add.html HTTP/1.1" 200 30309
116.224.247.222 - - [29/Mar/2020:10:56:06 +0800] "POST /xingrg/kc/base/wldb_order_operate.html HTTP/1.1" 200 6806
116.224.247.222 - - [29/Mar/2020:10:56:06 +0800] "GET /xingrg/all/common/auto_word.html?type=base&rest_code=00102 HTTP/1.1" 200 1503
116.224.247.222 - - [29/Mar/2020:10:56:06 +0800] "GET /xingrg/all/common/auto_word.html?type=base&rest_code=00102 HTTP/1.1" 200 1503
116.224.247.222 - - [29/Mar/2020:10:56:07 +0800] "GET /xingrg/javascript/easyui/themes/default/validatebox.css HTTP/1.1" 404 1104
172.17.0.100 - - [29/Mar/2020:10:56:07 +0800] "GET /xingrg/all/function/internal_message.html?_=1585450755580&CODE_STATE=getMsg HTTP/1.1" 200 27
116.224.247.222 - - [29/Mar/2020:10:56:08 +0800] "POST /xingrg/all/common/load_combo.html?type=base HTTP/1.1" 200 2702
116.224.247.222 - - [29/Mar/2020:10:56:10 +0800] "POST /xingrg/all/common/load_combo.html?type=base HTTP/1.1" 200 2702
101.91.62.65 - - [29/Mar/2020:10:56:10 +0800] "GET /xingrg/login.html HTTP/1.1" 200 7641
222.70.183.62 - - [29/Mar/2020:10:56:12 +0800] "GET /xingrg/all/function/internal_message.html?_=1585450572989&CODE_STATE=getMsg HTTP/1.1" 302 -
117.185.32.26 - - [29/Mar/2020:10:56:13 +0800] "GET /xingrg/kc/buy/cgsh_order_operate.html?command=get_materiel&rest_code=00106&code=00101008350&supplier_code=00100007&order_time=2020-03-29 HTTP/1.1" 200 408
114.86.229.141 - - [29/Mar/2020:10:56:14 +0800] "POST /xingrg/kc/buy/cgsh_order_operate.html HTTP/1.1" 200 37
114.86.229.141 - - [29/Mar/2020:10:56:14 +0800] "POST /xingrg/kc/buy/cgsh_order_operate.html HTTP/1.1" 200 3841
114.86.229.141 - - [29/Mar/2020:10:56:16 +0800] "GET /xingrg/kc/print/load_config.html?kc_code=cgsh HTTP/1.1" 200 1841
114.86.229.141 - - [29/Mar/2020:10:56:16 +0800] "GET /xingrg/kc/print/load_data.html?order_code=212020032903555&kc_code=cgsh&condition= HTTP/1.1" 200 1146
172.17.0.101 - - [29/Mar/2020:10:56:19 +0800] "GET /xingrg/all/function/internal_message.html?_=1585450579264&CODE_STATE=getMsg HTTP/1.1" 200 27
114.86.229.141 - - [29/Mar/2020:10:56:20 +0800] "GET /xingrg/kc/buy/cgsh_order_add.html HTTP/1.1" 200 57901
114.86.229.141 - - [29/Mar/2020:10:56:21 +0800] "POST /xingrg/kc/buy/cgsh_order_operate.html HTTP/1.1" 200 8245
114.86.229.141 - - [29/Mar/2020:10:56:21 +0800] "GET /xingrg/all/common/auto_word.html?type=employee&rest_code=00109 HTTP/1.1" 200 255
114.86.229.141 - - [29/Mar/2020:10:56:21 +0800] "GET /xingrg/all/common/auto_word.html?type=employee&rest_code=00109 HTTP/1.1" 200 255
114.86.229.141 - - [29/Mar/2020:10:56:21 +0800] "GET /xingrg/javascript/easyui/themes/default/validatebox.css HTTP/1.1" 404 1104
180.162.232.172 - - [29/Mar/2020:10:56:21 +0800] "GET /xingrg/all/function/internal_message.html?_=1585450582367&CODE_STATE=getMsg HTTP/1.1" 200 27
117.185.32.26 - - [29/Mar/2020:10:56:21 +0800] "GET /xingrg/kc/buy/cgsh_order_operate.html?command=get_materiel&rest_code=00106&code=00101008185&supplier_code=00100007&order_time=2020-03-29 HTTP/1.1" 200 408
114.86.229.141 - - [29/Mar/2020:10:56:23 +0800] "GET /xingrg/javascript/jquery_tools/images/prev.gif HTTP/1.1" 404 1086
114.86.229.141 - - [29/Mar/2020:10:56:23 +0800] "GET /xingrg/javascript/jquery_tools/images/next.gif HTTP/1.1" 404 1086
116.224.247.222 - - [29/Mar/2020:10:56:26 +0800] "GET /xingrg/kc/base/wldb_order_operate.html?command=get_materiel&rest_code=00102&base_code=0010476&code=00101019134 HTTP/1.1" 200 466
114.86.229.141 - - [29/Mar/2020:10:56:27 +0800] "GET /xingrg/kc/buy/cgsh_order_operate.html?command=get_materiel&rest_code=00109&code=00101001037&supplier_code=00100090&order_time=2020-03-29 HTTP/1.1" 200 414
117.185.32.26 - - [29/Mar/2020:10:56:29 +0800] "GET /xingrg/kc/buy/cgsh_order_operate.html?command=get_materiel&rest_code=00106&code=00101008354&supplier_code=00100007&order_time=2020-03-29 HTTP/1.1" 200 412
116.224.247.222 - - [29/Mar/2020:10:56:32 +0800] "GET /xingrg/kc/base/wldb_order_operate.html?command=get_materiel&rest_code=00102&base_code=0010476&code=00101019391 HTTP/1.1" 200 471
114.86.229.141 - - [29/Mar/2020:10:56:32 +0800] "GET /xingrg/kc/buy/cgsh_order_operate.html?command=get_materiel&rest_code=00109&code=00101001140&supplier_code=00100090&order_time=2020-03-29 HTTP/1.1" 200 435
117.185.32.26 - - [29/Mar/2020:10:56:33 +0800] "POST /xingrg/kc/buy/cgsh_order_operate.html HTTP/1.1" 200 2065
116.224.247.222 - - [29/Mar/2020:10:56:36 +0800] "GET /xingrg/kc/base/wldb_order_operate.html?command=get_materiel&rest_code=00102&base_code=0010476&code=00101019438 HTTP/1.1" 200 447
114.86.229.141 - - [29/Mar/2020:10:56:37 +0800] "GET /xingrg/kc/buy/cgsh_order_operate.html?command=get_materiel&rest_code=00109&code=00101001125&supplier_code=00100090&order_time=2020-03-29 HTTP/1.1" 200 435
117.185.32.26 - - [29/Mar/2020:10:56:38 +0800] "GET /xingrg/kc/buy/cgsh_order_operate.html?command=get_materiel&rest_code=00106&code=00101008096&supplier_code=00100007&order_time=2020-03-29 HTTP/1.1" 200 412
222.69.131.116 - - [29/Mar/2020:10:56:39 +0800] "GET /xingrg/all/function/internal_message.html?_=1585450599169&CODE_STATE=getMsg HTTP/1.1" 200 27
116.224.247.222 - - [29/Mar/2020:10:56:40 +0800] "GET /xingrg/kc/base/wldb_order_operate.html?command=get_materiel&rest_code=00102&base_code=0010476&code=00101013011 HTTP/1.1" 200 451
180.156.150.85 - - [29/Mar/2020:10:56:41 +0800] "GET /xingrg/all/function/internal_message.html?_=1585450601253&CODE_STATE=getMsg HTTP/1.1" 200 27
180.156.150.85 - - [29/Mar/2020:10:56:41 +0800] "GET /xingrg/check_reg.html?_=1585450601271 HTTP/1.1" 200 22
116.235.222.53 - - [29/Mar/2020:10:56:45 +0800] "GET /xingrg/check_reg.html?_=1585450606079 HTTP/1.1" 200 22
117.184.7.30 - - [29/Mar/2020:10:56:46 +0800] "GET /xingrg/all/function/internal_message.html?_=1585450605860&CODE_STATE=getMsg HTTP/1.1" 200 27
116.224.247.222 - - [29/Mar/2020:10:56:46 +0800] "GET /xingrg/kc/base/wldb_order_operate.html?command=get_materiel&rest_code=00102&base_code=0010476&code=00101019529 HTTP/1.1" 200 475
116.235.222.53 - - [29/Mar/2020:10:56:46 +0800] "GET /xingrg/all/function/internal_message.html?_=1585450606602&CODE_STATE=getMsg HTTP/1.1" 200 27
117.131.5.26 - - [29/Mar/2020:10:56:47 +0800] "GET /xingrg/all/function/internal_message.html?_=1585450607183&CODE_STATE=getMsg HTTP/1.1" 200 27
117.185.32.26 - - [29/Mar/2020:10:56:48 +0800] "GET /xingrg/kc/buy/cgsh_order_operate.html?command=get_materiel&rest_code=00106&code=00101008283&supplier_code=00100007&order_time=2020-03-29 HTTP/1.1" 200 410
120.204.17.70 - - [29/Mar/2020:10:56:50 +0800] "GET /xingrg/all/function/internal_message.html?_=1585450547166&CODE_STATE=getMsg HTTP/1.1" 302 -
116.224.247.222 - - [29/Mar/2020:10:56:50 +0800] "GET /xingrg/all/function/internal_message.html?_=1585450789798&CODE_STATE=getMsg HTTP/1.1" 200 27
114.84.33.255 - - [29/Mar/2020:10:56:52 +0800] "GET /xingrg/all/function/internal_message.html?_=1585450615040&CODE_STATE=getMsg HTTP/1.1" 200 27
114.86.229.141 - - [29/Mar/2020:10:56:56 +0800] "GET /xingrg/all/function/internal_message.html?_=1585450648503&CODE_STATE=getMsg HTTP/1.1" 200 27
114.86.229.141 - - [29/Mar/2020:10:56:58 +0800] "POST /xingrg/kc/buy/cgsh_order_operate.html HTTP/1.1" 200 37
117.185.32.26 - - [29/Mar/2020:10:56:58 +0800] "GET /xingrg/kc/buy/cgsh_order_operate.html?command=get_materiel&rest_code=00106&code=00101008224&supplier_code=00100007&order_time=2020-03-29 HTTP/1.1" 200 416
114.86.229.141 - - [29/Mar/2020:10:56:59 +0800] "POST /xingrg/kc/buy/cgsh_order_operate.html HTTP/1.1" 200 3855
120.204.17.70 - - [29/Mar/2020:10:56:59 +0800] "GET /xingrg/login.html HTTP/1.1" 200 7641
114.86.229.141 - - [29/Mar/2020:10:57:00 +0800] "GET /xingrg/kc/print/load_config.html?kc_code=cgsh HTTP/1.1" 200 1841
117.185.32.26 - - [29/Mar/2020:10:57:00 +0800] "GET /xingrg/all/function/internal_message.html?_=1585450620575&CODE_STATE=getMsg HTTP/1.1" 200 27
114.86.229.141 - - [29/Mar/2020:10:57:00 +0800] "GET /xingrg/kc/print/load_data.html?order_code=212020032903556&kc_code=cgsh&condition= HTTP/1.1" 200 1187
222.70.183.62 - - [29/Mar/2020:10:57:01 +0800] "GET /xingrg/all/function/internal_message.html?_=1585450926882&CODE_STATE=getMsg HTTP/1.1" 200 27
114.86.229.141 - - [29/Mar/2020:10:57:04 +0800] "GET /xingrg/kc/buy/cgsh_order_add.html HTTP/1.1" 200 57901
114.86.229.141 - - [29/Mar/2020:10:57:04 +0800] "POST /xingrg/kc/buy/cgsh_order_operate.html HTTP/1.1" 200 8245
114.86.229.141 - - [29/Mar/2020:10:57:04 +0800] "GET /xingrg/all/common/auto_word.html?type=employee&rest_code=00109 HTTP/1.1" 200 255
114.86.229.141 - - [29/Mar/2020:10:57:04 +0800] "GET /xingrg/all/common/auto_word.html?type=employee&rest_code=00109 HTTP/1.1" 200 255
114.86.229.141 - - [29/Mar/2020:10:57:04 +0800] "GET /xingrg/javascript/easyui/themes/default/validatebox.css HTTP/1.1" 404 1104
114.86.229.141 - - [29/Mar/2020:10:57:06 +0800] "GET /xingrg/javascript/jquery_tools/images/prev.gif HTTP/1.1" 404 1086
114.86.229.141 - - [29/Mar/2020:10:57:06 +0800] "GET /xingrg/javascript/jquery_tools/images/next.gif HTTP/1.1" 404 1086
172.17.0.100 - - [29/Mar/2020:10:57:07 +0800] "GET /xingrg/all/function/internal_message.html?_=1585450815585&CODE_STATE=getMsg HTTP/1.1" 200 27
114.86.229.141 - - [29/Mar/2020:10:57:10 +0800] "GET /xingrg/kc/buy/cgsh_order_operate.html?command=get_materiel&rest_code=00109&code=00101004011&supplier_code=00100086&order_time=2020-03-29 HTTP/1.1" 200 415
222.70.183.62 - - [29/Mar/2020:10:57:12 +0800] "GET /xingrg/all/function/internal_message.html?_=1585450633017&CODE_STATE=getMsg HTTP/1.1" 302 -
172.17.0.101 - - [29/Mar/2020:10:57:19 +0800] "GET /xingrg/all/function/internal_message.html?_=1585450639253&CODE_STATE=getMsg HTTP/1.1" 200 27
58.40.7.146 - - [29/Mar/2020:10:57:20 +0800] "GET /xingrg/check_reg.html?_=1585450640495 HTTP/1.1" 200 22
117.185.32.26 - - [29/Mar/2020:10:57:20 +0800] "POST /xingrg/kc/buy/cgsh_order_operate.html HTTP/1.1" 200 2065
180.162.232.172 - - [29/Mar/2020:10:57:21 +0800] "GET /xingrg/all/function/internal_message.html?_=1585450642355&CODE_STATE=getMsg HTTP/1.1" 200 27
116.224.247.222 - - [29/Mar/2020:10:57:22 +0800] "GET /xingrg/kc/base/wldb_order_operate.html?command=get_materiel&rest_code=00102&base_code=0010476&code=00101019079 HTTP/1.1" 200 465
120.253.135.82 - - [29/Mar/2020:10:57:29 +0800] "GET /xingrg/login.html HTTP/1.1" 200 7641
120.253.135.82 - - [29/Mar/2020:10:57:29 +0800] "GET /xingrg/images/blue/jxLogo.png HTTP/1.1" 304 -
120.253.135.82 - - [29/Mar/2020:10:57:29 +0800] "GET /xingrg/images/blue/login_bg.png HTTP/1.1" 304 -
120.253.135.82 - - [29/Mar/2020:10:57:29 +0800] "GET /xingrg/images/blue/hj.png HTTP/1.1" 304 -
120.253.135.82 - - [29/Mar/2020:10:57:29 +0800] "GET /xingrg/images/blue/srbg.png HTTP/1.1" 304 -
120.253.135.82 - - [29/Mar/2020:10:57:29 +0800] "GET /favicon.ico HTTP/1.1" 404 -
120.253.135.82 - - [29/Mar/2020:10:57:31 +0800] "POST /xingrg/login.do HTTP/1.1" 302 -
120.253.135.82 - - [29/Mar/2020:10:57:31 +0800] "GET /xingrg/javascript/jquery_easy_ui/themes/default/easyui.css HTTP/1.1" 304 -
120.253.135.82 - - [29/Mar/2020:10:57:31 +0800] "GET /xingrg/javascript/jquery_easy_ui/themes/icon.css HTTP/1.1" 304 -
120.253.135.82 - - [29/Mar/2020:10:57:31 +0800] "GET /xingrg/index.html?sysBaseUrl=http%3A%2F%2F180.169.147.146%3A18081%2Fxingrg%2F&costTime=31×tamp=1585450651689 HTTP/1.1" 200 17503
120.253.135.82 - - [29/Mar/2020:10:57:31 +0800] "GET /xingrg/css/form.css HTTP/1.1" 304 -
120.253.135.82 - - [29/Mar/2020:10:57:31 +0800] "GET /xingrg/javascript/jquery.form.js HTTP/1.1" 304 -
120.253.135.82 - - [29/Mar/2020:10:57:31 +0800] "GET /xingrg/javascript/jquery-1.4.2.min.js HTTP/1.1" 304 -
120.253.135.82 - - [29/Mar/2020:10:57:31 +0800] "GET /xingrg/javascript/jquery.timers.js HTTP/1.1" 304 -
120.253.135.82 - - [29/Mar/2020:10:57:31 +0800] "GET /xingrg/javascript/jquery.utils.js HTTP/1.1" 304 -
120.253.135.82 - - [29/Mar/2020:10:57:31 +0800] "GET /xingrg/javascript/jquery_easy_ui/jquery.easyui.min.js HTTP/1.1" 304 -
120.253.135.82 - - [29/Mar/2020:10:57:31 +0800] "GET /favicon.ico HTTP/1.1" 404 -
120.253.135.82 - - [29/Mar/2020:10:57:32 +0800] "GET /xingrg/javascript/jquery_easy_ui/easyui-lang-zh_CN.js HTTP/1.1" 304 -
120.253.135.82 - - [29/Mar/2020:10:57:32 +0800] "GET /xingrg/javascript/jquery_easy_ui/themes/icons/settle_new.png HTTP/1.1" 304 -
120.253.135.82 - - [29/Mar/2020:10:57:32 +0800] "GET /xingrg/images/blue/navBackgound.jpg HTTP/1.1" 304 -
120.253.135.82 - - [29/Mar/2020:10:57:32 +0800] "GET /xingrg/images/blue/pingpu.png HTTP/1.1" 304 -
120.253.135.82 - - [29/Mar/2020:10:57:32 +0800] "GET /xingrg/javascript/jquery_easy_ui/themes/default/images/tabs_leftarrow.png HTTP/1.1" 304 -
120.253.135.82 - - [29/Mar/2020:10:57:32 +0800] "GET /xingrg/javascript/jquery_easy_ui/themes/default/images/tabs_rightarrow.png HTTP/1.1" 304 -
120.253.135.82 - - [29/Mar/2020:10:57:32 +0800] "POST /xingrg/all/common/load_tree.html?tree=area_rest_tree_json&manage=1 HTTP/1.1" 200 344
120.253.135.82 - - [29/Mar/2020:10:57:32 +0800] "GET /xingrg/javascript/jquery_easy_ui/themes/default/images/panel_tool_expand.gif HTTP/1.1" 304 -
120.253.135.82 - - [29/Mar/2020:10:57:32 +0800] "GET /xingrg/javascript/jquery_easy_ui/themes/default/images/panel_tool_collapse.gif HTTP/1.1" 304 -
120.253.135.82 - - [29/Mar/2020:10:57:32 +0800] "GET /xingrg/all/function/internal_message.html?_=1585450399407&CODE_STATE=count HTTP/1.1" 200 11
120.253.135.82 - - [29/Mar/2020:10:57:32 +0800] "GET /xingrg/check_reg.html?_=1585450399407 HTTP/1.1" 200 22
120.253.135.82 - - [29/Mar/2020:10:57:32 +0800] "GET /xingrg/javascript/jquery_easy_ui/themes/default/images/tree_arrows.gif HTTP/1.1" 304 -
120.253.135.82 - - [29/Mar/2020:10:57:32 +0800] "POST /xingrg/load_menu.html HTTP/1.1" 200 11564
120.253.135.82 - - [29/Mar/2020:10:57:32 +0800] "GET /xingrg/javascript/jquery_easy_ui/themes/default/images/tree_folder_open.gif HTTP/1.1" 304 -
120.253.135.82 - - [29/Mar/2020:10:57:32 +0800] "GET /xingrg/javascript/jquery_easy_ui/themes/icons/checkout_new.png HTTP/1.1" 304 -
120.253.135.82 - - [29/Mar/2020:10:57:32 +0800] "GET /xingrg/javascript/jquery_easy_ui/themes/icons/search_new.png HTTP/1.1" 304 -
120.253.135.82 - - [29/Mar/2020:10:57:32 +0800] "GET /xingrg/javascript/jquery_easy_ui/themes/icons/forms_new.png HTTP/1.1" 304 -
120.253.135.82 - - [29/Mar/2020:10:57:32 +0800] "GET /xingrg/javascript/jquery_easy_ui/themes/icons/storage_new.png HTTP/1.1" 304 -
120.253.135.82 - - [29/Mar/2020:10:57:32 +0800] "GET /xingrg/javascript/jquery_easy_ui/themes/icons/delivery_new.png HTTP/1.1" 304 -
120.253.135.82 - - [29/Mar/2020:10:57:32 +0800] "GET /xingrg/javascript/jquery_easy_ui/themes/icons/setting_new.png HTTP/1.1" 304 -
120.253.135.82 - - [29/Mar/2020:10:57:32 +0800] "GET /xingrg/javascript/jquery_easy_ui/themes/icons/systemset_new.png HTTP/1.1" 304 -
114.86.229.141 - - [29/Mar/2020:10:57:34 +0800] "GET /xingrg/kc/buy/cgsh_order_operate.html?command=get_materiel&rest_code=00109&code=00101004065&supplier_code=00100086&order_time=2020-03-29 HTTP/1.1" 200 433
120.253.135.82 - - [29/Mar/2020:10:57:34 +0800] "GET /xingrg/javascript/jquery_easy_ui/themes/default/images/tree_file.gif HTTP/1.1" 304 -
120.253.135.82 - - [29/Mar/2020:10:57:34 +0800] "GET /xingrg/javascript/jquery_easy_ui/themes/default/images/tree_folder.gif HTTP/1.1" 304 -
120.253.135.82 - - [29/Mar/2020:10:57:35 +0800] "GET /xingrg/javascript/jquery_easy_ui/themes/default/images/tabs_close.gif HTTP/1.1" 304 -
120.253.135.82 - - [29/Mar/2020:10:57:35 +0800] "GET /xingrg/css/blue.css HTTP/1.1" 304 -
120.253.135.82 - - [29/Mar/2020:10:57:35 +0800] "GET /xingrg/javascript/myfunction.js HTTP/1.1" 304 -
120.253.135.82 - - [29/Mar/2020:10:57:35 +0800] "GET /xingrg/dwr/util.js HTTP/1.1" 304 -
120.253.135.82 - - [29/Mar/2020:10:57:35 +0800] "GET /xingrg/javascript/Calendar.js HTTP/1.1" 304 -
120.253.135.82 - - [29/Mar/2020:10:57:35 +0800] "GET /xingrg/javascript/pic_change.js HTTP/1.1" 304 -
120.253.135.82 - - [29/Mar/2020:10:57:35 +0800] "GET /xingrg/dwr/interface/AjaxReportQueryService.js HTTP/1.1" 200 13203
120.253.135.82 - - [29/Mar/2020:10:57:35 +0800] "GET /xingrg/dwr/engine.js HTTP/1.1" 200 43631
120.253.135.82 - - [29/Mar/2020:10:57:35 +0800] "GET /xingrg/kc/pszx/mdqp_order_list.html?state=10 HTTP/1.1" 200 10924
