114.84.33.255 - - [29/Mar/2020:09:26:00 +0800] "GET /xingrg/kc/base/wldb_order_operate.html?command=get_materiel&rest_code=00146&base_code=0010063&code=00101007032 HTTP/1.1" 200 432
120.253.135.82 - - [29/Mar/2020:09:26:01 +0800] "POST /xingrg/login.do HTTP/1.1" 302 -
120.253.135.82 - - [29/Mar/2020:09:26:01 +0800] "GET /xingrg/javascript/jquery_easy_ui/themes/icon.css HTTP/1.1" 200 3949
120.253.135.82 - - [29/Mar/2020:09:26:01 +0800] "GET /xingrg/index.html?sysBaseUrl=http%3A%2F%2F180.169.147.146%3A18081%2Fxingrg%2F&costTime=31×tamp=1585445161631 HTTP/1.1" 200 17503
120.253.135.82 - - [29/Mar/2020:09:26:01 +0800] "GET /xingrg/javascript/jquery_easy_ui/easyui-lang-zh_CN.js HTTP/1.1" 200 1900
120.253.135.82 - - [29/Mar/2020:09:26:01 +0800] "GET /xingrg/javascript/jquery.timers.js HTTP/1.1" 200 3532
120.253.135.82 - - [29/Mar/2020:09:26:01 +0800] "GET /xingrg/javascript/jquery_easy_ui/jquery.easyui.min.js HTTP/1.1" 200 213662
120.253.135.82 - - [29/Mar/2020:09:26:01 +0800] "GET /xingrg/css/form.css HTTP/1.1" 200 893
120.253.135.82 - - [29/Mar/2020:09:26:01 +0800] "GET /xingrg/javascript/jquery.utils.js HTTP/1.1" 200 11805
120.253.135.82 - - [29/Mar/2020:09:26:01 +0800] "GET /xingrg/javascript/jquery_easy_ui/themes/default/easyui.css HTTP/1.1" 200 26500
120.253.135.82 - - [29/Mar/2020:09:26:01 +0800] "GET /xingrg/javascript/jquery.form.js HTTP/1.1" 200 23110
120.253.135.82 - - [29/Mar/2020:09:26:01 +0800] "GET /favicon.ico HTTP/1.1" 404 -
120.253.135.82 - - [29/Mar/2020:09:26:02 +0800] "GET /xingrg/javascript/jquery-1.4.2.min.js HTTP/1.1" 200 72205
120.253.135.82 - - [29/Mar/2020:09:26:02 +0800] "GET /xingrg/javascript/jquery_easy_ui/themes/icons/settle_new.png HTTP/1.1" 200 826
120.253.135.82 - - [29/Mar/2020:09:26:02 +0800] "GET /xingrg/images/blue/navBackgound.jpg HTTP/1.1" 200 12378
120.253.135.82 - - [29/Mar/2020:09:26:02 +0800] "GET /xingrg/images/blue/pingpu.png HTTP/1.1" 200 231
120.253.135.82 - - [29/Mar/2020:09:26:02 +0800] "POST /xingrg/all/common/load_tree.html?tree=area_rest_tree_json&manage=1 HTTP/1.1" 200 344
120.253.135.82 - - [29/Mar/2020:09:26:02 +0800] "GET /xingrg/javascript/jquery_easy_ui/themes/default/images/tabs_rightarrow.png HTTP/1.1" 200 395
120.253.135.82 - - [29/Mar/2020:09:26:02 +0800] "GET /xingrg/javascript/jquery_easy_ui/themes/default/images/tabs_leftarrow.png HTTP/1.1" 200 389
120.253.135.82 - - [29/Mar/2020:09:26:02 +0800] "GET /xingrg/javascript/jquery_easy_ui/themes/default/images/panel_tool_expand.gif HTTP/1.1" 200 247
120.253.135.82 - - [29/Mar/2020:09:26:02 +0800] "GET /xingrg/javascript/jquery_easy_ui/themes/default/images/panel_tool_collapse.gif HTTP/1.1" 200 246
120.253.135.82 - - [29/Mar/2020:09:26:02 +0800] "GET /xingrg/all/function/internal_message.html?_=1585444909441&CODE_STATE=count HTTP/1.1" 200 11
120.253.135.82 - - [29/Mar/2020:09:26:02 +0800] "GET /xingrg/check_reg.html?_=1585444909441 HTTP/1.1" 200 22
120.253.135.82 - - [29/Mar/2020:09:26:02 +0800] "POST /xingrg/load_menu.html HTTP/1.1" 200 11564
180.162.232.172 - - [29/Mar/2020:09:26:02 +0800] "GET /xingrg/kc/buy/cgsh_order_operate.html?command=get_materiel&rest_code=00150&code=00101008176&supplier_code=00100007&order_time=2020-03-29 HTTP/1.1" 200 413
120.253.135.82 - - [29/Mar/2020:09:26:02 +0800] "GET /xingrg/javascript/jquery_easy_ui/themes/default/images/tree_arrows.gif HTTP/1.1" 200 1043
120.253.135.82 - - [29/Mar/2020:09:26:02 +0800] "GET /xingrg/javascript/jquery_easy_ui/themes/default/images/tree_folder_open.gif HTTP/1.1" 200 956
120.253.135.82 - - [29/Mar/2020:09:26:02 +0800] "GET /xingrg/javascript/jquery_easy_ui/themes/icons/delivery_new.png HTTP/1.1" 200 700
120.253.135.82 - - [29/Mar/2020:09:26:02 +0800] "GET /xingrg/javascript/jquery_easy_ui/themes/icons/search_new.png HTTP/1.1" 200 586
120.253.135.82 - - [29/Mar/2020:09:26:02 +0800] "GET /xingrg/javascript/jquery_easy_ui/themes/icons/systemset_new.png HTTP/1.1" 200 606
120.253.135.82 - - [29/Mar/2020:09:26:02 +0800] "GET /xingrg/javascript/jquery_easy_ui/themes/icons/storage_new.png HTTP/1.1" 200 853
120.253.135.82 - - [29/Mar/2020:09:26:02 +0800] "GET /xingrg/javascript/jquery_easy_ui/themes/icons/forms_new.png HTTP/1.1" 200 350
120.253.135.82 - - [29/Mar/2020:09:26:02 +0800] "GET /xingrg/javascript/jquery_easy_ui/themes/icons/checkout_new.png HTTP/1.1" 200 744
120.253.135.82 - - [29/Mar/2020:09:26:02 +0800] "GET /xingrg/javascript/jquery_easy_ui/themes/icons/setting_new.png HTTP/1.1" 200 450
222.69.131.116 - - [29/Mar/2020:09:26:03 +0800] "GET /xingrg/kc/buy/cgsh_order_add.html HTTP/1.1" 200 57919
222.69.131.116 - - [29/Mar/2020:09:26:03 +0800] "POST /xingrg/kc/buy/cgsh_order_operate.html HTTP/1.1" 200 8245
222.69.131.116 - - [29/Mar/2020:09:26:03 +0800] "GET /xingrg/javascript/easyui/themes/default/validatebox.css HTTP/1.1" 404 1104
120.253.135.82 - - [29/Mar/2020:09:26:04 +0800] "GET /xingrg/javascript/jquery_easy_ui/themes/default/images/tree_file.gif HTTP/1.1" 200 118
120.253.135.82 - - [29/Mar/2020:09:26:04 +0800] "GET /xingrg/javascript/jquery_easy_ui/themes/default/images/tree_folder.gif HTTP/1.1" 200 952
120.253.135.82 - - [29/Mar/2020:09:26:05 +0800] "GET /xingrg/javascript/jquery_easy_ui/themes/default/images/tabs_close.gif HTTP/1.1" 200 829
120.253.135.82 - - [29/Mar/2020:09:26:05 +0800] "GET /xingrg/kc/pszx/mdqp_order_list.html?state=10 HTTP/1.1" 200 10079
120.253.135.82 - - [29/Mar/2020:09:26:05 +0800] "GET /xingrg/javascript/pic_change.js HTTP/1.1" 200 4739
120.253.135.82 - - [29/Mar/2020:09:26:05 +0800] "GET /xingrg/dwr/interface/AjaxQqpsService.js HTTP/1.1" 200 16326
120.253.135.82 - - [29/Mar/2020:09:26:05 +0800] "GET /xingrg/javascript/Calendar.js HTTP/1.1" 200 31561
120.253.135.82 - - [29/Mar/2020:09:26:05 +0800] "GET /xingrg/javascript/myfunction.js HTTP/1.1" 200 24559
120.253.135.82 - - [29/Mar/2020:09:26:05 +0800] "GET /xingrg/dwr/interface/AjaxReportQueryService.js HTTP/1.1" 200 13203
120.253.135.82 - - [29/Mar/2020:09:26:05 +0800] "GET /xingrg/dwr/util.js HTTP/1.1" 200 35990
120.253.135.82 - - [29/Mar/2020:09:26:05 +0800] "GET /xingrg/dwr/engine.js HTTP/1.1" 200 43631
120.253.135.82 - - [29/Mar/2020:09:26:06 +0800] "GET /xingrg/css/blue.css HTTP/1.1" 200 15949
120.253.135.82 - - [29/Mar/2020:09:26:06 +0800] "GET /xingrg/javascript/jquery_easy_ui/themes/icons/check_new.png HTTP/1.1" 200 3224
120.253.135.82 - - [29/Mar/2020:09:26:06 +0800] "GET /xingrg/javascript/jquery_easy_ui/themes/icons/uncheck_new.png HTTP/1.1" 200 3197
120.253.135.82 - - [29/Mar/2020:09:26:06 +0800] "GET /xingrg/javascript/jquery_easy_ui/themes/icons/back_new.png HTTP/1.1" 200 3414
120.253.135.82 - - [29/Mar/2020:09:26:08 +0800] "GET /xingrg/kc/pszx/jzcl_make.html HTTP/1.1" 200 11141
120.253.135.82 - - [29/Mar/2020:09:26:08 +0800] "GET /xingrg/javascript/step/step.css HTTP/1.1" 200 999
120.253.135.82 - - [29/Mar/2020:09:26:08 +0800] "GET /xingrg/css/table.css HTTP/1.1" 200 3684
120.253.135.82 - - [29/Mar/2020:09:26:08 +0800] "GET /xingrg/dwr/interface/AjaxReportQueryService.js HTTP/1.1" 200 13203
120.253.135.82 - - [29/Mar/2020:09:26:08 +0800] "GET /xingrg/javascript/tools/jquery.qtip-1.0.0-rc3.min.js HTTP/1.1" 200 38404
120.253.135.82 - - [29/Mar/2020:09:26:09 +0800] "GET /xingrg/dwr/engine.js HTTP/1.1" 200 43631
120.253.135.82 - - [29/Mar/2020:09:26:09 +0800] "GET /xingrg/javascript/step/images/navCurrentBtn.gif HTTP/1.1" 200 557
120.253.135.82 - - [29/Mar/2020:09:26:09 +0800] "GET /xingrg/javascript/step/images/navBtn.gif HTTP/1.1" 200 361
120.253.135.82 - - [29/Mar/2020:09:26:09 +0800] "GET /xingrg/javascript/jquery_easy_ui/themes/default/images/button_a_bg.gif HTTP/1.1" 200 1194
120.253.135.82 - - [29/Mar/2020:09:26:09 +0800] "GET /xingrg/javascript/jquery_easy_ui/themes/default/images/button_span_bg.gif HTTP/1.1" 200 2061
120.253.135.82 - - [29/Mar/2020:09:26:09 +0800] "GET /xingrg/javascript/jquery_easy_ui/themes/icons/search.png HTTP/1.1" 200 813
120.253.135.82 - - [29/Mar/2020:09:26:09 +0800] "GET /xingrg/javascript/jquery_easy_ui/themes/default/images/calendar_prevmonth.gif HTTP/1.1" 200 66
120.253.135.82 - - [29/Mar/2020:09:26:09 +0800] "GET /xingrg/javascript/jquery_easy_ui/themes/default/images/calendar_nextyear.gif HTTP/1.1" 200 75
120.253.135.82 - - [29/Mar/2020:09:26:09 +0800] "GET /xingrg/javascript/jquery_easy_ui/themes/default/images/calendar_prevyear.gif HTTP/1.1" 200 76
120.253.135.82 - - [29/Mar/2020:09:26:09 +0800] "GET /xingrg/javascript/jquery_easy_ui/themes/default/images/calendar_nextmonth.gif HTTP/1.1" 200 64
120.253.135.82 - - [29/Mar/2020:09:26:09 +0800] "GET /xingrg/images/control/ajaxLoader.gif HTTP/1.1" 200 4659
120.253.135.82 - - [29/Mar/2020:09:26:09 +0800] "GET /xingrg/javascript/jquery_easy_ui/themes/default/images/datagrid_header_bg.gif HTTP/1.1" 200 97
120.253.135.82 - - [29/Mar/2020:09:26:09 +0800] "GET /xingrg/javascript/jquery_easy_ui/themes/default/images/pagination_loading.gif HTTP/1.1" 200 1737
120.253.135.82 - - [29/Mar/2020:09:26:09 +0800] "POST /xingrg/kc/pszx/jzcl_make_operate.html HTTP/1.1" 200 2915
120.253.135.82 - - [29/Mar/2020:09:26:09 +0800] "POST /xingrg/kc/pszx/jzcl_make_operate.html HTTP/1.1" 200 2915
180.162.232.172 - - [29/Mar/2020:09:26:10 +0800] "GET /xingrg/kc/buy/cgsh_order_operate.html?command=get_materiel&rest_code=00150&code=00101008199&supplier_code=00100007&order_time=2020-03-29 HTTP/1.1" 200 408
222.70.183.62 - - [29/Mar/2020:09:26:10 +0800] "GET /xingrg/all/function/internal_message.html?_=1585445171375&CODE_STATE=getMsg HTTP/1.1" 302 -
114.84.33.255 - - [29/Mar/2020:09:26:13 +0800] "GET /xingrg/kc/base/wldb_order_operate.html?command=get_materiel&rest_code=00146&base_code=0010063&code=00101019391 HTTP/1.1" 200 470
180.162.232.172 - - [29/Mar/2020:09:26:16 +0800] "GET /xingrg/kc/buy/cgsh_order_operate.html?command=get_materiel&rest_code=00150&code=00101008144&supplier_code=00100007&order_time=2020-03-29 HTTP/1.1" 200 412
222.69.131.116 - - [29/Mar/2020:09:26:17 +0800] "GET /xingrg/all/function/internal_message.html?_=1585445177682&CODE_STATE=getMsg HTTP/1.1" 200 27
120.253.135.82 - - [29/Mar/2020:09:26:19 +0800] "GET /xingrg/javascript/jquery_easy_ui/themes/icons/area.png HTTP/1.1" 200 262
120.253.135.82 - - [29/Mar/2020:09:26:19 +0800] "GET /xingrg/javascript/jquery_easy_ui/themes/icons/manage.png HTTP/1.1" 200 696
180.162.232.172 - - [29/Mar/2020:09:26:20 +0800] "GET /xingrg/all/function/internal_message.html?_=1585445181745&CODE_STATE=getMsg HTTP/1.1" 200 27
120.253.135.82 - - [29/Mar/2020:09:26:20 +0800] "GET /xingrg/kc/pszx/mdqp_order_list.html?state=10 HTTP/1.1" 200 10079
120.253.135.82 - - [29/Mar/2020:09:26:21 +0800] "GET /xingrg/dwr/interface/AjaxQqpsService.js HTTP/1.1" 200 16326
120.253.135.82 - - [29/Mar/2020:09:26:21 +0800] "GET /xingrg/dwr/interface/AjaxReportQueryService.js HTTP/1.1" 200 13203
120.253.135.82 - - [29/Mar/2020:09:26:21 +0800] "GET /xingrg/dwr/engine.js HTTP/1.1" 200 43631
180.162.232.172 - - [29/Mar/2020:09:26:22 +0800] "GET /xingrg/kc/buy/cgsh_order_operate.html?command=get_materiel&rest_code=00150&code=00101008067&supplier_code=00100007&order_time=2020-03-29 HTTP/1.1" 200 416
120.253.135.82 - - [29/Mar/2020:09:26:23 +0800] "GET /xingrg/kc/pszx/jzcl_make.html HTTP/1.1" 200 11141
120.253.135.82 - - [29/Mar/2020:09:26:23 +0800] "GET /xingrg/dwr/interface/AjaxReportQueryService.js HTTP/1.1" 200 13203
120.253.135.82 - - [29/Mar/2020:09:26:23 +0800] "GET /xingrg/dwr/engine.js HTTP/1.1" 200 43631
120.253.135.82 - - [29/Mar/2020:09:26:23 +0800] "POST /xingrg/kc/pszx/jzcl_make_operate.html HTTP/1.1" 200 2915
120.253.135.82 - - [29/Mar/2020:09:26:24 +0800] "POST /xingrg/kc/pszx/jzcl_make_operate.html HTTP/1.1" 200 2915
114.84.33.255 - - [29/Mar/2020:09:26:26 +0800] "GET /xingrg/kc/base/wldb_order_operate.html?command=get_materiel&rest_code=00146&base_code=0010063&code=00101019276 HTTP/1.1" 200 459
222.70.183.62 - - [29/Mar/2020:09:26:27 +0800] "GET /xingrg/all/function/internal_message.html?_=1585445493025&CODE_STATE=getMsg HTTP/1.1" 200 27
180.162.232.172 - - [29/Mar/2020:09:26:28 +0800] "GET /xingrg/kc/buy/cgsh_order_operate.html?command=get_materiel&rest_code=00150&code=00101008161&supplier_code=00100007&order_time=2020-03-29 HTTP/1.1" 200 409
120.253.135.82 - - [29/Mar/2020:09:26:31 +0800] "GET /xingrg/kc/pszx/jzcl_ps.html HTTP/1.1" 200 7683
120.253.135.82 - - [29/Mar/2020:09:26:31 +0800] "GET /xingrg/javascript/jquery_easy_ui/themes/default/images/combo_arrow_dot.gif HTTP/1.1" 200 79
120.253.135.82 - - [29/Mar/2020:09:26:31 +0800] "POST /xingrg/all/common/load_tree.html?tree=area_rest_tree_json HTTP/1.1" 200 3088
120.253.135.82 - - [29/Mar/2020:09:26:31 +0800] "GET /xingrg/javascript/jquery_easy_ui/themes/default/images/tree_checkbox_0.gif HTTP/1.1" 200 168
120.253.135.82 - - [29/Mar/2020:09:26:31 +0800] "POST /xingrg/kc/pszx/jzcl_ps_operate.html HTTP/1.1" 200 21
120.253.135.82 - - [29/Mar/2020:09:26:31 +0800] "POST /xingrg/kc/pszx/jzcl_ps_operate.html HTTP/1.1" 200 21
120.253.135.82 - - [29/Mar/2020:09:26:33 +0800] "GET /xingrg/kc/pszx/mdps_order_list.html?orderType=0 HTTP/1.1" 200 20964
120.253.135.82 - - [29/Mar/2020:09:26:33 +0800] "GET /xingrg/css/base.css HTTP/1.1" 200 2811
120.253.135.82 - - [29/Mar/2020:09:26:33 +0800] "GET /xingrg/javascript/jquery_tools/datebox.css HTTP/1.1" 200 2597
120.253.135.82 - - [29/Mar/2020:09:26:33 +0800] "GET /xingrg/javascript/jquery_tools/fix.css HTTP/1.1" 200 1702
120.253.135.82 - - [29/Mar/2020:09:26:33 +0800] "GET /xingrg/css/site.css HTTP/1.1" 200 7541
120.253.135.82 - - [29/Mar/2020:09:26:33 +0800] "GET /xingrg/javascript/jquery_tools/table.css HTTP/1.1" 200 1032
120.253.135.82 - - [29/Mar/2020:09:26:33 +0800] "GET /xingrg/javascript/auto/jquery.autocomplete.css HTTP/1.1" 200 587
120.253.135.82 - - [29/Mar/2020:09:26:33 +0800] "GET /xingrg/javascript/easyui/themes/icon.css HTTP/1.1" 200 4483
120.253.135.82 - - [29/Mar/2020:09:26:33 +0800] "GET /xingrg/javascript/jquery_tools/jquery.tools.hotkey.js HTTP/1.1" 200 3242
120.253.135.82 - - [29/Mar/2020:09:26:33 +0800] "GET /xingrg/javascript/jquery_tools/jquery.tools.table.js HTTP/1.1" 200 6994
120.253.135.82 - - [29/Mar/2020:09:26:33 +0800] "GET /xingrg/javascript/jquery_tools/list_manager.js HTTP/1.1" 200 3652
120.253.135.82 - - [29/Mar/2020:09:26:33 +0800] "GET /xingrg/javascript/jquery_tools/jquery.tools.min.js HTTP/1.1" 200 138801
120.253.135.82 - - [29/Mar/2020:09:26:33 +0800] "GET /xingrg/javascript/easyui/easyloader.js HTTP/1.1" 200 5975
120.253.135.82 - - [29/Mar/2020:09:26:33 +0800] "GET /xingrg/javascript/jquery.cookie.js HTTP/1.1" 200 5513
120.253.135.82 - - [29/Mar/2020:09:26:33 +0800] "GET /xingrg/javascript/print/LodopFuncs.js HTTP/1.1" 200 5121
120.253.135.82 - - [29/Mar/2020:09:26:33 +0800] "GET /xingrg/javascript/easyui/themes/default/easyui.css HTTP/1.1" 200 30432
120.253.135.82 - - [29/Mar/2020:09:26:33 +0800] "GET /xingrg/javascript/auto/jquery.autocomplete.js HTTP/1.1" 200 21624
120.253.135.82 - - [29/Mar/2020:09:26:33 +0800] "GET /xingrg/javascript/jquery_tools/jquery.tools.extend.js HTTP/1.1" 200 15385
180.162.232.172 - - [29/Mar/2020:09:26:33 +0800] "GET /xingrg/kc/buy/cgsh_order_operate.html?command=get_materiel&rest_code=00150&code=00101008010&supplier_code=00100007&order_time=2020-03-29 HTTP/1.1" 200 412
114.84.33.255 - - [29/Mar/2020:09:26:34 +0800] "GET /xingrg/kc/base/wldb_order_operate.html?command=get_materiel&rest_code=00146&base_code=0010063&code=00101019438 HTTP/1.1" 200 446
114.84.33.255 - - [29/Mar/2020:09:26:34 +0800] "GET /xingrg/all/function/internal_message.html?_=1585445197086&CODE_STATE=getMsg HTTP/1.1" 200 27
120.253.135.82 - - [29/Mar/2020:09:26:34 +0800] "GET /xingrg/javascript/easyui/themes/icons/edit_add_new.png HTTP/1.1" 200 2997
120.253.135.82 - - [29/Mar/2020:09:26:34 +0800] "GET /xingrg/javascript/easyui/themes/icons/check_new.png HTTP/1.1" 200 3224
120.253.135.82 - - [29/Mar/2020:09:26:34 +0800] "GET /xingrg/javascript/easyui/themes/icons/field_new.png HTTP/1.1" 200 1097
120.253.135.82 - - [29/Mar/2020:09:26:34 +0800] "GET /xingrg/javascript/easyui/themes/icons/cance_new.png HTTP/1.1" 200 3986
120.253.135.82 - - [29/Mar/2020:09:26:34 +0800] "GET /xingrg/javascript/easyui/themes/icons/uncheck_new.png HTTP/1.1" 200 3197
120.253.135.82 - - [29/Mar/2020:09:26:34 +0800] "GET /xingrg/javascript/easyui/themes/icons/import_new.png HTTP/1.1" 200 1247
120.253.135.82 - - [29/Mar/2020:09:26:34 +0800] "GET /xingrg/javascript/easyui/plugins/jquery.parser.js HTTP/1.1" 200 1142
120.253.135.82 - - [29/Mar/2020:09:26:35 +0800] "POST /xingrg/kc/pszx/mdps_list_operate.html HTTP/1.1" 200 4616
114.86.229.141 - - [29/Mar/2020:09:26:39 +0800] "GET /xingrg/all/function/internal_message.html?_=1585445297859&CODE_STATE=getMsg HTTP/1.1" 200 27
114.86.229.141 - - [29/Mar/2020:09:26:39 +0800] "GET /xingrg/check_reg.html?_=1585445297859 HTTP/1.1" 200 22
180.162.232.172 - - [29/Mar/2020:09:26:39 +0800] "GET /xingrg/kc/buy/cgsh_order_operate.html?command=get_materiel&rest_code=00150&code=00101008101&supplier_code=00100007&order_time=2020-03-29 HTTP/1.1" 200 412
180.156.150.85 - - [29/Mar/2020:09:26:41 +0800] "GET /xingrg/all/function/internal_message.html?_=1585445201162&CODE_STATE=getMsg HTTP/1.1" 200 27
180.156.150.85 - - [29/Mar/2020:09:26:41 +0800] "GET /xingrg/check_reg.html?_=1585445201165 HTTP/1.1" 200 22
114.84.33.255 - - [29/Mar/2020:09:26:43 +0800] "GET /xingrg/kc/base/wldb_order_operate.html?command=get_materiel&rest_code=00146&base_code=0010063&code=00101016076 HTTP/1.1" 200 476
180.162.232.172 - - [29/Mar/2020:09:26:45 +0800] "GET /xingrg/kc/buy/cgsh_order_operate.html?command=get_materiel&rest_code=00150&code=00101008032&supplier_code=00100007&order_time=2020-03-29 HTTP/1.1" 200 408
116.235.222.53 - - [29/Mar/2020:09:26:45 +0800] "GET /xingrg/all/function/internal_message.html?_=1585445205567&CODE_STATE=getMsg HTTP/1.1" 200 27
116.235.222.53 - - [29/Mar/2020:09:26:45 +0800] "GET /xingrg/check_reg.html?_=1585445205977 HTTP/1.1" 200 22
180.162.232.172 - - [29/Mar/2020:09:26:51 +0800] "GET /xingrg/kc/buy/cgsh_order_operate.html?command=get_materiel&rest_code=00150&code=00101008360&supplier_code=00100007&order_time=2020-03-29 HTTP/1.1" 200 413
180.162.232.172 - - [29/Mar/2020:09:26:58 +0800] "GET /xingrg/kc/buy/cgsh_order_operate.html?command=get_materiel&rest_code=00150&code=00101008103&supplier_code=00100007&order_time=2020-03-29 HTTP/1.1" 200 417
116.224.247.222 - - [29/Mar/2020:09:26:58 +0800] "GET /xingrg/all/function/internal_message.html?_=1585445397624&CODE_STATE=getMsg HTTP/1.1" 200 27
180.162.232.172 - - [29/Mar/2020:09:27:03 +0800] "GET /xingrg/kc/buy/cgsh_order_operate.html?command=get_materiel&rest_code=00150&code=00101008447&supplier_code=00100007&order_time=2020-03-29 HTTP/1.1" 200 399
222.70.183.62 - - [29/Mar/2020:09:27:10 +0800] "GET /xingrg/all/function/internal_message.html?_=1585445231411&CODE_STATE=getMsg HTTP/1.1" 302 -
222.69.131.116 - - [29/Mar/2020:09:27:17 +0800] "GET /xingrg/all/function/internal_message.html?_=1585445237671&CODE_STATE=getMsg HTTP/1.1" 200 27
180.162.232.172 - - [29/Mar/2020:09:27:18 +0800] "GET /xingrg/kc/buy/cgsh_order_operate.html?command=get_materiel&rest_code=00150&code=00101009063&supplier_code=00100007&order_time=2020-03-29 HTTP/1.1" 200 409
114.84.33.255 - - [29/Mar/2020:09:27:19 +0800] "GET /xingrg/kc/base/wldb_order_operate.html?command=get_materiel&rest_code=00146&base_code=0010063&code=00101019297 HTTP/1.1" 200 464
180.162.232.172 - - [29/Mar/2020:09:27:20 +0800] "GET /xingrg/all/function/internal_message.html?_=1585445241722&CODE_STATE=getMsg HTTP/1.1" 200 27
180.162.232.172 - - [29/Mar/2020:09:27:24 +0800] "GET /xingrg/kc/buy/cgsh_order_operate.html?command=get_materiel&rest_code=00150&code=00101008069&supplier_code=00100007&order_time=2020-03-29 HTTP/1.1" 200 412
222.70.183.62 - - [29/Mar/2020:09:27:27 +0800] "GET /xingrg/all/function/internal_message.html?_=1585445553025&CODE_STATE=getMsg HTTP/1.1" 200 27
180.162.232.172 - - [29/Mar/2020:09:27:28 +0800] "GET /xingrg/kc/buy/cgsh_order_operate.html?command=get_materiel&rest_code=00150&code=00101008286&supplier_code=00100007&order_time=2020-03-29 HTTP/1.1" 200 408
180.162.232.172 - - [29/Mar/2020:09:27:33 +0800] "GET /xingrg/kc/buy/cgsh_order_operate.html?command=get_materiel&rest_code=00150&code=00101008131&supplier_code=00100007&order_time=2020-03-29 HTTP/1.1" 200 408
114.84.33.255 - - [29/Mar/2020:09:27:34 +0800] "GET /xingrg/all/function/internal_message.html?_=1585445257090&CODE_STATE=getMsg HTTP/1.1" 200 27
114.86.229.141 - - [29/Mar/2020:09:27:37 +0800] "GET /xingrg/all/function/internal_message.html?_=1585445357859&CODE_STATE=getMsg HTTP/1.1" 200 27
180.162.232.172 - - [29/Mar/2020:09:27:38 +0800] "GET /xingrg/kc/buy/cgsh_order_operate.html?command=get_materiel&rest_code=00150&code=00101008353&supplier_code=00100007&order_time=2020-03-29 HTTP/1.1" 200 408
114.84.33.255 - - [29/Mar/2020:09:27:38 +0800] "GET /xingrg/kc/base/wldb_order_operate.html?command=get_materiel&rest_code=00146&base_code=0010063&code=00101016094 HTTP/1.1" 200 470
180.156.150.85 - - [29/Mar/2020:09:27:41 +0800] "GET /xingrg/all/function/internal_message.html?_=1585445261150&CODE_STATE=getMsg HTTP/1.1" 200 27
116.235.222.53 - - [29/Mar/2020:09:27:45 +0800] "GET /xingrg/all/function/internal_message.html?_=1585445265544&CODE_STATE=getMsg HTTP/1.1" 200 27
180.162.232.172 - - [29/Mar/2020:09:27:46 +0800] "GET /xingrg/kc/buy/cgsh_order_operate.html?command=get_materiel&rest_code=00150&code=00101008213&supplier_code=00100007&order_time=2020-03-29 HTTP/1.1" 200 412
180.162.232.172 - - [29/Mar/2020:09:27:51 +0800] "POST /xingrg/kc/buy/cgsh_order_operate.html HTTP/1.1" 200 37
180.162.232.172 - - [29/Mar/2020:09:27:52 +0800] "POST /xingrg/kc/buy/cgsh_order_operate.html HTTP/1.1" 200 12121
114.84.33.255 - - [29/Mar/2020:09:27:52 +0800] "GET /xingrg/kc/base/wldb_order_operate.html?command=get_materiel&rest_code=00146&base_code=0010063&code=00101019184 HTTP/1.1" 200 443
114.86.229.141 - - [29/Mar/2020:09:27:56 +0800] "POST /xingrg/kc/buy/cgsh_order_operate.html HTTP/1.1" 200 37
114.86.229.141 - - [29/Mar/2020:09:27:57 +0800] "POST /xingrg/kc/buy/cgsh_order_operate.html HTTP/1.1" 200 15106
116.224.247.222 - - [29/Mar/2020:09:27:58 +0800] "GET /xingrg/all/function/internal_message.html?_=1585445457638&CODE_STATE=getMsg HTTP/1.1" 200 27
114.84.33.255 - - [29/Mar/2020:09:28:01 +0800] "GET /xingrg/kc/base/wldb_order_operate.html?command=get_materiel&rest_code=00146&base_code=0010063&code=00101019183 HTTP/1.1" 200 433
222.70.183.62 - - [29/Mar/2020:09:28:10 +0800] "GET /xingrg/all/function/internal_message.html?_=1585445291419&CODE_STATE=getMsg HTTP/1.1" 302 -
114.84.33.255 - - [29/Mar/2020:09:28:13 +0800] "GET /xingrg/kc/base/wldb_order_operate.html?command=get_materiel&rest_code=00146&base_code=0010063&code=00101019164 HTTP/1.1" 200 452
222.69.131.116 - - [29/Mar/2020:09:28:17 +0800] "GET /xingrg/all/function/internal_message.html?_=1585445297677&CODE_STATE=getMsg HTTP/1.1" 200 27
222.69.131.116 - - [29/Mar/2020:09:28:17 +0800] "GET /xingrg/check_reg.html?_=1585445297681 HTTP/1.1" 200 22
180.162.232.172 - - [29/Mar/2020:09:28:20 +0800] "GET /xingrg/all/function/internal_message.html?_=1585445301721&CODE_STATE=getMsg HTTP/1.1" 200 27
114.84.33.255 - - [29/Mar/2020:09:28:24 +0800] "GET /xingrg/kc/base/wldb_order_operate.html?command=get_materiel&rest_code=00146&base_code=0010063&code=00101019027 HTTP/1.1" 200 475
222.70.183.62 - - [29/Mar/2020:09:28:27 +0800] "GET /xingrg/all/function/internal_message.html?_=1585445613025&CODE_STATE=getMsg HTTP/1.1" 200 27
114.84.33.255 - - [29/Mar/2020:09:28:33 +0800] "GET /xingrg/kc/base/wldb_order_operate.html?command=get_materiel&rest_code=00146&base_code=0010063&code=00101019111 HTTP/1.1" 200 455
114.84.33.255 - - [29/Mar/2020:09:28:34 +0800] "GET /xingrg/all/function/internal_message.html?_=1585445317103&CODE_STATE=getMsg HTTP/1.1" 200 27
114.86.229.141 - - [29/Mar/2020:09:28:36 +0800] "GET /xingrg/all/function/internal_message.html?_=1585445419562&CODE_STATE=getMsg HTTP/1.1" 200 27
180.156.150.85 - - [29/Mar/2020:09:28:41 +0800] "GET /xingrg/all/function/internal_message.html?_=1585445321152&CODE_STATE=getMsg HTTP/1.1" 200 27
116.235.222.53 - - [29/Mar/2020:09:28:45 +0800] "GET /xingrg/all/function/internal_message.html?_=1585445325535&CODE_STATE=getMsg HTTP/1.1" 200 27
114.84.33.255 - - [29/Mar/2020:09:28:56 +0800] "POST /xingrg/kc/base/wldb_order_operate.html HTTP/1.1" 200 37
114.84.33.255 - - [29/Mar/2020:09:28:57 +0800] "POST /xingrg/kc/base/wldb_order_operate.html HTTP/1.1" 200 12
114.84.33.255 - - [29/Mar/2020:09:28:57 +0800] "POST /xingrg/kc/base/wldb_order_operate.html HTTP/1.1" 200 7214
114.84.33.255 - - [29/Mar/2020:09:28:58 +0800] "GET /xingrg/kc/base/wldb_order_info.html?code=422020032900948 HTTP/1.1" 200 26198
116.224.247.222 - - [29/Mar/2020:09:28:58 +0800] "GET /xingrg/all/function/internal_message.html?_=1585445517689&CODE_STATE=getMsg HTTP/1.1" 200 27
114.84.33.255 - - [29/Mar/2020:09:28:59 +0800] "POST /xingrg/kc/base/wldb_order_operate.html HTTP/1.1" 200 5392
114.84.33.255 - - [29/Mar/2020:09:28:59 +0800] "GET /xingrg/javascript/easyui/themes/default/validatebox.css HTTP/1.1" 404 1104
114.84.33.255 - - [29/Mar/2020:09:28:59 +0800] "GET /xingrg/check_reg.html?_=1585445341799 HTTP/1.1" 200 22
114.84.33.255 - - [29/Mar/2020:09:29:03 +0800] "GET /xingrg/kc/base/wldb_order_add.html HTTP/1.1" 200 30319
114.84.33.255 - - [29/Mar/2020:09:29:04 +0800] "POST /xingrg/kc/base/wldb_order_operate.html HTTP/1.1" 200 6806
114.84.33.255 - - [29/Mar/2020:09:29:04 +0800] "GET /xingrg/javascript/easyui/themes/default/validatebox.css HTTP/1.1" 404 1104
222.70.183.62 - - [29/Mar/2020:09:29:10 +0800] "GET /xingrg/all/function/internal_message.html?_=1585445351444&CODE_STATE=getMsg HTTP/1.1" 302 -
222.69.131.116 - - [29/Mar/2020:09:29:17 +0800] "GET /xingrg/all/function/internal_message.html?_=1585445357676&CODE_STATE=getMsg HTTP/1.1" 200 27
180.162.232.172 - - [29/Mar/2020:09:29:20 +0800] "GET /xingrg/check_reg.html?_=1585445361722 HTTP/1.1" 200 22
180.162.232.172 - - [29/Mar/2020:09:29:20 +0800] "GET /xingrg/all/function/internal_message.html?_=1585445361724&CODE_STATE=getMsg HTTP/1.1" 200 27
114.84.33.255 - - [29/Mar/2020:09:29:24 +0800] "GET /xingrg/kc/base/wldb_order_operate.html?command=get_materiel&rest_code=00146&base_code=0010063&code=00101013011 HTTP/1.1" 200 451
222.70.183.62 - - [29/Mar/2020:09:29:27 +0800] "GET /xingrg/all/function/internal_message.html?_=1585445673025&CODE_STATE=getMsg HTTP/1.1" 200 27
114.86.229.141 - - [29/Mar/2020:09:29:34 +0800] "GET /xingrg/all/function/internal_message.html?_=1585445479550&CODE_STATE=getMsg HTTP/1.1" 200 27
114.84.33.255 - - [29/Mar/2020:09:29:34 +0800] "GET /xingrg/all/function/internal_message.html?_=1585445377117&CODE_STATE=getMsg HTTP/1.1" 200 27
180.156.150.85 - - [29/Mar/2020:09:29:41 +0800] "GET /xingrg/all/function/internal_message.html?_=1585445381156&CODE_STATE=getMsg HTTP/1.1" 200 27
116.224.247.222 - - [29/Mar/2020:09:29:44 +0800] "POST /xingrg/kc/buy/cgsh_list_operate.html HTTP/1.1" 200 5865
116.235.222.53 - - [29/Mar/2020:09:29:45 +0800] "GET /xingrg/all/function/internal_message.html?_=1585445385520&CODE_STATE=getMsg HTTP/1.1" 200 27
114.84.33.255 - - [29/Mar/2020:09:29:52 +0800] "GET /xingrg/kc/base/wldb_order_operate.html?command=get_materiel&rest_code=00146&base_code=0010063&code=00101019128 HTTP/1.1" 200 458
222.70.183.62 - - [29/Mar/2020:09:29:56 +0800] "GET /xingrg/check_reg.html?_=1585445397519 HTTP/1.1" 302 -
116.224.247.222 - - [29/Mar/2020:09:29:58 +0800] "GET /xingrg/check_reg.html?_=1585445577542 HTTP/1.1" 200 22
116.224.247.222 - - [29/Mar/2020:09:29:58 +0800] "GET /xingrg/all/function/internal_message.html?_=1585445577695&CODE_STATE=getMsg HTTP/1.1" 200 27
222.70.183.62 - - [29/Mar/2020:09:30:10 +0800] "GET /xingrg/all/function/internal_message.html?_=1585445411444&CODE_STATE=getMsg HTTP/1.1" 302 -
116.224.247.222 - - [29/Mar/2020:09:30:11 +0800] "POST /xingrg/kc/buy/cgsh_list_operate.html HTTP/1.1" 200 876
116.224.247.222 - - [29/Mar/2020:09:30:12 +0800] "POST /xingrg/kc/buy/cgsh_list_operate.html HTTP/1.1" 200 876
116.224.247.222 - - [29/Mar/2020:09:30:16 +0800] "GET /xingrg/kc/mdqp/pssh_order_list.html HTTP/1.1" 200 17538
116.224.247.222 - - [29/Mar/2020:09:30:16 +0800] "POST /xingrg/kc/mdqp/pssh_list_operate.html HTTP/1.1" 200 5429
222.69.131.116 - - [29/Mar/2020:09:30:17 +0800] "GET /xingrg/all/function/internal_message.html?_=1585445417685&CODE_STATE=getMsg HTTP/1.1" 200 27
180.162.232.172 - - [29/Mar/2020:09:30:20 +0800] "GET /xingrg/all/function/internal_message.html?_=1585445421728&CODE_STATE=getMsg HTTP/1.1" 200 27
114.84.33.255 - - [29/Mar/2020:09:30:23 +0800] "POST /xingrg/kc/base/wldb_order_operate.html HTTP/1.1" 200 37
114.84.33.255 - - [29/Mar/2020:09:30:24 +0800] "POST /xingrg/kc/base/wldb_order_operate.html HTTP/1.1" 200 12
114.84.33.255 - - [29/Mar/2020:09:30:24 +0800] "POST /xingrg/kc/base/wldb_order_operate.html HTTP/1.1" 200 3189
114.84.33.255 - - [29/Mar/2020:09:30:25 +0800] "GET /xingrg/kc/base/wldb_order_info.html?code=422020032900949 HTTP/1.1" 200 26197
114.84.33.255 - - [29/Mar/2020:09:30:26 +0800] "POST /xingrg/kc/base/wldb_order_operate.html HTTP/1.1" 200 1461
114.84.33.255 - - [29/Mar/2020:09:30:26 +0800] "GET /xingrg/javascript/easyui/themes/default/validatebox.css HTTP/1.1" 404 1104
116.224.247.222 - - [29/Mar/2020:09:30:26 +0800] "POST /xingrg/kc/mdqp/pssh_list_operate.html HTTP/1.1" 200 258
222.70.183.62 - - [29/Mar/2020:09:30:27 +0800] "GET /xingrg/check_reg.html?_=1585445733027 HTTP/1.1" 200 22
222.70.183.62 - - [29/Mar/2020:09:30:27 +0800] "GET /xingrg/all/function/internal_message.html?_=1585445733025&CODE_STATE=getMsg HTTP/1.1" 200 27
114.86.229.141 - - [29/Mar/2020:09:30:32 +0800] "GET /xingrg/all/function/internal_message.html?_=1585445539546&CODE_STATE=getMsg HTTP/1.1" 200 27
114.84.33.255 - - [29/Mar/2020:09:30:32 +0800] "GET /xingrg/kc/base/wldb_order_add.html HTTP/1.1" 200 30319
114.84.33.255 - - [29/Mar/2020:09:30:33 +0800] "POST /xingrg/kc/base/wldb_order_operate.html HTTP/1.1" 200 6806
114.84.33.255 - - [29/Mar/2020:09:30:33 +0800] "GET /xingrg/javascript/easyui/themes/default/validatebox.css HTTP/1.1" 404 1104
114.84.33.255 - - [29/Mar/2020:09:30:34 +0800] "GET /xingrg/all/function/internal_message.html?_=1585445437130&CODE_STATE=getMsg HTTP/1.1" 200 27
180.156.150.85 - - [29/Mar/2020:09:30:41 +0800] "GET /xingrg/all/function/internal_message.html?_=1585445441161&CODE_STATE=getMsg HTTP/1.1" 200 27
116.224.247.222 - - [29/Mar/2020:09:30:42 +0800] "POST /xingrg/kc/mdqp/pssh_list_operate.html HTTP/1.1" 200 362
116.235.222.53 - - [29/Mar/2020:09:30:45 +0800] "GET /xingrg/all/function/internal_message.html?_=1585445445504&CODE_STATE=getMsg HTTP/1.1" 200 27
114.84.33.255 - - [29/Mar/2020:09:30:53 +0800] "GET /xingrg/kc/base/wldb_order_operate.html?command=get_materiel&rest_code=00146&base_code=0010064&code=00102002610 HTTP/1.1" 200 428
116.224.247.222 - - [29/Mar/2020:09:30:58 +0800] "GET /xingrg/all/function/internal_message.html?_=1585445637709&CODE_STATE=getMsg HTTP/1.1" 200 27
222.70.183.62 - - [29/Mar/2020:09:31:10 +0800] "GET /xingrg/all/function/internal_message.html?_=1585445471467&CODE_STATE=getMsg HTTP/1.1" 302 -
114.84.33.255 - - [29/Mar/2020:09:31:11 +0800] "GET /xingrg/kc/base/wldb_order_operate.html?command=get_materiel&rest_code=00146&base_code=0010064&code=00102002315 HTTP/1.1" 200 448
222.69.131.116 - - [29/Mar/2020:09:31:17 +0800] "GET /xingrg/all/function/internal_message.html?_=1585445477683&CODE_STATE=getMsg HTTP/1.1" 200 27
180.162.232.172 - - [29/Mar/2020:09:31:20 +0800] "GET /xingrg/all/function/internal_message.html?_=1585445481728&CODE_STATE=getMsg HTTP/1.1" 200 27
114.84.33.255 - - [29/Mar/2020:09:31:21 +0800] "GET /xingrg/kc/base/wldb_order_operate.html?command=get_materiel&rest_code=00146&base_code=0010064&code=00102002448 HTTP/1.1" 200 427
222.70.183.62 - - [29/Mar/2020:09:31:27 +0800] "GET /xingrg/all/function/internal_message.html?_=1585445793027&CODE_STATE=getMsg HTTP/1.1" 200 27
114.86.229.141 - - [29/Mar/2020:09:31:30 +0800] "GET /xingrg/check_reg.html?_=1585445599531 HTTP/1.1" 200 22
114.86.229.141 - - [29/Mar/2020:09:31:30 +0800] "GET /xingrg/all/function/internal_message.html?_=1585445599531&CODE_STATE=getMsg HTTP/1.1" 200 27
116.224.247.222 - - [29/Mar/2020:09:31:32 +0800] "GET /xingrg/kc/mdqp/qqps_order_list.html HTTP/1.1" 200 9640
116.224.247.222 - - [29/Mar/2020:09:31:32 +0800] "GET /xingrg/dwr/interface/AjaxQqpsService.js HTTP/1.1" 200 16326
116.224.247.222 - - [29/Mar/2020:09:31:32 +0800] "GET /xingrg/dwr/interface/AjaxReportQueryService.js HTTP/1.1" 200 13203
116.224.247.222 - - [29/Mar/2020:09:31:32 +0800] "GET /xingrg/dwr/engine.js HTTP/1.1" 200 43631
172.17.0.100 - - [29/Mar/2020:09:31:34 +0800] "GET /xingrg/login.html HTTP/1.1" 200 7636
172.17.0.100 - - [29/Mar/2020:09:31:34 +0800] "GET /favicon.ico HTTP/1.1" 404 -
114.84.33.255 - - [29/Mar/2020:09:31:36 +0800] "POST /xingrg/kc/base/wldb_order_operate.html HTTP/1.1" 200 37
172.17.0.100 - - [29/Mar/2020:09:31:37 +0800] "POST /xingrg/login.do HTTP/1.1" 200 2416
114.84.33.255 - - [29/Mar/2020:09:31:37 +0800] "POST /xingrg/kc/base/wldb_order_operate.html HTTP/1.1" 200 12
172.17.0.100 - - [29/Mar/2020:09:31:37 +0800] "GET /favicon.ico HTTP/1.1" 404 -
114.84.33.255 - - [29/Mar/2020:09:31:37 +0800] "POST /xingrg/kc/base/wldb_order_operate.html HTTP/1.1" 200 3172
116.224.247.222 - - [29/Mar/2020:09:31:38 +0800] "GET /xingrg/kc/mdqp/qqps_order_info.html?code=302020032900118 HTTP/1.1" 200 27895
116.224.247.222 - - [29/Mar/2020:09:31:38 +0800] "GET /xingrg/dwr/interface/AjaxComOrderService.js HTTP/1.1" 200 18264
116.224.247.222 - - [29/Mar/2020:09:31:38 +0800] "GET /xingrg/dwr/interface/AjaxQqpsService.js HTTP/1.1" 200 16326
116.224.247.222 - - [29/Mar/2020:09:31:38 +0800] "GET /xingrg/dwr/engine.js HTTP/1.1" 200 43631
114.84.33.255 - - [29/Mar/2020:09:31:39 +0800] "GET /xingrg/kc/base/wldb_order_info.html?code=422020032900950 HTTP/1.1" 200 26197
114.84.33.255 - - [29/Mar/2020:09:31:39 +0800] "POST /xingrg/kc/base/wldb_order_operate.html HTTP/1.1" 200 1444
114.84.33.255 - - [29/Mar/2020:09:31:39 +0800] "GET /xingrg/javascript/easyui/themes/default/validatebox.css HTTP/1.1" 404 1104
116.224.247.222 - - [29/Mar/2020:09:31:39 +0800] "POST /xingrg/dwr/call/plaincall/AjaxQqpsService.loadMaterielItems.dwr HTTP/1.1" 200 76
114.84.33.255 - - [29/Mar/2020:09:31:40 +0800] "GET /xingrg/all/function/internal_message.html?_=1585445502558&CODE_STATE=getMsg HTTP/1.1" 200 27
180.156.150.85 - - [29/Mar/2020:09:31:41 +0800] "GET /xingrg/all/function/internal_message.html?_=1585445501161&CODE_STATE=getMsg HTTP/1.1" 200 27
180.156.150.85 - - [29/Mar/2020:09:31:41 +0800] "GET /xingrg/check_reg.html?_=1585445501163 HTTP/1.1" 200 22
114.84.33.255 - - [29/Mar/2020:09:31:42 +0800] "GET /xingrg/kc/base/wldb_order_add.html HTTP/1.1" 200 30319
172.17.0.100 - - [29/Mar/2020:09:31:42 +0800] "GET /xingrg/login.html HTTP/1.1" 200 7636
172.17.0.100 - - [29/Mar/2020:09:31:42 +0800] "GET /favicon.ico HTTP/1.1" 404 -
114.84.33.255 - - [29/Mar/2020:09:31:43 +0800] "POST /xingrg/kc/base/wldb_order_operate.html HTTP/1.1" 200 6806
114.84.33.255 - - [29/Mar/2020:09:31:43 +0800] "GET /xingrg/javascript/easyui/themes/default/validatebox.css HTTP/1.1" 404 1104
116.224.247.222 - - [29/Mar/2020:09:31:44 +0800] "POST /xingrg/dwr/call/plaincall/AjaxQqpsService.deleteOrder.dwr HTTP/1.1" 200 78
116.235.222.53 - - [29/Mar/2020:09:31:45 +0800] "GET /xingrg/all/function/internal_message.html?_=1585445505476&CODE_STATE=getMsg HTTP/1.1" 200 27
116.235.222.53 - - [29/Mar/2020:09:31:45 +0800] "GET /xingrg/check_reg.html?_=1585445505986 HTTP/1.1" 200 22
116.224.247.222 - - [29/Mar/2020:09:31:46 +0800] "GET /xingrg/kc/mdqp/qqps_order_list.html HTTP/1.1" 200 9222
116.224.247.222 - - [29/Mar/2020:09:31:46 +0800] "GET /xingrg/dwr/interface/AjaxQqpsService.js HTTP/1.1" 200 16326
116.224.247.222 - - [29/Mar/2020:09:31:46 +0800] "GET /xingrg/dwr/interface/AjaxReportQueryService.js HTTP/1.1" 200 13203
116.224.247.222 - - [29/Mar/2020:09:31:46 +0800] "GET /xingrg/dwr/engine.js HTTP/1.1" 200 43631
172.17.0.100 - - [29/Mar/2020:09:31:48 +0800] "POST /xingrg/login.do HTTP/1.1" 200 2416
116.224.247.222 - - [29/Mar/2020:09:31:48 +0800] "GET /xingrg/kc/mdqp/qqps_order_list.html HTTP/1.1" 200 9222
172.17.0.100 - - [29/Mar/2020:09:31:48 +0800] "GET /favicon.ico HTTP/1.1" 404 -
116.224.247.222 - - [29/Mar/2020:09:31:48 +0800] "GET /xingrg/dwr/interface/AjaxQqpsService.js HTTP/1.1" 200 16326
116.224.247.222 - - [29/Mar/2020:09:31:49 +0800] "GET /xingrg/dwr/engine.js HTTP/1.1" 200 43631
116.224.247.222 - - [29/Mar/2020:09:31:49 +0800] "GET /xingrg/dwr/interface/AjaxReportQueryService.js HTTP/1.1" 200 13203
172.17.0.100 - - [29/Mar/2020:09:31:51 +0800] "GET /xingrg/login.html HTTP/1.1" 200 7636
172.17.0.100 - - [29/Mar/2020:09:31:51 +0800] "GET /favicon.ico HTTP/1.1" 404 -
114.86.229.141 - - [29/Mar/2020:09:31:54 +0800] "POST /xingrg/kc/buy/cgsh_order_operate.html HTTP/1.1" 200 37
114.86.229.141 - - [29/Mar/2020:09:31:55 +0800] "POST /xingrg/kc/buy/cgsh_order_operate.html HTTP/1.1" 200 15106
116.224.247.222 - - [29/Mar/2020:09:31:55 +0800] "GET /xingrg/kc/mdqp/qqps_order_list.html?isQuery=1&timeSelect=1&orderTime=day&startTime=2020-03-27&endTime=2020-03-27&state=all&query=%C8%B7++%B6%A8 HTTP/1.1" 200 9321
116.224.247.222 - - [29/Mar/2020:09:31:55 +0800] "GET /xingrg/dwr/interface/AjaxReportQueryService.js HTTP/1.1" 200 13203
116.224.247.222 - - [29/Mar/2020:09:31:55 +0800] "GET /xingrg/dwr/interface/AjaxQqpsService.js HTTP/1.1" 200 16326
116.224.247.222 - - [29/Mar/2020:09:31:55 +0800] "GET /xingrg/dwr/engine.js HTTP/1.1" 200 43631
114.86.229.141 - - [29/Mar/2020:09:31:56 +0800] "GET /xingrg/kc/base/base_main.html HTTP/1.1" 200 12142
116.224.247.222 - - [29/Mar/2020:09:31:56 +0800] "GET /xingrg/kc/mdqp/qqps_order_list.html?isQuery=1&timeSelect=1&orderTime=day&startTime=2020-03-27&endTime=2020-03-27&state=all&query=%C8%B7++%B6%A8 HTTP/1.1" 200 9321
116.224.247.222 - - [29/Mar/2020:09:31:56 +0800] "GET /xingrg/dwr/interface/AjaxQqpsService.js HTTP/1.1" 200 16326
116.224.247.222 - - [29/Mar/2020:09:31:56 +0800] "GET /xingrg/dwr/interface/AjaxReportQueryService.js HTTP/1.1" 200 13203
172.17.0.100 - - [29/Mar/2020:09:31:57 +0800] "POST /xingrg/login.do HTTP/1.1" 302 -
172.17.0.100 - - [29/Mar/2020:09:31:57 +0800] "GET /xingrg/index.html?sysBaseUrl=http%3A%2F%2F172.17.0.8%3A18081%2Fxingrg%2F&costTime=33×tamp=1585445517560 HTTP/1.1" 200 17448
172.17.0.100 - - [29/Mar/2020:09:31:57 +0800] "POST /xingrg/login.do HTTP/1.1" 302 -
172.17.0.100 - - [29/Mar/2020:09:31:57 +0800] "GET /xingrg/index.html?sysBaseUrl=http%3A%2F%2F172.17.0.8%3A18081%2Fxingrg%2F&costTime=31×tamp=1585445517652 HTTP/1.1" 200 17448
172.17.0.100 - - [29/Mar/2020:09:31:58 +0800] "POST /xingrg/all/common/load_tree.html?tree=area_rest_tree_json&manage=1 HTTP/1.1" 200 3088
172.17.0.100 - - [29/Mar/2020:09:31:58 +0800] "GET /xingrg/all/function/internal_message.html?_=1585445706501&CODE_STATE=count HTTP/1.1" 200 11
172.17.0.100 - - [29/Mar/2020:09:31:58 +0800] "GET /xingrg/check_reg.html?_=1585445706504 HTTP/1.1" 200 22
172.17.0.100 - - [29/Mar/2020:09:31:58 +0800] "GET /favicon.ico HTTP/1.1" 404 -
172.17.0.100 - - [29/Mar/2020:09:31:58 +0800] "POST /xingrg/load_menu.html HTTP/1.1" 200 11408
116.224.247.222 - - [29/Mar/2020:09:31:58 +0800] "GET /xingrg/all/function/internal_message.html?_=1585445697724&CODE_STATE=getMsg HTTP/1.1" 200 27
116.224.247.222 - - [29/Mar/2020:09:32:03 +0800] "GET /xingrg/kc/mdqp/qqps_order_list.html?isQuery=1&timeSelect=1&orderTime=day&startTime=2020-03-28&endTime=2020-03-28&state=all&query=%C8%B7++%B6%A8 HTTP/1.1" 200 9321
116.224.247.222 - - [29/Mar/2020:09:32:03 +0800] "GET /xingrg/dwr/interface/AjaxQqpsService.js HTTP/1.1" 200 16326
116.224.247.222 - - [29/Mar/2020:09:32:03 +0800] "GET /xingrg/dwr/interface/AjaxReportQueryService.js HTTP/1.1" 200 13203
114.84.33.255 - - [29/Mar/2020:09:32:03 +0800] "GET /xingrg/kc/base/wldb_order_operate.html?command=get_materiel&rest_code=00146&base_code=0010064&code=00102002022 HTTP/1.1" 200 459
116.224.247.222 - - [29/Mar/2020:09:32:03 +0800] "GET /xingrg/dwr/engine.js HTTP/1.1" 200 43631
116.224.247.222 - - [29/Mar/2020:09:32:05 +0800] "GET /xingrg/kc/mdqp/qqps_order_list.html?isQuery=1&timeSelect=1&orderTime=day&startTime=2020-03-28&endTime=2020-03-28&state=all&query=%C8%B7++%B6%A8 HTTP/1.1" 200 9321
116.224.247.222 - - [29/Mar/2020:09:32:05 +0800] "GET /xingrg/dwr/interface/AjaxReportQueryService.js HTTP/1.1" 200 13203
116.224.247.222 - - [29/Mar/2020:09:32:05 +0800] "GET /xingrg/dwr/interface/AjaxQqpsService.js HTTP/1.1" 200 16326
116.224.247.222 - - [29/Mar/2020:09:32:05 +0800] "GET /xingrg/dwr/engine.js HTTP/1.1" 200 43631
114.86.229.141 - - [29/Mar/2020:09:32:10 +0800] "GET /xingrg/kc/base/base_main.html HTTP/1.1" 200 12142
222.70.183.62 - - [29/Mar/2020:09:32:10 +0800] "GET /xingrg/all/function/internal_message.html?_=1585445531471&CODE_STATE=getMsg HTTP/1.1" 302 -
114.86.229.141 - - [29/Mar/2020:09:32:11 +0800] "GET /xingrg/kc/base/yddb_order_list.html HTTP/1.1" 200 16858
114.86.229.141 - - [29/Mar/2020:09:32:11 +0800] "POST /xingrg/kc/base/yddb_list_operate.html HTTP/1.1" 200 1217
116.224.247.222 - - [29/Mar/2020:09:32:12 +0800] "GET /xingrg/kc/mdqp/pssh_order_list.html HTTP/1.1" 200 17538
116.224.247.222 - - [29/Mar/2020:09:32:12 +0800] "POST /xingrg/kc/mdqp/pssh_list_operate.html HTTP/1.1" 200 5429
114.84.33.255 - - [29/Mar/2020:09:32:12 +0800] "POST /xingrg/kc/base/wldb_order_operate.html HTTP/1.1" 200 37
114.84.33.255 - - [29/Mar/2020:09:32:13 +0800] "POST /xingrg/kc/base/wldb_order_operate.html HTTP/1.1" 200 12
114.84.33.255 - - [29/Mar/2020:09:32:13 +0800] "POST /xingrg/kc/base/wldb_order_operate.html HTTP/1.1" 200 2215
114.84.33.255 - - [29/Mar/2020:09:32:14 +0800] "GET /xingrg/kc/base/wldb_order_info.html?code=422020032900951 HTTP/1.1" 200 26197
114.84.33.255 - - [29/Mar/2020:09:32:15 +0800] "POST /xingrg/kc/base/wldb_order_operate.html HTTP/1.1" 200 509
114.84.33.255 - - [29/Mar/2020:09:32:15 +0800] "GET /xingrg/javascript/easyui/themes/default/validatebox.css HTTP/1.1" 404 1104
222.69.131.116 - - [29/Mar/2020:09:32:17 +0800] "GET /xingrg/all/function/internal_message.html?_=1585445537687&CODE_STATE=getMsg HTTP/1.1" 200 27
114.86.229.141 - - [29/Mar/2020:09:32:18 +0800] "GET /xingrg/kc/base/yddb_order_add.html HTTP/1.1" 200 29559
114.86.229.141 - - [29/Mar/2020:09:32:18 +0800] "GET /xingrg/dwr/interface/AjaxComOrderService.js HTTP/1.1" 200 18264
114.86.229.141 - - [29/Mar/2020:09:32:18 +0800] "GET /xingrg/dwr/interface/AjaxYddbService.js HTTP/1.1" 200 13201
114.86.229.141 - - [29/Mar/2020:09:32:18 +0800] "GET /xingrg/dwr/util.js HTTP/1.1" 200 35990
114.86.229.141 - - [29/Mar/2020:09:32:18 +0800] "GET /xingrg/javascript/Grid.js HTTP/1.1" 200 58908
114.86.229.141 - - [29/Mar/2020:09:32:18 +0800] "GET /xingrg/javascript/AjaxInfoList.js HTTP/1.1" 200 3774
114.86.229.141 - - [29/Mar/2020:09:32:18 +0800] "GET /xingrg/javascript/checkform.js HTTP/1.1" 200 18351
114.86.229.141 - - [29/Mar/2020:09:32:18 +0800] "GET /xingrg/javascript/Calendar.js HTTP/1.1" 200 31561
114.86.229.141 - - [29/Mar/2020:09:32:18 +0800] "GET /xingrg/dwr/engine.js HTTP/1.1" 200 43631
114.86.229.141 - - [29/Mar/2020:09:32:18 +0800] "GET /xingrg/javascript/jquery_easy_ui/themes/icons/edit_add_new.png HTTP/1.1" 200 2997
114.86.229.141 - - [29/Mar/2020:09:32:18 +0800] "GET /xingrg/javascript/jquery_easy_ui/themes/icons/print.png HTTP/1.1" 200 1057
114.86.229.141 - - [29/Mar/2020:09:32:18 +0800] "GET /xingrg/javascript/jquery_easy_ui/themes/icons/check_new.png HTTP/1.1" 200 3224
114.86.229.141 - - [29/Mar/2020:09:32:18 +0800] "GET /xingrg/javascript/jquery_easy_ui/themes/icons/cance_new.png HTTP/1.1" 200 3986
114.86.229.141 - - [29/Mar/2020:09:32:18 +0800] "GET /xingrg/javascript/jquery_easy_ui/themes/default/images/menu_downarrow.png HTTP/1.1" 200 173
114.86.229.141 - - [29/Mar/2020:09:32:18 +0800] "GET /xingrg/javascript/jquery_easy_ui/themes/icons/back_new.png HTTP/1.1" 200 3414
114.86.229.141 - - [29/Mar/2020:09:32:18 +0800] "GET /xingrg/javascript/jquery_easy_ui/themes/default/images/button_plain_hover.png HTTP/1.1" 200 252
180.162.232.172 - - [29/Mar/2020:09:32:20 +0800] "GET /xingrg/all/function/internal_message.html?_=1585445541728&CODE_STATE=getMsg HTTP/1.1" 200 27
114.86.229.141 - - [29/Mar/2020:09:32:23 +0800] "GET /xingrg/kc/base/base_main.html HTTP/1.1" 200 12142
114.86.229.141 - - [29/Mar/2020:09:32:24 +0800] "GET /xingrg/kc/base/wldb_order_list.html HTTP/1.1" 200 19252
114.86.229.141 - - [29/Mar/2020:09:32:24 +0800] "POST /xingrg/kc/base/wldb_list_operate.html HTTP/1.1" 200 928
222.70.183.62 - - [29/Mar/2020:09:32:27 +0800] "GET /xingrg/all/function/internal_message.html?_=1585445853052&CODE_STATE=getMsg HTTP/1.1" 200 27
114.86.229.141 - - [29/Mar/2020:09:32:28 +0800] "GET /xingrg/kc/base/wldb_order_add.html HTTP/1.1" 200 30309
114.86.229.141 - - [29/Mar/2020:09:32:28 +0800] "POST /xingrg/kc/base/wldb_order_operate.html HTTP/1.1" 200 6806
114.86.229.141 - - [29/Mar/2020:09:32:28 +0800] "GET /xingrg/all/common/auto_word.html?type=base&rest_code=00109 HTTP/1.1" 200 1595
114.86.229.141 - - [29/Mar/2020:09:32:28 +0800] "GET /xingrg/all/common/auto_word.html?type=base&rest_code=00109 HTTP/1.1" 200 1595
114.86.229.141 - - [29/Mar/2020:09:32:28 +0800] "GET /xingrg/javascript/easyui/themes/default/validatebox.css HTTP/1.1" 404 1104
114.86.229.141 - - [29/Mar/2020:09:32:28 +0800] "GET /xingrg/all/function/internal_message.html?_=1585445660883&CODE_STATE=getMsg HTTP/1.1" 200 27
172.17.0.100 - - [29/Mar/2020:09:32:29 +0800] "POST /xingrg/all/user/operate.html HTTP/1.1" 200 36
172.17.0.100 - - [29/Mar/2020:09:32:29 +0800] "GET /xingrg/index.html?sysBaseUrl=http%3A%2F%2F172.17.0.8%3A18081%2Fxingrg%2F&costTime=31×tamp=1585445517652 HTTP/1.1" 200 17448
172.17.0.100 - - [29/Mar/2020:09:32:29 +0800] "GET /xingrg/javascript/jquery_easy_ui/themes/default/easyui.css HTTP/1.1" 304 -
172.17.0.100 - - [29/Mar/2020:09:32:29 +0800] "GET /xingrg/javascript/jquery_easy_ui/themes/icon.css HTTP/1.1" 304 -
172.17.0.100 - - [29/Mar/2020:09:32:29 +0800] "GET /xingrg/css/form.css HTTP/1.1" 304 -
172.17.0.100 - - [29/Mar/2020:09:32:29 +0800] "GET /xingrg/javascript/jquery-1.4.2.min.js HTTP/1.1" 304 -
172.17.0.100 - - [29/Mar/2020:09:32:29 +0800] "GET /xingrg/javascript/jquery_easy_ui/jquery.easyui.min.js HTTP/1.1" 304 -
172.17.0.100 - - [29/Mar/2020:09:32:29 +0800] "GET /xingrg/javascript/jquery_easy_ui/easyui-lang-zh_CN.js HTTP/1.1" 304 -
172.17.0.100 - - [29/Mar/2020:09:32:29 +0800] "GET /xingrg/javascript/jquery.form.js HTTP/1.1" 304 -
172.17.0.100 - - [29/Mar/2020:09:32:29 +0800] "GET /xingrg/javascript/jquery.utils.js HTTP/1.1" 304 -
172.17.0.100 - - [29/Mar/2020:09:32:29 +0800] "GET /xingrg/javascript/jquery.timers.js HTTP/1.1" 304 -
172.17.0.100 - - [29/Mar/2020:09:32:29 +0800] "GET /xingrg/images/blue/jxLogo.png HTTP/1.1" 304 -
172.17.0.100 - - [29/Mar/2020:09:32:29 +0800] "POST /xingrg/all/common/load_tree.html?tree=area_rest_tree_json&manage=1 HTTP/1.1" 200 3088
172.17.0.100 - - [29/Mar/2020:09:32:29 +0800] "GET /xingrg/all/function/internal_message.html?_=1585445738162&CODE_STATE=count HTTP/1.1" 200 11
172.17.0.100 - - [29/Mar/2020:09:32:29 +0800] "GET /xingrg/check_reg.html?_=1585445738163 HTTP/1.1" 200 22
172.17.0.100 - - [29/Mar/2020:09:32:29 +0800] "GET /xingrg/images/blue/navBackgound.jpg HTTP/1.1" 304 -
172.17.0.100 - - [29/Mar/2020:09:32:29 +0800] "GET /xingrg/javascript/jquery_easy_ui/themes/icons/settle_new.png HTTP/1.1" 304 -
172.17.0.100 - - [29/Mar/2020:09:32:29 +0800] "GET /xingrg/images/blue/pingpu.png HTTP/1.1" 304 -
172.17.0.100 - - [29/Mar/2020:09:32:29 +0800] "GET /xingrg/javascript/jquery_easy_ui/themes/default/images/tabs_leftarrow.png HTTP/1.1" 304 -
172.17.0.100 - - [29/Mar/2020:09:32:29 +0800] "GET /xingrg/javascript/jquery_easy_ui/themes/default/images/tabs_rightarrow.png HTTP/1.1" 304 -
172.17.0.100 - - [29/Mar/2020:09:32:29 +0800] "GET /xingrg/javascript/jquery_easy_ui/themes/default/images/panel_tool_collapse.gif HTTP/1.1" 304 -
172.17.0.100 - - [29/Mar/2020:09:32:29 +0800] "GET /xingrg/javascript/jquery_easy_ui/themes/default/images/panel_tool_expand.gif HTTP/1.1" 304 -
172.17.0.100 - - [29/Mar/2020:09:32:29 +0800] "POST /xingrg/load_menu.html HTTP/1.1" 200 9924
172.17.0.100 - - [29/Mar/2020:09:32:31 +0800] "GET /xingrg/kc/report/report_main.html HTTP/1.1" 200 7325
172.17.0.100 - - [29/Mar/2020:09:32:32 +0800] "GET /xingrg/kc/base/crk_hz.html HTTP/1.1" 200 11227
172.17.0.100 - - [29/Mar/2020:09:32:32 +0800] "POST /xingrg/kc/cost/cost_operate.html?command=get_base_tree HTTP/1.1" 200 2240
172.17.0.100 - - [29/Mar/2020:09:32:32 +0800] "POST /xingrg/all/common/load_tree.html?tree=materiel_sort_tree_json HTTP/1.1" 200 8666
114.84.33.255 - - [29/Mar/2020:09:32:34 +0800] "GET /xingrg/kc/base/wldb_order_add.html HTTP/1.1" 200 30319
114.84.33.255 - - [29/Mar/2020:09:32:35 +0800] "POST /xingrg/kc/base/wldb_order_operate.html HTTP/1.1" 200 6806
114.84.33.255 - - [29/Mar/2020:09:32:35 +0800] "GET /xingrg/javascript/easyui/themes/default/validatebox.css HTTP/1.1" 404 1104
172.17.0.100 - - [29/Mar/2020:09:32:36 +0800] "GET /xingrg/all/common/get_data_part.html?part=previousYear&_=1585445745268 HTTP/1.1" 200 41
114.84.33.255 - - [29/Mar/2020:09:32:40 +0800] "GET /xingrg/all/function/internal_message.html?_=1585445562571&CODE_STATE=getMsg HTTP/1.1" 200 27
180.156.150.85 - - [29/Mar/2020:09:32:41 +0800] "GET /xingrg/all/function/internal_message.html?_=1585445561163&CODE_STATE=getMsg HTTP/1.1" 200 27
116.235.222.53 - - [29/Mar/2020:09:32:45 +0800] "GET /xingrg/all/function/internal_message.html?_=1585445565461&CODE_STATE=getMsg HTTP/1.1" 200 27
172.17.0.100 - - [29/Mar/2020:09:32:47 +0800] "GET /xingrg/kc/base/crk_hz.html?_=1585445756258&command=get_cost_id&end_date=2019-12-31&start_date=2019-12-31 HTTP/1.1" 200 51
