172.17.0.185 - - [29/Mar/2020:11:38:40 +0800] "GET /xingrg/words/20200328152550_words.js HTTP/1.1" 200 718008
172.17.0.185 - - [29/Mar/2020:11:38:40 +0800] "GET /xingrg/javascript/easyui/themes/default/images/menu_downarrow.png HTTP/1.1" 200 173
172.17.0.185 - - [29/Mar/2020:11:38:40 +0800] "GET /xingrg/javascript/easyui/themes/icons/check_new.png HTTP/1.1" 200 3224
172.17.0.185 - - [29/Mar/2020:11:38:40 +0800] "GET /xingrg/javascript/easyui/themes/icons/back_new.png HTTP/1.1" 200 3414
172.17.0.185 - - [29/Mar/2020:11:38:40 +0800] "GET /xingrg/javascript/easyui/themes/icons/print.png HTTP/1.1" 200 1057
172.17.0.185 - - [29/Mar/2020:11:38:40 +0800] "GET /xingrg/javascript/easyui/themes/icons/cance_new.png HTTP/1.1" 200 3986
172.17.0.185 - - [29/Mar/2020:11:38:40 +0800] "GET /xingrg/javascript/easyui/themes/icons/ok.png HTTP/1.1" 200 883
172.17.0.185 - - [29/Mar/2020:11:38:40 +0800] "POST /xingrg/kc/mdqp/pssh_order_operate.html HTTP/1.1" 200 1032
172.17.0.185 - - [29/Mar/2020:11:38:41 +0800] "GET /xingrg/all/common/auto_word.html?type=base&rest_code=00107&rest_code=00107 HTTP/1.1" 200 2181
172.17.0.185 - - [29/Mar/2020:11:38:41 +0800] "GET /xingrg/all/common/auto_word.html?type=employee&rest_code=00107 HTTP/1.1" 200 197
172.17.0.185 - - [29/Mar/2020:11:38:41 +0800] "GET /xingrg/javascript/easyui/themes/default/validatebox.css HTTP/1.1" 404 1104
172.17.0.185 - - [29/Mar/2020:11:38:41 +0800] "GET /xingrg/javascript/easyui/plugins/jquery.validatebox.js HTTP/1.1" 200 6103
172.17.0.185 - - [29/Mar/2020:11:38:41 +0800] "GET /xingrg/javascript/easyui/plugins/jquery.numberbox.js HTTP/1.1" 200 5213
180.156.150.85 - - [29/Mar/2020:11:38:41 +0800] "GET /xingrg/all/function/internal_message.html?_=1585453121286&CODE_STATE=getMsg HTTP/1.1" 200 27
172.17.0.185 - - [29/Mar/2020:11:38:45 +0800] "GET /xingrg/javascript/jquery_easy_ui/themes/default/images/tabs_active.png HTTP/1.1" 200 2894
116.235.222.53 - - [29/Mar/2020:11:38:45 +0800] "GET /xingrg/all/function/internal_message.html?_=1585453126106&CODE_STATE=getMsg HTTP/1.1" 200 27
117.184.7.30 - - [29/Mar/2020:11:38:46 +0800] "GET /xingrg/all/function/internal_message.html?_=1585453126055&CODE_STATE=getMsg HTTP/1.1" 200 27
117.131.5.26 - - [29/Mar/2020:11:38:47 +0800] "GET /xingrg/check_reg.html?_=1585452784495 HTTP/1.1" 200 22
117.131.5.26 - - [29/Mar/2020:11:38:47 +0800] "GET /xingrg/all/function/internal_message.html?_=1585452785033&CODE_STATE=getMsg HTTP/1.1" 200 27
116.224.247.222 - - [29/Mar/2020:11:38:55 +0800] "GET /xingrg/all/function/internal_message.html?_=1585453314593&CODE_STATE=getMsg HTTP/1.1" 200 27
172.17.0.104 - - [29/Mar/2020:11:38:57 +0800] "GET /favicon.ico HTTP/1.1" 404 -
114.84.33.255 - - [29/Mar/2020:11:38:58 +0800] "GET /xingrg/all/function/internal_message.html?_=1585453141559&CODE_STATE=getMsg HTTP/1.1" 200 27
114.84.33.255 - - [29/Mar/2020:11:38:59 +0800] "GET /xingrg/check_reg.html?_=1585453141942 HTTP/1.1" 200 22
222.70.183.62 - - [29/Mar/2020:11:39:00 +0800] "GET /xingrg/all/function/internal_message.html?_=1585453445893&CODE_STATE=getMsg HTTP/1.1" 200 27
117.185.32.26 - - [29/Mar/2020:11:39:00 +0800] "GET /xingrg/all/function/internal_message.html?_=1585453140634&CODE_STATE=getMsg HTTP/1.1" 200 27
172.17.0.104 - - [29/Mar/2020:11:39:06 +0800] "GET /xingrg HTTP/1.1" 302 -
172.17.0.100 - - [29/Mar/2020:11:39:07 +0800] "GET /xingrg/all/function/internal_message.html?_=1585453335596&CODE_STATE=getMsg HTTP/1.1" 200 27
172.17.0.104 - - [29/Mar/2020:11:39:08 +0800] "GET /xingrg/index.html HTTP/1.1" 302 -
172.17.0.104 - - [29/Mar/2020:11:39:09 +0800] "GET /xingrg/login.html HTTP/1.1" 200 7636
172.17.0.104 - - [29/Mar/2020:11:39:09 +0800] "GET /favicon.ico HTTP/1.1" 404 -
172.17.0.104 - - [29/Mar/2020:11:39:10 +0800] "GET /favicon.ico HTTP/1.1" 404 -
222.70.183.62 - - [29/Mar/2020:11:39:13 +0800] "GET /xingrg/all/function/internal_message.html?_=1585453153852&CODE_STATE=getMsg HTTP/1.1" 302 -
172.17.0.102 - - [29/Mar/2020:11:39:15 +0800] "GET /xingrg/all/function/internal_message.html?_=1585453160814&CODE_STATE=getMsg HTTP/1.1" 200 27
172.17.0.104 - - [29/Mar/2020:11:39:19 +0800] "POST /xingrg/login.do HTTP/1.1" 302 -
172.17.0.104 - - [29/Mar/2020:11:39:19 +0800] "GET /xingrg/index.html?sysBaseUrl=http%3A%2F%2F172.17.0.8%3A18081%2Fxingrg%2F&costTime=33×tamp=1585453159272 HTTP/1.1" 200 17448
172.17.0.104 - - [29/Mar/2020:11:39:19 +0800] "GET /favicon.ico HTTP/1.1" 404 -
172.17.0.104 - - [29/Mar/2020:11:39:19 +0800] "POST /xingrg/all/common/load_tree.html?tree=area_rest_tree_json&manage=1 HTTP/1.1" 200 3088
172.17.0.104 - - [29/Mar/2020:11:39:19 +0800] "GET /xingrg/all/function/internal_message.html?_=1585453163356&CODE_STATE=count HTTP/1.1" 200 11
172.17.0.104 - - [29/Mar/2020:11:39:19 +0800] "GET /xingrg/check_reg.html?_=1585453163356 HTTP/1.1" 200 22
172.17.0.104 - - [29/Mar/2020:11:39:19 +0800] "POST /xingrg/load_menu.html HTTP/1.1" 200 11408
180.162.232.172 - - [29/Mar/2020:11:39:20 +0800] "GET /xingrg/all/function/internal_message.html?_=1585453161904&CODE_STATE=getMsg HTTP/1.1" 200 27
180.162.232.172 - - [29/Mar/2020:11:39:21 +0800] "GET /xingrg/check_reg.html?_=1585453162268 HTTP/1.1" 200 22
172.17.0.104 - - [29/Mar/2020:11:39:24 +0800] "POST /xingrg/all/user/operate.html HTTP/1.1" 200 36
172.17.0.104 - - [29/Mar/2020:11:39:24 +0800] "GET /xingrg/index.html?sysBaseUrl=http%3A%2F%2F172.17.0.8%3A18081%2Fxingrg%2F&costTime=33×tamp=1585453159272 HTTP/1.1" 200 17454
172.17.0.104 - - [29/Mar/2020:11:39:24 +0800] "GET /xingrg/javascript/jquery_easy_ui/themes/default/easyui.css HTTP/1.1" 304 -
172.17.0.104 - - [29/Mar/2020:11:39:24 +0800] "GET /xingrg/javascript/jquery_easy_ui/themes/icon.css HTTP/1.1" 304 -
172.17.0.104 - - [29/Mar/2020:11:39:24 +0800] "GET /xingrg/css/form.css HTTP/1.1" 304 -
172.17.0.104 - - [29/Mar/2020:11:39:24 +0800] "GET /xingrg/javascript/jquery-1.4.2.min.js HTTP/1.1" 304 -
172.17.0.104 - - [29/Mar/2020:11:39:24 +0800] "GET /xingrg/javascript/jquery_easy_ui/jquery.easyui.min.js HTTP/1.1" 304 -
172.17.0.104 - - [29/Mar/2020:11:39:24 +0800] "GET /xingrg/javascript/jquery_easy_ui/easyui-lang-zh_CN.js HTTP/1.1" 304 -
172.17.0.104 - - [29/Mar/2020:11:39:24 +0800] "GET /xingrg/javascript/jquery.form.js HTTP/1.1" 304 -
172.17.0.104 - - [29/Mar/2020:11:39:24 +0800] "GET /xingrg/javascript/jquery.utils.js HTTP/1.1" 304 -
172.17.0.104 - - [29/Mar/2020:11:39:24 +0800] "GET /xingrg/javascript/jquery.timers.js HTTP/1.1" 304 -
172.17.0.104 - - [29/Mar/2020:11:39:24 +0800] "GET /xingrg/images/blue/jxLogo.png HTTP/1.1" 304 -
172.17.0.104 - - [29/Mar/2020:11:39:24 +0800] "GET /xingrg/images/blue/navBackgound.jpg HTTP/1.1" 304 -
172.17.0.104 - - [29/Mar/2020:11:39:24 +0800] "GET /xingrg/javascript/jquery_easy_ui/themes/icons/settle_new.png HTTP/1.1" 304 -
172.17.0.104 - - [29/Mar/2020:11:39:24 +0800] "POST /xingrg/all/common/load_tree.html?tree=area_rest_tree_json&manage=1 HTTP/1.1" 200 3088
172.17.0.104 - - [29/Mar/2020:11:39:24 +0800] "GET /xingrg/all/function/internal_message.html?_=1585453168362&CODE_STATE=count HTTP/1.1" 200 11
172.17.0.104 - - [29/Mar/2020:11:39:24 +0800] "GET /xingrg/check_reg.html?_=1585453168362 HTTP/1.1" 200 22
172.17.0.104 - - [29/Mar/2020:11:39:24 +0800] "GET /xingrg/javascript/jquery_easy_ui/themes/default/images/panel_tool_expand.gif HTTP/1.1" 304 -
172.17.0.104 - - [29/Mar/2020:11:39:24 +0800] "GET /xingrg/javascript/jquery_easy_ui/themes/default/images/tabs_rightarrow.png HTTP/1.1" 304 -
172.17.0.104 - - [29/Mar/2020:11:39:24 +0800] "GET /xingrg/javascript/jquery_easy_ui/themes/default/images/tabs_leftarrow.png HTTP/1.1" 304 -
172.17.0.104 - - [29/Mar/2020:11:39:24 +0800] "GET /xingrg/javascript/jquery_easy_ui/themes/default/images/panel_tool_collapse.gif HTTP/1.1" 304 -
172.17.0.104 - - [29/Mar/2020:11:39:24 +0800] "GET /xingrg/images/blue/pingpu.png HTTP/1.1" 304 -
172.17.0.104 - - [29/Mar/2020:11:39:24 +0800] "POST /xingrg/load_menu.html HTTP/1.1" 200 9924
172.17.0.104 - - [29/Mar/2020:11:39:27 +0800] "GET /xingrg/kc/report/report_main.html HTTP/1.1" 200 7325
114.86.229.141 - - [29/Mar/2020:11:39:28 +0800] "GET /xingrg/all/function/internal_message.html?_=1585453195828&CODE_STATE=getMsg HTTP/1.1" 200 27
172.17.0.185 - - [29/Mar/2020:11:39:31 +0800] "GET /xingrg/all/function/internal_message.html?_=1585453171230&CODE_STATE=getMsg HTTP/1.1" 200 27
172.17.0.101 - - [29/Mar/2020:11:39:31 +0800] "GET /xingrg/all/function/internal_message.html?_=1585453171596&CODE_STATE=getMsg HTTP/1.1" 200 27
172.17.0.104 - - [29/Mar/2020:11:39:31 +0800] "GET /xingrg/all/report/report_query.html?fileName=kc/buy/gys_amount.xml&rh=99999 HTTP/1.1" 200 51931
172.17.0.104 - - [29/Mar/2020:11:39:31 +0800] "GET /xingrg/dwr/interface/AjaxReportQueryService.js HTTP/1.1" 200 13203
172.17.0.104 - - [29/Mar/2020:11:39:31 +0800] "GET /xingrg/dwr/util.js HTTP/1.1" 304 -
172.17.0.104 - - [29/Mar/2020:11:39:31 +0800] "GET /xingrg/dwr/engine.js HTTP/1.1" 200 43631
172.17.0.104 - - [29/Mar/2020:11:39:32 +0800] "POST /xingrg/dwr/call/plaincall/AjaxReportQueryService.getFixDate.dwr HTTP/1.1" 200 111
172.17.0.104 - - [29/Mar/2020:11:39:32 +0800] "POST /xingrg/all/common/load_tree.html?tree=supplier_tree_json&manage=1 HTTP/1.1" 200 47635
114.88.159.93 - - [29/Mar/2020:11:39:33 +0800] "GET /xingrg/all/function/internal_message.html?_=1585452891754&CODE_STATE=getMsg HTTP/1.1" 200 27
172.17.0.104 - - [29/Mar/2020:11:39:33 +0800] "POST /xingrg/all/common/load_tree.html?tree=materiel_sort_tree_json HTTP/1.1" 200 8666
172.17.0.104 - - [29/Mar/2020:11:39:33 +0800] "POST /xingrg/dwr/call/plaincall/AjaxReportQueryService.getInitString.dwr HTTP/1.1" 200 405
222.69.131.116 - - [29/Mar/2020:11:39:38 +0800] "GET /xingrg/all/function/internal_message.html?_=1585453178278&CODE_STATE=getMsg HTTP/1.1" 200 27
172.17.0.104 - - [29/Mar/2020:11:39:39 +0800] "POST /xingrg/dwr/call/plaincall/AjaxReportQueryService.refreshCache.dwr HTTP/1.1" 200 78
172.17.0.104 - - [29/Mar/2020:11:39:40 +0800] "POST /xingrg/all/report/load_report_page.html HTTP/1.1" 200 34509
172.17.0.104 - - [29/Mar/2020:11:39:40 +0800] "GET /xingrg/servlets/image?cache=0.432689550313507&image=px HTTP/1.1" 200 807
180.156.150.85 - - [29/Mar/2020:11:39:41 +0800] "GET /xingrg/all/function/internal_message.html?_=1585453181276&CODE_STATE=getMsg HTTP/1.1" 200 27
172.17.0.104 - - [29/Mar/2020:11:39:45 +0800] "GET /xingrg/all/report/report_query.html?isQuery=1&fileName=kc/buy/wlcg_cate_hz.xml&queryString=(CONVERT(char(10)%252Ca.order_time%252C%2520120)%253E%253D'2020-03-01')%2520and%2520(CONVERT(char(10)%252Ca.order_time%252C%2520120)%253C%253D'2020-03-31')%2520and%2520(a.supplier_code%253D'00100161')&queryText=%25E3%2580%2590%25E9%2587%2587%25E8%25B4%25AD%25E6%2597%25A5%25E6%259C%259F%253A2020-03-01%2520%25E8%2587%25B3%25202020-03-31%25E3%2580%2591%2520%25E5%25B9%25B6%25E4%25B8%2594%2520%25E3%2580%2590%25E4%25BE%259B%25E5%25BA%2594%25E5%2595%2586%253D%25E8%2594%25AC%25E8%258F%259C(%25E5%25BE%2590%25E7%258F%2582)%25E3%2580%2591 HTTP/1.1" 200 54276
172.17.0.104 - - [29/Mar/2020:11:39:45 +0800] "GET /xingrg/dwr/interface/AjaxReportQueryService.js HTTP/1.1" 200 13203
172.17.0.104 - - [29/Mar/2020:11:39:45 +0800] "GET /xingrg/dwr/engine.js HTTP/1.1" 200 43631
117.184.7.30 - - [29/Mar/2020:11:39:46 +0800] "GET /xingrg/all/function/internal_message.html?_=1585453186044&CODE_STATE=getMsg HTTP/1.1" 200 27
172.17.0.104 - - [29/Mar/2020:11:39:47 +0800] "POST /xingrg/all/report/load_report_page.html HTTP/1.1" 200 8714
172.17.0.104 - - [29/Mar/2020:11:39:47 +0800] "GET /xingrg/servlets/image?cache=0.7512357621098059&image=px HTTP/1.1" 200 807
117.131.5.26 - - [29/Mar/2020:11:39:47 +0800] "GET /xingrg/all/function/internal_message.html?_=1585452845047&CODE_STATE=getMsg HTTP/1.1" 200 27
172.17.0.104 - - [29/Mar/2020:11:39:49 +0800] "POST /xingrg/all/report/load_report_page.html HTTP/1.1" 200 79862
172.17.0.104 - - [29/Mar/2020:11:39:49 +0800] "GET /xingrg/servlets/image?cache=0.21503877078095313&image=px HTTP/1.1" 200 807
120.204.17.73 - - [29/Mar/2020:11:39:49 +0800] "GET /xingrg/check_reg.html?_=1585452784495 HTTP/1.1" 302 -
172.17.0.104 - - [29/Mar/2020:11:39:52 +0800] "POST /xingrg/all/report/load_report_page.html HTTP/1.1" 200 79849
172.17.0.104 - - [29/Mar/2020:11:39:52 +0800] "GET /xingrg/servlets/image?cache=0.8436262351783107&image=px HTTP/1.1" 200 807
172.17.0.104 - - [29/Mar/2020:11:39:54 +0800] "POST /xingrg/all/report/load_report_page.html HTTP/1.1" 200 79829
172.17.0.104 - - [29/Mar/2020:11:39:54 +0800] "GET /xingrg/servlets/image?cache=0.2862139266566618&image=px HTTP/1.1" 200 807
116.224.247.222 - - [29/Mar/2020:11:39:55 +0800] "GET /xingrg/all/function/internal_message.html?_=1585453374594&CODE_STATE=getMsg HTTP/1.1" 200 27
222.70.183.62 - - [29/Mar/2020:11:39:57 +0800] "GET /xingrg/check_reg.html?_=1585453197818 HTTP/1.1" 302 -
120.204.17.73 - - [29/Mar/2020:11:39:57 +0800] "GET /xingrg/login.html HTTP/1.1" 200 7641
114.84.33.255 - - [29/Mar/2020:11:39:58 +0800] "GET /xingrg/all/function/internal_message.html?_=1585453201566&CODE_STATE=getMsg HTTP/1.1" 200 27
172.17.0.104 - - [29/Mar/2020:11:39:59 +0800] "POST /xingrg/all/report/load_report_page.html HTTP/1.1" 200 79849
172.17.0.104 - - [29/Mar/2020:11:39:59 +0800] "GET /xingrg/servlets/image?cache=0.9335612540909737&image=px HTTP/1.1" 200 807
222.70.183.62 - - [29/Mar/2020:11:40:00 +0800] "GET /xingrg/all/function/internal_message.html?_=1585453505869&CODE_STATE=getMsg HTTP/1.1" 200 27
117.185.32.26 - - [29/Mar/2020:11:40:00 +0800] "GET /xingrg/check_reg.html?_=1585453200480 HTTP/1.1" 200 22
117.185.32.26 - - [29/Mar/2020:11:40:00 +0800] "GET /xingrg/all/function/internal_message.html?_=1585453200615&CODE_STATE=getMsg HTTP/1.1" 200 27
172.17.0.104 - - [29/Mar/2020:11:40:01 +0800] "POST /xingrg/all/report/load_report_page.html HTTP/1.1" 200 79829
172.17.0.104 - - [29/Mar/2020:11:40:01 +0800] "GET /xingrg/servlets/image?cache=0.8914342402059834&image=px HTTP/1.1" 200 807
116.235.222.53 - - [29/Mar/2020:11:40:05 +0800] "GET /xingrg/index.html?sysBaseUrl=http%3A%2F%2F180.169.147.146%3A18081%2Fxingrg%2F&costTime=40×tamp=1585201915687 HTTP/1.1" 200 17179
116.235.222.53 - - [29/Mar/2020:11:40:06 +0800] "POST /xingrg/all/common/load_tree.html?tree=area_rest_tree_json&manage=1 HTTP/1.1" 200 476
116.235.222.53 - - [29/Mar/2020:11:40:06 +0800] "GET /xingrg/all/function/internal_message.html?_=1585453206552&CODE_STATE=count HTTP/1.1" 200 11
116.235.222.53 - - [29/Mar/2020:11:40:06 +0800] "POST /xingrg/load_menu.html HTTP/1.1" 200 5138
116.235.222.53 - - [29/Mar/2020:11:40:06 +0800] "GET /xingrg/check_reg.html?_=1585453206568 HTTP/1.1" 200 22
172.17.0.100 - - [29/Mar/2020:11:40:07 +0800] "GET /xingrg/all/function/internal_message.html?_=1585453395602&CODE_STATE=getMsg HTTP/1.1" 200 27
172.17.0.104 - - [29/Mar/2020:11:40:10 +0800] "POST /xingrg/all/report/report_print.html HTTP/1.1" 302 -
172.17.0.104 - - [29/Mar/2020:11:40:10 +0800] "GET /xingrg/servlets/html?sysBaseUrl=http%3A%2F%2F172.17.0.8%3A18081%2Fxingrg%2F&costTime=114×tamp=1585453210239 HTTP/1.1" 200 149141
172.17.0.104 - - [29/Mar/2020:11:40:10 +0800] "GET /xingrg/servlets/image?image=px HTTP/1.1" 200 807
172.17.0.104 - - [29/Mar/2020:11:40:10 +0800] "GET /favicon.ico HTTP/1.1" 404 -
222.70.183.62 - - [29/Mar/2020:11:40:13 +0800] "GET /xingrg/all/function/internal_message.html?_=1585453213867&CODE_STATE=getMsg HTTP/1.1" 302 -
172.17.0.102 - - [29/Mar/2020:11:40:15 +0800] "GET /xingrg/all/function/internal_message.html?_=1585453220832&CODE_STATE=getMsg HTTP/1.1" 200 27
116.235.222.53 - - [29/Mar/2020:11:40:18 +0800] "GET /xingrg/system/sys_right.html HTTP/1.1" 200 7753
116.235.222.53 - - [29/Mar/2020:11:40:18 +0800] "GET /xingrg/dwr/interface/AjaxSystemService.js HTTP/1.1" 200 13657
116.235.222.53 - - [29/Mar/2020:11:40:18 +0800] "GET /xingrg/dwr/engine.js HTTP/1.1" 200 43631
180.162.232.172 - - [29/Mar/2020:11:40:20 +0800] "GET /xingrg/all/function/internal_message.html?_=1585453221901&CODE_STATE=getMsg HTTP/1.1" 200 27
172.17.0.104 - - [29/Mar/2020:11:40:24 +0800] "GET /xingrg/all/function/internal_message.html?_=1585453228375&CODE_STATE=getMsg HTTP/1.1" 200 27
114.86.229.141 - - [29/Mar/2020:11:40:26 +0800] "GET /xingrg/all/function/internal_message.html?_=1585453255843&CODE_STATE=getMsg HTTP/1.1" 200 27
172.17.0.185 - - [29/Mar/2020:11:40:31 +0800] "GET /xingrg/all/function/internal_message.html?_=1585453231237&CODE_STATE=getMsg HTTP/1.1" 200 27
172.17.0.101 - - [29/Mar/2020:11:40:31 +0800] "GET /xingrg/check_reg.html?_=1585453231598 HTTP/1.1" 200 22
172.17.0.101 - - [29/Mar/2020:11:40:31 +0800] "GET /xingrg/all/function/internal_message.html?_=1585453231605&CODE_STATE=getMsg HTTP/1.1" 200 27
114.88.159.93 - - [29/Mar/2020:11:40:33 +0800] "GET /xingrg/all/function/internal_message.html?_=1585452951754&CODE_STATE=getMsg HTTP/1.1" 200 27
116.235.222.53 - - [29/Mar/2020:11:40:37 +0800] "GET /xingrg/kc/buy/buy_main.html HTTP/1.1" 200 12412
116.235.222.53 - - [29/Mar/2020:11:40:37 +0800] "GET /xingrg/css/new_ie.css HTTP/1.1" 404 1036
222.69.131.116 - - [29/Mar/2020:11:40:38 +0800] "GET /xingrg/all/function/internal_message.html?_=1585453238251&CODE_STATE=getMsg HTTP/1.1" 200 27
180.156.150.85 - - [29/Mar/2020:11:40:41 +0800] "GET /xingrg/all/function/internal_message.html?_=1585453241277&CODE_STATE=getMsg HTTP/1.1" 200 27
117.184.7.30 - - [29/Mar/2020:11:40:46 +0800] "GET /xingrg/check_reg.html?_=1585453245967 HTTP/1.1" 200 22
117.184.7.30 - - [29/Mar/2020:11:40:46 +0800] "GET /xingrg/all/function/internal_message.html?_=1585453246029&CODE_STATE=getMsg HTTP/1.1" 200 27
117.131.5.26 - - [29/Mar/2020:11:40:47 +0800] "GET /xingrg/all/function/internal_message.html?_=1585452905059&CODE_STATE=getMsg HTTP/1.1" 200 27
116.224.247.222 - - [29/Mar/2020:11:40:52 +0800] "GET /xingrg/check_reg.html?_=1585453431797 HTTP/1.1" 200 22
116.224.247.222 - - [29/Mar/2020:11:40:55 +0800] "GET /xingrg/all/function/internal_message.html?_=1585453434607&CODE_STATE=getMsg HTTP/1.1" 200 27
114.84.33.255 - - [29/Mar/2020:11:40:58 +0800] "GET /xingrg/all/function/internal_message.html?_=1585453261579&CODE_STATE=getMsg HTTP/1.1" 200 27
222.70.183.62 - - [29/Mar/2020:11:41:00 +0800] "GET /xingrg/all/function/internal_message.html?_=1585453565850&CODE_STATE=getMsg HTTP/1.1" 200 27
117.185.32.26 - - [29/Mar/2020:11:41:00 +0800] "GET /xingrg/all/function/internal_message.html?_=1585453260598&CODE_STATE=getMsg HTTP/1.1" 200 27
116.235.222.53 - - [29/Mar/2020:11:41:06 +0800] "GET /xingrg/all/function/internal_message.html?_=1585453266583&CODE_STATE=getMsg HTTP/1.1" 200 27
172.17.0.100 - - [29/Mar/2020:11:41:07 +0800] "GET /xingrg/all/function/internal_message.html?_=1585453455604&CODE_STATE=getMsg HTTP/1.1" 200 27
222.70.183.62 - - [29/Mar/2020:11:41:13 +0800] "GET /xingrg/all/function/internal_message.html?_=1585453273900&CODE_STATE=getMsg HTTP/1.1" 302 -
172.17.0.102 - - [29/Mar/2020:11:41:15 +0800] "GET /xingrg/all/function/internal_message.html?_=1585453280841&CODE_STATE=getMsg HTTP/1.1" 200 27
180.162.232.172 - - [29/Mar/2020:11:41:20 +0800] "GET /xingrg/all/function/internal_message.html?_=1585453281900&CODE_STATE=getMsg HTTP/1.1" 200 27
114.86.229.141 - - [29/Mar/2020:11:41:23 +0800] "GET /xingrg/all/function/internal_message.html?_=1585453315875&CODE_STATE=getMsg HTTP/1.1" 200 27
172.17.0.104 - - [29/Mar/2020:11:41:24 +0800] "GET /xingrg/all/function/internal_message.html?_=1585453288375&CODE_STATE=getMsg HTTP/1.1" 200 27
172.17.0.185 - - [29/Mar/2020:11:41:31 +0800] "GET /xingrg/all/function/internal_message.html?_=1585453291240&CODE_STATE=getMsg HTTP/1.1" 200 27
172.17.0.101 - - [29/Mar/2020:11:41:31 +0800] "GET /xingrg/all/function/internal_message.html?_=1585453291592&CODE_STATE=getMsg HTTP/1.1" 200 27
114.88.159.93 - - [29/Mar/2020:11:41:33 +0800] "GET /xingrg/all/function/internal_message.html?_=1585453011754&CODE_STATE=getMsg HTTP/1.1" 200 27
114.88.159.93 - - [29/Mar/2020:11:41:33 +0800] "GET /xingrg/check_reg.html?_=1585453011755 HTTP/1.1" 200 22
222.69.131.116 - - [29/Mar/2020:11:41:38 +0800] "GET /xingrg/all/function/internal_message.html?_=1585453298239&CODE_STATE=getMsg HTTP/1.1" 200 27
180.156.150.85 - - [29/Mar/2020:11:41:41 +0800] "GET /xingrg/all/function/internal_message.html?_=1585453301277&CODE_STATE=getMsg HTTP/1.1" 200 27
180.156.150.85 - - [29/Mar/2020:11:41:41 +0800] "GET /xingrg/check_reg.html?_=1585453301281 HTTP/1.1" 200 22
116.235.222.53 - - [29/Mar/2020:11:41:44 +0800] "GET /xingrg/index.html?sysBaseUrl=http%3A%2F%2F180.169.147.146%3A18081%2Fxingrg%2F&costTime=34×tamp=1585362191572 HTTP/1.1" 302 -
116.235.222.53 - - [29/Mar/2020:11:41:44 +0800] "GET /xingrg/login.html HTTP/1.1" 200 7641
116.235.222.53 - - [29/Mar/2020:11:41:45 +0800] "GET /favicon.ico HTTP/1.1" 404 -
117.184.7.30 - - [29/Mar/2020:11:41:46 +0800] "GET /xingrg/all/function/internal_message.html?_=1585453306016&CODE_STATE=getMsg HTTP/1.1" 200 27
117.131.5.26 - - [29/Mar/2020:11:41:48 +0800] "GET /xingrg/all/function/internal_message.html?_=1585452965085&CODE_STATE=getMsg HTTP/1.1" 200 27
116.235.222.53 - - [29/Mar/2020:11:41:50 +0800] "POST /xingrg/login.do HTTP/1.1" 302 -
116.235.222.53 - - [29/Mar/2020:11:41:50 +0800] "GET /xingrg/index.html?sysBaseUrl=http%3A%2F%2F180.169.147.146%3A18081%2Fxingrg%2F&costTime=31×tamp=1585453310422 HTTP/1.1" 200 17419
116.235.222.53 - - [29/Mar/2020:11:41:50 +0800] "POST /xingrg/all/common/load_tree.html?tree=area_rest_tree_json&manage=1 HTTP/1.1" 200 351
116.235.222.53 - - [29/Mar/2020:11:41:50 +0800] "GET /xingrg/all/function/internal_message.html?_=1585453310343&CODE_STATE=count HTTP/1.1" 200 11
116.235.222.53 - - [29/Mar/2020:11:41:50 +0800] "GET /xingrg/check_reg.html?_=1585453310345 HTTP/1.1" 200 22
116.235.222.53 - - [29/Mar/2020:11:41:50 +0800] "GET /favicon.ico HTTP/1.1" 404 -
116.235.222.53 - - [29/Mar/2020:11:41:50 +0800] "POST /xingrg/load_menu.html HTTP/1.1" 200 9959
116.224.247.222 - - [29/Mar/2020:11:41:55 +0800] "GET /xingrg/all/function/internal_message.html?_=1585453494621&CODE_STATE=getMsg HTTP/1.1" 200 27
116.235.222.53 - - [29/Mar/2020:11:41:57 +0800] "POST /xingrg/load_menu.html HTTP/1.1" 200 10168
114.84.33.255 - - [29/Mar/2020:11:41:59 +0800] "GET /xingrg/all/function/internal_message.html?_=1585453321950&CODE_STATE=getMsg HTTP/1.1" 200 27
222.70.183.62 - - [29/Mar/2020:11:42:00 +0800] "GET /xingrg/all/function/internal_message.html?_=1585453625821&CODE_STATE=getMsg HTTP/1.1" 200 27
117.185.32.26 - - [29/Mar/2020:11:42:00 +0800] "GET /xingrg/all/function/internal_message.html?_=1585453320568&CODE_STATE=getMsg HTTP/1.1" 200 27
116.235.222.53 - - [29/Mar/2020:11:42:02 +0800] "GET /xingrg/system/rest/menu_rest.html HTTP/1.1" 200 11552
116.235.222.53 - - [29/Mar/2020:11:42:02 +0800] "GET /xingrg/javascript/jquery_easy_ui/themes/default/images/tabs_close.gif HTTP/1.1" 200 829
116.235.222.53 - - [29/Mar/2020:11:42:02 +0800] "GET /xingrg/css/table.css HTTP/1.1" 200 3684
116.235.222.53 - - [29/Mar/2020:11:42:02 +0800] "GET /xingrg/javascript/auto/jquery.autocomplete.css HTTP/1.1" 200 587
116.235.222.53 - - [29/Mar/2020:11:42:02 +0800] "GET /xingrg/javascript/auto/jquery.autocomplete.js HTTP/1.1" 200 21624
116.235.222.53 - - [29/Mar/2020:11:42:02 +0800] "GET /xingrg/javascript/tools/jquery.qtip-1.0.0-rc3.min.js HTTP/1.1" 200 38404
116.235.222.53 - - [29/Mar/2020:11:42:02 +0800] "GET /xingrg/images/control/ajaxLoader.gif HTTP/1.1" 200 4659
116.235.222.53 - - [29/Mar/2020:11:42:02 +0800] "POST /xingrg/all/common/load_tree.html?tree=area_station_tree_json&manage=1 HTTP/1.1" 200 345
116.235.222.53 - - [29/Mar/2020:11:42:02 +0800] "GET /xingrg/javascript/jquery_easy_ui/themes/default/images/combo_arrow_dot.gif HTTP/1.1" 200 79
116.235.222.53 - - [29/Mar/2020:11:42:02 +0800] "GET /xingrg/javascript/jquery_easy_ui/themes/default/images/datagrid_header_bg.gif HTTP/1.1" 200 97
116.235.222.53 - - [29/Mar/2020:11:42:02 +0800] "POST /xingrg/all/common/load_tree.html?tree=area_station_tree_json&manage=1 HTTP/1.1" 200 345
172.17.0.100 - - [29/Mar/2020:11:42:07 +0800] "GET /xingrg/all/function/internal_message.html?_=1585453515607&CODE_STATE=getMsg HTTP/1.1" 200 27
116.235.222.53 - - [29/Mar/2020:11:42:08 +0800] "GET /xingrg/dwr/interface/AjaxGetFirstChart.js HTTP/1.1" 200 631
116.235.222.53 - - [29/Mar/2020:11:42:08 +0800] "GET /xingrg/javascript/convert.js HTTP/1.1" 200 1239
116.235.222.53 - - [29/Mar/2020:11:42:08 +0800] "GET /xingrg/javascript/jquery.shich.js HTTP/1.1" 200 4857
116.235.222.53 - - [29/Mar/2020:11:42:08 +0800] "GET /xingrg/dwr/engine.js HTTP/1.1" 200 43631
116.235.222.53 - - [29/Mar/2020:11:42:08 +0800] "GET /xingrg/system/rest/list_page.html?p=menu HTTP/1.1" 200 110877
116.235.222.53 - - [29/Mar/2020:11:42:08 +0800] "GET /xingrg/dwr/util.js HTTP/1.1" 200 35990
116.235.222.53 - - [29/Mar/2020:11:42:08 +0800] "GET /xingrg/javascript/Calendar.js HTTP/1.1" 200 31561
116.235.222.53 - - [29/Mar/2020:11:42:09 +0800] "GET /xingrg/javascript/jquery_easy_ui/themes/icons/search.png HTTP/1.1" 200 813
116.235.222.53 - - [29/Mar/2020:11:42:09 +0800] "GET /xingrg/javascript/jquery_easy_ui/themes/default/images/button_span_bg.gif HTTP/1.1" 200 2061
116.235.222.53 - - [29/Mar/2020:11:42:09 +0800] "GET /xingrg/javascript/jquery_easy_ui/themes/default/images/button_a_bg.gif HTTP/1.1" 200 1194
116.235.222.53 - - [29/Mar/2020:11:42:09 +0800] "GET /xingrg/javascript/jquery_easy_ui/themes/icons/edit_add.png HTTP/1.1" 200 1088
116.235.222.53 - - [29/Mar/2020:11:42:09 +0800] "GET /xingrg/javascript/jquery_easy_ui/themes/icons/pencil.png HTTP/1.1" 200 713
116.235.222.53 - - [29/Mar/2020:11:42:09 +0800] "GET /xingrg/javascript/jquery_easy_ui/themes/icons/edit_remove.png HTTP/1.1" 200 625
116.235.222.53 - - [29/Mar/2020:11:42:09 +0800] "GET /xingrg/javascript/jquery_easy_ui/themes/default/images/pagination_prev.gif HTTP/1.1" 200 879
116.235.222.53 - - [29/Mar/2020:11:42:09 +0800] "GET /xingrg/javascript/jquery_easy_ui/themes/icons/check_new.png HTTP/1.1" 200 3224
116.235.222.53 - - [29/Mar/2020:11:42:09 +0800] "GET /xingrg/javascript/jquery_easy_ui/themes/icons/uncheck_new.png HTTP/1.1" 200 3197
116.235.222.53 - - [29/Mar/2020:11:42:09 +0800] "GET /xingrg/javascript/jquery_easy_ui/themes/default/images/pagination_next.gif HTTP/1.1" 200 875
116.235.222.53 - - [29/Mar/2020:11:42:09 +0800] "GET /xingrg/javascript/jquery_easy_ui/themes/icons/ok.png HTTP/1.1" 200 883
116.235.222.53 - - [29/Mar/2020:11:42:09 +0800] "GET /xingrg/javascript/jquery_easy_ui/themes/default/images/pagination_first.gif HTTP/1.1" 200 925
116.235.222.53 - - [29/Mar/2020:11:42:09 +0800] "GET /xingrg/javascript/jquery_easy_ui/themes/default/images/pagination_last.gif HTTP/1.1" 200 923
116.235.222.53 - - [29/Mar/2020:11:42:09 +0800] "GET /xingrg/javascript/jquery_easy_ui/themes/default/images/pagination_load.png HTTP/1.1" 200 827
116.235.222.53 - - [29/Mar/2020:11:42:09 +0800] "GET /xingrg/javascript/jquery_easy_ui/themes/default/images/pagination_loading.gif HTTP/1.1" 200 1737
116.235.222.53 - - [29/Mar/2020:11:42:09 +0800] "GET /xingrg/system/rest/query_items.html?_=1585453328831&table=menu&page=1&rows=20&categoryId=&key= HTTP/1.1" 200 4722
116.235.222.53 - - [29/Mar/2020:11:42:09 +0800] "GET /xingrg/javascript/jquery_easy_ui/themes/default/images/button_plain_hover.png HTTP/1.1" 200 252
222.70.183.62 - - [29/Mar/2020:11:42:13 +0800] "GET /xingrg/all/function/internal_message.html?_=1585453333910&CODE_STATE=getMsg HTTP/1.1" 302 -
116.235.222.53 - - [29/Mar/2020:11:42:14 +0800] "GET /xingrg/system/rest/query_items.html?_=1585453334315&table=menu&page=1&rows=20&categoryId=&key=%25E5%25B8%259D%25E7%258E%258B%25E8%259F%25B9 HTTP/1.1" 200 4148
172.17.0.102 - - [29/Mar/2020:11:42:15 +0800] "GET /xingrg/check_reg.html?_=1585453340609 HTTP/1.1" 200 22
172.17.0.102 - - [29/Mar/2020:11:42:15 +0800] "GET /xingrg/all/function/internal_message.html?_=1585453340854&CODE_STATE=getMsg HTTP/1.1" 200 27
116.235.222.53 - - [29/Mar/2020:11:42:16 +0800] "GET /xingrg/system/rest/query_items.html?_=1585453335741&table=menu&page=1&rows=20&categoryId=&key=%25E5%25B8%259D%25E7%258E%258B%25E8%259F%25B9 HTTP/1.1" 200 4148
116.235.222.53 - - [29/Mar/2020:11:42:16 +0800] "GET /xingrg/javascript/jquery_easy_ui/themes/default/images/panel_title.png HTTP/1.1" 200 266
116.235.222.53 - - [29/Mar/2020:11:42:16 +0800] "GET /xingrg/system/rest/get_item.html?table=menu&id=2023&_=1585453336375 HTTP/1.1" 200 953
116.235.222.53 - - [29/Mar/2020:11:42:16 +0800] "GET /xingrg/javascript/jquery_easy_ui/themes/default/images/panel_tools.gif HTTP/1.1" 200 737
116.235.222.53 - - [29/Mar/2020:11:42:16 +0800] "GET /xingrg/system/rest/get_item.html?table=menu&target=menu_rest&id=2023&_=1585453336389 HTTP/1.1" 200 855
116.235.222.53 - - [29/Mar/2020:11:42:16 +0800] "GET /xingrg/system/rest/get_item.html?table=menu&target=cook_mode&id=2023&_=1585453336387 HTTP/1.1" 200 27807
116.235.222.53 - - [29/Mar/2020:11:42:16 +0800] "GET /xingrg/system/rest/get_infos.html?command=menu_img_show&id=2023 HTTP/1.1" 200 5
117.184.7.30 - - [29/Mar/2020:11:42:17 +0800] "GET /xingrg/kc/mdqp/qp_main.html HTTP/1.1" 200 10633
117.184.7.30 - - [29/Mar/2020:11:42:17 +0800] "GET /xingrg/images/yd/bt.gif HTTP/1.1" 404 1040
117.184.7.30 - - [29/Mar/2020:11:42:18 +0800] "GET /xingrg/kc/mdqp/pssh_order_list.html HTTP/1.1" 200 17624
116.235.222.53 - - [29/Mar/2020:11:42:18 +0800] "GET /xingrg/system/rest/get_item.html?table=menu&target=menu_rest_detail&id=2023&sid=6&_=1585453338436 HTTP/1.1" 200 421
117.184.7.30 - - [29/Mar/2020:11:42:18 +0800] "POST /xingrg/kc/mdqp/pssh_list_operate.html HTTP/1.1" 200 5347
58.40.7.146 - - [29/Mar/2020:11:42:20 +0800] "GET /xingrg/check_reg.html?_=1585453340278 HTTP/1.1" 200 22
180.162.232.172 - - [29/Mar/2020:11:42:20 +0800] "GET /xingrg/all/function/internal_message.html?_=1585453341917&CODE_STATE=getMsg HTTP/1.1" 200 27
114.86.229.141 - - [29/Mar/2020:11:42:21 +0800] "GET /xingrg/all/function/internal_message.html?_=1585453375890&CODE_STATE=getMsg HTTP/1.1" 200 27
117.184.7.30 - - [29/Mar/2020:11:42:22 +0800] "POST /xingrg/kc/mdqp/pssh_list_operate.html HTTP/1.1" 200 814
172.17.0.104 - - [29/Mar/2020:11:42:24 +0800] "GET /xingrg/all/function/internal_message.html?_=1585453348380&CODE_STATE=getMsg HTTP/1.1" 200 27
116.235.222.53 - - [29/Mar/2020:11:42:25 +0800] "POST /xingrg/system/rest/edit_item.html HTTP/1.1" 200 4
116.235.222.53 - - [29/Mar/2020:11:42:25 +0800] "GET /xingrg/system/rest/get_item.html?table=menu&target=menu_rest&id=2023&_=1585453344867 HTTP/1.1" 200 855
117.184.7.30 - - [29/Mar/2020:11:42:27 +0800] "GET /xingrg/kc/mdqp/qp_main.html HTTP/1.1" 200 10633
117.184.7.30 - - [29/Mar/2020:11:42:28 +0800] "GET /xingrg/images/yd/bt.gif HTTP/1.1" 404 1040
117.184.7.30 - - [29/Mar/2020:11:42:28 +0800] "GET /xingrg/kc/mdqp/pssh_order_list.html HTTP/1.1" 200 17624
117.184.7.30 - - [29/Mar/2020:11:42:29 +0800] "POST /xingrg/kc/mdqp/pssh_list_operate.html HTTP/1.1" 200 5347
117.185.32.26 - - [29/Mar/2020:11:42:29 +0800] "GET /xingrg/kc/buy/cgsh_order_operate.html?command=get_materiel&rest_code=00106&code=00101008211&supplier_code=00100007&order_time=2020-03-29 HTTP/1.1" 200 412
172.17.0.185 - - [29/Mar/2020:11:42:31 +0800] "GET /xingrg/all/function/internal_message.html?_=1585453351231&CODE_STATE=getMsg HTTP/1.1" 200 27
117.184.7.30 - - [29/Mar/2020:11:42:31 +0800] "POST /xingrg/kc/mdqp/pssh_list_operate.html HTTP/1.1" 200 814
172.17.0.101 - - [29/Mar/2020:11:42:31 +0800] "GET /xingrg/all/function/internal_message.html?_=1585453351594&CODE_STATE=getMsg HTTP/1.1" 200 27
117.184.7.30 - - [29/Mar/2020:11:42:32 +0800] "POST /xingrg/kc/mdqp/pssh_list_operate.html HTTP/1.1" 200 814
114.88.159.93 - - [29/Mar/2020:11:42:33 +0800] "GET /xingrg/all/function/internal_message.html?_=1585453071753&CODE_STATE=getMsg HTTP/1.1" 200 27
117.184.7.30 - - [29/Mar/2020:11:42:34 +0800] "POST /xingrg/kc/mdqp/pssh_list_operate.html HTTP/1.1" 200 1580
117.184.7.30 - - [29/Mar/2020:11:42:35 +0800] "POST /xingrg/kc/mdqp/pssh_list_operate.html HTTP/1.1" 200 259
222.69.131.116 - - [29/Mar/2020:11:42:38 +0800] "GET /xingrg/all/function/internal_message.html?_=1585453358222&CODE_STATE=getMsg HTTP/1.1" 200 27
116.235.222.53 - - [29/Mar/2020:11:42:40 +0800] "GET /xingrg/system/rest/query_items.html?_=1585453359751&table=menu&page=1&rows=20&categoryId=&key=%25E5%25A5%25A5%25E9%25BE%2599 HTTP/1.1" 200 1250
222.69.131.116 - - [29/Mar/2020:11:42:40 +0800] "GET /xingrg/check_reg.html?_=1585453360049 HTTP/1.1" 200 22
117.184.7.30 - - [29/Mar/2020:11:42:40 +0800] "POST /xingrg/kc/mdqp/pssh_list_operate.html HTTP/1.1" 200 814
117.184.7.30 - - [29/Mar/2020:11:42:40 +0800] "POST /xingrg/kc/mdqp/pssh_list_operate.html HTTP/1.1" 200 814
117.184.7.30 - - [29/Mar/2020:11:42:41 +0800] "POST /xingrg/kc/mdqp/pssh_list_operate.html HTTP/1.1" 200 814
180.156.150.85 - - [29/Mar/2020:11:42:41 +0800] "GET /xingrg/all/function/internal_message.html?_=1585453361281&CODE_STATE=getMsg HTTP/1.1" 200 27
116.235.222.53 - - [29/Mar/2020:11:42:41 +0800] "GET /xingrg/system/rest/query_items.html?_=1585453361251&table=menu&page=1&rows=20&categoryId=&key=%25E5%25A5%25A5%25E9%25BE%2599 HTTP/1.1" 200 1250
116.235.222.53 - - [29/Mar/2020:11:42:42 +0800] "GET /xingrg/system/rest/get_item.html?table=menu&id=1981&_=1585453361811 HTTP/1.1" 200 965
116.235.222.53 - - [29/Mar/2020:11:42:42 +0800] "GET /xingrg/system/rest/get_item.html?table=menu&target=menu_rest&id=1981&_=1585453361821 HTTP/1.1" 200 871
116.235.222.53 - - [29/Mar/2020:11:42:42 +0800] "GET /xingrg/system/rest/get_item.html?table=menu&target=cook_mode&id=1981&_=1585453361820 HTTP/1.1" 200 23096
116.235.222.53 - - [29/Mar/2020:11:42:42 +0800] "GET /xingrg/system/rest/get_infos.html?command=menu_img_show&id=1981 HTTP/1.1" 200 5
116.235.222.53 - - [29/Mar/2020:11:42:42 +0800] "GET /xingrg/javascript/jquery_easy_ui/themes/default/images/validatebox_warning.png HTTP/1.1" 200 921
116.235.222.53 - - [29/Mar/2020:11:42:42 +0800] "GET /xingrg/javascript/jquery_easy_ui/themes/default/images/validatebox_pointer.gif HTTP/1.1" 200 82
117.184.7.30 - - [29/Mar/2020:11:42:44 +0800] "POST /xingrg/kc/mdqp/pssh_list_operate.html HTTP/1.1" 200 5347
116.235.222.53 - - [29/Mar/2020:11:42:44 +0800] "GET /xingrg/system/rest/get_item.html?table=menu&target=menu_rest_detail&id=1981&sid=6&_=1585453364199 HTTP/1.1" 200 421
117.184.7.30 - - [29/Mar/2020:11:42:45 +0800] "POST /xingrg/kc/mdqp/pssh_list_operate.html HTTP/1.1" 200 259
117.184.7.30 - - [29/Mar/2020:11:42:46 +0800] "GET /xingrg/all/function/internal_message.html?_=1585453365990&CODE_STATE=getMsg HTTP/1.1" 200 27
117.184.7.30 - - [29/Mar/2020:11:42:46 +0800] "POST /xingrg/kc/mdqp/pssh_list_operate.html HTTP/1.1" 200 347
117.131.5.26 - - [29/Mar/2020:11:42:48 +0800] "GET /xingrg/all/function/internal_message.html?_=1585453025088&CODE_STATE=getMsg HTTP/1.1" 200 27
116.235.222.53 - - [29/Mar/2020:11:42:49 +0800] "POST /xingrg/system/rest/edit_item.html HTTP/1.1" 200 4
116.235.222.53 - - [29/Mar/2020:11:42:49 +0800] "GET /xingrg/system/rest/get_item.html?table=menu&target=menu_rest&id=1981&_=1585453369639 HTTP/1.1" 200 871
117.184.7.30 - - [29/Mar/2020:11:42:53 +0800] "GET /xingrg/kc/mdqp/pssh_order_info.html?code=312020031900089 HTTP/1.1" 200 17266
117.184.7.26 - - [29/Mar/2020:11:42:53 +0800] "GET /xingrg/javascript/jquery_tools/jquery-1.4.2.min.js HTTP/1.1" 404 1094
117.184.7.30 - - [29/Mar/2020:11:42:53 +0800] "GET /xingrg/words/20200328152550_words.js HTTP/1.1" 304 -
117.184.7.30 - - [29/Mar/2020:11:42:53 +0800] "POST /xingrg/kc/mdqp/pssh_order_operate.html HTTP/1.1" 200 1032
117.184.7.26 - - [29/Mar/2020:11:42:53 +0800] "GET /xingrg/all/common/auto_word.html?type=base&rest_code=00108&rest_code=00108 HTTP/1.1" 200 1615
117.184.7.26 - - [29/Mar/2020:11:42:53 +0800] "GET /xingrg/javascript/easyui/themes/default/validatebox.css HTTP/1.1" 404 1104
116.224.247.222 - - [29/Mar/2020:11:42:55 +0800] "GET /xingrg/all/function/internal_message.html?_=1585453554637&CODE_STATE=getMsg HTTP/1.1" 200 27
117.184.7.30 - - [29/Mar/2020:11:42:57 +0800] "GET /xingrg/css/images/panel_loading.gif HTTP/1.1" 200 1737
117.184.7.26 - - [29/Mar/2020:11:42:57 +0800] "POST /xingrg/all/common/load_combo.html?type=base&rest_code=00108 HTTP/1.1" 200 2887
114.84.33.255 - - [29/Mar/2020:11:42:59 +0800] "GET /xingrg/all/function/internal_message.html?_=1585453381965&CODE_STATE=getMsg HTTP/1.1" 200 27
222.70.183.62 - - [29/Mar/2020:11:43:00 +0800] "GET /xingrg/all/function/internal_message.html?_=1585453685792&CODE_STATE=getMsg HTTP/1.1" 200 27
117.185.32.26 - - [29/Mar/2020:11:43:00 +0800] "GET /xingrg/all/function/internal_message.html?_=1585453380543&CODE_STATE=getMsg HTTP/1.1" 200 27
222.70.183.62 - - [29/Mar/2020:11:43:00 +0800] "GET /xingrg/check_reg.html?_=1585453686556 HTTP/1.1" 200 22
116.235.222.53 - - [29/Mar/2020:11:43:01 +0800] "GET /xingrg/system/rest/query_items.html?_=1585453380983&table=menu&page=1&rows=20&categoryId=&key=cjx HTTP/1.1" 200 998
117.184.7.26 - - [29/Mar/2020:11:43:01 +0800] "POST /xingrg/all/common/load_combo.html?type=employee HTTP/1.1" 200 359
116.235.222.53 - - [29/Mar/2020:11:43:02 +0800] "GET /xingrg/system/rest/query_items.html?_=1585453382334&table=menu&page=1&rows=20&categoryId=&key=cjx HTTP/1.1" 200 998
116.235.222.53 - - [29/Mar/2020:11:43:02 +0800] "GET /xingrg/system/rest/get_item.html?table=menu&id=2017&_=1585453382732 HTTP/1.1" 200 974
116.235.222.53 - - [29/Mar/2020:11:43:02 +0800] "GET /xingrg/system/rest/get_item.html?table=menu&target=menu_rest&id=2017&_=1585453382746 HTTP/1.1" 200 781
116.235.222.53 - - [29/Mar/2020:11:43:02 +0800] "GET /xingrg/system/rest/get_item.html?table=menu&target=cook_mode&id=2017&_=1585453382742 HTTP/1.1" 200 12970
116.235.222.53 - - [29/Mar/2020:11:43:03 +0800] "GET /xingrg/system/rest/get_infos.html?command=menu_img_show&id=2017 HTTP/1.1" 200 5
116.235.222.53 - - [29/Mar/2020:11:43:03 +0800] "GET /xingrg/system/rest/get_item.html?table=menu&isAdd=1&_=1585453383739 HTTP/1.1" 200 22
117.184.7.26 - - [29/Mar/2020:11:43:05 +0800] "POST /xingrg/kc/mdqp/pssh_order_operate.html HTTP/1.1" 200 37
117.184.7.26 - - [29/Mar/2020:11:43:05 +0800] "POST /xingrg/kc/mdqp/pssh_order_operate.html HTTP/1.1" 200 12
117.184.7.26 - - [29/Mar/2020:11:43:06 +0800] "GET /xingrg/kc/mdqp/pssh_order_info.html?code=312020031900089 HTTP/1.1" 200 14382
117.184.7.26 - - [29/Mar/2020:11:43:06 +0800] "GET /xingrg/javascript/jquery_tools/jquery-1.4.2.min.js HTTP/1.1" 404 1094
117.184.7.30 - - [29/Mar/2020:11:43:06 +0800] "GET /xingrg/javascript/easyui/themes/icons/uncheck_new.png HTTP/1.1" 200 3197
117.184.7.30 - - [29/Mar/2020:11:43:06 +0800] "POST /xingrg/kc/mdqp/pssh_order_operate.html HTTP/1.1" 200 1032
117.184.7.26 - - [29/Mar/2020:11:43:06 +0800] "GET /xingrg/javascript/easyui/themes/default/validatebox.css HTTP/1.1" 404 1104
116.235.222.53 - - [29/Mar/2020:11:43:06 +0800] "GET /xingrg/system/rest/get_item.html?table=menu&id=2017&_=1585453386415 HTTP/1.1" 200 974
116.235.222.53 - - [29/Mar/2020:11:43:06 +0800] "GET /xingrg/system/rest/get_item.html?table=menu&target=menu_rest&id=2017&_=1585453386424 HTTP/1.1" 200 781
116.235.222.53 - - [29/Mar/2020:11:43:06 +0800] "GET /xingrg/system/rest/get_item.html?table=menu&target=cook_mode&id=2017&_=1585453386424 HTTP/1.1" 200 12970
116.235.222.53 - - [29/Mar/2020:11:43:06 +0800] "GET /xingrg/system/rest/get_infos.html?command=menu_img_show&id=2017 HTTP/1.1" 200 5
172.17.0.100 - - [29/Mar/2020:11:43:07 +0800] "GET /xingrg/all/function/internal_message.html?_=1585453575609&CODE_STATE=getMsg HTTP/1.1" 200 27
172.17.0.100 - - [29/Mar/2020:11:43:07 +0800] "GET /xingrg/check_reg.html?_=1585453575613 HTTP/1.1" 200 22
116.235.222.53 - - [29/Mar/2020:11:43:08 +0800] "GET /xingrg/system/rest/get_item.html?table=menu&target=menu_rest_detail&id=2017&sid=6&_=1585453387888 HTTP/1.1" 200 422
117.184.7.30 - - [29/Mar/2020:11:43:10 +0800] "GET /xingrg/kc/mdqp/pssh_order_info.html?code=312020032900143 HTTP/1.1" 200 17271
117.184.7.30 - - [29/Mar/2020:11:43:10 +0800] "GET /xingrg/javascript/jquery_tools/jquery-1.4.2.min.js HTTP/1.1" 404 1094
117.184.7.30 - - [29/Mar/2020:11:43:11 +0800] "POST /xingrg/kc/mdqp/pssh_order_operate.html HTTP/1.1" 200 543
117.184.7.26 - - [29/Mar/2020:11:43:11 +0800] "GET /xingrg/javascript/easyui/themes/default/validatebox.css HTTP/1.1" 404 1104
117.185.32.26 - - [29/Mar/2020:11:43:12 +0800] "GET /xingrg/kc/buy/cgsh_order_operate.html?command=get_materiel&rest_code=00106&code=00101008172&supplier_code=00100007&order_time=2020-03-29 HTTP/1.1" 200 412
117.184.7.30 - - [29/Mar/2020:11:43:13 +0800] "POST /xingrg/all/common/load_combo.html?type=employee HTTP/1.1" 200 359
222.70.183.62 - - [29/Mar/2020:11:43:13 +0800] "GET /xingrg/all/function/internal_message.html?_=1585453393938&CODE_STATE=getMsg HTTP/1.1" 302 -
116.235.222.53 - - [29/Mar/2020:11:43:15 +0800] "POST /xingrg/system/rest/edit_item.html HTTP/1.1" 200 4
116.235.222.53 - - [29/Mar/2020:11:43:15 +0800] "GET /xingrg/system/rest/get_item.html?table=menu&target=menu_rest&id=2017&_=1585453394933 HTTP/1.1" 200 781
172.17.0.102 - - [29/Mar/2020:11:43:15 +0800] "GET /xingrg/all/function/internal_message.html?_=1585453400868&CODE_STATE=getMsg HTTP/1.1" 200 27
114.86.229.141 - - [29/Mar/2020:11:43:19 +0800] "GET /xingrg/check_reg.html?_=1585453435859 HTTP/1.1" 200 22
114.86.229.141 - - [29/Mar/2020:11:43:19 +0800] "GET /xingrg/all/function/internal_message.html?_=1585453435890&CODE_STATE=getMsg HTTP/1.1" 200 27
180.162.232.172 - - [29/Mar/2020:11:43:20 +0800] "GET /xingrg/all/function/internal_message.html?_=1585453401907&CODE_STATE=getMsg HTTP/1.1" 200 27
117.185.32.26 - - [29/Mar/2020:11:43:21 +0800] "GET /xingrg/kc/buy/cgsh_order_operate.html?command=get_materiel&rest_code=00106&code=00101008186&supplier_code=00100007&order_time=2020-03-29 HTTP/1.1" 200 408
117.184.7.30 - - [29/Mar/2020:11:43:22 +0800] "GET /xingrg/javascript/jquery_tools/images/next.gif HTTP/1.1" 404 1086
117.184.7.26 - - [29/Mar/2020:11:43:22 +0800] "GET /xingrg/javascript/jquery_tools/images/prev.gif HTTP/1.1" 404 1086
117.185.32.26 - - [29/Mar/2020:11:43:23 +0800] "POST /xingrg/kc/buy/cgsh_order_operate.html HTTP/1.1" 200 2065
172.17.0.104 - - [29/Mar/2020:11:43:24 +0800] "GET /xingrg/all/function/internal_message.html?_=1585453408382&CODE_STATE=getMsg HTTP/1.1" 200 27
180.162.232.172 - - [29/Mar/2020:11:43:25 +0800] "GET /xingrg/kc/mdqp/pssh_order_list.html HTTP/1.1" 200 18128
180.162.232.172 - - [29/Mar/2020:11:43:25 +0800] "POST /xingrg/kc/mdqp/pssh_list_operate.html HTTP/1.1" 200 5436
117.184.7.26 - - [29/Mar/2020:11:43:25 +0800] "POST /xingrg/kc/mdqp/pssh_order_operate.html HTTP/1.1" 200 37
117.184.7.26 - - [29/Mar/2020:11:43:25 +0800] "POST /xingrg/kc/mdqp/pssh_order_operate.html HTTP/1.1" 200 104
180.162.232.172 - - [29/Mar/2020:11:43:26 +0800] "POST /xingrg/kc/mdqp/pssh_list_operate.html HTTP/1.1" 200 360
180.162.232.172 - - [29/Mar/2020:11:43:27 +0800] "GET /xingrg/kc/mdqp/pssh_order_info.html?code=312020032900144 HTTP/1.1" 200 17303
180.162.232.172 - - [29/Mar/2020:11:43:27 +0800] "GET /xingrg/javascript/jquery_tools/jquery-1.4.2.min.js HTTP/1.1" 404 1094
180.162.232.172 - - [29/Mar/2020:11:43:27 +0800] "GET /xingrg/javascript/easyui/themes/icons/back_new.png HTTP/1.1" 200 3414
180.162.232.172 - - [29/Mar/2020:11:43:27 +0800] "POST /xingrg/kc/mdqp/pssh_order_operate.html HTTP/1.1" 200 1071
116.235.222.53 - - [29/Mar/2020:11:43:27 +0800] "GET /xingrg/system/rest/query_items.html?_=1585453407132&table=menu&page=1&rows=20&categoryId=&key=%25E8%2599%25BE%25E8%258F%2587 HTTP/1.1" 200 249
180.162.232.172 - - [29/Mar/2020:11:43:27 +0800] "GET /xingrg/all/common/auto_word.html?type=base&rest_code=00150&rest_code=00150 HTTP/1.1" 200 2341
180.162.232.172 - - [29/Mar/2020:11:43:27 +0800] "GET /xingrg/javascript/easyui/themes/default/validatebox.css HTTP/1.1" 404 1104
116.235.222.53 - - [29/Mar/2020:11:43:28 +0800] "GET /xingrg/system/rest/query_items.html?_=1585453408472&table=menu&page=1&rows=20&categoryId=&key=%25E8%2599%25BE%25E8%258F%2587 HTTP/1.1" 200 249
116.235.222.53 - - [29/Mar/2020:11:43:29 +0800] "GET /xingrg/system/rest/get_item.html?table=menu&id=2001&_=1585453408844 HTTP/1.1" 200 934
116.235.222.53 - - [29/Mar/2020:11:43:29 +0800] "GET /xingrg/system/rest/get_item.html?table=menu&target=menu_rest&id=2001&_=1585453408855 HTTP/1.1" 200 840
116.235.222.53 - - [29/Mar/2020:11:43:29 +0800] "GET /xingrg/system/rest/get_item.html?table=menu&target=cook_mode&id=2001&_=1585453408853 HTTP/1.1" 200 8443
116.235.222.53 - - [29/Mar/2020:11:43:29 +0800] "GET /xingrg/system/rest/get_infos.html?command=menu_img_show&id=2001 HTTP/1.1" 200 5
117.184.7.26 - - [29/Mar/2020:11:43:29 +0800] "POST /xingrg/kc/mdqp/pssh_list_operate.html HTTP/1.1" 200 5397
180.162.232.172 - - [29/Mar/2020:11:43:29 +0800] "POST /xingrg/all/common/load_combo.html?type=employee HTTP/1.1" 200 365
172.17.0.185 - - [29/Mar/2020:11:43:31 +0800] "GET /xingrg/check_reg.html?_=1585453411238 HTTP/1.1" 200 22
172.17.0.185 - - [29/Mar/2020:11:43:31 +0800] "GET /xingrg/all/function/internal_message.html?_=1585453411244&CODE_STATE=getMsg HTTP/1.1" 200 27
172.17.0.101 - - [29/Mar/2020:11:43:31 +0800] "GET /xingrg/all/function/internal_message.html?_=1585453411595&CODE_STATE=getMsg HTTP/1.1" 200 27
116.235.222.53 - - [29/Mar/2020:11:43:31 +0800] "GET /xingrg/system/rest/get_item.html?table=menu&target=menu_rest_detail&id=2001&sid=6&_=1585453411518 HTTP/1.1" 200 420
117.184.7.26 - - [29/Mar/2020:11:43:32 +0800] "POST /xingrg/kc/mdqp/pssh_list_operate.html HTTP/1.1" 200 5397
180.162.232.172 - - [29/Mar/2020:11:43:33 +0800] "POST /xingrg/kc/mdqp/pssh_order_operate.html HTTP/1.1" 200 37
180.162.232.172 - - [29/Mar/2020:11:43:33 +0800] "POST /xingrg/kc/mdqp/pssh_order_operate.html HTTP/1.1" 200 12
114.88.159.93 - - [29/Mar/2020:11:43:33 +0800] "GET /xingrg/all/function/internal_message.html?_=1585453131763&CODE_STATE=getMsg HTTP/1.1" 200 27
117.184.7.26 - - [29/Mar/2020:11:43:33 +0800] "POST /xingrg/kc/mdqp/pssh_list_operate.html HTTP/1.1" 200 269
180.162.232.172 - - [29/Mar/2020:11:43:34 +0800] "GET /xingrg/kc/mdqp/pssh_order_info.html?code=312020032900144 HTTP/1.1" 200 14392
180.162.232.172 - - [29/Mar/2020:11:43:34 +0800] "GET /xingrg/javascript/jquery_tools/jquery-1.4.2.min.js HTTP/1.1" 404 1094
117.184.7.26 - - [29/Mar/2020:11:43:34 +0800] "GET /xingrg/kc/mdqp/pssh_order_info.html?code=312020032800139 HTTP/1.1" 200 17295
117.184.7.30 - - [29/Mar/2020:11:43:34 +0800] "GET /xingrg/javascript/jquery_tools/jquery-1.4.2.min.js HTTP/1.1" 404 1094
180.162.232.172 - - [29/Mar/2020:11:43:34 +0800] "POST /xingrg/kc/mdqp/pssh_order_operate.html HTTP/1.1" 200 1071
180.162.232.172 - - [29/Mar/2020:11:43:34 +0800] "GET /xingrg/javascript/easyui/themes/default/validatebox.css HTTP/1.1" 404 1104
117.184.7.26 - - [29/Mar/2020:11:43:34 +0800] "GET /xingrg/javascript/easyui/themes/default/validatebox.css HTTP/1.1" 404 1104
117.184.7.26 - - [29/Mar/2020:11:43:34 +0800] "POST /xingrg/kc/mdqp/pssh_order_operate.html HTTP/1.1" 200 552
180.162.232.172 - - [29/Mar/2020:11:43:36 +0800] "GET /xingrg/kc/print/load_config.html?kc_code=pssh HTTP/1.1" 200 2290
180.162.232.172 - - [29/Mar/2020:11:43:36 +0800] "GET /xingrg/kc/print/load_data.html?order_code=312020032900144&kc_code=pssh&condition= HTTP/1.1" 200 862
117.184.7.26 - - [29/Mar/2020:11:43:37 +0800] "POST /xingrg/all/common/load_combo.html?type=employee HTTP/1.1" 200 359
116.235.222.53 - - [29/Mar/2020:11:43:37 +0800] "POST /xingrg/system/rest/edit_item.html HTTP/1.1" 200 4
116.235.222.53 - - [29/Mar/2020:11:43:37 +0800] "GET /xingrg/system/rest/get_item.html?table=menu&target=menu_rest&id=2001&_=1585453417063 HTTP/1.1" 200 840
222.69.131.116 - - [29/Mar/2020:11:43:38 +0800] "GET /xingrg/all/function/internal_message.html?_=1585453418193&CODE_STATE=getMsg HTTP/1.1" 200 27
180.162.232.172 - - [29/Mar/2020:11:43:39 +0800] "GET /xingrg/kc/mdqp/pssh_order_list.html?isBack=1 HTTP/1.1" 200 18128
180.162.232.172 - - [29/Mar/2020:11:43:40 +0800] "POST /xingrg/kc/mdqp/pssh_list_operate.html HTTP/1.1" 200 5461
117.184.7.26 - - [29/Mar/2020:11:43:40 +0800] "POST /xingrg/kc/mdqp/pssh_order_operate.html HTTP/1.1" 200 37
117.184.7.26 - - [29/Mar/2020:11:43:41 +0800] "POST /xingrg/kc/mdqp/pssh_order_operate.html HTTP/1.1" 200 12
180.156.150.85 - - [29/Mar/2020:11:43:41 +0800] "GET /xingrg/all/function/internal_message.html?_=1585453421306&CODE_STATE=getMsg HTTP/1.1" 200 27
180.162.232.172 - - [29/Mar/2020:11:43:41 +0800] "POST /xingrg/kc/mdqp/pssh_list_operate.html HTTP/1.1" 200 557
180.162.232.172 - - [29/Mar/2020:11:43:41 +0800] "GET /xingrg/kc/mdqp/pssh_order_info.html?code=312020032900145 HTTP/1.1" 200 17303
180.162.232.172 - - [29/Mar/2020:11:43:41 +0800] "GET /xingrg/javascript/jquery_tools/jquery-1.4.2.min.js HTTP/1.1" 404 1094
180.162.232.172 - - [29/Mar/2020:11:43:41 +0800] "GET /xingrg/javascript/easyui/themes/default/validatebox.css HTTP/1.1" 404 1104
180.162.232.172 - - [29/Mar/2020:11:43:41 +0800] "POST /xingrg/kc/mdqp/pssh_order_operate.html HTTP/1.1" 200 2101
117.184.7.26 - - [29/Mar/2020:11:43:42 +0800] "GET /xingrg/kc/mdqp/pssh_order_info.html?code=312020032800139 HTTP/1.1" 200 14380
117.184.7.26 - - [29/Mar/2020:11:43:42 +0800] "GET /xingrg/javascript/jquery_tools/jquery-1.4.2.min.js HTTP/1.1" 404 1094
117.184.7.26 - - [29/Mar/2020:11:43:42 +0800] "GET /xingrg/javascript/easyui/themes/default/validatebox.css HTTP/1.1" 404 1104
117.184.7.26 - - [29/Mar/2020:11:43:42 +0800] "POST /xingrg/kc/mdqp/pssh_order_operate.html HTTP/1.1" 200 552
180.162.232.172 - - [29/Mar/2020:11:43:43 +0800] "POST /xingrg/all/common/load_combo.html?type=employee HTTP/1.1" 200 365
117.184.7.26 - - [29/Mar/2020:11:43:43 +0800] "POST /xingrg/kc/mdqp/pssh_list_operate.html HTTP/1.1" 200 5419
117.184.7.26 - - [29/Mar/2020:11:43:44 +0800] "POST /xingrg/kc/mdqp/pssh_list_operate.html HTTP/1.1" 200 271
117.184.7.26 - - [29/Mar/2020:11:43:45 +0800] "GET /xingrg/kc/mdqp/pssh_order_info.html?code=312020032800138 HTTP/1.1" 200 17297
117.184.7.26 - - [29/Mar/2020:11:43:45 +0800] "GET /xingrg/javascript/jquery_tools/jquery-1.4.2.min.js HTTP/1.1" 404 1094
