222.70.183.62 - - [29/Mar/2020:08:22:09 +0800] "GET /xingrg/all/function/internal_message.html?_=1585441330253&CODE_STATE=getMsg HTTP/1.1" 200 27
114.84.33.255 - - [29/Mar/2020:08:22:16 +0800] "GET /xingrg/all/function/internal_message.html?_=1585441338376&CODE_STATE=getMsg HTTP/1.1" 200 27
180.156.150.85 - - [29/Mar/2020:08:22:41 +0800] "GET /xingrg/all/function/internal_message.html?_=1585441361099&CODE_STATE=getMsg HTTP/1.1" 200 27
222.70.183.62 - - [29/Mar/2020:08:23:09 +0800] "GET /xingrg/all/function/internal_message.html?_=1585441390269&CODE_STATE=getMsg HTTP/1.1" 200 27
114.84.33.255 - - [29/Mar/2020:08:23:16 +0800] "GET /xingrg/all/function/internal_message.html?_=1585441398457&CODE_STATE=getMsg HTTP/1.1" 200 27
180.156.150.85 - - [29/Mar/2020:08:23:41 +0800] "GET /xingrg/all/function/internal_message.html?_=1585441421099&CODE_STATE=getMsg HTTP/1.1" 200 27
114.84.33.255 - - [29/Mar/2020:08:23:53 +0800] "GET /xingrg/check_reg.html?_=1585441435893 HTTP/1.1" 200 22
222.70.183.62 - - [29/Mar/2020:08:24:09 +0800] "GET /xingrg/all/function/internal_message.html?_=1585441450296&CODE_STATE=getMsg HTTP/1.1" 200 27
114.84.33.255 - - [29/Mar/2020:08:24:17 +0800] "POST /xingrg/kc/buy/cgsh_order_operate.html HTTP/1.1" 200 37
114.84.33.255 - - [29/Mar/2020:08:24:18 +0800] "POST /xingrg/kc/buy/cgsh_order_operate.html HTTP/1.1" 200 3838
114.84.33.255 - - [29/Mar/2020:08:24:20 +0800] "GET /xingrg/all/function/internal_message.html?_=1585441462372&CODE_STATE=getMsg HTTP/1.1" 200 27
114.84.33.255 - - [29/Mar/2020:08:24:20 +0800] "GET /xingrg/kc/print/load_config.html?kc_code=cgsh HTTP/1.1" 200 1841
114.84.33.255 - - [29/Mar/2020:08:24:20 +0800] "GET /xingrg/kc/print/load_data.html?order_code=212020032903483&kc_code=cgsh&condition= HTTP/1.1" 200 1121
114.84.33.255 - - [29/Mar/2020:08:24:34 +0800] "GET /xingrg/kc/buy/cgsh_order_add.html HTTP/1.1" 200 57919
114.84.33.255 - - [29/Mar/2020:08:24:35 +0800] "POST /xingrg/kc/buy/cgsh_order_operate.html HTTP/1.1" 200 8245
114.84.33.255 - - [29/Mar/2020:08:24:35 +0800] "GET /xingrg/javascript/easyui/themes/default/validatebox.css HTTP/1.1" 404 1104
114.84.33.255 - - [29/Mar/2020:08:24:40 +0800] "GET /xingrg/kc/buy/cgsh_order_list.html HTTP/1.1" 200 42304
114.84.33.255 - - [29/Mar/2020:08:24:41 +0800] "POST /xingrg/kc/buy/cgsh_list_operate.html HTTP/1.1" 200 1685
180.156.150.85 - - [29/Mar/2020:08:24:41 +0800] "GET /xingrg/all/function/internal_message.html?_=1585441481098&CODE_STATE=getMsg HTTP/1.1" 200 27
114.84.33.255 - - [29/Mar/2020:08:24:44 +0800] "GET /xingrg/kc/buy/cgsh_order_add.html HTTP/1.1" 200 57919
114.84.33.255 - - [29/Mar/2020:08:24:44 +0800] "POST /xingrg/kc/buy/cgsh_order_operate.html HTTP/1.1" 200 8245
114.84.33.255 - - [29/Mar/2020:08:24:44 +0800] "GET /xingrg/javascript/easyui/themes/default/validatebox.css HTTP/1.1" 404 1104
222.70.183.62 - - [29/Mar/2020:08:24:56 +0800] "GET /xingrg/check_reg.html?_=1585441497388 HTTP/1.1" 200 22
114.84.33.255 - - [29/Mar/2020:08:25:03 +0800] "GET /xingrg/kc/buy/cgsh_order_operate.html?command=get_materiel&rest_code=00146&code=00101011005&supplier_code=00100049&order_time=2020-03-28 HTTP/1.1" 200 428
222.70.183.62 - - [29/Mar/2020:08:25:09 +0800] "GET /xingrg/all/function/internal_message.html?_=1585441510312&CODE_STATE=getMsg HTTP/1.1" 200 27
114.84.33.255 - - [29/Mar/2020:08:25:20 +0800] "GET /xingrg/all/function/internal_message.html?_=1585441522380&CODE_STATE=getMsg HTTP/1.1" 200 27
114.84.33.255 - - [29/Mar/2020:08:25:37 +0800] "GET /xingrg/kc/buy/cgsh_order_operate.html?command=get_materiel&rest_code=00146&code=00101011003&supplier_code=00100049&order_time=2020-03-28 HTTP/1.1" 200 412
180.156.150.85 - - [29/Mar/2020:08:25:41 +0800] "GET /xingrg/all/function/internal_message.html?_=1585441541096&CODE_STATE=getMsg HTTP/1.1" 200 27
114.84.33.255 - - [29/Mar/2020:08:25:57 +0800] "POST /xingrg/kc/buy/cgsh_order_operate.html HTTP/1.1" 200 37
114.84.33.255 - - [29/Mar/2020:08:25:58 +0800] "POST /xingrg/kc/buy/cgsh_order_operate.html HTTP/1.1" 200 3251
114.84.33.255 - - [29/Mar/2020:08:26:01 +0800] "GET /xingrg/kc/print/load_data.html?order_code=212020032903484&kc_code=cgsh&condition= HTTP/1.1" 200 948
222.70.183.62 - - [29/Mar/2020:08:26:09 +0800] "GET /xingrg/all/function/internal_message.html?_=1585441570327&CODE_STATE=getMsg HTTP/1.1" 200 27
114.84.33.255 - - [29/Mar/2020:08:26:17 +0800] "GET /xingrg/kc/buy/cgsh_order_add.html HTTP/1.1" 200 57919
114.84.33.255 - - [29/Mar/2020:08:26:17 +0800] "POST /xingrg/kc/buy/cgsh_order_operate.html HTTP/1.1" 200 8245
114.84.33.255 - - [29/Mar/2020:08:26:17 +0800] "GET /xingrg/javascript/easyui/themes/default/validatebox.css HTTP/1.1" 404 1104
114.84.33.255 - - [29/Mar/2020:08:26:20 +0800] "GET /xingrg/all/function/internal_message.html?_=1585441582393&CODE_STATE=getMsg HTTP/1.1" 200 27
222.70.183.62 - - [29/Mar/2020:08:26:26 +0800] "GET /xingrg/kc/buy/cgsh_order_add.html HTTP/1.1" 302 -
222.70.183.62 - - [29/Mar/2020:08:26:26 +0800] "GET /xingrg/login.html HTTP/1.1" 200 7641
222.70.183.62 - - [29/Mar/2020:08:26:26 +0800] "GET /xingrg/login.html HTTP/1.1" 200 7641
222.70.183.62 - - [29/Mar/2020:08:26:27 +0800] "GET /favicon.ico HTTP/1.1" 404 -
222.70.183.62 - - [29/Mar/2020:08:26:30 +0800] "POST /xingrg/login.do HTTP/1.1" 302 -
222.70.183.62 - - [29/Mar/2020:08:26:30 +0800] "GET /xingrg/index.html?sysBaseUrl=http%3A%2F%2F180.169.147.146%3A18081%2Fxingrg%2F&costTime=31×tamp=1585441590881 HTTP/1.1" 200 17173
222.70.183.62 - - [29/Mar/2020:08:26:31 +0800] "GET /favicon.ico HTTP/1.1" 404 -
222.70.183.62 - - [29/Mar/2020:08:26:31 +0800] "GET /favicon.ico HTTP/1.1" 404 -
222.70.183.62 - - [29/Mar/2020:08:26:31 +0800] "GET /xingrg/check_reg.html?_=1585441897191 HTTP/1.1" 200 22
222.70.183.62 - - [29/Mar/2020:08:26:31 +0800] "POST /xingrg/all/common/load_tree.html?tree=area_rest_tree_json&manage=1 HTTP/1.1" 200 342
222.70.183.62 - - [29/Mar/2020:08:26:31 +0800] "GET /xingrg/all/function/internal_message.html?_=1585441897191&CODE_STATE=count HTTP/1.1" 200 11
222.70.183.62 - - [29/Mar/2020:08:26:31 +0800] "POST /xingrg/load_menu.html HTTP/1.1" 200 5138
222.70.183.62 - - [29/Mar/2020:08:26:33 +0800] "GET /xingrg/kc/buy/cgsh_order_list.html HTTP/1.1" 200 42298
222.70.183.62 - - [29/Mar/2020:08:26:34 +0800] "POST /xingrg/kc/buy/cgsh_list_operate.html HTTP/1.1" 200 876
222.70.183.62 - - [29/Mar/2020:08:26:35 +0800] "GET /xingrg/words/20200328152550_words.js HTTP/1.1" 304 -
222.70.183.62 - - [29/Mar/2020:08:26:35 +0800] "GET /xingrg/kc/buy/cgsh_order_add.html HTTP/1.1" 200 57907
222.70.183.62 - - [29/Mar/2020:08:26:35 +0800] "GET /xingrg/all/common/auto_word.html?type=employee&rest_code=00111 HTTP/1.1" 200 205
222.70.183.62 - - [29/Mar/2020:08:26:35 +0800] "GET /xingrg/all/common/auto_word.html?type=employee&rest_code=00111 HTTP/1.1" 200 205
222.70.183.62 - - [29/Mar/2020:08:26:35 +0800] "GET /xingrg/javascript/easyui/themes/default/validatebox.css HTTP/1.1" 404 1104
222.70.183.62 - - [29/Mar/2020:08:26:36 +0800] "POST /xingrg/kc/buy/cgsh_order_operate.html HTTP/1.1" 200 8245
114.84.33.255 - - [29/Mar/2020:08:26:37 +0800] "GET /xingrg/kc/buy/cgsh_order_operate.html?command=get_materiel&rest_code=00146&code=00101006161&supplier_code=00100041&order_time=2020-03-29 HTTP/1.1" 200 409
222.70.183.62 - - [29/Mar/2020:08:26:39 +0800] "GET /xingrg/javascript/auto/indicator.gif HTTP/1.1" 404 1066
222.70.183.62 - - [29/Mar/2020:08:26:40 +0800] "GET /xingrg/kc/buy/cgsh_order_operate.html?command=get_materiel&rest_code=00111&code=00101008300&supplier_code=&order_time=2020-03-29 HTTP/1.1" 200 412
180.156.150.85 - - [29/Mar/2020:08:26:41 +0800] "GET /xingrg/check_reg.html?_=1585441601113 HTTP/1.1" 200 22
180.156.150.85 - - [29/Mar/2020:08:26:41 +0800] "GET /xingrg/all/function/internal_message.html?_=1585441601111&CODE_STATE=getMsg HTTP/1.1" 200 27
222.70.183.62 - - [29/Mar/2020:08:26:45 +0800] "GET /xingrg/javascript/jquery_easy_ui/themes/icons/rest.png HTTP/1.1" 200 695
222.70.183.62 - - [29/Mar/2020:08:26:45 +0800] "GET /xingrg/javascript/jquery_easy_ui/themes/icons/area.png HTTP/1.1" 200 262
222.70.183.62 - - [29/Mar/2020:08:26:45 +0800] "GET /xingrg/javascript/jquery_tools/images/next.gif HTTP/1.1" 404 1086
222.70.183.62 - - [29/Mar/2020:08:26:45 +0800] "GET /xingrg/javascript/jquery_tools/images/prev.gif HTTP/1.1" 404 1086
222.70.183.62 - - [29/Mar/2020:08:26:46 +0800] "GET /xingrg/kc/buy/cgsh_order_list.html HTTP/1.1" 200 42298
222.70.183.62 - - [29/Mar/2020:08:26:47 +0800] "POST /xingrg/kc/buy/cgsh_list_operate.html HTTP/1.1" 200 876
114.84.33.255 - - [29/Mar/2020:08:26:52 +0800] "GET /xingrg/kc/buy/cgsh_order_operate.html?command=get_materiel&rest_code=00146&code=00101010161&supplier_code=00100041&order_time=2020-03-29 HTTP/1.1" 200 409
114.84.33.255 - - [29/Mar/2020:08:27:00 +0800] "GET /xingrg/kc/buy/cgsh_order_operate.html?command=get_materiel&rest_code=00146&code=00101005037&supplier_code=00100041&order_time=2020-03-29 HTTP/1.1" 200 409
222.70.183.62 - - [29/Mar/2020:08:27:09 +0800] "GET /xingrg/all/function/internal_message.html?_=1585441630348&CODE_STATE=getMsg HTTP/1.1" 302 -
222.70.183.62 - - [29/Mar/2020:08:27:09 +0800] "GET /xingrg/login.html HTTP/1.1" 200 7641
114.84.33.255 - - [29/Mar/2020:08:27:12 +0800] "POST /xingrg/kc/buy/cgsh_order_operate.html HTTP/1.1" 200 37
114.84.33.255 - - [29/Mar/2020:08:27:13 +0800] "POST /xingrg/kc/buy/cgsh_order_operate.html HTTP/1.1" 200 3830
114.84.33.255 - - [29/Mar/2020:08:27:16 +0800] "GET /xingrg/kc/print/load_data.html?order_code=212020032903485&kc_code=cgsh&condition= HTTP/1.1" 200 1135
114.84.33.255 - - [29/Mar/2020:08:27:20 +0800] "GET /xingrg/all/function/internal_message.html?_=1585441642407&CODE_STATE=getMsg HTTP/1.1" 200 27
222.70.183.62 - - [29/Mar/2020:08:27:31 +0800] "GET /xingrg/all/function/internal_message.html?_=1585441957200&CODE_STATE=getMsg HTTP/1.1" 200 27
180.156.150.85 - - [29/Mar/2020:08:27:41 +0800] "GET /xingrg/all/function/internal_message.html?_=1585441661096&CODE_STATE=getMsg HTTP/1.1" 200 27
114.84.33.255 - - [29/Mar/2020:08:27:59 +0800] "GET /xingrg/kc/buy/cgsh_order_add.html HTTP/1.1" 200 57919
114.84.33.255 - - [29/Mar/2020:08:28:00 +0800] "POST /xingrg/kc/buy/cgsh_order_operate.html HTTP/1.1" 200 8245
114.84.33.255 - - [29/Mar/2020:08:28:00 +0800] "GET /xingrg/javascript/easyui/themes/default/validatebox.css HTTP/1.1" 404 1104
114.84.33.255 - - [29/Mar/2020:08:28:03 +0800] "GET /xingrg/kc/buy/cgsh_order_list.html HTTP/1.1" 200 42304
114.84.33.255 - - [29/Mar/2020:08:28:04 +0800] "POST /xingrg/kc/buy/cgsh_list_operate.html HTTP/1.1" 200 2405
114.84.33.255 - - [29/Mar/2020:08:28:08 +0800] "POST /xingrg/kc/buy/cgsh_list_operate.html HTTP/1.1" 200 344
114.84.33.255 - - [29/Mar/2020:08:28:08 +0800] "GET /xingrg/kc/buy/cgsh_order_info.html?code=212020032903485 HTTP/1.1" 200 57926
114.84.33.255 - - [29/Mar/2020:08:28:08 +0800] "GET /xingrg/javascript/easyui/themes/default/validatebox.css HTTP/1.1" 404 1104
114.84.33.255 - - [29/Mar/2020:08:28:09 +0800] "POST /xingrg/kc/buy/cgsh_order_operate.html HTTP/1.1" 200 3830
222.70.183.62 - - [29/Mar/2020:08:28:09 +0800] "GET /xingrg/all/function/internal_message.html?_=1585441690354&CODE_STATE=getMsg HTTP/1.1" 302 -
114.84.33.255 - - [29/Mar/2020:08:28:16 +0800] "POST /xingrg/kc/buy/cgsh_order_operate.html HTTP/1.1" 200 37
114.84.33.255 - - [29/Mar/2020:08:28:17 +0800] "POST /xingrg/kc/buy/cgsh_order_operate.html HTTP/1.1" 200 3830
114.84.33.255 - - [29/Mar/2020:08:28:20 +0800] "GET /xingrg/all/function/internal_message.html?_=1585441702420&CODE_STATE=getMsg HTTP/1.1" 200 27
114.84.33.255 - - [29/Mar/2020:08:28:20 +0800] "GET /xingrg/kc/buy/cgsh_order_list.html HTTP/1.1" 200 42304
114.84.33.255 - - [29/Mar/2020:08:28:21 +0800] "POST /xingrg/kc/buy/cgsh_list_operate.html HTTP/1.1" 200 2405
114.84.33.255 - - [29/Mar/2020:08:28:24 +0800] "GET /xingrg/kc/buy/cgsh_order_add.html HTTP/1.1" 200 57919
114.84.33.255 - - [29/Mar/2020:08:28:24 +0800] "POST /xingrg/kc/buy/cgsh_order_operate.html HTTP/1.1" 200 8245
114.84.33.255 - - [29/Mar/2020:08:28:24 +0800] "GET /xingrg/javascript/easyui/themes/default/validatebox.css HTTP/1.1" 404 1104
222.70.183.62 - - [29/Mar/2020:08:28:31 +0800] "GET /xingrg/all/function/internal_message.html?_=1585442017195&CODE_STATE=getMsg HTTP/1.1" 200 27
180.156.150.85 - - [29/Mar/2020:08:28:41 +0800] "GET /xingrg/all/function/internal_message.html?_=1585441721096&CODE_STATE=getMsg HTTP/1.1" 200 27
114.84.33.255 - - [29/Mar/2020:08:28:41 +0800] "GET /xingrg/kc/buy/cgsh_order_operate.html?command=get_materiel&rest_code=00146&code=00101008261&supplier_code=00100005&order_time=2020-03-28 HTTP/1.1" 200 408
114.84.33.255 - - [29/Mar/2020:08:28:53 +0800] "GET /xingrg/check_reg.html?_=1585441735897 HTTP/1.1" 200 22
114.84.33.255 - - [29/Mar/2020:08:28:54 +0800] "GET /xingrg/kc/buy/cgsh_order_operate.html?command=get_materiel&rest_code=00146&code=00101008003&supplier_code=00100005&order_time=2020-03-28 HTTP/1.1" 200 410
114.84.33.255 - - [29/Mar/2020:08:29:07 +0800] "GET /xingrg/kc/buy/cgsh_order_operate.html?command=get_materiel&rest_code=00146&code=00101008270&supplier_code=00100005&order_time=2020-03-28 HTTP/1.1" 200 412
222.70.183.62 - - [29/Mar/2020:08:29:09 +0800] "GET /xingrg/all/function/internal_message.html?_=1585441750378&CODE_STATE=getMsg HTTP/1.1" 302 -
114.84.33.255 - - [29/Mar/2020:08:29:19 +0800] "GET /xingrg/kc/buy/cgsh_order_operate.html?command=get_materiel&rest_code=00146&code=00101008017&supplier_code=00100005&order_time=2020-03-28 HTTP/1.1" 200 416
114.84.33.255 - - [29/Mar/2020:08:29:20 +0800] "GET /xingrg/all/function/internal_message.html?_=1585441762433&CODE_STATE=getMsg HTTP/1.1" 200 27
222.70.183.62 - - [29/Mar/2020:08:29:31 +0800] "GET /xingrg/all/function/internal_message.html?_=1585442077201&CODE_STATE=getMsg HTTP/1.1" 200 27
114.84.33.255 - - [29/Mar/2020:08:29:38 +0800] "GET /xingrg/kc/buy/cgsh_order_operate.html?command=get_materiel&rest_code=00146&code=00101008209&supplier_code=00100005&order_time=2020-03-28 HTTP/1.1" 200 408
180.156.150.85 - - [29/Mar/2020:08:29:41 +0800] "GET /xingrg/all/function/internal_message.html?_=1585441781110&CODE_STATE=getMsg HTTP/1.1" 200 27
222.70.183.62 - - [29/Mar/2020:08:29:56 +0800] "GET /xingrg/check_reg.html?_=1585441797386 HTTP/1.1" 302 -
114.84.33.255 - - [29/Mar/2020:08:30:04 +0800] "GET /xingrg/kc/buy/cgsh_order_operate.html?command=get_materiel&rest_code=00146&code=00101008096&supplier_code=00100005&order_time=2020-03-28 HTTP/1.1" 200 412
222.70.183.62 - - [29/Mar/2020:08:30:09 +0800] "GET /xingrg/all/function/internal_message.html?_=1585441810381&CODE_STATE=getMsg HTTP/1.1" 302 -
114.84.33.255 - - [29/Mar/2020:08:30:12 +0800] "GET /xingrg/kc/buy/cgsh_order_operate.html?command=get_materiel&rest_code=00146&code=00101008290&supplier_code=00100005&order_time=2020-03-28 HTTP/1.1" 200 416
114.84.33.255 - - [29/Mar/2020:08:30:20 +0800] "GET /xingrg/all/function/internal_message.html?_=1585441822447&CODE_STATE=getMsg HTTP/1.1" 200 27
114.84.33.255 - - [29/Mar/2020:08:30:24 +0800] "GET /xingrg/kc/buy/cgsh_order_operate.html?command=get_materiel&rest_code=00146&code=00101008356&supplier_code=00100005&order_time=2020-03-28 HTTP/1.1" 200 408
114.84.33.255 - - [29/Mar/2020:08:30:31 +0800] "GET /xingrg/kc/buy/cgsh_order_operate.html?command=get_materiel&rest_code=00146&code=00101008212&supplier_code=00100005&order_time=2020-03-28 HTTP/1.1" 200 412
222.70.183.62 - - [29/Mar/2020:08:30:31 +0800] "GET /xingrg/all/function/internal_message.html?_=1585442137198&CODE_STATE=getMsg HTTP/1.1" 200 27
180.156.150.85 - - [29/Mar/2020:08:30:41 +0800] "GET /xingrg/all/function/internal_message.html?_=1585441841110&CODE_STATE=getMsg HTTP/1.1" 200 27
114.84.33.255 - - [29/Mar/2020:08:30:42 +0800] "GET /xingrg/kc/buy/cgsh_order_operate.html?command=get_materiel&rest_code=00146&code=00101008196&supplier_code=00100005&order_time=2020-03-28 HTTP/1.1" 200 416
116.232.34.33 - - [29/Mar/2020:08:30:52 +0800] "POST /xingrg/services/DataTransmitService HTTP/1.1" 200 524
116.232.34.33 - - [29/Mar/2020:08:30:52 +0800] "POST /xingrg/services/DataTransmitService HTTP/1.1" 200 501
114.84.33.255 - - [29/Mar/2020:08:30:53 +0800] "GET /xingrg/kc/buy/cgsh_order_operate.html?command=get_materiel&rest_code=00146&code=00101008006&supplier_code=00100005&order_time=2020-03-28 HTTP/1.1" 200 416
114.84.33.255 - - [29/Mar/2020:08:31:02 +0800] "GET /xingrg/kc/buy/cgsh_order_operate.html?command=get_materiel&rest_code=00146&code=00101008131&supplier_code=00100005&order_time=2020-03-28 HTTP/1.1" 200 408
222.70.183.62 - - [29/Mar/2020:08:31:09 +0800] "GET /xingrg/all/function/internal_message.html?_=1585441870413&CODE_STATE=getMsg HTTP/1.1" 302 -
114.84.33.255 - - [29/Mar/2020:08:31:11 +0800] "GET /xingrg/kc/buy/cgsh_order_operate.html?command=get_materiel&rest_code=00146&code=00101008353&supplier_code=00100005&order_time=2020-03-28 HTTP/1.1" 200 408
114.84.33.255 - - [29/Mar/2020:08:31:19 +0800] "GET /xingrg/kc/buy/cgsh_order_operate.html?command=get_materiel&rest_code=00146&code=00101008285&supplier_code=00100005&order_time=2020-03-28 HTTP/1.1" 200 413
114.84.33.255 - - [29/Mar/2020:08:31:20 +0800] "GET /xingrg/all/function/internal_message.html?_=1585441882460&CODE_STATE=getMsg HTTP/1.1" 200 27
114.84.33.255 - - [29/Mar/2020:08:31:27 +0800] "GET /xingrg/kc/buy/cgsh_order_operate.html?command=get_materiel&rest_code=00146&code=00101008242&supplier_code=00100005&order_time=2020-03-28 HTTP/1.1" 200 408
222.70.183.62 - - [29/Mar/2020:08:31:31 +0800] "GET /xingrg/check_reg.html?_=1585442197200 HTTP/1.1" 200 22
222.70.183.62 - - [29/Mar/2020:08:31:31 +0800] "GET /xingrg/all/function/internal_message.html?_=1585442197202&CODE_STATE=getMsg HTTP/1.1" 200 27
180.156.150.85 - - [29/Mar/2020:08:31:41 +0800] "GET /xingrg/all/function/internal_message.html?_=1585441901108&CODE_STATE=getMsg HTTP/1.1" 200 27
180.156.150.85 - - [29/Mar/2020:08:31:41 +0800] "GET /xingrg/check_reg.html?_=1585441901110 HTTP/1.1" 200 22
114.84.33.255 - - [29/Mar/2020:08:31:49 +0800] "GET /xingrg/kc/buy/cgsh_order_operate.html?command=get_materiel&rest_code=00146&code=00101008161&supplier_code=00100005&order_time=2020-03-28 HTTP/1.1" 200 408
222.70.183.62 - - [29/Mar/2020:08:32:09 +0800] "GET /xingrg/all/function/internal_message.html?_=1585441930423&CODE_STATE=getMsg HTTP/1.1" 302 -
114.84.33.255 - - [29/Mar/2020:08:32:10 +0800] "GET /xingrg/kc/buy/cgsh_order_operate.html?command=get_materiel&rest_code=00146&code=00101008274&supplier_code=00100005&order_time=2020-03-28 HTTP/1.1" 200 412
114.84.33.255 - - [29/Mar/2020:08:32:20 +0800] "GET /xingrg/all/function/internal_message.html?_=1585441942474&CODE_STATE=getMsg HTTP/1.1" 200 27
114.84.33.255 - - [29/Mar/2020:08:32:22 +0800] "GET /xingrg/kc/buy/cgsh_order_operate.html?command=get_materiel&rest_code=00146&code=00101008201&supplier_code=00100005&order_time=2020-03-28 HTTP/1.1" 200 412
222.70.183.62 - - [29/Mar/2020:08:32:31 +0800] "GET /xingrg/all/function/internal_message.html?_=1585442257196&CODE_STATE=getMsg HTTP/1.1" 200 27
114.84.33.255 - - [29/Mar/2020:08:32:34 +0800] "POST /xingrg/kc/buy/cgsh_order_operate.html HTTP/1.1" 200 2065
180.156.150.85 - - [29/Mar/2020:08:32:41 +0800] "GET /xingrg/all/function/internal_message.html?_=1585441961109&CODE_STATE=getMsg HTTP/1.1" 200 27
114.84.33.255 - - [29/Mar/2020:08:32:42 +0800] "GET /xingrg/kc/buy/cgsh_order_operate.html?command=get_materiel&rest_code=00146&code=00101008185&supplier_code=00100005&order_time=2020-03-28 HTTP/1.1" 200 408
114.84.33.255 - - [29/Mar/2020:08:32:53 +0800] "GET /xingrg/kc/buy/cgsh_order_operate.html?command=get_materiel&rest_code=00146&code=00101008354&supplier_code=00100005&order_time=2020-03-28 HTTP/1.1" 200 412
114.84.33.255 - - [29/Mar/2020:08:33:03 +0800] "GET /xingrg/kc/buy/cgsh_order_operate.html?command=get_materiel&rest_code=00146&code=00101008358&supplier_code=00100005&order_time=2020-03-28 HTTP/1.1" 200 412
222.70.183.62 - - [29/Mar/2020:08:33:09 +0800] "GET /xingrg/all/function/internal_message.html?_=1585441990449&CODE_STATE=getMsg HTTP/1.1" 302 -
114.84.33.255 - - [29/Mar/2020:08:33:12 +0800] "GET /xingrg/kc/buy/cgsh_order_operate.html?command=get_materiel&rest_code=00146&code=00101008361&supplier_code=00100005&order_time=2020-03-28 HTTP/1.1" 200 408
114.84.33.255 - - [29/Mar/2020:08:33:20 +0800] "GET /xingrg/all/function/internal_message.html?_=1585442002487&CODE_STATE=getMsg HTTP/1.1" 200 27
114.84.33.255 - - [29/Mar/2020:08:33:23 +0800] "GET /xingrg/kc/buy/cgsh_order_operate.html?command=get_materiel&rest_code=00146&code=00101008355&supplier_code=00100005&order_time=2020-03-28 HTTP/1.1" 200 408
114.84.33.255 - - [29/Mar/2020:08:33:26 +0800] "POST /xingrg/kc/buy/cgsh_order_operate.html HTTP/1.1" 200 2065
222.70.183.62 - - [29/Mar/2020:08:33:31 +0800] "GET /xingrg/all/function/internal_message.html?_=1585442317194&CODE_STATE=getMsg HTTP/1.1" 200 27
114.84.33.255 - - [29/Mar/2020:08:33:32 +0800] "GET /xingrg/kc/buy/cgsh_order_operate.html?command=get_materiel&rest_code=00146&code=00101008144&supplier_code=00100005&order_time=2020-03-28 HTTP/1.1" 200 412
114.84.33.255 - - [29/Mar/2020:08:33:40 +0800] "GET /xingrg/kc/buy/cgsh_order_operate.html?command=get_materiel&rest_code=00146&code=00101008264&supplier_code=00100005&order_time=2020-03-28 HTTP/1.1" 200 412
180.156.150.85 - - [29/Mar/2020:08:33:41 +0800] "GET /xingrg/all/function/internal_message.html?_=1585442021108&CODE_STATE=getMsg HTTP/1.1" 200 27
114.84.33.255 - - [29/Mar/2020:08:33:53 +0800] "GET /xingrg/check_reg.html?_=1585442035906 HTTP/1.1" 200 22
114.84.33.255 - - [29/Mar/2020:08:34:05 +0800] "GET /xingrg/kc/buy/cgsh_order_operate.html?command=get_materiel&rest_code=00146&code=00101008101&supplier_code=00100005&order_time=2020-03-28 HTTP/1.1" 200 412
222.70.183.62 - - [29/Mar/2020:08:34:09 +0800] "GET /xingrg/all/function/internal_message.html?_=1585442050451&CODE_STATE=getMsg HTTP/1.1" 302 -
114.84.33.255 - - [29/Mar/2020:08:34:16 +0800] "GET /xingrg/kc/buy/cgsh_order_operate.html?command=get_materiel&rest_code=00146&code=00101008137&supplier_code=00100005&order_time=2020-03-28 HTTP/1.1" 200 408
114.84.33.255 - - [29/Mar/2020:08:34:20 +0800] "GET /xingrg/all/function/internal_message.html?_=1585442062501&CODE_STATE=getMsg HTTP/1.1" 200 27
222.70.183.62 - - [29/Mar/2020:08:34:31 +0800] "GET /xingrg/all/function/internal_message.html?_=1585442377193&CODE_STATE=getMsg HTTP/1.1" 200 27
180.156.150.85 - - [29/Mar/2020:08:34:41 +0800] "GET /xingrg/all/function/internal_message.html?_=1585442081105&CODE_STATE=getMsg HTTP/1.1" 200 27
222.70.183.62 - - [29/Mar/2020:08:34:56 +0800] "GET /xingrg/check_reg.html?_=1585442097402 HTTP/1.1" 302 -
222.70.183.62 - - [29/Mar/2020:08:35:09 +0800] "GET /xingrg/all/function/internal_message.html?_=1585442110475&CODE_STATE=getMsg HTTP/1.1" 302 -
114.84.33.255 - - [29/Mar/2020:08:35:20 +0800] "GET /xingrg/all/function/internal_message.html?_=1585442122515&CODE_STATE=getMsg HTTP/1.1" 200 27
222.70.183.62 - - [29/Mar/2020:08:35:31 +0800] "GET /xingrg/all/function/internal_message.html?_=1585442437200&CODE_STATE=getMsg HTTP/1.1" 200 27
180.156.150.85 - - [29/Mar/2020:08:35:41 +0800] "GET /xingrg/all/function/internal_message.html?_=1585442141105&CODE_STATE=getMsg HTTP/1.1" 200 27
114.84.33.255 - - [29/Mar/2020:08:35:54 +0800] "POST /xingrg/kc/buy/cgsh_order_operate.html HTTP/1.1" 200 2065
114.84.33.255 - - [29/Mar/2020:08:36:02 +0800] "GET /xingrg/kc/buy/cgsh_order_operate.html?command=get_materiel&rest_code=00146&code=00101008283&supplier_code=00100005&order_time=2020-03-28 HTTP/1.1" 200 408
222.70.183.62 - - [29/Mar/2020:08:36:09 +0800] "GET /xingrg/all/function/internal_message.html?_=1585442170477&CODE_STATE=getMsg HTTP/1.1" 302 -
114.84.33.255 - - [29/Mar/2020:08:36:14 +0800] "GET /xingrg/kc/buy/cgsh_order_operate.html?command=get_materiel&rest_code=00146&code=00101008197&supplier_code=00100005&order_time=2020-03-28 HTTP/1.1" 200 416
114.84.33.255 - - [29/Mar/2020:08:36:20 +0800] "GET /xingrg/all/function/internal_message.html?_=1585442182529&CODE_STATE=getMsg HTTP/1.1" 200 27
116.235.222.53 - - [29/Mar/2020:08:36:25 +0800] "GET /xingrg/index.html?sysBaseUrl=http%3A%2F%2F180.169.147.146%3A18081%2Fxingrg%2F&costTime=33×tamp=1585306063269 HTTP/1.1" 302 -
116.235.222.53 - - [29/Mar/2020:08:36:25 +0800] "GET /xingrg/login.html HTTP/1.1" 200 7641
222.70.183.62 - - [29/Mar/2020:08:36:31 +0800] "GET /xingrg/check_reg.html?_=1585442497206 HTTP/1.1" 200 22
222.70.183.62 - - [29/Mar/2020:08:36:31 +0800] "GET /xingrg/all/function/internal_message.html?_=1585442497207&CODE_STATE=getMsg HTTP/1.1" 200 27
114.84.33.255 - - [29/Mar/2020:08:36:36 +0800] "GET /xingrg/kc/buy/cgsh_order_operate.html?command=get_materiel&rest_code=00146&code=00101008036&supplier_code=00100005&order_time=2020-03-28 HTTP/1.1" 200 408
180.156.150.85 - - [29/Mar/2020:08:36:41 +0800] "GET /xingrg/check_reg.html?_=1585442201107 HTTP/1.1" 200 22
180.156.150.85 - - [29/Mar/2020:08:36:41 +0800] "GET /xingrg/all/function/internal_message.html?_=1585442201105&CODE_STATE=getMsg HTTP/1.1" 200 27
116.235.222.53 - - [29/Mar/2020:08:36:45 +0800] "POST /xingrg/login.do HTTP/1.1" 302 -
116.235.222.53 - - [29/Mar/2020:08:36:45 +0800] "GET /xingrg/index.html?sysBaseUrl=http%3A%2F%2F180.169.147.146%3A18081%2Fxingrg%2F&costTime=31×tamp=1585442205423 HTTP/1.1" 200 17179
116.235.222.53 - - [29/Mar/2020:08:36:45 +0800] "POST /xingrg/all/common/load_tree.html?tree=area_rest_tree_json&manage=1 HTTP/1.1" 200 476
116.235.222.53 - - [29/Mar/2020:08:36:45 +0800] "GET /xingrg/all/function/internal_message.html?_=1585442205912&CODE_STATE=count HTTP/1.1" 200 11
116.235.222.53 - - [29/Mar/2020:08:36:46 +0800] "GET /xingrg/check_reg.html?_=1585442205920 HTTP/1.1" 200 22
116.235.222.53 - - [29/Mar/2020:08:36:46 +0800] "POST /xingrg/load_menu.html HTTP/1.1" 200 5138
116.235.222.53 - - [29/Mar/2020:08:36:48 +0800] "GET /xingrg/kc/buy/buy_main.html HTTP/1.1" 200 12412
116.235.222.53 - - [29/Mar/2020:08:36:48 +0800] "GET /xingrg/css/new_ie.css HTTP/1.1" 404 1036
114.84.33.255 - - [29/Mar/2020:08:36:48 +0800] "POST /xingrg/kc/buy/cgsh_order_operate.html HTTP/1.1" 200 2065
180.156.150.85 - - [29/Mar/2020:08:36:49 +0800] "GET /xingrg/kc/buy/cgsh_order_operate.html?command=get_materiel&rest_code=00105&code=00101008264&supplier_code=&order_time=2020-03-29 HTTP/1.1" 200 412
116.235.222.53 - - [29/Mar/2020:08:36:52 +0800] "GET /xingrg/kc/buy/cgsh_order_list.html HTTP/1.1" 200 42304
116.235.222.53 - - [29/Mar/2020:08:36:53 +0800] "GET /xingrg/javascript/jquery_tools/images/next.gif HTTP/1.1" 404 1086
116.235.222.53 - - [29/Mar/2020:08:36:53 +0800] "GET /xingrg/javascript/jquery_tools/images/prev.gif HTTP/1.1" 404 1086
116.235.222.53 - - [29/Mar/2020:08:36:53 +0800] "POST /xingrg/kc/buy/cgsh_list_operate.html HTTP/1.1" 200 876
114.84.33.255 - - [29/Mar/2020:08:36:58 +0800] "GET /xingrg/kc/buy/cgsh_order_operate.html?command=get_materiel&rest_code=00146&code=00101008318&supplier_code=00100005&order_time=2020-03-28 HTTP/1.1" 200 408
116.235.222.53 - - [29/Mar/2020:08:37:03 +0800] "GET /xingrg/kc/buy/cgsh_order_add.html HTTP/1.1" 200 58370
116.235.222.53 - - [29/Mar/2020:08:37:03 +0800] "GET /xingrg/words/20200328152550_words.js HTTP/1.1" 304 -
116.235.222.53 - - [29/Mar/2020:08:37:04 +0800] "GET /xingrg/all/common/auto_word.html?type=employee&rest_code=00107 HTTP/1.1" 200 197
116.235.222.53 - - [29/Mar/2020:08:37:04 +0800] "GET /xingrg/javascript/easyui/themes/default/validatebox.css HTTP/1.1" 404 1104
116.235.222.53 - - [29/Mar/2020:08:37:04 +0800] "GET /xingrg/all/common/auto_word.html?type=employee&rest_code=00107 HTTP/1.1" 200 197
116.235.222.53 - - [29/Mar/2020:08:37:04 +0800] "POST /xingrg/kc/buy/cgsh_order_operate.html HTTP/1.1" 200 8245
222.70.183.62 - - [29/Mar/2020:08:37:09 +0800] "GET /xingrg/all/function/internal_message.html?_=1585442230511&CODE_STATE=getMsg HTTP/1.1" 302 -
114.84.33.255 - - [29/Mar/2020:08:37:14 +0800] "GET /xingrg/kc/buy/cgsh_order_operate.html?command=get_materiel&rest_code=00146&code=00101008352&supplier_code=00100005&order_time=2020-03-28 HTTP/1.1" 200 412
114.84.33.255 - - [29/Mar/2020:08:37:20 +0800] "GET /xingrg/all/function/internal_message.html?_=1585442242609&CODE_STATE=getMsg HTTP/1.1" 200 27
114.84.33.255 - - [29/Mar/2020:08:37:23 +0800] "GET /xingrg/kc/buy/cgsh_order_operate.html?command=get_materiel&rest_code=00146&code=00101008098&supplier_code=00100005&order_time=2020-03-28 HTTP/1.1" 200 412
222.70.183.62 - - [29/Mar/2020:08:37:31 +0800] "GET /xingrg/all/function/internal_message.html?_=1585442557205&CODE_STATE=getMsg HTTP/1.1" 200 27
114.84.33.255 - - [29/Mar/2020:08:37:33 +0800] "GET /xingrg/kc/buy/cgsh_order_operate.html?command=get_materiel&rest_code=00146&code=00101008005&supplier_code=00100005&order_time=2020-03-28 HTTP/1.1" 200 412
180.156.150.85 - - [29/Mar/2020:08:37:41 +0800] "GET /xingrg/all/function/internal_message.html?_=1585442261135&CODE_STATE=getMsg HTTP/1.1" 200 27
114.84.33.255 - - [29/Mar/2020:08:37:45 +0800] "POST /xingrg/kc/buy/cgsh_order_operate.html HTTP/1.1" 200 2065
116.235.222.53 - - [29/Mar/2020:08:37:46 +0800] "GET /xingrg/all/function/internal_message.html?_=1585442265945&CODE_STATE=getMsg HTTP/1.1" 200 27
114.84.33.255 - - [29/Mar/2020:08:37:52 +0800] "GET /xingrg/kc/buy/cgsh_order_operate.html?command=get_materiel&rest_code=00146&code=00101008312&supplier_code=00100005&order_time=2020-03-28 HTTP/1.1" 200 412
114.84.33.255 - - [29/Mar/2020:08:38:00 +0800] "GET /xingrg/kc/buy/cgsh_order_operate.html?command=get_materiel&rest_code=00146&code=00101015026&supplier_code=00100005&order_time=2020-03-28 HTTP/1.1" 200 412
222.70.183.62 - - [29/Mar/2020:08:38:09 +0800] "GET /xingrg/all/function/internal_message.html?_=1585442290521&CODE_STATE=getMsg HTTP/1.1" 302 -
114.84.33.255 - - [29/Mar/2020:08:38:20 +0800] "GET /xingrg/all/function/internal_message.html?_=1585442302618&CODE_STATE=getMsg HTTP/1.1" 200 27
114.84.33.255 - - [29/Mar/2020:08:38:24 +0800] "GET /xingrg/kc/buy/cgsh_order_operate.html?command=get_materiel&rest_code=00146&code=00101008069&supplier_code=00100005&order_time=2020-03-28 HTTP/1.1" 200 412
222.70.183.62 - - [29/Mar/2020:08:38:31 +0800] "GET /xingrg/all/function/internal_message.html?_=1585442617203&CODE_STATE=getMsg HTTP/1.1" 200 27
180.156.150.85 - - [29/Mar/2020:08:38:41 +0800] "GET /xingrg/all/function/internal_message.html?_=1585442321104&CODE_STATE=getMsg HTTP/1.1" 200 27
114.84.33.255 - - [29/Mar/2020:08:38:41 +0800] "GET /xingrg/kc/buy/cgsh_order_operate.html?command=get_materiel&rest_code=00146&code=00101008233&supplier_code=00100005&order_time=2020-03-28 HTTP/1.1" 200 408
116.235.222.53 - - [29/Mar/2020:08:38:45 +0800] "GET /xingrg/all/function/internal_message.html?_=1585442325934&CODE_STATE=getMsg HTTP/1.1" 200 27
114.84.33.255 - - [29/Mar/2020:08:38:53 +0800] "GET /xingrg/check_reg.html?_=1585442335945 HTTP/1.1" 200 22
114.84.33.255 - - [29/Mar/2020:08:38:54 +0800] "POST /xingrg/kc/buy/cgsh_order_operate.html HTTP/1.1" 200 2065
222.70.183.62 - - [29/Mar/2020:08:39:09 +0800] "GET /xingrg/all/function/internal_message.html?_=1585442350542&CODE_STATE=getMsg HTTP/1.1" 302 -
114.84.33.255 - - [29/Mar/2020:08:39:20 +0800] "GET /xingrg/all/function/internal_message.html?_=1585442362631&CODE_STATE=getMsg HTTP/1.1" 200 27
114.84.33.255 - - [29/Mar/2020:08:39:26 +0800] "GET /xingrg/kc/buy/cgsh_order_operate.html?command=get_materiel&rest_code=00146&code=00101008223&supplier_code=00100005&order_time=2020-03-28 HTTP/1.1" 200 412
222.70.183.62 - - [29/Mar/2020:08:39:31 +0800] "GET /xingrg/all/function/internal_message.html?_=1585442677202&CODE_STATE=getMsg HTTP/1.1" 200 27
114.84.33.255 - - [29/Mar/2020:08:39:40 +0800] "GET /xingrg/kc/buy/cgsh_order_operate.html?command=get_materiel&rest_code=00146&code=00101008168&supplier_code=00100005&order_time=2020-03-28 HTTP/1.1" 200 412
180.156.150.85 - - [29/Mar/2020:08:39:41 +0800] "GET /xingrg/all/function/internal_message.html?_=1585442381108&CODE_STATE=getMsg HTTP/1.1" 200 27
116.235.222.53 - - [29/Mar/2020:08:39:46 +0800] "GET /xingrg/all/function/internal_message.html?_=1585442385939&CODE_STATE=getMsg HTTP/1.1" 200 27
114.84.33.255 - - [29/Mar/2020:08:39:51 +0800] "GET /xingrg/kc/buy/cgsh_order_operate.html?command=get_materiel&rest_code=00146&code=00101008095&supplier_code=00100005&order_time=2020-03-28 HTTP/1.1" 200 412
222.70.183.62 - - [29/Mar/2020:08:39:56 +0800] "GET /xingrg/check_reg.html?_=1585442397396 HTTP/1.1" 302 -
114.84.33.255 - - [29/Mar/2020:08:40:04 +0800] "GET /xingrg/kc/buy/cgsh_order_operate.html?command=get_materiel&rest_code=00146&code=00101008110&supplier_code=00100005&order_time=2020-03-28 HTTP/1.1" 200 409
114.84.33.255 - - [29/Mar/2020:08:40:06 +0800] "POST /xingrg/kc/buy/cgsh_order_operate.html HTTP/1.1" 200 2065
222.70.183.62 - - [29/Mar/2020:08:40:09 +0800] "GET /xingrg/all/function/internal_message.html?_=1585442410547&CODE_STATE=getMsg HTTP/1.1" 302 -
114.84.33.255 - - [29/Mar/2020:08:40:12 +0800] "GET /xingrg/kc/buy/cgsh_order_operate.html?command=get_materiel&rest_code=00146&code=00101008236&supplier_code=00100005&order_time=2020-03-28 HTTP/1.1" 200 416
114.84.33.255 - - [29/Mar/2020:08:40:20 +0800] "GET /xingrg/all/function/internal_message.html?_=1585442422687&CODE_STATE=getMsg HTTP/1.1" 200 27
114.84.33.255 - - [29/Mar/2020:08:40:24 +0800] "GET /xingrg/kc/buy/cgsh_order_operate.html?command=get_materiel&rest_code=00146&code=00101020152&supplier_code=00100005&order_time=2020-03-28 HTTP/1.1" 200 416
222.70.183.62 - - [29/Mar/2020:08:40:31 +0800] "GET /xingrg/all/function/internal_message.html?_=1585442737194&CODE_STATE=getMsg HTTP/1.1" 200 27
114.84.33.255 - - [29/Mar/2020:08:40:38 +0800] "GET /xingrg/kc/buy/cgsh_order_operate.html?command=get_materiel&rest_code=00146&code=00101009011&supplier_code=00100005&order_time=2020-03-28 HTTP/1.1" 200 416
180.156.150.85 - - [29/Mar/2020:08:40:41 +0800] "GET /xingrg/all/function/internal_message.html?_=1585442441108&CODE_STATE=getMsg HTTP/1.1" 200 27
116.235.222.53 - - [29/Mar/2020:08:40:45 +0800] "GET /xingrg/all/function/internal_message.html?_=1585442445933&CODE_STATE=getMsg HTTP/1.1" 200 27
114.84.33.255 - - [29/Mar/2020:08:40:48 +0800] "GET /xingrg/kc/buy/cgsh_order_operate.html?command=get_materiel&rest_code=00146&code=00101009015&supplier_code=00100005&order_time=2020-03-28 HTTP/1.1" 200 417
114.84.33.255 - - [29/Mar/2020:08:40:57 +0800] "GET /xingrg/kc/buy/cgsh_order_operate.html?command=get_materiel&rest_code=00146&code=00101008172&supplier_code=00100005&order_time=2020-03-28 HTTP/1.1" 200 412
114.84.33.255 - - [29/Mar/2020:08:40:59 +0800] "POST /xingrg/kc/buy/cgsh_order_operate.html HTTP/1.1" 200 2065
114.84.33.255 - - [29/Mar/2020:08:41:07 +0800] "GET /xingrg/kc/buy/cgsh_order_operate.html?command=get_materiel&rest_code=00146&code=00101015038&supplier_code=00100005&order_time=2020-03-28 HTTP/1.1" 200 419
222.70.183.62 - - [29/Mar/2020:08:41:09 +0800] "GET /xingrg/all/function/internal_message.html?_=1585442470568&CODE_STATE=getMsg HTTP/1.1" 302 -
114.84.33.255 - - [29/Mar/2020:08:41:16 +0800] "GET /xingrg/kc/buy/cgsh_order_operate.html?command=get_materiel&rest_code=00146&code=00101008102&supplier_code=00100005&order_time=2020-03-28 HTTP/1.1" 200 413
114.84.33.255 - - [29/Mar/2020:08:41:20 +0800] "GET /xingrg/all/function/internal_message.html?_=1585442482690&CODE_STATE=getMsg HTTP/1.1" 200 27
222.70.183.62 - - [29/Mar/2020:08:41:31 +0800] "GET /xingrg/check_reg.html?_=1585442797207 HTTP/1.1" 200 22
222.70.183.62 - - [29/Mar/2020:08:41:31 +0800] "GET /xingrg/all/function/internal_message.html?_=1585442797201&CODE_STATE=getMsg HTTP/1.1" 200 27
114.84.33.255 - - [29/Mar/2020:08:41:31 +0800] "GET /xingrg/kc/buy/cgsh_order_operate.html?command=get_materiel&rest_code=00146&code=00101008041&supplier_code=00100005&order_time=2020-03-28 HTTP/1.1" 200 408
180.156.150.85 - - [29/Mar/2020:08:41:41 +0800] "GET /xingrg/check_reg.html?_=1585442501107 HTTP/1.1" 200 22
180.156.150.85 - - [29/Mar/2020:08:41:41 +0800] "GET /xingrg/all/function/internal_message.html?_=1585442501111&CODE_STATE=getMsg HTTP/1.1" 200 27
114.84.33.255 - - [29/Mar/2020:08:41:41 +0800] "GET /xingrg/kc/buy/cgsh_order_operate.html?command=get_materiel&rest_code=00146&code=00101008221&supplier_code=00100005&order_time=2020-03-28 HTTP/1.1" 200 412
116.235.222.53 - - [29/Mar/2020:08:41:45 +0800] "GET /xingrg/check_reg.html?_=1585442505936 HTTP/1.1" 200 22
116.235.222.53 - - [29/Mar/2020:08:41:45 +0800] "GET /xingrg/all/function/internal_message.html?_=1585442505939&CODE_STATE=getMsg HTTP/1.1" 200 27
114.84.33.255 - - [29/Mar/2020:08:42:05 +0800] "POST /xingrg/kc/buy/cgsh_order_operate.html HTTP/1.1" 200 37
114.84.33.255 - - [29/Mar/2020:08:42:06 +0800] "POST /xingrg/kc/buy/cgsh_order_operate.html HTTP/1.1" 200 36363
222.70.183.62 - - [29/Mar/2020:08:42:09 +0800] "GET /xingrg/all/function/internal_message.html?_=1585442530575&CODE_STATE=getMsg HTTP/1.1" 302 -
114.84.33.255 - - [29/Mar/2020:08:42:10 +0800] "GET /xingrg/kc/print/load_data.html?order_code=212020032903486&kc_code=cgsh&condition= HTTP/1.1" 200 13461
114.84.33.255 - - [29/Mar/2020:08:42:20 +0800] "GET /xingrg/all/function/internal_message.html?_=1585442542705&CODE_STATE=getMsg HTTP/1.1" 200 27
222.70.183.62 - - [29/Mar/2020:08:42:31 +0800] "GET /xingrg/all/function/internal_message.html?_=1585442857207&CODE_STATE=getMsg HTTP/1.1" 200 27
180.156.150.85 - - [29/Mar/2020:08:42:41 +0800] "GET /xingrg/all/function/internal_message.html?_=1585442561095&CODE_STATE=getMsg HTTP/1.1" 200 27
116.235.222.53 - - [29/Mar/2020:08:42:45 +0800] "GET /xingrg/all/function/internal_message.html?_=1585442565937&CODE_STATE=getMsg HTTP/1.1" 200 27
116.235.222.53 - - [29/Mar/2020:08:43:04 +0800] "GET /xingrg/javascript/easyui/themes/default/tree.css HTTP/1.1" 404 1090
116.235.222.53 - - [29/Mar/2020:08:43:04 +0800] "POST /xingrg/all/common/load_tree.html?tree=supplier_tree_json&isDelete=1 HTTP/1.1" 200 47028
222.70.183.62 - - [29/Mar/2020:08:43:09 +0800] "GET /xingrg/all/function/internal_message.html?_=1585442590603&CODE_STATE=getMsg HTTP/1.1" 302 -
116.235.222.53 - - [29/Mar/2020:08:43:16 +0800] "GET /xingrg/javascript/auto/indicator.gif HTTP/1.1" 404 1066
116.235.222.53 - - [29/Mar/2020:08:43:18 +0800] "GET /xingrg/kc/buy/cgsh_order_operate.html?command=get_materiel&rest_code=00107&code=00101008261&supplier_code=00100006&order_time=2020-03-29 HTTP/1.1" 200 408
114.84.33.255 - - [29/Mar/2020:08:43:20 +0800] "GET /xingrg/all/function/internal_message.html?_=1585442602908&CODE_STATE=getMsg HTTP/1.1" 200 27
222.70.183.62 - - [29/Mar/2020:08:43:31 +0800] "GET /xingrg/all/function/internal_message.html?_=1585442917232&CODE_STATE=getMsg HTTP/1.1" 200 27
180.156.150.85 - - [29/Mar/2020:08:43:41 +0800] "GET /xingrg/all/function/internal_message.html?_=1585442621097&CODE_STATE=getMsg HTTP/1.1" 200 27
116.235.222.53 - - [29/Mar/2020:08:43:41 +0800] "GET /xingrg/kc/buy/cgsh_order_operate.html?command=get_materiel&rest_code=00107&code=00101008027&supplier_code=00100006&order_time=2020-03-29 HTTP/1.1" 200 408
116.235.222.53 - - [29/Mar/2020:08:43:45 +0800] "GET /xingrg/all/function/internal_message.html?_=1585442625932&CODE_STATE=getMsg HTTP/1.1" 200 27
114.84.33.255 - - [29/Mar/2020:08:43:53 +0800] "GET /xingrg/check_reg.html?_=1585442635950 HTTP/1.1" 200 22
222.70.183.62 - - [29/Mar/2020:08:44:09 +0800] "GET /xingrg/all/function/internal_message.html?_=1585442650617&CODE_STATE=getMsg HTTP/1.1" 302 -
116.235.222.53 - - [29/Mar/2020:08:44:12 +0800] "GET /xingrg/kc/buy/cgsh_order_operate.html?command=get_materiel&rest_code=00107&code=00101008155&supplier_code=00100006&order_time=2020-03-29 HTTP/1.1" 200 409
114.84.33.255 - - [29/Mar/2020:08:44:20 +0800] "GET /xingrg/all/function/internal_message.html?_=1585442662918&CODE_STATE=getMsg HTTP/1.1" 200 27
116.235.222.53 - - [29/Mar/2020:08:44:25 +0800] "GET /xingrg/kc/buy/cgsh_order_operate.html?command=get_materiel&rest_code=00107&code=00101008350&supplier_code=00100006&order_time=2020-03-29 HTTP/1.1" 200 408
222.70.183.62 - - [29/Mar/2020:08:44:31 +0800] "GET /xingrg/all/function/internal_message.html?_=1585442977219&CODE_STATE=getMsg HTTP/1.1" 200 27
180.156.150.85 - - [29/Mar/2020:08:44:41 +0800] "GET /xingrg/all/function/internal_message.html?_=1585442681098&CODE_STATE=getMsg HTTP/1.1" 200 27
116.235.222.53 - - [29/Mar/2020:08:44:45 +0800] "GET /xingrg/all/function/internal_message.html?_=1585442685936&CODE_STATE=getMsg HTTP/1.1" 200 27
116.235.222.53 - - [29/Mar/2020:08:44:51 +0800] "GET /xingrg/kc/buy/cgsh_order_operate.html?command=get_materiel&rest_code=00107&code=00101008049&supplier_code=00100006&order_time=2020-03-29 HTTP/1.1" 200 410
222.70.183.62 - - [29/Mar/2020:08:44:56 +0800] "GET /xingrg/check_reg.html?_=1585442697426 HTTP/1.1" 302 -
116.235.222.53 - - [29/Mar/2020:08:45:05 +0800] "GET /xingrg/kc/buy/cgsh_order_operate.html?command=get_materiel&rest_code=00107&code=00101008185&supplier_code=00100006&order_time=2020-03-29 HTTP/1.1" 200 408
222.70.183.62 - - [29/Mar/2020:08:45:09 +0800] "GET /xingrg/all/function/internal_message.html?_=1585442710641&CODE_STATE=getMsg HTTP/1.1" 302 -
114.84.33.255 - - [29/Mar/2020:08:45:20 +0800] "GET /xingrg/all/function/internal_message.html?_=1585442722932&CODE_STATE=getMsg HTTP/1.1" 200 27
222.70.183.62 - - [29/Mar/2020:08:45:31 +0800] "GET /xingrg/all/function/internal_message.html?_=1585443037220&CODE_STATE=getMsg HTTP/1.1" 200 27
116.235.222.53 - - [29/Mar/2020:08:45:34 +0800] "GET /xingrg/kc/buy/cgsh_order_operate.html?command=get_materiel&rest_code=00107&code=00101008028&supplier_code=00100006&order_time=2020-03-29 HTTP/1.1" 200 412
180.156.150.85 - - [29/Mar/2020:08:45:41 +0800] "GET /xingrg/all/function/internal_message.html?_=1585442741100&CODE_STATE=getMsg HTTP/1.1" 200 27
116.235.222.53 - - [29/Mar/2020:08:45:45 +0800] "GET /xingrg/all/function/internal_message.html?_=1585442745945&CODE_STATE=getMsg HTTP/1.1" 200 27
116.235.222.53 - - [29/Mar/2020:08:45:52 +0800] "GET /xingrg/kc/buy/cgsh_order_operate.html?command=get_materiel&rest_code=00107&code=00101008096&supplier_code=00100006&order_time=2020-03-29 HTTP/1.1" 200 412
116.235.222.53 - - [29/Mar/2020:08:46:02 +0800] "GET /xingrg/kc/buy/cgsh_order_operate.html?command=get_materiel&rest_code=00107&code=00101008088&supplier_code=00100006&order_time=2020-03-29 HTTP/1.1" 200 408
222.70.183.62 - - [29/Mar/2020:08:46:09 +0800] "GET /xingrg/all/function/internal_message.html?_=1585442770646&CODE_STATE=getMsg HTTP/1.1" 302 -
114.84.33.255 - - [29/Mar/2020:08:46:20 +0800] "GET /xingrg/all/function/internal_message.html?_=1585442783161&CODE_STATE=getMsg HTTP/1.1" 200 27
116.235.222.53 - - [29/Mar/2020:08:46:22 +0800] "GET /xingrg/kc/buy/cgsh_order_operate.html?command=get_materiel&rest_code=00107&code=00101008361&supplier_code=00100006&order_time=2020-03-29 HTTP/1.1" 200 408
222.70.183.62 - - [29/Mar/2020:08:46:31 +0800] "GET /xingrg/all/function/internal_message.html?_=1585443097220&CODE_STATE=getMsg HTTP/1.1" 200 27
222.70.183.62 - - [29/Mar/2020:08:46:31 +0800] "GET /xingrg/check_reg.html?_=1585443097223 HTTP/1.1" 200 22
116.235.222.53 - - [29/Mar/2020:08:46:33 +0800] "GET /xingrg/kc/buy/cgsh_order_operate.html?command=get_materiel&rest_code=00107&code=00101008144&supplier_code=00100006&order_time=2020-03-29 HTTP/1.1" 200 412
180.156.150.85 - - [29/Mar/2020:08:46:41 +0800] "GET /xingrg/all/function/internal_message.html?_=1585442801129&CODE_STATE=getMsg HTTP/1.1" 200 27
180.156.150.85 - - [29/Mar/2020:08:46:41 +0800] "GET /xingrg/check_reg.html?_=1585442801133 HTTP/1.1" 200 22
116.235.222.53 - - [29/Mar/2020:08:46:46 +0800] "GET /xingrg/check_reg.html?_=1585442805947 HTTP/1.1" 200 22
116.235.222.53 - - [29/Mar/2020:08:46:46 +0800] "GET /xingrg/all/function/internal_message.html?_=1585442805951&CODE_STATE=getMsg HTTP/1.1" 200 27
116.235.222.53 - - [29/Mar/2020:08:46:56 +0800] "GET /xingrg/kc/buy/cgsh_order_operate.html?command=get_materiel&rest_code=00107&code=00101008067&supplier_code=00100006&order_time=2020-03-29 HTTP/1.1" 200 416
116.235.222.53 - - [29/Mar/2020:08:47:04 +0800] "GET /xingrg/kc/buy/cgsh_order_operate.html?command=get_materiel&rest_code=00107&code=00101008264&supplier_code=00100006&order_time=2020-03-29 HTTP/1.1" 200 412
222.70.183.62 - - [29/Mar/2020:08:47:09 +0800] "GET /xingrg/all/function/internal_message.html?_=1585442830679&CODE_STATE=getMsg HTTP/1.1" 302 -
116.235.222.53 - - [29/Mar/2020:08:47:18 +0800] "GET /xingrg/kc/buy/cgsh_order_operate.html?command=get_materiel&rest_code=00107&code=00101008321&supplier_code=00100006&order_time=2020-03-29 HTTP/1.1" 200 412
114.84.33.255 - - [29/Mar/2020:08:47:20 +0800] "GET /xingrg/all/function/internal_message.html?_=1585442843162&CODE_STATE=getMsg HTTP/1.1" 200 27
116.235.222.53 - - [29/Mar/2020:08:47:31 +0800] "GET /xingrg/kc/buy/cgsh_order_operate.html?command=get_materiel&rest_code=00107&code=00101008356&supplier_code=00100006&order_time=2020-03-29 HTTP/1.1" 200 408
222.70.183.62 - - [29/Mar/2020:08:47:31 +0800] "GET /xingrg/all/function/internal_message.html?_=1585443157223&CODE_STATE=getMsg HTTP/1.1" 200 27
180.156.150.85 - - [29/Mar/2020:08:47:41 +0800] "GET /xingrg/all/function/internal_message.html?_=1585442861133&CODE_STATE=getMsg HTTP/1.1" 200 27
116.235.222.53 - - [29/Mar/2020:08:47:45 +0800] "GET /xingrg/kc/buy/cgsh_order_operate.html?command=get_materiel&rest_code=00107&code=00101008300&supplier_code=00100006&order_time=2020-03-29 HTTP/1.1" 200 412
116.235.222.53 - - [29/Mar/2020:08:47:45 +0800] "GET /xingrg/all/function/internal_message.html?_=1585442865936&CODE_STATE=getMsg HTTP/1.1" 200 27
116.235.222.53 - - [29/Mar/2020:08:47:55 +0800] "GET /xingrg/kc/buy/cgsh_order_operate.html?command=get_materiel&rest_code=00107&code=00101008137&supplier_code=00100006&order_time=2020-03-29 HTTP/1.1" 200 408
116.235.222.53 - - [29/Mar/2020:08:48:08 +0800] "GET /xingrg/kc/buy/cgsh_order_operate.html?command=get_materiel&rest_code=00107&code=00101008360&supplier_code=00100006&order_time=2020-03-29 HTTP/1.1" 200 413
222.70.183.62 - - [29/Mar/2020:08:48:09 +0800] "GET /xingrg/all/function/internal_message.html?_=1585442890688&CODE_STATE=getMsg HTTP/1.1" 302 -
116.235.222.53 - - [29/Mar/2020:08:48:18 +0800] "GET /xingrg/kc/buy/cgsh_order_operate.html?command=get_materiel&rest_code=00107&code=00101008270&supplier_code=00100006&order_time=2020-03-29 HTTP/1.1" 200 412
116.235.222.53 - - [29/Mar/2020:08:48:20 +0800] "POST /xingrg/kc/buy/cgsh_order_operate.html HTTP/1.1" 200 2065
114.84.33.255 - - [29/Mar/2020:08:48:21 +0800] "GET /xingrg/all/function/internal_message.html?_=1585442903380&CODE_STATE=getMsg HTTP/1.1" 200 27
222.70.183.62 - - [29/Mar/2020:08:48:31 +0800] "GET /xingrg/all/function/internal_message.html?_=1585443217231&CODE_STATE=getMsg HTTP/1.1" 200 27
116.235.222.53 - - [29/Mar/2020:08:48:34 +0800] "GET /xingrg/kc/buy/cgsh_order_operate.html?command=get_materiel&rest_code=00107&code=00101008077&supplier_code=00100006&order_time=2020-03-29 HTTP/1.1" 200 416
180.156.150.85 - - [29/Mar/2020:08:48:41 +0800] "GET /xingrg/all/function/internal_message.html?_=1585442921122&CODE_STATE=getMsg HTTP/1.1" 200 27
116.235.222.53 - - [29/Mar/2020:08:48:45 +0800] "GET /xingrg/kc/buy/cgsh_order_operate.html?command=get_materiel&rest_code=00107&code=00101008223&supplier_code=00100006&order_time=2020-03-29 HTTP/1.1" 200 412
116.235.222.53 - - [29/Mar/2020:08:48:45 +0800] "GET /xingrg/all/function/internal_message.html?_=1585442925950&CODE_STATE=getMsg HTTP/1.1" 200 27
114.84.33.255 - - [29/Mar/2020:08:48:53 +0800] "GET /xingrg/check_reg.html?_=1585442935951 HTTP/1.1" 200 22
222.70.183.62 - - [29/Mar/2020:08:49:10 +0800] "GET /xingrg/all/function/internal_message.html?_=1585442950720&CODE_STATE=getMsg HTTP/1.1" 302 -
114.84.33.255 - - [29/Mar/2020:08:49:21 +0800] "GET /xingrg/all/function/internal_message.html?_=1585442963392&CODE_STATE=getMsg HTTP/1.1" 200 27
116.235.222.53 - - [29/Mar/2020:08:49:23 +0800] "GET /xingrg/kc/buy/cgsh_order_operate.html?command=get_materiel&rest_code=00107&code=00101008134&supplier_code=00100006&order_time=2020-03-29 HTTP/1.1" 200 412
222.70.183.62 - - [29/Mar/2020:08:49:31 +0800] "GET /xingrg/all/function/internal_message.html?_=1585443277231&CODE_STATE=getMsg HTTP/1.1" 200 27
180.156.150.85 - - [29/Mar/2020:08:49:41 +0800] "GET /xingrg/all/function/internal_message.html?_=1585442981135&CODE_STATE=getMsg HTTP/1.1" 200 27
116.235.222.53 - - [29/Mar/2020:08:49:46 +0800] "GET /xingrg/all/function/internal_message.html?_=1585442985950&CODE_STATE=getMsg HTTP/1.1" 200 27
114.84.33.255 - - [29/Mar/2020:08:49:50 +0800] "POST /xingrg/kc/buy/cgsh_order_operate.html HTTP/1.1" 200 37
116.235.222.53 - - [29/Mar/2020:08:49:51 +0800] "GET /xingrg/kc/buy/cgsh_order_operate.html?command=get_materiel&rest_code=00107&code=00101008357&supplier_code=00100006&order_time=2020-03-29 HTTP/1.1" 200 410
114.84.33.255 - - [29/Mar/2020:08:49:52 +0800] "POST /xingrg/kc/buy/cgsh_order_operate.html HTTP/1.1" 200 36363
114.84.33.255 - - [29/Mar/2020:08:49:54 +0800] "GET /xingrg/kc/buy/cgsh_order_list.html HTTP/1.1" 200 42304
114.84.33.255 - - [29/Mar/2020:08:49:55 +0800] "POST /xingrg/kc/buy/cgsh_list_operate.html HTTP/1.1" 200 2767
222.70.183.62 - - [29/Mar/2020:08:49:56 +0800] "GET /xingrg/check_reg.html?_=1585442997424 HTTP/1.1" 302 -
114.84.33.255 - - [29/Mar/2020:08:49:59 +0800] "GET /xingrg/kc/buy/cgsh_order_add.html HTTP/1.1" 200 57919
114.84.33.255 - - [29/Mar/2020:08:49:59 +0800] "POST /xingrg/kc/buy/cgsh_order_operate.html HTTP/1.1" 200 8245
114.84.33.255 - - [29/Mar/2020:08:49:59 +0800] "GET /xingrg/javascript/easyui/themes/default/validatebox.css HTTP/1.1" 404 1104
116.235.222.53 - - [29/Mar/2020:08:50:07 +0800] "GET /xingrg/kc/buy/cgsh_order_operate.html?command=get_materiel&rest_code=00107&code=00101008230&supplier_code=00100006&order_time=2020-03-29 HTTP/1.1" 200 408
222.70.183.62 - - [29/Mar/2020:08:50:10 +0800] "GET /xingrg/all/function/internal_message.html?_=1585443010730&CODE_STATE=getMsg HTTP/1.1" 302 -
116.235.222.53 - - [29/Mar/2020:08:50:10 +0800] "POST /xingrg/kc/buy/cgsh_order_operate.html HTTP/1.1" 200 2065
