117.131.5.26 - - [29/Mar/2020:11:15:41 +0800] "GET /xingrg/system/rest/get_item.html?table=menu&id=2017&_=1585451741357 HTTP/1.1" 200 974
117.131.5.26 - - [29/Mar/2020:11:15:41 +0800] "GET /xingrg/system/rest/get_item.html?table=menu&target=menu_rest&id=2017&_=1585451741372 HTTP/1.1" 200 781
117.131.5.26 - - [29/Mar/2020:11:15:41 +0800] "GET /xingrg/system/rest/get_item.html?table=menu&target=cook_mode&id=2017&_=1585451741364 HTTP/1.1" 200 12970
117.131.5.26 - - [29/Mar/2020:11:15:42 +0800] "GET /xingrg/system/rest/get_infos.html?command=menu_img_show&id=2017 HTTP/1.1" 200 5
117.131.5.26 - - [29/Mar/2020:11:15:45 +0800] "GET /xingrg/system/rest/get_item.html?table=menu&target=menu_rest_detail&id=2017&sid=11&_=1585451745378 HTTP/1.1" 200 429
116.235.222.53 - - [29/Mar/2020:11:15:46 +0800] "GET /xingrg/all/function/internal_message.html?_=1585451746407&CODE_STATE=getMsg HTTP/1.1" 200 27
117.184.7.26 - - [29/Mar/2020:11:15:46 +0800] "GET /xingrg/check_reg.html?_=1585451746047 HTTP/1.1" 200 22
117.184.7.30 - - [29/Mar/2020:11:15:46 +0800] "GET /xingrg/all/function/internal_message.html?_=1585451746048&CODE_STATE=getMsg HTTP/1.1" 200 27
117.131.5.26 - - [29/Mar/2020:11:15:46 +0800] "GET /xingrg/system/rest/get_item.html?table=menu&target=menu_rest_detail&id=2017&sid=12&_=1585451746336 HTTP/1.1" 200 429
117.131.5.26 - - [29/Mar/2020:11:15:47 +0800] "GET /xingrg/all/function/internal_message.html?_=1585451747437&CODE_STATE=getMsg HTTP/1.1" 200 27
183.192.164.97 - - [29/Mar/2020:11:15:47 +0800] "GET /xingrg/system/rest/query_items.html?_=1585451676174&table=menu&page=1&rows=20&categoryId=&key=%E5%B8%9D%E7%8E%8B%E8%9F%B9 HTTP/1.1" 302 -
117.184.7.30 - - [29/Mar/2020:11:15:48 +0800] "GET /xingrg/kc/buy/cgsh_order_add.html HTTP/1.1" 200 57916
117.184.7.30 - - [29/Mar/2020:11:15:48 +0800] "POST /xingrg/kc/buy/cgsh_order_operate.html HTTP/1.1" 200 8245
117.184.7.26 - - [29/Mar/2020:11:15:48 +0800] "GET /xingrg/javascript/easyui/themes/default/validatebox.css HTTP/1.1" 404 1104
116.224.247.222 - - [29/Mar/2020:11:15:50 +0800] "GET /xingrg/check_reg.html?_=1585451930233 HTTP/1.1" 200 22
116.224.247.222 - - [29/Mar/2020:11:15:53 +0800] "GET /xingrg/all/function/internal_message.html?_=1585451932755&CODE_STATE=getMsg HTTP/1.1" 200 27
183.192.164.85 - - [29/Mar/2020:11:15:54 +0800] "GET /xingrg/system/rest/get_infos.html?command=menu_img_show&id=1983 HTTP/1.1" 302 -
183.192.164.90 - - [29/Mar/2020:11:15:54 +0800] "GET /xingrg/all/function/internal_message.html?_=1585451687424&CODE_STATE=getMsg HTTP/1.1" 302 -
183.192.164.97 - - [29/Mar/2020:11:15:54 +0800] "GET /xingrg/login.html HTTP/1.1" 200 7641
114.84.33.255 - - [29/Mar/2020:11:15:54 +0800] "GET /xingrg/all/function/internal_message.html?_=1585451757730&CODE_STATE=getMsg HTTP/1.1" 200 27
117.131.5.26 - - [29/Mar/2020:11:15:57 +0800] "GET /xingrg/system/rest/get_item.html?table=menu&id=2017&_=1585451757483 HTTP/1.1" 200 974
117.131.5.26 - - [29/Mar/2020:11:15:57 +0800] "GET /xingrg/system/rest/get_item.html?table=menu&target=menu_rest&id=2017&_=1585451757490 HTTP/1.1" 200 781
117.131.5.26 - - [29/Mar/2020:11:15:57 +0800] "GET /xingrg/system/rest/get_item.html?table=menu&target=cook_mode&id=2017&_=1585451757489 HTTP/1.1" 200 12970
222.70.183.62 - - [29/Mar/2020:11:16:00 +0800] "GET /xingrg/all/function/internal_message.html?_=1585452066425&CODE_STATE=getMsg HTTP/1.1" 200 27
117.185.32.26 - - [29/Mar/2020:11:16:01 +0800] "GET /xingrg/all/function/internal_message.html?_=1585451761162&CODE_STATE=getMsg HTTP/1.1" 200 27
183.192.164.85 - - [29/Mar/2020:11:16:02 +0800] "GET /xingrg/login.html HTTP/1.1" 200 7641
183.192.164.90 - - [29/Mar/2020:11:16:03 +0800] "GET /xingrg/system/rest/query_items.html?_=1585451683826&table=menu&page=1&rows=20&categoryId=&key=BL HTTP/1.1" 302 -
117.184.7.30 - - [29/Mar/2020:11:16:03 +0800] "GET /xingrg/kc/buy/cgsh_order_operate.html?command=get_materiel&rest_code=00108&code=00101004067&supplier_code=00100312&order_time=2020-03-29 HTTP/1.1" 200 428
183.192.164.90 - - [29/Mar/2020:11:16:04 +0800] "GET /xingrg/login.html HTTP/1.1" 200 7641
183.192.164.90 - - [29/Mar/2020:11:16:06 +0800] "GET /xingrg/login.html HTTP/1.1" 200 7641
172.17.0.100 - - [29/Mar/2020:11:16:07 +0800] "GET /xingrg/all/function/internal_message.html?_=1585451955581&CODE_STATE=getMsg HTTP/1.1" 200 27
120.204.17.73 - - [29/Mar/2020:11:16:09 +0800] "GET /xingrg/system/rest/get_item.html?table=menu&target=menu_rest&id=1983&_=1585451702902 HTTP/1.1" 302 -
117.131.5.26 - - [29/Mar/2020:11:16:10 +0800] "GET /xingrg/system/rest/query_items.html?_=1585451770442&table=menu&page=1&rows=20&categoryId=4&key=CJX HTTP/1.1" 200 767
117.184.7.30 - - [29/Mar/2020:11:16:12 +0800] "GET /xingrg/kc/buy/cgsh_order_operate.html?command=get_materiel&rest_code=00108&code=00101004027&supplier_code=00100312&order_time=2020-03-29 HTTP/1.1" 200 409
222.70.183.62 - - [29/Mar/2020:11:16:12 +0800] "GET /xingrg/all/function/internal_message.html?_=1585451773383&CODE_STATE=getMsg HTTP/1.1" 302 -
114.86.229.141 - - [29/Mar/2020:11:16:18 +0800] "GET /xingrg/all/function/internal_message.html?_=1585451859406&CODE_STATE=getMsg HTTP/1.1" 200 27
117.131.5.26 - - [29/Mar/2020:11:16:18 +0800] "GET /xingrg/system/rest/query_items.html?_=1585451778047&table=menu&page=1&rows=20&categoryId=4&key=XG HTTP/1.1" 200 725
120.204.17.73 - - [29/Mar/2020:11:16:19 +0800] "GET /xingrg/login.html HTTP/1.1" 200 7641
117.131.5.26 - - [29/Mar/2020:11:16:20 +0800] "GET /xingrg/system/rest/get_item.html?table=menu&id=2001&_=1585451780325 HTTP/1.1" 200 934
117.131.5.26 - - [29/Mar/2020:11:16:20 +0800] "GET /xingrg/system/rest/get_item.html?table=menu&target=menu_rest&id=2001&_=1585451780332 HTTP/1.1" 200 840
117.131.5.26 - - [29/Mar/2020:11:16:20 +0800] "GET /xingrg/system/rest/get_item.html?table=menu&target=cook_mode&id=2001&_=1585451780330 HTTP/1.1" 200 8443
180.162.232.172 - - [29/Mar/2020:11:16:20 +0800] "GET /xingrg/all/function/internal_message.html?_=1585451782016&CODE_STATE=getMsg HTTP/1.1" 200 27
117.131.5.26 - - [29/Mar/2020:11:16:21 +0800] "GET /xingrg/system/rest/get_infos.html?command=menu_img_show&id=2001 HTTP/1.1" 200 5
117.131.5.26 - - [29/Mar/2020:11:16:23 +0800] "GET /xingrg/system/rest/get_item.html?table=menu&target=menu_rest_detail&id=2001&sid=5&_=1585451783331 HTTP/1.1" 200 426
183.192.164.90 - - [29/Mar/2020:11:16:25 +0800] "GET /xingrg/system/rest/get_item.html?table=menu&id=1981&_=1585451714192 HTTP/1.1" 302 -
183.192.164.90 - - [29/Mar/2020:11:16:31 +0800] "GET /xingrg/login.html HTTP/1.1" 200 7641
172.17.0.101 - - [29/Mar/2020:11:16:31 +0800] "GET /xingrg/all/function/internal_message.html?_=1585451791539&CODE_STATE=getMsg HTTP/1.1" 200 27
120.253.135.82 - - [29/Mar/2020:11:16:32 +0800] "GET /xingrg/all/function/internal_message.html?_=1585451539720&CODE_STATE=getMsg HTTP/1.1" 200 27
114.88.159.93 - - [29/Mar/2020:11:16:33 +0800] "GET /xingrg/check_reg.html?_=1585451511708 HTTP/1.1" 200 22
114.88.159.93 - - [29/Mar/2020:11:16:33 +0800] "GET /xingrg/all/function/internal_message.html?_=1585451511710&CODE_STATE=getMsg HTTP/1.1" 200 27
120.204.17.70 - - [29/Mar/2020:11:16:35 +0800] "GET /xingrg/system/rest/get_item.html?table=menu&target=menu_rest&id=1981&_=1585451724633 HTTP/1.1" 302 -
222.69.131.116 - - [29/Mar/2020:11:16:38 +0800] "GET /xingrg/all/function/internal_message.html?_=1585451798762&CODE_STATE=getMsg HTTP/1.1" 200 27
117.184.7.30 - - [29/Mar/2020:11:16:39 +0800] "POST /xingrg/kc/buy/cgsh_order_operate.html HTTP/1.1" 200 37
117.184.7.30 - - [29/Mar/2020:11:16:39 +0800] "POST /xingrg/kc/buy/cgsh_order_operate.html HTTP/1.1" 200 3855
180.156.150.85 - - [29/Mar/2020:11:16:41 +0800] "GET /xingrg/check_reg.html?_=1585451801259 HTTP/1.1" 200 22
180.156.150.85 - - [29/Mar/2020:11:16:41 +0800] "GET /xingrg/all/function/internal_message.html?_=1585451801261&CODE_STATE=getMsg HTTP/1.1" 200 27
117.184.7.30 - - [29/Mar/2020:11:16:41 +0800] "GET /xingrg/kc/print/load_data.html?order_code=212020032903569&kc_code=cgsh&condition= HTTP/1.1" 200 1127
117.131.5.26 - - [29/Mar/2020:11:16:43 +0800] "GET /xingrg/system/rest/query_items.html?_=1585451803010&table=menu&page=1&rows=20&categoryId=4&key=ZYP HTTP/1.1" 200 524
183.192.164.214 - - [29/Mar/2020:11:16:43 +0800] "GET /xingrg/system/rest/get_item.html?table=menu&id=2017&_=1585451741357 HTTP/1.1" 302 -
117.131.5.26 - - [29/Mar/2020:11:16:44 +0800] "GET /xingrg/system/rest/query_items.html?_=1585451804717&table=menu&page=1&rows=20&categoryId=4&key=ZYP HTTP/1.1" 200 524
117.131.5.26 - - [29/Mar/2020:11:16:45 +0800] "GET /xingrg/system/rest/get_item.html?table=menu&id=1965&_=1585451804976 HTTP/1.1" 200 969
117.131.5.26 - - [29/Mar/2020:11:16:45 +0800] "GET /xingrg/system/rest/get_item.html?table=menu&target=menu_rest&id=1965&_=1585451804982 HTTP/1.1" 200 762
117.131.5.26 - - [29/Mar/2020:11:16:45 +0800] "GET /xingrg/system/rest/get_item.html?table=menu&target=cook_mode&id=1965&_=1585451804981 HTTP/1.1" 200 6235
120.204.17.70 - - [29/Mar/2020:11:16:45 +0800] "GET /xingrg/login.html HTTP/1.1" 200 7641
117.131.5.26 - - [29/Mar/2020:11:16:45 +0800] "GET /xingrg/system/rest/get_infos.html?command=menu_img_show&id=1965 HTTP/1.1" 200 5
116.235.222.53 - - [29/Mar/2020:11:16:45 +0800] "GET /xingrg/check_reg.html?_=1585451806112 HTTP/1.1" 200 22
116.235.222.53 - - [29/Mar/2020:11:16:46 +0800] "GET /xingrg/all/function/internal_message.html?_=1585451806403&CODE_STATE=getMsg HTTP/1.1" 200 27
117.184.7.30 - - [29/Mar/2020:11:16:46 +0800] "GET /xingrg/all/function/internal_message.html?_=1585451806024&CODE_STATE=getMsg HTTP/1.1" 200 27
183.192.164.214 - - [29/Mar/2020:11:16:46 +0800] "GET /xingrg/login.html HTTP/1.1" 200 7641
117.184.7.30 - - [29/Mar/2020:11:16:47 +0800] "GET /xingrg/kc/buy/cgsh_order_add.html HTTP/1.1" 200 57916
117.184.7.30 - - [29/Mar/2020:11:16:47 +0800] "POST /xingrg/kc/buy/cgsh_order_operate.html HTTP/1.1" 200 8245
117.131.5.26 - - [29/Mar/2020:11:16:47 +0800] "GET /xingrg/all/function/internal_message.html?_=1585451807450&CODE_STATE=getMsg HTTP/1.1" 200 27
117.184.7.26 - - [29/Mar/2020:11:16:47 +0800] "GET /xingrg/javascript/easyui/themes/default/validatebox.css HTTP/1.1" 404 1104
117.131.5.26 - - [29/Mar/2020:11:16:49 +0800] "GET /xingrg/system/rest/get_item.html?table=menu&target=menu_rest_detail&id=1965&sid=5&_=1585451809266 HTTP/1.1" 200 425
183.192.164.85 - - [29/Mar/2020:11:16:53 +0800] "GET /xingrg/system/rest/get_item.html?table=menu&target=menu_rest&id=2017&_=1585451741372 HTTP/1.1" 302 -
116.224.247.222 - - [29/Mar/2020:11:16:53 +0800] "GET /xingrg/all/function/internal_message.html?_=1585451992769&CODE_STATE=getMsg HTTP/1.1" 200 27
117.131.5.26 - - [29/Mar/2020:11:16:55 +0800] "POST /xingrg/system/rest/edit_item.html HTTP/1.1" 200 4
117.131.5.26 - - [29/Mar/2020:11:16:55 +0800] "GET /xingrg/system/rest/get_item.html?table=menu&target=menu_rest&id=1965&_=1585451814995 HTTP/1.1" 200 762
114.84.33.255 - - [29/Mar/2020:11:16:55 +0800] "GET /xingrg/all/function/internal_message.html?_=1585451818112&CODE_STATE=getMsg HTTP/1.1" 200 27
117.184.7.30 - - [29/Mar/2020:11:16:57 +0800] "GET /xingrg/kc/buy/cgsh_order_operate.html?command=get_materiel&rest_code=00108&code=00101012010&supplier_code=00100323&order_time=2020-03-29 HTTP/1.1" 200 428
120.204.17.73 - - [29/Mar/2020:11:16:57 +0800] "GET /xingrg/system/rest/get_item.html?table=menu&target=menu_rest_detail&id=2017&sid=12&_=1585451746336 HTTP/1.1" 302 -
117.131.5.26 - - [29/Mar/2020:11:17:00 +0800] "GET /xingrg/system/rest/query_items.html?_=1585451820294&table=menu&page=1&rows=20&categoryId=4&key=HL HTTP/1.1" 200 4679
222.70.183.62 - - [29/Mar/2020:11:17:00 +0800] "GET /xingrg/all/function/internal_message.html?_=1585452126402&CODE_STATE=getMsg HTTP/1.1" 200 27
117.185.32.26 - - [29/Mar/2020:11:17:01 +0800] "GET /xingrg/all/function/internal_message.html?_=1585451821134&CODE_STATE=getMsg HTTP/1.1" 200 27
117.131.5.26 - - [29/Mar/2020:11:17:02 +0800] "GET /xingrg/system/rest/query_items.html?_=1585451822533&table=menu&page=1&rows=20&categoryId=4&key=HL HTTP/1.1" 200 4679
183.192.164.85 - - [29/Mar/2020:11:17:03 +0800] "GET /xingrg/login.html HTTP/1.1" 200 7641
117.131.5.26 - - [29/Mar/2020:11:17:03 +0800] "GET /xingrg/system/rest/get_item.html?table=menu&id=2054&_=1585451823451 HTTP/1.1" 200 1006
117.131.5.26 - - [29/Mar/2020:11:17:03 +0800] "GET /xingrg/system/rest/get_item.html?table=menu&target=menu_rest&id=2054&_=1585451823458 HTTP/1.1" 200 868
117.131.5.26 - - [29/Mar/2020:11:17:03 +0800] "GET /xingrg/system/rest/get_item.html?table=menu&target=cook_mode&id=2054&_=1585451823456 HTTP/1.1" 200 10645
117.131.5.26 - - [29/Mar/2020:11:17:04 +0800] "GET /xingrg/system/rest/get_infos.html?command=menu_img_show&id=2054 HTTP/1.1" 200 5
120.204.17.73 - - [29/Mar/2020:11:17:05 +0800] "GET /xingrg/login.html HTTP/1.1" 200 7641
120.204.17.70 - - [29/Mar/2020:11:17:05 +0800] "GET /xingrg/all/function/internal_message.html?_=1585451747437&CODE_STATE=getMsg HTTP/1.1" 302 -
117.131.5.26 - - [29/Mar/2020:11:17:06 +0800] "GET /xingrg/system/rest/get_item.html?table=menu&target=menu_rest_detail&id=2054&sid=5&_=1585451825874 HTTP/1.1" 200 426
172.17.0.100 - - [29/Mar/2020:11:17:07 +0800] "GET /xingrg/all/function/internal_message.html?_=1585452015571&CODE_STATE=getMsg HTTP/1.1" 200 27
120.204.17.70 - - [29/Mar/2020:11:17:08 +0800] "GET /xingrg/login.html HTTP/1.1" 200 7641
120.204.17.68 - - [29/Mar/2020:11:17:09 +0800] "GET /xingrg/system/rest/get_item.html?table=menu&target=menu_rest&id=2017&_=1585451757490 HTTP/1.1" 302 -
117.131.5.26 - - [29/Mar/2020:11:17:11 +0800] "POST /xingrg/system/rest/edit_item.html HTTP/1.1" 200 4
117.131.5.26 - - [29/Mar/2020:11:17:11 +0800] "GET /xingrg/system/rest/get_item.html?table=menu&target=menu_rest&id=2054&_=1585451831717 HTTP/1.1" 200 868
222.70.183.62 - - [29/Mar/2020:11:17:12 +0800] "GET /xingrg/all/function/internal_message.html?_=1585451833420&CODE_STATE=getMsg HTTP/1.1" 302 -
183.192.164.85 - - [29/Mar/2020:11:17:14 +0800] "GET /xingrg/system/rest/get_item.html?table=menu&id=2017&_=1585451757483 HTTP/1.1" 302 -
114.86.229.141 - - [29/Mar/2020:11:17:16 +0800] "GET /xingrg/all/function/internal_message.html?_=1585451919406&CODE_STATE=getMsg HTTP/1.1" 200 27
183.192.164.85 - - [29/Mar/2020:11:17:16 +0800] "GET /xingrg/login.html HTTP/1.1" 200 7641
120.204.17.68 - - [29/Mar/2020:11:17:17 +0800] "GET /xingrg/login.html HTTP/1.1" 200 7641
117.131.5.26 - - [29/Mar/2020:11:17:20 +0800] "GET /xingrg/system/rest/query_items.html?_=1585451840233&table=menu&page=1&rows=20&categoryId=4&key=FZMJ HTTP/1.1" 200 272
58.40.7.146 - - [29/Mar/2020:11:17:20 +0800] "GET /xingrg/check_reg.html?_=1585451840397 HTTP/1.1" 200 22
180.162.232.172 - - [29/Mar/2020:11:17:20 +0800] "GET /xingrg/all/function/internal_message.html?_=1585451841999&CODE_STATE=getMsg HTTP/1.1" 200 27
117.131.5.26 - - [29/Mar/2020:11:17:22 +0800] "GET /xingrg/system/rest/get_item.html?table=menu&id=2084&_=1585451842389 HTTP/1.1" 200 971
117.131.5.26 - - [29/Mar/2020:11:17:22 +0800] "GET /xingrg/system/rest/get_item.html?table=menu&target=menu_rest&id=2084&_=1585451842397 HTTP/1.1" 200 1236
117.131.5.26 - - [29/Mar/2020:11:17:22 +0800] "GET /xingrg/system/rest/get_item.html?table=menu&target=cook_mode&id=2084&_=1585451842395 HTTP/1.1" 200 9370
117.131.5.26 - - [29/Mar/2020:11:17:23 +0800] "GET /xingrg/system/rest/get_infos.html?command=menu_img_show&id=2084 HTTP/1.1" 200 5
183.192.164.214 - - [29/Mar/2020:11:17:24 +0800] "GET /xingrg/all/function/internal_message.html?_=1585451387355&CODE_STATE=getMsg HTTP/1.1" 302 -
120.204.17.70 - - [29/Mar/2020:11:17:25 +0800] "GET /xingrg/system/rest/get_infos.html?command=menu_img_show&id=2001 HTTP/1.1" 302 -
117.131.5.26 - - [29/Mar/2020:11:17:25 +0800] "GET /xingrg/system/rest/get_item.html?table=menu&target=menu_rest_detail&id=2084&sid=5&_=1585451845213 HTTP/1.1" 200 425
117.131.5.26 - - [29/Mar/2020:11:17:30 +0800] "POST /xingrg/system/rest/edit_item.html HTTP/1.1" 200 4
117.131.5.26 - - [29/Mar/2020:11:17:30 +0800] "GET /xingrg/system/rest/get_item.html?table=menu&target=menu_rest&id=2084&_=1585451850638 HTTP/1.1" 200 1236
120.204.17.70 - - [29/Mar/2020:11:17:30 +0800] "GET /xingrg/login.html HTTP/1.1" 200 7641
183.192.164.85 - - [29/Mar/2020:11:17:31 +0800] "GET /xingrg/system/rest/get_item.html?table=menu&id=2001&_=1585451780325 HTTP/1.1" 302 -
172.17.0.101 - - [29/Mar/2020:11:17:31 +0800] "GET /xingrg/all/function/internal_message.html?_=1585451851530&CODE_STATE=getMsg HTTP/1.1" 200 27
120.253.135.82 - - [29/Mar/2020:11:17:32 +0800] "GET /xingrg/check_reg.html?_=1585451599476 HTTP/1.1" 200 22
120.253.135.82 - - [29/Mar/2020:11:17:32 +0800] "GET /xingrg/all/function/internal_message.html?_=1585451599734&CODE_STATE=getMsg HTTP/1.1" 200 27
114.88.159.93 - - [29/Mar/2020:11:17:33 +0800] "GET /xingrg/all/function/internal_message.html?_=1585451571708&CODE_STATE=getMsg HTTP/1.1" 200 27
183.192.164.214 - - [29/Mar/2020:11:17:34 +0800] "GET /xingrg/login.html HTTP/1.1" 200 7641
120.204.17.68 - - [29/Mar/2020:11:17:35 +0800] "GET /xingrg/system/rest/get_item.html?table=menu&target=menu_rest_detail&id=2001&sid=5&_=1585451783331 HTTP/1.1" 302 -
183.192.164.85 - - [29/Mar/2020:11:17:36 +0800] "GET /xingrg/login.html HTTP/1.1" 200 7641
117.131.5.26 - - [29/Mar/2020:11:17:38 +0800] "GET /xingrg/system/rest/query_items.html?_=1585451858000&table=menu&page=1&rows=20&categoryId=4&key=XBC HTTP/1.1" 200 1196
117.184.7.30 - - [29/Mar/2020:11:17:38 +0800] "POST /xingrg/kc/buy/cgsh_order_operate.html HTTP/1.1" 200 37
222.69.131.116 - - [29/Mar/2020:11:17:38 +0800] "GET /xingrg/all/function/internal_message.html?_=1585451858736&CODE_STATE=getMsg HTTP/1.1" 200 27
117.184.7.30 - - [29/Mar/2020:11:17:38 +0800] "POST /xingrg/kc/buy/cgsh_order_operate.html HTTP/1.1" 200 2658
222.69.131.116 - - [29/Mar/2020:11:17:40 +0800] "GET /xingrg/check_reg.html?_=1585451860003 HTTP/1.1" 200 22
117.131.5.26 - - [29/Mar/2020:11:17:40 +0800] "GET /xingrg/system/rest/get_item.html?table=menu&id=1931&_=1585451860669 HTTP/1.1" 200 939
117.131.5.26 - - [29/Mar/2020:11:17:40 +0800] "GET /xingrg/system/rest/get_item.html?table=menu&target=menu_rest&id=1931&_=1585451860689 HTTP/1.1" 200 853
117.131.5.26 - - [29/Mar/2020:11:17:40 +0800] "GET /xingrg/system/rest/get_item.html?table=menu&target=cook_mode&id=1931&_=1585451860688 HTTP/1.1" 200 17346
180.156.150.85 - - [29/Mar/2020:11:17:41 +0800] "GET /xingrg/all/function/internal_message.html?_=1585451861285&CODE_STATE=getMsg HTTP/1.1" 200 27
180.156.150.85 - - [29/Mar/2020:11:17:41 +0800] "POST /xingrg/services/DataTransmitService HTTP/1.1" 200 524
180.156.150.85 - - [29/Mar/2020:11:17:41 +0800] "POST /xingrg/services/DataTransmitService HTTP/1.1" 200 2347
120.204.17.68 - - [29/Mar/2020:11:17:41 +0800] "GET /xingrg/login.html HTTP/1.1" 200 7641
117.131.5.26 - - [29/Mar/2020:11:17:41 +0800] "GET /xingrg/system/rest/get_infos.html?command=menu_img_show&id=1931 HTTP/1.1" 200 5
180.156.150.85 - - [29/Mar/2020:11:17:41 +0800] "POST /xingrg/services/DataTransmitService HTTP/1.1" 200 2299
180.156.150.85 - - [29/Mar/2020:11:17:42 +0800] "POST /xingrg/services/DataTransmitService HTTP/1.1" 200 1487
180.156.150.85 - - [29/Mar/2020:11:17:42 +0800] "POST /xingrg/services/DataTransmitService HTTP/1.1" 200 156495
117.131.5.26 - - [29/Mar/2020:11:17:43 +0800] "GET /xingrg/system/rest/get_item.html?table=menu&target=menu_rest_detail&id=1931&sid=5&_=1585451863458 HTTP/1.1" 200 437
120.204.17.71 - - [29/Mar/2020:11:17:45 +0800] "GET /xingrg/system/rest/query_items.html?_=1585451803010&table=menu&page=1&rows=20&categoryId=4&key=ZYP HTTP/1.1" 302 -
116.235.222.53 - - [29/Mar/2020:11:17:46 +0800] "GET /xingrg/all/function/internal_message.html?_=1585451866388&CODE_STATE=getMsg HTTP/1.1" 200 27
117.184.7.30 - - [29/Mar/2020:11:17:46 +0800] "GET /xingrg/all/function/internal_message.html?_=1585451865996&CODE_STATE=getMsg HTTP/1.1" 200 27
117.131.5.26 - - [29/Mar/2020:11:17:47 +0800] "GET /xingrg/all/function/internal_message.html?_=1585451867464&CODE_STATE=getMsg HTTP/1.1" 200 27
117.184.7.30 - - [29/Mar/2020:11:17:48 +0800] "GET /xingrg/kc/buy/cgsh_order_operate.html?command=get_materiel&rest_code=00108&code=00101010485&supplier_code=00100323&order_time=2020-03-29 HTTP/1.1" 200 422
117.131.5.26 - - [29/Mar/2020:11:17:49 +0800] "POST /xingrg/system/rest/edit_item.html HTTP/1.1" 200 4
117.131.5.26 - - [29/Mar/2020:11:17:49 +0800] "GET /xingrg/system/rest/get_item.html?table=menu&target=menu_rest&id=1931&_=1585451869035 HTTP/1.1" 200 853
183.192.164.85 - - [29/Mar/2020:11:17:50 +0800] "GET /xingrg/all/function/internal_message.html?_=1585451807450&CODE_STATE=getMsg HTTP/1.1" 302 -
120.204.17.71 - - [29/Mar/2020:11:17:50 +0800] "GET /xingrg/login.html HTTP/1.1" 200 7641
117.184.7.30 - - [29/Mar/2020:11:17:51 +0800] "POST /xingrg/all/common/load_select.html HTTP/1.1" 200 25
117.184.7.30 - - [29/Mar/2020:11:17:53 +0800] "GET /xingrg/kc/buy/cgsh_order_operate.html?command=get_materiel_price&rest_code=00108&code=00101010485&unit_code=00100112&supplier_code=00100323&order_time=2020-03-29 HTTP/1.1" 200 28
116.224.247.222 - - [29/Mar/2020:11:17:53 +0800] "GET /xingrg/all/function/internal_message.html?_=1585452052782&CODE_STATE=getMsg HTTP/1.1" 200 27
183.192.164.97 - - [29/Mar/2020:11:17:54 +0800] "GET /xingrg/system/rest/get_infos.html?command=menu_img_show&id=1965 HTTP/1.1" 302 -
114.84.33.255 - - [29/Mar/2020:11:17:55 +0800] "GET /xingrg/all/function/internal_message.html?_=1585451878115&CODE_STATE=getMsg HTTP/1.1" 200 27
183.192.164.85 - - [29/Mar/2020:11:17:56 +0800] "GET /xingrg/system/rest/query_items.html?_=1585451804717&table=menu&page=1&rows=20&categoryId=4&key=ZYP HTTP/1.1" 302 -
117.131.5.26 - - [29/Mar/2020:11:17:56 +0800] "GET /xingrg/system/rest/query_items.html?_=1585451876420&table=menu&page=1&rows=20&categoryId=4&key=DY HTTP/1.1" 200 3132
183.192.164.85 - - [29/Mar/2020:11:17:57 +0800] "GET /xingrg/login.html HTTP/1.1" 200 7641
117.131.5.26 - - [29/Mar/2020:11:17:58 +0800] "GET /xingrg/system/rest/query_items.html?_=1585451878024&table=menu&page=1&rows=20&categoryId=4&key=DY HTTP/1.1" 200 3132
117.131.5.26 - - [29/Mar/2020:11:17:59 +0800] "GET /xingrg/system/rest/get_item.html?table=menu&id=1932&_=1585451879046 HTTP/1.1" 200 938
117.131.5.26 - - [29/Mar/2020:11:17:59 +0800] "GET /xingrg/system/rest/get_item.html?table=menu&target=menu_rest&id=1932&_=1585451879055 HTTP/1.1" 200 756
117.131.5.26 - - [29/Mar/2020:11:17:59 +0800] "GET /xingrg/system/rest/get_item.html?table=menu&target=cook_mode&id=1932&_=1585451879053 HTTP/1.1" 200 14725
117.131.5.26 - - [29/Mar/2020:11:17:59 +0800] "GET /xingrg/system/rest/get_infos.html?command=menu_img_show&id=1932 HTTP/1.1" 200 5
222.70.183.62 - - [29/Mar/2020:11:18:00 +0800] "GET /xingrg/all/function/internal_message.html?_=1585452186395&CODE_STATE=getMsg HTTP/1.1" 200 27
222.70.183.62 - - [29/Mar/2020:11:18:01 +0800] "GET /xingrg/check_reg.html?_=1585452186662 HTTP/1.1" 200 22
117.185.32.26 - - [29/Mar/2020:11:18:01 +0800] "GET /xingrg/all/function/internal_message.html?_=1585451881116&CODE_STATE=getMsg HTTP/1.1" 200 27
183.192.164.85 - - [29/Mar/2020:11:18:01 +0800] "GET /xingrg/system/rest/get_item.html?table=menu&target=menu_rest_detail&id=1965&sid=5&_=1585451809266 HTTP/1.1" 302 -
117.131.5.26 - - [29/Mar/2020:11:18:02 +0800] "GET /xingrg/system/rest/get_item.html?table=menu&target=menu_rest_detail&id=1932&sid=5&_=1585451882698 HTTP/1.1" 200 425
183.192.164.97 - - [29/Mar/2020:11:18:04 +0800] "GET /xingrg/login.html HTTP/1.1" 200 7641
183.192.164.85 - - [29/Mar/2020:11:18:04 +0800] "GET /xingrg/login.html HTTP/1.1" 200 7641
183.192.164.85 - - [29/Mar/2020:11:18:06 +0800] "GET /xingrg/login.html HTTP/1.1" 200 7641
172.17.0.100 - - [29/Mar/2020:11:18:07 +0800] "GET /xingrg/all/function/internal_message.html?_=1585452075570&CODE_STATE=getMsg HTTP/1.1" 200 27
172.17.0.100 - - [29/Mar/2020:11:18:07 +0800] "GET /xingrg/check_reg.html?_=1585452075573 HTTP/1.1" 200 22
117.131.5.26 - - [29/Mar/2020:11:18:09 +0800] "POST /xingrg/system/rest/edit_item.html HTTP/1.1" 200 4
117.131.5.26 - - [29/Mar/2020:11:18:09 +0800] "GET /xingrg/system/rest/get_item.html?table=menu&target=menu_rest&id=1932&_=1585451889297 HTTP/1.1" 200 756
183.192.164.97 - - [29/Mar/2020:11:18:11 +0800] "GET /xingrg/system/rest/query_items.html?_=1585451820294&table=menu&page=1&rows=20&categoryId=4&key=HL HTTP/1.1" 302 -
222.70.183.62 - - [29/Mar/2020:11:18:12 +0800] "GET /xingrg/all/function/internal_message.html?_=1585451893427&CODE_STATE=getMsg HTTP/1.1" 302 -
183.192.164.85 - - [29/Mar/2020:11:18:13 +0800] "GET /xingrg/system/rest/get_item.html?table=menu&target=cook_mode&id=2054&_=1585451823456 HTTP/1.1" 302 -
183.192.164.85 - - [29/Mar/2020:11:18:13 +0800] "GET /xingrg/system/rest/get_item.html?table=menu&id=2054&_=1585451823451 HTTP/1.1" 302 -
114.86.229.141 - - [29/Mar/2020:11:18:14 +0800] "GET /xingrg/all/function/internal_message.html?_=1585451979421&CODE_STATE=getMsg HTTP/1.1" 200 27
117.131.5.26 - - [29/Mar/2020:11:18:14 +0800] "GET /xingrg/system/rest/query_items.html?_=1585451894635&table=menu&page=1&rows=20&categoryId=4&key=QX HTTP/1.1" 200 284
117.131.5.26 - - [29/Mar/2020:11:18:16 +0800] "GET /xingrg/system/rest/query_items.html?_=1585451896096&table=menu&page=1&rows=20&categoryId=4&key=QX HTTP/1.1" 200 284
183.192.164.214 - - [29/Mar/2020:11:18:17 +0800] "GET /xingrg/system/rest/get_item.html?table=menu&target=menu_rest_detail&id=2054&sid=5&_=1585451825874 HTTP/1.1" 302 -
117.131.5.26 - - [29/Mar/2020:11:18:17 +0800] "GET /xingrg/system/rest/get_item.html?table=menu&id=2014&_=1585451897171 HTTP/1.1" 200 970
117.131.5.26 - - [29/Mar/2020:11:18:17 +0800] "GET /xingrg/system/rest/get_item.html?table=menu&target=menu_rest&id=2014&_=1585451897178 HTTP/1.1" 200 779
117.131.5.26 - - [29/Mar/2020:11:18:17 +0800] "GET /xingrg/system/rest/get_item.html?table=menu&target=cook_mode&id=2014&_=1585451897177 HTTP/1.1" 200 14780
117.184.7.30 - - [29/Mar/2020:11:18:17 +0800] "POST /xingrg/kc/buy/cgsh_order_operate.html HTTP/1.1" 200 37
117.184.7.30 - - [29/Mar/2020:11:18:17 +0800] "POST /xingrg/kc/buy/cgsh_order_operate.html HTTP/1.1" 200 2675
117.131.5.26 - - [29/Mar/2020:11:18:18 +0800] "GET /xingrg/system/rest/get_infos.html?command=menu_img_show&id=2014 HTTP/1.1" 200 5
183.192.164.97 - - [29/Mar/2020:11:18:18 +0800] "GET /xingrg/login.html HTTP/1.1" 200 7641
117.184.7.30 - - [29/Mar/2020:11:18:20 +0800] "GET /xingrg/kc/print/load_data.html?order_code=212020032903570&kc_code=cgsh&condition= HTTP/1.1" 200 677
117.131.5.26 - - [29/Mar/2020:11:18:20 +0800] "GET /xingrg/system/rest/get_item.html?table=menu&target=menu_rest_detail&id=2014&sid=5&_=1585451900418 HTTP/1.1" 200 426
180.162.232.172 - - [29/Mar/2020:11:18:20 +0800] "GET /xingrg/all/function/internal_message.html?_=1585451901974&CODE_STATE=getMsg HTTP/1.1" 200 27
120.204.17.73 - - [29/Mar/2020:11:18:21 +0800] "GET /xingrg/system/rest/query_items.html?_=1585451822533&table=menu&page=1&rows=20&categoryId=4&key=HL HTTP/1.1" 302 -
183.192.164.214 - - [29/Mar/2020:11:18:21 +0800] "GET /xingrg/login.html HTTP/1.1" 200 7641
183.192.164.85 - - [29/Mar/2020:11:18:23 +0800] "GET /xingrg/login.html HTTP/1.1" 200 7641
183.192.164.85 - - [29/Mar/2020:11:18:23 +0800] "GET /xingrg/login.html HTTP/1.1" 200 7641
120.204.17.73 - - [29/Mar/2020:11:18:23 +0800] "GET /xingrg/login.html HTTP/1.1" 200 7641
117.131.5.26 - - [29/Mar/2020:11:18:24 +0800] "POST /xingrg/system/rest/edit_item.html HTTP/1.1" 200 4
117.131.5.26 - - [29/Mar/2020:11:18:24 +0800] "GET /xingrg/system/rest/get_item.html?table=menu&target=menu_rest&id=2014&_=1585451904729 HTTP/1.1" 200 780
183.192.164.214 - - [29/Mar/2020:11:18:28 +0800] "GET /xingrg/system/rest/get_item.html?table=menu&target=cook_mode&id=2084&_=1585451842395 HTTP/1.1" 302 -
172.17.0.101 - - [29/Mar/2020:11:18:31 +0800] "GET /xingrg/all/function/internal_message.html?_=1585451911532&CODE_STATE=getMsg HTTP/1.1" 200 27
120.253.135.82 - - [29/Mar/2020:11:18:32 +0800] "GET /xingrg/all/function/internal_message.html?_=1585451659764&CODE_STATE=getMsg HTTP/1.1" 200 27
114.88.159.93 - - [29/Mar/2020:11:18:33 +0800] "GET /xingrg/all/function/internal_message.html?_=1585451631707&CODE_STATE=getMsg HTTP/1.1" 200 27
183.192.164.214 - - [29/Mar/2020:11:18:35 +0800] "GET /xingrg/login.html HTTP/1.1" 200 7641
183.192.164.214 - - [29/Mar/2020:11:18:36 +0800] "GET /xingrg/system/rest/get_item.html?table=menu&id=2084&_=1585451842389 HTTP/1.1" 302 -
117.184.7.30 - - [29/Mar/2020:11:18:38 +0800] "GET /xingrg/kc/buy/cgsh_order_add.html HTTP/1.1" 200 57916
222.69.131.116 - - [29/Mar/2020:11:18:38 +0800] "GET /xingrg/all/function/internal_message.html?_=1585451918712&CODE_STATE=getMsg HTTP/1.1" 200 27
117.184.7.30 - - [29/Mar/2020:11:18:38 +0800] "POST /xingrg/kc/buy/cgsh_order_operate.html HTTP/1.1" 200 8245
117.184.7.30 - - [29/Mar/2020:11:18:38 +0800] "GET /xingrg/javascript/easyui/themes/default/validatebox.css HTTP/1.1" 404 1104
180.156.150.85 - - [29/Mar/2020:11:18:41 +0800] "GET /xingrg/all/function/internal_message.html?_=1585451921284&CODE_STATE=getMsg HTTP/1.1" 200 27
183.192.164.214 - - [29/Mar/2020:11:18:41 +0800] "GET /xingrg/login.html HTTP/1.1" 200 7641
116.235.222.53 - - [29/Mar/2020:11:18:46 +0800] "GET /xingrg/all/function/internal_message.html?_=1585451926375&CODE_STATE=getMsg HTTP/1.1" 200 27
117.184.7.30 - - [29/Mar/2020:11:18:46 +0800] "GET /xingrg/all/function/internal_message.html?_=1585451925976&CODE_STATE=getMsg HTTP/1.1" 200 27
117.131.5.26 - - [29/Mar/2020:11:18:47 +0800] "GET /xingrg/check_reg.html?_=1585451927172 HTTP/1.1" 200 22
117.131.5.26 - - [29/Mar/2020:11:18:47 +0800] "GET /xingrg/all/function/internal_message.html?_=1585451927478&CODE_STATE=getMsg HTTP/1.1" 200 27
120.204.17.73 - - [29/Mar/2020:11:18:48 +0800] "GET /xingrg/system/rest/get_infos.html?command=menu_img_show&id=1931 HTTP/1.1" 302 -
183.192.164.85 - - [29/Mar/2020:11:18:52 +0800] "GET /xingrg/system/rest/get_item.html?table=menu&id=1931&_=1585451860669 HTTP/1.1" 302 -
183.192.164.85 - - [29/Mar/2020:11:18:52 +0800] "GET /xingrg/system/rest/get_item.html?table=menu&target=menu_rest&id=2084&_=1585451850638 HTTP/1.1" 302 -
120.204.17.71 - - [29/Mar/2020:11:18:53 +0800] "GET /xingrg/system/rest/get_item.html?table=menu&target=menu_rest&id=1931&_=1585451869035 HTTP/1.1" 302 -
116.224.247.222 - - [29/Mar/2020:11:18:53 +0800] "GET /xingrg/all/function/internal_message.html?_=1585452113116&CODE_STATE=getMsg HTTP/1.1" 200 27
117.184.7.30 - - [29/Mar/2020:11:18:54 +0800] "GET /xingrg/kc/buy/cgsh_order_operate.html?command=get_materiel&rest_code=00108&code=00101001013&supplier_code=00100313&order_time=2020-03-29 HTTP/1.1" 200 415
183.192.164.85 - - [29/Mar/2020:11:18:55 +0800] "GET /xingrg/login.html HTTP/1.1" 200 7641
120.204.17.73 - - [29/Mar/2020:11:18:55 +0800] "GET /xingrg/login.html HTTP/1.1" 200 7641
114.84.33.255 - - [29/Mar/2020:11:18:55 +0800] "GET /xingrg/all/function/internal_message.html?_=1585451938485&CODE_STATE=getMsg HTTP/1.1" 200 27
183.192.164.85 - - [29/Mar/2020:11:18:58 +0800] "GET /xingrg/login.html HTTP/1.1" 200 7641
114.84.33.255 - - [29/Mar/2020:11:18:59 +0800] "GET /xingrg/check_reg.html?_=1585451941920 HTTP/1.1" 200 22
222.70.183.62 - - [29/Mar/2020:11:19:00 +0800] "GET /xingrg/all/function/internal_message.html?_=1585452246375&CODE_STATE=getMsg HTTP/1.1" 200 27
117.185.32.26 - - [29/Mar/2020:11:19:01 +0800] "GET /xingrg/all/function/internal_message.html?_=1585451941086&CODE_STATE=getMsg HTTP/1.1" 200 27
117.184.7.30 - - [29/Mar/2020:11:19:02 +0800] "GET /xingrg/kc/buy/cgsh_order_operate.html?command=get_materiel&rest_code=00108&code=00101001135&supplier_code=00100313&order_time=2020-03-29 HTTP/1.1" 200 413
120.204.17.71 - - [29/Mar/2020:11:19:03 +0800] "GET /xingrg/login.html HTTP/1.1" 200 7641
120.204.17.73 - - [29/Mar/2020:11:19:06 +0800] "GET /xingrg/all/function/internal_message.html?_=1585451867464&CODE_STATE=getMsg HTTP/1.1" 302 -
172.17.0.100 - - [29/Mar/2020:11:19:07 +0800] "GET /xingrg/all/function/internal_message.html?_=1585452135571&CODE_STATE=getMsg HTTP/1.1" 200 27
120.204.17.71 - - [29/Mar/2020:11:19:07 +0800] "GET /xingrg/system/rest/query_items.html?_=1585451876420&table=menu&page=1&rows=20&categoryId=4&key=DY HTTP/1.1" 302 -
120.204.17.73 - - [29/Mar/2020:11:19:09 +0800] "GET /xingrg/login.html HTTP/1.1" 200 7641
120.204.17.73 - - [29/Mar/2020:11:19:09 +0800] "GET /xingrg/system/rest/get_item.html?table=menu&target=menu_rest&id=1932&_=1585451879055 HTTP/1.1" 302 -
114.86.229.141 - - [29/Mar/2020:11:19:11 +0800] "GET /xingrg/check_reg.html?_=1585452039406 HTTP/1.1" 200 22
114.86.229.141 - - [29/Mar/2020:11:19:12 +0800] "GET /xingrg/all/function/internal_message.html?_=1585452039421&CODE_STATE=getMsg HTTP/1.1" 200 27
222.70.183.62 - - [29/Mar/2020:11:19:12 +0800] "GET /xingrg/all/function/internal_message.html?_=1585451953451&CODE_STATE=getMsg HTTP/1.1" 302 -
117.184.7.30 - - [29/Mar/2020:11:19:13 +0800] "GET /xingrg/kc/buy/cgsh_order_operate.html?command=get_materiel&rest_code=00108&code=00101001162&supplier_code=00100313&order_time=2020-03-29 HTTP/1.1" 200 415
120.204.17.71 - - [29/Mar/2020:11:19:14 +0800] "GET /xingrg/login.html HTTP/1.1" 200 7641
120.204.17.71 - - [29/Mar/2020:11:19:15 +0800] "GET /xingrg/system/rest/get_item.html?table=menu&target=menu_rest_detail&id=1932&sid=5&_=1585451882698 HTTP/1.1" 302 -
120.204.17.73 - - [29/Mar/2020:11:19:17 +0800] "GET /xingrg/login.html HTTP/1.1" 200 7641
117.184.7.30 - - [29/Mar/2020:11:19:20 +0800] "GET /xingrg/kc/buy/cgsh_order_operate.html?command=get_materiel&rest_code=00108&code=00101001022&supplier_code=00100313&order_time=2020-03-29 HTTP/1.1" 200 417
180.162.232.172 - - [29/Mar/2020:11:19:20 +0800] "GET /xingrg/all/function/internal_message.html?_=1585451961961&CODE_STATE=getMsg HTTP/1.1" 200 27
180.162.232.172 - - [29/Mar/2020:11:19:21 +0800] "GET /xingrg/check_reg.html?_=1585451962322 HTTP/1.1" 200 22
120.204.17.71 - - [29/Mar/2020:11:19:22 +0800] "GET /xingrg/login.html HTTP/1.1" 200 7641
120.204.17.70 - - [29/Mar/2020:11:19:23 +0800] "GET /xingrg/system/rest/get_item.html?table=menu&id=1932&_=1585451879046 HTTP/1.1" 302 -
183.192.164.85 - - [29/Mar/2020:11:19:24 +0800] "GET /xingrg/system/rest/query_items.html?_=1585451894635&table=menu&page=1&rows=20&categoryId=4&key=QX HTTP/1.1" 302 -
120.204.17.71 - - [29/Mar/2020:11:19:27 +0800] "GET /xingrg/system/rest/get_item.html?table=menu&target=menu_rest&id=2014&_=1585451897178 HTTP/1.1" 302 -
117.184.7.30 - - [29/Mar/2020:11:19:27 +0800] "GET /xingrg/kc/buy/cgsh_order_operate.html?command=get_materiel&rest_code=00108&code=00101001016&supplier_code=00100313&order_time=2020-03-29 HTTP/1.1" 200 415
120.204.17.70 - - [29/Mar/2020:11:19:28 +0800] "GET /xingrg/login.html HTTP/1.1" 200 7641
183.192.164.85 - - [29/Mar/2020:11:19:29 +0800] "GET /xingrg/system/rest/get_item.html?table=menu&target=menu_rest_detail&id=2014&sid=5&_=1585451900418 HTTP/1.1" 302 -
183.192.164.85 - - [29/Mar/2020:11:19:30 +0800] "GET /xingrg/login.html HTTP/1.1" 200 7641
172.17.0.101 - - [29/Mar/2020:11:19:31 +0800] "GET /xingrg/all/function/internal_message.html?_=1585451971535&CODE_STATE=getMsg HTTP/1.1" 200 27
183.192.164.85 - - [29/Mar/2020:11:19:32 +0800] "GET /xingrg/system/rest/get_item.html?table=menu&id=2014&_=1585451897171 HTTP/1.1" 302 -
120.253.135.82 - - [29/Mar/2020:11:19:32 +0800] "GET /xingrg/all/function/internal_message.html?_=1585451719777&CODE_STATE=getMsg HTTP/1.1" 200 27
183.192.164.85 - - [29/Mar/2020:11:19:32 +0800] "GET /xingrg/login.html HTTP/1.1" 200 7641
114.88.159.93 - - [29/Mar/2020:11:19:33 +0800] "GET /xingrg/all/function/internal_message.html?_=1585451691731&CODE_STATE=getMsg HTTP/1.1" 200 27
117.184.7.30 - - [29/Mar/2020:11:19:33 +0800] "GET /xingrg/kc/buy/cgsh_order_operate.html?command=get_materiel&rest_code=00108&code=00101008296&supplier_code=00100313&order_time=2020-03-29 HTTP/1.1" 200 416
183.192.164.85 - - [29/Mar/2020:11:19:34 +0800] "GET /xingrg/login.html HTTP/1.1" 200 7641
120.204.17.71 - - [29/Mar/2020:11:19:35 +0800] "GET /xingrg/login.html HTTP/1.1" 200 7641
120.204.17.71 - - [29/Mar/2020:11:19:37 +0800] "GET /xingrg/system/rest/get_item.html?table=menu&target=menu_rest&id=2014&_=1585451904729 HTTP/1.1" 302 -
222.69.131.116 - - [29/Mar/2020:11:19:38 +0800] "GET /xingrg/all/function/internal_message.html?_=1585451978683&CODE_STATE=getMsg HTTP/1.1" 200 27
180.156.150.85 - - [29/Mar/2020:11:19:41 +0800] "GET /xingrg/all/function/internal_message.html?_=1585451981286&CODE_STATE=getMsg HTTP/1.1" 200 27
120.204.17.71 - - [29/Mar/2020:11:19:44 +0800] "GET /xingrg/login.html HTTP/1.1" 200 7641
116.235.222.53 - - [29/Mar/2020:11:19:46 +0800] "GET /xingrg/all/function/internal_message.html?_=1585451986369&CODE_STATE=getMsg HTTP/1.1" 200 27
117.184.7.30 - - [29/Mar/2020:11:19:46 +0800] "GET /xingrg/all/function/internal_message.html?_=1585451985948&CODE_STATE=getMsg HTTP/1.1" 200 27
117.184.7.30 - - [29/Mar/2020:11:19:47 +0800] "GET /xingrg/kc/buy/cgsh_order_operate.html?command=get_materiel&rest_code=00108&code=00101001142&supplier_code=00100313&order_time=2020-03-29 HTTP/1.1" 200 413
117.131.5.26 - - [29/Mar/2020:11:19:47 +0800] "GET /xingrg/all/function/internal_message.html?_=1585451987491&CODE_STATE=getMsg HTTP/1.1" 200 27
116.224.247.222 - - [29/Mar/2020:11:19:53 +0800] "GET /xingrg/all/function/internal_message.html?_=1585452173121&CODE_STATE=getMsg HTTP/1.1" 200 27
114.84.33.255 - - [29/Mar/2020:11:19:55 +0800] "GET /xingrg/all/function/internal_message.html?_=1585451998489&CODE_STATE=getMsg HTTP/1.1" 200 27
222.70.183.62 - - [29/Mar/2020:11:19:57 +0800] "GET /xingrg/check_reg.html?_=1585451997775 HTTP/1.1" 302 -
117.184.7.30 - - [29/Mar/2020:11:19:59 +0800] "GET /xingrg/kc/buy/cgsh_order_operate.html?command=get_materiel&rest_code=00108&code=00102026001&supplier_code=00100313&order_time=2020-03-29 HTTP/1.1" 200 409
117.131.5.26 - - [29/Mar/2020:11:19:59 +0800] "POST /xingrg/services/DataTransmitService HTTP/1.1" 200 524
117.131.5.26 - - [29/Mar/2020:11:19:59 +0800] "POST /xingrg/services/DataTransmitService HTTP/1.1" 200 2307
117.131.5.26 - - [29/Mar/2020:11:19:59 +0800] "POST /xingrg/services/DataTransmitService HTTP/1.1" 200 2355
117.131.5.26 - - [29/Mar/2020:11:19:59 +0800] "POST /xingrg/services/DataTransmitService HTTP/1.1" 200 1515
222.70.183.62 - - [29/Mar/2020:11:20:00 +0800] "GET /xingrg/all/function/internal_message.html?_=1585452306345&CODE_STATE=getMsg HTTP/1.1" 200 27
117.131.5.26 - - [29/Mar/2020:11:20:00 +0800] "POST /xingrg/services/DataTransmitService HTTP/1.1" 200 315231
117.185.32.26 - - [29/Mar/2020:11:20:00 +0800] "GET /xingrg/check_reg.html?_=1585452000561 HTTP/1.1" 200 22
117.185.32.26 - - [29/Mar/2020:11:20:01 +0800] "GET /xingrg/all/function/internal_message.html?_=1585452001055&CODE_STATE=getMsg HTTP/1.1" 200 27
172.17.0.100 - - [29/Mar/2020:11:20:07 +0800] "GET /xingrg/all/function/internal_message.html?_=1585452195573&CODE_STATE=getMsg HTTP/1.1" 200 27
183.192.164.214 - - [29/Mar/2020:11:20:09 +0800] "GET /xingrg/all/function/internal_message.html?_=1585451927478&CODE_STATE=getMsg HTTP/1.1" 302 -
114.86.229.141 - - [29/Mar/2020:11:20:09 +0800] "GET /xingrg/all/function/internal_message.html?_=1585452099421&CODE_STATE=getMsg HTTP/1.1" 200 27
183.192.164.214 - - [29/Mar/2020:11:20:12 +0800] "GET /xingrg/login.html HTTP/1.1" 200 7641
222.70.183.62 - - [29/Mar/2020:11:20:12 +0800] "GET /xingrg/all/function/internal_message.html?_=1585452013455&CODE_STATE=getMsg HTTP/1.1" 302 -
180.162.232.172 - - [29/Mar/2020:11:20:20 +0800] "GET /xingrg/all/function/internal_message.html?_=1585452021943&CODE_STATE=getMsg HTTP/1.1" 200 27
117.184.7.30 - - [29/Mar/2020:11:20:28 +0800] "POST /xingrg/kc/buy/cgsh_order_operate.html HTTP/1.1" 200 37
117.184.7.30 - - [29/Mar/2020:11:20:28 +0800] "POST /xingrg/kc/buy/cgsh_order_operate.html HTTP/1.1" 200 6843
117.184.7.30 - - [29/Mar/2020:11:20:30 +0800] "POST /xingrg/kc/buy/cgsh_order_operate.html HTTP/1.1" 200 37
117.184.7.30 - - [29/Mar/2020:11:20:30 +0800] "POST /xingrg/kc/buy/cgsh_order_operate.html HTTP/1.1" 200 6843
172.17.0.101 - - [29/Mar/2020:11:20:31 +0800] "GET /xingrg/check_reg.html?_=1585452031541 HTTP/1.1" 200 22
172.17.0.101 - - [29/Mar/2020:11:20:31 +0800] "GET /xingrg/all/function/internal_message.html?_=1585452031538&CODE_STATE=getMsg HTTP/1.1" 200 27
120.253.135.82 - - [29/Mar/2020:11:20:32 +0800] "GET /xingrg/all/function/internal_message.html?_=1585451779805&CODE_STATE=getMsg HTTP/1.1" 200 27
114.88.159.93 - - [29/Mar/2020:11:20:33 +0800] "GET /xingrg/all/function/internal_message.html?_=1585451751726&CODE_STATE=getMsg HTTP/1.1" 200 27
117.184.7.30 - - [29/Mar/2020:11:20:33 +0800] "GET /xingrg/kc/print/load_data.html?order_code=212020032903571&kc_code=cgsh&condition= HTTP/1.1" 200 2272
222.69.131.116 - - [29/Mar/2020:11:20:38 +0800] "GET /xingrg/all/function/internal_message.html?_=1585452038654&CODE_STATE=getMsg HTTP/1.1" 200 27
180.156.150.85 - - [29/Mar/2020:11:20:41 +0800] "GET /xingrg/all/function/internal_message.html?_=1585452041286&CODE_STATE=getMsg HTTP/1.1" 200 27
116.235.222.53 - - [29/Mar/2020:11:20:46 +0800] "GET /xingrg/all/function/internal_message.html?_=1585452046344&CODE_STATE=getMsg HTTP/1.1" 200 27
117.184.7.30 - - [29/Mar/2020:11:20:46 +0800] "GET /xingrg/all/function/internal_message.html?_=1585452045926&CODE_STATE=getMsg HTTP/1.1" 200 27
117.184.7.30 - - [29/Mar/2020:11:20:46 +0800] "GET /xingrg/check_reg.html?_=1585452046037 HTTP/1.1" 200 22
117.131.5.26 - - [29/Mar/2020:11:20:47 +0800] "GET /xingrg/all/function/internal_message.html?_=1585452047511&CODE_STATE=getMsg HTTP/1.1" 200 27
116.224.247.222 - - [29/Mar/2020:11:20:51 +0800] "GET /xingrg/check_reg.html?_=1585452230555 HTTP/1.1" 200 22
116.224.247.222 - - [29/Mar/2020:11:20:53 +0800] "GET /xingrg/all/function/internal_message.html?_=1585452233135&CODE_STATE=getMsg HTTP/1.1" 200 27
117.184.7.30 - - [29/Mar/2020:11:20:54 +0800] "GET /xingrg/kc/buy/cgsh_order_add.html HTTP/1.1" 200 57916
183.192.164.90 - - [29/Mar/2020:11:20:54 +0800] "GET /xingrg/all/function/internal_message.html?_=1585451987491&CODE_STATE=getMsg HTTP/1.1" 302 -
117.184.7.30 - - [29/Mar/2020:11:20:54 +0800] "POST /xingrg/kc/buy/cgsh_order_operate.html HTTP/1.1" 200 8245
117.184.7.30 - - [29/Mar/2020:11:20:54 +0800] "GET /xingrg/javascript/easyui/themes/default/validatebox.css HTTP/1.1" 404 1104
114.84.33.255 - - [29/Mar/2020:11:20:55 +0800] "GET /xingrg/all/function/internal_message.html?_=1585452058500&CODE_STATE=getMsg HTTP/1.1" 200 27
183.192.164.90 - - [29/Mar/2020:11:20:58 +0800] "GET /xingrg/login.html HTTP/1.1" 200 7641
222.70.183.62 - - [29/Mar/2020:11:21:00 +0800] "GET /xingrg/all/function/internal_message.html?_=1585452366326&CODE_STATE=getMsg HTTP/1.1" 200 27
117.185.32.26 - - [29/Mar/2020:11:21:01 +0800] "GET /xingrg/all/function/internal_message.html?_=1585452061030&CODE_STATE=getMsg HTTP/1.1" 200 27
172.17.0.100 - - [29/Mar/2020:11:21:07 +0800] "GET /xingrg/all/function/internal_message.html?_=1585452255576&CODE_STATE=getMsg HTTP/1.1" 200 27
114.86.229.141 - - [29/Mar/2020:11:21:07 +0800] "GET /xingrg/all/function/internal_message.html?_=1585452159421&CODE_STATE=getMsg HTTP/1.1" 200 27
117.184.7.30 - - [29/Mar/2020:11:21:09 +0800] "GET /xingrg/kc/buy/cgsh_order_operate.html?command=get_materiel&rest_code=00108&code=00101004038&supplier_code=00100347&order_time=2020-03-29 HTTP/1.1" 200 409
117.131.5.26 - - [29/Mar/2020:11:21:11 +0800] "POST /xingrg/services/DataTransmitService HTTP/1.1" 200 524
117.131.5.26 - - [29/Mar/2020:11:21:11 +0800] "POST /xingrg/services/DataTransmitService HTTP/1.1" 200 2307
222.70.183.62 - - [29/Mar/2020:11:21:12 +0800] "GET /xingrg/all/function/internal_message.html?_=1585452073482&CODE_STATE=getMsg HTTP/1.1" 302 -
117.184.7.30 - - [29/Mar/2020:11:21:15 +0800] "GET /xingrg/kc/buy/cgsh_order_operate.html?command=get_materiel&rest_code=00108&code=00101019126&supplier_code=00100347&order_time=2020-03-29 HTTP/1.1" 200 438
117.184.7.30 - - [29/Mar/2020:11:21:20 +0800] "GET /xingrg/kc/buy/cgsh_order_operate.html?command=get_materiel&rest_code=00108&code=00101005022&supplier_code=00100347&order_time=2020-03-29 HTTP/1.1" 200 419
180.162.232.172 - - [29/Mar/2020:11:21:20 +0800] "GET /xingrg/all/function/internal_message.html?_=1585452081919&CODE_STATE=getMsg HTTP/1.1" 200 27
117.184.7.30 - - [29/Mar/2020:11:21:30 +0800] "POST /xingrg/kc/buy/cgsh_order_operate.html HTTP/1.1" 200 37
117.184.7.30 - - [29/Mar/2020:11:21:30 +0800] "POST /xingrg/kc/buy/cgsh_order_operate.html HTTP/1.1" 200 3257
172.17.0.101 - - [29/Mar/2020:11:21:31 +0800] "GET /xingrg/all/function/internal_message.html?_=1585452091542&CODE_STATE=getMsg HTTP/1.1" 200 27
120.253.135.82 - - [29/Mar/2020:11:21:32 +0800] "GET /xingrg/all/function/internal_message.html?_=1585451839820&CODE_STATE=getMsg HTTP/1.1" 200 27
114.88.159.93 - - [29/Mar/2020:11:21:33 +0800] "GET /xingrg/all/function/internal_message.html?_=1585451811725&CODE_STATE=getMsg HTTP/1.1" 200 27
114.88.159.93 - - [29/Mar/2020:11:21:33 +0800] "GET /xingrg/check_reg.html?_=1585451811727 HTTP/1.1" 200 22
117.184.7.30 - - [29/Mar/2020:11:21:33 +0800] "GET /xingrg/kc/print/load_data.html?order_code=212020032903572&kc_code=cgsh&condition= HTTP/1.1" 200 880
222.69.131.116 - - [29/Mar/2020:11:21:38 +0800] "GET /xingrg/all/function/internal_message.html?_=1585452098639&CODE_STATE=getMsg HTTP/1.1" 200 27
180.156.150.85 - - [29/Mar/2020:11:21:41 +0800] "GET /xingrg/check_reg.html?_=1585452101274 HTTP/1.1" 200 22
180.156.150.85 - - [29/Mar/2020:11:21:41 +0800] "GET /xingrg/all/function/internal_message.html?_=1585452101276&CODE_STATE=getMsg HTTP/1.1" 200 27
116.235.222.53 - - [29/Mar/2020:11:21:45 +0800] "GET /xingrg/check_reg.html?_=1585452106117 HTTP/1.1" 200 22
116.235.222.53 - - [29/Mar/2020:11:21:46 +0800] "GET /xingrg/all/function/internal_message.html?_=1585452106327&CODE_STATE=getMsg HTTP/1.1" 200 27
117.184.7.30 - - [29/Mar/2020:11:21:46 +0800] "GET /xingrg/all/function/internal_message.html?_=1585452105902&CODE_STATE=getMsg HTTP/1.1" 200 27
117.131.5.26 - - [29/Mar/2020:11:21:47 +0800] "GET /xingrg/all/function/internal_message.html?_=1585452107519&CODE_STATE=getMsg HTTP/1.1" 200 27
114.86.229.141 - - [29/Mar/2020:11:21:51 +0800] "GET /xingrg/javascript/jquery_easy_ui/themes/icons/rest.png HTTP/1.1" 200 695
114.86.229.141 - - [29/Mar/2020:11:21:51 +0800] "GET /xingrg/javascript/jquery_easy_ui/themes/icons/area.png HTTP/1.1" 200 262
120.204.17.71 - - [29/Mar/2020:11:21:51 +0800] "GET /xingrg/all/function/internal_message.html?_=1585452047511&CODE_STATE=getMsg HTTP/1.1" 302 -
114.86.229.141 - - [29/Mar/2020:11:21:53 +0800] "GET /xingrg/kc/base/base_main.html HTTP/1.1" 200 12142
116.224.247.222 - - [29/Mar/2020:11:21:53 +0800] "GET /xingrg/all/function/internal_message.html?_=1585452293149&CODE_STATE=getMsg HTTP/1.1" 200 27
114.86.229.141 - - [29/Mar/2020:11:21:54 +0800] "GET /xingrg/kc/base/yddb_order_list.html HTTP/1.1" 200 16858
114.86.229.141 - - [29/Mar/2020:11:21:54 +0800] "POST /xingrg/kc/base/yddb_list_operate.html HTTP/1.1" 200 1217
114.84.33.255 - - [29/Mar/2020:11:21:56 +0800] "GET /xingrg/all/function/internal_message.html?_=1585452118870&CODE_STATE=getMsg HTTP/1.1" 200 27
117.184.7.30 - - [29/Mar/2020:11:21:56 +0800] "POST /xingrg/kc/buy/cgsh_list_operate.html HTTP/1.1" 200 4521
114.86.229.141 - - [29/Mar/2020:11:21:57 +0800] "POST /xingrg/kc/base/yddb_list_operate.html HTTP/1.1" 200 7561
114.86.229.141 - - [29/Mar/2020:11:21:58 +0800] "POST /xingrg/kc/base/yddb_list_operate.html HTTP/1.1" 200 205
120.204.17.71 - - [29/Mar/2020:11:21:59 +0800] "GET /xingrg/login.html HTTP/1.1" 200 7641
114.86.229.141 - - [29/Mar/2020:11:22:00 +0800] "POST /xingrg/kc/base/yddb_list_operate.html HTTP/1.1" 200 205
222.70.183.62 - - [29/Mar/2020:11:22:00 +0800] "GET /xingrg/all/function/internal_message.html?_=1585452426306&CODE_STATE=getMsg HTTP/1.1" 200 27
117.185.32.26 - - [29/Mar/2020:11:22:01 +0800] "GET /xingrg/all/function/internal_message.html?_=1585452121010&CODE_STATE=getMsg HTTP/1.1" 200 27
114.86.229.141 - - [29/Mar/2020:11:22:03 +0800] "GET /xingrg/kc/buy/buy_main.html HTTP/1.1" 200 12412
114.86.229.141 - - [29/Mar/2020:11:22:03 +0800] "GET /xingrg/css/new_ie.css HTTP/1.1" 404 1036
114.86.229.141 - - [29/Mar/2020:11:22:03 +0800] "GET /xingrg/javascript/jquery_ui/jquery-ui.min.js HTTP/1.1" 200 186181
114.86.229.141 - - [29/Mar/2020:11:22:03 +0800] "GET /xingrg/javascript/jquery_ui/themes/humanity/humanity.css HTTP/1.1" 200 27801
114.86.229.141 - - [29/Mar/2020:11:22:03 +0800] "GET /xingrg/images/blue/button/cgxqd.gif HTTP/1.1" 200 2619
114.86.229.141 - - [29/Mar/2020:11:22:03 +0800] "GET /xingrg/images/blue/button/cgydd.gif HTTP/1.1" 200 2712
114.86.229.141 - - [29/Mar/2020:11:22:03 +0800] "GET /xingrg/images/blue/button/cgshd.gif HTTP/1.1" 200 2618
114.86.229.141 - - [29/Mar/2020:11:22:03 +0800] "GET /xingrg/images/blue/button/cgfkd.gif HTTP/1.1" 200 2075
114.86.229.141 - - [29/Mar/2020:11:22:03 +0800] "GET /xingrg/javascript/jquery_ui/themes/humanity/images/ui-bg_inset-soft_100_f4f0ec_1x100.png HTTP/1.1" 200 141
114.86.229.141 - - [29/Mar/2020:11:22:03 +0800] "GET /xingrg/images/blue/button/ckthd.gif HTTP/1.1" 200 2045
114.86.229.141 - - [29/Mar/2020:11:22:03 +0800] "GET /xingrg/images/blue/button/down_ah.jpg HTTP/1.1" 200 1732
114.86.229.141 - - [29/Mar/2020:11:22:03 +0800] "GET /xingrg/javascript/jquery_ui/themes/humanity/images/ui-iconsnew.jpg HTTP/1.1" 200 337
114.86.229.141 - - [29/Mar/2020:11:22:03 +0800] "GET /xingrg/javascript/jquery_ui/themes/humanity/images/ui-icons_ffffff_256x240.png HTTP/1.1" 200 4369
114.86.229.141 - - [29/Mar/2020:11:22:03 +0800] "GET /xingrg/javascript/jquery_ui/themes/humanity/images/ui-icons_c47a23_256x240.png HTTP/1.1" 200 5355
114.86.229.141 - - [29/Mar/2020:11:22:03 +0800] "GET /xingrg/javascript/jquery_ui/themes/humanity/images/ui-bg_glass_70_ede4d4_1x400.png HTTP/1.1" 200 161
114.86.229.141 - - [29/Mar/2020:11:22:03 +0800] "GET /xingrg/images/yd/bt.gif HTTP/1.1" 404 1040
114.86.229.141 - - [29/Mar/2020:11:22:04 +0800] "GET /xingrg/kc/buy/cgsh_order_list.html HTTP/1.1" 200 42298
