114.84.33.255 - - [29/Mar/2020:10:44:39 +0800] "GET /xingrg/system/rest/query_items.html?_=1585449887788&table=menu&page=1&rows=20&categoryId=&key=2054 HTTP/1.1" 200 298
114.84.33.255 - - [29/Mar/2020:10:44:40 +0800] "GET /xingrg/system/rest/get_item.html?table=menu&id=2054&_=1585449888318 HTTP/1.1" 200 1006
114.84.33.255 - - [29/Mar/2020:10:44:40 +0800] "GET /xingrg/system/rest/get_item.html?table=menu&target=menu_rest&id=2054&_=1585449888336 HTTP/1.1" 200 868
114.84.33.255 - - [29/Mar/2020:10:44:40 +0800] "GET /xingrg/system/rest/get_item.html?table=menu&target=cook_mode&id=2054&_=1585449888334 HTTP/1.1" 200 10645
116.224.247.222 - - [29/Mar/2020:10:44:40 +0800] "POST /xingrg/kc/buy/cgsh_order_operate.html HTTP/1.1" 200 37
114.84.33.255 - - [29/Mar/2020:10:44:40 +0800] "GET /xingrg/system/rest/get_infos.html?command=menu_img_show&id=2054 HTTP/1.1" 200 5
180.156.150.85 - - [29/Mar/2020:10:44:41 +0800] "GET /xingrg/all/function/internal_message.html?_=1585449881225&CODE_STATE=getMsg HTTP/1.1" 200 27
183.192.164.97 - - [29/Mar/2020:10:44:41 +0800] "GET /xingrg/all/function/internal_message.html?_=1585449812914&CODE_STATE=getMsg HTTP/1.1" 302 -
116.224.247.222 - - [29/Mar/2020:10:44:42 +0800] "POST /xingrg/kc/buy/cgsh_order_operate.html HTTP/1.1" 200 12
114.84.33.255 - - [29/Mar/2020:10:44:42 +0800] "GET /xingrg/system/rest/get_item.html?table=menu&target=menu_rest_detail&id=2054&sid=12&_=1585449891184 HTTP/1.1" 200 427
116.224.247.222 - - [29/Mar/2020:10:44:43 +0800] "GET /xingrg/kc/buy/cgsh_order_info.html?code=212020032903539 HTTP/1.1" 200 52725
116.224.247.222 - - [29/Mar/2020:10:44:44 +0800] "GET /xingrg/javascript/easyui/themes/default/validatebox.css HTTP/1.1" 404 1104
116.224.247.222 - - [29/Mar/2020:10:44:45 +0800] "POST /xingrg/kc/buy/cgsh_order_operate.html HTTP/1.1" 200 10065
117.184.7.26 - - [29/Mar/2020:10:44:46 +0800] "GET /xingrg/all/function/internal_message.html?_=1585449885861&CODE_STATE=getMsg HTTP/1.1" 200 27
116.235.222.53 - - [29/Mar/2020:10:44:46 +0800] "GET /xingrg/all/function/internal_message.html?_=1585449886746&CODE_STATE=getMsg HTTP/1.1" 200 27
116.224.247.222 - - [29/Mar/2020:10:44:47 +0800] "GET /xingrg/kc/print/load_data.html?order_code=212020032903539&kc_code=cgsh&condition= HTTP/1.1" 200 4300
183.192.164.97 - - [29/Mar/2020:10:44:48 +0800] "GET /xingrg/login.html HTTP/1.1" 200 7641
222.70.183.62 - - [29/Mar/2020:10:44:49 +0800] "GET /xingrg/kc/buy/cgsh_order_operate.html?command=get_materiel&rest_code=00111&code=00101007032&supplier_code=00100328&order_time=2020-03-29 HTTP/1.1" 200 432
114.84.33.255 - - [29/Mar/2020:10:44:50 +0800] "GET /xingrg/all/function/internal_message.html?_=1585449893127&CODE_STATE=getMsg HTTP/1.1" 200 27
114.84.33.255 - - [29/Mar/2020:10:44:51 +0800] "POST /xingrg/system/rest/edit_item.html HTTP/1.1" 200 4
114.84.33.255 - - [29/Mar/2020:10:44:51 +0800] "GET /xingrg/system/rest/get_item.html?table=menu&target=menu_rest&id=2054&_=1585449899262 HTTP/1.1" 200 868
222.70.183.62 - - [29/Mar/2020:10:44:56 +0800] "POST /xingrg/services/DataTransmitService HTTP/1.1" 401 565
222.70.183.62 - - [29/Mar/2020:10:44:56 +0800] "POST /xingrg/services/DataTransmitService HTTP/1.1" 200 478
222.70.183.62 - - [29/Mar/2020:10:44:56 +0800] "POST /xingrg/services/DataTransmitService HTTP/1.1" 200 1320
222.70.183.62 - - [29/Mar/2020:10:44:56 +0800] "POST /xingrg/services/DataTransmitService HTTP/1.1" 200 478
222.70.183.62 - - [29/Mar/2020:10:44:56 +0800] "POST /xingrg/services/DataTransmitService HTTP/1.1" 200 1320
222.70.183.62 - - [29/Mar/2020:10:44:56 +0800] "POST /xingrg/services/DataTransmitService HTTP/1.1" 200 524
222.70.183.62 - - [29/Mar/2020:10:44:56 +0800] "POST /xingrg/services/DataTransmitService HTTP/1.1" 200 2423
222.70.183.62 - - [29/Mar/2020:10:44:56 +0800] "POST /xingrg/services/DataTransmitService HTTP/1.1" 200 2295
222.70.183.62 - - [29/Mar/2020:10:44:57 +0800] "POST /xingrg/services/DataTransmitService HTTP/1.1" 200 1471
222.70.183.62 - - [29/Mar/2020:10:44:57 +0800] "GET /xingrg/check_reg.html?_=1585449897709 HTTP/1.1" 302 -
222.70.183.62 - - [29/Mar/2020:10:44:57 +0800] "POST /xingrg/services/DataTransmitService HTTP/1.1" 200 39563
222.70.183.62 - - [29/Mar/2020:10:44:57 +0800] "POST /xingrg/services/DataTransmitService HTTP/1.1" 200 18477
114.84.33.255 - - [29/Mar/2020:10:44:59 +0800] "GET /xingrg/all/function/internal_message.html?_=1585449907582&CODE_STATE=getMsg HTTP/1.1" 200 27
116.224.247.222 - - [29/Mar/2020:10:45:00 +0800] "GET /xingrg/check_reg.html?_=1585450079673 HTTP/1.1" 200 22
222.70.183.62 - - [29/Mar/2020:10:45:01 +0800] "GET /xingrg/all/function/internal_message.html?_=1585450206698&CODE_STATE=getMsg HTTP/1.1" 200 27
114.84.33.255 - - [29/Mar/2020:10:45:02 +0800] "GET /xingrg/system/rest/query_items.html?_=1585449910510&table=menu&page=1&rows=20&categoryId=&key=fzmj HTTP/1.1" 200 764
114.84.33.255 - - [29/Mar/2020:10:45:03 +0800] "GET /xingrg/system/rest/query_items.html?_=1585449912093&table=menu&page=1&rows=20&categoryId=&key=fzmj HTTP/1.1" 200 764
222.70.183.62 - - [29/Mar/2020:10:45:03 +0800] "POST /xingrg/kc/buy/cgsh_order_operate.html HTTP/1.1" 200 37
114.84.33.255 - - [29/Mar/2020:10:45:04 +0800] "GET /xingrg/system/rest/get_item.html?table=menu&id=2084&_=1585449912752 HTTP/1.1" 200 971
114.84.33.255 - - [29/Mar/2020:10:45:04 +0800] "GET /xingrg/system/rest/get_item.html?table=menu&target=menu_rest&id=2084&_=1585449912779 HTTP/1.1" 200 1236
114.84.33.255 - - [29/Mar/2020:10:45:04 +0800] "GET /xingrg/system/rest/get_item.html?table=menu&target=cook_mode&id=2084&_=1585449912776 HTTP/1.1" 200 9370
222.70.183.62 - - [29/Mar/2020:10:45:04 +0800] "POST /xingrg/kc/buy/cgsh_order_operate.html HTTP/1.1" 200 2658
114.84.33.255 - - [29/Mar/2020:10:45:04 +0800] "GET /xingrg/system/rest/get_infos.html?command=menu_img_show&id=2084 HTTP/1.1" 200 5
222.70.183.62 - - [29/Mar/2020:10:45:05 +0800] "GET /xingrg/kc/print/load_data.html?order_code=212020032903541&kc_code=cgsh&condition= HTTP/1.1" 200 671
172.17.0.100 - - [29/Mar/2020:10:45:07 +0800] "GET /xingrg/all/function/internal_message.html?_=1585450095562&CODE_STATE=getMsg HTTP/1.1" 200 27
117.184.7.26 - - [29/Mar/2020:10:45:07 +0800] "POST /xingrg/kc/buy/cgsh_order_operate.html HTTP/1.1" 200 37
117.184.7.26 - - [29/Mar/2020:10:45:08 +0800] "POST /xingrg/kc/buy/cgsh_order_operate.html HTTP/1.1" 200 10383
114.84.33.255 - - [29/Mar/2020:10:45:09 +0800] "GET /xingrg/system/rest/get_item.html?table=menu&target=menu_rest_detail&id=2084&sid=12&_=1585449917890 HTTP/1.1" 200 426
117.184.7.26 - - [29/Mar/2020:10:45:10 +0800] "POST /xingrg/kc/buy/cgsh_order_operate.html HTTP/1.1" 200 37
117.184.7.26 - - [29/Mar/2020:10:45:11 +0800] "POST /xingrg/kc/buy/cgsh_order_operate.html HTTP/1.1" 200 10383
222.70.183.62 - - [29/Mar/2020:10:45:11 +0800] "GET /xingrg/kc/buy/cgsh_order_add.html HTTP/1.1" 200 57907
222.70.183.62 - - [29/Mar/2020:10:45:11 +0800] "GET /xingrg/javascript/easyui/themes/default/validatebox.css HTTP/1.1" 404 1104
222.70.183.62 - - [29/Mar/2020:10:45:11 +0800] "POST /xingrg/kc/buy/cgsh_order_operate.html HTTP/1.1" 200 8245
222.70.183.62 - - [29/Mar/2020:10:45:12 +0800] "GET /xingrg/all/function/internal_message.html?_=1585449912779&CODE_STATE=getMsg HTTP/1.1" 302 -
222.70.183.62 - - [29/Mar/2020:10:45:14 +0800] "POST /xingrg/services/DataTransmitService HTTP/1.1" 200 524
222.70.183.62 - - [29/Mar/2020:10:45:14 +0800] "POST /xingrg/services/DataTransmitService HTTP/1.1" 200 501
180.157.252.250 - - [29/Mar/2020:10:45:16 +0800] "GET /xingrg/all/function/internal_message.html?_=1585449915595&CODE_STATE=getMsg HTTP/1.1" 200 27
172.17.0.101 - - [29/Mar/2020:10:45:19 +0800] "GET /xingrg/all/function/internal_message.html?_=1585449919236&CODE_STATE=getMsg HTTP/1.1" 200 27
114.84.33.255 - - [29/Mar/2020:10:45:19 +0800] "POST /xingrg/system/rest/edit_item.html HTTP/1.1" 200 4
114.84.33.255 - - [29/Mar/2020:10:45:19 +0800] "GET /xingrg/system/rest/get_item.html?table=menu&target=menu_rest&id=2084&_=1585449927490 HTTP/1.1" 200 1236
222.70.183.62 - - [29/Mar/2020:10:45:19 +0800] "POST /xingrg/services/DataTransmitService HTTP/1.1" 200 524
222.70.183.62 - - [29/Mar/2020:10:45:20 +0800] "POST /xingrg/services/DataTransmitService HTTP/1.1" 200 501
222.70.183.62 - - [29/Mar/2020:10:45:20 +0800] "POST /xingrg/services/DataTransmitService HTTP/1.1" 200 501
180.162.232.172 - - [29/Mar/2020:10:45:20 +0800] "GET /xingrg/all/function/internal_message.html?_=1585449921816&CODE_STATE=getMsg HTTP/1.1" 200 27
116.224.247.222 - - [29/Mar/2020:10:45:21 +0800] "GET /favicon.ico HTTP/1.1" 404 -
117.184.7.26 - - [29/Mar/2020:10:45:22 +0800] "GET /xingrg/kc/buy/cgsh_order_operate.html?command=get_materiel&rest_code=00108&code=00101008095&supplier_code=00100007&order_time=2020-03-29 HTTP/1.1" 200 412
116.224.247.222 - - [29/Mar/2020:10:45:22 +0800] "GET /favicon.ico HTTP/1.1" 404 -
116.224.247.222 - - [29/Mar/2020:10:45:22 +0800] "GET /favicon.ico HTTP/1.1" 404 -
222.70.183.62 - - [29/Mar/2020:10:45:23 +0800] "POST /xingrg/services/DataTransmitService HTTP/1.1" 200 501
116.224.247.222 - - [29/Mar/2020:10:45:23 +0800] "GET /favicon.ico HTTP/1.1" 404 -
116.224.247.222 - - [29/Mar/2020:10:45:24 +0800] "GET /favicon.ico HTTP/1.1" 404 -
116.224.247.222 - - [29/Mar/2020:10:45:24 +0800] "GET /favicon.ico HTTP/1.1" 404 -
114.84.33.255 - - [29/Mar/2020:10:45:25 +0800] "GET /xingrg/system/rest/query_items.html?_=1585449933200&table=menu&page=1&rows=20&categoryId=&key= HTTP/1.1" 200 4722
116.224.247.222 - - [29/Mar/2020:10:45:25 +0800] "GET /favicon.ico HTTP/1.1" 404 -
222.70.183.62 - - [29/Mar/2020:10:45:25 +0800] "GET /xingrg/kc/buy/cgsh_order_operate.html?command=get_materiel&rest_code=00111&code=00101001174&supplier_code=00100314&order_time=2020-03-29 HTTP/1.1" 200 414
222.70.183.62 - - [29/Mar/2020:10:45:26 +0800] "POST /xingrg/services/DataTransmitService HTTP/1.1" 200 501
222.70.183.62 - - [29/Mar/2020:10:45:27 +0800] "POST /xingrg/services/DataTransmitService HTTP/1.1" 200 501
222.70.183.62 - - [29/Mar/2020:10:45:27 +0800] "POST /xingrg/services/DataTransmitService HTTP/1.1" 200 501
222.70.183.62 - - [29/Mar/2020:10:45:28 +0800] "POST /xingrg/services/DataTransmitService HTTP/1.1" 200 501
222.70.183.62 - - [29/Mar/2020:10:45:28 +0800] "POST /xingrg/services/DataTransmitService HTTP/1.1" 200 501
222.70.183.62 - - [29/Mar/2020:10:45:28 +0800] "POST /xingrg/services/DataTransmitService HTTP/1.1" 200 412
114.84.33.255 - - [29/Mar/2020:10:45:30 +0800] "GET /xingrg/system/rest/query_items.html?_=1585449938796&table=menu&page=1&rows=20&categoryId=&key=1931 HTTP/1.1" 200 255
180.157.252.250 - - [29/Mar/2020:10:45:30 +0800] "POST /xingrg/dwr/call/plaincall/AjaxReportQueryService.refreshCache.dwr HTTP/1.1" 200 78
180.157.252.250 - - [29/Mar/2020:10:45:31 +0800] "POST /xingrg/all/report/load_report_page.html HTTP/1.1" 200 89
114.84.33.255 - - [29/Mar/2020:10:45:31 +0800] "GET /xingrg/system/rest/query_items.html?_=1585449940020&table=menu&page=1&rows=20&categoryId=&key=1931 HTTP/1.1" 200 255
114.84.33.255 - - [29/Mar/2020:10:45:32 +0800] "GET /xingrg/system/rest/get_item.html?table=menu&id=1931&_=1585449940592 HTTP/1.1" 200 939
114.84.33.255 - - [29/Mar/2020:10:45:32 +0800] "GET /xingrg/system/rest/get_item.html?table=menu&target=menu_rest&id=1931&_=1585449940610 HTTP/1.1" 200 853
114.84.33.255 - - [29/Mar/2020:10:45:32 +0800] "GET /xingrg/system/rest/get_item.html?table=menu&target=cook_mode&id=1931&_=1585449940607 HTTP/1.1" 200 17346
114.84.33.255 - - [29/Mar/2020:10:45:32 +0800] "GET /xingrg/system/rest/get_infos.html?command=menu_img_show&id=1931 HTTP/1.1" 200 5
117.185.32.26 - - [29/Mar/2020:10:45:33 +0800] "GET /xingrg/all/function/internal_message.html?_=1585449932917&CODE_STATE=getMsg HTTP/1.1" 200 27
114.84.33.255 - - [29/Mar/2020:10:45:35 +0800] "GET /xingrg/system/rest/get_item.html?table=menu&target=menu_rest_detail&id=1931&sid=12&_=1585449943825 HTTP/1.1" 200 436
116.224.247.222 - - [29/Mar/2020:10:45:35 +0800] "GET /favicon.ico HTTP/1.1" 404 -
117.184.7.26 - - [29/Mar/2020:10:45:36 +0800] "GET /xingrg/kc/buy/cgsh_order_operate.html?command=get_materiel&rest_code=00108&code=00101008283&supplier_code=00100007&order_time=2020-03-29 HTTP/1.1" 200 408
116.224.247.222 - - [29/Mar/2020:10:45:36 +0800] "GET /favicon.ico HTTP/1.1" 404 -
116.224.247.222 - - [29/Mar/2020:10:45:37 +0800] "GET /favicon.ico HTTP/1.1" 404 -
116.224.247.222 - - [29/Mar/2020:10:45:38 +0800] "GET /xingrg HTTP/1.1" 302 -
116.224.247.222 - - [29/Mar/2020:10:45:38 +0800] "GET /xingrg/ HTTP/1.1" 304 -
116.224.247.222 - - [29/Mar/2020:10:45:38 +0800] "GET /xingrg/index.html HTTP/1.1" 302 -
116.224.247.222 - - [29/Mar/2020:10:45:38 +0800] "GET /xingrg/login.html HTTP/1.1" 200 7641
116.224.247.222 - - [29/Mar/2020:10:45:38 +0800] "GET /favicon.ico HTTP/1.1" 404 -
116.224.247.222 - - [29/Mar/2020:10:45:38 +0800] "GET /xingrg/images/blue/jxLogo.png HTTP/1.1" 304 -
116.224.247.222 - - [29/Mar/2020:10:45:38 +0800] "GET /xingrg/images/blue/login_bg.png HTTP/1.1" 304 -
116.224.247.222 - - [29/Mar/2020:10:45:38 +0800] "GET /xingrg/images/blue/hj.png HTTP/1.1" 304 -
116.224.247.222 - - [29/Mar/2020:10:45:38 +0800] "GET /xingrg/images/blue/srbg.png HTTP/1.1" 304 -
116.224.247.222 - - [29/Mar/2020:10:45:39 +0800] "GET /favicon.ico HTTP/1.1" 404 -
222.69.131.116 - - [29/Mar/2020:10:45:39 +0800] "GET /xingrg/all/function/internal_message.html?_=1585449939425&CODE_STATE=getMsg HTTP/1.1" 200 27
120.204.17.70 - - [29/Mar/2020:10:45:40 +0800] "GET /xingrg/check_reg.html?_=1585449872915 HTTP/1.1" 302 -
180.156.150.85 - - [29/Mar/2020:10:45:41 +0800] "GET /xingrg/all/function/internal_message.html?_=1585449941223&CODE_STATE=getMsg HTTP/1.1" 200 27
116.224.247.222 - - [29/Mar/2020:10:45:42 +0800] "POST /xingrg/login.do HTTP/1.1" 302 -
116.224.247.222 - - [29/Mar/2020:10:45:42 +0800] "GET /xingrg/javascript/jquery_easy_ui/themes/default/easyui.css HTTP/1.1" 304 -
116.224.247.222 - - [29/Mar/2020:10:45:42 +0800] "GET /xingrg/javascript/jquery_easy_ui/themes/icon.css HTTP/1.1" 304 -
116.224.247.222 - - [29/Mar/2020:10:45:42 +0800] "GET /xingrg/index.html?sysBaseUrl=http%3A%2F%2F180.169.147.146%3A18081%2Fxingrg%2F&costTime=32×tamp=1585449942870 HTTP/1.1" 200 17173
116.224.247.222 - - [29/Mar/2020:10:45:42 +0800] "GET /xingrg/css/form.css HTTP/1.1" 304 -
116.224.247.222 - - [29/Mar/2020:10:45:42 +0800] "GET /xingrg/javascript/jquery.timers.js HTTP/1.1" 304 -
116.224.247.222 - - [29/Mar/2020:10:45:42 +0800] "GET /xingrg/javascript/jquery_easy_ui/jquery.easyui.min.js HTTP/1.1" 304 -
116.224.247.222 - - [29/Mar/2020:10:45:42 +0800] "GET /xingrg/javascript/jquery-1.4.2.min.js HTTP/1.1" 304 -
116.224.247.222 - - [29/Mar/2020:10:45:42 +0800] "GET /xingrg/javascript/jquery_easy_ui/easyui-lang-zh_CN.js HTTP/1.1" 304 -
116.224.247.222 - - [29/Mar/2020:10:45:42 +0800] "GET /xingrg/javascript/jquery.form.js HTTP/1.1" 304 -
116.224.247.222 - - [29/Mar/2020:10:45:42 +0800] "GET /xingrg/javascript/jquery.utils.js HTTP/1.1" 304 -
116.224.247.222 - - [29/Mar/2020:10:45:43 +0800] "GET /xingrg/images/blue/navBackgound.jpg HTTP/1.1" 304 -
116.224.247.222 - - [29/Mar/2020:10:45:43 +0800] "GET /favicon.ico HTTP/1.1" 404 -
116.224.247.222 - - [29/Mar/2020:10:45:43 +0800] "GET /xingrg/javascript/jquery_easy_ui/themes/icons/settle_new.png HTTP/1.1" 304 -
116.224.247.222 - - [29/Mar/2020:10:45:43 +0800] "GET /xingrg/images/blue/pingpu.png HTTP/1.1" 304 -
116.224.247.222 - - [29/Mar/2020:10:45:43 +0800] "POST /xingrg/all/common/load_tree.html?tree=area_rest_tree_json&manage=1 HTTP/1.1" 200 342
116.224.247.222 - - [29/Mar/2020:10:45:43 +0800] "GET /xingrg/javascript/jquery_easy_ui/themes/default/images/tabs_leftarrow.png HTTP/1.1" 304 -
116.224.247.222 - - [29/Mar/2020:10:45:43 +0800] "GET /xingrg/javascript/jquery_easy_ui/themes/default/images/tabs_rightarrow.png HTTP/1.1" 304 -
116.224.247.222 - - [29/Mar/2020:10:45:43 +0800] "GET /xingrg/javascript/jquery_easy_ui/themes/default/images/panel_tool_collapse.gif HTTP/1.1" 304 -
116.224.247.222 - - [29/Mar/2020:10:45:43 +0800] "GET /xingrg/all/function/internal_message.html?_=1585450122624&CODE_STATE=count HTTP/1.1" 200 11
116.224.247.222 - - [29/Mar/2020:10:45:43 +0800] "GET /xingrg/check_reg.html?_=1585450122626 HTTP/1.1" 200 22
116.224.247.222 - - [29/Mar/2020:10:45:43 +0800] "POST /xingrg/load_menu.html HTTP/1.1" 200 5138
116.224.247.222 - - [29/Mar/2020:10:45:43 +0800] "GET /xingrg/javascript/jquery_easy_ui/themes/default/images/tree_arrows.gif HTTP/1.1" 304 -
116.224.247.222 - - [29/Mar/2020:10:45:43 +0800] "GET /xingrg/javascript/jquery_easy_ui/themes/default/images/tree_folder_open.gif HTTP/1.1" 304 -
116.224.247.222 - - [29/Mar/2020:10:45:43 +0800] "GET /xingrg/javascript/jquery_easy_ui/themes/icons/search_new.png HTTP/1.1" 304 -
116.224.247.222 - - [29/Mar/2020:10:45:43 +0800] "GET /xingrg/javascript/jquery_easy_ui/themes/default/images/tree_folder.gif HTTP/1.1" 304 -
116.224.247.222 - - [29/Mar/2020:10:45:43 +0800] "GET /xingrg/javascript/jquery_easy_ui/themes/icons/storage_new.png HTTP/1.1" 304 -
116.224.247.222 - - [29/Mar/2020:10:45:43 +0800] "GET /xingrg/javascript/jquery_easy_ui/themes/icons/forms_new.png HTTP/1.1" 304 -
114.84.33.255 - - [29/Mar/2020:10:45:44 +0800] "POST /xingrg/system/rest/edit_item.html HTTP/1.1" 200 4
114.84.33.255 - - [29/Mar/2020:10:45:44 +0800] "GET /xingrg/system/rest/get_item.html?table=menu&target=menu_rest&id=1931&_=1585449952681 HTTP/1.1" 200 853
120.204.17.70 - - [29/Mar/2020:10:45:44 +0800] "GET /xingrg/login.html HTTP/1.1" 200 7641
117.184.7.26 - - [29/Mar/2020:10:45:46 +0800] "GET /xingrg/check_reg.html?_=1585449945873 HTTP/1.1" 200 22
117.184.7.30 - - [29/Mar/2020:10:45:46 +0800] "GET /xingrg/all/function/internal_message.html?_=1585449945877&CODE_STATE=getMsg HTTP/1.1" 200 27
116.235.222.53 - - [29/Mar/2020:10:45:46 +0800] "GET /xingrg/all/function/internal_message.html?_=1585449946737&CODE_STATE=getMsg HTTP/1.1" 200 27
117.184.7.30 - - [29/Mar/2020:10:45:47 +0800] "GET /xingrg/kc/buy/cgsh_order_operate.html?command=get_materiel&rest_code=00108&code=00101008296&supplier_code=00100007&order_time=2020-03-29 HTTP/1.1" 200 416
180.157.252.250 - - [29/Mar/2020:10:45:48 +0800] "POST /xingrg/services/DataTransmitService HTTP/1.1" 200 524
180.157.252.250 - - [29/Mar/2020:10:45:48 +0800] "POST /xingrg/services/DataTransmitService HTTP/1.1" 200 501
180.157.252.250 - - [29/Mar/2020:10:45:48 +0800] "POST /xingrg/services/DataTransmitService HTTP/1.1" 200 501
180.157.252.250 - - [29/Mar/2020:10:45:49 +0800] "POST /xingrg/services/DataTransmitService HTTP/1.1" 200 501
114.84.33.255 - - [29/Mar/2020:10:45:50 +0800] "GET /xingrg/all/function/internal_message.html?_=1585449953141&CODE_STATE=getMsg HTTP/1.1" 200 27
180.157.252.250 - - [29/Mar/2020:10:45:50 +0800] "POST /xingrg/services/DataTransmitService HTTP/1.1" 200 501
114.84.33.255 - - [29/Mar/2020:10:45:51 +0800] "GET /xingrg/system/rest/query_items.html?_=1585449959198&table=menu&page=1&rows=20&categoryId=&key= HTTP/1.1" 200 4722
117.184.7.30 - - [29/Mar/2020:10:45:53 +0800] "GET /xingrg/kc/buy/cgsh_order_operate.html?command=get_materiel&rest_code=00108&code=00101008286&supplier_code=00100007&order_time=2020-03-29 HTTP/1.1" 200 408
114.84.33.255 - - [29/Mar/2020:10:45:55 +0800] "GET /xingrg/system/rest/query_items.html?_=1585449963488&table=menu&page=1&rows=20&categoryId=&key=1932 HTTP/1.1" 200 253
180.157.252.250 - - [29/Mar/2020:10:45:55 +0800] "POST /xingrg/services/DataTransmitService HTTP/1.1" 200 501
120.204.17.71 - - [29/Mar/2020:10:45:55 +0800] "GET /xingrg/all/function/internal_message.html?_=1585449632912&CODE_STATE=getMsg HTTP/1.1" 302 -
180.157.252.250 - - [29/Mar/2020:10:45:55 +0800] "POST /xingrg/services/DataTransmitService HTTP/1.1" 200 501
180.157.252.250 - - [29/Mar/2020:10:45:55 +0800] "POST /xingrg/services/DataTransmitService HTTP/1.1" 200 501
116.224.247.222 - - [29/Mar/2020:10:45:55 +0800] "GET /xingrg/javascript/jquery_easy_ui/themes/default/images/tree_file.gif HTTP/1.1" 304 -
180.157.252.250 - - [29/Mar/2020:10:45:55 +0800] "POST /xingrg/services/DataTransmitService HTTP/1.1" 200 501
114.84.33.255 - - [29/Mar/2020:10:45:56 +0800] "GET /xingrg/system/rest/query_items.html?_=1585449964608&table=menu&page=1&rows=20&categoryId=&key=1932 HTTP/1.1" 200 253
116.224.247.222 - - [29/Mar/2020:10:45:56 +0800] "GET /xingrg/javascript/jquery_easy_ui/themes/default/images/tabs_close.gif HTTP/1.1" 304 -
116.224.247.222 - - [29/Mar/2020:10:45:56 +0800] "GET /xingrg/css/base.css HTTP/1.1" 304 -
116.224.247.222 - - [29/Mar/2020:10:45:56 +0800] "GET /xingrg/kc/buy/cgsh_order_list.html HTTP/1.1" 200 42298
116.224.247.222 - - [29/Mar/2020:10:45:56 +0800] "GET /xingrg/css/site.css HTTP/1.1" 304 -
116.224.247.222 - - [29/Mar/2020:10:45:56 +0800] "GET /xingrg/javascript/easyui/themes/default/easyui.css HTTP/1.1" 304 -
116.224.247.222 - - [29/Mar/2020:10:45:56 +0800] "GET /xingrg/javascript/jquery_tools/datebox.css HTTP/1.1" 304 -
116.224.247.222 - - [29/Mar/2020:10:45:56 +0800] "GET /xingrg/javascript/easyui/themes/icon.css HTTP/1.1" 304 -
116.224.247.222 - - [29/Mar/2020:10:45:56 +0800] "GET /xingrg/javascript/jquery_tools/jquery.tools.extend.js HTTP/1.1" 304 -
116.224.247.222 - - [29/Mar/2020:10:45:56 +0800] "GET /xingrg/javascript/auto/jquery.autocomplete.css HTTP/1.1" 304 -
116.224.247.222 - - [29/Mar/2020:10:45:56 +0800] "GET /xingrg/javascript/jquery_tools/fix.css HTTP/1.1" 304 -
116.224.247.222 - - [29/Mar/2020:10:45:56 +0800] "GET /xingrg/javascript/jquery_tools/table.css HTTP/1.1" 304 -
116.224.247.222 - - [29/Mar/2020:10:45:56 +0800] "GET /xingrg/javascript/jquery_tools/jquery.tools.min.js HTTP/1.1" 304 -
116.224.247.222 - - [29/Mar/2020:10:45:56 +0800] "GET /xingrg/javascript/jquery_tools/jquery.tools.hotkey.js HTTP/1.1" 304 -
116.224.247.222 - - [29/Mar/2020:10:45:56 +0800] "GET /xingrg/javascript/jquery_tools/jquery.tools.table.js HTTP/1.1" 304 -
116.224.247.222 - - [29/Mar/2020:10:45:56 +0800] "GET /xingrg/javascript/jquery_tools/list_manager.js HTTP/1.1" 304 -
116.224.247.222 - - [29/Mar/2020:10:45:56 +0800] "GET /xingrg/javascript/auto/jquery.autocomplete.js HTTP/1.1" 304 -
116.224.247.222 - - [29/Mar/2020:10:45:56 +0800] "GET /xingrg/javascript/easyui/easyloader.js HTTP/1.1" 304 -
116.224.247.222 - - [29/Mar/2020:10:45:56 +0800] "GET /xingrg/javascript/jquery.cookie.js HTTP/1.1" 304 -
116.224.247.222 - - [29/Mar/2020:10:45:56 +0800] "GET /xingrg/javascript/print/LodopFuncs.js HTTP/1.1" 304 -
117.184.7.30 - - [29/Mar/2020:10:45:56 +0800] "POST /xingrg/kc/buy/cgsh_order_operate.html HTTP/1.1" 200 2065
114.84.33.255 - - [29/Mar/2020:10:45:56 +0800] "GET /xingrg/system/rest/get_item.html?table=menu&id=1932&_=1585449965177 HTTP/1.1" 200 938
114.84.33.255 - - [29/Mar/2020:10:45:56 +0800] "GET /xingrg/system/rest/get_item.html?table=menu&target=menu_rest&id=1932&_=1585449965199 HTTP/1.1" 200 756
114.84.33.255 - - [29/Mar/2020:10:45:57 +0800] "GET /xingrg/system/rest/get_item.html?table=menu&target=cook_mode&id=1932&_=1585449965195 HTTP/1.1" 200 14725
180.157.252.250 - - [29/Mar/2020:10:45:57 +0800] "POST /xingrg/services/DataTransmitService HTTP/1.1" 200 412
180.157.252.250 - - [29/Mar/2020:10:45:57 +0800] "POST /xingrg/services/DataTransmitService HTTP/1.1" 200 524
114.84.33.255 - - [29/Mar/2020:10:45:57 +0800] "GET /xingrg/system/rest/get_infos.html?command=menu_img_show&id=1932 HTTP/1.1" 200 5
180.157.252.250 - - [29/Mar/2020:10:45:57 +0800] "POST /xingrg/services/DataTransmitService HTTP/1.1" 200 501
180.157.252.250 - - [29/Mar/2020:10:45:57 +0800] "POST /xingrg/services/DataTransmitService HTTP/1.1" 200 501
116.224.247.222 - - [29/Mar/2020:10:45:57 +0800] "GET /xingrg/javascript/easyui/themes/icons/edit_add_new.png HTTP/1.1" 304 -
116.224.247.222 - - [29/Mar/2020:10:45:57 +0800] "GET /xingrg/javascript/easyui/themes/icons/cance_new.png HTTP/1.1" 304 -
116.224.247.222 - - [29/Mar/2020:10:45:57 +0800] "GET /xingrg/javascript/easyui/themes/icons/check_new.png HTTP/1.1" 304 -
116.224.247.222 - - [29/Mar/2020:10:45:57 +0800] "GET /xingrg/javascript/easyui/themes/icons/field_new.png HTTP/1.1" 304 -
116.224.247.222 - - [29/Mar/2020:10:45:57 +0800] "GET /xingrg/javascript/easyui/themes/icons/import_new.png HTTP/1.1" 304 -
116.224.247.222 - - [29/Mar/2020:10:45:57 +0800] "GET /xingrg/javascript/easyui/plugins/jquery.parser.js HTTP/1.1" 304 -
116.224.247.222 - - [29/Mar/2020:10:45:57 +0800] "GET /xingrg/images/control/ajaxLoader.gif HTTP/1.1" 304 -
180.157.252.250 - - [29/Mar/2020:10:45:58 +0800] "POST /xingrg/services/DataTransmitService HTTP/1.1" 200 501
116.224.247.222 - - [29/Mar/2020:10:45:58 +0800] "POST /xingrg/kc/buy/cgsh_list_operate.html HTTP/1.1" 200 1679
180.157.252.250 - - [29/Mar/2020:10:45:59 +0800] "POST /xingrg/services/DataTransmitService HTTP/1.1" 200 501
114.84.33.255 - - [29/Mar/2020:10:45:59 +0800] "GET /xingrg/all/function/internal_message.html?_=1585449967564&CODE_STATE=getMsg HTTP/1.1" 200 27
180.157.252.250 - - [29/Mar/2020:10:45:59 +0800] "POST /xingrg/services/DataTransmitService HTTP/1.1" 200 501
180.157.252.250 - - [29/Mar/2020:10:45:59 +0800] "POST /xingrg/services/DataTransmitService HTTP/1.1" 200 501
180.157.252.250 - - [29/Mar/2020:10:45:59 +0800] "POST /xingrg/services/DataTransmitService HTTP/1.1" 200 501
180.157.252.250 - - [29/Mar/2020:10:45:59 +0800] "POST /xingrg/services/DataTransmitService HTTP/1.1" 200 501
180.157.252.250 - - [29/Mar/2020:10:45:59 +0800] "POST /xingrg/services/DataTransmitService HTTP/1.1" 200 412
116.224.247.222 - - [29/Mar/2020:10:46:00 +0800] "POST /xingrg/kc/buy/cgsh_list_operate.html HTTP/1.1" 200 560
114.84.33.255 - - [29/Mar/2020:10:46:00 +0800] "GET /xingrg/system/rest/get_item.html?table=menu&target=menu_rest_detail&id=1932&sid=12&_=1585449968703 HTTP/1.1" 200 426
116.224.247.222 - - [29/Mar/2020:10:46:00 +0800] "GET /xingrg/kc/buy/cgsh_order_info.html?code=212020032903540 HTTP/1.1" 200 57834
116.224.247.222 - - [29/Mar/2020:10:46:00 +0800] "GET /xingrg/javascript/pic_change.js HTTP/1.1" 304 -
116.224.247.222 - - [29/Mar/2020:10:46:00 +0800] "GET /xingrg/javascript/jquery_tools/order_manager.js HTTP/1.1" 304 -
116.224.247.222 - - [29/Mar/2020:10:46:00 +0800] "GET /xingrg/javascript/convert.js HTTP/1.1" 304 -
116.224.247.222 - - [29/Mar/2020:10:46:00 +0800] "GET /xingrg/javascript/print/kc_print.js HTTP/1.1" 304 -
116.224.247.222 - - [29/Mar/2020:10:46:00 +0800] "GET /xingrg/javascript/json2.js HTTP/1.1" 304 -
116.224.247.222 - - [29/Mar/2020:10:46:00 +0800] "GET /xingrg/words/20200328152550_words.js HTTP/1.1" 304 -
116.224.247.222 - - [29/Mar/2020:10:46:01 +0800] "GET /xingrg/javascript/easyui/themes/icons/copy_new.png HTTP/1.1" 304 -
116.224.247.222 - - [29/Mar/2020:10:46:01 +0800] "GET /xingrg/javascript/easyui/themes/icons/template_new.png HTTP/1.1" 304 -
116.224.247.222 - - [29/Mar/2020:10:46:01 +0800] "GET /xingrg/javascript/easyui/themes/icons/ok.png HTTP/1.1" 304 -
116.224.247.222 - - [29/Mar/2020:10:46:01 +0800] "GET /xingrg/javascript/easyui/themes/icons/print.png HTTP/1.1" 304 -
116.224.247.222 - - [29/Mar/2020:10:46:01 +0800] "GET /xingrg/javascript/easyui/themes/default/images/menu_downarrow.png HTTP/1.1" 304 -
116.224.247.222 - - [29/Mar/2020:10:46:01 +0800] "GET /xingrg/javascript/easyui/themes/icons/cancel.png HTTP/1.1" 304 -
222.70.183.62 - - [29/Mar/2020:10:46:01 +0800] "GET /xingrg/all/function/internal_message.html?_=1585450266731&CODE_STATE=getMsg HTTP/1.1" 200 27
117.184.7.30 - - [29/Mar/2020:10:46:01 +0800] "GET /xingrg/kc/buy/cgsh_order_operate.html?command=get_materiel&rest_code=00108&code=00101008144&supplier_code=00100007&order_time=2020-03-29 HTTP/1.1" 200 412
116.224.247.222 - - [29/Mar/2020:10:46:01 +0800] "GET /xingrg/all/common/auto_word.html?type=employee&rest_code=00102 HTTP/1.1" 200 189
116.224.247.222 - - [29/Mar/2020:10:46:01 +0800] "GET /xingrg/all/common/auto_word.html?type=employee&rest_code=00102 HTTP/1.1" 200 189
116.224.247.222 - - [29/Mar/2020:10:46:01 +0800] "GET /xingrg/javascript/easyui/themes/default/validatebox.css HTTP/1.1" 404 1104
116.224.247.222 - - [29/Mar/2020:10:46:01 +0800] "GET /xingrg/javascript/easyui/plugins/jquery.validatebox.js HTTP/1.1" 304 -
116.224.247.222 - - [29/Mar/2020:10:46:01 +0800] "GET /xingrg/javascript/easyui/plugins/jquery.numberbox.js HTTP/1.1" 304 -
116.224.247.222 - - [29/Mar/2020:10:46:01 +0800] "POST /xingrg/kc/buy/cgsh_order_operate.html HTTP/1.1" 200 12695
116.224.247.222 - - [29/Mar/2020:10:46:01 +0800] "GET /xingrg/javascript/easyui/themes/icons/edit_remove.png HTTP/1.1" 304 -
116.224.247.222 - - [29/Mar/2020:10:46:02 +0800] "GET /xingrg/javascript/easyui/themes/default/images/button_plain_hover.png HTTP/1.1" 304 -
116.224.247.222 - - [29/Mar/2020:10:46:02 +0800] "GET /xingrg/javascript/easyui/themes/default/images/button_plain_hover.png HTTP/1.1" 304 -
116.224.247.222 - - [29/Mar/2020:10:46:05 +0800] "POST /xingrg/kc/buy/cgsh_order_operate.html HTTP/1.1" 200 37
120.204.17.71 - - [29/Mar/2020:10:46:05 +0800] "GET /xingrg/login.html HTTP/1.1" 200 7641
116.224.247.222 - - [29/Mar/2020:10:46:06 +0800] "POST /xingrg/kc/buy/cgsh_order_operate.html HTTP/1.1" 200 12
114.84.33.255 - - [29/Mar/2020:10:46:06 +0800] "POST /xingrg/system/rest/edit_item.html HTTP/1.1" 200 4
114.84.33.255 - - [29/Mar/2020:10:46:06 +0800] "GET /xingrg/system/rest/get_item.html?table=menu&target=menu_rest&id=1932&_=1585449975198 HTTP/1.1" 200 756
172.17.0.100 - - [29/Mar/2020:10:46:07 +0800] "GET /xingrg/all/function/internal_message.html?_=1585450155566&CODE_STATE=getMsg HTTP/1.1" 200 27
117.184.7.30 - - [29/Mar/2020:10:46:07 +0800] "GET /xingrg/kc/buy/cgsh_order_operate.html?command=get_materiel&rest_code=00108&code=00101008069&supplier_code=00100007&order_time=2020-03-29 HTTP/1.1" 200 412
180.157.252.250 - - [29/Mar/2020:10:46:09 +0800] "GET /xingrg/login.html HTTP/1.1" 200 7641
180.157.252.250 - - [29/Mar/2020:10:46:09 +0800] "GET /favicon.ico HTTP/1.1" 404 -
222.70.183.62 - - [29/Mar/2020:10:46:12 +0800] "GET /xingrg/all/function/internal_message.html?_=1585449972789&CODE_STATE=getMsg HTTP/1.1" 302 -
222.70.183.62 - - [29/Mar/2020:10:46:14 +0800] "POST /xingrg/kc/buy/cgsh_order_operate.html HTTP/1.1" 200 37
222.70.183.62 - - [29/Mar/2020:10:46:15 +0800] "POST /xingrg/kc/buy/cgsh_order_operate.html HTTP/1.1" 200 2662
117.184.7.30 - - [29/Mar/2020:10:46:15 +0800] "GET /xingrg/kc/buy/cgsh_order_operate.html?command=get_materiel&rest_code=00108&code=00101008185&supplier_code=00100007&order_time=2020-03-29 HTTP/1.1" 200 408
180.157.252.250 - - [29/Mar/2020:10:46:15 +0800] "POST /xingrg/login.do HTTP/1.1" 302 -
180.157.252.250 - - [29/Mar/2020:10:46:15 +0800] "GET /xingrg/index.html?sysBaseUrl=http%3A%2F%2F180.169.147.146%3A18081%2Fxingrg%2F&costTime=32×tamp=1585449975840 HTTP/1.1" 200 17419
180.157.252.250 - - [29/Mar/2020:10:46:15 +0800] "GET /favicon.ico HTTP/1.1" 404 -
180.157.252.250 - - [29/Mar/2020:10:46:16 +0800] "POST /xingrg/all/common/load_tree.html?tree=area_rest_tree_json&manage=1 HTTP/1.1" 200 3088
180.157.252.250 - - [29/Mar/2020:10:46:16 +0800] "GET /xingrg/all/function/internal_message.html?_=1585449975766&CODE_STATE=count HTTP/1.1" 200 11
180.157.252.250 - - [29/Mar/2020:10:46:16 +0800] "GET /xingrg/check_reg.html?_=1585449975768 HTTP/1.1" 200 22
180.157.252.250 - - [29/Mar/2020:10:46:16 +0800] "POST /xingrg/load_menu.html HTTP/1.1" 200 9959
222.70.183.62 - - [29/Mar/2020:10:46:16 +0800] "GET /xingrg/kc/buy/cgsh_order_list.html HTTP/1.1" 200 42298
222.70.183.62 - - [29/Mar/2020:10:46:17 +0800] "POST /xingrg/kc/buy/cgsh_list_operate.html HTTP/1.1" 200 3142
116.224.247.222 - - [29/Mar/2020:10:46:19 +0800] "GET /xingrg/kc/buy/cgsh_order_info.html?code=212020032903540 HTTP/1.1" 200 52725
172.17.0.101 - - [29/Mar/2020:10:46:19 +0800] "GET /xingrg/all/function/internal_message.html?_=1585449979241&CODE_STATE=getMsg HTTP/1.1" 200 27
116.224.247.222 - - [29/Mar/2020:10:46:19 +0800] "GET /xingrg/javascript/easyui/themes/default/validatebox.css HTTP/1.1" 404 1104
116.224.247.222 - - [29/Mar/2020:10:46:19 +0800] "POST /xingrg/kc/buy/cgsh_order_operate.html HTTP/1.1" 200 10639
114.84.33.255 - - [29/Mar/2020:10:46:20 +0800] "GET /xingrg/system/rest/query_items.html?_=1585449988437&table=menu&page=1&rows=20&categoryId=&key=mzy HTTP/1.1" 200 1035
222.70.183.62 - - [29/Mar/2020:10:46:20 +0800] "POST /xingrg/kc/buy/cgsh_list_operate.html HTTP/1.1" 200 202
180.162.232.172 - - [29/Mar/2020:10:46:20 +0800] "GET /xingrg/all/function/internal_message.html?_=1585449981816&CODE_STATE=getMsg HTTP/1.1" 200 27
222.70.183.62 - - [29/Mar/2020:10:46:21 +0800] "GET /xingrg/kc/buy/cgsh_order_info.html?code=212020032903541 HTTP/1.1" 200 57920
222.70.183.62 - - [29/Mar/2020:10:46:21 +0800] "GET /xingrg/javascript/easyui/themes/default/validatebox.css HTTP/1.1" 404 1104
117.184.7.30 - - [29/Mar/2020:10:46:21 +0800] "GET /xingrg/kc/buy/cgsh_order_operate.html?command=get_materiel&rest_code=00108&code=00101009045&supplier_code=00100007&order_time=2020-03-29 HTTP/1.1" 200 412
222.70.183.62 - - [29/Mar/2020:10:46:21 +0800] "POST /xingrg/kc/buy/cgsh_order_operate.html HTTP/1.1" 200 2658
114.84.33.255 - - [29/Mar/2020:10:46:21 +0800] "GET /xingrg/system/rest/query_items.html?_=1585449989992&table=menu&page=1&rows=20&categoryId=&key=mzy HTTP/1.1" 200 1035
116.224.247.222 - - [29/Mar/2020:10:46:22 +0800] "GET /xingrg/kc/print/load_config.html?kc_code=cgsh HTTP/1.1" 200 1841
116.224.247.222 - - [29/Mar/2020:10:46:22 +0800] "GET /xingrg/kc/print/load_data.html?order_code=212020032903540&kc_code=cgsh&condition= HTTP/1.1" 200 4510
114.84.33.255 - - [29/Mar/2020:10:46:22 +0800] "GET /xingrg/system/rest/get_item.html?table=menu&id=1954&_=1585449990557 HTTP/1.1" 200 1026
114.84.33.255 - - [29/Mar/2020:10:46:22 +0800] "GET /xingrg/system/rest/get_item.html?table=menu&target=cook_mode&id=1954&_=1585449990573 HTTP/1.1" 200 6954
114.84.33.255 - - [29/Mar/2020:10:46:22 +0800] "GET /xingrg/system/rest/get_item.html?table=menu&target=menu_rest&id=1954&_=1585449990575 HTTP/1.1" 200 954
114.84.33.255 - - [29/Mar/2020:10:46:22 +0800] "GET /xingrg/system/rest/get_infos.html?command=menu_img_show&id=1954 HTTP/1.1" 200 5
114.84.33.255 - - [29/Mar/2020:10:46:27 +0800] "GET /xingrg/system/rest/get_item.html?table=menu&target=menu_rest_detail&id=1954&sid=12&_=1585449995895 HTTP/1.1" 200 426
116.224.247.222 - - [29/Mar/2020:10:46:28 +0800] "GET /xingrg/javascript/jquery_easy_ui/themes/default/images/tabs_active.png HTTP/1.1" 304 -
180.157.252.250 - - [29/Mar/2020:10:46:30 +0800] "POST /xingrg/load_menu.html HTTP/1.1" 200 10168
180.157.252.250 - - [29/Mar/2020:10:46:31 +0800] "GET /xingrg/all/report/report_query.html?fileName=dma/new_5.0/yingye/order_list.xml HTTP/1.1" 200 55281
180.157.252.250 - - [29/Mar/2020:10:46:31 +0800] "GET /xingrg/dwr/interface/AjaxReportQueryService.js HTTP/1.1" 200 13203
180.157.252.250 - - [29/Mar/2020:10:46:31 +0800] "GET /xingrg/dwr/engine.js HTTP/1.1" 200 43631
180.157.252.250 - - [29/Mar/2020:10:46:31 +0800] "POST /xingrg/dwr/call/plaincall/AjaxReportQueryService.getFixDate.dwr HTTP/1.1" 200 111
180.157.252.250 - - [29/Mar/2020:10:46:31 +0800] "POST /xingrg/all/common/load_tree.html?tree=area_station_tree_json&manage=1 HTTP/1.1" 200 2990
180.157.252.250 - - [29/Mar/2020:10:46:32 +0800] "POST /xingrg/dwr/call/plaincall/AjaxReportQueryService.getInitString.dwr HTTP/1.1" 200 76
117.185.32.26 - - [29/Mar/2020:10:46:33 +0800] "GET /xingrg/all/function/internal_message.html?_=1585449992917&CODE_STATE=getMsg HTTP/1.1" 200 27
117.184.7.30 - - [29/Mar/2020:10:46:34 +0800] "POST /xingrg/kc/buy/cgsh_order_operate.html HTTP/1.1" 200 37
180.157.252.250 - - [29/Mar/2020:10:46:34 +0800] "POST /xingrg/dwr/call/plaincall/AjaxReportQueryService.getFixDate.dwr HTTP/1.1" 200 111
117.184.7.30 - - [29/Mar/2020:10:46:34 +0800] "POST /xingrg/kc/buy/cgsh_order_operate.html HTTP/1.1" 200 15146
116.224.247.222 - - [29/Mar/2020:10:46:35 +0800] "POST /xingrg/kc/buy/cgsh_list_operate.html HTTP/1.1" 200 5775
116.224.247.222 - - [29/Mar/2020:10:46:36 +0800] "POST /xingrg/kc/buy/cgsh_list_operate.html HTTP/1.1" 200 555
117.184.7.30 - - [29/Mar/2020:10:46:36 +0800] "GET /xingrg/kc/print/load_config.html?kc_code=cgsh HTTP/1.1" 200 1841
117.184.7.30 - - [29/Mar/2020:10:46:37 +0800] "GET /xingrg/kc/print/load_data.html?order_code=212020032903542&kc_code=cgsh&condition= HTTP/1.1" 200 5471
180.157.252.250 - - [29/Mar/2020:10:46:38 +0800] "POST /xingrg/dwr/call/plaincall/AjaxReportQueryService.queryInitializeString.dwr HTTP/1.1" 200 177
180.157.252.250 - - [29/Mar/2020:10:46:38 +0800] "GET /xingrg/javascript/multi_select/dropdown_hover.gif HTTP/1.1" 200 61
222.69.131.116 - - [29/Mar/2020:10:46:39 +0800] "GET /xingrg/all/function/internal_message.html?_=1585449999398&CODE_STATE=getMsg HTTP/1.1" 200 27
180.157.252.250 - - [29/Mar/2020:10:46:39 +0800] "POST /xingrg/dwr/call/plaincall/AjaxReportQueryService.refreshCache.dwr HTTP/1.1" 200 78
114.84.33.255 - - [29/Mar/2020:10:46:39 +0800] "POST /xingrg/system/rest/edit_item.html HTTP/1.1" 200 4
114.84.33.255 - - [29/Mar/2020:10:46:39 +0800] "GET /xingrg/system/rest/get_item.html?table=menu&target=menu_rest&id=1954&_=1585450008143 HTTP/1.1" 200 954
180.157.252.250 - - [29/Mar/2020:10:46:40 +0800] "POST /xingrg/all/report/load_report_page.html HTTP/1.1" 200 202799
180.157.252.250 - - [29/Mar/2020:10:46:40 +0800] "GET /xingrg/images/blue/button/back2.gif HTTP/1.1" 200 1339
180.157.252.250 - - [29/Mar/2020:10:46:40 +0800] "GET /xingrg/images/blue/button/back.gif HTTP/1.1" 200 1352
180.157.252.250 - - [29/Mar/2020:10:46:40 +0800] "GET /xingrg/servlets/image?cache=0.007874663684873107&image=px HTTP/1.1" 200 807
180.156.150.85 - - [29/Mar/2020:10:46:41 +0800] "GET /xingrg/all/function/internal_message.html?_=1585450001221&CODE_STATE=getMsg HTTP/1.1" 200 27
180.156.150.85 - - [29/Mar/2020:10:46:41 +0800] "GET /xingrg/check_reg.html?_=1585450001239 HTTP/1.1" 200 22
116.224.247.222 - - [29/Mar/2020:10:46:43 +0800] "GET /xingrg/all/function/internal_message.html?_=1585450182643&CODE_STATE=getMsg HTTP/1.1" 200 27
116.235.222.53 - - [29/Mar/2020:10:46:45 +0800] "GET /xingrg/check_reg.html?_=1585450006067 HTTP/1.1" 200 22
117.184.7.30 - - [29/Mar/2020:10:46:46 +0800] "GET /xingrg/all/function/internal_message.html?_=1585450005860&CODE_STATE=getMsg HTTP/1.1" 200 27
116.235.222.53 - - [29/Mar/2020:10:46:46 +0800] "GET /xingrg/all/function/internal_message.html?_=1585450006730&CODE_STATE=getMsg HTTP/1.1" 200 27
116.224.247.222 - - [29/Mar/2020:10:46:47 +0800] "POST /xingrg/kc/buy/cgsh_list_operate.html HTTP/1.1" 200 6011
114.84.33.255 - - [29/Mar/2020:10:46:50 +0800] "GET /xingrg/all/function/internal_message.html?_=1585450013514&CODE_STATE=getMsg HTTP/1.1" 200 27
116.224.247.222 - - [29/Mar/2020:10:46:54 +0800] "POST /xingrg/kc/buy/cgsh_list_operate.html HTTP/1.1" 200 6041
180.157.252.250 - - [29/Mar/2020:10:46:54 +0800] "POST /xingrg/all/report/load_report_page.html HTTP/1.1" 200 35639
180.157.252.250 - - [29/Mar/2020:10:46:54 +0800] "GET /xingrg/images/blue/button/advance.gif HTTP/1.1" 200 1354
180.157.252.250 - - [29/Mar/2020:10:46:54 +0800] "GET /xingrg/images/blue/button/advance2.gif HTTP/1.1" 200 1338
180.157.252.250 - - [29/Mar/2020:10:46:54 +0800] "GET /xingrg/servlets/image?cache=0.6617627899288798&image=px HTTP/1.1" 200 807
116.224.247.222 - - [29/Mar/2020:10:46:58 +0800] "POST /xingrg/kc/buy/cgsh_list_operate.html HTTP/1.1" 200 5775
114.84.33.255 - - [29/Mar/2020:10:46:59 +0800] "GET /xingrg/all/function/internal_message.html?_=1585450027534&CODE_STATE=getMsg HTTP/1.1" 200 27
116.224.247.222 - - [29/Mar/2020:10:46:59 +0800] "POST /xingrg/kc/buy/cgsh_list_operate.html HTTP/1.1" 200 555
116.224.247.222 - - [29/Mar/2020:10:47:00 +0800] "GET /xingrg/kc/buy/cgsh_order_info.html?code=212020032903539 HTTP/1.1" 200 52725
116.224.247.222 - - [29/Mar/2020:10:47:00 +0800] "GET /xingrg/javascript/easyui/themes/default/validatebox.css HTTP/1.1" 404 1104
222.70.183.62 - - [29/Mar/2020:10:47:00 +0800] "GET /xingrg/all/function/internal_message.html?_=1585450326657&CODE_STATE=getMsg HTTP/1.1" 200 27
116.224.247.222 - - [29/Mar/2020:10:47:01 +0800] "POST /xingrg/kc/buy/cgsh_order_operate.html HTTP/1.1" 200 10065
116.224.247.222 - - [29/Mar/2020:10:47:06 +0800] "GET /xingrg/kc/print/load_data.html?order_code=212020032903539&kc_code=cgsh&condition= HTTP/1.1" 200 4300
172.17.0.100 - - [29/Mar/2020:10:47:07 +0800] "GET /xingrg/all/function/internal_message.html?_=1585450215567&CODE_STATE=getMsg HTTP/1.1" 200 27
222.70.183.62 - - [29/Mar/2020:10:47:12 +0800] "GET /xingrg/all/function/internal_message.html?_=1585450032824&CODE_STATE=getMsg HTTP/1.1" 302 -
117.185.32.26 - - [29/Mar/2020:10:47:13 +0800] "POST /xingrg/kc/mdqp/pssh_list_operate.html HTTP/1.1" 200 351
117.185.32.26 - - [29/Mar/2020:10:47:14 +0800] "GET /xingrg/kc/mdqp/pssh_order_info.html?code=312020032900142 HTTP/1.1" 200 17271
117.185.32.26 - - [29/Mar/2020:10:47:14 +0800] "GET /xingrg/javascript/jquery_tools/jquery-1.4.2.min.js HTTP/1.1" 404 1094
117.185.32.26 - - [29/Mar/2020:10:47:15 +0800] "GET /xingrg/javascript/easyui/themes/default/validatebox.css HTTP/1.1" 404 1104
117.185.32.26 - - [29/Mar/2020:10:47:15 +0800] "POST /xingrg/kc/mdqp/pssh_order_operate.html HTTP/1.1" 200 1044
180.157.252.250 - - [29/Mar/2020:10:47:16 +0800] "GET /xingrg/all/function/internal_message.html?_=1585450035780&CODE_STATE=getMsg HTTP/1.1" 200 27
172.17.0.101 - - [29/Mar/2020:10:47:19 +0800] "GET /xingrg/all/function/internal_message.html?_=1585450039243&CODE_STATE=getMsg HTTP/1.1" 200 27
58.40.7.146 - - [29/Mar/2020:10:47:20 +0800] "GET /xingrg/check_reg.html?_=1585450040546 HTTP/1.1" 200 22
180.162.232.172 - - [29/Mar/2020:10:47:20 +0800] "GET /xingrg/all/function/internal_message.html?_=1585450041827&CODE_STATE=getMsg HTTP/1.1" 200 27
114.84.33.255 - - [29/Mar/2020:10:47:23 +0800] "POST /xingrg/services/DataTransmitService HTTP/1.1" 200 524
114.84.33.255 - - [29/Mar/2020:10:47:23 +0800] "POST /xingrg/services/DataTransmitService HTTP/1.1" 200 1999
114.84.33.255 - - [29/Mar/2020:10:47:23 +0800] "POST /xingrg/services/DataTransmitService HTTP/1.1" 200 2323
114.84.33.255 - - [29/Mar/2020:10:47:24 +0800] "POST /xingrg/services/DataTransmitService HTTP/1.1" 200 1467
114.84.33.255 - - [29/Mar/2020:10:47:24 +0800] "POST /xingrg/services/DataTransmitService HTTP/1.1" 200 139068
117.185.32.26 - - [29/Mar/2020:10:47:32 +0800] "POST /xingrg/kc/mdqp/pssh_list_operate.html HTTP/1.1" 200 1896
117.185.32.26 - - [29/Mar/2020:10:47:33 +0800] "GET /xingrg/all/function/internal_message.html?_=1585450052929&CODE_STATE=getMsg HTTP/1.1" 200 27
117.185.32.26 - - [29/Mar/2020:10:47:33 +0800] "POST /xingrg/kc/mdqp/pssh_list_operate.html HTTP/1.1" 200 1896
117.185.32.26 - - [29/Mar/2020:10:47:34 +0800] "POST /xingrg/kc/mdqp/pssh_list_operate.html HTTP/1.1" 200 1896
117.185.32.26 - - [29/Mar/2020:10:47:35 +0800] "POST /xingrg/kc/mdqp/pssh_list_operate.html HTTP/1.1" 200 1896
116.224.247.222 - - [29/Mar/2020:10:47:36 +0800] "POST /xingrg/kc/buy/cgsh_list_operate.html HTTP/1.1" 200 5775
116.224.247.222 - - [29/Mar/2020:10:47:38 +0800] "POST /xingrg/kc/buy/cgsh_list_operate.html HTTP/1.1" 200 560
117.185.32.26 - - [29/Mar/2020:10:47:39 +0800] "POST /xingrg/kc/mdqp/pssh_list_operate.html HTTP/1.1" 200 814
116.224.247.222 - - [29/Mar/2020:10:47:39 +0800] "GET /xingrg/kc/buy/cgsh_order_info.html?code=212020032903540 HTTP/1.1" 200 52725
222.69.131.116 - - [29/Mar/2020:10:47:39 +0800] "GET /xingrg/all/function/internal_message.html?_=1585450059383&CODE_STATE=getMsg HTTP/1.1" 200 27
116.224.247.222 - - [29/Mar/2020:10:47:39 +0800] "GET /xingrg/javascript/easyui/themes/default/validatebox.css HTTP/1.1" 404 1104
116.224.247.222 - - [29/Mar/2020:10:47:39 +0800] "POST /xingrg/kc/buy/cgsh_order_operate.html HTTP/1.1" 200 10639
117.185.32.26 - - [29/Mar/2020:10:47:39 +0800] "POST /xingrg/kc/mdqp/pssh_list_operate.html HTTP/1.1" 200 814
222.69.131.116 - - [29/Mar/2020:10:47:39 +0800] "GET /xingrg/check_reg.html?_=1585450059962 HTTP/1.1" 200 22
117.185.32.26 - - [29/Mar/2020:10:47:40 +0800] "POST /xingrg/kc/mdqp/pssh_list_operate.html HTTP/1.1" 200 814
180.156.150.85 - - [29/Mar/2020:10:47:41 +0800] "GET /xingrg/all/function/internal_message.html?_=1585450061222&CODE_STATE=getMsg HTTP/1.1" 200 27
117.185.32.26 - - [29/Mar/2020:10:47:41 +0800] "GET /xingrg/kc/mdqp/qp_main.html HTTP/1.1" 200 10633
117.185.32.26 - - [29/Mar/2020:10:47:42 +0800] "GET /xingrg/images/yd/bt.gif HTTP/1.1" 404 1040
117.185.32.26 - - [29/Mar/2020:10:47:42 +0800] "GET /xingrg/kc/mdqp/pssh_order_list.html HTTP/1.1" 200 17618
114.84.33.255 - - [29/Mar/2020:10:47:42 +0800] "POST /xingrg/services/DataTransmitService HTTP/1.1" 200 524
114.84.33.255 - - [29/Mar/2020:10:47:42 +0800] "POST /xingrg/services/DataTransmitService HTTP/1.1" 200 1999
114.84.33.255 - - [29/Mar/2020:10:47:42 +0800] "POST /xingrg/services/DataTransmitService HTTP/1.1" 200 524
114.84.33.255 - - [29/Mar/2020:10:47:42 +0800] "POST /xingrg/services/DataTransmitService HTTP/1.1" 200 1999
117.185.32.26 - - [29/Mar/2020:10:47:42 +0800] "POST /xingrg/kc/mdqp/pssh_list_operate.html HTTP/1.1" 200 5370
116.224.247.222 - - [29/Mar/2020:10:47:43 +0800] "GET /xingrg/all/function/internal_message.html?_=1585450242656&CODE_STATE=getMsg HTTP/1.1" 200 27
117.184.7.30 - - [29/Mar/2020:10:47:46 +0800] "GET /xingrg/all/function/internal_message.html?_=1585450065860&CODE_STATE=getMsg HTTP/1.1" 200 27
116.235.222.53 - - [29/Mar/2020:10:47:46 +0800] "GET /xingrg/all/function/internal_message.html?_=1585450066709&CODE_STATE=getMsg HTTP/1.1" 200 27
114.84.33.255 - - [29/Mar/2020:10:47:50 +0800] "GET /xingrg/all/function/internal_message.html?_=1585450073527&CODE_STATE=getMsg HTTP/1.1" 200 27
117.185.32.26 - - [29/Mar/2020:10:47:51 +0800] "POST /xingrg/kc/mdqp/pssh_list_operate.html HTTP/1.1" 200 381
117.185.32.26 - - [29/Mar/2020:10:47:57 +0800] "POST /xingrg/kc/mdqp/pssh_list_operate.html HTTP/1.1" 200 1896
114.84.33.255 - - [29/Mar/2020:10:47:59 +0800] "GET /xingrg/all/function/internal_message.html?_=1585450087519&CODE_STATE=getMsg HTTP/1.1" 200 27
222.70.183.62 - - [29/Mar/2020:10:48:00 +0800] "GET /xingrg/all/function/internal_message.html?_=1585450386629&CODE_STATE=getMsg HTTP/1.1" 200 27
222.70.183.62 - - [29/Mar/2020:10:48:01 +0800] "GET /xingrg/check_reg.html?_=1585450386764 HTTP/1.1" 200 22
172.17.0.100 - - [29/Mar/2020:10:48:07 +0800] "GET /xingrg/all/function/internal_message.html?_=1585450275569&CODE_STATE=getMsg HTTP/1.1" 200 27
172.17.0.100 - - [29/Mar/2020:10:48:07 +0800] "GET /xingrg/check_reg.html?_=1585450275573 HTTP/1.1" 200 22
222.70.183.62 - - [29/Mar/2020:10:48:12 +0800] "GET /xingrg/all/function/internal_message.html?_=1585450092832&CODE_STATE=getMsg HTTP/1.1" 302 -
180.157.252.250 - - [29/Mar/2020:10:48:16 +0800] "GET /xingrg/all/function/internal_message.html?_=1585450095782&CODE_STATE=getMsg HTTP/1.1" 200 27
116.224.247.222 - - [29/Mar/2020:10:48:19 +0800] "GET /xingrg/kc/buy/cgsh_order_add.html HTTP/1.1" 200 57825
172.17.0.101 - - [29/Mar/2020:10:48:19 +0800] "GET /xingrg/check_reg.html?_=1585450099247 HTTP/1.1" 200 22
172.17.0.101 - - [29/Mar/2020:10:48:19 +0800] "GET /xingrg/all/function/internal_message.html?_=1585450099251&CODE_STATE=getMsg HTTP/1.1" 200 27
116.224.247.222 - - [29/Mar/2020:10:48:19 +0800] "POST /xingrg/kc/buy/cgsh_order_operate.html HTTP/1.1" 200 8245
116.224.247.222 - - [29/Mar/2020:10:48:19 +0800] "GET /xingrg/javascript/easyui/themes/default/validatebox.css HTTP/1.1" 404 1104
180.162.232.172 - - [29/Mar/2020:10:48:20 +0800] "GET /xingrg/all/function/internal_message.html?_=1585450101828&CODE_STATE=getMsg HTTP/1.1" 200 27
117.185.32.26 - - [29/Mar/2020:10:48:22 +0800] "GET /xingrg/login.html HTTP/1.1" 200 7641
120.204.17.73 - - [29/Mar/2020:10:48:25 +0800] "GET /xingrg/kc/mdqp/pssh_order_info.html?code=312020032900142 HTTP/1.1" 302 -
117.185.32.26 - - [29/Mar/2020:10:48:33 +0800] "POST /xingrg/login.do HTTP/1.1" 302 -
117.185.32.26 - - [29/Mar/2020:10:48:33 +0800] "GET /xingrg/index.html?sysBaseUrl=http%3A%2F%2F180.169.147.146%3A18081%2Fxingrg%2F&costTime=33×tamp=1585450113825 HTTP/1.1" 200 17173
117.185.32.26 - - [29/Mar/2020:10:48:34 +0800] "POST /xingrg/all/common/load_tree.html?tree=area_rest_tree_json&manage=1 HTTP/1.1" 200 342
117.185.32.26 - - [29/Mar/2020:10:48:34 +0800] "GET /xingrg/check_reg.html?_=1585450114096 HTTP/1.1" 200 22
117.185.32.26 - - [29/Mar/2020:10:48:34 +0800] "GET /xingrg/all/function/internal_message.html?_=1585450114095&CODE_STATE=count HTTP/1.1" 200 11
120.204.17.73 - - [29/Mar/2020:10:48:34 +0800] "GET /xingrg/login.html HTTP/1.1" 200 7641
117.185.32.26 - - [29/Mar/2020:10:48:34 +0800] "POST /xingrg/load_menu.html HTTP/1.1" 200 5138
117.185.32.26 - - [29/Mar/2020:10:48:36 +0800] "GET /xingrg/kc/buy/buy_main.html HTTP/1.1" 200 12412
117.185.32.26 - - [29/Mar/2020:10:48:36 +0800] "GET /xingrg/css/new_ie.css HTTP/1.1" 404 1036
114.84.33.255 - - [29/Mar/2020:10:48:37 +0800] "POST /xingrg/services/DataTransmitService HTTP/1.1" 200 524
114.84.33.255 - - [29/Mar/2020:10:48:37 +0800] "POST /xingrg/services/DataTransmitService HTTP/1.1" 200 1999
114.84.33.255 - - [29/Mar/2020:10:48:37 +0800] "POST /xingrg/services/DataTransmitService HTTP/1.1" 200 524
114.84.33.255 - - [29/Mar/2020:10:48:37 +0800] "POST /xingrg/services/DataTransmitService HTTP/1.1" 200 1999
114.84.33.255 - - [29/Mar/2020:10:48:38 +0800] "POST /xingrg/services/DataTransmitService HTTP/1.1" 200 524
114.84.33.255 - - [29/Mar/2020:10:48:38 +0800] "POST /xingrg/services/DataTransmitService HTTP/1.1" 200 1999
117.185.32.26 - - [29/Mar/2020:10:48:38 +0800] "GET /xingrg/images/yd/bt.gif HTTP/1.1" 404 1040
114.84.33.255 - - [29/Mar/2020:10:48:38 +0800] "POST /xingrg/services/DataTransmitService HTTP/1.1" 200 524
114.84.33.255 - - [29/Mar/2020:10:48:38 +0800] "POST /xingrg/services/DataTransmitService HTTP/1.1" 200 1999
114.84.33.255 - - [29/Mar/2020:10:48:38 +0800] "POST /xingrg/services/DataTransmitService HTTP/1.1" 200 524
114.84.33.255 - - [29/Mar/2020:10:48:38 +0800] "POST /xingrg/services/DataTransmitService HTTP/1.1" 200 1999
114.84.33.255 - - [29/Mar/2020:10:48:39 +0800] "POST /xingrg/services/DataTransmitService HTTP/1.1" 200 524
