124.77.241.94 - - [26/Mar/2020:09:44:37 +0800] "GET /xingrg/system/rest/get_item.html?table=menu&target=cook_mode&id=1931&_=1585187072441 HTTP/1.1" 200 17346
124.77.241.94 - - [26/Mar/2020:09:44:37 +0800] "GET /xingrg/system/rest/get_infos.html?command=menu_img_show&id=1931 HTTP/1.1" 200 5
116.238.181.252 - - [26/Mar/2020:09:44:37 +0800] "GET /xingrg/kc/buy/cgsh_order_operate.html?command=get_materiel&rest_code=00150&code=00101011003&supplier_code=00100047&order_time=2020-03-26 HTTP/1.1" 200 413
124.77.241.94 - - [26/Mar/2020:09:44:39 +0800] "GET /xingrg/system/rest/get_item.html?table=menu&target=menu_rest_detail&id=1931&sid=12&_=1585187075012 HTTP/1.1" 200 436
116.224.247.222 - - [26/Mar/2020:09:44:41 +0800] "GET /xingrg/all/function/internal_message.html?_=1585187256554&CODE_STATE=getMsg HTTP/1.1" 200 27
114.93.75.19 - - [26/Mar/2020:09:44:42 +0800] "GET /xingrg/all/function/internal_message.html?_=1585187085656&CODE_STATE=getMsg HTTP/1.1" 200 27
114.93.75.19 - - [26/Mar/2020:09:44:45 +0800] "GET /xingrg/all/function/internal_message.html?_=1585187082101&CODE_STATE=getMsg HTTP/1.1" 302 -
116.235.222.53 - - [26/Mar/2020:09:44:47 +0800] "POST /xingrg/kc/buy/cgsh_order_operate.html HTTP/1.1" 200 37
124.77.241.94 - - [26/Mar/2020:09:44:47 +0800] "POST /xingrg/system/rest/edit_item.html HTTP/1.1" 200 4
124.77.241.94 - - [26/Mar/2020:09:44:47 +0800] "GET /xingrg/system/rest/get_item.html?table=menu&target=menu_rest&id=1931&_=1585187082832 HTTP/1.1" 200 853
116.238.181.252 - - [26/Mar/2020:09:44:47 +0800] "GET /xingrg/all/function/internal_message.html?_=1585187086104&CODE_STATE=getMsg HTTP/1.1" 200 27
180.157.252.250 - - [26/Mar/2020:09:44:48 +0800] "POST /xingrg/services/DataTransmitService HTTP/1.1" 200 524
116.235.222.53 - - [26/Mar/2020:09:44:49 +0800] "POST /xingrg/kc/buy/cgsh_order_operate.html HTTP/1.1" 200 12
116.235.222.53 - - [26/Mar/2020:09:44:51 +0800] "GET /xingrg/kc/buy/cgsh_order_info.html?code=212020032602695 HTTP/1.1" 200 53009
114.93.75.19 - - [26/Mar/2020:09:44:51 +0800] "GET /xingrg/kc/report/report_main.html HTTP/1.1" 200 7337
116.235.222.53 - - [26/Mar/2020:09:44:52 +0800] "GET /xingrg/javascript/easyui/themes/default/validatebox.css HTTP/1.1" 404 1104
116.235.222.53 - - [26/Mar/2020:09:44:52 +0800] "POST /xingrg/kc/buy/cgsh_order_operate.html HTTP/1.1" 200 1200
124.77.241.94 - - [26/Mar/2020:09:44:54 +0800] "GET /xingrg/system/rest/query_items.html?_=1585187089648&table=menu&page=1&rows=20&categoryId=&key= HTTP/1.1" 200 4722
116.235.222.53 - - [26/Mar/2020:09:44:55 +0800] "GET /xingrg/kc/print/load_data.html?order_code=212020032602695&kc_code=cgsh&condition= HTTP/1.1" 200 991
114.93.75.19 - - [26/Mar/2020:09:44:56 +0800] "GET /xingrg/javascript/jquery_tools/list_manager.js HTTP/1.1" 200 3652
114.93.75.19 - - [26/Mar/2020:09:44:56 +0800] "GET /xingrg/kc/base/check_order_list.html HTTP/1.1" 200 16628
114.93.75.19 - - [26/Mar/2020:09:44:58 +0800] "GET /xingrg/javascript/easyui/themes/icons/cance_new.png HTTP/1.1" 200 3986
114.93.75.19 - - [26/Mar/2020:09:44:58 +0800] "GET /xingrg/javascript/easyui/themes/icons/check_new.png HTTP/1.1" 200 3224
114.93.75.19 - - [26/Mar/2020:09:44:58 +0800] "GET /xingrg/javascript/easyui/themes/icons/field_new.png HTTP/1.1" 200 1097
114.93.75.19 - - [26/Mar/2020:09:44:58 +0800] "POST /xingrg/kc/base/check_list_operate.html HTTP/1.1" 200 781
114.88.170.9 - - [26/Mar/2020:09:45:00 +0800] "GET /xingrg/all/function/internal_message.html?_=1585187098620&CODE_STATE=getMsg HTTP/1.1" 200 27
124.77.241.94 - - [26/Mar/2020:09:45:00 +0800] "GET /xingrg/all/function/internal_message.html?_=1585187095761&CODE_STATE=getMsg HTTP/1.1" 200 27
124.77.241.94 - - [26/Mar/2020:09:45:00 +0800] "GET /xingrg/check_reg.html?_=1585187095766 HTTP/1.1" 200 22
116.235.222.53 - - [26/Mar/2020:09:45:03 +0800] "GET /xingrg/kc/buy/cgsh_order_add.html HTTP/1.1" 200 58103
124.77.241.94 - - [26/Mar/2020:09:45:04 +0800] "GET /xingrg/system/rest/query_items.html?_=1585187100003&table=menu&page=1&rows=20&categoryId=&key=1932 HTTP/1.1" 200 253
116.235.222.53 - - [26/Mar/2020:09:45:05 +0800] "GET /xingrg/javascript/easyui/themes/default/validatebox.css HTTP/1.1" 404 1104
116.235.222.53 - - [26/Mar/2020:09:45:05 +0800] "POST /xingrg/kc/buy/cgsh_order_operate.html HTTP/1.1" 200 8245
222.69.139.234 - - [26/Mar/2020:09:45:05 +0800] "GET /xingrg/all/function/internal_message.html?_=1585187100882&CODE_STATE=getMsg HTTP/1.1" 200 27
124.77.241.94 - - [26/Mar/2020:09:45:06 +0800] "GET /xingrg/system/rest/query_items.html?_=1585187101641&table=menu&page=1&rows=20&categoryId=&key=1932 HTTP/1.1" 200 253
124.77.241.94 - - [26/Mar/2020:09:45:06 +0800] "GET /xingrg/system/rest/get_item.html?table=menu&id=1932&_=1585187102127 HTTP/1.1" 200 937
124.77.241.94 - - [26/Mar/2020:09:45:06 +0800] "GET /xingrg/system/rest/get_item.html?table=menu&target=menu_rest&id=1932&_=1585187102142 HTTP/1.1" 200 647
124.77.241.94 - - [26/Mar/2020:09:45:06 +0800] "GET /xingrg/system/rest/get_item.html?table=menu&target=cook_mode&id=1932&_=1585187102139 HTTP/1.1" 200 14725
116.235.222.53 - - [26/Mar/2020:09:45:06 +0800] "GET /xingrg/javascript/easyui/themes/default/tree.css HTTP/1.1" 404 1090
116.235.222.53 - - [26/Mar/2020:09:45:07 +0800] "POST /xingrg/all/common/load_tree.html?tree=supplier_tree_json&isDelete=1 HTTP/1.1" 200 46535
124.77.241.94 - - [26/Mar/2020:09:45:07 +0800] "GET /xingrg/system/rest/get_infos.html?command=menu_img_show&id=1932 HTTP/1.1" 200 5
117.131.5.26 - - [26/Mar/2020:09:45:10 +0800] "GET /xingrg/all/function/internal_message.html?_=1585187354942&CODE_STATE=getMsg HTTP/1.1" 302 -
117.131.5.26 - - [26/Mar/2020:09:45:10 +0800] "GET /xingrg/login.html HTTP/1.1" 200 7639
116.235.222.53 - - [26/Mar/2020:09:45:11 +0800] "GET /xingrg/all/function/internal_message.html?_=1585187108350&CODE_STATE=getMsg HTTP/1.1" 200 27
124.77.241.94 - - [26/Mar/2020:09:45:12 +0800] "GET /xingrg/system/rest/get_item.html?table=menu&target=menu_rest_detail&id=1932&sid=12&_=1585187107377 HTTP/1.1" 200 426
116.238.181.252 - - [26/Mar/2020:09:45:17 +0800] "POST /xingrg/kc/buy/cgsh_order_operate.html HTTP/1.1" 200 37
116.238.181.252 - - [26/Mar/2020:09:45:19 +0800] "POST /xingrg/kc/buy/cgsh_order_operate.html HTTP/1.1" 200 12
124.77.241.94 - - [26/Mar/2020:09:45:20 +0800] "POST /xingrg/system/rest/edit_item.html HTTP/1.1" 200 4
124.77.241.94 - - [26/Mar/2020:09:45:20 +0800] "GET /xingrg/system/rest/get_item.html?table=menu&target=menu_rest&id=1932&_=1585187115276 HTTP/1.1" 200 647
116.238.181.252 - - [26/Mar/2020:09:45:20 +0800] "GET /xingrg/kc/buy/cgsh_order_info.html?code=212020032602696 HTTP/1.1" 200 53142
180.157.252.250 - - [26/Mar/2020:09:45:20 +0800] "POST /xingrg/services/DataTransmitService HTTP/1.1" 200 524
180.157.252.250 - - [26/Mar/2020:09:45:20 +0800] "POST /xingrg/services/DataTransmitService HTTP/1.1" 200 501
116.238.181.252 - - [26/Mar/2020:09:45:20 +0800] "GET /xingrg/javascript/easyui/themes/default/validatebox.css HTTP/1.1" 404 1104
116.238.181.252 - - [26/Mar/2020:09:45:21 +0800] "POST /xingrg/kc/buy/cgsh_order_operate.html HTTP/1.1" 200 606
58.221.95.50 - - [26/Mar/2020:09:45:22 +0800] "GET /xingrg/check_reg.html?_=1585187473821 HTTP/1.1" 200 22
116.238.181.252 - - [26/Mar/2020:09:45:22 +0800] "GET /xingrg/kc/print/load_config.html?kc_code=cgsh HTTP/1.1" 200 1841
116.238.181.252 - - [26/Mar/2020:09:45:22 +0800] "GET /xingrg/kc/print/load_data.html?order_code=212020032602696&kc_code=cgsh&condition= HTTP/1.1" 200 749
58.221.95.50 - - [26/Mar/2020:09:45:24 +0800] "GET /xingrg/all/function/internal_message.html?_=1585187476716&CODE_STATE=getMsg HTTP/1.1" 200 27
114.88.170.9 - - [26/Mar/2020:09:45:26 +0800] "GET /xingrg/all/function/internal_message.html?_=1585187425637&CODE_STATE=getMsg HTTP/1.1" 200 27
114.93.75.19 - - [26/Mar/2020:09:45:26 +0800] "GET /xingrg/all/function/internal_message.html?_=1585187125092&CODE_STATE=getMsg HTTP/1.1" 302 -
114.93.75.19 - - [26/Mar/2020:09:45:26 +0800] "GET /xingrg/check_reg.html?_=1585187125096 HTTP/1.1" 302 -
114.93.75.19 - - [26/Mar/2020:09:45:27 +0800] "POST /xingrg/kc/base/check_list_operate.html HTTP/1.1" 200 4950
114.93.75.19 - - [26/Mar/2020:09:45:30 +0800] "GET /xingrg/all/function/internal_message.html?_=1585187128543&CODE_STATE=getMsg HTTP/1.1" 200 27
124.77.241.94 - - [26/Mar/2020:09:45:31 +0800] "GET /xingrg/all/function/internal_message.html?_=1585187171527&CODE_STATE=getMsg HTTP/1.1" 200 27
114.93.75.19 - - [26/Mar/2020:09:45:32 +0800] "POST /xingrg/dwr/call/plaincall/AjaxReportQueryService.refreshCache.dwr HTTP/1.1" 200 79
124.77.241.94 - - [26/Mar/2020:09:45:33 +0800] "GET /xingrg/system/rest/query_items.html?_=1585187128371&table=menu&page=1&rows=20&categoryId=&key=xhy HTTP/1.1" 200 3832
114.93.75.19 - - [26/Mar/2020:09:45:35 +0800] "POST /xingrg/all/report/load_report_page.html HTTP/1.1" 200 16081
114.93.75.19 - - [26/Mar/2020:09:45:35 +0800] "GET /xingrg/servlets/image?cache=0.8221849727790875&image=px HTTP/1.1" 200 807
114.93.75.19 - - [26/Mar/2020:09:45:36 +0800] "GET /xingrg/all/function/internal_message.html?_=1585187135201&CODE_STATE=getMsg HTTP/1.1" 200 27
114.88.170.9 - - [26/Mar/2020:09:45:37 +0800] "GET /xingrg/check_reg.html?_=1585187136209 HTTP/1.1" 200 22
116.235.222.53 - - [26/Mar/2020:09:45:38 +0800] "GET /xingrg/kc/buy/cgsh_order_operate.html?command=get_materiel&rest_code=00107&code=00101004067&supplier_code=00100312&order_time=2020-03-26 HTTP/1.1" 200 429
116.224.247.222 - - [26/Mar/2020:09:45:41 +0800] "GET /xingrg/all/function/internal_message.html?_=1585187316569&CODE_STATE=getMsg HTTP/1.1" 200 27
114.93.75.19 - - [26/Mar/2020:09:45:41 +0800] "GET /xingrg/all/report/report_query.html?isQuery=1&fileName=kc/buy/wlcg_cate_hz.xml&queryString=(CONVERT(char(10)%2Ca.order_time%2C%20120)%3E%3D'2020-01-01')%20and%20(CONVERT(char(10)%2Ca.order_time%2C%20120)%3C%3D'2020-01-31')%20and%20(a.small_sort%20in%20('00102001'%2C'00102002'%2C'00102003'%2C'00102004'%2C'00102005'%2C'00102006'%2C'00102007'%2C'00102008'%2C'00102009'%2C'00102010'%2C'00102011'%2C'00102012'%2C'00102013'%2C'00102014'%2C'00102015'%2C'00102016'%2C'00102017'%2C'00102018'%2C'00102019'%2C'00102020'%2C'00102021'%2C'00102022'%2C'00102023'%2C'00102024'%2C'00102025'%2C'00102026'%2C'00102027'%2C'00102028'%2C'00102029'%2C'00102030'%2C'00102031'%2C'00102032'%2C'00102033'))%20and%20(a.supplier_code%3D'00100152')%20and%20(a.base_code%3D'0010186')&queryText=%E3%80%90%E9%87%87%E8%B4%AD%E6%97%A5%E6%9C%9F%3A2020-01-01%20%E8%87%B3%202020-01-31%E3%80%91%20%E5%B9%B6%E4%B8%94%20%20%E3%80%90%E6%9D%90%E6%96%99%E7%B1%BB%E5%88%AB%20%3D%20%E8%B4%B9%E7%94%A8%E7%B1%BB%2C%E7%89%A9%E6%96%99%E7%94%A8%E5%93%81%E7%B1%BB-%E5%8A%9E%E5%85%AC%E7%94%A8%E5%93%81%2C%E7%89%A9%E6%96%99%E7%94%A8%E5%93%81%E7%B1%BB-%E6%97%A5%E5%B8%B8%E7%94%A8%E5%93%81%2C%E5%91%A8%E8%BD%AC%E6%9D%90%E6%96%99-%E7%94%A8%E5%93%81%E7%B1%BB%2C%E5%91%A8%E8%BD%AC%E6%9D%90%E6%96%99-%E5%B8%83%E8%8D%89%E3%80%81%E6%AF%9B%E5%B7%BE%2C%E5%91%A8%E8%BD%AC%E6%9D%90%E6%96%99-%E9%A4%90%E5%85%B7%E7%B1%BB%2C%E5%91%A8%E8%BD%AC%E6%9D%90%E6%96%99-%E9%A4%90%E5%85%B7%E7%B1%BB2%2C%E5%91%A8%E8%BD%AC%E6%9D%90%E6%96%99-%E6%9C%8D%E8%A3%85%E7%B1%BB%2C%E5%91%A8%E8%BD%AC%E6%9D%90%E6%96%99-%E5%85%B6%E4%BB%96%E5%91%A8%E8%BD%AC%2C%E5%B7%A5%E7%A8%8B%E6%9D%90%E6%96%99-%E7%BB%B4%E4%BF%AE%E6%9D%90%E6%96%99%2C%E5%B7%A5%E7%A8%8B%E6%9D%90%E6%96%99-%E7%BB%B4%E4%BF%AE%E6%9D%90%E6%96%992%2C%E5%B7%A5%E7%A8%8B%E6%9D%90%E6%96%99-%E7%BB%B4%E4%BF%AE%E6%9D%90%E6%96%993%2C%E5%AE%A2%E6%88%B7%E7%94%A8%E5%93%81-%E5%AE%A2%E6%88%B7%E7%A4%BC%E5%93%81%2C%E8%90%A5%E9%94%80%E7%94%A8%E5%93%81-%E5%8D%B0%E5%88%B7%E5%93%81%2C%E8%A3%85%E9%A5%B0%E5%93%81%E7%B1%BB-%E8%A3%85%E9%A5%B0%E5%93%81%2C%E5%91%98%E5%B7%A5%E7%94%A8%E5%93%81-%E7%A6%8F%E5%88%A9%E7%94%A8%E5%93%81%2C%E8%A3%85%E4%BF%AE%E7%B1%BB-%E5%B7%A5%E7%A8%8B%E6%9D%90%E6%96%99%E7%B1%BB%2C%E8%A3%85%E4%BF%AE%E7%B1%BB-%E5%AE%B6%E5%85%B7%E7%B1%BB%2C%E5%9B%BA%E5%AE%9A%E8%B5%84%E4%BA%A7-%E8%AE%BE%E5%A4%87%E7%B1%BB%2C%E7%BB%B4%E4%B9%9F%E7%BA%B3-%E5%B8%83%E8%8D%89%E7%B1%BB%EF%BC%88%E7%BB%B4%EF%BC%89%2C%E7%BB%B4%E4%B9%9F%E7%BA%B3-%E4%BD%8E%E5%80%BC%EF%BC%88%E7%BB%B4%EF%BC%89%2C%E7%BB%B4-%E6%A0%B8%E5%BF%83%E7%89%A9%E8%B5%84%2C%E7%BB%B4-%E5%B0%8F%E5%95%86%E5%93%81%E7%B1%BB%EF%BC%88%E7%BB%B4%EF%BC%89%2C%E7%BB%B4-%E4%B8%80%E6%AC%A1%E6%80%A7%2C%E7%BB%B4-%E5%8D%B0%E5%88%B7%E5%93%81%EF%BC%88%E7%BB%B4%EF%BC%89%2C%E7%BB%B4-%E5%9B%BA%E5%AE%9A%E8%B5%84%E4%BA%A7%E7%B1%BB%2C%E5%85%B6%E4%BB%96%E8%B4%B9%E7%94%A8%E7%B1%BB%2C%E6%B6%88%E9%98%B2%E6%9D%90%E6%96%99%E8%AE%BE%E5%A4%87%2C%E4%B8%87%E6%80%A1-%E5%AE%A2%E6%88%BF%E6%A0%B8%E5%BF%83%E7%89%A9%E8%B5%84%2C%E4%B8%87%E6%80%A1-%E5%B0%8F%E5%95%86%E5%93%81%E7%B1%BB%2C%E4%B8%87%E6%80%A1-%E4%B8%80%E6%AC%A1%E6%80%A7%E7%94%A8%E5%93%81%2C%E4%B8%87%E6%80%A1-%E4%BD%8E%E5%80%BC%E6%98%93%E8%80%97%E5%93%81%2C%E4%B8%87%E6%80%A1-%E7%89%A9%E6%96%99%E7%94%A8%E5%93%81%2C%E4%B8%87%E6%80%A1-%E6%9C%8D%E8%A3%85%E7%B1%BB%E3%80%91%20%E5%B9%B6%E4%B8%94%20%E3%80%90%E4%BE%9B%E5%BA%94%E5%95%86%3D%E6%80%BB%E9%83%A8%E9%87%87%E8%B4%AD%EF%BC%88%E7%81%AB%E9%94%85%EF%BC%89%E3%80%91%E5%B9%B6%E4%B8%94%E3%80%90%E4%BB%93%E5%BA%93%E5%90%8D%E7%A7%B0%20%3D%20%E5%8E%A8%E6%88%BF%E3%80%91&rand=0.9161902660997742 HTTP/1.1" 500 -
114.93.75.19 - - [26/Mar/2020:09:45:41 +0800] "GET /xingrg/all/report/report_query.html?isQuery=1&fileName=kc/buy/wlcg_cate_hz.xml&queryString=(CONVERT(char(10)%2Ca.order_time%2C%20120)%3E%3D'2020-01-01')%20and%20(CONVERT(char(10)%2Ca.order_time%2C%20120)%3C%3D'2020-01-31')%20and%20(a.small_sort%20in%20('00102001'%2C'00102002'%2C'00102003'%2C'00102004'%2C'00102005'%2C'00102006'%2C'00102007'%2C'00102008'%2C'00102009'%2C'00102010'%2C'00102011'%2C'00102012'%2C'00102013'%2C'00102014'%2C'00102015'%2C'00102016'%2C'00102017'%2C'00102018'%2C'00102019'%2C'00102020'%2C'00102021'%2C'00102022'%2C'00102023'%2C'00102024'%2C'00102025'%2C'00102026'%2C'00102027'%2C'00102028'%2C'00102029'%2C'00102030'%2C'00102031'%2C'00102032'%2C'00102033'))%20and%20(a.supplier_code%3D'00100152')%20and%20(a.base_code%3D'0010186')&queryText=%E3%80%90%E9%87%87%E8%B4%AD%E6%97%A5%E6%9C%9F%3A2020-01-01%20%E8%87%B3%202020-01-31%E3%80%91%20%E5%B9%B6%E4%B8%94%20%20%E3%80%90%E6%9D%90%E6%96%99%E7%B1%BB%E5%88%AB%20%3D%20%E8%B4%B9%E7%94%A8%E7%B1%BB%2C%E7%89%A9%E6%96%99%E7%94%A8%E5%93%81%E7%B1%BB-%E5%8A%9E%E5%85%AC%E7%94%A8%E5%93%81%2C%E7%89%A9%E6%96%99%E7%94%A8%E5%93%81%E7%B1%BB-%E6%97%A5%E5%B8%B8%E7%94%A8%E5%93%81%2C%E5%91%A8%E8%BD%AC%E6%9D%90%E6%96%99-%E7%94%A8%E5%93%81%E7%B1%BB%2C%E5%91%A8%E8%BD%AC%E6%9D%90%E6%96%99-%E5%B8%83%E8%8D%89%E3%80%81%E6%AF%9B%E5%B7%BE%2C%E5%91%A8%E8%BD%AC%E6%9D%90%E6%96%99-%E9%A4%90%E5%85%B7%E7%B1%BB%2C%E5%91%A8%E8%BD%AC%E6%9D%90%E6%96%99-%E9%A4%90%E5%85%B7%E7%B1%BB2%2C%E5%91%A8%E8%BD%AC%E6%9D%90%E6%96%99-%E6%9C%8D%E8%A3%85%E7%B1%BB%2C%E5%91%A8%E8%BD%AC%E6%9D%90%E6%96%99-%E5%85%B6%E4%BB%96%E5%91%A8%E8%BD%AC%2C%E5%B7%A5%E7%A8%8B%E6%9D%90%E6%96%99-%E7%BB%B4%E4%BF%AE%E6%9D%90%E6%96%99%2C%E5%B7%A5%E7%A8%8B%E6%9D%90%E6%96%99-%E7%BB%B4%E4%BF%AE%E6%9D%90%E6%96%992%2C%E5%B7%A5%E7%A8%8B%E6%9D%90%E6%96%99-%E7%BB%B4%E4%BF%AE%E6%9D%90%E6%96%993%2C%E5%AE%A2%E6%88%B7%E7%94%A8%E5%93%81-%E5%AE%A2%E6%88%B7%E7%A4%BC%E5%93%81%2C%E8%90%A5%E9%94%80%E7%94%A8%E5%93%81-%E5%8D%B0%E5%88%B7%E5%93%81%2C%E8%A3%85%E9%A5%B0%E5%93%81%E7%B1%BB-%E8%A3%85%E9%A5%B0%E5%93%81%2C%E5%91%98%E5%B7%A5%E7%94%A8%E5%93%81-%E7%A6%8F%E5%88%A9%E7%94%A8%E5%93%81%2C%E8%A3%85%E4%BF%AE%E7%B1%BB-%E5%B7%A5%E7%A8%8B%E6%9D%90%E6%96%99%E7%B1%BB%2C%E8%A3%85%E4%BF%AE%E7%B1%BB-%E5%AE%B6%E5%85%B7%E7%B1%BB%2C%E5%9B%BA%E5%AE%9A%E8%B5%84%E4%BA%A7-%E8%AE%BE%E5%A4%87%E7%B1%BB%2C%E7%BB%B4%E4%B9%9F%E7%BA%B3-%E5%B8%83%E8%8D%89%E7%B1%BB%EF%BC%88%E7%BB%B4%EF%BC%89%2C%E7%BB%B4%E4%B9%9F%E7%BA%B3-%E4%BD%8E%E5%80%BC%EF%BC%88%E7%BB%B4%EF%BC%89%2C%E7%BB%B4-%E6%A0%B8%E5%BF%83%E7%89%A9%E8%B5%84%2C%E7%BB%B4-%E5%B0%8F%E5%95%86%E5%93%81%E7%B1%BB%EF%BC%88%E7%BB%B4%EF%BC%89%2C%E7%BB%B4-%E4%B8%80%E6%AC%A1%E6%80%A7%2C%E7%BB%B4-%E5%8D%B0%E5%88%B7%E5%93%81%EF%BC%88%E7%BB%B4%EF%BC%89%2C%E7%BB%B4-%E5%9B%BA%E5%AE%9A%E8%B5%84%E4%BA%A7%E7%B1%BB%2C%E5%85%B6%E4%BB%96%E8%B4%B9%E7%94%A8%E7%B1%BB%2C%E6%B6%88%E9%98%B2%E6%9D%90%E6%96%99%E8%AE%BE%E5%A4%87%2C%E4%B8%87%E6%80%A1-%E5%AE%A2%E6%88%BF%E6%A0%B8%E5%BF%83%E7%89%A9%E8%B5%84%2C%E4%B8%87%E6%80%A1-%E5%B0%8F%E5%95%86%E5%93%81%E7%B1%BB%2C%E4%B8%87%E6%80%A1-%E4%B8%80%E6%AC%A1%E6%80%A7%E7%94%A8%E5%93%81%2C%E4%B8%87%E6%80%A1-%E4%BD%8E%E5%80%BC%E6%98%93%E8%80%97%E5%93%81%2C%E4%B8%87%E6%80%A1-%E7%89%A9%E6%96%99%E7%94%A8%E5%93%81%2C%E4%B8%87%E6%80%A1-%E6%9C%8D%E8%A3%85%E7%B1%BB%E3%80%91%20%E5%B9%B6%E4%B8%94%20%E3%80%90%E4%BE%9B%E5%BA%94%E5%95%86%3D%E6%80%BB%E9%83%A8%E9%87%87%E8%B4%AD%EF%BC%88%E7%81%AB%E9%94%85%EF%BC%89%E3%80%91%E5%B9%B6%E4%B8%94%E3%80%90%E4%BB%93%E5%BA%93%E5%90%8D%E7%A7%B0%20%3D%20%E5%8E%A8%E6%88%BF%E3%80%91&rand=0.9161902660997742 HTTP/1.1" 500 -
114.93.75.19 - - [26/Mar/2020:09:45:42 +0800] "GET /xingrg/all/function/internal_message.html?_=1585187145652&CODE_STATE=getMsg HTTP/1.1" 200 27
114.93.75.19 - - [26/Mar/2020:09:45:45 +0800] "GET /xingrg/all/function/internal_message.html?_=1585187142088&CODE_STATE=getMsg HTTP/1.1" 302 -
116.238.181.252 - - [26/Mar/2020:09:45:47 +0800] "GET /xingrg/all/function/internal_message.html?_=1585187146081&CODE_STATE=getMsg HTTP/1.1" 200 27
116.238.181.252 - - [26/Mar/2020:09:45:48 +0800] "POST /xingrg/all/user/operate.html HTTP/1.1" 200 36
116.238.181.252 - - [26/Mar/2020:09:45:48 +0800] "GET /xingrg/index.html?sysBaseUrl=http%3A%2F%2F117.131.15.22%3A18081%2Fxingrg%2F&costTime=36×tamp=1585105645772 HTTP/1.1" 200 17155
116.238.181.252 - - [26/Mar/2020:09:45:48 +0800] "GET /xingrg/javascript/jquery_easy_ui/themes/default/easyui.css HTTP/1.1" 304 -
116.238.181.252 - - [26/Mar/2020:09:45:48 +0800] "GET /xingrg/javascript/jquery_easy_ui/themes/icon.css HTTP/1.1" 304 -
116.238.181.252 - - [26/Mar/2020:09:45:48 +0800] "GET /xingrg/css/form.css HTTP/1.1" 304 -
116.238.181.252 - - [26/Mar/2020:09:45:48 +0800] "GET /xingrg/javascript/jquery-1.4.2.min.js HTTP/1.1" 304 -
116.238.181.252 - - [26/Mar/2020:09:45:48 +0800] "GET /xingrg/javascript/jquery_easy_ui/jquery.easyui.min.js HTTP/1.1" 304 -
116.238.181.252 - - [26/Mar/2020:09:45:48 +0800] "GET /xingrg/javascript/jquery_easy_ui/easyui-lang-zh_CN.js HTTP/1.1" 304 -
116.238.181.252 - - [26/Mar/2020:09:45:48 +0800] "GET /xingrg/javascript/jquery.form.js HTTP/1.1" 304 -
116.238.181.252 - - [26/Mar/2020:09:45:48 +0800] "GET /xingrg/javascript/jquery.utils.js HTTP/1.1" 304 -
116.238.181.252 - - [26/Mar/2020:09:45:48 +0800] "GET /xingrg/javascript/jquery.timers.js HTTP/1.1" 304 -
116.238.181.252 - - [26/Mar/2020:09:45:48 +0800] "GET /xingrg/images/blue/jxLogo.png HTTP/1.1" 304 -
116.238.181.252 - - [26/Mar/2020:09:45:48 +0800] "GET /xingrg/images/blue/navBackgound.jpg HTTP/1.1" 304 -
116.238.181.252 - - [26/Mar/2020:09:45:48 +0800] "GET /xingrg/javascript/jquery_easy_ui/themes/icons/settle_new.png HTTP/1.1" 304 -
116.238.181.252 - - [26/Mar/2020:09:45:49 +0800] "POST /xingrg/all/common/load_tree.html?tree=area_rest_tree_json&manage=1 HTTP/1.1" 200 476
116.238.181.252 - - [26/Mar/2020:09:45:49 +0800] "GET /xingrg/all/function/internal_message.html?_=1585187147447&CODE_STATE=count HTTP/1.1" 200 11
116.238.181.252 - - [26/Mar/2020:09:45:49 +0800] "GET /xingrg/check_reg.html?_=1585187147449 HTTP/1.1" 200 22
116.238.181.252 - - [26/Mar/2020:09:45:49 +0800] "GET /xingrg/javascript/jquery_easy_ui/themes/default/images/tabs_rightarrow.png HTTP/1.1" 304 -
116.238.181.252 - - [26/Mar/2020:09:45:49 +0800] "GET /xingrg/images/blue/pingpu.png HTTP/1.1" 304 -
116.238.181.252 - - [26/Mar/2020:09:45:49 +0800] "GET /xingrg/javascript/jquery_easy_ui/themes/default/images/tabs_leftarrow.png HTTP/1.1" 304 -
116.238.181.252 - - [26/Mar/2020:09:45:49 +0800] "GET /xingrg/javascript/jquery_easy_ui/themes/default/images/panel_tool_collapse.gif HTTP/1.1" 304 -
116.238.181.252 - - [26/Mar/2020:09:45:49 +0800] "POST /xingrg/load_menu.html HTTP/1.1" 200 5124
124.77.241.94 - - [26/Mar/2020:09:45:50 +0800] "GET /xingrg/system/rest/query_items.html?_=1585187145386&table=menu&page=1&rows=20&categoryId=&key=xhy HTTP/1.1" 200 3832
124.77.241.94 - - [26/Mar/2020:09:45:50 +0800] "GET /xingrg/system/rest/get_item.html?table=menu&id=6961&_=1585187145784 HTTP/1.1" 200 938
124.77.241.94 - - [26/Mar/2020:09:45:50 +0800] "GET /xingrg/system/rest/get_item.html?table=menu&target=menu_rest&id=6961&_=1585187145792 HTTP/1.1" 200 59
124.77.241.94 - - [26/Mar/2020:09:45:50 +0800] "GET /xingrg/system/rest/get_item.html?table=menu&target=cook_mode&id=6961&_=1585187145791 HTTP/1.1" 200 2142
124.77.241.94 - - [26/Mar/2020:09:45:50 +0800] "GET /xingrg/system/rest/get_infos.html?command=menu_img_show&id=6961 HTTP/1.1" 200 5
116.238.181.252 - - [26/Mar/2020:09:45:51 +0800] "GET /xingrg/kc/buy/cgsh_order_list.html HTTP/1.1" 200 42047
116.238.181.252 - - [26/Mar/2020:09:45:51 +0800] "POST /xingrg/kc/buy/cgsh_list_operate.html HTTP/1.1" 200 876
116.238.181.252 - - [26/Mar/2020:09:45:52 +0800] "GET /xingrg/kc/buy/cgsh_order_add.html HTTP/1.1" 200 57375
114.93.75.19 - - [26/Mar/2020:09:45:52 +0800] "POST /xingrg/dwr/call/plaincall/AjaxReportQueryService.refreshCache.dwr HTTP/1.1" 200 78
116.238.181.252 - - [26/Mar/2020:09:45:52 +0800] "POST /xingrg/kc/buy/cgsh_order_operate.html HTTP/1.1" 200 8245
116.238.181.252 - - [26/Mar/2020:09:45:52 +0800] "GET /xingrg/javascript/easyui/themes/default/validatebox.css HTTP/1.1" 404 1104
116.238.181.252 - - [26/Mar/2020:09:45:52 +0800] "GET /xingrg/all/common/auto_word.html?type=employee&rest_code=00151 HTTP/1.1" 200 243
116.238.181.252 - - [26/Mar/2020:09:45:52 +0800] "GET /xingrg/all/common/auto_word.html?type=employee&rest_code=00151 HTTP/1.1" 200 243
116.238.181.252 - - [26/Mar/2020:09:45:53 +0800] "GET /xingrg/javascript/auto/indicator.gif HTTP/1.1" 404 1066
114.93.75.19 - - [26/Mar/2020:09:45:53 +0800] "POST /xingrg/all/report/load_report_page.html HTTP/1.1" 200 78472
114.93.75.19 - - [26/Mar/2020:09:45:53 +0800] "GET /xingrg/servlets/image?cache=0.07592807256239076&image=px HTTP/1.1" 200 807
116.235.222.53 - - [26/Mar/2020:09:45:55 +0800] "GET /xingrg/kc/buy/cgsh_order_operate.html?command=get_materiel&rest_code=00107&code=00101004030&supplier_code=00100312&order_time=2020-03-26 HTTP/1.1" 200 426
116.238.181.252 - - [26/Mar/2020:09:45:59 +0800] "GET /xingrg/kc/buy/cgsh_order_operate.html?command=get_materiel&rest_code=00151&code=00101008300&supplier_code=00100007&order_time=2020-03-26 HTTP/1.1" 200 412
114.88.170.9 - - [26/Mar/2020:09:46:00 +0800] "GET /xingrg/all/function/internal_message.html?_=1585187158638&CODE_STATE=getMsg HTTP/1.1" 200 27
124.77.241.94 - - [26/Mar/2020:09:46:00 +0800] "GET /xingrg/all/function/internal_message.html?_=1585187155758&CODE_STATE=getMsg HTTP/1.1" 200 27
222.69.139.234 - - [26/Mar/2020:09:46:05 +0800] "GET /xingrg/all/function/internal_message.html?_=1585187160888&CODE_STATE=getMsg HTTP/1.1" 200 27
116.235.222.53 - - [26/Mar/2020:09:46:07 +0800] "POST /xingrg/kc/buy/cgsh_order_operate.html HTTP/1.1" 200 37
114.93.75.19 - - [26/Mar/2020:09:46:07 +0800] "POST /xingrg/all/report/report_print.html HTTP/1.1" 200 16924
124.77.241.94 - - [26/Mar/2020:09:46:08 +0800] "GET /xingrg/system/rest/get_item.html?table=menu&id=2111&_=1585187163490 HTTP/1.1" 200 929
124.77.241.94 - - [26/Mar/2020:09:46:08 +0800] "GET /xingrg/system/rest/get_item.html?table=menu&target=menu_rest&id=2111&_=1585187163500 HTTP/1.1" 200 847
124.77.241.94 - - [26/Mar/2020:09:46:08 +0800] "GET /xingrg/system/rest/get_item.html?table=menu&target=cook_mode&id=2111&_=1585187163499 HTTP/1.1" 200 14294
124.77.241.94 - - [26/Mar/2020:09:46:08 +0800] "GET /xingrg/system/rest/get_infos.html?command=menu_img_show&id=2111 HTTP/1.1" 200 5
116.238.181.252 - - [26/Mar/2020:09:46:09 +0800] "GET /xingrg/kc/buy/cgsh_order_operate.html?command=get_materiel&rest_code=00151&code=00101008067&supplier_code=00100007&order_time=2020-03-26 HTTP/1.1" 200 416
116.235.222.53 - - [26/Mar/2020:09:46:09 +0800] "POST /xingrg/kc/buy/cgsh_order_operate.html HTTP/1.1" 200 12
117.131.5.26 - - [26/Mar/2020:09:46:10 +0800] "GET /xingrg/all/function/internal_message.html?_=1585187414951&CODE_STATE=getMsg HTTP/1.1" 302 -
117.131.5.26 - - [26/Mar/2020:09:46:10 +0800] "GET /xingrg/login.html HTTP/1.1" 200 7639
116.235.222.53 - - [26/Mar/2020:09:46:11 +0800] "GET /xingrg/kc/buy/cgsh_order_info.html?code=212020032602697 HTTP/1.1" 200 53009
124.77.241.94 - - [26/Mar/2020:09:46:11 +0800] "GET /xingrg/system/rest/get_item.html?table=menu&target=menu_rest_detail&id=2111&sid=12&_=1585187167039 HTTP/1.1" 200 426
116.235.222.53 - - [26/Mar/2020:09:46:11 +0800] "GET /xingrg/all/function/internal_message.html?_=1585187168389&CODE_STATE=getMsg HTTP/1.1" 200 27
124.77.241.94 - - [26/Mar/2020:09:46:12 +0800] "GET /xingrg/check_reg.html?_=1585187213102 HTTP/1.1" 200 22
116.235.222.53 - - [26/Mar/2020:09:46:12 +0800] "GET /xingrg/javascript/easyui/themes/default/validatebox.css HTTP/1.1" 404 1104
116.235.222.53 - - [26/Mar/2020:09:46:12 +0800] "POST /xingrg/kc/buy/cgsh_order_operate.html HTTP/1.1" 200 1198
116.235.222.53 - - [26/Mar/2020:09:46:14 +0800] "GET /xingrg/kc/print/load_data.html?order_code=212020032602697&kc_code=cgsh&condition= HTTP/1.1" 200 919
116.238.181.252 - - [26/Mar/2020:09:46:16 +0800] "GET /xingrg/kc/buy/cgsh_order_operate.html?command=get_materiel&rest_code=00151&code=00101008224&supplier_code=00100007&order_time=2020-03-26 HTTP/1.1" 200 432
114.93.75.19 - - [26/Mar/2020:09:46:21 +0800] "GET /xingrg/kc/report/report_main.html HTTP/1.1" 200 7337
116.235.222.53 - - [26/Mar/2020:09:46:22 +0800] "GET /xingrg/kc/buy/cgsh_order_add.html HTTP/1.1" 200 58103
116.238.181.252 - - [26/Mar/2020:09:46:22 +0800] "GET /xingrg/kc/buy/cgsh_order_operate.html?command=get_materiel&rest_code=00151&code=00101008261&supplier_code=00100007&order_time=2020-03-26 HTTP/1.1" 200 408
116.235.222.53 - - [26/Mar/2020:09:46:23 +0800] "POST /xingrg/kc/buy/cgsh_order_operate.html HTTP/1.1" 200 8245
116.235.222.53 - - [26/Mar/2020:09:46:24 +0800] "GET /xingrg/javascript/easyui/themes/default/validatebox.css HTTP/1.1" 404 1104
114.93.75.19 - - [26/Mar/2020:09:46:24 +0800] "GET /xingrg/kc/base/crk_hz.html HTTP/1.1" 200 11239
114.93.75.19 - - [26/Mar/2020:09:46:24 +0800] "POST /xingrg/kc/cost/cost_operate.html?command=get_base_tree HTTP/1.1" 200 786
114.93.75.19 - - [26/Mar/2020:09:46:24 +0800] "POST /xingrg/all/common/load_tree.html?tree=materiel_sort_tree_json HTTP/1.1" 200 8666
58.221.95.50 - - [26/Mar/2020:09:46:24 +0800] "GET /xingrg/all/function/internal_message.html?_=1585187536703&CODE_STATE=getMsg HTTP/1.1" 200 27
124.77.241.94 - - [26/Mar/2020:09:46:25 +0800] "POST /xingrg/system/rest/edit_item.html HTTP/1.1" 200 4
124.77.241.94 - - [26/Mar/2020:09:46:25 +0800] "GET /xingrg/system/rest/get_item.html?table=menu&target=menu_rest&id=2111&_=1585187180667 HTTP/1.1" 200 847
114.88.170.9 - - [26/Mar/2020:09:46:26 +0800] "GET /xingrg/all/function/internal_message.html?_=1585187485640&CODE_STATE=getMsg HTTP/1.1" 200 27
116.235.222.53 - - [26/Mar/2020:09:46:26 +0800] "GET /xingrg/javascript/easyui/themes/default/tree.css HTTP/1.1" 404 1090
116.235.222.53 - - [26/Mar/2020:09:46:26 +0800] "POST /xingrg/all/common/load_tree.html?tree=supplier_tree_json&isDelete=1 HTTP/1.1" 200 46535
114.93.75.19 - - [26/Mar/2020:09:46:26 +0800] "GET /xingrg/all/function/internal_message.html?_=1585187185098&CODE_STATE=getMsg HTTP/1.1" 302 -
114.93.75.19 - - [26/Mar/2020:09:46:30 +0800] "GET /xingrg/all/function/internal_message.html?_=1585187188551&CODE_STATE=getMsg HTTP/1.1" 200 27
124.77.241.94 - - [26/Mar/2020:09:46:31 +0800] "GET /xingrg/all/function/internal_message.html?_=1585187231537&CODE_STATE=getMsg HTTP/1.1" 200 27
116.238.181.252 - - [26/Mar/2020:09:46:31 +0800] "GET /xingrg/kc/buy/cgsh_order_operate.html?command=get_materiel&rest_code=00151&code=00101006058&supplier_code=00100007&order_time=2020-03-26 HTTP/1.1" 200 413
114.93.75.19 - - [26/Mar/2020:09:46:36 +0800] "GET /xingrg/kc/base/crk_hz.html?_=1585187194221&command=get_cost_id&end_date=2020-01-31&start_date=2020-01-01 HTTP/1.1" 200 51
114.93.75.19 - - [26/Mar/2020:09:46:36 +0800] "GET /xingrg/all/report/report_query.html?isQuery=1&onlyBody=1&rh=99999&rw=1800&varString=start:20200101,cost_id:2520,mid:20200101&fileName=kc/base/crk_hz_type_by_base.xml&queryString=&queryText=ÈÕÆÚ£º2020-01-01ÖÁ2020-01-31&tableQueryString=materiel_table$sp1$$sp$before_table$sp1$$sp$crk_table$sp1$order_day%20between%2020200101%20and%2020200131 HTTP/1.1" 200 49333
114.93.75.19 - - [26/Mar/2020:09:46:36 +0800] "GET /xingrg/dwr/interface/AjaxReportQueryService.js HTTP/1.1" 200 13203
114.93.75.19 - - [26/Mar/2020:09:46:36 +0800] "GET /xingrg/dwr/engine.js HTTP/1.1" 200 43631
114.93.75.19 - - [26/Mar/2020:09:46:36 +0800] "GET /xingrg/all/function/internal_message.html?_=1585187195198&CODE_STATE=getMsg HTTP/1.1" 200 27
114.93.75.19 - - [26/Mar/2020:09:46:37 +0800] "POST /xingrg/all/report/load_report_page.html HTTP/1.1" 200 309091
114.93.75.19 - - [26/Mar/2020:09:46:37 +0800] "GET /xingrg/servlets/image?cache=0.4603179172521439&image=px HTTP/1.1" 200 807
116.238.181.252 - - [26/Mar/2020:09:46:41 +0800] "GET /xingrg/kc/buy/cgsh_order_operate.html?command=get_materiel&rest_code=00151&code=00101006057&supplier_code=00100007&order_time=2020-03-26 HTTP/1.1" 200 413
116.224.247.222 - - [26/Mar/2020:09:46:41 +0800] "GET /xingrg/all/function/internal_message.html?_=1585187376741&CODE_STATE=getMsg HTTP/1.1" 200 27
114.93.75.19 - - [26/Mar/2020:09:46:42 +0800] "GET /xingrg/all/function/internal_message.html?_=1585187205653&CODE_STATE=getMsg HTTP/1.1" 200 27
114.93.75.19 - - [26/Mar/2020:09:46:45 +0800] "GET /xingrg/all/function/internal_message.html?_=1585187202066&CODE_STATE=getMsg HTTP/1.1" 302 -
116.238.181.252 - - [26/Mar/2020:09:46:49 +0800] "GET /xingrg/all/function/internal_message.html?_=1585187207460&CODE_STATE=getMsg HTTP/1.1" 200 27
116.238.181.252 - - [26/Mar/2020:09:46:51 +0800] "GET /xingrg/kc/buy/cgsh_order_operate.html?command=get_materiel&rest_code=00151&code=00101008095&supplier_code=00100007&order_time=2020-03-26 HTTP/1.1" 200 431
116.235.222.53 - - [26/Mar/2020:09:46:54 +0800] "GET /xingrg/kc/buy/cgsh_order_operate.html?command=get_materiel&rest_code=00107&code=00101001128&supplier_code=00100347&order_time=2020-03-26 HTTP/1.1" 200 420
114.88.170.9 - - [26/Mar/2020:09:47:00 +0800] "GET /xingrg/all/function/internal_message.html?_=1585187218651&CODE_STATE=getMsg HTTP/1.1" 200 27
116.238.181.252 - - [26/Mar/2020:09:47:02 +0800] "GET /xingrg/kc/buy/cgsh_order_operate.html?command=get_materiel&rest_code=00151&code=00101008110&supplier_code=00100007&order_time=2020-03-26 HTTP/1.1" 200 428
222.69.139.234 - - [26/Mar/2020:09:47:05 +0800] "GET /xingrg/all/function/internal_message.html?_=1585187220881&CODE_STATE=getMsg HTTP/1.1" 200 27
116.238.181.252 - - [26/Mar/2020:09:47:07 +0800] "GET /xingrg/javascript/jquery_tools/images/prev.gif HTTP/1.1" 404 1086
116.238.181.252 - - [26/Mar/2020:09:47:07 +0800] "GET /xingrg/javascript/jquery_tools/images/next.gif HTTP/1.1" 404 1086
116.238.181.252 - - [26/Mar/2020:09:47:08 +0800] "POST /xingrg/kc/buy/cgsh_order_operate.html HTTP/1.1" 200 37
116.238.181.252 - - [26/Mar/2020:09:47:09 +0800] "POST /xingrg/kc/buy/cgsh_order_operate.html HTTP/1.1" 200 6821
117.131.5.26 - - [26/Mar/2020:09:47:10 +0800] "GET /xingrg/all/function/internal_message.html?_=1585187475070&CODE_STATE=getMsg HTTP/1.1" 302 -
117.131.5.26 - - [26/Mar/2020:09:47:10 +0800] "GET /xingrg/login.html HTTP/1.1" 200 7639
116.235.222.53 - - [26/Mar/2020:09:47:12 +0800] "GET /xingrg/all/function/internal_message.html?_=1585187228379&CODE_STATE=getMsg HTTP/1.1" 200 27
116.235.222.53 - - [26/Mar/2020:09:47:15 +0800] "POST /xingrg/kc/buy/cgsh_order_operate.html HTTP/1.1" 200 37
116.235.222.53 - - [26/Mar/2020:09:47:17 +0800] "POST /xingrg/kc/buy/cgsh_order_operate.html HTTP/1.1" 200 12
116.235.222.53 - - [26/Mar/2020:09:47:19 +0800] "GET /xingrg/kc/buy/cgsh_order_info.html?code=212020032602699 HTTP/1.1" 200 52997
116.235.222.53 - - [26/Mar/2020:09:47:20 +0800] "GET /xingrg/javascript/easyui/themes/default/validatebox.css HTTP/1.1" 404 1104
116.235.222.53 - - [26/Mar/2020:09:47:20 +0800] "POST /xingrg/kc/buy/cgsh_order_operate.html HTTP/1.1" 200 617
58.221.95.50 - - [26/Mar/2020:09:47:24 +0800] "GET /xingrg/all/function/internal_message.html?_=1585187596676&CODE_STATE=getMsg HTTP/1.1" 200 27
114.88.170.9 - - [26/Mar/2020:09:47:26 +0800] "GET /xingrg/check_reg.html?_=1585187545641 HTTP/1.1" 200 22
114.88.170.9 - - [26/Mar/2020:09:47:26 +0800] "GET /xingrg/all/function/internal_message.html?_=1585187545647&CODE_STATE=getMsg HTTP/1.1" 200 27
114.93.75.19 - - [26/Mar/2020:09:47:26 +0800] "GET /xingrg/all/function/internal_message.html?_=1585187245090&CODE_STATE=getMsg HTTP/1.1" 302 -
116.235.222.53 - - [26/Mar/2020:09:47:28 +0800] "GET /xingrg/kc/print/load_data.html?order_code=212020032602699&kc_code=cgsh&condition= HTTP/1.1" 200 695
180.156.150.85 - - [26/Mar/2020:09:47:29 +0800] "GET /xingrg/index.html?timestamp=1551521350387&sysBaseUrl=http%3A%2F%2F117.131.15.22%3A18081%2Fxingrg%2F&costTime=13 HTTP/1.1" 302 -
180.156.150.85 - - [26/Mar/2020:09:47:29 +0800] "GET /xingrg/login.html HTTP/1.1" 200 7639
180.156.150.85 - - [26/Mar/2020:09:47:29 +0800] "GET /favicon.ico HTTP/1.1" 404 -
114.93.75.19 - - [26/Mar/2020:09:47:30 +0800] "GET /xingrg/all/function/internal_message.html?_=1585187248549&CODE_STATE=getMsg HTTP/1.1" 200 27
124.77.241.94 - - [26/Mar/2020:09:47:31 +0800] "GET /xingrg/all/function/internal_message.html?_=1585187291550&CODE_STATE=getMsg HTTP/1.1" 200 27
116.235.222.53 - - [26/Mar/2020:09:47:35 +0800] "GET /xingrg/kc/buy/cgsh_order_add.html HTTP/1.1" 200 58103
114.93.75.19 - - [26/Mar/2020:09:47:36 +0800] "GET /xingrg/all/function/internal_message.html?_=1585187255206&CODE_STATE=getMsg HTTP/1.1" 200 27
116.235.222.53 - - [26/Mar/2020:09:47:37 +0800] "POST /xingrg/kc/buy/cgsh_order_operate.html HTTP/1.1" 200 8245
116.238.181.252 - - [26/Mar/2020:09:47:37 +0800] "GET /xingrg/kc/buy/cgsh_order_operate.html?command=get_materiel&rest_code=00151&code=00101006112&supplier_code=00100007&order_time=2020-03-26 HTTP/1.1" 200 409
116.235.222.53 - - [26/Mar/2020:09:47:37 +0800] "GET /xingrg/javascript/easyui/themes/default/validatebox.css HTTP/1.1" 404 1104
116.235.222.53 - - [26/Mar/2020:09:47:39 +0800] "GET /xingrg/javascript/easyui/themes/default/tree.css HTTP/1.1" 404 1090
116.235.222.53 - - [26/Mar/2020:09:47:39 +0800] "POST /xingrg/all/common/load_tree.html?tree=supplier_tree_json&isDelete=1 HTTP/1.1" 200 46535
116.224.247.222 - - [26/Mar/2020:09:47:41 +0800] "GET /xingrg/all/function/internal_message.html?_=1585187436751&CODE_STATE=getMsg HTTP/1.1" 200 27
116.238.181.252 - - [26/Mar/2020:09:47:42 +0800] "GET /xingrg/kc/buy/cgsh_order_operate.html?command=get_materiel&rest_code=00151&code=00101006111&supplier_code=00100007&order_time=2020-03-26 HTTP/1.1" 200 409
114.93.75.19 - - [26/Mar/2020:09:47:42 +0800] "GET /xingrg/check_reg.html?_=1585187265659 HTTP/1.1" 200 22
114.93.75.19 - - [26/Mar/2020:09:47:42 +0800] "GET /xingrg/all/function/internal_message.html?_=1585187265661&CODE_STATE=getMsg HTTP/1.1" 200 27
114.93.75.19 - - [26/Mar/2020:09:47:45 +0800] "GET /xingrg/all/function/internal_message.html?_=1585187262040&CODE_STATE=getMsg HTTP/1.1" 302 -
180.156.150.85 - - [26/Mar/2020:09:47:46 +0800] "POST /xingrg/login.do HTTP/1.1" 200 2419
180.156.150.85 - - [26/Mar/2020:09:47:46 +0800] "GET /favicon.ico HTTP/1.1" 404 -
180.156.150.85 - - [26/Mar/2020:09:47:47 +0800] "GET /xingrg/login.html HTTP/1.1" 200 7639
180.156.150.85 - - [26/Mar/2020:09:47:47 +0800] "GET /favicon.ico HTTP/1.1" 404 -
180.156.150.85 - - [26/Mar/2020:09:47:48 +0800] "POST /xingrg/login.do HTTP/1.1" 302 -
180.156.150.85 - - [26/Mar/2020:09:47:48 +0800] "GET /xingrg/index.html?sysBaseUrl=http%3A%2F%2F117.131.15.22%3A18081%2Fxingrg%2F&costTime=38×tamp=1585187268288 HTTP/1.1" 200 17151
180.156.150.85 - - [26/Mar/2020:09:47:48 +0800] "GET /favicon.ico HTTP/1.1" 404 -
180.156.150.85 - - [26/Mar/2020:09:47:48 +0800] "POST /xingrg/all/common/load_tree.html?tree=area_rest_tree_json&manage=1 HTTP/1.1" 200 3088
180.156.150.85 - - [26/Mar/2020:09:47:48 +0800] "GET /xingrg/all/function/internal_message.html?_=1585187267710&CODE_STATE=count HTTP/1.1" 200 11
180.156.150.85 - - [26/Mar/2020:09:47:48 +0800] "GET /xingrg/check_reg.html?_=1585187267711 HTTP/1.1" 200 22
180.156.150.85 - - [26/Mar/2020:09:47:48 +0800] "POST /xingrg/load_menu.html HTTP/1.1" 200 5124
116.238.181.252 - - [26/Mar/2020:09:47:49 +0800] "GET /xingrg/all/function/internal_message.html?_=1585187267500&CODE_STATE=getMsg HTTP/1.1" 200 27
124.77.241.94 - - [26/Mar/2020:09:47:53 +0800] "POST /xingrg/services/DataTransmitService HTTP/1.1" 200 524
124.77.241.94 - - [26/Mar/2020:09:47:53 +0800] "POST /xingrg/services/DataTransmitService HTTP/1.1" 200 2063
124.77.241.94 - - [26/Mar/2020:09:47:53 +0800] "POST /xingrg/services/DataTransmitService HTTP/1.1" 200 2323
124.77.241.94 - - [26/Mar/2020:09:47:53 +0800] "POST /xingrg/services/DataTransmitService HTTP/1.1" 200 1467
124.77.241.94 - - [26/Mar/2020:09:47:54 +0800] "POST /xingrg/services/DataTransmitService HTTP/1.1" 200 140351
114.88.170.9 - - [26/Mar/2020:09:48:00 +0800] "GET /xingrg/all/function/internal_message.html?_=1585187278688&CODE_STATE=getMsg HTTP/1.1" 200 27
116.235.222.53 - - [26/Mar/2020:09:48:04 +0800] "GET /xingrg/kc/buy/cgsh_order_operate.html?command=get_materiel&rest_code=00107&code=00101008185&supplier_code=00100006&order_time=2020-03-26 HTTP/1.1" 200 408
222.69.139.234 - - [26/Mar/2020:09:48:05 +0800] "GET /xingrg/check_reg.html?_=1585187280895 HTTP/1.1" 200 22
222.69.139.234 - - [26/Mar/2020:09:48:05 +0800] "GET /xingrg/all/function/internal_message.html?_=1585187280887&CODE_STATE=getMsg HTTP/1.1" 200 27
117.131.5.26 - - [26/Mar/2020:09:48:10 +0800] "GET /xingrg/all/function/internal_message.html?_=1585187535072&CODE_STATE=getMsg HTTP/1.1" 302 -
117.131.5.26 - - [26/Mar/2020:09:48:10 +0800] "GET /xingrg/login.html HTTP/1.1" 200 7639
180.156.150.85 - - [26/Mar/2020:09:48:11 +0800] "GET /xingrg/kc/buy/cgsh_order_list.html HTTP/1.1" 200 42043
116.235.222.53 - - [26/Mar/2020:09:48:12 +0800] "GET /xingrg/all/function/internal_message.html?_=1585187288374&CODE_STATE=getMsg HTTP/1.1" 200 27
180.156.150.85 - - [26/Mar/2020:09:48:13 +0800] "POST /xingrg/kc/buy/cgsh_list_operate.html HTTP/1.1" 200 876
116.238.181.252 - - [26/Mar/2020:09:48:14 +0800] "POST /xingrg/kc/buy/cgsh_order_operate.html HTTP/1.1" 200 75
180.156.150.85 - - [26/Mar/2020:09:48:14 +0800] "GET /xingrg/kc/buy/cgsh_order_add.html HTTP/1.1" 200 57651
180.156.150.85 - - [26/Mar/2020:09:48:14 +0800] "GET /xingrg/words/20200325174908_words.js HTTP/1.1" 200 717689
180.156.150.85 - - [26/Mar/2020:09:48:15 +0800] "POST /xingrg/kc/buy/cgsh_order_operate.html HTTP/1.1" 200 8245
180.156.150.85 - - [26/Mar/2020:09:48:15 +0800] "GET /xingrg/all/common/auto_word.html?type=employee&rest_code=00105 HTTP/1.1" 200 193
180.156.150.85 - - [26/Mar/2020:09:48:15 +0800] "GET /xingrg/all/common/auto_word.html?type=employee&rest_code=00105 HTTP/1.1" 200 193
180.156.150.85 - - [26/Mar/2020:09:48:15 +0800] "GET /xingrg/javascript/easyui/themes/default/validatebox.css HTTP/1.1" 404 1104
180.156.150.85 - - [26/Mar/2020:09:48:17 +0800] "GET /xingrg/javascript/auto/indicator.gif HTTP/1.1" 404 1066
114.93.75.19 - - [26/Mar/2020:09:48:19 +0800] "GET /xingrg/check_reg.html?_=1585187296218 HTTP/1.1" 302 -
124.77.241.94 - - [26/Mar/2020:09:48:20 +0800] "POST /xingrg/services/DataTransmitService HTTP/1.1" 200 524
124.77.241.94 - - [26/Mar/2020:09:48:20 +0800] "POST /xingrg/services/DataTransmitService HTTP/1.1" 200 2063
124.77.241.94 - - [26/Mar/2020:09:48:21 +0800] "POST /xingrg/services/DataTransmitService HTTP/1.1" 200 524
124.77.241.94 - - [26/Mar/2020:09:48:21 +0800] "POST /xingrg/services/DataTransmitService HTTP/1.1" 200 2063
124.77.241.94 - - [26/Mar/2020:09:48:22 +0800] "POST /xingrg/services/DataTransmitService HTTP/1.1" 200 524
124.77.241.94 - - [26/Mar/2020:09:48:22 +0800] "POST /xingrg/services/DataTransmitService HTTP/1.1" 200 2063
124.77.241.94 - - [26/Mar/2020:09:48:22 +0800] "POST /xingrg/services/DataTransmitService HTTP/1.1" 200 524
124.77.241.94 - - [26/Mar/2020:09:48:22 +0800] "POST /xingrg/services/DataTransmitService HTTP/1.1" 200 2063
124.77.241.94 - - [26/Mar/2020:09:48:22 +0800] "POST /xingrg/services/DataTransmitService HTTP/1.1" 200 524
124.77.241.94 - - [26/Mar/2020:09:48:23 +0800] "POST /xingrg/services/DataTransmitService HTTP/1.1" 200 2063
124.77.241.94 - - [26/Mar/2020:09:48:24 +0800] "POST /xingrg/services/DataTransmitService HTTP/1.1" 200 524
124.77.241.94 - - [26/Mar/2020:09:48:24 +0800] "POST /xingrg/services/DataTransmitService HTTP/1.1" 200 2063
124.77.241.94 - - [26/Mar/2020:09:48:24 +0800] "POST /xingrg/services/DataTransmitService HTTP/1.1" 200 524
124.77.241.94 - - [26/Mar/2020:09:48:24 +0800] "POST /xingrg/services/DataTransmitService HTTP/1.1" 200 2063
116.238.181.252 - - [26/Mar/2020:09:48:24 +0800] "POST /xingrg/kc/buy/cgsh_order_operate.html HTTP/1.1" 200 37
58.221.95.50 - - [26/Mar/2020:09:48:24 +0800] "GET /xingrg/all/function/internal_message.html?_=1585187656646&CODE_STATE=getMsg HTTP/1.1" 200 27
124.77.241.94 - - [26/Mar/2020:09:48:25 +0800] "POST /xingrg/services/DataTransmitService HTTP/1.1" 200 524
124.77.241.94 - - [26/Mar/2020:09:48:25 +0800] "POST /xingrg/services/DataTransmitService HTTP/1.1" 200 2063
116.238.181.252 - - [26/Mar/2020:09:48:25 +0800] "POST /xingrg/kc/buy/cgsh_order_operate.html HTTP/1.1" 200 6813
124.77.241.94 - - [26/Mar/2020:09:48:25 +0800] "POST /xingrg/services/DataTransmitService HTTP/1.1" 200 524
124.77.241.94 - - [26/Mar/2020:09:48:25 +0800] "POST /xingrg/services/DataTransmitService HTTP/1.1" 200 2063
114.88.170.9 - - [26/Mar/2020:09:48:26 +0800] "GET /xingrg/all/function/internal_message.html?_=1585187605647&CODE_STATE=getMsg HTTP/1.1" 200 27
114.93.75.19 - - [26/Mar/2020:09:48:26 +0800] "GET /xingrg/all/function/internal_message.html?_=1585187305094&CODE_STATE=getMsg HTTP/1.1" 302 -
124.77.241.94 - - [26/Mar/2020:09:48:29 +0800] "POST /xingrg/services/DataTransmitService HTTP/1.1" 200 524
124.77.241.94 - - [26/Mar/2020:09:48:29 +0800] "POST /xingrg/services/DataTransmitService HTTP/1.1" 200 2063
124.77.241.94 - - [26/Mar/2020:09:48:29 +0800] "POST /xingrg/services/DataTransmitService HTTP/1.1" 200 524
124.77.241.94 - - [26/Mar/2020:09:48:29 +0800] "POST /xingrg/services/DataTransmitService HTTP/1.1" 200 2063
117.131.5.26 - - [26/Mar/2020:09:48:30 +0800] "GET /xingrg/check_reg.html?_=1585187554680 HTTP/1.1" 302 -
117.131.5.26 - - [26/Mar/2020:09:48:30 +0800] "GET /xingrg/login.html HTTP/1.1" 200 7639
124.77.241.94 - - [26/Mar/2020:09:48:30 +0800] "POST /xingrg/services/DataTransmitService HTTP/1.1" 200 524
124.77.241.94 - - [26/Mar/2020:09:48:30 +0800] "POST /xingrg/services/DataTransmitService HTTP/1.1" 200 2063
124.77.241.94 - - [26/Mar/2020:09:48:30 +0800] "POST /xingrg/services/DataTransmitService HTTP/1.1" 200 524
124.77.241.94 - - [26/Mar/2020:09:48:30 +0800] "POST /xingrg/services/DataTransmitService HTTP/1.1" 200 2063
114.93.75.19 - - [26/Mar/2020:09:48:30 +0800] "GET /xingrg/all/function/internal_message.html?_=1585187308550&CODE_STATE=getMsg HTTP/1.1" 200 27
124.77.241.94 - - [26/Mar/2020:09:48:31 +0800] "GET /xingrg/all/function/internal_message.html?_=1585187351788&CODE_STATE=getMsg HTTP/1.1" 200 27
124.77.241.94 - - [26/Mar/2020:09:48:32 +0800] "POST /xingrg/services/DataTransmitService HTTP/1.1" 200 524
124.77.241.94 - - [26/Mar/2020:09:48:32 +0800] "POST /xingrg/services/DataTransmitService HTTP/1.1" 200 2063
124.77.241.94 - - [26/Mar/2020:09:48:32 +0800] "POST /xingrg/services/DataTransmitService HTTP/1.1" 200 524
124.77.241.94 - - [26/Mar/2020:09:48:32 +0800] "POST /xingrg/services/DataTransmitService HTTP/1.1" 200 2063
124.77.241.94 - - [26/Mar/2020:09:48:33 +0800] "POST /xingrg/services/DataTransmitService HTTP/1.1" 200 524
124.77.241.94 - - [26/Mar/2020:09:48:33 +0800] "POST /xingrg/services/DataTransmitService HTTP/1.1" 200 2063
124.77.241.94 - - [26/Mar/2020:09:48:34 +0800] "POST /xingrg/services/DataTransmitService HTTP/1.1" 200 524
124.77.241.94 - - [26/Mar/2020:09:48:34 +0800] "POST /xingrg/services/DataTransmitService HTTP/1.1" 200 2063
114.93.75.19 - - [26/Mar/2020:09:48:36 +0800] "GET /xingrg/all/function/internal_message.html?_=1585187315200&CODE_STATE=getMsg HTTP/1.1" 200 27
116.224.247.222 - - [26/Mar/2020:09:48:41 +0800] "GET /xingrg/check_reg.html?_=1585187496190 HTTP/1.1" 200 22
116.224.247.222 - - [26/Mar/2020:09:48:41 +0800] "GET /xingrg/all/function/internal_message.html?_=1585187496764&CODE_STATE=getMsg HTTP/1.1" 200 27
114.93.75.19 - - [26/Mar/2020:09:48:42 +0800] "GET /xingrg/all/function/internal_message.html?_=1585187325661&CODE_STATE=getMsg HTTP/1.1" 200 27
114.93.75.19 - - [26/Mar/2020:09:48:45 +0800] "GET /xingrg/all/function/internal_message.html?_=1585187322025&CODE_STATE=getMsg HTTP/1.1" 302 -
180.156.150.85 - - [26/Mar/2020:09:48:48 +0800] "GET /xingrg/all/function/internal_message.html?_=1585187327712&CODE_STATE=getMsg HTTP/1.1" 200 27
116.238.181.252 - - [26/Mar/2020:09:48:49 +0800] "GET /xingrg/all/function/internal_message.html?_=1585187327480&CODE_STATE=getMsg HTTP/1.1" 200 27
180.156.150.85 - - [26/Mar/2020:09:48:54 +0800] "GET /xingrg/kc/buy/cgsh_order_operate.html?command=get_materiel&rest_code=00105&code=00101001140&supplier_code=00100090&order_time=2020-03-26 HTTP/1.1" 200 432
114.88.170.9 - - [26/Mar/2020:09:49:00 +0800] "GET /xingrg/all/function/internal_message.html?_=1585187338695&CODE_STATE=getMsg HTTP/1.1" 200 27
116.235.222.53 - - [26/Mar/2020:09:49:01 +0800] "GET /xingrg/kc/buy/cgsh_order_operate.html?command=get_materiel&rest_code=00107&code=00101008096&supplier_code=00100006&order_time=2020-03-26 HTTP/1.1" 200 431
222.69.139.234 - - [26/Mar/2020:09:49:05 +0800] "GET /xingrg/all/function/internal_message.html?_=1585187340880&CODE_STATE=getMsg HTTP/1.1" 200 27
116.235.222.53 - - [26/Mar/2020:09:49:10 +0800] "GET /xingrg/check_reg.html?_=1585187347389 HTTP/1.1" 200 22
117.131.5.26 - - [26/Mar/2020:09:49:10 +0800] "GET /xingrg/all/function/internal_message.html?_=1585187595187&CODE_STATE=getMsg HTTP/1.1" 302 -
117.131.5.26 - - [26/Mar/2020:09:49:10 +0800] "GET /xingrg/login.html HTTP/1.1" 200 7639
116.238.181.252 - - [26/Mar/2020:09:49:11 +0800] "POST /xingrg/kc/buy/cgsh_order_operate.html HTTP/1.1" 200 37
116.235.222.53 - - [26/Mar/2020:09:49:11 +0800] "GET /xingrg/all/function/internal_message.html?_=1585187348375&CODE_STATE=getMsg HTTP/1.1" 200 27
116.235.222.53 - - [26/Mar/2020:09:49:12 +0800] "GET /xingrg/kc/buy/cgsh_order_operate.html?command=get_materiel&rest_code=00107&code=00101008088&supplier_code=00100006&order_time=2020-03-26 HTTP/1.1" 200 423
116.238.181.252 - - [26/Mar/2020:09:49:12 +0800] "POST /xingrg/kc/buy/cgsh_order_operate.html HTTP/1.1" 200 6813
116.238.181.252 - - [26/Mar/2020:09:49:15 +0800] "POST /xingrg/all/user/operate.html HTTP/1.1" 200 36
116.238.181.252 - - [26/Mar/2020:09:49:16 +0800] "GET /xingrg/index.html?sysBaseUrl=http%3A%2F%2F117.131.15.22%3A18081%2Fxingrg%2F&costTime=36×tamp=1585105645772 HTTP/1.1" 200 17157
116.238.181.252 - - [26/Mar/2020:09:49:16 +0800] "GET /xingrg/javascript/jquery_easy_ui/themes/default/easyui.css HTTP/1.1" 304 -
116.238.181.252 - - [26/Mar/2020:09:49:16 +0800] "GET /xingrg/javascript/jquery_easy_ui/themes/icon.css HTTP/1.1" 304 -
116.238.181.252 - - [26/Mar/2020:09:49:16 +0800] "GET /xingrg/css/form.css HTTP/1.1" 304 -
116.238.181.252 - - [26/Mar/2020:09:49:16 +0800] "GET /xingrg/javascript/jquery-1.4.2.min.js HTTP/1.1" 304 -
116.238.181.252 - - [26/Mar/2020:09:49:16 +0800] "GET /xingrg/javascript/jquery_easy_ui/jquery.easyui.min.js HTTP/1.1" 304 -
116.238.181.252 - - [26/Mar/2020:09:49:16 +0800] "GET /xingrg/javascript/jquery_easy_ui/easyui-lang-zh_CN.js HTTP/1.1" 304 -
116.238.181.252 - - [26/Mar/2020:09:49:16 +0800] "GET /xingrg/javascript/jquery.form.js HTTP/1.1" 304 -
116.238.181.252 - - [26/Mar/2020:09:49:16 +0800] "GET /xingrg/javascript/jquery.utils.js HTTP/1.1" 304 -
116.238.181.252 - - [26/Mar/2020:09:49:16 +0800] "GET /xingrg/javascript/jquery.timers.js HTTP/1.1" 304 -
116.238.181.252 - - [26/Mar/2020:09:49:16 +0800] "GET /xingrg/images/blue/jxLogo.png HTTP/1.1" 304 -
116.238.181.252 - - [26/Mar/2020:09:49:16 +0800] "GET /xingrg/javascript/jquery_easy_ui/themes/icons/settle_new.png HTTP/1.1" 304 -
116.238.181.252 - - [26/Mar/2020:09:49:16 +0800] "GET /xingrg/images/blue/navBackgound.jpg HTTP/1.1" 304 -
116.238.181.252 - - [26/Mar/2020:09:49:16 +0800] "POST /xingrg/all/common/load_tree.html?tree=area_rest_tree_json&manage=1 HTTP/1.1" 200 476
116.238.181.252 - - [26/Mar/2020:09:49:16 +0800] "GET /xingrg/all/function/internal_message.html?_=1585187354706&CODE_STATE=count HTTP/1.1" 200 11
116.238.181.252 - - [26/Mar/2020:09:49:16 +0800] "GET /xingrg/javascript/jquery_easy_ui/themes/default/images/tabs_rightarrow.png HTTP/1.1" 304 -
116.238.181.252 - - [26/Mar/2020:09:49:16 +0800] "GET /xingrg/check_reg.html?_=1585187354707 HTTP/1.1" 200 22
116.238.181.252 - - [26/Mar/2020:09:49:16 +0800] "GET /xingrg/javascript/jquery_easy_ui/themes/default/images/tabs_leftarrow.png HTTP/1.1" 304 -
116.238.181.252 - - [26/Mar/2020:09:49:16 +0800] "GET /xingrg/images/blue/pingpu.png HTTP/1.1" 304 -
116.238.181.252 - - [26/Mar/2020:09:49:16 +0800] "GET /xingrg/javascript/jquery_easy_ui/themes/default/images/panel_tool_collapse.gif HTTP/1.1" 304 -
116.238.181.252 - - [26/Mar/2020:09:49:16 +0800] "POST /xingrg/load_menu.html HTTP/1.1" 200 5124
116.238.181.252 - - [26/Mar/2020:09:49:18 +0800] "GET /xingrg/kc/buy/cgsh_order_list.html HTTP/1.1" 200 42049
116.238.181.252 - - [26/Mar/2020:09:49:18 +0800] "POST /xingrg/kc/buy/cgsh_list_operate.html HTTP/1.1" 200 876
116.238.181.252 - - [26/Mar/2020:09:49:19 +0800] "GET /xingrg/kc/buy/cgsh_order_add.html HTTP/1.1" 200 58238
116.238.181.252 - - [26/Mar/2020:09:49:19 +0800] "POST /xingrg/kc/buy/cgsh_order_operate.html HTTP/1.1" 200 8245
116.238.181.252 - - [26/Mar/2020:09:49:20 +0800] "GET /xingrg/javascript/easyui/themes/default/validatebox.css HTTP/1.1" 404 1104
